2025-02-17 22:30:23.965 63328 INFO tempest.lib.common.rest_client [req-49ded461-4216-4b89-b7c8-422ba1bc9a89 req-49ded461-4216-4b89-b7c8-422ba1bc9a89 ] Request (QuotasSecurityGroupAdminNegativeTest:tearDownClass): 204 DELETE http://10.180.1.21:9696/networking/v2.0/security-groups/a238c1b5-d5c6-41bf-a3c8-3d58d86dcfec 0.259s
2025-02-17 22:30:23.972 63310 INFO tempest.lib.common.rest_client [req-22861bb1-8878-4d58-bfc8-ffedbfb8cb8a req-22861bb1-8878-4d58-bfc8-ffedbfb8cb8a ] Request (HypervisorAdminNegativeTestJSON:setUpClass): 204 PUT http://10.180.1.21/identity/v3/projects/38cbf96a58fc4800bb322f41bfc1e83e/users/77efc8620f064afa92d9ccfaa9348600/roles/0eb393c96013484a93382f93f7abb624 0.028s
2025-02-17 22:30:23.972 63310 INFO tempest.lib.common.dynamic_creds [-] Dynamic test user 77efc8620f064afa92d9ccfaa9348600 is created with scope project and roles: ['member']
2025-02-17 22:30:23.972 63310 INFO tempest.lib.common.dynamic_creds [-] Acquired dynamic creds: credentials: Credentials: {'domain_id': 'default', 'domain_name': 'Default', 'username': 'tempest-HypervisorAdminNegativeTestJSON-1148701506-project-member', 'project_domain_id': 'default', 'project_domain_name': 'Default', 'project_id': '38cbf96a58fc4800bb322f41bfc1e83e', 'project_name': 'tempest-HypervisorAdminNegativeTestJSON-1148701506', 'tenant_id': '38cbf96a58fc4800bb322f41bfc1e83e', 'tenant_name': 'tempest-HypervisorAdminNegativeTestJSON-1148701506', 'user_domain_id': 'default', 'user_domain_name': 'Default', 'user_id': '77efc8620f064afa92d9ccfaa9348600', 'system': None}, Network: None, Subnet: None, Router: None
2025-02-17 22:30:23.972 63310 INFO tempest.lib.common.dynamic_creds [-] Created isolated network resources for: credentials: Credentials: {'domain_id': 'default', 'domain_name': 'Default', 'username': 'tempest-HypervisorAdminNegativeTestJSON-1148701506-project-member', 'project_domain_id': 'default', 'project_domain_name': 'Default', 'project_id': '38cbf96a58fc4800bb322f41bfc1e83e', 'project_name': 'tempest-HypervisorAdminNegativeTestJSON-1148701506', 'tenant_id': '38cbf96a58fc4800bb322f41bfc1e83e', 'tenant_name': 'tempest-HypervisorAdminNegativeTestJSON-1148701506', 'user_domain_id': 'default', 'user_domain_name': 'Default', 'user_id': '77efc8620f064afa92d9ccfaa9348600', 'system': None}, Network: None, Subnet: None, Router: None
2025-02-17 22:30:23.984 63308 INFO tempest.lib.common.rest_client [req-497edef4-26f8-4a70-9a3f-d87d5d5b161e req-497edef4-26f8-4a70-9a3f-d87d5d5b161e ] Request (ServersAdmin275Test:test_rebuild_update_server_275): 200 GET http://10.180.1.21/compute/v2.1/servers/422c1d47-c8e5-4db0-bd13-3396a24906b7 1.633s
2025-02-17 22:30:24.009 63274 INFO tempest.lib.common.rest_client [req-be4955e9-fdef-4999-bf4b-fa0e23ac687b req-be4955e9-fdef-4999-bf4b-fa0e23ac687b ] Request (ImagesDeleteNegativeTestJSON:tearDownClass): 204 DELETE http://10.180.1.21/identity/v3/projects/c0c5c5889bc44ff39f156a82b297ee34 0.062s
2025-02-17 22:30:24.023 63314 INFO tempest.lib.common.rest_client [req-d6c01c79-f609-4de3-aa77-384c5d4d783e req-d6c01c79-f609-4de3-aa77-384c5d4d783e ] Request (KeyPairsV210TestJSON:tearDownClass): 200 GET http://10.180.1.21:9696/networking/v2.0/security-groups?tenant_id=ae69144fe0ea43c6807e2064ad7a0002&name=default 0.898s
2025-02-17 22:30:24.050 63304 INFO tempest.lib.common.rest_client [req-1fb2b707-ce4b-4a66-b1bc-30391d097cee req-1fb2b707-ce4b-4a66-b1bc-30391d097cee ] Request (ImagesOneServerNegativeTestJSON:setUpClass): 201 POST http://10.180.1.21:9696/networking/v2.0/subnets 1.006s
2025-02-17 22:30:24.052 63320 INFO tempest.lib.common.rest_client [req-819a11cc-9120-49e2-9b42-facccb61f940 req-819a11cc-9120-49e2-9b42-facccb61f940 ] Request (ServicesAdminNegativeTestJSON:tearDownClass): 204 DELETE http://10.180.1.21:9696/networking/v2.0/security-groups/cbc0a3ae-03f2-4ef8-9d6b-6c74c5e9672d 0.213s
2025-02-17 22:30:24.072 63292 INFO tempest.lib.common.rest_client [req-3df29727-f32d-4fd4-83ff-a740aae5a1a7 req-3df29727-f32d-4fd4-83ff-a740aae5a1a7 ] Request (DeleteServersTestJSON:test_delete_active_server): 200 GET http://10.180.1.21/compute/v2.1/servers/9acce350-3186-4906-a53e-841a7edd462e 1.885s
2025-02-17 22:30:24.081 63294 INFO tempest.lib.common.rest_client [req-ac582aed-500c-44f3-a110-4d17bf84932e req-ac582aed-500c-44f3-a110-4d17bf84932e ] Request (FlavorsAccessTestJSON:tearDownClass): 204 DELETE http://10.180.1.21:9696/networking/v2.0/security-groups/0da04b26-a90e-452a-95a8-68d4285fcbd3 0.221s
2025-02-17 22:30:24.084 63310 INFO tempest.lib.common.rest_client [req-9644447b-7c27-44df-bfdd-a9996da62208 req-9644447b-7c27-44df-bfdd-a9996da62208 ] Request (HypervisorAdminNegativeTestJSON:setUpClass): 201 POST http://10.180.1.21/identity/v3/auth/tokens 0.104s
2025-02-17 22:30:24.106 63328 INFO tempest.lib.common.rest_client [req-006180f2-0c87-40a0-aa5c-a842c2cd81ee req-006180f2-0c87-40a0-aa5c-a842c2cd81ee ] Request (QuotasSecurityGroupAdminNegativeTest:tearDownClass): 204 DELETE http://10.180.1.21/identity/v3/projects/6a26e53e8b0742fcbcefa0e83be6fc91 0.140s
2025-02-17 22:30:24.168 63274 INFO tempest.lib.common.rest_client [req-682d1c5c-c03d-4216-953a-93025f3b4fa7 req-682d1c5c-c03d-4216-953a-93025f3b4fa7 ] Request (ServersTestJSON:setUpClass): 201 POST http://10.180.1.21/identity/v3/auth/tokens 0.157s
2025-02-17 22:30:24.247 63320 INFO tempest.lib.common.rest_client [req-186c3eb5-9110-4b2c-9180-6b798f9cf7a6 req-186c3eb5-9110-4b2c-9180-6b798f9cf7a6 ] Request (ServicesAdminNegativeTestJSON:tearDownClass): 204 DELETE http://10.180.1.21/identity/v3/projects/78caadd5221846a98eb23753273935eb 0.194s
2025-02-17 22:30:24.247 63320 INFO tempest.lib.common.dynamic_creds [-] Deleting project and security group for project: 84ca28dac57c4534a06894809fe9e10b
2025-02-17 22:30:24.258 63314 INFO tempest.lib.common.rest_client [req-ff0fcb1b-ec1f-4d24-8b50-016f9209d78b req-ff0fcb1b-ec1f-4d24-8b50-016f9209d78b ] Request (KeyPairsV210TestJSON:tearDownClass): 204 DELETE http://10.180.1.21:9696/networking/v2.0/security-groups/bdeda14e-686f-49ff-882a-889c2e66954c 0.234s
2025-02-17 22:30:24.280 63300 INFO tempest.lib.common.rest_client [req-c5ae3299-b7df-42c4-90bb-5ede6351fc93 req-c5ae3299-b7df-42c4-90bb-5ede6351fc93 ] Request (VolumesAssistedSnapshotsTest:test_volume_assisted_snapshot_create_delete): 200 POST http://10.180.1.21/compute/v2.1/os-keypairs 1.706s
2025-02-17 22:30:24.359 63276 INFO tempest.lib.common.rest_client [req-eab6eb58-a0ed-4a94-8427-9538dd35663b req-eab6eb58-a0ed-4a94-8427-9538dd35663b ] Request (FlavorsV2NegativeTest:test_boot_with_low_ram): 200 GET http://10.180.1.21/compute/v2.1/flavors/42 1.678s
2025-02-17 22:30:24.361 63294 INFO tempest.lib.common.rest_client [req-7c7faf31-ac1e-43eb-a44c-0bbc10114669 req-7c7faf31-ac1e-43eb-a44c-0bbc10114669 ] Request (FlavorsAccessTestJSON:tearDownClass): 204 DELETE http://10.180.1.21/identity/v3/projects/91045e13fc7b4172ba6acb7896d7c72d 0.280s
2025-02-17 22:30:24.361 63294 INFO tempest.lib.common.dynamic_creds [-] Deleting project and security group for project: 459098408e44476b82ed7e9f92c4a51d
2025-02-17 22:30:24.375 63330 INFO tempest.lib.common.rest_client [req-2ab0aa15-b5dc-4f7a-a36e-1cea3e55ecac req-2ab0aa15-b5dc-4f7a-a36e-1cea3e55ecac ] Request (MigrationsAdminTest:test_list_migrations_in_flavor_resize_situation): 200 GET http://10.180.1.21/compute/v2.1/servers/2e7fdade-c4c3-400c-b59a-b77382e4348c 1.621s
2025-02-17 22:30:24.401 63288 INFO tempest.lib.common.rest_client [req-05fb1743-6386-46c6-ae19-c2c53ecbca77 req-05fb1743-6386-46c6-ae19-c2c53ecbca77 ] Request (ServersWithSpecificFlavorTestJSON:test_verify_created_server_ephemeral_disk): 200 POST http://10.180.1.21/compute/v2.1/flavors/419804434/os-extra_specs 1.435s
2025-02-17 22:30:24.406 63328 INFO tempest.lib.common.rest_client [req-d34426c2-2758-4398-92ed-cf8a84437eb8 req-d34426c2-2758-4398-92ed-cf8a84437eb8 ] Request (ServersTestBootFromVolume:setUpClass): 201 POST http://10.180.1.21/identity/v3/auth/tokens 0.298s
2025-02-17 22:30:24.413 63310 INFO tempest.lib.common.rest_client [req-e20be279-4821-463f-b9e6-c51829f7ae23 req-e20be279-4821-463f-b9e6-c51829f7ae23 ] Request (HypervisorAdminNegativeTestJSON:setUpClass): 201 POST http://10.180.1.21/identity/v3/projects 0.328s
2025-02-17 22:30:24.414 63326 INFO tempest.lib.common.rest_client [req-2c33bde4-b89f-4ce5-9063-ebe08bb8cf7a req-2c33bde4-b89f-4ce5-9063-ebe08bb8cf7a ] Request (FlavorsExtraSpecsNegativeTestJSON:test_flavor_update_mismatch_key): 400 PUT http://10.180.1.21/compute/v2.1/flavors/709791874/os-extra_specs/hw:numa_nodes 1.437s
2025-02-17 22:30:24.424 63286 INFO tempest.lib.common.rest_client [req-e2b43ef9-9d05-4108-b81b-5c5182be0b33 req-e2b43ef9-9d05-4108-b81b-5c5182be0b33 ] Request (FlavorsAccessNegativeTestJSON:test_flavor_access_list_with_public_flavor): 404 GET http://10.180.1.21/compute/v2.1/flavors/1129859522/os-flavor-access 1.413s
2025-02-17 22:30:24.459 63274 INFO tempest.lib.common.rest_client [req-557b5611-b7eb-4580-b1d1-2bdf5392d763 req-557b5611-b7eb-4580-b1d1-2bdf5392d763 ] Request (ServersTestJSON:setUpClass): 201 POST http://10.180.1.21/identity/v3/auth/tokens 0.289s
2025-02-17 22:30:24.501 63314 INFO tempest.lib.common.rest_client [req-c7f801d1-e05a-4e0f-8b97-4403b92896ca req-c7f801d1-e05a-4e0f-8b97-4403b92896ca ] Request (KeyPairsV210TestJSON:tearDownClass): 204 DELETE http://10.180.1.21/identity/v3/projects/ae69144fe0ea43c6807e2064ad7a0002 0.243s
2025-02-17 22:30:24.502 63314 INFO tempest.lib.common.dynamic_creds [-] Deleting project and security group for project: 5d9083d3e0aa44f58757d025dd64e37f
2025-02-17 22:30:24.525 63282 INFO tempest.lib.common.rest_client [req-e6a824cb-ce3d-45bc-b5b3-2ce9da93472e req-e6a824cb-ce3d-45bc-b5b3-2ce9da93472e ] Request (SecurityGroupsTestAdminJSON:_run_cleanups): 202 DELETE http://10.180.1.21/compute/v2.1/os-security-groups/24c37957-644c-4ba9-b96f-3c8ab2d8bdb3 1.581s
2025-02-17 22:30:24.557 63322 INFO tempest.lib.common.rest_client [req-a46e3e5f-b0b4-44a9-adb5-0fb942b787f0 req-a46e3e5f-b0b4-44a9-adb5-0fb942b787f0 ] Request (ServicesAdminNegativeV253TestJSON:test_get_service_with_valid_service_and_invalid_host): 200 GET http://10.180.1.21/compute/v2.1/os-services?host=xxx&binary=nova-scheduler 1.521s
2025-02-17 22:30:24.565 63328 INFO tempest.lib.common.rest_client [req-689730ce-f274-4649-8af9-074e5a0f4759 req-689730ce-f274-4649-8af9-074e5a0f4759 ] Request (ServersTestBootFromVolume:setUpClass): 201 POST http://10.180.1.21/identity/v3/auth/tokens 0.154s
2025-02-17 22:30:24.570 63312 INFO tempest.lib.common.rest_client [req-fe049a71-de60-4b5d-885d-1d4d87149c4c req-fe049a71-de60-4b5d-885d-1d4d87149c4c ] Request (FlavorsExtraSpecsTestJSON:test_flavor_set_get_update_show_unset_keys): 200 GET http://10.180.1.21/compute/v2.1/flavors/1959910290/os-extra_specs 1.513s
2025-02-17 22:30:24.614 63310 INFO tempest.lib.common.rest_client [req-a4649587-6e63-4c2c-9a5f-0b9f7981626d req-a4649587-6e63-4c2c-9a5f-0b9f7981626d ] Request (HypervisorAdminNegativeTestJSON:setUpClass): 201 POST http://10.180.1.21/identity/v3/users 0.200s
2025-02-17 22:30:24.639 63274 INFO tempest.lib.common.rest_client [req-e8bb84f0-0781-4174-88b6-9fcbcd0fc912 req-e8bb84f0-0781-4174-88b6-9fcbcd0fc912 ] Request (ServersTestJSON:setUpClass): 200 GET http://10.180.1.21/identity/v3/domains?name=Default 0.179s
2025-02-17 22:30:24.661 63314 INFO tempest.lib.common.rest_client [req-a02d6f92-f692-4e79-a836-72e0630c2379 req-a02d6f92-f692-4e79-a836-72e0630c2379 ] Request (KeyPairsV210TestJSON:tearDownClass): 200 GET http://10.180.1.21:9696/networking/v2.0/security-groups?tenant_id=5d9083d3e0aa44f58757d025dd64e37f&name=default 0.159s
2025-02-17 22:30:24.667 63328 INFO tempest.lib.common.rest_client [req-48702443-351a-4992-9fd2-727016816e1f req-48702443-351a-4992-9fd2-727016816e1f ] Request (ServersTestBootFromVolume:setUpClass): 200 GET http://10.180.1.21/identity/v3/domains?name=Default 0.101s
2025-02-17 22:30:24.691 63310 INFO tempest.lib.common.rest_client [req-aa99281b-fbf6-4728-9d2d-8639de47724d req-aa99281b-fbf6-4728-9d2d-8639de47724d ] Request (HypervisorAdminNegativeTestJSON:setUpClass): 200 GET http://10.180.1.21/identity/v3/roles 0.076s
2025-02-17 22:30:24.727 63274 INFO tempest.lib.common.rest_client [req-bebf9077-c101-43d2-9625-6013a7b47d62 req-bebf9077-c101-43d2-9625-6013a7b47d62 ] Request (ServersTestJSON:setUpClass): 201 POST http://10.180.1.21/identity/v3/projects 0.087s
2025-02-17 22:30:24.747 63328 INFO tempest.lib.common.rest_client [req-bfc65f04-add9-461d-a751-5b20a112f964 req-bfc65f04-add9-461d-a751-5b20a112f964 ] Request (ServersTestBootFromVolume:setUpClass): 201 POST http://10.180.1.21/identity/v3/projects 0.079s
2025-02-17 22:30:24.793 63314 INFO tempest.lib.common.rest_client [req-cd931d95-6c9f-4941-bc04-c4eae35d1f42 req-cd931d95-6c9f-4941-bc04-c4eae35d1f42 ] Request (KeyPairsV210TestJSON:tearDownClass): 204 DELETE http://10.180.1.21:9696/networking/v2.0/security-groups/a8eb9ec0-03c3-4b5a-9ad3-c0de00348f06 0.132s
2025-02-17 22:30:24.797 63310 INFO tempest.lib.common.rest_client [req-4c986a1d-1e72-4688-92ef-9c66d725d7ee req-4c986a1d-1e72-4688-92ef-9c66d725d7ee ] Request (HypervisorAdminNegativeTestJSON:setUpClass): 204 PUT http://10.180.1.21/identity/v3/projects/b1ebe184f1bf410c9fedca11f97ae4e4/users/1d254ae4ebc34631802f317d59e6ab3f/roles/be2523414740437b8f8c18d4f84964d4 0.106s
2025-02-17 22:30:24.828 63320 INFO tempest.lib.common.rest_client [req-df7f47f7-6a76-4a67-9fad-f636d38309d8 req-df7f47f7-6a76-4a67-9fad-f636d38309d8 ] Request (ServicesAdminNegativeTestJSON:tearDownClass): 200 GET http://10.180.1.21:9696/networking/v2.0/security-groups?tenant_id=84ca28dac57c4534a06894809fe9e10b&name=default 0.580s
2025-02-17 22:30:24.877 63270 INFO tempest.lib.common.rest_client [req-f4985d2f-6059-48fb-9611-b9cf8b7fe968 req-f4985d2f-6059-48fb-9611-b9cf8b7fe968 ] Request (QuotasAdminTestJSON:test_get_updated_quotas): 200 GET http://10.180.1.21/compute/v2.1/os-quota-sets/f77298fb8b1e47dda6541a3818678949/detail 1.804s
2025-02-17 22:30:24.894 63300 INFO tempest.lib.common.rest_client [req-2e9750f7-a5ad-4e69-832b-3181a9a45750 req-2e9750f7-a5ad-4e69-832b-3181a9a45750 ] Request (VolumesAssistedSnapshotsTest:test_volume_assisted_snapshot_create_delete): 201 POST http://10.180.1.21:9696/networking/v2.0/security-groups 0.612s
2025-02-17 22:30:24.904 63274 INFO tempest.lib.common.rest_client [req-5b0e03bc-b408-4baa-b418-e48ce37b672f req-5b0e03bc-b408-4baa-b418-e48ce37b672f ] Request (ServersTestJSON:setUpClass): 201 POST http://10.180.1.21/identity/v3/users 0.176s
2025-02-17 22:30:24.914 63318 INFO tempest.lib.common.rest_client [req-c8c31dd0-62b4-4b54-b96b-efd1e38fef51 req-c8c31dd0-62b4-4b54-b96b-efd1e38fef51 ] Request (HostsAdminTestJSON:test_show_host_detail): 200 GET http://10.180.1.21/compute/v2.1/os-hosts/cpu-1 1.813s
2025-02-17 22:30:24.936 63328 INFO tempest.lib.common.rest_client [req-715bc2db-2f2b-4f47-ad75-af4fd0d9d7a2 req-715bc2db-2f2b-4f47-ad75-af4fd0d9d7a2 ] Request (ServersTestBootFromVolume:setUpClass): 201 POST http://10.180.1.21/identity/v3/users 0.188s
2025-02-17 22:30:24.948 63272 INFO tempest.lib.common.rest_client [req-2012c1bd-fb81-4449-a9f4-381af687b573 req-2012c1bd-fb81-4449-a9f4-381af687b573 ] Request (AggregatesAdminNegativeTestJSON:test_aggregate_add_non_exist_host): 200 POST http://10.180.1.21/compute/v2.1/os-aggregates 1.373s
2025-02-17 22:30:24.965 63310 INFO tempest.lib.common.rest_client [req-0de3d694-1bfe-4351-b363-1c9d94f41702 req-0de3d694-1bfe-4351-b363-1c9d94f41702 ] Request (HypervisorAdminNegativeTestJSON:setUpClass): 200 GET http://10.180.1.21/identity/v3/roles 0.167s
2025-02-17 22:30:24.979 63294 INFO tempest.lib.common.rest_client [req-bbcffc96-c580-4de6-9a5c-70b2bc322d0e req-bbcffc96-c580-4de6-9a5c-70b2bc322d0e ] Request (FlavorsAccessTestJSON:tearDownClass): 200 GET http://10.180.1.21:9696/networking/v2.0/security-groups?tenant_id=459098408e44476b82ed7e9f92c4a51d&name=default 0.617s
2025-02-17 22:30:24.984 63314 INFO tempest.lib.common.rest_client [req-b3bd52a3-3350-4ef4-a3cd-4845a85c356c req-b3bd52a3-3350-4ef4-a3cd-4845a85c356c ] Request (KeyPairsV210TestJSON:tearDownClass): 204 DELETE http://10.180.1.21/identity/v3/projects/5d9083d3e0aa44f58757d025dd64e37f 0.190s
2025-02-17 22:30:25.064 63270 INFO tempest.lib.common.rest_client [req-ddd3713e-cf77-460e-8f2b-c6174373d879 req-ddd3713e-cf77-460e-8f2b-c6174373d879 ] Request (QuotasAdminTestJSON:test_get_updated_quotas): 200 GET http://10.180.1.21/identity/v3/domains?name=Default 0.181s
2025-02-17 22:30:25.068 63276 INFO tempest.lib.common.rest_client [req-3a940f3c-42cc-4b2c-b78f-fdfe8219d2fc req-3a940f3c-42cc-4b2c-b78f-fdfe8219d2fc ] Request (FlavorsV2NegativeTest:test_boot_with_low_ram): 201 POST http://10.180.1.21/image/v2/images 0.703s
2025-02-17 22:30:25.088 63274 INFO tempest.lib.common.rest_client [req-44553ef4-06d8-40ad-bc26-22b4ad1c8d4d req-44553ef4-06d8-40ad-bc26-22b4ad1c8d4d ] Request (ServersTestJSON:setUpClass): 200 GET http://10.180.1.21/identity/v3/roles 0.183s
2025-02-17 22:30:25.104 63320 INFO tempest.lib.common.rest_client [req-b775fa78-c955-4808-b8db-a70206b18d13 req-b775fa78-c955-4808-b8db-a70206b18d13 ] Request (ServicesAdminNegativeTestJSON:tearDownClass): 204 DELETE http://10.180.1.21:9696/networking/v2.0/security-groups/61d07988-58ec-4ce5-b73b-60d474a4a0d0 0.275s
2025-02-17 22:30:25.113 63328 INFO tempest.lib.common.rest_client [req-edbcb810-f790-47a6-8bae-7ba6e91c8234 req-edbcb810-f790-47a6-8bae-7ba6e91c8234 ] Request (ServersTestBootFromVolume:setUpClass): 200 GET http://10.180.1.21/identity/v3/roles 0.177s
2025-02-17 22:30:25.147 63318 INFO tempest.lib.common.rest_client [req-acbbd020-0fbd-48f3-833e-60b83b41ece9 req-acbbd020-0fbd-48f3-833e-60b83b41ece9 ] Request (HostsAdminTestJSON:tearDownClass): 204 DELETE http://10.180.1.21/identity/v3/users/f9d780d81be7438c84656faa5034d2fe 0.231s
2025-02-17 22:30:25.168 63310 INFO tempest.lib.common.rest_client [req-f8c1855e-1ccd-4766-8883-e060bea11abc req-f8c1855e-1ccd-4766-8883-e060bea11abc ] Request (HypervisorAdminNegativeTestJSON:setUpClass): 204 PUT http://10.180.1.21/identity/v3/projects/b1ebe184f1bf410c9fedca11f97ae4e4/users/1d254ae4ebc34631802f317d59e6ab3f/roles/be2523414740437b8f8c18d4f84964d4 0.203s
2025-02-17 22:30:25.168 63310 INFO tempest.lib.common.dynamic_creds [-] Dynamic test user 1d254ae4ebc34631802f317d59e6ab3f is created with scope project and roles: ['admin']
2025-02-17 22:30:25.169 63310 INFO tempest.lib.common.dynamic_creds [-] Acquired dynamic creds: credentials: Credentials: {'domain_id': 'default', 'domain_name': 'Default', 'username': 'tempest-HypervisorAdminNegativeTestJSON-1610325731-project-admin', 'project_domain_id': 'default', 'project_domain_name': 'Default', 'project_id': 'b1ebe184f1bf410c9fedca11f97ae4e4', 'project_name': 'tempest-HypervisorAdminNegativeTestJSON-1610325731', 'tenant_id': 'b1ebe184f1bf410c9fedca11f97ae4e4', 'tenant_name': 'tempest-HypervisorAdminNegativeTestJSON-1610325731', 'user_domain_id': 'default', 'user_domain_name': 'Default', 'user_id': '1d254ae4ebc34631802f317d59e6ab3f', 'system': None}, Network: None, Subnet: None, Router: None
2025-02-17 22:30:25.169 63310 INFO tempest.lib.common.dynamic_creds [-] Created isolated network resources for: credentials: Credentials: {'domain_id': 'default', 'domain_name': 'Default', 'username': 'tempest-HypervisorAdminNegativeTestJSON-1610325731-project-admin', 'project_domain_id': 'default', 'project_domain_name': 'Default', 'project_id': 'b1ebe184f1bf410c9fedca11f97ae4e4', 'project_name': 'tempest-HypervisorAdminNegativeTestJSON-1610325731', 'tenant_id': 'b1ebe184f1bf410c9fedca11f97ae4e4', 'tenant_name': 'tempest-HypervisorAdminNegativeTestJSON-1610325731', 'user_domain_id': 'default', 'user_domain_name': 'Default', 'user_id': '1d254ae4ebc34631802f317d59e6ab3f', 'system': None}, Network: None, Subnet: None, Router: None
2025-02-17 22:30:25.186 63300 INFO tempest.lib.common.rest_client [req-80562874-e228-4cf0-b3ab-72273ebd14df req-80562874-e228-4cf0-b3ab-72273ebd14df ] Request (VolumesAssistedSnapshotsTest:test_volume_assisted_snapshot_create_delete): 201 POST http://10.180.1.21:9696/networking/v2.0/security-group-rules 0.291s
2025-02-17 22:30:25.212 63278 INFO tempest.lib.common.rest_client [req-dff69b63-ea09-4ec3-acc8-294e09800476 req-dff69b63-ea09-4ec3-acc8-294e09800476 ] Request (ServerDiagnosticsNegativeTest:test_get_server_diagnostics_by_non_admin): 200 GET http://10.180.1.21/compute/v2.1/servers/fa4b0e31-1c06-4ad1-ac03-595192aa4fa8 0.820s
2025-02-17 22:30:25.218 63314 INFO tempest.lib.common.rest_client [req-d8a43c6b-f5fd-4af3-8640-8ee988fb6702 req-d8a43c6b-f5fd-4af3-8640-8ee988fb6702 ] Request (ServersTestMultiNic:setUpClass): 201 POST http://10.180.1.21/identity/v3/auth/tokens 0.233s
2025-02-17 22:30:25.234 63270 INFO tempest.lib.common.rest_client [req-f96e25c9-ad21-4388-a05b-81720b59fd47 req-f96e25c9-ad21-4388-a05b-81720b59fd47 ] Request (QuotasAdminTestJSON:test_get_updated_quotas): 201 POST http://10.180.1.21/identity/v3/users 0.169s
2025-02-17 22:30:25.258 63288 INFO tempest.lib.common.rest_client [req-8a8f7054-f0e8-4e33-8bb0-a3c95ce38f08 req-8a8f7054-f0e8-4e33-8bb0-a3c95ce38f08 ] Request (ValidationResourcesFixture:setUp): 200 POST http://10.180.1.21/compute/v2.1/os-keypairs 0.855s
2025-02-17 22:30:25.264 63326 INFO tempest.lib.common.rest_client [req-9212c4a8-1bc2-4103-8ec4-2b1c160b096f req-9212c4a8-1bc2-4103-8ec4-2b1c160b096f ] Request (FlavorsExtraSpecsNegativeTestJSON:test_flavor_update_more_key): 400 PUT http://10.180.1.21/compute/v2.1/flavors/709791874/os-extra_specs/hw:numa_nodes 0.847s
2025-02-17 22:30:25.283 63274 INFO tempest.lib.common.rest_client [req-304e0aac-c60c-4e59-8a40-b4a6f90d1015 req-304e0aac-c60c-4e59-8a40-b4a6f90d1015 ] Request (ServersTestJSON:setUpClass): 204 PUT http://10.180.1.21/identity/v3/projects/616c2c87b2e44f56bf5b22a1baa94ad8/users/92923a2de3494a218db804a55f424bea/roles/0eb393c96013484a93382f93f7abb624 0.195s
2025-02-17 22:30:25.284 63274 INFO tempest.lib.common.dynamic_creds [-] Dynamic test user 92923a2de3494a218db804a55f424bea is created with scope project and roles: ['member']
2025-02-17 22:30:25.284 63274 INFO tempest.lib.common.dynamic_creds [-] Acquired dynamic creds: credentials: Credentials: {'domain_id': 'default', 'domain_name': 'Default', 'username': 'tempest-ServersTestJSON-1723984926-project-member', 'project_domain_id': 'default', 'project_domain_name': 'Default', 'project_id': '616c2c87b2e44f56bf5b22a1baa94ad8', 'project_name': 'tempest-ServersTestJSON-1723984926', 'tenant_id': '616c2c87b2e44f56bf5b22a1baa94ad8', 'tenant_name': 'tempest-ServersTestJSON-1723984926', 'user_domain_id': 'default', 'user_domain_name': 'Default', 'user_id': '92923a2de3494a218db804a55f424bea', 'system': None}, Network: None, Subnet: None, Router: None
2025-02-17 22:30:25.296 63286 INFO tempest.lib.common.rest_client [req-0259be2a-28ea-4200-925c-e0298ffa3290 req-0259be2a-28ea-4200-925c-e0298ffa3290 ] Request (FlavorsAccessNegativeTestJSON:_run_cleanups): 202 DELETE http://10.180.1.21/compute/v2.1/flavors/1129859522 0.872s
2025-02-17 22:30:25.323 63294 INFO tempest.lib.common.rest_client [req-341f2b66-643d-4045-8f5f-c3035ff9b878 req-341f2b66-643d-4045-8f5f-c3035ff9b878 ] Request (FlavorsAccessTestJSON:tearDownClass): 204 DELETE http://10.180.1.21:9696/networking/v2.0/security-groups/475c84fd-9780-48af-baad-0580476a16c2 0.344s
2025-02-17 22:30:25.385 63328 INFO tempest.lib.common.rest_client [req-6032dac9-024f-4f4a-a482-5361aef144ea req-6032dac9-024f-4f4a-a482-5361aef144ea ] Request (ServersTestBootFromVolume:setUpClass): 204 PUT http://10.180.1.21/identity/v3/projects/bc498ced22de4713a9159589d1d25d83/users/0a09ae9f18224a07b8732a837adf8230/roles/0eb393c96013484a93382f93f7abb624 0.271s
2025-02-17 22:30:25.385 63328 INFO tempest.lib.common.dynamic_creds [-] Dynamic test user 0a09ae9f18224a07b8732a837adf8230 is created with scope project and roles: ['member']
2025-02-17 22:30:25.385 63328 INFO tempest.lib.common.dynamic_creds [-] Acquired dynamic creds: credentials: Credentials: {'domain_id': 'default', 'domain_name': 'Default', 'username': 'tempest-ServersTestBootFromVolume-986745340-project-member', 'project_domain_id': 'default', 'project_domain_name': 'Default', 'project_id': 'bc498ced22de4713a9159589d1d25d83', 'project_name': 'tempest-ServersTestBootFromVolume-986745340', 'tenant_id': 'bc498ced22de4713a9159589d1d25d83', 'tenant_name': 'tempest-ServersTestBootFromVolume-986745340', 'user_domain_id': 'default', 'user_domain_name': 'Default', 'user_id': '0a09ae9f18224a07b8732a837adf8230', 'system': None}, Network: None, Subnet: None, Router: None
2025-02-17 22:30:25.414 63320 INFO tempest.lib.common.rest_client [req-6579516a-a7c1-4431-9014-19f98ac715fd req-6579516a-a7c1-4431-9014-19f98ac715fd ] Request (ServicesAdminNegativeTestJSON:tearDownClass): 204 DELETE http://10.180.1.21/identity/v3/projects/84ca28dac57c4534a06894809fe9e10b 0.310s
2025-02-17 22:30:25.416 63320 INFO tempest.test [-] raised in TestVolumeSwap.setUpClass. Invoking tearDownClass.
2025-02-17 22:30:25.505 63310 INFO tempest.lib.common.rest_client [req-55feda7e-4811-4872-bf2d-bb3ecbbf614a req-55feda7e-4811-4872-bf2d-bb3ecbbf614a ] Request (HypervisorAdminNegativeTestJSON:setUpClass): 201 POST http://10.180.1.21/identity/v3/auth/tokens 0.333s
2025-02-17 22:30:25.513 63300 INFO tempest.lib.common.rest_client [req-2d753e3c-0d79-4a5b-a6a2-96395f61af9b req-2d753e3c-0d79-4a5b-a6a2-96395f61af9b ] Request (VolumesAssistedSnapshotsTest:test_volume_assisted_snapshot_create_delete): 201 POST http://10.180.1.21:9696/networking/v2.0/security-group-rules 0.327s
2025-02-17 22:30:25.524 63318 INFO tempest.lib.common.rest_client [req-46e76dcd-8d03-4f99-bb7c-112445081934 req-46e76dcd-8d03-4f99-bb7c-112445081934 ] Request (HostsAdminTestJSON:tearDownClass): 204 DELETE http://10.180.1.21/identity/v3/users/d2a8a4cad2144a0fb78df06b009514f3 0.376s
2025-02-17 22:30:25.524 63318 INFO tempest.lib.common.dynamic_creds [-] Deleting project and security group for project: e6c4abac828c428692735c5a0be7d59e
2025-02-17 22:30:25.572 63314 INFO tempest.lib.common.rest_client [req-d757caf5-ac2e-4e0b-b93c-4abcbf9331ef req-d757caf5-ac2e-4e0b-b93c-4abcbf9331ef ] Request (ServersTestMultiNic:setUpClass): 201 POST http://10.180.1.21/identity/v3/auth/tokens 0.349s
2025-02-17 22:30:25.593 63270 INFO tempest.lib.common.rest_client [req-71504a65-3d61-4e68-a5dc-2cba2e2f4b4a req-71504a65-3d61-4e68-a5dc-2cba2e2f4b4a ] Request (QuotasAdminTestJSON:test_get_updated_quotas): 200 GET http://10.180.1.21/identity/v3/domains?name=Default 0.359s
2025-02-17 22:30:25.605 63274 INFO tempest.lib.common.rest_client [req-e8d2c97b-e804-42b5-bb74-1ecf08065ee1 req-e8d2c97b-e804-42b5-bb74-1ecf08065ee1 ] Request (ServersTestJSON:setUpClass): 201 POST http://10.180.1.21/identity/v3/auth/tokens 0.321s
2025-02-17 22:30:25.606 63296 INFO tempest.lib.common.rest_client [req-9a38f6de-6474-49ab-8585-64455dcbc8fd req-9a38f6de-6474-49ab-8585-64455dcbc8fd ] Request (FloatingIPsAssociationTestJSON:setUpClass): 202 POST http://10.180.1.21/compute/v2.1/servers 2.581s
2025-02-17 22:30:25.637 63288 INFO tempest.lib.common.rest_client [req-c4e43eeb-3414-4716-b775-dcc0239f067c req-c4e43eeb-3414-4716-b775-dcc0239f067c ] Request (ValidationResourcesFixture:setUp): 201 POST http://10.180.1.21:9696/networking/v2.0/security-groups 0.378s
2025-02-17 22:30:25.658 63282 INFO tempest.lib.common.rest_client [req-3d1079bb-3827-4dc6-92c6-85c0ed4a8c12 req-3d1079bb-3827-4dc6-92c6-85c0ed4a8c12 ] Request (SecurityGroupsTestAdminJSON:_run_cleanups): 202 DELETE http://10.180.1.21/compute/v2.1/os-security-groups/433466db-fddf-4463-9535-2001a9a6fc9f 1.133s
2025-02-17 22:30:25.678 63294 INFO tempest.lib.common.rest_client [req-e268a3be-15ac-466d-87d6-7b9394de57e7 req-e268a3be-15ac-466d-87d6-7b9394de57e7 ] Request (FlavorsAccessTestJSON:tearDownClass): 204 DELETE http://10.180.1.21/identity/v3/projects/459098408e44476b82ed7e9f92c4a51d 0.355s
2025-02-17 22:30:25.739 63316 INFO tempest.lib.common.rest_client [req-7aa186a8-05db-4f90-9379-03e16d20f289 req-7aa186a8-05db-4f90-9379-03e16d20f289 ] Request (SecurityGroupsNegativeTestJSON:setUpClass): 201 POST http://10.180.1.21:9696/networking/v2.0/routers 2.562s
2025-02-17 22:30:25.742 63328 INFO tempest.lib.common.rest_client [req-78a2e6c2-43aa-432f-8784-1efde85b946f req-78a2e6c2-43aa-432f-8784-1efde85b946f ] Request (ServersTestBootFromVolume:setUpClass): 201 POST http://10.180.1.21/identity/v3/auth/tokens 0.356s
2025-02-17 22:30:25.742 63320 INFO tempest.lib.common.rest_client [req-3221fa73-3733-441f-9a39-ceb962b1ff21 req-3221fa73-3733-441f-9a39-ceb962b1ff21 ] Request (ServerGroupTestJSON:setUpClass): 201 POST http://10.180.1.21/identity/v3/auth/tokens 0.320s
2025-02-17 22:30:25.766 63314 INFO tempest.lib.common.rest_client [req-bad67a77-2983-4dd4-9526-720dc55293a0 req-bad67a77-2983-4dd4-9526-720dc55293a0 ] Request (ServersTestMultiNic:setUpClass): 200 GET http://10.180.1.21/identity/v3/domains?name=Default 0.194s
2025-02-17 22:30:25.766 63318 INFO tempest.lib.common.rest_client [req-822a0b16-5535-408d-8f0a-cb584ee36a85 req-822a0b16-5535-408d-8f0a-cb584ee36a85 ] Request (HostsAdminTestJSON:tearDownClass): 201 POST http://10.180.1.21/identity/v3/auth/tokens 0.242s
2025-02-17 22:30:25.838 63294 INFO tempest.lib.common.rest_client [req-aadff91a-5827-436a-8f01-2b49bac690ef req-aadff91a-5827-436a-8f01-2b49bac690ef ] Request (AZV2TestJSON:setUpClass): 201 POST http://10.180.1.21/identity/v3/auth/tokens 0.157s
2025-02-17 22:30:25.863 63322 INFO tempest.lib.common.rest_client [req-3b1bce94-981b-4d8c-aee7-cc55da1da42c req-3b1bce94-981b-4d8c-aee7-cc55da1da42c ] Request (ServicesAdminNegativeV253TestJSON:test_list_services_with_non_admin_user): 403 GET http://10.180.1.21/compute/v2.1/os-services 1.300s
2025-02-17 22:30:25.884 63320 INFO tempest.lib.common.rest_client [req-6fbebc61-ac1c-4505-b439-4cc2cfa951af req-6fbebc61-ac1c-4505-b439-4cc2cfa951af ] Request (ServerGroupTestJSON:setUpClass): 201 POST http://10.180.1.21/identity/v3/auth/tokens 0.138s
2025-02-17 22:30:25.898 63312 INFO tempest.lib.common.rest_client [req-712d0614-4537-4ec4-a12d-dcc2a537e512 req-712d0614-4537-4ec4-a12d-dcc2a537e512 ] Request (FlavorsExtraSpecsTestJSON:test_flavor_set_get_update_show_unset_keys): 200 DELETE http://10.180.1.21/compute/v2.1/flavors/1959910290/os-extra_specs/hw:numa_nodes 1.326s
2025-02-17 22:30:25.931 63314 INFO tempest.lib.common.rest_client [req-0e9b51ea-32ac-4b5b-8c5e-35b4eebc8740 req-0e9b51ea-32ac-4b5b-8c5e-35b4eebc8740 ] Request (ServersTestMultiNic:setUpClass): 201 POST http://10.180.1.21/identity/v3/projects 0.165s
2025-02-17 22:30:26.019 63294 INFO tempest.lib.common.rest_client [req-887c2441-f202-461f-a668-7ae63217f188 req-887c2441-f202-461f-a668-7ae63217f188 ] Request (AZV2TestJSON:setUpClass): 201 POST http://10.180.1.21/identity/v3/auth/tokens 0.178s
2025-02-17 22:30:26.040 63288 INFO tempest.lib.common.rest_client [req-99704d3d-0184-4d06-a734-2bd75089ebd9 req-99704d3d-0184-4d06-a734-2bd75089ebd9 ] Request (ValidationResourcesFixture:setUp): 201 POST http://10.180.1.21:9696/networking/v2.0/security-group-rules 0.403s
2025-02-17 22:30:26.044 63298 INFO tempest.lib.common.rest_client [req-b93e94af-0b2c-4483-a41a-beee55abe6a0 req-b93e94af-0b2c-4483-a41a-beee55abe6a0 ] Request (FloatingIPsAssociationNegativeTestJSON:setUpClass): 200 GET http://10.180.1.21/compute/v2.1/servers/5a51f3a2-66d7-4c40-9429-c2c05b9111ed 1.486s
2025-02-17 22:30:26.054 63298 INFO tempest.common.waiters [-] State transition "BUILD/None" ==> "BUILD/spawning" after 10 second wait
2025-02-17 22:30:26.064 63320 INFO tempest.lib.common.rest_client [req-3e5914a0-ad06-4d23-8738-a325c17e5ebf req-3e5914a0-ad06-4d23-8738-a325c17e5ebf ] Request (ServerGroupTestJSON:setUpClass): 200 GET http://10.180.1.21/identity/v3/domains?name=Default 0.179s
2025-02-17 22:30:26.093 63314 INFO tempest.lib.common.rest_client [req-b38c7113-3a41-49f3-88fc-155200d2f41d req-b38c7113-3a41-49f3-88fc-155200d2f41d ] Request (ServersTestMultiNic:setUpClass): 201 POST http://10.180.1.21/identity/v3/users 0.161s
2025-02-17 22:30:26.130 63322 INFO tempest.lib.common.rest_client [req-5f82b9b3-04c0-4a2f-9afd-16224dcccf8b req-5f82b9b3-04c0-4a2f-9afd-16224dcccf8b ] Request (ServicesAdminNegativeV253TestJSON:tearDownClass): 204 DELETE http://10.180.1.21/identity/v3/users/90397f3b6e0a416b98c1af71216a1838 0.265s
2025-02-17 22:30:26.172 63290 INFO tempest.lib.common.rest_client [req-2556b53d-9bd3-4536-8390-d86176bb147d req-2556b53d-9bd3-4536-8390-d86176bb147d ] Request (DeleteServersAdminTestJSON:test_admin_delete_servers_of_others): 200 GET http://10.180.1.21/compute/v2.1/servers/36dc7269-8701-41b8-a73c-806f336deb4b 1.462s
2025-02-17 22:30:26.231 63294 INFO tempest.lib.common.rest_client [req-00b67c89-1b5e-4902-b963-541548a51f4c req-00b67c89-1b5e-4902-b963-541548a51f4c ] Request (AZV2TestJSON:setUpClass): 200 GET http://10.180.1.21/identity/v3/domains?name=Default 0.211s
2025-02-17 22:30:26.268 63314 INFO tempest.lib.common.rest_client [req-0dabfb7f-6c14-4f05-8c75-bb942cb107a0 req-0dabfb7f-6c14-4f05-8c75-bb942cb107a0 ] Request (ServersTestMultiNic:setUpClass): 200 GET http://10.180.1.21/identity/v3/roles 0.172s
2025-02-17 22:30:26.297 63332 INFO tempest.lib.common.rest_client [req-c2bfb496-e1f5-4761-bc12-3d2300b35c6d req-c2bfb496-e1f5-4761-bc12-3d2300b35c6d ] Request (VolumesAdminNegativeTest:test_update_attached_volume_with_nonexistent_volume_in_body): 200 GET http://10.180.1.21/compute/v2.1/servers/60e703f7-b811-4186-a986-1958392664cd 1.379s
2025-02-17 22:30:26.308 63332 INFO tempest.common.waiters [-] State transition "BUILD/None" ==> "BUILD/networking" after 5 second wait
2025-02-17 22:30:26.311 63320 INFO tempest.lib.common.rest_client [req-91a16434-c458-4311-8f9e-4db157f0d7b6 req-91a16434-c458-4311-8f9e-4db157f0d7b6 ] Request (ServerGroupTestJSON:setUpClass): 201 POST http://10.180.1.21/identity/v3/projects 0.246s
2025-02-17 22:30:26.353 63272 INFO tempest.lib.common.rest_client [req-4701dd8d-28c0-4244-9ed3-dc50edd08e70 req-4701dd8d-28c0-4244-9ed3-dc50edd08e70 ] Request (AggregatesAdminNegativeTestJSON:test_aggregate_add_non_exist_host): 404 POST http://10.180.1.21/compute/v2.1/os-aggregates/3/action 1.403s
2025-02-17 22:30:26.406 63318 INFO tempest.lib.common.rest_client [req-93ec55c7-d1c9-4bbf-a902-cf3776c6b647 req-93ec55c7-d1c9-4bbf-a902-cf3776c6b647 ] Request (HostsAdminTestJSON:tearDownClass): 200 GET http://10.180.1.21:9696/networking/v2.0/security-groups?tenant_id=e6c4abac828c428692735c5a0be7d59e&name=default 0.638s
2025-02-17 22:30:26.417 63294 INFO tempest.lib.common.rest_client [req-665ec0c2-539f-4755-9381-ec1447184ddb req-665ec0c2-539f-4755-9381-ec1447184ddb ] Request (AZV2TestJSON:setUpClass): 201 POST http://10.180.1.21/identity/v3/projects 0.186s
2025-02-17 22:30:26.481 63322 INFO tempest.lib.common.rest_client [req-373435da-f073-40fa-8aec-94905c71786a req-373435da-f073-40fa-8aec-94905c71786a ] Request (ServicesAdminNegativeV253TestJSON:tearDownClass): 204 DELETE http://10.180.1.21/identity/v3/users/680c033558b74db6af4fea5e7973fb6b 0.351s
2025-02-17 22:30:26.481 63322 INFO tempest.lib.common.dynamic_creds [-] Deleting project and security group for project: 49f48d08f945478b9cddc173fda1074b
2025-02-17 22:30:26.485 63284 INFO tempest.lib.common.rest_client [req-df107c52-62db-40ca-9d42-6d79e83774d9 req-df107c52-62db-40ca-9d42-6d79e83774d9 ] Request (ServerDiagnosticsTest:test_get_server_diagnostics): 200 GET http://10.180.1.21/compute/v2.1/servers/dcc3696e-4160-4557-8ef2-a1598f994d06 1.674s
2025-02-17 22:30:26.547 63274 INFO tempest.lib.common.rest_client [req-9fe1498b-5ae8-48d6-9dd7-69dc4eb2e6e8 req-9fe1498b-5ae8-48d6-9dd7-69dc4eb2e6e8 ] Request (ServersTestJSON:setUpClass): 201 POST http://10.180.1.21:9696/networking/v2.0/networks 0.941s
2025-02-17 22:30:26.555 63308 INFO tempest.lib.common.rest_client [req-5244c2b3-0c84-404f-9eac-8aae311cea3a req-5244c2b3-0c84-404f-9eac-8aae311cea3a ] Request (ServersAdmin275Test:test_rebuild_update_server_275): 200 GET http://10.180.1.21/compute/v2.1/servers/422c1d47-c8e5-4db0-bd13-3396a24906b7 1.555s
2025-02-17 22:30:26.595 63326 INFO tempest.lib.common.rest_client [req-a65f8f7d-b82f-4b09-94f9-f5ec92c28f20 req-a65f8f7d-b82f-4b09-94f9-f5ec92c28f20 ] Request (FlavorsExtraSpecsNegativeTestJSON:tearDownClass): 202 DELETE http://10.180.1.21/compute/v2.1/flavors/709791874 1.326s
2025-02-17 22:30:26.637 63328 INFO tempest.lib.common.rest_client [req-0eb0cad0-1d34-4e15-93d5-439ccad31dd5 req-0eb0cad0-1d34-4e15-93d5-439ccad31dd5 ] Request (ServersTestBootFromVolume:setUpClass): 201 POST http://10.180.1.21:9696/networking/v2.0/networks 0.895s
2025-02-17 22:30:26.638 63320 INFO tempest.lib.common.rest_client [req-29d0a119-7a21-410a-99c9-052a7ceeff85 req-29d0a119-7a21-410a-99c9-052a7ceeff85 ] Request (ServerGroupTestJSON:setUpClass): 201 POST http://10.180.1.21/identity/v3/users 0.326s
2025-02-17 22:30:26.647 63286 INFO tempest.lib.common.rest_client [req-2d5099f6-bc3f-4bba-8a22-cefd72ba255d req-2d5099f6-bc3f-4bba-8a22-cefd72ba255d ] Request (FlavorsAccessNegativeTestJSON:_run_cleanups): 200 GET http://10.180.1.21/compute/v2.1/flavors/detail 1.350s
2025-02-17 22:30:26.649 63288 INFO tempest.lib.common.rest_client [req-3701d5b0-46e8-4134-8ad0-a2f7a0156778 req-3701d5b0-46e8-4134-8ad0-a2f7a0156778 ] Request (ValidationResourcesFixture:setUp): 201 POST http://10.180.1.21:9696/networking/v2.0/security-group-rules 0.607s
2025-02-17 22:30:26.669 63314 INFO tempest.lib.common.rest_client [req-363233fd-844e-422a-ab62-7d3b1ff54c5b req-363233fd-844e-422a-ab62-7d3b1ff54c5b ] Request (ServersTestMultiNic:setUpClass): 204 PUT http://10.180.1.21/identity/v3/projects/cab5bae1c28c4a0a836222519a736b9a/users/ec5fa9a7b4234cc5bcd99431c297ed2f/roles/0eb393c96013484a93382f93f7abb624 0.398s
2025-02-17 22:30:26.669 63314 INFO tempest.lib.common.dynamic_creds [-] Dynamic test user ec5fa9a7b4234cc5bcd99431c297ed2f is created with scope project and roles: ['member']
2025-02-17 22:30:26.669 63314 INFO tempest.lib.common.dynamic_creds [-] Acquired dynamic creds: credentials: Credentials: {'domain_id': 'default', 'domain_name': 'Default', 'username': 'tempest-ServersTestMultiNic-1579436153-project-member', 'project_domain_id': 'default', 'project_domain_name': 'Default', 'project_id': 'cab5bae1c28c4a0a836222519a736b9a', 'project_name': 'tempest-ServersTestMultiNic-1579436153', 'tenant_id': 'cab5bae1c28c4a0a836222519a736b9a', 'tenant_name': 'tempest-ServersTestMultiNic-1579436153', 'user_domain_id': 'default', 'user_domain_name': 'Default', 'user_id': 'ec5fa9a7b4234cc5bcd99431c297ed2f', 'system': None}, Network: None, Subnet: None, Router: None
2025-02-17 22:30:26.693 63294 INFO tempest.lib.common.rest_client [req-082fea75-e9ae-4fef-8481-29e4682ab5a4 req-082fea75-e9ae-4fef-8481-29e4682ab5a4 ] Request (AZV2TestJSON:setUpClass): 201 POST http://10.180.1.21/identity/v3/users 0.275s
2025-02-17 22:30:26.758 63322 INFO tempest.lib.common.rest_client [req-9858e502-6c53-4d81-b2aa-94038ea98d1a req-9858e502-6c53-4d81-b2aa-94038ea98d1a ] Request (ServicesAdminNegativeV253TestJSON:tearDownClass): 201 POST http://10.180.1.21/identity/v3/auth/tokens 0.277s
2025-02-17 22:30:26.767 63318 INFO tempest.lib.common.rest_client [req-4ac873c0-1714-453f-9bd3-d177df09e77c req-4ac873c0-1714-453f-9bd3-d177df09e77c ] Request (HostsAdminTestJSON:tearDownClass): 204 DELETE http://10.180.1.21:9696/networking/v2.0/security-groups/df6ea36c-09a9-4b60-884b-a8a5c6ae8122 0.361s
2025-02-17 22:30:26.772 63330 INFO tempest.lib.common.rest_client [req-43f9e66e-afff-480a-bb88-1cbaef05ef34 req-43f9e66e-afff-480a-bb88-1cbaef05ef34 ] Request (MigrationsAdminTest:test_list_migrations_in_flavor_resize_situation): 200 GET http://10.180.1.21/compute/v2.1/servers/2e7fdade-c4c3-400c-b59a-b77382e4348c 1.386s
2025-02-17 22:30:26.785 63320 INFO tempest.lib.common.rest_client [req-1bb90cb2-87e8-4494-bf09-787f969b218b req-1bb90cb2-87e8-4494-bf09-787f969b218b ] Request (ServerGroupTestJSON:setUpClass): 200 GET http://10.180.1.21/identity/v3/roles 0.146s
2025-02-17 22:30:26.787 63314 INFO tempest.lib.common.rest_client [req-445b161d-2c57-4b4a-868a-722a3aa7e675 req-445b161d-2c57-4b4a-868a-722a3aa7e675 ] Request (ServersTestMultiNic:setUpClass): 201 POST http://10.180.1.21/identity/v3/auth/tokens 0.117s
2025-02-17 22:30:26.802 63294 INFO tempest.lib.common.rest_client [req-13aee1e1-3965-48f1-a94b-4d29555a1d62 req-13aee1e1-3965-48f1-a94b-4d29555a1d62 ] Request (AZV2TestJSON:setUpClass): 200 GET http://10.180.1.21/identity/v3/roles 0.108s
2025-02-17 22:30:26.868 63318 INFO tempest.lib.common.rest_client [req-b13dfd97-2d9a-49dd-add6-7fdad8777edc req-b13dfd97-2d9a-49dd-add6-7fdad8777edc ] Request (HostsAdminTestJSON:tearDownClass): 204 DELETE http://10.180.1.21/identity/v3/projects/e6c4abac828c428692735c5a0be7d59e 0.101s
2025-02-17 22:30:26.868 63318 INFO tempest.lib.common.dynamic_creds [-] Deleting project and security group for project: e409751d6a25466a93d5b8ee0920f91c
2025-02-17 22:30:26.959 63310 INFO tempest.lib.common.rest_client [req-c479cda2-6ee8-46a0-8831-4ea4c1a55f8d req-c479cda2-6ee8-46a0-8831-4ea4c1a55f8d ] Request (HypervisorAdminNegativeTestJSON:test_get_hypervisor_list_details_with_non_admin_user): 403 GET http://10.180.1.21/compute/v2.1/os-hypervisors/detail 1.452s
2025-02-17 22:30:26.971 63292 INFO tempest.lib.common.rest_client [req-1e74a661-e10e-4660-865b-dce6b712d4f6 req-1e74a661-e10e-4660-865b-dce6b712d4f6 ] Request (DeleteServersTestJSON:test_delete_active_server): 200 GET http://10.180.1.21/compute/v2.1/servers/9acce350-3186-4906-a53e-841a7edd462e 1.888s
2025-02-17 22:30:26.987 63304 INFO tempest.lib.common.rest_client [req-6a2a49b0-0ec5-44ae-be4d-2abc4d8fff81 req-6a2a49b0-0ec5-44ae-be4d-2abc4d8fff81 ] Request (ImagesOneServerNegativeTestJSON:setUpClass): 201 POST http://10.180.1.21:9696/networking/v2.0/routers 2.936s
2025-02-17 22:30:26.992 63320 INFO tempest.lib.common.rest_client [req-9546cc17-9e13-4b71-92a7-930f9664e57e req-9546cc17-9e13-4b71-92a7-930f9664e57e ] Request (ServerGroupTestJSON:setUpClass): 204 PUT http://10.180.1.21/identity/v3/projects/1b198a9a97b7423a97c127dfd90ba68a/users/feb68f83962b42c09993c6733772bd97/roles/0eb393c96013484a93382f93f7abb624 0.206s
2025-02-17 22:30:26.992 63320 INFO tempest.lib.common.dynamic_creds [-] Dynamic test user feb68f83962b42c09993c6733772bd97 is created with scope project and roles: ['member']
2025-02-17 22:30:26.992 63320 INFO tempest.lib.common.dynamic_creds [-] Acquired dynamic creds: credentials: Credentials: {'domain_id': 'default', 'domain_name': 'Default', 'username': 'tempest-ServerGroupTestJSON-975287904-project-member', 'project_domain_id': 'default', 'project_domain_name': 'Default', 'project_id': '1b198a9a97b7423a97c127dfd90ba68a', 'project_name': 'tempest-ServerGroupTestJSON-975287904', 'tenant_id': '1b198a9a97b7423a97c127dfd90ba68a', 'tenant_name': 'tempest-ServerGroupTestJSON-975287904', 'user_domain_id': 'default', 'user_domain_name': 'Default', 'user_id': 'feb68f83962b42c09993c6733772bd97', 'system': None}, Network: None, Subnet: None, Router: None
2025-02-17 22:30:27.041 63294 INFO tempest.lib.common.rest_client [req-b42b9498-92c2-4ba3-97a3-19cd22e17c4a req-b42b9498-92c2-4ba3-97a3-19cd22e17c4a ] Request (AZV2TestJSON:setUpClass): 204 PUT http://10.180.1.21/identity/v3/projects/35fe7412dc5b4f069164310e8c5989f4/users/b6a3ebd17fee49878f7d3d58373b8726/roles/0eb393c96013484a93382f93f7abb624 0.238s
2025-02-17 22:30:27.041 63294 INFO tempest.lib.common.dynamic_creds [-] Dynamic test user b6a3ebd17fee49878f7d3d58373b8726 is created with scope project and roles: ['member']
2025-02-17 22:30:27.041 63294 INFO tempest.lib.common.dynamic_creds [-] Acquired dynamic creds: credentials: Credentials: {'domain_id': 'default', 'domain_name': 'Default', 'username': 'tempest-AZV2TestJSON-1403409297-project-member', 'project_domain_id': 'default', 'project_domain_name': 'Default', 'project_id': '35fe7412dc5b4f069164310e8c5989f4', 'project_name': 'tempest-AZV2TestJSON-1403409297', 'tenant_id': '35fe7412dc5b4f069164310e8c5989f4', 'tenant_name': 'tempest-AZV2TestJSON-1403409297', 'user_domain_id': 'default', 'user_domain_name': 'Default', 'user_id': 'b6a3ebd17fee49878f7d3d58373b8726', 'system': None}, Network: None, Subnet: None, Router: None
2025-02-17 22:30:27.041 63294 INFO tempest.lib.common.dynamic_creds [-] Created isolated network resources for: credentials: Credentials: {'domain_id': 'default', 'domain_name': 'Default', 'username': 'tempest-AZV2TestJSON-1403409297-project-member', 'project_domain_id': 'default', 'project_domain_name': 'Default', 'project_id': '35fe7412dc5b4f069164310e8c5989f4', 'project_name': 'tempest-AZV2TestJSON-1403409297', 'tenant_id': '35fe7412dc5b4f069164310e8c5989f4', 'tenant_name': 'tempest-AZV2TestJSON-1403409297', 'user_domain_id': 'default', 'user_domain_name': 'Default', 'user_id': 'b6a3ebd17fee49878f7d3d58373b8726', 'system': None}, Network: None, Subnet: None, Router: None
2025-02-17 22:30:27.058 63296 INFO tempest.lib.common.rest_client [req-0b5738c7-5690-4006-a742-eb1728130322 req-0b5738c7-5690-4006-a742-eb1728130322 ] Request (FloatingIPsAssociationTestJSON:setUpClass): 200 GET http://10.180.1.21/compute/v2.1/servers/00376bf9-716d-4c89-a29d-2c6381ce373a 1.451s
2025-02-17 22:30:27.103 63320 INFO tempest.lib.common.rest_client [req-59ec1953-b36c-4556-956b-d8f15c06d87d req-59ec1953-b36c-4556-956b-d8f15c06d87d ] Request (ServerGroupTestJSON:setUpClass): 201 POST http://10.180.1.21/identity/v3/auth/tokens 0.110s
2025-02-17 22:30:27.185 63294 INFO tempest.lib.common.rest_client [req-7b2d8a65-0faa-41c2-8454-e443a8ce8281 req-7b2d8a65-0faa-41c2-8454-e443a8ce8281 ] Request (AZV2TestJSON:setUpClass): 201 POST http://10.180.1.21/identity/v3/auth/tokens 0.138s
2025-02-17 22:30:27.215 63300 INFO tempest.lib.common.rest_client [req-3384f013-b4c6-428f-b25e-60bfa84f6e2c req-3384f013-b4c6-428f-b25e-60bfa84f6e2c ] Request (VolumesAssistedSnapshotsTest:test_volume_assisted_snapshot_create_delete): 201 POST http://10.180.1.21:9696/networking/v2.0/floatingips 1.701s
2025-02-17 22:30:27.279 63276 INFO tempest.lib.common.rest_client [req-6ccd98a6-75ad-4d46-aa69-f011616de8f8 req-6ccd98a6-75ad-4d46-aa69-f011616de8f8 ] Request (FlavorsV2NegativeTest:test_boot_with_low_ram): 204 PUT http://10.180.1.21/image/v2/images/3d9f877a-17dd-458b-a381-bbf9fc1002a4/file 2.211s
2025-02-17 22:30:27.305 63300 INFO tempest.lib.common.rest_client [req-c4107b33-108c-466a-9cca-3a165656d425 req-c4107b33-108c-466a-9cca-3a165656d425 ] Request (VolumesAssistedSnapshotsTest:test_volume_assisted_snapshot_create_delete): 201 POST http://10.180.1.21/identity/v3/auth/tokens 0.084s
2025-02-17 22:30:27.305 63300 INFO tempest.lib.common.fixed_network [-] (VolumesAssistedSnapshotsTest:test_volume_assisted_snapshot_create_delete) Found network {'id': '142ec270-4af5-4865-bec9-f05c0a029999', 'name': 'tempest-VolumesAssistedSnapshotsTest-559178804-network', 'tenant_id': 'fb615a43dc3240798654d0c0608e486b', 'admin_state_up': True, 'mtu': 8950, 'status': 'ACTIVE', 'subnets': [], 'shared': False, 'project_id': 'fb615a43dc3240798654d0c0608e486b', 'port_security_enabled': True, 'router:external': False, 'provider:network_type': 'vlan', 'provider:physical_network': 'default', 'provider:segmentation_id': 266, 'availability_zone_hints': [], 'availability_zones': [], 'ipv4_address_scope': None, 'ipv6_address_scope': None, 'description': '', 'tags': [], 'created_at': '2025-02-17T22:30:05Z', 'updated_at': '2025-02-17T22:30:05Z', 'revision_number': 1} available for tenant
2025-02-17 22:30:27.308 63274 INFO tempest.lib.common.rest_client [req-c828b1fe-f32f-4ac8-ae95-dcf32b781c6f req-c828b1fe-f32f-4ac8-ae95-dcf32b781c6f ] Request (ServersTestJSON:setUpClass): 201 POST http://10.180.1.21:9696/networking/v2.0/subnets 0.760s
2025-02-17 22:30:27.312 63270 INFO tempest.lib.common.rest_client [req-491dfe5a-869d-4a07-b633-570c7a48e1ed req-491dfe5a-869d-4a07-b633-570c7a48e1ed ] Request (QuotasAdminTestJSON:test_get_updated_quotas): 200 PUT http://10.180.1.21/compute/v2.1/os-quota-sets/f77298fb8b1e47dda6541a3818678949?user_id=c818fa92e9ee4df9a6a8f9294502592b 1.718s
2025-02-17 22:30:27.320 63282 INFO tempest.lib.common.rest_client [req-2f98195a-77ad-4837-b28c-d6f59e9e355e req-2f98195a-77ad-4837-b28c-d6f59e9e355e ] Request (SecurityGroupsTestAdminJSON:_run_cleanups): 202 DELETE http://10.180.1.21/compute/v2.1/os-security-groups/0da490d3-cde5-4480-a3c4-cf4ff8474b39 1.661s
2025-02-17 22:30:27.367 63276 INFO tempest.lib.common.rest_client [req-a14710d9-8afc-489f-b732-4f359fec15db req-a14710d9-8afc-489f-b732-4f359fec15db ] Request (FlavorsV2NegativeTest:test_boot_with_low_ram): 201 POST http://10.180.1.21/identity/v3/auth/tokens 0.083s
2025-02-17 22:30:27.367 63276 INFO tempest.lib.common.fixed_network [-] (FlavorsV2NegativeTest:test_boot_with_low_ram) Found network None available for tenant
2025-02-17 22:30:27.405 63312 INFO tempest.lib.common.rest_client [req-5ac3426e-626c-4408-beca-991ac0f8c4a7 req-5ac3426e-626c-4408-beca-991ac0f8c4a7 ] Request (FlavorsExtraSpecsTestJSON:test_flavor_set_get_update_show_unset_keys): 200 DELETE http://10.180.1.21/compute/v2.1/flavors/1959910290/os-extra_specs/hw:cpu_policy 1.507s
2025-02-17 22:30:27.439 63272 INFO tempest.lib.common.rest_client [req-e753ae8d-ae3e-4e1e-a81b-74e66d4470a2 req-e753ae8d-ae3e-4e1e-a81b-74e66d4470a2 ] Request (AggregatesAdminNegativeTestJSON:_run_cleanups): 200 DELETE http://10.180.1.21/compute/v2.1/os-aggregates/3 1.085s
2025-02-17 22:30:27.464 63282 INFO tempest.lib.common.rest_client [req-9a6ac393-1ebe-4ea9-b3d0-fa0ba7bdaf79 req-9a6ac393-1ebe-4ea9-b3d0-fa0ba7bdaf79 ] Request (SecurityGroupsTestAdminJSON:tearDownClass): 204 DELETE http://10.180.1.21/identity/v3/users/422f11d3fcd0420182240ea3a1500be2 0.138s
2025-02-17 22:30:27.470 63326 INFO tempest.lib.common.rest_client [req-ce144a7e-e08b-4320-b5fc-a8b7dcf71c6a req-ce144a7e-e08b-4320-b5fc-a8b7dcf71c6a ] Request (FlavorsExtraSpecsNegativeTestJSON:tearDownClass): 200 GET http://10.180.1.21/compute/v2.1/flavors/detail 0.875s
