2025-02-17 22:33:09.872 63296 INFO tempest.lib.common.rest_client [req-64648590-0e25-4b45-9844-88fc913b2cfd req-64648590-0e25-4b45-9844-88fc913b2cfd ] Request (FloatingIPsNegativeTestJSON:tearDownClass): 204 DELETE http://10.180.1.21/identity/v3/projects/f9b7ca96c2f14d58b41729b113027e94 0.130s
2025-02-17 22:33:09.880 63288 INFO tempest.lib.common.rest_client [req-4b5bdd26-2a24-41ea-a288-22bbf3f83ade req-4b5bdd26-2a24-41ea-a288-22bbf3f83ade ] Request (ServersWithSpecificFlavorTestJSON:test_verify_created_server_ephemeral_disk): 200 GET http://10.180.1.21/compute/v2.1/servers/3eb2d6b5-bcec-49f9-9bbe-a464f347dfb9 0.433s
2025-02-17 22:33:09.958 63296 INFO tempest.lib.common.rest_client [req-c050224e-7c8c-41aa-a0c5-a9c525d8e951 req-c050224e-7c8c-41aa-a0c5-a9c525d8e951 ] Request (AttachInterfacesTestJSON:setUpClass): 201 POST http://10.180.1.21/identity/v3/auth/tokens 0.084s
2025-02-17 22:33:09.995 63296 INFO tempest.lib.common.rest_client [req-bcfe01fd-5cb4-4845-942b-88cb269ee942 req-bcfe01fd-5cb4-4845-942b-88cb269ee942 ] Request (AttachInterfacesTestJSON:setUpClass): 201 POST http://10.180.1.21/identity/v3/auth/tokens 0.031s
2025-02-17 22:33:10.004 63302 INFO tempest.lib.common.rest_client [req-3462ca9b-01ff-48e6-b5af-dfdf228a76f1 req-3462ca9b-01ff-48e6-b5af-dfdf228a76f1 ] Request (ValidationResourcesFixture:setUp): 201 POST http://10.180.1.21:9696/networking/v2.0/floatingips 0.997s
2025-02-17 22:33:10.037 63296 INFO tempest.lib.common.rest_client [req-e95171f2-bdd3-4085-925a-39418c416237 req-e95171f2-bdd3-4085-925a-39418c416237 ] Request (AttachInterfacesTestJSON:setUpClass): 200 GET http://10.180.1.21/identity/v3/domains?name=Default 0.042s
2025-02-17 22:33:10.046 63292 INFO tempest.lib.common.rest_client [req-97baba7d-b121-4eb3-8922-7402fab3c42a req-97baba7d-b121-4eb3-8922-7402fab3c42a ] Request (DeleteServersTestJSON:test_delete_server_while_in_shelved_state): 200 GET http://10.180.1.21/compute/v2.1/servers/383d7013-3574-4b60-9975-af059d4f8a99 0.300s
2025-02-17 22:33:10.054 63292 INFO tempest.common.waiters [-] State transition "ACTIVE/shelving" ==> "ACTIVE/shelving_image_pending_upload" after 3 second wait
2025-02-17 22:33:10.080 63296 INFO tempest.lib.common.rest_client [req-9e15bd95-048d-4c8d-823f-ff66df911679 req-9e15bd95-048d-4c8d-823f-ff66df911679 ] Request (AttachInterfacesTestJSON:setUpClass): 201 POST http://10.180.1.21/identity/v3/projects 0.042s
2025-02-17 22:33:10.092 63302 INFO tempest.lib.common.rest_client [req-c6ceca57-d408-49eb-bc7b-688369502589 req-c6ceca57-d408-49eb-bc7b-688369502589 ] Request (AttachVolumeNegativeTest:test_attach_attached_volume_to_different_server): 201 POST http://10.180.1.21/identity/v3/auth/tokens 0.080s
2025-02-17 22:33:10.093 63302 INFO tempest.lib.common.fixed_network [-] (AttachVolumeNegativeTest:test_attach_attached_volume_to_different_server) Found network {'id': '4bc10178-00ee-4e02-a77f-251b191703f0', 'name': 'tempest-AttachVolumeNegativeTest-1716852077-network', 'tenant_id': '2ea3f4565fee40f2863a4acec611c17e', 'admin_state_up': True, 'mtu': 8950, 'status': 'ACTIVE', 'subnets': [], 'shared': False, 'project_id': '2ea3f4565fee40f2863a4acec611c17e', 'port_security_enabled': True, 'router:external': False, 'provider:network_type': 'vlan', 'provider:physical_network': 'default', 'provider:segmentation_id': 680, 'availability_zone_hints': [], 'availability_zones': [], 'ipv4_address_scope': None, 'ipv6_address_scope': None, 'description': '', 'tags': [], 'created_at': '2025-02-17T22:33:03Z', 'updated_at': '2025-02-17T22:33:03Z', 'revision_number': 1} available for tenant
2025-02-17 22:33:10.128 63298 INFO tempest.lib.common.rest_client [req-42311a3c-242a-4e41-9f17-738254547f29 req-42311a3c-242a-4e41-9f17-738254547f29 ] Request (ServerTagsTestJSON:tearDownClass): 200 GET http://10.180.1.21/compute/v2.1/servers/57c52d11-f775-4b50-98ba-81fc825362e6 0.288s
2025-02-17 22:33:10.170 63296 INFO tempest.lib.common.rest_client [req-7863392c-3e6d-496d-a797-d91de0178170 req-7863392c-3e6d-496d-a797-d91de0178170 ] Request (AttachInterfacesTestJSON:setUpClass): 201 POST http://10.180.1.21/identity/v3/users 0.090s
2025-02-17 22:33:10.190 63274 WARNING tempest.lib.common.ssh [-] Failed to establish authenticated ssh connection to cirros@10.180.180.177 ([Errno None] Unable to connect to port 22 on 10.180.180.177). Number attempts: 12. Retry after 13 seconds.: paramiko.ssh_exception.NoValidConnectionsError: [Errno None] Unable to connect to port 22 on 10.180.180.177
2025-02-17 22:33:10.204 63296 INFO tempest.lib.common.rest_client [req-334cb7ea-80ef-4cd6-acde-c26f8228f22d req-334cb7ea-80ef-4cd6-acde-c26f8228f22d ] Request (AttachInterfacesTestJSON:setUpClass): 200 GET http://10.180.1.21/identity/v3/roles 0.033s
2025-02-17 22:33:10.212 63328 INFO tempest.lib.common.rest_client [req-93f5db01-2872-48f7-80ed-ddb33f7d3d14 req-93f5db01-2872-48f7-80ed-ddb33f7d3d14 ] Request (ServersTestBootFromVolume:tearDownClass): 200 GET http://10.180.1.21/compute/v2.1/servers/20f27901-885e-4d03-ae59-077275d85b14 0.280s
2025-02-17 22:33:10.225 63326 INFO tempest.lib.common.rest_client [req-90c42249-22de-40ed-ae98-ed65ac6877b8 req-90c42249-22de-40ed-ae98-ed65ac6877b8 ] Request (ServerRescueTestJSONUnderV235:test_rescued_vm_add_remove_security_group): 202 POST http://10.180.1.21/compute/v2.1/servers/64d2fdcf-1210-4994-b86c-74bac8aaffb3/action 1.292s
2025-02-17 22:33:10.267 63296 INFO tempest.lib.common.rest_client [req-73919c3d-8cd8-45f9-8d18-681b79a3ebc9 req-73919c3d-8cd8-45f9-8d18-681b79a3ebc9 ] Request (AttachInterfacesTestJSON:setUpClass): 204 PUT http://10.180.1.21/identity/v3/projects/c63415eabc2540309dd82fe654116228/users/278dfbe70e5b4ca9895a28045a42f4a9/roles/0eb393c96013484a93382f93f7abb624 0.062s
2025-02-17 22:33:10.268 63296 INFO tempest.lib.common.dynamic_creds [-] Dynamic test user 278dfbe70e5b4ca9895a28045a42f4a9 is created with scope project and roles: ['member']
2025-02-17 22:33:10.269 63296 INFO tempest.lib.common.dynamic_creds [-] Acquired dynamic creds: credentials: Credentials: {'domain_id': 'default', 'domain_name': 'Default', 'username': 'tempest-AttachInterfacesTestJSON-1847137231-project-member', 'project_domain_id': 'default', 'project_domain_name': 'Default', 'project_id': 'c63415eabc2540309dd82fe654116228', 'project_name': 'tempest-AttachInterfacesTestJSON-1847137231', 'tenant_id': 'c63415eabc2540309dd82fe654116228', 'tenant_name': 'tempest-AttachInterfacesTestJSON-1847137231', 'user_domain_id': 'default', 'user_domain_name': 'Default', 'user_id': '278dfbe70e5b4ca9895a28045a42f4a9', 'system': None}, Network: None, Subnet: None, Router: None
2025-02-17 22:33:10.352 63296 INFO tempest.lib.common.rest_client [req-28410c56-1ce0-473a-a182-1ea11868e261 req-28410c56-1ce0-473a-a182-1ea11868e261 ] Request (AttachInterfacesTestJSON:setUpClass): 201 POST http://10.180.1.21/identity/v3/auth/tokens 0.083s
2025-02-17 22:33:10.401 63330 INFO tempest.lib.common.rest_client [req-27c62dcb-dcea-4fd9-a3bc-604a780ce6a6 req-27c62dcb-dcea-4fd9-a3bc-604a780ce6a6 ] Request (MigrationsAdminTest:test_resize_server_revert_deleted_flavor): 200 GET http://10.180.1.21/compute/v2.1/servers/a210b97d-117c-418b-81a2-594ec21dde75 0.220s
2025-02-17 22:33:10.410 63330 INFO tempest.common.waiters [-] State transition "BUILD/spawning" ==> "ACTIVE/None" after 53 second wait
2025-02-17 22:33:10.874 63302 INFO tempest.lib.common.rest_client [req-41e91fb0-2b27-4891-87ed-4b88c1f44d46 req-41e91fb0-2b27-4891-87ed-4b88c1f44d46 ] Request (AttachVolumeNegativeTest:test_attach_attached_volume_to_different_server): 202 POST http://10.180.1.21/compute/v2.1/servers 0.781s
2025-02-17 22:33:10.965 63280 INFO tempest.lib.common.rest_client [req-0b3716df-e968-43e2-a5e1-6912b887b341 req-0b3716df-e968-43e2-a5e1-6912b887b341 ] Request (ServersAdminTestJSON:test_inject_network_info): 200 GET http://10.180.1.21/compute/v2.1/servers/b29065f6-554c-47e1-a1b3-c40e03ab66da 0.713s
2025-02-17 22:33:11.003 63308 INFO tempest.lib.common.rest_client [req-3589f7c1-29e8-479c-a4f2-d4a408677a05 req-3589f7c1-29e8-479c-a4f2-d4a408677a05 ] Request (MultipleCreateTestJSON:setUpClass): 200 PUT http://10.180.1.21:9696/networking/v2.0/routers/6c59330e-718a-469c-8af5-b7f83e0d3ea3/add_router_interface 2.092s
2025-02-17 22:33:11.006 63308 INFO tempest.lib.common.dynamic_creds [-] Created isolated network resources for: credentials: Credentials: {'domain_id': 'default', 'domain_name': 'Default', 'username': 'tempest-MultipleCreateTestJSON-1955272858-project-member', 'project_domain_id': 'default', 'project_domain_name': 'Default', 'project_id': '9bb14452e23d41fcaea9bfb1fb4ce75d', 'project_name': 'tempest-MultipleCreateTestJSON-1955272858', 'tenant_id': '9bb14452e23d41fcaea9bfb1fb4ce75d', 'tenant_name': 'tempest-MultipleCreateTestJSON-1955272858', 'user_domain_id': 'default', 'user_domain_name': 'Default', 'user_id': 'ce526a5d393e4cc48e202a29cf82d28d', 'system': None}, Network: {'id': 'ad3c3fac-b172-4a84-a7a1-c71e6406470f', 'name': 'tempest-MultipleCreateTestJSON-827521925-network', 'tenant_id': '9bb14452e23d41fcaea9bfb1fb4ce75d', 'admin_state_up': True, 'mtu': 8950, 'status': 'ACTIVE', 'subnets': [], 'shared': False, 'project_id': '9bb14452e23d41fcaea9bfb1fb4ce75d', 'port_security_enabled': True, 'router:external': False, 'provider:network_type': 'vlan', 'provider:physical_network': 'default', 'provider:segmentation_id': 706, 'availability_zone_hints': [], 'availability_zones': [], 'ipv4_address_scope': None, 'ipv6_address_scope': None, 'description': '', 'tags': [], 'created_at': '2025-02-17T22:33:07Z', 'updated_at': '2025-02-17T22:33:07Z', 'revision_number': 1}, Subnet: {'id': 'e9b0711a-0ff8-43c7-9922-70c6397d5036', 'name': 'tempest-MultipleCreateTestJSON-827521925-subnet', 'tenant_id': '9bb14452e23d41fcaea9bfb1fb4ce75d', 'network_id': 'ad3c3fac-b172-4a84-a7a1-c71e6406470f', 'ip_version': 4, 'subnetpool_id': None, 'enable_dhcp': True, 'ipv6_ra_mode': None, 'ipv6_address_mode': None, 'gateway_ip': '192.168.128.1', 'cidr': '192.168.128.0/28', 'allocation_pools': [{'start': '192.168.128.2', 'end': '192.168.128.14'}], 'host_routes': [], 'dns_nameservers': [], 'description': '', 'router:external': False, 'service_types': [], 'tags': [], 'created_at': '2025-02-17T22:33:07Z', 'updated_at': '2025-02-17T22:33:07Z', 'revision_number': 0, 'project_id': '9bb14452e23d41fcaea9bfb1fb4ce75d'}, Router: {'id': '6c59330e-718a-469c-8af5-b7f83e0d3ea3', 'name': 'tempest-MultipleCreateTestJSON-827521925-router', 'tenant_id': '9bb14452e23d41fcaea9bfb1fb4ce75d', 'admin_state_up': True, 'status': 'ACTIVE', 'external_gateway_info': {'network_id': '0c9f19b5-ce3c-47a1-bef0-03f9015bef20', 'external_fixed_ips': [{'subnet_id': '0412796f-9643-4910-ac20-a56825af3ad1', 'ip_address': '10.180.180.132'}], 'enable_snat': True}, 'description': '', 'availability_zones': [], 'distributed': False, 'ha': False, 'availability_zone_hints': [], 'routes': [], 'flavor_id': None, 'tags': [], 'created_at': '2025-02-17T22:33:07Z', 'updated_at': '2025-02-17T22:33:08Z', 'revision_number': 2, 'project_id': '9bb14452e23d41fcaea9bfb1fb4ce75d'}
2025-02-17 22:33:11.022 63290 INFO tempest.lib.common.rest_client [req-dcc69fe8-a5d7-41d5-81c6-c57de1b7abe8 req-dcc69fe8-a5d7-41d5-81c6-c57de1b7abe8 ] Request (ServersV294TestFqdnHostnames:setUpClass): 200 PUT http://10.180.1.21:9696/networking/v2.0/routers/61865035-bf0f-4f69-8c58-b63a0071742c/add_router_interface 2.153s
2025-02-17 22:33:11.023 63290 INFO tempest.lib.common.dynamic_creds [-] Created isolated network resources for: credentials: Credentials: {'domain_id': 'default', 'domain_name': 'Default', 'username': 'tempest-ServersV294TestFqdnHostnames-1101468855-project-member', 'project_domain_id': 'default', 'project_domain_name': 'Default', 'project_id': '41d1a22c81b4415d99deec68c7f68d09', 'project_name': 'tempest-ServersV294TestFqdnHostnames-1101468855', 'tenant_id': '41d1a22c81b4415d99deec68c7f68d09', 'tenant_name': 'tempest-ServersV294TestFqdnHostnames-1101468855', 'user_domain_id': 'default', 'user_domain_name': 'Default', 'user_id': 'a6ac124edbac4122918f5dbe6f9cca92', 'system': None}, Network: {'id': '46edbcab-0b59-4fcd-bdd3-d2fba82fa032', 'name': 'tempest-ServersV294TestFqdnHostnames-81551222-network', 'tenant_id': '41d1a22c81b4415d99deec68c7f68d09', 'admin_state_up': True, 'mtu': 8950, 'status': 'ACTIVE', 'subnets': [], 'shared': False, 'project_id': '41d1a22c81b4415d99deec68c7f68d09', 'port_security_enabled': True, 'router:external': False, 'provider:network_type': 'vlan', 'provider:physical_network': 'default', 'provider:segmentation_id': 898, 'availability_zone_hints': [], 'availability_zones': [], 'ipv4_address_scope': None, 'ipv6_address_scope': None, 'description': '', 'tags': [], 'created_at': '2025-02-17T22:33:06Z', 'updated_at': '2025-02-17T22:33:06Z', 'revision_number': 1}, Subnet: {'id': '0f5f2748-1f81-4f18-bfc5-718ee990fc31', 'name': 'tempest-ServersV294TestFqdnHostnames-81551222-subnet', 'tenant_id': '41d1a22c81b4415d99deec68c7f68d09', 'network_id': '46edbcab-0b59-4fcd-bdd3-d2fba82fa032', 'ip_version': 4, 'subnetpool_id': None, 'enable_dhcp': True, 'ipv6_ra_mode': None, 'ipv6_address_mode': None, 'gateway_ip': '192.168.128.1', 'cidr': '192.168.128.0/28', 'allocation_pools': [{'start': '192.168.128.2', 'end': '192.168.128.14'}], 'host_routes': [], 'dns_nameservers': [], 'description': '', 'router:external': False, 'service_types': [], 'tags': [], 'created_at': '2025-02-17T22:33:06Z', 'updated_at': '2025-02-17T22:33:06Z', 'revision_number': 0, 'project_id': '41d1a22c81b4415d99deec68c7f68d09'}, Router: {'id': '61865035-bf0f-4f69-8c58-b63a0071742c', 'name': 'tempest-ServersV294TestFqdnHostnames-81551222-router', 'tenant_id': '41d1a22c81b4415d99deec68c7f68d09', 'admin_state_up': True, 'status': 'ACTIVE', 'external_gateway_info': {'network_id': '0c9f19b5-ce3c-47a1-bef0-03f9015bef20', 'external_fixed_ips': [{'subnet_id': '0412796f-9643-4910-ac20-a56825af3ad1', 'ip_address': '10.180.180.180'}], 'enable_snat': True}, 'description': '', 'availability_zones': [], 'distributed': False, 'ha': False, 'availability_zone_hints': [], 'routes': [], 'flavor_id': None, 'tags': [], 'created_at': '2025-02-17T22:33:06Z', 'updated_at': '2025-02-17T22:33:08Z', 'revision_number': 2, 'project_id': '41d1a22c81b4415d99deec68c7f68d09'}
2025-02-17 22:33:11.041 63320 INFO tempest.lib.common.rest_client [req-b74575ad-ab9d-4eac-a88c-810bae0c2345 req-b74575ad-ab9d-4eac-a88c-810bae0c2345 ] Request (ServerShowV247Test:test_update_rebuild_list_server): 200 GET http://10.180.1.21/compute/v2.1/servers/ef7398c4-e98d-4434-92e2-14f6e86fa19c 0.780s
2025-02-17 22:33:11.093 63286 INFO tempest.lib.common.rest_client [req-e90e1520-b167-4bcb-8485-df88b09b3d20 req-e90e1520-b167-4bcb-8485-df88b09b3d20 ] Request (InstanceActionsTestJSON:tearDownClass): 200 PUT http://10.180.1.21:9696/networking/v2.0/routers/0d7caecc-c96e-4371-9ab0-60c99ff6af3e/remove_router_interface 1.814s
2025-02-17 22:33:11.140 63290 INFO tempest.lib.common.rest_client [req-ab288a76-8533-420f-b241-24a714f62376 req-ab288a76-8533-420f-b241-24a714f62376 ] Request (ServersV294TestFqdnHostnames:setUpClass): 201 POST http://10.180.1.21/identity/v3/auth/tokens 0.113s
2025-02-17 22:33:11.141 63308 INFO tempest.lib.common.rest_client [req-078be373-15dc-459d-9808-69d7eb68b24c req-078be373-15dc-459d-9808-69d7eb68b24c ] Request (MultipleCreateTestJSON:setUpClass): 201 POST http://10.180.1.21/identity/v3/auth/tokens 0.129s
2025-02-17 22:33:11.165 63296 INFO tempest.lib.common.rest_client [req-971946a9-cd40-48c3-9235-79704e7b8c60 req-971946a9-cd40-48c3-9235-79704e7b8c60 ] Request (AttachInterfacesTestJSON:setUpClass): 201 POST http://10.180.1.21:9696/networking/v2.0/networks 0.812s
2025-02-17 22:33:11.174 63308 INFO tempest.lib.common.rest_client [req-d5f79fe4-ef4d-456d-a260-681c6311b9c1 req-d5f79fe4-ef4d-456d-a260-681c6311b9c1 ] Request (MultipleCreateTestJSON:test_multiple_create): 201 POST http://10.180.1.21/identity/v3/auth/tokens 0.029s
2025-02-17 22:33:11.174 63308 INFO tempest.lib.common.fixed_network [-] (MultipleCreateTestJSON:test_multiple_create) Found network {'id': 'ad3c3fac-b172-4a84-a7a1-c71e6406470f', 'name': 'tempest-MultipleCreateTestJSON-827521925-network', 'tenant_id': '9bb14452e23d41fcaea9bfb1fb4ce75d', 'admin_state_up': True, 'mtu': 8950, 'status': 'ACTIVE', 'subnets': [], 'shared': False, 'project_id': '9bb14452e23d41fcaea9bfb1fb4ce75d', 'port_security_enabled': True, 'router:external': False, 'provider:network_type': 'vlan', 'provider:physical_network': 'default', 'provider:segmentation_id': 706, 'availability_zone_hints': [], 'availability_zones': [], 'ipv4_address_scope': None, 'ipv6_address_scope': None, 'description': '', 'tags': [], 'created_at': '2025-02-17T22:33:07Z', 'updated_at': '2025-02-17T22:33:07Z', 'revision_number': 1} available for tenant
2025-02-17 22:33:11.382 63318 INFO tempest.lib.common.rest_client [req-006a17e8-7fff-4745-a9e3-35576f491cda req-006a17e8-7fff-4745-a9e3-35576f491cda ] Request (ListImageFiltersTestJSON:tearDownClass): 200 GET http://10.180.1.21/compute/v2.1/servers/7adb750f-15da-4dde-9769-fbf85030c3e3 1.002s
2025-02-17 22:33:11.463 63304 INFO tempest.lib.common.rest_client [req-caf8b496-d040-49ad-a805-57805b1ec993 req-caf8b496-d040-49ad-a805-57805b1ec993 ] Request (ImagesOneServerNegativeTestJSON:_run_cleanups): 200 GET http://10.180.1.21/compute/v2.1/servers/d6a6c979-4668-4bb8-9e40-af48f6fa0afd 1.068s
2025-02-17 22:33:11.495 63296 INFO tempest.lib.common.rest_client [req-849a0867-c265-4c58-9f24-0a888aabf9f6 req-849a0867-c265-4c58-9f24-0a888aabf9f6 ] Request (AttachInterfacesTestJSON:setUpClass): 201 POST http://10.180.1.21:9696/networking/v2.0/subnets 0.329s
2025-02-17 22:33:11.656 63286 INFO tempest.lib.common.rest_client [req-7ed12d7e-9c04-45ba-b6f9-7246006a232b req-7ed12d7e-9c04-45ba-b6f9-7246006a232b ] Request (InstanceActionsTestJSON:tearDownClass): 204 DELETE http://10.180.1.21:9696/networking/v2.0/routers/0d7caecc-c96e-4371-9ab0-60c99ff6af3e 0.563s
2025-02-17 22:33:11.670 63326 INFO tempest.lib.common.rest_client [req-ec2d4024-488e-43c9-b43a-3a5547e2d218 req-ec2d4024-488e-43c9-b43a-3a5547e2d218 ] Request (ServerRescueTestJSONUnderV235:test_rescued_vm_associate_dissociate_floating_ip): 200 POST http://10.180.1.21/compute/v2.1/os-floating-ips 1.442s
2025-02-17 22:33:11.692 63330 INFO tempest.lib.common.rest_client [req-87de6b8f-b6ef-4004-a8b5-bcba06d1aa3d req-87de6b8f-b6ef-4004-a8b5-bcba06d1aa3d ] Request (MigrationsAdminTest:test_resize_server_revert_deleted_flavor): 200 GET http://10.180.1.21/compute/v2.1/servers/a210b97d-117c-418b-81a2-594ec21dde75 1.281s
2025-02-17 22:33:11.746 63282 INFO tempest.lib.common.rest_client [req-de77fd91-de44-42b9-b0d8-1904c53cff06 req-de77fd91-de44-42b9-b0d8-1904c53cff06 ] Request (ImagesNegativeTestJSON:test_create_image_from_deleted_server): 200 GET http://10.180.1.21/compute/v2.1/servers/52ba1be4-89df-419b-a8a1-39d9bab1b462 1.245s
2025-02-17 22:33:11.769 63300 INFO tempest.lib.common.rest_client [req-60f5da39-42ac-434e-b1b8-a0e06b4363b7 req-60f5da39-42ac-434e-b1b8-a0e06b4363b7 ] Request (VolumesAssistedSnapshotsTest:tearDownClass): 200 GET http://10.180.1.21/compute/v2.1/servers/78c077da-de74-46ec-8218-f37b79e188ca 1.183s
2025-02-17 22:33:11.784 63286 INFO tempest.lib.common.rest_client [req-1d65c0ca-0c35-459f-b705-9823905e84fd req-1d65c0ca-0c35-459f-b705-9823905e84fd ] Request (InstanceActionsTestJSON:tearDownClass): 204 DELETE http://10.180.1.21:9696/networking/v2.0/subnets/8b14bef1-d54e-4fd7-8ba5-bfc86d02b095 0.127s
2025-02-17 22:33:11.813 63270 INFO tempest.lib.common.rest_client [req-78dc99f9-e9d2-45c0-a283-2cbaeb833367 req-78dc99f9-e9d2-45c0-a283-2cbaeb833367 ] Request (ServersAdminNegativeTestJSON:tearDownClass): 200 GET http://10.180.1.21/compute/v2.1/servers/59a0c51a-c68d-48ae-a580-48ff3f4b09a6 1.158s
2025-02-17 22:33:11.833 63314 INFO tempest.lib.common.rest_client [req-38487415-6938-40df-be2c-4afe3dee94b3 req-38487415-6938-40df-be2c-4afe3dee94b3 ] Request (ServersTestMultiNic:_run_cleanups): 200 GET http://10.180.1.21/compute/v2.1/servers/bcf452a5-32c1-4181-9650-7d4a5334d8dc 1.090s
2025-02-17 22:33:11.839 63272 INFO tempest.lib.common.rest_client [req-3e251d1c-b41b-42d8-839c-527323b12c11 req-3e251d1c-b41b-42d8-839c-527323b12c11 ] Request (ServerMetadataTestJSON:tearDownClass): 404 GET http://10.180.1.21/compute/v2.1/servers/a7b98e82-7cfa-4d4d-80ca-46f60573d56e 1.014s
2025-02-17 22:33:11.887 63288 INFO tempest.lib.common.rest_client [req-cb6b1314-0cc0-415f-ac51-b78832813b87 req-cb6b1314-0cc0-415f-ac51-b78832813b87 ] Request (ServersWithSpecificFlavorTestJSON:test_verify_created_server_ephemeral_disk): 200 GET http://10.180.1.21/compute/v2.1/servers/3eb2d6b5-bcec-49f9-9bbe-a464f347dfb9 0.997s
2025-02-17 22:33:11.903 63302 INFO tempest.lib.common.rest_client [req-b43b443a-7aa6-4632-9bbd-62db20641d55 req-b43b443a-7aa6-4632-9bbd-62db20641d55 ] Request (AttachVolumeNegativeTest:test_attach_attached_volume_to_different_server): 200 GET http://10.180.1.21/compute/v2.1/servers/4e2c3168-923a-4d87-a5d6-e6d4ed7d521c 1.027s
2025-02-17 22:33:11.927 63312 WARNING tempest.lib.common.ssh [-] Failed to establish authenticated ssh connection to cirros@10.180.180.236 ([Errno None] Unable to connect to port 22 on 10.180.180.236). Number attempts: 11. Retry after 12 seconds.: paramiko.ssh_exception.NoValidConnectionsError: [Errno None] Unable to connect to port 22 on 10.180.180.236
2025-02-17 22:33:12.026 63292 INFO tempest.lib.common.rest_client [req-329b4723-5d12-4b6b-acd1-29c1ba3084c6 req-329b4723-5d12-4b6b-acd1-29c1ba3084c6 ] Request (DeleteServersTestJSON:test_delete_server_while_in_shelved_state): 200 GET http://10.180.1.21/compute/v2.1/servers/383d7013-3574-4b60-9975-af059d4f8a99 0.969s
2025-02-17 22:33:12.033 63292 INFO tempest.common.waiters [-] State transition "ACTIVE/shelving_image_pending_upload" ==> "ACTIVE/shelving_image_uploading" after 5 second wait
2025-02-17 22:33:12.046 63290 INFO tempest.lib.common.rest_client [req-5a8b5b0c-14a7-47eb-92ca-dd1957d89778 req-5a8b5b0c-14a7-47eb-92ca-dd1957d89778 ] Request (ServersV294TestFqdnHostnames:setUpClass): 201 POST http://10.180.1.21/compute/v2.1/os-keypairs 0.904s
2025-02-17 22:33:12.119 63298 INFO tempest.lib.common.rest_client [req-7375d846-505c-460a-a73b-70138b2880a4 req-7375d846-505c-460a-a73b-70138b2880a4 ] Request (ServerTagsTestJSON:tearDownClass): 200 GET http://10.180.1.21/compute/v2.1/servers/57c52d11-f775-4b50-98ba-81fc825362e6 0.974s
2025-02-17 22:33:12.198 63328 INFO tempest.lib.common.rest_client [req-2f138e42-f528-455d-b29b-41d9e94c8f19 req-2f138e42-f528-455d-b29b-41d9e94c8f19 ] Request (ServersTestBootFromVolume:tearDownClass): 200 GET http://10.180.1.21/compute/v2.1/servers/20f27901-885e-4d03-ae59-077275d85b14 0.977s
2025-02-17 22:33:12.212 63286 INFO tempest.lib.common.rest_client [req-cd2888e8-63e7-4bce-a3a9-75742fae48ce req-cd2888e8-63e7-4bce-a3a9-75742fae48ce ] Request (InstanceActionsTestJSON:tearDownClass): 204 DELETE http://10.180.1.21:9696/networking/v2.0/networks/527c5ad8-56a5-4ee8-bae1-02f1cc7d17ff 0.427s
2025-02-17 22:33:12.258 63290 INFO tempest.lib.common.rest_client [req-f1be2b2e-f9aa-4dd7-a6fa-9f89f03add77 req-f1be2b2e-f9aa-4dd7-a6fa-9f89f03add77 ] Request (ServersV294TestFqdnHostnames:setUpClass): 201 POST http://10.180.1.21:9696/networking/v2.0/security-groups 0.210s
2025-02-17 22:33:12.306 63286 INFO tempest.lib.common.rest_client [req-1789f49c-5fa9-4018-b57e-93269bc688c5 req-1789f49c-5fa9-4018-b57e-93269bc688c5 ] Request (InstanceActionsTestJSON:tearDownClass): 204 DELETE http://10.180.1.21/identity/v3/users/651c368ef55642e5a785637ab180af44 0.094s
2025-02-17 22:33:12.306 63286 INFO tempest.lib.common.dynamic_creds [-] Deleting project and security group for project: a317aabf25624d2b84723f14d3cf3c3d
2025-02-17 22:33:12.369 63286 INFO tempest.lib.common.rest_client [req-7b7087a5-be63-474d-89e0-9cc8bcf992a6 req-7b7087a5-be63-474d-89e0-9cc8bcf992a6 ] Request (InstanceActionsTestJSON:tearDownClass): 200 GET http://10.180.1.21:9696/networking/v2.0/security-groups?tenant_id=a317aabf25624d2b84723f14d3cf3c3d&name=default 0.062s
2025-02-17 22:33:12.485 63290 INFO tempest.lib.common.rest_client [req-830bb96f-a2c3-4dbb-a340-b412aa50efa5 req-830bb96f-a2c3-4dbb-a340-b412aa50efa5 ] Request (ServersV294TestFqdnHostnames:setUpClass): 201 POST http://10.180.1.21:9696/networking/v2.0/security-group-rules 0.227s
2025-02-17 22:33:12.627 63296 INFO tempest.lib.common.rest_client [req-e944e3d4-81fc-4c0f-b592-e646bd555276 req-e944e3d4-81fc-4c0f-b592-e646bd555276 ] Request (AttachInterfacesTestJSON:setUpClass): 201 POST http://10.180.1.21:9696/networking/v2.0/routers 1.132s
2025-02-17 22:33:12.641 63286 INFO tempest.lib.common.rest_client [req-ab75667a-e93a-44f4-9419-19c230104fe9 req-ab75667a-e93a-44f4-9419-19c230104fe9 ] Request (InstanceActionsTestJSON:tearDownClass): 204 DELETE http://10.180.1.21:9696/networking/v2.0/security-groups/16e4dd72-ea27-4c4f-9be8-bb0081b9c902 0.271s
2025-02-17 22:33:12.696 63290 INFO tempest.lib.common.rest_client [req-7dd04bb5-3cb2-47db-bec1-2230ba2ffa33 req-7dd04bb5-3cb2-47db-bec1-2230ba2ffa33 ] Request (ServersV294TestFqdnHostnames:setUpClass): 201 POST http://10.180.1.21:9696/networking/v2.0/security-group-rules 0.211s
2025-02-17 22:33:12.731 63308 INFO tempest.lib.common.rest_client [req-44f493f0-ef75-4b38-b73f-71bcdc4ab6bc req-44f493f0-ef75-4b38-b73f-71bcdc4ab6bc ] Request (MultipleCreateTestJSON:test_multiple_create): 202 POST http://10.180.1.21/compute/v2.1/servers 1.556s
2025-02-17 22:33:12.761 63330 INFO tempest.lib.common.rest_client [req-6e0cb88e-e0a3-4215-ab88-93e7591f57e0 req-6e0cb88e-e0a3-4215-ab88-93e7591f57e0 ] Request (MigrationsAdminTest:test_resize_server_revert_deleted_flavor): 202 DELETE http://10.180.1.21/compute/v2.1/flavors/48d086de-f1d4-47b8-b12f-fa19c556f3f1 1.057s
2025-02-17 22:33:12.792 63286 INFO tempest.lib.common.rest_client [req-313a12a5-3cee-4a64-afbc-84e658edc785 req-313a12a5-3cee-4a64-afbc-84e658edc785 ] Request (InstanceActionsTestJSON:tearDownClass): 204 DELETE http://10.180.1.21/identity/v3/projects/a317aabf25624d2b84723f14d3cf3c3d 0.150s
2025-02-17 22:33:12.887 63286 INFO tempest.lib.common.rest_client [req-3c621c7e-fb2e-46fa-b4da-b9ab2e5b5287 req-3c621c7e-fb2e-46fa-b4da-b9ab2e5b5287 ] Request (ServersListShow296Test:setUpClass): 201 POST http://10.180.1.21/identity/v3/auth/tokens 0.094s
2025-02-17 22:33:12.931 63286 INFO tempest.lib.common.rest_client [req-b19fbb9f-472f-4d43-90bf-9e776c0d0878 req-b19fbb9f-472f-4d43-90bf-9e776c0d0878 ] Request (ServersListShow296Test:setUpClass): 201 POST http://10.180.1.21/identity/v3/auth/tokens 0.040s
2025-02-17 22:33:12.965 63286 INFO tempest.lib.common.rest_client [req-137046bf-d1cd-4cff-8b30-9cad3a3332b4 req-137046bf-d1cd-4cff-8b30-9cad3a3332b4 ] Request (ServersListShow296Test:setUpClass): 200 GET http://10.180.1.21/identity/v3/domains?name=Default 0.033s
2025-02-17 22:33:12.999 63286 INFO tempest.lib.common.rest_client [req-c39557dc-929c-4c56-bbbd-82a068ac002b req-c39557dc-929c-4c56-bbbd-82a068ac002b ] Request (ServersListShow296Test:setUpClass): 201 POST http://10.180.1.21/identity/v3/projects 0.033s
2025-02-17 22:33:13.066 63286 INFO tempest.lib.common.rest_client [req-10d11ee2-a4d2-434d-ac25-09094b08e5d6 req-10d11ee2-a4d2-434d-ac25-09094b08e5d6 ] Request (ServersListShow296Test:setUpClass): 201 POST http://10.180.1.21/identity/v3/users 0.066s
2025-02-17 22:33:13.089 63280 INFO tempest.lib.common.rest_client [req-79f47bfa-7e9d-4916-bbe4-e98964e5a94a req-79f47bfa-7e9d-4916-bbe4-e98964e5a94a ] Request (ServersAdminTestJSON:test_inject_network_info): 200 GET http://10.180.1.21/compute/v2.1/servers/b29065f6-554c-47e1-a1b3-c40e03ab66da 1.114s
2025-02-17 22:33:13.096 63286 INFO tempest.lib.common.rest_client [req-4c8fd030-103e-450b-99d1-e1176a053d5f req-4c8fd030-103e-450b-99d1-e1176a053d5f ] Request (ServersListShow296Test:setUpClass): 200 GET http://10.180.1.21/identity/v3/roles 0.029s
2025-02-17 22:33:13.133 63286 INFO tempest.lib.common.rest_client [req-683cb087-f2bb-45fa-bd38-1cfd7761f9c7 req-683cb087-f2bb-45fa-bd38-1cfd7761f9c7 ] Request (ServersListShow296Test:setUpClass): 204 PUT http://10.180.1.21/identity/v3/projects/4eb7410cb4a74dedaf4737fba3c09c16/users/2e00782b3f5d40d98c98e41d961328f8/roles/0eb393c96013484a93382f93f7abb624 0.036s
2025-02-17 22:33:13.133 63286 INFO tempest.lib.common.dynamic_creds [-] Dynamic test user 2e00782b3f5d40d98c98e41d961328f8 is created with scope project and roles: ['member']
2025-02-17 22:33:13.133 63286 INFO tempest.lib.common.dynamic_creds [-] Acquired dynamic creds: credentials: Credentials: {'domain_id': 'default', 'domain_name': 'Default', 'username': 'tempest-ServersListShow296Test-684184185-project-member', 'project_domain_id': 'default', 'project_domain_name': 'Default', 'project_id': '4eb7410cb4a74dedaf4737fba3c09c16', 'project_name': 'tempest-ServersListShow296Test-684184185', 'tenant_id': '4eb7410cb4a74dedaf4737fba3c09c16', 'tenant_name': 'tempest-ServersListShow296Test-684184185', 'user_domain_id': 'default', 'user_domain_name': 'Default', 'user_id': '2e00782b3f5d40d98c98e41d961328f8', 'system': None}, Network: None, Subnet: None, Router: None
2025-02-17 22:33:13.133 63286 INFO tempest.lib.common.dynamic_creds [-] Created isolated network resources for: credentials: Credentials: {'domain_id': 'default', 'domain_name': 'Default', 'username': 'tempest-ServersListShow296Test-684184185-project-member', 'project_domain_id': 'default', 'project_domain_name': 'Default', 'project_id': '4eb7410cb4a74dedaf4737fba3c09c16', 'project_name': 'tempest-ServersListShow296Test-684184185', 'tenant_id': '4eb7410cb4a74dedaf4737fba3c09c16', 'tenant_name': 'tempest-ServersListShow296Test-684184185', 'user_domain_id': 'default', 'user_domain_name': 'Default', 'user_id': '2e00782b3f5d40d98c98e41d961328f8', 'system': None}, Network: None, Subnet: None, Router: None
2025-02-17 22:33:13.156 63320 INFO tempest.lib.common.rest_client [req-05f6145c-84d5-4cb1-b853-dd6cfbcef524 req-05f6145c-84d5-4cb1-b853-dd6cfbcef524 ] Request (ServerShowV247Test:test_update_rebuild_list_server): 200 GET http://10.180.1.21/compute/v2.1/servers/ef7398c4-e98d-4434-92e2-14f6e86fa19c 1.103s
2025-02-17 22:33:13.220 63286 INFO tempest.lib.common.rest_client [req-7c347f9d-441c-4983-a40d-08535e25ced8 req-7c347f9d-441c-4983-a40d-08535e25ced8 ] Request (ServersListShow296Test:setUpClass): 201 POST http://10.180.1.21/identity/v3/auth/tokens 0.083s
2025-02-17 22:33:13.241 63318 INFO tempest.lib.common.rest_client [req-0c53b386-3c2c-4a28-9a0c-28736142ddfa req-0c53b386-3c2c-4a28-9a0c-28736142ddfa ] Request (ListImageFiltersTestJSON:tearDownClass): 200 GET http://10.180.1.21/compute/v2.1/servers/7adb750f-15da-4dde-9769-fbf85030c3e3 0.847s
2025-02-17 22:33:13.265 63286 INFO tempest.lib.common.rest_client [req-2e240699-ef22-4e5c-8e92-b099cf9d6cb3 req-2e240699-ef22-4e5c-8e92-b099cf9d6cb3 ] Request (ServersListShow296Test:test_list_show_server_296): 201 POST http://10.180.1.21/identity/v3/auth/tokens 0.041s
2025-02-17 22:33:13.266 63286 INFO tempest.lib.common.fixed_network [-] (ServersListShow296Test:test_list_show_server_296) Found network None available for tenant
2025-02-17 22:33:13.320 63304 INFO tempest.lib.common.rest_client [req-6fb53018-5f2f-443e-ac27-644e56b0f8da req-6fb53018-5f2f-443e-ac27-644e56b0f8da ] Request (ImagesOneServerNegativeTestJSON:_run_cleanups): 200 GET http://10.180.1.21/compute/v2.1/servers/d6a6c979-4668-4bb8-9e40-af48f6fa0afd 0.840s
2025-02-17 22:33:13.471 63308 INFO tempest.lib.common.rest_client [req-063a530a-d518-401a-be3a-f58f37df454d req-063a530a-d518-401a-be3a-f58f37df454d ] Request (MultipleCreateTestJSON:test_multiple_create): 200 GET http://10.180.1.21/compute/v2.1/servers 0.738s
2025-02-17 22:33:13.493 63272 INFO tempest.lib.common.rest_client [req-eee48b49-4368-45fe-89d1-884623184a31 req-eee48b49-4368-45fe-89d1-884623184a31 ] Request (ServerMetadataTestJSON:tearDownClass): 200 PUT http://10.180.1.21:9696/networking/v2.0/routers/3e2eb47d-65b6-44ff-b22f-29dc75740e2f/remove_router_interface 1.654s
2025-02-17 22:33:13.580 63282 INFO tempest.lib.common.rest_client [req-c861e734-0184-497e-9977-1b5365d15f79 req-c861e734-0184-497e-9977-1b5365d15f79 ] Request (ImagesNegativeTestJSON:test_create_image_from_deleted_server): 200 GET http://10.180.1.21/compute/v2.1/servers/52ba1be4-89df-419b-a8a1-39d9bab1b462 0.824s
2025-02-17 22:33:13.620 63330 INFO tempest.lib.common.rest_client [req-c7c29a46-c008-43ba-8ead-6675a37a2b1f req-c7c29a46-c008-43ba-8ead-6675a37a2b1f ] Request (MigrationsAdminTest:test_resize_server_revert_deleted_flavor): 200 GET http://10.180.1.21/compute/v2.1/flavors/detail 0.856s
2025-02-17 22:33:13.725 63300 INFO tempest.lib.common.rest_client [req-833e2b89-578c-483d-9b49-b0a870f71c5b req-833e2b89-578c-483d-9b49-b0a870f71c5b ] Request (VolumesAssistedSnapshotsTest:tearDownClass): 200 GET http://10.180.1.21/compute/v2.1/servers/78c077da-de74-46ec-8218-f37b79e188ca 0.945s
2025-02-17 22:33:13.820 63270 INFO tempest.lib.common.rest_client [req-3298779f-46a8-4a8c-98be-d28c2a18fcc7 req-3298779f-46a8-4a8c-98be-d28c2a18fcc7 ] Request (ServersAdminNegativeTestJSON:tearDownClass): 200 GET http://10.180.1.21/compute/v2.1/servers/59a0c51a-c68d-48ae-a580-48ff3f4b09a6 0.995s
2025-02-17 22:33:13.928 63314 INFO tempest.lib.common.rest_client [req-19edfdbc-9989-46dd-8c66-bed4c77957a8 req-19edfdbc-9989-46dd-8c66-bed4c77957a8 ] Request (ServersTestMultiNic:_run_cleanups): 200 GET http://10.180.1.21/compute/v2.1/servers/bcf452a5-32c1-4181-9650-7d4a5334d8dc 1.083s
2025-02-17 22:33:13.967 63290 INFO tempest.lib.common.rest_client [req-e4873bdd-4496-40c4-85ff-a53c03d64c0b req-e4873bdd-4496-40c4-85ff-a53c03d64c0b ] Request (ServersV294TestFqdnHostnames:setUpClass): 201 POST http://10.180.1.21:9696/networking/v2.0/floatingips 1.270s
2025-02-17 22:33:14.000 63288 INFO tempest.lib.common.rest_client [req-ae55ef6b-aad1-433a-976e-3dc9cb1906bc req-ae55ef6b-aad1-433a-976e-3dc9cb1906bc ] Request (ServersWithSpecificFlavorTestJSON:test_verify_created_server_ephemeral_disk): 200 GET http://10.180.1.21/compute/v2.1/servers/3eb2d6b5-bcec-49f9-9bbe-a464f347dfb9 1.103s
2025-02-17 22:33:14.073 63302 INFO tempest.lib.common.rest_client [req-5c799d0b-8eb6-45cf-a21b-8965f46175bb req-5c799d0b-8eb6-45cf-a21b-8965f46175bb ] Request (AttachVolumeNegativeTest:test_attach_attached_volume_to_different_server): 200 GET http://10.180.1.21/compute/v2.1/servers/4e2c3168-923a-4d87-a5d6-e6d4ed7d521c 1.155s
2025-02-17 22:33:14.083 63302 INFO tempest.common.waiters [-] State transition "BUILD/scheduling" ==> "BUILD/None" after 3 second wait
2025-02-17 22:33:14.085 63290 INFO tempest.lib.common.rest_client [req-8d7b6104-19d7-4a80-ab74-7a8c57fbd05a req-8d7b6104-19d7-4a80-ab74-7a8c57fbd05a ] Request (ServersV294TestFqdnHostnames:setUpClass): 201 POST http://10.180.1.21/identity/v3/auth/tokens 0.112s
2025-02-17 22:33:14.086 63290 INFO tempest.lib.common.fixed_network [-] (ServersV294TestFqdnHostnames:setUpClass) Found network {'id': '46edbcab-0b59-4fcd-bdd3-d2fba82fa032', 'name': 'tempest-ServersV294TestFqdnHostnames-81551222-network', 'tenant_id': '41d1a22c81b4415d99deec68c7f68d09', 'admin_state_up': True, 'mtu': 8950, 'status': 'ACTIVE', 'subnets': [], 'shared': False, 'project_id': '41d1a22c81b4415d99deec68c7f68d09', 'port_security_enabled': True, 'router:external': False, 'provider:network_type': 'vlan', 'provider:physical_network': 'default', 'provider:segmentation_id': 898, 'availability_zone_hints': [], 'availability_zones': [], 'ipv4_address_scope': None, 'ipv6_address_scope': None, 'description': '', 'tags': [], 'created_at': '2025-02-17T22:33:06Z', 'updated_at': '2025-02-17T22:33:06Z', 'revision_number': 1} available for tenant
2025-02-17 22:33:14.116 63326 INFO tempest.lib.common.rest_client [req-4d1c6f25-1813-4c06-a247-2386bcd2e61f req-4d1c6f25-1813-4c06-a247-2386bcd2e61f ] Request (ServerRescueTestJSONUnderV235:test_rescued_vm_associate_dissociate_floating_ip): 202 POST http://10.180.1.21/compute/v2.1/servers/64d2fdcf-1210-4994-b86c-74bac8aaffb3/action 2.443s
2025-02-17 22:33:14.174 63272 INFO tempest.lib.common.rest_client [req-a8974c9e-0a57-45ba-b67a-cb7bab64e099 req-a8974c9e-0a57-45ba-b67a-cb7bab64e099 ] Request (ServerMetadataTestJSON:tearDownClass): 204 DELETE http://10.180.1.21:9696/networking/v2.0/routers/3e2eb47d-65b6-44ff-b22f-29dc75740e2f 0.680s
2025-02-17 22:33:14.197 63298 INFO tempest.lib.common.rest_client [req-3c2fa32b-b3b8-4df8-994c-cbc7dabefcc8 req-3c2fa32b-b3b8-4df8-994c-cbc7dabefcc8 ] Request (ServerTagsTestJSON:tearDownClass): 200 GET http://10.180.1.21/compute/v2.1/servers/57c52d11-f775-4b50-98ba-81fc825362e6 1.059s
2025-02-17 22:33:14.257 63292 INFO tempest.lib.common.rest_client [req-76d46ab4-5d34-49b8-8013-42d15f1a2563 req-76d46ab4-5d34-49b8-8013-42d15f1a2563 ] Request (DeleteServersTestJSON:test_delete_server_while_in_shelved_state): 200 GET http://10.180.1.21/compute/v2.1/servers/383d7013-3574-4b60-9975-af059d4f8a99 1.222s
2025-02-17 22:33:14.284 63328 INFO tempest.lib.common.rest_client [req-babdf563-5d6f-4d7c-963e-81731db2aab2 req-babdf563-5d6f-4d7c-963e-81731db2aab2 ] Request (ServersTestBootFromVolume:tearDownClass): 200 GET http://10.180.1.21/compute/v2.1/servers/20f27901-885e-4d03-ae59-077275d85b14 1.074s
2025-02-17 22:33:14.330 63272 INFO tempest.lib.common.rest_client [req-f9ddefe8-9d75-4d0e-9d98-fa26e367ced1 req-f9ddefe8-9d75-4d0e-9d98-fa26e367ced1 ] Request (ServerMetadataTestJSON:tearDownClass): 204 DELETE http://10.180.1.21:9696/networking/v2.0/subnets/f80f92df-2af7-4cba-8a74-b9b99d655a06 0.156s
2025-02-17 22:33:14.353 63308 INFO tempest.lib.common.rest_client [req-fab70b8f-f111-496c-bad3-0b5798fcd7ac req-fab70b8f-f111-496c-bad3-0b5798fcd7ac ] Request (MultipleCreateTestJSON:test_multiple_create): 200 GET http://10.180.1.21/compute/v2.1/servers/1641ac46-fa21-4f35-9975-3a96a9ffa11c 0.880s
2025-02-17 22:33:14.500 63286 INFO tempest.lib.common.rest_client [req-aa42c224-e06b-4989-8501-2d0bae7b5741 req-aa42c224-e06b-4989-8501-2d0bae7b5741 ] Request (ServersListShow296Test:test_list_show_server_296): 202 POST http://10.180.1.21/compute/v2.1/servers 1.234s
2025-02-17 22:33:14.642 63330 INFO tempest.lib.common.rest_client [req-fa9b225d-8e6a-448e-896e-31d855222a9e req-fa9b225d-8e6a-448e-896e-31d855222a9e ] Request (MigrationsAdminTest:test_resize_server_revert_deleted_flavor): 202 POST http://10.180.1.21/compute/v2.1/servers/a210b97d-117c-418b-81a2-594ec21dde75/action 1.012s
2025-02-17 22:33:14.659 63296 INFO tempest.lib.common.rest_client [req-5c3af54e-7b1b-4d75-a2fe-fbc7380680f5 req-5c3af54e-7b1b-4d75-a2fe-fbc7380680f5 ] Request (AttachInterfacesTestJSON:setUpClass): 200 PUT http://10.180.1.21:9696/networking/v2.0/routers/fba8af2f-bc37-4966-9e9b-0c762faa05da/add_router_interface 2.032s
2025-02-17 22:33:14.660 63296 INFO tempest.lib.common.dynamic_creds [-] Created isolated network resources for: credentials: Credentials: {'domain_id': 'default', 'domain_name': 'Default', 'username': 'tempest-AttachInterfacesTestJSON-1847137231-project-member', 'project_domain_id': 'default', 'project_domain_name': 'Default', 'project_id': 'c63415eabc2540309dd82fe654116228', 'project_name': 'tempest-AttachInterfacesTestJSON-1847137231', 'tenant_id': 'c63415eabc2540309dd82fe654116228', 'tenant_name': 'tempest-AttachInterfacesTestJSON-1847137231', 'user_domain_id': 'default', 'user_domain_name': 'Default', 'user_id': '278dfbe70e5b4ca9895a28045a42f4a9', 'system': None}, Network: {'id': 'c51a90ce-1eb2-4427-a233-630ded5d9052', 'name': 'tempest-AttachInterfacesTestJSON-1841997923-network', 'tenant_id': 'c63415eabc2540309dd82fe654116228', 'admin_state_up': True, 'mtu': 8950, 'status': 'ACTIVE', 'subnets': [], 'shared': False, 'project_id': 'c63415eabc2540309dd82fe654116228', 'port_security_enabled': True, 'router:external': False, 'provider:network_type': 'vlan', 'provider:physical_network': 'default', 'provider:segmentation_id': 299, 'availability_zone_hints': [], 'availability_zones': [], 'ipv4_address_scope': None, 'ipv6_address_scope': None, 'description': '', 'tags': [], 'created_at': '2025-02-17T22:33:10Z', 'updated_at': '2025-02-17T22:33:11Z', 'revision_number': 1}, Subnet: {'id': '07c0a950-a176-4875-a2e6-065ad02e0323', 'name': 'tempest-AttachInterfacesTestJSON-1841997923-subnet', 'tenant_id': 'c63415eabc2540309dd82fe654116228', 'network_id': 'c51a90ce-1eb2-4427-a233-630ded5d9052', 'ip_version': 4, 'subnetpool_id': None, 'enable_dhcp': True, 'ipv6_ra_mode': None, 'ipv6_address_mode': None, 'gateway_ip': '192.168.128.1', 'cidr': '192.168.128.0/28', 'allocation_pools': [{'start': '192.168.128.2', 'end': '192.168.128.14'}], 'host_routes': [], 'dns_nameservers': [], 'description': '', 'router:external': False, 'service_types': [], 'tags': [], 'created_at': '2025-02-17T22:33:11Z', 'updated_at': '2025-02-17T22:33:11Z', 'revision_number': 0, 'project_id': 'c63415eabc2540309dd82fe654116228'}, Router: {'id': 'fba8af2f-bc37-4966-9e9b-0c762faa05da', 'name': 'tempest-AttachInterfacesTestJSON-1841997923-router', 'tenant_id': 'c63415eabc2540309dd82fe654116228', 'admin_state_up': True, 'status': 'ACTIVE', 'external_gateway_info': {'network_id': '0c9f19b5-ce3c-47a1-bef0-03f9015bef20', 'external_fixed_ips': [{'subnet_id': '0412796f-9643-4910-ac20-a56825af3ad1', 'ip_address': '10.180.180.160'}], 'enable_snat': True}, 'description': '', 'availability_zones': [], 'distributed': False, 'ha': False, 'availability_zone_hints': [], 'routes': [], 'flavor_id': None, 'tags': [], 'created_at': '2025-02-17T22:33:11Z', 'updated_at': '2025-02-17T22:33:12Z', 'revision_number': 2, 'project_id': 'c63415eabc2540309dd82fe654116228'}
2025-02-17 22:33:14.730 63280 INFO tempest.lib.common.rest_client [req-a27deeb9-1add-4ab5-934c-3c82b597ff73 req-a27deeb9-1add-4ab5-934c-3c82b597ff73 ] Request (ServersAdminTestJSON:test_inject_network_info): 200 GET http://10.180.1.21/compute/v2.1/servers/b29065f6-554c-47e1-a1b3-c40e03ab66da 0.630s
2025-02-17 22:33:14.799 63272 INFO tempest.lib.common.rest_client [req-dad31a20-154c-4805-bc75-ef34cf45398b req-dad31a20-154c-4805-bc75-ef34cf45398b ] Request (ServerMetadataTestJSON:tearDownClass): 204 DELETE http://10.180.1.21:9696/networking/v2.0/networks/33c95abe-816a-467a-afc6-b8879beb1897 0.468s
2025-02-17 22:33:14.812 63296 INFO tempest.lib.common.rest_client [req-bbe970c3-87be-47c6-b5f1-eaced45bcdf9 req-bbe970c3-87be-47c6-b5f1-eaced45bcdf9 ] Request (AttachInterfacesTestJSON:setUpClass): 201 POST http://10.180.1.21/identity/v3/auth/tokens 0.145s
2025-02-17 22:33:14.976 63272 INFO tempest.lib.common.rest_client [req-fdc71916-eb18-481f-b448-78f528919b13 req-fdc71916-eb18-481f-b448-78f528919b13 ] Request (ServerMetadataTestJSON:tearDownClass): 204 DELETE http://10.180.1.21/identity/v3/users/35a03fe383b5499487129059e1928235 0.176s
2025-02-17 22:33:14.976 63272 INFO tempest.lib.common.dynamic_creds [-] Deleting project and security group for project: bbc8508b2eec43c7bb8e7257b2f4ec29
2025-02-17 22:33:15.040 63272 INFO tempest.lib.common.rest_client [req-a95d3414-01fd-4715-a18e-64ad3dfa36e4 req-a95d3414-01fd-4715-a18e-64ad3dfa36e4 ] Request (ServerMetadataTestJSON:tearDownClass): 200 GET http://10.180.1.21:9696/networking/v2.0/security-groups?tenant_id=bbc8508b2eec43c7bb8e7257b2f4ec29&name=default 0.063s
2025-02-17 22:33:15.064 63290 INFO tempest.lib.common.rest_client [req-ff540f59-b647-46c2-8b3e-562950187aa9 req-ff540f59-b647-46c2-8b3e-562950187aa9 ] Request (ServersV294TestFqdnHostnames:setUpClass): 202 POST http://10.180.1.21/compute/v2.1/servers 0.976s
2025-02-17 22:33:15.134 63320 INFO tempest.lib.common.rest_client [req-fc331f9d-da68-49dc-9605-843c30581be5 req-fc331f9d-da68-49dc-9605-843c30581be5 ] Request (ServerShowV247Test:test_update_rebuild_list_server): 200 GET http://10.180.1.21/compute/v2.1/servers/ef7398c4-e98d-4434-92e2-14f6e86fa19c 0.970s
2025-02-17 22:33:15.148 63320 INFO tempest.common.waiters [-] State transition "BUILD/spawning" ==> "ACTIVE/None" after 41 second wait
2025-02-17 22:33:15.246 63318 INFO tempest.lib.common.rest_client [req-21f91ed2-695a-48e6-9ed3-4959c269351c req-21f91ed2-695a-48e6-9ed3-4959c269351c ] Request (ListImageFiltersTestJSON:tearDownClass): 200 GET http://10.180.1.21/compute/v2.1/servers/7adb750f-15da-4dde-9769-fbf85030c3e3 0.994s
2025-02-17 22:33:15.256 63272 INFO tempest.lib.common.rest_client [req-ed03f067-0aac-4c78-a108-530a765cb6cc req-ed03f067-0aac-4c78-a108-530a765cb6cc ] Request (ServerMetadataTestJSON:tearDownClass): 204 DELETE http://10.180.1.21:9696/networking/v2.0/security-groups/54cdadcd-4323-432f-8d50-5f2d6e4d747c 0.216s
2025-02-17 22:33:15.316 63304 INFO tempest.lib.common.rest_client [req-f539142a-0082-43a4-a8c7-fd78d62b450f req-f539142a-0082-43a4-a8c7-fd78d62b450f ] Request (ImagesOneServerNegativeTestJSON:_run_cleanups): 200 GET http://10.180.1.21/compute/v2.1/servers/d6a6c979-4668-4bb8-9e40-af48f6fa0afd 0.980s
2025-02-17 22:33:15.397 63272 INFO tempest.lib.common.rest_client [req-1a5ac761-c9fc-4424-baf1-ca6c58975e29 req-1a5ac761-c9fc-4424-baf1-ca6c58975e29 ] Request (ServerMetadataTestJSON:tearDownClass): 204 DELETE http://10.180.1.21/identity/v3/projects/bbc8508b2eec43c7bb8e7257b2f4ec29 0.139s
2025-02-17 22:33:15.398 63272 INFO tempest.test [-] raised in AttachVolumeMultiAttachTest.setUpClass. Invoking tearDownClass.
2025-02-17 22:33:15.499 63286 INFO tempest.lib.common.rest_client [req-b45f865f-5a64-464e-8cf5-1808d5f46bdf req-b45f865f-5a64-464e-8cf5-1808d5f46bdf ] Request (ServersListShow296Test:test_list_show_server_296): 200 GET http://10.180.1.21/compute/v2.1/servers/detail 0.993s
2025-02-17 22:33:15.641 63282 INFO tempest.lib.common.rest_client [req-ea0aee22-d7df-4c70-9172-9a78830fb3d1 req-ea0aee22-d7df-4c70-9172-9a78830fb3d1 ] Request (ImagesNegativeTestJSON:test_create_image_from_deleted_server): 200 GET http://10.180.1.21/compute/v2.1/servers/52ba1be4-89df-419b-a8a1-39d9bab1b462 1.044s
2025-02-17 22:33:15.757 63330 INFO tempest.lib.common.rest_client [req-8ac60eca-6b6c-4a4f-9517-b1d130cd1031 req-8ac60eca-6b6c-4a4f-9517-b1d130cd1031 ] Request (MigrationsAdminTest:test_resize_server_revert_deleted_flavor): 200 GET http://10.180.1.21/compute/v2.1/servers/a210b97d-117c-418b-81a2-594ec21dde75 1.114s
2025-02-17 22:33:15.836 63300 INFO tempest.lib.common.rest_client [req-1e357db8-31d5-4760-8a88-bf18b171f3c5 req-1e357db8-31d5-4760-8a88-bf18b171f3c5 ] Request (VolumesAssistedSnapshotsTest:tearDownClass): 200 GET http://10.180.1.21/compute/v2.1/servers/78c077da-de74-46ec-8218-f37b79e188ca 1.099s
2025-02-17 22:33:15.954 63296 INFO tempest.lib.common.rest_client [req-8464316f-f975-4078-a9f8-ddfa901c3819 req-8464316f-f975-4078-a9f8-ddfa901c3819 ] Request (ValidationResourcesFixture:setUp): 200 POST http://10.180.1.21/compute/v2.1/os-keypairs 1.139s
2025-02-17 22:33:16.052 63270 INFO tempest.lib.common.rest_client [req-75fd8a8f-647e-4888-bf2f-5526e7465ad7 req-75fd8a8f-647e-4888-bf2f-5526e7465ad7 ] Request (ServersAdminNegativeTestJSON:tearDownClass): 200 GET http://10.180.1.21/compute/v2.1/servers/59a0c51a-c68d-48ae-a580-48ff3f4b09a6 1.223s
2025-02-17 22:33:16.061 63326 INFO tempest.lib.common.rest_client [req-fccd5171-e4d7-4c04-8069-87b07e7a0590 req-fccd5171-e4d7-4c04-8069-87b07e7a0590 ] Request (ServerRescueTestJSONUnderV235:test_rescued_vm_associate_dissociate_floating_ip): 202 POST http://10.180.1.21/compute/v2.1/servers/64d2fdcf-1210-4994-b86c-74bac8aaffb3/action 1.945s
2025-02-17 22:33:16.106 63296 INFO tempest.lib.common.rest_client [req-fe5092a3-c146-4cb1-972b-836fb19e0f6f req-fe5092a3-c146-4cb1-972b-836fb19e0f6f ] Request (ValidationResourcesFixture:setUp): 201 POST http://10.180.1.21:9696/networking/v2.0/security-groups 0.151s
2025-02-17 22:33:16.126 63314 INFO tempest.lib.common.rest_client [req-a36d286b-5ba2-478e-a98f-7b6914b032db req-a36d286b-5ba2-478e-a98f-7b6914b032db ] Request (ServersTestMultiNic:_run_cleanups): 200 GET http://10.180.1.21/compute/v2.1/servers/bcf452a5-32c1-4181-9650-7d4a5334d8dc 1.186s
2025-02-17 22:33:16.203 63290 INFO tempest.lib.common.rest_client [req-fdfd3378-b7f8-4546-935d-208aa44bc068 req-fdfd3378-b7f8-4546-935d-208aa44bc068 ] Request (ServersV294TestFqdnHostnames:setUpClass): 200 GET http://10.180.1.21/compute/v2.1/servers/2bdc6d5a-4b65-44bb-8281-1067a1045d6a 1.136s
2025-02-17 22:33:16.268 63302 INFO tempest.lib.common.rest_client [req-a3932ae5-8e30-4818-939d-355a3940b935 req-a3932ae5-8e30-4818-939d-355a3940b935 ] Request (AttachVolumeNegativeTest:test_attach_attached_volume_to_different_server): 200 GET http://10.180.1.21/compute/v2.1/servers/4e2c3168-923a-4d87-a5d6-e6d4ed7d521c 1.184s
2025-02-17 22:33:16.305 63296 INFO tempest.lib.common.rest_client [req-18b96bcb-61a5-4fa4-9ab1-e789df622130 req-18b96bcb-61a5-4fa4-9ab1-e789df622130 ] Request (ValidationResourcesFixture:setUp): 201 POST http://10.180.1.21:9696/networking/v2.0/security-group-rules 0.199s
2025-02-17 22:33:16.307 63288 INFO tempest.lib.common.rest_client [req-c80ab524-d5ae-4259-8035-a844accd095e req-c80ab524-d5ae-4259-8035-a844accd095e ] Request (ServersWithSpecificFlavorTestJSON:test_verify_created_server_ephemeral_disk): 200 GET http://10.180.1.21/compute/v2.1/servers/3eb2d6b5-bcec-49f9-9bbe-a464f347dfb9 1.297s
2025-02-17 22:33:16.315 63288 INFO tempest.common.waiters [-] State transition "BUILD/None" ==> "BUILD/networking" after 32 second wait
2025-02-17 22:33:16.384 63298 INFO tempest.lib.common.rest_client [req-9fb0e346-f1ef-4053-8864-73e627257bef req-9fb0e346-f1ef-4053-8864-73e627257bef ] Request (ServerTagsTestJSON:tearDownClass): 200 GET http://10.180.1.21/compute/v2.1/servers/57c52d11-f775-4b50-98ba-81fc825362e6 1.165s
2025-02-17 22:33:16.457 63296 INFO tempest.lib.common.rest_client [req-45c03865-56c0-4c6d-bcf0-e2f68aa6472b req-45c03865-56c0-4c6d-bcf0-e2f68aa6472b ] Request (ValidationResourcesFixture:setUp): 201 POST http://10.180.1.21:9696/networking/v2.0/security-group-rules 0.151s
