2025-02-17 22:32:18.873 63302 INFO tempest.lib.common.rest_client [req-c2e98682-a2f6-4e20-9cb6-1528dbb08c01 req-c2e98682-a2f6-4e20-9cb6-1528dbb08c01 ] Request (ServersNegativeTestMultiTenantJSON:setUpClass): 200 GET http://10.180.1.21/compute/v2.1/servers/5157c346-c7da-488e-b7fd-1dccac3bf61b 0.123s
2025-02-17 22:32:18.874 63310 INFO tempest.lib.common.rest_client [req-af78fe7b-6947-43e2-b170-85e8eb899119 req-af78fe7b-6947-43e2-b170-85e8eb899119 ] Request (ImagesOneServerTestJSON:tearDownClass): 200 GET http://10.180.1.21/compute/v2.1/servers/9ef50827-25d4-4bc6-8438-76c9cba8df0c 0.062s
2025-02-17 22:32:18.920 63298 INFO tempest.lib.common.rest_client [req-04297aa5-1f01-4796-add7-e77d30bf81a0 req-04297aa5-1f01-4796-add7-e77d30bf81a0 ] Request (ServerTagsTestJSON:setUpClass): 200 GET http://10.180.1.21/compute/v2.1/servers/57c52d11-f775-4b50-98ba-81fc825362e6 0.071s
2025-02-17 22:32:18.981 63320 INFO tempest.lib.common.rest_client [req-66fbe43d-7a73-459c-af86-82430f75860b req-66fbe43d-7a73-459c-af86-82430f75860b ] Request (ServerGroupTestJSON:_run_cleanups): 200 GET http://10.180.1.21/compute/v2.1/servers/cdeedf76-8fe2-45cc-a91e-da4cac486811 0.056s
2025-02-17 22:32:19.022 63280 INFO tempest.lib.common.rest_client [req-a26a76bb-1144-484c-a4d8-6e71f8af0ae3 req-a26a76bb-1144-484c-a4d8-6e71f8af0ae3 ] Request (ServersAdminTestJSON:test_create_server_with_scheduling_hint): 200 GET http://10.180.1.21/compute/v2.1/servers/e6365eeb-3739-4eae-8a8f-27fc4e726d9f 0.055s
2025-02-17 22:32:19.047 63318 INFO tempest.lib.common.rest_client [req-8d37b18f-fffa-42fe-9e95-f9a790284a7c req-8d37b18f-fffa-42fe-9e95-f9a790284a7c ] Request (ListImageFiltersTestJSON:setUpClass): 200 GET http://10.180.1.21/compute/v2.1/images/f42e0e03-9d69-464f-8ef9-cd0ba05824b1 0.033s
2025-02-17 22:32:19.074 63308 INFO tempest.lib.common.rest_client [req-4c7fd601-2d4b-4967-8dd1-c63ba07bcbe7 req-4c7fd601-2d4b-4967-8dd1-c63ba07bcbe7 ] Request (TenantUsagesTestJSON:setUpClass): 200 GET http://10.180.1.21/compute/v2.1/servers/2e85cb3d-2f19-4c85-acd2-e1771a0df42c 0.058s
2025-02-17 22:32:19.152 63304 INFO tempest.lib.common.rest_client [req-69cbacf8-e010-4092-96dd-6c094b4c34d0 req-69cbacf8-e010-4092-96dd-6c094b4c34d0 ] Request (ImagesOneServerNegativeTestJSON:_run_cleanups): 200 GET http://10.180.1.21/compute/v2.1/servers/d6a6c979-4668-4bb8-9e40-af48f6fa0afd 0.052s
2025-02-17 22:32:19.179 63330 INFO tempest.lib.common.rest_client [req-1721dc7c-8c37-47d1-9fdb-fabb37a4b4ba req-1721dc7c-8c37-47d1-9fdb-fabb37a4b4ba ] Request (MigrationsAdminTest:test_resize_server_revert_deleted_flavor): 200 GET http://10.180.1.21/compute/v2.1/servers/a210b97d-117c-418b-81a2-594ec21dde75 0.048s
2025-02-17 22:32:19.251 63278 INFO tempest.lib.common.rest_client [req-692c7463-297b-4a5d-ad8e-bae2e8af7020 req-692c7463-297b-4a5d-ad8e-bae2e8af7020 ] Request (InstanceActionsV221TestJSON:test_get_list_deleted_instance_actions): 200 GET http://10.180.1.21/compute/v2.1/servers/cb2bda24-46b6-4c9e-8f05-213c5ce6483b 0.057s
2025-02-17 22:32:19.417 63296 INFO tempest.lib.common.rest_client [req-2e4f8391-2585-4e75-b481-4ee8e18f8878 req-2e4f8391-2585-4e75-b481-4ee8e18f8878 ] Request (FloatingIPsAssociationTestJSON:tearDownClass): 200 GET http://10.180.1.21/compute/v2.1/servers/dedc2fd9-de34-42c9-a178-5fd21ace681c 0.080s
2025-02-17 22:32:19.457 63314 INFO tempest.lib.common.rest_client [req-7980fc8c-e717-4e37-a4c2-9fc2e44b497e req-7980fc8c-e717-4e37-a4c2-9fc2e44b497e ] Request (ServersTestMultiNic:test_verify_multiple_nics_order): 200 GET http://10.180.1.21/compute/v2.1/servers/bcf452a5-32c1-4181-9650-7d4a5334d8dc 0.063s
2025-02-17 22:32:19.511 63282 INFO tempest.lib.common.rest_client [req-ab984733-3cfe-43a5-a188-968bef3ec538 req-ab984733-3cfe-43a5-a188-968bef3ec538 ] Request (ImagesNegativeTestJSON:test_create_image_from_deleted_server): 200 GET http://10.180.1.21/compute/v2.1/servers/52ba1be4-89df-419b-a8a1-39d9bab1b462 0.062s
2025-02-17 22:32:19.569 63270 INFO tempest.lib.common.rest_client [req-d399164b-d3ce-4e1f-90b0-4cbff2ea044e req-d399164b-d3ce-4e1f-90b0-4cbff2ea044e ] Request (ServersAdminNegativeTestJSON:test_migrate_server_invalid_state): 200 GET http://10.180.1.21/compute/v2.1/servers/d06126ca-dc5c-4862-93a0-19071afb4cf6 0.092s
2025-02-17 22:32:19.577 63270 INFO tempest.common.waiters [-] State transition "BUILD/spawning" ==> "ACTIVE/None" after 68 second wait
2025-02-17 22:32:19.608 63306 INFO tempest.lib.common.rest_client [req-0e19cf4d-0efa-46fc-9faf-527a25d420ca req-0e19cf4d-0efa-46fc-9faf-527a25d420ca ] Request (ServerExternalEventsTest:tearDownClass): 200 GET http://10.180.1.21/compute/v2.1/servers/9d9242e0-a1a0-4831-ba31-ef88aeee0577 0.066s
2025-02-17 22:32:19.690 63286 INFO tempest.lib.common.rest_client [req-4452fbf9-7002-4170-9d80-0366d9df3104 req-4452fbf9-7002-4170-9d80-0366d9df3104 ] Request (InstanceActionsTestJSON:setUpClass): 200 GET http://10.180.1.21/compute/v2.1/servers/3e0d91e8-d0e5-48e8-9d76-e540c127d3c4 0.113s
2025-02-17 22:32:19.695 63270 INFO tempest.lib.common.rest_client [req-7afeb8c5-d3ce-4f07-b7bd-3d8272fa0ec7 req-7afeb8c5-d3ce-4f07-b7bd-3d8272fa0ec7 ] Request (ServersAdminNegativeTestJSON:test_migrate_server_invalid_state): 202 POST http://10.180.1.21/compute/v2.1/servers/d06126ca-dc5c-4862-93a0-19071afb4cf6/action 0.118s
2025-02-17 22:32:19.697 63286 INFO tempest.common.waiters [-] State transition "BUILD/block_device_mapping" ==> "BUILD/spawning" after 54 second wait
2025-02-17 22:32:19.744 63290 INFO tempest.lib.common.rest_client [req-abccf0b6-8c25-4029-89a3-bbb548837b89 req-abccf0b6-8c25-4029-89a3-bbb548837b89 ] Request (DeleteServersAdminTestJSON:test_delete_server_while_in_error_state): 200 GET http://10.180.1.21/compute/v2.1/servers/c7dbf8a7-f220-47be-a479-a1994a7d2664 0.136s
2025-02-17 22:32:19.744 63272 INFO tempest.lib.common.rest_client [req-8dc310dd-f3d4-411b-a075-159d58f2db7d req-8dc310dd-f3d4-411b-a075-159d58f2db7d ] Request (ServerMetadataTestJSON:setUpClass): 200 GET http://10.180.1.21/compute/v2.1/servers/a7b98e82-7cfa-4d4d-80ca-46f60573d56e 0.107s
2025-02-17 22:32:19.792 63292 INFO tempest.lib.common.rest_client [req-52305161-9332-4467-a4c1-cf8d60c391ba req-52305161-9332-4467-a4c1-cf8d60c391ba ] Request (DeleteServersTestJSON:test_delete_server_while_in_shelved_state): 200 GET http://10.180.1.21/compute/v2.1/servers/383d7013-3574-4b60-9975-af059d4f8a99 0.090s
2025-02-17 22:32:19.841 63326 INFO tempest.lib.common.rest_client [req-88aac459-80c5-4df7-9c0c-489e8777a131 req-88aac459-80c5-4df7-9c0c-489e8777a131 ] Request (ServerRescueTestJSONUnderV235:setUpClass): 200 GET http://10.180.1.21/compute/v2.1/servers/64d2fdcf-1210-4994-b86c-74bac8aaffb3 0.086s
2025-02-17 22:32:19.930 63270 INFO tempest.lib.common.rest_client [req-14e10d27-ff19-416d-a701-cd50160eab16 req-14e10d27-ff19-416d-a701-cd50160eab16 ] Request (ServersAdminNegativeTestJSON:test_migrate_server_invalid_state): 200 GET http://10.180.1.21/compute/v2.1/servers/d06126ca-dc5c-4862-93a0-19071afb4cf6 0.234s
2025-02-17 22:32:19.974 63302 INFO tempest.lib.common.rest_client [req-305dade0-b013-430a-a292-93f4e5021953 req-305dade0-b013-430a-a292-93f4e5021953 ] Request (ServersNegativeTestMultiTenantJSON:setUpClass): 200 GET http://10.180.1.21/compute/v2.1/servers/5157c346-c7da-488e-b7fd-1dccac3bf61b 0.093s
2025-02-17 22:32:19.988 63310 INFO tempest.lib.common.rest_client [req-86b31c75-9340-49c5-8615-882a50164029 req-86b31c75-9340-49c5-8615-882a50164029 ] Request (ImagesOneServerTestJSON:tearDownClass): 200 GET http://10.180.1.21/compute/v2.1/servers/9ef50827-25d4-4bc6-8438-76c9cba8df0c 0.104s
2025-02-17 22:32:20.025 63298 INFO tempest.lib.common.rest_client [req-8481c0d9-3bd3-4041-b227-a251803b1096 req-8481c0d9-3bd3-4041-b227-a251803b1096 ] Request (ServerTagsTestJSON:setUpClass): 200 GET http://10.180.1.21/compute/v2.1/servers/57c52d11-f775-4b50-98ba-81fc825362e6 0.095s
2025-02-17 22:32:20.062 63320 INFO tempest.lib.common.rest_client [req-8d1798ff-728c-4db2-9785-a65fd64e39bb req-8d1798ff-728c-4db2-9785-a65fd64e39bb ] Request (ServerGroupTestJSON:_run_cleanups): 200 GET http://10.180.1.21/compute/v2.1/servers/cdeedf76-8fe2-45cc-a91e-da4cac486811 0.073s
2025-02-17 22:32:20.078 63280 INFO tempest.lib.common.rest_client [req-3e1de18c-10da-432c-99b8-72370e150f8c req-3e1de18c-10da-432c-99b8-72370e150f8c ] Request (ServersAdminTestJSON:test_create_server_with_scheduling_hint): 200 GET http://10.180.1.21/compute/v2.1/servers/e6365eeb-3739-4eae-8a8f-27fc4e726d9f 0.047s
2025-02-17 22:32:20.094 63318 INFO tempest.lib.common.rest_client [req-aa59b3e3-5eac-4ba4-af54-185591f1fa96 req-aa59b3e3-5eac-4ba4-af54-185591f1fa96 ] Request (ListImageFiltersTestJSON:setUpClass): 200 GET http://10.180.1.21/compute/v2.1/images/f42e0e03-9d69-464f-8ef9-cd0ba05824b1 0.043s
2025-02-17 22:32:20.097 63288 WARNING tempest.lib.common.ssh [-] Failed to establish authenticated ssh connection to cirros@10.180.180.128 ([Errno None] Unable to connect to port 22 on 10.180.180.128). Number attempts: 10. Retry after 11 seconds.: paramiko.ssh_exception.NoValidConnectionsError: [Errno None] Unable to connect to port 22 on 10.180.180.128
2025-02-17 22:32:20.134 63308 INFO tempest.lib.common.rest_client [req-c44637c4-dadd-4a01-8d81-de85b89a728a req-c44637c4-dadd-4a01-8d81-de85b89a728a ] Request (TenantUsagesTestJSON:setUpClass): 200 GET http://10.180.1.21/compute/v2.1/servers/2e85cb3d-2f19-4c85-acd2-e1771a0df42c 0.052s
2025-02-17 22:32:20.142 63308 INFO tempest.common.waiters [-] State transition "BUILD/None" ==> "BUILD/networking" after 51 second wait
2025-02-17 22:32:20.218 63304 INFO tempest.lib.common.rest_client [req-8223eaa6-d9e5-40f7-8614-8a7f2e2a9430 req-8223eaa6-d9e5-40f7-8614-8a7f2e2a9430 ] Request (ImagesOneServerNegativeTestJSON:_run_cleanups): 200 GET http://10.180.1.21/compute/v2.1/servers/d6a6c979-4668-4bb8-9e40-af48f6fa0afd 0.058s
2025-02-17 22:32:20.257 63330 INFO tempest.lib.common.rest_client [req-9191964a-b042-4dba-b60a-b74b548b0143 req-9191964a-b042-4dba-b60a-b74b548b0143 ] Request (MigrationsAdminTest:test_resize_server_revert_deleted_flavor): 200 GET http://10.180.1.21/compute/v2.1/servers/a210b97d-117c-418b-81a2-594ec21dde75 0.069s
2025-02-17 22:32:20.330 63278 INFO tempest.lib.common.rest_client [req-64263559-0d3f-4552-9462-459ee15dbcdd req-64263559-0d3f-4552-9462-459ee15dbcdd ] Request (InstanceActionsV221TestJSON:test_get_list_deleted_instance_actions): 200 GET http://10.180.1.21/compute/v2.1/servers/cb2bda24-46b6-4c9e-8f05-213c5ce6483b 0.069s
2025-02-17 22:32:20.524 63296 INFO tempest.lib.common.rest_client [req-a9ef6cb5-594a-4e6d-bf19-42c22fa7f845 req-a9ef6cb5-594a-4e6d-bf19-42c22fa7f845 ] Request (FloatingIPsAssociationTestJSON:tearDownClass): 200 GET http://10.180.1.21/compute/v2.1/servers/dedc2fd9-de34-42c9-a178-5fd21ace681c 0.098s
2025-02-17 22:32:20.525 63314 INFO tempest.lib.common.rest_client [req-aea6d7de-84e6-4de8-b377-586a430843a4 req-aea6d7de-84e6-4de8-b377-586a430843a4 ] Request (ServersTestMultiNic:test_verify_multiple_nics_order): 200 GET http://10.180.1.21/compute/v2.1/servers/bcf452a5-32c1-4181-9650-7d4a5334d8dc 0.059s
2025-02-17 22:32:20.592 63282 INFO tempest.lib.common.rest_client [req-44405538-0c5e-4f0f-a0a2-4f3f75d4a93f req-44405538-0c5e-4f0f-a0a2-4f3f75d4a93f ] Request (ImagesNegativeTestJSON:test_create_image_from_deleted_server): 200 GET http://10.180.1.21/compute/v2.1/servers/52ba1be4-89df-419b-a8a1-39d9bab1b462 0.074s
2025-02-17 22:32:20.682 63306 INFO tempest.lib.common.rest_client [req-8a6cec39-0474-4d5b-adfc-32b6f5844ccb req-8a6cec39-0474-4d5b-adfc-32b6f5844ccb ] Request (ServerExternalEventsTest:tearDownClass): 200 GET http://10.180.1.21/compute/v2.1/servers/9d9242e0-a1a0-4831-ba31-ef88aeee0577 0.066s
2025-02-17 22:32:20.807 63272 INFO tempest.lib.common.rest_client [req-6e2db338-552c-4ff5-accf-7830255cca35 req-6e2db338-552c-4ff5-accf-7830255cca35 ] Request (ServerMetadataTestJSON:setUpClass): 200 GET http://10.180.1.21/compute/v2.1/servers/a7b98e82-7cfa-4d4d-80ca-46f60573d56e 0.056s
2025-02-17 22:32:20.865 63290 INFO tempest.lib.common.rest_client [req-912cb165-2ace-411d-9a9a-1f3587032218 req-912cb165-2ace-411d-9a9a-1f3587032218 ] Request (DeleteServersAdminTestJSON:test_delete_server_while_in_error_state): 200 GET http://10.180.1.21/compute/v2.1/servers/c7dbf8a7-f220-47be-a479-a1994a7d2664 0.113s
2025-02-17 22:32:20.917 63292 INFO tempest.lib.common.rest_client [req-e9ef5163-f514-43e8-a0df-a9e3217754a5 req-e9ef5163-f514-43e8-a0df-a9e3217754a5 ] Request (DeleteServersTestJSON:test_delete_server_while_in_shelved_state): 200 GET http://10.180.1.21/compute/v2.1/servers/383d7013-3574-4b60-9975-af059d4f8a99 0.112s
2025-02-17 22:32:20.968 63326 INFO tempest.lib.common.rest_client [req-a5d9210c-9134-4f57-bec0-604ef5d6a0cd req-a5d9210c-9134-4f57-bec0-604ef5d6a0cd ] Request (ServerRescueTestJSONUnderV235:setUpClass): 200 GET http://10.180.1.21/compute/v2.1/servers/64d2fdcf-1210-4994-b86c-74bac8aaffb3 0.119s
2025-02-17 22:32:21.030 63300 WARNING tempest.lib.common.ssh [-] Failed to establish authenticated ssh connection to cirros@10.180.180.145 ([Errno None] Unable to connect to port 22 on 10.180.180.145). Number attempts: 10. Retry after 11 seconds.: paramiko.ssh_exception.NoValidConnectionsError: [Errno None] Unable to connect to port 22 on 10.180.180.145
2025-02-17 22:32:21.037 63284 WARNING tempest.lib.common.ssh [-] Failed to establish authenticated ssh connection to cirros@10.180.180.161 ([Errno None] Unable to connect to port 22 on 10.180.180.161). Number attempts: 2. Retry after 3 seconds.: paramiko.ssh_exception.NoValidConnectionsError: [Errno None] Unable to connect to port 22 on 10.180.180.161
2025-02-17 22:32:21.056 63270 INFO tempest.lib.common.rest_client [req-1ae96595-e3cd-4106-92be-46e106cda4fc req-1ae96595-e3cd-4106-92be-46e106cda4fc ] Request (ServersAdminNegativeTestJSON:test_migrate_server_invalid_state): 200 GET http://10.180.1.21/compute/v2.1/servers/d06126ca-dc5c-4862-93a0-19071afb4cf6 0.118s
2025-02-17 22:32:21.085 63286 INFO tempest.lib.common.rest_client [req-106a046a-37ff-4043-8c4e-ec88545da6c6 req-106a046a-37ff-4043-8c4e-ec88545da6c6 ] Request (InstanceActionsTestJSON:setUpClass): 200 GET http://10.180.1.21/compute/v2.1/servers/3e0d91e8-d0e5-48e8-9d76-e540c127d3c4 0.387s
2025-02-17 22:32:21.141 63310 INFO tempest.lib.common.rest_client [req-221cfc91-3f30-438e-81d8-36be228be093 req-221cfc91-3f30-438e-81d8-36be228be093 ] Request (ImagesOneServerTestJSON:tearDownClass): 200 GET http://10.180.1.21/compute/v2.1/servers/9ef50827-25d4-4bc6-8438-76c9cba8df0c 0.145s
2025-02-17 22:32:21.150 63302 INFO tempest.lib.common.rest_client [req-e4333e23-11cc-40b7-afae-e53871aad0f5 req-e4333e23-11cc-40b7-afae-e53871aad0f5 ] Request (ServersNegativeTestMultiTenantJSON:setUpClass): 200 GET http://10.180.1.21/compute/v2.1/servers/5157c346-c7da-488e-b7fd-1dccac3bf61b 0.168s
2025-02-17 22:32:21.210 63298 INFO tempest.lib.common.rest_client [req-d7c38678-745c-4d93-b467-8507c1632054 req-d7c38678-745c-4d93-b467-8507c1632054 ] Request (ServerTagsTestJSON:setUpClass): 200 GET http://10.180.1.21/compute/v2.1/servers/57c52d11-f775-4b50-98ba-81fc825362e6 0.176s
2025-02-17 22:32:21.223 63320 INFO tempest.lib.common.rest_client [req-302cba01-7863-4986-8afd-866c01d688ad req-302cba01-7863-4986-8afd-866c01d688ad ] Request (ServerGroupTestJSON:_run_cleanups): 200 GET http://10.180.1.21/compute/v2.1/servers/cdeedf76-8fe2-45cc-a91e-da4cac486811 0.151s
2025-02-17 22:32:21.261 63318 INFO tempest.lib.common.rest_client [req-78f55639-633b-4268-8a1a-9b0c8f0c8e92 req-78f55639-633b-4268-8a1a-9b0c8f0c8e92 ] Request (ListImageFiltersTestJSON:setUpClass): 200 GET http://10.180.1.21/compute/v2.1/images/f42e0e03-9d69-464f-8ef9-cd0ba05824b1 0.163s
2025-02-17 22:32:21.277 63280 INFO tempest.lib.common.rest_client [req-c0c72632-450e-40e6-9ffd-638a49ed45f9 req-c0c72632-450e-40e6-9ffd-638a49ed45f9 ] Request (ServersAdminTestJSON:test_create_server_with_scheduling_hint): 200 GET http://10.180.1.21/compute/v2.1/servers/e6365eeb-3739-4eae-8a8f-27fc4e726d9f 0.188s
2025-02-17 22:32:21.284 63280 INFO tempest.common.waiters [-] State transition "BUILD/scheduling" ==> "BUILD/None" after 13 second wait
2025-02-17 22:32:21.333 63304 INFO tempest.lib.common.rest_client [req-a535dab4-a42f-47fe-89b1-cca932063ad9 req-a535dab4-a42f-47fe-89b1-cca932063ad9 ] Request (ImagesOneServerNegativeTestJSON:_run_cleanups): 200 GET http://10.180.1.21/compute/v2.1/servers/d6a6c979-4668-4bb8-9e40-af48f6fa0afd 0.106s
2025-02-17 22:32:21.391 63330 INFO tempest.lib.common.rest_client [req-0b6d0083-2f09-469c-8c1a-a8c3f93b21a3 req-0b6d0083-2f09-469c-8c1a-a8c3f93b21a3 ] Request (MigrationsAdminTest:test_resize_server_revert_deleted_flavor): 200 GET http://10.180.1.21/compute/v2.1/servers/a210b97d-117c-418b-81a2-594ec21dde75 0.125s
2025-02-17 22:32:21.392 63308 INFO tempest.lib.common.rest_client [req-db45ca91-965c-433b-a89c-9d99e77fc30d req-db45ca91-965c-433b-a89c-9d99e77fc30d ] Request (TenantUsagesTestJSON:setUpClass): 200 GET http://10.180.1.21/compute/v2.1/servers/2e85cb3d-2f19-4c85-acd2-e1771a0df42c 0.248s
2025-02-17 22:32:21.398 63308 INFO tempest.common.waiters [-] State transition "BUILD/networking" ==> "BUILD/spawning" after 52 second wait
2025-02-17 22:32:21.447 63278 INFO tempest.lib.common.rest_client [req-e3ffe5ee-4bb9-46b7-a6b1-d506b645ca55 req-e3ffe5ee-4bb9-46b7-a6b1-d506b645ca55 ] Request (InstanceActionsV221TestJSON:test_get_list_deleted_instance_actions): 200 GET http://10.180.1.21/compute/v2.1/servers/cb2bda24-46b6-4c9e-8f05-213c5ce6483b 0.106s
2025-02-17 22:32:21.588 63314 INFO tempest.lib.common.rest_client [req-e521a4c6-aa3d-4346-ae7f-8979ad560d4d req-e521a4c6-aa3d-4346-ae7f-8979ad560d4d ] Request (ServersTestMultiNic:test_verify_multiple_nics_order): 200 GET http://10.180.1.21/compute/v2.1/servers/bcf452a5-32c1-4181-9650-7d4a5334d8dc 0.054s
2025-02-17 22:32:21.603 63296 INFO tempest.lib.common.rest_client [req-3e434350-58f3-418e-aa11-8f6082581afe req-3e434350-58f3-418e-aa11-8f6082581afe ] Request (FloatingIPsAssociationTestJSON:tearDownClass): 200 GET http://10.180.1.21/compute/v2.1/servers/dedc2fd9-de34-42c9-a178-5fd21ace681c 0.063s
2025-02-17 22:32:21.652 63282 INFO tempest.lib.common.rest_client [req-fbdabc10-dc4c-42d1-9174-66b1fd648f95 req-fbdabc10-dc4c-42d1-9174-66b1fd648f95 ] Request (ImagesNegativeTestJSON:test_create_image_from_deleted_server): 200 GET http://10.180.1.21/compute/v2.1/servers/52ba1be4-89df-419b-a8a1-39d9bab1b462 0.051s
2025-02-17 22:32:21.763 63306 INFO tempest.lib.common.rest_client [req-e3b0944d-ac4e-46d3-bb98-af19a5db1a7e req-e3b0944d-ac4e-46d3-bb98-af19a5db1a7e ] Request (ServerExternalEventsTest:tearDownClass): 200 GET http://10.180.1.21/compute/v2.1/servers/9d9242e0-a1a0-4831-ba31-ef88aeee0577 0.071s
2025-02-17 22:32:21.873 63272 INFO tempest.lib.common.rest_client [req-26e17598-a407-4b06-bdb7-1a0ca0c232d1 req-26e17598-a407-4b06-bdb7-1a0ca0c232d1 ] Request (ServerMetadataTestJSON:setUpClass): 200 GET http://10.180.1.21/compute/v2.1/servers/a7b98e82-7cfa-4d4d-80ca-46f60573d56e 0.055s
2025-02-17 22:32:21.930 63290 INFO tempest.lib.common.rest_client [req-397b987e-187a-470b-9d1c-dde5116b0965 req-397b987e-187a-470b-9d1c-dde5116b0965 ] Request (DeleteServersAdminTestJSON:test_delete_server_while_in_error_state): 200 GET http://10.180.1.21/compute/v2.1/servers/c7dbf8a7-f220-47be-a479-a1994a7d2664 0.056s
2025-02-17 22:32:21.974 63292 INFO tempest.lib.common.rest_client [req-d248117b-bd4e-40f4-bc3f-b581c57b4487 req-d248117b-bd4e-40f4-bc3f-b581c57b4487 ] Request (DeleteServersTestJSON:test_delete_server_while_in_shelved_state): 200 GET http://10.180.1.21/compute/v2.1/servers/383d7013-3574-4b60-9975-af059d4f8a99 0.048s
2025-02-17 22:32:22.040 63326 INFO tempest.lib.common.rest_client [req-26a06901-898c-411c-aae8-d7b94e452362 req-26a06901-898c-411c-aae8-d7b94e452362 ] Request (ServerRescueTestJSONUnderV235:setUpClass): 200 GET http://10.180.1.21/compute/v2.1/servers/64d2fdcf-1210-4994-b86c-74bac8aaffb3 0.060s
2025-02-17 22:32:22.169 63270 INFO tempest.lib.common.rest_client [req-869fc66e-65d3-4f32-9166-ec2a081e9210 req-869fc66e-65d3-4f32-9166-ec2a081e9210 ] Request (ServersAdminNegativeTestJSON:test_migrate_server_invalid_state): 200 GET http://10.180.1.21/compute/v2.1/servers/d06126ca-dc5c-4862-93a0-19071afb4cf6 0.102s
2025-02-17 22:32:22.176 63270 INFO tempest.common.waiters [-] State transition "ACTIVE/suspending" ==> "SUSPENDED/None" after 3 second wait
2025-02-17 22:32:22.207 63286 INFO tempest.lib.common.rest_client [req-a398044b-48ce-4dda-b559-746dc461ef7b req-a398044b-48ce-4dda-b559-746dc461ef7b ] Request (InstanceActionsTestJSON:setUpClass): 200 GET http://10.180.1.21/compute/v2.1/servers/3e0d91e8-d0e5-48e8-9d76-e540c127d3c4 0.114s
2025-02-17 22:32:22.228 63310 INFO tempest.lib.common.rest_client [req-92b368f8-629d-41cf-a3a1-d4e3ba212a38 req-92b368f8-629d-41cf-a3a1-d4e3ba212a38 ] Request (ImagesOneServerTestJSON:tearDownClass): 200 GET http://10.180.1.21/compute/v2.1/servers/9ef50827-25d4-4bc6-8438-76c9cba8df0c 0.076s
2025-02-17 22:32:22.300 63270 INFO tempest.lib.common.rest_client [req-cb0ff7ee-039a-4e89-9acf-431730bb6001 req-cb0ff7ee-039a-4e89-9acf-431730bb6001 ] Request (ServersAdminNegativeTestJSON:test_migrate_server_invalid_state): 409 POST http://10.180.1.21/compute/v2.1/servers/d06126ca-dc5c-4862-93a0-19071afb4cf6/action 0.123s
2025-02-17 22:32:22.302 63302 INFO tempest.lib.common.rest_client [req-8123ebbe-9637-43c5-8d21-4066bb38e9f5 req-8123ebbe-9637-43c5-8d21-4066bb38e9f5 ] Request (ServersNegativeTestMultiTenantJSON:setUpClass): 200 GET http://10.180.1.21/compute/v2.1/servers/5157c346-c7da-488e-b7fd-1dccac3bf61b 0.142s
2025-02-17 22:32:22.310 63302 INFO tempest.common.waiters [-] State transition "BUILD/spawning" ==> "ACTIVE/None" after 61 second wait
2025-02-17 22:32:22.359 63298 INFO tempest.lib.common.rest_client [req-200b67b3-fac3-4cff-b96b-8f8f0b199fa4 req-200b67b3-fac3-4cff-b96b-8f8f0b199fa4 ] Request (ServerTagsTestJSON:setUpClass): 200 GET http://10.180.1.21/compute/v2.1/servers/57c52d11-f775-4b50-98ba-81fc825362e6 0.131s
2025-02-17 22:32:22.362 63320 INFO tempest.lib.common.rest_client [req-05a36777-8738-4147-8cb9-69ff416082e6 req-05a36777-8738-4147-8cb9-69ff416082e6 ] Request (ServerGroupTestJSON:_run_cleanups): 200 GET http://10.180.1.21/compute/v2.1/servers/cdeedf76-8fe2-45cc-a91e-da4cac486811 0.126s
2025-02-17 22:32:22.395 63318 INFO tempest.lib.common.rest_client [req-ac5c8503-4903-4af5-8029-fafad158f8b0 req-ac5c8503-4903-4af5-8029-fafad158f8b0 ] Request (ListImageFiltersTestJSON:setUpClass): 200 GET http://10.180.1.21/compute/v2.1/images/f42e0e03-9d69-464f-8ef9-cd0ba05824b1 0.129s
2025-02-17 22:32:22.401 63270 INFO tempest.lib.common.rest_client [req-e9cfc560-6471-403a-acf3-10645a5f4b6c req-e9cfc560-6471-403a-acf3-10645a5f4b6c ] Request (ServersAdminNegativeTestJSON:test_reset_state_server_invalid_state): 400 POST http://10.180.1.21/compute/v2.1/servers/59a0c51a-c68d-48ae-a580-48ff3f4b09a6/action 0.099s
2025-02-17 22:32:22.417 63280 INFO tempest.lib.common.rest_client [req-b1b49f1e-ee2b-4a6e-9d95-bce97b95f2f9 req-b1b49f1e-ee2b-4a6e-9d95-bce97b95f2f9 ] Request (ServersAdminTestJSON:test_create_server_with_scheduling_hint): 200 GET http://10.180.1.21/compute/v2.1/servers/e6365eeb-3739-4eae-8a8f-27fc4e726d9f 0.132s
2025-02-17 22:32:22.475 63304 INFO tempest.lib.common.rest_client [req-32544a10-772e-4b5a-9044-32f5721e2358 req-32544a10-772e-4b5a-9044-32f5721e2358 ] Request (ImagesOneServerNegativeTestJSON:_run_cleanups): 200 GET http://10.180.1.21/compute/v2.1/servers/d6a6c979-4668-4bb8-9e40-af48f6fa0afd 0.129s
2025-02-17 22:32:22.524 63302 INFO tempest.lib.common.rest_client [req-c0e73502-22b8-42b5-93d4-195e6d7e0121 req-c0e73502-22b8-42b5-93d4-195e6d7e0121 ] Request (ServersNegativeTestMultiTenantJSON:setUp): 200 GET http://10.180.1.21/compute/v2.1/servers/5157c346-c7da-488e-b7fd-1dccac3bf61b 0.213s
2025-02-17 22:32:22.529 63330 INFO tempest.lib.common.rest_client [req-88057327-ce76-4cd9-84fa-63181ef6d4c0 req-88057327-ce76-4cd9-84fa-63181ef6d4c0 ] Request (MigrationsAdminTest:test_resize_server_revert_deleted_flavor): 200 GET http://10.180.1.21/compute/v2.1/servers/a210b97d-117c-418b-81a2-594ec21dde75 0.129s
2025-02-17 22:32:22.535 63270 INFO tempest.lib.common.rest_client [req-62beab73-dcd5-47a9-8046-6dc2cd7b72d9 req-62beab73-dcd5-47a9-8046-6dc2cd7b72d9 ] Request (ServersAdminNegativeTestJSON:test_reset_state_server_invalid_type): 400 POST http://10.180.1.21/compute/v2.1/servers/59a0c51a-c68d-48ae-a580-48ff3f4b09a6/action 0.132s
2025-02-17 22:32:22.607 63278 INFO tempest.lib.common.rest_client [req-8e179fd4-c585-4481-b227-f4118ee312d7 req-8e179fd4-c585-4481-b227-f4118ee312d7 ] Request (InstanceActionsV221TestJSON:test_get_list_deleted_instance_actions): 200 GET http://10.180.1.21/compute/v2.1/servers/cb2bda24-46b6-4c9e-8f05-213c5ce6483b 0.151s
2025-02-17 22:32:22.627 63270 INFO tempest.lib.common.rest_client [req-f401f1be-cf9f-4880-9878-6241cebf1ad3 req-f401f1be-cf9f-4880-9878-6241cebf1ad3 ] Request (ServersAdminNegativeTestJSON:test_reset_state_server_nonexistent_server): 404 POST http://10.180.1.21/compute/v2.1/servers/999/action 0.091s
2025-02-17 22:32:22.628 63308 INFO tempest.lib.common.rest_client [req-9d88ef89-5984-4cff-9481-4d86aba90a5e req-9d88ef89-5984-4cff-9481-4d86aba90a5e ] Request (TenantUsagesTestJSON:setUpClass): 200 GET http://10.180.1.21/compute/v2.1/servers/2e85cb3d-2f19-4c85-acd2-e1771a0df42c 0.229s
2025-02-17 22:32:22.699 63314 INFO tempest.lib.common.rest_client [req-54e70d54-4e29-47c7-9da8-3c82ee0caf2d req-54e70d54-4e29-47c7-9da8-3c82ee0caf2d ] Request (ServersTestMultiNic:test_verify_multiple_nics_order): 200 GET http://10.180.1.21/compute/v2.1/servers/bcf452a5-32c1-4181-9650-7d4a5334d8dc 0.103s
2025-02-17 22:32:22.715 63302 INFO tempest.lib.common.rest_client [req-44bd19af-ec2a-4586-9300-66cbbf687f27 req-44bd19af-ec2a-4586-9300-66cbbf687f27 ] Request (ServersNegativeTestMultiTenantJSON:test_delete_a_server_of_another_tenant): 404 DELETE http://10.180.1.21/compute/v2.1/servers/5157c346-c7da-488e-b7fd-1dccac3bf61b 0.179s
2025-02-17 22:32:22.718 63296 INFO tempest.lib.common.rest_client [req-710d9e1f-7e0b-41bf-bb13-0317366ac262 req-710d9e1f-7e0b-41bf-bb13-0317366ac262 ] Request (FloatingIPsAssociationTestJSON:tearDownClass): 404 GET http://10.180.1.21/compute/v2.1/servers/dedc2fd9-de34-42c9-a178-5fd21ace681c 0.108s
2025-02-17 22:32:22.767 63282 INFO tempest.lib.common.rest_client [req-c85332ac-1fe6-4673-bf8c-d101d552ac95 req-c85332ac-1fe6-4673-bf8c-d101d552ac95 ] Request (ImagesNegativeTestJSON:test_create_image_from_deleted_server): 200 GET http://10.180.1.21/compute/v2.1/servers/52ba1be4-89df-419b-a8a1-39d9bab1b462 0.104s
2025-02-17 22:32:22.790 63270 INFO tempest.lib.common.rest_client [req-4fb809ad-154a-489a-9349-5dd03bf1aed7 req-4fb809ad-154a-489a-9349-5dd03bf1aed7 ] Request (ServersAdminNegativeTestJSON:test_resize_server_using_overlimit_ram): 200 GET http://10.180.1.21/compute/v2.1/os-quota-sets/3291b3d0a44a49b1a2847f2d4fa1783f 0.161s
2025-02-17 22:32:22.852 63302 INFO tempest.lib.common.rest_client [req-6af0995a-94a4-493e-9509-3b50b336b0dc req-6af0995a-94a4-493e-9509-3b50b336b0dc ] Request (ServersNegativeTestMultiTenantJSON:setUp): 200 GET http://10.180.1.21/compute/v2.1/servers/5157c346-c7da-488e-b7fd-1dccac3bf61b 0.136s
2025-02-17 22:32:22.906 63306 INFO tempest.lib.common.rest_client [req-32f101d4-7b97-4f61-a4c9-dad106ca26a4 req-32f101d4-7b97-4f61-a4c9-dad106ca26a4 ] Request (ServerExternalEventsTest:tearDownClass): 200 GET http://10.180.1.21/compute/v2.1/servers/9d9242e0-a1a0-4831-ba31-ef88aeee0577 0.134s
2025-02-17 22:32:22.922 63270 INFO tempest.lib.common.rest_client [req-98ecac8e-d8cf-4dae-a729-38dff028c610 req-98ecac8e-d8cf-4dae-a729-38dff028c610 ] Request (ServersAdminNegativeTestJSON:test_resize_server_using_overlimit_ram): 200 POST http://10.180.1.21/compute/v2.1/flavors 0.130s
2025-02-17 22:32:22.940 63302 INFO tempest.lib.common.rest_client [req-09e86d47-7fbe-4776-b539-c89962cf327e req-09e86d47-7fbe-4776-b539-c89962cf327e ] Request (ServersNegativeTestMultiTenantJSON:test_update_server_of_another_tenant): 404 PUT http://10.180.1.21/compute/v2.1/servers/5157c346-c7da-488e-b7fd-1dccac3bf61b 0.082s
2025-02-17 22:32:22.995 63272 INFO tempest.lib.common.rest_client [req-40dcb624-db2b-4b22-bfc4-97c06aa482dc req-40dcb624-db2b-4b22-bfc4-97c06aa482dc ] Request (ServerMetadataTestJSON:setUpClass): 200 GET http://10.180.1.21/compute/v2.1/servers/a7b98e82-7cfa-4d4d-80ca-46f60573d56e 0.113s
2025-02-17 22:32:23.096 63296 INFO tempest.lib.common.rest_client [req-e4ad3a44-c597-411f-b5f0-fb453905a2db req-e4ad3a44-c597-411f-b5f0-fb453905a2db ] Request (FloatingIPsAssociationTestJSON:tearDownClass): 202 DELETE http://10.180.1.21/compute/v2.1/os-floating-ips/49c4e1f2-8a3b-4dfc-8701-43793be5cbc4 0.377s
2025-02-17 22:32:23.098 63270 INFO tempest.lib.common.rest_client [req-b7747bd3-806b-4908-b779-91da8dd1e439 req-b7747bd3-806b-4908-b779-91da8dd1e439 ] Request (ServersAdminNegativeTestJSON:test_resize_server_using_overlimit_ram): 403 POST http://10.180.1.21/compute/v2.1/servers/59a0c51a-c68d-48ae-a580-48ff3f4b09a6/action 0.173s
2025-02-17 22:32:23.150 63290 INFO tempest.lib.common.rest_client [req-85f7e6d6-8fcb-4d8b-aa47-18861e80a41f req-85f7e6d6-8fcb-4d8b-aa47-18861e80a41f ] Request (DeleteServersAdminTestJSON:test_delete_server_while_in_error_state): 200 GET http://10.180.1.21/compute/v2.1/servers/c7dbf8a7-f220-47be-a479-a1994a7d2664 0.212s
2025-02-17 22:32:23.183 63302 INFO tempest.lib.common.rest_client [req-32e9e1df-2023-4332-abaf-aa48881c3a14 req-32e9e1df-2023-4332-abaf-aa48881c3a14 ] Request (ServersNegativeTestMultiTenantJSON:tearDownClass): 204 DELETE http://10.180.1.21/compute/v2.1/servers/5157c346-c7da-488e-b7fd-1dccac3bf61b 0.241s
2025-02-17 22:32:23.201 63292 INFO tempest.lib.common.rest_client [req-f2fbe892-50f7-416e-a7af-4613f3966729 req-f2fbe892-50f7-416e-a7af-4613f3966729 ] Request (DeleteServersTestJSON:test_delete_server_while_in_shelved_state): 200 GET http://10.180.1.21/compute/v2.1/servers/383d7013-3574-4b60-9975-af059d4f8a99 0.219s
2025-02-17 22:32:23.209 63292 INFO tempest.common.waiters [-] State transition "BUILD/scheduling" ==> "BUILD/None" after 11 second wait
2025-02-17 22:32:23.233 63326 INFO tempest.lib.common.rest_client [req-4b5e1ea4-9d63-44b5-8fe0-0c6e5486e6b9 req-4b5e1ea4-9d63-44b5-8fe0-0c6e5486e6b9 ] Request (ServerRescueTestJSONUnderV235:setUpClass): 200 GET http://10.180.1.21/compute/v2.1/servers/64d2fdcf-1210-4994-b86c-74bac8aaffb3 0.183s
2025-02-17 22:32:23.248 63270 INFO tempest.lib.common.rest_client [req-19066c2a-eb1b-40ab-b962-3cc307710d51 req-19066c2a-eb1b-40ab-b962-3cc307710d51 ] Request (ServersAdminNegativeTestJSON:_run_cleanups): 202 DELETE http://10.180.1.21/compute/v2.1/flavors/879236231 0.150s
2025-02-17 22:32:23.271 63296 INFO tempest.lib.common.rest_client [req-44205b2b-e754-41cc-ab48-d4ae09b34f70 req-44205b2b-e754-41cc-ab48-d4ae09b34f70 ] Request (FloatingIPsAssociationTestJSON:tearDownClass): 204 DELETE http://10.180.1.21/compute/v2.1/servers/00376bf9-716d-4c89-a29d-2c6381ce373a 0.174s
2025-02-17 22:32:23.349 63302 INFO tempest.lib.common.rest_client [req-8c8a0716-a8aa-4783-99c5-32dd1f50eea3 req-8c8a0716-a8aa-4783-99c5-32dd1f50eea3 ] Request (ServersNegativeTestMultiTenantJSON:tearDownClass): 200 GET http://10.180.1.21/compute/v2.1/servers/5157c346-c7da-488e-b7fd-1dccac3bf61b 0.166s
2025-02-17 22:32:23.410 63310 INFO tempest.lib.common.rest_client [req-4c88dc99-2fbb-4247-bc78-0a9015aace04 req-4c88dc99-2fbb-4247-bc78-0a9015aace04 ] Request (ImagesOneServerTestJSON:tearDownClass): 200 GET http://10.180.1.21/compute/v2.1/servers/9ef50827-25d4-4bc6-8438-76c9cba8df0c 0.174s
2025-02-17 22:32:23.436 63270 INFO tempest.lib.common.rest_client [req-12cf369c-a782-4c73-80c9-10f6a77cf35d req-12cf369c-a782-4c73-80c9-10f6a77cf35d ] Request (ServersAdminNegativeTestJSON:_run_cleanups): 200 GET http://10.180.1.21/compute/v2.1/flavors/detail 0.187s
2025-02-17 22:32:23.439 63286 INFO tempest.lib.common.rest_client [req-9372346e-4972-40ad-aa8e-96c75dc85066 req-9372346e-4972-40ad-aa8e-96c75dc85066 ] Request (InstanceActionsTestJSON:setUpClass): 200 GET http://10.180.1.21/compute/v2.1/servers/3e0d91e8-d0e5-48e8-9d76-e540c127d3c4 0.224s
2025-02-17 22:32:23.498 63298 INFO tempest.lib.common.rest_client [req-ca744386-7b44-44bc-9caf-b5264d52eb48 req-ca744386-7b44-44bc-9caf-b5264d52eb48 ] Request (ServerTagsTestJSON:setUpClass): 200 GET http://10.180.1.21/compute/v2.1/servers/57c52d11-f775-4b50-98ba-81fc825362e6 0.130s
2025-02-17 22:32:23.555 63320 INFO tempest.lib.common.rest_client [req-8ddd8e26-49b1-4208-870d-5a59151f5270 req-8ddd8e26-49b1-4208-870d-5a59151f5270 ] Request (ServerGroupTestJSON:_run_cleanups): 200 GET http://10.180.1.21/compute/v2.1/servers/cdeedf76-8fe2-45cc-a91e-da4cac486811 0.184s
2025-02-17 22:32:23.564 63296 INFO tempest.lib.common.rest_client [req-3fa13749-ae5e-4212-b9ab-3fb47d87d645 req-3fa13749-ae5e-4212-b9ab-3fb47d87d645 ] Request (FloatingIPsAssociationTestJSON:tearDownClass): 200 GET http://10.180.1.21/compute/v2.1/servers/00376bf9-716d-4c89-a29d-2c6381ce373a 0.293s
2025-02-17 22:32:23.593 63318 INFO tempest.lib.common.rest_client [req-37608888-c68c-4200-81aa-086dd6bf4e50 req-37608888-c68c-4200-81aa-086dd6bf4e50 ] Request (ListImageFiltersTestJSON:setUpClass): 200 GET http://10.180.1.21/compute/v2.1/images/f42e0e03-9d69-464f-8ef9-cd0ba05824b1 0.195s
2025-02-17 22:32:23.618 63280 INFO tempest.lib.common.rest_client [req-46818a4c-fa4d-43c7-b6bd-36ee96369587 req-46818a4c-fa4d-43c7-b6bd-36ee96369587 ] Request (ServersAdminTestJSON:test_create_server_with_scheduling_hint): 200 GET http://10.180.1.21/compute/v2.1/servers/e6365eeb-3739-4eae-8a8f-27fc4e726d9f 0.189s
2025-02-17 22:32:23.630 63270 INFO tempest.lib.common.rest_client [req-d2936bff-7229-40e4-81f0-04bece757ad9 req-d2936bff-7229-40e4-81f0-04bece757ad9 ] Request (ServersAdminNegativeTestJSON:test_resize_server_using_overlimit_vcpus): 200 GET http://10.180.1.21/compute/v2.1/os-quota-sets/3291b3d0a44a49b1a2847f2d4fa1783f 0.187s
2025-02-17 22:32:23.667 63304 INFO tempest.lib.common.rest_client [req-588dfb66-abda-406e-b330-ba53341911c9 req-588dfb66-abda-406e-b330-ba53341911c9 ] Request (ImagesOneServerNegativeTestJSON:_run_cleanups): 200 GET http://10.180.1.21/compute/v2.1/servers/d6a6c979-4668-4bb8-9e40-af48f6fa0afd 0.181s
2025-02-17 22:32:23.678 63330 INFO tempest.lib.common.rest_client [req-e7de69e4-0d7f-457d-96f8-0f99e9aab5a7 req-e7de69e4-0d7f-457d-96f8-0f99e9aab5a7 ] Request (MigrationsAdminTest:test_resize_server_revert_deleted_flavor): 200 GET http://10.180.1.21/compute/v2.1/servers/a210b97d-117c-418b-81a2-594ec21dde75 0.137s
2025-02-17 22:32:23.697 63270 INFO tempest.lib.common.rest_client [req-340a478a-8a53-48ac-a8c4-3dc99ace7066 req-340a478a-8a53-48ac-a8c4-3dc99ace7066 ] Request (ServersAdminNegativeTestJSON:test_resize_server_using_overlimit_vcpus): 200 POST http://10.180.1.21/compute/v2.1/flavors 0.065s
2025-02-17 22:32:23.730 63278 INFO tempest.lib.common.rest_client [req-2334951b-26f9-494a-a7d4-74722b43c067 req-2334951b-26f9-494a-a7d4-74722b43c067 ] Request (InstanceActionsV221TestJSON:test_get_list_deleted_instance_actions): 200 GET http://10.180.1.21/compute/v2.1/servers/cb2bda24-46b6-4c9e-8f05-213c5ce6483b 0.113s
2025-02-17 22:32:23.802 63270 INFO tempest.lib.common.rest_client [req-357f3963-81e9-46ed-a742-afea476152b4 req-357f3963-81e9-46ed-a742-afea476152b4 ] Request (ServersAdminNegativeTestJSON:test_resize_server_using_overlimit_vcpus): 403 POST http://10.180.1.21/compute/v2.1/servers/59a0c51a-c68d-48ae-a580-48ff3f4b09a6/action 0.102s
2025-02-17 22:32:23.865 63314 INFO tempest.lib.common.rest_client [req-c64701cb-6b86-436f-b65e-99361309ac45 req-c64701cb-6b86-436f-b65e-99361309ac45 ] Request (ServersTestMultiNic:test_verify_multiple_nics_order): 200 GET http://10.180.1.21/compute/v2.1/servers/bcf452a5-32c1-4181-9650-7d4a5334d8dc 0.159s
2025-02-17 22:32:23.889 63308 INFO tempest.lib.common.rest_client [req-240d0258-9232-492e-9ab4-c5a06a9a8287 req-240d0258-9232-492e-9ab4-c5a06a9a8287 ] Request (TenantUsagesTestJSON:setUpClass): 200 GET http://10.180.1.21/compute/v2.1/servers/2e85cb3d-2f19-4c85-acd2-e1771a0df42c 0.248s
2025-02-17 22:32:23.907 63270 INFO tempest.lib.common.rest_client [req-87d6478d-08c7-44e8-9a14-7b607a498bf6 req-87d6478d-08c7-44e8-9a14-7b607a498bf6 ] Request (ServersAdminNegativeTestJSON:_run_cleanups): 202 DELETE http://10.180.1.21/compute/v2.1/flavors/631461574 0.104s
2025-02-17 22:32:23.915 63282 INFO tempest.lib.common.rest_client [req-c62689ab-093a-49b2-920d-150d42c4e8db req-c62689ab-093a-49b2-920d-150d42c4e8db ] Request (ImagesNegativeTestJSON:test_create_image_from_deleted_server): 200 GET http://10.180.1.21/compute/v2.1/servers/52ba1be4-89df-419b-a8a1-39d9bab1b462 0.139s
2025-02-17 22:32:23.933 63270 INFO tempest.lib.common.rest_client [req-ce88c909-6c89-4102-9136-1f439aa7967f req-ce88c909-6c89-4102-9136-1f439aa7967f ] Request (ServersAdminNegativeTestJSON:_run_cleanups): 200 GET http://10.180.1.21/compute/v2.1/flavors/detail 0.026s
2025-02-17 22:32:23.969 63270 INFO tempest.lib.common.rest_client [req-e5296965-2f23-4934-96c0-24f155f04564 req-e5296965-2f23-4934-96c0-24f155f04564 ] Request (ServersAdminNegativeTestJSON:test_restore_server_invalid_state): 409 POST http://10.180.1.21/compute/v2.1/servers/59a0c51a-c68d-48ae-a580-48ff3f4b09a6/action 0.029s
2025-02-17 22:32:23.979 63306 INFO tempest.lib.common.rest_client [req-15714c37-6319-481e-9334-9e90d85ea391 req-15714c37-6319-481e-9334-9e90d85ea391 ] Request (ServerExternalEventsTest:tearDownClass): 200 GET http://10.180.1.21/compute/v2.1/servers/9d9242e0-a1a0-4831-ba31-ef88aeee0577 0.064s
2025-02-17 22:32:24.047 63270 INFO tempest.lib.common.rest_client [req-6091dfe9-4d32-489c-95bb-14f7c0dfa202 req-6091dfe9-4d32-489c-95bb-14f7c0dfa202 ] Request (ServersAdminNegativeTestJSON:tearDownClass): 204 DELETE http://10.180.1.21/compute/v2.1/servers/d06126ca-dc5c-4862-93a0-19071afb4cf6 0.076s
2025-02-17 22:32:24.053 63272 INFO tempest.lib.common.rest_client [req-23646ea2-1522-470b-ace1-760c8d27ff1e req-23646ea2-1522-470b-ace1-760c8d27ff1e ] Request (ServerMetadataTestJSON:setUpClass): 200 GET http://10.180.1.21/compute/v2.1/servers/a7b98e82-7cfa-4d4d-80ca-46f60573d56e 0.051s
2025-02-17 22:32:24.143 63270 INFO tempest.lib.common.rest_client [req-8abc17e5-d470-4604-9f88-670860afa179 req-8abc17e5-d470-4604-9f88-670860afa179 ] Request (ServersAdminNegativeTestJSON:tearDownClass): 200 GET http://10.180.1.21/compute/v2.1/servers/d06126ca-dc5c-4862-93a0-19071afb4cf6 0.095s
2025-02-17 22:32:24.215 63290 INFO tempest.lib.common.rest_client [req-fcd58134-3251-4e35-921f-bb9e831f8468 req-fcd58134-3251-4e35-921f-bb9e831f8468 ] Request (DeleteServersAdminTestJSON:test_delete_server_while_in_error_state): 200 GET http://10.180.1.21/compute/v2.1/servers/c7dbf8a7-f220-47be-a479-a1994a7d2664 0.056s
2025-02-17 22:32:24.262 63292 INFO tempest.lib.common.rest_client [req-f77a2ab3-9e94-4ff2-975d-47e0e1ed738a req-f77a2ab3-9e94-4ff2-975d-47e0e1ed738a ] Request (DeleteServersTestJSON:test_delete_server_while_in_shelved_state): 200 GET http://10.180.1.21/compute/v2.1/servers/383d7013-3574-4b60-9975-af059d4f8a99 0.052s
2025-02-17 22:32:24.298 63326 INFO tempest.lib.common.rest_client [req-949e9926-2564-4ac0-bc41-2ff8cf3d5107 req-949e9926-2564-4ac0-bc41-2ff8cf3d5107 ] Request (ServerRescueTestJSONUnderV235:setUpClass): 200 GET http://10.180.1.21/compute/v2.1/servers/64d2fdcf-1210-4994-b86c-74bac8aaffb3 0.058s
2025-02-17 22:32:24.301 63328 WARNING tempest.lib.common.ssh [-] Failed to establish authenticated ssh connection to cirros@10.180.180.210 ([Errno None] Unable to connect to port 22 on 10.180.180.210). Number attempts: 5. Retry after 6 seconds.: paramiko.ssh_exception.NoValidConnectionsError: [Errno None] Unable to connect to port 22 on 10.180.180.210
2025-02-17 22:32:24.486 63310 INFO tempest.lib.common.rest_client [req-b257b61e-3736-46d1-a577-8857153f531c req-b257b61e-3736-46d1-a577-8857153f531c ] Request (ImagesOneServerTestJSON:tearDownClass): 200 GET http://10.180.1.21/compute/v2.1/servers/9ef50827-25d4-4bc6-8438-76c9cba8df0c 0.068s
2025-02-17 22:32:24.535 63302 INFO tempest.lib.common.rest_client [req-f15490ba-e69c-4bc2-a310-5fb286ed2b42 req-f15490ba-e69c-4bc2-a310-5fb286ed2b42 ] Request (ServersNegativeTestMultiTenantJSON:tearDownClass): 200 GET http://10.180.1.21/compute/v2.1/servers/5157c346-c7da-488e-b7fd-1dccac3bf61b 0.178s
2025-02-17 22:32:24.598 63298 INFO tempest.lib.common.rest_client [req-222936dd-df22-40af-9c6e-758f6d399d42 req-222936dd-df22-40af-9c6e-758f6d399d42 ] Request (ServerTagsTestJSON:setUpClass): 200 GET http://10.180.1.21/compute/v2.1/servers/57c52d11-f775-4b50-98ba-81fc825362e6 0.090s
2025-02-17 22:32:24.616 63286 INFO tempest.lib.common.rest_client [req-3238ae71-4f2d-4fd6-b86c-9c1028100782 req-3238ae71-4f2d-4fd6-b86c-9c1028100782 ] Request (InstanceActionsTestJSON:setUpClass): 200 GET http://10.180.1.21/compute/v2.1/servers/3e0d91e8-d0e5-48e8-9d76-e540c127d3c4 0.167s
2025-02-17 22:32:24.660 63320 INFO tempest.lib.common.rest_client [req-508fbc9d-97c5-42cd-ab1f-00936e0ffa20 req-508fbc9d-97c5-42cd-ab1f-00936e0ffa20 ] Request (ServerGroupTestJSON:_run_cleanups): 200 GET http://10.180.1.21/compute/v2.1/servers/cdeedf76-8fe2-45cc-a91e-da4cac486811 0.098s
2025-02-17 22:32:24.696 63318 INFO tempest.lib.common.rest_client [req-6f6e6754-b42e-465f-a8e4-1e1fa6cc2106 req-6f6e6754-b42e-465f-a8e4-1e1fa6cc2106 ] Request (ListImageFiltersTestJSON:setUpClass): 200 GET http://10.180.1.21/compute/v2.1/images/f42e0e03-9d69-464f-8ef9-cd0ba05824b1 0.099s
2025-02-17 22:32:24.714 63296 INFO tempest.lib.common.rest_client [req-afce8fe2-3fb1-4744-8fce-9fae0759e0f3 req-afce8fe2-3fb1-4744-8fce-9fae0759e0f3 ] Request (FloatingIPsAssociationTestJSON:tearDownClass): 200 GET http://10.180.1.21/compute/v2.1/servers/00376bf9-716d-4c89-a29d-2c6381ce373a 0.139s
2025-02-17 22:32:24.755 63280 INFO tempest.lib.common.rest_client [req-a6f73d9b-4793-4d92-a222-33cf65c2896c req-a6f73d9b-4793-4d92-a222-33cf65c2896c ] Request (ServersAdminTestJSON:test_create_server_with_scheduling_hint): 200 GET http://10.180.1.21/compute/v2.1/servers/e6365eeb-3739-4eae-8a8f-27fc4e726d9f 0.127s
2025-02-17 22:32:24.791 63304 INFO tempest.lib.common.rest_client [req-76a6a9d8-8c3e-4c2b-aa39-7d1e181f063a req-76a6a9d8-8c3e-4c2b-aa39-7d1e181f063a ] Request (ImagesOneServerNegativeTestJSON:_run_cleanups): 200 GET http://10.180.1.21/compute/v2.1/servers/d6a6c979-4668-4bb8-9e40-af48f6fa0afd 0.116s
2025-02-17 22:32:24.813 63330 INFO tempest.lib.common.rest_client [req-b786e43f-a14f-4c7c-8bb0-4248850c0f6c req-b786e43f-a14f-4c7c-8bb0-4248850c0f6c ] Request (MigrationsAdminTest:test_resize_server_revert_deleted_flavor): 200 GET http://10.180.1.21/compute/v2.1/servers/a210b97d-117c-418b-81a2-594ec21dde75 0.125s
2025-02-17 22:32:24.816 63278 INFO tempest.lib.common.rest_client [req-20c35a82-fb46-4a2b-8b2e-eb4ffb8c5942 req-20c35a82-fb46-4a2b-8b2e-eb4ffb8c5942 ] Request (InstanceActionsV221TestJSON:test_get_list_deleted_instance_actions): 404 GET http://10.180.1.21/compute/v2.1/servers/cb2bda24-46b6-4c9e-8f05-213c5ce6483b 0.074s
2025-02-17 22:32:24.935 63314 INFO tempest.lib.common.rest_client [req-8f5cefbc-d469-497d-b1f6-543bdc0dde57 req-8f5cefbc-d469-497d-b1f6-543bdc0dde57 ] Request (ServersTestMultiNic:test_verify_multiple_nics_order): 200 GET http://10.180.1.21/compute/v2.1/servers/bcf452a5-32c1-4181-9650-7d4a5334d8dc 0.062s
2025-02-17 22:32:25.031 63308 INFO tempest.lib.common.rest_client [req-5dde0b20-c1f5-4991-a9f9-cd45d177a7da req-5dde0b20-c1f5-4991-a9f9-cd45d177a7da ] Request (TenantUsagesTestJSON:setUpClass): 200 GET http://10.180.1.21/compute/v2.1/servers/2e85cb3d-2f19-4c85-acd2-e1771a0df42c 0.129s
2025-02-17 22:32:25.086 63282 INFO tempest.lib.common.rest_client [req-85348b85-d1cf-4a06-a61d-bafcd1e850dc req-85348b85-d1cf-4a06-a61d-bafcd1e850dc ] Request (ImagesNegativeTestJSON:test_create_image_from_deleted_server): 200 GET http://10.180.1.21/compute/v2.1/servers/52ba1be4-89df-419b-a8a1-39d9bab1b462 0.162s
2025-02-17 22:32:25.112 63278 INFO tempest.lib.common.rest_client [req-e591c5ee-5933-47ac-be8b-e302cf68dcc5 req-e591c5ee-5933-47ac-be8b-e302cf68dcc5 ] Request (InstanceActionsV221TestJSON:test_get_list_deleted_instance_actions): 200 GET http://10.180.1.21/compute/v2.1/servers/cb2bda24-46b6-4c9e-8f05-213c5ce6483b/os-instance-actions 0.296s
2025-02-17 22:32:25.152 63306 INFO tempest.lib.common.rest_client [req-bc356df4-03ed-4801-8a2e-195a7bcc99db req-bc356df4-03ed-4801-8a2e-195a7bcc99db ] Request (ServerExternalEventsTest:tearDownClass): 200 GET http://10.180.1.21/compute/v2.1/servers/9d9242e0-a1a0-4831-ba31-ef88aeee0577 0.164s
2025-02-17 22:32:25.168 63272 INFO tempest.lib.common.rest_client [req-a63ec84a-a933-4d6b-8829-fe49f23a6b0c req-a63ec84a-a933-4d6b-8829-fe49f23a6b0c ] Request (ServerMetadataTestJSON:setUpClass): 200 GET http://10.180.1.21/compute/v2.1/servers/a7b98e82-7cfa-4d4d-80ca-46f60573d56e 0.106s
2025-02-17 22:32:25.177 63278 INFO tempest.lib.common.rest_client [req-e660ee06-b74c-419e-93de-4496617bd132 req-e660ee06-b74c-419e-93de-4496617bd132 ] Request (InstanceActionsV221TestJSON:tearDownClass): 404 DELETE http://10.180.1.21/compute/v2.1/servers/cb2bda24-46b6-4c9e-8f05-213c5ce6483b 0.061s
2025-02-17 22:32:25.199 63278 INFO tempest.lib.common.rest_client [req-8554262a-1b1e-4ddc-a887-17397f976d3c req-8554262a-1b1e-4ddc-a887-17397f976d3c ] Request (InstanceActionsV221TestJSON:tearDownClass): 404 GET http://10.180.1.21/compute/v2.1/servers/cb2bda24-46b6-4c9e-8f05-213c5ce6483b 0.021s
2025-02-17 22:32:25.283 63270 INFO tempest.lib.common.rest_client [req-abf94515-915d-475c-9da0-89e1d202fa90 req-abf94515-915d-475c-9da0-89e1d202fa90 ] Request (ServersAdminNegativeTestJSON:tearDownClass): 200 GET http://10.180.1.21/compute/v2.1/servers/d06126ca-dc5c-4862-93a0-19071afb4cf6 0.131s
2025-02-17 22:32:25.295 63290 INFO tempest.lib.common.rest_client [req-4148f6d5-aeae-4790-80b7-5aba950ddf61 req-4148f6d5-aeae-4790-80b7-5aba950ddf61 ] Request (DeleteServersAdminTestJSON:test_delete_server_while_in_error_state): 200 GET http://10.180.1.21/compute/v2.1/servers/c7dbf8a7-f220-47be-a479-a1994a7d2664 0.072s
2025-02-17 22:32:25.353 63292 INFO tempest.lib.common.rest_client [req-bcbd4661-3a33-4449-9f78-fff04f2197c1 req-bcbd4661-3a33-4449-9f78-fff04f2197c1 ] Request (DeleteServersTestJSON:test_delete_server_while_in_shelved_state): 200 GET http://10.180.1.21/compute/v2.1/servers/383d7013-3574-4b60-9975-af059d4f8a99 0.084s
2025-02-17 22:32:25.374 63326 INFO tempest.lib.common.rest_client [req-218bc1d9-0870-4280-8c6a-aa2f295f8b96 req-218bc1d9-0870-4280-8c6a-aa2f295f8b96 ] Request (ServerRescueTestJSONUnderV235:setUpClass): 200 GET http://10.180.1.21/compute/v2.1/servers/64d2fdcf-1210-4994-b86c-74bac8aaffb3 0.068s
2025-02-17 22:32:25.594 63310 INFO tempest.lib.common.rest_client [req-58d7bf66-9715-40d1-84aa-466a98152470 req-58d7bf66-9715-40d1-84aa-466a98152470 ] Request (ImagesOneServerTestJSON:tearDownClass): 200 GET http://10.180.1.21/compute/v2.1/servers/9ef50827-25d4-4bc6-8438-76c9cba8df0c 0.098s
2025-02-17 22:32:25.674 63302 INFO tempest.lib.common.rest_client [req-2dd077de-78a6-4e49-bb65-0a356a2648f8 req-2dd077de-78a6-4e49-bb65-0a356a2648f8 ] Request (ServersNegativeTestMultiTenantJSON:tearDownClass): 200 GET http://10.180.1.21/compute/v2.1/servers/5157c346-c7da-488e-b7fd-1dccac3bf61b 0.129s
2025-02-17 22:32:25.695 63298 INFO tempest.lib.common.rest_client [req-03a4c904-4a56-4f5e-9389-91427408a44f req-03a4c904-4a56-4f5e-9389-91427408a44f ] Request (ServerTagsTestJSON:setUpClass): 200 GET http://10.180.1.21/compute/v2.1/servers/57c52d11-f775-4b50-98ba-81fc825362e6 0.087s
2025-02-17 22:32:25.769 63320 INFO tempest.lib.common.rest_client [req-990c58a2-0c56-4812-b631-68d39ba3265c req-990c58a2-0c56-4812-b631-68d39ba3265c ] Request (ServerGroupTestJSON:_run_cleanups): 200 GET http://10.180.1.21/compute/v2.1/servers/cdeedf76-8fe2-45cc-a91e-da4cac486811 0.101s
2025-02-17 22:32:25.804 63318 INFO tempest.lib.common.rest_client [req-6dd86ec9-4846-4730-9527-6e7b7b8841d3 req-6dd86ec9-4846-4730-9527-6e7b7b8841d3 ] Request (ListImageFiltersTestJSON:setUpClass): 200 GET http://10.180.1.21/compute/v2.1/images/f42e0e03-9d69-464f-8ef9-cd0ba05824b1 0.104s
2025-02-17 22:32:25.857 63286 INFO tempest.lib.common.rest_client [req-a89d152d-255e-4eda-ae9d-15a65aea494f req-a89d152d-255e-4eda-ae9d-15a65aea494f ] Request (InstanceActionsTestJSON:setUpClass): 200 GET http://10.180.1.21/compute/v2.1/servers/3e0d91e8-d0e5-48e8-9d76-e540c127d3c4 0.233s
2025-02-17 22:32:25.936 63296 INFO tempest.lib.common.rest_client [req-8779bd5c-dfa0-42e2-b81e-e29ad258f6ba req-8779bd5c-dfa0-42e2-b81e-e29ad258f6ba ] Request (FloatingIPsAssociationTestJSON:tearDownClass): 200 GET http://10.180.1.21/compute/v2.1/servers/00376bf9-716d-4c89-a29d-2c6381ce373a 0.214s
2025-02-17 22:32:25.944 63280 INFO tempest.lib.common.rest_client [req-198613c1-845d-4c09-80d9-6ce4cab80601 req-198613c1-845d-4c09-80d9-6ce4cab80601 ] Request (ServersAdminTestJSON:test_create_server_with_scheduling_hint): 200 GET http://10.180.1.21/compute/v2.1/servers/e6365eeb-3739-4eae-8a8f-27fc4e726d9f 0.181s
2025-02-17 22:32:26.006 63304 INFO tempest.lib.common.rest_client [req-154a26c4-0189-4b4c-a1a6-a86f5dd2bbc6 req-154a26c4-0189-4b4c-a1a6-a86f5dd2bbc6 ] Request (ImagesOneServerNegativeTestJSON:_run_cleanups): 200 GET http://10.180.1.21/compute/v2.1/servers/d6a6c979-4668-4bb8-9e40-af48f6fa0afd 0.205s
2025-02-17 22:32:26.032 63330 INFO tempest.lib.common.rest_client [req-b2a1bd67-b78f-4fd1-9224-0708ab4dbcbb req-b2a1bd67-b78f-4fd1-9224-0708ab4dbcbb ] Request (MigrationsAdminTest:test_resize_server_revert_deleted_flavor): 200 GET http://10.180.1.21/compute/v2.1/servers/a210b97d-117c-418b-81a2-594ec21dde75 0.211s
2025-02-17 22:32:26.064 63314 INFO tempest.lib.common.rest_client [req-229e85d4-6066-4ec6-8d2b-e5b86debc98e req-229e85d4-6066-4ec6-8d2b-e5b86debc98e ] Request (ServersTestMultiNic:test_verify_multiple_nics_order): 200 GET http://10.180.1.21/compute/v2.1/servers/bcf452a5-32c1-4181-9650-7d4a5334d8dc 0.119s
