2025-02-17 22:31:19.546 63290 INFO tempest.lib.common.rest_client [req-c7b49efe-4f89-4763-9f64-afc851793e93 req-c7b49efe-4f89-4763-9f64-afc851793e93 ] Request (DeleteServersAdminTestJSON:test_delete_server_while_in_error_state): 200 GET http://10.180.1.21/compute/v2.1/servers/c7dbf8a7-f220-47be-a479-a1994a7d2664 0.730s
2025-02-17 22:31:19.570 63272 INFO tempest.lib.common.rest_client [req-eee8815d-0160-48cd-a433-7702c0c9fa45 req-eee8815d-0160-48cd-a433-7702c0c9fa45 ] Request (FlavorsAdminTestJSON:test_create_list_flavor_without_extra_data): 200 POST http://10.180.1.21/compute/v2.1/flavors 0.666s
2025-02-17 22:31:19.627 63312 INFO tempest.lib.common.rest_client [req-a92bb489-cfdc-46de-8a10-041aeb52b1d9 req-a92bb489-cfdc-46de-8a10-041aeb52b1d9 ] Request (AttachVolumeTestJSON:test_attach_detach_volume): 200 GET http://10.180.1.21/compute/v2.1/servers/a03640dc-fb3c-4bbb-a5b0-6e01927a2b2d 0.712s
2025-02-17 22:31:19.751 63310 INFO tempest.lib.common.rest_client [req-5bf25625-19b5-414f-9d97-b8d5066ac8d6 req-5bf25625-19b5-414f-9d97-b8d5066ac8d6 ] Request (ImagesOneServerTestJSON:setUpClass): 200 GET http://10.180.1.21/compute/v2.1/servers/9ef50827-25d4-4bc6-8438-76c9cba8df0c 0.877s
2025-02-17 22:31:19.771 63286 INFO tempest.lib.common.rest_client [req-0fff0699-c685-4094-a404-f0e14dba59fc req-0fff0699-c685-4094-a404-f0e14dba59fc ] Request (AbsoluteLimitsNegativeTestJSON:test_max_metadata_exceed_limit): 403 POST http://10.180.1.21/compute/v2.1/servers 0.848s
2025-02-17 22:31:19.835 63306 INFO tempest.lib.common.rest_client [req-63a9a50e-cdbc-4e04-8ce3-6aa1ba9163a9 req-63a9a50e-cdbc-4e04-8ce3-6aa1ba9163a9 ] Request (ServerExternalEventsTest:test_create_server_external_events): 200 GET http://10.180.1.21/compute/v2.1/servers/9d9242e0-a1a0-4831-ba31-ef88aeee0577 0.652s
2025-02-17 22:31:19.907 63286 INFO tempest.lib.common.rest_client [req-2d8b097f-af3a-4080-8c53-58f82f0af806 req-2d8b097f-af3a-4080-8c53-58f82f0af806 ] Request (AbsoluteLimitsNegativeTestJSON:tearDownClass): 204 DELETE http://10.180.1.21/identity/v3/users/d74dd996e1524ba6953267e8da7977ae 0.134s
2025-02-17 22:31:19.907 63286 INFO tempest.lib.common.dynamic_creds [-] Deleting project and security group for project: d47857f5e3204761a2d4ab59f0d51d2b
2025-02-17 22:31:19.935 63330 INFO tempest.lib.common.rest_client [req-9b74012b-ece9-4cdf-b3aa-34450dd3484a req-9b74012b-ece9-4cdf-b3aa-34450dd3484a ] Request (MigrationsAdminTest:test_list_migrations_in_flavor_resize_situation): 200 GET http://10.180.1.21/compute/v2.1/servers/2e7fdade-c4c3-400c-b59a-b77382e4348c 0.504s
2025-02-17 22:31:19.979 63286 INFO tempest.lib.common.rest_client [req-5ac5de9c-8580-4093-a4f8-93e07325856e req-5ac5de9c-8580-4093-a4f8-93e07325856e ] Request (AbsoluteLimitsNegativeTestJSON:tearDownClass): 201 POST http://10.180.1.21/identity/v3/auth/tokens 0.072s
2025-02-17 22:31:20.037 63304 INFO tempest.lib.common.rest_client [req-d94ed612-bb22-4988-a5a9-7bcd626314c0 req-d94ed612-bb22-4988-a5a9-7bcd626314c0 ] Request (ImagesOneServerNegativeTestJSON:tearDown): 200 GET http://10.180.1.21/compute/v2.1/servers/d0b8b4a1-ec46-4f45-aba0-a7ec7572c69b 0.539s
2025-02-17 22:31:20.046 63304 INFO tempest.common.waiters [-] State transition "ACTIVE/image_uploading" ==> "ACTIVE/None" after 6 second wait
2025-02-17 22:31:20.069 63292 INFO tempest.lib.common.rest_client [req-3ebc61b2-5444-49ae-8f41-5d9140487af3 req-3ebc61b2-5444-49ae-8f41-5d9140487af3 ] Request (DeleteServersTestJSON:test_delete_server_while_in_attached_volume): 200 GET http://10.180.1.21/compute/v2.1/servers/38c95ef5-744e-4c32-9cb1-c34868206a85 1.012s
2025-02-17 22:31:20.080 63272 INFO tempest.lib.common.rest_client [req-c15a5bb6-8d78-404a-a9a5-ea45884ace13 req-c15a5bb6-8d78-404a-a9a5-ea45884ace13 ] Request (FlavorsAdminTestJSON:test_create_list_flavor_without_extra_data): 200 GET http://10.180.1.21/compute/v2.1/flavors/1308706857 0.507s
2025-02-17 22:31:20.098 63284 INFO tempest.lib.common.rest_client [req-4595a39e-6e83-4fd7-b8b4-d91226886332 req-4595a39e-6e83-4fd7-b8b4-d91226886332 ] Request (ServersTestManualDisk:setUpClass): 200 GET http://10.180.1.21/compute/v2.1/servers/0ed3f1ae-f140-42a8-9581-aadb93447fbb 0.577s
2025-02-17 22:31:20.151 63328 INFO tempest.lib.common.rest_client [req-553608f1-9ef3-4b46-91b3-28067fefccb3 req-553608f1-9ef3-4b46-91b3-28067fefccb3 ] Request (ServersTestBootFromVolume:setUpClass): 200 GET http://10.180.1.21/compute/v2.1/servers/20f27901-885e-4d03-ae59-077275d85b14 0.561s
2025-02-17 22:31:20.162 63294 INFO tempest.lib.common.rest_client [req-49500a93-26e6-43c7-a7a4-aef977398806 req-49500a93-26e6-43c7-a7a4-aef977398806 ] Request (ServerPasswordTestJSON:tearDownClass): 200 GET http://10.180.1.21/compute/v2.1/servers/74dffe94-f910-4138-8718-b91f083c6f82 0.517s
2025-02-17 22:31:20.169 63294 INFO tempest.common.waiters [-] State transition "ACTIVE/deleting" ==> "DELETED/None" after 5 second wait
2025-02-17 22:31:20.189 63286 INFO tempest.lib.common.rest_client [req-50376ca5-8f2a-4bc7-a96a-3296ddcc420a req-50376ca5-8f2a-4bc7-a96a-3296ddcc420a ] Request (AbsoluteLimitsNegativeTestJSON:tearDownClass): 200 GET http://10.180.1.21:9696/networking/v2.0/security-groups?tenant_id=d47857f5e3204761a2d4ab59f0d51d2b&name=default 0.209s
2025-02-17 22:31:20.239 63298 INFO tempest.lib.common.rest_client [req-a857944a-0e7f-4dcc-be58-7bfb6c8b52a5 req-a857944a-0e7f-4dcc-be58-7bfb6c8b52a5 ] Request (FloatingIPsAssociationNegativeTestJSON:tearDownClass): 200 GET http://10.180.1.21/compute/v2.1/servers/5a51f3a2-66d7-4c40-9429-c2c05b9111ed 0.581s
2025-02-17 22:31:20.250 63308 INFO tempest.lib.common.rest_client [req-f0856f0c-582c-4b28-ba3d-660e7a82b718 req-f0856f0c-582c-4b28-ba3d-660e7a82b718 ] Request (ServersAdmin275Test:tearDownClass): 200 GET http://10.180.1.21/compute/v2.1/servers/422c1d47-c8e5-4db0-bd13-3396a24906b7 0.530s
2025-02-17 22:31:20.296 63286 INFO tempest.lib.common.rest_client [req-d9507b15-2aab-4437-b652-70da62c5c6be req-d9507b15-2aab-4437-b652-70da62c5c6be ] Request (AbsoluteLimitsNegativeTestJSON:tearDownClass): 204 DELETE http://10.180.1.21:9696/networking/v2.0/security-groups/0c284227-2338-4ead-9bbe-15f4ef5d3ced 0.106s
2025-02-17 22:31:20.322 63296 INFO tempest.lib.common.rest_client [req-abe9381b-7347-4642-af69-a9c43bd03cec req-abe9381b-7347-4642-af69-a9c43bd03cec ] Request (FloatingIPsAssociationTestJSON:test_associate_already_associated_floating_ip): 200 GET http://10.180.1.21/compute/v2.1/servers/dedc2fd9-de34-42c9-a178-5fd21ace681c 0.533s
2025-02-17 22:31:20.372 63286 INFO tempest.lib.common.rest_client [req-5d70ab6e-3821-4554-a3af-b61e6874707e req-5d70ab6e-3821-4554-a3af-b61e6874707e ] Request (AbsoluteLimitsNegativeTestJSON:tearDownClass): 204 DELETE http://10.180.1.21/identity/v3/projects/d47857f5e3204761a2d4ab59f0d51d2b 0.075s
2025-02-17 22:31:20.376 63318 INFO tempest.lib.common.rest_client [req-49e989f3-eaa1-406a-b577-06d2326e9c65 req-49e989f3-eaa1-406a-b577-06d2326e9c65 ] Request (ListImageFiltersTestJSON:setUpClass): 200 GET http://10.180.1.21/compute/v2.1/servers/6dbc1cd2-276a-4592-9d70-206b1d1fc144 0.505s
2025-02-17 22:31:20.385 63318 INFO tempest.common.waiters [-] State transition "BUILD/block_device_mapping" ==> "BUILD/spawning" after 27 second wait
2025-02-17 22:31:20.397 63320 INFO tempest.lib.common.rest_client [req-8a97c93e-cc69-4ffa-9aac-3caf30c5b2b5 req-8a97c93e-cc69-4ffa-9aac-3caf30c5b2b5 ] Request (ServerGroupTestJSON:test_create_server_with_scheduler_hint_group): 200 GET http://10.180.1.21/compute/v2.1/servers/cdeedf76-8fe2-45cc-a91e-da4cac486811 0.413s
2025-02-17 22:31:20.430 63332 WARNING tempest.lib.common.ssh [-] Failed to establish authenticated ssh connection to cirros@10.180.180.199 ([Errno None] Unable to connect to port 22 on 10.180.180.199). Number attempts: 5. Retry after 6 seconds.: paramiko.ssh_exception.NoValidConnectionsError: [Errno None] Unable to connect to port 22 on 10.180.180.199
2025-02-17 22:31:20.454 63286 INFO tempest.lib.common.rest_client [req-a430bfa6-63ed-4d8b-acce-0896c45954c5 req-a430bfa6-63ed-4d8b-acce-0896c45954c5 ] Request (InstanceActionsTestJSON:setUpClass): 201 POST http://10.180.1.21/identity/v3/auth/tokens 0.081s
2025-02-17 22:31:20.460 63304 INFO tempest.lib.common.rest_client [req-74bc48ae-e9ab-4e83-adc3-48b6cfc92af3 req-74bc48ae-e9ab-4e83-adc3-48b6cfc92af3 ] Request (ImagesOneServerNegativeTestJSON:_run_cleanups): 204 DELETE http://10.180.1.21/compute/v2.1/servers/d0b8b4a1-ec46-4f45-aba0-a7ec7572c69b 0.413s
2025-02-17 22:31:20.469 63270 INFO tempest.lib.common.rest_client [req-81f3e438-a3c7-4b1c-ba21-c14dbc410cbc req-81f3e438-a3c7-4b1c-ba21-c14dbc410cbc ] Request (ServersAdminNegativeTestJSON:test_migrate_server_invalid_state): 200 GET http://10.180.1.21/compute/v2.1/servers/d06126ca-dc5c-4862-93a0-19071afb4cf6 0.402s
2025-02-17 22:31:20.491 63286 INFO tempest.lib.common.rest_client [req-75561569-d391-4a12-9be8-9717a11d40f7 req-75561569-d391-4a12-9be8-9717a11d40f7 ] Request (InstanceActionsTestJSON:setUpClass): 201 POST http://10.180.1.21/identity/v3/auth/tokens 0.033s
2025-02-17 22:31:20.491 63302 INFO tempest.lib.common.rest_client [req-aabff210-a004-452e-834a-c92386d3545f req-aabff210-a004-452e-834a-c92386d3545f ] Request (ServersNegativeTestMultiTenantJSON:setUpClass): 200 PUT http://10.180.1.21:9696/networking/v2.0/routers/5b113953-4259-448b-be5b-e4f978066e4e/add_router_interface 2.834s
2025-02-17 22:31:20.491 63302 INFO tempest.lib.common.dynamic_creds [-] Created isolated network resources for: credentials: Credentials: {'domain_id': 'default', 'domain_name': 'Default', 'username': 'tempest-ServersNegativeTestMultiTenantJSON-521286574-project-member', 'project_domain_id': 'default', 'project_domain_name': 'Default', 'project_id': 'da7f65bbf7274b83a28bacd8281300f7', 'project_name': 'tempest-ServersNegativeTestMultiTenantJSON-521286574', 'tenant_id': 'da7f65bbf7274b83a28bacd8281300f7', 'tenant_name': 'tempest-ServersNegativeTestMultiTenantJSON-521286574', 'user_domain_id': 'default', 'user_domain_name': 'Default', 'user_id': '61c02734b8204ec2a163b6fc4837e6d9', 'system': None}, Network: {'id': '2e513c95-877e-45a6-9efd-f508098a645a', 'name': 'tempest-ServersNegativeTestMultiTenantJSON-1359291207-network', 'tenant_id': 'da7f65bbf7274b83a28bacd8281300f7', 'admin_state_up': True, 'mtu': 8950, 'status': 'ACTIVE', 'subnets': [], 'shared': False, 'project_id': 'da7f65bbf7274b83a28bacd8281300f7', 'port_security_enabled': True, 'router:external': False, 'provider:network_type': 'vlan', 'provider:physical_network': 'default', 'provider:segmentation_id': 983, 'availability_zone_hints': [], 'availability_zones': [], 'ipv4_address_scope': None, 'ipv6_address_scope': None, 'description': '', 'tags': [], 'created_at': '2025-02-17T22:31:15Z', 'updated_at': '2025-02-17T22:31:15Z', 'revision_number': 1}, Subnet: {'id': '60ddf43e-4fac-4164-89ad-0b7764b19d67', 'name': 'tempest-ServersNegativeTestMultiTenantJSON-1359291207-subnet', 'tenant_id': 'da7f65bbf7274b83a28bacd8281300f7', 'network_id': '2e513c95-877e-45a6-9efd-f508098a645a', 'ip_version': 4, 'subnetpool_id': None, 'enable_dhcp': True, 'ipv6_ra_mode': None, 'ipv6_address_mode': None, 'gateway_ip': '192.168.128.1', 'cidr': '192.168.128.0/28', 'allocation_pools': [{'start': '192.168.128.2', 'end': '192.168.128.14'}], 'host_routes': [], 'dns_nameservers': [], 'description': '', 'router:external': False, 'service_types': [], 'tags': [], 'created_at': '2025-02-17T22:31:16Z', 'updated_at': '2025-02-17T22:31:16Z', 'revision_number': 0, 'project_id': 'da7f65bbf7274b83a28bacd8281300f7'}, Router: {'id': '5b113953-4259-448b-be5b-e4f978066e4e', 'name': 'tempest-ServersNegativeTestMultiTenantJSON-1359291207-router', 'tenant_id': 'da7f65bbf7274b83a28bacd8281300f7', 'admin_state_up': True, 'status': 'ACTIVE', 'external_gateway_info': {'network_id': '0c9f19b5-ce3c-47a1-bef0-03f9015bef20', 'external_fixed_ips': [{'subnet_id': '0412796f-9643-4910-ac20-a56825af3ad1', 'ip_address': '10.180.180.154'}], 'enable_snat': True}, 'description': '', 'availability_zones': [], 'distributed': False, 'ha': False, 'availability_zone_hints': [], 'routes': [], 'flavor_id': None, 'tags': [], 'created_at': '2025-02-17T22:31:16Z', 'updated_at': '2025-02-17T22:31:17Z', 'revision_number': 2, 'project_id': 'da7f65bbf7274b83a28bacd8281300f7'}
2025-02-17 22:31:20.523 63286 INFO tempest.lib.common.rest_client [req-96e46c96-f671-4ee6-9693-4cf9bc8fd379 req-96e46c96-f671-4ee6-9693-4cf9bc8fd379 ] Request (InstanceActionsTestJSON:setUpClass): 200 GET http://10.180.1.21/identity/v3/domains?name=Default 0.031s
2025-02-17 22:31:20.555 63280 INFO tempest.lib.common.rest_client [req-119b3b7f-217f-4854-aaec-1bca28a3a94d req-119b3b7f-217f-4854-aaec-1bca28a3a94d ] Request (ServersAdminTestJSON:setUpClass): 200 GET http://10.180.1.21/compute/v2.1/servers/4c2e1210-69e7-49f0-b850-252afe2dd65e 0.407s
2025-02-17 22:31:20.596 63286 INFO tempest.lib.common.rest_client [req-0884a4bf-2c8e-41f8-8cf4-a9da9af45260 req-0884a4bf-2c8e-41f8-8cf4-a9da9af45260 ] Request (InstanceActionsTestJSON:setUpClass): 201 POST http://10.180.1.21/identity/v3/projects 0.072s
2025-02-17 22:31:20.599 63272 INFO tempest.lib.common.rest_client [req-dd53ca8d-d963-4ea8-b0f5-bb98ad4b1569 req-dd53ca8d-d963-4ea8-b0f5-bb98ad4b1569 ] Request (FlavorsAdminTestJSON:test_create_list_flavor_without_extra_data): 200 GET http://10.180.1.21/compute/v2.1/flavors/detail 0.517s
2025-02-17 22:31:20.601 63302 INFO tempest.lib.common.rest_client [req-8e1efb97-781b-48ac-88e1-d6cd8b38549b req-8e1efb97-781b-48ac-88e1-d6cd8b38549b ] Request (ServersNegativeTestMultiTenantJSON:setUpClass): 201 POST http://10.180.1.21/identity/v3/auth/tokens 0.105s
2025-02-17 22:31:20.659 63286 INFO tempest.lib.common.rest_client [req-38998b02-9c28-4f0f-97b0-be77a45e4964 req-38998b02-9c28-4f0f-97b0-be77a45e4964 ] Request (InstanceActionsTestJSON:setUpClass): 201 POST http://10.180.1.21/identity/v3/users 0.063s
2025-02-17 22:31:20.669 63302 INFO tempest.lib.common.rest_client [req-2b3d25a2-fb34-474f-8c7a-651671dae8d0 req-2b3d25a2-fb34-474f-8c7a-651671dae8d0 ] Request (ServersNegativeTestMultiTenantJSON:setUpClass): 201 POST http://10.180.1.21/identity/v3/auth/tokens 0.064s
2025-02-17 22:31:20.669 63302 INFO tempest.lib.common.fixed_network [-] (ServersNegativeTestMultiTenantJSON:setUpClass) Found network {'id': 'f8226451-2205-4323-ba09-4ff0d3749970', 'name': 'tempest-ServersNegativeTestMultiTenantJSON-1198266533-network', 'tenant_id': '9c0fa30b00214fe9b5d6578b30a7dd9b', 'admin_state_up': True, 'mtu': 8950, 'status': 'ACTIVE', 'subnets': [], 'shared': False, 'project_id': '9c0fa30b00214fe9b5d6578b30a7dd9b', 'port_security_enabled': True, 'router:external': False, 'provider:network_type': 'vlan', 'provider:physical_network': 'default', 'provider:segmentation_id': 236, 'availability_zone_hints': [], 'availability_zones': [], 'ipv4_address_scope': None, 'ipv6_address_scope': None, 'description': '', 'tags': [], 'created_at': '2025-02-17T22:31:11Z', 'updated_at': '2025-02-17T22:31:11Z', 'revision_number': 1} available for tenant
2025-02-17 22:31:20.679 63286 INFO tempest.lib.common.rest_client [req-2f90c685-e144-4a82-9f2d-06e52db53f80 req-2f90c685-e144-4a82-9f2d-06e52db53f80 ] Request (InstanceActionsTestJSON:setUpClass): 200 GET http://10.180.1.21/identity/v3/roles 0.020s
2025-02-17 22:31:20.680 63282 INFO tempest.lib.common.rest_client [req-92cc5435-85b3-4e2d-a5ea-1642ca435a5b req-92cc5435-85b3-4e2d-a5ea-1642ca435a5b ] Request (ServerDiagnosticsV248Test:tearDownClass): 200 GET http://10.180.1.21/compute/v2.1/servers/864ef1f8-1091-4d3c-a52a-53b0df805ffe 0.262s
2025-02-17 22:31:20.686 63300 WARNING tempest.lib.common.ssh [-] Failed to establish authenticated ssh connection to cirros@10.180.180.145 ([Errno None] Unable to connect to port 22 on 10.180.180.145). Number attempts: 4. Retry after 5 seconds.: paramiko.ssh_exception.NoValidConnectionsError: [Errno None] Unable to connect to port 22 on 10.180.180.145
2025-02-17 22:31:20.710 63286 INFO tempest.lib.common.rest_client [req-3d7ecf63-7904-4ab8-84a8-0de116bd87b0 req-3d7ecf63-7904-4ab8-84a8-0de116bd87b0 ] Request (InstanceActionsTestJSON:setUpClass): 204 PUT http://10.180.1.21/identity/v3/projects/a317aabf25624d2b84723f14d3cf3c3d/users/651c368ef55642e5a785637ab180af44/roles/0eb393c96013484a93382f93f7abb624 0.031s
2025-02-17 22:31:20.711 63286 INFO tempest.lib.common.dynamic_creds [-] Dynamic test user 651c368ef55642e5a785637ab180af44 is created with scope project and roles: ['member']
2025-02-17 22:31:20.711 63286 INFO tempest.lib.common.dynamic_creds [-] Acquired dynamic creds: credentials: Credentials: {'domain_id': 'default', 'domain_name': 'Default', 'username': 'tempest-InstanceActionsTestJSON-1201191675-project-member', 'project_domain_id': 'default', 'project_domain_name': 'Default', 'project_id': 'a317aabf25624d2b84723f14d3cf3c3d', 'project_name': 'tempest-InstanceActionsTestJSON-1201191675', 'tenant_id': 'a317aabf25624d2b84723f14d3cf3c3d', 'tenant_name': 'tempest-InstanceActionsTestJSON-1201191675', 'user_domain_id': 'default', 'user_domain_name': 'Default', 'user_id': '651c368ef55642e5a785637ab180af44', 'system': None}, Network: None, Subnet: None, Router: None
2025-02-17 22:31:20.728 63314 INFO tempest.lib.common.rest_client [req-1bb326dc-24e3-4b69-9012-d6de2a1104b4 req-1bb326dc-24e3-4b69-9012-d6de2a1104b4 ] Request (ServersTestMultiNic:test_verify_duplicate_network_nics): 200 GET http://10.180.1.21/compute/v2.1/servers/c84b0e7f-c973-42df-9d94-2e06f52a67d4 0.397s
2025-02-17 22:31:20.765 63286 INFO tempest.lib.common.rest_client [req-537d49ef-da35-4072-8a78-5d3d5c96012b req-537d49ef-da35-4072-8a78-5d3d5c96012b ] Request (InstanceActionsTestJSON:setUpClass): 201 POST http://10.180.1.21/identity/v3/auth/tokens 0.054s
2025-02-17 22:31:20.769 63304 INFO tempest.lib.common.rest_client [req-27a72df8-a9b1-4e4d-9f7a-5599012da5c1 req-27a72df8-a9b1-4e4d-9f7a-5599012da5c1 ] Request (ImagesOneServerNegativeTestJSON:_run_cleanups): 200 GET http://10.180.1.21/compute/v2.1/servers/d0b8b4a1-ec46-4f45-aba0-a7ec7572c69b 0.305s
2025-02-17 22:31:20.777 63278 INFO tempest.lib.common.rest_client [req-0c6a48dc-2f96-4a0e-84c9-512cbdff73d0 req-0c6a48dc-2f96-4a0e-84c9-512cbdff73d0 ] Request (InstanceActionsV221TestJSON:test_get_list_deleted_instance_actions): 200 GET http://10.180.1.21/compute/v2.1/servers/cb2bda24-46b6-4c9e-8f05-213c5ce6483b 0.291s
2025-02-17 22:31:20.816 63326 INFO tempest.lib.common.rest_client [req-56cd9a74-50ed-483b-8459-4e1bcf21ed85 req-56cd9a74-50ed-483b-8459-4e1bcf21ed85 ] Request (InstanceActionsNegativeTestJSON:tearDownClass): 200 GET http://10.180.1.21/compute/v2.1/servers/14aa865c-40c8-4834-896b-c9284cfd73bd 0.299s
2025-02-17 22:31:20.827 63290 INFO tempest.lib.common.rest_client [req-78c45e31-f309-4629-9a89-63bbe05371b3 req-78c45e31-f309-4629-9a89-63bbe05371b3 ] Request (DeleteServersAdminTestJSON:test_delete_server_while_in_error_state): 200 GET http://10.180.1.21/compute/v2.1/servers/c7dbf8a7-f220-47be-a479-a1994a7d2664 0.269s
2025-02-17 22:31:20.841 63272 INFO tempest.lib.common.rest_client [req-56787a1f-5d8d-4348-85e9-1cb363c5dcd0 req-56787a1f-5d8d-4348-85e9-1cb363c5dcd0 ] Request (FlavorsAdminTestJSON:_run_cleanups): 202 DELETE http://10.180.1.21/compute/v2.1/flavors/1308706857 0.236s
2025-02-17 22:31:20.886 63312 INFO tempest.lib.common.rest_client [req-34961672-ea5f-449d-9430-51626f476fa1 req-34961672-ea5f-449d-9430-51626f476fa1 ] Request (AttachVolumeTestJSON:test_attach_detach_volume): 200 GET http://10.180.1.21/compute/v2.1/servers/a03640dc-fb3c-4bbb-a5b0-6e01927a2b2d 0.249s
2025-02-17 22:31:21.017 63310 INFO tempest.lib.common.rest_client [req-b841ae88-1bc2-464c-8357-6dd8b1613ff4 req-b841ae88-1bc2-464c-8357-6dd8b1613ff4 ] Request (ImagesOneServerTestJSON:setUpClass): 200 GET http://10.180.1.21/compute/v2.1/servers/9ef50827-25d4-4bc6-8438-76c9cba8df0c 0.258s
2025-02-17 22:31:21.024 63286 INFO tempest.lib.common.rest_client [req-d001ea77-095d-4006-92ca-af8795261f9a req-d001ea77-095d-4006-92ca-af8795261f9a ] Request (InstanceActionsTestJSON:setUpClass): 201 POST http://10.180.1.21:9696/networking/v2.0/networks 0.258s
2025-02-17 22:31:21.042 63272 INFO tempest.lib.common.rest_client [req-790e7de4-0363-451b-abde-f2d0c86e46c6 req-790e7de4-0363-451b-abde-f2d0c86e46c6 ] Request (FlavorsAdminTestJSON:_run_cleanups): 200 GET http://10.180.1.21/compute/v2.1/flavors/detail 0.200s
2025-02-17 22:31:21.106 63306 INFO tempest.lib.common.rest_client [req-63ddba47-be7b-4d0b-a8ec-608b0035210f req-63ddba47-be7b-4d0b-a8ec-608b0035210f ] Request (ServerExternalEventsTest:test_create_server_external_events): 200 GET http://10.180.1.21/compute/v2.1/servers/9d9242e0-a1a0-4831-ba31-ef88aeee0577 0.263s
2025-02-17 22:31:21.282 63302 INFO tempest.lib.common.rest_client [req-29bbd3ad-3d17-40da-9a9d-d893e452ec51 req-29bbd3ad-3d17-40da-9a9d-d893e452ec51 ] Request (ServersNegativeTestMultiTenantJSON:setUpClass): 202 POST http://10.180.1.21/compute/v2.1/servers 0.612s
2025-02-17 22:31:21.303 63272 INFO tempest.lib.common.rest_client [req-9280b153-15f6-473b-8554-b9b6e26965ad req-9280b153-15f6-473b-8554-b9b6e26965ad ] Request (FlavorsAdminTestJSON:test_create_server_with_non_public_flavor): 200 POST http://10.180.1.21/compute/v2.1/flavors 0.253s
2025-02-17 22:31:21.342 63330 INFO tempest.lib.common.rest_client [req-242a7104-4e79-41ad-b8d0-b26aaeddd17d req-242a7104-4e79-41ad-b8d0-b26aaeddd17d ] Request (MigrationsAdminTest:test_list_migrations_in_flavor_resize_situation): 200 GET http://10.180.1.21/compute/v2.1/servers/2e7fdade-c4c3-400c-b59a-b77382e4348c 0.392s
2025-02-17 22:31:21.373 63286 INFO tempest.lib.common.rest_client [req-6220bfaf-4085-4473-85dc-58e34f13561b req-6220bfaf-4085-4473-85dc-58e34f13561b ] Request (InstanceActionsTestJSON:setUpClass): 201 POST http://10.180.1.21:9696/networking/v2.0/subnets 0.349s
2025-02-17 22:31:21.411 63284 INFO tempest.lib.common.rest_client [req-55dd599e-8843-4aa1-ab5b-40f2211f99d1 req-55dd599e-8843-4aa1-ab5b-40f2211f99d1 ] Request (ServersTestManualDisk:setUpClass): 200 GET http://10.180.1.21/compute/v2.1/servers/0ed3f1ae-f140-42a8-9581-aadb93447fbb 0.304s
2025-02-17 22:31:21.455 63292 INFO tempest.lib.common.rest_client [req-e26a89c1-8a2c-487a-8667-f54c8493f2a1 req-e26a89c1-8a2c-487a-8667-f54c8493f2a1 ] Request (DeleteServersTestJSON:test_delete_server_while_in_attached_volume): 200 GET http://10.180.1.21/compute/v2.1/servers/38c95ef5-744e-4c32-9cb1-c34868206a85 0.375s
2025-02-17 22:31:21.486 63328 INFO tempest.lib.common.rest_client [req-ce65e995-e6bd-42d1-ba9e-45c9379071dc req-ce65e995-e6bd-42d1-ba9e-45c9379071dc ] Request (ServersTestBootFromVolume:setUpClass): 200 GET http://10.180.1.21/compute/v2.1/servers/20f27901-885e-4d03-ae59-077275d85b14 0.321s
2025-02-17 22:31:21.530 63294 INFO tempest.lib.common.rest_client [req-dd177711-27d6-436b-a8f0-0210ea1c5ab3 req-dd177711-27d6-436b-a8f0-0210ea1c5ab3 ] Request (ServerPasswordTestJSON:tearDownClass): 200 GET http://10.180.1.21/compute/v2.1/servers/74dffe94-f910-4138-8718-b91f083c6f82 0.359s
2025-02-17 22:31:21.602 63308 INFO tempest.lib.common.rest_client [req-b251b959-7294-456a-9829-82500719758c req-b251b959-7294-456a-9829-82500719758c ] Request (ServersAdmin275Test:tearDownClass): 200 GET http://10.180.1.21/compute/v2.1/servers/422c1d47-c8e5-4db0-bd13-3396a24906b7 0.336s
2025-02-17 22:31:21.657 63302 INFO tempest.lib.common.rest_client [req-01103c81-9bc7-420f-bb18-3eb99caaf013 req-01103c81-9bc7-420f-bb18-3eb99caaf013 ] Request (ServersNegativeTestMultiTenantJSON:setUpClass): 200 GET http://10.180.1.21/compute/v2.1/servers/5157c346-c7da-488e-b7fd-1dccac3bf61b 0.371s
2025-02-17 22:31:21.671 63272 INFO tempest.lib.common.rest_client [req-6d90b2b3-8867-4059-96de-20870b3fbf88 req-6d90b2b3-8867-4059-96de-20870b3fbf88 ] Request (FlavorsAdminTestJSON:test_create_server_with_non_public_flavor): 400 POST http://10.180.1.21/compute/v2.1/servers 0.363s
2025-02-17 22:31:21.718 63296 INFO tempest.lib.common.rest_client [req-194d6238-0f24-41f1-a7ab-f31b01ef3d05 req-194d6238-0f24-41f1-a7ab-f31b01ef3d05 ] Request (FloatingIPsAssociationTestJSON:test_associate_already_associated_floating_ip): 200 GET http://10.180.1.21/compute/v2.1/servers/dedc2fd9-de34-42c9-a178-5fd21ace681c 0.379s
2025-02-17 22:31:21.767 63298 INFO tempest.lib.common.rest_client [req-0243d3d8-27f5-44c1-9d9a-6181b4577457 req-0243d3d8-27f5-44c1-9d9a-6181b4577457 ] Request (FloatingIPsAssociationNegativeTestJSON:tearDownClass): 200 GET http://10.180.1.21/compute/v2.1/servers/5a51f3a2-66d7-4c40-9429-c2c05b9111ed 0.515s
2025-02-17 22:31:21.814 63318 INFO tempest.lib.common.rest_client [req-afb71371-61ff-4378-8260-a0037f53a217 req-afb71371-61ff-4378-8260-a0037f53a217 ] Request (ListImageFiltersTestJSON:setUpClass): 200 GET http://10.180.1.21/compute/v2.1/servers/6dbc1cd2-276a-4592-9d70-206b1d1fc144 0.428s
2025-02-17 22:31:21.851 63320 INFO tempest.lib.common.rest_client [req-bbfdfbe7-f9dd-4409-b58c-4423a46b254c req-bbfdfbe7-f9dd-4409-b58c-4423a46b254c ] Request (ServerGroupTestJSON:test_create_server_with_scheduler_hint_group): 200 GET http://10.180.1.21/compute/v2.1/servers/cdeedf76-8fe2-45cc-a91e-da4cac486811 0.441s
2025-02-17 22:31:21.872 63270 INFO tempest.lib.common.rest_client [req-18115ea3-0a66-4b4e-82c9-8257190119ee req-18115ea3-0a66-4b4e-82c9-8257190119ee ] Request (ServersAdminNegativeTestJSON:test_migrate_server_invalid_state): 200 GET http://10.180.1.21/compute/v2.1/servers/d06126ca-dc5c-4862-93a0-19071afb4cf6 0.386s
2025-02-17 22:31:21.896 63272 INFO tempest.lib.common.rest_client [req-9723f4e6-98e4-452b-b7bc-082d70b1e806 req-9723f4e6-98e4-452b-b7bc-082d70b1e806 ] Request (FlavorsAdminTestJSON:_run_cleanups): 202 DELETE http://10.180.1.21/compute/v2.1/flavors/209850003 0.224s
2025-02-17 22:31:21.937 63280 INFO tempest.lib.common.rest_client [req-43837114-50d6-4f9e-8a63-2aff9f04a4d2 req-43837114-50d6-4f9e-8a63-2aff9f04a4d2 ] Request (ServersAdminTestJSON:setUpClass): 200 GET http://10.180.1.21/compute/v2.1/servers/4c2e1210-69e7-49f0-b850-252afe2dd65e 0.369s
2025-02-17 22:31:21.968 63282 INFO tempest.lib.common.rest_client [req-aa8b0937-8c13-45ed-ac86-e41020f6f0e6 req-aa8b0937-8c13-45ed-ac86-e41020f6f0e6 ] Request (ServerDiagnosticsV248Test:tearDownClass): 200 GET http://10.180.1.21/compute/v2.1/servers/864ef1f8-1091-4d3c-a52a-53b0df805ffe 0.279s
2025-02-17 22:31:22.188 63314 INFO tempest.lib.common.rest_client [req-f3ad9ba7-6d4d-4cf2-8c45-cc9846e8377a req-f3ad9ba7-6d4d-4cf2-8c45-cc9846e8377a ] Request (ServersTestMultiNic:test_verify_duplicate_network_nics): 200 GET http://10.180.1.21/compute/v2.1/servers/c84b0e7f-c973-42df-9d94-2e06f52a67d4 0.452s
2025-02-17 22:31:22.269 63278 INFO tempest.lib.common.rest_client [req-5f5ebd9b-317e-40ec-aa5e-042c32de65e8 req-5f5ebd9b-317e-40ec-aa5e-042c32de65e8 ] Request (InstanceActionsV221TestJSON:test_get_list_deleted_instance_actions): 200 GET http://10.180.1.21/compute/v2.1/servers/cb2bda24-46b6-4c9e-8f05-213c5ce6483b 0.482s
2025-02-17 22:31:22.335 63304 INFO tempest.lib.common.rest_client [req-7e37c791-83e9-41bb-9d24-c7e9ae3d34b3 req-7e37c791-83e9-41bb-9d24-c7e9ae3d34b3 ] Request (ImagesOneServerNegativeTestJSON:_run_cleanups): 200 GET http://10.180.1.21/compute/v2.1/servers/d0b8b4a1-ec46-4f45-aba0-a7ec7572c69b 0.558s
2025-02-17 22:31:22.363 63326 INFO tempest.lib.common.rest_client [req-0ee8a213-4a79-44ff-915e-cf7d8223415b req-0ee8a213-4a79-44ff-915e-cf7d8223415b ] Request (InstanceActionsNegativeTestJSON:tearDownClass): 200 GET http://10.180.1.21/compute/v2.1/servers/14aa865c-40c8-4834-896b-c9284cfd73bd 0.539s
2025-02-17 22:31:22.374 63326 INFO tempest.common.waiters [-] State transition "ACTIVE/deleting" ==> "DELETED/None" after 5 second wait
2025-02-17 22:31:22.400 63290 INFO tempest.lib.common.rest_client [req-f68321b9-4e05-46b0-88a6-3607f0c8c10f req-f68321b9-4e05-46b0-88a6-3607f0c8c10f ] Request (DeleteServersAdminTestJSON:test_delete_server_while_in_error_state): 200 GET http://10.180.1.21/compute/v2.1/servers/c7dbf8a7-f220-47be-a479-a1994a7d2664 0.563s
2025-02-17 22:31:22.427 63312 INFO tempest.lib.common.rest_client [req-adb0483a-0159-441b-825f-90967540607e req-adb0483a-0159-441b-825f-90967540607e ] Request (AttachVolumeTestJSON:test_attach_detach_volume): 200 GET http://10.180.1.21/compute/v2.1/servers/a03640dc-fb3c-4bbb-a5b0-6e01927a2b2d 0.532s
2025-02-17 22:31:22.434 63272 INFO tempest.lib.common.rest_client [req-6dbc2153-1a54-4506-b3dc-15646f611a1d req-6dbc2153-1a54-4506-b3dc-15646f611a1d ] Request (FlavorsAdminTestJSON:_run_cleanups): 200 GET http://10.180.1.21/compute/v2.1/flavors/detail 0.537s
2025-02-17 22:31:22.492 63306 INFO tempest.lib.common.rest_client [req-e5fa7fc2-ab65-4e64-ad41-b091098976ef req-e5fa7fc2-ab65-4e64-ad41-b091098976ef ] Request (ServerExternalEventsTest:test_create_server_external_events): 200 GET http://10.180.1.21/compute/v2.1/servers/9d9242e0-a1a0-4831-ba31-ef88aeee0577 0.377s
2025-02-17 22:31:22.622 63330 INFO tempest.lib.common.rest_client [req-78ea586a-4300-4dea-bb40-b011b7ca0c5d req-78ea586a-4300-4dea-bb40-b011b7ca0c5d ] Request (MigrationsAdminTest:test_list_migrations_in_flavor_resize_situation): 200 GET http://10.180.1.21/compute/v2.1/servers/2e7fdade-c4c3-400c-b59a-b77382e4348c 0.262s
2025-02-17 22:31:22.680 63310 INFO tempest.lib.common.rest_client [req-c6d48661-ed23-4110-8d4d-737a0e8cd8b5 req-c6d48661-ed23-4110-8d4d-737a0e8cd8b5 ] Request (ImagesOneServerTestJSON:setUpClass): 200 GET http://10.180.1.21/compute/v2.1/servers/9ef50827-25d4-4bc6-8438-76c9cba8df0c 0.652s
2025-02-17 22:31:22.694 63284 INFO tempest.lib.common.rest_client [req-1207cba7-8edc-408d-a238-456ace1f7d2d req-1207cba7-8edc-408d-a238-456ace1f7d2d ] Request (ServersTestManualDisk:setUpClass): 200 GET http://10.180.1.21/compute/v2.1/servers/0ed3f1ae-f140-42a8-9581-aadb93447fbb 0.273s
2025-02-17 22:31:22.694 63310 INFO tempest.common.waiters [-] State transition "BUILD/spawning" ==> "ACTIVE/None" after 30 second wait
2025-02-17 22:31:22.708 63272 INFO tempest.lib.common.rest_client [req-06d4f433-d936-4954-a879-118aea6ac9dd req-06d4f433-d936-4954-a879-118aea6ac9dd ] Request (FlavorsAdminTestJSON:test_is_public_string_variations): 200 POST http://10.180.1.21/compute/v2.1/flavors 0.266s
2025-02-17 22:31:22.763 63328 INFO tempest.lib.common.rest_client [req-1e3f03b1-1981-4a0d-bba8-d74bd2804aef req-1e3f03b1-1981-4a0d-bba8-d74bd2804aef ] Request (ServersTestBootFromVolume:setUpClass): 200 GET http://10.180.1.21/compute/v2.1/servers/20f27901-885e-4d03-ae59-077275d85b14 0.264s
2025-02-17 22:31:22.792 63292 INFO tempest.lib.common.rest_client [req-142b874a-07e4-4fde-a4ae-fbf51bd0515d req-142b874a-07e4-4fde-a4ae-fbf51bd0515d ] Request (DeleteServersTestJSON:test_delete_server_while_in_attached_volume): 200 GET http://10.180.1.21/compute/v2.1/servers/38c95ef5-744e-4c32-9cb1-c34868206a85 0.330s
2025-02-17 22:31:22.849 63294 INFO tempest.lib.common.rest_client [req-3f6e8ce9-0c87-4e6e-afba-4d44ab42aebf req-3f6e8ce9-0c87-4e6e-afba-4d44ab42aebf ] Request (ServerPasswordTestJSON:tearDownClass): 200 GET http://10.180.1.21/compute/v2.1/servers/74dffe94-f910-4138-8718-b91f083c6f82 0.306s
2025-02-17 22:31:22.864 63308 INFO tempest.lib.common.rest_client [req-801e5786-60ea-492c-9496-22b545c555d8 req-801e5786-60ea-492c-9496-22b545c555d8 ] Request (ServersAdmin275Test:tearDownClass): 200 GET http://10.180.1.21/compute/v2.1/servers/422c1d47-c8e5-4db0-bd13-3396a24906b7 0.251s
2025-02-17 22:31:22.910 63302 INFO tempest.lib.common.rest_client [req-f4304140-5ad7-421f-a6eb-c3c2ee7bb003 req-f4304140-5ad7-421f-a6eb-c3c2ee7bb003 ] Request (ServersNegativeTestMultiTenantJSON:setUpClass): 200 GET http://10.180.1.21/compute/v2.1/servers/5157c346-c7da-488e-b7fd-1dccac3bf61b 0.243s
2025-02-17 22:31:22.927 63272 INFO tempest.lib.common.rest_client [req-cd317454-63dc-4448-a4e6-91086b5b58b6 req-cd317454-63dc-4448-a4e6-91086b5b58b6 ] Request (FlavorsAdminTestJSON:test_is_public_string_variations): 200 POST http://10.180.1.21/compute/v2.1/flavors 0.217s
2025-02-17 22:31:22.990 63296 INFO tempest.lib.common.rest_client [req-ba06e165-e4e7-44f0-b19d-0de727dc3b82 req-ba06e165-e4e7-44f0-b19d-0de727dc3b82 ] Request (FloatingIPsAssociationTestJSON:test_associate_already_associated_floating_ip): 200 GET http://10.180.1.21/compute/v2.1/servers/dedc2fd9-de34-42c9-a178-5fd21ace681c 0.262s
2025-02-17 22:31:23.064 63298 INFO tempest.lib.common.rest_client [req-feefd2d8-01b5-4c14-bbd8-50c569d09b59 req-feefd2d8-01b5-4c14-bbd8-50c569d09b59 ] Request (FloatingIPsAssociationNegativeTestJSON:tearDownClass): 200 GET http://10.180.1.21/compute/v2.1/servers/5a51f3a2-66d7-4c40-9429-c2c05b9111ed 0.289s
2025-02-17 22:31:23.157 63286 INFO tempest.lib.common.rest_client [req-cb270766-46eb-4743-9709-dcd074572f1e req-cb270766-46eb-4743-9709-dcd074572f1e ] Request (InstanceActionsTestJSON:setUpClass): 201 POST http://10.180.1.21:9696/networking/v2.0/routers 1.783s
2025-02-17 22:31:23.173 63318 INFO tempest.lib.common.rest_client [req-31742a9d-55c0-4b99-9713-bd7a0ee456e0 req-31742a9d-55c0-4b99-9713-bd7a0ee456e0 ] Request (ListImageFiltersTestJSON:setUpClass): 200 GET http://10.180.1.21/compute/v2.1/servers/6dbc1cd2-276a-4592-9d70-206b1d1fc144 0.348s
2025-02-17 22:31:23.223 63320 INFO tempest.lib.common.rest_client [req-57f38a29-3bd9-430a-bf14-44ce39df0ebd req-57f38a29-3bd9-430a-bf14-44ce39df0ebd ] Request (ServerGroupTestJSON:test_create_server_with_scheduler_hint_group): 200 GET http://10.180.1.21/compute/v2.1/servers/cdeedf76-8fe2-45cc-a91e-da4cac486811 0.364s
2025-02-17 22:31:23.276 63270 INFO tempest.lib.common.rest_client [req-bf84149a-46d3-47de-a780-71732bf5bca2 req-bf84149a-46d3-47de-a780-71732bf5bca2 ] Request (ServersAdminNegativeTestJSON:test_migrate_server_invalid_state): 200 GET http://10.180.1.21/compute/v2.1/servers/d06126ca-dc5c-4862-93a0-19071afb4cf6 0.391s
2025-02-17 22:31:23.294 63272 INFO tempest.lib.common.rest_client [req-73a21fef-e162-4b49-a278-6b805cacf476 req-73a21fef-e162-4b49-a278-6b805cacf476 ] Request (FlavorsAdminTestJSON:test_is_public_string_variations): 200 GET http://10.180.1.21/compute/v2.1/flavors/detail?is_public=f 0.363s
2025-02-17 22:31:23.360 63280 INFO tempest.lib.common.rest_client [req-55dbad58-2950-4df3-b0af-9de349a7ed36 req-55dbad58-2950-4df3-b0af-9de349a7ed36 ] Request (ServersAdminTestJSON:setUpClass): 200 GET http://10.180.1.21/compute/v2.1/servers/4c2e1210-69e7-49f0-b850-252afe2dd65e 0.409s
2025-02-17 22:31:23.378 63310 INFO tempest.lib.common.rest_client [req-88d5ae37-4c26-4f24-9b27-84b443f145b6 req-88d5ae37-4c26-4f24-9b27-84b443f145b6 ] Request (ImagesOneServerTestJSON:test_create_delete_image): 202 POST http://10.180.1.21/compute/v2.1/servers/9ef50827-25d4-4bc6-8438-76c9cba8df0c/action 0.684s
2025-02-17 22:31:23.451 63282 INFO tempest.lib.common.rest_client [req-62437f74-a724-4252-b521-6aa99a78b189 req-62437f74-a724-4252-b521-6aa99a78b189 ] Request (ServerDiagnosticsV248Test:tearDownClass): 200 GET http://10.180.1.21/compute/v2.1/servers/864ef1f8-1091-4d3c-a52a-53b0df805ffe 0.469s
2025-02-17 22:31:23.528 63314 INFO tempest.lib.common.rest_client [req-55d40a82-b1ac-4a78-ad63-5fc36ba4f226 req-55d40a82-b1ac-4a78-ad63-5fc36ba4f226 ] Request (ServersTestMultiNic:test_verify_duplicate_network_nics): 200 GET http://10.180.1.21/compute/v2.1/servers/c84b0e7f-c973-42df-9d94-2e06f52a67d4 0.327s
2025-02-17 22:31:23.528 63278 INFO tempest.lib.common.rest_client [req-1e6ec8dc-e95c-4094-a246-8bdeeaa63e8e req-1e6ec8dc-e95c-4094-a246-8bdeeaa63e8e ] Request (InstanceActionsV221TestJSON:test_get_list_deleted_instance_actions): 200 GET http://10.180.1.21/compute/v2.1/servers/cb2bda24-46b6-4c9e-8f05-213c5ce6483b 0.250s
2025-02-17 22:31:23.558 63272 INFO tempest.lib.common.rest_client [req-7c4829e5-b76f-474d-bc1e-aca181957fab req-7c4829e5-b76f-474d-bc1e-aca181957fab ] Request (FlavorsAdminTestJSON:test_is_public_string_variations): 200 GET http://10.180.1.21/compute/v2.1/flavors/detail?is_public=false 0.261s
2025-02-17 22:31:23.592 63304 INFO tempest.lib.common.rest_client [req-ef99748e-55bd-40c6-b14b-4e6e12c812f0 req-ef99748e-55bd-40c6-b14b-4e6e12c812f0 ] Request (ImagesOneServerNegativeTestJSON:_run_cleanups): 200 GET http://10.180.1.21/compute/v2.1/servers/d0b8b4a1-ec46-4f45-aba0-a7ec7572c69b 0.242s
2025-02-17 22:31:23.637 63310 INFO tempest.lib.common.rest_client [req-cc31253e-036b-4bf0-995c-b94d1cfe1b8c req-cc31253e-036b-4bf0-995c-b94d1cfe1b8c ] Request (ImagesOneServerTestJSON:test_create_delete_image): 200 GET http://10.180.1.21/compute/v2.1/images/3341d510-4591-4959-9e6b-beec9107bff8 0.257s
2025-02-17 22:31:23.642 63326 INFO tempest.lib.common.rest_client [req-fde8a77a-0d81-4a1a-a0d9-dc8825c9b6f5 req-fde8a77a-0d81-4a1a-a0d9-dc8825c9b6f5 ] Request (InstanceActionsNegativeTestJSON:tearDownClass): 200 GET http://10.180.1.21/compute/v2.1/servers/14aa865c-40c8-4834-896b-c9284cfd73bd 0.267s
2025-02-17 22:31:23.692 63290 INFO tempest.lib.common.rest_client [req-98167429-4d05-4ce9-839e-0003ba58dba7 req-98167429-4d05-4ce9-839e-0003ba58dba7 ] Request (DeleteServersAdminTestJSON:test_delete_server_while_in_error_state): 200 GET http://10.180.1.21/compute/v2.1/servers/c7dbf8a7-f220-47be-a479-a1994a7d2664 0.281s
2025-02-17 22:31:23.703 63312 INFO tempest.lib.common.rest_client [req-f5d86bdd-25ff-410f-848d-348caf96fe92 req-f5d86bdd-25ff-410f-848d-348caf96fe92 ] Request (AttachVolumeTestJSON:test_attach_detach_volume): 200 GET http://10.180.1.21/compute/v2.1/servers/a03640dc-fb3c-4bbb-a5b0-6e01927a2b2d 0.269s
2025-02-17 22:31:23.718 63272 INFO tempest.lib.common.rest_client [req-1ba3241b-ed25-49ac-90c5-2e67b869da8d req-1ba3241b-ed25-49ac-90c5-2e67b869da8d ] Request (FlavorsAdminTestJSON:test_is_public_string_variations): 200 GET http://10.180.1.21/compute/v2.1/flavors/detail?is_public=no 0.157s
2025-02-17 22:31:23.745 63306 INFO tempest.lib.common.rest_client [req-1bc593cf-d8cb-478b-9b79-51d63a3fd152 req-1bc593cf-d8cb-478b-9b79-51d63a3fd152 ] Request (ServerExternalEventsTest:test_create_server_external_events): 200 GET http://10.180.1.21/compute/v2.1/servers/9d9242e0-a1a0-4831-ba31-ef88aeee0577 0.234s
2025-02-17 22:31:23.753 63306 INFO tempest.common.waiters [-] State transition "BUILD/scheduling" ==> "BUILD/None" after 17 second wait
2025-02-17 22:31:23.796 63284 INFO tempest.lib.common.rest_client [req-6c9c63f8-5304-4b6f-b457-e910df21e64a req-6c9c63f8-5304-4b6f-b457-e910df21e64a ] Request (ServersTestManualDisk:setUpClass): 200 GET http://10.180.1.21/compute/v2.1/servers/0ed3f1ae-f140-42a8-9581-aadb93447fbb 0.095s
2025-02-17 22:31:23.810 63272 INFO tempest.lib.common.rest_client [req-c3c7bd69-fe79-4897-898b-4d2fd1ea5f75 req-c3c7bd69-fe79-4897-898b-4d2fd1ea5f75 ] Request (FlavorsAdminTestJSON:test_is_public_string_variations): 200 GET http://10.180.1.21/compute/v2.1/flavors/detail?is_public=0 0.087s
2025-02-17 22:31:23.861 63328 INFO tempest.lib.common.rest_client [req-532f925a-60ba-4758-9096-7aaa60f35671 req-532f925a-60ba-4758-9096-7aaa60f35671 ] Request (ServersTestBootFromVolume:setUpClass): 200 GET http://10.180.1.21/compute/v2.1/servers/20f27901-885e-4d03-ae59-077275d85b14 0.084s
2025-02-17 22:31:23.887 63330 INFO tempest.lib.common.rest_client [req-54c25ed0-005b-42d9-ab0d-7fb3a3ad1be4 req-54c25ed0-005b-42d9-ab0d-7fb3a3ad1be4 ] Request (MigrationsAdminTest:test_list_migrations_in_flavor_resize_situation): 200 GET http://10.180.1.21/compute/v2.1/servers/2e7fdade-c4c3-400c-b59a-b77382e4348c 0.255s
2025-02-17 22:31:23.894 63330 INFO tempest.common.waiters [-] State transition "RESIZE/resize_prep" ==> "RESIZE/resize_migrating" after 29 second wait
2025-02-17 22:31:23.920 63272 INFO tempest.lib.common.rest_client [req-92e88bdd-f5ff-4db0-83a6-4d76d0a5a18e req-92e88bdd-f5ff-4db0-83a6-4d76d0a5a18e ] Request (FlavorsAdminTestJSON:test_is_public_string_variations): 200 GET http://10.180.1.21/compute/v2.1/flavors/detail?is_public=t 0.107s
2025-02-17 22:31:23.948 63292 INFO tempest.lib.common.rest_client [req-31b8a107-c076-4fcd-8037-cf027b562bca req-31b8a107-c076-4fcd-8037-cf027b562bca ] Request (DeleteServersTestJSON:test_delete_server_while_in_attached_volume): 200 GET http://10.180.1.21/compute/v2.1/servers/38c95ef5-744e-4c32-9cb1-c34868206a85 0.145s
2025-02-17 22:31:23.956 63292 INFO tempest.common.waiters [-] State transition "BUILD/spawning" ==> "ACTIVE/None" after 31 second wait
2025-02-17 22:31:23.984 63294 INFO tempest.lib.common.rest_client [req-5e1f48c9-f8d1-420f-9a8e-e605d5275578 req-5e1f48c9-f8d1-420f-9a8e-e605d5275578 ] Request (ServerPasswordTestJSON:tearDownClass): 200 GET http://10.180.1.21/compute/v2.1/servers/74dffe94-f910-4138-8718-b91f083c6f82 0.126s
2025-02-17 22:31:24.018 63308 INFO tempest.lib.common.rest_client [req-c9df409e-c22e-4ee2-a9fb-b6e9b0e98ee7 req-c9df409e-c22e-4ee2-a9fb-b6e9b0e98ee7 ] Request (ServersAdmin275Test:tearDownClass): 200 GET http://10.180.1.21/compute/v2.1/servers/422c1d47-c8e5-4db0-bd13-3396a24906b7 0.143s
2025-02-17 22:31:24.039 63272 INFO tempest.lib.common.rest_client [req-3cea8afa-cf5b-406a-adf8-a5159190a70f req-3cea8afa-cf5b-406a-adf8-a5159190a70f ] Request (FlavorsAdminTestJSON:test_is_public_string_variations): 200 GET http://10.180.1.21/compute/v2.1/flavors/detail?is_public=true 0.113s
2025-02-17 22:31:24.043 63302 INFO tempest.lib.common.rest_client [req-9222639f-7cc3-449e-b702-7e7cacc8f7f7 req-9222639f-7cc3-449e-b702-7e7cacc8f7f7 ] Request (ServersNegativeTestMultiTenantJSON:setUpClass): 200 GET http://10.180.1.21/compute/v2.1/servers/5157c346-c7da-488e-b7fd-1dccac3bf61b 0.120s
2025-02-17 22:31:24.089 63296 INFO tempest.lib.common.rest_client [req-ed7706fb-a709-4dc2-ab9e-636edb9a3fc6 req-ed7706fb-a709-4dc2-ab9e-636edb9a3fc6 ] Request (FloatingIPsAssociationTestJSON:test_associate_already_associated_floating_ip): 200 GET http://10.180.1.21/compute/v2.1/servers/dedc2fd9-de34-42c9-a178-5fd21ace681c 0.090s
2025-02-17 22:31:24.093 63272 INFO tempest.lib.common.rest_client [req-067693b8-133f-4b60-ac97-d88786bcebac req-067693b8-133f-4b60-ac97-d88786bcebac ] Request (FlavorsAdminTestJSON:test_is_public_string_variations): 200 GET http://10.180.1.21/compute/v2.1/flavors/detail?is_public=yes 0.043s
2025-02-17 22:31:24.112 63292 INFO tempest.lib.common.rest_client [req-cb73826f-9815-4852-b576-9d30090c7a96 req-cb73826f-9815-4852-b576-9d30090c7a96 ] Request (DeleteServersTestJSON:test_delete_server_while_in_attached_volume): 202 POST http://10.180.1.21/volume/v3/volumes 0.156s
2025-02-17 22:31:24.125 63272 INFO tempest.lib.common.rest_client [req-698647b6-02b2-4f53-b073-ad08c52e69a6 req-698647b6-02b2-4f53-b073-ad08c52e69a6 ] Request (FlavorsAdminTestJSON:test_is_public_string_variations): 200 GET http://10.180.1.21/compute/v2.1/flavors/detail?is_public=1 0.025s
2025-02-17 22:31:24.149 63272 INFO tempest.lib.common.rest_client [req-9a626dda-ca88-437e-9b64-ef8f1a99008c req-9a626dda-ca88-437e-9b64-ef8f1a99008c ] Request (FlavorsAdminTestJSON:_run_cleanups): 202 DELETE http://10.180.1.21/compute/v2.1/flavors/798960423 0.019s
2025-02-17 22:31:24.157 63292 INFO tempest.lib.common.rest_client [req-afc2230a-52d2-4edb-96d9-f218c507815e req-afc2230a-52d2-4edb-96d9-f218c507815e ] Request (DeleteServersTestJSON:test_delete_server_while_in_attached_volume): 200 GET http://10.180.1.21/volume/v3/volumes/9479cc97-4cc5-4a57-af5e-ef39b3600fba 0.033s
2025-02-17 22:31:24.178 63298 INFO tempest.lib.common.rest_client [req-9cec1891-063d-4a77-b662-4adcec2d6ea4 req-9cec1891-063d-4a77-b662-4adcec2d6ea4 ] Request (FloatingIPsAssociationNegativeTestJSON:tearDownClass): 200 GET http://10.180.1.21/compute/v2.1/servers/5a51f3a2-66d7-4c40-9429-c2c05b9111ed 0.106s
2025-02-17 22:31:24.178 63272 INFO tempest.lib.common.rest_client [req-05c53260-1fec-45c6-84ae-0da44b9f4318 req-05c53260-1fec-45c6-84ae-0da44b9f4318 ] Request (FlavorsAdminTestJSON:_run_cleanups): 200 GET http://10.180.1.21/compute/v2.1/flavors/detail 0.028s
2025-02-17 22:31:24.203 63272 INFO tempest.lib.common.rest_client [req-d0fe30f2-cabe-4180-82fa-2bdba97e05a4 req-d0fe30f2-cabe-4180-82fa-2bdba97e05a4 ] Request (FlavorsAdminTestJSON:_run_cleanups): 202 DELETE http://10.180.1.21/compute/v2.1/flavors/1302607829 0.020s
2025-02-17 22:31:24.203 63286 INFO tempest.lib.common.rest_client [req-6f8ba00a-3ea6-4ad7-b5f1-ab4b89eca4d5 req-6f8ba00a-3ea6-4ad7-b5f1-ab4b89eca4d5 ] Request (InstanceActionsTestJSON:setUpClass): 200 PUT http://10.180.1.21:9696/networking/v2.0/routers/0d7caecc-c96e-4371-9ab0-60c99ff6af3e/add_router_interface 1.046s
2025-02-17 22:31:24.204 63286 INFO tempest.lib.common.dynamic_creds [-] Created isolated network resources for: credentials: Credentials: {'domain_id': 'default', 'domain_name': 'Default', 'username': 'tempest-InstanceActionsTestJSON-1201191675-project-member', 'project_domain_id': 'default', 'project_domain_name': 'Default', 'project_id': 'a317aabf25624d2b84723f14d3cf3c3d', 'project_name': 'tempest-InstanceActionsTestJSON-1201191675', 'tenant_id': 'a317aabf25624d2b84723f14d3cf3c3d', 'tenant_name': 'tempest-InstanceActionsTestJSON-1201191675', 'user_domain_id': 'default', 'user_domain_name': 'Default', 'user_id': '651c368ef55642e5a785637ab180af44', 'system': None}, Network: {'id': '527c5ad8-56a5-4ee8-bae1-02f1cc7d17ff', 'name': 'tempest-InstanceActionsTestJSON-1367559881-network', 'tenant_id': 'a317aabf25624d2b84723f14d3cf3c3d', 'admin_state_up': True, 'mtu': 8950, 'status': 'ACTIVE', 'subnets': [], 'shared': False, 'project_id': 'a317aabf25624d2b84723f14d3cf3c3d', 'port_security_enabled': True, 'router:external': False, 'provider:network_type': 'vlan', 'provider:physical_network': 'default', 'provider:segmentation_id': 304, 'availability_zone_hints': [], 'availability_zones': [], 'ipv4_address_scope': None, 'ipv6_address_scope': None, 'description': '', 'tags': [], 'created_at': '2025-02-17T22:31:20Z', 'updated_at': '2025-02-17T22:31:20Z', 'revision_number': 1}, Subnet: {'id': '8b14bef1-d54e-4fd7-8ba5-bfc86d02b095', 'name': 'tempest-InstanceActionsTestJSON-1367559881-subnet', 'tenant_id': 'a317aabf25624d2b84723f14d3cf3c3d', 'network_id': '527c5ad8-56a5-4ee8-bae1-02f1cc7d17ff', 'ip_version': 4, 'subnetpool_id': None, 'enable_dhcp': True, 'ipv6_ra_mode': None, 'ipv6_address_mode': None, 'gateway_ip': '192.168.128.1', 'cidr': '192.168.128.0/28', 'allocation_pools': [{'start': '192.168.128.2', 'end': '192.168.128.14'}], 'host_routes': [], 'dns_nameservers': [], 'description': '', 'router:external': False, 'service_types': [], 'tags': [], 'created_at': '2025-02-17T22:31:21Z', 'updated_at': '2025-02-17T22:31:21Z', 'revision_number': 0, 'project_id': 'a317aabf25624d2b84723f14d3cf3c3d'}, Router: {'id': '0d7caecc-c96e-4371-9ab0-60c99ff6af3e', 'name': 'tempest-InstanceActionsTestJSON-1367559881-router', 'tenant_id': 'a317aabf25624d2b84723f14d3cf3c3d', 'admin_state_up': True, 'status': 'ACTIVE', 'external_gateway_info': {'network_id': '0c9f19b5-ce3c-47a1-bef0-03f9015bef20', 'external_fixed_ips': [{'subnet_id': '0412796f-9643-4910-ac20-a56825af3ad1', 'ip_address': '10.180.180.155'}], 'enable_snat': True}, 'description': '', 'availability_zones': [], 'distributed': False, 'ha': False, 'availability_zone_hints': [], 'routes': [], 'flavor_id': None, 'tags': [], 'created_at': '2025-02-17T22:31:21Z', 'updated_at': '2025-02-17T22:31:22Z', 'revision_number': 2, 'project_id': 'a317aabf25624d2b84723f14d3cf3c3d'}
2025-02-17 22:31:24.231 63272 INFO tempest.lib.common.rest_client [req-305157c0-8f14-45fe-94ac-85cbc01909a1 req-305157c0-8f14-45fe-94ac-85cbc01909a1 ] Request (FlavorsAdminTestJSON:_run_cleanups): 200 GET http://10.180.1.21/compute/v2.1/flavors/detail 0.027s
2025-02-17 22:31:24.305 63320 INFO tempest.lib.common.rest_client [req-72d59668-f2dd-4978-886e-e150baf6e58a req-72d59668-f2dd-4978-886e-e150baf6e58a ] Request (ServerGroupTestJSON:test_create_server_with_scheduler_hint_group): 200 GET http://10.180.1.21/compute/v2.1/servers/cdeedf76-8fe2-45cc-a91e-da4cac486811 0.071s
2025-02-17 22:31:24.321 63286 INFO tempest.lib.common.rest_client [req-977b239b-449a-4158-850e-90443f9fa51c req-977b239b-449a-4158-850e-90443f9fa51c ] Request (InstanceActionsTestJSON:setUpClass): 201 POST http://10.180.1.21/identity/v3/auth/tokens 0.113s
2025-02-17 22:31:24.323 63318 INFO tempest.lib.common.rest_client [req-e2e9f5b6-1b9b-48af-8fba-63877ca0c7cb req-e2e9f5b6-1b9b-48af-8fba-63877ca0c7cb ] Request (ListImageFiltersTestJSON:setUpClass): 200 GET http://10.180.1.21/compute/v2.1/servers/6dbc1cd2-276a-4592-9d70-206b1d1fc144 0.136s
2025-02-17 22:31:24.330 63272 INFO tempest.lib.common.rest_client [req-9ec7f518-22f7-4f2c-be5e-d6e66e42cd72 req-9ec7f518-22f7-4f2c-be5e-d6e66e42cd72 ] Request (FlavorsAdminTestJSON:test_list_non_public_flavor): 200 POST http://10.180.1.21/compute/v2.1/flavors 0.093s
2025-02-17 22:31:24.357 63286 INFO tempest.lib.common.rest_client [req-02feffb5-e703-40fe-a629-be0bba7cecfc req-02feffb5-e703-40fe-a629-be0bba7cecfc ] Request (InstanceActionsTestJSON:setUpClass): 201 POST http://10.180.1.21/identity/v3/auth/tokens 0.032s
2025-02-17 22:31:24.357 63286 INFO tempest.lib.common.fixed_network [-] (InstanceActionsTestJSON:setUpClass) Found network {'id': '527c5ad8-56a5-4ee8-bae1-02f1cc7d17ff', 'name': 'tempest-InstanceActionsTestJSON-1367559881-network', 'tenant_id': 'a317aabf25624d2b84723f14d3cf3c3d', 'admin_state_up': True, 'mtu': 8950, 'status': 'ACTIVE', 'subnets': [], 'shared': False, 'project_id': 'a317aabf25624d2b84723f14d3cf3c3d', 'port_security_enabled': True, 'router:external': False, 'provider:network_type': 'vlan', 'provider:physical_network': 'default', 'provider:segmentation_id': 304, 'availability_zone_hints': [], 'availability_zones': [], 'ipv4_address_scope': None, 'ipv6_address_scope': None, 'description': '', 'tags': [], 'created_at': '2025-02-17T22:31:20Z', 'updated_at': '2025-02-17T22:31:20Z', 'revision_number': 1} available for tenant
2025-02-17 22:31:24.363 63272 INFO tempest.lib.common.rest_client [req-329c6edc-40a8-406e-9407-55786e43ad8f req-329c6edc-40a8-406e-9407-55786e43ad8f ] Request (FlavorsAdminTestJSON:test_list_non_public_flavor): 200 GET http://10.180.1.21/compute/v2.1/flavors/detail 0.031s
