2025-02-17 22:30:48.136 63276 INFO tempest.lib.common.rest_client [req-b1d23049-265b-4c02-8f16-f6be7d6b48e4 req-b1d23049-265b-4c02-8f16-f6be7d6b48e4 ] Request (ImagesMetadataTestJSON:test_get_image_metadata_item): 200 GET http://10.180.1.21/compute/v2.1/images/411d9f68-d730-47fa-a0de-f8b0256937c8/metadata/os_distro 3.603s
2025-02-17 22:30:48.228 63314 INFO tempest.lib.common.rest_client [req-72ae982d-a33a-494b-8589-2bbb20d6e0f4 req-72ae982d-a33a-494b-8589-2bbb20d6e0f4 ] Request (ServersTestMultiNic:test_verify_duplicate_network_nics): 200 GET http://10.180.1.21/compute/v2.1/servers/c84b0e7f-c973-42df-9d94-2e06f52a67d4 3.613s
2025-02-17 22:30:48.270 63310 INFO tempest.lib.common.rest_client [req-0f6fcc85-84ab-4f2f-a74a-acd453c84781 req-0f6fcc85-84ab-4f2f-a74a-acd453c84781 ] Request (ImagesOneServerTestJSON:setUpClass): 200 PUT http://10.180.1.21:9696/networking/v2.0/routers/6b8c7243-bf5d-419a-bc90-b5d1c8f4dab1/add_router_interface 2.818s
2025-02-17 22:30:48.270 63310 INFO tempest.lib.common.dynamic_creds [-] Created isolated network resources for: credentials: Credentials: {'domain_id': 'default', 'domain_name': 'Default', 'username': 'tempest-ImagesOneServerTestJSON-2069441349-project-member', 'project_domain_id': 'default', 'project_domain_name': 'Default', 'project_id': '676b656fc4ad4dc385ac6edb4981c890', 'project_name': 'tempest-ImagesOneServerTestJSON-2069441349', 'tenant_id': '676b656fc4ad4dc385ac6edb4981c890', 'tenant_name': 'tempest-ImagesOneServerTestJSON-2069441349', 'user_domain_id': 'default', 'user_domain_name': 'Default', 'user_id': '1e8ad87b5b2a4f418df26a93275208ba', 'system': None}, Network: {'id': '5256974f-0390-42b7-abf7-daeadd9dea13', 'name': 'tempest-ImagesOneServerTestJSON-1754325577-network', 'tenant_id': '676b656fc4ad4dc385ac6edb4981c890', 'admin_state_up': True, 'mtu': 8950, 'status': 'ACTIVE', 'subnets': [], 'shared': False, 'project_id': '676b656fc4ad4dc385ac6edb4981c890', 'port_security_enabled': True, 'router:external': False, 'provider:network_type': 'vlan', 'provider:physical_network': 'default', 'provider:segmentation_id': 526, 'availability_zone_hints': [], 'availability_zones': [], 'ipv4_address_scope': None, 'ipv6_address_scope': None, 'description': '', 'tags': [], 'created_at': '2025-02-17T22:30:43Z', 'updated_at': '2025-02-17T22:30:43Z', 'revision_number': 1}, Subnet: {'id': '4764dc12-36e3-434f-a1de-c3b93e384beb', 'name': 'tempest-ImagesOneServerTestJSON-1754325577-subnet', 'tenant_id': '676b656fc4ad4dc385ac6edb4981c890', 'network_id': '5256974f-0390-42b7-abf7-daeadd9dea13', 'ip_version': 4, 'subnetpool_id': None, 'enable_dhcp': True, 'ipv6_ra_mode': None, 'ipv6_address_mode': None, 'gateway_ip': '192.168.128.1', 'cidr': '192.168.128.0/28', 'allocation_pools': [{'start': '192.168.128.2', 'end': '192.168.128.14'}], 'host_routes': [], 'dns_nameservers': [], 'description': '', 'router:external': False, 'service_types': [], 'tags': [], 'created_at': '2025-02-17T22:30:43Z', 'updated_at': '2025-02-17T22:30:43Z', 'revision_number': 0, 'project_id': '676b656fc4ad4dc385ac6edb4981c890'}, Router: {'id': '6b8c7243-bf5d-419a-bc90-b5d1c8f4dab1', 'name': 'tempest-ImagesOneServerTestJSON-1754325577-router', 'tenant_id': '676b656fc4ad4dc385ac6edb4981c890', 'admin_state_up': True, 'status': 'ACTIVE', 'external_gateway_info': {'network_id': '0c9f19b5-ce3c-47a1-bef0-03f9015bef20', 'external_fixed_ips': [{'subnet_id': '0412796f-9643-4910-ac20-a56825af3ad1', 'ip_address': '10.180.180.224'}], 'enable_snat': True}, 'description': '', 'availability_zones': [], 'distributed': False, 'ha': False, 'availability_zone_hints': [], 'routes': [], 'flavor_id': None, 'tags': [], 'created_at': '2025-02-17T22:30:43Z', 'updated_at': '2025-02-17T22:30:44Z', 'revision_number': 2, 'project_id': '676b656fc4ad4dc385ac6edb4981c890'}
2025-02-17 22:30:48.373 63310 INFO tempest.lib.common.rest_client [req-51636a97-f895-4dae-9042-b6669995966d req-51636a97-f895-4dae-9042-b6669995966d ] Request (ImagesOneServerTestJSON:setUpClass): 201 POST http://10.180.1.21/identity/v3/auth/tokens 0.095s
2025-02-17 22:30:48.404 63312 INFO tempest.lib.common.rest_client [req-1979defd-ad09-4e7e-8ab2-9a48bca1057f req-1979defd-ad09-4e7e-8ab2-9a48bca1057f ] Request (AttachVolumeTestJSON:setUpClass): 201 POST http://10.180.1.21:9696/networking/v2.0/routers 1.591s
2025-02-17 22:30:48.415 63310 INFO tempest.lib.common.rest_client [req-775eff64-3100-4e80-81bd-d12856256677 req-775eff64-3100-4e80-81bd-d12856256677 ] Request (ImagesOneServerTestJSON:setUpClass): 201 POST http://10.180.1.21/identity/v3/auth/tokens 0.036s
2025-02-17 22:30:48.416 63310 INFO tempest.lib.common.fixed_network [-] (ImagesOneServerTestJSON:setUpClass) Found network {'id': '5256974f-0390-42b7-abf7-daeadd9dea13', 'name': 'tempest-ImagesOneServerTestJSON-1754325577-network', 'tenant_id': '676b656fc4ad4dc385ac6edb4981c890', 'admin_state_up': True, 'mtu': 8950, 'status': 'ACTIVE', 'subnets': [], 'shared': False, 'project_id': '676b656fc4ad4dc385ac6edb4981c890', 'port_security_enabled': True, 'router:external': False, 'provider:network_type': 'vlan', 'provider:physical_network': 'default', 'provider:segmentation_id': 526, 'availability_zone_hints': [], 'availability_zones': [], 'ipv4_address_scope': None, 'ipv6_address_scope': None, 'description': '', 'tags': [], 'created_at': '2025-02-17T22:30:43Z', 'updated_at': '2025-02-17T22:30:43Z', 'revision_number': 1} available for tenant
2025-02-17 22:30:48.417 63280 INFO tempest.lib.common.rest_client [req-ad013e99-750f-4204-bf67-01a1d1b15415 req-ad013e99-750f-4204-bf67-01a1d1b15415 ] Request (QuotasAdminTestV236:test_get_updated_quotas): 200 PUT http://10.180.1.21/compute/v2.1/os-quota-sets/243f87658ec64a179d149bf5ef0cdbba 3.711s
2025-02-17 22:30:48.429 63272 INFO tempest.lib.common.rest_client [req-4f38466f-a980-4364-ad60-d64582196371 req-4f38466f-a980-4364-ad60-d64582196371 ] Request (AggregatesAdminNegativeTestJSON:test_aggregate_delete_with_invalid_id): 404 DELETE http://10.180.1.21/compute/v2.1/os-aggregates/-1 3.654s
2025-02-17 22:30:48.632 63288 INFO tempest.lib.common.rest_client [req-7a3fda11-3983-404f-ad53-c153d458e64e req-7a3fda11-3983-404f-ad53-c153d458e64e ] Request (ServersWithSpecificFlavorTestJSON:test_verify_created_server_ephemeral_disk): 200 GET http://10.180.1.21/compute/v2.1/servers/6e03333f-8e00-4713-8ab8-c400f6c07ef7 3.331s
2025-02-17 22:30:48.650 63308 INFO tempest.lib.common.rest_client [req-5c98a65a-89a5-4921-82ad-313f47da8e56 req-5c98a65a-89a5-4921-82ad-313f47da8e56 ] Request (ServersAdmin275Test:test_rebuild_update_server_275): 202 POST http://10.180.1.21/compute/v2.1/servers/422c1d47-c8e5-4db0-bd13-3396a24906b7/action 3.889s
2025-02-17 22:30:48.716 63270 INFO tempest.lib.common.rest_client [req-1092d02b-9b86-4e0a-a628-587da74f0749 req-1092d02b-9b86-4e0a-a628-587da74f0749 ] Request (ServersAdminNegativeTestJSON:setUpClass): 200 GET http://10.180.1.21/compute/v2.1/servers/59a0c51a-c68d-48ae-a580-48ff3f4b09a6 3.013s
2025-02-17 22:30:48.762 63330 INFO tempest.lib.common.rest_client [req-64648a8e-16fe-452b-911d-95ebb52db84c req-64648a8e-16fe-452b-911d-95ebb52db84c ] Request (MigrationsAdminTest:test_list_migrations_in_flavor_resize_situation): 200 GET http://10.180.1.21/compute/v2.1/servers/2e7fdade-c4c3-400c-b59a-b77382e4348c 3.090s
2025-02-17 22:30:48.773 63274 INFO tempest.lib.common.rest_client [req-ff9677be-3ccc-48ee-a99f-cba1c21bc66c req-ff9677be-3ccc-48ee-a99f-cba1c21bc66c ] Request (ServersTestJSON:setUpClass): 200 GET http://10.180.1.21/compute/v2.1/servers/f0abf0c7-cd85-4b91-99a2-23ed1da74cf2 3.005s
2025-02-17 22:30:48.793 63292 INFO tempest.lib.common.rest_client [req-7bd6ba16-1d16-4007-b982-dc909579006f req-7bd6ba16-1d16-4007-b982-dc909579006f ] Request (DeleteServersTestJSON:test_delete_active_server): 404 GET http://10.180.1.21/compute/v2.1/servers/9acce350-3186-4906-a53e-841a7edd462e 2.820s
2025-02-17 22:30:48.874 63304 INFO tempest.lib.common.rest_client [req-98cd5517-c811-434f-ba92-398734d30450 req-98cd5517-c811-434f-ba92-398734d30450 ] Request (ImagesOneServerNegativeTestJSON:setUpClass): 200 GET http://10.180.1.21/compute/v2.1/servers/d0b8b4a1-ec46-4f45-aba0-a7ec7572c69b 3.016s
2025-02-17 22:30:48.874 63292 INFO tempest.lib.common.rest_client [req-2151e471-837b-4e30-abbf-86c888024977 req-2151e471-837b-4e30-abbf-86c888024977 ] Request (DeleteServersTestJSON:test_delete_server_while_in_attached_volume): 201 POST http://10.180.1.21/identity/v3/auth/tokens 0.065s
2025-02-17 22:30:48.875 63292 INFO tempest.lib.common.fixed_network [-] (DeleteServersTestJSON:test_delete_server_while_in_attached_volume) Found network {'id': 'a3bdc751-8cf3-4508-9734-f077b7bcca4b', 'name': 'tempest-DeleteServersTestJSON-735498890-network', 'tenant_id': '1c9a1a2527e442b2806b13f1fd9765d2', 'admin_state_up': True, 'mtu': 8950, 'status': 'ACTIVE', 'subnets': [], 'shared': False, 'project_id': '1c9a1a2527e442b2806b13f1fd9765d2', 'port_security_enabled': True, 'router:external': False, 'provider:network_type': 'vlan', 'provider:physical_network': 'default', 'provider:segmentation_id': 407, 'availability_zone_hints': [], 'availability_zones': [], 'ipv4_address_scope': None, 'ipv6_address_scope': None, 'description': '', 'tags': [], 'created_at': '2025-02-17T22:30:04Z', 'updated_at': '2025-02-17T22:30:04Z', 'revision_number': 1} available for tenant
2025-02-17 22:30:48.883 63304 INFO tempest.common.waiters [-] State transition "BUILD/None" ==> "BUILD/spawning" after 10 second wait
2025-02-17 22:30:48.940 63282 INFO tempest.lib.common.rest_client [req-faefbb84-c206-4617-92bd-6b67bd0adef7 req-faefbb84-c206-4617-92bd-6b67bd0adef7 ] Request (ServerDiagnosticsV248Test:test_get_server_diagnostics): 200 GET http://10.180.1.21/compute/v2.1/servers/864ef1f8-1091-4d3c-a52a-53b0df805ffe 2.878s
2025-02-17 22:30:48.958 63320 INFO tempest.lib.common.rest_client [req-b02144b2-fd86-470f-89ed-acbb934bb88f req-b02144b2-fd86-470f-89ed-acbb934bb88f ] Request (ServerGroupTestJSON:test_create_delete_multiple_server_groups_with_same_name_policy): 200 GET http://10.180.1.21/compute/v2.1/os-server-groups 2.875s
2025-02-17 22:30:48.967 63300 INFO tempest.lib.common.rest_client [req-feb23a2b-118a-45bc-b0ea-2afa8737fd85 req-feb23a2b-118a-45bc-b0ea-2afa8737fd85 ] Request (VolumesAssistedSnapshotsTest:test_volume_assisted_snapshot_create_delete): 200 GET http://10.180.1.21/compute/v2.1/servers/78c077da-de74-46ec-8218-f37b79e188ca 2.978s
2025-02-17 22:30:48.996 63318 INFO tempest.lib.common.rest_client [req-8ecfb0d4-ac58-41ec-8754-5d0ae7cba0ce req-8ecfb0d4-ac58-41ec-8754-5d0ae7cba0ce ] Request (ListImageFiltersTestJSON:setUpClass): 200 GET http://10.180.1.21/compute/v2.1/images/a8031bfb-aa5f-4031-a05c-b4c5636df461 2.863s
2025-02-17 22:30:49.013 63328 INFO tempest.lib.common.rest_client [req-915a039f-4476-45af-9af0-3d159741e94c req-915a039f-4476-45af-9af0-3d159741e94c ] Request (ServersTestBootFromVolume:setUpClass): 200 GET http://10.180.1.21/volume/v3/volumes/9c4b635c-3ce9-48d5-930a-3a65fc14d6d3 0.036s
2025-02-17 22:30:49.027 63284 INFO tempest.lib.common.rest_client [req-908f0fb7-b913-4958-b226-6cd434de7266 req-908f0fb7-b913-4958-b226-6cd434de7266 ] Request (ServerDiagnosticsTest:tearDownClass): 200 GET http://10.180.1.21/compute/v2.1/servers/dcc3696e-4160-4557-8ef2-a1598f994d06 2.936s
2025-02-17 22:30:49.054 63294 INFO tempest.lib.common.rest_client [req-d176d94b-c762-4a74-8de1-97f63bc73a77 req-d176d94b-c762-4a74-8de1-97f63bc73a77 ] Request (ServerPasswordTestJSON:setUpClass): 200 GET http://10.180.1.21/compute/v2.1/servers/74dffe94-f910-4138-8718-b91f083c6f82 2.920s
2025-02-17 22:30:49.068 63318 INFO tempest.lib.common.rest_client [req-5b371a01-ec82-4a7b-8996-cb56d03c9c44 req-5b371a01-ec82-4a7b-8996-cb56d03c9c44 ] Request (ListImageFiltersTestJSON:setUpClass): 201 POST http://10.180.1.21/identity/v3/auth/tokens 0.062s
2025-02-17 22:30:49.068 63318 INFO tempest.lib.common.fixed_network [-] (ListImageFiltersTestJSON:setUpClass) Found network None available for tenant
2025-02-17 22:30:49.113 63290 INFO tempest.lib.common.rest_client [req-5c904ba7-43b6-4e7b-89dc-0f735dce6ef8 req-5c904ba7-43b6-4e7b-89dc-0f735dce6ef8 ] Request (DeleteServersAdminTestJSON:test_admin_delete_servers_of_others): 200 GET http://10.180.1.21/compute/v2.1/servers/36dc7269-8701-41b8-a73c-806f336deb4b 2.192s
2025-02-17 22:30:49.121 63290 INFO tempest.common.waiters [-] State transition "ACTIVE/deleting" ==> "DELETED/None" after 4 second wait
2025-02-17 22:30:49.141 63302 INFO tempest.lib.common.rest_client [req-fa6b14af-bc0a-4295-88e9-2435a9f02b3f req-fa6b14af-bc0a-4295-88e9-2435a9f02b3f ] Request (QuotasAdminNegativeTest:test_create_server_when_cpu_quota_is_full): 200 GET http://10.180.1.21/compute/v2.1/os-quota-sets/33a2124d6a8c4933acdfb7f75291f159 2.372s
2025-02-17 22:30:49.172 63326 INFO tempest.lib.common.rest_client [req-35981159-1ca2-436f-9931-8ccce8a7375f req-35981159-1ca2-436f-9931-8ccce8a7375f ] Request (InstanceActionsNegativeTestJSON:setUpClass): 200 GET http://10.180.1.21/compute/v2.1/servers/14aa865c-40c8-4834-896b-c9284cfd73bd 2.113s
2025-02-17 22:30:49.214 63286 INFO tempest.lib.common.rest_client [req-5912b44b-9749-4a02-a931-56a78733b8a5 req-5912b44b-9749-4a02-a931-56a78733b8a5 ] Request (FlavorsAccessNegativeTestJSON:test_remove_flavor_access_not_found): 200 POST http://10.180.1.21/compute/v2.1/flavors 1.371s
2025-02-17 22:30:49.243 63278 INFO tempest.lib.common.rest_client [req-7a44a99c-4a42-46a9-b152-dbefeb4ad91c req-7a44a99c-4a42-46a9-b152-dbefeb4ad91c ] Request (TenantUsagesNegativeTestJSON:test_get_usage_tenant_with_empty_tenant_id): 404 GET http://10.180.1.21/compute/v2.1/os-simple-tenant-usage/?start=2025-02-16T22%3A30%3A48.085225&end=2025-02-18T22%3A30%3A48.085225 1.157s
2025-02-17 22:30:49.244 63278 WARNING tempest.lib.common.rest_client [-] Deprecated: "tenant_id" property is deprecated for removal, use "project_id" instead
2025-02-17 22:30:49.559 63312 INFO tempest.lib.common.rest_client [req-21d0579e-1069-4815-811d-8d7eb25a0b41 req-21d0579e-1069-4815-811d-8d7eb25a0b41 ] Request (AttachVolumeTestJSON:setUpClass): 200 PUT http://10.180.1.21:9696/networking/v2.0/routers/ba411b49-486f-4931-861d-ae13357320a8/add_router_interface 1.154s
2025-02-17 22:30:49.560 63312 INFO tempest.lib.common.dynamic_creds [-] Created isolated network resources for: credentials: Credentials: {'domain_id': 'default', 'domain_name': 'Default', 'username': 'tempest-AttachVolumeTestJSON-1789247311-project-member', 'project_domain_id': 'default', 'project_domain_name': 'Default', 'project_id': 'bd82b9480b6448fb86a9dddf12602c07', 'project_name': 'tempest-AttachVolumeTestJSON-1789247311', 'tenant_id': 'bd82b9480b6448fb86a9dddf12602c07', 'tenant_name': 'tempest-AttachVolumeTestJSON-1789247311', 'user_domain_id': 'default', 'user_domain_name': 'Default', 'user_id': 'f7284555370447dd8904c58f87d39b72', 'system': None}, Network: {'id': 'e2c00089-192e-4550-a1d0-97edff29a9da', 'name': 'tempest-AttachVolumeTestJSON-334355756-network', 'tenant_id': 'bd82b9480b6448fb86a9dddf12602c07', 'admin_state_up': True, 'mtu': 8950, 'status': 'ACTIVE', 'subnets': [], 'shared': False, 'project_id': 'bd82b9480b6448fb86a9dddf12602c07', 'port_security_enabled': True, 'router:external': False, 'provider:network_type': 'vlan', 'provider:physical_network': 'default', 'provider:segmentation_id': 592, 'availability_zone_hints': [], 'availability_zones': [], 'ipv4_address_scope': None, 'ipv6_address_scope': None, 'description': '', 'tags': [], 'created_at': '2025-02-17T22:30:45Z', 'updated_at': '2025-02-17T22:30:45Z', 'revision_number': 1}, Subnet: {'id': '1e1843d6-9397-4a47-8cfe-a66957270bb9', 'name': 'tempest-AttachVolumeTestJSON-334355756-subnet', 'tenant_id': 'bd82b9480b6448fb86a9dddf12602c07', 'network_id': 'e2c00089-192e-4550-a1d0-97edff29a9da', 'ip_version': 4, 'subnetpool_id': None, 'enable_dhcp': True, 'ipv6_ra_mode': None, 'ipv6_address_mode': None, 'gateway_ip': '192.168.128.1', 'cidr': '192.168.128.0/28', 'allocation_pools': [{'start': '192.168.128.2', 'end': '192.168.128.14'}], 'host_routes': [], 'dns_nameservers': [], 'description': '', 'router:external': False, 'service_types': [], 'tags': [], 'created_at': '2025-02-17T22:30:46Z', 'updated_at': '2025-02-17T22:30:46Z', 'revision_number': 0, 'project_id': 'bd82b9480b6448fb86a9dddf12602c07'}, Router: {'id': 'ba411b49-486f-4931-861d-ae13357320a8', 'name': 'tempest-AttachVolumeTestJSON-334355756-router', 'tenant_id': 'bd82b9480b6448fb86a9dddf12602c07', 'admin_state_up': True, 'status': 'ACTIVE', 'external_gateway_info': {'network_id': '0c9f19b5-ce3c-47a1-bef0-03f9015bef20', 'external_fixed_ips': [{'subnet_id': '0412796f-9643-4910-ac20-a56825af3ad1', 'ip_address': '10.180.180.173'}], 'enable_snat': True}, 'description': '', 'availability_zones': [], 'distributed': False, 'ha': False, 'availability_zone_hints': [], 'routes': [], 'flavor_id': None, 'tags': [], 'created_at': '2025-02-17T22:30:46Z', 'updated_at': '2025-02-17T22:30:47Z', 'revision_number': 2, 'project_id': 'bd82b9480b6448fb86a9dddf12602c07'}
2025-02-17 22:30:49.673 63312 INFO tempest.lib.common.rest_client [req-30ebf7c8-80f3-42ba-a976-42a94c56515f req-30ebf7c8-80f3-42ba-a976-42a94c56515f ] Request (AttachVolumeTestJSON:setUpClass): 201 POST http://10.180.1.21/identity/v3/auth/tokens 0.105s
2025-02-17 22:30:49.808 63298 INFO tempest.lib.common.rest_client [req-95b9251c-7eb4-45f9-86d3-929e4647dc9f req-95b9251c-7eb4-45f9-86d3-929e4647dc9f ] Request (FloatingIPsAssociationNegativeTestJSON:test_associate_ip_to_server_with_floating_ip): 200 POST http://10.180.1.21/compute/v2.1/os-floating-ips 1.713s
2025-02-17 22:30:49.961 63322 INFO tempest.lib.common.rest_client [req-466adfb1-8cbb-4ea1-b001-d76c41537f6f req-466adfb1-8cbb-4ea1-b001-d76c41537f6f ] Request (FloatingIPDetailsTestJSON:setUpClass): 200 POST http://10.180.1.21/compute/v2.1/os-floating-ips 2.166s
2025-02-17 22:30:49.988 63276 INFO tempest.lib.common.rest_client [req-1a4ee0f2-709c-4036-9f14-744920319c27 req-1a4ee0f2-709c-4036-9f14-744920319c27 ] Request (ImagesMetadataTestJSON:setUp): 200 PUT http://10.180.1.21/compute/v2.1/images/411d9f68-d730-47fa-a0de-f8b0256937c8/metadata 1.849s
2025-02-17 22:30:50.048 63280 INFO tempest.lib.common.rest_client [req-6d2e936b-3d3e-4be7-b03e-e7589b49590f req-6d2e936b-3d3e-4be7-b03e-e7589b49590f ] Request (QuotasAdminTestV236:test_get_updated_quotas): 200 GET http://10.180.1.21/compute/v2.1/os-quota-sets/243f87658ec64a179d149bf5ef0cdbba/detail 1.629s
2025-02-17 22:30:50.050 63328 INFO tempest.lib.common.rest_client [req-777a88ca-060e-4e80-b743-cb99fdcc9300 req-777a88ca-060e-4e80-b743-cb99fdcc9300 ] Request (ServersTestBootFromVolume:setUpClass): 200 GET http://10.180.1.21/volume/v3/volumes/9c4b635c-3ce9-48d5-930a-3a65fc14d6d3 0.030s
2025-02-17 22:30:50.077 63272 INFO tempest.lib.common.rest_client [req-c6b8e0ef-e442-4764-bd8c-7fca7808e639 req-c6b8e0ef-e442-4764-bd8c-7fca7808e639 ] Request (AggregatesAdminNegativeTestJSON:test_aggregate_get_details_as_user): 200 POST http://10.180.1.21/compute/v2.1/os-aggregates 1.647s
2025-02-17 22:30:50.085 63280 INFO tempest.lib.common.rest_client [req-87e6999a-6131-43ed-b198-b34195f41711 req-87e6999a-6131-43ed-b198-b34195f41711 ] Request (QuotasAdminTestV236:test_get_updated_quotas): 200 GET http://10.180.1.21/identity/v3/domains?name=Default 0.030s
2025-02-17 22:30:50.119 63280 INFO tempest.lib.common.rest_client [req-1edd60cf-bb25-4fa8-97e7-f0e1c11eab5f req-1edd60cf-bb25-4fa8-97e7-f0e1c11eab5f ] Request (QuotasAdminTestV236:test_get_updated_quotas): 201 POST http://10.180.1.21/identity/v3/users 0.034s
2025-02-17 22:30:50.153 63280 INFO tempest.lib.common.rest_client [req-013212a6-c3e4-49a2-a4c1-528bd4b082c4 req-013212a6-c3e4-49a2-a4c1-528bd4b082c4 ] Request (QuotasAdminTestV236:test_get_updated_quotas): 200 GET http://10.180.1.21/identity/v3/domains?name=Default 0.033s
2025-02-17 22:30:50.182 63308 INFO tempest.lib.common.rest_client [req-1b4f1693-2659-460c-b961-d38de696e487 req-1b4f1693-2659-460c-b961-d38de696e487 ] Request (ServersAdmin275Test:_run_cleanups): 200 GET http://10.180.1.21/compute/v2.1/servers/422c1d47-c8e5-4db0-bd13-3396a24906b7 1.516s
2025-02-17 22:30:50.341 63310 INFO tempest.lib.common.rest_client [req-252d7e86-1b85-4b97-9a8a-f4d521b3db78 req-252d7e86-1b85-4b97-9a8a-f4d521b3db78 ] Request (ImagesOneServerTestJSON:setUpClass): 202 POST http://10.180.1.21/compute/v2.1/servers 1.924s
2025-02-17 22:30:50.382 63320 INFO tempest.lib.common.rest_client [req-ceeb8152-a129-47d3-b6b7-a910f081640a req-ceeb8152-a129-47d3-b6b7-a910f081640a ] Request (ServerGroupTestJSON:test_create_delete_multiple_server_groups_with_same_name_policy): 204 DELETE http://10.180.1.21/compute/v2.1/os-server-groups/ec55a0e1-ed52-49db-90df-d111de84af9b 1.423s
2025-02-17 22:30:50.488 63292 INFO tempest.lib.common.rest_client [req-b5645d7e-9341-49fb-bd79-1cd13ab6dfb7 req-b5645d7e-9341-49fb-bd79-1cd13ab6dfb7 ] Request (DeleteServersTestJSON:test_delete_server_while_in_attached_volume): 202 POST http://10.180.1.21/compute/v2.1/servers 1.612s
2025-02-17 22:30:50.564 63302 INFO tempest.lib.common.rest_client [req-c1af9377-fd53-4f88-a252-aa91d0354d9f req-c1af9377-fd53-4f88-a252-aa91d0354d9f ] Request (QuotasAdminNegativeTest:test_create_server_when_cpu_quota_is_full): 200 PUT http://10.180.1.21/compute/v2.1/os-quota-sets/33a2124d6a8c4933acdfb7f75291f159 1.420s
2025-02-17 22:30:50.619 63318 INFO tempest.lib.common.rest_client [req-19b7cb5a-5fcc-4fc1-a968-249d097f0680 req-19b7cb5a-5fcc-4fc1-a968-249d097f0680 ] Request (ListImageFiltersTestJSON:setUpClass): 202 POST http://10.180.1.21/compute/v2.1/servers 1.550s
2025-02-17 22:30:50.658 63318 INFO tempest.lib.common.rest_client [req-0ce16c79-812d-4d00-a37a-e099844fa959 req-0ce16c79-812d-4d00-a37a-e099844fa959 ] Request (ListImageFiltersTestJSON:setUpClass): 201 POST http://10.180.1.21/identity/v3/auth/tokens 0.035s
2025-02-17 22:30:50.659 63318 INFO tempest.lib.common.fixed_network [-] (ListImageFiltersTestJSON:setUpClass) Found network None available for tenant
2025-02-17 22:30:50.660 63302 INFO tempest.lib.common.rest_client [req-3ebd1716-ded3-4185-915d-21bdbb609da2 req-3ebd1716-ded3-4185-915d-21bdbb609da2 ] Request (QuotasAdminNegativeTest:test_create_server_when_cpu_quota_is_full): 201 POST http://10.180.1.21/identity/v3/auth/tokens 0.090s
2025-02-17 22:30:50.661 63302 INFO tempest.lib.common.fixed_network [-] (QuotasAdminNegativeTest:test_create_server_when_cpu_quota_is_full) Found network None available for tenant
2025-02-17 22:30:50.711 63296 INFO tempest.lib.common.rest_client [req-b3bf477f-fa03-469e-bfd2-20384465fad0 req-b3bf477f-fa03-469e-bfd2-20384465fad0 ] Request (FloatingIPsAssociationTestJSON:setUpClass): 200 GET http://10.180.1.21/compute/v2.1/servers/00376bf9-716d-4c89-a29d-2c6381ce373a 1.566s
2025-02-17 22:30:50.721 63296 INFO tempest.common.waiters [-] State transition "BUILD/spawning" ==> "ACTIVE/None" after 23 second wait
2025-02-17 22:30:50.733 63286 INFO tempest.lib.common.rest_client [req-3ffcd506-822b-4675-9b48-82b8b4401765 req-3ffcd506-822b-4675-9b48-82b8b4401765 ] Request (FlavorsAccessNegativeTestJSON:test_remove_flavor_access_not_found): 404 POST http://10.180.1.21/compute/v2.1/flavors/197535166/action 1.515s
2025-02-17 22:30:50.744 63278 INFO tempest.lib.common.rest_client [req-29ff58d9-9610-4eb3-9bc5-1fe2de1380fa req-29ff58d9-9610-4eb3-9bc5-1fe2de1380fa ] Request (TenantUsagesNegativeTestJSON:test_get_usage_tenant_with_invalid_date): 400 GET http://10.180.1.21/compute/v2.1/os-simple-tenant-usage/0e086493a50e4115969711c0c67fdec9?start=2025-02-18T22%3A30%3A48.085225&end=2025-02-16T22%3A30%3A48.085225 1.499s
2025-02-17 22:30:50.768 63314 INFO tempest.lib.common.rest_client [req-5789c1d5-1c89-4169-87e9-566c4f495039 req-5789c1d5-1c89-4169-87e9-566c4f495039 ] Request (ServersTestMultiNic:test_verify_duplicate_network_nics): 200 GET http://10.180.1.21/compute/v2.1/servers/c84b0e7f-c973-42df-9d94-2e06f52a67d4 1.524s
2025-02-17 22:30:50.776 63314 INFO tempest.common.waiters [-] State transition "BUILD/scheduling" ==> "BUILD/None" after 2 second wait
2025-02-17 22:30:50.822 63312 INFO tempest.lib.common.rest_client [req-aea083b1-2b0e-4d54-84b3-6eef104e679c req-aea083b1-2b0e-4d54-84b3-6eef104e679c ] Request (ValidationResourcesFixture:setUp): 200 POST http://10.180.1.21/compute/v2.1/os-keypairs 1.147s
2025-02-17 22:30:50.871 63270 INFO tempest.lib.common.rest_client [req-4fb80608-3ef1-4b93-bb33-54c38f2033b9 req-4fb80608-3ef1-4b93-bb33-54c38f2033b9 ] Request (ServersAdminNegativeTestJSON:setUpClass): 200 GET http://10.180.1.21/compute/v2.1/servers/59a0c51a-c68d-48ae-a580-48ff3f4b09a6 1.146s
2025-02-17 22:30:50.890 63288 INFO tempest.lib.common.rest_client [req-840665b2-5e10-4303-9d71-d1db2abc2495 req-840665b2-5e10-4303-9d71-d1db2abc2495 ] Request (ServersWithSpecificFlavorTestJSON:test_verify_created_server_ephemeral_disk): 200 GET http://10.180.1.21/compute/v2.1/servers/6e03333f-8e00-4713-8ab8-c400f6c07ef7 1.243s
2025-02-17 22:30:50.963 63274 INFO tempest.lib.common.rest_client [req-7834805c-765e-4ed1-b946-ce5676be160e req-7834805c-765e-4ed1-b946-ce5676be160e ] Request (ServersTestJSON:setUpClass): 200 GET http://10.180.1.21/compute/v2.1/servers/f0abf0c7-cd85-4b91-99a2-23ed1da74cf2 1.176s
2025-02-17 22:30:50.965 63312 INFO tempest.lib.common.rest_client [req-613dfa16-c7a5-4dec-ad50-06c69b5e505f req-613dfa16-c7a5-4dec-ad50-06c69b5e505f ] Request (ValidationResourcesFixture:setUp): 201 POST http://10.180.1.21:9696/networking/v2.0/security-groups 0.140s
2025-02-17 22:30:50.971 63330 INFO tempest.lib.common.rest_client [req-c0d234a3-f1c7-44df-97bc-e8c5ab785534 req-c0d234a3-f1c7-44df-97bc-e8c5ab785534 ] Request (MigrationsAdminTest:test_list_migrations_in_flavor_resize_situation): 200 GET http://10.180.1.21/compute/v2.1/servers/2e7fdade-c4c3-400c-b59a-b77382e4348c 1.200s
2025-02-17 22:30:50.981 63330 INFO tempest.common.waiters [-] State transition "BUILD/spawning" ==> "ACTIVE/None" after 26 second wait
2025-02-17 22:30:51.078 63304 INFO tempest.lib.common.rest_client [req-8a506be2-069e-42f7-9430-68797215ab28 req-8a506be2-069e-42f7-9430-68797215ab28 ] Request (ImagesOneServerNegativeTestJSON:setUpClass): 200 GET http://10.180.1.21/compute/v2.1/servers/d0b8b4a1-ec46-4f45-aba0-a7ec7572c69b 1.193s
2025-02-17 22:30:51.090 63312 INFO tempest.lib.common.rest_client [req-b6815295-a7e0-4a04-9170-3c6f3b0c2a4a req-b6815295-a7e0-4a04-9170-3c6f3b0c2a4a ] Request (ValidationResourcesFixture:setUp): 201 POST http://10.180.1.21:9696/networking/v2.0/security-group-rules 0.125s
2025-02-17 22:30:51.104 63328 INFO tempest.lib.common.rest_client [req-1f657834-385c-4b5f-a1eb-abbf4b269a74 req-1f657834-385c-4b5f-a1eb-abbf4b269a74 ] Request (ServersTestBootFromVolume:setUpClass): 200 GET http://10.180.1.21/volume/v3/volumes/9c4b635c-3ce9-48d5-930a-3a65fc14d6d3 0.044s
2025-02-17 22:30:51.153 63282 INFO tempest.lib.common.rest_client [req-ba099f5e-ed7e-4479-889f-35344d7ea282 req-ba099f5e-ed7e-4479-889f-35344d7ea282 ] Request (ServerDiagnosticsV248Test:test_get_server_diagnostics): 200 GET http://10.180.1.21/compute/v2.1/servers/864ef1f8-1091-4d3c-a52a-53b0df805ffe 1.202s
2025-02-17 22:30:51.265 63298 INFO tempest.lib.common.rest_client [req-58b05d0a-5742-477f-a76e-12d8cc93c0fb req-58b05d0a-5742-477f-a76e-12d8cc93c0fb ] Request (FloatingIPsAssociationNegativeTestJSON:test_associate_ip_to_server_with_floating_ip): 400 POST http://10.180.1.21/compute/v2.1/servers/5a51f3a2-66d7-4c40-9429-c2c05b9111ed/action 1.454s
2025-02-17 22:30:51.358 63312 INFO tempest.lib.common.rest_client [req-e034398e-de1f-4c47-883c-865b75b2848f req-e034398e-de1f-4c47-883c-865b75b2848f ] Request (ValidationResourcesFixture:setUp): 201 POST http://10.180.1.21:9696/networking/v2.0/security-group-rules 0.267s
2025-02-17 22:30:51.401 63300 INFO tempest.lib.common.rest_client [req-3e3e6ca9-a787-4369-b3be-633ef1340222 req-3e3e6ca9-a787-4369-b3be-633ef1340222 ] Request (VolumesAssistedSnapshotsTest:test_volume_assisted_snapshot_create_delete): 200 GET http://10.180.1.21/compute/v2.1/servers/78c077da-de74-46ec-8218-f37b79e188ca 1.422s
2025-02-17 22:30:51.454 63276 INFO tempest.lib.common.rest_client [req-211e3161-3d85-4a6e-a6a2-8c236c6d6d81 req-211e3161-3d85-4a6e-a6a2-8c236c6d6d81 ] Request (ImagesMetadataTestJSON:test_list_image_metadata): 200 GET http://10.180.1.21/compute/v2.1/images/411d9f68-d730-47fa-a0de-f8b0256937c8/metadata 1.465s
2025-02-17 22:30:51.482 63284 INFO tempest.lib.common.rest_client [req-f154bcb3-ff0c-445d-bd66-d7061ba082b2 req-f154bcb3-ff0c-445d-bd66-d7061ba082b2 ] Request (ServerDiagnosticsTest:tearDownClass): 404 GET http://10.180.1.21/compute/v2.1/servers/dcc3696e-4160-4557-8ef2-a1598f994d06 1.443s
2025-02-17 22:30:51.558 63294 INFO tempest.lib.common.rest_client [req-a63bdc50-3160-4ae5-a13e-117dda2cf533 req-a63bdc50-3160-4ae5-a13e-117dda2cf533 ] Request (ServerPasswordTestJSON:setUpClass): 200 GET http://10.180.1.21/compute/v2.1/servers/74dffe94-f910-4138-8718-b91f083c6f82 1.493s
2025-02-17 22:30:51.565 63272 INFO tempest.lib.common.rest_client [req-6fa7f292-8041-4611-8e4e-241dc3a786f1 req-6fa7f292-8041-4611-8e4e-241dc3a786f1 ] Request (AggregatesAdminNegativeTestJSON:test_aggregate_get_details_as_user): 403 GET http://10.180.1.21/compute/v2.1/os-aggregates/6 1.485s
2025-02-17 22:30:51.634 63290 INFO tempest.lib.common.rest_client [req-6954b07f-4cc7-4025-b872-ec0ae543e656 req-6954b07f-4cc7-4025-b872-ec0ae543e656 ] Request (DeleteServersAdminTestJSON:test_admin_delete_servers_of_others): 200 GET http://10.180.1.21/compute/v2.1/servers/36dc7269-8701-41b8-a73c-806f336deb4b 1.512s
2025-02-17 22:30:51.646 63284 INFO tempest.lib.common.rest_client [req-551fe684-8416-492c-90b0-c62ad96214b5 req-551fe684-8416-492c-90b0-c62ad96214b5 ] Request (ServerDiagnosticsTest:tearDownClass): 204 DELETE http://10.180.1.21/identity/v3/users/c07b97d2206f4feabab93c0e17147148 0.164s
2025-02-17 22:30:51.757 63284 INFO tempest.lib.common.rest_client [req-5287bbed-c0f9-40aa-a090-8f3db73a1226 req-5287bbed-c0f9-40aa-a090-8f3db73a1226 ] Request (ServerDiagnosticsTest:tearDownClass): 204 DELETE http://10.180.1.21/identity/v3/users/0c234748d0d744778bffd828061b0cbc 0.110s
2025-02-17 22:30:51.757 63284 INFO tempest.lib.common.dynamic_creds [-] Deleting project and security group for project: b9484d9a845641cd922382461cc0f524
2025-02-17 22:30:51.822 63284 INFO tempest.lib.common.rest_client [req-37f6e3ce-3c2b-4146-ae53-8adee00067a2 req-37f6e3ce-3c2b-4146-ae53-8adee00067a2 ] Request (ServerDiagnosticsTest:tearDownClass): 201 POST http://10.180.1.21/identity/v3/auth/tokens 0.064s
2025-02-17 22:30:51.834 63312 INFO tempest.lib.common.rest_client [req-bfcddfef-119f-4ed8-9731-7937dd5951f0 req-bfcddfef-119f-4ed8-9731-7937dd5951f0 ] Request (ValidationResourcesFixture:setUp): 201 POST http://10.180.1.21:9696/networking/v2.0/floatingips 0.475s
2025-02-17 22:30:51.881 63280 INFO tempest.lib.common.rest_client [req-3137af1f-67a4-4fa8-9022-7f7a28399052 req-3137af1f-67a4-4fa8-9022-7f7a28399052 ] Request (QuotasAdminTestV236:test_get_updated_quotas): 200 PUT http://10.180.1.21/compute/v2.1/os-quota-sets/243f87658ec64a179d149bf5ef0cdbba?user_id=5a7a6e8bf11146788deccdf6f0f40cc3 1.728s
2025-02-17 22:30:51.906 63312 INFO tempest.lib.common.rest_client [req-44636b05-2951-4dc3-a8f1-0a9a19a5b2a8 req-44636b05-2951-4dc3-a8f1-0a9a19a5b2a8 ] Request (AttachVolumeTestJSON:test_attach_detach_volume): 201 POST http://10.180.1.21/identity/v3/auth/tokens 0.068s
2025-02-17 22:30:51.906 63312 INFO tempest.lib.common.fixed_network [-] (AttachVolumeTestJSON:test_attach_detach_volume) Found network {'id': 'e2c00089-192e-4550-a1d0-97edff29a9da', 'name': 'tempest-AttachVolumeTestJSON-334355756-network', 'tenant_id': 'bd82b9480b6448fb86a9dddf12602c07', 'admin_state_up': True, 'mtu': 8950, 'status': 'ACTIVE', 'subnets': [], 'shared': False, 'project_id': 'bd82b9480b6448fb86a9dddf12602c07', 'port_security_enabled': True, 'router:external': False, 'provider:network_type': 'vlan', 'provider:physical_network': 'default', 'provider:segmentation_id': 592, 'availability_zone_hints': [], 'availability_zones': [], 'ipv4_address_scope': None, 'ipv6_address_scope': None, 'description': '', 'tags': [], 'created_at': '2025-02-17T22:30:45Z', 'updated_at': '2025-02-17T22:30:45Z', 'revision_number': 1} available for tenant
2025-02-17 22:30:51.938 63284 INFO tempest.lib.common.rest_client [req-d71a7e69-ab9d-4680-97f5-c8218fad1110 req-d71a7e69-ab9d-4680-97f5-c8218fad1110 ] Request (ServerDiagnosticsTest:tearDownClass): 200 GET http://10.180.1.21:9696/networking/v2.0/security-groups?tenant_id=b9484d9a845641cd922382461cc0f524&name=default 0.116s
2025-02-17 22:30:51.939 63326 INFO tempest.lib.common.rest_client [req-08620de9-0a10-4358-b668-4bcf0032fc93 req-08620de9-0a10-4358-b668-4bcf0032fc93 ] Request (InstanceActionsNegativeTestJSON:setUpClass): 200 GET http://10.180.1.21/compute/v2.1/servers/14aa865c-40c8-4834-896b-c9284cfd73bd 1.752s
2025-02-17 22:30:51.946 63322 INFO tempest.lib.common.rest_client [req-1ff1a292-ae54-4558-b19f-189cd8cc7ddf req-1ff1a292-ae54-4558-b19f-189cd8cc7ddf ] Request (FloatingIPDetailsTestJSON:test_get_floating_ip_details): 200 POST http://10.180.1.21/compute/v2.1/os-floating-ips 1.982s
2025-02-17 22:30:51.960 63320 INFO tempest.lib.common.rest_client [req-ad48b3d6-a3ff-4fe6-90e7-6b45b773ba01 req-ad48b3d6-a3ff-4fe6-90e7-6b45b773ba01 ] Request (ServerGroupTestJSON:test_create_delete_multiple_server_groups_with_same_name_policy): 200 GET http://10.180.1.21/compute/v2.1/os-server-groups 1.578s
2025-02-17 22:30:51.994 63310 INFO tempest.lib.common.rest_client [req-d2566fbc-b99d-4c12-8392-9f37791b365e req-d2566fbc-b99d-4c12-8392-9f37791b365e ] Request (ImagesOneServerTestJSON:setUpClass): 200 GET http://10.180.1.21/compute/v2.1/servers/9ef50827-25d4-4bc6-8438-76c9cba8df0c 1.652s
2025-02-17 22:30:52.028 63292 INFO tempest.lib.common.rest_client [req-2d6fc21c-e4ca-4c85-b8b6-fed49b51dfc2 req-2d6fc21c-e4ca-4c85-b8b6-fed49b51dfc2 ] Request (DeleteServersTestJSON:test_delete_server_while_in_attached_volume): 200 GET http://10.180.1.21/compute/v2.1/servers/38c95ef5-744e-4c32-9cb1-c34868206a85 1.538s
2025-02-17 22:30:52.043 63284 INFO tempest.lib.common.rest_client [req-94a2cc74-4719-4ec5-9ad6-28dc84e6b9e0 req-94a2cc74-4719-4ec5-9ad6-28dc84e6b9e0 ] Request (ServerDiagnosticsTest:tearDownClass): 204 DELETE http://10.180.1.21:9696/networking/v2.0/security-groups/5aaf596e-5032-46f8-b961-3d1750d81b19 0.104s
2025-02-17 22:30:52.080 63332 WARNING tempest.lib.common.ssh [-] Failed to establish authenticated ssh connection to cirros@10.180.180.199 ([Errno None] Unable to connect to port 22 on 10.180.180.199). Number attempts: 1. Retry after 2 seconds.: paramiko.ssh_exception.NoValidConnectionsError: [Errno None] Unable to connect to port 22 on 10.180.180.199
2025-02-17 22:30:52.111 63284 INFO tempest.lib.common.rest_client [req-85926cc9-07a7-4921-822e-2326756498aa req-85926cc9-07a7-4921-822e-2326756498aa ] Request (ServerDiagnosticsTest:tearDownClass): 204 DELETE http://10.180.1.21/identity/v3/projects/b9484d9a845641cd922382461cc0f524 0.068s
2025-02-17 22:30:52.111 63284 INFO tempest.lib.common.dynamic_creds [-] Deleting project and security group for project: 2eb0a143563e457992ae5175f9ee50a1
2025-02-17 22:30:52.151 63328 INFO tempest.lib.common.rest_client [req-f2212c26-da20-40b0-9ef2-489e84a8e358 req-f2212c26-da20-40b0-9ef2-489e84a8e358 ] Request (ServersTestBootFromVolume:setUpClass): 200 GET http://10.180.1.21/volume/v3/volumes/9c4b635c-3ce9-48d5-930a-3a65fc14d6d3 0.031s
2025-02-17 22:30:52.206 63318 INFO tempest.lib.common.rest_client [req-541d55fe-404b-4c3f-9dd3-d18840bd0028 req-541d55fe-404b-4c3f-9dd3-d18840bd0028 ] Request (ListImageFiltersTestJSON:setUpClass): 202 POST http://10.180.1.21/compute/v2.1/servers 1.547s
2025-02-17 22:30:52.268 63284 INFO tempest.lib.common.rest_client [req-1bdd647b-e87c-41c0-9805-753de3fc7e72 req-1bdd647b-e87c-41c0-9805-753de3fc7e72 ] Request (ServerDiagnosticsTest:tearDownClass): 200 GET http://10.180.1.21:9696/networking/v2.0/security-groups?tenant_id=2eb0a143563e457992ae5175f9ee50a1&name=default 0.157s
2025-02-17 22:30:52.356 63302 INFO tempest.lib.common.rest_client [req-f2176686-4ba0-4456-9408-8b24adb26c73 req-f2176686-4ba0-4456-9408-8b24adb26c73 ] Request (QuotasAdminNegativeTest:test_create_server_when_cpu_quota_is_full): 403 POST http://10.180.1.21/compute/v2.1/servers 1.694s
2025-02-17 22:30:52.383 63286 INFO tempest.lib.common.rest_client [req-413ca04d-8223-465a-9118-ec177f2a259d req-413ca04d-8223-465a-9118-ec177f2a259d ] Request (FlavorsAccessNegativeTestJSON:_run_cleanups): 202 DELETE http://10.180.1.21/compute/v2.1/flavors/197535166 1.649s
2025-02-17 22:30:52.445 63284 INFO tempest.lib.common.rest_client [req-735b2079-b36c-41c3-a291-02c39af5620f req-735b2079-b36c-41c3-a291-02c39af5620f ] Request (ServerDiagnosticsTest:tearDownClass): 204 DELETE http://10.180.1.21:9696/networking/v2.0/security-groups/5577e283-400a-48ad-831a-eb1d3e002a8e 0.176s
2025-02-17 22:30:52.505 63278 INFO tempest.lib.common.rest_client [req-909ff6be-fe05-4325-a32b-1b34c6df9a73 req-909ff6be-fe05-4325-a32b-1b34c6df9a73 ] Request (TenantUsagesNegativeTestJSON:test_list_usage_all_tenants_with_non_admin_user): 403 GET http://10.180.1.21/compute/v2.1/os-simple-tenant-usage?start=2025-02-16T22%3A30%3A48.085225&end=2025-02-18T22%3A30%3A48.085225&detailed=1 1.760s
2025-02-17 22:30:52.551 63284 INFO tempest.lib.common.rest_client [req-a07f3e0e-2bb3-4bef-90f8-e95060743688 req-a07f3e0e-2bb3-4bef-90f8-e95060743688 ] Request (ServerDiagnosticsTest:tearDownClass): 204 DELETE http://10.180.1.21/identity/v3/projects/2eb0a143563e457992ae5175f9ee50a1 0.106s
2025-02-17 22:30:52.589 63284 INFO tempest.lib.common.rest_client [req-e95500ed-1531-4184-b4ce-116260a18c47 req-e95500ed-1531-4184-b4ce-116260a18c47 ] Request (ListImageFiltersNegativeTestJSON:setUpClass): 201 POST http://10.180.1.21/identity/v3/auth/tokens 0.033s
2025-02-17 22:30:52.628 63278 INFO tempest.lib.common.rest_client [req-be846d64-3882-4626-aa21-8282b6e6452a req-be846d64-3882-4626-aa21-8282b6e6452a ] Request (TenantUsagesNegativeTestJSON:tearDownClass): 204 DELETE http://10.180.1.21/identity/v3/users/54e348242f484a3ba8e7629cb62c4e9b 0.121s
2025-02-17 22:30:52.660 63284 INFO tempest.lib.common.rest_client [req-a0e6eedd-632b-4c9b-88b1-0432fb3ec684 req-a0e6eedd-632b-4c9b-88b1-0432fb3ec684 ] Request (ListImageFiltersNegativeTestJSON:setUpClass): 201 POST http://10.180.1.21/identity/v3/auth/tokens 0.067s
2025-02-17 22:30:52.719 63284 INFO tempest.lib.common.rest_client [req-bc18bece-cf91-41dd-9c0c-4a7b8b2df746 req-bc18bece-cf91-41dd-9c0c-4a7b8b2df746 ] Request (ListImageFiltersNegativeTestJSON:setUpClass): 200 GET http://10.180.1.21/identity/v3/domains?name=Default 0.059s
2025-02-17 22:30:52.734 63278 INFO tempest.lib.common.rest_client [req-4753dace-882e-475a-b8bf-83fcff98a643 req-4753dace-882e-475a-b8bf-83fcff98a643 ] Request (TenantUsagesNegativeTestJSON:tearDownClass): 204 DELETE http://10.180.1.21/identity/v3/users/c82e9fce6c63476891c2e48e3ca767a2 0.105s
2025-02-17 22:30:52.734 63278 INFO tempest.lib.common.dynamic_creds [-] Deleting project and security group for project: 0e086493a50e4115969711c0c67fdec9
2025-02-17 22:30:52.736 63330 INFO tempest.lib.common.rest_client [req-6ef98e20-fb18-4123-b337-9ebc2339b0ef req-6ef98e20-fb18-4123-b337-9ebc2339b0ef ] Request (MigrationsAdminTest:test_list_migrations_in_flavor_resize_situation): 202 POST http://10.180.1.21/compute/v2.1/servers/2e7fdade-c4c3-400c-b59a-b77382e4348c/action 1.754s
2025-02-17 22:30:52.787 63284 INFO tempest.lib.common.rest_client [req-50fae7dd-92ab-4639-9ae6-a7cf9a5366d4 req-50fae7dd-92ab-4639-9ae6-a7cf9a5366d4 ] Request (ListImageFiltersNegativeTestJSON:setUpClass): 201 POST http://10.180.1.21/identity/v3/projects 0.068s
2025-02-17 22:30:52.799 63278 INFO tempest.lib.common.rest_client [req-50842dc1-9f58-4231-8b25-d7d6d9bf5773 req-50842dc1-9f58-4231-8b25-d7d6d9bf5773 ] Request (TenantUsagesNegativeTestJSON:tearDownClass): 201 POST http://10.180.1.21/identity/v3/auth/tokens 0.064s
2025-02-17 22:30:52.819 63296 INFO tempest.lib.common.rest_client [req-adc68390-e509-4bf2-9e82-dc19b77d434b req-adc68390-e509-4bf2-9e82-dc19b77d434b ] Request (FloatingIPsAssociationTestJSON:setUpClass): 200 POST http://10.180.1.21/compute/v2.1/os-floating-ips 2.097s
2025-02-17 22:30:52.838 63308 INFO tempest.lib.common.rest_client [req-a67955d6-6c42-43ec-b7ae-714ed1e3c589 req-a67955d6-6c42-43ec-b7ae-714ed1e3c589 ] Request (ServersAdmin275Test:_run_cleanups): 200 GET http://10.180.1.21/compute/v2.1/servers/422c1d47-c8e5-4db0-bd13-3396a24906b7 1.642s
2025-02-17 22:30:52.849 63308 INFO tempest.common.waiters [-] State transition "REBUILD/rebuilding" ==> "REBUILD/rebuild_spawning" after 2 second wait
2025-02-17 22:30:52.857 63284 INFO tempest.lib.common.rest_client [req-045ef2b1-5cd1-4f9c-bd9c-e0a5212ad7b3 req-045ef2b1-5cd1-4f9c-bd9c-e0a5212ad7b3 ] Request (ListImageFiltersNegativeTestJSON:setUpClass): 201 POST http://10.180.1.21/identity/v3/users 0.069s
2025-02-17 22:30:52.914 63296 INFO tempest.lib.common.rest_client [req-afa1777f-008d-41a6-8c3f-14bc0459f551 req-afa1777f-008d-41a6-8c3f-14bc0459f551 ] Request (FloatingIPsAssociationTestJSON:test_associate_already_associated_floating_ip): 201 POST http://10.180.1.21/identity/v3/auth/tokens 0.086s
2025-02-17 22:30:52.914 63296 INFO tempest.lib.common.fixed_network [-] (FloatingIPsAssociationTestJSON:test_associate_already_associated_floating_ip) Found network {'id': 'ec1afc6e-d11d-48be-bcfb-265ad1e6f4fa', 'name': 'tempest-FloatingIPsAssociationTestJSON-1469591162-network', 'tenant_id': '2c85413595c14851bc4c1a8c161408bc', 'admin_state_up': True, 'mtu': 8950, 'status': 'ACTIVE', 'subnets': [], 'shared': False, 'project_id': '2c85413595c14851bc4c1a8c161408bc', 'port_security_enabled': True, 'router:external': False, 'provider:network_type': 'vlan', 'provider:physical_network': 'default', 'provider:segmentation_id': 194, 'availability_zone_hints': [], 'availability_zones': [], 'ipv4_address_scope': None, 'ipv6_address_scope': None, 'description': '', 'tags': [], 'created_at': '2025-02-17T22:30:19Z', 'updated_at': '2025-02-17T22:30:20Z', 'revision_number': 1} available for tenant
2025-02-17 22:30:52.934 63284 INFO tempest.lib.common.rest_client [req-6ba6c825-695c-4705-b962-6f426a2485e7 req-6ba6c825-695c-4705-b962-6f426a2485e7 ] Request (ListImageFiltersNegativeTestJSON:setUpClass): 200 GET http://10.180.1.21/identity/v3/roles 0.076s
2025-02-17 22:30:52.967 63284 INFO tempest.lib.common.rest_client [req-3a663698-f623-4169-b0c1-42ed9075e183 req-3a663698-f623-4169-b0c1-42ed9075e183 ] Request (ListImageFiltersNegativeTestJSON:setUpClass): 204 PUT http://10.180.1.21/identity/v3/projects/619cf3fc60a245a098c38e9c66f58274/users/6dc5175a09a84bbcbfd014f0120825b3/roles/0eb393c96013484a93382f93f7abb624 0.032s
2025-02-17 22:30:52.967 63284 INFO tempest.lib.common.dynamic_creds [-] Dynamic test user 6dc5175a09a84bbcbfd014f0120825b3 is created with scope project and roles: ['member']
2025-02-17 22:30:52.967 63284 INFO tempest.lib.common.dynamic_creds [-] Acquired dynamic creds: credentials: Credentials: {'domain_id': 'default', 'domain_name': 'Default', 'username': 'tempest-ListImageFiltersNegativeTestJSON-2112303460-project-member', 'project_domain_id': 'default', 'project_domain_name': 'Default', 'project_id': '619cf3fc60a245a098c38e9c66f58274', 'project_name': 'tempest-ListImageFiltersNegativeTestJSON-2112303460', 'tenant_id': '619cf3fc60a245a098c38e9c66f58274', 'tenant_name': 'tempest-ListImageFiltersNegativeTestJSON-2112303460', 'user_domain_id': 'default', 'user_domain_name': 'Default', 'user_id': '6dc5175a09a84bbcbfd014f0120825b3', 'system': None}, Network: None, Subnet: None, Router: None
2025-02-17 22:30:52.967 63284 INFO tempest.lib.common.dynamic_creds [-] Created isolated network resources for: credentials: Credentials: {'domain_id': 'default', 'domain_name': 'Default', 'username': 'tempest-ListImageFiltersNegativeTestJSON-2112303460-project-member', 'project_domain_id': 'default', 'project_domain_name': 'Default', 'project_id': '619cf3fc60a245a098c38e9c66f58274', 'project_name': 'tempest-ListImageFiltersNegativeTestJSON-2112303460', 'tenant_id': '619cf3fc60a245a098c38e9c66f58274', 'tenant_name': 'tempest-ListImageFiltersNegativeTestJSON-2112303460', 'user_domain_id': 'default', 'user_domain_name': 'Default', 'user_id': '6dc5175a09a84bbcbfd014f0120825b3', 'system': None}, Network: None, Subnet: None, Router: None
2025-02-17 22:30:52.997 63276 INFO tempest.lib.common.rest_client [req-66f0538c-0cf3-440c-9f19-933bc7d55c6d req-66f0538c-0cf3-440c-9f19-933bc7d55c6d ] Request (ImagesMetadataTestJSON:setUp): 200 PUT http://10.180.1.21/compute/v2.1/images/411d9f68-d730-47fa-a0de-f8b0256937c8/metadata 1.542s
2025-02-17 22:30:53.014 63278 INFO tempest.lib.common.rest_client [req-c013add5-1b5c-473e-9adb-40a8b8de3caa req-c013add5-1b5c-473e-9adb-40a8b8de3caa ] Request (TenantUsagesNegativeTestJSON:tearDownClass): 200 GET http://10.180.1.21:9696/networking/v2.0/security-groups?tenant_id=0e086493a50e4115969711c0c67fdec9&name=default 0.215s
2025-02-17 22:30:53.019 63272 INFO tempest.lib.common.rest_client [req-0f76fd43-b0d3-4c35-9765-b98fa91fea83 req-0f76fd43-b0d3-4c35-9765-b98fa91fea83 ] Request (AggregatesAdminNegativeTestJSON:_run_cleanups): 200 DELETE http://10.180.1.21/compute/v2.1/os-aggregates/6 1.454s
2025-02-17 22:30:53.053 63284 INFO tempest.lib.common.rest_client [req-44a9583c-96cf-4bfb-8e68-bed02c152a74 req-44a9583c-96cf-4bfb-8e68-bed02c152a74 ] Request (ListImageFiltersNegativeTestJSON:setUpClass): 201 POST http://10.180.1.21/identity/v3/auth/tokens 0.081s
2025-02-17 22:30:53.074 63314 INFO tempest.lib.common.rest_client [req-464c6526-234e-4abc-9ecd-f8123ea4d2cc req-464c6526-234e-4abc-9ecd-f8123ea4d2cc ] Request (ServersTestMultiNic:test_verify_duplicate_network_nics): 200 GET http://10.180.1.21/compute/v2.1/servers/c84b0e7f-c973-42df-9d94-2e06f52a67d4 1.296s
2025-02-17 22:30:53.115 63278 INFO tempest.lib.common.rest_client [req-2da16fbe-e052-434c-95d2-12dc61345146 req-2da16fbe-e052-434c-95d2-12dc61345146 ] Request (TenantUsagesNegativeTestJSON:tearDownClass): 204 DELETE http://10.180.1.21:9696/networking/v2.0/security-groups/e5e95c72-5be9-482e-8965-326d820a2345 0.100s
2025-02-17 22:30:53.169 63280 INFO tempest.lib.common.rest_client [req-da076fe1-7b56-4fce-8177-f6fa22d43097 req-da076fe1-7b56-4fce-8177-f6fa22d43097 ] Request (QuotasAdminTestV236:test_get_updated_quotas): 200 GET http://10.180.1.21/compute/v2.1/os-quota-sets/243f87658ec64a179d149bf5ef0cdbba?user_id=5a7a6e8bf11146788deccdf6f0f40cc3 1.286s
2025-02-17 22:30:53.192 63328 INFO tempest.lib.common.rest_client [req-9cb07067-b555-4d18-aae3-2e37012e1622 req-9cb07067-b555-4d18-aae3-2e37012e1622 ] Request (ServersTestBootFromVolume:setUpClass): 200 GET http://10.180.1.21/volume/v3/volumes/9c4b635c-3ce9-48d5-930a-3a65fc14d6d3 0.034s
2025-02-17 22:30:53.214 63278 INFO tempest.lib.common.rest_client [req-f6e1437c-7aed-48b1-aee3-afc2928e01c0 req-f6e1437c-7aed-48b1-aee3-afc2928e01c0 ] Request (TenantUsagesNegativeTestJSON:tearDownClass): 204 DELETE http://10.180.1.21/identity/v3/projects/0e086493a50e4115969711c0c67fdec9 0.098s
2025-02-17 22:30:53.214 63278 INFO tempest.lib.common.dynamic_creds [-] Deleting project and security group for project: c68ca43db15c42f08c3c2f9e703e1503
2025-02-17 22:30:53.222 63270 INFO tempest.lib.common.rest_client [req-73d966b2-45b9-4324-bec3-35cc40213670 req-73d966b2-45b9-4324-bec3-35cc40213670 ] Request (ServersAdminNegativeTestJSON:setUpClass): 200 GET http://10.180.1.21/compute/v2.1/servers/59a0c51a-c68d-48ae-a580-48ff3f4b09a6 1.334s
2025-02-17 22:30:53.265 63280 INFO tempest.lib.common.rest_client [req-c3109a9b-3e07-4e59-96b6-d3d9da10d5fa req-c3109a9b-3e07-4e59-96b6-d3d9da10d5fa ] Request (QuotasAdminTestV236:_run_cleanups): 204 DELETE http://10.180.1.21/identity/v3/users/5a7a6e8bf11146788deccdf6f0f40cc3 0.094s
2025-02-17 22:30:53.383 63280 INFO tempest.lib.common.rest_client [req-1adcfceb-b536-4387-bf5c-72f24541f67b req-1adcfceb-b536-4387-bf5c-72f24541f67b ] Request (QuotasAdminTestV236:_run_cleanups): 204 DELETE http://10.180.1.21/identity/v3/projects/243f87658ec64a179d149bf5ef0cdbba 0.118s
2025-02-17 22:30:53.391 63288 INFO tempest.lib.common.rest_client [req-381634da-3411-42bd-aa82-6e12298f90aa req-381634da-3411-42bd-aa82-6e12298f90aa ] Request (ServersWithSpecificFlavorTestJSON:test_verify_created_server_ephemeral_disk): 200 GET http://10.180.1.21/compute/v2.1/servers/6e03333f-8e00-4713-8ab8-c400f6c07ef7 1.492s
2025-02-17 22:30:53.392 63298 INFO tempest.lib.common.rest_client [req-e97faec8-b976-4475-afb7-5bd9a163b04e req-e97faec8-b976-4475-afb7-5bd9a163b04e ] Request (FloatingIPsAssociationNegativeTestJSON:_run_cleanups): 202 DELETE http://10.180.1.21/compute/v2.1/os-floating-ips/db781381-9ec7-415a-9828-52292636e321 2.126s
2025-02-17 22:30:53.392 63278 INFO tempest.lib.common.rest_client [req-f21ba9cd-224e-4524-abff-5ca97d148f9c req-f21ba9cd-224e-4524-abff-5ca97d148f9c ] Request (TenantUsagesNegativeTestJSON:tearDownClass): 200 GET http://10.180.1.21:9696/networking/v2.0/security-groups?tenant_id=c68ca43db15c42f08c3c2f9e703e1503&name=default 0.177s
2025-02-17 22:30:53.400 63288 INFO tempest.common.waiters [-] State transition "BUILD/spawning" ==> "ACTIVE/None" after 20 second wait
2025-02-17 22:30:53.524 63322 INFO tempest.lib.common.rest_client [req-7a85b07e-7b6a-4b2a-8d97-7a5e159adff5 req-7a85b07e-7b6a-4b2a-8d97-7a5e159adff5 ] Request (FloatingIPDetailsTestJSON:test_get_floating_ip_details): 200 GET http://10.180.1.21/compute/v2.1/os-floating-ips/be99c7ab-c025-4be3-bfeb-5ae1bf28c26c 1.574s
2025-02-17 22:30:53.524 63278 INFO tempest.lib.common.rest_client [req-fc044bdc-bc99-4390-86c7-ad1d4417efce req-fc044bdc-bc99-4390-86c7-ad1d4417efce ] Request (TenantUsagesNegativeTestJSON:tearDownClass): 204 DELETE http://10.180.1.21:9696/networking/v2.0/security-groups/cde30e78-8876-406c-9c44-97ee20c213c2 0.132s
