2025-02-17 22:32:37.623 63272 INFO tempest.lib.common.rest_client [req-7ae4f5da-bd5c-4689-b00f-af4c3a2cb2dd req-7ae4f5da-bd5c-4689-b00f-af4c3a2cb2dd ] Request (ServerMetadataTestJSON:test_set_server_metadata): 200 GET http://10.180.1.21/compute/v2.1/servers/a7b98e82-7cfa-4d4d-80ca-46f60573d56e/metadata 0.046s
2025-02-17 22:32:37.636 63282 INFO tempest.lib.common.rest_client [req-babdc482-ddce-4cc1-b169-e8a751377e53 req-babdc482-ddce-4cc1-b169-e8a751377e53 ] Request (ImagesNegativeTestJSON:test_create_image_from_deleted_server): 200 GET http://10.180.1.21/compute/v2.1/servers/52ba1be4-89df-419b-a8a1-39d9bab1b462 0.092s
2025-02-17 22:32:37.639 63310 INFO tempest.lib.common.rest_client [req-65c82c0d-25f2-49d0-af37-a5efb9a4b60a req-65c82c0d-25f2-49d0-af37-a5efb9a4b60a ] Request (ImagesOneServerTestJSON:tearDownClass): 204 DELETE http://10.180.1.21:9696/networking/v2.0/networks/5256974f-0390-42b7-abf7-daeadd9dea13 0.304s
2025-02-17 22:32:37.684 63308 INFO tempest.lib.common.rest_client [req-3e361fca-a233-4926-a8cd-93a7a6cc27bd req-3e361fca-a233-4926-a8cd-93a7a6cc27bd ] Request (TenantUsagesTestJSON:tearDownClass): 200 GET http://10.180.1.21/compute/v2.1/servers/2e85cb3d-2f19-4c85-acd2-e1771a0df42c 0.099s
2025-02-17 22:32:37.690 63270 INFO tempest.lib.common.rest_client [req-6ce5e474-7e0d-4a34-aee9-b706e0fa1efa req-6ce5e474-7e0d-4a34-aee9-b706e0fa1efa ] Request (ServersAdminNegativeTestJSON:tearDownClass): 200 GET http://10.180.1.21/compute/v2.1/servers/d06126ca-dc5c-4862-93a0-19071afb4cf6 0.075s
2025-02-17 22:32:37.742 63306 INFO tempest.lib.common.rest_client [req-ccd2c20f-9dba-41eb-82c1-44295ec37410 req-ccd2c20f-9dba-41eb-82c1-44295ec37410 ] Request (ServerExternalEventsTest:tearDownClass): 200 GET http://10.180.1.21/compute/v2.1/servers/9d9242e0-a1a0-4831-ba31-ef88aeee0577 0.093s
2025-02-17 22:32:37.742 63272 INFO tempest.lib.common.rest_client [req-39c5c089-d46e-40fb-883f-1c5a200c1f19 req-39c5c089-d46e-40fb-883f-1c5a200c1f19 ] Request (ServerMetadataTestJSON:setUp): 200 PUT http://10.180.1.21/compute/v2.1/servers/a7b98e82-7cfa-4d4d-80ca-46f60573d56e/metadata 0.118s
2025-02-17 22:32:37.746 63310 INFO tempest.lib.common.rest_client [req-eeb9560f-ba54-452d-8a69-7d0bf26bb029 req-eeb9560f-ba54-452d-8a69-7d0bf26bb029 ] Request (ImagesOneServerTestJSON:tearDownClass): 204 DELETE http://10.180.1.21/identity/v3/users/1e8ad87b5b2a4f418df26a93275208ba 0.106s
2025-02-17 22:32:37.746 63310 INFO tempest.lib.common.dynamic_creds [-] Deleting project and security group for project: 676b656fc4ad4dc385ac6edb4981c890
2025-02-17 22:32:37.800 63320 INFO tempest.lib.common.rest_client [req-b19a6698-35d1-45f2-b468-fd3da8ba1b2f req-b19a6698-35d1-45f2-b468-fd3da8ba1b2f ] Request (ServerShowV247Test:test_update_rebuild_list_server): 200 GET http://10.180.1.21/compute/v2.1/servers/ef7398c4-e98d-4434-92e2-14f6e86fa19c 0.084s
2025-02-17 22:32:37.800 63310 INFO tempest.lib.common.rest_client [req-b626c2a0-8030-4ae9-a50c-67ffd8d16a4b req-b626c2a0-8030-4ae9-a50c-67ffd8d16a4b ] Request (ImagesOneServerTestJSON:tearDownClass): 200 GET http://10.180.1.21:9696/networking/v2.0/security-groups?tenant_id=676b656fc4ad4dc385ac6edb4981c890&name=default 0.054s
2025-02-17 22:32:37.801 63290 INFO tempest.lib.common.rest_client [req-de668e41-e221-4a98-883d-e57405c3b137 req-de668e41-e221-4a98-883d-e57405c3b137 ] Request (DeleteServersAdminTestJSON:test_delete_server_while_in_error_state): 200 GET http://10.180.1.21/compute/v2.1/servers/c7dbf8a7-f220-47be-a479-a1994a7d2664 0.122s
2025-02-17 22:32:37.864 63272 INFO tempest.lib.common.rest_client [req-ba69c6a1-d5a9-4ef7-8ea8-fed3229ed4ce req-ba69c6a1-d5a9-4ef7-8ea8-fed3229ed4ce ] Request (ServerMetadataTestJSON:test_set_server_metadata_item): 200 PUT http://10.180.1.21/compute/v2.1/servers/a7b98e82-7cfa-4d4d-80ca-46f60573d56e/metadata/nova 0.121s
2025-02-17 22:32:37.895 63272 INFO tempest.lib.common.rest_client [req-e9aef3cd-d36f-4d98-ab2c-449e2be36633 req-e9aef3cd-d36f-4d98-ab2c-449e2be36633 ] Request (ServerMetadataTestJSON:test_set_server_metadata_item): 200 GET http://10.180.1.21/compute/v2.1/servers/a7b98e82-7cfa-4d4d-80ca-46f60573d56e/metadata 0.029s
2025-02-17 22:32:37.901 63310 INFO tempest.lib.common.rest_client [req-55301638-193a-4dc3-a6de-7fa268fbf2a9 req-55301638-193a-4dc3-a6de-7fa268fbf2a9 ] Request (ImagesOneServerTestJSON:tearDownClass): 204 DELETE http://10.180.1.21:9696/networking/v2.0/security-groups/e10ff62f-c7f7-4a0c-872d-46a0597ee265 0.100s
2025-02-17 22:32:37.949 63272 INFO tempest.lib.common.rest_client [req-a870a619-08d5-4cf0-b824-1233730585ec req-a870a619-08d5-4cf0-b824-1233730585ec ] Request (ServerMetadataTestJSON:setUp): 200 PUT http://10.180.1.21/compute/v2.1/servers/a7b98e82-7cfa-4d4d-80ca-46f60573d56e/metadata 0.053s
2025-02-17 22:32:37.976 63310 INFO tempest.lib.common.rest_client [req-97fb3de6-f3f1-4c31-890a-1b40010693e1 req-97fb3de6-f3f1-4c31-890a-1b40010693e1 ] Request (ImagesOneServerTestJSON:tearDownClass): 204 DELETE http://10.180.1.21/identity/v3/projects/676b656fc4ad4dc385ac6edb4981c890 0.074s
2025-02-17 22:32:38.003 63272 INFO tempest.lib.common.rest_client [req-cf866846-4131-4ec3-a150-996ad5314f28 req-cf866846-4131-4ec3-a150-996ad5314f28 ] Request (ServerMetadataTestJSON:test_update_metadata_empty_body): 200 POST http://10.180.1.21/compute/v2.1/servers/a7b98e82-7cfa-4d4d-80ca-46f60573d56e/metadata 0.053s
2025-02-17 22:32:38.029 63326 INFO tempest.lib.common.rest_client [req-deba3db9-34ac-46c3-a28f-2d9589e43d96 req-deba3db9-34ac-46c3-a28f-2d9589e43d96 ] Request (ServerRescueTestJSONUnderV235:setUpClass): 200 GET http://10.180.1.21/compute/v2.1/servers/64d2fdcf-1210-4994-b86c-74bac8aaffb3 0.049s
2025-02-17 22:32:38.030 63272 INFO tempest.lib.common.rest_client [req-8779f3f5-f99e-43b2-8447-12a3706c6a29 req-8779f3f5-f99e-43b2-8447-12a3706c6a29 ] Request (ServerMetadataTestJSON:test_update_metadata_empty_body): 200 GET http://10.180.1.21/compute/v2.1/servers/a7b98e82-7cfa-4d4d-80ca-46f60573d56e/metadata 0.025s
2025-02-17 22:32:38.033 63310 INFO tempest.lib.common.rest_client [req-b717b760-67c9-412a-b663-d3a098161848 req-b717b760-67c9-412a-b663-d3a098161848 ] Request (ComputeTenantNetworksTest:setUpClass): 201 POST http://10.180.1.21/identity/v3/auth/tokens 0.056s
2025-02-17 22:32:38.060 63310 INFO tempest.lib.common.rest_client [req-e8e1b411-7344-4e77-be6a-310c78f7b342 req-e8e1b411-7344-4e77-be6a-310c78f7b342 ] Request (ComputeTenantNetworksTest:setUpClass): 201 POST http://10.180.1.21/identity/v3/auth/tokens 0.024s
2025-02-17 22:32:38.080 63310 INFO tempest.lib.common.rest_client [req-e7ecbca7-23d8-43d2-8d09-b70f4d2fdf8f req-e7ecbca7-23d8-43d2-8d09-b70f4d2fdf8f ] Request (ComputeTenantNetworksTest:setUpClass): 200 GET http://10.180.1.21/identity/v3/domains?name=Default 0.020s
2025-02-17 22:32:38.082 63272 INFO tempest.lib.common.rest_client [req-11a34050-2566-459a-8b3a-ae8bab5619b1 req-11a34050-2566-459a-8b3a-ae8bab5619b1 ] Request (ServerMetadataTestJSON:setUp): 200 PUT http://10.180.1.21/compute/v2.1/servers/a7b98e82-7cfa-4d4d-80ca-46f60573d56e/metadata 0.050s
2025-02-17 22:32:38.105 63310 INFO tempest.lib.common.rest_client [req-0ae915c9-11a9-48a9-92e1-aef793d55ff6 req-0ae915c9-11a9-48a9-92e1-aef793d55ff6 ] Request (ComputeTenantNetworksTest:setUpClass): 201 POST http://10.180.1.21/identity/v3/projects 0.024s
2025-02-17 22:32:38.133 63292 INFO tempest.lib.common.rest_client [req-4916fc7c-ff9f-4fa5-8462-d077a52741f8 req-4916fc7c-ff9f-4fa5-8462-d077a52741f8 ] Request (DeleteServersTestJSON:test_delete_server_while_in_shelved_state): 200 GET http://10.180.1.21/compute/v2.1/servers/383d7013-3574-4b60-9975-af059d4f8a99 0.046s
2025-02-17 22:32:38.139 63272 INFO tempest.lib.common.rest_client [req-1d1bed7f-369b-4449-a6f9-81737e1675c4 req-1d1bed7f-369b-4449-a6f9-81737e1675c4 ] Request (ServerMetadataTestJSON:test_update_server_metadata): 200 POST http://10.180.1.21/compute/v2.1/servers/a7b98e82-7cfa-4d4d-80ca-46f60573d56e/metadata 0.056s
2025-02-17 22:32:38.156 63310 INFO tempest.lib.common.rest_client [req-3d8b7f60-d11c-4ffd-b8f0-4b326f0223d1 req-3d8b7f60-d11c-4ffd-b8f0-4b326f0223d1 ] Request (ComputeTenantNetworksTest:setUpClass): 201 POST http://10.180.1.21/identity/v3/users 0.051s
2025-02-17 22:32:38.168 63272 INFO tempest.lib.common.rest_client [req-7290773b-53d2-4db5-b498-97a9c9456355 req-7290773b-53d2-4db5-b498-97a9c9456355 ] Request (ServerMetadataTestJSON:test_update_server_metadata): 200 GET http://10.180.1.21/compute/v2.1/servers/a7b98e82-7cfa-4d4d-80ca-46f60573d56e/metadata 0.028s
2025-02-17 22:32:38.180 63310 INFO tempest.lib.common.rest_client [req-a6f74107-5ab2-4e02-a737-aef0626c1309 req-a6f74107-5ab2-4e02-a737-aef0626c1309 ] Request (ComputeTenantNetworksTest:setUpClass): 200 GET http://10.180.1.21/identity/v3/roles 0.023s
2025-02-17 22:32:38.207 63310 INFO tempest.lib.common.rest_client [req-ce4bc59d-f82f-4b86-b2d6-201f95819940 req-ce4bc59d-f82f-4b86-b2d6-201f95819940 ] Request (ComputeTenantNetworksTest:setUpClass): 204 PUT http://10.180.1.21/identity/v3/projects/325314e7a7b1418cbdd96aeab9f4f38a/users/816451ca679b4d48afe7fe2afa00cde4/roles/0eb393c96013484a93382f93f7abb624 0.026s
2025-02-17 22:32:38.207 63310 INFO tempest.lib.common.dynamic_creds [-] Dynamic test user 816451ca679b4d48afe7fe2afa00cde4 is created with scope project and roles: ['member']
2025-02-17 22:32:38.207 63310 INFO tempest.lib.common.dynamic_creds [-] Acquired dynamic creds: credentials: Credentials: {'domain_id': 'default', 'domain_name': 'Default', 'username': 'tempest-ComputeTenantNetworksTest-955932323-project-member', 'project_domain_id': 'default', 'project_domain_name': 'Default', 'project_id': '325314e7a7b1418cbdd96aeab9f4f38a', 'project_name': 'tempest-ComputeTenantNetworksTest-955932323', 'tenant_id': '325314e7a7b1418cbdd96aeab9f4f38a', 'tenant_name': 'tempest-ComputeTenantNetworksTest-955932323', 'user_domain_id': 'default', 'user_domain_name': 'Default', 'user_id': '816451ca679b4d48afe7fe2afa00cde4', 'system': None}, Network: None, Subnet: None, Router: None
2025-02-17 22:32:38.218 63286 INFO tempest.lib.common.rest_client [req-3335ab86-4d37-4a95-8f51-0d34ab8b38f8 req-3335ab86-4d37-4a95-8f51-0d34ab8b38f8 ] Request (InstanceActionsTestJSON:tearDownClass): 200 GET http://10.180.1.21/compute/v2.1/servers/3e0d91e8-d0e5-48e8-9d76-e540c127d3c4 0.102s
2025-02-17 22:32:38.241 63272 INFO tempest.lib.common.rest_client [req-047e65b3-b57a-4155-9e98-774fe980be9d req-047e65b3-b57a-4155-9e98-774fe980be9d ] Request (ServerMetadataTestJSON:tearDownClass): 204 DELETE http://10.180.1.21/compute/v2.1/servers/a7b98e82-7cfa-4d4d-80ca-46f60573d56e 0.071s
2025-02-17 22:32:38.259 63310 INFO tempest.lib.common.rest_client [req-2ca6ac9a-6385-4327-ac33-6a7887f604c8 req-2ca6ac9a-6385-4327-ac33-6a7887f604c8 ] Request (ComputeTenantNetworksTest:setUpClass): 201 POST http://10.180.1.21/identity/v3/auth/tokens 0.052s
2025-02-17 22:32:38.272 63302 INFO tempest.lib.common.rest_client [req-ce9a931d-0d40-4215-9324-2580f0ac81e4 req-ce9a931d-0d40-4215-9324-2580f0ac81e4 ] Request (ServersNegativeTestMultiTenantJSON:tearDownClass): 200 GET http://10.180.1.21/compute/v2.1/servers/5157c346-c7da-488e-b7fd-1dccac3bf61b 0.086s
2025-02-17 22:32:38.320 63328 WARNING tempest.lib.common.ssh [-] Failed to establish authenticated ssh connection to cirros@10.180.180.210 ([Errno None] Unable to connect to port 22 on 10.180.180.210). Number attempts: 7. Retry after 8 seconds.: paramiko.ssh_exception.NoValidConnectionsError: [Errno None] Unable to connect to port 22 on 10.180.180.210
2025-02-17 22:32:38.345 63298 INFO tempest.lib.common.rest_client [req-5729b946-6f32-4eb8-921e-e8406be08bef req-5729b946-6f32-4eb8-921e-e8406be08bef ] Request (ServerTagsTestJSON:setUpClass): 200 GET http://10.180.1.21/compute/v2.1/servers/57c52d11-f775-4b50-98ba-81fc825362e6 0.053s
2025-02-17 22:32:38.356 63298 INFO tempest.common.waiters [-] State transition "BUILD/None" ==> "BUILD/networking" after 55 second wait
2025-02-17 22:32:38.390 63272 INFO tempest.lib.common.rest_client [req-25f7a934-6715-447d-a8f8-9d067062a7da req-25f7a934-6715-447d-a8f8-9d067062a7da ] Request (ServerMetadataTestJSON:tearDownClass): 200 GET http://10.180.1.21/compute/v2.1/servers/a7b98e82-7cfa-4d4d-80ca-46f60573d56e 0.148s
2025-02-17 22:32:38.427 63296 INFO tempest.lib.common.rest_client [req-160d18fe-d872-4dbd-bb71-8214b0666dfe req-160d18fe-d872-4dbd-bb71-8214b0666dfe ] Request (FloatingIPsAssociationTestJSON:tearDownClass): 200 GET http://10.180.1.21/compute/v2.1/servers/00376bf9-716d-4c89-a29d-2c6381ce373a 0.068s
2025-02-17 22:32:38.504 63280 INFO tempest.lib.common.rest_client [req-627a9d09-cb75-42f6-8a3c-c95347647157 req-627a9d09-cb75-42f6-8a3c-c95347647157 ] Request (ServersAdminTestJSON:test_create_server_with_scheduling_hint): 200 GET http://10.180.1.21/compute/v2.1/servers/e6365eeb-3739-4eae-8a8f-27fc4e726d9f 0.060s
2025-02-17 22:32:38.516 63318 INFO tempest.lib.common.rest_client [req-94e11a9f-8ab1-437c-a1e1-0a40c67b5e97 req-94e11a9f-8ab1-437c-a1e1-0a40c67b5e97 ] Request (ListImageFiltersTestJSON:tearDownClass): 200 GET http://10.180.1.21/compute/v2.1/servers/6dbc1cd2-276a-4592-9d70-206b1d1fc144 0.085s
2025-02-17 22:32:38.531 63300 INFO tempest.lib.common.rest_client [req-96c86bfc-d744-4bc9-98ba-52c51730fa08 req-96c86bfc-d744-4bc9-98ba-52c51730fa08 ] Request (VolumesAssistedSnapshotsTest:test_volume_assisted_snapshot_create_delete): 200 GET http://10.180.1.21/volume/v3/volumes/c7469a6a-e0d5-4972-934d-5b09b3a664a4 0.040s
2025-02-17 22:32:38.555 63304 INFO tempest.lib.common.rest_client [req-ee71b6f4-2742-4cff-93a7-c6db5604f5fd req-ee71b6f4-2742-4cff-93a7-c6db5604f5fd ] Request (ImagesOneServerNegativeTestJSON:_run_cleanups): 200 GET http://10.180.1.21/compute/v2.1/servers/d6a6c979-4668-4bb8-9e40-af48f6fa0afd 0.061s
2025-02-17 22:32:38.617 63314 INFO tempest.lib.common.rest_client [req-340910ac-b685-4389-8f79-ba4639863f7a req-340910ac-b685-4389-8f79-ba4639863f7a ] Request (ServersTestMultiNic:test_verify_multiple_nics_order): 200 GET http://10.180.1.21/compute/v2.1/servers/bcf452a5-32c1-4181-9650-7d4a5334d8dc 0.075s
2025-02-17 22:32:38.634 63310 INFO tempest.lib.common.rest_client [req-2d2d19ca-a294-4e05-a408-70a934ee12a6 req-2d2d19ca-a294-4e05-a408-70a934ee12a6 ] Request (ComputeTenantNetworksTest:setUpClass): 201 POST http://10.180.1.21:9696/networking/v2.0/networks 0.375s
2025-02-17 22:32:38.634 63310 INFO tempest.lib.common.dynamic_creds [-] Created isolated network resources for: credentials: Credentials: {'domain_id': 'default', 'domain_name': 'Default', 'username': 'tempest-ComputeTenantNetworksTest-955932323-project-member', 'project_domain_id': 'default', 'project_domain_name': 'Default', 'project_id': '325314e7a7b1418cbdd96aeab9f4f38a', 'project_name': 'tempest-ComputeTenantNetworksTest-955932323', 'tenant_id': '325314e7a7b1418cbdd96aeab9f4f38a', 'tenant_name': 'tempest-ComputeTenantNetworksTest-955932323', 'user_domain_id': 'default', 'user_domain_name': 'Default', 'user_id': '816451ca679b4d48afe7fe2afa00cde4', 'system': None}, Network: {'id': 'cadfc8e4-544e-4aa9-bc69-076710789cf7', 'name': 'tempest-ComputeTenantNetworksTest-990997318-network', 'tenant_id': '325314e7a7b1418cbdd96aeab9f4f38a', 'admin_state_up': True, 'mtu': 8950, 'status': 'ACTIVE', 'subnets': [], 'shared': False, 'project_id': '325314e7a7b1418cbdd96aeab9f4f38a', 'port_security_enabled': True, 'router:external': False, 'provider:network_type': 'vlan', 'provider:physical_network': 'default', 'provider:segmentation_id': 299, 'availability_zone_hints': [], 'availability_zones': [], 'ipv4_address_scope': None, 'ipv6_address_scope': None, 'description': '', 'tags': [], 'created_at': '2025-02-17T22:32:38Z', 'updated_at': '2025-02-17T22:32:38Z', 'revision_number': 1}, Subnet: None, Router: None
2025-02-17 22:32:38.663 63330 INFO tempest.lib.common.rest_client [req-c2e4e744-70e1-4e00-98f9-375bb43e6329 req-c2e4e744-70e1-4e00-98f9-375bb43e6329 ] Request (MigrationsAdminTest:test_resize_server_revert_deleted_flavor): 200 GET http://10.180.1.21/compute/v2.1/servers/a210b97d-117c-418b-81a2-594ec21dde75 0.059s
2025-02-17 22:32:38.712 63282 INFO tempest.lib.common.rest_client [req-2be08242-37a8-4592-82b0-7517bf02b144 req-2be08242-37a8-4592-82b0-7517bf02b144 ] Request (ImagesNegativeTestJSON:test_create_image_from_deleted_server): 200 GET http://10.180.1.21/compute/v2.1/servers/52ba1be4-89df-419b-a8a1-39d9bab1b462 0.065s
2025-02-17 22:32:38.729 63310 INFO tempest.lib.common.rest_client [req-a05a9238-8609-41f0-a383-06998408a405 req-a05a9238-8609-41f0-a383-06998408a405 ] Request (ComputeTenantNetworksTest:setUpClass): 201 POST http://10.180.1.21/identity/v3/auth/tokens 0.092s
2025-02-17 22:32:38.761 63310 INFO tempest.lib.common.rest_client [req-3783bd5d-77e9-43b1-88c0-04db31b7f65f req-3783bd5d-77e9-43b1-88c0-04db31b7f65f ] Request (ComputeTenantNetworksTest:setUpClass): 201 POST http://10.180.1.21/identity/v3/auth/tokens 0.028s
2025-02-17 22:32:38.761 63310 INFO tempest.lib.common.fixed_network [-] (ComputeTenantNetworksTest:setUpClass) Found network {'id': 'cadfc8e4-544e-4aa9-bc69-076710789cf7', 'name': 'tempest-ComputeTenantNetworksTest-990997318-network', 'tenant_id': '325314e7a7b1418cbdd96aeab9f4f38a', 'admin_state_up': True, 'mtu': 8950, 'status': 'ACTIVE', 'subnets': [], 'shared': False, 'project_id': '325314e7a7b1418cbdd96aeab9f4f38a', 'port_security_enabled': True, 'router:external': False, 'provider:network_type': 'vlan', 'provider:physical_network': 'default', 'provider:segmentation_id': 299, 'availability_zone_hints': [], 'availability_zones': [], 'ipv4_address_scope': None, 'ipv6_address_scope': None, 'description': '', 'tags': [], 'created_at': '2025-02-17T22:32:38Z', 'updated_at': '2025-02-17T22:32:38Z', 'revision_number': 1} available for tenant
2025-02-17 22:32:38.770 63308 INFO tempest.lib.common.rest_client [req-9ced7345-07e8-47a7-9689-3e4645bb503e req-9ced7345-07e8-47a7-9689-3e4645bb503e ] Request (TenantUsagesTestJSON:tearDownClass): 200 GET http://10.180.1.21/compute/v2.1/servers/2e85cb3d-2f19-4c85-acd2-e1771a0df42c 0.077s
2025-02-17 22:32:38.779 63270 INFO tempest.lib.common.rest_client [req-41773a4e-ce11-46e3-b6ac-85a4bbd83e61 req-41773a4e-ce11-46e3-b6ac-85a4bbd83e61 ] Request (ServersAdminNegativeTestJSON:tearDownClass): 200 GET http://10.180.1.21/compute/v2.1/servers/d06126ca-dc5c-4862-93a0-19071afb4cf6 0.081s
2025-02-17 22:32:38.787 63306 INFO tempest.lib.common.rest_client [req-ad2cca36-aba9-440e-aa61-1a8316936e0c req-ad2cca36-aba9-440e-aa61-1a8316936e0c ] Request (ServerExternalEventsTest:tearDownClass): 404 GET http://10.180.1.21/compute/v2.1/servers/9d9242e0-a1a0-4831-ba31-ef88aeee0577 0.035s
2025-02-17 22:32:38.864 63306 INFO tempest.lib.common.rest_client [req-ee583a33-4590-4d54-b61c-c48c651d81f4 req-ee583a33-4590-4d54-b61c-c48c651d81f4 ] Request (ServerExternalEventsTest:tearDownClass): 204 DELETE http://10.180.1.21/identity/v3/users/c77ec5b462744c549de4539efdfb5aea 0.077s
2025-02-17 22:32:38.875 63290 INFO tempest.lib.common.rest_client [req-4303ccb7-a864-4305-8993-cd7d1d57c0de req-4303ccb7-a864-4305-8993-cd7d1d57c0de ] Request (DeleteServersAdminTestJSON:test_delete_server_while_in_error_state): 200 GET http://10.180.1.21/compute/v2.1/servers/c7dbf8a7-f220-47be-a479-a1994a7d2664 0.067s
2025-02-17 22:32:38.903 63310 INFO tempest.lib.common.rest_client [req-c22a86a4-231d-40a8-9aa4-06b6e0d0c4fc req-c22a86a4-231d-40a8-9aa4-06b6e0d0c4fc ] Request (ComputeTenantNetworksTest:test_list_show_tenant_networks): 200 GET http://10.180.1.21/compute/v2.1/os-tenant-networks 0.140s
2025-02-17 22:32:38.930 63320 INFO tempest.lib.common.rest_client [req-317af4e7-3ceb-42a9-b32d-616c93465596 req-317af4e7-3ceb-42a9-b32d-616c93465596 ] Request (ServerShowV247Test:test_update_rebuild_list_server): 200 GET http://10.180.1.21/compute/v2.1/servers/ef7398c4-e98d-4434-92e2-14f6e86fa19c 0.113s
2025-02-17 22:32:38.941 63320 INFO tempest.common.waiters [-] State transition "BUILD/scheduling" ==> "BUILD/None" after 4 second wait
2025-02-17 22:32:38.945 63310 INFO tempest.lib.common.rest_client [req-a0dcd63d-34b2-411a-b396-4aff0c30d27f req-a0dcd63d-34b2-411a-b396-4aff0c30d27f ] Request (ComputeTenantNetworksTest:test_list_show_tenant_networks): 200 GET http://10.180.1.21/compute/v2.1/os-tenant-networks/cadfc8e4-544e-4aa9-bc69-076710789cf7 0.041s
2025-02-17 22:32:38.971 63306 INFO tempest.lib.common.rest_client [req-693dd79f-d90c-480c-becc-16aff22e835b req-693dd79f-d90c-480c-becc-16aff22e835b ] Request (ServerExternalEventsTest:tearDownClass): 204 DELETE http://10.180.1.21/identity/v3/users/60a29a99d4604dc1a09c0744a51079c5 0.107s
2025-02-17 22:32:39.067 63306 INFO tempest.lib.common.rest_client [req-8650c088-d22b-4ec3-b279-04a7ad2b6fe4 req-8650c088-d22b-4ec3-b279-04a7ad2b6fe4 ] Request (ServerExternalEventsTest:tearDownClass): 204 DELETE http://10.180.1.21/identity/v3/users/cbdeddbeaf7e458585f311e0c76529f5 0.096s
2025-02-17 22:32:39.068 63306 INFO tempest.lib.common.dynamic_creds [-] Deleting project and security group for project: bb7b6e830e0b401f8d7028e4ffe5f5fd
2025-02-17 22:32:39.100 63326 INFO tempest.lib.common.rest_client [req-12aa546e-717d-4258-afb9-24fd2512d2d0 req-12aa546e-717d-4258-afb9-24fd2512d2d0 ] Request (ServerRescueTestJSONUnderV235:setUpClass): 200 GET http://10.180.1.21/compute/v2.1/servers/64d2fdcf-1210-4994-b86c-74bac8aaffb3 0.061s
2025-02-17 22:32:39.121 63306 INFO tempest.lib.common.rest_client [req-0d53c2b7-ee02-4134-9c05-5065a343a114 req-0d53c2b7-ee02-4134-9c05-5065a343a114 ] Request (ServerExternalEventsTest:tearDownClass): 201 POST http://10.180.1.21/identity/v3/auth/tokens 0.053s
2025-02-17 22:32:39.135 63310 INFO tempest.lib.common.rest_client [req-9a35c2bf-fdce-47d9-9e55-2f1462b4fd49 req-9a35c2bf-fdce-47d9-9e55-2f1462b4fd49 ] Request (ComputeTenantNetworksTest:tearDownClass): 204 DELETE http://10.180.1.21:9696/networking/v2.0/networks/cadfc8e4-544e-4aa9-bc69-076710789cf7 0.183s
2025-02-17 22:32:39.203 63310 INFO tempest.lib.common.rest_client [req-40c5eac7-7351-4227-b15b-dbbc7b745afc req-40c5eac7-7351-4227-b15b-dbbc7b745afc ] Request (ComputeTenantNetworksTest:tearDownClass): 204 DELETE http://10.180.1.21/identity/v3/users/816451ca679b4d48afe7fe2afa00cde4 0.067s
2025-02-17 22:32:39.203 63310 INFO tempest.lib.common.dynamic_creds [-] Deleting project and security group for project: 325314e7a7b1418cbdd96aeab9f4f38a
2025-02-17 22:32:39.207 63292 INFO tempest.lib.common.rest_client [req-b44dd8da-0768-40cd-b3e7-e2e77b8fbf04 req-b44dd8da-0768-40cd-b3e7-e2e77b8fbf04 ] Request (DeleteServersTestJSON:test_delete_server_while_in_shelved_state): 200 GET http://10.180.1.21/compute/v2.1/servers/383d7013-3574-4b60-9975-af059d4f8a99 0.066s
2025-02-17 22:32:39.213 63312 WARNING tempest.lib.common.ssh [-] Failed to establish authenticated ssh connection to cirros@10.180.180.236 ([Errno None] Unable to connect to port 22 on 10.180.180.236). Number attempts: 8. Retry after 9 seconds.: paramiko.ssh_exception.NoValidConnectionsError: [Errno None] Unable to connect to port 22 on 10.180.180.236
2025-02-17 22:32:39.235 63310 INFO tempest.lib.common.rest_client [req-0834693c-0a25-4a81-86f4-16a80a1005c5 req-0834693c-0a25-4a81-86f4-16a80a1005c5 ] Request (ComputeTenantNetworksTest:tearDownClass): 200 GET http://10.180.1.21:9696/networking/v2.0/security-groups?tenant_id=325314e7a7b1418cbdd96aeab9f4f38a&name=default 0.032s
2025-02-17 22:32:39.304 63306 INFO tempest.lib.common.rest_client [req-9f20d0fb-7dd0-44da-a96a-54cb16755622 req-9f20d0fb-7dd0-44da-a96a-54cb16755622 ] Request (ServerExternalEventsTest:tearDownClass): 200 GET http://10.180.1.21:9696/networking/v2.0/security-groups?tenant_id=bb7b6e830e0b401f8d7028e4ffe5f5fd&name=default 0.183s
2025-02-17 22:32:39.305 63286 INFO tempest.lib.common.rest_client [req-f466e702-4179-417d-982c-9b4f60ac033b req-f466e702-4179-417d-982c-9b4f60ac033b ] Request (InstanceActionsTestJSON:tearDownClass): 200 GET http://10.180.1.21/compute/v2.1/servers/3e0d91e8-d0e5-48e8-9d76-e540c127d3c4 0.079s
2025-02-17 22:32:39.350 63310 INFO tempest.lib.common.rest_client [req-7872ade5-8089-4110-8dc7-e4dc84ea735a req-7872ade5-8089-4110-8dc7-e4dc84ea735a ] Request (ComputeTenantNetworksTest:tearDownClass): 204 DELETE http://10.180.1.21:9696/networking/v2.0/security-groups/8af7a232-9896-4d68-9641-f3eb58f8edae 0.114s
2025-02-17 22:32:39.358 63302 INFO tempest.lib.common.rest_client [req-c45a9f48-8453-4d0a-b8f6-f7093bb5865a req-c45a9f48-8453-4d0a-b8f6-f7093bb5865a ] Request (ServersNegativeTestMultiTenantJSON:tearDownClass): 200 GET http://10.180.1.21/compute/v2.1/servers/5157c346-c7da-488e-b7fd-1dccac3bf61b 0.076s
2025-02-17 22:32:39.400 63306 INFO tempest.lib.common.rest_client [req-6c6269cd-36d3-4ae5-a203-dff1e54e59d1 req-6c6269cd-36d3-4ae5-a203-dff1e54e59d1 ] Request (ServerExternalEventsTest:tearDownClass): 204 DELETE http://10.180.1.21:9696/networking/v2.0/security-groups/2db18433-4169-4078-be97-6e433a766ce8 0.095s
2025-02-17 22:32:39.469 63310 INFO tempest.lib.common.rest_client [req-a75b097d-8ff9-4bf3-82ef-6a28362a68dc req-a75b097d-8ff9-4bf3-82ef-6a28362a68dc ] Request (ComputeTenantNetworksTest:tearDownClass): 204 DELETE http://10.180.1.21/identity/v3/projects/325314e7a7b1418cbdd96aeab9f4f38a 0.118s
2025-02-17 22:32:39.474 63306 INFO tempest.lib.common.rest_client [req-f001a06f-b701-4d8e-bf54-ca64f857519b req-f001a06f-b701-4d8e-bf54-ca64f857519b ] Request (ServerExternalEventsTest:tearDownClass): 204 DELETE http://10.180.1.21/identity/v3/projects/bb7b6e830e0b401f8d7028e4ffe5f5fd 0.073s
2025-02-17 22:32:39.474 63298 INFO tempest.lib.common.rest_client [req-e5c3cd78-8068-46b3-863e-227959e25e1d req-e5c3cd78-8068-46b3-863e-227959e25e1d ] Request (ServerTagsTestJSON:setUpClass): 200 GET http://10.180.1.21/compute/v2.1/servers/57c52d11-f775-4b50-98ba-81fc825362e6 0.116s
2025-02-17 22:32:39.474 63306 INFO tempest.lib.common.dynamic_creds [-] Deleting project and security group for project: 4100539475e64eb489cfef40a8e0b819
2025-02-17 22:32:39.489 63298 INFO tempest.common.waiters [-] State transition "BUILD/networking" ==> "BUILD/spawning" after 56 second wait
2025-02-17 22:32:39.522 63272 INFO tempest.lib.common.rest_client [req-b21597f7-48df-471f-a9ff-5a502adcbb38 req-b21597f7-48df-471f-a9ff-5a502adcbb38 ] Request (ServerMetadataTestJSON:tearDownClass): 200 GET http://10.180.1.21/compute/v2.1/servers/a7b98e82-7cfa-4d4d-80ca-46f60573d56e 0.117s
2025-02-17 22:32:39.561 63296 INFO tempest.lib.common.rest_client [req-c99d9443-622a-4e91-93a5-19a5f6f20f84 req-c99d9443-622a-4e91-93a5-19a5f6f20f84 ] Request (FloatingIPsAssociationTestJSON:tearDownClass): 200 GET http://10.180.1.21/compute/v2.1/servers/00376bf9-716d-4c89-a29d-2c6381ce373a 0.125s
2025-02-17 22:32:39.573 63300 INFO tempest.lib.common.rest_client [req-4b8778a7-381c-4bab-ae9f-b2b4a54eb35c req-4b8778a7-381c-4bab-ae9f-b2b4a54eb35c ] Request (VolumesAssistedSnapshotsTest:test_volume_assisted_snapshot_create_delete): 200 GET http://10.180.1.21/volume/v3/volumes/c7469a6a-e0d5-4972-934d-5b09b3a664a4 0.035s
2025-02-17 22:32:39.581 63280 INFO tempest.lib.common.rest_client [req-a4e2fca9-d194-4aaf-85fe-03b48b94e988 req-a4e2fca9-d194-4aaf-85fe-03b48b94e988 ] Request (ServersAdminTestJSON:test_create_server_with_scheduling_hint): 200 GET http://10.180.1.21/compute/v2.1/servers/e6365eeb-3739-4eae-8a8f-27fc4e726d9f 0.068s
2025-02-17 22:32:39.594 63306 INFO tempest.lib.common.rest_client [req-e6628b17-2837-4cca-a0e8-6142406642f0 req-e6628b17-2837-4cca-a0e8-6142406642f0 ] Request (ServerExternalEventsTest:tearDownClass): 200 GET http://10.180.1.21:9696/networking/v2.0/security-groups?tenant_id=4100539475e64eb489cfef40a8e0b819&name=default 0.120s
2025-02-17 22:32:39.620 63318 INFO tempest.lib.common.rest_client [req-ca3c17ee-b878-4eb4-b3ce-2cae57f05fdd req-ca3c17ee-b878-4eb4-b3ce-2cae57f05fdd ] Request (ListImageFiltersTestJSON:tearDownClass): 200 GET http://10.180.1.21/compute/v2.1/servers/6dbc1cd2-276a-4592-9d70-206b1d1fc144 0.096s
2025-02-17 22:32:39.638 63304 INFO tempest.lib.common.rest_client [req-9916776a-3e26-42dc-af63-e76bb532d017 req-9916776a-3e26-42dc-af63-e76bb532d017 ] Request (ImagesOneServerNegativeTestJSON:_run_cleanups): 200 GET http://10.180.1.21/compute/v2.1/servers/d6a6c979-4668-4bb8-9e40-af48f6fa0afd 0.075s
2025-02-17 22:32:39.675 63314 INFO tempest.lib.common.rest_client [req-e33623df-de1e-42db-8df1-25ff3adc06fe req-e33623df-de1e-42db-8df1-25ff3adc06fe ] Request (ServersTestMultiNic:test_verify_multiple_nics_order): 200 GET http://10.180.1.21/compute/v2.1/servers/bcf452a5-32c1-4181-9650-7d4a5334d8dc 0.049s
2025-02-17 22:32:39.688 63306 INFO tempest.lib.common.rest_client [req-816ca4c8-26a1-433a-b281-4a12ac059c87 req-816ca4c8-26a1-433a-b281-4a12ac059c87 ] Request (ServerExternalEventsTest:tearDownClass): 204 DELETE http://10.180.1.21:9696/networking/v2.0/security-groups/8a61c009-28bf-4b2e-9085-ff3f7a70b0f7 0.094s
2025-02-17 22:32:39.726 63330 INFO tempest.lib.common.rest_client [req-d726abc3-d4dd-4980-8d84-9ded3989be84 req-d726abc3-d4dd-4980-8d84-9ded3989be84 ] Request (MigrationsAdminTest:test_resize_server_revert_deleted_flavor): 200 GET http://10.180.1.21/compute/v2.1/servers/a210b97d-117c-418b-81a2-594ec21dde75 0.053s
2025-02-17 22:32:39.772 63282 INFO tempest.lib.common.rest_client [req-97cf971d-0599-4481-adff-ea26de3f7430 req-97cf971d-0599-4481-adff-ea26de3f7430 ] Request (ImagesNegativeTestJSON:test_create_image_from_deleted_server): 200 GET http://10.180.1.21/compute/v2.1/servers/52ba1be4-89df-419b-a8a1-39d9bab1b462 0.049s
2025-02-17 22:32:39.816 63306 INFO tempest.lib.common.rest_client [req-7183bbd1-7535-47d1-931d-ca798f2c9a49 req-7183bbd1-7535-47d1-931d-ca798f2c9a49 ] Request (ServerExternalEventsTest:tearDownClass): 204 DELETE http://10.180.1.21/identity/v3/projects/4100539475e64eb489cfef40a8e0b819 0.127s
2025-02-17 22:32:39.816 63306 INFO tempest.lib.common.dynamic_creds [-] Deleting project and security group for project: f02aeb4278e2429d90aa3ca5ae0f2c2f
2025-02-17 22:32:39.847 63270 INFO tempest.lib.common.rest_client [req-40957972-8437-42da-9c96-2f82f75e7f7a req-40957972-8437-42da-9c96-2f82f75e7f7a ] Request (ServersAdminNegativeTestJSON:tearDownClass): 200 GET http://10.180.1.21/compute/v2.1/servers/d06126ca-dc5c-4862-93a0-19071afb4cf6 0.059s
2025-02-17 22:32:39.847 63308 INFO tempest.lib.common.rest_client [req-8ce1a6d1-61e2-4cf2-bd2d-53358db9eb95 req-8ce1a6d1-61e2-4cf2-bd2d-53358db9eb95 ] Request (TenantUsagesTestJSON:tearDownClass): 200 GET http://10.180.1.21/compute/v2.1/servers/2e85cb3d-2f19-4c85-acd2-e1771a0df42c 0.067s
2025-02-17 22:32:39.851 63306 INFO tempest.lib.common.rest_client [req-14ceeed1-5fe4-4b82-bfab-ddb64dae1d62 req-14ceeed1-5fe4-4b82-bfab-ddb64dae1d62 ] Request (ServerExternalEventsTest:tearDownClass): 200 GET http://10.180.1.21:9696/networking/v2.0/security-groups?tenant_id=f02aeb4278e2429d90aa3ca5ae0f2c2f&name=default 0.035s
2025-02-17 22:32:39.918 63306 INFO tempest.lib.common.rest_client [req-9e461bf5-8d5f-4ba1-999b-6bc096dd1b8f req-9e461bf5-8d5f-4ba1-999b-6bc096dd1b8f ] Request (ServerExternalEventsTest:tearDownClass): 204 DELETE http://10.180.1.21:9696/networking/v2.0/security-groups/77b173f5-43e2-422a-844c-6b35599363d2 0.066s
2025-02-17 22:32:39.981 63274 WARNING tempest.lib.common.ssh [-] Failed to establish authenticated ssh connection to cirros@10.180.180.177 ([Errno None] Unable to connect to port 22 on 10.180.180.177). Number attempts: 10. Retry after 11 seconds.: paramiko.ssh_exception.NoValidConnectionsError: [Errno None] Unable to connect to port 22 on 10.180.180.177
2025-02-17 22:32:39.996 63320 INFO tempest.lib.common.rest_client [req-94a13275-4e57-4409-9cf4-6146b49b0753 req-94a13275-4e57-4409-9cf4-6146b49b0753 ] Request (ServerShowV247Test:test_update_rebuild_list_server): 200 GET http://10.180.1.21/compute/v2.1/servers/ef7398c4-e98d-4434-92e2-14f6e86fa19c 0.053s
2025-02-17 22:32:39.999 63306 INFO tempest.lib.common.rest_client [req-2e48513b-308f-4f59-a09f-508f83b89ec6 req-2e48513b-308f-4f59-a09f-508f83b89ec6 ] Request (ServerExternalEventsTest:tearDownClass): 204 DELETE http://10.180.1.21/identity/v3/projects/f02aeb4278e2429d90aa3ca5ae0f2c2f 0.080s
2025-02-17 22:32:40.076 63306 INFO tempest.lib.common.rest_client [req-6f460639-cf15-4840-82d1-98d2b5a7768d req-6f460639-cf15-4840-82d1-98d2b5a7768d ] Request (ListImagesTestJSON:setUpClass): 201 POST http://10.180.1.21/identity/v3/auth/tokens 0.076s
2025-02-17 22:32:40.103 63306 INFO tempest.lib.common.rest_client [req-2816002d-8a44-403a-815d-da9c2881057d req-2816002d-8a44-403a-815d-da9c2881057d ] Request (ListImagesTestJSON:setUpClass): 201 POST http://10.180.1.21/identity/v3/auth/tokens 0.024s
2025-02-17 22:32:40.126 63306 INFO tempest.lib.common.rest_client [req-457b83bb-cfa0-4c70-93e3-959475fb710c req-457b83bb-cfa0-4c70-93e3-959475fb710c ] Request (ListImagesTestJSON:setUpClass): 200 GET http://10.180.1.21/identity/v3/domains?name=Default 0.022s
2025-02-17 22:32:40.154 63306 INFO tempest.lib.common.rest_client [req-c1144fc5-101c-42c8-a9c7-5ec37d6c0ebe req-c1144fc5-101c-42c8-a9c7-5ec37d6c0ebe ] Request (ListImagesTestJSON:setUpClass): 201 POST http://10.180.1.21/identity/v3/projects 0.028s
2025-02-17 22:32:40.154 63290 INFO tempest.lib.common.rest_client [req-4f1dd046-ea2f-427a-99fe-835c4e633a24 req-4f1dd046-ea2f-427a-99fe-835c4e633a24 ] Request (DeleteServersAdminTestJSON:test_delete_server_while_in_error_state): 200 GET http://10.180.1.21/compute/v2.1/servers/c7dbf8a7-f220-47be-a479-a1994a7d2664 0.270s
2025-02-17 22:32:40.157 63326 INFO tempest.lib.common.rest_client [req-9eca126d-63d2-48ca-943d-b68ab156b32d req-9eca126d-63d2-48ca-943d-b68ab156b32d ] Request (ServerRescueTestJSONUnderV235:setUpClass): 200 GET http://10.180.1.21/compute/v2.1/servers/64d2fdcf-1210-4994-b86c-74bac8aaffb3 0.049s
2025-02-17 22:32:40.210 63306 INFO tempest.lib.common.rest_client [req-dae63f5a-c062-48c4-970d-cf76c7169878 req-dae63f5a-c062-48c4-970d-cf76c7169878 ] Request (ListImagesTestJSON:setUpClass): 201 POST http://10.180.1.21/identity/v3/users 0.055s
2025-02-17 22:32:40.233 63306 INFO tempest.lib.common.rest_client [req-54916d41-29d8-453b-a842-24e919d024c4 req-54916d41-29d8-453b-a842-24e919d024c4 ] Request (ListImagesTestJSON:setUpClass): 200 GET http://10.180.1.21/identity/v3/roles 0.022s
2025-02-17 22:32:40.258 63306 INFO tempest.lib.common.rest_client [req-0162384a-4077-4112-bf31-2376d9b2fb92 req-0162384a-4077-4112-bf31-2376d9b2fb92 ] Request (ListImagesTestJSON:setUpClass): 204 PUT http://10.180.1.21/identity/v3/projects/603ca108def0449bbc938740de26744d/users/46b1e60fba7842dda1f6c11be9e38c82/roles/0eb393c96013484a93382f93f7abb624 0.025s
2025-02-17 22:32:40.259 63306 INFO tempest.lib.common.dynamic_creds [-] Dynamic test user 46b1e60fba7842dda1f6c11be9e38c82 is created with scope project and roles: ['member']
2025-02-17 22:32:40.259 63306 INFO tempest.lib.common.dynamic_creds [-] Acquired dynamic creds: credentials: Credentials: {'domain_id': 'default', 'domain_name': 'Default', 'username': 'tempest-ListImagesTestJSON-2146034421-project-member', 'project_domain_id': 'default', 'project_domain_name': 'Default', 'project_id': '603ca108def0449bbc938740de26744d', 'project_name': 'tempest-ListImagesTestJSON-2146034421', 'tenant_id': '603ca108def0449bbc938740de26744d', 'tenant_name': 'tempest-ListImagesTestJSON-2146034421', 'user_domain_id': 'default', 'user_domain_name': 'Default', 'user_id': '46b1e60fba7842dda1f6c11be9e38c82', 'system': None}, Network: None, Subnet: None, Router: None
2025-02-17 22:32:40.259 63306 INFO tempest.lib.common.dynamic_creds [-] Created isolated network resources for: credentials: Credentials: {'domain_id': 'default', 'domain_name': 'Default', 'username': 'tempest-ListImagesTestJSON-2146034421-project-member', 'project_domain_id': 'default', 'project_domain_name': 'Default', 'project_id': '603ca108def0449bbc938740de26744d', 'project_name': 'tempest-ListImagesTestJSON-2146034421', 'tenant_id': '603ca108def0449bbc938740de26744d', 'tenant_name': 'tempest-ListImagesTestJSON-2146034421', 'user_domain_id': 'default', 'user_domain_name': 'Default', 'user_id': '46b1e60fba7842dda1f6c11be9e38c82', 'system': None}, Network: None, Subnet: None, Router: None
2025-02-17 22:32:40.276 63292 INFO tempest.lib.common.rest_client [req-739dfcbd-01bd-4a61-a9c5-5985b42f4f54 req-739dfcbd-01bd-4a61-a9c5-5985b42f4f54 ] Request (DeleteServersTestJSON:test_delete_server_while_in_shelved_state): 200 GET http://10.180.1.21/compute/v2.1/servers/383d7013-3574-4b60-9975-af059d4f8a99 0.057s
2025-02-17 22:32:40.326 63306 INFO tempest.lib.common.rest_client [req-bf003e3e-8f6b-4b94-8144-1c06e380cdc6 req-bf003e3e-8f6b-4b94-8144-1c06e380cdc6 ] Request (ListImagesTestJSON:setUpClass): 201 POST http://10.180.1.21/identity/v3/auth/tokens 0.063s
2025-02-17 22:32:40.383 63286 INFO tempest.lib.common.rest_client [req-85996a91-5da2-4f49-a32b-4c5e3fb93bd3 req-85996a91-5da2-4f49-a32b-4c5e3fb93bd3 ] Request (InstanceActionsTestJSON:tearDownClass): 200 GET http://10.180.1.21/compute/v2.1/servers/3e0d91e8-d0e5-48e8-9d76-e540c127d3c4 0.070s
2025-02-17 22:32:40.392 63286 INFO tempest.common.waiters [-] State transition "ACTIVE/deleting" ==> "DELETED/None" after 6 second wait
2025-02-17 22:32:40.450 63302 INFO tempest.lib.common.rest_client [req-addf7a12-2c1d-4da4-ac8a-0d23ae895eeb req-addf7a12-2c1d-4da4-ac8a-0d23ae895eeb ] Request (ServersNegativeTestMultiTenantJSON:tearDownClass): 200 GET http://10.180.1.21/compute/v2.1/servers/5157c346-c7da-488e-b7fd-1dccac3bf61b 0.084s
2025-02-17 22:32:40.456 63306 INFO tempest.lib.common.rest_client [req-b234d223-332d-4f7d-8c71-1071f62ee8fc req-b234d223-332d-4f7d-8c71-1071f62ee8fc ] Request (ListImagesTestJSON:test_get_image): 200 GET http://10.180.1.21/compute/v2.1/images/45a12149-1b6c-414b-9b32-1b6ffa65e320 0.129s
2025-02-17 22:32:40.509 63306 INFO tempest.lib.common.rest_client [req-e2547bad-abe5-45af-aba3-fbbf5d357a93 req-e2547bad-abe5-45af-aba3-fbbf5d357a93 ] Request (ListImagesTestJSON:test_list_images): 200 GET http://10.180.1.21/compute/v2.1/images 0.049s
2025-02-17 22:32:40.546 63306 INFO tempest.lib.common.rest_client [req-bce6083b-ef0b-402d-a71d-80e06b3cba20 req-bce6083b-ef0b-402d-a71d-80e06b3cba20 ] Request (ListImagesTestJSON:test_list_images_with_detail): 200 GET http://10.180.1.21/compute/v2.1/images/detail 0.034s
2025-02-17 22:32:40.602 63272 INFO tempest.lib.common.rest_client [req-759d4a4b-6ff2-40e7-b806-ca3c30f64c3d req-759d4a4b-6ff2-40e7-b806-ca3c30f64c3d ] Request (ServerMetadataTestJSON:tearDownClass): 200 GET http://10.180.1.21/compute/v2.1/servers/a7b98e82-7cfa-4d4d-80ca-46f60573d56e 0.072s
2025-02-17 22:32:40.616 63300 INFO tempest.lib.common.rest_client [req-870222e5-b350-4f55-afe4-5b35fae7d72e req-870222e5-b350-4f55-afe4-5b35fae7d72e ] Request (VolumesAssistedSnapshotsTest:test_volume_assisted_snapshot_create_delete): 200 GET http://10.180.1.21/volume/v3/volumes/c7469a6a-e0d5-4972-934d-5b09b3a664a4 0.034s
2025-02-17 22:32:40.645 63298 INFO tempest.lib.common.rest_client [req-dc728709-911a-4ea3-8c20-afa08b402633 req-dc728709-911a-4ea3-8c20-afa08b402633 ] Request (ServerTagsTestJSON:setUpClass): 200 GET http://10.180.1.21/compute/v2.1/servers/57c52d11-f775-4b50-98ba-81fc825362e6 0.155s
2025-02-17 22:32:40.656 63306 INFO tempest.lib.common.rest_client [req-e74c0a73-4507-4337-a14d-6033f2a637f6 req-e74c0a73-4507-4337-a14d-6033f2a637f6 ] Request (ListImagesTestJSON:tearDownClass): 204 DELETE http://10.180.1.21/identity/v3/users/46b1e60fba7842dda1f6c11be9e38c82 0.106s
2025-02-17 22:32:40.656 63306 INFO tempest.lib.common.dynamic_creds [-] Deleting project and security group for project: 603ca108def0449bbc938740de26744d
2025-02-17 22:32:40.658 63296 INFO tempest.lib.common.rest_client [req-12bd6a69-35bc-4a27-9320-f2b60189c4cf req-12bd6a69-35bc-4a27-9320-f2b60189c4cf ] Request (FloatingIPsAssociationTestJSON:tearDownClass): 200 GET http://10.180.1.21/compute/v2.1/servers/00376bf9-716d-4c89-a29d-2c6381ce373a 0.087s
2025-02-17 22:32:40.691 63280 INFO tempest.lib.common.rest_client [req-9f2d02aa-22a8-4e5c-acc5-77086254dee5 req-9f2d02aa-22a8-4e5c-acc5-77086254dee5 ] Request (ServersAdminTestJSON:test_create_server_with_scheduling_hint): 200 GET http://10.180.1.21/compute/v2.1/servers/e6365eeb-3739-4eae-8a8f-27fc4e726d9f 0.100s
2025-02-17 22:32:40.709 63318 INFO tempest.lib.common.rest_client [req-4bc1f907-d32e-4b6b-930d-3e164a84ab7d req-4bc1f907-d32e-4b6b-930d-3e164a84ab7d ] Request (ListImageFiltersTestJSON:tearDownClass): 200 GET http://10.180.1.21/compute/v2.1/servers/6dbc1cd2-276a-4592-9d70-206b1d1fc144 0.081s
2025-02-17 22:32:40.711 63306 INFO tempest.lib.common.rest_client [req-8d8ff4c4-17d8-4149-b38e-3c8301ff5970 req-8d8ff4c4-17d8-4149-b38e-3c8301ff5970 ] Request (ListImagesTestJSON:tearDownClass): 201 POST http://10.180.1.21/identity/v3/auth/tokens 0.055s
2025-02-17 22:32:40.732 63304 INFO tempest.lib.common.rest_client [req-f801c5b9-9f66-4e4a-bebd-7b876e2eec60 req-f801c5b9-9f66-4e4a-bebd-7b876e2eec60 ] Request (ImagesOneServerNegativeTestJSON:_run_cleanups): 200 GET http://10.180.1.21/compute/v2.1/servers/d6a6c979-4668-4bb8-9e40-af48f6fa0afd 0.086s
2025-02-17 22:32:40.774 63314 INFO tempest.lib.common.rest_client [req-de69779c-ebd5-4de7-8a5a-6d309dac73e5 req-de69779c-ebd5-4de7-8a5a-6d309dac73e5 ] Request (ServersTestMultiNic:test_verify_multiple_nics_order): 200 GET http://10.180.1.21/compute/v2.1/servers/bcf452a5-32c1-4181-9650-7d4a5334d8dc 0.090s
2025-02-17 22:32:40.781 63330 INFO tempest.lib.common.rest_client [req-185c2545-aa0f-429f-8fef-0efa469eaf91 req-185c2545-aa0f-429f-8fef-0efa469eaf91 ] Request (MigrationsAdminTest:test_resize_server_revert_deleted_flavor): 200 GET http://10.180.1.21/compute/v2.1/servers/a210b97d-117c-418b-81a2-594ec21dde75 0.047s
2025-02-17 22:32:40.833 63282 INFO tempest.lib.common.rest_client [req-a5f435a9-e144-4e81-8479-624637ded606 req-a5f435a9-e144-4e81-8479-624637ded606 ] Request (ImagesNegativeTestJSON:test_create_image_from_deleted_server): 200 GET http://10.180.1.21/compute/v2.1/servers/52ba1be4-89df-419b-a8a1-39d9bab1b462 0.053s
2025-02-17 22:32:40.840 63282 INFO tempest.common.waiters [-] State transition "BUILD/None" ==> "BUILD/networking" after 55 second wait
2025-02-17 22:32:40.863 63306 INFO tempest.lib.common.rest_client [req-29b52d19-7302-4a4d-9823-d5933dc4f1b8 req-29b52d19-7302-4a4d-9823-d5933dc4f1b8 ] Request (ListImagesTestJSON:tearDownClass): 200 GET http://10.180.1.21:9696/networking/v2.0/security-groups?tenant_id=603ca108def0449bbc938740de26744d&name=default 0.151s
2025-02-17 22:32:40.913 63270 INFO tempest.lib.common.rest_client [req-cac6150f-3103-460a-a271-f851ace04d83 req-cac6150f-3103-460a-a271-f851ace04d83 ] Request (ServersAdminNegativeTestJSON:tearDownClass): 200 GET http://10.180.1.21/compute/v2.1/servers/d06126ca-dc5c-4862-93a0-19071afb4cf6 0.057s
2025-02-17 22:32:40.916 63308 INFO tempest.lib.common.rest_client [req-6d5b584a-0c44-4c35-8baa-0ab386f19030 req-6d5b584a-0c44-4c35-8baa-0ab386f19030 ] Request (TenantUsagesTestJSON:tearDownClass): 200 GET http://10.180.1.21/compute/v2.1/servers/2e85cb3d-2f19-4c85-acd2-e1771a0df42c 0.061s
2025-02-17 22:32:40.940 63306 INFO tempest.lib.common.rest_client [req-3aa89e92-9440-465c-935a-bb2d8de7c6e7 req-3aa89e92-9440-465c-935a-bb2d8de7c6e7 ] Request (ListImagesTestJSON:tearDownClass): 204 DELETE http://10.180.1.21:9696/networking/v2.0/security-groups/d77d88f1-9ea8-4c53-9d52-8c7e258abc4d 0.077s
2025-02-17 22:32:40.998 63306 INFO tempest.lib.common.rest_client [req-9dbd20e4-8d54-45b5-a199-e6cb860307cb req-9dbd20e4-8d54-45b5-a199-e6cb860307cb ] Request (ListImagesTestJSON:tearDownClass): 204 DELETE http://10.180.1.21/identity/v3/projects/603ca108def0449bbc938740de26744d 0.057s
2025-02-17 22:32:40.999 63306 INFO tempest.test [-] raised in ServerBootFromVolumeStableRescueTest.setUpClass. Invoking tearDownClass.
2025-02-17 22:32:41.056 63320 INFO tempest.lib.common.rest_client [req-aa8b3d3a-cd55-4d0b-b8f1-873b67d7b6d6 req-aa8b3d3a-cd55-4d0b-b8f1-873b67d7b6d6 ] Request (ServerShowV247Test:test_update_rebuild_list_server): 200 GET http://10.180.1.21/compute/v2.1/servers/ef7398c4-e98d-4434-92e2-14f6e86fa19c 0.050s
2025-02-17 22:32:41.210 63326 INFO tempest.lib.common.rest_client [req-356101c1-f71d-4de7-9668-5e3e26889bb6 req-356101c1-f71d-4de7-9668-5e3e26889bb6 ] Request (ServerRescueTestJSONUnderV235:setUpClass): 200 GET http://10.180.1.21/compute/v2.1/servers/64d2fdcf-1210-4994-b86c-74bac8aaffb3 0.045s
2025-02-17 22:32:41.222 63290 INFO tempest.lib.common.rest_client [req-f5af2512-ed1a-4467-a1c3-1a9c2d0dcf42 req-f5af2512-ed1a-4467-a1c3-1a9c2d0dcf42 ] Request (DeleteServersAdminTestJSON:test_delete_server_while_in_error_state): 200 GET http://10.180.1.21/compute/v2.1/servers/c7dbf8a7-f220-47be-a479-a1994a7d2664 0.060s
2025-02-17 22:32:41.337 63292 INFO tempest.lib.common.rest_client [req-20d2e15e-5e8c-4259-8f78-724d8225efc1 req-20d2e15e-5e8c-4259-8f78-724d8225efc1 ] Request (DeleteServersTestJSON:test_delete_server_while_in_shelved_state): 200 GET http://10.180.1.21/compute/v2.1/servers/383d7013-3574-4b60-9975-af059d4f8a99 0.053s
2025-02-17 22:32:41.476 63286 INFO tempest.lib.common.rest_client [req-1b3f9640-541e-43f5-b13f-8c041d9ace1a req-1b3f9640-541e-43f5-b13f-8c041d9ace1a ] Request (InstanceActionsTestJSON:tearDownClass): 200 GET http://10.180.1.21/compute/v2.1/servers/3e0d91e8-d0e5-48e8-9d76-e540c127d3c4 0.082s
2025-02-17 22:32:41.530 63302 INFO tempest.lib.common.rest_client [req-440a9393-d002-4a5d-bb77-c59f133bb392 req-440a9393-d002-4a5d-bb77-c59f133bb392 ] Request (ServersNegativeTestMultiTenantJSON:tearDownClass): 200 GET http://10.180.1.21/compute/v2.1/servers/5157c346-c7da-488e-b7fd-1dccac3bf61b 0.072s
2025-02-17 22:32:41.660 63300 INFO tempest.lib.common.rest_client [req-6f4e5d0b-0cc7-4d8b-82b9-3070c70bacb5 req-6f4e5d0b-0cc7-4d8b-82b9-3070c70bacb5 ] Request (VolumesAssistedSnapshotsTest:test_volume_assisted_snapshot_create_delete): 200 GET http://10.180.1.21/volume/v3/volumes/c7469a6a-e0d5-4972-934d-5b09b3a664a4 0.034s
2025-02-17 22:32:41.682 63272 INFO tempest.lib.common.rest_client [req-1e3bda7a-09d2-490f-9562-22a38020e2e7 req-1e3bda7a-09d2-490f-9562-22a38020e2e7 ] Request (ServerMetadataTestJSON:tearDownClass): 200 GET http://10.180.1.21/compute/v2.1/servers/a7b98e82-7cfa-4d4d-80ca-46f60573d56e 0.072s
2025-02-17 22:32:41.735 63296 INFO tempest.lib.common.rest_client [req-9080a564-b25f-4262-8157-01220c65e26e req-9080a564-b25f-4262-8157-01220c65e26e ] Request (FloatingIPsAssociationTestJSON:tearDownClass): 200 GET http://10.180.1.21/compute/v2.1/servers/00376bf9-716d-4c89-a29d-2c6381ce373a 0.067s
2025-02-17 22:32:41.756 63298 INFO tempest.lib.common.rest_client [req-57e03b94-604c-4fa4-9ae9-573ff37a6696 req-57e03b94-604c-4fa4-9ae9-573ff37a6696 ] Request (ServerTagsTestJSON:setUpClass): 200 GET http://10.180.1.21/compute/v2.1/servers/57c52d11-f775-4b50-98ba-81fc825362e6 0.102s
2025-02-17 22:32:41.779 63280 INFO tempest.lib.common.rest_client [req-4d03b19b-37f3-4eeb-89d8-6e5d1cf076b2 req-4d03b19b-37f3-4eeb-89d8-6e5d1cf076b2 ] Request (ServersAdminTestJSON:test_create_server_with_scheduling_hint): 200 GET http://10.180.1.21/compute/v2.1/servers/e6365eeb-3739-4eae-8a8f-27fc4e726d9f 0.081s
2025-02-17 22:32:41.811 63318 INFO tempest.lib.common.rest_client [req-c6d0737d-db1f-499c-8608-0fac919e9b73 req-c6d0737d-db1f-499c-8608-0fac919e9b73 ] Request (ListImageFiltersTestJSON:tearDownClass): 200 GET http://10.180.1.21/compute/v2.1/servers/6dbc1cd2-276a-4592-9d70-206b1d1fc144 0.093s
2025-02-17 22:32:41.829 63304 INFO tempest.lib.common.rest_client [req-3d9519cb-dd9f-4481-9b81-ea628456570a req-3d9519cb-dd9f-4481-9b81-ea628456570a ] Request (ImagesOneServerNegativeTestJSON:_run_cleanups): 200 GET http://10.180.1.21/compute/v2.1/servers/d6a6c979-4668-4bb8-9e40-af48f6fa0afd 0.089s
2025-02-17 22:32:41.854 63314 INFO tempest.lib.common.rest_client [req-5e9a74fe-c987-4c5b-b512-b5633ff8df26 req-5e9a74fe-c987-4c5b-b512-b5633ff8df26 ] Request (ServersTestMultiNic:test_verify_multiple_nics_order): 200 GET http://10.180.1.21/compute/v2.1/servers/bcf452a5-32c1-4181-9650-7d4a5334d8dc 0.072s
2025-02-17 22:32:41.880 63330 INFO tempest.lib.common.rest_client [req-1aa57f45-a1e1-446d-90cb-4b57e678b9f7 req-1aa57f45-a1e1-446d-90cb-4b57e678b9f7 ] Request (MigrationsAdminTest:test_resize_server_revert_deleted_flavor): 200 GET http://10.180.1.21/compute/v2.1/servers/a210b97d-117c-418b-81a2-594ec21dde75 0.090s
2025-02-17 22:32:41.958 63282 INFO tempest.lib.common.rest_client [req-3fca7017-4109-4dc4-a3bf-374f383e1494 req-3fca7017-4109-4dc4-a3bf-374f383e1494 ] Request (ImagesNegativeTestJSON:test_create_image_from_deleted_server): 200 GET http://10.180.1.21/compute/v2.1/servers/52ba1be4-89df-419b-a8a1-39d9bab1b462 0.116s
2025-02-17 22:32:41.965 63282 INFO tempest.common.waiters [-] State transition "BUILD/networking" ==> "BUILD/spawning" after 56 second wait
2025-02-17 22:32:41.974 63270 INFO tempest.lib.common.rest_client [req-8cd7f1bb-263c-4fad-8f01-bfa91b80f764 req-8cd7f1bb-263c-4fad-8f01-bfa91b80f764 ] Request (ServersAdminNegativeTestJSON:tearDownClass): 200 GET http://10.180.1.21/compute/v2.1/servers/d06126ca-dc5c-4862-93a0-19071afb4cf6 0.054s
2025-02-17 22:32:42.012 63308 INFO tempest.lib.common.rest_client [req-fe59b3c3-9c24-4521-9e35-e353bf47f77c req-fe59b3c3-9c24-4521-9e35-e353bf47f77c ] Request (TenantUsagesTestJSON:tearDownClass): 200 GET http://10.180.1.21/compute/v2.1/servers/2e85cb3d-2f19-4c85-acd2-e1771a0df42c 0.085s
2025-02-17 22:32:42.114 63320 INFO tempest.lib.common.rest_client [req-aa0431b9-1e0f-43e5-89f6-4823b841cd12 req-aa0431b9-1e0f-43e5-89f6-4823b841cd12 ] Request (ServerShowV247Test:test_update_rebuild_list_server): 200 GET http://10.180.1.21/compute/v2.1/servers/ef7398c4-e98d-4434-92e2-14f6e86fa19c 0.048s
2025-02-17 22:32:42.268 63326 INFO tempest.lib.common.rest_client [req-11a7c362-8516-4e73-b182-8878c6aa6b54 req-11a7c362-8516-4e73-b182-8878c6aa6b54 ] Request (ServerRescueTestJSONUnderV235:setUpClass): 200 GET http://10.180.1.21/compute/v2.1/servers/64d2fdcf-1210-4994-b86c-74bac8aaffb3 0.050s
