2025-02-12 01:18:03.565 62806 INFO tempest.lib.common.rest_client [req-7748b7bf-3c76-4015-b243-4749de8b171e req-7748b7bf-3c76-4015-b243-4749de8b171e ] Request (AttachInterfacesUnderV243Test:test_add_remove_fixed_ip): 200 GET http://10.180.1.21/compute/v2.1/servers/2827c296-0e66-4ad3-a1b6-0ce5dbc6ff29 0.090s
2025-02-12 01:18:03.596 62782 INFO tempest.lib.common.rest_client [req-55cf9d7d-ffb3-4413-aa68-205614372e7d req-55cf9d7d-ffb3-4413-aa68-205614372e7d ] Request (ImagesOneServerNegativeTestJSON:setUpClass): 200 GET http://10.180.1.21/compute/v2.1/servers/c31b20a2-11aa-4d64-a8c6-2d8f889f1560 0.123s
2025-02-12 01:18:03.608 62760 INFO tempest.lib.common.rest_client [req-31b722c2-1db9-4890-99a7-aeda03a53227 req-31b722c2-1db9-4890-99a7-aeda03a53227 ] Request (FloatingIPsAssociationTestJSON:setUpClass): 200 GET http://10.180.1.21/compute/v2.1/servers/bcc0fbd8-e554-488a-8a12-732d7db1a4b0 0.094s
2025-02-12 01:18:03.640 62756 INFO tempest.lib.common.rest_client [req-dbe9ee0e-e34f-4301-bc3c-acf380bb0717 req-dbe9ee0e-e34f-4301-bc3c-acf380bb0717 ] Request (AttachVolumeTestJSON:test_attach_detach_volume): 200 GET http://10.180.1.21/compute/v2.1/servers/f8dcc4b2-c1f5-42e5-be12-77647f526cb1 0.086s
2025-02-12 01:18:03.682 62766 INFO tempest.lib.common.rest_client [req-73c8eab9-4e4d-4f9e-ad13-6a1e9e50d3f5 req-73c8eab9-4e4d-4f9e-ad13-6a1e9e50d3f5 ] Request (InstanceActionsV221TestJSON:test_get_list_deleted_instance_actions): 200 GET http://10.180.1.21/compute/v2.1/servers/6d751e02-64bb-41bb-9ded-30db9b885c2e 0.082s
2025-02-12 01:18:03.694 62748 INFO tempest.lib.common.rest_client [req-c5ceda61-4e8b-4598-a511-ff486ba22a2a req-c5ceda61-4e8b-4598-a511-ff486ba22a2a ] Request (ServerExternalEventsTest:test_create_server_external_events): 200 GET http://10.180.1.21/compute/v2.1/servers/dc241495-c9b7-4f2f-895d-e25008cc738a 0.135s
2025-02-12 01:18:03.725 62752 INFO tempest.lib.common.rest_client [req-c12a6a20-c4c2-408a-8999-2580ce72c013 req-c12a6a20-c4c2-408a-8999-2580ce72c013 ] Request (TenantUsagesTestJSON:setUpClass): 200 GET http://10.180.1.21/compute/v2.1/servers/4a3639c7-8795-4702-a729-8239b0d55d51 0.125s
2025-02-12 01:18:03.737 62764 INFO tempest.lib.common.rest_client [req-05ea4e7b-5311-490e-9d7a-745efa8fb2c4 req-05ea4e7b-5311-490e-9d7a-745efa8fb2c4 ] Request (DeleteServersTestJSON:test_delete_active_server): 200 GET http://10.180.1.21/compute/v2.1/servers/9b0a9f16-c53e-41b8-a473-b1eff1ad41c7 0.090s
2025-02-12 01:18:03.766 62784 INFO tempest.lib.common.rest_client [req-e1348b6c-71fa-47c8-b44c-1105b191efef req-e1348b6c-71fa-47c8-b44c-1105b191efef ] Request (ServerDiskConfigTestJSON:test_rebuild_server_with_auto_disk_config): 200 GET http://10.180.1.21/compute/v2.1/servers/6122b5aa-dde8-4999-b611-6695d01545c1 0.118s
2025-02-12 01:18:03.778 62792 INFO tempest.lib.common.rest_client [req-4ffffb8c-3af7-4194-8553-0622bc259dd0 req-4ffffb8c-3af7-4194-8553-0622bc259dd0 ] Request (ServersAdminTestJSON:setUpClass): 200 GET http://10.180.1.21/compute/v2.1/servers/498b6bd7-03d8-44e7-b007-27d86afcb028 0.082s
2025-02-12 01:18:03.810 62758 INFO tempest.lib.common.rest_client [req-47ac89d8-7047-4113-a7f5-40523ac57477 req-47ac89d8-7047-4113-a7f5-40523ac57477 ] Request (ServersTestManualDisk:setUpClass): 200 GET http://10.180.1.21/compute/v2.1/servers/a1380ba5-64df-4b21-a80b-96c6d9d80f73 0.112s
2025-02-12 01:18:03.819 62805 INFO tempest.lib.common.rest_client [req-58092fe9-5ec6-46bc-8482-5d99a4f86dd3 req-58092fe9-5ec6-46bc-8482-5d99a4f86dd3 ] Request (ServersAdminNegativeTestJSON:setUpClass): 200 GET http://10.180.1.21/compute/v2.1/servers/6316a65c-b75f-4432-9bd9-5e9833c18af3 0.079s
2025-02-12 01:18:03.856 62746 INFO tempest.lib.common.rest_client [req-230d73ec-6e97-4a6c-8ad5-b4dafd940692 req-230d73ec-6e97-4a6c-8ad5-b4dafd940692 ] Request (ServerShowV247Test:test_update_rebuild_list_server): 200 GET http://10.180.1.21/compute/v2.1/servers/01bfc053-50f3-4813-8e4b-aceba0d2440f 0.112s
2025-02-12 01:18:03.865 62772 INFO tempest.lib.common.rest_client [req-a5b73ba7-0079-4309-ad37-15e8ef013bf8 req-a5b73ba7-0079-4309-ad37-15e8ef013bf8 ] Request (ServersAdmin275Test:test_rebuild_update_server_275): 200 GET http://10.180.1.21/compute/v2.1/servers/fbfd64cf-fa8e-48c0-9410-e3da6080f163 0.078s
2025-02-12 01:18:03.899 62788 INFO tempest.lib.common.rest_client [req-90512466-3169-4bc3-a51f-089837feb185 req-90512466-3169-4bc3-a51f-089837feb185 ] Request (VolumesAssistedSnapshotsTest:test_volume_assisted_snapshot_create_delete): 200 GET http://10.180.1.21/compute/v2.1/servers/cb9d87f8-b8c4-4dbf-93ed-dab6988fae48 0.073s
2025-02-12 01:18:03.941 62770 INFO tempest.lib.common.rest_client [req-9332b14e-21f3-46da-9d2a-085cf77fb58c req-9332b14e-21f3-46da-9d2a-085cf77fb58c ] Request (ServersWithSpecificFlavorTestJSON:test_verify_created_server_ephemeral_disk): 200 GET http://10.180.1.21/compute/v2.1/servers/765af4c8-ddae-4d08-a49f-217e038e5555 0.069s
2025-02-12 01:18:03.951 62776 INFO tempest.lib.common.rest_client [req-d6c6a88d-9536-43a2-8356-f97b2c7cd473 req-d6c6a88d-9536-43a2-8356-f97b2c7cd473 ] Request (ServerRescueTestJSON:setUpClass): 200 GET http://10.180.1.21/compute/v2.1/servers/3d51c0e1-242e-4cdb-bf8c-4e7aa4d7656a 0.122s
2025-02-12 01:18:04.037 62786 INFO tempest.lib.common.rest_client [req-1fe7af0e-55ff-4975-8f24-6fc95e2b6114 req-1fe7af0e-55ff-4975-8f24-6fc95e2b6114 ] Request (MigrationsAdminTest:test_list_migrations_in_flavor_resize_situation): 200 GET http://10.180.1.21/compute/v2.1/servers/58d7e626-35a8-4c3d-bb34-11d1f6a0d2e3 0.086s
2025-02-12 01:18:04.052 62781 INFO tempest.lib.common.rest_client [req-14fbb962-f869-443d-9a53-a0badc8c80d6 req-14fbb962-f869-443d-9a53-a0badc8c80d6 ] Request (SecurityGroupsTestJSON:test_list_security_groups_by_server): 200 GET http://10.180.1.21/compute/v2.1/servers/63f63029-d01a-4d55-9753-95b93b7155cf 0.087s
2025-02-12 01:18:04.083 62802 INFO tempest.lib.common.rest_client [req-962b5ed9-6396-442c-a8bf-838e6225c495 req-962b5ed9-6396-442c-a8bf-838e6225c495 ] Request (AttachInterfacesV270Test:test_create_get_list_interfaces): 200 GET http://10.180.1.21/compute/v2.1/servers/c5a731c8-f9a7-4a4f-a69a-a429d99b80fa 0.072s
2025-02-12 01:18:04.140 62768 INFO tempest.lib.common.rest_client [req-a962a868-4cce-450f-a4c5-0c83e506fd5d req-a962a868-4cce-450f-a4c5-0c83e506fd5d ] Request (DeleteServersAdminTestJSON:test_admin_delete_servers_of_others): 200 GET http://10.180.1.21/compute/v2.1/servers/598b1fd3-d762-4625-9660-ccf76af2394c 0.099s
2025-02-12 01:18:04.189 62800 INFO tempest.lib.common.rest_client [req-976a0363-6255-453d-bf6d-903270cc5c9f req-976a0363-6255-453d-bf6d-903270cc5c9f ] Request (ServerDiagnosticsNegativeTest:test_get_server_diagnostics_by_non_admin): 200 GET http://10.180.1.21/compute/v2.1/servers/4144689d-05a1-4e7f-b159-75cbaef82333 0.088s
2025-02-12 01:18:04.258 62762 INFO tempest.lib.common.rest_client [req-f958f2b0-1499-451d-87b3-c06f149924a6 req-f958f2b0-1499-451d-87b3-c06f149924a6 ] Request (AttachInterfacesTestJSON:test_create_list_show_delete_interfaces_by_fixed_ip): 200 GET http://10.180.1.21/compute/v2.1/servers/1b8bc5c8-1f3a-409b-bdbc-bdad8e1966e2 0.046s
2025-02-12 01:18:04.297 62794 INFO tempest.lib.common.rest_client [req-af24123b-73ed-4170-962b-f46e30bfb9b9 req-af24123b-73ed-4170-962b-f46e30bfb9b9 ] Request (ServerMetadataTestJSON:setUpClass): 200 GET http://10.180.1.21/compute/v2.1/servers/0eaa55ee-0619-456f-b35b-469c1ed7897d 0.044s
2025-02-12 01:18:04.339 62750 INFO tempest.lib.common.rest_client [req-8ba5a5cf-05d3-401e-9c65-cd5df56abbb4 req-8ba5a5cf-05d3-401e-9c65-cd5df56abbb4 ] Request (ImagesOneServerTestJSON:setUpClass): 200 GET http://10.180.1.21/compute/v2.1/servers/d86cd3ea-23d1-488e-acc6-bb4b4b666247 0.043s
2025-02-12 01:18:04.384 62796 INFO tempest.lib.common.rest_client [req-c5821656-4550-4e03-9d60-aa702f4c7165 req-c5821656-4550-4e03-9d60-aa702f4c7165 ] Request (FloatingIPsAssociationNegativeTestJSON:setUpClass): 200 GET http://10.180.1.21/compute/v2.1/servers/fa608f4a-47e6-4904-af65-a82c107af979 0.089s
2025-02-12 01:18:04.411 62774 INFO tempest.lib.common.rest_client [req-7e1d35a1-dfb8-495d-987c-18579d016b0f req-7e1d35a1-dfb8-495d-987c-18579d016b0f ] Request (ServerActionsV293TestJSON:setUpClass): 200 GET http://10.180.1.21/compute/v2.1/servers/ba7b892b-a955-419f-b46e-e9631150a264 0.049s
2025-02-12 01:18:04.618 62806 INFO tempest.lib.common.rest_client [req-894b00d2-1970-4f12-b8c9-2c2f2e6aa6e9 req-894b00d2-1970-4f12-b8c9-2c2f2e6aa6e9 ] Request (AttachInterfacesUnderV243Test:test_add_remove_fixed_ip): 200 GET http://10.180.1.21/compute/v2.1/servers/2827c296-0e66-4ad3-a1b6-0ce5dbc6ff29 0.045s
2025-02-12 01:18:04.622 62754 INFO tempest.lib.common.rest_client [req-c566bceb-6e9d-442d-905f-e0c3d80beec3 req-c566bceb-6e9d-442d-905f-e0c3d80beec3 ] Request (InstanceActionsNegativeTestJSON:setUpClass): 200 GET http://10.180.1.21/compute/v2.1/servers/1b19cecd-2a04-4077-9758-9947a3bcb4c2 0.091s
2025-02-12 01:18:04.664 62760 INFO tempest.lib.common.rest_client [req-34c86476-008d-44d4-8732-d836b307e34d req-34c86476-008d-44d4-8732-d836b307e34d ] Request (FloatingIPsAssociationTestJSON:setUpClass): 200 GET http://10.180.1.21/compute/v2.1/servers/bcc0fbd8-e554-488a-8a12-732d7db1a4b0 0.049s
2025-02-12 01:18:04.702 62782 INFO tempest.lib.common.rest_client [req-627a9ba4-3d3c-4944-8828-8225a3c780c8 req-627a9ba4-3d3c-4944-8828-8225a3c780c8 ] Request (ImagesOneServerNegativeTestJSON:setUpClass): 200 GET http://10.180.1.21/compute/v2.1/servers/c31b20a2-11aa-4d64-a8c6-2d8f889f1560 0.099s
2025-02-12 01:18:04.706 62756 INFO tempest.lib.common.rest_client [req-c024c446-1839-443b-be57-64951b37e7fc req-c024c446-1839-443b-be57-64951b37e7fc ] Request (AttachVolumeTestJSON:test_attach_detach_volume): 200 GET http://10.180.1.21/compute/v2.1/servers/f8dcc4b2-c1f5-42e5-be12-77647f526cb1 0.058s
2025-02-12 01:18:04.793 62748 INFO tempest.lib.common.rest_client [req-4cf4677d-fe3c-424b-9590-82ccfd839ea5 req-4cf4677d-fe3c-424b-9590-82ccfd839ea5 ] Request (ServerExternalEventsTest:test_create_server_external_events): 200 GET http://10.180.1.21/compute/v2.1/servers/dc241495-c9b7-4f2f-895d-e25008cc738a 0.092s
2025-02-12 01:18:04.837 62752 INFO tempest.lib.common.rest_client [req-ad7de8b6-d629-4eae-be68-756d8113aee6 req-ad7de8b6-d629-4eae-be68-756d8113aee6 ] Request (TenantUsagesTestJSON:setUpClass): 200 GET http://10.180.1.21/compute/v2.1/servers/4a3639c7-8795-4702-a729-8239b0d55d51 0.105s
2025-02-12 01:18:04.880 62764 INFO tempest.lib.common.rest_client [req-6351a329-153e-4fb1-9da5-9ccb11de4ef3 req-6351a329-153e-4fb1-9da5-9ccb11de4ef3 ] Request (DeleteServersTestJSON:test_delete_active_server): 200 GET http://10.180.1.21/compute/v2.1/servers/9b0a9f16-c53e-41b8-a473-b1eff1ad41c7 0.135s
2025-02-12 01:18:04.897 62766 INFO tempest.lib.common.rest_client [req-69c934de-9672-481f-8d99-410d70264bee req-69c934de-9672-481f-8d99-410d70264bee ] Request (InstanceActionsV221TestJSON:test_get_list_deleted_instance_actions): 200 GET http://10.180.1.21/compute/v2.1/servers/6d751e02-64bb-41bb-9ded-30db9b885c2e 0.205s
2025-02-12 01:18:04.925 62784 INFO tempest.lib.common.rest_client [req-2c9ac119-0650-4adc-ac17-2e777f418e84 req-2c9ac119-0650-4adc-ac17-2e777f418e84 ] Request (ServerDiskConfigTestJSON:test_rebuild_server_with_auto_disk_config): 200 GET http://10.180.1.21/compute/v2.1/servers/6122b5aa-dde8-4999-b611-6695d01545c1 0.151s
2025-02-12 01:18:04.946 62792 INFO tempest.lib.common.rest_client [req-ca60881b-7ba6-4a8b-a229-9a5ac5772516 req-ca60881b-7ba6-4a8b-a229-9a5ac5772516 ] Request (ServersAdminTestJSON:setUpClass): 200 GET http://10.180.1.21/compute/v2.1/servers/498b6bd7-03d8-44e7-b007-27d86afcb028 0.161s
2025-02-12 01:18:04.971 62758 INFO tempest.lib.common.rest_client [req-06ea47bd-7339-4f66-aaeb-d79b0cdfb882 req-06ea47bd-7339-4f66-aaeb-d79b0cdfb882 ] Request (ServersTestManualDisk:setUpClass): 200 GET http://10.180.1.21/compute/v2.1/servers/a1380ba5-64df-4b21-a80b-96c6d9d80f73 0.153s
2025-02-12 01:18:04.988 62805 INFO tempest.lib.common.rest_client [req-1ad7dd43-3283-4304-80b7-9ca660f74770 req-1ad7dd43-3283-4304-80b7-9ca660f74770 ] Request (ServersAdminNegativeTestJSON:setUpClass): 200 GET http://10.180.1.21/compute/v2.1/servers/6316a65c-b75f-4432-9bd9-5e9833c18af3 0.161s
2025-02-12 01:18:05.015 62746 INFO tempest.lib.common.rest_client [req-f3a3ab91-a0cb-4cd7-abfc-b9d8451a0e70 req-f3a3ab91-a0cb-4cd7-abfc-b9d8451a0e70 ] Request (ServerShowV247Test:test_update_rebuild_list_server): 200 GET http://10.180.1.21/compute/v2.1/servers/01bfc053-50f3-4813-8e4b-aceba0d2440f 0.149s
2025-02-12 01:18:05.032 62772 INFO tempest.lib.common.rest_client [req-be38fd8f-0386-46cb-8139-f8e54c909d96 req-be38fd8f-0386-46cb-8139-f8e54c909d96 ] Request (ServersAdmin275Test:test_rebuild_update_server_275): 200 GET http://10.180.1.21/compute/v2.1/servers/fbfd64cf-fa8e-48c0-9410-e3da6080f163 0.158s
2025-02-12 01:18:05.057 62788 INFO tempest.lib.common.rest_client [req-2163c036-6d07-4076-9810-b8fa52ac2561 req-2163c036-6d07-4076-9810-b8fa52ac2561 ] Request (VolumesAssistedSnapshotsTest:test_volume_assisted_snapshot_create_delete): 200 GET http://10.180.1.21/compute/v2.1/servers/cb9d87f8-b8c4-4dbf-93ed-dab6988fae48 0.150s
2025-02-12 01:18:05.074 62770 INFO tempest.lib.common.rest_client [req-c6f8af75-a2cb-4887-9573-e8216b406ea5 req-c6f8af75-a2cb-4887-9573-e8216b406ea5 ] Request (ServersWithSpecificFlavorTestJSON:test_verify_created_server_ephemeral_disk): 200 GET http://10.180.1.21/compute/v2.1/servers/765af4c8-ddae-4d08-a49f-217e038e5555 0.126s
2025-02-12 01:18:05.141 62776 INFO tempest.lib.common.rest_client [req-70b86fc7-aa7c-44e3-a75d-e137a3979b00 req-70b86fc7-aa7c-44e3-a75d-e137a3979b00 ] Request (ServerRescueTestJSON:setUpClass): 200 GET http://10.180.1.21/compute/v2.1/servers/3d51c0e1-242e-4cdb-bf8c-4e7aa4d7656a 0.181s
2025-02-12 01:18:05.158 62786 INFO tempest.lib.common.rest_client [req-162588da-99f8-406b-b458-03c6e3bc6615 req-162588da-99f8-406b-b458-03c6e3bc6615 ] Request (MigrationsAdminTest:test_list_migrations_in_flavor_resize_situation): 200 GET http://10.180.1.21/compute/v2.1/servers/58d7e626-35a8-4c3d-bb34-11d1f6a0d2e3 0.114s
2025-02-12 01:18:05.202 62802 INFO tempest.lib.common.rest_client [req-edaf71a8-ba82-4347-9999-e08780bedc29 req-edaf71a8-ba82-4347-9999-e08780bedc29 ] Request (AttachInterfacesV270Test:test_create_get_list_interfaces): 200 GET http://10.180.1.21/compute/v2.1/servers/c5a731c8-f9a7-4a4f-a69a-a429d99b80fa 0.109s
2025-02-12 01:18:05.231 62781 INFO tempest.lib.common.rest_client [req-781ecb01-c412-4c8e-be5c-a0149399028f req-781ecb01-c412-4c8e-be5c-a0149399028f ] Request (SecurityGroupsTestJSON:test_list_security_groups_by_server): 200 GET http://10.180.1.21/compute/v2.1/servers/63f63029-d01a-4d55-9753-95b93b7155cf 0.171s
2025-02-12 01:18:05.286 62768 INFO tempest.lib.common.rest_client [req-7fa76f6a-9c83-4e6e-954d-085cb396766d req-7fa76f6a-9c83-4e6e-954d-085cb396766d ] Request (DeleteServersAdminTestJSON:test_admin_delete_servers_of_others): 200 GET http://10.180.1.21/compute/v2.1/servers/598b1fd3-d762-4625-9660-ccf76af2394c 0.137s
2025-02-12 01:18:05.318 62800 INFO tempest.lib.common.rest_client [req-d1a401ac-6107-4733-9b02-4c0fcb577110 req-d1a401ac-6107-4733-9b02-4c0fcb577110 ] Request (ServerDiagnosticsNegativeTest:test_get_server_diagnostics_by_non_admin): 200 GET http://10.180.1.21/compute/v2.1/servers/4144689d-05a1-4e7f-b159-75cbaef82333 0.120s
2025-02-12 01:18:05.327 62762 INFO tempest.lib.common.rest_client [req-39cc34e0-b9f2-4582-ad22-a9b78e03a66c req-39cc34e0-b9f2-4582-ad22-a9b78e03a66c ] Request (AttachInterfacesTestJSON:test_create_list_show_delete_interfaces_by_fixed_ip): 200 GET http://10.180.1.21/compute/v2.1/servers/1b8bc5c8-1f3a-409b-bdbc-bdad8e1966e2 0.061s
2025-02-12 01:18:05.363 62794 INFO tempest.lib.common.rest_client [req-382e3683-6a4e-4516-a44e-7202e398b571 req-382e3683-6a4e-4516-a44e-7202e398b571 ] Request (ServerMetadataTestJSON:setUpClass): 200 GET http://10.180.1.21/compute/v2.1/servers/0eaa55ee-0619-456f-b35b-469c1ed7897d 0.058s
2025-02-12 01:18:05.394 62750 INFO tempest.lib.common.rest_client [req-f0f10056-b37f-49f9-96ab-b072bbb85f9e req-f0f10056-b37f-49f9-96ab-b072bbb85f9e ] Request (ImagesOneServerTestJSON:setUpClass): 200 GET http://10.180.1.21/compute/v2.1/servers/d86cd3ea-23d1-488e-acc6-bb4b4b666247 0.048s
2025-02-12 01:18:05.473 62774 INFO tempest.lib.common.rest_client [req-f979e87b-25d5-41aa-ac00-383dbb69f1ed req-f979e87b-25d5-41aa-ac00-383dbb69f1ed ] Request (ServerActionsV293TestJSON:setUpClass): 200 GET http://10.180.1.21/compute/v2.1/servers/ba7b892b-a955-419f-b46e-e9631150a264 0.051s
2025-02-12 01:18:05.484 62796 INFO tempest.lib.common.rest_client [req-d14ee52b-3d1d-46a6-a44b-55fab765bb38 req-d14ee52b-3d1d-46a6-a44b-55fab765bb38 ] Request (FloatingIPsAssociationNegativeTestJSON:setUpClass): 200 GET http://10.180.1.21/compute/v2.1/servers/fa608f4a-47e6-4904-af65-a82c107af979 0.093s
2025-02-12 01:18:05.671 62806 INFO tempest.lib.common.rest_client [req-fbf5faa9-ec40-4999-9fce-3ee19d972170 req-fbf5faa9-ec40-4999-9fce-3ee19d972170 ] Request (AttachInterfacesUnderV243Test:test_add_remove_fixed_ip): 200 GET http://10.180.1.21/compute/v2.1/servers/2827c296-0e66-4ad3-a1b6-0ce5dbc6ff29 0.045s
2025-02-12 01:18:05.716 62760 INFO tempest.lib.common.rest_client [req-b3f1cd86-bbf0-482c-be09-a03d79f2c2db req-b3f1cd86-bbf0-482c-be09-a03d79f2c2db ] Request (FloatingIPsAssociationTestJSON:setUpClass): 200 GET http://10.180.1.21/compute/v2.1/servers/bcc0fbd8-e554-488a-8a12-732d7db1a4b0 0.044s
2025-02-12 01:18:05.719 62754 INFO tempest.lib.common.rest_client [req-ee49bd40-f654-4c03-bca4-0a47f74cdab4 req-ee49bd40-f654-4c03-bca4-0a47f74cdab4 ] Request (InstanceActionsNegativeTestJSON:setUpClass): 200 GET http://10.180.1.21/compute/v2.1/servers/1b19cecd-2a04-4077-9758-9947a3bcb4c2 0.089s
2025-02-12 01:18:05.762 62756 INFO tempest.lib.common.rest_client [req-f12a73b3-6198-48f3-b8ae-a56a8f268d45 req-f12a73b3-6198-48f3-b8ae-a56a8f268d45 ] Request (AttachVolumeTestJSON:test_attach_detach_volume): 200 GET http://10.180.1.21/compute/v2.1/servers/f8dcc4b2-c1f5-42e5-be12-77647f526cb1 0.048s
2025-02-12 01:18:05.801 62782 INFO tempest.lib.common.rest_client [req-5bc9ca4c-cefa-4a63-b0a8-40fe3297f46e req-5bc9ca4c-cefa-4a63-b0a8-40fe3297f46e ] Request (ImagesOneServerNegativeTestJSON:setUpClass): 200 GET http://10.180.1.21/compute/v2.1/servers/c31b20a2-11aa-4d64-a8c6-2d8f889f1560 0.090s
2025-02-12 01:18:05.890 62748 INFO tempest.lib.common.rest_client [req-f5e3886f-b4f1-48a1-8807-99322d04f1b1 req-f5e3886f-b4f1-48a1-8807-99322d04f1b1 ] Request (ServerExternalEventsTest:test_create_server_external_events): 200 GET http://10.180.1.21/compute/v2.1/servers/dc241495-c9b7-4f2f-895d-e25008cc738a 0.088s
2025-02-12 01:18:05.892 62752 INFO tempest.lib.common.rest_client [req-3fd298b6-5566-45e6-b16f-f83d6bef2a89 req-3fd298b6-5566-45e6-b16f-f83d6bef2a89 ] Request (TenantUsagesTestJSON:setUpClass): 200 GET http://10.180.1.21/compute/v2.1/servers/4a3639c7-8795-4702-a729-8239b0d55d51 0.045s
2025-02-12 01:18:05.933 62764 INFO tempest.lib.common.rest_client [req-8506ebaf-2be3-400e-a72f-8cc5fa428220 req-8506ebaf-2be3-400e-a72f-8cc5fa428220 ] Request (DeleteServersTestJSON:test_delete_active_server): 200 GET http://10.180.1.21/compute/v2.1/servers/9b0a9f16-c53e-41b8-a473-b1eff1ad41c7 0.044s
2025-02-12 01:18:05.953 62766 INFO tempest.lib.common.rest_client [req-7d4e1d52-6a95-4374-8e8e-0c1b353b4f38 req-7d4e1d52-6a95-4374-8e8e-0c1b353b4f38 ] Request (InstanceActionsV221TestJSON:test_get_list_deleted_instance_actions): 200 GET http://10.180.1.21/compute/v2.1/servers/6d751e02-64bb-41bb-9ded-30db9b885c2e 0.046s
2025-02-12 01:18:05.981 62784 INFO tempest.lib.common.rest_client [req-d2aafb57-f29c-4b6e-8363-f311890f1997 req-d2aafb57-f29c-4b6e-8363-f311890f1997 ] Request (ServerDiskConfigTestJSON:test_rebuild_server_with_auto_disk_config): 200 GET http://10.180.1.21/compute/v2.1/servers/6122b5aa-dde8-4999-b611-6695d01545c1 0.048s
2025-02-12 01:18:05.998 62792 INFO tempest.lib.common.rest_client [req-4a34d296-73f0-4edd-af12-c8e4186a3dad req-4a34d296-73f0-4edd-af12-c8e4186a3dad ] Request (ServersAdminTestJSON:setUpClass): 200 GET http://10.180.1.21/compute/v2.1/servers/498b6bd7-03d8-44e7-b007-27d86afcb028 0.044s
2025-02-12 01:18:06.028 62758 INFO tempest.lib.common.rest_client [req-a0e24060-fc55-4b08-b0a4-143fed3a8487 req-a0e24060-fc55-4b08-b0a4-143fed3a8487 ] Request (ServersTestManualDisk:setUpClass): 200 GET http://10.180.1.21/compute/v2.1/servers/a1380ba5-64df-4b21-a80b-96c6d9d80f73 0.049s
2025-02-12 01:18:06.043 62805 INFO tempest.lib.common.rest_client [req-f45e8dc2-de50-4c4a-94a1-8a0a9ef9fa4c req-f45e8dc2-de50-4c4a-94a1-8a0a9ef9fa4c ] Request (ServersAdminNegativeTestJSON:setUpClass): 200 GET http://10.180.1.21/compute/v2.1/servers/6316a65c-b75f-4432-9bd9-5e9833c18af3 0.048s
2025-02-12 01:18:06.087 62746 INFO tempest.lib.common.rest_client [req-63b10c44-952a-4b05-aae4-628efb3b93ca req-63b10c44-952a-4b05-aae4-628efb3b93ca ] Request (ServerShowV247Test:test_update_rebuild_list_server): 200 GET http://10.180.1.21/compute/v2.1/servers/01bfc053-50f3-4813-8e4b-aceba0d2440f 0.063s
2025-02-12 01:18:06.100 62772 INFO tempest.lib.common.rest_client [req-4d2a0b50-3173-4dc8-bd0a-1b5a61b4c07e req-4d2a0b50-3173-4dc8-bd0a-1b5a61b4c07e ] Request (ServersAdmin275Test:test_rebuild_update_server_275): 200 GET http://10.180.1.21/compute/v2.1/servers/fbfd64cf-fa8e-48c0-9410-e3da6080f163 0.056s
2025-02-12 01:18:06.138 62788 INFO tempest.lib.common.rest_client [req-9105c839-ba2d-4f6a-a44e-24ae11f33101 req-9105c839-ba2d-4f6a-a44e-24ae11f33101 ] Request (VolumesAssistedSnapshotsTest:test_volume_assisted_snapshot_create_delete): 200 GET http://10.180.1.21/compute/v2.1/servers/cb9d87f8-b8c4-4dbf-93ed-dab6988fae48 0.073s
2025-02-12 01:18:06.198 62770 INFO tempest.lib.common.rest_client [req-5a7cd156-545b-4eae-a201-1aa545f3876c req-5a7cd156-545b-4eae-a201-1aa545f3876c ] Request (ServersWithSpecificFlavorTestJSON:test_verify_created_server_ephemeral_disk): 200 GET http://10.180.1.21/compute/v2.1/servers/765af4c8-ddae-4d08-a49f-217e038e5555 0.115s
2025-02-12 01:18:06.251 62776 INFO tempest.lib.common.rest_client [req-548c0c20-90c6-4e75-9146-936592113983 req-548c0c20-90c6-4e75-9146-936592113983 ] Request (ServerRescueTestJSON:setUpClass): 200 GET http://10.180.1.21/compute/v2.1/servers/3d51c0e1-242e-4cdb-bf8c-4e7aa4d7656a 0.102s
2025-02-12 01:18:06.312 62802 INFO tempest.lib.common.rest_client [req-971aa802-9e6f-49fe-83eb-5cc397ccdd7b req-971aa802-9e6f-49fe-83eb-5cc397ccdd7b ] Request (AttachInterfacesV270Test:test_create_get_list_interfaces): 200 GET http://10.180.1.21/compute/v2.1/servers/c5a731c8-f9a7-4a4f-a69a-a429d99b80fa 0.100s
2025-02-12 01:18:06.360 62786 INFO tempest.lib.common.rest_client [req-cbe0228d-666d-4225-97d1-738ef4c95e48 req-cbe0228d-666d-4225-97d1-738ef4c95e48 ] Request (MigrationsAdminTest:test_list_migrations_in_flavor_resize_situation): 200 GET http://10.180.1.21/compute/v2.1/servers/58d7e626-35a8-4c3d-bb34-11d1f6a0d2e3 0.194s
2025-02-12 01:18:06.437 62781 INFO tempest.lib.common.rest_client [req-c9d00a39-efd9-42e1-9481-151180e6ef1b req-c9d00a39-efd9-42e1-9481-151180e6ef1b ] Request (SecurityGroupsTestJSON:test_list_security_groups_by_server): 200 GET http://10.180.1.21/compute/v2.1/servers/63f63029-d01a-4d55-9753-95b93b7155cf 0.199s
2025-02-12 01:18:06.452 62768 INFO tempest.lib.common.rest_client [req-e7a50b9b-dbb1-44ff-8b6b-7fc679efe89d req-e7a50b9b-dbb1-44ff-8b6b-7fc679efe89d ] Request (DeleteServersAdminTestJSON:test_admin_delete_servers_of_others): 200 GET http://10.180.1.21/compute/v2.1/servers/598b1fd3-d762-4625-9660-ccf76af2394c 0.159s
2025-02-12 01:18:06.500 62762 INFO tempest.lib.common.rest_client [req-c1f4fdfc-2721-49fa-a0e3-11e33e19017b req-c1f4fdfc-2721-49fa-a0e3-11e33e19017b ] Request (AttachInterfacesTestJSON:test_create_list_show_delete_interfaces_by_fixed_ip): 200 GET http://10.180.1.21/compute/v2.1/servers/1b8bc5c8-1f3a-409b-bdbc-bdad8e1966e2 0.165s
2025-02-12 01:18:06.525 62800 INFO tempest.lib.common.rest_client [req-2963055e-e263-4295-86db-1f8ec76484a9 req-2963055e-e263-4295-86db-1f8ec76484a9 ] Request (ServerDiagnosticsNegativeTest:test_get_server_diagnostics_by_non_admin): 200 GET http://10.180.1.21/compute/v2.1/servers/4144689d-05a1-4e7f-b159-75cbaef82333 0.200s
2025-02-12 01:18:06.542 62794 INFO tempest.lib.common.rest_client [req-e154d348-4741-4de0-b6a9-690706aa15ef req-e154d348-4741-4de0-b6a9-690706aa15ef ] Request (ServerMetadataTestJSON:setUpClass): 200 GET http://10.180.1.21/compute/v2.1/servers/0eaa55ee-0619-456f-b35b-469c1ed7897d 0.171s
2025-02-12 01:18:06.569 62750 INFO tempest.lib.common.rest_client [req-2f7c1bfa-e075-4598-a684-4129ae4f144c req-2f7c1bfa-e075-4598-a684-4129ae4f144c ] Request (ImagesOneServerTestJSON:setUpClass): 200 GET http://10.180.1.21/compute/v2.1/servers/d86cd3ea-23d1-488e-acc6-bb4b4b666247 0.168s
2025-02-12 01:18:06.591 62774 INFO tempest.lib.common.rest_client [req-d52a5682-ddde-479f-895e-c9d8b2b844c2 req-d52a5682-ddde-479f-895e-c9d8b2b844c2 ] Request (ServerActionsV293TestJSON:setUpClass): 200 GET http://10.180.1.21/compute/v2.1/servers/ba7b892b-a955-419f-b46e-e9631150a264 0.109s
2025-02-12 01:18:06.695 62796 INFO tempest.lib.common.rest_client [req-928a7871-d69a-4cf7-b98c-fb8762fa5248 req-928a7871-d69a-4cf7-b98c-fb8762fa5248 ] Request (FloatingIPsAssociationNegativeTestJSON:setUpClass): 200 GET http://10.180.1.21/compute/v2.1/servers/fa608f4a-47e6-4904-af65-a82c107af979 0.203s
2025-02-12 01:18:06.730 62806 INFO tempest.lib.common.rest_client [req-302e98a1-4c80-431c-a827-dafb8857ceae req-302e98a1-4c80-431c-a827-dafb8857ceae ] Request (AttachInterfacesUnderV243Test:test_add_remove_fixed_ip): 200 GET http://10.180.1.21/compute/v2.1/servers/2827c296-0e66-4ad3-a1b6-0ce5dbc6ff29 0.051s
2025-02-12 01:18:06.772 62760 INFO tempest.lib.common.rest_client [req-f966284e-5c47-436d-b968-85dd6c958702 req-f966284e-5c47-436d-b968-85dd6c958702 ] Request (FloatingIPsAssociationTestJSON:setUpClass): 200 GET http://10.180.1.21/compute/v2.1/servers/bcc0fbd8-e554-488a-8a12-732d7db1a4b0 0.048s
2025-02-12 01:18:06.819 62756 INFO tempest.lib.common.rest_client [req-4f76a357-d215-418a-8dd7-c206e219556b req-4f76a357-d215-418a-8dd7-c206e219556b ] Request (AttachVolumeTestJSON:test_attach_detach_volume): 200 GET http://10.180.1.21/compute/v2.1/servers/f8dcc4b2-c1f5-42e5-be12-77647f526cb1 0.050s
2025-02-12 01:18:06.911 62782 INFO tempest.lib.common.rest_client [req-089aea3e-4a5e-4d16-b511-8fdc19b8e706 req-089aea3e-4a5e-4d16-b511-8fdc19b8e706 ] Request (ImagesOneServerNegativeTestJSON:setUpClass): 200 GET http://10.180.1.21/compute/v2.1/servers/c31b20a2-11aa-4d64-a8c6-2d8f889f1560 0.103s
2025-02-12 01:18:07.006 62748 INFO tempest.lib.common.rest_client [req-93b2b7b5-ed40-4f6a-9a90-6973a20b0965 req-93b2b7b5-ed40-4f6a-9a90-6973a20b0965 ] Request (ServerExternalEventsTest:test_create_server_external_events): 200 GET http://10.180.1.21/compute/v2.1/servers/dc241495-c9b7-4f2f-895d-e25008cc738a 0.108s
2025-02-12 01:18:07.057 62752 INFO tempest.lib.common.rest_client [req-2caf6b63-a8df-48e0-b0ba-e288d741540d req-2caf6b63-a8df-48e0-b0ba-e288d741540d ] Request (TenantUsagesTestJSON:setUpClass): 200 GET http://10.180.1.21/compute/v2.1/servers/4a3639c7-8795-4702-a729-8239b0d55d51 0.157s
2025-02-12 01:18:07.064 62754 INFO tempest.lib.common.rest_client [req-503eaf93-fcbd-4472-b151-48f955f19918 req-503eaf93-fcbd-4472-b151-48f955f19918 ] Request (InstanceActionsNegativeTestJSON:setUpClass): 200 GET http://10.180.1.21/compute/v2.1/servers/1b19cecd-2a04-4077-9758-9947a3bcb4c2 0.336s
2025-02-12 01:18:07.123 62764 INFO tempest.lib.common.rest_client [req-578742cd-af29-41a8-86ca-c3532f679c69 req-578742cd-af29-41a8-86ca-c3532f679c69 ] Request (DeleteServersTestJSON:test_delete_active_server): 200 GET http://10.180.1.21/compute/v2.1/servers/9b0a9f16-c53e-41b8-a473-b1eff1ad41c7 0.181s
2025-02-12 01:18:07.132 62766 INFO tempest.lib.common.rest_client [req-7146d3a0-dce4-44f8-a815-9a7c3e6c70e8 req-7146d3a0-dce4-44f8-a815-9a7c3e6c70e8 ] Request (InstanceActionsV221TestJSON:test_get_list_deleted_instance_actions): 200 GET http://10.180.1.21/compute/v2.1/servers/6d751e02-64bb-41bb-9ded-30db9b885c2e 0.170s
2025-02-12 01:18:07.172 62784 INFO tempest.lib.common.rest_client [req-10fe8192-fb1c-4ec5-b296-924c9e6ee64e req-10fe8192-fb1c-4ec5-b296-924c9e6ee64e ] Request (ServerDiskConfigTestJSON:test_rebuild_server_with_auto_disk_config): 200 GET http://10.180.1.21/compute/v2.1/servers/6122b5aa-dde8-4999-b611-6695d01545c1 0.184s
2025-02-12 01:18:07.192 62792 INFO tempest.lib.common.rest_client [req-df6e8de3-5f14-43c4-ac41-a1986f052a17 req-df6e8de3-5f14-43c4-ac41-a1986f052a17 ] Request (ServersAdminTestJSON:setUpClass): 200 GET http://10.180.1.21/compute/v2.1/servers/498b6bd7-03d8-44e7-b007-27d86afcb028 0.186s
2025-02-12 01:18:07.227 62758 INFO tempest.lib.common.rest_client [req-75b15799-5f13-48bc-b061-dbddf820ebb6 req-75b15799-5f13-48bc-b061-dbddf820ebb6 ] Request (ServersTestManualDisk:setUpClass): 200 GET http://10.180.1.21/compute/v2.1/servers/a1380ba5-64df-4b21-a80b-96c6d9d80f73 0.192s
2025-02-12 01:18:07.237 62805 INFO tempest.lib.common.rest_client [req-c5c4d208-c221-455c-ad7b-b1aec7b3757e req-c5c4d208-c221-455c-ad7b-b1aec7b3757e ] Request (ServersAdminNegativeTestJSON:setUpClass): 200 GET http://10.180.1.21/compute/v2.1/servers/6316a65c-b75f-4432-9bd9-5e9833c18af3 0.186s
2025-02-12 01:18:07.278 62746 INFO tempest.lib.common.rest_client [req-a6109784-f728-416a-801d-bf710b1c307b req-a6109784-f728-416a-801d-bf710b1c307b ] Request (ServerShowV247Test:test_update_rebuild_list_server): 200 GET http://10.180.1.21/compute/v2.1/servers/01bfc053-50f3-4813-8e4b-aceba0d2440f 0.179s
2025-02-12 01:18:07.295 62772 INFO tempest.lib.common.rest_client [req-7ba29e4b-dcdb-43bf-9efb-5dc492774432 req-7ba29e4b-dcdb-43bf-9efb-5dc492774432 ] Request (ServersAdmin275Test:test_rebuild_update_server_275): 200 GET http://10.180.1.21/compute/v2.1/servers/fbfd64cf-fa8e-48c0-9410-e3da6080f163 0.179s
2025-02-12 01:18:07.325 62788 INFO tempest.lib.common.rest_client [req-e7f0abcc-79bd-44de-95a4-54c34d341692 req-e7f0abcc-79bd-44de-95a4-54c34d341692 ] Request (VolumesAssistedSnapshotsTest:test_volume_assisted_snapshot_create_delete): 200 GET http://10.180.1.21/compute/v2.1/servers/cb9d87f8-b8c4-4dbf-93ed-dab6988fae48 0.180s
2025-02-12 01:18:07.367 62770 INFO tempest.lib.common.rest_client [req-19321bfc-fd2a-496d-a054-334b8a0d3ff5 req-19321bfc-fd2a-496d-a054-334b8a0d3ff5 ] Request (ServersWithSpecificFlavorTestJSON:test_verify_created_server_ephemeral_disk): 200 GET http://10.180.1.21/compute/v2.1/servers/765af4c8-ddae-4d08-a49f-217e038e5555 0.161s
2025-02-12 01:18:07.418 62802 INFO tempest.lib.common.rest_client [req-9137f4e2-6465-4962-9c2f-9c4d9088f140 req-9137f4e2-6465-4962-9c2f-9c4d9088f140 ] Request (AttachInterfacesV270Test:test_create_get_list_interfaces): 200 GET http://10.180.1.21/compute/v2.1/servers/c5a731c8-f9a7-4a4f-a69a-a429d99b80fa 0.095s
2025-02-12 01:18:07.496 62776 INFO tempest.lib.common.rest_client [req-dde1ffa6-8bed-4004-84f8-7a70c4d12a7d req-dde1ffa6-8bed-4004-84f8-7a70c4d12a7d ] Request (ServerRescueTestJSON:setUpClass): 200 GET http://10.180.1.21/compute/v2.1/servers/3d51c0e1-242e-4cdb-bf8c-4e7aa4d7656a 0.230s
2025-02-12 01:18:07.520 62786 INFO tempest.lib.common.rest_client [req-47beeb7e-4e66-470f-bafc-20a8f45af997 req-47beeb7e-4e66-470f-bafc-20a8f45af997 ] Request (MigrationsAdminTest:test_list_migrations_in_flavor_resize_situation): 200 GET http://10.180.1.21/compute/v2.1/servers/58d7e626-35a8-4c3d-bb34-11d1f6a0d2e3 0.152s
2025-02-12 01:18:07.587 62781 INFO tempest.lib.common.rest_client [req-80530844-c47b-4844-b0e3-f6a02a6fab8a req-80530844-c47b-4844-b0e3-f6a02a6fab8a ] Request (SecurityGroupsTestJSON:test_list_security_groups_by_server): 200 GET http://10.180.1.21/compute/v2.1/servers/63f63029-d01a-4d55-9753-95b93b7155cf 0.141s
2025-02-12 01:18:07.614 62768 INFO tempest.lib.common.rest_client [req-82c0bafa-a969-4db6-b933-8194f27f9738 req-82c0bafa-a969-4db6-b933-8194f27f9738 ] Request (DeleteServersAdminTestJSON:test_admin_delete_servers_of_others): 200 GET http://10.180.1.21/compute/v2.1/servers/598b1fd3-d762-4625-9660-ccf76af2394c 0.148s
2025-02-12 01:18:07.630 62762 INFO tempest.lib.common.rest_client [req-1fcea780-52ad-40f7-b7bb-f73814a0fb4e req-1fcea780-52ad-40f7-b7bb-f73814a0fb4e ] Request (AttachInterfacesTestJSON:test_create_list_show_delete_interfaces_by_fixed_ip): 200 GET http://10.180.1.21/compute/v2.1/servers/1b8bc5c8-1f3a-409b-bdbc-bdad8e1966e2 0.122s
2025-02-12 01:18:07.675 62794 INFO tempest.lib.common.rest_client [req-c17758b9-d5bc-4784-8adf-1f488a66e526 req-c17758b9-d5bc-4784-8adf-1f488a66e526 ] Request (ServerMetadataTestJSON:setUpClass): 200 GET http://10.180.1.21/compute/v2.1/servers/0eaa55ee-0619-456f-b35b-469c1ed7897d 0.125s
2025-02-12 01:18:07.703 62800 INFO tempest.lib.common.rest_client [req-a1552346-5435-477c-ab1e-1142c9a71976 req-a1552346-5435-477c-ab1e-1142c9a71976 ] Request (ServerDiagnosticsNegativeTest:test_get_server_diagnostics_by_non_admin): 200 GET http://10.180.1.21/compute/v2.1/servers/4144689d-05a1-4e7f-b159-75cbaef82333 0.171s
2025-02-12 01:18:07.721 62750 INFO tempest.lib.common.rest_client [req-7f66b373-15d6-4c42-8da2-330219e693d5 req-7f66b373-15d6-4c42-8da2-330219e693d5 ] Request (ImagesOneServerTestJSON:setUpClass): 200 GET http://10.180.1.21/compute/v2.1/servers/d86cd3ea-23d1-488e-acc6-bb4b4b666247 0.142s
2025-02-12 01:18:07.756 62774 INFO tempest.lib.common.rest_client [req-d64ab68b-0371-43b1-8759-fc3998cdafc1 req-d64ab68b-0371-43b1-8759-fc3998cdafc1 ] Request (ServerActionsV293TestJSON:setUpClass): 200 GET http://10.180.1.21/compute/v2.1/servers/ba7b892b-a955-419f-b46e-e9631150a264 0.152s
2025-02-12 01:18:07.773 62796 INFO tempest.lib.common.rest_client [req-48d0501b-41e2-4420-9e9a-dc4f2a9219ed req-48d0501b-41e2-4420-9e9a-dc4f2a9219ed ] Request (FloatingIPsAssociationNegativeTestJSON:setUpClass): 200 GET http://10.180.1.21/compute/v2.1/servers/fa608f4a-47e6-4904-af65-a82c107af979 0.070s
2025-02-12 01:18:07.779 62796 INFO tempest.common.waiters [-] State transition "BUILD/spawning" ==> "ERROR/None" after 97 second wait
2025-02-12 01:18:07.799 62806 INFO tempest.lib.common.rest_client [req-9b943ae0-1c9b-434b-8215-ad871d26bee7 req-9b943ae0-1c9b-434b-8215-ad871d26bee7 ] Request (AttachInterfacesUnderV243Test:test_add_remove_fixed_ip): 200 GET http://10.180.1.21/compute/v2.1/servers/2827c296-0e66-4ad3-a1b6-0ce5dbc6ff29 0.061s
2025-02-12 01:18:07.842 62760 INFO tempest.lib.common.rest_client [req-330e293f-dc1e-4089-bb7e-25b4248489c9 req-330e293f-dc1e-4089-bb7e-25b4248489c9 ] Request (FloatingIPsAssociationTestJSON:setUpClass): 200 GET http://10.180.1.21/compute/v2.1/servers/bcc0fbd8-e554-488a-8a12-732d7db1a4b0 0.062s
2025-02-12 01:18:07.887 62756 INFO tempest.lib.common.rest_client [req-a39bb99d-b489-4156-b604-3461743b70d4 req-a39bb99d-b489-4156-b604-3461743b70d4 ] Request (AttachVolumeTestJSON:test_attach_detach_volume): 200 GET http://10.180.1.21/compute/v2.1/servers/f8dcc4b2-c1f5-42e5-be12-77647f526cb1 0.060s
2025-02-12 01:18:07.943 62796 INFO tempest.lib.common.rest_client [req-5a217fd0-05e0-4478-be39-e0249fc8529a req-5a217fd0-05e0-4478-be39-e0249fc8529a ] Request (FloatingIPsAssociationNegativeTestJSON:setUpClass): 204 DELETE http://10.180.1.21/compute/v2.1/servers/fa608f4a-47e6-4904-af65-a82c107af979 0.163s
2025-02-12 01:18:07.962 62796 INFO tempest.lib.common.rest_client [req-d3b5f38d-63cd-4a6a-a6f0-144d339758b2 req-d3b5f38d-63cd-4a6a-a6f0-144d339758b2 ] Request (FloatingIPsAssociationNegativeTestJSON:setUpClass): 404 GET http://10.180.1.21/compute/v2.1/servers/fa608f4a-47e6-4904-af65-a82c107af979 0.018s
2025-02-12 01:18:07.962 62796 INFO tempest.test [-] raised in FloatingIPsAssociationNegativeTestJSON.setUpClass. Invoking tearDownClass.
2025-02-12 01:18:08.093 62782 INFO tempest.lib.common.rest_client [req-2b52c09a-6bbd-458d-9ed3-70fa54158f50 req-2b52c09a-6bbd-458d-9ed3-70fa54158f50 ] Request (ImagesOneServerNegativeTestJSON:setUpClass): 200 GET http://10.180.1.21/compute/v2.1/servers/c31b20a2-11aa-4d64-a8c6-2d8f889f1560 0.166s
2025-02-12 01:18:08.149 62752 INFO tempest.lib.common.rest_client [req-591b53ca-3746-4004-b955-6c2018c2e30e req-591b53ca-3746-4004-b955-6c2018c2e30e ] Request (TenantUsagesTestJSON:setUpClass): 200 GET http://10.180.1.21/compute/v2.1/servers/4a3639c7-8795-4702-a729-8239b0d55d51 0.083s
2025-02-12 01:18:08.282 62754 INFO tempest.lib.common.rest_client [req-19c81cd6-3df0-4359-ae32-85b4b860b368 req-19c81cd6-3df0-4359-ae32-85b4b860b368 ] Request (InstanceActionsNegativeTestJSON:setUpClass): 200 GET http://10.180.1.21/compute/v2.1/servers/1b19cecd-2a04-4077-9758-9947a3bcb4c2 0.207s
2025-02-12 01:18:08.333 62764 INFO tempest.lib.common.rest_client [req-0be6eae1-8b36-42ef-b1f2-bccf2aee6982 req-0be6eae1-8b36-42ef-b1f2-bccf2aee6982 ] Request (DeleteServersTestJSON:test_delete_active_server): 200 GET http://10.180.1.21/compute/v2.1/servers/9b0a9f16-c53e-41b8-a473-b1eff1ad41c7 0.201s
2025-02-12 01:18:08.341 62764 INFO tempest.common.waiters [-] State transition "BUILD/scheduling" ==> "BUILD/spawning" after 69 second wait
2025-02-12 01:18:08.381 62766 INFO tempest.lib.common.rest_client [req-dd83a912-158b-4e42-8ba4-3143251de1b4 req-dd83a912-158b-4e42-8ba4-3143251de1b4 ] Request (InstanceActionsV221TestJSON:test_get_list_deleted_instance_actions): 200 GET http://10.180.1.21/compute/v2.1/servers/6d751e02-64bb-41bb-9ded-30db9b885c2e 0.236s
2025-02-12 01:18:08.432 62748 INFO tempest.lib.common.rest_client [req-d038af63-b326-4875-8624-72391173e849 req-d038af63-b326-4875-8624-72391173e849 ] Request (ServerExternalEventsTest:test_create_server_external_events): 200 GET http://10.180.1.21/compute/v2.1/servers/dc241495-c9b7-4f2f-895d-e25008cc738a 0.417s
2025-02-12 01:18:08.450 62784 INFO tempest.lib.common.rest_client [req-79c158f1-4346-4b17-aeaf-4d4701c10266 req-79c158f1-4346-4b17-aeaf-4d4701c10266 ] Request (ServerDiskConfigTestJSON:test_rebuild_server_with_auto_disk_config): 200 GET http://10.180.1.21/compute/v2.1/servers/6122b5aa-dde8-4999-b611-6695d01545c1 0.269s
2025-02-12 01:18:08.505 62792 INFO tempest.lib.common.rest_client [req-2d6d4084-7e19-472e-aeeb-adcfa66fd0b4 req-2d6d4084-7e19-472e-aeeb-adcfa66fd0b4 ] Request (ServersAdminTestJSON:setUpClass): 200 GET http://10.180.1.21/compute/v2.1/servers/498b6bd7-03d8-44e7-b007-27d86afcb028 0.305s
2025-02-12 01:18:08.506 62758 INFO tempest.lib.common.rest_client [req-97ed4ef2-d28c-4698-972c-0e57fe0cd643 req-97ed4ef2-d28c-4698-972c-0e57fe0cd643 ] Request (ServersTestManualDisk:setUpClass): 200 GET http://10.180.1.21/compute/v2.1/servers/a1380ba5-64df-4b21-a80b-96c6d9d80f73 0.271s
2025-02-12 01:18:08.565 62805 INFO tempest.lib.common.rest_client [req-ad496eaa-76fc-444a-93de-6bf25128f83a req-ad496eaa-76fc-444a-93de-6bf25128f83a ] Request (ServersAdminNegativeTestJSON:setUpClass): 200 GET http://10.180.1.21/compute/v2.1/servers/6316a65c-b75f-4432-9bd9-5e9833c18af3 0.319s
2025-02-12 01:18:08.571 62746 INFO tempest.lib.common.rest_client [req-d19b1fa6-f0e0-4574-9d35-bc47546ee46a req-d19b1fa6-f0e0-4574-9d35-bc47546ee46a ] Request (ServerShowV247Test:test_update_rebuild_list_server): 200 GET http://10.180.1.21/compute/v2.1/servers/01bfc053-50f3-4813-8e4b-aceba0d2440f 0.277s
2025-02-12 01:18:08.623 62788 INFO tempest.lib.common.rest_client [req-db2099d1-a1eb-4f92-aba2-c20c7ba4b87a req-db2099d1-a1eb-4f92-aba2-c20c7ba4b87a ] Request (VolumesAssistedSnapshotsTest:test_volume_assisted_snapshot_create_delete): 200 GET http://10.180.1.21/compute/v2.1/servers/cb9d87f8-b8c4-4dbf-93ed-dab6988fae48 0.290s
2025-02-12 01:18:08.625 62772 INFO tempest.lib.common.rest_client [req-ce855d88-132f-44a0-8395-af68ee97ae63 req-ce855d88-132f-44a0-8395-af68ee97ae63 ] Request (ServersAdmin275Test:test_rebuild_update_server_275): 200 GET http://10.180.1.21/compute/v2.1/servers/fbfd64cf-fa8e-48c0-9410-e3da6080f163 0.316s
2025-02-12 01:18:08.675 62770 INFO tempest.lib.common.rest_client [req-b0963777-984e-4600-93e6-fdab997a123a req-b0963777-984e-4600-93e6-fdab997a123a ] Request (ServersWithSpecificFlavorTestJSON:test_verify_created_server_ephemeral_disk): 200 GET http://10.180.1.21/compute/v2.1/servers/765af4c8-ddae-4d08-a49f-217e038e5555 0.299s
2025-02-12 01:18:08.687 62802 INFO tempest.lib.common.rest_client [req-37a6cb69-d612-41d6-9a27-73a39b39cd12 req-37a6cb69-d612-41d6-9a27-73a39b39cd12 ] Request (AttachInterfacesV270Test:test_create_get_list_interfaces): 200 GET http://10.180.1.21/compute/v2.1/servers/c5a731c8-f9a7-4a4f-a69a-a429d99b80fa 0.259s
2025-02-12 01:18:08.811 62786 INFO tempest.lib.common.rest_client [req-bc9cc83f-e405-44cb-af2e-7d8eca701a25 req-bc9cc83f-e405-44cb-af2e-7d8eca701a25 ] Request (MigrationsAdminTest:test_list_migrations_in_flavor_resize_situation): 200 GET http://10.180.1.21/compute/v2.1/servers/58d7e626-35a8-4c3d-bb34-11d1f6a0d2e3 0.284s
2025-02-12 01:18:08.889 62776 INFO tempest.lib.common.rest_client [req-e3370752-37b6-48e0-a369-0ddca170a5a0 req-e3370752-37b6-48e0-a369-0ddca170a5a0 ] Request (ServerRescueTestJSON:setUpClass): 200 GET http://10.180.1.21/compute/v2.1/servers/3d51c0e1-242e-4cdb-bf8c-4e7aa4d7656a 0.386s
2025-02-12 01:18:08.961 62781 INFO tempest.lib.common.rest_client [req-9b95c6f4-9fa9-4056-a95a-ba75548285a1 req-9b95c6f4-9fa9-4056-a95a-ba75548285a1 ] Request (SecurityGroupsTestJSON:test_list_security_groups_by_server): 200 GET http://10.180.1.21/compute/v2.1/servers/63f63029-d01a-4d55-9753-95b93b7155cf 0.365s
2025-02-12 01:18:09.007 62768 INFO tempest.lib.common.rest_client [req-0c4b79fc-af60-4b0d-94d0-32fa263ddbc5 req-0c4b79fc-af60-4b0d-94d0-32fa263ddbc5 ] Request (DeleteServersAdminTestJSON:test_admin_delete_servers_of_others): 200 GET http://10.180.1.21/compute/v2.1/servers/598b1fd3-d762-4625-9660-ccf76af2394c 0.386s
2025-02-12 01:18:09.014 62762 INFO tempest.lib.common.rest_client [req-b02d9ce5-17de-4ded-aee8-54173394052a req-b02d9ce5-17de-4ded-aee8-54173394052a ] Request (AttachInterfacesTestJSON:test_create_list_show_delete_interfaces_by_fixed_ip): 200 GET http://10.180.1.21/compute/v2.1/servers/1b8bc5c8-1f3a-409b-bdbc-bdad8e1966e2 0.376s
2025-02-12 01:18:09.079 62794 INFO tempest.lib.common.rest_client [req-9c0c5c97-0f86-4d24-b9df-9c33123c3298 req-9c0c5c97-0f86-4d24-b9df-9c33123c3298 ] Request (ServerMetadataTestJSON:setUpClass): 200 GET http://10.180.1.21/compute/v2.1/servers/0eaa55ee-0619-456f-b35b-469c1ed7897d 0.396s
2025-02-12 01:18:09.141 62750 INFO tempest.lib.common.rest_client [req-d5334a9f-2f49-43e2-ad7b-1caff70e6762 req-d5334a9f-2f49-43e2-ad7b-1caff70e6762 ] Request (ImagesOneServerTestJSON:setUpClass): 200 GET http://10.180.1.21/compute/v2.1/servers/d86cd3ea-23d1-488e-acc6-bb4b4b666247 0.412s
2025-02-12 01:18:09.156 62800 INFO tempest.lib.common.rest_client [req-8993dc8c-1b29-401d-8107-b70da15f2130 req-8993dc8c-1b29-401d-8107-b70da15f2130 ] Request (ServerDiagnosticsNegativeTest:test_get_server_diagnostics_by_non_admin): 200 GET http://10.180.1.21/compute/v2.1/servers/4144689d-05a1-4e7f-b159-75cbaef82333 0.444s
2025-02-12 01:18:09.206 62806 INFO tempest.lib.common.rest_client [req-c48c83b7-6764-4244-a62b-070005346898 req-c48c83b7-6764-4244-a62b-070005346898 ] Request (AttachInterfacesUnderV243Test:test_add_remove_fixed_ip): 200 GET http://10.180.1.21/compute/v2.1/servers/2827c296-0e66-4ad3-a1b6-0ce5dbc6ff29 0.400s
2025-02-12 01:18:09.211 62774 INFO tempest.lib.common.rest_client [req-809fdd25-f2fc-49ed-91a3-2a200faf9500 req-809fdd25-f2fc-49ed-91a3-2a200faf9500 ] Request (ServerActionsV293TestJSON:setUpClass): 200 GET http://10.180.1.21/compute/v2.1/servers/ba7b892b-a955-419f-b46e-e9631150a264 0.445s
2025-02-12 01:18:09.218 62796 INFO tempest.lib.common.rest_client [req-25363cf4-6aca-4d0d-a2e2-fdd3a208b7e8 req-25363cf4-6aca-4d0d-a2e2-fdd3a208b7e8 ] Request (FloatingIPsAssociationNegativeTestJSON:tearDownClass): 200 PUT http://10.180.1.21:9696/networking/v2.0/routers/ee0d15ae-1409-4a4f-bf55-2f8b8793dbf5/remove_router_interface 1.256s
2025-02-12 01:18:09.259 62760 INFO tempest.lib.common.rest_client [req-04a66c66-01ec-400c-9a82-ca59a64b671f req-04a66c66-01ec-400c-9a82-ca59a64b671f ] Request (FloatingIPsAssociationTestJSON:setUpClass): 200 GET http://10.180.1.21/compute/v2.1/servers/bcc0fbd8-e554-488a-8a12-732d7db1a4b0 0.409s
2025-02-12 01:18:09.262 62756 INFO tempest.lib.common.rest_client [req-de069273-dce2-4624-9bbf-e199be3ecf82 req-de069273-dce2-4624-9bbf-e199be3ecf82 ] Request (AttachVolumeTestJSON:test_attach_detach_volume): 200 GET http://10.180.1.21/compute/v2.1/servers/f8dcc4b2-c1f5-42e5-be12-77647f526cb1 0.364s
2025-02-12 01:18:09.325 62752 INFO tempest.lib.common.rest_client [req-faa945f4-e59e-494c-87f5-9e26c3d99601 req-faa945f4-e59e-494c-87f5-9e26c3d99601 ] Request (TenantUsagesTestJSON:setUpClass): 200 GET http://10.180.1.21/compute/v2.1/servers/4a3639c7-8795-4702-a729-8239b0d55d51 0.166s
2025-02-12 01:18:09.496 62782 INFO tempest.lib.common.rest_client [req-51a66f50-4850-4891-bcb3-afd21396c1f5 req-51a66f50-4850-4891-bcb3-afd21396c1f5 ] Request (ImagesOneServerNegativeTestJSON:setUpClass): 200 GET http://10.180.1.21/compute/v2.1/servers/c31b20a2-11aa-4d64-a8c6-2d8f889f1560 0.393s
2025-02-12 01:18:09.514 62754 INFO tempest.lib.common.rest_client [req-38673838-bacc-4403-8695-5b2916b64ada req-38673838-bacc-4403-8695-5b2916b64ada ] Request (InstanceActionsNegativeTestJSON:setUpClass): 200 GET http://10.180.1.21/compute/v2.1/servers/1b19cecd-2a04-4077-9758-9947a3bcb4c2 0.223s
2025-02-12 01:18:09.579 62766 INFO tempest.lib.common.rest_client [req-7bc7f954-bea7-44e3-aa09-0563ec76dae5 req-7bc7f954-bea7-44e3-aa09-0563ec76dae5 ] Request (InstanceActionsV221TestJSON:test_get_list_deleted_instance_actions): 200 GET http://10.180.1.21/compute/v2.1/servers/6d751e02-64bb-41bb-9ded-30db9b885c2e 0.181s
2025-02-12 01:18:09.700 62748 INFO tempest.lib.common.rest_client [req-686cd65c-92b5-4114-b2fb-4c1228ce440d req-686cd65c-92b5-4114-b2fb-4c1228ce440d ] Request (ServerExternalEventsTest:test_create_server_external_events): 200 GET http://10.180.1.21/compute/v2.1/servers/dc241495-c9b7-4f2f-895d-e25008cc738a 0.254s
2025-02-12 01:18:09.716 62764 INFO tempest.lib.common.rest_client [req-96504203-8a77-45f8-9acf-43abb810fc80 req-96504203-8a77-45f8-9acf-43abb810fc80 ] Request (DeleteServersTestJSON:test_delete_active_server): 200 GET http://10.180.1.21/compute/v2.1/servers/9b0a9f16-c53e-41b8-a473-b1eff1ad41c7 0.374s
2025-02-12 01:18:09.760 62784 INFO tempest.lib.common.rest_client [req-0d55289a-0444-4931-8971-9531cc072381 req-0d55289a-0444-4931-8971-9531cc072381 ] Request (ServerDiskConfigTestJSON:test_rebuild_server_with_auto_disk_config): 200 GET http://10.180.1.21/compute/v2.1/servers/6122b5aa-dde8-4999-b611-6695d01545c1 0.302s
2025-02-12 01:18:09.788 62758 INFO tempest.lib.common.rest_client [req-5b4761fa-8b33-4b8d-9ab5-59d153b6537a req-5b4761fa-8b33-4b8d-9ab5-59d153b6537a ] Request (ServersTestManualDisk:setUpClass): 200 GET http://10.180.1.21/compute/v2.1/servers/a1380ba5-64df-4b21-a80b-96c6d9d80f73 0.272s
2025-02-12 01:18:09.817 62792 INFO tempest.lib.common.rest_client [req-8f844e16-42ff-4207-882c-2d96ba74c680 req-8f844e16-42ff-4207-882c-2d96ba74c680 ] Request (ServersAdminTestJSON:setUpClass): 200 GET http://10.180.1.21/compute/v2.1/servers/498b6bd7-03d8-44e7-b007-27d86afcb028 0.296s
2025-02-12 01:18:09.837 62796 INFO tempest.lib.common.rest_client [req-eb635ce0-3d91-4525-8405-ce7e4147d01e req-eb635ce0-3d91-4525-8405-ce7e4147d01e ] Request (FloatingIPsAssociationNegativeTestJSON:tearDownClass): 204 DELETE http://10.180.1.21:9696/networking/v2.0/routers/ee0d15ae-1409-4a4f-bf55-2f8b8793dbf5 0.618s
2025-02-12 01:18:09.840 62805 INFO tempest.lib.common.rest_client [req-cd4a760d-d881-46e2-be97-4d4c1554cb96 req-cd4a760d-d881-46e2-be97-4d4c1554cb96 ] Request (ServersAdminNegativeTestJSON:setUpClass): 200 GET http://10.180.1.21/compute/v2.1/servers/6316a65c-b75f-4432-9bd9-5e9833c18af3 0.266s
2025-02-12 01:18:09.885 62788 INFO tempest.lib.common.rest_client [req-54caf15d-dafd-4a3b-ae1b-12216331c60e req-54caf15d-dafd-4a3b-ae1b-12216331c60e ] Request (VolumesAssistedSnapshotsTest:test_volume_assisted_snapshot_create_delete): 200 GET http://10.180.1.21/compute/v2.1/servers/cb9d87f8-b8c4-4dbf-93ed-dab6988fae48 0.254s
2025-02-12 01:18:09.888 62746 INFO tempest.lib.common.rest_client [req-9450391a-f675-4115-a641-7403b8fd76a5 req-9450391a-f675-4115-a641-7403b8fd76a5 ] Request (ServerShowV247Test:test_update_rebuild_list_server): 200 GET http://10.180.1.21/compute/v2.1/servers/01bfc053-50f3-4813-8e4b-aceba0d2440f 0.304s
2025-02-12 01:18:09.936 62772 INFO tempest.lib.common.rest_client [req-05534532-5dfa-48ac-a5c7-6b65ed9ce7f8 req-05534532-5dfa-48ac-a5c7-6b65ed9ce7f8 ] Request (ServersAdmin275Test:test_rebuild_update_server_275): 200 GET http://10.180.1.21/compute/v2.1/servers/fbfd64cf-fa8e-48c0-9410-e3da6080f163 0.300s
2025-02-12 01:18:09.951 62770 INFO tempest.lib.common.rest_client [req-e4eb94b6-0688-4ac8-9223-8be5875cba14 req-e4eb94b6-0688-4ac8-9223-8be5875cba14 ] Request (ServersWithSpecificFlavorTestJSON:test_verify_created_server_ephemeral_disk): 200 GET http://10.180.1.21/compute/v2.1/servers/765af4c8-ddae-4d08-a49f-217e038e5555 0.263s
2025-02-12 01:18:09.998 62802 INFO tempest.lib.common.rest_client [req-ea8bf272-5e4e-415c-a5cb-aa8348f9c8f5 req-ea8bf272-5e4e-415c-a5cb-aa8348f9c8f5 ] Request (AttachInterfacesV270Test:test_create_get_list_interfaces): 200 GET http://10.180.1.21/compute/v2.1/servers/c5a731c8-f9a7-4a4f-a69a-a429d99b80fa 0.295s
2025-02-12 01:18:10.102 62776 INFO tempest.lib.common.rest_client [req-0a9be4fe-047d-4437-8332-d169f1bf04dd req-0a9be4fe-047d-4437-8332-d169f1bf04dd ] Request (ServerRescueTestJSON:setUpClass): 200 GET http://10.180.1.21/compute/v2.1/servers/3d51c0e1-242e-4cdb-bf8c-4e7aa4d7656a 0.202s
2025-02-12 01:18:10.138 62786 INFO tempest.lib.common.rest_client [req-1ab6228e-e4ae-4474-bdd5-1b937d21f41e req-1ab6228e-e4ae-4474-bdd5-1b937d21f41e ] Request (MigrationsAdminTest:test_list_migrations_in_flavor_resize_situation): 200 GET http://10.180.1.21/compute/v2.1/servers/58d7e626-35a8-4c3d-bb34-11d1f6a0d2e3 0.317s
