2025-02-12 01:17:33.520 62799 INFO tempest.lib.common.rest_client [req-262a44cd-5ec8-41aa-ab5e-6c1b3ff000a5 req-262a44cd-5ec8-41aa-ab5e-6c1b3ff000a5 ] Request (AggregatesAdminNegativeTestJSON:tearDownClass): 200 GET http://10.180.1.21:9696/networking/v2.0/security-groups?tenant_id=29c3cd9643b4419ea03a98e2e3405f79&name=default 0.090s
2025-02-12 01:17:33.541 62758 INFO tempest.lib.common.rest_client [req-ae7325aa-1505-4df2-b8f3-f130fdb586e0 req-ae7325aa-1505-4df2-b8f3-f130fdb586e0 ] Request (ServersTestManualDisk:setUpClass): 201 POST http://10.180.1.21:9696/networking/v2.0/security-groups 0.178s
2025-02-12 01:17:33.574 62788 INFO tempest.lib.common.rest_client [req-7eef2db4-1797-48ac-b7bb-179a8647a217 req-7eef2db4-1797-48ac-b7bb-179a8647a217 ] Request (VolumesAssistedSnapshotsTest:test_volume_assisted_snapshot_create_delete): 200 GET http://10.180.1.21/compute/v2.1/servers/cb9d87f8-b8c4-4dbf-93ed-dab6988fae48 0.624s
2025-02-12 01:17:33.597 62786 INFO tempest.lib.common.rest_client [req-61f70934-c826-4d7f-a0e5-c8a8ac500448 req-61f70934-c826-4d7f-a0e5-c8a8ac500448 ] Request (MigrationsAdminTest:test_list_migrations_in_flavor_resize_situation): 200 GET http://10.180.1.21/compute/v2.1/servers/58d7e626-35a8-4c3d-bb34-11d1f6a0d2e3 0.710s
2025-02-12 01:17:33.624 62774 INFO tempest.lib.common.rest_client [req-e34fa6fd-df2f-47cc-9fa9-0ea967234569 req-e34fa6fd-df2f-47cc-9fa9-0ea967234569 ] Request (ServerActionsV293TestJSON:setUpClass): 200 GET http://10.180.1.21/volume/v3/9335e7fc47a74ae5b552e2247de5026e/volumes/4ff87c37-ee12-4b61-b998-adf79cd64f50 0.032s
2025-02-12 01:17:33.633 62774 INFO tempest.common.waiters [-] volume 4ff87c37-ee12-4b61-b998-adf79cd64f50 reached available after waiting for 19.633926 seconds
2025-02-12 01:17:33.644 62762 INFO tempest.lib.common.rest_client [req-1cbe03a7-8fc9-47a5-8056-ff4775a45e1b req-1cbe03a7-8fc9-47a5-8056-ff4775a45e1b ] Request (AttachInterfacesTestJSON:test_create_list_show_delete_interfaces_by_fixed_ip): 200 GET http://10.180.1.21/compute/v2.1/servers/1b8bc5c8-1f3a-409b-bdbc-bdad8e1966e2 0.689s
2025-02-12 01:17:33.666 62802 INFO tempest.lib.common.rest_client [req-a2508ba2-24b0-448d-8b9f-1efa75f1ce2d req-a2508ba2-24b0-448d-8b9f-1efa75f1ce2d ] Request (AttachInterfacesV270Test:test_create_get_list_interfaces): 200 GET http://10.180.1.21/compute/v2.1/servers/c5a731c8-f9a7-4a4f-a69a-a429d99b80fa 0.656s
2025-02-12 01:17:33.711 62770 INFO tempest.lib.common.rest_client [req-94f55eb7-a691-4c53-9a2b-8c3b84414818 req-94f55eb7-a691-4c53-9a2b-8c3b84414818 ] Request (ServersWithSpecificFlavorTestJSON:test_verify_created_server_ephemeral_disk): 200 GET http://10.180.1.21/compute/v2.1/servers/765af4c8-ddae-4d08-a49f-217e038e5555 0.693s
2025-02-12 01:17:33.714 62799 INFO tempest.lib.common.rest_client [req-5f2e9e62-74b0-45d9-a58b-0b51a70a3c6c req-5f2e9e62-74b0-45d9-a58b-0b51a70a3c6c ] Request (AggregatesAdminNegativeTestJSON:tearDownClass): 204 DELETE http://10.180.1.21:9696/networking/v2.0/security-groups/60f816db-e6f9-423a-b2e0-f5685d78f24a 0.193s
2025-02-12 01:17:33.730 62794 INFO tempest.lib.common.rest_client [req-5edc2f15-f4f6-4bba-a416-eb31ab185964 req-5edc2f15-f4f6-4bba-a416-eb31ab185964 ] Request (ServerMetadataTestJSON:setUpClass): 200 GET http://10.180.1.21/compute/v2.1/servers/0eaa55ee-0619-456f-b35b-469c1ed7897d 0.645s
2025-02-12 01:17:33.742 62758 INFO tempest.lib.common.rest_client [req-7d6c440b-9e68-452b-bc0f-bdadda16c89c req-7d6c440b-9e68-452b-bc0f-bdadda16c89c ] Request (ServersTestManualDisk:setUpClass): 201 POST http://10.180.1.21:9696/networking/v2.0/security-group-rules 0.200s
2025-02-12 01:17:33.774 62750 INFO tempest.lib.common.rest_client [req-4d685804-dc3b-4738-9cc9-93645be2f06a req-4d685804-dc3b-4738-9cc9-93645be2f06a ] Request (ImagesOneServerTestJSON:setUpClass): 200 GET http://10.180.1.21/compute/v2.1/servers/d86cd3ea-23d1-488e-acc6-bb4b4b666247 0.627s
2025-02-12 01:17:33.822 62760 INFO tempest.lib.common.rest_client [req-03457f7e-0340-49be-b07a-0aed9e152a1a req-03457f7e-0340-49be-b07a-0aed9e152a1a ] Request (FloatingIPsAssociationTestJSON:setUpClass): 200 GET http://10.180.1.21/compute/v2.1/servers/bcc0fbd8-e554-488a-8a12-732d7db1a4b0 0.608s
2025-02-12 01:17:33.843 62799 INFO tempest.lib.common.rest_client [req-e8b4d8b1-3c80-44ab-b052-b0563ad3b7f5 req-e8b4d8b1-3c80-44ab-b052-b0563ad3b7f5 ] Request (AggregatesAdminNegativeTestJSON:tearDownClass): 204 DELETE http://10.180.1.21/identity/v3/projects/29c3cd9643b4419ea03a98e2e3405f79 0.128s
2025-02-12 01:17:33.894 62768 INFO tempest.lib.common.rest_client [req-65ad2251-c614-4c55-804b-7434588f7fbb req-65ad2251-c614-4c55-804b-7434588f7fbb ] Request (DeleteServersAdminTestJSON:test_admin_delete_servers_of_others): 200 GET http://10.180.1.21/compute/v2.1/servers/598b1fd3-d762-4625-9660-ccf76af2394c 0.703s
2025-02-12 01:17:33.906 62758 INFO tempest.lib.common.rest_client [req-44125ed0-80d8-46ef-9cb0-cc2d58b2d172 req-44125ed0-80d8-46ef-9cb0-cc2d58b2d172 ] Request (ServersTestManualDisk:setUpClass): 201 POST http://10.180.1.21:9696/networking/v2.0/security-group-rules 0.164s
2025-02-12 01:17:33.911 62799 INFO tempest.lib.common.rest_client [req-e63207a1-011b-4392-b14b-ade0a1438d57 req-e63207a1-011b-4392-b14b-ade0a1438d57 ] Request (HypervisorAdminV253TestBase:setUpClass): 201 POST http://10.180.1.21/identity/v3/auth/tokens 0.067s
2025-02-12 01:17:33.943 62799 INFO tempest.lib.common.rest_client [req-706f3bc2-0593-42d1-af68-6d54b43490b0 req-706f3bc2-0593-42d1-af68-6d54b43490b0 ] Request (HypervisorAdminV253TestBase:setUpClass): 201 POST http://10.180.1.21/identity/v3/auth/tokens 0.030s
2025-02-12 01:17:33.961 62805 INFO tempest.lib.common.rest_client [req-d01a33c5-b602-46bb-a4e1-3587e818d397 req-d01a33c5-b602-46bb-a4e1-3587e818d397 ] Request (ServersAdminNegativeTestJSON:setUpClass): 200 GET http://10.180.1.21/compute/v2.1/servers/6316a65c-b75f-4432-9bd9-5e9833c18af3 0.681s
2025-02-12 01:17:33.969 62799 INFO tempest.lib.common.rest_client [req-0f7ba8ae-5c06-4071-a42a-1750af05c0a7 req-0f7ba8ae-5c06-4071-a42a-1750af05c0a7 ] Request (HypervisorAdminV253TestBase:setUpClass): 200 GET http://10.180.1.21/identity/v3/domains?name=Default 0.025s
2025-02-12 01:17:33.998 62799 INFO tempest.lib.common.rest_client [req-9af3a107-a3da-40b2-aa9d-2d6fed0bbd60 req-9af3a107-a3da-40b2-aa9d-2d6fed0bbd60 ] Request (HypervisorAdminV253TestBase:setUpClass): 201 POST http://10.180.1.21/identity/v3/projects 0.028s
2025-02-12 01:17:34.015 62806 INFO tempest.lib.common.rest_client [req-7a92b9df-6b35-4557-85e5-a63de3306268 req-7a92b9df-6b35-4557-85e5-a63de3306268 ] Request (AttachInterfacesUnderV243Test:test_add_remove_fixed_ip): 200 GET http://10.180.1.21/compute/v2.1/servers/2827c296-0e66-4ad3-a1b6-0ce5dbc6ff29 0.658s
2025-02-12 01:17:34.054 62744 INFO tempest.lib.common.rest_client [req-67923313-7736-4386-b403-47d5f132e6d9 req-67923313-7736-4386-b403-47d5f132e6d9 ] Request (ImagesMetadataTestJSON:setUp): 200 PUT http://10.180.1.21/compute/v2.1/images/7a7acd9b-618c-4e3e-b8ba-80135607c5ea/metadata 0.806s
2025-02-12 01:17:34.066 62778 INFO tempest.lib.common.rest_client [req-5d1d198b-2798-44a6-9639-c8d5c83b2a78 req-5d1d198b-2798-44a6-9639-c8d5c83b2a78 ] Request (VolumesTestJSON:setUpClass): 200 GET http://10.180.1.21/volume/v3/ab3e6fdf20f04b98bb45463d5de1f7be/volumes/0ca1ca10-b48f-4048-adaf-50999f9667d6 0.040s
2025-02-12 01:17:34.076 62778 INFO tempest.common.waiters [-] volume 0ca1ca10-b48f-4048-adaf-50999f9667d6 reached available after waiting for 1.076089 seconds
2025-02-12 01:17:34.092 62799 INFO tempest.lib.common.rest_client [req-719523e5-bfd0-4c6a-a345-8c7dafa1d015 req-719523e5-bfd0-4c6a-a345-8c7dafa1d015 ] Request (HypervisorAdminV253TestBase:setUpClass): 201 POST http://10.180.1.21/identity/v3/users 0.093s
2025-02-12 01:17:34.117 62799 INFO tempest.lib.common.rest_client [req-440a77a6-88df-4772-8215-dfe2b3f1913e req-440a77a6-88df-4772-8215-dfe2b3f1913e ] Request (HypervisorAdminV253TestBase:setUpClass): 200 GET http://10.180.1.21/identity/v3/roles 0.025s
2025-02-12 01:17:34.130 62752 INFO tempest.lib.common.rest_client [req-94ecdd6f-6fa8-475c-8d2e-1f2fc295fd5c req-94ecdd6f-6fa8-475c-8d2e-1f2fc295fd5c ] Request (TenantUsagesTestJSON:setUpClass): 200 GET http://10.180.1.21/compute/v2.1/servers/4a3639c7-8795-4702-a729-8239b0d55d51 0.704s
2025-02-12 01:17:34.161 62799 INFO tempest.lib.common.rest_client [req-66ec3353-200a-423f-91d4-3ec8de3ff526 req-66ec3353-200a-423f-91d4-3ec8de3ff526 ] Request (HypervisorAdminV253TestBase:setUpClass): 204 PUT http://10.180.1.21/identity/v3/projects/881e0abd94ce4c499f8f506e3e33441e/users/390c0e86eca84d22b155e449936ed53c/roles/86924a3a985d48c8885c32a77068e8f2 0.043s
2025-02-12 01:17:34.161 62799 INFO tempest.lib.common.dynamic_creds [-] Dynamic test user 390c0e86eca84d22b155e449936ed53c is created with scope project and roles: ['member']
2025-02-12 01:17:34.162 62799 INFO tempest.lib.common.dynamic_creds [-] Acquired dynamic creds: credentials: Credentials: {'domain_id': 'default', 'domain_name': 'Default', 'username': 'tempest-HypervisorAdminV253TestBase-8655101-project-member', 'project_domain_id': 'default', 'project_domain_name': 'Default', 'project_id': '881e0abd94ce4c499f8f506e3e33441e', 'project_name': 'tempest-HypervisorAdminV253TestBase-8655101', 'tenant_id': '881e0abd94ce4c499f8f506e3e33441e', 'tenant_name': 'tempest-HypervisorAdminV253TestBase-8655101', 'user_domain_id': 'default', 'user_domain_name': 'Default', 'user_id': '390c0e86eca84d22b155e449936ed53c', 'system': None}, Network: None, Subnet: None, Router: None
2025-02-12 01:17:34.162 62799 INFO tempest.lib.common.dynamic_creds [-] Created isolated network resources for: credentials: Credentials: {'domain_id': 'default', 'domain_name': 'Default', 'username': 'tempest-HypervisorAdminV253TestBase-8655101-project-member', 'project_domain_id': 'default', 'project_domain_name': 'Default', 'project_id': '881e0abd94ce4c499f8f506e3e33441e', 'project_name': 'tempest-HypervisorAdminV253TestBase-8655101', 'tenant_id': '881e0abd94ce4c499f8f506e3e33441e', 'tenant_name': 'tempest-HypervisorAdminV253TestBase-8655101', 'user_domain_id': 'default', 'user_domain_name': 'Default', 'user_id': '390c0e86eca84d22b155e449936ed53c', 'system': None}, Network: None, Subnet: None, Router: None
2025-02-12 01:17:34.198 62766 INFO tempest.lib.common.rest_client [req-6510d482-2a29-485d-9436-539b3684869e req-6510d482-2a29-485d-9436-539b3684869e ] Request (InstanceActionsV221TestJSON:test_get_list_deleted_instance_actions): 200 GET http://10.180.1.21/compute/v2.1/servers/6d751e02-64bb-41bb-9ded-30db9b885c2e 0.706s
2025-02-12 01:17:34.215 62756 INFO tempest.lib.common.rest_client [req-81a20fdd-b260-4d90-acfb-8e17ac007d9a req-81a20fdd-b260-4d90-acfb-8e17ac007d9a ] Request (FlavorsAdminTestJSON:_run_cleanups): 200 GET http://10.180.1.21/compute/v2.1/flavors/detail 0.705s
2025-02-12 01:17:34.246 62799 INFO tempest.lib.common.rest_client [req-19325886-43d8-4bff-8413-352c8d252fc2 req-19325886-43d8-4bff-8413-352c8d252fc2 ] Request (HypervisorAdminV253TestBase:setUpClass): 201 POST http://10.180.1.21/identity/v3/auth/tokens 0.081s
2025-02-12 01:17:34.253 62796 INFO tempest.lib.common.rest_client [req-3134d0a2-715a-4325-bbee-af6fea905aa6 req-3134d0a2-715a-4325-bbee-af6fea905aa6 ] Request (FloatingIPsAssociationNegativeTestJSON:setUpClass): 200 GET http://10.180.1.21/compute/v2.1/servers/fa608f4a-47e6-4904-af65-a82c107af979 0.896s
2025-02-12 01:17:34.275 62764 INFO tempest.lib.common.rest_client [req-8cfc8157-dea1-4ae9-9855-913a7459e81d req-8cfc8157-dea1-4ae9-9855-913a7459e81d ] Request (DeleteServersTestJSON:test_delete_active_server): 200 GET http://10.180.1.21/compute/v2.1/servers/9b0a9f16-c53e-41b8-a473-b1eff1ad41c7 0.653s
2025-02-12 01:17:34.327 62799 INFO tempest.lib.common.rest_client [req-8135d3e7-ec44-4bc4-9baa-f24fee2171f8 req-8135d3e7-ec44-4bc4-9baa-f24fee2171f8 ] Request (HypervisorAdminV253TestBase:setUpClass): 201 POST http://10.180.1.21/identity/v3/projects 0.081s
2025-02-12 01:17:34.387 62799 INFO tempest.lib.common.rest_client [req-f71e181d-00d0-4591-9cfa-d8d50e5f44f8 req-f71e181d-00d0-4591-9cfa-d8d50e5f44f8 ] Request (HypervisorAdminV253TestBase:setUpClass): 201 POST http://10.180.1.21/identity/v3/users 0.059s
2025-02-12 01:17:34.406 62799 INFO tempest.lib.common.rest_client [req-3cc421ff-9eb2-4992-8371-5e99bc8ccee4 req-3cc421ff-9eb2-4992-8371-5e99bc8ccee4 ] Request (HypervisorAdminV253TestBase:setUpClass): 200 GET http://10.180.1.21/identity/v3/roles 0.018s
2025-02-12 01:17:34.433 62782 INFO tempest.lib.common.rest_client [req-d1b67663-95ef-4bd8-8a54-f980bef765cb req-d1b67663-95ef-4bd8-8a54-f980bef765cb ] Request (ImagesOneServerNegativeTestJSON:setUpClass): 200 GET http://10.180.1.21/compute/v2.1/servers/c31b20a2-11aa-4d64-a8c6-2d8f889f1560 0.702s
2025-02-12 01:17:34.437 62799 INFO tempest.lib.common.rest_client [req-c90db0de-5993-4ab0-a4f7-97f892aa367d req-c90db0de-5993-4ab0-a4f7-97f892aa367d ] Request (HypervisorAdminV253TestBase:setUpClass): 204 PUT http://10.180.1.21/identity/v3/projects/bb063a5a3e36474d8ecd8eb788a468fd/users/554a949547034ce4b863857d18da0929/roles/37b60cf2fed24701983c6356bcf01a57 0.030s
2025-02-12 01:17:34.492 62799 INFO tempest.lib.common.rest_client [req-9d04bc1f-8ccc-45f1-844a-2cb10dadd68d req-9d04bc1f-8ccc-45f1-844a-2cb10dadd68d ] Request (HypervisorAdminV253TestBase:setUpClass): 200 GET http://10.180.1.21/identity/v3/roles 0.055s
2025-02-12 01:17:34.502 62784 INFO tempest.lib.common.rest_client [req-dc0cc8b0-e253-4a3e-a55c-00b925989464 req-dc0cc8b0-e253-4a3e-a55c-00b925989464 ] Request (ServerDiskConfigTestJSON:test_rebuild_server_with_auto_disk_config): 200 GET http://10.180.1.21/compute/v2.1/servers/6122b5aa-dde8-4999-b611-6695d01545c1 0.765s
2025-02-12 01:17:34.520 62799 INFO tempest.lib.common.rest_client [req-9afd3307-ad9b-4118-8ae9-8fdf0f218708 req-9afd3307-ad9b-4118-8ae9-8fdf0f218708 ] Request (HypervisorAdminV253TestBase:setUpClass): 204 PUT http://10.180.1.21/identity/v3/projects/bb063a5a3e36474d8ecd8eb788a468fd/users/554a949547034ce4b863857d18da0929/roles/37b60cf2fed24701983c6356bcf01a57 0.027s
2025-02-12 01:17:34.520 62799 INFO tempest.lib.common.dynamic_creds [-] Dynamic test user 554a949547034ce4b863857d18da0929 is created with scope project and roles: ['admin']
2025-02-12 01:17:34.520 62799 INFO tempest.lib.common.dynamic_creds [-] Acquired dynamic creds: credentials: Credentials: {'domain_id': 'default', 'domain_name': 'Default', 'username': 'tempest-HypervisorAdminV253TestBase-866400535-project-admin', 'project_domain_id': 'default', 'project_domain_name': 'Default', 'project_id': 'bb063a5a3e36474d8ecd8eb788a468fd', 'project_name': 'tempest-HypervisorAdminV253TestBase-866400535', 'tenant_id': 'bb063a5a3e36474d8ecd8eb788a468fd', 'tenant_name': 'tempest-HypervisorAdminV253TestBase-866400535', 'user_domain_id': 'default', 'user_domain_name': 'Default', 'user_id': '554a949547034ce4b863857d18da0929', 'system': None}, Network: None, Subnet: None, Router: None
2025-02-12 01:17:34.520 62799 INFO tempest.lib.common.dynamic_creds [-] Created isolated network resources for: credentials: Credentials: {'domain_id': 'default', 'domain_name': 'Default', 'username': 'tempest-HypervisorAdminV253TestBase-866400535-project-admin', 'project_domain_id': 'default', 'project_domain_name': 'Default', 'project_id': 'bb063a5a3e36474d8ecd8eb788a468fd', 'project_name': 'tempest-HypervisorAdminV253TestBase-866400535', 'tenant_id': 'bb063a5a3e36474d8ecd8eb788a468fd', 'tenant_name': 'tempest-HypervisorAdminV253TestBase-866400535', 'user_domain_id': 'default', 'user_domain_name': 'Default', 'user_id': '554a949547034ce4b863857d18da0929', 'system': None}, Network: None, Subnet: None, Router: None
2025-02-12 01:17:34.567 62772 INFO tempest.lib.common.rest_client [req-ec86d6d9-41b3-41d5-92fb-c8cd84d4f2df req-ec86d6d9-41b3-41d5-92fb-c8cd84d4f2df ] Request (ServersAdmin275Test:test_rebuild_update_server_275): 200 GET http://10.180.1.21/compute/v2.1/servers/fbfd64cf-fa8e-48c0-9410-e3da6080f163 0.772s
2025-02-12 01:17:34.592 62799 INFO tempest.lib.common.rest_client [req-1292cf57-94ea-4846-9d6f-21415fef288a req-1292cf57-94ea-4846-9d6f-21415fef288a ] Request (HypervisorAdminV253TestBase:setUpClass): 201 POST http://10.180.1.21/identity/v3/auth/tokens 0.067s
2025-02-12 01:17:34.620 62758 INFO tempest.lib.common.rest_client [req-ab96cc05-07e2-4b9d-8108-1de23089915a req-ab96cc05-07e2-4b9d-8108-1de23089915a ] Request (ServersTestManualDisk:setUpClass): 201 POST http://10.180.1.21:9696/networking/v2.0/floatingips 0.713s
2025-02-12 01:17:34.629 62792 INFO tempest.lib.common.rest_client [req-75d1f56e-89f0-4ae6-b14d-aa37a968f99f req-75d1f56e-89f0-4ae6-b14d-aa37a968f99f ] Request (ServersAdminTestJSON:setUpClass): 200 GET http://10.180.1.21/compute/v2.1/servers/498b6bd7-03d8-44e7-b007-27d86afcb028 0.832s
2025-02-12 01:17:34.683 62758 INFO tempest.lib.common.rest_client [req-da1ebd85-69ea-4366-8b79-1f7b6ba872b1 req-da1ebd85-69ea-4366-8b79-1f7b6ba872b1 ] Request (ServersTestManualDisk:setUpClass): 201 POST http://10.180.1.21/identity/v3/auth/tokens 0.061s
2025-02-12 01:17:34.684 62758 INFO tempest.lib.common.fixed_network [-] (ServersTestManualDisk:setUpClass) Found network {'id': '6a358f85-7a17-48a3-885e-1a55033a19c4', 'name': 'tempest-ServersTestManualDisk-1126063194-network', 'tenant_id': '680e4091b5624d1097088816702cb3c1', 'admin_state_up': True, 'mtu': 8950, 'status': 'ACTIVE', 'subnets': [], 'shared': False, 'project_id': '680e4091b5624d1097088816702cb3c1', 'port_security_enabled': True, 'router:external': False, 'provider:network_type': 'vlan', 'provider:physical_network': 'default', 'provider:segmentation_id': 804, 'is_default': False, 'availability_zone_hints': [], 'availability_zones': [], 'ipv4_address_scope': None, 'ipv6_address_scope': None, 'description': '', 'tags': [], 'created_at': '2025-02-12T01:17:28Z', 'updated_at': '2025-02-12T01:17:28Z', 'revision_number': 1} available for tenant
2025-02-12 01:17:34.725 62800 INFO tempest.lib.common.rest_client [req-1adf23bd-9732-4c40-b97f-435f26304570 req-1adf23bd-9732-4c40-b97f-435f26304570 ] Request (ServerDiagnosticsNegativeTest:test_get_server_diagnostics_by_non_admin): 200 GET http://10.180.1.21/compute/v2.1/servers/4144689d-05a1-4e7f-b159-75cbaef82333 0.825s
2025-02-12 01:17:34.859 62776 INFO tempest.lib.common.rest_client [req-e0d06b7a-73b6-45d2-87bf-2197764b5c91 req-e0d06b7a-73b6-45d2-87bf-2197764b5c91 ] Request (ServerRescueTestJSON:setUpClass): 200 GET http://10.180.1.21/compute/v2.1/servers/3d51c0e1-242e-4cdb-bf8c-4e7aa4d7656a 0.905s
2025-02-12 01:17:34.882 62774 INFO tempest.lib.common.rest_client [req-d8ba961c-4562-40e1-a234-9711d7dc8c66 req-d8ba961c-4562-40e1-a234-9711d7dc8c66 ] Request (ServerActionsV293TestJSON:setUpClass): 202 POST http://10.180.1.21/compute/v2.1/servers 1.247s
2025-02-12 01:17:34.954 62748 INFO tempest.lib.common.rest_client [req-433f8c42-3046-4830-8779-08563e5f0912 req-433f8c42-3046-4830-8779-08563e5f0912 ] Request (ServerExternalEventsTest:test_create_server_external_events): 200 GET http://10.180.1.21/compute/v2.1/servers/dc241495-c9b7-4f2f-895d-e25008cc738a 0.921s
2025-02-12 01:17:34.983 62778 INFO tempest.lib.common.rest_client [req-4aa7b53c-0bd0-4b0b-b012-972f73085b9b req-4aa7b53c-0bd0-4b0b-b012-972f73085b9b ] Request (VolumesTestJSON:setUpClass): 200 GET http://10.180.1.21/compute/v2.1/os-volumes/0ca1ca10-b48f-4048-adaf-50999f9667d6 0.907s
2025-02-12 01:17:35.077 62744 INFO tempest.lib.common.rest_client [req-1325f6b7-4177-4072-ab89-641846cd001c req-1325f6b7-4177-4072-ab89-641846cd001c ] Request (ImagesMetadataTestJSON:test_update_image_metadata): 200 POST http://10.180.1.21/compute/v2.1/images/7a7acd9b-618c-4e3e-b8ba-80135607c5ea/metadata 1.021s
2025-02-12 01:17:35.094 62756 INFO tempest.lib.common.rest_client [req-ec63f235-eab8-49f4-84d3-60185f1a595b req-ec63f235-eab8-49f4-84d3-60185f1a595b ] Request (FlavorsAdminTestJSON:test_list_non_public_flavor): 200 POST http://10.180.1.21/compute/v2.1/flavors 0.873s
2025-02-12 01:17:35.140 62754 INFO tempest.lib.common.rest_client [req-3eae2655-7818-4a8c-bed2-2c8435ae46be req-3eae2655-7818-4a8c-bed2-2c8435ae46be ] Request (InstanceActionsNegativeTestJSON:setUpClass): 200 GET http://10.180.1.21/compute/v2.1/servers/1b19cecd-2a04-4077-9758-9947a3bcb4c2 0.973s
2025-02-12 01:17:35.148 62746 INFO tempest.lib.common.rest_client [req-6d2a90f7-1fa5-44a9-9671-aabffd4615d1 req-6d2a90f7-1fa5-44a9-9671-aabffd4615d1 ] Request (ServerShowV247Test:test_update_rebuild_list_server): 200 GET http://10.180.1.21/compute/v2.1/servers/01bfc053-50f3-4813-8e4b-aceba0d2440f 0.919s
2025-02-12 01:17:35.191 62788 INFO tempest.lib.common.rest_client [req-6098a50a-3a78-4794-9bea-11a9f4b9b64e req-6098a50a-3a78-4794-9bea-11a9f4b9b64e ] Request (VolumesAssistedSnapshotsTest:test_volume_assisted_snapshot_create_delete): 200 GET http://10.180.1.21/compute/v2.1/servers/cb9d87f8-b8c4-4dbf-93ed-dab6988fae48 0.605s
2025-02-12 01:17:35.278 62781 INFO tempest.lib.common.rest_client [req-3c79ea9e-4626-4f8f-845f-9b715ae84634 req-3c79ea9e-4626-4f8f-845f-9b715ae84634 ] Request (SecurityGroupsTestJSON:test_list_security_groups_by_server): 200 GET http://10.180.1.21/compute/v2.1/servers/63f63029-d01a-4d55-9753-95b93b7155cf 0.790s
2025-02-12 01:17:35.298 62799 INFO tempest.lib.common.rest_client [req-22005e1f-499a-43ac-8c7b-6c3d92305681 req-22005e1f-499a-43ac-8c7b-6c3d92305681 ] Request (HypervisorAdminV253TestBase:test_list_show_detail_hypervisors): 200 GET http://10.180.1.21/compute/v2.1/os-hypervisors/detail?with_servers=True 0.703s
2025-02-12 01:17:35.341 62762 INFO tempest.lib.common.rest_client [req-d17905f3-2067-4585-9405-9b3acc0a2342 req-d17905f3-2067-4585-9405-9b3acc0a2342 ] Request (AttachInterfacesTestJSON:test_create_list_show_delete_interfaces_by_fixed_ip): 200 GET http://10.180.1.21/compute/v2.1/servers/1b8bc5c8-1f3a-409b-bdbc-bdad8e1966e2 0.687s
2025-02-12 01:17:35.370 62786 INFO tempest.lib.common.rest_client [req-ec83c9ac-a266-416a-b2c1-a2f0d3484a21 req-ec83c9ac-a266-416a-b2c1-a2f0d3484a21 ] Request (MigrationsAdminTest:test_list_migrations_in_flavor_resize_situation): 200 GET http://10.180.1.21/compute/v2.1/servers/58d7e626-35a8-4c3d-bb34-11d1f6a0d2e3 0.762s
2025-02-12 01:17:35.392 62802 INFO tempest.lib.common.rest_client [req-c85eb270-56a0-4f61-a8fc-b65af3a2afd6 req-c85eb270-56a0-4f61-a8fc-b65af3a2afd6 ] Request (AttachInterfacesV270Test:test_create_get_list_interfaces): 200 GET http://10.180.1.21/compute/v2.1/servers/c5a731c8-f9a7-4a4f-a69a-a429d99b80fa 0.714s
2025-02-12 01:17:35.435 62770 INFO tempest.lib.common.rest_client [req-ee04bb2d-df3c-41f4-b566-302ef63ee586 req-ee04bb2d-df3c-41f4-b566-302ef63ee586 ] Request (ServersWithSpecificFlavorTestJSON:test_verify_created_server_ephemeral_disk): 200 GET http://10.180.1.21/compute/v2.1/servers/765af4c8-ddae-4d08-a49f-217e038e5555 0.711s
2025-02-12 01:17:35.477 62794 INFO tempest.lib.common.rest_client [req-9a6eb58f-ccb8-4082-8aa4-5ad43f46e242 req-9a6eb58f-ccb8-4082-8aa4-5ad43f46e242 ] Request (ServerMetadataTestJSON:setUpClass): 200 GET http://10.180.1.21/compute/v2.1/servers/0eaa55ee-0619-456f-b35b-469c1ed7897d 0.735s
2025-02-12 01:17:35.521 62750 INFO tempest.lib.common.rest_client [req-2b1d05e0-72ce-430a-89e8-562f67d8038a req-2b1d05e0-72ce-430a-89e8-562f67d8038a ] Request (ImagesOneServerTestJSON:setUpClass): 200 GET http://10.180.1.21/compute/v2.1/servers/d86cd3ea-23d1-488e-acc6-bb4b4b666247 0.738s
2025-02-12 01:17:35.564 62760 INFO tempest.lib.common.rest_client [req-2d229691-9879-4f85-b7ba-329942d8fc20 req-2d229691-9879-4f85-b7ba-329942d8fc20 ] Request (FloatingIPsAssociationTestJSON:setUpClass): 200 GET http://10.180.1.21/compute/v2.1/servers/bcc0fbd8-e554-488a-8a12-732d7db1a4b0 0.733s
2025-02-12 01:17:35.615 62774 INFO tempest.lib.common.rest_client [req-c4384094-fed9-4401-bc44-760ff602f87b req-c4384094-fed9-4401-bc44-760ff602f87b ] Request (ServerActionsV293TestJSON:setUpClass): 200 GET http://10.180.1.21/compute/v2.1/servers/ba7b892b-a955-419f-b46e-e9631150a264 0.731s
2025-02-12 01:17:35.741 62758 INFO tempest.lib.common.rest_client [req-4174627b-465f-4638-9bb5-2df5203ae66d req-4174627b-465f-4638-9bb5-2df5203ae66d ] Request (ServersTestManualDisk:setUpClass): 202 POST http://10.180.1.21/compute/v2.1/servers 1.056s
2025-02-12 01:17:35.746 62768 INFO tempest.lib.common.rest_client [req-87159bae-d5bc-49ad-8955-42f9d1069e40 req-87159bae-d5bc-49ad-8955-42f9d1069e40 ] Request (DeleteServersAdminTestJSON:test_admin_delete_servers_of_others): 200 GET http://10.180.1.21/compute/v2.1/servers/598b1fd3-d762-4625-9660-ccf76af2394c 0.843s
2025-02-12 01:17:35.788 62805 INFO tempest.lib.common.rest_client [req-b49e6c40-7530-448f-8f4c-6061b5c13ab3 req-b49e6c40-7530-448f-8f4c-6061b5c13ab3 ] Request (ServersAdminNegativeTestJSON:setUpClass): 200 GET http://10.180.1.21/compute/v2.1/servers/6316a65c-b75f-4432-9bd9-5e9833c18af3 0.818s
2025-02-12 01:17:35.799 62778 INFO tempest.lib.common.rest_client [req-ad36d885-5022-4d93-8cfd-529ed7260541 req-ad36d885-5022-4d93-8cfd-529ed7260541 ] Request (VolumesTestJSON:test_volume_list): 200 GET http://10.180.1.21/compute/v2.1/os-volumes 0.812s
2025-02-12 01:17:35.825 62744 INFO tempest.lib.common.rest_client [req-9106dd46-6aff-4575-8c13-f9e509073c7c req-9106dd46-6aff-4575-8c13-f9e509073c7c ] Request (ImagesMetadataTestJSON:test_update_image_metadata): 200 GET http://10.180.1.21/compute/v2.1/images/7a7acd9b-618c-4e3e-b8ba-80135607c5ea/metadata 0.747s
2025-02-12 01:17:35.835 62806 INFO tempest.lib.common.rest_client [req-521dbdd7-5bd7-43f2-968b-5ae7fa1efaf4 req-521dbdd7-5bd7-43f2-968b-5ae7fa1efaf4 ] Request (AttachInterfacesUnderV243Test:test_add_remove_fixed_ip): 200 GET http://10.180.1.21/compute/v2.1/servers/2827c296-0e66-4ad3-a1b6-0ce5dbc6ff29 0.811s
2025-02-12 01:17:35.838 62756 INFO tempest.lib.common.rest_client [req-2d58661f-88e6-44a6-b81c-35032a2e17ca req-2d58661f-88e6-44a6-b81c-35032a2e17ca ] Request (FlavorsAdminTestJSON:test_list_non_public_flavor): 200 GET http://10.180.1.21/compute/v2.1/flavors/detail 0.741s
2025-02-12 01:17:35.877 62744 INFO tempest.lib.common.rest_client [req-88fde02d-ee46-42ff-a896-b4bcbb672def req-88fde02d-ee46-42ff-a896-b4bcbb672def ] Request (ImagesMetadataTestJSON:tearDownClass): 204 DELETE http://10.180.1.21/image/v2/images/7a7acd9b-618c-4e3e-b8ba-80135607c5ea 0.050s
2025-02-12 01:17:35.887 62766 INFO tempest.lib.common.rest_client [req-ebfc414a-2b7e-4634-b8d1-a0a70d6bec88 req-ebfc414a-2b7e-4634-b8d1-a0a70d6bec88 ] Request (InstanceActionsV221TestJSON:test_get_list_deleted_instance_actions): 200 GET http://10.180.1.21/compute/v2.1/servers/6d751e02-64bb-41bb-9ded-30db9b885c2e 0.676s
2025-02-12 01:17:35.892 62752 INFO tempest.lib.common.rest_client [req-90f740c6-cc93-47ad-acad-5615d0abd7bb req-90f740c6-cc93-47ad-acad-5615d0abd7bb ] Request (TenantUsagesTestJSON:setUpClass): 200 GET http://10.180.1.21/compute/v2.1/servers/4a3639c7-8795-4702-a729-8239b0d55d51 0.753s
2025-02-12 01:17:35.938 62764 INFO tempest.lib.common.rest_client [req-fbf2877c-e86d-4b70-8434-c9f782a1548c req-fbf2877c-e86d-4b70-8434-c9f782a1548c ] Request (DeleteServersTestJSON:test_delete_active_server): 200 GET http://10.180.1.21/compute/v2.1/servers/9b0a9f16-c53e-41b8-a473-b1eff1ad41c7 0.652s
2025-02-12 01:17:35.977 62799 INFO tempest.lib.common.rest_client [req-39c4264c-50bc-41c9-9950-143c5596b50e req-39c4264c-50bc-41c9-9950-143c5596b50e ] Request (HypervisorAdminV253TestBase:test_list_show_detail_hypervisors): 200 GET http://10.180.1.21/compute/v2.1/os-hypervisors?with_servers=True 0.673s
2025-02-12 01:17:35.978 62796 INFO tempest.lib.common.rest_client [req-7d787c46-e974-42cb-866b-98eceb349c0b req-7d787c46-e974-42cb-866b-98eceb349c0b ] Request (FloatingIPsAssociationNegativeTestJSON:setUpClass): 200 GET http://10.180.1.21/compute/v2.1/servers/fa608f4a-47e6-4904-af65-a82c107af979 0.712s
2025-02-12 01:17:35.999 62744 INFO tempest.lib.common.rest_client [req-a205cd60-4710-4b53-870e-a940c9a9aefb req-a205cd60-4710-4b53-870e-a940c9a9aefb ] Request (ImagesMetadataTestJSON:tearDownClass): 204 DELETE http://10.180.1.21/identity/v3/users/89c8fb861b5f4858bdc20f74505704a5 0.122s
2025-02-12 01:17:35.999 62744 INFO tempest.lib.common.dynamic_creds [-] Deleting project and security group for project: 6de0e9c536c4446096b03ec4a028347a
2025-02-12 01:17:36.031 62784 INFO tempest.lib.common.rest_client [req-71b656cc-9831-4191-991d-5e2a541c7174 req-71b656cc-9831-4191-991d-5e2a541c7174 ] Request (ServerDiskConfigTestJSON:test_rebuild_server_with_auto_disk_config): 200 GET http://10.180.1.21/compute/v2.1/servers/6122b5aa-dde8-4999-b611-6695d01545c1 0.515s
2025-02-12 01:17:36.067 62744 INFO tempest.lib.common.rest_client [req-dc09b688-a807-4fdb-8a82-f59b7fe90228 req-dc09b688-a807-4fdb-8a82-f59b7fe90228 ] Request (ImagesMetadataTestJSON:tearDownClass): 201 POST http://10.180.1.21/identity/v3/auth/tokens 0.068s
2025-02-12 01:17:36.090 62772 INFO tempest.lib.common.rest_client [req-c6251988-00fd-4191-ba3a-0a3772005b59 req-c6251988-00fd-4191-ba3a-0a3772005b59 ] Request (ServersAdmin275Test:test_rebuild_update_server_275): 200 GET http://10.180.1.21/compute/v2.1/servers/fbfd64cf-fa8e-48c0-9410-e3da6080f163 0.512s
2025-02-12 01:17:36.097 62782 INFO tempest.lib.common.rest_client [req-482cc729-d06e-459b-9420-cbfe6b95ad0a req-482cc729-d06e-459b-9420-cbfe6b95ad0a ] Request (ImagesOneServerNegativeTestJSON:setUpClass): 200 GET http://10.180.1.21/compute/v2.1/servers/c31b20a2-11aa-4d64-a8c6-2d8f889f1560 0.653s
2025-02-12 01:17:36.136 62792 INFO tempest.lib.common.rest_client [req-618e2248-5d7e-4e65-80a5-74e6bd8d84d6 req-618e2248-5d7e-4e65-80a5-74e6bd8d84d6 ] Request (ServersAdminTestJSON:setUpClass): 200 GET http://10.180.1.21/compute/v2.1/servers/498b6bd7-03d8-44e7-b007-27d86afcb028 0.499s
2025-02-12 01:17:36.182 62758 INFO tempest.lib.common.rest_client [req-3cb0a1de-552f-4732-805e-afbbf72c415f req-3cb0a1de-552f-4732-805e-afbbf72c415f ] Request (ServersTestManualDisk:setUpClass): 200 GET http://10.180.1.21/compute/v2.1/servers/a1380ba5-64df-4b21-a80b-96c6d9d80f73 0.440s
2025-02-12 01:17:36.221 62800 INFO tempest.lib.common.rest_client [req-180344f8-5797-403f-876e-3ec683b77af8 req-180344f8-5797-403f-876e-3ec683b77af8 ] Request (ServerDiagnosticsNegativeTest:test_get_server_diagnostics_by_non_admin): 200 GET http://10.180.1.21/compute/v2.1/servers/4144689d-05a1-4e7f-b159-75cbaef82333 0.489s
2025-02-12 01:17:36.235 62778 INFO tempest.lib.common.rest_client [req-83b32f4e-6f6e-4a61-b104-f9cb06b99a5f req-83b32f4e-6f6e-4a61-b104-f9cb06b99a5f ] Request (VolumesTestJSON:test_volume_list_param_limit): 200 GET http://10.180.1.21/compute/v2.1/os-volumes?limit=2 0.433s
2025-02-12 01:17:36.237 62756 INFO tempest.lib.common.rest_client [req-bd2dc53d-ae58-4125-8420-952708cb3dcb req-bd2dc53d-ae58-4125-8420-952708cb3dcb ] Request (FlavorsAdminTestJSON:test_list_non_public_flavor): 200 GET http://10.180.1.21/compute/v2.1/flavors/detail 0.394s
2025-02-12 01:17:36.253 62744 INFO tempest.lib.common.rest_client [req-d95e28f2-6c05-4fa5-a1e1-ac3c6ba10a3b req-d95e28f2-6c05-4fa5-a1e1-ac3c6ba10a3b ] Request (ImagesMetadataTestJSON:tearDownClass): 200 GET http://10.180.1.21:9696/networking/v2.0/security-groups?tenant_id=6de0e9c536c4446096b03ec4a028347a&name=default 0.185s
2025-02-12 01:17:36.327 62748 INFO tempest.lib.common.rest_client [req-70f98100-bfbe-4e94-9473-c200ee7d30c6 req-70f98100-bfbe-4e94-9473-c200ee7d30c6 ] Request (ServerExternalEventsTest:test_create_server_external_events): 200 GET http://10.180.1.21/compute/v2.1/servers/dc241495-c9b7-4f2f-895d-e25008cc738a 0.365s
2025-02-12 01:17:36.346 62799 INFO tempest.lib.common.rest_client [req-241f1fae-f7f1-43e6-b333-4c228c4f388c req-241f1fae-f7f1-43e6-b333-4c228c4f388c ] Request (HypervisorAdminV253TestBase:test_list_show_detail_hypervisors): 200 GET http://10.180.1.21/compute/v2.1/os-hypervisors/40e67440-0925-46e5-9b58-6e63187cdfab 0.367s
2025-02-12 01:17:36.393 62744 INFO tempest.lib.common.rest_client [req-2502418c-2746-435e-adf0-8a114d527287 req-2502418c-2746-435e-adf0-8a114d527287 ] Request (ImagesMetadataTestJSON:tearDownClass): 204 DELETE http://10.180.1.21:9696/networking/v2.0/security-groups/6722755b-c38e-4211-ac5f-1c5f7c1379a5 0.139s
2025-02-12 01:17:36.418 62776 INFO tempest.lib.common.rest_client [req-1b10a6b5-c52a-4139-8c66-1211ed07ff2e req-1b10a6b5-c52a-4139-8c66-1211ed07ff2e ] Request (ServerRescueTestJSON:setUpClass): 200 GET http://10.180.1.21/compute/v2.1/servers/3d51c0e1-242e-4cdb-bf8c-4e7aa4d7656a 0.552s
2025-02-12 01:17:36.423 62799 INFO tempest.lib.common.rest_client [req-5de4ba44-bf5e-4546-afbf-c1589c064378 req-5de4ba44-bf5e-4546-afbf-c1589c064378 ] Request (HypervisorAdminV253TestBase:tearDownClass): 204 DELETE http://10.180.1.21/identity/v3/users/390c0e86eca84d22b155e449936ed53c 0.070s
2025-02-12 01:17:36.439 62754 INFO tempest.lib.common.rest_client [req-7c1f0753-1a3f-4cb0-ad7a-6c6fcf8b4e08 req-7c1f0753-1a3f-4cb0-ad7a-6c6fcf8b4e08 ] Request (InstanceActionsNegativeTestJSON:setUpClass): 200 GET http://10.180.1.21/compute/v2.1/servers/1b19cecd-2a04-4077-9758-9947a3bcb4c2 0.291s
2025-02-12 01:17:36.467 62746 INFO tempest.lib.common.rest_client [req-ac3507f7-26c9-44ef-85dd-877234a3ea8e req-ac3507f7-26c9-44ef-85dd-877234a3ea8e ] Request (ServerShowV247Test:test_update_rebuild_list_server): 200 GET http://10.180.1.21/compute/v2.1/servers/01bfc053-50f3-4813-8e4b-aceba0d2440f 0.310s
2025-02-12 01:17:36.489 62788 INFO tempest.lib.common.rest_client [req-f62cd8ca-40a4-448e-901b-afb50be6e363 req-f62cd8ca-40a4-448e-901b-afb50be6e363 ] Request (VolumesAssistedSnapshotsTest:test_volume_assisted_snapshot_create_delete): 200 GET http://10.180.1.21/compute/v2.1/servers/cb9d87f8-b8c4-4dbf-93ed-dab6988fae48 0.287s
2025-02-12 01:17:36.491 62744 INFO tempest.lib.common.rest_client [req-c98c8cc3-8e87-4815-b136-c752951e8bd1 req-c98c8cc3-8e87-4815-b136-c752951e8bd1 ] Request (ImagesMetadataTestJSON:tearDownClass): 204 DELETE http://10.180.1.21/identity/v3/projects/6de0e9c536c4446096b03ec4a028347a 0.098s
2025-02-12 01:17:36.496 62778 INFO tempest.lib.common.rest_client [req-44490514-384f-4dd5-9db9-290b491ae3c7 req-44490514-384f-4dd5-9db9-290b491ae3c7 ] Request (VolumesTestJSON:test_volume_list_param_offset_and_limit): 200 GET http://10.180.1.21/compute/v2.1/os-volumes 0.257s
2025-02-12 01:17:36.507 62756 INFO tempest.lib.common.rest_client [req-9ade9728-8453-4a7b-a56b-c2ed873111c4 req-9ade9728-8453-4a7b-a56b-c2ed873111c4 ] Request (FlavorsAdminTestJSON:_run_cleanups): 202 DELETE http://10.180.1.21/compute/v2.1/flavors/1381997179 0.264s
2025-02-12 01:17:36.513 62799 INFO tempest.lib.common.rest_client [req-e1132c7e-54be-495f-b0e4-4ae8798cafb5 req-e1132c7e-54be-495f-b0e4-4ae8798cafb5 ] Request (HypervisorAdminV253TestBase:tearDownClass): 204 DELETE http://10.180.1.21/identity/v3/users/554a949547034ce4b863857d18da0929 0.090s
2025-02-12 01:17:36.514 62799 INFO tempest.lib.common.dynamic_creds [-] Deleting project and security group for project: 881e0abd94ce4c499f8f506e3e33441e
2025-02-12 01:17:36.552 62744 INFO tempest.lib.common.rest_client [req-1650c301-6476-437d-b449-1aec24c1412f req-1650c301-6476-437d-b449-1aec24c1412f ] Request (KeyPairsNegativeTestJSON:setUpClass): 201 POST http://10.180.1.21/identity/v3/auth/tokens 0.058s
2025-02-12 01:17:36.554 62762 INFO tempest.lib.common.rest_client [req-3285ea09-648f-42c0-aa85-8c9650302f7c req-3285ea09-648f-42c0-aa85-8c9650302f7c ] Request (AttachInterfacesTestJSON:test_create_list_show_delete_interfaces_by_fixed_ip): 200 GET http://10.180.1.21/compute/v2.1/servers/1b8bc5c8-1f3a-409b-bdbc-bdad8e1966e2 0.205s
2025-02-12 01:17:36.571 62799 INFO tempest.lib.common.rest_client [req-0065b81c-99b9-473d-b3ff-1b941232d36d req-0065b81c-99b9-473d-b3ff-1b941232d36d ] Request (HypervisorAdminV253TestBase:tearDownClass): 201 POST http://10.180.1.21/identity/v3/auth/tokens 0.057s
2025-02-12 01:17:36.580 62744 INFO tempest.lib.common.rest_client [req-eadfcacc-aa27-4a4f-8afd-81fea4dd7e8a req-eadfcacc-aa27-4a4f-8afd-81fea4dd7e8a ] Request (KeyPairsNegativeTestJSON:setUpClass): 201 POST http://10.180.1.21/identity/v3/auth/tokens 0.025s
2025-02-12 01:17:36.596 62781 INFO tempest.lib.common.rest_client [req-184bf0ca-0d83-48c2-a0ed-fcb95442ee3f req-184bf0ca-0d83-48c2-a0ed-fcb95442ee3f ] Request (SecurityGroupsTestJSON:test_list_security_groups_by_server): 200 GET http://10.180.1.21/compute/v2.1/servers/63f63029-d01a-4d55-9753-95b93b7155cf 0.310s
2025-02-12 01:17:36.598 62744 INFO tempest.lib.common.rest_client [req-879c9482-edaf-499f-aee1-02132fe2e7c5 req-879c9482-edaf-499f-aee1-02132fe2e7c5 ] Request (KeyPairsNegativeTestJSON:setUpClass): 200 GET http://10.180.1.21/identity/v3/domains?name=Default 0.017s
2025-02-12 01:17:36.621 62744 INFO tempest.lib.common.rest_client [req-df3f30b1-43f9-4cd3-aeb6-48b52f3af026 req-df3f30b1-43f9-4cd3-aeb6-48b52f3af026 ] Request (KeyPairsNegativeTestJSON:setUpClass): 201 POST http://10.180.1.21/identity/v3/projects 0.023s
2025-02-12 01:17:36.646 62802 INFO tempest.lib.common.rest_client [req-7ad96375-c4a7-47ff-b935-6ecdb55a25c3 req-7ad96375-c4a7-47ff-b935-6ecdb55a25c3 ] Request (AttachInterfacesV270Test:test_create_get_list_interfaces): 200 GET http://10.180.1.21/compute/v2.1/servers/c5a731c8-f9a7-4a4f-a69a-a429d99b80fa 0.245s
2025-02-12 01:17:36.671 62744 INFO tempest.lib.common.rest_client [req-301a9760-78b0-4e13-9876-e61c49c1d272 req-301a9760-78b0-4e13-9876-e61c49c1d272 ] Request (KeyPairsNegativeTestJSON:setUpClass): 201 POST http://10.180.1.21/identity/v3/users 0.049s
2025-02-12 01:17:36.687 62744 INFO tempest.lib.common.rest_client [req-6dfe8fa0-e5e5-4efe-9166-4c3d07ed601e req-6dfe8fa0-e5e5-4efe-9166-4c3d07ed601e ] Request (KeyPairsNegativeTestJSON:setUpClass): 200 GET http://10.180.1.21/identity/v3/roles 0.015s
2025-02-12 01:17:36.692 62770 INFO tempest.lib.common.rest_client [req-59474bda-7531-471a-ba0a-ab599075d3c3 req-59474bda-7531-471a-ba0a-ab599075d3c3 ] Request (ServersWithSpecificFlavorTestJSON:test_verify_created_server_ephemeral_disk): 200 GET http://10.180.1.21/compute/v2.1/servers/765af4c8-ddae-4d08-a49f-217e038e5555 0.249s
2025-02-12 01:17:36.714 62744 INFO tempest.lib.common.rest_client [req-44f801a1-dc7f-44f4-ab2d-25b48767164b req-44f801a1-dc7f-44f4-ab2d-25b48767164b ] Request (KeyPairsNegativeTestJSON:setUpClass): 204 PUT http://10.180.1.21/identity/v3/projects/2306d4b2a78342f99fd6871395dba3b7/users/7b9ca76d8da94f3e8ea37c2ba6859332/roles/86924a3a985d48c8885c32a77068e8f2 0.026s
2025-02-12 01:17:36.714 62744 INFO tempest.lib.common.dynamic_creds [-] Dynamic test user 7b9ca76d8da94f3e8ea37c2ba6859332 is created with scope project and roles: ['member']
2025-02-12 01:17:36.714 62744 INFO tempest.lib.common.dynamic_creds [-] Acquired dynamic creds: credentials: Credentials: {'domain_id': 'default', 'domain_name': 'Default', 'username': 'tempest-KeyPairsNegativeTestJSON-1303338193-project-member', 'project_domain_id': 'default', 'project_domain_name': 'Default', 'project_id': '2306d4b2a78342f99fd6871395dba3b7', 'project_name': 'tempest-KeyPairsNegativeTestJSON-1303338193', 'tenant_id': '2306d4b2a78342f99fd6871395dba3b7', 'tenant_name': 'tempest-KeyPairsNegativeTestJSON-1303338193', 'user_domain_id': 'default', 'user_domain_name': 'Default', 'user_id': '7b9ca76d8da94f3e8ea37c2ba6859332', 'system': None}, Network: None, Subnet: None, Router: None
2025-02-12 01:17:36.715 62744 INFO tempest.lib.common.dynamic_creds [-] Created isolated network resources for: credentials: Credentials: {'domain_id': 'default', 'domain_name': 'Default', 'username': 'tempest-KeyPairsNegativeTestJSON-1303338193-project-member', 'project_domain_id': 'default', 'project_domain_name': 'Default', 'project_id': '2306d4b2a78342f99fd6871395dba3b7', 'project_name': 'tempest-KeyPairsNegativeTestJSON-1303338193', 'tenant_id': '2306d4b2a78342f99fd6871395dba3b7', 'tenant_name': 'tempest-KeyPairsNegativeTestJSON-1303338193', 'user_domain_id': 'default', 'user_domain_name': 'Default', 'user_id': '7b9ca76d8da94f3e8ea37c2ba6859332', 'system': None}, Network: None, Subnet: None, Router: None
2025-02-12 01:17:36.740 62794 INFO tempest.lib.common.rest_client [req-a55a9d41-8b6d-40df-8e27-aefe80b61d1b req-a55a9d41-8b6d-40df-8e27-aefe80b61d1b ] Request (ServerMetadataTestJSON:setUpClass): 200 GET http://10.180.1.21/compute/v2.1/servers/0eaa55ee-0619-456f-b35b-469c1ed7897d 0.256s
2025-02-12 01:17:36.779 62778 INFO tempest.lib.common.rest_client [req-61976feb-9f2c-4259-b936-0b0f5d4e8ee1 req-61976feb-9f2c-4259-b936-0b0f5d4e8ee1 ] Request (VolumesTestJSON:test_volume_list_param_offset_and_limit): 200 GET http://10.180.1.21/compute/v2.1/os-volumes?offset=1&limit=1 0.280s
2025-02-12 01:17:36.793 62756 INFO tempest.lib.common.rest_client [req-cff2f7e6-9792-4ae0-859d-94dfd6cfadfd req-cff2f7e6-9792-4ae0-859d-94dfd6cfadfd ] Request (FlavorsAdminTestJSON:_run_cleanups): 200 GET http://10.180.1.21/compute/v2.1/flavors/detail 0.286s
2025-02-12 01:17:36.803 62744 INFO tempest.lib.common.rest_client [req-2c3e5792-04eb-4862-8416-2bc7ef7f7bc8 req-2c3e5792-04eb-4862-8416-2bc7ef7f7bc8 ] Request (KeyPairsNegativeTestJSON:setUpClass): 201 POST http://10.180.1.21/identity/v3/auth/tokens 0.085s
2025-02-12 01:17:36.837 62750 INFO tempest.lib.common.rest_client [req-eb82d03f-6a57-40b2-952f-bfdbe71706f7 req-eb82d03f-6a57-40b2-952f-bfdbe71706f7 ] Request (ImagesOneServerTestJSON:setUpClass): 200 GET http://10.180.1.21/compute/v2.1/servers/d86cd3ea-23d1-488e-acc6-bb4b4b666247 0.308s
2025-02-12 01:17:36.854 62786 INFO tempest.lib.common.rest_client [req-41dfaad0-58ed-4e27-aa16-c0c364c630d0 req-41dfaad0-58ed-4e27-aa16-c0c364c630d0 ] Request (MigrationsAdminTest:test_list_migrations_in_flavor_resize_situation): 200 GET http://10.180.1.21/compute/v2.1/servers/58d7e626-35a8-4c3d-bb34-11d1f6a0d2e3 0.476s
2025-02-12 01:17:36.879 62760 INFO tempest.lib.common.rest_client [req-9bd6f673-2bad-404c-9d53-050bfa00d0a9 req-9bd6f673-2bad-404c-9d53-050bfa00d0a9 ] Request (FloatingIPsAssociationTestJSON:setUpClass): 200 GET http://10.180.1.21/compute/v2.1/servers/bcc0fbd8-e554-488a-8a12-732d7db1a4b0 0.307s
2025-02-12 01:17:36.885 62799 INFO tempest.lib.common.rest_client [req-68e78db8-39fd-4211-aeaa-c746096ef063 req-68e78db8-39fd-4211-aeaa-c746096ef063 ] Request (HypervisorAdminV253TestBase:tearDownClass): 200 GET http://10.180.1.21:9696/networking/v2.0/security-groups?tenant_id=881e0abd94ce4c499f8f506e3e33441e&name=default 0.314s
2025-02-12 01:17:36.912 62774 INFO tempest.lib.common.rest_client [req-0ff5fffa-458c-4926-9358-05c740994d2b req-0ff5fffa-458c-4926-9358-05c740994d2b ] Request (ServerActionsV293TestJSON:setUpClass): 200 GET http://10.180.1.21/compute/v2.1/servers/ba7b892b-a955-419f-b46e-e9631150a264 0.285s
2025-02-12 01:17:36.940 62778 INFO tempest.lib.common.rest_client [req-067abd3d-e67a-4b32-a101-7351729c3e24 req-067abd3d-e67a-4b32-a101-7351729c3e24 ] Request (VolumesTestJSON:test_volume_list_with_detail_param_limit): 200 GET http://10.180.1.21/compute/v2.1/os-volumes/detail?limit=2 0.158s
2025-02-12 01:17:36.984 62805 INFO tempest.lib.common.rest_client [req-ba0b0c4d-dfd9-42da-b0db-1f585297f218 req-ba0b0c4d-dfd9-42da-b0db-1f585297f218 ] Request (ServersAdminNegativeTestJSON:setUpClass): 200 GET http://10.180.1.21/compute/v2.1/servers/6316a65c-b75f-4432-9bd9-5e9833c18af3 0.188s
2025-02-12 01:17:37.000 62756 INFO tempest.lib.common.rest_client [req-deeb72ff-f86b-42f8-be46-81e7a042881b req-deeb72ff-f86b-42f8-be46-81e7a042881b ] Request (FlavorsAdminTestJSON:test_list_public_flavor_with_other_user): 200 POST http://10.180.1.21/compute/v2.1/flavors 0.199s
2025-02-12 01:17:37.001 62768 INFO tempest.lib.common.rest_client [req-39ac1ec5-595e-482c-b2ba-23ab356f19b5 req-39ac1ec5-595e-482c-b2ba-23ab356f19b5 ] Request (DeleteServersAdminTestJSON:test_admin_delete_servers_of_others): 200 GET http://10.180.1.21/compute/v2.1/servers/598b1fd3-d762-4625-9660-ccf76af2394c 0.247s
2025-02-12 01:17:37.015 62799 INFO tempest.lib.common.rest_client [req-52f781ab-a860-49c8-a3ce-fc5c03fb2f45 req-52f781ab-a860-49c8-a3ce-fc5c03fb2f45 ] Request (HypervisorAdminV253TestBase:tearDownClass): 204 DELETE http://10.180.1.21:9696/networking/v2.0/security-groups/af22f45d-4d30-4695-b3eb-25ba7371c600 0.129s
2025-02-12 01:17:37.062 62806 INFO tempest.lib.common.rest_client [req-575aa967-0b8c-4c93-a8f2-c43ceaaa1032 req-575aa967-0b8c-4c93-a8f2-c43ceaaa1032 ] Request (AttachInterfacesUnderV243Test:test_add_remove_fixed_ip): 200 GET http://10.180.1.21/compute/v2.1/servers/2827c296-0e66-4ad3-a1b6-0ce5dbc6ff29 0.219s
2025-02-12 01:17:37.067 62744 INFO tempest.lib.common.rest_client [req-65d2606f-10db-47c2-943c-1c0449306510 req-65d2606f-10db-47c2-943c-1c0449306510 ] Request (KeyPairsNegativeTestJSON:test_create_keypair_invalid_name): 400 POST http://10.180.1.21/compute/v2.1/os-keypairs 0.261s
2025-02-12 01:17:37.113 62799 INFO tempest.lib.common.rest_client [req-053ba87d-02cf-45eb-b764-f82a25dbbcf4 req-053ba87d-02cf-45eb-b764-f82a25dbbcf4 ] Request (HypervisorAdminV253TestBase:tearDownClass): 204 DELETE http://10.180.1.21/identity/v3/projects/881e0abd94ce4c499f8f506e3e33441e 0.097s
2025-02-12 01:17:37.113 62799 INFO tempest.lib.common.dynamic_creds [-] Deleting project and security group for project: bb063a5a3e36474d8ecd8eb788a468fd
2025-02-12 01:17:37.113 62766 INFO tempest.lib.common.rest_client [req-19060e5d-17c5-45a4-b4b5-a19c509f2770 req-19060e5d-17c5-45a4-b4b5-a19c509f2770 ] Request (InstanceActionsV221TestJSON:test_get_list_deleted_instance_actions): 200 GET http://10.180.1.21/compute/v2.1/servers/6d751e02-64bb-41bb-9ded-30db9b885c2e 0.216s
2025-02-12 01:17:37.116 62752 INFO tempest.lib.common.rest_client [req-47f15bef-d585-47c0-901a-1bbc480cf7c2 req-47f15bef-d585-47c0-901a-1bbc480cf7c2 ] Request (TenantUsagesTestJSON:setUpClass): 200 GET http://10.180.1.21/compute/v2.1/servers/4a3639c7-8795-4702-a729-8239b0d55d51 0.214s
2025-02-12 01:17:37.146 62778 INFO tempest.lib.common.rest_client [req-13efa7e3-f60a-4771-bc98-79a498fb942f req-13efa7e3-f60a-4771-bc98-79a498fb942f ] Request (VolumesTestJSON:test_volume_list_with_detail_param_offset_and_limit): 200 GET http://10.180.1.21/compute/v2.1/os-volumes/detail 0.202s
2025-02-12 01:17:37.160 62764 INFO tempest.lib.common.rest_client [req-d940853d-519c-4fc2-aae7-2151c43a902f req-d940853d-519c-4fc2-aae7-2151c43a902f ] Request (DeleteServersTestJSON:test_delete_active_server): 200 GET http://10.180.1.21/compute/v2.1/servers/9b0a9f16-c53e-41b8-a473-b1eff1ad41c7 0.215s
2025-02-12 01:17:37.175 62756 INFO tempest.lib.common.rest_client [req-ca2008bd-8f3a-47e8-9f91-799479cd8a7e req-ca2008bd-8f3a-47e8-9f91-799479cd8a7e ] Request (FlavorsAdminTestJSON:test_list_public_flavor_with_other_user): 200 GET http://10.180.1.21/compute/v2.1/flavors/detail 0.172s
2025-02-12 01:17:37.220 62799 INFO tempest.lib.common.rest_client [req-2c061898-731e-46cb-825c-5fee36d47f8c req-2c061898-731e-46cb-825c-5fee36d47f8c ] Request (HypervisorAdminV253TestBase:tearDownClass): 200 GET http://10.180.1.21:9696/networking/v2.0/security-groups?tenant_id=bb063a5a3e36474d8ecd8eb788a468fd&name=default 0.107s
2025-02-12 01:17:37.222 62784 INFO tempest.lib.common.rest_client [req-be9c33ea-397e-40a0-9dd6-c11b476ecf35 req-be9c33ea-397e-40a0-9dd6-c11b476ecf35 ] Request (ServerDiskConfigTestJSON:test_rebuild_server_with_auto_disk_config): 200 GET http://10.180.1.21/compute/v2.1/servers/6122b5aa-dde8-4999-b611-6695d01545c1 0.181s
2025-02-12 01:17:37.248 62744 INFO tempest.lib.common.rest_client [req-f023b3ad-f69a-4f4f-9a74-11446cd51962 req-f023b3ad-f69a-4f4f-9a74-11446cd51962 ] Request (KeyPairsNegativeTestJSON:test_create_keypair_when_public_key_bits_exceeds_maximum): 400 POST http://10.180.1.21/compute/v2.1/os-keypairs 0.180s
2025-02-12 01:17:37.266 62796 INFO tempest.lib.common.rest_client [req-9ec27f24-ee35-4818-9bf4-a5d35afbc626 req-9ec27f24-ee35-4818-9bf4-a5d35afbc626 ] Request (FloatingIPsAssociationNegativeTestJSON:setUpClass): 200 GET http://10.180.1.21/compute/v2.1/servers/fa608f4a-47e6-4904-af65-a82c107af979 0.276s
2025-02-12 01:17:37.311 62772 INFO tempest.lib.common.rest_client [req-f836a175-5907-43a6-9f07-8b6e113a46ea req-f836a175-5907-43a6-9f07-8b6e113a46ea ] Request (ServersAdmin275Test:test_rebuild_update_server_275): 200 GET http://10.180.1.21/compute/v2.1/servers/fbfd64cf-fa8e-48c0-9410-e3da6080f163 0.211s
2025-02-12 01:17:37.320 62799 INFO tempest.lib.common.rest_client [req-b25b7e00-582c-4d10-9f01-c7685a6ae20b req-b25b7e00-582c-4d10-9f01-c7685a6ae20b ] Request (HypervisorAdminV253TestBase:tearDownClass): 204 DELETE http://10.180.1.21:9696/networking/v2.0/security-groups/2de6d137-ed16-4fd6-8b56-f55fd8fd0b2e 0.099s
2025-02-12 01:17:37.356 62792 INFO tempest.lib.common.rest_client [req-32a09db7-6515-48ba-b1a3-87c4d6535f85 req-32a09db7-6515-48ba-b1a3-87c4d6535f85 ] Request (ServersAdminTestJSON:setUpClass): 200 GET http://10.180.1.21/compute/v2.1/servers/498b6bd7-03d8-44e7-b007-27d86afcb028 0.213s
2025-02-12 01:17:37.386 62778 INFO tempest.lib.common.rest_client [req-7e0f9115-1ff7-415e-89b7-04798860fb33 req-7e0f9115-1ff7-415e-89b7-04798860fb33 ] Request (VolumesTestJSON:test_volume_list_with_detail_param_offset_and_limit): 200 GET http://10.180.1.21/compute/v2.1/os-volumes/detail?offset=1&limit=1 0.237s
2025-02-12 01:17:37.402 62756 INFO tempest.lib.common.rest_client [req-84115be6-ef48-4580-8dca-f83ab0ab7b73 req-84115be6-ef48-4580-8dca-f83ab0ab7b73 ] Request (FlavorsAdminTestJSON:_run_cleanups): 202 DELETE http://10.180.1.21/compute/v2.1/flavors/1426061314 0.223s
2025-02-12 01:17:37.408 62799 INFO tempest.lib.common.rest_client [req-eea195cf-2656-4967-918f-71106acb2167 req-eea195cf-2656-4967-918f-71106acb2167 ] Request (HypervisorAdminV253TestBase:tearDownClass): 204 DELETE http://10.180.1.21/identity/v3/projects/bb063a5a3e36474d8ecd8eb788a468fd 0.087s
2025-02-12 01:17:37.409 62782 INFO tempest.lib.common.rest_client [req-18eeb950-16d6-4bd6-bba0-f02a32d1dd8a req-18eeb950-16d6-4bd6-bba0-f02a32d1dd8a ] Request (ImagesOneServerNegativeTestJSON:setUpClass): 200 GET http://10.180.1.21/compute/v2.1/servers/c31b20a2-11aa-4d64-a8c6-2d8f889f1560 0.304s
