2025-02-12 01:19:00.313 62750 INFO tempest.lib.common.rest_client [req-5a7cfc6d-0a73-445d-a32a-dfee6b97f45d req-5a7cfc6d-0a73-445d-a32a-dfee6b97f45d ] Request (ImagesOneServerTestJSON:setUpClass): 200 GET http://10.180.1.21/compute/v2.1/servers/d86cd3ea-23d1-488e-acc6-bb4b4b666247 0.270s
2025-02-12 01:19:00.341 62786 INFO tempest.lib.common.rest_client [req-f2ed10de-6615-4baa-94b3-2e079597e314 req-f2ed10de-6615-4baa-94b3-2e079597e314 ] Request (MigrationsAdminTest:test_list_migrations_in_flavor_resize_situation): 200 GET http://10.180.1.21/compute/v2.1/servers/58d7e626-35a8-4c3d-bb34-11d1f6a0d2e3 0.353s
2025-02-12 01:19:00.387 62772 INFO tempest.lib.common.rest_client [req-2ccb1602-4c25-4843-b249-510e30ca3047 req-2ccb1602-4c25-4843-b249-510e30ca3047 ] Request (ServersAdmin275Test:test_rebuild_update_server_275): 200 GET http://10.180.1.21/compute/v2.1/servers/fbfd64cf-fa8e-48c0-9410-e3da6080f163 0.312s
2025-02-12 01:19:00.390 62760 INFO tempest.lib.common.rest_client [req-ae28aaa6-5191-42f6-ba6d-70f2c96e57db req-ae28aaa6-5191-42f6-ba6d-70f2c96e57db ] Request (FloatingIPsAssociationTestJSON:setUpClass): 200 GET http://10.180.1.21/compute/v2.1/servers/bcc0fbd8-e554-488a-8a12-732d7db1a4b0 0.295s
2025-02-12 01:19:00.439 62774 INFO tempest.lib.common.rest_client [req-fc0eb5b5-f1a6-41bd-b9f5-fd9e17191e07 req-fc0eb5b5-f1a6-41bd-b9f5-fd9e17191e07 ] Request (ServerActionsV293TestJSON:setUpClass): 200 GET http://10.180.1.21/compute/v2.1/servers/ba7b892b-a955-419f-b46e-e9631150a264 0.212s
2025-02-12 01:19:00.442 62756 INFO tempest.lib.common.rest_client [req-4a4123bf-780a-43b8-acd8-cc6e13ea1d92 req-4a4123bf-780a-43b8-acd8-cc6e13ea1d92 ] Request (AttachVolumeTestJSON:test_attach_detach_volume): 200 GET http://10.180.1.21/compute/v2.1/servers/f8dcc4b2-c1f5-42e5-be12-77647f526cb1 0.278s
2025-02-12 01:19:00.565 62776 INFO tempest.lib.common.rest_client [req-a279e500-928a-4f21-b5eb-6e5114c577b9 req-a279e500-928a-4f21-b5eb-6e5114c577b9 ] Request (ServerRescueTestJSON:setUpClass): 200 GET http://10.180.1.21/compute/v2.1/servers/3d51c0e1-242e-4cdb-bf8c-4e7aa4d7656a 0.247s
2025-02-12 01:19:00.570 62800 INFO tempest.lib.common.rest_client [req-db74ac0d-1750-4fe6-a597-0b0b7e744ad0 req-db74ac0d-1750-4fe6-a597-0b0b7e744ad0 ] Request (VolumesAdminNegativeTest:setUpClass): 201 POST http://10.180.1.21:9696/networking/v2.0/subnets 0.279s
2025-02-12 01:19:00.606 62764 INFO tempest.lib.common.rest_client [req-59eb5aac-4821-4cf4-8978-80283b860d24 req-59eb5aac-4821-4cf4-8978-80283b860d24 ] Request (DeleteServersTestJSON:test_delete_active_server): 200 GET http://10.180.1.21/compute/v2.1/servers/9b0a9f16-c53e-41b8-a473-b1eff1ad41c7 0.280s
2025-02-12 01:19:00.619 62752 INFO tempest.lib.common.rest_client [req-deec1c84-37cb-4a9d-952a-1ff26105da12 req-deec1c84-37cb-4a9d-952a-1ff26105da12 ] Request (TenantUsagesTestJSON:setUpClass): 200 GET http://10.180.1.21/compute/v2.1/servers/4a3639c7-8795-4702-a729-8239b0d55d51 0.241s
2025-02-12 01:19:00.667 62784 INFO tempest.lib.common.rest_client [req-de62f34e-9206-47ac-9049-b4d2bcea7eb1 req-de62f34e-9206-47ac-9049-b4d2bcea7eb1 ] Request (ServerDiskConfigTestJSON:test_rebuild_server_with_auto_disk_config): 200 GET http://10.180.1.21/compute/v2.1/servers/6122b5aa-dde8-4999-b611-6695d01545c1 0.145s
2025-02-12 01:19:00.742 62768 INFO tempest.lib.common.rest_client [req-d302acde-07fd-4afe-827a-2147d01c2889 req-d302acde-07fd-4afe-827a-2147d01c2889 ] Request (DeleteServersAdminTestJSON:test_admin_delete_servers_of_others): 200 GET http://10.180.1.21/compute/v2.1/servers/598b1fd3-d762-4625-9660-ccf76af2394c 0.275s
2025-02-12 01:19:00.883 62754 INFO tempest.lib.common.rest_client [req-730ff929-a05d-4005-a331-eccab9759b2b req-730ff929-a05d-4005-a331-eccab9759b2b ] Request (InstanceActionsNegativeTestJSON:setUpClass): 200 GET http://10.180.1.21/compute/v2.1/servers/1b19cecd-2a04-4077-9758-9947a3bcb4c2 0.273s
2025-02-12 01:19:00.916 62781 INFO tempest.lib.common.rest_client [req-d6ab5bb2-fc1e-4fdb-9a9f-cf0ec65dcf6a req-d6ab5bb2-fc1e-4fdb-9a9f-cf0ec65dcf6a ] Request (SecurityGroupsTestJSON:test_list_security_groups_by_server): 200 GET http://10.180.1.21/compute/v2.1/servers/63f63029-d01a-4d55-9753-95b93b7155cf 0.367s
2025-02-12 01:19:00.969 62758 INFO tempest.lib.common.rest_client [req-fa8b8b9b-fd22-425d-90b0-5b6845a275fc req-fa8b8b9b-fd22-425d-90b0-5b6845a275fc ] Request (ServersTestManualDisk:setUpClass): 200 GET http://10.180.1.21/compute/v2.1/servers/a1380ba5-64df-4b21-a80b-96c6d9d80f73 0.208s
2025-02-12 01:19:00.983 62748 INFO tempest.lib.common.rest_client [req-456e81c6-0f03-4200-8cd9-5d2864a450fc req-456e81c6-0f03-4200-8cd9-5d2864a450fc ] Request (ServerExternalEventsTest:test_create_server_external_events): 200 GET http://10.180.1.21/compute/v2.1/servers/dc241495-c9b7-4f2f-895d-e25008cc738a 0.276s
2025-02-12 01:19:01.018 62788 INFO tempest.lib.common.rest_client [req-16ef751a-c54d-43ab-8d58-f3f82daf89bd req-16ef751a-c54d-43ab-8d58-f3f82daf89bd ] Request (VolumesAssistedSnapshotsTest:test_volume_assisted_snapshot_create_delete): 200 GET http://10.180.1.21/compute/v2.1/servers/cb9d87f8-b8c4-4dbf-93ed-dab6988fae48 0.213s
2025-02-12 01:19:01.038 62805 INFO tempest.lib.common.rest_client [req-4e422237-8a45-4528-b798-f617244a6b2b req-4e422237-8a45-4528-b798-f617244a6b2b ] Request (ServersAdminNegativeTestJSON:setUpClass): 200 GET http://10.180.1.21/compute/v2.1/servers/6316a65c-b75f-4432-9bd9-5e9833c18af3 0.179s
2025-02-12 01:19:01.084 62766 INFO tempest.lib.common.rest_client [req-1d5d21ed-8300-4e47-9530-8ea19b73b339 req-1d5d21ed-8300-4e47-9530-8ea19b73b339 ] Request (InstanceActionsV221TestJSON:test_get_list_deleted_instance_actions): 200 GET http://10.180.1.21/compute/v2.1/servers/6d751e02-64bb-41bb-9ded-30db9b885c2e 0.174s
2025-02-12 01:19:01.095 62770 INFO tempest.lib.common.rest_client [req-4753fcb5-3f36-4f92-9693-49359a33e7df req-4753fcb5-3f36-4f92-9693-49359a33e7df ] Request (ServersWithSpecificFlavorTestJSON:test_verify_created_server_ephemeral_disk): 200 GET http://10.180.1.21/compute/v2.1/servers/765af4c8-ddae-4d08-a49f-217e038e5555 0.142s
2025-02-12 01:19:01.153 62746 INFO tempest.lib.common.rest_client [req-1a887518-b8c3-4823-b813-083f8c12fb85 req-1a887518-b8c3-4823-b813-083f8c12fb85 ] Request (ServerShowV247Test:test_update_rebuild_list_server): 200 GET http://10.180.1.21/compute/v2.1/servers/01bfc053-50f3-4813-8e4b-aceba0d2440f 0.151s
2025-02-12 01:19:01.212 62796 INFO tempest.lib.common.rest_client [req-051a8c61-3fb5-4de6-90fa-a4e5b0936335 req-051a8c61-3fb5-4de6-90fa-a4e5b0936335 ] Request (InstanceActionsTestJSON:setUpClass): 200 GET http://10.180.1.21/compute/v2.1/servers/e682e67f-5a36-4851-b870-7099d7db119d 0.155s
2025-02-12 01:19:01.268 62794 INFO tempest.lib.common.rest_client [req-061db2f5-9b19-49ba-8ce3-4eff8325aca7 req-061db2f5-9b19-49ba-8ce3-4eff8325aca7 ] Request (ServerMetadataTestJSON:setUpClass): 200 GET http://10.180.1.21/compute/v2.1/servers/0eaa55ee-0619-456f-b35b-469c1ed7897d 0.154s
2025-02-12 01:19:01.328 62802 INFO tempest.lib.common.rest_client [req-adcbcd32-fb5d-4581-b665-5890283f3409 req-adcbcd32-fb5d-4581-b665-5890283f3409 ] Request (AttachInterfacesV270Test:test_create_get_list_interfaces): 200 GET http://10.180.1.21/compute/v2.1/servers/c5a731c8-f9a7-4a4f-a69a-a429d99b80fa 0.158s
2025-02-12 01:19:01.468 62792 INFO tempest.lib.common.rest_client [req-18190881-cacd-4a90-95b4-8b6775600a13 req-18190881-cacd-4a90-95b4-8b6775600a13 ] Request (ServersAdminTestJSON:setUpClass): 200 GET http://10.180.1.21/compute/v2.1/servers/498b6bd7-03d8-44e7-b007-27d86afcb028 0.471s
2025-02-12 01:19:01.491 62782 INFO tempest.lib.common.rest_client [req-8cb49c5c-5d00-4b3f-b3f5-c3165b1d7d0c req-8cb49c5c-5d00-4b3f-b3f5-c3165b1d7d0c ] Request (ImagesOneServerNegativeTestJSON:setUpClass): 200 GET http://10.180.1.21/compute/v2.1/servers/c31b20a2-11aa-4d64-a8c6-2d8f889f1560 0.291s
2025-02-12 01:19:01.537 62762 INFO tempest.lib.common.rest_client [req-8db7583e-0fb5-4baf-b7a8-7b02ddaa1f17 req-8db7583e-0fb5-4baf-b7a8-7b02ddaa1f17 ] Request (AttachInterfacesTestJSON:test_create_list_show_delete_interfaces_by_fixed_ip): 200 GET http://10.180.1.21/compute/v2.1/servers/1b8bc5c8-1f3a-409b-bdbc-bdad8e1966e2 0.316s
2025-02-12 01:19:01.542 62806 INFO tempest.lib.common.rest_client [req-40f7a663-3e60-418b-99bd-be9d4d7c594d req-40f7a663-3e60-418b-99bd-be9d4d7c594d ] Request (AttachInterfacesUnderV243Test:test_add_remove_fixed_ip): 200 GET http://10.180.1.21/compute/v2.1/servers/2827c296-0e66-4ad3-a1b6-0ce5dbc6ff29 0.271s
2025-02-12 01:19:01.583 62750 INFO tempest.lib.common.rest_client [req-ed9f1cef-753f-418e-a903-e272f0695c6c req-ed9f1cef-753f-418e-a903-e272f0695c6c ] Request (ImagesOneServerTestJSON:setUpClass): 200 GET http://10.180.1.21/compute/v2.1/servers/d86cd3ea-23d1-488e-acc6-bb4b4b666247 0.262s
2025-02-12 01:19:01.643 62772 INFO tempest.lib.common.rest_client [req-2a1104e6-5db3-4154-bc81-bc47129fb09c req-2a1104e6-5db3-4154-bc81-bc47129fb09c ] Request (ServersAdmin275Test:test_rebuild_update_server_275): 200 GET http://10.180.1.21/compute/v2.1/servers/fbfd64cf-fa8e-48c0-9410-e3da6080f163 0.245s
2025-02-12 01:19:01.643 62786 INFO tempest.lib.common.rest_client [req-a15fc522-ed63-41f6-aac1-a48ce90766f7 req-a15fc522-ed63-41f6-aac1-a48ce90766f7 ] Request (MigrationsAdminTest:test_list_migrations_in_flavor_resize_situation): 200 GET http://10.180.1.21/compute/v2.1/servers/58d7e626-35a8-4c3d-bb34-11d1f6a0d2e3 0.294s
2025-02-12 01:19:01.700 62760 INFO tempest.lib.common.rest_client [req-79d0bad1-dada-4803-bc1f-d96334f5d08b req-79d0bad1-dada-4803-bc1f-d96334f5d08b ] Request (FloatingIPsAssociationTestJSON:setUpClass): 200 GET http://10.180.1.21/compute/v2.1/servers/bcc0fbd8-e554-488a-8a12-732d7db1a4b0 0.303s
2025-02-12 01:19:01.701 62756 INFO tempest.lib.common.rest_client [req-cff889c6-1d11-4fa1-afe8-283a6fa90df4 req-cff889c6-1d11-4fa1-afe8-283a6fa90df4 ] Request (AttachVolumeTestJSON:test_attach_detach_volume): 200 GET http://10.180.1.21/compute/v2.1/servers/f8dcc4b2-c1f5-42e5-be12-77647f526cb1 0.252s
2025-02-12 01:19:01.750 62774 INFO tempest.lib.common.rest_client [req-5df610e9-82b6-497f-b64e-0f3947fb60b0 req-5df610e9-82b6-497f-b64e-0f3947fb60b0 ] Request (ServerActionsV293TestJSON:setUpClass): 200 GET http://10.180.1.21/compute/v2.1/servers/ba7b892b-a955-419f-b46e-e9631150a264 0.301s
2025-02-12 01:19:01.798 62776 INFO tempest.lib.common.rest_client [req-8da707e9-1ccd-46d5-9e77-80e68de88f4b req-8da707e9-1ccd-46d5-9e77-80e68de88f4b ] Request (ServerRescueTestJSON:setUpClass): 200 GET http://10.180.1.21/compute/v2.1/servers/3d51c0e1-242e-4cdb-bf8c-4e7aa4d7656a 0.221s
2025-02-12 01:19:01.844 62752 INFO tempest.lib.common.rest_client [req-269a0414-68fd-4b41-ba16-d24925ce4602 req-269a0414-68fd-4b41-ba16-d24925ce4602 ] Request (TenantUsagesTestJSON:setUpClass): 200 GET http://10.180.1.21/compute/v2.1/servers/4a3639c7-8795-4702-a729-8239b0d55d51 0.216s
2025-02-12 01:19:01.878 62800 INFO tempest.lib.common.rest_client [req-eeb20784-0390-409e-93a9-fb4f63ce215c req-eeb20784-0390-409e-93a9-fb4f63ce215c ] Request (VolumesAdminNegativeTest:setUpClass): 201 POST http://10.180.1.21:9696/networking/v2.0/routers 1.306s
2025-02-12 01:19:01.899 62784 INFO tempest.lib.common.rest_client [req-ad357ce5-bb2d-4912-ac4b-95df68d79348 req-ad357ce5-bb2d-4912-ac4b-95df68d79348 ] Request (ServerDiskConfigTestJSON:test_rebuild_server_with_auto_disk_config): 200 GET http://10.180.1.21/compute/v2.1/servers/6122b5aa-dde8-4999-b611-6695d01545c1 0.225s
2025-02-12 01:19:01.961 62764 INFO tempest.lib.common.rest_client [req-317b27b1-08c7-42d3-932f-6dcf98d4cf97 req-317b27b1-08c7-42d3-932f-6dcf98d4cf97 ] Request (DeleteServersTestJSON:test_delete_active_server): 200 GET http://10.180.1.21/compute/v2.1/servers/9b0a9f16-c53e-41b8-a473-b1eff1ad41c7 0.344s
2025-02-12 01:19:01.998 62768 INFO tempest.lib.common.rest_client [req-56c5915a-f93d-463f-8627-a366de1bccfe req-56c5915a-f93d-463f-8627-a366de1bccfe ] Request (DeleteServersAdminTestJSON:test_admin_delete_servers_of_others): 200 GET http://10.180.1.21/compute/v2.1/servers/598b1fd3-d762-4625-9660-ccf76af2394c 0.249s
2025-02-12 01:19:02.109 62754 INFO tempest.lib.common.rest_client [req-cc0375db-476a-4c29-8b0b-1bce15bc4422 req-cc0375db-476a-4c29-8b0b-1bce15bc4422 ] Request (InstanceActionsNegativeTestJSON:setUpClass): 200 GET http://10.180.1.21/compute/v2.1/servers/1b19cecd-2a04-4077-9758-9947a3bcb4c2 0.218s
2025-02-12 01:19:02.139 62781 INFO tempest.lib.common.rest_client [req-43998231-c212-4832-8ccd-a8cdf3a85294 req-43998231-c212-4832-8ccd-a8cdf3a85294 ] Request (SecurityGroupsTestJSON:test_list_security_groups_by_server): 200 GET http://10.180.1.21/compute/v2.1/servers/63f63029-d01a-4d55-9753-95b93b7155cf 0.216s
2025-02-12 01:19:02.164 62758 INFO tempest.lib.common.rest_client [req-0a14e394-cfef-4bb4-8279-de000d712b0a req-0a14e394-cfef-4bb4-8279-de000d712b0a ] Request (ServersTestManualDisk:setUpClass): 200 GET http://10.180.1.21/compute/v2.1/servers/a1380ba5-64df-4b21-a80b-96c6d9d80f73 0.187s
2025-02-12 01:19:02.227 62788 INFO tempest.lib.common.rest_client [req-746db9cb-ad6c-4315-bc90-7905583f857c req-746db9cb-ad6c-4315-bc90-7905583f857c ] Request (VolumesAssistedSnapshotsTest:test_volume_assisted_snapshot_create_delete): 200 GET http://10.180.1.21/compute/v2.1/servers/cb9d87f8-b8c4-4dbf-93ed-dab6988fae48 0.198s
2025-02-12 01:19:02.246 62748 INFO tempest.lib.common.rest_client [req-6ac9d571-4af0-434e-bbdd-1641d105aaeb req-6ac9d571-4af0-434e-bbdd-1641d105aaeb ] Request (ServerExternalEventsTest:test_create_server_external_events): 200 GET http://10.180.1.21/compute/v2.1/servers/dc241495-c9b7-4f2f-895d-e25008cc738a 0.253s
2025-02-12 01:19:02.279 62805 INFO tempest.lib.common.rest_client [req-8148057d-f2f2-49f4-ac5b-99e6a318696a req-8148057d-f2f2-49f4-ac5b-99e6a318696a ] Request (ServersAdminNegativeTestJSON:setUpClass): 200 GET http://10.180.1.21/compute/v2.1/servers/6316a65c-b75f-4432-9bd9-5e9833c18af3 0.226s
2025-02-12 01:19:02.302 62766 INFO tempest.lib.common.rest_client [req-42bc961b-a29f-4f36-b1d4-53fba3313fb6 req-42bc961b-a29f-4f36-b1d4-53fba3313fb6 ] Request (InstanceActionsV221TestJSON:test_get_list_deleted_instance_actions): 200 GET http://10.180.1.21/compute/v2.1/servers/6d751e02-64bb-41bb-9ded-30db9b885c2e 0.209s
2025-02-12 01:19:02.339 62770 INFO tempest.lib.common.rest_client [req-31079dd7-8ce1-4a1e-a6ea-21db75112386 req-31079dd7-8ce1-4a1e-a6ea-21db75112386 ] Request (ServersWithSpecificFlavorTestJSON:test_verify_created_server_ephemeral_disk): 200 GET http://10.180.1.21/compute/v2.1/servers/765af4c8-ddae-4d08-a49f-217e038e5555 0.236s
2025-02-12 01:19:02.353 62746 INFO tempest.lib.common.rest_client [req-ab3ff5b0-624d-46e2-b3e4-2fe71106ca57 req-ab3ff5b0-624d-46e2-b3e4-2fe71106ca57 ] Request (ServerShowV247Test:test_update_rebuild_list_server): 200 GET http://10.180.1.21/compute/v2.1/servers/01bfc053-50f3-4813-8e4b-aceba0d2440f 0.187s
2025-02-12 01:19:02.401 62796 INFO tempest.lib.common.rest_client [req-e47e288a-e607-4a62-af0c-1189899e7afc req-e47e288a-e607-4a62-af0c-1189899e7afc ] Request (InstanceActionsTestJSON:setUpClass): 200 GET http://10.180.1.21/compute/v2.1/servers/e682e67f-5a36-4851-b870-7099d7db119d 0.177s
2025-02-12 01:19:02.408 62794 INFO tempest.lib.common.rest_client [req-88f8d8e8-51a2-463a-a575-72e06de66629 req-88f8d8e8-51a2-463a-a575-72e06de66629 ] Request (ServerMetadataTestJSON:setUpClass): 200 GET http://10.180.1.21/compute/v2.1/servers/0eaa55ee-0619-456f-b35b-469c1ed7897d 0.132s
2025-02-12 01:19:02.469 62802 INFO tempest.lib.common.rest_client [req-02b64ae0-3595-4f59-b7a8-56cf18ede2b8 req-02b64ae0-3595-4f59-b7a8-56cf18ede2b8 ] Request (AttachInterfacesV270Test:test_create_get_list_interfaces): 200 GET http://10.180.1.21/compute/v2.1/servers/c5a731c8-f9a7-4a4f-a69a-a429d99b80fa 0.130s
2025-02-12 01:19:02.594 62792 INFO tempest.lib.common.rest_client [req-c16b6e02-a5cd-4b16-8981-72b8ad5d7123 req-c16b6e02-a5cd-4b16-8981-72b8ad5d7123 ] Request (ServersAdminTestJSON:setUpClass): 200 GET http://10.180.1.21/compute/v2.1/servers/498b6bd7-03d8-44e7-b007-27d86afcb028 0.114s
2025-02-12 01:19:02.645 62782 INFO tempest.lib.common.rest_client [req-21163d1d-2c71-48e0-8891-6834eb8c1edc req-21163d1d-2c71-48e0-8891-6834eb8c1edc ] Request (ImagesOneServerNegativeTestJSON:setUpClass): 200 GET http://10.180.1.21/compute/v2.1/servers/c31b20a2-11aa-4d64-a8c6-2d8f889f1560 0.142s
2025-02-12 01:19:02.657 62762 INFO tempest.lib.common.rest_client [req-53a6f436-c7e2-4789-a93a-43d2e655371e req-53a6f436-c7e2-4789-a93a-43d2e655371e ] Request (AttachInterfacesTestJSON:test_create_list_show_delete_interfaces_by_fixed_ip): 200 GET http://10.180.1.21/compute/v2.1/servers/1b8bc5c8-1f3a-409b-bdbc-bdad8e1966e2 0.112s
2025-02-12 01:19:02.701 62806 INFO tempest.lib.common.rest_client [req-4f50b854-5c7f-4943-af5b-b039648cd774 req-4f50b854-5c7f-4943-af5b-b039648cd774 ] Request (AttachInterfacesUnderV243Test:test_add_remove_fixed_ip): 200 GET http://10.180.1.21/compute/v2.1/servers/2827c296-0e66-4ad3-a1b6-0ce5dbc6ff29 0.150s
2025-02-12 01:19:02.713 62750 INFO tempest.lib.common.rest_client [req-85c78094-9cc9-4941-b9e1-ce803f9bd66d req-85c78094-9cc9-4941-b9e1-ce803f9bd66d ] Request (ImagesOneServerTestJSON:setUpClass): 200 GET http://10.180.1.21/compute/v2.1/servers/d86cd3ea-23d1-488e-acc6-bb4b4b666247 0.121s
2025-02-12 01:19:02.772 62772 INFO tempest.lib.common.rest_client [req-5725fe67-6c5c-4ab0-b5df-a5889bed6aec req-5725fe67-6c5c-4ab0-b5df-a5889bed6aec ] Request (ServersAdmin275Test:test_rebuild_update_server_275): 200 GET http://10.180.1.21/compute/v2.1/servers/fbfd64cf-fa8e-48c0-9410-e3da6080f163 0.113s
2025-02-12 01:19:02.825 62760 INFO tempest.lib.common.rest_client [req-8702b761-c652-4a33-9d1b-a82019b98390 req-8702b761-c652-4a33-9d1b-a82019b98390 ] Request (FloatingIPsAssociationTestJSON:setUpClass): 200 GET http://10.180.1.21/compute/v2.1/servers/bcc0fbd8-e554-488a-8a12-732d7db1a4b0 0.116s
2025-02-12 01:19:02.850 62786 INFO tempest.lib.common.rest_client [req-8a70a248-1cab-4090-bd7f-57ffdb5c48f9 req-8a70a248-1cab-4090-bd7f-57ffdb5c48f9 ] Request (MigrationsAdminTest:test_list_migrations_in_flavor_resize_situation): 200 GET http://10.180.1.21/compute/v2.1/servers/58d7e626-35a8-4c3d-bb34-11d1f6a0d2e3 0.195s
2025-02-12 01:19:02.872 62756 INFO tempest.lib.common.rest_client [req-8d3caed1-8aa1-4e9e-94ef-cdc425d609f0 req-8d3caed1-8aa1-4e9e-94ef-cdc425d609f0 ] Request (AttachVolumeTestJSON:test_attach_detach_volume): 200 GET http://10.180.1.21/compute/v2.1/servers/f8dcc4b2-c1f5-42e5-be12-77647f526cb1 0.163s
2025-02-12 01:19:02.908 62774 INFO tempest.lib.common.rest_client [req-ea5f936d-5566-4cee-8e67-07c02ffa3412 req-ea5f936d-5566-4cee-8e67-07c02ffa3412 ] Request (ServerActionsV293TestJSON:setUpClass): 200 GET http://10.180.1.21/compute/v2.1/servers/ba7b892b-a955-419f-b46e-e9631150a264 0.140s
2025-02-12 01:19:02.960 62752 INFO tempest.lib.common.rest_client [req-e01e0cf2-3df7-49a1-af59-d253ac96c22d req-e01e0cf2-3df7-49a1-af59-d253ac96c22d ] Request (TenantUsagesTestJSON:setUpClass): 200 GET http://10.180.1.21/compute/v2.1/servers/4a3639c7-8795-4702-a729-8239b0d55d51 0.106s
2025-02-12 01:19:02.986 62776 INFO tempest.lib.common.rest_client [req-dee992fe-8adc-414e-a6c7-397135546e5e req-dee992fe-8adc-414e-a6c7-397135546e5e ] Request (ServerRescueTestJSON:setUpClass): 200 GET http://10.180.1.21/compute/v2.1/servers/3d51c0e1-242e-4cdb-bf8c-4e7aa4d7656a 0.179s
2025-02-12 01:19:03.025 62784 INFO tempest.lib.common.rest_client [req-f068d07a-d8a8-4015-9133-afab901f2f55 req-f068d07a-d8a8-4015-9133-afab901f2f55 ] Request (ServerDiskConfigTestJSON:test_rebuild_server_with_auto_disk_config): 200 GET http://10.180.1.21/compute/v2.1/servers/6122b5aa-dde8-4999-b611-6695d01545c1 0.117s
2025-02-12 01:19:03.106 62800 INFO tempest.lib.common.rest_client [req-1e84a259-7318-456f-82b0-e66a0eea902c req-1e84a259-7318-456f-82b0-e66a0eea902c ] Request (VolumesAdminNegativeTest:setUpClass): 200 PUT http://10.180.1.21:9696/networking/v2.0/routers/3a63e50e-6b00-4a96-ac10-aca03f74c669/add_router_interface 1.228s
2025-02-12 01:19:03.107 62800 INFO tempest.lib.common.dynamic_creds [-] Created isolated network resources for: credentials: Credentials: {'domain_id': 'default', 'domain_name': 'Default', 'username': 'tempest-VolumesAdminNegativeTest-630820101-project-member', 'project_domain_id': 'default', 'project_domain_name': 'Default', 'project_id': '556bcbce3c914145a5cb64cad7d3166b', 'project_name': 'tempest-VolumesAdminNegativeTest-630820101', 'tenant_id': '556bcbce3c914145a5cb64cad7d3166b', 'tenant_name': 'tempest-VolumesAdminNegativeTest-630820101', 'user_domain_id': 'default', 'user_domain_name': 'Default', 'user_id': 'e01bb85ce15d4ae9a5545be49c51c366', 'system': None}, Network: {'id': '621369f4-bdfd-4601-885d-add486152d77', 'name': 'tempest-VolumesAdminNegativeTest-119688579-network', 'tenant_id': '556bcbce3c914145a5cb64cad7d3166b', 'admin_state_up': True, 'mtu': 8950, 'status': 'ACTIVE', 'subnets': [], 'shared': False, 'project_id': '556bcbce3c914145a5cb64cad7d3166b', 'port_security_enabled': True, 'router:external': False, 'provider:network_type': 'vlan', 'provider:physical_network': 'default', 'provider:segmentation_id': 30, 'is_default': False, 'availability_zone_hints': [], 'availability_zones': [], 'ipv4_address_scope': None, 'ipv6_address_scope': None, 'description': '', 'tags': [], 'created_at': '2025-02-12T01:19:00Z', 'updated_at': '2025-02-12T01:19:00Z', 'revision_number': 1}, Subnet: {'id': '730d2f4e-37a8-40d2-ae9c-fb2b6dadae8c', 'name': 'tempest-VolumesAdminNegativeTest-119688579-subnet', 'tenant_id': '556bcbce3c914145a5cb64cad7d3166b', 'network_id': '621369f4-bdfd-4601-885d-add486152d77', 'ip_version': 4, 'subnetpool_id': None, 'enable_dhcp': True, 'ipv6_ra_mode': None, 'ipv6_address_mode': None, 'gateway_ip': '192.168.128.1', 'cidr': '192.168.128.0/28', 'allocation_pools': [{'start': '192.168.128.2', 'end': '192.168.128.14'}], 'host_routes': [], 'dns_nameservers': [], 'description': '', 'service_types': [], 'tags': [], 'created_at': '2025-02-12T01:19:00Z', 'updated_at': '2025-02-12T01:19:00Z', 'revision_number': 0, 'project_id': '556bcbce3c914145a5cb64cad7d3166b'}, Router: {'id': '3a63e50e-6b00-4a96-ac10-aca03f74c669', 'name': 'tempest-VolumesAdminNegativeTest-119688579-router', 'tenant_id': '556bcbce3c914145a5cb64cad7d3166b', 'admin_state_up': True, 'status': 'ACTIVE', 'external_gateway_info': {'network_id': '90c0268f-9efa-4a7f-8c27-ce19ff39ca55', 'external_fixed_ips': [{'subnet_id': 'e16211eb-7914-4d7a-b284-35820c06d2cd', 'ip_address': '10.180.180.238'}], 'enable_snat': True}, 'description': '', 'availability_zones': [], 'distributed': False, 'ha': False, 'availability_zone_hints': [], 'routes': [], 'flavor_id': None, 'tags': [], 'created_at': '2025-02-12T01:19:00Z', 'updated_at': '2025-02-12T01:19:01Z', 'revision_number': 2, 'project_id': '556bcbce3c914145a5cb64cad7d3166b'}
2025-02-12 01:19:03.110 62764 INFO tempest.lib.common.rest_client [req-47e7770a-24cb-41ec-9070-efbf8418ec80 req-47e7770a-24cb-41ec-9070-efbf8418ec80 ] Request (DeleteServersTestJSON:test_delete_active_server): 200 GET http://10.180.1.21/compute/v2.1/servers/9b0a9f16-c53e-41b8-a473-b1eff1ad41c7 0.138s
2025-02-12 01:19:03.143 62768 INFO tempest.lib.common.rest_client [req-027cf285-2dee-4781-9fd0-7223054c5f5a req-027cf285-2dee-4781-9fd0-7223054c5f5a ] Request (DeleteServersAdminTestJSON:test_admin_delete_servers_of_others): 200 GET http://10.180.1.21/compute/v2.1/servers/598b1fd3-d762-4625-9660-ccf76af2394c 0.132s
2025-02-12 01:19:03.197 62800 INFO tempest.lib.common.rest_client [req-dc5ea879-bd21-474c-b9c6-ebebe9a03b0a req-dc5ea879-bd21-474c-b9c6-ebebe9a03b0a ] Request (VolumesAdminNegativeTest:setUpClass): 201 POST http://10.180.1.21/identity/v3/auth/tokens 0.087s
2025-02-12 01:19:03.232 62754 INFO tempest.lib.common.rest_client [req-255d6042-e4ab-44c5-93ee-58168b383deb req-255d6042-e4ab-44c5-93ee-58168b383deb ] Request (InstanceActionsNegativeTestJSON:setUpClass): 200 GET http://10.180.1.21/compute/v2.1/servers/1b19cecd-2a04-4077-9758-9947a3bcb4c2 0.112s
2025-02-12 01:19:03.245 62781 INFO tempest.lib.common.rest_client [req-c4bbd709-c6af-4091-8499-3f2bfbbd2fc1 req-c4bbd709-c6af-4091-8499-3f2bfbbd2fc1 ] Request (SecurityGroupsTestJSON:test_list_security_groups_by_server): 200 GET http://10.180.1.21/compute/v2.1/servers/63f63029-d01a-4d55-9753-95b93b7155cf 0.099s
2025-02-12 01:19:03.246 62800 INFO tempest.lib.common.rest_client [req-14d5eef1-fd18-4ca4-82e3-cf1713a2c444 req-14d5eef1-fd18-4ca4-82e3-cf1713a2c444 ] Request (VolumesAdminNegativeTest:setUpClass): 201 POST http://10.180.1.21/identity/v3/projects 0.048s
2025-02-12 01:19:03.287 62758 INFO tempest.lib.common.rest_client [req-e3692068-8db2-4fa2-b682-afc1349d7a46 req-e3692068-8db2-4fa2-b682-afc1349d7a46 ] Request (ServersTestManualDisk:setUpClass): 200 GET http://10.180.1.21/compute/v2.1/servers/a1380ba5-64df-4b21-a80b-96c6d9d80f73 0.110s
2025-02-12 01:19:03.295 62788 INFO tempest.lib.common.rest_client [req-f76797fa-0e86-4437-9335-6111d9ac1bed req-f76797fa-0e86-4437-9335-6111d9ac1bed ] Request (VolumesAssistedSnapshotsTest:test_volume_assisted_snapshot_create_delete): 200 GET http://10.180.1.21/compute/v2.1/servers/cb9d87f8-b8c4-4dbf-93ed-dab6988fae48 0.059s
2025-02-12 01:19:03.310 62800 INFO tempest.lib.common.rest_client [req-e52f2edb-29f4-4ada-83a3-283be458c9a3 req-e52f2edb-29f4-4ada-83a3-283be458c9a3 ] Request (VolumesAdminNegativeTest:setUpClass): 201 POST http://10.180.1.21/identity/v3/users 0.064s
2025-02-12 01:19:03.329 62800 INFO tempest.lib.common.rest_client [req-543365e3-993f-4a75-b9dc-90f516567a7a req-543365e3-993f-4a75-b9dc-90f516567a7a ] Request (VolumesAdminNegativeTest:setUpClass): 200 GET http://10.180.1.21/identity/v3/roles 0.018s
2025-02-12 01:19:03.344 62805 INFO tempest.lib.common.rest_client [req-a737e3ae-5e52-4cff-91dd-9f0dfec58e6a req-a737e3ae-5e52-4cff-91dd-9f0dfec58e6a ] Request (ServersAdminNegativeTestJSON:setUpClass): 200 GET http://10.180.1.21/compute/v2.1/servers/6316a65c-b75f-4432-9bd9-5e9833c18af3 0.056s
2025-02-12 01:19:03.354 62800 INFO tempest.lib.common.rest_client [req-f886cd06-3a1e-40c2-926e-06d4b0e7b9d4 req-f886cd06-3a1e-40c2-926e-06d4b0e7b9d4 ] Request (VolumesAdminNegativeTest:setUpClass): 204 PUT http://10.180.1.21/identity/v3/projects/160965d01ec749b29b14db9286cb024c/users/913870684c13494a82e05d179985a890/roles/37b60cf2fed24701983c6356bcf01a57 0.025s
2025-02-12 01:19:03.380 62748 INFO tempest.lib.common.rest_client [req-0d10739b-4ca1-47e7-adac-5c79b3df3dad req-0d10739b-4ca1-47e7-adac-5c79b3df3dad ] Request (ServerExternalEventsTest:test_create_server_external_events): 200 GET http://10.180.1.21/compute/v2.1/servers/dc241495-c9b7-4f2f-895d-e25008cc738a 0.122s
2025-02-12 01:19:03.393 62766 INFO tempest.lib.common.rest_client [req-bffc39aa-49b2-424c-bd0a-bd74237953eb req-bffc39aa-49b2-424c-bd0a-bd74237953eb ] Request (InstanceActionsV221TestJSON:test_get_list_deleted_instance_actions): 200 GET http://10.180.1.21/compute/v2.1/servers/6d751e02-64bb-41bb-9ded-30db9b885c2e 0.082s
2025-02-12 01:19:03.407 62800 INFO tempest.lib.common.rest_client [req-4f67126d-0874-46d1-a9ae-b30246c29aad req-4f67126d-0874-46d1-a9ae-b30246c29aad ] Request (VolumesAdminNegativeTest:setUpClass): 200 GET http://10.180.1.21/identity/v3/roles 0.052s
2025-02-12 01:19:03.424 62800 INFO tempest.lib.common.rest_client [req-0e0e6c68-13a1-4f0b-8249-c67d1977d1fb req-0e0e6c68-13a1-4f0b-8249-c67d1977d1fb ] Request (VolumesAdminNegativeTest:setUpClass): 204 PUT http://10.180.1.21/identity/v3/projects/160965d01ec749b29b14db9286cb024c/users/913870684c13494a82e05d179985a890/roles/37b60cf2fed24701983c6356bcf01a57 0.016s
2025-02-12 01:19:03.424 62800 INFO tempest.lib.common.dynamic_creds [-] Dynamic test user 913870684c13494a82e05d179985a890 is created with scope project and roles: ['admin']
2025-02-12 01:19:03.424 62800 INFO tempest.lib.common.dynamic_creds [-] Acquired dynamic creds: credentials: Credentials: {'domain_id': 'default', 'domain_name': 'Default', 'username': 'tempest-VolumesAdminNegativeTest-914185423-project-admin', 'project_domain_id': 'default', 'project_domain_name': 'Default', 'project_id': '160965d01ec749b29b14db9286cb024c', 'project_name': 'tempest-VolumesAdminNegativeTest-914185423', 'tenant_id': '160965d01ec749b29b14db9286cb024c', 'tenant_name': 'tempest-VolumesAdminNegativeTest-914185423', 'user_domain_id': 'default', 'user_domain_name': 'Default', 'user_id': '913870684c13494a82e05d179985a890', 'system': None}, Network: None, Subnet: None, Router: None
2025-02-12 01:19:03.429 62770 INFO tempest.lib.common.rest_client [req-a738a711-4b36-4ccf-8483-d34e06a0ee4f req-a738a711-4b36-4ccf-8483-d34e06a0ee4f ] Request (ServersWithSpecificFlavorTestJSON:test_verify_created_server_ephemeral_disk): 200 GET http://10.180.1.21/compute/v2.1/servers/765af4c8-ddae-4d08-a49f-217e038e5555 0.078s
2025-02-12 01:19:03.441 62746 INFO tempest.lib.common.rest_client [req-f167b7bf-86f9-4fc8-8dd7-19c5f00ec6fd req-f167b7bf-86f9-4fc8-8dd7-19c5f00ec6fd ] Request (ServerShowV247Test:test_update_rebuild_list_server): 200 GET http://10.180.1.21/compute/v2.1/servers/01bfc053-50f3-4813-8e4b-aceba0d2440f 0.077s
2025-02-12 01:19:03.480 62796 INFO tempest.lib.common.rest_client [req-130fa60d-b062-4c6e-a4a0-d0fa1f62e21b req-130fa60d-b062-4c6e-a4a0-d0fa1f62e21b ] Request (InstanceActionsTestJSON:setUpClass): 200 GET http://10.180.1.21/compute/v2.1/servers/e682e67f-5a36-4851-b870-7099d7db119d 0.072s
2025-02-12 01:19:03.487 62794 INFO tempest.lib.common.rest_client [req-ad42c0e4-a534-453e-b195-519e4a8db90a req-ad42c0e4-a534-453e-b195-519e4a8db90a ] Request (ServerMetadataTestJSON:setUpClass): 200 GET http://10.180.1.21/compute/v2.1/servers/0eaa55ee-0619-456f-b35b-469c1ed7897d 0.068s
2025-02-12 01:19:03.533 62802 INFO tempest.lib.common.rest_client [req-bc617711-4bb2-4f7b-a73c-847f7bc61465 req-bc617711-4bb2-4f7b-a73c-847f7bc61465 ] Request (AttachInterfacesV270Test:test_create_get_list_interfaces): 200 GET http://10.180.1.21/compute/v2.1/servers/c5a731c8-f9a7-4a4f-a69a-a429d99b80fa 0.055s
2025-02-12 01:19:03.629 62800 INFO tempest.lib.common.rest_client [req-8cfe7ad7-f7dc-4fa3-913c-ef38977f898b req-8cfe7ad7-f7dc-4fa3-913c-ef38977f898b ] Request (VolumesAdminNegativeTest:setUpClass): 201 POST http://10.180.1.21:9696/networking/v2.0/networks 0.205s
2025-02-12 01:19:03.758 62782 INFO tempest.lib.common.rest_client [req-31f73e48-2c19-4532-b1ba-88b43dec509c req-31f73e48-2c19-4532-b1ba-88b43dec509c ] Request (ImagesOneServerNegativeTestJSON:setUpClass): 200 GET http://10.180.1.21/compute/v2.1/servers/c31b20a2-11aa-4d64-a8c6-2d8f889f1560 0.102s
2025-02-12 01:19:03.813 62762 INFO tempest.lib.common.rest_client [req-0266f9a4-69bc-4976-8fb2-cb78fa76363c req-0266f9a4-69bc-4976-8fb2-cb78fa76363c ] Request (AttachInterfacesTestJSON:test_create_list_show_delete_interfaces_by_fixed_ip): 200 GET http://10.180.1.21/compute/v2.1/servers/1b8bc5c8-1f3a-409b-bdbc-bdad8e1966e2 0.144s
2025-02-12 01:19:03.861 62806 INFO tempest.lib.common.rest_client [req-83ec7cce-f568-40ef-ae9c-f12645f8651a req-83ec7cce-f568-40ef-ae9c-f12645f8651a ] Request (AttachInterfacesUnderV243Test:test_add_remove_fixed_ip): 200 GET http://10.180.1.21/compute/v2.1/servers/2827c296-0e66-4ad3-a1b6-0ce5dbc6ff29 0.150s
2025-02-12 01:19:03.909 62750 INFO tempest.lib.common.rest_client [req-e3200e84-32e0-45e3-9283-81e1e5d98dc6 req-e3200e84-32e0-45e3-9283-81e1e5d98dc6 ] Request (ImagesOneServerTestJSON:setUpClass): 200 GET http://10.180.1.21/compute/v2.1/servers/d86cd3ea-23d1-488e-acc6-bb4b4b666247 0.187s
2025-02-12 01:19:03.961 62772 INFO tempest.lib.common.rest_client [req-04054747-9f70-41b2-bd1d-3b27d27661a6 req-04054747-9f70-41b2-bd1d-3b27d27661a6 ] Request (ServersAdmin275Test:test_rebuild_update_server_275): 200 GET http://10.180.1.21/compute/v2.1/servers/fbfd64cf-fa8e-48c0-9410-e3da6080f163 0.175s
2025-02-12 01:19:04.006 62792 INFO tempest.lib.common.rest_client [req-e0247bfb-6cad-4d93-95ef-cc6aca2d4185 req-e0247bfb-6cad-4d93-95ef-cc6aca2d4185 ] Request (ServersAdminTestJSON:setUpClass): 200 GET http://10.180.1.21/compute/v2.1/servers/498b6bd7-03d8-44e7-b007-27d86afcb028 0.398s
2025-02-12 01:19:04.010 62760 INFO tempest.lib.common.rest_client [req-b6f1f23b-5a29-4de0-80b9-a4c27c873ab1 req-b6f1f23b-5a29-4de0-80b9-a4c27c873ab1 ] Request (FloatingIPsAssociationTestJSON:setUpClass): 200 GET http://10.180.1.21/compute/v2.1/servers/bcc0fbd8-e554-488a-8a12-732d7db1a4b0 0.177s
2025-02-12 01:19:04.076 62756 INFO tempest.lib.common.rest_client [req-74e11fc7-11be-4143-af4c-1e435091deaa req-74e11fc7-11be-4143-af4c-1e435091deaa ] Request (AttachVolumeTestJSON:test_attach_detach_volume): 200 GET http://10.180.1.21/compute/v2.1/servers/f8dcc4b2-c1f5-42e5-be12-77647f526cb1 0.190s
2025-02-12 01:19:04.108 62800 INFO tempest.lib.common.rest_client [req-b189c040-bbf3-492f-8a6d-1e88c4d9174d req-b189c040-bbf3-492f-8a6d-1e88c4d9174d ] Request (VolumesAdminNegativeTest:setUpClass): 201 POST http://10.180.1.21:9696/networking/v2.0/subnets 0.478s
2025-02-12 01:19:04.146 62774 INFO tempest.lib.common.rest_client [req-6418da17-7afe-478d-b0db-bc19d0b0adff req-6418da17-7afe-478d-b0db-bc19d0b0adff ] Request (ServerActionsV293TestJSON:setUpClass): 200 GET http://10.180.1.21/compute/v2.1/servers/ba7b892b-a955-419f-b46e-e9631150a264 0.227s
2025-02-12 01:19:04.173 62786 INFO tempest.lib.common.rest_client [req-4056d6c2-57a0-4977-bf38-cbc378c79828 req-4056d6c2-57a0-4977-bf38-cbc378c79828 ] Request (MigrationsAdminTest:test_list_migrations_in_flavor_resize_situation): 200 GET http://10.180.1.21/compute/v2.1/servers/58d7e626-35a8-4c3d-bb34-11d1f6a0d2e3 0.316s
2025-02-12 01:19:04.206 62752 INFO tempest.lib.common.rest_client [req-b3acea4f-c753-40dc-8a98-c6d07b321d7a req-b3acea4f-c753-40dc-8a98-c6d07b321d7a ] Request (TenantUsagesTestJSON:setUpClass): 200 GET http://10.180.1.21/compute/v2.1/servers/4a3639c7-8795-4702-a729-8239b0d55d51 0.231s
2025-02-12 01:19:04.269 62784 INFO tempest.lib.common.rest_client [req-dec1529a-83cb-4574-bfc7-a94e14aa6e5f req-dec1529a-83cb-4574-bfc7-a94e14aa6e5f ] Request (ServerDiskConfigTestJSON:test_rebuild_server_with_auto_disk_config): 200 GET http://10.180.1.21/compute/v2.1/servers/6122b5aa-dde8-4999-b611-6695d01545c1 0.233s
2025-02-12 01:19:04.273 62776 INFO tempest.lib.common.rest_client [req-aaffa710-5393-4152-b53d-7d3a603be844 req-aaffa710-5393-4152-b53d-7d3a603be844 ] Request (ServerRescueTestJSON:setUpClass): 200 GET http://10.180.1.21/compute/v2.1/servers/3d51c0e1-242e-4cdb-bf8c-4e7aa4d7656a 0.276s
2025-02-12 01:19:04.368 62768 INFO tempest.lib.common.rest_client [req-a23ecbb1-f7b6-4b1e-a14d-6cc0af4f411e req-a23ecbb1-f7b6-4b1e-a14d-6cc0af4f411e ] Request (DeleteServersAdminTestJSON:test_admin_delete_servers_of_others): 200 GET http://10.180.1.21/compute/v2.1/servers/598b1fd3-d762-4625-9660-ccf76af2394c 0.218s
2025-02-12 01:19:04.442 62764 INFO tempest.lib.common.rest_client [req-9cd36694-93e9-4313-9a84-f34aebe9ff3c req-9cd36694-93e9-4313-9a84-f34aebe9ff3c ] Request (DeleteServersTestJSON:test_delete_active_server): 200 GET http://10.180.1.21/compute/v2.1/servers/9b0a9f16-c53e-41b8-a473-b1eff1ad41c7 0.324s
2025-02-12 01:19:04.506 62754 INFO tempest.lib.common.rest_client [req-3e1eaef5-5bd8-405a-b9a5-f262e6571dd5 req-3e1eaef5-5bd8-405a-b9a5-f262e6571dd5 ] Request (InstanceActionsNegativeTestJSON:setUpClass): 200 GET http://10.180.1.21/compute/v2.1/servers/1b19cecd-2a04-4077-9758-9947a3bcb4c2 0.263s
2025-02-12 01:19:04.564 62758 INFO tempest.lib.common.rest_client [req-217c9caa-29fd-4eff-abb1-75a19a8523c0 req-217c9caa-29fd-4eff-abb1-75a19a8523c0 ] Request (ServersTestManualDisk:setUpClass): 200 GET http://10.180.1.21/compute/v2.1/servers/a1380ba5-64df-4b21-a80b-96c6d9d80f73 0.270s
2025-02-12 01:19:04.569 62781 INFO tempest.lib.common.rest_client [req-eb6c1cfb-dcd8-4388-8efd-7f4249f8aef0 req-eb6c1cfb-dcd8-4388-8efd-7f4249f8aef0 ] Request (SecurityGroupsTestJSON:test_list_security_groups_by_server): 200 GET http://10.180.1.21/compute/v2.1/servers/63f63029-d01a-4d55-9753-95b93b7155cf 0.316s
2025-02-12 01:19:04.618 62788 INFO tempest.lib.common.rest_client [req-eafa6813-c61c-45b2-9ebe-d09ebd00f530 req-eafa6813-c61c-45b2-9ebe-d09ebd00f530 ] Request (VolumesAssistedSnapshotsTest:test_volume_assisted_snapshot_create_delete): 200 GET http://10.180.1.21/compute/v2.1/servers/cb9d87f8-b8c4-4dbf-93ed-dab6988fae48 0.316s
2025-02-12 01:19:04.630 62805 INFO tempest.lib.common.rest_client [req-0b3d216d-e38d-4488-afc0-3bec4c194dab req-0b3d216d-e38d-4488-afc0-3bec4c194dab ] Request (ServersAdminNegativeTestJSON:setUpClass): 200 GET http://10.180.1.21/compute/v2.1/servers/6316a65c-b75f-4432-9bd9-5e9833c18af3 0.278s
2025-02-12 01:19:04.702 62766 INFO tempest.lib.common.rest_client [req-4d0ed782-1da1-4502-a6f6-0d237545d2e3 req-4d0ed782-1da1-4502-a6f6-0d237545d2e3 ] Request (InstanceActionsV221TestJSON:test_get_list_deleted_instance_actions): 200 GET http://10.180.1.21/compute/v2.1/servers/6d751e02-64bb-41bb-9ded-30db9b885c2e 0.300s
2025-02-12 01:19:04.724 62748 INFO tempest.lib.common.rest_client [req-6b0f220d-b6a0-499f-9191-a32611be1934 req-6b0f220d-b6a0-499f-9191-a32611be1934 ] Request (ServerExternalEventsTest:test_create_server_external_events): 200 GET http://10.180.1.21/compute/v2.1/servers/dc241495-c9b7-4f2f-895d-e25008cc738a 0.335s
2025-02-12 01:19:04.760 62770 INFO tempest.lib.common.rest_client [req-0eb36c1d-42c2-4d7a-ac5e-c3b74036a6e2 req-0eb36c1d-42c2-4d7a-ac5e-c3b74036a6e2 ] Request (ServersWithSpecificFlavorTestJSON:test_verify_created_server_ephemeral_disk): 200 GET http://10.180.1.21/compute/v2.1/servers/765af4c8-ddae-4d08-a49f-217e038e5555 0.324s
2025-02-12 01:19:04.773 62746 INFO tempest.lib.common.rest_client [req-7de07af5-3a5a-4476-adcb-128073dab9dc req-7de07af5-3a5a-4476-adcb-128073dab9dc ] Request (ServerShowV247Test:test_update_rebuild_list_server): 200 GET http://10.180.1.21/compute/v2.1/servers/01bfc053-50f3-4813-8e4b-aceba0d2440f 0.322s
2025-02-12 01:19:04.825 62794 INFO tempest.lib.common.rest_client [req-1b63dc4c-323a-4655-ae03-91b2f514363c req-1b63dc4c-323a-4655-ae03-91b2f514363c ] Request (ServerMetadataTestJSON:setUpClass): 200 GET http://10.180.1.21/compute/v2.1/servers/0eaa55ee-0619-456f-b35b-469c1ed7897d 0.330s
2025-02-12 01:19:04.828 62796 INFO tempest.lib.common.rest_client [req-49e436a8-8468-421b-99bf-c1701b559fab req-49e436a8-8468-421b-99bf-c1701b559fab ] Request (InstanceActionsTestJSON:setUpClass): 200 GET http://10.180.1.21/compute/v2.1/servers/e682e67f-5a36-4851-b870-7099d7db119d 0.340s
2025-02-12 01:19:04.880 62802 INFO tempest.lib.common.rest_client [req-efb01766-11db-4f4d-9e8b-8737ffea0125 req-efb01766-11db-4f4d-9e8b-8737ffea0125 ] Request (AttachInterfacesV270Test:test_create_get_list_interfaces): 200 GET http://10.180.1.21/compute/v2.1/servers/c5a731c8-f9a7-4a4f-a69a-a429d99b80fa 0.336s
2025-02-12 01:19:04.933 62762 INFO tempest.lib.common.rest_client [req-30c48d16-4f33-4826-9af8-1b4add915592 req-30c48d16-4f33-4826-9af8-1b4add915592 ] Request (AttachInterfacesTestJSON:test_create_list_show_delete_interfaces_by_fixed_ip): 200 GET http://10.180.1.21/compute/v2.1/servers/1b8bc5c8-1f3a-409b-bdbc-bdad8e1966e2 0.111s
2025-02-12 01:19:04.985 62782 INFO tempest.lib.common.rest_client [req-62f696c8-c3b3-4308-bad4-c00f6fe5c36a req-62f696c8-c3b3-4308-bad4-c00f6fe5c36a ] Request (ImagesOneServerNegativeTestJSON:setUpClass): 200 GET http://10.180.1.21/compute/v2.1/servers/c31b20a2-11aa-4d64-a8c6-2d8f889f1560 0.212s
2025-02-12 01:19:04.985 62806 INFO tempest.lib.common.rest_client [req-0b6414ae-6525-4514-9534-e713894dc85e req-0b6414ae-6525-4514-9534-e713894dc85e ] Request (AttachInterfacesUnderV243Test:test_add_remove_fixed_ip): 200 GET http://10.180.1.21/compute/v2.1/servers/2827c296-0e66-4ad3-a1b6-0ce5dbc6ff29 0.117s
2025-02-12 01:19:05.037 62750 INFO tempest.lib.common.rest_client [req-01e7ac3d-41bb-47a1-83c4-c3cfabc1b541 req-01e7ac3d-41bb-47a1-83c4-c3cfabc1b541 ] Request (ImagesOneServerTestJSON:setUpClass): 200 GET http://10.180.1.21/compute/v2.1/servers/d86cd3ea-23d1-488e-acc6-bb4b4b666247 0.120s
2025-02-12 01:19:05.055 62772 INFO tempest.lib.common.rest_client [req-a4d4c031-eef6-47e4-ad6b-4dc45bbf0ac6 req-a4d4c031-eef6-47e4-ad6b-4dc45bbf0ac6 ] Request (ServersAdmin275Test:test_rebuild_update_server_275): 200 GET http://10.180.1.21/compute/v2.1/servers/fbfd64cf-fa8e-48c0-9410-e3da6080f163 0.084s
2025-02-12 01:19:05.130 62792 INFO tempest.lib.common.rest_client [req-d9f3e05a-9ded-4dea-bcbb-b1253f6592b5 req-d9f3e05a-9ded-4dea-bcbb-b1253f6592b5 ] Request (ServersAdminTestJSON:setUpClass): 200 GET http://10.180.1.21/compute/v2.1/servers/498b6bd7-03d8-44e7-b007-27d86afcb028 0.117s
2025-02-12 01:19:05.179 62756 INFO tempest.lib.common.rest_client [req-e2709944-5da3-4487-8357-76560a6efe45 req-e2709944-5da3-4487-8357-76560a6efe45 ] Request (AttachVolumeTestJSON:test_attach_detach_volume): 200 GET http://10.180.1.21/compute/v2.1/servers/f8dcc4b2-c1f5-42e5-be12-77647f526cb1 0.095s
2025-02-12 01:19:05.244 62774 INFO tempest.lib.common.rest_client [req-8eea9d96-71a6-467d-acdf-8a4aa8f5331f req-8eea9d96-71a6-467d-acdf-8a4aa8f5331f ] Request (ServerActionsV293TestJSON:setUpClass): 200 GET http://10.180.1.21/compute/v2.1/servers/ba7b892b-a955-419f-b46e-e9631150a264 0.082s
2025-02-12 01:19:05.319 62760 INFO tempest.lib.common.rest_client [req-ee014f5c-cf2e-4a41-88df-e7c6a3b101f1 req-ee014f5c-cf2e-4a41-88df-e7c6a3b101f1 ] Request (FloatingIPsAssociationTestJSON:setUpClass): 200 GET http://10.180.1.21/compute/v2.1/servers/bcc0fbd8-e554-488a-8a12-732d7db1a4b0 0.296s
2025-02-12 01:19:05.355 62786 INFO tempest.lib.common.rest_client [req-aeb8b6d0-3648-4187-846b-30316135b5cc req-aeb8b6d0-3648-4187-846b-30316135b5cc ] Request (MigrationsAdminTest:test_list_migrations_in_flavor_resize_situation): 200 GET http://10.180.1.21/compute/v2.1/servers/58d7e626-35a8-4c3d-bb34-11d1f6a0d2e3 0.172s
2025-02-12 01:19:05.365 62800 INFO tempest.lib.common.rest_client [req-743926c6-1ca9-43fe-b554-e8c55a55dee1 req-743926c6-1ca9-43fe-b554-e8c55a55dee1 ] Request (VolumesAdminNegativeTest:setUpClass): 201 POST http://10.180.1.21:9696/networking/v2.0/routers 1.257s
2025-02-12 01:19:05.373 62752 INFO tempest.lib.common.rest_client [req-9ddd7829-de95-4de3-ae84-eee29d027160 req-9ddd7829-de95-4de3-ae84-eee29d027160 ] Request (TenantUsagesTestJSON:setUpClass): 200 GET http://10.180.1.21/compute/v2.1/servers/4a3639c7-8795-4702-a729-8239b0d55d51 0.160s
2025-02-12 01:19:05.412 62784 INFO tempest.lib.common.rest_client [req-e2c15ed1-8369-44ae-ac38-423ad0c3fded req-e2c15ed1-8369-44ae-ac38-423ad0c3fded ] Request (ServerDiskConfigTestJSON:test_rebuild_server_with_auto_disk_config): 200 GET http://10.180.1.21/compute/v2.1/servers/6122b5aa-dde8-4999-b611-6695d01545c1 0.136s
2025-02-12 01:19:05.518 62768 INFO tempest.lib.common.rest_client [req-fc345e01-8e1b-445e-bc33-efdd6ee53ee6 req-fc345e01-8e1b-445e-bc33-efdd6ee53ee6 ] Request (DeleteServersAdminTestJSON:test_admin_delete_servers_of_others): 200 GET http://10.180.1.21/compute/v2.1/servers/598b1fd3-d762-4625-9660-ccf76af2394c 0.140s
2025-02-12 01:19:05.611 62776 INFO tempest.lib.common.rest_client [req-5a097f8f-5799-410b-b7d1-d010e71d3ddb req-5a097f8f-5799-410b-b7d1-d010e71d3ddb ] Request (ServerRescueTestJSON:setUpClass): 200 GET http://10.180.1.21/compute/v2.1/servers/3d51c0e1-242e-4cdb-bf8c-4e7aa4d7656a 0.327s
2025-02-12 01:19:05.614 62764 INFO tempest.lib.common.rest_client [req-756814d1-75e4-4625-bdb5-6a6386636cbe req-756814d1-75e4-4625-bdb5-6a6386636cbe ] Request (DeleteServersTestJSON:test_delete_active_server): 200 GET http://10.180.1.21/compute/v2.1/servers/9b0a9f16-c53e-41b8-a473-b1eff1ad41c7 0.159s
2025-02-12 01:19:05.671 62758 INFO tempest.lib.common.rest_client [req-49eb9009-a5c5-4999-ae68-f56eac0ad932 req-49eb9009-a5c5-4999-ae68-f56eac0ad932 ] Request (ServersTestManualDisk:setUpClass): 200 GET http://10.180.1.21/compute/v2.1/servers/a1380ba5-64df-4b21-a80b-96c6d9d80f73 0.099s
2025-02-12 01:19:05.747 62754 INFO tempest.lib.common.rest_client [req-0db1086e-9dc7-407d-b3aa-bf70fa3a0d11 req-0db1086e-9dc7-407d-b3aa-bf70fa3a0d11 ] Request (InstanceActionsNegativeTestJSON:setUpClass): 200 GET http://10.180.1.21/compute/v2.1/servers/1b19cecd-2a04-4077-9758-9947a3bcb4c2 0.225s
2025-02-12 01:19:05.775 62781 INFO tempest.lib.common.rest_client [req-f0b070c3-bebf-49d6-8f74-ad2e9ffa6ecb req-f0b070c3-bebf-49d6-8f74-ad2e9ffa6ecb ] Request (SecurityGroupsTestJSON:test_list_security_groups_by_server): 200 GET http://10.180.1.21/compute/v2.1/servers/63f63029-d01a-4d55-9753-95b93b7155cf 0.195s
2025-02-12 01:19:05.812 62788 INFO tempest.lib.common.rest_client [req-5ca695ec-e6b5-4a2f-a3ac-e111f3222ac9 req-5ca695ec-e6b5-4a2f-a3ac-e111f3222ac9 ] Request (VolumesAssistedSnapshotsTest:test_volume_assisted_snapshot_create_delete): 200 GET http://10.180.1.21/compute/v2.1/servers/cb9d87f8-b8c4-4dbf-93ed-dab6988fae48 0.185s
2025-02-12 01:19:05.825 62805 INFO tempest.lib.common.rest_client [req-a5a8b97c-e6f4-4a59-a35a-26666617efc9 req-a5a8b97c-e6f4-4a59-a35a-26666617efc9 ] Request (ServersAdminNegativeTestJSON:setUpClass): 200 GET http://10.180.1.21/compute/v2.1/servers/6316a65c-b75f-4432-9bd9-5e9833c18af3 0.179s
2025-02-12 01:19:05.864 62766 INFO tempest.lib.common.rest_client [req-1e0fdb05-9714-442c-9a00-bcfc4efc7352 req-1e0fdb05-9714-442c-9a00-bcfc4efc7352 ] Request (InstanceActionsV221TestJSON:test_get_list_deleted_instance_actions): 200 GET http://10.180.1.21/compute/v2.1/servers/6d751e02-64bb-41bb-9ded-30db9b885c2e 0.150s
2025-02-12 01:19:05.919 62770 INFO tempest.lib.common.rest_client [req-675b2a03-d401-4e93-af2f-d305e57dc935 req-675b2a03-d401-4e93-af2f-d305e57dc935 ] Request (ServersWithSpecificFlavorTestJSON:test_verify_created_server_ephemeral_disk): 200 GET http://10.180.1.21/compute/v2.1/servers/765af4c8-ddae-4d08-a49f-217e038e5555 0.149s
2025-02-12 01:19:05.929 62748 INFO tempest.lib.common.rest_client [req-e4b73af1-4d3c-4129-9994-208f64fe3fe7 req-e4b73af1-4d3c-4129-9994-208f64fe3fe7 ] Request (ServerExternalEventsTest:test_create_server_external_events): 200 GET http://10.180.1.21/compute/v2.1/servers/dc241495-c9b7-4f2f-895d-e25008cc738a 0.193s
2025-02-12 01:19:05.976 62794 INFO tempest.lib.common.rest_client [req-a77c65a5-b7b4-4a74-a72d-5fa3ff78a994 req-a77c65a5-b7b4-4a74-a72d-5fa3ff78a994 ] Request (ServerMetadataTestJSON:setUpClass): 200 GET http://10.180.1.21/compute/v2.1/servers/0eaa55ee-0619-456f-b35b-469c1ed7897d 0.142s
2025-02-12 01:19:05.999 62746 INFO tempest.lib.common.rest_client [req-afbf9583-02a1-4cb2-8a7d-aba7d8507603 req-afbf9583-02a1-4cb2-8a7d-aba7d8507603 ] Request (ServerShowV247Test:test_update_rebuild_list_server): 200 GET http://10.180.1.21/compute/v2.1/servers/01bfc053-50f3-4813-8e4b-aceba0d2440f 0.213s
2025-02-12 01:19:06.048 62796 INFO tempest.lib.common.rest_client [req-774e8397-ddfd-4dd9-8e16-6ef99303a9e0 req-774e8397-ddfd-4dd9-8e16-6ef99303a9e0 ] Request (InstanceActionsTestJSON:setUpClass): 200 GET http://10.180.1.21/compute/v2.1/servers/e682e67f-5a36-4851-b870-7099d7db119d 0.205s
2025-02-12 01:19:06.065 62802 INFO tempest.lib.common.rest_client [req-c7e61b02-ab77-450b-a8ad-5507995e5679 req-c7e61b02-ab77-450b-a8ad-5507995e5679 ] Request (AttachInterfacesV270Test:test_create_get_list_interfaces): 200 GET http://10.180.1.21/compute/v2.1/servers/c5a731c8-f9a7-4a4f-a69a-a429d99b80fa 0.174s
2025-02-12 01:19:06.120 62762 INFO tempest.lib.common.rest_client [req-5852d538-aa79-47f5-b6a6-2f3afc8fed9c req-5852d538-aa79-47f5-b6a6-2f3afc8fed9c ] Request (AttachInterfacesTestJSON:test_create_list_show_delete_interfaces_by_fixed_ip): 200 GET http://10.180.1.21/compute/v2.1/servers/1b8bc5c8-1f3a-409b-bdbc-bdad8e1966e2 0.178s
2025-02-12 01:19:06.172 62806 INFO tempest.lib.common.rest_client [req-e2d5e28c-dc34-4921-a295-b9cc436e07ca req-e2d5e28c-dc34-4921-a295-b9cc436e07ca ] Request (AttachInterfacesUnderV243Test:test_add_remove_fixed_ip): 200 GET http://10.180.1.21/compute/v2.1/servers/2827c296-0e66-4ad3-a1b6-0ce5dbc6ff29 0.174s
2025-02-12 01:19:06.211 62782 INFO tempest.lib.common.rest_client [req-6b22c0a6-1276-411e-b0ef-1f768c1104df req-6b22c0a6-1276-411e-b0ef-1f768c1104df ] Request (ImagesOneServerNegativeTestJSON:setUpClass): 200 GET http://10.180.1.21/compute/v2.1/servers/c31b20a2-11aa-4d64-a8c6-2d8f889f1560 0.217s
2025-02-12 01:19:06.230 62750 INFO tempest.lib.common.rest_client [req-121f08ff-06d5-4790-989b-be511001730b req-121f08ff-06d5-4790-989b-be511001730b ] Request (ImagesOneServerTestJSON:setUpClass): 200 GET http://10.180.1.21/compute/v2.1/servers/d86cd3ea-23d1-488e-acc6-bb4b4b666247 0.179s
2025-02-12 01:19:06.278 62772 INFO tempest.lib.common.rest_client [req-aed8a00b-20fb-4970-a960-371eadab89bc req-aed8a00b-20fb-4970-a960-371eadab89bc ] Request (ServersAdmin275Test:test_rebuild_update_server_275): 200 GET http://10.180.1.21/compute/v2.1/servers/fbfd64cf-fa8e-48c0-9410-e3da6080f163 0.208s
2025-02-12 01:19:06.333 62792 INFO tempest.lib.common.rest_client [req-a3c7b28f-52e3-4348-98d9-9f3fe2ebe449 req-a3c7b28f-52e3-4348-98d9-9f3fe2ebe449 ] Request (ServersAdminTestJSON:setUpClass): 200 GET http://10.180.1.21/compute/v2.1/servers/498b6bd7-03d8-44e7-b007-27d86afcb028 0.194s
2025-02-12 01:19:06.337 62756 INFO tempest.lib.common.rest_client [req-8fdac941-452c-4930-b2d9-19a366c2563d req-8fdac941-452c-4930-b2d9-19a366c2563d ] Request (AttachVolumeTestJSON:test_attach_detach_volume): 200 GET http://10.180.1.21/compute/v2.1/servers/f8dcc4b2-c1f5-42e5-be12-77647f526cb1 0.148s
2025-02-12 01:19:06.413 62760 INFO tempest.lib.common.rest_client [req-3d71c9ac-c876-4e10-ac54-40b9d08c69f1 req-3d71c9ac-c876-4e10-ac54-40b9d08c69f1 ] Request (FloatingIPsAssociationTestJSON:setUpClass): 200 GET http://10.180.1.21/compute/v2.1/servers/bcc0fbd8-e554-488a-8a12-732d7db1a4b0 0.086s
2025-02-12 01:19:06.557 62774 INFO tempest.lib.common.rest_client [req-b5395442-4344-4c50-a0cc-49888cab9aaa req-b5395442-4344-4c50-a0cc-49888cab9aaa ] Request (ServerActionsV293TestJSON:setUpClass): 200 GET http://10.180.1.21/compute/v2.1/servers/ba7b892b-a955-419f-b46e-e9631150a264 0.300s
