2025-02-12 01:17:16.992 62781 INFO tempest.lib.common.rest_client [req-f5009fa0-d57e-4fb4-9f11-703a01f95237 req-f5009fa0-d57e-4fb4-9f11-703a01f95237 ] Request (SecurityGroupsTestJSON:test_list_security_groups_by_server): 200 GET http://10.180.1.21/compute/v2.1/servers/63f63029-d01a-4d55-9753-95b93b7155cf 1.281s
2025-02-12 01:17:17.104 62752 INFO tempest.lib.common.rest_client [req-d159afe0-0284-4eb0-89dc-428f54515016 req-d159afe0-0284-4eb0-89dc-428f54515016 ] Request (TenantUsagesTestJSON:setUpClass): 201 POST http://10.180.1.21/identity/v3/users 0.126s
2025-02-12 01:17:17.118 62762 INFO tempest.lib.common.rest_client [req-cd3ffcaf-6398-493b-bf24-85a08303bde0 req-cd3ffcaf-6398-493b-bf24-85a08303bde0 ] Request (AttachInterfacesTestJSON:setUpClass): 201 POST http://10.180.1.21:9696/networking/v2.0/networks 0.353s
2025-02-12 01:17:17.137 62752 INFO tempest.lib.common.rest_client [req-054afd02-effa-4129-a0c6-aad3802c7b45 req-054afd02-effa-4129-a0c6-aad3802c7b45 ] Request (TenantUsagesTestJSON:setUpClass): 200 GET http://10.180.1.21/identity/v3/roles 0.033s
2025-02-12 01:17:17.183 62752 INFO tempest.lib.common.rest_client [req-cd463243-b1c0-4a37-8bbe-a2aca74a9ae8 req-cd463243-b1c0-4a37-8bbe-a2aca74a9ae8 ] Request (TenantUsagesTestJSON:setUpClass): 204 PUT http://10.180.1.21/identity/v3/projects/e8011a5f4c4b47aaa106db1b61c449ba/users/bf4be2d2579541f4876adae9676798c3/roles/86924a3a985d48c8885c32a77068e8f2 0.045s
2025-02-12 01:17:17.184 62752 INFO tempest.lib.common.dynamic_creds [-] Dynamic test user bf4be2d2579541f4876adae9676798c3 is created with scope project and roles: ['member']
2025-02-12 01:17:17.184 62752 INFO tempest.lib.common.dynamic_creds [-] Acquired dynamic creds: credentials: Credentials: {'domain_id': 'default', 'domain_name': 'Default', 'username': 'tempest-TenantUsagesTestJSON-234509088-project-member', 'project_domain_id': 'default', 'project_domain_name': 'Default', 'project_id': 'e8011a5f4c4b47aaa106db1b61c449ba', 'project_name': 'tempest-TenantUsagesTestJSON-234509088', 'tenant_id': 'e8011a5f4c4b47aaa106db1b61c449ba', 'tenant_name': 'tempest-TenantUsagesTestJSON-234509088', 'user_domain_id': 'default', 'user_domain_name': 'Default', 'user_id': 'bf4be2d2579541f4876adae9676798c3', 'system': None}, Network: None, Subnet: None, Router: None
2025-02-12 01:17:17.184 62752 INFO tempest.lib.common.dynamic_creds [-] Created isolated network resources for: credentials: Credentials: {'domain_id': 'default', 'domain_name': 'Default', 'username': 'tempest-TenantUsagesTestJSON-234509088-project-member', 'project_domain_id': 'default', 'project_domain_name': 'Default', 'project_id': 'e8011a5f4c4b47aaa106db1b61c449ba', 'project_name': 'tempest-TenantUsagesTestJSON-234509088', 'tenant_id': 'e8011a5f4c4b47aaa106db1b61c449ba', 'tenant_name': 'tempest-TenantUsagesTestJSON-234509088', 'user_domain_id': 'default', 'user_domain_name': 'Default', 'user_id': 'bf4be2d2579541f4876adae9676798c3', 'system': None}, Network: None, Subnet: None, Router: None
2025-02-12 01:17:17.192 62796 INFO tempest.lib.common.rest_client [req-e24f1a8e-822d-4197-94e1-19fc30320d4a req-e24f1a8e-822d-4197-94e1-19fc30320d4a ] Request (FloatingIPsAssociationNegativeTestJSON:setUpClass): 200 GET http://10.180.1.21/compute/v2.1/servers/fa608f4a-47e6-4904-af65-a82c107af979 1.374s
2025-02-12 01:17:17.273 62752 INFO tempest.lib.common.rest_client [req-ba8103f1-39da-4d7c-a9e7-fff39e2caac3 req-ba8103f1-39da-4d7c-a9e7-fff39e2caac3 ] Request (TenantUsagesTestJSON:setUpClass): 201 POST http://10.180.1.21/identity/v3/auth/tokens 0.086s
2025-02-12 01:17:17.334 62754 INFO tempest.lib.common.rest_client [req-1a70c9d7-e0ad-4a50-b6c6-e087ee63355b req-1a70c9d7-e0ad-4a50-b6c6-e087ee63355b ] Request (InstanceActionsNegativeTestJSON:setUpClass): 200 GET http://10.180.1.21/compute/v2.1/servers/1b19cecd-2a04-4077-9758-9947a3bcb4c2 1.359s
2025-02-12 01:17:17.372 62752 INFO tempest.lib.common.rest_client [req-08aee67b-6ea7-4b3d-90a4-6f3bebf1c3f3 req-08aee67b-6ea7-4b3d-90a4-6f3bebf1c3f3 ] Request (TenantUsagesTestJSON:setUpClass): 201 POST http://10.180.1.21/identity/v3/projects 0.098s
2025-02-12 01:17:17.428 62752 INFO tempest.lib.common.rest_client [req-b1ff164c-697f-475e-8030-a1cbadef567a req-b1ff164c-697f-475e-8030-a1cbadef567a ] Request (TenantUsagesTestJSON:setUpClass): 201 POST http://10.180.1.21/identity/v3/users 0.055s
2025-02-12 01:17:17.445 62752 INFO tempest.lib.common.rest_client [req-f7bf4a11-a4ab-4fea-8116-e124b113fe4c req-f7bf4a11-a4ab-4fea-8116-e124b113fe4c ] Request (TenantUsagesTestJSON:setUpClass): 200 GET http://10.180.1.21/identity/v3/roles 0.017s
2025-02-12 01:17:17.476 62752 INFO tempest.lib.common.rest_client [req-2696e107-9808-480b-bbb1-609317c418c9 req-2696e107-9808-480b-bbb1-609317c418c9 ] Request (TenantUsagesTestJSON:setUpClass): 204 PUT http://10.180.1.21/identity/v3/projects/ea018dd785a94302b7c625c18f89a66d/users/2dc631161bab4100b3a1a245cc68e671/roles/37b60cf2fed24701983c6356bcf01a57 0.030s
2025-02-12 01:17:17.499 62794 INFO tempest.lib.common.rest_client [req-097fa837-485e-403c-883f-828ad8685142 req-097fa837-485e-403c-883f-828ad8685142 ] Request (AbsoluteLimitsNegativeTestJSON:test_max_metadata_exceed_limit): 200 GET http://10.180.1.21/compute/v2.1/limits 1.470s
2025-02-12 01:17:17.523 62752 INFO tempest.lib.common.rest_client [req-67de867f-fd2e-4ad9-8af6-124498c592fe req-67de867f-fd2e-4ad9-8af6-124498c592fe ] Request (TenantUsagesTestJSON:setUpClass): 200 GET http://10.180.1.21/identity/v3/roles 0.046s
2025-02-12 01:17:17.539 62752 INFO tempest.lib.common.rest_client [req-eef7d8c8-9869-414c-8b41-b83ed0d2252a req-eef7d8c8-9869-414c-8b41-b83ed0d2252a ] Request (TenantUsagesTestJSON:setUpClass): 204 PUT http://10.180.1.21/identity/v3/projects/ea018dd785a94302b7c625c18f89a66d/users/2dc631161bab4100b3a1a245cc68e671/roles/37b60cf2fed24701983c6356bcf01a57 0.016s
2025-02-12 01:17:17.540 62752 INFO tempest.lib.common.dynamic_creds [-] Dynamic test user 2dc631161bab4100b3a1a245cc68e671 is created with scope project and roles: ['admin']
2025-02-12 01:17:17.540 62752 INFO tempest.lib.common.dynamic_creds [-] Acquired dynamic creds: credentials: Credentials: {'domain_id': 'default', 'domain_name': 'Default', 'username': 'tempest-TenantUsagesTestJSON-1792245288-project-admin', 'project_domain_id': 'default', 'project_domain_name': 'Default', 'project_id': 'ea018dd785a94302b7c625c18f89a66d', 'project_name': 'tempest-TenantUsagesTestJSON-1792245288', 'tenant_id': 'ea018dd785a94302b7c625c18f89a66d', 'tenant_name': 'tempest-TenantUsagesTestJSON-1792245288', 'user_domain_id': 'default', 'user_domain_name': 'Default', 'user_id': '2dc631161bab4100b3a1a245cc68e671', 'system': None}, Network: None, Subnet: None, Router: None
2025-02-12 01:17:17.540 62752 INFO tempest.lib.common.dynamic_creds [-] Created isolated network resources for: credentials: Credentials: {'domain_id': 'default', 'domain_name': 'Default', 'username': 'tempest-TenantUsagesTestJSON-1792245288-project-admin', 'project_domain_id': 'default', 'project_domain_name': 'Default', 'project_id': 'ea018dd785a94302b7c625c18f89a66d', 'project_name': 'tempest-TenantUsagesTestJSON-1792245288', 'tenant_id': 'ea018dd785a94302b7c625c18f89a66d', 'tenant_name': 'tempest-TenantUsagesTestJSON-1792245288', 'user_domain_id': 'default', 'user_domain_name': 'Default', 'user_id': '2dc631161bab4100b3a1a245cc68e671', 'system': None}, Network: None, Subnet: None, Router: None
2025-02-12 01:17:17.564 62794 INFO tempest.lib.common.rest_client [req-0e0b26db-5658-4c72-9f91-a5ce391a1f86 req-0e0b26db-5658-4c72-9f91-a5ce391a1f86 ] Request (AbsoluteLimitsNegativeTestJSON:test_max_metadata_exceed_limit): 201 POST http://10.180.1.21/identity/v3/auth/tokens 0.058s
2025-02-12 01:17:17.565 62794 INFO tempest.lib.common.fixed_network [-] (AbsoluteLimitsNegativeTestJSON:test_max_metadata_exceed_limit) Found network None available for tenant
2025-02-12 01:17:17.635 62786 INFO tempest.lib.common.rest_client [req-366781be-bdda-44d7-9991-78bd8129bc5e req-366781be-bdda-44d7-9991-78bd8129bc5e ] Request (MigrationsAdminTest:test_list_migrations_in_flavor_resize_situation): 200 GET http://10.180.1.21/compute/v2.1/servers/58d7e626-35a8-4c3d-bb34-11d1f6a0d2e3 1.546s
2025-02-12 01:17:17.640 62762 INFO tempest.lib.common.rest_client [req-cea58532-d4ef-4417-aeb4-145a1e409266 req-cea58532-d4ef-4417-aeb4-145a1e409266 ] Request (AttachInterfacesTestJSON:setUpClass): 201 POST http://10.180.1.21:9696/networking/v2.0/subnets 0.521s
2025-02-12 01:17:17.642 62752 INFO tempest.lib.common.rest_client [req-5debabe7-add5-470e-95a1-4cac328678cc req-5debabe7-add5-470e-95a1-4cac328678cc ] Request (TenantUsagesTestJSON:setUpClass): 201 POST http://10.180.1.21/identity/v3/auth/tokens 0.098s
2025-02-12 01:17:17.708 62752 INFO tempest.lib.common.rest_client [req-b97e3e36-c9e6-4a27-961a-5241950fd7ee req-b97e3e36-c9e6-4a27-961a-5241950fd7ee ] Request (TenantUsagesTestJSON:setUpClass): 201 POST http://10.180.1.21/identity/v3/auth/tokens 0.060s
2025-02-12 01:17:17.708 62752 INFO tempest.lib.common.fixed_network [-] (TenantUsagesTestJSON:setUpClass) Found network None available for tenant
2025-02-12 01:17:17.720 62760 INFO tempest.lib.common.rest_client [req-679fd132-74e3-4874-806f-b1bcd5f0a354 req-679fd132-74e3-4874-806f-b1bcd5f0a354 ] Request (ServerDiagnosticsV248Test:test_get_server_diagnostics): 200 GET http://10.180.1.21/compute/v2.1/servers/55592fa8-93f7-49a2-8022-f4d0825c705b 1.441s
2025-02-12 01:17:17.734 62756 INFO tempest.lib.common.rest_client [req-9a83c63c-97c4-4035-b6c5-185dd9d5bc28 req-9a83c63c-97c4-4035-b6c5-185dd9d5bc28 ] Request (FlavorsAdminTestJSON:_run_cleanups): 202 DELETE http://10.180.1.21/compute/v2.1/flavors/826769437 1.421s
2025-02-12 01:17:17.839 62746 INFO tempest.lib.common.rest_client [req-68a3ca3a-dfda-4c75-8866-1ee460b9e445 req-68a3ca3a-dfda-4c75-8866-1ee460b9e445 ] Request (ServerShowV247Test:test_update_rebuild_list_server): 200 GET http://10.180.1.21/compute/v2.1/servers/01bfc053-50f3-4813-8e4b-aceba0d2440f 1.505s
2025-02-12 01:17:17.966 62774 INFO tempest.lib.common.rest_client [req-0843dc79-7c30-4f93-b657-9ddff9df3ae8 req-0843dc79-7c30-4f93-b657-9ddff9df3ae8 ] Request (ServerActionsV293TestJSON:setUpClass): 200 GET http://10.180.1.21/volume/v3/9335e7fc47a74ae5b552e2247de5026e/volumes/4ff87c37-ee12-4b61-b998-adf79cd64f50 0.032s
2025-02-12 01:17:18.116 62744 INFO tempest.lib.common.rest_client [req-4bcc213f-5136-4e71-9972-ad954bcd3cb0 req-4bcc213f-5136-4e71-9972-ad954bcd3cb0 ] Request (ImagesMetadataTestJSON:setUp): 200 PUT http://10.180.1.21/compute/v2.1/images/7a7acd9b-618c-4e3e-b8ba-80135607c5ea/metadata 1.764s
2025-02-12 01:17:18.123 62758 INFO tempest.lib.common.rest_client [req-1e671829-7fb1-4ef2-9d5f-169f1c3bdfa8 req-1e671829-7fb1-4ef2-9d5f-169f1c3bdfa8 ] Request (FloatingIPsTestJSON:test_delete_floating_ip): 200 POST http://10.180.1.21/compute/v2.1/os-floating-ips 2.126s
2025-02-12 01:17:18.151 62799 INFO tempest.lib.common.rest_client [req-585c56c3-7d13-44d1-b177-9bdbf85347fc req-585c56c3-7d13-44d1-b177-9bdbf85347fc ] Request (AggregatesAdminNegativeTestJSON:test_aggregate_get_details_as_user): 200 POST http://10.180.1.21/compute/v2.1/os-aggregates 1.767s
2025-02-12 01:17:18.165 62778 INFO tempest.lib.common.rest_client [req-ad269a96-a76e-4929-912d-465db84e4f3c req-ad269a96-a76e-4929-912d-465db84e4f3c ] Request (KeyPairsV22TestJSON:test_keypairsv22_create_list_show): 201 POST http://10.180.1.21/compute/v2.1/os-keypairs 1.793s
2025-02-12 01:17:18.180 62766 INFO tempest.lib.common.rest_client [req-5c25d4ba-fffa-4921-b124-1fa24e6257ad req-5c25d4ba-fffa-4921-b124-1fa24e6257ad ] Request (FlavorsAccessNegativeTestJSON:_run_cleanups): 202 DELETE http://10.180.1.21/compute/v2.1/flavors/855184533 1.679s
2025-02-12 01:17:18.217 62802 INFO tempest.lib.common.rest_client [req-98f2ce1c-15b4-4774-a74f-3dfa0754e214 req-98f2ce1c-15b4-4774-a74f-3dfa0754e214 ] Request (AttachInterfacesV270Test:test_create_get_list_interfaces): 200 GET http://10.180.1.21/compute/v2.1/servers/c5a731c8-f9a7-4a4f-a69a-a429d99b80fa 1.726s
2025-02-12 01:17:18.265 62788 INFO tempest.lib.common.rest_client [req-b32bd0ea-d98a-4a4e-b061-cad0b8621843 req-b32bd0ea-d98a-4a4e-b061-cad0b8621843 ] Request (VolumesAssistedSnapshotsTest:test_volume_assisted_snapshot_create_delete): 200 GET http://10.180.1.21/compute/v2.1/servers/cb9d87f8-b8c4-4dbf-93ed-dab6988fae48 1.736s
2025-02-12 01:17:18.364 62768 INFO tempest.lib.common.rest_client [req-cfaec757-b95a-46fa-96b5-39f0c0165b67 req-cfaec757-b95a-46fa-96b5-39f0c0165b67 ] Request (DeleteServersAdminTestJSON:test_admin_delete_servers_of_others): 200 GET http://10.180.1.21/compute/v2.1/servers/598b1fd3-d762-4625-9660-ccf76af2394c 1.832s
2025-02-12 01:17:18.420 62770 INFO tempest.lib.common.rest_client [req-dd032f22-be61-448d-8070-083756e724a7 req-dd032f22-be61-448d-8070-083756e724a7 ] Request (ServersWithSpecificFlavorTestJSON:test_verify_created_server_ephemeral_disk): 200 GET http://10.180.1.21/compute/v2.1/servers/765af4c8-ddae-4d08-a49f-217e038e5555 1.734s
2025-02-12 01:17:18.438 62782 INFO tempest.lib.common.rest_client [req-52d8f2c2-6623-4a1c-acd1-5d3510ec24d7 req-52d8f2c2-6623-4a1c-acd1-5d3510ec24d7 ] Request (ImagesOneServerNegativeTestJSON:setUpClass): 200 GET http://10.180.1.21/compute/v2.1/servers/c31b20a2-11aa-4d64-a8c6-2d8f889f1560 1.808s
2025-02-12 01:17:18.507 62750 INFO tempest.lib.common.rest_client [req-e35f5aad-45f7-4041-9320-1e5d314afa02 req-e35f5aad-45f7-4041-9320-1e5d314afa02 ] Request (ImagesOneServerTestJSON:setUpClass): 200 GET http://10.180.1.21/compute/v2.1/servers/d86cd3ea-23d1-488e-acc6-bb4b4b666247 1.525s
2025-02-12 01:17:18.565 62805 INFO tempest.lib.common.rest_client [req-1badda82-f83e-4c8a-94ab-4bfcdd26a1b9 req-1badda82-f83e-4c8a-94ab-4bfcdd26a1b9 ] Request (ServersAdminNegativeTestJSON:setUpClass): 200 GET http://10.180.1.21/compute/v2.1/servers/6316a65c-b75f-4432-9bd9-5e9833c18af3 1.502s
2025-02-12 01:17:18.821 62800 INFO tempest.lib.common.rest_client [req-f8e2c78a-c5d5-4201-b645-6b1abd1e3439 req-f8e2c78a-c5d5-4201-b645-6b1abd1e3439 ] Request (ServerDiagnosticsNegativeTest:test_get_server_diagnostics_by_non_admin): 200 GET http://10.180.1.21/compute/v2.1/servers/4144689d-05a1-4e7f-b159-75cbaef82333 1.741s
2025-02-12 01:17:18.828 62790 INFO tempest.lib.common.rest_client [req-3ace6725-8b0d-406c-9e87-842673e1b3d3 req-3ace6725-8b0d-406c-9e87-842673e1b3d3 ] Request (FloatingIPDetailsTestJSON:tearDownClass): 202 DELETE http://10.180.1.21/compute/v2.1/os-floating-ips/31e276d3-3494-4d39-b19b-001ce2ac99b2 1.969s
2025-02-12 01:17:18.889 62806 INFO tempest.lib.common.rest_client [req-6194622e-c775-4f5f-a91a-2363e79ab606 req-6194622e-c775-4f5f-a91a-2363e79ab606 ] Request (AttachInterfacesUnderV243Test:test_add_remove_fixed_ip): 200 GET http://10.180.1.21/compute/v2.1/servers/2827c296-0e66-4ad3-a1b6-0ce5dbc6ff29 1.765s
2025-02-12 01:17:18.897 62764 INFO tempest.lib.common.rest_client [req-2e8f4ed9-f8b3-4f5c-82ac-3a7d2c8660d7 req-2e8f4ed9-f8b3-4f5c-82ac-3a7d2c8660d7 ] Request (DeleteServersTestJSON:test_delete_active_server): 200 GET http://10.180.1.21/compute/v2.1/servers/9b0a9f16-c53e-41b8-a473-b1eff1ad41c7 1.770s
2025-02-12 01:17:18.898 62762 INFO tempest.lib.common.rest_client [req-45eb11ca-c483-4ecf-a3e0-1d41f3b1cbe1 req-45eb11ca-c483-4ecf-a3e0-1d41f3b1cbe1 ] Request (AttachInterfacesTestJSON:setUpClass): 201 POST http://10.180.1.21:9696/networking/v2.0/routers 1.257s
2025-02-12 01:17:18.957 62784 INFO tempest.lib.common.rest_client [req-79993104-f73c-4adc-ba86-f70e78095c52 req-79993104-f73c-4adc-ba86-f70e78095c52 ] Request (ServerDiskConfigTestJSON:test_rebuild_server_with_auto_disk_config): 200 GET http://10.180.1.21/compute/v2.1/servers/6122b5aa-dde8-4999-b611-6695d01545c1 1.727s
2025-02-12 01:17:18.958 62772 INFO tempest.lib.common.rest_client [req-d46f8fca-bc32-4f60-9d20-f1c258005f17 req-d46f8fca-bc32-4f60-9d20-f1c258005f17 ] Request (ServersAdmin275Test:test_rebuild_update_server_275): 200 GET http://10.180.1.21/compute/v2.1/servers/fbfd64cf-fa8e-48c0-9410-e3da6080f163 1.772s
2025-02-12 01:17:19.005 62774 INFO tempest.lib.common.rest_client [req-247d1d3e-ea8a-4b9f-830f-2a716a6a72b7 req-247d1d3e-ea8a-4b9f-830f-2a716a6a72b7 ] Request (ServerActionsV293TestJSON:setUpClass): 200 GET http://10.180.1.21/volume/v3/9335e7fc47a74ae5b552e2247de5026e/volumes/4ff87c37-ee12-4b61-b998-adf79cd64f50 0.029s
2025-02-12 01:17:19.185 62792 INFO tempest.lib.common.rest_client [req-e3d7faa2-bba5-475b-ba02-2701af48c622 req-e3d7faa2-bba5-475b-ba02-2701af48c622 ] Request (ServersAdminTestJSON:setUpClass): 200 GET http://10.180.1.21/compute/v2.1/servers/498b6bd7-03d8-44e7-b007-27d86afcb028 1.876s
2025-02-12 01:17:19.217 62776 INFO tempest.lib.common.rest_client [req-2043287e-5370-48b7-915f-5ca87069b41c req-2043287e-5370-48b7-915f-5ca87069b41c ] Request (ServerRescueTestJSON:setUpClass): 200 GET http://10.180.1.21/compute/v2.1/servers/3d51c0e1-242e-4cdb-bf8c-4e7aa4d7656a 1.956s
2025-02-12 01:17:19.392 62748 INFO tempest.lib.common.rest_client [req-9c594213-7988-46fa-8f37-9bf5f413d51b req-9c594213-7988-46fa-8f37-9bf5f413d51b ] Request (ServerExternalEventsTest:test_create_server_external_events): 200 GET http://10.180.1.21/compute/v2.1/servers/dc241495-c9b7-4f2f-895d-e25008cc738a 2.003s
2025-02-12 01:17:19.437 62794 INFO tempest.lib.common.rest_client [req-b573ac2d-4d57-47f2-aa04-0a23d582d33a req-b573ac2d-4d57-47f2-aa04-0a23d582d33a ] Request (AbsoluteLimitsNegativeTestJSON:test_max_metadata_exceed_limit): 403 POST http://10.180.1.21/compute/v2.1/servers 1.871s
2025-02-12 01:17:19.460 62756 INFO tempest.lib.common.rest_client [req-ea57513d-e429-4927-8c51-aba6f6e71af9 req-ea57513d-e429-4927-8c51-aba6f6e71af9 ] Request (FlavorsAdminTestJSON:_run_cleanups): 200 GET http://10.180.1.21/compute/v2.1/flavors/detail 1.724s
2025-02-12 01:17:19.563 62794 INFO tempest.lib.common.rest_client [req-9cc42ae9-c8a5-4a18-9cb0-2f9fc6f37af2 req-9cc42ae9-c8a5-4a18-9cb0-2f9fc6f37af2 ] Request (AbsoluteLimitsNegativeTestJSON:tearDownClass): 204 DELETE http://10.180.1.21/identity/v3/users/84326f62890249f8831c0f40489244eb 0.125s
2025-02-12 01:17:19.564 62794 INFO tempest.lib.common.dynamic_creds [-] Deleting project and security group for project: 97565061e66a4e4caeca0ca395cce261
2025-02-12 01:17:19.625 62794 INFO tempest.lib.common.rest_client [req-2d22028a-fabd-40ba-98c6-297aa1cab623 req-2d22028a-fabd-40ba-98c6-297aa1cab623 ] Request (AbsoluteLimitsNegativeTestJSON:tearDownClass): 201 POST http://10.180.1.21/identity/v3/auth/tokens 0.061s
2025-02-12 01:17:19.681 62781 INFO tempest.lib.common.rest_client [req-8e0b30d5-e71b-490c-bdb1-88a245e00875 req-8e0b30d5-e71b-490c-bdb1-88a245e00875 ] Request (SecurityGroupsTestJSON:test_list_security_groups_by_server): 200 GET http://10.180.1.21/compute/v2.1/servers/63f63029-d01a-4d55-9753-95b93b7155cf 1.673s
2025-02-12 01:17:19.812 62752 INFO tempest.lib.common.rest_client [req-567590d8-2fad-4503-bdd3-0ccc0bde8c1a req-567590d8-2fad-4503-bdd3-0ccc0bde8c1a ] Request (TenantUsagesTestJSON:setUpClass): 202 POST http://10.180.1.21/compute/v2.1/servers 2.102s
2025-02-12 01:17:20.000 62744 INFO tempest.lib.common.rest_client [req-0aa2bb9d-d59e-425d-91bc-8b4d1edfe338 req-0aa2bb9d-d59e-425d-91bc-8b4d1edfe338 ] Request (ImagesMetadataTestJSON:test_delete_image_metadata_item): 204 DELETE http://10.180.1.21/compute/v2.1/images/7a7acd9b-618c-4e3e-b8ba-80135607c5ea/metadata/os_version 1.883s
2025-02-12 01:17:20.007 62799 INFO tempest.lib.common.rest_client [req-423ee864-3351-4cac-9c83-eb333d043021 req-423ee864-3351-4cac-9c83-eb333d043021 ] Request (AggregatesAdminNegativeTestJSON:test_aggregate_get_details_as_user): 403 GET http://10.180.1.21/compute/v2.1/os-aggregates/6 1.853s
2025-02-12 01:17:20.021 62778 INFO tempest.lib.common.rest_client [req-63b74b62-35b9-4a11-8bb8-892be72363d0 req-63b74b62-35b9-4a11-8bb8-892be72363d0 ] Request (KeyPairsV22TestJSON:test_keypairsv22_create_list_show): 200 GET http://10.180.1.21/compute/v2.1/os-keypairs/tempest-keypair-429617173 1.854s
2025-02-12 01:17:20.037 62766 INFO tempest.lib.common.rest_client [req-c061f956-dfc5-4c6f-a8e8-a705821cfeee req-c061f956-dfc5-4c6f-a8e8-a705821cfeee ] Request (FlavorsAccessNegativeTestJSON:_run_cleanups): 200 GET http://10.180.1.21/compute/v2.1/flavors/detail 1.856s
2025-02-12 01:17:20.051 62774 INFO tempest.lib.common.rest_client [req-171f13e5-c7fb-4e2e-97dd-2d3c190752dc req-171f13e5-c7fb-4e2e-97dd-2d3c190752dc ] Request (ServerActionsV293TestJSON:setUpClass): 200 GET http://10.180.1.21/volume/v3/9335e7fc47a74ae5b552e2247de5026e/volumes/4ff87c37-ee12-4b61-b998-adf79cd64f50 0.035s
2025-02-12 01:17:20.083 62794 INFO tempest.lib.common.rest_client [req-3f3466c9-0ecf-470f-82e1-a41dcde7c7ac req-3f3466c9-0ecf-470f-82e1-a41dcde7c7ac ] Request (AbsoluteLimitsNegativeTestJSON:tearDownClass): 200 GET http://10.180.1.21:9696/networking/v2.0/security-groups?tenant_id=97565061e66a4e4caeca0ca395cce261&name=default 0.458s
2025-02-12 01:17:20.153 62766 INFO tempest.lib.common.rest_client [req-ff00cd0c-3b3d-4dd3-a757-ee29997e680a req-ff00cd0c-3b3d-4dd3-a757-ee29997e680a ] Request (FlavorsAccessNegativeTestJSON:tearDownClass): 204 DELETE http://10.180.1.21/identity/v3/users/ceedb9f3e23b47c1b492a8c85359eb44 0.107s
2025-02-12 01:17:20.290 62766 INFO tempest.lib.common.rest_client [req-21beacfd-bba0-4c20-afd6-84cb063af3cf req-21beacfd-bba0-4c20-afd6-84cb063af3cf ] Request (FlavorsAccessNegativeTestJSON:tearDownClass): 204 DELETE http://10.180.1.21/identity/v3/users/96d9a2a5dcd2486aad11559f83a83bdc 0.136s
2025-02-12 01:17:20.339 62794 INFO tempest.lib.common.rest_client [req-c19b0d03-1e78-49c1-beb7-69eba0eee807 req-c19b0d03-1e78-49c1-beb7-69eba0eee807 ] Request (AbsoluteLimitsNegativeTestJSON:tearDownClass): 204 DELETE http://10.180.1.21:9696/networking/v2.0/security-groups/2b07b735-c99a-445d-bcf9-3ffbddcc1a37 0.256s
2025-02-12 01:17:20.343 62796 INFO tempest.lib.common.rest_client [req-e4a1eafa-bc84-478c-8cf8-093643616841 req-e4a1eafa-bc84-478c-8cf8-093643616841 ] Request (FloatingIPsAssociationNegativeTestJSON:setUpClass): 200 GET http://10.180.1.21/compute/v2.1/servers/fa608f4a-47e6-4904-af65-a82c107af979 2.142s
2025-02-12 01:17:20.350 62790 INFO tempest.lib.common.rest_client [req-93306ccf-45e6-41dd-ada8-7be992a224e6 req-93306ccf-45e6-41dd-ada8-7be992a224e6 ] Request (FloatingIPDetailsTestJSON:tearDownClass): 200 PUT http://10.180.1.21:9696/networking/v2.0/routers/f9a3ec63-9347-4b5c-b250-0034c70fd582/remove_router_interface 1.522s
2025-02-12 01:17:20.399 62766 INFO tempest.lib.common.rest_client [req-060e5d2e-db33-498f-b33a-7e5a9e64457e req-060e5d2e-db33-498f-b33a-7e5a9e64457e ] Request (FlavorsAccessNegativeTestJSON:tearDownClass): 204 DELETE http://10.180.1.21/identity/v3/users/b4d8fc072817418d94e4e72b2dfb1cab 0.109s
2025-02-12 01:17:20.399 62766 INFO tempest.lib.common.dynamic_creds [-] Deleting project and security group for project: 83d40f1605fc47b9baf2143a698d0260
2025-02-12 01:17:20.457 62766 INFO tempest.lib.common.rest_client [req-79504f49-036e-4f2a-b6cb-15847a477d08 req-79504f49-036e-4f2a-b6cb-15847a477d08 ] Request (FlavorsAccessNegativeTestJSON:tearDownClass): 201 POST http://10.180.1.21/identity/v3/auth/tokens 0.058s
2025-02-12 01:17:20.486 62794 INFO tempest.lib.common.rest_client [req-d21230a8-a741-4ed2-8d80-a763847232a6 req-d21230a8-a741-4ed2-8d80-a763847232a6 ] Request (AbsoluteLimitsNegativeTestJSON:tearDownClass): 204 DELETE http://10.180.1.21/identity/v3/projects/97565061e66a4e4caeca0ca395cce261 0.146s
2025-02-12 01:17:20.555 62794 INFO tempest.lib.common.rest_client [req-e91b53b4-0c6c-42c8-9e7f-4fd0c41f7d13 req-e91b53b4-0c6c-42c8-9e7f-4fd0c41f7d13 ] Request (ServerMetadataTestJSON:setUpClass): 201 POST http://10.180.1.21/identity/v3/auth/tokens 0.067s
2025-02-12 01:17:20.577 62754 INFO tempest.lib.common.rest_client [req-67087451-993a-4020-a732-c5b7ed78a008 req-67087451-993a-4020-a732-c5b7ed78a008 ] Request (InstanceActionsNegativeTestJSON:setUpClass): 200 GET http://10.180.1.21/compute/v2.1/servers/1b19cecd-2a04-4077-9758-9947a3bcb4c2 2.233s
2025-02-12 01:17:20.589 62794 INFO tempest.lib.common.rest_client [req-77f73dc9-6327-400a-b57e-9a14f2b69948 req-77f73dc9-6327-400a-b57e-9a14f2b69948 ] Request (ServerMetadataTestJSON:setUpClass): 201 POST http://10.180.1.21/identity/v3/auth/tokens 0.031s
2025-02-12 01:17:20.610 62794 INFO tempest.lib.common.rest_client [req-e3c548fb-b8cf-4494-aa54-f904bc78af14 req-e3c548fb-b8cf-4494-aa54-f904bc78af14 ] Request (ServerMetadataTestJSON:setUpClass): 200 GET http://10.180.1.21/identity/v3/domains?name=Default 0.021s
2025-02-12 01:17:20.636 62794 INFO tempest.lib.common.rest_client [req-6147b73c-c721-4681-90b3-6df89914e9b2 req-6147b73c-c721-4681-90b3-6df89914e9b2 ] Request (ServerMetadataTestJSON:setUpClass): 201 POST http://10.180.1.21/identity/v3/projects 0.025s
2025-02-12 01:17:20.707 62794 INFO tempest.lib.common.rest_client [req-ce26f55f-54dc-4742-97f3-10ff2772c18b req-ce26f55f-54dc-4742-97f3-10ff2772c18b ] Request (ServerMetadataTestJSON:setUpClass): 201 POST http://10.180.1.21/identity/v3/users 0.071s
2025-02-12 01:17:20.724 62794 INFO tempest.lib.common.rest_client [req-5f3afbad-bad1-462f-a00a-fadcf5ff6f8c req-5f3afbad-bad1-462f-a00a-fadcf5ff6f8c ] Request (ServerMetadataTestJSON:setUpClass): 200 GET http://10.180.1.21/identity/v3/roles 0.016s
2025-02-12 01:17:20.763 62794 INFO tempest.lib.common.rest_client [req-f09cfea3-fee8-49cf-baf0-a5a0c4714bae req-f09cfea3-fee8-49cf-baf0-a5a0c4714bae ] Request (ServerMetadataTestJSON:setUpClass): 204 PUT http://10.180.1.21/identity/v3/projects/fef9efa7b5c243ec8d0332c8d8e6a78a/users/b72a144cd75e42b481303ce12e3ee04c/roles/86924a3a985d48c8885c32a77068e8f2 0.039s
2025-02-12 01:17:20.764 62794 INFO tempest.lib.common.dynamic_creds [-] Dynamic test user b72a144cd75e42b481303ce12e3ee04c is created with scope project and roles: ['member']
2025-02-12 01:17:20.764 62794 INFO tempest.lib.common.dynamic_creds [-] Acquired dynamic creds: credentials: Credentials: {'domain_id': 'default', 'domain_name': 'Default', 'username': 'tempest-ServerMetadataTestJSON-665996216-project-member', 'project_domain_id': 'default', 'project_domain_name': 'Default', 'project_id': 'fef9efa7b5c243ec8d0332c8d8e6a78a', 'project_name': 'tempest-ServerMetadataTestJSON-665996216', 'tenant_id': 'fef9efa7b5c243ec8d0332c8d8e6a78a', 'tenant_name': 'tempest-ServerMetadataTestJSON-665996216', 'user_domain_id': 'default', 'user_domain_name': 'Default', 'user_id': 'b72a144cd75e42b481303ce12e3ee04c', 'system': None}, Network: None, Subnet: None, Router: None
2025-02-12 01:17:20.781 62786 INFO tempest.lib.common.rest_client [req-4b1dc53d-2c5e-49d9-aebd-aa1158f8cb34 req-4b1dc53d-2c5e-49d9-aebd-aa1158f8cb34 ] Request (MigrationsAdminTest:test_list_migrations_in_flavor_resize_situation): 200 GET http://10.180.1.21/compute/v2.1/servers/58d7e626-35a8-4c3d-bb34-11d1f6a0d2e3 2.131s
2025-02-12 01:17:20.794 62766 INFO tempest.lib.common.rest_client [req-8f250b95-8c23-4693-af91-a2be6f569a92 req-8f250b95-8c23-4693-af91-a2be6f569a92 ] Request (FlavorsAccessNegativeTestJSON:tearDownClass): 200 GET http://10.180.1.21:9696/networking/v2.0/security-groups?tenant_id=83d40f1605fc47b9baf2143a698d0260&name=default 0.336s
2025-02-12 01:17:20.843 62794 INFO tempest.lib.common.rest_client [req-d198d2c3-0521-48ea-bbe5-99bb69c43414 req-d198d2c3-0521-48ea-bbe5-99bb69c43414 ] Request (ServerMetadataTestJSON:setUpClass): 201 POST http://10.180.1.21/identity/v3/auth/tokens 0.079s
2025-02-12 01:17:20.857 62760 INFO tempest.lib.common.rest_client [req-b80963b1-b4fc-4617-a71d-994a41835ca1 req-b80963b1-b4fc-4617-a71d-994a41835ca1 ] Request (ServerDiagnosticsV248Test:test_get_server_diagnostics): 200 GET http://10.180.1.21/compute/v2.1/servers/55592fa8-93f7-49a2-8022-f4d0825c705b 2.126s
2025-02-12 01:17:20.868 62760 INFO tempest.common.waiters [-] State transition "BUILD/spawning" ==> "ERROR/None" after 53 second wait
2025-02-12 01:17:20.902 62758 INFO tempest.lib.common.rest_client [req-de50f9c8-51cc-4d6c-8e7c-97bd82286e57 req-de50f9c8-51cc-4d6c-8e7c-97bd82286e57 ] Request (FloatingIPsTestJSON:test_delete_floating_ip): 202 DELETE http://10.180.1.21/compute/v2.1/os-floating-ips/fdb80dc1-7dce-4c53-adcb-6960f08ed9f3 2.777s
2025-02-12 01:17:20.916 62746 INFO tempest.lib.common.rest_client [req-1fa024aa-3963-4e9b-bf43-982ddbcd54ae req-1fa024aa-3963-4e9b-bf43-982ddbcd54ae ] Request (ServerShowV247Test:test_update_rebuild_list_server): 200 GET http://10.180.1.21/compute/v2.1/servers/01bfc053-50f3-4813-8e4b-aceba0d2440f 2.067s
2025-02-12 01:17:20.981 62802 INFO tempest.lib.common.rest_client [req-9bc66dea-0a24-4bf0-a03d-e69ee66a95ed req-9bc66dea-0a24-4bf0-a03d-e69ee66a95ed ] Request (AttachInterfacesV270Test:test_create_get_list_interfaces): 200 GET http://10.180.1.21/compute/v2.1/servers/c5a731c8-f9a7-4a4f-a69a-a429d99b80fa 1.752s
2025-02-12 01:17:20.992 62788 INFO tempest.lib.common.rest_client [req-1a2e193e-6994-4928-8001-c54fb870e2f3 req-1a2e193e-6994-4928-8001-c54fb870e2f3 ] Request (VolumesAssistedSnapshotsTest:test_volume_assisted_snapshot_create_delete): 200 GET http://10.180.1.21/compute/v2.1/servers/cb9d87f8-b8c4-4dbf-93ed-dab6988fae48 1.718s
2025-02-12 01:17:21.056 62770 INFO tempest.lib.common.rest_client [req-e4e25b7f-704d-4aa6-b2bd-ac6af6b53fd3 req-e4e25b7f-704d-4aa6-b2bd-ac6af6b53fd3 ] Request (ServersWithSpecificFlavorTestJSON:test_verify_created_server_ephemeral_disk): 200 GET http://10.180.1.21/compute/v2.1/servers/765af4c8-ddae-4d08-a49f-217e038e5555 1.623s
2025-02-12 01:17:21.089 62774 INFO tempest.lib.common.rest_client [req-736f85e5-55fa-44c9-93e0-8ef5575d11b6 req-736f85e5-55fa-44c9-93e0-8ef5575d11b6 ] Request (ServerActionsV293TestJSON:setUpClass): 200 GET http://10.180.1.21/volume/v3/9335e7fc47a74ae5b552e2247de5026e/volumes/4ff87c37-ee12-4b61-b998-adf79cd64f50 0.030s
2025-02-12 01:17:21.112 62790 INFO tempest.lib.common.rest_client [req-4a47e1b0-bd02-4e58-8a69-5b05796db4a9 req-4a47e1b0-bd02-4e58-8a69-5b05796db4a9 ] Request (FloatingIPDetailsTestJSON:tearDownClass): 204 DELETE http://10.180.1.21:9696/networking/v2.0/routers/f9a3ec63-9347-4b5c-b250-0034c70fd582 0.761s
2025-02-12 01:17:21.130 62766 INFO tempest.lib.common.rest_client [req-1d565795-48dc-4b68-9371-015eea319be5 req-1d565795-48dc-4b68-9371-015eea319be5 ] Request (FlavorsAccessNegativeTestJSON:tearDownClass): 204 DELETE http://10.180.1.21:9696/networking/v2.0/security-groups/963f208b-b8c2-4e16-8d4e-f84c35f780ad 0.334s
2025-02-12 01:17:21.201 62766 INFO tempest.lib.common.rest_client [req-5959aeca-995b-4977-ad2c-6159b56cb229 req-5959aeca-995b-4977-ad2c-6159b56cb229 ] Request (FlavorsAccessNegativeTestJSON:tearDownClass): 204 DELETE http://10.180.1.21/identity/v3/projects/83d40f1605fc47b9baf2143a698d0260 0.071s
2025-02-12 01:17:21.201 62766 INFO tempest.lib.common.dynamic_creds [-] Deleting project and security group for project: fb27824570934089beb3ab217123a9e1
2025-02-12 01:17:21.229 62768 INFO tempest.lib.common.rest_client [req-bace5add-0577-4178-aa18-d824987b7330 req-bace5add-0577-4178-aa18-d824987b7330 ] Request (DeleteServersAdminTestJSON:test_admin_delete_servers_of_others): 200 GET http://10.180.1.21/compute/v2.1/servers/598b1fd3-d762-4625-9660-ccf76af2394c 1.853s
2025-02-12 01:17:21.248 62756 INFO tempest.lib.common.rest_client [req-66fbb9c5-625c-46ab-ab91-6aa7362bdfa2 req-66fbb9c5-625c-46ab-ab91-6aa7362bdfa2 ] Request (FlavorsAdminTestJSON:test_is_public_string_variations): 200 POST http://10.180.1.21/compute/v2.1/flavors 1.783s
2025-02-12 01:17:21.353 62750 INFO tempest.lib.common.rest_client [req-41d0d7f8-03e9-45f5-b4c0-89846c5fa521 req-41d0d7f8-03e9-45f5-b4c0-89846c5fa521 ] Request (ImagesOneServerTestJSON:setUpClass): 200 GET http://10.180.1.21/compute/v2.1/servers/d86cd3ea-23d1-488e-acc6-bb4b4b666247 1.836s
2025-02-12 01:17:21.442 62805 INFO tempest.lib.common.rest_client [req-fe4799af-1a22-44fb-97bc-83981d23e84a req-fe4799af-1a22-44fb-97bc-83981d23e84a ] Request (ServersAdminNegativeTestJSON:setUpClass): 200 GET http://10.180.1.21/compute/v2.1/servers/6316a65c-b75f-4432-9bd9-5e9833c18af3 1.870s
2025-02-12 01:17:21.522 62752 INFO tempest.lib.common.rest_client [req-8b42287d-72f1-477b-b519-88e935d54c7a req-8b42287d-72f1-477b-b519-88e935d54c7a ] Request (TenantUsagesTestJSON:setUpClass): 200 GET http://10.180.1.21/compute/v2.1/servers/4a3639c7-8795-4702-a729-8239b0d55d51 1.709s
2025-02-12 01:17:21.563 62762 INFO tempest.lib.common.rest_client [req-c4c476b1-870e-4b8d-9f4c-12842f11efd6 req-c4c476b1-870e-4b8d-9f4c-12842f11efd6 ] Request (AttachInterfacesTestJSON:setUpClass): 200 PUT http://10.180.1.21:9696/networking/v2.0/routers/6035a73e-bada-4c4e-a2d0-52d6f6fa226f/add_router_interface 2.663s
2025-02-12 01:17:21.563 62762 INFO tempest.lib.common.dynamic_creds [-] Created isolated network resources for: credentials: Credentials: {'domain_id': 'default', 'domain_name': 'Default', 'username': 'tempest-AttachInterfacesTestJSON-489314814-project-member', 'project_domain_id': 'default', 'project_domain_name': 'Default', 'project_id': 'f2e2305a472049feb4aa1358f622e7f4', 'project_name': 'tempest-AttachInterfacesTestJSON-489314814', 'tenant_id': 'f2e2305a472049feb4aa1358f622e7f4', 'tenant_name': 'tempest-AttachInterfacesTestJSON-489314814', 'user_domain_id': 'default', 'user_domain_name': 'Default', 'user_id': 'b2e18794b1144066bf7c440710fe7c02', 'system': None}, Network: {'id': '893e1a21-62da-4901-b07f-a1d0ca0af5e0', 'name': 'tempest-AttachInterfacesTestJSON-1237675476-network', 'tenant_id': 'f2e2305a472049feb4aa1358f622e7f4', 'admin_state_up': True, 'mtu': 8950, 'status': 'ACTIVE', 'subnets': [], 'shared': False, 'project_id': 'f2e2305a472049feb4aa1358f622e7f4', 'port_security_enabled': True, 'router:external': False, 'provider:network_type': 'vlan', 'provider:physical_network': 'default', 'provider:segmentation_id': 160, 'is_default': False, 'availability_zone_hints': [], 'availability_zones': [], 'ipv4_address_scope': None, 'ipv6_address_scope': None, 'description': '', 'tags': [], 'created_at': '2025-02-12T01:17:16Z', 'updated_at': '2025-02-12T01:17:17Z', 'revision_number': 1}, Subnet: {'id': '62012f0f-6f50-4b0b-84d0-9e1fac5f5acd', 'name': 'tempest-AttachInterfacesTestJSON-1237675476-subnet', 'tenant_id': 'f2e2305a472049feb4aa1358f622e7f4', 'network_id': '893e1a21-62da-4901-b07f-a1d0ca0af5e0', 'ip_version': 4, 'subnetpool_id': None, 'enable_dhcp': True, 'ipv6_ra_mode': None, 'ipv6_address_mode': None, 'gateway_ip': '192.168.128.1', 'cidr': '192.168.128.0/28', 'allocation_pools': [{'start': '192.168.128.2', 'end': '192.168.128.14'}], 'host_routes': [], 'dns_nameservers': [], 'description': '', 'service_types': [], 'tags': [], 'created_at': '2025-02-12T01:17:17Z', 'updated_at': '2025-02-12T01:17:17Z', 'revision_number': 0, 'project_id': 'f2e2305a472049feb4aa1358f622e7f4'}, Router: {'id': '6035a73e-bada-4c4e-a2d0-52d6f6fa226f', 'name': 'tempest-AttachInterfacesTestJSON-1237675476-router', 'tenant_id': 'f2e2305a472049feb4aa1358f622e7f4', 'admin_state_up': True, 'status': 'ACTIVE', 'external_gateway_info': {'network_id': '90c0268f-9efa-4a7f-8c27-ce19ff39ca55', 'external_fixed_ips': [{'subnet_id': 'e16211eb-7914-4d7a-b284-35820c06d2cd', 'ip_address': '10.180.180.178'}], 'enable_snat': True}, 'description': '', 'availability_zones': [], 'distributed': False, 'ha': False, 'availability_zone_hints': [], 'routes': [], 'flavor_id': None, 'tags': [], 'created_at': '2025-02-12T01:17:17Z', 'updated_at': '2025-02-12T01:17:18Z', 'revision_number': 2, 'project_id': 'f2e2305a472049feb4aa1358f622e7f4'}
2025-02-12 01:17:21.664 62762 INFO tempest.lib.common.rest_client [req-6afd5610-8832-4d3e-93d6-26f71965630e req-6afd5610-8832-4d3e-93d6-26f71965630e ] Request (AttachInterfacesTestJSON:setUpClass): 201 POST http://10.180.1.21/identity/v3/auth/tokens 0.095s
2025-02-12 01:17:21.667 62782 INFO tempest.lib.common.rest_client [req-ecadb29f-de8a-432f-a60f-c3f2e575d26e req-ecadb29f-de8a-432f-a60f-c3f2e575d26e ] Request (ImagesOneServerNegativeTestJSON:setUpClass): 200 GET http://10.180.1.21/compute/v2.1/servers/c31b20a2-11aa-4d64-a8c6-2d8f889f1560 2.221s
2025-02-12 01:17:21.698 62800 INFO tempest.lib.common.rest_client [req-d123ff78-0d8e-4bd3-a690-53b0599037ba req-d123ff78-0d8e-4bd3-a690-53b0599037ba ] Request (ServerDiagnosticsNegativeTest:test_get_server_diagnostics_by_non_admin): 200 GET http://10.180.1.21/compute/v2.1/servers/4144689d-05a1-4e7f-b159-75cbaef82333 1.869s
2025-02-12 01:17:21.731 62794 INFO tempest.lib.common.rest_client [req-b56340c0-d9fa-4e64-9c6e-55a0b9328a4b req-b56340c0-d9fa-4e64-9c6e-55a0b9328a4b ] Request (ServerMetadataTestJSON:setUpClass): 201 POST http://10.180.1.21:9696/networking/v2.0/networks 0.887s
2025-02-12 01:17:21.753 62806 INFO tempest.lib.common.rest_client [req-92a31033-8e2a-45b0-ad37-559f43e56b46 req-92a31033-8e2a-45b0-ad37-559f43e56b46 ] Request (AttachInterfacesUnderV243Test:test_add_remove_fixed_ip): 200 GET http://10.180.1.21/compute/v2.1/servers/2827c296-0e66-4ad3-a1b6-0ce5dbc6ff29 1.853s
2025-02-12 01:17:21.762 62764 INFO tempest.lib.common.rest_client [req-5d763293-7907-449a-ad6e-b6a731db14f3 req-5d763293-7907-449a-ad6e-b6a731db14f3 ] Request (DeleteServersTestJSON:test_delete_active_server): 200 GET http://10.180.1.21/compute/v2.1/servers/9b0a9f16-c53e-41b8-a473-b1eff1ad41c7 1.857s
2025-02-12 01:17:21.769 62766 INFO tempest.lib.common.rest_client [req-8a058a11-9321-42f5-af13-b17be325b2ad req-8a058a11-9321-42f5-af13-b17be325b2ad ] Request (FlavorsAccessNegativeTestJSON:tearDownClass): 200 GET http://10.180.1.21:9696/networking/v2.0/security-groups?tenant_id=fb27824570934089beb3ab217123a9e1&name=default 0.567s
2025-02-12 01:17:21.770 62790 INFO tempest.lib.common.rest_client [req-3837b750-4804-4376-bc70-764ae30d2901 req-3837b750-4804-4376-bc70-764ae30d2901 ] Request (FloatingIPDetailsTestJSON:tearDownClass): 204 DELETE http://10.180.1.21:9696/networking/v2.0/subnets/1901b552-3ad3-43cb-a39a-9917372e43d5 0.658s
2025-02-12 01:17:21.809 62784 INFO tempest.lib.common.rest_client [req-6898d08a-4e12-44a2-b403-61e4ff1410f6 req-6898d08a-4e12-44a2-b403-61e4ff1410f6 ] Request (ServerDiskConfigTestJSON:test_rebuild_server_with_auto_disk_config): 200 GET http://10.180.1.21/compute/v2.1/servers/6122b5aa-dde8-4999-b611-6695d01545c1 1.843s
2025-02-12 01:17:21.842 62744 INFO tempest.lib.common.rest_client [req-ba2e4fba-cb3f-4583-8625-04977d5fd91e req-ba2e4fba-cb3f-4583-8625-04977d5fd91e ] Request (ImagesMetadataTestJSON:test_delete_image_metadata_item): 200 GET http://10.180.1.21/compute/v2.1/images/7a7acd9b-618c-4e3e-b8ba-80135607c5ea/metadata 1.842s
2025-02-12 01:17:21.852 62772 INFO tempest.lib.common.rest_client [req-30dee694-2546-48ba-9763-033817c0ce6b req-30dee694-2546-48ba-9763-033817c0ce6b ] Request (ServersAdmin275Test:test_rebuild_update_server_275): 200 GET http://10.180.1.21/compute/v2.1/servers/fbfd64cf-fa8e-48c0-9410-e3da6080f163 1.875s
2025-02-12 01:17:21.864 62799 INFO tempest.lib.common.rest_client [req-682a57c5-ad49-473a-a3b0-95c08176d6ad req-682a57c5-ad49-473a-a3b0-95c08176d6ad ] Request (AggregatesAdminNegativeTestJSON:_run_cleanups): 200 DELETE http://10.180.1.21/compute/v2.1/os-aggregates/6 1.856s
2025-02-12 01:17:21.864 62778 INFO tempest.lib.common.rest_client [req-6e78772e-0102-4fc9-bf2e-6f7ae6653022 req-6e78772e-0102-4fc9-bf2e-6f7ae6653022 ] Request (KeyPairsV22TestJSON:test_keypairsv22_create_list_show): 200 GET http://10.180.1.21/compute/v2.1/os-keypairs 1.840s
2025-02-12 01:17:21.914 62792 INFO tempest.lib.common.rest_client [req-6542c117-4cb3-40f1-bbb1-fd13d9c2ca3f req-6542c117-4cb3-40f1-bbb1-fd13d9c2ca3f ] Request (ServersAdminTestJSON:setUpClass): 200 GET http://10.180.1.21/compute/v2.1/servers/498b6bd7-03d8-44e7-b007-27d86afcb028 1.719s
2025-02-12 01:17:22.027 62748 INFO tempest.lib.common.rest_client [req-c9e6e0f5-54ee-4b24-ac0d-15547fb0057e req-c9e6e0f5-54ee-4b24-ac0d-15547fb0057e ] Request (ServerExternalEventsTest:test_create_server_external_events): 200 GET http://10.180.1.21/compute/v2.1/servers/dc241495-c9b7-4f2f-895d-e25008cc738a 1.625s
2025-02-12 01:17:22.127 62774 INFO tempest.lib.common.rest_client [req-02e36074-8ffd-4665-825b-b439b68cc44f req-02e36074-8ffd-4665-825b-b439b68cc44f ] Request (ServerActionsV293TestJSON:setUpClass): 200 GET http://10.180.1.21/volume/v3/9335e7fc47a74ae5b552e2247de5026e/volumes/4ff87c37-ee12-4b61-b998-adf79cd64f50 0.029s
2025-02-12 01:17:22.145 62781 INFO tempest.lib.common.rest_client [req-d2ff1164-0c17-48a0-aa76-6031628eb372 req-d2ff1164-0c17-48a0-aa76-6031628eb372 ] Request (SecurityGroupsTestJSON:test_list_security_groups_by_server): 200 GET http://10.180.1.21/compute/v2.1/servers/63f63029-d01a-4d55-9753-95b93b7155cf 1.452s
2025-02-12 01:17:22.355 62766 INFO tempest.lib.common.rest_client [req-6df9e43b-aceb-4ef8-a44b-63e0b0320533 req-6df9e43b-aceb-4ef8-a44b-63e0b0320533 ] Request (FlavorsAccessNegativeTestJSON:tearDownClass): 204 DELETE http://10.180.1.21:9696/networking/v2.0/security-groups/8527094d-0c5f-4b01-a011-5bfdad8354c7 0.586s
2025-02-12 01:17:22.388 62760 INFO tempest.lib.common.rest_client [req-edda23f7-ae13-474e-a4f0-7389458c8f8a req-edda23f7-ae13-474e-a4f0-7389458c8f8a ] Request (ServerDiagnosticsV248Test:test_get_server_diagnostics): 204 DELETE http://10.180.1.21/compute/v2.1/servers/55592fa8-93f7-49a2-8022-f4d0825c705b 1.519s
2025-02-12 01:17:22.421 62758 INFO tempest.lib.common.rest_client [req-1fbc8ead-5246-4ed9-9638-3974d113a45a req-1fbc8ead-5246-4ed9-9638-3974d113a45a ] Request (FloatingIPsTestJSON:test_delete_floating_ip): 404 GET http://10.180.1.21/compute/v2.1/os-floating-ips/fdb80dc1-7dce-4c53-adcb-6960f08ed9f3 1.518s
2025-02-12 01:17:22.464 62756 INFO tempest.lib.common.rest_client [req-9cfd24d7-b6c1-4839-9e69-96e0c20307b1 req-9cfd24d7-b6c1-4839-9e69-96e0c20307b1 ] Request (FlavorsAdminTestJSON:test_is_public_string_variations): 200 POST http://10.180.1.21/compute/v2.1/flavors 1.212s
2025-02-12 01:17:22.474 62776 INFO tempest.lib.common.rest_client [req-4e0ec8f4-12c2-4fcd-be7d-177a8c9763e2 req-4e0ec8f4-12c2-4fcd-be7d-177a8c9763e2 ] Request (ServerRescueTestJSON:setUpClass): 200 GET http://10.180.1.21/compute/v2.1/servers/3d51c0e1-242e-4cdb-bf8c-4e7aa4d7656a 2.246s
2025-02-12 01:17:22.486 62766 INFO tempest.lib.common.rest_client [req-a3c6df89-1fa4-4d56-9512-3669c2573387 req-a3c6df89-1fa4-4d56-9512-3669c2573387 ] Request (FlavorsAccessNegativeTestJSON:tearDownClass): 204 DELETE http://10.180.1.21/identity/v3/projects/fb27824570934089beb3ab217123a9e1 0.130s
2025-02-12 01:17:22.486 62766 INFO tempest.lib.common.dynamic_creds [-] Deleting project and security group for project: caca147f90094953aa3b13081ece73dc
2025-02-12 01:17:22.594 62796 INFO tempest.lib.common.rest_client [req-f0bd2559-816e-404a-b095-d1eafa662ac4 req-f0bd2559-816e-404a-b095-d1eafa662ac4 ] Request (FloatingIPsAssociationNegativeTestJSON:setUpClass): 200 GET http://10.180.1.21/compute/v2.1/servers/fa608f4a-47e6-4904-af65-a82c107af979 1.237s
2025-02-12 01:17:22.600 62794 INFO tempest.lib.common.rest_client [req-026f311b-733b-4196-86ae-315e0061a024 req-026f311b-733b-4196-86ae-315e0061a024 ] Request (ServerMetadataTestJSON:setUpClass): 201 POST http://10.180.1.21:9696/networking/v2.0/subnets 0.868s
2025-02-12 01:17:22.621 62766 INFO tempest.lib.common.rest_client [req-6290271c-034a-4bbc-9fe0-2c83ecc82c6d req-6290271c-034a-4bbc-9fe0-2c83ecc82c6d ] Request (FlavorsAccessNegativeTestJSON:tearDownClass): 200 GET http://10.180.1.21:9696/networking/v2.0/security-groups?tenant_id=caca147f90094953aa3b13081ece73dc&name=default 0.135s
2025-02-12 01:17:22.705 62766 INFO tempest.lib.common.rest_client [req-db139c35-50d1-482f-980d-374a86154f27 req-db139c35-50d1-482f-980d-374a86154f27 ] Request (FlavorsAccessNegativeTestJSON:tearDownClass): 204 DELETE http://10.180.1.21:9696/networking/v2.0/security-groups/d96c9cd7-193c-4338-a7db-aed2b00e8384 0.083s
2025-02-12 01:17:22.719 62790 INFO tempest.lib.common.rest_client [req-28181bed-c0a7-4033-8870-31a173bf67f2 req-28181bed-c0a7-4033-8870-31a173bf67f2 ] Request (FloatingIPDetailsTestJSON:tearDownClass): 204 DELETE http://10.180.1.21:9696/networking/v2.0/networks/9010f428-3388-40b9-95d4-960333195558 0.948s
2025-02-12 01:17:22.781 62762 INFO tempest.lib.common.rest_client [req-853f42f2-38f3-4823-b6fa-b006068f9099 req-853f42f2-38f3-4823-b6fa-b006068f9099 ] Request (ValidationResourcesFixture:setUp): 200 POST http://10.180.1.21/compute/v2.1/os-keypairs 1.113s
2025-02-12 01:17:22.808 62754 INFO tempest.lib.common.rest_client [req-99910aa2-2384-4384-bf9a-78dcb1df21fb req-99910aa2-2384-4384-bf9a-78dcb1df21fb ] Request (InstanceActionsNegativeTestJSON:setUpClass): 200 GET http://10.180.1.21/compute/v2.1/servers/1b19cecd-2a04-4077-9758-9947a3bcb4c2 1.223s
2025-02-12 01:17:22.833 62766 INFO tempest.lib.common.rest_client [req-181c8cec-c76f-49b6-81a1-de8357f5c0fe req-181c8cec-c76f-49b6-81a1-de8357f5c0fe ] Request (FlavorsAccessNegativeTestJSON:tearDownClass): 204 DELETE http://10.180.1.21/identity/v3/projects/caca147f90094953aa3b13081ece73dc 0.128s
2025-02-12 01:17:22.862 62790 INFO tempest.lib.common.rest_client [req-5b02dd28-faf2-4214-92d5-afea74167854 req-5b02dd28-faf2-4214-92d5-afea74167854 ] Request (FloatingIPDetailsTestJSON:tearDownClass): 204 DELETE http://10.180.1.21/identity/v3/users/eb7ac604f7b24252b4f25a87866d124c 0.142s
2025-02-12 01:17:22.862 62790 INFO tempest.lib.common.dynamic_creds [-] Deleting project and security group for project: 40507fcc75c842f0ad9e35561b742614
2025-02-12 01:17:22.915 62766 INFO tempest.lib.common.rest_client [req-695fc3cd-ed0d-41ce-a075-da42cbcfcece req-695fc3cd-ed0d-41ce-a075-da42cbcfcece ] Request (ListImagesTestJSON:setUpClass): 201 POST http://10.180.1.21/identity/v3/auth/tokens 0.079s
2025-02-12 01:17:22.921 62790 INFO tempest.lib.common.rest_client [req-d6c25065-5bca-4836-93fe-7aabe2591683 req-d6c25065-5bca-4836-93fe-7aabe2591683 ] Request (FloatingIPDetailsTestJSON:tearDownClass): 200 GET http://10.180.1.21:9696/networking/v2.0/security-groups?tenant_id=40507fcc75c842f0ad9e35561b742614&name=default 0.058s
2025-02-12 01:17:22.945 62786 INFO tempest.lib.common.rest_client [req-5c5827a2-f22c-4a46-aada-c3072edbd537 req-5c5827a2-f22c-4a46-aada-c3072edbd537 ] Request (MigrationsAdminTest:test_list_migrations_in_flavor_resize_situation): 200 GET http://10.180.1.21/compute/v2.1/servers/58d7e626-35a8-4c3d-bb34-11d1f6a0d2e3 1.157s
2025-02-12 01:17:22.954 62766 INFO tempest.lib.common.rest_client [req-cf91791e-9cd6-4f70-895d-a0b38819ca18 req-cf91791e-9cd6-4f70-895d-a0b38819ca18 ] Request (ListImagesTestJSON:setUpClass): 201 POST http://10.180.1.21/identity/v3/auth/tokens 0.037s
2025-02-12 01:17:22.968 62778 INFO tempest.lib.common.rest_client [req-f4a6b17a-d5e3-4647-b272-a648a9f637e4 req-f4a6b17a-d5e3-4647-b272-a648a9f637e4 ] Request (KeyPairsV22TestJSON:_run_cleanups): 204 DELETE http://10.180.1.21/compute/v2.1/os-keypairs/tempest-keypair-429617173 1.103s
2025-02-12 01:17:22.969 62762 INFO tempest.lib.common.rest_client [req-aa7afb72-6aab-454d-aeba-0d1be526fbc3 req-aa7afb72-6aab-454d-aeba-0d1be526fbc3 ] Request (ValidationResourcesFixture:setUp): 201 POST http://10.180.1.21:9696/networking/v2.0/security-groups 0.186s
2025-02-12 01:17:22.986 62766 INFO tempest.lib.common.rest_client [req-2b45ed77-79e9-458b-87e8-fa12bc1d7012 req-2b45ed77-79e9-458b-87e8-fa12bc1d7012 ] Request (ListImagesTestJSON:setUpClass): 200 GET http://10.180.1.21/identity/v3/domains?name=Default 0.032s
2025-02-12 01:17:22.987 62799 INFO tempest.lib.common.rest_client [req-15e2a8f3-0c33-4d13-a80b-eb98359a60bf req-15e2a8f3-0c33-4d13-a80b-eb98359a60bf ] Request (AggregatesAdminNegativeTestJSON:test_aggregate_get_details_with_invalid_id): 404 GET http://10.180.1.21/compute/v2.1/os-aggregates/-1 1.121s
2025-02-12 01:17:23.041 62766 INFO tempest.lib.common.rest_client [req-b19884da-3c49-47b6-a080-d23359aa45cc req-b19884da-3c49-47b6-a080-d23359aa45cc ] Request (ListImagesTestJSON:setUpClass): 201 POST http://10.180.1.21/identity/v3/projects 0.054s
2025-02-12 01:17:23.066 62744 INFO tempest.lib.common.rest_client [req-87c905dd-725c-4dc2-a989-1b25fd97fc85 req-87c905dd-725c-4dc2-a989-1b25fd97fc85 ] Request (ImagesMetadataTestJSON:setUp): 200 PUT http://10.180.1.21/compute/v2.1/images/7a7acd9b-618c-4e3e-b8ba-80135607c5ea/metadata 1.222s
2025-02-12 01:17:23.071 62746 INFO tempest.lib.common.rest_client [req-95633532-357b-40ee-a8ab-589bba6d4a54 req-95633532-357b-40ee-a8ab-589bba6d4a54 ] Request (ServerShowV247Test:test_update_rebuild_list_server): 200 GET http://10.180.1.21/compute/v2.1/servers/01bfc053-50f3-4813-8e4b-aceba0d2440f 1.145s
2025-02-12 01:17:23.142 62790 INFO tempest.lib.common.rest_client [req-4072b19f-fd4c-46e0-8aa4-487e17876e96 req-4072b19f-fd4c-46e0-8aa4-487e17876e96 ] Request (FloatingIPDetailsTestJSON:tearDownClass): 204 DELETE http://10.180.1.21:9696/networking/v2.0/security-groups/12b8c86d-3ce1-4751-b85b-cbec2dec2401 0.220s
2025-02-12 01:17:23.144 62766 INFO tempest.lib.common.rest_client [req-6dc224b9-280f-4a34-aa14-a10961ac8c42 req-6dc224b9-280f-4a34-aa14-a10961ac8c42 ] Request (ListImagesTestJSON:setUpClass): 201 POST http://10.180.1.21/identity/v3/users 0.102s
2025-02-12 01:17:23.144 62762 INFO tempest.lib.common.rest_client [req-9913c5be-a44e-4764-b7a8-738614d94c96 req-9913c5be-a44e-4764-b7a8-738614d94c96 ] Request (ValidationResourcesFixture:setUp): 201 POST http://10.180.1.21:9696/networking/v2.0/security-group-rules 0.175s
2025-02-12 01:17:23.145 62802 INFO tempest.lib.common.rest_client [req-0a9db213-880a-4b0b-abb7-1fb403e90fe2 req-0a9db213-880a-4b0b-abb7-1fb403e90fe2 ] Request (AttachInterfacesV270Test:test_create_get_list_interfaces): 200 GET http://10.180.1.21/compute/v2.1/servers/c5a731c8-f9a7-4a4f-a69a-a429d99b80fa 1.146s
2025-02-12 01:17:23.152 62788 INFO tempest.lib.common.rest_client [req-9cac94d5-9c8a-4956-a145-22ecad38d450 req-9cac94d5-9c8a-4956-a145-22ecad38d450 ] Request (VolumesAssistedSnapshotsTest:test_volume_assisted_snapshot_create_delete): 200 GET http://10.180.1.21/compute/v2.1/servers/cb9d87f8-b8c4-4dbf-93ed-dab6988fae48 1.151s
