2025-02-12 01:17:51.580 62782 INFO tempest.lib.common.rest_client [req-9d1d67f4-1fa5-4345-aa49-a2504a542dfb req-9d1d67f4-1fa5-4345-aa49-a2504a542dfb ] Request (ImagesOneServerNegativeTestJSON:setUpClass): 200 GET http://10.180.1.21/compute/v2.1/servers/c31b20a2-11aa-4d64-a8c6-2d8f889f1560 0.251s
2025-02-12 01:17:51.603 62756 INFO tempest.lib.common.rest_client [req-2badd690-605d-4019-b083-ebe2e5efdc5f req-2badd690-605d-4019-b083-ebe2e5efdc5f ] Request (SecurityGroupRulesTestJSON:test_security_group_rules_list): 200 POST http://10.180.1.21/compute/v2.1/os-security-group-rules 0.222s
2025-02-12 01:17:51.623 62794 INFO tempest.lib.common.rest_client [req-8adb023d-b2db-47f9-ad79-559c13c7eafd req-8adb023d-b2db-47f9-ad79-559c13c7eafd ] Request (ServerMetadataTestJSON:setUpClass): 200 GET http://10.180.1.21/compute/v2.1/servers/0eaa55ee-0619-456f-b35b-469c1ed7897d 0.237s
2025-02-12 01:17:51.654 62774 INFO tempest.lib.common.rest_client [req-c617b42a-e924-41af-9573-5f7e4e80829a req-c617b42a-e924-41af-9573-5f7e4e80829a ] Request (ServerActionsV293TestJSON:setUpClass): 200 GET http://10.180.1.21/compute/v2.1/servers/ba7b892b-a955-419f-b46e-e9631150a264 0.216s
2025-02-12 01:17:51.739 62776 INFO tempest.lib.common.rest_client [req-0aa65563-ae1c-4131-9260-87c54a8fa4fe req-0aa65563-ae1c-4131-9260-87c54a8fa4fe ] Request (ServerRescueTestJSON:setUpClass): 200 GET http://10.180.1.21/compute/v2.1/servers/3d51c0e1-242e-4cdb-bf8c-4e7aa4d7656a 0.177s
2025-02-12 01:17:51.748 62754 INFO tempest.lib.common.rest_client [req-c4e76cdf-00e7-44ff-a2bd-5fa2647f70be req-c4e76cdf-00e7-44ff-a2bd-5fa2647f70be ] Request (InstanceActionsNegativeTestJSON:setUpClass): 200 GET http://10.180.1.21/compute/v2.1/servers/1b19cecd-2a04-4077-9758-9947a3bcb4c2 0.244s
2025-02-12 01:17:51.781 62806 INFO tempest.lib.common.rest_client [req-9ec2407f-2d06-4e03-943e-42a5428af566 req-9ec2407f-2d06-4e03-943e-42a5428af566 ] Request (AttachInterfacesUnderV243Test:test_add_remove_fixed_ip): 200 GET http://10.180.1.21/compute/v2.1/servers/2827c296-0e66-4ad3-a1b6-0ce5dbc6ff29 0.177s
2025-02-12 01:17:51.824 62760 INFO tempest.lib.common.rest_client [req-1578b74f-9448-4b8a-aab1-0e6d7b4f008c req-1578b74f-9448-4b8a-aab1-0e6d7b4f008c ] Request (FloatingIPsAssociationTestJSON:setUpClass): 200 GET http://10.180.1.21/compute/v2.1/servers/bcc0fbd8-e554-488a-8a12-732d7db1a4b0 0.190s
2025-02-12 01:17:51.848 62756 INFO tempest.lib.common.rest_client [req-597a39c3-3176-43b1-97f5-a4212902d877 req-597a39c3-3176-43b1-97f5-a4212902d877 ] Request (SecurityGroupRulesTestJSON:test_security_group_rules_list): 200 POST http://10.180.1.21/compute/v2.1/os-security-group-rules 0.242s
2025-02-12 01:17:51.871 62766 INFO tempest.lib.common.rest_client [req-4e84258b-5d64-45b3-b3de-be911db140e1 req-4e84258b-5d64-45b3-b3de-be911db140e1 ] Request (InstanceActionsV221TestJSON:test_get_list_deleted_instance_actions): 200 GET http://10.180.1.21/compute/v2.1/servers/6d751e02-64bb-41bb-9ded-30db9b885c2e 0.219s
2025-02-12 01:17:51.893 62805 INFO tempest.lib.common.rest_client [req-23b84bc6-c72d-4722-918b-fe7471c6615c req-23b84bc6-c72d-4722-918b-fe7471c6615c ] Request (ServersAdminNegativeTestJSON:setUpClass): 200 GET http://10.180.1.21/compute/v2.1/servers/6316a65c-b75f-4432-9bd9-5e9833c18af3 0.217s
2025-02-12 01:17:51.914 62752 INFO tempest.lib.common.rest_client [req-a6d0dae7-86f0-49af-9f09-0781bea0cacd req-a6d0dae7-86f0-49af-9f09-0781bea0cacd ] Request (TenantUsagesTestJSON:setUpClass): 200 GET http://10.180.1.21/compute/v2.1/servers/4a3639c7-8795-4702-a729-8239b0d55d51 0.221s
2025-02-12 01:17:51.955 62784 INFO tempest.lib.common.rest_client [req-d0c5ddbf-b21d-4ce1-a94b-1090c41f6a2a req-d0c5ddbf-b21d-4ce1-a94b-1090c41f6a2a ] Request (ServerDiskConfigTestJSON:test_rebuild_server_with_auto_disk_config): 200 GET http://10.180.1.21/compute/v2.1/servers/6122b5aa-dde8-4999-b611-6695d01545c1 0.134s
2025-02-12 01:17:51.981 62786 INFO tempest.lib.common.rest_client [req-b4cd5d22-9f2c-49e0-908b-bccc1a2aab62 req-b4cd5d22-9f2c-49e0-908b-bccc1a2aab62 ] Request (MigrationsAdminTest:test_list_migrations_in_flavor_resize_situation): 200 GET http://10.180.1.21/compute/v2.1/servers/58d7e626-35a8-4c3d-bb34-11d1f6a0d2e3 0.204s
2025-02-12 01:17:51.981 62756 INFO tempest.lib.common.rest_client [req-dc288ccb-3385-4821-82bd-5a334001d07a req-dc288ccb-3385-4821-82bd-5a334001d07a ] Request (SecurityGroupRulesTestJSON:test_security_group_rules_list): 200 GET http://10.180.1.21/compute/v2.1/os-security-groups/a23f0037-1f9b-43a9-9cab-b12b01714d16 0.131s
2025-02-12 01:17:52.028 62764 INFO tempest.lib.common.rest_client [req-360328ce-a7a1-449d-bf7c-57a74ef9150a req-360328ce-a7a1-449d-bf7c-57a74ef9150a ] Request (DeleteServersTestJSON:test_delete_active_server): 200 GET http://10.180.1.21/compute/v2.1/servers/9b0a9f16-c53e-41b8-a473-b1eff1ad41c7 0.159s
2025-02-12 01:17:52.034 62758 INFO tempest.lib.common.rest_client [req-6caa801f-ff68-4d6c-be5c-3b4335b5fbc9 req-6caa801f-ff68-4d6c-be5c-3b4335b5fbc9 ] Request (ServersTestManualDisk:setUpClass): 200 GET http://10.180.1.21/compute/v2.1/servers/a1380ba5-64df-4b21-a80b-96c6d9d80f73 0.179s
2025-02-12 01:17:52.073 62792 INFO tempest.lib.common.rest_client [req-5e5bc1bd-a028-4eda-bd4f-9449140bbea1 req-5e5bc1bd-a028-4eda-bd4f-9449140bbea1 ] Request (ServersAdminTestJSON:setUpClass): 200 GET http://10.180.1.21/compute/v2.1/servers/498b6bd7-03d8-44e7-b007-27d86afcb028 0.160s
2025-02-12 01:17:52.160 62781 INFO tempest.lib.common.rest_client [req-e97bc687-6670-44c8-80ce-5777cbdf3c2a req-e97bc687-6670-44c8-80ce-5777cbdf3c2a ] Request (SecurityGroupsTestJSON:test_list_security_groups_by_server): 200 GET http://10.180.1.21/compute/v2.1/servers/63f63029-d01a-4d55-9753-95b93b7155cf 0.217s
2025-02-12 01:17:52.168 62756 INFO tempest.lib.common.rest_client [req-01f7411a-d18e-4ce7-93e3-51c7fc42dd5b req-01f7411a-d18e-4ce7-93e3-51c7fc42dd5b ] Request (SecurityGroupRulesTestJSON:_run_cleanups): 202 DELETE http://10.180.1.21/compute/v2.1/os-security-group-rules/b320ae61-95d8-40ec-be46-75d06d7ccb9d 0.184s
2025-02-12 01:17:52.208 62772 INFO tempest.lib.common.rest_client [req-7190966e-4720-4507-b52d-03820fec35d3 req-7190966e-4720-4507-b52d-03820fec35d3 ] Request (ServersAdmin275Test:test_rebuild_update_server_275): 200 GET http://10.180.1.21/compute/v2.1/servers/fbfd64cf-fa8e-48c0-9410-e3da6080f163 0.216s
2025-02-12 01:17:52.295 62768 INFO tempest.lib.common.rest_client [req-a96de6bb-07e6-468a-a7d5-dfc2952fde75 req-a96de6bb-07e6-468a-a7d5-dfc2952fde75 ] Request (DeleteServersAdminTestJSON:test_admin_delete_servers_of_others): 200 GET http://10.180.1.21/compute/v2.1/servers/598b1fd3-d762-4625-9660-ccf76af2394c 0.165s
2025-02-12 01:17:52.296 62756 INFO tempest.lib.common.rest_client [req-d3718503-6534-48a6-91a8-5ffcfc871c22 req-d3718503-6534-48a6-91a8-5ffcfc871c22 ] Request (SecurityGroupRulesTestJSON:tearDownClass): 202 DELETE http://10.180.1.21/compute/v2.1/os-security-groups/a23f0037-1f9b-43a9-9cab-b12b01714d16 0.125s
2025-02-12 01:17:52.340 62746 INFO tempest.lib.common.rest_client [req-2a467b45-892c-45ec-8437-81b4dc9156b3 req-2a467b45-892c-45ec-8437-81b4dc9156b3 ] Request (ServerShowV247Test:test_update_rebuild_list_server): 200 GET http://10.180.1.21/compute/v2.1/servers/01bfc053-50f3-4813-8e4b-aceba0d2440f 0.131s
2025-02-12 01:17:52.354 62756 INFO tempest.lib.common.rest_client [req-d0c4111a-401e-414c-8444-a4cee1328b55 req-d0c4111a-401e-414c-8444-a4cee1328b55 ] Request (SecurityGroupRulesTestJSON:tearDownClass): 404 DELETE http://10.180.1.21/compute/v2.1/os-security-groups/54319ddb-9715-4d29-b421-6b784cdb82dc 0.058s
2025-02-12 01:17:52.385 62800 INFO tempest.lib.common.rest_client [req-668e27c2-95bf-4b2e-a06f-98aa79d12251 req-668e27c2-95bf-4b2e-a06f-98aa79d12251 ] Request (ServerDiagnosticsNegativeTest:test_get_server_diagnostics_by_non_admin): 200 GET http://10.180.1.21/compute/v2.1/servers/4144689d-05a1-4e7f-b159-75cbaef82333 0.129s
2025-02-12 01:17:52.397 62788 INFO tempest.lib.common.rest_client [req-443442b4-affd-4102-9e87-a40c895b8d75 req-443442b4-affd-4102-9e87-a40c895b8d75 ] Request (VolumesAssistedSnapshotsTest:test_volume_assisted_snapshot_create_delete): 200 GET http://10.180.1.21/compute/v2.1/servers/cb9d87f8-b8c4-4dbf-93ed-dab6988fae48 0.099s
2025-02-12 01:17:52.468 62796 INFO tempest.lib.common.rest_client [req-ad698fbe-ca36-4cf9-9267-8d19abff8af0 req-ad698fbe-ca36-4cf9-9267-8d19abff8af0 ] Request (FloatingIPsAssociationNegativeTestJSON:setUpClass): 200 GET http://10.180.1.21/compute/v2.1/servers/fa608f4a-47e6-4904-af65-a82c107af979 0.136s
2025-02-12 01:17:52.479 62756 INFO tempest.lib.common.rest_client [req-c9e9b491-fe99-4823-816d-00f4d9249919 req-c9e9b491-fe99-4823-816d-00f4d9249919 ] Request (SecurityGroupRulesTestJSON:tearDownClass): 202 DELETE http://10.180.1.21/compute/v2.1/os-security-groups/56352b67-f1ea-46cb-b18f-a61a4636eb2a 0.124s
2025-02-12 01:17:52.521 62770 INFO tempest.lib.common.rest_client [req-f5eee674-c94c-4563-98c0-d6ebe6e25df4 req-f5eee674-c94c-4563-98c0-d6ebe6e25df4 ] Request (ServersWithSpecificFlavorTestJSON:test_verify_created_server_ephemeral_disk): 200 GET http://10.180.1.21/compute/v2.1/servers/765af4c8-ddae-4d08-a49f-217e038e5555 0.089s
2025-02-12 01:17:52.555 62748 INFO tempest.lib.common.rest_client [req-7990aa73-2aa2-436a-b0fd-007928f4a06d req-7990aa73-2aa2-436a-b0fd-007928f4a06d ] Request (ServerExternalEventsTest:test_create_server_external_events): 200 GET http://10.180.1.21/compute/v2.1/servers/dc241495-c9b7-4f2f-895d-e25008cc738a 0.137s
2025-02-12 01:17:52.565 62802 INFO tempest.lib.common.rest_client [req-a8a91d35-c18e-4000-9aad-b5e4e6f4d16c req-a8a91d35-c18e-4000-9aad-b5e4e6f4d16c ] Request (AttachInterfacesV270Test:test_create_get_list_interfaces): 200 GET http://10.180.1.21/compute/v2.1/servers/c5a731c8-f9a7-4a4f-a69a-a429d99b80fa 0.098s
2025-02-12 01:17:52.597 62762 INFO tempest.lib.common.rest_client [req-ef6a7919-59ac-48f7-8f56-d6bf303d88fc req-ef6a7919-59ac-48f7-8f56-d6bf303d88fc ] Request (AttachInterfacesTestJSON:test_create_list_show_delete_interfaces_by_fixed_ip): 200 GET http://10.180.1.21/compute/v2.1/servers/1b8bc5c8-1f3a-409b-bdbc-bdad8e1966e2 0.123s
2025-02-12 01:17:52.638 62750 INFO tempest.lib.common.rest_client [req-9627c3e5-08e6-4b22-bc2a-f4fda4b5f331 req-9627c3e5-08e6-4b22-bc2a-f4fda4b5f331 ] Request (ImagesOneServerTestJSON:setUpClass): 200 GET http://10.180.1.21/compute/v2.1/servers/d86cd3ea-23d1-488e-acc6-bb4b4b666247 0.123s
2025-02-12 01:17:52.656 62756 INFO tempest.lib.common.rest_client [req-ae093de6-ddd1-4977-a33f-d0f4ef8c7a9d req-ae093de6-ddd1-4977-a33f-d0f4ef8c7a9d ] Request (SecurityGroupRulesTestJSON:tearDownClass): 202 DELETE http://10.180.1.21/compute/v2.1/os-security-groups/4ef90207-1e7e-4c60-89b4-5c6fe4e7c731 0.177s
2025-02-12 01:17:52.704 62794 INFO tempest.lib.common.rest_client [req-564ea633-2398-4dcd-8314-89dcf7261243 req-564ea633-2398-4dcd-8314-89dcf7261243 ] Request (ServerMetadataTestJSON:setUpClass): 200 GET http://10.180.1.21/compute/v2.1/servers/0eaa55ee-0619-456f-b35b-469c1ed7897d 0.072s
2025-02-12 01:17:52.730 62782 INFO tempest.lib.common.rest_client [req-e1635a8a-9ad9-49e1-a11e-6c18fe08febc req-e1635a8a-9ad9-49e1-a11e-6c18fe08febc ] Request (ImagesOneServerNegativeTestJSON:setUpClass): 200 GET http://10.180.1.21/compute/v2.1/servers/c31b20a2-11aa-4d64-a8c6-2d8f889f1560 0.143s
2025-02-12 01:17:52.775 62774 INFO tempest.lib.common.rest_client [req-811bcaf6-54d0-4389-b4b7-b4367fe4f9df req-811bcaf6-54d0-4389-b4b7-b4367fe4f9df ] Request (ServerActionsV293TestJSON:setUpClass): 200 GET http://10.180.1.21/compute/v2.1/servers/ba7b892b-a955-419f-b46e-e9631150a264 0.111s
2025-02-12 01:17:52.781 62756 INFO tempest.lib.common.rest_client [req-eb6cfd9b-5199-4882-96ea-d9806566ce1c req-eb6cfd9b-5199-4882-96ea-d9806566ce1c ] Request (SecurityGroupRulesTestJSON:tearDownClass): 202 DELETE http://10.180.1.21/compute/v2.1/os-security-groups/3d82d854-5024-40d4-9326-c9f77a86110e 0.124s
2025-02-12 01:17:52.862 62776 INFO tempest.lib.common.rest_client [req-c289c9e8-9e79-4775-9166-b533e6f92301 req-c289c9e8-9e79-4775-9166-b533e6f92301 ] Request (ServerRescueTestJSON:setUpClass): 200 GET http://10.180.1.21/compute/v2.1/servers/3d51c0e1-242e-4cdb-bf8c-4e7aa4d7656a 0.115s
2025-02-12 01:17:52.868 62754 INFO tempest.lib.common.rest_client [req-5cbb606f-5275-49b3-bebf-80876a963b7f req-5cbb606f-5275-49b3-bebf-80876a963b7f ] Request (InstanceActionsNegativeTestJSON:setUpClass): 200 GET http://10.180.1.21/compute/v2.1/servers/1b19cecd-2a04-4077-9758-9947a3bcb4c2 0.112s
2025-02-12 01:17:52.914 62806 INFO tempest.lib.common.rest_client [req-83f9ce2e-8675-47ba-95df-37e105c2218b req-83f9ce2e-8675-47ba-95df-37e105c2218b ] Request (AttachInterfacesUnderV243Test:test_add_remove_fixed_ip): 200 GET http://10.180.1.21/compute/v2.1/servers/2827c296-0e66-4ad3-a1b6-0ce5dbc6ff29 0.125s
2025-02-12 01:17:52.949 62756 INFO tempest.lib.common.rest_client [req-6d285e50-ce34-441c-bfca-a896b06a24ed req-6d285e50-ce34-441c-bfca-a896b06a24ed ] Request (SecurityGroupRulesTestJSON:tearDownClass): 202 DELETE http://10.180.1.21/compute/v2.1/os-security-groups/c80d79be-bcda-4725-9275-d0b7bcef5c49 0.167s
2025-02-12 01:17:52.963 62760 INFO tempest.lib.common.rest_client [req-49fd0826-18f0-49bd-9b8a-472d2889e015 req-49fd0826-18f0-49bd-9b8a-472d2889e015 ] Request (FloatingIPsAssociationTestJSON:setUpClass): 200 GET http://10.180.1.21/compute/v2.1/servers/bcc0fbd8-e554-488a-8a12-732d7db1a4b0 0.132s
2025-02-12 01:17:52.994 62766 INFO tempest.lib.common.rest_client [req-c22f2458-6c8f-4e09-87f7-4ed7beb846c2 req-c22f2458-6c8f-4e09-87f7-4ed7beb846c2 ] Request (InstanceActionsV221TestJSON:test_get_list_deleted_instance_actions): 200 GET http://10.180.1.21/compute/v2.1/servers/6d751e02-64bb-41bb-9ded-30db9b885c2e 0.113s
2025-02-12 01:17:53.014 62805 INFO tempest.lib.common.rest_client [req-9c50edc1-ce46-43ba-82eb-29ff909a9ce0 req-9c50edc1-ce46-43ba-82eb-29ff909a9ce0 ] Request (ServersAdminNegativeTestJSON:setUpClass): 200 GET http://10.180.1.21/compute/v2.1/servers/6316a65c-b75f-4432-9bd9-5e9833c18af3 0.113s
2025-02-12 01:17:53.039 62752 INFO tempest.lib.common.rest_client [req-3ead18c9-b03d-4f99-a62d-7827087a322e req-3ead18c9-b03d-4f99-a62d-7827087a322e ] Request (TenantUsagesTestJSON:setUpClass): 200 GET http://10.180.1.21/compute/v2.1/servers/4a3639c7-8795-4702-a729-8239b0d55d51 0.118s
2025-02-12 01:17:53.080 62784 INFO tempest.lib.common.rest_client [req-bb4ecc02-8281-481b-b937-cce21133746f req-bb4ecc02-8281-481b-b937-cce21133746f ] Request (ServerDiskConfigTestJSON:test_rebuild_server_with_auto_disk_config): 200 GET http://10.180.1.21/compute/v2.1/servers/6122b5aa-dde8-4999-b611-6695d01545c1 0.118s
2025-02-12 01:17:53.104 62756 INFO tempest.lib.common.rest_client [req-819771d5-876f-476a-b603-41d0ec8bd29e req-819771d5-876f-476a-b603-41d0ec8bd29e ] Request (SecurityGroupRulesTestJSON:tearDownClass): 202 DELETE http://10.180.1.21/compute/v2.1/os-security-groups/f8edbfb3-44f0-4f2f-b5ef-3a30879d900b 0.154s
2025-02-12 01:17:53.150 62764 INFO tempest.lib.common.rest_client [req-c20d131a-8527-4bdc-a999-3590934f561c req-c20d131a-8527-4bdc-a999-3590934f561c ] Request (DeleteServersTestJSON:test_delete_active_server): 200 GET http://10.180.1.21/compute/v2.1/servers/9b0a9f16-c53e-41b8-a473-b1eff1ad41c7 0.114s
2025-02-12 01:17:53.193 62758 INFO tempest.lib.common.rest_client [req-3d898fa9-6534-4701-ae29-d3ce229ad5c5 req-3d898fa9-6534-4701-ae29-d3ce229ad5c5 ] Request (ServersTestManualDisk:setUpClass): 200 GET http://10.180.1.21/compute/v2.1/servers/a1380ba5-64df-4b21-a80b-96c6d9d80f73 0.151s
2025-02-12 01:17:53.236 62792 INFO tempest.lib.common.rest_client [req-8d4da5bc-e422-4857-9fd8-6cbd6b6fc636 req-8d4da5bc-e422-4857-9fd8-6cbd6b6fc636 ] Request (ServersAdminTestJSON:setUpClass): 200 GET http://10.180.1.21/compute/v2.1/servers/498b6bd7-03d8-44e7-b007-27d86afcb028 0.156s
2025-02-12 01:17:53.322 62781 INFO tempest.lib.common.rest_client [req-45e215ad-d9c8-4026-86c6-613322d5d8fa req-45e215ad-d9c8-4026-86c6-613322d5d8fa ] Request (SecurityGroupsTestJSON:test_list_security_groups_by_server): 200 GET http://10.180.1.21/compute/v2.1/servers/63f63029-d01a-4d55-9753-95b93b7155cf 0.154s
2025-02-12 01:17:53.377 62772 INFO tempest.lib.common.rest_client [req-8474a7af-16c1-4ea6-bf08-8df836e13347 req-8474a7af-16c1-4ea6-bf08-8df836e13347 ] Request (ServersAdmin275Test:test_rebuild_update_server_275): 200 GET http://10.180.1.21/compute/v2.1/servers/fbfd64cf-fa8e-48c0-9410-e3da6080f163 0.157s
2025-02-12 01:17:53.377 62786 INFO tempest.lib.common.rest_client [req-3f7485b2-21de-4633-8d0f-5f745e3a6350 req-3f7485b2-21de-4633-8d0f-5f745e3a6350 ] Request (MigrationsAdminTest:test_list_migrations_in_flavor_resize_situation): 200 GET http://10.180.1.21/compute/v2.1/servers/58d7e626-35a8-4c3d-bb34-11d1f6a0d2e3 0.388s
2025-02-12 01:17:53.435 62746 INFO tempest.lib.common.rest_client [req-91664b41-3cb2-4e10-b008-26b19b50b1bc req-91664b41-3cb2-4e10-b008-26b19b50b1bc ] Request (ServerShowV247Test:test_update_rebuild_list_server): 200 GET http://10.180.1.21/compute/v2.1/servers/01bfc053-50f3-4813-8e4b-aceba0d2440f 0.084s
2025-02-12 01:17:53.462 62768 INFO tempest.lib.common.rest_client [req-5a4cc7e1-44b3-470c-9964-d84f768660c7 req-5a4cc7e1-44b3-470c-9964-d84f768660c7 ] Request (DeleteServersAdminTestJSON:test_admin_delete_servers_of_others): 200 GET http://10.180.1.21/compute/v2.1/servers/598b1fd3-d762-4625-9660-ccf76af2394c 0.158s
2025-02-12 01:17:53.507 62788 INFO tempest.lib.common.rest_client [req-e00b8ee5-5f7a-4562-b157-9d3052b1092a req-e00b8ee5-5f7a-4562-b157-9d3052b1092a ] Request (VolumesAssistedSnapshotsTest:test_volume_assisted_snapshot_create_delete): 200 GET http://10.180.1.21/compute/v2.1/servers/cb9d87f8-b8c4-4dbf-93ed-dab6988fae48 0.103s
2025-02-12 01:17:53.552 62800 INFO tempest.lib.common.rest_client [req-4a695b11-5b6a-4f2e-b207-c8ad6d88fac8 req-4a695b11-5b6a-4f2e-b207-c8ad6d88fac8 ] Request (ServerDiagnosticsNegativeTest:test_get_server_diagnostics_by_non_admin): 200 GET http://10.180.1.21/compute/v2.1/servers/4144689d-05a1-4e7f-b159-75cbaef82333 0.160s
2025-02-12 01:17:53.609 62770 INFO tempest.lib.common.rest_client [req-f7c458fd-6f6b-4b0d-93a4-004880acc5bc req-f7c458fd-6f6b-4b0d-93a4-004880acc5bc ] Request (ServersWithSpecificFlavorTestJSON:test_verify_created_server_ephemeral_disk): 200 GET http://10.180.1.21/compute/v2.1/servers/765af4c8-ddae-4d08-a49f-217e038e5555 0.079s
2025-02-12 01:17:53.642 62796 INFO tempest.lib.common.rest_client [req-014c430e-ce95-459f-8b1e-e7ee231fd64c req-014c430e-ce95-459f-8b1e-e7ee231fd64c ] Request (FloatingIPsAssociationNegativeTestJSON:setUpClass): 200 GET http://10.180.1.21/compute/v2.1/servers/fa608f4a-47e6-4904-af65-a82c107af979 0.166s
2025-02-12 01:17:53.697 62802 INFO tempest.lib.common.rest_client [req-401b1242-d897-4a99-a0d8-6ad973fddd33 req-401b1242-d897-4a99-a0d8-6ad973fddd33 ] Request (AttachInterfacesV270Test:test_create_get_list_interfaces): 200 GET http://10.180.1.21/compute/v2.1/servers/c5a731c8-f9a7-4a4f-a69a-a429d99b80fa 0.123s
2025-02-12 01:17:53.739 62762 INFO tempest.lib.common.rest_client [req-81acaf84-1033-4311-9185-be9743a2b7ca req-81acaf84-1033-4311-9185-be9743a2b7ca ] Request (AttachInterfacesTestJSON:test_create_list_show_delete_interfaces_by_fixed_ip): 200 GET http://10.180.1.21/compute/v2.1/servers/1b8bc5c8-1f3a-409b-bdbc-bdad8e1966e2 0.134s
2025-02-12 01:17:53.743 62748 INFO tempest.lib.common.rest_client [req-268a80d2-fc69-406c-a1d4-1b1cffc6ca36 req-268a80d2-fc69-406c-a1d4-1b1cffc6ca36 ] Request (ServerExternalEventsTest:test_create_server_external_events): 200 GET http://10.180.1.21/compute/v2.1/servers/dc241495-c9b7-4f2f-895d-e25008cc738a 0.179s
2025-02-12 01:17:53.788 62794 INFO tempest.lib.common.rest_client [req-59714c9f-41b2-40c2-b2d2-e7d7d10b4ad3 req-59714c9f-41b2-40c2-b2d2-e7d7d10b4ad3 ] Request (ServerMetadataTestJSON:setUpClass): 200 GET http://10.180.1.21/compute/v2.1/servers/0eaa55ee-0619-456f-b35b-469c1ed7897d 0.077s
2025-02-12 01:17:53.788 62750 INFO tempest.lib.common.rest_client [req-6fbdbd16-352b-49c8-8980-ab288d0b4307 req-6fbdbd16-352b-49c8-8980-ab288d0b4307 ] Request (ImagesOneServerTestJSON:setUpClass): 200 GET http://10.180.1.21/compute/v2.1/servers/d86cd3ea-23d1-488e-acc6-bb4b4b666247 0.142s
2025-02-12 01:17:53.850 62774 INFO tempest.lib.common.rest_client [req-3ff45d25-f1e8-43f8-9836-982f7804ba1b req-3ff45d25-f1e8-43f8-9836-982f7804ba1b ] Request (ServerActionsV293TestJSON:setUpClass): 200 GET http://10.180.1.21/compute/v2.1/servers/ba7b892b-a955-419f-b46e-e9631150a264 0.064s
2025-02-12 01:17:53.875 62782 INFO tempest.lib.common.rest_client [req-865b0449-29dd-47b9-bb65-480f9c43cfcf req-865b0449-29dd-47b9-bb65-480f9c43cfcf ] Request (ImagesOneServerNegativeTestJSON:setUpClass): 200 GET http://10.180.1.21/compute/v2.1/servers/c31b20a2-11aa-4d64-a8c6-2d8f889f1560 0.137s
2025-02-12 01:17:53.973 62754 INFO tempest.lib.common.rest_client [req-02dca06a-819d-448a-b9d2-c37fba548cc9 req-02dca06a-819d-448a-b9d2-c37fba548cc9 ] Request (InstanceActionsNegativeTestJSON:setUpClass): 200 GET http://10.180.1.21/compute/v2.1/servers/1b19cecd-2a04-4077-9758-9947a3bcb4c2 0.097s
2025-02-12 01:17:54.009 62776 INFO tempest.lib.common.rest_client [req-3a65bc58-552e-4592-b889-3228dbd4d510 req-3a65bc58-552e-4592-b889-3228dbd4d510 ] Request (ServerRescueTestJSON:setUpClass): 200 GET http://10.180.1.21/compute/v2.1/servers/3d51c0e1-242e-4cdb-bf8c-4e7aa4d7656a 0.139s
2025-02-12 01:17:54.045 62806 INFO tempest.lib.common.rest_client [req-55876f52-04ae-4247-8231-606c7b4198f8 req-55876f52-04ae-4247-8231-606c7b4198f8 ] Request (AttachInterfacesUnderV243Test:test_add_remove_fixed_ip): 200 GET http://10.180.1.21/compute/v2.1/servers/2827c296-0e66-4ad3-a1b6-0ce5dbc6ff29 0.117s
2025-02-12 01:17:54.074 62760 INFO tempest.lib.common.rest_client [req-4014efd6-bd2f-47ab-af9e-7c645290a691 req-4014efd6-bd2f-47ab-af9e-7c645290a691 ] Request (FloatingIPsAssociationTestJSON:setUpClass): 200 GET http://10.180.1.21/compute/v2.1/servers/bcc0fbd8-e554-488a-8a12-732d7db1a4b0 0.102s
2025-02-12 01:17:54.093 62766 INFO tempest.lib.common.rest_client [req-12d6fa8b-c58e-42f8-b94a-54c15ad8e8f8 req-12d6fa8b-c58e-42f8-b94a-54c15ad8e8f8 ] Request (InstanceActionsV221TestJSON:test_get_list_deleted_instance_actions): 200 GET http://10.180.1.21/compute/v2.1/servers/6d751e02-64bb-41bb-9ded-30db9b885c2e 0.090s
2025-02-12 01:17:54.120 62805 INFO tempest.lib.common.rest_client [req-9f2f5552-7eed-4d0f-8212-fee6708573f8 req-9f2f5552-7eed-4d0f-8212-fee6708573f8 ] Request (ServersAdminNegativeTestJSON:setUpClass): 200 GET http://10.180.1.21/compute/v2.1/servers/6316a65c-b75f-4432-9bd9-5e9833c18af3 0.098s
2025-02-12 01:17:54.140 62752 INFO tempest.lib.common.rest_client [req-046e87f1-6cba-4658-ad08-36f82b7e32ae req-046e87f1-6cba-4658-ad08-36f82b7e32ae ] Request (TenantUsagesTestJSON:setUpClass): 200 GET http://10.180.1.21/compute/v2.1/servers/4a3639c7-8795-4702-a729-8239b0d55d51 0.093s
2025-02-12 01:17:54.175 62784 INFO tempest.lib.common.rest_client [req-ff8625a5-0bd8-4b03-af84-5850b28b96f8 req-ff8625a5-0bd8-4b03-af84-5850b28b96f8 ] Request (ServerDiskConfigTestJSON:test_rebuild_server_with_auto_disk_config): 200 GET http://10.180.1.21/compute/v2.1/servers/6122b5aa-dde8-4999-b611-6695d01545c1 0.088s
2025-02-12 01:17:54.203 62764 INFO tempest.lib.common.rest_client [req-ee656302-29bc-4ba9-85cf-9604e1631fa3 req-ee656302-29bc-4ba9-85cf-9604e1631fa3 ] Request (DeleteServersTestJSON:test_delete_active_server): 200 GET http://10.180.1.21/compute/v2.1/servers/9b0a9f16-c53e-41b8-a473-b1eff1ad41c7 0.046s
2025-02-12 01:17:54.259 62758 INFO tempest.lib.common.rest_client [req-c2f49790-143a-44aa-b99d-3a000aa4cda8 req-c2f49790-143a-44aa-b99d-3a000aa4cda8 ] Request (ServersTestManualDisk:setUpClass): 200 GET http://10.180.1.21/compute/v2.1/servers/a1380ba5-64df-4b21-a80b-96c6d9d80f73 0.058s
2025-02-12 01:17:54.291 62792 INFO tempest.lib.common.rest_client [req-23b2668c-a168-4f4a-8cb9-1fcfe7055b11 req-23b2668c-a168-4f4a-8cb9-1fcfe7055b11 ] Request (ServersAdminTestJSON:setUpClass): 200 GET http://10.180.1.21/compute/v2.1/servers/498b6bd7-03d8-44e7-b007-27d86afcb028 0.047s
2025-02-12 01:17:54.330 62756 INFO tempest.lib.common.rest_client [req-7dc4d0d4-396a-42b3-9690-bafd9a047634 req-7dc4d0d4-396a-42b3-9690-bafd9a047634 ] Request (SecurityGroupRulesTestJSON:tearDownClass): 200 PUT http://10.180.1.21:9696/networking/v2.0/routers/b39f6722-2c12-472e-9061-77d8dcad7f04/remove_router_interface 1.226s
2025-02-12 01:17:54.478 62781 INFO tempest.lib.common.rest_client [req-66cd60dd-4923-422a-9a2c-d1b215c8f70d req-66cd60dd-4923-422a-9a2c-d1b215c8f70d ] Request (SecurityGroupsTestJSON:test_list_security_groups_by_server): 200 GET http://10.180.1.21/compute/v2.1/servers/63f63029-d01a-4d55-9753-95b93b7155cf 0.149s
2025-02-12 01:17:54.494 62786 INFO tempest.lib.common.rest_client [req-f02c5d27-8a24-47a5-9fc0-d3281060dbbc req-f02c5d27-8a24-47a5-9fc0-d3281060dbbc ] Request (MigrationsAdminTest:test_list_migrations_in_flavor_resize_situation): 200 GET http://10.180.1.21/compute/v2.1/servers/58d7e626-35a8-4c3d-bb34-11d1f6a0d2e3 0.108s
2025-02-12 01:17:54.541 62746 INFO tempest.lib.common.rest_client [req-9efb943a-da06-48f2-9b22-030d38e616e6 req-9efb943a-da06-48f2-9b22-030d38e616e6 ] Request (ServerShowV247Test:test_update_rebuild_list_server): 200 GET http://10.180.1.21/compute/v2.1/servers/01bfc053-50f3-4813-8e4b-aceba0d2440f 0.096s
2025-02-12 01:17:54.553 62772 INFO tempest.lib.common.rest_client [req-7a0507e1-9b2c-4f04-8be7-fb5915963f29 req-7a0507e1-9b2c-4f04-8be7-fb5915963f29 ] Request (ServersAdmin275Test:test_rebuild_update_server_275): 200 GET http://10.180.1.21/compute/v2.1/servers/fbfd64cf-fa8e-48c0-9410-e3da6080f163 0.165s
2025-02-12 01:17:54.610 62788 INFO tempest.lib.common.rest_client [req-68ed345c-f063-4eb9-a611-cffb60c34142 req-68ed345c-f063-4eb9-a611-cffb60c34142 ] Request (VolumesAssistedSnapshotsTest:test_volume_assisted_snapshot_create_delete): 200 GET http://10.180.1.21/compute/v2.1/servers/cb9d87f8-b8c4-4dbf-93ed-dab6988fae48 0.095s
2025-02-12 01:17:54.646 62768 INFO tempest.lib.common.rest_client [req-9d9a52d4-1dc9-4778-a82f-77d19381d99a req-9d9a52d4-1dc9-4778-a82f-77d19381d99a ] Request (DeleteServersAdminTestJSON:test_admin_delete_servers_of_others): 200 GET http://10.180.1.21/compute/v2.1/servers/598b1fd3-d762-4625-9660-ccf76af2394c 0.176s
2025-02-12 01:17:54.701 62770 INFO tempest.lib.common.rest_client [req-575a421d-4af5-4629-a6df-e2be6ca98910 req-575a421d-4af5-4629-a6df-e2be6ca98910 ] Request (ServersWithSpecificFlavorTestJSON:test_verify_created_server_ephemeral_disk): 200 GET http://10.180.1.21/compute/v2.1/servers/765af4c8-ddae-4d08-a49f-217e038e5555 0.085s
2025-02-12 01:17:54.745 62800 INFO tempest.lib.common.rest_client [req-3e9af3fc-474d-4026-96a3-c42d7ddd5272 req-3e9af3fc-474d-4026-96a3-c42d7ddd5272 ] Request (ServerDiagnosticsNegativeTest:test_get_server_diagnostics_by_non_admin): 200 GET http://10.180.1.21/compute/v2.1/servers/4144689d-05a1-4e7f-b159-75cbaef82333 0.182s
2025-02-12 01:17:54.796 62796 INFO tempest.lib.common.rest_client [req-88e5d30f-dadc-41a4-9d61-6897f13b2dce req-88e5d30f-dadc-41a4-9d61-6897f13b2dce ] Request (FloatingIPsAssociationNegativeTestJSON:setUpClass): 200 GET http://10.180.1.21/compute/v2.1/servers/fa608f4a-47e6-4904-af65-a82c107af979 0.144s
2025-02-12 01:17:54.812 62802 INFO tempest.lib.common.rest_client [req-1ea90e00-dfd7-490a-b6fe-84130271cf0d req-1ea90e00-dfd7-490a-b6fe-84130271cf0d ] Request (AttachInterfacesV270Test:test_create_get_list_interfaces): 200 GET http://10.180.1.21/compute/v2.1/servers/c5a731c8-f9a7-4a4f-a69a-a429d99b80fa 0.106s
2025-02-12 01:17:54.844 62762 INFO tempest.lib.common.rest_client [req-fd6cdaab-c5da-4576-b265-8f0392b42434 req-fd6cdaab-c5da-4576-b265-8f0392b42434 ] Request (AttachInterfacesTestJSON:test_create_list_show_delete_interfaces_by_fixed_ip): 200 GET http://10.180.1.21/compute/v2.1/servers/1b8bc5c8-1f3a-409b-bdbc-bdad8e1966e2 0.095s
2025-02-12 01:17:54.884 62756 INFO tempest.lib.common.rest_client [req-8058b09f-8d19-404c-9088-250430e164d5 req-8058b09f-8d19-404c-9088-250430e164d5 ] Request (SecurityGroupRulesTestJSON:tearDownClass): 204 DELETE http://10.180.1.21:9696/networking/v2.0/routers/b39f6722-2c12-472e-9061-77d8dcad7f04 0.553s
2025-02-12 01:17:54.893 62794 INFO tempest.lib.common.rest_client [req-20c7d3b1-8ba9-4c75-a9f5-563a2bac80c0 req-20c7d3b1-8ba9-4c75-a9f5-563a2bac80c0 ] Request (ServerMetadataTestJSON:setUpClass): 200 GET http://10.180.1.21/compute/v2.1/servers/0eaa55ee-0619-456f-b35b-469c1ed7897d 0.095s
2025-02-12 01:17:54.918 62748 INFO tempest.lib.common.rest_client [req-49ae44a7-fb41-4573-a926-d817739a3b88 req-49ae44a7-fb41-4573-a926-d817739a3b88 ] Request (ServerExternalEventsTest:test_create_server_external_events): 200 GET http://10.180.1.21/compute/v2.1/servers/dc241495-c9b7-4f2f-895d-e25008cc738a 0.168s
2025-02-12 01:17:54.950 62750 INFO tempest.lib.common.rest_client [req-dbedceb5-f189-4a74-8976-cfc250dad0a1 req-dbedceb5-f189-4a74-8976-cfc250dad0a1 ] Request (ImagesOneServerTestJSON:setUpClass): 200 GET http://10.180.1.21/compute/v2.1/servers/d86cd3ea-23d1-488e-acc6-bb4b4b666247 0.153s
2025-02-12 01:17:54.969 62774 INFO tempest.lib.common.rest_client [req-014a7619-f651-40d9-b81d-7b72bb124e8d req-014a7619-f651-40d9-b81d-7b72bb124e8d ] Request (ServerActionsV293TestJSON:setUpClass): 200 GET http://10.180.1.21/compute/v2.1/servers/ba7b892b-a955-419f-b46e-e9631150a264 0.109s
2025-02-12 01:17:55.074 62754 INFO tempest.lib.common.rest_client [req-3f1cab05-1686-4bb6-8176-6edf5968cf7a req-3f1cab05-1686-4bb6-8176-6edf5968cf7a ] Request (InstanceActionsNegativeTestJSON:setUpClass): 200 GET http://10.180.1.21/compute/v2.1/servers/1b19cecd-2a04-4077-9758-9947a3bcb4c2 0.093s
2025-02-12 01:17:55.077 62782 INFO tempest.lib.common.rest_client [req-44795896-7046-427a-9f94-7a78d709ec05 req-44795896-7046-427a-9f94-7a78d709ec05 ] Request (ImagesOneServerNegativeTestJSON:setUpClass): 200 GET http://10.180.1.21/compute/v2.1/servers/c31b20a2-11aa-4d64-a8c6-2d8f889f1560 0.194s
2025-02-12 01:17:55.084 62756 INFO tempest.lib.common.rest_client [req-68c8dcb8-5deb-48fc-aa4a-78f5227001db req-68c8dcb8-5deb-48fc-aa4a-78f5227001db ] Request (SecurityGroupRulesTestJSON:tearDownClass): 204 DELETE http://10.180.1.21:9696/networking/v2.0/subnets/c9139da2-f4ea-4fe5-9859-116c0a5aeddf 0.199s
2025-02-12 01:17:55.134 62806 INFO tempest.lib.common.rest_client [req-b6c20b1a-50c0-4173-a12b-e0b651a0a243 req-b6c20b1a-50c0-4173-a12b-e0b651a0a243 ] Request (AttachInterfacesUnderV243Test:test_add_remove_fixed_ip): 200 GET http://10.180.1.21/compute/v2.1/servers/2827c296-0e66-4ad3-a1b6-0ce5dbc6ff29 0.079s
2025-02-12 01:17:55.186 62760 INFO tempest.lib.common.rest_client [req-e55d3adc-c9a6-4a4a-bc02-0f1eada5f45f req-e55d3adc-c9a6-4a4a-bc02-0f1eada5f45f ] Request (FloatingIPsAssociationTestJSON:setUpClass): 200 GET http://10.180.1.21/compute/v2.1/servers/bcc0fbd8-e554-488a-8a12-732d7db1a4b0 0.099s
2025-02-12 01:17:55.229 62776 INFO tempest.lib.common.rest_client [req-49502b6d-51a8-471a-a586-2c7f3889e9c0 req-49502b6d-51a8-471a-a586-2c7f3889e9c0 ] Request (ServerRescueTestJSON:setUpClass): 200 GET http://10.180.1.21/compute/v2.1/servers/3d51c0e1-242e-4cdb-bf8c-4e7aa4d7656a 0.212s
2025-02-12 01:17:55.243 62766 INFO tempest.lib.common.rest_client [req-ff376f2f-32c2-4cc7-b085-1b3321bb3b3f req-ff376f2f-32c2-4cc7-b085-1b3321bb3b3f ] Request (InstanceActionsV221TestJSON:test_get_list_deleted_instance_actions): 200 GET http://10.180.1.21/compute/v2.1/servers/6d751e02-64bb-41bb-9ded-30db9b885c2e 0.135s
2025-02-12 01:17:55.290 62752 INFO tempest.lib.common.rest_client [req-d7327794-bd38-4607-9890-89e414c38887 req-d7327794-bd38-4607-9890-89e414c38887 ] Request (TenantUsagesTestJSON:setUpClass): 200 GET http://10.180.1.21/compute/v2.1/servers/4a3639c7-8795-4702-a729-8239b0d55d51 0.142s
2025-02-12 01:17:55.303 62805 INFO tempest.lib.common.rest_client [req-86dbce67-4148-47e2-a892-6b8a605fdade req-86dbce67-4148-47e2-a892-6b8a605fdade ] Request (ServersAdminNegativeTestJSON:setUpClass): 200 GET http://10.180.1.21/compute/v2.1/servers/6316a65c-b75f-4432-9bd9-5e9833c18af3 0.175s
2025-02-12 01:17:55.341 62784 INFO tempest.lib.common.rest_client [req-636ab4d7-abc7-476a-a6ed-a7effe5a14f1 req-636ab4d7-abc7-476a-a6ed-a7effe5a14f1 ] Request (ServerDiskConfigTestJSON:test_rebuild_server_with_auto_disk_config): 200 GET http://10.180.1.21/compute/v2.1/servers/6122b5aa-dde8-4999-b611-6695d01545c1 0.157s
2025-02-12 01:17:55.358 62764 INFO tempest.lib.common.rest_client [req-1b61d261-8957-4339-909e-e6229e63d28e req-1b61d261-8957-4339-909e-e6229e63d28e ] Request (DeleteServersTestJSON:test_delete_active_server): 200 GET http://10.180.1.21/compute/v2.1/servers/9b0a9f16-c53e-41b8-a473-b1eff1ad41c7 0.148s
2025-02-12 01:17:55.388 62758 INFO tempest.lib.common.rest_client [req-f43032ee-7813-45d3-943c-3f01b83033b7 req-f43032ee-7813-45d3-943c-3f01b83033b7 ] Request (ServersTestManualDisk:setUpClass): 200 GET http://10.180.1.21/compute/v2.1/servers/a1380ba5-64df-4b21-a80b-96c6d9d80f73 0.122s
2025-02-12 01:17:55.418 62792 INFO tempest.lib.common.rest_client [req-fb07f695-dbdd-49ea-a713-69624748d25e req-fb07f695-dbdd-49ea-a713-69624748d25e ] Request (ServersAdminTestJSON:setUpClass): 200 GET http://10.180.1.21/compute/v2.1/servers/498b6bd7-03d8-44e7-b007-27d86afcb028 0.119s
2025-02-12 01:17:55.478 62756 INFO tempest.lib.common.rest_client [req-3658fda2-3594-4e8b-86ae-de7f664f3698 req-3658fda2-3594-4e8b-86ae-de7f664f3698 ] Request (SecurityGroupRulesTestJSON:tearDownClass): 204 DELETE http://10.180.1.21:9696/networking/v2.0/networks/6ff99295-abfa-4b47-953c-60ebf76593d8 0.394s
2025-02-12 01:17:55.597 62756 INFO tempest.lib.common.rest_client [req-9645d56d-9c2d-428e-bc73-722d7aa4368f req-9645d56d-9c2d-428e-bc73-722d7aa4368f ] Request (SecurityGroupRulesTestJSON:tearDownClass): 204 DELETE http://10.180.1.21/identity/v3/users/fef53f73ea6a49999f07b80ce84006e1 0.118s
2025-02-12 01:17:55.597 62756 INFO tempest.lib.common.dynamic_creds [-] Deleting project and security group for project: 09a0e8ce292948489b6ae4232b586607
2025-02-12 01:17:55.649 62756 INFO tempest.lib.common.rest_client [req-e1c6e163-37b4-4d22-8a03-a9dce425ce9b req-e1c6e163-37b4-4d22-8a03-a9dce425ce9b ] Request (SecurityGroupRulesTestJSON:tearDownClass): 200 GET http://10.180.1.21:9696/networking/v2.0/security-groups?tenant_id=09a0e8ce292948489b6ae4232b586607&name=default 0.051s
2025-02-12 01:17:55.664 62786 INFO tempest.lib.common.rest_client [req-c63789eb-776a-4ca5-9b6b-5528bd6a37e3 req-c63789eb-776a-4ca5-9b6b-5528bd6a37e3 ] Request (MigrationsAdminTest:test_list_migrations_in_flavor_resize_situation): 200 GET http://10.180.1.21/compute/v2.1/servers/58d7e626-35a8-4c3d-bb34-11d1f6a0d2e3 0.157s
2025-02-12 01:17:55.669 62781 INFO tempest.lib.common.rest_client [req-5dd8d5d4-dcdb-4142-9007-93bf58de1c39 req-5dd8d5d4-dcdb-4142-9007-93bf58de1c39 ] Request (SecurityGroupsTestJSON:test_list_security_groups_by_server): 200 GET http://10.180.1.21/compute/v2.1/servers/63f63029-d01a-4d55-9753-95b93b7155cf 0.178s
2025-02-12 01:17:55.726 62746 INFO tempest.lib.common.rest_client [req-225d3db3-9cec-41f5-97d1-9cd7a316d16e req-225d3db3-9cec-41f5-97d1-9cd7a316d16e ] Request (ServerShowV247Test:test_update_rebuild_list_server): 200 GET http://10.180.1.21/compute/v2.1/servers/01bfc053-50f3-4813-8e4b-aceba0d2440f 0.174s
2025-02-12 01:17:55.741 62772 INFO tempest.lib.common.rest_client [req-5aeaeb62-7308-4b7e-9b72-c43e23d80684 req-5aeaeb62-7308-4b7e-9b72-c43e23d80684 ] Request (ServersAdmin275Test:test_rebuild_update_server_275): 200 GET http://10.180.1.21/compute/v2.1/servers/fbfd64cf-fa8e-48c0-9410-e3da6080f163 0.174s
2025-02-12 01:17:55.758 62756 INFO tempest.lib.common.rest_client [req-ceef4ff9-ef90-4cc0-a79b-3082e6b34862 req-ceef4ff9-ef90-4cc0-a79b-3082e6b34862 ] Request (SecurityGroupRulesTestJSON:tearDownClass): 204 DELETE http://10.180.1.21:9696/networking/v2.0/security-groups/ce1edc63-dae5-47d5-b312-257dd6b33d15 0.108s
2025-02-12 01:17:55.793 62788 INFO tempest.lib.common.rest_client [req-64e24ea5-efb9-445c-8f1e-a491411a3153 req-64e24ea5-efb9-445c-8f1e-a491411a3153 ] Request (VolumesAssistedSnapshotsTest:test_volume_assisted_snapshot_create_delete): 200 GET http://10.180.1.21/compute/v2.1/servers/cb9d87f8-b8c4-4dbf-93ed-dab6988fae48 0.172s
2025-02-12 01:17:55.839 62768 INFO tempest.lib.common.rest_client [req-76eb1cc1-4a9c-46c0-af13-593253c17e60 req-76eb1cc1-4a9c-46c0-af13-593253c17e60 ] Request (DeleteServersAdminTestJSON:test_admin_delete_servers_of_others): 200 GET http://10.180.1.21/compute/v2.1/servers/598b1fd3-d762-4625-9660-ccf76af2394c 0.181s
2025-02-12 01:17:55.849 62770 INFO tempest.lib.common.rest_client [req-6198c390-b41a-4b8b-8117-391ce5914583 req-6198c390-b41a-4b8b-8117-391ce5914583 ] Request (ServersWithSpecificFlavorTestJSON:test_verify_created_server_ephemeral_disk): 200 GET http://10.180.1.21/compute/v2.1/servers/765af4c8-ddae-4d08-a49f-217e038e5555 0.139s
2025-02-12 01:17:55.865 62756 INFO tempest.lib.common.rest_client [req-48442618-694f-4533-b6cb-15d46959f18d req-48442618-694f-4533-b6cb-15d46959f18d ] Request (SecurityGroupRulesTestJSON:tearDownClass): 204 DELETE http://10.180.1.21/identity/v3/projects/09a0e8ce292948489b6ae4232b586607 0.107s
2025-02-12 01:17:55.925 62756 INFO tempest.lib.common.rest_client [req-32e89da8-6783-4d4a-b0c8-630b303ab6f2 req-32e89da8-6783-4d4a-b0c8-630b303ab6f2 ] Request (AttachVolumeTestJSON:setUpClass): 201 POST http://10.180.1.21/identity/v3/auth/tokens 0.059s
2025-02-12 01:17:55.946 62796 INFO tempest.lib.common.rest_client [req-66b6ae4a-a5dc-4bc3-b5dc-1b2779d7d2f2 req-66b6ae4a-a5dc-4bc3-b5dc-1b2779d7d2f2 ] Request (FloatingIPsAssociationNegativeTestJSON:setUpClass): 200 GET http://10.180.1.21/compute/v2.1/servers/fa608f4a-47e6-4904-af65-a82c107af979 0.140s
2025-02-12 01:17:55.951 62800 INFO tempest.lib.common.rest_client [req-1bd85c9d-f0ce-4c05-a0d5-e5c0e72195d7 req-1bd85c9d-f0ce-4c05-a0d5-e5c0e72195d7 ] Request (ServerDiagnosticsNegativeTest:test_get_server_diagnostics_by_non_admin): 200 GET http://10.180.1.21/compute/v2.1/servers/4144689d-05a1-4e7f-b159-75cbaef82333 0.191s
2025-02-12 01:17:55.953 62756 INFO tempest.lib.common.rest_client [req-358615a4-30b4-42d8-a384-5549b540d12b req-358615a4-30b4-42d8-a384-5549b540d12b ] Request (AttachVolumeTestJSON:setUpClass): 201 POST http://10.180.1.21/identity/v3/auth/tokens 0.026s
2025-02-12 01:17:55.974 62756 INFO tempest.lib.common.rest_client [req-c1fb3914-3198-48b0-b67e-f72d5b6b8237 req-c1fb3914-3198-48b0-b67e-f72d5b6b8237 ] Request (AttachVolumeTestJSON:setUpClass): 200 GET http://10.180.1.21/identity/v3/domains?name=Default 0.020s
2025-02-12 01:17:55.995 62802 INFO tempest.lib.common.rest_client [req-1c42820e-f694-4ace-8e59-b575c30c8886 req-1c42820e-f694-4ace-8e59-b575c30c8886 ] Request (AttachInterfacesV270Test:test_create_get_list_interfaces): 200 GET http://10.180.1.21/compute/v2.1/servers/c5a731c8-f9a7-4a4f-a69a-a429d99b80fa 0.169s
2025-02-12 01:17:56.003 62756 INFO tempest.lib.common.rest_client [req-4b194715-5f44-4a25-b3a9-f5ad0942a375 req-4b194715-5f44-4a25-b3a9-f5ad0942a375 ] Request (AttachVolumeTestJSON:setUpClass): 201 POST http://10.180.1.21/identity/v3/projects 0.028s
2025-02-12 01:17:56.004 62762 INFO tempest.lib.common.rest_client [req-2d98792e-cbf6-4929-86d0-6c1e2ffe42d9 req-2d98792e-cbf6-4929-86d0-6c1e2ffe42d9 ] Request (AttachInterfacesTestJSON:test_create_list_show_delete_interfaces_by_fixed_ip): 200 GET http://10.180.1.21/compute/v2.1/servers/1b8bc5c8-1f3a-409b-bdbc-bdad8e1966e2 0.151s
2025-02-12 01:17:56.060 62794 INFO tempest.lib.common.rest_client [req-2c4dd6bc-3e3f-4902-a3d4-e734deb5bfea req-2c4dd6bc-3e3f-4902-a3d4-e734deb5bfea ] Request (ServerMetadataTestJSON:setUpClass): 200 GET http://10.180.1.21/compute/v2.1/servers/0eaa55ee-0619-456f-b35b-469c1ed7897d 0.158s
2025-02-12 01:17:56.069 62756 INFO tempest.lib.common.rest_client [req-d042e544-8d6f-4281-a6dc-d08ba97b69d9 req-d042e544-8d6f-4281-a6dc-d08ba97b69d9 ] Request (AttachVolumeTestJSON:setUpClass): 201 POST http://10.180.1.21/identity/v3/users 0.065s
2025-02-12 01:17:56.088 62756 INFO tempest.lib.common.rest_client [req-0bed3328-830e-47a1-a4b1-a55eb81b3b36 req-0bed3328-830e-47a1-a4b1-a55eb81b3b36 ] Request (AttachVolumeTestJSON:setUpClass): 200 GET http://10.180.1.21/identity/v3/roles 0.018s
2025-02-12 01:17:56.108 62750 INFO tempest.lib.common.rest_client [req-d283a6f2-2dc9-4aca-900f-b498ce0879a2 req-d283a6f2-2dc9-4aca-900f-b498ce0879a2 ] Request (ImagesOneServerTestJSON:setUpClass): 200 GET http://10.180.1.21/compute/v2.1/servers/d86cd3ea-23d1-488e-acc6-bb4b4b666247 0.149s
2025-02-12 01:17:56.115 62756 INFO tempest.lib.common.rest_client [req-e39b44a1-7f14-45f4-84a0-c9d10c83e6a8 req-e39b44a1-7f14-45f4-84a0-c9d10c83e6a8 ] Request (AttachVolumeTestJSON:setUpClass): 204 PUT http://10.180.1.21/identity/v3/projects/733268377e2843d7ab08d0f47c1bb14d/users/f1f2d59239214b48a43831dd5daed8d0/roles/86924a3a985d48c8885c32a77068e8f2 0.026s
2025-02-12 01:17:56.116 62756 INFO tempest.lib.common.dynamic_creds [-] Dynamic test user f1f2d59239214b48a43831dd5daed8d0 is created with scope project and roles: ['member']
2025-02-12 01:17:56.116 62756 INFO tempest.lib.common.dynamic_creds [-] Acquired dynamic creds: credentials: Credentials: {'domain_id': 'default', 'domain_name': 'Default', 'username': 'tempest-AttachVolumeTestJSON-1962259627-project-member', 'project_domain_id': 'default', 'project_domain_name': 'Default', 'project_id': '733268377e2843d7ab08d0f47c1bb14d', 'project_name': 'tempest-AttachVolumeTestJSON-1962259627', 'tenant_id': '733268377e2843d7ab08d0f47c1bb14d', 'tenant_name': 'tempest-AttachVolumeTestJSON-1962259627', 'user_domain_id': 'default', 'user_domain_name': 'Default', 'user_id': 'f1f2d59239214b48a43831dd5daed8d0', 'system': None}, Network: None, Subnet: None, Router: None
2025-02-12 01:17:56.125 62748 INFO tempest.lib.common.rest_client [req-4951929f-13b4-41fb-a00a-bf17d771d2bd req-4951929f-13b4-41fb-a00a-bf17d771d2bd ] Request (ServerExternalEventsTest:test_create_server_external_events): 200 GET http://10.180.1.21/compute/v2.1/servers/dc241495-c9b7-4f2f-895d-e25008cc738a 0.198s
2025-02-12 01:17:56.164 62774 INFO tempest.lib.common.rest_client [req-11128ab0-9759-4d47-bd95-bb62e5c3568a req-11128ab0-9759-4d47-bd95-bb62e5c3568a ] Request (ServerActionsV293TestJSON:setUpClass): 200 GET http://10.180.1.21/compute/v2.1/servers/ba7b892b-a955-419f-b46e-e9631150a264 0.185s
2025-02-12 01:17:56.173 62756 INFO tempest.lib.common.rest_client [req-fdefcb55-a75d-457b-a222-4b3b0dd0eee7 req-fdefcb55-a75d-457b-a222-4b3b0dd0eee7 ] Request (AttachVolumeTestJSON:setUpClass): 201 POST http://10.180.1.21/identity/v3/auth/tokens 0.056s
2025-02-12 01:17:56.267 62782 INFO tempest.lib.common.rest_client [req-914d2e2d-c94e-4d74-8647-bb8515d0119a req-914d2e2d-c94e-4d74-8647-bb8515d0119a ] Request (ImagesOneServerNegativeTestJSON:setUpClass): 200 GET http://10.180.1.21/compute/v2.1/servers/c31b20a2-11aa-4d64-a8c6-2d8f889f1560 0.181s
2025-02-12 01:17:56.271 62754 INFO tempest.lib.common.rest_client [req-7548b307-0458-486a-a848-7503553c250f req-7548b307-0458-486a-a848-7503553c250f ] Request (InstanceActionsNegativeTestJSON:setUpClass): 200 GET http://10.180.1.21/compute/v2.1/servers/1b19cecd-2a04-4077-9758-9947a3bcb4c2 0.189s
2025-02-12 01:17:56.317 62760 INFO tempest.lib.common.rest_client [req-59ce1d63-ebe6-47aa-9688-6db7ca8b3f43 req-59ce1d63-ebe6-47aa-9688-6db7ca8b3f43 ] Request (FloatingIPsAssociationTestJSON:setUpClass): 200 GET http://10.180.1.21/compute/v2.1/servers/bcc0fbd8-e554-488a-8a12-732d7db1a4b0 0.118s
2025-02-12 01:17:56.319 62806 INFO tempest.lib.common.rest_client [req-6134249d-0f44-426b-9ae2-b1e7ddd782f6 req-6134249d-0f44-426b-9ae2-b1e7ddd782f6 ] Request (AttachInterfacesUnderV243Test:test_add_remove_fixed_ip): 200 GET http://10.180.1.21/compute/v2.1/servers/2827c296-0e66-4ad3-a1b6-0ce5dbc6ff29 0.177s
2025-02-12 01:17:56.376 62766 INFO tempest.lib.common.rest_client [req-0c5c59cb-13e1-4f91-933a-be5906943d22 req-0c5c59cb-13e1-4f91-933a-be5906943d22 ] Request (InstanceActionsV221TestJSON:test_get_list_deleted_instance_actions): 200 GET http://10.180.1.21/compute/v2.1/servers/6d751e02-64bb-41bb-9ded-30db9b885c2e 0.124s
2025-02-12 01:17:56.436 62752 INFO tempest.lib.common.rest_client [req-145f9cb7-f1d3-414d-9b09-059b378bae09 req-145f9cb7-f1d3-414d-9b09-059b378bae09 ] Request (TenantUsagesTestJSON:setUpClass): 200 GET http://10.180.1.21/compute/v2.1/servers/4a3639c7-8795-4702-a729-8239b0d55d51 0.127s
2025-02-12 01:17:56.453 62756 INFO tempest.lib.common.rest_client [req-4badc6d7-bd0e-4fc9-9c45-1eb2935f0a93 req-4badc6d7-bd0e-4fc9-9c45-1eb2935f0a93 ] Request (AttachVolumeTestJSON:setUpClass): 201 POST http://10.180.1.21:9696/networking/v2.0/networks 0.280s
2025-02-12 01:17:56.458 62776 INFO tempest.lib.common.rest_client [req-94b41610-698a-45ba-a892-0a3633596cea req-94b41610-698a-45ba-a892-0a3633596cea ] Request (ServerRescueTestJSON:setUpClass): 200 GET http://10.180.1.21/compute/v2.1/servers/3d51c0e1-242e-4cdb-bf8c-4e7aa4d7656a 0.219s
2025-02-12 01:17:56.491 62805 INFO tempest.lib.common.rest_client [req-ad0516cd-c404-42db-a029-8096861a2662 req-ad0516cd-c404-42db-a029-8096861a2662 ] Request (ServersAdminNegativeTestJSON:setUpClass): 200 GET http://10.180.1.21/compute/v2.1/servers/6316a65c-b75f-4432-9bd9-5e9833c18af3 0.179s
2025-02-12 01:17:56.522 62784 INFO tempest.lib.common.rest_client [req-ca06a3dd-cfa0-4b1a-8d59-84e02ad78401 req-ca06a3dd-cfa0-4b1a-8d59-84e02ad78401 ] Request (ServerDiskConfigTestJSON:test_rebuild_server_with_auto_disk_config): 200 GET http://10.180.1.21/compute/v2.1/servers/6122b5aa-dde8-4999-b611-6695d01545c1 0.173s
2025-02-12 01:17:56.544 62764 INFO tempest.lib.common.rest_client [req-48e40227-551f-4232-bf0c-89360f7d893b req-48e40227-551f-4232-bf0c-89360f7d893b ] Request (DeleteServersTestJSON:test_delete_active_server): 200 GET http://10.180.1.21/compute/v2.1/servers/9b0a9f16-c53e-41b8-a473-b1eff1ad41c7 0.177s
2025-02-12 01:17:56.579 62758 INFO tempest.lib.common.rest_client [req-8d282208-3630-4bc3-b098-281d9b66d0d2 req-8d282208-3630-4bc3-b098-281d9b66d0d2 ] Request (ServersTestManualDisk:setUpClass): 200 GET http://10.180.1.21/compute/v2.1/servers/a1380ba5-64df-4b21-a80b-96c6d9d80f73 0.171s
2025-02-12 01:17:56.593 62792 INFO tempest.lib.common.rest_client [req-110c85cb-0b40-4fc7-ab72-3c98f3b46809 req-110c85cb-0b40-4fc7-ab72-3c98f3b46809 ] Request (ServersAdminTestJSON:setUpClass): 200 GET http://10.180.1.21/compute/v2.1/servers/498b6bd7-03d8-44e7-b007-27d86afcb028 0.167s
2025-02-12 01:17:56.655 62756 INFO tempest.lib.common.rest_client [req-3465c2c0-4923-4382-b938-5d9321929a61 req-3465c2c0-4923-4382-b938-5d9321929a61 ] Request (AttachVolumeTestJSON:setUpClass): 201 POST http://10.180.1.21:9696/networking/v2.0/subnets 0.201s
2025-02-12 01:17:56.865 62786 INFO tempest.lib.common.rest_client [req-472bbde7-cdb0-4dd3-bf5d-ca67c7694602 req-472bbde7-cdb0-4dd3-bf5d-ca67c7694602 ] Request (MigrationsAdminTest:test_list_migrations_in_flavor_resize_situation): 200 GET http://10.180.1.21/compute/v2.1/servers/58d7e626-35a8-4c3d-bb34-11d1f6a0d2e3 0.190s
2025-02-12 01:17:56.923 62746 INFO tempest.lib.common.rest_client [req-bba61e2c-135a-4a46-a1db-9005d0e6011e req-bba61e2c-135a-4a46-a1db-9005d0e6011e ] Request (ServerShowV247Test:test_update_rebuild_list_server): 200 GET http://10.180.1.21/compute/v2.1/servers/01bfc053-50f3-4813-8e4b-aceba0d2440f 0.184s
2025-02-12 01:17:56.975 62781 INFO tempest.lib.common.rest_client [req-3ca0550d-3d85-4c23-85ce-d598eed900ba req-3ca0550d-3d85-4c23-85ce-d598eed900ba ] Request (SecurityGroupsTestJSON:test_list_security_groups_by_server): 200 GET http://10.180.1.21/compute/v2.1/servers/63f63029-d01a-4d55-9753-95b93b7155cf 0.296s
2025-02-12 01:17:56.981 62772 INFO tempest.lib.common.rest_client [req-ec51b6af-782c-42a7-a49f-636fb5fd565e req-ec51b6af-782c-42a7-a49f-636fb5fd565e ] Request (ServersAdmin275Test:test_rebuild_update_server_275): 200 GET http://10.180.1.21/compute/v2.1/servers/fbfd64cf-fa8e-48c0-9410-e3da6080f163 0.230s
2025-02-12 01:17:57.032 62788 INFO tempest.lib.common.rest_client [req-9607ec4c-b57b-400d-b40c-03927a28a0bd req-9607ec4c-b57b-400d-b40c-03927a28a0bd ] Request (VolumesAssistedSnapshotsTest:test_volume_assisted_snapshot_create_delete): 200 GET http://10.180.1.21/compute/v2.1/servers/cb9d87f8-b8c4-4dbf-93ed-dab6988fae48 0.231s
2025-02-12 01:17:57.099 62770 INFO tempest.lib.common.rest_client [req-69b76b5b-7306-4577-901a-b1c1e08e796d req-69b76b5b-7306-4577-901a-b1c1e08e796d ] Request (ServersWithSpecificFlavorTestJSON:test_verify_created_server_ephemeral_disk): 200 GET http://10.180.1.21/compute/v2.1/servers/765af4c8-ddae-4d08-a49f-217e038e5555 0.243s
2025-02-12 01:17:57.117 62768 INFO tempest.lib.common.rest_client [req-a1f9ffbc-e4d2-49a2-aa17-20ffb01dfbde req-a1f9ffbc-e4d2-49a2-aa17-20ffb01dfbde ] Request (DeleteServersAdminTestJSON:test_admin_delete_servers_of_others): 200 GET http://10.180.1.21/compute/v2.1/servers/598b1fd3-d762-4625-9660-ccf76af2394c 0.270s
2025-02-12 01:17:57.232 62796 INFO tempest.lib.common.rest_client [req-c076722b-09cf-48b1-8bd7-3a873bda2709 req-c076722b-09cf-48b1-8bd7-3a873bda2709 ] Request (FloatingIPsAssociationNegativeTestJSON:setUpClass): 200 GET http://10.180.1.21/compute/v2.1/servers/fa608f4a-47e6-4904-af65-a82c107af979 0.278s
2025-02-12 01:17:57.281 62802 INFO tempest.lib.common.rest_client [req-cd7cce69-32a7-40b8-8eff-35de2f274e11 req-cd7cce69-32a7-40b8-8eff-35de2f274e11 ] Request (AttachInterfacesV270Test:test_create_get_list_interfaces): 200 GET http://10.180.1.21/compute/v2.1/servers/c5a731c8-f9a7-4a4f-a69a-a429d99b80fa 0.276s
2025-02-12 01:17:57.294 62800 INFO tempest.lib.common.rest_client [req-77ca17b0-fc32-4f13-a4b5-a77f2963311c req-77ca17b0-fc32-4f13-a4b5-a77f2963311c ] Request (ServerDiagnosticsNegativeTest:test_get_server_diagnostics_by_non_admin): 200 GET http://10.180.1.21/compute/v2.1/servers/4144689d-05a1-4e7f-b159-75cbaef82333 0.333s
