2025-03-07 02:28:21.239 68926 INFO tempest.lib.common.rest_client [req-6ea98ebe-5ff7-46fa-ab4c-c8176e17563a req-6ea98ebe-5ff7-46fa-ab4c-c8176e17563a ] Request (HypervisorAdminV228Test:setUpClass): 201 POST http://10.180.1.21/identity/v3/projects 0.125s
2025-03-07 02:28:21.318 68938 INFO tempest.lib.common.rest_client [req-1ff01c60-f080-4a9e-aeb4-5ec8f48baf44 req-1ff01c60-f080-4a9e-aeb4-5ec8f48baf44 ] Request (MultipleCreateTestJSON:test_multiple_create): 201 POST http://10.180.1.21/identity/v3/auth/tokens 0.196s
2025-03-07 02:28:21.318 68938 INFO tempest.lib.common.fixed_network [-] (MultipleCreateTestJSON:test_multiple_create) Found network {'id': '08d42292-b840-4bc6-bed8-5ccd8a3a2a29', 'name': 'tempest-MultipleCreateTestJSON-1723671578-network', 'tenant_id': 'dce3b1af81bc4cec877ef5a7e6999a7f', 'admin_state_up': True, 'mtu': 8950, 'status': 'ACTIVE', 'subnets': [], 'shared': False, 'project_id': 'dce3b1af81bc4cec877ef5a7e6999a7f', 'port_security_enabled': True, 'router:external': False, 'provider:network_type': 'vlan', 'provider:physical_network': 'default', 'provider:segmentation_id': 964, 'availability_zone_hints': [], 'availability_zones': [], 'ipv4_address_scope': None, 'ipv6_address_scope': None, 'description': '', 'tags': [], 'created_at': '2025-03-07T02:28:16Z', 'updated_at': '2025-03-07T02:28:16Z', 'revision_number': 1} available for tenant
2025-03-07 02:28:21.348 68952 INFO tempest.lib.common.rest_client [req-e44a3213-5b26-463d-9a9c-f2dda271105f req-e44a3213-5b26-463d-9a9c-f2dda271105f ] Request (QuotaClassesAdminTestJSON:tearDownClass): 204 DELETE http://10.180.1.21/identity/v3/projects/6ae5a3febfbf4f7d8ebfb7eba86ad795 0.228s
2025-03-07 02:28:21.348 68952 INFO tempest.lib.common.dynamic_creds [-] Deleting project and security group for project: 8ab235b9ae0b4bd9a0a3aaa2e9635b9e
2025-03-07 02:28:21.378 68928 INFO tempest.lib.common.rest_client [req-9df4cbd6-dec1-4462-a593-b9f8e7bdec37 req-9df4cbd6-dec1-4462-a593-b9f8e7bdec37 ] Request (ListServerFiltersTestJSON:setUpClass): 201 POST http://10.180.1.21/identity/v3/auth/tokens 0.230s
2025-03-07 02:28:21.382 68976 INFO tempest.lib.common.rest_client [req-fa5d4ddc-a01a-4d65-aed9-69e5508abd5e req-fa5d4ddc-a01a-4d65-aed9-69e5508abd5e ] Request (ImagesMetadataTestJSON:setUpClass): 200 GET http://10.180.1.21/identity/v3/domains?name=Default 0.243s
2025-03-07 02:28:21.408 68968 INFO tempest.lib.common.rest_client [req-a808ff8d-dde2-4def-a320-c0e14eb508e0 req-a808ff8d-dde2-4def-a320-c0e14eb508e0 ] Request (ServersTestFqdnHostnames:setUpClass): 201 POST http://10.180.1.21/identity/v3/users 0.239s
2025-03-07 02:28:21.413 68926 INFO tempest.lib.common.rest_client [req-fa9a5faf-3bd6-4d7c-84e7-990f1862dcdf req-fa9a5faf-3bd6-4d7c-84e7-990f1862dcdf ] Request (HypervisorAdminV228Test:setUpClass): 201 POST http://10.180.1.21/identity/v3/users 0.173s
2025-03-07 02:28:21.442 68928 INFO tempest.lib.common.rest_client [req-f36f78f2-01be-4ee2-9f52-92ae115cd6f0 req-f36f78f2-01be-4ee2-9f52-92ae115cd6f0 ] Request (ListServerFiltersTestJSON:setUpClass): 200 GET http://10.180.1.21/identity/v3/domains?name=Default 0.063s
2025-03-07 02:28:21.450 68976 INFO tempest.lib.common.rest_client [req-2f992102-3c46-4267-84b3-bd1b8529d32d req-2f992102-3c46-4267-84b3-bd1b8529d32d ] Request (ImagesMetadataTestJSON:setUpClass): 201 POST http://10.180.1.21/identity/v3/projects 0.067s
2025-03-07 02:28:21.451 68952 INFO tempest.lib.common.rest_client [req-b9c54b0f-191c-4bce-b3c3-5e25f2913ff8 req-b9c54b0f-191c-4bce-b3c3-5e25f2913ff8 ] Request (QuotaClassesAdminTestJSON:tearDownClass): 200 GET http://10.180.1.21:9696/networking/v2.0/security-groups?tenant_id=8ab235b9ae0b4bd9a0a3aaa2e9635b9e&name=default 0.102s
2025-03-07 02:28:21.454 68974 INFO tempest.lib.common.rest_client [req-db9706e9-8bc4-4be0-bae9-a6225eb07b62 req-db9706e9-8bc4-4be0-bae9-a6225eb07b62 ] Request (VolumesAdminNegativeTest:test_update_attached_volume_with_nonexistent_volume_in_body): 200 GET http://10.180.1.21/compute/v2.1/servers/c80895d5-1a59-4779-9da9-9aeec10bc395 1.296s
2025-03-07 02:28:21.511 68968 INFO tempest.lib.common.rest_client [req-3af799a1-7a28-4e69-80a4-4213e652ea32 req-3af799a1-7a28-4e69-80a4-4213e652ea32 ] Request (ServersTestFqdnHostnames:setUpClass): 200 GET http://10.180.1.21/identity/v3/roles 0.103s
2025-03-07 02:28:21.535 68926 INFO tempest.lib.common.rest_client [req-a6f7be7d-df33-40e4-a8c8-f92c52eb7994 req-a6f7be7d-df33-40e4-a8c8-f92c52eb7994 ] Request (HypervisorAdminV228Test:setUpClass): 200 GET http://10.180.1.21/identity/v3/roles 0.121s
2025-03-07 02:28:21.560 68952 INFO tempest.lib.common.rest_client [req-0103594d-16e0-4549-849b-c83fd347f905 req-0103594d-16e0-4549-849b-c83fd347f905 ] Request (QuotaClassesAdminTestJSON:tearDownClass): 204 DELETE http://10.180.1.21:9696/networking/v2.0/security-groups/4bea9b79-f5a7-4ad5-9905-9d9611161355 0.109s
2025-03-07 02:28:21.572 68928 INFO tempest.lib.common.rest_client [req-08e88a91-08eb-4825-a727-f8935697373e req-08e88a91-08eb-4825-a727-f8935697373e ] Request (ListServerFiltersTestJSON:setUpClass): 201 POST http://10.180.1.21/identity/v3/projects 0.130s
2025-03-07 02:28:21.573 68946 INFO tempest.lib.common.rest_client [req-b19b3276-2047-4884-bd72-8e717a59ce94 req-b19b3276-2047-4884-bd72-8e717a59ce94 ] Request (ServersWithSpecificFlavorTestJSON:test_verify_created_server_ephemeral_disk): 200 GET http://10.180.1.21/compute/v2.1/servers/4b5c5b9e-389d-4ed9-a860-bd41a33fbac4 1.229s
2025-03-07 02:28:21.581 68960 INFO tempest.lib.common.rest_client [req-ea4a20ad-4065-4bde-a137-4eb61da0bc2f req-ea4a20ad-4065-4bde-a137-4eb61da0bc2f ] Request (QuotasAdminTestJSON:test_delete_quota): 200 GET http://10.180.1.21/compute/v2.1/os-quota-sets/b399f2bfcb9744ab861921a2f1096a37 1.312s
2025-03-07 02:28:21.591 68976 INFO tempest.lib.common.rest_client [req-2bf7cfdd-5bab-4179-ab89-1f15dd8407dc req-2bf7cfdd-5bab-4179-ab89-1f15dd8407dc ] Request (ImagesMetadataTestJSON:setUpClass): 201 POST http://10.180.1.21/identity/v3/users 0.141s
2025-03-07 02:28:21.594 68962 INFO tempest.lib.common.rest_client [req-8b997d43-c5ef-4006-934e-3b67ec0bf884 req-8b997d43-c5ef-4006-934e-3b67ec0bf884 ] Request (ServicesAdminNegativeV253TestJSON:test_disable_service_with_invalid_service_id): 404 PUT http://10.180.1.21/compute/v2.1/os-services/79088d63-c2b8-4a66-99df-1f81c3d6322b 1.221s
2025-03-07 02:28:21.609 68918 INFO tempest.lib.common.rest_client [req-5cb1efc1-337d-457a-984d-9c414cc674ec req-5cb1efc1-337d-457a-984d-9c414cc674ec ] Request (ImagesDeleteNegativeTestJSON:test_delete_image_non_hex_string_id): 404 DELETE http://10.180.1.21/compute/v2.1/images/06fb4198-8e8a-41da-85ee-d664bac0b41j 1.238s
2025-03-07 02:28:21.623 68932 INFO tempest.lib.common.rest_client [req-1bb0dda3-c31d-4898-adaa-42ab35e69341 req-1bb0dda3-c31d-4898-adaa-42ab35e69341 ] Request (HypervisorAdminNegativeUnderV252Test:tearDownClass): 200 GET http://10.180.1.21:9696/networking/v2.0/security-groups?tenant_id=cf39fbcc1cf744678862e9ea230ebac8&name=default 0.862s
2025-03-07 02:28:21.637 68968 INFO tempest.lib.common.rest_client [req-c833b448-bbf8-4f0e-bb30-0489725fa431 req-c833b448-bbf8-4f0e-bb30-0489725fa431 ] Request (ServersTestFqdnHostnames:setUpClass): 204 PUT http://10.180.1.21/identity/v3/projects/66afa9ca42294c8e9e8d913b14e4a209/users/bc7d5c18ef984e8fa66a83999076faa2/roles/9b00c5de76014878b4a789f4dd02856a 0.125s
2025-03-07 02:28:21.637 68968 INFO tempest.lib.common.dynamic_creds [-] Dynamic test user bc7d5c18ef984e8fa66a83999076faa2 is created with scope project and roles: ['member']
2025-03-07 02:28:21.638 68968 INFO tempest.lib.common.dynamic_creds [-] Acquired dynamic creds: credentials: Credentials: {'domain_id': 'default', 'domain_name': 'Default', 'username': 'tempest-ServersTestFqdnHostnames-278830155-project-member', 'project_domain_id': 'default', 'project_domain_name': 'Default', 'project_id': '66afa9ca42294c8e9e8d913b14e4a209', 'project_name': 'tempest-ServersTestFqdnHostnames-278830155', 'tenant_id': '66afa9ca42294c8e9e8d913b14e4a209', 'tenant_name': 'tempest-ServersTestFqdnHostnames-278830155', 'user_domain_id': 'default', 'user_domain_name': 'Default', 'user_id': 'bc7d5c18ef984e8fa66a83999076faa2', 'system': None}, Network: None, Subnet: None, Router: None
2025-03-07 02:28:21.643 68936 INFO tempest.lib.common.rest_client [req-f8089388-1207-49a6-b1bd-c67687605a33 req-f8089388-1207-49a6-b1bd-c67687605a33 ] Request (FlavorMetadataValidation:_run_cleanups): 202 DELETE http://10.180.1.21/compute/v2.1/flavors/268509560 1.058s
2025-03-07 02:28:21.653 68926 INFO tempest.lib.common.rest_client [req-94ab91c1-7c1e-40f2-9576-5bdbc2eba407 req-94ab91c1-7c1e-40f2-9576-5bdbc2eba407 ] Request (HypervisorAdminV228Test:setUpClass): 204 PUT http://10.180.1.21/identity/v3/projects/a33d53b94a294fa2b4edf732d58b58a5/users/12d9cd56ddb94d4b85d58e2ac13c40da/roles/9b00c5de76014878b4a789f4dd02856a 0.118s
2025-03-07 02:28:21.653 68926 INFO tempest.lib.common.dynamic_creds [-] Dynamic test user 12d9cd56ddb94d4b85d58e2ac13c40da is created with scope project and roles: ['member']
2025-03-07 02:28:21.654 68926 INFO tempest.lib.common.dynamic_creds [-] Acquired dynamic creds: credentials: Credentials: {'domain_id': 'default', 'domain_name': 'Default', 'username': 'tempest-HypervisorAdminV228Test-1896389193-project-member', 'project_domain_id': 'default', 'project_domain_name': 'Default', 'project_id': 'a33d53b94a294fa2b4edf732d58b58a5', 'project_name': 'tempest-HypervisorAdminV228Test-1896389193', 'tenant_id': 'a33d53b94a294fa2b4edf732d58b58a5', 'tenant_name': 'tempest-HypervisorAdminV228Test-1896389193', 'user_domain_id': 'default', 'user_domain_name': 'Default', 'user_id': '12d9cd56ddb94d4b85d58e2ac13c40da', 'system': None}, Network: None, Subnet: None, Router: None
2025-03-07 02:28:21.654 68926 INFO tempest.lib.common.dynamic_creds [-] Created isolated network resources for: credentials: Credentials: {'domain_id': 'default', 'domain_name': 'Default', 'username': 'tempest-HypervisorAdminV228Test-1896389193-project-member', 'project_domain_id': 'default', 'project_domain_name': 'Default', 'project_id': 'a33d53b94a294fa2b4edf732d58b58a5', 'project_name': 'tempest-HypervisorAdminV228Test-1896389193', 'tenant_id': 'a33d53b94a294fa2b4edf732d58b58a5', 'tenant_name': 'tempest-HypervisorAdminV228Test-1896389193', 'user_domain_id': 'default', 'user_domain_name': 'Default', 'user_id': '12d9cd56ddb94d4b85d58e2ac13c40da', 'system': None}, Network: None, Subnet: None, Router: None
2025-03-07 02:28:21.670 68940 INFO tempest.lib.common.rest_client [req-0d4ace01-6a06-4b7f-87be-2593710578fc req-0d4ace01-6a06-4b7f-87be-2593710578fc ] Request (FloatingIPsAssociationNegativeTestJSON:setUpClass): 201 POST http://10.180.1.21:9696/networking/v2.0/networks 1.050s
2025-03-07 02:28:21.674 68964 INFO tempest.lib.common.rest_client [req-5f237f69-3ad8-4f8a-9834-41610bd7b7be req-5f237f69-3ad8-4f8a-9834-41610bd7b7be ] Request (FlavorsV2TestJSON:test_list_flavors_filter_by_min_ram): 200 GET http://10.180.1.21/compute/v2.1/flavors?minRam=193 1.068s
2025-03-07 02:28:21.692 68950 INFO tempest.lib.common.rest_client [req-04955279-672c-4f96-aed4-f88e11ac34ab req-04955279-672c-4f96-aed4-f88e11ac34ab ] Request (VolumesAssistedSnapshotsTest:test_volume_assisted_snapshot_create_delete): 200 GET http://10.180.1.21/compute/v2.1/servers/ccf76bce-26e2-49e8-9f60-d8f35fe5b3ac 1.121s
2025-03-07 02:28:21.697 68930 INFO tempest.lib.common.rest_client [req-ac7ff921-159d-4155-8990-ff6d469940a7 req-ac7ff921-159d-4155-8990-ff6d469940a7 ] Request (AggregatesAdminNegativeTestJSON:test_aggregate_delete_as_user): 403 DELETE http://10.180.1.21/compute/v2.1/os-aggregates/5 1.019s
2025-03-07 02:28:21.729 68928 INFO tempest.lib.common.rest_client [req-92940045-3304-486a-8316-ade02b57da9c req-92940045-3304-486a-8316-ade02b57da9c ] Request (ListServerFiltersTestJSON:setUpClass): 201 POST http://10.180.1.21/identity/v3/users 0.156s
2025-03-07 02:28:21.733 68932 INFO tempest.lib.common.rest_client [req-d58e71aa-602c-49fe-8af0-6a2c44b0103f req-d58e71aa-602c-49fe-8af0-6a2c44b0103f ] Request (HypervisorAdminNegativeUnderV252Test:tearDownClass): 204 DELETE http://10.180.1.21:9696/networking/v2.0/security-groups/9249cbea-9a03-40af-b170-9d92dadb4daa 0.108s
2025-03-07 02:28:21.755 68976 INFO tempest.lib.common.rest_client [req-e7e93bc6-d26c-4ebe-9492-5d956e5ff522 req-e7e93bc6-d26c-4ebe-9492-5d956e5ff522 ] Request (ImagesMetadataTestJSON:setUpClass): 200 GET http://10.180.1.21/identity/v3/roles 0.163s
2025-03-07 02:28:21.765 68952 INFO tempest.lib.common.rest_client [req-60555931-c15e-4141-8d7a-b30b31094c6f req-60555931-c15e-4141-8d7a-b30b31094c6f ] Request (QuotaClassesAdminTestJSON:tearDownClass): 204 DELETE http://10.180.1.21/identity/v3/projects/8ab235b9ae0b4bd9a0a3aaa2e9635b9e 0.204s
2025-03-07 02:28:21.826 68968 INFO tempest.lib.common.rest_client [req-1bdd23f9-9175-4fbe-986b-5b936ea3922e req-1bdd23f9-9175-4fbe-986b-5b936ea3922e ] Request (ServersTestFqdnHostnames:setUpClass): 201 POST http://10.180.1.21/identity/v3/auth/tokens 0.188s
2025-03-07 02:28:21.833 68926 INFO tempest.lib.common.rest_client [req-b98f0ede-48db-442d-becf-3b82e0a79751 req-b98f0ede-48db-442d-becf-3b82e0a79751 ] Request (HypervisorAdminV228Test:setUpClass): 201 POST http://10.180.1.21/identity/v3/auth/tokens 0.173s
2025-03-07 02:28:21.852 68928 INFO tempest.lib.common.rest_client [req-6b455272-0c12-49f5-947d-bc732c7e7898 req-6b455272-0c12-49f5-947d-bc732c7e7898 ] Request (ListServerFiltersTestJSON:setUpClass): 200 GET http://10.180.1.21/identity/v3/roles 0.123s
2025-03-07 02:28:21.893 68932 INFO tempest.lib.common.rest_client [req-853be9b8-cd15-47cf-b999-ba87f5152d06 req-853be9b8-cd15-47cf-b999-ba87f5152d06 ] Request (HypervisorAdminNegativeUnderV252Test:tearDownClass): 204 DELETE http://10.180.1.21/identity/v3/projects/cf39fbcc1cf744678862e9ea230ebac8 0.159s
2025-03-07 02:28:21.893 68932 INFO tempest.lib.common.dynamic_creds [-] Deleting project and security group for project: f6eb8868cd2b44f2949256bf2f545668
2025-03-07 02:28:21.951 68976 INFO tempest.lib.common.rest_client [req-815be6d1-ead3-4735-80ed-1cfede4d89da req-815be6d1-ead3-4735-80ed-1cfede4d89da ] Request (ImagesMetadataTestJSON:setUpClass): 204 PUT http://10.180.1.21/identity/v3/projects/90f0bd6678fc4e079c8c2075a89d4bc4/users/7dd4adf60dee4e07a5f7a6d58f6dc4e8/roles/9b00c5de76014878b4a789f4dd02856a 0.195s
2025-03-07 02:28:21.951 68976 INFO tempest.lib.common.dynamic_creds [-] Dynamic test user 7dd4adf60dee4e07a5f7a6d58f6dc4e8 is created with scope project and roles: ['member']
2025-03-07 02:28:21.951 68976 INFO tempest.lib.common.dynamic_creds [-] Acquired dynamic creds: credentials: Credentials: {'domain_id': 'default', 'domain_name': 'Default', 'username': 'tempest-ImagesMetadataTestJSON-1641977327-project-member', 'project_domain_id': 'default', 'project_domain_name': 'Default', 'project_id': '90f0bd6678fc4e079c8c2075a89d4bc4', 'project_name': 'tempest-ImagesMetadataTestJSON-1641977327', 'tenant_id': '90f0bd6678fc4e079c8c2075a89d4bc4', 'tenant_name': 'tempest-ImagesMetadataTestJSON-1641977327', 'user_domain_id': 'default', 'user_domain_name': 'Default', 'user_id': '7dd4adf60dee4e07a5f7a6d58f6dc4e8', 'system': None}, Network: None, Subnet: None, Router: None
2025-03-07 02:28:21.952 68976 INFO tempest.lib.common.dynamic_creds [-] Created isolated network resources for: credentials: Credentials: {'domain_id': 'default', 'domain_name': 'Default', 'username': 'tempest-ImagesMetadataTestJSON-1641977327-project-member', 'project_domain_id': 'default', 'project_domain_name': 'Default', 'project_id': '90f0bd6678fc4e079c8c2075a89d4bc4', 'project_name': 'tempest-ImagesMetadataTestJSON-1641977327', 'tenant_id': '90f0bd6678fc4e079c8c2075a89d4bc4', 'tenant_name': 'tempest-ImagesMetadataTestJSON-1641977327', 'user_domain_id': 'default', 'user_domain_name': 'Default', 'user_id': '7dd4adf60dee4e07a5f7a6d58f6dc4e8', 'system': None}, Network: None, Subnet: None, Router: None
2025-03-07 02:28:21.966 68952 INFO tempest.lib.common.rest_client [req-c2a41518-4593-4a4b-b3e1-95efa10f8072 req-c2a41518-4593-4a4b-b3e1-95efa10f8072 ] Request (ServerExternalEventsTest:setUpClass): 201 POST http://10.180.1.21/identity/v3/auth/tokens 0.199s
2025-03-07 02:28:22.034 68926 INFO tempest.lib.common.rest_client [req-5fb279d8-705c-435b-a343-7dd4583c7d37 req-5fb279d8-705c-435b-a343-7dd4583c7d37 ] Request (HypervisorAdminV228Test:setUpClass): 201 POST http://10.180.1.21/identity/v3/projects 0.200s
2025-03-07 02:28:22.049 68932 INFO tempest.lib.common.rest_client [req-508de1a9-28dd-46e4-81b5-0b8697917842 req-508de1a9-28dd-46e4-81b5-0b8697917842 ] Request (HypervisorAdminNegativeUnderV252Test:tearDownClass): 200 GET http://10.180.1.21:9696/networking/v2.0/security-groups?tenant_id=f6eb8868cd2b44f2949256bf2f545668&name=default 0.156s
2025-03-07 02:28:22.063 68956 INFO tempest.lib.common.rest_client [req-37810c1a-6052-4399-95c0-5f9baae777f9 req-37810c1a-6052-4399-95c0-5f9baae777f9 ] Request (MigrationsAdminTest:test_list_migrations_in_flavor_resize_situation): 200 GET http://10.180.1.21/compute/v2.1/servers/7617a7b1-3b21-4d38-b090-1d35bc74637b 1.319s
2025-03-07 02:28:22.119 68976 INFO tempest.lib.common.rest_client [req-6e2c68fd-dde6-4901-8a12-3f1a9ee13616 req-6e2c68fd-dde6-4901-8a12-3f1a9ee13616 ] Request (ImagesMetadataTestJSON:setUpClass): 201 POST http://10.180.1.21/identity/v3/auth/tokens 0.163s
2025-03-07 02:28:22.132 68928 INFO tempest.lib.common.rest_client [req-2169f4f2-ddc9-40ae-b571-163bac0f771d req-2169f4f2-ddc9-40ae-b571-163bac0f771d ] Request (ListServerFiltersTestJSON:setUpClass): 204 PUT http://10.180.1.21/identity/v3/projects/373459ee626847e9886e5ff353729280/users/f7e9f64ef5ef4f2c9d8100ed55e7cbc8/roles/9b00c5de76014878b4a789f4dd02856a 0.278s
2025-03-07 02:28:22.132 68928 INFO tempest.lib.common.dynamic_creds [-] Dynamic test user f7e9f64ef5ef4f2c9d8100ed55e7cbc8 is created with scope project and roles: ['member']
2025-03-07 02:28:22.133 68928 INFO tempest.lib.common.dynamic_creds [-] Acquired dynamic creds: credentials: Credentials: {'domain_id': 'default', 'domain_name': 'Default', 'username': 'tempest-ListServerFiltersTestJSON-225846415-project-member', 'project_domain_id': 'default', 'project_domain_name': 'Default', 'project_id': '373459ee626847e9886e5ff353729280', 'project_name': 'tempest-ListServerFiltersTestJSON-225846415', 'tenant_id': '373459ee626847e9886e5ff353729280', 'tenant_name': 'tempest-ListServerFiltersTestJSON-225846415', 'user_domain_id': 'default', 'user_domain_name': 'Default', 'user_id': 'f7e9f64ef5ef4f2c9d8100ed55e7cbc8', 'system': None}, Network: None, Subnet: None, Router: None
2025-03-07 02:28:22.145 68944 INFO tempest.lib.common.rest_client [req-c5aebd38-bab0-4e0c-aa25-f2f4d589869d req-c5aebd38-bab0-4e0c-aa25-f2f4d589869d ] Request (KeyPairsV22TestJSON:test_keypairsv22_create_list_show_with_type): 201 POST http://10.180.1.21/compute/v2.1/os-keypairs 1.508s
2025-03-07 02:28:22.180 68952 INFO tempest.lib.common.rest_client [req-4e9bf7df-b1bf-4e7f-9e41-00da17638bef req-4e9bf7df-b1bf-4e7f-9e41-00da17638bef ] Request (ServerExternalEventsTest:setUpClass): 201 POST http://10.180.1.21/identity/v3/auth/tokens 0.209s
2025-03-07 02:28:22.206 68926 INFO tempest.lib.common.rest_client [req-8873cf32-f146-4741-8ecf-f83ba796b3f5 req-8873cf32-f146-4741-8ecf-f83ba796b3f5 ] Request (HypervisorAdminV228Test:setUpClass): 201 POST http://10.180.1.21/identity/v3/users 0.172s
2025-03-07 02:28:22.208 68928 INFO tempest.lib.common.rest_client [req-6d44b99e-cce0-4333-9918-ba007900bfed req-6d44b99e-cce0-4333-9918-ba007900bfed ] Request (ListServerFiltersTestJSON:setUpClass): 201 POST http://10.180.1.21/identity/v3/auth/tokens 0.075s
2025-03-07 02:28:22.230 68934 INFO tempest.lib.common.rest_client [req-72b54e6a-d756-44bd-8736-bb07742440ad req-72b54e6a-d756-44bd-8736-bb07742440ad ] Request (ServerActionsTestOtherA:setUpClass): 200 GET http://10.180.1.21/compute/v2.1/servers/423af2cc-4dea-445f-a01c-6d4d57c3f0de 1.358s
2025-03-07 02:28:22.236 68952 INFO tempest.lib.common.rest_client [req-5de20c00-df04-42f1-86b7-913915890c44 req-5de20c00-df04-42f1-86b7-913915890c44 ] Request (ServerExternalEventsTest:setUpClass): 200 GET http://10.180.1.21/identity/v3/domains?name=Default 0.056s
2025-03-07 02:28:22.248 68924 INFO tempest.lib.common.rest_client [req-50ecd1d6-4e2e-4660-ad4a-ae5f244aa011 req-50ecd1d6-4e2e-4660-ad4a-ae5f244aa011 ] Request (FlavorsAdminTestJSON:_run_cleanups): 202 DELETE http://10.180.1.21/compute/v2.1/flavors/1553169662 1.363s
2025-03-07 02:28:22.254 68926 INFO tempest.lib.common.rest_client [req-1ac22315-163f-4d06-8581-ebbac3777dd7 req-1ac22315-163f-4d06-8581-ebbac3777dd7 ] Request (HypervisorAdminV228Test:setUpClass): 200 GET http://10.180.1.21/identity/v3/roles 0.047s
2025-03-07 02:28:22.263 68948 INFO tempest.lib.common.rest_client [req-f884ae70-b8fb-477b-84c8-3b684547f83c req-f884ae70-b8fb-477b-84c8-3b684547f83c ] Request (FlavorsAccessNegativeTestJSON:_run_cleanups): 202 DELETE http://10.180.1.21/compute/v2.1/flavors/1298647583 1.287s
2025-03-07 02:28:22.277 68940 INFO tempest.lib.common.rest_client [req-e85a8c2d-4187-4fee-adf8-28d75b77e740 req-e85a8c2d-4187-4fee-adf8-28d75b77e740 ] Request (FloatingIPsAssociationNegativeTestJSON:setUpClass): 201 POST http://10.180.1.21:9696/networking/v2.0/subnets 0.606s
2025-03-07 02:28:22.301 68932 INFO tempest.lib.common.rest_client [req-4495702b-bdd4-41ed-a866-0c4a24cb6469 req-4495702b-bdd4-41ed-a866-0c4a24cb6469 ] Request (HypervisorAdminNegativeUnderV252Test:tearDownClass): 204 DELETE http://10.180.1.21:9696/networking/v2.0/security-groups/255cb771-7348-49dd-961e-c3ccbb3ac718 0.251s
2025-03-07 02:28:22.302 68952 INFO tempest.lib.common.rest_client [req-4ef9567b-7ff9-4d8b-9eb2-ef8c3ff4296a req-4ef9567b-7ff9-4d8b-9eb2-ef8c3ff4296a ] Request (ServerExternalEventsTest:setUpClass): 201 POST http://10.180.1.21/identity/v3/projects 0.065s
2025-03-07 02:28:22.320 68916 INFO tempest.lib.common.rest_client [req-392a312f-5ca1-4cfe-b763-382bd840b6a7 req-392a312f-5ca1-4cfe-b763-382bd840b6a7 ] Request (AttachInterfacesTestJSON:test_create_list_show_delete_interfaces_by_fixed_ip): 200 GET http://10.180.1.21/compute/v2.1/servers/14772ba8-bde2-42ef-9a37-df876c8af321 1.492s
2025-03-07 02:28:22.331 68916 INFO tempest.common.waiters [-] State transition "BUILD/networking" ==> "BUILD/spawning" after 11 second wait
2025-03-07 02:28:22.342 68968 INFO tempest.lib.common.rest_client [req-9ce9e039-105d-4454-b5fc-874cad1fe00d req-9ce9e039-105d-4454-b5fc-874cad1fe00d ] Request (ServersTestFqdnHostnames:setUpClass): 201 POST http://10.180.1.21:9696/networking/v2.0/networks 0.515s
2025-03-07 02:28:22.362 68926 INFO tempest.lib.common.rest_client [req-e20ae3a3-d269-4262-bf7f-77935d739a59 req-e20ae3a3-d269-4262-bf7f-77935d739a59 ] Request (HypervisorAdminV228Test:setUpClass): 204 PUT http://10.180.1.21/identity/v3/projects/f062ec31375c471ca8c0bff21cf6c31c/users/1e98f55a26a749a48d0a19f8f85afbb2/roles/da31605519c74cb884c94894f93843e9 0.107s
2025-03-07 02:28:22.419 68970 INFO tempest.lib.common.rest_client [req-6af23a88-d811-47b1-abd6-f739037aa0e7 req-6af23a88-d811-47b1-abd6-f739037aa0e7 ] Request (ServerTagsTestJSON:_run_cleanups): 204 DELETE http://10.180.1.21/compute/v2.1/servers/54af9c38-c8b6-4ef9-be63-de545dcc0da5/tags 1.312s
2025-03-07 02:28:22.451 68972 INFO tempest.lib.common.rest_client [req-cd18103a-1ceb-4e18-8e83-fcd93605f7c3 req-cd18103a-1ceb-4e18-8e83-fcd93605f7c3 ] Request (ServicesAdminNegativeTestJSON:test_list_services_with_non_admin_user): 403 GET http://10.180.1.21/compute/v2.1/os-services 1.357s
2025-03-07 02:28:22.540 68952 INFO tempest.lib.common.rest_client [req-c626c3c3-dfcc-47ab-ac98-031ce01e7f6d req-c626c3c3-dfcc-47ab-ac98-031ce01e7f6d ] Request (ServerExternalEventsTest:setUpClass): 201 POST http://10.180.1.21/identity/v3/users 0.237s
2025-03-07 02:28:22.562 68932 INFO tempest.lib.common.rest_client [req-6d89280b-759a-4566-b705-2ffd3ec23da3 req-6d89280b-759a-4566-b705-2ffd3ec23da3 ] Request (HypervisorAdminNegativeUnderV252Test:tearDownClass): 204 DELETE http://10.180.1.21/identity/v3/projects/f6eb8868cd2b44f2949256bf2f545668 0.261s
2025-03-07 02:28:22.619 68926 INFO tempest.lib.common.rest_client [req-350a0b98-8cc0-45e5-8d69-9e366ac613df req-350a0b98-8cc0-45e5-8d69-9e366ac613df ] Request (HypervisorAdminV228Test:setUpClass): 200 GET http://10.180.1.21/identity/v3/roles 0.256s
2025-03-07 02:28:22.654 68928 INFO tempest.lib.common.rest_client [req-758808f9-981f-409b-b139-41045b4494f7 req-758808f9-981f-409b-b139-41045b4494f7 ] Request (ListServerFiltersTestJSON:setUpClass): 201 POST http://10.180.1.21:9696/networking/v2.0/networks 0.446s
2025-03-07 02:28:22.702 68958 INFO tempest.lib.common.rest_client [req-6a0222a0-8632-4db3-9b56-7e364f720465 req-6a0222a0-8632-4db3-9b56-7e364f720465 ] Request (FloatingIPsAssociationTestJSON:setUpClass): 200 GET http://10.180.1.21/compute/v2.1/servers/e3cf739a-3104-473d-af66-d9974ed1a222 1.547s
2025-03-07 02:28:22.723 68972 INFO tempest.lib.common.rest_client [req-cfe94a8f-2bcb-4603-86f3-4eaa7fd0bf97 req-cfe94a8f-2bcb-4603-86f3-4eaa7fd0bf97 ] Request (ServicesAdminNegativeTestJSON:tearDownClass): 204 DELETE http://10.180.1.21/identity/v3/users/a8f24e23daf643499622e0575198f5fa 0.270s
2025-03-07 02:28:22.790 68968 INFO tempest.lib.common.rest_client [req-d9a18730-dc45-4b05-b096-1fe7531f15b3 req-d9a18730-dc45-4b05-b096-1fe7531f15b3 ] Request (ServersTestFqdnHostnames:setUpClass): 201 POST http://10.180.1.21:9696/networking/v2.0/subnets 0.448s
2025-03-07 02:28:22.792 68920 INFO tempest.lib.common.rest_client [req-fcba8eaf-4994-4481-b6ec-58bbc5689e5e req-fcba8eaf-4994-4481-b6ec-58bbc5689e5e ] Request (ImagesNegativeTestJSON:test_create_image_from_deleted_server): 200 GET http://10.180.1.21/compute/v2.1/servers/a5e993de-7aad-4b34-8946-563dc69a6f25 1.427s
2025-03-07 02:28:22.856 68952 INFO tempest.lib.common.rest_client [req-040e04e9-b1d7-43e7-abfb-b8256e7b8b51 req-040e04e9-b1d7-43e7-abfb-b8256e7b8b51 ] Request (ServerExternalEventsTest:setUpClass): 200 GET http://10.180.1.21/identity/v3/roles 0.316s
2025-03-07 02:28:22.859 68932 INFO tempest.lib.common.rest_client [req-5f5d50f7-19a7-45fa-9f6e-00affb92fffd req-5f5d50f7-19a7-45fa-9f6e-00affb92fffd ] Request (ServerDiagnosticsTest:setUpClass): 201 POST http://10.180.1.21/identity/v3/auth/tokens 0.295s
2025-03-07 02:28:22.876 68926 INFO tempest.lib.common.rest_client [req-a3f40f42-ed04-42e1-839f-af2e9b05a12e req-a3f40f42-ed04-42e1-839f-af2e9b05a12e ] Request (HypervisorAdminV228Test:setUpClass): 204 PUT http://10.180.1.21/identity/v3/projects/f062ec31375c471ca8c0bff21cf6c31c/users/1e98f55a26a749a48d0a19f8f85afbb2/roles/da31605519c74cb884c94894f93843e9 0.257s
2025-03-07 02:28:22.876 68926 INFO tempest.lib.common.dynamic_creds [-] Dynamic test user 1e98f55a26a749a48d0a19f8f85afbb2 is created with scope project and roles: ['admin']
2025-03-07 02:28:22.876 68926 INFO tempest.lib.common.dynamic_creds [-] Acquired dynamic creds: credentials: Credentials: {'domain_id': 'default', 'domain_name': 'Default', 'username': 'tempest-HypervisorAdminV228Test-493554950-project-admin', 'project_domain_id': 'default', 'project_domain_name': 'Default', 'project_id': 'f062ec31375c471ca8c0bff21cf6c31c', 'project_name': 'tempest-HypervisorAdminV228Test-493554950', 'tenant_id': 'f062ec31375c471ca8c0bff21cf6c31c', 'tenant_name': 'tempest-HypervisorAdminV228Test-493554950', 'user_domain_id': 'default', 'user_domain_name': 'Default', 'user_id': '1e98f55a26a749a48d0a19f8f85afbb2', 'system': None}, Network: None, Subnet: None, Router: None
2025-03-07 02:28:22.877 68926 INFO tempest.lib.common.dynamic_creds [-] Created isolated network resources for: credentials: Credentials: {'domain_id': 'default', 'domain_name': 'Default', 'username': 'tempest-HypervisorAdminV228Test-493554950-project-admin', 'project_domain_id': 'default', 'project_domain_name': 'Default', 'project_id': 'f062ec31375c471ca8c0bff21cf6c31c', 'project_name': 'tempest-HypervisorAdminV228Test-493554950', 'tenant_id': 'f062ec31375c471ca8c0bff21cf6c31c', 'tenant_name': 'tempest-HypervisorAdminV228Test-493554950', 'user_domain_id': 'default', 'user_domain_name': 'Default', 'user_id': '1e98f55a26a749a48d0a19f8f85afbb2', 'system': None}, Network: None, Subnet: None, Router: None
2025-03-07 02:28:22.910 68954 INFO tempest.lib.common.rest_client [req-9184648e-691e-4297-b08e-1f51aa6a4f26 req-9184648e-691e-4297-b08e-1f51aa6a4f26 ] Request (ServersAdmin275Test:test_rebuild_update_server_275): 200 GET http://10.180.1.21/compute/v2.1/servers/c71693e9-aeaa-4f12-b5cf-a179e558505d 1.436s
2025-03-07 02:28:22.957 68952 INFO tempest.lib.common.rest_client [req-2a306017-daaa-4e11-ad50-36c523fca65b req-2a306017-daaa-4e11-ad50-36c523fca65b ] Request (ServerExternalEventsTest:setUpClass): 204 PUT http://10.180.1.21/identity/v3/projects/482784eedfe64606b2a9b86e31f0a20f/users/3b38f7816ced4b019a472fd7f9d065cb/roles/9b00c5de76014878b4a789f4dd02856a 0.099s
2025-03-07 02:28:22.957 68952 INFO tempest.lib.common.dynamic_creds [-] Dynamic test user 3b38f7816ced4b019a472fd7f9d065cb is created with scope project and roles: ['member']
2025-03-07 02:28:22.957 68952 INFO tempest.lib.common.dynamic_creds [-] Acquired dynamic creds: credentials: Credentials: {'domain_id': 'default', 'domain_name': 'Default', 'username': 'tempest-ServerExternalEventsTest-2104329646-project-member', 'project_domain_id': 'default', 'project_domain_name': 'Default', 'project_id': '482784eedfe64606b2a9b86e31f0a20f', 'project_name': 'tempest-ServerExternalEventsTest-2104329646', 'tenant_id': '482784eedfe64606b2a9b86e31f0a20f', 'tenant_name': 'tempest-ServerExternalEventsTest-2104329646', 'user_domain_id': 'default', 'user_domain_name': 'Default', 'user_id': '3b38f7816ced4b019a472fd7f9d065cb', 'system': None}, Network: None, Subnet: None, Router: None
2025-03-07 02:28:22.957 68952 INFO tempest.lib.common.dynamic_creds [-] Created isolated network resources for: credentials: Credentials: {'domain_id': 'default', 'domain_name': 'Default', 'username': 'tempest-ServerExternalEventsTest-2104329646-project-member', 'project_domain_id': 'default', 'project_domain_name': 'Default', 'project_id': '482784eedfe64606b2a9b86e31f0a20f', 'project_name': 'tempest-ServerExternalEventsTest-2104329646', 'tenant_id': '482784eedfe64606b2a9b86e31f0a20f', 'tenant_name': 'tempest-ServerExternalEventsTest-2104329646', 'user_domain_id': 'default', 'user_domain_name': 'Default', 'user_id': '3b38f7816ced4b019a472fd7f9d065cb', 'system': None}, Network: None, Subnet: None, Router: None
2025-03-07 02:28:22.984 68922 INFO tempest.lib.common.rest_client [req-88d2150c-d270-46b1-952e-fb173fbff1ab req-88d2150c-d270-46b1-952e-fb173fbff1ab ] Request (DeleteServersAdminTestJSON:test_admin_delete_servers_of_others): 200 GET http://10.180.1.21/compute/v2.1/servers/05ff9ae9-a0e5-4e21-ab3b-9df8cdb24944 1.424s
2025-03-07 02:28:22.994 68972 INFO tempest.lib.common.rest_client [req-2b21c67c-dafc-44c8-aeb2-9fb287440be5 req-2b21c67c-dafc-44c8-aeb2-9fb287440be5 ] Request (ServicesAdminNegativeTestJSON:tearDownClass): 204 DELETE http://10.180.1.21/identity/v3/users/f6344cea22ac45748980433c8a7c2b50 0.270s
2025-03-07 02:28:22.994 68972 INFO tempest.lib.common.dynamic_creds [-] Deleting project and security group for project: b8f9bef8e282487489534142e6dd3f67
2025-03-07 02:28:23.011 68966 INFO tempest.lib.common.rest_client [req-9a7c2f62-e640-485e-a146-4db2a1440bf3 req-9a7c2f62-e640-485e-a146-4db2a1440bf3 ] Request (ImagesOneServerTestJSON:setUpClass): 200 PUT http://10.180.1.21:9696/networking/v2.0/routers/b5794969-2c34-4262-ae41-97c76942958f/add_router_interface 2.715s
2025-03-07 02:28:23.011 68966 INFO tempest.lib.common.dynamic_creds [-] Created isolated network resources for: credentials: Credentials: {'domain_id': 'default', 'domain_name': 'Default', 'username': 'tempest-ImagesOneServerTestJSON-1072539284-project-member', 'project_domain_id': 'default', 'project_domain_name': 'Default', 'project_id': 'f2c09879d5e1431caea12a0ae614a0a9', 'project_name': 'tempest-ImagesOneServerTestJSON-1072539284', 'tenant_id': 'f2c09879d5e1431caea12a0ae614a0a9', 'tenant_name': 'tempest-ImagesOneServerTestJSON-1072539284', 'user_domain_id': 'default', 'user_domain_name': 'Default', 'user_id': '1858fd67960a4a5eae88eb42f0a8eec6', 'system': None}, Network: {'id': 'f815fcac-f046-4a1f-8fcc-7ef83f914185', 'name': 'tempest-ImagesOneServerTestJSON-489253153-network', 'tenant_id': 'f2c09879d5e1431caea12a0ae614a0a9', 'admin_state_up': True, 'mtu': 8950, 'status': 'ACTIVE', 'subnets': [], 'shared': False, 'project_id': 'f2c09879d5e1431caea12a0ae614a0a9', 'port_security_enabled': True, 'router:external': False, 'provider:network_type': 'vlan', 'provider:physical_network': 'default', 'provider:segmentation_id': 948, 'availability_zone_hints': [], 'availability_zones': [], 'ipv4_address_scope': None, 'ipv6_address_scope': None, 'description': '', 'tags': [], 'created_at': '2025-03-07T02:28:17Z', 'updated_at': '2025-03-07T02:28:17Z', 'revision_number': 1}, Subnet: {'id': '8d5c23d0-bbdd-48c4-af54-1d8726c2378d', 'name': 'tempest-ImagesOneServerTestJSON-489253153-subnet', 'tenant_id': 'f2c09879d5e1431caea12a0ae614a0a9', 'network_id': 'f815fcac-f046-4a1f-8fcc-7ef83f914185', 'ip_version': 4, 'subnetpool_id': None, 'enable_dhcp': True, 'ipv6_ra_mode': None, 'ipv6_address_mode': None, 'gateway_ip': '192.168.128.1', 'cidr': '192.168.128.0/28', 'allocation_pools': [{'start': '192.168.128.2', 'end': '192.168.128.14'}], 'host_routes': [], 'dns_nameservers': [], 'description': '', 'router:external': False, 'service_types': [], 'tags': [], 'created_at': '2025-03-07T02:28:18Z', 'updated_at': '2025-03-07T02:28:18Z', 'revision_number': 0, 'project_id': 'f2c09879d5e1431caea12a0ae614a0a9'}, Router: {'id': 'b5794969-2c34-4262-ae41-97c76942958f', 'name': 'tempest-ImagesOneServerTestJSON-489253153-router', 'tenant_id': 'f2c09879d5e1431caea12a0ae614a0a9', 'admin_state_up': True, 'status': 'ACTIVE', 'external_gateway_info': {'network_id': '425e26ff-485d-46a7-a850-b33b002e6f83', 'external_fixed_ips': [{'subnet_id': '958c653a-67a3-4d0c-9063-68e2bdf391bd', 'ip_address': '10.180.180.215'}], 'enable_snat': True}, 'description': '', 'availability_zones': [], 'distributed': False, 'ha': False, 'availability_zone_hints': [], 'routes': [], 'flavor_id': None, 'tags': [], 'created_at': '2025-03-07T02:28:18Z', 'updated_at': '2025-03-07T02:28:19Z', 'revision_number': 2, 'project_id': 'f2c09879d5e1431caea12a0ae614a0a9'}
2025-03-07 02:28:23.018 68932 INFO tempest.lib.common.rest_client [req-8de5d7b1-2149-409d-af41-fc94b48648b3 req-8de5d7b1-2149-409d-af41-fc94b48648b3 ] Request (ServerDiagnosticsTest:setUpClass): 201 POST http://10.180.1.21/identity/v3/auth/tokens 0.155s
2025-03-07 02:28:23.068 68926 INFO tempest.lib.common.rest_client [req-fb62586e-4919-4a22-8426-d4819da8fb4b req-fb62586e-4919-4a22-8426-d4819da8fb4b ] Request (HypervisorAdminV228Test:setUpClass): 201 POST http://10.180.1.21/identity/v3/auth/tokens 0.189s
2025-03-07 02:28:23.130 68952 INFO tempest.lib.common.rest_client [req-de4b82a8-3d64-4cd2-afb4-a2834b5f1e7e req-de4b82a8-3d64-4cd2-afb4-a2834b5f1e7e ] Request (ServerExternalEventsTest:setUpClass): 201 POST http://10.180.1.21/identity/v3/auth/tokens 0.169s
2025-03-07 02:28:23.150 68972 INFO tempest.lib.common.rest_client [req-77e66e45-827a-48c2-bfa9-e35a59874c04 req-77e66e45-827a-48c2-bfa9-e35a59874c04 ] Request (ServicesAdminNegativeTestJSON:tearDownClass): 201 POST http://10.180.1.21/identity/v3/auth/tokens 0.156s
2025-03-07 02:28:23.172 68932 INFO tempest.lib.common.rest_client [req-53c5df48-1000-4c87-bc1d-82fbf3515958 req-53c5df48-1000-4c87-bc1d-82fbf3515958 ] Request (ServerDiagnosticsTest:setUpClass): 200 GET http://10.180.1.21/identity/v3/domains?name=Default 0.153s
2025-03-07 02:28:23.194 68966 INFO tempest.lib.common.rest_client [req-cdcfc0c9-010c-4c0e-a3a1-c3817537b410 req-cdcfc0c9-010c-4c0e-a3a1-c3817537b410 ] Request (ImagesOneServerTestJSON:setUpClass): 201 POST http://10.180.1.21/identity/v3/auth/tokens 0.177s
2025-03-07 02:28:23.252 68928 INFO tempest.lib.common.rest_client [req-3c9bb75b-2195-4dd3-a2c1-a305bf69e2fd req-3c9bb75b-2195-4dd3-a2c1-a305bf69e2fd ] Request (ListServerFiltersTestJSON:setUpClass): 201 POST http://10.180.1.21:9696/networking/v2.0/subnets 0.597s
2025-03-07 02:28:23.252 68928 INFO tempest.lib.common.dynamic_creds [-] Created isolated network resources for: credentials: Credentials: {'domain_id': 'default', 'domain_name': 'Default', 'username': 'tempest-ListServerFiltersTestJSON-225846415-project-member', 'project_domain_id': 'default', 'project_domain_name': 'Default', 'project_id': '373459ee626847e9886e5ff353729280', 'project_name': 'tempest-ListServerFiltersTestJSON-225846415', 'tenant_id': '373459ee626847e9886e5ff353729280', 'tenant_name': 'tempest-ListServerFiltersTestJSON-225846415', 'user_domain_id': 'default', 'user_domain_name': 'Default', 'user_id': 'f7e9f64ef5ef4f2c9d8100ed55e7cbc8', 'system': None}, Network: {'id': '2dc0e495-5a5a-47e0-8c1c-61e000194cc0', 'name': 'tempest-ListServerFiltersTestJSON-658812124-network', 'tenant_id': '373459ee626847e9886e5ff353729280', 'admin_state_up': True, 'mtu': 8950, 'status': 'ACTIVE', 'subnets': [], 'shared': False, 'project_id': '373459ee626847e9886e5ff353729280', 'port_security_enabled': True, 'router:external': False, 'provider:network_type': 'vlan', 'provider:physical_network': 'default', 'provider:segmentation_id': 363, 'availability_zone_hints': [], 'availability_zones': [], 'ipv4_address_scope': None, 'ipv6_address_scope': None, 'description': '', 'tags': [], 'created_at': '2025-03-07T02:28:22Z', 'updated_at': '2025-03-07T02:28:22Z', 'revision_number': 1}, Subnet: {'id': '8dd2fa19-521b-47fd-b1d3-df96e7b16dac', 'name': 'tempest-ListServerFiltersTestJSON-658812124-subnet', 'tenant_id': '373459ee626847e9886e5ff353729280', 'network_id': '2dc0e495-5a5a-47e0-8c1c-61e000194cc0', 'ip_version': 4, 'subnetpool_id': None, 'enable_dhcp': True, 'ipv6_ra_mode': None, 'ipv6_address_mode': None, 'gateway_ip': '192.168.128.1', 'cidr': '192.168.128.0/28', 'allocation_pools': [{'start': '192.168.128.2', 'end': '192.168.128.14'}], 'host_routes': [], 'dns_nameservers': [], 'description': '', 'router:external': False, 'service_types': [], 'tags': [], 'created_at': '2025-03-07T02:28:22Z', 'updated_at': '2025-03-07T02:28:22Z', 'revision_number': 0, 'project_id': '373459ee626847e9886e5ff353729280'}, Router: None
2025-03-07 02:28:23.269 68952 INFO tempest.lib.common.rest_client [req-a9204737-4280-4285-b1e5-96b9e9133434 req-a9204737-4280-4285-b1e5-96b9e9133434 ] Request (ServerExternalEventsTest:setUpClass): 201 POST http://10.180.1.21/identity/v3/projects 0.138s
2025-03-07 02:28:23.271 68976 INFO tempest.lib.common.rest_client [req-4a1b5c32-c061-4969-91c9-8bccf187d96a req-4a1b5c32-c061-4969-91c9-8bccf187d96a ] Request (ImagesMetadataTestJSON:setUpClass): 201 POST http://10.180.1.21/image/v2/images 1.149s
2025-03-07 02:28:23.363 68960 INFO tempest.lib.common.rest_client [req-3a54aacd-ba44-423c-bd5f-a78cbf6f58f2 req-3a54aacd-ba44-423c-bd5f-a78cbf6f58f2 ] Request (QuotasAdminTestJSON:test_delete_quota): 200 PUT http://10.180.1.21/compute/v2.1/os-quota-sets/b399f2bfcb9744ab861921a2f1096a37 1.780s
2025-03-07 02:28:23.386 68932 INFO tempest.lib.common.rest_client [req-f8c34f0a-7fcb-4c7b-ad8f-5eb6e963eb5c req-f8c34f0a-7fcb-4c7b-ad8f-5eb6e963eb5c ] Request (ServerDiagnosticsTest:setUpClass): 201 POST http://10.180.1.21/identity/v3/projects 0.213s
2025-03-07 02:28:23.390 68962 INFO tempest.lib.common.rest_client [req-7b71426c-d37f-47ab-986a-fb0b41fe6377 req-7b71426c-d37f-47ab-986a-fb0b41fe6377 ] Request (ServicesAdminNegativeV253TestJSON:test_enable_service_with_invalid_service_id): 404 PUT http://10.180.1.21/compute/v2.1/os-services/79088d63-c2b8-4a66-99df-1f81c3d6322b 1.793s
2025-03-07 02:28:23.409 68918 INFO tempest.lib.common.rest_client [req-a2686509-283d-4265-a766-41afcb419c79 req-a2686509-283d-4265-a766-41afcb419c79 ] Request (ImagesDeleteNegativeTestJSON:test_delete_image_with_id_over_character_limit): 404 DELETE http://10.180.1.21/compute/v2.1/images/e80696ef-b270-43b0-af5b-a59417f09d471 1.797s
2025-03-07 02:28:23.418 68966 INFO tempest.lib.common.rest_client [req-72ecab5c-e144-4f4a-971c-2456e2a3693b req-72ecab5c-e144-4f4a-971c-2456e2a3693b ] Request (ImagesOneServerTestJSON:setUpClass): 201 POST http://10.180.1.21/identity/v3/auth/tokens 0.219s
2025-03-07 02:28:23.419 68966 INFO tempest.lib.common.fixed_network [-] (ImagesOneServerTestJSON:setUpClass) Found network {'id': 'f815fcac-f046-4a1f-8fcc-7ef83f914185', 'name': 'tempest-ImagesOneServerTestJSON-489253153-network', 'tenant_id': 'f2c09879d5e1431caea12a0ae614a0a9', 'admin_state_up': True, 'mtu': 8950, 'status': 'ACTIVE', 'subnets': [], 'shared': False, 'project_id': 'f2c09879d5e1431caea12a0ae614a0a9', 'port_security_enabled': True, 'router:external': False, 'provider:network_type': 'vlan', 'provider:physical_network': 'default', 'provider:segmentation_id': 948, 'availability_zone_hints': [], 'availability_zones': [], 'ipv4_address_scope': None, 'ipv6_address_scope': None, 'description': '', 'tags': [], 'created_at': '2025-03-07T02:28:17Z', 'updated_at': '2025-03-07T02:28:17Z', 'revision_number': 1} available for tenant
2025-03-07 02:28:23.436 68936 INFO tempest.lib.common.rest_client [req-95be38a5-641c-43bb-8dce-db7e7a34fd2a req-95be38a5-641c-43bb-8dce-db7e7a34fd2a ] Request (FlavorMetadataValidation:_run_cleanups): 200 GET http://10.180.1.21/compute/v2.1/flavors/detail 1.792s
2025-03-07 02:28:23.461 68964 INFO tempest.lib.common.rest_client [req-a64ed5d7-42e3-43e1-bc93-b447ef8a5f94 req-a64ed5d7-42e3-43e1-bc93-b447ef8a5f94 ] Request (FlavorsV2TestJSON:test_list_flavors_limit_results): 200 GET http://10.180.1.21/compute/v2.1/flavors?limit=1 1.783s
2025-03-07 02:28:23.489 68952 INFO tempest.lib.common.rest_client [req-b8c99104-b017-4caf-8dac-5b213c150812 req-b8c99104-b017-4caf-8dac-5b213c150812 ] Request (ServerExternalEventsTest:setUpClass): 201 POST http://10.180.1.21/identity/v3/users 0.220s
2025-03-07 02:28:23.496 68930 INFO tempest.lib.common.rest_client [req-41e080e6-1438-463a-92e1-2749dd955c0e req-41e080e6-1438-463a-92e1-2749dd955c0e ] Request (AggregatesAdminNegativeTestJSON:_run_cleanups): 200 DELETE http://10.180.1.21/compute/v2.1/os-aggregates/5 1.798s
2025-03-07 02:28:23.503 68928 INFO tempest.lib.common.rest_client [req-2eb84015-6536-4fa3-8134-b70ac4e9717a req-2eb84015-6536-4fa3-8134-b70ac4e9717a ] Request (ListServerFiltersTestJSON:setUpClass): 201 POST http://10.180.1.21/identity/v3/auth/tokens 0.244s
2025-03-07 02:28:23.527 68938 INFO tempest.lib.common.rest_client [req-563cb38c-9eae-4d0d-9fdf-d4ba242773c2 req-563cb38c-9eae-4d0d-9fdf-d4ba242773c2 ] Request (MultipleCreateTestJSON:test_multiple_create): 202 POST http://10.180.1.21/compute/v2.1/servers 2.207s
2025-03-07 02:28:23.539 68944 INFO tempest.lib.common.rest_client [req-1b880471-5c63-4e02-b86c-eefac97909ff req-1b880471-5c63-4e02-b86c-eefac97909ff ] Request (KeyPairsV22TestJSON:test_keypairsv22_create_list_show_with_type): 200 GET http://10.180.1.21/compute/v2.1/os-keypairs/tempest-keypair-416420153 1.393s
2025-03-07 02:28:23.558 68932 INFO tempest.lib.common.rest_client [req-6ee02153-0dd8-4db3-9db0-ac3351172db4 req-6ee02153-0dd8-4db3-9db0-ac3351172db4 ] Request (ServerDiagnosticsTest:setUpClass): 201 POST http://10.180.1.21/identity/v3/users 0.171s
2025-03-07 02:28:23.572 68924 INFO tempest.lib.common.rest_client [req-452c6f14-3b7f-4d72-832c-854bdf7e1968 req-452c6f14-3b7f-4d72-832c-854bdf7e1968 ] Request (FlavorsAdminTestJSON:_run_cleanups): 200 GET http://10.180.1.21/compute/v2.1/flavors/detail 1.322s
2025-03-07 02:28:23.610 68948 INFO tempest.lib.common.rest_client [req-d3dac580-c272-4d25-98c4-d86086bf44b8 req-d3dac580-c272-4d25-98c4-d86086bf44b8 ] Request (FlavorsAccessNegativeTestJSON:_run_cleanups): 200 GET http://10.180.1.21/compute/v2.1/flavors/detail 1.346s
2025-03-07 02:28:23.624 68952 INFO tempest.lib.common.rest_client [req-068fc0fa-9691-4c72-a484-4765df86c2b7 req-068fc0fa-9691-4c72-a484-4765df86c2b7 ] Request (ServerExternalEventsTest:setUpClass): 200 GET http://10.180.1.21/identity/v3/roles 0.134s
2025-03-07 02:28:23.633 68972 INFO tempest.lib.common.rest_client [req-a0b2e328-5a63-4fb1-891d-85b8935d576f req-a0b2e328-5a63-4fb1-891d-85b8935d576f ] Request (ServicesAdminNegativeTestJSON:tearDownClass): 200 GET http://10.180.1.21:9696/networking/v2.0/security-groups?tenant_id=b8f9bef8e282487489534142e6dd3f67&name=default 0.483s
2025-03-07 02:28:23.704 68940 INFO tempest.lib.common.rest_client [req-c077a62c-3e20-46d0-b1d2-ee266d8040e8 req-c077a62c-3e20-46d0-b1d2-ee266d8040e8 ] Request (FloatingIPsAssociationNegativeTestJSON:setUpClass): 201 POST http://10.180.1.21:9696/networking/v2.0/routers 1.426s
2025-03-07 02:28:23.710 68936 INFO tempest.lib.common.rest_client [req-57bf9aa1-43ef-498b-aaa4-a4ae2d8acb90 req-57bf9aa1-43ef-498b-aaa4-a4ae2d8acb90 ] Request (FlavorMetadataValidation:tearDownClass): 204 DELETE http://10.180.1.21/identity/v3/users/bebd564f80c44c48a40d817aede62aa9 0.261s
2025-03-07 02:28:23.722 68970 INFO tempest.lib.common.rest_client [req-69953def-b768-4a70-a098-f5ca71092422 req-69953def-b768-4a70-a098-f5ca71092422 ] Request (ServerTagsTestJSON:test_delete_all_tags): 201 PUT http://10.180.1.21/compute/v2.1/servers/54af9c38-c8b6-4ef9-be63-de545dcc0da5/tags/tempest-tag-250791697 1.301s
2025-03-07 02:28:23.761 68914 INFO tempest.lib.common.rest_client [req-acdeedff-9438-4c0d-a00f-8dcf571eaeec req-acdeedff-9438-4c0d-a00f-8dcf571eaeec ] Request (ImagesOneServerNegativeTestJSON:setUpClass): 200 GET http://10.180.1.21/compute/v2.1/servers/6cb1846a-02aa-4dc3-a573-858abf5a0bdf 1.672s
2025-03-07 02:28:23.766 68928 INFO tempest.lib.common.rest_client [req-870137a0-7473-4514-9c58-960892828321 req-870137a0-7473-4514-9c58-960892828321 ] Request (ListServerFiltersTestJSON:setUpClass): 201 POST http://10.180.1.21/identity/v3/auth/tokens 0.256s
2025-03-07 02:28:23.767 68928 INFO tempest.lib.common.fixed_network [-] (ListServerFiltersTestJSON:setUpClass) Found network {'id': '2dc0e495-5a5a-47e0-8c1c-61e000194cc0', 'name': 'tempest-ListServerFiltersTestJSON-658812124-network', 'tenant_id': '373459ee626847e9886e5ff353729280', 'admin_state_up': True, 'mtu': 8950, 'status': 'ACTIVE', 'subnets': [], 'shared': False, 'project_id': '373459ee626847e9886e5ff353729280', 'port_security_enabled': True, 'router:external': False, 'provider:network_type': 'vlan', 'provider:physical_network': 'default', 'provider:segmentation_id': 363, 'availability_zone_hints': [], 'availability_zones': [], 'ipv4_address_scope': None, 'ipv6_address_scope': None, 'description': '', 'tags': [], 'created_at': '2025-03-07T02:28:22Z', 'updated_at': '2025-03-07T02:28:22Z', 'revision_number': 1} available for tenant
2025-03-07 02:28:23.773 68914 INFO tempest.common.waiters [-] State transition "BUILD/spawning" ==> "ACTIVE/None" after 22 second wait
2025-03-07 02:28:23.820 68932 INFO tempest.lib.common.rest_client [req-066bd3be-a28b-4689-9fb5-ababeb1bd7f2 req-066bd3be-a28b-4689-9fb5-ababeb1bd7f2 ] Request (ServerDiagnosticsTest:setUpClass): 200 GET http://10.180.1.21/identity/v3/roles 0.261s
2025-03-07 02:28:23.843 68946 INFO tempest.lib.common.rest_client [req-ee36a79d-e91d-4734-9a1e-250a3dc86b6e req-ee36a79d-e91d-4734-9a1e-250a3dc86b6e ] Request (ServersWithSpecificFlavorTestJSON:test_verify_created_server_ephemeral_disk): 200 GET http://10.180.1.21/compute/v2.1/servers/4b5c5b9e-389d-4ed9-a860-bd41a33fbac4 1.260s
2025-03-07 02:28:23.857 68952 INFO tempest.lib.common.rest_client [req-74b70040-5434-432a-aa8c-fc64ab21a0e0 req-74b70040-5434-432a-aa8c-fc64ab21a0e0 ] Request (ServerExternalEventsTest:setUpClass): 204 PUT http://10.180.1.21/identity/v3/projects/023d02b642024c3296775115448dd1f6/users/b01ab50414b742eaa8eb2d1d4abde6bc/roles/da31605519c74cb884c94894f93843e9 0.227s
2025-03-07 02:28:23.910 68972 INFO tempest.lib.common.rest_client [req-f7aa4476-9198-4e03-a304-a7540ae128eb req-f7aa4476-9198-4e03-a304-a7540ae128eb ] Request (ServicesAdminNegativeTestJSON:tearDownClass): 204 DELETE http://10.180.1.21:9696/networking/v2.0/security-groups/30f40f17-541e-4994-ac73-b116783b6037 0.273s
2025-03-07 02:28:23.957 68928 INFO tempest.lib.common.rest_client [req-c0ebebe0-27d1-4704-9e09-8b5b237422ad req-c0ebebe0-27d1-4704-9e09-8b5b237422ad ] Request (ListServerFiltersTestJSON:setUpClass): 201 POST http://10.180.1.21/identity/v3/auth/tokens 0.187s
2025-03-07 02:28:23.957 68936 INFO tempest.lib.common.rest_client [req-0a1f4df0-2fb5-448c-a7e3-055d1b036262 req-0a1f4df0-2fb5-448c-a7e3-055d1b036262 ] Request (FlavorMetadataValidation:tearDownClass): 204 DELETE http://10.180.1.21/identity/v3/users/665a6fc7ff434ec68bc34b5483f32aec 0.247s
2025-03-07 02:28:23.957 68928 INFO tempest.lib.common.fixed_network [-] (ListServerFiltersTestJSON:setUpClass) Found network {'id': '2dc0e495-5a5a-47e0-8c1c-61e000194cc0', 'name': 'tempest-ListServerFiltersTestJSON-658812124-network', 'tenant_id': '373459ee626847e9886e5ff353729280', 'admin_state_up': True, 'mtu': 8950, 'status': 'ACTIVE', 'subnets': [], 'shared': False, 'project_id': '373459ee626847e9886e5ff353729280', 'port_security_enabled': True, 'router:external': False, 'provider:network_type': 'vlan', 'provider:physical_network': 'default', 'provider:segmentation_id': 363, 'availability_zone_hints': [], 'availability_zones': [], 'ipv4_address_scope': None, 'ipv6_address_scope': None, 'description': '', 'tags': [], 'created_at': '2025-03-07T02:28:22Z', 'updated_at': '2025-03-07T02:28:22Z', 'revision_number': 1} available for tenant
2025-03-07 02:28:23.958 68936 INFO tempest.lib.common.dynamic_creds [-] Deleting project and security group for project: 828e3d0050324628b509a6a21218c07c
2025-03-07 02:28:23.971 68974 INFO tempest.lib.common.rest_client [req-1214019b-28b4-4ef0-8e5c-4c692bdd3fb0 req-1214019b-28b4-4ef0-8e5c-4c692bdd3fb0 ] Request (VolumesAdminNegativeTest:test_update_attached_volume_with_nonexistent_volume_in_body): 200 GET http://10.180.1.21/compute/v2.1/servers/c80895d5-1a59-4779-9da9-9aeec10bc395 1.503s
