2025-03-07 02:28:24.029 68952 INFO tempest.lib.common.rest_client [req-bf9ab4a1-cac8-4eb7-823e-147ac2338406 req-bf9ab4a1-cac8-4eb7-823e-147ac2338406 ] Request (ServerExternalEventsTest:setUpClass): 200 GET http://10.180.1.21/identity/v3/roles 0.171s
2025-03-07 02:28:24.039 68932 INFO tempest.lib.common.rest_client [req-3932a4fa-15bc-4e21-8212-703b4b85a634 req-3932a4fa-15bc-4e21-8212-703b4b85a634 ] Request (ServerDiagnosticsTest:setUpClass): 204 PUT http://10.180.1.21/identity/v3/projects/66dfb5ac98d24239a85fb5dc6ed239fe/users/6003cfe294fd431e9bafa9a892e709af/roles/9b00c5de76014878b4a789f4dd02856a 0.219s
2025-03-07 02:28:24.039 68932 INFO tempest.lib.common.dynamic_creds [-] Dynamic test user 6003cfe294fd431e9bafa9a892e709af is created with scope project and roles: ['member']
2025-03-07 02:28:24.040 68932 INFO tempest.lib.common.dynamic_creds [-] Acquired dynamic creds: credentials: Credentials: {'domain_id': 'default', 'domain_name': 'Default', 'username': 'tempest-ServerDiagnosticsTest-674141276-project-member', 'project_domain_id': 'default', 'project_domain_name': 'Default', 'project_id': '66dfb5ac98d24239a85fb5dc6ed239fe', 'project_name': 'tempest-ServerDiagnosticsTest-674141276', 'tenant_id': '66dfb5ac98d24239a85fb5dc6ed239fe', 'tenant_name': 'tempest-ServerDiagnosticsTest-674141276', 'user_domain_id': 'default', 'user_domain_name': 'Default', 'user_id': '6003cfe294fd431e9bafa9a892e709af', 'system': None}, Network: None, Subnet: None, Router: None
2025-03-07 02:28:24.040 68932 INFO tempest.lib.common.dynamic_creds [-] Created isolated network resources for: credentials: Credentials: {'domain_id': 'default', 'domain_name': 'Default', 'username': 'tempest-ServerDiagnosticsTest-674141276-project-member', 'project_domain_id': 'default', 'project_domain_name': 'Default', 'project_id': '66dfb5ac98d24239a85fb5dc6ed239fe', 'project_name': 'tempest-ServerDiagnosticsTest-674141276', 'tenant_id': '66dfb5ac98d24239a85fb5dc6ed239fe', 'tenant_name': 'tempest-ServerDiagnosticsTest-674141276', 'user_domain_id': 'default', 'user_domain_name': 'Default', 'user_id': '6003cfe294fd431e9bafa9a892e709af', 'system': None}, Network: None, Subnet: None, Router: None
2025-03-07 02:28:24.114 68950 INFO tempest.lib.common.rest_client [req-fbf40a6c-4216-499c-b7dc-8978898ea808 req-fbf40a6c-4216-499c-b7dc-8978898ea808 ] Request (VolumesAssistedSnapshotsTest:test_volume_assisted_snapshot_create_delete): 200 GET http://10.180.1.21/compute/v2.1/servers/ccf76bce-26e2-49e8-9f60-d8f35fe5b3ac 1.408s
2025-03-07 02:28:24.137 68972 INFO tempest.lib.common.rest_client [req-4c8c56c5-a0d2-445a-abbf-d078f9fb3dfc req-4c8c56c5-a0d2-445a-abbf-d078f9fb3dfc ] Request (ServicesAdminNegativeTestJSON:tearDownClass): 204 DELETE http://10.180.1.21/identity/v3/projects/b8f9bef8e282487489534142e6dd3f67 0.226s
2025-03-07 02:28:24.137 68972 INFO tempest.lib.common.dynamic_creds [-] Deleting project and security group for project: 8b0b7a15450641f3b1ad14af18934c89
2025-03-07 02:28:24.162 68936 INFO tempest.lib.common.rest_client [req-61ae1c8f-899a-42d8-90d9-ca0024b55666 req-61ae1c8f-899a-42d8-90d9-ca0024b55666 ] Request (FlavorMetadataValidation:tearDownClass): 201 POST http://10.180.1.21/identity/v3/auth/tokens 0.204s
2025-03-07 02:28:24.184 68952 INFO tempest.lib.common.rest_client [req-a1a747e6-039c-498c-a466-2fa0c0473e6b req-a1a747e6-039c-498c-a466-2fa0c0473e6b ] Request (ServerExternalEventsTest:setUpClass): 204 PUT http://10.180.1.21/identity/v3/projects/023d02b642024c3296775115448dd1f6/users/b01ab50414b742eaa8eb2d1d4abde6bc/roles/da31605519c74cb884c94894f93843e9 0.155s
2025-03-07 02:28:24.184 68952 INFO tempest.lib.common.dynamic_creds [-] Dynamic test user b01ab50414b742eaa8eb2d1d4abde6bc is created with scope project and roles: ['admin']
2025-03-07 02:28:24.185 68952 INFO tempest.lib.common.dynamic_creds [-] Acquired dynamic creds: credentials: Credentials: {'domain_id': 'default', 'domain_name': 'Default', 'username': 'tempest-ServerExternalEventsTest-2062157571-project-admin', 'project_domain_id': 'default', 'project_domain_name': 'Default', 'project_id': '023d02b642024c3296775115448dd1f6', 'project_name': 'tempest-ServerExternalEventsTest-2062157571', 'tenant_id': '023d02b642024c3296775115448dd1f6', 'tenant_name': 'tempest-ServerExternalEventsTest-2062157571', 'user_domain_id': 'default', 'user_domain_name': 'Default', 'user_id': 'b01ab50414b742eaa8eb2d1d4abde6bc', 'system': None}, Network: None, Subnet: None, Router: None
2025-03-07 02:28:24.185 68952 INFO tempest.lib.common.dynamic_creds [-] Created isolated network resources for: credentials: Credentials: {'domain_id': 'default', 'domain_name': 'Default', 'username': 'tempest-ServerExternalEventsTest-2062157571-project-admin', 'project_domain_id': 'default', 'project_domain_name': 'Default', 'project_id': '023d02b642024c3296775115448dd1f6', 'project_name': 'tempest-ServerExternalEventsTest-2062157571', 'tenant_id': '023d02b642024c3296775115448dd1f6', 'tenant_name': 'tempest-ServerExternalEventsTest-2062157571', 'user_domain_id': 'default', 'user_domain_name': 'Default', 'user_id': 'b01ab50414b742eaa8eb2d1d4abde6bc', 'system': None}, Network: None, Subnet: None, Router: None
2025-03-07 02:28:24.254 68932 INFO tempest.lib.common.rest_client [req-9ce4df43-3db3-4f31-a193-967858a3a756 req-9ce4df43-3db3-4f31-a193-967858a3a756 ] Request (ServerDiagnosticsTest:setUpClass): 201 POST http://10.180.1.21/identity/v3/auth/tokens 0.206s
2025-03-07 02:28:24.290 68956 INFO tempest.lib.common.rest_client [req-59b1ba44-0f29-4bb4-8938-5a0e432d9992 req-59b1ba44-0f29-4bb4-8938-5a0e432d9992 ] Request (MigrationsAdminTest:test_list_migrations_in_flavor_resize_situation): 200 GET http://10.180.1.21/compute/v2.1/servers/7617a7b1-3b21-4d38-b090-1d35bc74637b 1.213s
2025-03-07 02:28:24.301 68956 INFO tempest.common.waiters [-] State transition "BUILD/spawning" ==> "ACTIVE/None" after 22 second wait
2025-03-07 02:28:24.303 68926 INFO tempest.lib.common.rest_client [req-c757d8ba-eab7-4f61-9661-5d37d51039e7 req-c757d8ba-eab7-4f61-9661-5d37d51039e7 ] Request (HypervisorAdminV228Test:test_get_list_hypervisor_details): 200 GET http://10.180.1.21/compute/v2.1/os-hypervisors 1.233s
2025-03-07 02:28:24.330 68972 INFO tempest.lib.common.rest_client [req-c9de47be-b696-4b57-9073-20a644d99722 req-c9de47be-b696-4b57-9073-20a644d99722 ] Request (ServicesAdminNegativeTestJSON:tearDownClass): 200 GET http://10.180.1.21:9696/networking/v2.0/security-groups?tenant_id=8b0b7a15450641f3b1ad14af18934c89&name=default 0.193s
2025-03-07 02:28:24.379 68932 INFO tempest.lib.common.rest_client [req-96255783-0a05-4f7b-a656-74124f900981 req-96255783-0a05-4f7b-a656-74124f900981 ] Request (ServerDiagnosticsTest:setUpClass): 201 POST http://10.180.1.21/identity/v3/projects 0.124s
2025-03-07 02:28:24.400 68952 INFO tempest.lib.common.rest_client [req-f3d7ce30-27f4-42c1-aad2-58224551eefd req-f3d7ce30-27f4-42c1-aad2-58224551eefd ] Request (ServerExternalEventsTest:setUpClass): 201 POST http://10.180.1.21/identity/v3/auth/tokens 0.212s
2025-03-07 02:28:24.452 68932 INFO tempest.lib.common.rest_client [req-24968e51-b6a9-4956-a39c-ee2dfddbb3f8 req-24968e51-b6a9-4956-a39c-ee2dfddbb3f8 ] Request (ServerDiagnosticsTest:setUpClass): 201 POST http://10.180.1.21/identity/v3/users 0.072s
2025-03-07 02:28:24.490 68932 INFO tempest.lib.common.rest_client [req-d3323d99-99d4-4153-8c6b-ecaa0cf97d43 req-d3323d99-99d4-4153-8c6b-ecaa0cf97d43 ] Request (ServerDiagnosticsTest:setUpClass): 200 GET http://10.180.1.21/identity/v3/roles 0.037s
2025-03-07 02:28:24.490 68952 INFO tempest.lib.common.rest_client [req-49e05d3f-73c8-47ce-bed8-54a5e8f6df31 req-49e05d3f-73c8-47ce-bed8-54a5e8f6df31 ] Request (ServerExternalEventsTest:setUpClass): 201 POST http://10.180.1.21/identity/v3/projects 0.090s
2025-03-07 02:28:24.495 68934 INFO tempest.lib.common.rest_client [req-ba6e77f5-7909-4ba5-800a-f3b2f68cd8fc req-ba6e77f5-7909-4ba5-800a-f3b2f68cd8fc ] Request (ServerActionsTestOtherA:setUpClass): 200 GET http://10.180.1.21/compute/v2.1/servers/423af2cc-4dea-445f-a01c-6d4d57c3f0de 1.249s
2025-03-07 02:28:24.508 68934 INFO tempest.common.waiters [-] State transition "BUILD/None" ==> "BUILD/spawning" after 12 second wait
2025-03-07 02:28:24.518 68960 INFO tempest.lib.common.rest_client [req-d2b25fed-4bb9-43a9-b982-33d97069e1a5 req-d2b25fed-4bb9-43a9-b982-33d97069e1a5 ] Request (QuotasAdminTestJSON:test_delete_quota): 202 DELETE http://10.180.1.21/compute/v2.1/os-quota-sets/b399f2bfcb9744ab861921a2f1096a37 1.152s
2025-03-07 02:28:24.533 68916 INFO tempest.lib.common.rest_client [req-b542bebc-b79f-4957-90dc-4bf0b0ea10dd req-b542bebc-b79f-4957-90dc-4bf0b0ea10dd ] Request (AttachInterfacesTestJSON:test_create_list_show_delete_interfaces_by_fixed_ip): 200 GET http://10.180.1.21/compute/v2.1/servers/14772ba8-bde2-42ef-9a37-df876c8af321 1.196s
2025-03-07 02:28:24.539 68972 INFO tempest.lib.common.rest_client [req-067e3f42-af40-4a83-be63-211dfe3954b2 req-067e3f42-af40-4a83-be63-211dfe3954b2 ] Request (ServicesAdminNegativeTestJSON:tearDownClass): 204 DELETE http://10.180.1.21:9696/networking/v2.0/security-groups/4f6ef0cc-2dbd-4cd2-a27b-936b95aed986 0.208s
2025-03-07 02:28:24.549 68962 INFO tempest.lib.common.rest_client [req-10871f33-a850-481b-b57c-fbc86130e854 req-10871f33-a850-481b-b57c-fbc86130e854 ] Request (ServicesAdminNegativeV253TestJSON:test_get_service_by_invalid_params): 200 GET http://10.180.1.21/compute/v2.1/os-services 1.158s
2025-03-07 02:28:24.560 68918 INFO tempest.lib.common.rest_client [req-3d98dcbe-450b-4fd8-9177-30aebb09de5f req-3d98dcbe-450b-4fd8-9177-30aebb09de5f ] Request (ImagesDeleteNegativeTestJSON:test_delete_image_with_invalid_image_id): 404 DELETE http://10.180.1.21/compute/v2.1/images/tempest-invalid-868760620 1.148s
2025-03-07 02:28:24.568 68936 INFO tempest.lib.common.rest_client [req-aba0fe5e-f1e4-425e-a297-27b84e5dfb87 req-aba0fe5e-f1e4-425e-a297-27b84e5dfb87 ] Request (FlavorMetadataValidation:tearDownClass): 200 GET http://10.180.1.21:9696/networking/v2.0/security-groups?tenant_id=828e3d0050324628b509a6a21218c07c&name=default 0.406s
2025-03-07 02:28:24.579 68964 INFO tempest.lib.common.rest_client [req-989004f1-c781-4d8f-9e88-9ea3f893bcb0 req-989004f1-c781-4d8f-9e88-9ea3f893bcb0 ] Request (FlavorsV2TestJSON:test_list_flavors_using_marker): 200 GET http://10.180.1.21/compute/v2.1/flavors/42 1.113s
2025-03-07 02:28:24.587 68932 INFO tempest.lib.common.rest_client [req-4c4d2175-bfe0-4d49-a493-ea9d9b72ad83 req-4c4d2175-bfe0-4d49-a493-ea9d9b72ad83 ] Request (ServerDiagnosticsTest:setUpClass): 204 PUT http://10.180.1.21/identity/v3/projects/c2817c88a2b6423bb59de42aedb0025e/users/9b49da7e93fa475abcff07e20e46fba3/roles/da31605519c74cb884c94894f93843e9 0.097s
2025-03-07 02:28:24.597 68930 INFO tempest.lib.common.rest_client [req-6ab82a15-d1d8-4418-ad6e-85cc9fb59f49 req-6ab82a15-d1d8-4418-ad6e-85cc9fb59f49 ] Request (AggregatesAdminNegativeTestJSON:test_aggregate_delete_with_invalid_id): 404 DELETE http://10.180.1.21/compute/v2.1/os-aggregates/-1 1.100s
2025-03-07 02:28:24.658 68952 INFO tempest.lib.common.rest_client [req-bbd96deb-57a2-4135-963c-9032e61e47b6 req-bbd96deb-57a2-4135-963c-9032e61e47b6 ] Request (ServerExternalEventsTest:setUpClass): 201 POST http://10.180.1.21/identity/v3/users 0.167s
2025-03-07 02:28:24.706 68972 INFO tempest.lib.common.rest_client [req-b62ebd05-ceb0-44da-bab4-036c4cf75200 req-b62ebd05-ceb0-44da-bab4-036c4cf75200 ] Request (ServicesAdminNegativeTestJSON:tearDownClass): 204 DELETE http://10.180.1.21/identity/v3/projects/8b0b7a15450641f3b1ad14af18934c89 0.166s
2025-03-07 02:28:24.744 68968 INFO tempest.lib.common.rest_client [req-d8339e25-f5ea-4ae2-bc22-cebce2ab3256 req-d8339e25-f5ea-4ae2-bc22-cebce2ab3256 ] Request (ServersTestFqdnHostnames:setUpClass): 201 POST http://10.180.1.21:9696/networking/v2.0/routers 1.953s
2025-03-07 02:28:24.751 68936 INFO tempest.lib.common.rest_client [req-7a186646-7301-4242-9394-e6b1295f3f90 req-7a186646-7301-4242-9394-e6b1295f3f90 ] Request (FlavorMetadataValidation:tearDownClass): 204 DELETE http://10.180.1.21:9696/networking/v2.0/security-groups/a8d060ac-1c5b-46f6-91c4-9070e5e62c90 0.182s
2025-03-07 02:28:24.763 68932 INFO tempest.lib.common.rest_client [req-e564b367-1b68-4711-a482-3efb77512571 req-e564b367-1b68-4711-a482-3efb77512571 ] Request (ServerDiagnosticsTest:setUpClass): 200 GET http://10.180.1.21/identity/v3/roles 0.175s
2025-03-07 02:28:24.805 68952 INFO tempest.lib.common.rest_client [req-5486ec2e-4b15-4526-abb9-e33f60c81020 req-5486ec2e-4b15-4526-abb9-e33f60c81020 ] Request (ServerExternalEventsTest:setUpClass): 200 GET http://10.180.1.21/identity/v3/roles 0.147s
2025-03-07 02:28:24.830 68972 INFO tempest.lib.common.rest_client [req-18c912fd-45db-403c-840c-bf9144350759 req-18c912fd-45db-403c-840c-bf9144350759 ] Request (ServersV294TestFqdnHostnames:setUpClass): 201 POST http://10.180.1.21/identity/v3/auth/tokens 0.123s
2025-03-07 02:28:24.882 68936 INFO tempest.lib.common.rest_client [req-f73634b8-d49d-43ea-a974-02fdfce80870 req-f73634b8-d49d-43ea-a974-02fdfce80870 ] Request (FlavorMetadataValidation:tearDownClass): 204 DELETE http://10.180.1.21/identity/v3/projects/828e3d0050324628b509a6a21218c07c 0.131s
2025-03-07 02:28:24.883 68936 INFO tempest.lib.common.dynamic_creds [-] Deleting project and security group for project: 759fac4f200e4798b7ec5fbe2ec96883
2025-03-07 02:28:24.933 68938 INFO tempest.lib.common.rest_client [req-276e7450-e524-4b06-945a-ec2634380268 req-276e7450-e524-4b06-945a-ec2634380268 ] Request (MultipleCreateTestJSON:test_multiple_create): 200 GET http://10.180.1.21/compute/v2.1/servers 1.403s
2025-03-07 02:28:24.934 68932 INFO tempest.lib.common.rest_client [req-6dff3b1a-5f36-4cf6-b663-770daa0bb34b req-6dff3b1a-5f36-4cf6-b663-770daa0bb34b ] Request (ServerDiagnosticsTest:setUpClass): 204 PUT http://10.180.1.21/identity/v3/projects/c2817c88a2b6423bb59de42aedb0025e/users/9b49da7e93fa475abcff07e20e46fba3/roles/da31605519c74cb884c94894f93843e9 0.171s
2025-03-07 02:28:24.934 68932 INFO tempest.lib.common.dynamic_creds [-] Dynamic test user 9b49da7e93fa475abcff07e20e46fba3 is created with scope project and roles: ['admin']
2025-03-07 02:28:24.934 68932 INFO tempest.lib.common.dynamic_creds [-] Acquired dynamic creds: credentials: Credentials: {'domain_id': 'default', 'domain_name': 'Default', 'username': 'tempest-ServerDiagnosticsTest-1573295464-project-admin', 'project_domain_id': 'default', 'project_domain_name': 'Default', 'project_id': 'c2817c88a2b6423bb59de42aedb0025e', 'project_name': 'tempest-ServerDiagnosticsTest-1573295464', 'tenant_id': 'c2817c88a2b6423bb59de42aedb0025e', 'tenant_name': 'tempest-ServerDiagnosticsTest-1573295464', 'user_domain_id': 'default', 'user_domain_name': 'Default', 'user_id': '9b49da7e93fa475abcff07e20e46fba3', 'system': None}, Network: None, Subnet: None, Router: None
2025-03-07 02:28:24.935 68932 INFO tempest.lib.common.dynamic_creds [-] Created isolated network resources for: credentials: Credentials: {'domain_id': 'default', 'domain_name': 'Default', 'username': 'tempest-ServerDiagnosticsTest-1573295464-project-admin', 'project_domain_id': 'default', 'project_domain_name': 'Default', 'project_id': 'c2817c88a2b6423bb59de42aedb0025e', 'project_name': 'tempest-ServerDiagnosticsTest-1573295464', 'tenant_id': 'c2817c88a2b6423bb59de42aedb0025e', 'tenant_name': 'tempest-ServerDiagnosticsTest-1573295464', 'user_domain_id': 'default', 'user_domain_name': 'Default', 'user_id': '9b49da7e93fa475abcff07e20e46fba3', 'system': None}, Network: None, Subnet: None, Router: None
2025-03-07 02:28:24.943 68944 INFO tempest.lib.common.rest_client [req-b9b5e5e0-e881-4503-8553-ca697e7386b4 req-b9b5e5e0-e881-4503-8553-ca697e7386b4 ] Request (KeyPairsV22TestJSON:test_keypairsv22_create_list_show_with_type): 200 GET http://10.180.1.21/compute/v2.1/os-keypairs 1.401s
2025-03-07 02:28:24.964 68924 INFO tempest.lib.common.rest_client [req-d6f47201-bf71-4b57-a74e-5e7b4856da4e req-d6f47201-bf71-4b57-a74e-5e7b4856da4e ] Request (FlavorsAdminTestJSON:test_create_server_with_non_public_flavor): 200 POST http://10.180.1.21/compute/v2.1/flavors 1.378s
2025-03-07 02:28:24.986 68948 INFO tempest.lib.common.rest_client [req-ce9f6ab1-a49c-4130-88c6-84fec13b4c3e req-ce9f6ab1-a49c-4130-88c6-84fec13b4c3e ] Request (FlavorsAccessNegativeTestJSON:test_remove_flavor_access_not_found): 200 POST http://10.180.1.21/compute/v2.1/flavors 1.364s
2025-03-07 02:28:25.004 68952 INFO tempest.lib.common.rest_client [req-d47287b1-1cf7-4ccb-87c1-39090f803907 req-d47287b1-1cf7-4ccb-87c1-39090f803907 ] Request (ServerExternalEventsTest:setUpClass): 204 PUT http://10.180.1.21/identity/v3/projects/8eac6b2ae1244199a6b95bf7f595c5b7/users/da5a3343758e49ff81c9c1c6991cd96a/roles/f850b3ea962c434baaa4d4bcd37bd73f 0.198s
2025-03-07 02:28:25.014 68972 INFO tempest.lib.common.rest_client [req-be8f49e6-173c-406b-85ba-18d399731797 req-be8f49e6-173c-406b-85ba-18d399731797 ] Request (ServersV294TestFqdnHostnames:setUpClass): 201 POST http://10.180.1.21/identity/v3/auth/tokens 0.178s
2025-03-07 02:28:25.080 68932 INFO tempest.lib.common.rest_client [req-79e17391-b73b-4f5b-b58e-bc3ae4edf334 req-79e17391-b73b-4f5b-b58e-bc3ae4edf334 ] Request (ServerDiagnosticsTest:setUpClass): 201 POST http://10.180.1.21/identity/v3/auth/tokens 0.142s
2025-03-07 02:28:25.131 68972 INFO tempest.lib.common.rest_client [req-7e85e178-2bf6-42c7-8112-f95c03d9e2ad req-7e85e178-2bf6-42c7-8112-f95c03d9e2ad ] Request (ServersV294TestFqdnHostnames:setUpClass): 200 GET http://10.180.1.21/identity/v3/domains?name=Default 0.116s
2025-03-07 02:28:25.136 68952 INFO tempest.lib.common.rest_client [req-f2b5a024-949e-4a51-b486-c5078672f6b0 req-f2b5a024-949e-4a51-b486-c5078672f6b0 ] Request (ServerExternalEventsTest:setUpClass): 200 GET http://10.180.1.21/identity/v3/roles 0.131s
2025-03-07 02:28:25.143 68976 INFO tempest.lib.common.rest_client [req-3d265bfb-1749-4d4f-883a-3800a7e8863d req-3d265bfb-1749-4d4f-883a-3800a7e8863d ] Request (ImagesMetadataTestJSON:setUpClass): 204 PUT http://10.180.1.21/image/v2/images/48c8104c-1813-4790-a05a-03a2771f6ea0/file 1.872s
2025-03-07 02:28:25.164 68972 INFO tempest.lib.common.rest_client [req-b476d7a9-ddfa-4c24-b774-8015555d46bd req-b476d7a9-ddfa-4c24-b774-8015555d46bd ] Request (ServersV294TestFqdnHostnames:setUpClass): 201 POST http://10.180.1.21/identity/v3/projects 0.032s
2025-03-07 02:28:25.179 68936 INFO tempest.lib.common.rest_client [req-503a7c53-ff92-42c5-8efa-5e6c55a1334b req-503a7c53-ff92-42c5-8efa-5e6c55a1334b ] Request (FlavorMetadataValidation:tearDownClass): 200 GET http://10.180.1.21:9696/networking/v2.0/security-groups?tenant_id=759fac4f200e4798b7ec5fbe2ec96883&name=default 0.296s
2025-03-07 02:28:25.184 68932 INFO tempest.lib.common.rest_client [req-fe8d20af-1d14-48a6-964d-713ad653548f req-fe8d20af-1d14-48a6-964d-713ad653548f ] Request (ServerDiagnosticsTest:test_get_server_diagnostics): 201 POST http://10.180.1.21/identity/v3/auth/tokens 0.098s
2025-03-07 02:28:25.184 68932 INFO tempest.lib.common.fixed_network [-] (ServerDiagnosticsTest:test_get_server_diagnostics) Found network None available for tenant
2025-03-07 02:28:25.212 68952 INFO tempest.lib.common.rest_client [req-4688c5fc-40fe-45f8-a310-92882be43382 req-4688c5fc-40fe-45f8-a310-92882be43382 ] Request (ServerExternalEventsTest:setUpClass): 204 PUT http://10.180.1.21/identity/v3/projects/8eac6b2ae1244199a6b95bf7f595c5b7/users/da5a3343758e49ff81c9c1c6991cd96a/roles/da31605519c74cb884c94894f93843e9 0.076s
2025-03-07 02:28:25.212 68952 INFO tempest.lib.common.dynamic_creds [-] Dynamic test user da5a3343758e49ff81c9c1c6991cd96a is created with scope project and roles: ['service', 'admin']
2025-03-07 02:28:25.212 68952 INFO tempest.lib.common.dynamic_creds [-] Acquired dynamic creds: credentials: Credentials: {'domain_id': 'default', 'domain_name': 'Default', 'username': 'tempest-ServerExternalEventsTest-539306160-project', 'project_domain_id': 'default', 'project_domain_name': 'Default', 'project_id': '8eac6b2ae1244199a6b95bf7f595c5b7', 'project_name': 'tempest-ServerExternalEventsTest-539306160', 'tenant_id': '8eac6b2ae1244199a6b95bf7f595c5b7', 'tenant_name': 'tempest-ServerExternalEventsTest-539306160', 'user_domain_id': 'default', 'user_domain_name': 'Default', 'user_id': 'da5a3343758e49ff81c9c1c6991cd96a', 'system': None}, Network: None, Subnet: None, Router: None
2025-03-07 02:28:25.213 68952 INFO tempest.lib.common.dynamic_creds [-] Created isolated network resources for: credentials: Credentials: {'domain_id': 'default', 'domain_name': 'Default', 'username': 'tempest-ServerExternalEventsTest-539306160-project', 'project_domain_id': 'default', 'project_domain_name': 'Default', 'project_id': '8eac6b2ae1244199a6b95bf7f595c5b7', 'project_name': 'tempest-ServerExternalEventsTest-539306160', 'tenant_id': '8eac6b2ae1244199a6b95bf7f595c5b7', 'tenant_name': 'tempest-ServerExternalEventsTest-539306160', 'user_domain_id': 'default', 'user_domain_name': 'Default', 'user_id': 'da5a3343758e49ff81c9c1c6991cd96a', 'system': None}, Network: None, Subnet: None, Router: None
2025-03-07 02:28:25.218 68958 INFO tempest.lib.common.rest_client [req-c60e73c4-ae8c-458f-841d-901b8325445a req-c60e73c4-ae8c-458f-841d-901b8325445a ] Request (FloatingIPsAssociationTestJSON:setUpClass): 200 GET http://10.180.1.21/compute/v2.1/servers/e3cf739a-3104-473d-af66-d9974ed1a222 1.507s
2025-03-07 02:28:25.226 68958 INFO tempest.common.waiters [-] State transition "BUILD/spawning" ==> "ACTIVE/None" after 17 second wait
2025-03-07 02:28:25.253 68972 INFO tempest.lib.common.rest_client [req-2cb56639-3384-45e5-807d-97fe2106ecec req-2cb56639-3384-45e5-807d-97fe2106ecec ] Request (ServersV294TestFqdnHostnames:setUpClass): 201 POST http://10.180.1.21/identity/v3/users 0.089s
2025-03-07 02:28:25.300 68970 INFO tempest.lib.common.rest_client [req-49ff1720-a109-451a-ad79-97db90fe8288 req-49ff1720-a109-451a-ad79-97db90fe8288 ] Request (ServerTagsTestJSON:test_delete_all_tags): 201 PUT http://10.180.1.21/compute/v2.1/servers/54af9c38-c8b6-4ef9-be63-de545dcc0da5/tags/tempest-tag-269471512 1.577s
2025-03-07 02:28:25.311 68972 INFO tempest.lib.common.rest_client [req-12738228-25b1-45f3-8c66-da07e6d4dccf req-12738228-25b1-45f3-8c66-da07e6d4dccf ] Request (ServersV294TestFqdnHostnames:setUpClass): 200 GET http://10.180.1.21/identity/v3/roles 0.058s
2025-03-07 02:28:25.315 68952 INFO tempest.lib.common.rest_client [req-891a7a77-6a28-4982-bc53-bf52ef1055bc req-891a7a77-6a28-4982-bc53-bf52ef1055bc ] Request (ServerExternalEventsTest:setUpClass): 201 POST http://10.180.1.21/identity/v3/auth/tokens 0.099s
2025-03-07 02:28:25.345 68972 INFO tempest.lib.common.rest_client [req-364acc02-50de-4f2f-b7c8-c6b9c058e543 req-364acc02-50de-4f2f-b7c8-c6b9c058e543 ] Request (ServersV294TestFqdnHostnames:setUpClass): 204 PUT http://10.180.1.21/identity/v3/projects/ee599d8c7858456caf4df2fd39189e22/users/657674c53b994a668f3d11b188648242/roles/9b00c5de76014878b4a789f4dd02856a 0.031s
2025-03-07 02:28:25.345 68972 INFO tempest.lib.common.dynamic_creds [-] Dynamic test user 657674c53b994a668f3d11b188648242 is created with scope project and roles: ['member']
2025-03-07 02:28:25.346 68972 INFO tempest.lib.common.dynamic_creds [-] Acquired dynamic creds: credentials: Credentials: {'domain_id': 'default', 'domain_name': 'Default', 'username': 'tempest-ServersV294TestFqdnHostnames-124206622-project-member', 'project_domain_id': 'default', 'project_domain_name': 'Default', 'project_id': 'ee599d8c7858456caf4df2fd39189e22', 'project_name': 'tempest-ServersV294TestFqdnHostnames-124206622', 'tenant_id': 'ee599d8c7858456caf4df2fd39189e22', 'tenant_name': 'tempest-ServersV294TestFqdnHostnames-124206622', 'user_domain_id': 'default', 'user_domain_name': 'Default', 'user_id': '657674c53b994a668f3d11b188648242', 'system': None}, Network: None, Subnet: None, Router: None
2025-03-07 02:28:25.354 68936 INFO tempest.lib.common.rest_client [req-8a41422a-375e-4c25-81fe-814684d3f0c4 req-8a41422a-375e-4c25-81fe-814684d3f0c4 ] Request (FlavorMetadataValidation:tearDownClass): 204 DELETE http://10.180.1.21:9696/networking/v2.0/security-groups/4ba8d915-44fc-41f3-8fca-59ecade2c58b 0.175s
2025-03-07 02:28:25.379 68952 INFO tempest.lib.common.rest_client [req-c4b0c9c6-f617-45ba-b681-3918a26ed042 req-c4b0c9c6-f617-45ba-b681-3918a26ed042 ] Request (ServerExternalEventsTest:test_create_server_external_events): 201 POST http://10.180.1.21/identity/v3/auth/tokens 0.056s
2025-03-07 02:28:25.379 68952 INFO tempest.lib.common.fixed_network [-] (ServerExternalEventsTest:test_create_server_external_events) Found network None available for tenant
2025-03-07 02:28:25.418 68972 INFO tempest.lib.common.rest_client [req-4790d134-6d3e-4d19-b242-76668b956e29 req-4790d134-6d3e-4d19-b242-76668b956e29 ] Request (ServersV294TestFqdnHostnames:setUpClass): 201 POST http://10.180.1.21/identity/v3/auth/tokens 0.071s
2025-03-07 02:28:25.440 68914 INFO tempest.lib.common.rest_client [req-021df609-780d-4181-a132-dd4bd65db911 req-021df609-780d-4181-a132-dd4bd65db911 ] Request (ImagesOneServerNegativeTestJSON:setUp): 200 GET http://10.180.1.21/compute/v2.1/servers/6cb1846a-02aa-4dc3-a573-858abf5a0bdf 1.665s
2025-03-07 02:28:25.481 68936 INFO tempest.lib.common.rest_client [req-591aaa6e-a0c5-4678-ae30-1d8fe6f8e88a req-591aaa6e-a0c5-4678-ae30-1d8fe6f8e88a ] Request (FlavorMetadataValidation:tearDownClass): 204 DELETE http://10.180.1.21/identity/v3/projects/759fac4f200e4798b7ec5fbe2ec96883 0.126s
2025-03-07 02:28:25.515 68920 INFO tempest.lib.common.rest_client [req-372b8ba1-8987-408d-a492-7d1aae303a11 req-372b8ba1-8987-408d-a492-7d1aae303a11 ] Request (ImagesNegativeTestJSON:test_create_image_from_deleted_server): 200 GET http://10.180.1.21/compute/v2.1/servers/a5e993de-7aad-4b34-8946-563dc69a6f25 1.708s
2025-03-07 02:28:25.552 68936 INFO tempest.lib.common.rest_client [req-5cd4f395-cc0f-4984-abbf-38d68ae7a07a req-5cd4f395-cc0f-4984-abbf-38d68ae7a07a ] Request (ServersAdminNegativeTestJSON:setUpClass): 201 POST http://10.180.1.21/identity/v3/auth/tokens 0.069s
2025-03-07 02:28:25.583 68936 INFO tempest.lib.common.rest_client [req-9273376f-5dcd-4c08-985b-5e908227a79b req-9273376f-5dcd-4c08-985b-5e908227a79b ] Request (ServersAdminNegativeTestJSON:setUpClass): 201 POST http://10.180.1.21/identity/v3/auth/tokens 0.029s
2025-03-07 02:28:25.605 68954 INFO tempest.lib.common.rest_client [req-9c15d0be-3da3-4286-9cac-d4a2f707b510 req-9c15d0be-3da3-4286-9cac-d4a2f707b510 ] Request (ServersAdmin275Test:test_rebuild_update_server_275): 200 GET http://10.180.1.21/compute/v2.1/servers/c71693e9-aeaa-4f12-b5cf-a179e558505d 1.682s
2025-03-07 02:28:25.610 68966 INFO tempest.lib.common.rest_client [req-b4d8793d-5337-4ec5-88a2-dc4c5881452a req-b4d8793d-5337-4ec5-88a2-dc4c5881452a ] Request (ImagesOneServerTestJSON:setUpClass): 202 POST http://10.180.1.21/compute/v2.1/servers 2.190s
2025-03-07 02:28:25.616 68954 INFO tempest.common.waiters [-] State transition "BUILD/None" ==> "BUILD/networking" after 10 second wait
2025-03-07 02:28:25.622 68936 INFO tempest.lib.common.rest_client [req-5e2f8639-d224-49d1-8698-07ebaa6195f9 req-5e2f8639-d224-49d1-8698-07ebaa6195f9 ] Request (ServersAdminNegativeTestJSON:setUpClass): 200 GET http://10.180.1.21/identity/v3/domains?name=Default 0.038s
2025-03-07 02:28:25.657 68940 INFO tempest.lib.common.rest_client [req-04af6059-201a-49f9-a25b-e2feff0b508c req-04af6059-201a-49f9-a25b-e2feff0b508c ] Request (FloatingIPsAssociationNegativeTestJSON:setUpClass): 200 PUT http://10.180.1.21:9696/networking/v2.0/routers/71d9c457-762b-4f77-8d9a-15ea069b81c8/add_router_interface 1.953s
2025-03-07 02:28:25.657 68940 INFO tempest.lib.common.dynamic_creds [-] Created isolated network resources for: credentials: Credentials: {'domain_id': 'default', 'domain_name': 'Default', 'username': 'tempest-FloatingIPsAssociationNegativeTestJSON-660792595-project-member', 'project_domain_id': 'default', 'project_domain_name': 'Default', 'project_id': 'd94444f92bb741739e4b3f8dfb3244b2', 'project_name': 'tempest-FloatingIPsAssociationNegativeTestJSON-660792595', 'tenant_id': 'd94444f92bb741739e4b3f8dfb3244b2', 'tenant_name': 'tempest-FloatingIPsAssociationNegativeTestJSON-660792595', 'user_domain_id': 'default', 'user_domain_name': 'Default', 'user_id': 'bd6d1fa0168446d199644ea8575c2efd', 'system': None}, Network: {'id': 'ca367ad5-0507-4217-820a-b92e63df0cce', 'name': 'tempest-FloatingIPsAssociationNegativeTestJSON-1321393658-network', 'tenant_id': 'd94444f92bb741739e4b3f8dfb3244b2', 'admin_state_up': True, 'mtu': 8950, 'status': 'ACTIVE', 'subnets': [], 'shared': False, 'project_id': 'd94444f92bb741739e4b3f8dfb3244b2', 'port_security_enabled': True, 'router:external': False, 'provider:network_type': 'vlan', 'provider:physical_network': 'default', 'provider:segmentation_id': 763, 'availability_zone_hints': [], 'availability_zones': [], 'ipv4_address_scope': None, 'ipv6_address_scope': None, 'description': '', 'tags': [], 'created_at': '2025-03-07T02:28:21Z', 'updated_at': '2025-03-07T02:28:21Z', 'revision_number': 1}, Subnet: {'id': '4d56aa6e-e9bc-4b04-a3f5-cad390b519c0', 'name': 'tempest-FloatingIPsAssociationNegativeTestJSON-1321393658-subnet', 'tenant_id': 'd94444f92bb741739e4b3f8dfb3244b2', 'network_id': 'ca367ad5-0507-4217-820a-b92e63df0cce', 'ip_version': 4, 'subnetpool_id': None, 'enable_dhcp': True, 'ipv6_ra_mode': None, 'ipv6_address_mode': None, 'gateway_ip': '192.168.128.1', 'cidr': '192.168.128.0/28', 'allocation_pools': [{'start': '192.168.128.2', 'end': '192.168.128.14'}], 'host_routes': [], 'dns_nameservers': [], 'description': '', 'router:external': False, 'service_types': [], 'tags': [], 'created_at': '2025-03-07T02:28:21Z', 'updated_at': '2025-03-07T02:28:21Z', 'revision_number': 0, 'project_id': 'd94444f92bb741739e4b3f8dfb3244b2'}, Router: {'id': '71d9c457-762b-4f77-8d9a-15ea069b81c8', 'name': 'tempest-FloatingIPsAssociationNegativeTestJSON-1321393658-router', 'tenant_id': 'd94444f92bb741739e4b3f8dfb3244b2', 'admin_state_up': True, 'status': 'ACTIVE', 'external_gateway_info': {'network_id': '425e26ff-485d-46a7-a850-b33b002e6f83', 'external_fixed_ips': [{'subnet_id': '958c653a-67a3-4d0c-9063-68e2bdf391bd', 'ip_address': '10.180.180.156'}], 'enable_snat': True}, 'description': '', 'availability_zones': [], 'distributed': False, 'ha': False, 'availability_zone_hints': [], 'routes': [], 'flavor_id': None, 'tags': [], 'created_at': '2025-03-07T02:28:22Z', 'updated_at': '2025-03-07T02:28:22Z', 'revision_number': 2, 'project_id': 'd94444f92bb741739e4b3f8dfb3244b2'}
2025-03-07 02:28:25.684 68936 INFO tempest.lib.common.rest_client [req-084a9a8b-2700-4242-b756-8faa2bbb5e8a req-084a9a8b-2700-4242-b756-8faa2bbb5e8a ] Request (ServersAdminNegativeTestJSON:setUpClass): 201 POST http://10.180.1.21/identity/v3/projects 0.061s
2025-03-07 02:28:25.691 68922 INFO tempest.lib.common.rest_client [req-cc63b37c-0f2a-4e81-b988-b0ff252e67b8 req-cc63b37c-0f2a-4e81-b988-b0ff252e67b8 ] Request (DeleteServersAdminTestJSON:test_admin_delete_servers_of_others): 200 GET http://10.180.1.21/compute/v2.1/servers/05ff9ae9-a0e5-4e21-ab3b-9df8cdb24944 1.697s
2025-03-07 02:28:25.772 68940 INFO tempest.lib.common.rest_client [req-abb9392b-b599-4e93-9507-b44a0cc28d34 req-abb9392b-b599-4e93-9507-b44a0cc28d34 ] Request (FloatingIPsAssociationNegativeTestJSON:setUpClass): 201 POST http://10.180.1.21/identity/v3/auth/tokens 0.109s
2025-03-07 02:28:25.818 68936 INFO tempest.lib.common.rest_client [req-6e936ebc-02da-4c79-b92b-f06e67d7b1f6 req-6e936ebc-02da-4c79-b92b-f06e67d7b1f6 ] Request (ServersAdminNegativeTestJSON:setUpClass): 201 POST http://10.180.1.21/identity/v3/users 0.133s
2025-03-07 02:28:25.820 68940 INFO tempest.lib.common.rest_client [req-96424c0c-0c51-4a5f-88d0-17c809474cfc req-96424c0c-0c51-4a5f-88d0-17c809474cfc ] Request (FloatingIPsAssociationNegativeTestJSON:setUpClass): 201 POST http://10.180.1.21/identity/v3/auth/tokens 0.040s
2025-03-07 02:28:25.820 68940 INFO tempest.lib.common.fixed_network [-] (FloatingIPsAssociationNegativeTestJSON:setUpClass) Found network {'id': 'ca367ad5-0507-4217-820a-b92e63df0cce', 'name': 'tempest-FloatingIPsAssociationNegativeTestJSON-1321393658-network', 'tenant_id': 'd94444f92bb741739e4b3f8dfb3244b2', 'admin_state_up': True, 'mtu': 8950, 'status': 'ACTIVE', 'subnets': [], 'shared': False, 'project_id': 'd94444f92bb741739e4b3f8dfb3244b2', 'port_security_enabled': True, 'router:external': False, 'provider:network_type': 'vlan', 'provider:physical_network': 'default', 'provider:segmentation_id': 763, 'availability_zone_hints': [], 'availability_zones': [], 'ipv4_address_scope': None, 'ipv6_address_scope': None, 'description': '', 'tags': [], 'created_at': '2025-03-07T02:28:21Z', 'updated_at': '2025-03-07T02:28:21Z', 'revision_number': 1} available for tenant
2025-03-07 02:28:25.858 68936 INFO tempest.lib.common.rest_client [req-32c8d647-63c3-42bb-be89-94d538d71b08 req-32c8d647-63c3-42bb-be89-94d538d71b08 ] Request (ServersAdminNegativeTestJSON:setUpClass): 200 GET http://10.180.1.21/identity/v3/roles 0.040s
2025-03-07 02:28:25.893 68936 INFO tempest.lib.common.rest_client [req-16720954-e7b1-4499-bf9d-7ccc552420a2 req-16720954-e7b1-4499-bf9d-7ccc552420a2 ] Request (ServersAdminNegativeTestJSON:setUpClass): 204 PUT http://10.180.1.21/identity/v3/projects/82f81cb755f54484a45c7732db68c4a7/users/c1f3c7982b2c4f7595c53767e752512d/roles/9b00c5de76014878b4a789f4dd02856a 0.035s
2025-03-07 02:28:25.893 68936 INFO tempest.lib.common.dynamic_creds [-] Dynamic test user c1f3c7982b2c4f7595c53767e752512d is created with scope project and roles: ['member']
2025-03-07 02:28:25.894 68936 INFO tempest.lib.common.dynamic_creds [-] Acquired dynamic creds: credentials: Credentials: {'domain_id': 'default', 'domain_name': 'Default', 'username': 'tempest-ServersAdminNegativeTestJSON-728532241-project-member', 'project_domain_id': 'default', 'project_domain_name': 'Default', 'project_id': '82f81cb755f54484a45c7732db68c4a7', 'project_name': 'tempest-ServersAdminNegativeTestJSON-728532241', 'tenant_id': '82f81cb755f54484a45c7732db68c4a7', 'tenant_name': 'tempest-ServersAdminNegativeTestJSON-728532241', 'user_domain_id': 'default', 'user_domain_name': 'Default', 'user_id': 'c1f3c7982b2c4f7595c53767e752512d', 'system': None}, Network: None, Subnet: None, Router: None
2025-03-07 02:28:25.894 68936 INFO tempest.lib.common.dynamic_creds [-] Created isolated network resources for: credentials: Credentials: {'domain_id': 'default', 'domain_name': 'Default', 'username': 'tempest-ServersAdminNegativeTestJSON-728532241-project-member', 'project_domain_id': 'default', 'project_domain_name': 'Default', 'project_id': '82f81cb755f54484a45c7732db68c4a7', 'project_name': 'tempest-ServersAdminNegativeTestJSON-728532241', 'tenant_id': '82f81cb755f54484a45c7732db68c4a7', 'tenant_name': 'tempest-ServersAdminNegativeTestJSON-728532241', 'user_domain_id': 'default', 'user_domain_name': 'Default', 'user_id': 'c1f3c7982b2c4f7595c53767e752512d', 'system': None}, Network: None, Subnet: None, Router: None
2025-03-07 02:28:25.947 68972 INFO tempest.lib.common.rest_client [req-8b2b3e2e-3453-48fd-987e-9007af8f7e90 req-8b2b3e2e-3453-48fd-987e-9007af8f7e90 ] Request (ServersV294TestFqdnHostnames:setUpClass): 201 POST http://10.180.1.21:9696/networking/v2.0/networks 0.529s
2025-03-07 02:28:25.970 68956 INFO tempest.lib.common.rest_client [req-b76fdb7b-02d5-4fd9-ada7-e6101b31fe64 req-b76fdb7b-02d5-4fd9-ada7-e6101b31fe64 ] Request (MigrationsAdminTest:test_list_migrations_in_flavor_resize_situation): 202 POST http://10.180.1.21/compute/v2.1/servers/7617a7b1-3b21-4d38-b090-1d35bc74637b/action 1.668s
2025-03-07 02:28:25.991 68936 INFO tempest.lib.common.rest_client [req-9f880b0a-84a7-4b99-add0-9c46c0f00e4a req-9f880b0a-84a7-4b99-add0-9c46c0f00e4a ] Request (ServersAdminNegativeTestJSON:setUpClass): 201 POST http://10.180.1.21/identity/v3/auth/tokens 0.093s
2025-03-07 02:28:25.995 68926 INFO tempest.lib.common.rest_client [req-c560f794-4776-4eee-a89c-7f79c620627e req-c560f794-4776-4eee-a89c-7f79c620627e ] Request (HypervisorAdminV228Test:test_get_list_hypervisor_details): 200 GET http://10.180.1.21/compute/v2.1/os-hypervisors/1 1.691s
2025-03-07 02:28:26.083 68936 INFO tempest.lib.common.rest_client [req-900a8ddf-4868-45f6-b6be-3c47f10967a0 req-900a8ddf-4868-45f6-b6be-3c47f10967a0 ] Request (ServersAdminNegativeTestJSON:setUpClass): 201 POST http://10.180.1.21/identity/v3/projects 0.092s
2025-03-07 02:28:26.148 68926 INFO tempest.lib.common.rest_client [req-85758f8a-12c3-4cb8-8254-1c79553dd207 req-85758f8a-12c3-4cb8-8254-1c79553dd207 ] Request (HypervisorAdminV228Test:tearDownClass): 204 DELETE http://10.180.1.21/identity/v3/users/12d9cd56ddb94d4b85d58e2ac13c40da 0.143s
2025-03-07 02:28:26.250 68972 INFO tempest.lib.common.rest_client [req-25af8634-2d56-461f-8923-3b7342ed8f82 req-25af8634-2d56-461f-8923-3b7342ed8f82 ] Request (ServersV294TestFqdnHostnames:setUpClass): 201 POST http://10.180.1.21:9696/networking/v2.0/subnets 0.302s
2025-03-07 02:28:26.256 68936 INFO tempest.lib.common.rest_client [req-41ccd1c3-bf83-4bdc-a571-8773282e8433 req-41ccd1c3-bf83-4bdc-a571-8773282e8433 ] Request (ServersAdminNegativeTestJSON:setUpClass): 201 POST http://10.180.1.21/identity/v3/users 0.172s
2025-03-07 02:28:26.269 68928 INFO tempest.lib.common.rest_client [req-43d57c48-f27f-4e92-bd17-7b4546afefec req-43d57c48-f27f-4e92-bd17-7b4546afefec ] Request (ListServerFiltersTestJSON:setUpClass): 202 POST http://10.180.1.21/compute/v2.1/servers 2.311s
2025-03-07 02:28:26.307 68962 INFO tempest.lib.common.rest_client [req-6cb365dd-723e-40a5-9813-0b12c2aa385e req-6cb365dd-723e-40a5-9813-0b12c2aa385e ] Request (ServicesAdminNegativeV253TestJSON:test_get_service_by_invalid_params): 200 GET http://10.180.1.21/compute/v2.1/os-services?xxx=nova-compute 1.754s
2025-03-07 02:28:26.340 68918 INFO tempest.lib.common.rest_client [req-4360a0ac-c83d-457b-96ef-be7310ffcefa req-4360a0ac-c83d-457b-96ef-be7310ffcefa ] Request (ImagesDeleteNegativeTestJSON:test_delete_non_existent_image): 404 DELETE http://10.180.1.21/compute/v2.1/images/8a525599-c30b-41ec-91ee-0f2c2613fb44 1.779s
2025-03-07 02:28:26.374 68960 INFO tempest.lib.common.rest_client [req-caea9f8a-cc1b-419b-b139-a7782f951c4e req-caea9f8a-cc1b-419b-b139-a7782f951c4e ] Request (QuotasAdminTestJSON:test_delete_quota): 200 GET http://10.180.1.21/compute/v2.1/os-quota-sets/b399f2bfcb9744ab861921a2f1096a37 1.856s
2025-03-07 02:28:26.383 68964 INFO tempest.lib.common.rest_client [req-07c0efb7-e31a-491f-938d-678282a9bfb6 req-07c0efb7-e31a-491f-938d-678282a9bfb6 ] Request (FlavorsV2TestJSON:test_list_flavors_using_marker): 200 GET http://10.180.1.21/compute/v2.1/flavors?marker=42 1.799s
2025-03-07 02:28:26.415 68926 INFO tempest.lib.common.rest_client [req-ec921706-daa5-46fd-9acf-30af559ca059 req-ec921706-daa5-46fd-9acf-30af559ca059 ] Request (HypervisorAdminV228Test:tearDownClass): 204 DELETE http://10.180.1.21/identity/v3/users/1e98f55a26a749a48d0a19f8f85afbb2 0.266s
2025-03-07 02:28:26.415 68926 INFO tempest.lib.common.dynamic_creds [-] Deleting project and security group for project: f062ec31375c471ca8c0bff21cf6c31c
2025-03-07 02:28:26.420 68930 INFO tempest.lib.common.rest_client [req-2108b650-d40f-4662-a2d6-4fbf8133abc6 req-2108b650-d40f-4662-a2d6-4fbf8133abc6 ] Request (AggregatesAdminNegativeTestJSON:test_aggregate_get_details_as_user): 200 POST http://10.180.1.21/compute/v2.1/os-aggregates 1.821s
2025-03-07 02:28:26.500 68938 INFO tempest.lib.common.rest_client [req-baf9a5d7-cd0c-46d9-9e73-62e69a407913 req-baf9a5d7-cd0c-46d9-9e73-62e69a407913 ] Request (MultipleCreateTestJSON:test_multiple_create): 200 GET http://10.180.1.21/compute/v2.1/servers/8f841b29-0156-414e-8467-c9a9393cdae9 1.565s
2025-03-07 02:28:26.502 68946 INFO tempest.lib.common.rest_client [req-9bf6047a-1d65-47b1-90e0-463908601990 req-9bf6047a-1d65-47b1-90e0-463908601990 ] Request (ServersWithSpecificFlavorTestJSON:test_verify_created_server_ephemeral_disk): 200 GET http://10.180.1.21/compute/v2.1/servers/4b5c5b9e-389d-4ed9-a860-bd41a33fbac4 1.646s
2025-03-07 02:28:26.505 68936 INFO tempest.lib.common.rest_client [req-4f50f82e-ad2f-4ec1-a2f3-488e3d59b256 req-4f50f82e-ad2f-4ec1-a2f3-488e3d59b256 ] Request (ServersAdminNegativeTestJSON:setUpClass): 200 GET http://10.180.1.21/identity/v3/roles 0.248s
2025-03-07 02:28:26.531 68928 INFO tempest.lib.common.rest_client [req-815b1bfc-d26d-4ac9-9489-2263f2b723db req-815b1bfc-d26d-4ac9-9489-2263f2b723db ] Request (ListServerFiltersTestJSON:setUpClass): 201 POST http://10.180.1.21/identity/v3/auth/tokens 0.253s
2025-03-07 02:28:26.531 68944 INFO tempest.lib.common.rest_client [req-e34b5fec-c130-48db-8bf4-209e1b3a4335 req-e34b5fec-c130-48db-8bf4-209e1b3a4335 ] Request (KeyPairsV22TestJSON:_run_cleanups): 204 DELETE http://10.180.1.21/compute/v2.1/os-keypairs/tempest-keypair-416420153 1.587s
2025-03-07 02:28:26.532 68928 INFO tempest.lib.common.fixed_network [-] (ListServerFiltersTestJSON:setUpClass) Found network {'id': '2dc0e495-5a5a-47e0-8c1c-61e000194cc0', 'name': 'tempest-ListServerFiltersTestJSON-658812124-network', 'tenant_id': '373459ee626847e9886e5ff353729280', 'admin_state_up': True, 'mtu': 8950, 'status': 'ACTIVE', 'subnets': [], 'shared': False, 'project_id': '373459ee626847e9886e5ff353729280', 'port_security_enabled': True, 'router:external': False, 'provider:network_type': 'vlan', 'provider:physical_network': 'default', 'provider:segmentation_id': 363, 'availability_zone_hints': [], 'availability_zones': [], 'ipv4_address_scope': None, 'ipv6_address_scope': None, 'description': '', 'tags': [], 'created_at': '2025-03-07T02:28:22Z', 'updated_at': '2025-03-07T02:28:22Z', 'revision_number': 1} available for tenant
2025-03-07 02:28:26.536 68924 INFO tempest.lib.common.rest_client [req-b93ab1bd-e188-4841-894b-47d7e909b95f req-b93ab1bd-e188-4841-894b-47d7e909b95f ] Request (FlavorsAdminTestJSON:test_create_server_with_non_public_flavor): 400 POST http://10.180.1.21/compute/v2.1/servers 1.569s
2025-03-07 02:28:26.605 68918 INFO tempest.lib.common.rest_client [req-c8724a41-bf76-4598-9627-84e5621e2581 req-c8724a41-bf76-4598-9627-84e5621e2581 ] Request (ImagesDeleteNegativeTestJSON:tearDownClass): 204 DELETE http://10.180.1.21/identity/v3/users/5b3c8136f7164893a6dbaa2ccaae9f95 0.263s
2025-03-07 02:28:26.605 68918 INFO tempest.lib.common.dynamic_creds [-] Deleting project and security group for project: 13215c3114ca4225968e9d542bac963e
2025-03-07 02:28:26.658 68926 INFO tempest.lib.common.rest_client [req-6034801c-da7f-4835-9cc3-09d381ee4f97 req-6034801c-da7f-4835-9cc3-09d381ee4f97 ] Request (HypervisorAdminV228Test:tearDownClass): 201 POST http://10.180.1.21/identity/v3/auth/tokens 0.243s
2025-03-07 02:28:26.691 68960 INFO tempest.lib.common.rest_client [req-0f1bc813-fb50-4907-836f-31c57a8211ba req-0f1bc813-fb50-4907-836f-31c57a8211ba ] Request (QuotasAdminTestJSON:_run_cleanups): 204 DELETE http://10.180.1.21/identity/v3/projects/b399f2bfcb9744ab861921a2f1096a37 0.311s
2025-03-07 02:28:26.781 68936 INFO tempest.lib.common.rest_client [req-0ffc0f94-852b-44e6-8ca0-de9675664147 req-0ffc0f94-852b-44e6-8ca0-de9675664147 ] Request (ServersAdminNegativeTestJSON:setUpClass): 204 PUT http://10.180.1.21/identity/v3/projects/185a44d763b347ebab5d75f5e02a480c/users/cae898093c5a49899ddbce8f0e37b9a5/roles/da31605519c74cb884c94894f93843e9 0.275s
2025-03-07 02:28:26.828 68944 INFO tempest.lib.common.rest_client [req-b6504634-9988-4985-be01-2d39427e28f4 req-b6504634-9988-4985-be01-2d39427e28f4 ] Request (KeyPairsV22TestJSON:tearDownClass): 204 DELETE http://10.180.1.21/identity/v3/users/8292f5eac21844d0b003acb728c2d913 0.296s
2025-03-07 02:28:26.829 68944 INFO tempest.lib.common.dynamic_creds [-] Deleting project and security group for project: eb61198150284262961735ebc16b4af2
2025-03-07 02:28:26.829 68974 INFO tempest.lib.common.rest_client [req-def17e39-ea55-4651-8e66-76fe6d76c313 req-def17e39-ea55-4651-8e66-76fe6d76c313 ] Request (VolumesAdminNegativeTest:test_update_attached_volume_with_nonexistent_volume_in_body): 200 GET http://10.180.1.21/compute/v2.1/servers/c80895d5-1a59-4779-9da9-9aeec10bc395 1.847s
2025-03-07 02:28:26.835 68968 INFO tempest.lib.common.rest_client [req-3fabdfad-b800-4580-8d4a-507447e3871f req-3fabdfad-b800-4580-8d4a-507447e3871f ] Request (ServersTestFqdnHostnames:setUpClass): 200 PUT http://10.180.1.21:9696/networking/v2.0/routers/281cd7e4-f7b8-4596-bd27-54ee5cd64d90/add_router_interface 2.089s
2025-03-07 02:28:26.836 68968 INFO tempest.lib.common.dynamic_creds [-] Created isolated network resources for: credentials: Credentials: {'domain_id': 'default', 'domain_name': 'Default', 'username': 'tempest-ServersTestFqdnHostnames-278830155-project-member', 'project_domain_id': 'default', 'project_domain_name': 'Default', 'project_id': '66afa9ca42294c8e9e8d913b14e4a209', 'project_name': 'tempest-ServersTestFqdnHostnames-278830155', 'tenant_id': '66afa9ca42294c8e9e8d913b14e4a209', 'tenant_name': 'tempest-ServersTestFqdnHostnames-278830155', 'user_domain_id': 'default', 'user_domain_name': 'Default', 'user_id': 'bc7d5c18ef984e8fa66a83999076faa2', 'system': None}, Network: {'id': '57ebfe6e-057a-4602-a7df-a5e0aeb0da16', 'name': 'tempest-ServersTestFqdnHostnames-1876804051-network', 'tenant_id': '66afa9ca42294c8e9e8d913b14e4a209', 'admin_state_up': True, 'mtu': 8950, 'status': 'ACTIVE', 'subnets': [], 'shared': False, 'project_id': '66afa9ca42294c8e9e8d913b14e4a209', 'port_security_enabled': True, 'router:external': False, 'provider:network_type': 'vlan', 'provider:physical_network': 'default', 'provider:segmentation_id': 439, 'availability_zone_hints': [], 'availability_zones': [], 'ipv4_address_scope': None, 'ipv6_address_scope': None, 'description': '', 'tags': [], 'created_at': '2025-03-07T02:28:22Z', 'updated_at': '2025-03-07T02:28:22Z', 'revision_number': 1}, Subnet: {'id': 'fc8a87b0-f5a9-4be0-8578-503452a85258', 'name': 'tempest-ServersTestFqdnHostnames-1876804051-subnet', 'tenant_id': '66afa9ca42294c8e9e8d913b14e4a209', 'network_id': '57ebfe6e-057a-4602-a7df-a5e0aeb0da16', 'ip_version': 4, 'subnetpool_id': None, 'enable_dhcp': True, 'ipv6_ra_mode': None, 'ipv6_address_mode': None, 'gateway_ip': '192.168.128.1', 'cidr': '192.168.128.0/28', 'allocation_pools': [{'start': '192.168.128.2', 'end': '192.168.128.14'}], 'host_routes': [], 'dns_nameservers': [], 'description': '', 'router:external': False, 'service_types': [], 'tags': [], 'created_at': '2025-03-07T02:28:22Z', 'updated_at': '2025-03-07T02:28:22Z', 'revision_number': 0, 'project_id': '66afa9ca42294c8e9e8d913b14e4a209'}, Router: {'id': '281cd7e4-f7b8-4596-bd27-54ee5cd64d90', 'name': 'tempest-ServersTestFqdnHostnames-1876804051-router', 'tenant_id': '66afa9ca42294c8e9e8d913b14e4a209', 'admin_state_up': True, 'status': 'ACTIVE', 'external_gateway_info': {'network_id': '425e26ff-485d-46a7-a850-b33b002e6f83', 'external_fixed_ips': [{'subnet_id': '958c653a-67a3-4d0c-9063-68e2bdf391bd', 'ip_address': '10.180.180.220'}], 'enable_snat': True}, 'description': '', 'availability_zones': [], 'distributed': False, 'ha': False, 'availability_zone_hints': [], 'routes': [], 'flavor_id': None, 'tags': [], 'created_at': '2025-03-07T02:28:22Z', 'updated_at': '2025-03-07T02:28:23Z', 'revision_number': 2, 'project_id': '66afa9ca42294c8e9e8d913b14e4a209'}
2025-03-07 02:28:26.870 68918 INFO tempest.lib.common.rest_client [req-4ccb1c6d-72b5-4538-bb1b-f21910c444c8 req-4ccb1c6d-72b5-4538-bb1b-f21910c444c8 ] Request (ImagesDeleteNegativeTestJSON:tearDownClass): 201 POST http://10.180.1.21/identity/v3/auth/tokens 0.265s
2025-03-07 02:28:26.901 68950 INFO tempest.lib.common.rest_client [req-526f02b5-52a4-4177-9878-6c75bb383abf req-526f02b5-52a4-4177-9878-6c75bb383abf ] Request (VolumesAssistedSnapshotsTest:test_volume_assisted_snapshot_create_delete): 200 GET http://10.180.1.21/compute/v2.1/servers/ccf76bce-26e2-49e8-9f60-d8f35fe5b3ac 1.774s
2025-03-07 02:28:26.950 68936 INFO tempest.lib.common.rest_client [req-76831200-8482-4c7b-a717-7a675a79f7df req-76831200-8482-4c7b-a717-7a675a79f7df ] Request (ServersAdminNegativeTestJSON:setUpClass): 200 GET http://10.180.1.21/identity/v3/roles 0.168s
2025-03-07 02:28:26.952 68976 INFO tempest.lib.common.rest_client [req-0695d57b-159c-47c0-9076-e2bb7b46fd76 req-0695d57b-159c-47c0-9076-e2bb7b46fd76 ] Request (ImagesMetadataTestJSON:setUpClass): 200 GET http://10.180.1.21/compute/v2.1/images/48c8104c-1813-4790-a05a-03a2771f6ea0 1.808s
2025-03-07 02:28:27.047 68944 INFO tempest.lib.common.rest_client [req-df5d1a95-bd48-4be4-af1b-1925c8215957 req-df5d1a95-bd48-4be4-af1b-1925c8215957 ] Request (KeyPairsV22TestJSON:tearDownClass): 201 POST http://10.180.1.21/identity/v3/auth/tokens 0.218s
2025-03-07 02:28:27.088 68948 INFO tempest.lib.common.rest_client [req-0033a34a-b3b6-4c67-b808-4627dd938447 req-0033a34a-b3b6-4c67-b808-4627dd938447 ] Request (FlavorsAccessNegativeTestJSON:test_remove_flavor_access_not_found): 404 POST http://10.180.1.21/compute/v2.1/flavors/520160171/action 2.096s
2025-03-07 02:28:27.108 68926 INFO tempest.lib.common.rest_client [req-b0854301-6f4e-4727-8c02-b20c66423690 req-b0854301-6f4e-4727-8c02-b20c66423690 ] Request (HypervisorAdminV228Test:tearDownClass): 200 GET http://10.180.1.21:9696/networking/v2.0/security-groups?tenant_id=f062ec31375c471ca8c0bff21cf6c31c&name=default 0.448s
2025-03-07 02:28:27.110 68968 INFO tempest.lib.common.rest_client [req-24715277-1637-4f07-87f0-e7cd13001300 req-24715277-1637-4f07-87f0-e7cd13001300 ] Request (ServersTestFqdnHostnames:setUpClass): 201 POST http://10.180.1.21/identity/v3/auth/tokens 0.265s
2025-03-07 02:28:27.132 68936 INFO tempest.lib.common.rest_client [req-03775726-3aae-40da-b086-53c171856ddb req-03775726-3aae-40da-b086-53c171856ddb ] Request (ServersAdminNegativeTestJSON:setUpClass): 204 PUT http://10.180.1.21/identity/v3/projects/185a44d763b347ebab5d75f5e02a480c/users/cae898093c5a49899ddbce8f0e37b9a5/roles/da31605519c74cb884c94894f93843e9 0.182s
