2025-03-07 02:28:48.353 68930 INFO tempest.lib.common.rest_client [req-2502091b-701a-4862-8dfa-d18dec02004f req-2502091b-701a-4862-8dfa-d18dec02004f ] Request (AggregatesAdminNegativeTestJSON:tearDownClass): 204 DELETE http://10.180.1.21:9696/networking/v2.0/security-groups/8bd2f6c0-cdcc-4963-9f76-1e19ccb3e7c2 0.279s
2025-03-07 02:28:48.392 68962 INFO tempest.lib.common.rest_client [req-0d874ff6-d10d-4b26-91c3-468a45386715 req-0d874ff6-d10d-4b26-91c3-468a45386715 ] Request (ImagesTestJSON:test_create_image_from_stopped_server): 200 GET http://10.180.1.21/compute/v2.1/servers/5a28d684-584b-4e13-9910-183119ce5d37 0.430s
2025-03-07 02:28:48.458 68968 INFO tempest.lib.common.rest_client [req-57c0b691-022e-4ba8-9afd-d17af98f4360 req-57c0b691-022e-4ba8-9afd-d17af98f4360 ] Request (ServersTestFqdnHostnames:test_create_server_with_fqdn_name): 200 GET http://10.180.1.21/compute/v2.1/servers/1eee31b7-db8b-4765-8cc2-4273717ef86e 0.470s
2025-03-07 02:28:48.481 68930 INFO tempest.lib.common.rest_client [req-8e392eed-0c0f-471e-9c31-245866a5c940 req-8e392eed-0c0f-471e-9c31-245866a5c940 ] Request (AggregatesAdminNegativeTestJSON:tearDownClass): 204 DELETE http://10.180.1.21/identity/v3/projects/c0395c4b87774491b8fc145a633685d3 0.128s
2025-03-07 02:28:48.518 68966 INFO tempest.lib.common.rest_client [req-6cecb7da-f405-406f-ad94-eeb55aba640f req-6cecb7da-f405-406f-ad94-eeb55aba640f ] Request (ImagesOneServerTestJSON:setUpClass): 200 GET http://10.180.1.21/compute/v2.1/servers/a5dedd3e-a544-4005-bc9b-0735267d6753 0.626s
2025-03-07 02:28:48.535 68946 INFO tempest.lib.common.rest_client [req-75709a78-6dfb-4fb0-860a-14382e6e74ca req-75709a78-6dfb-4fb0-860a-14382e6e74ca ] Request (ServersWithSpecificFlavorTestJSON:test_verify_created_server_ephemeral_disk): 200 PUT http://10.180.1.21:9696/networking/v2.0/floatingips/1284e087-8d54-4301-9a61-1c6ecd758723 0.719s
2025-03-07 02:28:48.552 68930 INFO tempest.lib.common.rest_client [req-1f9ba0f1-d586-4af7-9dac-305b360aa75d req-1f9ba0f1-d586-4af7-9dac-305b360aa75d ] Request (AZAdminV2TestJSON:setUpClass): 201 POST http://10.180.1.21/identity/v3/auth/tokens 0.069s
2025-03-07 02:28:48.583 68930 INFO tempest.lib.common.rest_client [req-45bcd4bf-a10c-4cba-86f8-a88c6cacd898 req-45bcd4bf-a10c-4cba-86f8-a88c6cacd898 ] Request (AZAdminV2TestJSON:setUpClass): 201 POST http://10.180.1.21/identity/v3/auth/tokens 0.027s
2025-03-07 02:28:48.611 68930 INFO tempest.lib.common.rest_client [req-bca1e70a-d21c-4c00-8695-ece2e746516a req-bca1e70a-d21c-4c00-8695-ece2e746516a ] Request (AZAdminV2TestJSON:setUpClass): 200 GET http://10.180.1.21/identity/v3/domains?name=Default 0.027s
2025-03-07 02:28:48.624 68918 INFO tempest.lib.common.rest_client [req-784d7bc3-83d0-4674-9518-b76e5b8dc213 req-784d7bc3-83d0-4674-9518-b76e5b8dc213 ] Request (ServersTestMultiNic:test_verify_duplicate_network_nics): 200 GET http://10.180.1.21/compute/v2.1/servers/aaf0185b-1a85-4e0e-afb1-55e9e2417d76 0.562s
2025-03-07 02:28:48.641 68930 INFO tempest.lib.common.rest_client [req-7139fe79-5611-43d6-bf94-75f64a410a6f req-7139fe79-5611-43d6-bf94-75f64a410a6f ] Request (AZAdminV2TestJSON:setUpClass): 201 POST http://10.180.1.21/identity/v3/projects 0.029s
2025-03-07 02:28:48.705 68930 INFO tempest.lib.common.rest_client [req-33434b88-85e3-4cb2-b446-a55ef24e0325 req-33434b88-85e3-4cb2-b446-a55ef24e0325 ] Request (AZAdminV2TestJSON:setUpClass): 201 POST http://10.180.1.21/identity/v3/users 0.063s
2025-03-07 02:28:48.711 68936 INFO tempest.lib.common.rest_client [req-823ddccc-6ba8-49e3-8382-1fcc619212a8 req-823ddccc-6ba8-49e3-8382-1fcc619212a8 ] Request (ServersAdminNegativeTestJSON:setUpClass): 200 GET http://10.180.1.21/compute/v2.1/servers/be761cf1-0949-42c0-8a38-58af33113a03 0.627s
2025-03-07 02:28:48.734 68930 INFO tempest.lib.common.rest_client [req-e8251ff9-3375-4c6c-8d55-ca03ce5f8de4 req-e8251ff9-3375-4c6c-8d55-ca03ce5f8de4 ] Request (AZAdminV2TestJSON:setUpClass): 200 GET http://10.180.1.21/identity/v3/roles 0.028s
2025-03-07 02:28:48.774 68930 INFO tempest.lib.common.rest_client [req-2e1845dc-0f13-446b-a429-2721185847ab req-2e1845dc-0f13-446b-a429-2721185847ab ] Request (AZAdminV2TestJSON:setUpClass): 204 PUT http://10.180.1.21/identity/v3/projects/7a85df6581c9490886a2f7a361847f14/users/7090e8508e2c4f3dac67badff0ba8efa/roles/9b00c5de76014878b4a789f4dd02856a 0.040s
2025-03-07 02:28:48.774 68930 INFO tempest.lib.common.dynamic_creds [-] Dynamic test user 7090e8508e2c4f3dac67badff0ba8efa is created with scope project and roles: ['member']
2025-03-07 02:28:48.775 68930 INFO tempest.lib.common.dynamic_creds [-] Acquired dynamic creds: credentials: Credentials: {'domain_id': 'default', 'domain_name': 'Default', 'username': 'tempest-AZAdminV2TestJSON-380184138-project-member', 'project_domain_id': 'default', 'project_domain_name': 'Default', 'project_id': '7a85df6581c9490886a2f7a361847f14', 'project_name': 'tempest-AZAdminV2TestJSON-380184138', 'tenant_id': '7a85df6581c9490886a2f7a361847f14', 'tenant_name': 'tempest-AZAdminV2TestJSON-380184138', 'user_domain_id': 'default', 'user_domain_name': 'Default', 'user_id': '7090e8508e2c4f3dac67badff0ba8efa', 'system': None}, Network: None, Subnet: None, Router: None
2025-03-07 02:28:48.775 68930 INFO tempest.lib.common.dynamic_creds [-] Created isolated network resources for: credentials: Credentials: {'domain_id': 'default', 'domain_name': 'Default', 'username': 'tempest-AZAdminV2TestJSON-380184138-project-member', 'project_domain_id': 'default', 'project_domain_name': 'Default', 'project_id': '7a85df6581c9490886a2f7a361847f14', 'project_name': 'tempest-AZAdminV2TestJSON-380184138', 'tenant_id': '7a85df6581c9490886a2f7a361847f14', 'tenant_name': 'tempest-AZAdminV2TestJSON-380184138', 'user_domain_id': 'default', 'user_domain_name': 'Default', 'user_id': '7090e8508e2c4f3dac67badff0ba8efa', 'system': None}, Network: None, Subnet: None, Router: None
2025-03-07 02:28:48.785 68964 INFO tempest.lib.common.rest_client [req-6c3523c0-c0b2-487b-bd75-d2e5c6c5350d req-6c3523c0-c0b2-487b-bd75-d2e5c6c5350d ] Request (ServersTestJSON:test_create_server_specify_multibyte_character_name): 200 GET http://10.180.1.21/compute/v2.1/servers/2fa9b930-c76c-4cac-a371-a6b9899dc71e 0.630s
2025-03-07 02:28:48.866 68930 INFO tempest.lib.common.rest_client [req-0786e797-a3b9-4e00-84c5-48357c75426e req-0786e797-a3b9-4e00-84c5-48357c75426e ] Request (AZAdminV2TestJSON:setUpClass): 201 POST http://10.180.1.21/identity/v3/auth/tokens 0.088s
2025-03-07 02:28:48.886 68970 INFO tempest.lib.common.rest_client [req-fcdb3ec7-6d63-4f82-90f9-7e0fb85eab30 req-fcdb3ec7-6d63-4f82-90f9-7e0fb85eab30 ] Request (ServerTagsTestJSON:tearDownClass): 200 GET http://10.180.1.21/compute/v2.1/servers/54af9c38-c8b6-4ef9-be63-de545dcc0da5 0.701s
2025-03-07 02:28:48.907 68954 INFO tempest.lib.common.rest_client [req-74383b20-ae4d-42b8-bc64-20281130e6b9 req-74383b20-ae4d-42b8-bc64-20281130e6b9 ] Request (ServersAdmin275Test:test_rebuild_update_server_275): 202 POST http://10.180.1.21/compute/v2.1/servers/c71693e9-aeaa-4f12-b5cf-a179e558505d/action 0.911s
2025-03-07 02:28:48.926 68924 INFO tempest.lib.common.rest_client [req-12fd2a08-56e2-4aa6-b855-09daad450d54 req-12fd2a08-56e2-4aa6-b855-09daad450d54 ] Request (FlavorsAdminTestJSON:_run_cleanups): 202 DELETE http://10.180.1.21/compute/v2.1/flavors/216318344 0.712s
2025-03-07 02:28:48.937 68930 INFO tempest.lib.common.rest_client [req-6cdd8a63-148d-420c-96b6-529cce7634b0 req-6cdd8a63-148d-420c-96b6-529cce7634b0 ] Request (AZAdminV2TestJSON:setUpClass): 201 POST http://10.180.1.21/identity/v3/projects 0.070s
2025-03-07 02:28:48.978 68958 INFO tempest.lib.common.rest_client [req-42359452-70e1-496f-941f-57697dfbe237 req-42359452-70e1-496f-941f-57697dfbe237 ] Request (FloatingIPsAssociationTestJSON:test_associate_already_associated_floating_ip): 200 GET http://10.180.1.21/compute/v2.1/servers/168c2937-f8ce-472f-b21f-e48eed909f43 0.703s
2025-03-07 02:28:48.997 68930 INFO tempest.lib.common.rest_client [req-984f2075-4ccd-484c-b5f9-a22651505971 req-984f2075-4ccd-484c-b5f9-a22651505971 ] Request (AZAdminV2TestJSON:setUpClass): 201 POST http://10.180.1.21/identity/v3/users 0.060s
2025-03-07 02:28:49.020 68930 INFO tempest.lib.common.rest_client [req-85f501cd-f58f-4a4b-99c8-31abb8792fd6 req-85f501cd-f58f-4a4b-99c8-31abb8792fd6 ] Request (AZAdminV2TestJSON:setUpClass): 200 GET http://10.180.1.21/identity/v3/roles 0.023s
2025-03-07 02:28:49.048 68930 INFO tempest.lib.common.rest_client [req-a46c1c6f-1b58-4b10-a342-7a4561dd0bdb req-a46c1c6f-1b58-4b10-a342-7a4561dd0bdb ] Request (AZAdminV2TestJSON:setUpClass): 204 PUT http://10.180.1.21/identity/v3/projects/b1be7551ccbf440da66fe80a8c71bee9/users/406e4243db4a4dcfaaad878ec6920543/roles/da31605519c74cb884c94894f93843e9 0.027s
2025-03-07 02:28:49.055 68942 INFO tempest.lib.common.rest_client [req-43566ce1-d71a-4cd3-a4df-c3ff692da2b4 req-43566ce1-d71a-4cd3-a4df-c3ff692da2b4 ] Request (ServerDiagnosticsV248Test:tearDownClass): 200 GET http://10.180.1.21/compute/v2.1/servers/4ce62ccc-70a4-48a9-8acf-3e3ded9bf0cc 0.614s
2025-03-07 02:28:49.102 68930 INFO tempest.lib.common.rest_client [req-4d7dbf51-a574-4c84-9b21-c5cabec78c49 req-4d7dbf51-a574-4c84-9b21-c5cabec78c49 ] Request (AZAdminV2TestJSON:setUpClass): 200 GET http://10.180.1.21/identity/v3/roles 0.053s
2025-03-07 02:28:49.112 68976 INFO tempest.lib.common.rest_client [req-8c107cd5-2b41-42ba-99ee-30fcb1c9cfff req-8c107cd5-2b41-42ba-99ee-30fcb1c9cfff ] Request (ImagesMetadataTestJSON:setUp): 200 PUT http://10.180.1.21/compute/v2.1/images/48c8104c-1813-4790-a05a-03a2771f6ea0/metadata 0.911s
2025-03-07 02:28:49.119 68930 INFO tempest.lib.common.rest_client [req-756b126e-79a5-4c6b-87e3-1fbda0abfd33 req-756b126e-79a5-4c6b-87e3-1fbda0abfd33 ] Request (AZAdminV2TestJSON:setUpClass): 204 PUT http://10.180.1.21/identity/v3/projects/b1be7551ccbf440da66fe80a8c71bee9/users/406e4243db4a4dcfaaad878ec6920543/roles/da31605519c74cb884c94894f93843e9 0.017s
2025-03-07 02:28:49.120 68930 INFO tempest.lib.common.dynamic_creds [-] Dynamic test user 406e4243db4a4dcfaaad878ec6920543 is created with scope project and roles: ['admin']
2025-03-07 02:28:49.120 68930 INFO tempest.lib.common.dynamic_creds [-] Acquired dynamic creds: credentials: Credentials: {'domain_id': 'default', 'domain_name': 'Default', 'username': 'tempest-AZAdminV2TestJSON-1333136586-project-admin', 'project_domain_id': 'default', 'project_domain_name': 'Default', 'project_id': 'b1be7551ccbf440da66fe80a8c71bee9', 'project_name': 'tempest-AZAdminV2TestJSON-1333136586', 'tenant_id': 'b1be7551ccbf440da66fe80a8c71bee9', 'tenant_name': 'tempest-AZAdminV2TestJSON-1333136586', 'user_domain_id': 'default', 'user_domain_name': 'Default', 'user_id': '406e4243db4a4dcfaaad878ec6920543', 'system': None}, Network: None, Subnet: None, Router: None
2025-03-07 02:28:49.120 68930 INFO tempest.lib.common.dynamic_creds [-] Created isolated network resources for: credentials: Credentials: {'domain_id': 'default', 'domain_name': 'Default', 'username': 'tempest-AZAdminV2TestJSON-1333136586-project-admin', 'project_domain_id': 'default', 'project_domain_name': 'Default', 'project_id': 'b1be7551ccbf440da66fe80a8c71bee9', 'project_name': 'tempest-AZAdminV2TestJSON-1333136586', 'tenant_id': 'b1be7551ccbf440da66fe80a8c71bee9', 'tenant_name': 'tempest-AZAdminV2TestJSON-1333136586', 'user_domain_id': 'default', 'user_domain_name': 'Default', 'user_id': '406e4243db4a4dcfaaad878ec6920543', 'system': None}, Network: None, Subnet: None, Router: None
2025-03-07 02:28:49.190 68930 INFO tempest.lib.common.rest_client [req-c09f583c-be80-4046-9b0e-699e8d906bbe req-c09f583c-be80-4046-9b0e-699e8d906bbe ] Request (AZAdminV2TestJSON:setUpClass): 201 POST http://10.180.1.21/identity/v3/auth/tokens 0.068s
2025-03-07 02:28:49.203 68946 INFO tempest.lib.common.rest_client [req-ab9458f9-18f5-47cb-8650-aa141784e1cb req-ab9458f9-18f5-47cb-8650-aa141784e1cb ] Request (ServersWithSpecificFlavorTestJSON:test_verify_created_server_ephemeral_disk): 200 GET http://10.180.1.21/compute/v2.1/servers/4b5c5b9e-389d-4ed9-a860-bd41a33fbac4 0.667s
2025-03-07 02:28:49.213 68946 INFO tempest.lib.common.ssh [-] Creating ssh connection to '10.180.180.239:22' as 'cirros' with public key authentication
2025-03-07 02:28:49.250 68934 WARNING tempest.lib.common.ssh [-] Failed to establish authenticated ssh connection to cirros@10.180.180.232 ([Errno None] Unable to connect to port 22 on 10.180.180.232). Number attempts: 2. Retry after 3 seconds.: paramiko.ssh_exception.NoValidConnectionsError: [Errno None] Unable to connect to port 22 on 10.180.180.232
2025-03-07 02:28:49.317 68922 INFO tempest.lib.common.rest_client [req-fd02daf3-48fe-4c0d-b019-f419c5a01aec req-fd02daf3-48fe-4c0d-b019-f419c5a01aec ] Request (DeleteServersAdminTestJSON:test_delete_server_while_in_error_state): 200 GET http://10.180.1.21/compute/v2.1/servers/4eb4360a-46a8-440b-b300-4724c3497ff2 0.648s
2025-03-07 02:28:49.325 68956 INFO tempest.lib.common.rest_client [req-a52d41b6-898b-4494-9ff2-3d76901d3a45 req-a52d41b6-898b-4494-9ff2-3d76901d3a45 ] Request (MigrationsAdminTest:test_list_migrations_in_flavor_resize_situation): 200 GET http://10.180.1.21/compute/v2.1/servers/7617a7b1-3b21-4d38-b090-1d35bc74637b 0.616s
2025-03-07 02:28:49.333 68956 INFO tempest.common.waiters [-] State transition "RESIZE/resize_prep" ==> "RESIZE/resize_migrating" after 20 second wait
2025-03-07 02:28:49.375 68960 INFO tempest.lib.common.rest_client [req-a7b6cd82-add6-406e-904b-3ff08c513342 req-a7b6cd82-add6-406e-904b-3ff08c513342 ] Request (AttachVolumeNegativeTest:setUpClass): 201 POST http://10.180.1.21:9696/networking/v2.0/routers 2.514s
2025-03-07 02:28:49.433 68954 INFO tempest.lib.common.rest_client [req-4f7b1248-bfbe-41c2-84ae-f39b695ec794 req-4f7b1248-bfbe-41c2-84ae-f39b695ec794 ] Request (ServersAdmin275Test:_run_cleanups): 200 GET http://10.180.1.21/compute/v2.1/servers/c71693e9-aeaa-4f12-b5cf-a179e558505d 0.513s
2025-03-07 02:28:49.458 68924 INFO tempest.lib.common.rest_client [req-967d67c7-be05-4fc7-94ae-01d0bf3f0be4 req-967d67c7-be05-4fc7-94ae-01d0bf3f0be4 ] Request (FlavorsAdminTestJSON:_run_cleanups): 200 GET http://10.180.1.21/compute/v2.1/flavors/detail 0.531s
2025-03-07 02:28:49.551 68932 INFO tempest.lib.common.rest_client [req-700c3975-1924-47d4-bfc6-7c16d13935d0 req-700c3975-1924-47d4-bfc6-7c16d13935d0 ] Request (ServerDiagnosticsTest:test_get_server_diagnostics): 200 GET http://10.180.1.21/compute/v2.1/servers/421c377f-0b7a-457d-b5dd-50281c65122a 0.623s
2025-03-07 02:28:49.665 68914 INFO tempest.lib.common.rest_client [req-1fa32609-cc60-49b8-9072-f1fbb88c222b req-1fa32609-cc60-49b8-9072-f1fbb88c222b ] Request (ImagesOneServerNegativeTestJSON:tearDown): 200 GET http://10.180.1.21/compute/v2.1/servers/6cb1846a-02aa-4dc3-a573-858abf5a0bdf 0.789s
2025-03-07 02:28:49.704 68938 INFO tempest.lib.common.rest_client [req-5edb53d3-0c9d-42a4-9236-dd3be0394663 req-5edb53d3-0c9d-42a4-9236-dd3be0394663 ] Request (MultipleCreateTestJSON:test_multiple_create): 200 GET http://10.180.1.21/compute/v2.1/servers/8f841b29-0156-414e-8467-c9a9393cdae9 0.636s
2025-03-07 02:28:49.782 68920 INFO tempest.lib.common.rest_client [req-e2846ff7-735e-4902-b295-5a0b250bea89 req-e2846ff7-735e-4902-b295-5a0b250bea89 ] Request (ImagesNegativeTestJSON:test_create_image_from_deleted_server): 200 GET http://10.180.1.21/compute/v2.1/servers/a5e993de-7aad-4b34-8946-563dc69a6f25 0.683s
2025-03-07 02:28:49.791 68920 INFO tempest.common.waiters [-] State transition "ACTIVE/deleting" ==> "DELETED/None" after 3 second wait
2025-03-07 02:28:49.863 68928 INFO tempest.lib.common.rest_client [req-98c7500f-25f0-484c-a9fb-56d5e6800782 req-98c7500f-25f0-484c-a9fb-56d5e6800782 ] Request (ListServerFiltersTestJSON:setUpClass): 200 GET http://10.180.1.21/compute/v2.1/servers/f40d0f9a-ccd7-4ef0-914f-cc9bcc6507e8 0.726s
2025-03-07 02:28:49.940 68952 INFO tempest.lib.common.rest_client [req-3833cc87-aef6-4ce7-a78a-0bfeb4a633f4 req-3833cc87-aef6-4ce7-a78a-0bfeb4a633f4 ] Request (ServerExternalEventsTest:test_create_server_external_events): 200 GET http://10.180.1.21/compute/v2.1/servers/53571ad6-1fdb-4651-8b4d-24f35ffc815a 0.774s
2025-03-07 02:28:49.980 68976 INFO tempest.lib.common.rest_client [req-2c160690-4a05-4ee1-9e3f-4b502f9dcdec req-2c160690-4a05-4ee1-9e3f-4b502f9dcdec ] Request (ImagesMetadataTestJSON:test_update_image_metadata): 200 POST http://10.180.1.21/compute/v2.1/images/48c8104c-1813-4790-a05a-03a2771f6ea0/metadata 0.867s
2025-03-07 02:28:50.048 68930 INFO tempest.lib.common.rest_client [req-10e49632-2533-4de6-8efa-44860e364081 req-10e49632-2533-4de6-8efa-44860e364081 ] Request (AZAdminV2TestJSON:test_get_availability_zone_list): 200 GET http://10.180.1.21/compute/v2.1/os-availability-zone 0.856s
2025-03-07 02:28:50.059 68948 INFO tempest.lib.common.rest_client [req-f7eabc5a-d2e8-437f-ae9a-ea8e3f325afa req-f7eabc5a-d2e8-437f-ae9a-ea8e3f325afa ] Request (ServerPasswordTestJSON:setUpClass): 200 GET http://10.180.1.21/compute/v2.1/servers/7b0b6eec-4681-4926-ad3f-5572e022a467 0.868s
2025-03-07 02:28:50.121 68940 INFO tempest.lib.common.rest_client [req-dc93bc76-a49d-401e-98cb-e7ea20e51e7b req-dc93bc76-a49d-401e-98cb-e7ea20e51e7b ] Request (FloatingIPsAssociationNegativeTestJSON:setUpClass): 200 GET http://10.180.1.21/compute/v2.1/servers/32efc578-2cf9-4b61-bbaa-aa7031a04e33 0.848s
2025-03-07 02:28:50.126 68926 INFO tempest.lib.common.rest_client [req-04446c0f-cb73-4745-9b38-170375a60b2f req-04446c0f-cb73-4745-9b38-170375a60b2f ] Request (ServersAdminTestJSON:setUpClass): 200 GET http://10.180.1.21/compute/v2.1/servers/9c0d1c2d-88ea-40be-aef1-43b37b4dca3e 0.835s
2025-03-07 02:28:50.190 68962 INFO tempest.lib.common.rest_client [req-094d0e2d-a623-4a0c-a8cb-f5c031155d2e req-094d0e2d-a623-4a0c-a8cb-f5c031155d2e ] Request (ImagesTestJSON:test_create_image_from_stopped_server): 200 GET http://10.180.1.21/compute/v2.1/servers/5a28d684-584b-4e13-9910-183119ce5d37 0.781s
2025-03-07 02:28:50.206 68972 INFO tempest.lib.common.rest_client [req-d1c4fba7-ab2e-4c34-9bbd-56c203a8a15f req-d1c4fba7-ab2e-4c34-9bbd-56c203a8a15f ] Request (ServersV294TestFqdnHostnames:setUpClass): 200 GET http://10.180.1.21/compute/v2.1/servers/ac0141c2-aef6-4edf-913a-d4a41b502c10 0.858s
2025-03-07 02:28:50.212 68924 INFO tempest.lib.common.rest_client [req-0f481b9f-a3b0-4480-8c7e-edd919407b82 req-0f481b9f-a3b0-4480-8c7e-edd919407b82 ] Request (FlavorsAdminTestJSON:test_list_non_public_flavor): 200 POST http://10.180.1.21/compute/v2.1/flavors 0.744s
2025-03-07 02:28:50.291 68968 INFO tempest.lib.common.rest_client [req-5b86eb77-5497-4df5-abf3-f1e821622689 req-5b86eb77-5497-4df5-abf3-f1e821622689 ] Request (ServersTestFqdnHostnames:test_create_server_with_fqdn_name): 200 GET http://10.180.1.21/compute/v2.1/servers/1eee31b7-db8b-4765-8cc2-4273717ef86e 0.821s
2025-03-07 02:28:50.292 68944 INFO tempest.lib.common.rest_client [req-07202330-5cb1-43d1-9626-85a9427c90d9 req-07202330-5cb1-43d1-9626-85a9427c90d9 ] Request (AttachInterfacesV270Test:setUpClass): 201 POST http://10.180.1.21:9696/networking/v2.0/routers 2.204s
2025-03-07 02:28:50.373 68918 INFO tempest.lib.common.rest_client [req-f4b2e50f-a0a7-411b-b91e-9839d1a2efb2 req-f4b2e50f-a0a7-411b-b91e-9839d1a2efb2 ] Request (ServersTestMultiNic:test_verify_duplicate_network_nics): 200 GET http://10.180.1.21/compute/v2.1/servers/aaf0185b-1a85-4e0e-afb1-55e9e2417d76 0.734s
2025-03-07 02:28:50.453 68966 INFO tempest.lib.common.rest_client [req-3178ccf0-1a74-470f-be75-21449b3f2e55 req-3178ccf0-1a74-470f-be75-21449b3f2e55 ] Request (ImagesOneServerTestJSON:setUpClass): 200 GET http://10.180.1.21/compute/v2.1/servers/a5dedd3e-a544-4005-bc9b-0735267d6753 0.924s
2025-03-07 02:28:50.457 68936 INFO tempest.lib.common.rest_client [req-f62a3c1d-91a2-4765-b16b-854fde0b6d91 req-f62a3c1d-91a2-4765-b16b-854fde0b6d91 ] Request (ServersAdminNegativeTestJSON:setUpClass): 200 GET http://10.180.1.21/compute/v2.1/servers/be761cf1-0949-42c0-8a38-58af33113a03 0.736s
2025-03-07 02:28:50.498 68960 INFO tempest.lib.common.rest_client [req-b089e3ee-e6a1-4d09-afab-73e16a4c1caf req-b089e3ee-e6a1-4d09-afab-73e16a4c1caf ] Request (AttachVolumeNegativeTest:setUpClass): 200 PUT http://10.180.1.21:9696/networking/v2.0/routers/656faee1-e33e-4ff3-a9c3-06cc7876e562/add_router_interface 1.122s
2025-03-07 02:28:50.498 68960 INFO tempest.lib.common.dynamic_creds [-] Created isolated network resources for: credentials: Credentials: {'domain_id': 'default', 'domain_name': 'Default', 'username': 'tempest-AttachVolumeNegativeTest-754123378-project-member', 'project_domain_id': 'default', 'project_domain_name': 'Default', 'project_id': 'ccc24eaf6cf74d539558c0a736e18c3e', 'project_name': 'tempest-AttachVolumeNegativeTest-754123378', 'tenant_id': 'ccc24eaf6cf74d539558c0a736e18c3e', 'tenant_name': 'tempest-AttachVolumeNegativeTest-754123378', 'user_domain_id': 'default', 'user_domain_name': 'Default', 'user_id': 'a5fce0bf2fb44b84afd238d875790fbd', 'system': None}, Network: {'id': '5de0e424-8bf1-4515-8c49-06607ad85c61', 'name': 'tempest-AttachVolumeNegativeTest-1760008184-network', 'tenant_id': 'ccc24eaf6cf74d539558c0a736e18c3e', 'admin_state_up': True, 'mtu': 8950, 'status': 'ACTIVE', 'subnets': [], 'shared': False, 'project_id': 'ccc24eaf6cf74d539558c0a736e18c3e', 'port_security_enabled': True, 'router:external': False, 'provider:network_type': 'vlan', 'provider:physical_network': 'default', 'provider:segmentation_id': 579, 'availability_zone_hints': [], 'availability_zones': [], 'ipv4_address_scope': None, 'ipv6_address_scope': None, 'description': '', 'tags': [], 'created_at': '2025-03-07T02:28:46Z', 'updated_at': '2025-03-07T02:28:46Z', 'revision_number': 1}, Subnet: {'id': '84be309a-68bb-4319-86de-f1d5709a1453', 'name': 'tempest-AttachVolumeNegativeTest-1760008184-subnet', 'tenant_id': 'ccc24eaf6cf74d539558c0a736e18c3e', 'network_id': '5de0e424-8bf1-4515-8c49-06607ad85c61', 'ip_version': 4, 'subnetpool_id': None, 'enable_dhcp': True, 'ipv6_ra_mode': None, 'ipv6_address_mode': None, 'gateway_ip': '192.168.128.1', 'cidr': '192.168.128.0/28', 'allocation_pools': [{'start': '192.168.128.2', 'end': '192.168.128.14'}], 'host_routes': [], 'dns_nameservers': [], 'description': '', 'router:external': False, 'service_types': [], 'tags': [], 'created_at': '2025-03-07T02:28:46Z', 'updated_at': '2025-03-07T02:28:46Z', 'revision_number': 0, 'project_id': 'ccc24eaf6cf74d539558c0a736e18c3e'}, Router: {'id': '656faee1-e33e-4ff3-a9c3-06cc7876e562', 'name': 'tempest-AttachVolumeNegativeTest-1760008184-router', 'tenant_id': 'ccc24eaf6cf74d539558c0a736e18c3e', 'admin_state_up': True, 'status': 'ACTIVE', 'external_gateway_info': {'network_id': '425e26ff-485d-46a7-a850-b33b002e6f83', 'external_fixed_ips': [{'subnet_id': '958c653a-67a3-4d0c-9063-68e2bdf391bd', 'ip_address': '10.180.180.157'}], 'enable_snat': True}, 'description': '', 'availability_zones': [], 'distributed': False, 'ha': False, 'availability_zone_hints': [], 'routes': [], 'flavor_id': None, 'tags': [], 'created_at': '2025-03-07T02:28:46Z', 'updated_at': '2025-03-07T02:28:48Z', 'revision_number': 2, 'project_id': 'ccc24eaf6cf74d539558c0a736e18c3e'}
2025-03-07 02:28:50.558 68964 INFO tempest.lib.common.rest_client [req-c948034e-538a-4f8d-bac9-c17869077f06 req-c948034e-538a-4f8d-bac9-c17869077f06 ] Request (ServersTestJSON:test_create_server_specify_multibyte_character_name): 200 GET http://10.180.1.21/compute/v2.1/servers/2fa9b930-c76c-4cac-a371-a6b9899dc71e 0.764s
2025-03-07 02:28:50.597 68970 INFO tempest.lib.common.rest_client [req-c27697f1-2872-47ba-bd19-17a37db0bd31 req-c27697f1-2872-47ba-bd19-17a37db0bd31 ] Request (ServerTagsTestJSON:tearDownClass): 200 GET http://10.180.1.21/compute/v2.1/servers/54af9c38-c8b6-4ef9-be63-de545dcc0da5 0.700s
2025-03-07 02:28:50.612 68976 INFO tempest.lib.common.rest_client [req-987c4297-a369-432e-ab93-c7a8a9354cc7 req-987c4297-a369-432e-ab93-c7a8a9354cc7 ] Request (ImagesMetadataTestJSON:test_update_image_metadata): 200 GET http://10.180.1.21/compute/v2.1/images/48c8104c-1813-4790-a05a-03a2771f6ea0/metadata 0.631s
2025-03-07 02:28:50.647 68960 INFO tempest.lib.common.rest_client [req-a30c6371-0de6-48b6-8f6b-3ab81d1badb1 req-a30c6371-0de6-48b6-8f6b-3ab81d1badb1 ] Request (AttachVolumeNegativeTest:setUpClass): 201 POST http://10.180.1.21/identity/v3/auth/tokens 0.144s
2025-03-07 02:28:50.681 68958 INFO tempest.lib.common.rest_client [req-ba0fb5dc-c3d5-4262-864a-126d7bdbdb18 req-ba0fb5dc-c3d5-4262-864a-126d7bdbdb18 ] Request (FloatingIPsAssociationTestJSON:test_associate_already_associated_floating_ip): 200 GET http://10.180.1.21/compute/v2.1/servers/168c2937-f8ce-472f-b21f-e48eed909f43 0.692s
2025-03-07 02:28:50.687 68930 INFO tempest.lib.common.rest_client [req-b53a4e66-5580-405d-8c13-033b597b19b6 req-b53a4e66-5580-405d-8c13-033b597b19b6 ] Request (AZAdminV2TestJSON:test_get_availability_zone_list_detail): 200 GET http://10.180.1.21/compute/v2.1/os-availability-zone/detail 0.636s
2025-03-07 02:28:50.712 68976 INFO tempest.lib.common.rest_client [req-d6238b43-7582-4f0b-ba7e-ac0b4b1ec9f1 req-d6238b43-7582-4f0b-ba7e-ac0b4b1ec9f1 ] Request (ImagesMetadataTestJSON:tearDownClass): 204 DELETE http://10.180.1.21/image/v2/images/48c8104c-1813-4790-a05a-03a2771f6ea0 0.098s
2025-03-07 02:28:50.713 68924 INFO tempest.lib.common.rest_client [req-7c2fc28c-87dd-404a-95ce-d45ed6124ec9 req-7c2fc28c-87dd-404a-95ce-d45ed6124ec9 ] Request (FlavorsAdminTestJSON:test_list_non_public_flavor): 200 GET http://10.180.1.21/compute/v2.1/flavors/detail 0.498s
2025-03-07 02:28:50.763 68942 INFO tempest.lib.common.rest_client [req-f3885cc0-e4bd-4f1f-b477-2471f0fc00dc req-f3885cc0-e4bd-4f1f-b477-2471f0fc00dc ] Request (ServerDiagnosticsV248Test:tearDownClass): 200 GET http://10.180.1.21/compute/v2.1/servers/4ce62ccc-70a4-48a9-8acf-3e3ded9bf0cc 0.693s
2025-03-07 02:28:50.777 68922 INFO tempest.lib.common.rest_client [req-fb67aaf6-ba28-48d9-b590-070fa4c91d60 req-fb67aaf6-ba28-48d9-b590-070fa4c91d60 ] Request (DeleteServersAdminTestJSON:test_delete_server_while_in_error_state): 200 GET http://10.180.1.21/compute/v2.1/servers/4eb4360a-46a8-440b-b300-4724c3497ff2 0.451s
2025-03-07 02:28:50.813 68930 INFO tempest.lib.common.rest_client [req-acef8cc4-42ed-43bf-9281-6184ae1240e8 req-acef8cc4-42ed-43bf-9281-6184ae1240e8 ] Request (AZAdminV2TestJSON:tearDownClass): 204 DELETE http://10.180.1.21/identity/v3/users/7090e8508e2c4f3dac67badff0ba8efa 0.120s
2025-03-07 02:28:50.827 68976 INFO tempest.lib.common.rest_client [req-5f172bfc-8d0b-476c-8952-98d9920935df req-5f172bfc-8d0b-476c-8952-98d9920935df ] Request (ImagesMetadataTestJSON:tearDownClass): 204 DELETE http://10.180.1.21/identity/v3/users/7dd4adf60dee4e07a5f7a6d58f6dc4e8 0.114s
2025-03-07 02:28:50.827 68976 INFO tempest.lib.common.dynamic_creds [-] Deleting project and security group for project: 90f0bd6678fc4e079c8c2075a89d4bc4
2025-03-07 02:28:50.866 68954 INFO tempest.lib.common.rest_client [req-a30b2005-2d4b-4199-8708-f6744eae8e4d req-a30b2005-2d4b-4199-8708-f6744eae8e4d ] Request (ServersAdmin275Test:_run_cleanups): 200 GET http://10.180.1.21/compute/v2.1/servers/c71693e9-aeaa-4f12-b5cf-a179e558505d 0.416s
2025-03-07 02:28:50.893 68956 INFO tempest.lib.common.rest_client [req-ec667e0a-5339-4648-8356-b2b3f032e165 req-ec667e0a-5339-4648-8356-b2b3f032e165 ] Request (MigrationsAdminTest:test_list_migrations_in_flavor_resize_situation): 200 GET http://10.180.1.21/compute/v2.1/servers/7617a7b1-3b21-4d38-b090-1d35bc74637b 0.559s
2025-03-07 02:28:50.897 68976 INFO tempest.lib.common.rest_client [req-7639d9e1-96e5-4ab2-84f8-4e4d14668358 req-7639d9e1-96e5-4ab2-84f8-4e4d14668358 ] Request (ImagesMetadataTestJSON:tearDownClass): 201 POST http://10.180.1.21/identity/v3/auth/tokens 0.070s
2025-03-07 02:28:50.942 68930 INFO tempest.lib.common.rest_client [req-3923e334-8a19-4351-907c-6cc30428cff3 req-3923e334-8a19-4351-907c-6cc30428cff3 ] Request (AZAdminV2TestJSON:tearDownClass): 204 DELETE http://10.180.1.21/identity/v3/users/406e4243db4a4dcfaaad878ec6920543 0.129s
2025-03-07 02:28:50.942 68930 INFO tempest.lib.common.dynamic_creds [-] Deleting project and security group for project: b1be7551ccbf440da66fe80a8c71bee9
2025-03-07 02:28:50.944 68932 INFO tempest.lib.common.rest_client [req-0cb44609-5c0b-4b62-9526-aa22779951d7 req-0cb44609-5c0b-4b62-9526-aa22779951d7 ] Request (ServerDiagnosticsTest:test_get_server_diagnostics): 200 GET http://10.180.1.21/compute/v2.1/servers/421c377f-0b7a-457d-b5dd-50281c65122a 0.381s
2025-03-07 02:28:51.074 68930 INFO tempest.lib.common.rest_client [req-e8462bf3-3c3d-42c8-9ba4-05a85410e6cc req-e8462bf3-3c3d-42c8-9ba4-05a85410e6cc ] Request (AZAdminV2TestJSON:tearDownClass): 201 POST http://10.180.1.21/identity/v3/auth/tokens 0.131s
2025-03-07 02:28:51.122 68960 INFO tempest.lib.common.rest_client [req-e54723ee-441a-4685-85c6-a429326f1939 req-e54723ee-441a-4685-85c6-a429326f1939 ] Request (ValidationResourcesFixture:setUp): 200 POST http://10.180.1.21/compute/v2.1/os-keypairs 0.472s
2025-03-07 02:28:51.123 68914 INFO tempest.lib.common.rest_client [req-ac9df25c-8cab-428d-9074-79dd850a0aa1 req-ac9df25c-8cab-428d-9074-79dd850a0aa1 ] Request (ImagesOneServerNegativeTestJSON:tearDown): 200 GET http://10.180.1.21/compute/v2.1/servers/6cb1846a-02aa-4dc3-a573-858abf5a0bdf 0.450s
2025-03-07 02:28:51.155 68924 INFO tempest.lib.common.rest_client [req-a54423f2-096e-4e28-bc2b-93df42890110 req-a54423f2-096e-4e28-bc2b-93df42890110 ] Request (FlavorsAdminTestJSON:test_list_non_public_flavor): 200 GET http://10.180.1.21/compute/v2.1/flavors/detail 0.437s
2025-03-07 02:28:51.271 68920 INFO tempest.lib.common.rest_client [req-98ee57e9-d16f-4869-837a-43c5aac8563e req-98ee57e9-d16f-4869-837a-43c5aac8563e ] Request (ImagesNegativeTestJSON:test_create_image_from_deleted_server): 200 GET http://10.180.1.21/compute/v2.1/servers/a5e993de-7aad-4b34-8946-563dc69a6f25 0.478s
2025-03-07 02:28:51.290 68976 INFO tempest.lib.common.rest_client [req-a3ee728e-6c0a-4420-842b-76aa73590584 req-a3ee728e-6c0a-4420-842b-76aa73590584 ] Request (ImagesMetadataTestJSON:tearDownClass): 200 GET http://10.180.1.21:9696/networking/v2.0/security-groups?tenant_id=90f0bd6678fc4e079c8c2075a89d4bc4&name=default 0.392s
2025-03-07 02:28:51.342 68928 INFO tempest.lib.common.rest_client [req-79ebabe6-2c89-42cf-838f-9b90c63aedcb req-79ebabe6-2c89-42cf-838f-9b90c63aedcb ] Request (ListServerFiltersTestJSON:setUpClass): 200 GET http://10.180.1.21/compute/v2.1/servers/f40d0f9a-ccd7-4ef0-914f-cc9bcc6507e8 0.466s
2025-03-07 02:28:51.349 68928 INFO tempest.common.waiters [-] State transition "BUILD/scheduling" ==> "BUILD/None" after 18 second wait
2025-03-07 02:28:51.369 68930 INFO tempest.lib.common.rest_client [req-cdd625ae-6aac-4bf6-97ff-dc967ca08aa4 req-cdd625ae-6aac-4bf6-97ff-dc967ca08aa4 ] Request (AZAdminV2TestJSON:tearDownClass): 200 GET http://10.180.1.21:9696/networking/v2.0/security-groups?tenant_id=b1be7551ccbf440da66fe80a8c71bee9&name=default 0.295s
2025-03-07 02:28:51.430 68960 INFO tempest.lib.common.rest_client [req-993624c9-08dc-4219-b361-560abe0efb9a req-993624c9-08dc-4219-b361-560abe0efb9a ] Request (ValidationResourcesFixture:setUp): 201 POST http://10.180.1.21:9696/networking/v2.0/security-groups 0.306s
2025-03-07 02:28:51.433 68952 INFO tempest.lib.common.rest_client [req-8d5d1929-7fb3-4097-b76f-706518881f6f req-8d5d1929-7fb3-4097-b76f-706518881f6f ] Request (ServerExternalEventsTest:test_create_server_external_events): 200 GET http://10.180.1.21/compute/v2.1/servers/53571ad6-1fdb-4651-8b4d-24f35ffc815a 0.478s
2025-03-07 02:28:51.457 68938 INFO tempest.lib.common.rest_client [req-ac6b2524-1b8c-4379-8f18-d1521d6cfe31 req-ac6b2524-1b8c-4379-8f18-d1521d6cfe31 ] Request (MultipleCreateTestJSON:test_multiple_create): 200 GET http://10.180.1.21/compute/v2.1/servers/8f841b29-0156-414e-8467-c9a9393cdae9 0.743s
2025-03-07 02:28:51.464 68938 INFO tempest.common.waiters [-] State transition "BUILD/spawning" ==> "ACTIVE/None" after 25 second wait
2025-03-07 02:28:51.561 68940 INFO tempest.lib.common.rest_client [req-aa374e96-f1bc-4809-8685-d43404b14154 req-aa374e96-f1bc-4809-8685-d43404b14154 ] Request (FloatingIPsAssociationNegativeTestJSON:setUpClass): 200 GET http://10.180.1.21/compute/v2.1/servers/32efc578-2cf9-4b61-bbaa-aa7031a04e33 0.425s
2025-03-07 02:28:51.593 68960 INFO tempest.lib.common.rest_client [req-375049a6-167c-493c-b68c-24edfa9df27c req-375049a6-167c-493c-b68c-24edfa9df27c ] Request (ValidationResourcesFixture:setUp): 201 POST http://10.180.1.21:9696/networking/v2.0/security-group-rules 0.163s
2025-03-07 02:28:51.635 68926 INFO tempest.lib.common.rest_client [req-d5dfd210-60a5-4ef8-9800-e223147544d9 req-d5dfd210-60a5-4ef8-9800-e223147544d9 ] Request (ServersAdminTestJSON:setUpClass): 200 GET http://10.180.1.21/compute/v2.1/servers/9c0d1c2d-88ea-40be-aef1-43b37b4dca3e 0.495s
2025-03-07 02:28:51.652 68974 WARNING tempest.lib.common.ssh [-] Failed to establish authenticated ssh connection to cirros@10.180.180.236 ([Errno None] Unable to connect to port 22 on 10.180.180.236). Number attempts: 3. Retry after 4 seconds.: paramiko.ssh_exception.NoValidConnectionsError: [Errno None] Unable to connect to port 22 on 10.180.180.236
2025-03-07 02:28:51.657 68924 INFO tempest.lib.common.rest_client [req-43f3ae12-f624-4446-b657-f8db3be476fc req-43f3ae12-f624-4446-b657-f8db3be476fc ] Request (FlavorsAdminTestJSON:_run_cleanups): 202 DELETE http://10.180.1.21/compute/v2.1/flavors/1045585553 0.495s
2025-03-07 02:28:51.730 68962 INFO tempest.lib.common.rest_client [req-267fc42c-b85f-4d63-a2ac-e71491df9693 req-267fc42c-b85f-4d63-a2ac-e71491df9693 ] Request (ImagesTestJSON:test_create_image_from_stopped_server): 200 GET http://10.180.1.21/compute/v2.1/servers/5a28d684-584b-4e13-9910-183119ce5d37 0.527s
2025-03-07 02:28:51.785 68976 INFO tempest.lib.common.rest_client [req-a5431250-b028-43d5-b2f2-257f8d13700e req-a5431250-b028-43d5-b2f2-257f8d13700e ] Request (ImagesMetadataTestJSON:tearDownClass): 204 DELETE http://10.180.1.21:9696/networking/v2.0/security-groups/6340e031-90ef-4daf-9a46-c4698a5e40ae 0.494s
2025-03-07 02:28:51.797 68948 INFO tempest.lib.common.rest_client [req-1574b82e-2f7b-4c98-81fa-77b4f0159379 req-1574b82e-2f7b-4c98-81fa-77b4f0159379 ] Request (ServerPasswordTestJSON:setUpClass): 200 GET http://10.180.1.21/compute/v2.1/servers/7b0b6eec-4681-4926-ad3f-5572e022a467 0.729s
2025-03-07 02:28:51.820 68960 INFO tempest.lib.common.rest_client [req-d768f00d-4fc2-4a61-9bdb-ab83c1c35347 req-d768f00d-4fc2-4a61-9bdb-ab83c1c35347 ] Request (ValidationResourcesFixture:setUp): 201 POST http://10.180.1.21:9696/networking/v2.0/security-group-rules 0.227s
2025-03-07 02:28:51.833 68972 INFO tempest.lib.common.rest_client [req-deaa1e66-9743-42ee-a8a6-e838e918fde8 req-deaa1e66-9743-42ee-a8a6-e838e918fde8 ] Request (ServersV294TestFqdnHostnames:setUpClass): 200 GET http://10.180.1.21/compute/v2.1/servers/ac0141c2-aef6-4edf-913a-d4a41b502c10 0.616s
2025-03-07 02:28:51.848 68950 WARNING tempest.lib.common.ssh [-] Failed to establish authenticated ssh connection to cirros@10.180.180.240 ([Errno None] Unable to connect to port 22 on 10.180.180.240). Number attempts: 1. Retry after 2 seconds.: paramiko.ssh_exception.NoValidConnectionsError: [Errno None] Unable to connect to port 22 on 10.180.180.240
2025-03-07 02:28:51.876 68976 INFO tempest.lib.common.rest_client [req-b3ef5f60-fcae-479f-86ab-a45915ac8000 req-b3ef5f60-fcae-479f-86ab-a45915ac8000 ] Request (ImagesMetadataTestJSON:tearDownClass): 204 DELETE http://10.180.1.21/identity/v3/projects/90f0bd6678fc4e079c8c2075a89d4bc4 0.091s
2025-03-07 02:28:51.901 68968 INFO tempest.lib.common.rest_client [req-a87071cd-8b22-4d30-9c11-4a3b88a5bf65 req-a87071cd-8b22-4d30-9c11-4a3b88a5bf65 ] Request (ServersTestFqdnHostnames:test_create_server_with_fqdn_name): 200 GET http://10.180.1.21/compute/v2.1/servers/1eee31b7-db8b-4765-8cc2-4273717ef86e 0.594s
2025-03-07 02:28:51.917 68918 INFO tempest.lib.common.rest_client [req-3e6353b9-f5ff-4e86-82a7-3142675c4d1a req-3e6353b9-f5ff-4e86-82a7-3142675c4d1a ] Request (ServersTestMultiNic:test_verify_duplicate_network_nics): 200 GET http://10.180.1.21/compute/v2.1/servers/aaf0185b-1a85-4e0e-afb1-55e9e2417d76 0.530s
2025-03-07 02:28:51.933 68930 INFO tempest.lib.common.rest_client [req-9748b65f-ea21-4231-a2f0-4d8a15b25bde req-9748b65f-ea21-4231-a2f0-4d8a15b25bde ] Request (AZAdminV2TestJSON:tearDownClass): 204 DELETE http://10.180.1.21:9696/networking/v2.0/security-groups/9508784f-117c-41f6-9be3-7fab680bce5d 0.564s
2025-03-07 02:28:51.975 68976 INFO tempest.lib.common.rest_client [req-ce7c0506-13c9-4316-a31a-5d0ebcb0cfa6 req-ce7c0506-13c9-4316-a31a-5d0ebcb0cfa6 ] Request (ServersListShow2100Test:setUpClass): 201 POST http://10.180.1.21/identity/v3/auth/tokens 0.095s
2025-03-07 02:28:52.010 68976 INFO tempest.lib.common.rest_client [req-bc9bd736-f7f5-4b03-b31c-e8351c00ce99 req-bc9bd736-f7f5-4b03-b31c-e8351c00ce99 ] Request (ServersListShow2100Test:setUpClass): 201 POST http://10.180.1.21/identity/v3/auth/tokens 0.032s
2025-03-07 02:28:52.034 68930 INFO tempest.lib.common.rest_client [req-d02cc9fc-ff8e-4782-af09-443238b14e2b req-d02cc9fc-ff8e-4782-af09-443238b14e2b ] Request (AZAdminV2TestJSON:tearDownClass): 204 DELETE http://10.180.1.21/identity/v3/projects/b1be7551ccbf440da66fe80a8c71bee9 0.100s
2025-03-07 02:28:52.034 68930 INFO tempest.lib.common.dynamic_creds [-] Deleting project and security group for project: 7a85df6581c9490886a2f7a361847f14
2025-03-07 02:28:52.072 68976 INFO tempest.lib.common.rest_client [req-87b59694-79ef-4fa2-8f48-d2212e2ea518 req-87b59694-79ef-4fa2-8f48-d2212e2ea518 ] Request (ServersListShow2100Test:setUpClass): 200 GET http://10.180.1.21/identity/v3/domains?name=Default 0.060s
2025-03-07 02:28:52.100 68916 WARNING tempest.lib.common.ssh [-] Failed to establish authenticated ssh connection to cirros@10.180.180.137 ([Errno None] Unable to connect to port 22 on 10.180.180.137). Number attempts: 3. Retry after 4 seconds.: paramiko.ssh_exception.NoValidConnectionsError: [Errno None] Unable to connect to port 22 on 10.180.180.137
2025-03-07 02:28:52.117 68976 INFO tempest.lib.common.rest_client [req-e45bc034-9db4-4c60-a0bd-cb46a91d5723 req-e45bc034-9db4-4c60-a0bd-cb46a91d5723 ] Request (ServersListShow2100Test:setUpClass): 201 POST http://10.180.1.21/identity/v3/projects 0.044s
2025-03-07 02:28:52.177 68966 INFO tempest.lib.common.rest_client [req-5b9ceeee-113a-4493-b602-1a68b81219b2 req-5b9ceeee-113a-4493-b602-1a68b81219b2 ] Request (ImagesOneServerTestJSON:setUpClass): 200 GET http://10.180.1.21/compute/v2.1/servers/a5dedd3e-a544-4005-bc9b-0735267d6753 0.703s
2025-03-07 02:28:52.191 68976 INFO tempest.lib.common.rest_client [req-0979a8b9-92e2-4226-bbf3-2ca1010332ed req-0979a8b9-92e2-4226-bbf3-2ca1010332ed ] Request (ServersListShow2100Test:setUpClass): 201 POST http://10.180.1.21/identity/v3/users 0.073s
2025-03-07 02:28:52.229 68976 INFO tempest.lib.common.rest_client [req-3f795f27-e359-4dd9-98f4-095bc2c906cd req-3f795f27-e359-4dd9-98f4-095bc2c906cd ] Request (ServersListShow2100Test:setUpClass): 200 GET http://10.180.1.21/identity/v3/roles 0.037s
2025-03-07 02:28:52.250 68938 INFO tempest.lib.common.rest_client [req-a84e96db-b905-49aa-980c-5de64a5e9f4c req-a84e96db-b905-49aa-980c-5de64a5e9f4c ] Request (MultipleCreateTestJSON:test_multiple_create): 200 GET http://10.180.1.21/compute/v2.1/servers/f767af17-f2bb-461d-9e7f-9c62b5504257 0.786s
2025-03-07 02:28:52.278 68936 INFO tempest.lib.common.rest_client [req-98bfa49a-f34a-446e-827d-0a2b09421682 req-98bfa49a-f34a-446e-827d-0a2b09421682 ] Request (ServersAdminNegativeTestJSON:setUpClass): 200 GET http://10.180.1.21/compute/v2.1/servers/be761cf1-0949-42c0-8a38-58af33113a03 0.797s
2025-03-07 02:28:52.282 68976 INFO tempest.lib.common.rest_client [req-7aba315e-1dbb-44dd-b327-858132a613e3 req-7aba315e-1dbb-44dd-b327-858132a613e3 ] Request (ServersListShow2100Test:setUpClass): 204 PUT http://10.180.1.21/identity/v3/projects/187c9a2b97234da5bbf09ea32f457966/users/d0b29279d79c49aba28965ea30f7e1b0/roles/9b00c5de76014878b4a789f4dd02856a 0.053s
2025-03-07 02:28:52.282 68976 INFO tempest.lib.common.dynamic_creds [-] Dynamic test user d0b29279d79c49aba28965ea30f7e1b0 is created with scope project and roles: ['member']
2025-03-07 02:28:52.282 68976 INFO tempest.lib.common.dynamic_creds [-] Acquired dynamic creds: credentials: Credentials: {'domain_id': 'default', 'domain_name': 'Default', 'username': 'tempest-ServersListShow2100Test-797039565-project-member', 'project_domain_id': 'default', 'project_domain_name': 'Default', 'project_id': '187c9a2b97234da5bbf09ea32f457966', 'project_name': 'tempest-ServersListShow2100Test-797039565', 'tenant_id': '187c9a2b97234da5bbf09ea32f457966', 'tenant_name': 'tempest-ServersListShow2100Test-797039565', 'user_domain_id': 'default', 'user_domain_name': 'Default', 'user_id': 'd0b29279d79c49aba28965ea30f7e1b0', 'system': None}, Network: None, Subnet: None, Router: None
2025-03-07 02:28:52.282 68976 INFO tempest.lib.common.dynamic_creds [-] Created isolated network resources for: credentials: Credentials: {'domain_id': 'default', 'domain_name': 'Default', 'username': 'tempest-ServersListShow2100Test-797039565-project-member', 'project_domain_id': 'default', 'project_domain_name': 'Default', 'project_id': '187c9a2b97234da5bbf09ea32f457966', 'project_name': 'tempest-ServersListShow2100Test-797039565', 'tenant_id': '187c9a2b97234da5bbf09ea32f457966', 'tenant_name': 'tempest-ServersListShow2100Test-797039565', 'user_domain_id': 'default', 'user_domain_name': 'Default', 'user_id': 'd0b29279d79c49aba28965ea30f7e1b0', 'system': None}, Network: None, Subnet: None, Router: None
2025-03-07 02:28:52.293 68946 WARNING tempest.lib.common.ssh [-] Failed to establish authenticated ssh connection to cirros@10.180.180.239 ([Errno None] Unable to connect to port 22 on 10.180.180.239). Number attempts: 1. Retry after 2 seconds.: paramiko.ssh_exception.NoValidConnectionsError: [Errno None] Unable to connect to port 22 on 10.180.180.239
2025-03-07 02:28:52.308 68930 INFO tempest.lib.common.rest_client [req-ea7e9474-bdec-47a6-a18f-47df33e59e14 req-ea7e9474-bdec-47a6-a18f-47df33e59e14 ] Request (AZAdminV2TestJSON:tearDownClass): 200 GET http://10.180.1.21:9696/networking/v2.0/security-groups?tenant_id=7a85df6581c9490886a2f7a361847f14&name=default 0.273s
2025-03-07 02:28:52.387 68976 INFO tempest.lib.common.rest_client [req-7d9f52d6-3495-4d14-9876-ff50a6b5ff62 req-7d9f52d6-3495-4d14-9876-ff50a6b5ff62 ] Request (ServersListShow2100Test:setUpClass): 201 POST http://10.180.1.21/identity/v3/auth/tokens 0.101s
2025-03-07 02:28:52.403 68970 INFO tempest.lib.common.rest_client [req-c07ac138-b49f-433b-9a15-21f13d2fc597 req-c07ac138-b49f-433b-9a15-21f13d2fc597 ] Request (ServerTagsTestJSON:tearDownClass): 200 GET http://10.180.1.21/compute/v2.1/servers/54af9c38-c8b6-4ef9-be63-de545dcc0da5 0.795s
2025-03-07 02:28:52.410 68964 INFO tempest.lib.common.rest_client [req-f3afa946-3ddf-4f96-9615-c83d4138b85c req-f3afa946-3ddf-4f96-9615-c83d4138b85c ] Request (ServersTestJSON:test_create_server_specify_multibyte_character_name): 200 GET http://10.180.1.21/compute/v2.1/servers/2fa9b930-c76c-4cac-a371-a6b9899dc71e 0.842s
2025-03-07 02:28:52.431 68976 INFO tempest.lib.common.rest_client [req-c385cf3c-a64c-4c1c-adac-9b0489296144 req-c385cf3c-a64c-4c1c-adac-9b0489296144 ] Request (ServersListShow2100Test:test_list_show_rebuild_update_server_2100): 201 POST http://10.180.1.21/identity/v3/auth/tokens 0.035s
2025-03-07 02:28:52.431 68976 INFO tempest.lib.common.fixed_network [-] (ServersListShow2100Test:test_list_show_rebuild_update_server_2100) Found network None available for tenant
2025-03-07 02:28:52.434 68924 INFO tempest.lib.common.rest_client [req-fd1d055b-9a4c-45e6-a197-5018135792dd req-fd1d055b-9a4c-45e6-a197-5018135792dd ] Request (FlavorsAdminTestJSON:_run_cleanups): 200 GET http://10.180.1.21/compute/v2.1/flavors/detail 0.776s
2025-03-07 02:28:52.498 68944 INFO tempest.lib.common.rest_client [req-63430cd5-e87a-4844-be2c-f6ec1f8dfd24 req-63430cd5-e87a-4844-be2c-f6ec1f8dfd24 ] Request (AttachInterfacesV270Test:setUpClass): 200 PUT http://10.180.1.21:9696/networking/v2.0/routers/b9019a1c-cde5-4420-a3eb-cbe73825b2eb/add_router_interface 2.205s
2025-03-07 02:28:52.498 68944 INFO tempest.lib.common.dynamic_creds [-] Created isolated network resources for: credentials: Credentials: {'domain_id': 'default', 'domain_name': 'Default', 'username': 'tempest-AttachInterfacesV270Test-419941254-project-member', 'project_domain_id': 'default', 'project_domain_name': 'Default', 'project_id': '6d35b14c6a7b4c5db309a56c8c22cd1e', 'project_name': 'tempest-AttachInterfacesV270Test-419941254', 'tenant_id': '6d35b14c6a7b4c5db309a56c8c22cd1e', 'tenant_name': 'tempest-AttachInterfacesV270Test-419941254', 'user_domain_id': 'default', 'user_domain_name': 'Default', 'user_id': '743fc626120649a2a9976d8eca4d1a76', 'system': None}, Network: {'id': '64a2601e-2897-41ce-a74b-835dac31210f', 'name': 'tempest-AttachInterfacesV270Test-1340811570-network', 'tenant_id': '6d35b14c6a7b4c5db309a56c8c22cd1e', 'admin_state_up': True, 'mtu': 8950, 'status': 'ACTIVE', 'subnets': [], 'shared': False, 'project_id': '6d35b14c6a7b4c5db309a56c8c22cd1e', 'port_security_enabled': True, 'router:external': False, 'provider:network_type': 'vlan', 'provider:physical_network': 'default', 'provider:segmentation_id': 53, 'availability_zone_hints': [], 'availability_zones': [], 'ipv4_address_scope': None, 'ipv6_address_scope': None, 'description': '', 'tags': [], 'created_at': '2025-03-07T02:28:47Z', 'updated_at': '2025-03-07T02:28:47Z', 'revision_number': 1}, Subnet: {'id': 'ef542a5b-a7cc-443a-ba46-b0601cc4b872', 'name': 'tempest-AttachInterfacesV270Test-1340811570-subnet', 'tenant_id': '6d35b14c6a7b4c5db309a56c8c22cd1e', 'network_id': '64a2601e-2897-41ce-a74b-835dac31210f', 'ip_version': 4, 'subnetpool_id': None, 'enable_dhcp': True, 'ipv6_ra_mode': None, 'ipv6_address_mode': None, 'gateway_ip': '192.168.128.1', 'cidr': '192.168.128.0/28', 'allocation_pools': [{'start': '192.168.128.2', 'end': '192.168.128.14'}], 'host_routes': [], 'dns_nameservers': [], 'description': '', 'router:external': False, 'service_types': [], 'tags': [], 'created_at': '2025-03-07T02:28:47Z', 'updated_at': '2025-03-07T02:28:47Z', 'revision_number': 0, 'project_id': '6d35b14c6a7b4c5db309a56c8c22cd1e'}, Router: {'id': 'b9019a1c-cde5-4420-a3eb-cbe73825b2eb', 'name': 'tempest-AttachInterfacesV270Test-1340811570-router', 'tenant_id': '6d35b14c6a7b4c5db309a56c8c22cd1e', 'admin_state_up': True, 'status': 'ACTIVE', 'external_gateway_info': {'network_id': '425e26ff-485d-46a7-a850-b33b002e6f83', 'external_fixed_ips': [{'subnet_id': '958c653a-67a3-4d0c-9063-68e2bdf391bd', 'ip_address': '10.180.180.142'}], 'enable_snat': True}, 'description': '', 'availability_zones': [], 'distributed': False, 'ha': False, 'availability_zone_hints': [], 'routes': [], 'flavor_id': None, 'tags': [], 'created_at': '2025-03-07T02:28:48Z', 'updated_at': '2025-03-07T02:28:49Z', 'revision_number': 2, 'project_id': '6d35b14c6a7b4c5db309a56c8c22cd1e'}
2025-03-07 02:28:52.500 68958 INFO tempest.lib.common.rest_client [req-5a59b85e-5c41-4df0-b410-084949bafc12 req-5a59b85e-5c41-4df0-b410-084949bafc12 ] Request (FloatingIPsAssociationTestJSON:test_associate_already_associated_floating_ip): 200 GET http://10.180.1.21/compute/v2.1/servers/168c2937-f8ce-472f-b21f-e48eed909f43 0.803s
2025-03-07 02:28:52.532 68942 INFO tempest.lib.common.rest_client [req-cc4f33ea-aa11-4541-a098-5b8d13f01d31 req-cc4f33ea-aa11-4541-a098-5b8d13f01d31 ] Request (ServerDiagnosticsV248Test:tearDownClass): 200 GET http://10.180.1.21/compute/v2.1/servers/4ce62ccc-70a4-48a9-8acf-3e3ded9bf0cc 0.755s
2025-03-07 02:28:52.545 68930 INFO tempest.lib.common.rest_client [req-76fd4831-495f-4c09-9f13-f813623b76b4 req-76fd4831-495f-4c09-9f13-f813623b76b4 ] Request (AZAdminV2TestJSON:tearDownClass): 204 DELETE http://10.180.1.21:9696/networking/v2.0/security-groups/3815a1b6-8141-4ec2-9c7b-c99efab38a20 0.237s
2025-03-07 02:28:52.594 68922 INFO tempest.lib.common.rest_client [req-9dc9e7fc-f62d-4734-851b-6c226e94a8c3 req-9dc9e7fc-f62d-4734-851b-6c226e94a8c3 ] Request (DeleteServersAdminTestJSON:test_delete_server_while_in_error_state): 200 GET http://10.180.1.21/compute/v2.1/servers/4eb4360a-46a8-440b-b300-4724c3497ff2 0.802s
2025-03-07 02:28:52.671 68944 INFO tempest.lib.common.rest_client [req-c6a354bf-285e-4039-9d30-a3e15f36c5b9 req-c6a354bf-285e-4039-9d30-a3e15f36c5b9 ] Request (AttachInterfacesV270Test:setUpClass): 201 POST http://10.180.1.21/identity/v3/auth/tokens 0.169s
2025-03-07 02:28:52.688 68954 INFO tempest.lib.common.rest_client [req-4d0fde3b-b0e4-4fd5-8184-6ba477ec4d47 req-4d0fde3b-b0e4-4fd5-8184-6ba477ec4d47 ] Request (ServersAdmin275Test:_run_cleanups): 200 GET http://10.180.1.21/compute/v2.1/servers/c71693e9-aeaa-4f12-b5cf-a179e558505d 0.809s
2025-03-07 02:28:52.702 68954 INFO tempest.common.waiters [-] State transition "REBUILD/rebuilding" ==> "REBUILD/rebuild_spawning" after 3 second wait
2025-03-07 02:28:52.754 68934 WARNING tempest.lib.common.ssh [-] Failed to establish authenticated ssh connection to cirros@10.180.180.232 ([Errno None] Unable to connect to port 22 on 10.180.180.232). Number attempts: 3. Retry after 4 seconds.: paramiko.ssh_exception.NoValidConnectionsError: [Errno None] Unable to connect to port 22 on 10.180.180.232
2025-03-07 02:28:52.765 68956 INFO tempest.lib.common.rest_client [req-594fbef3-0b25-410b-b356-57bf4bd5aaa5 req-594fbef3-0b25-410b-b356-57bf4bd5aaa5 ] Request (MigrationsAdminTest:test_list_migrations_in_flavor_resize_situation): 200 GET http://10.180.1.21/compute/v2.1/servers/7617a7b1-3b21-4d38-b090-1d35bc74637b 0.858s
2025-03-07 02:28:52.768 68944 INFO tempest.lib.common.rest_client [req-440017f0-5687-484d-9bdd-e8e5047e722a req-440017f0-5687-484d-9bdd-e8e5047e722a ] Request (AttachInterfacesV270Test:test_create_get_list_interfaces): 201 POST http://10.180.1.21/identity/v3/auth/tokens 0.092s
