2025-03-07 02:28:27.132 68936 INFO tempest.lib.common.dynamic_creds [-] Dynamic test user cae898093c5a49899ddbce8f0e37b9a5 is created with scope project and roles: ['admin']
2025-03-07 02:28:27.133 68936 INFO tempest.lib.common.dynamic_creds [-] Acquired dynamic creds: credentials: Credentials: {'domain_id': 'default', 'domain_name': 'Default', 'username': 'tempest-ServersAdminNegativeTestJSON-452856394-project-admin', 'project_domain_id': 'default', 'project_domain_name': 'Default', 'project_id': '185a44d763b347ebab5d75f5e02a480c', 'project_name': 'tempest-ServersAdminNegativeTestJSON-452856394', 'tenant_id': '185a44d763b347ebab5d75f5e02a480c', 'tenant_name': 'tempest-ServersAdminNegativeTestJSON-452856394', 'user_domain_id': 'default', 'user_domain_name': 'Default', 'user_id': 'cae898093c5a49899ddbce8f0e37b9a5', 'system': None}, Network: None, Subnet: None, Router: None
2025-03-07 02:28:27.133 68936 INFO tempest.lib.common.dynamic_creds [-] Created isolated network resources for: credentials: Credentials: {'domain_id': 'default', 'domain_name': 'Default', 'username': 'tempest-ServersAdminNegativeTestJSON-452856394-project-admin', 'project_domain_id': 'default', 'project_domain_name': 'Default', 'project_id': '185a44d763b347ebab5d75f5e02a480c', 'project_name': 'tempest-ServersAdminNegativeTestJSON-452856394', 'tenant_id': '185a44d763b347ebab5d75f5e02a480c', 'tenant_name': 'tempest-ServersAdminNegativeTestJSON-452856394', 'user_domain_id': 'default', 'user_domain_name': 'Default', 'user_id': 'cae898093c5a49899ddbce8f0e37b9a5', 'system': None}, Network: None, Subnet: None, Router: None
2025-03-07 02:28:27.292 68936 INFO tempest.lib.common.rest_client [req-fa113442-33e0-42e7-8810-a524ae10f111 req-fa113442-33e0-42e7-8810-a524ae10f111 ] Request (ServersAdminNegativeTestJSON:setUpClass): 201 POST http://10.180.1.21/identity/v3/auth/tokens 0.156s
2025-03-07 02:28:27.338 68926 INFO tempest.lib.common.rest_client [req-c239bb26-9fdf-4af7-b946-adac5dcfe938 req-c239bb26-9fdf-4af7-b946-adac5dcfe938 ] Request (HypervisorAdminV228Test:tearDownClass): 204 DELETE http://10.180.1.21:9696/networking/v2.0/security-groups/9ae0fce7-bbb8-4fc9-8a69-328c6ee85d42 0.230s
2025-03-07 02:28:27.342 68918 INFO tempest.lib.common.rest_client [req-ca5d208f-1f9f-476e-a001-4a36601c9915 req-ca5d208f-1f9f-476e-a001-4a36601c9915 ] Request (ImagesDeleteNegativeTestJSON:tearDownClass): 200 GET http://10.180.1.21:9696/networking/v2.0/security-groups?tenant_id=13215c3114ca4225968e9d542bac963e&name=default 0.471s
2025-03-07 02:28:27.345 68972 INFO tempest.lib.common.rest_client [req-55aaf639-fb31-4dde-97e3-bfd526c078a1 req-55aaf639-fb31-4dde-97e3-bfd526c078a1 ] Request (ServersV294TestFqdnHostnames:setUpClass): 201 POST http://10.180.1.21:9696/networking/v2.0/routers 1.094s
2025-03-07 02:28:27.379 68936 INFO tempest.lib.common.rest_client [req-ec49d526-02a2-42b5-9dfd-a21400763187 req-ec49d526-02a2-42b5-9dfd-a21400763187 ] Request (ServersAdminNegativeTestJSON:setUpClass): 201 POST http://10.180.1.21/identity/v3/auth/tokens 0.079s
2025-03-07 02:28:27.380 68936 INFO tempest.lib.common.fixed_network [-] (ServersAdminNegativeTestJSON:setUpClass) Found network None available for tenant
2025-03-07 02:28:27.404 68926 INFO tempest.lib.common.rest_client [req-4ab21949-d995-4fbc-9bf5-878eccc9b8a0 req-4ab21949-d995-4fbc-9bf5-878eccc9b8a0 ] Request (HypervisorAdminV228Test:tearDownClass): 204 DELETE http://10.180.1.21/identity/v3/projects/f062ec31375c471ca8c0bff21cf6c31c 0.066s
2025-03-07 02:28:27.405 68926 INFO tempest.lib.common.dynamic_creds [-] Deleting project and security group for project: a33d53b94a294fa2b4edf732d58b58a5
2025-03-07 02:28:27.508 68944 INFO tempest.lib.common.rest_client [req-2df13115-d4d3-4b02-acb8-09993c52f8e8 req-2df13115-d4d3-4b02-acb8-09993c52f8e8 ] Request (KeyPairsV22TestJSON:tearDownClass): 200 GET http://10.180.1.21:9696/networking/v2.0/security-groups?tenant_id=eb61198150284262961735ebc16b4af2&name=default 0.461s
2025-03-07 02:28:27.529 68932 INFO tempest.lib.common.rest_client [req-4deff31e-3787-4c4c-802f-028f79679a65 req-4deff31e-3787-4c4c-802f-028f79679a65 ] Request (ServerDiagnosticsTest:test_get_server_diagnostics): 202 POST http://10.180.1.21/compute/v2.1/servers 2.341s
2025-03-07 02:28:27.577 68918 INFO tempest.lib.common.rest_client [req-6cc0a363-dcd6-4537-b5c9-a166c69d18cd req-6cc0a363-dcd6-4537-b5c9-a166c69d18cd ] Request (ImagesDeleteNegativeTestJSON:tearDownClass): 204 DELETE http://10.180.1.21:9696/networking/v2.0/security-groups/415b3268-dfc2-4441-ae53-66c0f20d1b05 0.234s
2025-03-07 02:28:27.593 68970 INFO tempest.lib.common.rest_client [req-6d2bec92-3586-473a-b88a-0238e5b58f29 req-6d2bec92-3586-473a-b88a-0238e5b58f29 ] Request (ServerTagsTestJSON:test_delete_all_tags): 204 DELETE http://10.180.1.21/compute/v2.1/servers/54af9c38-c8b6-4ef9-be63-de545dcc0da5/tags 2.292s
2025-03-07 02:28:27.635 68926 INFO tempest.lib.common.rest_client [req-4633e303-85d3-45a1-8028-f654df334794 req-4633e303-85d3-45a1-8028-f654df334794 ] Request (HypervisorAdminV228Test:tearDownClass): 200 GET http://10.180.1.21:9696/networking/v2.0/security-groups?tenant_id=a33d53b94a294fa2b4edf732d58b58a5&name=default 0.230s
2025-03-07 02:28:27.654 68944 INFO tempest.lib.common.rest_client [req-aa8eb6ba-9536-4e10-ae1a-561623b3a272 req-aa8eb6ba-9536-4e10-ae1a-561623b3a272 ] Request (KeyPairsV22TestJSON:tearDownClass): 204 DELETE http://10.180.1.21:9696/networking/v2.0/security-groups/e0a0a027-e93d-41c4-a50b-da9ef9cc0a1c 0.145s
2025-03-07 02:28:27.750 68944 INFO tempest.lib.common.rest_client [req-9ed7bdb7-1282-4037-a113-2878b2480746 req-9ed7bdb7-1282-4037-a113-2878b2480746 ] Request (KeyPairsV22TestJSON:tearDownClass): 204 DELETE http://10.180.1.21/identity/v3/projects/eb61198150284262961735ebc16b4af2 0.095s
2025-03-07 02:28:27.760 68918 INFO tempest.lib.common.rest_client [req-75b1d411-de63-4e8f-86d4-5a96fe37f182 req-75b1d411-de63-4e8f-86d4-5a96fe37f182 ] Request (ImagesDeleteNegativeTestJSON:tearDownClass): 204 DELETE http://10.180.1.21/identity/v3/projects/13215c3114ca4225968e9d542bac963e 0.182s
2025-03-07 02:28:27.815 68944 INFO tempest.lib.common.rest_client [req-0c4d1354-eee2-4816-a058-f1df76327795 req-0c4d1354-eee2-4816-a058-f1df76327795 ] Request (AbsoluteLimitsNegativeTestJSON:setUpClass): 201 POST http://10.180.1.21/identity/v3/auth/tokens 0.063s
2025-03-07 02:28:27.844 68918 INFO tempest.lib.common.rest_client [req-26460003-a55e-41fe-b995-e6698c9d7b7c req-26460003-a55e-41fe-b995-e6698c9d7b7c ] Request (AZV2TestJSON:setUpClass): 201 POST http://10.180.1.21/identity/v3/auth/tokens 0.082s
2025-03-07 02:28:27.847 68926 INFO tempest.lib.common.rest_client [req-913f41fb-e4a1-4c0b-9d03-c6968363baea req-913f41fb-e4a1-4c0b-9d03-c6968363baea ] Request (HypervisorAdminV228Test:tearDownClass): 204 DELETE http://10.180.1.21:9696/networking/v2.0/security-groups/b2a42e79-f340-408e-8891-c2c1bdd14b84 0.212s
2025-03-07 02:28:27.856 68944 INFO tempest.lib.common.rest_client [req-e4881d60-989e-4f04-8952-972c650809c5 req-e4881d60-989e-4f04-8952-972c650809c5 ] Request (AbsoluteLimitsNegativeTestJSON:setUpClass): 201 POST http://10.180.1.21/identity/v3/auth/tokens 0.038s
2025-03-07 02:28:27.883 68918 INFO tempest.lib.common.rest_client [req-99caa6e1-3fa6-4c2c-9130-0d7428130fd6 req-99caa6e1-3fa6-4c2c-9130-0d7428130fd6 ] Request (AZV2TestJSON:setUpClass): 201 POST http://10.180.1.21/identity/v3/auth/tokens 0.036s
2025-03-07 02:28:27.908 68944 INFO tempest.lib.common.rest_client [req-bd2e337a-fb49-44e1-973a-112a14a80cc2 req-bd2e337a-fb49-44e1-973a-112a14a80cc2 ] Request (AbsoluteLimitsNegativeTestJSON:setUpClass): 200 GET http://10.180.1.21/identity/v3/domains?name=Default 0.051s
2025-03-07 02:28:27.928 68918 INFO tempest.lib.common.rest_client [req-897dee09-13ef-49bc-9e26-859ebd425b04 req-897dee09-13ef-49bc-9e26-859ebd425b04 ] Request (AZV2TestJSON:setUpClass): 200 GET http://10.180.1.21/identity/v3/domains?name=Default 0.044s
2025-03-07 02:28:27.938 68952 INFO tempest.lib.common.rest_client [req-f5286ef7-a332-4113-bff9-8db680db1d60 req-f5286ef7-a332-4113-bff9-8db680db1d60 ] Request (ServerExternalEventsTest:test_create_server_external_events): 202 POST http://10.180.1.21/compute/v2.1/servers 2.558s
2025-03-07 02:28:27.943 68926 INFO tempest.lib.common.rest_client [req-2b65c0f1-29fd-4c7f-8894-a9123ea7064d req-2b65c0f1-29fd-4c7f-8894-a9123ea7064d ] Request (HypervisorAdminV228Test:tearDownClass): 204 DELETE http://10.180.1.21/identity/v3/projects/a33d53b94a294fa2b4edf732d58b58a5 0.095s
2025-03-07 02:28:27.944 68914 INFO tempest.lib.common.rest_client [req-009216d9-99a8-4a20-bb77-933f6b346e0e req-009216d9-99a8-4a20-bb77-933f6b346e0e ] Request (ImagesOneServerNegativeTestJSON:test_create_image_specify_invalid_metadata): 400 POST http://10.180.1.21/compute/v2.1/servers/6cb1846a-02aa-4dc3-a573-858abf5a0bdf/action 2.491s
2025-03-07 02:28:27.945 68926 INFO tempest.test [-] raised in LiveMigrationTest.setUpClass. Invoking tearDownClass.
2025-03-07 02:28:27.994 68944 INFO tempest.lib.common.rest_client [req-d0dbc92d-edac-4559-a93f-d5768bbbcd8a req-d0dbc92d-edac-4559-a93f-d5768bbbcd8a ] Request (AbsoluteLimitsNegativeTestJSON:setUpClass): 201 POST http://10.180.1.21/identity/v3/projects 0.085s
2025-03-07 02:28:28.060 68918 INFO tempest.lib.common.rest_client [req-f684acea-9991-40be-960d-af56d8e7609b req-f684acea-9991-40be-960d-af56d8e7609b ] Request (AZV2TestJSON:setUpClass): 201 POST http://10.180.1.21/identity/v3/projects 0.131s
2025-03-07 02:28:28.074 68926 INFO tempest.lib.common.rest_client [req-461ea315-5e98-4ae5-8136-53cb7415bd2b req-461ea315-5e98-4ae5-8136-53cb7415bd2b ] Request (ServersAdminTestJSON:setUpClass): 201 POST http://10.180.1.21/identity/v3/auth/tokens 0.126s
2025-03-07 02:28:28.130 68944 INFO tempest.lib.common.rest_client [req-13f90eff-ea5e-4893-8dab-a0221c62d1f7 req-13f90eff-ea5e-4893-8dab-a0221c62d1f7 ] Request (AbsoluteLimitsNegativeTestJSON:setUpClass): 201 POST http://10.180.1.21/identity/v3/users 0.136s
2025-03-07 02:28:28.137 68918 INFO tempest.lib.common.rest_client [req-36667b7b-a2b6-42ab-baef-c25a372f3360 req-36667b7b-a2b6-42ab-baef-c25a372f3360 ] Request (AZV2TestJSON:setUpClass): 201 POST http://10.180.1.21/identity/v3/users 0.076s
2025-03-07 02:28:28.155 68944 INFO tempest.lib.common.rest_client [req-c838a0cd-4394-4b0d-957f-90346e52dd82 req-c838a0cd-4394-4b0d-957f-90346e52dd82 ] Request (AbsoluteLimitsNegativeTestJSON:setUpClass): 200 GET http://10.180.1.21/identity/v3/roles 0.024s
2025-03-07 02:28:28.157 68926 INFO tempest.lib.common.rest_client [req-e5688702-922d-4056-b8fe-64dbde0c0966 req-e5688702-922d-4056-b8fe-64dbde0c0966 ] Request (ServersAdminTestJSON:setUpClass): 201 POST http://10.180.1.21/identity/v3/auth/tokens 0.077s
2025-03-07 02:28:28.178 68918 INFO tempest.lib.common.rest_client [req-bd724a36-6596-47cf-a350-b79e34ab8ae5 req-bd724a36-6596-47cf-a350-b79e34ab8ae5 ] Request (AZV2TestJSON:setUpClass): 200 GET http://10.180.1.21/identity/v3/roles 0.040s
2025-03-07 02:28:28.191 68944 INFO tempest.lib.common.rest_client [req-d7fb66d5-65dd-4ce3-b5f8-39b58b49014a req-d7fb66d5-65dd-4ce3-b5f8-39b58b49014a ] Request (AbsoluteLimitsNegativeTestJSON:setUpClass): 204 PUT http://10.180.1.21/identity/v3/projects/6f31ae39bf73484aa6897be35cfa3f89/users/3d2aae7efa024e5eb7eabdad1167d29d/roles/9b00c5de76014878b4a789f4dd02856a 0.035s
2025-03-07 02:28:28.191 68944 INFO tempest.lib.common.dynamic_creds [-] Dynamic test user 3d2aae7efa024e5eb7eabdad1167d29d is created with scope project and roles: ['member']
2025-03-07 02:28:28.192 68944 INFO tempest.lib.common.dynamic_creds [-] Acquired dynamic creds: credentials: Credentials: {'domain_id': 'default', 'domain_name': 'Default', 'username': 'tempest-AbsoluteLimitsNegativeTestJSON-1963868714-project-member', 'project_domain_id': 'default', 'project_domain_name': 'Default', 'project_id': '6f31ae39bf73484aa6897be35cfa3f89', 'project_name': 'tempest-AbsoluteLimitsNegativeTestJSON-1963868714', 'tenant_id': '6f31ae39bf73484aa6897be35cfa3f89', 'tenant_name': 'tempest-AbsoluteLimitsNegativeTestJSON-1963868714', 'user_domain_id': 'default', 'user_domain_name': 'Default', 'user_id': '3d2aae7efa024e5eb7eabdad1167d29d', 'system': None}, Network: None, Subnet: None, Router: None
2025-03-07 02:28:28.192 68944 INFO tempest.lib.common.dynamic_creds [-] Created isolated network resources for: credentials: Credentials: {'domain_id': 'default', 'domain_name': 'Default', 'username': 'tempest-AbsoluteLimitsNegativeTestJSON-1963868714-project-member', 'project_domain_id': 'default', 'project_domain_name': 'Default', 'project_id': '6f31ae39bf73484aa6897be35cfa3f89', 'project_name': 'tempest-AbsoluteLimitsNegativeTestJSON-1963868714', 'tenant_id': '6f31ae39bf73484aa6897be35cfa3f89', 'tenant_name': 'tempest-AbsoluteLimitsNegativeTestJSON-1963868714', 'user_domain_id': 'default', 'user_domain_name': 'Default', 'user_id': '3d2aae7efa024e5eb7eabdad1167d29d', 'system': None}, Network: None, Subnet: None, Router: None
2025-03-07 02:28:28.202 68926 INFO tempest.lib.common.rest_client [req-3ad46307-4741-435c-bb43-6fdfba79f58a req-3ad46307-4741-435c-bb43-6fdfba79f58a ] Request (ServersAdminTestJSON:setUpClass): 200 GET http://10.180.1.21/identity/v3/domains?name=Default 0.043s
2025-03-07 02:28:28.252 68934 INFO tempest.lib.common.rest_client [req-d87d6798-abe2-4ae1-ab96-b4cb10070e06 req-d87d6798-abe2-4ae1-ab96-b4cb10070e06 ] Request (ServerActionsTestOtherA:setUpClass): 200 GET http://10.180.1.21/compute/v2.1/servers/423af2cc-4dea-445f-a01c-6d4d57c3f0de 2.742s
2025-03-07 02:28:28.269 68944 INFO tempest.lib.common.rest_client [req-507e5e9a-7885-4583-91c4-bd4b39ec0b45 req-507e5e9a-7885-4583-91c4-bd4b39ec0b45 ] Request (AbsoluteLimitsNegativeTestJSON:setUpClass): 201 POST http://10.180.1.21/identity/v3/auth/tokens 0.072s
2025-03-07 02:28:28.275 68918 INFO tempest.lib.common.rest_client [req-53aabf96-1d2c-4cb5-b831-e7b5194950ba req-53aabf96-1d2c-4cb5-b831-e7b5194950ba ] Request (AZV2TestJSON:setUpClass): 204 PUT http://10.180.1.21/identity/v3/projects/d9290f47b65045d0ba553888724f0680/users/db011b8540784e109719d22d8a20608c/roles/9b00c5de76014878b4a789f4dd02856a 0.097s
2025-03-07 02:28:28.277 68918 INFO tempest.lib.common.dynamic_creds [-] Dynamic test user db011b8540784e109719d22d8a20608c is created with scope project and roles: ['member']
2025-03-07 02:28:28.277 68918 INFO tempest.lib.common.dynamic_creds [-] Acquired dynamic creds: credentials: Credentials: {'domain_id': 'default', 'domain_name': 'Default', 'username': 'tempest-AZV2TestJSON-1128602872-project-member', 'project_domain_id': 'default', 'project_domain_name': 'Default', 'project_id': 'd9290f47b65045d0ba553888724f0680', 'project_name': 'tempest-AZV2TestJSON-1128602872', 'tenant_id': 'd9290f47b65045d0ba553888724f0680', 'tenant_name': 'tempest-AZV2TestJSON-1128602872', 'user_domain_id': 'default', 'user_domain_name': 'Default', 'user_id': 'db011b8540784e109719d22d8a20608c', 'system': None}, Network: None, Subnet: None, Router: None
2025-03-07 02:28:28.277 68918 INFO tempest.lib.common.dynamic_creds [-] Created isolated network resources for: credentials: Credentials: {'domain_id': 'default', 'domain_name': 'Default', 'username': 'tempest-AZV2TestJSON-1128602872-project-member', 'project_domain_id': 'default', 'project_domain_name': 'Default', 'project_id': 'd9290f47b65045d0ba553888724f0680', 'project_name': 'tempest-AZV2TestJSON-1128602872', 'tenant_id': 'd9290f47b65045d0ba553888724f0680', 'tenant_name': 'tempest-AZV2TestJSON-1128602872', 'user_domain_id': 'default', 'user_domain_name': 'Default', 'user_id': 'db011b8540784e109719d22d8a20608c', 'system': None}, Network: None, Subnet: None, Router: None
2025-03-07 02:28:28.334 68926 INFO tempest.lib.common.rest_client [req-0e28c162-5dbb-47fe-8bf1-c7f11fc26edf req-0e28c162-5dbb-47fe-8bf1-c7f11fc26edf ] Request (ServersAdminTestJSON:setUpClass): 201 POST http://10.180.1.21/identity/v3/projects 0.130s
2025-03-07 02:28:28.364 68918 INFO tempest.lib.common.rest_client [req-3f6d1b7f-1ff9-4ef1-b5ac-da17028d6255 req-3f6d1b7f-1ff9-4ef1-b5ac-da17028d6255 ] Request (AZV2TestJSON:setUpClass): 201 POST http://10.180.1.21/identity/v3/auth/tokens 0.080s
2025-03-07 02:28:28.378 68958 INFO tempest.lib.common.rest_client [req-7886e00c-b8ad-49e8-9d74-9dc0b629ab5e req-7886e00c-b8ad-49e8-9d74-9dc0b629ab5e ] Request (FloatingIPsAssociationTestJSON:setUpClass): 200 POST http://10.180.1.21/compute/v2.1/os-floating-ips 3.151s
2025-03-07 02:28:28.415 68926 INFO tempest.lib.common.rest_client [req-1cce8138-720a-4bcd-b115-67ade22c71b0 req-1cce8138-720a-4bcd-b115-67ade22c71b0 ] Request (ServersAdminTestJSON:setUpClass): 201 POST http://10.180.1.21/identity/v3/users 0.081s
2025-03-07 02:28:28.438 68926 INFO tempest.lib.common.rest_client [req-c981dad8-2c11-43f9-93d8-f20add702aa3 req-c981dad8-2c11-43f9-93d8-f20add702aa3 ] Request (ServersAdminTestJSON:setUpClass): 200 GET http://10.180.1.21/identity/v3/roles 0.022s
2025-03-07 02:28:28.451 68966 INFO tempest.lib.common.rest_client [req-2e933cbc-b148-44de-aad2-4ba8af817487 req-2e933cbc-b148-44de-aad2-4ba8af817487 ] Request (ImagesOneServerTestJSON:setUpClass): 200 GET http://10.180.1.21/compute/v2.1/servers/a5dedd3e-a544-4005-bc9b-0735267d6753 2.839s
2025-03-07 02:28:28.463 68958 INFO tempest.lib.common.rest_client [req-418ea780-e30b-4b15-8c97-40f68022d143 req-418ea780-e30b-4b15-8c97-40f68022d143 ] Request (FloatingIPsAssociationTestJSON:test_associate_already_associated_floating_ip): 201 POST http://10.180.1.21/identity/v3/auth/tokens 0.078s
2025-03-07 02:28:28.463 68958 INFO tempest.lib.common.fixed_network [-] (FloatingIPsAssociationTestJSON:test_associate_already_associated_floating_ip) Found network {'id': '4ee2b8ce-01eb-4d0d-8592-64c3bbb04c98', 'name': 'tempest-FloatingIPsAssociationTestJSON-2125764351-network', 'tenant_id': 'b9ffb656ebf844d4b71f49b35a594d4c', 'admin_state_up': True, 'mtu': 8950, 'status': 'ACTIVE', 'subnets': [], 'shared': False, 'project_id': 'b9ffb656ebf844d4b71f49b35a594d4c', 'port_security_enabled': True, 'router:external': False, 'provider:network_type': 'vlan', 'provider:physical_network': 'default', 'provider:segmentation_id': 811, 'availability_zone_hints': [], 'availability_zones': [], 'ipv4_address_scope': None, 'ipv6_address_scope': None, 'description': '', 'tags': [], 'created_at': '2025-03-07T02:27:58Z', 'updated_at': '2025-03-07T02:27:58Z', 'revision_number': 1} available for tenant
2025-03-07 02:28:28.480 68926 INFO tempest.lib.common.rest_client [req-a8d5f381-efcc-47af-a4ab-16f83717d338 req-a8d5f381-efcc-47af-a4ab-16f83717d338 ] Request (ServersAdminTestJSON:setUpClass): 204 PUT http://10.180.1.21/identity/v3/projects/ded98d5a15c54e01b752c52b88549b3e/users/0e66d8cfbe6c41bc90baaf1e7eb23a86/roles/9b00c5de76014878b4a789f4dd02856a 0.041s
2025-03-07 02:28:28.481 68926 INFO tempest.lib.common.dynamic_creds [-] Dynamic test user 0e66d8cfbe6c41bc90baaf1e7eb23a86 is created with scope project and roles: ['member']
2025-03-07 02:28:28.481 68926 INFO tempest.lib.common.dynamic_creds [-] Acquired dynamic creds: credentials: Credentials: {'domain_id': 'default', 'domain_name': 'Default', 'username': 'tempest-ServersAdminTestJSON-1111482880-project-member', 'project_domain_id': 'default', 'project_domain_name': 'Default', 'project_id': 'ded98d5a15c54e01b752c52b88549b3e', 'project_name': 'tempest-ServersAdminTestJSON-1111482880', 'tenant_id': 'ded98d5a15c54e01b752c52b88549b3e', 'tenant_name': 'tempest-ServersAdminTestJSON-1111482880', 'user_domain_id': 'default', 'user_domain_name': 'Default', 'user_id': '0e66d8cfbe6c41bc90baaf1e7eb23a86', 'system': None}, Network: None, Subnet: None, Router: None
2025-03-07 02:28:28.515 68916 INFO tempest.lib.common.rest_client [req-cb19165f-dd99-4cd0-bab6-b228d6476c34 req-cb19165f-dd99-4cd0-bab6-b228d6476c34 ] Request (AttachInterfacesTestJSON:test_create_list_show_delete_interfaces_by_fixed_ip): 200 GET http://10.180.1.21/compute/v2.1/servers/14772ba8-bde2-42ef-9a37-df876c8af321 2.968s
2025-03-07 02:28:28.565 68926 INFO tempest.lib.common.rest_client [req-961a492f-9988-4af9-9a2d-4b418fd9199c req-961a492f-9988-4af9-9a2d-4b418fd9199c ] Request (ServersAdminTestJSON:setUpClass): 201 POST http://10.180.1.21/identity/v3/auth/tokens 0.084s
2025-03-07 02:28:28.940 68926 INFO tempest.lib.common.rest_client [req-75c0c864-2708-4cb0-8cff-4155a113334b req-75c0c864-2708-4cb0-8cff-4155a113334b ] Request (ServersAdminTestJSON:setUpClass): 201 POST http://10.180.1.21:9696/networking/v2.0/networks 0.375s
2025-03-07 02:28:29.066 68942 INFO tempest.lib.common.rest_client [req-46288e9c-719b-42ef-bfd1-7f8ba8cb0c90 req-46288e9c-719b-42ef-bfd1-7f8ba8cb0c90 ] Request (ServerDiagnosticsV248Test:test_get_server_diagnostics): 200 GET http://10.180.1.21/compute/v2.1/servers/4ce62ccc-70a4-48a9-8acf-3e3ded9bf0cc/diagnostics 3.099s
2025-03-07 02:28:29.133 68972 INFO tempest.lib.common.rest_client [req-c0c10209-2429-4a92-9747-2de8802699f9 req-c0c10209-2429-4a92-9747-2de8802699f9 ] Request (ServersV294TestFqdnHostnames:setUpClass): 200 PUT http://10.180.1.21:9696/networking/v2.0/routers/0b5162d2-4fbd-45bf-bb26-e2b5464bcc92/add_router_interface 1.788s
2025-03-07 02:28:29.133 68972 INFO tempest.lib.common.dynamic_creds [-] Created isolated network resources for: credentials: Credentials: {'domain_id': 'default', 'domain_name': 'Default', 'username': 'tempest-ServersV294TestFqdnHostnames-124206622-project-member', 'project_domain_id': 'default', 'project_domain_name': 'Default', 'project_id': 'ee599d8c7858456caf4df2fd39189e22', 'project_name': 'tempest-ServersV294TestFqdnHostnames-124206622', 'tenant_id': 'ee599d8c7858456caf4df2fd39189e22', 'tenant_name': 'tempest-ServersV294TestFqdnHostnames-124206622', 'user_domain_id': 'default', 'user_domain_name': 'Default', 'user_id': '657674c53b994a668f3d11b188648242', 'system': None}, Network: {'id': '40924a16-ab11-4519-88a4-fd9bfad0e1dc', 'name': 'tempest-ServersV294TestFqdnHostnames-299377069-network', 'tenant_id': 'ee599d8c7858456caf4df2fd39189e22', 'admin_state_up': True, 'mtu': 8950, 'status': 'ACTIVE', 'subnets': [], 'shared': False, 'project_id': 'ee599d8c7858456caf4df2fd39189e22', 'port_security_enabled': True, 'router:external': False, 'provider:network_type': 'vlan', 'provider:physical_network': 'default', 'provider:segmentation_id': 257, 'availability_zone_hints': [], 'availability_zones': [], 'ipv4_address_scope': None, 'ipv6_address_scope': None, 'description': '', 'tags': [], 'created_at': '2025-03-07T02:28:25Z', 'updated_at': '2025-03-07T02:28:25Z', 'revision_number': 1}, Subnet: {'id': 'e877a476-3be2-417e-8dbc-a921f3d587bd', 'name': 'tempest-ServersV294TestFqdnHostnames-299377069-subnet', 'tenant_id': 'ee599d8c7858456caf4df2fd39189e22', 'network_id': '40924a16-ab11-4519-88a4-fd9bfad0e1dc', 'ip_version': 4, 'subnetpool_id': None, 'enable_dhcp': True, 'ipv6_ra_mode': None, 'ipv6_address_mode': None, 'gateway_ip': '192.168.128.1', 'cidr': '192.168.128.0/28', 'allocation_pools': [{'start': '192.168.128.2', 'end': '192.168.128.14'}], 'host_routes': [], 'dns_nameservers': [], 'description': '', 'router:external': False, 'service_types': [], 'tags': [], 'created_at': '2025-03-07T02:28:26Z', 'updated_at': '2025-03-07T02:28:26Z', 'revision_number': 0, 'project_id': 'ee599d8c7858456caf4df2fd39189e22'}, Router: {'id': '0b5162d2-4fbd-45bf-bb26-e2b5464bcc92', 'name': 'tempest-ServersV294TestFqdnHostnames-299377069-router', 'tenant_id': 'ee599d8c7858456caf4df2fd39189e22', 'admin_state_up': True, 'status': 'ACTIVE', 'external_gateway_info': {'network_id': '425e26ff-485d-46a7-a850-b33b002e6f83', 'external_fixed_ips': [{'subnet_id': '958c653a-67a3-4d0c-9063-68e2bdf391bd', 'ip_address': '10.180.180.234'}], 'enable_snat': True}, 'description': '', 'availability_zones': [], 'distributed': False, 'ha': False, 'availability_zone_hints': [], 'routes': [], 'flavor_id': None, 'tags': [], 'created_at': '2025-03-07T02:28:26Z', 'updated_at': '2025-03-07T02:28:26Z', 'revision_number': 2, 'project_id': 'ee599d8c7858456caf4df2fd39189e22'}
2025-03-07 02:28:29.216 68972 INFO tempest.lib.common.rest_client [req-8ec3d78b-0530-4838-bbe6-27def05a4bfb req-8ec3d78b-0530-4838-bbe6-27def05a4bfb ] Request (ServersV294TestFqdnHostnames:setUpClass): 201 POST http://10.180.1.21/identity/v3/auth/tokens 0.077s
2025-03-07 02:28:29.255 68940 INFO tempest.lib.common.rest_client [req-cfcaa5fe-0d94-4c62-8f83-df0e90d2d48a req-cfcaa5fe-0d94-4c62-8f83-df0e90d2d48a ] Request (FloatingIPsAssociationNegativeTestJSON:setUpClass): 202 POST http://10.180.1.21/compute/v2.1/servers 3.433s
2025-03-07 02:28:29.275 68926 INFO tempest.lib.common.rest_client [req-52b1b68d-1a63-4903-bd62-56b532547c2a req-52b1b68d-1a63-4903-bd62-56b532547c2a ] Request (ServersAdminTestJSON:setUpClass): 201 POST http://10.180.1.21:9696/networking/v2.0/subnets 0.334s
2025-03-07 02:28:29.284 68956 INFO tempest.lib.common.rest_client [req-da2e259c-65c0-4df8-b750-ae8bf3e219d0 req-da2e259c-65c0-4df8-b750-ae8bf3e219d0 ] Request (MigrationsAdminTest:test_list_migrations_in_flavor_resize_situation): 200 GET http://10.180.1.21/compute/v2.1/servers/7617a7b1-3b21-4d38-b090-1d35bc74637b 3.314s
2025-03-07 02:28:29.287 68962 INFO tempest.lib.common.rest_client [req-4ec01f55-2e23-4c8d-85e6-c3edba8248a5 req-4ec01f55-2e23-4c8d-85e6-c3edba8248a5 ] Request (ServicesAdminNegativeV253TestJSON:test_get_service_by_invalid_service_and_valid_host): 200 GET http://10.180.1.21/compute/v2.1/os-services 2.974s
2025-03-07 02:28:29.297 68930 INFO tempest.lib.common.rest_client [req-be731801-09fd-47bf-9d6b-bd31b066dce0 req-be731801-09fd-47bf-9d6b-bd31b066dce0 ] Request (AggregatesAdminNegativeTestJSON:test_aggregate_get_details_as_user): 403 GET http://10.180.1.21/compute/v2.1/os-aggregates/6 2.875s
2025-03-07 02:28:29.316 68964 INFO tempest.lib.common.rest_client [req-121419e5-07a3-4b1f-9017-d75400ed2909 req-121419e5-07a3-4b1f-9017-d75400ed2909 ] Request (FlavorsV2TestJSON:test_list_flavors_with_detail): 200 GET http://10.180.1.21/compute/v2.1/flavors/detail 2.925s
2025-03-07 02:28:29.426 68920 INFO tempest.lib.common.rest_client [req-ee981da6-d553-4c40-b299-6df47d47c294 req-ee981da6-d553-4c40-b299-6df47d47c294 ] Request (ImagesNegativeTestJSON:test_create_image_from_deleted_server): 200 GET http://10.180.1.21/compute/v2.1/servers/a5e993de-7aad-4b34-8946-563dc69a6f25 2.898s
2025-03-07 02:28:29.436 68920 INFO tempest.common.waiters [-] State transition "BUILD/None" ==> "BUILD/spawning" after 15 second wait
2025-03-07 02:28:29.445 68924 INFO tempest.lib.common.rest_client [req-150b1ef1-187a-4742-a5f5-6697e3c20826 req-150b1ef1-187a-4742-a5f5-6697e3c20826 ] Request (FlavorsAdminTestJSON:_run_cleanups): 202 DELETE http://10.180.1.21/compute/v2.1/flavors/632212678 2.907s
2025-03-07 02:28:29.517 68954 INFO tempest.lib.common.rest_client [req-a8eb71a6-ff80-41e7-8c01-25718944c564 req-a8eb71a6-ff80-41e7-8c01-25718944c564 ] Request (ServersAdmin275Test:test_rebuild_update_server_275): 200 GET http://10.180.1.21/compute/v2.1/servers/c71693e9-aeaa-4f12-b5cf-a179e558505d 2.899s
2025-03-07 02:28:29.528 68954 INFO tempest.common.waiters [-] State transition "BUILD/networking" ==> "BUILD/spawning" after 14 second wait
2025-03-07 02:28:29.616 68960 INFO tempest.lib.common.rest_client [req-47ea746a-adf3-4a31-bc79-bd8d196e0313 req-47ea746a-adf3-4a31-bc79-bd8d196e0313 ] Request (QuotasAdminTestJSON:test_get_default_quotas): 200 GET http://10.180.1.21/compute/v2.1/os-quota-sets/9f1f7cb752d14af7984e748b7e9db500/defaults 2.921s
2025-03-07 02:28:29.655 68960 INFO tempest.lib.common.rest_client [req-81276c9d-5614-43dc-a51f-42fe7f9b80c8 req-81276c9d-5614-43dc-a51f-42fe7f9b80c8 ] Request (QuotasAdminTestJSON:test_get_updated_quotas): 200 GET http://10.180.1.21/identity/v3/domains?name=Default 0.033s
2025-03-07 02:28:29.687 68928 INFO tempest.lib.common.rest_client [req-f15774a5-4c8a-46ab-888b-69d261c91d00 req-f15774a5-4c8a-46ab-888b-69d261c91d00 ] Request (ListServerFiltersTestJSON:setUpClass): 202 POST http://10.180.1.21/compute/v2.1/servers 3.155s
2025-03-07 02:28:29.691 68960 INFO tempest.lib.common.rest_client [req-924e4658-e699-44e7-b0b8-56b7dfd5a48e req-924e4658-e699-44e7-b0b8-56b7dfd5a48e ] Request (QuotasAdminTestJSON:test_get_updated_quotas): 201 POST http://10.180.1.21/identity/v3/projects 0.035s
2025-03-07 02:28:29.692 68922 INFO tempest.lib.common.rest_client [req-9c59f3e9-a8c3-4c2d-aaf4-4d004222b288 req-9c59f3e9-a8c3-4c2d-aaf4-4d004222b288 ] Request (DeleteServersAdminTestJSON:test_admin_delete_servers_of_others): 200 GET http://10.180.1.21/compute/v2.1/servers/05ff9ae9-a0e5-4e21-ab3b-9df8cdb24944 2.988s
2025-03-07 02:28:29.719 68948 INFO tempest.lib.common.rest_client [req-accffc7c-cbeb-4f09-9078-92333b73d9b2 req-accffc7c-cbeb-4f09-9078-92333b73d9b2 ] Request (FlavorsAccessNegativeTestJSON:_run_cleanups): 202 DELETE http://10.180.1.21/compute/v2.1/flavors/520160171 2.630s
2025-03-07 02:28:29.762 68960 INFO tempest.lib.common.rest_client [req-772a73b0-cb27-4408-975d-f484b5030991 req-772a73b0-cb27-4408-975d-f484b5030991 ] Request (QuotasAdminTestJSON:test_get_updated_quotas): 200 GET http://10.180.1.21/identity/v3/domains?name=Default 0.070s
2025-03-07 02:28:29.794 68928 INFO tempest.lib.common.rest_client [req-1e520633-a39f-4325-9d56-a9925f0c3c7c req-1e520633-a39f-4325-9d56-a9925f0c3c7c ] Request (ListServerFiltersTestJSON:setUpClass): 201 POST http://10.180.1.21/identity/v3/auth/tokens 0.102s
2025-03-07 02:28:29.794 68928 INFO tempest.lib.common.fixed_network [-] (ListServerFiltersTestJSON:setUpClass) Found network {'id': '2dc0e495-5a5a-47e0-8c1c-61e000194cc0', 'name': 'tempest-ListServerFiltersTestJSON-658812124-network', 'tenant_id': '373459ee626847e9886e5ff353729280', 'admin_state_up': True, 'mtu': 8950, 'status': 'ACTIVE', 'subnets': [], 'shared': False, 'project_id': '373459ee626847e9886e5ff353729280', 'port_security_enabled': True, 'router:external': False, 'provider:network_type': 'vlan', 'provider:physical_network': 'default', 'provider:segmentation_id': 363, 'availability_zone_hints': [], 'availability_zones': [], 'ipv4_address_scope': None, 'ipv6_address_scope': None, 'description': '', 'tags': [], 'created_at': '2025-03-07T02:28:22Z', 'updated_at': '2025-03-07T02:28:22Z', 'revision_number': 1} available for tenant
2025-03-07 02:28:29.913 68968 INFO tempest.lib.common.rest_client [req-48a9809b-5c57-4a27-a94c-b982b8654dcf req-48a9809b-5c57-4a27-a94c-b982b8654dcf ] Request (ServersTestFqdnHostnames:test_create_server_with_fqdn_name): 200 POST http://10.180.1.21/compute/v2.1/os-keypairs 2.800s
2025-03-07 02:28:29.980 68976 INFO tempest.lib.common.rest_client [req-60a1ece0-9704-462d-886d-95b5af996b19 req-60a1ece0-9704-462d-886d-95b5af996b19 ] Request (ImagesMetadataTestJSON:setUp): 200 PUT http://10.180.1.21/compute/v2.1/images/48c8104c-1813-4790-a05a-03a2771f6ea0/metadata 3.023s
2025-03-07 02:28:30.035 68938 INFO tempest.lib.common.rest_client [req-a6d9d58b-6fcc-4a83-ac20-70b84f5f5377 req-a6d9d58b-6fcc-4a83-ac20-70b84f5f5377 ] Request (MultipleCreateTestJSON:test_multiple_create): 200 GET http://10.180.1.21/compute/v2.1/servers/8f841b29-0156-414e-8467-c9a9393cdae9 2.521s
2025-03-07 02:28:30.037 68968 INFO tempest.lib.common.rest_client [req-ace4f64f-b929-4d4d-bf4d-175242cad108 req-ace4f64f-b929-4d4d-bf4d-175242cad108 ] Request (ServersTestFqdnHostnames:test_create_server_with_fqdn_name): 201 POST http://10.180.1.21:9696/networking/v2.0/security-groups 0.123s
2025-03-07 02:28:30.107 68946 INFO tempest.lib.common.rest_client [req-7edec4e4-9071-46b6-b265-57e713e3d18f req-7edec4e4-9071-46b6-b265-57e713e3d18f ] Request (ServersWithSpecificFlavorTestJSON:test_verify_created_server_ephemeral_disk): 200 GET http://10.180.1.21/compute/v2.1/servers/4b5c5b9e-389d-4ed9-a860-bd41a33fbac4 2.592s
2025-03-07 02:28:30.166 68932 INFO tempest.lib.common.rest_client [req-ce6d25a0-2ee8-4532-9cc0-efe685ea34b7 req-ce6d25a0-2ee8-4532-9cc0-efe685ea34b7 ] Request (ServerDiagnosticsTest:test_get_server_diagnostics): 200 GET http://10.180.1.21/compute/v2.1/servers/421c377f-0b7a-457d-b5dd-50281c65122a 2.635s
2025-03-07 02:28:30.169 68926 INFO tempest.lib.common.rest_client [req-0deab3c0-71f1-4e7e-a9af-d6cf8dc81f26 req-0deab3c0-71f1-4e7e-a9af-d6cf8dc81f26 ] Request (ServersAdminTestJSON:setUpClass): 201 POST http://10.180.1.21:9696/networking/v2.0/routers 0.893s
2025-03-07 02:28:30.188 68970 INFO tempest.lib.common.rest_client [req-6505a5fe-f34b-4529-87fb-1e529d000d50 req-6505a5fe-f34b-4529-87fb-1e529d000d50 ] Request (ServerTagsTestJSON:test_delete_all_tags): 200 GET http://10.180.1.21/compute/v2.1/servers/54af9c38-c8b6-4ef9-be63-de545dcc0da5/tags 2.594s
2025-03-07 02:28:30.194 68968 INFO tempest.lib.common.rest_client [req-5f1019c3-02d5-4880-8c33-a280ac2c77c2 req-5f1019c3-02d5-4880-8c33-a280ac2c77c2 ] Request (ServersTestFqdnHostnames:test_create_server_with_fqdn_name): 201 POST http://10.180.1.21:9696/networking/v2.0/security-group-rules 0.156s
2025-03-07 02:28:30.229 68936 INFO tempest.lib.common.rest_client [req-6ec5d343-0ece-41bb-8979-6012df72eb86 req-6ec5d343-0ece-41bb-8979-6012df72eb86 ] Request (ServersAdminNegativeTestJSON:setUpClass): 202 POST http://10.180.1.21/compute/v2.1/servers 2.848s
2025-03-07 02:28:30.293 68950 INFO tempest.lib.common.rest_client [req-997a3378-e87b-4fdd-84c4-b5a5fdcae654 req-997a3378-e87b-4fdd-84c4-b5a5fdcae654 ] Request (VolumesAssistedSnapshotsTest:test_volume_assisted_snapshot_create_delete): 200 GET http://10.180.1.21/compute/v2.1/servers/ccf76bce-26e2-49e8-9f60-d8f35fe5b3ac 2.379s
2025-03-07 02:28:30.302 68950 INFO tempest.common.waiters [-] State transition "BUILD/None" ==> "BUILD/networking" after 14 second wait
2025-03-07 02:28:30.330 68968 INFO tempest.lib.common.rest_client [req-44d0a696-aecc-414f-a26c-0f66400b963b req-44d0a696-aecc-414f-a26c-0f66400b963b ] Request (ServersTestFqdnHostnames:test_create_server_with_fqdn_name): 201 POST http://10.180.1.21:9696/networking/v2.0/security-group-rules 0.135s
2025-03-07 02:28:30.364 68974 INFO tempest.lib.common.rest_client [req-de2c360b-72b4-4b17-9a79-ea19b4a19bb2 req-de2c360b-72b4-4b17-9a79-ea19b4a19bb2 ] Request (VolumesAdminNegativeTest:test_update_attached_volume_with_nonexistent_volume_in_body): 200 GET http://10.180.1.21/compute/v2.1/servers/c80895d5-1a59-4779-9da9-9aeec10bc395 2.526s
2025-03-07 02:28:30.373 68952 INFO tempest.lib.common.rest_client [req-9faca8a0-64e3-4662-9924-0e82ed643688 req-9faca8a0-64e3-4662-9924-0e82ed643688 ] Request (ServerExternalEventsTest:test_create_server_external_events): 200 GET http://10.180.1.21/compute/v2.1/servers/53571ad6-1fdb-4651-8b4d-24f35ffc815a 2.431s
2025-03-07 02:28:30.465 68918 INFO tempest.lib.common.rest_client [req-763b6cfd-1206-4ea5-be34-784c19e01362 req-763b6cfd-1206-4ea5-be34-784c19e01362 ] Request (AZV2TestJSON:test_get_availability_zone_list_with_non_admin_user): 200 GET http://10.180.1.21/compute/v2.1/os-availability-zone 2.099s
2025-03-07 02:28:30.584 68918 INFO tempest.lib.common.rest_client [req-ffb112f6-95aa-45ce-8a34-e16f02119019 req-ffb112f6-95aa-45ce-8a34-e16f02119019 ] Request (AZV2TestJSON:tearDownClass): 204 DELETE http://10.180.1.21/identity/v3/users/db011b8540784e109719d22d8a20608c 0.116s
2025-03-07 02:28:30.584 68918 INFO tempest.lib.common.dynamic_creds [-] Deleting project and security group for project: d9290f47b65045d0ba553888724f0680
2025-03-07 02:28:30.679 68918 INFO tempest.lib.common.rest_client [req-48837889-5696-4470-be42-34b4e22747d5 req-48837889-5696-4470-be42-34b4e22747d5 ] Request (AZV2TestJSON:tearDownClass): 201 POST http://10.180.1.21/identity/v3/auth/tokens 0.094s
2025-03-07 02:28:30.873 68914 INFO tempest.lib.common.rest_client [req-1da30644-048d-475b-8282-5348002a0296 req-1da30644-048d-475b-8282-5348002a0296 ] Request (ImagesOneServerNegativeTestJSON:tearDown): 200 GET http://10.180.1.21/compute/v2.1/servers/6cb1846a-02aa-4dc3-a573-858abf5a0bdf 2.928s
2025-03-07 02:28:31.020 68942 INFO tempest.lib.common.rest_client [req-408c82a9-315f-4230-ae31-a483014514ad req-408c82a9-315f-4230-ae31-a483014514ad ] Request (ServerDiagnosticsV248Test:tearDownClass): 204 DELETE http://10.180.1.21/compute/v2.1/servers/4ce62ccc-70a4-48a9-8acf-3e3ded9bf0cc 1.931s
2025-03-07 02:28:31.030 68958 INFO tempest.lib.common.rest_client [req-3044ace6-569e-4835-975d-a92832bce284 req-3044ace6-569e-4835-975d-a92832bce284 ] Request (FloatingIPsAssociationTestJSON:test_associate_already_associated_floating_ip): 202 POST http://10.180.1.21/compute/v2.1/servers 2.565s
2025-03-07 02:28:31.050 68968 INFO tempest.lib.common.rest_client [req-70624942-fe26-4d90-a98f-ac09b14ab1c8 req-70624942-fe26-4d90-a98f-ac09b14ab1c8 ] Request (ServersTestFqdnHostnames:test_create_server_with_fqdn_name): 201 POST http://10.180.1.21:9696/networking/v2.0/floatingips 0.720s
2025-03-07 02:28:31.110 68918 INFO tempest.lib.common.rest_client [req-c0116dac-bec2-4f65-8d18-c3c5291d6f45 req-c0116dac-bec2-4f65-8d18-c3c5291d6f45 ] Request (AZV2TestJSON:tearDownClass): 200 GET http://10.180.1.21:9696/networking/v2.0/security-groups?tenant_id=d9290f47b65045d0ba553888724f0680&name=default 0.430s
2025-03-07 02:28:31.142 68940 INFO tempest.lib.common.rest_client [req-51a6abf2-533e-41aa-98eb-1e151429aa2a req-51a6abf2-533e-41aa-98eb-1e151429aa2a ] Request (FloatingIPsAssociationNegativeTestJSON:setUpClass): 200 GET http://10.180.1.21/compute/v2.1/servers/32efc578-2cf9-4b61-bbaa-aa7031a04e33 1.885s
2025-03-07 02:28:31.164 68968 INFO tempest.lib.common.rest_client [req-4582f723-ff16-4fde-b65f-230c98686509 req-4582f723-ff16-4fde-b65f-230c98686509 ] Request (ServersTestFqdnHostnames:test_create_server_with_fqdn_name): 201 POST http://10.180.1.21/identity/v3/auth/tokens 0.110s
2025-03-07 02:28:31.164 68968 INFO tempest.lib.common.fixed_network [-] (ServersTestFqdnHostnames:test_create_server_with_fqdn_name) Found network {'id': '57ebfe6e-057a-4602-a7df-a5e0aeb0da16', 'name': 'tempest-ServersTestFqdnHostnames-1876804051-network', 'tenant_id': '66afa9ca42294c8e9e8d913b14e4a209', 'admin_state_up': True, 'mtu': 8950, 'status': 'ACTIVE', 'subnets': [], 'shared': False, 'project_id': '66afa9ca42294c8e9e8d913b14e4a209', 'port_security_enabled': True, 'router:external': False, 'provider:network_type': 'vlan', 'provider:physical_network': 'default', 'provider:segmentation_id': 439, 'availability_zone_hints': [], 'availability_zones': [], 'ipv4_address_scope': None, 'ipv6_address_scope': None, 'description': '', 'tags': [], 'created_at': '2025-03-07T02:28:22Z', 'updated_at': '2025-03-07T02:28:22Z', 'revision_number': 1} available for tenant
2025-03-07 02:28:31.241 68972 INFO tempest.lib.common.rest_client [req-2bd26161-7289-4b98-8659-3419c157eb32 req-2bd26161-7289-4b98-8659-3419c157eb32 ] Request (ServersV294TestFqdnHostnames:setUpClass): 201 POST http://10.180.1.21/compute/v2.1/os-keypairs 2.023s
2025-03-07 02:28:31.267 68962 INFO tempest.lib.common.rest_client [req-52482766-8536-4c73-9b01-da212ca532c3 req-52482766-8536-4c73-9b01-da212ca532c3 ] Request (ServicesAdminNegativeV253TestJSON:test_get_service_by_invalid_service_and_valid_host): 200 GET http://10.180.1.21/compute/v2.1/os-services?host=devstack&binary=xxx 1.978s
2025-03-07 02:28:31.290 68930 INFO tempest.lib.common.rest_client [req-c937710e-e4f5-40c5-8a4f-a6482decebe2 req-c937710e-e4f5-40c5-8a4f-a6482decebe2 ] Request (AggregatesAdminNegativeTestJSON:_run_cleanups): 200 DELETE http://10.180.1.21/compute/v2.1/os-aggregates/6 1.992s
2025-03-07 02:28:31.310 68964 INFO tempest.lib.common.rest_client [req-55979758-1e16-43d5-9e14-ccbc521df7d2 req-55979758-1e16-43d5-9e14-ccbc521df7d2 ] Request (FlavorsV2TestJSON:test_list_flavors_with_detail): 200 GET http://10.180.1.21/compute/v2.1/flavors/42 1.985s
2025-03-07 02:28:31.338 68924 INFO tempest.lib.common.rest_client [req-93b7f3e0-f99e-4f1f-bad5-e093b919edd3 req-93b7f3e0-f99e-4f1f-bad5-e093b919edd3 ] Request (FlavorsAdminTestJSON:_run_cleanups): 200 GET http://10.180.1.21/compute/v2.1/flavors/detail 1.892s
2025-03-07 02:28:31.405 68934 INFO tempest.lib.common.rest_client [req-e09acfe7-7ccd-468f-a18d-b08d031f0e39 req-e09acfe7-7ccd-468f-a18d-b08d031f0e39 ] Request (ServerActionsTestOtherA:setUpClass): 200 GET http://10.180.1.21/compute/v2.1/servers/423af2cc-4dea-445f-a01c-6d4d57c3f0de 2.143s
2025-03-07 02:28:31.432 68964 INFO tempest.lib.common.rest_client [req-7b497cd9-fe1e-4d3d-98b4-e570ddafc7b0 req-7b497cd9-fe1e-4d3d-98b4-e570ddafc7b0 ] Request (FlavorsV2TestJSON:tearDownClass): 204 DELETE http://10.180.1.21/identity/v3/users/87d2d0e0688c437eb7a2447523449ab6 0.118s
2025-03-07 02:28:31.432 68964 INFO tempest.lib.common.dynamic_creds [-] Deleting project and security group for project: 5d73886434e64647a44b3db2e100608e
2025-03-07 02:28:31.433 68966 INFO tempest.lib.common.rest_client [req-0ee9b184-7f26-4702-af01-fd857d151ce8 req-0ee9b184-7f26-4702-af01-fd857d151ce8 ] Request (ImagesOneServerTestJSON:setUpClass): 200 GET http://10.180.1.21/compute/v2.1/servers/a5dedd3e-a544-4005-bc9b-0735267d6753 1.965s
2025-03-07 02:28:31.435 68918 INFO tempest.lib.common.rest_client [req-d3d29473-4070-4097-8c88-5e933692fc8a req-d3d29473-4070-4097-8c88-5e933692fc8a ] Request (AZV2TestJSON:tearDownClass): 204 DELETE http://10.180.1.21:9696/networking/v2.0/security-groups/067477b3-e24a-467a-9629-86163195558e 0.324s
2025-03-07 02:28:31.461 68948 INFO tempest.lib.common.rest_client [req-b9875248-5550-48c5-8f33-b315a346ca06 req-b9875248-5550-48c5-8f33-b315a346ca06 ] Request (FlavorsAccessNegativeTestJSON:_run_cleanups): 200 GET http://10.180.1.21/compute/v2.1/flavors/detail 1.741s
2025-03-07 02:28:31.502 68972 INFO tempest.lib.common.rest_client [req-5f070d5b-b118-4e3b-acb1-5b563c547c7f req-5f070d5b-b118-4e3b-acb1-5b563c547c7f ] Request (ServersV294TestFqdnHostnames:setUpClass): 201 POST http://10.180.1.21:9696/networking/v2.0/security-groups 0.257s
2025-03-07 02:28:31.540 68964 INFO tempest.lib.common.rest_client [req-6506d4f6-8afe-40ac-aa70-08ee2eaf393b req-6506d4f6-8afe-40ac-aa70-08ee2eaf393b ] Request (FlavorsV2TestJSON:tearDownClass): 201 POST http://10.180.1.21/identity/v3/auth/tokens 0.107s
2025-03-07 02:28:31.619 68918 INFO tempest.lib.common.rest_client [req-334f407b-725a-4818-b6c8-a5233a4e48c5 req-334f407b-725a-4818-b6c8-a5233a4e48c5 ] Request (AZV2TestJSON:tearDownClass): 204 DELETE http://10.180.1.21/identity/v3/projects/d9290f47b65045d0ba553888724f0680 0.184s
2025-03-07 02:28:31.652 68916 INFO tempest.lib.common.rest_client [req-ed024b1b-748b-4038-bf84-342ee970e5c1 req-ed024b1b-748b-4038-bf84-342ee970e5c1 ] Request (AttachInterfacesTestJSON:test_create_list_show_delete_interfaces_by_fixed_ip): 200 GET http://10.180.1.21/compute/v2.1/servers/14772ba8-bde2-42ef-9a37-df876c8af321 2.126s
2025-03-07 02:28:31.701 68948 INFO tempest.lib.common.rest_client [req-0d11118c-1d0c-4c99-9b52-ce23b3fe192a req-0d11118c-1d0c-4c99-9b52-ce23b3fe192a ] Request (FlavorsAccessNegativeTestJSON:tearDownClass): 204 DELETE http://10.180.1.21/identity/v3/users/93a2524c2b6b42ae838d86a91ddc357e 0.222s
2025-03-07 02:28:31.703 68972 INFO tempest.lib.common.rest_client [req-fcb068d1-f747-4602-b0ac-63ca81671054 req-fcb068d1-f747-4602-b0ac-63ca81671054 ] Request (ServersV294TestFqdnHostnames:setUpClass): 201 POST http://10.180.1.21:9696/networking/v2.0/security-group-rules 0.201s
2025-03-07 02:28:31.839 68918 INFO tempest.lib.common.rest_client [req-d25733bc-8616-4cc2-8706-ab669572ca32 req-d25733bc-8616-4cc2-8706-ab669572ca32 ] Request (ServersTestMultiNic:setUpClass): 201 POST http://10.180.1.21/identity/v3/auth/tokens 0.219s
2025-03-07 02:28:31.865 68960 INFO tempest.lib.common.rest_client [req-01df621b-c28f-4bfc-b3a8-ac136a98515c req-01df621b-c28f-4bfc-b3a8-ac136a98515c ] Request (QuotasAdminTestJSON:test_get_updated_quotas): 200 PUT http://10.180.1.21/compute/v2.1/os-quota-sets/2c754bdd68d248008325b33199ff1659 2.102s
2025-03-07 02:28:31.897 68948 INFO tempest.lib.common.rest_client [req-ca2204a4-eeef-441c-b882-d4fcb99b57af req-ca2204a4-eeef-441c-b882-d4fcb99b57af ] Request (FlavorsAccessNegativeTestJSON:tearDownClass): 204 DELETE http://10.180.1.21/identity/v3/users/ffcdb39ed2a34bf99ca364ba1333b469 0.196s
2025-03-07 02:28:31.917 68972 INFO tempest.lib.common.rest_client [req-395f6c45-55e6-42ed-afb9-9036ffee8ac2 req-395f6c45-55e6-42ed-afb9-9036ffee8ac2 ] Request (ServersV294TestFqdnHostnames:setUpClass): 201 POST http://10.180.1.21:9696/networking/v2.0/security-group-rules 0.213s
2025-03-07 02:28:31.935 68918 INFO tempest.lib.common.rest_client [req-d30c3386-fb67-4c77-9029-afbd705c0b1c req-d30c3386-fb67-4c77-9029-afbd705c0b1c ] Request (ServersTestMultiNic:setUpClass): 201 POST http://10.180.1.21/identity/v3/auth/tokens 0.092s
2025-03-07 02:28:32.019 68918 INFO tempest.lib.common.rest_client [req-3d299921-8aef-492b-9fbc-f8b8c79f8fd4 req-3d299921-8aef-492b-9fbc-f8b8c79f8fd4 ] Request (ServersTestMultiNic:setUpClass): 200 GET http://10.180.1.21/identity/v3/domains?name=Default 0.083s
2025-03-07 02:28:32.031 68948 INFO tempest.lib.common.rest_client [req-66ace407-2093-4362-b4c8-44dec6f46c03 req-66ace407-2093-4362-b4c8-44dec6f46c03 ] Request (FlavorsAccessNegativeTestJSON:tearDownClass): 204 DELETE http://10.180.1.21/identity/v3/users/7d784ee28a6b459580be2d0c5f9125f2 0.132s
2025-03-07 02:28:32.031 68948 INFO tempest.lib.common.dynamic_creds [-] Deleting project and security group for project: 4cc470a9cbe749d183336e76973f24b6
2025-03-07 02:28:32.075 68964 INFO tempest.lib.common.rest_client [req-fa7eb3f9-a95f-478d-af46-51c956bbf8a5 req-fa7eb3f9-a95f-478d-af46-51c956bbf8a5 ] Request (FlavorsV2TestJSON:tearDownClass): 200 GET http://10.180.1.21:9696/networking/v2.0/security-groups?tenant_id=5d73886434e64647a44b3db2e100608e&name=default 0.535s
2025-03-07 02:28:32.090 68918 INFO tempest.lib.common.rest_client [req-17c9a277-b284-47c6-ac35-db1de1a84578 req-17c9a277-b284-47c6-ac35-db1de1a84578 ] Request (ServersTestMultiNic:setUpClass): 201 POST http://10.180.1.21/identity/v3/projects 0.071s
2025-03-07 02:28:32.092 68976 INFO tempest.lib.common.rest_client [req-a2af6408-c303-422b-adc0-685e3ef24693 req-a2af6408-c303-422b-adc0-685e3ef24693 ] Request (ImagesMetadataTestJSON:test_delete_image_metadata_item): 204 DELETE http://10.180.1.21/compute/v2.1/images/48c8104c-1813-4790-a05a-03a2771f6ea0/metadata/os_version 2.111s
2025-03-07 02:28:32.094 68948 INFO tempest.lib.common.rest_client [req-99153711-19c6-43c2-9bd3-828fcac47c9f req-99153711-19c6-43c2-9bd3-828fcac47c9f ] Request (FlavorsAccessNegativeTestJSON:tearDownClass): 201 POST http://10.180.1.21/identity/v3/auth/tokens 0.062s
2025-03-07 02:28:32.142 68928 INFO tempest.lib.common.rest_client [req-4ba4d797-82f9-4175-91bb-b2fb8bf6e7f4 req-4ba4d797-82f9-4175-91bb-b2fb8bf6e7f4 ] Request (ListServerFiltersTestJSON:setUpClass): 202 POST http://10.180.1.21/compute/v2.1/servers 2.348s
2025-03-07 02:28:32.150 68918 INFO tempest.lib.common.rest_client [req-a2f59dad-3c28-445a-934e-37943f2866cb req-a2f59dad-3c28-445a-934e-37943f2866cb ] Request (ServersTestMultiNic:setUpClass): 201 POST http://10.180.1.21/identity/v3/users 0.058s
2025-03-07 02:28:32.151 68970 INFO tempest.lib.common.rest_client [req-05177bf3-03fe-4de0-aa0d-f72ab141e1fc req-05177bf3-03fe-4de0-aa0d-f72ab141e1fc ] Request (ServerTagsTestJSON:_run_cleanups): 204 DELETE http://10.180.1.21/compute/v2.1/servers/54af9c38-c8b6-4ef9-be63-de545dcc0da5/tags 1.962s
2025-03-07 02:28:32.179 68918 INFO tempest.lib.common.rest_client [req-a41c551f-cf64-4a24-bc92-e42c0b78f7f7 req-a41c551f-cf64-4a24-bc92-e42c0b78f7f7 ] Request (ServersTestMultiNic:setUpClass): 200 GET http://10.180.1.21/identity/v3/roles 0.029s
2025-03-07 02:28:32.209 68918 INFO tempest.lib.common.rest_client [req-e0a463d7-ed39-48a5-9f53-159ad6e680ff req-e0a463d7-ed39-48a5-9f53-159ad6e680ff ] Request (ServersTestMultiNic:setUpClass): 204 PUT http://10.180.1.21/identity/v3/projects/a20bc501951647abbd0c0d8e075312e2/users/bf59b87f634745d49969858624a7f9b9/roles/9b00c5de76014878b4a789f4dd02856a 0.029s
2025-03-07 02:28:32.209 68918 INFO tempest.lib.common.dynamic_creds [-] Dynamic test user bf59b87f634745d49969858624a7f9b9 is created with scope project and roles: ['member']
2025-03-07 02:28:32.209 68918 INFO tempest.lib.common.dynamic_creds [-] Acquired dynamic creds: credentials: Credentials: {'domain_id': 'default', 'domain_name': 'Default', 'username': 'tempest-ServersTestMultiNic-1356929959-project-member', 'project_domain_id': 'default', 'project_domain_name': 'Default', 'project_id': 'a20bc501951647abbd0c0d8e075312e2', 'project_name': 'tempest-ServersTestMultiNic-1356929959', 'tenant_id': 'a20bc501951647abbd0c0d8e075312e2', 'tenant_name': 'tempest-ServersTestMultiNic-1356929959', 'user_domain_id': 'default', 'user_domain_name': 'Default', 'user_id': 'bf59b87f634745d49969858624a7f9b9', 'system': None}, Network: None, Subnet: None, Router: None
2025-03-07 02:28:32.226 68936 INFO tempest.lib.common.rest_client [req-02ba04ea-41fe-4846-92cd-1cecca14a8e6 req-02ba04ea-41fe-4846-92cd-1cecca14a8e6 ] Request (ServersAdminNegativeTestJSON:setUpClass): 200 GET http://10.180.1.21/compute/v2.1/servers/be761cf1-0949-42c0-8a38-58af33113a03 1.995s
2025-03-07 02:28:32.279 68918 INFO tempest.lib.common.rest_client [req-caf0438c-7f24-4a49-bb34-57173333dcc6 req-caf0438c-7f24-4a49-bb34-57173333dcc6 ] Request (ServersTestMultiNic:setUpClass): 201 POST http://10.180.1.21/identity/v3/auth/tokens 0.069s
2025-03-07 02:28:32.374 68920 INFO tempest.lib.common.rest_client [req-8f42f658-7e80-4bcd-9f6d-e7897db225a8 req-8f42f658-7e80-4bcd-9f6d-e7897db225a8 ] Request (ImagesNegativeTestJSON:test_create_image_from_deleted_server): 200 GET http://10.180.1.21/compute/v2.1/servers/a5e993de-7aad-4b34-8946-563dc69a6f25 1.936s
2025-03-07 02:28:32.386 68956 INFO tempest.lib.common.rest_client [req-b8f418c7-748a-4e14-8f83-c5cd3ded960b req-b8f418c7-748a-4e14-8f83-c5cd3ded960b ] Request (MigrationsAdminTest:test_list_migrations_in_flavor_resize_situation): 200 GET http://10.180.1.21/compute/v2.1/servers/7617a7b1-3b21-4d38-b090-1d35bc74637b 2.094s
