2025-03-07 02:29:47.831 68956 INFO tempest.lib.common.rest_client [req-1feeab3a-e294-40ae-a606-dcc24de1c84d req-1feeab3a-e294-40ae-a606-dcc24de1c84d ] Request (MigrationsAdminTest:test_resize_server_revert_deleted_flavor): 200 GET http://10.180.1.21/compute/v2.1/servers/a09c4492-34fd-4010-b547-bfb5b61f252d 0.052s
2025-03-07 02:29:47.888 68960 INFO tempest.lib.common.rest_client [req-55b820e7-a1af-47cf-89c5-a9f75b744b88 req-55b820e7-a1af-47cf-89c5-a9f75b744b88 ] Request (AttachVolumeNegativeTest:test_attach_attached_volume_to_different_server): 200 GET http://10.180.1.21/compute/v2.1/servers/1b176c5d-e77c-410b-b282-b7bba65359a9 0.059s
2025-03-07 02:29:47.897 68952 INFO tempest.lib.common.rest_client [req-1090ed11-7efc-4237-b561-0df3f31f589f req-1090ed11-7efc-4237-b561-0df3f31f589f ] Request (ServerExternalEventsTest:tearDownClass): 204 DELETE http://10.180.1.21/identity/v3/users/da5a3343758e49ff81c9c1c6991cd96a 0.126s
2025-03-07 02:29:47.897 68952 INFO tempest.lib.common.dynamic_creds [-] Deleting project and security group for project: 023d02b642024c3296775115448dd1f6
2025-03-07 02:29:47.955 68952 INFO tempest.lib.common.rest_client [req-9bc6c32a-c219-4172-814a-6348a9c2cec0 req-9bc6c32a-c219-4172-814a-6348a9c2cec0 ] Request (ServerExternalEventsTest:tearDownClass): 201 POST http://10.180.1.21/identity/v3/auth/tokens 0.058s
2025-03-07 02:29:47.965 68976 INFO tempest.lib.common.rest_client [req-89c2dc71-4163-49d2-86e9-e208042fdd10 req-89c2dc71-4163-49d2-86e9-e208042fdd10 ] Request (ServersListShow2100Test:test_list_show_rebuild_update_server_2100): 200 GET http://10.180.1.21/compute/v2.1/servers/f43dae1e-3442-450a-b9e8-3884504a2b38 0.067s
2025-03-07 02:29:48.033 68944 INFO tempest.lib.common.rest_client [req-fc3a3ae5-71ff-4e50-bd4d-1575687c63e0 req-fc3a3ae5-71ff-4e50-bd4d-1575687c63e0 ] Request (AttachInterfacesV270Test:test_create_get_list_interfaces): 200 GET http://10.180.1.21/compute/v2.1/servers/ebd7dd7a-2565-45da-bf7a-b8047c54ebe4 0.084s
2025-03-07 02:29:48.139 68922 INFO tempest.lib.common.rest_client [req-b0bb7a0f-4159-4e44-8463-6a9fd3b4f09c req-b0bb7a0f-4159-4e44-8463-6a9fd3b4f09c ] Request (DeleteServersAdminTestJSON:test_delete_server_while_in_error_state): 200 GET http://10.180.1.21/compute/v2.1/servers/4eb4360a-46a8-440b-b300-4724c3497ff2 0.068s
2025-03-07 02:29:48.165 68952 INFO tempest.lib.common.rest_client [req-d42be7fe-6609-45c2-a33f-0068e40ab670 req-d42be7fe-6609-45c2-a33f-0068e40ab670 ] Request (ServerExternalEventsTest:tearDownClass): 200 GET http://10.180.1.21:9696/networking/v2.0/security-groups?tenant_id=023d02b642024c3296775115448dd1f6&name=default 0.209s
2025-03-07 02:29:48.206 68954 INFO tempest.lib.common.rest_client [req-71cb076d-1415-4805-8991-29dbd2816863 req-71cb076d-1415-4805-8991-29dbd2816863 ] Request (TenantUsagesTestJSON:setUpClass): 200 GET http://10.180.1.21/compute/v2.1/servers/a3b06e32-2670-4381-bb91-4597bfcabaa6 0.077s
2025-03-07 02:29:48.245 68952 INFO tempest.lib.common.rest_client [req-4762050b-3486-4d18-9075-c7bec4d80c42 req-4762050b-3486-4d18-9075-c7bec4d80c42 ] Request (ServerExternalEventsTest:tearDownClass): 204 DELETE http://10.180.1.21:9696/networking/v2.0/security-groups/ab32bda4-3634-4fc1-97c7-40224b376090 0.080s
2025-03-07 02:29:48.289 68940 INFO tempest.lib.common.rest_client [req-be01b47a-5ca7-4b3d-9e2c-e76ad7613427 req-be01b47a-5ca7-4b3d-9e2c-e76ad7613427 ] Request (FloatingIPsAssociationNegativeTestJSON:tearDownClass): 200 GET http://10.180.1.21/compute/v2.1/servers/32efc578-2cf9-4b61-bbaa-aa7031a04e33 0.079s
2025-03-07 02:29:48.320 68952 INFO tempest.lib.common.rest_client [req-adadf6b4-0047-4210-b3be-11b9c2a82906 req-adadf6b4-0047-4210-b3be-11b9c2a82906 ] Request (ServerExternalEventsTest:tearDownClass): 204 DELETE http://10.180.1.21/identity/v3/projects/023d02b642024c3296775115448dd1f6 0.074s
2025-03-07 02:29:48.321 68952 INFO tempest.lib.common.dynamic_creds [-] Deleting project and security group for project: 8eac6b2ae1244199a6b95bf7f595c5b7
2025-03-07 02:29:48.330 68966 INFO tempest.lib.common.rest_client [req-120c5080-7f97-45fb-894e-711a1de78eee req-120c5080-7f97-45fb-894e-711a1de78eee ] Request (ImagesOneServerTestJSON:tearDownClass): 200 GET http://10.180.1.21/compute/v2.1/servers/a5dedd3e-a544-4005-bc9b-0735267d6753 0.074s
2025-03-07 02:29:48.344 68942 INFO tempest.lib.common.rest_client [req-8cb62935-9a8c-4559-9b5e-4f5a08cead56 req-8cb62935-9a8c-4559-9b5e-4f5a08cead56 ] Request (ServerRescueTestJSONUnderV235:setUpClass): 200 GET http://10.180.1.21/compute/v2.1/servers/5294e1b6-f34f-4f91-aa3e-e0276ad982ee 0.055s
2025-03-07 02:29:48.407 68920 INFO tempest.lib.common.rest_client [req-5f870260-6e91-4667-aabd-5984d4ae8620 req-5f870260-6e91-4667-aabd-5984d4ae8620 ] Request (ServersTestBootFromVolume:setUpClass): 200 GET http://10.180.1.21/compute/v2.1/servers/039edcf8-7908-4be4-8bd3-0b55545b6f7b 0.053s
2025-03-07 02:29:48.522 68928 INFO tempest.lib.common.rest_client [req-c537b680-3bee-4d3f-a6c4-407416e742f7 req-c537b680-3bee-4d3f-a6c4-407416e742f7 ] Request (ListServerFiltersTestJSON:tearDownClass): 200 GET http://10.180.1.21/compute/v2.1/servers/f40d0f9a-ccd7-4ef0-914f-cc9bcc6507e8 0.066s
2025-03-07 02:29:48.582 68962 INFO tempest.lib.common.rest_client [req-84a4f0b6-cc02-4fd1-822d-070f7ee0bd3d req-84a4f0b6-cc02-4fd1-822d-070f7ee0bd3d ] Request (ImagesTestJSON:test_create_image_from_stopped_server): 200 GET http://10.180.1.21/compute/v2.1/servers/5a28d684-584b-4e13-9910-183119ce5d37 0.265s
2025-03-07 02:29:48.634 68926 INFO tempest.lib.common.rest_client [req-f0fbaddf-2164-49b5-8591-5638f3b34e58 req-f0fbaddf-2164-49b5-8591-5638f3b34e58 ] Request (ServersAdminTestJSON:setUpClass): 200 GET http://10.180.1.21/compute/v2.1/servers/9c0d1c2d-88ea-40be-aef1-43b37b4dca3e 0.137s
2025-03-07 02:29:48.659 68934 INFO tempest.lib.common.rest_client [req-69846f04-8695-4534-bc24-f56da44524d1 req-69846f04-8695-4534-bc24-f56da44524d1 ] Request (ServerActionsTestOtherA:test_rebuild_server_in_stop_state): 200 GET http://10.180.1.21/compute/v2.1/servers/24982641-40ec-4fab-8385-1bc9dea6ade1 0.137s
2025-03-07 02:29:48.685 68948 INFO tempest.lib.common.rest_client [req-09064417-8cf0-45de-b0a0-b130d07d7931 req-09064417-8cf0-45de-b0a0-b130d07d7931 ] Request (ServerPasswordTestJSON:setUpClass): 200 GET http://10.180.1.21/compute/v2.1/servers/7b0b6eec-4681-4926-ad3f-5572e022a467 0.129s
2025-03-07 02:29:48.721 68918 INFO tempest.lib.common.rest_client [req-10d5d09c-b602-4493-a992-be91dc110e26 req-10d5d09c-b602-4493-a992-be91dc110e26 ] Request (ServersTestMultiNic:test_verify_duplicate_network_nics): 200 GET http://10.180.1.21/compute/v2.1/servers/aaf0185b-1a85-4e0e-afb1-55e9e2417d76 0.150s
2025-03-07 02:29:48.733 68952 INFO tempest.lib.common.rest_client [req-1e4df76b-46bf-4d21-861b-b427743d62f5 req-1e4df76b-46bf-4d21-861b-b427743d62f5 ] Request (ServerExternalEventsTest:tearDownClass): 200 GET http://10.180.1.21:9696/networking/v2.0/security-groups?tenant_id=8eac6b2ae1244199a6b95bf7f595c5b7&name=default 0.412s
2025-03-07 02:29:48.757 68958 INFO tempest.lib.common.rest_client [req-ad6767a2-a2b0-455e-a6ea-3cbbfdb8bcc3 req-ad6767a2-a2b0-455e-a6ea-3cbbfdb8bcc3 ] Request (FloatingIPsAssociationTestJSON:tearDownClass): 200 GET http://10.180.1.21/compute/v2.1/servers/168c2937-f8ce-472f-b21f-e48eed909f43 0.119s
2025-03-07 02:29:48.782 68936 INFO tempest.lib.common.rest_client [req-084d1981-72bb-432c-a71a-e15c667bf9e4 req-084d1981-72bb-432c-a71a-e15c667bf9e4 ] Request (ServersAdminNegativeTestJSON:test_migrate_server_invalid_state): 200 GET http://10.180.1.21/compute/v2.1/servers/072be237-c51e-43d2-ad84-46122ef9f335 0.133s
2025-03-07 02:29:48.824 68914 INFO tempest.lib.common.rest_client [req-92710c2e-46c0-42c8-b8b1-9032857f7048 req-92710c2e-46c0-42c8-b8b1-9032857f7048 ] Request (ImagesOneServerNegativeTestJSON:_run_cleanups): 200 GET http://10.180.1.21/compute/v2.1/servers/2450602a-fde7-4a65-b7a2-be4195077758 0.128s
2025-03-07 02:29:48.865 68970 INFO tempest.lib.common.rest_client [req-9af8033d-b3ef-4b07-9ace-a7a8bf39c36b req-9af8033d-b3ef-4b07-9ace-a7a8bf39c36b ] Request (ServersListShow296Test:test_list_show_update_rebuild_server_296): 200 GET http://10.180.1.21/compute/v2.1/servers/06a1a44f-35ee-45d2-9503-23468150b72f 0.129s
2025-03-07 02:29:48.866 68932 INFO tempest.lib.common.rest_client [req-3c324cfd-23ea-463b-b2d4-72ba28cbe9d8 req-3c324cfd-23ea-463b-b2d4-72ba28cbe9d8 ] Request (ServerGroupTestJSON:setUpClass): 201 POST http://10.180.1.21:9696/networking/v2.0/routers 1.277s
2025-03-07 02:29:48.880 68964 INFO tempest.lib.common.rest_client [req-ceeb4625-cbcd-4247-8f00-fc5af8ff8f79 req-ceeb4625-cbcd-4247-8f00-fc5af8ff8f79 ] Request (ServersTestJSON:test_create_server_specify_multibyte_character_name): 200 GET http://10.180.1.21/compute/v2.1/servers/2fa9b930-c76c-4cac-a371-a6b9899dc71e 0.120s
2025-03-07 02:29:48.899 68952 INFO tempest.lib.common.rest_client [req-c10bcbdf-7897-4082-9814-885f0958dbd7 req-c10bcbdf-7897-4082-9814-885f0958dbd7 ] Request (ServerExternalEventsTest:tearDownClass): 204 DELETE http://10.180.1.21:9696/networking/v2.0/security-groups/24b63812-dedf-44f2-8153-a218c912fc74 0.165s
2025-03-07 02:29:48.925 68924 INFO tempest.lib.common.rest_client [req-179255c3-f9cf-4d77-b6a6-34867fe83b22 req-179255c3-f9cf-4d77-b6a6-34867fe83b22 ] Request (ServerShowV247Test:test_update_rebuild_list_server): 200 GET http://10.180.1.21/compute/v2.1/servers/b9736ec5-6332-4202-95d6-a3cd1d1f11d7 0.129s
2025-03-07 02:29:48.945 68938 INFO tempest.lib.common.rest_client [req-47ede6ea-6101-49bd-bd3f-9a3ab49cd210 req-47ede6ea-6101-49bd-bd3f-9a3ab49cd210 ] Request (MultipleCreateTestJSON:test_multiple_create_with_reservation_return): 200 GET http://10.180.1.21/compute/v2.1/servers/8992f062-c28f-4ac8-8d0d-0c51c3784e88 0.133s
2025-03-07 02:29:48.985 68956 INFO tempest.lib.common.rest_client [req-9f872c79-9d27-4e5e-8658-fc258ca27ad5 req-9f872c79-9d27-4e5e-8658-fc258ca27ad5 ] Request (MigrationsAdminTest:test_resize_server_revert_deleted_flavor): 200 GET http://10.180.1.21/compute/v2.1/servers/a09c4492-34fd-4010-b547-bfb5b61f252d 0.147s
2025-03-07 02:29:49.002 68960 INFO tempest.lib.common.rest_client [req-18cfa0df-cae3-4569-a1ef-2a9768353651 req-18cfa0df-cae3-4569-a1ef-2a9768353651 ] Request (AttachVolumeNegativeTest:test_attach_attached_volume_to_different_server): 200 GET http://10.180.1.21/compute/v2.1/servers/1b176c5d-e77c-410b-b282-b7bba65359a9 0.105s
2025-03-07 02:29:49.012 68952 INFO tempest.lib.common.rest_client [req-5a7fad1c-cb62-4e1f-b68a-76a62ab1689c req-5a7fad1c-cb62-4e1f-b68a-76a62ab1689c ] Request (ServerExternalEventsTest:tearDownClass): 204 DELETE http://10.180.1.21/identity/v3/projects/8eac6b2ae1244199a6b95bf7f595c5b7 0.112s
2025-03-07 02:29:49.012 68952 INFO tempest.lib.common.dynamic_creds [-] Deleting project and security group for project: 482784eedfe64606b2a9b86e31f0a20f
2025-03-07 02:29:49.036 68952 INFO tempest.lib.common.rest_client [req-ad5c7cdc-7c6a-4b6e-9ab7-6263edd7997e req-ad5c7cdc-7c6a-4b6e-9ab7-6263edd7997e ] Request (ServerExternalEventsTest:tearDownClass): 200 GET http://10.180.1.21:9696/networking/v2.0/security-groups?tenant_id=482784eedfe64606b2a9b86e31f0a20f&name=default 0.023s
2025-03-07 02:29:49.049 68976 INFO tempest.lib.common.rest_client [req-87708e58-2133-4b5c-a0dd-e7ab12497a46 req-87708e58-2133-4b5c-a0dd-e7ab12497a46 ] Request (ServersListShow2100Test:test_list_show_rebuild_update_server_2100): 200 GET http://10.180.1.21/compute/v2.1/servers/f43dae1e-3442-450a-b9e8-3884504a2b38 0.068s
2025-03-07 02:29:49.113 68944 INFO tempest.lib.common.rest_client [req-744d93c2-9e3c-4205-b805-340936977c50 req-744d93c2-9e3c-4205-b805-340936977c50 ] Request (AttachInterfacesV270Test:test_create_get_list_interfaces): 200 GET http://10.180.1.21/compute/v2.1/servers/ebd7dd7a-2565-45da-bf7a-b8047c54ebe4 0.069s
2025-03-07 02:29:49.133 68952 INFO tempest.lib.common.rest_client [req-a7cb4920-9f8b-4b24-ab12-0c8368a662cf req-a7cb4920-9f8b-4b24-ab12-0c8368a662cf ] Request (ServerExternalEventsTest:tearDownClass): 204 DELETE http://10.180.1.21:9696/networking/v2.0/security-groups/1dffe29a-26ed-47f9-ad8f-59a79e1f669b 0.097s
2025-03-07 02:29:49.187 68972 WARNING tempest.lib.common.ssh [-] Failed to establish authenticated ssh connection to cirros@10.180.180.241 ([Errno None] Unable to connect to port 22 on 10.180.180.241). Number attempts: 3. Retry after 4 seconds.: paramiko.ssh_exception.NoValidConnectionsError: [Errno None] Unable to connect to port 22 on 10.180.180.241
2025-03-07 02:29:49.218 68952 INFO tempest.lib.common.rest_client [req-f252eb48-9b9a-4916-9f59-69a6310e8763 req-f252eb48-9b9a-4916-9f59-69a6310e8763 ] Request (ServerExternalEventsTest:tearDownClass): 204 DELETE http://10.180.1.21/identity/v3/projects/482784eedfe64606b2a9b86e31f0a20f 0.084s
2025-03-07 02:29:49.221 68922 INFO tempest.lib.common.rest_client [req-71514497-1b19-4d74-8e3b-3e4553b414cf req-71514497-1b19-4d74-8e3b-3e4553b414cf ] Request (DeleteServersAdminTestJSON:test_delete_server_while_in_error_state): 200 GET http://10.180.1.21/compute/v2.1/servers/4eb4360a-46a8-440b-b300-4724c3497ff2 0.071s
2025-03-07 02:29:49.229 68922 INFO tempest.common.waiters [-] State transition "ERROR/deleting" ==> "DELETED/None" after 5 second wait
2025-03-07 02:29:49.280 68954 INFO tempest.lib.common.rest_client [req-58b15af5-2e61-4395-9888-ca817aeadb98 req-58b15af5-2e61-4395-9888-ca817aeadb98 ] Request (TenantUsagesTestJSON:setUpClass): 200 GET http://10.180.1.21/compute/v2.1/servers/a3b06e32-2670-4381-bb91-4597bfcabaa6 0.055s
2025-03-07 02:29:49.282 68952 INFO tempest.lib.common.rest_client [req-37d0ad3c-3c8f-4f30-93ad-67c2cbeff755 req-37d0ad3c-3c8f-4f30-93ad-67c2cbeff755 ] Request (SecurityGroupRulesNegativeTestJSON:setUpClass): 201 POST http://10.180.1.21/identity/v3/auth/tokens 0.063s
2025-03-07 02:29:49.312 68952 INFO tempest.lib.common.rest_client [req-883471bc-a582-421b-a445-e5f8ce34fc36 req-883471bc-a582-421b-a445-e5f8ce34fc36 ] Request (SecurityGroupRulesNegativeTestJSON:setUpClass): 201 POST http://10.180.1.21/identity/v3/auth/tokens 0.027s
2025-03-07 02:29:49.337 68952 INFO tempest.lib.common.rest_client [req-09e6afff-5a7a-4c7a-b441-0c207c62f0d2 req-09e6afff-5a7a-4c7a-b441-0c207c62f0d2 ] Request (SecurityGroupRulesNegativeTestJSON:setUpClass): 200 GET http://10.180.1.21/identity/v3/domains?name=Default 0.024s
2025-03-07 02:29:49.367 68952 INFO tempest.lib.common.rest_client [req-1a00f3f2-65b2-4191-8a34-53828880bcc9 req-1a00f3f2-65b2-4191-8a34-53828880bcc9 ] Request (SecurityGroupRulesNegativeTestJSON:setUpClass): 201 POST http://10.180.1.21/identity/v3/projects 0.030s
2025-03-07 02:29:49.373 68940 INFO tempest.lib.common.rest_client [req-4a8a4a1f-9f8f-4f4d-a95b-81ac3eb0d3df req-4a8a4a1f-9f8f-4f4d-a95b-81ac3eb0d3df ] Request (FloatingIPsAssociationNegativeTestJSON:tearDownClass): 200 GET http://10.180.1.21/compute/v2.1/servers/32efc578-2cf9-4b61-bbaa-aa7031a04e33 0.074s
2025-03-07 02:29:49.418 68966 INFO tempest.lib.common.rest_client [req-804d0770-f3ef-46e8-88d4-41fbc4031e74 req-804d0770-f3ef-46e8-88d4-41fbc4031e74 ] Request (ImagesOneServerTestJSON:tearDownClass): 200 GET http://10.180.1.21/compute/v2.1/servers/a5dedd3e-a544-4005-bc9b-0735267d6753 0.074s
2025-03-07 02:29:49.435 68942 INFO tempest.lib.common.rest_client [req-d12e1306-7d53-4f6d-9b3d-ff0fad702f5d req-d12e1306-7d53-4f6d-9b3d-ff0fad702f5d ] Request (ServerRescueTestJSONUnderV235:setUpClass): 200 GET http://10.180.1.21/compute/v2.1/servers/5294e1b6-f34f-4f91-aa3e-e0276ad982ee 0.077s
2025-03-07 02:29:49.439 68952 INFO tempest.lib.common.rest_client [req-2ece6e9d-48c9-4f25-8669-110b659da7b6 req-2ece6e9d-48c9-4f25-8669-110b659da7b6 ] Request (SecurityGroupRulesNegativeTestJSON:setUpClass): 201 POST http://10.180.1.21/identity/v3/users 0.071s
2025-03-07 02:29:49.444 68950 WARNING tempest.lib.common.ssh [-] Failed to establish authenticated ssh connection to cirros@10.180.180.240 ([Errno None] Unable to connect to port 22 on 10.180.180.240). Number attempts: 8. Retry after 9 seconds.: paramiko.ssh_exception.NoValidConnectionsError: [Errno None] Unable to connect to port 22 on 10.180.180.240
2025-03-07 02:29:49.464 68952 INFO tempest.lib.common.rest_client [req-dbe32e04-5b11-4fa3-b153-228098f38254 req-dbe32e04-5b11-4fa3-b153-228098f38254 ] Request (SecurityGroupRulesNegativeTestJSON:setUpClass): 200 GET http://10.180.1.21/identity/v3/roles 0.025s
2025-03-07 02:29:49.497 68920 INFO tempest.lib.common.rest_client [req-1b37a415-e021-4faf-994a-b39dfe21d213 req-1b37a415-e021-4faf-994a-b39dfe21d213 ] Request (ServersTestBootFromVolume:setUpClass): 200 GET http://10.180.1.21/compute/v2.1/servers/039edcf8-7908-4be4-8bd3-0b55545b6f7b 0.080s
2025-03-07 02:29:49.507 68952 INFO tempest.lib.common.rest_client [req-d01294e4-f0be-409d-ae64-9f6d970a9e4d req-d01294e4-f0be-409d-ae64-9f6d970a9e4d ] Request (SecurityGroupRulesNegativeTestJSON:setUpClass): 204 PUT http://10.180.1.21/identity/v3/projects/21f00b4ddd5c4397b25ad766cf2d7108/users/dbc3c21aea1a40d888c2eae1a7557a58/roles/9b00c5de76014878b4a789f4dd02856a 0.043s
2025-03-07 02:29:49.508 68952 INFO tempest.lib.common.dynamic_creds [-] Dynamic test user dbc3c21aea1a40d888c2eae1a7557a58 is created with scope project and roles: ['member']
2025-03-07 02:29:49.508 68952 INFO tempest.lib.common.dynamic_creds [-] Acquired dynamic creds: credentials: Credentials: {'domain_id': 'default', 'domain_name': 'Default', 'username': 'tempest-SecurityGroupRulesNegativeTestJSON-41643788-project-member', 'project_domain_id': 'default', 'project_domain_name': 'Default', 'project_id': '21f00b4ddd5c4397b25ad766cf2d7108', 'project_name': 'tempest-SecurityGroupRulesNegativeTestJSON-41643788', 'tenant_id': '21f00b4ddd5c4397b25ad766cf2d7108', 'tenant_name': 'tempest-SecurityGroupRulesNegativeTestJSON-41643788', 'user_domain_id': 'default', 'user_domain_name': 'Default', 'user_id': 'dbc3c21aea1a40d888c2eae1a7557a58', 'system': None}, Network: None, Subnet: None, Router: None
2025-03-07 02:29:49.589 68952 INFO tempest.lib.common.rest_client [req-4f15b1fe-6c00-4767-933e-1d640d5a7160 req-4f15b1fe-6c00-4767-933e-1d640d5a7160 ] Request (SecurityGroupRulesNegativeTestJSON:setUpClass): 201 POST http://10.180.1.21/identity/v3/auth/tokens 0.080s
2025-03-07 02:29:49.632 68928 INFO tempest.lib.common.rest_client [req-de22912e-7f49-4c60-9ee3-63b453d75333 req-de22912e-7f49-4c60-9ee3-63b453d75333 ] Request (ListServerFiltersTestJSON:tearDownClass): 200 GET http://10.180.1.21/compute/v2.1/servers/f40d0f9a-ccd7-4ef0-914f-cc9bcc6507e8 0.100s
2025-03-07 02:29:49.646 68928 INFO tempest.common.waiters [-] State transition "ACTIVE/deleting" ==> "DELETED/None" after 4 second wait
2025-03-07 02:29:49.661 68962 INFO tempest.lib.common.rest_client [req-4a0fcaac-bca5-4549-9594-9f2b3236c193 req-4a0fcaac-bca5-4549-9594-9f2b3236c193 ] Request (ImagesTestJSON:test_create_image_from_stopped_server): 200 GET http://10.180.1.21/compute/v2.1/servers/5a28d684-584b-4e13-9910-183119ce5d37 0.067s
2025-03-07 02:29:49.729 68934 INFO tempest.lib.common.rest_client [req-092ea464-445b-45ff-89af-7d5e490a395c req-092ea464-445b-45ff-89af-7d5e490a395c ] Request (ServerActionsTestOtherA:test_rebuild_server_in_stop_state): 200 GET http://10.180.1.21/compute/v2.1/servers/24982641-40ec-4fab-8385-1bc9dea6ade1 0.059s
2025-03-07 02:29:49.778 68948 INFO tempest.lib.common.rest_client [req-751a7b93-b13a-4bb9-bdbd-6e1a6e377871 req-751a7b93-b13a-4bb9-bdbd-6e1a6e377871 ] Request (ServerPasswordTestJSON:setUpClass): 200 GET http://10.180.1.21/compute/v2.1/servers/7b0b6eec-4681-4926-ad3f-5572e022a467 0.077s
2025-03-07 02:29:49.805 68926 INFO tempest.lib.common.rest_client [req-bd8bd955-b53b-4dc7-a98f-9639beaad04b req-bd8bd955-b53b-4dc7-a98f-9639beaad04b ] Request (ServersAdminTestJSON:setUpClass): 200 GET http://10.180.1.21/compute/v2.1/servers/9c0d1c2d-88ea-40be-aef1-43b37b4dca3e 0.160s
2025-03-07 02:29:49.828 68918 INFO tempest.lib.common.rest_client [req-41cf294b-754b-4bd3-897d-27bdaf5b1acc req-41cf294b-754b-4bd3-897d-27bdaf5b1acc ] Request (ServersTestMultiNic:test_verify_duplicate_network_nics): 200 GET http://10.180.1.21/compute/v2.1/servers/aaf0185b-1a85-4e0e-afb1-55e9e2417d76 0.096s
2025-03-07 02:29:49.830 68932 INFO tempest.lib.common.rest_client [req-27d0ab48-e6cf-49df-b752-ae8156b25fc4 req-27d0ab48-e6cf-49df-b752-ae8156b25fc4 ] Request (ServerGroupTestJSON:setUpClass): 200 PUT http://10.180.1.21:9696/networking/v2.0/routers/8abae31d-285f-4f70-8c11-7f184ad3b150/add_router_interface 0.964s
2025-03-07 02:29:49.830 68932 INFO tempest.lib.common.dynamic_creds [-] Created isolated network resources for: credentials: Credentials: {'domain_id': 'default', 'domain_name': 'Default', 'username': 'tempest-ServerGroupTestJSON-1115903510-project-member', 'project_domain_id': 'default', 'project_domain_name': 'Default', 'project_id': '8ea76bfe01094fc98e951d13b1f9876b', 'project_name': 'tempest-ServerGroupTestJSON-1115903510', 'tenant_id': '8ea76bfe01094fc98e951d13b1f9876b', 'tenant_name': 'tempest-ServerGroupTestJSON-1115903510', 'user_domain_id': 'default', 'user_domain_name': 'Default', 'user_id': '13e77db5ee304787b700dada68320c3a', 'system': None}, Network: {'id': 'b4599e42-4e62-4120-aef1-de4365371f9f', 'name': 'tempest-ServerGroupTestJSON-1543432383-network', 'tenant_id': '8ea76bfe01094fc98e951d13b1f9876b', 'admin_state_up': True, 'mtu': 8950, 'status': 'ACTIVE', 'subnets': [], 'shared': False, 'project_id': '8ea76bfe01094fc98e951d13b1f9876b', 'port_security_enabled': True, 'router:external': False, 'provider:network_type': 'vlan', 'provider:physical_network': 'default', 'provider:segmentation_id': 149, 'availability_zone_hints': [], 'availability_zones': [], 'ipv4_address_scope': None, 'ipv6_address_scope': None, 'description': '', 'tags': [], 'created_at': '2025-03-07T02:29:47Z', 'updated_at': '2025-03-07T02:29:47Z', 'revision_number': 1}, Subnet: {'id': '53cf4d93-1ceb-4438-82a1-19a2eedd7e5b', 'name': 'tempest-ServerGroupTestJSON-1543432383-subnet', 'tenant_id': '8ea76bfe01094fc98e951d13b1f9876b', 'network_id': 'b4599e42-4e62-4120-aef1-de4365371f9f', 'ip_version': 4, 'subnetpool_id': None, 'enable_dhcp': True, 'ipv6_ra_mode': None, 'ipv6_address_mode': None, 'gateway_ip': '192.168.128.1', 'cidr': '192.168.128.0/28', 'allocation_pools': [{'start': '192.168.128.2', 'end': '192.168.128.14'}], 'host_routes': [], 'dns_nameservers': [], 'description': '', 'router:external': False, 'service_types': [], 'tags': [], 'created_at': '2025-03-07T02:29:47Z', 'updated_at': '2025-03-07T02:29:47Z', 'revision_number': 0, 'project_id': '8ea76bfe01094fc98e951d13b1f9876b'}, Router: {'id': '8abae31d-285f-4f70-8c11-7f184ad3b150', 'name': 'tempest-ServerGroupTestJSON-1543432383-router', 'tenant_id': '8ea76bfe01094fc98e951d13b1f9876b', 'admin_state_up': True, 'status': 'ACTIVE', 'external_gateway_info': {'network_id': '425e26ff-485d-46a7-a850-b33b002e6f83', 'external_fixed_ips': [{'subnet_id': '958c653a-67a3-4d0c-9063-68e2bdf391bd', 'ip_address': '10.180.180.208'}], 'enable_snat': True}, 'description': '', 'availability_zones': [], 'distributed': False, 'ha': False, 'availability_zone_hints': [], 'routes': [], 'flavor_id': None, 'tags': [], 'created_at': '2025-03-07T02:29:47Z', 'updated_at': '2025-03-07T02:29:48Z', 'revision_number': 2, 'project_id': '8ea76bfe01094fc98e951d13b1f9876b'}
2025-03-07 02:29:49.869 68958 INFO tempest.lib.common.rest_client [req-bcaab241-6d87-45aa-9120-455b2883f1f7 req-bcaab241-6d87-45aa-9120-455b2883f1f7 ] Request (FloatingIPsAssociationTestJSON:tearDownClass): 200 GET http://10.180.1.21/compute/v2.1/servers/168c2937-f8ce-472f-b21f-e48eed909f43 0.100s
2025-03-07 02:29:49.886 68936 INFO tempest.lib.common.rest_client [req-9ff32fed-ab53-4df1-868f-4a116f5ac4a9 req-9ff32fed-ab53-4df1-868f-4a116f5ac4a9 ] Request (ServersAdminNegativeTestJSON:test_migrate_server_invalid_state): 200 GET http://10.180.1.21/compute/v2.1/servers/072be237-c51e-43d2-ad84-46122ef9f335 0.089s
2025-03-07 02:29:49.907 68946 WARNING tempest.lib.common.ssh [-] Failed to establish authenticated ssh connection to cirros@10.180.180.239 ([Errno None] Unable to connect to port 22 on 10.180.180.239). Number attempts: 8. Retry after 9 seconds.: paramiko.ssh_exception.NoValidConnectionsError: [Errno None] Unable to connect to port 22 on 10.180.180.239
2025-03-07 02:29:49.936 68914 INFO tempest.lib.common.rest_client [req-45e59434-60ce-403b-af68-2c5961264d8c req-45e59434-60ce-403b-af68-2c5961264d8c ] Request (ImagesOneServerNegativeTestJSON:_run_cleanups): 200 GET http://10.180.1.21/compute/v2.1/servers/2450602a-fde7-4a65-b7a2-be4195077758 0.102s
2025-03-07 02:29:49.966 68952 INFO tempest.lib.common.rest_client [req-c3bb3c4d-d045-44b0-9b96-68273b5d8352 req-c3bb3c4d-d045-44b0-9b96-68273b5d8352 ] Request (SecurityGroupRulesNegativeTestJSON:setUpClass): 201 POST http://10.180.1.21:9696/networking/v2.0/networks 0.377s
2025-03-07 02:29:49.976 68932 INFO tempest.lib.common.rest_client [req-32c76d27-fa52-437b-bedc-5cac21cebb34 req-32c76d27-fa52-437b-bedc-5cac21cebb34 ] Request (ServerGroupTestJSON:setUpClass): 201 POST http://10.180.1.21/identity/v3/auth/tokens 0.142s
2025-03-07 02:29:49.977 68970 INFO tempest.lib.common.rest_client [req-2551ffeb-12b5-4d25-9bba-a69828921d78 req-2551ffeb-12b5-4d25-9bba-a69828921d78 ] Request (ServersListShow296Test:test_list_show_update_rebuild_server_296): 200 GET http://10.180.1.21/compute/v2.1/servers/06a1a44f-35ee-45d2-9503-23468150b72f 0.099s
2025-03-07 02:29:50.011 68964 INFO tempest.lib.common.rest_client [req-261070fc-19e2-403c-8464-2d28110e45bf req-261070fc-19e2-403c-8464-2d28110e45bf ] Request (ServersTestJSON:test_create_server_specify_multibyte_character_name): 200 GET http://10.180.1.21/compute/v2.1/servers/2fa9b930-c76c-4cac-a371-a6b9899dc71e 0.101s
2025-03-07 02:29:50.020 68924 INFO tempest.lib.common.rest_client [req-d66b52cd-37d7-4a83-a84a-3c668bd51b65 req-d66b52cd-37d7-4a83-a84a-3c668bd51b65 ] Request (ServerShowV247Test:test_update_rebuild_list_server): 200 GET http://10.180.1.21/compute/v2.1/servers/b9736ec5-6332-4202-95d6-a3cd1d1f11d7 0.084s
2025-03-07 02:29:50.149 68932 INFO tempest.lib.common.rest_client [req-90664cb1-5328-46d6-900e-01bac9a42316 req-90664cb1-5328-46d6-900e-01bac9a42316 ] Request (ServerGroupTestJSON:setUp): 200 POST http://10.180.1.21/compute/v2.1/os-server-groups 0.172s
2025-03-07 02:29:50.206 68956 INFO tempest.lib.common.rest_client [req-2ce65869-57fd-4068-a022-35b6b39c3e15 req-2ce65869-57fd-4068-a022-35b6b39c3e15 ] Request (MigrationsAdminTest:test_resize_server_revert_deleted_flavor): 200 GET http://10.180.1.21/compute/v2.1/servers/a09c4492-34fd-4010-b547-bfb5b61f252d 0.207s
2025-03-07 02:29:50.253 68960 INFO tempest.lib.common.rest_client [req-8428a4d0-73ea-4a3c-bfa5-ee1a8fe9e322 req-8428a4d0-73ea-4a3c-bfa5-ee1a8fe9e322 ] Request (AttachVolumeNegativeTest:test_attach_attached_volume_to_different_server): 200 GET http://10.180.1.21/compute/v2.1/servers/1b176c5d-e77c-410b-b282-b7bba65359a9 0.240s
2025-03-07 02:29:50.294 68938 INFO tempest.lib.common.rest_client [req-e7eaafe6-150d-4a76-8d3a-054e5e0fb248 req-e7eaafe6-150d-4a76-8d3a-054e5e0fb248 ] Request (MultipleCreateTestJSON:test_multiple_create_with_reservation_return): 200 GET http://10.180.1.21/compute/v2.1/servers/8992f062-c28f-4ac8-8d0d-0c51c3784e88 0.341s
2025-03-07 02:29:50.317 68976 INFO tempest.lib.common.rest_client [req-93c55ba5-e7d1-4d10-9c1f-f773b7d9eb98 req-93c55ba5-e7d1-4d10-9c1f-f773b7d9eb98 ] Request (ServersListShow2100Test:test_list_show_rebuild_update_server_2100): 200 GET http://10.180.1.21/compute/v2.1/servers/f43dae1e-3442-450a-b9e8-3884504a2b38 0.255s
2025-03-07 02:29:50.349 68944 INFO tempest.lib.common.rest_client [req-cd099003-e90b-42a4-967c-ccf253aae2b3 req-cd099003-e90b-42a4-967c-ccf253aae2b3 ] Request (AttachInterfacesV270Test:test_create_get_list_interfaces): 200 GET http://10.180.1.21/compute/v2.1/servers/ebd7dd7a-2565-45da-bf7a-b8047c54ebe4 0.226s
2025-03-07 02:29:50.367 68932 INFO tempest.lib.common.rest_client [req-d8974f7f-47a8-44b8-ae1f-99c4721b0088 req-d8974f7f-47a8-44b8-ae1f-99c4721b0088 ] Request (ServerGroupTestJSON:test_create_delete_multiple_server_groups_with_same_name_policy): 200 POST http://10.180.1.21/compute/v2.1/os-server-groups 0.216s
2025-03-07 02:29:50.393 68952 INFO tempest.lib.common.rest_client [req-45662a20-20b9-4241-a843-6da884638e29 req-45662a20-20b9-4241-a843-6da884638e29 ] Request (SecurityGroupRulesNegativeTestJSON:setUpClass): 201 POST http://10.180.1.21:9696/networking/v2.0/subnets 0.426s
2025-03-07 02:29:50.413 68922 INFO tempest.lib.common.rest_client [req-a2cc936a-3d72-4f17-b388-070abb6e6ca5 req-a2cc936a-3d72-4f17-b388-070abb6e6ca5 ] Request (DeleteServersAdminTestJSON:test_delete_server_while_in_error_state): 200 GET http://10.180.1.21/compute/v2.1/servers/4eb4360a-46a8-440b-b300-4724c3497ff2 0.182s
2025-03-07 02:29:50.456 68954 INFO tempest.lib.common.rest_client [req-631e505f-6ba1-45cd-8eb3-38716a17b8a1 req-631e505f-6ba1-45cd-8eb3-38716a17b8a1 ] Request (TenantUsagesTestJSON:setUpClass): 200 GET http://10.180.1.21/compute/v2.1/servers/a3b06e32-2670-4381-bb91-4597bfcabaa6 0.168s
2025-03-07 02:29:50.471 68932 INFO tempest.lib.common.rest_client [req-863ec5fd-5008-44d5-acb2-ce3742a4ec52 req-863ec5fd-5008-44d5-acb2-ce3742a4ec52 ] Request (ServerGroupTestJSON:test_create_delete_multiple_server_groups_with_same_name_policy): 200 POST http://10.180.1.21/compute/v2.1/os-server-groups 0.103s
2025-03-07 02:29:50.536 68940 INFO tempest.lib.common.rest_client [req-dfdd9c39-32d2-47ce-ae30-cb80f9033f13 req-dfdd9c39-32d2-47ce-ae30-cb80f9033f13 ] Request (FloatingIPsAssociationNegativeTestJSON:tearDownClass): 200 GET http://10.180.1.21/compute/v2.1/servers/32efc578-2cf9-4b61-bbaa-aa7031a04e33 0.152s
2025-03-07 02:29:50.539 68966 INFO tempest.lib.common.rest_client [req-9665db71-f9a6-4ed3-bc42-5a7d58977db1 req-9665db71-f9a6-4ed3-bc42-5a7d58977db1 ] Request (ImagesOneServerTestJSON:tearDownClass): 200 GET http://10.180.1.21/compute/v2.1/servers/a5dedd3e-a544-4005-bc9b-0735267d6753 0.109s
2025-03-07 02:29:50.573 68932 INFO tempest.lib.common.rest_client [req-5c712ca8-1a4e-4eb4-aefe-93e1902754b6 req-5c712ca8-1a4e-4eb4-aefe-93e1902754b6 ] Request (ServerGroupTestJSON:test_create_delete_multiple_server_groups_with_same_name_policy): 204 DELETE http://10.180.1.21/compute/v2.1/os-server-groups/d257d8a6-2e39-4045-8769-743a98cd1a81 0.099s
2025-03-07 02:29:50.609 68942 INFO tempest.lib.common.rest_client [req-d4838fbc-96c0-4f2c-8733-c52291e49116 req-d4838fbc-96c0-4f2c-8733-c52291e49116 ] Request (ServerRescueTestJSONUnderV235:setUpClass): 200 GET http://10.180.1.21/compute/v2.1/servers/5294e1b6-f34f-4f91-aa3e-e0276ad982ee 0.160s
2025-03-07 02:29:50.624 68932 INFO tempest.lib.common.rest_client [req-8de41b79-0db8-4110-93d9-7cbe9d888aa5 req-8de41b79-0db8-4110-93d9-7cbe9d888aa5 ] Request (ServerGroupTestJSON:test_create_delete_multiple_server_groups_with_same_name_policy): 200 GET http://10.180.1.21/compute/v2.1/os-server-groups 0.051s
2025-03-07 02:29:50.627 68920 INFO tempest.lib.common.rest_client [req-560d55ee-6ce1-48f6-8e1a-b14308c58c19 req-560d55ee-6ce1-48f6-8e1a-b14308c58c19 ] Request (ServersTestBootFromVolume:setUpClass): 200 GET http://10.180.1.21/compute/v2.1/servers/039edcf8-7908-4be4-8bd3-0b55545b6f7b 0.121s
2025-03-07 02:29:50.657 68932 INFO tempest.lib.common.rest_client [req-977b7613-1064-4dc8-a4e3-39cadc88c691 req-977b7613-1064-4dc8-a4e3-39cadc88c691 ] Request (ServerGroupTestJSON:test_create_delete_multiple_server_groups_with_same_name_policy): 204 DELETE http://10.180.1.21/compute/v2.1/os-server-groups/384f5126-8cbf-4e5c-90ca-48f8b82c5af0 0.029s
2025-03-07 02:29:50.668 68932 INFO tempest.lib.common.rest_client [req-e0240dea-f49c-4117-9a23-b103167638fb req-e0240dea-f49c-4117-9a23-b103167638fb ] Request (ServerGroupTestJSON:test_create_delete_multiple_server_groups_with_same_name_policy): 200 GET http://10.180.1.21/compute/v2.1/os-server-groups 0.010s
2025-03-07 02:29:50.731 68928 INFO tempest.lib.common.rest_client [req-21821686-fa65-4043-908e-2924d427e87d req-21821686-fa65-4043-908e-2924d427e87d ] Request (ListServerFiltersTestJSON:tearDownClass): 200 GET http://10.180.1.21/compute/v2.1/servers/f40d0f9a-ccd7-4ef0-914f-cc9bcc6507e8 0.083s
2025-03-07 02:29:50.731 68962 INFO tempest.lib.common.rest_client [req-e70b7434-bd65-459b-b608-80996f9f7a14 req-e70b7434-bd65-459b-b608-80996f9f7a14 ] Request (ImagesTestJSON:test_create_image_from_stopped_server): 200 GET http://10.180.1.21/compute/v2.1/servers/5a28d684-584b-4e13-9910-183119ce5d37 0.062s
2025-03-07 02:29:50.794 68932 INFO tempest.lib.common.rest_client [req-c61fa3fd-094c-43e6-be54-df3ea941449b req-c61fa3fd-094c-43e6-be54-df3ea941449b ] Request (ServerGroupTestJSON:test_create_delete_server_group_with_affinity_policy): 200 POST http://10.180.1.21/compute/v2.1/os-server-groups 0.117s
2025-03-07 02:29:50.801 68934 INFO tempest.lib.common.rest_client [req-599a686e-15f7-4336-9b3b-6ce20054d4a8 req-599a686e-15f7-4336-9b3b-6ce20054d4a8 ] Request (ServerActionsTestOtherA:test_rebuild_server_in_stop_state): 200 GET http://10.180.1.21/compute/v2.1/servers/24982641-40ec-4fab-8385-1bc9dea6ade1 0.064s
2025-03-07 02:29:50.817 68932 INFO tempest.lib.common.rest_client [req-6b84c0c5-5a0c-47c1-8c1c-0085b458bad4 req-6b84c0c5-5a0c-47c1-8c1c-0085b458bad4 ] Request (ServerGroupTestJSON:test_create_delete_server_group_with_affinity_policy): 204 DELETE http://10.180.1.21/compute/v2.1/os-server-groups/e1cd3403-bcc1-4fcd-a403-cab3a654d3f0 0.022s
2025-03-07 02:29:50.852 68948 INFO tempest.lib.common.rest_client [req-b571ef9e-4379-4aef-88ca-b15b03711d66 req-b571ef9e-4379-4aef-88ca-b15b03711d66 ] Request (ServerPasswordTestJSON:setUpClass): 200 GET http://10.180.1.21/compute/v2.1/servers/7b0b6eec-4681-4926-ad3f-5572e022a467 0.063s
2025-03-07 02:29:50.870 68932 INFO tempest.lib.common.rest_client [req-6b56e019-a188-4f92-bfca-2f2817177155 req-6b56e019-a188-4f92-bfca-2f2817177155 ] Request (ServerGroupTestJSON:test_create_delete_server_group_with_affinity_policy): 200 GET http://10.180.1.21/compute/v2.1/os-server-groups 0.053s
2025-03-07 02:29:51.020 68918 INFO tempest.lib.common.rest_client [req-e4322cab-009a-43c0-b7fd-5d5436fbdc57 req-e4322cab-009a-43c0-b7fd-5d5436fbdc57 ] Request (ServersTestMultiNic:test_verify_duplicate_network_nics): 200 GET http://10.180.1.21/compute/v2.1/servers/aaf0185b-1a85-4e0e-afb1-55e9e2417d76 0.183s
2025-03-07 02:29:51.035 68918 INFO tempest.common.waiters [-] State transition "BUILD/None" ==> "BUILD/networking" after 66 second wait
2025-03-07 02:29:51.055 68926 INFO tempest.lib.common.rest_client [req-41b1eac1-21e1-4aff-aeab-f65d52829cb9 req-41b1eac1-21e1-4aff-aeab-f65d52829cb9 ] Request (ServersAdminTestJSON:setUpClass): 200 GET http://10.180.1.21/compute/v2.1/servers/9c0d1c2d-88ea-40be-aef1-43b37b4dca3e 0.242s
2025-03-07 02:29:51.104 68932 INFO tempest.lib.common.rest_client [req-32bc57ff-63be-4ec8-9834-c0eb22d13c78 req-32bc57ff-63be-4ec8-9834-c0eb22d13c78 ] Request (ServerGroupTestJSON:test_create_delete_server_group_with_anti_affinity_policy): 200 POST http://10.180.1.21/compute/v2.1/os-server-groups 0.230s
2025-03-07 02:29:51.131 68958 INFO tempest.lib.common.rest_client [req-f2b7f7d6-9301-4c80-b8c8-457fb8b187b6 req-f2b7f7d6-9301-4c80-b8c8-457fb8b187b6 ] Request (FloatingIPsAssociationTestJSON:tearDownClass): 200 GET http://10.180.1.21/compute/v2.1/servers/168c2937-f8ce-472f-b21f-e48eed909f43 0.249s
2025-03-07 02:29:51.155 68936 INFO tempest.lib.common.rest_client [req-3853401b-785f-4300-9e7a-74bea483bf68 req-3853401b-785f-4300-9e7a-74bea483bf68 ] Request (ServersAdminNegativeTestJSON:test_migrate_server_invalid_state): 200 GET http://10.180.1.21/compute/v2.1/servers/072be237-c51e-43d2-ad84-46122ef9f335 0.255s
2025-03-07 02:29:51.189 68914 INFO tempest.lib.common.rest_client [req-0e47d654-42c3-4235-bd02-90621d952b79 req-0e47d654-42c3-4235-bd02-90621d952b79 ] Request (ImagesOneServerNegativeTestJSON:_run_cleanups): 200 GET http://10.180.1.21/compute/v2.1/servers/2450602a-fde7-4a65-b7a2-be4195077758 0.245s
2025-03-07 02:29:51.211 68970 INFO tempest.lib.common.rest_client [req-c99e5c1d-64d6-45bd-aaa4-44e8fb89b499 req-c99e5c1d-64d6-45bd-aaa4-44e8fb89b499 ] Request (ServersListShow296Test:test_list_show_update_rebuild_server_296): 200 GET http://10.180.1.21/compute/v2.1/servers/06a1a44f-35ee-45d2-9503-23468150b72f 0.222s
2025-03-07 02:29:51.257 68964 INFO tempest.lib.common.rest_client [req-d3deeaf1-7d7e-4b77-a0bf-23474e2dd27e req-d3deeaf1-7d7e-4b77-a0bf-23474e2dd27e ] Request (ServersTestJSON:test_create_server_specify_multibyte_character_name): 200 GET http://10.180.1.21/compute/v2.1/servers/2fa9b930-c76c-4cac-a371-a6b9899dc71e 0.238s
2025-03-07 02:29:51.263 68924 INFO tempest.lib.common.rest_client [req-43a1fd9a-551b-4d83-968c-ffeef0bafbac req-43a1fd9a-551b-4d83-968c-ffeef0bafbac ] Request (ServerShowV247Test:test_update_rebuild_list_server): 200 GET http://10.180.1.21/compute/v2.1/servers/b9736ec5-6332-4202-95d6-a3cd1d1f11d7 0.232s
2025-03-07 02:29:51.278 68932 INFO tempest.lib.common.rest_client [req-d8674965-764b-4b34-9fd2-36c6685c5ee6 req-d8674965-764b-4b34-9fd2-36c6685c5ee6 ] Request (ServerGroupTestJSON:test_create_delete_server_group_with_anti_affinity_policy): 204 DELETE http://10.180.1.21/compute/v2.1/os-server-groups/7618a590-4478-49d7-b78c-501e93dcd393 0.173s
2025-03-07 02:29:51.314 68956 INFO tempest.lib.common.rest_client [req-0cd12e16-e5b2-4249-82d9-e11da6d84a8c req-0cd12e16-e5b2-4249-82d9-e11da6d84a8c ] Request (MigrationsAdminTest:test_resize_server_revert_deleted_flavor): 200 GET http://10.180.1.21/compute/v2.1/servers/a09c4492-34fd-4010-b547-bfb5b61f252d 0.094s
2025-03-07 02:29:51.322 68932 INFO tempest.lib.common.rest_client [req-1cb5c60d-2603-48ad-a348-3496a38a795b req-1cb5c60d-2603-48ad-a348-3496a38a795b ] Request (ServerGroupTestJSON:test_create_delete_server_group_with_anti_affinity_policy): 200 GET http://10.180.1.21/compute/v2.1/os-server-groups 0.044s
2025-03-07 02:29:51.331 68960 INFO tempest.lib.common.rest_client [req-4b080758-4119-4496-89aa-96b2d93edda4 req-4b080758-4119-4496-89aa-96b2d93edda4 ] Request (AttachVolumeNegativeTest:test_attach_attached_volume_to_different_server): 200 GET http://10.180.1.21/compute/v2.1/servers/1b176c5d-e77c-410b-b282-b7bba65359a9 0.071s
2025-03-07 02:29:51.367 68938 INFO tempest.lib.common.rest_client [req-3f3e433c-e2b4-4c4e-8115-a44c7628b337 req-3f3e433c-e2b4-4c4e-8115-a44c7628b337 ] Request (MultipleCreateTestJSON:test_multiple_create_with_reservation_return): 200 GET http://10.180.1.21/compute/v2.1/servers/8992f062-c28f-4ac8-8d0d-0c51c3784e88 0.066s
2025-03-07 02:29:51.368 68932 INFO tempest.lib.common.rest_client [req-ecff42b2-49b1-44ce-bf2f-8b13c30a07f4 req-ecff42b2-49b1-44ce-bf2f-8b13c30a07f4 ] Request (ServerGroupTestJSON:test_create_server_with_scheduler_hint_group): 201 POST http://10.180.1.21/identity/v3/auth/tokens 0.040s
2025-03-07 02:29:51.369 68932 INFO tempest.lib.common.fixed_network [-] (ServerGroupTestJSON:test_create_server_with_scheduler_hint_group) Found network {'id': 'b4599e42-4e62-4120-aef1-de4365371f9f', 'name': 'tempest-ServerGroupTestJSON-1543432383-network', 'tenant_id': '8ea76bfe01094fc98e951d13b1f9876b', 'admin_state_up': True, 'mtu': 8950, 'status': 'ACTIVE', 'subnets': [], 'shared': False, 'project_id': '8ea76bfe01094fc98e951d13b1f9876b', 'port_security_enabled': True, 'router:external': False, 'provider:network_type': 'vlan', 'provider:physical_network': 'default', 'provider:segmentation_id': 149, 'availability_zone_hints': [], 'availability_zones': [], 'ipv4_address_scope': None, 'ipv6_address_scope': None, 'description': '', 'tags': [], 'created_at': '2025-03-07T02:29:47Z', 'updated_at': '2025-03-07T02:29:47Z', 'revision_number': 1} available for tenant
2025-03-07 02:29:51.420 68976 INFO tempest.lib.common.rest_client [req-6030310d-1ae8-4ea5-bf9d-c393a3af4393 req-6030310d-1ae8-4ea5-bf9d-c393a3af4393 ] Request (ServersListShow2100Test:test_list_show_rebuild_update_server_2100): 200 GET http://10.180.1.21/compute/v2.1/servers/f43dae1e-3442-450a-b9e8-3884504a2b38 0.082s
2025-03-07 02:29:51.426 68944 INFO tempest.lib.common.rest_client [req-ec501acb-407c-4fe3-b9b9-5aae3cfbc14d req-ec501acb-407c-4fe3-b9b9-5aae3cfbc14d ] Request (AttachInterfacesV270Test:test_create_get_list_interfaces): 200 GET http://10.180.1.21/compute/v2.1/servers/ebd7dd7a-2565-45da-bf7a-b8047c54ebe4 0.065s
2025-03-07 02:29:51.488 68922 INFO tempest.lib.common.rest_client [req-62dd50c3-0c82-4d88-af42-6914b55ccde3 req-62dd50c3-0c82-4d88-af42-6914b55ccde3 ] Request (DeleteServersAdminTestJSON:test_delete_server_while_in_error_state): 200 GET http://10.180.1.21/compute/v2.1/servers/4eb4360a-46a8-440b-b300-4724c3497ff2 0.067s
2025-03-07 02:29:51.550 68954 INFO tempest.lib.common.rest_client [req-931717ca-5e83-4de8-aadc-8dd65c66c2f4 req-931717ca-5e83-4de8-aadc-8dd65c66c2f4 ] Request (TenantUsagesTestJSON:setUpClass): 200 GET http://10.180.1.21/compute/v2.1/servers/a3b06e32-2670-4381-bb91-4597bfcabaa6 0.083s
2025-03-07 02:29:51.630 68940 INFO tempest.lib.common.rest_client [req-f4b4f0c3-d4e7-474a-8e07-0c5f69527df1 req-f4b4f0c3-d4e7-474a-8e07-0c5f69527df1 ] Request (FloatingIPsAssociationNegativeTestJSON:tearDownClass): 200 GET http://10.180.1.21/compute/v2.1/servers/32efc578-2cf9-4b61-bbaa-aa7031a04e33 0.085s
2025-03-07 02:29:51.646 68952 INFO tempest.lib.common.rest_client [req-b61b499e-f3f3-4bd4-891c-0e508d68308a req-b61b499e-f3f3-4bd4-891c-0e508d68308a ] Request (SecurityGroupRulesNegativeTestJSON:setUpClass): 201 POST http://10.180.1.21:9696/networking/v2.0/routers 1.252s
2025-03-07 02:29:51.694 68966 INFO tempest.lib.common.rest_client [req-c7a007bd-162b-417a-9ad0-3391c8f9fa0e req-c7a007bd-162b-417a-9ad0-3391c8f9fa0e ] Request (ImagesOneServerTestJSON:tearDownClass): 200 GET http://10.180.1.21/compute/v2.1/servers/a5dedd3e-a544-4005-bc9b-0735267d6753 0.145s
2025-03-07 02:29:51.753 68942 INFO tempest.lib.common.rest_client [req-4bdcc335-565c-4f47-874e-fe19a7e53545 req-4bdcc335-565c-4f47-874e-fe19a7e53545 ] Request (ServerRescueTestJSONUnderV235:setUpClass): 200 GET http://10.180.1.21/compute/v2.1/servers/5294e1b6-f34f-4f91-aa3e-e0276ad982ee 0.134s
2025-03-07 02:29:51.827 68920 INFO tempest.lib.common.rest_client [req-b9e350a4-1896-47ad-9a49-533301be9020 req-b9e350a4-1896-47ad-9a49-533301be9020 ] Request (ServersTestBootFromVolume:setUpClass): 200 GET http://10.180.1.21/compute/v2.1/servers/039edcf8-7908-4be4-8bd3-0b55545b6f7b 0.193s
2025-03-07 02:29:51.881 68962 INFO tempest.lib.common.rest_client [req-a9875e0c-6409-4896-b754-cae98196985d req-a9875e0c-6409-4896-b754-cae98196985d ] Request (ImagesTestJSON:test_create_image_from_stopped_server): 200 GET http://10.180.1.21/compute/v2.1/servers/5a28d684-584b-4e13-9910-183119ce5d37 0.141s
2025-03-07 02:29:51.924 68932 INFO tempest.lib.common.rest_client [req-3ff98091-c80f-4a4d-82d2-f5725e4967ef req-3ff98091-c80f-4a4d-82d2-f5725e4967ef ] Request (ServerGroupTestJSON:test_create_server_with_scheduler_hint_group): 202 POST http://10.180.1.21/compute/v2.1/servers 0.555s
2025-03-07 02:29:51.953 68928 INFO tempest.lib.common.rest_client [req-6ad5b5b6-1e63-4e14-b70e-9d83ae8f97ee req-6ad5b5b6-1e63-4e14-b70e-9d83ae8f97ee ] Request (ListServerFiltersTestJSON:tearDownClass): 200 GET http://10.180.1.21/compute/v2.1/servers/f40d0f9a-ccd7-4ef0-914f-cc9bcc6507e8 0.210s
2025-03-07 02:29:51.984 68934 INFO tempest.lib.common.rest_client [req-a31dc79e-50f4-4075-8fcf-45e97922e7d6 req-a31dc79e-50f4-4075-8fcf-45e97922e7d6 ] Request (ServerActionsTestOtherA:test_rebuild_server_in_stop_state): 200 GET http://10.180.1.21/compute/v2.1/servers/24982641-40ec-4fab-8385-1bc9dea6ade1 0.174s
2025-03-07 02:29:52.013 68948 INFO tempest.lib.common.rest_client [req-48627a44-10d1-4570-ac44-35e8baf87d46 req-48627a44-10d1-4570-ac44-35e8baf87d46 ] Request (ServerPasswordTestJSON:setUpClass): 200 GET http://10.180.1.21/compute/v2.1/servers/7b0b6eec-4681-4926-ad3f-5572e022a467 0.151s
2025-03-07 02:29:52.031 68932 INFO tempest.lib.common.rest_client [req-ac54776a-55a7-4872-abc6-fb44b30117c8 req-ac54776a-55a7-4872-abc6-fb44b30117c8 ] Request (ServerGroupTestJSON:test_create_server_with_scheduler_hint_group): 200 GET http://10.180.1.21/compute/v2.1/servers/da306fdd-a5b4-4275-a482-f77cc008d780 0.105s
2025-03-07 02:29:52.191 68926 INFO tempest.lib.common.rest_client [req-fb0fda9f-e388-405c-b6f8-632e3bd2f0eb req-fb0fda9f-e388-405c-b6f8-632e3bd2f0eb ] Request (ServersAdminTestJSON:setUpClass): 200 GET http://10.180.1.21/compute/v2.1/servers/9c0d1c2d-88ea-40be-aef1-43b37b4dca3e 0.124s
2025-03-07 02:29:52.196 68974 WARNING tempest.lib.common.ssh [-] Failed to establish authenticated ssh connection to cirros@10.180.180.236 ([Errno None] Unable to connect to port 22 on 10.180.180.236). Number attempts: 9. Retry after 10 seconds.: paramiko.ssh_exception.NoValidConnectionsError: [Errno None] Unable to connect to port 22 on 10.180.180.236
2025-03-07 02:29:52.234 68918 INFO tempest.lib.common.rest_client [req-45d656ae-4925-4acd-b82b-db55d185c708 req-45d656ae-4925-4acd-b82b-db55d185c708 ] Request (ServersTestMultiNic:test_verify_duplicate_network_nics): 200 GET http://10.180.1.21/compute/v2.1/servers/aaf0185b-1a85-4e0e-afb1-55e9e2417d76 0.198s
2025-03-07 02:29:52.242 68918 INFO tempest.common.waiters [-] State transition "BUILD/networking" ==> "BUILD/spawning" after 67 second wait
2025-03-07 02:29:52.267 68958 INFO tempest.lib.common.rest_client [req-8b615a9e-d0d6-413c-a469-724286de1ee8 req-8b615a9e-d0d6-413c-a469-724286de1ee8 ] Request (FloatingIPsAssociationTestJSON:tearDownClass): 200 GET http://10.180.1.21/compute/v2.1/servers/168c2937-f8ce-472f-b21f-e48eed909f43 0.127s
2025-03-07 02:29:52.288 68936 INFO tempest.lib.common.rest_client [req-d1d88a16-f4be-438c-874d-a03b6d8177ba req-d1d88a16-f4be-438c-874d-a03b6d8177ba ] Request (ServersAdminNegativeTestJSON:test_migrate_server_invalid_state): 200 GET http://10.180.1.21/compute/v2.1/servers/072be237-c51e-43d2-ad84-46122ef9f335 0.123s
2025-03-07 02:29:52.331 68914 INFO tempest.lib.common.rest_client [req-0f1b428b-5782-4df8-aaeb-d3d66f18b7bc req-0f1b428b-5782-4df8-aaeb-d3d66f18b7bc ] Request (ImagesOneServerNegativeTestJSON:_run_cleanups): 200 GET http://10.180.1.21/compute/v2.1/servers/2450602a-fde7-4a65-b7a2-be4195077758 0.134s
2025-03-07 02:29:52.353 68970 INFO tempest.lib.common.rest_client [req-d1a32615-f1cb-4a5c-a56e-04a8a653f941 req-d1a32615-f1cb-4a5c-a56e-04a8a653f941 ] Request (ServersListShow296Test:test_list_show_update_rebuild_server_296): 200 GET http://10.180.1.21/compute/v2.1/servers/06a1a44f-35ee-45d2-9503-23468150b72f 0.130s
2025-03-07 02:29:52.393 68964 INFO tempest.lib.common.rest_client [req-688872c2-aec4-4dca-b195-6fe7ae4c60b0 req-688872c2-aec4-4dca-b195-6fe7ae4c60b0 ] Request (ServersTestJSON:test_create_server_specify_multibyte_character_name): 200 GET http://10.180.1.21/compute/v2.1/servers/2fa9b930-c76c-4cac-a371-a6b9899dc71e 0.124s
2025-03-07 02:29:52.423 68924 INFO tempest.lib.common.rest_client [req-8f4350eb-c80f-4d67-b517-dce03fa10e4e req-8f4350eb-c80f-4d67-b517-dce03fa10e4e ] Request (ServerShowV247Test:test_update_rebuild_list_server): 200 GET http://10.180.1.21/compute/v2.1/servers/b9736ec5-6332-4202-95d6-a3cd1d1f11d7 0.144s
2025-03-07 02:29:52.445 68956 INFO tempest.lib.common.rest_client [req-cccf1597-dcce-415d-b738-4bdd6557e427 req-cccf1597-dcce-415d-b738-4bdd6557e427 ] Request (MigrationsAdminTest:test_resize_server_revert_deleted_flavor): 200 GET http://10.180.1.21/compute/v2.1/servers/a09c4492-34fd-4010-b547-bfb5b61f252d 0.123s
2025-03-07 02:29:52.484 68960 INFO tempest.lib.common.rest_client [req-e3494f73-b0d0-4b86-9eda-07559bbbbaae req-e3494f73-b0d0-4b86-9eda-07559bbbbaae ] Request (AttachVolumeNegativeTest:test_attach_attached_volume_to_different_server): 200 GET http://10.180.1.21/compute/v2.1/servers/1b176c5d-e77c-410b-b282-b7bba65359a9 0.145s
2025-03-07 02:29:52.490 68938 INFO tempest.lib.common.rest_client [req-77eee5ec-3ddd-453a-90f1-795ee2e66d45 req-77eee5ec-3ddd-453a-90f1-795ee2e66d45 ] Request (MultipleCreateTestJSON:test_multiple_create_with_reservation_return): 200 GET http://10.180.1.21/compute/v2.1/servers/8992f062-c28f-4ac8-8d0d-0c51c3784e88 0.113s
2025-03-07 02:29:52.548 68944 INFO tempest.lib.common.rest_client [req-f2b86e60-4044-43ef-9056-b0d87815254f req-f2b86e60-4044-43ef-9056-b0d87815254f ] Request (AttachInterfacesV270Test:test_create_get_list_interfaces): 200 GET http://10.180.1.21/compute/v2.1/servers/ebd7dd7a-2565-45da-bf7a-b8047c54ebe4 0.103s
2025-03-07 02:29:52.555 68976 INFO tempest.lib.common.rest_client [req-1ff0dbfc-ec9d-4bdf-a8d7-05784f46d891 req-1ff0dbfc-ec9d-4bdf-a8d7-05784f46d891 ] Request (ServersListShow2100Test:test_list_show_rebuild_update_server_2100): 200 GET http://10.180.1.21/compute/v2.1/servers/f43dae1e-3442-450a-b9e8-3884504a2b38 0.112s
2025-03-07 02:29:52.608 68922 INFO tempest.lib.common.rest_client [req-ffadf68e-22c1-4c71-a13f-7a393d0b6372 req-ffadf68e-22c1-4c71-a13f-7a393d0b6372 ] Request (DeleteServersAdminTestJSON:test_delete_server_while_in_error_state): 200 GET http://10.180.1.21/compute/v2.1/servers/4eb4360a-46a8-440b-b300-4724c3497ff2 0.108s
2025-03-07 02:29:52.617 68954 INFO tempest.lib.common.rest_client [req-94f497fc-dc37-4b63-a1d0-b979403e631d req-94f497fc-dc37-4b63-a1d0-b979403e631d ] Request (TenantUsagesTestJSON:setUpClass): 200 GET http://10.180.1.21/compute/v2.1/servers/a3b06e32-2670-4381-bb91-4597bfcabaa6 0.054s
2025-03-07 02:29:52.644 68916 WARNING tempest.lib.common.ssh [-] Failed to establish authenticated ssh connection to cirros@10.180.180.137 ([Errno None] Unable to connect to port 22 on 10.180.180.137). Number attempts: 9. Retry after 10 seconds.: paramiko.ssh_exception.NoValidConnectionsError: [Errno None] Unable to connect to port 22 on 10.180.180.137
2025-03-07 02:29:52.665 68952 INFO tempest.lib.common.rest_client [req-a85c2454-337f-4bd3-a552-af6334707a4b req-a85c2454-337f-4bd3-a552-af6334707a4b ] Request (SecurityGroupRulesNegativeTestJSON:setUpClass): 200 PUT http://10.180.1.21:9696/networking/v2.0/routers/4792fa03-e629-47ee-a9f9-509a5b5fc034/add_router_interface 1.019s
