2025-02-19 21:09:04.776 63536 INFO tempest.lib.common.rest_client [req-c5729aa1-3ed3-4290-b0d0-8edd6b8f8bf2 req-c5729aa1-3ed3-4290-b0d0-8edd6b8f8bf2 ] Request (ServerMetadataNegativeTestJSON:setUpClass): 200 GET http://10.180.1.21/compute/v2.1/servers/da96af86-8be7-40e7-b087-54f6a9ce57b0 0.196s
2025-02-19 21:09:04.777 63520 INFO tempest.lib.common.rest_client [req-6705ace6-3c9c-42a4-94da-2bf4435d1c35 req-6705ace6-3c9c-42a4-94da-2bf4435d1c35 ] Request (ServerDiskConfigTestJSON:test_rebuild_server_with_manual_disk_config): 200 GET http://10.180.1.21/compute/v2.1/servers/3251800d-7e48-4db8-803b-d87bcf788fc8 0.197s
2025-02-19 21:09:04.844 63554 INFO tempest.lib.common.rest_client [req-91a35073-766c-4427-ba2e-c0cf1fbaac73 req-91a35073-766c-4427-ba2e-c0cf1fbaac73 ] Request (ServersTestBootFromVolume:setUpClass): 200 GET http://10.180.1.21/compute/v2.1/servers/70b20377-15df-429a-a592-776148d2a91c 0.200s
2025-02-19 21:09:04.848 63528 INFO tempest.lib.common.rest_client [req-1878054b-a5a7-4a27-a0e3-9d28de4fadbc req-1878054b-a5a7-4a27-a0e3-9d28de4fadbc ] Request (AttachInterfacesTestJSON:test_create_list_show_delete_interfaces_by_fixed_ip): 200 GET http://10.180.1.21/compute/v2.1/servers/5d66c323-0aca-4844-af50-3dbf4c6808ba 0.158s
2025-02-19 21:09:04.926 63574 INFO tempest.lib.common.rest_client [req-da5c2b8c-5747-4078-90d4-0cd84d5a3512 req-da5c2b8c-5747-4078-90d4-0cd84d5a3512 ] Request (ServerPasswordTestJSON:tearDownClass): 200 GET http://10.180.1.21/compute/v2.1/servers/9ba80fa2-0cf3-43a6-9d68-19abc3dc682a 0.186s
2025-02-19 21:09:05.018 63534 INFO tempest.lib.common.rest_client [req-43f4d6cf-c6c4-463c-ad31-ead4988bcd4e req-43f4d6cf-c6c4-463c-ad31-ead4988bcd4e ] Request (ServersNegativeTestJSON:setUpClass): 200 GET http://10.180.1.21/compute/v2.1/servers/267d6b19-61b1-4def-8f99-3aaffbb6a915 0.192s
2025-02-19 21:09:05.085 63566 INFO tempest.lib.common.rest_client [req-8e93017f-ce88-42ea-b845-0d0b5074482d req-8e93017f-ce88-42ea-b845-0d0b5074482d ] Request (ListServersNegativeTestJSON:tearDownClass): 200 GET http://10.180.1.21/compute/v2.1/servers/921035fb-b893-46bb-9fb6-a7649d0de22f 0.257s
2025-02-19 21:09:05.099 63532 INFO tempest.lib.common.rest_client [req-cdd552a5-b15d-47a0-af54-2a794fd2d9eb req-cdd552a5-b15d-47a0-af54-2a794fd2d9eb ] Request (ServersV294TestFqdnHostnames:setUpClass): 200 GET http://10.180.1.21/compute/v2.1/servers/6746c7d4-49f4-43d2-833d-3a3c65fd8a8d 0.408s
2025-02-19 21:09:05.112 63532 INFO tempest.common.waiters [-] State transition "BUILD/networking" ==> "BUILD/spawning" after 78 second wait
2025-02-19 21:09:05.143 63544 INFO tempest.lib.common.rest_client [req-9d73178a-7575-4efc-bf13-9baf02dd0ece req-9d73178a-7575-4efc-bf13-9baf02dd0ece ] Request (ServerExternalEventsTest:test_create_server_external_events): 200 GET http://10.180.1.21/compute/v2.1/servers/2210579f-827e-4473-80e0-23650e888445 0.259s
2025-02-19 21:09:05.303 63556 INFO tempest.lib.common.rest_client [req-b7be96bb-77fe-476e-a2bc-6d959810303b req-b7be96bb-77fe-476e-a2bc-6d959810303b ] Request (InstanceActionsTestJSON:setUpClass): 200 GET http://10.180.1.21/compute/v2.1/servers/ec68d6ed-2076-4e7a-9aff-abea17c3bced 0.071s
2025-02-19 21:09:05.306 63550 INFO tempest.lib.common.rest_client [req-ce381d09-1b8b-486f-8541-7a21ff450bef req-ce381d09-1b8b-486f-8541-7a21ff450bef ] Request (ImagesNegativeTestJSON:test_create_image_from_deleted_server): 200 GET http://10.180.1.21/compute/v2.1/servers/965da06c-b4bf-443f-a7a4-bdb16a9ecb61 0.083s
2025-02-19 21:09:05.393 63568 INFO tempest.lib.common.rest_client [req-d8fd9aca-8f82-46b6-9b14-f6a6d6199127 req-d8fd9aca-8f82-46b6-9b14-f6a6d6199127 ] Request (ImagesTestJSON:test_create_server_from_snapshot): 200 GET http://10.180.1.21/compute/v2.1/servers/53bb3fab-5289-4abe-ae4b-43547891513e 0.097s
2025-02-19 21:09:05.405 63524 INFO tempest.lib.common.rest_client [req-50670319-9103-4997-88b3-479264448a43 req-50670319-9103-4997-88b3-479264448a43 ] Request (ServersNegativeTestMultiTenantJSON:tearDownClass): 200 GET http://10.180.1.21/compute/v2.1/servers/f9bff899-5a16-4798-a571-3874e32e810a 0.098s
2025-02-19 21:09:05.491 63538 INFO tempest.lib.common.rest_client [req-ccfa0f6e-732a-41d2-bffa-55dd89ebf493 req-ccfa0f6e-732a-41d2-bffa-55dd89ebf493 ] Request (ServersTestMultiNic:test_verify_multiple_nics_order): 200 GET http://10.180.1.21/compute/v2.1/servers/457ae21b-5f93-42f4-9672-a80ed7406da2 0.099s
2025-02-19 21:09:05.503 63542 INFO tempest.lib.common.rest_client [req-1868e6ac-519e-483b-9dcf-bf20af5658e3 req-1868e6ac-519e-483b-9dcf-bf20af5658e3 ] Request (ServersAdminNegativeTestJSON:tearDownClass): 200 GET http://10.180.1.21/compute/v2.1/servers/6960a521-685b-4c29-95da-799aafa9bac9 0.109s
2025-02-19 21:09:05.569 63572 INFO tempest.lib.common.rest_client [req-e7501a87-09d0-4a40-af25-6c9c1ae5127c req-e7501a87-09d0-4a40-af25-6c9c1ae5127c ] Request (ServersTestJSON:_run_cleanups): 200 GET http://10.180.1.21/compute/v2.1/servers/151e37de-37cc-4200-8a43-b36108b552d6 0.083s
2025-02-19 21:09:05.638 63560 INFO tempest.lib.common.rest_client [req-6feabed8-936e-4976-91b5-2305527ce65b req-6feabed8-936e-4976-91b5-2305527ce65b ] Request (ServerDiagnosticsNegativeTest:test_get_server_diagnostics_by_non_admin): 200 GET http://10.180.1.21/compute/v2.1/servers/d55a78ea-d29b-420f-a149-c164794fe66d 0.070s
2025-02-19 21:09:05.758 63558 INFO tempest.lib.common.rest_client [req-503602e5-ebc1-40e0-baec-6b3c2929353f req-503602e5-ebc1-40e0-baec-6b3c2929353f ] Request (AttachVolumeShelveTestJSON:test_attach_volume_shelved_or_offload_server): 200 GET http://10.180.1.21/compute/v2.1/servers/2abaf9f0-6739-4cd3-8400-d204d059565d 0.100s
2025-02-19 21:09:05.793 63540 WARNING tempest.lib.common.ssh [-] Failed to establish authenticated ssh connection to cirros@10.180.180.168 ([Errno None] Unable to connect to port 22 on 10.180.180.168). Number attempts: 2. Retry after 3 seconds.: paramiko.ssh_exception.NoValidConnectionsError: [Errno None] Unable to connect to port 22 on 10.180.180.168
2025-02-19 21:09:05.803 63546 INFO tempest.lib.common.rest_client [req-3d220333-4bdc-4c59-8063-0be17e371938 req-3d220333-4bdc-4c59-8063-0be17e371938 ] Request (ServersAdminTestJSON:test_inject_network_info): 200 GET http://10.180.1.21/compute/v2.1/servers/33ed2db3-9161-4e72-b35c-11caf9cb00b7 0.194s
2025-02-19 21:09:05.809 63562 INFO tempest.lib.common.rest_client [req-2b2af752-c429-45f2-a8af-6ddde034daab req-2b2af752-c429-45f2-a8af-6ddde034daab ] Request (ServerMetadataTestJSON:tearDownClass): 200 PUT http://10.180.1.21:9696/networking/v2.0/routers/bed38467-cb22-4f98-ab5c-94cccd9d1bcc/remove_router_interface 1.969s
2025-02-19 21:09:05.839 63578 INFO tempest.lib.common.rest_client [req-2f09ff1c-1b8f-4446-bdfe-f3e7a365d82c req-2f09ff1c-1b8f-4446-bdfe-f3e7a365d82c ] Request (ServerActionsV293TestJSON:setUpClass): 200 GET http://10.180.1.21/compute/v2.1/servers/16c2f860-6415-43e5-bfea-55dcc6c4b5fc 0.123s
2025-02-19 21:09:05.871 63580 INFO tempest.lib.common.rest_client [req-928113d9-bb21-4cc0-a411-6102a198c5cb req-928113d9-bb21-4cc0-a411-6102a198c5cb ] Request (MigrationsAdminTest:test_resize_server_revert_deleted_flavor): 200 GET http://10.180.1.21/compute/v2.1/servers/caedd33a-6164-45d0-8722-6b775f20fd9c 0.153s
2025-02-19 21:09:05.895 63536 INFO tempest.lib.common.rest_client [req-025385ca-0f9c-4a32-a439-902ff426b2c4 req-025385ca-0f9c-4a32-a439-902ff426b2c4 ] Request (ServerMetadataNegativeTestJSON:setUpClass): 200 GET http://10.180.1.21/compute/v2.1/servers/da96af86-8be7-40e7-b087-54f6a9ce57b0 0.110s
2025-02-19 21:09:05.928 63520 INFO tempest.lib.common.rest_client [req-1e020d39-a4cc-4ad0-85f6-cbdf7d69017b req-1e020d39-a4cc-4ad0-85f6-cbdf7d69017b ] Request (ServerDiskConfigTestJSON:test_rebuild_server_with_manual_disk_config): 200 GET http://10.180.1.21/compute/v2.1/servers/3251800d-7e48-4db8-803b-d87bcf788fc8 0.143s
2025-02-19 21:09:05.964 63528 INFO tempest.lib.common.rest_client [req-37679f6f-6f12-44ad-a8b2-d9cc67361101 req-37679f6f-6f12-44ad-a8b2-d9cc67361101 ] Request (AttachInterfacesTestJSON:test_create_list_show_delete_interfaces_by_fixed_ip): 200 GET http://10.180.1.21/compute/v2.1/servers/5d66c323-0aca-4844-af50-3dbf4c6808ba 0.107s
2025-02-19 21:09:05.988 63554 INFO tempest.lib.common.rest_client [req-04e2ec57-4aaa-4854-8db1-01e2fe2652ca req-04e2ec57-4aaa-4854-8db1-01e2fe2652ca ] Request (ServersTestBootFromVolume:setUpClass): 200 GET http://10.180.1.21/compute/v2.1/servers/70b20377-15df-429a-a592-776148d2a91c 0.130s
2025-02-19 21:09:06.000 63577 INFO tempest.lib.common.rest_client [req-b4e9d7f2-b5da-43ae-8cc5-2e2c8714c1c2 req-b4e9d7f2-b5da-43ae-8cc5-2e2c8714c1c2 ] Request (InstanceActionsNegativeTestJSON:tearDownClass): 200 PUT http://10.180.1.21:9696/networking/v2.0/routers/5161e677-c634-4319-834a-4e3b21c0468d/remove_router_interface 2.064s
2025-02-19 21:09:06.046 63574 INFO tempest.lib.common.rest_client [req-19dfc0bc-fd0d-45de-8585-cd50fb279fb6 req-19dfc0bc-fd0d-45de-8585-cd50fb279fb6 ] Request (ServerPasswordTestJSON:tearDownClass): 200 GET http://10.180.1.21/compute/v2.1/servers/9ba80fa2-0cf3-43a6-9d68-19abc3dc682a 0.113s
2025-02-19 21:09:06.115 63566 INFO tempest.lib.common.rest_client [req-53c1973c-0ba2-45e0-bbd3-ca87690c8742 req-53c1973c-0ba2-45e0-bbd3-ca87690c8742 ] Request (ListServersNegativeTestJSON:tearDownClass): 404 GET http://10.180.1.21/compute/v2.1/servers/921035fb-b893-46bb-9fb6-a7649d0de22f 0.023s
2025-02-19 21:09:06.339 63534 INFO tempest.lib.common.rest_client [req-58b45d2f-5f11-40a3-b2b3-bf4634c34340 req-58b45d2f-5f11-40a3-b2b3-bf4634c34340 ] Request (ServersNegativeTestJSON:setUpClass): 200 GET http://10.180.1.21/compute/v2.1/servers/267d6b19-61b1-4def-8f99-3aaffbb6a915 0.313s
2025-02-19 21:09:06.357 63566 INFO tempest.lib.common.rest_client [req-8f105164-bc5a-4273-935a-bd4439fbb108 req-8f105164-bc5a-4273-935a-bd4439fbb108 ] Request (ListServersNegativeTestJSON:tearDownClass): 404 GET http://10.180.1.21/compute/v2.1/servers/76228faa-6d02-41d3-b99d-053423e3180c 0.241s
2025-02-19 21:09:06.437 63544 INFO tempest.lib.common.rest_client [req-37008e2b-0498-4493-a487-4cc3af297175 req-37008e2b-0498-4493-a487-4cc3af297175 ] Request (ServerExternalEventsTest:test_create_server_external_events): 200 GET http://10.180.1.21/compute/v2.1/servers/2210579f-827e-4473-80e0-23650e888445 0.286s
2025-02-19 21:09:06.506 63532 INFO tempest.lib.common.rest_client [req-621bc7a1-7335-4dfc-8eb1-39867873a10d req-621bc7a1-7335-4dfc-8eb1-39867873a10d ] Request (ServersV294TestFqdnHostnames:setUpClass): 200 GET http://10.180.1.21/compute/v2.1/servers/6746c7d4-49f4-43d2-833d-3a3c65fd8a8d 0.393s
2025-02-19 21:09:06.520 63556 INFO tempest.lib.common.rest_client [req-64fd1ea8-65ab-4eea-aaf9-549d4fff063f req-64fd1ea8-65ab-4eea-aaf9-549d4fff063f ] Request (InstanceActionsTestJSON:setUpClass): 200 GET http://10.180.1.21/compute/v2.1/servers/ec68d6ed-2076-4e7a-9aff-abea17c3bced 0.205s
2025-02-19 21:09:06.588 63550 INFO tempest.lib.common.rest_client [req-0f11c0c3-460b-49f8-80f8-d8537237441c req-0f11c0c3-460b-49f8-80f8-d8537237441c ] Request (ImagesNegativeTestJSON:test_create_image_from_deleted_server): 200 GET http://10.180.1.21/compute/v2.1/servers/965da06c-b4bf-443f-a7a4-bdb16a9ecb61 0.272s
2025-02-19 21:09:06.599 63568 INFO tempest.lib.common.rest_client [req-03e32f27-d7fd-4490-98b7-a5a13ff7c105 req-03e32f27-d7fd-4490-98b7-a5a13ff7c105 ] Request (ImagesTestJSON:test_create_server_from_snapshot): 200 GET http://10.180.1.21/compute/v2.1/servers/53bb3fab-5289-4abe-ae4b-43547891513e 0.194s
2025-02-19 21:09:06.664 63524 INFO tempest.lib.common.rest_client [req-a5d1dbf2-eb2f-4c19-8295-6d1dae486fae req-a5d1dbf2-eb2f-4c19-8295-6d1dae486fae ] Request (ServersNegativeTestMultiTenantJSON:tearDownClass): 200 GET http://10.180.1.21/compute/v2.1/servers/f9bff899-5a16-4798-a571-3874e32e810a 0.243s
2025-02-19 21:09:06.681 63538 INFO tempest.lib.common.rest_client [req-3a8541dc-1dea-4649-a30f-54bb6125285d req-3a8541dc-1dea-4649-a30f-54bb6125285d ] Request (ServersTestMultiNic:test_verify_multiple_nics_order): 200 GET http://10.180.1.21/compute/v2.1/servers/457ae21b-5f93-42f4-9672-a80ed7406da2 0.180s
2025-02-19 21:09:06.766 63542 INFO tempest.lib.common.rest_client [req-c8ba9c18-cdd2-4496-bdeb-113fa4d3ffdd req-c8ba9c18-cdd2-4496-bdeb-113fa4d3ffdd ] Request (ServersAdminNegativeTestJSON:tearDownClass): 200 GET http://10.180.1.21/compute/v2.1/servers/6960a521-685b-4c29-95da-799aafa9bac9 0.254s
2025-02-19 21:09:06.773 63572 INFO tempest.lib.common.rest_client [req-71793dd5-35ad-469b-bd79-3a9f4ed72162 req-71793dd5-35ad-469b-bd79-3a9f4ed72162 ] Request (ServersTestJSON:_run_cleanups): 200 GET http://10.180.1.21/compute/v2.1/servers/151e37de-37cc-4200-8a43-b36108b552d6 0.191s
2025-02-19 21:09:06.859 63560 INFO tempest.lib.common.rest_client [req-98a43f5d-0f9a-4b93-9c00-cdbb36f7b70b req-98a43f5d-0f9a-4b93-9c00-cdbb36f7b70b ] Request (ServerDiagnosticsNegativeTest:test_get_server_diagnostics_by_non_admin): 200 GET http://10.180.1.21/compute/v2.1/servers/d55a78ea-d29b-420f-a149-c164794fe66d 0.208s
2025-02-19 21:09:06.867 63558 INFO tempest.lib.common.rest_client [req-42ecaa92-5ffe-4643-bc45-e4f2dc674a06 req-42ecaa92-5ffe-4643-bc45-e4f2dc674a06 ] Request (AttachVolumeShelveTestJSON:test_attach_volume_shelved_or_offload_server): 200 GET http://10.180.1.21/compute/v2.1/servers/2abaf9f0-6739-4cd3-8400-d204d059565d 0.099s
2025-02-19 21:09:06.875 63558 INFO tempest.common.waiters [-] State transition "BUILD/None" ==> "BUILD/block_device_mapping" after 76 second wait
2025-02-19 21:09:06.984 63578 INFO tempest.lib.common.rest_client [req-a818e2e3-4dbd-4d95-8541-ed0a2f1f1dff req-a818e2e3-4dbd-4d95-8541-ed0a2f1f1dff ] Request (ServerActionsV293TestJSON:setUpClass): 200 GET http://10.180.1.21/compute/v2.1/servers/16c2f860-6415-43e5-bfea-55dcc6c4b5fc 0.132s
2025-02-19 21:09:07.044 63562 INFO tempest.lib.common.rest_client [req-b7ba0f55-c4ff-46eb-a38f-b1480a5aee0a req-b7ba0f55-c4ff-46eb-a38f-b1480a5aee0a ] Request (ServerMetadataTestJSON:tearDownClass): 204 DELETE http://10.180.1.21:9696/networking/v2.0/routers/bed38467-cb22-4f98-ab5c-94cccd9d1bcc 1.235s
2025-02-19 21:09:07.062 63580 INFO tempest.lib.common.rest_client [req-29a5c142-dfc9-4ec7-9d59-876bec63e32a req-29a5c142-dfc9-4ec7-9d59-876bec63e32a ] Request (MigrationsAdminTest:test_resize_server_revert_deleted_flavor): 200 GET http://10.180.1.21/compute/v2.1/servers/caedd33a-6164-45d0-8722-6b775f20fd9c 0.183s
2025-02-19 21:09:07.087 63546 INFO tempest.lib.common.rest_client [req-0575c2f1-7a5b-448d-bb5a-8af600ef6391 req-0575c2f1-7a5b-448d-bb5a-8af600ef6391 ] Request (ServersAdminTestJSON:test_inject_network_info): 200 GET http://10.180.1.21/compute/v2.1/servers/33ed2db3-9161-4e72-b35c-11caf9cb00b7 0.274s
2025-02-19 21:09:07.154 63536 INFO tempest.lib.common.rest_client [req-d630df85-1863-4c2e-9ebc-c209c41bbd14 req-d630df85-1863-4c2e-9ebc-c209c41bbd14 ] Request (ServerMetadataNegativeTestJSON:setUpClass): 200 GET http://10.180.1.21/compute/v2.1/servers/da96af86-8be7-40e7-b087-54f6a9ce57b0 0.250s
2025-02-19 21:09:07.165 63520 INFO tempest.lib.common.rest_client [req-faca45b7-7626-4cd1-9a24-edeb0703e85d req-faca45b7-7626-4cd1-9a24-edeb0703e85d ] Request (ServerDiskConfigTestJSON:test_rebuild_server_with_manual_disk_config): 200 GET http://10.180.1.21/compute/v2.1/servers/3251800d-7e48-4db8-803b-d87bcf788fc8 0.228s
2025-02-19 21:09:07.188 63577 INFO tempest.lib.common.rest_client [req-41ffddb7-5f20-495a-8f47-36859eee0c01 req-41ffddb7-5f20-495a-8f47-36859eee0c01 ] Request (InstanceActionsNegativeTestJSON:tearDownClass): 204 DELETE http://10.180.1.21:9696/networking/v2.0/routers/5161e677-c634-4319-834a-4e3b21c0468d 1.187s
2025-02-19 21:09:07.190 63566 INFO tempest.lib.common.rest_client [req-9ce040a6-3328-43b7-8949-e7cfd98f7aef req-9ce040a6-3328-43b7-8949-e7cfd98f7aef ] Request (ListServersNegativeTestJSON:tearDownClass): 200 PUT http://10.180.1.21:9696/networking/v2.0/routers/1b161360-6e8e-4bd5-81ea-c37c9b1ecfc9/remove_router_interface 0.832s
2025-02-19 21:09:07.233 63528 INFO tempest.lib.common.rest_client [req-db2c846f-7e76-4808-a817-c4b0452eeb87 req-db2c846f-7e76-4808-a817-c4b0452eeb87 ] Request (AttachInterfacesTestJSON:test_create_list_show_delete_interfaces_by_fixed_ip): 200 GET http://10.180.1.21/compute/v2.1/servers/5d66c323-0aca-4844-af50-3dbf4c6808ba 0.261s
2025-02-19 21:09:07.255 63562 INFO tempest.lib.common.rest_client [req-fa990827-ba4a-43a5-a20a-abadbb8be897 req-fa990827-ba4a-43a5-a20a-abadbb8be897 ] Request (ServerMetadataTestJSON:tearDownClass): 204 DELETE http://10.180.1.21:9696/networking/v2.0/subnets/d3e257ad-4645-442d-ae5c-5b5cdd4da22c 0.210s
2025-02-19 21:09:07.255 63554 INFO tempest.lib.common.rest_client [req-673d2b76-c2cd-4aab-a60d-8e3431c0547e req-673d2b76-c2cd-4aab-a60d-8e3431c0547e ] Request (ServersTestBootFromVolume:setUpClass): 200 GET http://10.180.1.21/compute/v2.1/servers/70b20377-15df-429a-a592-776148d2a91c 0.259s
2025-02-19 21:09:07.306 63574 INFO tempest.lib.common.rest_client [req-619418d3-1ab3-446c-a69d-71cda5ed59a0 req-619418d3-1ab3-446c-a69d-71cda5ed59a0 ] Request (ServerPasswordTestJSON:tearDownClass): 200 GET http://10.180.1.21/compute/v2.1/servers/9ba80fa2-0cf3-43a6-9d68-19abc3dc682a 0.248s
2025-02-19 21:09:07.433 63577 INFO tempest.lib.common.rest_client [req-ec279893-20e7-49c6-bb2c-79ca3f740923 req-ec279893-20e7-49c6-bb2c-79ca3f740923 ] Request (InstanceActionsNegativeTestJSON:tearDownClass): 204 DELETE http://10.180.1.21:9696/networking/v2.0/subnets/606a64bb-a669-4214-811e-06059c2b6cad 0.245s
2025-02-19 21:09:07.443 63534 INFO tempest.lib.common.rest_client [req-4f5f4ded-3fd7-47db-92e6-c5ab0e827515 req-4f5f4ded-3fd7-47db-92e6-c5ab0e827515 ] Request (ServersNegativeTestJSON:setUpClass): 200 GET http://10.180.1.21/compute/v2.1/servers/267d6b19-61b1-4def-8f99-3aaffbb6a915 0.091s
2025-02-19 21:09:07.538 63544 INFO tempest.lib.common.rest_client [req-c60386bf-f9c2-4025-83ec-a12989f437c8 req-c60386bf-f9c2-4025-83ec-a12989f437c8 ] Request (ServerExternalEventsTest:test_create_server_external_events): 200 GET http://10.180.1.21/compute/v2.1/servers/2210579f-827e-4473-80e0-23650e888445 0.089s
2025-02-19 21:09:07.632 63562 INFO tempest.lib.common.rest_client [req-7c4bd0d4-9c57-4fb4-b46a-bf511b20791d req-7c4bd0d4-9c57-4fb4-b46a-bf511b20791d ] Request (ServerMetadataTestJSON:tearDownClass): 204 DELETE http://10.180.1.21:9696/networking/v2.0/networks/d3bd7e2d-2fa6-4a7c-a887-a766510612cb 0.377s
2025-02-19 21:09:07.636 63556 INFO tempest.lib.common.rest_client [req-f3395318-6ba9-4bab-94da-976e3f8df34a req-f3395318-6ba9-4bab-94da-976e3f8df34a ] Request (InstanceActionsTestJSON:setUpClass): 200 GET http://10.180.1.21/compute/v2.1/servers/ec68d6ed-2076-4e7a-9aff-abea17c3bced 0.107s
2025-02-19 21:09:07.735 63562 INFO tempest.lib.common.rest_client [req-1761eda0-f96c-45d8-bb4a-816e39ea2487 req-1761eda0-f96c-45d8-bb4a-816e39ea2487 ] Request (ServerMetadataTestJSON:tearDownClass): 204 DELETE http://10.180.1.21/identity/v3/users/ded6f94432d544b8aaa781e0bc132a0d 0.102s
2025-02-19 21:09:07.735 63562 INFO tempest.lib.common.dynamic_creds [-] Deleting project and security group for project: 907c918838e049cc834a202443756e45
2025-02-19 21:09:07.748 63550 INFO tempest.lib.common.rest_client [req-7bf2aa77-07fa-47b8-8df4-570d21ad42ee req-7bf2aa77-07fa-47b8-8df4-570d21ad42ee ] Request (ImagesNegativeTestJSON:test_create_image_from_deleted_server): 200 GET http://10.180.1.21/compute/v2.1/servers/965da06c-b4bf-443f-a7a4-bdb16a9ecb61 0.153s
2025-02-19 21:09:07.748 63566 INFO tempest.lib.common.rest_client [req-c08aaa9d-4ff4-480d-aba5-ad41b03cb304 req-c08aaa9d-4ff4-480d-aba5-ad41b03cb304 ] Request (ListServersNegativeTestJSON:tearDownClass): 204 DELETE http://10.180.1.21:9696/networking/v2.0/routers/1b161360-6e8e-4bd5-81ea-c37c9b1ecfc9 0.558s
2025-02-19 21:09:07.776 63532 INFO tempest.lib.common.rest_client [req-5a354411-89ab-48b2-b763-88c8b9a2d5b8 req-5a354411-89ab-48b2-b763-88c8b9a2d5b8 ] Request (ServersV294TestFqdnHostnames:setUpClass): 200 GET http://10.180.1.21/compute/v2.1/servers/6746c7d4-49f4-43d2-833d-3a3c65fd8a8d 0.251s
2025-02-19 21:09:07.809 63562 INFO tempest.lib.common.rest_client [req-dce9085c-3ef3-4a20-84f8-51f40963e3d2 req-dce9085c-3ef3-4a20-84f8-51f40963e3d2 ] Request (ServerMetadataTestJSON:tearDownClass): 200 GET http://10.180.1.21:9696/networking/v2.0/security-groups?tenant_id=907c918838e049cc834a202443756e45&name=default 0.073s
2025-02-19 21:09:07.840 63568 INFO tempest.lib.common.rest_client [req-6176316e-ab46-4a17-90b9-9845344a80c1 req-6176316e-ab46-4a17-90b9-9845344a80c1 ] Request (ImagesTestJSON:test_create_server_from_snapshot): 200 GET http://10.180.1.21/compute/v2.1/servers/53bb3fab-5289-4abe-ae4b-43547891513e 0.229s
2025-02-19 21:09:07.859 63524 INFO tempest.lib.common.rest_client [req-ceea40c8-abf3-4dff-bdf2-8600d94b4c62 req-ceea40c8-abf3-4dff-bdf2-8600d94b4c62 ] Request (ServersNegativeTestMultiTenantJSON:tearDownClass): 200 GET http://10.180.1.21/compute/v2.1/servers/f9bff899-5a16-4798-a571-3874e32e810a 0.185s
2025-02-19 21:09:07.892 63538 INFO tempest.lib.common.rest_client [req-6c46b6cb-963f-401a-9852-273f416c7158 req-6c46b6cb-963f-401a-9852-273f416c7158 ] Request (ServersTestMultiNic:test_verify_multiple_nics_order): 200 GET http://10.180.1.21/compute/v2.1/servers/457ae21b-5f93-42f4-9672-a80ed7406da2 0.201s
2025-02-19 21:09:07.935 63542 INFO tempest.lib.common.rest_client [req-e88718ae-26ef-4afd-b41e-cf1f3105b575 req-e88718ae-26ef-4afd-b41e-cf1f3105b575 ] Request (ServersAdminNegativeTestJSON:tearDownClass): 200 GET http://10.180.1.21/compute/v2.1/servers/6960a521-685b-4c29-95da-799aafa9bac9 0.153s
2025-02-19 21:09:07.966 63572 INFO tempest.lib.common.rest_client [req-6836ef27-7dae-4954-b057-321fb938bb0f req-6836ef27-7dae-4954-b057-321fb938bb0f ] Request (ServersTestJSON:_run_cleanups): 200 GET http://10.180.1.21/compute/v2.1/servers/151e37de-37cc-4200-8a43-b36108b552d6 0.176s
2025-02-19 21:09:08.003 63577 INFO tempest.lib.common.rest_client [req-f0cf9d4a-c993-4c27-9fb9-4da32e8134a3 req-f0cf9d4a-c993-4c27-9fb9-4da32e8134a3 ] Request (InstanceActionsNegativeTestJSON:tearDownClass): 204 DELETE http://10.180.1.21:9696/networking/v2.0/networks/d5a97362-d1b2-45bb-8a7d-7d384699b2ce 0.569s
2025-02-19 21:09:08.003 63560 INFO tempest.lib.common.rest_client [req-d055fc14-1f51-45fb-befc-244d1a16e91d req-d055fc14-1f51-45fb-befc-244d1a16e91d ] Request (ServerDiagnosticsNegativeTest:test_get_server_diagnostics_by_non_admin): 200 GET http://10.180.1.21/compute/v2.1/servers/d55a78ea-d29b-420f-a149-c164794fe66d 0.129s
2025-02-19 21:09:08.054 63562 INFO tempest.lib.common.rest_client [req-245d1217-2575-4c7d-aea0-32bedd505485 req-245d1217-2575-4c7d-aea0-32bedd505485 ] Request (ServerMetadataTestJSON:tearDownClass): 204 DELETE http://10.180.1.21:9696/networking/v2.0/security-groups/8d0abf6b-532f-4b48-8bed-a0bf162db4ac 0.245s
2025-02-19 21:09:08.063 63578 INFO tempest.lib.common.rest_client [req-446f852b-0db9-4cd6-aaf8-5640868373b8 req-446f852b-0db9-4cd6-aaf8-5640868373b8 ] Request (ServerActionsV293TestJSON:setUpClass): 200 GET http://10.180.1.21/compute/v2.1/servers/16c2f860-6415-43e5-bfea-55dcc6c4b5fc 0.067s
2025-02-19 21:09:08.068 63566 INFO tempest.lib.common.rest_client [req-8b28f981-bde1-455a-b031-9bc2d3a4409b req-8b28f981-bde1-455a-b031-9bc2d3a4409b ] Request (ListServersNegativeTestJSON:tearDownClass): 204 DELETE http://10.180.1.21:9696/networking/v2.0/subnets/319d0268-b1eb-49f5-98ac-d0c8bb8c8092 0.319s
2025-02-19 21:09:08.123 63558 INFO tempest.lib.common.rest_client [req-84111a82-a6e7-4c1d-b250-29cc78f69eb7 req-84111a82-a6e7-4c1d-b250-29cc78f69eb7 ] Request (AttachVolumeShelveTestJSON:test_attach_volume_shelved_or_offload_server): 200 GET http://10.180.1.21/compute/v2.1/servers/2abaf9f0-6739-4cd3-8400-d204d059565d 0.248s
2025-02-19 21:09:08.136 63577 INFO tempest.lib.common.rest_client [req-a1af21e5-5da9-415f-898e-4cdab322589c req-a1af21e5-5da9-415f-898e-4cdab322589c ] Request (InstanceActionsNegativeTestJSON:tearDownClass): 204 DELETE http://10.180.1.21/identity/v3/users/d553cf251dc44552ba27137c5b4d0f16 0.132s
2025-02-19 21:09:08.136 63577 INFO tempest.lib.common.dynamic_creds [-] Deleting project and security group for project: 7250532ebdcc431b84e61c4aca2e1604
2025-02-19 21:09:08.138 63558 INFO tempest.common.waiters [-] State transition "BUILD/block_device_mapping" ==> "BUILD/spawning" after 78 second wait
2025-02-19 21:09:08.142 63580 INFO tempest.lib.common.rest_client [req-fcb5af13-1367-4dcf-bc72-8b2ee3083792 req-fcb5af13-1367-4dcf-bc72-8b2ee3083792 ] Request (MigrationsAdminTest:test_resize_server_revert_deleted_flavor): 200 GET http://10.180.1.21/compute/v2.1/servers/caedd33a-6164-45d0-8722-6b775f20fd9c 0.070s
2025-02-19 21:09:08.171 63577 INFO tempest.lib.common.rest_client [req-06e18632-e0c8-43b5-8b74-2d8c97770e19 req-06e18632-e0c8-43b5-8b74-2d8c97770e19 ] Request (InstanceActionsNegativeTestJSON:tearDownClass): 200 GET http://10.180.1.21:9696/networking/v2.0/security-groups?tenant_id=7250532ebdcc431b84e61c4aca2e1604&name=default 0.035s
2025-02-19 21:09:08.214 63562 INFO tempest.lib.common.rest_client [req-83009b7c-3c97-46da-bcb0-6cb1deb6d7a4 req-83009b7c-3c97-46da-bcb0-6cb1deb6d7a4 ] Request (ServerMetadataTestJSON:tearDownClass): 204 DELETE http://10.180.1.21/identity/v3/projects/907c918838e049cc834a202443756e45 0.159s
2025-02-19 21:09:08.233 63536 INFO tempest.lib.common.rest_client [req-11e4f5f4-e146-413b-a686-9f5094e085af req-11e4f5f4-e146-413b-a686-9f5094e085af ] Request (ServerMetadataNegativeTestJSON:setUpClass): 200 GET http://10.180.1.21/compute/v2.1/servers/da96af86-8be7-40e7-b087-54f6a9ce57b0 0.063s
2025-02-19 21:09:08.255 63577 INFO tempest.lib.common.rest_client [req-8075939b-e48f-4d98-9a53-66c63835eaf3 req-8075939b-e48f-4d98-9a53-66c63835eaf3 ] Request (InstanceActionsNegativeTestJSON:tearDownClass): 204 DELETE http://10.180.1.21:9696/networking/v2.0/security-groups/42ac5e4a-161b-46b1-a476-bde11e24a09e 0.083s
2025-02-19 21:09:08.296 63520 INFO tempest.lib.common.rest_client [req-0991cd49-dbd5-4627-a094-0c565d58d785 req-0991cd49-dbd5-4627-a094-0c565d58d785 ] Request (ServerDiskConfigTestJSON:test_rebuild_server_with_manual_disk_config): 200 GET http://10.180.1.21/compute/v2.1/servers/3251800d-7e48-4db8-803b-d87bcf788fc8 0.121s
2025-02-19 21:09:08.309 63562 INFO tempest.lib.common.rest_client [req-48f91a94-a710-4462-beb7-dfd0875c83dc req-48f91a94-a710-4462-beb7-dfd0875c83dc ] Request (ExtensionsTest:setUpClass): 201 POST http://10.180.1.21/identity/v3/auth/tokens 0.094s
2025-02-19 21:09:08.318 63546 INFO tempest.lib.common.rest_client [req-c56fea34-fd18-4160-8a44-fbf65ee98fc4 req-c56fea34-fd18-4160-8a44-fbf65ee98fc4 ] Request (ServersAdminTestJSON:test_inject_network_info): 200 GET http://10.180.1.21/compute/v2.1/servers/33ed2db3-9161-4e72-b35c-11caf9cb00b7 0.217s
2025-02-19 21:09:08.350 63562 INFO tempest.lib.common.rest_client [req-95530c10-86e8-462e-a8f8-2b78ff7d75f9 req-95530c10-86e8-462e-a8f8-2b78ff7d75f9 ] Request (ExtensionsTest:setUpClass): 201 POST http://10.180.1.21/identity/v3/auth/tokens 0.038s
2025-02-19 21:09:08.356 63528 INFO tempest.lib.common.rest_client [req-8913d9cd-0fa8-4b91-a8bd-54f0739fb666 req-8913d9cd-0fa8-4b91-a8bd-54f0739fb666 ] Request (AttachInterfacesTestJSON:test_create_list_show_delete_interfaces_by_fixed_ip): 200 GET http://10.180.1.21/compute/v2.1/servers/5d66c323-0aca-4844-af50-3dbf4c6808ba 0.106s
2025-02-19 21:09:08.376 63577 INFO tempest.lib.common.rest_client [req-24d67fd8-4719-4d7e-ae9d-120189496a92 req-24d67fd8-4719-4d7e-ae9d-120189496a92 ] Request (InstanceActionsNegativeTestJSON:tearDownClass): 204 DELETE http://10.180.1.21/identity/v3/projects/7250532ebdcc431b84e61c4aca2e1604 0.120s
2025-02-19 21:09:08.386 63554 INFO tempest.lib.common.rest_client [req-ddf13c8a-4a3f-4e62-9019-e72a1c9e5911 req-ddf13c8a-4a3f-4e62-9019-e72a1c9e5911 ] Request (ServersTestBootFromVolume:setUpClass): 200 GET http://10.180.1.21/compute/v2.1/servers/70b20377-15df-429a-a592-776148d2a91c 0.120s
2025-02-19 21:09:08.430 63574 INFO tempest.lib.common.rest_client [req-9905039b-8b08-4ed0-ad5b-620837b244c8 req-9905039b-8b08-4ed0-ad5b-620837b244c8 ] Request (ServerPasswordTestJSON:tearDownClass): 200 GET http://10.180.1.21/compute/v2.1/servers/9ba80fa2-0cf3-43a6-9d68-19abc3dc682a 0.114s
2025-02-19 21:09:08.430 63562 INFO tempest.lib.common.rest_client [req-b71193bd-3d3f-4ee8-a13e-4fe0d5f31e40 req-b71193bd-3d3f-4ee8-a13e-4fe0d5f31e40 ] Request (ExtensionsTest:setUpClass): 200 GET http://10.180.1.21/identity/v3/domains?name=Default 0.080s
2025-02-19 21:09:08.490 63562 INFO tempest.lib.common.rest_client [req-bc9b7f38-a2a1-4ca8-8974-cf0116594bcb req-bc9b7f38-a2a1-4ca8-8974-cf0116594bcb ] Request (ExtensionsTest:setUpClass): 201 POST http://10.180.1.21/identity/v3/projects 0.059s
2025-02-19 21:09:08.494 63566 INFO tempest.lib.common.rest_client [req-6e1df2a2-f71e-4ac4-b620-771eb51fc752 req-6e1df2a2-f71e-4ac4-b620-771eb51fc752 ] Request (ListServersNegativeTestJSON:tearDownClass): 204 DELETE http://10.180.1.21:9696/networking/v2.0/networks/117a20af-0f1a-48b8-8bdb-80cbe89e5072 0.426s
2025-02-19 21:09:08.551 63534 INFO tempest.lib.common.rest_client [req-7bc7840a-22b6-40d2-9d27-f782c4be8ed2 req-7bc7840a-22b6-40d2-9d27-f782c4be8ed2 ] Request (ServersNegativeTestJSON:setUpClass): 200 GET http://10.180.1.21/compute/v2.1/servers/267d6b19-61b1-4def-8f99-3aaffbb6a915 0.098s
2025-02-19 21:09:08.565 63562 INFO tempest.lib.common.rest_client [req-cbb332d3-5a78-4c67-a113-6cf8a50fd6f0 req-cbb332d3-5a78-4c67-a113-6cf8a50fd6f0 ] Request (ExtensionsTest:setUpClass): 201 POST http://10.180.1.21/identity/v3/users 0.075s
2025-02-19 21:09:08.586 63562 INFO tempest.lib.common.rest_client [req-6088fe6d-8a39-47ee-a240-ca9c2a6f6854 req-6088fe6d-8a39-47ee-a240-ca9c2a6f6854 ] Request (ExtensionsTest:setUpClass): 200 GET http://10.180.1.21/identity/v3/roles 0.020s
2025-02-19 21:09:08.597 63544 INFO tempest.lib.common.rest_client [req-89892330-cad2-4b7f-92ed-115ef3fa1c31 req-89892330-cad2-4b7f-92ed-115ef3fa1c31 ] Request (ServerExternalEventsTest:test_create_server_external_events): 200 GET http://10.180.1.21/compute/v2.1/servers/2210579f-827e-4473-80e0-23650e888445 0.049s
2025-02-19 21:09:08.599 63566 INFO tempest.lib.common.rest_client [req-ba28f559-db54-4471-8b0e-f7eef3660cb1 req-ba28f559-db54-4471-8b0e-f7eef3660cb1 ] Request (ListServersNegativeTestJSON:tearDownClass): 204 DELETE http://10.180.1.21/identity/v3/users/309f111f29cb4ed58a4f66fe62e63f6c 0.105s
2025-02-19 21:09:08.599 63566 INFO tempest.lib.common.dynamic_creds [-] Deleting project and security group for project: 2be939456cb546d9be523eca68174be5
2025-02-19 21:09:08.625 63566 INFO tempest.lib.common.rest_client [req-c95f101b-3c79-47ec-a97e-c7551e6dcdaa req-c95f101b-3c79-47ec-a97e-c7551e6dcdaa ] Request (ListServersNegativeTestJSON:tearDownClass): 200 GET http://10.180.1.21:9696/networking/v2.0/security-groups?tenant_id=2be939456cb546d9be523eca68174be5&name=default 0.026s
2025-02-19 21:09:08.646 63562 INFO tempest.lib.common.rest_client [req-41c08541-4c73-4d2e-b03d-95590be82776 req-41c08541-4c73-4d2e-b03d-95590be82776 ] Request (ExtensionsTest:setUpClass): 204 PUT http://10.180.1.21/identity/v3/projects/d802777ed31b4f3a8d03303068f3bd14/users/9e61e138c26a4d48bfb4799d1dcc3794/roles/f18d89b68ec646ffa21b2035c2adce12 0.059s
2025-02-19 21:09:08.646 63562 INFO tempest.lib.common.dynamic_creds [-] Dynamic test user 9e61e138c26a4d48bfb4799d1dcc3794 is created with scope project and roles: ['member']
2025-02-19 21:09:08.646 63562 INFO tempest.lib.common.dynamic_creds [-] Acquired dynamic creds: credentials: Credentials: {'domain_id': 'default', 'domain_name': 'Default', 'username': 'tempest-ExtensionsTest-1008827615-project-member', 'project_domain_id': 'default', 'project_domain_name': 'Default', 'project_id': 'd802777ed31b4f3a8d03303068f3bd14', 'project_name': 'tempest-ExtensionsTest-1008827615', 'tenant_id': 'd802777ed31b4f3a8d03303068f3bd14', 'tenant_name': 'tempest-ExtensionsTest-1008827615', 'user_domain_id': 'default', 'user_domain_name': 'Default', 'user_id': '9e61e138c26a4d48bfb4799d1dcc3794', 'system': None}, Network: None, Subnet: None, Router: None
2025-02-19 21:09:08.646 63562 INFO tempest.lib.common.dynamic_creds [-] Created isolated network resources for: credentials: Credentials: {'domain_id': 'default', 'domain_name': 'Default', 'username': 'tempest-ExtensionsTest-1008827615-project-member', 'project_domain_id': 'default', 'project_domain_name': 'Default', 'project_id': 'd802777ed31b4f3a8d03303068f3bd14', 'project_name': 'tempest-ExtensionsTest-1008827615', 'tenant_id': 'd802777ed31b4f3a8d03303068f3bd14', 'tenant_name': 'tempest-ExtensionsTest-1008827615', 'user_domain_id': 'default', 'user_domain_name': 'Default', 'user_id': '9e61e138c26a4d48bfb4799d1dcc3794', 'system': None}, Network: None, Subnet: None, Router: None
2025-02-19 21:09:08.700 63556 INFO tempest.lib.common.rest_client [req-61044dfa-555d-4990-9faf-b67f117214c5 req-61044dfa-555d-4990-9faf-b67f117214c5 ] Request (InstanceActionsTestJSON:setUpClass): 200 GET http://10.180.1.21/compute/v2.1/servers/ec68d6ed-2076-4e7a-9aff-abea17c3bced 0.055s
2025-02-19 21:09:08.708 63566 INFO tempest.lib.common.rest_client [req-93dd9bd9-ff5c-4551-818a-631fcde53066 req-93dd9bd9-ff5c-4551-818a-631fcde53066 ] Request (ListServersNegativeTestJSON:tearDownClass): 204 DELETE http://10.180.1.21:9696/networking/v2.0/security-groups/78d33372-fa3f-4c43-bdbb-75d1f82c5366 0.082s
2025-02-19 21:09:08.713 63562 INFO tempest.lib.common.rest_client [req-6c81e0f4-31fd-4c06-9528-3506ee0462d0 req-6c81e0f4-31fd-4c06-9528-3506ee0462d0 ] Request (ExtensionsTest:setUpClass): 201 POST http://10.180.1.21/identity/v3/auth/tokens 0.063s
2025-02-19 21:09:08.771 63562 INFO tempest.lib.common.rest_client [req-348809d3-915c-4fa8-8aa0-df9eb192066d req-348809d3-915c-4fa8-8aa0-df9eb192066d ] Request (ExtensionsTest:test_get_extension): 200 GET http://10.180.1.21/compute/v2.1/extensions/os-consoles 0.056s
2025-02-19 21:09:08.787 63566 INFO tempest.lib.common.rest_client [req-01093992-e3d5-49ac-99b8-173861a64e69 req-01093992-e3d5-49ac-99b8-173861a64e69 ] Request (ListServersNegativeTestJSON:tearDownClass): 204 DELETE http://10.180.1.21/identity/v3/projects/2be939456cb546d9be523eca68174be5 0.079s
2025-02-19 21:09:08.789 63562 INFO tempest.lib.common.rest_client [req-894305c4-3a9e-46d5-b4b1-b43de9988260 req-894305c4-3a9e-46d5-b4b1-b43de9988260 ] Request (ExtensionsTest:test_list_extensions): 200 GET http://10.180.1.21/compute/v2.1/extensions 0.017s
2025-02-19 21:09:08.820 63550 INFO tempest.lib.common.rest_client [req-d38a8eec-a971-42c4-a7cf-7f3caa786b27 req-d38a8eec-a971-42c4-a7cf-7f3caa786b27 ] Request (ImagesNegativeTestJSON:test_create_image_from_deleted_server): 200 GET http://10.180.1.21/compute/v2.1/servers/965da06c-b4bf-443f-a7a4-bdb16a9ecb61 0.060s
2025-02-19 21:09:08.841 63566 INFO tempest.lib.common.rest_client [req-66c9026f-6f3c-48fb-9d58-a20a35f14f6a req-66c9026f-6f3c-48fb-9d58-a20a35f14f6a ] Request (TestVersions:setUpClass): 201 POST http://10.180.1.21/identity/v3/auth/tokens 0.051s
2025-02-19 21:09:08.867 63566 INFO tempest.lib.common.rest_client [req-4b676d3d-030f-400b-8879-c270aad5375b req-4b676d3d-030f-400b-8879-c270aad5375b ] Request (TestVersions:setUpClass): 201 POST http://10.180.1.21/identity/v3/auth/tokens 0.024s
2025-02-19 21:09:08.886 63532 INFO tempest.lib.common.rest_client [req-0c4984bf-f625-46ec-bc3a-d57788669f01 req-0c4984bf-f625-46ec-bc3a-d57788669f01 ] Request (ServersV294TestFqdnHostnames:setUpClass): 200 GET http://10.180.1.21/compute/v2.1/servers/6746c7d4-49f4-43d2-833d-3a3c65fd8a8d 0.093s
2025-02-19 21:09:08.891 63562 INFO tempest.lib.common.rest_client [req-21bee05d-d3a8-4f0f-9f28-1a248867ee7e req-21bee05d-d3a8-4f0f-9f28-1a248867ee7e ] Request (ExtensionsTest:tearDownClass): 204 DELETE http://10.180.1.21/identity/v3/users/9e61e138c26a4d48bfb4799d1dcc3794 0.088s
2025-02-19 21:09:08.891 63562 INFO tempest.lib.common.dynamic_creds [-] Deleting project and security group for project: d802777ed31b4f3a8d03303068f3bd14
2025-02-19 21:09:08.912 63568 INFO tempest.lib.common.rest_client [req-d70649d4-d35a-4476-a8b7-7eec4a75e0bd req-d70649d4-d35a-4476-a8b7-7eec4a75e0bd ] Request (ImagesTestJSON:test_create_server_from_snapshot): 200 GET http://10.180.1.21/compute/v2.1/servers/53bb3fab-5289-4abe-ae4b-43547891513e 0.062s
2025-02-19 21:09:08.928 63566 INFO tempest.lib.common.rest_client [req-480feefe-93fa-4aec-a1ae-88fbc7cd7432 req-480feefe-93fa-4aec-a1ae-88fbc7cd7432 ] Request (TestVersions:setUpClass): 200 GET http://10.180.1.21/identity/v3/domains?name=Default 0.060s
2025-02-19 21:09:08.953 63524 INFO tempest.lib.common.rest_client [req-3206effc-fd85-44b7-b2d4-19f5fcd079d0 req-3206effc-fd85-44b7-b2d4-19f5fcd079d0 ] Request (ServersNegativeTestMultiTenantJSON:tearDownClass): 200 GET http://10.180.1.21/compute/v2.1/servers/f9bff899-5a16-4798-a571-3874e32e810a 0.085s
2025-02-19 21:09:08.954 63562 INFO tempest.lib.common.rest_client [req-925cfade-3359-46fc-9b35-c095d2f7be57 req-925cfade-3359-46fc-9b35-c095d2f7be57 ] Request (ExtensionsTest:tearDownClass): 201 POST http://10.180.1.21/identity/v3/auth/tokens 0.063s
2025-02-19 21:09:08.970 63538 INFO tempest.lib.common.rest_client [req-4f2dd925-47bd-4da5-b443-2cf8bb3a264f req-4f2dd925-47bd-4da5-b443-2cf8bb3a264f ] Request (ServersTestMultiNic:test_verify_multiple_nics_order): 200 GET http://10.180.1.21/compute/v2.1/servers/457ae21b-5f93-42f4-9672-a80ed7406da2 0.070s
2025-02-19 21:09:09.006 63566 INFO tempest.lib.common.rest_client [req-51a11308-3c61-42a3-bb01-dc450594c00f req-51a11308-3c61-42a3-bb01-dc450594c00f ] Request (TestVersions:setUpClass): 201 POST http://10.180.1.21/identity/v3/projects 0.077s
2025-02-19 21:09:09.023 63542 INFO tempest.lib.common.rest_client [req-c7505801-6d30-4916-a9cf-1e904323d845 req-c7505801-6d30-4916-a9cf-1e904323d845 ] Request (ServersAdminNegativeTestJSON:tearDownClass): 200 GET http://10.180.1.21/compute/v2.1/servers/6960a521-685b-4c29-95da-799aafa9bac9 0.079s
2025-02-19 21:09:09.053 63572 INFO tempest.lib.common.rest_client [req-922f1780-1334-4496-bfee-a8810363d9bf req-922f1780-1334-4496-bfee-a8810363d9bf ] Request (ServersTestJSON:_run_cleanups): 200 GET http://10.180.1.21/compute/v2.1/servers/151e37de-37cc-4200-8a43-b36108b552d6 0.075s
2025-02-19 21:09:09.083 63566 INFO tempest.lib.common.rest_client [req-fd2bb882-0a09-42bc-82c4-5da0615c54eb req-fd2bb882-0a09-42bc-82c4-5da0615c54eb ] Request (TestVersions:setUpClass): 201 POST http://10.180.1.21/identity/v3/users 0.076s
2025-02-19 21:09:09.091 63560 INFO tempest.lib.common.rest_client [req-d8d2a61e-7229-4e7e-8ac6-f8c5388f73f0 req-d8d2a61e-7229-4e7e-8ac6-f8c5388f73f0 ] Request (ServerDiagnosticsNegativeTest:test_get_server_diagnostics_by_non_admin): 200 GET http://10.180.1.21/compute/v2.1/servers/d55a78ea-d29b-420f-a149-c164794fe66d 0.079s
2025-02-19 21:09:09.099 63560 INFO tempest.common.waiters [-] State transition "BUILD/None" ==> "BUILD/networking" after 78 second wait
2025-02-19 21:09:09.102 63566 INFO tempest.lib.common.rest_client [req-6f1b72aa-e0ba-4774-8281-a4a28982a3c7 req-6f1b72aa-e0ba-4774-8281-a4a28982a3c7 ] Request (TestVersions:setUpClass): 200 GET http://10.180.1.21/identity/v3/roles 0.019s
2025-02-19 21:09:09.132 63566 INFO tempest.lib.common.rest_client [req-12d35217-669a-4291-8b86-9bfa90e77a79 req-12d35217-669a-4291-8b86-9bfa90e77a79 ] Request (TestVersions:setUpClass): 204 PUT http://10.180.1.21/identity/v3/projects/07fc4304d63442ea911a58c0fa6333d3/users/6368093c0559435ab1698a7f5c392e46/roles/f18d89b68ec646ffa21b2035c2adce12 0.029s
2025-02-19 21:09:09.132 63566 INFO tempest.lib.common.dynamic_creds [-] Dynamic test user 6368093c0559435ab1698a7f5c392e46 is created with scope project and roles: ['member']
2025-02-19 21:09:09.132 63566 INFO tempest.lib.common.dynamic_creds [-] Acquired dynamic creds: credentials: Credentials: {'domain_id': 'default', 'domain_name': 'Default', 'username': 'tempest-TestVersions-1695157062-project-member', 'project_domain_id': 'default', 'project_domain_name': 'Default', 'project_id': '07fc4304d63442ea911a58c0fa6333d3', 'project_name': 'tempest-TestVersions-1695157062', 'tenant_id': '07fc4304d63442ea911a58c0fa6333d3', 'tenant_name': 'tempest-TestVersions-1695157062', 'user_domain_id': 'default', 'user_domain_name': 'Default', 'user_id': '6368093c0559435ab1698a7f5c392e46', 'system': None}, Network: None, Subnet: None, Router: None
2025-02-19 21:09:09.132 63566 INFO tempest.lib.common.dynamic_creds [-] Created isolated network resources for: credentials: Credentials: {'domain_id': 'default', 'domain_name': 'Default', 'username': 'tempest-TestVersions-1695157062-project-member', 'project_domain_id': 'default', 'project_domain_name': 'Default', 'project_id': '07fc4304d63442ea911a58c0fa6333d3', 'project_name': 'tempest-TestVersions-1695157062', 'tenant_id': '07fc4304d63442ea911a58c0fa6333d3', 'tenant_name': 'tempest-TestVersions-1695157062', 'user_domain_id': 'default', 'user_domain_name': 'Default', 'user_id': '6368093c0559435ab1698a7f5c392e46', 'system': None}, Network: None, Subnet: None, Router: None
2025-02-19 21:09:09.151 63578 INFO tempest.lib.common.rest_client [req-e317c863-0882-4c74-ba0f-2446f92cefa8 req-e317c863-0882-4c74-ba0f-2446f92cefa8 ] Request (ServerActionsV293TestJSON:setUpClass): 200 GET http://10.180.1.21/compute/v2.1/servers/16c2f860-6415-43e5-bfea-55dcc6c4b5fc 0.074s
2025-02-19 21:09:09.214 63566 INFO tempest.lib.common.rest_client [req-78c036c8-b841-4cef-af04-b644a4981601 req-78c036c8-b841-4cef-af04-b644a4981601 ] Request (TestVersions:setUpClass): 201 POST http://10.180.1.21/identity/v3/auth/tokens 0.078s
2025-02-19 21:09:09.245 63580 INFO tempest.lib.common.rest_client [req-6665fc47-1d35-49b2-b3c3-d90e0b405dcc req-6665fc47-1d35-49b2-b3c3-d90e0b405dcc ] Request (MigrationsAdminTest:test_resize_server_revert_deleted_flavor): 200 GET http://10.180.1.21/compute/v2.1/servers/caedd33a-6164-45d0-8722-6b775f20fd9c 0.086s
2025-02-19 21:09:09.270 63566 INFO tempest.lib.common.rest_client [-] Request (TestVersions:test_get_version_details): 200 GET http://10.180.1.21/compute/ 0.054s
2025-02-19 21:09:09.311 63562 INFO tempest.lib.common.rest_client [req-8deff35f-b420-433f-8e3d-b04c58b4ee89 req-8deff35f-b420-433f-8e3d-b04c58b4ee89 ] Request (ExtensionsTest:tearDownClass): 200 GET http://10.180.1.21:9696/networking/v2.0/security-groups?tenant_id=d802777ed31b4f3a8d03303068f3bd14&name=default 0.356s
2025-02-19 21:09:09.330 63536 INFO tempest.lib.common.rest_client [req-94836156-78b9-4d5f-b7da-00f960053118 req-94836156-78b9-4d5f-b7da-00f960053118 ] Request (ServerMetadataNegativeTestJSON:setUpClass): 200 GET http://10.180.1.21/compute/v2.1/servers/da96af86-8be7-40e7-b087-54f6a9ce57b0 0.089s
2025-02-19 21:09:09.334 63558 INFO tempest.lib.common.rest_client [req-347091fa-7a8e-4421-be60-d67bbefba810 req-347091fa-7a8e-4421-be60-d67bbefba810 ] Request (AttachVolumeShelveTestJSON:test_attach_volume_shelved_or_offload_server): 200 GET http://10.180.1.21/compute/v2.1/servers/2abaf9f0-6739-4cd3-8400-d204d059565d 0.193s
2025-02-19 21:09:09.336 63566 INFO tempest.lib.common.rest_client [req-845b0d67-c8f0-4ec7-856d-98ac40c8e58e req-845b0d67-c8f0-4ec7-856d-98ac40c8e58e ] Request (TestVersions:test_get_version_details): 200 GET http://10.180.1.21/compute/v2/ 0.063s
2025-02-19 21:09:09.401 63520 INFO tempest.lib.common.rest_client [req-ff6da374-2b4e-4a53-a693-ae0bad9e8b62 req-ff6da374-2b4e-4a53-a693-ae0bad9e8b62 ] Request (ServerDiskConfigTestJSON:test_rebuild_server_with_manual_disk_config): 200 GET http://10.180.1.21/compute/v2.1/servers/3251800d-7e48-4db8-803b-d87bcf788fc8 0.096s
2025-02-19 21:09:09.409 63566 INFO tempest.lib.common.rest_client [req-8b40fdaf-dd5e-4217-84f8-605857408eb6 req-8b40fdaf-dd5e-4217-84f8-605857408eb6 ] Request (TestVersions:test_get_version_details): 200 GET http://10.180.1.21/compute/v2.1/ 0.071s
2025-02-19 21:09:09.476 63562 INFO tempest.lib.common.rest_client [req-6db2c696-a733-404c-b7fc-f874e90f07ac req-6db2c696-a733-404c-b7fc-f874e90f07ac ] Request (ExtensionsTest:tearDownClass): 204 DELETE http://10.180.1.21:9696/networking/v2.0/security-groups/78c66368-c86b-41b3-bfa0-e27b0424b98b 0.163s
2025-02-19 21:09:09.483 63528 INFO tempest.lib.common.rest_client [req-edf582b8-17a9-455b-9d18-c403be65f2c2 req-edf582b8-17a9-455b-9d18-c403be65f2c2 ] Request (AttachInterfacesTestJSON:test_create_list_show_delete_interfaces_by_fixed_ip): 200 GET http://10.180.1.21/compute/v2.1/servers/5d66c323-0aca-4844-af50-3dbf4c6808ba 0.114s
2025-02-19 21:09:09.504 63546 INFO tempest.lib.common.rest_client [req-31e53ae3-c115-4a3f-8172-2ce7af6ae61d req-31e53ae3-c115-4a3f-8172-2ce7af6ae61d ] Request (ServersAdminTestJSON:test_inject_network_info): 200 GET http://10.180.1.21/compute/v2.1/servers/33ed2db3-9161-4e72-b35c-11caf9cb00b7 0.179s
2025-02-19 21:09:09.512 63566 INFO tempest.lib.common.rest_client [-] Request (TestVersions:test_list_api_versions): 200 GET http://10.180.1.21/compute/ 0.099s
2025-02-19 21:09:09.564 63554 INFO tempest.lib.common.rest_client [req-c60c2948-d737-4ef0-82a5-d12eda614a3c req-c60c2948-d737-4ef0-82a5-d12eda614a3c ] Request (ServersTestBootFromVolume:setUpClass): 200 GET http://10.180.1.21/compute/v2.1/servers/70b20377-15df-429a-a592-776148d2a91c 0.167s
2025-02-19 21:09:09.613 63574 INFO tempest.lib.common.rest_client [req-cd312683-d5d7-4adb-9dbc-c25c9dd22c2d req-cd312683-d5d7-4adb-9dbc-c25c9dd22c2d ] Request (ServerPasswordTestJSON:tearDownClass): 200 GET http://10.180.1.21/compute/v2.1/servers/9ba80fa2-0cf3-43a6-9d68-19abc3dc682a 0.174s
2025-02-19 21:09:09.639 63534 INFO tempest.lib.common.rest_client [req-c24dcf25-330e-4930-839d-465fde48b1c7 req-c24dcf25-330e-4930-839d-465fde48b1c7 ] Request (ServersNegativeTestJSON:setUpClass): 200 GET http://10.180.1.21/compute/v2.1/servers/267d6b19-61b1-4def-8f99-3aaffbb6a915 0.080s
2025-02-19 21:09:09.683 63562 INFO tempest.lib.common.rest_client [req-647c35e8-af01-489b-ba73-caa4ed58d534 req-647c35e8-af01-489b-ba73-caa4ed58d534 ] Request (ExtensionsTest:tearDownClass): 204 DELETE http://10.180.1.21/identity/v3/projects/d802777ed31b4f3a8d03303068f3bd14 0.206s
2025-02-19 21:09:09.698 63544 INFO tempest.lib.common.rest_client [req-d6786427-ae25-4e5d-8e61-561e128fff7d req-d6786427-ae25-4e5d-8e61-561e128fff7d ] Request (ServerExternalEventsTest:test_create_server_external_events): 200 GET http://10.180.1.21/compute/v2.1/servers/2210579f-827e-4473-80e0-23650e888445 0.093s
2025-02-19 21:09:09.708 63566 INFO tempest.lib.common.rest_client [req-bc792f6d-381e-4f67-960c-914964aa6735 req-bc792f6d-381e-4f67-960c-914964aa6735 ] Request (TestVersions:tearDownClass): 204 DELETE http://10.180.1.21/identity/v3/users/6368093c0559435ab1698a7f5c392e46 0.186s
2025-02-19 21:09:09.709 63566 INFO tempest.lib.common.dynamic_creds [-] Deleting project and security group for project: 07fc4304d63442ea911a58c0fa6333d3
2025-02-19 21:09:09.776 63556 INFO tempest.lib.common.rest_client [req-4710995a-105b-42be-a1d0-74fa8a7b02ae req-4710995a-105b-42be-a1d0-74fa8a7b02ae ] Request (InstanceActionsTestJSON:setUpClass): 200 GET http://10.180.1.21/compute/v2.1/servers/ec68d6ed-2076-4e7a-9aff-abea17c3bced 0.068s
2025-02-19 21:09:09.781 63566 INFO tempest.lib.common.rest_client [req-ff746f2f-d3cb-4b82-a89c-d8803b231924 req-ff746f2f-d3cb-4b82-a89c-d8803b231924 ] Request (TestVersions:tearDownClass): 201 POST http://10.180.1.21/identity/v3/auth/tokens 0.072s
2025-02-19 21:09:09.891 63550 INFO tempest.lib.common.rest_client [req-65c707f4-f28a-471a-ae03-725b515f67a4 req-65c707f4-f28a-471a-ae03-725b515f67a4 ] Request (ImagesNegativeTestJSON:test_create_image_from_deleted_server): 200 GET http://10.180.1.21/compute/v2.1/servers/965da06c-b4bf-443f-a7a4-bdb16a9ecb61 0.063s
2025-02-19 21:09:09.937 63566 INFO tempest.lib.common.rest_client [req-6b9ea617-2468-45d8-a31d-bc89f6855f69 req-6b9ea617-2468-45d8-a31d-bc89f6855f69 ] Request (TestVersions:tearDownClass): 200 GET http://10.180.1.21:9696/networking/v2.0/security-groups?tenant_id=07fc4304d63442ea911a58c0fa6333d3&name=default 0.156s
2025-02-19 21:09:09.979 63568 INFO tempest.lib.common.rest_client [req-e566c3ce-4443-4416-ad5c-7b1932dadae2 req-e566c3ce-4443-4416-ad5c-7b1932dadae2 ] Request (ImagesTestJSON:test_create_server_from_snapshot): 200 GET http://10.180.1.21/compute/v2.1/servers/53bb3fab-5289-4abe-ae4b-43547891513e 0.060s
2025-02-19 21:09:10.024 63532 INFO tempest.lib.common.rest_client [req-3e665dcd-5df3-48bf-94a8-ea82265b0ba6 req-3e665dcd-5df3-48bf-94a8-ea82265b0ba6 ] Request (ServersV294TestFqdnHostnames:setUpClass): 200 GET http://10.180.1.21/compute/v2.1/servers/6746c7d4-49f4-43d2-833d-3a3c65fd8a8d 0.122s
2025-02-19 21:09:10.024 63566 INFO tempest.lib.common.rest_client [req-dd38b410-c0bc-4e47-8309-b92fb771e309 req-dd38b410-c0bc-4e47-8309-b92fb771e309 ] Request (TestVersions:tearDownClass): 204 DELETE http://10.180.1.21:9696/networking/v2.0/security-groups/a84690fd-b588-49ea-b98e-d6be9d31ebd6 0.086s
2025-02-19 21:09:10.036 63524 INFO tempest.lib.common.rest_client [req-ff74baff-6698-4e46-89cd-f5b86480917d req-ff74baff-6698-4e46-89cd-f5b86480917d ] Request (ServersNegativeTestMultiTenantJSON:tearDownClass): 200 GET http://10.180.1.21/compute/v2.1/servers/f9bff899-5a16-4798-a571-3874e32e810a 0.069s
2025-02-19 21:09:10.080 63538 INFO tempest.lib.common.rest_client [req-efc486c1-842a-4b58-942e-67be8b333811 req-efc486c1-842a-4b58-942e-67be8b333811 ] Request (ServersTestMultiNic:test_verify_multiple_nics_order): 200 GET http://10.180.1.21/compute/v2.1/servers/457ae21b-5f93-42f4-9672-a80ed7406da2 0.103s
2025-02-19 21:09:10.081 63526 WARNING tempest.lib.common.ssh [-] Failed to establish authenticated ssh connection to cirros@10.180.180.142 ([Errno None] Unable to connect to port 22 on 10.180.180.142). Number attempts: 12. Retry after 13 seconds.: paramiko.ssh_exception.NoValidConnectionsError: [Errno None] Unable to connect to port 22 on 10.180.180.142
