2025-02-19 21:07:07.428 63566 INFO tempest.lib.common.fixed_network [-] (ListServersNegativeTestJSON:setUpClass) Found network {'id': '117a20af-0f1a-48b8-8bdb-80cbe89e5072', 'name': 'tempest-ListServersNegativeTestJSON-2097023108-network', 'tenant_id': '2be939456cb546d9be523eca68174be5', 'admin_state_up': True, 'mtu': 8950, 'status': 'ACTIVE', 'subnets': [], 'shared': False, 'project_id': '2be939456cb546d9be523eca68174be5', 'port_security_enabled': True, 'router:external': False, 'provider:network_type': 'vlan', 'provider:physical_network': 'default', 'provider:segmentation_id': 375, 'availability_zone_hints': [], 'availability_zones': [], 'ipv4_address_scope': None, 'ipv6_address_scope': None, 'description': '', 'tags': [], 'created_at': '2025-02-19T21:07:04Z', 'updated_at': '2025-02-19T21:07:04Z', 'revision_number': 1} available for tenant
2025-02-19 21:07:07.494 63574 INFO tempest.lib.common.rest_client [req-d943af18-bd63-4ccc-882e-2f6ef70c4006 req-d943af18-bd63-4ccc-882e-2f6ef70c4006 ] Request (FlavorsAccessNegativeTestJSON:tearDownClass): 204 DELETE http://10.180.1.21/identity/v3/projects/861e93459e1b477093aa7580497c3897 0.133s
2025-02-19 21:07:07.494 63574 INFO tempest.lib.common.dynamic_creds [-] Deleting project and security group for project: 5ff0fd6dd6404bf780349468f10e94ee
2025-02-19 21:07:07.655 63574 INFO tempest.lib.common.rest_client [req-58bb3ffb-38bd-4830-a36f-5bd48ab41264 req-58bb3ffb-38bd-4830-a36f-5bd48ab41264 ] Request (FlavorsAccessNegativeTestJSON:tearDownClass): 200 GET http://10.180.1.21:9696/networking/v2.0/security-groups?tenant_id=5ff0fd6dd6404bf780349468f10e94ee&name=default 0.160s
2025-02-19 21:07:07.747 63526 INFO tempest.lib.common.rest_client [req-cbe4643c-b284-4d8e-913b-421db97aa974 req-cbe4643c-b284-4d8e-913b-421db97aa974 ] Request (VolumesAssistedSnapshotsTest:test_volume_assisted_snapshot_create_delete): 200 GET http://10.180.1.21/compute/v2.1/servers/519d1a21-0829-41a5-9bc4-e68f29eabf23 3.958s
2025-02-19 21:07:07.756 63560 INFO tempest.lib.common.rest_client [req-6e78db33-21e4-4dc6-b021-716ba5aa0054 req-6e78db33-21e4-4dc6-b021-716ba5aa0054 ] Request (AggregatesAdminNegativeTestJSON:test_aggregate_get_details_with_invalid_id): 404 GET http://10.180.1.21/compute/v2.1/os-aggregates/-1 3.159s
2025-02-19 21:07:07.756 63526 INFO tempest.common.waiters [-] State transition "BUILD/spawning" ==> "ACTIVE/None" after 30 second wait
2025-02-19 21:07:07.777 63574 INFO tempest.lib.common.rest_client [req-ccb3f80d-8e20-4823-89e1-9c13578eb9e3 req-ccb3f80d-8e20-4823-89e1-9c13578eb9e3 ] Request (FlavorsAccessNegativeTestJSON:tearDownClass): 204 DELETE http://10.180.1.21:9696/networking/v2.0/security-groups/6ec3ae0c-7296-4026-84da-df1ba2975db9 0.121s
2025-02-19 21:07:07.806 63538 INFO tempest.lib.common.rest_client [req-9f86ef61-8c82-4802-98ba-19f59501af0b req-9f86ef61-8c82-4802-98ba-19f59501af0b ] Request (ServersTestMultiNic:test_verify_duplicate_network_nics): 201 POST http://10.180.1.21:9696/networking/v2.0/subnets 0.788s
2025-02-19 21:07:07.874 63538 INFO tempest.lib.common.rest_client [req-2df35295-a854-4f9c-b6f6-0c5913af00ed req-2df35295-a854-4f9c-b6f6-0c5913af00ed ] Request (ServersTestMultiNic:test_verify_duplicate_network_nics): 201 POST http://10.180.1.21/identity/v3/auth/tokens 0.064s
2025-02-19 21:07:07.874 63538 INFO tempest.lib.common.fixed_network [-] (ServersTestMultiNic:test_verify_duplicate_network_nics) Found network {'id': '78a42300-b747-465b-83e9-31192d830fb9', 'name': 'tempest-ServersTestMultiNic-2072548645-network', 'tenant_id': 'b1997deba3da48a3ac594aac33f53b18', 'admin_state_up': True, 'mtu': 8950, 'status': 'ACTIVE', 'subnets': [], 'shared': False, 'project_id': 'b1997deba3da48a3ac594aac33f53b18', 'port_security_enabled': True, 'router:external': False, 'provider:network_type': 'vlan', 'provider:physical_network': 'default', 'provider:segmentation_id': 370, 'availability_zone_hints': [], 'availability_zones': [], 'ipv4_address_scope': None, 'ipv6_address_scope': None, 'description': '', 'tags': [], 'created_at': '2025-02-19T21:07:00Z', 'updated_at': '2025-02-19T21:07:00Z', 'revision_number': 1} available for tenant
2025-02-19 21:07:07.891 63574 INFO tempest.lib.common.rest_client [req-94162a9c-5858-4f73-a50d-bb8a8912eae5 req-94162a9c-5858-4f73-a50d-bb8a8912eae5 ] Request (FlavorsAccessNegativeTestJSON:tearDownClass): 204 DELETE http://10.180.1.21/identity/v3/projects/5ff0fd6dd6404bf780349468f10e94ee 0.114s
2025-02-19 21:07:07.952 63574 INFO tempest.lib.common.rest_client [req-6ec81f73-0d01-4980-9054-34564baf7987 req-6ec81f73-0d01-4980-9054-34564baf7987 ] Request (HypervisorAdminV228Test:setUpClass): 201 POST http://10.180.1.21/identity/v3/auth/tokens 0.060s
2025-02-19 21:07:08.000 63574 INFO tempest.lib.common.rest_client [req-5721aa14-2444-4c4c-a819-d4bbb18932b9 req-5721aa14-2444-4c4c-a819-d4bbb18932b9 ] Request (HypervisorAdminV228Test:setUpClass): 201 POST http://10.180.1.21/identity/v3/auth/tokens 0.043s
2025-02-19 21:07:08.038 63574 INFO tempest.lib.common.rest_client [req-56ecbfe2-ad83-4a1b-80f3-66e46228e52b req-56ecbfe2-ad83-4a1b-80f3-66e46228e52b ] Request (HypervisorAdminV228Test:setUpClass): 200 GET http://10.180.1.21/identity/v3/domains?name=Default 0.038s
2025-02-19 21:07:08.055 63524 INFO tempest.lib.common.rest_client [req-797c23da-2a6f-485a-8f9a-0bebfadf6f26 req-797c23da-2a6f-485a-8f9a-0bebfadf6f26 ] Request (QuotasAdminNegativeTest:test_create_server_when_memory_quota_is_full): 403 POST http://10.180.1.21/compute/v2.1/servers 3.419s
2025-02-19 21:07:08.080 63574 INFO tempest.lib.common.rest_client [req-37d19c04-d704-416a-8527-0f4c9bfdc8a6 req-37d19c04-d704-416a-8527-0f4c9bfdc8a6 ] Request (HypervisorAdminV228Test:setUpClass): 201 POST http://10.180.1.21/identity/v3/projects 0.040s
2025-02-19 21:07:08.121 63528 INFO tempest.lib.common.rest_client [req-a5eeed86-4941-4107-be48-265e60fa82b6 req-a5eeed86-4941-4107-be48-265e60fa82b6 ] Request (FloatingIPsAssociationNegativeTestJSON:setUpClass): 200 PUT http://10.180.1.21:9696/networking/v2.0/routers/540ced12-47e5-439e-8ad9-b7efba60526c/add_router_interface 1.208s
2025-02-19 21:07:08.121 63528 INFO tempest.lib.common.dynamic_creds [-] Created isolated network resources for: credentials: Credentials: {'domain_id': 'default', 'domain_name': 'Default', 'username': 'tempest-FloatingIPsAssociationNegativeTestJSON-1624221907-project-member', 'project_domain_id': 'default', 'project_domain_name': 'Default', 'project_id': 'f45dfbba371c423992603a7b7556b0d7', 'project_name': 'tempest-FloatingIPsAssociationNegativeTestJSON-1624221907', 'tenant_id': 'f45dfbba371c423992603a7b7556b0d7', 'tenant_name': 'tempest-FloatingIPsAssociationNegativeTestJSON-1624221907', 'user_domain_id': 'default', 'user_domain_name': 'Default', 'user_id': 'b697e4164ec24f239f403d92380f4eb4', 'system': None}, Network: {'id': '033b2b23-b440-45b6-b7a8-c63903b9066d', 'name': 'tempest-FloatingIPsAssociationNegativeTestJSON-1362539721-network', 'tenant_id': 'f45dfbba371c423992603a7b7556b0d7', 'admin_state_up': True, 'mtu': 8950, 'status': 'ACTIVE', 'subnets': [], 'shared': False, 'project_id': 'f45dfbba371c423992603a7b7556b0d7', 'port_security_enabled': True, 'router:external': False, 'provider:network_type': 'vlan', 'provider:physical_network': 'default', 'provider:segmentation_id': 201, 'availability_zone_hints': [], 'availability_zones': [], 'ipv4_address_scope': None, 'ipv6_address_scope': None, 'description': '', 'tags': [], 'created_at': '2025-02-19T21:07:04Z', 'updated_at': '2025-02-19T21:07:04Z', 'revision_number': 1}, Subnet: {'id': 'ee3212ff-cbad-4d40-a086-2f71762bdbdf', 'name': 'tempest-FloatingIPsAssociationNegativeTestJSON-1362539721-subnet', 'tenant_id': 'f45dfbba371c423992603a7b7556b0d7', 'network_id': '033b2b23-b440-45b6-b7a8-c63903b9066d', 'ip_version': 4, 'subnetpool_id': None, 'enable_dhcp': True, 'ipv6_ra_mode': None, 'ipv6_address_mode': None, 'gateway_ip': '192.168.128.1', 'cidr': '192.168.128.0/28', 'allocation_pools': [{'start': '192.168.128.2', 'end': '192.168.128.14'}], 'host_routes': [], 'dns_nameservers': [], 'description': '', 'router:external': False, 'service_types': [], 'tags': [], 'created_at': '2025-02-19T21:07:04Z', 'updated_at': '2025-02-19T21:07:04Z', 'revision_number': 0, 'project_id': 'f45dfbba371c423992603a7b7556b0d7'}, Router: {'id': '540ced12-47e5-439e-8ad9-b7efba60526c', 'name': 'tempest-FloatingIPsAssociationNegativeTestJSON-1362539721-router', 'tenant_id': 'f45dfbba371c423992603a7b7556b0d7', 'admin_state_up': True, 'status': 'ACTIVE', 'external_gateway_info': {'network_id': '3c5d24ad-7571-4e37-bdd8-37d5dec1ea61', 'external_fixed_ips': [{'subnet_id': '9a054bde-78fe-4812-ba64-bf16e1b1b481', 'ip_address': '10.180.180.164'}], 'enable_snat': True}, 'description': '', 'availability_zones': [], 'distributed': False, 'ha': False, 'availability_zone_hints': [], 'routes': [], 'flavor_id': None, 'tags': [], 'created_at': '2025-02-19T21:07:04Z', 'updated_at': '2025-02-19T21:07:05Z', 'revision_number': 2, 'project_id': 'f45dfbba371c423992603a7b7556b0d7'}
2025-02-19 21:07:08.141 63564 INFO tempest.lib.common.rest_client [req-121310e1-234c-4156-8d39-d5da846ec220 req-121310e1-234c-4156-8d39-d5da846ec220 ] Request (ServersTestFqdnHostnames:test_create_server_with_fqdn_name): 200 GET http://10.180.1.21/compute/v2.1/servers/7d9abde3-63db-4ea8-bb12-df6000a782d1 3.484s
2025-02-19 21:07:08.146 63578 INFO tempest.lib.common.rest_client [req-0edb22e5-0913-4c29-bed1-b0760198ef1e req-0edb22e5-0913-4c29-bed1-b0760198ef1e ] Request (SecurityGroupsNegativeTestJSON:test_delete_security_group_without_passing_id): 404 DELETE http://10.180.1.21/compute/v2.1/os-security-groups/ 3.451s
2025-02-19 21:07:08.165 63574 INFO tempest.lib.common.rest_client [req-b50f8451-4a62-467e-95b8-721e7e3e33be req-b50f8451-4a62-467e-95b8-721e7e3e33be ] Request (HypervisorAdminV228Test:setUpClass): 201 POST http://10.180.1.21/identity/v3/users 0.084s
2025-02-19 21:07:08.191 63574 INFO tempest.lib.common.rest_client [req-192fcf5e-446a-4bd7-8eb4-d49e51c51124 req-192fcf5e-446a-4bd7-8eb4-d49e51c51124 ] Request (HypervisorAdminV228Test:setUpClass): 200 GET http://10.180.1.21/identity/v3/roles 0.025s
2025-02-19 21:07:08.193 63556 INFO tempest.lib.common.rest_client [req-213dadba-a19a-41f9-8206-c0cfcbeeb6c8 req-213dadba-a19a-41f9-8206-c0cfcbeeb6c8 ] Request (TenantUsagesTestJSON:test_get_usage_tenant_with_non_admin_user): 200 GET http://10.180.1.21/compute/v2.1/os-simple-tenant-usage/c2cff383bc4f411a9c6616ad90c65404?start=2025-02-18T21%3A07%3A02.076233&end=2025-02-20T21%3A07%3A02.076233 3.368s
2025-02-19 21:07:08.228 63574 INFO tempest.lib.common.rest_client [req-94aab5e3-17ec-4432-908c-3a4160a30f56 req-94aab5e3-17ec-4432-908c-3a4160a30f56 ] Request (HypervisorAdminV228Test:setUpClass): 204 PUT http://10.180.1.21/identity/v3/projects/4bf807fb029743c1a92a7ff939d16a36/users/05768774090c47a2bf1d6de0c9eae1b8/roles/f18d89b68ec646ffa21b2035c2adce12 0.037s
2025-02-19 21:07:08.229 63574 INFO tempest.lib.common.dynamic_creds [-] Dynamic test user 05768774090c47a2bf1d6de0c9eae1b8 is created with scope project and roles: ['member']
2025-02-19 21:07:08.229 63574 INFO tempest.lib.common.dynamic_creds [-] Acquired dynamic creds: credentials: Credentials: {'domain_id': 'default', 'domain_name': 'Default', 'username': 'tempest-HypervisorAdminV228Test-662365253-project-member', 'project_domain_id': 'default', 'project_domain_name': 'Default', 'project_id': '4bf807fb029743c1a92a7ff939d16a36', 'project_name': 'tempest-HypervisorAdminV228Test-662365253', 'tenant_id': '4bf807fb029743c1a92a7ff939d16a36', 'tenant_name': 'tempest-HypervisorAdminV228Test-662365253', 'user_domain_id': 'default', 'user_domain_name': 'Default', 'user_id': '05768774090c47a2bf1d6de0c9eae1b8', 'system': None}, Network: None, Subnet: None, Router: None
2025-02-19 21:07:08.229 63574 INFO tempest.lib.common.dynamic_creds [-] Created isolated network resources for: credentials: Credentials: {'domain_id': 'default', 'domain_name': 'Default', 'username': 'tempest-HypervisorAdminV228Test-662365253-project-member', 'project_domain_id': 'default', 'project_domain_name': 'Default', 'project_id': '4bf807fb029743c1a92a7ff939d16a36', 'project_name': 'tempest-HypervisorAdminV228Test-662365253', 'tenant_id': '4bf807fb029743c1a92a7ff939d16a36', 'tenant_name': 'tempest-HypervisorAdminV228Test-662365253', 'user_domain_id': 'default', 'user_domain_name': 'Default', 'user_id': '05768774090c47a2bf1d6de0c9eae1b8', 'system': None}, Network: None, Subnet: None, Router: None
2025-02-19 21:07:08.232 63528 INFO tempest.lib.common.rest_client [req-963e45b8-47fe-4124-8163-fd834f28390d req-963e45b8-47fe-4124-8163-fd834f28390d ] Request (FloatingIPsAssociationNegativeTestJSON:setUpClass): 201 POST http://10.180.1.21/identity/v3/auth/tokens 0.103s
2025-02-19 21:07:08.242 63570 INFO tempest.lib.common.rest_client [req-05d038c0-b85e-4365-9e87-6116c3ea3266 req-05d038c0-b85e-4365-9e87-6116c3ea3266 ] Request (VolumesSnapshotsTestJSON:_run_cleanups): 202 DELETE http://10.180.1.21/compute/v2.1/os-snapshots/83448b3d-f7ef-43ea-9dc1-92c5c7f8c34a 2.664s
2025-02-19 21:07:08.256 63532 INFO tempest.lib.common.rest_client [req-e0d5349e-a225-4f71-975b-875167b41495 req-e0d5349e-a225-4f71-975b-875167b41495 ] Request (HostsAdminNegativeTestJSON:test_startup_nonexistent_host): 404 GET http://10.180.1.21/compute/v2.1/os-hosts/nonexistent_hostname/startup 2.673s
2025-02-19 21:07:08.313 63528 INFO tempest.lib.common.rest_client [req-469f2c9a-b343-4348-9d5d-fa37917f935b req-469f2c9a-b343-4348-9d5d-fa37917f935b ] Request (FloatingIPsAssociationNegativeTestJSON:setUpClass): 201 POST http://10.180.1.21/identity/v3/auth/tokens 0.077s
2025-02-19 21:07:08.313 63528 INFO tempest.lib.common.fixed_network [-] (FloatingIPsAssociationNegativeTestJSON:setUpClass) Found network {'id': '033b2b23-b440-45b6-b7a8-c63903b9066d', 'name': 'tempest-FloatingIPsAssociationNegativeTestJSON-1362539721-network', 'tenant_id': 'f45dfbba371c423992603a7b7556b0d7', 'admin_state_up': True, 'mtu': 8950, 'status': 'ACTIVE', 'subnets': [], 'shared': False, 'project_id': 'f45dfbba371c423992603a7b7556b0d7', 'port_security_enabled': True, 'router:external': False, 'provider:network_type': 'vlan', 'provider:physical_network': 'default', 'provider:segmentation_id': 201, 'availability_zone_hints': [], 'availability_zones': [], 'ipv4_address_scope': None, 'ipv6_address_scope': None, 'description': '', 'tags': [], 'created_at': '2025-02-19T21:07:04Z', 'updated_at': '2025-02-19T21:07:04Z', 'revision_number': 1} available for tenant
2025-02-19 21:07:08.330 63574 INFO tempest.lib.common.rest_client [req-4ded5eee-7e8d-4988-931f-a84258dff66f req-4ded5eee-7e8d-4988-931f-a84258dff66f ] Request (HypervisorAdminV228Test:setUpClass): 201 POST http://10.180.1.21/identity/v3/auth/tokens 0.096s
2025-02-19 21:07:08.412 63574 INFO tempest.lib.common.rest_client [req-de4272ff-19c7-4b76-90a3-5cc89d93cf64 req-de4272ff-19c7-4b76-90a3-5cc89d93cf64 ] Request (HypervisorAdminV228Test:setUpClass): 201 POST http://10.180.1.21/identity/v3/projects 0.081s
2025-02-19 21:07:08.465 63540 INFO tempest.lib.common.rest_client [req-435d356a-593d-4af4-9caf-491c22417394 req-435d356a-593d-4af4-9caf-491c22417394 ] Request (SecurityGroupRulesNegativeTestJSON:test_create_security_group_rule_with_invalid_to_port): 200 POST http://10.180.1.21/compute/v2.1/os-security-groups 2.726s
2025-02-19 21:07:08.478 63574 INFO tempest.lib.common.rest_client [req-66a56c63-5023-45c1-87aa-ed89bf4d64c5 req-66a56c63-5023-45c1-87aa-ed89bf4d64c5 ] Request (HypervisorAdminV228Test:setUpClass): 201 POST http://10.180.1.21/identity/v3/users 0.065s
2025-02-19 21:07:08.488 63577 INFO tempest.lib.common.rest_client [req-383354ea-acc4-47b3-9cca-81816f3b91f0 req-383354ea-acc4-47b3-9cca-81816f3b91f0 ] Request (FloatingIPsTestJSON:test_delete_floating_ip): 200 POST http://10.180.1.21/compute/v2.1/os-floating-ips 4.092s
2025-02-19 21:07:08.507 63574 INFO tempest.lib.common.rest_client [req-e14f9675-2745-45d3-8352-cfc21b4fce1d req-e14f9675-2745-45d3-8352-cfc21b4fce1d ] Request (HypervisorAdminV228Test:setUpClass): 200 GET http://10.180.1.21/identity/v3/roles 0.028s
2025-02-19 21:07:08.554 63574 INFO tempest.lib.common.rest_client [req-40ddacb9-273f-4892-a81b-6844cf50f6ba req-40ddacb9-273f-4892-a81b-6844cf50f6ba ] Request (HypervisorAdminV228Test:setUpClass): 204 PUT http://10.180.1.21/identity/v3/projects/8737908e8e8c41468bebcc0d6c414b59/users/ada06be4397c4eaa82b42ee3cd6ac5b6/roles/5f347be594244b98957bd1d18ec1874e 0.046s
2025-02-19 21:07:08.637 63522 INFO tempest.lib.common.rest_client [req-96662cd8-9805-451a-b8d0-d042a376b52d req-96662cd8-9805-451a-b8d0-d042a376b52d ] Request (ServersWithSpecificFlavorTestJSON:test_verify_created_server_ephemeral_disk): 200 GET http://10.180.1.21/compute/v2.1/servers/6a5b90ec-7c9e-4b2a-a86a-07c2307426f8 2.261s
2025-02-19 21:07:08.639 63574 INFO tempest.lib.common.rest_client [req-2a297e91-e751-41bc-8f4f-fa647fcb5a69 req-2a297e91-e751-41bc-8f4f-fa647fcb5a69 ] Request (HypervisorAdminV228Test:setUpClass): 200 GET http://10.180.1.21/identity/v3/roles 0.085s
2025-02-19 21:07:08.646 63522 INFO tempest.common.waiters [-] State transition "BUILD/spawning" ==> "ACTIVE/None" after 26 second wait
2025-02-19 21:07:08.667 63574 INFO tempest.lib.common.rest_client [req-e1ad00b2-38ba-48c6-9cd1-9260b9a1e4a3 req-e1ad00b2-38ba-48c6-9cd1-9260b9a1e4a3 ] Request (HypervisorAdminV228Test:setUpClass): 204 PUT http://10.180.1.21/identity/v3/projects/8737908e8e8c41468bebcc0d6c414b59/users/ada06be4397c4eaa82b42ee3cd6ac5b6/roles/5f347be594244b98957bd1d18ec1874e 0.027s
2025-02-19 21:07:08.667 63574 INFO tempest.lib.common.dynamic_creds [-] Dynamic test user ada06be4397c4eaa82b42ee3cd6ac5b6 is created with scope project and roles: ['admin']
2025-02-19 21:07:08.668 63574 INFO tempest.lib.common.dynamic_creds [-] Acquired dynamic creds: credentials: Credentials: {'domain_id': 'default', 'domain_name': 'Default', 'username': 'tempest-HypervisorAdminV228Test-1936925638-project-admin', 'project_domain_id': 'default', 'project_domain_name': 'Default', 'project_id': '8737908e8e8c41468bebcc0d6c414b59', 'project_name': 'tempest-HypervisorAdminV228Test-1936925638', 'tenant_id': '8737908e8e8c41468bebcc0d6c414b59', 'tenant_name': 'tempest-HypervisorAdminV228Test-1936925638', 'user_domain_id': 'default', 'user_domain_name': 'Default', 'user_id': 'ada06be4397c4eaa82b42ee3cd6ac5b6', 'system': None}, Network: None, Subnet: None, Router: None
2025-02-19 21:07:08.668 63574 INFO tempest.lib.common.dynamic_creds [-] Created isolated network resources for: credentials: Credentials: {'domain_id': 'default', 'domain_name': 'Default', 'username': 'tempest-HypervisorAdminV228Test-1936925638-project-admin', 'project_domain_id': 'default', 'project_domain_name': 'Default', 'project_id': '8737908e8e8c41468bebcc0d6c414b59', 'project_name': 'tempest-HypervisorAdminV228Test-1936925638', 'tenant_id': '8737908e8e8c41468bebcc0d6c414b59', 'tenant_name': 'tempest-HypervisorAdminV228Test-1936925638', 'user_domain_id': 'default', 'user_domain_name': 'Default', 'user_id': 'ada06be4397c4eaa82b42ee3cd6ac5b6', 'system': None}, Network: None, Subnet: None, Router: None
2025-02-19 21:07:08.730 63572 INFO tempest.lib.common.rest_client [req-9dd17e63-d6dd-4729-9e1c-ed0702904bea req-9dd17e63-d6dd-4729-9e1c-ed0702904bea ] Request (ServersTestJSON:test_create_server_specify_multibyte_character_name): 200 GET http://10.180.1.21/compute/v2.1/servers/02608284-2c80-48e6-8d51-c0010ba2c8db 2.258s
2025-02-19 21:07:08.781 63574 INFO tempest.lib.common.rest_client [req-39dbc9ee-827c-4acd-8255-37aa87fa493c req-39dbc9ee-827c-4acd-8255-37aa87fa493c ] Request (HypervisorAdminV228Test:setUpClass): 201 POST http://10.180.1.21/identity/v3/auth/tokens 0.109s
2025-02-19 21:07:08.833 63536 INFO tempest.lib.common.rest_client [req-1a110363-64ca-4fb4-aecd-7f061a5ce08f req-1a110363-64ca-4fb4-aecd-7f061a5ce08f ] Request (ServerAddressesTestJSON:setUpClass): 200 GET http://10.180.1.21/compute/v2.1/servers/62f2c47b-4eb6-4fd5-9942-8f12de9b289d 2.280s
2025-02-19 21:07:08.844 63536 INFO tempest.common.waiters [-] State transition "BUILD/None" ==> "BUILD/networking" after 13 second wait
2025-02-19 21:07:08.949 63546 INFO tempest.lib.common.rest_client [req-fd880273-f559-49c3-ab87-6c9e754d0c4f req-fd880273-f559-49c3-ab87-6c9e754d0c4f ] Request (ServersAdminTestJSON:test_create_server_with_scheduling_hint): 202 POST http://10.180.1.21/compute/v2.1/servers 2.498s
2025-02-19 21:07:08.964 63530 INFO tempest.lib.common.rest_client [req-a26267fb-aee6-45ee-9702-44e6aa2ee368 req-a26267fb-aee6-45ee-9702-44e6aa2ee368 ] Request (ImagesOneServerTestJSON:setUpClass): 200 GET http://10.180.1.21/compute/v2.1/servers/d83bbba5-68a6-4165-8543-a53f8b6ba92c 2.292s
2025-02-19 21:07:08.976 63530 INFO tempest.common.waiters [-] State transition "BUILD/None" ==> "BUILD/spawning" after 13 second wait
2025-02-19 21:07:09.026 63534 INFO tempest.lib.common.rest_client [req-80b6dc78-fc93-4514-bbc7-28f3aee7a5d3 req-80b6dc78-fc93-4514-bbc7-28f3aee7a5d3 ] Request (ServersNegativeTestJSON:setUpClass): 200 GET http://10.180.1.21/compute/v2.1/servers/1e3e7894-9094-4dcb-8409-9a8f800e690d 2.170s
2025-02-19 21:07:09.133 63544 INFO tempest.lib.common.rest_client [req-a02aa493-d8ba-4540-8b23-dbc41cd7a6f7 req-a02aa493-d8ba-4540-8b23-dbc41cd7a6f7 ] Request (DeleteServersAdminTestJSON:test_admin_delete_servers_of_others): 200 GET http://10.180.1.21/compute/v2.1/servers/9dc5c31d-4128-4143-a0fd-afd714b95c79 2.186s
2025-02-19 21:07:09.171 63580 INFO tempest.lib.common.rest_client [req-2ebd4c55-b919-4100-8cb0-eb7d0e1f886f req-2ebd4c55-b919-4100-8cb0-eb7d0e1f886f ] Request (MigrationsAdminTest:test_list_migrations_in_flavor_resize_situation): 202 POST http://10.180.1.21/compute/v2.1/servers/d53844a9-7e9e-47d5-97a9-80df25e74c57/action 2.479s
2025-02-19 21:07:09.448 63542 INFO tempest.lib.common.rest_client [req-a61772a0-8f4b-4b43-a3b5-6ee5e5447b43 req-a61772a0-8f4b-4b43-a3b5-6ee5e5447b43 ] Request (ServersAdminNegativeTestJSON:setUpClass): 200 GET http://10.180.1.21/compute/v2.1/servers/6960a521-685b-4c29-95da-799aafa9bac9 2.342s
2025-02-19 21:07:09.468 63562 INFO tempest.lib.common.rest_client [req-f5064bd9-8f06-4464-941d-64e4a5520d66 req-f5064bd9-8f06-4464-941d-64e4a5520d66 ] Request (KeyPairsV22TestJSON:_run_cleanups): 204 DELETE http://10.180.1.21/compute/v2.1/os-keypairs/tempest-keypair-199623757 2.316s
2025-02-19 21:07:09.476 63558 INFO tempest.lib.common.rest_client [req-f224e446-b8ae-4485-81cb-4a1b29d72cb4 req-f224e446-b8ae-4485-81cb-4a1b29d72cb4 ] Request (SecurityGroupRulesTestJSON:test_security_group_rules_delete_when_peer_group_deleted): 200 POST http://10.180.1.21/compute/v2.1/os-security-groups 2.338s
2025-02-19 21:07:09.501 63554 INFO tempest.lib.common.rest_client [req-89f47728-35c4-4cc4-bd96-c001506b345d req-89f47728-35c4-4cc4-bd96-c001506b345d ] Request (FlavorsAdminTestJSON:test_is_public_string_variations): 200 POST http://10.180.1.21/compute/v2.1/flavors 2.186s
2025-02-19 21:07:09.568 63518 INFO tempest.lib.common.rest_client [req-0f05dbd6-fb80-4506-80ed-23b77e3c3f0a req-0f05dbd6-fb80-4506-80ed-23b77e3c3f0a ] Request (ServerActionsTestOtherA:setUpClass): 200 GET http://10.180.1.21/compute/v2.1/servers/830c47ee-1791-473b-9278-f46e3219c256 2.397s
2025-02-19 21:07:09.778 63550 INFO tempest.lib.common.rest_client [req-9b168bca-55b1-485c-bcff-4cd20d0b4a63 req-9b168bca-55b1-485c-bcff-4cd20d0b4a63 ] Request (SecurityGroupsTestAdminJSON:test_list_security_groups_list_all_tenants_filter): 200 GET http://10.180.1.21/compute/v2.1/os-security-groups?all_tenants=true 2.425s
2025-02-19 21:07:09.873 63552 INFO tempest.lib.common.rest_client [req-7d60e451-ab58-4080-98a8-8ba143377e0a req-7d60e451-ab58-4080-98a8-8ba143377e0a ] Request (ServerDiagnosticsTest:tearDownClass): 200 GET http://10.180.1.21/compute/v2.1/servers/aedc2e31-badd-40d4-9200-e08d9dc18b5f 2.420s
2025-02-19 21:07:09.998 63526 INFO tempest.lib.common.rest_client [req-8aa37519-dc0d-4e09-8863-7079865d6b85 req-8aa37519-dc0d-4e09-8863-7079865d6b85 ] Request (VolumesAssistedSnapshotsTest:test_volume_assisted_snapshot_create_delete): 200 GET http://10.180.1.21/compute/v2.1/servers/519d1a21-0829-41a5-9bc4-e68f29eabf23/os-interface 2.241s
2025-02-19 21:07:10.013 63560 INFO tempest.lib.common.rest_client [req-24c0a136-90b6-4b4a-8c77-0124daf7ab85 req-24c0a136-90b6-4b4a-8c77-0124daf7ab85 ] Request (AggregatesAdminNegativeTestJSON:test_aggregate_list_as_user): 403 GET http://10.180.1.21/compute/v2.1/os-aggregates 2.256s
2025-02-19 21:07:10.092 63520 INFO tempest.lib.common.rest_client [req-7860fbbf-0eec-455e-aff6-b0a8c9f42822 req-7860fbbf-0eec-455e-aff6-b0a8c9f42822 ] Request (AttachInterfacesV270Test:tearDownClass): 200 GET http://10.180.1.21/compute/v2.1/servers/23a1817b-052c-47a5-9c4b-3db48d45eac1 2.302s
2025-02-19 21:07:10.395 63566 INFO tempest.lib.common.rest_client [req-f1ac2d01-e603-4218-8554-dd84432430a4 req-f1ac2d01-e603-4218-8554-dd84432430a4 ] Request (ListServersNegativeTestJSON:setUpClass): 202 POST http://10.180.1.21/compute/v2.1/servers 2.962s
2025-02-19 21:07:10.577 63524 INFO tempest.lib.common.rest_client [req-c0f15802-305b-45d9-bcc7-b25e04cddf2b req-c0f15802-305b-45d9-bcc7-b25e04cddf2b ] Request (QuotasAdminNegativeTest:_run_cleanups): 200 PUT http://10.180.1.21/compute/v2.1/os-quota-sets/1e5a13a4cb9345af8e8da3d1a1286477 2.522s
2025-02-19 21:07:10.719 63578 INFO tempest.lib.common.rest_client [req-3a6d5b10-b48d-44db-ad6f-8a8b5510c3af req-3a6d5b10-b48d-44db-ad6f-8a8b5510c3af ] Request (SecurityGroupsNegativeTestJSON:test_delete_the_default_security_group): 200 GET http://10.180.1.21/compute/v2.1/os-security-groups 2.571s
2025-02-19 21:07:10.774 63568 INFO tempest.lib.common.rest_client [req-595ba68f-e1d2-420b-813b-3928002aacec req-595ba68f-e1d2-420b-813b-3928002aacec ] Request (ImagesTestJSON:test_create_image_from_stopped_server): 200 GET http://10.180.1.21/compute/v2.1/images/4f0f8394-b895-4647-967a-9b087e9428a8 2.576s
2025-02-19 21:07:10.776 63538 INFO tempest.lib.common.rest_client [req-2ed2eb81-5243-4fff-8780-d2ff79d376a8 req-2ed2eb81-5243-4fff-8780-d2ff79d376a8 ] Request (ServersTestMultiNic:test_verify_duplicate_network_nics): 202 POST http://10.180.1.21/compute/v2.1/servers 2.901s
2025-02-19 21:07:10.811 63570 INFO tempest.lib.common.rest_client [req-4a0e2915-5699-446e-bcc9-783509cd142b req-4a0e2915-5699-446e-bcc9-783509cd142b ] Request (VolumesSnapshotsTestJSON:_run_cleanups): 404 GET http://10.180.1.21/compute/v2.1/os-snapshots/83448b3d-f7ef-43ea-9dc1-92c5c7f8c34a 2.569s
2025-02-19 21:07:10.817 63532 INFO tempest.lib.common.rest_client [req-e67e88ed-9621-4849-ab3c-24f49ed3bd33 req-e67e88ed-9621-4849-ab3c-24f49ed3bd33 ] Request (HostsAdminNegativeTestJSON:test_update_host_with_invalid_maintenance_mode): 400 PUT http://10.180.1.21/compute/v2.1/os-hosts/devstack 2.560s
2025-02-19 21:07:10.846 63556 INFO tempest.lib.common.rest_client [req-e569637f-41b3-4f1b-8c68-8791ca447db8 req-e569637f-41b3-4f1b-8c68-8791ca447db8 ] Request (TenantUsagesTestJSON:test_list_usage_all_tenants): 200 GET http://10.180.1.21/compute/v2.1/os-simple-tenant-usage?start=2025-02-18T21%3A07%3A02.076233&end=2025-02-20T21%3A07%3A02.076233&detailed=1 2.646s
2025-02-19 21:07:10.911 63548 INFO tempest.lib.common.rest_client [req-3185bc76-e794-46c0-b48d-cd85defb14af req-3185bc76-e794-46c0-b48d-cd85defb14af ] Request (ServerDiagnosticsV248Test:test_get_server_diagnostics): 200 GET http://10.180.1.21/compute/v2.1/servers/4454f3c5-a41b-4a31-926d-82342dffcde9 2.608s
2025-02-19 21:07:10.944 63540 INFO tempest.lib.common.rest_client [req-0db10167-2b15-4c2f-b3c3-204e78305c23 req-0db10167-2b15-4c2f-b3c3-204e78305c23 ] Request (SecurityGroupRulesNegativeTestJSON:test_create_security_group_rule_with_invalid_to_port): 400 POST http://10.180.1.21/compute/v2.1/os-security-group-rules 2.473s
2025-02-19 21:07:10.972 63526 INFO tempest.lib.common.rest_client [req-a1f95686-2853-4bff-b6e8-65551dce63f2 req-a1f95686-2853-4bff-b6e8-65551dce63f2 ] Request (VolumesAssistedSnapshotsTest:test_volume_assisted_snapshot_create_delete): 200 PUT http://10.180.1.21:9696/networking/v2.0/floatingips/868ef6de-d166-4129-825b-1e42ce03ead6 0.972s
2025-02-19 21:07:10.974 63526 INFO tempest.lib.common.ssh [-] Creating ssh connection to '10.180.180.142:22' as 'cirros' with public key authentication
2025-02-19 21:07:11.707 63528 INFO tempest.lib.common.rest_client [req-314a3bc7-6894-4fb2-a56c-fef2faabd978 req-314a3bc7-6894-4fb2-a56c-fef2faabd978 ] Request (FloatingIPsAssociationNegativeTestJSON:setUpClass): 202 POST http://10.180.1.21/compute/v2.1/servers 3.391s
2025-02-19 21:07:11.758 63577 INFO tempest.lib.common.rest_client [req-4849207c-2d75-4821-b73a-59fbf91bab6c req-4849207c-2d75-4821-b73a-59fbf91bab6c ] Request (FloatingIPsTestJSON:test_delete_floating_ip): 202 DELETE http://10.180.1.21/compute/v2.1/os-floating-ips/6a82bbb6-2bf6-402f-8eb3-63745fe00fb6 3.267s
2025-02-19 21:07:11.844 63574 INFO tempest.lib.common.rest_client [req-a8b047af-7068-4f33-9383-f55bfa051ea5 req-a8b047af-7068-4f33-9383-f55bfa051ea5 ] Request (HypervisorAdminV228Test:test_get_list_hypervisor_details): 200 GET http://10.180.1.21/compute/v2.1/os-hypervisors 3.061s
2025-02-19 21:07:11.858 63522 INFO tempest.lib.common.rest_client [req-163c8e20-624e-4de0-967c-9c2bb54a02ec req-163c8e20-624e-4de0-967c-9c2bb54a02ec ] Request (ServersWithSpecificFlavorTestJSON:test_verify_created_server_ephemeral_disk): 200 GET http://10.180.1.21/compute/v2.1/servers/6a5b90ec-7c9e-4b2a-a86a-07c2307426f8/os-interface 3.211s
2025-02-19 21:07:11.942 63546 INFO tempest.lib.common.rest_client [req-710f269e-b322-46ee-9d8f-c14955c65a0f req-710f269e-b322-46ee-9d8f-c14955c65a0f ] Request (ServersAdminTestJSON:test_create_server_with_scheduling_hint): 200 GET http://10.180.1.21/compute/v2.1/servers/4e786d04-20a7-4850-a470-bad3e3d3bcb1 2.991s
2025-02-19 21:07:11.954 63564 INFO tempest.lib.common.rest_client [req-d51b299f-18b9-45d0-959c-0cfaec52eec7 req-d51b299f-18b9-45d0-959c-0cfaec52eec7 ] Request (ServersTestFqdnHostnames:test_create_server_with_fqdn_name): 200 GET http://10.180.1.21/compute/v2.1/servers/7d9abde3-63db-4ea8-bb12-df6000a782d1 2.805s
2025-02-19 21:07:12.072 63580 INFO tempest.lib.common.rest_client [req-2e43fe48-7048-4c58-b4d3-02ad4eee9f9f req-2e43fe48-7048-4c58-b4d3-02ad4eee9f9f ] Request (MigrationsAdminTest:test_list_migrations_in_flavor_resize_situation): 200 GET http://10.180.1.21/compute/v2.1/servers/d53844a9-7e9e-47d5-97a9-80df25e74c57 2.900s
2025-02-19 21:07:12.264 63558 INFO tempest.lib.common.rest_client [req-0fbf7ea2-402d-4e85-9483-b63a294d023f req-0fbf7ea2-402d-4e85-9483-b63a294d023f ] Request (SecurityGroupRulesTestJSON:test_security_group_rules_delete_when_peer_group_deleted): 200 POST http://10.180.1.21/compute/v2.1/os-security-group-rules 2.780s
2025-02-19 21:07:12.298 63554 INFO tempest.lib.common.rest_client [req-a3856f09-099c-4f14-93d5-2cac5cd344a7 req-a3856f09-099c-4f14-93d5-2cac5cd344a7 ] Request (FlavorsAdminTestJSON:test_is_public_string_variations): 200 GET http://10.180.1.21/compute/v2.1/flavors/detail?is_public=f 2.791s
2025-02-19 21:07:12.366 63572 INFO tempest.lib.common.rest_client [req-81d45f61-8148-4ab3-bba8-ee9b3a41ad23 req-81d45f61-8148-4ab3-bba8-ee9b3a41ad23 ] Request (ServersTestJSON:test_create_server_specify_multibyte_character_name): 200 GET http://10.180.1.21/compute/v2.1/servers/02608284-2c80-48e6-8d51-c0010ba2c8db 2.624s
2025-02-19 21:07:12.499 63550 INFO tempest.lib.common.rest_client [req-2794e589-b20d-49cb-9382-5bb147383295 req-2794e589-b20d-49cb-9382-5bb147383295 ] Request (SecurityGroupsTestAdminJSON:_run_cleanups): 202 DELETE http://10.180.1.21/compute/v2.1/os-security-groups/3695ed86-88eb-42cb-9e2e-457c95b21c14 2.714s
2025-02-19 21:07:12.519 63522 INFO tempest.lib.common.rest_client [req-0d4a0067-3786-45a0-a173-345c02564f4b req-0d4a0067-3786-45a0-a173-345c02564f4b ] Request (ServersWithSpecificFlavorTestJSON:test_verify_created_server_ephemeral_disk): 200 PUT http://10.180.1.21:9696/networking/v2.0/floatingips/d0c39aca-d06e-4a47-ba6f-030f1cef167a 0.659s
2025-02-19 21:07:12.604 63536 INFO tempest.lib.common.rest_client [req-d32b9934-9fe4-4dfc-aa41-ce23de89748f req-d32b9934-9fe4-4dfc-aa41-ce23de89748f ] Request (ServerAddressesTestJSON:setUpClass): 200 GET http://10.180.1.21/compute/v2.1/servers/62f2c47b-4eb6-4fd5-9942-8f12de9b289d 2.758s
2025-02-19 21:07:12.612 63536 INFO tempest.common.waiters [-] State transition "BUILD/networking" ==> "BUILD/spawning" after 17 second wait
2025-02-19 21:07:12.668 63562 INFO tempest.lib.common.rest_client [req-88a35a41-30dd-49fa-94a8-bff1738e79b4 req-88a35a41-30dd-49fa-94a8-bff1738e79b4 ] Request (KeyPairsV22TestJSON:test_keypairsv22_create_list_show_with_type): 201 POST http://10.180.1.21/compute/v2.1/os-keypairs 3.198s
2025-02-19 21:07:12.698 63560 INFO tempest.lib.common.rest_client [req-2536df09-b84f-4201-bf4b-1621ff86d8a3 req-2536df09-b84f-4201-bf4b-1621ff86d8a3 ] Request (AggregatesAdminNegativeTestJSON:test_aggregate_remove_host_as_user): 200 POST http://10.180.1.21/compute/v2.1/os-aggregates 2.683s
2025-02-19 21:07:12.739 63530 INFO tempest.lib.common.rest_client [req-0c21bde4-2069-4ed0-aa51-507f704a8a48 req-0c21bde4-2069-4ed0-aa51-507f704a8a48 ] Request (ImagesOneServerTestJSON:setUpClass): 200 GET http://10.180.1.21/compute/v2.1/servers/d83bbba5-68a6-4165-8543-a53f8b6ba92c 2.762s
2025-02-19 21:07:12.752 63534 INFO tempest.lib.common.rest_client [req-24fa5a1b-db8c-4b68-87bb-bef683762464 req-24fa5a1b-db8c-4b68-87bb-bef683762464 ] Request (ServersNegativeTestJSON:setUpClass): 200 GET http://10.180.1.21/compute/v2.1/servers/1e3e7894-9094-4dcb-8409-9a8f800e690d 2.710s
2025-02-19 21:07:12.766 63544 INFO tempest.lib.common.rest_client [req-d558fa34-3ab0-4d6d-bd11-f4306004b420 req-d558fa34-3ab0-4d6d-bd11-f4306004b420 ] Request (DeleteServersAdminTestJSON:test_admin_delete_servers_of_others): 404 GET http://10.180.1.21/compute/v2.1/servers/9dc5c31d-4128-4143-a0fd-afd714b95c79 2.622s
2025-02-19 21:07:12.846 63544 INFO tempest.lib.common.rest_client [req-8835d9ba-6bf0-46bb-98c6-bc9eccd8784f req-8835d9ba-6bf0-46bb-98c6-bc9eccd8784f ] Request (DeleteServersAdminTestJSON:test_delete_server_while_in_error_state): 201 POST http://10.180.1.21/identity/v3/auth/tokens 0.072s
2025-02-19 21:07:12.846 63544 INFO tempest.lib.common.fixed_network [-] (DeleteServersAdminTestJSON:test_delete_server_while_in_error_state) Found network None available for tenant
2025-02-19 21:07:12.884 63566 INFO tempest.lib.common.rest_client [req-2d6c9bd3-2a0c-459f-8c0b-31e8d4870178 req-2d6c9bd3-2a0c-459f-8c0b-31e8d4870178 ] Request (ListServersNegativeTestJSON:setUpClass): 200 GET http://10.180.1.21/compute/v2.1/servers 2.487s
2025-02-19 21:07:12.891 63524 INFO tempest.lib.common.rest_client [req-82a3fe1d-4379-407b-b620-853c01947fc3 req-82a3fe1d-4379-407b-b620-853c01947fc3 ] Request (QuotasAdminNegativeTest:test_update_quota_normal_user): 403 PUT http://10.180.1.21/compute/v2.1/os-quota-sets/1e5a13a4cb9345af8e8da3d1a1286477 2.307s
2025-02-19 21:07:12.895 63542 INFO tempest.lib.common.rest_client [req-b3acf6de-2f20-4429-aa99-1c27d3e1f1ea req-b3acf6de-2f20-4429-aa99-1c27d3e1f1ea ] Request (ServersAdminNegativeTestJSON:setUpClass): 200 GET http://10.180.1.21/compute/v2.1/servers/6960a521-685b-4c29-95da-799aafa9bac9 2.436s
2025-02-19 21:07:12.957 63518 INFO tempest.lib.common.rest_client [req-53118ac1-8097-466e-9923-3d0b9497c51a req-53118ac1-8097-466e-9923-3d0b9497c51a ] Request (ServerActionsTestOtherA:setUpClass): 200 GET http://10.180.1.21/compute/v2.1/servers/830c47ee-1791-473b-9278-f46e3219c256 2.372s
2025-02-19 21:07:12.982 63578 INFO tempest.lib.common.rest_client [req-cb0a4ff4-5028-4e07-847c-76f89ea8ba6f req-cb0a4ff4-5028-4e07-847c-76f89ea8ba6f ] Request (SecurityGroupsNegativeTestJSON:test_delete_the_default_security_group): 400 DELETE http://10.180.1.21/compute/v2.1/os-security-groups/548e5e33-accb-4388-833f-0e4dd4e6c3ce 2.255s
2025-02-19 21:07:13.012 63524 INFO tempest.lib.common.rest_client [req-66d371e4-e22b-4f12-bec2-9c2d0a6e3636 req-66d371e4-e22b-4f12-bec2-9c2d0a6e3636 ] Request (QuotasAdminNegativeTest:tearDownClass): 204 DELETE http://10.180.1.21/identity/v3/users/65da2bcdbf3346bab64855f13686fee2 0.118s
2025-02-19 21:07:13.015 63538 INFO tempest.lib.common.rest_client [req-f9008889-e74c-4666-95c0-e715b35b43d4 req-f9008889-e74c-4666-95c0-e715b35b43d4 ] Request (ServersTestMultiNic:test_verify_duplicate_network_nics): 200 GET http://10.180.1.21/compute/v2.1/servers/2298031b-91e6-4b91-8332-a4fabc47388e 2.236s
2025-02-19 21:07:13.021 63532 INFO tempest.lib.common.rest_client [req-de303598-255d-4d7f-a42c-eae3e332e70b req-de303598-255d-4d7f-a42c-eae3e332e70b ] Request (HostsAdminNegativeTestJSON:test_update_host_with_invalid_status): 400 PUT http://10.180.1.21/compute/v2.1/os-hosts/devstack 2.202s
2025-02-19 21:07:13.050 63570 INFO tempest.lib.common.rest_client [req-f172cf46-c22e-4b5c-a549-87f880ca2dec req-f172cf46-c22e-4b5c-a549-87f880ca2dec ] Request (VolumesSnapshotsTestJSON:_run_cleanups): 202 DELETE http://10.180.1.21/compute/v2.1/os-volumes/5e54c91b-f29a-4a2f-bc3a-624515141ba2 2.238s
2025-02-19 21:07:13.109 63556 INFO tempest.lib.common.rest_client [req-4cc58db1-0e38-461f-9fbd-5773c6100d19 req-4cc58db1-0e38-461f-9fbd-5773c6100d19 ] Request (TenantUsagesTestJSON:tearDownClass): 204 DELETE http://10.180.1.21/compute/v2.1/servers/5bcde8b5-55f1-42e4-ad88-0b66a463c5fc 2.252s
2025-02-19 21:07:13.127 63552 INFO tempest.lib.common.rest_client [req-cd652cc8-0b27-4109-9192-41089a3efa0d req-cd652cc8-0b27-4109-9192-41089a3efa0d ] Request (ServerDiagnosticsTest:tearDownClass): 200 GET http://10.180.1.21/compute/v2.1/servers/aedc2e31-badd-40d4-9200-e08d9dc18b5f 2.246s
2025-02-19 21:07:13.134 63540 INFO tempest.lib.common.rest_client [req-ebd1ea3a-0fa2-4389-a7a6-17fbdf24ef21 req-ebd1ea3a-0fa2-4389-a7a6-17fbdf24ef21 ] Request (SecurityGroupRulesNegativeTestJSON:test_create_security_group_rule_with_non_existent_id): 404 POST http://10.180.1.21/compute/v2.1/os-security-group-rules 2.187s
2025-02-19 21:07:13.146 63524 INFO tempest.lib.common.rest_client [req-44e05901-ae3c-4aad-aee3-c41383b03bec req-44e05901-ae3c-4aad-aee3-c41383b03bec ] Request (QuotasAdminNegativeTest:tearDownClass): 204 DELETE http://10.180.1.21/identity/v3/users/d80319aac2744163b1c82500cf69c64f 0.133s
2025-02-19 21:07:13.146 63524 INFO tempest.lib.common.dynamic_creds [-] Deleting project and security group for project: 1e5a13a4cb9345af8e8da3d1a1286477
2025-02-19 21:07:13.163 63520 INFO tempest.lib.common.rest_client [req-109b4189-7e5f-45ae-add4-f153f410d37a req-109b4189-7e5f-45ae-add4-f153f410d37a ] Request (AttachInterfacesV270Test:tearDownClass): 404 GET http://10.180.1.21/compute/v2.1/servers/23a1817b-052c-47a5-9c4b-3db48d45eac1 2.061s
2025-02-19 21:07:13.209 63577 INFO tempest.lib.common.rest_client [req-171f5501-f3ac-4020-b273-8bc784be440f req-171f5501-f3ac-4020-b273-8bc784be440f ] Request (FloatingIPsTestJSON:test_delete_floating_ip): 404 GET http://10.180.1.21/compute/v2.1/os-floating-ips/6a82bbb6-2bf6-402f-8eb3-63745fe00fb6 1.448s
2025-02-19 21:07:13.217 63524 INFO tempest.lib.common.rest_client [req-99cb6edd-13f4-40da-936d-db0f5862a084 req-99cb6edd-13f4-40da-936d-db0f5862a084 ] Request (QuotasAdminNegativeTest:tearDownClass): 201 POST http://10.180.1.21/identity/v3/auth/tokens 0.070s
2025-02-19 21:07:13.249 63568 INFO tempest.lib.common.rest_client [req-80032025-79ef-43e9-a917-4f6d68016ecf req-80032025-79ef-43e9-a917-4f6d68016ecf ] Request (ImagesTestJSON:test_create_image_from_stopped_server): 200 GET http://10.180.1.21/compute/v2.1/images/4f0f8394-b895-4647-967a-9b087e9428a8 1.469s
2025-02-19 21:07:13.277 63574 INFO tempest.lib.common.rest_client [req-0e571ecb-3c39-4e81-a0a3-62229117768f req-0e571ecb-3c39-4e81-a0a3-62229117768f ] Request (HypervisorAdminV228Test:test_get_list_hypervisor_details): 200 GET http://10.180.1.21/compute/v2.1/os-hypervisors/1 1.431s
2025-02-19 21:07:13.381 63574 INFO tempest.lib.common.rest_client [req-c9eb4e74-2a85-4be4-8498-e32f04d0fe60 req-c9eb4e74-2a85-4be4-8498-e32f04d0fe60 ] Request (HypervisorAdminV228Test:tearDownClass): 204 DELETE http://10.180.1.21/identity/v3/users/05768774090c47a2bf1d6de0c9eae1b8 0.099s
2025-02-19 21:07:13.427 63528 INFO tempest.lib.common.rest_client [req-4927ba75-e773-4445-ba45-2d70e3dfd291 req-4927ba75-e773-4445-ba45-2d70e3dfd291 ] Request (FloatingIPsAssociationNegativeTestJSON:setUpClass): 200 GET http://10.180.1.21/compute/v2.1/servers/9409fbc3-cec1-410c-ab27-484a4a024c58 1.718s
2025-02-19 21:07:13.444 63524 INFO tempest.lib.common.rest_client [req-149141ee-734b-4266-9da3-459bba3b16fb req-149141ee-734b-4266-9da3-459bba3b16fb ] Request (QuotasAdminNegativeTest:tearDownClass): 200 GET http://10.180.1.21:9696/networking/v2.0/security-groups?tenant_id=1e5a13a4cb9345af8e8da3d1a1286477&name=default 0.227s
2025-02-19 21:07:13.467 63548 INFO tempest.lib.common.rest_client [req-4a4dbab9-3a2f-4d00-9bb2-150bca2e957a req-4a4dbab9-3a2f-4d00-9bb2-150bca2e957a ] Request (ServerDiagnosticsV248Test:test_get_server_diagnostics): 200 GET http://10.180.1.21/compute/v2.1/servers/4454f3c5-a41b-4a31-926d-82342dffcde9 1.538s
2025-02-19 21:07:13.480 63548 INFO tempest.common.waiters [-] State transition "BUILD/spawning" ==> "ACTIVE/None" after 24 second wait
2025-02-19 21:07:13.487 63554 INFO tempest.lib.common.rest_client [req-3556152d-0ad8-417a-8cd0-bed2f9993d68 req-3556152d-0ad8-417a-8cd0-bed2f9993d68 ] Request (FlavorsAdminTestJSON:test_is_public_string_variations): 200 GET http://10.180.1.21/compute/v2.1/flavors/detail?is_public=false 1.183s
2025-02-19 21:07:13.528 63574 INFO tempest.lib.common.rest_client [req-37adef53-0377-4f6e-9ac9-627464683d0a req-37adef53-0377-4f6e-9ac9-627464683d0a ] Request (HypervisorAdminV228Test:tearDownClass): 204 DELETE http://10.180.1.21/identity/v3/users/ada06be4397c4eaa82b42ee3cd6ac5b6 0.146s
2025-02-19 21:07:13.528 63574 INFO tempest.lib.common.dynamic_creds [-] Deleting project and security group for project: 4bf807fb029743c1a92a7ff939d16a36
2025-02-19 21:07:13.557 63524 INFO tempest.lib.common.rest_client [req-651bd4de-2265-4cdd-8adb-3afda7853520 req-651bd4de-2265-4cdd-8adb-3afda7853520 ] Request (QuotasAdminNegativeTest:tearDownClass): 204 DELETE http://10.180.1.21:9696/networking/v2.0/security-groups/4489c89f-338a-4777-aa04-8e057dc5d901 0.113s
2025-02-19 21:07:13.627 63574 INFO tempest.lib.common.rest_client [req-4e9ec8ea-e905-4d72-b7a9-e52f61a31557 req-4e9ec8ea-e905-4d72-b7a9-e52f61a31557 ] Request (HypervisorAdminV228Test:tearDownClass): 201 POST http://10.180.1.21/identity/v3/auth/tokens 0.098s
2025-02-19 21:07:13.689 63524 INFO tempest.lib.common.rest_client [req-af5a802e-f268-4db8-843b-2d3329e47e3a req-af5a802e-f268-4db8-843b-2d3329e47e3a ] Request (QuotasAdminNegativeTest:tearDownClass): 204 DELETE http://10.180.1.21/identity/v3/projects/1e5a13a4cb9345af8e8da3d1a1286477 0.131s
2025-02-19 21:07:13.689 63524 INFO tempest.lib.common.dynamic_creds [-] Deleting project and security group for project: fcc80c885bbf427b891420021f85d235
2025-02-19 21:07:13.830 63558 INFO tempest.lib.common.rest_client [req-baf94609-e645-4c82-9483-85195de56299 req-baf94609-e645-4c82-9483-85195de56299 ] Request (SecurityGroupRulesTestJSON:test_security_group_rules_delete_when_peer_group_deleted): 202 DELETE http://10.180.1.21/compute/v2.1/os-security-groups/506baea5-f7c7-4195-8aec-543b122146d2 1.562s
2025-02-19 21:07:13.843 63524 INFO tempest.lib.common.rest_client [req-00df1c25-83bc-42d1-91cd-f9520104fcfb req-00df1c25-83bc-42d1-91cd-f9520104fcfb ] Request (QuotasAdminNegativeTest:tearDownClass): 200 GET http://10.180.1.21:9696/networking/v2.0/security-groups?tenant_id=fcc80c885bbf427b891420021f85d235&name=default 0.153s
2025-02-19 21:07:13.859 63550 INFO tempest.lib.common.rest_client [req-a4567576-dfbe-4a7e-bc57-65a9e4e19de8 req-a4567576-dfbe-4a7e-bc57-65a9e4e19de8 ] Request (SecurityGroupsTestAdminJSON:_run_cleanups): 202 DELETE http://10.180.1.21/compute/v2.1/os-security-groups/8c30a670-da60-41be-ba3d-ffdbbdbf181b 1.359s
2025-02-19 21:07:13.878 63562 INFO tempest.lib.common.rest_client [req-cab366d2-c21b-460a-a53b-3a3afaa76e79 req-cab366d2-c21b-460a-a53b-3a3afaa76e79 ] Request (KeyPairsV22TestJSON:test_keypairsv22_create_list_show_with_type): 200 GET http://10.180.1.21/compute/v2.1/os-keypairs/tempest-keypair-1850947555 1.208s
2025-02-19 21:07:13.953 63574 INFO tempest.lib.common.rest_client [req-a598b61b-6e0c-4129-8dfa-a12caa4a0c5c req-a598b61b-6e0c-4129-8dfa-a12caa4a0c5c ] Request (HypervisorAdminV228Test:tearDownClass): 200 GET http://10.180.1.21:9696/networking/v2.0/security-groups?tenant_id=4bf807fb029743c1a92a7ff939d16a36&name=default 0.325s
2025-02-19 21:07:13.995 63524 INFO tempest.lib.common.rest_client [req-877516f5-cbf1-4667-986a-9c1be0b3b6b9 req-877516f5-cbf1-4667-986a-9c1be0b3b6b9 ] Request (QuotasAdminNegativeTest:tearDownClass): 204 DELETE http://10.180.1.21:9696/networking/v2.0/security-groups/0eccaff1-6598-4343-943a-cd310b8dec81 0.151s
2025-02-19 21:07:14.053 63574 INFO tempest.lib.common.rest_client [req-5bdb0667-550b-4ffe-9e92-4104cd329561 req-5bdb0667-550b-4ffe-9e92-4104cd329561 ] Request (HypervisorAdminV228Test:tearDownClass): 204 DELETE http://10.180.1.21:9696/networking/v2.0/security-groups/03b319ca-136b-496c-84aa-eafd695f502c 0.100s
2025-02-19 21:07:14.080 63524 INFO tempest.lib.common.rest_client [req-36635e0a-255f-4ba5-a814-e2cb23fd3ff2 req-36635e0a-255f-4ba5-a814-e2cb23fd3ff2 ] Request (QuotasAdminNegativeTest:tearDownClass): 204 DELETE http://10.180.1.21/identity/v3/projects/fcc80c885bbf427b891420021f85d235 0.084s
2025-02-19 21:07:14.091 63522 INFO tempest.lib.common.rest_client [req-895660c1-4e97-4ef6-93c7-0a2dfbf77855 req-895660c1-4e97-4ef6-93c7-0a2dfbf77855 ] Request (ServersWithSpecificFlavorTestJSON:test_verify_created_server_ephemeral_disk): 200 GET http://10.180.1.21/compute/v2.1/servers/6a5b90ec-7c9e-4b2a-a86a-07c2307426f8 1.571s
2025-02-19 21:07:14.101 63522 INFO tempest.lib.common.ssh [-] Creating ssh connection to '10.180.180.137:22' as 'cirros' with public key authentication
2025-02-19 21:07:14.200 63574 INFO tempest.lib.common.rest_client [req-b8b0a992-f6e1-4842-8928-5a69a8bd6b62 req-b8b0a992-f6e1-4842-8928-5a69a8bd6b62 ] Request (HypervisorAdminV228Test:tearDownClass): 204 DELETE http://10.180.1.21/identity/v3/projects/4bf807fb029743c1a92a7ff939d16a36 0.146s
2025-02-19 21:07:14.200 63574 INFO tempest.lib.common.dynamic_creds [-] Deleting project and security group for project: 8737908e8e8c41468bebcc0d6c414b59
2025-02-19 21:07:14.279 63524 INFO tempest.lib.common.rest_client [req-e9f9c729-bff9-4b31-a459-eea9e4035f0a req-e9f9c729-bff9-4b31-a459-eea9e4035f0a ] Request (ServersListShow296Test:setUpClass): 201 POST http://10.180.1.21/identity/v3/auth/tokens 0.197s
2025-02-19 21:07:14.282 63560 INFO tempest.lib.common.rest_client [req-7190fe5c-2de7-45cd-97d4-5312dca01b48 req-7190fe5c-2de7-45cd-97d4-5312dca01b48 ] Request (AggregatesAdminNegativeTestJSON:test_aggregate_remove_host_as_user): 200 POST http://10.180.1.21/compute/v2.1/os-aggregates/7/action 1.582s
2025-02-19 21:07:14.323 63524 INFO tempest.lib.common.rest_client [req-48649089-ab7a-48ea-a22d-df1292c3953c req-48649089-ab7a-48ea-a22d-df1292c3953c ] Request (ServersListShow296Test:setUpClass): 201 POST http://10.180.1.21/identity/v3/auth/tokens 0.038s
2025-02-19 21:07:14.338 63574 INFO tempest.lib.common.rest_client [req-ada0f8b0-9e08-4026-be8b-9f7e34a2d5e8 req-ada0f8b0-9e08-4026-be8b-9f7e34a2d5e8 ] Request (HypervisorAdminV228Test:tearDownClass): 200 GET http://10.180.1.21:9696/networking/v2.0/security-groups?tenant_id=8737908e8e8c41468bebcc0d6c414b59&name=default 0.137s
2025-02-19 21:07:14.360 63524 INFO tempest.lib.common.rest_client [req-04ed140d-e867-416a-be59-09f300c74e1f req-04ed140d-e867-416a-be59-09f300c74e1f ] Request (ServersListShow296Test:setUpClass): 200 GET http://10.180.1.21/identity/v3/domains?name=Default 0.037s
2025-02-19 21:07:14.375 63566 INFO tempest.lib.common.rest_client [req-27352966-2e1b-4703-8789-d27c37124929 req-27352966-2e1b-4703-8789-d27c37124929 ] Request (ListServersNegativeTestJSON:setUpClass): 200 GET http://10.180.1.21/compute/v2.1/servers/76228faa-6d02-41d3-b99d-053423e3180c 1.488s
2025-02-19 21:07:14.410 63524 INFO tempest.lib.common.rest_client [req-e342f169-ce0d-44e1-98df-be4e02217d8f req-e342f169-ce0d-44e1-98df-be4e02217d8f ] Request (ServersListShow296Test:setUpClass): 201 POST http://10.180.1.21/identity/v3/projects 0.049s
2025-02-19 21:07:14.456 63546 INFO tempest.lib.common.rest_client [req-9ccd0480-70d8-45ef-9777-ec17dce03cde req-9ccd0480-70d8-45ef-9777-ec17dce03cde ] Request (ServersAdminTestJSON:test_create_server_with_scheduling_hint): 200 GET http://10.180.1.21/compute/v2.1/servers/4e786d04-20a7-4850-a470-bad3e3d3bcb1 1.502s
2025-02-19 21:07:14.471 63574 INFO tempest.lib.common.rest_client [req-305e3f20-c67f-48ce-af81-d65ffef0f6ea req-305e3f20-c67f-48ce-af81-d65ffef0f6ea ] Request (HypervisorAdminV228Test:tearDownClass): 204 DELETE http://10.180.1.21:9696/networking/v2.0/security-groups/db587d1f-1d67-4fe3-8524-f4edadf5c542 0.133s
2025-02-19 21:07:14.475 63544 INFO tempest.lib.common.rest_client [req-51a98de6-320d-4114-80a6-6e64ad83ad30 req-51a98de6-320d-4114-80a6-6e64ad83ad30 ] Request (DeleteServersAdminTestJSON:test_delete_server_while_in_error_state): 202 POST http://10.180.1.21/compute/v2.1/servers 1.628s
2025-02-19 21:07:14.508 63524 INFO tempest.lib.common.rest_client [req-240cfbff-2e66-4714-b4d1-2bd8bb6b4c85 req-240cfbff-2e66-4714-b4d1-2bd8bb6b4c85 ] Request (ServersListShow296Test:setUpClass): 201 POST http://10.180.1.21/identity/v3/users 0.097s
2025-02-19 21:07:14.515 63578 INFO tempest.lib.common.rest_client [req-393602cf-1e3c-41c0-9a22-c728a40ab611 req-393602cf-1e3c-41c0-9a22-c728a40ab611 ] Request (SecurityGroupsNegativeTestJSON:test_security_group_get_nonexistent_group): 404 GET http://10.180.1.21/compute/v2.1/os-security-groups/78bffc41-bdbb-40e0-959f-cca978f05abc 1.530s
