2025-02-19 21:09:10.103 63566 INFO tempest.lib.common.rest_client [req-a7403dc2-3f36-42e0-bc08-26a35b1e17dc req-a7403dc2-3f36-42e0-bc08-26a35b1e17dc ] Request (TestVersions:tearDownClass): 204 DELETE http://10.180.1.21/identity/v3/projects/07fc4304d63442ea911a58c0fa6333d3 0.079s
2025-02-19 21:09:10.105 63542 INFO tempest.lib.common.rest_client [req-78027a1d-29ae-4c02-b793-a823e163bad0 req-78027a1d-29ae-4c02-b793-a823e163bad0 ] Request (ServersAdminNegativeTestJSON:tearDownClass): 200 GET http://10.180.1.21/compute/v2.1/servers/6960a521-685b-4c29-95da-799aafa9bac9 0.071s
2025-02-19 21:09:10.138 63572 INFO tempest.lib.common.rest_client [req-8e04acb4-113e-4755-a061-206b762563dd req-8e04acb4-113e-4755-a061-206b762563dd ] Request (ServersTestJSON:_run_cleanups): 200 GET http://10.180.1.21/compute/v2.1/servers/151e37de-37cc-4200-8a43-b36108b552d6 0.074s
2025-02-19 21:09:10.220 63578 INFO tempest.lib.common.rest_client [req-8792be1a-a584-4bf6-9c50-e7c1c09da2bd req-8792be1a-a584-4bf6-9c50-e7c1c09da2bd ] Request (ServerActionsV293TestJSON:setUpClass): 200 GET http://10.180.1.21/compute/v2.1/servers/16c2f860-6415-43e5-bfea-55dcc6c4b5fc 0.060s
2025-02-19 21:09:10.226 63560 INFO tempest.lib.common.rest_client [req-246a0252-1453-4a35-bec4-520db8d3c9db req-246a0252-1453-4a35-bec4-520db8d3c9db ] Request (ServerDiagnosticsNegativeTest:test_get_server_diagnostics_by_non_admin): 200 GET http://10.180.1.21/compute/v2.1/servers/d55a78ea-d29b-420f-a149-c164794fe66d 0.126s
2025-02-19 21:09:10.232 63560 INFO tempest.common.waiters [-] State transition "BUILD/networking" ==> "BUILD/spawning" after 79 second wait
2025-02-19 21:09:10.312 63580 INFO tempest.lib.common.rest_client [req-455cf875-fba0-4cd9-a11c-e38445f63d84 req-455cf875-fba0-4cd9-a11c-e38445f63d84 ] Request (MigrationsAdminTest:test_resize_server_revert_deleted_flavor): 200 GET http://10.180.1.21/compute/v2.1/servers/caedd33a-6164-45d0-8722-6b775f20fd9c 0.056s
2025-02-19 21:09:10.405 63536 INFO tempest.lib.common.rest_client [req-0d9b751c-5032-4e61-9f87-54a4f790e38a req-0d9b751c-5032-4e61-9f87-54a4f790e38a ] Request (ServerMetadataNegativeTestJSON:setUpClass): 200 GET http://10.180.1.21/compute/v2.1/servers/da96af86-8be7-40e7-b087-54f6a9ce57b0 0.059s
2025-02-19 21:09:10.457 63558 INFO tempest.lib.common.rest_client [req-20498d83-ae54-4c18-9a14-79dad1f0dcc2 req-20498d83-ae54-4c18-9a14-79dad1f0dcc2 ] Request (AttachVolumeShelveTestJSON:test_attach_volume_shelved_or_offload_server): 200 GET http://10.180.1.21/compute/v2.1/servers/2abaf9f0-6739-4cd3-8400-d204d059565d 0.109s
2025-02-19 21:09:10.470 63520 INFO tempest.lib.common.rest_client [req-6d2fb131-a8ad-4ab1-8cf9-5844ed368a0f req-6d2fb131-a8ad-4ab1-8cf9-5844ed368a0f ] Request (ServerDiskConfigTestJSON:test_rebuild_server_with_manual_disk_config): 200 GET http://10.180.1.21/compute/v2.1/servers/3251800d-7e48-4db8-803b-d87bcf788fc8 0.060s
2025-02-19 21:09:10.559 63528 INFO tempest.lib.common.rest_client [req-454282e9-0c00-4fe6-9628-77a38e9574a8 req-454282e9-0c00-4fe6-9628-77a38e9574a8 ] Request (AttachInterfacesTestJSON:test_create_list_show_delete_interfaces_by_fixed_ip): 200 GET http://10.180.1.21/compute/v2.1/servers/5d66c323-0aca-4844-af50-3dbf4c6808ba 0.065s
2025-02-19 21:09:10.648 63554 INFO tempest.lib.common.rest_client [req-6c0481ad-7deb-46ec-b0a2-dccd41345a8f req-6c0481ad-7deb-46ec-b0a2-dccd41345a8f ] Request (ServersTestBootFromVolume:setUpClass): 200 GET http://10.180.1.21/compute/v2.1/servers/70b20377-15df-429a-a592-776148d2a91c 0.074s
2025-02-19 21:09:10.683 63546 INFO tempest.lib.common.rest_client [req-83913b8b-cf88-4116-a1b6-50ae1a26d9d6 req-83913b8b-cf88-4116-a1b6-50ae1a26d9d6 ] Request (ServersAdminTestJSON:test_inject_network_info): 200 GET http://10.180.1.21/compute/v2.1/servers/33ed2db3-9161-4e72-b35c-11caf9cb00b7 0.159s
2025-02-19 21:09:10.720 63574 INFO tempest.lib.common.rest_client [req-015c325b-b1fb-4f55-b7d4-490cf4262075 req-015c325b-b1fb-4f55-b7d4-490cf4262075 ] Request (ServerPasswordTestJSON:tearDownClass): 200 GET http://10.180.1.21/compute/v2.1/servers/9ba80fa2-0cf3-43a6-9d68-19abc3dc682a 0.095s
2025-02-19 21:09:10.742 63534 INFO tempest.lib.common.rest_client [req-14d16c86-7f30-4f75-8740-0017112284a1 req-14d16c86-7f30-4f75-8740-0017112284a1 ] Request (ServersNegativeTestJSON:setUpClass): 200 GET http://10.180.1.21/compute/v2.1/servers/267d6b19-61b1-4def-8f99-3aaffbb6a915 0.095s
2025-02-19 21:09:10.780 63544 INFO tempest.lib.common.rest_client [req-15c0bfa7-b527-41e6-8a0b-2a42398bd950 req-15c0bfa7-b527-41e6-8a0b-2a42398bd950 ] Request (ServerExternalEventsTest:test_create_server_external_events): 200 GET http://10.180.1.21/compute/v2.1/servers/2210579f-827e-4473-80e0-23650e888445 0.074s
2025-02-19 21:09:10.848 63556 INFO tempest.lib.common.rest_client [req-27585eab-4718-4c91-8d83-0dafd497ce5f req-27585eab-4718-4c91-8d83-0dafd497ce5f ] Request (InstanceActionsTestJSON:setUpClass): 200 GET http://10.180.1.21/compute/v2.1/servers/ec68d6ed-2076-4e7a-9aff-abea17c3bced 0.063s
2025-02-19 21:09:10.965 63550 INFO tempest.lib.common.rest_client [req-7355fbe7-0ea2-4e8a-98b9-96061adf38e3 req-7355fbe7-0ea2-4e8a-98b9-96061adf38e3 ] Request (ImagesNegativeTestJSON:test_create_image_from_deleted_server): 200 GET http://10.180.1.21/compute/v2.1/servers/965da06c-b4bf-443f-a7a4-bdb16a9ecb61 0.067s
2025-02-19 21:09:11.039 63568 INFO tempest.lib.common.rest_client [req-ac6e2356-c347-436e-bba6-a2d6e858eda4 req-ac6e2356-c347-436e-bba6-a2d6e858eda4 ] Request (ImagesTestJSON:test_create_server_from_snapshot): 200 GET http://10.180.1.21/compute/v2.1/servers/53bb3fab-5289-4abe-ae4b-43547891513e 0.050s
2025-02-19 21:09:11.135 63524 INFO tempest.lib.common.rest_client [req-b4b6d180-1685-4865-adc4-62dcd4eb6b55 req-b4b6d180-1685-4865-adc4-62dcd4eb6b55 ] Request (ServersNegativeTestMultiTenantJSON:tearDownClass): 200 GET http://10.180.1.21/compute/v2.1/servers/f9bff899-5a16-4798-a571-3874e32e810a 0.084s
2025-02-19 21:09:11.200 63538 INFO tempest.lib.common.rest_client [req-4b901fb1-c2ab-4798-a156-40451cd94783 req-4b901fb1-c2ab-4798-a156-40451cd94783 ] Request (ServersTestMultiNic:test_verify_multiple_nics_order): 200 GET http://10.180.1.21/compute/v2.1/servers/457ae21b-5f93-42f4-9672-a80ed7406da2 0.112s
2025-02-19 21:09:11.223 63532 INFO tempest.lib.common.rest_client [req-6c3cb089-7d6b-4755-b6ac-397e3acc7822 req-6c3cb089-7d6b-4755-b6ac-397e3acc7822 ] Request (ServersV294TestFqdnHostnames:setUpClass): 200 GET http://10.180.1.21/compute/v2.1/servers/6746c7d4-49f4-43d2-833d-3a3c65fd8a8d 0.188s
2025-02-19 21:09:11.233 63522 WARNING tempest.lib.common.ssh [-] Failed to establish authenticated ssh connection to cirros@10.180.180.137 ([Errno None] Unable to connect to port 22 on 10.180.180.137). Number attempts: 12. Retry after 13 seconds.: paramiko.ssh_exception.NoValidConnectionsError: [Errno None] Unable to connect to port 22 on 10.180.180.137
2025-02-19 21:09:11.266 63542 INFO tempest.lib.common.rest_client [req-07ad4d6d-f0a4-474b-82d4-22ee525e30b0 req-07ad4d6d-f0a4-474b-82d4-22ee525e30b0 ] Request (ServersAdminNegativeTestJSON:tearDownClass): 200 GET http://10.180.1.21/compute/v2.1/servers/6960a521-685b-4c29-95da-799aafa9bac9 0.153s
2025-02-19 21:09:11.295 63572 INFO tempest.lib.common.rest_client [req-8f08031d-d08b-4914-9b53-c46634670a92 req-8f08031d-d08b-4914-9b53-c46634670a92 ] Request (ServersTestJSON:_run_cleanups): 200 GET http://10.180.1.21/compute/v2.1/servers/151e37de-37cc-4200-8a43-b36108b552d6 0.149s
2025-02-19 21:09:11.338 63578 INFO tempest.lib.common.rest_client [req-125167e0-61c9-43eb-ad9a-2faf784ee341 req-125167e0-61c9-43eb-ad9a-2faf784ee341 ] Request (ServerActionsV293TestJSON:setUpClass): 200 GET http://10.180.1.21/compute/v2.1/servers/16c2f860-6415-43e5-bfea-55dcc6c4b5fc 0.108s
2025-02-19 21:09:11.412 63560 INFO tempest.lib.common.rest_client [req-7718cf8e-c97d-4d6d-aba4-66935309fdaf req-7718cf8e-c97d-4d6d-aba4-66935309fdaf ] Request (ServerDiagnosticsNegativeTest:test_get_server_diagnostics_by_non_admin): 200 GET http://10.180.1.21/compute/v2.1/servers/d55a78ea-d29b-420f-a149-c164794fe66d 0.179s
2025-02-19 21:09:11.440 63580 INFO tempest.lib.common.rest_client [req-234ecb8c-fe1c-4354-8316-6631b62a5c31 req-234ecb8c-fe1c-4354-8316-6631b62a5c31 ] Request (MigrationsAdminTest:test_resize_server_revert_deleted_flavor): 200 GET http://10.180.1.21/compute/v2.1/servers/caedd33a-6164-45d0-8722-6b775f20fd9c 0.120s
2025-02-19 21:09:11.476 63536 INFO tempest.lib.common.rest_client [req-1609a013-c0db-43a3-b935-8e498667bbe4 req-1609a013-c0db-43a3-b935-8e498667bbe4 ] Request (ServerMetadataNegativeTestJSON:setUpClass): 200 GET http://10.180.1.21/compute/v2.1/servers/da96af86-8be7-40e7-b087-54f6a9ce57b0 0.063s
2025-02-19 21:09:11.539 63520 INFO tempest.lib.common.rest_client [req-9fb9a007-c78e-4fa6-8324-c75c7afead40 req-9fb9a007-c78e-4fa6-8324-c75c7afead40 ] Request (ServerDiskConfigTestJSON:test_rebuild_server_with_manual_disk_config): 200 GET http://10.180.1.21/compute/v2.1/servers/3251800d-7e48-4db8-803b-d87bcf788fc8 0.061s
2025-02-19 21:09:11.588 63558 INFO tempest.lib.common.rest_client [req-591b9570-ed76-4ac9-85f8-329eaaa580d0 req-591b9570-ed76-4ac9-85f8-329eaaa580d0 ] Request (AttachVolumeShelveTestJSON:test_attach_volume_shelved_or_offload_server): 200 GET http://10.180.1.21/compute/v2.1/servers/2abaf9f0-6739-4cd3-8400-d204d059565d 0.122s
2025-02-19 21:09:11.625 63528 INFO tempest.lib.common.rest_client [req-76a79587-5f2e-4a3f-ac2a-5fe8be7fe5a4 req-76a79587-5f2e-4a3f-ac2a-5fe8be7fe5a4 ] Request (AttachInterfacesTestJSON:test_create_list_show_delete_interfaces_by_fixed_ip): 200 GET http://10.180.1.21/compute/v2.1/servers/5d66c323-0aca-4844-af50-3dbf4c6808ba 0.055s
2025-02-19 21:09:11.726 63554 INFO tempest.lib.common.rest_client [req-bfdc8b55-1d9c-4235-8fdb-21459d4056bf req-bfdc8b55-1d9c-4235-8fdb-21459d4056bf ] Request (ServersTestBootFromVolume:setUpClass): 200 GET http://10.180.1.21/compute/v2.1/servers/70b20377-15df-429a-a592-776148d2a91c 0.065s
2025-02-19 21:09:11.745 63552 WARNING tempest.lib.common.ssh [-] Failed to establish authenticated ssh connection to cirros@10.180.180.235 ([Errno None] Unable to connect to port 22 on 10.180.180.235). Number attempts: 4. Retry after 5 seconds.: paramiko.ssh_exception.NoValidConnectionsError: [Errno None] Unable to connect to port 22 on 10.180.180.235
2025-02-19 21:09:11.751 63574 INFO tempest.lib.common.rest_client [req-8b80b5f9-912d-49c0-a5d8-0da2cf21e358 req-8b80b5f9-912d-49c0-a5d8-0da2cf21e358 ] Request (ServerPasswordTestJSON:tearDownClass): 404 GET http://10.180.1.21/compute/v2.1/servers/9ba80fa2-0cf3-43a6-9d68-19abc3dc682a 0.024s
2025-02-19 21:09:12.048 63546 INFO tempest.lib.common.rest_client [req-8fa25600-748f-46e7-a664-8a5c527803db req-8fa25600-748f-46e7-a664-8a5c527803db ] Request (ServersAdminTestJSON:test_inject_network_info): 200 GET http://10.180.1.21/compute/v2.1/servers/33ed2db3-9161-4e72-b35c-11caf9cb00b7 0.358s
2025-02-19 21:09:12.053 63534 INFO tempest.lib.common.rest_client [req-41755e57-762a-4946-947f-b0f9b63e6844 req-41755e57-762a-4946-947f-b0f9b63e6844 ] Request (ServersNegativeTestJSON:setUpClass): 200 GET http://10.180.1.21/compute/v2.1/servers/267d6b19-61b1-4def-8f99-3aaffbb6a915 0.303s
2025-02-19 21:09:12.056 63546 INFO tempest.common.waiters [-] State transition "BUILD/spawning" ==> "ACTIVE/None" after 86 second wait
2025-02-19 21:09:12.140 63544 INFO tempest.lib.common.rest_client [req-c5c76191-a8cf-4839-a5b5-3fcff54bbfc4 req-c5c76191-a8cf-4839-a5b5-3fcff54bbfc4 ] Request (ServerExternalEventsTest:test_create_server_external_events): 200 GET http://10.180.1.21/compute/v2.1/servers/2210579f-827e-4473-80e0-23650e888445 0.351s
2025-02-19 21:09:12.164 63550 INFO tempest.lib.common.rest_client [req-0e732245-ade9-4e9c-aed6-3d44d1862491 req-0e732245-ade9-4e9c-aed6-3d44d1862491 ] Request (ImagesNegativeTestJSON:test_create_image_from_deleted_server): 404 GET http://10.180.1.21/compute/v2.1/servers/965da06c-b4bf-443f-a7a4-bdb16a9ecb61 0.191s
2025-02-19 21:09:12.240 63568 INFO tempest.lib.common.rest_client [req-0ca71834-7675-4450-b1ab-0441bb090a81 req-0ca71834-7675-4450-b1ab-0441bb090a81 ] Request (ImagesTestJSON:test_create_server_from_snapshot): 200 GET http://10.180.1.21/compute/v2.1/servers/53bb3fab-5289-4abe-ae4b-43547891513e 0.194s
2025-02-19 21:09:12.385 63556 INFO tempest.lib.common.rest_client [req-dde1e425-ecdc-4fb6-8426-da67e4ab7a37 req-dde1e425-ecdc-4fb6-8426-da67e4ab7a37 ] Request (InstanceActionsTestJSON:setUpClass): 200 GET http://10.180.1.21/compute/v2.1/servers/ec68d6ed-2076-4e7a-9aff-abea17c3bced 0.528s
2025-02-19 21:09:12.386 63540 WARNING tempest.lib.common.ssh [-] Failed to establish authenticated ssh connection to cirros@10.180.180.168 ([Errno None] Unable to connect to port 22 on 10.180.180.168). Number attempts: 3. Retry after 4 seconds.: paramiko.ssh_exception.NoValidConnectionsError: [Errno None] Unable to connect to port 22 on 10.180.180.168
2025-02-19 21:09:12.393 63556 INFO tempest.common.waiters [-] State transition "BUILD/None" ==> "BUILD/networking" after 78 second wait
2025-02-19 21:09:12.403 63546 INFO tempest.lib.common.rest_client [req-7e8d1ed2-f6ec-46be-96b1-54d01b6552d7 req-7e8d1ed2-f6ec-46be-96b1-54d01b6552d7 ] Request (ServersAdminTestJSON:test_inject_network_info): 202 POST http://10.180.1.21/compute/v2.1/servers/33ed2db3-9161-4e72-b35c-11caf9cb00b7/action 0.347s
2025-02-19 21:09:12.428 63550 INFO tempest.lib.common.rest_client [req-ba67446d-126d-4a0d-b498-27f332bdfc10 req-ba67446d-126d-4a0d-b498-27f332bdfc10 ] Request (ImagesNegativeTestJSON:test_create_image_from_deleted_server): 404 POST http://10.180.1.21/compute/v2.1/servers/965da06c-b4bf-443f-a7a4-bdb16a9ecb61/action 0.263s
2025-02-19 21:09:12.488 63524 INFO tempest.lib.common.rest_client [req-5cc21a3f-51ab-4e4d-8121-997db7016184 req-5cc21a3f-51ab-4e4d-8121-997db7016184 ] Request (ServersNegativeTestMultiTenantJSON:tearDownClass): 200 GET http://10.180.1.21/compute/v2.1/servers/f9bff899-5a16-4798-a571-3874e32e810a 0.341s
2025-02-19 21:09:12.505 63538 INFO tempest.lib.common.rest_client [req-f0dbca52-abd7-45b8-ba1c-61f344b17108 req-f0dbca52-abd7-45b8-ba1c-61f344b17108 ] Request (ServersTestMultiNic:test_verify_multiple_nics_order): 200 GET http://10.180.1.21/compute/v2.1/servers/457ae21b-5f93-42f4-9672-a80ed7406da2 0.296s
2025-02-19 21:09:12.589 63542 INFO tempest.lib.common.rest_client [req-b027ba90-1e5c-4330-bda3-14792a33bcab req-b027ba90-1e5c-4330-bda3-14792a33bcab ] Request (ServersAdminNegativeTestJSON:tearDownClass): 200 GET http://10.180.1.21/compute/v2.1/servers/6960a521-685b-4c29-95da-799aafa9bac9 0.316s
2025-02-19 21:09:12.672 63572 INFO tempest.lib.common.rest_client [req-f82d578d-d691-4a24-8caa-af0f836338c4 req-f82d578d-d691-4a24-8caa-af0f836338c4 ] Request (ServersTestJSON:_run_cleanups): 200 GET http://10.180.1.21/compute/v2.1/servers/151e37de-37cc-4200-8a43-b36108b552d6 0.369s
2025-02-19 21:09:12.688 63532 INFO tempest.lib.common.rest_client [req-6ba3a062-2eca-4926-a2ea-cce21ce5f8bd req-6ba3a062-2eca-4926-a2ea-cce21ce5f8bd ] Request (ServersV294TestFqdnHostnames:setUpClass): 200 GET http://10.180.1.21/compute/v2.1/servers/6746c7d4-49f4-43d2-833d-3a3c65fd8a8d 0.448s
2025-02-19 21:09:12.718 63546 INFO tempest.lib.common.rest_client [req-0d90e019-3fc3-45ad-917e-3d7f9d2d7734 req-0d90e019-3fc3-45ad-917e-3d7f9d2d7734 ] Request (ServersAdminTestJSON:test_list_servers_by_admin): 200 GET http://10.180.1.21/compute/v2.1/servers/detail 0.313s
2025-02-19 21:09:12.734 63578 INFO tempest.lib.common.rest_client [req-1a34194a-155f-4579-8c37-76bb65508d32 req-1a34194a-155f-4579-8c37-76bb65508d32 ] Request (ServerActionsV293TestJSON:setUpClass): 200 GET http://10.180.1.21/compute/v2.1/servers/16c2f860-6415-43e5-bfea-55dcc6c4b5fc 0.381s
2025-02-19 21:09:12.739 63550 INFO tempest.lib.common.rest_client [req-922288a9-2221-460b-bbf1-48a187380a32 req-922288a9-2221-460b-bbf1-48a187380a32 ] Request (ImagesNegativeTestJSON:test_create_image_from_invalid_server): 404 POST http://10.180.1.21/compute/v2.1/servers/tempest-invalid-1915152138/action 0.309s
2025-02-19 21:09:12.794 63580 INFO tempest.lib.common.rest_client [req-6c5fbfae-d47c-4263-916f-7a26b5d3de03 req-6c5fbfae-d47c-4263-916f-7a26b5d3de03 ] Request (MigrationsAdminTest:test_resize_server_revert_deleted_flavor): 200 GET http://10.180.1.21/compute/v2.1/servers/caedd33a-6164-45d0-8722-6b775f20fd9c 0.345s
2025-02-19 21:09:12.852 63536 INFO tempest.lib.common.rest_client [req-d6335e05-03c7-490d-82ee-c71241a7cb18 req-d6335e05-03c7-490d-82ee-c71241a7cb18 ] Request (ServerMetadataNegativeTestJSON:setUpClass): 200 GET http://10.180.1.21/compute/v2.1/servers/da96af86-8be7-40e7-b087-54f6a9ce57b0 0.365s
2025-02-19 21:09:12.859 63560 INFO tempest.lib.common.rest_client [req-071812a0-9553-4c2e-acbc-b97857a660c9 req-071812a0-9553-4c2e-acbc-b97857a660c9 ] Request (ServerDiagnosticsNegativeTest:test_get_server_diagnostics_by_non_admin): 200 GET http://10.180.1.21/compute/v2.1/servers/d55a78ea-d29b-420f-a149-c164794fe66d 0.436s
2025-02-19 21:09:12.898 63520 INFO tempest.lib.common.rest_client [req-6c9c0a42-ac66-4e03-bad8-74db80ff7844 req-6c9c0a42-ac66-4e03-bad8-74db80ff7844 ] Request (ServerDiskConfigTestJSON:test_rebuild_server_with_manual_disk_config): 200 GET http://10.180.1.21/compute/v2.1/servers/3251800d-7e48-4db8-803b-d87bcf788fc8 0.345s
2025-02-19 21:09:12.967 63528 INFO tempest.lib.common.rest_client [req-ad1bf96a-d534-44c2-b754-426763e006ca req-ad1bf96a-d534-44c2-b754-426763e006ca ] Request (AttachInterfacesTestJSON:test_create_list_show_delete_interfaces_by_fixed_ip): 200 GET http://10.180.1.21/compute/v2.1/servers/5d66c323-0aca-4844-af50-3dbf4c6808ba 0.332s
2025-02-19 21:09:13.073 63558 INFO tempest.lib.common.rest_client [req-c3339edf-8e6c-4493-b01d-4bb57daffc5f req-c3339edf-8e6c-4493-b01d-4bb57daffc5f ] Request (AttachVolumeShelveTestJSON:test_attach_volume_shelved_or_offload_server): 200 GET http://10.180.1.21/compute/v2.1/servers/2abaf9f0-6739-4cd3-8400-d204d059565d 0.475s
2025-02-19 21:09:13.148 63554 INFO tempest.lib.common.rest_client [req-73583cf3-16c0-4322-961f-c26ed6bdcda9 req-73583cf3-16c0-4322-961f-c26ed6bdcda9 ] Request (ServersTestBootFromVolume:setUpClass): 200 GET http://10.180.1.21/compute/v2.1/servers/70b20377-15df-429a-a592-776148d2a91c 0.411s
2025-02-19 21:09:13.160 63550 INFO tempest.lib.common.rest_client [req-82266ff2-d355-41be-9d6b-8f4c1c7d9b03 req-82266ff2-d355-41be-9d6b-8f4c1c7d9b03 ] Request (ImagesNegativeTestJSON:test_create_image_specify_uuid_35_characters_or_less): 404 POST http://10.180.1.21/compute/v2.1/servers/aaaaaaaaaaaaaaaaaaaaaaaaaaaaaaaaaaa/action 0.419s
2025-02-19 21:09:13.303 63534 INFO tempest.lib.common.rest_client [req-9557b76b-4437-424d-9193-f76041a1d198 req-9557b76b-4437-424d-9193-f76041a1d198 ] Request (ServersNegativeTestJSON:setUpClass): 200 GET http://10.180.1.21/compute/v2.1/servers/267d6b19-61b1-4def-8f99-3aaffbb6a915 0.241s
2025-02-19 21:09:13.364 63546 INFO tempest.lib.common.rest_client [req-8809d2ee-005c-4d48-9812-776c30e0604b req-8809d2ee-005c-4d48-9812-776c30e0604b ] Request (ServersAdminTestJSON:test_list_servers_by_admin_with_all_tenants): 200 GET http://10.180.1.21/compute/v2.1/servers/detail?all_tenants= 0.636s
2025-02-19 21:09:13.366 63550 INFO tempest.lib.common.rest_client [req-e2237b25-4df1-4911-9ffd-b799a649932e req-e2237b25-4df1-4911-9ffd-b799a649932e ] Request (ImagesNegativeTestJSON:test_create_image_specify_uuid_37_characters_or_more): 404 POST http://10.180.1.21/compute/v2.1/servers/aaaaaaaaaaaaaaaaaaaaaaaaaaaaaaaaaaaaa/action 0.204s
2025-02-19 21:09:13.375 63544 INFO tempest.lib.common.rest_client [req-5741c43a-d0b7-476b-a989-d1718e0bdb82 req-5741c43a-d0b7-476b-a989-d1718e0bdb82 ] Request (ServerExternalEventsTest:test_create_server_external_events): 200 GET http://10.180.1.21/compute/v2.1/servers/2210579f-827e-4473-80e0-23650e888445 0.223s
2025-02-19 21:09:13.393 63546 WARNING tempest.lib.common.rest_client [-] Deprecated: "tenant_id" property is deprecated for removal, use "project_id" instead
2025-02-19 21:09:13.397 63550 INFO tempest.lib.common.rest_client [req-60a9647c-c8a9-4f5e-8789-669604c8e028 req-60a9647c-c8a9-4f5e-8789-669604c8e028 ] Request (ImagesNegativeTestJSON:tearDownClass): 404 DELETE http://10.180.1.21/compute/v2.1/servers/965da06c-b4bf-443f-a7a4-bdb16a9ecb61 0.029s
2025-02-19 21:09:13.432 63546 INFO tempest.lib.common.rest_client [req-9f460298-7021-45e2-8320-4b5b40be5f10 req-9f460298-7021-45e2-8320-4b5b40be5f10 ] Request (ServersAdminTestJSON:test_list_servers_by_admin_with_specified_tenant): 200 GET http://10.180.1.21/compute/v2.1/servers/detail?tenant_id=fa62e427eeec40a2828d1d4ebcf068ee 0.038s
2025-02-19 21:09:13.438 63568 INFO tempest.lib.common.rest_client [req-d454e860-d6ef-44c8-aeaa-a8d01b6e9d7a req-d454e860-d6ef-44c8-aeaa-a8d01b6e9d7a ] Request (ImagesTestJSON:test_create_server_from_snapshot): 200 GET http://10.180.1.21/compute/v2.1/servers/53bb3fab-5289-4abe-ae4b-43547891513e 0.188s
2025-02-19 21:09:13.449 63568 INFO tempest.common.waiters [-] State transition "BUILD/scheduling" ==> "BUILD/None" after 29 second wait
2025-02-19 21:09:13.474 63550 INFO tempest.lib.common.rest_client [req-526b20f6-a149-4103-87a1-02da9530375f req-526b20f6-a149-4103-87a1-02da9530375f ] Request (ImagesNegativeTestJSON:tearDownClass): 404 GET http://10.180.1.21/compute/v2.1/servers/965da06c-b4bf-443f-a7a4-bdb16a9ecb61 0.076s
2025-02-19 21:09:13.540 63518 WARNING tempest.lib.common.ssh [-] Failed to establish authenticated ssh connection to cirros@10.180.180.240 ([Errno None] Unable to connect to port 22 on 10.180.180.240). Number attempts: 10. Retry after 11 seconds.: paramiko.ssh_exception.NoValidConnectionsError: [Errno None] Unable to connect to port 22 on 10.180.180.240
2025-02-19 21:09:13.569 63556 INFO tempest.lib.common.rest_client [req-e7021301-8157-49a5-9e64-35b455b62c12 req-e7021301-8157-49a5-9e64-35b455b62c12 ] Request (InstanceActionsTestJSON:setUpClass): 200 GET http://10.180.1.21/compute/v2.1/servers/ec68d6ed-2076-4e7a-9aff-abea17c3bced 0.175s
2025-02-19 21:09:13.573 63574 INFO tempest.lib.common.rest_client [req-7628c883-c56a-4bd8-a9cf-21ef96d6755c req-7628c883-c56a-4bd8-a9cf-21ef96d6755c ] Request (ServerPasswordTestJSON:tearDownClass): 200 PUT http://10.180.1.21:9696/networking/v2.0/routers/f7c180fd-ae31-4e0e-bca6-491d495fbda4/remove_router_interface 1.821s
2025-02-19 21:09:13.579 63556 INFO tempest.common.waiters [-] State transition "BUILD/networking" ==> "BUILD/spawning" after 79 second wait
2025-02-19 21:09:13.658 63524 INFO tempest.lib.common.rest_client [req-cafecc36-0973-4179-9734-7f6c5efd6b9c req-cafecc36-0973-4179-9734-7f6c5efd6b9c ] Request (ServersNegativeTestMultiTenantJSON:tearDownClass): 200 GET http://10.180.1.21/compute/v2.1/servers/f9bff899-5a16-4798-a571-3874e32e810a 0.160s
2025-02-19 21:09:13.730 63538 INFO tempest.lib.common.rest_client [req-dac415a3-1eb2-4a6a-8578-69322c6ff2fa req-dac415a3-1eb2-4a6a-8578-69322c6ff2fa ] Request (ServersTestMultiNic:test_verify_multiple_nics_order): 200 GET http://10.180.1.21/compute/v2.1/servers/457ae21b-5f93-42f4-9672-a80ed7406da2 0.212s
2025-02-19 21:09:13.761 63546 INFO tempest.lib.common.rest_client [req-73277f6a-0e29-42f7-a5f7-dd8766d7b9dd req-73277f6a-0e29-42f7-a5f7-dd8766d7b9dd ] Request (ServersAdminTestJSON:test_list_servers_by_admin_with_specified_tenant): 200 GET http://10.180.1.21/compute/v2.1/servers/detail?all_tenants=&tenant_id=fa62e427eeec40a2828d1d4ebcf068ee 0.318s
2025-02-19 21:09:13.804 63542 INFO tempest.lib.common.rest_client [req-09967a77-78ab-42d4-88cd-b5ce91db0413 req-09967a77-78ab-42d4-88cd-b5ce91db0413 ] Request (ServersAdminNegativeTestJSON:tearDownClass): 200 GET http://10.180.1.21/compute/v2.1/servers/6960a521-685b-4c29-95da-799aafa9bac9 0.205s
2025-02-19 21:09:13.833 63572 INFO tempest.lib.common.rest_client [req-ba7773a0-1114-4930-b1bd-d3b54c9ac9e7 req-ba7773a0-1114-4930-b1bd-d3b54c9ac9e7 ] Request (ServersTestJSON:_run_cleanups): 200 GET http://10.180.1.21/compute/v2.1/servers/151e37de-37cc-4200-8a43-b36108b552d6 0.147s
2025-02-19 21:09:13.914 63578 INFO tempest.lib.common.rest_client [req-89763b27-f819-4296-a1c4-f0573dbce4fb req-89763b27-f819-4296-a1c4-f0573dbce4fb ] Request (ServerActionsV293TestJSON:setUpClass): 200 GET http://10.180.1.21/compute/v2.1/servers/16c2f860-6415-43e5-bfea-55dcc6c4b5fc 0.169s
2025-02-19 21:09:13.943 63546 INFO tempest.lib.common.rest_client [req-fd6b6f6c-b162-4557-b9f3-2b45f669df61 req-fd6b6f6c-b162-4557-b9f3-2b45f669df61 ] Request (ServersAdminTestJSON:test_list_servers_by_admin_with_specified_tenant): 200 GET http://10.180.1.21/compute/v2.1/servers/detail?all_tenants=&tenant_id=16b6627ee63b468d976f75bdb179273b 0.169s
2025-02-19 21:09:14.007 63532 INFO tempest.lib.common.rest_client [req-79fc7c53-2ed5-4e22-a9d8-81eee09034fa req-79fc7c53-2ed5-4e22-a9d8-81eee09034fa ] Request (ServersV294TestFqdnHostnames:setUpClass): 200 GET http://10.180.1.21/compute/v2.1/servers/6746c7d4-49f4-43d2-833d-3a3c65fd8a8d 0.308s
2025-02-19 21:09:14.014 63580 INFO tempest.lib.common.rest_client [req-51918307-972e-41c3-bebb-eafd1e5cba54 req-51918307-972e-41c3-bebb-eafd1e5cba54 ] Request (MigrationsAdminTest:test_resize_server_revert_deleted_flavor): 200 GET http://10.180.1.21/compute/v2.1/servers/caedd33a-6164-45d0-8722-6b775f20fd9c 0.209s
2025-02-19 21:09:14.026 63532 INFO tempest.common.waiters [-] State transition "BUILD/spawning" ==> "ACTIVE/None" after 87 second wait
2025-02-19 21:09:14.102 63536 INFO tempest.lib.common.rest_client [req-b345d104-0e21-445f-b39e-09c78dc98e3d req-b345d104-0e21-445f-b39e-09c78dc98e3d ] Request (ServerMetadataNegativeTestJSON:setUpClass): 200 GET http://10.180.1.21/compute/v2.1/servers/da96af86-8be7-40e7-b087-54f6a9ce57b0 0.237s
2025-02-19 21:09:14.180 63520 INFO tempest.lib.common.rest_client [req-a8e771aa-e490-4d89-80ee-85c588172c98 req-a8e771aa-e490-4d89-80ee-85c588172c98 ] Request (ServerDiskConfigTestJSON:test_rebuild_server_with_manual_disk_config): 200 GET http://10.180.1.21/compute/v2.1/servers/3251800d-7e48-4db8-803b-d87bcf788fc8 0.273s
2025-02-19 21:09:14.188 63546 INFO tempest.lib.common.rest_client [req-ffa486bc-cc3e-4ccc-88f2-00fe8900c3f5 req-ffa486bc-cc3e-4ccc-88f2-00fe8900c3f5 ] Request (ServersAdminTestJSON:test_list_servers_detailed_filter_by_invalid_status): 200 GET http://10.180.1.21/compute/v2.1/servers/detail?status=invalid_status 0.234s
2025-02-19 21:09:14.219 63560 INFO tempest.lib.common.rest_client [req-9d2d6101-b796-4bfe-bf20-9ac1d036202a req-9d2d6101-b796-4bfe-bf20-9ac1d036202a ] Request (ServerDiagnosticsNegativeTest:test_get_server_diagnostics_by_non_admin): 200 GET http://10.180.1.21/compute/v2.1/servers/d55a78ea-d29b-420f-a149-c164794fe66d 0.352s
2025-02-19 21:09:14.264 63528 INFO tempest.lib.common.rest_client [req-6665e49d-a425-40d4-b4d3-fd2c08035f7d req-6665e49d-a425-40d4-b4d3-fd2c08035f7d ] Request (AttachInterfacesTestJSON:test_create_list_show_delete_interfaces_by_fixed_ip): 200 GET http://10.180.1.21/compute/v2.1/servers/5d66c323-0aca-4844-af50-3dbf4c6808ba 0.290s
2025-02-19 21:09:14.313 63532 INFO tempest.lib.common.rest_client [req-644b7ee1-e1e7-41af-ab62-00eaaef0d8c9 req-644b7ee1-e1e7-41af-ab62-00eaaef0d8c9 ] Request (ServersV294TestFqdnHostnames:setUpClass): 200 GET http://10.180.1.21/compute/v2.1/servers/6746c7d4-49f4-43d2-833d-3a3c65fd8a8d/os-interface 0.285s
2025-02-19 21:09:14.347 63550 INFO tempest.lib.common.rest_client [req-020b9c30-321c-4620-b179-7491b493af95 req-020b9c30-321c-4620-b179-7491b493af95 ] Request (ImagesNegativeTestJSON:tearDownClass): 200 PUT http://10.180.1.21:9696/networking/v2.0/routers/ff1f9ba9-2077-40a2-89e6-06ca1871e231/remove_router_interface 0.872s
2025-02-19 21:09:14.606 63554 INFO tempest.lib.common.rest_client [req-d554b3f7-31c9-4e8f-b5e8-ae5a2dead3ef req-d554b3f7-31c9-4e8f-b5e8-ae5a2dead3ef ] Request (ServersTestBootFromVolume:setUpClass): 200 GET http://10.180.1.21/compute/v2.1/servers/70b20377-15df-429a-a592-776148d2a91c 0.443s
2025-02-19 21:09:14.634 63574 INFO tempest.lib.common.rest_client [req-b12b920d-91b0-4400-b61b-62a8b3448ac5 req-b12b920d-91b0-4400-b61b-62a8b3448ac5 ] Request (ServerPasswordTestJSON:tearDownClass): 204 DELETE http://10.180.1.21:9696/networking/v2.0/routers/f7c180fd-ae31-4e0e-bca6-491d495fbda4 1.061s
2025-02-19 21:09:14.642 63558 INFO tempest.lib.common.rest_client [req-b56fd58f-a9a0-4ccb-a0bc-269d38551491 req-b56fd58f-a9a0-4ccb-a0bc-269d38551491 ] Request (AttachVolumeShelveTestJSON:test_attach_volume_shelved_or_offload_server): 200 GET http://10.180.1.21/compute/v2.1/servers/2abaf9f0-6739-4cd3-8400-d204d059565d 0.552s
2025-02-19 21:09:14.689 63546 INFO tempest.lib.common.rest_client [req-dd8c966e-6cc9-4132-b994-64d262e357eb req-dd8c966e-6cc9-4132-b994-64d262e357eb ] Request (ServersAdminTestJSON:test_list_servers_filter_by_error_status): 202 POST http://10.180.1.21/compute/v2.1/servers/aef1d1f0-d6a3-4a61-9896-5669beda455d/action 0.492s
2025-02-19 21:09:14.747 63534 INFO tempest.lib.common.rest_client [req-f4955cbc-9b5d-4bcc-b45c-2c39d9cb284c req-f4955cbc-9b5d-4bcc-b45c-2c39d9cb284c ] Request (ServersNegativeTestJSON:setUpClass): 200 GET http://10.180.1.21/compute/v2.1/servers/267d6b19-61b1-4def-8f99-3aaffbb6a915 0.433s
2025-02-19 21:09:14.761 63544 INFO tempest.lib.common.rest_client [req-ea773cd9-cd6b-4201-b786-a742fe62eed0 req-ea773cd9-cd6b-4201-b786-a742fe62eed0 ] Request (ServerExternalEventsTest:test_create_server_external_events): 200 GET http://10.180.1.21/compute/v2.1/servers/2210579f-827e-4473-80e0-23650e888445 0.378s
2025-02-19 21:09:14.781 63574 INFO tempest.lib.common.rest_client [req-e1dce61c-1557-488b-96ec-2ca5e3d1425a req-e1dce61c-1557-488b-96ec-2ca5e3d1425a ] Request (ServerPasswordTestJSON:tearDownClass): 204 DELETE http://10.180.1.21:9696/networking/v2.0/subnets/87da671e-b8e2-460f-bdc1-4927dc656e68 0.147s
2025-02-19 21:09:14.842 63568 INFO tempest.lib.common.rest_client [req-4e7defb3-fbae-4eb6-b5b1-a340553159f7 req-4e7defb3-fbae-4eb6-b5b1-a340553159f7 ] Request (ImagesTestJSON:test_create_server_from_snapshot): 200 GET http://10.180.1.21/compute/v2.1/servers/53bb3fab-5289-4abe-ae4b-43547891513e 0.392s
2025-02-19 21:09:14.908 63524 INFO tempest.lib.common.rest_client [req-00e0f843-398a-4cda-adb1-f171176cf5f8 req-00e0f843-398a-4cda-adb1-f171176cf5f8 ] Request (ServersNegativeTestMultiTenantJSON:tearDownClass): 200 GET http://10.180.1.21/compute/v2.1/servers/f9bff899-5a16-4798-a571-3874e32e810a 0.239s
2025-02-19 21:09:14.917 63556 INFO tempest.lib.common.rest_client [req-9253ade7-ec15-4387-a51b-2f934fe05c3a req-9253ade7-ec15-4387-a51b-2f934fe05c3a ] Request (InstanceActionsTestJSON:setUpClass): 200 GET http://10.180.1.21/compute/v2.1/servers/ec68d6ed-2076-4e7a-9aff-abea17c3bced 0.336s
2025-02-19 21:09:14.969 63550 INFO tempest.lib.common.rest_client [req-3657befb-5a06-4bdd-94ce-735c45e86c94 req-3657befb-5a06-4bdd-94ce-735c45e86c94 ] Request (ImagesNegativeTestJSON:tearDownClass): 204 DELETE http://10.180.1.21:9696/networking/v2.0/routers/ff1f9ba9-2077-40a2-89e6-06ca1871e231 0.621s
2025-02-19 21:09:14.979 63538 INFO tempest.lib.common.rest_client [req-881bc555-9003-44b1-bb25-95b21cb4e957 req-881bc555-9003-44b1-bb25-95b21cb4e957 ] Request (ServersTestMultiNic:test_verify_multiple_nics_order): 200 GET http://10.180.1.21/compute/v2.1/servers/457ae21b-5f93-42f4-9672-a80ed7406da2 0.241s
2025-02-19 21:09:14.998 63546 INFO tempest.lib.common.rest_client [req-d64e2ec1-48e2-42c8-aaf4-82b0390aad7f req-d64e2ec1-48e2-42c8-aaf4-82b0390aad7f ] Request (ServersAdminTestJSON:test_list_servers_filter_by_error_status): 200 GET http://10.180.1.21/compute/v2.1/servers?status=error 0.309s
2025-02-19 21:09:15.019 63572 INFO tempest.lib.common.rest_client [req-7c052e1d-da41-45b7-88ac-79b3e5c62f05 req-7c052e1d-da41-45b7-88ac-79b3e5c62f05 ] Request (ServersTestJSON:_run_cleanups): 404 GET http://10.180.1.21/compute/v2.1/servers/151e37de-37cc-4200-8a43-b36108b552d6 0.175s
2025-02-19 21:09:15.035 63532 INFO tempest.lib.common.rest_client [req-a9796f84-0270-450e-8faf-5ee8c6382fcb req-a9796f84-0270-450e-8faf-5ee8c6382fcb ] Request (ServersV294TestFqdnHostnames:setUpClass): 200 PUT http://10.180.1.21:9696/networking/v2.0/floatingips/e3035f7d-ab3a-4489-b9f7-6cf6e30d1fb0 0.719s
2025-02-19 21:09:15.061 63542 INFO tempest.lib.common.rest_client [req-04fc27c2-059b-4ead-aa64-5e5bda4de91c req-04fc27c2-059b-4ead-aa64-5e5bda4de91c ] Request (ServersAdminNegativeTestJSON:tearDownClass): 200 GET http://10.180.1.21/compute/v2.1/servers/6960a521-685b-4c29-95da-799aafa9bac9 0.241s
2025-02-19 21:09:15.095 63578 INFO tempest.lib.common.rest_client [req-ce7ee609-eadf-4773-8390-c944a9e82dbd req-ce7ee609-eadf-4773-8390-c944a9e82dbd ] Request (ServerActionsV293TestJSON:setUpClass): 200 GET http://10.180.1.21/compute/v2.1/servers/16c2f860-6415-43e5-bfea-55dcc6c4b5fc 0.170s
2025-02-19 21:09:15.108 63578 INFO tempest.common.waiters [-] State transition "BUILD/None" ==> "BUILD/networking" after 80 second wait
2025-02-19 21:09:15.133 63546 INFO tempest.lib.common.rest_client [req-c7d013fa-979c-43e4-9f08-b2f3d95d85ab req-c7d013fa-979c-43e4-9f08-b2f3d95d85ab ] Request (ServersAdminTestJSON:test_list_servers_filter_by_error_status): 202 POST http://10.180.1.21/compute/v2.1/servers/aef1d1f0-d6a3-4a61-9896-5669beda455d/action 0.132s
2025-02-19 21:09:15.134 63572 INFO tempest.lib.common.rest_client [req-652ae736-1553-44f2-a965-91f323629345 req-652ae736-1553-44f2-a965-91f323629345 ] Request (ServersTestJSON:test_create_specify_keypair): 200 POST http://10.180.1.21/compute/v2.1/os-keypairs 0.111s
2025-02-19 21:09:15.247 63580 INFO tempest.lib.common.rest_client [req-320223c6-d413-4a80-b577-2e58a73171d3 req-320223c6-d413-4a80-b577-2e58a73171d3 ] Request (MigrationsAdminTest:test_resize_server_revert_deleted_flavor): 200 GET http://10.180.1.21/compute/v2.1/servers/caedd33a-6164-45d0-8722-6b775f20fd9c 0.223s
2025-02-19 21:09:15.318 63536 INFO tempest.lib.common.rest_client [req-ee267795-c252-42ae-8bc7-93bb2c1d24dc req-ee267795-c252-42ae-8bc7-93bb2c1d24dc ] Request (ServerMetadataNegativeTestJSON:setUpClass): 200 GET http://10.180.1.21/compute/v2.1/servers/da96af86-8be7-40e7-b087-54f6a9ce57b0 0.198s
2025-02-19 21:09:15.363 63550 INFO tempest.lib.common.rest_client [req-2a0d0deb-7711-43f1-aaf3-f1198b48d0bf req-2a0d0deb-7711-43f1-aaf3-f1198b48d0bf ] Request (ImagesNegativeTestJSON:tearDownClass): 204 DELETE http://10.180.1.21:9696/networking/v2.0/subnets/6683be66-a5f5-4667-a1cc-ab7b307be953 0.394s
2025-02-19 21:09:15.381 63532 INFO tempest.lib.common.rest_client [req-d8fbb62e-3222-4b1d-929f-837c04ad44d6 req-d8fbb62e-3222-4b1d-929f-837c04ad44d6 ] Request (ServersV294TestFqdnHostnames:setUpClass): 200 GET http://10.180.1.21/compute/v2.1/servers/6746c7d4-49f4-43d2-833d-3a3c65fd8a8d 0.346s
2025-02-19 21:09:15.390 63572 INFO tempest.lib.common.rest_client [req-9be72dec-d94c-4ac9-a760-6294ceb5f480 req-9be72dec-d94c-4ac9-a760-6294ceb5f480 ] Request (ServersTestJSON:test_create_specify_keypair): 200 GET http://10.180.1.21/compute/v2.1/os-keypairs 0.255s
2025-02-19 21:09:15.398 63574 INFO tempest.lib.common.rest_client [req-80a93f96-53bc-4387-8873-7d8166074a22 req-80a93f96-53bc-4387-8873-7d8166074a22 ] Request (ServerPasswordTestJSON:tearDownClass): 204 DELETE http://10.180.1.21:9696/networking/v2.0/networks/b1110f0f-a6d1-48d7-aeb3-e44044234f45 0.616s
2025-02-19 21:09:15.402 63532 INFO tempest.api.compute.base [-] Attempting to verify tagged devices in server 6746c7d4-49f4-43d2-833d-3a3c65fd8a8d via the metadata service: http://169.254.169.254/openstack/latest/meta_data.json
2025-02-19 21:09:15.403 63532 INFO tempest.lib.common.ssh [-] Creating ssh connection to '10.180.180.195:22' as 'cirros' with public key authentication
2025-02-19 21:09:15.461 63520 INFO tempest.lib.common.rest_client [req-72706dfc-8864-44b0-8c19-413e5f9fc8bd req-72706dfc-8864-44b0-8c19-413e5f9fc8bd ] Request (ServerDiskConfigTestJSON:test_rebuild_server_with_manual_disk_config): 200 GET http://10.180.1.21/compute/v2.1/servers/3251800d-7e48-4db8-803b-d87bcf788fc8 0.273s
2025-02-19 21:09:15.462 63572 INFO tempest.lib.common.rest_client [req-667333eb-80f6-425a-b15e-a77213e062d7 req-667333eb-80f6-425a-b15e-a77213e062d7 ] Request (ServersTestJSON:test_create_specify_keypair): 201 POST http://10.180.1.21/identity/v3/auth/tokens 0.067s
2025-02-19 21:09:15.462 63572 INFO tempest.lib.common.fixed_network [-] (ServersTestJSON:test_create_specify_keypair) Found network {'id': '48e70a2b-687f-4647-8f47-112a399ce67e', 'name': 'tempest-ServersTestJSON-315057074-network', 'tenant_id': 'da3832cc84094554a4bbf38bb947923d', 'admin_state_up': True, 'mtu': 8950, 'status': 'ACTIVE', 'subnets': [], 'shared': False, 'project_id': 'da3832cc84094554a4bbf38bb947923d', 'port_security_enabled': True, 'router:external': False, 'provider:network_type': 'vlan', 'provider:physical_network': 'default', 'provider:segmentation_id': 138, 'availability_zone_hints': [], 'availability_zones': [], 'ipv4_address_scope': None, 'ipv6_address_scope': None, 'description': '', 'tags': [], 'created_at': '2025-02-19T21:06:42Z', 'updated_at': '2025-02-19T21:06:42Z', 'revision_number': 1} available for tenant
2025-02-19 21:09:15.463 63546 INFO tempest.lib.common.rest_client [req-0d09c766-afc2-4257-bbd3-30389327f654 req-0d09c766-afc2-4257-bbd3-30389327f654 ] Request (ServersAdminTestJSON:test_list_servers_filter_by_error_status): 200 GET http://10.180.1.21/compute/v2.1/servers/aef1d1f0-d6a3-4a61-9896-5669beda455d 0.329s
2025-02-19 21:09:15.544 63528 INFO tempest.lib.common.rest_client [req-173d375e-4e75-4436-9c3d-98a2b34d61e3 req-173d375e-4e75-4436-9c3d-98a2b34d61e3 ] Request (AttachInterfacesTestJSON:test_create_list_show_delete_interfaces_by_fixed_ip): 200 GET http://10.180.1.21/compute/v2.1/servers/5d66c323-0aca-4844-af50-3dbf4c6808ba 0.268s
2025-02-19 21:09:15.604 63574 INFO tempest.lib.common.rest_client [req-0721d0dc-0c17-4791-b702-4d6d3cd13ae8 req-0721d0dc-0c17-4791-b702-4d6d3cd13ae8 ] Request (ServerPasswordTestJSON:tearDownClass): 204 DELETE http://10.180.1.21/identity/v3/users/0850b54ea22e44268876a92ec756f77f 0.206s
2025-02-19 21:09:15.605 63574 INFO tempest.lib.common.dynamic_creds [-] Deleting project and security group for project: 5c728f4a590145e588f8b92d5db922c1
2025-02-19 21:09:15.648 63560 INFO tempest.lib.common.rest_client [req-a6ce7a79-6e2c-491b-9f6e-f7b7dd4cf658 req-a6ce7a79-6e2c-491b-9f6e-f7b7dd4cf658 ] Request (ServerDiagnosticsNegativeTest:test_get_server_diagnostics_by_non_admin): 200 GET http://10.180.1.21/compute/v2.1/servers/d55a78ea-d29b-420f-a149-c164794fe66d 0.420s
2025-02-19 21:09:15.653 63574 INFO tempest.lib.common.rest_client [req-a69342ca-35ac-48b8-992d-4d9f4210489c req-a69342ca-35ac-48b8-992d-4d9f4210489c ] Request (ServerPasswordTestJSON:tearDownClass): 200 GET http://10.180.1.21:9696/networking/v2.0/security-groups?tenant_id=5c728f4a590145e588f8b92d5db922c1&name=default 0.048s
2025-02-19 21:09:15.792 63550 INFO tempest.lib.common.rest_client [req-879ab169-583d-45da-968a-a57e870fc6b8 req-879ab169-583d-45da-968a-a57e870fc6b8 ] Request (ImagesNegativeTestJSON:tearDownClass): 204 DELETE http://10.180.1.21:9696/networking/v2.0/networks/c0e91e8d-f25a-4604-881d-59bc28e1cd8b 0.429s
2025-02-19 21:09:15.814 63574 INFO tempest.lib.common.rest_client [req-f3effe87-4ddf-4753-ab16-4496321b39a6 req-f3effe87-4ddf-4753-ab16-4496321b39a6 ] Request (ServerPasswordTestJSON:tearDownClass): 204 DELETE http://10.180.1.21:9696/networking/v2.0/security-groups/1c29dfd7-e318-42dd-8704-4978f9741783 0.161s
2025-02-19 21:09:15.825 63546 INFO tempest.lib.common.rest_client [req-a5795263-42cd-4246-9d84-db59cb61bacb req-a5795263-42cd-4246-9d84-db59cb61bacb ] Request (ServersAdminTestJSON:test_list_servers_filter_by_exist_host): 200 GET http://10.180.1.21/compute/v2.1/servers/aef1d1f0-d6a3-4a61-9896-5669beda455d 0.352s
2025-02-19 21:09:15.887 63554 INFO tempest.lib.common.rest_client [req-ef2c6d68-4f5f-4f0c-af99-d667b32dfbe2 req-ef2c6d68-4f5f-4f0c-af99-d667b32dfbe2 ] Request (ServersTestBootFromVolume:setUpClass): 200 GET http://10.180.1.21/compute/v2.1/servers/70b20377-15df-429a-a592-776148d2a91c 0.274s
2025-02-19 21:09:15.935 63550 INFO tempest.lib.common.rest_client [req-d45552c5-09c5-4ed8-8b4e-69132d13cbc7 req-d45552c5-09c5-4ed8-8b4e-69132d13cbc7 ] Request (ImagesNegativeTestJSON:tearDownClass): 204 DELETE http://10.180.1.21/identity/v3/users/5ee7335ca9814d9b8aa423e079054dc5 0.142s
2025-02-19 21:09:15.936 63550 INFO tempest.lib.common.dynamic_creds [-] Deleting project and security group for project: b59a4f48c5f14162ac77c739f8a87cb0
2025-02-19 21:09:15.937 63574 INFO tempest.lib.common.rest_client [req-13df401b-56d8-43ad-a7a1-fd7db1bb8a2e req-13df401b-56d8-43ad-a7a1-fd7db1bb8a2e ] Request (ServerPasswordTestJSON:tearDownClass): 204 DELETE http://10.180.1.21/identity/v3/projects/5c728f4a590145e588f8b92d5db922c1 0.122s
2025-02-19 21:09:15.974 63572 INFO tempest.lib.common.rest_client [req-15dd7b1e-7c3d-448d-b1b2-6294a9b9e118 req-15dd7b1e-7c3d-448d-b1b2-6294a9b9e118 ] Request (ServersTestJSON:test_create_specify_keypair): 202 POST http://10.180.1.21/compute/v2.1/servers 0.511s
2025-02-19 21:09:15.991 63550 INFO tempest.lib.common.rest_client [req-a0d00e27-cfe9-4d8d-9b26-d124bd116edf req-a0d00e27-cfe9-4d8d-9b26-d124bd116edf ] Request (ImagesNegativeTestJSON:tearDownClass): 200 GET http://10.180.1.21:9696/networking/v2.0/security-groups?tenant_id=b59a4f48c5f14162ac77c739f8a87cb0&name=default 0.053s
2025-02-19 21:09:16.011 63558 INFO tempest.lib.common.rest_client [req-01ec024e-d73e-4e1f-b29a-ce3601c3d1fe req-01ec024e-d73e-4e1f-b29a-ce3601c3d1fe ] Request (AttachVolumeShelveTestJSON:test_attach_volume_shelved_or_offload_server): 200 GET http://10.180.1.21/compute/v2.1/servers/2abaf9f0-6739-4cd3-8400-d204d059565d 0.355s
2025-02-19 21:09:16.043 63534 INFO tempest.lib.common.rest_client [req-8ca15556-4184-452a-83df-6956636047fc req-8ca15556-4184-452a-83df-6956636047fc ] Request (ServersNegativeTestJSON:setUpClass): 200 GET http://10.180.1.21/compute/v2.1/servers/267d6b19-61b1-4def-8f99-3aaffbb6a915 0.282s
2025-02-19 21:09:16.076 63544 INFO tempest.lib.common.rest_client [req-1e1390b9-70d4-431d-a7a0-f427f1b1f34f req-1e1390b9-70d4-431d-a7a0-f427f1b1f34f ] Request (ServerExternalEventsTest:test_create_server_external_events): 200 GET http://10.180.1.21/compute/v2.1/servers/2210579f-827e-4473-80e0-23650e888445 0.307s
2025-02-19 21:09:16.137 63568 INFO tempest.lib.common.rest_client [req-5c5e7249-a1ce-47fc-aaf7-8fe896cd3612 req-5c5e7249-a1ce-47fc-aaf7-8fe896cd3612 ] Request (ImagesTestJSON:test_create_server_from_snapshot): 200 GET http://10.180.1.21/compute/v2.1/servers/53bb3fab-5289-4abe-ae4b-43547891513e 0.283s
2025-02-19 21:09:16.158 63550 INFO tempest.lib.common.rest_client [req-2d975d7a-2e27-4d95-9bd3-fffcd6ba1406 req-2d975d7a-2e27-4d95-9bd3-fffcd6ba1406 ] Request (ImagesNegativeTestJSON:tearDownClass): 204 DELETE http://10.180.1.21:9696/networking/v2.0/security-groups/55f41eb1-82d3-43f5-97ef-95728d4ae97d 0.166s
2025-02-19 21:09:16.171 63546 INFO tempest.lib.common.rest_client [req-8c2b5f7a-b14a-49cc-965c-66ed667995af req-8c2b5f7a-b14a-49cc-965c-66ed667995af ] Request (ServersAdminTestJSON:test_list_servers_filter_by_exist_host): 200 GET http://10.180.1.21/compute/v2.1/servers?host=cpu-1&all_tenants=1 0.337s
2025-02-19 21:09:16.220 63524 INFO tempest.lib.common.rest_client [req-4a6ed575-00dc-406c-9313-4fa44d4311b4 req-4a6ed575-00dc-406c-9313-4fa44d4311b4 ] Request (ServersNegativeTestMultiTenantJSON:tearDownClass): 200 GET http://10.180.1.21/compute/v2.1/servers/f9bff899-5a16-4798-a571-3874e32e810a 0.303s
2025-02-19 21:09:16.280 63572 INFO tempest.lib.common.rest_client [req-bae53970-0152-4ba6-87ee-2fde7adbc97e req-bae53970-0152-4ba6-87ee-2fde7adbc97e ] Request (ServersTestJSON:test_create_specify_keypair): 200 GET http://10.180.1.21/compute/v2.1/servers/f6a2290f-27f3-47ac-b3de-d4ac38d2faad 0.304s
2025-02-19 21:09:16.280 63550 INFO tempest.lib.common.rest_client [req-bcc2b71d-9fec-482b-8de9-989fdb41ce67 req-bcc2b71d-9fec-482b-8de9-989fdb41ce67 ] Request (ImagesNegativeTestJSON:tearDownClass): 204 DELETE http://10.180.1.21/identity/v3/projects/b59a4f48c5f14162ac77c739f8a87cb0 0.122s
2025-02-19 21:09:16.299 63556 INFO tempest.lib.common.rest_client [req-d17ed4d0-bf06-438d-a6ba-1686959ebd13 req-d17ed4d0-bf06-438d-a6ba-1686959ebd13 ] Request (InstanceActionsTestJSON:setUpClass): 200 GET http://10.180.1.21/compute/v2.1/servers/ec68d6ed-2076-4e7a-9aff-abea17c3bced 0.373s
2025-02-19 21:09:16.337 63538 INFO tempest.lib.common.rest_client [req-e5d481b1-8df3-46a8-8c75-cfba76a84e4d req-e5d481b1-8df3-46a8-8c75-cfba76a84e4d ] Request (ServersTestMultiNic:test_verify_multiple_nics_order): 200 GET http://10.180.1.21/compute/v2.1/servers/457ae21b-5f93-42f4-9672-a80ed7406da2 0.349s
2025-02-19 21:09:16.349 63538 INFO tempest.common.waiters [-] State transition "BUILD/scheduling" ==> "BUILD/None" after 31 second wait
2025-02-19 21:09:16.360 63550 INFO tempest.lib.common.rest_client [req-01394e43-d374-4930-8808-a05446dac4ed req-01394e43-d374-4930-8808-a05446dac4ed ] Request (DeleteServersTestJSON:setUpClass): 201 POST http://10.180.1.21/identity/v3/auth/tokens 0.078s
2025-02-19 21:09:16.364 63542 INFO tempest.lib.common.rest_client [req-9be71033-b294-497b-8345-610b12c1c8c6 req-9be71033-b294-497b-8345-610b12c1c8c6 ] Request (ServersAdminNegativeTestJSON:tearDownClass): 200 GET http://10.180.1.21/compute/v2.1/servers/6960a521-685b-4c29-95da-799aafa9bac9 0.296s
2025-02-19 21:09:16.391 63546 INFO tempest.lib.common.rest_client [req-a27c08e4-8755-4246-9954-50c27839380b req-a27c08e4-8755-4246-9954-50c27839380b ] Request (ServersAdminTestJSON:test_list_servers_filter_by_exist_host): 200 GET http://10.180.1.21/compute/v2.1/servers?host=nonexistent_host&all_tenants=1 0.205s
2025-02-19 21:09:16.396 63550 INFO tempest.lib.common.rest_client [req-3e0f6087-fb94-43d7-b48a-fab6de1e5746 req-3e0f6087-fb94-43d7-b48a-fab6de1e5746 ] Request (DeleteServersTestJSON:setUpClass): 201 POST http://10.180.1.21/identity/v3/auth/tokens 0.033s
2025-02-19 21:09:16.437 63550 INFO tempest.lib.common.rest_client [req-910fa11a-acca-4961-a79f-49adb881657e req-910fa11a-acca-4961-a79f-49adb881657e ] Request (DeleteServersTestJSON:setUpClass): 200 GET http://10.180.1.21/identity/v3/domains?name=Default 0.040s
2025-02-19 21:09:16.464 63580 INFO tempest.lib.common.rest_client [req-10ba8511-4d68-4ad0-9b3f-7cd67614d81c req-10ba8511-4d68-4ad0-9b3f-7cd67614d81c ] Request (MigrationsAdminTest:test_resize_server_revert_deleted_flavor): 200 GET http://10.180.1.21/compute/v2.1/servers/caedd33a-6164-45d0-8722-6b775f20fd9c 0.204s
2025-02-19 21:09:16.471 63550 INFO tempest.lib.common.rest_client [req-965d05f1-8aca-4406-b094-beb1de359bd2 req-965d05f1-8aca-4406-b094-beb1de359bd2 ] Request (DeleteServersTestJSON:setUpClass): 201 POST http://10.180.1.21/identity/v3/projects 0.034s
2025-02-19 21:09:16.545 63536 INFO tempest.lib.common.rest_client [req-055e251d-82f7-485c-b313-4a63f24d53b8 req-055e251d-82f7-485c-b313-4a63f24d53b8 ] Request (ServerMetadataNegativeTestJSON:setUpClass): 200 GET http://10.180.1.21/compute/v2.1/servers/da96af86-8be7-40e7-b087-54f6a9ce57b0 0.218s
2025-02-19 21:09:16.555 63578 INFO tempest.lib.common.rest_client [req-64654004-8b5f-4742-83fc-ef0b01480a84 req-64654004-8b5f-4742-83fc-ef0b01480a84 ] Request (ServerActionsV293TestJSON:setUpClass): 200 GET http://10.180.1.21/compute/v2.1/servers/16c2f860-6415-43e5-bfea-55dcc6c4b5fc 0.444s
2025-02-19 21:09:16.559 63550 INFO tempest.lib.common.rest_client [req-45dfcf84-18df-451b-a42e-3d9b3063c353 req-45dfcf84-18df-451b-a42e-3d9b3063c353 ] Request (DeleteServersTestJSON:setUpClass): 201 POST http://10.180.1.21/identity/v3/users 0.088s
2025-02-19 21:09:16.565 63578 INFO tempest.common.waiters [-] State transition "BUILD/networking" ==> "BUILD/block_device_mapping" after 81 second wait
2025-02-19 21:09:16.586 63550 INFO tempest.lib.common.rest_client [req-14d7277b-bc9f-4adb-8dbf-16ef713a2881 req-14d7277b-bc9f-4adb-8dbf-16ef713a2881 ] Request (DeleteServersTestJSON:setUpClass): 200 GET http://10.180.1.21/identity/v3/roles 0.027s
2025-02-19 21:09:16.610 63546 INFO tempest.lib.common.rest_client [req-4d01b884-0bb6-434f-9ac3-27280e2e69aa req-4d01b884-0bb6-434f-9ac3-27280e2e69aa ] Request (ServersAdminTestJSON:test_rebuild_server_in_error_state): 202 POST http://10.180.1.21/compute/v2.1/servers/aef1d1f0-d6a3-4a61-9896-5669beda455d/action 0.216s
2025-02-19 21:09:16.620 63550 INFO tempest.lib.common.rest_client [req-22c032e3-8f39-4b77-974a-0e33d248c24e req-22c032e3-8f39-4b77-974a-0e33d248c24e ] Request (DeleteServersTestJSON:setUpClass): 204 PUT http://10.180.1.21/identity/v3/projects/64231456d8bd4dae84523fe2266817cb/users/19e77ccd751a4ab9b4c3e7cbaf6e33b9/roles/f18d89b68ec646ffa21b2035c2adce12 0.033s
2025-02-19 21:09:16.620 63550 INFO tempest.lib.common.dynamic_creds [-] Dynamic test user 19e77ccd751a4ab9b4c3e7cbaf6e33b9 is created with scope project and roles: ['member']
2025-02-19 21:09:16.621 63550 INFO tempest.lib.common.dynamic_creds [-] Acquired dynamic creds: credentials: Credentials: {'domain_id': 'default', 'domain_name': 'Default', 'username': 'tempest-DeleteServersTestJSON-1730989250-project-member', 'project_domain_id': 'default', 'project_domain_name': 'Default', 'project_id': '64231456d8bd4dae84523fe2266817cb', 'project_name': 'tempest-DeleteServersTestJSON-1730989250', 'tenant_id': '64231456d8bd4dae84523fe2266817cb', 'tenant_name': 'tempest-DeleteServersTestJSON-1730989250', 'user_domain_id': 'default', 'user_domain_name': 'Default', 'user_id': '19e77ccd751a4ab9b4c3e7cbaf6e33b9', 'system': None}, Network: None, Subnet: None, Router: None
2025-02-19 21:09:16.621 63520 INFO tempest.lib.common.rest_client [req-b473d897-a861-499a-b530-29cfead202bd req-b473d897-a861-499a-b530-29cfead202bd ] Request (ServerDiskConfigTestJSON:test_rebuild_server_with_manual_disk_config): 200 GET http://10.180.1.21/compute/v2.1/servers/3251800d-7e48-4db8-803b-d87bcf788fc8 0.148s
