2025-02-19 21:08:46.365 63544 INFO tempest.lib.common.rest_client [req-a535de09-f66c-493a-985b-fd3a734e2868 req-a535de09-f66c-493a-985b-fd3a734e2868 ] Request (ServerExternalEventsTest:setUpClass): 201 POST http://10.180.1.21/identity/v3/users 0.053s
2025-02-19 21:08:46.389 63544 INFO tempest.lib.common.rest_client [req-89962ad7-e8b3-41d4-948f-bccdf08b0153 req-89962ad7-e8b3-41d4-948f-bccdf08b0153 ] Request (ServerExternalEventsTest:setUpClass): 200 GET http://10.180.1.21/identity/v3/roles 0.024s
2025-02-19 21:08:46.421 63544 INFO tempest.lib.common.rest_client [req-6d3d354b-3b1c-4c5f-9690-f27934e7b3d8 req-6d3d354b-3b1c-4c5f-9690-f27934e7b3d8 ] Request (ServerExternalEventsTest:setUpClass): 204 PUT http://10.180.1.21/identity/v3/projects/bf119ceee0be48d2a9b92cbce0234d35/users/7067c8326db14f7abb7e0836ecb24fe3/roles/f18d89b68ec646ffa21b2035c2adce12 0.031s
2025-02-19 21:08:46.422 63544 INFO tempest.lib.common.dynamic_creds [-] Dynamic test user 7067c8326db14f7abb7e0836ecb24fe3 is created with scope project and roles: ['member']
2025-02-19 21:08:46.422 63544 INFO tempest.lib.common.dynamic_creds [-] Acquired dynamic creds: credentials: Credentials: {'domain_id': 'default', 'domain_name': 'Default', 'username': 'tempest-ServerExternalEventsTest-1444045391-project-member', 'project_domain_id': 'default', 'project_domain_name': 'Default', 'project_id': 'bf119ceee0be48d2a9b92cbce0234d35', 'project_name': 'tempest-ServerExternalEventsTest-1444045391', 'tenant_id': 'bf119ceee0be48d2a9b92cbce0234d35', 'tenant_name': 'tempest-ServerExternalEventsTest-1444045391', 'user_domain_id': 'default', 'user_domain_name': 'Default', 'user_id': '7067c8326db14f7abb7e0836ecb24fe3', 'system': None}, Network: None, Subnet: None, Router: None
2025-02-19 21:08:46.422 63544 INFO tempest.lib.common.dynamic_creds [-] Created isolated network resources for: credentials: Credentials: {'domain_id': 'default', 'domain_name': 'Default', 'username': 'tempest-ServerExternalEventsTest-1444045391-project-member', 'project_domain_id': 'default', 'project_domain_name': 'Default', 'project_id': 'bf119ceee0be48d2a9b92cbce0234d35', 'project_name': 'tempest-ServerExternalEventsTest-1444045391', 'tenant_id': 'bf119ceee0be48d2a9b92cbce0234d35', 'tenant_name': 'tempest-ServerExternalEventsTest-1444045391', 'user_domain_id': 'default', 'user_domain_name': 'Default', 'user_id': '7067c8326db14f7abb7e0836ecb24fe3', 'system': None}, Network: None, Subnet: None, Router: None
2025-02-19 21:08:46.457 63542 INFO tempest.lib.common.rest_client [req-65305893-2ce3-4fad-9f55-6500ce1135bc req-65305893-2ce3-4fad-9f55-6500ce1135bc ] Request (ServersAdminNegativeTestJSON:tearDownClass): 200 GET http://10.180.1.21/compute/v2.1/servers/152da4ca-e540-4362-b552-4fd8818acf12 0.072s
2025-02-19 21:08:46.512 63544 INFO tempest.lib.common.rest_client [req-2c62dd2e-9668-4a1d-ab71-d660ec93242a req-2c62dd2e-9668-4a1d-ab71-d660ec93242a ] Request (ServerExternalEventsTest:setUpClass): 201 POST http://10.180.1.21/identity/v3/auth/tokens 0.086s
2025-02-19 21:08:46.537 63577 INFO tempest.lib.common.rest_client [req-a6bf3599-b2cf-497c-9b62-b3f3997e90d5 req-a6bf3599-b2cf-497c-9b62-b3f3997e90d5 ] Request (InstanceActionsNegativeTestJSON:tearDownClass): 200 GET http://10.180.1.21/compute/v2.1/servers/5c0677e8-1844-47a1-826b-094a866c9d90 0.069s
2025-02-19 21:08:46.579 63544 INFO tempest.lib.common.rest_client [req-7e69bed5-7224-4df9-a29d-041841d48650 req-7e69bed5-7224-4df9-a29d-041841d48650 ] Request (ServerExternalEventsTest:setUpClass): 201 POST http://10.180.1.21/identity/v3/projects 0.067s
2025-02-19 21:08:46.629 63550 INFO tempest.lib.common.rest_client [req-b5f6ad90-57f0-4ee3-835c-6a94efc686bf req-b5f6ad90-57f0-4ee3-835c-6a94efc686bf ] Request (ImagesNegativeTestJSON:test_create_image_from_deleted_server): 200 GET http://10.180.1.21/compute/v2.1/servers/965da06c-b4bf-443f-a7a4-bdb16a9ecb61 0.069s
2025-02-19 21:08:46.647 63544 INFO tempest.lib.common.rest_client [req-a4e8bf69-870c-41ea-a649-38aaf5143ce1 req-a4e8bf69-870c-41ea-a649-38aaf5143ce1 ] Request (ServerExternalEventsTest:setUpClass): 201 POST http://10.180.1.21/identity/v3/users 0.067s
2025-02-19 21:08:46.665 63528 INFO tempest.lib.common.rest_client [req-57d762d8-85e4-40dd-8c34-69aae1c5c6ad req-57d762d8-85e4-40dd-8c34-69aae1c5c6ad ] Request (FloatingIPsAssociationNegativeTestJSON:tearDownClass): 200 GET http://10.180.1.21/compute/v2.1/servers/9409fbc3-cec1-410c-ab27-484a4a024c58 0.065s
2025-02-19 21:08:46.671 63544 INFO tempest.lib.common.rest_client [req-62bdd964-b929-41dd-a4da-8dc9138c3701 req-62bdd964-b929-41dd-a4da-8dc9138c3701 ] Request (ServerExternalEventsTest:setUpClass): 200 GET http://10.180.1.21/identity/v3/roles 0.023s
2025-02-19 21:08:46.696 63544 INFO tempest.lib.common.rest_client [req-8f7e9aba-d821-45d1-be24-b93d83ad8d6a req-8f7e9aba-d821-45d1-be24-b93d83ad8d6a ] Request (ServerExternalEventsTest:setUpClass): 204 PUT http://10.180.1.21/identity/v3/projects/44a8b03cabed46c4b0887a5f3b0500a1/users/18d2dee998fa402b8afb24423ed48ffb/roles/5f347be594244b98957bd1d18ec1874e 0.025s
2025-02-19 21:08:46.744 63544 INFO tempest.lib.common.rest_client [req-65afe0cb-43fb-4d73-9ecb-c26c97e1bb58 req-65afe0cb-43fb-4d73-9ecb-c26c97e1bb58 ] Request (ServerExternalEventsTest:setUpClass): 200 GET http://10.180.1.21/identity/v3/roles 0.047s
2025-02-19 21:08:46.762 63544 INFO tempest.lib.common.rest_client [req-9b067159-e84d-4d30-87e6-6b87ede51663 req-9b067159-e84d-4d30-87e6-6b87ede51663 ] Request (ServerExternalEventsTest:setUpClass): 204 PUT http://10.180.1.21/identity/v3/projects/44a8b03cabed46c4b0887a5f3b0500a1/users/18d2dee998fa402b8afb24423ed48ffb/roles/5f347be594244b98957bd1d18ec1874e 0.017s
2025-02-19 21:08:46.762 63544 INFO tempest.lib.common.dynamic_creds [-] Dynamic test user 18d2dee998fa402b8afb24423ed48ffb is created with scope project and roles: ['admin']
2025-02-19 21:08:46.762 63544 INFO tempest.lib.common.dynamic_creds [-] Acquired dynamic creds: credentials: Credentials: {'domain_id': 'default', 'domain_name': 'Default', 'username': 'tempest-ServerExternalEventsTest-261257614-project-admin', 'project_domain_id': 'default', 'project_domain_name': 'Default', 'project_id': '44a8b03cabed46c4b0887a5f3b0500a1', 'project_name': 'tempest-ServerExternalEventsTest-261257614', 'tenant_id': '44a8b03cabed46c4b0887a5f3b0500a1', 'tenant_name': 'tempest-ServerExternalEventsTest-261257614', 'user_domain_id': 'default', 'user_domain_name': 'Default', 'user_id': '18d2dee998fa402b8afb24423ed48ffb', 'system': None}, Network: None, Subnet: None, Router: None
2025-02-19 21:08:46.762 63544 INFO tempest.lib.common.dynamic_creds [-] Created isolated network resources for: credentials: Credentials: {'domain_id': 'default', 'domain_name': 'Default', 'username': 'tempest-ServerExternalEventsTest-261257614-project-admin', 'project_domain_id': 'default', 'project_domain_name': 'Default', 'project_id': '44a8b03cabed46c4b0887a5f3b0500a1', 'project_name': 'tempest-ServerExternalEventsTest-261257614', 'tenant_id': '44a8b03cabed46c4b0887a5f3b0500a1', 'tenant_name': 'tempest-ServerExternalEventsTest-261257614', 'user_domain_id': 'default', 'user_domain_name': 'Default', 'user_id': '18d2dee998fa402b8afb24423ed48ffb', 'system': None}, Network: None, Subnet: None, Router: None
2025-02-19 21:08:46.818 63556 INFO tempest.lib.common.rest_client [req-7294f45f-e0c7-4a4e-ba66-df80af354544 req-7294f45f-e0c7-4a4e-ba66-df80af354544 ] Request (InstanceActionsTestJSON:setUpClass): 200 GET http://10.180.1.21/compute/v2.1/servers/ec68d6ed-2076-4e7a-9aff-abea17c3bced 0.053s
2025-02-19 21:08:46.827 63524 INFO tempest.lib.common.rest_client [req-06cec448-e9cb-4763-8216-94aa9e417a6c req-06cec448-e9cb-4763-8216-94aa9e417a6c ] Request (ServersNegativeTestMultiTenantJSON:tearDownClass): 200 GET http://10.180.1.21/compute/v2.1/servers/f9bff899-5a16-4798-a571-3874e32e810a 0.119s
2025-02-19 21:08:46.832 63544 INFO tempest.lib.common.rest_client [req-d81f87db-9bb3-4191-8db5-55541ef52fc8 req-d81f87db-9bb3-4191-8db5-55541ef52fc8 ] Request (ServerExternalEventsTest:setUpClass): 201 POST http://10.180.1.21/identity/v3/auth/tokens 0.067s
2025-02-19 21:08:46.889 63544 INFO tempest.lib.common.rest_client [req-557cf94e-f539-4627-862e-1957df15f39d req-557cf94e-f539-4627-862e-1957df15f39d ] Request (ServerExternalEventsTest:setUpClass): 201 POST http://10.180.1.21/identity/v3/projects 0.056s
2025-02-19 21:08:46.896 63568 INFO tempest.lib.common.rest_client [req-d329eccc-5e4a-4188-a81c-cc4c44bfaedf req-d329eccc-5e4a-4188-a81c-cc4c44bfaedf ] Request (ImagesTestJSON:test_create_server_from_snapshot): 200 GET http://10.180.1.21/compute/v2.1/servers/53bb3fab-5289-4abe-ae4b-43547891513e 0.073s
2025-02-19 21:08:46.918 63552 INFO tempest.lib.common.rest_client [req-4941c1a2-be0c-42e6-9275-ffdab094d2ba req-4941c1a2-be0c-42e6-9275-ffdab094d2ba ] Request (AttachInterfacesUnderV243Test:test_add_remove_fixed_ip): 200 GET http://10.180.1.21/compute/v2.1/servers/72f1ba90-32c3-4a58-b88d-7c0147664a22 0.141s
2025-02-19 21:08:46.956 63544 INFO tempest.lib.common.rest_client [req-432f92be-770d-421b-96a6-66f0881c6fa8 req-432f92be-770d-421b-96a6-66f0881c6fa8 ] Request (ServerExternalEventsTest:setUpClass): 201 POST http://10.180.1.21/identity/v3/users 0.067s
2025-02-19 21:08:46.961 63572 INFO tempest.lib.common.rest_client [req-aaf0d2e5-8fd1-4a97-9e8a-6414ec971e4e req-aaf0d2e5-8fd1-4a97-9e8a-6414ec971e4e ] Request (ServersTestJSON:_run_cleanups): 200 GET http://10.180.1.21/compute/v2.1/servers/151e37de-37cc-4200-8a43-b36108b552d6 0.117s
2025-02-19 21:08:46.972 63546 INFO tempest.lib.common.rest_client [req-c61ac1d5-5ced-4d33-b64e-dc87804eed1e req-c61ac1d5-5ced-4d33-b64e-dc87804eed1e ] Request (ServersAdminTestJSON:test_inject_network_info): 200 GET http://10.180.1.21/compute/v2.1/servers/33ed2db3-9161-4e72-b35c-11caf9cb00b7 0.095s
2025-02-19 21:08:46.984 63544 INFO tempest.lib.common.rest_client [req-543d04b3-50a1-44fe-aee3-fa6bdf9bdea0 req-543d04b3-50a1-44fe-aee3-fa6bdf9bdea0 ] Request (ServerExternalEventsTest:setUpClass): 200 GET http://10.180.1.21/identity/v3/roles 0.028s
2025-02-19 21:08:47.010 63544 INFO tempest.lib.common.rest_client [req-ce1d3f07-ae82-48ab-875e-a499628b84a1 req-ce1d3f07-ae82-48ab-875e-a499628b84a1 ] Request (ServerExternalEventsTest:setUpClass): 204 PUT http://10.180.1.21/identity/v3/projects/ba15ff367a1e48798fe6b8eb769b9451/users/8afc1402e5784f96a94065c1862bc15c/roles/5f347be594244b98957bd1d18ec1874e 0.025s
2025-02-19 21:08:47.010 63536 INFO tempest.lib.common.rest_client [req-838594e1-252d-4dca-9017-f9ccf7a53069 req-838594e1-252d-4dca-9017-f9ccf7a53069 ] Request (ServerMetadataNegativeTestJSON:setUpClass): 200 GET http://10.180.1.21/compute/v2.1/servers/da96af86-8be7-40e7-b087-54f6a9ce57b0 0.097s
2025-02-19 21:08:47.026 63538 INFO tempest.lib.common.rest_client [req-a05983f3-db9f-4c21-9b44-1eb9060d2e43 req-a05983f3-db9f-4c21-9b44-1eb9060d2e43 ] Request (ServersTestMultiNic:test_verify_multiple_nics_order): 200 GET http://10.180.1.21/compute/v2.1/servers/457ae21b-5f93-42f4-9672-a80ed7406da2 0.097s
2025-02-19 21:08:47.066 63544 INFO tempest.lib.common.rest_client [req-e47a3a18-589d-41f9-894f-00f7853a89fe req-e47a3a18-589d-41f9-894f-00f7853a89fe ] Request (ServerExternalEventsTest:setUpClass): 200 GET http://10.180.1.21/identity/v3/roles 0.055s
2025-02-19 21:08:47.068 63578 INFO tempest.lib.common.rest_client [req-3161d976-acd1-4d89-bc28-c66cf90d7a37 req-3161d976-acd1-4d89-bc28-c66cf90d7a37 ] Request (ServerActionsV293TestJSON:setUpClass): 200 GET http://10.180.1.21/compute/v2.1/servers/16c2f860-6415-43e5-bfea-55dcc6c4b5fc 0.085s
2025-02-19 21:08:47.082 63558 INFO tempest.lib.common.rest_client [req-8e23231e-f79a-4bb9-91b4-e497ea64acba req-8e23231e-f79a-4bb9-91b4-e497ea64acba ] Request (AttachVolumeShelveTestJSON:test_attach_volume_shelved_or_offload_server): 200 GET http://10.180.1.21/compute/v2.1/servers/2abaf9f0-6739-4cd3-8400-d204d059565d 0.093s
2025-02-19 21:08:47.088 63544 INFO tempest.lib.common.rest_client [req-a7c443b2-8bdb-44aa-8bc9-663c61555d5f req-a7c443b2-8bdb-44aa-8bc9-663c61555d5f ] Request (ServerExternalEventsTest:setUpClass): 204 PUT http://10.180.1.21/identity/v3/projects/ba15ff367a1e48798fe6b8eb769b9451/users/8afc1402e5784f96a94065c1862bc15c/roles/96c1c35e65aa4b33bf8379c421845882 0.022s
2025-02-19 21:08:47.088 63544 INFO tempest.lib.common.dynamic_creds [-] Dynamic test user 8afc1402e5784f96a94065c1862bc15c is created with scope project and roles: ['admin', 'service']
2025-02-19 21:08:47.088 63544 INFO tempest.lib.common.dynamic_creds [-] Acquired dynamic creds: credentials: Credentials: {'domain_id': 'default', 'domain_name': 'Default', 'username': 'tempest-ServerExternalEventsTest-577216995-project', 'project_domain_id': 'default', 'project_domain_name': 'Default', 'project_id': 'ba15ff367a1e48798fe6b8eb769b9451', 'project_name': 'tempest-ServerExternalEventsTest-577216995', 'tenant_id': 'ba15ff367a1e48798fe6b8eb769b9451', 'tenant_name': 'tempest-ServerExternalEventsTest-577216995', 'user_domain_id': 'default', 'user_domain_name': 'Default', 'user_id': '8afc1402e5784f96a94065c1862bc15c', 'system': None}, Network: None, Subnet: None, Router: None
2025-02-19 21:08:47.089 63544 INFO tempest.lib.common.dynamic_creds [-] Created isolated network resources for: credentials: Credentials: {'domain_id': 'default', 'domain_name': 'Default', 'username': 'tempest-ServerExternalEventsTest-577216995-project', 'project_domain_id': 'default', 'project_domain_name': 'Default', 'project_id': 'ba15ff367a1e48798fe6b8eb769b9451', 'project_name': 'tempest-ServerExternalEventsTest-577216995', 'tenant_id': 'ba15ff367a1e48798fe6b8eb769b9451', 'tenant_name': 'tempest-ServerExternalEventsTest-577216995', 'user_domain_id': 'default', 'user_domain_name': 'Default', 'user_id': '8afc1402e5784f96a94065c1862bc15c', 'system': None}, Network: None, Subnet: None, Router: None
2025-02-19 21:08:47.118 63560 INFO tempest.lib.common.rest_client [req-1ebe76e8-b6db-42a4-b089-8cac0be008e3 req-1ebe76e8-b6db-42a4-b089-8cac0be008e3 ] Request (ServerDiagnosticsNegativeTest:test_get_server_diagnostics_by_non_admin): 200 GET http://10.180.1.21/compute/v2.1/servers/d55a78ea-d29b-420f-a149-c164794fe66d 0.080s
2025-02-19 21:08:47.140 63520 INFO tempest.lib.common.rest_client [req-7c7633a6-8fc5-4fb3-8827-7f1ba0014ab3 req-7c7633a6-8fc5-4fb3-8827-7f1ba0014ab3 ] Request (ServerDiskConfigTestJSON:test_rebuild_server_with_manual_disk_config): 200 GET http://10.180.1.21/compute/v2.1/servers/3251800d-7e48-4db8-803b-d87bcf788fc8 0.098s
2025-02-19 21:08:47.176 63580 INFO tempest.lib.common.rest_client [req-bfcebdfd-71bb-4a8c-a637-6a878c1be0b9 req-bfcebdfd-71bb-4a8c-a637-6a878c1be0b9 ] Request (MigrationsAdminTest:test_resize_server_revert_deleted_flavor): 200 GET http://10.180.1.21/compute/v2.1/servers/caedd33a-6164-45d0-8722-6b775f20fd9c 0.075s
2025-02-19 21:08:47.187 63544 INFO tempest.lib.common.rest_client [req-90c1a725-953a-49b8-868c-3cd161172a7b req-90c1a725-953a-49b8-868c-3cd161172a7b ] Request (ServerExternalEventsTest:setUpClass): 201 POST http://10.180.1.21/identity/v3/auth/tokens 0.096s
2025-02-19 21:08:47.204 63554 INFO tempest.lib.common.rest_client [req-a70d6421-4dae-44cd-a72a-f7589b135f11 req-a70d6421-4dae-44cd-a72a-f7589b135f11 ] Request (ServersTestBootFromVolume:setUpClass): 200 GET http://10.180.1.21/compute/v2.1/servers/70b20377-15df-429a-a592-776148d2a91c 0.091s
2025-02-19 21:08:47.256 63544 INFO tempest.lib.common.rest_client [req-77156267-e403-4e20-a747-c1f6e5e1638f req-77156267-e403-4e20-a747-c1f6e5e1638f ] Request (ServerExternalEventsTest:test_create_server_external_events): 201 POST http://10.180.1.21/identity/v3/auth/tokens 0.064s
2025-02-19 21:08:47.257 63544 INFO tempest.lib.common.fixed_network [-] (ServerExternalEventsTest:test_create_server_external_events) Found network None available for tenant
2025-02-19 21:08:47.264 63532 INFO tempest.lib.common.rest_client [req-e78a5c13-2adc-49ba-894f-3b34be115597 req-e78a5c13-2adc-49ba-894f-3b34be115597 ] Request (ServersV294TestFqdnHostnames:setUpClass): 200 GET http://10.180.1.21/compute/v2.1/servers/6746c7d4-49f4-43d2-833d-3a3c65fd8a8d 0.087s
2025-02-19 21:08:47.264 63574 INFO tempest.lib.common.rest_client [req-3831dbcc-495d-4f03-955e-e82001ca8441 req-3831dbcc-495d-4f03-955e-e82001ca8441 ] Request (ServerPasswordTestJSON:tearDownClass): 200 GET http://10.180.1.21/compute/v2.1/servers/9ba80fa2-0cf3-43a6-9d68-19abc3dc682a 0.084s
2025-02-19 21:08:47.316 63540 INFO tempest.lib.common.rest_client [req-cf435f34-ab73-4519-bd57-dc861b189ef6 req-cf435f34-ab73-4519-bd57-dc861b189ef6 ] Request (ServersTestJSON:setUpClass): 200 GET http://10.180.1.21/compute/v2.1/servers/aa26b05a-a416-468b-b039-c14b4d2fe1d2 0.097s
2025-02-19 21:08:47.323 63540 INFO tempest.common.waiters [-] State transition "BUILD/None" ==> "BUILD/networking" after 62 second wait
2025-02-19 21:08:47.361 63518 WARNING tempest.lib.common.ssh [-] Failed to establish authenticated ssh connection to cirros@10.180.180.240 ([Errno None] Unable to connect to port 22 on 10.180.180.240). Number attempts: 8. Retry after 9 seconds.: paramiko.ssh_exception.NoValidConnectionsError: [Errno None] Unable to connect to port 22 on 10.180.180.240
2025-02-19 21:08:47.374 63566 INFO tempest.lib.common.rest_client [req-16fd42d7-1cb4-4e69-857f-d65283ded7ae req-16fd42d7-1cb4-4e69-857f-d65283ded7ae ] Request (ListServersNegativeTestJSON:tearDownClass): 200 GET http://10.180.1.21/compute/v2.1/servers/921035fb-b893-46bb-9fb6-a7649d0de22f 0.098s
2025-02-19 21:08:47.437 63534 INFO tempest.lib.common.rest_client [req-78cdd4d5-2bc0-420f-9bfd-8a189b102b77 req-78cdd4d5-2bc0-420f-9bfd-8a189b102b77 ] Request (ServersNegativeTestJSON:setUpClass): 200 GET http://10.180.1.21/compute/v2.1/servers/267d6b19-61b1-4def-8f99-3aaffbb6a915 0.152s
2025-02-19 21:08:47.506 63562 INFO tempest.lib.common.rest_client [req-03a0f43b-401a-461b-b1c8-939bf4404df3 req-03a0f43b-401a-461b-b1c8-939bf4404df3 ] Request (ServerMetadataTestJSON:tearDownClass): 200 GET http://10.180.1.21/compute/v2.1/servers/c3d46d47-dd2d-487c-a5eb-22062fd44a66 0.176s
2025-02-19 21:08:47.565 63542 INFO tempest.lib.common.rest_client [req-49081ae7-3252-4cd4-aa3c-74faec1e5a08 req-49081ae7-3252-4cd4-aa3c-74faec1e5a08 ] Request (ServersAdminNegativeTestJSON:tearDownClass): 200 GET http://10.180.1.21/compute/v2.1/servers/152da4ca-e540-4362-b552-4fd8818acf12 0.099s
2025-02-19 21:08:47.594 63544 INFO tempest.lib.common.rest_client [req-043e27d1-b6a9-4467-87b4-89ed40474b17 req-043e27d1-b6a9-4467-87b4-89ed40474b17 ] Request (ServerExternalEventsTest:test_create_server_external_events): 202 POST http://10.180.1.21/compute/v2.1/servers 0.336s
2025-02-19 21:08:47.633 63577 INFO tempest.lib.common.rest_client [req-c7328517-3468-4f20-bb77-d3c21dc49475 req-c7328517-3468-4f20-bb77-d3c21dc49475 ] Request (InstanceActionsNegativeTestJSON:tearDownClass): 200 GET http://10.180.1.21/compute/v2.1/servers/5c0677e8-1844-47a1-826b-094a866c9d90 0.088s
2025-02-19 21:08:47.653 63544 INFO tempest.lib.common.rest_client [req-2291e7c8-0870-4dd9-9c59-fb928aaa1174 req-2291e7c8-0870-4dd9-9c59-fb928aaa1174 ] Request (ServerExternalEventsTest:test_create_server_external_events): 200 GET http://10.180.1.21/compute/v2.1/servers/2210579f-827e-4473-80e0-23650e888445 0.054s
2025-02-19 21:08:47.719 63550 INFO tempest.lib.common.rest_client [req-80371fd1-79e1-4fba-8cd3-4003af102acd req-80371fd1-79e1-4fba-8cd3-4003af102acd ] Request (ImagesNegativeTestJSON:test_create_image_from_deleted_server): 200 GET http://10.180.1.21/compute/v2.1/servers/965da06c-b4bf-443f-a7a4-bdb16a9ecb61 0.082s
2025-02-19 21:08:47.745 63528 INFO tempest.lib.common.rest_client [req-b1bc5d68-1533-4be1-83e5-41b54b96fb02 req-b1bc5d68-1533-4be1-83e5-41b54b96fb02 ] Request (FloatingIPsAssociationNegativeTestJSON:tearDownClass): 200 GET http://10.180.1.21/compute/v2.1/servers/9409fbc3-cec1-410c-ab27-484a4a024c58 0.071s
2025-02-19 21:08:47.887 63556 INFO tempest.lib.common.rest_client [req-fd2ea371-fa12-42a3-8e90-c1da61980f76 req-fd2ea371-fa12-42a3-8e90-c1da61980f76 ] Request (InstanceActionsTestJSON:setUpClass): 200 GET http://10.180.1.21/compute/v2.1/servers/ec68d6ed-2076-4e7a-9aff-abea17c3bced 0.060s
2025-02-19 21:08:47.896 63524 INFO tempest.lib.common.rest_client [req-9b49436e-82f2-4851-bcf5-beac1ec28ac1 req-9b49436e-82f2-4851-bcf5-beac1ec28ac1 ] Request (ServersNegativeTestMultiTenantJSON:tearDownClass): 200 GET http://10.180.1.21/compute/v2.1/servers/f9bff899-5a16-4798-a571-3874e32e810a 0.061s
2025-02-19 21:08:47.954 63568 INFO tempest.lib.common.rest_client [req-bf12f2e1-929c-4937-880c-cd05eccddd74 req-bf12f2e1-929c-4937-880c-cd05eccddd74 ] Request (ImagesTestJSON:test_create_server_from_snapshot): 200 GET http://10.180.1.21/compute/v2.1/servers/53bb3fab-5289-4abe-ae4b-43547891513e 0.048s
2025-02-19 21:08:48.008 63552 INFO tempest.lib.common.rest_client [req-353cf11f-7721-40bd-baf5-8c6ae442a8cd req-353cf11f-7721-40bd-baf5-8c6ae442a8cd ] Request (AttachInterfacesUnderV243Test:test_add_remove_fixed_ip): 200 GET http://10.180.1.21/compute/v2.1/servers/72f1ba90-32c3-4a58-b88d-7c0147664a22 0.083s
2025-02-19 21:08:48.021 63572 INFO tempest.lib.common.rest_client [req-e59870e6-8334-4167-9395-d5b660cd6f3c req-e59870e6-8334-4167-9395-d5b660cd6f3c ] Request (ServersTestJSON:_run_cleanups): 200 GET http://10.180.1.21/compute/v2.1/servers/151e37de-37cc-4200-8a43-b36108b552d6 0.052s
2025-02-19 21:08:48.055 63546 INFO tempest.lib.common.rest_client [req-fd5049c7-66ba-4b0a-9c8f-072c29097ebe req-fd5049c7-66ba-4b0a-9c8f-072c29097ebe ] Request (ServersAdminTestJSON:test_inject_network_info): 200 GET http://10.180.1.21/compute/v2.1/servers/33ed2db3-9161-4e72-b35c-11caf9cb00b7 0.074s
2025-02-19 21:08:48.065 63536 INFO tempest.lib.common.rest_client [req-f550cd75-eb95-442d-881c-fc9f69ff821a req-f550cd75-eb95-442d-881c-fc9f69ff821a ] Request (ServerMetadataNegativeTestJSON:setUpClass): 200 GET http://10.180.1.21/compute/v2.1/servers/da96af86-8be7-40e7-b087-54f6a9ce57b0 0.048s
2025-02-19 21:08:48.098 63538 INFO tempest.lib.common.rest_client [req-428a74c4-f5eb-4e14-aa2d-c9956ce540ad req-428a74c4-f5eb-4e14-aa2d-c9956ce540ad ] Request (ServersTestMultiNic:test_verify_multiple_nics_order): 200 GET http://10.180.1.21/compute/v2.1/servers/457ae21b-5f93-42f4-9672-a80ed7406da2 0.062s
2025-02-19 21:08:48.133 63578 INFO tempest.lib.common.rest_client [req-22321a8b-e4f9-44e0-afa1-27e72800568f req-22321a8b-e4f9-44e0-afa1-27e72800568f ] Request (ServerActionsV293TestJSON:setUpClass): 200 GET http://10.180.1.21/compute/v2.1/servers/16c2f860-6415-43e5-bfea-55dcc6c4b5fc 0.051s
2025-02-19 21:08:48.142 63558 INFO tempest.lib.common.rest_client [req-1de05351-219c-4989-9833-55b196ff3c3b req-1de05351-219c-4989-9833-55b196ff3c3b ] Request (AttachVolumeShelveTestJSON:test_attach_volume_shelved_or_offload_server): 200 GET http://10.180.1.21/compute/v2.1/servers/2abaf9f0-6739-4cd3-8400-d204d059565d 0.050s
2025-02-19 21:08:48.180 63560 INFO tempest.lib.common.rest_client [req-d42dfa07-4907-449b-9413-1945ce9e91fe req-d42dfa07-4907-449b-9413-1945ce9e91fe ] Request (ServerDiagnosticsNegativeTest:test_get_server_diagnostics_by_non_admin): 200 GET http://10.180.1.21/compute/v2.1/servers/d55a78ea-d29b-420f-a149-c164794fe66d 0.051s
2025-02-19 21:08:48.193 63520 INFO tempest.lib.common.rest_client [req-f1a70db9-18ca-410f-bc52-7bbdae4d02d4 req-f1a70db9-18ca-410f-bc52-7bbdae4d02d4 ] Request (ServerDiskConfigTestJSON:test_rebuild_server_with_manual_disk_config): 200 GET http://10.180.1.21/compute/v2.1/servers/3251800d-7e48-4db8-803b-d87bcf788fc8 0.045s
2025-02-19 21:08:48.235 63580 INFO tempest.lib.common.rest_client [req-e1d02d77-2c06-4514-8cea-8c6dad5e7e3b req-e1d02d77-2c06-4514-8cea-8c6dad5e7e3b ] Request (MigrationsAdminTest:test_resize_server_revert_deleted_flavor): 200 GET http://10.180.1.21/compute/v2.1/servers/caedd33a-6164-45d0-8722-6b775f20fd9c 0.049s
2025-02-19 21:08:48.264 63554 INFO tempest.lib.common.rest_client [req-44458f37-d8be-4ad5-a9db-e3d49be8b887 req-44458f37-d8be-4ad5-a9db-e3d49be8b887 ] Request (ServersTestBootFromVolume:setUpClass): 200 GET http://10.180.1.21/compute/v2.1/servers/70b20377-15df-429a-a592-776148d2a91c 0.048s
2025-02-19 21:08:48.331 63532 INFO tempest.lib.common.rest_client [req-105484f9-909b-46d8-9f02-a1f071535bf4 req-105484f9-909b-46d8-9f02-a1f071535bf4 ] Request (ServersV294TestFqdnHostnames:setUpClass): 200 GET http://10.180.1.21/compute/v2.1/servers/6746c7d4-49f4-43d2-833d-3a3c65fd8a8d 0.056s
2025-02-19 21:08:48.340 63574 INFO tempest.lib.common.rest_client [req-239d5919-ca0b-4624-9974-d497201541ef req-239d5919-ca0b-4624-9974-d497201541ef ] Request (ServerPasswordTestJSON:tearDownClass): 200 GET http://10.180.1.21/compute/v2.1/servers/9ba80fa2-0cf3-43a6-9d68-19abc3dc682a 0.065s
2025-02-19 21:08:48.424 63540 INFO tempest.lib.common.rest_client [req-6873a2b8-31ea-4ff3-9d09-8e3ba8bc28b5 req-6873a2b8-31ea-4ff3-9d09-8e3ba8bc28b5 ] Request (ServersTestJSON:setUpClass): 200 GET http://10.180.1.21/compute/v2.1/servers/aa26b05a-a416-468b-b039-c14b4d2fe1d2 0.100s
2025-02-19 21:08:48.432 63540 INFO tempest.common.waiters [-] State transition "BUILD/networking" ==> "BUILD/spawning" after 63 second wait
2025-02-19 21:08:48.442 63566 INFO tempest.lib.common.rest_client [req-e24efa3f-9adb-42b8-b9e8-9306de0c2881 req-e24efa3f-9adb-42b8-b9e8-9306de0c2881 ] Request (ListServersNegativeTestJSON:tearDownClass): 200 GET http://10.180.1.21/compute/v2.1/servers/921035fb-b893-46bb-9fb6-a7649d0de22f 0.060s
2025-02-19 21:08:48.506 63534 INFO tempest.lib.common.rest_client [req-af5debcf-8ce3-4478-83bd-b0982d3d7895 req-af5debcf-8ce3-4478-83bd-b0982d3d7895 ] Request (ServersNegativeTestJSON:setUpClass): 200 GET http://10.180.1.21/compute/v2.1/servers/267d6b19-61b1-4def-8f99-3aaffbb6a915 0.057s
2025-02-19 21:08:48.513 63534 INFO tempest.common.waiters [-] State transition "ACTIVE/deleting" ==> "DELETED/None" after 3 second wait
2025-02-19 21:08:48.568 63562 INFO tempest.lib.common.rest_client [req-12f20601-7d3d-401b-b711-419fd9017e1b req-12f20601-7d3d-401b-b711-419fd9017e1b ] Request (ServerMetadataTestJSON:tearDownClass): 200 GET http://10.180.1.21/compute/v2.1/servers/c3d46d47-dd2d-487c-a5eb-22062fd44a66 0.052s
2025-02-19 21:08:48.632 63542 INFO tempest.lib.common.rest_client [req-ebe391bb-739f-4a7d-bc95-e722bad4fcc0 req-ebe391bb-739f-4a7d-bc95-e722bad4fcc0 ] Request (ServersAdminNegativeTestJSON:tearDownClass): 200 GET http://10.180.1.21/compute/v2.1/servers/152da4ca-e540-4362-b552-4fd8818acf12 0.055s
2025-02-19 21:08:48.702 63577 INFO tempest.lib.common.rest_client [req-92b1865b-09f0-4100-baf5-0173a888d4fc req-92b1865b-09f0-4100-baf5-0173a888d4fc ] Request (InstanceActionsNegativeTestJSON:tearDownClass): 200 GET http://10.180.1.21/compute/v2.1/servers/5c0677e8-1844-47a1-826b-094a866c9d90 0.055s
2025-02-19 21:08:48.720 63544 INFO tempest.lib.common.rest_client [req-aa1070f4-2bbf-4857-b04b-44beed493133 req-aa1070f4-2bbf-4857-b04b-44beed493133 ] Request (ServerExternalEventsTest:test_create_server_external_events): 200 GET http://10.180.1.21/compute/v2.1/servers/2210579f-827e-4473-80e0-23650e888445 0.057s
2025-02-19 21:08:48.782 63550 INFO tempest.lib.common.rest_client [req-7bf68721-87f5-49fb-bdfd-08a99fcdd581 req-7bf68721-87f5-49fb-bdfd-08a99fcdd581 ] Request (ImagesNegativeTestJSON:test_create_image_from_deleted_server): 200 GET http://10.180.1.21/compute/v2.1/servers/965da06c-b4bf-443f-a7a4-bdb16a9ecb61 0.055s
2025-02-19 21:08:48.805 63528 INFO tempest.lib.common.rest_client [req-326c3bdb-435a-4476-9f25-f51f887ccb62 req-326c3bdb-435a-4476-9f25-f51f887ccb62 ] Request (FloatingIPsAssociationNegativeTestJSON:tearDownClass): 200 GET http://10.180.1.21/compute/v2.1/servers/9409fbc3-cec1-410c-ab27-484a4a024c58 0.053s
2025-02-19 21:08:48.945 63556 INFO tempest.lib.common.rest_client [req-3f95a692-b75a-47c4-9fc8-7f3e3ad47c28 req-3f95a692-b75a-47c4-9fc8-7f3e3ad47c28 ] Request (InstanceActionsTestJSON:setUpClass): 200 GET http://10.180.1.21/compute/v2.1/servers/ec68d6ed-2076-4e7a-9aff-abea17c3bced 0.048s
2025-02-19 21:08:48.962 63524 INFO tempest.lib.common.rest_client [req-2c3373f8-0841-4513-b5a3-18ac047adf58 req-2c3373f8-0841-4513-b5a3-18ac047adf58 ] Request (ServersNegativeTestMultiTenantJSON:tearDownClass): 200 GET http://10.180.1.21/compute/v2.1/servers/f9bff899-5a16-4798-a571-3874e32e810a 0.058s
2025-02-19 21:08:48.970 63524 INFO tempest.common.waiters [-] State transition "ACTIVE/deleting" ==> "DELETED/None" after 3 second wait
2025-02-19 21:08:49.011 63568 INFO tempest.lib.common.rest_client [req-83ee2d6a-ead8-48aa-94c8-b49f2fc45dbc req-83ee2d6a-ead8-48aa-94c8-b49f2fc45dbc ] Request (ImagesTestJSON:test_create_server_from_snapshot): 200 GET http://10.180.1.21/compute/v2.1/servers/53bb3fab-5289-4abe-ae4b-43547891513e 0.049s
2025-02-19 21:08:49.095 63572 INFO tempest.lib.common.rest_client [req-2db1f3f7-7e46-4c32-a4bc-9bf939254d02 req-2db1f3f7-7e46-4c32-a4bc-9bf939254d02 ] Request (ServersTestJSON:_run_cleanups): 200 GET http://10.180.1.21/compute/v2.1/servers/151e37de-37cc-4200-8a43-b36108b552d6 0.067s
2025-02-19 21:08:49.156 63546 INFO tempest.lib.common.rest_client [req-007aea2a-7061-4798-a37b-38e117b4ed55 req-007aea2a-7061-4798-a37b-38e117b4ed55 ] Request (ServersAdminTestJSON:test_inject_network_info): 200 GET http://10.180.1.21/compute/v2.1/servers/33ed2db3-9161-4e72-b35c-11caf9cb00b7 0.091s
2025-02-19 21:08:49.156 63552 INFO tempest.lib.common.rest_client [req-4896007e-76d8-408f-97c7-c3f10ebd61d5 req-4896007e-76d8-408f-97c7-c3f10ebd61d5 ] Request (AttachInterfacesUnderV243Test:test_add_remove_fixed_ip): 200 GET http://10.180.1.21/compute/v2.1/servers/72f1ba90-32c3-4a58-b88d-7c0147664a22 0.139s
2025-02-19 21:08:49.163 63552 INFO tempest.common.waiters [-] State transition "BUILD/spawning" ==> "ACTIVE/None" after 65 second wait
2025-02-19 21:08:49.212 63538 INFO tempest.lib.common.rest_client [req-d9f4bce8-18aa-4679-80cf-2042bfd0cec2 req-d9f4bce8-18aa-4679-80cf-2042bfd0cec2 ] Request (ServersTestMultiNic:test_verify_multiple_nics_order): 200 GET http://10.180.1.21/compute/v2.1/servers/457ae21b-5f93-42f4-9672-a80ed7406da2 0.106s
2025-02-19 21:08:49.219 63536 INFO tempest.lib.common.rest_client [req-32d4b1c3-2981-4dc1-9ff8-2492ab82dd46 req-32d4b1c3-2981-4dc1-9ff8-2492ab82dd46 ] Request (ServerMetadataNegativeTestJSON:setUpClass): 200 GET http://10.180.1.21/compute/v2.1/servers/da96af86-8be7-40e7-b087-54f6a9ce57b0 0.145s
2025-02-19 21:08:49.278 63578 INFO tempest.lib.common.rest_client [req-599c2b1e-c851-4574-8b71-885d6417572e req-599c2b1e-c851-4574-8b71-885d6417572e ] Request (ServerActionsV293TestJSON:setUpClass): 200 GET http://10.180.1.21/compute/v2.1/servers/16c2f860-6415-43e5-bfea-55dcc6c4b5fc 0.136s
2025-02-19 21:08:49.283 63558 INFO tempest.lib.common.rest_client [req-3e66e6eb-2e4a-4aa1-a391-3a8ef61ddad9 req-3e66e6eb-2e4a-4aa1-a391-3a8ef61ddad9 ] Request (AttachVolumeShelveTestJSON:test_attach_volume_shelved_or_offload_server): 200 GET http://10.180.1.21/compute/v2.1/servers/2abaf9f0-6739-4cd3-8400-d204d059565d 0.131s
2025-02-19 21:08:49.357 63560 INFO tempest.lib.common.rest_client [req-474d9008-3601-4ae7-a410-a2a8086a78c0 req-474d9008-3601-4ae7-a410-a2a8086a78c0 ] Request (ServerDiagnosticsNegativeTest:test_get_server_diagnostics_by_non_admin): 200 GET http://10.180.1.21/compute/v2.1/servers/d55a78ea-d29b-420f-a149-c164794fe66d 0.168s
2025-02-19 21:08:49.367 63552 INFO tempest.lib.common.rest_client [req-4e4f6163-26c1-41fa-a523-82c81be62758 req-4e4f6163-26c1-41fa-a523-82c81be62758 ] Request (AttachInterfacesUnderV243Test:test_add_remove_fixed_ip): 200 GET http://10.180.1.21/compute/v2.1/servers/72f1ba90-32c3-4a58-b88d-7c0147664a22/os-interface 0.204s
2025-02-19 21:08:49.419 63520 INFO tempest.lib.common.rest_client [req-95b014c6-1d07-4de1-b93a-e6d9db403b79 req-95b014c6-1d07-4de1-b93a-e6d9db403b79 ] Request (ServerDiskConfigTestJSON:test_rebuild_server_with_manual_disk_config): 200 GET http://10.180.1.21/compute/v2.1/servers/3251800d-7e48-4db8-803b-d87bcf788fc8 0.217s
2025-02-19 21:08:49.449 63580 INFO tempest.lib.common.rest_client [req-08c353f4-0a42-4b8e-8c86-02ee96e7a023 req-08c353f4-0a42-4b8e-8c86-02ee96e7a023 ] Request (MigrationsAdminTest:test_resize_server_revert_deleted_flavor): 200 GET http://10.180.1.21/compute/v2.1/servers/caedd33a-6164-45d0-8722-6b775f20fd9c 0.206s
2025-02-19 21:08:49.481 63554 INFO tempest.lib.common.rest_client [req-c1f882ea-da9a-45c5-aeae-15d4d85b3dfa req-c1f882ea-da9a-45c5-aeae-15d4d85b3dfa ] Request (ServersTestBootFromVolume:setUpClass): 200 GET http://10.180.1.21/compute/v2.1/servers/70b20377-15df-429a-a592-776148d2a91c 0.209s
2025-02-19 21:08:49.514 63532 INFO tempest.lib.common.rest_client [req-ea0c597c-a2e4-4049-a0dc-2fdac7acc997 req-ea0c597c-a2e4-4049-a0dc-2fdac7acc997 ] Request (ServersV294TestFqdnHostnames:setUpClass): 200 GET http://10.180.1.21/compute/v2.1/servers/6746c7d4-49f4-43d2-833d-3a3c65fd8a8d 0.174s
2025-02-19 21:08:49.541 63574 INFO tempest.lib.common.rest_client [req-86c9a6ca-589f-405d-9c6c-873a64a7d3eb req-86c9a6ca-589f-405d-9c6c-873a64a7d3eb ] Request (ServerPasswordTestJSON:tearDownClass): 200 GET http://10.180.1.21/compute/v2.1/servers/9ba80fa2-0cf3-43a6-9d68-19abc3dc682a 0.193s
2025-02-19 21:08:49.616 63566 INFO tempest.lib.common.rest_client [req-5f210cc2-b776-4f22-b5e2-574be19d7f86 req-5f210cc2-b776-4f22-b5e2-574be19d7f86 ] Request (ListServersNegativeTestJSON:tearDownClass): 200 GET http://10.180.1.21/compute/v2.1/servers/921035fb-b893-46bb-9fb6-a7649d0de22f 0.163s
2025-02-19 21:08:49.651 63540 INFO tempest.lib.common.rest_client [req-4abe2311-b33d-4d20-b8ed-62b76fa3c270 req-4abe2311-b33d-4d20-b8ed-62b76fa3c270 ] Request (ServersTestJSON:setUpClass): 200 GET http://10.180.1.21/compute/v2.1/servers/aa26b05a-a416-468b-b039-c14b4d2fe1d2 0.218s
2025-02-19 21:08:49.677 63534 INFO tempest.lib.common.rest_client [req-e18fb774-aa11-4db9-8a63-48c9e4c10cb2 req-e18fb774-aa11-4db9-8a63-48c9e4c10cb2 ] Request (ServersNegativeTestJSON:setUpClass): 200 GET http://10.180.1.21/compute/v2.1/servers/267d6b19-61b1-4def-8f99-3aaffbb6a915 0.162s
2025-02-19 21:08:49.711 63562 INFO tempest.lib.common.rest_client [req-98445cb5-416f-4503-9f81-44791480ecb8 req-98445cb5-416f-4503-9f81-44791480ecb8 ] Request (ServerMetadataTestJSON:tearDownClass): 200 GET http://10.180.1.21/compute/v2.1/servers/c3d46d47-dd2d-487c-a5eb-22062fd44a66 0.134s
2025-02-19 21:08:49.740 63542 INFO tempest.lib.common.rest_client [req-586130fa-d459-4a86-944e-c03c7a4ec24b req-586130fa-d459-4a86-944e-c03c7a4ec24b ] Request (ServersAdminNegativeTestJSON:tearDownClass): 200 GET http://10.180.1.21/compute/v2.1/servers/152da4ca-e540-4362-b552-4fd8818acf12 0.100s
2025-02-19 21:08:49.777 63577 INFO tempest.lib.common.rest_client [req-6d69616f-b988-44a9-8553-8794cfab91af req-6d69616f-b988-44a9-8553-8794cfab91af ] Request (InstanceActionsNegativeTestJSON:tearDownClass): 200 GET http://10.180.1.21/compute/v2.1/servers/5c0677e8-1844-47a1-826b-094a866c9d90 0.064s
2025-02-19 21:08:49.791 63544 INFO tempest.lib.common.rest_client [req-31d4fb23-740d-45bd-b6ff-79fe7736b8d4 req-31d4fb23-740d-45bd-b6ff-79fe7736b8d4 ] Request (ServerExternalEventsTest:test_create_server_external_events): 200 GET http://10.180.1.21/compute/v2.1/servers/2210579f-827e-4473-80e0-23650e888445 0.063s
2025-02-19 21:08:49.834 63528 INFO tempest.lib.common.rest_client [req-58b57422-3ebb-420a-8346-79bfe13379e8 req-58b57422-3ebb-420a-8346-79bfe13379e8 ] Request (FloatingIPsAssociationNegativeTestJSON:tearDownClass): 404 GET http://10.180.1.21/compute/v2.1/servers/9409fbc3-cec1-410c-ab27-484a4a024c58 0.021s
2025-02-19 21:08:49.848 63550 INFO tempest.lib.common.rest_client [req-b0c3d1ec-39ff-4d5f-bb66-409d0c6cfb28 req-b0c3d1ec-39ff-4d5f-bb66-409d0c6cfb28 ] Request (ImagesNegativeTestJSON:test_create_image_from_deleted_server): 200 GET http://10.180.1.21/compute/v2.1/servers/965da06c-b4bf-443f-a7a4-bdb16a9ecb61 0.058s
2025-02-19 21:08:50.151 63556 INFO tempest.lib.common.rest_client [req-27da817d-4b61-48d7-92b4-9f73d1c66ae5 req-27da817d-4b61-48d7-92b4-9f73d1c66ae5 ] Request (InstanceActionsTestJSON:setUpClass): 200 GET http://10.180.1.21/compute/v2.1/servers/ec68d6ed-2076-4e7a-9aff-abea17c3bced 0.198s
2025-02-19 21:08:50.152 63524 INFO tempest.lib.common.rest_client [req-7c49e693-6844-4564-a147-fc1ba10b56f1 req-7c49e693-6844-4564-a147-fc1ba10b56f1 ] Request (ServersNegativeTestMultiTenantJSON:tearDownClass): 200 GET http://10.180.1.21/compute/v2.1/servers/f9bff899-5a16-4798-a571-3874e32e810a 0.180s
2025-02-19 21:08:50.186 63552 INFO tempest.lib.common.rest_client [req-22916229-82a4-4adc-9e3e-305996758bc0 req-22916229-82a4-4adc-9e3e-305996758bc0 ] Request (AttachInterfacesUnderV243Test:test_add_remove_fixed_ip): 200 PUT http://10.180.1.21:9696/networking/v2.0/floatingips/69c94424-a199-4dc5-93a8-d60f46dbb39f 0.817s
2025-02-19 21:08:50.218 63572 INFO tempest.lib.common.rest_client [req-80c70701-a8f7-421c-a2e3-35ac6e4ca7e0 req-80c70701-a8f7-421c-a2e3-35ac6e4ca7e0 ] Request (ServersTestJSON:_run_cleanups): 200 GET http://10.180.1.21/compute/v2.1/servers/151e37de-37cc-4200-8a43-b36108b552d6 0.116s
2025-02-19 21:08:50.218 63568 INFO tempest.lib.common.rest_client [req-d2c70dc3-1aca-42ec-a01b-eb665de7c544 req-d2c70dc3-1aca-42ec-a01b-eb665de7c544 ] Request (ImagesTestJSON:test_create_server_from_snapshot): 200 GET http://10.180.1.21/compute/v2.1/servers/53bb3fab-5289-4abe-ae4b-43547891513e 0.199s
2025-02-19 21:08:50.270 63546 INFO tempest.lib.common.rest_client [req-81be15c5-7c95-406d-96b5-d3a985798eda req-81be15c5-7c95-406d-96b5-d3a985798eda ] Request (ServersAdminTestJSON:test_inject_network_info): 200 GET http://10.180.1.21/compute/v2.1/servers/33ed2db3-9161-4e72-b35c-11caf9cb00b7 0.107s
2025-02-19 21:08:50.314 63552 INFO tempest.lib.common.rest_client [req-c50628d6-3f97-49df-aee0-0a8ab6b5fa52 req-c50628d6-3f97-49df-aee0-0a8ab6b5fa52 ] Request (AttachInterfacesUnderV243Test:test_add_remove_fixed_ip): 200 GET http://10.180.1.21/compute/v2.1/servers/72f1ba90-32c3-4a58-b88d-7c0147664a22 0.127s
2025-02-19 21:08:50.322 63538 INFO tempest.lib.common.rest_client [req-fd368009-c568-4ef4-b6a1-747d4dcf8177 req-fd368009-c568-4ef4-b6a1-747d4dcf8177 ] Request (ServersTestMultiNic:test_verify_multiple_nics_order): 200 GET http://10.180.1.21/compute/v2.1/servers/457ae21b-5f93-42f4-9672-a80ed7406da2 0.102s
2025-02-19 21:08:50.332 63552 INFO tempest.lib.common.ssh [-] Creating ssh connection to '10.180.180.235:22' as 'cirros' with public key authentication
2025-02-19 21:08:50.369 63578 INFO tempest.lib.common.rest_client [req-0346cfcb-c482-41f6-b87d-1b7753730d38 req-0346cfcb-c482-41f6-b87d-1b7753730d38 ] Request (ServerActionsV293TestJSON:setUpClass): 200 GET http://10.180.1.21/compute/v2.1/servers/16c2f860-6415-43e5-bfea-55dcc6c4b5fc 0.079s
2025-02-19 21:08:50.386 63536 INFO tempest.lib.common.rest_client [req-41368f36-709e-4e70-8c01-6335de09429a req-41368f36-709e-4e70-8c01-6335de09429a ] Request (ServerMetadataNegativeTestJSON:setUpClass): 200 GET http://10.180.1.21/compute/v2.1/servers/da96af86-8be7-40e7-b087-54f6a9ce57b0 0.154s
2025-02-19 21:08:50.420 63528 INFO tempest.lib.common.rest_client [req-070f851f-f78d-4f41-9fcb-55a305d13f83 req-070f851f-f78d-4f41-9fcb-55a305d13f83 ] Request (FloatingIPsAssociationNegativeTestJSON:tearDownClass): 200 PUT http://10.180.1.21:9696/networking/v2.0/routers/540ced12-47e5-439e-8ad9-b7efba60526c/remove_router_interface 0.586s
2025-02-19 21:08:50.424 63558 INFO tempest.lib.common.rest_client [req-21ff26f7-3e45-4d18-bbda-5ea68090e523 req-21ff26f7-3e45-4d18-bbda-5ea68090e523 ] Request (AttachVolumeShelveTestJSON:test_attach_volume_shelved_or_offload_server): 200 GET http://10.180.1.21/compute/v2.1/servers/2abaf9f0-6739-4cd3-8400-d204d059565d 0.129s
2025-02-19 21:08:50.459 63560 INFO tempest.lib.common.rest_client [req-a69331ad-2622-4453-a24b-28db925a39e4 req-a69331ad-2622-4453-a24b-28db925a39e4 ] Request (ServerDiagnosticsNegativeTest:test_get_server_diagnostics_by_non_admin): 200 GET http://10.180.1.21/compute/v2.1/servers/d55a78ea-d29b-420f-a149-c164794fe66d 0.094s
2025-02-19 21:08:50.495 63520 INFO tempest.lib.common.rest_client [req-d093661c-5d63-4c2e-a4ec-c8ac7396cdca req-d093661c-5d63-4c2e-a4ec-c8ac7396cdca ] Request (ServerDiskConfigTestJSON:test_rebuild_server_with_manual_disk_config): 200 GET http://10.180.1.21/compute/v2.1/servers/3251800d-7e48-4db8-803b-d87bcf788fc8 0.067s
2025-02-19 21:08:50.535 63580 INFO tempest.lib.common.rest_client [req-b4047293-eafc-4b89-8186-ae26f3c6d7e9 req-b4047293-eafc-4b89-8186-ae26f3c6d7e9 ] Request (MigrationsAdminTest:test_resize_server_revert_deleted_flavor): 200 GET http://10.180.1.21/compute/v2.1/servers/caedd33a-6164-45d0-8722-6b775f20fd9c 0.076s
2025-02-19 21:08:50.546 63580 INFO tempest.common.waiters [-] State transition "BUILD/scheduling" ==> "BUILD/None" after 28 second wait
2025-02-19 21:08:50.554 63554 INFO tempest.lib.common.rest_client [req-28179c42-5a05-4c26-aab6-98e8bc93f3cf req-28179c42-5a05-4c26-aab6-98e8bc93f3cf ] Request (ServersTestBootFromVolume:setUpClass): 200 GET http://10.180.1.21/compute/v2.1/servers/70b20377-15df-429a-a592-776148d2a91c 0.065s
2025-02-19 21:08:50.609 63532 INFO tempest.lib.common.rest_client [req-1f07ce24-41c9-4f62-b77c-b6817d5b7806 req-1f07ce24-41c9-4f62-b77c-b6817d5b7806 ] Request (ServersV294TestFqdnHostnames:setUpClass): 200 GET http://10.180.1.21/compute/v2.1/servers/6746c7d4-49f4-43d2-833d-3a3c65fd8a8d 0.085s
2025-02-19 21:08:50.629 63574 INFO tempest.lib.common.rest_client [req-43912596-a241-4ac6-8b34-f7ce5c632eec req-43912596-a241-4ac6-8b34-f7ce5c632eec ] Request (ServerPasswordTestJSON:tearDownClass): 200 GET http://10.180.1.21/compute/v2.1/servers/9ba80fa2-0cf3-43a6-9d68-19abc3dc682a 0.080s
2025-02-19 21:08:50.697 63566 INFO tempest.lib.common.rest_client [req-2af42828-1ace-4ce0-9a32-413de49f4a9a req-2af42828-1ace-4ce0-9a32-413de49f4a9a ] Request (ListServersNegativeTestJSON:tearDownClass): 200 GET http://10.180.1.21/compute/v2.1/servers/921035fb-b893-46bb-9fb6-a7649d0de22f 0.073s
2025-02-19 21:08:50.777 63534 INFO tempest.lib.common.rest_client [req-feaff8f3-dd20-4be6-8b8e-7649ed253149 req-feaff8f3-dd20-4be6-8b8e-7649ed253149 ] Request (ServersNegativeTestJSON:setUpClass): 200 GET http://10.180.1.21/compute/v2.1/servers/267d6b19-61b1-4def-8f99-3aaffbb6a915 0.089s
2025-02-19 21:08:50.796 63540 INFO tempest.lib.common.rest_client [req-aee11460-10f7-466d-ae5c-53887abb1e51 req-aee11460-10f7-466d-ae5c-53887abb1e51 ] Request (ServersTestJSON:setUpClass): 200 GET http://10.180.1.21/compute/v2.1/servers/aa26b05a-a416-468b-b039-c14b4d2fe1d2 0.137s
2025-02-19 21:08:50.851 63562 INFO tempest.lib.common.rest_client [req-a3c3a2ec-1877-4189-8cef-bae50972f1fb req-a3c3a2ec-1877-4189-8cef-bae50972f1fb ] Request (ServerMetadataTestJSON:tearDownClass): 200 GET http://10.180.1.21/compute/v2.1/servers/c3d46d47-dd2d-487c-a5eb-22062fd44a66 0.132s
2025-02-19 21:08:50.859 63542 INFO tempest.lib.common.rest_client [req-80fd54b4-f62e-4d5e-bb22-236e9c728345 req-80fd54b4-f62e-4d5e-bb22-236e9c728345 ] Request (ServersAdminNegativeTestJSON:tearDownClass): 200 GET http://10.180.1.21/compute/v2.1/servers/152da4ca-e540-4362-b552-4fd8818acf12 0.112s
2025-02-19 21:08:50.881 63564 WARNING tempest.lib.common.ssh [-] Failed to establish authenticated ssh connection to cirros@10.180.180.196 ([Errno None] Unable to connect to port 22 on 10.180.180.196). Number attempts: 9. Retry after 10 seconds.: paramiko.ssh_exception.NoValidConnectionsError: [Errno None] Unable to connect to port 22 on 10.180.180.196
2025-02-19 21:08:50.907 63544 INFO tempest.lib.common.rest_client [req-db09b447-a6c0-4a21-86c5-e04b1a40a853 req-db09b447-a6c0-4a21-86c5-e04b1a40a853 ] Request (ServerExternalEventsTest:test_create_server_external_events): 200 GET http://10.180.1.21/compute/v2.1/servers/2210579f-827e-4473-80e0-23650e888445 0.107s
2025-02-19 21:08:50.926 63577 INFO tempest.lib.common.rest_client [req-28e30512-ae3b-4c68-9ad7-8b0ed31fbb78 req-28e30512-ae3b-4c68-9ad7-8b0ed31fbb78 ] Request (InstanceActionsNegativeTestJSON:tearDownClass): 200 GET http://10.180.1.21/compute/v2.1/servers/5c0677e8-1844-47a1-826b-094a866c9d90 0.142s
2025-02-19 21:08:50.981 63550 INFO tempest.lib.common.rest_client [req-c1dd69a9-d943-4823-9765-d15e603ce5c3 req-c1dd69a9-d943-4823-9765-d15e603ce5c3 ] Request (ImagesNegativeTestJSON:test_create_image_from_deleted_server): 200 GET http://10.180.1.21/compute/v2.1/servers/965da06c-b4bf-443f-a7a4-bdb16a9ecb61 0.125s
2025-02-19 21:08:51.014 63528 INFO tempest.lib.common.rest_client [req-190c4af5-0cde-4897-b78b-e6a684dbfb33 req-190c4af5-0cde-4897-b78b-e6a684dbfb33 ] Request (FloatingIPsAssociationNegativeTestJSON:tearDownClass): 204 DELETE http://10.180.1.21:9696/networking/v2.0/routers/540ced12-47e5-439e-8ad9-b7efba60526c 0.593s
2025-02-19 21:08:51.117 63528 INFO tempest.lib.common.rest_client [req-2596d586-3f74-43f8-9812-19b5bd3e25fc req-2596d586-3f74-43f8-9812-19b5bd3e25fc ] Request (FloatingIPsAssociationNegativeTestJSON:tearDownClass): 204 DELETE http://10.180.1.21:9696/networking/v2.0/subnets/ee3212ff-cbad-4d40-a086-2f71762bdbdf 0.103s
2025-02-19 21:08:51.217 63556 INFO tempest.lib.common.rest_client [req-82758986-60b8-4f71-9e50-5b19d2399898 req-82758986-60b8-4f71-9e50-5b19d2399898 ] Request (InstanceActionsTestJSON:setUpClass): 200 GET http://10.180.1.21/compute/v2.1/servers/ec68d6ed-2076-4e7a-9aff-abea17c3bced 0.055s
2025-02-19 21:08:51.245 63524 INFO tempest.lib.common.rest_client [req-a2a27588-29a0-47fd-8e79-1f84b29265e0 req-a2a27588-29a0-47fd-8e79-1f84b29265e0 ] Request (ServersNegativeTestMultiTenantJSON:tearDownClass): 200 GET http://10.180.1.21/compute/v2.1/servers/f9bff899-5a16-4798-a571-3874e32e810a 0.086s
2025-02-19 21:08:51.284 63568 INFO tempest.lib.common.rest_client [req-77b5613b-a02f-43de-803e-36a772681f47 req-77b5613b-a02f-43de-803e-36a772681f47 ] Request (ImagesTestJSON:test_create_server_from_snapshot): 200 GET http://10.180.1.21/compute/v2.1/servers/53bb3fab-5289-4abe-ae4b-43547891513e 0.059s
2025-02-19 21:08:51.305 63572 INFO tempest.lib.common.rest_client [req-4b2132c3-7531-4e0a-9985-19a0866d524f req-4b2132c3-7531-4e0a-9985-19a0866d524f ] Request (ServersTestJSON:_run_cleanups): 200 GET http://10.180.1.21/compute/v2.1/servers/151e37de-37cc-4200-8a43-b36108b552d6 0.078s
2025-02-19 21:08:51.343 63546 INFO tempest.lib.common.rest_client [req-18b3b482-adbf-4be9-9656-f399c2ee7c33 req-18b3b482-adbf-4be9-9656-f399c2ee7c33 ] Request (ServersAdminTestJSON:test_inject_network_info): 200 GET http://10.180.1.21/compute/v2.1/servers/33ed2db3-9161-4e72-b35c-11caf9cb00b7 0.063s
2025-02-19 21:08:51.390 63528 INFO tempest.lib.common.rest_client [req-3fd7a260-b433-4429-bbda-26f1afc58fa6 req-3fd7a260-b433-4429-bbda-26f1afc58fa6 ] Request (FloatingIPsAssociationNegativeTestJSON:tearDownClass): 204 DELETE http://10.180.1.21:9696/networking/v2.0/networks/033b2b23-b440-45b6-b7a8-c63903b9066d 0.272s
2025-02-19 21:08:51.393 63538 INFO tempest.lib.common.rest_client [req-bc892510-f547-45ca-95d4-d6d94cae6ea2 req-bc892510-f547-45ca-95d4-d6d94cae6ea2 ] Request (ServersTestMultiNic:test_verify_multiple_nics_order): 200 GET http://10.180.1.21/compute/v2.1/servers/457ae21b-5f93-42f4-9672-a80ed7406da2 0.054s
2025-02-19 21:08:51.442 63578 INFO tempest.lib.common.rest_client [req-02cc222b-e653-45fe-b7bc-5fa3c1e085ac req-02cc222b-e653-45fe-b7bc-5fa3c1e085ac ] Request (ServerActionsV293TestJSON:setUpClass): 200 GET http://10.180.1.21/compute/v2.1/servers/16c2f860-6415-43e5-bfea-55dcc6c4b5fc 0.061s
2025-02-19 21:08:51.454 63536 INFO tempest.lib.common.rest_client [req-abd3d81e-3244-499a-b918-1eee6349ec79 req-abd3d81e-3244-499a-b918-1eee6349ec79 ] Request (ServerMetadataNegativeTestJSON:setUpClass): 200 GET http://10.180.1.21/compute/v2.1/servers/da96af86-8be7-40e7-b087-54f6a9ce57b0 0.054s
2025-02-19 21:08:51.490 63558 INFO tempest.lib.common.rest_client [req-7b56530e-7c9c-4280-8616-595aa344b5cf req-7b56530e-7c9c-4280-8616-595aa344b5cf ] Request (AttachVolumeShelveTestJSON:test_attach_volume_shelved_or_offload_server): 200 GET http://10.180.1.21/compute/v2.1/servers/2abaf9f0-6739-4cd3-8400-d204d059565d 0.055s
2025-02-19 21:08:51.512 63528 INFO tempest.lib.common.rest_client [req-6c9daf36-a297-4752-9c7f-aec5e70e8b4d req-6c9daf36-a297-4752-9c7f-aec5e70e8b4d ] Request (FloatingIPsAssociationNegativeTestJSON:tearDownClass): 204 DELETE http://10.180.1.21/identity/v3/users/b697e4164ec24f239f403d92380f4eb4 0.121s
2025-02-19 21:08:51.513 63528 INFO tempest.lib.common.dynamic_creds [-] Deleting project and security group for project: f45dfbba371c423992603a7b7556b0d7
2025-02-19 21:08:51.516 63560 INFO tempest.lib.common.rest_client [req-18d51a8d-d12f-43c5-9e4a-80cf06d7e401 req-18d51a8d-d12f-43c5-9e4a-80cf06d7e401 ] Request (ServerDiagnosticsNegativeTest:test_get_server_diagnostics_by_non_admin): 200 GET http://10.180.1.21/compute/v2.1/servers/d55a78ea-d29b-420f-a149-c164794fe66d 0.048s
2025-02-19 21:08:51.554 63528 INFO tempest.lib.common.rest_client [req-bde7709e-172f-4a9a-9f1e-d7ec2511c82c req-bde7709e-172f-4a9a-9f1e-d7ec2511c82c ] Request (FloatingIPsAssociationNegativeTestJSON:tearDownClass): 200 GET http://10.180.1.21:9696/networking/v2.0/security-groups?tenant_id=f45dfbba371c423992603a7b7556b0d7&name=default 0.041s
2025-02-19 21:08:51.563 63520 INFO tempest.lib.common.rest_client [req-043f41ec-2de3-4ecc-9818-866ab3d93b76 req-043f41ec-2de3-4ecc-9818-866ab3d93b76 ] Request (ServerDiskConfigTestJSON:test_rebuild_server_with_manual_disk_config): 200 GET http://10.180.1.21/compute/v2.1/servers/3251800d-7e48-4db8-803b-d87bcf788fc8 0.054s
2025-02-19 21:08:51.600 63580 INFO tempest.lib.common.rest_client [req-dc5d012d-f90d-4c72-a06e-1717ac872fa1 req-dc5d012d-f90d-4c72-a06e-1717ac872fa1 ] Request (MigrationsAdminTest:test_resize_server_revert_deleted_flavor): 200 GET http://10.180.1.21/compute/v2.1/servers/caedd33a-6164-45d0-8722-6b775f20fd9c 0.052s
