2025-02-07 17:18:52.855 62686 INFO tempest.lib.common.dynamic_creds [-] Acquired dynamic creds: credentials: Credentials: {'domain_id': 'default', 'domain_name': 'Default', 'username': 'tempest-FlavorsV2NegativeTest-1460175471-project-member', 'project_domain_id': 'default', 'project_domain_name': 'Default', 'project_id': '587987b440dd4839a5c30999333dd54c', 'project_name': 'tempest-FlavorsV2NegativeTest-1460175471', 'tenant_id': '587987b440dd4839a5c30999333dd54c', 'tenant_name': 'tempest-FlavorsV2NegativeTest-1460175471', 'user_domain_id': 'default', 'user_domain_name': 'Default', 'user_id': '79826fd02e8e43c5b7d99996bf4fa34e', 'system': None}, Network: None, Subnet: None, Router: None
2025-02-07 17:18:52.855 62686 INFO tempest.lib.common.dynamic_creds [-] Created isolated network resources for: credentials: Credentials: {'domain_id': 'default', 'domain_name': 'Default', 'username': 'tempest-FlavorsV2NegativeTest-1460175471-project-member', 'project_domain_id': 'default', 'project_domain_name': 'Default', 'project_id': '587987b440dd4839a5c30999333dd54c', 'project_name': 'tempest-FlavorsV2NegativeTest-1460175471', 'tenant_id': '587987b440dd4839a5c30999333dd54c', 'tenant_name': 'tempest-FlavorsV2NegativeTest-1460175471', 'user_domain_id': 'default', 'user_domain_name': 'Default', 'user_id': '79826fd02e8e43c5b7d99996bf4fa34e', 'system': None}, Network: None, Subnet: None, Router: None
2025-02-07 17:18:52.896 62684 INFO tempest.lib.common.rest_client [req-dcc4feaf-aada-4b7e-ba00-875f869105da req-dcc4feaf-aada-4b7e-ba00-875f869105da ] Request (ImagesOneServerTestJSON:setUpClass): 201 POST http://10.180.1.21/identity/v3/auth/tokens 0.068s
2025-02-07 17:18:52.985 62698 INFO tempest.lib.common.rest_client [req-80e49953-14cb-465e-bdee-b72fe543034e req-80e49953-14cb-465e-bdee-b72fe543034e ] Request (AggregatesAdminNegativeTestJSON:test_aggregate_add_host_as_user): 403 POST http://10.180.1.21/compute/v2.1/os-aggregates/2/action 1.847s
2025-02-07 17:18:53.014 62708 INFO tempest.lib.common.rest_client [req-480c9cf5-0017-4aad-acc7-cfff1adae9d1 req-480c9cf5-0017-4aad-acc7-cfff1adae9d1 ] Request (ServersWithSpecificFlavorTestJSON:test_verify_created_server_ephemeral_disk): 200 POST http://10.180.1.21/compute/v2.1/flavors/1624264424/os-extra_specs 1.855s
2025-02-07 17:18:53.025 62664 INFO tempest.lib.common.rest_client [req-4279aac8-a290-411b-b1a0-18f82d35b099 req-4279aac8-a290-411b-b1a0-18f82d35b099 ] Request (FlavorsExtraSpecsNegativeTestJSON:test_flavor_update_more_key): 400 PUT http://10.180.1.21/compute/v2.1/flavors/1185864782/os-extra_specs/hw:numa_nodes 1.860s
2025-02-07 17:18:53.037 62686 INFO tempest.lib.common.rest_client [req-85060791-e9d2-4de7-a008-6aef7be1ebc0 req-85060791-e9d2-4de7-a008-6aef7be1ebc0 ] Request (FlavorsV2NegativeTest:setUpClass): 201 POST http://10.180.1.21/identity/v3/auth/tokens 0.179s
2025-02-07 17:18:53.057 62650 INFO tempest.lib.common.rest_client [req-56e4e112-a80b-4641-89f5-99632ac9fd13 req-56e4e112-a80b-4641-89f5-99632ac9fd13 ] Request (FlavorsAdminTestJSON:_run_cleanups): 202 DELETE http://10.180.1.21/compute/v2.1/flavors/7a1b0e91-cd42-4457-9e87-cb0b4012e37a 1.872s
2025-02-07 17:18:53.064 62654 INFO tempest.lib.common.rest_client [req-d7175377-5911-4341-9bca-34dbdf9281d4 req-d7175377-5911-4341-9bca-34dbdf9281d4 ] Request (SecurityGroupRulesTestJSON:setUpClass): 201 POST http://10.180.1.21:9696/networking/v2.0/subnets 1.066s
2025-02-07 17:18:53.083 62658 INFO tempest.lib.common.rest_client [req-882f7b65-d1b6-49f0-b6d8-ade1b80039a9 req-882f7b65-d1b6-49f0-b6d8-ade1b80039a9 ] Request (FlavorsAccessNegativeTestJSON:_run_cleanups): 200 GET http://10.180.1.21/compute/v2.1/flavors/detail 1.882s
2025-02-07 17:18:53.110 62692 INFO tempest.lib.common.rest_client [req-4ff63597-fd9b-4230-b14f-1c298806f45c req-4ff63597-fd9b-4230-b14f-1c298806f45c ] Request (FlavorsExtraSpecsTestJSON:test_flavor_set_get_update_show_unset_keys): 200 DELETE http://10.180.1.21/compute/v2.1/flavors/1361007472/os-extra_specs/hw:numa_nodes 1.896s
2025-02-07 17:18:53.125 62656 INFO tempest.lib.common.rest_client [req-a18db679-ece2-4a38-a526-3ce70ba591e6 req-a18db679-ece2-4a38-a526-3ce70ba591e6 ] Request (FlavorsAccessTestJSON:_run_cleanups): 202 DELETE http://10.180.1.21/compute/v2.1/flavors/1430538930 1.903s
2025-02-07 17:18:53.205 62700 INFO tempest.lib.common.rest_client [req-d726af80-afcb-4056-83d2-9bb55d75a836 req-d726af80-afcb-4056-83d2-9bb55d75a836 ] Request (ServicesAdminNegativeV253TestJSON:test_list_services_with_non_admin_user): 403 GET http://10.180.1.21/compute/v2.1/os-services 1.962s
2025-02-07 17:18:53.315 62700 INFO tempest.lib.common.rest_client [req-cb49d23d-b982-4cc3-afca-37aaf3e0f690 req-cb49d23d-b982-4cc3-afca-37aaf3e0f690 ] Request (ServicesAdminNegativeV253TestJSON:tearDownClass): 204 DELETE http://10.180.1.21/identity/v3/users/e196169d4cf5485a97eb9902fde95a6b 0.106s
2025-02-07 17:18:53.338 62690 INFO tempest.lib.common.rest_client [req-f30865d5-0e61-4d9a-862f-c400b136f1bc req-f30865d5-0e61-4d9a-862f-c400b136f1bc ] Request (QuotasAdminTestJSON:test_delete_quota): 200 PUT http://10.180.1.21/compute/v2.1/os-quota-sets/7171379682f249d7b6bb138d85ca6179 1.891s
2025-02-07 17:18:53.409 62700 INFO tempest.lib.common.rest_client [req-06e62d62-a65f-4d1b-a4d4-cef2eed389ae req-06e62d62-a65f-4d1b-a4d4-cef2eed389ae ] Request (ServicesAdminNegativeV253TestJSON:tearDownClass): 204 DELETE http://10.180.1.21/identity/v3/users/0ce6d2567f0040a781d5bf6d5d990651 0.093s
2025-02-07 17:18:53.409 62700 INFO tempest.lib.common.dynamic_creds [-] Deleting project and security group for project: 14ea43d39de0486683a151a0bf5c62d9
2025-02-07 17:18:53.446 62676 INFO tempest.lib.common.rest_client [req-1ffce338-d00f-4e18-96a8-a513fbe5c692 req-1ffce338-d00f-4e18-96a8-a513fbe5c692 ] Request (SecurityGroupRulesNegativeTestJSON:test_create_security_group_rule_with_invalid_ip_protocol): 200 POST http://10.180.1.21/compute/v2.1/os-security-groups 2.643s
2025-02-07 17:18:53.465 62700 INFO tempest.lib.common.rest_client [req-1b4d274c-93ba-4c8f-92d1-0734b9a7609f req-1b4d274c-93ba-4c8f-92d1-0734b9a7609f ] Request (ServicesAdminNegativeV253TestJSON:tearDownClass): 201 POST http://10.180.1.21/identity/v3/auth/tokens 0.056s
2025-02-07 17:18:53.514 62672 INFO tempest.lib.common.rest_client [req-fcd67f0c-5855-4a92-ae6c-af5fef364c71 req-fcd67f0c-5855-4a92-ae6c-af5fef364c71 ] Request (VolumesAssistedSnapshotsTest:test_volume_assisted_snapshot_create_delete): 200 POST http://10.180.1.21/compute/v2.1/os-keypairs 1.697s
2025-02-07 17:18:53.545 62668 INFO tempest.lib.common.rest_client [req-9f6f0fc8-4a72-482c-977e-c412ade1bb94 req-9f6f0fc8-4a72-482c-977e-c412ade1bb94 ] Request (ImagesOneServerNegativeTestJSON:setUpClass): 201 POST http://10.180.1.21:9696/networking/v2.0/networks 1.228s
2025-02-07 17:18:53.679 62648 INFO tempest.lib.common.rest_client [req-695b3e28-0187-40f6-823f-1f9f582045e1 req-695b3e28-0187-40f6-823f-1f9f582045e1 ] Request (ServerDiagnosticsV248Test:test_get_server_diagnostics): 200 GET http://10.180.1.21/compute/v2.1/servers/f57853bd-b4a9-46ef-86ac-9fbe33732cd1 1.350s
2025-02-07 17:18:53.695 62674 INFO tempest.lib.common.rest_client [req-82ee2534-2394-416a-aa1a-9c3ef4e80e67 req-82ee2534-2394-416a-aa1a-9c3ef4e80e67 ] Request (KeyPairsV22TestJSON:test_get_keypair_detail): 200 GET http://10.180.1.21/compute/v2.1/os-keypairs/tempest-keypair-1844892980 1.348s
2025-02-07 17:18:53.810 62678 INFO tempest.lib.common.rest_client [req-06247d26-de6e-4b20-a97c-690752bd6138 req-06247d26-de6e-4b20-a97c-690752bd6138 ] Request (ImagesNegativeTestJSON:test_create_image_from_deleted_server): 200 GET http://10.180.1.21/compute/v2.1/servers/f70d129f-1468-4834-b753-8c602837eff0 1.394s
2025-02-07 17:18:53.888 62704 INFO tempest.lib.common.rest_client [req-2ec6330a-0f94-49da-bd3b-cd1abe451171 req-2ec6330a-0f94-49da-bd3b-cd1abe451171 ] Request (MigrationsAdminTest:test_list_migrations_in_flavor_resize_situation): 200 GET http://10.180.1.21/compute/v2.1/servers/613e2516-6209-439d-bb90-b87d67b281a8 1.678s
2025-02-07 17:18:53.916 62670 INFO tempest.lib.common.rest_client [req-d075e325-72a5-4023-b0c4-70a1135fce84 req-d075e325-72a5-4023-b0c4-70a1135fce84 ] Request (ServicesAdminNegativeTestJSON:test_get_service_by_invalid_service_and_valid_host): 200 GET http://10.180.1.21/compute/v2.1/os-services 1.096s
2025-02-07 17:18:53.936 62694 INFO tempest.lib.common.rest_client [req-bef82f8c-ada2-4a99-bd7a-24c6f35a05a6 req-bef82f8c-ada2-4a99-bd7a-24c6f35a05a6 ] Request (HostsAdminNegativeTestJSON:test_reboot_nonexistent_host): 404 GET http://10.180.1.21/compute/v2.1/os-hosts/nonexistent_hostname/reboot 1.094s
2025-02-07 17:18:53.948 62652 INFO tempest.lib.common.rest_client [req-146c3071-3669-4199-8be0-7476bcd6a897 req-146c3071-3669-4199-8be0-7476bcd6a897 ] Request (ServerExternalEventsTest:test_create_server_external_events): 200 GET http://10.180.1.21/compute/v2.1/servers/5f192c3a-1f44-4471-afec-76a321dfd557 1.324s
2025-02-07 17:18:53.961 62698 INFO tempest.lib.common.rest_client [req-7be53368-ba03-4d20-b673-d9dbc49b6926 req-7be53368-ba03-4d20-b673-d9dbc49b6926 ] Request (AggregatesAdminNegativeTestJSON:_run_cleanups): 200 DELETE http://10.180.1.21/compute/v2.1/os-aggregates/2 0.975s
2025-02-07 17:18:54.013 62700 INFO tempest.lib.common.rest_client [req-bf321340-6cd9-4d37-ae96-c3e3b7bff10f req-bf321340-6cd9-4d37-ae96-c3e3b7bff10f ] Request (ServicesAdminNegativeV253TestJSON:tearDownClass): 200 GET http://10.180.1.21:9696/networking/v2.0/security-groups?tenant_id=14ea43d39de0486683a151a0bf5c62d9&name=default 0.547s
2025-02-07 17:18:54.014 62708 INFO tempest.lib.common.rest_client [req-5a3f600a-d252-4fd7-bfbf-01191023e758 req-5a3f600a-d252-4fd7-bfbf-01191023e758 ] Request (ValidationResourcesFixture:setUp): 200 POST http://10.180.1.21/compute/v2.1/os-keypairs 0.998s
2025-02-07 17:18:54.050 62664 INFO tempest.lib.common.rest_client [req-846a9888-48d5-40a8-9815-739c94bf636e req-846a9888-48d5-40a8-9815-739c94bf636e ] Request (FlavorsExtraSpecsNegativeTestJSON:tearDownClass): 202 DELETE http://10.180.1.21/compute/v2.1/flavors/1185864782 1.023s
2025-02-07 17:18:54.188 62672 INFO tempest.lib.common.rest_client [req-1211b3e3-ee18-4fc7-963b-c24d32d380d0 req-1211b3e3-ee18-4fc7-963b-c24d32d380d0 ] Request (VolumesAssistedSnapshotsTest:test_volume_assisted_snapshot_create_delete): 201 POST http://10.180.1.21:9696/networking/v2.0/security-groups 0.672s
2025-02-07 17:18:54.193 62686 INFO tempest.lib.common.rest_client [req-ec74fc40-5cdc-4c40-8fed-7abcf6c5688d req-ec74fc40-5cdc-4c40-8fed-7abcf6c5688d ] Request (FlavorsV2NegativeTest:test_boot_with_low_ram): 200 GET http://10.180.1.21/compute/v2.1/flavors/42 1.154s
2025-02-07 17:18:54.310 62684 INFO tempest.lib.common.rest_client [req-80da2739-ecc7-45df-a061-65bbbf098e66 req-80da2739-ecc7-45df-a061-65bbbf098e66 ] Request (ImagesOneServerTestJSON:setUpClass): 201 POST http://10.180.1.21:9696/networking/v2.0/networks 1.414s
2025-02-07 17:18:54.374 62660 INFO tempest.lib.common.rest_client [req-0968efe4-ef07-4770-a2f6-8413e3c5f471 req-0968efe4-ef07-4770-a2f6-8413e3c5f471 ] Request (FloatingIPsTestJSON:setUpClass): 201 POST http://10.180.1.21:9696/networking/v2.0/routers 2.712s
2025-02-07 17:18:54.436 62700 INFO tempest.lib.common.rest_client [req-1cad665c-1680-441f-b0c1-2b622f9ccf33 req-1cad665c-1680-441f-b0c1-2b622f9ccf33 ] Request (ServicesAdminNegativeV253TestJSON:tearDownClass): 204 DELETE http://10.180.1.21:9696/networking/v2.0/security-groups/c6a6cbcf-6dc2-496b-bd92-ea79b050a81c 0.423s
2025-02-07 17:18:54.446 62702 INFO tempest.lib.common.rest_client [req-53ebff2e-8ce7-4be5-8f12-960f9a574226 req-53ebff2e-8ce7-4be5-8f12-960f9a574226 ] Request (DeleteServersAdminTestJSON:test_admin_delete_servers_of_others): 200 GET http://10.180.1.21/compute/v2.1/servers/b08dddfd-83d2-434a-b533-c4e7515d44db 1.421s
2025-02-07 17:18:54.479 62650 INFO tempest.lib.common.rest_client [req-2f7bd1cb-c46f-460f-b299-6515cff44b87 req-2f7bd1cb-c46f-460f-b299-6515cff44b87 ] Request (FlavorsAdminTestJSON:_run_cleanups): 200 GET http://10.180.1.21/compute/v2.1/flavors/detail 1.419s
2025-02-07 17:18:54.496 62658 INFO tempest.lib.common.rest_client [req-6199a4bc-d5d5-49c4-a52c-eab9118f1d89 req-6199a4bc-d5d5-49c4-a52c-eab9118f1d89 ] Request (FlavorsAccessNegativeTestJSON:test_flavor_non_admin_add): 200 POST http://10.180.1.21/compute/v2.1/flavors 1.404s
2025-02-07 17:18:54.510 62692 INFO tempest.lib.common.rest_client [req-d32dbb97-9952-4020-af45-653fbb280dc8 req-d32dbb97-9952-4020-af45-653fbb280dc8 ] Request (FlavorsExtraSpecsTestJSON:test_flavor_set_get_update_show_unset_keys): 200 DELETE http://10.180.1.21/compute/v2.1/flavors/1361007472/os-extra_specs/hw:cpu_policy 1.400s
2025-02-07 17:18:54.519 62668 INFO tempest.lib.common.rest_client [req-49d6f0c5-e264-401b-93a6-630af7a2b574 req-49d6f0c5-e264-401b-93a6-630af7a2b574 ] Request (ImagesOneServerNegativeTestJSON:setUpClass): 201 POST http://10.180.1.21:9696/networking/v2.0/subnets 0.973s
2025-02-07 17:18:54.532 62656 INFO tempest.lib.common.rest_client [req-9d5da4b8-5b97-4ffb-bd82-848ee320c67c req-9d5da4b8-5b97-4ffb-bd82-848ee320c67c ] Request (FlavorsAccessTestJSON:_run_cleanups): 200 GET http://10.180.1.21/compute/v2.1/flavors/detail 1.406s
2025-02-07 17:18:54.539 62700 INFO tempest.lib.common.rest_client [req-2af41f0a-23cc-4fad-b401-1f748eb69957 req-2af41f0a-23cc-4fad-b401-1f748eb69957 ] Request (ServicesAdminNegativeV253TestJSON:tearDownClass): 204 DELETE http://10.180.1.21/identity/v3/projects/14ea43d39de0486683a151a0bf5c62d9 0.102s
2025-02-07 17:18:54.539 62700 INFO tempest.lib.common.dynamic_creds [-] Deleting project and security group for project: 4f5b29f881ba42fa83e11a1178347b50
2025-02-07 17:18:54.588 62686 INFO tempest.lib.common.rest_client [req-fce739e1-7aa0-4588-92ed-9662c2c17048 req-fce739e1-7aa0-4588-92ed-9662c2c17048 ] Request (FlavorsV2NegativeTest:test_boot_with_low_ram): 201 POST http://10.180.1.21/image/v2/images 0.385s
2025-02-07 17:18:54.598 62708 INFO tempest.lib.common.rest_client [req-5ae19bd8-070d-46ff-aec3-c6a4ebb60ce1 req-5ae19bd8-070d-46ff-aec3-c6a4ebb60ce1 ] Request (ValidationResourcesFixture:setUp): 201 POST http://10.180.1.21:9696/networking/v2.0/security-groups 0.582s
2025-02-07 17:18:54.639 62656 INFO tempest.lib.common.rest_client [req-2eec76c7-c76d-4a24-aa94-940ef0f4c0ee req-2eec76c7-c76d-4a24-aa94-940ef0f4c0ee ] Request (FlavorsAccessTestJSON:tearDownClass): 204 DELETE http://10.180.1.21/identity/v3/users/2c76038f6f06464796f5a450de357887 0.101s
2025-02-07 17:18:54.740 62672 INFO tempest.lib.common.rest_client [req-1967baf0-791d-4f76-a0fe-420a4e654817 req-1967baf0-791d-4f76-a0fe-420a4e654817 ] Request (VolumesAssistedSnapshotsTest:test_volume_assisted_snapshot_create_delete): 201 POST http://10.180.1.21:9696/networking/v2.0/security-group-rules 0.551s
2025-02-07 17:18:54.748 62656 INFO tempest.lib.common.rest_client [req-24a3ab1a-4edb-433a-bdfc-6d5a278f34aa req-24a3ab1a-4edb-433a-bdfc-6d5a278f34aa ] Request (FlavorsAccessTestJSON:tearDownClass): 204 DELETE http://10.180.1.21/identity/v3/users/a6f6523b9ece4f198173ae8bde417aa7 0.108s
2025-02-07 17:18:54.748 62656 INFO tempest.lib.common.dynamic_creds [-] Deleting project and security group for project: d9e6ac60a4c84681a579d539664e9cec
2025-02-07 17:18:54.812 62656 INFO tempest.lib.common.rest_client [req-307a7bfb-fc2f-43f3-a46f-ce346c94e9a1 req-307a7bfb-fc2f-43f3-a46f-ce346c94e9a1 ] Request (FlavorsAccessTestJSON:tearDownClass): 201 POST http://10.180.1.21/identity/v3/auth/tokens 0.064s
2025-02-07 17:18:54.965 62700 INFO tempest.lib.common.rest_client [req-44ee7d74-0921-4111-b74d-c3f5d1f3ca9b req-44ee7d74-0921-4111-b74d-c3f5d1f3ca9b ] Request (ServicesAdminNegativeV253TestJSON:tearDownClass): 200 GET http://10.180.1.21:9696/networking/v2.0/security-groups?tenant_id=4f5b29f881ba42fa83e11a1178347b50&name=default 0.424s
2025-02-07 17:18:55.022 62662 INFO tempest.lib.common.rest_client [req-d85f2b49-058f-4c04-8a8e-2f4a6a9f8f15 req-d85f2b49-058f-4c04-8a8e-2f4a6a9f8f15 ] Request (ServerPasswordTestJSON:setUpClass): 200 GET http://10.180.1.21/compute/v2.1/servers/96f94f58-1fd4-4e65-a362-2861daab1a34 1.974s
2025-02-07 17:18:55.094 62680 INFO tempest.lib.common.rest_client [req-3667a43a-a0f1-40c2-80c1-0a663d9926da req-3667a43a-a0f1-40c2-80c1-0a663d9926da ] Request (ServerDiagnosticsNegativeTest:test_get_server_diagnostics_by_non_admin): 200 GET http://10.180.1.21/compute/v2.1/servers/4584a496-3f79-40ce-bf30-178bb7c0afcc 1.906s
2025-02-07 17:18:55.117 62690 INFO tempest.lib.common.rest_client [req-e9af6888-4c2a-4f05-b9a5-9aa8f63daf24 req-e9af6888-4c2a-4f05-b9a5-9aa8f63daf24 ] Request (QuotasAdminTestJSON:test_delete_quota): 202 DELETE http://10.180.1.21/compute/v2.1/os-quota-sets/7171379682f249d7b6bb138d85ca6179 1.777s
2025-02-07 17:18:55.213 62684 INFO tempest.lib.common.rest_client [req-fba05a8a-9098-4ab7-ada4-77b3cec09ab2 req-fba05a8a-9098-4ab7-ada4-77b3cec09ab2 ] Request (ImagesOneServerTestJSON:setUpClass): 201 POST http://10.180.1.21:9696/networking/v2.0/subnets 0.902s
2025-02-07 17:18:55.266 62696 INFO tempest.lib.common.rest_client [req-f05c6c13-788c-4314-b9be-e7c201306355 req-f05c6c13-788c-4314-b9be-e7c201306355 ] Request (FloatingIPsAssociationNegativeTestJSON:setUpClass): 200 PUT http://10.180.1.21:9696/networking/v2.0/routers/b9c7701c-ca0f-484d-b5e3-6ef00966f3c1/add_router_interface 5.801s
2025-02-07 17:18:55.266 62696 INFO tempest.lib.common.dynamic_creds [-] Created isolated network resources for: credentials: Credentials: {'domain_id': 'default', 'domain_name': 'Default', 'username': 'tempest-FloatingIPsAssociationNegativeTestJSON-1912335046-project-member', 'project_domain_id': 'default', 'project_domain_name': 'Default', 'project_id': '1d4f464b6a5c44e3ae17101809a13b86', 'project_name': 'tempest-FloatingIPsAssociationNegativeTestJSON-1912335046', 'tenant_id': '1d4f464b6a5c44e3ae17101809a13b86', 'tenant_name': 'tempest-FloatingIPsAssociationNegativeTestJSON-1912335046', 'user_domain_id': 'default', 'user_domain_name': 'Default', 'user_id': '256093d0711c4e07b5d5bd09e0466a47', 'system': None}, Network: {'id': '77b7128a-36ee-4e49-8f26-fc13973c3d31', 'name': 'tempest-FloatingIPsAssociationNegativeTestJSON-990926720-network', 'tenant_id': '1d4f464b6a5c44e3ae17101809a13b86', 'admin_state_up': True, 'mtu': 8950, 'status': 'ACTIVE', 'subnets': [], 'shared': False, 'project_id': '1d4f464b6a5c44e3ae17101809a13b86', 'port_security_enabled': True, 'router:external': False, 'provider:network_type': 'vlan', 'provider:physical_network': 'default', 'provider:segmentation_id': 852, 'availability_zone_hints': [], 'availability_zones': [], 'ipv4_address_scope': None, 'ipv6_address_scope': None, 'description': '', 'tags': [], 'created_at': '2025-02-07T17:18:46Z', 'updated_at': '2025-02-07T17:18:46Z', 'revision_number': 1}, Subnet: {'id': 'abe3c55e-ef94-47e1-90b7-ab91f48eb972', 'name': 'tempest-FloatingIPsAssociationNegativeTestJSON-990926720-subnet', 'tenant_id': '1d4f464b6a5c44e3ae17101809a13b86', 'network_id': '77b7128a-36ee-4e49-8f26-fc13973c3d31', 'ip_version': 4, 'subnetpool_id': None, 'enable_dhcp': True, 'ipv6_ra_mode': None, 'ipv6_address_mode': None, 'gateway_ip': '192.168.128.1', 'cidr': '192.168.128.0/28', 'allocation_pools': [{'start': '192.168.128.2', 'end': '192.168.128.14'}], 'host_routes': [], 'dns_nameservers': [], 'description': '', 'router:external': False, 'service_types': [], 'tags': [], 'created_at': '2025-02-07T17:18:46Z', 'updated_at': '2025-02-07T17:18:46Z', 'revision_number': 0, 'project_id': '1d4f464b6a5c44e3ae17101809a13b86'}, Router: {'id': 'b9c7701c-ca0f-484d-b5e3-6ef00966f3c1', 'name': 'tempest-FloatingIPsAssociationNegativeTestJSON-990926720-router', 'tenant_id': '1d4f464b6a5c44e3ae17101809a13b86', 'admin_state_up': True, 'status': 'ACTIVE', 'external_gateway_info': {'network_id': '076bbf43-7cbd-4c02-9cc6-333777320790', 'external_fixed_ips': [{'subnet_id': 'ae5b0d6c-3f91-4be2-ad6d-02144f906f5c', 'ip_address': '10.180.180.196'}], 'enable_snat': True}, 'description': '', 'availability_zones': [], 'distributed': False, 'ha': False, 'availability_zone_hints': [], 'routes': [], 'flavor_id': None, 'tags': [], 'created_at': '2025-02-07T17:18:47Z', 'updated_at': '2025-02-07T17:18:48Z', 'revision_number': 2, 'project_id': '1d4f464b6a5c44e3ae17101809a13b86'}
2025-02-07 17:18:55.306 62706 INFO tempest.lib.common.rest_client [req-87c347d3-f0ea-49cc-a161-38c14b16111a req-87c347d3-f0ea-49cc-a161-38c14b16111a ] Request (InstanceActionsV221TestJSON:test_get_list_deleted_instance_actions): 200 GET http://10.180.1.21/compute/v2.1/servers/bf44560e-3ce4-42b6-8230-481b2094ebcc 1.984s
2025-02-07 17:18:55.315 62656 INFO tempest.lib.common.rest_client [req-a8a9a6a5-ba49-489a-99d6-26f8cdebafee req-a8a9a6a5-ba49-489a-99d6-26f8cdebafee ] Request (FlavorsAccessTestJSON:tearDownClass): 200 GET http://10.180.1.21:9696/networking/v2.0/security-groups?tenant_id=d9e6ac60a4c84681a579d539664e9cec&name=default 0.502s
2025-02-07 17:18:55.367 62700 INFO tempest.lib.common.rest_client [req-4ffbe854-40f6-4e9e-ad8f-faee933480ab req-4ffbe854-40f6-4e9e-ad8f-faee933480ab ] Request (ServicesAdminNegativeV253TestJSON:tearDownClass): 204 DELETE http://10.180.1.21:9696/networking/v2.0/security-groups/99bbbd3f-c46d-4ba8-8562-5f130457ad7d 0.401s
2025-02-07 17:18:55.394 62696 INFO tempest.lib.common.rest_client [req-0176f72b-465e-49f3-914b-3eda78dcb56c req-0176f72b-465e-49f3-914b-3eda78dcb56c ] Request (FloatingIPsAssociationNegativeTestJSON:setUpClass): 201 POST http://10.180.1.21/identity/v3/auth/tokens 0.124s
2025-02-07 17:18:55.413 62686 INFO tempest.lib.common.rest_client [req-f4ba85f8-dc99-4c28-9623-31493aeac05c req-f4ba85f8-dc99-4c28-9623-31493aeac05c ] Request (FlavorsV2NegativeTest:test_boot_with_low_ram): 204 PUT http://10.180.1.21/image/v2/images/e9002640-b91f-4737-b59b-b9a87c8f05e5/file 0.824s
2025-02-07 17:18:55.440 62676 INFO tempest.lib.common.rest_client [req-8c37f82a-7d08-4206-8058-23f8031ad641 req-8c37f82a-7d08-4206-8058-23f8031ad641 ] Request (SecurityGroupRulesNegativeTestJSON:test_create_security_group_rule_with_invalid_ip_protocol): 400 POST http://10.180.1.21/compute/v2.1/os-security-group-rules 1.991s
2025-02-07 17:18:55.453 62700 INFO tempest.lib.common.rest_client [req-6affcbdf-3899-43fe-9643-a8f375b9917f req-6affcbdf-3899-43fe-9643-a8f375b9917f ] Request (ServicesAdminNegativeV253TestJSON:tearDownClass): 204 DELETE http://10.180.1.21/identity/v3/projects/4f5b29f881ba42fa83e11a1178347b50 0.086s
2025-02-07 17:18:55.470 62696 INFO tempest.lib.common.rest_client [req-4c5d65bb-03ff-486c-9e63-18406637e04c req-4c5d65bb-03ff-486c-9e63-18406637e04c ] Request (FloatingIPsAssociationNegativeTestJSON:setUpClass): 201 POST http://10.180.1.21/identity/v3/auth/tokens 0.070s
2025-02-07 17:18:55.470 62696 INFO tempest.lib.common.fixed_network [-] (FloatingIPsAssociationNegativeTestJSON:setUpClass) Found network {'id': '77b7128a-36ee-4e49-8f26-fc13973c3d31', 'name': 'tempest-FloatingIPsAssociationNegativeTestJSON-990926720-network', 'tenant_id': '1d4f464b6a5c44e3ae17101809a13b86', 'admin_state_up': True, 'mtu': 8950, 'status': 'ACTIVE', 'subnets': [], 'shared': False, 'project_id': '1d4f464b6a5c44e3ae17101809a13b86', 'port_security_enabled': True, 'router:external': False, 'provider:network_type': 'vlan', 'provider:physical_network': 'default', 'provider:segmentation_id': 852, 'availability_zone_hints': [], 'availability_zones': [], 'ipv4_address_scope': None, 'ipv6_address_scope': None, 'description': '', 'tags': [], 'created_at': '2025-02-07T17:18:46Z', 'updated_at': '2025-02-07T17:18:46Z', 'revision_number': 1} available for tenant
2025-02-07 17:18:55.526 62686 INFO tempest.lib.common.rest_client [req-78d2b2ac-4ab8-4361-bf89-22c8baf90936 req-78d2b2ac-4ab8-4361-bf89-22c8baf90936 ] Request (FlavorsV2NegativeTest:test_boot_with_low_ram): 201 POST http://10.180.1.21/identity/v3/auth/tokens 0.108s
2025-02-07 17:18:55.527 62686 INFO tempest.lib.common.fixed_network [-] (FlavorsV2NegativeTest:test_boot_with_low_ram) Found network None available for tenant
2025-02-07 17:18:55.578 62700 INFO tempest.lib.common.rest_client [req-b364319c-6837-48fa-9a98-12259879c4e7 req-b364319c-6837-48fa-9a98-12259879c4e7 ] Request (KeyPairsNegativeTestJSON:setUpClass): 201 POST http://10.180.1.21/identity/v3/auth/tokens 0.123s
2025-02-07 17:18:55.631 62700 INFO tempest.lib.common.rest_client [req-d233ba6f-9a27-44f1-87ed-026e3f80c39b req-d233ba6f-9a27-44f1-87ed-026e3f80c39b ] Request (KeyPairsNegativeTestJSON:setUpClass): 201 POST http://10.180.1.21/identity/v3/auth/tokens 0.048s
2025-02-07 17:18:55.633 62646 INFO tempest.lib.common.rest_client [req-985efcef-451d-46d1-a407-43c35566766f req-985efcef-451d-46d1-a407-43c35566766f ] Request (ServerDiagnosticsTest:test_get_server_diagnostics): 200 GET http://10.180.1.21/compute/v2.1/servers/26ce508b-d9c2-42ef-9713-138c359aa4a9 1.955s
2025-02-07 17:18:55.668 62708 INFO tempest.lib.common.rest_client [req-7c69d9c4-98f3-4fa3-9d62-b75126583f3e req-7c69d9c4-98f3-4fa3-9d62-b75126583f3e ] Request (ValidationResourcesFixture:setUp): 201 POST http://10.180.1.21:9696/networking/v2.0/security-group-rules 1.069s
2025-02-07 17:18:55.671 62674 INFO tempest.lib.common.rest_client [req-8bebea1d-e9ec-4d4e-9392-6439fbe7b98f req-8bebea1d-e9ec-4d4e-9392-6439fbe7b98f ] Request (KeyPairsV22TestJSON:_run_cleanups): 204 DELETE http://10.180.1.21/compute/v2.1/os-keypairs/tempest-keypair-1844892980 1.973s
2025-02-07 17:18:55.683 62672 INFO tempest.lib.common.rest_client [req-3bc86244-f489-4d7e-9230-98a353ca2cd7 req-3bc86244-f489-4d7e-9230-98a353ca2cd7 ] Request (VolumesAssistedSnapshotsTest:test_volume_assisted_snapshot_create_delete): 201 POST http://10.180.1.21:9696/networking/v2.0/security-group-rules 0.943s
2025-02-07 17:18:55.694 62700 INFO tempest.lib.common.rest_client [req-d25d9098-68c7-4ec7-8f3b-5058fa020703 req-d25d9098-68c7-4ec7-8f3b-5058fa020703 ] Request (KeyPairsNegativeTestJSON:setUpClass): 200 GET http://10.180.1.21/identity/v3/domains?name=Default 0.062s
2025-02-07 17:18:55.732 62700 INFO tempest.lib.common.rest_client [req-b0dc3f29-2180-4f82-9cc5-2d4b5cc85f78 req-b0dc3f29-2180-4f82-9cc5-2d4b5cc85f78 ] Request (KeyPairsNegativeTestJSON:setUpClass): 201 POST http://10.180.1.21/identity/v3/projects 0.038s
2025-02-07 17:18:55.757 62688 INFO tempest.lib.common.rest_client [req-bbbc0cde-5f00-4875-9040-2bf5a9d3b4fc req-bbbc0cde-5f00-4875-9040-2bf5a9d3b4fc ] Request (FloatingIPsAssociationTestJSON:setUpClass): 200 GET http://10.180.1.21/compute/v2.1/servers/911e8910-7b82-4557-af15-99cf96b7314e 2.092s
2025-02-07 17:18:55.764 62688 INFO tempest.common.waiters [-] State transition "BUILD/networking" ==> "BUILD/spawning" after 12 second wait
2025-02-07 17:18:55.780 62682 INFO tempest.lib.common.rest_client [req-25f88666-7031-4572-808f-afd3ce7c61ee req-25f88666-7031-4572-808f-afd3ce7c61ee ] Request (ServerActionsTestOtherA:setUpClass): 200 GET http://10.180.1.21/compute/v2.1/servers/6c107768-0f57-42fd-a2a5-b28207b17de9 1.986s
2025-02-07 17:18:55.783 62670 INFO tempest.lib.common.rest_client [req-d82f2c23-ddef-4601-bd84-817220536450 req-d82f2c23-ddef-4601-bd84-817220536450 ] Request (ServicesAdminNegativeTestJSON:test_get_service_by_invalid_service_and_valid_host): 200 GET http://10.180.1.21/compute/v2.1/os-services?host=devstack&binary=xxx 1.863s
2025-02-07 17:18:55.787 62694 INFO tempest.lib.common.rest_client [req-c70cb5a1-e3a1-41d2-bc8b-f3c50f3bc4dc req-c70cb5a1-e3a1-41d2-bc8b-f3c50f3bc4dc ] Request (HostsAdminNegativeTestJSON:test_show_host_detail_with_non_admin_user): 403 GET http://10.180.1.21/compute/v2.1/os-hosts/devstack 1.849s
2025-02-07 17:18:55.812 62698 INFO tempest.lib.common.rest_client [req-9a407451-ad6c-4da5-8a05-227eba832b91 req-9a407451-ad6c-4da5-8a05-227eba832b91 ] Request (AggregatesAdminNegativeTestJSON:test_aggregate_add_non_exist_host): 200 POST http://10.180.1.21/compute/v2.1/os-aggregates 1.849s
2025-02-07 17:18:55.815 62700 INFO tempest.lib.common.rest_client [req-f9f65e82-22bb-42d1-8f86-231b4dbe085c req-f9f65e82-22bb-42d1-8f86-231b4dbe085c ] Request (KeyPairsNegativeTestJSON:setUpClass): 201 POST http://10.180.1.21/identity/v3/users 0.082s
2025-02-07 17:18:55.816 62664 INFO tempest.lib.common.rest_client [req-426e422b-76f0-4b47-9a17-b1c5b2dc0ef8 req-426e422b-76f0-4b47-9a17-b1c5b2dc0ef8 ] Request (FlavorsExtraSpecsNegativeTestJSON:tearDownClass): 200 GET http://10.180.1.21/compute/v2.1/flavors/detail 1.765s
2025-02-07 17:18:55.830 62656 INFO tempest.lib.common.rest_client [req-5580fbbc-cadd-4423-8d21-763ae5de0ee8 req-5580fbbc-cadd-4423-8d21-763ae5de0ee8 ] Request (FlavorsAccessTestJSON:tearDownClass): 204 DELETE http://10.180.1.21:9696/networking/v2.0/security-groups/185a1bc1-96b7-4a07-95a1-2e6b181e092f 0.515s
2025-02-07 17:18:55.837 62650 INFO tempest.lib.common.rest_client [req-1ad180a2-5652-40e2-900d-61debc289163 req-1ad180a2-5652-40e2-900d-61debc289163 ] Request (FlavorsAdminTestJSON:test_create_flavor_with_uuid_id): 200 POST http://10.180.1.21/compute/v2.1/flavors 1.348s
2025-02-07 17:18:55.850 62692 INFO tempest.lib.common.rest_client [req-67524602-2231-45f1-9d35-5e604d2a3c29 req-67524602-2231-45f1-9d35-5e604d2a3c29 ] Request (FlavorsExtraSpecsTestJSON:test_flavor_set_get_update_show_unset_keys): 200 GET http://10.180.1.21/compute/v2.1/flavors/1361007472/os-extra_specs 1.339s
2025-02-07 17:18:55.857 62700 INFO tempest.lib.common.rest_client [req-bae77985-a8a8-46dd-a702-2a78f3318889 req-bae77985-a8a8-46dd-a702-2a78f3318889 ] Request (KeyPairsNegativeTestJSON:setUpClass): 200 GET http://10.180.1.21/identity/v3/roles 0.041s
2025-02-07 17:18:55.904 62654 INFO tempest.lib.common.rest_client [req-f955a531-51d5-4241-88b7-c4c7947c5129 req-f955a531-51d5-4241-88b7-c4c7947c5129 ] Request (SecurityGroupRulesTestJSON:setUpClass): 201 POST http://10.180.1.21:9696/networking/v2.0/routers 2.840s
2025-02-07 17:18:55.941 62658 INFO tempest.lib.common.rest_client [req-35f79430-2cde-4d2a-9e8c-bf20231f7527 req-35f79430-2cde-4d2a-9e8c-bf20231f7527 ] Request (FlavorsAccessNegativeTestJSON:test_flavor_non_admin_add): 403 POST http://10.180.1.21/compute/v2.1/flavors/1126300949/action 1.443s
2025-02-07 17:18:55.957 62648 INFO tempest.lib.common.rest_client [req-76a651cd-3305-4b55-978b-724511239d7e req-76a651cd-3305-4b55-978b-724511239d7e ] Request (ServerDiagnosticsV248Test:test_get_server_diagnostics): 200 GET http://10.180.1.21/compute/v2.1/servers/f57853bd-b4a9-46ef-86ac-9fbe33732cd1 1.264s
2025-02-07 17:18:55.974 62664 INFO tempest.lib.common.rest_client [req-e6ffa9f7-abcf-4f98-88d7-960f6c3303f5 req-e6ffa9f7-abcf-4f98-88d7-960f6c3303f5 ] Request (FlavorsExtraSpecsNegativeTestJSON:tearDownClass): 204 DELETE http://10.180.1.21/identity/v3/users/dfcd414441f74b4eb3baa976025bc33b 0.152s
2025-02-07 17:18:55.976 62648 INFO tempest.common.waiters [-] State transition "BUILD/spawning" ==> "ACTIVE/None" after 15 second wait
2025-02-07 17:18:56.045 62700 INFO tempest.lib.common.rest_client [req-21281b5f-a69d-47fe-bae4-df4b8f4bc508 req-21281b5f-a69d-47fe-bae4-df4b8f4bc508 ] Request (KeyPairsNegativeTestJSON:setUpClass): 204 PUT http://10.180.1.21/identity/v3/projects/20a7db4ffb0540dc83f9ce6e554b9f74/users/40449e13a598436c9c03031815698cdb/roles/40a04f2d5d24411992231cdc3ea36dd1 0.187s
2025-02-07 17:18:56.045 62700 INFO tempest.lib.common.dynamic_creds [-] Dynamic test user 40449e13a598436c9c03031815698cdb is created with scope project and roles: ['member']
2025-02-07 17:18:56.045 62700 INFO tempest.lib.common.dynamic_creds [-] Acquired dynamic creds: credentials: Credentials: {'domain_id': 'default', 'domain_name': 'Default', 'username': 'tempest-KeyPairsNegativeTestJSON-1639166733-project-member', 'project_domain_id': 'default', 'project_domain_name': 'Default', 'project_id': '20a7db4ffb0540dc83f9ce6e554b9f74', 'project_name': 'tempest-KeyPairsNegativeTestJSON-1639166733', 'tenant_id': '20a7db4ffb0540dc83f9ce6e554b9f74', 'tenant_name': 'tempest-KeyPairsNegativeTestJSON-1639166733', 'user_domain_id': 'default', 'user_domain_name': 'Default', 'user_id': '40449e13a598436c9c03031815698cdb', 'system': None}, Network: None, Subnet: None, Router: None
2025-02-07 17:18:56.045 62700 INFO tempest.lib.common.dynamic_creds [-] Created isolated network resources for: credentials: Credentials: {'domain_id': 'default', 'domain_name': 'Default', 'username': 'tempest-KeyPairsNegativeTestJSON-1639166733-project-member', 'project_domain_id': 'default', 'project_domain_name': 'Default', 'project_id': '20a7db4ffb0540dc83f9ce6e554b9f74', 'project_name': 'tempest-KeyPairsNegativeTestJSON-1639166733', 'tenant_id': '20a7db4ffb0540dc83f9ce6e554b9f74', 'tenant_name': 'tempest-KeyPairsNegativeTestJSON-1639166733', 'user_domain_id': 'default', 'user_domain_name': 'Default', 'user_id': '40449e13a598436c9c03031815698cdb', 'system': None}, Network: None, Subnet: None, Router: None
2025-02-07 17:18:56.072 62656 INFO tempest.lib.common.rest_client [req-3da8a890-b829-44b8-a7c5-184c49bedec4 req-3da8a890-b829-44b8-a7c5-184c49bedec4 ] Request (FlavorsAccessTestJSON:tearDownClass): 204 DELETE http://10.180.1.21/identity/v3/projects/d9e6ac60a4c84681a579d539664e9cec 0.241s
2025-02-07 17:18:56.072 62656 INFO tempest.lib.common.dynamic_creds [-] Deleting project and security group for project: 85305fcd74f74c428a80015005ed7af4
2025-02-07 17:18:56.102 62678 INFO tempest.lib.common.rest_client [req-118c1fd2-d6a5-45a0-9a11-97f410d6d3e7 req-118c1fd2-d6a5-45a0-9a11-97f410d6d3e7 ] Request (ImagesNegativeTestJSON:test_create_image_from_deleted_server): 200 GET http://10.180.1.21/compute/v2.1/servers/f70d129f-1468-4834-b753-8c602837eff0 1.277s
2025-02-07 17:18:56.115 62678 INFO tempest.common.waiters [-] State transition "BUILD/None" ==> "BUILD/spawning" after 13 second wait
2025-02-07 17:18:56.168 62700 INFO tempest.lib.common.rest_client [req-783a6bda-7ab9-42a9-b2a8-e530fad5d1aa req-783a6bda-7ab9-42a9-b2a8-e530fad5d1aa ] Request (KeyPairsNegativeTestJSON:setUpClass): 201 POST http://10.180.1.21/identity/v3/auth/tokens 0.119s
2025-02-07 17:18:56.182 62664 INFO tempest.lib.common.rest_client [req-9e3f4be1-b02c-4d0f-bcc8-13f1aa502272 req-9e3f4be1-b02c-4d0f-bcc8-13f1aa502272 ] Request (FlavorsExtraSpecsNegativeTestJSON:tearDownClass): 204 DELETE http://10.180.1.21/identity/v3/users/0c836e9dfd204d49bc01ed6b730521c7 0.208s
2025-02-07 17:18:56.182 62664 INFO tempest.lib.common.dynamic_creds [-] Deleting project and security group for project: 821d4fd5d3cd45b2aa0304009677b985
2025-02-07 17:18:56.239 62652 INFO tempest.lib.common.rest_client [req-aa5244ce-5806-4e1b-b99d-0cf071f9f1c2 req-aa5244ce-5806-4e1b-b99d-0cf071f9f1c2 ] Request (ServerExternalEventsTest:test_create_server_external_events): 200 GET http://10.180.1.21/compute/v2.1/servers/5f192c3a-1f44-4471-afec-76a321dfd557 1.277s
2025-02-07 17:18:56.243 62708 INFO tempest.lib.common.rest_client [req-a7b8634e-accb-4c35-803d-fcdb75952f7c req-a7b8634e-accb-4c35-803d-fcdb75952f7c ] Request (ValidationResourcesFixture:setUp): 201 POST http://10.180.1.21:9696/networking/v2.0/security-group-rules 0.575s
2025-02-07 17:18:56.286 62664 INFO tempest.lib.common.rest_client [req-b952c425-3ca3-40fa-8e32-b1761f288292 req-b952c425-3ca3-40fa-8e32-b1761f288292 ] Request (FlavorsExtraSpecsNegativeTestJSON:tearDownClass): 201 POST http://10.180.1.21/identity/v3/auth/tokens 0.103s
2025-02-07 17:18:56.360 62704 INFO tempest.lib.common.rest_client [req-71851cde-f2eb-450e-870e-e5208a9bef43 req-71851cde-f2eb-450e-870e-e5208a9bef43 ] Request (MigrationsAdminTest:test_list_migrations_in_flavor_resize_situation): 200 GET http://10.180.1.21/compute/v2.1/servers/613e2516-6209-439d-bb90-b87d67b281a8 1.460s
2025-02-07 17:18:56.371 62704 INFO tempest.common.waiters [-] State transition "BUILD/spawning" ==> "ACTIVE/None" after 20 second wait
2025-02-07 17:18:56.397 62690 INFO tempest.lib.common.rest_client [req-581786a3-dce0-4a75-b7c6-cb31e308550a req-581786a3-dce0-4a75-b7c6-cb31e308550a ] Request (QuotasAdminTestJSON:test_delete_quota): 200 GET http://10.180.1.21/compute/v2.1/os-quota-sets/7171379682f249d7b6bb138d85ca6179 1.279s
2025-02-07 17:18:56.467 62690 INFO tempest.lib.common.rest_client [req-d99e9e1c-6ca7-4b4e-a55f-a7f5ae99e2ee req-d99e9e1c-6ca7-4b4e-a55f-a7f5ae99e2ee ] Request (QuotasAdminTestJSON:_run_cleanups): 204 DELETE http://10.180.1.21/identity/v3/projects/7171379682f249d7b6bb138d85ca6179 0.068s
2025-02-07 17:18:56.492 62666 INFO tempest.lib.common.rest_client [req-1faaef45-8a99-4adc-8b5a-3cd74bb597d8 req-1faaef45-8a99-4adc-8b5a-3cd74bb597d8 ] Request (SecurityGroupsTestJSON:setUpClass): 200 PUT http://10.180.1.21:9696/networking/v2.0/routers/e6861927-c9ef-4a03-a8f4-786a5962b970/add_router_interface 4.285s
2025-02-07 17:18:56.492 62666 INFO tempest.lib.common.dynamic_creds [-] Created isolated network resources for: credentials: Credentials: {'domain_id': 'default', 'domain_name': 'Default', 'username': 'tempest-SecurityGroupsTestJSON-105101063-project-member', 'project_domain_id': 'default', 'project_domain_name': 'Default', 'project_id': '0e6658b7d41a43858b58b5d307f14cac', 'project_name': 'tempest-SecurityGroupsTestJSON-105101063', 'tenant_id': '0e6658b7d41a43858b58b5d307f14cac', 'tenant_name': 'tempest-SecurityGroupsTestJSON-105101063', 'user_domain_id': 'default', 'user_domain_name': 'Default', 'user_id': '623813108e4b42cfbb3a16aefbd3db85', 'system': None}, Network: {'id': 'f2ed4377-648e-4b86-bb61-ab302cde8f5c', 'name': 'tempest-SecurityGroupsTestJSON-1682542860-network', 'tenant_id': '0e6658b7d41a43858b58b5d307f14cac', 'admin_state_up': True, 'mtu': 8950, 'status': 'ACTIVE', 'subnets': [], 'shared': False, 'project_id': '0e6658b7d41a43858b58b5d307f14cac', 'port_security_enabled': True, 'router:external': False, 'provider:network_type': 'vlan', 'provider:physical_network': 'default', 'provider:segmentation_id': 874, 'availability_zone_hints': [], 'availability_zones': [], 'ipv4_address_scope': None, 'ipv6_address_scope': None, 'description': '', 'tags': [], 'created_at': '2025-02-07T17:18:49Z', 'updated_at': '2025-02-07T17:18:49Z', 'revision_number': 1}, Subnet: {'id': '2069bca3-4d53-4af0-b55a-2ae6cc6ae315', 'name': 'tempest-SecurityGroupsTestJSON-1682542860-subnet', 'tenant_id': '0e6658b7d41a43858b58b5d307f14cac', 'network_id': 'f2ed4377-648e-4b86-bb61-ab302cde8f5c', 'ip_version': 4, 'subnetpool_id': None, 'enable_dhcp': True, 'ipv6_ra_mode': None, 'ipv6_address_mode': None, 'gateway_ip': '192.168.128.1', 'cidr': '192.168.128.0/28', 'allocation_pools': [{'start': '192.168.128.2', 'end': '192.168.128.14'}], 'host_routes': [], 'dns_nameservers': [], 'description': '', 'router:external': False, 'service_types': [], 'tags': [], 'created_at': '2025-02-07T17:18:49Z', 'updated_at': '2025-02-07T17:18:49Z', 'revision_number': 0, 'project_id': '0e6658b7d41a43858b58b5d307f14cac'}, Router: {'id': 'e6861927-c9ef-4a03-a8f4-786a5962b970', 'name': 'tempest-SecurityGroupsTestJSON-1682542860-router', 'tenant_id': '0e6658b7d41a43858b58b5d307f14cac', 'admin_state_up': True, 'status': 'ACTIVE', 'external_gateway_info': {'network_id': '076bbf43-7cbd-4c02-9cc6-333777320790', 'external_fixed_ips': [{'subnet_id': 'ae5b0d6c-3f91-4be2-ad6d-02144f906f5c', 'ip_address': '10.180.180.142'}], 'enable_snat': True}, 'description': '', 'availability_zones': [], 'distributed': False, 'ha': False, 'availability_zone_hints': [], 'routes': [], 'flavor_id': None, 'tags': [], 'created_at': '2025-02-07T17:18:49Z', 'updated_at': '2025-02-07T17:18:51Z', 'revision_number': 2, 'project_id': '0e6658b7d41a43858b58b5d307f14cac'}
2025-02-07 17:18:56.574 62666 INFO tempest.lib.common.rest_client [req-bee8a86b-7378-4120-82f4-a9cbf809e7eb req-bee8a86b-7378-4120-82f4-a9cbf809e7eb ] Request (SecurityGroupsTestJSON:setUpClass): 201 POST http://10.180.1.21/identity/v3/auth/tokens 0.078s
2025-02-07 17:18:56.717 62656 INFO tempest.lib.common.rest_client [req-428de2ea-2d5c-4d0d-a76a-2d8de9daaa55 req-428de2ea-2d5c-4d0d-a76a-2d8de9daaa55 ] Request (FlavorsAccessTestJSON:tearDownClass): 200 GET http://10.180.1.21:9696/networking/v2.0/security-groups?tenant_id=85305fcd74f74c428a80015005ed7af4&name=default 0.644s
2025-02-07 17:18:56.816 62702 INFO tempest.lib.common.rest_client [req-53796612-5906-4e2d-bba2-0dbff06d6240 req-53796612-5906-4e2d-bba2-0dbff06d6240 ] Request (DeleteServersAdminTestJSON:test_admin_delete_servers_of_others): 200 GET http://10.180.1.21/compute/v2.1/servers/b08dddfd-83d2-434a-b533-c4e7515d44db 1.357s
2025-02-07 17:18:57.004 62664 INFO tempest.lib.common.rest_client [req-23058086-e9e0-40b0-b1be-83f5beb73e71 req-23058086-e9e0-40b0-b1be-83f5beb73e71 ] Request (FlavorsExtraSpecsNegativeTestJSON:tearDownClass): 200 GET http://10.180.1.21:9696/networking/v2.0/security-groups?tenant_id=821d4fd5d3cd45b2aa0304009677b985&name=default 0.717s
2025-02-07 17:18:57.048 62676 INFO tempest.lib.common.rest_client [req-7b2678c9-18c2-4391-a292-2b5744cefdca req-7b2678c9-18c2-4391-a292-2b5744cefdca ] Request (SecurityGroupRulesNegativeTestJSON:test_create_security_group_rule_with_invalid_port_range): 200 POST http://10.180.1.21/compute/v2.1/os-security-groups 1.607s
2025-02-07 17:18:57.271 62656 INFO tempest.lib.common.rest_client [req-66aea425-d419-4f27-aa66-8d268a55b5cc req-66aea425-d419-4f27-aa66-8d268a55b5cc ] Request (FlavorsAccessTestJSON:tearDownClass): 204 DELETE http://10.180.1.21:9696/networking/v2.0/security-groups/2a73747a-0f26-4590-a936-86d51124ba11 0.552s
2025-02-07 17:18:57.409 62664 INFO tempest.lib.common.rest_client [req-bf3a8138-ef51-42a7-bf2f-b54b4b5f5de3 req-bf3a8138-ef51-42a7-bf2f-b54b4b5f5de3 ] Request (FlavorsExtraSpecsNegativeTestJSON:tearDownClass): 204 DELETE http://10.180.1.21:9696/networking/v2.0/security-groups/58a4263b-8d7a-4eb7-b061-7a599af88772 0.405s
2025-02-07 17:18:57.412 62656 INFO tempest.lib.common.rest_client [req-d006ea28-bb5d-4512-b9c2-f2ea8ef453a4 req-d006ea28-bb5d-4512-b9c2-f2ea8ef453a4 ] Request (FlavorsAccessTestJSON:tearDownClass): 204 DELETE http://10.180.1.21/identity/v3/projects/85305fcd74f74c428a80015005ed7af4 0.140s
2025-02-07 17:18:57.413 62656 INFO tempest.test [-] raised in LiveMigrationTest.setUpClass. Invoking tearDownClass.
2025-02-07 17:18:57.493 62656 INFO tempest.lib.common.rest_client [req-07bf354a-4de9-45fb-86c3-a75767754436 req-07bf354a-4de9-45fb-86c3-a75767754436 ] Request (ImagesDeleteNegativeTestJSON:setUpClass): 201 POST http://10.180.1.21/identity/v3/auth/tokens 0.076s
2025-02-07 17:18:57.522 62664 INFO tempest.lib.common.rest_client [req-fa0dfcde-7863-4676-8691-197882f82c06 req-fa0dfcde-7863-4676-8691-197882f82c06 ] Request (FlavorsExtraSpecsNegativeTestJSON:tearDownClass): 204 DELETE http://10.180.1.21/identity/v3/projects/821d4fd5d3cd45b2aa0304009677b985 0.112s
2025-02-07 17:18:57.522 62664 INFO tempest.lib.common.dynamic_creds [-] Deleting project and security group for project: 3c8d88e0258d464e8205df1b82aac5ae
2025-02-07 17:18:57.560 62656 INFO tempest.lib.common.rest_client [req-05e185ef-c746-4c00-8f8c-04bb0f2b7a37 req-05e185ef-c746-4c00-8f8c-04bb0f2b7a37 ] Request (ImagesDeleteNegativeTestJSON:setUpClass): 201 POST http://10.180.1.21/identity/v3/auth/tokens 0.065s
2025-02-07 17:18:57.596 62656 INFO tempest.lib.common.rest_client [req-0d219406-2af5-48e9-8e9d-5b97b183938e req-0d219406-2af5-48e9-8e9d-5b97b183938e ] Request (ImagesDeleteNegativeTestJSON:setUpClass): 200 GET http://10.180.1.21/identity/v3/domains?name=Default 0.035s
2025-02-07 17:18:57.644 62686 INFO tempest.lib.common.rest_client [req-ee21b4dc-6ecd-4df2-8075-21cec0505240 req-ee21b4dc-6ecd-4df2-8075-21cec0505240 ] Request (FlavorsV2NegativeTest:test_boot_with_low_ram): 400 POST http://10.180.1.21/compute/v2.1/servers 2.116s
2025-02-07 17:18:57.654 62656 INFO tempest.lib.common.rest_client [req-059712b3-d49c-4b2d-b357-3ec3c4358a18 req-059712b3-d49c-4b2d-b357-3ec3c4358a18 ] Request (ImagesDeleteNegativeTestJSON:setUpClass): 201 POST http://10.180.1.21/identity/v3/projects 0.058s
2025-02-07 17:18:57.712 62674 INFO tempest.lib.common.rest_client [req-fc701d3e-05c2-4517-8ccc-7b1bb57314b5 req-fc701d3e-05c2-4517-8ccc-7b1bb57314b5 ] Request (KeyPairsV22TestJSON:test_keypair_create_delete): 201 POST http://10.180.1.21/compute/v2.1/os-keypairs 2.039s
2025-02-07 17:18:57.727 62694 INFO tempest.lib.common.rest_client [req-c96dfc2c-fb06-4044-a568-396328fa4654 req-c96dfc2c-fb06-4044-a568-396328fa4654 ] Request (HostsAdminNegativeTestJSON:test_show_host_detail_with_nonexistent_hostname): 404 GET http://10.180.1.21/compute/v2.1/os-hosts/nonexistent_hostname 1.938s
2025-02-07 17:18:57.735 62686 INFO tempest.lib.common.rest_client [req-f2eb8c2a-0d72-4bf1-b053-c5c5b7877527 req-f2eb8c2a-0d72-4bf1-b053-c5c5b7877527 ] Request (FlavorsV2NegativeTest:_run_cleanups): 204 DELETE http://10.180.1.21/image/v2/images/e9002640-b91f-4737-b59b-b9a87c8f05e5 0.090s
2025-02-07 17:18:57.748 62670 INFO tempest.lib.common.rest_client [req-5f04804e-d0a1-4937-9a87-5019d0d24a06 req-5f04804e-d0a1-4937-9a87-5019d0d24a06 ] Request (ServicesAdminNegativeTestJSON:test_get_service_with_valid_service_and_invalid_host): 200 GET http://10.180.1.21/compute/v2.1/os-services 1.959s
2025-02-07 17:18:57.755 62656 INFO tempest.lib.common.rest_client [req-f6401adb-9591-404f-9f31-72eba3da8bd1 req-f6401adb-9591-404f-9f31-72eba3da8bd1 ] Request (ImagesDeleteNegativeTestJSON:setUpClass): 201 POST http://10.180.1.21/identity/v3/users 0.100s
2025-02-07 17:18:57.781 62698 INFO tempest.lib.common.rest_client [req-74ba5a1d-d990-4762-bc52-fe3b09ca9bfc req-74ba5a1d-d990-4762-bc52-fe3b09ca9bfc ] Request (AggregatesAdminNegativeTestJSON:test_aggregate_add_non_exist_host): 404 POST http://10.180.1.21/compute/v2.1/os-aggregates/3/action 1.967s
2025-02-07 17:18:57.789 62656 INFO tempest.lib.common.rest_client [req-26b39c01-9e75-4715-b277-4219d19ed8cb req-26b39c01-9e75-4715-b277-4219d19ed8cb ] Request (ImagesDeleteNegativeTestJSON:setUpClass): 200 GET http://10.180.1.21/identity/v3/roles 0.033s
2025-02-07 17:18:57.802 62672 INFO tempest.lib.common.rest_client [req-fecd87c9-d69d-469f-b069-6a496f1ae8be req-fecd87c9-d69d-469f-b069-6a496f1ae8be ] Request (VolumesAssistedSnapshotsTest:test_volume_assisted_snapshot_create_delete): 201 POST http://10.180.1.21:9696/networking/v2.0/floatingips 2.118s
2025-02-07 17:18:57.805 62650 INFO tempest.lib.common.rest_client [req-26c9ce39-753d-4ed4-b9ae-b711a0cc8f3d req-26c9ce39-753d-4ed4-b9ae-b711a0cc8f3d ] Request (FlavorsAdminTestJSON:_run_cleanups): 202 DELETE http://10.180.1.21/compute/v2.1/flavors/1d68eba9-00a4-41f6-8870-1193f326ef14 1.965s
2025-02-07 17:18:57.820 62692 INFO tempest.lib.common.rest_client [req-fb416f53-2763-4187-ac54-6377a91e511d req-fb416f53-2763-4187-ac54-6377a91e511d ] Request (FlavorsExtraSpecsTestJSON:tearDownClass): 202 DELETE http://10.180.1.21/compute/v2.1/flavors/1361007472 1.968s
2025-02-07 17:18:57.833 62656 INFO tempest.lib.common.rest_client [req-b72f780c-fcbc-4e83-b34e-7a161cc25576 req-b72f780c-fcbc-4e83-b34e-7a161cc25576 ] Request (ImagesDeleteNegativeTestJSON:setUpClass): 204 PUT http://10.180.1.21/identity/v3/projects/07612613ba084513967c92f517c736b8/users/4a6e885a05154686b463113d4c0723a7/roles/40a04f2d5d24411992231cdc3ea36dd1 0.043s
2025-02-07 17:18:57.833 62656 INFO tempest.lib.common.dynamic_creds [-] Dynamic test user 4a6e885a05154686b463113d4c0723a7 is created with scope project and roles: ['member']
2025-02-07 17:18:57.834 62656 INFO tempest.lib.common.dynamic_creds [-] Acquired dynamic creds: credentials: Credentials: {'domain_id': 'default', 'domain_name': 'Default', 'username': 'tempest-ImagesDeleteNegativeTestJSON-1182406794-project-member', 'project_domain_id': 'default', 'project_domain_name': 'Default', 'project_id': '07612613ba084513967c92f517c736b8', 'project_name': 'tempest-ImagesDeleteNegativeTestJSON-1182406794', 'tenant_id': '07612613ba084513967c92f517c736b8', 'tenant_name': 'tempest-ImagesDeleteNegativeTestJSON-1182406794', 'user_domain_id': 'default', 'user_domain_name': 'Default', 'user_id': '4a6e885a05154686b463113d4c0723a7', 'system': None}, Network: None, Subnet: None, Router: None
2025-02-07 17:18:57.834 62656 INFO tempest.lib.common.dynamic_creds [-] Created isolated network resources for: credentials: Credentials: {'domain_id': 'default', 'domain_name': 'Default', 'username': 'tempest-ImagesDeleteNegativeTestJSON-1182406794-project-member', 'project_domain_id': 'default', 'project_domain_name': 'Default', 'project_id': '07612613ba084513967c92f517c736b8', 'project_name': 'tempest-ImagesDeleteNegativeTestJSON-1182406794', 'tenant_id': '07612613ba084513967c92f517c736b8', 'tenant_name': 'tempest-ImagesDeleteNegativeTestJSON-1182406794', 'user_domain_id': 'default', 'user_domain_name': 'Default', 'user_id': '4a6e885a05154686b463113d4c0723a7', 'system': None}, Network: None, Subnet: None, Router: None
2025-02-07 17:18:57.840 62658 INFO tempest.lib.common.rest_client [req-589904e4-13dc-4183-91fe-87ab1e8b5af5 req-589904e4-13dc-4183-91fe-87ab1e8b5af5 ] Request (FlavorsAccessNegativeTestJSON:_run_cleanups): 202 DELETE http://10.180.1.21/compute/v2.1/flavors/1126300949 1.898s
2025-02-07 17:18:57.871 62686 INFO tempest.lib.common.rest_client [req-0a8aece5-2c77-4b8d-824a-c70f81891ea9 req-0a8aece5-2c77-4b8d-824a-c70f81891ea9 ] Request (FlavorsV2NegativeTest:tearDownClass): 204 DELETE http://10.180.1.21/identity/v3/users/79826fd02e8e43c5b7d99996bf4fa34e 0.134s
2025-02-07 17:18:57.872 62686 INFO tempest.lib.common.dynamic_creds [-] Deleting project and security group for project: 587987b440dd4839a5c30999333dd54c
2025-02-07 17:18:57.915 62672 INFO tempest.lib.common.rest_client [req-c5a44a18-3620-42f2-b7b2-70c340cfea61 req-c5a44a18-3620-42f2-b7b2-70c340cfea61 ] Request (VolumesAssistedSnapshotsTest:test_volume_assisted_snapshot_create_delete): 201 POST http://10.180.1.21/identity/v3/auth/tokens 0.106s
