2025-02-07 17:21:37.160 62702 INFO tempest.lib.common.rest_client [req-bc388eff-3af7-4f37-9c83-55f13fac288a req-bc388eff-3af7-4f37-9c83-55f13fac288a ] Request (InstanceActionsTestJSON:setUpClass): 200 GET http://10.180.1.21/compute/v2.1/servers/c4d72f48-adf2-435f-9f5f-e3c3bc14bc8c 0.075s
2025-02-07 17:21:37.208 62676 WARNING tempest.lib.common.ssh [-] Failed to establish authenticated ssh connection to cirros@10.180.180.167 ([Errno None] Unable to connect to port 22 on 10.180.180.167). Number attempts: 8. Retry after 9 seconds.: paramiko.ssh_exception.NoValidConnectionsError: [Errno None] Unable to connect to port 22 on 10.180.180.167
2025-02-07 17:21:37.221 62658 INFO tempest.lib.common.rest_client [req-9e6c2342-a3e9-46c4-9d64-7a3881482c24 req-9e6c2342-a3e9-46c4-9d64-7a3881482c24 ] Request (ServerDiskConfigTestJSON:test_rebuild_server_with_manual_disk_config): 200 GET http://10.180.1.21/compute/v2.1/servers/948b7ba2-2caa-4616-abc0-afc6cca58f76 0.082s
2025-02-07 17:21:37.251 62704 INFO tempest.lib.common.rest_client [req-bc874a80-83c4-4c94-a014-6f2fbfbc9389 req-bc874a80-83c4-4c94-a014-6f2fbfbc9389 ] Request (MigrationsAdminTest:test_resize_server_revert_deleted_flavor): 200 GET http://10.180.1.21/compute/v2.1/servers/4279ea33-3d7d-4713-9d21-9e7aa29026ae 0.169s
2025-02-07 17:21:37.259 62704 INFO tempest.common.waiters [-] State transition "BUILD/spawning" ==> "ACTIVE/None" after 79 second wait
2025-02-07 17:21:37.299 62650 INFO tempest.lib.common.rest_client [req-f4a9e3f4-d5ab-4277-8b7c-6a3327717a35 req-f4a9e3f4-d5ab-4277-8b7c-6a3327717a35 ] Request (TenantUsagesTestJSON:tearDownClass): 200 GET http://10.180.1.21/compute/v2.1/servers/fe79d679-7bb1-45f8-8189-1dcbcd72d111 0.154s
2025-02-07 17:21:37.520 62666 INFO tempest.lib.common.rest_client [req-e3e42118-a0b4-4a23-8d76-b2380db91211 req-e3e42118-a0b4-4a23-8d76-b2380db91211 ] Request (SecurityGroupsTestJSON:test_server_security_groups): 200 GET http://10.180.1.21/compute/v2.1/servers/3c4b626f-0a92-4c1c-9240-7ed5e9ce623b 0.322s
2025-02-07 17:21:37.528 62654 INFO tempest.lib.common.rest_client [req-c8d367f5-9f6f-4583-b197-eb8ef686155f req-c8d367f5-9f6f-4583-b197-eb8ef686155f ] Request (ServerRescueTestJSONUnderV235:tearDownClass): 200 GET http://10.180.1.21/compute/v2.1/servers/133b2694-7206-4e72-92d6-ee334b1470e5 0.281s
2025-02-07 17:21:37.608 62706 INFO tempest.lib.common.rest_client [req-31ec66b2-dbb2-4cfb-959c-54392b3226a8 req-31ec66b2-dbb2-4cfb-959c-54392b3226a8 ] Request (ServerMetadataNegativeTestJSON:tearDownClass): 200 GET http://10.180.1.21/compute/v2.1/servers/eaf3b1bf-6f71-48b1-b28d-bb882b9c2035 0.305s
2025-02-07 17:21:37.672 62662 INFO tempest.lib.common.rest_client [req-5af3a8d7-6323-4f0f-9a8e-29ed979fb6a8 req-5af3a8d7-6323-4f0f-9a8e-29ed979fb6a8 ] Request (ServerRescueTestJSON:test_rescue_unrescue_instance): 200 GET http://10.180.1.21/compute/v2.1/servers/c6b9b490-d331-47ac-8410-588490ab048d 0.322s
2025-02-07 17:21:37.708 62704 INFO tempest.lib.common.rest_client [req-f461618c-9672-4170-a3f1-6fb8a56b1564 req-f461618c-9672-4170-a3f1-6fb8a56b1564 ] Request (MigrationsAdminTest:test_resize_server_revert_deleted_flavor): 200 GET http://10.180.1.21/compute/v2.1/servers/4279ea33-3d7d-4713-9d21-9e7aa29026ae 0.448s
2025-02-07 17:21:37.733 62674 INFO tempest.lib.common.rest_client [req-92cbd1f2-d299-40b8-995f-c640b9de7c6a req-92cbd1f2-d299-40b8-995f-c640b9de7c6a ] Request (ServersTestFqdnHostnames:test_create_server_with_fqdn_name): 200 GET http://10.180.1.21/compute/v2.1/servers/ab48d158-561e-40d6-a649-f38a096d96c3 0.327s
2025-02-07 17:21:37.739 62674 INFO tempest.common.waiters [-] State transition "BUILD/scheduling" ==> "BUILD/None" after 12 second wait
2025-02-07 17:21:37.795 62684 INFO tempest.lib.common.rest_client [req-60e32020-81d5-4561-adfa-9da6a240b9b3 req-60e32020-81d5-4561-adfa-9da6a240b9b3 ] Request (ServersTestBootFromVolume:setUpClass): 200 GET http://10.180.1.21/compute/v2.1/servers/e4c166ea-d803-4db5-a104-16bd84bfc6c6 0.187s
2025-02-07 17:21:37.830 62652 INFO tempest.lib.common.rest_client [req-294ce0ff-3b99-4e3d-b44b-5da0ce598e8a req-294ce0ff-3b99-4e3d-b44b-5da0ce598e8a ] Request (ListImageFiltersTestJSON:setUpClass): 200 GET http://10.180.1.21/compute/v2.1/images/7c11852b-d406-4797-970c-61ce34f0175a 0.197s
2025-02-07 17:21:37.889 62678 INFO tempest.lib.common.rest_client [req-787f1ed8-2aed-41f9-a079-cb6d12e42186 req-787f1ed8-2aed-41f9-a079-cb6d12e42186 ] Request (ServerActionsV293TestJSON:setUpClass): 200 GET http://10.180.1.21/compute/v2.1/servers/2f5e173e-0a48-45c2-ae86-64d86a2b45d4 0.328s
2025-02-07 17:21:37.961 62664 INFO tempest.lib.common.rest_client [req-1c81451f-4415-417b-9bda-9a6191394c10 req-1c81451f-4415-417b-9bda-9a6191394c10 ] Request (ServersAdmin275Test:tearDownClass): 200 GET http://10.180.1.21/compute/v2.1/servers/892b410e-c0ae-4ef6-90a6-fbf09d6ad76b 0.258s
2025-02-07 17:21:38.036 62682 INFO tempest.lib.common.rest_client [req-67bd5763-cda8-436c-b613-6b18ec43d1b8 req-67bd5763-cda8-436c-b613-6b18ec43d1b8 ] Request (ServerActionsTestOtherA:_run_cleanups): 200 GET http://10.180.1.21/compute/v2.1/servers/66186b76-7021-4df1-b53c-2789906e37ac 0.324s
2025-02-07 17:21:38.056 62704 INFO tempest.lib.common.rest_client [req-13a7012a-d38b-4cf7-98c3-09a7356166c0 req-13a7012a-d38b-4cf7-98c3-09a7356166c0 ] Request (MigrationsAdminTest:test_resize_server_revert_deleted_flavor): 202 DELETE http://10.180.1.21/compute/v2.1/flavors/5c74ff4d-2d63-49dc-b204-699858e7f6c7 0.339s
2025-02-07 17:21:38.078 62690 INFO tempest.lib.common.rest_client [req-29c1946f-deff-4c9b-8d89-75069a0c2ea4 req-29c1946f-deff-4c9b-8d89-75069a0c2ea4 ] Request (ServersAdminNegativeTestJSON:test_migrate_server_invalid_state): 200 GET http://10.180.1.21/compute/v2.1/servers/036c1441-66e8-4a80-99a2-15dfe86351fc 0.420s
2025-02-07 17:21:38.116 62696 INFO tempest.lib.common.rest_client [req-6e2c6653-f15d-4320-ad4a-cb947a63d3c2 req-6e2c6653-f15d-4320-ad4a-cb947a63d3c2 ] Request (ImagesTestJSON:test_create_image_from_stopped_server): 200 GET http://10.180.1.21/compute/v2.1/servers/911ce85b-847c-4cda-9753-e10fdaf224a5 0.367s
2025-02-07 17:21:38.136 62660 INFO tempest.lib.common.rest_client [req-8b8fe4bf-7d90-4595-b5dc-e95efd34fa2a req-8b8fe4bf-7d90-4595-b5dc-e95efd34fa2a ] Request (ServersTestMultiNic:test_verify_multiple_nics_order): 200 GET http://10.180.1.21/compute/v2.1/servers/93ca7686-9ab7-434e-b425-148d3ba8db62 0.346s
2025-02-07 17:21:38.174 62648 INFO tempest.lib.common.rest_client [req-997fe200-7188-4f9c-bca8-74b1e3553c99 req-997fe200-7188-4f9c-bca8-74b1e3553c99 ] Request (ServersTestJSON:test_create_server_with_ipv6_addr_only): 200 GET http://10.180.1.21/compute/v2.1/servers/fc8146ed-f4c5-4b4b-a03d-c52452f583cd 0.314s
2025-02-07 17:21:38.234 62656 INFO tempest.lib.common.rest_client [req-c1026a72-aaa9-4653-a10a-7058c5e7fc1b req-c1026a72-aaa9-4653-a10a-7058c5e7fc1b ] Request (ListServerFiltersTestJSON:tearDownClass): 200 GET http://10.180.1.21/compute/v2.1/servers/69b21777-3bb0-44ee-b6fd-f61a4a56881e 0.302s
2025-02-07 17:21:38.255 62668 INFO tempest.lib.common.rest_client [req-206df09c-3f0c-4a72-8a2e-b6fdffb36cec req-206df09c-3f0c-4a72-8a2e-b6fdffb36cec ] Request (ImagesOneServerNegativeTestJSON:_run_cleanups): 200 GET http://10.180.1.21/compute/v2.1/servers/1691ec92-ed5b-436a-bba3-f5a998263955 0.345s
2025-02-07 17:21:38.295 62704 INFO tempest.lib.common.rest_client [req-9dbfc92a-93b1-49a1-9220-1753443a7d29 req-9dbfc92a-93b1-49a1-9220-1753443a7d29 ] Request (MigrationsAdminTest:test_resize_server_revert_deleted_flavor): 200 GET http://10.180.1.21/compute/v2.1/flavors/detail 0.239s
2025-02-07 17:21:38.296 62680 INFO tempest.lib.common.rest_client [req-7e0b7e98-ca3a-41ae-ab93-8c2bc5cfc54c req-7e0b7e98-ca3a-41ae-ab93-8c2bc5cfc54c ] Request (ServerTagsTestJSON:tearDownClass): 200 GET http://10.180.1.21/compute/v2.1/servers/f07984e0-1503-4ac1-84e3-61d38443a17a 0.281s
2025-02-07 17:21:38.346 62708 INFO tempest.lib.common.rest_client [req-2d017be7-b682-4ac0-9072-78fc8a653f3d req-2d017be7-b682-4ac0-9072-78fc8a653f3d ] Request (ServersWithSpecificFlavorTestJSON:test_verify_created_server_ephemeral_disk): 200 GET http://10.180.1.21/compute/v2.1/servers/4012f976-bb83-4296-8a36-f3af12570729 0.276s
2025-02-07 17:21:38.351 62702 INFO tempest.lib.common.rest_client [req-f382b299-167a-4ee9-9ea4-d99965fe6b49 req-f382b299-167a-4ee9-9ea4-d99965fe6b49 ] Request (InstanceActionsTestJSON:setUpClass): 200 GET http://10.180.1.21/compute/v2.1/servers/c4d72f48-adf2-435f-9f5f-e3c3bc14bc8c 0.183s
2025-02-07 17:21:38.392 62658 INFO tempest.lib.common.rest_client [req-cb4db29f-88d3-4a41-9818-5b97a5f19a9f req-cb4db29f-88d3-4a41-9818-5b97a5f19a9f ] Request (ServerDiskConfigTestJSON:test_rebuild_server_with_manual_disk_config): 200 GET http://10.180.1.21/compute/v2.1/servers/948b7ba2-2caa-4616-abc0-afc6cca58f76 0.162s
2025-02-07 17:21:38.411 62650 INFO tempest.lib.common.rest_client [req-bcf7fea0-73a4-4c34-a551-4a2f9e4a6527 req-bcf7fea0-73a4-4c34-a551-4a2f9e4a6527 ] Request (TenantUsagesTestJSON:tearDownClass): 404 GET http://10.180.1.21/compute/v2.1/servers/fe79d679-7bb1-45f8-8189-1dcbcd72d111 0.083s
2025-02-07 17:21:38.464 62704 INFO tempest.lib.common.rest_client [req-5109b3f1-67b0-450f-8dd1-81f6d832e5f7 req-5109b3f1-67b0-450f-8dd1-81f6d832e5f7 ] Request (MigrationsAdminTest:test_resize_server_revert_deleted_flavor): 202 POST http://10.180.1.21/compute/v2.1/servers/4279ea33-3d7d-4713-9d21-9e7aa29026ae/action 0.164s
2025-02-07 17:21:38.517 62650 INFO tempest.lib.common.rest_client [req-4af7d2f0-d1a0-473f-889b-0c06cabe8c2f req-4af7d2f0-d1a0-473f-889b-0c06cabe8c2f ] Request (TenantUsagesTestJSON:tearDownClass): 204 DELETE http://10.180.1.21/identity/v3/users/d8779ab1ef6242aeac8b58dbd02cf0b3 0.105s
2025-02-07 17:21:38.594 62704 INFO tempest.lib.common.rest_client [req-85f14717-c403-44df-9f42-e11f9ede7dcb req-85f14717-c403-44df-9f42-e11f9ede7dcb ] Request (MigrationsAdminTest:test_resize_server_revert_deleted_flavor): 200 GET http://10.180.1.21/compute/v2.1/servers/4279ea33-3d7d-4713-9d21-9e7aa29026ae 0.129s
2025-02-07 17:21:38.596 62666 INFO tempest.lib.common.rest_client [req-6b86994a-f706-44bc-85f2-c194340c3485 req-6b86994a-f706-44bc-85f2-c194340c3485 ] Request (SecurityGroupsTestJSON:test_server_security_groups): 200 GET http://10.180.1.21/compute/v2.1/servers/3c4b626f-0a92-4c1c-9240-7ed5e9ce623b 0.068s
2025-02-07 17:21:38.611 62650 INFO tempest.lib.common.rest_client [req-9fcbe99e-6fe3-45cb-a9fc-26a8f4b2a228 req-9fcbe99e-6fe3-45cb-a9fc-26a8f4b2a228 ] Request (TenantUsagesTestJSON:tearDownClass): 204 DELETE http://10.180.1.21/identity/v3/users/e7a1798d92cd4d1bb0a7c7075eba9369 0.094s
2025-02-07 17:21:38.612 62650 INFO tempest.lib.common.dynamic_creds [-] Deleting project and security group for project: c079be56f5c64c34a3156aa5a627f15d
2025-02-07 17:21:38.658 62654 INFO tempest.lib.common.rest_client [req-3d70c1ab-8ac5-42fe-af32-88fd91b9dc3b req-3d70c1ab-8ac5-42fe-af32-88fd91b9dc3b ] Request (ServerRescueTestJSONUnderV235:tearDownClass): 200 GET http://10.180.1.21/compute/v2.1/servers/133b2694-7206-4e72-92d6-ee334b1470e5 0.122s
2025-02-07 17:21:38.679 62650 INFO tempest.lib.common.rest_client [req-2f511dda-b999-4f63-a871-cedca526e20f req-2f511dda-b999-4f63-a871-cedca526e20f ] Request (TenantUsagesTestJSON:tearDownClass): 201 POST http://10.180.1.21/identity/v3/auth/tokens 0.067s
2025-02-07 17:21:38.684 62706 INFO tempest.lib.common.rest_client [req-09cc927e-a47c-4ba9-a88b-efff0a315204 req-09cc927e-a47c-4ba9-a88b-efff0a315204 ] Request (ServerMetadataNegativeTestJSON:tearDownClass): 200 GET http://10.180.1.21/compute/v2.1/servers/eaf3b1bf-6f71-48b1-b28d-bb882b9c2035 0.068s
2025-02-07 17:21:38.733 62662 INFO tempest.lib.common.rest_client [req-8097861e-4e9b-419b-8177-0b7b14e83e9d req-8097861e-4e9b-419b-8177-0b7b14e83e9d ] Request (ServerRescueTestJSON:test_rescue_unrescue_instance): 200 GET http://10.180.1.21/compute/v2.1/servers/c6b9b490-d331-47ac-8410-588490ab048d 0.053s
2025-02-07 17:21:38.792 62674 INFO tempest.lib.common.rest_client [req-214e6040-d1b5-47fb-8662-ee1fb8632b04 req-214e6040-d1b5-47fb-8662-ee1fb8632b04 ] Request (ServersTestFqdnHostnames:test_create_server_with_fqdn_name): 200 GET http://10.180.1.21/compute/v2.1/servers/ab48d158-561e-40d6-a649-f38a096d96c3 0.052s
2025-02-07 17:21:38.859 62684 INFO tempest.lib.common.rest_client [req-782c4029-0ab4-4921-85cd-2c68c0977822 req-782c4029-0ab4-4921-85cd-2c68c0977822 ] Request (ServersTestBootFromVolume:setUpClass): 200 GET http://10.180.1.21/compute/v2.1/servers/e4c166ea-d803-4db5-a104-16bd84bfc6c6 0.053s
2025-02-07 17:21:38.876 62652 INFO tempest.lib.common.rest_client [req-44febf38-79e8-4fe7-bafc-f14528328802 req-44febf38-79e8-4fe7-bafc-f14528328802 ] Request (ListImageFiltersTestJSON:setUpClass): 200 GET http://10.180.1.21/compute/v2.1/images/7c11852b-d406-4797-970c-61ce34f0175a 0.042s
2025-02-07 17:21:38.888 62650 INFO tempest.lib.common.rest_client [req-d775350e-b5cf-43e7-b802-5e28f2ed1873 req-d775350e-b5cf-43e7-b802-5e28f2ed1873 ] Request (TenantUsagesTestJSON:tearDownClass): 200 GET http://10.180.1.21:9696/networking/v2.0/security-groups?tenant_id=c079be56f5c64c34a3156aa5a627f15d&name=default 0.209s
2025-02-07 17:21:39.021 62650 INFO tempest.lib.common.rest_client [req-86ebe4c7-3279-4c40-b0f3-32bf1ed53d85 req-86ebe4c7-3279-4c40-b0f3-32bf1ed53d85 ] Request (TenantUsagesTestJSON:tearDownClass): 204 DELETE http://10.180.1.21:9696/networking/v2.0/security-groups/0ab97449-0de7-4d1d-9146-937720beeab6 0.132s
2025-02-07 17:21:39.052 62664 INFO tempest.lib.common.rest_client [req-61ba5f61-f349-42f2-a3ce-f4984dd3642e req-61ba5f61-f349-42f2-a3ce-f4984dd3642e ] Request (ServersAdmin275Test:tearDownClass): 200 GET http://10.180.1.21/compute/v2.1/servers/892b410e-c0ae-4ef6-90a6-fbf09d6ad76b 0.079s
2025-02-07 17:21:39.091 62650 INFO tempest.lib.common.rest_client [req-ff078585-9bee-4b99-9e82-200c10a4135a req-ff078585-9bee-4b99-9e82-200c10a4135a ] Request (TenantUsagesTestJSON:tearDownClass): 204 DELETE http://10.180.1.21/identity/v3/projects/c079be56f5c64c34a3156aa5a627f15d 0.069s
2025-02-07 17:21:39.091 62650 INFO tempest.lib.common.dynamic_creds [-] Deleting project and security group for project: e291997dabf04c64b32b6ba54b9be954
2025-02-07 17:21:39.126 62650 INFO tempest.lib.common.rest_client [req-6898f079-d9f5-48ce-8a26-354224237f2a req-6898f079-d9f5-48ce-8a26-354224237f2a ] Request (TenantUsagesTestJSON:tearDownClass): 200 GET http://10.180.1.21:9696/networking/v2.0/security-groups?tenant_id=e291997dabf04c64b32b6ba54b9be954&name=default 0.034s
2025-02-07 17:21:39.144 62682 INFO tempest.lib.common.rest_client [req-5e5076db-285a-4f7f-9143-a2d70c5f73c3 req-5e5076db-285a-4f7f-9143-a2d70c5f73c3 ] Request (ServerActionsTestOtherA:_run_cleanups): 200 GET http://10.180.1.21/compute/v2.1/servers/66186b76-7021-4df1-b53c-2789906e37ac 0.100s
2025-02-07 17:21:39.154 62678 INFO tempest.lib.common.rest_client [req-0b978a7e-4ebd-47b0-a793-65d694c6b505 req-0b978a7e-4ebd-47b0-a793-65d694c6b505 ] Request (ServerActionsV293TestJSON:setUpClass): 200 GET http://10.180.1.21/compute/v2.1/servers/2f5e173e-0a48-45c2-ae86-64d86a2b45d4 0.253s
2025-02-07 17:21:39.231 62650 INFO tempest.lib.common.rest_client [req-5a15f203-4452-41d7-9c43-d9289bd78ecc req-5a15f203-4452-41d7-9c43-d9289bd78ecc ] Request (TenantUsagesTestJSON:tearDownClass): 204 DELETE http://10.180.1.21:9696/networking/v2.0/security-groups/8e4390ca-c32b-4bc6-a5a8-6beb2bc16805 0.104s
2025-02-07 17:21:39.232 62696 INFO tempest.lib.common.rest_client [req-0a42e10a-72b6-4d29-80a7-a33fc8d9f5b6 req-0a42e10a-72b6-4d29-80a7-a33fc8d9f5b6 ] Request (ImagesTestJSON:test_create_image_from_stopped_server): 200 GET http://10.180.1.21/compute/v2.1/servers/911ce85b-847c-4cda-9753-e10fdaf224a5 0.107s
2025-02-07 17:21:39.306 62660 INFO tempest.lib.common.rest_client [req-bb759520-e119-42e6-b753-3479dbe99361 req-bb759520-e119-42e6-b753-3479dbe99361 ] Request (ServersTestMultiNic:test_verify_multiple_nics_order): 200 GET http://10.180.1.21/compute/v2.1/servers/93ca7686-9ab7-434e-b425-148d3ba8db62 0.163s
2025-02-07 17:21:39.315 62660 INFO tempest.common.waiters [-] State transition "BUILD/scheduling" ==> "BUILD/None" after 14 second wait
2025-02-07 17:21:39.322 62690 INFO tempest.lib.common.rest_client [req-86ad5516-413e-447c-b088-0d724079357a req-86ad5516-413e-447c-b088-0d724079357a ] Request (ServersAdminNegativeTestJSON:test_migrate_server_invalid_state): 200 GET http://10.180.1.21/compute/v2.1/servers/036c1441-66e8-4a80-99a2-15dfe86351fc 0.234s
2025-02-07 17:21:39.338 62650 INFO tempest.lib.common.rest_client [req-ea348e4b-1cd2-430a-aed2-9052715cd56c req-ea348e4b-1cd2-430a-aed2-9052715cd56c ] Request (TenantUsagesTestJSON:tearDownClass): 204 DELETE http://10.180.1.21/identity/v3/projects/e291997dabf04c64b32b6ba54b9be954 0.106s
2025-02-07 17:21:39.372 62648 INFO tempest.lib.common.rest_client [req-9897f324-ca4b-4a71-9a8c-edb08c9cab17 req-9897f324-ca4b-4a71-9a8c-edb08c9cab17 ] Request (ServersTestJSON:test_create_server_with_ipv6_addr_only): 200 GET http://10.180.1.21/compute/v2.1/servers/fc8146ed-f4c5-4b4b-a03d-c52452f583cd 0.188s
2025-02-07 17:21:39.400 62656 INFO tempest.lib.common.rest_client [req-5a9ec507-9ff7-4df8-90d1-8d7be9859f43 req-5a9ec507-9ff7-4df8-90d1-8d7be9859f43 ] Request (ListServerFiltersTestJSON:tearDownClass): 200 GET http://10.180.1.21/compute/v2.1/servers/69b21777-3bb0-44ee-b6fd-f61a4a56881e 0.158s
2025-02-07 17:21:39.412 62650 INFO tempest.lib.common.rest_client [req-c0a4b2d3-2c0c-42fd-ac38-6bc2cd8a0a3c req-c0a4b2d3-2c0c-42fd-ac38-6bc2cd8a0a3c ] Request (DeleteServersTestJSON:setUpClass): 201 POST http://10.180.1.21/identity/v3/auth/tokens 0.072s
2025-02-07 17:21:39.445 62650 INFO tempest.lib.common.rest_client [req-ca710a29-6c02-476a-a05a-1abab8c69726 req-ca710a29-6c02-476a-a05a-1abab8c69726 ] Request (DeleteServersTestJSON:setUpClass): 201 POST http://10.180.1.21/identity/v3/auth/tokens 0.029s
2025-02-07 17:21:39.476 62650 INFO tempest.lib.common.rest_client [req-86199779-be4a-4cf2-b829-3b53391f4942 req-86199779-be4a-4cf2-b829-3b53391f4942 ] Request (DeleteServersTestJSON:setUpClass): 200 GET http://10.180.1.21/identity/v3/domains?name=Default 0.030s
2025-02-07 17:21:39.476 62680 INFO tempest.lib.common.rest_client [req-ae63dd9a-a1c9-49bf-ab40-2df1c65d0ade req-ae63dd9a-a1c9-49bf-ab40-2df1c65d0ade ] Request (ServerTagsTestJSON:tearDownClass): 200 GET http://10.180.1.21/compute/v2.1/servers/f07984e0-1503-4ac1-84e3-61d38443a17a 0.163s
2025-02-07 17:21:39.496 62668 INFO tempest.lib.common.rest_client [req-789152e9-2901-4c83-a54e-cb691ca34283 req-789152e9-2901-4c83-a54e-cb691ca34283 ] Request (ImagesOneServerNegativeTestJSON:_run_cleanups): 200 GET http://10.180.1.21/compute/v2.1/servers/1691ec92-ed5b-436a-bba3-f5a998263955 0.233s
2025-02-07 17:21:39.518 62650 INFO tempest.lib.common.rest_client [req-86b0116f-e65d-42c4-bbfa-8d52ca0dc5ec req-86b0116f-e65d-42c4-bbfa-8d52ca0dc5ec ] Request (DeleteServersTestJSON:setUpClass): 201 POST http://10.180.1.21/identity/v3/projects 0.042s
2025-02-07 17:21:39.536 62708 INFO tempest.lib.common.rest_client [req-1a673803-5936-4e3c-9aeb-f762c2b88939 req-1a673803-5936-4e3c-9aeb-f762c2b88939 ] Request (ServersWithSpecificFlavorTestJSON:test_verify_created_server_ephemeral_disk): 200 GET http://10.180.1.21/compute/v2.1/servers/4012f976-bb83-4296-8a36-f3af12570729 0.181s
2025-02-07 17:21:39.554 62702 INFO tempest.lib.common.rest_client [req-20a337d3-a617-4097-ae81-d67495af976a req-20a337d3-a617-4097-ae81-d67495af976a ] Request (InstanceActionsTestJSON:setUpClass): 200 GET http://10.180.1.21/compute/v2.1/servers/c4d72f48-adf2-435f-9f5f-e3c3bc14bc8c 0.195s
2025-02-07 17:21:39.594 62650 INFO tempest.lib.common.rest_client [req-963a707e-691a-4c4c-9e30-2ababd4b1b2a req-963a707e-691a-4c4c-9e30-2ababd4b1b2a ] Request (DeleteServersTestJSON:setUpClass): 201 POST http://10.180.1.21/identity/v3/users 0.075s
2025-02-07 17:21:39.595 62658 INFO tempest.lib.common.rest_client [req-1acfb5a0-d6d1-4d0f-91ab-7c7f98f90a36 req-1acfb5a0-d6d1-4d0f-91ab-7c7f98f90a36 ] Request (ServerDiskConfigTestJSON:test_rebuild_server_with_manual_disk_config): 200 GET http://10.180.1.21/compute/v2.1/servers/948b7ba2-2caa-4616-abc0-afc6cca58f76 0.193s
2025-02-07 17:21:39.622 62650 INFO tempest.lib.common.rest_client [req-35b2d9d7-2388-44da-96f5-d0ecb0570c32 req-35b2d9d7-2388-44da-96f5-d0ecb0570c32 ] Request (DeleteServersTestJSON:setUpClass): 200 GET http://10.180.1.21/identity/v3/roles 0.027s
2025-02-07 17:21:39.655 62650 INFO tempest.lib.common.rest_client [req-7240170b-ebc0-4f52-b64a-5559d7e5a9da req-7240170b-ebc0-4f52-b64a-5559d7e5a9da ] Request (DeleteServersTestJSON:setUpClass): 204 PUT http://10.180.1.21/identity/v3/projects/7aa9ac81c5264c7cba58e5879eedf77c/users/699ce75fc096435fb92708a7336ced09/roles/40a04f2d5d24411992231cdc3ea36dd1 0.032s
2025-02-07 17:21:39.655 62650 INFO tempest.lib.common.dynamic_creds [-] Dynamic test user 699ce75fc096435fb92708a7336ced09 is created with scope project and roles: ['member']
2025-02-07 17:21:39.655 62650 INFO tempest.lib.common.dynamic_creds [-] Acquired dynamic creds: credentials: Credentials: {'domain_id': 'default', 'domain_name': 'Default', 'username': 'tempest-DeleteServersTestJSON-1766103036-project-member', 'project_domain_id': 'default', 'project_domain_name': 'Default', 'project_id': '7aa9ac81c5264c7cba58e5879eedf77c', 'project_name': 'tempest-DeleteServersTestJSON-1766103036', 'tenant_id': '7aa9ac81c5264c7cba58e5879eedf77c', 'tenant_name': 'tempest-DeleteServersTestJSON-1766103036', 'user_domain_id': 'default', 'user_domain_name': 'Default', 'user_id': '699ce75fc096435fb92708a7336ced09', 'system': None}, Network: None, Subnet: None, Router: None
2025-02-07 17:21:39.695 62666 INFO tempest.lib.common.rest_client [req-31624a00-1a6b-4c26-ad48-34251d0e6108 req-31624a00-1a6b-4c26-ad48-34251d0e6108 ] Request (SecurityGroupsTestJSON:test_server_security_groups): 200 GET http://10.180.1.21/compute/v2.1/servers/3c4b626f-0a92-4c1c-9240-7ed5e9ce623b 0.091s
2025-02-07 17:21:39.731 62650 INFO tempest.lib.common.rest_client [req-130c1b82-ed58-4426-98fe-8769096085a8 req-130c1b82-ed58-4426-98fe-8769096085a8 ] Request (DeleteServersTestJSON:setUpClass): 201 POST http://10.180.1.21/identity/v3/auth/tokens 0.075s
2025-02-07 17:21:39.743 62704 INFO tempest.lib.common.rest_client [req-a930c73e-125f-4a5f-b947-83ced8f93444 req-a930c73e-125f-4a5f-b947-83ced8f93444 ] Request (MigrationsAdminTest:test_resize_server_revert_deleted_flavor): 200 GET http://10.180.1.21/compute/v2.1/servers/4279ea33-3d7d-4713-9d21-9e7aa29026ae 0.140s
2025-02-07 17:21:39.767 62654 INFO tempest.lib.common.rest_client [req-e06fc5a2-7da1-4053-98d8-cc9ac75ce242 req-e06fc5a2-7da1-4053-98d8-cc9ac75ce242 ] Request (ServerRescueTestJSONUnderV235:tearDownClass): 200 GET http://10.180.1.21/compute/v2.1/servers/133b2694-7206-4e72-92d6-ee334b1470e5 0.100s
2025-02-07 17:21:39.810 62706 INFO tempest.lib.common.rest_client [req-ec5a7ecd-3188-456e-b0b2-7e61939b8f72 req-ec5a7ecd-3188-456e-b0b2-7e61939b8f72 ] Request (ServerMetadataNegativeTestJSON:tearDownClass): 200 GET http://10.180.1.21/compute/v2.1/servers/eaf3b1bf-6f71-48b1-b28d-bb882b9c2035 0.116s
2025-02-07 17:21:39.825 62662 INFO tempest.lib.common.rest_client [req-eb5c13f0-dd04-41d1-b991-02ce0db2987b req-eb5c13f0-dd04-41d1-b991-02ce0db2987b ] Request (ServerRescueTestJSON:test_rescue_unrescue_instance): 200 GET http://10.180.1.21/compute/v2.1/servers/c6b9b490-d331-47ac-8410-588490ab048d 0.082s
2025-02-07 17:21:39.871 62674 INFO tempest.lib.common.rest_client [req-b71356bd-a276-4ca9-bac1-9314c9aaacae req-b71356bd-a276-4ca9-bac1-9314c9aaacae ] Request (ServersTestFqdnHostnames:test_create_server_with_fqdn_name): 200 GET http://10.180.1.21/compute/v2.1/servers/ab48d158-561e-40d6-a649-f38a096d96c3 0.071s
2025-02-07 17:21:39.919 62652 INFO tempest.lib.common.rest_client [req-759d8620-a5c9-4c4a-bb54-1ce3d0214077 req-759d8620-a5c9-4c4a-bb54-1ce3d0214077 ] Request (ListImageFiltersTestJSON:setUpClass): 200 GET http://10.180.1.21/compute/v2.1/images/7c11852b-d406-4797-970c-61ce34f0175a 0.038s
2025-02-07 17:21:39.936 62684 INFO tempest.lib.common.rest_client [req-b0a6b223-45fe-485b-97f3-b3635c6f7f1f req-b0a6b223-45fe-485b-97f3-b3635c6f7f1f ] Request (ServersTestBootFromVolume:setUpClass): 200 GET http://10.180.1.21/compute/v2.1/servers/e4c166ea-d803-4db5-a104-16bd84bfc6c6 0.067s
2025-02-07 17:21:40.042 62650 INFO tempest.lib.common.rest_client [req-7f47edad-69f1-4894-a7e9-5bfd849c2b8c req-7f47edad-69f1-4894-a7e9-5bfd849c2b8c ] Request (DeleteServersTestJSON:setUpClass): 201 POST http://10.180.1.21:9696/networking/v2.0/networks 0.311s
2025-02-07 17:21:40.142 62664 INFO tempest.lib.common.rest_client [req-9a41796a-52a2-47e9-b217-1fe5e2417259 req-9a41796a-52a2-47e9-b217-1fe5e2417259 ] Request (ServersAdmin275Test:tearDownClass): 200 GET http://10.180.1.21/compute/v2.1/servers/892b410e-c0ae-4ef6-90a6-fbf09d6ad76b 0.078s
2025-02-07 17:21:40.253 62682 INFO tempest.lib.common.rest_client [req-7550ece8-7f48-4951-8ff9-51274f714499 req-7550ece8-7f48-4951-8ff9-51274f714499 ] Request (ServerActionsTestOtherA:_run_cleanups): 200 GET http://10.180.1.21/compute/v2.1/servers/66186b76-7021-4df1-b53c-2789906e37ac 0.094s
2025-02-07 17:21:40.268 62650 INFO tempest.lib.common.rest_client [req-3da15d73-d3a8-411f-a97c-fccf2f37c3bd req-3da15d73-d3a8-411f-a97c-fccf2f37c3bd ] Request (DeleteServersTestJSON:setUpClass): 201 POST http://10.180.1.21:9696/networking/v2.0/subnets 0.225s
2025-02-07 17:21:40.320 62696 INFO tempest.lib.common.rest_client [req-809057b9-cad4-41e9-ad58-58cc0a1b5e77 req-809057b9-cad4-41e9-ad58-58cc0a1b5e77 ] Request (ImagesTestJSON:test_create_image_from_stopped_server): 200 GET http://10.180.1.21/compute/v2.1/servers/911ce85b-847c-4cda-9753-e10fdaf224a5 0.080s
2025-02-07 17:21:40.330 62678 INFO tempest.lib.common.rest_client [req-d27d3a23-9a8a-4c5e-8694-5f7f8ebb913f req-d27d3a23-9a8a-4c5e-8694-5f7f8ebb913f ] Request (ServerActionsV293TestJSON:setUpClass): 200 GET http://10.180.1.21/compute/v2.1/servers/2f5e173e-0a48-45c2-ae86-64d86a2b45d4 0.161s
2025-02-07 17:21:40.391 62660 INFO tempest.lib.common.rest_client [req-8867bbe0-3b99-4e91-b2b2-5b2a7ddc06e8 req-8867bbe0-3b99-4e91-b2b2-5b2a7ddc06e8 ] Request (ServersTestMultiNic:test_verify_multiple_nics_order): 200 GET http://10.180.1.21/compute/v2.1/servers/93ca7686-9ab7-434e-b425-148d3ba8db62 0.075s
2025-02-07 17:21:40.446 62648 INFO tempest.lib.common.rest_client [req-77f20158-2097-4080-81f1-6f84a6bef707 req-77f20158-2097-4080-81f1-6f84a6bef707 ] Request (ServersTestJSON:test_create_server_with_ipv6_addr_only): 200 GET http://10.180.1.21/compute/v2.1/servers/fc8146ed-f4c5-4b4b-a03d-c52452f583cd 0.061s
2025-02-07 17:21:40.482 62690 INFO tempest.lib.common.rest_client [req-7be56b17-0a18-4913-b577-454bd581878b req-7be56b17-0a18-4913-b577-454bd581878b ] Request (ServersAdminNegativeTestJSON:test_migrate_server_invalid_state): 200 GET http://10.180.1.21/compute/v2.1/servers/036c1441-66e8-4a80-99a2-15dfe86351fc 0.148s
2025-02-07 17:21:40.521 62656 INFO tempest.lib.common.rest_client [req-34b90d28-e68d-431b-bb19-b35eb4d5fada req-34b90d28-e68d-431b-bb19-b35eb4d5fada ] Request (ListServerFiltersTestJSON:tearDownClass): 200 GET http://10.180.1.21/compute/v2.1/servers/69b21777-3bb0-44ee-b6fd-f61a4a56881e 0.109s
2025-02-07 17:21:40.591 62680 INFO tempest.lib.common.rest_client [req-a300e7cd-220b-4bfd-aa39-bf58e0b17006 req-a300e7cd-220b-4bfd-aa39-bf58e0b17006 ] Request (ServerTagsTestJSON:tearDownClass): 200 GET http://10.180.1.21/compute/v2.1/servers/f07984e0-1503-4ac1-84e3-61d38443a17a 0.104s
2025-02-07 17:21:40.657 62708 INFO tempest.lib.common.rest_client [req-fb7b0acb-87f5-4e3e-b161-bf8baee61bc4 req-fb7b0acb-87f5-4e3e-b161-bf8baee61bc4 ] Request (ServersWithSpecificFlavorTestJSON:test_verify_created_server_ephemeral_disk): 200 GET http://10.180.1.21/compute/v2.1/servers/4012f976-bb83-4296-8a36-f3af12570729 0.113s
2025-02-07 17:21:40.714 62702 INFO tempest.lib.common.rest_client [req-17b786df-0bbd-49f7-a22a-466bd941beba req-17b786df-0bbd-49f7-a22a-466bd941beba ] Request (InstanceActionsTestJSON:setUpClass): 200 GET http://10.180.1.21/compute/v2.1/servers/c4d72f48-adf2-435f-9f5f-e3c3bc14bc8c 0.151s
2025-02-07 17:21:40.730 62668 INFO tempest.lib.common.rest_client [req-2b070a8c-9ae4-440b-83e3-424863edda64 req-2b070a8c-9ae4-440b-83e3-424863edda64 ] Request (ImagesOneServerNegativeTestJSON:_run_cleanups): 200 GET http://10.180.1.21/compute/v2.1/servers/1691ec92-ed5b-436a-bba3-f5a998263955 0.225s
2025-02-07 17:21:40.770 62658 INFO tempest.lib.common.rest_client [req-9984e643-fba3-4b92-8018-345fde9a776d req-9984e643-fba3-4b92-8018-345fde9a776d ] Request (ServerDiskConfigTestJSON:test_rebuild_server_with_manual_disk_config): 200 GET http://10.180.1.21/compute/v2.1/servers/948b7ba2-2caa-4616-abc0-afc6cca58f76 0.164s
2025-02-07 17:21:40.787 62666 INFO tempest.lib.common.rest_client [req-42d3bd3a-2fd7-4b50-9031-5c453d4d4547 req-42d3bd3a-2fd7-4b50-9031-5c453d4d4547 ] Request (SecurityGroupsTestJSON:test_server_security_groups): 200 GET http://10.180.1.21/compute/v2.1/servers/3c4b626f-0a92-4c1c-9240-7ed5e9ce623b 0.079s
2025-02-07 17:21:40.863 62654 INFO tempest.lib.common.rest_client [req-1e5d18b2-c19f-4960-95a1-eea4cc528894 req-1e5d18b2-c19f-4960-95a1-eea4cc528894 ] Request (ServerRescueTestJSONUnderV235:tearDownClass): 200 GET http://10.180.1.21/compute/v2.1/servers/133b2694-7206-4e72-92d6-ee334b1470e5 0.086s
2025-02-07 17:21:40.937 62706 INFO tempest.lib.common.rest_client [req-89d9fb06-a917-48ac-a9a3-ed71ad0d7003 req-89d9fb06-a917-48ac-a9a3-ed71ad0d7003 ] Request (ServerMetadataNegativeTestJSON:tearDownClass): 200 GET http://10.180.1.21/compute/v2.1/servers/eaf3b1bf-6f71-48b1-b28d-bb882b9c2035 0.119s
2025-02-07 17:21:40.941 62704 INFO tempest.lib.common.rest_client [req-7cd8be73-dade-47e3-97a4-5f7079b95f05 req-7cd8be73-dade-47e3-97a4-5f7079b95f05 ] Request (MigrationsAdminTest:test_resize_server_revert_deleted_flavor): 200 GET http://10.180.1.21/compute/v2.1/servers/4279ea33-3d7d-4713-9d21-9e7aa29026ae 0.190s
2025-02-07 17:21:41.003 62650 INFO tempest.lib.common.rest_client [req-3aec9944-30df-4bfc-bbe6-9e3399be0a8c req-3aec9944-30df-4bfc-bbe6-9e3399be0a8c ] Request (DeleteServersTestJSON:setUpClass): 201 POST http://10.180.1.21:9696/networking/v2.0/routers 0.735s
2025-02-07 17:21:41.005 62662 INFO tempest.lib.common.rest_client [req-7e18cb26-ad6e-409e-bdbb-c16238f0b538 req-7e18cb26-ad6e-409e-bdbb-c16238f0b538 ] Request (ServerRescueTestJSON:test_rescue_unrescue_instance): 200 GET http://10.180.1.21/compute/v2.1/servers/c6b9b490-d331-47ac-8410-588490ab048d 0.170s
2025-02-07 17:21:41.006 62674 INFO tempest.lib.common.rest_client [req-e43b06e2-c04b-4028-b38f-056fb6c03293 req-e43b06e2-c04b-4028-b38f-056fb6c03293 ] Request (ServersTestFqdnHostnames:test_create_server_with_fqdn_name): 200 GET http://10.180.1.21/compute/v2.1/servers/ab48d158-561e-40d6-a649-f38a096d96c3 0.124s
2025-02-07 17:21:41.044 62652 INFO tempest.lib.common.rest_client [req-924a321a-d773-41ff-8001-640cdf874875 req-924a321a-d773-41ff-8001-640cdf874875 ] Request (ListImageFiltersTestJSON:setUpClass): 200 GET http://10.180.1.21/compute/v2.1/images/7c11852b-d406-4797-970c-61ce34f0175a 0.121s
2025-02-07 17:21:41.087 62684 INFO tempest.lib.common.rest_client [req-652f1ed3-7dc7-4700-9c73-3fa8e85de16e req-652f1ed3-7dc7-4700-9c73-3fa8e85de16e ] Request (ServersTestBootFromVolume:setUpClass): 200 GET http://10.180.1.21/compute/v2.1/servers/e4c166ea-d803-4db5-a104-16bd84bfc6c6 0.143s
2025-02-07 17:21:41.247 62664 INFO tempest.lib.common.rest_client [req-3e91d2ac-0aeb-4053-b4be-3b108938b639 req-3e91d2ac-0aeb-4053-b4be-3b108938b639 ] Request (ServersAdmin275Test:tearDownClass): 200 GET http://10.180.1.21/compute/v2.1/servers/892b410e-c0ae-4ef6-90a6-fbf09d6ad76b 0.093s
2025-02-07 17:21:41.330 62682 INFO tempest.lib.common.rest_client [req-4a361e75-0d02-427f-a813-7edc448c29ba req-4a361e75-0d02-427f-a813-7edc448c29ba ] Request (ServerActionsTestOtherA:_run_cleanups): 200 GET http://10.180.1.21/compute/v2.1/servers/66186b76-7021-4df1-b53c-2789906e37ac 0.068s
2025-02-07 17:21:41.407 62696 INFO tempest.lib.common.rest_client [req-d5f794a7-eb82-4b74-acf1-54a613dc7a28 req-d5f794a7-eb82-4b74-acf1-54a613dc7a28 ] Request (ImagesTestJSON:test_create_image_from_stopped_server): 200 GET http://10.180.1.21/compute/v2.1/servers/911ce85b-847c-4cda-9753-e10fdaf224a5 0.078s
2025-02-07 17:21:41.416 62696 INFO tempest.common.waiters [-] State transition "BUILD/None" ==> "BUILD/networking" after 60 second wait
2025-02-07 17:21:41.470 62660 INFO tempest.lib.common.rest_client [req-e234a67a-c832-48cb-a277-4fc86fa1734b req-e234a67a-c832-48cb-a277-4fc86fa1734b ] Request (ServersTestMultiNic:test_verify_multiple_nics_order): 200 GET http://10.180.1.21/compute/v2.1/servers/93ca7686-9ab7-434e-b425-148d3ba8db62 0.069s
2025-02-07 17:21:41.497 62678 INFO tempest.lib.common.rest_client [req-b261229e-8473-41c0-b4e9-335249f41b28 req-b261229e-8473-41c0-b4e9-335249f41b28 ] Request (ServerActionsV293TestJSON:setUpClass): 200 GET http://10.180.1.21/compute/v2.1/servers/2f5e173e-0a48-45c2-ae86-64d86a2b45d4 0.154s
2025-02-07 17:21:41.538 62648 INFO tempest.lib.common.rest_client [req-77d2eea0-0aee-401d-bc23-d936d10cb2fd req-77d2eea0-0aee-401d-bc23-d936d10cb2fd ] Request (ServersTestJSON:test_create_server_with_ipv6_addr_only): 200 GET http://10.180.1.21/compute/v2.1/servers/fc8146ed-f4c5-4b4b-a03d-c52452f583cd 0.081s
2025-02-07 17:21:41.625 62656 INFO tempest.lib.common.rest_client [req-486b0cf5-4ad4-442a-a61a-7eed6050c1df req-486b0cf5-4ad4-442a-a61a-7eed6050c1df ] Request (ListServerFiltersTestJSON:tearDownClass): 200 GET http://10.180.1.21/compute/v2.1/servers/69b21777-3bb0-44ee-b6fd-f61a4a56881e 0.095s
2025-02-07 17:21:41.706 62680 INFO tempest.lib.common.rest_client [req-664989f6-6c93-4fa4-bf92-4204c5a0aef3 req-664989f6-6c93-4fa4-bf92-4204c5a0aef3 ] Request (ServerTagsTestJSON:tearDownClass): 200 GET http://10.180.1.21/compute/v2.1/servers/f07984e0-1503-4ac1-84e3-61d38443a17a 0.106s
2025-02-07 17:21:41.710 62690 INFO tempest.lib.common.rest_client [req-72f57704-1653-45a7-966a-388efd142a5f req-72f57704-1653-45a7-966a-388efd142a5f ] Request (ServersAdminNegativeTestJSON:test_migrate_server_invalid_state): 200 GET http://10.180.1.21/compute/v2.1/servers/036c1441-66e8-4a80-99a2-15dfe86351fc 0.216s
2025-02-07 17:21:41.719 62690 INFO tempest.common.waiters [-] State transition "BUILD/spawning" ==> "ACTIVE/None" after 81 second wait
2025-02-07 17:21:41.767 62708 INFO tempest.lib.common.rest_client [req-a76d6ae7-034e-4521-82d2-b628d42e93b6 req-a76d6ae7-034e-4521-82d2-b628d42e93b6 ] Request (ServersWithSpecificFlavorTestJSON:test_verify_created_server_ephemeral_disk): 200 GET http://10.180.1.21/compute/v2.1/servers/4012f976-bb83-4296-8a36-f3af12570729 0.100s
2025-02-07 17:21:41.829 62702 INFO tempest.lib.common.rest_client [req-d207e340-8077-47c5-8b8b-83989dd321a6 req-d207e340-8077-47c5-8b8b-83989dd321a6 ] Request (InstanceActionsTestJSON:setUpClass): 200 GET http://10.180.1.21/compute/v2.1/servers/c4d72f48-adf2-435f-9f5f-e3c3bc14bc8c 0.104s
2025-02-07 17:21:41.838 62690 INFO tempest.lib.common.rest_client [req-f5f50bab-fa53-4483-8425-a6197d3afe14 req-f5f50bab-fa53-4483-8425-a6197d3afe14 ] Request (ServersAdminNegativeTestJSON:test_migrate_server_invalid_state): 202 POST http://10.180.1.21/compute/v2.1/servers/036c1441-66e8-4a80-99a2-15dfe86351fc/action 0.119s
2025-02-07 17:21:41.907 62658 INFO tempest.lib.common.rest_client [req-3d58d48e-6c1e-4953-8300-e7adab86c073 req-3d58d48e-6c1e-4953-8300-e7adab86c073 ] Request (ServerDiskConfigTestJSON:test_rebuild_server_with_manual_disk_config): 200 GET http://10.180.1.21/compute/v2.1/servers/948b7ba2-2caa-4616-abc0-afc6cca58f76 0.126s
2025-02-07 17:21:41.909 62650 INFO tempest.lib.common.rest_client [req-6b54733c-2b3b-4541-b2c6-1fc076813c1d req-6b54733c-2b3b-4541-b2c6-1fc076813c1d ] Request (DeleteServersTestJSON:setUpClass): 200 PUT http://10.180.1.21:9696/networking/v2.0/routers/72a06eda-bab0-4a6b-98a1-b31452edc1f3/add_router_interface 0.905s
2025-02-07 17:21:41.909 62650 INFO tempest.lib.common.dynamic_creds [-] Created isolated network resources for: credentials: Credentials: {'domain_id': 'default', 'domain_name': 'Default', 'username': 'tempest-DeleteServersTestJSON-1766103036-project-member', 'project_domain_id': 'default', 'project_domain_name': 'Default', 'project_id': '7aa9ac81c5264c7cba58e5879eedf77c', 'project_name': 'tempest-DeleteServersTestJSON-1766103036', 'tenant_id': '7aa9ac81c5264c7cba58e5879eedf77c', 'tenant_name': 'tempest-DeleteServersTestJSON-1766103036', 'user_domain_id': 'default', 'user_domain_name': 'Default', 'user_id': '699ce75fc096435fb92708a7336ced09', 'system': None}, Network: {'id': '0bcec7a4-aa8e-420d-b203-4ead2073e045', 'name': 'tempest-DeleteServersTestJSON-575957277-network', 'tenant_id': '7aa9ac81c5264c7cba58e5879eedf77c', 'admin_state_up': True, 'mtu': 8950, 'status': 'ACTIVE', 'subnets': [], 'shared': False, 'project_id': '7aa9ac81c5264c7cba58e5879eedf77c', 'port_security_enabled': True, 'router:external': False, 'provider:network_type': 'vlan', 'provider:physical_network': 'default', 'provider:segmentation_id': 941, 'availability_zone_hints': [], 'availability_zones': [], 'ipv4_address_scope': None, 'ipv6_address_scope': None, 'description': '', 'tags': [], 'created_at': '2025-02-07T17:21:39Z', 'updated_at': '2025-02-07T17:21:39Z', 'revision_number': 1}, Subnet: {'id': '268791e6-3c31-4bf4-9833-86cb6348f5ec', 'name': 'tempest-DeleteServersTestJSON-575957277-subnet', 'tenant_id': '7aa9ac81c5264c7cba58e5879eedf77c', 'network_id': '0bcec7a4-aa8e-420d-b203-4ead2073e045', 'ip_version': 4, 'subnetpool_id': None, 'enable_dhcp': True, 'ipv6_ra_mode': None, 'ipv6_address_mode': None, 'gateway_ip': '192.168.128.1', 'cidr': '192.168.128.0/28', 'allocation_pools': [{'start': '192.168.128.2', 'end': '192.168.128.14'}], 'host_routes': [], 'dns_nameservers': [], 'description': '', 'router:external': False, 'service_types': [], 'tags': [], 'created_at': '2025-02-07T17:21:40Z', 'updated_at': '2025-02-07T17:21:40Z', 'revision_number': 0, 'project_id': '7aa9ac81c5264c7cba58e5879eedf77c'}, Router: {'id': '72a06eda-bab0-4a6b-98a1-b31452edc1f3', 'name': 'tempest-DeleteServersTestJSON-575957277-router', 'tenant_id': '7aa9ac81c5264c7cba58e5879eedf77c', 'admin_state_up': True, 'status': 'ACTIVE', 'external_gateway_info': {'network_id': '076bbf43-7cbd-4c02-9cc6-333777320790', 'external_fixed_ips': [{'subnet_id': 'ae5b0d6c-3f91-4be2-ad6d-02144f906f5c', 'ip_address': '10.180.180.207'}], 'enable_snat': True}, 'description': '', 'availability_zones': [], 'distributed': False, 'ha': False, 'availability_zone_hints': [], 'routes': [], 'flavor_id': None, 'tags': [], 'created_at': '2025-02-07T17:21:40Z', 'updated_at': '2025-02-07T17:21:40Z', 'revision_number': 2, 'project_id': '7aa9ac81c5264c7cba58e5879eedf77c'}
2025-02-07 17:21:41.970 62666 INFO tempest.lib.common.rest_client [req-9baf3044-1932-4bb3-a963-1902461939e0 req-9baf3044-1932-4bb3-a963-1902461939e0 ] Request (SecurityGroupsTestJSON:test_server_security_groups): 200 GET http://10.180.1.21/compute/v2.1/servers/3c4b626f-0a92-4c1c-9240-7ed5e9ce623b 0.175s
2025-02-07 17:21:41.990 62668 INFO tempest.lib.common.rest_client [req-4cd36cf5-de2e-4fe8-bf30-41b62faa217e req-4cd36cf5-de2e-4fe8-bf30-41b62faa217e ] Request (ImagesOneServerNegativeTestJSON:_run_cleanups): 200 GET http://10.180.1.21/compute/v2.1/servers/1691ec92-ed5b-436a-bba3-f5a998263955 0.252s
2025-02-07 17:21:42.022 62650 INFO tempest.lib.common.rest_client [req-54dedc89-2a22-4406-a7e1-a9d2c11620e6 req-54dedc89-2a22-4406-a7e1-a9d2c11620e6 ] Request (DeleteServersTestJSON:setUpClass): 201 POST http://10.180.1.21/identity/v3/auth/tokens 0.107s
2025-02-07 17:21:42.058 62650 INFO tempest.lib.common.rest_client [req-50be8b8a-e711-4801-b62d-30c9dc610bb3 req-50be8b8a-e711-4801-b62d-30c9dc610bb3 ] Request (DeleteServersTestJSON:test_delete_active_server): 201 POST http://10.180.1.21/identity/v3/auth/tokens 0.032s
2025-02-07 17:21:42.058 62650 INFO tempest.lib.common.fixed_network [-] (DeleteServersTestJSON:test_delete_active_server) Found network {'id': '0bcec7a4-aa8e-420d-b203-4ead2073e045', 'name': 'tempest-DeleteServersTestJSON-575957277-network', 'tenant_id': '7aa9ac81c5264c7cba58e5879eedf77c', 'admin_state_up': True, 'mtu': 8950, 'status': 'ACTIVE', 'subnets': [], 'shared': False, 'project_id': '7aa9ac81c5264c7cba58e5879eedf77c', 'port_security_enabled': True, 'router:external': False, 'provider:network_type': 'vlan', 'provider:physical_network': 'default', 'provider:segmentation_id': 941, 'availability_zone_hints': [], 'availability_zones': [], 'ipv4_address_scope': None, 'ipv6_address_scope': None, 'description': '', 'tags': [], 'created_at': '2025-02-07T17:21:39Z', 'updated_at': '2025-02-07T17:21:39Z', 'revision_number': 1} available for tenant
2025-02-07 17:21:42.059 62654 INFO tempest.lib.common.rest_client [req-4bf0e52a-33b5-43cb-ad35-c36e907fd1d5 req-4bf0e52a-33b5-43cb-ad35-c36e907fd1d5 ] Request (ServerRescueTestJSONUnderV235:tearDownClass): 200 GET http://10.180.1.21/compute/v2.1/servers/133b2694-7206-4e72-92d6-ee334b1470e5 0.187s
2025-02-07 17:21:42.137 62706 INFO tempest.lib.common.rest_client [req-055d6ddb-46e6-46a5-bf66-08078bcb28cd req-055d6ddb-46e6-46a5-bf66-08078bcb28cd ] Request (ServerMetadataNegativeTestJSON:tearDownClass): 200 GET http://10.180.1.21/compute/v2.1/servers/eaf3b1bf-6f71-48b1-b28d-bb882b9c2035 0.191s
2025-02-07 17:21:42.319 62704 INFO tempest.lib.common.rest_client [req-54c33b24-a51b-4a74-ac58-fd72dabb7fce req-54c33b24-a51b-4a74-ac58-fd72dabb7fce ] Request (MigrationsAdminTest:test_resize_server_revert_deleted_flavor): 200 GET http://10.180.1.21/compute/v2.1/servers/4279ea33-3d7d-4713-9d21-9e7aa29026ae 0.369s
2025-02-07 17:21:42.332 62690 INFO tempest.lib.common.rest_client [req-c1e45a80-0462-449f-a1b3-5bd0265c29d0 req-c1e45a80-0462-449f-a1b3-5bd0265c29d0 ] Request (ServersAdminNegativeTestJSON:test_migrate_server_invalid_state): 200 GET http://10.180.1.21/compute/v2.1/servers/036c1441-66e8-4a80-99a2-15dfe86351fc 0.493s
2025-02-07 17:21:42.399 62674 INFO tempest.lib.common.rest_client [req-74b6f8ff-730a-4dbb-ab9c-ee3907c3daac req-74b6f8ff-730a-4dbb-ab9c-ee3907c3daac ] Request (ServersTestFqdnHostnames:test_create_server_with_fqdn_name): 200 GET http://10.180.1.21/compute/v2.1/servers/ab48d158-561e-40d6-a649-f38a096d96c3 0.380s
2025-02-07 17:21:42.399 62662 INFO tempest.lib.common.rest_client [req-229e3ec1-3ed5-43bb-a1d2-0bbf4824ec8e req-229e3ec1-3ed5-43bb-a1d2-0bbf4824ec8e ] Request (ServerRescueTestJSON:test_rescue_unrescue_instance): 200 GET http://10.180.1.21/compute/v2.1/servers/c6b9b490-d331-47ac-8410-588490ab048d 0.380s
2025-02-07 17:21:42.443 62652 INFO tempest.lib.common.rest_client [req-a19b0f77-6330-4616-a475-cecd1d5418cd req-a19b0f77-6330-4616-a475-cecd1d5418cd ] Request (ListImageFiltersTestJSON:setUpClass): 200 GET http://10.180.1.21/compute/v2.1/images/7c11852b-d406-4797-970c-61ce34f0175a 0.395s
2025-02-07 17:21:42.501 62684 INFO tempest.lib.common.rest_client [req-a6596452-61c7-4ceb-a1d5-f539d977ccb3 req-a6596452-61c7-4ceb-a1d5-f539d977ccb3 ] Request (ServersTestBootFromVolume:setUpClass): 200 GET http://10.180.1.21/compute/v2.1/servers/e4c166ea-d803-4db5-a104-16bd84bfc6c6 0.401s
2025-02-07 17:21:42.585 62664 INFO tempest.lib.common.rest_client [req-c0ed5edd-3d69-43a5-9fa8-441414ed3c3f req-c0ed5edd-3d69-43a5-9fa8-441414ed3c3f ] Request (ServersAdmin275Test:tearDownClass): 200 GET http://10.180.1.21/compute/v2.1/servers/892b410e-c0ae-4ef6-90a6-fbf09d6ad76b 0.328s
2025-02-07 17:21:42.652 62682 INFO tempest.lib.common.rest_client [req-35e26be5-7acc-4369-b81d-feeef22070f6 req-35e26be5-7acc-4369-b81d-feeef22070f6 ] Request (ServerActionsTestOtherA:_run_cleanups): 200 GET http://10.180.1.21/compute/v2.1/servers/66186b76-7021-4df1-b53c-2789906e37ac 0.312s
2025-02-07 17:21:42.779 62696 INFO tempest.lib.common.rest_client [req-0baccc12-b044-43e7-8960-efe25364e7c9 req-0baccc12-b044-43e7-8960-efe25364e7c9 ] Request (ImagesTestJSON:test_create_image_from_stopped_server): 200 GET http://10.180.1.21/compute/v2.1/servers/911ce85b-847c-4cda-9753-e10fdaf224a5 0.362s
2025-02-07 17:21:42.787 62696 INFO tempest.common.waiters [-] State transition "BUILD/networking" ==> "BUILD/block_device_mapping" after 61 second wait
2025-02-07 17:21:42.829 62660 INFO tempest.lib.common.rest_client [req-1f295a35-a00b-4b83-84ec-f8eea2c78193 req-1f295a35-a00b-4b83-84ec-f8eea2c78193 ] Request (ServersTestMultiNic:test_verify_multiple_nics_order): 200 GET http://10.180.1.21/compute/v2.1/servers/93ca7686-9ab7-434e-b425-148d3ba8db62 0.349s
2025-02-07 17:21:42.944 62650 INFO tempest.lib.common.rest_client [req-c65b97fc-f428-4e0a-b552-fe7747e76ffb req-c65b97fc-f428-4e0a-b552-fe7747e76ffb ] Request (DeleteServersTestJSON:test_delete_active_server): 202 POST http://10.180.1.21/compute/v2.1/servers 0.885s
2025-02-07 17:21:42.957 62678 INFO tempest.lib.common.rest_client [req-1a91a168-0e09-4ec6-88bd-f3097160553f req-1a91a168-0e09-4ec6-88bd-f3097160553f ] Request (ServerActionsV293TestJSON:setUpClass): 200 GET http://10.180.1.21/compute/v2.1/servers/2f5e173e-0a48-45c2-ae86-64d86a2b45d4 0.448s
2025-02-07 17:21:43.017 62648 INFO tempest.lib.common.rest_client [req-12a5cdfb-4baf-4e47-b576-a6c0cb24ae4b req-12a5cdfb-4baf-4e47-b576-a6c0cb24ae4b ] Request (ServersTestJSON:test_create_server_with_ipv6_addr_only): 200 GET http://10.180.1.21/compute/v2.1/servers/fc8146ed-f4c5-4b4b-a03d-c52452f583cd 0.471s
2025-02-07 17:21:43.031 62648 INFO tempest.common.waiters [-] State transition "BUILD/scheduling" ==> "BUILD/None" after 12 second wait
2025-02-07 17:21:43.033 62656 INFO tempest.lib.common.rest_client [req-5500ad72-716f-419d-a55f-8bb5f66ffb3f req-5500ad72-716f-419d-a55f-8bb5f66ffb3f ] Request (ListServerFiltersTestJSON:tearDownClass): 200 GET http://10.180.1.21/compute/v2.1/servers/69b21777-3bb0-44ee-b6fd-f61a4a56881e 0.390s
2025-02-07 17:21:43.109 62680 INFO tempest.lib.common.rest_client [req-6bf34f5b-19da-4642-aef5-17351a226bf3 req-6bf34f5b-19da-4642-aef5-17351a226bf3 ] Request (ServerTagsTestJSON:tearDownClass): 200 GET http://10.180.1.21/compute/v2.1/servers/f07984e0-1503-4ac1-84e3-61d38443a17a 0.390s
2025-02-07 17:21:43.109 62708 INFO tempest.lib.common.rest_client [req-590e87aa-b289-428d-9488-78ac19b41b1f req-590e87aa-b289-428d-9488-78ac19b41b1f ] Request (ServersWithSpecificFlavorTestJSON:test_verify_created_server_ephemeral_disk): 200 GET http://10.180.1.21/compute/v2.1/servers/4012f976-bb83-4296-8a36-f3af12570729 0.326s
2025-02-07 17:21:43.160 62646 WARNING tempest.lib.common.ssh [-] Failed to establish authenticated ssh connection to cirros@10.180.180.239 ([Errno None] Unable to connect to port 22 on 10.180.180.239). Number attempts: 6. Retry after 7 seconds.: paramiko.ssh_exception.NoValidConnectionsError: [Errno None] Unable to connect to port 22 on 10.180.180.239
2025-02-07 17:21:43.181 62702 INFO tempest.lib.common.rest_client [req-25c94c46-d3f5-4818-9522-d3d4bb76e5b5 req-25c94c46-d3f5-4818-9522-d3d4bb76e5b5 ] Request (InstanceActionsTestJSON:setUpClass): 200 GET http://10.180.1.21/compute/v2.1/servers/c4d72f48-adf2-435f-9f5f-e3c3bc14bc8c 0.340s
2025-02-07 17:21:43.187 62658 INFO tempest.lib.common.rest_client [req-c880c76f-246e-431a-8fcc-a0e6be386d5c req-c880c76f-246e-431a-8fcc-a0e6be386d5c ] Request (ServerDiskConfigTestJSON:test_rebuild_server_with_manual_disk_config): 200 GET http://10.180.1.21/compute/v2.1/servers/948b7ba2-2caa-4616-abc0-afc6cca58f76 0.270s
2025-02-07 17:21:43.223 62650 INFO tempest.lib.common.rest_client [req-fb08d7a9-66e9-4f89-b7ec-b100b97bf7fe req-fb08d7a9-66e9-4f89-b7ec-b100b97bf7fe ] Request (DeleteServersTestJSON:test_delete_active_server): 200 GET http://10.180.1.21/compute/v2.1/servers/0ee7925e-085a-489d-8e8e-a0169dd17d45 0.276s
2025-02-07 17:21:43.254 62666 INFO tempest.lib.common.rest_client [req-939d169b-ba65-44e5-8865-85e52f73b8d8 req-939d169b-ba65-44e5-8865-85e52f73b8d8 ] Request (SecurityGroupsTestJSON:test_server_security_groups): 200 GET http://10.180.1.21/compute/v2.1/servers/3c4b626f-0a92-4c1c-9240-7ed5e9ce623b 0.275s
2025-02-07 17:21:43.327 62654 INFO tempest.lib.common.rest_client [req-b8f376c8-64d2-41d5-b0dc-c688b2283ee6 req-b8f376c8-64d2-41d5-b0dc-c688b2283ee6 ] Request (ServerRescueTestJSONUnderV235:tearDownClass): 200 GET http://10.180.1.21/compute/v2.1/servers/133b2694-7206-4e72-92d6-ee334b1470e5 0.259s
2025-02-07 17:21:43.360 62668 INFO tempest.lib.common.rest_client [req-42a3358e-8b34-4d08-aaf1-b737573a4560 req-42a3358e-8b34-4d08-aaf1-b737573a4560 ] Request (ImagesOneServerNegativeTestJSON:_run_cleanups): 200 GET http://10.180.1.21/compute/v2.1/servers/1691ec92-ed5b-436a-bba3-f5a998263955 0.362s
2025-02-07 17:21:43.401 62706 INFO tempest.lib.common.rest_client [req-b37a7869-2ef6-4e61-be7b-fe399be9ab70 req-b37a7869-2ef6-4e61-be7b-fe399be9ab70 ] Request (ServerMetadataNegativeTestJSON:tearDownClass): 200 GET http://10.180.1.21/compute/v2.1/servers/eaf3b1bf-6f71-48b1-b28d-bb882b9c2035 0.246s
2025-02-07 17:21:43.563 62704 INFO tempest.lib.common.rest_client [req-34d33aab-ac7f-4fbf-b9c2-50ecf62b1f23 req-34d33aab-ac7f-4fbf-b9c2-50ecf62b1f23 ] Request (MigrationsAdminTest:test_resize_server_revert_deleted_flavor): 200 GET http://10.180.1.21/compute/v2.1/servers/4279ea33-3d7d-4713-9d21-9e7aa29026ae 0.236s
2025-02-07 17:21:43.574 62690 INFO tempest.lib.common.rest_client [req-cf5ba295-2d13-4282-9f6f-4abda8dc1850 req-cf5ba295-2d13-4282-9f6f-4abda8dc1850 ] Request (ServersAdminNegativeTestJSON:test_migrate_server_invalid_state): 200 GET http://10.180.1.21/compute/v2.1/servers/036c1441-66e8-4a80-99a2-15dfe86351fc 0.229s
2025-02-07 17:21:43.632 62662 INFO tempest.lib.common.rest_client [req-16fb570a-4737-4c5d-ae61-d0b45e29260c req-16fb570a-4737-4c5d-ae61-d0b45e29260c ] Request (ServerRescueTestJSON:test_rescue_unrescue_instance): 200 GET http://10.180.1.21/compute/v2.1/servers/c6b9b490-d331-47ac-8410-588490ab048d 0.222s
