2025-02-07 17:18:43.553 62650 INFO tempest.lib.common.rest_client [req-e3369013-8c37-4899-86d2-6a96516ff7b8 req-e3369013-8c37-4899-86d2-6a96516ff7b8 ] Request (FlavorsAdminTestJSON:test_create_flavor_verify_entry_in_list_details): 200 GET http://10.180.1.21/compute/v2.1/flavors/detail 1.426s
2025-02-07 17:18:43.618 62646 INFO tempest.lib.common.rest_client [req-da3b02a7-3da3-4def-b3e8-94016955b969 req-da3b02a7-3da3-4def-b3e8-94016955b969 ] Request (InstanceUsageAuditLogNegativeTestJSON:tearDownClass): 204 DELETE http://10.180.1.21/identity/v3/users/0203feea65634ff5adb39ab658bee4cf 0.104s
2025-02-07 17:18:43.639 62696 INFO tempest.lib.common.rest_client [req-5f0ddb1b-0876-4aca-bfa3-3f551b23336a req-5f0ddb1b-0876-4aca-bfa3-3f551b23336a ] Request (InstanceUsageAuditLogTestJSON:tearDownClass): 200 GET http://10.180.1.21:9696/networking/v2.0/security-groups?tenant_id=6c3a2f9135264579b7a31b4fbdfac587&name=default 0.254s
2025-02-07 17:18:43.652 62652 INFO tempest.lib.common.rest_client [req-7ce6983b-0c20-4e19-a81f-ace5c64e2c81 req-7ce6983b-0c20-4e19-a81f-ace5c64e2c81 ] Request (ServerExternalEventsTest:test_create_server_external_events): 200 GET http://10.180.1.21/compute/v2.1/servers/5f192c3a-1f44-4471-afec-76a321dfd557 1.274s
2025-02-07 17:18:43.698 62670 INFO tempest.lib.common.rest_client [req-98eb8d98-fb53-4106-ba33-953fc3c26f04 req-98eb8d98-fb53-4106-ba33-953fc3c26f04 ] Request (QuotaClassesAdmin257Test:_run_cleanups): 200 PUT http://10.180.1.21/compute/v2.1/os-quota-class-sets/default 1.299s
2025-02-07 17:18:43.698 62656 INFO tempest.lib.common.rest_client [req-0ec68080-8ebf-4799-ac9f-5316c5fc68fd req-0ec68080-8ebf-4799-ac9f-5316c5fc68fd ] Request (FlavorsAccessTestJSON:test_flavor_access_add_remove): 200 GET http://10.180.1.21/compute/v2.1/flavors/detail 1.421s
2025-02-07 17:18:43.710 62686 INFO tempest.lib.common.rest_client [req-9271cd83-68f8-46c9-97a1-ab5eb9b1d461 req-9271cd83-68f8-46c9-97a1-ab5eb9b1d461 ] Request (KeyPairsV210TestJSON:test_admin_manage_keypairs_for_other_users): 200 GET http://10.180.1.21/compute/v2.1/os-keypairs/tempest-keypair-1729823913?user_id=5a67037202f54df7a627afb488921d35 1.166s
2025-02-07 17:18:43.722 62646 INFO tempest.lib.common.rest_client [req-619ed1e1-dbf1-4194-b3e2-1e402641e86b req-619ed1e1-dbf1-4194-b3e2-1e402641e86b ] Request (InstanceUsageAuditLogNegativeTestJSON:tearDownClass): 204 DELETE http://10.180.1.21/identity/v3/users/5ded9697743c4c029aa97435762ab320 0.103s
2025-02-07 17:18:43.722 62646 INFO tempest.lib.common.dynamic_creds [-] Deleting project and security group for project: 74eda9a1c9ca489c85bc2227afe10896
2025-02-07 17:18:43.753 62672 INFO tempest.lib.common.rest_client [req-bf286e3e-27cd-43e8-babd-725f436fa2f7 req-bf286e3e-27cd-43e8-babd-725f436fa2f7 ] Request (VolumesAssistedSnapshotsTest:setUpClass): 200 PUT http://10.180.1.21:9696/networking/v2.0/routers/ec555bac-9837-4728-910e-01169d1c48f8/add_router_interface 2.870s
2025-02-07 17:18:43.753 62672 INFO tempest.lib.common.dynamic_creds [-] Created isolated network resources for: credentials: Credentials: {'domain_id': 'default', 'domain_name': 'Default', 'username': 'tempest-VolumesAssistedSnapshotsTest-829345027-project-admin', 'project_domain_id': 'default', 'project_domain_name': 'Default', 'project_id': '7126846d058d4196aeb6432768286e86', 'project_name': 'tempest-VolumesAssistedSnapshotsTest-829345027', 'tenant_id': '7126846d058d4196aeb6432768286e86', 'tenant_name': 'tempest-VolumesAssistedSnapshotsTest-829345027', 'user_domain_id': 'default', 'user_domain_name': 'Default', 'user_id': 'ae5af643a1aa458ca2bd69a4bb7d80da', 'system': None}, Network: {'id': '4e72c0c3-4b1e-41c3-8389-31a70fdd9b67', 'name': 'tempest-VolumesAssistedSnapshotsTest-536998510-network', 'tenant_id': '7126846d058d4196aeb6432768286e86', 'admin_state_up': True, 'mtu': 8950, 'status': 'ACTIVE', 'subnets': [], 'shared': False, 'project_id': '7126846d058d4196aeb6432768286e86', 'port_security_enabled': True, 'router:external': False, 'provider:network_type': 'vlan', 'provider:physical_network': 'default', 'provider:segmentation_id': 856, 'availability_zone_hints': [], 'availability_zones': [], 'ipv4_address_scope': None, 'ipv6_address_scope': None, 'description': '', 'tags': [], 'created_at': '2025-02-07T17:18:39Z', 'updated_at': '2025-02-07T17:18:39Z', 'revision_number': 1}, Subnet: {'id': '79e68320-064c-4f61-b0a0-b978290c4227', 'name': 'tempest-VolumesAssistedSnapshotsTest-536998510-subnet', 'tenant_id': '7126846d058d4196aeb6432768286e86', 'network_id': '4e72c0c3-4b1e-41c3-8389-31a70fdd9b67', 'ip_version': 4, 'subnetpool_id': None, 'enable_dhcp': True, 'ipv6_ra_mode': None, 'ipv6_address_mode': None, 'gateway_ip': '192.168.128.1', 'cidr': '192.168.128.0/28', 'allocation_pools': [{'start': '192.168.128.2', 'end': '192.168.128.14'}], 'host_routes': [], 'dns_nameservers': [], 'description': '', 'router:external': False, 'service_types': [], 'tags': [], 'created_at': '2025-02-07T17:18:39Z', 'updated_at': '2025-02-07T17:18:39Z', 'revision_number': 0, 'project_id': '7126846d058d4196aeb6432768286e86'}, Router: {'id': 'ec555bac-9837-4728-910e-01169d1c48f8', 'name': 'tempest-VolumesAssistedSnapshotsTest-536998510-router', 'tenant_id': '7126846d058d4196aeb6432768286e86', 'admin_state_up': True, 'status': 'ACTIVE', 'external_gateway_info': {'network_id': '076bbf43-7cbd-4c02-9cc6-333777320790', 'external_fixed_ips': [{'subnet_id': 'ae5b0d6c-3f91-4be2-ad6d-02144f906f5c', 'ip_address': '10.180.180.148'}], 'enable_snat': True}, 'description': '', 'availability_zones': [], 'distributed': False, 'ha': False, 'availability_zone_hints': [], 'routes': [], 'flavor_id': None, 'tags': [], 'created_at': '2025-02-07T17:18:39Z', 'updated_at': '2025-02-07T17:18:40Z', 'revision_number': 2, 'project_id': '7126846d058d4196aeb6432768286e86'}
2025-02-07 17:18:43.761 62694 INFO tempest.lib.common.rest_client [req-f5b5c4a2-0c76-45ec-8940-85d58188ebd3 req-f5b5c4a2-0c76-45ec-8940-85d58188ebd3 ] Request (AZAdminV2TestJSON:tearDownClass): 204 DELETE http://10.180.1.21:9696/networking/v2.0/security-groups/b3fd62ef-3ed2-4d3e-8d9c-b2df49e004e0 0.212s
2025-02-07 17:18:43.809 62690 INFO tempest.lib.common.rest_client [req-a0939dca-d951-4ee5-b6aa-be3b21d263ae req-a0939dca-d951-4ee5-b6aa-be3b21d263ae ] Request (HypervisorAdminV228Test:tearDownClass): 200 GET http://10.180.1.21:9696/networking/v2.0/security-groups?tenant_id=204b354135324b76a113a02d7e70bc7f&name=default 0.449s
2025-02-07 17:18:43.831 62692 INFO tempest.lib.common.rest_client [req-7e80a693-16a2-4b93-9195-ee36ebc239be req-7e80a693-16a2-4b93-9195-ee36ebc239be ] Request (FlavorsExtraSpecsTestJSON:test_flavor_non_admin_get_all_keys): 200 GET http://10.180.1.21/compute/v2.1/flavors/1361007472/os-extra_specs 1.224s
2025-02-07 17:18:43.846 62696 INFO tempest.lib.common.rest_client [req-0aac0ec4-5342-4b6f-b123-d78b0b73404a req-0aac0ec4-5342-4b6f-b123-d78b0b73404a ] Request (InstanceUsageAuditLogTestJSON:tearDownClass): 204 DELETE http://10.180.1.21:9696/networking/v2.0/security-groups/16383cf6-afc0-40d7-a71a-cb7e050d916f 0.206s
2025-02-07 17:18:43.853 62660 INFO tempest.lib.common.rest_client [req-bafa5b8b-f417-4f47-8833-cc5d1e7649ee req-bafa5b8b-f417-4f47-8833-cc5d1e7649ee ] Request (HypervisorAdminUnderV252Test:test_search_hypervisor): 200 GET http://10.180.1.21/compute/v2.1/os-hypervisors 1.174s
2025-02-07 17:18:43.868 62646 INFO tempest.lib.common.rest_client [req-62525ef6-52ec-46f5-a391-acc3fbbe33a9 req-62525ef6-52ec-46f5-a391-acc3fbbe33a9 ] Request (InstanceUsageAuditLogNegativeTestJSON:tearDownClass): 201 POST http://10.180.1.21/identity/v3/auth/tokens 0.145s
2025-02-07 17:18:43.872 62670 INFO tempest.lib.common.rest_client [req-52ded67f-c9ae-44d3-a02d-0548dcbb3c7f req-52ded67f-c9ae-44d3-a02d-0548dcbb3c7f ] Request (QuotaClassesAdmin257Test:tearDownClass): 204 DELETE http://10.180.1.21/identity/v3/users/074883b90cca46688a52d4116fca0c97 0.164s
2025-02-07 17:18:43.913 62702 INFO tempest.lib.common.rest_client [req-1b5b5466-d281-4847-9a23-dc332fdb27ad req-1b5b5466-d281-4847-9a23-dc332fdb27ad ] Request (DeleteServersAdminTestJSON:test_admin_delete_servers_of_others): 200 GET http://10.180.1.21/compute/v2.1/servers/b08dddfd-83d2-434a-b533-c4e7515d44db 1.004s
2025-02-07 17:18:43.946 62672 INFO tempest.lib.common.rest_client [req-5c826f97-81aa-4fc5-8d87-5ac3749b7997 req-5c826f97-81aa-4fc5-8d87-5ac3749b7997 ] Request (VolumesAssistedSnapshotsTest:setUpClass): 201 POST http://10.180.1.21/identity/v3/auth/tokens 0.142s
2025-02-07 17:18:43.968 62694 INFO tempest.lib.common.rest_client [req-bd80e92f-62d2-445b-9542-ea1519968eda req-bd80e92f-62d2-445b-9542-ea1519968eda ] Request (AZAdminV2TestJSON:tearDownClass): 204 DELETE http://10.180.1.21/identity/v3/projects/45a7cf4f4f134645a893bbba05d794dd 0.206s
2025-02-07 17:18:43.968 62694 INFO tempest.lib.common.dynamic_creds [-] Deleting project and security group for project: fe98bfdae5ef4097ac3ede1f5307ac6d
2025-02-07 17:18:43.974 62690 INFO tempest.lib.common.rest_client [req-78b2617c-04d4-4c55-9f14-bd4ea3bee1d7 req-78b2617c-04d4-4c55-9f14-bd4ea3bee1d7 ] Request (HypervisorAdminV228Test:tearDownClass): 204 DELETE http://10.180.1.21:9696/networking/v2.0/security-groups/59a85da9-974e-4894-a7a8-29605ee8f830 0.165s
2025-02-07 17:18:44.055 62696 INFO tempest.lib.common.rest_client [req-5c18f58d-9197-4fe5-b104-1da65f7a8901 req-5c18f58d-9197-4fe5-b104-1da65f7a8901 ] Request (InstanceUsageAuditLogTestJSON:tearDownClass): 204 DELETE http://10.180.1.21/identity/v3/projects/6c3a2f9135264579b7a31b4fbdfac587 0.209s
2025-02-07 17:18:44.074 62706 INFO tempest.lib.common.rest_client [req-9b981544-6727-4a40-9af9-bdd8178af1f5 req-9b981544-6727-4a40-9af9-bdd8178af1f5 ] Request (InstanceActionsV221TestJSON:setUpClass): 200 PUT http://10.180.1.21:9696/networking/v2.0/routers/31a9c723-6a2d-47e6-9e52-5d6de666117e/add_router_interface 2.691s
2025-02-07 17:18:44.074 62706 INFO tempest.lib.common.dynamic_creds [-] Created isolated network resources for: credentials: Credentials: {'domain_id': 'default', 'domain_name': 'Default', 'username': 'tempest-InstanceActionsV221TestJSON-1254732959-project-member', 'project_domain_id': 'default', 'project_domain_name': 'Default', 'project_id': '7e8b669df0174744a406cab01567edbe', 'project_name': 'tempest-InstanceActionsV221TestJSON-1254732959', 'tenant_id': '7e8b669df0174744a406cab01567edbe', 'tenant_name': 'tempest-InstanceActionsV221TestJSON-1254732959', 'user_domain_id': 'default', 'user_domain_name': 'Default', 'user_id': '79166d1dd73c4953806f88afdd08629d', 'system': None}, Network: {'id': '6877c6fb-e087-44d1-9699-ee3ca28e89dd', 'name': 'tempest-InstanceActionsV221TestJSON-61218694-network', 'tenant_id': '7e8b669df0174744a406cab01567edbe', 'admin_state_up': True, 'mtu': 8950, 'status': 'ACTIVE', 'subnets': [], 'shared': False, 'project_id': '7e8b669df0174744a406cab01567edbe', 'port_security_enabled': True, 'router:external': False, 'provider:network_type': 'vlan', 'provider:physical_network': 'default', 'provider:segmentation_id': 982, 'availability_zone_hints': [], 'availability_zones': [], 'ipv4_address_scope': None, 'ipv6_address_scope': None, 'description': '', 'tags': [], 'created_at': '2025-02-07T17:18:39Z', 'updated_at': '2025-02-07T17:18:39Z', 'revision_number': 1}, Subnet: {'id': '497da608-fe0c-42f2-9fa7-5a9e05bd7051', 'name': 'tempest-InstanceActionsV221TestJSON-61218694-subnet', 'tenant_id': '7e8b669df0174744a406cab01567edbe', 'network_id': '6877c6fb-e087-44d1-9699-ee3ca28e89dd', 'ip_version': 4, 'subnetpool_id': None, 'enable_dhcp': True, 'ipv6_ra_mode': None, 'ipv6_address_mode': None, 'gateway_ip': '192.168.128.1', 'cidr': '192.168.128.0/28', 'allocation_pools': [{'start': '192.168.128.2', 'end': '192.168.128.14'}], 'host_routes': [], 'dns_nameservers': [], 'description': '', 'router:external': False, 'service_types': [], 'tags': [], 'created_at': '2025-02-07T17:18:39Z', 'updated_at': '2025-02-07T17:18:39Z', 'revision_number': 0, 'project_id': '7e8b669df0174744a406cab01567edbe'}, Router: {'id': '31a9c723-6a2d-47e6-9e52-5d6de666117e', 'name': 'tempest-InstanceActionsV221TestJSON-61218694-router', 'tenant_id': '7e8b669df0174744a406cab01567edbe', 'admin_state_up': True, 'status': 'ACTIVE', 'external_gateway_info': {'network_id': '076bbf43-7cbd-4c02-9cc6-333777320790', 'external_fixed_ips': [{'subnet_id': 'ae5b0d6c-3f91-4be2-ad6d-02144f906f5c', 'ip_address': '10.180.180.173'}], 'enable_snat': True}, 'description': '', 'availability_zones': [], 'distributed': False, 'ha': False, 'availability_zone_hints': [], 'routes': [], 'flavor_id': None, 'tags': [], 'created_at': '2025-02-07T17:18:39Z', 'updated_at': '2025-02-07T17:18:40Z', 'revision_number': 2, 'project_id': '7e8b669df0174744a406cab01567edbe'}
2025-02-07 17:18:44.111 62670 INFO tempest.lib.common.rest_client [req-d3655f5d-bf16-4561-ab60-65bdc33b849a req-d3655f5d-bf16-4561-ab60-65bdc33b849a ] Request (QuotaClassesAdmin257Test:tearDownClass): 204 DELETE http://10.180.1.21/identity/v3/users/ae3fce729de44e469c7c81007b913e75 0.238s
2025-02-07 17:18:44.112 62670 INFO tempest.lib.common.dynamic_creds [-] Deleting project and security group for project: 9d0bcdfb3f3b467f8dec4a46780a7451
2025-02-07 17:18:44.117 62682 INFO tempest.lib.common.rest_client [req-7a81eca8-6e5e-4579-aa17-b5975d53412c req-7a81eca8-6e5e-4579-aa17-b5975d53412c ] Request (ServerActionsTestOtherA:setUpClass): 200 PUT http://10.180.1.21:9696/networking/v2.0/routers/687f5c2b-4e3d-4618-b150-8b424849d100/add_router_interface 1.711s
2025-02-07 17:18:44.118 62682 INFO tempest.lib.common.dynamic_creds [-] Created isolated network resources for: credentials: Credentials: {'domain_id': 'default', 'domain_name': 'Default', 'username': 'tempest-ServerActionsTestOtherA-1098162655-project-member', 'project_domain_id': 'default', 'project_domain_name': 'Default', 'project_id': '17143bbcad5b4da0801478fe45bd8ce6', 'project_name': 'tempest-ServerActionsTestOtherA-1098162655', 'tenant_id': '17143bbcad5b4da0801478fe45bd8ce6', 'tenant_name': 'tempest-ServerActionsTestOtherA-1098162655', 'user_domain_id': 'default', 'user_domain_name': 'Default', 'user_id': '88bd126377eb4987811db1be067275a9', 'system': None}, Network: {'id': 'ed570829-7777-4fb9-9e0f-cef4ca21980b', 'name': 'tempest-ServerActionsTestOtherA-1726239177-network', 'tenant_id': '17143bbcad5b4da0801478fe45bd8ce6', 'admin_state_up': True, 'mtu': 8950, 'status': 'ACTIVE', 'subnets': [], 'shared': False, 'project_id': '17143bbcad5b4da0801478fe45bd8ce6', 'port_security_enabled': True, 'router:external': False, 'provider:network_type': 'vlan', 'provider:physical_network': 'default', 'provider:segmentation_id': 708, 'availability_zone_hints': [], 'availability_zones': [], 'ipv4_address_scope': None, 'ipv6_address_scope': None, 'description': '', 'tags': [], 'created_at': '2025-02-07T17:18:40Z', 'updated_at': '2025-02-07T17:18:40Z', 'revision_number': 1}, Subnet: {'id': '91cb3e4b-d64f-4ca4-bf32-187e10feaedc', 'name': 'tempest-ServerActionsTestOtherA-1726239177-subnet', 'tenant_id': '17143bbcad5b4da0801478fe45bd8ce6', 'network_id': 'ed570829-7777-4fb9-9e0f-cef4ca21980b', 'ip_version': 4, 'subnetpool_id': None, 'enable_dhcp': True, 'ipv6_ra_mode': None, 'ipv6_address_mode': None, 'gateway_ip': '192.168.128.1', 'cidr': '192.168.128.0/28', 'allocation_pools': [{'start': '192.168.128.2', 'end': '192.168.128.14'}], 'host_routes': [], 'dns_nameservers': [], 'description': '', 'router:external': False, 'service_types': [], 'tags': [], 'created_at': '2025-02-07T17:18:40Z', 'updated_at': '2025-02-07T17:18:40Z', 'revision_number': 0, 'project_id': '17143bbcad5b4da0801478fe45bd8ce6'}, Router: {'id': '687f5c2b-4e3d-4618-b150-8b424849d100', 'name': 'tempest-ServerActionsTestOtherA-1726239177-router', 'tenant_id': '17143bbcad5b4da0801478fe45bd8ce6', 'admin_state_up': True, 'status': 'ACTIVE', 'external_gateway_info': {'network_id': '076bbf43-7cbd-4c02-9cc6-333777320790', 'external_fixed_ips': [{'subnet_id': 'ae5b0d6c-3f91-4be2-ad6d-02144f906f5c', 'ip_address': '10.180.180.219'}], 'enable_snat': True}, 'description': '', 'availability_zones': [], 'distributed': False, 'ha': False, 'availability_zone_hints': [], 'routes': [], 'flavor_id': None, 'tags': [], 'created_at': '2025-02-07T17:18:41Z', 'updated_at': '2025-02-07T17:18:41Z', 'revision_number': 2, 'project_id': '17143bbcad5b4da0801478fe45bd8ce6'}
2025-02-07 17:18:44.174 62672 INFO tempest.lib.common.rest_client [req-39f20a3b-35e1-47b0-99ef-6f7567262271 req-39f20a3b-35e1-47b0-99ef-6f7567262271 ] Request (VolumesAssistedSnapshotsTest:setUpClass): 201 POST http://10.180.1.21/identity/v3/projects 0.227s
2025-02-07 17:18:44.207 62690 INFO tempest.lib.common.rest_client [req-095dc8bf-4cdf-4ecb-88a8-5fa992d59b0f req-095dc8bf-4cdf-4ecb-88a8-5fa992d59b0f ] Request (HypervisorAdminV228Test:tearDownClass): 204 DELETE http://10.180.1.21/identity/v3/projects/204b354135324b76a113a02d7e70bc7f 0.232s
2025-02-07 17:18:44.207 62690 INFO tempest.lib.common.dynamic_creds [-] Deleting project and security group for project: ae41c4bc74b546499207a04a71f72b33
2025-02-07 17:18:44.233 62676 INFO tempest.lib.common.rest_client [req-d0e54cd8-ce18-40d3-98b3-a3c6e4e9993e req-d0e54cd8-ce18-40d3-98b3-a3c6e4e9993e ] Request (SecurityGroupRulesNegativeTestJSON:test_create_security_group_rule_duplicate): 200 POST http://10.180.1.21/compute/v2.1/os-security-group-rules 1.273s
2025-02-07 17:18:44.237 62694 INFO tempest.lib.common.rest_client [req-c17f6212-2b0c-4853-b7c3-8cf43d87e108 req-c17f6212-2b0c-4853-b7c3-8cf43d87e108 ] Request (AZAdminV2TestJSON:tearDownClass): 200 GET http://10.180.1.21:9696/networking/v2.0/security-groups?tenant_id=fe98bfdae5ef4097ac3ede1f5307ac6d&name=default 0.269s
2025-02-07 17:18:44.242 62696 INFO tempest.lib.common.rest_client [req-dada1d1a-9616-4146-a061-2b97f327bfd2 req-dada1d1a-9616-4146-a061-2b97f327bfd2 ] Request (FloatingIPsAssociationNegativeTestJSON:setUpClass): 201 POST http://10.180.1.21/identity/v3/auth/tokens 0.186s
2025-02-07 17:18:44.261 62668 INFO tempest.lib.common.rest_client [req-9f197866-3e45-4186-9c2d-4fbde0851c6b req-9f197866-3e45-4186-9c2d-4fbde0851c6b ] Request (FlavorsV261TestJSON:test_crud_flavor): 200 PUT http://10.180.1.21/compute/v2.1/flavors/1041989160 1.283s
2025-02-07 17:18:44.267 62706 INFO tempest.lib.common.rest_client [req-3c509ed0-36af-4e82-9838-9b8becf77f6b req-3c509ed0-36af-4e82-9838-9b8becf77f6b ] Request (InstanceActionsV221TestJSON:setUpClass): 201 POST http://10.180.1.21/identity/v3/auth/tokens 0.188s
2025-02-07 17:18:44.270 62670 INFO tempest.lib.common.rest_client [req-3db78905-7d67-40b2-be2b-916aeea08b06 req-3db78905-7d67-40b2-be2b-916aeea08b06 ] Request (QuotaClassesAdmin257Test:tearDownClass): 201 POST http://10.180.1.21/identity/v3/auth/tokens 0.158s
2025-02-07 17:18:44.284 62674 INFO tempest.lib.common.rest_client [req-a12edae0-e3b1-4279-808e-34dadc9263b8 req-a12edae0-e3b1-4279-808e-34dadc9263b8 ] Request (HypervisorAdminTestJSON:test_get_hypervisor_show_details): 200 GET http://10.180.1.21/compute/v2.1/os-hypervisors/1 1.282s
2025-02-07 17:18:44.300 62646 INFO tempest.lib.common.rest_client [req-77cd27c5-4c64-4d18-9517-6b17f254c551 req-77cd27c5-4c64-4d18-9517-6b17f254c551 ] Request (InstanceUsageAuditLogNegativeTestJSON:tearDownClass): 200 GET http://10.180.1.21:9696/networking/v2.0/security-groups?tenant_id=74eda9a1c9ca489c85bc2227afe10896&name=default 0.432s
2025-02-07 17:18:44.304 62672 INFO tempest.lib.common.rest_client [req-0b08f685-b168-44d7-8bb6-ca2ca6c27924 req-0b08f685-b168-44d7-8bb6-ca2ca6c27924 ] Request (VolumesAssistedSnapshotsTest:setUpClass): 201 POST http://10.180.1.21/identity/v3/users 0.130s
2025-02-07 17:18:44.304 62666 INFO tempest.lib.common.rest_client [req-fe52f36c-9a62-4d53-aa8b-b44a22feb3a2 req-fe52f36c-9a62-4d53-aa8b-b44a22feb3a2 ] Request (HypervisorAdminV253TestBase:test_list_show_detail_hypervisors): 200 GET http://10.180.1.21/compute/v2.1/os-hypervisors/3469e9f8-04af-49ca-8435-49f104496744 1.256s
2025-02-07 17:18:44.321 62700 INFO tempest.lib.common.rest_client [req-627901b4-c51a-4812-ad1e-3544b372ccdc req-627901b4-c51a-4812-ad1e-3544b372ccdc ] Request (ServicesAdminNegativeV253TestJSON:test_enable_service_with_invalid_service_id): 404 PUT http://10.180.1.21/compute/v2.1/os-services/400da985-1f92-420c-b6ad-dae342d8b98e 1.229s
2025-02-07 17:18:44.329 62696 INFO tempest.lib.common.rest_client [req-7f43a11e-08e1-48ea-8ab6-5c906aeff1dc req-7f43a11e-08e1-48ea-8ab6-5c906aeff1dc ] Request (FloatingIPsAssociationNegativeTestJSON:setUpClass): 201 POST http://10.180.1.21/identity/v3/auth/tokens 0.085s
2025-02-07 17:18:44.331 62682 INFO tempest.lib.common.rest_client [req-b49dbb0f-b898-4c1d-b915-d7a6551ea67e req-b49dbb0f-b898-4c1d-b915-d7a6551ea67e ] Request (ServerActionsTestOtherA:setUpClass): 201 POST http://10.180.1.21/identity/v3/auth/tokens 0.210s
2025-02-07 17:18:44.338 62690 INFO tempest.lib.common.rest_client [req-669fb8fa-dd44-42db-aa42-8ac6c5ade6de req-669fb8fa-dd44-42db-aa42-8ac6c5ade6de ] Request (HypervisorAdminV228Test:tearDownClass): 200 GET http://10.180.1.21:9696/networking/v2.0/security-groups?tenant_id=ae41c4bc74b546499207a04a71f72b33&name=default 0.131s
2025-02-07 17:18:44.345 62654 INFO tempest.lib.common.rest_client [req-ad1c6901-a5d5-4286-85ca-6576922d8302 req-ad1c6901-a5d5-4286-85ca-6576922d8302 ] Request (FlavorsV255TestJSON:test_crud_flavor): 200 GET http://10.180.1.21/compute/v2.1/flavors 1.201s
2025-02-07 17:18:44.351 62706 INFO tempest.lib.common.rest_client [req-1cdd449f-91a4-46ab-997b-9dc69c0e667c req-1cdd449f-91a4-46ab-997b-9dc69c0e667c ] Request (InstanceActionsV221TestJSON:test_get_list_deleted_instance_actions): 201 POST http://10.180.1.21/identity/v3/auth/tokens 0.078s
2025-02-07 17:18:44.352 62706 INFO tempest.lib.common.fixed_network [-] (InstanceActionsV221TestJSON:test_get_list_deleted_instance_actions) Found network {'id': '6877c6fb-e087-44d1-9699-ee3ca28e89dd', 'name': 'tempest-InstanceActionsV221TestJSON-61218694-network', 'tenant_id': '7e8b669df0174744a406cab01567edbe', 'admin_state_up': True, 'mtu': 8950, 'status': 'ACTIVE', 'subnets': [], 'shared': False, 'project_id': '7e8b669df0174744a406cab01567edbe', 'port_security_enabled': True, 'router:external': False, 'provider:network_type': 'vlan', 'provider:physical_network': 'default', 'provider:segmentation_id': 982, 'availability_zone_hints': [], 'availability_zones': [], 'ipv4_address_scope': None, 'ipv6_address_scope': None, 'description': '', 'tags': [], 'created_at': '2025-02-07T17:18:39Z', 'updated_at': '2025-02-07T17:18:39Z', 'revision_number': 1} available for tenant
2025-02-07 17:18:44.406 62672 INFO tempest.lib.common.rest_client [req-d535d940-1c71-4c2c-b807-8c4e3f246610 req-d535d940-1c71-4c2c-b807-8c4e3f246610 ] Request (VolumesAssistedSnapshotsTest:setUpClass): 200 GET http://10.180.1.21/identity/v3/roles 0.102s
2025-02-07 17:18:44.435 62696 INFO tempest.lib.common.rest_client [req-0345b55b-b33a-4838-8bd7-f4a24cc9e5fa req-0345b55b-b33a-4838-8bd7-f4a24cc9e5fa ] Request (FloatingIPsAssociationNegativeTestJSON:setUpClass): 200 GET http://10.180.1.21/identity/v3/domains?name=Default 0.105s
2025-02-07 17:18:44.448 62646 INFO tempest.lib.common.rest_client [req-7dfb6ef7-17c0-452f-bb94-7d1ab882641c req-7dfb6ef7-17c0-452f-bb94-7d1ab882641c ] Request (InstanceUsageAuditLogNegativeTestJSON:tearDownClass): 204 DELETE http://10.180.1.21:9696/networking/v2.0/security-groups/9bde2182-d101-4a0b-90d8-c37cdb7ce536 0.147s
2025-02-07 17:18:44.455 62666 INFO tempest.lib.common.rest_client [req-9ba06e72-7f93-4eba-8337-3d6e3b1de165 req-9ba06e72-7f93-4eba-8337-3d6e3b1de165 ] Request (HypervisorAdminV253TestBase:tearDownClass): 204 DELETE http://10.180.1.21/identity/v3/users/1eba71af2e624254b9aae49e15e3b668 0.135s
2025-02-07 17:18:44.484 62690 INFO tempest.lib.common.rest_client [req-2c949199-757f-4d73-b266-8dfcf53cc928 req-2c949199-757f-4d73-b266-8dfcf53cc928 ] Request (HypervisorAdminV228Test:tearDownClass): 204 DELETE http://10.180.1.21:9696/networking/v2.0/security-groups/f59e7534-b3c4-41a4-800e-2be22542b3a3 0.145s
2025-02-07 17:18:44.528 62670 INFO tempest.lib.common.rest_client [req-01594646-e5cd-4515-ba0a-a4fc1a093f58 req-01594646-e5cd-4515-ba0a-a4fc1a093f58 ] Request (QuotaClassesAdmin257Test:tearDownClass): 200 GET http://10.180.1.21:9696/networking/v2.0/security-groups?tenant_id=9d0bcdfb3f3b467f8dec4a46780a7451&name=default 0.257s
2025-02-07 17:18:44.539 62694 INFO tempest.lib.common.rest_client [req-55fd3acb-f0f8-4bb7-bff7-4cbf2b9e1005 req-55fd3acb-f0f8-4bb7-bff7-4cbf2b9e1005 ] Request (AZAdminV2TestJSON:tearDownClass): 204 DELETE http://10.180.1.21:9696/networking/v2.0/security-groups/4f7c633d-c2af-408d-93e1-fe1f56360d78 0.302s
2025-02-07 17:18:44.584 62708 INFO tempest.lib.common.rest_client [req-a8b95473-b3ac-4a4d-8b36-ecb430995620 req-a8b95473-b3ac-4a4d-8b36-ecb430995620 ] Request (ServersWithSpecificFlavorTestJSON:test_verify_created_server_ephemeral_disk): 200 GET http://10.180.1.21/compute/v2.1/flavors/42 1.407s
2025-02-07 17:18:44.621 62672 INFO tempest.lib.common.rest_client [req-c49d0293-53d3-4969-b447-a1dc11c3803f req-c49d0293-53d3-4969-b447-a1dc11c3803f ] Request (VolumesAssistedSnapshotsTest:setUpClass): 204 PUT http://10.180.1.21/identity/v3/projects/4053b70fabe44a3b91189b6d216dc963/users/2f62e4bacc6e4e6eaa226e577ca043bf/roles/4cef6d88cfbf4fe5abf9c42b1b932c2f 0.214s
2025-02-07 17:18:44.623 62698 INFO tempest.lib.common.rest_client [req-ee1872f4-2f09-4a95-a398-7b0974bb70a5 req-ee1872f4-2f09-4a95-a398-7b0974bb70a5 ] Request (AggregatesAdminNegativeTestJSON:test_aggregate_add_existent_host): 200 POST http://10.180.1.21/compute/v2.1/os-aggregates/1/action 2.114s
2025-02-07 17:18:44.625 62670 INFO tempest.lib.common.rest_client [req-9e1e9c93-2ac6-401b-ba7c-ea40b1b89b1a req-9e1e9c93-2ac6-401b-ba7c-ea40b1b89b1a ] Request (QuotaClassesAdmin257Test:tearDownClass): 204 DELETE http://10.180.1.21:9696/networking/v2.0/security-groups/b5f1e8e8-2ad1-49d1-89ff-bb3ec46c5ddc 0.095s
2025-02-07 17:18:44.640 62696 INFO tempest.lib.common.rest_client [req-360cc8e2-1111-4aaa-b8bf-63ddd7a64d25 req-360cc8e2-1111-4aaa-b8bf-63ddd7a64d25 ] Request (FloatingIPsAssociationNegativeTestJSON:setUpClass): 201 POST http://10.180.1.21/identity/v3/projects 0.205s
2025-02-07 17:18:44.698 62662 INFO tempest.lib.common.rest_client [req-5e277d40-e85e-4bdc-ad1d-f9f75a8a72c4 req-5e277d40-e85e-4bdc-ad1d-f9f75a8a72c4 ] Request (ServerPasswordTestJSON:setUpClass): 200 GET http://10.180.1.21/compute/v2.1/servers/96f94f58-1fd4-4e65-a362-2861daab1a34 1.224s
2025-02-07 17:18:44.723 62664 INFO tempest.lib.common.rest_client [req-78d87ace-21ba-434e-98f8-db08e8a866eb req-78d87ace-21ba-434e-98f8-db08e8a866eb ] Request (FlavorsExtraSpecsNegativeTestJSON:test_flavor_non_admin_unset_keys): 200 POST http://10.180.1.21/compute/v2.1/flavors/1185864782/os-extra_specs 1.199s
2025-02-07 17:18:44.732 62666 INFO tempest.lib.common.rest_client [req-e5b1787c-9fb6-4bc3-9a72-d3b6ed4bca3a req-e5b1787c-9fb6-4bc3-9a72-d3b6ed4bca3a ] Request (HypervisorAdminV253TestBase:tearDownClass): 204 DELETE http://10.180.1.21/identity/v3/users/51ea88599de3495982b7ca9ce3d47910 0.277s
2025-02-07 17:18:44.732 62666 INFO tempest.lib.common.dynamic_creds [-] Deleting project and security group for project: 218905d5055a42099eafa031707bc2a2
2025-02-07 17:18:44.746 62650 INFO tempest.lib.common.rest_client [req-33655a7f-043e-4b20-9090-f1eeebb9111d req-33655a7f-043e-4b20-9090-f1eeebb9111d ] Request (FlavorsAdminTestJSON:_run_cleanups): 202 DELETE http://10.180.1.21/compute/v2.1/flavors/944133762 1.186s
2025-02-07 17:18:44.760 62646 INFO tempest.lib.common.rest_client [req-a48a9607-25d5-4d87-9019-357015ded367 req-a48a9607-25d5-4d87-9019-357015ded367 ] Request (InstanceUsageAuditLogNegativeTestJSON:tearDownClass): 204 DELETE http://10.180.1.21/identity/v3/projects/74eda9a1c9ca489c85bc2227afe10896 0.311s
2025-02-07 17:18:44.760 62646 INFO tempest.lib.common.dynamic_creds [-] Deleting project and security group for project: 41368f49e0c749c791cf838307e33690
2025-02-07 17:18:44.849 62690 INFO tempest.lib.common.rest_client [req-2d70f4a9-90ec-4ae5-b565-4c18b165a9d0 req-2d70f4a9-90ec-4ae5-b565-4c18b165a9d0 ] Request (HypervisorAdminV228Test:tearDownClass): 204 DELETE http://10.180.1.21/identity/v3/projects/ae41c4bc74b546499207a04a71f72b33 0.364s
2025-02-07 17:18:44.865 62646 INFO tempest.lib.common.rest_client [req-aa7a65d7-89e8-4ee9-9ceb-ebaa001503fd req-aa7a65d7-89e8-4ee9-9ceb-ebaa001503fd ] Request (InstanceUsageAuditLogNegativeTestJSON:tearDownClass): 200 GET http://10.180.1.21:9696/networking/v2.0/security-groups?tenant_id=41368f49e0c749c791cf838307e33690&name=default 0.104s
2025-02-07 17:18:44.887 62672 INFO tempest.lib.common.rest_client [req-d4a3d13e-b546-46f6-8862-f0ffbdb0797a req-d4a3d13e-b546-46f6-8862-f0ffbdb0797a ] Request (VolumesAssistedSnapshotsTest:setUpClass): 200 GET http://10.180.1.21/identity/v3/roles 0.266s
2025-02-07 17:18:44.926 62694 INFO tempest.lib.common.rest_client [req-0d2908d6-0f38-4c04-969f-9427075643ef req-0d2908d6-0f38-4c04-969f-9427075643ef ] Request (AZAdminV2TestJSON:tearDownClass): 204 DELETE http://10.180.1.21/identity/v3/projects/fe98bfdae5ef4097ac3ede1f5307ac6d 0.386s
2025-02-07 17:18:44.972 62646 INFO tempest.lib.common.rest_client [req-b29ca876-c251-488e-bae3-b256729a7b27 req-b29ca876-c251-488e-bae3-b256729a7b27 ] Request (InstanceUsageAuditLogNegativeTestJSON:tearDownClass): 204 DELETE http://10.180.1.21:9696/networking/v2.0/security-groups/11d6e507-9e12-425f-b055-71f524e2acb6 0.107s
2025-02-07 17:18:44.993 62670 INFO tempest.lib.common.rest_client [req-6543e863-3a17-4caf-ad15-fb2600ea48a3 req-6543e863-3a17-4caf-ad15-fb2600ea48a3 ] Request (QuotaClassesAdmin257Test:tearDownClass): 204 DELETE http://10.180.1.21/identity/v3/projects/9d0bcdfb3f3b467f8dec4a46780a7451 0.368s
2025-02-07 17:18:44.993 62670 INFO tempest.lib.common.dynamic_creds [-] Deleting project and security group for project: 7a4a2d002d004aa99bafa37db5caf799
2025-02-07 17:18:45.018 62666 INFO tempest.lib.common.rest_client [req-f6470800-4d54-46ed-bfed-4b383b781473 req-f6470800-4d54-46ed-bfed-4b383b781473 ] Request (HypervisorAdminV253TestBase:tearDownClass): 201 POST http://10.180.1.21/identity/v3/auth/tokens 0.285s
2025-02-07 17:18:45.031 62696 INFO tempest.lib.common.rest_client [req-9b59399d-b1c0-46af-a7bc-0f3f35d819f4 req-9b59399d-b1c0-46af-a7bc-0f3f35d819f4 ] Request (FloatingIPsAssociationNegativeTestJSON:setUpClass): 201 POST http://10.180.1.21/identity/v3/users 0.390s
2025-02-07 17:18:45.085 62670 INFO tempest.lib.common.rest_client [req-0c716576-54e3-4cce-933d-8d35babdae10 req-0c716576-54e3-4cce-933d-8d35babdae10 ] Request (QuotaClassesAdmin257Test:tearDownClass): 200 GET http://10.180.1.21:9696/networking/v2.0/security-groups?tenant_id=7a4a2d002d004aa99bafa37db5caf799&name=default 0.091s
2025-02-07 17:18:45.107 62690 INFO tempest.lib.common.rest_client [req-0e02648c-91fb-4805-9a06-5456c14394ca req-0e02648c-91fb-4805-9a06-5456c14394ca ] Request (QuotasAdminTestJSON:setUpClass): 201 POST http://10.180.1.21/identity/v3/auth/tokens 0.252s
2025-02-07 17:18:45.124 62672 INFO tempest.lib.common.rest_client [req-009c0189-3b4e-44d9-a4eb-b4f2d8d09b7c req-009c0189-3b4e-44d9-a4eb-b4f2d8d09b7c ] Request (VolumesAssistedSnapshotsTest:setUpClass): 204 PUT http://10.180.1.21/identity/v3/projects/4053b70fabe44a3b91189b6d216dc963/users/2f62e4bacc6e4e6eaa226e577ca043bf/roles/ecff612114844b148488c06fd75aad31 0.236s
2025-02-07 17:18:45.125 62672 INFO tempest.lib.common.dynamic_creds [-] Dynamic test user 2f62e4bacc6e4e6eaa226e577ca043bf is created with scope project and roles: ['admin', 'service']
2025-02-07 17:18:45.125 62672 INFO tempest.lib.common.dynamic_creds [-] Acquired dynamic creds: credentials: Credentials: {'domain_id': 'default', 'domain_name': 'Default', 'username': 'tempest-VolumesAssistedSnapshotsTest-2088670446-project', 'project_domain_id': 'default', 'project_domain_name': 'Default', 'project_id': '4053b70fabe44a3b91189b6d216dc963', 'project_name': 'tempest-VolumesAssistedSnapshotsTest-2088670446', 'tenant_id': '4053b70fabe44a3b91189b6d216dc963', 'tenant_name': 'tempest-VolumesAssistedSnapshotsTest-2088670446', 'user_domain_id': 'default', 'user_domain_name': 'Default', 'user_id': '2f62e4bacc6e4e6eaa226e577ca043bf', 'system': None}, Network: None, Subnet: None, Router: None
2025-02-07 17:18:45.125 62658 INFO tempest.lib.common.rest_client [req-5a2bca51-b268-4b0f-8cd3-cd9b8529660c req-5a2bca51-b268-4b0f-8cd3-cd9b8529660c ] Request (FlavorsAccessNegativeTestJSON:_run_cleanups): 200 POST http://10.180.1.21/compute/v2.1/flavors/827292003/action 1.789s
2025-02-07 17:18:45.163 62686 INFO tempest.lib.common.rest_client [req-76c5ed24-d572-40b8-bf50-baade6dec91a req-76c5ed24-d572-40b8-bf50-baade6dec91a ] Request (KeyPairsV210TestJSON:test_admin_manage_keypairs_for_other_users): 201 POST http://10.180.1.21/compute/v2.1/os-keypairs 1.450s
2025-02-07 17:18:45.165 62694 INFO tempest.lib.common.rest_client [req-350b4cf3-c8cc-4340-be07-7a6a125492a0 req-350b4cf3-c8cc-4340-be07-7a6a125492a0 ] Request (HostsAdminNegativeTestJSON:setUpClass): 201 POST http://10.180.1.21/identity/v3/auth/tokens 0.237s
2025-02-07 17:18:45.211 62646 INFO tempest.lib.common.rest_client [req-07e6157c-19e3-4288-ba4f-6141704dd6af req-07e6157c-19e3-4288-ba4f-6141704dd6af ] Request (InstanceUsageAuditLogNegativeTestJSON:tearDownClass): 204 DELETE http://10.180.1.21/identity/v3/projects/41368f49e0c749c791cf838307e33690 0.238s
2025-02-07 17:18:45.219 62670 INFO tempest.lib.common.rest_client [req-ceb434b4-7be4-43f7-aabe-af625bd35c11 req-ceb434b4-7be4-43f7-aabe-af625bd35c11 ] Request (QuotaClassesAdmin257Test:tearDownClass): 204 DELETE http://10.180.1.21:9696/networking/v2.0/security-groups/64138d2b-0292-4054-882d-2a43babb91b3 0.134s
2025-02-07 17:18:45.322 62656 INFO tempest.lib.common.rest_client [req-3e147222-6fcf-46cb-bc58-3bd5b3db0b99 req-3e147222-6fcf-46cb-bc58-3bd5b3db0b99 ] Request (FlavorsAccessTestJSON:test_flavor_access_add_remove): 200 POST http://10.180.1.21/compute/v2.1/flavors/225390849/action 1.617s
2025-02-07 17:18:45.336 62696 INFO tempest.lib.common.rest_client [req-e27aad09-210f-4425-92f9-5c71a9d4192c req-e27aad09-210f-4425-92f9-5c71a9d4192c ] Request (FloatingIPsAssociationNegativeTestJSON:setUpClass): 200 GET http://10.180.1.21/identity/v3/roles 0.304s
2025-02-07 17:18:45.336 62690 INFO tempest.lib.common.rest_client [req-7562faae-0812-484c-9e78-b9d181e3845a req-7562faae-0812-484c-9e78-b9d181e3845a ] Request (QuotasAdminTestJSON:setUpClass): 201 POST http://10.180.1.21/identity/v3/auth/tokens 0.226s
2025-02-07 17:18:45.356 62692 INFO tempest.lib.common.rest_client [req-730bd71a-fcf7-47da-8d1e-3d710098d399 req-730bd71a-fcf7-47da-8d1e-3d710098d399 ] Request (FlavorsExtraSpecsTestJSON:test_flavor_non_admin_get_specific_key): 200 POST http://10.180.1.21/compute/v2.1/flavors/1361007472/os-extra_specs 1.514s
2025-02-07 17:18:45.363 62694 INFO tempest.lib.common.rest_client [req-d28f27d1-4991-4d32-b413-9b801d76402d req-d28f27d1-4991-4d32-b413-9b801d76402d ] Request (HostsAdminNegativeTestJSON:setUpClass): 201 POST http://10.180.1.21/identity/v3/auth/tokens 0.193s
2025-02-07 17:18:45.381 62660 INFO tempest.lib.common.rest_client [req-a6209ffc-69b4-4467-ae6c-1b387e4ae613 req-a6209ffc-69b4-4467-ae6c-1b387e4ae613 ] Request (HypervisorAdminUnderV252Test:test_search_hypervisor): 200 GET http://10.180.1.21/compute/v2.1/os-hypervisors/domain-c8.fc996f14-c53b-4953-92e3-bdfa48f5cc28/search 1.526s
2025-02-07 17:18:45.388 62646 INFO tempest.lib.common.rest_client [req-27a49998-0346-4739-84ff-bbfe1e0fe979 req-27a49998-0346-4739-84ff-bbfe1e0fe979 ] Request (ServerDiagnosticsTest:setUpClass): 201 POST http://10.180.1.21/identity/v3/auth/tokens 0.175s
2025-02-07 17:18:45.398 62672 INFO tempest.lib.common.rest_client [req-5f11e647-6e02-4d40-b908-a17328b0b902 req-5f11e647-6e02-4d40-b908-a17328b0b902 ] Request (VolumesAssistedSnapshotsTest:setUpClass): 201 POST http://10.180.1.21:9696/networking/v2.0/networks 0.273s
2025-02-07 17:18:45.420 62666 INFO tempest.lib.common.rest_client [req-74cf2804-d9a2-4de5-9dd2-7137360acff5 req-74cf2804-d9a2-4de5-9dd2-7137360acff5 ] Request (HypervisorAdminV253TestBase:tearDownClass): 200 GET http://10.180.1.21:9696/networking/v2.0/security-groups?tenant_id=218905d5055a42099eafa031707bc2a2&name=default 0.400s
2025-02-07 17:18:45.437 62670 INFO tempest.lib.common.rest_client [req-ec2b47fa-419f-47c6-ab80-bffe7fa2f39f req-ec2b47fa-419f-47c6-ab80-bffe7fa2f39f ] Request (QuotaClassesAdmin257Test:tearDownClass): 204 DELETE http://10.180.1.21/identity/v3/projects/7a4a2d002d004aa99bafa37db5caf799 0.217s
2025-02-07 17:18:45.438 62684 INFO tempest.lib.common.rest_client [req-960fb62a-0c11-45da-a111-7e59d3876be1 req-960fb62a-0c11-45da-a111-7e59d3876be1 ] Request (QuotaClassesAdminTestJSON:test_update_default_quotas): 200 GET http://10.180.1.21/compute/v2.1/os-quota-class-sets/default 1.682s
2025-02-07 17:18:45.442 62676 INFO tempest.lib.common.rest_client [req-19ef51f9-1149-456a-bb51-b94149546577 req-19ef51f9-1149-456a-bb51-b94149546577 ] Request (SecurityGroupRulesNegativeTestJSON:test_create_security_group_rule_duplicate): 400 POST http://10.180.1.21/compute/v2.1/os-security-group-rules 1.207s
2025-02-07 17:18:45.475 62668 INFO tempest.lib.common.rest_client [req-600d2838-d6eb-40bd-8db3-ed2d08a21086 req-600d2838-d6eb-40bd-8db3-ed2d08a21086 ] Request (FlavorsV261TestJSON:test_crud_flavor): 200 GET http://10.180.1.21/compute/v2.1/flavors/detail 1.209s
2025-02-07 17:18:45.484 62696 INFO tempest.lib.common.rest_client [req-a3b8578c-fc99-488e-891f-98ca61545efb req-a3b8578c-fc99-488e-891f-98ca61545efb ] Request (FloatingIPsAssociationNegativeTestJSON:setUpClass): 204 PUT http://10.180.1.21/identity/v3/projects/1d4f464b6a5c44e3ae17101809a13b86/users/256093d0711c4e07b5d5bd09e0466a47/roles/40a04f2d5d24411992231cdc3ea36dd1 0.148s
2025-02-07 17:18:45.485 62696 INFO tempest.lib.common.dynamic_creds [-] Dynamic test user 256093d0711c4e07b5d5bd09e0466a47 is created with scope project and roles: ['member']
2025-02-07 17:18:45.487 62696 INFO tempest.lib.common.dynamic_creds [-] Acquired dynamic creds: credentials: Credentials: {'domain_id': 'default', 'domain_name': 'Default', 'username': 'tempest-FloatingIPsAssociationNegativeTestJSON-1912335046-project-member', 'project_domain_id': 'default', 'project_domain_name': 'Default', 'project_id': '1d4f464b6a5c44e3ae17101809a13b86', 'project_name': 'tempest-FloatingIPsAssociationNegativeTestJSON-1912335046', 'tenant_id': '1d4f464b6a5c44e3ae17101809a13b86', 'tenant_name': 'tempest-FloatingIPsAssociationNegativeTestJSON-1912335046', 'user_domain_id': 'default', 'user_domain_name': 'Default', 'user_id': '256093d0711c4e07b5d5bd09e0466a47', 'system': None}, Network: None, Subnet: None, Router: None
2025-02-07 17:18:45.490 62666 INFO tempest.lib.common.rest_client [req-c602fb9b-bb7f-47bf-b3eb-9c4cbbd9ebd2 req-c602fb9b-bb7f-47bf-b3eb-9c4cbbd9ebd2 ] Request (HypervisorAdminV253TestBase:tearDownClass): 204 DELETE http://10.180.1.21:9696/networking/v2.0/security-groups/5712d183-e70a-4332-a65b-69b08411f2b5 0.070s
2025-02-07 17:18:45.493 62674 INFO tempest.lib.common.rest_client [req-3c01ec22-adfd-47c2-947b-65e2a72f0def req-3c01ec22-adfd-47c2-947b-65e2a72f0def ] Request (HypervisorAdminTestJSON:test_get_hypervisor_stats): 200 GET http://10.180.1.21/compute/v2.1/os-hypervisors/statistics 1.203s
2025-02-07 17:18:45.506 62680 INFO tempest.lib.common.rest_client [req-26305a1b-fdc5-4a18-a394-04550c83f037 req-26305a1b-fdc5-4a18-a394-04550c83f037 ] Request (ServerDiagnosticsNegativeTest:test_get_server_diagnostics_by_non_admin): 200 GET http://10.180.1.21/compute/v2.1/servers/4584a496-3f79-40ce-bf30-178bb7c0afcc 1.257s
2025-02-07 17:18:45.516 62700 INFO tempest.lib.common.rest_client [req-7d1fb4b4-b9d9-437b-88b7-58f515bd31e0 req-7d1fb4b4-b9d9-437b-88b7-58f515bd31e0 ] Request (ServicesAdminNegativeV253TestJSON:test_get_service_by_invalid_params): 200 GET http://10.180.1.21/compute/v2.1/os-services 1.193s
2025-02-07 17:18:45.530 62690 INFO tempest.lib.common.rest_client [req-95ba5c19-4ce0-43eb-8792-35d35f3955a8 req-95ba5c19-4ce0-43eb-8792-35d35f3955a8 ] Request (QuotasAdminTestJSON:setUpClass): 200 GET http://10.180.1.21/identity/v3/domains?name=Default 0.193s
2025-02-07 17:18:45.533 62654 INFO tempest.lib.common.rest_client [req-152a58f4-4b82-4257-8643-64c39ebd4e4b req-152a58f4-4b82-4257-8643-64c39ebd4e4b ] Request (FlavorsV255TestJSON:_run_cleanups): 202 DELETE http://10.180.1.21/compute/v2.1/flavors/1151402212 1.183s
2025-02-07 17:18:45.551 62694 INFO tempest.lib.common.rest_client [req-a9642708-3804-491a-8798-93368227ed5f req-a9642708-3804-491a-8798-93368227ed5f ] Request (HostsAdminNegativeTestJSON:setUpClass): 200 GET http://10.180.1.21/identity/v3/domains?name=Default 0.188s
2025-02-07 17:18:45.590 62660 INFO tempest.lib.common.rest_client [req-da6cd519-53bd-4243-8e34-49b2363e40d7 req-da6cd519-53bd-4243-8e34-49b2363e40d7 ] Request (HypervisorAdminUnderV252Test:tearDownClass): 204 DELETE http://10.180.1.21/identity/v3/users/6f02ad513bf94344a15076788f6b1afe 0.206s
2025-02-07 17:18:45.607 62646 INFO tempest.lib.common.rest_client [req-b27bd03e-7182-4855-a6b6-a02f2b39c6b3 req-b27bd03e-7182-4855-a6b6-a02f2b39c6b3 ] Request (ServerDiagnosticsTest:setUpClass): 201 POST http://10.180.1.21/identity/v3/auth/tokens 0.216s
2025-02-07 17:18:45.651 62670 INFO tempest.lib.common.rest_client [req-ea172bee-85d4-47fb-80de-96975b772d51 req-ea172bee-85d4-47fb-80de-96975b772d51 ] Request (ServicesAdminNegativeTestJSON:setUpClass): 201 POST http://10.180.1.21/identity/v3/auth/tokens 0.212s
2025-02-07 17:18:45.673 62696 INFO tempest.lib.common.rest_client [req-b2d4df00-b736-416b-9d2f-8aba51ab430a req-b2d4df00-b736-416b-9d2f-8aba51ab430a ] Request (FloatingIPsAssociationNegativeTestJSON:setUpClass): 201 POST http://10.180.1.21/identity/v3/auth/tokens 0.186s
2025-02-07 17:18:45.697 62672 INFO tempest.lib.common.rest_client [req-2a885a0c-c528-472c-b756-c57bd5ea5d95 req-2a885a0c-c528-472c-b756-c57bd5ea5d95 ] Request (VolumesAssistedSnapshotsTest:setUpClass): 201 POST http://10.180.1.21:9696/networking/v2.0/subnets 0.298s
2025-02-07 17:18:45.726 62666 INFO tempest.lib.common.rest_client [req-ebbc058e-143a-45e1-88cf-a1451679bb55 req-ebbc058e-143a-45e1-88cf-a1451679bb55 ] Request (HypervisorAdminV253TestBase:tearDownClass): 204 DELETE http://10.180.1.21/identity/v3/projects/218905d5055a42099eafa031707bc2a2 0.236s
2025-02-07 17:18:45.726 62666 INFO tempest.lib.common.dynamic_creds [-] Deleting project and security group for project: b24178c4e15b4b0cb718ef53b44f3b27
2025-02-07 17:18:45.758 62674 INFO tempest.lib.common.rest_client [req-a71ed07a-d389-426c-87ed-4c4de565b79f req-a71ed07a-d389-426c-87ed-4c4de565b79f ] Request (HypervisorAdminTestJSON:tearDownClass): 204 DELETE http://10.180.1.21/identity/v3/users/28be7be583f846c7ada79e16fb646bf7 0.262s
2025-02-07 17:18:45.823 62690 INFO tempest.lib.common.rest_client [req-45fea084-3d4e-4609-9a1e-74d10cbac3c2 req-45fea084-3d4e-4609-9a1e-74d10cbac3c2 ] Request (QuotasAdminTestJSON:setUpClass): 201 POST http://10.180.1.21/identity/v3/projects 0.292s
2025-02-07 17:18:45.932 62666 INFO tempest.lib.common.rest_client [req-792fd1db-bdc5-4898-8df3-2c11f8d11c49 req-792fd1db-bdc5-4898-8df3-2c11f8d11c49 ] Request (HypervisorAdminV253TestBase:tearDownClass): 200 GET http://10.180.1.21:9696/networking/v2.0/security-groups?tenant_id=b24178c4e15b4b0cb718ef53b44f3b27&name=default 0.205s
2025-02-07 17:18:45.940 62682 INFO tempest.lib.common.rest_client [req-f6314391-75ac-4710-b92f-cfb4af7598a6 req-f6314391-75ac-4710-b92f-cfb4af7598a6 ] Request (ServerActionsTestOtherA:setUpClass): 200 POST http://10.180.1.21/compute/v2.1/os-keypairs 1.607s
2025-02-07 17:18:45.945 62694 INFO tempest.lib.common.rest_client [req-d33eeacf-1203-4d0c-9677-51cf031f46fd req-d33eeacf-1203-4d0c-9677-51cf031f46fd ] Request (HostsAdminNegativeTestJSON:setUpClass): 201 POST http://10.180.1.21/identity/v3/projects 0.394s
2025-02-07 17:18:46.009 62646 INFO tempest.lib.common.rest_client [req-211e5de2-8d62-45fd-b9a6-906e51d58119 req-211e5de2-8d62-45fd-b9a6-906e51d58119 ] Request (ServerDiagnosticsTest:setUpClass): 200 GET http://10.180.1.21/identity/v3/domains?name=Default 0.402s
2025-02-07 17:18:46.057 62660 INFO tempest.lib.common.rest_client [req-934c625a-2973-4f45-b302-97a0aca98cd7 req-934c625a-2973-4f45-b302-97a0aca98cd7 ] Request (HypervisorAdminUnderV252Test:tearDownClass): 204 DELETE http://10.180.1.21/identity/v3/users/c090f766102f4edd859078137a8cbfe0 0.466s
2025-02-07 17:18:46.057 62660 INFO tempest.lib.common.dynamic_creds [-] Deleting project and security group for project: 87c24a680d4e4e61a4e34003700ac77d
2025-02-07 17:18:46.072 62670 INFO tempest.lib.common.rest_client [req-542282c7-4fac-460d-b8f4-7436ca3ad15e req-542282c7-4fac-460d-b8f4-7436ca3ad15e ] Request (ServicesAdminNegativeTestJSON:setUpClass): 201 POST http://10.180.1.21/identity/v3/auth/tokens 0.419s
2025-02-07 17:18:46.091 62688 INFO tempest.lib.common.rest_client [req-243e27ec-ba14-4ca8-b212-9194d85c7898 req-243e27ec-ba14-4ca8-b212-9194d85c7898 ] Request (FloatingIPsAssociationTestJSON:setUpClass): 200 GET http://10.180.1.21/compute/v2.1/servers/911e8910-7b82-4557-af15-99cf96b7314e 1.654s
2025-02-07 17:18:46.167 62690 INFO tempest.lib.common.rest_client [req-c1f47911-e07e-4186-aab4-63feb6040570 req-c1f47911-e07e-4186-aab4-63feb6040570 ] Request (QuotasAdminTestJSON:setUpClass): 201 POST http://10.180.1.21/identity/v3/users 0.343s
2025-02-07 17:18:46.185 62674 INFO tempest.lib.common.rest_client [req-00584ef6-0778-4dce-b5a0-9638eebebe1c req-00584ef6-0778-4dce-b5a0-9638eebebe1c ] Request (HypervisorAdminTestJSON:tearDownClass): 204 DELETE http://10.180.1.21/identity/v3/users/fabc9e97f4634c13bc49c6070fe682d6 0.427s
2025-02-07 17:18:46.186 62674 INFO tempest.lib.common.dynamic_creds [-] Deleting project and security group for project: 3d5e0d88e75042458c84ae762267b992
2025-02-07 17:18:46.252 62694 INFO tempest.lib.common.rest_client [req-219557ec-1abf-4828-9d96-7d7fe5ca0467 req-219557ec-1abf-4828-9d96-7d7fe5ca0467 ] Request (HostsAdminNegativeTestJSON:setUpClass): 201 POST http://10.180.1.21/identity/v3/users 0.307s
2025-02-07 17:18:46.262 62646 INFO tempest.lib.common.rest_client [req-9a2ab9d5-78a1-4ec7-b1ca-8eeca1b784cd req-9a2ab9d5-78a1-4ec7-b1ca-8eeca1b784cd ] Request (ServerDiagnosticsTest:setUpClass): 201 POST http://10.180.1.21/identity/v3/projects 0.252s
2025-02-07 17:18:46.310 62660 INFO tempest.lib.common.rest_client [req-4963071d-ea88-4302-90ad-0a5c29795709 req-4963071d-ea88-4302-90ad-0a5c29795709 ] Request (HypervisorAdminUnderV252Test:tearDownClass): 201 POST http://10.180.1.21/identity/v3/auth/tokens 0.253s
2025-02-07 17:18:46.324 62670 INFO tempest.lib.common.rest_client [req-a4c43fe0-bf7c-4d7a-9811-2a943db6104e req-a4c43fe0-bf7c-4d7a-9811-2a943db6104e ] Request (ServicesAdminNegativeTestJSON:setUpClass): 200 GET http://10.180.1.21/identity/v3/domains?name=Default 0.252s
2025-02-07 17:18:46.338 62690 INFO tempest.lib.common.rest_client [req-3d569ed9-da45-40c3-8db3-0b4cc44bdf85 req-3d569ed9-da45-40c3-8db3-0b4cc44bdf85 ] Request (QuotasAdminTestJSON:setUpClass): 200 GET http://10.180.1.21/identity/v3/roles 0.170s
2025-02-07 17:18:46.355 62674 INFO tempest.lib.common.rest_client [req-b86207ec-daed-4f36-8f06-9733a48435d2 req-b86207ec-daed-4f36-8f06-9733a48435d2 ] Request (HypervisorAdminTestJSON:tearDownClass): 201 POST http://10.180.1.21/identity/v3/auth/tokens 0.167s
2025-02-07 17:18:46.363 62694 INFO tempest.lib.common.rest_client [req-5c7438e9-2088-40f6-8bf4-cc876297486c req-5c7438e9-2088-40f6-8bf4-cc876297486c ] Request (HostsAdminNegativeTestJSON:setUpClass): 200 GET http://10.180.1.21/identity/v3/roles 0.110s
2025-02-07 17:18:46.382 62646 INFO tempest.lib.common.rest_client [req-04aad210-3e49-4a52-83c5-ceee0e47354e req-04aad210-3e49-4a52-83c5-ceee0e47354e ] Request (ServerDiagnosticsTest:setUpClass): 201 POST http://10.180.1.21/identity/v3/users 0.120s
2025-02-07 17:18:46.395 62666 INFO tempest.lib.common.rest_client [req-ebbedfa7-56a3-4b62-b1d0-dd336f9f1874 req-ebbedfa7-56a3-4b62-b1d0-dd336f9f1874 ] Request (HypervisorAdminV253TestBase:tearDownClass): 204 DELETE http://10.180.1.21:9696/networking/v2.0/security-groups/b335dc95-5a19-4ceb-b1f2-c5bda38263d5 0.463s
2025-02-07 17:18:46.409 62670 INFO tempest.lib.common.rest_client [req-20ec8da7-4035-4324-83e8-0a784de5d919 req-20ec8da7-4035-4324-83e8-0a784de5d919 ] Request (ServicesAdminNegativeTestJSON:setUpClass): 201 POST http://10.180.1.21/identity/v3/projects 0.085s
2025-02-07 17:18:46.434 62704 INFO tempest.lib.common.rest_client [req-1d259fb1-3577-4cbc-a849-7a07d160c3fa req-1d259fb1-3577-4cbc-a849-7a07d160c3fa ] Request (MigrationsAdminTest:test_list_migrations_in_flavor_resize_situation): 200 GET http://10.180.1.21/compute/v2.1/servers/613e2516-6209-439d-bb90-b87d67b281a8 1.972s
2025-02-07 17:18:46.461 62690 INFO tempest.lib.common.rest_client [req-6b412568-5ec0-484c-b3b6-46a9923f2df2 req-6b412568-5ec0-484c-b3b6-46a9923f2df2 ] Request (QuotasAdminTestJSON:setUpClass): 204 PUT http://10.180.1.21/identity/v3/projects/a4f8be56e3ed4171a128481ad4a86a76/users/74de5f664a6a4c8e968ef6e894a8bc3b/roles/40a04f2d5d24411992231cdc3ea36dd1 0.122s
2025-02-07 17:18:46.461 62690 INFO tempest.lib.common.dynamic_creds [-] Dynamic test user 74de5f664a6a4c8e968ef6e894a8bc3b is created with scope project and roles: ['member']
2025-02-07 17:18:46.461 62690 INFO tempest.lib.common.dynamic_creds [-] Acquired dynamic creds: credentials: Credentials: {'domain_id': 'default', 'domain_name': 'Default', 'username': 'tempest-QuotasAdminTestJSON-1660693289-project-member', 'project_domain_id': 'default', 'project_domain_name': 'Default', 'project_id': 'a4f8be56e3ed4171a128481ad4a86a76', 'project_name': 'tempest-QuotasAdminTestJSON-1660693289', 'tenant_id': 'a4f8be56e3ed4171a128481ad4a86a76', 'tenant_name': 'tempest-QuotasAdminTestJSON-1660693289', 'user_domain_id': 'default', 'user_domain_name': 'Default', 'user_id': '74de5f664a6a4c8e968ef6e894a8bc3b', 'system': None}, Network: None, Subnet: None, Router: None
