2025-02-07 17:20:17.615 62670 INFO tempest.lib.common.rest_client [req-9cdf7dae-ec83-4bf6-b07f-5c0ed065e858 req-9cdf7dae-ec83-4bf6-b07f-5c0ed065e858 ] Request (ListServersNegativeTestJSON:setUpClass): 200 GET http://10.180.1.21/compute/v2.1/servers/df0d7e5c-1299-4174-8641-f96b51442b55 0.228s
2025-02-07 17:20:17.641 62652 INFO tempest.lib.common.rest_client [req-b60bb34e-f5e5-4871-88f4-c521c483dd05 req-b60bb34e-f5e5-4871-88f4-c521c483dd05 ] Request (ListImageFiltersTestJSON:setUpClass): 201 POST http://10.180.1.21/identity/v3/auth/tokens 0.086s
2025-02-07 17:20:17.642 62652 INFO tempest.lib.common.fixed_network [-] (ListImageFiltersTestJSON:setUpClass) Found network None available for tenant
2025-02-07 17:20:17.674 62646 INFO tempest.lib.common.rest_client [req-9d296850-4e83-4bbf-ab54-d7e74bde9df3 req-9d296850-4e83-4bbf-ab54-d7e74bde9df3 ] Request (ServersV294TestFqdnHostnames:setUpClass): 200 GET http://10.180.1.21/compute/v2.1/servers/80c53aaa-0812-4f2f-bfe8-2f05c1002018 0.190s
2025-02-07 17:20:17.680 62650 INFO tempest.lib.common.rest_client [req-837694b8-6d60-438e-9c4a-c686ab6913fc req-837694b8-6d60-438e-9c4a-c686ab6913fc ] Request (TenantUsagesTestJSON:setUpClass): 200 GET http://10.180.1.21/compute/v2.1/servers/fe79d679-7bb1-45f8-8189-1dcbcd72d111 0.139s
2025-02-07 17:20:17.729 62704 INFO tempest.lib.common.rest_client [req-633e871f-12fd-4288-92ce-2c18dfc77296 req-633e871f-12fd-4288-92ce-2c18dfc77296 ] Request (MigrationsAdminTest:test_resize_server_revert_deleted_flavor): 200 POST http://10.180.1.21/compute/v2.1/flavors/5c74ff4d-2d63-49dc-b204-699858e7f6c7/os-extra_specs 0.115s
2025-02-07 17:20:17.802 62704 INFO tempest.lib.common.rest_client [req-f89efa50-01e3-4770-88a9-b8ceeb262a85 req-f89efa50-01e3-4770-88a9-b8ceeb262a85 ] Request (MigrationsAdminTest:test_resize_server_revert_deleted_flavor): 201 POST http://10.180.1.21/identity/v3/auth/tokens 0.069s
2025-02-07 17:20:17.803 62704 INFO tempest.lib.common.fixed_network [-] (MigrationsAdminTest:test_resize_server_revert_deleted_flavor) Found network None available for tenant
2025-02-07 17:20:17.811 62664 INFO tempest.lib.common.rest_client [req-c6320aea-f15f-4b11-9245-821f874b6b69 req-c6320aea-f15f-4b11-9245-821f874b6b69 ] Request (ServersAdmin275Test:test_rebuild_update_server_275): 200 GET http://10.180.1.21/compute/v2.1/servers/892b410e-c0ae-4ef6-90a6-fbf09d6ad76b 0.182s
2025-02-07 17:20:17.838 62702 INFO tempest.lib.common.rest_client [req-5ce68f19-979d-465a-82a6-77ca252ae710 req-5ce68f19-979d-465a-82a6-77ca252ae710 ] Request (DeleteServersAdminTestJSON:test_delete_server_while_in_error_state): 200 GET http://10.180.1.21/compute/v2.1/servers/cbd7d9a6-9812-461e-9f59-8dea2e62fece 0.291s
2025-02-07 17:20:17.915 62660 INFO tempest.lib.common.rest_client [req-4636704a-8a7a-4d0e-a70a-3ea93325518c req-4636704a-8a7a-4d0e-a70a-3ea93325518c ] Request (ServersTestMultiNic:test_verify_duplicate_network_nics): 200 GET http://10.180.1.21/compute/v2.1/servers/1e8111de-0629-4ba5-b945-8f552763ab15 0.262s
2025-02-07 17:20:17.978 62676 INFO tempest.lib.common.rest_client [req-4d6d8252-80eb-4908-83bd-3bf36a194bc8 req-4d6d8252-80eb-4908-83bd-3bf36a194bc8 ] Request (ServersTestJSON:setUpClass): 200 GET http://10.180.1.21/compute/v2.1/servers/aa0b930b-b792-402c-ac6d-bfe5dfed0f03 0.270s
2025-02-07 17:20:18.052 62662 INFO tempest.lib.common.rest_client [req-c0b3888d-519c-4d63-ba59-c1c2a2f66890 req-c0b3888d-519c-4d63-ba59-c1c2a2f66890 ] Request (ServerRescueTestJSON:setUpClass): 200 GET http://10.180.1.21/compute/v2.1/servers/7ad56de0-3e7a-4018-8746-42a83a4fe22e 0.339s
2025-02-07 17:20:18.111 62652 INFO tempest.lib.common.rest_client [req-796be445-18c6-4869-8ab1-e27249159fbd req-796be445-18c6-4869-8ab1-e27249159fbd ] Request (ListImageFiltersTestJSON:setUpClass): 202 POST http://10.180.1.21/compute/v2.1/servers 0.468s
2025-02-07 17:20:18.124 62706 INFO tempest.lib.common.rest_client [req-536bb3eb-6e0c-4ff3-9242-598392a68e03 req-536bb3eb-6e0c-4ff3-9242-598392a68e03 ] Request (ServerMetadataNegativeTestJSON:setUpClass): 200 GET http://10.180.1.21/compute/v2.1/servers/eaf3b1bf-6f71-48b1-b28d-bb882b9c2035 0.365s
2025-02-07 17:20:18.171 62674 INFO tempest.lib.common.rest_client [req-65505b55-884a-4932-b396-dd11d549b774 req-65505b55-884a-4932-b396-dd11d549b774 ] Request (AttachInterfacesV270Test:test_create_get_list_interfaces): 200 GET http://10.180.1.21/compute/v2.1/servers/0c794ef1-25d2-43a2-a0f3-98083f82eeac 0.387s
2025-02-07 17:20:18.227 62678 INFO tempest.lib.common.rest_client [req-bef942e2-8afa-4783-8e3c-93ecd07782dc req-bef942e2-8afa-4783-8e3c-93ecd07782dc ] Request (ServerActionsV293TestJSON:setUpClass): 200 GET http://10.180.1.21/volume/v3/volumes/0da4a820-256e-4fbb-941e-7249bbabc770 0.027s
2025-02-07 17:20:18.243 62648 INFO tempest.lib.common.rest_client [req-96f44efa-7838-432a-8f3b-ff3edb3e6d2c req-96f44efa-7838-432a-8f3b-ff3edb3e6d2c ] Request (ServersTestJSON:test_create_server_specify_multibyte_character_name): 200 GET http://10.180.1.21/compute/v2.1/servers/3c9e10d6-deb6-4b1b-8dfe-9e85e3b19e85 0.434s
2025-02-07 17:20:18.312 62694 INFO tempest.lib.common.rest_client [req-c52504d3-8eb4-4f56-8bd7-7b27196d699d req-c52504d3-8eb4-4f56-8bd7-7b27196d699d ] Request (VolumesAdminNegativeTest:test_update_attached_volume_with_nonexistent_volume_in_body): 200 GET http://10.180.1.21/compute/v2.1/servers/04dd8fd6-91f0-444f-b642-2ba8dcdea19d 0.471s
2025-02-07 17:20:18.324 62694 INFO tempest.common.waiters [-] State transition "BUILD/None" ==> "BUILD/networking" after 46 second wait
2025-02-07 17:20:18.372 62658 INFO tempest.lib.common.rest_client [req-0ea1d675-2429-4693-bacc-3ef58883eaa5 req-0ea1d675-2429-4693-bacc-3ef58883eaa5 ] Request (ServerDiskConfigTestJSON:test_rebuild_server_with_auto_disk_config): 200 GET http://10.180.1.21/compute/v2.1/servers/5a5e12bf-4082-40e8-bac8-a8a5b0033dec 0.509s
2025-02-07 17:20:18.429 62680 INFO tempest.lib.common.rest_client [req-3d201fb1-d423-4414-92da-d0ffb1f1eb58 req-3d201fb1-d423-4414-92da-d0ffb1f1eb58 ] Request (ServerTagsTestJSON:setUpClass): 200 GET http://10.180.1.21/compute/v2.1/servers/f07984e0-1503-4ac1-84e3-61d38443a17a 0.503s
2025-02-07 17:20:18.446 62704 INFO tempest.lib.common.rest_client [req-6e0d2bff-0f4f-45c9-9564-15b58c0781f6 req-6e0d2bff-0f4f-45c9-9564-15b58c0781f6 ] Request (MigrationsAdminTest:test_resize_server_revert_deleted_flavor): 202 POST http://10.180.1.21/compute/v2.1/servers 0.643s
2025-02-07 17:20:18.502 62666 INFO tempest.lib.common.rest_client [req-5c00642e-3a50-49ac-a841-6b95ad8049c7 req-5c00642e-3a50-49ac-a841-6b95ad8049c7 ] Request (SecurityGroupsTestJSON:test_server_security_groups): 200 GET http://10.180.1.21/compute/v2.1/servers/3c4b626f-0a92-4c1c-9240-7ed5e9ce623b 0.519s
2025-02-07 17:20:18.502 62652 INFO tempest.lib.common.rest_client [req-1ed0fdc1-7487-40bd-9437-652f0db2b9da req-1ed0fdc1-7487-40bd-9437-652f0db2b9da ] Request (ListImageFiltersTestJSON:setUpClass): 200 GET http://10.180.1.21/compute/v2.1/servers/a514091e-f57a-4447-b60b-7f22d6f26820 0.389s
2025-02-07 17:20:18.590 62696 INFO tempest.lib.common.rest_client [req-04a3d100-9081-4d45-903f-4b58f9b8fb1f req-04a3d100-9081-4d45-903f-4b58f9b8fb1f ] Request (FloatingIPsAssociationNegativeTestJSON:tearDownClass): 200 GET http://10.180.1.21/compute/v2.1/servers/39d42b89-6e94-4322-9d0b-356672da5cde 0.428s
2025-02-07 17:20:18.655 62654 INFO tempest.lib.common.rest_client [req-dc71e564-4a5a-452a-867b-58e847a81a67 req-dc71e564-4a5a-452a-867b-58e847a81a67 ] Request (ServerRescueTestJSONUnderV235:setUpClass): 200 GET http://10.180.1.21/compute/v2.1/servers/133b2694-7206-4e72-92d6-ee334b1470e5 0.410s
2025-02-07 17:20:18.723 62682 INFO tempest.lib.common.rest_client [req-a6aff1cf-aea5-4624-9924-feb3c2808823 req-a6aff1cf-aea5-4624-9924-feb3c2808823 ] Request (ServerActionsTestOtherA:test_rebuild_server_in_stop_state): 200 GET http://10.180.1.21/compute/v2.1/servers/66186b76-7021-4df1-b53c-2789906e37ac 0.441s
2025-02-07 17:20:18.743 62688 INFO tempest.lib.common.rest_client [req-a79e9636-92ae-410a-af3b-7c23ca604ac8 req-a79e9636-92ae-410a-af3b-7c23ca604ac8 ] Request (FloatingIPsAssociationTestJSON:test_associate_already_associated_floating_ip): 200 GET http://10.180.1.21/compute/v2.1/servers/8cd0962c-8272-4384-973d-1ac21ca21993 0.525s
2025-02-07 17:20:18.750 62684 INFO tempest.lib.common.rest_client [req-36299894-9188-4fb1-ae11-3f63bfeb6c1f req-36299894-9188-4fb1-ae11-3f63bfeb6c1f ] Request (ImagesOneServerTestJSON:test_create_image_specify_multibyte_character_image_name): 200 GET http://10.180.1.21/compute/v2.1/images/248f9bd2-791f-4d7d-83e9-4d13864c3f49 0.461s
2025-02-07 17:20:18.793 62704 INFO tempest.lib.common.rest_client [req-d056ae51-3932-4b79-98a6-1468a114eef3 req-d056ae51-3932-4b79-98a6-1468a114eef3 ] Request (MigrationsAdminTest:test_resize_server_revert_deleted_flavor): 200 GET http://10.180.1.21/compute/v2.1/servers/4279ea33-3d7d-4713-9d21-9e7aa29026ae 0.345s
2025-02-07 17:20:18.927 62690 INFO tempest.lib.common.rest_client [req-efb8b46a-6123-4657-a7a3-e1188be623d2 req-efb8b46a-6123-4657-a7a3-e1188be623d2 ] Request (ServersAdminNegativeTestJSON:setUpClass): 200 GET http://10.180.1.21/compute/v2.1/servers/16731f71-d972-4604-95f3-4412aedcddb5 0.500s
2025-02-07 17:20:18.941 62690 INFO tempest.common.waiters [-] State transition "BUILD/spawning" ==> "ACTIVE/None" after 57 second wait
2025-02-07 17:20:18.999 62668 INFO tempest.lib.common.rest_client [req-1189e9de-b1e7-4de9-9ca7-a2410f3b4de0 req-1189e9de-b1e7-4de9-9ca7-a2410f3b4de0 ] Request (ImagesOneServerNegativeTestJSON:_run_cleanups): 200 GET http://10.180.1.21/compute/v2.1/servers/7d40ec51-28cf-4829-be03-810f8d965b2e 0.390s
2025-02-07 17:20:18.999 62708 WARNING tempest.lib.common.ssh [-] Failed to establish authenticated ssh connection to cirros@10.180.180.245 ([Errno None] Unable to connect to port 22 on 10.180.180.245). Number attempts: 6. Retry after 7 seconds.: paramiko.ssh_exception.NoValidConnectionsError: [Errno None] Unable to connect to port 22 on 10.180.180.245
2025-02-07 17:20:19.032 62656 INFO tempest.lib.common.rest_client [req-373b0e7e-cd12-47c5-8e09-e25bf319750c req-373b0e7e-cd12-47c5-8e09-e25bf319750c ] Request (ListServerFiltersTestJSON:setUpClass): 200 GET http://10.180.1.21/compute/v2.1/servers/17f3c1fc-a6c7-4936-b0d9-4c0eb88417c0 0.480s
2025-02-07 17:20:19.039 62656 INFO tempest.common.waiters [-] State transition "BUILD/spawning" ==> "ACTIVE/None" after 58 second wait
2025-02-07 17:20:19.086 62670 INFO tempest.lib.common.rest_client [req-ae6987b2-0690-4937-8bb4-fa8cb38266a0 req-ae6987b2-0690-4937-8bb4-fa8cb38266a0 ] Request (ListServersNegativeTestJSON:setUpClass): 200 GET http://10.180.1.21/compute/v2.1/servers/df0d7e5c-1299-4174-8641-f96b51442b55 0.462s
2025-02-07 17:20:19.131 62646 INFO tempest.lib.common.rest_client [req-e4120ddf-54c4-4ee9-a1d1-95a24a4bd9a0 req-e4120ddf-54c4-4ee9-a1d1-95a24a4bd9a0 ] Request (ServersV294TestFqdnHostnames:setUpClass): 200 GET http://10.180.1.21/compute/v2.1/servers/80c53aaa-0812-4f2f-bfe8-2f05c1002018 0.437s
2025-02-07 17:20:19.147 62650 INFO tempest.lib.common.rest_client [req-8fca6b5e-6d4f-4f35-88a3-031f4e6c4e58 req-8fca6b5e-6d4f-4f35-88a3-031f4e6c4e58 ] Request (TenantUsagesTestJSON:setUpClass): 200 GET http://10.180.1.21/compute/v2.1/servers/fe79d679-7bb1-45f8-8189-1dcbcd72d111 0.451s
2025-02-07 17:20:19.188 62664 INFO tempest.lib.common.rest_client [req-ea34ba2b-b04a-4776-b87f-652fd9e82a11 req-ea34ba2b-b04a-4776-b87f-652fd9e82a11 ] Request (ServersAdmin275Test:test_rebuild_update_server_275): 200 GET http://10.180.1.21/compute/v2.1/servers/892b410e-c0ae-4ef6-90a6-fbf09d6ad76b 0.367s
2025-02-07 17:20:19.252 62660 INFO tempest.lib.common.rest_client [req-b448c609-2f0b-4526-999c-162aebf05441 req-b448c609-2f0b-4526-999c-162aebf05441 ] Request (ServersTestMultiNic:test_verify_duplicate_network_nics): 200 GET http://10.180.1.21/compute/v2.1/servers/1e8111de-0629-4ba5-b945-8f552763ab15 0.326s
2025-02-07 17:20:19.264 62678 INFO tempest.lib.common.rest_client [req-75e3dd06-4d05-4fba-bf65-f402966916dd req-75e3dd06-4d05-4fba-bf65-f402966916dd ] Request (ServerActionsV293TestJSON:setUpClass): 200 GET http://10.180.1.21/volume/v3/volumes/0da4a820-256e-4fbb-941e-7249bbabc770 0.028s
2025-02-07 17:20:19.270 62702 INFO tempest.lib.common.rest_client [req-a49c1bad-3848-44ca-b26d-416828ab8778 req-a49c1bad-3848-44ca-b26d-416828ab8778 ] Request (DeleteServersAdminTestJSON:test_delete_server_while_in_error_state): 200 GET http://10.180.1.21/compute/v2.1/servers/cbd7d9a6-9812-461e-9f59-8dea2e62fece 0.423s
2025-02-07 17:20:19.324 62676 INFO tempest.lib.common.rest_client [req-0a6e077f-79b2-4add-9918-09becbf74f3f req-0a6e077f-79b2-4add-9918-09becbf74f3f ] Request (ServersTestJSON:setUpClass): 200 GET http://10.180.1.21/compute/v2.1/servers/aa0b930b-b792-402c-ac6d-bfe5dfed0f03 0.336s
2025-02-07 17:20:19.380 62690 INFO tempest.lib.common.rest_client [req-31ad5155-1362-45dc-b387-6ede89a8d75a req-31ad5155-1362-45dc-b387-6ede89a8d75a ] Request (ServersAdminNegativeTestJSON:test_migrate_non_existent_server): 404 POST http://10.180.1.21/compute/v2.1/servers/93fbd74e-5442-4974-bfc2-2a1e533d594e/action 0.437s
2025-02-07 17:20:19.437 62662 INFO tempest.lib.common.rest_client [req-7014751f-a3b9-4506-b917-46f1022cd7cf req-7014751f-a3b9-4506-b917-46f1022cd7cf ] Request (ServerRescueTestJSON:setUpClass): 200 GET http://10.180.1.21/compute/v2.1/servers/7ad56de0-3e7a-4018-8746-42a83a4fe22e 0.377s
2025-02-07 17:20:19.446 62656 INFO tempest.lib.common.rest_client [req-56a8651a-72ae-4066-afc0-051f19e89ea3 req-56a8651a-72ae-4066-afc0-051f19e89ea3 ] Request (ListServerFiltersTestJSON:setUpClass): 200 GET http://10.180.1.21/compute/v2.1/servers/7d799973-7eb9-46f8-ae41-d9aca9fc9e5a 0.406s
2025-02-07 17:20:19.454 62690 INFO tempest.lib.common.rest_client [req-6e16a222-0438-4b5b-aae3-56dfbcb0b61e req-6e16a222-0438-4b5b-aae3-56dfbcb0b61e ] Request (ServersAdminNegativeTestJSON:test_migrate_server_invalid_state): 201 POST http://10.180.1.21/identity/v3/auth/tokens 0.068s
2025-02-07 17:20:19.455 62690 INFO tempest.lib.common.fixed_network [-] (ServersAdminNegativeTestJSON:test_migrate_server_invalid_state) Found network None available for tenant
2025-02-07 17:20:19.501 62706 INFO tempest.lib.common.rest_client [req-b13d1052-e92e-463c-a9c0-51f5a66df073 req-b13d1052-e92e-463c-a9c0-51f5a66df073 ] Request (ServerMetadataNegativeTestJSON:setUpClass): 200 GET http://10.180.1.21/compute/v2.1/servers/eaf3b1bf-6f71-48b1-b28d-bb882b9c2035 0.364s
2025-02-07 17:20:19.509 62674 INFO tempest.lib.common.rest_client [req-a63cda8d-dfe1-469e-937a-c2f541ee2602 req-a63cda8d-dfe1-469e-937a-c2f541ee2602 ] Request (AttachInterfacesV270Test:test_create_get_list_interfaces): 200 GET http://10.180.1.21/compute/v2.1/servers/0c794ef1-25d2-43a2-a0f3-98083f82eeac 0.317s
2025-02-07 17:20:19.560 62648 INFO tempest.lib.common.rest_client [req-c2780354-5bc3-45c8-91aa-9a46ede65e20 req-c2780354-5bc3-45c8-91aa-9a46ede65e20 ] Request (ServersTestJSON:test_create_server_specify_multibyte_character_name): 200 GET http://10.180.1.21/compute/v2.1/servers/3c9e10d6-deb6-4b1b-8dfe-9e85e3b19e85 0.304s
2025-02-07 17:20:19.629 62658 INFO tempest.lib.common.rest_client [req-1a4c0905-437e-4b46-9c97-15e6c3aa7e05 req-1a4c0905-437e-4b46-9c97-15e6c3aa7e05 ] Request (ServerDiskConfigTestJSON:test_rebuild_server_with_auto_disk_config): 200 GET http://10.180.1.21/compute/v2.1/servers/5a5e12bf-4082-40e8-bac8-a8a5b0033dec 0.245s
2025-02-07 17:20:19.643 62694 INFO tempest.lib.common.rest_client [req-e6e03434-d9a0-427d-b8d2-7c800d0f0b29 req-e6e03434-d9a0-427d-b8d2-7c800d0f0b29 ] Request (VolumesAdminNegativeTest:test_update_attached_volume_with_nonexistent_volume_in_body): 200 GET http://10.180.1.21/compute/v2.1/servers/04dd8fd6-91f0-444f-b642-2ba8dcdea19d 0.317s
2025-02-07 17:20:19.650 62694 INFO tempest.common.waiters [-] State transition "BUILD/networking" ==> "BUILD/spawning" after 47 second wait
2025-02-07 17:20:19.687 62680 INFO tempest.lib.common.rest_client [req-cdfc23ca-5faa-49bc-a84f-70098ff0252c req-cdfc23ca-5faa-49bc-a84f-70098ff0252c ] Request (ServerTagsTestJSON:setUpClass): 200 GET http://10.180.1.21/compute/v2.1/servers/f07984e0-1503-4ac1-84e3-61d38443a17a 0.244s
2025-02-07 17:20:20.057 62656 INFO tempest.lib.common.rest_client [req-377fbb9f-3b0b-425e-9898-c6391c4ea672 req-377fbb9f-3b0b-425e-9898-c6391c4ea672 ] Request (ListServerFiltersTestJSON:setUpClass): 200 GET http://10.180.1.21/compute/v2.1/servers/69b21777-3bb0-44ee-b6fd-f61a4a56881e 0.601s
2025-02-07 17:20:20.134 62666 INFO tempest.lib.common.rest_client [req-a1724fd2-d464-443d-b33f-2fa0d15b9ec8 req-a1724fd2-d464-443d-b33f-2fa0d15b9ec8 ] Request (SecurityGroupsTestJSON:test_server_security_groups): 200 GET http://10.180.1.21/compute/v2.1/servers/3c4b626f-0a92-4c1c-9240-7ed5e9ce623b 0.623s
2025-02-07 17:20:20.188 62652 INFO tempest.lib.common.rest_client [req-fe74d75d-38c5-4715-bc23-c08a4f769616 req-fe74d75d-38c5-4715-bc23-c08a4f769616 ] Request (ListImageFiltersTestJSON:setUpClass): 200 GET http://10.180.1.21/compute/v2.1/servers/a514091e-f57a-4447-b60b-7f22d6f26820 0.672s
2025-02-07 17:20:20.204 62690 INFO tempest.lib.common.rest_client [req-9e8c55d9-950b-462f-82d5-ddb0e06a064c req-9e8c55d9-950b-462f-82d5-ddb0e06a064c ] Request (ServersAdminNegativeTestJSON:test_migrate_server_invalid_state): 202 POST http://10.180.1.21/compute/v2.1/servers 0.749s
2025-02-07 17:20:20.263 62654 INFO tempest.lib.common.rest_client [req-30b79597-698f-49d1-9552-8161fc6fd118 req-30b79597-698f-49d1-9552-8161fc6fd118 ] Request (ServerRescueTestJSONUnderV235:setUpClass): 200 GET http://10.180.1.21/compute/v2.1/servers/133b2694-7206-4e72-92d6-ee334b1470e5 0.599s
2025-02-07 17:20:20.265 62696 INFO tempest.lib.common.rest_client [req-40e2f12a-9297-4701-abc7-0db49c90f976 req-40e2f12a-9297-4701-abc7-0db49c90f976 ] Request (FloatingIPsAssociationNegativeTestJSON:tearDownClass): 200 GET http://10.180.1.21/compute/v2.1/servers/39d42b89-6e94-4322-9d0b-356672da5cde 0.666s
2025-02-07 17:20:20.277 62654 INFO tempest.common.waiters [-] State transition "BUILD/scheduling" ==> "BUILD/None" after 20 second wait
2025-02-07 17:20:20.316 62678 INFO tempest.lib.common.rest_client [req-7b0c5519-9ff9-43fd-b98f-faa79bc341a9 req-7b0c5519-9ff9-43fd-b98f-faa79bc341a9 ] Request (ServerActionsV293TestJSON:setUpClass): 200 GET http://10.180.1.21/volume/v3/volumes/0da4a820-256e-4fbb-941e-7249bbabc770 0.044s
2025-02-07 17:20:20.323 62682 INFO tempest.lib.common.rest_client [req-71a9b6f6-d59f-4c4a-8b2b-87b5404d7651 req-71a9b6f6-d59f-4c4a-8b2b-87b5404d7651 ] Request (ServerActionsTestOtherA:test_rebuild_server_in_stop_state): 200 GET http://10.180.1.21/compute/v2.1/servers/66186b76-7021-4df1-b53c-2789906e37ac 0.591s
2025-02-07 17:20:20.358 62684 INFO tempest.lib.common.rest_client [req-7e59c0b2-5f80-42b6-97ad-54cdcd475a74 req-7e59c0b2-5f80-42b6-97ad-54cdcd475a74 ] Request (ImagesOneServerTestJSON:test_create_image_specify_multibyte_character_image_name): 200 GET http://10.180.1.21/compute/v2.1/images/248f9bd2-791f-4d7d-83e9-4d13864c3f49 0.598s
2025-02-07 17:20:20.413 62704 INFO tempest.lib.common.rest_client [req-0cdb649b-78cf-4acc-96db-55dc22605f5c req-0cdb649b-78cf-4acc-96db-55dc22605f5c ] Request (MigrationsAdminTest:test_resize_server_revert_deleted_flavor): 200 GET http://10.180.1.21/compute/v2.1/servers/4279ea33-3d7d-4713-9d21-9e7aa29026ae 0.606s
2025-02-07 17:20:20.443 62688 INFO tempest.lib.common.rest_client [req-f64b88e3-8fac-437c-8e17-922afbe00ca0 req-f64b88e3-8fac-437c-8e17-922afbe00ca0 ] Request (FloatingIPsAssociationTestJSON:test_associate_already_associated_floating_ip): 200 GET http://10.180.1.21/compute/v2.1/servers/8cd0962c-8272-4384-973d-1ac21ca21993 0.690s
2025-02-07 17:20:20.453 62688 INFO tempest.common.waiters [-] State transition "BUILD/spawning" ==> "ACTIVE/None" after 58 second wait
2025-02-07 17:20:20.478 62668 INFO tempest.lib.common.rest_client [req-01ccae22-22de-4a16-a744-a8084ed4f2ba req-01ccae22-22de-4a16-a744-a8084ed4f2ba ] Request (ImagesOneServerNegativeTestJSON:_run_cleanups): 200 GET http://10.180.1.21/compute/v2.1/servers/7d40ec51-28cf-4829-be03-810f8d965b2e 0.469s
2025-02-07 17:20:20.545 62670 INFO tempest.lib.common.rest_client [req-348091b0-ad8e-4fab-be37-bdccedf229cc req-348091b0-ad8e-4fab-be37-bdccedf229cc ] Request (ListServersNegativeTestJSON:setUpClass): 200 GET http://10.180.1.21/compute/v2.1/servers/df0d7e5c-1299-4174-8641-f96b51442b55 0.447s
2025-02-07 17:20:20.599 62646 INFO tempest.lib.common.rest_client [req-b48de251-6d33-4f72-9950-44b12f68620f req-b48de251-6d33-4f72-9950-44b12f68620f ] Request (ServersV294TestFqdnHostnames:setUpClass): 200 GET http://10.180.1.21/compute/v2.1/servers/80c53aaa-0812-4f2f-bfe8-2f05c1002018 0.453s
2025-02-07 17:20:20.663 62650 INFO tempest.lib.common.rest_client [req-02e191be-dfdd-4857-93b9-e184d0c83c10 req-02e191be-dfdd-4857-93b9-e184d0c83c10 ] Request (TenantUsagesTestJSON:setUpClass): 200 GET http://10.180.1.21/compute/v2.1/servers/fe79d679-7bb1-45f8-8189-1dcbcd72d111 0.505s
2025-02-07 17:20:20.676 62656 INFO tempest.lib.common.rest_client [req-fe2da402-f641-4060-88d5-a7e966922de6 req-fe2da402-f641-4060-88d5-a7e966922de6 ] Request (ListServerFiltersTestJSON:test_list_servers_detailed_filter_by_flavor): 200 GET http://10.180.1.21/compute/v2.1/servers/detail?flavor=84 0.610s
2025-02-07 17:20:20.726 62690 INFO tempest.lib.common.rest_client [req-f8427b1f-f3b4-4012-9649-9d5fd07566b0 req-f8427b1f-f3b4-4012-9649-9d5fd07566b0 ] Request (ServersAdminNegativeTestJSON:test_migrate_server_invalid_state): 200 GET http://10.180.1.21/compute/v2.1/servers/036c1441-66e8-4a80-99a2-15dfe86351fc 0.520s
2025-02-07 17:20:20.727 62664 INFO tempest.lib.common.rest_client [req-9f89cd42-b5a1-47f4-8261-bd394cb12557 req-9f89cd42-b5a1-47f4-8261-bd394cb12557 ] Request (ServersAdmin275Test:test_rebuild_update_server_275): 200 GET http://10.180.1.21/compute/v2.1/servers/892b410e-c0ae-4ef6-90a6-fbf09d6ad76b 0.528s
2025-02-07 17:20:20.792 62660 INFO tempest.lib.common.rest_client [req-b25109fc-fefa-4554-9a9f-33a080d5d82c req-b25109fc-fefa-4554-9a9f-33a080d5d82c ] Request (ServersTestMultiNic:test_verify_duplicate_network_nics): 200 GET http://10.180.1.21/compute/v2.1/servers/1e8111de-0629-4ba5-b945-8f552763ab15 0.532s
2025-02-07 17:20:20.898 62702 INFO tempest.lib.common.rest_client [req-553c8d4a-8eaa-4308-ab39-ec7e03b7f431 req-553c8d4a-8eaa-4308-ab39-ec7e03b7f431 ] Request (DeleteServersAdminTestJSON:test_delete_server_while_in_error_state): 200 GET http://10.180.1.21/compute/v2.1/servers/cbd7d9a6-9812-461e-9f59-8dea2e62fece 0.617s
2025-02-07 17:20:20.962 62662 INFO tempest.lib.common.rest_client [req-f7a030cb-2974-4a8e-8f65-4ae8fbad527e req-f7a030cb-2974-4a8e-8f65-4ae8fbad527e ] Request (ServerRescueTestJSON:setUpClass): 200 GET http://10.180.1.21/compute/v2.1/servers/7ad56de0-3e7a-4018-8746-42a83a4fe22e 0.515s
2025-02-07 17:20:21.087 62676 INFO tempest.lib.common.rest_client [req-6c1ef188-16a8-46b9-b677-591e7c6e1fe6 req-6c1ef188-16a8-46b9-b677-591e7c6e1fe6 ] Request (ServersTestJSON:setUpClass): 200 GET http://10.180.1.21/compute/v2.1/servers/aa0b930b-b792-402c-ac6d-bfe5dfed0f03 0.751s
2025-02-07 17:20:21.096 62676 INFO tempest.common.waiters [-] State transition "BUILD/None" ==> "BUILD/networking" after 44 second wait
2025-02-07 17:20:21.183 62706 INFO tempest.lib.common.rest_client [req-a271378a-756a-498b-bfa5-fa4cab9b562b req-a271378a-756a-498b-bfa5-fa4cab9b562b ] Request (ServerMetadataNegativeTestJSON:setUpClass): 200 GET http://10.180.1.21/compute/v2.1/servers/eaf3b1bf-6f71-48b1-b28d-bb882b9c2035 0.675s
2025-02-07 17:20:21.264 62674 INFO tempest.lib.common.rest_client [req-d14eb9e8-f644-452c-8c05-25be453f40a4 req-d14eb9e8-f644-452c-8c05-25be453f40a4 ] Request (AttachInterfacesV270Test:test_create_get_list_interfaces): 200 GET http://10.180.1.21/compute/v2.1/servers/0c794ef1-25d2-43a2-a0f3-98083f82eeac 0.744s
2025-02-07 17:20:21.327 62648 INFO tempest.lib.common.rest_client [req-f14e155b-cb09-479d-9b06-155992970813 req-f14e155b-cb09-479d-9b06-155992970813 ] Request (ServersTestJSON:test_create_server_specify_multibyte_character_name): 200 GET http://10.180.1.21/compute/v2.1/servers/3c9e10d6-deb6-4b1b-8dfe-9e85e3b19e85 0.756s
2025-02-07 17:20:21.360 62678 INFO tempest.lib.common.rest_client [req-827e7a95-4466-451e-9fe3-8c54e79d1e2c req-827e7a95-4466-451e-9fe3-8c54e79d1e2c ] Request (ServerActionsV293TestJSON:setUpClass): 200 GET http://10.180.1.21/volume/v3/volumes/0da4a820-256e-4fbb-941e-7249bbabc770 0.035s
2025-02-07 17:20:21.388 62658 INFO tempest.lib.common.rest_client [req-bbc79cd3-bef3-47f4-a582-39b65b51afa5 req-bbc79cd3-bef3-47f4-a582-39b65b51afa5 ] Request (ServerDiskConfigTestJSON:test_rebuild_server_with_auto_disk_config): 200 GET http://10.180.1.21/compute/v2.1/servers/5a5e12bf-4082-40e8-bac8-a8a5b0033dec 0.750s
2025-02-07 17:20:21.397 62658 INFO tempest.common.waiters [-] State transition "BUILD/scheduling" ==> "BUILD/None" after 30 second wait
2025-02-07 17:20:21.529 62694 INFO tempest.lib.common.rest_client [req-23bf20f4-505c-45c6-8265-2645fec957de req-23bf20f4-505c-45c6-8265-2645fec957de ] Request (VolumesAdminNegativeTest:test_update_attached_volume_with_nonexistent_volume_in_body): 200 GET http://10.180.1.21/compute/v2.1/servers/04dd8fd6-91f0-444f-b642-2ba8dcdea19d 0.878s
2025-02-07 17:20:21.797 62656 INFO tempest.lib.common.rest_client [req-87a11f2d-72e8-4dd5-bae7-a685a4466dc3 req-87a11f2d-72e8-4dd5-bae7-a685a4466dc3 ] Request (ListServerFiltersTestJSON:test_list_servers_detailed_filter_by_server_name): 200 GET http://10.180.1.21/compute/v2.1/servers/detail?name=tempest-ListServerFiltersTestJSON-instance-1602231062 1.113s
2025-02-07 17:20:21.867 62680 INFO tempest.lib.common.rest_client [req-faae1f4f-474a-4b03-9812-56a12682fd7b req-faae1f4f-474a-4b03-9812-56a12682fd7b ] Request (ServerTagsTestJSON:setUpClass): 200 GET http://10.180.1.21/compute/v2.1/servers/f07984e0-1503-4ac1-84e3-61d38443a17a 1.170s
2025-02-07 17:20:21.924 62666 INFO tempest.lib.common.rest_client [req-628ebbc6-f57e-4726-9247-b450210b7010 req-628ebbc6-f57e-4726-9247-b450210b7010 ] Request (SecurityGroupsTestJSON:test_server_security_groups): 200 GET http://10.180.1.21/compute/v2.1/servers/3c4b626f-0a92-4c1c-9240-7ed5e9ce623b 0.781s
2025-02-07 17:20:21.974 62652 INFO tempest.lib.common.rest_client [req-7e5196c4-fe0e-4662-9979-fba7d08c8cec req-7e5196c4-fe0e-4662-9979-fba7d08c8cec ] Request (ListImageFiltersTestJSON:setUpClass): 200 GET http://10.180.1.21/compute/v2.1/servers/a514091e-f57a-4447-b60b-7f22d6f26820 0.778s
2025-02-07 17:20:22.038 62696 INFO tempest.lib.common.rest_client [req-38d29d98-e7fe-4127-b85a-6630eb035bd7 req-38d29d98-e7fe-4127-b85a-6630eb035bd7 ] Request (FloatingIPsAssociationNegativeTestJSON:tearDownClass): 200 GET http://10.180.1.21/compute/v2.1/servers/39d42b89-6e94-4322-9d0b-356672da5cde 0.759s
2025-02-07 17:20:22.100 62654 INFO tempest.lib.common.rest_client [req-63b1dd89-4a8e-4fd0-82ca-f12305d89814 req-63b1dd89-4a8e-4fd0-82ca-f12305d89814 ] Request (ServerRescueTestJSONUnderV235:setUpClass): 200 GET http://10.180.1.21/compute/v2.1/servers/133b2694-7206-4e72-92d6-ee334b1470e5 0.817s
2025-02-07 17:20:22.156 62682 INFO tempest.lib.common.rest_client [req-1db32e4b-ee30-469f-85dc-772bdb75ad48 req-1db32e4b-ee30-469f-85dc-772bdb75ad48 ] Request (ServerActionsTestOtherA:test_rebuild_server_in_stop_state): 200 GET http://10.180.1.21/compute/v2.1/servers/66186b76-7021-4df1-b53c-2789906e37ac 0.823s
2025-02-07 17:20:22.164 62682 INFO tempest.common.waiters [-] State transition "BUILD/scheduling" ==> "BUILD/None" after 20 second wait
2025-02-07 17:20:22.188 62684 INFO tempest.lib.common.rest_client [req-7e444b7a-2326-40eb-8b02-a17a53ded1e1 req-7e444b7a-2326-40eb-8b02-a17a53ded1e1 ] Request (ImagesOneServerTestJSON:test_create_image_specify_multibyte_character_image_name): 200 GET http://10.180.1.21/compute/v2.1/images/248f9bd2-791f-4d7d-83e9-4d13864c3f49 0.825s
2025-02-07 17:20:22.246 62704 INFO tempest.lib.common.rest_client [req-549b5907-9b64-4e3c-a11c-4fa17afc91e3 req-549b5907-9b64-4e3c-a11c-4fa17afc91e3 ] Request (MigrationsAdminTest:test_resize_server_revert_deleted_flavor): 200 GET http://10.180.1.21/compute/v2.1/servers/4279ea33-3d7d-4713-9d21-9e7aa29026ae 0.825s
2025-02-07 17:20:22.276 62688 INFO tempest.lib.common.rest_client [req-d1f70c10-6829-4b44-bff0-ac3daa006884 req-d1f70c10-6829-4b44-bff0-ac3daa006884 ] Request (FloatingIPsAssociationTestJSON:test_associate_already_associated_floating_ip): 202 POST http://10.180.1.21/compute/v2.1/servers/911e8910-7b82-4557-af15-99cf96b7314e/action 1.822s
2025-02-07 17:20:22.309 62668 INFO tempest.lib.common.rest_client [req-27370989-ffee-4bb2-929c-8d87d930a766 req-27370989-ffee-4bb2-929c-8d87d930a766 ] Request (ImagesOneServerNegativeTestJSON:_run_cleanups): 200 GET http://10.180.1.21/compute/v2.1/servers/7d40ec51-28cf-4829-be03-810f8d965b2e 0.815s
2025-02-07 17:20:22.333 62670 INFO tempest.lib.common.rest_client [req-f249b2bb-ffa7-423e-9dae-13217db8d2b9 req-f249b2bb-ffa7-423e-9dae-13217db8d2b9 ] Request (ListServersNegativeTestJSON:setUpClass): 200 GET http://10.180.1.21/compute/v2.1/servers/df0d7e5c-1299-4174-8641-f96b51442b55 0.778s
2025-02-07 17:20:22.363 62646 INFO tempest.lib.common.rest_client [req-1c00bde2-548d-4a70-a554-c046ddc7a1f5 req-1c00bde2-548d-4a70-a554-c046ddc7a1f5 ] Request (ServersV294TestFqdnHostnames:setUpClass): 200 GET http://10.180.1.21/compute/v2.1/servers/80c53aaa-0812-4f2f-bfe8-2f05c1002018 0.752s
2025-02-07 17:20:22.383 62650 INFO tempest.lib.common.rest_client [req-e7096592-58ad-4b75-a68f-5ce232f76cfb req-e7096592-58ad-4b75-a68f-5ce232f76cfb ] Request (TenantUsagesTestJSON:setUpClass): 200 GET http://10.180.1.21/compute/v2.1/servers/fe79d679-7bb1-45f8-8189-1dcbcd72d111 0.706s
2025-02-07 17:20:22.400 62678 INFO tempest.lib.common.rest_client [req-4520b943-802b-41f8-9104-6d6c25990840 req-4520b943-802b-41f8-9104-6d6c25990840 ] Request (ServerActionsV293TestJSON:setUpClass): 200 GET http://10.180.1.21/volume/v3/volumes/0da4a820-256e-4fbb-941e-7249bbabc770 0.031s
2025-02-07 17:20:22.421 62690 INFO tempest.lib.common.rest_client [req-61ce4719-2f52-4bc7-81d3-52ee5d1bde5a req-61ce4719-2f52-4bc7-81d3-52ee5d1bde5a ] Request (ServersAdminNegativeTestJSON:test_migrate_server_invalid_state): 200 GET http://10.180.1.21/compute/v2.1/servers/036c1441-66e8-4a80-99a2-15dfe86351fc 0.685s
2025-02-07 17:20:22.442 62664 INFO tempest.lib.common.rest_client [req-e748e4ad-4cd2-4f68-a661-de9f70d105f3 req-e748e4ad-4cd2-4f68-a661-de9f70d105f3 ] Request (ServersAdmin275Test:test_rebuild_update_server_275): 200 GET http://10.180.1.21/compute/v2.1/servers/892b410e-c0ae-4ef6-90a6-fbf09d6ad76b 0.704s
2025-02-07 17:20:22.480 62660 INFO tempest.lib.common.rest_client [req-0d3e7b49-5ea3-4f04-98d1-4f49085ed769 req-0d3e7b49-5ea3-4f04-98d1-4f49085ed769 ] Request (ServersTestMultiNic:test_verify_duplicate_network_nics): 200 GET http://10.180.1.21/compute/v2.1/servers/1e8111de-0629-4ba5-b945-8f552763ab15 0.678s
2025-02-07 17:20:22.627 62702 INFO tempest.lib.common.rest_client [req-3c9d9a08-ea35-4edf-ac12-a7345afb5a70 req-3c9d9a08-ea35-4edf-ac12-a7345afb5a70 ] Request (DeleteServersAdminTestJSON:test_delete_server_while_in_error_state): 200 GET http://10.180.1.21/compute/v2.1/servers/cbd7d9a6-9812-461e-9f59-8dea2e62fece 0.716s
2025-02-07 17:20:22.688 62662 INFO tempest.lib.common.rest_client [req-d37cfa75-f383-4064-8cff-0ee75643b74e req-d37cfa75-f383-4064-8cff-0ee75643b74e ] Request (ServerRescueTestJSON:setUpClass): 200 GET http://10.180.1.21/compute/v2.1/servers/7ad56de0-3e7a-4018-8746-42a83a4fe22e 0.718s
2025-02-07 17:20:22.689 62656 INFO tempest.lib.common.rest_client [req-8f8fda22-a59c-4c31-a328-71a1d01c27ab req-8f8fda22-a59c-4c31-a328-71a1d01c27ab ] Request (ListServerFiltersTestJSON:test_list_servers_detailed_filter_by_server_status): 200 GET http://10.180.1.21/compute/v2.1/servers/detail?status=active 0.883s
2025-02-07 17:20:22.761 62706 INFO tempest.lib.common.rest_client [req-35be3e0a-cb82-41d2-9019-460481aee3c2 req-35be3e0a-cb82-41d2-9019-460481aee3c2 ] Request (ServerMetadataNegativeTestJSON:setUpClass): 200 GET http://10.180.1.21/compute/v2.1/servers/eaf3b1bf-6f71-48b1-b28d-bb882b9c2035 0.567s
2025-02-07 17:20:22.807 62676 INFO tempest.lib.common.rest_client [req-d95ee4ef-5719-4939-9d29-2efc00816dec req-d95ee4ef-5719-4939-9d29-2efc00816dec ] Request (ServersTestJSON:setUpClass): 200 GET http://10.180.1.21/compute/v2.1/servers/aa0b930b-b792-402c-ac6d-bfe5dfed0f03 0.709s
2025-02-07 17:20:22.816 62676 INFO tempest.common.waiters [-] State transition "BUILD/networking" ==> "BUILD/spawning" after 45 second wait
2025-02-07 17:20:22.819 62674 INFO tempest.lib.common.rest_client [req-d360e92b-b4ac-45e1-800b-8298d058d483 req-d360e92b-b4ac-45e1-800b-8298d058d483 ] Request (AttachInterfacesV270Test:test_create_get_list_interfaces): 200 GET http://10.180.1.21/compute/v2.1/servers/0c794ef1-25d2-43a2-a0f3-98083f82eeac 0.545s
2025-02-07 17:20:22.831 62674 INFO tempest.common.waiters [-] State transition "BUILD/None" ==> "BUILD/networking" after 42 second wait
2025-02-07 17:20:22.878 62648 INFO tempest.lib.common.rest_client [req-8d7c4346-e580-4195-b84e-d1d76de6e76e req-8d7c4346-e580-4195-b84e-d1d76de6e76e ] Request (ServersTestJSON:test_create_server_specify_multibyte_character_name): 200 GET http://10.180.1.21/compute/v2.1/servers/3c9e10d6-deb6-4b1b-8dfe-9e85e3b19e85 0.542s
2025-02-07 17:20:22.964 62658 INFO tempest.lib.common.rest_client [req-825dfa77-12aa-40bf-a83b-6b3de157f80a req-825dfa77-12aa-40bf-a83b-6b3de157f80a ] Request (ServerDiskConfigTestJSON:test_rebuild_server_with_auto_disk_config): 200 GET http://10.180.1.21/compute/v2.1/servers/5a5e12bf-4082-40e8-bac8-a8a5b0033dec 0.565s
2025-02-07 17:20:23.105 62694 INFO tempest.lib.common.rest_client [req-18c05cd6-a4a8-4f9a-ac9f-47e506eb8b76 req-18c05cd6-a4a8-4f9a-ac9f-47e506eb8b76 ] Request (VolumesAdminNegativeTest:test_update_attached_volume_with_nonexistent_volume_in_body): 200 GET http://10.180.1.21/compute/v2.1/servers/04dd8fd6-91f0-444f-b642-2ba8dcdea19d 0.568s
2025-02-07 17:20:23.311 62656 INFO tempest.lib.common.rest_client [req-29fd8fcd-fbea-4fbb-ac6f-1cf00d845be7 req-29fd8fcd-fbea-4fbb-ac6f-1cf00d845be7 ] Request (ListServerFiltersTestJSON:test_list_servers_detailed_limit_results): 200 GET http://10.180.1.21/compute/v2.1/servers/detail?limit=1 0.608s
2025-02-07 17:20:23.397 62680 INFO tempest.lib.common.rest_client [req-c585b892-20be-4a4e-bc1f-1e895161551d req-c585b892-20be-4a4e-bc1f-1e895161551d ] Request (ServerTagsTestJSON:setUpClass): 200 GET http://10.180.1.21/compute/v2.1/servers/f07984e0-1503-4ac1-84e3-61d38443a17a 0.516s
2025-02-07 17:20:23.442 62678 INFO tempest.lib.common.rest_client [req-ea5dc1ba-7a9c-4555-91e5-48513454154c req-ea5dc1ba-7a9c-4555-91e5-48513454154c ] Request (ServerActionsV293TestJSON:setUpClass): 200 GET http://10.180.1.21/volume/v3/volumes/0da4a820-256e-4fbb-941e-7249bbabc770 0.033s
2025-02-07 17:20:23.458 62666 INFO tempest.lib.common.rest_client [req-57572731-e3b7-47f7-b199-264c522e1f2f req-57572731-e3b7-47f7-b199-264c522e1f2f ] Request (SecurityGroupsTestJSON:test_server_security_groups): 200 GET http://10.180.1.21/compute/v2.1/servers/3c4b626f-0a92-4c1c-9240-7ed5e9ce623b 0.522s
2025-02-07 17:20:23.518 62652 INFO tempest.lib.common.rest_client [req-0975416b-395f-4fc4-b68b-dcfa17f725f4 req-0975416b-395f-4fc4-b68b-dcfa17f725f4 ] Request (ListImageFiltersTestJSON:setUpClass): 200 GET http://10.180.1.21/compute/v2.1/servers/a514091e-f57a-4447-b60b-7f22d6f26820 0.535s
2025-02-07 17:20:23.601 62696 INFO tempest.lib.common.rest_client [req-02261f9d-6fb3-4b75-aeb0-69f0e4abefdf req-02261f9d-6fb3-4b75-aeb0-69f0e4abefdf ] Request (FloatingIPsAssociationNegativeTestJSON:tearDownClass): 200 GET http://10.180.1.21/compute/v2.1/servers/39d42b89-6e94-4322-9d0b-356672da5cde 0.554s
2025-02-07 17:20:23.674 62654 INFO tempest.lib.common.rest_client [req-4587d1e5-852c-4c30-a432-a0033a0c3b7f req-4587d1e5-852c-4c30-a432-a0033a0c3b7f ] Request (ServerRescueTestJSONUnderV235:setUpClass): 200 GET http://10.180.1.21/compute/v2.1/servers/133b2694-7206-4e72-92d6-ee334b1470e5 0.565s
2025-02-07 17:20:23.750 62682 INFO tempest.lib.common.rest_client [req-67e54c01-cd5d-4f7b-ab5f-e77694c009f4 req-67e54c01-cd5d-4f7b-ab5f-e77694c009f4 ] Request (ServerActionsTestOtherA:test_rebuild_server_in_stop_state): 200 GET http://10.180.1.21/compute/v2.1/servers/66186b76-7021-4df1-b53c-2789906e37ac 0.586s
2025-02-07 17:20:23.790 62684 INFO tempest.lib.common.rest_client [req-bbce3399-e42d-43c9-81f2-62e05345292b req-bbce3399-e42d-43c9-81f2-62e05345292b ] Request (ImagesOneServerTestJSON:test_create_image_specify_multibyte_character_image_name): 200 GET http://10.180.1.21/compute/v2.1/images/248f9bd2-791f-4d7d-83e9-4d13864c3f49 0.591s
2025-02-07 17:20:23.845 62704 INFO tempest.lib.common.rest_client [req-9cce2030-8fab-4468-bf90-c0737ea72fd6 req-9cce2030-8fab-4468-bf90-c0737ea72fd6 ] Request (MigrationsAdminTest:test_resize_server_revert_deleted_flavor): 200 GET http://10.180.1.21/compute/v2.1/servers/4279ea33-3d7d-4713-9d21-9e7aa29026ae 0.589s
2025-02-07 17:20:24.056 62672 WARNING tempest.lib.common.ssh [-] Failed to establish authenticated ssh connection to cirros@10.180.180.236 ([Errno None] Unable to connect to port 22 on 10.180.180.236). Number attempts: 7. Retry after 8 seconds.: paramiko.ssh_exception.NoValidConnectionsError: [Errno None] Unable to connect to port 22 on 10.180.180.236
2025-02-07 17:20:24.131 62668 INFO tempest.lib.common.rest_client [req-98c1bc15-d2ec-4c8e-a154-0ef6f04827f5 req-98c1bc15-d2ec-4c8e-a154-0ef6f04827f5 ] Request (ImagesOneServerNegativeTestJSON:_run_cleanups): 200 GET http://10.180.1.21/compute/v2.1/servers/7d40ec51-28cf-4829-be03-810f8d965b2e 0.814s
2025-02-07 17:20:24.225 62656 INFO tempest.lib.common.rest_client [req-8f51dcc2-4db2-4fd0-ab8c-b19837645e15 req-8f51dcc2-4db2-4fd0-ab8c-b19837645e15 ] Request (ListServerFiltersTestJSON:test_list_servers_filter_by_active_status): 200 GET http://10.180.1.21/compute/v2.1/servers?status=active 0.904s
2025-02-07 17:20:24.302 62670 INFO tempest.lib.common.rest_client [req-3a46f011-2e62-42a8-a870-e669c411e732 req-3a46f011-2e62-42a8-a870-e669c411e732 ] Request (ListServersNegativeTestJSON:setUpClass): 200 GET http://10.180.1.21/compute/v2.1/servers/df0d7e5c-1299-4174-8641-f96b51442b55 0.962s
2025-02-07 17:20:24.376 62646 INFO tempest.lib.common.rest_client [req-8920abc4-8a86-42f6-9360-8e0dbdca9f2f req-8920abc4-8a86-42f6-9360-8e0dbdca9f2f ] Request (ServersV294TestFqdnHostnames:setUpClass): 200 GET http://10.180.1.21/compute/v2.1/servers/80c53aaa-0812-4f2f-bfe8-2f05c1002018 1.002s
2025-02-07 17:20:24.448 62650 INFO tempest.lib.common.rest_client [req-45d388ec-c030-41ec-a81d-879272084d75 req-45d388ec-c030-41ec-a81d-879272084d75 ] Request (TenantUsagesTestJSON:setUpClass): 200 GET http://10.180.1.21/compute/v2.1/servers/fe79d679-7bb1-45f8-8189-1dcbcd72d111 1.056s
2025-02-07 17:20:24.486 62678 INFO tempest.lib.common.rest_client [req-c041c289-bfca-4ca4-87e6-37a71d49afa9 req-c041c289-bfca-4ca4-87e6-37a71d49afa9 ] Request (ServerActionsV293TestJSON:setUpClass): 200 GET http://10.180.1.21/volume/v3/volumes/0da4a820-256e-4fbb-941e-7249bbabc770 0.029s
2025-02-07 17:20:24.532 62690 INFO tempest.lib.common.rest_client [req-7e02342b-1df0-462a-b9cc-eea5d232daf0 req-7e02342b-1df0-462a-b9cc-eea5d232daf0 ] Request (ServersAdminNegativeTestJSON:test_migrate_server_invalid_state): 200 GET http://10.180.1.21/compute/v2.1/servers/036c1441-66e8-4a80-99a2-15dfe86351fc 1.103s
2025-02-07 17:20:24.611 62664 INFO tempest.lib.common.rest_client [req-7a4a755f-4d96-4419-976d-693df82c42be req-7a4a755f-4d96-4419-976d-693df82c42be ] Request (ServersAdmin275Test:test_rebuild_update_server_275): 200 GET http://10.180.1.21/compute/v2.1/servers/892b410e-c0ae-4ef6-90a6-fbf09d6ad76b 1.158s
2025-02-07 17:20:24.684 62660 INFO tempest.lib.common.rest_client [req-0730b36d-349d-4012-a7d6-7de931580f36 req-0730b36d-349d-4012-a7d6-7de931580f36 ] Request (ServersTestMultiNic:test_verify_duplicate_network_nics): 200 GET http://10.180.1.21/compute/v2.1/servers/1e8111de-0629-4ba5-b945-8f552763ab15 1.194s
2025-02-07 17:20:24.832 62702 INFO tempest.lib.common.rest_client [req-b00fca84-c036-4ae1-9766-b28e855d627f req-b00fca84-c036-4ae1-9766-b28e855d627f ] Request (DeleteServersAdminTestJSON:test_delete_server_while_in_error_state): 200 GET http://10.180.1.21/compute/v2.1/servers/cbd7d9a6-9812-461e-9f59-8dea2e62fece 1.194s
2025-02-07 17:20:24.888 62662 INFO tempest.lib.common.rest_client [req-b9c71b4b-c841-4e58-b52f-ca007752aacf req-b9c71b4b-c841-4e58-b52f-ca007752aacf ] Request (ServerRescueTestJSON:setUpClass): 200 GET http://10.180.1.21/compute/v2.1/servers/7ad56de0-3e7a-4018-8746-42a83a4fe22e 1.187s
2025-02-07 17:20:24.950 62706 INFO tempest.lib.common.rest_client [req-92e7d8a7-5920-47b6-95a6-e035a9449ac8 req-92e7d8a7-5920-47b6-95a6-e035a9449ac8 ] Request (ServerMetadataNegativeTestJSON:setUpClass): 200 GET http://10.180.1.21/compute/v2.1/servers/eaf3b1bf-6f71-48b1-b28d-bb882b9c2035 1.179s
2025-02-07 17:20:25.083 62676 INFO tempest.lib.common.rest_client [req-5834b7bb-fa68-4710-9556-21c29f8daa73 req-5834b7bb-fa68-4710-9556-21c29f8daa73 ] Request (ServersTestJSON:setUpClass): 200 GET http://10.180.1.21/compute/v2.1/servers/aa0b930b-b792-402c-ac6d-bfe5dfed0f03 1.266s
2025-02-07 17:20:25.177 62688 INFO tempest.lib.common.rest_client [req-8385be89-0155-479e-8784-e2cdb088d5a4 req-8385be89-0155-479e-8784-e2cdb088d5a4 ] Request (FloatingIPsAssociationTestJSON:test_associate_already_associated_floating_ip): 202 POST http://10.180.1.21/compute/v2.1/servers/8cd0962c-8272-4384-973d-1ac21ca21993/action 2.900s
2025-02-07 17:20:25.238 62648 INFO tempest.lib.common.rest_client [req-5cc20763-2d21-49b4-bba6-c3225fe889b5 req-5cc20763-2d21-49b4-bba6-c3225fe889b5 ] Request (ServersTestJSON:test_create_server_specify_multibyte_character_name): 200 GET http://10.180.1.21/compute/v2.1/servers/3c9e10d6-deb6-4b1b-8dfe-9e85e3b19e85 1.351s
2025-02-07 17:20:25.254 62674 INFO tempest.lib.common.rest_client [req-21299560-9837-4b9e-8e30-c6cfbb122bd0 req-21299560-9837-4b9e-8e30-c6cfbb122bd0 ] Request (AttachInterfacesV270Test:test_create_get_list_interfaces): 200 GET http://10.180.1.21/compute/v2.1/servers/0c794ef1-25d2-43a2-a0f3-98083f82eeac 1.421s
2025-02-07 17:20:25.264 62674 INFO tempest.common.waiters [-] State transition "BUILD/networking" ==> "BUILD/spawning" after 45 second wait
2025-02-07 17:20:25.290 62658 INFO tempest.lib.common.rest_client [req-cf7d3be6-a96b-4646-822f-c8200d55ef68 req-cf7d3be6-a96b-4646-822f-c8200d55ef68 ] Request (ServerDiskConfigTestJSON:test_rebuild_server_with_auto_disk_config): 200 GET http://10.180.1.21/compute/v2.1/servers/5a5e12bf-4082-40e8-bac8-a8a5b0033dec 1.317s
2025-02-07 17:20:25.389 62694 INFO tempest.lib.common.rest_client [req-386d0d11-1151-400b-8018-849e26f227a7 req-386d0d11-1151-400b-8018-849e26f227a7 ] Request (VolumesAdminNegativeTest:test_update_attached_volume_with_nonexistent_volume_in_body): 200 GET http://10.180.1.21/compute/v2.1/servers/04dd8fd6-91f0-444f-b642-2ba8dcdea19d 1.275s
2025-02-07 17:20:25.396 62656 INFO tempest.lib.common.rest_client [req-b55d7d27-2c31-4182-9f18-e47064e49214 req-b55d7d27-2c31-4182-9f18-e47064e49214 ] Request (ListServerFiltersTestJSON:test_list_servers_filter_by_exceed_limit): 200 GET http://10.180.1.21/compute/v2.1/servers?limit=100000 1.167s
2025-02-07 17:20:25.442 62680 INFO tempest.lib.common.rest_client [req-55d7b25f-e4f5-4552-b48a-4ec16d6e2812 req-55d7b25f-e4f5-4552-b48a-4ec16d6e2812 ] Request (ServerTagsTestJSON:setUpClass): 200 GET http://10.180.1.21/compute/v2.1/servers/f07984e0-1503-4ac1-84e3-61d38443a17a 1.034s
2025-02-07 17:20:25.451 62666 INFO tempest.lib.common.rest_client [req-8646be8d-0262-4840-8710-b714a608aa01 req-8646be8d-0262-4840-8710-b714a608aa01 ] Request (SecurityGroupsTestJSON:test_server_security_groups): 200 GET http://10.180.1.21/compute/v2.1/servers/3c4b626f-0a92-4c1c-9240-7ed5e9ce623b 0.976s
2025-02-07 17:20:25.471 62696 INFO tempest.lib.common.rest_client [req-3ad054e0-d466-4481-87fd-1340b45c37ec req-3ad054e0-d466-4481-87fd-1340b45c37ec ] Request (FloatingIPsAssociationNegativeTestJSON:tearDownClass): 404 GET http://10.180.1.21/compute/v2.1/servers/39d42b89-6e94-4322-9d0b-356672da5cde 0.860s
2025-02-07 17:20:25.506 62652 INFO tempest.lib.common.rest_client [req-ea09bcc2-81b8-4ecb-94c0-1f2aa956dc43 req-ea09bcc2-81b8-4ecb-94c0-1f2aa956dc43 ] Request (ListImageFiltersTestJSON:setUpClass): 200 GET http://10.180.1.21/compute/v2.1/servers/a514091e-f57a-4447-b60b-7f22d6f26820 0.969s
2025-02-07 17:20:25.527 62678 INFO tempest.lib.common.rest_client [req-6cfd58f7-eb7b-4cbe-a0b2-29c9b85e8128 req-6cfd58f7-eb7b-4cbe-a0b2-29c9b85e8128 ] Request (ServerActionsV293TestJSON:setUpClass): 200 GET http://10.180.1.21/volume/v3/volumes/0da4a820-256e-4fbb-941e-7249bbabc770 0.034s
2025-02-07 17:20:25.526 62654 INFO tempest.lib.common.rest_client [req-4cd41946-1b6e-4369-8225-42b085e601c7 req-4cd41946-1b6e-4369-8225-42b085e601c7 ] Request (ServerRescueTestJSONUnderV235:setUpClass): 200 GET http://10.180.1.21/compute/v2.1/servers/133b2694-7206-4e72-92d6-ee334b1470e5 0.841s
2025-02-07 17:20:25.567 62684 INFO tempest.lib.common.rest_client [req-3f5b66a1-c88f-46af-bde2-631bb10a0de3 req-3f5b66a1-c88f-46af-bde2-631bb10a0de3 ] Request (ImagesOneServerTestJSON:test_create_image_specify_multibyte_character_image_name): 200 GET http://10.180.1.21/compute/v2.1/images/248f9bd2-791f-4d7d-83e9-4d13864c3f49 0.771s
2025-02-07 17:20:25.571 62682 INFO tempest.lib.common.rest_client [req-e9ccca9b-a511-4b97-b749-d177fd800adb req-e9ccca9b-a511-4b97-b749-d177fd800adb ] Request (ServerActionsTestOtherA:test_rebuild_server_in_stop_state): 200 GET http://10.180.1.21/compute/v2.1/servers/66186b76-7021-4df1-b53c-2789906e37ac 0.812s
2025-02-07 17:20:25.623 62704 INFO tempest.lib.common.rest_client [req-c3e77203-4f52-4f27-952c-2d32bf137788 req-c3e77203-4f52-4f27-952c-2d32bf137788 ] Request (MigrationsAdminTest:test_resize_server_revert_deleted_flavor): 200 GET http://10.180.1.21/compute/v2.1/servers/4279ea33-3d7d-4713-9d21-9e7aa29026ae 0.766s
2025-02-07 17:20:25.670 62668 INFO tempest.lib.common.rest_client [req-50d030e0-2dcd-4588-93c5-a962c42ac963 req-50d030e0-2dcd-4588-93c5-a962c42ac963 ] Request (ImagesOneServerNegativeTestJSON:_run_cleanups): 200 GET http://10.180.1.21/compute/v2.1/servers/7d40ec51-28cf-4829-be03-810f8d965b2e 0.528s
2025-02-07 17:20:25.743 62670 INFO tempest.lib.common.rest_client [req-7b3a62eb-5fac-455a-9276-851294b1e812 req-7b3a62eb-5fac-455a-9276-851294b1e812 ] Request (ListServersNegativeTestJSON:setUpClass): 200 GET http://10.180.1.21/compute/v2.1/servers/df0d7e5c-1299-4174-8641-f96b51442b55 0.429s
2025-02-07 17:20:25.853 62646 INFO tempest.lib.common.rest_client [req-0f6404f9-0ea7-453e-bcc3-98e64c3854fd req-0f6404f9-0ea7-453e-bcc3-98e64c3854fd ] Request (ServersV294TestFqdnHostnames:setUpClass): 200 GET http://10.180.1.21/compute/v2.1/servers/80c53aaa-0812-4f2f-bfe8-2f05c1002018 0.464s
2025-02-07 17:20:25.913 62656 INFO tempest.lib.common.rest_client [req-387ff1d5-5aa9-4ed4-9465-bb2c71a1e834 req-387ff1d5-5aa9-4ed4-9465-bb2c71a1e834 ] Request (ListServerFiltersTestJSON:test_list_servers_filter_by_exceed_limit): 200 GET http://10.180.1.21/compute/v2.1/servers 0.511s
2025-02-07 17:20:25.936 62688 INFO tempest.lib.common.rest_client [req-1ee2b741-a95e-40b8-987e-97974eb0c2e1 req-1ee2b741-a95e-40b8-987e-97974eb0c2e1 ] Request (FloatingIPsAssociationTestJSON:test_associate_already_associated_floating_ip): 409 POST http://10.180.1.21/compute/v2.1/servers/911e8910-7b82-4557-af15-99cf96b7314e/action 0.758s
2025-02-07 17:20:25.992 62650 INFO tempest.lib.common.rest_client [req-9f079bb2-f0e3-4831-a414-e7f0b4f24d66 req-9f079bb2-f0e3-4831-a414-e7f0b4f24d66 ] Request (TenantUsagesTestJSON:setUpClass): 200 GET http://10.180.1.21/compute/v2.1/servers/fe79d679-7bb1-45f8-8189-1dcbcd72d111 0.527s
2025-02-07 17:20:26.004 62690 INFO tempest.lib.common.rest_client [req-380ac933-c954-4d76-bffb-88390dcfeb66 req-380ac933-c954-4d76-bffb-88390dcfeb66 ] Request (ServersAdminNegativeTestJSON:test_migrate_server_invalid_state): 200 GET http://10.180.1.21/compute/v2.1/servers/036c1441-66e8-4a80-99a2-15dfe86351fc 0.461s
2025-02-07 17:20:26.072 62660 INFO tempest.lib.common.rest_client [req-39cf0c89-c6ff-4725-9f44-9f1aab3d580c req-39cf0c89-c6ff-4725-9f44-9f1aab3d580c ] Request (ServersTestMultiNic:test_verify_duplicate_network_nics): 200 GET http://10.180.1.21/compute/v2.1/servers/1e8111de-0629-4ba5-b945-8f552763ab15 0.377s
2025-02-07 17:20:26.072 62664 INFO tempest.lib.common.rest_client [req-eda49d35-041e-4b1e-bd40-c4b7778f08d2 req-eda49d35-041e-4b1e-bd40-c4b7778f08d2 ] Request (ServersAdmin275Test:test_rebuild_update_server_275): 200 GET http://10.180.1.21/compute/v2.1/servers/892b410e-c0ae-4ef6-90a6-fbf09d6ad76b 0.447s
2025-02-07 17:20:26.153 62662 INFO tempest.lib.common.rest_client [req-4902e43c-fe35-4ce0-a81e-d8276603cab1 req-4902e43c-fe35-4ce0-a81e-d8276603cab1 ] Request (ServerRescueTestJSON:setUpClass): 200 GET http://10.180.1.21/compute/v2.1/servers/7ad56de0-3e7a-4018-8746-42a83a4fe22e 0.255s
2025-02-07 17:20:26.250 62656 INFO tempest.lib.common.rest_client [req-633c45c1-b391-4072-93de-2bcc485bd834 req-633c45c1-b391-4072-93de-2bcc485bd834 ] Request (ListServerFiltersTestJSON:test_list_servers_filter_by_flavor): 200 GET http://10.180.1.21/compute/v2.1/servers?flavor=84 0.334s
2025-02-07 17:20:26.404 62702 INFO tempest.lib.common.rest_client [req-4479adb5-b172-4ba2-94ac-01e5c38619a0 req-4479adb5-b172-4ba2-94ac-01e5c38619a0 ] Request (DeleteServersAdminTestJSON:test_delete_server_while_in_error_state): 200 GET http://10.180.1.21/compute/v2.1/servers/cbd7d9a6-9812-461e-9f59-8dea2e62fece 0.564s
2025-02-07 17:20:26.477 62706 INFO tempest.lib.common.rest_client [req-f8b91c28-d5f5-48f5-9a73-dccf37f6e3e1 req-f8b91c28-d5f5-48f5-9a73-dccf37f6e3e1 ] Request (ServerMetadataNegativeTestJSON:setUpClass): 200 GET http://10.180.1.21/compute/v2.1/servers/eaf3b1bf-6f71-48b1-b28d-bb882b9c2035 0.515s
