2025-02-07 12:41:54.885 62715 INFO tempest.lib.common.fixed_network [-] (ServersTestMultiNic:test_verify_duplicate_network_nics) Found network {'id': 'a0b505e1-c860-42dd-b89c-1a246471e074', 'name': 'tempest-ServersTestMultiNic-334666576-network', 'tenant_id': 'b2f0d78f4f234fd2bcc4955bc71e76da', 'admin_state_up': True, 'mtu': 8950, 'status': 'ACTIVE', 'subnets': [], 'shared': False, 'project_id': 'b2f0d78f4f234fd2bcc4955bc71e76da', 'port_security_enabled': True, 'router:external': False, 'provider:network_type': 'vlan', 'provider:physical_network': 'default', 'provider:segmentation_id': 602, 'availability_zone_hints': [], 'availability_zones': [], 'ipv4_address_scope': None, 'ipv6_address_scope': None, 'description': '', 'tags': [], 'created_at': '2025-02-07T12:41:52Z', 'updated_at': '2025-02-07T12:41:52Z', 'revision_number': 1} available for tenant
2025-02-07 12:41:54.893 62709 INFO tempest.lib.common.rest_client [req-6ed4a09c-8913-498e-9c11-459fa0aa9c3d req-6ed4a09c-8913-498e-9c11-459fa0aa9c3d ] Request (ListImageFiltersTestJSON:setUpClass): 200 GET http://10.180.1.21/compute/v2.1/servers/996dff46-a8df-411f-8974-260f591f6086 0.903s
2025-02-07 12:41:54.992 62721 INFO tempest.lib.common.rest_client [req-15a8a2b5-be5b-4fd3-b492-b3fd53a35c51 req-15a8a2b5-be5b-4fd3-b492-b3fd53a35c51 ] Request (AttachInterfacesUnderV243Test:test_add_remove_fixed_ip): 200 GET http://10.180.1.21/compute/v2.1/servers/0ccb3004-b612-45c3-b655-609eb2c4b16c 1.346s
2025-02-07 12:41:55.003 62721 INFO tempest.common.waiters [-] State transition "BUILD/spawning" ==> "ACTIVE/None" after 32 second wait
2025-02-07 12:41:55.043 62727 INFO tempest.lib.common.rest_client [req-cefe54dd-68c2-46bf-85fd-eb8ab8e9c8e9 req-cefe54dd-68c2-46bf-85fd-eb8ab8e9c8e9 ] Request (SecurityGroupsTestJSON:test_list_security_groups_by_server): 200 GET http://10.180.1.21/compute/v2.1/servers/f71b6bee-dbc8-48b6-a446-3d93255fda73 0.964s
2025-02-07 12:41:55.057 62727 INFO tempest.common.waiters [-] State transition "BUILD/spawning" ==> "ACTIVE/None" after 32 second wait
2025-02-07 12:41:55.105 62689 INFO tempest.lib.common.rest_client [req-26de0bd5-8468-496e-b085-e5fb328402a8 req-26de0bd5-8468-496e-b085-e5fb328402a8 ] Request (FloatingIPsAssociationNegativeTestJSON:setUpClass): 200 GET http://10.180.1.21/compute/v2.1/servers/b3e7bd84-3c18-40c7-95a7-9b259069f066 0.969s
2025-02-07 12:41:55.126 62675 INFO tempest.lib.common.rest_client [req-e68298a5-8621-402f-8c6e-fd1ef83bef39 req-e68298a5-8621-402f-8c6e-fd1ef83bef39 ] Request (ImagesOneServerNegativeTestJSON:_run_cleanups): 200 GET http://10.180.1.21/compute/v2.1/servers/2e9731d0-ef1b-44f2-a457-d21a99bfa2bf 0.923s
2025-02-07 12:41:55.175 62685 INFO tempest.lib.common.rest_client [req-8ad27b3c-5462-4180-9726-43fea1c6ce38 req-8ad27b3c-5462-4180-9726-43fea1c6ce38 ] Request (TenantUsagesTestJSON:setUpClass): 200 GET http://10.180.1.21/compute/v2.1/servers/5b4524e2-ff60-4ae5-9658-7fe7cad2b878 0.896s
2025-02-07 12:41:55.237 62694 INFO tempest.lib.common.rest_client [req-219a9c16-4559-4573-8f35-b9ac84562c01 req-219a9c16-4559-4573-8f35-b9ac84562c01 ] Request (DeleteServersTestJSON:test_delete_server_while_in_attached_volume): 200 GET http://10.180.1.21/volume/v3/volumes/771f910a-9851-486b-ad10-072a50521d13 0.035s
2025-02-07 12:41:55.553 62731 INFO tempest.lib.common.rest_client [req-4466566f-e630-4cc1-b3cf-3927ca892875 req-4466566f-e630-4cc1-b3cf-3927ca892875 ] Request (ServerDiskConfigTestJSON:test_rebuild_server_with_auto_disk_config): 200 GET http://10.180.1.21/compute/v2.1/servers/ba65df73-c3e3-4182-8444-9904aa5858d7 1.181s
2025-02-07 12:41:55.624 62713 INFO tempest.lib.common.rest_client [req-15b5d97b-9356-4f7e-9ef0-bac16263f1fc req-15b5d97b-9356-4f7e-9ef0-bac16263f1fc ] Request (MigrationsAdminTest:test_resize_server_revert_deleted_flavor): 202 POST http://10.180.1.21/compute/v2.1/servers 1.335s
2025-02-07 12:41:55.650 62711 INFO tempest.lib.common.rest_client [req-b23a7925-aa51-49a2-81f9-08d2afa85ff4 req-b23a7925-aa51-49a2-81f9-08d2afa85ff4 ] Request (ServerShowV247Test:test_update_rebuild_list_server): 200 GET http://10.180.1.21/compute/v2.1/servers/a8ab0e21-de37-42da-b4b6-d9d9d120f61f 1.215s
2025-02-07 12:41:55.689 62737 INFO tempest.lib.common.rest_client [req-13e96dfd-a33e-4820-9dca-9787eb2f480f req-13e96dfd-a33e-4820-9dca-9787eb2f480f ] Request (ServerRescueTestJSON:test_rescue_unrescue_instance): 202 POST http://10.180.1.21/compute/v2.1/servers/a415cd3c-4e94-4e23-9588-adb12815187c/action 1.137s
2025-02-07 12:41:55.764 62681 INFO tempest.lib.common.rest_client [req-57d5c95c-3968-4b8c-a34f-be8e91190bf9 req-57d5c95c-3968-4b8c-a34f-be8e91190bf9 ] Request (InstanceActionsV221TestJSON:test_get_list_deleted_instance_actions): 200 GET http://10.180.1.21/compute/v2.1/servers/7e467b83-2067-4ec7-a641-c417851bb0e8 1.148s
2025-02-07 12:41:55.841 62704 INFO tempest.lib.common.rest_client [req-85113de2-6907-4aa8-83d1-affa1b29e360 req-85113de2-6907-4aa8-83d1-affa1b29e360 ] Request (ServersTestFqdnHostnames:test_create_server_with_fqdn_name): 200 GET http://10.180.1.21/compute/v2.1/servers/3c094195-7f0d-4043-a1e4-8acbf634b14f 1.168s
2025-02-07 12:41:55.876 62729 WARNING tempest.lib.common.ssh [-] Failed to establish authenticated ssh connection to cirros@10.180.180.175 ([Errno None] Unable to connect to port 22 on 10.180.180.175). Number attempts: 3. Retry after 4 seconds.: paramiko.ssh_exception.NoValidConnectionsError: [Errno None] Unable to connect to port 22 on 10.180.180.175
2025-02-07 12:41:55.909 62707 INFO tempest.lib.common.rest_client [req-88eb1b73-7a64-45ef-b422-61e2b795ef66 req-88eb1b73-7a64-45ef-b422-61e2b795ef66 ] Request (VolumesAdminNegativeTest:test_update_attached_volume_with_nonexistent_volume_in_body): 200 GET http://10.180.1.21/compute/v2.1/servers/d0318881-a5f3-4701-991a-7e42895b5f46 1.188s
2025-02-07 12:41:55.939 62699 INFO tempest.lib.common.rest_client [req-702bac89-a722-46d5-a474-1bc7399081d7 req-702bac89-a722-46d5-a474-1bc7399081d7 ] Request (ImagesOneServerTestJSON:setUpClass): 200 GET http://10.180.1.21/compute/v2.1/servers/7d40ad55-ab59-461f-986e-22aa0133f68f 1.386s
2025-02-07 12:41:56.019 62721 INFO tempest.lib.common.rest_client [req-ff926fae-20f2-4406-be3a-2b6586bbb9c7 req-ff926fae-20f2-4406-be3a-2b6586bbb9c7 ] Request (AttachInterfacesUnderV243Test:test_add_remove_fixed_ip): 200 GET http://10.180.1.21/compute/v2.1/servers/0ccb3004-b612-45c3-b655-609eb2c4b16c/os-interface 1.015s
2025-02-07 12:41:56.081 62697 INFO tempest.lib.common.rest_client [req-063f5e73-4a60-4845-b0d0-a5b3e72a3a64 req-063f5e73-4a60-4845-b0d0-a5b3e72a3a64 ] Request (ServersAdminTestJSON:test_create_server_with_scheduling_hint): 200 GET http://10.180.1.21/compute/v2.1/servers/6d6f643f-fbb8-43b3-b47a-78d4ff71b8cb 1.026s
2025-02-07 12:41:56.287 62694 INFO tempest.lib.common.rest_client [req-2e254153-4876-4d88-9b2d-d7248e74ff32 req-2e254153-4876-4d88-9b2d-d7248e74ff32 ] Request (DeleteServersTestJSON:test_delete_server_while_in_attached_volume): 200 GET http://10.180.1.21/volume/v3/volumes/771f910a-9851-486b-ad10-072a50521d13 0.040s
2025-02-07 12:41:56.625 62715 INFO tempest.lib.common.rest_client [req-391a95fd-e77d-414e-af92-d909cebc7b73 req-391a95fd-e77d-414e-af92-d909cebc7b73 ] Request (ServersTestMultiNic:test_verify_duplicate_network_nics): 202 POST http://10.180.1.21/compute/v2.1/servers 1.739s
2025-02-07 12:41:56.635 62727 INFO tempest.lib.common.rest_client [req-8835648d-7339-4785-89ad-dc735991a851 req-8835648d-7339-4785-89ad-dc735991a851 ] Request (SecurityGroupsTestJSON:test_list_security_groups_by_server): 202 POST http://10.180.1.21/compute/v2.1/servers/f71b6bee-dbc8-48b6-a446-3d93255fda73/action 1.577s
2025-02-07 12:41:56.717 62719 INFO tempest.lib.common.rest_client [req-8009cd86-d319-4646-b9e4-8b45b2cdd658 req-8009cd86-d319-4646-b9e4-8b45b2cdd658 ] Request (ServersNegativeTestMultiTenantJSON:setUpClass): 200 GET http://10.180.1.21/compute/v2.1/servers/c83ae6b9-a239-40b5-a493-529b1687a573 1.438s
2025-02-07 12:41:56.724 62719 INFO tempest.common.waiters [-] State transition "BUILD/scheduling" ==> "BUILD/None" after 15 second wait
2025-02-07 12:41:56.744 62721 INFO tempest.lib.common.rest_client [req-19f204e7-2c67-48cd-8293-ea13fdc6d87b req-19f204e7-2c67-48cd-8293-ea13fdc6d87b ] Request (AttachInterfacesUnderV243Test:test_add_remove_fixed_ip): 200 PUT http://10.180.1.21:9696/networking/v2.0/floatingips/1791d51d-c282-4097-8ab8-630cd33b8ed2 0.723s
2025-02-07 12:41:56.749 62733 INFO tempest.lib.common.rest_client [req-ee86807c-6e40-4f15-9a8e-8e28a8ec6da5 req-ee86807c-6e40-4f15-9a8e-8e28a8ec6da5 ] Request (ImagesTestJSON:test_create_image_from_stopped_server): 200 GET http://10.180.1.21/compute/v2.1/servers/e1b536b2-778f-4318-bf20-198bb1752de4 1.564s
2025-02-07 12:41:56.787 62683 INFO tempest.lib.common.rest_client [req-338a288f-bf03-41bc-9f77-3666d0380191 req-338a288f-bf03-41bc-9f77-3666d0380191 ] Request (ListServerFiltersTestJSON:setUpClass): 200 GET http://10.180.1.21/compute/v2.1/servers/f468937a-de46-49b3-ba64-40403bb6b77f 1.261s
2025-02-07 12:41:56.808 62695 INFO tempest.lib.common.rest_client [req-c161e16e-3081-49c9-81b8-3fb135b077b6 req-c161e16e-3081-49c9-81b8-3fb135b077b6 ] Request (ServerActionsTestJSON:setUpClass): 200 GET http://10.180.1.21/compute/v2.1/servers/cd87ae19-37ee-4d88-95ee-9de38d5214a4 1.186s
2025-02-07 12:41:56.818 62695 INFO tempest.common.waiters [-] State transition "BUILD/None" ==> "BUILD/networking" after 27 second wait
2025-02-07 12:41:56.846 62713 INFO tempest.lib.common.rest_client [req-aa774cb8-f092-4969-b3c4-5d5548a93b02 req-aa774cb8-f092-4969-b3c4-5d5548a93b02 ] Request (MigrationsAdminTest:test_resize_server_revert_deleted_flavor): 200 GET http://10.180.1.21/compute/v2.1/servers/7a3d03fd-327a-453b-ad3c-12736433379d 1.220s
2025-02-07 12:41:56.863 62705 INFO tempest.lib.common.rest_client [req-cb0b5eba-f778-4cd6-859e-9ad69e3e6978 req-cb0b5eba-f778-4cd6-859e-9ad69e3e6978 ] Request (AttachInterfacesV270Test:test_create_get_list_interfaces): 200 GET http://10.180.1.21/compute/v2.1/servers/9523a163-666d-448f-84a6-5278a7171f86 1.227s
2025-02-07 12:41:56.907 62687 INFO tempest.lib.common.rest_client [req-11599d0a-f0d6-4bf3-9801-cef1199ccbe6 req-11599d0a-f0d6-4bf3-9801-cef1199ccbe6 ] Request (ServersTestBootFromVolume:setUpClass): 200 GET http://10.180.1.21/compute/v2.1/servers/009129d2-dc03-4de0-ac09-9d24894e5e67 1.221s
2025-02-07 12:41:56.964 62677 WARNING tempest.lib.common.ssh [-] Failed to establish authenticated ssh connection to cirros@10.180.180.248 ([Errno None] Unable to connect to port 22 on 10.180.180.248). Number attempts: 8. Retry after 9 seconds.: paramiko.ssh_exception.NoValidConnectionsError: [Errno None] Unable to connect to port 22 on 10.180.180.248
2025-02-07 12:41:56.978 62735 INFO tempest.lib.common.rest_client [req-f1b84b59-7443-4a1d-ae48-6b4b82fe9ab7 req-f1b84b59-7443-4a1d-ae48-6b4b82fe9ab7 ] Request (ServerRescueTestJSONUnderV235:tearDownClass): 200 GET http://10.180.1.21/compute/v2.1/servers/5cff6baf-1dd7-4030-834d-266e83d77229 1.262s
2025-02-07 12:41:57.003 62737 INFO tempest.lib.common.rest_client [req-9829796a-db5b-440d-9018-bc1d12f6c9ee req-9829796a-db5b-440d-9018-bc1d12f6c9ee ] Request (ServerRescueTestJSON:test_rescue_unrescue_instance): 200 GET http://10.180.1.21/compute/v2.1/servers/a415cd3c-4e94-4e23-9588-adb12815187c 1.314s
2025-02-07 12:41:57.031 62679 INFO tempest.lib.common.rest_client [req-2761e32f-c5db-4890-96bd-63deea605aca req-2761e32f-c5db-4890-96bd-63deea605aca ] Request (ServerDiagnosticsNegativeTest:test_get_server_diagnostics_by_non_admin): 200 GET http://10.180.1.21/compute/v2.1/servers/ed958c86-7d75-439f-a3f1-8c8d2fc6ea0d 1.276s
2025-02-07 12:41:57.072 62701 INFO tempest.lib.common.rest_client [req-755d8412-b54e-498d-a86a-a2124f4cbcdd req-755d8412-b54e-498d-a86a-a2124f4cbcdd ] Request (ServerDiagnosticsV248Test:test_get_server_diagnostics): 200 GET http://10.180.1.21/compute/v2.1/servers/791b8fc4-81e2-4a69-a358-f56a421e4680 1.289s
2025-02-07 12:41:57.141 62709 INFO tempest.lib.common.rest_client [req-4a2c4169-7c58-4f82-8cbb-35d528e71124 req-4a2c4169-7c58-4f82-8cbb-35d528e71124 ] Request (ListImageFiltersTestJSON:setUpClass): 200 GET http://10.180.1.21/compute/v2.1/servers/996dff46-a8df-411f-8974-260f591f6086 1.236s
2025-02-07 12:41:57.216 62689 INFO tempest.lib.common.rest_client [req-a50c829f-d9b7-492f-8185-2ea57f77802b req-a50c829f-d9b7-492f-8185-2ea57f77802b ] Request (FloatingIPsAssociationNegativeTestJSON:setUpClass): 200 GET http://10.180.1.21/compute/v2.1/servers/b3e7bd84-3c18-40c7-95a7-9b259069f066 1.099s
2025-02-07 12:41:57.220 62725 INFO tempest.lib.common.rest_client [req-ccc7bc04-f857-4258-bce6-8e508e204834 req-ccc7bc04-f857-4258-bce6-8e508e204834 ] Request (ServersAdminNegativeTestJSON:test_migrate_server_invalid_state): 200 GET http://10.180.1.21/compute/v2.1/servers/742baadd-a2ec-452d-8db1-313c8d28fe42 1.381s
2025-02-07 12:41:57.232 62725 INFO tempest.common.waiters [-] State transition "BUILD/networking" ==> "BUILD/spawning" after 30 second wait
2025-02-07 12:41:57.292 62675 INFO tempest.lib.common.rest_client [req-aaf0ce10-2609-423a-a400-e1833845ebb0 req-aaf0ce10-2609-423a-a400-e1833845ebb0 ] Request (ImagesOneServerNegativeTestJSON:_run_cleanups): 200 GET http://10.180.1.21/compute/v2.1/servers/2e9731d0-ef1b-44f2-a457-d21a99bfa2bf 1.151s
2025-02-07 12:41:57.298 62685 INFO tempest.lib.common.rest_client [req-49c98d57-a60d-40c9-bdd5-850932d457ea req-49c98d57-a60d-40c9-bdd5-850932d457ea ] Request (TenantUsagesTestJSON:setUpClass): 200 GET http://10.180.1.21/compute/v2.1/servers/5b4524e2-ff60-4ae5-9658-7fe7cad2b878 1.107s
2025-02-07 12:41:57.344 62694 INFO tempest.lib.common.rest_client [req-299b80d8-adcb-4bd4-b03b-43b69f017de8 req-299b80d8-adcb-4bd4-b03b-43b69f017de8 ] Request (DeleteServersTestJSON:test_delete_server_while_in_attached_volume): 200 GET http://10.180.1.21/volume/v3/volumes/771f910a-9851-486b-ad10-072a50521d13 0.048s
2025-02-07 12:41:57.386 62715 INFO tempest.lib.common.rest_client [req-caeb83a5-8b37-402a-a175-4c11d18fc7b4 req-caeb83a5-8b37-402a-a175-4c11d18fc7b4 ] Request (ServersTestMultiNic:test_verify_duplicate_network_nics): 200 GET http://10.180.1.21/compute/v2.1/servers/fa27d91c-5bae-40a3-a153-ac41f4238532 0.760s
2025-02-07 12:41:57.470 62731 INFO tempest.lib.common.rest_client [req-f7ad5f82-7b0d-42fc-8784-4ab935ea4602 req-f7ad5f82-7b0d-42fc-8784-4ab935ea4602 ] Request (ServerDiskConfigTestJSON:test_rebuild_server_with_auto_disk_config): 200 GET http://10.180.1.21/compute/v2.1/servers/ba65df73-c3e3-4182-8444-9904aa5858d7 0.903s
2025-02-07 12:41:57.476 62717 WARNING tempest.lib.common.ssh [-] Failed to establish authenticated ssh connection to cirros@10.180.180.219 ([Errno None] Unable to connect to port 22 on 10.180.180.219). Number attempts: 5. Retry after 6 seconds.: paramiko.ssh_exception.NoValidConnectionsError: [Errno None] Unable to connect to port 22 on 10.180.180.219
2025-02-07 12:41:57.486 62731 INFO tempest.common.waiters [-] State transition "REBUILD/rebuild_spawning" ==> "ACTIVE/None" after 11 second wait
2025-02-07 12:41:57.563 62711 INFO tempest.lib.common.rest_client [req-a4b463b6-f42d-4964-b27d-eb8d709e5f6d req-a4b463b6-f42d-4964-b27d-eb8d709e5f6d ] Request (ServerShowV247Test:test_update_rebuild_list_server): 200 GET http://10.180.1.21/compute/v2.1/servers/a8ab0e21-de37-42da-b4b6-d9d9d120f61f 0.897s
2025-02-07 12:41:57.723 62721 INFO tempest.lib.common.rest_client [req-529e303f-c436-4b76-8afb-7b92eabdf0cd req-529e303f-c436-4b76-8afb-7b92eabdf0cd ] Request (AttachInterfacesUnderV243Test:test_add_remove_fixed_ip): 200 GET http://10.180.1.21/compute/v2.1/servers/0ccb3004-b612-45c3-b655-609eb2c4b16c 0.979s
2025-02-07 12:41:57.731 62721 INFO tempest.lib.common.ssh [-] Creating ssh connection to '10.180.180.150:22' as 'cirros' with public key authentication
2025-02-07 12:41:57.805 62681 INFO tempest.lib.common.rest_client [req-2ecaa6bd-fc5e-40b3-b628-32d6a29118fb req-2ecaa6bd-fc5e-40b3-b628-32d6a29118fb ] Request (InstanceActionsV221TestJSON:test_get_list_deleted_instance_actions): 200 GET http://10.180.1.21/compute/v2.1/servers/7e467b83-2067-4ec7-a641-c417851bb0e8 1.032s
2025-02-07 12:41:57.868 62704 INFO tempest.lib.common.rest_client [req-bcfb65c0-3e58-4581-b560-3fa11d709653 req-bcfb65c0-3e58-4581-b560-3fa11d709653 ] Request (ServersTestFqdnHostnames:test_create_server_with_fqdn_name): 200 GET http://10.180.1.21/compute/v2.1/servers/3c094195-7f0d-4043-a1e4-8acbf634b14f 1.013s
2025-02-07 12:41:57.929 62707 INFO tempest.lib.common.rest_client [req-2a036c77-e226-4aba-b953-16f07954d965 req-2a036c77-e226-4aba-b953-16f07954d965 ] Request (VolumesAdminNegativeTest:test_update_attached_volume_with_nonexistent_volume_in_body): 200 GET http://10.180.1.21/compute/v2.1/servers/d0318881-a5f3-4701-991a-7e42895b5f46 1.008s
2025-02-07 12:41:57.939 62727 INFO tempest.lib.common.rest_client [req-d63a7bcb-dcb9-490f-9c53-53c3f5a1d188 req-d63a7bcb-dcb9-490f-9c53-53c3f5a1d188 ] Request (SecurityGroupsTestJSON:test_list_security_groups_by_server): 202 POST http://10.180.1.21/compute/v2.1/servers/f71b6bee-dbc8-48b6-a446-3d93255fda73/action 1.303s
2025-02-07 12:41:58.016 62697 INFO tempest.lib.common.rest_client [req-ccca8678-7a50-4381-a149-0941037c439d req-ccca8678-7a50-4381-a149-0941037c439d ] Request (ServersAdminTestJSON:test_create_server_with_scheduling_hint): 200 GET http://10.180.1.21/compute/v2.1/servers/6d6f643f-fbb8-43b3-b47a-78d4ff71b8cb 0.926s
2025-02-07 12:41:58.037 62699 INFO tempest.lib.common.rest_client [req-7695d304-bfe3-4c3f-8c6d-39d7939344dd req-7695d304-bfe3-4c3f-8c6d-39d7939344dd ] Request (ImagesOneServerTestJSON:setUpClass): 200 GET http://10.180.1.21/compute/v2.1/servers/7d40ad55-ab59-461f-986e-22aa0133f68f 1.090s
2025-02-07 12:41:58.090 62719 INFO tempest.lib.common.rest_client [req-ca4bba20-51d1-4057-a411-10fcf4f34b3e req-ca4bba20-51d1-4057-a411-10fcf4f34b3e ] Request (ServersNegativeTestMultiTenantJSON:setUpClass): 200 GET http://10.180.1.21/compute/v2.1/servers/c83ae6b9-a239-40b5-a493-529b1687a573 0.365s
2025-02-07 12:41:58.124 62731 INFO tempest.lib.common.rest_client [req-7c801118-2561-417e-86d9-92684af39623 req-7c801118-2561-417e-86d9-92684af39623 ] Request (ServerDiskConfigTestJSON:test_rebuild_server_with_auto_disk_config): 200 GET http://10.180.1.21/compute/v2.1/servers/ba65df73-c3e3-4182-8444-9904aa5858d7 0.636s
2025-02-07 12:41:58.186 62683 INFO tempest.lib.common.rest_client [req-37ee7e4d-5ed5-4329-b70a-b3561af812cc req-37ee7e4d-5ed5-4329-b70a-b3561af812cc ] Request (ListServerFiltersTestJSON:setUpClass): 200 GET http://10.180.1.21/compute/v2.1/servers/f468937a-de46-49b3-ba64-40403bb6b77f 0.388s
2025-02-07 12:41:58.337 62733 INFO tempest.lib.common.rest_client [req-2761b4a1-f28d-4310-a3bd-0a76d055e9bc req-2761b4a1-f28d-4310-a3bd-0a76d055e9bc ] Request (ImagesTestJSON:test_create_image_from_stopped_server): 200 GET http://10.180.1.21/compute/v2.1/servers/e1b536b2-778f-4318-bf20-198bb1752de4 0.576s
2025-02-07 12:41:58.391 62694 INFO tempest.lib.common.rest_client [req-5cb8384e-30c2-460e-99e5-e5c2a21783de req-5cb8384e-30c2-460e-99e5-e5c2a21783de ] Request (DeleteServersTestJSON:test_delete_server_while_in_attached_volume): 200 GET http://10.180.1.21/volume/v3/volumes/771f910a-9851-486b-ad10-072a50521d13 0.037s
2025-02-07 12:41:58.418 62713 INFO tempest.lib.common.rest_client [req-c4e30dd5-f693-4a9b-8905-ed6cc9d6035e req-c4e30dd5-f693-4a9b-8905-ed6cc9d6035e ] Request (MigrationsAdminTest:test_resize_server_revert_deleted_flavor): 200 GET http://10.180.1.21/compute/v2.1/servers/7a3d03fd-327a-453b-ad3c-12736433379d 0.563s
2025-02-07 12:41:58.451 62695 INFO tempest.lib.common.rest_client [req-ca034140-707e-41b5-8b58-ab17ac851dc9 req-ca034140-707e-41b5-8b58-ab17ac851dc9 ] Request (ServerActionsTestJSON:setUpClass): 200 GET http://10.180.1.21/compute/v2.1/servers/cd87ae19-37ee-4d88-95ee-9de38d5214a4 0.632s
2025-02-07 12:41:58.461 62695 INFO tempest.common.waiters [-] State transition "BUILD/networking" ==> "BUILD/spawning" after 29 second wait
2025-02-07 12:41:58.489 62705 INFO tempest.lib.common.rest_client [req-2161b74f-0af4-47bf-85f3-bcd02d4220cb req-2161b74f-0af4-47bf-85f3-bcd02d4220cb ] Request (AttachInterfacesV270Test:test_create_get_list_interfaces): 200 GET http://10.180.1.21/compute/v2.1/servers/9523a163-666d-448f-84a6-5278a7171f86 0.616s
2025-02-07 12:41:58.531 62687 INFO tempest.lib.common.rest_client [req-db3c07db-a992-4a70-a77d-2981a9908644 req-db3c07db-a992-4a70-a77d-2981a9908644 ] Request (ServersTestBootFromVolume:setUpClass): 200 GET http://10.180.1.21/compute/v2.1/servers/009129d2-dc03-4de0-ac09-9d24894e5e67 0.611s
2025-02-07 12:41:58.624 62735 INFO tempest.lib.common.rest_client [req-1c42cf74-10b0-4525-96a4-57c9b8919e89 req-1c42cf74-10b0-4525-96a4-57c9b8919e89 ] Request (ServerRescueTestJSONUnderV235:tearDownClass): 200 GET http://10.180.1.21/compute/v2.1/servers/5cff6baf-1dd7-4030-834d-266e83d77229 0.638s
2025-02-07 12:41:58.704 62727 INFO tempest.lib.common.rest_client [req-d009a348-021c-4a1a-b63a-24b1fe931b4b req-d009a348-021c-4a1a-b63a-24b1fe931b4b ] Request (SecurityGroupsTestJSON:test_list_security_groups_by_server): 200 GET http://10.180.1.21/compute/v2.1/servers/f71b6bee-dbc8-48b6-a446-3d93255fda73/os-security-groups 0.764s
2025-02-07 12:41:58.761 62679 INFO tempest.lib.common.rest_client [req-d871987a-b1b5-4df5-9e6d-cc3bf895f0e5 req-d871987a-b1b5-4df5-9e6d-cc3bf895f0e5 ] Request (ServerDiagnosticsNegativeTest:test_get_server_diagnostics_by_non_admin): 200 GET http://10.180.1.21/compute/v2.1/servers/ed958c86-7d75-439f-a3f1-8c8d2fc6ea0d 0.722s
2025-02-07 12:41:58.816 62701 INFO tempest.lib.common.rest_client [req-7d982b95-97d2-4c1f-b44a-0be71001de9c req-7d982b95-97d2-4c1f-b44a-0be71001de9c ] Request (ServerDiagnosticsV248Test:test_get_server_diagnostics): 200 GET http://10.180.1.21/compute/v2.1/servers/791b8fc4-81e2-4a69-a358-f56a421e4680 0.732s
2025-02-07 12:41:58.848 62737 INFO tempest.lib.common.rest_client [req-8cf5be92-186c-41ee-8f9c-0d97b0a0c860 req-8cf5be92-186c-41ee-8f9c-0d97b0a0c860 ] Request (ServerRescueTestJSON:test_rescue_unrescue_instance): 200 GET http://10.180.1.21/compute/v2.1/servers/a415cd3c-4e94-4e23-9588-adb12815187c 0.836s
2025-02-07 12:41:58.880 62731 INFO tempest.lib.common.rest_client [req-948de80f-a7d4-4d8d-96b4-a817dd24f565 req-948de80f-a7d4-4d8d-96b4-a817dd24f565 ] Request (ServerDiskConfigTestJSON:_run_cleanups): 204 DELETE http://10.180.1.21/compute/v2.1/servers/ba65df73-c3e3-4182-8444-9904aa5858d7 0.748s
2025-02-07 12:41:58.903 62709 INFO tempest.lib.common.rest_client [req-c865d6c7-dbe2-487c-a0e6-76b702e7f7ff req-c865d6c7-dbe2-487c-a0e6-76b702e7f7ff ] Request (ListImageFiltersTestJSON:setUpClass): 200 GET http://10.180.1.21/compute/v2.1/servers/996dff46-a8df-411f-8974-260f591f6086 0.752s
2025-02-07 12:41:58.939 62689 INFO tempest.lib.common.rest_client [req-c06a1497-af02-49db-a70e-0dbebbbf3380 req-c06a1497-af02-49db-a70e-0dbebbbf3380 ] Request (FloatingIPsAssociationNegativeTestJSON:setUpClass): 200 GET http://10.180.1.21/compute/v2.1/servers/b3e7bd84-3c18-40c7-95a7-9b259069f066 0.715s
2025-02-07 12:41:58.962 62731 INFO tempest.lib.common.rest_client [req-e14bc752-3af9-4d53-9e03-181a6ac2d3bb req-e14bc752-3af9-4d53-9e03-181a6ac2d3bb ] Request (ServerDiskConfigTestJSON:test_rebuild_server_with_manual_disk_config): 201 POST http://10.180.1.21/identity/v3/auth/tokens 0.075s
2025-02-07 12:41:58.963 62731 INFO tempest.lib.common.fixed_network [-] (ServerDiskConfigTestJSON:test_rebuild_server_with_manual_disk_config) Found network {'id': '99926323-4d1b-428b-9009-5c2c4fdc3f93', 'name': 'tempest-ServerDiskConfigTestJSON-462090473-network', 'tenant_id': 'f26acbe9e08743179af7b91ff38b5ea9', 'admin_state_up': True, 'mtu': 8950, 'status': 'ACTIVE', 'subnets': [], 'shared': False, 'project_id': 'f26acbe9e08743179af7b91ff38b5ea9', 'port_security_enabled': True, 'router:external': False, 'provider:network_type': 'vlan', 'provider:physical_network': 'default', 'provider:segmentation_id': 309, 'availability_zone_hints': [], 'availability_zones': [], 'ipv4_address_scope': None, 'ipv6_address_scope': None, 'description': '', 'tags': [], 'created_at': '2025-02-07T12:41:01Z', 'updated_at': '2025-02-07T12:41:01Z', 'revision_number': 1} available for tenant
2025-02-07 12:41:59.010 62685 INFO tempest.lib.common.rest_client [req-782173fa-d79f-40ef-9f34-a2a63f8b6275 req-782173fa-d79f-40ef-9f34-a2a63f8b6275 ] Request (TenantUsagesTestJSON:setUpClass): 200 GET http://10.180.1.21/compute/v2.1/servers/5b4524e2-ff60-4ae5-9658-7fe7cad2b878 0.704s
2025-02-07 12:41:59.025 62725 INFO tempest.lib.common.rest_client [req-77f4d30e-3574-490a-b7ee-29dd8a89a8f1 req-77f4d30e-3574-490a-b7ee-29dd8a89a8f1 ] Request (ServersAdminNegativeTestJSON:test_migrate_server_invalid_state): 200 GET http://10.180.1.21/compute/v2.1/servers/742baadd-a2ec-452d-8db1-313c8d28fe42 0.792s
2025-02-07 12:41:59.028 62675 INFO tempest.lib.common.rest_client [req-2b7392d1-afb9-4fb3-9cfd-348e83ef1483 req-2b7392d1-afb9-4fb3-9cfd-348e83ef1483 ] Request (ImagesOneServerNegativeTestJSON:_run_cleanups): 404 GET http://10.180.1.21/compute/v2.1/servers/2e9731d0-ef1b-44f2-a457-d21a99bfa2bf 0.720s
2025-02-07 12:41:59.076 62723 WARNING tempest.lib.common.ssh [-] Failed to establish authenticated ssh connection to cirros@10.180.180.174 ([Errno None] Unable to connect to port 22 on 10.180.180.174). Number attempts: 7. Retry after 8 seconds.: paramiko.ssh_exception.NoValidConnectionsError: [Errno None] Unable to connect to port 22 on 10.180.180.174
2025-02-07 12:41:59.080 62715 INFO tempest.lib.common.rest_client [req-29619703-d510-4875-9477-acddaa53118f req-29619703-d510-4875-9477-acddaa53118f ] Request (ServersTestMultiNic:test_verify_duplicate_network_nics): 200 GET http://10.180.1.21/compute/v2.1/servers/fa27d91c-5bae-40a3-a153-ac41f4238532 0.681s
2025-02-07 12:41:59.085 62711 INFO tempest.lib.common.rest_client [req-42d1db43-7eb8-4757-b741-db7f0422e7fa req-42d1db43-7eb8-4757-b741-db7f0422e7fa ] Request (ServerShowV247Test:test_update_rebuild_list_server): 200 GET http://10.180.1.21/compute/v2.1/servers/a8ab0e21-de37-42da-b4b6-d9d9d120f61f 0.506s
2025-02-07 12:41:59.140 62681 INFO tempest.lib.common.rest_client [req-016cf070-d459-496a-80d3-779f41972b59 req-016cf070-d459-496a-80d3-779f41972b59 ] Request (InstanceActionsV221TestJSON:test_get_list_deleted_instance_actions): 200 GET http://10.180.1.21/compute/v2.1/servers/7e467b83-2067-4ec7-a641-c417851bb0e8 0.324s
2025-02-07 12:41:59.204 62704 INFO tempest.lib.common.rest_client [req-9d8574e2-de93-48d7-be0e-d961727a636e req-9d8574e2-de93-48d7-be0e-d961727a636e ] Request (ServersTestFqdnHostnames:test_create_server_with_fqdn_name): 200 GET http://10.180.1.21/compute/v2.1/servers/3c094195-7f0d-4043-a1e4-8acbf634b14f 0.326s
2025-02-07 12:41:59.236 62727 INFO tempest.lib.common.rest_client [req-945f63f0-b24c-4859-a284-fe18a6d6322a req-945f63f0-b24c-4859-a284-fe18a6d6322a ] Request (SecurityGroupsTestJSON:test_security_group_create_get_delete): 200 POST http://10.180.1.21/compute/v2.1/os-security-groups 0.526s
2025-02-07 12:41:59.266 62707 INFO tempest.lib.common.rest_client [req-c38c5cc1-fe22-4e0c-9b89-ea0474b0345f req-c38c5cc1-fe22-4e0c-9b89-ea0474b0345f ] Request (VolumesAdminNegativeTest:test_update_attached_volume_with_nonexistent_volume_in_body): 200 GET http://10.180.1.21/compute/v2.1/servers/d0318881-a5f3-4701-991a-7e42895b5f46 0.324s
2025-02-07 12:41:59.329 62697 INFO tempest.lib.common.rest_client [req-9fb08b9b-78b8-4909-8fe0-286e48a69d56 req-9fb08b9b-78b8-4909-8fe0-286e48a69d56 ] Request (ServersAdminTestJSON:test_create_server_with_scheduling_hint): 200 GET http://10.180.1.21/compute/v2.1/servers/6d6f643f-fbb8-43b3-b47a-78d4ff71b8cb 0.305s
2025-02-07 12:41:59.375 62675 INFO tempest.lib.common.rest_client [req-c8560bdd-62f3-4bf8-bc07-6e6d18cef64f req-c8560bdd-62f3-4bf8-bc07-6e6d18cef64f ] Request (ImagesOneServerNegativeTestJSON:_run_cleanups): 200 POST http://10.180.1.21/compute/v2.1/os-keypairs 0.345s
2025-02-07 12:41:59.449 62694 INFO tempest.lib.common.rest_client [req-12edba59-2714-4b1f-98cf-29f5a221e6aa req-12edba59-2714-4b1f-98cf-29f5a221e6aa ] Request (DeleteServersTestJSON:test_delete_server_while_in_attached_volume): 200 GET http://10.180.1.21/volume/v3/volumes/771f910a-9851-486b-ad10-072a50521d13 0.049s
2025-02-07 12:41:59.525 62699 INFO tempest.lib.common.rest_client [req-91288c43-e415-4c1f-b2bf-ce9234bc40e9 req-91288c43-e415-4c1f-b2bf-ce9234bc40e9 ] Request (ImagesOneServerTestJSON:setUpClass): 200 GET http://10.180.1.21/compute/v2.1/servers/7d40ad55-ab59-461f-986e-22aa0133f68f 0.479s
2025-02-07 12:41:59.527 62675 INFO tempest.lib.common.rest_client [req-19b81c36-eae5-4a59-bdca-27934635a6bd req-19b81c36-eae5-4a59-bdca-27934635a6bd ] Request (ImagesOneServerNegativeTestJSON:_run_cleanups): 201 POST http://10.180.1.21:9696/networking/v2.0/security-groups 0.151s
2025-02-07 12:41:59.590 62719 INFO tempest.lib.common.rest_client [req-ae3cb04b-ae48-414e-bc62-ef16e6cd6ff3 req-ae3cb04b-ae48-414e-bc62-ef16e6cd6ff3 ] Request (ServersNegativeTestMultiTenantJSON:setUpClass): 200 GET http://10.180.1.21/compute/v2.1/servers/c83ae6b9-a239-40b5-a493-529b1687a573 0.492s
2025-02-07 12:41:59.638 62675 INFO tempest.lib.common.rest_client [req-28686523-61c3-4d57-bc20-87d645812680 req-28686523-61c3-4d57-bc20-87d645812680 ] Request (ImagesOneServerNegativeTestJSON:_run_cleanups): 201 POST http://10.180.1.21:9696/networking/v2.0/security-group-rules 0.110s
2025-02-07 12:41:59.646 62731 INFO tempest.lib.common.rest_client [req-1fbee651-62d8-426e-9c01-deada1657447 req-1fbee651-62d8-426e-9c01-deada1657447 ] Request (ServerDiskConfigTestJSON:test_rebuild_server_with_manual_disk_config): 202 POST http://10.180.1.21/compute/v2.1/servers 0.683s
2025-02-07 12:41:59.670 62683 INFO tempest.lib.common.rest_client [req-198c7c8a-e9fd-4fac-8b87-7986e5ce1af1 req-198c7c8a-e9fd-4fac-8b87-7986e5ce1af1 ] Request (ListServerFiltersTestJSON:setUpClass): 200 GET http://10.180.1.21/compute/v2.1/servers/f468937a-de46-49b3-ba64-40403bb6b77f 0.477s
2025-02-07 12:41:59.685 62727 INFO tempest.lib.common.rest_client [req-9270874f-229a-4b89-8954-9bcad058a818 req-9270874f-229a-4b89-8954-9bcad058a818 ] Request (SecurityGroupsTestJSON:test_security_group_create_get_delete): 200 GET http://10.180.1.21/compute/v2.1/os-security-groups/a3d90c22-d5a9-4eb6-a786-0d5769cc4642 0.445s
2025-02-07 12:41:59.736 62675 INFO tempest.lib.common.rest_client [req-7c90be7c-af5d-43ed-90fa-78ba7e794215 req-7c90be7c-af5d-43ed-90fa-78ba7e794215 ] Request (ImagesOneServerNegativeTestJSON:_run_cleanups): 201 POST http://10.180.1.21:9696/networking/v2.0/security-group-rules 0.096s
2025-02-07 12:41:59.760 62713 INFO tempest.lib.common.rest_client [req-3f477448-cd19-43ea-98d7-7151a618aaa9 req-3f477448-cd19-43ea-98d7-7151a618aaa9 ] Request (MigrationsAdminTest:test_resize_server_revert_deleted_flavor): 200 GET http://10.180.1.21/compute/v2.1/servers/7a3d03fd-327a-453b-ad3c-12736433379d 0.316s
2025-02-07 12:41:59.816 62733 INFO tempest.lib.common.rest_client [req-69cc6630-df83-4580-b2b0-4c9911a3b6df req-69cc6630-df83-4580-b2b0-4c9911a3b6df ] Request (ImagesTestJSON:test_create_image_from_stopped_server): 200 GET http://10.180.1.21/compute/v2.1/servers/e1b536b2-778f-4318-bf20-198bb1752de4 0.471s
2025-02-07 12:42:00.075 62705 INFO tempest.lib.common.rest_client [req-6fa02226-0796-4af8-b8c0-9f493759f411 req-6fa02226-0796-4af8-b8c0-9f493759f411 ] Request (AttachInterfacesV270Test:test_create_get_list_interfaces): 200 GET http://10.180.1.21/compute/v2.1/servers/9523a163-666d-448f-84a6-5278a7171f86 0.573s
2025-02-07 12:42:00.090 62695 INFO tempest.lib.common.rest_client [req-7c2befa0-4c92-49a6-ae48-56f195e3d450 req-7c2befa0-4c92-49a6-ae48-56f195e3d450 ] Request (ServerActionsTestJSON:setUpClass): 200 GET http://10.180.1.21/compute/v2.1/servers/cd87ae19-37ee-4d88-95ee-9de38d5214a4 0.626s
2025-02-07 12:42:00.141 62687 INFO tempest.lib.common.rest_client [req-bf9e8b5e-52c5-44ac-bbcb-49a8bd823f20 req-bf9e8b5e-52c5-44ac-bbcb-49a8bd823f20 ] Request (ServersTestBootFromVolume:setUpClass): 200 GET http://10.180.1.21/compute/v2.1/servers/009129d2-dc03-4de0-ac09-9d24894e5e67 0.601s
2025-02-07 12:42:00.202 62731 INFO tempest.lib.common.rest_client [req-1f356f97-20ff-45e9-bb0f-ab8e2f9cacae req-1f356f97-20ff-45e9-bb0f-ab8e2f9cacae ] Request (ServerDiskConfigTestJSON:test_rebuild_server_with_manual_disk_config): 200 GET http://10.180.1.21/compute/v2.1/servers/758fbe89-1e60-4025-853d-41439705356b 0.553s
2025-02-07 12:42:00.225 62735 INFO tempest.lib.common.rest_client [req-253a7086-9668-4cd5-9e05-64a1d28d7d1b req-253a7086-9668-4cd5-9e05-64a1d28d7d1b ] Request (ServerRescueTestJSONUnderV235:tearDownClass): 200 GET http://10.180.1.21/compute/v2.1/servers/5cff6baf-1dd7-4030-834d-266e83d77229 0.593s
2025-02-07 12:42:00.303 62679 INFO tempest.lib.common.rest_client [req-69a1b999-abb1-4377-8188-2f202252439e req-69a1b999-abb1-4377-8188-2f202252439e ] Request (ServerDiagnosticsNegativeTest:test_get_server_diagnostics_by_non_admin): 200 GET http://10.180.1.21/compute/v2.1/servers/ed958c86-7d75-439f-a3f1-8c8d2fc6ea0d 0.530s
2025-02-07 12:42:00.311 62675 INFO tempest.lib.common.rest_client [req-8358ae4f-ec21-499c-b776-7564dfed9ef1 req-8358ae4f-ec21-499c-b776-7564dfed9ef1 ] Request (ImagesOneServerNegativeTestJSON:_run_cleanups): 201 POST http://10.180.1.21:9696/networking/v2.0/floatingips 0.575s
2025-02-07 12:42:00.402 62701 INFO tempest.lib.common.rest_client [req-78c0f6ae-7399-4dea-a1ef-ab4f685e241d req-78c0f6ae-7399-4dea-a1ef-ab4f685e241d ] Request (ServerDiagnosticsV248Test:test_get_server_diagnostics): 200 GET http://10.180.1.21/compute/v2.1/servers/791b8fc4-81e2-4a69-a358-f56a421e4680 0.576s
2025-02-07 12:42:00.407 62675 INFO tempest.lib.common.rest_client [req-428f72b2-0a5b-46df-95af-38ff69310efe req-428f72b2-0a5b-46df-95af-38ff69310efe ] Request (ImagesOneServerNegativeTestJSON:_run_cleanups): 201 POST http://10.180.1.21/identity/v3/auth/tokens 0.092s
2025-02-07 12:42:00.407 62675 INFO tempest.lib.common.fixed_network [-] (ImagesOneServerNegativeTestJSON:_run_cleanups) Found network {'id': '956ba5e7-4a54-402c-a290-2a1b81514fd3', 'name': 'tempest-ImagesOneServerNegativeTestJSON-1825597119-network', 'tenant_id': '806a3f447ab3401e8dcfa6f4241fd30d', 'admin_state_up': True, 'mtu': 8950, 'status': 'ACTIVE', 'subnets': [], 'shared': False, 'project_id': '806a3f447ab3401e8dcfa6f4241fd30d', 'port_security_enabled': True, 'router:external': False, 'provider:network_type': 'vlan', 'provider:physical_network': 'default', 'provider:segmentation_id': 272, 'availability_zone_hints': [], 'availability_zones': [], 'ipv4_address_scope': None, 'ipv6_address_scope': None, 'description': '', 'tags': [], 'created_at': '2025-02-07T12:40:21Z', 'updated_at': '2025-02-07T12:40:21Z', 'revision_number': 1} available for tenant
2025-02-07 12:42:00.436 62727 INFO tempest.lib.common.rest_client [req-034e195d-ebfe-4fb6-8e12-68e9b02b7979 req-034e195d-ebfe-4fb6-8e12-68e9b02b7979 ] Request (SecurityGroupsTestJSON:test_security_group_create_get_delete): 202 DELETE http://10.180.1.21/compute/v2.1/os-security-groups/a3d90c22-d5a9-4eb6-a786-0d5769cc4642 0.745s
2025-02-07 12:42:00.498 62694 INFO tempest.lib.common.rest_client [req-966aa715-f517-47d9-b702-34fc0e31ad95 req-966aa715-f517-47d9-b702-34fc0e31ad95 ] Request (DeleteServersTestJSON:test_delete_server_while_in_attached_volume): 200 GET http://10.180.1.21/volume/v3/volumes/771f910a-9851-486b-ad10-072a50521d13 0.034s
2025-02-07 12:42:00.504 62709 INFO tempest.lib.common.rest_client [req-94925c39-9cbe-4d01-8fd7-80202e7f011a req-94925c39-9cbe-4d01-8fd7-80202e7f011a ] Request (ListImageFiltersTestJSON:setUpClass): 200 GET http://10.180.1.21/compute/v2.1/servers/996dff46-a8df-411f-8974-260f591f6086 0.593s
2025-02-07 12:42:00.573 62689 INFO tempest.lib.common.rest_client [req-b2d7d167-fc38-43e4-b129-d2d207ca5c04 req-b2d7d167-fc38-43e4-b129-d2d207ca5c04 ] Request (FloatingIPsAssociationNegativeTestJSON:setUpClass): 200 GET http://10.180.1.21/compute/v2.1/servers/b3e7bd84-3c18-40c7-95a7-9b259069f066 0.622s
2025-02-07 12:42:00.587 62737 INFO tempest.lib.common.rest_client [req-70c92cbb-3519-4be1-99e1-543f15dc3cae req-70c92cbb-3519-4be1-99e1-543f15dc3cae ] Request (ServerRescueTestJSON:test_rescue_unrescue_instance): 200 GET http://10.180.1.21/compute/v2.1/servers/a415cd3c-4e94-4e23-9588-adb12815187c 0.731s
2025-02-07 12:42:00.626 62685 INFO tempest.lib.common.rest_client [req-986d0729-9118-40aa-9143-9165069923cd req-986d0729-9118-40aa-9143-9165069923cd ] Request (TenantUsagesTestJSON:setUpClass): 200 GET http://10.180.1.21/compute/v2.1/servers/5b4524e2-ff60-4ae5-9658-7fe7cad2b878 0.605s
2025-02-07 12:42:00.708 62715 INFO tempest.lib.common.rest_client [req-52bf08f2-8c8d-45b0-a1ce-885c5eb08b88 req-52bf08f2-8c8d-45b0-a1ce-885c5eb08b88 ] Request (ServersTestMultiNic:test_verify_duplicate_network_nics): 200 GET http://10.180.1.21/compute/v2.1/servers/fa27d91c-5bae-40a3-a153-ac41f4238532 0.618s
2025-02-07 12:42:00.755 62725 INFO tempest.lib.common.rest_client [req-a7b7ba10-b054-48d1-9443-8e8e04672756 req-a7b7ba10-b054-48d1-9443-8e8e04672756 ] Request (ServersAdminNegativeTestJSON:test_migrate_server_invalid_state): 200 GET http://10.180.1.21/compute/v2.1/servers/742baadd-a2ec-452d-8db1-313c8d28fe42 0.720s
2025-02-07 12:42:00.762 62711 INFO tempest.lib.common.rest_client [req-3f0441bd-db15-4d63-8d04-a10b58dbbeda req-3f0441bd-db15-4d63-8d04-a10b58dbbeda ] Request (ServerShowV247Test:test_update_rebuild_list_server): 200 GET http://10.180.1.21/compute/v2.1/servers/a8ab0e21-de37-42da-b4b6-d9d9d120f61f 0.665s
2025-02-07 12:42:00.802 62681 INFO tempest.lib.common.rest_client [req-9032da19-3029-459e-864b-2648dee2fea4 req-9032da19-3029-459e-864b-2648dee2fea4 ] Request (InstanceActionsV221TestJSON:test_get_list_deleted_instance_actions): 200 GET http://10.180.1.21/compute/v2.1/servers/7e467b83-2067-4ec7-a641-c417851bb0e8 0.641s
2025-02-07 12:42:00.811 62704 INFO tempest.lib.common.rest_client [req-0d97e343-c71d-4105-8ebf-b0445df66f49 req-0d97e343-c71d-4105-8ebf-b0445df66f49 ] Request (ServersTestFqdnHostnames:test_create_server_with_fqdn_name): 200 GET http://10.180.1.21/compute/v2.1/servers/3c094195-7f0d-4043-a1e4-8acbf634b14f 0.598s
2025-02-07 12:42:00.851 62707 INFO tempest.lib.common.rest_client [req-15ebeea0-2c97-47d2-a89d-588a5470cd29 req-15ebeea0-2c97-47d2-a89d-588a5470cd29 ] Request (VolumesAdminNegativeTest:test_update_attached_volume_with_nonexistent_volume_in_body): 200 GET http://10.180.1.21/compute/v2.1/servers/d0318881-a5f3-4701-991a-7e42895b5f46 0.576s
2025-02-07 12:42:00.856 62697 INFO tempest.lib.common.rest_client [req-1de8e884-fa4f-4539-8a8a-9c109e98cf16 req-1de8e884-fa4f-4539-8a8a-9c109e98cf16 ] Request (ServersAdminTestJSON:test_create_server_with_scheduling_hint): 200 GET http://10.180.1.21/compute/v2.1/servers/6d6f643f-fbb8-43b3-b47a-78d4ff71b8cb 0.517s
2025-02-07 12:42:00.874 62727 INFO tempest.lib.common.rest_client [req-cc8ebb0e-cac3-41b4-b607-57f95acf30e5 req-cc8ebb0e-cac3-41b4-b607-57f95acf30e5 ] Request (SecurityGroupsTestJSON:test_security_group_create_get_delete): 404 GET http://10.180.1.21/compute/v2.1/os-security-groups/a3d90c22-d5a9-4eb6-a786-0d5769cc4642 0.437s
2025-02-07 12:42:01.054 62699 INFO tempest.lib.common.rest_client [req-b8368c20-99f9-4e55-bd01-3ef6e8f04967 req-b8368c20-99f9-4e55-bd01-3ef6e8f04967 ] Request (ImagesOneServerTestJSON:setUpClass): 200 GET http://10.180.1.21/compute/v2.1/servers/7d40ad55-ab59-461f-986e-22aa0133f68f 0.517s
2025-02-07 12:42:01.113 62719 INFO tempest.lib.common.rest_client [req-327146ee-a0e2-4fef-9c9c-baaab0783a63 req-327146ee-a0e2-4fef-9c9c-baaab0783a63 ] Request (ServersNegativeTestMultiTenantJSON:setUpClass): 200 GET http://10.180.1.21/compute/v2.1/servers/c83ae6b9-a239-40b5-a493-529b1687a573 0.513s
2025-02-07 12:42:01.177 62683 INFO tempest.lib.common.rest_client [req-730907de-b309-42ca-9b31-fd50ac9dae59 req-730907de-b309-42ca-9b31-fd50ac9dae59 ] Request (ListServerFiltersTestJSON:setUpClass): 200 GET http://10.180.1.21/compute/v2.1/servers/f468937a-de46-49b3-ba64-40403bb6b77f 0.498s
2025-02-07 12:42:01.238 62713 INFO tempest.lib.common.rest_client [req-43ca2d26-8029-4216-bffc-5164fa414598 req-43ca2d26-8029-4216-bffc-5164fa414598 ] Request (MigrationsAdminTest:test_resize_server_revert_deleted_flavor): 200 GET http://10.180.1.21/compute/v2.1/servers/7a3d03fd-327a-453b-ad3c-12736433379d 0.466s
2025-02-07 12:42:01.283 62675 INFO tempest.lib.common.rest_client [req-0aae8368-b89b-4f73-8c09-55902873db9a req-0aae8368-b89b-4f73-8c09-55902873db9a ] Request (ImagesOneServerNegativeTestJSON:_run_cleanups): 202 POST http://10.180.1.21/compute/v2.1/servers 0.875s
2025-02-07 12:42:01.402 62733 INFO tempest.lib.common.rest_client [req-09e2022d-e084-45ee-a412-0af7d5d6ece3 req-09e2022d-e084-45ee-a412-0af7d5d6ece3 ] Request (ImagesTestJSON:test_create_image_from_stopped_server): 200 GET http://10.180.1.21/compute/v2.1/servers/e1b536b2-778f-4318-bf20-198bb1752de4 0.579s
2025-02-07 12:42:01.489 62705 INFO tempest.lib.common.rest_client [req-ef27db4f-5e22-4b24-b6a0-c72910c758e8 req-ef27db4f-5e22-4b24-b6a0-c72910c758e8 ] Request (AttachInterfacesV270Test:test_create_get_list_interfaces): 200 GET http://10.180.1.21/compute/v2.1/servers/9523a163-666d-448f-84a6-5278a7171f86 0.394s
2025-02-07 12:42:01.508 62727 INFO tempest.lib.common.rest_client [req-f65c5128-6d07-4be4-a56f-903be6095c28 req-f65c5128-6d07-4be4-a56f-903be6095c28 ] Request (SecurityGroupsTestJSON:test_security_groups_create_list_delete): 200 POST http://10.180.1.21/compute/v2.1/os-security-groups 0.632s
2025-02-07 12:42:01.555 62694 INFO tempest.lib.common.rest_client [req-8d3da4db-2d41-41d9-b7ef-533ca2dea0e2 req-8d3da4db-2d41-41d9-b7ef-533ca2dea0e2 ] Request (DeleteServersTestJSON:test_delete_server_while_in_attached_volume): 200 GET http://10.180.1.21/volume/v3/volumes/771f910a-9851-486b-ad10-072a50521d13 0.046s
2025-02-07 12:42:01.583 62687 INFO tempest.lib.common.rest_client [req-1ca5e7e9-a690-4364-bb39-a04bbb770862 req-1ca5e7e9-a690-4364-bb39-a04bbb770862 ] Request (ServersTestBootFromVolume:setUpClass): 200 GET http://10.180.1.21/compute/v2.1/servers/009129d2-dc03-4de0-ac09-9d24894e5e67 0.432s
2025-02-07 12:42:01.641 62731 INFO tempest.lib.common.rest_client [req-d817880e-cbc6-4726-b6e8-b51ae144b1c8 req-d817880e-cbc6-4726-b6e8-b51ae144b1c8 ] Request (ServerDiskConfigTestJSON:test_rebuild_server_with_manual_disk_config): 200 GET http://10.180.1.21/compute/v2.1/servers/758fbe89-1e60-4025-853d-41439705356b 0.429s
2025-02-07 12:42:01.656 62695 INFO tempest.lib.common.rest_client [req-ffad7b4c-6cac-45a1-a61e-899f0fbda18d req-ffad7b4c-6cac-45a1-a61e-899f0fbda18d ] Request (ServerActionsTestJSON:setUpClass): 200 GET http://10.180.1.21/compute/v2.1/servers/cd87ae19-37ee-4d88-95ee-9de38d5214a4 0.558s
2025-02-07 12:42:01.705 62675 INFO tempest.lib.common.rest_client [req-03cf9426-3022-4f1b-9290-47c69483c764 req-03cf9426-3022-4f1b-9290-47c69483c764 ] Request (ImagesOneServerNegativeTestJSON:_run_cleanups): 200 GET http://10.180.1.21/compute/v2.1/servers/faaa5eff-8814-4951-a6fc-9b2a53891f1c 0.417s
2025-02-07 12:42:01.716 62735 INFO tempest.lib.common.rest_client [req-d6db3b8a-10c3-48e1-a66d-8b4697269b9d req-d6db3b8a-10c3-48e1-a66d-8b4697269b9d ] Request (ServerRescueTestJSONUnderV235:tearDownClass): 200 GET http://10.180.1.21/compute/v2.1/servers/5cff6baf-1dd7-4030-834d-266e83d77229 0.480s
2025-02-07 12:42:01.780 62701 INFO tempest.lib.common.rest_client [req-4afc42a8-f74e-4ed5-b1db-80da6e56eb6f req-4afc42a8-f74e-4ed5-b1db-80da6e56eb6f ] Request (ServerDiagnosticsV248Test:test_get_server_diagnostics): 200 GET http://10.180.1.21/compute/v2.1/servers/791b8fc4-81e2-4a69-a358-f56a421e4680 0.363s
2025-02-07 12:42:01.780 62679 INFO tempest.lib.common.rest_client [req-6d74f4e7-e5ba-4d2f-8ad4-f15924aec4f3 req-6d74f4e7-e5ba-4d2f-8ad4-f15924aec4f3 ] Request (ServerDiagnosticsNegativeTest:test_get_server_diagnostics_by_non_admin): 200 GET http://10.180.1.21/compute/v2.1/servers/ed958c86-7d75-439f-a3f1-8c8d2fc6ea0d 0.466s
2025-02-07 12:42:01.829 62721 WARNING tempest.lib.common.ssh [-] Failed to establish authenticated ssh connection to cirros@10.180.180.150 ([Errno None] Unable to connect to port 22 on 10.180.180.150). Number attempts: 1. Retry after 2 seconds.: paramiko.ssh_exception.NoValidConnectionsError: [Errno None] Unable to connect to port 22 on 10.180.180.150
2025-02-07 12:42:01.840 62709 INFO tempest.lib.common.rest_client [req-b8c1df17-8bfc-4957-955e-501ae2b8dd86 req-b8c1df17-8bfc-4957-955e-501ae2b8dd86 ] Request (ListImageFiltersTestJSON:setUpClass): 200 GET http://10.180.1.21/compute/v2.1/servers/996dff46-a8df-411f-8974-260f591f6086 0.322s
2025-02-07 12:42:01.897 62689 INFO tempest.lib.common.rest_client [req-a8ddebfa-1345-4104-8197-a47f6dfaad69 req-a8ddebfa-1345-4104-8197-a47f6dfaad69 ] Request (FloatingIPsAssociationNegativeTestJSON:setUpClass): 200 GET http://10.180.1.21/compute/v2.1/servers/b3e7bd84-3c18-40c7-95a7-9b259069f066 0.313s
2025-02-07 12:42:01.997 62727 INFO tempest.lib.common.rest_client [req-fd98556a-5a3c-42d8-ac86-384831d79e37 req-fd98556a-5a3c-42d8-ac86-384831d79e37 ] Request (SecurityGroupsTestJSON:test_security_groups_create_list_delete): 200 POST http://10.180.1.21/compute/v2.1/os-security-groups 0.483s
2025-02-07 12:42:02.048 62737 INFO tempest.lib.common.rest_client [req-c31a9ccb-668c-4734-818d-4c849babd141 req-c31a9ccb-668c-4734-818d-4c849babd141 ] Request (ServerRescueTestJSON:test_rescue_unrescue_instance): 200 GET http://10.180.1.21/compute/v2.1/servers/a415cd3c-4e94-4e23-9588-adb12815187c 0.447s
2025-02-07 12:42:02.048 62685 INFO tempest.lib.common.rest_client [req-6dc76ed7-a005-4f3f-8138-82c20ae8aa5c req-6dc76ed7-a005-4f3f-8138-82c20ae8aa5c ] Request (TenantUsagesTestJSON:setUpClass): 200 GET http://10.180.1.21/compute/v2.1/servers/5b4524e2-ff60-4ae5-9658-7fe7cad2b878 0.414s
2025-02-07 12:42:02.055 62737 INFO tempest.common.waiters [-] State transition "RESCUE/unrescuing" ==> "ACTIVE/None" after 5 second wait
2025-02-07 12:42:02.105 62715 INFO tempest.lib.common.rest_client [req-a981afef-d615-4272-b420-0540a55e8b5d req-a981afef-d615-4272-b420-0540a55e8b5d ] Request (ServersTestMultiNic:test_verify_duplicate_network_nics): 200 GET http://10.180.1.21/compute/v2.1/servers/fa27d91c-5bae-40a3-a153-ac41f4238532 0.389s
2025-02-07 12:42:02.164 62711 INFO tempest.lib.common.rest_client [req-f400f068-9a2a-433f-a75d-07d0c2763522 req-f400f068-9a2a-433f-a75d-07d0c2763522 ] Request (ServerShowV247Test:test_update_rebuild_list_server): 200 GET http://10.180.1.21/compute/v2.1/servers/a8ab0e21-de37-42da-b4b6-d9d9d120f61f 0.391s
2025-02-07 12:42:02.178 62725 INFO tempest.lib.common.rest_client [req-a4261386-2164-4d8f-92e2-0e3ea0da4092 req-a4261386-2164-4d8f-92e2-0e3ea0da4092 ] Request (ServersAdminNegativeTestJSON:test_migrate_server_invalid_state): 200 GET http://10.180.1.21/compute/v2.1/servers/742baadd-a2ec-452d-8db1-313c8d28fe42 0.414s
2025-02-07 12:42:02.221 62681 INFO tempest.lib.common.rest_client [req-4f8d2b70-f702-4ca7-a1e9-ec3fa0e24166 req-4f8d2b70-f702-4ca7-a1e9-ec3fa0e24166 ] Request (InstanceActionsV221TestJSON:test_get_list_deleted_instance_actions): 200 GET http://10.180.1.21/compute/v2.1/servers/7e467b83-2067-4ec7-a641-c417851bb0e8 0.409s
2025-02-07 12:42:02.231 62704 INFO tempest.lib.common.rest_client [req-eb02b7fe-9336-46ff-b19a-a4d5b33cdf6b req-eb02b7fe-9336-46ff-b19a-a4d5b33cdf6b ] Request (ServersTestFqdnHostnames:test_create_server_with_fqdn_name): 200 GET http://10.180.1.21/compute/v2.1/servers/3c094195-7f0d-4043-a1e4-8acbf634b14f 0.411s
2025-02-07 12:42:02.271 62707 INFO tempest.lib.common.rest_client [req-5faf2c37-0c51-42d4-93b3-44be20de3ab4 req-5faf2c37-0c51-42d4-93b3-44be20de3ab4 ] Request (VolumesAdminNegativeTest:test_update_attached_volume_with_nonexistent_volume_in_body): 200 GET http://10.180.1.21/compute/v2.1/servers/d0318881-a5f3-4701-991a-7e42895b5f46 0.410s
2025-02-07 12:42:02.282 62697 INFO tempest.lib.common.rest_client [req-3f5ce274-bbe8-4609-a545-f8adc4811830 req-3f5ce274-bbe8-4609-a545-f8adc4811830 ] Request (ServersAdminTestJSON:test_create_server_with_scheduling_hint): 200 GET http://10.180.1.21/compute/v2.1/servers/6d6f643f-fbb8-43b3-b47a-78d4ff71b8cb 0.418s
2025-02-07 12:42:02.365 62737 INFO tempest.lib.common.rest_client [req-b2852d23-ae03-4dfc-97e1-f67d1d1d5ed8 req-b2852d23-ae03-4dfc-97e1-f67d1d1d5ed8 ] Request (ServerRescueTestJSON:tearDownClass): 204 DELETE http://10.180.1.21/compute/v2.1/servers/a415cd3c-4e94-4e23-9588-adb12815187c 0.308s
2025-02-07 12:42:02.389 62727 INFO tempest.lib.common.rest_client [req-1607ce60-bcd5-4886-80fb-93b11e9464d2 req-1607ce60-bcd5-4886-80fb-93b11e9464d2 ] Request (SecurityGroupsTestJSON:test_security_groups_create_list_delete): 200 POST http://10.180.1.21/compute/v2.1/os-security-groups 0.389s
2025-02-07 12:42:02.455 62719 INFO tempest.lib.common.rest_client [req-fb7fdd5b-c28c-4e6a-8593-485d352e3d40 req-fb7fdd5b-c28c-4e6a-8593-485d352e3d40 ] Request (ServersNegativeTestMultiTenantJSON:setUpClass): 200 GET http://10.180.1.21/compute/v2.1/servers/c83ae6b9-a239-40b5-a493-529b1687a573 0.334s
2025-02-07 12:42:02.523 62699 INFO tempest.lib.common.rest_client [req-ee85a23b-0ff0-4c76-a3a3-54da306d07e9 req-ee85a23b-0ff0-4c76-a3a3-54da306d07e9 ] Request (ImagesOneServerTestJSON:setUpClass): 200 GET http://10.180.1.21/compute/v2.1/servers/7d40ad55-ab59-461f-986e-22aa0133f68f 0.462s
2025-02-07 12:42:02.530 62683 INFO tempest.lib.common.rest_client [req-d54a932b-d387-4781-ad6b-fa67902c8aec req-d54a932b-d387-4781-ad6b-fa67902c8aec ] Request (ListServerFiltersTestJSON:setUpClass): 200 GET http://10.180.1.21/compute/v2.1/servers/f468937a-de46-49b3-ba64-40403bb6b77f 0.344s
2025-02-07 12:42:02.600 62694 INFO tempest.lib.common.rest_client [req-32e65e9b-5d3c-4824-8dde-09317ac36459 req-32e65e9b-5d3c-4824-8dde-09317ac36459 ] Request (DeleteServersTestJSON:test_delete_server_while_in_attached_volume): 200 GET http://10.180.1.21/volume/v3/volumes/771f910a-9851-486b-ad10-072a50521d13 0.036s
