2025-02-07 12:43:28.418 62679 INFO tempest.lib.common.dynamic_creds [-] Created isolated network resources for: credentials: Credentials: {'domain_id': 'default', 'domain_name': 'Default', 'username': 'tempest-FlavorsV2TestJSON-724961560-project-member', 'project_domain_id': 'default', 'project_domain_name': 'Default', 'project_id': '80cb7e2ee2d54fb8aee4209c646c9447', 'project_name': 'tempest-FlavorsV2TestJSON-724961560', 'tenant_id': '80cb7e2ee2d54fb8aee4209c646c9447', 'tenant_name': 'tempest-FlavorsV2TestJSON-724961560', 'user_domain_id': 'default', 'user_domain_name': 'Default', 'user_id': '54d75dcfaf284291a8f020ffa7168acf', 'system': None}, Network: None, Subnet: None, Router: None
2025-02-07 12:43:28.423 62683 INFO tempest.lib.common.rest_client [req-3dcbec5f-5866-4358-8d46-0203ebd449dd req-3dcbec5f-5866-4358-8d46-0203ebd449dd ] Request (ListServerFiltersTestJSON:tearDownClass): 200 GET http://10.180.1.21/compute/v2.1/servers/f468937a-de46-49b3-ba64-40403bb6b77f 0.170s
2025-02-07 12:43:28.434 62729 INFO tempest.lib.common.rest_client [req-e9ce2051-ba89-49c4-9273-89c8ba289f8d req-e9ce2051-ba89-49c4-9273-89c8ba289f8d ] Request (ServerActionsV293TestJSON:test_rebuild_volume_backed_server): 202 POST http://10.180.1.21/compute/v2.1/servers/c29bf6eb-b456-4356-9ef8-d9ba70bc6464/action 0.506s
2025-02-07 12:43:28.492 62697 INFO tempest.lib.common.rest_client [req-3f50ea7d-ed71-4479-8525-697d8f0b8c7e req-3f50ea7d-ed71-4479-8525-697d8f0b8c7e ] Request (ServersAdminTestJSON:test_inject_network_info): 200 GET http://10.180.1.21/compute/v2.1/servers/9fdc58aa-dd5a-4fe0-95ff-5ad2d06f0298 0.163s
2025-02-07 12:43:28.498 62679 INFO tempest.lib.common.rest_client [req-3db8c429-af0c-443d-aff7-4d08c98c6f31 req-3db8c429-af0c-443d-aff7-4d08c98c6f31 ] Request (FlavorsV2TestJSON:setUpClass): 201 POST http://10.180.1.21/identity/v3/auth/tokens 0.076s
2025-02-07 12:43:28.511 62729 INFO tempest.lib.common.rest_client [req-4e54db2f-fabc-42ec-9c1d-b1db965403e0 req-4e54db2f-fabc-42ec-9c1d-b1db965403e0 ] Request (ServerActionsV293TestJSON:test_rebuild_volume_backed_server): 200 GET http://10.180.1.21/compute/v2.1/flavors/42 0.065s
2025-02-07 12:43:28.581 62679 INFO tempest.lib.common.rest_client [req-c5f8e888-2c40-4573-8860-8c50527bb91e req-c5f8e888-2c40-4573-8860-8c50527bb91e ] Request (FlavorsV2TestJSON:test_get_flavor): 200 GET http://10.180.1.21/compute/v2.1/flavors/42 0.082s
2025-02-07 12:43:28.582 62725 INFO tempest.lib.common.rest_client [req-247efca3-83c2-413f-ab79-fa872a990779 req-247efca3-83c2-413f-ab79-fa872a990779 ] Request (ValidationResourcesFixture:setUp): 200 POST http://10.180.1.21/compute/v2.1/os-keypairs 0.267s
2025-02-07 12:43:28.656 62711 INFO tempest.lib.common.rest_client [req-4aa87f76-4bf0-44dd-83f0-0221252244a2 req-4aa87f76-4bf0-44dd-83f0-0221252244a2 ] Request (ServerShowV247Test:tearDownClass): 200 GET http://10.180.1.21/compute/v2.1/servers/a8ab0e21-de37-42da-b4b6-d9d9d120f61f 0.122s
2025-02-07 12:43:28.679 62679 INFO tempest.lib.common.rest_client [req-bb516af4-6b9e-44cf-8bcb-ef58a4369eb9 req-bb516af4-6b9e-44cf-8bcb-ef58a4369eb9 ] Request (FlavorsV2TestJSON:test_list_flavors): 200 GET http://10.180.1.21/compute/v2.1/flavors 0.094s
2025-02-07 12:43:28.708 62725 INFO tempest.lib.common.rest_client [req-1ea2c467-6a07-4159-a53c-5835ce295063 req-1ea2c467-6a07-4159-a53c-5835ce295063 ] Request (ValidationResourcesFixture:setUp): 201 POST http://10.180.1.21:9696/networking/v2.0/security-groups 0.124s
2025-02-07 12:43:28.717 62729 INFO tempest.lib.common.rest_client [req-547178e1-57d3-4811-834b-304325563f50 req-547178e1-57d3-4811-834b-304325563f50 ] Request (ServerActionsV293TestJSON:test_rebuild_volume_backed_server): 200 GET http://10.180.1.21/compute/v2.1/servers/c29bf6eb-b456-4356-9ef8-d9ba70bc6464 0.198s
2025-02-07 12:43:28.777 62681 INFO tempest.lib.common.rest_client [req-f2da7fee-8245-4117-be52-76c4f82866a6 req-f2da7fee-8245-4117-be52-76c4f82866a6 ] Request (ServerShowV257Test:test_rebuild_server): 200 GET http://10.180.1.21/compute/v2.1/servers/0b3e9b87-2fa5-4623-b547-8831a1d7932f 0.152s
2025-02-07 12:43:28.792 62709 INFO tempest.lib.common.rest_client [req-bb9e1e6b-5205-434f-8206-4d50bbd1853a req-bb9e1e6b-5205-434f-8206-4d50bbd1853a ] Request (ListImageFiltersTestJSON:setUpClass): 200 GET http://10.180.1.21/compute/v2.1/servers/996dff46-a8df-411f-8974-260f591f6086 0.198s
2025-02-07 12:43:28.795 62679 INFO tempest.lib.common.rest_client [req-7de38e20-15ad-467e-b011-86d4ae02dc0a req-7de38e20-15ad-467e-b011-86d4ae02dc0a ] Request (FlavorsV2TestJSON:test_list_flavors): 200 GET http://10.180.1.21/compute/v2.1/flavors/42 0.112s
2025-02-07 12:43:28.796 62725 INFO tempest.lib.common.rest_client [req-5faf8fb3-079c-41f5-82a2-7a61d604dbb9 req-5faf8fb3-079c-41f5-82a2-7a61d604dbb9 ] Request (ValidationResourcesFixture:setUp): 201 POST http://10.180.1.21:9696/networking/v2.0/security-group-rules 0.088s
2025-02-07 12:43:28.870 62731 INFO tempest.lib.common.rest_client [req-4ba9ea9d-2e52-4e04-9949-0c312fce9daa req-4ba9ea9d-2e52-4e04-9949-0c312fce9daa ] Request (ServerDiskConfigTestJSON:test_rebuild_server_with_manual_disk_config): 200 GET http://10.180.1.21/compute/v2.1/servers/758fbe89-1e60-4025-853d-41439705356b 0.178s
2025-02-07 12:43:28.901 62725 INFO tempest.lib.common.rest_client [req-581f9679-dac5-46d0-9e9a-eca20c619d90 req-581f9679-dac5-46d0-9e9a-eca20c619d90 ] Request (ValidationResourcesFixture:setUp): 201 POST http://10.180.1.21:9696/networking/v2.0/security-group-rules 0.104s
2025-02-07 12:43:28.927 62694 INFO tempest.lib.common.rest_client [req-5a172bb5-5ab1-45b2-8acb-ea052b3d6d9c req-5a172bb5-5ab1-45b2-8acb-ea052b3d6d9c ] Request (DeleteServersTestJSON:test_delete_server_while_in_shelved_state): 200 GET http://10.180.1.21/compute/v2.1/servers/9cd85b1f-93a5-43f3-bda3-1518bb774759 0.169s
2025-02-07 12:43:28.931 62713 INFO tempest.lib.common.rest_client [req-75275008-8d60-4305-820c-54257dafb8d0 req-75275008-8d60-4305-820c-54257dafb8d0 ] Request (MigrationsAdminTest:test_resize_server_revert_deleted_flavor): 200 GET http://10.180.1.21/compute/v2.1/servers/7a3d03fd-327a-453b-ad3c-12736433379d 0.177s
2025-02-07 12:43:28.939 62679 INFO tempest.lib.common.rest_client [req-dceef10e-e84a-463a-ad12-09d30988f35d req-dceef10e-e84a-463a-ad12-09d30988f35d ] Request (FlavorsV2TestJSON:test_list_flavors_detailed_filter_by_min_disk): 200 GET http://10.180.1.21/compute/v2.1/flavors/42 0.141s
2025-02-07 12:43:28.990 62699 INFO tempest.lib.common.rest_client [req-33303cab-3af8-4602-a7e9-119d2dba5945 req-33303cab-3af8-4602-a7e9-119d2dba5945 ] Request (ServersTestJSON:test_create_server_specify_multibyte_character_name): 200 GET http://10.180.1.21/compute/v2.1/servers/d7dd9b27-eeaa-49be-af8f-86b100ff7a69 0.172s
2025-02-07 12:43:29.001 62689 INFO tempest.lib.common.rest_client [req-0819da43-a308-44c7-99b2-1dcb59fb2be0 req-0819da43-a308-44c7-99b2-1dcb59fb2be0 ] Request (FloatingIPsAssociationNegativeTestJSON:tearDownClass): 200 GET http://10.180.1.21/compute/v2.1/servers/b3e7bd84-3c18-40c7-95a7-9b259069f066 0.171s
2025-02-07 12:43:29.026 62707 WARNING tempest.lib.common.ssh [-] Failed to establish authenticated ssh connection to cirros@10.180.180.212 ([Errno None] Unable to connect to port 22 on 10.180.180.212). Number attempts: 3. Retry after 4 seconds.: paramiko.ssh_exception.NoValidConnectionsError: [Errno None] Unable to connect to port 22 on 10.180.180.212
2025-02-07 12:43:29.048 62733 INFO tempest.lib.common.rest_client [req-2b9bd4aa-6a6a-4c77-b5f2-a85d7012c3af req-2b9bd4aa-6a6a-4c77-b5f2-a85d7012c3af ] Request (ImagesTestJSON:test_create_image_from_suspended_server): 200 GET http://10.180.1.21/compute/v2.1/servers/a6583a62-ee37-42e0-9a51-b0ce30de58c2 0.174s
2025-02-07 12:43:29.059 62717 INFO tempest.lib.common.rest_client [req-7897bf08-b89a-4c8b-a21b-127b3f497989 req-7897bf08-b89a-4c8b-a21b-127b3f497989 ] Request (ServersWithSpecificFlavorTestJSON:test_verify_created_server_ephemeral_disk): 200 GET http://10.180.1.21/compute/v2.1/servers/f7197def-541f-4abc-b448-ebe58e2acccc 0.160s
2025-02-07 12:43:29.075 62679 INFO tempest.lib.common.rest_client [req-50a04786-1c33-4646-bf73-0de17bad4088 req-50a04786-1c33-4646-bf73-0de17bad4088 ] Request (FlavorsV2TestJSON:test_list_flavors_detailed_filter_by_min_disk): 200 GET http://10.180.1.21/compute/v2.1/flavors/detail?minDisk=2 0.134s
2025-02-07 12:43:29.096 62679 INFO tempest.lib.common.rest_client [req-52cc31bd-85f0-4117-ba87-2a706f56f54a req-52cc31bd-85f0-4117-ba87-2a706f56f54a ] Request (FlavorsV2TestJSON:test_list_flavors_detailed_filter_by_min_ram): 200 GET http://10.180.1.21/compute/v2.1/flavors/42 0.015s
2025-02-07 12:43:29.154 62675 INFO tempest.lib.common.rest_client [req-ca76721c-93b1-4d53-8d28-bc42211efc7f req-ca76721c-93b1-4d53-8d28-bc42211efc7f ] Request (ImagesOneServerNegativeTestJSON:_run_cleanups): 200 GET http://10.180.1.21/compute/v2.1/servers/faaa5eff-8814-4951-a6fc-9b2a53891f1c 0.069s
2025-02-07 12:43:29.177 62704 INFO tempest.lib.common.rest_client [req-e4ff5c50-ae22-4336-acc3-8e3ef249cd23 req-e4ff5c50-ae22-4336-acc3-8e3ef249cd23 ] Request (ServersTestFqdnHostnames:tearDownClass): 200 GET http://10.180.1.21/compute/v2.1/servers/3c094195-7f0d-4043-a1e4-8acbf634b14f 0.152s
2025-02-07 12:43:29.191 62679 INFO tempest.lib.common.rest_client [req-13135c4a-29bc-4fee-9dcd-f578da501b2c req-13135c4a-29bc-4fee-9dcd-f578da501b2c ] Request (FlavorsV2TestJSON:test_list_flavors_detailed_filter_by_min_ram): 200 GET http://10.180.1.21/compute/v2.1/flavors/detail?minRam=193 0.092s
2025-02-07 12:43:29.221 62679 INFO tempest.lib.common.rest_client [req-8f81a83a-cf8b-4c30-88d3-53bb1539b30b req-8f81a83a-cf8b-4c30-88d3-53bb1539b30b ] Request (FlavorsV2TestJSON:test_list_flavors_detailed_limit_results): 200 GET http://10.180.1.21/compute/v2.1/flavors/detail?limit=1 0.023s
2025-02-07 12:43:29.240 62705 INFO tempest.lib.common.rest_client [req-647f970c-5ee6-4e72-82df-91ba45bb0dae req-647f970c-5ee6-4e72-82df-91ba45bb0dae ] Request (AttachInterfacesV270Test:tearDownClass): 200 GET http://10.180.1.21/compute/v2.1/servers/9523a163-666d-448f-84a6-5278a7171f86 0.068s
2025-02-07 12:43:29.242 62679 INFO tempest.lib.common.rest_client [req-33034ab5-82b7-447d-95d7-21784c5ad88d req-33034ab5-82b7-447d-95d7-21784c5ad88d ] Request (FlavorsV2TestJSON:test_list_flavors_detailed_using_marker): 200 GET http://10.180.1.21/compute/v2.1/flavors/42 0.015s
2025-02-07 12:43:29.280 62679 INFO tempest.lib.common.rest_client [req-0b4db0b0-a655-4f96-bada-5b371a7ba6fb req-0b4db0b0-a655-4f96-bada-5b371a7ba6fb ] Request (FlavorsV2TestJSON:test_list_flavors_detailed_using_marker): 200 GET http://10.180.1.21/compute/v2.1/flavors/detail?marker=42 0.036s
2025-02-07 12:43:29.309 62679 INFO tempest.lib.common.rest_client [req-a8128262-3a00-4681-84a4-a8ff1f6dc0fc req-a8128262-3a00-4681-84a4-a8ff1f6dc0fc ] Request (FlavorsV2TestJSON:test_list_flavors_filter_by_min_disk): 200 GET http://10.180.1.21/compute/v2.1/flavors/42 0.016s
2025-02-07 12:43:29.326 62701 INFO tempest.lib.common.rest_client [req-dfb0c5c7-0194-4e96-a0d8-30e68290b222 req-dfb0c5c7-0194-4e96-a0d8-30e68290b222 ] Request (ServerShowV254Test:test_rebuild_server): 200 GET http://10.180.1.21/compute/v2.1/servers/f5897ca9-4a38-4583-a15a-dbb0a621ab2e 0.085s
2025-02-07 12:43:29.352 62679 INFO tempest.lib.common.rest_client [req-81e78ec7-86be-437f-82f9-d645be5ec890 req-81e78ec7-86be-437f-82f9-d645be5ec890 ] Request (FlavorsV2TestJSON:test_list_flavors_filter_by_min_disk): 200 GET http://10.180.1.21/compute/v2.1/flavors?minDisk=2 0.041s
2025-02-07 12:43:29.375 62727 INFO tempest.lib.common.rest_client [req-a8c20dce-667c-4a0d-9c78-aec5ef2f043b req-a8c20dce-667c-4a0d-9c78-aec5ef2f043b ] Request (SecurityGroupsTestJSON:test_server_security_groups): 200 GET http://10.180.1.21/compute/v2.1/servers/28447a5e-1970-4231-9866-6bd221bcca82 0.065s
2025-02-07 12:43:29.375 62679 INFO tempest.lib.common.rest_client [req-f52023bc-7520-4a99-892e-034b82b311a5 req-f52023bc-7520-4a99-892e-034b82b311a5 ] Request (FlavorsV2TestJSON:test_list_flavors_filter_by_min_ram): 200 GET http://10.180.1.21/compute/v2.1/flavors/42 0.016s
2025-02-07 12:43:29.407 62679 INFO tempest.lib.common.rest_client [req-c2511ce2-fae7-41ca-b247-b44c453531de req-c2511ce2-fae7-41ca-b247-b44c453531de ] Request (FlavorsV2TestJSON:test_list_flavors_filter_by_min_ram): 200 GET http://10.180.1.21/compute/v2.1/flavors?minRam=193 0.030s
2025-02-07 12:43:29.429 62679 INFO tempest.lib.common.rest_client [req-e968e567-7ac7-4a23-93ff-24a1e9102136 req-e968e567-7ac7-4a23-93ff-24a1e9102136 ] Request (FlavorsV2TestJSON:test_list_flavors_limit_results): 200 GET http://10.180.1.21/compute/v2.1/flavors?limit=1 0.018s
2025-02-07 12:43:29.445 62715 INFO tempest.lib.common.rest_client [req-928573e8-de75-4818-b491-020dc97f5376 req-928573e8-de75-4818-b491-020dc97f5376 ] Request (ServersTestMultiNic:test_verify_duplicate_network_nics): 200 GET http://10.180.1.21/compute/v2.1/servers/fa27d91c-5bae-40a3-a153-ac41f4238532 0.072s
2025-02-07 12:43:29.456 62715 INFO tempest.common.waiters [-] State transition "BUILD/None" ==> "BUILD/networking" after 92 second wait
2025-02-07 12:43:29.464 62679 INFO tempest.lib.common.rest_client [req-91018852-ec67-4200-ac9f-c056d83b1863 req-91018852-ec67-4200-ac9f-c056d83b1863 ] Request (FlavorsV2TestJSON:test_list_flavors_using_marker): 200 GET http://10.180.1.21/compute/v2.1/flavors/42 0.032s
2025-02-07 12:43:29.489 62679 INFO tempest.lib.common.rest_client [req-f1c720fa-406f-447c-87a0-25e2a9daddd4 req-f1c720fa-406f-447c-87a0-25e2a9daddd4 ] Request (FlavorsV2TestJSON:test_list_flavors_using_marker): 200 GET http://10.180.1.21/compute/v2.1/flavors?marker=42 0.023s
2025-02-07 12:43:29.509 62683 INFO tempest.lib.common.rest_client [req-03793efd-7c8f-4606-b050-db7da91ff08c req-03793efd-7c8f-4606-b050-db7da91ff08c ] Request (ListServerFiltersTestJSON:tearDownClass): 200 GET http://10.180.1.21/compute/v2.1/servers/f468937a-de46-49b3-ba64-40403bb6b77f 0.079s
2025-02-07 12:43:29.519 62683 INFO tempest.common.waiters [-] State transition "ACTIVE/deleting" ==> "DELETED/None" after 5 second wait
2025-02-07 12:43:29.520 62687 WARNING tempest.lib.common.ssh [-] Failed to establish authenticated ssh connection to cirros@10.180.180.241 ([Errno None] Unable to connect to port 22 on 10.180.180.241). Number attempts: 6. Retry after 7 seconds.: paramiko.ssh_exception.NoValidConnectionsError: [Errno None] Unable to connect to port 22 on 10.180.180.241
2025-02-07 12:43:29.523 62679 INFO tempest.lib.common.rest_client [req-e05feb5f-58cb-4ac8-a17f-613d84252990 req-e05feb5f-58cb-4ac8-a17f-613d84252990 ] Request (FlavorsV2TestJSON:test_list_flavors_with_detail): 200 GET http://10.180.1.21/compute/v2.1/flavors/detail 0.030s
2025-02-07 12:43:29.551 62679 INFO tempest.lib.common.rest_client [req-788672dc-9562-40ec-a2f0-846e67f24148 req-788672dc-9562-40ec-a2f0-846e67f24148 ] Request (FlavorsV2TestJSON:test_list_flavors_with_detail): 200 GET http://10.180.1.21/compute/v2.1/flavors/42 0.021s
2025-02-07 12:43:29.564 62697 INFO tempest.lib.common.rest_client [req-2c61abd7-f7ed-4a76-9f13-764bf12571c3 req-2c61abd7-f7ed-4a76-9f13-764bf12571c3 ] Request (ServersAdminTestJSON:test_inject_network_info): 200 GET http://10.180.1.21/compute/v2.1/servers/9fdc58aa-dd5a-4fe0-95ff-5ad2d06f0298 0.064s
2025-02-07 12:43:29.684 62679 INFO tempest.lib.common.rest_client [req-fcea2829-b515-44c9-afeb-4344648c9ff0 req-fcea2829-b515-44c9-afeb-4344648c9ff0 ] Request (FlavorsV2TestJSON:tearDownClass): 204 DELETE http://10.180.1.21/identity/v3/users/54d75dcfaf284291a8f020ffa7168acf 0.128s
2025-02-07 12:43:29.684 62679 INFO tempest.lib.common.dynamic_creds [-] Deleting project and security group for project: 80cb7e2ee2d54fb8aee4209c646c9447
2025-02-07 12:43:29.750 62711 INFO tempest.lib.common.rest_client [req-f751c83c-7b64-4edc-aa84-a98485d58d84 req-f751c83c-7b64-4edc-aa84-a98485d58d84 ] Request (ServerShowV247Test:tearDownClass): 200 GET http://10.180.1.21/compute/v2.1/servers/a8ab0e21-de37-42da-b4b6-d9d9d120f61f 0.082s
2025-02-07 12:43:29.760 62679 INFO tempest.lib.common.rest_client [req-c60e2cd9-161f-4def-995a-ef9aa189eb31 req-c60e2cd9-161f-4def-995a-ef9aa189eb31 ] Request (FlavorsV2TestJSON:tearDownClass): 201 POST http://10.180.1.21/identity/v3/auth/tokens 0.076s
2025-02-07 12:43:29.825 62725 INFO tempest.lib.common.rest_client [req-25c2282e-864e-4f2e-97ae-975177cca11f req-25c2282e-864e-4f2e-97ae-975177cca11f ] Request (ValidationResourcesFixture:setUp): 201 POST http://10.180.1.21:9696/networking/v2.0/floatingips 0.924s
2025-02-07 12:43:29.869 62681 INFO tempest.lib.common.rest_client [req-2dbba00d-c32a-46be-a426-241179b7c51f req-2dbba00d-c32a-46be-a426-241179b7c51f ] Request (ServerShowV257Test:test_rebuild_server): 200 GET http://10.180.1.21/compute/v2.1/servers/0b3e9b87-2fa5-4623-b547-8831a1d7932f 0.077s
2025-02-07 12:43:29.888 62729 INFO tempest.lib.common.rest_client [req-ec5d5fc0-b881-41e1-a3e2-403fb8c71a83 req-ec5d5fc0-b881-41e1-a3e2-403fb8c71a83 ] Request (ServerActionsV293TestJSON:test_rebuild_volume_backed_server): 200 GET http://10.180.1.21/compute/v2.1/servers/c29bf6eb-b456-4356-9ef8-d9ba70bc6464 0.160s
2025-02-07 12:43:29.896 62725 INFO tempest.lib.common.rest_client [req-93c7cacf-616b-43ce-bc7b-63a34bfb71bc req-93c7cacf-616b-43ce-bc7b-63a34bfb71bc ] Request (AttachVolumeNegativeTest:test_attach_attached_volume_to_different_server): 201 POST http://10.180.1.21/identity/v3/auth/tokens 0.068s
2025-02-07 12:43:29.897 62725 INFO tempest.lib.common.fixed_network [-] (AttachVolumeNegativeTest:test_attach_attached_volume_to_different_server) Found network {'id': '2f7e2133-4fb3-4a9f-bb2e-4fe0872e76d7', 'name': 'tempest-AttachVolumeNegativeTest-977109863-network', 'tenant_id': 'f777d4695db5433b947d76fd30a7c09b', 'admin_state_up': True, 'mtu': 8950, 'status': 'ACTIVE', 'subnets': [], 'shared': False, 'project_id': 'f777d4695db5433b947d76fd30a7c09b', 'port_security_enabled': True, 'router:external': False, 'provider:network_type': 'vlan', 'provider:physical_network': 'default', 'provider:segmentation_id': 249, 'availability_zone_hints': [], 'availability_zones': [], 'ipv4_address_scope': None, 'ipv6_address_scope': None, 'description': '', 'tags': [], 'created_at': '2025-02-07T12:43:25Z', 'updated_at': '2025-02-07T12:43:25Z', 'revision_number': 1} available for tenant
2025-02-07 12:43:29.957 62731 INFO tempest.lib.common.rest_client [req-81da2fde-eb4d-489c-812b-6ea59f09429c req-81da2fde-eb4d-489c-812b-6ea59f09429c ] Request (ServerDiskConfigTestJSON:test_rebuild_server_with_manual_disk_config): 200 GET http://10.180.1.21/compute/v2.1/servers/758fbe89-1e60-4025-853d-41439705356b 0.077s
2025-02-07 12:43:29.974 62679 INFO tempest.lib.common.rest_client [req-08bc681e-eb93-46d2-ade7-422d435645a7 req-08bc681e-eb93-46d2-ade7-422d435645a7 ] Request (FlavorsV2TestJSON:tearDownClass): 200 GET http://10.180.1.21:9696/networking/v2.0/security-groups?tenant_id=80cb7e2ee2d54fb8aee4209c646c9447&name=default 0.213s
2025-02-07 12:43:30.050 62709 INFO tempest.lib.common.rest_client [req-ccadc768-a7f4-4e95-8d85-45e7290b5f1b req-ccadc768-a7f4-4e95-8d85-45e7290b5f1b ] Request (ListImageFiltersTestJSON:setUpClass): 200 GET http://10.180.1.21/compute/v2.1/servers/996dff46-a8df-411f-8974-260f591f6086 0.250s
2025-02-07 12:43:30.061 62709 INFO tempest.common.waiters [-] State transition "BUILD/spawning" ==> "ACTIVE/None" after 96 second wait
2025-02-07 12:43:30.073 62679 INFO tempest.lib.common.rest_client [req-ea9bcff8-52ec-47ec-b50b-2dab7dba9dfd req-ea9bcff8-52ec-47ec-b50b-2dab7dba9dfd ] Request (FlavorsV2TestJSON:tearDownClass): 204 DELETE http://10.180.1.21:9696/networking/v2.0/security-groups/537ab97e-7382-44ce-ba61-346c01feeeb1 0.098s
2025-02-07 12:43:30.117 62694 INFO tempest.lib.common.rest_client [req-435f13d7-25f5-4bb5-9a86-73afff26bed0 req-435f13d7-25f5-4bb5-9a86-73afff26bed0 ] Request (DeleteServersTestJSON:test_delete_server_while_in_shelved_state): 200 GET http://10.180.1.21/compute/v2.1/servers/9cd85b1f-93a5-43f3-bda3-1518bb774759 0.176s
2025-02-07 12:43:30.149 62679 INFO tempest.lib.common.rest_client [req-d0b34218-0f3c-41e5-ab24-a575169eb8eb req-d0b34218-0f3c-41e5-ab24-a575169eb8eb ] Request (FlavorsV2TestJSON:tearDownClass): 204 DELETE http://10.180.1.21/identity/v3/projects/80cb7e2ee2d54fb8aee4209c646c9447 0.076s
2025-02-07 12:43:30.250 62679 INFO tempest.lib.common.rest_client [req-0913727a-8ae2-4c92-b816-3f9572480ba5 req-0913727a-8ae2-4c92-b816-3f9572480ba5 ] Request (ExtensionsTest:setUpClass): 201 POST http://10.180.1.21/identity/v3/auth/tokens 0.099s
2025-02-07 12:43:30.285 62679 INFO tempest.lib.common.rest_client [req-53ce83c5-a28d-4598-af87-9d8b43cd29cc req-53ce83c5-a28d-4598-af87-9d8b43cd29cc ] Request (ExtensionsTest:setUpClass): 201 POST http://10.180.1.21/identity/v3/auth/tokens 0.032s
2025-02-07 12:43:30.309 62679 INFO tempest.lib.common.rest_client [req-5c534f0b-22cb-4ca4-8da1-51e8e47ac162 req-5c534f0b-22cb-4ca4-8da1-51e8e47ac162 ] Request (ExtensionsTest:setUpClass): 200 GET http://10.180.1.21/identity/v3/domains?name=Default 0.024s
2025-02-07 12:43:30.324 62713 INFO tempest.lib.common.rest_client [req-aad30510-a71f-4707-a8ad-7304dd1800d9 req-aad30510-a71f-4707-a8ad-7304dd1800d9 ] Request (MigrationsAdminTest:test_resize_server_revert_deleted_flavor): 200 GET http://10.180.1.21/compute/v2.1/servers/7a3d03fd-327a-453b-ad3c-12736433379d 0.381s
2025-02-07 12:43:30.360 62679 INFO tempest.lib.common.rest_client [req-a9c41676-e738-486c-94f0-e3848f51d0b1 req-a9c41676-e738-486c-94f0-e3848f51d0b1 ] Request (ExtensionsTest:setUpClass): 201 POST http://10.180.1.21/identity/v3/projects 0.050s
2025-02-07 12:43:30.409 62699 INFO tempest.lib.common.rest_client [req-49c1b5d9-e36b-4000-b2af-dd9a7b288d99 req-49c1b5d9-e36b-4000-b2af-dd9a7b288d99 ] Request (ServersTestJSON:test_create_server_specify_multibyte_character_name): 200 GET http://10.180.1.21/compute/v2.1/servers/d7dd9b27-eeaa-49be-af8f-86b100ff7a69 0.411s
2025-02-07 12:43:30.441 62679 INFO tempest.lib.common.rest_client [req-fc06c7ae-ed6f-4923-a25c-3f4ce33aaf1f req-fc06c7ae-ed6f-4923-a25c-3f4ce33aaf1f ] Request (ExtensionsTest:setUpClass): 201 POST http://10.180.1.21/identity/v3/users 0.080s
2025-02-07 12:43:30.467 62679 INFO tempest.lib.common.rest_client [req-672bbbf8-49ec-432a-9123-9c8e8a4263a9 req-672bbbf8-49ec-432a-9123-9c8e8a4263a9 ] Request (ExtensionsTest:setUpClass): 200 GET http://10.180.1.21/identity/v3/roles 0.025s
2025-02-07 12:43:30.491 62689 INFO tempest.lib.common.rest_client [req-8820b088-7504-4386-9c84-586f5c8cd805 req-8820b088-7504-4386-9c84-586f5c8cd805 ] Request (FloatingIPsAssociationNegativeTestJSON:tearDownClass): 200 GET http://10.180.1.21/compute/v2.1/servers/b3e7bd84-3c18-40c7-95a7-9b259069f066 0.482s
2025-02-07 12:43:30.515 62679 INFO tempest.lib.common.rest_client [req-ca56557d-5af3-442e-8133-eef370c59a37 req-ca56557d-5af3-442e-8133-eef370c59a37 ] Request (ExtensionsTest:setUpClass): 204 PUT http://10.180.1.21/identity/v3/projects/dd22ce1113524a7bb65aa4cf3fbfe3f6/users/6ada3c621aee474b8566ecfdbecd25ff/roles/55e5affa13724ff6aec4ab625f276e72 0.048s
2025-02-07 12:43:30.515 62679 INFO tempest.lib.common.dynamic_creds [-] Dynamic test user 6ada3c621aee474b8566ecfdbecd25ff is created with scope project and roles: ['member']
2025-02-07 12:43:30.515 62679 INFO tempest.lib.common.dynamic_creds [-] Acquired dynamic creds: credentials: Credentials: {'domain_id': 'default', 'domain_name': 'Default', 'username': 'tempest-ExtensionsTest-1309823951-project-member', 'project_domain_id': 'default', 'project_domain_name': 'Default', 'project_id': 'dd22ce1113524a7bb65aa4cf3fbfe3f6', 'project_name': 'tempest-ExtensionsTest-1309823951', 'tenant_id': 'dd22ce1113524a7bb65aa4cf3fbfe3f6', 'tenant_name': 'tempest-ExtensionsTest-1309823951', 'user_domain_id': 'default', 'user_domain_name': 'Default', 'user_id': '6ada3c621aee474b8566ecfdbecd25ff', 'system': None}, Network: None, Subnet: None, Router: None
2025-02-07 12:43:30.516 62679 INFO tempest.lib.common.dynamic_creds [-] Created isolated network resources for: credentials: Credentials: {'domain_id': 'default', 'domain_name': 'Default', 'username': 'tempest-ExtensionsTest-1309823951-project-member', 'project_domain_id': 'default', 'project_domain_name': 'Default', 'project_id': 'dd22ce1113524a7bb65aa4cf3fbfe3f6', 'project_name': 'tempest-ExtensionsTest-1309823951', 'tenant_id': 'dd22ce1113524a7bb65aa4cf3fbfe3f6', 'tenant_name': 'tempest-ExtensionsTest-1309823951', 'user_domain_id': 'default', 'user_domain_name': 'Default', 'user_id': '6ada3c621aee474b8566ecfdbecd25ff', 'system': None}, Network: None, Subnet: None, Router: None
2025-02-07 12:43:30.536 62725 INFO tempest.lib.common.rest_client [req-6fd836e4-d5cb-467d-82dc-b45a6b58d20c req-6fd836e4-d5cb-467d-82dc-b45a6b58d20c ] Request (AttachVolumeNegativeTest:test_attach_attached_volume_to_different_server): 202 POST http://10.180.1.21/compute/v2.1/servers 0.639s
2025-02-07 12:43:30.576 62733 INFO tempest.lib.common.rest_client [req-ce5bfc84-0f53-4faf-8e79-207a615bd26b req-ce5bfc84-0f53-4faf-8e79-207a615bd26b ] Request (ImagesTestJSON:test_create_image_from_suspended_server): 200 GET http://10.180.1.21/compute/v2.1/servers/a6583a62-ee37-42e0-9a51-b0ce30de58c2 0.518s
2025-02-07 12:43:30.621 62679 INFO tempest.lib.common.rest_client [req-0985e028-45eb-4e82-be50-cf0976af6906 req-0985e028-45eb-4e82-be50-cf0976af6906 ] Request (ExtensionsTest:setUpClass): 201 POST http://10.180.1.21/identity/v3/auth/tokens 0.100s
2025-02-07 12:43:30.645 62717 INFO tempest.lib.common.rest_client [req-767bc68f-7ce7-4175-a196-55ae886e1b2b req-767bc68f-7ce7-4175-a196-55ae886e1b2b ] Request (ServersWithSpecificFlavorTestJSON:test_verify_created_server_ephemeral_disk): 200 GET http://10.180.1.21/compute/v2.1/servers/f7197def-541f-4abc-b448-ebe58e2acccc 0.578s
2025-02-07 12:43:30.710 62675 INFO tempest.lib.common.rest_client [req-eff58220-9453-4879-ae55-329176b20505 req-eff58220-9453-4879-ae55-329176b20505 ] Request (ImagesOneServerNegativeTestJSON:_run_cleanups): 200 GET http://10.180.1.21/compute/v2.1/servers/faaa5eff-8814-4951-a6fc-9b2a53891f1c 0.546s
2025-02-07 12:43:30.731 62709 INFO tempest.lib.common.rest_client [req-af399ac4-763a-48f9-aaaa-59fbb6b20113 req-af399ac4-763a-48f9-aaaa-59fbb6b20113 ] Request (ListImageFiltersTestJSON:setUpClass): 200 GET http://10.180.1.21/compute/v2.1/servers/bbbb4f2b-e3a0-4c4e-8e47-7de18b1b8f66 0.669s
2025-02-07 12:43:30.773 62704 INFO tempest.lib.common.rest_client [req-1c1c4152-d1b7-4f04-bde3-071ab70335f3 req-1c1c4152-d1b7-4f04-bde3-071ab70335f3 ] Request (ServersTestFqdnHostnames:tearDownClass): 200 GET http://10.180.1.21/compute/v2.1/servers/3c094195-7f0d-4043-a1e4-8acbf634b14f 0.580s
2025-02-07 12:43:30.801 62705 INFO tempest.lib.common.rest_client [req-e6d5613f-9092-4c2d-8fcc-1f4b1a1520fb req-e6d5613f-9092-4c2d-8fcc-1f4b1a1520fb ] Request (AttachInterfacesV270Test:tearDownClass): 200 GET http://10.180.1.21/compute/v2.1/servers/9523a163-666d-448f-84a6-5278a7171f86 0.550s
2025-02-07 12:43:30.840 62701 INFO tempest.lib.common.rest_client [req-929ab264-f18b-4f4c-bfe9-3fb3d4cdd8d8 req-929ab264-f18b-4f4c-bfe9-3fb3d4cdd8d8 ] Request (ServerShowV254Test:test_rebuild_server): 200 GET http://10.180.1.21/compute/v2.1/servers/f5897ca9-4a38-4583-a15a-dbb0a621ab2e 0.498s
2025-02-07 12:43:30.862 62727 INFO tempest.lib.common.rest_client [req-3dbf367b-6f66-4e0f-83b2-8cfe67ddef2f req-3dbf367b-6f66-4e0f-83b2-8cfe67ddef2f ] Request (SecurityGroupsTestJSON:test_server_security_groups): 200 GET http://10.180.1.21/compute/v2.1/servers/28447a5e-1970-4231-9866-6bd221bcca82 0.474s
2025-02-07 12:43:30.926 62683 INFO tempest.lib.common.rest_client [req-130ea62a-a23d-4650-a1e2-b25a6092e5a7 req-130ea62a-a23d-4650-a1e2-b25a6092e5a7 ] Request (ListServerFiltersTestJSON:tearDownClass): 200 GET http://10.180.1.21/compute/v2.1/servers/f468937a-de46-49b3-ba64-40403bb6b77f 0.405s
2025-02-07 12:43:30.977 62725 INFO tempest.lib.common.rest_client [req-e4b353a2-36cd-4389-97bd-9d567496fd50 req-e4b353a2-36cd-4389-97bd-9d567496fd50 ] Request (AttachVolumeNegativeTest:test_attach_attached_volume_to_different_server): 200 GET http://10.180.1.21/compute/v2.1/servers/53ff526b-6e0b-49bc-beca-4fb4a377389b 0.439s
2025-02-07 12:43:31.022 62715 INFO tempest.lib.common.rest_client [req-ab91dfce-c15c-44d0-aa55-ac5a5b2db044 req-ab91dfce-c15c-44d0-aa55-ac5a5b2db044 ] Request (ServersTestMultiNic:test_verify_duplicate_network_nics): 200 GET http://10.180.1.21/compute/v2.1/servers/fa27d91c-5bae-40a3-a153-ac41f4238532 0.565s
2025-02-07 12:43:31.032 62715 INFO tempest.common.waiters [-] State transition "BUILD/networking" ==> "BUILD/spawning" after 94 second wait
2025-02-07 12:43:31.046 62697 INFO tempest.lib.common.rest_client [req-2d8d4b8d-4c75-4e0f-8a09-eb51f06e1e6c req-2d8d4b8d-4c75-4e0f-8a09-eb51f06e1e6c ] Request (ServersAdminTestJSON:test_inject_network_info): 200 GET http://10.180.1.21/compute/v2.1/servers/9fdc58aa-dd5a-4fe0-95ff-5ad2d06f0298 0.470s
2025-02-07 12:43:31.110 62679 INFO tempest.lib.common.rest_client [req-359fbbec-465f-4dc9-9e47-f869366f4e3b req-359fbbec-465f-4dc9-9e47-f869366f4e3b ] Request (ExtensionsTest:test_get_extension): 200 GET http://10.180.1.21/compute/v2.1/extensions/os-consoles 0.488s
2025-02-07 12:43:31.197 62711 INFO tempest.lib.common.rest_client [req-c08eb439-729e-4e62-bf0c-b2c1049206a0 req-c08eb439-729e-4e62-bf0c-b2c1049206a0 ] Request (ServerShowV247Test:tearDownClass): 200 GET http://10.180.1.21/compute/v2.1/servers/a8ab0e21-de37-42da-b4b6-d9d9d120f61f 0.430s
2025-02-07 12:43:31.254 62681 INFO tempest.lib.common.rest_client [req-f5e3f891-28ee-46ec-a9bf-7c7001a3bb58 req-f5e3f891-28ee-46ec-a9bf-7c7001a3bb58 ] Request (ServerShowV257Test:test_rebuild_server): 200 GET http://10.180.1.21/compute/v2.1/servers/0b3e9b87-2fa5-4623-b547-8831a1d7932f 0.371s
2025-02-07 12:43:31.379 62729 INFO tempest.lib.common.rest_client [req-8932c524-1de6-426a-b0ac-bb3f3be01049 req-8932c524-1de6-426a-b0ac-bb3f3be01049 ] Request (ServerActionsV293TestJSON:test_rebuild_volume_backed_server): 200 GET http://10.180.1.21/compute/v2.1/servers/c29bf6eb-b456-4356-9ef8-d9ba70bc6464 0.473s
2025-02-07 12:43:31.437 62731 INFO tempest.lib.common.rest_client [req-97c91b82-5df5-4bff-9951-11b3f684ef95 req-97c91b82-5df5-4bff-9951-11b3f684ef95 ] Request (ServerDiskConfigTestJSON:test_rebuild_server_with_manual_disk_config): 200 GET http://10.180.1.21/compute/v2.1/servers/758fbe89-1e60-4025-853d-41439705356b 0.469s
2025-02-07 12:43:31.456 62679 INFO tempest.lib.common.rest_client [req-31f57bd1-26bd-4823-a73b-d8d296d00536 req-31f57bd1-26bd-4823-a73b-d8d296d00536 ] Request (ExtensionsTest:test_list_extensions): 200 GET http://10.180.1.21/compute/v2.1/extensions 0.345s
2025-02-07 12:43:31.505 62694 INFO tempest.lib.common.rest_client [req-f00f2575-c234-4037-9c66-d765e0edf25d req-f00f2575-c234-4037-9c66-d765e0edf25d ] Request (DeleteServersTestJSON:test_delete_server_while_in_shelved_state): 200 GET http://10.180.1.21/compute/v2.1/servers/9cd85b1f-93a5-43f3-bda3-1518bb774759 0.378s
2025-02-07 12:43:31.512 62709 INFO tempest.lib.common.rest_client [req-b781bbf2-bb34-4c80-858b-b2cc7aa2330c req-b781bbf2-bb34-4c80-858b-b2cc7aa2330c ] Request (ListImageFiltersTestJSON:setUpClass): 202 POST http://10.180.1.21/compute/v2.1/servers/bbbb4f2b-e3a0-4c4e-8e47-7de18b1b8f66/action 0.773s
2025-02-07 12:43:31.563 62699 INFO tempest.lib.common.rest_client [req-2d7640ee-30c2-44e9-aa42-e78ac7fd8610 req-2d7640ee-30c2-44e9-aa42-e78ac7fd8610 ] Request (ServersTestJSON:test_create_server_specify_multibyte_character_name): 200 GET http://10.180.1.21/compute/v2.1/servers/d7dd9b27-eeaa-49be-af8f-86b100ff7a69 0.144s
2025-02-07 12:43:31.574 62679 INFO tempest.lib.common.rest_client [req-1fdda4dc-1a54-4d4d-ab5d-30f502710609 req-1fdda4dc-1a54-4d4d-ab5d-30f502710609 ] Request (ExtensionsTest:tearDownClass): 204 DELETE http://10.180.1.21/identity/v3/users/6ada3c621aee474b8566ecfdbecd25ff 0.103s
2025-02-07 12:43:31.575 62679 INFO tempest.lib.common.dynamic_creds [-] Deleting project and security group for project: dd22ce1113524a7bb65aa4cf3fbfe3f6
2025-02-07 12:43:31.624 62689 INFO tempest.lib.common.rest_client [req-7871619f-f2f9-45cb-a002-6df8624e0ed3 req-7871619f-f2f9-45cb-a002-6df8624e0ed3 ] Request (FloatingIPsAssociationNegativeTestJSON:tearDownClass): 200 GET http://10.180.1.21/compute/v2.1/servers/b3e7bd84-3c18-40c7-95a7-9b259069f066 0.125s
2025-02-07 12:43:31.635 62679 INFO tempest.lib.common.rest_client [req-2a0e1bac-8a20-4df6-b410-7e8d32cffb53 req-2a0e1bac-8a20-4df6-b410-7e8d32cffb53 ] Request (ExtensionsTest:tearDownClass): 201 POST http://10.180.1.21/identity/v3/auth/tokens 0.060s
2025-02-07 12:43:31.670 62709 INFO tempest.lib.common.rest_client [req-623c7056-5e99-4488-a931-1ad8f8b8afdc req-623c7056-5e99-4488-a931-1ad8f8b8afdc ] Request (ListImageFiltersTestJSON:setUpClass): 200 GET http://10.180.1.21/compute/v2.1/images/21798a57-f2e8-4b8a-be9b-737fea7ba422 0.157s
2025-02-07 12:43:31.674 62713 INFO tempest.lib.common.rest_client [req-f2118dbe-c8b6-4394-bdb2-5199bc747948 req-f2118dbe-c8b6-4394-bdb2-5199bc747948 ] Request (MigrationsAdminTest:test_resize_server_revert_deleted_flavor): 200 GET http://10.180.1.21/compute/v2.1/servers/7a3d03fd-327a-453b-ad3c-12736433379d 0.342s
2025-02-07 12:43:31.735 62717 INFO tempest.lib.common.rest_client [req-a4cd753a-2609-490e-849f-836e2c615dc2 req-a4cd753a-2609-490e-849f-836e2c615dc2 ] Request (ServersWithSpecificFlavorTestJSON:test_verify_created_server_ephemeral_disk): 200 GET http://10.180.1.21/compute/v2.1/servers/f7197def-541f-4abc-b448-ebe58e2acccc 0.078s
2025-02-07 12:43:31.741 62733 INFO tempest.lib.common.rest_client [req-0e0a3871-24e6-4dd4-b329-504ebae483b1 req-0e0a3871-24e6-4dd4-b329-504ebae483b1 ] Request (ImagesTestJSON:test_create_image_from_suspended_server): 200 GET http://10.180.1.21/compute/v2.1/servers/a6583a62-ee37-42e0-9a51-b0ce30de58c2 0.156s
2025-02-07 12:43:31.746 62717 INFO tempest.common.waiters [-] State transition "BUILD/scheduling" ==> "BUILD/None" after 30 second wait
2025-02-07 12:43:31.787 62675 INFO tempest.lib.common.rest_client [req-ed0a6971-6bd8-41b4-879e-b93d065b9da1 req-ed0a6971-6bd8-41b4-879e-b93d065b9da1 ] Request (ImagesOneServerNegativeTestJSON:_run_cleanups): 200 GET http://10.180.1.21/compute/v2.1/servers/faaa5eff-8814-4951-a6fc-9b2a53891f1c 0.065s
2025-02-07 12:43:31.815 62679 INFO tempest.lib.common.rest_client [req-7da46060-0bd3-4a0c-a044-7f38d18be7c2 req-7da46060-0bd3-4a0c-a044-7f38d18be7c2 ] Request (ExtensionsTest:tearDownClass): 200 GET http://10.180.1.21:9696/networking/v2.0/security-groups?tenant_id=dd22ce1113524a7bb65aa4cf3fbfe3f6&name=default 0.179s
2025-02-07 12:43:31.844 62704 INFO tempest.lib.common.rest_client [req-e765462d-2716-4d47-92f1-fff5845489e9 req-e765462d-2716-4d47-92f1-fff5845489e9 ] Request (ServersTestFqdnHostnames:tearDownClass): 200 GET http://10.180.1.21/compute/v2.1/servers/3c094195-7f0d-4043-a1e4-8acbf634b14f 0.063s
2025-02-07 12:43:31.851 62704 INFO tempest.common.waiters [-] State transition "ACTIVE/deleting" ==> "DELETED/None" after 5 second wait
2025-02-07 12:43:31.875 62705 INFO tempest.lib.common.rest_client [req-6096dbc9-5e36-42a2-93df-667089d23e96 req-6096dbc9-5e36-42a2-93df-667089d23e96 ] Request (AttachInterfacesV270Test:tearDownClass): 200 GET http://10.180.1.21/compute/v2.1/servers/9523a163-666d-448f-84a6-5278a7171f86 0.064s
2025-02-07 12:43:31.899 62679 INFO tempest.lib.common.rest_client [req-b8c79b0b-eacc-4b46-8f12-823591e64e10 req-b8c79b0b-eacc-4b46-8f12-823591e64e10 ] Request (ExtensionsTest:tearDownClass): 204 DELETE http://10.180.1.21:9696/networking/v2.0/security-groups/c4cd2380-3588-479b-b1ec-bceb959f343c 0.083s
2025-02-07 12:43:31.903 62701 INFO tempest.lib.common.rest_client [req-11940438-b2cd-435f-bb5b-bc4f282101c8 req-11940438-b2cd-435f-bb5b-bc4f282101c8 ] Request (ServerShowV254Test:test_rebuild_server): 200 GET http://10.180.1.21/compute/v2.1/servers/f5897ca9-4a38-4583-a15a-dbb0a621ab2e 0.054s
2025-02-07 12:43:31.926 62727 INFO tempest.lib.common.rest_client [req-0863d032-1e02-455e-bcfd-71a35d9a3efc req-0863d032-1e02-455e-bcfd-71a35d9a3efc ] Request (SecurityGroupsTestJSON:test_server_security_groups): 200 GET http://10.180.1.21/compute/v2.1/servers/28447a5e-1970-4231-9866-6bd221bcca82 0.055s
2025-02-07 12:43:31.968 62679 INFO tempest.lib.common.rest_client [req-fc894d1b-e043-4100-8e9b-dbbfd625775b req-fc894d1b-e043-4100-8e9b-dbbfd625775b ] Request (ExtensionsTest:tearDownClass): 204 DELETE http://10.180.1.21/identity/v3/projects/dd22ce1113524a7bb65aa4cf3fbfe3f6 0.069s
2025-02-07 12:43:31.991 62683 INFO tempest.lib.common.rest_client [req-59218ff4-b346-4dc1-a0f2-ec354e7c8a7a req-59218ff4-b346-4dc1-a0f2-ec354e7c8a7a ] Request (ListServerFiltersTestJSON:tearDownClass): 200 GET http://10.180.1.21/compute/v2.1/servers/f468937a-de46-49b3-ba64-40403bb6b77f 0.057s
2025-02-07 12:43:32.041 62725 INFO tempest.lib.common.rest_client [req-65128273-fcef-4fc1-9842-b5490ec2be11 req-65128273-fcef-4fc1-9842-b5490ec2be11 ] Request (AttachVolumeNegativeTest:test_attach_attached_volume_to_different_server): 200 GET http://10.180.1.21/compute/v2.1/servers/53ff526b-6e0b-49bc-beca-4fb4a377389b 0.053s
2025-02-07 12:43:32.115 62697 INFO tempest.lib.common.rest_client [req-92dd3087-b7f1-4889-93af-acb2d850fc89 req-92dd3087-b7f1-4889-93af-acb2d850fc89 ] Request (ServersAdminTestJSON:test_inject_network_info): 200 GET http://10.180.1.21/compute/v2.1/servers/9fdc58aa-dd5a-4fe0-95ff-5ad2d06f0298 0.056s
2025-02-07 12:43:32.163 62715 INFO tempest.lib.common.rest_client [req-c3866c95-8ccc-459a-bd43-c93a43f82122 req-c3866c95-8ccc-459a-bd43-c93a43f82122 ] Request (ServersTestMultiNic:test_verify_duplicate_network_nics): 200 GET http://10.180.1.21/compute/v2.1/servers/fa27d91c-5bae-40a3-a153-ac41f4238532 0.129s
2025-02-07 12:43:32.283 62711 INFO tempest.lib.common.rest_client [req-a0a15a57-f710-495e-bcea-d512f238363b req-a0a15a57-f710-495e-bcea-d512f238363b ] Request (ServerShowV247Test:tearDownClass): 200 GET http://10.180.1.21/compute/v2.1/servers/a8ab0e21-de37-42da-b4b6-d9d9d120f61f 0.072s
2025-02-07 12:43:32.538 62681 INFO tempest.lib.common.rest_client [req-c6723ca3-2b1d-48f4-a2b0-da13ec09ca2c req-c6723ca3-2b1d-48f4-a2b0-da13ec09ca2c ] Request (ServerShowV257Test:test_rebuild_server): 200 GET http://10.180.1.21/compute/v2.1/servers/0b3e9b87-2fa5-4623-b547-8831a1d7932f 0.272s
2025-02-07 12:43:32.660 62729 INFO tempest.lib.common.rest_client [req-55e63f2f-9c67-450b-8182-a6a290bbd846 req-55e63f2f-9c67-450b-8182-a6a290bbd846 ] Request (ServerActionsV293TestJSON:test_rebuild_volume_backed_server): 200 GET http://10.180.1.21/compute/v2.1/servers/c29bf6eb-b456-4356-9ef8-d9ba70bc6464 0.269s
2025-02-07 12:43:32.725 62694 INFO tempest.lib.common.rest_client [req-7c3fe5d8-bb89-4e72-9c92-a00af0308e6f req-7c3fe5d8-bb89-4e72-9c92-a00af0308e6f ] Request (DeleteServersTestJSON:test_delete_server_while_in_shelved_state): 200 GET http://10.180.1.21/compute/v2.1/servers/9cd85b1f-93a5-43f3-bda3-1518bb774759 0.212s
2025-02-07 12:43:32.770 62731 INFO tempest.lib.common.rest_client [req-6866419d-b392-4ebd-ab5e-0e2cfe1dcb1a req-6866419d-b392-4ebd-ab5e-0e2cfe1dcb1a ] Request (ServerDiskConfigTestJSON:test_rebuild_server_with_manual_disk_config): 200 GET http://10.180.1.21/compute/v2.1/servers/758fbe89-1e60-4025-853d-41439705356b 0.325s
2025-02-07 12:43:32.778 62731 INFO tempest.common.waiters [-] State transition "BUILD/None" ==> "BUILD/block_device_mapping" after 92 second wait
2025-02-07 12:43:32.779 62699 INFO tempest.lib.common.rest_client [req-48a229e1-d6c0-4ebe-b2d5-ce4ec8a584a9 req-48a229e1-d6c0-4ebe-b2d5-ce4ec8a584a9 ] Request (ServersTestJSON:test_create_server_specify_multibyte_character_name): 200 GET http://10.180.1.21/compute/v2.1/servers/d7dd9b27-eeaa-49be-af8f-86b100ff7a69 0.206s
2025-02-07 12:43:32.835 62709 INFO tempest.lib.common.rest_client [req-3a841284-ccc1-4042-98d2-014e7a26163b req-3a841284-ccc1-4042-98d2-014e7a26163b ] Request (ListImageFiltersTestJSON:setUpClass): 200 GET http://10.180.1.21/compute/v2.1/images/21798a57-f2e8-4b8a-be9b-737fea7ba422 0.160s
2025-02-07 12:43:32.842 62689 INFO tempest.lib.common.rest_client [req-ba545619-2cd9-4561-bbd1-67a5e7b70578 req-ba545619-2cd9-4561-bbd1-67a5e7b70578 ] Request (FloatingIPsAssociationNegativeTestJSON:tearDownClass): 200 GET http://10.180.1.21/compute/v2.1/servers/b3e7bd84-3c18-40c7-95a7-9b259069f066 0.210s
2025-02-07 12:43:32.898 62717 INFO tempest.lib.common.rest_client [req-ca75a0f5-aa16-4c13-830f-5238ea8efc04 req-ca75a0f5-aa16-4c13-830f-5238ea8efc04 ] Request (ServersWithSpecificFlavorTestJSON:test_verify_created_server_ephemeral_disk): 200 GET http://10.180.1.21/compute/v2.1/servers/f7197def-541f-4abc-b448-ebe58e2acccc 0.149s
2025-02-07 12:43:32.970 62733 INFO tempest.lib.common.rest_client [req-e64e116f-c1b4-4381-b09a-ed81d19fa434 req-e64e116f-c1b4-4381-b09a-ed81d19fa434 ] Request (ImagesTestJSON:test_create_image_from_suspended_server): 200 GET http://10.180.1.21/compute/v2.1/servers/a6583a62-ee37-42e0-9a51-b0ce30de58c2 0.219s
2025-02-07 12:43:32.996 62713 INFO tempest.lib.common.rest_client [req-1027c7e8-cb44-4f09-a886-161573fb4b4e req-1027c7e8-cb44-4f09-a886-161573fb4b4e ] Request (MigrationsAdminTest:test_resize_server_revert_deleted_flavor): 200 GET http://10.180.1.21/compute/v2.1/servers/7a3d03fd-327a-453b-ad3c-12736433379d 0.310s
2025-02-07 12:43:33.029 62675 INFO tempest.lib.common.rest_client [req-e0fb86c3-8586-49e5-a11e-3d674d441bc8 req-e0fb86c3-8586-49e5-a11e-3d674d441bc8 ] Request (ImagesOneServerNegativeTestJSON:_run_cleanups): 200 GET http://10.180.1.21/compute/v2.1/servers/faaa5eff-8814-4951-a6fc-9b2a53891f1c 0.234s
2025-02-07 12:43:33.110 62705 INFO tempest.lib.common.rest_client [req-8ea8318d-41e5-484d-afb4-5f35531833bf req-8ea8318d-41e5-484d-afb4-5f35531833bf ] Request (AttachInterfacesV270Test:tearDownClass): 200 GET http://10.180.1.21/compute/v2.1/servers/9523a163-666d-448f-84a6-5278a7171f86 0.225s
2025-02-07 12:43:33.114 62704 INFO tempest.lib.common.rest_client [req-b960498c-9486-436d-b55d-90f21e3b4ece req-b960498c-9486-436d-b55d-90f21e3b4ece ] Request (ServersTestFqdnHostnames:tearDownClass): 200 GET http://10.180.1.21/compute/v2.1/servers/3c094195-7f0d-4043-a1e4-8acbf634b14f 0.263s
2025-02-07 12:43:33.172 62701 INFO tempest.lib.common.rest_client [req-49e10a2a-9e23-4666-9115-023740a00026 req-49e10a2a-9e23-4666-9115-023740a00026 ] Request (ServerShowV254Test:test_rebuild_server): 200 GET http://10.180.1.21/compute/v2.1/servers/f5897ca9-4a38-4583-a15a-dbb0a621ab2e 0.260s
2025-02-07 12:43:33.173 62727 INFO tempest.lib.common.rest_client [req-20436246-b719-4484-9552-c1df0068f5e5 req-20436246-b719-4484-9552-c1df0068f5e5 ] Request (SecurityGroupsTestJSON:test_server_security_groups): 200 GET http://10.180.1.21/compute/v2.1/servers/28447a5e-1970-4231-9866-6bd221bcca82 0.240s
2025-02-07 12:43:33.234 62725 INFO tempest.lib.common.rest_client [req-f101a524-9110-4d0b-8c22-b5ee6745991a req-f101a524-9110-4d0b-8c22-b5ee6745991a ] Request (AttachVolumeNegativeTest:test_attach_attached_volume_to_different_server): 200 GET http://10.180.1.21/compute/v2.1/servers/53ff526b-6e0b-49bc-beca-4fb4a377389b 0.180s
2025-02-07 12:43:33.238 62683 INFO tempest.lib.common.rest_client [req-3aa301c5-c539-43ca-acb0-51103a26ffa8 req-3aa301c5-c539-43ca-acb0-51103a26ffa8 ] Request (ListServerFiltersTestJSON:tearDownClass): 200 GET http://10.180.1.21/compute/v2.1/servers/f468937a-de46-49b3-ba64-40403bb6b77f 0.238s
2025-02-07 12:43:33.281 62697 INFO tempest.lib.common.rest_client [req-fd2b0ee0-cd31-4ea8-8c86-c097f2958a6e req-fd2b0ee0-cd31-4ea8-8c86-c097f2958a6e ] Request (ServersAdminTestJSON:test_inject_network_info): 200 GET http://10.180.1.21/compute/v2.1/servers/9fdc58aa-dd5a-4fe0-95ff-5ad2d06f0298 0.153s
2025-02-07 12:43:33.320 62695 WARNING tempest.lib.common.ssh [-] Failed to establish authenticated ssh connection to cirros@10.180.180.164 ([Errno None] Unable to connect to port 22 on 10.180.180.164). Number attempts: 10. Retry after 11 seconds.: paramiko.ssh_exception.NoValidConnectionsError: [Errno None] Unable to connect to port 22 on 10.180.180.164
2025-02-07 12:43:33.347 62715 INFO tempest.lib.common.rest_client [req-9bc0d26a-0860-4ebd-9be4-a84c785539c5 req-9bc0d26a-0860-4ebd-9be4-a84c785539c5 ] Request (ServersTestMultiNic:test_verify_duplicate_network_nics): 200 GET http://10.180.1.21/compute/v2.1/servers/fa27d91c-5bae-40a3-a153-ac41f4238532 0.173s
2025-02-07 12:43:33.354 62711 INFO tempest.lib.common.rest_client [req-054787b2-491b-4352-a5fc-6a94efedb0a4 req-054787b2-491b-4352-a5fc-6a94efedb0a4 ] Request (ServerShowV247Test:tearDownClass): 200 GET http://10.180.1.21/compute/v2.1/servers/a8ab0e21-de37-42da-b4b6-d9d9d120f61f 0.059s
2025-02-07 12:43:33.465 62721 INFO paramiko.transport [-] Connected (version 2.0, client dropbear_2020.81)
2025-02-07 12:43:33.533 62707 WARNING tempest.lib.common.ssh [-] Failed to establish authenticated ssh connection to cirros@10.180.180.212 ([Errno None] Unable to connect to port 22 on 10.180.180.212). Number attempts: 4. Retry after 5 seconds.: paramiko.ssh_exception.NoValidConnectionsError: [Errno None] Unable to connect to port 22 on 10.180.180.212
2025-02-07 12:43:33.574 62721 INFO paramiko.transport [-] Authentication (publickey) successful!
2025-02-07 12:43:33.574 62721 INFO tempest.lib.common.ssh [-] ssh connection to cirros@10.180.180.150 successfully created
2025-02-07 12:43:33.618 62681 INFO tempest.lib.common.rest_client [req-1a33344a-92cd-4ba6-817b-5b1c32beea05 req-1a33344a-92cd-4ba6-817b-5b1c32beea05 ] Request (ServerShowV257Test:test_rebuild_server): 200 GET http://10.180.1.21/compute/v2.1/servers/0b3e9b87-2fa5-4623-b547-8831a1d7932f 0.068s
2025-02-07 12:43:33.708 62721 INFO tempest.lib.common.rest_client [req-212da879-11ca-41f2-9977-8679c1d202a7 req-212da879-11ca-41f2-9977-8679c1d202a7 ] Request (AttachInterfacesUnderV243Test:test_add_remove_fixed_ip): 200 GET http://10.180.1.21/compute/v2.1/servers/0ccb3004-b612-45c3-b655-609eb2c4b16c/os-interface 0.133s
2025-02-07 12:43:33.802 62721 INFO tempest.lib.common.rest_client [req-5cbf8c8f-5a07-4f64-b784-dab16f033002 req-5cbf8c8f-5a07-4f64-b784-dab16f033002 ] Request (AttachInterfacesUnderV243Test:test_add_remove_fixed_ip): 200 GET http://10.180.1.21/compute/v2.1/servers/0ccb3004-b612-45c3-b655-609eb2c4b16c/os-interface/eca0ac37-dd12-424d-a6e2-ec89820e5188 0.092s
2025-02-07 12:43:33.877 62694 INFO tempest.lib.common.rest_client [req-28648af5-e87e-40d4-a08e-a54fd6cbdaca req-28648af5-e87e-40d4-a08e-a54fd6cbdaca ] Request (DeleteServersTestJSON:test_delete_server_while_in_shelved_state): 200 GET http://10.180.1.21/compute/v2.1/servers/9cd85b1f-93a5-43f3-bda3-1518bb774759 0.140s
2025-02-07 12:43:33.920 62729 INFO tempest.lib.common.rest_client [req-0872254b-3a04-4a6f-8a87-76ed31dfdb20 req-0872254b-3a04-4a6f-8a87-76ed31dfdb20 ] Request (ServerActionsV293TestJSON:test_rebuild_volume_backed_server): 200 GET http://10.180.1.21/compute/v2.1/servers/c29bf6eb-b456-4356-9ef8-d9ba70bc6464 0.245s
2025-02-07 12:43:33.965 62699 INFO tempest.lib.common.rest_client [req-1afbf072-ff61-4a8e-bd4e-3d9d80d88821 req-1afbf072-ff61-4a8e-bd4e-3d9d80d88821 ] Request (ServersTestJSON:test_create_server_specify_multibyte_character_name): 200 GET http://10.180.1.21/compute/v2.1/servers/d7dd9b27-eeaa-49be-af8f-86b100ff7a69 0.176s
2025-02-07 12:43:33.994 62721 INFO tempest.lib.common.rest_client [req-3e0eba08-aa1b-42f0-a8eb-e85aa3c2e331 req-3e0eba08-aa1b-42f0-a8eb-e85aa3c2e331 ] Request (AttachInterfacesUnderV243Test:test_add_remove_fixed_ip): 200 GET http://10.180.1.21/compute/v2.1/servers/0ccb3004-b612-45c3-b655-609eb2c4b16c/ips 0.190s
2025-02-07 12:43:34.015 62731 INFO tempest.lib.common.rest_client [req-b512d188-273e-43ac-a30d-bd7874172e7d req-b512d188-273e-43ac-a30d-bd7874172e7d ] Request (ServerDiskConfigTestJSON:test_rebuild_server_with_manual_disk_config): 200 GET http://10.180.1.21/compute/v2.1/servers/758fbe89-1e60-4025-853d-41439705356b 0.234s
2025-02-07 12:43:34.022 62731 INFO tempest.common.waiters [-] State transition "BUILD/block_device_mapping" ==> "BUILD/spawning" after 94 second wait
2025-02-07 12:43:34.036 62709 INFO tempest.lib.common.rest_client [req-72e1b6b9-0352-4439-8013-098273a20de5 req-72e1b6b9-0352-4439-8013-098273a20de5 ] Request (ListImageFiltersTestJSON:setUpClass): 200 GET http://10.180.1.21/compute/v2.1/images/21798a57-f2e8-4b8a-be9b-737fea7ba422 0.194s
2025-02-07 12:43:34.088 62717 INFO tempest.lib.common.rest_client [req-44db4b4d-f870-45a2-995b-e6eda77c8287 req-44db4b4d-f870-45a2-995b-e6eda77c8287 ] Request (ServersWithSpecificFlavorTestJSON:test_verify_created_server_ephemeral_disk): 200 GET http://10.180.1.21/compute/v2.1/servers/f7197def-541f-4abc-b448-ebe58e2acccc 0.177s
2025-02-07 12:43:34.094 62689 INFO tempest.lib.common.rest_client [req-0cdd51a1-2ca9-4edd-a50c-7930b40b480e req-0cdd51a1-2ca9-4edd-a50c-7930b40b480e ] Request (FloatingIPsAssociationNegativeTestJSON:tearDownClass): 200 GET http://10.180.1.21/compute/v2.1/servers/b3e7bd84-3c18-40c7-95a7-9b259069f066 0.243s
2025-02-07 12:43:34.123 62721 INFO tempest.lib.common.rest_client [req-69374e01-009b-4b0d-bf10-5e844719cc69 req-69374e01-009b-4b0d-bf10-5e844719cc69 ] Request (AttachInterfacesUnderV243Test:test_add_remove_fixed_ip): 202 POST http://10.180.1.21/compute/v2.1/servers/0ccb3004-b612-45c3-b655-609eb2c4b16c/action 0.126s
2025-02-07 12:43:34.147 62733 INFO tempest.lib.common.rest_client [req-14faea95-8f49-442e-ace8-fc93802f4247 req-14faea95-8f49-442e-ace8-fc93802f4247 ] Request (ImagesTestJSON:test_create_image_from_suspended_server): 200 GET http://10.180.1.21/compute/v2.1/servers/a6583a62-ee37-42e0-9a51-b0ce30de58c2 0.168s
2025-02-07 12:43:34.204 62675 INFO tempest.lib.common.rest_client [req-f7eaba2a-be6b-4203-8ee6-437f4d364b25 req-f7eaba2a-be6b-4203-8ee6-437f4d364b25 ] Request (ImagesOneServerNegativeTestJSON:_run_cleanups): 200 GET http://10.180.1.21/compute/v2.1/servers/faaa5eff-8814-4951-a6fc-9b2a53891f1c 0.159s
