2025-02-07 12:42:42.004 62694 INFO tempest.lib.common.rest_client [req-5907e2d5-1580-41fd-84d7-ce9093cb1471 req-5907e2d5-1580-41fd-84d7-ce9093cb1471 ] Request (DeleteServersTestJSON:test_delete_server_while_in_attached_volume): 200 GET http://10.180.1.21/volume/v3/volumes/771f910a-9851-486b-ad10-072a50521d13 0.034s
2025-02-07 12:42:42.014 62694 INFO tempest.common.waiters [-] volume 771f910a-9851-486b-ad10-072a50521d13 reached available after waiting for 0.013985 seconds
2025-02-07 12:42:42.052 62694 INFO tempest.lib.common.rest_client [req-2673025b-430a-4074-9c58-fe48372d6ded req-2673025b-430a-4074-9c58-fe48372d6ded ] Request (DeleteServersTestJSON:_run_cleanups): 200 GET http://10.180.1.21/volume/v3/volumes/771f910a-9851-486b-ad10-072a50521d13 0.036s
2025-02-07 12:42:42.059 62713 INFO tempest.lib.common.rest_client [req-72f5c30e-eec3-43f9-8cb0-a1ab2186618b req-72f5c30e-eec3-43f9-8cb0-a1ab2186618b ] Request (MigrationsAdminTest:test_resize_server_revert_deleted_flavor): 200 GET http://10.180.1.21/compute/v2.1/servers/7a3d03fd-327a-453b-ad3c-12736433379d 0.069s
2025-02-07 12:42:42.125 62685 INFO tempest.lib.common.rest_client [req-11e3b0a4-66a7-42c1-86d9-52c030de0957 req-11e3b0a4-66a7-42c1-86d9-52c030de0957 ] Request (TenantUsagesTestJSON:setUpClass): 200 GET http://10.180.1.21/compute/v2.1/servers/5b4524e2-ff60-4ae5-9658-7fe7cad2b878 0.128s
2025-02-07 12:42:42.125 62719 INFO tempest.lib.common.rest_client [req-207eee73-dcb7-4ba5-8729-ab3e64c5d984 req-207eee73-dcb7-4ba5-8729-ab3e64c5d984 ] Request (ServersNegativeTestMultiTenantJSON:tearDownClass): 200 GET http://10.180.1.21/compute/v2.1/servers/c83ae6b9-a239-40b5-a493-529b1687a573 0.067s
2025-02-07 12:42:42.155 62694 INFO tempest.lib.common.rest_client [req-0697fc44-db44-420e-ad54-6309332db3ed req-0697fc44-db44-420e-ad54-6309332db3ed ] Request (DeleteServersTestJSON:_run_cleanups): 404 GET http://10.180.1.21/compute/v2.1/servers/bc2376dd-856e-4797-bd2a-1db5c2be795d/os-volume_attachments 0.097s
2025-02-07 12:42:42.181 62694 INFO tempest.lib.common.rest_client [req-620acfca-0e97-4cf8-bf25-9b8ae117ec31 req-620acfca-0e97-4cf8-bf25-9b8ae117ec31 ] Request (DeleteServersTestJSON:_run_cleanups): 200 GET http://10.180.1.21/volume/v3/volumes/771f910a-9851-486b-ad10-072a50521d13 0.025s
2025-02-07 12:42:42.188 62701 INFO tempest.lib.common.rest_client [req-1a2effb5-4f33-4485-8f00-9b510f81c459 req-1a2effb5-4f33-4485-8f00-9b510f81c459 ] Request (ServerDiagnosticsV248Test:tearDownClass): 200 GET http://10.180.1.21/compute/v2.1/servers/791b8fc4-81e2-4a69-a358-f56a421e4680 0.119s
2025-02-07 12:42:42.189 62694 INFO tempest.common.waiters [-] volume 771f910a-9851-486b-ad10-072a50521d13 reached available after waiting for 0.189191 seconds
2025-02-07 12:42:42.208 62683 INFO tempest.lib.common.rest_client [req-63349ec8-190a-4bc0-89fb-6174f69f1a8a req-63349ec8-190a-4bc0-89fb-6174f69f1a8a ] Request (ListServerFiltersTestJSON:setUpClass): 200 GET http://10.180.1.21/compute/v2.1/servers/f468937a-de46-49b3-ba64-40403bb6b77f 0.087s
2025-02-07 12:42:42.259 62725 INFO tempest.lib.common.rest_client [req-9dc83e55-716d-46db-89a5-db66df0046de req-9dc83e55-716d-46db-89a5-db66df0046de ] Request (ServersAdminNegativeTestJSON:tearDownClass): 200 GET http://10.180.1.21/compute/v2.1/servers/742baadd-a2ec-452d-8db1-313c8d28fe42 0.134s
2025-02-07 12:42:42.270 62705 INFO tempest.lib.common.rest_client [req-07b225b3-7d20-421b-aa8f-1079e3d93987 req-07b225b3-7d20-421b-aa8f-1079e3d93987 ] Request (AttachInterfacesV270Test:test_create_get_list_interfaces): 200 GET http://10.180.1.21/compute/v2.1/servers/9523a163-666d-448f-84a6-5278a7171f86 0.098s
2025-02-07 12:42:42.280 62694 INFO tempest.lib.common.rest_client [req-dcfb583d-6afa-441d-9d94-1f1efa294641 req-dcfb583d-6afa-441d-9d94-1f1efa294641 ] Request (DeleteServersTestJSON:test_delete_server_while_in_building_state): 201 POST http://10.180.1.21/identity/v3/auth/tokens 0.083s
2025-02-07 12:42:42.280 62694 INFO tempest.lib.common.fixed_network [-] (DeleteServersTestJSON:test_delete_server_while_in_building_state) Found network {'id': 'f9c567b3-403a-4849-9262-a3e67f5e22e0', 'name': 'tempest-DeleteServersTestJSON-2067735324-network', 'tenant_id': 'ce7d37901d844950adf602218b205ea8', 'admin_state_up': True, 'mtu': 8950, 'status': 'ACTIVE', 'subnets': [], 'shared': False, 'project_id': 'ce7d37901d844950adf602218b205ea8', 'port_security_enabled': True, 'router:external': False, 'provider:network_type': 'vlan', 'provider:physical_network': 'default', 'provider:segmentation_id': 804, 'availability_zone_hints': [], 'availability_zones': [], 'ipv4_address_scope': None, 'ipv6_address_scope': None, 'description': '', 'tags': [], 'created_at': '2025-02-07T12:40:22Z', 'updated_at': '2025-02-07T12:40:22Z', 'revision_number': 1} available for tenant
2025-02-07 12:42:42.320 62731 INFO tempest.lib.common.rest_client [req-ae7fc8ba-0286-4d38-8a0a-fbf99fbcc3c3 req-ae7fc8ba-0286-4d38-8a0a-fbf99fbcc3c3 ] Request (ServerDiskConfigTestJSON:test_rebuild_server_with_manual_disk_config): 200 GET http://10.180.1.21/compute/v2.1/servers/758fbe89-1e60-4025-853d-41439705356b 0.095s
2025-02-07 12:42:42.323 62681 INFO tempest.lib.common.rest_client [req-a415c2fd-ebc6-4f30-9bde-3689f86849de req-a415c2fd-ebc6-4f30-9bde-3689f86849de ] Request (InstanceActionsV221TestJSON:test_get_list_deleted_instance_actions): 200 GET http://10.180.1.21/compute/v2.1/servers/7e467b83-2067-4ec7-a641-c417851bb0e8 0.137s
2025-02-07 12:42:42.381 62733 INFO tempest.lib.common.rest_client [req-f7ab757f-1209-4521-bbee-bf45611c256d req-f7ab757f-1209-4521-bbee-bf45611c256d ] Request (ImagesTestJSON:test_create_image_from_suspended_server): 200 GET http://10.180.1.21/compute/v2.1/servers/a6583a62-ee37-42e0-9a51-b0ce30de58c2 0.104s
2025-02-07 12:42:42.436 62687 INFO tempest.lib.common.rest_client [req-479ed896-b1fa-48f3-a935-ab3af70aaea5 req-479ed896-b1fa-48f3-a935-ab3af70aaea5 ] Request (ServersTestBootFromVolume:setUpClass): 200 GET http://10.180.1.21/compute/v2.1/servers/009129d2-dc03-4de0-ac09-9d24894e5e67 0.108s
2025-02-07 12:42:42.504 62699 INFO tempest.lib.common.rest_client [req-c3a72603-4e81-4f0a-a94b-a92a8fc29f85 req-c3a72603-4e81-4f0a-a94b-a92a8fc29f85 ] Request (ImagesOneServerTestJSON:tearDownClass): 200 GET http://10.180.1.21/compute/v2.1/servers/7d40ad55-ab59-461f-986e-22aa0133f68f 0.165s
2025-02-07 12:42:42.693 62694 INFO tempest.lib.common.rest_client [req-69f88490-fc4f-4a6e-9885-86baa763a2f5 req-69f88490-fc4f-4a6e-9885-86baa763a2f5 ] Request (DeleteServersTestJSON:test_delete_server_while_in_building_state): 202 POST http://10.180.1.21/compute/v2.1/servers 0.412s
2025-02-07 12:42:42.704 62675 INFO tempest.lib.common.rest_client [req-d361cf6c-c533-419e-b749-f64a2553cfcd req-d361cf6c-c533-419e-b749-f64a2553cfcd ] Request (ImagesOneServerNegativeTestJSON:_run_cleanups): 200 GET http://10.180.1.21/compute/v2.1/servers/faaa5eff-8814-4951-a6fc-9b2a53891f1c 0.056s
2025-02-07 12:42:42.735 62694 INFO tempest.lib.common.rest_client [req-9a3d4d6c-81fb-4233-87b0-cd814565a2de req-9a3d4d6c-81fb-4233-87b0-cd814565a2de ] Request (DeleteServersTestJSON:test_delete_server_while_in_building_state): 200 GET http://10.180.1.21/compute/v2.1/servers/18b0e21d-f5e1-46a3-b460-c4d51270496e 0.041s
2025-02-07 12:42:42.789 62709 INFO tempest.lib.common.rest_client [req-941305d9-f195-425f-967a-54e11cd8e228 req-941305d9-f195-425f-967a-54e11cd8e228 ] Request (ListImageFiltersTestJSON:setUpClass): 200 GET http://10.180.1.21/compute/v2.1/servers/996dff46-a8df-411f-8974-260f591f6086 0.073s
2025-02-07 12:42:42.837 62679 INFO tempest.lib.common.rest_client [req-a9974dcd-d73a-4067-ae60-e07a3a731c9c req-a9974dcd-d73a-4067-ae60-e07a3a731c9c ] Request (ServerDiagnosticsNegativeTest:test_get_server_diagnostics_by_non_admin): 200 GET http://10.180.1.21/compute/v2.1/servers/ed958c86-7d75-439f-a3f1-8c8d2fc6ea0d 0.123s
2025-02-07 12:42:42.861 62694 INFO tempest.lib.common.rest_client [req-0758ca15-b3f2-40b5-85f2-939a7f371fc6 req-0758ca15-b3f2-40b5-85f2-939a7f371fc6 ] Request (DeleteServersTestJSON:test_delete_server_while_in_building_state): 204 DELETE http://10.180.1.21/compute/v2.1/servers/18b0e21d-f5e1-46a3-b460-c4d51270496e 0.119s
2025-02-07 12:42:42.884 62715 INFO tempest.lib.common.rest_client [req-487665db-3b1e-45fb-b41e-a1a1262c9d41 req-487665db-3b1e-45fb-b41e-a1a1262c9d41 ] Request (ServersTestMultiNic:test_verify_duplicate_network_nics): 200 GET http://10.180.1.21/compute/v2.1/servers/fa27d91c-5bae-40a3-a153-ac41f4238532 0.121s
2025-02-07 12:42:42.922 62737 INFO tempest.lib.common.rest_client [req-071e81bc-ce1e-4348-a728-0d61615c28e5 req-071e81bc-ce1e-4348-a728-0d61615c28e5 ] Request (ServerRescueTestJSON:tearDownClass): 200 GET http://10.180.1.21/compute/v2.1/servers/da04e4bf-dc3d-45a8-b0f9-ef9a7491e297 0.142s
2025-02-07 12:42:42.935 62694 INFO tempest.lib.common.rest_client [req-64432ab5-a295-455b-be62-f9675ec839e4 req-64432ab5-a295-455b-be62-f9675ec839e4 ] Request (DeleteServersTestJSON:test_delete_server_while_in_building_state): 404 GET http://10.180.1.21/compute/v2.1/servers/18b0e21d-f5e1-46a3-b460-c4d51270496e 0.073s
2025-02-07 12:42:42.949 62711 INFO tempest.lib.common.rest_client [req-e1f36b08-2f84-4f4b-8130-ae3e1c18b1f6 req-e1f36b08-2f84-4f4b-8130-ae3e1c18b1f6 ] Request (ServerShowV247Test:test_update_rebuild_list_server): 200 GET http://10.180.1.21/compute/v2.1/servers/a8ab0e21-de37-42da-b4b6-d9d9d120f61f 0.110s
2025-02-07 12:42:42.971 62694 INFO tempest.lib.common.rest_client [req-9504042f-bf72-4f37-b924-bca0ccb1c2fe req-9504042f-bf72-4f37-b924-bca0ccb1c2fe ] Request (DeleteServersTestJSON:test_delete_server_while_in_shelved_state): 201 POST http://10.180.1.21/identity/v3/auth/tokens 0.029s
2025-02-07 12:42:42.971 62694 INFO tempest.lib.common.fixed_network [-] (DeleteServersTestJSON:test_delete_server_while_in_shelved_state) Found network {'id': 'f9c567b3-403a-4849-9262-a3e67f5e22e0', 'name': 'tempest-DeleteServersTestJSON-2067735324-network', 'tenant_id': 'ce7d37901d844950adf602218b205ea8', 'admin_state_up': True, 'mtu': 8950, 'status': 'ACTIVE', 'subnets': [], 'shared': False, 'project_id': 'ce7d37901d844950adf602218b205ea8', 'port_security_enabled': True, 'router:external': False, 'provider:network_type': 'vlan', 'provider:physical_network': 'default', 'provider:segmentation_id': 804, 'availability_zone_hints': [], 'availability_zones': [], 'ipv4_address_scope': None, 'ipv6_address_scope': None, 'description': '', 'tags': [], 'created_at': '2025-02-07T12:40:22Z', 'updated_at': '2025-02-07T12:40:22Z', 'revision_number': 1} available for tenant
2025-02-07 12:42:42.986 62727 INFO tempest.lib.common.rest_client [req-35af9e6c-767f-47f5-898d-fb10e0cd433a req-35af9e6c-767f-47f5-898d-fb10e0cd433a ] Request (SecurityGroupsTestJSON:test_server_security_groups): 200 GET http://10.180.1.21/compute/v2.1/servers/28447a5e-1970-4231-9866-6bd221bcca82 0.086s
2025-02-07 12:42:43.042 62707 INFO tempest.lib.common.rest_client [req-af0729ed-4e56-455a-be38-9eee0d7ef196 req-af0729ed-4e56-455a-be38-9eee0d7ef196 ] Request (VolumesAdminNegativeTest:test_update_attached_volume_with_nonexistent_volume_in_body): 200 GET http://10.180.1.21/compute/v2.1/servers/d0318881-a5f3-4701-991a-7e42895b5f46 0.086s
2025-02-07 12:42:43.062 62689 INFO tempest.lib.common.rest_client [req-55bc078c-5c5a-4ba8-8365-2b590024d4b9 req-55bc078c-5c5a-4ba8-8365-2b590024d4b9 ] Request (FloatingIPsAssociationNegativeTestJSON:setUpClass): 200 GET http://10.180.1.21/compute/v2.1/servers/b3e7bd84-3c18-40c7-95a7-9b259069f066 0.150s
2025-02-07 12:42:43.101 62697 INFO tempest.lib.common.rest_client [req-a490089d-87a7-43fe-b1f2-f95c1e66cc81 req-a490089d-87a7-43fe-b1f2-f95c1e66cc81 ] Request (ServersAdminTestJSON:test_inject_network_info): 200 GET http://10.180.1.21/compute/v2.1/servers/9fdc58aa-dd5a-4fe0-95ff-5ad2d06f0298 0.129s
2025-02-07 12:42:43.166 62713 INFO tempest.lib.common.rest_client [req-eecf5d4a-beab-41b0-9247-fec700e05c52 req-eecf5d4a-beab-41b0-9247-fec700e05c52 ] Request (MigrationsAdminTest:test_resize_server_revert_deleted_flavor): 200 GET http://10.180.1.21/compute/v2.1/servers/7a3d03fd-327a-453b-ad3c-12736433379d 0.098s
2025-02-07 12:42:43.294 62685 INFO tempest.lib.common.rest_client [req-38a18d02-558b-44c7-a873-24d3dd489f47 req-38a18d02-558b-44c7-a873-24d3dd489f47 ] Request (TenantUsagesTestJSON:setUpClass): 200 GET http://10.180.1.21/compute/v2.1/servers/5b4524e2-ff60-4ae5-9658-7fe7cad2b878 0.161s
2025-02-07 12:42:43.302 62685 INFO tempest.common.waiters [-] State transition "BUILD/spawning" ==> "ACTIVE/None" after 60 second wait
2025-02-07 12:42:43.347 62719 INFO tempest.lib.common.rest_client [req-91eef16d-d137-49ad-b846-fecaf0d695c2 req-91eef16d-d137-49ad-b846-fecaf0d695c2 ] Request (ServersNegativeTestMultiTenantJSON:tearDownClass): 200 GET http://10.180.1.21/compute/v2.1/servers/c83ae6b9-a239-40b5-a493-529b1687a573 0.213s
2025-02-07 12:42:43.380 62694 INFO tempest.lib.common.rest_client [req-7827a4cb-f52d-468f-9883-6beac842ee6f req-7827a4cb-f52d-468f-9883-6beac842ee6f ] Request (DeleteServersTestJSON:test_delete_server_while_in_shelved_state): 202 POST http://10.180.1.21/compute/v2.1/servers 0.408s
2025-02-07 12:42:43.404 62701 INFO tempest.lib.common.rest_client [req-fbf49dc0-ffd5-4856-a6ac-bfca44b564a2 req-fbf49dc0-ffd5-4856-a6ac-bfca44b564a2 ] Request (ServerDiagnosticsV248Test:tearDownClass): 200 GET http://10.180.1.21/compute/v2.1/servers/791b8fc4-81e2-4a69-a358-f56a421e4680 0.204s
2025-02-07 12:42:43.432 62683 INFO tempest.lib.common.rest_client [req-eabf2a1f-a316-4814-97bf-36431491db70 req-eabf2a1f-a316-4814-97bf-36431491db70 ] Request (ListServerFiltersTestJSON:setUpClass): 200 GET http://10.180.1.21/compute/v2.1/servers/f468937a-de46-49b3-ba64-40403bb6b77f 0.217s
2025-02-07 12:42:43.470 62725 INFO tempest.lib.common.rest_client [req-376a37ee-40db-48dc-b1b8-ab1c5a8ce3e6 req-376a37ee-40db-48dc-b1b8-ab1c5a8ce3e6 ] Request (ServersAdminNegativeTestJSON:tearDownClass): 200 GET http://10.180.1.21/compute/v2.1/servers/742baadd-a2ec-452d-8db1-313c8d28fe42 0.203s
2025-02-07 12:42:43.485 62705 INFO tempest.lib.common.rest_client [req-f9918676-e2ba-4322-b3f5-4f170985d97f req-f9918676-e2ba-4322-b3f5-4f170985d97f ] Request (AttachInterfacesV270Test:test_create_get_list_interfaces): 200 GET http://10.180.1.21/compute/v2.1/servers/9523a163-666d-448f-84a6-5278a7171f86 0.201s
2025-02-07 12:42:43.546 62681 INFO tempest.lib.common.rest_client [req-3374b181-b1fa-4f4d-afdb-6e63331719bb req-3374b181-b1fa-4f4d-afdb-6e63331719bb ] Request (InstanceActionsV221TestJSON:test_get_list_deleted_instance_actions): 200 GET http://10.180.1.21/compute/v2.1/servers/7e467b83-2067-4ec7-a641-c417851bb0e8 0.213s
2025-02-07 12:42:43.582 62685 INFO tempest.lib.common.rest_client [req-1942bb52-7940-427a-9214-d1adf1ab3a6d req-1942bb52-7940-427a-9214-d1adf1ab3a6d ] Request (TenantUsagesTestJSON:test_get_usage_tenant): 200 GET http://10.180.1.21/compute/v2.1/os-simple-tenant-usage/f318ae5b90f8412bb024069de87ffffe?start=2025-02-06T12%3A42%3A43.302447&end=2025-02-08T12%3A42%3A43.302447 0.279s
2025-02-07 12:42:43.594 62731 INFO tempest.lib.common.rest_client [req-32af1bec-3b2c-4c97-b6df-20f3deb9f03b req-32af1bec-3b2c-4c97-b6df-20f3deb9f03b ] Request (ServerDiskConfigTestJSON:test_rebuild_server_with_manual_disk_config): 200 GET http://10.180.1.21/compute/v2.1/servers/758fbe89-1e60-4025-853d-41439705356b 0.257s
2025-02-07 12:42:43.623 62694 INFO tempest.lib.common.rest_client [req-937d13b5-2cbd-4771-a694-3a1162ded764 req-937d13b5-2cbd-4771-a694-3a1162ded764 ] Request (DeleteServersTestJSON:test_delete_server_while_in_shelved_state): 200 GET http://10.180.1.21/compute/v2.1/servers/9cd85b1f-93a5-43f3-bda3-1518bb774759 0.242s
2025-02-07 12:42:43.639 62733 INFO tempest.lib.common.rest_client [req-f6b9861d-b354-4396-b63c-3a4bb741810c req-f6b9861d-b354-4396-b63c-3a4bb741810c ] Request (ImagesTestJSON:test_create_image_from_suspended_server): 200 GET http://10.180.1.21/compute/v2.1/servers/a6583a62-ee37-42e0-9a51-b0ce30de58c2 0.249s
2025-02-07 12:42:43.702 62687 INFO tempest.lib.common.rest_client [req-77b9d8ea-4c72-4d42-8cf1-7ead873b0555 req-77b9d8ea-4c72-4d42-8cf1-7ead873b0555 ] Request (ServersTestBootFromVolume:setUpClass): 200 GET http://10.180.1.21/compute/v2.1/servers/009129d2-dc03-4de0-ac09-9d24894e5e67 0.257s
2025-02-07 12:42:43.702 62699 INFO tempest.lib.common.rest_client [req-990827a5-3033-43b9-a029-bc18a8af2374 req-990827a5-3033-43b9-a029-bc18a8af2374 ] Request (ImagesOneServerTestJSON:tearDownClass): 200 GET http://10.180.1.21/compute/v2.1/servers/7d40ad55-ab59-461f-986e-22aa0133f68f 0.187s
2025-02-07 12:42:43.709 62699 INFO tempest.common.waiters [-] State transition "ACTIVE/deleting" ==> "DELETED/None" after 3 second wait
2025-02-07 12:42:43.733 62685 INFO tempest.lib.common.rest_client [req-4c455ab7-61f2-45e4-8ebd-dfff3b025e08 req-4c455ab7-61f2-45e4-8ebd-dfff3b025e08 ] Request (TenantUsagesTestJSON:test_get_usage_tenant_with_non_admin_user): 200 GET http://10.180.1.21/compute/v2.1/os-simple-tenant-usage/f318ae5b90f8412bb024069de87ffffe?start=2025-02-06T12%3A42%3A43.302447&end=2025-02-08T12%3A42%3A43.302447 0.147s
2025-02-07 12:42:43.767 62675 INFO tempest.lib.common.rest_client [req-50b12bef-3d7d-47b9-adf6-3b6ba3f42790 req-50b12bef-3d7d-47b9-adf6-3b6ba3f42790 ] Request (ImagesOneServerNegativeTestJSON:_run_cleanups): 200 GET http://10.180.1.21/compute/v2.1/servers/faaa5eff-8814-4951-a6fc-9b2a53891f1c 0.054s
2025-02-07 12:42:43.791 62685 INFO tempest.lib.common.rest_client [req-961705cf-741c-4aaf-a961-8ff15b6cefc2 req-961705cf-741c-4aaf-a961-8ff15b6cefc2 ] Request (TenantUsagesTestJSON:test_list_usage_all_tenants): 200 GET http://10.180.1.21/compute/v2.1/os-simple-tenant-usage?start=2025-02-06T12%3A42%3A43.302447&end=2025-02-08T12%3A42%3A43.302447&detailed=1 0.054s
2025-02-07 12:42:43.812 62729 WARNING tempest.lib.common.ssh [-] Failed to establish authenticated ssh connection to cirros@10.180.180.175 ([Errno None] Unable to connect to port 22 on 10.180.180.175). Number attempts: 8. Retry after 9 seconds.: paramiko.ssh_exception.NoValidConnectionsError: [Errno None] Unable to connect to port 22 on 10.180.180.175
2025-02-07 12:42:43.845 62709 INFO tempest.lib.common.rest_client [req-1d1bc81c-69bd-43c2-a5ba-321f135c5a5a req-1d1bc81c-69bd-43c2-a5ba-321f135c5a5a ] Request (ListImageFiltersTestJSON:setUpClass): 200 GET http://10.180.1.21/compute/v2.1/servers/996dff46-a8df-411f-8974-260f591f6086 0.045s
2025-02-07 12:42:43.872 62685 INFO tempest.lib.common.rest_client [req-4e819b7e-fea7-45b6-9e6d-d9734bedb235 req-4e819b7e-fea7-45b6-9e6d-d9734bedb235 ] Request (TenantUsagesTestJSON:tearDownClass): 204 DELETE http://10.180.1.21/compute/v2.1/servers/5b4524e2-ff60-4ae5-9658-7fe7cad2b878 0.070s
2025-02-07 12:42:43.982 62679 INFO tempest.lib.common.rest_client [req-bdb6e774-e3e0-431c-b621-f7a054167ab3 req-bdb6e774-e3e0-431c-b621-f7a054167ab3 ] Request (ServerDiagnosticsNegativeTest:test_get_server_diagnostics_by_non_admin): 200 GET http://10.180.1.21/compute/v2.1/servers/ed958c86-7d75-439f-a3f1-8c8d2fc6ea0d 0.137s
2025-02-07 12:42:43.987 62685 INFO tempest.lib.common.rest_client [req-7ce29a5c-f121-42aa-95f7-f0dae6826170 req-7ce29a5c-f121-42aa-95f7-f0dae6826170 ] Request (TenantUsagesTestJSON:tearDownClass): 200 GET http://10.180.1.21/compute/v2.1/servers/5b4524e2-ff60-4ae5-9658-7fe7cad2b878 0.114s
2025-02-07 12:42:44.029 62715 INFO tempest.lib.common.rest_client [req-4b8c9186-a998-4037-b4e2-7633303bb643 req-4b8c9186-a998-4037-b4e2-7633303bb643 ] Request (ServersTestMultiNic:test_verify_duplicate_network_nics): 200 GET http://10.180.1.21/compute/v2.1/servers/fa27d91c-5bae-40a3-a153-ac41f4238532 0.137s
2025-02-07 12:42:44.041 62737 INFO tempest.lib.common.rest_client [req-f772d64b-f7ad-4a86-8d45-e7f49003f6dc req-f772d64b-f7ad-4a86-8d45-e7f49003f6dc ] Request (ServerRescueTestJSON:tearDownClass): 200 GET http://10.180.1.21/compute/v2.1/servers/da04e4bf-dc3d-45a8-b0f9-ef9a7491e297 0.112s
2025-02-07 12:42:44.078 62711 INFO tempest.lib.common.rest_client [req-25c8a8a9-7bd0-4c2f-a1af-e581530e492c req-25c8a8a9-7bd0-4c2f-a1af-e581530e492c ] Request (ServerShowV247Test:test_update_rebuild_list_server): 200 GET http://10.180.1.21/compute/v2.1/servers/a8ab0e21-de37-42da-b4b6-d9d9d120f61f 0.117s
2025-02-07 12:42:44.087 62727 INFO tempest.lib.common.rest_client [req-27444bce-fb92-4c56-8b1c-aff8ba2ced14 req-27444bce-fb92-4c56-8b1c-aff8ba2ced14 ] Request (SecurityGroupsTestJSON:test_server_security_groups): 200 GET http://10.180.1.21/compute/v2.1/servers/28447a5e-1970-4231-9866-6bd221bcca82 0.092s
2025-02-07 12:42:44.178 62689 INFO tempest.lib.common.rest_client [req-743e24d7-f5f2-420e-b22d-2e004b54547d req-743e24d7-f5f2-420e-b22d-2e004b54547d ] Request (FloatingIPsAssociationNegativeTestJSON:setUpClass): 200 GET http://10.180.1.21/compute/v2.1/servers/b3e7bd84-3c18-40c7-95a7-9b259069f066 0.107s
2025-02-07 12:42:44.224 62697 INFO tempest.lib.common.rest_client [req-8bc60b65-89da-4adc-b1f1-606dcbac06b1 req-8bc60b65-89da-4adc-b1f1-606dcbac06b1 ] Request (ServersAdminTestJSON:test_inject_network_info): 200 GET http://10.180.1.21/compute/v2.1/servers/9fdc58aa-dd5a-4fe0-95ff-5ad2d06f0298 0.112s
2025-02-07 12:42:44.276 62713 INFO tempest.lib.common.rest_client [req-fbeeda8f-5211-4a5c-8940-2350e4f2ba59 req-fbeeda8f-5211-4a5c-8940-2350e4f2ba59 ] Request (MigrationsAdminTest:test_resize_server_revert_deleted_flavor): 200 GET http://10.180.1.21/compute/v2.1/servers/7a3d03fd-327a-453b-ad3c-12736433379d 0.102s
2025-02-07 12:42:44.321 62707 INFO tempest.lib.common.rest_client [req-7e239525-5b6f-4a04-a2e4-14049efff564 req-7e239525-5b6f-4a04-a2e4-14049efff564 ] Request (VolumesAdminNegativeTest:test_update_attached_volume_with_nonexistent_volume_in_body): 200 GET http://10.180.1.21/compute/v2.1/servers/d0318881-a5f3-4701-991a-7e42895b5f46 0.270s
2025-02-07 12:42:44.429 62719 INFO tempest.lib.common.rest_client [req-1b298a47-8b44-468d-a60a-f42886a9a919 req-1b298a47-8b44-468d-a60a-f42886a9a919 ] Request (ServersNegativeTestMultiTenantJSON:tearDownClass): 200 GET http://10.180.1.21/compute/v2.1/servers/c83ae6b9-a239-40b5-a493-529b1687a573 0.073s
2025-02-07 12:42:44.476 62701 INFO tempest.lib.common.rest_client [req-ce612bee-1661-41d5-9020-471d5d6ae190 req-ce612bee-1661-41d5-9020-471d5d6ae190 ] Request (ServerDiagnosticsV248Test:tearDownClass): 200 GET http://10.180.1.21/compute/v2.1/servers/791b8fc4-81e2-4a69-a358-f56a421e4680 0.062s
2025-02-07 12:42:44.498 62683 INFO tempest.lib.common.rest_client [req-7496af7f-b100-4468-9a8a-3c895eaf7490 req-7496af7f-b100-4468-9a8a-3c895eaf7490 ] Request (ListServerFiltersTestJSON:setUpClass): 200 GET http://10.180.1.21/compute/v2.1/servers/f468937a-de46-49b3-ba64-40403bb6b77f 0.054s
2025-02-07 12:42:44.503 62725 INFO tempest.lib.common.rest_client [req-22e1fd54-4a27-462f-8307-40df48f6af7c req-22e1fd54-4a27-462f-8307-40df48f6af7c ] Request (ServersAdminNegativeTestJSON:tearDownClass): 404 GET http://10.180.1.21/compute/v2.1/servers/742baadd-a2ec-452d-8db1-313c8d28fe42 0.022s
2025-02-07 12:42:44.590 62725 INFO tempest.lib.common.rest_client [req-a32d8ba9-8737-49c4-9cf3-705428d5118e req-a32d8ba9-8737-49c4-9cf3-705428d5118e ] Request (ServersAdminNegativeTestJSON:tearDownClass): 204 DELETE http://10.180.1.21/compute/v2.1/servers/c7b98e17-46d0-4ae9-988e-fae08ee05377 0.086s
2025-02-07 12:42:44.634 62705 INFO tempest.lib.common.rest_client [req-b3546c43-cba2-4385-9238-57ffcfc4d018 req-b3546c43-cba2-4385-9238-57ffcfc4d018 ] Request (AttachInterfacesV270Test:test_create_get_list_interfaces): 200 GET http://10.180.1.21/compute/v2.1/servers/9523a163-666d-448f-84a6-5278a7171f86 0.135s
2025-02-07 12:42:44.643 62705 INFO tempest.common.waiters [-] State transition "BUILD/None" ==> "BUILD/networking" after 57 second wait
2025-02-07 12:42:44.683 62681 INFO tempest.lib.common.rest_client [req-cb9f6e66-4a87-40b9-bed7-db96475f713b req-cb9f6e66-4a87-40b9-bed7-db96475f713b ] Request (InstanceActionsV221TestJSON:test_get_list_deleted_instance_actions): 200 GET http://10.180.1.21/compute/v2.1/servers/7e467b83-2067-4ec7-a641-c417851bb0e8 0.124s
2025-02-07 12:42:44.734 62731 INFO tempest.lib.common.rest_client [req-a4489701-a650-4713-ad47-d267463fd816 req-a4489701-a650-4713-ad47-d267463fd816 ] Request (ServerDiskConfigTestJSON:test_rebuild_server_with_manual_disk_config): 200 GET http://10.180.1.21/compute/v2.1/servers/758fbe89-1e60-4025-853d-41439705356b 0.132s
2025-02-07 12:42:44.783 62694 INFO tempest.lib.common.rest_client [req-97bba3a1-cdf6-4503-9ad4-e7a267e913ca req-97bba3a1-cdf6-4503-9ad4-e7a267e913ca ] Request (DeleteServersTestJSON:test_delete_server_while_in_shelved_state): 200 GET http://10.180.1.21/compute/v2.1/servers/9cd85b1f-93a5-43f3-bda3-1518bb774759 0.151s
2025-02-07 12:42:44.804 62725 INFO tempest.lib.common.rest_client [req-f082f61c-ffa8-4877-b907-67db96c012b9 req-f082f61c-ffa8-4877-b907-67db96c012b9 ] Request (ServersAdminNegativeTestJSON:tearDownClass): 200 GET http://10.180.1.21/compute/v2.1/servers/c7b98e17-46d0-4ae9-988e-fae08ee05377 0.214s
2025-02-07 12:42:44.830 62733 INFO tempest.lib.common.rest_client [req-e356dda2-caee-494e-8ca7-ed47876f4087 req-e356dda2-caee-494e-8ca7-ed47876f4087 ] Request (ImagesTestJSON:test_create_image_from_suspended_server): 200 GET http://10.180.1.21/compute/v2.1/servers/a6583a62-ee37-42e0-9a51-b0ce30de58c2 0.184s
2025-02-07 12:42:44.851 62687 INFO tempest.lib.common.rest_client [req-773c0322-dba1-458f-a31f-a920e2b11dfa req-773c0322-dba1-458f-a31f-a920e2b11dfa ] Request (ServersTestBootFromVolume:setUpClass): 200 GET http://10.180.1.21/compute/v2.1/servers/009129d2-dc03-4de0-ac09-9d24894e5e67 0.142s
2025-02-07 12:42:44.883 62699 INFO tempest.lib.common.rest_client [req-83fa1e35-da23-4232-8f8d-bc0f18f4c6c4 req-83fa1e35-da23-4232-8f8d-bc0f18f4c6c4 ] Request (ImagesOneServerTestJSON:tearDownClass): 200 GET http://10.180.1.21/compute/v2.1/servers/7d40ad55-ab59-461f-986e-22aa0133f68f 0.174s
2025-02-07 12:42:44.909 62675 INFO tempest.lib.common.rest_client [req-823988b2-b466-4b9c-877c-dec0b94d3eab req-823988b2-b466-4b9c-877c-dec0b94d3eab ] Request (ImagesOneServerNegativeTestJSON:_run_cleanups): 200 GET http://10.180.1.21/compute/v2.1/servers/faaa5eff-8814-4951-a6fc-9b2a53891f1c 0.133s
2025-02-07 12:42:44.928 62709 INFO tempest.lib.common.rest_client [req-8009e60d-06ad-4dce-9a5f-8af414ef400f req-8009e60d-06ad-4dce-9a5f-8af414ef400f ] Request (ListImageFiltersTestJSON:setUpClass): 200 GET http://10.180.1.21/compute/v2.1/servers/996dff46-a8df-411f-8974-260f591f6086 0.075s
2025-02-07 12:42:45.133 62685 INFO tempest.lib.common.rest_client [req-9d70ceba-a5f9-40f3-a30a-057244a59db6 req-9d70ceba-a5f9-40f3-a30a-057244a59db6 ] Request (TenantUsagesTestJSON:tearDownClass): 200 GET http://10.180.1.21/compute/v2.1/servers/5b4524e2-ff60-4ae5-9658-7fe7cad2b878 0.134s
2025-02-07 12:42:45.136 62679 INFO tempest.lib.common.rest_client [req-8ab3aa4c-c42a-4021-9eb3-bdef45b18f69 req-8ab3aa4c-c42a-4021-9eb3-bdef45b18f69 ] Request (ServerDiagnosticsNegativeTest:test_get_server_diagnostics_by_non_admin): 200 GET http://10.180.1.21/compute/v2.1/servers/ed958c86-7d75-439f-a3f1-8c8d2fc6ea0d 0.142s
2025-02-07 12:42:45.184 62715 INFO tempest.lib.common.rest_client [req-120789e3-a9f9-4433-ba30-8a2afde16875 req-120789e3-a9f9-4433-ba30-8a2afde16875 ] Request (ServersTestMultiNic:test_verify_duplicate_network_nics): 200 GET http://10.180.1.21/compute/v2.1/servers/fa27d91c-5bae-40a3-a153-ac41f4238532 0.146s
2025-02-07 12:42:45.200 62737 INFO tempest.lib.common.rest_client [req-a1a3b0f6-8503-4381-9378-dbc64165f889 req-a1a3b0f6-8503-4381-9378-dbc64165f889 ] Request (ServerRescueTestJSON:tearDownClass): 200 GET http://10.180.1.21/compute/v2.1/servers/da04e4bf-dc3d-45a8-b0f9-ef9a7491e297 0.150s
2025-02-07 12:42:45.244 62711 INFO tempest.lib.common.rest_client [req-a17269b2-d56f-446c-b224-def0d5bd1b65 req-a17269b2-d56f-446c-b224-def0d5bd1b65 ] Request (ServerShowV247Test:test_update_rebuild_list_server): 200 GET http://10.180.1.21/compute/v2.1/servers/a8ab0e21-de37-42da-b4b6-d9d9d120f61f 0.157s
2025-02-07 12:42:45.250 62727 INFO tempest.lib.common.rest_client [req-b32ae181-6058-468c-84a2-d2c26438c032 req-b32ae181-6058-468c-84a2-d2c26438c032 ] Request (SecurityGroupsTestJSON:test_server_security_groups): 200 GET http://10.180.1.21/compute/v2.1/servers/28447a5e-1970-4231-9866-6bd221bcca82 0.156s
2025-02-07 12:42:45.312 62697 INFO tempest.lib.common.rest_client [req-66cbea7e-96e6-45e9-90c8-0600ea9551ea req-66cbea7e-96e6-45e9-90c8-0600ea9551ea ] Request (ServersAdminTestJSON:test_inject_network_info): 200 GET http://10.180.1.21/compute/v2.1/servers/9fdc58aa-dd5a-4fe0-95ff-5ad2d06f0298 0.080s
2025-02-07 12:42:45.369 62713 INFO tempest.lib.common.rest_client [req-659fdb9d-f963-489b-867c-4623def1d517 req-659fdb9d-f963-489b-867c-4623def1d517 ] Request (MigrationsAdminTest:test_resize_server_revert_deleted_flavor): 200 GET http://10.180.1.21/compute/v2.1/servers/7a3d03fd-327a-453b-ad3c-12736433379d 0.086s
2025-02-07 12:42:45.401 62689 INFO tempest.lib.common.rest_client [req-dc5dab45-1d6f-4e70-ae83-96da1021210d req-dc5dab45-1d6f-4e70-ae83-96da1021210d ] Request (FloatingIPsAssociationNegativeTestJSON:setUpClass): 200 GET http://10.180.1.21/compute/v2.1/servers/b3e7bd84-3c18-40c7-95a7-9b259069f066 0.212s
2025-02-07 12:42:45.426 62707 INFO tempest.lib.common.rest_client [req-012a9d3a-c815-4d2c-b83f-7a2d546110c6 req-012a9d3a-c815-4d2c-b83f-7a2d546110c6 ] Request (VolumesAdminNegativeTest:test_update_attached_volume_with_nonexistent_volume_in_body): 200 GET http://10.180.1.21/compute/v2.1/servers/d0318881-a5f3-4701-991a-7e42895b5f46 0.097s
2025-02-07 12:42:45.499 62719 INFO tempest.lib.common.rest_client [req-b549d1d3-b20e-406b-82ea-b7b5d6723010 req-b549d1d3-b20e-406b-82ea-b7b5d6723010 ] Request (ServersNegativeTestMultiTenantJSON:tearDownClass): 200 GET http://10.180.1.21/compute/v2.1/servers/c83ae6b9-a239-40b5-a493-529b1687a573 0.062s
2025-02-07 12:42:45.557 62683 INFO tempest.lib.common.rest_client [req-bc10df9c-74fd-4f7e-940a-d014808628ca req-bc10df9c-74fd-4f7e-940a-d014808628ca ] Request (ListServerFiltersTestJSON:setUpClass): 200 GET http://10.180.1.21/compute/v2.1/servers/f468937a-de46-49b3-ba64-40403bb6b77f 0.051s
2025-02-07 12:42:45.559 62701 INFO tempest.lib.common.rest_client [req-5ea9681b-8ae1-4242-b5b9-87ae795c02f6 req-5ea9681b-8ae1-4242-b5b9-87ae795c02f6 ] Request (ServerDiagnosticsV248Test:tearDownClass): 200 GET http://10.180.1.21/compute/v2.1/servers/791b8fc4-81e2-4a69-a358-f56a421e4680 0.073s
2025-02-07 12:42:45.754 62681 INFO tempest.lib.common.rest_client [req-4facb914-fcb9-4a75-ae5a-a5b47a8e2e07 req-4facb914-fcb9-4a75-ae5a-a5b47a8e2e07 ] Request (InstanceActionsV221TestJSON:test_get_list_deleted_instance_actions): 200 GET http://10.180.1.21/compute/v2.1/servers/7e467b83-2067-4ec7-a641-c417851bb0e8 0.062s
2025-02-07 12:42:45.761 62705 INFO tempest.lib.common.rest_client [req-d617961a-4869-44ad-8222-397e47bb53d1 req-d617961a-4869-44ad-8222-397e47bb53d1 ] Request (AttachInterfacesV270Test:test_create_get_list_interfaces): 200 GET http://10.180.1.21/compute/v2.1/servers/9523a163-666d-448f-84a6-5278a7171f86 0.117s
2025-02-07 12:42:45.771 62705 INFO tempest.common.waiters [-] State transition "BUILD/networking" ==> "BUILD/spawning" after 58 second wait
2025-02-07 12:42:45.806 62731 INFO tempest.lib.common.rest_client [req-708389cc-9a48-48db-933c-699cd0ea95dc req-708389cc-9a48-48db-933c-699cd0ea95dc ] Request (ServerDiskConfigTestJSON:test_rebuild_server_with_manual_disk_config): 200 GET http://10.180.1.21/compute/v2.1/servers/758fbe89-1e60-4025-853d-41439705356b 0.061s
2025-02-07 12:42:45.859 62694 INFO tempest.lib.common.rest_client [req-c8537a72-e824-4acb-acd0-378312c3f015 req-c8537a72-e824-4acb-acd0-378312c3f015 ] Request (DeleteServersTestJSON:test_delete_server_while_in_shelved_state): 200 GET http://10.180.1.21/compute/v2.1/servers/9cd85b1f-93a5-43f3-bda3-1518bb774759 0.065s
2025-02-07 12:42:45.863 62704 WARNING tempest.lib.common.ssh [-] Failed to establish authenticated ssh connection to cirros@10.180.180.179 ([Errno None] Unable to connect to port 22 on 10.180.180.179). Number attempts: 4. Retry after 5 seconds.: paramiko.ssh_exception.NoValidConnectionsError: [Errno None] Unable to connect to port 22 on 10.180.180.179
2025-02-07 12:42:45.914 62733 INFO tempest.lib.common.rest_client [req-d47bcc75-1e56-467b-af3c-5d4910f70f82 req-d47bcc75-1e56-467b-af3c-5d4910f70f82 ] Request (ImagesTestJSON:test_create_image_from_suspended_server): 200 GET http://10.180.1.21/compute/v2.1/servers/a6583a62-ee37-42e0-9a51-b0ce30de58c2 0.075s
2025-02-07 12:42:45.937 62725 INFO tempest.lib.common.rest_client [req-fca83ad5-d007-4d29-89a8-013d6297fe9f req-fca83ad5-d007-4d29-89a8-013d6297fe9f ] Request (ServersAdminNegativeTestJSON:tearDownClass): 200 GET http://10.180.1.21/compute/v2.1/servers/c7b98e17-46d0-4ae9-988e-fae08ee05377 0.124s
2025-02-07 12:42:45.965 62687 INFO tempest.lib.common.rest_client [req-873d2ac9-56e7-4399-ba7e-c1c8d36b5559 req-873d2ac9-56e7-4399-ba7e-c1c8d36b5559 ] Request (ServersTestBootFromVolume:setUpClass): 200 GET http://10.180.1.21/compute/v2.1/servers/009129d2-dc03-4de0-ac09-9d24894e5e67 0.106s
2025-02-07 12:42:45.992 62699 INFO tempest.lib.common.rest_client [req-47f2d19e-a46b-4078-a17f-0f5b0e4adee5 req-47f2d19e-a46b-4078-a17f-0f5b0e4adee5 ] Request (ImagesOneServerTestJSON:tearDownClass): 200 GET http://10.180.1.21/compute/v2.1/servers/7d40ad55-ab59-461f-986e-22aa0133f68f 0.096s
2025-02-07 12:42:46.016 62675 INFO tempest.lib.common.rest_client [req-9a03bc55-c4d3-42db-b14f-1c04ad3cc397 req-9a03bc55-c4d3-42db-b14f-1c04ad3cc397 ] Request (ImagesOneServerNegativeTestJSON:_run_cleanups): 200 GET http://10.180.1.21/compute/v2.1/servers/faaa5eff-8814-4951-a6fc-9b2a53891f1c 0.097s
2025-02-07 12:42:46.045 62709 INFO tempest.lib.common.rest_client [req-f23c6767-b670-47ea-a57c-2c47328c39e2 req-f23c6767-b670-47ea-a57c-2c47328c39e2 ] Request (ListImageFiltersTestJSON:setUpClass): 200 GET http://10.180.1.21/compute/v2.1/servers/996dff46-a8df-411f-8974-260f591f6086 0.108s
2025-02-07 12:42:46.281 62685 INFO tempest.lib.common.rest_client [req-42c011f7-581c-41eb-94c8-3e73833b53ab req-42c011f7-581c-41eb-94c8-3e73833b53ab ] Request (TenantUsagesTestJSON:tearDownClass): 200 GET http://10.180.1.21/compute/v2.1/servers/5b4524e2-ff60-4ae5-9658-7fe7cad2b878 0.139s
2025-02-07 12:42:46.288 62679 INFO tempest.lib.common.rest_client [req-b85af793-9d87-42b5-9ddd-bb035974695a req-b85af793-9d87-42b5-9ddd-bb035974695a ] Request (ServerDiagnosticsNegativeTest:test_get_server_diagnostics_by_non_admin): 200 GET http://10.180.1.21/compute/v2.1/servers/ed958c86-7d75-439f-a3f1-8c8d2fc6ea0d 0.142s
2025-02-07 12:42:46.336 62715 INFO tempest.lib.common.rest_client [req-dfeb3a9d-69ec-42e3-8261-46e2e98c6cf9 req-dfeb3a9d-69ec-42e3-8261-46e2e98c6cf9 ] Request (ServersTestMultiNic:test_verify_duplicate_network_nics): 200 GET http://10.180.1.21/compute/v2.1/servers/fa27d91c-5bae-40a3-a153-ac41f4238532 0.140s
2025-02-07 12:42:46.350 62737 INFO tempest.lib.common.rest_client [req-e84aa138-756f-4322-9813-bb9d407862e7 req-e84aa138-756f-4322-9813-bb9d407862e7 ] Request (ServerRescueTestJSON:tearDownClass): 200 GET http://10.180.1.21/compute/v2.1/servers/da04e4bf-dc3d-45a8-b0f9-ef9a7491e297 0.140s
2025-02-07 12:42:46.390 62711 INFO tempest.lib.common.rest_client [req-c70c87a1-1a22-475a-a870-dbbad5d54b5a req-c70c87a1-1a22-475a-a870-dbbad5d54b5a ] Request (ServerShowV247Test:test_update_rebuild_list_server): 200 GET http://10.180.1.21/compute/v2.1/servers/a8ab0e21-de37-42da-b4b6-d9d9d120f61f 0.135s
2025-02-07 12:42:46.410 62727 INFO tempest.lib.common.rest_client [req-ef973a19-73ab-486a-a5c2-68cda422233a req-ef973a19-73ab-486a-a5c2-68cda422233a ] Request (SecurityGroupsTestJSON:test_server_security_groups): 200 GET http://10.180.1.21/compute/v2.1/servers/28447a5e-1970-4231-9866-6bd221bcca82 0.152s
2025-02-07 12:42:46.439 62697 INFO tempest.lib.common.rest_client [req-d5cd0f7f-0536-4527-ae78-d4caf9351b5b req-d5cd0f7f-0536-4527-ae78-d4caf9351b5b ] Request (ServersAdminTestJSON:test_inject_network_info): 200 GET http://10.180.1.21/compute/v2.1/servers/9fdc58aa-dd5a-4fe0-95ff-5ad2d06f0298 0.119s
2025-02-07 12:42:46.452 62713 INFO tempest.lib.common.rest_client [req-5fb88c1a-7561-4571-a064-313d9c185af8 req-5fb88c1a-7561-4571-a064-313d9c185af8 ] Request (MigrationsAdminTest:test_resize_server_revert_deleted_flavor): 200 GET http://10.180.1.21/compute/v2.1/servers/7a3d03fd-327a-453b-ad3c-12736433379d 0.075s
2025-02-07 12:42:46.504 62707 INFO tempest.lib.common.rest_client [req-2215f007-85bf-4257-b6c7-4c80603210ae req-2215f007-85bf-4257-b6c7-4c80603210ae ] Request (VolumesAdminNegativeTest:test_update_attached_volume_with_nonexistent_volume_in_body): 200 GET http://10.180.1.21/compute/v2.1/servers/d0318881-a5f3-4701-991a-7e42895b5f46 0.071s
2025-02-07 12:42:46.546 62689 INFO tempest.lib.common.rest_client [req-5050acdf-950b-43a1-8387-6345d7b4dbcf req-5050acdf-950b-43a1-8387-6345d7b4dbcf ] Request (FloatingIPsAssociationNegativeTestJSON:setUpClass): 200 GET http://10.180.1.21/compute/v2.1/servers/b3e7bd84-3c18-40c7-95a7-9b259069f066 0.137s
2025-02-07 12:42:46.572 62719 INFO tempest.lib.common.rest_client [req-9df6bb56-857d-4ccb-bc89-16c88cf57139 req-9df6bb56-857d-4ccb-bc89-16c88cf57139 ] Request (ServersNegativeTestMultiTenantJSON:tearDownClass): 200 GET http://10.180.1.21/compute/v2.1/servers/c83ae6b9-a239-40b5-a493-529b1687a573 0.065s
2025-02-07 12:42:46.624 62683 INFO tempest.lib.common.rest_client [req-69e9767e-be6d-4012-b606-f9562288feae req-69e9767e-be6d-4012-b606-f9562288feae ] Request (ListServerFiltersTestJSON:setUpClass): 200 GET http://10.180.1.21/compute/v2.1/servers/f468937a-de46-49b3-ba64-40403bb6b77f 0.058s
2025-02-07 12:42:46.634 62701 INFO tempest.lib.common.rest_client [req-4d2ca6c9-2c6e-4084-ae48-7bd0410bd4a6 req-4d2ca6c9-2c6e-4084-ae48-7bd0410bd4a6 ] Request (ServerDiagnosticsV248Test:tearDownClass): 200 GET http://10.180.1.21/compute/v2.1/servers/791b8fc4-81e2-4a69-a358-f56a421e4680 0.066s
2025-02-07 12:42:46.826 62681 INFO tempest.lib.common.rest_client [req-c52caaba-6a82-46a1-ad1d-1b44183fefe8 req-c52caaba-6a82-46a1-ad1d-1b44183fefe8 ] Request (InstanceActionsV221TestJSON:test_get_list_deleted_instance_actions): 200 GET http://10.180.1.21/compute/v2.1/servers/7e467b83-2067-4ec7-a641-c417851bb0e8 0.063s
2025-02-07 12:42:46.875 62731 INFO tempest.lib.common.rest_client [req-ac27bc22-a488-4e3f-8f01-0bbfccbb8e46 req-ac27bc22-a488-4e3f-8f01-0bbfccbb8e46 ] Request (ServerDiskConfigTestJSON:test_rebuild_server_with_manual_disk_config): 200 GET http://10.180.1.21/compute/v2.1/servers/758fbe89-1e60-4025-853d-41439705356b 0.060s
2025-02-07 12:42:46.899 62705 INFO tempest.lib.common.rest_client [req-5a6cbf0e-55c0-4720-b4c0-73f04c6a06b9 req-5a6cbf0e-55c0-4720-b4c0-73f04c6a06b9 ] Request (AttachInterfacesV270Test:test_create_get_list_interfaces): 200 GET http://10.180.1.21/compute/v2.1/servers/9523a163-666d-448f-84a6-5278a7171f86 0.127s
2025-02-07 12:42:46.930 62694 INFO tempest.lib.common.rest_client [req-ef43d72c-fdc3-492e-a6dc-7a0ae3589800 req-ef43d72c-fdc3-492e-a6dc-7a0ae3589800 ] Request (DeleteServersTestJSON:test_delete_server_while_in_shelved_state): 200 GET http://10.180.1.21/compute/v2.1/servers/9cd85b1f-93a5-43f3-bda3-1518bb774759 0.063s
2025-02-07 12:42:46.987 62733 INFO tempest.lib.common.rest_client [req-4d0483a4-9c7f-43e0-9260-6cda4931d8d3 req-4d0483a4-9c7f-43e0-9260-6cda4931d8d3 ] Request (ImagesTestJSON:test_create_image_from_suspended_server): 200 GET http://10.180.1.21/compute/v2.1/servers/a6583a62-ee37-42e0-9a51-b0ce30de58c2 0.061s
2025-02-07 12:42:47.025 62725 INFO tempest.lib.common.rest_client [req-12086255-fda3-4c34-a50a-b01a65c78169 req-12086255-fda3-4c34-a50a-b01a65c78169 ] Request (ServersAdminNegativeTestJSON:tearDownClass): 200 GET http://10.180.1.21/compute/v2.1/servers/c7b98e17-46d0-4ae9-988e-fae08ee05377 0.075s
2025-02-07 12:42:47.054 62687 INFO tempest.lib.common.rest_client [req-ff8808e9-1fdf-4d89-8b63-36f744be3056 req-ff8808e9-1fdf-4d89-8b63-36f744be3056 ] Request (ServersTestBootFromVolume:setUpClass): 200 GET http://10.180.1.21/compute/v2.1/servers/009129d2-dc03-4de0-ac09-9d24894e5e67 0.080s
2025-02-07 12:42:47.062 62687 INFO tempest.common.waiters [-] State transition "BUILD/None" ==> "BUILD/networking" after 60 second wait
2025-02-07 12:42:47.084 62699 INFO tempest.lib.common.rest_client [req-03e16883-80cf-4118-a76c-df0bc9f57dfa req-03e16883-80cf-4118-a76c-df0bc9f57dfa ] Request (ImagesOneServerTestJSON:tearDownClass): 200 GET http://10.180.1.21/compute/v2.1/servers/7d40ad55-ab59-461f-986e-22aa0133f68f 0.084s
2025-02-07 12:42:47.118 62675 INFO tempest.lib.common.rest_client [req-52d26798-b6ac-41c7-adbf-fe8be4acba4b req-52d26798-b6ac-41c7-adbf-fe8be4acba4b ] Request (ImagesOneServerNegativeTestJSON:_run_cleanups): 200 GET http://10.180.1.21/compute/v2.1/servers/faaa5eff-8814-4951-a6fc-9b2a53891f1c 0.094s
2025-02-07 12:42:47.143 62709 INFO tempest.lib.common.rest_client [req-4ed2251a-0863-4f1c-838c-047bd5aef7ed req-4ed2251a-0863-4f1c-838c-047bd5aef7ed ] Request (ListImageFiltersTestJSON:setUpClass): 200 GET http://10.180.1.21/compute/v2.1/servers/996dff46-a8df-411f-8974-260f591f6086 0.090s
2025-02-07 12:42:47.364 62685 INFO tempest.lib.common.rest_client [req-77eea880-45f5-4037-ab72-d78c9872dddd req-77eea880-45f5-4037-ab72-d78c9872dddd ] Request (TenantUsagesTestJSON:tearDownClass): 200 GET http://10.180.1.21/compute/v2.1/servers/5b4524e2-ff60-4ae5-9658-7fe7cad2b878 0.072s
2025-02-07 12:42:47.438 62715 INFO tempest.lib.common.rest_client [req-886460e9-a2e5-4c72-b7b7-f7d3ed7eda58 req-886460e9-a2e5-4c72-b7b7-f7d3ed7eda58 ] Request (ServersTestMultiNic:test_verify_duplicate_network_nics): 200 GET http://10.180.1.21/compute/v2.1/servers/fa27d91c-5bae-40a3-a153-ac41f4238532 0.094s
2025-02-07 12:42:47.469 62679 INFO tempest.lib.common.rest_client [req-e8a63b6a-1574-42d4-b6aa-53cb3f962c48 req-e8a63b6a-1574-42d4-b6aa-53cb3f962c48 ] Request (ServerDiagnosticsNegativeTest:test_get_server_diagnostics_by_non_admin): 200 GET http://10.180.1.21/compute/v2.1/servers/ed958c86-7d75-439f-a3f1-8c8d2fc6ea0d 0.174s
2025-02-07 12:42:47.481 62679 INFO tempest.common.waiters [-] State transition "BUILD/spawning" ==> "ACTIVE/None" after 63 second wait
2025-02-07 12:42:47.508 62737 INFO tempest.lib.common.rest_client [req-cc0c18ce-2ca3-4ee9-b999-12484e008c5a req-cc0c18ce-2ca3-4ee9-b999-12484e008c5a ] Request (ServerRescueTestJSON:tearDownClass): 200 GET http://10.180.1.21/compute/v2.1/servers/da04e4bf-dc3d-45a8-b0f9-ef9a7491e297 0.150s
2025-02-07 12:42:47.549 62711 INFO tempest.lib.common.rest_client [req-039ee787-0b3c-4e93-b48f-0dd025d6a8de req-039ee787-0b3c-4e93-b48f-0dd025d6a8de ] Request (ServerShowV247Test:test_update_rebuild_list_server): 200 GET http://10.180.1.21/compute/v2.1/servers/a8ab0e21-de37-42da-b4b6-d9d9d120f61f 0.150s
2025-02-07 12:42:47.565 62727 INFO tempest.lib.common.rest_client [req-8aeb0330-73d9-4678-a81b-ca83f8f391dd req-8aeb0330-73d9-4678-a81b-ca83f8f391dd ] Request (SecurityGroupsTestJSON:test_server_security_groups): 200 GET http://10.180.1.21/compute/v2.1/servers/28447a5e-1970-4231-9866-6bd221bcca82 0.147s
2025-02-07 12:42:47.599 62697 INFO tempest.lib.common.rest_client [req-bae9721b-c9c7-485f-b45f-0ecadd0c1671 req-bae9721b-c9c7-485f-b45f-0ecadd0c1671 ] Request (ServersAdminTestJSON:test_inject_network_info): 200 GET http://10.180.1.21/compute/v2.1/servers/9fdc58aa-dd5a-4fe0-95ff-5ad2d06f0298 0.151s
2025-02-07 12:42:47.625 62713 INFO tempest.lib.common.rest_client [req-d82e35a2-d184-4f5a-96b7-94fca86d428e req-d82e35a2-d184-4f5a-96b7-94fca86d428e ] Request (MigrationsAdminTest:test_resize_server_revert_deleted_flavor): 200 GET http://10.180.1.21/compute/v2.1/servers/7a3d03fd-327a-453b-ad3c-12736433379d 0.165s
2025-02-07 12:42:47.625 62679 INFO tempest.lib.common.rest_client [req-8f50ea9b-3cd1-4176-9a0a-b7772530df7c req-8f50ea9b-3cd1-4176-9a0a-b7772530df7c ] Request (ServerDiagnosticsNegativeTest:test_get_server_diagnostics_by_non_admin): 403 GET http://10.180.1.21/compute/v2.1/servers/ed958c86-7d75-439f-a3f1-8c8d2fc6ea0d/diagnostics 0.143s
2025-02-07 12:42:47.706 62707 INFO tempest.lib.common.rest_client [req-6210bd3c-12a7-433d-89b2-f88c37c2842e req-6210bd3c-12a7-433d-89b2-f88c37c2842e ] Request (VolumesAdminNegativeTest:test_update_attached_volume_with_nonexistent_volume_in_body): 200 GET http://10.180.1.21/compute/v2.1/servers/d0318881-a5f3-4701-991a-7e42895b5f46 0.193s
2025-02-07 12:42:47.755 62689 INFO tempest.lib.common.rest_client [req-c808bf0b-9efe-4436-b0bf-8a3f59b9f282 req-c808bf0b-9efe-4436-b0bf-8a3f59b9f282 ] Request (FloatingIPsAssociationNegativeTestJSON:setUpClass): 200 GET http://10.180.1.21/compute/v2.1/servers/b3e7bd84-3c18-40c7-95a7-9b259069f066 0.200s
2025-02-07 12:42:47.776 62719 INFO tempest.lib.common.rest_client [req-ca229aef-c773-4353-8c9d-ffefef6b5f76 req-ca229aef-c773-4353-8c9d-ffefef6b5f76 ] Request (ServersNegativeTestMultiTenantJSON:tearDownClass): 200 GET http://10.180.1.21/compute/v2.1/servers/c83ae6b9-a239-40b5-a493-529b1687a573 0.195s
2025-02-07 12:42:47.816 62683 INFO tempest.lib.common.rest_client [req-aade91d4-d7a8-450f-adaf-fc84283d720a req-aade91d4-d7a8-450f-adaf-fc84283d720a ] Request (ListServerFiltersTestJSON:setUpClass): 200 GET http://10.180.1.21/compute/v2.1/servers/f468937a-de46-49b3-ba64-40403bb6b77f 0.184s
2025-02-07 12:42:47.853 62679 INFO tempest.lib.common.rest_client [req-f40b4931-2830-4c66-a086-0a737ce5a428 req-f40b4931-2830-4c66-a086-0a737ce5a428 ] Request (ServerDiagnosticsNegativeTest:tearDownClass): 204 DELETE http://10.180.1.21/compute/v2.1/servers/ed958c86-7d75-439f-a3f1-8c8d2fc6ea0d 0.222s
2025-02-07 12:42:47.874 62701 INFO tempest.lib.common.rest_client [req-1eb15bd3-a822-4460-a1fa-35041331d907 req-1eb15bd3-a822-4460-a1fa-35041331d907 ] Request (ServerDiagnosticsV248Test:tearDownClass): 200 GET http://10.180.1.21/compute/v2.1/servers/791b8fc4-81e2-4a69-a358-f56a421e4680 0.230s
2025-02-07 12:42:47.911 62681 INFO tempest.lib.common.rest_client [req-41c1a549-11ef-4ab4-831f-0d773f143bac req-41c1a549-11ef-4ab4-831f-0d773f143bac ] Request (InstanceActionsV221TestJSON:test_get_list_deleted_instance_actions): 200 GET http://10.180.1.21/compute/v2.1/servers/7e467b83-2067-4ec7-a641-c417851bb0e8 0.075s
2025-02-07 12:42:47.971 62731 INFO tempest.lib.common.rest_client [req-6eccb4e5-f98d-4b29-a326-d136d946e626 req-6eccb4e5-f98d-4b29-a326-d136d946e626 ] Request (ServerDiskConfigTestJSON:test_rebuild_server_with_manual_disk_config): 200 GET http://10.180.1.21/compute/v2.1/servers/758fbe89-1e60-4025-853d-41439705356b 0.079s
2025-02-07 12:42:47.988 62679 INFO tempest.lib.common.rest_client [req-9cf0929a-add0-44a2-af8c-723c9143ffab req-9cf0929a-add0-44a2-af8c-723c9143ffab ] Request (ServerDiagnosticsNegativeTest:tearDownClass): 200 GET http://10.180.1.21/compute/v2.1/servers/ed958c86-7d75-439f-a3f1-8c8d2fc6ea0d 0.135s
2025-02-07 12:42:48.044 62694 INFO tempest.lib.common.rest_client [req-a0ca00fa-d95f-4249-8b78-ec8792b6c052 req-a0ca00fa-d95f-4249-8b78-ec8792b6c052 ] Request (DeleteServersTestJSON:test_delete_server_while_in_shelved_state): 200 GET http://10.180.1.21/compute/v2.1/servers/9cd85b1f-93a5-43f3-bda3-1518bb774759 0.106s
2025-02-07 12:42:48.093 62705 INFO tempest.lib.common.rest_client [req-c06f0f7f-c404-4a0f-81cc-021c9736a3be req-c06f0f7f-c404-4a0f-81cc-021c9736a3be ] Request (AttachInterfacesV270Test:test_create_get_list_interfaces): 200 GET http://10.180.1.21/compute/v2.1/servers/9523a163-666d-448f-84a6-5278a7171f86 0.182s
2025-02-07 12:42:48.099 62733 INFO tempest.lib.common.rest_client [req-f00eff43-1f35-4b44-aec4-a06433c956c8 req-f00eff43-1f35-4b44-aec4-a06433c956c8 ] Request (ImagesTestJSON:test_create_image_from_suspended_server): 200 GET http://10.180.1.21/compute/v2.1/servers/a6583a62-ee37-42e0-9a51-b0ce30de58c2 0.102s
2025-02-07 12:42:48.161 62725 INFO tempest.lib.common.rest_client [req-8d38c723-17fc-4af8-81c7-2b34fb5c3b1e req-8d38c723-17fc-4af8-81c7-2b34fb5c3b1e ] Request (ServersAdminNegativeTestJSON:tearDownClass): 200 GET http://10.180.1.21/compute/v2.1/servers/c7b98e17-46d0-4ae9-988e-fae08ee05377 0.126s
2025-02-07 12:42:48.172 62725 INFO tempest.common.waiters [-] State transition "ACTIVE/deleting" ==> "DELETED/None" after 4 second wait
2025-02-07 12:42:48.229 62699 INFO tempest.lib.common.rest_client [req-4c3da98b-d6b8-4836-a91f-bcfd5976dd9c req-4c3da98b-d6b8-4836-a91f-bcfd5976dd9c ] Request (ImagesOneServerTestJSON:tearDownClass): 200 GET http://10.180.1.21/compute/v2.1/servers/7d40ad55-ab59-461f-986e-22aa0133f68f 0.135s
2025-02-07 12:42:48.243 62687 INFO tempest.lib.common.rest_client [req-5defcfe4-b718-4f76-ba62-11d70758cb68 req-5defcfe4-b718-4f76-ba62-11d70758cb68 ] Request (ServersTestBootFromVolume:setUpClass): 200 GET http://10.180.1.21/compute/v2.1/servers/009129d2-dc03-4de0-ac09-9d24894e5e67 0.181s
2025-02-07 12:42:48.251 62687 INFO tempest.common.waiters [-] State transition "BUILD/networking" ==> "BUILD/block_device_mapping" after 61 second wait
2025-02-07 12:42:48.290 62675 INFO tempest.lib.common.rest_client [req-4cd83077-2c15-4ced-acc3-3deb8d919c47 req-4cd83077-2c15-4ced-acc3-3deb8d919c47 ] Request (ImagesOneServerNegativeTestJSON:_run_cleanups): 200 GET http://10.180.1.21/compute/v2.1/servers/faaa5eff-8814-4951-a6fc-9b2a53891f1c 0.164s
2025-02-07 12:42:48.295 62709 INFO tempest.lib.common.rest_client [req-666a7a85-c718-4c53-88ee-a2559d67b3d7 req-666a7a85-c718-4c53-88ee-a2559d67b3d7 ] Request (ListImageFiltersTestJSON:setUpClass): 200 GET http://10.180.1.21/compute/v2.1/servers/996dff46-a8df-411f-8974-260f591f6086 0.144s
2025-02-07 12:42:48.302 62709 INFO tempest.common.waiters [-] State transition "BUILD/scheduling" ==> "BUILD/None" after 54 second wait
2025-02-07 12:42:48.444 62685 INFO tempest.lib.common.rest_client [req-035ff661-b142-47b6-b152-e5b63640d8bc req-035ff661-b142-47b6-b152-e5b63640d8bc ] Request (TenantUsagesTestJSON:tearDownClass): 200 GET http://10.180.1.21/compute/v2.1/servers/5b4524e2-ff60-4ae5-9658-7fe7cad2b878 0.073s
