2025-02-07 12:41:33.665 62725 INFO tempest.lib.common.rest_client [req-aaa8328e-5b60-4410-980d-09d8f9b5a601 req-aaa8328e-5b60-4410-980d-09d8f9b5a601 ] Request (ServersAdminNegativeTestJSON:test_migrate_server_invalid_state): 200 GET http://10.180.1.21/compute/v2.1/servers/742baadd-a2ec-452d-8db1-313c8d28fe42 2.193s
2025-02-07 12:41:33.689 62689 INFO tempest.lib.common.rest_client [req-882931ce-759b-4c5a-b151-e03608d22e94 req-882931ce-759b-4c5a-b151-e03608d22e94 ] Request (FloatingIPsAssociationNegativeTestJSON:setUpClass): 204 PUT http://10.180.1.21/identity/v3/projects/a9c5487294a14664b7ce67c12a3ff8a3/users/2755ccb19b7e4c06bb468c20ec507170/roles/55e5affa13724ff6aec4ab625f276e72 0.049s
2025-02-07 12:41:33.689 62689 INFO tempest.lib.common.dynamic_creds [-] Dynamic test user 2755ccb19b7e4c06bb468c20ec507170 is created with scope project and roles: ['member']
2025-02-07 12:41:33.689 62689 INFO tempest.lib.common.dynamic_creds [-] Acquired dynamic creds: credentials: Credentials: {'domain_id': 'default', 'domain_name': 'Default', 'username': 'tempest-FloatingIPsAssociationNegativeTestJSON-1037802823-project-member', 'project_domain_id': 'default', 'project_domain_name': 'Default', 'project_id': 'a9c5487294a14664b7ce67c12a3ff8a3', 'project_name': 'tempest-FloatingIPsAssociationNegativeTestJSON-1037802823', 'tenant_id': 'a9c5487294a14664b7ce67c12a3ff8a3', 'tenant_name': 'tempest-FloatingIPsAssociationNegativeTestJSON-1037802823', 'user_domain_id': 'default', 'user_domain_name': 'Default', 'user_id': '2755ccb19b7e4c06bb468c20ec507170', 'system': None}, Network: None, Subnet: None, Router: None
2025-02-07 12:41:33.757 62694 INFO tempest.lib.common.rest_client [req-24a9453b-1dc5-4b56-94bc-4b5613a1faac req-24a9453b-1dc5-4b56-94bc-4b5613a1faac ] Request (DeleteServersTestJSON:test_delete_server_while_in_attached_volume): 200 GET http://10.180.1.21/compute/v2.1/servers/bc2376dd-856e-4797-bd2a-1db5c2be795d 2.213s
2025-02-07 12:41:33.773 62689 INFO tempest.lib.common.rest_client [req-f51cd013-d6a7-4bed-b523-ee6231b9c711 req-f51cd013-d6a7-4bed-b523-ee6231b9c711 ] Request (FloatingIPsAssociationNegativeTestJSON:setUpClass): 201 POST http://10.180.1.21/identity/v3/auth/tokens 0.083s
2025-02-07 12:41:33.774 62719 INFO tempest.lib.common.rest_client [req-a11adb2e-f8f7-4d5c-83ef-dcd374965a71 req-a11adb2e-f8f7-4d5c-83ef-dcd374965a71 ] Request (ServersNegativeTestMultiTenantJSON:setUpClass): 201 POST http://10.180.1.21:9696/networking/v2.0/subnets 0.391s
2025-02-07 12:41:33.872 62707 INFO tempest.lib.common.rest_client [req-5c4fbc11-ee3f-4f7d-814c-fc19b1b6847d req-5c4fbc11-ee3f-4f7d-814c-fc19b1b6847d ] Request (ServersAdmin275Test:tearDownClass): 200 GET http://10.180.1.21/compute/v2.1/servers/82afd7a0-a514-4eac-9bcf-e2ed22e1e04b 2.246s
2025-02-07 12:41:33.903 62683 INFO tempest.lib.common.rest_client [req-e8278630-92e8-4c53-a14f-6ae236ebbfb3 req-e8278630-92e8-4c53-a14f-6ae236ebbfb3 ] Request (ImagesNegativeTestJSON:tearDownClass): 404 GET http://10.180.1.21/compute/v2.1/servers/9bd2f6b9-eb81-4238-a781-5f2bb54f80c0 2.139s
2025-02-07 12:41:33.938 62715 INFO tempest.lib.common.rest_client [req-8a009e4a-37cd-48ec-ab26-bb1878f3dee4 req-8a009e4a-37cd-48ec-ab26-bb1878f3dee4 ] Request (FlavorsAdminTestJSON:test_is_public_string_variations): 200 GET http://10.180.1.21/compute/v2.1/flavors/detail?is_public=true 2.132s
2025-02-07 12:41:33.942 62729 INFO tempest.lib.common.rest_client [req-a4ad4f0e-2635-406c-93af-349919a867f1 req-a4ad4f0e-2635-406c-93af-349919a867f1 ] Request (ServerActionsV293TestJSON:setUpClass): 200 GET http://10.180.1.21/compute/v2.1/servers/c29bf6eb-b456-4356-9ef8-d9ba70bc6464 2.419s
2025-02-07 12:41:33.970 62705 INFO tempest.lib.common.rest_client [req-89299d30-3d89-4522-93b8-1337dc9fe0d1 req-89299d30-3d89-4522-93b8-1337dc9fe0d1 ] Request (KeyPairsV2TestJSON:_run_cleanups): 202 DELETE http://10.180.1.21/compute/v2.1/os-keypairs/tempest-KeyPairsV2TestJSON-keypair-1111105117 2.155s
2025-02-07 12:41:33.970 62679 INFO tempest.lib.common.rest_client [req-a6e8aecc-f8b2-4582-bdc6-65c358b056ef req-a6e8aecc-f8b2-4582-bdc6-65c358b056ef ] Request (HypervisorAdminNegativeTestJSON:test_get_nonexistent_hypervisor_uptime): 404 GET http://10.180.1.21/compute/v2.1/os-hypervisors/6bfb056a-532e-485e-90c0-669f53cdfb0c/uptime 2.121s
2025-02-07 12:41:33.987 62685 INFO tempest.lib.common.rest_client [req-d0378473-371b-47ba-8cff-16e011ee6937 req-d0378473-371b-47ba-8cff-16e011ee6937 ] Request (AggregatesAdminNegativeTestJSON:test_aggregate_remove_nonexistent_host): 200 POST http://10.180.1.21/compute/v2.1/os-aggregates 2.137s
2025-02-07 12:41:34.194 62713 INFO tempest.lib.common.rest_client [req-79fb9757-27f9-49a6-b414-354616e290ac req-79fb9757-27f9-49a6-b414-354616e290ac ] Request (MigrationsAdminTest:test_list_migrations_in_flavor_resize_situation): 200 GET http://10.180.1.21/compute/v2.1/servers/70b6d86f-10bd-471f-8655-e961c4208751 1.779s
2025-02-07 12:41:34.211 62709 INFO tempest.lib.common.rest_client [req-8dc6015c-862f-4b06-bf4e-1c6080e59c13 req-8dc6015c-862f-4b06-bf4e-1c6080e59c13 ] Request (ImagesMetadataTestJSON:setUp): 200 PUT http://10.180.1.21/compute/v2.1/images/48a521ae-1768-4e91-b82e-b724ff7292c1/metadata 2.320s
2025-02-07 12:41:34.275 62675 INFO tempest.lib.common.rest_client [req-30ad23a0-054f-4c2f-8e20-5ebb9027e8a4 req-30ad23a0-054f-4c2f-8e20-5ebb9027e8a4 ] Request (ImagesOneServerNegativeTestJSON:_run_cleanups): 200 GET http://10.180.1.21/compute/v2.1/servers/2e9731d0-ef1b-44f2-a457-d21a99bfa2bf 1.748s
2025-02-07 12:41:34.285 62675 INFO tempest.common.waiters [-] State transition "ACTIVE/deleting" ==> "DELETED/None" after 3 second wait
2025-02-07 12:41:34.322 62704 INFO tempest.lib.common.rest_client [req-d38c79d7-b355-4b57-8a46-7e0e382055af req-d38c79d7-b355-4b57-8a46-7e0e382055af ] Request (ServersTestFqdnHostnames:test_create_server_with_fqdn_name): 200 GET http://10.180.1.21/compute/v2.1/servers/3c094195-7f0d-4043-a1e4-8acbf634b14f 1.719s
2025-02-07 12:41:34.371 62689 INFO tempest.lib.common.rest_client [req-afe67cba-acff-494b-9345-a2df18175a02 req-afe67cba-acff-494b-9345-a2df18175a02 ] Request (FloatingIPsAssociationNegativeTestJSON:setUpClass): 201 POST http://10.180.1.21:9696/networking/v2.0/networks 0.598s
2025-02-07 12:41:34.377 62699 INFO tempest.lib.common.rest_client [req-bcfc9f15-5b3f-4ee0-a171-5c34d8cd429b req-bcfc9f15-5b3f-4ee0-a171-5c34d8cd429b ] Request (ImagesOneServerTestJSON:setUpClass): 200 GET http://10.180.1.21/compute/v2.1/servers/7d40ad55-ab59-461f-986e-22aa0133f68f 1.636s
2025-02-07 12:41:34.408 62681 INFO tempest.lib.common.rest_client [req-f7227a38-b989-440d-bc9f-6488ff50dfc9 req-f7227a38-b989-440d-bc9f-6488ff50dfc9 ] Request (InstanceActionsV221TestJSON:test_get_list_deleted_instance_actions): 200 GET http://10.180.1.21/compute/v2.1/servers/7e467b83-2067-4ec7-a641-c417851bb0e8 1.657s
2025-02-07 12:41:34.580 62687 INFO tempest.lib.common.rest_client [req-fc90632a-1886-4d49-bb27-88546d759a9a req-fc90632a-1886-4d49-bb27-88546d759a9a ] Request (ServersTestBootFromVolume:setUpClass): 200 GET http://10.180.1.21/volume/v3/volumes/20a4258c-bee1-413f-ab8f-6d668370a189 0.035s
2025-02-07 12:41:34.692 62717 WARNING tempest.lib.common.ssh [-] Failed to establish authenticated ssh connection to cirros@10.180.180.219 ([Errno None] Unable to connect to port 22 on 10.180.180.219). Number attempts: 2. Retry after 3 seconds.: paramiko.ssh_exception.NoValidConnectionsError: [Errno None] Unable to connect to port 22 on 10.180.180.219
2025-02-07 12:41:34.692 62697 INFO tempest.lib.common.rest_client [req-cdd7dab8-5a10-45d6-b65f-b57984c04a5b req-cdd7dab8-5a10-45d6-b65f-b57984c04a5b ] Request (ServersAdminTestJSON:test_create_server_with_scheduling_hint): 200 GET http://10.180.1.21/compute/v2.1/servers/6d6f643f-fbb8-43b3-b47a-78d4ff71b8cb 0.828s
2025-02-07 12:41:34.767 62733 INFO tempest.lib.common.rest_client [req-5529ec77-1d06-4268-8112-fdc2db3128e5 req-5529ec77-1d06-4268-8112-fdc2db3128e5 ] Request (ImagesTestJSON:test_create_image_from_stopped_server): 200 GET http://10.180.1.21/compute/v2.1/servers/e1b536b2-778f-4318-bf20-198bb1752de4 0.821s
2025-02-07 12:41:34.809 62715 INFO tempest.lib.common.rest_client [req-de794a2f-8dcf-4a7b-8b67-0d38aa8fefe3 req-de794a2f-8dcf-4a7b-8b67-0d38aa8fefe3 ] Request (FlavorsAdminTestJSON:test_is_public_string_variations): 200 GET http://10.180.1.21/compute/v2.1/flavors/detail?is_public=yes 0.862s
2025-02-07 12:41:34.820 62677 WARNING tempest.lib.common.ssh [-] Failed to establish authenticated ssh connection to cirros@10.180.180.248 ([Errno None] Unable to connect to port 22 on 10.180.180.248). Number attempts: 6. Retry after 7 seconds.: paramiko.ssh_exception.NoValidConnectionsError: [Errno None] Unable to connect to port 22 on 10.180.180.248
2025-02-07 12:41:34.828 62705 INFO tempest.lib.common.rest_client [req-0183c204-daa0-411e-8f0c-62cf39440f4c req-0183c204-daa0-411e-8f0c-62cf39440f4c ] Request (KeyPairsV2TestJSON:_run_cleanups): 202 DELETE http://10.180.1.21/compute/v2.1/os-keypairs/tempest-KeyPairsV2TestJSON-keypair-2088724531 0.857s
2025-02-07 12:41:34.855 62679 INFO tempest.lib.common.rest_client [req-14671650-51b7-414b-a162-1be9ee9eb619 req-14671650-51b7-414b-a162-1be9ee9eb619 ] Request (HypervisorAdminNegativeTestJSON:test_show_hypervisor_with_non_admin_user): 200 GET http://10.180.1.21/compute/v2.1/os-hypervisors 0.883s
2025-02-07 12:41:34.882 62685 INFO tempest.lib.common.rest_client [req-921a1af5-c0e7-417e-852b-819fec530ff4 req-921a1af5-c0e7-417e-852b-819fec530ff4 ] Request (AggregatesAdminNegativeTestJSON:test_aggregate_remove_nonexistent_host): 404 POST http://10.180.1.21/compute/v2.1/os-aggregates/8/action 0.892s
2025-02-07 12:41:34.927 62705 INFO tempest.lib.common.rest_client [req-6ec1d8af-877b-4514-bd0f-f5e7316746be req-6ec1d8af-877b-4514-bd0f-f5e7316746be ] Request (KeyPairsV2TestJSON:tearDownClass): 204 DELETE http://10.180.1.21/identity/v3/users/19ddf209edd8404d990b703530833d3b 0.095s
2025-02-07 12:41:34.927 62705 INFO tempest.lib.common.dynamic_creds [-] Deleting project and security group for project: 7b9c47f1cb5c48bcaa0c164e96b3ce72
2025-02-07 12:41:34.960 62695 INFO tempest.lib.common.rest_client [req-5be1faeb-c625-4405-9fab-ab7d35213d8c req-5be1faeb-c625-4405-9fab-ab7d35213d8c ] Request (ServerActionsTestJSON:setUpClass): 200 GET http://10.180.1.21/compute/v2.1/servers/cd87ae19-37ee-4d88-95ee-9de38d5214a4 0.928s
2025-02-07 12:41:34.973 62689 INFO tempest.lib.common.rest_client [req-3a504742-8e70-4c76-b0e4-c04a4b9d1ee2 req-3a504742-8e70-4c76-b0e4-c04a4b9d1ee2 ] Request (FloatingIPsAssociationNegativeTestJSON:setUpClass): 201 POST http://10.180.1.21:9696/networking/v2.0/subnets 0.601s
2025-02-07 12:41:35.040 62701 INFO tempest.lib.common.rest_client [req-4b69c0b8-f69a-468b-b6c4-ffca13bdd396 req-4b69c0b8-f69a-468b-b6c4-ffca13bdd396 ] Request (ServerDiagnosticsV248Test:test_get_server_diagnostics): 200 GET http://10.180.1.21/compute/v2.1/servers/791b8fc4-81e2-4a69-a358-f56a421e4680 0.867s
2025-02-07 12:41:35.137 62705 INFO tempest.lib.common.rest_client [req-a5f0cf5c-b861-483e-b753-c18069d333d2 req-a5f0cf5c-b861-483e-b753-c18069d333d2 ] Request (KeyPairsV2TestJSON:tearDownClass): 201 POST http://10.180.1.21/identity/v3/auth/tokens 0.210s
2025-02-07 12:41:35.208 62711 INFO tempest.lib.common.rest_client [req-36ecba12-ff65-455b-a8c9-11cc8c5d4908 req-36ecba12-ff65-455b-a8c9-11cc8c5d4908 ] Request (ServerAddressesNegativeTestJSON:tearDownClass): 200 PUT http://10.180.1.21:9696/networking/v2.0/routers/0d8eca1d-ce69-4f03-9aac-bd5f5b922dfc/remove_router_interface 2.161s
2025-02-07 12:41:35.285 62709 INFO tempest.lib.common.rest_client [req-2a72fe09-67cf-4f6a-af2f-abe6bfe5801f req-2a72fe09-67cf-4f6a-af2f-abe6bfe5801f ] Request (ImagesMetadataTestJSON:test_update_image_metadata): 200 POST http://10.180.1.21/compute/v2.1/images/48a521ae-1768-4e91-b82e-b724ff7292c1/metadata 1.073s
2025-02-07 12:41:35.391 62721 INFO tempest.lib.common.rest_client [req-870d5dca-b1b5-435d-bb33-6edf69c35a71 req-870d5dca-b1b5-435d-bb33-6edf69c35a71 ] Request (AttachInterfacesUnderV243Test:test_add_remove_fixed_ip): 200 GET http://10.180.1.21/compute/v2.1/servers/0ccb3004-b612-45c3-b655-609eb2c4b16c 1.132s
2025-02-07 12:41:35.413 62735 INFO tempest.lib.common.rest_client [req-3cc3dfe3-1e26-4ab4-93fa-f197552d3732 req-3cc3dfe3-1e26-4ab4-93fa-f197552d3732 ] Request (ServerRescueTestJSONUnderV235:_run_cleanups): 202 DELETE http://10.180.1.21/compute/v2.1/os-floating-ips/1ada5fb6-5b39-44a1-924f-abccdd85890f 2.170s
2025-02-07 12:41:35.510 62727 INFO tempest.lib.common.rest_client [req-0d1baca5-93bd-4ed8-a8a2-82e036114434 req-0d1baca5-93bd-4ed8-a8a2-82e036114434 ] Request (SecurityGroupsTestJSON:test_list_security_groups_by_server): 200 GET http://10.180.1.21/compute/v2.1/servers/f71b6bee-dbc8-48b6-a446-3d93255fda73 1.155s
2025-02-07 12:41:35.568 62705 INFO tempest.lib.common.rest_client [req-795c5c86-3694-42c1-9d87-a2fe09b1d07e req-795c5c86-3694-42c1-9d87-a2fe09b1d07e ] Request (KeyPairsV2TestJSON:tearDownClass): 200 GET http://10.180.1.21:9696/networking/v2.0/security-groups?tenant_id=7b9c47f1cb5c48bcaa0c164e96b3ce72&name=default 0.430s
2025-02-07 12:41:35.620 62687 INFO tempest.lib.common.rest_client [req-9e8a1c7b-eaa1-4ab1-b3b9-4b725a8e54f0 req-9e8a1c7b-eaa1-4ab1-b3b9-4b725a8e54f0 ] Request (ServersTestBootFromVolume:setUpClass): 200 GET http://10.180.1.21/volume/v3/volumes/20a4258c-bee1-413f-ab8f-6d668370a189 0.033s
2025-02-07 12:41:35.728 62737 INFO tempest.lib.common.rest_client [req-08e6eb65-e9eb-46c4-b78a-79175638099d req-08e6eb65-e9eb-46c4-b78a-79175638099d ] Request (ServerRescueTestJSON:test_rescue_unrescue_instance): 200 GET http://10.180.1.21/compute/v2.1/servers/a415cd3c-4e94-4e23-9588-adb12815187c 1.103s
2025-02-07 12:41:35.770 62731 INFO tempest.lib.common.rest_client [req-c2a9dee9-b98e-4594-91a6-e2f389362237 req-c2a9dee9-b98e-4594-91a6-e2f389362237 ] Request (ServerDiskConfigTestJSON:test_rebuild_server_with_auto_disk_config): 200 GET http://10.180.1.21/compute/v2.1/servers/ba65df73-c3e3-4182-8444-9904aa5858d7 1.194s
2025-02-07 12:41:35.782 62705 INFO tempest.lib.common.rest_client [req-ab220e8a-3b31-4738-83ed-233c22380aac req-ab220e8a-3b31-4738-83ed-233c22380aac ] Request (KeyPairsV2TestJSON:tearDownClass): 204 DELETE http://10.180.1.21:9696/networking/v2.0/security-groups/3b1acf51-ea2e-4c87-85a0-60fed45186a2 0.213s
2025-02-07 12:41:35.795 62725 INFO tempest.lib.common.rest_client [req-dfdee036-0f0a-4d2b-ac69-75fa29e13a37 req-dfdee036-0f0a-4d2b-ac69-75fa29e13a37 ] Request (ServersAdminNegativeTestJSON:test_migrate_server_invalid_state): 200 GET http://10.180.1.21/compute/v2.1/servers/742baadd-a2ec-452d-8db1-313c8d28fe42 1.117s
2025-02-07 12:41:35.815 62719 INFO tempest.lib.common.rest_client [req-e6b8f3a2-f218-4c34-9c53-15be9564b5d2 req-e6b8f3a2-f218-4c34-9c53-15be9564b5d2 ] Request (ServersNegativeTestMultiTenantJSON:setUpClass): 201 POST http://10.180.1.21:9696/networking/v2.0/routers 2.039s
2025-02-07 12:41:35.828 62715 INFO tempest.lib.common.rest_client [req-dbdfea29-da4e-4063-8be2-49fd28edc7b8 req-dbdfea29-da4e-4063-8be2-49fd28edc7b8 ] Request (FlavorsAdminTestJSON:test_is_public_string_variations): 200 GET http://10.180.1.21/compute/v2.1/flavors/detail?is_public=1 1.011s
2025-02-07 12:41:35.839 62679 INFO tempest.lib.common.rest_client [req-63ed3b24-f0dd-419e-ab52-941ac96c3519 req-63ed3b24-f0dd-419e-ab52-941ac96c3519 ] Request (HypervisorAdminNegativeTestJSON:test_show_hypervisor_with_non_admin_user): 403 GET http://10.180.1.21/compute/v2.1/os-hypervisors/1 0.975s
2025-02-07 12:41:35.861 62685 INFO tempest.lib.common.rest_client [req-46491c64-9860-4bb6-a1ba-85c4d07fe10d req-46491c64-9860-4bb6-a1ba-85c4d07fe10d ] Request (AggregatesAdminNegativeTestJSON:_run_cleanups): 200 DELETE http://10.180.1.21/compute/v2.1/os-aggregates/8 0.978s
2025-02-07 12:41:35.885 62694 INFO tempest.lib.common.rest_client [req-388a672a-4c45-442f-9c0e-7da89620271f req-388a672a-4c45-442f-9c0e-7da89620271f ] Request (DeleteServersTestJSON:test_delete_server_while_in_attached_volume): 200 GET http://10.180.1.21/compute/v2.1/servers/bc2376dd-856e-4797-bd2a-1db5c2be795d 1.110s
2025-02-07 12:41:35.891 62707 INFO tempest.lib.common.rest_client [req-b5d22c4a-601d-4572-9b97-4bdf8470ff43 req-b5d22c4a-601d-4572-9b97-4bdf8470ff43 ] Request (ServersAdmin275Test:tearDownClass): 404 GET http://10.180.1.21/compute/v2.1/servers/82afd7a0-a514-4eac-9bcf-e2ed22e1e04b 0.999s
2025-02-07 12:41:35.908 62683 INFO tempest.lib.common.rest_client [req-7509e72a-d923-4245-9304-803869377163 req-7509e72a-d923-4245-9304-803869377163 ] Request (ImagesNegativeTestJSON:tearDownClass): 200 PUT http://10.180.1.21:9696/networking/v2.0/routers/7e167430-e5ba-4a48-88c7-df4ff9cbb3c0/remove_router_interface 2.005s
2025-02-07 12:41:35.914 62705 INFO tempest.lib.common.rest_client [req-96b93387-d7ad-4909-9c4c-53c3fa945a4c req-96b93387-d7ad-4909-9c4c-53c3fa945a4c ] Request (KeyPairsV2TestJSON:tearDownClass): 204 DELETE http://10.180.1.21/identity/v3/projects/7b9c47f1cb5c48bcaa0c164e96b3ce72 0.132s
2025-02-07 12:41:36.046 62707 INFO tempest.lib.common.rest_client [req-1bfbf44b-7b42-4984-86fb-e3bfb05a8e92 req-1bfbf44b-7b42-4984-86fb-e3bfb05a8e92 ] Request (ServersAdmin275Test:tearDownClass): 204 DELETE http://10.180.1.21/identity/v3/users/fa7c88d1154d45e8be04ce108c16db79 0.153s
2025-02-07 12:41:36.060 62685 INFO tempest.lib.common.rest_client [req-abbfb6cf-923f-441c-a655-06d5f086c799 req-abbfb6cf-923f-441c-a655-06d5f086c799 ] Request (AggregatesAdminNegativeTestJSON:tearDownClass): 204 DELETE http://10.180.1.21/identity/v3/users/da1db55dd4eb4cd2be439667167420e4 0.196s
2025-02-07 12:41:36.121 62705 INFO tempest.lib.common.rest_client [req-7061d177-749b-4349-9a64-d80669663814 req-7061d177-749b-4349-9a64-d80669663814 ] Request (AttachInterfacesV270Test:setUpClass): 201 POST http://10.180.1.21/identity/v3/auth/tokens 0.204s
2025-02-07 12:41:36.180 62707 INFO tempest.lib.common.rest_client [req-2f2079f1-8c93-4b24-9dfc-bdb059640656 req-2f2079f1-8c93-4b24-9dfc-bdb059640656 ] Request (ServersAdmin275Test:tearDownClass): 204 DELETE http://10.180.1.21/identity/v3/users/9c98285a15204606bb2a5b1d58979df7 0.134s
2025-02-07 12:41:36.180 62707 INFO tempest.lib.common.dynamic_creds [-] Deleting project and security group for project: 45337196a0904a7cad64b98af4d434a4
2025-02-07 12:41:36.229 62685 INFO tempest.lib.common.rest_client [req-8e81ab3e-08b3-4a29-b071-32213a105f72 req-8e81ab3e-08b3-4a29-b071-32213a105f72 ] Request (AggregatesAdminNegativeTestJSON:tearDownClass): 204 DELETE http://10.180.1.21/identity/v3/users/4410adc3eb4c45cc9dd9e8f6a0fbd296 0.167s
2025-02-07 12:41:36.230 62685 INFO tempest.lib.common.dynamic_creds [-] Deleting project and security group for project: 2fe7198bc8324116878fd75bad424f26
2025-02-07 12:41:36.238 62705 INFO tempest.lib.common.rest_client [req-15c536e4-4993-4616-8796-2b584a6ddf06 req-15c536e4-4993-4616-8796-2b584a6ddf06 ] Request (AttachInterfacesV270Test:setUpClass): 201 POST http://10.180.1.21/identity/v3/auth/tokens 0.111s
2025-02-07 12:41:36.241 62729 INFO tempest.lib.common.rest_client [req-20cd4a28-6111-493e-9731-dda132e435ed req-20cd4a28-6111-493e-9731-dda132e435ed ] Request (ServerActionsV293TestJSON:setUpClass): 200 GET http://10.180.1.21/compute/v2.1/servers/c29bf6eb-b456-4356-9ef8-d9ba70bc6464 1.282s
2025-02-07 12:41:36.293 62685 INFO tempest.lib.common.rest_client [req-38222b34-f82a-4400-b744-2b14150040d5 req-38222b34-f82a-4400-b744-2b14150040d5 ] Request (AggregatesAdminNegativeTestJSON:tearDownClass): 201 POST http://10.180.1.21/identity/v3/auth/tokens 0.063s
2025-02-07 12:41:36.295 62707 INFO tempest.lib.common.rest_client [req-b614f2d3-bd23-4c0d-9f94-52485b00a4ad req-b614f2d3-bd23-4c0d-9f94-52485b00a4ad ] Request (ServersAdmin275Test:tearDownClass): 201 POST http://10.180.1.21/identity/v3/auth/tokens 0.115s
2025-02-07 12:41:36.317 62705 INFO tempest.lib.common.rest_client [req-15f300f9-d896-415e-9c54-5185761b35d2 req-15f300f9-d896-415e-9c54-5185761b35d2 ] Request (AttachInterfacesV270Test:setUpClass): 200 GET http://10.180.1.21/identity/v3/domains?name=Default 0.079s
2025-02-07 12:41:36.392 62675 INFO tempest.lib.common.rest_client [req-0cb5bda2-f002-44bc-9739-f4843dfa9d69 req-0cb5bda2-f002-44bc-9739-f4843dfa9d69 ] Request (ImagesOneServerNegativeTestJSON:_run_cleanups): 200 GET http://10.180.1.21/compute/v2.1/servers/2e9731d0-ef1b-44f2-a457-d21a99bfa2bf 1.103s
2025-02-07 12:41:36.431 62705 INFO tempest.lib.common.rest_client [req-6d2a217a-3c33-411d-a31f-498f4d964090 req-6d2a217a-3c33-411d-a31f-498f4d964090 ] Request (AttachInterfacesV270Test:setUpClass): 201 POST http://10.180.1.21/identity/v3/projects 0.113s
2025-02-07 12:41:36.436 62709 INFO tempest.lib.common.rest_client [req-e6ee8464-53a5-45b0-8fec-bf566d7e1c3f req-e6ee8464-53a5-45b0-8fec-bf566d7e1c3f ] Request (ImagesMetadataTestJSON:test_update_image_metadata): 200 GET http://10.180.1.21/compute/v2.1/images/48a521ae-1768-4e91-b82e-b724ff7292c1/metadata 1.150s
2025-02-07 12:41:36.452 62713 INFO tempest.lib.common.rest_client [req-a66f2c09-56f7-438e-873f-18723f14c106 req-a66f2c09-56f7-438e-873f-18723f14c106 ] Request (MigrationsAdminTest:test_list_migrations_in_flavor_resize_situation): 200 GET http://10.180.1.21/compute/v2.1/servers/70b6d86f-10bd-471f-8655-e961c4208751 1.247s
2025-02-07 12:41:36.482 62711 INFO tempest.lib.common.rest_client [req-f432a820-2bc9-4b82-a4ed-30ab21eece7a req-f432a820-2bc9-4b82-a4ed-30ab21eece7a ] Request (ServerAddressesNegativeTestJSON:tearDownClass): 204 DELETE http://10.180.1.21:9696/networking/v2.0/routers/0d8eca1d-ce69-4f03-9aac-bd5f5b922dfc 1.273s
2025-02-07 12:41:36.540 62705 INFO tempest.lib.common.rest_client [req-f9adff4b-64ab-4248-a357-ba2883d34549 req-f9adff4b-64ab-4248-a357-ba2883d34549 ] Request (AttachInterfacesV270Test:setUpClass): 201 POST http://10.180.1.21/identity/v3/users 0.109s
2025-02-07 12:41:36.543 62709 INFO tempest.lib.common.rest_client [req-38a9f573-ab67-432e-9cd8-3664c546b033 req-38a9f573-ab67-432e-9cd8-3664c546b033 ] Request (ImagesMetadataTestJSON:tearDownClass): 204 DELETE http://10.180.1.21/image/v2/images/48a521ae-1768-4e91-b82e-b724ff7292c1 0.104s
2025-02-07 12:41:36.549 62699 INFO tempest.lib.common.rest_client [req-b91d7b69-cea6-4f3e-a3b7-a1a59c2d135b req-b91d7b69-cea6-4f3e-a3b7-a1a59c2d135b ] Request (ImagesOneServerTestJSON:setUpClass): 200 GET http://10.180.1.21/compute/v2.1/servers/7d40ad55-ab59-461f-986e-22aa0133f68f 1.165s
2025-02-07 12:41:36.574 62704 INFO tempest.lib.common.rest_client [req-3c7901cb-6d7a-4fd8-b009-77603c8e2e42 req-3c7901cb-6d7a-4fd8-b009-77603c8e2e42 ] Request (ServersTestFqdnHostnames:test_create_server_with_fqdn_name): 200 GET http://10.180.1.21/compute/v2.1/servers/3c094195-7f0d-4043-a1e4-8acbf634b14f 1.240s
2025-02-07 12:41:36.580 62705 INFO tempest.lib.common.rest_client [req-8581432f-162e-4bd0-a52a-e83aac6f3f58 req-8581432f-162e-4bd0-a52a-e83aac6f3f58 ] Request (AttachInterfacesV270Test:setUpClass): 200 GET http://10.180.1.21/identity/v3/roles 0.037s
2025-02-07 12:41:36.630 62705 INFO tempest.lib.common.rest_client [req-948fbfa5-773e-4796-b787-f33a0816f7fa req-948fbfa5-773e-4796-b787-f33a0816f7fa ] Request (AttachInterfacesV270Test:setUpClass): 204 PUT http://10.180.1.21/identity/v3/projects/e5895231adda4bd786b2e59e3a093709/users/77f7e3a9dd2c41938f216ea1cc73cfb2/roles/55e5affa13724ff6aec4ab625f276e72 0.049s
2025-02-07 12:41:36.630 62705 INFO tempest.lib.common.dynamic_creds [-] Dynamic test user 77f7e3a9dd2c41938f216ea1cc73cfb2 is created with scope project and roles: ['member']
2025-02-07 12:41:36.631 62705 INFO tempest.lib.common.dynamic_creds [-] Acquired dynamic creds: credentials: Credentials: {'domain_id': 'default', 'domain_name': 'Default', 'username': 'tempest-AttachInterfacesV270Test-454918473-project-member', 'project_domain_id': 'default', 'project_domain_name': 'Default', 'project_id': 'e5895231adda4bd786b2e59e3a093709', 'project_name': 'tempest-AttachInterfacesV270Test-454918473', 'tenant_id': 'e5895231adda4bd786b2e59e3a093709', 'tenant_name': 'tempest-AttachInterfacesV270Test-454918473', 'user_domain_id': 'default', 'user_domain_name': 'Default', 'user_id': '77f7e3a9dd2c41938f216ea1cc73cfb2', 'system': None}, Network: None, Subnet: None, Router: None
2025-02-07 12:41:36.649 62709 INFO tempest.lib.common.rest_client [req-351634e4-7147-4efc-9f54-bf9b8ab79535 req-351634e4-7147-4efc-9f54-bf9b8ab79535 ] Request (ImagesMetadataTestJSON:tearDownClass): 204 DELETE http://10.180.1.21/identity/v3/users/cbf7a875433441ea874429090f55e94a 0.105s
2025-02-07 12:41:36.651 62709 INFO tempest.lib.common.dynamic_creds [-] Deleting project and security group for project: 70be7543b6eb4b86ab7333ee749f94b7
2025-02-07 12:41:36.666 62687 INFO tempest.lib.common.rest_client [req-a30ae573-b669-49ac-a0a9-d2dc90df3e6b req-a30ae573-b669-49ac-a0a9-d2dc90df3e6b ] Request (ServersTestBootFromVolume:setUpClass): 200 GET http://10.180.1.21/volume/v3/volumes/20a4258c-bee1-413f-ab8f-6d668370a189 0.038s
2025-02-07 12:41:36.699 62681 INFO tempest.lib.common.rest_client [req-d3475f72-1db8-45ff-840d-fe73f629b500 req-d3475f72-1db8-45ff-840d-fe73f629b500 ] Request (InstanceActionsV221TestJSON:test_get_list_deleted_instance_actions): 200 GET http://10.180.1.21/compute/v2.1/servers/7e467b83-2067-4ec7-a641-c417851bb0e8 1.274s
2025-02-07 12:41:36.708 62705 INFO tempest.lib.common.rest_client [req-8299ab31-03b1-4c90-803d-d89ad8a13f2f req-8299ab31-03b1-4c90-803d-d89ad8a13f2f ] Request (AttachInterfacesV270Test:setUpClass): 201 POST http://10.180.1.21/identity/v3/auth/tokens 0.077s
2025-02-07 12:41:36.717 62709 INFO tempest.lib.common.rest_client [req-240ac861-c5f1-4bea-9440-6db458852905 req-240ac861-c5f1-4bea-9440-6db458852905 ] Request (ImagesMetadataTestJSON:tearDownClass): 201 POST http://10.180.1.21/identity/v3/auth/tokens 0.066s
2025-02-07 12:41:36.953 62685 INFO tempest.lib.common.rest_client [req-6fcc6e38-1a0f-4015-a58a-562cee834011 req-6fcc6e38-1a0f-4015-a58a-562cee834011 ] Request (AggregatesAdminNegativeTestJSON:tearDownClass): 200 GET http://10.180.1.21:9696/networking/v2.0/security-groups?tenant_id=2fe7198bc8324116878fd75bad424f26&name=default 0.660s
2025-02-07 12:41:36.972 62707 INFO tempest.lib.common.rest_client [req-755e0a59-e7ce-48d8-b01c-0c9afe874156 req-755e0a59-e7ce-48d8-b01c-0c9afe874156 ] Request (ServersAdmin275Test:tearDownClass): 200 GET http://10.180.1.21:9696/networking/v2.0/security-groups?tenant_id=45337196a0904a7cad64b98af4d434a4&name=default 0.676s
2025-02-07 12:41:37.019 62697 INFO tempest.lib.common.rest_client [req-1d07d823-70cc-42a4-9714-30cc1ab9a054 req-1d07d823-70cc-42a4-9714-30cc1ab9a054 ] Request (ServersAdminTestJSON:test_create_server_with_scheduling_hint): 200 GET http://10.180.1.21/compute/v2.1/servers/6d6f643f-fbb8-43b3-b47a-78d4ff71b8cb 1.313s
2025-02-07 12:41:37.113 62733 INFO tempest.lib.common.rest_client [req-9f88fa6c-9f3d-4193-b0a4-8fd1ace82d82 req-9f88fa6c-9f3d-4193-b0a4-8fd1ace82d82 ] Request (ImagesTestJSON:test_create_image_from_stopped_server): 200 GET http://10.180.1.21/compute/v2.1/servers/e1b536b2-778f-4318-bf20-198bb1752de4 1.332s
2025-02-07 12:41:37.121 62679 INFO tempest.lib.common.rest_client [req-fedff40c-249e-4a7e-8a84-d84774d4cc0f req-fedff40c-249e-4a7e-8a84-d84774d4cc0f ] Request (HypervisorAdminNegativeTestJSON:test_show_nonexistent_hypervisor): 404 GET http://10.180.1.21/compute/v2.1/os-hypervisors/e2d0e9fb-3cb7-4b02-87cb-bc5a4b771f04 1.281s
2025-02-07 12:41:37.154 62715 INFO tempest.lib.common.rest_client [req-b4121123-8106-476c-91d3-b5a285cdc642 req-b4121123-8106-476c-91d3-b5a285cdc642 ] Request (FlavorsAdminTestJSON:_run_cleanups): 202 DELETE http://10.180.1.21/compute/v2.1/flavors/582399345 1.311s
2025-02-07 12:41:37.196 62707 INFO tempest.lib.common.rest_client [req-46150d14-ceae-40ce-a6bb-6a033598686e req-46150d14-ceae-40ce-a6bb-6a033598686e ] Request (ServersAdmin275Test:tearDownClass): 204 DELETE http://10.180.1.21:9696/networking/v2.0/security-groups/b9cbf054-9e73-4280-8bdc-ccdb7a5d83fb 0.223s
2025-02-07 12:41:37.200 62685 INFO tempest.lib.common.rest_client [req-8b28c0fa-f82d-4df5-a8d2-2e000954e6a5 req-8b28c0fa-f82d-4df5-a8d2-2e000954e6a5 ] Request (AggregatesAdminNegativeTestJSON:tearDownClass): 204 DELETE http://10.180.1.21:9696/networking/v2.0/security-groups/d00e678d-de5d-4f8c-b842-46ced5cf9d5e 0.246s
2025-02-07 12:41:37.217 62679 INFO tempest.lib.common.rest_client [req-873d7cae-8fc7-44b6-a787-9cea512d02f6 req-873d7cae-8fc7-44b6-a787-9cea512d02f6 ] Request (HypervisorAdminNegativeTestJSON:tearDownClass): 204 DELETE http://10.180.1.21/identity/v3/users/d4ac5cdf4e844ba5af447899de86ad51 0.091s
2025-02-07 12:41:37.249 62711 INFO tempest.lib.common.rest_client [req-39470265-c5d8-44f1-8964-d00370a07f0c req-39470265-c5d8-44f1-8964-d00370a07f0c ] Request (ServerAddressesNegativeTestJSON:tearDownClass): 204 DELETE http://10.180.1.21:9696/networking/v2.0/subnets/e69731fc-826d-4ec5-af22-5236c3c9dd21 0.766s
2025-02-07 12:41:37.264 62695 INFO tempest.lib.common.rest_client [req-3690acfd-145c-443e-aa0a-eb07eb053931 req-3690acfd-145c-443e-aa0a-eb07eb053931 ] Request (ServerActionsTestJSON:setUpClass): 200 GET http://10.180.1.21/compute/v2.1/servers/cd87ae19-37ee-4d88-95ee-9de38d5214a4 1.294s
2025-02-07 12:41:37.272 62735 INFO tempest.lib.common.rest_client [req-1c448d0b-285e-4a08-a12e-53d336dc050c req-1c448d0b-285e-4a08-a12e-53d336dc050c ] Request (ServerRescueTestJSONUnderV235:tearDownClass): 202 DELETE http://10.180.1.21/compute/v2.1/os-security-groups/e4eccdf4-cb5d-47a7-86b9-f5089f590eb7 1.851s
2025-02-07 12:41:37.323 62707 INFO tempest.lib.common.rest_client [req-2daf4fae-7aab-46d6-a14a-19e50694267b req-2daf4fae-7aab-46d6-a14a-19e50694267b ] Request (ServersAdmin275Test:tearDownClass): 204 DELETE http://10.180.1.21/identity/v3/projects/45337196a0904a7cad64b98af4d434a4 0.127s
2025-02-07 12:41:37.326 62707 INFO tempest.lib.common.dynamic_creds [-] Deleting project and security group for project: e16410a0fdb54feaa010d976efd4433e
2025-02-07 12:41:37.345 62685 INFO tempest.lib.common.rest_client [req-a06ae530-7192-412e-a13a-2b7598e5f133 req-a06ae530-7192-412e-a13a-2b7598e5f133 ] Request (AggregatesAdminNegativeTestJSON:tearDownClass): 204 DELETE http://10.180.1.21/identity/v3/projects/2fe7198bc8324116878fd75bad424f26 0.144s
2025-02-07 12:41:37.345 62685 INFO tempest.lib.common.dynamic_creds [-] Deleting project and security group for project: be087eea3b984be8b43ff0c11674d7f3
2025-02-07 12:41:37.414 62701 INFO tempest.lib.common.rest_client [req-a8b4bf07-a0cd-4f4b-b5e7-0da901ff9653 req-a8b4bf07-a0cd-4f4b-b5e7-0da901ff9653 ] Request (ServerDiagnosticsV248Test:test_get_server_diagnostics): 200 GET http://10.180.1.21/compute/v2.1/servers/791b8fc4-81e2-4a69-a358-f56a421e4680 1.356s
2025-02-07 12:41:37.452 62721 INFO tempest.lib.common.rest_client [req-53a7c8f8-df53-485a-8098-f636c2ec91dd req-53a7c8f8-df53-485a-8098-f636c2ec91dd ] Request (AttachInterfacesUnderV243Test:test_add_remove_fixed_ip): 200 GET http://10.180.1.21/compute/v2.1/servers/0ccb3004-b612-45c3-b655-609eb2c4b16c 1.052s
2025-02-07 12:41:37.510 62709 INFO tempest.lib.common.rest_client [req-c2b4bdee-413e-495c-ba63-4bf67f272401 req-c2b4bdee-413e-495c-ba63-4bf67f272401 ] Request (ImagesMetadataTestJSON:tearDownClass): 200 GET http://10.180.1.21:9696/networking/v2.0/security-groups?tenant_id=70be7543b6eb4b86ab7333ee749f94b7&name=default 0.793s
2025-02-07 12:41:37.534 62679 INFO tempest.lib.common.rest_client [req-5c1de86c-ba22-4d80-b32a-de61fb3f0cdb req-5c1de86c-ba22-4d80-b32a-de61fb3f0cdb ] Request (HypervisorAdminNegativeTestJSON:tearDownClass): 204 DELETE http://10.180.1.21/identity/v3/users/333a2f41ead24aae82799e2104a28354 0.317s
2025-02-07 12:41:37.534 62679 INFO tempest.lib.common.dynamic_creds [-] Deleting project and security group for project: d4719bae5456442a904a5c53ff9c7605
2025-02-07 12:41:37.547 62727 INFO tempest.lib.common.rest_client [req-607df925-8bd6-49d2-a485-d71f626d247a req-607df925-8bd6-49d2-a485-d71f626d247a ] Request (SecurityGroupsTestJSON:test_list_security_groups_by_server): 200 GET http://10.180.1.21/compute/v2.1/servers/f71b6bee-dbc8-48b6-a446-3d93255fda73 1.025s
2025-02-07 12:41:37.631 62679 INFO tempest.lib.common.rest_client [req-d2c70486-24c6-4d95-b5a2-effe4298391f req-d2c70486-24c6-4d95-b5a2-effe4298391f ] Request (HypervisorAdminNegativeTestJSON:tearDownClass): 201 POST http://10.180.1.21/identity/v3/auth/tokens 0.097s
2025-02-07 12:41:37.709 62685 INFO tempest.lib.common.rest_client [req-c38dcf9c-3a28-452b-ae0d-1c92ad973afb req-c38dcf9c-3a28-452b-ae0d-1c92ad973afb ] Request (AggregatesAdminNegativeTestJSON:tearDownClass): 200 GET http://10.180.1.21:9696/networking/v2.0/security-groups?tenant_id=be087eea3b984be8b43ff0c11674d7f3&name=default 0.364s
2025-02-07 12:41:37.722 62687 INFO tempest.lib.common.rest_client [req-3f188fc2-167c-4b30-9bd9-344384c1f774 req-3f188fc2-167c-4b30-9bd9-344384c1f774 ] Request (ServersTestBootFromVolume:setUpClass): 200 GET http://10.180.1.21/volume/v3/volumes/20a4258c-bee1-413f-ab8f-6d668370a189 0.046s
2025-02-07 12:41:37.834 62683 INFO tempest.lib.common.rest_client [req-faa0e691-e176-4ee8-9bc7-5c1fdbacb07c req-faa0e691-e176-4ee8-9bc7-5c1fdbacb07c ] Request (ImagesNegativeTestJSON:tearDownClass): 204 DELETE http://10.180.1.21:9696/networking/v2.0/routers/7e167430-e5ba-4a48-88c7-df4ff9cbb3c0 1.925s
2025-02-07 12:41:37.859 62737 INFO tempest.lib.common.rest_client [req-19fc0efd-cb7f-4693-ad47-444c5c768130 req-19fc0efd-cb7f-4693-ad47-444c5c768130 ] Request (ServerRescueTestJSON:test_rescue_unrescue_instance): 200 GET http://10.180.1.21/compute/v2.1/servers/a415cd3c-4e94-4e23-9588-adb12815187c 1.119s
2025-02-07 12:41:37.897 62707 INFO tempest.lib.common.rest_client [req-0271f251-55b4-48b9-974e-6b3bfaa07d6c req-0271f251-55b4-48b9-974e-6b3bfaa07d6c ] Request (ServersAdmin275Test:tearDownClass): 200 GET http://10.180.1.21:9696/networking/v2.0/security-groups?tenant_id=e16410a0fdb54feaa010d976efd4433e&name=default 0.570s
2025-02-07 12:41:37.946 62709 INFO tempest.lib.common.rest_client [req-24e15ca5-f037-4ec5-bd8e-98a3cf7d889f req-24e15ca5-f037-4ec5-bd8e-98a3cf7d889f ] Request (ImagesMetadataTestJSON:tearDownClass): 204 DELETE http://10.180.1.21:9696/networking/v2.0/security-groups/eefc913a-981c-44ca-87c9-9cb74ab7988f 0.436s
2025-02-07 12:41:37.976 62725 INFO tempest.lib.common.rest_client [req-7ff1d4ea-eaf3-48b6-ae6e-dcc668e29fec req-7ff1d4ea-eaf3-48b6-ae6e-dcc668e29fec ] Request (ServersAdminNegativeTestJSON:test_migrate_server_invalid_state): 200 GET http://10.180.1.21/compute/v2.1/servers/742baadd-a2ec-452d-8db1-313c8d28fe42 1.164s
2025-02-07 12:41:37.982 62731 INFO tempest.lib.common.rest_client [req-94b71b2e-b383-47d5-b144-1efdea8d8e0a req-94b71b2e-b383-47d5-b144-1efdea8d8e0a ] Request (ServerDiskConfigTestJSON:test_rebuild_server_with_auto_disk_config): 200 GET http://10.180.1.21/compute/v2.1/servers/ba65df73-c3e3-4182-8444-9904aa5858d7 1.200s
2025-02-07 12:41:38.030 62715 INFO tempest.lib.common.rest_client [req-3d9d4fdd-4719-4c20-bdd4-787999c725ad req-3d9d4fdd-4719-4c20-bdd4-787999c725ad ] Request (FlavorsAdminTestJSON:_run_cleanups): 200 GET http://10.180.1.21/compute/v2.1/flavors/detail 0.874s
2025-02-07 12:41:38.040 62705 INFO tempest.lib.common.rest_client [req-f9309fcb-5599-4fc2-a6b1-2884bd5c51f3 req-f9309fcb-5599-4fc2-a6b1-2884bd5c51f3 ] Request (AttachInterfacesV270Test:setUpClass): 201 POST http://10.180.1.21:9696/networking/v2.0/networks 1.331s
2025-02-07 12:41:38.054 62719 INFO tempest.lib.common.rest_client [req-c46c4fed-5a26-4f59-8bbb-7d3c89f12795 req-c46c4fed-5a26-4f59-8bbb-7d3c89f12795 ] Request (ServersNegativeTestMultiTenantJSON:setUpClass): 200 PUT http://10.180.1.21:9696/networking/v2.0/routers/088f5003-04c2-4465-95a2-e9beb20bc9b4/add_router_interface 2.238s
2025-02-07 12:41:38.055 62719 INFO tempest.lib.common.dynamic_creds [-] Created isolated network resources for: credentials: Credentials: {'domain_id': 'default', 'domain_name': 'Default', 'username': 'tempest-ServersNegativeTestMultiTenantJSON-123414567-project-member', 'project_domain_id': 'default', 'project_domain_name': 'Default', 'project_id': 'd31e4312a24949aa8533c45cc66975f1', 'project_name': 'tempest-ServersNegativeTestMultiTenantJSON-123414567', 'tenant_id': 'd31e4312a24949aa8533c45cc66975f1', 'tenant_name': 'tempest-ServersNegativeTestMultiTenantJSON-123414567', 'user_domain_id': 'default', 'user_domain_name': 'Default', 'user_id': '03262290f7e44dbcb57997fb5739afab', 'system': None}, Network: {'id': '2475aa83-84d3-478f-a7a5-fc29a642e18c', 'name': 'tempest-ServersNegativeTestMultiTenantJSON-1595362118-network', 'tenant_id': 'd31e4312a24949aa8533c45cc66975f1', 'admin_state_up': True, 'mtu': 8950, 'status': 'ACTIVE', 'subnets': [], 'shared': False, 'project_id': 'd31e4312a24949aa8533c45cc66975f1', 'port_security_enabled': True, 'router:external': False, 'provider:network_type': 'vlan', 'provider:physical_network': 'default', 'provider:segmentation_id': 224, 'availability_zone_hints': [], 'availability_zones': [], 'ipv4_address_scope': None, 'ipv6_address_scope': None, 'description': '', 'tags': [], 'created_at': '2025-02-07T12:41:33Z', 'updated_at': '2025-02-07T12:41:33Z', 'revision_number': 1}, Subnet: {'id': 'e9ea0ae8-2c99-40c9-a4fe-3fb1eff087a0', 'name': 'tempest-ServersNegativeTestMultiTenantJSON-1595362118-subnet', 'tenant_id': 'd31e4312a24949aa8533c45cc66975f1', 'network_id': '2475aa83-84d3-478f-a7a5-fc29a642e18c', 'ip_version': 4, 'subnetpool_id': None, 'enable_dhcp': True, 'ipv6_ra_mode': None, 'ipv6_address_mode': None, 'gateway_ip': '192.168.128.1', 'cidr': '192.168.128.0/28', 'allocation_pools': [{'start': '192.168.128.2', 'end': '192.168.128.14'}], 'host_routes': [], 'dns_nameservers': [], 'description': '', 'router:external': False, 'service_types': [], 'tags': [], 'created_at': '2025-02-07T12:41:33Z', 'updated_at': '2025-02-07T12:41:33Z', 'revision_number': 0, 'project_id': 'd31e4312a24949aa8533c45cc66975f1'}, Router: {'id': '088f5003-04c2-4465-95a2-e9beb20bc9b4', 'name': 'tempest-ServersNegativeTestMultiTenantJSON-1595362118-router', 'tenant_id': 'd31e4312a24949aa8533c45cc66975f1', 'admin_state_up': True, 'status': 'ACTIVE', 'external_gateway_info': {'network_id': 'efbe45b3-2bbd-42b2-8f1f-d55b0a5ce8d3', 'external_fixed_ips': [{'subnet_id': 'c500051d-e96c-4a10-b0b5-36aa671b0e8e', 'ip_address': '10.180.180.139'}], 'enable_snat': True}, 'description': '', 'availability_zones': [], 'distributed': False, 'ha': False, 'availability_zone_hints': [], 'routes': [], 'flavor_id': None, 'tags': [], 'created_at': '2025-02-07T12:41:33Z', 'updated_at': '2025-02-07T12:41:35Z', 'revision_number': 2, 'project_id': 'd31e4312a24949aa8533c45cc66975f1'}
2025-02-07 12:41:38.066 62709 INFO tempest.lib.common.rest_client [req-0e690a8e-1278-4122-aeef-1a71a731bf45 req-0e690a8e-1278-4122-aeef-1a71a731bf45 ] Request (ImagesMetadataTestJSON:tearDownClass): 204 DELETE http://10.180.1.21/identity/v3/projects/70be7543b6eb4b86ab7333ee749f94b7 0.119s
2025-02-07 12:41:38.097 62694 INFO tempest.lib.common.rest_client [req-e5ec9faa-a117-42b2-88c5-3163fb4a391d req-e5ec9faa-a117-42b2-88c5-3163fb4a391d ] Request (DeleteServersTestJSON:test_delete_server_while_in_attached_volume): 200 GET http://10.180.1.21/compute/v2.1/servers/bc2376dd-856e-4797-bd2a-1db5c2be795d 1.194s
2025-02-07 12:41:38.121 62694 INFO tempest.common.waiters [-] State transition "BUILD/None" ==> "BUILD/networking" after 17 second wait
2025-02-07 12:41:38.151 62709 INFO tempest.lib.common.rest_client [req-c0ce4c7b-b4fd-4905-8b2a-ea21adc14e62 req-c0ce4c7b-b4fd-4905-8b2a-ea21adc14e62 ] Request (ListImageFiltersTestJSON:setUpClass): 201 POST http://10.180.1.21/identity/v3/auth/tokens 0.082s
2025-02-07 12:41:38.188 62709 INFO tempest.lib.common.rest_client [req-65bb90a7-fa10-4ee6-8160-94b982c99716 req-65bb90a7-fa10-4ee6-8160-94b982c99716 ] Request (ListImageFiltersTestJSON:setUpClass): 201 POST http://10.180.1.21/identity/v3/auth/tokens 0.032s
2025-02-07 12:41:38.190 62711 INFO tempest.lib.common.rest_client [req-d74813d9-9542-4634-8527-c53589359ac7 req-d74813d9-9542-4634-8527-c53589359ac7 ] Request (ServerAddressesNegativeTestJSON:tearDownClass): 204 DELETE http://10.180.1.21:9696/networking/v2.0/networks/90d99038-3cd0-4f76-861a-1ce2f8c4ed69 0.940s
2025-02-07 12:41:38.203 62685 INFO tempest.lib.common.rest_client [req-3e081f8b-7f82-4c80-b809-f66c356bdd1e req-3e081f8b-7f82-4c80-b809-f66c356bdd1e ] Request (AggregatesAdminNegativeTestJSON:tearDownClass): 204 DELETE http://10.180.1.21:9696/networking/v2.0/security-groups/4b168498-43fa-41e4-8dbc-e6e8fba75b6a 0.493s
2025-02-07 12:41:38.221 62709 INFO tempest.lib.common.rest_client [req-df99f17a-b8f0-4e53-ae31-833fe39d0a1d req-df99f17a-b8f0-4e53-ae31-833fe39d0a1d ] Request (ListImageFiltersTestJSON:setUpClass): 200 GET http://10.180.1.21/identity/v3/domains?name=Default 0.032s
2025-02-07 12:41:38.222 62719 INFO tempest.lib.common.rest_client [req-e848fa6f-6fbb-44a1-a15f-03e10e6216cb req-e848fa6f-6fbb-44a1-a15f-03e10e6216cb ] Request (ServersNegativeTestMultiTenantJSON:setUpClass): 201 POST http://10.180.1.21/identity/v3/auth/tokens 0.162s
2025-02-07 12:41:38.234 62735 INFO tempest.lib.common.rest_client [req-41bba4cf-27ce-4233-8e9a-5f483de35b4b req-41bba4cf-27ce-4233-8e9a-5f483de35b4b ] Request (ServerRescueTestJSONUnderV235:tearDownClass): 204 DELETE http://10.180.1.21/compute/v2.1/servers/5cff6baf-1dd7-4030-834d-266e83d77229 0.962s
2025-02-07 12:41:38.258 62679 INFO tempest.lib.common.rest_client [req-783b227f-6617-427f-b428-89e3bf8a1e1f req-783b227f-6617-427f-b428-89e3bf8a1e1f ] Request (HypervisorAdminNegativeTestJSON:tearDownClass): 200 GET http://10.180.1.21:9696/networking/v2.0/security-groups?tenant_id=d4719bae5456442a904a5c53ff9c7605&name=default 0.626s
2025-02-07 12:41:38.289 62711 INFO tempest.lib.common.rest_client [req-fb2f5452-a387-4dbe-9378-4c047e6837c5 req-fb2f5452-a387-4dbe-9378-4c047e6837c5 ] Request (ServerAddressesNegativeTestJSON:tearDownClass): 204 DELETE http://10.180.1.21/identity/v3/users/46809cceec4c42db82b6ac2bdd71728e 0.098s
2025-02-07 12:41:38.289 62711 INFO tempest.lib.common.dynamic_creds [-] Deleting project and security group for project: e9a982e9974241eeb950b444f041193d
2025-02-07 12:41:38.322 62685 INFO tempest.lib.common.rest_client [req-c516e4cb-e789-456f-920b-8c81c51b0956 req-c516e4cb-e789-456f-920b-8c81c51b0956 ] Request (AggregatesAdminNegativeTestJSON:tearDownClass): 204 DELETE http://10.180.1.21/identity/v3/projects/be087eea3b984be8b43ff0c11674d7f3 0.118s
2025-02-07 12:41:38.337 62707 INFO tempest.lib.common.rest_client [req-550ace85-2092-4484-9560-335728640180 req-550ace85-2092-4484-9560-335728640180 ] Request (ServersAdmin275Test:tearDownClass): 204 DELETE http://10.180.1.21:9696/networking/v2.0/security-groups/1c11d238-e9d7-4f4e-b3f3-7a7b54469f27 0.440s
2025-02-07 12:41:38.371 62675 INFO tempest.lib.common.rest_client [req-2e869b71-1a15-4d31-8e40-c20f4edbfeda req-2e869b71-1a15-4d31-8e40-c20f4edbfeda ] Request (ImagesOneServerNegativeTestJSON:_run_cleanups): 200 GET http://10.180.1.21/compute/v2.1/servers/2e9731d0-ef1b-44f2-a457-d21a99bfa2bf 0.968s
2025-02-07 12:41:38.376 62719 INFO tempest.lib.common.rest_client [req-8a74361a-d082-4764-acbe-0287480475e2 req-8a74361a-d082-4764-acbe-0287480475e2 ] Request (ServersNegativeTestMultiTenantJSON:setUpClass): 201 POST http://10.180.1.21/identity/v3/auth/tokens 0.150s
2025-02-07 12:41:38.377 62719 INFO tempest.lib.common.fixed_network [-] (ServersNegativeTestMultiTenantJSON:setUpClass) Found network {'id': 'e92ab555-c295-418e-97f5-48a51695f95b', 'name': 'tempest-ServersNegativeTestMultiTenantJSON-1554000638-network', 'tenant_id': 'cdb0a9405c70425294c4594d76627351', 'admin_state_up': True, 'mtu': 8950, 'status': 'ACTIVE', 'subnets': [], 'shared': False, 'project_id': 'cdb0a9405c70425294c4594d76627351', 'port_security_enabled': True, 'router:external': False, 'provider:network_type': 'vlan', 'provider:physical_network': 'default', 'provider:segmentation_id': 28, 'availability_zone_hints': [], 'availability_zones': [], 'ipv4_address_scope': None, 'ipv6_address_scope': None, 'description': '', 'tags': [], 'created_at': '2025-02-07T12:41:28Z', 'updated_at': '2025-02-07T12:41:28Z', 'revision_number': 1} available for tenant
2025-02-07 12:41:38.409 62709 INFO tempest.lib.common.rest_client [req-e1023582-d021-4e7b-a6f0-d19317f5e2a2 req-e1023582-d021-4e7b-a6f0-d19317f5e2a2 ] Request (ListImageFiltersTestJSON:setUpClass): 201 POST http://10.180.1.21/identity/v3/projects 0.188s
2025-02-07 12:41:38.435 62711 INFO tempest.lib.common.rest_client [req-78ab5c1c-a8fe-459b-b281-af82e59f2a6c req-78ab5c1c-a8fe-459b-b281-af82e59f2a6c ] Request (ServerAddressesNegativeTestJSON:tearDownClass): 200 GET http://10.180.1.21:9696/networking/v2.0/security-groups?tenant_id=e9a982e9974241eeb950b444f041193d&name=default 0.146s
2025-02-07 12:41:38.478 62689 INFO tempest.lib.common.rest_client [req-bcc70332-955a-40a9-a4d7-9e3cbf29eb9d req-bcc70332-955a-40a9-a4d7-9e3cbf29eb9d ] Request (FloatingIPsAssociationNegativeTestJSON:setUpClass): 201 POST http://10.180.1.21:9696/networking/v2.0/routers 3.503s
2025-02-07 12:41:38.484 62685 INFO tempest.lib.common.rest_client [req-33191bd3-999b-4b72-b1b3-14a5aeb4f374 req-33191bd3-999b-4b72-b1b3-14a5aeb4f374 ] Request (TenantUsagesTestJSON:setUpClass): 201 POST http://10.180.1.21/identity/v3/auth/tokens 0.160s
2025-02-07 12:41:38.532 62709 INFO tempest.lib.common.rest_client [req-6179aa10-c2dd-4145-ace2-e183384f8a97 req-6179aa10-c2dd-4145-ace2-e183384f8a97 ] Request (ListImageFiltersTestJSON:setUpClass): 201 POST http://10.180.1.21/identity/v3/users 0.121s
2025-02-07 12:41:38.537 62707 INFO tempest.lib.common.rest_client [req-5ef1fc51-c8ef-498c-8bf1-5ce0661a4dab req-5ef1fc51-c8ef-498c-8bf1-5ce0661a4dab ] Request (ServersAdmin275Test:tearDownClass): 204 DELETE http://10.180.1.21/identity/v3/projects/e16410a0fdb54feaa010d976efd4433e 0.199s
2025-02-07 12:41:38.540 62729 INFO tempest.lib.common.rest_client [req-961302d0-bd40-40c6-80ed-3389ca640ac0 req-961302d0-bd40-40c6-80ed-3389ca640ac0 ] Request (ServerActionsV293TestJSON:setUpClass): 200 GET http://10.180.1.21/compute/v2.1/servers/c29bf6eb-b456-4356-9ef8-d9ba70bc6464 1.282s
2025-02-07 12:41:38.561 62729 INFO tempest.common.waiters [-] State transition "BUILD/spawning" ==> "ACTIVE/None" after 30 second wait
2025-02-07 12:41:38.596 62685 INFO tempest.lib.common.rest_client [req-7facf8dc-fd3d-4524-958b-6a652869da08 req-7facf8dc-fd3d-4524-958b-6a652869da08 ] Request (TenantUsagesTestJSON:setUpClass): 201 POST http://10.180.1.21/identity/v3/auth/tokens 0.106s
2025-02-07 12:41:38.603 62709 INFO tempest.lib.common.rest_client [req-0d1d2a51-96c7-45c0-8fc3-ed431513031b req-0d1d2a51-96c7-45c0-8fc3-ed431513031b ] Request (ListImageFiltersTestJSON:setUpClass): 200 GET http://10.180.1.21/identity/v3/roles 0.070s
2025-02-07 12:41:38.627 62685 INFO tempest.lib.common.rest_client [req-ae82a5dc-b716-4709-9443-5af15e2e724c req-ae82a5dc-b716-4709-9443-5af15e2e724c ] Request (TenantUsagesTestJSON:setUpClass): 200 GET http://10.180.1.21/identity/v3/domains?name=Default 0.030s
2025-02-07 12:41:38.633 62707 INFO tempest.lib.common.rest_client [req-6685a90b-3070-4b3d-8a8c-67a8e4628c63 req-6685a90b-3070-4b3d-8a8c-67a8e4628c63 ] Request (VolumesAdminNegativeTest:setUpClass): 201 POST http://10.180.1.21/identity/v3/auth/tokens 0.094s
2025-02-07 12:41:38.662 62709 INFO tempest.lib.common.rest_client [req-298b184d-d6d8-4f9b-aaba-39535cc3ad8e req-298b184d-d6d8-4f9b-aaba-39535cc3ad8e ] Request (ListImageFiltersTestJSON:setUpClass): 204 PUT http://10.180.1.21/identity/v3/projects/6c5a0144756140938dd8d62f12d34cfb/users/9b92099386af4fd19e4a9c53803e17e8/roles/55e5affa13724ff6aec4ab625f276e72 0.059s
2025-02-07 12:41:38.662 62709 INFO tempest.lib.common.dynamic_creds [-] Dynamic test user 9b92099386af4fd19e4a9c53803e17e8 is created with scope project and roles: ['member']
2025-02-07 12:41:38.662 62709 INFO tempest.lib.common.dynamic_creds [-] Acquired dynamic creds: credentials: Credentials: {'domain_id': 'default', 'domain_name': 'Default', 'username': 'tempest-ListImageFiltersTestJSON-2101462250-project-member', 'project_domain_id': 'default', 'project_domain_name': 'Default', 'project_id': '6c5a0144756140938dd8d62f12d34cfb', 'project_name': 'tempest-ListImageFiltersTestJSON-2101462250', 'tenant_id': '6c5a0144756140938dd8d62f12d34cfb', 'tenant_name': 'tempest-ListImageFiltersTestJSON-2101462250', 'user_domain_id': 'default', 'user_domain_name': 'Default', 'user_id': '9b92099386af4fd19e4a9c53803e17e8', 'system': None}, Network: None, Subnet: None, Router: None
2025-02-07 12:41:38.663 62709 INFO tempest.lib.common.dynamic_creds [-] Created isolated network resources for: credentials: Credentials: {'domain_id': 'default', 'domain_name': 'Default', 'username': 'tempest-ListImageFiltersTestJSON-2101462250-project-member', 'project_domain_id': 'default', 'project_domain_name': 'Default', 'project_id': '6c5a0144756140938dd8d62f12d34cfb', 'project_name': 'tempest-ListImageFiltersTestJSON-2101462250', 'tenant_id': '6c5a0144756140938dd8d62f12d34cfb', 'tenant_name': 'tempest-ListImageFiltersTestJSON-2101462250', 'user_domain_id': 'default', 'user_domain_name': 'Default', 'user_id': '9b92099386af4fd19e4a9c53803e17e8', 'system': None}, Network: None, Subnet: None, Router: None
2025-02-07 12:41:38.662 62685 INFO tempest.lib.common.rest_client [req-7778cbdd-f9d4-4bd3-b42e-ac57a247d715 req-7778cbdd-f9d4-4bd3-b42e-ac57a247d715 ] Request (TenantUsagesTestJSON:setUpClass): 201 POST http://10.180.1.21/identity/v3/projects 0.033s
2025-02-07 12:41:38.666 62679 INFO tempest.lib.common.rest_client [req-ac5915c3-ed86-4132-8c46-2f39aa46fce3 req-ac5915c3-ed86-4132-8c46-2f39aa46fce3 ] Request (HypervisorAdminNegativeTestJSON:tearDownClass): 204 DELETE http://10.180.1.21:9696/networking/v2.0/security-groups/5d5a232d-50f5-4990-bf90-55c096c95ed1 0.407s
