2025-02-07 12:42:28.065 62725 INFO tempest.lib.common.rest_client [req-c52a1e75-bbca-4b80-9103-02585e56d5ba req-c52a1e75-bbca-4b80-9103-02585e56d5ba ] Request (ServersAdminNegativeTestJSON:tearDownClass): 200 GET http://10.180.1.21/compute/v2.1/servers/742baadd-a2ec-452d-8db1-313c8d28fe42 0.414s
2025-02-07 12:42:28.082 62705 INFO tempest.lib.common.rest_client [req-018de342-13e4-4cb6-8185-b0526cefce1c req-018de342-13e4-4cb6-8185-b0526cefce1c ] Request (AttachInterfacesV270Test:test_create_get_list_interfaces): 200 GET http://10.180.1.21/compute/v2.1/servers/9523a163-666d-448f-84a6-5278a7171f86 0.392s
2025-02-07 12:42:28.117 62737 INFO tempest.lib.common.rest_client [req-85013d34-ebc1-4741-a1cc-d850aac18fa7 req-85013d34-ebc1-4741-a1cc-d850aac18fa7 ] Request (ServerRescueTestJSON:tearDownClass): 200 GET http://10.180.1.21/compute/v2.1/servers/a415cd3c-4e94-4e23-9588-adb12815187c 0.421s
2025-02-07 12:42:28.144 62731 INFO tempest.lib.common.rest_client [req-2640b2d6-67fa-4ec2-9d07-2c78bfc92898 req-2640b2d6-67fa-4ec2-9d07-2c78bfc92898 ] Request (ServerDiskConfigTestJSON:test_rebuild_server_with_manual_disk_config): 200 GET http://10.180.1.21/compute/v2.1/servers/758fbe89-1e60-4025-853d-41439705356b 0.412s
2025-02-07 12:42:28.170 62733 INFO tempest.lib.common.rest_client [req-7380aff7-514c-47b3-9d25-9089ed2258e9 req-7380aff7-514c-47b3-9d25-9089ed2258e9 ] Request (ImagesTestJSON:test_create_image_from_suspended_server): 200 GET http://10.180.1.21/compute/v2.1/servers/a6583a62-ee37-42e0-9a51-b0ce30de58c2 0.426s
2025-02-07 12:42:28.205 62687 INFO tempest.lib.common.rest_client [req-a19820d3-f07e-4ea8-be13-737e357f7456 req-a19820d3-f07e-4ea8-be13-737e357f7456 ] Request (ServersTestBootFromVolume:setUpClass): 200 GET http://10.180.1.21/compute/v2.1/servers/009129d2-dc03-4de0-ac09-9d24894e5e67 0.419s
2025-02-07 12:42:28.220 62679 INFO tempest.lib.common.rest_client [req-a0ed2759-22f1-4cb5-9b5e-8058a5dda642 req-a0ed2759-22f1-4cb5-9b5e-8058a5dda642 ] Request (ServerDiagnosticsNegativeTest:test_get_server_diagnostics_by_non_admin): 200 GET http://10.180.1.21/compute/v2.1/servers/ed958c86-7d75-439f-a3f1-8c8d2fc6ea0d 0.428s
2025-02-07 12:42:28.236 62699 INFO tempest.lib.common.rest_client [req-28ebd296-a526-4b2e-96d4-fff2c44eb6d4 req-28ebd296-a526-4b2e-96d4-fff2c44eb6d4 ] Request (ImagesOneServerTestJSON:test_create_image_specify_multibyte_character_image_name): 200 GET http://10.180.1.21/compute/v2.1/images/ba326eff-0888-42b5-8024-ffe91fc2bdbf 0.417s
2025-02-07 12:42:28.280 62675 INFO tempest.lib.common.rest_client [req-316a02f5-ef19-4c36-ac50-c67192428d3f req-316a02f5-ef19-4c36-ac50-c67192428d3f ] Request (ImagesOneServerNegativeTestJSON:_run_cleanups): 200 GET http://10.180.1.21/compute/v2.1/servers/faaa5eff-8814-4951-a6fc-9b2a53891f1c 0.445s
2025-02-07 12:42:28.286 62685 INFO tempest.lib.common.rest_client [req-1d62537d-625b-4b88-bd43-a99ecf14385c req-1d62537d-625b-4b88-bd43-a99ecf14385c ] Request (TenantUsagesTestJSON:setUpClass): 200 GET http://10.180.1.21/compute/v2.1/servers/5b4524e2-ff60-4ae5-9658-7fe7cad2b878 0.413s
2025-02-07 12:42:28.329 62689 INFO tempest.lib.common.rest_client [req-6bafd92e-d97f-427e-acfa-fd35317da432 req-6bafd92e-d97f-427e-acfa-fd35317da432 ] Request (FloatingIPsAssociationNegativeTestJSON:setUpClass): 200 GET http://10.180.1.21/compute/v2.1/servers/b3e7bd84-3c18-40c7-95a7-9b259069f066 0.437s
2025-02-07 12:42:28.334 62709 INFO tempest.lib.common.rest_client [req-a7a3a385-d75b-425c-b22c-ccb9abd6a635 req-a7a3a385-d75b-425c-b22c-ccb9abd6a635 ] Request (ListImageFiltersTestJSON:setUpClass): 200 GET http://10.180.1.21/compute/v2.1/servers/996dff46-a8df-411f-8974-260f591f6086 0.412s
2025-02-07 12:42:28.380 62715 INFO tempest.lib.common.rest_client [req-7b4bf0d8-1841-47d3-8e25-9ab8ff91225c req-7b4bf0d8-1841-47d3-8e25-9ab8ff91225c ] Request (ServersTestMultiNic:test_verify_duplicate_network_nics): 200 GET http://10.180.1.21/compute/v2.1/servers/fa27d91c-5bae-40a3-a153-ac41f4238532 0.430s
2025-02-07 12:42:28.389 62711 INFO tempest.lib.common.rest_client [req-7c19c39e-f759-4203-b32d-d4d2666a6002 req-7c19c39e-f759-4203-b32d-d4d2666a6002 ] Request (ServerShowV247Test:test_update_rebuild_list_server): 200 GET http://10.180.1.21/compute/v2.1/servers/a8ab0e21-de37-42da-b4b6-d9d9d120f61f 0.413s
2025-02-07 12:42:28.440 62727 INFO tempest.lib.common.rest_client [req-1dd56a51-7ae9-4ae4-9437-b4dfa19b8d83 req-1dd56a51-7ae9-4ae4-9437-b4dfa19b8d83 ] Request (SecurityGroupsTestJSON:test_server_security_groups): 200 GET http://10.180.1.21/compute/v2.1/servers/28447a5e-1970-4231-9866-6bd221bcca82 0.434s
2025-02-07 12:42:28.494 62694 INFO tempest.lib.common.rest_client [req-4be32355-66eb-4bba-a88d-5e741f113bba req-4be32355-66eb-4bba-a88d-5e741f113bba ] Request (DeleteServersTestJSON:test_delete_server_while_in_attached_volume): 200 GET http://10.180.1.21/compute/v2.1/servers/bc2376dd-856e-4797-bd2a-1db5c2be795d 0.460s
2025-02-07 12:42:28.504 62719 INFO tempest.lib.common.rest_client [req-ea183811-ed7e-4e89-ad0f-f65fbfd7b3e1 req-ea183811-ed7e-4e89-ad0f-f65fbfd7b3e1 ] Request (ServersNegativeTestMultiTenantJSON:setUp): 200 GET http://10.180.1.21/compute/v2.1/servers/c83ae6b9-a239-40b5-a493-529b1687a573 0.523s
2025-02-07 12:42:28.539 62707 INFO tempest.lib.common.rest_client [req-6100e6fb-408f-40e5-83b7-9358d914577e req-6100e6fb-408f-40e5-83b7-9358d914577e ] Request (VolumesAdminNegativeTest:test_update_attached_volume_with_nonexistent_volume_in_body): 200 GET http://10.180.1.21/compute/v2.1/servers/d0318881-a5f3-4701-991a-7e42895b5f46 0.490s
2025-02-07 12:42:28.546 62707 INFO tempest.common.waiters [-] State transition "BUILD/scheduling" ==> "BUILD/None" after 37 second wait
2025-02-07 12:42:28.585 62701 INFO tempest.lib.common.rest_client [req-80e8ef70-9495-45aa-b421-5f053535d2eb req-80e8ef70-9495-45aa-b421-5f053535d2eb ] Request (ServerDiagnosticsV248Test:tearDownClass): 200 GET http://10.180.1.21/compute/v2.1/servers/791b8fc4-81e2-4a69-a358-f56a421e4680 0.332s
2025-02-07 12:42:28.590 62697 INFO tempest.lib.common.rest_client [req-e373a806-be6e-4c00-9bbc-e7165ce6d3ca req-e373a806-be6e-4c00-9bbc-e7165ce6d3ca ] Request (ServersAdminTestJSON:test_inject_network_info): 200 GET http://10.180.1.21/compute/v2.1/servers/9fdc58aa-dd5a-4fe0-95ff-5ad2d06f0298 0.275s
2025-02-07 12:42:28.673 62719 INFO tempest.lib.common.rest_client [req-3a3373a6-25fc-4906-a26f-6ee8c6020ce8 req-3a3373a6-25fc-4906-a26f-6ee8c6020ce8 ] Request (ServersNegativeTestMultiTenantJSON:test_delete_a_server_of_another_tenant): 404 DELETE http://10.180.1.21/compute/v2.1/servers/c83ae6b9-a239-40b5-a493-529b1687a573 0.161s
2025-02-07 12:42:28.716 62713 INFO tempest.lib.common.rest_client [req-5859d85f-4968-4d14-b645-e45c60b848bd req-5859d85f-4968-4d14-b645-e45c60b848bd ] Request (MigrationsAdminTest:test_resize_server_revert_deleted_flavor): 200 GET http://10.180.1.21/compute/v2.1/servers/7a3d03fd-327a-453b-ad3c-12736433379d 0.052s
2025-02-07 12:42:28.767 62719 INFO tempest.lib.common.rest_client [req-f62f377e-0e4f-404b-a241-eb19d3f194ba req-f62f377e-0e4f-404b-a241-eb19d3f194ba ] Request (ServersNegativeTestMultiTenantJSON:setUp): 200 GET http://10.180.1.21/compute/v2.1/servers/c83ae6b9-a239-40b5-a493-529b1687a573 0.092s
2025-02-07 12:42:28.796 62719 INFO tempest.lib.common.rest_client [req-e4c884f0-93c6-41ad-acb3-2e290ace4bb8 req-e4c884f0-93c6-41ad-acb3-2e290ace4bb8 ] Request (ServersNegativeTestMultiTenantJSON:test_update_server_of_another_tenant): 404 PUT http://10.180.1.21/compute/v2.1/servers/c83ae6b9-a239-40b5-a493-529b1687a573 0.022s
2025-02-07 12:42:28.870 62719 INFO tempest.lib.common.rest_client [req-65dd9a95-59ed-4007-ad33-4ecead42bb0d req-65dd9a95-59ed-4007-ad33-4ecead42bb0d ] Request (ServersNegativeTestMultiTenantJSON:tearDownClass): 204 DELETE http://10.180.1.21/compute/v2.1/servers/c83ae6b9-a239-40b5-a493-529b1687a573 0.069s
2025-02-07 12:42:28.969 62719 INFO tempest.lib.common.rest_client [req-bb042acf-506b-4d0a-a526-26712d48c821 req-bb042acf-506b-4d0a-a526-26712d48c821 ] Request (ServersNegativeTestMultiTenantJSON:tearDownClass): 200 GET http://10.180.1.21/compute/v2.1/servers/c83ae6b9-a239-40b5-a493-529b1687a573 0.099s
2025-02-07 12:42:29.073 62681 INFO tempest.lib.common.rest_client [req-1030370f-5047-43fd-996b-491c8237703c req-1030370f-5047-43fd-996b-491c8237703c ] Request (InstanceActionsV221TestJSON:test_get_list_deleted_instance_actions): 200 GET http://10.180.1.21/compute/v2.1/servers/7e467b83-2067-4ec7-a641-c417851bb0e8 0.060s
2025-02-07 12:42:29.089 62683 INFO tempest.lib.common.rest_client [req-25c59c96-119b-4e6e-8931-4872c3281e56 req-25c59c96-119b-4e6e-8931-4872c3281e56 ] Request (ListServerFiltersTestJSON:setUpClass): 200 GET http://10.180.1.21/compute/v2.1/servers/f468937a-de46-49b3-ba64-40403bb6b77f 0.053s
2025-02-07 12:42:29.096 62683 INFO tempest.common.waiters [-] State transition "BUILD/scheduling" ==> "BUILD/None" after 40 second wait
2025-02-07 12:42:29.130 62725 INFO tempest.lib.common.rest_client [req-f4b15f55-a8f5-49b8-82e6-591c81778458 req-f4b15f55-a8f5-49b8-82e6-591c81778458 ] Request (ServersAdminNegativeTestJSON:tearDownClass): 200 GET http://10.180.1.21/compute/v2.1/servers/742baadd-a2ec-452d-8db1-313c8d28fe42 0.057s
2025-02-07 12:42:29.151 62705 INFO tempest.lib.common.rest_client [req-3700a0ff-e4c0-4c5c-8f7c-d2a2d83fe716 req-3700a0ff-e4c0-4c5c-8f7c-d2a2d83fe716 ] Request (AttachInterfacesV270Test:test_create_get_list_interfaces): 200 GET http://10.180.1.21/compute/v2.1/servers/9523a163-666d-448f-84a6-5278a7171f86 0.058s
2025-02-07 12:42:29.189 62737 INFO tempest.lib.common.rest_client [req-5e156caf-23a6-45c4-b37d-ca05702ed5dd req-5e156caf-23a6-45c4-b37d-ca05702ed5dd ] Request (ServerRescueTestJSON:tearDownClass): 200 GET http://10.180.1.21/compute/v2.1/servers/a415cd3c-4e94-4e23-9588-adb12815187c 0.063s
2025-02-07 12:42:29.204 62731 INFO tempest.lib.common.rest_client [req-f7922e92-e6b8-4005-bd4a-a82bb1de0cf4 req-f7922e92-e6b8-4005-bd4a-a82bb1de0cf4 ] Request (ServerDiskConfigTestJSON:test_rebuild_server_with_manual_disk_config): 200 GET http://10.180.1.21/compute/v2.1/servers/758fbe89-1e60-4025-853d-41439705356b 0.053s
2025-02-07 12:42:29.221 62717 WARNING tempest.lib.common.ssh [-] Failed to establish authenticated ssh connection to cirros@10.180.180.219 ([Errno None] Unable to connect to port 22 on 10.180.180.219). Number attempts: 8. Retry after 9 seconds.: paramiko.ssh_exception.NoValidConnectionsError: [Errno None] Unable to connect to port 22 on 10.180.180.219
2025-02-07 12:42:29.237 62733 INFO tempest.lib.common.rest_client [req-c94ceb51-f3ae-4d3b-9aaa-d2b26d58baf3 req-c94ceb51-f3ae-4d3b-9aaa-d2b26d58baf3 ] Request (ImagesTestJSON:test_create_image_from_suspended_server): 200 GET http://10.180.1.21/compute/v2.1/servers/a6583a62-ee37-42e0-9a51-b0ce30de58c2 0.060s
2025-02-07 12:42:29.270 62687 INFO tempest.lib.common.rest_client [req-d13c28e5-3d3f-4888-864f-3f949634b0ed req-d13c28e5-3d3f-4888-864f-3f949634b0ed ] Request (ServersTestBootFromVolume:setUpClass): 200 GET http://10.180.1.21/compute/v2.1/servers/009129d2-dc03-4de0-ac09-9d24894e5e67 0.054s
2025-02-07 12:42:29.284 62679 INFO tempest.lib.common.rest_client [req-bfdc34d4-92be-4188-a0ba-d9139014ee0d req-bfdc34d4-92be-4188-a0ba-d9139014ee0d ] Request (ServerDiagnosticsNegativeTest:test_get_server_diagnostics_by_non_admin): 200 GET http://10.180.1.21/compute/v2.1/servers/ed958c86-7d75-439f-a3f1-8c8d2fc6ea0d 0.056s
2025-02-07 12:42:29.305 62699 INFO tempest.lib.common.rest_client [req-41b84dc2-5567-4321-825e-d973e9237acd req-41b84dc2-5567-4321-825e-d973e9237acd ] Request (ImagesOneServerTestJSON:test_create_image_specify_multibyte_character_image_name): 200 GET http://10.180.1.21/compute/v2.1/images/ba326eff-0888-42b5-8024-ffe91fc2bdbf 0.065s
2025-02-07 12:42:29.338 62675 INFO tempest.lib.common.rest_client [req-015c308d-8df8-4b97-a228-091a1f7db5ad req-015c308d-8df8-4b97-a228-091a1f7db5ad ] Request (ImagesOneServerNegativeTestJSON:_run_cleanups): 200 GET http://10.180.1.21/compute/v2.1/servers/faaa5eff-8814-4951-a6fc-9b2a53891f1c 0.051s
2025-02-07 12:42:29.353 62685 INFO tempest.lib.common.rest_client [req-458a4cb5-d9ea-4045-9f2c-f3763e930caf req-458a4cb5-d9ea-4045-9f2c-f3763e930caf ] Request (TenantUsagesTestJSON:setUpClass): 200 GET http://10.180.1.21/compute/v2.1/servers/5b4524e2-ff60-4ae5-9658-7fe7cad2b878 0.059s
2025-02-07 12:42:29.393 62689 INFO tempest.lib.common.rest_client [req-c745c4d9-b31c-4cd8-b1d5-b0af700aea73 req-c745c4d9-b31c-4cd8-b1d5-b0af700aea73 ] Request (FloatingIPsAssociationNegativeTestJSON:setUpClass): 200 GET http://10.180.1.21/compute/v2.1/servers/b3e7bd84-3c18-40c7-95a7-9b259069f066 0.056s
2025-02-07 12:42:29.407 62709 INFO tempest.lib.common.rest_client [req-08483656-8c13-4b23-a2c0-6ca65d6c9bc8 req-08483656-8c13-4b23-a2c0-6ca65d6c9bc8 ] Request (ListImageFiltersTestJSON:setUpClass): 200 GET http://10.180.1.21/compute/v2.1/servers/996dff46-a8df-411f-8974-260f591f6086 0.066s
2025-02-07 12:42:29.464 62711 INFO tempest.lib.common.rest_client [req-2378dd5c-dc6a-4abb-9c47-65f6b9462e8a req-2378dd5c-dc6a-4abb-9c47-65f6b9462e8a ] Request (ServerShowV247Test:test_update_rebuild_list_server): 200 GET http://10.180.1.21/compute/v2.1/servers/a8ab0e21-de37-42da-b4b6-d9d9d120f61f 0.064s
2025-02-07 12:42:29.471 62715 INFO tempest.lib.common.rest_client [req-8a6f1eb6-1d07-4404-bfe8-736d49d44699 req-8a6f1eb6-1d07-4404-bfe8-736d49d44699 ] Request (ServersTestMultiNic:test_verify_duplicate_network_nics): 200 GET http://10.180.1.21/compute/v2.1/servers/fa27d91c-5bae-40a3-a153-ac41f4238532 0.083s
2025-02-07 12:42:29.512 62727 INFO tempest.lib.common.rest_client [req-3f6e6709-fc4c-41c9-961a-a67ef7c7213c req-3f6e6709-fc4c-41c9-961a-a67ef7c7213c ] Request (SecurityGroupsTestJSON:test_server_security_groups): 200 GET http://10.180.1.21/compute/v2.1/servers/28447a5e-1970-4231-9866-6bd221bcca82 0.063s
2025-02-07 12:42:29.566 62694 INFO tempest.lib.common.rest_client [req-56699b15-2b8c-40b9-97f1-dcd393b85100 req-56699b15-2b8c-40b9-97f1-dcd393b85100 ] Request (DeleteServersTestJSON:test_delete_server_while_in_attached_volume): 200 GET http://10.180.1.21/compute/v2.1/servers/bc2376dd-856e-4797-bd2a-1db5c2be795d 0.064s
2025-02-07 12:42:29.597 62707 INFO tempest.lib.common.rest_client [req-f7c4df06-b259-4b2d-aba9-24b9f2ec9f8b req-f7c4df06-b259-4b2d-aba9-24b9f2ec9f8b ] Request (VolumesAdminNegativeTest:test_update_attached_volume_with_nonexistent_volume_in_body): 200 GET http://10.180.1.21/compute/v2.1/servers/d0318881-a5f3-4701-991a-7e42895b5f46 0.050s
2025-02-07 12:42:29.650 62697 INFO tempest.lib.common.rest_client [req-2d9981c9-f96d-4c84-ac2e-b177adea9df1 req-2d9981c9-f96d-4c84-ac2e-b177adea9df1 ] Request (ServersAdminTestJSON:test_inject_network_info): 200 GET http://10.180.1.21/compute/v2.1/servers/9fdc58aa-dd5a-4fe0-95ff-5ad2d06f0298 0.053s
2025-02-07 12:42:29.658 62701 INFO tempest.lib.common.rest_client [req-923cf6eb-7d02-4652-83f7-5e27a1f4c21e req-923cf6eb-7d02-4652-83f7-5e27a1f4c21e ] Request (ServerDiagnosticsV248Test:tearDownClass): 200 GET http://10.180.1.21/compute/v2.1/servers/791b8fc4-81e2-4a69-a358-f56a421e4680 0.063s
2025-02-07 12:42:29.775 62713 INFO tempest.lib.common.rest_client [req-0dcb11a0-6e7c-4306-b503-3adb6e520795 req-0dcb11a0-6e7c-4306-b503-3adb6e520795 ] Request (MigrationsAdminTest:test_resize_server_revert_deleted_flavor): 200 GET http://10.180.1.21/compute/v2.1/servers/7a3d03fd-327a-453b-ad3c-12736433379d 0.051s
2025-02-07 12:42:30.093 62719 INFO tempest.lib.common.rest_client [req-a2867629-e2c1-4240-9466-3bcd78524088 req-a2867629-e2c1-4240-9466-3bcd78524088 ] Request (ServersNegativeTestMultiTenantJSON:tearDownClass): 200 GET http://10.180.1.21/compute/v2.1/servers/c83ae6b9-a239-40b5-a493-529b1687a573 0.114s
2025-02-07 12:42:30.141 62681 INFO tempest.lib.common.rest_client [req-3231aa47-64db-4331-b02b-258bdfc6b954 req-3231aa47-64db-4331-b02b-258bdfc6b954 ] Request (InstanceActionsV221TestJSON:test_get_list_deleted_instance_actions): 200 GET http://10.180.1.21/compute/v2.1/servers/7e467b83-2067-4ec7-a641-c417851bb0e8 0.058s
2025-02-07 12:42:30.149 62683 INFO tempest.lib.common.rest_client [req-557c1fef-a0a5-4dce-b225-ad3da663bdce req-557c1fef-a0a5-4dce-b225-ad3da663bdce ] Request (ListServerFiltersTestJSON:setUpClass): 200 GET http://10.180.1.21/compute/v2.1/servers/f468937a-de46-49b3-ba64-40403bb6b77f 0.052s
2025-02-07 12:42:30.150 62681 INFO tempest.common.waiters [-] State transition "ACTIVE/deleting" ==> "DELETED/None" after 5 second wait
2025-02-07 12:42:30.180 62721 WARNING tempest.lib.common.ssh [-] Failed to establish authenticated ssh connection to cirros@10.180.180.150 ([Errno None] Unable to connect to port 22 on 10.180.180.150). Number attempts: 5. Retry after 6 seconds.: paramiko.ssh_exception.NoValidConnectionsError: [Errno None] Unable to connect to port 22 on 10.180.180.150
2025-02-07 12:42:30.198 62725 INFO tempest.lib.common.rest_client [req-331edd4e-0b03-439c-9129-a9d28017db2d req-331edd4e-0b03-439c-9129-a9d28017db2d ] Request (ServersAdminNegativeTestJSON:tearDownClass): 200 GET http://10.180.1.21/compute/v2.1/servers/742baadd-a2ec-452d-8db1-313c8d28fe42 0.060s
2025-02-07 12:42:30.219 62705 INFO tempest.lib.common.rest_client [req-46a5ee3f-65dc-47c0-bf09-7078069588c8 req-46a5ee3f-65dc-47c0-bf09-7078069588c8 ] Request (AttachInterfacesV270Test:test_create_get_list_interfaces): 200 GET http://10.180.1.21/compute/v2.1/servers/9523a163-666d-448f-84a6-5278a7171f86 0.054s
2025-02-07 12:42:30.252 62737 INFO tempest.lib.common.rest_client [req-0c297c23-2281-4866-9475-1553ac1b9610 req-0c297c23-2281-4866-9475-1553ac1b9610 ] Request (ServerRescueTestJSON:tearDownClass): 200 GET http://10.180.1.21/compute/v2.1/servers/a415cd3c-4e94-4e23-9588-adb12815187c 0.055s
2025-02-07 12:42:30.263 62731 INFO tempest.lib.common.rest_client [req-1cf53537-2adf-4869-85ca-676db38b3569 req-1cf53537-2adf-4869-85ca-676db38b3569 ] Request (ServerDiskConfigTestJSON:test_rebuild_server_with_manual_disk_config): 200 GET http://10.180.1.21/compute/v2.1/servers/758fbe89-1e60-4025-853d-41439705356b 0.050s
2025-02-07 12:42:30.297 62733 INFO tempest.lib.common.rest_client [req-2623e199-f6e1-4a52-ba77-44bbb3641c32 req-2623e199-f6e1-4a52-ba77-44bbb3641c32 ] Request (ImagesTestJSON:test_create_image_from_suspended_server): 200 GET http://10.180.1.21/compute/v2.1/servers/a6583a62-ee37-42e0-9a51-b0ce30de58c2 0.052s
2025-02-07 12:42:30.327 62687 INFO tempest.lib.common.rest_client [req-7c46dd8d-ab57-482c-9d6b-1d4df7995163 req-7c46dd8d-ab57-482c-9d6b-1d4df7995163 ] Request (ServersTestBootFromVolume:setUpClass): 200 GET http://10.180.1.21/compute/v2.1/servers/009129d2-dc03-4de0-ac09-9d24894e5e67 0.049s
2025-02-07 12:42:30.341 62679 INFO tempest.lib.common.rest_client [req-a909b286-0242-4a88-a402-bb3ea729069e req-a909b286-0242-4a88-a402-bb3ea729069e ] Request (ServerDiagnosticsNegativeTest:test_get_server_diagnostics_by_non_admin): 200 GET http://10.180.1.21/compute/v2.1/servers/ed958c86-7d75-439f-a3f1-8c8d2fc6ea0d 0.050s
2025-02-07 12:42:30.357 62699 INFO tempest.lib.common.rest_client [req-da4cc5ab-8540-4065-913a-f97eaa0841df req-da4cc5ab-8540-4065-913a-f97eaa0841df ] Request (ImagesOneServerTestJSON:test_create_image_specify_multibyte_character_image_name): 200 GET http://10.180.1.21/compute/v2.1/images/ba326eff-0888-42b5-8024-ffe91fc2bdbf 0.048s
2025-02-07 12:42:30.406 62675 INFO tempest.lib.common.rest_client [req-7d3d6c46-2d64-421d-b894-b284bf73d92c req-7d3d6c46-2d64-421d-b894-b284bf73d92c ] Request (ImagesOneServerNegativeTestJSON:_run_cleanups): 200 GET http://10.180.1.21/compute/v2.1/servers/faaa5eff-8814-4951-a6fc-9b2a53891f1c 0.059s
2025-02-07 12:42:30.414 62685 INFO tempest.lib.common.rest_client [req-0d03c615-2c2d-4a24-a6df-63f790b10fd7 req-0d03c615-2c2d-4a24-a6df-63f790b10fd7 ] Request (TenantUsagesTestJSON:setUpClass): 200 GET http://10.180.1.21/compute/v2.1/servers/5b4524e2-ff60-4ae5-9658-7fe7cad2b878 0.053s
2025-02-07 12:42:30.456 62689 INFO tempest.lib.common.rest_client [req-50ed4078-298c-438a-9208-92e5e45c8b98 req-50ed4078-298c-438a-9208-92e5e45c8b98 ] Request (FloatingIPsAssociationNegativeTestJSON:setUpClass): 200 GET http://10.180.1.21/compute/v2.1/servers/b3e7bd84-3c18-40c7-95a7-9b259069f066 0.052s
2025-02-07 12:42:30.469 62709 INFO tempest.lib.common.rest_client [req-d449088d-9cbe-462d-8fcd-583d2e7500ed req-d449088d-9cbe-462d-8fcd-583d2e7500ed ] Request (ListImageFiltersTestJSON:setUpClass): 200 GET http://10.180.1.21/compute/v2.1/servers/996dff46-a8df-411f-8974-260f591f6086 0.053s
2025-02-07 12:42:30.543 62715 INFO tempest.lib.common.rest_client [req-3a9fcfb9-bb4c-4a0a-805d-2b87c419d493 req-3a9fcfb9-bb4c-4a0a-805d-2b87c419d493 ] Request (ServersTestMultiNic:test_verify_duplicate_network_nics): 200 GET http://10.180.1.21/compute/v2.1/servers/fa27d91c-5bae-40a3-a153-ac41f4238532 0.064s
2025-02-07 12:42:30.543 62711 INFO tempest.lib.common.rest_client [req-82fa1446-3e2f-4082-b8d9-949ad7aa6fe6 req-82fa1446-3e2f-4082-b8d9-949ad7aa6fe6 ] Request (ServerShowV247Test:test_update_rebuild_list_server): 200 GET http://10.180.1.21/compute/v2.1/servers/a8ab0e21-de37-42da-b4b6-d9d9d120f61f 0.067s
2025-02-07 12:42:30.595 62727 INFO tempest.lib.common.rest_client [req-9ac3a4c3-0e09-4e91-8a17-270990cd6ae0 req-9ac3a4c3-0e09-4e91-8a17-270990cd6ae0 ] Request (SecurityGroupsTestJSON:test_server_security_groups): 200 GET http://10.180.1.21/compute/v2.1/servers/28447a5e-1970-4231-9866-6bd221bcca82 0.075s
2025-02-07 12:42:30.632 62694 INFO tempest.lib.common.rest_client [req-0e05608c-6778-4caf-a905-326681a28d2e req-0e05608c-6778-4caf-a905-326681a28d2e ] Request (DeleteServersTestJSON:test_delete_server_while_in_attached_volume): 200 GET http://10.180.1.21/compute/v2.1/servers/bc2376dd-856e-4797-bd2a-1db5c2be795d 0.058s
2025-02-07 12:42:30.658 62707 INFO tempest.lib.common.rest_client [req-5026d67b-9ad9-47b1-88bb-0ee4f04c8ed6 req-5026d67b-9ad9-47b1-88bb-0ee4f04c8ed6 ] Request (VolumesAdminNegativeTest:test_update_attached_volume_with_nonexistent_volume_in_body): 200 GET http://10.180.1.21/compute/v2.1/servers/d0318881-a5f3-4701-991a-7e42895b5f46 0.053s
2025-02-07 12:42:30.716 62697 INFO tempest.lib.common.rest_client [req-dd671b4a-7d03-4400-8460-7727716cb83a req-dd671b4a-7d03-4400-8460-7727716cb83a ] Request (ServersAdminTestJSON:test_inject_network_info): 200 GET http://10.180.1.21/compute/v2.1/servers/9fdc58aa-dd5a-4fe0-95ff-5ad2d06f0298 0.057s
2025-02-07 12:42:30.723 62701 INFO tempest.lib.common.rest_client [req-73c9d5f9-62a0-49af-a1ec-0544f2bc4198 req-73c9d5f9-62a0-49af-a1ec-0544f2bc4198 ] Request (ServerDiagnosticsV248Test:tearDownClass): 200 GET http://10.180.1.21/compute/v2.1/servers/791b8fc4-81e2-4a69-a358-f56a421e4680 0.056s
2025-02-07 12:42:30.832 62713 INFO tempest.lib.common.rest_client [req-d34aa0ee-5456-4029-baba-4c5fdd96542b req-d34aa0ee-5456-4029-baba-4c5fdd96542b ] Request (MigrationsAdminTest:test_resize_server_revert_deleted_flavor): 200 GET http://10.180.1.21/compute/v2.1/servers/7a3d03fd-327a-453b-ad3c-12736433379d 0.048s
2025-02-07 12:42:31.140 62695 WARNING tempest.lib.common.ssh [-] Failed to establish authenticated ssh connection to cirros@10.180.180.164 ([Errno None] Unable to connect to port 22 on 10.180.180.164). Number attempts: 4. Retry after 5 seconds.: paramiko.ssh_exception.NoValidConnectionsError: [Errno None] Unable to connect to port 22 on 10.180.180.164
2025-02-07 12:42:31.224 62681 INFO tempest.lib.common.rest_client [req-92ae27d6-5427-4b60-a2b9-9cd9308a5ddb req-92ae27d6-5427-4b60-a2b9-9cd9308a5ddb ] Request (InstanceActionsV221TestJSON:test_get_list_deleted_instance_actions): 200 GET http://10.180.1.21/compute/v2.1/servers/7e467b83-2067-4ec7-a641-c417851bb0e8 0.073s
2025-02-07 12:42:31.259 62719 INFO tempest.lib.common.rest_client [req-b3762a11-0bef-41d0-ac25-9f05ec3e524a req-b3762a11-0bef-41d0-ac25-9f05ec3e524a ] Request (ServersNegativeTestMultiTenantJSON:tearDownClass): 200 GET http://10.180.1.21/compute/v2.1/servers/c83ae6b9-a239-40b5-a493-529b1687a573 0.159s
2025-02-07 12:42:31.288 62683 INFO tempest.lib.common.rest_client [req-af61e7db-66cd-43a2-8e2c-b9378250b561 req-af61e7db-66cd-43a2-8e2c-b9378250b561 ] Request (ListServerFiltersTestJSON:setUpClass): 200 GET http://10.180.1.21/compute/v2.1/servers/f468937a-de46-49b3-ba64-40403bb6b77f 0.131s
2025-02-07 12:42:31.320 62725 INFO tempest.lib.common.rest_client [req-bd9f6a6b-843c-4203-ad87-3cd78c499d37 req-bd9f6a6b-843c-4203-ad87-3cd78c499d37 ] Request (ServersAdminNegativeTestJSON:tearDownClass): 200 GET http://10.180.1.21/compute/v2.1/servers/742baadd-a2ec-452d-8db1-313c8d28fe42 0.113s
2025-02-07 12:42:31.353 62705 INFO tempest.lib.common.rest_client [req-d0671150-94c6-4cfc-aa00-6e406ffe1cf9 req-d0671150-94c6-4cfc-aa00-6e406ffe1cf9 ] Request (AttachInterfacesV270Test:test_create_get_list_interfaces): 200 GET http://10.180.1.21/compute/v2.1/servers/9523a163-666d-448f-84a6-5278a7171f86 0.124s
2025-02-07 12:42:31.381 62737 INFO tempest.lib.common.rest_client [req-efe2fb5e-1dc2-4e21-9bc2-c3e854ba7b31 req-efe2fb5e-1dc2-4e21-9bc2-c3e854ba7b31 ] Request (ServerRescueTestJSON:tearDownClass): 200 GET http://10.180.1.21/compute/v2.1/servers/a415cd3c-4e94-4e23-9588-adb12815187c 0.118s
2025-02-07 12:42:31.420 62731 INFO tempest.lib.common.rest_client [req-bb155742-ad7e-4fdb-b44b-623165d3f747 req-bb155742-ad7e-4fdb-b44b-623165d3f747 ] Request (ServerDiskConfigTestJSON:test_rebuild_server_with_manual_disk_config): 200 GET http://10.180.1.21/compute/v2.1/servers/758fbe89-1e60-4025-853d-41439705356b 0.149s
2025-02-07 12:42:31.446 62733 INFO tempest.lib.common.rest_client [req-bec922b4-fef4-4622-a8d2-79ff974eef92 req-bec922b4-fef4-4622-a8d2-79ff974eef92 ] Request (ImagesTestJSON:test_create_image_from_suspended_server): 200 GET http://10.180.1.21/compute/v2.1/servers/a6583a62-ee37-42e0-9a51-b0ce30de58c2 0.141s
2025-02-07 12:42:31.503 62687 INFO tempest.lib.common.rest_client [req-a1a1a425-8e45-4c43-9bb3-e1f4203b02b7 req-a1a1a425-8e45-4c43-9bb3-e1f4203b02b7 ] Request (ServersTestBootFromVolume:setUpClass): 200 GET http://10.180.1.21/compute/v2.1/servers/009129d2-dc03-4de0-ac09-9d24894e5e67 0.167s
2025-02-07 12:42:31.517 62679 INFO tempest.lib.common.rest_client [req-892aa0ea-eb5c-4281-9298-17718d00c1db req-892aa0ea-eb5c-4281-9298-17718d00c1db ] Request (ServerDiagnosticsNegativeTest:test_get_server_diagnostics_by_non_admin): 200 GET http://10.180.1.21/compute/v2.1/servers/ed958c86-7d75-439f-a3f1-8c8d2fc6ea0d 0.167s
2025-02-07 12:42:31.536 62699 INFO tempest.lib.common.rest_client [req-db69b68c-8a67-4799-976a-3ccf5821376e req-db69b68c-8a67-4799-976a-3ccf5821376e ] Request (ImagesOneServerTestJSON:test_create_image_specify_multibyte_character_image_name): 200 GET http://10.180.1.21/compute/v2.1/images/ba326eff-0888-42b5-8024-ffe91fc2bdbf 0.174s
2025-02-07 12:42:31.565 62675 INFO tempest.lib.common.rest_client [req-5f5604e2-1014-4b04-842f-a191433f4a8a req-5f5604e2-1014-4b04-842f-a191433f4a8a ] Request (ImagesOneServerNegativeTestJSON:_run_cleanups): 200 GET http://10.180.1.21/compute/v2.1/servers/faaa5eff-8814-4951-a6fc-9b2a53891f1c 0.151s
2025-02-07 12:42:31.586 62685 INFO tempest.lib.common.rest_client [req-fc437e8f-e5dd-40d2-bfe4-37423f8386b4 req-fc437e8f-e5dd-40d2-bfe4-37423f8386b4 ] Request (TenantUsagesTestJSON:setUpClass): 200 GET http://10.180.1.21/compute/v2.1/servers/5b4524e2-ff60-4ae5-9658-7fe7cad2b878 0.163s
2025-02-07 12:42:31.609 62689 INFO tempest.lib.common.rest_client [req-15bfc944-cde7-45e1-8ebd-8e735c7a9998 req-15bfc944-cde7-45e1-8ebd-8e735c7a9998 ] Request (FloatingIPsAssociationNegativeTestJSON:setUpClass): 200 GET http://10.180.1.21/compute/v2.1/servers/b3e7bd84-3c18-40c7-95a7-9b259069f066 0.145s
2025-02-07 12:42:31.653 62704 WARNING tempest.lib.common.ssh [-] Failed to establish authenticated ssh connection to cirros@10.180.180.179 ([Errno None] Unable to connect to port 22 on 10.180.180.179). Number attempts: 2. Retry after 3 seconds.: paramiko.ssh_exception.NoValidConnectionsError: [Errno None] Unable to connect to port 22 on 10.180.180.179
2025-02-07 12:42:31.664 62709 INFO tempest.lib.common.rest_client [req-fea73f1c-8571-4b27-9daa-ca35a22e364e req-fea73f1c-8571-4b27-9daa-ca35a22e364e ] Request (ListImageFiltersTestJSON:setUpClass): 200 GET http://10.180.1.21/compute/v2.1/servers/996dff46-a8df-411f-8974-260f591f6086 0.187s
2025-02-07 12:42:31.672 62715 INFO tempest.lib.common.rest_client [req-2f8cf9b2-62ed-4a2e-b83f-87ac091bc681 req-2f8cf9b2-62ed-4a2e-b83f-87ac091bc681 ] Request (ServersTestMultiNic:test_verify_duplicate_network_nics): 200 GET http://10.180.1.21/compute/v2.1/servers/fa27d91c-5bae-40a3-a153-ac41f4238532 0.121s
2025-02-07 12:42:31.720 62711 INFO tempest.lib.common.rest_client [req-e9db6b59-3b15-46fd-80d4-70e16de069b2 req-e9db6b59-3b15-46fd-80d4-70e16de069b2 ] Request (ServerShowV247Test:test_update_rebuild_list_server): 200 GET http://10.180.1.21/compute/v2.1/servers/a8ab0e21-de37-42da-b4b6-d9d9d120f61f 0.165s
2025-02-07 12:42:31.724 62727 INFO tempest.lib.common.rest_client [req-c0e1598d-ba5f-4844-8150-9d7672edb369 req-c0e1598d-ba5f-4844-8150-9d7672edb369 ] Request (SecurityGroupsTestJSON:test_server_security_groups): 200 GET http://10.180.1.21/compute/v2.1/servers/28447a5e-1970-4231-9866-6bd221bcca82 0.122s
2025-02-07 12:42:31.772 62707 INFO tempest.lib.common.rest_client [req-33b4aa44-e6f0-472a-a84a-f19cb3994f91 req-33b4aa44-e6f0-472a-a84a-f19cb3994f91 ] Request (VolumesAdminNegativeTest:test_update_attached_volume_with_nonexistent_volume_in_body): 200 GET http://10.180.1.21/compute/v2.1/servers/d0318881-a5f3-4701-991a-7e42895b5f46 0.106s
2025-02-07 12:42:31.785 62694 INFO tempest.lib.common.rest_client [req-b4afe80a-940e-4126-89ed-ee80d3e9d540 req-b4afe80a-940e-4126-89ed-ee80d3e9d540 ] Request (DeleteServersTestJSON:test_delete_server_while_in_attached_volume): 200 GET http://10.180.1.21/compute/v2.1/servers/bc2376dd-856e-4797-bd2a-1db5c2be795d 0.145s
2025-02-07 12:42:31.821 62697 INFO tempest.lib.common.rest_client [req-396cb56b-0211-436c-81c9-80714539f3e9 req-396cb56b-0211-436c-81c9-80714539f3e9 ] Request (ServersAdminTestJSON:test_inject_network_info): 200 GET http://10.180.1.21/compute/v2.1/servers/9fdc58aa-dd5a-4fe0-95ff-5ad2d06f0298 0.095s
2025-02-07 12:42:31.842 62701 INFO tempest.lib.common.rest_client [req-6510988f-654c-449a-9087-fbbfd72f5c20 req-6510988f-654c-449a-9087-fbbfd72f5c20 ] Request (ServerDiagnosticsV248Test:tearDownClass): 200 GET http://10.180.1.21/compute/v2.1/servers/791b8fc4-81e2-4a69-a358-f56a421e4680 0.110s
2025-02-07 12:42:31.890 62713 INFO tempest.lib.common.rest_client [req-9342804a-6c04-45b2-b61f-39b48ed69fa3 req-9342804a-6c04-45b2-b61f-39b48ed69fa3 ] Request (MigrationsAdminTest:test_resize_server_revert_deleted_flavor): 200 GET http://10.180.1.21/compute/v2.1/servers/7a3d03fd-327a-453b-ad3c-12736433379d 0.050s
2025-02-07 12:42:32.228 62729 WARNING tempest.lib.common.ssh [-] Failed to establish authenticated ssh connection to cirros@10.180.180.175 ([Errno None] Unable to connect to port 22 on 10.180.180.175). Number attempts: 7. Retry after 8 seconds.: paramiko.ssh_exception.NoValidConnectionsError: [Errno None] Unable to connect to port 22 on 10.180.180.175
2025-02-07 12:42:32.321 62719 INFO tempest.lib.common.rest_client [req-6a4216da-be02-425a-82a1-0f2e29b4bd7c req-6a4216da-be02-425a-82a1-0f2e29b4bd7c ] Request (ServersNegativeTestMultiTenantJSON:tearDownClass): 200 GET http://10.180.1.21/compute/v2.1/servers/c83ae6b9-a239-40b5-a493-529b1687a573 0.051s
2025-02-07 12:42:32.378 62683 INFO tempest.lib.common.rest_client [req-0e5f4533-149f-4a06-9f8e-5c69d6900eaf req-0e5f4533-149f-4a06-9f8e-5c69d6900eaf ] Request (ListServerFiltersTestJSON:setUpClass): 200 GET http://10.180.1.21/compute/v2.1/servers/f468937a-de46-49b3-ba64-40403bb6b77f 0.082s
2025-02-07 12:42:32.440 62725 INFO tempest.lib.common.rest_client [req-b4550239-bcf0-40e3-aa47-ccbfce3559db req-b4550239-bcf0-40e3-aa47-ccbfce3559db ] Request (ServersAdminNegativeTestJSON:tearDownClass): 200 GET http://10.180.1.21/compute/v2.1/servers/742baadd-a2ec-452d-8db1-313c8d28fe42 0.112s
2025-02-07 12:42:32.496 62705 INFO tempest.lib.common.rest_client [req-a7dc8de0-23e6-4dfd-95a3-7c758becbcc2 req-a7dc8de0-23e6-4dfd-95a3-7c758becbcc2 ] Request (AttachInterfacesV270Test:test_create_get_list_interfaces): 200 GET http://10.180.1.21/compute/v2.1/servers/9523a163-666d-448f-84a6-5278a7171f86 0.128s
2025-02-07 12:42:32.516 62681 INFO tempest.lib.common.rest_client [req-3778dc08-9c75-450a-bfe7-0f58a0835091 req-3778dc08-9c75-450a-bfe7-0f58a0835091 ] Request (InstanceActionsV221TestJSON:test_get_list_deleted_instance_actions): 200 GET http://10.180.1.21/compute/v2.1/servers/7e467b83-2067-4ec7-a641-c417851bb0e8 0.282s
2025-02-07 12:42:32.561 62737 INFO tempest.lib.common.rest_client [req-55729c62-a59f-4962-b34f-f64c8acea3e8 req-55729c62-a59f-4962-b34f-f64c8acea3e8 ] Request (ServerRescueTestJSON:tearDownClass): 200 GET http://10.180.1.21/compute/v2.1/servers/a415cd3c-4e94-4e23-9588-adb12815187c 0.170s
2025-02-07 12:42:32.567 62731 INFO tempest.lib.common.rest_client [req-f0699f47-b314-4ed1-94d0-900dd9de5953 req-f0699f47-b314-4ed1-94d0-900dd9de5953 ] Request (ServerDiskConfigTestJSON:test_rebuild_server_with_manual_disk_config): 200 GET http://10.180.1.21/compute/v2.1/servers/758fbe89-1e60-4025-853d-41439705356b 0.139s
2025-02-07 12:42:32.615 62733 INFO tempest.lib.common.rest_client [req-f4fce5ed-565a-4785-bc8b-4adab39e545f req-f4fce5ed-565a-4785-bc8b-4adab39e545f ] Request (ImagesTestJSON:test_create_image_from_suspended_server): 200 GET http://10.180.1.21/compute/v2.1/servers/a6583a62-ee37-42e0-9a51-b0ce30de58c2 0.158s
2025-02-07 12:42:32.620 62687 INFO tempest.lib.common.rest_client [req-b41c8475-f533-4a00-8ac4-699a7ee17204 req-b41c8475-f533-4a00-8ac4-699a7ee17204 ] Request (ServersTestBootFromVolume:setUpClass): 200 GET http://10.180.1.21/compute/v2.1/servers/009129d2-dc03-4de0-ac09-9d24894e5e67 0.104s
2025-02-07 12:42:32.655 62699 INFO tempest.lib.common.rest_client [req-e4f32248-fd7a-47f0-afc5-6fe3a1e754ee req-e4f32248-fd7a-47f0-afc5-6fe3a1e754ee ] Request (ImagesOneServerTestJSON:test_create_image_specify_multibyte_character_image_name): 200 GET http://10.180.1.21/compute/v2.1/images/ba326eff-0888-42b5-8024-ffe91fc2bdbf 0.114s
2025-02-07 12:42:32.663 62679 INFO tempest.lib.common.rest_client [req-aae3e70f-3a65-4e75-84ce-a7d90ea64f65 req-aae3e70f-3a65-4e75-84ce-a7d90ea64f65 ] Request (ServerDiagnosticsNegativeTest:test_get_server_diagnostics_by_non_admin): 200 GET http://10.180.1.21/compute/v2.1/servers/ed958c86-7d75-439f-a3f1-8c8d2fc6ea0d 0.137s
2025-02-07 12:42:32.708 62675 INFO tempest.lib.common.rest_client [req-72aa801a-8090-43c9-ab7b-96091d306df1 req-72aa801a-8090-43c9-ab7b-96091d306df1 ] Request (ImagesOneServerNegativeTestJSON:_run_cleanups): 200 GET http://10.180.1.21/compute/v2.1/servers/faaa5eff-8814-4951-a6fc-9b2a53891f1c 0.133s
2025-02-07 12:42:32.713 62685 INFO tempest.lib.common.rest_client [req-dc1b3ccb-582b-439b-bd3b-417e4bb1caa3 req-dc1b3ccb-582b-439b-bd3b-417e4bb1caa3 ] Request (TenantUsagesTestJSON:setUpClass): 200 GET http://10.180.1.21/compute/v2.1/servers/5b4524e2-ff60-4ae5-9658-7fe7cad2b878 0.114s
2025-02-07 12:42:32.769 62689 INFO tempest.lib.common.rest_client [req-24b78df8-6f32-4bc8-bf0c-f188cf50ebb9 req-24b78df8-6f32-4bc8-bf0c-f188cf50ebb9 ] Request (FloatingIPsAssociationNegativeTestJSON:setUpClass): 200 GET http://10.180.1.21/compute/v2.1/servers/b3e7bd84-3c18-40c7-95a7-9b259069f066 0.152s
2025-02-07 12:42:32.771 62709 INFO tempest.lib.common.rest_client [req-c4916779-b87b-40f0-9281-df1398cc0b96 req-c4916779-b87b-40f0-9281-df1398cc0b96 ] Request (ListImageFiltersTestJSON:setUpClass): 200 GET http://10.180.1.21/compute/v2.1/servers/996dff46-a8df-411f-8974-260f591f6086 0.098s
2025-02-07 12:42:32.820 62715 INFO tempest.lib.common.rest_client [req-b70c699f-ec8f-4969-8c11-e99bed147666 req-b70c699f-ec8f-4969-8c11-e99bed147666 ] Request (ServersTestMultiNic:test_verify_duplicate_network_nics): 200 GET http://10.180.1.21/compute/v2.1/servers/fa27d91c-5bae-40a3-a153-ac41f4238532 0.140s
2025-02-07 12:42:32.828 62711 INFO tempest.lib.common.rest_client [req-e654f4e6-5dcf-4b08-bb92-cb9c2e40a965 req-e654f4e6-5dcf-4b08-bb92-cb9c2e40a965 ] Request (ServerShowV247Test:test_update_rebuild_list_server): 200 GET http://10.180.1.21/compute/v2.1/servers/a8ab0e21-de37-42da-b4b6-d9d9d120f61f 0.099s
2025-02-07 12:42:32.864 62727 INFO tempest.lib.common.rest_client [req-82cda152-8201-46dd-a728-fe457f88b833 req-82cda152-8201-46dd-a728-fe457f88b833 ] Request (SecurityGroupsTestJSON:test_server_security_groups): 200 GET http://10.180.1.21/compute/v2.1/servers/28447a5e-1970-4231-9866-6bd221bcca82 0.131s
2025-02-07 12:42:32.876 62707 INFO tempest.lib.common.rest_client [req-ec6deb03-5402-4001-8317-b87c88a980f2 req-ec6deb03-5402-4001-8317-b87c88a980f2 ] Request (VolumesAdminNegativeTest:test_update_attached_volume_with_nonexistent_volume_in_body): 200 GET http://10.180.1.21/compute/v2.1/servers/d0318881-a5f3-4701-991a-7e42895b5f46 0.096s
2025-02-07 12:42:32.924 62697 INFO tempest.lib.common.rest_client [req-61ae8f08-1db6-4ce8-9770-ddc6b847d5ca req-61ae8f08-1db6-4ce8-9770-ddc6b847d5ca ] Request (ServersAdminTestJSON:test_inject_network_info): 200 GET http://10.180.1.21/compute/v2.1/servers/9fdc58aa-dd5a-4fe0-95ff-5ad2d06f0298 0.095s
2025-02-07 12:42:32.925 62694 INFO tempest.lib.common.rest_client [req-e4356a45-59c0-48a3-907a-229ad1eec398 req-e4356a45-59c0-48a3-907a-229ad1eec398 ] Request (DeleteServersTestJSON:test_delete_server_while_in_attached_volume): 200 GET http://10.180.1.21/compute/v2.1/servers/bc2376dd-856e-4797-bd2a-1db5c2be795d 0.132s
2025-02-07 12:42:32.975 62713 INFO tempest.lib.common.rest_client [req-afc0d81b-240b-4495-b2ab-36f7e66d91a5 req-afc0d81b-240b-4495-b2ab-36f7e66d91a5 ] Request (MigrationsAdminTest:test_resize_server_revert_deleted_flavor): 200 GET http://10.180.1.21/compute/v2.1/servers/7a3d03fd-327a-453b-ad3c-12736433379d 0.076s
2025-02-07 12:42:32.982 62701 INFO tempest.lib.common.rest_client [req-37b979ca-b7d9-444f-8f79-d6cd20fa86ab req-37b979ca-b7d9-444f-8f79-d6cd20fa86ab ] Request (ServerDiagnosticsV248Test:tearDownClass): 200 GET http://10.180.1.21/compute/v2.1/servers/791b8fc4-81e2-4a69-a358-f56a421e4680 0.129s
2025-02-07 12:42:33.395 62719 INFO tempest.lib.common.rest_client [req-084b6a88-5019-47ae-a8e2-f47bcbdf4364 req-084b6a88-5019-47ae-a8e2-f47bcbdf4364 ] Request (ServersNegativeTestMultiTenantJSON:tearDownClass): 200 GET http://10.180.1.21/compute/v2.1/servers/c83ae6b9-a239-40b5-a493-529b1687a573 0.066s
2025-02-07 12:42:33.402 62719 INFO tempest.common.waiters [-] State transition "ACTIVE/deleting" ==> "DELETED/None" after 5 second wait
2025-02-07 12:42:33.450 62683 INFO tempest.lib.common.rest_client [req-bf611372-b23f-4ad1-9826-b7e9d23f8b09 req-bf611372-b23f-4ad1-9826-b7e9d23f8b09 ] Request (ListServerFiltersTestJSON:setUpClass): 200 GET http://10.180.1.21/compute/v2.1/servers/f468937a-de46-49b3-ba64-40403bb6b77f 0.064s
2025-02-07 12:42:33.516 62725 INFO tempest.lib.common.rest_client [req-a3e00186-7230-4675-949b-12a357474c6c req-a3e00186-7230-4675-949b-12a357474c6c ] Request (ServersAdminNegativeTestJSON:tearDownClass): 200 GET http://10.180.1.21/compute/v2.1/servers/742baadd-a2ec-452d-8db1-313c8d28fe42 0.067s
2025-02-07 12:42:33.563 62705 INFO tempest.lib.common.rest_client [req-ce53b70d-6879-4d2e-830c-515041bd5fc8 req-ce53b70d-6879-4d2e-830c-515041bd5fc8 ] Request (AttachInterfacesV270Test:test_create_get_list_interfaces): 200 GET http://10.180.1.21/compute/v2.1/servers/9523a163-666d-448f-84a6-5278a7171f86 0.056s
2025-02-07 12:42:33.588 62681 INFO tempest.lib.common.rest_client [req-be113e5e-0876-4665-9341-2a37fa03b71b req-be113e5e-0876-4665-9341-2a37fa03b71b ] Request (InstanceActionsV221TestJSON:test_get_list_deleted_instance_actions): 200 GET http://10.180.1.21/compute/v2.1/servers/7e467b83-2067-4ec7-a641-c417851bb0e8 0.064s
2025-02-07 12:42:33.633 62737 INFO tempest.lib.common.rest_client [req-f08297d7-92a6-45df-8bc0-60a119422dbb req-f08297d7-92a6-45df-8bc0-60a119422dbb ] Request (ServerRescueTestJSON:tearDownClass): 200 GET http://10.180.1.21/compute/v2.1/servers/a415cd3c-4e94-4e23-9588-adb12815187c 0.064s
2025-02-07 12:42:33.642 62731 INFO tempest.lib.common.rest_client [req-55151cf4-7995-4438-8549-5b49930338d4 req-55151cf4-7995-4438-8549-5b49930338d4 ] Request (ServerDiskConfigTestJSON:test_rebuild_server_with_manual_disk_config): 200 GET http://10.180.1.21/compute/v2.1/servers/758fbe89-1e60-4025-853d-41439705356b 0.068s
2025-02-07 12:42:33.690 62733 INFO tempest.lib.common.rest_client [req-6029130f-cb35-4109-bcdc-aa53145af13a req-6029130f-cb35-4109-bcdc-aa53145af13a ] Request (ImagesTestJSON:test_create_image_from_suspended_server): 200 GET http://10.180.1.21/compute/v2.1/servers/a6583a62-ee37-42e0-9a51-b0ce30de58c2 0.066s
2025-02-07 12:42:33.698 62687 INFO tempest.lib.common.rest_client [req-bb0179d2-2005-420a-8916-f014cb728c21 req-bb0179d2-2005-420a-8916-f014cb728c21 ] Request (ServersTestBootFromVolume:setUpClass): 200 GET http://10.180.1.21/compute/v2.1/servers/009129d2-dc03-4de0-ac09-9d24894e5e67 0.067s
2025-02-07 12:42:33.729 62699 INFO tempest.lib.common.rest_client [req-59000914-bebd-4ace-b936-94deddc8312c req-59000914-bebd-4ace-b936-94deddc8312c ] Request (ImagesOneServerTestJSON:test_create_image_specify_multibyte_character_image_name): 200 GET http://10.180.1.21/compute/v2.1/images/ba326eff-0888-42b5-8024-ffe91fc2bdbf 0.071s
2025-02-07 12:42:33.760 62679 INFO tempest.lib.common.rest_client [req-a714952b-2c91-480a-a072-e15aab0f721d req-a714952b-2c91-480a-a072-e15aab0f721d ] Request (ServerDiagnosticsNegativeTest:test_get_server_diagnostics_by_non_admin): 200 GET http://10.180.1.21/compute/v2.1/servers/ed958c86-7d75-439f-a3f1-8c8d2fc6ea0d 0.088s
2025-02-07 12:42:33.791 62675 INFO tempest.lib.common.rest_client [req-24885b77-99a0-4041-a34e-d1e8bb8eb48b req-24885b77-99a0-4041-a34e-d1e8bb8eb48b ] Request (ImagesOneServerNegativeTestJSON:_run_cleanups): 200 GET http://10.180.1.21/compute/v2.1/servers/faaa5eff-8814-4951-a6fc-9b2a53891f1c 0.075s
2025-02-07 12:42:33.842 62689 INFO tempest.lib.common.rest_client [req-18398df0-4ac7-49c2-a074-d73953624c25 req-18398df0-4ac7-49c2-a074-d73953624c25 ] Request (FloatingIPsAssociationNegativeTestJSON:setUpClass): 200 GET http://10.180.1.21/compute/v2.1/servers/b3e7bd84-3c18-40c7-95a7-9b259069f066 0.065s
2025-02-07 12:42:33.902 62709 INFO tempest.lib.common.rest_client [req-95e201ad-b54a-44a8-b8dd-02d1769f9b90 req-95e201ad-b54a-44a8-b8dd-02d1769f9b90 ] Request (ListImageFiltersTestJSON:setUpClass): 200 GET http://10.180.1.21/compute/v2.1/servers/996dff46-a8df-411f-8974-260f591f6086 0.124s
2025-02-07 12:42:33.928 62685 INFO tempest.lib.common.rest_client [req-287d103d-97fb-4735-94aa-47a2738179b5 req-287d103d-97fb-4735-94aa-47a2738179b5 ] Request (TenantUsagesTestJSON:setUpClass): 200 GET http://10.180.1.21/compute/v2.1/servers/5b4524e2-ff60-4ae5-9658-7fe7cad2b878 0.206s
2025-02-07 12:42:33.935 62685 INFO tempest.common.waiters [-] State transition "BUILD/None" ==> "BUILD/block_device_mapping" after 50 second wait
2025-02-07 12:42:33.963 62715 INFO tempest.lib.common.rest_client [req-c535c98e-4046-49ac-840e-5cc104766c74 req-c535c98e-4046-49ac-840e-5cc104766c74 ] Request (ServersTestMultiNic:test_verify_duplicate_network_nics): 200 GET http://10.180.1.21/compute/v2.1/servers/fa27d91c-5bae-40a3-a153-ac41f4238532 0.135s
2025-02-07 12:42:33.983 62711 INFO tempest.lib.common.rest_client [req-fa264a70-dfc4-4c75-9e9f-f53bee454449 req-fa264a70-dfc4-4c75-9e9f-f53bee454449 ] Request (ServerShowV247Test:test_update_rebuild_list_server): 200 GET http://10.180.1.21/compute/v2.1/servers/a8ab0e21-de37-42da-b4b6-d9d9d120f61f 0.146s
2025-02-07 12:42:34.032 62727 INFO tempest.lib.common.rest_client [req-3fa8cf52-9f3a-475c-9e7f-a0c685aa2934 req-3fa8cf52-9f3a-475c-9e7f-a0c685aa2934 ] Request (SecurityGroupsTestJSON:test_server_security_groups): 200 GET http://10.180.1.21/compute/v2.1/servers/28447a5e-1970-4231-9866-6bd221bcca82 0.161s
2025-02-07 12:42:34.043 62707 INFO tempest.lib.common.rest_client [req-ee1e2c8e-1b5a-404a-a1ba-2e119d7422bf req-ee1e2c8e-1b5a-404a-a1ba-2e119d7422bf ] Request (VolumesAdminNegativeTest:test_update_attached_volume_with_nonexistent_volume_in_body): 200 GET http://10.180.1.21/compute/v2.1/servers/d0318881-a5f3-4701-991a-7e42895b5f46 0.159s
2025-02-07 12:42:34.100 62697 INFO tempest.lib.common.rest_client [req-f019ab46-93e8-490c-9451-9f075a8b72eb req-f019ab46-93e8-490c-9451-9f075a8b72eb ] Request (ServersAdminTestJSON:test_inject_network_info): 200 GET http://10.180.1.21/compute/v2.1/servers/9fdc58aa-dd5a-4fe0-95ff-5ad2d06f0298 0.168s
2025-02-07 12:42:34.111 62694 INFO tempest.lib.common.rest_client [req-e9d0357d-34b1-40ea-82e4-eeab0ede8fd5 req-e9d0357d-34b1-40ea-82e4-eeab0ede8fd5 ] Request (DeleteServersTestJSON:test_delete_server_while_in_attached_volume): 200 GET http://10.180.1.21/compute/v2.1/servers/bc2376dd-856e-4797-bd2a-1db5c2be795d 0.175s
2025-02-07 12:42:34.157 62713 INFO tempest.lib.common.rest_client [req-7dc2242f-5f61-4c62-b9ea-d3842a603859 req-7dc2242f-5f61-4c62-b9ea-d3842a603859 ] Request (MigrationsAdminTest:test_resize_server_revert_deleted_flavor): 200 GET http://10.180.1.21/compute/v2.1/servers/7a3d03fd-327a-453b-ad3c-12736433379d 0.173s
2025-02-07 12:42:34.177 62701 INFO tempest.lib.common.rest_client [req-ec14e0db-98f1-4acf-96e9-600fa831b744 req-ec14e0db-98f1-4acf-96e9-600fa831b744 ] Request (ServerDiagnosticsV248Test:tearDownClass): 200 GET http://10.180.1.21/compute/v2.1/servers/791b8fc4-81e2-4a69-a358-f56a421e4680 0.185s
2025-02-07 12:42:34.466 62719 INFO tempest.lib.common.rest_client [req-40e431cb-10a1-4982-91eb-f0e995dd5345 req-40e431cb-10a1-4982-91eb-f0e995dd5345 ] Request (ServersNegativeTestMultiTenantJSON:tearDownClass): 200 GET http://10.180.1.21/compute/v2.1/servers/c83ae6b9-a239-40b5-a493-529b1687a573 0.063s
2025-02-07 12:42:34.514 62683 INFO tempest.lib.common.rest_client [req-71d80d56-339b-45b0-ad0e-dd32c02ef163 req-71d80d56-339b-45b0-ad0e-dd32c02ef163 ] Request (ListServerFiltersTestJSON:setUpClass): 200 GET http://10.180.1.21/compute/v2.1/servers/f468937a-de46-49b3-ba64-40403bb6b77f 0.056s
2025-02-07 12:42:34.582 62725 INFO tempest.lib.common.rest_client [req-29b6e8a1-6185-4506-99a1-263640bef2af req-29b6e8a1-6185-4506-99a1-263640bef2af ] Request (ServersAdminNegativeTestJSON:tearDownClass): 200 GET http://10.180.1.21/compute/v2.1/servers/742baadd-a2ec-452d-8db1-313c8d28fe42 0.058s
2025-02-07 12:42:34.624 62705 INFO tempest.lib.common.rest_client [req-a15bf692-c96e-4651-9aa8-c6390a09b8f1 req-a15bf692-c96e-4651-9aa8-c6390a09b8f1 ] Request (AttachInterfacesV270Test:test_create_get_list_interfaces): 200 GET http://10.180.1.21/compute/v2.1/servers/9523a163-666d-448f-84a6-5278a7171f86 0.051s
2025-02-07 12:42:34.661 62681 INFO tempest.lib.common.rest_client [req-d7982f7d-4929-4a4b-aee4-54d555d95990 req-d7982f7d-4929-4a4b-aee4-54d555d95990 ] Request (InstanceActionsV221TestJSON:test_get_list_deleted_instance_actions): 200 GET http://10.180.1.21/compute/v2.1/servers/7e467b83-2067-4ec7-a641-c417851bb0e8 0.060s
2025-02-07 12:42:34.705 62737 INFO tempest.lib.common.rest_client [req-eed4d5e7-926e-4d27-8cea-ae0b3ebfb28e req-eed4d5e7-926e-4d27-8cea-ae0b3ebfb28e ] Request (ServerRescueTestJSON:tearDownClass): 200 GET http://10.180.1.21/compute/v2.1/servers/a415cd3c-4e94-4e23-9588-adb12815187c 0.060s
2025-02-07 12:42:34.712 62731 INFO tempest.lib.common.rest_client [req-b2631149-1389-4c1b-afb6-5834d09aa6b2 req-b2631149-1389-4c1b-afb6-5834d09aa6b2 ] Request (ServerDiskConfigTestJSON:test_rebuild_server_with_manual_disk_config): 200 GET http://10.180.1.21/compute/v2.1/servers/758fbe89-1e60-4025-853d-41439705356b 0.062s
2025-02-07 12:42:34.753 62733 INFO tempest.lib.common.rest_client [req-4a8e6871-f9c1-4bf6-be66-f130a4d8156a req-4a8e6871-f9c1-4bf6-be66-f130a4d8156a ] Request (ImagesTestJSON:test_create_image_from_suspended_server): 200 GET http://10.180.1.21/compute/v2.1/servers/a6583a62-ee37-42e0-9a51-b0ce30de58c2 0.055s
2025-02-07 12:42:34.763 62687 INFO tempest.lib.common.rest_client [req-581c913b-6c38-4941-945f-ce474ac45da6 req-581c913b-6c38-4941-945f-ce474ac45da6 ] Request (ServersTestBootFromVolume:setUpClass): 200 GET http://10.180.1.21/compute/v2.1/servers/009129d2-dc03-4de0-ac09-9d24894e5e67 0.057s
2025-02-07 12:42:34.782 62699 INFO tempest.lib.common.rest_client [req-9d114401-29be-482a-a117-b726c8506886 req-9d114401-29be-482a-a117-b726c8506886 ] Request (ImagesOneServerTestJSON:test_create_image_specify_multibyte_character_image_name): 200 GET http://10.180.1.21/compute/v2.1/images/ba326eff-0888-42b5-8024-ffe91fc2bdbf 0.044s
2025-02-07 12:42:34.820 62679 INFO tempest.lib.common.rest_client [req-d00b7c62-df01-4220-bf7b-fda541c644a7 req-d00b7c62-df01-4220-bf7b-fda541c644a7 ] Request (ServerDiagnosticsNegativeTest:test_get_server_diagnostics_by_non_admin): 200 GET http://10.180.1.21/compute/v2.1/servers/ed958c86-7d75-439f-a3f1-8c8d2fc6ea0d 0.052s
2025-02-07 12:42:34.848 62675 INFO tempest.lib.common.rest_client [req-907688f6-6e96-4a17-8512-2a3e129eb206 req-907688f6-6e96-4a17-8512-2a3e129eb206 ] Request (ImagesOneServerNegativeTestJSON:_run_cleanups): 200 GET http://10.180.1.21/compute/v2.1/servers/faaa5eff-8814-4951-a6fc-9b2a53891f1c 0.048s
2025-02-07 12:42:34.900 62689 INFO tempest.lib.common.rest_client [req-66db95bd-869e-4611-80ce-23597d58283a req-66db95bd-869e-4611-80ce-23597d58283a ] Request (FloatingIPsAssociationNegativeTestJSON:setUpClass): 200 GET http://10.180.1.21/compute/v2.1/servers/b3e7bd84-3c18-40c7-95a7-9b259069f066 0.047s
2025-02-07 12:42:34.964 62709 INFO tempest.lib.common.rest_client [req-e51ed827-9c99-4708-b523-997420b845ec req-e51ed827-9c99-4708-b523-997420b845ec ] Request (ListImageFiltersTestJSON:setUpClass): 200 GET http://10.180.1.21/compute/v2.1/servers/996dff46-a8df-411f-8974-260f591f6086 0.050s
