2025-02-07 12:43:23.267 62725 INFO tempest.lib.common.rest_client [req-0ad415df-533f-4b32-8bf7-5aed73f250eb req-0ad415df-533f-4b32-8bf7-5aed73f250eb ] Request (ServicesAdminTestJSON:setUpClass): 200 GET http://10.180.1.21/identity/v3/roles 0.060s
2025-02-07 12:43:23.289 62725 INFO tempest.lib.common.rest_client [req-3aedcb7f-72a8-414a-9aea-9471af18de48 req-3aedcb7f-72a8-414a-9aea-9471af18de48 ] Request (ServicesAdminTestJSON:setUpClass): 204 PUT http://10.180.1.21/identity/v3/projects/99f7a18100ed4ef8ad75d971a752cc03/users/ce4fd3ec9176449a8aaf8da07989a213/roles/03e495751a5943d99c8a57279fc762a6 0.022s
2025-02-07 12:43:23.290 62725 INFO tempest.lib.common.dynamic_creds [-] Dynamic test user ce4fd3ec9176449a8aaf8da07989a213 is created with scope project and roles: ['admin']
2025-02-07 12:43:23.290 62725 INFO tempest.lib.common.dynamic_creds [-] Acquired dynamic creds: credentials: Credentials: {'domain_id': 'default', 'domain_name': 'Default', 'username': 'tempest-ServicesAdminTestJSON-2000863086-project-admin', 'project_domain_id': 'default', 'project_domain_name': 'Default', 'project_id': '99f7a18100ed4ef8ad75d971a752cc03', 'project_name': 'tempest-ServicesAdminTestJSON-2000863086', 'tenant_id': '99f7a18100ed4ef8ad75d971a752cc03', 'tenant_name': 'tempest-ServicesAdminTestJSON-2000863086', 'user_domain_id': 'default', 'user_domain_name': 'Default', 'user_id': 'ce4fd3ec9176449a8aaf8da07989a213', 'system': None}, Network: None, Subnet: None, Router: None
2025-02-07 12:43:23.290 62725 INFO tempest.lib.common.dynamic_creds [-] Created isolated network resources for: credentials: Credentials: {'domain_id': 'default', 'domain_name': 'Default', 'username': 'tempest-ServicesAdminTestJSON-2000863086-project-admin', 'project_domain_id': 'default', 'project_domain_name': 'Default', 'project_id': '99f7a18100ed4ef8ad75d971a752cc03', 'project_name': 'tempest-ServicesAdminTestJSON-2000863086', 'tenant_id': '99f7a18100ed4ef8ad75d971a752cc03', 'tenant_name': 'tempest-ServicesAdminTestJSON-2000863086', 'user_domain_id': 'default', 'user_domain_name': 'Default', 'user_id': 'ce4fd3ec9176449a8aaf8da07989a213', 'system': None}, Network: None, Subnet: None, Router: None
2025-02-07 12:43:23.294 62689 INFO tempest.lib.common.rest_client [req-ea43290d-2f44-4223-ab00-1c53dea1df10 req-ea43290d-2f44-4223-ab00-1c53dea1df10 ] Request (FloatingIPsAssociationNegativeTestJSON:tearDownClass): 200 GET http://10.180.1.21/compute/v2.1/servers/b3e7bd84-3c18-40c7-95a7-9b259069f066 0.192s
2025-02-07 12:43:23.343 62694 INFO tempest.lib.common.rest_client [req-421c9453-65d4-4680-8217-e76aa82f344d req-421c9453-65d4-4680-8217-e76aa82f344d ] Request (DeleteServersTestJSON:test_delete_server_while_in_shelved_state): 200 GET http://10.180.1.21/compute/v2.1/servers/9cd85b1f-93a5-43f3-bda3-1518bb774759 0.177s
2025-02-07 12:43:23.358 62725 INFO tempest.lib.common.rest_client [req-68c8f4cb-db32-4133-8b7b-af0709bdbb2d req-68c8f4cb-db32-4133-8b7b-af0709bdbb2d ] Request (ServicesAdminTestJSON:setUpClass): 201 POST http://10.180.1.21/identity/v3/auth/tokens 0.065s
2025-02-07 12:43:23.465 62683 INFO tempest.lib.common.rest_client [req-41fe4f30-747c-4e0a-af4b-d93c61a0f338 req-41fe4f30-747c-4e0a-af4b-d93c61a0f338 ] Request (ListServerFiltersTestJSON:test_list_servers_filtered_by_ip_regex): 200 GET http://10.180.1.21/compute/v2.1/servers/d99b532a-164e-471b-b9ca-a0850f606780 0.254s
2025-02-07 12:43:23.517 62699 INFO tempest.lib.common.rest_client [req-a82c69d7-6d4d-4891-8897-363766af9e24 req-a82c69d7-6d4d-4891-8897-363766af9e24 ] Request (ServersTestJSON:test_create_server_specify_multibyte_character_name): 200 GET http://10.180.1.21/compute/v2.1/servers/d7dd9b27-eeaa-49be-af8f-86b100ff7a69 0.292s
2025-02-07 12:43:23.572 62733 INFO tempest.lib.common.rest_client [req-79afcfed-c21d-4bd4-a5ac-d391763985a1 req-79afcfed-c21d-4bd4-a5ac-d391763985a1 ] Request (ImagesTestJSON:test_create_image_from_suspended_server): 200 GET http://10.180.1.21/compute/v2.1/servers/a6583a62-ee37-42e0-9a51-b0ce30de58c2 0.345s
2025-02-07 12:43:23.606 62717 INFO tempest.lib.common.rest_client [req-994f5f7c-2adc-46eb-8d72-4784a697a9d1 req-994f5f7c-2adc-46eb-8d72-4784a697a9d1 ] Request (ServersWithSpecificFlavorTestJSON:test_verify_created_server_ephemeral_disk): 200 GET http://10.180.1.21/compute/v2.1/servers/f7197def-541f-4abc-b448-ebe58e2acccc 0.440s
2025-02-07 12:43:23.627 62679 INFO tempest.lib.common.rest_client [req-a4e41f4a-7e74-48dc-9adf-2c278e83659e req-a4e41f4a-7e74-48dc-9adf-2c278e83659e ] Request (ServerDiagnosticsNegativeTest:tearDownClass): 200 GET http://10.180.1.21/compute/v2.1/servers/ed958c86-7d75-439f-a3f1-8c8d2fc6ea0d 0.347s
2025-02-07 12:43:23.671 62705 INFO tempest.lib.common.rest_client [req-b1d5826d-b071-4af7-91c4-df8b4cde810d req-b1d5826d-b071-4af7-91c4-df8b4cde810d ] Request (AttachInterfacesV270Test:tearDownClass): 200 GET http://10.180.1.21/compute/v2.1/servers/9523a163-666d-448f-84a6-5278a7171f86 0.336s
2025-02-07 12:43:23.685 62675 INFO tempest.lib.common.rest_client [req-ec268bfe-3b67-4676-8f2e-f00a5f884943 req-ec268bfe-3b67-4676-8f2e-f00a5f884943 ] Request (ImagesOneServerNegativeTestJSON:_run_cleanups): 200 GET http://10.180.1.21/compute/v2.1/servers/faaa5eff-8814-4951-a6fc-9b2a53891f1c 0.329s
2025-02-07 12:43:23.773 62725 INFO tempest.lib.common.rest_client [req-513e5e6d-2808-41b2-b4ba-a9cccb8adbc1 req-513e5e6d-2808-41b2-b4ba-a9cccb8adbc1 ] Request (ServicesAdminTestJSON:test_get_service_by_host_name): 200 GET http://10.180.1.21/compute/v2.1/os-services 0.414s
2025-02-07 12:43:23.774 62683 INFO tempest.lib.common.rest_client [req-c0eecbf6-a388-4f95-9ecf-280ccb746db9 req-c0eecbf6-a388-4f95-9ecf-280ccb746db9 ] Request (ListServerFiltersTestJSON:test_list_servers_filtered_by_ip_regex): 200 GET http://10.180.1.21/compute/v2.1/servers/1ec74f8a-42d5-4213-843d-684129706edf 0.299s
2025-02-07 12:43:23.810 62725 INFO tempest.lib.common.rest_client [req-31f66b1e-f505-4c38-b133-8541e5fba38d req-31f66b1e-f505-4c38-b133-8541e5fba38d ] Request (ServicesAdminTestJSON:test_get_service_by_host_name): 200 GET http://10.180.1.21/compute/v2.1/os-services?host=devstack 0.035s
2025-02-07 12:43:23.827 62701 INFO tempest.lib.common.rest_client [req-4945fd79-76b9-4d21-8268-57b1e945daf4 req-4945fd79-76b9-4d21-8268-57b1e945daf4 ] Request (ServerShowV254Test:test_rebuild_server): 200 GET http://10.180.1.21/compute/v2.1/servers/f5897ca9-4a38-4583-a15a-dbb0a621ab2e 0.168s
2025-02-07 12:43:23.845 62725 INFO tempest.lib.common.rest_client [req-ee507643-adfa-4a98-896c-03969eb17d07 req-ee507643-adfa-4a98-896c-03969eb17d07 ] Request (ServicesAdminTestJSON:test_get_service_by_service_binary_name): 200 GET http://10.180.1.21/compute/v2.1/os-services?binary=nova-compute 0.031s
2025-02-07 12:43:23.868 62725 INFO tempest.lib.common.rest_client [req-852222a7-0a48-4108-902a-9d02c8c2b52d req-852222a7-0a48-4108-902a-9d02c8c2b52d ] Request (ServicesAdminTestJSON:test_list_services): 200 GET http://10.180.1.21/compute/v2.1/os-services 0.018s
2025-02-07 12:43:23.901 62683 INFO tempest.lib.common.rest_client [req-cd63672c-607a-4fe5-80c6-96a1e8a9f486 req-cd63672c-607a-4fe5-80c6-96a1e8a9f486 ] Request (ListServerFiltersTestJSON:test_list_servers_filtered_by_ip_regex): 200 GET http://10.180.1.21/compute/v2.1/servers/f468937a-de46-49b3-ba64-40403bb6b77f 0.116s
2025-02-07 12:43:23.955 62727 INFO tempest.lib.common.rest_client [req-1bac83c4-f38d-4884-8823-3f15a8af934d req-1bac83c4-f38d-4884-8823-3f15a8af934d ] Request (SecurityGroupsTestJSON:test_server_security_groups): 200 GET http://10.180.1.21/compute/v2.1/servers/28447a5e-1970-4231-9866-6bd221bcca82 0.047s
2025-02-07 12:43:23.963 62725 INFO tempest.lib.common.rest_client [req-1101b015-9533-47d3-9844-0d70071d2f33 req-1101b015-9533-47d3-9844-0d70071d2f33 ] Request (ServicesAdminTestJSON:tearDownClass): 204 DELETE http://10.180.1.21/identity/v3/users/281e0a32581c4c2885eeb68e8eb46164 0.091s
2025-02-07 12:43:24.006 62715 INFO tempest.lib.common.rest_client [req-5dbae726-a052-4703-ac1a-a3763c57236f req-5dbae726-a052-4703-ac1a-a3763c57236f ] Request (ServersTestMultiNic:test_verify_duplicate_network_nics): 200 GET http://10.180.1.21/compute/v2.1/servers/fa27d91c-5bae-40a3-a153-ac41f4238532 0.050s
2025-02-07 12:43:24.059 62725 INFO tempest.lib.common.rest_client [req-bfc9be3f-fe7f-45f1-8ec6-312c38de9344 req-bfc9be3f-fe7f-45f1-8ec6-312c38de9344 ] Request (ServicesAdminTestJSON:tearDownClass): 204 DELETE http://10.180.1.21/identity/v3/users/ce4fd3ec9176449a8aaf8da07989a213 0.095s
2025-02-07 12:43:24.059 62725 INFO tempest.lib.common.dynamic_creds [-] Deleting project and security group for project: 99f7a18100ed4ef8ad75d971a752cc03
2025-02-07 12:43:24.062 62683 INFO tempest.lib.common.rest_client [req-21133a54-db85-4844-84e2-56f4bcc34d29 req-21133a54-db85-4844-84e2-56f4bcc34d29 ] Request (ListServerFiltersTestJSON:test_list_servers_filtered_by_ip_regex): 200 GET http://10.180.1.21/compute/v2.1/servers/detail 0.155s
2025-02-07 12:43:24.119 62725 INFO tempest.lib.common.rest_client [req-9611eae5-6ee1-4dfb-8916-b8733980df35 req-9611eae5-6ee1-4dfb-8916-b8733980df35 ] Request (ServicesAdminTestJSON:tearDownClass): 201 POST http://10.180.1.21/identity/v3/auth/tokens 0.059s
2025-02-07 12:43:24.126 62697 INFO tempest.lib.common.rest_client [req-5cf1e429-14a7-4267-a346-29240627d8c4 req-5cf1e429-14a7-4267-a346-29240627d8c4 ] Request (ServersAdminTestJSON:test_inject_network_info): 200 GET http://10.180.1.21/compute/v2.1/servers/9fdc58aa-dd5a-4fe0-95ff-5ad2d06f0298 0.057s
2025-02-07 12:43:24.194 62709 INFO tempest.lib.common.rest_client [req-5b8912e2-059e-4f25-bb55-980915ff1b4a req-5b8912e2-059e-4f25-bb55-980915ff1b4a ] Request (ListImageFiltersTestJSON:setUpClass): 200 GET http://10.180.1.21/compute/v2.1/servers/996dff46-a8df-411f-8974-260f591f6086 0.134s
2025-02-07 12:43:24.250 62711 INFO tempest.lib.common.rest_client [req-3e312729-f43b-4ddb-832f-b7d195602c7f req-3e312729-f43b-4ddb-832f-b7d195602c7f ] Request (ServerShowV247Test:tearDownClass): 200 GET http://10.180.1.21/compute/v2.1/servers/a8ab0e21-de37-42da-b4b6-d9d9d120f61f 0.111s
2025-02-07 12:43:24.255 62683 INFO tempest.lib.common.rest_client [req-d650da8e-779d-407b-a042-c357b830633e req-d650da8e-779d-407b-a042-c357b830633e ] Request (ListServerFiltersTestJSON:test_list_servers_filtered_by_ip_regex): 200 GET http://10.180.1.21/compute/v2.1/servers?ip=192.168.128. 0.182s
2025-02-07 12:43:24.302 62725 INFO tempest.lib.common.rest_client [req-2933379d-7ba8-444f-a1b4-7aa17e12d63e req-2933379d-7ba8-444f-a1b4-7aa17e12d63e ] Request (ServicesAdminTestJSON:tearDownClass): 200 GET http://10.180.1.21:9696/networking/v2.0/security-groups?tenant_id=99f7a18100ed4ef8ad75d971a752cc03&name=default 0.183s
2025-02-07 12:43:24.312 62713 INFO tempest.lib.common.rest_client [req-239f86fa-b132-4649-9b09-3ddacee02c3b req-239f86fa-b132-4649-9b09-3ddacee02c3b ] Request (MigrationsAdminTest:test_resize_server_revert_deleted_flavor): 200 GET http://10.180.1.21/compute/v2.1/servers/7a3d03fd-327a-453b-ad3c-12736433379d 0.121s
2025-02-07 12:43:24.318 62713 INFO tempest.common.waiters [-] State transition "BUILD/None" ==> "BUILD/networking" after 88 second wait
2025-02-07 12:43:24.320 62681 INFO tempest.lib.common.rest_client [req-959a5472-435e-47c4-9d2d-9dd26b7edce3 req-959a5472-435e-47c4-9d2d-9dd26b7edce3 ] Request (ServerShowV257Test:test_rebuild_server): 200 GET http://10.180.1.21/compute/v2.1/servers/0b3e9b87-2fa5-4623-b547-8831a1d7932f 0.069s
2025-02-07 12:43:24.357 62683 INFO tempest.lib.common.rest_client [req-f32a9262-fca7-405b-ac34-a476419fbb3e req-f32a9262-fca7-405b-ac34-a476419fbb3e ] Request (ListServerFiltersTestJSON:test_list_servers_filtered_by_name_regex): 200 GET http://10.180.1.21/compute/v2.1/servers?name=%5E.%2A%5C-instance%5C-%5B0-9%5D%2B%24 0.098s
2025-02-07 12:43:24.377 62731 INFO tempest.lib.common.rest_client [req-977743c6-68c1-499a-bd2c-49275a304ad4 req-977743c6-68c1-499a-bd2c-49275a304ad4 ] Request (ServerDiskConfigTestJSON:test_rebuild_server_with_manual_disk_config): 200 GET http://10.180.1.21/compute/v2.1/servers/758fbe89-1e60-4025-853d-41439705356b 0.102s
2025-02-07 12:43:24.449 62689 INFO tempest.lib.common.rest_client [req-56894961-d524-4129-8730-08ba4db76130 req-56894961-d524-4129-8730-08ba4db76130 ] Request (FloatingIPsAssociationNegativeTestJSON:tearDownClass): 200 GET http://10.180.1.21/compute/v2.1/servers/b3e7bd84-3c18-40c7-95a7-9b259069f066 0.139s
2025-02-07 12:43:24.453 62694 INFO tempest.lib.common.rest_client [req-b7455b90-9e5e-4fb3-aabd-1b8a4430aa6b req-b7455b90-9e5e-4fb3-aabd-1b8a4430aa6b ] Request (DeleteServersTestJSON:test_delete_server_while_in_shelved_state): 200 GET http://10.180.1.21/compute/v2.1/servers/9cd85b1f-93a5-43f3-bda3-1518bb774759 0.099s
2025-02-07 12:43:24.514 62725 INFO tempest.lib.common.rest_client [req-5aedb2c7-1156-46e7-97ce-770d252e524c req-5aedb2c7-1156-46e7-97ce-770d252e524c ] Request (ServicesAdminTestJSON:tearDownClass): 204 DELETE http://10.180.1.21:9696/networking/v2.0/security-groups/5135ef77-6e9a-4640-9d54-bbcc52e10e22 0.211s
2025-02-07 12:43:24.515 62683 INFO tempest.lib.common.rest_client [req-34fcaed8-4a17-40c2-b3e5-759772f87a29 req-34fcaed8-4a17-40c2-b3e5-759772f87a29 ] Request (ListServerFiltersTestJSON:test_list_servers_filtered_by_name_regex): 200 GET http://10.180.1.21/compute/v2.1/servers?name=%5E.%2A%5C-instance%5C-.%2A%24 0.152s
2025-02-07 12:43:24.584 62699 INFO tempest.lib.common.rest_client [req-f6ad5181-cad0-4cb2-95c9-88f66f7bd759 req-f6ad5181-cad0-4cb2-95c9-88f66f7bd759 ] Request (ServersTestJSON:test_create_server_specify_multibyte_character_name): 200 GET http://10.180.1.21/compute/v2.1/servers/d7dd9b27-eeaa-49be-af8f-86b100ff7a69 0.058s
2025-02-07 12:43:24.599 62725 INFO tempest.lib.common.rest_client [req-c20ab7a7-5b89-4003-b7c5-febef887ca57 req-c20ab7a7-5b89-4003-b7c5-febef887ca57 ] Request (ServicesAdminTestJSON:tearDownClass): 204 DELETE http://10.180.1.21/identity/v3/projects/99f7a18100ed4ef8ad75d971a752cc03 0.085s
2025-02-07 12:43:24.599 62725 INFO tempest.lib.common.dynamic_creds [-] Deleting project and security group for project: 0d997fecb31848dbb241df65bead2e9d
2025-02-07 12:43:24.607 62683 INFO tempest.lib.common.rest_client [req-60a39844-b2ef-4b8f-ac89-697ae94d4c9f req-60a39844-b2ef-4b8f-ac89-697ae94d4c9f ] Request (ListServerFiltersTestJSON:test_list_servers_filtered_by_name_regex): 200 GET http://10.180.1.21/compute/v2.1/servers?name=-702479090 0.089s
2025-02-07 12:43:24.639 62733 INFO tempest.lib.common.rest_client [req-eeecbd4d-96e9-4fe4-8ef8-020bb1f00809 req-eeecbd4d-96e9-4fe4-8ef8-020bb1f00809 ] Request (ImagesTestJSON:test_create_image_from_suspended_server): 200 GET http://10.180.1.21/compute/v2.1/servers/a6583a62-ee37-42e0-9a51-b0ce30de58c2 0.059s
2025-02-07 12:43:24.657 62683 INFO tempest.lib.common.rest_client [req-ea3cf594-5aa1-4edb-b9ca-558151d85306 req-ea3cf594-5aa1-4edb-b9ca-558151d85306 ] Request (ListServerFiltersTestJSON:test_list_servers_filtered_by_name_wildcard): 200 GET http://10.180.1.21/compute/v2.1/servers?name=-instance 0.046s
2025-02-07 12:43:24.697 62717 INFO tempest.lib.common.rest_client [req-682f08df-7a98-4718-9d5c-cb9dd5c54e1e req-682f08df-7a98-4718-9d5c-cb9dd5c54e1e ] Request (ServersWithSpecificFlavorTestJSON:test_verify_created_server_ephemeral_disk): 200 GET http://10.180.1.21/compute/v2.1/servers/f7197def-541f-4abc-b448-ebe58e2acccc 0.082s
2025-02-07 12:43:24.724 62679 INFO tempest.lib.common.rest_client [req-945e8e30-6935-44fd-b1d5-323423bce289 req-945e8e30-6935-44fd-b1d5-323423bce289 ] Request (ServerDiagnosticsNegativeTest:tearDownClass): 200 GET http://10.180.1.21/compute/v2.1/servers/ed958c86-7d75-439f-a3f1-8c8d2fc6ea0d 0.088s
2025-02-07 12:43:24.739 62725 INFO tempest.lib.common.rest_client [req-21bb577e-c3ec-4f2b-b157-f1f5b58eccf7 req-21bb577e-c3ec-4f2b-b157-f1f5b58eccf7 ] Request (ServicesAdminTestJSON:tearDownClass): 200 GET http://10.180.1.21:9696/networking/v2.0/security-groups?tenant_id=0d997fecb31848dbb241df65bead2e9d&name=default 0.139s
2025-02-07 12:43:24.751 62683 INFO tempest.lib.common.rest_client [req-694d18f3-2c14-4c7e-9aeb-380071f72bba req-694d18f3-2c14-4c7e-9aeb-380071f72bba ] Request (ListServerFiltersTestJSON:test_list_servers_filtered_by_name_wildcard): 200 GET http://10.180.1.21/compute/v2.1/servers?name=t-ListServerFiltersTestJSON-instance-70247909 0.091s
2025-02-07 12:43:24.792 62705 INFO tempest.lib.common.rest_client [req-2c38ff40-7cf3-46b8-b306-f4296a6a4829 req-2c38ff40-7cf3-46b8-b306-f4296a6a4829 ] Request (AttachInterfacesV270Test:tearDownClass): 200 GET http://10.180.1.21/compute/v2.1/servers/9523a163-666d-448f-84a6-5278a7171f86 0.109s
2025-02-07 12:43:24.813 62675 INFO tempest.lib.common.rest_client [req-c86ee3d4-68a4-4a23-8d12-b910e7e1dbff req-c86ee3d4-68a4-4a23-8d12-b910e7e1dbff ] Request (ImagesOneServerNegativeTestJSON:_run_cleanups): 200 GET http://10.180.1.21/compute/v2.1/servers/faaa5eff-8814-4951-a6fc-9b2a53891f1c 0.121s
2025-02-07 12:43:24.859 62725 INFO tempest.lib.common.rest_client [req-b3158570-7455-4d5e-820a-57578ee01871 req-b3158570-7455-4d5e-820a-57578ee01871 ] Request (ServicesAdminTestJSON:tearDownClass): 204 DELETE http://10.180.1.21:9696/networking/v2.0/security-groups/c2feffb1-4922-4a9b-9c92-3abb855a87e2 0.119s
2025-02-07 12:43:24.863 62683 INFO tempest.lib.common.rest_client [req-b517e15a-d4ab-4480-9e16-fd4b9e05197f req-b517e15a-d4ab-4480-9e16-fd4b9e05197f ] Request (ListServerFiltersTestJSON:tearDownClass): 204 DELETE http://10.180.1.21/compute/v2.1/servers/f468937a-de46-49b3-ba64-40403bb6b77f 0.109s
2025-02-07 12:43:24.895 62701 INFO tempest.lib.common.rest_client [req-43b534c1-9fea-45b7-8691-130681258641 req-43b534c1-9fea-45b7-8691-130681258641 ] Request (ServerShowV254Test:test_rebuild_server): 200 GET http://10.180.1.21/compute/v2.1/servers/f5897ca9-4a38-4583-a15a-dbb0a621ab2e 0.057s
2025-02-07 12:43:24.958 62725 INFO tempest.lib.common.rest_client [req-4823fe1f-80da-45a5-b1a8-d1ae03d1a8c9 req-4823fe1f-80da-45a5-b1a8-d1ae03d1a8c9 ] Request (ServicesAdminTestJSON:tearDownClass): 204 DELETE http://10.180.1.21/identity/v3/projects/0d997fecb31848dbb241df65bead2e9d 0.098s
2025-02-07 12:43:24.962 62683 INFO tempest.lib.common.rest_client [req-108d14b5-ed08-4909-8e63-38d407cb346b req-108d14b5-ed08-4909-8e63-38d407cb346b ] Request (ListServerFiltersTestJSON:tearDownClass): 200 GET http://10.180.1.21/compute/v2.1/servers/f468937a-de46-49b3-ba64-40403bb6b77f 0.099s
2025-02-07 12:43:25.013 62727 INFO tempest.lib.common.rest_client [req-9a5aec5c-5cae-4ed8-b067-861d4718682f req-9a5aec5c-5cae-4ed8-b067-861d4718682f ] Request (SecurityGroupsTestJSON:test_server_security_groups): 200 GET http://10.180.1.21/compute/v2.1/servers/28447a5e-1970-4231-9866-6bd221bcca82 0.050s
2025-02-07 12:43:25.024 62725 INFO tempest.lib.common.rest_client [req-38043427-cf02-4bbf-965d-52430f0d671d req-38043427-cf02-4bbf-965d-52430f0d671d ] Request (AttachVolumeNegativeTest:setUpClass): 201 POST http://10.180.1.21/identity/v3/auth/tokens 0.065s
2025-02-07 12:43:25.050 62725 INFO tempest.lib.common.rest_client [req-18231033-7778-47cc-bdff-395e65773868 req-18231033-7778-47cc-bdff-395e65773868 ] Request (AttachVolumeNegativeTest:setUpClass): 201 POST http://10.180.1.21/identity/v3/auth/tokens 0.024s
2025-02-07 12:43:25.065 62715 INFO tempest.lib.common.rest_client [req-a6a66497-cb82-4a13-a181-9465d3810b3b req-a6a66497-cb82-4a13-a181-9465d3810b3b ] Request (ServersTestMultiNic:test_verify_duplicate_network_nics): 200 GET http://10.180.1.21/compute/v2.1/servers/fa27d91c-5bae-40a3-a153-ac41f4238532 0.051s
2025-02-07 12:43:25.081 62725 INFO tempest.lib.common.rest_client [req-8ad8f6d8-6838-4d72-825a-e7fb7bc59e86 req-8ad8f6d8-6838-4d72-825a-e7fb7bc59e86 ] Request (AttachVolumeNegativeTest:setUpClass): 200 GET http://10.180.1.21/identity/v3/domains?name=Default 0.030s
2025-02-07 12:43:25.107 62725 INFO tempest.lib.common.rest_client [req-52f390e4-0943-4f81-9613-3930055569e6 req-52f390e4-0943-4f81-9613-3930055569e6 ] Request (AttachVolumeNegativeTest:setUpClass): 201 POST http://10.180.1.21/identity/v3/projects 0.025s
2025-02-07 12:43:25.162 62725 INFO tempest.lib.common.rest_client [req-21150b1b-1735-4377-9401-36c87ef9bb5f req-21150b1b-1735-4377-9401-36c87ef9bb5f ] Request (AttachVolumeNegativeTest:setUpClass): 201 POST http://10.180.1.21/identity/v3/users 0.055s
2025-02-07 12:43:25.180 62697 INFO tempest.lib.common.rest_client [req-b169c99c-8eb1-422d-b877-11b31453ee69 req-b169c99c-8eb1-422d-b877-11b31453ee69 ] Request (ServersAdminTestJSON:test_inject_network_info): 200 GET http://10.180.1.21/compute/v2.1/servers/9fdc58aa-dd5a-4fe0-95ff-5ad2d06f0298 0.046s
2025-02-07 12:43:25.182 62725 INFO tempest.lib.common.rest_client [req-e872d0ea-e577-415d-8bdd-f34704bc1ccb req-e872d0ea-e577-415d-8bdd-f34704bc1ccb ] Request (AttachVolumeNegativeTest:setUpClass): 200 GET http://10.180.1.21/identity/v3/roles 0.019s
2025-02-07 12:43:25.206 62725 INFO tempest.lib.common.rest_client [req-bba3244a-2447-4e21-808c-0eb436546666 req-bba3244a-2447-4e21-808c-0eb436546666 ] Request (AttachVolumeNegativeTest:setUpClass): 204 PUT http://10.180.1.21/identity/v3/projects/f777d4695db5433b947d76fd30a7c09b/users/452d0c3422e54a00b5733ba0a881b047/roles/55e5affa13724ff6aec4ab625f276e72 0.024s
2025-02-07 12:43:25.207 62725 INFO tempest.lib.common.dynamic_creds [-] Dynamic test user 452d0c3422e54a00b5733ba0a881b047 is created with scope project and roles: ['member']
2025-02-07 12:43:25.207 62725 INFO tempest.lib.common.dynamic_creds [-] Acquired dynamic creds: credentials: Credentials: {'domain_id': 'default', 'domain_name': 'Default', 'username': 'tempest-AttachVolumeNegativeTest-1948684481-project-member', 'project_domain_id': 'default', 'project_domain_name': 'Default', 'project_id': 'f777d4695db5433b947d76fd30a7c09b', 'project_name': 'tempest-AttachVolumeNegativeTest-1948684481', 'tenant_id': 'f777d4695db5433b947d76fd30a7c09b', 'tenant_name': 'tempest-AttachVolumeNegativeTest-1948684481', 'user_domain_id': 'default', 'user_domain_name': 'Default', 'user_id': '452d0c3422e54a00b5733ba0a881b047', 'system': None}, Network: None, Subnet: None, Router: None
2025-02-07 12:43:25.259 62725 INFO tempest.lib.common.rest_client [req-4badc8ec-31f9-49dc-bd2b-f34256169f9b req-4badc8ec-31f9-49dc-bd2b-f34256169f9b ] Request (AttachVolumeNegativeTest:setUpClass): 201 POST http://10.180.1.21/identity/v3/auth/tokens 0.052s
2025-02-07 12:43:25.288 62709 INFO tempest.lib.common.rest_client [req-c50fbd50-ded2-4c3e-b35b-e2c6c20feb52 req-c50fbd50-ded2-4c3e-b35b-e2c6c20feb52 ] Request (ListImageFiltersTestJSON:setUpClass): 200 GET http://10.180.1.21/compute/v2.1/servers/996dff46-a8df-411f-8974-260f591f6086 0.087s
2025-02-07 12:43:25.313 62711 INFO tempest.lib.common.rest_client [req-74879075-3d0d-4c53-aaff-585d508398e7 req-74879075-3d0d-4c53-aaff-585d508398e7 ] Request (ServerShowV247Test:tearDownClass): 200 GET http://10.180.1.21/compute/v2.1/servers/a8ab0e21-de37-42da-b4b6-d9d9d120f61f 0.053s
2025-02-07 12:43:25.386 62681 INFO tempest.lib.common.rest_client [req-d595fb78-a9d4-4fb8-a1de-dc9a2fb7a9db req-d595fb78-a9d4-4fb8-a1de-dc9a2fb7a9db ] Request (ServerShowV257Test:test_rebuild_server): 200 GET http://10.180.1.21/compute/v2.1/servers/0b3e9b87-2fa5-4623-b547-8831a1d7932f 0.056s
2025-02-07 12:43:25.428 62713 INFO tempest.lib.common.rest_client [req-b015e3c8-19cd-49ee-8607-f960401d94a5 req-b015e3c8-19cd-49ee-8607-f960401d94a5 ] Request (MigrationsAdminTest:test_resize_server_revert_deleted_flavor): 200 GET http://10.180.1.21/compute/v2.1/servers/7a3d03fd-327a-453b-ad3c-12736433379d 0.108s
2025-02-07 12:43:25.436 62713 INFO tempest.common.waiters [-] State transition "BUILD/networking" ==> "BUILD/spawning" after 89 second wait
2025-02-07 12:43:25.449 62731 INFO tempest.lib.common.rest_client [req-1082b13f-871b-4d19-abd4-008c023f3f5f req-1082b13f-871b-4d19-abd4-008c023f3f5f ] Request (ServerDiskConfigTestJSON:test_rebuild_server_with_manual_disk_config): 200 GET http://10.180.1.21/compute/v2.1/servers/758fbe89-1e60-4025-853d-41439705356b 0.059s
2025-02-07 12:43:25.499 62725 INFO tempest.lib.common.rest_client [req-49387947-84af-4296-9ea9-e7fc50ea032c req-49387947-84af-4296-9ea9-e7fc50ea032c ] Request (AttachVolumeNegativeTest:setUpClass): 201 POST http://10.180.1.21:9696/networking/v2.0/networks 0.239s
2025-02-07 12:43:25.517 62694 INFO tempest.lib.common.rest_client [req-2d159964-b659-45fe-b638-1f392b8bd3e4 req-2d159964-b659-45fe-b638-1f392b8bd3e4 ] Request (DeleteServersTestJSON:test_delete_server_while_in_shelved_state): 200 GET http://10.180.1.21/compute/v2.1/servers/9cd85b1f-93a5-43f3-bda3-1518bb774759 0.056s
2025-02-07 12:43:25.522 62689 INFO tempest.lib.common.rest_client [req-900dd48b-7199-44e8-b60d-f7cb5e6e33af req-900dd48b-7199-44e8-b60d-f7cb5e6e33af ] Request (FloatingIPsAssociationNegativeTestJSON:tearDownClass): 200 GET http://10.180.1.21/compute/v2.1/servers/b3e7bd84-3c18-40c7-95a7-9b259069f066 0.064s
2025-02-07 12:43:25.649 62699 INFO tempest.lib.common.rest_client [req-b57d6875-e4b3-43b1-9731-a17d4e87ebb6 req-b57d6875-e4b3-43b1-9731-a17d4e87ebb6 ] Request (ServersTestJSON:test_create_server_specify_multibyte_character_name): 200 GET http://10.180.1.21/compute/v2.1/servers/d7dd9b27-eeaa-49be-af8f-86b100ff7a69 0.054s
2025-02-07 12:43:25.653 62725 INFO tempest.lib.common.rest_client [req-ce7742b9-b3cf-4381-9fc1-aad63426e7a5 req-ce7742b9-b3cf-4381-9fc1-aad63426e7a5 ] Request (AttachVolumeNegativeTest:setUpClass): 201 POST http://10.180.1.21:9696/networking/v2.0/subnets 0.153s
2025-02-07 12:43:25.701 62733 INFO tempest.lib.common.rest_client [req-9977f1af-7fc1-44cd-8369-466b0fa9acea req-9977f1af-7fc1-44cd-8369-466b0fa9acea ] Request (ImagesTestJSON:test_create_image_from_suspended_server): 200 GET http://10.180.1.21/compute/v2.1/servers/a6583a62-ee37-42e0-9a51-b0ce30de58c2 0.051s
2025-02-07 12:43:25.758 62717 INFO tempest.lib.common.rest_client [req-1f92040e-7d26-4966-92bb-15afc4268f10 req-1f92040e-7d26-4966-92bb-15afc4268f10 ] Request (ServersWithSpecificFlavorTestJSON:test_verify_created_server_ephemeral_disk): 200 GET http://10.180.1.21/compute/v2.1/servers/f7197def-541f-4abc-b448-ebe58e2acccc 0.052s
2025-02-07 12:43:25.812 62679 INFO tempest.lib.common.rest_client [req-a26cc4cb-3ae5-4269-82e8-1f55dfb8ecf1 req-a26cc4cb-3ae5-4269-82e8-1f55dfb8ecf1 ] Request (ServerDiagnosticsNegativeTest:tearDownClass): 200 GET http://10.180.1.21/compute/v2.1/servers/ed958c86-7d75-439f-a3f1-8c8d2fc6ea0d 0.080s
2025-02-07 12:43:25.878 62705 INFO tempest.lib.common.rest_client [req-bd98a79e-d6e8-420d-ac96-d30c1132e4d9 req-bd98a79e-d6e8-420d-ac96-d30c1132e4d9 ] Request (AttachInterfacesV270Test:tearDownClass): 200 GET http://10.180.1.21/compute/v2.1/servers/9523a163-666d-448f-84a6-5278a7171f86 0.070s
2025-02-07 12:43:25.885 62675 INFO tempest.lib.common.rest_client [req-7086b143-db95-4a10-bb83-a681dd018e70 req-7086b143-db95-4a10-bb83-a681dd018e70 ] Request (ImagesOneServerNegativeTestJSON:_run_cleanups): 200 GET http://10.180.1.21/compute/v2.1/servers/faaa5eff-8814-4951-a6fc-9b2a53891f1c 0.060s
2025-02-07 12:43:25.972 62701 INFO tempest.lib.common.rest_client [req-26898342-e182-4f4b-af47-b13722f42bbb req-26898342-e182-4f4b-af47-b13722f42bbb ] Request (ServerShowV254Test:test_rebuild_server): 200 GET http://10.180.1.21/compute/v2.1/servers/f5897ca9-4a38-4583-a15a-dbb0a621ab2e 0.067s
2025-02-07 12:43:25.982 62701 INFO tempest.common.waiters [-] State transition "BUILD/scheduling" ==> "BUILD/None" after 24 second wait
2025-02-07 12:43:26.079 62727 INFO tempest.lib.common.rest_client [req-4dc83994-3fe2-47d8-ad94-e824944ab4cb req-4dc83994-3fe2-47d8-ad94-e824944ab4cb ] Request (SecurityGroupsTestJSON:test_server_security_groups): 200 GET http://10.180.1.21/compute/v2.1/servers/28447a5e-1970-4231-9866-6bd221bcca82 0.059s
2025-02-07 12:43:26.093 62683 INFO tempest.lib.common.rest_client [req-174a0388-9a6f-4a38-a5bd-c591da2742bd req-174a0388-9a6f-4a38-a5bd-c591da2742bd ] Request (ListServerFiltersTestJSON:tearDownClass): 200 GET http://10.180.1.21/compute/v2.1/servers/f468937a-de46-49b3-ba64-40403bb6b77f 0.120s
2025-02-07 12:43:26.144 62715 INFO tempest.lib.common.rest_client [req-05dc576d-52e9-4ec9-b976-508b9d323a3d req-05dc576d-52e9-4ec9-b976-508b9d323a3d ] Request (ServersTestMultiNic:test_verify_duplicate_network_nics): 200 GET http://10.180.1.21/compute/v2.1/servers/fa27d91c-5bae-40a3-a153-ac41f4238532 0.065s
2025-02-07 12:43:26.244 62697 INFO tempest.lib.common.rest_client [req-973f91fe-f3e8-4f1b-b8de-b262c2232bb5 req-973f91fe-f3e8-4f1b-b8de-b262c2232bb5 ] Request (ServersAdminTestJSON:test_inject_network_info): 200 GET http://10.180.1.21/compute/v2.1/servers/9fdc58aa-dd5a-4fe0-95ff-5ad2d06f0298 0.055s
2025-02-07 12:43:26.395 62711 INFO tempest.lib.common.rest_client [req-91af4cb3-aacd-48f8-8037-b0fefd616c93 req-91af4cb3-aacd-48f8-8037-b0fefd616c93 ] Request (ServerShowV247Test:tearDownClass): 200 GET http://10.180.1.21/compute/v2.1/servers/a8ab0e21-de37-42da-b4b6-d9d9d120f61f 0.073s
2025-02-07 12:43:26.446 62709 INFO tempest.lib.common.rest_client [req-9d80a69e-fe55-4e97-a428-b8c7a4b877ed req-9d80a69e-fe55-4e97-a428-b8c7a4b877ed ] Request (ListImageFiltersTestJSON:setUpClass): 200 GET http://10.180.1.21/compute/v2.1/servers/996dff46-a8df-411f-8974-260f591f6086 0.150s
2025-02-07 12:43:26.482 62704 INFO paramiko.transport [-] Connected (version 2.0, client dropbear_2020.81)
2025-02-07 12:43:26.532 62681 INFO tempest.lib.common.rest_client [req-a41bdf30-16df-448b-bc2d-d5f05a650b4d req-a41bdf30-16df-448b-bc2d-d5f05a650b4d ] Request (ServerShowV257Test:test_rebuild_server): 200 GET http://10.180.1.21/compute/v2.1/servers/0b3e9b87-2fa5-4623-b547-8831a1d7932f 0.135s
2025-02-07 12:43:26.584 62704 INFO paramiko.transport [-] Authentication (publickey) successful!
2025-02-07 12:43:26.584 62704 INFO tempest.lib.common.ssh [-] ssh connection to cirros@10.180.180.179 successfully created
2025-02-07 12:43:26.593 62713 INFO tempest.lib.common.rest_client [req-7c040cf2-96c9-4bd7-969e-1bbd6f89307f req-7c040cf2-96c9-4bd7-969e-1bbd6f89307f ] Request (MigrationsAdminTest:test_resize_server_revert_deleted_flavor): 200 GET http://10.180.1.21/compute/v2.1/servers/7a3d03fd-327a-453b-ad3c-12736433379d 0.155s
2025-02-07 12:43:26.592 62731 INFO tempest.lib.common.rest_client [req-d03cfaa8-8219-4ef4-a82e-f99568c2f056 req-d03cfaa8-8219-4ef4-a82e-f99568c2f056 ] Request (ServerDiskConfigTestJSON:test_rebuild_server_with_manual_disk_config): 200 GET http://10.180.1.21/compute/v2.1/servers/758fbe89-1e60-4025-853d-41439705356b 0.135s
2025-02-07 12:43:26.650 62694 INFO tempest.lib.common.rest_client [req-156b5603-c183-4d64-bb3a-591520b55218 req-156b5603-c183-4d64-bb3a-591520b55218 ] Request (DeleteServersTestJSON:test_delete_server_while_in_shelved_state): 200 GET http://10.180.1.21/compute/v2.1/servers/9cd85b1f-93a5-43f3-bda3-1518bb774759 0.122s
2025-02-07 12:43:26.660 62689 INFO tempest.lib.common.rest_client [req-acb05de0-9bea-4f92-8a6d-f2b3000e7eb1 req-acb05de0-9bea-4f92-8a6d-f2b3000e7eb1 ] Request (FloatingIPsAssociationNegativeTestJSON:tearDownClass): 200 GET http://10.180.1.21/compute/v2.1/servers/b3e7bd84-3c18-40c7-95a7-9b259069f066 0.129s
2025-02-07 12:43:26.712 62699 INFO tempest.lib.common.rest_client [req-1ea93ff3-4569-4b82-84ff-2b226aece051 req-1ea93ff3-4569-4b82-84ff-2b226aece051 ] Request (ServersTestJSON:test_create_server_specify_multibyte_character_name): 200 GET http://10.180.1.21/compute/v2.1/servers/d7dd9b27-eeaa-49be-af8f-86b100ff7a69 0.054s
2025-02-07 12:43:26.725 62704 INFO tempest.lib.common.rest_client [req-bad6df6e-5de5-4b4f-8073-5e9f0836c441 req-bad6df6e-5de5-4b4f-8073-5e9f0836c441 ] Request (ServersTestFqdnHostnames:tearDownClass): 204 DELETE http://10.180.1.21/compute/v2.1/servers/3c094195-7f0d-4043-a1e4-8acbf634b14f 0.135s
2025-02-07 12:43:26.761 62733 INFO tempest.lib.common.rest_client [req-760c0c2c-2952-4492-9b6c-68c20e5975f8 req-760c0c2c-2952-4492-9b6c-68c20e5975f8 ] Request (ImagesTestJSON:test_create_image_from_suspended_server): 200 GET http://10.180.1.21/compute/v2.1/servers/a6583a62-ee37-42e0-9a51-b0ce30de58c2 0.051s
2025-02-07 12:43:26.790 62725 INFO tempest.lib.common.rest_client [req-c6ea3eb3-e9a2-4193-8d82-c085734f0c3a req-c6ea3eb3-e9a2-4193-8d82-c085734f0c3a ] Request (AttachVolumeNegativeTest:setUpClass): 201 POST http://10.180.1.21:9696/networking/v2.0/routers 1.136s
2025-02-07 12:43:26.818 62717 INFO tempest.lib.common.rest_client [req-85bc17ec-d335-4458-bde7-ed96d4c9edba req-85bc17ec-d335-4458-bde7-ed96d4c9edba ] Request (ServersWithSpecificFlavorTestJSON:test_verify_created_server_ephemeral_disk): 200 GET http://10.180.1.21/compute/v2.1/servers/f7197def-541f-4abc-b448-ebe58e2acccc 0.052s
2025-02-07 12:43:26.847 62679 INFO tempest.lib.common.rest_client [req-6047e7e0-9843-413f-a360-e1c0305032c5 req-6047e7e0-9843-413f-a360-e1c0305032c5 ] Request (ServerDiagnosticsNegativeTest:tearDownClass): 404 GET http://10.180.1.21/compute/v2.1/servers/ed958c86-7d75-439f-a3f1-8c8d2fc6ea0d 0.023s
2025-02-07 12:43:26.866 62704 INFO tempest.lib.common.rest_client [req-f6b0ed70-c4cb-46cc-ab94-d6ca00be44f9 req-f6b0ed70-c4cb-46cc-ab94-d6ca00be44f9 ] Request (ServersTestFqdnHostnames:tearDownClass): 200 GET http://10.180.1.21/compute/v2.1/servers/3c094195-7f0d-4043-a1e4-8acbf634b14f 0.141s
2025-02-07 12:43:26.954 62675 INFO tempest.lib.common.rest_client [req-aba8491c-4ced-4db4-a1f8-23d1d3ee4ed5 req-aba8491c-4ced-4db4-a1f8-23d1d3ee4ed5 ] Request (ImagesOneServerNegativeTestJSON:_run_cleanups): 200 GET http://10.180.1.21/compute/v2.1/servers/faaa5eff-8814-4951-a6fc-9b2a53891f1c 0.051s
2025-02-07 12:43:26.955 62679 INFO tempest.lib.common.rest_client [req-7e8a379a-280e-4a6e-b2c1-fa5fee2b57e9 req-7e8a379a-280e-4a6e-b2c1-fa5fee2b57e9 ] Request (ServerDiagnosticsNegativeTest:tearDownClass): 204 DELETE http://10.180.1.21/identity/v3/users/3c49141cf1ed42d2b904a824f304ee5d 0.107s
2025-02-07 12:43:26.977 62705 INFO tempest.lib.common.rest_client [req-65faf3c0-b947-47a3-a2e0-6862d7f18186 req-65faf3c0-b947-47a3-a2e0-6862d7f18186 ] Request (AttachInterfacesV270Test:tearDownClass): 200 GET http://10.180.1.21/compute/v2.1/servers/9523a163-666d-448f-84a6-5278a7171f86 0.078s
2025-02-07 12:43:27.055 62701 INFO tempest.lib.common.rest_client [req-5cf92499-68d5-4fc6-a1fb-a95f4e806b74 req-5cf92499-68d5-4fc6-a1fb-a95f4e806b74 ] Request (ServerShowV254Test:test_rebuild_server): 200 GET http://10.180.1.21/compute/v2.1/servers/f5897ca9-4a38-4583-a15a-dbb0a621ab2e 0.068s
2025-02-07 12:43:27.057 62679 INFO tempest.lib.common.rest_client [req-37553819-70b5-4d0a-95c5-b448eb2cb325 req-37553819-70b5-4d0a-95c5-b448eb2cb325 ] Request (ServerDiagnosticsNegativeTest:tearDownClass): 204 DELETE http://10.180.1.21/identity/v3/users/106a611147a3478cbcdb99b602a35c59 0.102s
2025-02-07 12:43:27.058 62679 INFO tempest.lib.common.dynamic_creds [-] Deleting project and security group for project: 27702efddec94b8ea6300df426a88da9
2025-02-07 12:43:27.122 62679 INFO tempest.lib.common.rest_client [req-b10b7089-66b8-4616-9886-2965484997d1 req-b10b7089-66b8-4616-9886-2965484997d1 ] Request (ServerDiagnosticsNegativeTest:tearDownClass): 201 POST http://10.180.1.21/identity/v3/auth/tokens 0.064s
2025-02-07 12:43:27.146 62727 INFO tempest.lib.common.rest_client [req-ad36d631-edab-49f2-b61b-0db3544ee410 req-ad36d631-edab-49f2-b61b-0db3544ee410 ] Request (SecurityGroupsTestJSON:test_server_security_groups): 200 GET http://10.180.1.21/compute/v2.1/servers/28447a5e-1970-4231-9866-6bd221bcca82 0.059s
2025-02-07 12:43:27.220 62715 INFO tempest.lib.common.rest_client [req-8066dc45-99ec-4974-8495-d80f516d16d6 req-8066dc45-99ec-4974-8495-d80f516d16d6 ] Request (ServersTestMultiNic:test_verify_duplicate_network_nics): 200 GET http://10.180.1.21/compute/v2.1/servers/fa27d91c-5bae-40a3-a153-ac41f4238532 0.067s
2025-02-07 12:43:27.242 62683 INFO tempest.lib.common.rest_client [req-04338ced-98ea-4f24-86e8-7889133eb79e req-04338ced-98ea-4f24-86e8-7889133eb79e ] Request (ListServerFiltersTestJSON:tearDownClass): 200 GET http://10.180.1.21/compute/v2.1/servers/f468937a-de46-49b3-ba64-40403bb6b77f 0.139s
2025-02-07 12:43:27.316 62697 INFO tempest.lib.common.rest_client [req-9e3ce9b1-7f3e-4792-8d17-c46b2a1e0a90 req-9e3ce9b1-7f3e-4792-8d17-c46b2a1e0a90 ] Request (ServersAdminTestJSON:test_inject_network_info): 200 GET http://10.180.1.21/compute/v2.1/servers/9fdc58aa-dd5a-4fe0-95ff-5ad2d06f0298 0.065s
2025-02-07 12:43:27.406 62679 INFO tempest.lib.common.rest_client [req-2588bffb-59ce-4284-bbe3-cc0a2abd8e2a req-2588bffb-59ce-4284-bbe3-cc0a2abd8e2a ] Request (ServerDiagnosticsNegativeTest:tearDownClass): 200 GET http://10.180.1.21:9696/networking/v2.0/security-groups?tenant_id=27702efddec94b8ea6300df426a88da9&name=default 0.284s
2025-02-07 12:43:27.523 62711 INFO tempest.lib.common.rest_client [req-2393b4c3-b9d1-4b1a-b930-80a8e668ab5c req-2393b4c3-b9d1-4b1a-b930-80a8e668ab5c ] Request (ServerShowV247Test:tearDownClass): 200 GET http://10.180.1.21/compute/v2.1/servers/a8ab0e21-de37-42da-b4b6-d9d9d120f61f 0.115s
2025-02-07 12:43:27.585 62709 INFO tempest.lib.common.rest_client [req-334ca088-a15e-4fa2-bb75-0e7ea8a3f5a6 req-334ca088-a15e-4fa2-bb75-0e7ea8a3f5a6 ] Request (ListImageFiltersTestJSON:setUpClass): 200 GET http://10.180.1.21/compute/v2.1/servers/996dff46-a8df-411f-8974-260f591f6086 0.128s
2025-02-07 12:43:27.606 62681 INFO tempest.lib.common.rest_client [req-2286d85e-c77b-48e3-bb01-a69c63cf5da3 req-2286d85e-c77b-48e3-bb01-a69c63cf5da3 ] Request (ServerShowV257Test:test_rebuild_server): 200 GET http://10.180.1.21/compute/v2.1/servers/0b3e9b87-2fa5-4623-b547-8831a1d7932f 0.064s
2025-02-07 12:43:27.617 62679 INFO tempest.lib.common.rest_client [req-eec1096f-a83c-418c-87f4-55253ac6674c req-eec1096f-a83c-418c-87f4-55253ac6674c ] Request (ServerDiagnosticsNegativeTest:tearDownClass): 204 DELETE http://10.180.1.21:9696/networking/v2.0/security-groups/665ccc0f-e907-4944-889b-155b36deaaef 0.210s
2025-02-07 12:43:27.681 62731 INFO tempest.lib.common.rest_client [req-66e5bba9-2f85-4473-a436-1c82314a5f24 req-66e5bba9-2f85-4473-a436-1c82314a5f24 ] Request (ServerDiskConfigTestJSON:test_rebuild_server_with_manual_disk_config): 200 GET http://10.180.1.21/compute/v2.1/servers/758fbe89-1e60-4025-853d-41439705356b 0.077s
2025-02-07 12:43:27.702 62679 INFO tempest.lib.common.rest_client [req-347e11c0-0cfc-4e20-a60b-81ca290e6fea req-347e11c0-0cfc-4e20-a60b-81ca290e6fea ] Request (ServerDiagnosticsNegativeTest:tearDownClass): 204 DELETE http://10.180.1.21/identity/v3/projects/27702efddec94b8ea6300df426a88da9 0.084s
2025-02-07 12:43:27.702 62679 INFO tempest.lib.common.dynamic_creds [-] Deleting project and security group for project: 70b4d0fe41d94e3997820682583497ac
2025-02-07 12:43:27.742 62694 INFO tempest.lib.common.rest_client [req-b9a35754-ea28-454d-b488-a5228bc3d3d4 req-b9a35754-ea28-454d-b488-a5228bc3d3d4 ] Request (DeleteServersTestJSON:test_delete_server_while_in_shelved_state): 200 GET http://10.180.1.21/compute/v2.1/servers/9cd85b1f-93a5-43f3-bda3-1518bb774759 0.083s
2025-02-07 12:43:27.744 62713 INFO tempest.lib.common.rest_client [req-a6675e99-a80a-480c-a4be-c7fc904f94bb req-a6675e99-a80a-480c-a4be-c7fc904f94bb ] Request (MigrationsAdminTest:test_resize_server_revert_deleted_flavor): 200 GET http://10.180.1.21/compute/v2.1/servers/7a3d03fd-327a-453b-ad3c-12736433379d 0.142s
2025-02-07 12:43:27.792 62679 INFO tempest.lib.common.rest_client [req-b8553b22-135a-428e-8fe7-c1938e37c91f req-b8553b22-135a-428e-8fe7-c1938e37c91f ] Request (ServerDiagnosticsNegativeTest:tearDownClass): 200 GET http://10.180.1.21:9696/networking/v2.0/security-groups?tenant_id=70b4d0fe41d94e3997820682583497ac&name=default 0.089s
2025-02-07 12:43:27.803 62699 INFO tempest.lib.common.rest_client [req-488b44b4-5a55-417c-95f1-d5bcbf88ce88 req-488b44b4-5a55-417c-95f1-d5bcbf88ce88 ] Request (ServersTestJSON:test_create_server_specify_multibyte_character_name): 200 GET http://10.180.1.21/compute/v2.1/servers/d7dd9b27-eeaa-49be-af8f-86b100ff7a69 0.082s
2025-02-07 12:43:27.822 62689 INFO tempest.lib.common.rest_client [req-5b7897aa-7ef6-4acf-8d3e-11eddb1a611c req-5b7897aa-7ef6-4acf-8d3e-11eddb1a611c ] Request (FloatingIPsAssociationNegativeTestJSON:tearDownClass): 200 GET http://10.180.1.21/compute/v2.1/servers/b3e7bd84-3c18-40c7-95a7-9b259069f066 0.148s
2025-02-07 12:43:27.864 62733 INFO tempest.lib.common.rest_client [req-7621adb0-8c06-49d5-9bab-75d4c0b8381b req-7621adb0-8c06-49d5-9bab-75d4c0b8381b ] Request (ImagesTestJSON:test_create_image_from_suspended_server): 200 GET http://10.180.1.21/compute/v2.1/servers/a6583a62-ee37-42e0-9a51-b0ce30de58c2 0.093s
2025-02-07 12:43:27.864 62729 INFO paramiko.transport [-] Connected (version 2.0, client dropbear_2020.81)
2025-02-07 12:43:27.887 62717 INFO tempest.lib.common.rest_client [req-3dcdff72-bda3-49cc-bfa1-7bc2087710cc req-3dcdff72-bda3-49cc-bfa1-7bc2087710cc ] Request (ServersWithSpecificFlavorTestJSON:test_verify_created_server_ephemeral_disk): 200 GET http://10.180.1.21/compute/v2.1/servers/f7197def-541f-4abc-b448-ebe58e2acccc 0.061s
2025-02-07 12:43:27.923 62729 INFO paramiko.transport [-] Authentication (publickey) successful!
2025-02-07 12:43:27.923 62729 INFO tempest.lib.common.ssh [-] ssh connection to cirros@10.180.180.175 successfully created
2025-02-07 12:43:27.936 62679 INFO tempest.lib.common.rest_client [req-7547af88-0926-4cb0-a784-921b8c3cf32b req-7547af88-0926-4cb0-a784-921b8c3cf32b ] Request (ServerDiagnosticsNegativeTest:tearDownClass): 204 DELETE http://10.180.1.21:9696/networking/v2.0/security-groups/55867c31-5cf9-4ef6-a9fd-33d45b9f4d4d 0.143s
2025-02-07 12:43:28.012 62704 INFO tempest.lib.common.rest_client [req-d801b289-31d1-4cc7-9ee8-6ed85a8d97dc req-d801b289-31d1-4cc7-9ee8-6ed85a8d97dc ] Request (ServersTestFqdnHostnames:tearDownClass): 200 GET http://10.180.1.21/compute/v2.1/servers/3c094195-7f0d-4043-a1e4-8acbf634b14f 0.132s
2025-02-07 12:43:28.042 62679 INFO tempest.lib.common.rest_client [req-296a9938-5b8c-4bf7-b3c1-dfbf08f1155f req-296a9938-5b8c-4bf7-b3c1-dfbf08f1155f ] Request (ServerDiagnosticsNegativeTest:tearDownClass): 204 DELETE http://10.180.1.21/identity/v3/projects/70b4d0fe41d94e3997820682583497ac 0.105s
2025-02-07 12:43:28.073 62675 INFO tempest.lib.common.rest_client [req-0bf43313-cfaa-4849-ac17-8be268e6006d req-0bf43313-cfaa-4849-ac17-8be268e6006d ] Request (ImagesOneServerNegativeTestJSON:_run_cleanups): 200 GET http://10.180.1.21/compute/v2.1/servers/faaa5eff-8814-4951-a6fc-9b2a53891f1c 0.103s
2025-02-07 12:43:28.141 62679 INFO tempest.lib.common.rest_client [req-aaa22aa2-4658-403b-b71b-44f6e07c43cf req-aaa22aa2-4658-403b-b71b-44f6e07c43cf ] Request (FlavorsV2TestJSON:setUpClass): 201 POST http://10.180.1.21/identity/v3/auth/tokens 0.096s
2025-02-07 12:43:28.158 62705 INFO tempest.lib.common.rest_client [req-0c31debb-acae-4f14-ae47-76e6b8862e7a req-0c31debb-acae-4f14-ae47-76e6b8862e7a ] Request (AttachInterfacesV270Test:tearDownClass): 200 GET http://10.180.1.21/compute/v2.1/servers/9523a163-666d-448f-84a6-5278a7171f86 0.168s
2025-02-07 12:43:28.195 62679 INFO tempest.lib.common.rest_client [req-84b6b50d-51b3-4731-95ae-821f5d64097f req-84b6b50d-51b3-4731-95ae-821f5d64097f ] Request (FlavorsV2TestJSON:setUpClass): 201 POST http://10.180.1.21/identity/v3/auth/tokens 0.052s
2025-02-07 12:43:28.215 62725 INFO tempest.lib.common.rest_client [req-73abb889-7af1-4119-adbd-714d6e85ac8a req-73abb889-7af1-4119-adbd-714d6e85ac8a ] Request (AttachVolumeNegativeTest:setUpClass): 200 PUT http://10.180.1.21:9696/networking/v2.0/routers/fb5b5718-9d18-4ff2-8090-6742f9bf2724/add_router_interface 1.424s
2025-02-07 12:43:28.215 62725 INFO tempest.lib.common.dynamic_creds [-] Created isolated network resources for: credentials: Credentials: {'domain_id': 'default', 'domain_name': 'Default', 'username': 'tempest-AttachVolumeNegativeTest-1948684481-project-member', 'project_domain_id': 'default', 'project_domain_name': 'Default', 'project_id': 'f777d4695db5433b947d76fd30a7c09b', 'project_name': 'tempest-AttachVolumeNegativeTest-1948684481', 'tenant_id': 'f777d4695db5433b947d76fd30a7c09b', 'tenant_name': 'tempest-AttachVolumeNegativeTest-1948684481', 'user_domain_id': 'default', 'user_domain_name': 'Default', 'user_id': '452d0c3422e54a00b5733ba0a881b047', 'system': None}, Network: {'id': '2f7e2133-4fb3-4a9f-bb2e-4fe0872e76d7', 'name': 'tempest-AttachVolumeNegativeTest-977109863-network', 'tenant_id': 'f777d4695db5433b947d76fd30a7c09b', 'admin_state_up': True, 'mtu': 8950, 'status': 'ACTIVE', 'subnets': [], 'shared': False, 'project_id': 'f777d4695db5433b947d76fd30a7c09b', 'port_security_enabled': True, 'router:external': False, 'provider:network_type': 'vlan', 'provider:physical_network': 'default', 'provider:segmentation_id': 249, 'availability_zone_hints': [], 'availability_zones': [], 'ipv4_address_scope': None, 'ipv6_address_scope': None, 'description': '', 'tags': [], 'created_at': '2025-02-07T12:43:25Z', 'updated_at': '2025-02-07T12:43:25Z', 'revision_number': 1}, Subnet: {'id': '4ddf5fe7-d2ee-4ef1-895f-0e21f6d61b24', 'name': 'tempest-AttachVolumeNegativeTest-977109863-subnet', 'tenant_id': 'f777d4695db5433b947d76fd30a7c09b', 'network_id': '2f7e2133-4fb3-4a9f-bb2e-4fe0872e76d7', 'ip_version': 4, 'subnetpool_id': None, 'enable_dhcp': True, 'ipv6_ra_mode': None, 'ipv6_address_mode': None, 'gateway_ip': '192.168.128.1', 'cidr': '192.168.128.0/28', 'allocation_pools': [{'start': '192.168.128.2', 'end': '192.168.128.14'}], 'host_routes': [], 'dns_nameservers': [], 'description': '', 'router:external': False, 'service_types': [], 'tags': [], 'created_at': '2025-02-07T12:43:25Z', 'updated_at': '2025-02-07T12:43:25Z', 'revision_number': 0, 'project_id': 'f777d4695db5433b947d76fd30a7c09b'}, Router: {'id': 'fb5b5718-9d18-4ff2-8090-6742f9bf2724', 'name': 'tempest-AttachVolumeNegativeTest-977109863-router', 'tenant_id': 'f777d4695db5433b947d76fd30a7c09b', 'admin_state_up': True, 'status': 'ACTIVE', 'external_gateway_info': {'network_id': 'efbe45b3-2bbd-42b2-8f1f-d55b0a5ce8d3', 'external_fixed_ips': [{'subnet_id': 'c500051d-e96c-4a10-b0b5-36aa671b0e8e', 'ip_address': '10.180.180.224'}], 'enable_snat': True}, 'description': '', 'availability_zones': [], 'distributed': False, 'ha': False, 'availability_zone_hints': [], 'routes': [], 'flavor_id': None, 'tags': [], 'created_at': '2025-02-07T12:43:25Z', 'updated_at': '2025-02-07T12:43:26Z', 'revision_number': 2, 'project_id': 'f777d4695db5433b947d76fd30a7c09b'}
2025-02-07 12:43:28.231 62701 INFO tempest.lib.common.rest_client [req-5b16d426-3f66-4374-89b4-532f30eff653 req-5b16d426-3f66-4374-89b4-532f30eff653 ] Request (ServerShowV254Test:test_rebuild_server): 200 GET http://10.180.1.21/compute/v2.1/servers/f5897ca9-4a38-4583-a15a-dbb0a621ab2e 0.164s
2025-02-07 12:43:28.231 62679 INFO tempest.lib.common.rest_client [req-6179d9d1-cfc5-4f66-bf11-f3cf49605609 req-6179d9d1-cfc5-4f66-bf11-f3cf49605609 ] Request (FlavorsV2TestJSON:setUpClass): 200 GET http://10.180.1.21/identity/v3/domains?name=Default 0.034s
2025-02-07 12:43:28.271 62679 INFO tempest.lib.common.rest_client [req-62e9398b-aeb3-4751-8cf3-5e24740ef2cf req-62e9398b-aeb3-4751-8cf3-5e24740ef2cf ] Request (FlavorsV2TestJSON:setUpClass): 201 POST http://10.180.1.21/identity/v3/projects 0.040s
2025-02-07 12:43:28.297 62727 INFO tempest.lib.common.rest_client [req-43ff9f53-16ab-478c-9588-da4aac0891ac req-43ff9f53-16ab-478c-9588-da4aac0891ac ] Request (SecurityGroupsTestJSON:test_server_security_groups): 200 GET http://10.180.1.21/compute/v2.1/servers/28447a5e-1970-4231-9866-6bd221bcca82 0.141s
2025-02-07 12:43:28.311 62725 INFO tempest.lib.common.rest_client [req-e446b48e-153e-41d0-99d8-58ab528abd56 req-e446b48e-153e-41d0-99d8-58ab528abd56 ] Request (AttachVolumeNegativeTest:setUpClass): 201 POST http://10.180.1.21/identity/v3/auth/tokens 0.091s
2025-02-07 12:43:28.356 62679 INFO tempest.lib.common.rest_client [req-5627e749-36d5-4390-8ed9-51bd6c2b1506 req-5627e749-36d5-4390-8ed9-51bd6c2b1506 ] Request (FlavorsV2TestJSON:setUpClass): 201 POST http://10.180.1.21/identity/v3/users 0.083s
2025-02-07 12:43:28.364 62715 INFO tempest.lib.common.rest_client [req-6aa8eabb-b267-4dcc-a918-fdba3e8e24e3 req-6aa8eabb-b267-4dcc-a918-fdba3e8e24e3 ] Request (ServersTestMultiNic:test_verify_duplicate_network_nics): 200 GET http://10.180.1.21/compute/v2.1/servers/fa27d91c-5bae-40a3-a153-ac41f4238532 0.136s
2025-02-07 12:43:28.388 62679 INFO tempest.lib.common.rest_client [req-af1f4d1f-b852-4cfb-b5b3-680e5580e354 req-af1f4d1f-b852-4cfb-b5b3-680e5580e354 ] Request (FlavorsV2TestJSON:setUpClass): 200 GET http://10.180.1.21/identity/v3/roles 0.031s
2025-02-07 12:43:28.418 62679 INFO tempest.lib.common.rest_client [req-0fb50350-065b-4970-a3c6-614fc5c52c8d req-0fb50350-065b-4970-a3c6-614fc5c52c8d ] Request (FlavorsV2TestJSON:setUpClass): 204 PUT http://10.180.1.21/identity/v3/projects/80cb7e2ee2d54fb8aee4209c646c9447/users/54d75dcfaf284291a8f020ffa7168acf/roles/55e5affa13724ff6aec4ab625f276e72 0.029s
2025-02-07 12:43:28.418 62679 INFO tempest.lib.common.dynamic_creds [-] Dynamic test user 54d75dcfaf284291a8f020ffa7168acf is created with scope project and roles: ['member']
2025-02-07 12:43:28.418 62679 INFO tempest.lib.common.dynamic_creds [-] Acquired dynamic creds: credentials: Credentials: {'domain_id': 'default', 'domain_name': 'Default', 'username': 'tempest-FlavorsV2TestJSON-724961560-project-member', 'project_domain_id': 'default', 'project_domain_name': 'Default', 'project_id': '80cb7e2ee2d54fb8aee4209c646c9447', 'project_name': 'tempest-FlavorsV2TestJSON-724961560', 'tenant_id': '80cb7e2ee2d54fb8aee4209c646c9447', 'tenant_name': 'tempest-FlavorsV2TestJSON-724961560', 'user_domain_id': 'default', 'user_domain_name': 'Default', 'user_id': '54d75dcfaf284291a8f020ffa7168acf', 'system': None}, Network: None, Subnet: None, Router: None
