2025-02-07 12:43:34.233 62713 INFO tempest.lib.common.rest_client [req-8ec51831-17cb-4f0a-963b-5726d351b504 req-8ec51831-17cb-4f0a-963b-5726d351b504 ] Request (MigrationsAdminTest:test_resize_server_revert_deleted_flavor): 200 GET http://10.180.1.21/compute/v2.1/servers/7a3d03fd-327a-453b-ad3c-12736433379d 0.228s
2025-02-07 12:43:34.257 62721 INFO tempest.lib.common.rest_client [req-34bb4d49-3355-4a4b-8b08-ebad3e40d159 req-34bb4d49-3355-4a4b-8b08-ebad3e40d159 ] Request (AttachInterfacesUnderV243Test:test_add_remove_fixed_ip): 200 GET http://10.180.1.21/compute/v2.1/servers/0ccb3004-b612-45c3-b655-609eb2c4b16c/ips 0.134s
2025-02-07 12:43:34.259 62705 INFO tempest.lib.common.rest_client [req-621c8f05-3016-42c7-a0a6-4129ff6a8467 req-621c8f05-3016-42c7-a0a6-4129ff6a8467 ] Request (AttachInterfacesV270Test:tearDownClass): 200 GET http://10.180.1.21/compute/v2.1/servers/9523a163-666d-448f-84a6-5278a7171f86 0.138s
2025-02-07 12:43:34.309 62727 INFO tempest.lib.common.rest_client [req-52224450-c545-40ba-8cd8-4e56dfd3f555 req-52224450-c545-40ba-8cd8-4e56dfd3f555 ] Request (SecurityGroupsTestJSON:test_server_security_groups): 200 GET http://10.180.1.21/compute/v2.1/servers/28447a5e-1970-4231-9866-6bd221bcca82 0.126s
2025-02-07 12:43:34.314 62704 INFO tempest.lib.common.rest_client [req-400a38f0-609d-4b5f-a41e-34843c3e5e57 req-400a38f0-609d-4b5f-a41e-34843c3e5e57 ] Request (ServersTestFqdnHostnames:tearDownClass): 200 GET http://10.180.1.21/compute/v2.1/servers/3c094195-7f0d-4043-a1e4-8acbf634b14f 0.185s
2025-02-07 12:43:34.358 62701 INFO tempest.lib.common.rest_client [req-f49619c3-cbae-461f-9086-016162588c32 req-f49619c3-cbae-461f-9086-016162588c32 ] Request (ServerShowV254Test:test_rebuild_server): 200 GET http://10.180.1.21/compute/v2.1/servers/f5897ca9-4a38-4583-a15a-dbb0a621ab2e 0.174s
2025-02-07 12:43:34.362 62725 INFO tempest.lib.common.rest_client [req-41f64f0f-4d59-42af-91be-996974e857a5 req-41f64f0f-4d59-42af-91be-996974e857a5 ] Request (AttachVolumeNegativeTest:test_attach_attached_volume_to_different_server): 200 GET http://10.180.1.21/compute/v2.1/servers/53ff526b-6e0b-49bc-beca-4fb4a377389b 0.121s
2025-02-07 12:43:34.408 62697 INFO tempest.lib.common.rest_client [req-584647ad-200c-4388-b3c3-540635ce8a57 req-584647ad-200c-4388-b3c3-540635ce8a57 ] Request (ServersAdminTestJSON:test_inject_network_info): 200 GET http://10.180.1.21/compute/v2.1/servers/9fdc58aa-dd5a-4fe0-95ff-5ad2d06f0298 0.119s
2025-02-07 12:43:34.414 62683 INFO tempest.lib.common.rest_client [req-b8a5811a-11f9-4360-9038-252ab835dfda req-b8a5811a-11f9-4360-9038-252ab835dfda ] Request (ListServerFiltersTestJSON:tearDownClass): 200 GET http://10.180.1.21/compute/v2.1/servers/f468937a-de46-49b3-ba64-40403bb6b77f 0.166s
2025-02-07 12:43:34.477 62711 INFO tempest.lib.common.rest_client [req-bf960e9f-b32c-4b3c-aa43-cb43169558fa req-bf960e9f-b32c-4b3c-aa43-cb43169558fa ] Request (ServerShowV247Test:tearDownClass): 200 GET http://10.180.1.21/compute/v2.1/servers/a8ab0e21-de37-42da-b4b6-d9d9d120f61f 0.114s
2025-02-07 12:43:34.533 62715 INFO tempest.lib.common.rest_client [req-333b7da0-be28-4f89-a6ef-3073f2c2ea95 req-333b7da0-be28-4f89-a6ef-3073f2c2ea95 ] Request (ServersTestMultiNic:test_verify_duplicate_network_nics): 200 GET http://10.180.1.21/compute/v2.1/servers/fa27d91c-5bae-40a3-a153-ac41f4238532 0.178s
2025-02-07 12:43:34.682 62681 INFO tempest.lib.common.rest_client [req-e7da7b2f-7524-4d55-91a2-efd82b51ee5f req-e7da7b2f-7524-4d55-91a2-efd82b51ee5f ] Request (ServerShowV257Test:test_rebuild_server): 200 GET http://10.180.1.21/compute/v2.1/servers/0b3e9b87-2fa5-4623-b547-8831a1d7932f 0.053s
2025-02-07 12:43:34.950 62694 INFO tempest.lib.common.rest_client [req-6d6eef15-5b8a-4521-8092-e84f535693c0 req-6d6eef15-5b8a-4521-8092-e84f535693c0 ] Request (DeleteServersTestJSON:test_delete_server_while_in_shelved_state): 200 GET http://10.180.1.21/compute/v2.1/servers/9cd85b1f-93a5-43f3-bda3-1518bb774759 0.063s
2025-02-07 12:43:35.054 62699 INFO tempest.lib.common.rest_client [req-fd08bf1a-9dcd-4b9b-83f1-508743015ad4 req-fd08bf1a-9dcd-4b9b-83f1-508743015ad4 ] Request (ServersTestJSON:test_create_server_specify_multibyte_character_name): 200 GET http://10.180.1.21/compute/v2.1/servers/d7dd9b27-eeaa-49be-af8f-86b100ff7a69 0.078s
2025-02-07 12:43:35.139 62729 INFO tempest.lib.common.rest_client [req-deeffa7d-223d-41dc-acd0-c5be685e7743 req-deeffa7d-223d-41dc-acd0-c5be685e7743 ] Request (ServerActionsV293TestJSON:test_rebuild_volume_backed_server): 200 GET http://10.180.1.21/compute/v2.1/servers/c29bf6eb-b456-4356-9ef8-d9ba70bc6464 0.209s
2025-02-07 12:43:35.179 62709 INFO tempest.lib.common.rest_client [req-373fc31a-45c3-484a-ad0d-432d7d58d69c req-373fc31a-45c3-484a-ad0d-432d7d58d69c ] Request (ListImageFiltersTestJSON:setUpClass): 200 GET http://10.180.1.21/compute/v2.1/images/21798a57-f2e8-4b8a-be9b-737fea7ba422 0.139s
2025-02-07 12:43:35.235 62731 INFO tempest.lib.common.rest_client [req-cc603b3e-c3e3-4519-9b7d-b708aea373cf req-cc603b3e-c3e3-4519-9b7d-b708aea373cf ] Request (ServerDiskConfigTestJSON:test_rebuild_server_with_manual_disk_config): 200 GET http://10.180.1.21/compute/v2.1/servers/758fbe89-1e60-4025-853d-41439705356b 0.211s
2025-02-07 12:43:35.283 62717 INFO tempest.lib.common.rest_client [req-b1c46c72-64fa-4042-a372-b17972850f4a req-b1c46c72-64fa-4042-a372-b17972850f4a ] Request (ServersWithSpecificFlavorTestJSON:test_verify_created_server_ephemeral_disk): 200 GET http://10.180.1.21/compute/v2.1/servers/f7197def-541f-4abc-b448-ebe58e2acccc 0.185s
2025-02-07 12:43:35.327 62689 INFO tempest.lib.common.rest_client [req-a9099a0d-d602-4720-8977-0246658bffd9 req-a9099a0d-d602-4720-8977-0246658bffd9 ] Request (FloatingIPsAssociationNegativeTestJSON:tearDownClass): 200 GET http://10.180.1.21/compute/v2.1/servers/b3e7bd84-3c18-40c7-95a7-9b259069f066 0.225s
2025-02-07 12:43:35.349 62733 INFO tempest.lib.common.rest_client [req-8774d0b1-2158-47b2-bcb2-9bd40639a796 req-8774d0b1-2158-47b2-bcb2-9bd40639a796 ] Request (ImagesTestJSON:test_create_image_from_suspended_server): 200 GET http://10.180.1.21/compute/v2.1/servers/a6583a62-ee37-42e0-9a51-b0ce30de58c2 0.193s
2025-02-07 12:43:35.514 62723 WARNING tempest.lib.common.ssh [-] Failed to establish authenticated ssh connection to cirros@10.180.180.174 ([Errno None] Unable to connect to port 22 on 10.180.180.174). Number attempts: 14. Retry after 15 seconds.: paramiko.ssh_exception.NoValidConnectionsError: [Errno None] Unable to connect to port 22 on 10.180.180.174
2025-02-07 12:43:35.514 62713 INFO tempest.lib.common.rest_client [req-679c2c2c-489b-46dd-9af7-cc9930b0fa1f req-679c2c2c-489b-46dd-9af7-cc9930b0fa1f ] Request (MigrationsAdminTest:test_resize_server_revert_deleted_flavor): 200 GET http://10.180.1.21/compute/v2.1/servers/7a3d03fd-327a-453b-ad3c-12736433379d 0.270s
2025-02-07 12:43:35.521 62713 INFO tempest.common.waiters [-] State transition "BUILD/spawning" ==> "ACTIVE/None" after 99 second wait
2025-02-07 12:43:35.556 62721 INFO tempest.lib.common.rest_client [req-ba13af8d-8624-42c9-ba4b-0de44a7b9fab req-ba13af8d-8624-42c9-ba4b-0de44a7b9fab ] Request (AttachInterfacesUnderV243Test:test_add_remove_fixed_ip): 200 GET http://10.180.1.21/compute/v2.1/servers/0ccb3004-b612-45c3-b655-609eb2c4b16c/ips 0.296s
2025-02-07 12:43:35.564 62675 INFO tempest.lib.common.rest_client [req-60f99479-b4e0-4c85-a673-ebfdae0bfa8c req-60f99479-b4e0-4c85-a673-ebfdae0bfa8c ] Request (ImagesOneServerNegativeTestJSON:_run_cleanups): 200 GET http://10.180.1.21/compute/v2.1/servers/faaa5eff-8814-4951-a6fc-9b2a53891f1c 0.351s
2025-02-07 12:43:35.571 62675 INFO tempest.common.waiters [-] State transition "BUILD/None" ==> "BUILD/block_device_mapping" after 94 second wait
2025-02-07 12:43:35.632 62727 INFO tempest.lib.common.rest_client [req-c9e3f75e-2f7d-404c-8f63-64245137ff06 req-c9e3f75e-2f7d-404c-8f63-64245137ff06 ] Request (SecurityGroupsTestJSON:test_server_security_groups): 200 GET http://10.180.1.21/compute/v2.1/servers/28447a5e-1970-4231-9866-6bd221bcca82 0.314s
2025-02-07 12:43:35.641 62705 INFO tempest.lib.common.rest_client [req-b3cefe5b-171f-4a7f-979c-7183cfe6555c req-b3cefe5b-171f-4a7f-979c-7183cfe6555c ] Request (AttachInterfacesV270Test:tearDownClass): 200 GET http://10.180.1.21/compute/v2.1/servers/9523a163-666d-448f-84a6-5278a7171f86 0.372s
2025-02-07 12:43:35.698 62704 INFO tempest.lib.common.rest_client [req-a9ef6d00-09f5-4434-993a-19bc51c1bd04 req-a9ef6d00-09f5-4434-993a-19bc51c1bd04 ] Request (ServersTestFqdnHostnames:tearDownClass): 200 GET http://10.180.1.21/compute/v2.1/servers/3c094195-7f0d-4043-a1e4-8acbf634b14f 0.376s
2025-02-07 12:43:35.704 62701 INFO tempest.lib.common.rest_client [req-5610e969-54d9-4ca3-bf02-f2fd83efe35a req-5610e969-54d9-4ca3-bf02-f2fd83efe35a ] Request (ServerShowV254Test:test_rebuild_server): 200 GET http://10.180.1.21/compute/v2.1/servers/f5897ca9-4a38-4583-a15a-dbb0a621ab2e 0.336s
2025-02-07 12:43:35.782 62725 INFO tempest.lib.common.rest_client [req-f6a1018a-9ff4-4cbf-ab9d-47ae175b9863 req-f6a1018a-9ff4-4cbf-ab9d-47ae175b9863 ] Request (AttachVolumeNegativeTest:test_attach_attached_volume_to_different_server): 200 GET http://10.180.1.21/compute/v2.1/servers/53ff526b-6e0b-49bc-beca-4fb4a377389b 0.411s
2025-02-07 12:43:35.783 62697 INFO tempest.lib.common.rest_client [req-ef4bbc01-9a05-490e-becf-99e60fcb9a50 req-ef4bbc01-9a05-490e-becf-99e60fcb9a50 ] Request (ServersAdminTestJSON:test_inject_network_info): 200 GET http://10.180.1.21/compute/v2.1/servers/9fdc58aa-dd5a-4fe0-95ff-5ad2d06f0298 0.366s
2025-02-07 12:43:35.864 62711 INFO tempest.lib.common.rest_client [req-c2725fdb-d6c6-44bf-af8f-4085086928dd req-c2725fdb-d6c6-44bf-af8f-4085086928dd ] Request (ServerShowV247Test:tearDownClass): 200 GET http://10.180.1.21/compute/v2.1/servers/a8ab0e21-de37-42da-b4b6-d9d9d120f61f 0.378s
2025-02-07 12:43:35.864 62683 INFO tempest.lib.common.rest_client [req-46654b88-09b7-4f88-823b-521d40e48a0a req-46654b88-09b7-4f88-823b-521d40e48a0a ] Request (ListServerFiltersTestJSON:tearDownClass): 200 GET http://10.180.1.21/compute/v2.1/servers/f468937a-de46-49b3-ba64-40403bb6b77f 0.442s
2025-02-07 12:43:36.097 62713 INFO tempest.lib.common.rest_client [req-e01aba6c-fbef-4c94-966b-9b3c6f21066c req-e01aba6c-fbef-4c94-966b-9b3c6f21066c ] Request (MigrationsAdminTest:test_resize_server_revert_deleted_flavor): 200 GET http://10.180.1.21/compute/v2.1/servers/7a3d03fd-327a-453b-ad3c-12736433379d 0.576s
2025-02-07 12:43:36.170 62681 INFO tempest.lib.common.rest_client [req-72580e3a-3e6c-4cc4-9a47-fdb6366e0c11 req-72580e3a-3e6c-4cc4-9a47-fdb6366e0c11 ] Request (ServerShowV257Test:test_rebuild_server): 200 GET http://10.180.1.21/compute/v2.1/servers/0b3e9b87-2fa5-4623-b547-8831a1d7932f 0.477s
2025-02-07 12:43:36.185 62681 INFO tempest.common.waiters [-] State transition "BUILD/scheduling" ==> "BUILD/None" after 28 second wait
2025-02-07 12:43:36.257 62715 INFO tempest.lib.common.rest_client [req-cc6e51f5-77b4-4095-87fd-1845596d0368 req-cc6e51f5-77b4-4095-87fd-1845596d0368 ] Request (ServersTestMultiNic:test_verify_duplicate_network_nics): 200 GET http://10.180.1.21/compute/v2.1/servers/fa27d91c-5bae-40a3-a153-ac41f4238532 0.716s
2025-02-07 12:43:36.277 62694 INFO tempest.lib.common.rest_client [req-ea1a9034-7cfd-49ee-9f5e-e9fbf5197569 req-ea1a9034-7cfd-49ee-9f5e-e9fbf5197569 ] Request (DeleteServersTestJSON:test_delete_server_while_in_shelved_state): 200 GET http://10.180.1.21/compute/v2.1/servers/9cd85b1f-93a5-43f3-bda3-1518bb774759 0.311s
2025-02-07 12:43:36.296 62713 INFO tempest.lib.common.rest_client [req-c61276d3-d2a4-445e-9f40-0c3aed422733 req-c61276d3-d2a4-445e-9f40-0c3aed422733 ] Request (MigrationsAdminTest:test_resize_server_revert_deleted_flavor): 202 DELETE http://10.180.1.21/compute/v2.1/flavors/b2cfdf0a-ebed-46be-89e8-ce115861799e 0.191s
2025-02-07 12:43:36.319 62699 INFO tempest.lib.common.rest_client [req-9afc2521-da96-48ef-857a-73b3f7ee2e72 req-9afc2521-da96-48ef-857a-73b3f7ee2e72 ] Request (ServersTestJSON:test_create_server_specify_multibyte_character_name): 200 GET http://10.180.1.21/compute/v2.1/servers/d7dd9b27-eeaa-49be-af8f-86b100ff7a69 0.254s
2025-02-07 12:43:36.352 62709 INFO tempest.lib.common.rest_client [req-7e9b7b77-fbc8-4381-9e61-69ea3c739302 req-7e9b7b77-fbc8-4381-9e61-69ea3c739302 ] Request (ListImageFiltersTestJSON:setUpClass): 200 GET http://10.180.1.21/compute/v2.1/images/21798a57-f2e8-4b8a-be9b-737fea7ba422 0.167s
2025-02-07 12:43:36.505 62729 INFO tempest.lib.common.rest_client [req-f97fc892-812c-42c6-9b7c-64fe3eb09dc0 req-f97fc892-812c-42c6-9b7c-64fe3eb09dc0 ] Request (ServerActionsV293TestJSON:test_rebuild_volume_backed_server): 200 GET http://10.180.1.21/compute/v2.1/servers/c29bf6eb-b456-4356-9ef8-d9ba70bc6464 0.356s
2025-02-07 12:43:36.520 62729 INFO tempest.common.waiters [-] State transition "REBUILD/rebuilding" ==> "ERROR/None" after 8 second wait
2025-02-07 12:43:36.524 62731 INFO tempest.lib.common.rest_client [req-80e974c7-37c4-44f2-960c-1374c1c81754 req-80e974c7-37c4-44f2-960c-1374c1c81754 ] Request (ServerDiskConfigTestJSON:test_rebuild_server_with_manual_disk_config): 200 GET http://10.180.1.21/compute/v2.1/servers/758fbe89-1e60-4025-853d-41439705356b 0.279s
2025-02-07 12:43:36.553 62713 INFO tempest.lib.common.rest_client [req-93a1ca41-98ef-4f45-8e4c-ea84a168ffce req-93a1ca41-98ef-4f45-8e4c-ea84a168ffce ] Request (MigrationsAdminTest:test_resize_server_revert_deleted_flavor): 200 GET http://10.180.1.21/compute/v2.1/flavors/detail 0.257s
2025-02-07 12:43:36.592 62717 INFO tempest.lib.common.rest_client [req-abf5ca56-dcc0-48dd-b25d-f51e5edd5451 req-abf5ca56-dcc0-48dd-b25d-f51e5edd5451 ] Request (ServersWithSpecificFlavorTestJSON:test_verify_created_server_ephemeral_disk): 200 GET http://10.180.1.21/compute/v2.1/servers/f7197def-541f-4abc-b448-ebe58e2acccc 0.297s
2025-02-07 12:43:36.625 62689 INFO tempest.lib.common.rest_client [req-45415559-3f0c-4413-af39-558317f5f509 req-45415559-3f0c-4413-af39-558317f5f509 ] Request (FloatingIPsAssociationNegativeTestJSON:tearDownClass): 200 GET http://10.180.1.21/compute/v2.1/servers/b3e7bd84-3c18-40c7-95a7-9b259069f066 0.282s
2025-02-07 12:43:36.648 62733 INFO tempest.lib.common.rest_client [req-bc5b3e18-3954-4c94-a6a9-05c5e5a92f6d req-bc5b3e18-3954-4c94-a6a9-05c5e5a92f6d ] Request (ImagesTestJSON:test_create_image_from_suspended_server): 200 GET http://10.180.1.21/compute/v2.1/servers/a6583a62-ee37-42e0-9a51-b0ce30de58c2 0.284s
2025-02-07 12:43:36.675 62721 INFO tempest.lib.common.rest_client [req-59b068fa-b344-477b-b8f4-a2e6f8aed2d5 req-59b068fa-b344-477b-b8f4-a2e6f8aed2d5 ] Request (AttachInterfacesUnderV243Test:test_add_remove_fixed_ip): 200 GET http://10.180.1.21/compute/v2.1/servers/0ccb3004-b612-45c3-b655-609eb2c4b16c/ips 0.117s
2025-02-07 12:43:36.717 62729 INFO tempest.lib.common.rest_client [req-4939f645-53ee-4a02-bd4a-df1f5b74bf09 req-4939f645-53ee-4a02-bd4a-df1f5b74bf09 ] Request (ServerActionsV293TestJSON:tearDownClass): 204 DELETE http://10.180.1.21/compute/v2.1/servers/c29bf6eb-b456-4356-9ef8-d9ba70bc6464 0.195s
2025-02-07 12:43:36.853 62675 INFO tempest.lib.common.rest_client [req-5eb4f200-0d71-4d92-9d9d-bd3864687d57 req-5eb4f200-0d71-4d92-9d9d-bd3864687d57 ] Request (ImagesOneServerNegativeTestJSON:_run_cleanups): 200 GET http://10.180.1.21/compute/v2.1/servers/faaa5eff-8814-4951-a6fc-9b2a53891f1c 0.281s
2025-02-07 12:43:36.860 62675 INFO tempest.common.waiters [-] State transition "BUILD/block_device_mapping" ==> "BUILD/spawning" after 95 second wait
2025-02-07 12:43:36.864 62713 INFO tempest.lib.common.rest_client [req-57041057-7ebf-4584-813a-cfa707ada8e6 req-57041057-7ebf-4584-813a-cfa707ada8e6 ] Request (MigrationsAdminTest:test_resize_server_revert_deleted_flavor): 202 POST http://10.180.1.21/compute/v2.1/servers/7a3d03fd-327a-453b-ad3c-12736433379d/action 0.301s
2025-02-07 12:43:36.906 62727 INFO tempest.lib.common.rest_client [req-c940a1e6-8e1f-47e9-8837-2d113fedbce5 req-c940a1e6-8e1f-47e9-8837-2d113fedbce5 ] Request (SecurityGroupsTestJSON:test_server_security_groups): 200 GET http://10.180.1.21/compute/v2.1/servers/28447a5e-1970-4231-9866-6bd221bcca82 0.266s
2025-02-07 12:43:36.912 62677 INFO paramiko.transport [-] Connected (version 2.0, client dropbear_2020.81)
2025-02-07 12:43:36.931 62705 INFO tempest.lib.common.rest_client [req-94c54a7a-aa52-4778-bff2-4d84f5cea818 req-94c54a7a-aa52-4778-bff2-4d84f5cea818 ] Request (AttachInterfacesV270Test:tearDownClass): 200 GET http://10.180.1.21/compute/v2.1/servers/9523a163-666d-448f-84a6-5278a7171f86 0.280s
2025-02-07 12:43:37.005 62704 INFO tempest.lib.common.rest_client [req-a381f36b-61c5-4c13-8139-d554039e80a8 req-a381f36b-61c5-4c13-8139-d554039e80a8 ] Request (ServersTestFqdnHostnames:tearDownClass): 200 GET http://10.180.1.21/compute/v2.1/servers/3c094195-7f0d-4043-a1e4-8acbf634b14f 0.299s
2025-02-07 12:43:37.023 62677 INFO paramiko.transport [-] Authentication (publickey) successful!
2025-02-07 12:43:37.023 62677 INFO tempest.lib.common.ssh [-] ssh connection to cirros@10.180.180.248 successfully created
2025-02-07 12:43:37.030 62687 INFO paramiko.transport [-] Connected (version 2.0, client dropbear_2020.81)
2025-02-07 12:43:37.068 62701 INFO tempest.lib.common.rest_client [req-1decd6f4-2525-425f-a3a7-a0bc5d0401f9 req-1decd6f4-2525-425f-a3a7-a0bc5d0401f9 ] Request (ServerShowV254Test:test_rebuild_server): 200 GET http://10.180.1.21/compute/v2.1/servers/f5897ca9-4a38-4583-a15a-dbb0a621ab2e 0.352s
2025-02-07 12:43:37.082 62721 INFO tempest.lib.common.rest_client [req-44d2386b-5136-4238-9d7e-4daff83832a0 req-44d2386b-5136-4238-9d7e-4daff83832a0 ] Request (AttachInterfacesUnderV243Test:test_add_remove_fixed_ip): 200 GET http://10.180.1.21/compute/v2.1/servers/0ccb3004-b612-45c3-b655-609eb2c4b16c 0.404s
2025-02-07 12:43:37.135 62687 INFO paramiko.transport [-] Authentication (publickey) successful!
2025-02-07 12:43:37.135 62687 INFO tempest.lib.common.ssh [-] ssh connection to cirros@10.180.180.241 successfully created
2025-02-07 12:43:37.148 62725 INFO tempest.lib.common.rest_client [req-e5a77280-37e4-44c9-8cea-4da82bed2f05 req-e5a77280-37e4-44c9-8cea-4da82bed2f05 ] Request (AttachVolumeNegativeTest:test_attach_attached_volume_to_different_server): 200 GET http://10.180.1.21/compute/v2.1/servers/53ff526b-6e0b-49bc-beca-4fb4a377389b 0.358s
2025-02-07 12:43:37.193 62697 INFO tempest.lib.common.rest_client [req-b5bac9c0-ea28-4eb6-9cb1-e75880657354 req-b5bac9c0-ea28-4eb6-9cb1-e75880657354 ] Request (ServersAdminTestJSON:test_inject_network_info): 200 GET http://10.180.1.21/compute/v2.1/servers/9fdc58aa-dd5a-4fe0-95ff-5ad2d06f0298 0.402s
2025-02-07 12:43:37.210 62729 INFO tempest.lib.common.rest_client [req-5b5bba8a-2797-49a9-8b8e-00eacfbe0912 req-5b5bba8a-2797-49a9-8b8e-00eacfbe0912 ] Request (ServerActionsV293TestJSON:tearDownClass): 200 GET http://10.180.1.21/compute/v2.1/servers/c29bf6eb-b456-4356-9ef8-d9ba70bc6464 0.492s
2025-02-07 12:43:37.275 62683 INFO tempest.lib.common.rest_client [req-4ee79b21-546c-442b-8f5c-a4f65d441a4a req-4ee79b21-546c-442b-8f5c-a4f65d441a4a ] Request (ListServerFiltersTestJSON:tearDownClass): 200 GET http://10.180.1.21/compute/v2.1/servers/f468937a-de46-49b3-ba64-40403bb6b77f 0.403s
2025-02-07 12:43:37.336 62711 INFO tempest.lib.common.rest_client [req-cfd0baa1-70a1-4084-a47f-07156c091916 req-cfd0baa1-70a1-4084-a47f-07156c091916 ] Request (ServerShowV247Test:tearDownClass): 200 GET http://10.180.1.21/compute/v2.1/servers/a8ab0e21-de37-42da-b4b6-d9d9d120f61f 0.457s
2025-02-07 12:43:37.341 62713 INFO tempest.lib.common.rest_client [req-3b2ef7af-2ce8-4322-9dd8-cb07fc1bc8f3 req-3b2ef7af-2ce8-4322-9dd8-cb07fc1bc8f3 ] Request (MigrationsAdminTest:test_resize_server_revert_deleted_flavor): 200 GET http://10.180.1.21/compute/v2.1/servers/7a3d03fd-327a-453b-ad3c-12736433379d 0.476s
2025-02-07 12:43:37.370 62721 INFO tempest.lib.common.rest_client [req-e5a2e41f-d226-4e08-ae19-cb3acef871de req-e5a2e41f-d226-4e08-ae19-cb3acef871de ] Request (AttachInterfacesUnderV243Test:test_add_remove_fixed_ip): 202 POST http://10.180.1.21/compute/v2.1/servers/0ccb3004-b612-45c3-b655-609eb2c4b16c/action 0.281s
2025-02-07 12:43:37.442 62687 INFO tempest.lib.common.rest_client [req-eb52b5f3-afe2-47c4-8d91-a6587a913db9 req-eb52b5f3-afe2-47c4-8d91-a6587a913db9 ] Request (ServersTestBootFromVolume:test_list_servers): 200 GET http://10.180.1.21/compute/v2.1/servers 0.299s
2025-02-07 12:43:37.466 62677 INFO tempest.lib.common.rest_client [req-4dbc792f-d8a7-410c-b01c-7ffd704f6b76 req-4dbc792f-d8a7-410c-b01c-7ffd704f6b76 ] Request (AttachInterfacesTestJSON:test_create_list_show_delete_interfaces_by_fixed_ip): 200 GET http://10.180.1.21/compute/v2.1/servers/8b313bab-8370-47c5-a03b-c809dc96fd21/os-interface 0.442s
2025-02-07 12:43:37.516 62681 INFO tempest.lib.common.rest_client [req-2d70e96c-d5df-45c2-9d50-a69096085ef6 req-2d70e96c-d5df-45c2-9d50-a69096085ef6 ] Request (ServerShowV257Test:test_rebuild_server): 200 GET http://10.180.1.21/compute/v2.1/servers/0b3e9b87-2fa5-4623-b547-8831a1d7932f 0.330s
2025-02-07 12:43:37.801 62694 INFO tempest.lib.common.rest_client [req-80185c92-89c6-4022-80d1-0a846e5eda51 req-80185c92-89c6-4022-80d1-0a846e5eda51 ] Request (DeleteServersTestJSON:test_delete_server_while_in_shelved_state): 200 GET http://10.180.1.21/compute/v2.1/servers/9cd85b1f-93a5-43f3-bda3-1518bb774759 0.514s
2025-02-07 12:43:37.880 62699 INFO tempest.lib.common.rest_client [req-1dddbd21-9ffb-4b2c-8a48-c72509123b08 req-1dddbd21-9ffb-4b2c-8a48-c72509123b08 ] Request (ServersTestJSON:test_create_server_specify_multibyte_character_name): 200 GET http://10.180.1.21/compute/v2.1/servers/d7dd9b27-eeaa-49be-af8f-86b100ff7a69 0.553s
2025-02-07 12:43:37.914 62709 INFO tempest.lib.common.rest_client [req-153181b2-11de-4327-a178-f83dd23304ec req-153181b2-11de-4327-a178-f83dd23304ec ] Request (ListImageFiltersTestJSON:setUpClass): 200 GET http://10.180.1.21/compute/v2.1/images/21798a57-f2e8-4b8a-be9b-737fea7ba422 0.555s
2025-02-07 12:43:37.927 62715 INFO tempest.lib.common.rest_client [req-54f4e8b9-7dfb-4a5a-b373-68a48b7f1722 req-54f4e8b9-7dfb-4a5a-b373-68a48b7f1722 ] Request (ServersTestMultiNic:test_verify_duplicate_network_nics): 200 GET http://10.180.1.21/compute/v2.1/servers/fa27d91c-5bae-40a3-a153-ac41f4238532 0.662s
2025-02-07 12:43:37.953 62721 INFO tempest.lib.common.rest_client [req-476b44c6-550c-479c-8cb7-753bc260e519 req-476b44c6-550c-479c-8cb7-753bc260e519 ] Request (AttachInterfacesUnderV243Test:test_add_remove_fixed_ip): 200 GET http://10.180.1.21/compute/v2.1/servers/0ccb3004-b612-45c3-b655-609eb2c4b16c/ips 0.581s
2025-02-07 12:43:38.083 62677 INFO tempest.lib.common.rest_client [req-168aabe1-03e0-464b-a8e2-d0c4231b407b req-168aabe1-03e0-464b-a8e2-d0c4231b407b ] Request (AttachInterfacesTestJSON:test_create_list_show_delete_interfaces_by_fixed_ip): 200 GET http://10.180.1.21/compute/v2.1/servers/8b313bab-8370-47c5-a03b-c809dc96fd21/os-interface/18f3993c-1c06-47f4-8a45-7574febb936a 0.614s
2025-02-07 12:43:38.239 62677 INFO tempest.lib.common.rest_client [req-978b5cbc-050b-469f-ab1e-8eb20ed204b5 req-978b5cbc-050b-469f-ab1e-8eb20ed204b5 ] Request (AttachInterfacesTestJSON:test_create_list_show_delete_interfaces_by_fixed_ip): 200 GET http://10.180.1.21:9696/networking/v2.0/ports?network_id=3322d31e-00aa-4c86-8051-1b6dd5c36fa9 0.154s
2025-02-07 12:43:38.314 62677 INFO tempest.lib.common.rest_client [req-20bc25e8-6a8c-41b9-8a77-a90baa9ffa5c req-20bc25e8-6a8c-41b9-8a77-a90baa9ffa5c ] Request (AttachInterfacesTestJSON:test_create_list_show_delete_interfaces_by_fixed_ip): 200 GET http://10.180.1.21:9696/networking/v2.0/subnets/18fd1e8c-5d27-4538-94dc-1b7fee912f90 0.074s
2025-02-07 12:43:38.472 62687 INFO tempest.lib.common.rest_client [req-a920a20a-3f77-4b6f-90b1-4a30584be187 req-a920a20a-3f77-4b6f-90b1-4a30584be187 ] Request (ServersTestBootFromVolume:test_list_servers_with_detail): 200 GET http://10.180.1.21/compute/v2.1/servers/detail 1.025s
2025-02-07 12:43:38.533 62731 INFO tempest.lib.common.rest_client [req-d0d8700f-6d78-494c-9e6d-2afbc9960ec7 req-d0d8700f-6d78-494c-9e6d-2afbc9960ec7 ] Request (ServerDiskConfigTestJSON:test_rebuild_server_with_manual_disk_config): 200 GET http://10.180.1.21/compute/v2.1/servers/758fbe89-1e60-4025-853d-41439705356b 1.000s
2025-02-07 12:43:38.579 62717 INFO tempest.lib.common.rest_client [req-a82f82d5-f886-40c3-a3d7-47a791d45485 req-a82f82d5-f886-40c3-a3d7-47a791d45485 ] Request (ServersWithSpecificFlavorTestJSON:test_verify_created_server_ephemeral_disk): 200 GET http://10.180.1.21/compute/v2.1/servers/f7197def-541f-4abc-b448-ebe58e2acccc 0.979s
2025-02-07 12:43:38.637 62689 INFO tempest.lib.common.rest_client [req-78502070-0ad0-4279-9015-e7e116beb063 req-78502070-0ad0-4279-9015-e7e116beb063 ] Request (FloatingIPsAssociationNegativeTestJSON:tearDownClass): 200 GET http://10.180.1.21/compute/v2.1/servers/b3e7bd84-3c18-40c7-95a7-9b259069f066 1.004s
2025-02-07 12:43:38.664 62733 INFO tempest.lib.common.rest_client [req-31f904ac-c5e4-44f0-9e74-de6fdb67905d req-31f904ac-c5e4-44f0-9e74-de6fdb67905d ] Request (ImagesTestJSON:test_create_image_from_suspended_server): 200 GET http://10.180.1.21/compute/v2.1/servers/a6583a62-ee37-42e0-9a51-b0ce30de58c2 1.006s
2025-02-07 12:43:38.884 62675 INFO tempest.lib.common.rest_client [req-d24f33f6-c02c-4622-b3ce-9493c0984e74 req-d24f33f6-c02c-4622-b3ce-9493c0984e74 ] Request (ImagesOneServerNegativeTestJSON:_run_cleanups): 200 GET http://10.180.1.21/compute/v2.1/servers/faaa5eff-8814-4951-a6fc-9b2a53891f1c 1.023s
2025-02-07 12:43:38.902 62727 INFO tempest.lib.common.rest_client [req-0547bc4c-b83f-41b6-ac7a-bf8dfe47f013 req-0547bc4c-b83f-41b6-ac7a-bf8dfe47f013 ] Request (SecurityGroupsTestJSON:test_server_security_groups): 200 GET http://10.180.1.21/compute/v2.1/servers/28447a5e-1970-4231-9866-6bd221bcca82 0.987s
2025-02-07 12:43:38.911 62727 INFO tempest.common.waiters [-] State transition "BUILD/None" ==> "BUILD/spawning" after 90 second wait
2025-02-07 12:43:38.979 62704 INFO tempest.lib.common.rest_client [req-080caff3-da39-4c9e-83d9-b7d83a4fdbe5 req-080caff3-da39-4c9e-83d9-b7d83a4fdbe5 ] Request (ServersTestFqdnHostnames:tearDownClass): 200 GET http://10.180.1.21/compute/v2.1/servers/3c094195-7f0d-4043-a1e4-8acbf634b14f 0.959s
2025-02-07 12:43:39.000 62705 INFO tempest.lib.common.rest_client [req-ed2d7ce4-5f79-4e0a-b6f0-fb7f0f423bca req-ed2d7ce4-5f79-4e0a-b6f0-fb7f0f423bca ] Request (AttachInterfacesV270Test:tearDownClass): 200 GET http://10.180.1.21/compute/v2.1/servers/9523a163-666d-448f-84a6-5278a7171f86 1.049s
2025-02-07 12:43:39.041 62707 WARNING tempest.lib.common.ssh [-] Failed to establish authenticated ssh connection to cirros@10.180.180.212 ([Errno None] Unable to connect to port 22 on 10.180.180.212). Number attempts: 5. Retry after 6 seconds.: paramiko.ssh_exception.NoValidConnectionsError: [Errno None] Unable to connect to port 22 on 10.180.180.212
2025-02-07 12:43:39.053 62701 INFO tempest.lib.common.rest_client [req-afd1cb49-83bc-4975-8ba0-16e82f92dd49 req-afd1cb49-83bc-4975-8ba0-16e82f92dd49 ] Request (ServerShowV254Test:test_rebuild_server): 200 GET http://10.180.1.21/compute/v2.1/servers/f5897ca9-4a38-4583-a15a-dbb0a621ab2e 0.973s
2025-02-07 12:43:39.065 62725 INFO tempest.lib.common.rest_client [req-82ec72b3-a15d-4321-a616-e6123083d88a req-82ec72b3-a15d-4321-a616-e6123083d88a ] Request (AttachVolumeNegativeTest:test_attach_attached_volume_to_different_server): 200 GET http://10.180.1.21/compute/v2.1/servers/53ff526b-6e0b-49bc-beca-4fb4a377389b 0.909s
2025-02-07 12:43:39.114 62697 INFO tempest.lib.common.rest_client [req-88ecc7b0-01d2-4827-b929-2d41070982f9 req-88ecc7b0-01d2-4827-b929-2d41070982f9 ] Request (ServersAdminTestJSON:test_inject_network_info): 200 GET http://10.180.1.21/compute/v2.1/servers/9fdc58aa-dd5a-4fe0-95ff-5ad2d06f0298 0.912s
2025-02-07 12:43:39.169 62729 INFO tempest.lib.common.rest_client [req-70826f74-4753-4bb9-acf0-7cea498d1cae req-70826f74-4753-4bb9-acf0-7cea498d1cae ] Request (ServerActionsV293TestJSON:tearDownClass): 200 GET http://10.180.1.21/compute/v2.1/servers/c29bf6eb-b456-4356-9ef8-d9ba70bc6464 0.948s
2025-02-07 12:43:39.223 62683 INFO tempest.lib.common.rest_client [req-bf1f21b9-124a-44bf-b716-9833546f5f04 req-bf1f21b9-124a-44bf-b716-9833546f5f04 ] Request (ListServerFiltersTestJSON:tearDownClass): 200 GET http://10.180.1.21/compute/v2.1/servers/f468937a-de46-49b3-ba64-40403bb6b77f 0.941s
2025-02-07 12:43:39.314 62711 INFO tempest.lib.common.rest_client [req-616fd5ec-ec56-4566-8b6e-f630ef403b05 req-616fd5ec-ec56-4566-8b6e-f630ef403b05 ] Request (ServerShowV247Test:tearDownClass): 200 GET http://10.180.1.21/compute/v2.1/servers/a8ab0e21-de37-42da-b4b6-d9d9d120f61f 0.968s
2025-02-07 12:43:39.489 62713 INFO tempest.lib.common.rest_client [req-c27ea0fa-e1e2-4911-9669-d8ad7314074d req-c27ea0fa-e1e2-4911-9669-d8ad7314074d ] Request (MigrationsAdminTest:test_resize_server_revert_deleted_flavor): 200 GET http://10.180.1.21/compute/v2.1/servers/7a3d03fd-327a-453b-ad3c-12736433379d 1.140s
2025-02-07 12:43:39.506 62687 INFO tempest.lib.common.rest_client [req-baf3a49e-c0c3-4a19-b562-8a34d7794e8c req-baf3a49e-c0c3-4a19-b562-8a34d7794e8c ] Request (ServersTestBootFromVolume:test_verify_created_server_vcpus): 200 GET http://10.180.1.21/compute/v2.1/flavors/42 1.017s
2025-02-07 12:43:39.509 62687 INFO tempest.lib.common.ssh [-] Creating ssh connection to '10.180.180.241:22' as 'cirros' with public key authentication
2025-02-07 12:43:39.512 62687 INFO paramiko.transport [-] Connected (version 2.0, client dropbear_2020.81)
2025-02-07 12:43:39.569 62687 INFO paramiko.transport [-] Authentication (publickey) successful!
2025-02-07 12:43:39.570 62687 INFO tempest.lib.common.ssh [-] ssh connection to cirros@10.180.180.241 successfully created
2025-02-07 12:43:39.582 62681 INFO tempest.lib.common.rest_client [req-8aa1816f-393b-414f-acca-1e4388542bc0 req-8aa1816f-393b-414f-acca-1e4388542bc0 ] Request (ServerShowV257Test:test_rebuild_server): 200 GET http://10.180.1.21/compute/v2.1/servers/0b3e9b87-2fa5-4623-b547-8831a1d7932f 1.054s
2025-02-07 12:43:39.639 62694 INFO tempest.lib.common.rest_client [req-80f246b7-48c5-42ad-9673-e34a1ccde9f9 req-80f246b7-48c5-42ad-9673-e34a1ccde9f9 ] Request (DeleteServersTestJSON:test_delete_server_while_in_shelved_state): 200 GET http://10.180.1.21/compute/v2.1/servers/9cd85b1f-93a5-43f3-bda3-1518bb774759 0.827s
2025-02-07 12:43:39.701 62699 INFO tempest.lib.common.rest_client [req-abb44300-a0e5-4744-9ed4-7fd86987e621 req-abb44300-a0e5-4744-9ed4-7fd86987e621 ] Request (ServersTestJSON:test_create_server_specify_multibyte_character_name): 200 GET http://10.180.1.21/compute/v2.1/servers/d7dd9b27-eeaa-49be-af8f-86b100ff7a69 0.812s
2025-02-07 12:43:39.749 62709 INFO tempest.lib.common.rest_client [req-fbca87dc-a964-45ef-ba9c-ba67656fc558 req-fbca87dc-a964-45ef-ba9c-ba67656fc558 ] Request (ListImageFiltersTestJSON:setUpClass): 200 GET http://10.180.1.21/compute/v2.1/images/21798a57-f2e8-4b8a-be9b-737fea7ba422 0.830s
2025-02-07 12:43:39.871 62715 INFO tempest.lib.common.rest_client [req-49e0ebbd-898e-4a5c-bc17-911f530b3005 req-49e0ebbd-898e-4a5c-bc17-911f530b3005 ] Request (ServersTestMultiNic:test_verify_duplicate_network_nics): 200 GET http://10.180.1.21/compute/v2.1/servers/fa27d91c-5bae-40a3-a153-ac41f4238532 0.935s
2025-02-07 12:43:39.905 62721 INFO tempest.lib.common.rest_client [req-ef63abb2-1e21-4e28-8487-b091973ec757 req-ef63abb2-1e21-4e28-8487-b091973ec757 ] Request (AttachInterfacesUnderV243Test:test_add_remove_fixed_ip): 200 GET http://10.180.1.21/compute/v2.1/servers/0ccb3004-b612-45c3-b655-609eb2c4b16c/ips 0.948s
2025-02-07 12:43:39.925 62729 INFO tempest.lib.common.rest_client [req-9a19e735-5780-4791-aa62-691ada23cb51 req-9a19e735-5780-4791-aa62-691ada23cb51 ] Request (ServerActionsV293TestJSON:tearDownClass): 204 DELETE http://10.180.1.21/compute/v2.1/os-keypairs/tempest-keypair-1429876825 0.741s
2025-02-07 12:43:40.023 62729 INFO tempest.lib.common.rest_client [req-9a833602-2cf7-43cd-ade5-d69fbb110c00 req-9a833602-2cf7-43cd-ade5-d69fbb110c00 ] Request (ServerActionsV293TestJSON:tearDownClass): 204 DELETE http://10.180.1.21:9696/networking/v2.0/security-groups/91eed19e-143e-4a9b-99e4-3f9c5068ac42 0.098s
2025-02-07 12:43:40.033 62729 INFO tempest.lib.common.rest_client [req-7ce12f33-dbac-4b31-9565-0c1c3d0f7e48 req-7ce12f33-dbac-4b31-9565-0c1c3d0f7e48 ] Request (ServerActionsV293TestJSON:tearDownClass): 404 GET http://10.180.1.21:9696/networking/v2.0/security-groups/91eed19e-143e-4a9b-99e4-3f9c5068ac42 0.010s
2025-02-07 12:43:40.085 62731 INFO tempest.lib.common.rest_client [req-0f1631e0-bc64-4806-9cb9-3b014e8c4031 req-0f1631e0-bc64-4806-9cb9-3b014e8c4031 ] Request (ServerDiskConfigTestJSON:test_rebuild_server_with_manual_disk_config): 200 GET http://10.180.1.21/compute/v2.1/servers/758fbe89-1e60-4025-853d-41439705356b 0.539s
2025-02-07 12:43:40.193 62687 INFO tempest.lib.common.rest_client [req-315ca542-74c4-471a-8557-70f182f15984 req-315ca542-74c4-471a-8557-70f182f15984 ] Request (ServersTestBootFromVolume:tearDownClass): 204 DELETE http://10.180.1.21/compute/v2.1/servers/009129d2-dc03-4de0-ac09-9d24894e5e67 0.617s
2025-02-07 12:43:40.254 62729 INFO tempest.lib.common.rest_client [req-7c5c56df-1e07-4926-a663-80e1ec58c6c2 req-7c5c56df-1e07-4926-a663-80e1ec58c6c2 ] Request (ServerActionsV293TestJSON:tearDownClass): 204 DELETE http://10.180.1.21:9696/networking/v2.0/floatingips/df4708ce-cfa2-4768-99b5-9b81db398fcc 0.221s
2025-02-07 12:43:40.255 62729 ERROR tempest.test [-] teardown of resources failed: (, Resource %(resource_id)s failed to delete and is in ERROR status Details: Server c29bf6eb-b456-4356-9ef8-d9ba70bc6464 failed to delete and is in ERROR status. Fault: {'code': 500, 'created': '2025-02-07T12:43:34Z', 'message': 'Build of instance c29bf6eb-b456-4356-9ef8-d9ba70bc6464 aborted: Failed to rebuild volume backed instance.'}., ): testtools.runtest.MultipleExceptions: (, Resource %(resource_id)s failed to delete and is in ERROR status Details: Server c29bf6eb-b456-4356-9ef8-d9ba70bc6464 failed to delete and is in ERROR status. Fault: {'code': 500, 'created': '2025-02-07T12:43:34Z', 'message': 'Build of instance c29bf6eb-b456-4356-9ef8-d9ba70bc6464 aborted: Failed to rebuild volume backed instance.'}., )
2025-02-07 12:43:40.255 62729 ERROR tempest.test
Traceback (most recent call last):
2025-02-07 12:43:40.255 62729 ERROR tempest.test
File "/opt/stack/tempest/tempest/test.py", line 210, in tearDownClass
2025-02-07 12:43:40.255 62729 ERROR tempest.test teardown()
2025-02-07 12:43:40.255 62729 ERROR tempest.test
File "/opt/stack/tempest/tempest/test.py", line 628, in resource_cleanup
2025-02-07 12:43:40.255 62729 ERROR tempest.test raise testtools.MultipleExceptions(*cleanup_errors)
2025-02-07 12:43:40.255 62729 ERROR tempest.test testtools.runtest.MultipleExceptions: (, Resource %(resource_id)s failed to delete and is in ERROR status
2025-02-07 12:43:40.255 62729 ERROR tempest.test Details: Server c29bf6eb-b456-4356-9ef8-d9ba70bc6464 failed to delete and is in ERROR status. Fault: {'code': 500, 'created': '2025-02-07T12:43:34Z', 'message': 'Build of instance c29bf6eb-b456-4356-9ef8-d9ba70bc6464 aborted: Failed to rebuild volume backed instance.'}., )
2025-02-07 12:43:40.255 62729 ERROR tempest.test
2025-02-07 12:43:40.261 62717 INFO tempest.lib.common.rest_client [req-01255397-c9be-4f95-9060-4796ee0831e2 req-01255397-c9be-4f95-9060-4796ee0831e2 ] Request (ServersWithSpecificFlavorTestJSON:test_verify_created_server_ephemeral_disk): 200 GET http://10.180.1.21/compute/v2.1/servers/f7197def-541f-4abc-b448-ebe58e2acccc 0.670s
2025-02-07 12:43:40.281 62689 INFO tempest.lib.common.rest_client [req-e3c4a315-0ea7-43ea-8b89-a7ee70cac763 req-e3c4a315-0ea7-43ea-8b89-a7ee70cac763 ] Request (FloatingIPsAssociationNegativeTestJSON:tearDownClass): 404 GET http://10.180.1.21/compute/v2.1/servers/b3e7bd84-3c18-40c7-95a7-9b259069f066 0.636s
2025-02-07 12:43:40.345 62733 INFO tempest.lib.common.rest_client [req-fca01c44-10f3-4f51-bec9-d789fbcd4722 req-fca01c44-10f3-4f51-bec9-d789fbcd4722 ] Request (ImagesTestJSON:test_create_image_from_suspended_server): 200 GET http://10.180.1.21/compute/v2.1/servers/a6583a62-ee37-42e0-9a51-b0ce30de58c2 0.669s
2025-02-07 12:43:40.905 62675 INFO tempest.lib.common.rest_client [req-7ba1476a-0368-4dd4-a5b9-ee1e82bf1fca req-7ba1476a-0368-4dd4-a5b9-ee1e82bf1fca ] Request (ImagesOneServerNegativeTestJSON:_run_cleanups): 200 GET http://10.180.1.21/compute/v2.1/servers/faaa5eff-8814-4951-a6fc-9b2a53891f1c 1.011s
2025-02-07 12:43:41.106 62727 INFO tempest.lib.common.rest_client [req-b5b62326-d3c4-429f-9c64-8bb23735cb45 req-b5b62326-d3c4-429f-9c64-8bb23735cb45 ] Request (SecurityGroupsTestJSON:test_server_security_groups): 200 GET http://10.180.1.21/compute/v2.1/servers/28447a5e-1970-4231-9866-6bd221bcca82 1.193s
2025-02-07 12:43:41.187 62704 INFO tempest.lib.common.rest_client [req-c1c48a07-c1aa-46f9-935e-3e473c74cdc6 req-c1c48a07-c1aa-46f9-935e-3e473c74cdc6 ] Request (ServersTestFqdnHostnames:tearDownClass): 200 GET http://10.180.1.21/compute/v2.1/servers/3c094195-7f0d-4043-a1e4-8acbf634b14f 1.200s
2025-02-07 12:43:41.274 62705 INFO tempest.lib.common.rest_client [req-024c065e-19ab-475b-8bd4-88fc1c082add req-024c065e-19ab-475b-8bd4-88fc1c082add ] Request (AttachInterfacesV270Test:tearDownClass): 200 GET http://10.180.1.21/compute/v2.1/servers/9523a163-666d-448f-84a6-5278a7171f86 1.264s
2025-02-07 12:43:41.328 62689 INFO tempest.lib.common.rest_client [req-57e03412-6066-4875-996d-a27babdb2e09 req-57e03412-6066-4875-996d-a27babdb2e09 ] Request (FloatingIPsAssociationNegativeTestJSON:tearDownClass): 200 PUT http://10.180.1.21:9696/networking/v2.0/routers/aa3adb86-a7e1-46b2-aef3-28e783216bc0/remove_router_interface 1.046s
2025-02-07 12:43:41.363 62701 INFO tempest.lib.common.rest_client [req-2f2fea81-0e89-47a7-8c2b-9a6cdfbd10b6 req-2f2fea81-0e89-47a7-8c2b-9a6cdfbd10b6 ] Request (ServerShowV254Test:test_rebuild_server): 200 GET http://10.180.1.21/compute/v2.1/servers/f5897ca9-4a38-4583-a15a-dbb0a621ab2e 1.295s
2025-02-07 12:43:41.445 62725 INFO tempest.lib.common.rest_client [req-6ee3c8a1-42b4-4314-8769-082a90880d19 req-6ee3c8a1-42b4-4314-8769-082a90880d19 ] Request (AttachVolumeNegativeTest:test_attach_attached_volume_to_different_server): 200 GET http://10.180.1.21/compute/v2.1/servers/53ff526b-6e0b-49bc-beca-4fb4a377389b 1.369s
2025-02-07 12:43:41.545 62697 INFO tempest.lib.common.rest_client [req-4692e6e9-6019-4335-adc1-071d2c531cc8 req-4692e6e9-6019-4335-adc1-071d2c531cc8 ] Request (ServersAdminTestJSON:test_inject_network_info): 200 GET http://10.180.1.21/compute/v2.1/servers/9fdc58aa-dd5a-4fe0-95ff-5ad2d06f0298 1.416s
2025-02-07 12:43:41.805 62689 INFO tempest.lib.common.rest_client [req-769ca977-e9b4-4860-8994-c58e628b59e0 req-769ca977-e9b4-4860-8994-c58e628b59e0 ] Request (FloatingIPsAssociationNegativeTestJSON:tearDownClass): 204 DELETE http://10.180.1.21:9696/networking/v2.0/routers/aa3adb86-a7e1-46b2-aef3-28e783216bc0 0.474s
2025-02-07 12:43:41.823 62687 INFO tempest.lib.common.rest_client [req-f759bb5b-095b-45b7-ac5a-414ad13a2665 req-f759bb5b-095b-45b7-ac5a-414ad13a2665 ] Request (ServersTestBootFromVolume:tearDownClass): 200 GET http://10.180.1.21/compute/v2.1/servers/009129d2-dc03-4de0-ac09-9d24894e5e67 1.629s
2025-02-07 12:43:41.942 62683 INFO tempest.lib.common.rest_client [req-9d7be798-c8f7-4d58-977d-fbc359029f44 req-9d7be798-c8f7-4d58-977d-fbc359029f44 ] Request (ListServerFiltersTestJSON:tearDownClass): 200 GET http://10.180.1.21/compute/v2.1/servers/f468937a-de46-49b3-ba64-40403bb6b77f 1.707s
2025-02-07 12:43:41.971 62689 INFO tempest.lib.common.rest_client [req-9b6152d3-6c4c-4be2-8982-2ef92c4f5e87 req-9b6152d3-6c4c-4be2-8982-2ef92c4f5e87 ] Request (FloatingIPsAssociationNegativeTestJSON:tearDownClass): 204 DELETE http://10.180.1.21:9696/networking/v2.0/subnets/7759f79a-6c41-4a1e-8994-6cfcfe4ed162 0.166s
2025-02-07 12:43:42.041 62711 INFO tempest.lib.common.rest_client [req-9152f105-c065-4bb1-99b3-b02ea771fa25 req-9152f105-c065-4bb1-99b3-b02ea771fa25 ] Request (ServerShowV247Test:tearDownClass): 200 GET http://10.180.1.21/compute/v2.1/servers/a8ab0e21-de37-42da-b4b6-d9d9d120f61f 1.717s
2025-02-07 12:43:42.223 62689 INFO tempest.lib.common.rest_client [req-7c966a11-e3d1-4ded-b2e8-d4383b21b1c6 req-7c966a11-e3d1-4ded-b2e8-d4383b21b1c6 ] Request (FloatingIPsAssociationNegativeTestJSON:tearDownClass): 204 DELETE http://10.180.1.21:9696/networking/v2.0/networks/82475d1e-f98c-4f9f-9613-d78d327fd78e 0.252s
2025-02-07 12:43:42.263 62713 INFO tempest.lib.common.rest_client [req-b3838a52-c3d1-4f62-8f9d-ce23474334af req-b3838a52-c3d1-4f62-8f9d-ce23474334af ] Request (MigrationsAdminTest:test_resize_server_revert_deleted_flavor): 200 GET http://10.180.1.21/compute/v2.1/servers/7a3d03fd-327a-453b-ad3c-12736433379d 1.765s
2025-02-07 12:43:42.349 62681 INFO tempest.lib.common.rest_client [req-6e12eb9e-729e-4946-bb44-5ec83ab628c9 req-6e12eb9e-729e-4946-bb44-5ec83ab628c9 ] Request (ServerShowV257Test:test_rebuild_server): 200 GET http://10.180.1.21/compute/v2.1/servers/0b3e9b87-2fa5-4623-b547-8831a1d7932f 1.754s
2025-02-07 12:43:42.392 62689 INFO tempest.lib.common.rest_client [req-183b355b-cfae-4fb3-aca4-cf9640f643c8 req-183b355b-cfae-4fb3-aca4-cf9640f643c8 ] Request (FloatingIPsAssociationNegativeTestJSON:tearDownClass): 204 DELETE http://10.180.1.21/identity/v3/users/2755ccb19b7e4c06bb468c20ec507170 0.168s
2025-02-07 12:43:42.392 62689 INFO tempest.lib.common.dynamic_creds [-] Deleting project and security group for project: a9c5487294a14664b7ce67c12a3ff8a3
2025-02-07 12:43:42.398 62729 INFO tempest.lib.common.rest_client [req-0bc2348d-92c8-465a-b9ca-93771b0a65fa req-0bc2348d-92c8-465a-b9ca-93771b0a65fa ] Request (ServerActionsV293TestJSON:tearDownClass): 200 PUT http://10.180.1.21:9696/networking/v2.0/routers/810fd21f-06fa-4277-a313-08e15d6bf9f6/remove_router_interface 2.143s
2025-02-07 12:43:42.421 62694 INFO tempest.lib.common.rest_client [req-ecc5485e-d332-48a9-9770-dea51edfe546 req-ecc5485e-d332-48a9-9770-dea51edfe546 ] Request (DeleteServersTestJSON:test_delete_server_while_in_shelved_state): 200 GET http://10.180.1.21/compute/v2.1/servers/9cd85b1f-93a5-43f3-bda3-1518bb774759 1.773s
2025-02-07 12:43:42.454 62689 INFO tempest.lib.common.rest_client [req-732b8603-2521-4609-b8bd-fe5b85af60a7 req-732b8603-2521-4609-b8bd-fe5b85af60a7 ] Request (FloatingIPsAssociationNegativeTestJSON:tearDownClass): 200 GET http://10.180.1.21:9696/networking/v2.0/security-groups?tenant_id=a9c5487294a14664b7ce67c12a3ff8a3&name=default 0.062s
2025-02-07 12:43:42.513 62699 INFO tempest.lib.common.rest_client [req-91f155a2-eb67-4852-967f-c1d38fabd3fc req-91f155a2-eb67-4852-967f-c1d38fabd3fc ] Request (ServersTestJSON:test_create_server_specify_multibyte_character_name): 200 GET http://10.180.1.21/compute/v2.1/servers/d7dd9b27-eeaa-49be-af8f-86b100ff7a69 1.804s
2025-02-07 12:43:42.556 62709 INFO tempest.lib.common.rest_client [req-0e19b5e9-40a2-4a1b-9427-b62bc81d5a7a req-0e19b5e9-40a2-4a1b-9427-b62bc81d5a7a ] Request (ListImageFiltersTestJSON:setUpClass): 200 GET http://10.180.1.21/compute/v2.1/images/21798a57-f2e8-4b8a-be9b-737fea7ba422 1.804s
2025-02-07 12:43:42.633 62689 INFO tempest.lib.common.rest_client [req-b7d30683-9c5e-46d5-9d16-a945b83c187a req-b7d30683-9c5e-46d5-9d16-a945b83c187a ] Request (FloatingIPsAssociationNegativeTestJSON:tearDownClass): 204 DELETE http://10.180.1.21:9696/networking/v2.0/security-groups/1cdb61bf-04dc-4110-ae52-c11458b0432d 0.178s
2025-02-07 12:43:42.745 62689 INFO tempest.lib.common.rest_client [req-7319406a-962e-4dda-91fc-522e3b486463 req-7319406a-962e-4dda-91fc-522e3b486463 ] Request (FloatingIPsAssociationNegativeTestJSON:tearDownClass): 204 DELETE http://10.180.1.21/identity/v3/projects/a9c5487294a14664b7ce67c12a3ff8a3 0.111s
2025-02-07 12:43:42.827 62689 INFO tempest.lib.common.rest_client [req-7d00f011-c45d-419e-aec8-e8f412a50234 req-7d00f011-c45d-419e-aec8-e8f412a50234 ] Request (FloatingIPsNegativeTestJSON:setUpClass): 201 POST http://10.180.1.21/identity/v3/auth/tokens 0.078s
2025-02-07 12:43:42.873 62729 INFO tempest.lib.common.rest_client [req-3013f03e-3e33-4d7f-94f2-0a79724bfecb req-3013f03e-3e33-4d7f-94f2-0a79724bfecb ] Request (ServerActionsV293TestJSON:tearDownClass): 204 DELETE http://10.180.1.21:9696/networking/v2.0/routers/810fd21f-06fa-4277-a313-08e15d6bf9f6 0.474s
2025-02-07 12:43:42.875 62689 INFO tempest.lib.common.rest_client [req-1af4bb6d-7eee-4752-9410-c820d1592638 req-1af4bb6d-7eee-4752-9410-c820d1592638 ] Request (FloatingIPsNegativeTestJSON:setUpClass): 201 POST http://10.180.1.21/identity/v3/auth/tokens 0.043s
2025-02-07 12:43:42.896 62715 INFO tempest.lib.common.rest_client [req-40ade643-f454-4e82-b923-84c280f120df req-40ade643-f454-4e82-b923-84c280f120df ] Request (ServersTestMultiNic:test_verify_duplicate_network_nics): 200 GET http://10.180.1.21/compute/v2.1/servers/fa27d91c-5bae-40a3-a153-ac41f4238532 2.016s
2025-02-07 12:43:42.905 62689 INFO tempest.lib.common.rest_client [req-a880031b-70d6-4589-b777-62e016badd2d req-a880031b-70d6-4589-b777-62e016badd2d ] Request (FloatingIPsNegativeTestJSON:setUpClass): 200 GET http://10.180.1.21/identity/v3/domains?name=Default 0.029s
2025-02-07 12:43:42.937 62721 INFO tempest.lib.common.rest_client [req-ee80baea-1649-42f9-85e9-6b839f804f3a req-ee80baea-1649-42f9-85e9-6b839f804f3a ] Request (AttachInterfacesUnderV243Test:test_add_remove_fixed_ip): 200 GET http://10.180.1.21/compute/v2.1/servers/0ccb3004-b612-45c3-b655-609eb2c4b16c/ips 2.030s
2025-02-07 12:43:42.940 62689 INFO tempest.lib.common.rest_client [req-3bfbe267-cdc0-4316-a471-536116aac636 req-3bfbe267-cdc0-4316-a471-536116aac636 ] Request (FloatingIPsNegativeTestJSON:setUpClass): 201 POST http://10.180.1.21/identity/v3/projects 0.035s
2025-02-07 12:43:43.000 62729 INFO tempest.lib.common.rest_client [req-67f77665-2888-4681-aa6e-de9ee3567986 req-67f77665-2888-4681-aa6e-de9ee3567986 ] Request (ServerActionsV293TestJSON:tearDownClass): 204 DELETE http://10.180.1.21:9696/networking/v2.0/subnets/48604be2-c0df-400c-8a93-ac008285bc90 0.126s
2025-02-07 12:43:43.019 62689 INFO tempest.lib.common.rest_client [req-dc49ceb0-76f4-4ef2-bd95-b882878efa5b req-dc49ceb0-76f4-4ef2-bd95-b882878efa5b ] Request (FloatingIPsNegativeTestJSON:setUpClass): 201 POST http://10.180.1.21/identity/v3/users 0.078s
2025-02-07 12:43:43.049 62689 INFO tempest.lib.common.rest_client [req-a7749a0e-834a-4452-8b5e-205650fb1053 req-a7749a0e-834a-4452-8b5e-205650fb1053 ] Request (FloatingIPsNegativeTestJSON:setUpClass): 200 GET http://10.180.1.21/identity/v3/roles 0.029s
2025-02-07 12:43:43.083 62689 INFO tempest.lib.common.rest_client [req-5f1693b6-7abb-4380-a3c9-97978458a8b0 req-5f1693b6-7abb-4380-a3c9-97978458a8b0 ] Request (FloatingIPsNegativeTestJSON:setUpClass): 204 PUT http://10.180.1.21/identity/v3/projects/ff32a4c0d3254a999495d8f12e7b3369/users/6a937b75ec624a12ae6545583b099991/roles/55e5affa13724ff6aec4ab625f276e72 0.033s
2025-02-07 12:43:43.083 62689 INFO tempest.lib.common.dynamic_creds [-] Dynamic test user 6a937b75ec624a12ae6545583b099991 is created with scope project and roles: ['member']
2025-02-07 12:43:43.083 62689 INFO tempest.lib.common.dynamic_creds [-] Acquired dynamic creds: credentials: Credentials: {'domain_id': 'default', 'domain_name': 'Default', 'username': 'tempest-FloatingIPsNegativeTestJSON-1775996588-project-member', 'project_domain_id': 'default', 'project_domain_name': 'Default', 'project_id': 'ff32a4c0d3254a999495d8f12e7b3369', 'project_name': 'tempest-FloatingIPsNegativeTestJSON-1775996588', 'tenant_id': 'ff32a4c0d3254a999495d8f12e7b3369', 'tenant_name': 'tempest-FloatingIPsNegativeTestJSON-1775996588', 'user_domain_id': 'default', 'user_domain_name': 'Default', 'user_id': '6a937b75ec624a12ae6545583b099991', 'system': None}, Network: None, Subnet: None, Router: None
2025-02-07 12:43:43.117 62731 INFO tempest.lib.common.rest_client [req-03044016-ef9a-4729-80d0-6c337e0543e0 req-03044016-ef9a-4729-80d0-6c337e0543e0 ] Request (ServerDiskConfigTestJSON:test_rebuild_server_with_manual_disk_config): 200 GET http://10.180.1.21/compute/v2.1/servers/758fbe89-1e60-4025-853d-41439705356b 2.023s
2025-02-07 12:43:43.133 62731 INFO tempest.common.waiters [-] State transition "BUILD/spawning" ==> "ACTIVE/None" after 103 second wait
2025-02-07 12:43:43.153 62689 INFO tempest.lib.common.rest_client [req-e219094c-c1ed-42a4-bb36-f3fede3866fa req-e219094c-c1ed-42a4-bb36-f3fede3866fa ] Request (FloatingIPsNegativeTestJSON:setUpClass): 201 POST http://10.180.1.21/identity/v3/auth/tokens 0.069s
2025-02-07 12:43:43.193 62717 INFO tempest.lib.common.rest_client [req-897ac936-bdac-4f9a-be83-029df766770f req-897ac936-bdac-4f9a-be83-029df766770f ] Request (ServersWithSpecificFlavorTestJSON:test_verify_created_server_ephemeral_disk): 200 GET http://10.180.1.21/compute/v2.1/servers/f7197def-541f-4abc-b448-ebe58e2acccc 1.923s
2025-02-07 12:43:43.264 62733 INFO tempest.lib.common.rest_client [req-5031742a-9726-4502-b440-ff28a86bf445 req-5031742a-9726-4502-b440-ff28a86bf445 ] Request (ImagesTestJSON:test_create_image_from_suspended_server): 200 GET http://10.180.1.21/compute/v2.1/servers/a6583a62-ee37-42e0-9a51-b0ce30de58c2 1.909s
2025-02-07 12:43:43.368 62729 INFO tempest.lib.common.rest_client [req-9a259dd3-57ae-412f-93c1-68f00da2dc5b req-9a259dd3-57ae-412f-93c1-68f00da2dc5b ] Request (ServerActionsV293TestJSON:tearDownClass): 204 DELETE http://10.180.1.21:9696/networking/v2.0/networks/2f5b606a-d64e-41a6-9c63-5a0ec77b0a57 0.368s
2025-02-07 12:43:43.402 62675 INFO tempest.lib.common.rest_client [req-79969f32-3ad6-400f-88ce-582036e0122c req-79969f32-3ad6-400f-88ce-582036e0122c ] Request (ImagesOneServerNegativeTestJSON:_run_cleanups): 200 GET http://10.180.1.21/compute/v2.1/servers/faaa5eff-8814-4951-a6fc-9b2a53891f1c 1.485s
2025-02-07 12:43:43.449 62689 INFO tempest.lib.common.rest_client [req-e11a5037-ae20-4c26-a347-3bb20dac7bf0 req-e11a5037-ae20-4c26-a347-3bb20dac7bf0 ] Request (FloatingIPsNegativeTestJSON:setUpClass): 201 POST http://10.180.1.21:9696/networking/v2.0/networks 0.295s
