2025-02-07 15:30:09.526 63390 INFO tempest.lib.common.rest_client [req-ca51de43-50f4-4d70-9a6e-4310c17da35d req-ca51de43-50f4-4d70-9a6e-4310c17da35d ] Request (ServersAdmin275Test:tearDownClass): 200 GET http://10.180.1.21/compute/v2.1/servers/5c44b2a6-d52c-4403-8c73-3a560665cc56 0.658s
2025-02-07 15:30:09.557 63424 INFO tempest.lib.common.rest_client [req-447445b9-27ff-42f5-bb29-0a6afbcc3139 req-447445b9-27ff-42f5-bb29-0a6afbcc3139 ] Request (ServicesAdminNegativeV253TestJSON:tearDownClass): 204 DELETE http://10.180.1.21/identity/v3/projects/f89060257ac84434aebf37722172c7eb 0.079s
2025-02-07 15:30:09.557 63424 INFO tempest.lib.common.dynamic_creds [-] Deleting project and security group for project: cedc81b05d734db5bfdb422a864a2d51
2025-02-07 15:30:09.573 63382 INFO tempest.lib.common.rest_client [req-5b769656-ba61-489c-88d5-c73d80cc47d0 req-5b769656-ba61-489c-88d5-c73d80cc47d0 ] Request (ServersTestMultiNic:test_verify_duplicate_network_nics): 201 POST http://10.180.1.21:9696/networking/v2.0/networks 0.213s
2025-02-07 15:30:09.573 63398 INFO tempest.lib.common.rest_client [req-8f6db238-b21d-4c0b-bfec-6adc395d46fd req-8f6db238-b21d-4c0b-bfec-6adc395d46fd ] Request (MigrationsAdminTest:test_list_migrations_in_flavor_resize_situation): 200 GET http://10.180.1.21/compute/v2.1/servers/fc7e713d-8e89-499e-bd3d-18aac337b3f1 0.629s
2025-02-07 15:30:09.594 63415 INFO tempest.lib.common.rest_client [req-9f70c132-3665-4b55-9cfb-7f613f4968d6 req-9f70c132-3665-4b55-9cfb-7f613f4968d6 ] Request (ImagesNegativeTestJSON:test_create_image_from_deleted_server): 404 POST http://10.180.1.21/compute/v2.1/servers/8e7bcfd6-27b4-406b-89d9-194ac9513ce5/action 0.633s
2025-02-07 15:30:09.645 63400 INFO tempest.lib.common.rest_client [req-42d8237e-0015-4fca-819d-4a14fd533627 req-42d8237e-0015-4fca-819d-4a14fd533627 ] Request (ServersV294TestFqdnHostnames:setUpClass): 200 GET http://10.180.1.21/compute/v2.1/servers/1bef287c-27f6-4a1e-9445-e18b2bfb5ded 0.681s
2025-02-07 15:30:09.662 63410 INFO tempest.lib.common.rest_client [req-86bb8c92-670a-4e57-8d5d-0c1223446221 req-86bb8c92-670a-4e57-8d5d-0c1223446221 ] Request (SecurityGroupRulesTestJSON:tearDownClass): 404 DELETE http://10.180.1.21/compute/v2.1/os-security-groups/65812701-2f9e-4df1-87d1-cd5f3b8b3a97 0.626s
2025-02-07 15:30:09.703 63442 INFO tempest.lib.common.rest_client [req-ec1142c9-1e93-456c-bc75-9d2b33fe8571 req-ec1142c9-1e93-456c-bc75-9d2b33fe8571 ] Request (VolumesAdminNegativeTest:test_update_attached_volume_with_nonexistent_volume_in_body): 200 GET http://10.180.1.21/compute/v2.1/servers/291d4570-ca75-4015-8368-291a72e8f34e 0.757s
2025-02-07 15:30:09.728 63404 INFO tempest.lib.common.rest_client [req-260bbc9a-dfe0-45b4-b35b-8ebf66813706 req-260bbc9a-dfe0-45b4-b35b-8ebf66813706 ] Request (ServerExternalEventsTest:tearDownClass): 200 GET http://10.180.1.21/compute/v2.1/servers/a0ee39f8-c9e6-41d3-9ea6-d89a2db8b16b 0.660s
2025-02-07 15:30:09.789 63424 INFO tempest.lib.common.rest_client [req-9b483fa0-e21d-41a2-bf05-9ddc77892eed req-9b483fa0-e21d-41a2-bf05-9ddc77892eed ] Request (ServicesAdminNegativeV253TestJSON:tearDownClass): 200 GET http://10.180.1.21:9696/networking/v2.0/security-groups?tenant_id=cedc81b05d734db5bfdb422a864a2d51&name=default 0.232s
2025-02-07 15:30:09.792 63386 INFO tempest.lib.common.rest_client [req-0bc34d2f-c3ef-4e9e-9c97-abd4e56cf961 req-0bc34d2f-c3ef-4e9e-9c97-abd4e56cf961 ] Request (ImagesOneServerNegativeTestJSON:setUpClass): 200 GET http://10.180.1.21/compute/v2.1/servers/3dfbcac5-f18f-430c-92f1-72351dcd0af9 0.537s
2025-02-07 15:30:09.879 63402 INFO tempest.lib.common.rest_client [req-0dd65f83-6ac1-4b32-b7c0-0532fb5c580c req-0dd65f83-6ac1-4b32-b7c0-0532fb5c580c ] Request (SecurityGroupRulesNegativeTestJSON:tearDownClass): 202 DELETE http://10.180.1.21/compute/v2.1/os-security-groups/b38494e3-2604-42f6-8809-b70d82a8a02c 0.551s
2025-02-07 15:30:09.895 63424 INFO tempest.lib.common.rest_client [req-1c593b12-99e7-4c5e-a345-27012544dd72 req-1c593b12-99e7-4c5e-a345-27012544dd72 ] Request (ServicesAdminNegativeV253TestJSON:tearDownClass): 204 DELETE http://10.180.1.21:9696/networking/v2.0/security-groups/ec9432cb-a286-4529-97df-67cb4bb901e9 0.105s
2025-02-07 15:30:09.925 63406 WARNING tempest.lib.common.ssh [-] Failed to establish authenticated ssh connection to cirros@10.180.180.237 ([Errno None] Unable to connect to port 22 on 10.180.180.237). Number attempts: 3. Retry after 4 seconds.: paramiko.ssh_exception.NoValidConnectionsError: [Errno None] Unable to connect to port 22 on 10.180.180.237
2025-02-07 15:30:09.940 63418 INFO tempest.lib.common.rest_client [req-7e8e97c0-7e18-44b0-b213-331d85319b83 req-7e8e97c0-7e18-44b0-b213-331d85319b83 ] Request (ServerShowV254Test:test_rebuild_server): 200 GET http://10.180.1.21/compute/v2.1/servers/7f2dfd43-9925-41f6-bf4a-d0e9ea2078ee 0.486s
2025-02-07 15:30:09.979 63438 INFO tempest.lib.common.rest_client [req-e99c7037-f0db-4f27-b4d4-cc6d0b472b2c req-e99c7037-f0db-4f27-b4d4-cc6d0b472b2c ] Request (TenantUsagesTestJSON:test_get_usage_tenant_with_non_admin_user): 200 GET http://10.180.1.21/compute/v2.1/os-simple-tenant-usage/51e6628d8a074d14836d2a1da3aef58e?start=2025-02-06T15%3A30%3A08.700136&end=2025-02-08T15%3A30%3A08.700136 0.525s
2025-02-07 15:30:10.005 63424 INFO tempest.lib.common.rest_client [req-a85cf0d6-2969-4b9a-9d4b-ce8f4d39b16d req-a85cf0d6-2969-4b9a-9d4b-ce8f4d39b16d ] Request (ServicesAdminNegativeV253TestJSON:tearDownClass): 204 DELETE http://10.180.1.21/identity/v3/projects/cedc81b05d734db5bfdb422a864a2d51 0.110s
2025-02-07 15:30:10.031 63388 INFO tempest.lib.common.rest_client [req-5b62c69f-cbd3-49d1-ac8e-5da0d328708f req-5b62c69f-cbd3-49d1-ac8e-5da0d328708f ] Request (SecurityGroupsTestJSON:test_list_security_groups_by_server): 200 GET http://10.180.1.21/compute/v2.1/servers/98c2e293-ca8a-4e70-b164-3de0966e69b3 0.558s
2025-02-07 15:30:10.046 63394 INFO tempest.lib.common.rest_client [req-7c46b7b9-1117-4edd-8306-827c8f66f5e9 req-7c46b7b9-1117-4edd-8306-827c8f66f5e9 ] Request (ServerRescueNegativeTestJSON:setUpClass): 200 GET http://10.180.1.21/compute/v2.1/servers/58724e42-0b03-4b93-bea6-bd0d2a9cd345 0.621s
2025-02-07 15:30:10.090 63408 INFO tempest.lib.common.rest_client [req-26779052-eaf9-4793-aeaf-a2121d797a6e req-26779052-eaf9-4793-aeaf-a2121d797a6e ] Request (ServerShowV247Test:test_update_rebuild_list_server): 200 GET http://10.180.1.21/compute/v2.1/servers/f13d696c-51ea-43c4-9376-f5894d71a376 0.582s
2025-02-07 15:30:10.096 63415 INFO tempest.lib.common.rest_client [req-b36045c5-2660-4e54-8450-5f3df02f8e94 req-b36045c5-2660-4e54-8450-5f3df02f8e94 ] Request (ImagesNegativeTestJSON:test_create_image_from_invalid_server): 404 POST http://10.180.1.21/compute/v2.1/servers/tempest-invalid-1351904164/action 0.495s
2025-02-07 15:30:10.099 63424 INFO tempest.lib.common.rest_client [req-5b5bdd51-0add-4856-8c85-12927e5434c0 req-5b5bdd51-0add-4856-8c85-12927e5434c0 ] Request (FloatingIPsAssociationNegativeTestJSON:setUpClass): 201 POST http://10.180.1.21/identity/v3/auth/tokens 0.090s
2025-02-07 15:30:10.104 63408 INFO tempest.common.waiters [-] State transition "BUILD/scheduling" ==> "BUILD/None" after 20 second wait
2025-02-07 15:30:10.118 63382 INFO tempest.lib.common.rest_client [req-4eefe76a-56da-449c-b46e-ea462928e07d req-4eefe76a-56da-449c-b46e-ea462928e07d ] Request (ServersTestMultiNic:test_verify_duplicate_network_nics): 201 POST http://10.180.1.21:9696/networking/v2.0/subnets 0.544s
2025-02-07 15:30:10.137 63424 INFO tempest.lib.common.rest_client [req-f453cba0-c8b6-46df-8679-cece06064b12 req-f453cba0-c8b6-46df-8679-cece06064b12 ] Request (FloatingIPsAssociationNegativeTestJSON:setUpClass): 201 POST http://10.180.1.21/identity/v3/auth/tokens 0.034s
2025-02-07 15:30:10.164 63424 INFO tempest.lib.common.rest_client [req-f7baed4f-b2b5-4fb2-bcd0-a1f3ae96524c req-f7baed4f-b2b5-4fb2-bcd0-a1f3ae96524c ] Request (FloatingIPsAssociationNegativeTestJSON:setUpClass): 200 GET http://10.180.1.21/identity/v3/domains?name=Default 0.027s
2025-02-07 15:30:10.194 63424 INFO tempest.lib.common.rest_client [req-8aecb9cf-39e6-490f-824c-05274b533881 req-8aecb9cf-39e6-490f-824c-05274b533881 ] Request (FloatingIPsAssociationNegativeTestJSON:setUpClass): 201 POST http://10.180.1.21/identity/v3/projects 0.029s
2025-02-07 15:30:10.252 63424 INFO tempest.lib.common.rest_client [req-d4ebfa71-79e6-4752-8cec-899048efb95f req-d4ebfa71-79e6-4752-8cec-899048efb95f ] Request (FloatingIPsAssociationNegativeTestJSON:setUpClass): 201 POST http://10.180.1.21/identity/v3/users 0.057s
2025-02-07 15:30:10.258 63410 INFO tempest.lib.common.rest_client [req-0b362069-6c5a-4e0a-bf5c-a41689a8b84f req-0b362069-6c5a-4e0a-bf5c-a41689a8b84f ] Request (SecurityGroupRulesTestJSON:tearDownClass): 202 DELETE http://10.180.1.21/compute/v2.1/os-security-groups/d4a538ac-0c52-4c31-88be-68d6b65070e7 0.596s
2025-02-07 15:30:10.274 63424 INFO tempest.lib.common.rest_client [req-1408e5c2-6d9f-4f2f-871e-0ef29962420d req-1408e5c2-6d9f-4f2f-871e-0ef29962420d ] Request (FloatingIPsAssociationNegativeTestJSON:setUpClass): 200 GET http://10.180.1.21/identity/v3/roles 0.022s
2025-02-07 15:30:10.282 63382 INFO tempest.lib.common.rest_client [req-f5fe432f-a0f2-4daf-8424-d53aa1c88d39 req-f5fe432f-a0f2-4daf-8424-d53aa1c88d39 ] Request (ServersTestMultiNic:test_verify_duplicate_network_nics): 201 POST http://10.180.1.21:9696/networking/v2.0/networks 0.164s
2025-02-07 15:30:10.306 63424 INFO tempest.lib.common.rest_client [req-dc11641a-5c33-4870-9934-8f6f4bad123e req-dc11641a-5c33-4870-9934-8f6f4bad123e ] Request (FloatingIPsAssociationNegativeTestJSON:setUpClass): 204 PUT http://10.180.1.21/identity/v3/projects/cf5141c9e9e34e30b87e616a16ca425d/users/ddab4f2072534586ab3692e9f528c7ec/roles/a63801800d554070811cb59793057a2c 0.031s
2025-02-07 15:30:10.306 63424 INFO tempest.lib.common.dynamic_creds [-] Dynamic test user ddab4f2072534586ab3692e9f528c7ec is created with scope project and roles: ['member']
2025-02-07 15:30:10.306 63424 INFO tempest.lib.common.dynamic_creds [-] Acquired dynamic creds: credentials: Credentials: {'domain_id': 'default', 'domain_name': 'Default', 'username': 'tempest-FloatingIPsAssociationNegativeTestJSON-563733645-project-member', 'project_domain_id': 'default', 'project_domain_name': 'Default', 'project_id': 'cf5141c9e9e34e30b87e616a16ca425d', 'project_name': 'tempest-FloatingIPsAssociationNegativeTestJSON-563733645', 'tenant_id': 'cf5141c9e9e34e30b87e616a16ca425d', 'tenant_name': 'tempest-FloatingIPsAssociationNegativeTestJSON-563733645', 'user_domain_id': 'default', 'user_domain_name': 'Default', 'user_id': 'ddab4f2072534586ab3692e9f528c7ec', 'system': None}, Network: None, Subnet: None, Router: None
2025-02-07 15:30:10.325 63440 INFO tempest.lib.common.rest_client [req-f9ae3dc4-333b-4ebe-89a7-c9ba7cf3ff68 req-f9ae3dc4-333b-4ebe-89a7-c9ba7cf3ff68 ] Request (InstanceActionsTestJSON:setUpClass): 200 GET http://10.180.1.21/compute/v2.1/servers/2403c90a-52bd-4e10-9bea-f9e9c65325e2 0.550s
2025-02-07 15:30:10.330 63412 INFO tempest.lib.common.rest_client [req-7f7facb3-8dba-49b1-98a5-c2a78c7b19b2 req-7f7facb3-8dba-49b1-98a5-c2a78c7b19b2 ] Request (ServerActionsTestJSON:setUpClass): 200 GET http://10.180.1.21/compute/v2.1/servers/1cc95b13-67d6-4dac-b8b6-7de3dff065a6 0.764s
2025-02-07 15:30:10.370 63424 INFO tempest.lib.common.rest_client [req-0075f6c6-cb09-4c27-96b4-cad583f79d48 req-0075f6c6-cb09-4c27-96b4-cad583f79d48 ] Request (FloatingIPsAssociationNegativeTestJSON:setUpClass): 201 POST http://10.180.1.21/identity/v3/auth/tokens 0.063s
2025-02-07 15:30:10.387 63420 INFO tempest.lib.common.rest_client [req-6f9f1e18-bfdd-48f5-9c2a-4c1f98c5e45f req-6f9f1e18-bfdd-48f5-9c2a-4c1f98c5e45f ] Request (DeleteServersTestJSON:test_delete_active_server): 200 GET http://10.180.1.21/compute/v2.1/servers/5f24ec35-7ed1-45fc-bde0-ade0f37fb1f5 0.577s
2025-02-07 15:30:10.391 63430 INFO tempest.lib.common.rest_client [req-6da8ddf1-7f46-4687-9803-4ed6c7f32a98 req-6da8ddf1-7f46-4687-9803-4ed6c7f32a98 ] Request (ImagesTestJSON:test_create_image_from_stopped_server): 200 GET http://10.180.1.21/compute/v2.1/servers/53eb9ce7-3b4a-4b39-91b9-5e17928b2677 0.517s
2025-02-07 15:30:10.436 63438 INFO tempest.lib.common.rest_client [req-09d1ace0-826d-4a3b-9074-0ad0bb129b91 req-09d1ace0-826d-4a3b-9074-0ad0bb129b91 ] Request (TenantUsagesTestJSON:test_list_usage_all_tenants): 200 GET http://10.180.1.21/compute/v2.1/os-simple-tenant-usage?start=2025-02-06T15%3A30%3A08.700136&end=2025-02-08T15%3A30%3A08.700136&detailed=1 0.448s
2025-02-07 15:30:10.499 63416 INFO tempest.lib.common.rest_client [req-fc0fd85f-69e5-47d3-8b20-ef0c284d74ee req-fc0fd85f-69e5-47d3-8b20-ef0c284d74ee ] Request (ServersAdminNegativeTestJSON:test_migrate_server_invalid_state): 200 GET http://10.180.1.21/compute/v2.1/servers/94d4222d-cfed-4c44-b252-878403290429 0.464s
2025-02-07 15:30:10.507 63415 INFO tempest.lib.common.rest_client [req-6c348c0a-b899-456f-b748-637f48933727 req-6c348c0a-b899-456f-b748-637f48933727 ] Request (ImagesNegativeTestJSON:test_create_image_specify_uuid_35_characters_or_less): 404 POST http://10.180.1.21/compute/v2.1/servers/aaaaaaaaaaaaaaaaaaaaaaaaaaaaaaaaaaa/action 0.408s
2025-02-07 15:30:10.545 63402 INFO tempest.lib.common.rest_client [req-8b3339eb-7cc0-4163-938c-caef24e78c99 req-8b3339eb-7cc0-4163-938c-caef24e78c99 ] Request (SecurityGroupRulesNegativeTestJSON:tearDownClass): 202 DELETE http://10.180.1.21/compute/v2.1/os-security-groups/0e8a5f8c-9a9f-435b-b770-6cfe1f69f9d0 0.665s
2025-02-07 15:30:10.572 63428 INFO tempest.lib.common.rest_client [req-2bca5ead-58e7-4c1f-b0d3-cfe6fbd18c40 req-2bca5ead-58e7-4c1f-b0d3-cfe6fbd18c40 ] Request (ListServersNegativeTestJSON:setUpClass): 200 GET http://10.180.1.21/compute/v2.1/servers/fb027cc6-5d46-486d-9db7-6991e5fabfbf 0.469s
2025-02-07 15:30:10.606 63382 INFO tempest.lib.common.rest_client [req-e7f7d31b-496d-48b1-8950-8d3e626e0fdf req-e7f7d31b-496d-48b1-8950-8d3e626e0fdf ] Request (ServersTestMultiNic:test_verify_duplicate_network_nics): 201 POST http://10.180.1.21:9696/networking/v2.0/subnets 0.323s
2025-02-07 15:30:10.610 63434 INFO tempest.lib.common.rest_client [req-001a7699-57d5-4c47-9d07-f777762ded4c req-001a7699-57d5-4c47-9d07-f777762ded4c ] Request (ServerAddressesTestJSON:setUpClass): 200 GET http://10.180.1.21/compute/v2.1/servers/2c1a9917-d772-48fd-a87d-29b6b0750681 0.484s
2025-02-07 15:30:10.639 63392 INFO tempest.lib.common.rest_client [req-947b6607-12a0-458a-a3f1-55cf3cd4cb5f req-947b6607-12a0-458a-a3f1-55cf3cd4cb5f ] Request (AttachInterfacesV270Test:tearDownClass): 200 GET http://10.180.1.21/compute/v2.1/servers/4e0dd589-3a3e-430d-add2-4bd58f8acf71 0.457s
2025-02-07 15:30:10.670 63382 INFO tempest.lib.common.rest_client [req-55e3b25d-86be-4991-8456-00cd77167ff9 req-55e3b25d-86be-4991-8456-00cd77167ff9 ] Request (ServersTestMultiNic:test_verify_duplicate_network_nics): 201 POST http://10.180.1.21/identity/v3/auth/tokens 0.062s
2025-02-07 15:30:10.671 63382 INFO tempest.lib.common.fixed_network [-] (ServersTestMultiNic:test_verify_duplicate_network_nics) Found network {'id': '41a4916a-0890-4f94-bc5e-5a85eb181873', 'name': 'tempest-ServersTestMultiNic-40466074-network', 'tenant_id': '8f69507b071e45439880b20f2191abda', 'admin_state_up': True, 'mtu': 8950, 'status': 'ACTIVE', 'subnets': [], 'shared': False, 'project_id': '8f69507b071e45439880b20f2191abda', 'port_security_enabled': True, 'router:external': False, 'provider:network_type': 'vlan', 'provider:physical_network': 'default', 'provider:segmentation_id': 69, 'availability_zone_hints': [], 'availability_zones': [], 'ipv4_address_scope': None, 'ipv6_address_scope': None, 'description': '', 'tags': [], 'created_at': '2025-02-07T15:30:06Z', 'updated_at': '2025-02-07T15:30:06Z', 'revision_number': 1} available for tenant
2025-02-07 15:30:10.672 63432 INFO tempest.lib.common.rest_client [req-91f9db0f-97b1-4206-a948-1c724748bdc6 req-91f9db0f-97b1-4206-a948-1c724748bdc6 ] Request (ServersTestFqdnHostnames:test_create_server_with_fqdn_name): 200 GET http://10.180.1.21/compute/v2.1/servers/23b10046-99a6-49d9-a9ec-14e56e41b895 0.440s
2025-02-07 15:30:10.724 63424 INFO tempest.lib.common.rest_client [req-f93feeb7-5f5a-4e65-98fc-35ca651c7a59 req-f93feeb7-5f5a-4e65-98fc-35ca651c7a59 ] Request (FloatingIPsAssociationNegativeTestJSON:setUpClass): 201 POST http://10.180.1.21:9696/networking/v2.0/networks 0.353s
2025-02-07 15:30:10.729 63380 INFO tempest.lib.common.rest_client [req-05448b32-34f4-4334-8aa5-0864022a1f1f req-05448b32-34f4-4334-8aa5-0864022a1f1f ] Request (ServersAdminTestJSON:setUpClass): 200 GET http://10.180.1.21/compute/v2.1/servers/a619648f-5a7c-4f5f-a3cb-7b872a8cdb3e 0.434s
2025-02-07 15:30:10.776 63410 INFO tempest.lib.common.rest_client [req-376f6025-28d0-4596-8ae0-5c9168b61a22 req-376f6025-28d0-4596-8ae0-5c9168b61a22 ] Request (SecurityGroupRulesTestJSON:tearDownClass): 202 DELETE http://10.180.1.21/compute/v2.1/os-security-groups/11e4f68e-7903-4858-8a81-79a9414dc341 0.518s
2025-02-07 15:30:10.826 63438 INFO tempest.lib.common.rest_client [req-13b3d48e-b804-4491-a583-1b90bffe9690 req-13b3d48e-b804-4491-a583-1b90bffe9690 ] Request (TenantUsagesTestJSON:tearDownClass): 204 DELETE http://10.180.1.21/compute/v2.1/servers/8496f944-119f-410e-be42-346e65918141 0.376s
2025-02-07 15:30:10.836 63415 INFO tempest.lib.common.rest_client [req-c66971ae-d804-45a3-addf-042ff375193e req-c66971ae-d804-45a3-addf-042ff375193e ] Request (ImagesNegativeTestJSON:test_create_image_specify_uuid_37_characters_or_more): 404 POST http://10.180.1.21/compute/v2.1/servers/aaaaaaaaaaaaaaaaaaaaaaaaaaaaaaaaaaaaa/action 0.328s
2025-02-07 15:30:10.907 63384 INFO tempest.lib.common.rest_client [req-a46ef1b2-ac4e-4dac-a7f3-6b2a88cd6669 req-a46ef1b2-ac4e-4dac-a7f3-6b2a88cd6669 ] Request (ServersNegativeTestJSON:setUpClass): 200 GET http://10.180.1.21/compute/v2.1/servers/9538e88e-eb5b-4f06-90ae-758d08537353 0.426s
2025-02-07 15:30:10.914 63384 INFO tempest.common.waiters [-] State transition "BUILD/spawning" ==> "ACTIVE/None" after 38 second wait
2025-02-07 15:30:10.923 63390 INFO tempest.lib.common.rest_client [req-3a7feabe-29b1-4f04-93c8-623d6bdb0299 req-3a7feabe-29b1-4f04-93c8-623d6bdb0299 ] Request (ServersAdmin275Test:tearDownClass): 200 GET http://10.180.1.21/compute/v2.1/servers/5c44b2a6-d52c-4403-8c73-3a560665cc56 0.386s
2025-02-07 15:30:10.992 63384 INFO tempest.lib.common.rest_client [req-0c039d26-88ae-42a0-a487-89606a73d273 req-0c039d26-88ae-42a0-a487-89606a73d273 ] Request (ServersNegativeTestJSON:setUpClass): 201 POST http://10.180.1.21/identity/v3/auth/tokens 0.074s
2025-02-07 15:30:10.992 63384 INFO tempest.lib.common.fixed_network [-] (ServersNegativeTestJSON:setUpClass) Found network {'id': 'c97af5d5-52a7-41a8-a0e4-2981e6bdbc99', 'name': 'tempest-ServersNegativeTestJSON-1649613618-network', 'tenant_id': '6636b35d656c4bb1826ac88726d484b0', 'admin_state_up': True, 'mtu': 8950, 'status': 'ACTIVE', 'subnets': [], 'shared': False, 'project_id': '6636b35d656c4bb1826ac88726d484b0', 'port_security_enabled': True, 'router:external': False, 'provider:network_type': 'vlan', 'provider:physical_network': 'default', 'provider:segmentation_id': 323, 'availability_zone_hints': [], 'availability_zones': [], 'ipv4_address_scope': None, 'ipv6_address_scope': None, 'description': '', 'tags': [], 'created_at': '2025-02-07T15:29:21Z', 'updated_at': '2025-02-07T15:29:21Z', 'revision_number': 1} available for tenant
2025-02-07 15:30:10.997 63400 INFO tempest.lib.common.rest_client [req-1b6b69c3-b5ae-4337-9cda-ce751e2ba551 req-1b6b69c3-b5ae-4337-9cda-ce751e2ba551 ] Request (ServersV294TestFqdnHostnames:setUpClass): 200 GET http://10.180.1.21/compute/v2.1/servers/1bef287c-27f6-4a1e-9445-e18b2bfb5ded 0.336s
2025-02-07 15:30:11.049 63398 INFO tempest.lib.common.rest_client [req-d74c88a8-fa25-47a6-bd26-c4d38fc6b861 req-d74c88a8-fa25-47a6-bd26-c4d38fc6b861 ] Request (MigrationsAdminTest:test_list_migrations_in_flavor_resize_situation): 200 GET http://10.180.1.21/compute/v2.1/servers/fc7e713d-8e89-499e-bd3d-18aac337b3f1 0.465s
2025-02-07 15:30:11.076 63424 INFO tempest.lib.common.rest_client [req-98be877e-5d3b-4cf1-843f-25e6ff09b16e req-98be877e-5d3b-4cf1-843f-25e6ff09b16e ] Request (FloatingIPsAssociationNegativeTestJSON:setUpClass): 201 POST http://10.180.1.21:9696/networking/v2.0/subnets 0.352s
2025-02-07 15:30:11.214 63442 INFO tempest.lib.common.rest_client [req-9c9fb501-de0a-414d-b1e4-c8dde2845e00 req-9c9fb501-de0a-414d-b1e4-c8dde2845e00 ] Request (VolumesAdminNegativeTest:test_update_attached_volume_with_nonexistent_volume_in_body): 200 GET http://10.180.1.21/compute/v2.1/servers/291d4570-ca75-4015-8368-291a72e8f34e 0.502s
2025-02-07 15:30:11.295 63404 INFO tempest.lib.common.rest_client [req-14bee547-a43b-4347-a001-a927ed46b154 req-14bee547-a43b-4347-a001-a927ed46b154 ] Request (ServerExternalEventsTest:tearDownClass): 200 GET http://10.180.1.21/compute/v2.1/servers/a0ee39f8-c9e6-41d3-9ea6-d89a2db8b16b 0.559s
2025-02-07 15:30:11.480 63410 INFO tempest.lib.common.rest_client [req-9be9419f-6064-4d20-ba43-0fc69d8043f8 req-9be9419f-6064-4d20-ba43-0fc69d8043f8 ] Request (SecurityGroupRulesTestJSON:tearDownClass): 202 DELETE http://10.180.1.21/compute/v2.1/os-security-groups/bdd8f5b4-9f11-4743-8fcd-bffcbfcda5e3 0.703s
2025-02-07 15:30:11.543 63386 INFO tempest.lib.common.rest_client [req-65dc2658-288f-44e0-bd27-3cdcb5051034 req-65dc2658-288f-44e0-bd27-3cdcb5051034 ] Request (ImagesOneServerNegativeTestJSON:setUpClass): 200 GET http://10.180.1.21/compute/v2.1/servers/3dfbcac5-f18f-430c-92f1-72351dcd0af9 0.741s
2025-02-07 15:30:11.694 63438 INFO tempest.lib.common.rest_client [req-f81c9019-8129-438e-972f-59bed874ebfd req-f81c9019-8129-438e-972f-59bed874ebfd ] Request (TenantUsagesTestJSON:tearDownClass): 200 GET http://10.180.1.21/compute/v2.1/servers/8496f944-119f-410e-be42-346e65918141 0.867s
2025-02-07 15:30:11.714 63415 INFO tempest.lib.common.rest_client [req-03c015a7-0a58-407f-82b9-95b45c04509b req-03c015a7-0a58-407f-82b9-95b45c04509b ] Request (ImagesNegativeTestJSON:tearDownClass): 404 DELETE http://10.180.1.21/compute/v2.1/servers/8e7bcfd6-27b4-406b-89d9-194ac9513ce5 0.876s
2025-02-07 15:30:11.781 63418 INFO tempest.lib.common.rest_client [req-c1ac3dc6-a955-455b-bc8b-d006e5dcd66c req-c1ac3dc6-a955-455b-bc8b-d006e5dcd66c ] Request (ServerShowV254Test:test_rebuild_server): 200 GET http://10.180.1.21/compute/v2.1/servers/7f2dfd43-9925-41f6-bf4a-d0e9ea2078ee 0.824s
2025-02-07 15:30:11.850 63402 INFO tempest.lib.common.rest_client [req-28b13e16-1774-49f1-98ba-44f849b0269d req-28b13e16-1774-49f1-98ba-44f849b0269d ] Request (SecurityGroupRulesNegativeTestJSON:tearDownClass): 200 PUT http://10.180.1.21:9696/networking/v2.0/routers/5b6d4a83-cd5a-452e-9053-8c72bde0b72c/remove_router_interface 1.304s
2025-02-07 15:30:11.942 63382 INFO tempest.lib.common.rest_client [req-e2a7324b-c793-4686-b6db-39d233e13170 req-e2a7324b-c793-4686-b6db-39d233e13170 ] Request (ServersTestMultiNic:test_verify_duplicate_network_nics): 202 POST http://10.180.1.21/compute/v2.1/servers 1.270s
2025-02-07 15:30:12.006 63388 INFO tempest.lib.common.rest_client [req-04918a7b-6292-4707-afd9-5d6106f86c6c req-04918a7b-6292-4707-afd9-5d6106f86c6c ] Request (SecurityGroupsTestJSON:test_list_security_groups_by_server): 200 GET http://10.180.1.21/compute/v2.1/servers/98c2e293-ca8a-4e70-b164-3de0966e69b3 0.968s
2025-02-07 15:30:12.069 63394 INFO tempest.lib.common.rest_client [req-95fbbe06-fb43-42ee-9ab1-4b2f778bf199 req-95fbbe06-fb43-42ee-9ab1-4b2f778bf199 ] Request (ServerRescueNegativeTestJSON:setUpClass): 200 GET http://10.180.1.21/compute/v2.1/servers/58724e42-0b03-4b93-bea6-bd0d2a9cd345 1.012s
2025-02-07 15:30:12.109 63424 INFO tempest.lib.common.rest_client [req-809f84a5-03e1-477d-9cd2-2d622784d0a5 req-809f84a5-03e1-477d-9cd2-2d622784d0a5 ] Request (FloatingIPsAssociationNegativeTestJSON:setUpClass): 201 POST http://10.180.1.21:9696/networking/v2.0/routers 1.032s
2025-02-07 15:30:12.128 63408 INFO tempest.lib.common.rest_client [req-e04dddf6-8565-43b8-829c-7ed62df1c657 req-e04dddf6-8565-43b8-829c-7ed62df1c657 ] Request (ServerShowV247Test:test_update_rebuild_list_server): 200 GET http://10.180.1.21/compute/v2.1/servers/f13d696c-51ea-43c4-9376-f5894d71a376 1.023s
2025-02-07 15:30:12.154 63384 INFO tempest.lib.common.rest_client [req-4a686cec-fe46-4a4d-bc48-08479cc73443 req-4a686cec-fe46-4a4d-bc48-08479cc73443 ] Request (ServersNegativeTestJSON:setUpClass): 202 POST http://10.180.1.21/compute/v2.1/servers 1.161s
2025-02-07 15:30:12.202 63440 INFO tempest.lib.common.rest_client [req-a64b8893-5bac-4400-a1be-019c62b40d43 req-a64b8893-5bac-4400-a1be-019c62b40d43 ] Request (InstanceActionsTestJSON:setUpClass): 200 GET http://10.180.1.21/compute/v2.1/servers/2403c90a-52bd-4e10-9bea-f9e9c65325e2 0.869s
2025-02-07 15:30:12.226 63412 INFO tempest.lib.common.rest_client [req-ceb8252e-4fc7-4a0a-a8a1-bbd19a44fdd2 req-ceb8252e-4fc7-4a0a-a8a1-bbd19a44fdd2 ] Request (ServerActionsTestJSON:setUpClass): 200 GET http://10.180.1.21/compute/v2.1/servers/1cc95b13-67d6-4dac-b8b6-7de3dff065a6 0.883s
2025-02-07 15:30:12.290 63430 INFO tempest.lib.common.rest_client [req-82f30427-2fc0-47a4-b764-4f93ba7a3d41 req-82f30427-2fc0-47a4-b764-4f93ba7a3d41 ] Request (ImagesTestJSON:test_create_image_from_stopped_server): 200 GET http://10.180.1.21/compute/v2.1/servers/53eb9ce7-3b4a-4b39-91b9-5e17928b2677 0.886s
2025-02-07 15:30:12.303 63420 INFO tempest.lib.common.rest_client [req-74b37b86-2973-4568-9649-a29d83c23bd5 req-74b37b86-2973-4568-9649-a29d83c23bd5 ] Request (DeleteServersTestJSON:test_delete_active_server): 200 GET http://10.180.1.21/compute/v2.1/servers/5f24ec35-7ed1-45fc-bde0-ade0f37fb1f5 0.900s
2025-02-07 15:30:12.327 63402 INFO tempest.lib.common.rest_client [req-96e2bf0a-0caa-43ac-a0d7-33ba32c57dfc req-96e2bf0a-0caa-43ac-a0d7-33ba32c57dfc ] Request (SecurityGroupRulesNegativeTestJSON:tearDownClass): 204 DELETE http://10.180.1.21:9696/networking/v2.0/routers/5b6d4a83-cd5a-452e-9053-8c72bde0b72c 0.476s
2025-02-07 15:30:12.360 63416 INFO tempest.lib.common.rest_client [req-849b0941-e04b-40ba-9511-9d9430142147 req-849b0941-e04b-40ba-9511-9d9430142147 ] Request (ServersAdminNegativeTestJSON:test_migrate_server_invalid_state): 200 GET http://10.180.1.21/compute/v2.1/servers/94d4222d-cfed-4c44-b252-878403290429 0.849s
2025-02-07 15:30:12.380 63428 INFO tempest.lib.common.rest_client [req-ac81c832-df5f-4af5-963e-7aae59169688 req-ac81c832-df5f-4af5-963e-7aae59169688 ] Request (ListServersNegativeTestJSON:setUpClass): 404 GET http://10.180.1.21/compute/v2.1/servers/fb027cc6-5d46-486d-9db7-6991e5fabfbf 0.797s
2025-02-07 15:30:12.434 63434 INFO tempest.lib.common.rest_client [req-e9f31c2f-ed03-4e33-a0df-ff79f7cfee3a req-e9f31c2f-ed03-4e33-a0df-ff79f7cfee3a ] Request (ServerAddressesTestJSON:setUpClass): 200 GET http://10.180.1.21/compute/v2.1/servers/2c1a9917-d772-48fd-a87d-29b6b0750681 0.812s
2025-02-07 15:30:12.446 63402 INFO tempest.lib.common.rest_client [req-2f993c3b-2fce-4add-b6a7-7f20c9fd119e req-2f993c3b-2fce-4add-b6a7-7f20c9fd119e ] Request (SecurityGroupRulesNegativeTestJSON:tearDownClass): 204 DELETE http://10.180.1.21:9696/networking/v2.0/subnets/0a7af19c-30d7-4a21-86e8-b4dfd8397f36 0.119s
2025-02-07 15:30:12.466 63410 INFO tempest.lib.common.rest_client [req-8b01dcd2-d77a-4663-a8b4-f66c73b5c95c req-8b01dcd2-d77a-4663-a8b4-f66c73b5c95c ] Request (SecurityGroupRulesTestJSON:tearDownClass): 202 DELETE http://10.180.1.21/compute/v2.1/os-security-groups/43d3e437-0ffa-4dcb-a0fb-03d93f202499 0.985s
2025-02-07 15:30:12.517 63392 INFO tempest.lib.common.rest_client [req-3b47df8a-e54a-489c-b63f-bcd2cc7d591b req-3b47df8a-e54a-489c-b63f-bcd2cc7d591b ] Request (AttachInterfacesV270Test:tearDownClass): 200 GET http://10.180.1.21/compute/v2.1/servers/4e0dd589-3a3e-430d-add2-4bd58f8acf71 0.861s
2025-02-07 15:30:12.529 63432 INFO tempest.lib.common.rest_client [req-d8e06ccb-fc44-4d0e-85b0-ff1e54b98528 req-d8e06ccb-fc44-4d0e-85b0-ff1e54b98528 ] Request (ServersTestFqdnHostnames:test_create_server_with_fqdn_name): 200 GET http://10.180.1.21/compute/v2.1/servers/23b10046-99a6-49d9-a9ec-14e56e41b895 0.845s
2025-02-07 15:30:12.541 63432 INFO tempest.common.waiters [-] State transition "BUILD/scheduling" ==> "BUILD/None" after 23 second wait
2025-02-07 15:30:12.544 63415 INFO tempest.lib.common.rest_client [req-c0ab1a5c-94e3-4e89-8d96-4b5d3a2fde41 req-c0ab1a5c-94e3-4e89-8d96-4b5d3a2fde41 ] Request (ImagesNegativeTestJSON:tearDownClass): 404 GET http://10.180.1.21/compute/v2.1/servers/8e7bcfd6-27b4-406b-89d9-194ac9513ce5 0.830s
2025-02-07 15:30:12.635 63380 INFO tempest.lib.common.rest_client [req-ad32258c-873e-4d9c-9c5a-5015a256c728 req-ad32258c-873e-4d9c-9c5a-5015a256c728 ] Request (ServersAdminTestJSON:setUpClass): 200 GET http://10.180.1.21/compute/v2.1/servers/a619648f-5a7c-4f5f-a3cb-7b872a8cdb3e 0.896s
2025-02-07 15:30:12.643 63390 INFO tempest.lib.common.rest_client [req-6c4ff7dc-e10d-4149-97d7-3749b898cdbf req-6c4ff7dc-e10d-4149-97d7-3749b898cdbf ] Request (ServersAdmin275Test:tearDownClass): 200 GET http://10.180.1.21/compute/v2.1/servers/5c44b2a6-d52c-4403-8c73-3a560665cc56 0.707s
2025-02-07 15:30:12.656 63402 INFO tempest.lib.common.rest_client [req-47193d5c-a68c-4235-b452-d8ccb58507f6 req-47193d5c-a68c-4235-b452-d8ccb58507f6 ] Request (SecurityGroupRulesNegativeTestJSON:tearDownClass): 204 DELETE http://10.180.1.21:9696/networking/v2.0/networks/41000cf8-7f8e-4fbb-a0f8-735f9713880c 0.210s
2025-02-07 15:30:12.734 63382 INFO tempest.lib.common.rest_client [req-a708acb2-dd37-4a39-bfd8-06e8249a5c16 req-a708acb2-dd37-4a39-bfd8-06e8249a5c16 ] Request (ServersTestMultiNic:test_verify_duplicate_network_nics): 200 GET http://10.180.1.21/compute/v2.1/servers/74a76dd9-217c-4209-a7d3-01512114f82b 0.790s
2025-02-07 15:30:12.750 63400 INFO tempest.lib.common.rest_client [req-9a4b109c-6afa-438a-af1d-3a49c5e894c1 req-9a4b109c-6afa-438a-af1d-3a49c5e894c1 ] Request (ServersV294TestFqdnHostnames:setUpClass): 200 GET http://10.180.1.21/compute/v2.1/servers/1bef287c-27f6-4a1e-9445-e18b2bfb5ded 0.738s
2025-02-07 15:30:12.757 63402 INFO tempest.lib.common.rest_client [req-e1e708e1-b923-4c49-a304-1b48ffa711b6 req-e1e708e1-b923-4c49-a304-1b48ffa711b6 ] Request (SecurityGroupRulesNegativeTestJSON:tearDownClass): 204 DELETE http://10.180.1.21/identity/v3/users/f3c2a43f17a34888890bbf0a3a49377f 0.100s
2025-02-07 15:30:12.757 63402 INFO tempest.lib.common.dynamic_creds [-] Deleting project and security group for project: a01b88d441b04b6d9371e6eb26059e3a
2025-02-07 15:30:12.819 63384 INFO tempest.lib.common.rest_client [req-b8273f35-64fe-4263-b0cb-e7e2b510680e req-b8273f35-64fe-4263-b0cb-e7e2b510680e ] Request (ServersNegativeTestJSON:setUpClass): 200 GET http://10.180.1.21/compute/v2.1/servers/c1e19567-0fda-46c4-828d-b05bb9ce09cf 0.663s
2025-02-07 15:30:13.010 63442 INFO tempest.lib.common.rest_client [req-877bcd42-ac77-49cf-b32b-f988d3a2f88d req-877bcd42-ac77-49cf-b32b-f988d3a2f88d ] Request (VolumesAdminNegativeTest:test_update_attached_volume_with_nonexistent_volume_in_body): 200 GET http://10.180.1.21/compute/v2.1/servers/291d4570-ca75-4015-8368-291a72e8f34e 0.775s
2025-02-07 15:30:13.062 63402 INFO tempest.lib.common.rest_client [req-c06a2d7f-cba1-4aa4-9f1d-d750b692be6d req-c06a2d7f-cba1-4aa4-9f1d-d750b692be6d ] Request (SecurityGroupRulesNegativeTestJSON:tearDownClass): 200 GET http://10.180.1.21:9696/networking/v2.0/security-groups?tenant_id=a01b88d441b04b6d9371e6eb26059e3a&name=default 0.304s
2025-02-07 15:30:13.083 63404 INFO tempest.lib.common.rest_client [req-8ac157b0-3fb2-4b5f-b8e7-6fa839d5a81c req-8ac157b0-3fb2-4b5f-b8e7-6fa839d5a81c ] Request (ServerExternalEventsTest:tearDownClass): 200 GET http://10.180.1.21/compute/v2.1/servers/a0ee39f8-c9e6-41d3-9ea6-d89a2db8b16b 0.778s
2025-02-07 15:30:13.144 63428 INFO tempest.lib.common.rest_client [req-452a52e7-7572-4b37-9fa6-73709b3b71f8 req-452a52e7-7572-4b37-9fa6-73709b3b71f8 ] Request (ListServersNegativeTestJSON:test_list_servers_by_changes_since_future_date): 200 GET http://10.180.1.21/compute/v2.1/servers?changes-since=2051-01-01T12%3A34%3A00Z&status=ACTIVE 0.763s
2025-02-07 15:30:13.189 63398 INFO tempest.lib.common.rest_client [req-051e073e-3837-4f65-a48f-1d442f708540 req-051e073e-3837-4f65-a48f-1d442f708540 ] Request (MigrationsAdminTest:test_list_migrations_in_flavor_resize_situation): 200 GET http://10.180.1.21/compute/v2.1/servers/fc7e713d-8e89-499e-bd3d-18aac337b3f1 1.132s
2025-02-07 15:30:13.262 63386 INFO tempest.lib.common.rest_client [req-22c9f88f-4e3e-4fb5-8929-15331bbc1cd8 req-22c9f88f-4e3e-4fb5-8929-15331bbc1cd8 ] Request (ImagesOneServerNegativeTestJSON:setUpClass): 200 GET http://10.180.1.21/compute/v2.1/servers/3dfbcac5-f18f-430c-92f1-72351dcd0af9 0.706s
2025-02-07 15:30:13.311 63424 INFO tempest.lib.common.rest_client [req-83f61a6f-1485-4047-b0a7-3c152e381aba req-83f61a6f-1485-4047-b0a7-3c152e381aba ] Request (FloatingIPsAssociationNegativeTestJSON:setUpClass): 200 PUT http://10.180.1.21:9696/networking/v2.0/routers/0ecf20b7-5b28-4b12-88d8-2c7639dffc35/add_router_interface 1.201s
2025-02-07 15:30:13.312 63424 INFO tempest.lib.common.dynamic_creds [-] Created isolated network resources for: credentials: Credentials: {'domain_id': 'default', 'domain_name': 'Default', 'username': 'tempest-FloatingIPsAssociationNegativeTestJSON-563733645-project-member', 'project_domain_id': 'default', 'project_domain_name': 'Default', 'project_id': 'cf5141c9e9e34e30b87e616a16ca425d', 'project_name': 'tempest-FloatingIPsAssociationNegativeTestJSON-563733645', 'tenant_id': 'cf5141c9e9e34e30b87e616a16ca425d', 'tenant_name': 'tempest-FloatingIPsAssociationNegativeTestJSON-563733645', 'user_domain_id': 'default', 'user_domain_name': 'Default', 'user_id': 'ddab4f2072534586ab3692e9f528c7ec', 'system': None}, Network: {'id': '2f3b1a8c-a45a-48ab-a172-442673a10a26', 'name': 'tempest-FloatingIPsAssociationNegativeTestJSON-39238792-network', 'tenant_id': 'cf5141c9e9e34e30b87e616a16ca425d', 'admin_state_up': True, 'mtu': 8950, 'status': 'ACTIVE', 'subnets': [], 'shared': False, 'project_id': 'cf5141c9e9e34e30b87e616a16ca425d', 'port_security_enabled': True, 'router:external': False, 'provider:network_type': 'vlan', 'provider:physical_network': 'default', 'provider:segmentation_id': 919, 'availability_zone_hints': [], 'availability_zones': [], 'ipv4_address_scope': None, 'ipv6_address_scope': None, 'description': '', 'tags': [], 'created_at': '2025-02-07T15:30:10Z', 'updated_at': '2025-02-07T15:30:10Z', 'revision_number': 1}, Subnet: {'id': '5b3a2c2f-197f-464e-ac2e-03332290b1bd', 'name': 'tempest-FloatingIPsAssociationNegativeTestJSON-39238792-subnet', 'tenant_id': 'cf5141c9e9e34e30b87e616a16ca425d', 'network_id': '2f3b1a8c-a45a-48ab-a172-442673a10a26', 'ip_version': 4, 'subnetpool_id': None, 'enable_dhcp': True, 'ipv6_ra_mode': None, 'ipv6_address_mode': None, 'gateway_ip': '192.168.128.1', 'cidr': '192.168.128.0/28', 'allocation_pools': [{'start': '192.168.128.2', 'end': '192.168.128.14'}], 'host_routes': [], 'dns_nameservers': [], 'description': '', 'router:external': False, 'service_types': [], 'tags': [], 'created_at': '2025-02-07T15:30:10Z', 'updated_at': '2025-02-07T15:30:10Z', 'revision_number': 0, 'project_id': 'cf5141c9e9e34e30b87e616a16ca425d'}, Router: {'id': '0ecf20b7-5b28-4b12-88d8-2c7639dffc35', 'name': 'tempest-FloatingIPsAssociationNegativeTestJSON-39238792-router', 'tenant_id': 'cf5141c9e9e34e30b87e616a16ca425d', 'admin_state_up': True, 'status': 'ACTIVE', 'external_gateway_info': {'network_id': 'eedb3a6f-90b3-458f-80c6-5b928bd21eb9', 'external_fixed_ips': [{'subnet_id': 'eb2c448f-8350-41ff-a956-3e4099a4dc21', 'ip_address': '10.180.180.177'}], 'enable_snat': True}, 'description': '', 'availability_zones': [], 'distributed': False, 'ha': False, 'availability_zone_hints': [], 'routes': [], 'flavor_id': None, 'tags': [], 'created_at': '2025-02-07T15:30:11Z', 'updated_at': '2025-02-07T15:30:11Z', 'revision_number': 2, 'project_id': 'cf5141c9e9e34e30b87e616a16ca425d'}
2025-02-07 15:30:13.325 63410 INFO tempest.lib.common.rest_client [req-249d9150-f74c-4a0b-8f86-ad7e145cd14d req-249d9150-f74c-4a0b-8f86-ad7e145cd14d ] Request (SecurityGroupRulesTestJSON:tearDownClass): 202 DELETE http://10.180.1.21/compute/v2.1/os-security-groups/5c2a2eb8-201a-4f14-886a-0433542f6efe 0.859s
2025-02-07 15:30:13.375 63402 INFO tempest.lib.common.rest_client [req-95847d37-79e4-4089-8758-ea6e33cf3ee6 req-95847d37-79e4-4089-8758-ea6e33cf3ee6 ] Request (SecurityGroupRulesNegativeTestJSON:tearDownClass): 204 DELETE http://10.180.1.21:9696/networking/v2.0/security-groups/bde4fe2e-2c7c-4f19-9428-f59e6439d4c0 0.312s
2025-02-07 15:30:13.390 63418 INFO tempest.lib.common.rest_client [req-8c38b122-32df-4035-87ab-503c8d3c56dc req-8c38b122-32df-4035-87ab-503c8d3c56dc ] Request (ServerShowV254Test:test_rebuild_server): 200 GET http://10.180.1.21/compute/v2.1/servers/7f2dfd43-9925-41f6-bf4a-d0e9ea2078ee 0.599s
2025-02-07 15:30:13.404 63424 INFO tempest.lib.common.rest_client [req-9103484c-194a-4608-a76d-10947d1cb500 req-9103484c-194a-4608-a76d-10947d1cb500 ] Request (FloatingIPsAssociationNegativeTestJSON:setUpClass): 201 POST http://10.180.1.21/identity/v3/auth/tokens 0.087s
2025-02-07 15:30:13.437 63424 INFO tempest.lib.common.rest_client [req-a8422b38-b675-448f-97cf-09d525e8eb26 req-a8422b38-b675-448f-97cf-09d525e8eb26 ] Request (FloatingIPsAssociationNegativeTestJSON:setUpClass): 201 POST http://10.180.1.21/identity/v3/auth/tokens 0.028s
2025-02-07 15:30:13.438 63424 INFO tempest.lib.common.fixed_network [-] (FloatingIPsAssociationNegativeTestJSON:setUpClass) Found network {'id': '2f3b1a8c-a45a-48ab-a172-442673a10a26', 'name': 'tempest-FloatingIPsAssociationNegativeTestJSON-39238792-network', 'tenant_id': 'cf5141c9e9e34e30b87e616a16ca425d', 'admin_state_up': True, 'mtu': 8950, 'status': 'ACTIVE', 'subnets': [], 'shared': False, 'project_id': 'cf5141c9e9e34e30b87e616a16ca425d', 'port_security_enabled': True, 'router:external': False, 'provider:network_type': 'vlan', 'provider:physical_network': 'default', 'provider:segmentation_id': 919, 'availability_zone_hints': [], 'availability_zones': [], 'ipv4_address_scope': None, 'ipv6_address_scope': None, 'description': '', 'tags': [], 'created_at': '2025-02-07T15:30:10Z', 'updated_at': '2025-02-07T15:30:10Z', 'revision_number': 1} available for tenant
2025-02-07 15:30:13.451 63388 INFO tempest.lib.common.rest_client [req-36c91a58-57e3-4708-a907-6b4a6b588334 req-36c91a58-57e3-4708-a907-6b4a6b588334 ] Request (SecurityGroupsTestJSON:test_list_security_groups_by_server): 200 GET http://10.180.1.21/compute/v2.1/servers/98c2e293-ca8a-4e70-b164-3de0966e69b3 0.431s
2025-02-07 15:30:13.480 63402 INFO tempest.lib.common.rest_client [req-c0964c40-7e88-4333-aa86-b01f5d9420b4 req-c0964c40-7e88-4333-aa86-b01f5d9420b4 ] Request (SecurityGroupRulesNegativeTestJSON:tearDownClass): 204 DELETE http://10.180.1.21/identity/v3/projects/a01b88d441b04b6d9371e6eb26059e3a 0.104s
2025-02-07 15:30:13.511 63394 INFO tempest.lib.common.rest_client [req-5a4c4b4d-da59-4966-8ccc-fdf11de57e51 req-5a4c4b4d-da59-4966-8ccc-fdf11de57e51 ] Request (ServerRescueNegativeTestJSON:setUpClass): 200 GET http://10.180.1.21/compute/v2.1/servers/58724e42-0b03-4b93-bea6-bd0d2a9cd345 0.432s
2025-02-07 15:30:13.539 63402 INFO tempest.lib.common.rest_client [req-ac092ddd-1861-468e-889b-54d5064a39e6 req-ac092ddd-1861-468e-889b-54d5064a39e6 ] Request (ServersTestJSON:setUpClass): 201 POST http://10.180.1.21/identity/v3/auth/tokens 0.057s
2025-02-07 15:30:13.572 63438 INFO tempest.lib.common.rest_client [req-76b726e4-1841-400b-ae19-b6bccc85bfb0 req-76b726e4-1841-400b-ae19-b6bccc85bfb0 ] Request (TenantUsagesTestJSON:tearDownClass): 200 GET http://10.180.1.21/compute/v2.1/servers/8496f944-119f-410e-be42-346e65918141 0.869s
2025-02-07 15:30:13.580 63428 INFO tempest.lib.common.rest_client [req-302e49b4-fea0-4403-a1fa-aa0805592d03 req-302e49b4-fea0-4403-a1fa-aa0805592d03 ] Request (ListServersNegativeTestJSON:test_list_servers_by_changes_since_invalid_date): 400 GET http://10.180.1.21/compute/v2.1/servers?changes-since=2011%2F01%2F01 0.427s
2025-02-07 15:30:13.583 63408 INFO tempest.lib.common.rest_client [req-94bbc443-c096-4f69-9928-dc9e75f32b58 req-94bbc443-c096-4f69-9928-dc9e75f32b58 ] Request (ServerShowV247Test:test_update_rebuild_list_server): 200 GET http://10.180.1.21/compute/v2.1/servers/f13d696c-51ea-43c4-9376-f5894d71a376 0.445s
2025-02-07 15:30:13.587 63402 INFO tempest.lib.common.rest_client [req-71a10927-539e-42ef-93d1-d80265f702b5 req-71a10927-539e-42ef-93d1-d80265f702b5 ] Request (ServersTestJSON:setUpClass): 201 POST http://10.180.1.21/identity/v3/auth/tokens 0.046s
2025-02-07 15:30:13.614 63402 INFO tempest.lib.common.rest_client [req-9f57309f-f0a6-40bf-b76a-d925c885c5d3 req-9f57309f-f0a6-40bf-b76a-d925c885c5d3 ] Request (ServersTestJSON:setUpClass): 200 GET http://10.180.1.21/identity/v3/domains?name=Default 0.026s
2025-02-07 15:30:13.644 63412 INFO tempest.lib.common.rest_client [req-43d25b3f-e2bd-4b7c-bca4-833b9b3409c9 req-43d25b3f-e2bd-4b7c-bca4-833b9b3409c9 ] Request (ServerActionsTestJSON:setUpClass): 200 GET http://10.180.1.21/compute/v2.1/servers/1cc95b13-67d6-4dac-b8b6-7de3dff065a6 0.406s
2025-02-07 15:30:13.649 63402 INFO tempest.lib.common.rest_client [req-4cf725e2-fc7b-4b39-b05a-476af85f7b08 req-4cf725e2-fc7b-4b39-b05a-476af85f7b08 ] Request (ServersTestJSON:setUpClass): 201 POST http://10.180.1.21/identity/v3/projects 0.034s
2025-02-07 15:30:13.661 63440 INFO tempest.lib.common.rest_client [req-12b9267e-6647-49d5-9eb0-86199949871a req-12b9267e-6647-49d5-9eb0-86199949871a ] Request (InstanceActionsTestJSON:setUpClass): 200 GET http://10.180.1.21/compute/v2.1/servers/2403c90a-52bd-4e10-9bea-f9e9c65325e2 0.450s
2025-02-07 15:30:13.712 63430 INFO tempest.lib.common.rest_client [req-75cf4eae-dd16-4b27-8dda-0c80e29bdc61 req-75cf4eae-dd16-4b27-8dda-0c80e29bdc61 ] Request (ImagesTestJSON:test_create_image_from_stopped_server): 200 GET http://10.180.1.21/compute/v2.1/servers/53eb9ce7-3b4a-4b39-91b9-5e17928b2677 0.412s
2025-02-07 15:30:13.750 63420 INFO tempest.lib.common.rest_client [req-9743445e-b22c-418a-b87c-a6770e1bd76c req-9743445e-b22c-418a-b87c-a6770e1bd76c ] Request (DeleteServersTestJSON:test_delete_active_server): 200 GET http://10.180.1.21/compute/v2.1/servers/5f24ec35-7ed1-45fc-bde0-ade0f37fb1f5 0.436s
2025-02-07 15:30:13.751 63402 INFO tempest.lib.common.rest_client [req-aab4ae64-18b4-44ff-9c83-823c4125ffe4 req-aab4ae64-18b4-44ff-9c83-823c4125ffe4 ] Request (ServersTestJSON:setUpClass): 201 POST http://10.180.1.21/identity/v3/users 0.102s
2025-02-07 15:30:13.792 63416 INFO tempest.lib.common.rest_client [req-386a0189-7c7d-4a35-9392-9f27fbacc833 req-386a0189-7c7d-4a35-9392-9f27fbacc833 ] Request (ServersAdminNegativeTestJSON:test_migrate_server_invalid_state): 200 GET http://10.180.1.21/compute/v2.1/servers/94d4222d-cfed-4c44-b252-878403290429 0.418s
2025-02-07 15:30:13.795 63402 INFO tempest.lib.common.rest_client [req-cc2fc47d-a160-495c-a58a-c05315c55526 req-cc2fc47d-a160-495c-a58a-c05315c55526 ] Request (ServersTestJSON:setUpClass): 200 GET http://10.180.1.21/identity/v3/roles 0.043s
2025-02-07 15:30:13.832 63402 INFO tempest.lib.common.rest_client [req-8362bf81-0424-4939-badd-6a169d010350 req-8362bf81-0424-4939-badd-6a169d010350 ] Request (ServersTestJSON:setUpClass): 204 PUT http://10.180.1.21/identity/v3/projects/7beba8ad0c964261a026d45a5a7db64c/users/efd1d5ca49554263b9813079b3f804c3/roles/a63801800d554070811cb59793057a2c 0.037s
2025-02-07 15:30:13.833 63402 INFO tempest.lib.common.dynamic_creds [-] Dynamic test user efd1d5ca49554263b9813079b3f804c3 is created with scope project and roles: ['member']
2025-02-07 15:30:13.833 63402 INFO tempest.lib.common.dynamic_creds [-] Acquired dynamic creds: credentials: Credentials: {'domain_id': 'default', 'domain_name': 'Default', 'username': 'tempest-ServersTestJSON-128408136-project-member', 'project_domain_id': 'default', 'project_domain_name': 'Default', 'project_id': '7beba8ad0c964261a026d45a5a7db64c', 'project_name': 'tempest-ServersTestJSON-128408136', 'tenant_id': '7beba8ad0c964261a026d45a5a7db64c', 'tenant_name': 'tempest-ServersTestJSON-128408136', 'user_domain_id': 'default', 'user_domain_name': 'Default', 'user_id': 'efd1d5ca49554263b9813079b3f804c3', 'system': None}, Network: None, Subnet: None, Router: None
2025-02-07 15:30:13.888 63434 INFO tempest.lib.common.rest_client [req-6c2a454a-44ce-45d4-b3d8-b489afa55d1a req-6c2a454a-44ce-45d4-b3d8-b489afa55d1a ] Request (ServerAddressesTestJSON:setUpClass): 200 GET http://10.180.1.21/compute/v2.1/servers/2c1a9917-d772-48fd-a87d-29b6b0750681 0.444s
2025-02-07 15:30:13.899 63434 INFO tempest.common.waiters [-] State transition "BUILD/None" ==> "BUILD/networking" after 38 second wait
2025-02-07 15:30:13.903 63402 INFO tempest.lib.common.rest_client [req-a106b672-fa4a-4838-a5fa-6a4a63daf4b2 req-a106b672-fa4a-4838-a5fa-6a4a63daf4b2 ] Request (ServersTestJSON:setUpClass): 201 POST http://10.180.1.21/identity/v3/auth/tokens 0.070s
2025-02-07 15:30:13.962 63392 INFO tempest.lib.common.rest_client [req-a1780d05-a0ad-4692-b36a-378c83f5cb51 req-a1780d05-a0ad-4692-b36a-378c83f5cb51 ] Request (AttachInterfacesV270Test:tearDownClass): 200 GET http://10.180.1.21/compute/v2.1/servers/4e0dd589-3a3e-430d-add2-4bd58f8acf71 0.433s
2025-02-07 15:30:14.022 63432 INFO tempest.lib.common.rest_client [req-63fa591e-64a4-4fa9-a363-f7d2e80e357f req-63fa591e-64a4-4fa9-a363-f7d2e80e357f ] Request (ServersTestFqdnHostnames:test_create_server_with_fqdn_name): 200 GET http://10.180.1.21/compute/v2.1/servers/23b10046-99a6-49d9-a9ec-14e56e41b895 0.479s
2025-02-07 15:30:14.133 63428 INFO tempest.lib.common.rest_client [req-4695189b-8063-4f84-b965-4536ce3de37b req-4695189b-8063-4f84-b965-4536ce3de37b ] Request (ListServersNegativeTestJSON:test_list_servers_by_limits_greater_than_actual_count): 200 GET http://10.180.1.21/compute/v2.1/servers 0.551s
2025-02-07 15:30:14.185 63380 INFO tempest.lib.common.rest_client [req-535b5ac6-80df-4266-b7d5-19870a4af518 req-535b5ac6-80df-4266-b7d5-19870a4af518 ] Request (ServersAdminTestJSON:setUpClass): 200 GET http://10.180.1.21/compute/v2.1/servers/a619648f-5a7c-4f5f-a3cb-7b872a8cdb3e 0.542s
2025-02-07 15:30:14.251 63390 INFO tempest.lib.common.rest_client [req-9272f4da-3dbf-43a6-9ad1-f054f0b9dc9e req-9272f4da-3dbf-43a6-9ad1-f054f0b9dc9e ] Request (ServersAdmin275Test:tearDownClass): 200 GET http://10.180.1.21/compute/v2.1/servers/5c44b2a6-d52c-4403-8c73-3a560665cc56 0.593s
2025-02-07 15:30:14.314 63382 INFO tempest.lib.common.rest_client [req-49953ae0-5a8e-4515-b51a-c998305d67e0 req-49953ae0-5a8e-4515-b51a-c998305d67e0 ] Request (ServersTestMultiNic:test_verify_duplicate_network_nics): 200 GET http://10.180.1.21/compute/v2.1/servers/74a76dd9-217c-4209-a7d3-01512114f82b 0.561s
2025-02-07 15:30:14.345 63410 INFO tempest.lib.common.rest_client [req-6ed6973a-f140-4fda-80e1-cbbcf1e079d2 req-6ed6973a-f140-4fda-80e1-cbbcf1e079d2 ] Request (SecurityGroupRulesTestJSON:tearDownClass): 200 PUT http://10.180.1.21:9696/networking/v2.0/routers/9ca69205-3a63-4413-8d6a-d913b72e036a/remove_router_interface 1.019s
2025-02-07 15:30:14.380 63402 INFO tempest.lib.common.rest_client [req-d92ae9b4-862a-414d-9b1b-f2c23d733fb5 req-d92ae9b4-862a-414d-9b1b-f2c23d733fb5 ] Request (ServersTestJSON:setUpClass): 201 POST http://10.180.1.21:9696/networking/v2.0/networks 0.476s
2025-02-07 15:30:14.389 63400 INFO tempest.lib.common.rest_client [req-58ad14a4-3ad1-44bc-952d-fb565e2bf984 req-58ad14a4-3ad1-44bc-952d-fb565e2bf984 ] Request (ServersV294TestFqdnHostnames:setUpClass): 200 GET http://10.180.1.21/compute/v2.1/servers/1bef287c-27f6-4a1e-9445-e18b2bfb5ded 0.621s
2025-02-07 15:30:14.451 63384 INFO tempest.lib.common.rest_client [req-7d5abf19-dc1f-4759-b398-4476dd827796 req-7d5abf19-dc1f-4759-b398-4476dd827796 ] Request (ServersNegativeTestJSON:setUpClass): 200 GET http://10.180.1.21/compute/v2.1/servers/c1e19567-0fda-46c4-828d-b05bb9ce09cf 0.622s
2025-02-07 15:30:14.620 63442 INFO tempest.lib.common.rest_client [req-95f74cb6-0567-463d-bc4f-2bb2701d7143 req-95f74cb6-0567-463d-bc4f-2bb2701d7143 ] Request (VolumesAdminNegativeTest:test_update_attached_volume_with_nonexistent_volume_in_body): 200 GET http://10.180.1.21/compute/v2.1/servers/291d4570-ca75-4015-8368-291a72e8f34e 0.602s
2025-02-07 15:30:14.652 63424 INFO tempest.lib.common.rest_client [req-bf8df43c-dbde-4874-9b0b-79b650ce6e30 req-bf8df43c-dbde-4874-9b0b-79b650ce6e30 ] Request (FloatingIPsAssociationNegativeTestJSON:setUpClass): 202 POST http://10.180.1.21/compute/v2.1/servers 1.213s
2025-02-07 15:30:14.677 63415 INFO tempest.lib.common.rest_client [req-2881dd5c-9b00-4937-89af-c7b36c05b91b req-2881dd5c-9b00-4937-89af-c7b36c05b91b ] Request (ImagesNegativeTestJSON:tearDownClass): 200 PUT http://10.180.1.21:9696/networking/v2.0/routers/48b4601e-8065-43f7-997f-7fde11219bdb/remove_router_interface 2.132s
2025-02-07 15:30:14.721 63404 INFO tempest.lib.common.rest_client [req-596ec518-f76e-4c24-82ae-bfcf7192caf5 req-596ec518-f76e-4c24-82ae-bfcf7192caf5 ] Request (ServerExternalEventsTest:tearDownClass): 200 GET http://10.180.1.21/compute/v2.1/servers/a0ee39f8-c9e6-41d3-9ea6-d89a2db8b16b 0.628s
2025-02-07 15:30:14.727 63428 INFO tempest.lib.common.rest_client [req-442ce5b4-7038-4957-bd7d-b7f3d2a701d8 req-442ce5b4-7038-4957-bd7d-b7f3d2a701d8 ] Request (ListServersNegativeTestJSON:test_list_servers_by_limits_greater_than_actual_count): 200 GET http://10.180.1.21/compute/v2.1/servers?limit=102 0.592s
2025-02-07 15:30:14.773 63402 INFO tempest.lib.common.rest_client [req-6259f9b6-ffe0-4eb0-9ea9-37e07e48995e req-6259f9b6-ffe0-4eb0-9ea9-37e07e48995e ] Request (ServersTestJSON:setUpClass): 201 POST http://10.180.1.21:9696/networking/v2.0/subnets 0.392s
