2025-02-07 15:31:21.718 63402 INFO tempest.lib.common.rest_client [req-a558c789-6787-488e-a662-c7f6e9128c75 req-a558c789-6787-488e-a662-c7f6e9128c75 ] Request (ServersTestJSON:setUpClass): 200 GET http://10.180.1.21/compute/v2.1/servers/9370b479-8925-4e3c-8f1b-5cd4488f42f5 0.089s
2025-02-07 15:31:21.797 63388 INFO tempest.lib.common.rest_client [req-ff6b9040-f3d7-4a5d-af4b-3bf319fb0776 req-ff6b9040-f3d7-4a5d-af4b-3bf319fb0776 ] Request (SecurityGroupsTestJSON:test_server_security_groups): 200 GET http://10.180.1.21/compute/v2.1/servers/ac4c6ca5-cdb1-4603-8609-8e442cf534fd 0.049s
2025-02-07 15:31:21.811 63388 INFO tempest.common.waiters [-] State transition "BUILD/scheduling" ==> "BUILD/None" after 47 second wait
2025-02-07 15:31:21.850 63430 INFO tempest.lib.common.rest_client [req-da595e6e-3ed3-4055-b000-093dc66e8e67 req-da595e6e-3ed3-4055-b000-093dc66e8e67 ] Request (ImagesTestJSON:test_create_image_from_stopped_server): 200 GET http://10.180.1.21/compute/v2.1/servers/53eb9ce7-3b4a-4b39-91b9-5e17928b2677 0.124s
2025-02-07 15:31:21.912 63424 INFO tempest.lib.common.rest_client [req-de8fe954-32b7-41df-b544-1593567a490a req-de8fe954-32b7-41df-b544-1593567a490a ] Request (FloatingIPsAssociationNegativeTestJSON:setUpClass): 200 GET http://10.180.1.21/compute/v2.1/servers/b200c9ec-0be1-40e7-8da7-525730c7931b 0.088s
2025-02-07 15:31:21.943 63382 INFO tempest.lib.common.rest_client [req-c81442d9-a21c-41e2-bac1-bc57a3444a1e req-c81442d9-a21c-41e2-bac1-bc57a3444a1e ] Request (ServersTestMultiNic:test_verify_duplicate_network_nics): 200 GET http://10.180.1.21/compute/v2.1/servers/74a76dd9-217c-4209-a7d3-01512114f82b 0.155s
2025-02-07 15:31:21.950 63382 INFO tempest.common.waiters [-] State transition "BUILD/networking" ==> "BUILD/block_device_mapping" after 69 second wait
2025-02-07 15:31:21.978 63416 INFO tempest.lib.common.rest_client [req-35cc2e30-bfa4-4720-8813-23d2fbc7a193 req-35cc2e30-bfa4-4720-8813-23d2fbc7a193 ] Request (ServersAdminNegativeTestJSON:tearDownClass): 200 GET http://10.180.1.21/compute/v2.1/servers/3a60618c-b48a-45e6-81be-44b26423799d 0.133s
2025-02-07 15:31:21.985 63416 INFO tempest.common.waiters [-] State transition "ACTIVE/deleting" ==> "DELETED/None" after 3 second wait
2025-02-07 15:31:22.007 63438 INFO tempest.lib.common.rest_client [req-2a42c5e7-3e28-4d87-a5da-a82573dfb46d req-2a42c5e7-3e28-4d87-a5da-a82573dfb46d ] Request (ServersTestManualDisk:setUpClass): 200 GET http://10.180.1.21/compute/v2.1/servers/ebcfbf62-e067-4c9a-8272-0c01da189489 0.118s
2025-02-07 15:31:22.032 63380 INFO tempest.lib.common.rest_client [req-e8fc04cd-6351-4752-89da-e29fadd422f8 req-e8fc04cd-6351-4752-89da-e29fadd422f8 ] Request (ServersAdminTestJSON:test_create_server_with_scheduling_hint): 200 GET http://10.180.1.21/compute/v2.1/servers/124d9b8b-e705-4395-adc5-e326bcbec979 0.133s
2025-02-07 15:31:22.065 63384 INFO tempest.lib.common.rest_client [req-02cae296-36d4-4684-9a0f-4ed18fa5cf01 req-02cae296-36d4-4684-9a0f-4ed18fa5cf01 ] Request (ServersNegativeTestJSON:setUpClass): 200 GET http://10.180.1.21/compute/v2.1/servers/c1e19567-0fda-46c4-828d-b05bb9ce09cf 0.116s
2025-02-07 15:31:22.087 63440 INFO tempest.lib.common.rest_client [req-e10f3b9b-2244-4413-a760-a723fe4957d7 req-e10f3b9b-2244-4413-a760-a723fe4957d7 ] Request (InstanceActionsTestJSON:tearDownClass): 200 GET http://10.180.1.21/compute/v2.1/servers/2403c90a-52bd-4e10-9bea-f9e9c65325e2 0.075s
2025-02-07 15:31:22.120 63392 INFO tempest.lib.common.rest_client [req-c28ab557-8c72-4652-81dd-dbc3abcaf207 req-c28ab557-8c72-4652-81dd-dbc3abcaf207 ] Request (ServersTestJSON:test_create_server_specify_multibyte_character_name): 200 GET http://10.180.1.21/compute/v2.1/servers/1667b43d-f077-46d4-8c99-29c84a04854f 0.069s
2025-02-07 15:31:22.330 63386 INFO tempest.lib.common.rest_client [req-4bfd5a9e-25e7-45e6-a048-45f494a0ed66 req-4bfd5a9e-25e7-45e6-a048-45f494a0ed66 ] Request (ImagesOneServerNegativeTestJSON:_run_cleanups): 200 GET http://10.180.1.21/compute/v2.1/servers/3dfbcac5-f18f-430c-92f1-72351dcd0af9 0.063s
2025-02-07 15:31:22.421 63394 INFO tempest.lib.common.rest_client [req-750b2176-95f3-45e2-a331-32e35fa55130 req-750b2176-95f3-45e2-a331-32e35fa55130 ] Request (ServerRescueNegativeTestJSON:setUpClass): 200 GET http://10.180.1.21/compute/v2.1/servers/58724e42-0b03-4b93-bea6-bd0d2a9cd345 0.133s
2025-02-07 15:31:22.423 63408 INFO tempest.lib.common.rest_client [req-ad95e244-12f5-42e0-b6bb-68e6b51f8e11 req-ad95e244-12f5-42e0-b6bb-68e6b51f8e11 ] Request (ServerShowV247Test:tearDownClass): 200 GET http://10.180.1.21/compute/v2.1/servers/f13d696c-51ea-43c4-9376-f5894d71a376 0.076s
2025-02-07 15:31:22.482 63404 INFO tempest.lib.common.rest_client [req-f3d01274-6a87-4c9d-b3b3-ee3b1df7525d req-f3d01274-6a87-4c9d-b3b3-ee3b1df7525d ] Request (AttachInterfacesUnderV243Test:test_add_remove_fixed_ip): 200 GET http://10.180.1.21/compute/v2.1/servers/d05bd991-4bcc-4fec-9536-9220169fed55 0.066s
2025-02-07 15:31:22.492 63415 INFO tempest.lib.common.rest_client [req-84a9ef9b-1161-4742-a172-d8c4608047ef req-84a9ef9b-1161-4742-a172-d8c4608047ef ] Request (ServerDiskConfigTestJSON:test_rebuild_server_with_auto_disk_config): 200 GET http://10.180.1.21/compute/v2.1/servers/ce744ab1-3fc9-4c94-b1e2-fa6504a2f39a 0.137s
2025-02-07 15:31:22.528 63390 INFO tempest.lib.common.rest_client [req-f45dd139-0f50-4770-8fdc-bb20ff74d1e5 req-f45dd139-0f50-4770-8fdc-bb20ff74d1e5 ] Request (ImagesOneServerTestJSON:setUpClass): 200 GET http://10.180.1.21/compute/v2.1/servers/1a6d8f95-f62d-4d8c-86ec-28ec4cd07ce8 0.108s
2025-02-07 15:31:22.640 63398 INFO tempest.lib.common.rest_client [req-9185bd26-cede-41c7-94b1-78ed8c35cfc9 req-9185bd26-cede-41c7-94b1-78ed8c35cfc9 ] Request (MigrationsAdminTest:test_resize_server_revert_deleted_flavor): 200 GET http://10.180.1.21/compute/v2.1/servers/7752b521-eff7-457c-83c3-0c600eb38b69 0.051s
2025-02-07 15:31:22.692 63428 INFO tempest.lib.common.rest_client [req-2d943221-fa96-4a0a-ac61-a890568e839a req-2d943221-fa96-4a0a-ac61-a890568e839a ] Request (ServersNegativeTestMultiTenantJSON:setUpClass): 200 GET http://10.180.1.21/compute/v2.1/servers/f8e22148-e48a-420d-9545-ea6443a462de 0.057s
2025-02-07 15:31:22.718 63420 INFO tempest.lib.common.rest_client [req-4a1a575a-487a-4680-8e76-fdd27be3ada8 req-4a1a575a-487a-4680-8e76-fdd27be3ada8 ] Request (DeleteServersTestJSON:test_delete_server_while_in_attached_volume): 200 GET http://10.180.1.21/compute/v2.1/servers/233c9ab0-3c91-420b-a8df-f7560d1ba7c7 0.052s
2025-02-07 15:31:22.752 63410 INFO tempest.lib.common.rest_client [req-44bb5629-71ce-4615-8298-eed2c0bbe78e req-44bb5629-71ce-4615-8298-eed2c0bbe78e ] Request (AttachInterfacesTestJSON:test_create_list_show_delete_interfaces_by_fixed_ip): 200 GET http://10.180.1.21/compute/v2.1/servers/c8c7241a-1c88-4c14-a755-21f0873d80de 0.060s
2025-02-07 15:31:22.785 63402 INFO tempest.lib.common.rest_client [req-3cc4862a-6e78-4108-a7a0-110ea8f623aa req-3cc4862a-6e78-4108-a7a0-110ea8f623aa ] Request (ServersTestJSON:setUpClass): 200 GET http://10.180.1.21/compute/v2.1/servers/9370b479-8925-4e3c-8f1b-5cd4488f42f5 0.054s
2025-02-07 15:31:22.870 63388 INFO tempest.lib.common.rest_client [req-665516bc-c367-4c49-a1fb-039e608d80da req-665516bc-c367-4c49-a1fb-039e608d80da ] Request (SecurityGroupsTestJSON:test_server_security_groups): 200 GET http://10.180.1.21/compute/v2.1/servers/ac4c6ca5-cdb1-4603-8609-8e442cf534fd 0.057s
2025-02-07 15:31:22.971 63424 INFO tempest.lib.common.rest_client [req-5fb7a1c4-6f24-4aea-8a0f-60bfb5bc4d94 req-5fb7a1c4-6f24-4aea-8a0f-60bfb5bc4d94 ] Request (FloatingIPsAssociationNegativeTestJSON:setUpClass): 200 GET http://10.180.1.21/compute/v2.1/servers/b200c9ec-0be1-40e7-8da7-525730c7931b 0.051s
2025-02-07 15:31:22.989 63430 INFO tempest.lib.common.rest_client [req-a455e048-5c6e-4a89-b0db-969d07d4dac4 req-a455e048-5c6e-4a89-b0db-969d07d4dac4 ] Request (ImagesTestJSON:test_create_image_from_stopped_server): 200 GET http://10.180.1.21/compute/v2.1/servers/53eb9ce7-3b4a-4b39-91b9-5e17928b2677 0.129s
2025-02-07 15:31:23.048 63416 INFO tempest.lib.common.rest_client [req-a602030d-a7e5-4a17-ba00-49532ceb61c5 req-a602030d-a7e5-4a17-ba00-49532ceb61c5 ] Request (ServersAdminNegativeTestJSON:tearDownClass): 200 GET http://10.180.1.21/compute/v2.1/servers/3a60618c-b48a-45e6-81be-44b26423799d 0.061s
2025-02-07 15:31:23.077 63382 INFO tempest.lib.common.rest_client [req-0107f4ec-6aa4-4d6f-8753-def16b051936 req-0107f4ec-6aa4-4d6f-8753-def16b051936 ] Request (ServersTestMultiNic:test_verify_duplicate_network_nics): 200 GET http://10.180.1.21/compute/v2.1/servers/74a76dd9-217c-4209-a7d3-01512114f82b 0.126s
2025-02-07 15:31:23.083 63382 INFO tempest.common.waiters [-] State transition "BUILD/block_device_mapping" ==> "BUILD/spawning" after 71 second wait
2025-02-07 15:31:23.100 63438 INFO tempest.lib.common.rest_client [req-b08064e1-8870-4dda-a759-6b93734ef49d req-b08064e1-8870-4dda-a759-6b93734ef49d ] Request (ServersTestManualDisk:setUpClass): 200 GET http://10.180.1.21/compute/v2.1/servers/ebcfbf62-e067-4c9a-8272-0c01da189489 0.084s
2025-02-07 15:31:23.123 63380 INFO tempest.lib.common.rest_client [req-fbaff3e5-82c2-47be-aa5b-003fa573d3ee req-fbaff3e5-82c2-47be-aa5b-003fa573d3ee ] Request (ServersAdminTestJSON:test_create_server_with_scheduling_hint): 200 GET http://10.180.1.21/compute/v2.1/servers/124d9b8b-e705-4395-adc5-e326bcbec979 0.082s
2025-02-07 15:31:23.157 63384 INFO tempest.lib.common.rest_client [req-020a1195-2727-457f-9506-e892cf164e0e req-020a1195-2727-457f-9506-e892cf164e0e ] Request (ServersNegativeTestJSON:setUpClass): 200 GET http://10.180.1.21/compute/v2.1/servers/c1e19567-0fda-46c4-828d-b05bb9ce09cf 0.085s
2025-02-07 15:31:23.183 63440 INFO tempest.lib.common.rest_client [req-3e8bc01a-da6d-4f8e-9659-323f2a8c68f6 req-3e8bc01a-da6d-4f8e-9659-323f2a8c68f6 ] Request (InstanceActionsTestJSON:tearDownClass): 200 GET http://10.180.1.21/compute/v2.1/servers/2403c90a-52bd-4e10-9bea-f9e9c65325e2 0.081s
2025-02-07 15:31:23.205 63392 INFO tempest.lib.common.rest_client [req-7b46f3a6-bc67-411e-9e41-be0d3794564c req-7b46f3a6-bc67-411e-9e41-be0d3794564c ] Request (ServersTestJSON:test_create_server_specify_multibyte_character_name): 200 GET http://10.180.1.21/compute/v2.1/servers/1667b43d-f077-46d4-8c99-29c84a04854f 0.076s
2025-02-07 15:31:23.362 63386 INFO tempest.lib.common.rest_client [req-a3e53cc4-f6f8-4f4f-b2cb-beddaefbd46e req-a3e53cc4-f6f8-4f4f-b2cb-beddaefbd46e ] Request (ImagesOneServerNegativeTestJSON:_run_cleanups): 404 GET http://10.180.1.21/compute/v2.1/servers/3dfbcac5-f18f-430c-92f1-72351dcd0af9 0.021s
2025-02-07 15:31:23.402 63386 INFO tempest.lib.common.rest_client [req-4d893124-f712-43ac-a323-17262e9c8479 req-4d893124-f712-43ac-a323-17262e9c8479 ] Request (ImagesOneServerNegativeTestJSON:_run_cleanups): 200 POST http://10.180.1.21/compute/v2.1/os-keypairs 0.037s
2025-02-07 15:31:23.497 63408 INFO tempest.lib.common.rest_client [req-ef59b86d-0c96-442d-866d-9edcf61a7660 req-ef59b86d-0c96-442d-866d-9edcf61a7660 ] Request (ServerShowV247Test:tearDownClass): 200 GET http://10.180.1.21/compute/v2.1/servers/f13d696c-51ea-43c4-9376-f5894d71a376 0.062s
2025-02-07 15:31:23.526 63386 INFO tempest.lib.common.rest_client [req-df499e49-a877-4590-aee3-556ab76652d5 req-df499e49-a877-4590-aee3-556ab76652d5 ] Request (ImagesOneServerNegativeTestJSON:_run_cleanups): 201 POST http://10.180.1.21:9696/networking/v2.0/security-groups 0.123s
2025-02-07 15:31:23.543 63404 INFO tempest.lib.common.rest_client [req-a2d8c6e3-9803-46ae-95d7-fc6e84ab5e0b req-a2d8c6e3-9803-46ae-95d7-fc6e84ab5e0b ] Request (AttachInterfacesUnderV243Test:test_add_remove_fixed_ip): 200 GET http://10.180.1.21/compute/v2.1/servers/d05bd991-4bcc-4fec-9536-9220169fed55 0.049s
2025-02-07 15:31:23.589 63415 INFO tempest.lib.common.rest_client [req-fe797998-23a7-410b-b511-970f6b4490cb req-fe797998-23a7-410b-b511-970f6b4490cb ] Request (ServerDiskConfigTestJSON:test_rebuild_server_with_auto_disk_config): 200 GET http://10.180.1.21/compute/v2.1/servers/ce744ab1-3fc9-4c94-b1e2-fa6504a2f39a 0.090s
2025-02-07 15:31:23.606 63394 INFO tempest.lib.common.rest_client [req-d6a92158-f03b-4403-9a8d-08f755846f5f req-d6a92158-f03b-4403-9a8d-08f755846f5f ] Request (ServerRescueNegativeTestJSON:setUpClass): 200 GET http://10.180.1.21/compute/v2.1/servers/58724e42-0b03-4b93-bea6-bd0d2a9cd345 0.170s
2025-02-07 15:31:23.634 63386 INFO tempest.lib.common.rest_client [req-91f6dec7-cff6-42c6-95fd-ff0341c38703 req-91f6dec7-cff6-42c6-95fd-ff0341c38703 ] Request (ImagesOneServerNegativeTestJSON:_run_cleanups): 201 POST http://10.180.1.21:9696/networking/v2.0/security-group-rules 0.107s
2025-02-07 15:31:23.637 63390 INFO tempest.lib.common.rest_client [req-64ee4abc-7ed2-432a-8b1d-b0ee7f9946cd req-64ee4abc-7ed2-432a-8b1d-b0ee7f9946cd ] Request (ImagesOneServerTestJSON:setUpClass): 200 GET http://10.180.1.21/compute/v2.1/servers/1a6d8f95-f62d-4d8c-86ec-28ec4cd07ce8 0.100s
2025-02-07 15:31:23.701 63398 INFO tempest.lib.common.rest_client [req-ad06a71b-53d2-4a12-9ee1-e785e8323c43 req-ad06a71b-53d2-4a12-9ee1-e785e8323c43 ] Request (MigrationsAdminTest:test_resize_server_revert_deleted_flavor): 200 GET http://10.180.1.21/compute/v2.1/servers/7752b521-eff7-457c-83c3-0c600eb38b69 0.051s
2025-02-07 15:31:23.724 63386 INFO tempest.lib.common.rest_client [req-66c0b84b-1987-4a07-8e43-0eba43b2e018 req-66c0b84b-1987-4a07-8e43-0eba43b2e018 ] Request (ImagesOneServerNegativeTestJSON:_run_cleanups): 201 POST http://10.180.1.21:9696/networking/v2.0/security-group-rules 0.090s
2025-02-07 15:31:23.767 63428 INFO tempest.lib.common.rest_client [req-2f02fe97-7ff0-475a-9e4e-fc6fe2ceca8b req-2f02fe97-7ff0-475a-9e4e-fc6fe2ceca8b ] Request (ServersNegativeTestMultiTenantJSON:setUpClass): 200 GET http://10.180.1.21/compute/v2.1/servers/f8e22148-e48a-420d-9545-ea6443a462de 0.065s
2025-02-07 15:31:23.778 63420 INFO tempest.lib.common.rest_client [req-b4f72bbf-f09f-43c4-b6b3-9b5118d3d2d4 req-b4f72bbf-f09f-43c4-b6b3-9b5118d3d2d4 ] Request (DeleteServersTestJSON:test_delete_server_while_in_attached_volume): 200 GET http://10.180.1.21/compute/v2.1/servers/233c9ab0-3c91-420b-a8df-f7560d1ba7c7 0.052s
2025-02-07 15:31:23.847 63410 INFO tempest.lib.common.rest_client [req-efec100b-0919-4c3a-83fc-6e40cf28cd1d req-efec100b-0919-4c3a-83fc-6e40cf28cd1d ] Request (AttachInterfacesTestJSON:test_create_list_show_delete_interfaces_by_fixed_ip): 200 GET http://10.180.1.21/compute/v2.1/servers/c8c7241a-1c88-4c14-a755-21f0873d80de 0.086s
2025-02-07 15:31:23.850 63402 INFO tempest.lib.common.rest_client [req-d74c3abd-54b3-4a7a-aa63-5f1a80182d26 req-d74c3abd-54b3-4a7a-aa63-5f1a80182d26 ] Request (ServersTestJSON:setUpClass): 200 GET http://10.180.1.21/compute/v2.1/servers/9370b479-8925-4e3c-8f1b-5cd4488f42f5 0.057s
2025-02-07 15:31:23.968 63388 INFO tempest.lib.common.rest_client [req-d212a7e5-f77a-4eb5-9a09-d9936ec94100 req-d212a7e5-f77a-4eb5-9a09-d9936ec94100 ] Request (SecurityGroupsTestJSON:test_server_security_groups): 200 GET http://10.180.1.21/compute/v2.1/servers/ac4c6ca5-cdb1-4603-8609-8e442cf534fd 0.087s
2025-02-07 15:31:24.038 63406 WARNING tempest.lib.common.ssh [-] Failed to establish authenticated ssh connection to cirros@10.180.180.237 ([Errno None] Unable to connect to port 22 on 10.180.180.237). Number attempts: 10. Retry after 11 seconds.: paramiko.ssh_exception.NoValidConnectionsError: [Errno None] Unable to connect to port 22 on 10.180.180.237
2025-02-07 15:31:24.050 63424 INFO tempest.lib.common.rest_client [req-c343faf7-dc86-4909-b128-4c0cdcc549e5 req-c343faf7-dc86-4909-b128-4c0cdcc549e5 ] Request (FloatingIPsAssociationNegativeTestJSON:setUpClass): 200 GET http://10.180.1.21/compute/v2.1/servers/b200c9ec-0be1-40e7-8da7-525730c7931b 0.071s
2025-02-07 15:31:24.139 63416 INFO tempest.lib.common.rest_client [req-3662578b-2131-40bc-95c8-2fced4b9c908 req-3662578b-2131-40bc-95c8-2fced4b9c908 ] Request (ServersAdminNegativeTestJSON:tearDownClass): 200 GET http://10.180.1.21/compute/v2.1/servers/3a60618c-b48a-45e6-81be-44b26423799d 0.081s
2025-02-07 15:31:24.175 63430 INFO tempest.lib.common.rest_client [req-4af66701-1140-4abc-b2c0-b9f747a99456 req-4af66701-1140-4abc-b2c0-b9f747a99456 ] Request (ImagesTestJSON:test_create_image_from_stopped_server): 200 GET http://10.180.1.21/compute/v2.1/servers/53eb9ce7-3b4a-4b39-91b9-5e17928b2677 0.178s
2025-02-07 15:31:24.238 63438 INFO tempest.lib.common.rest_client [req-edf5907f-15e4-4b89-a60e-e0513f472f82 req-edf5907f-15e4-4b89-a60e-e0513f472f82 ] Request (ServersTestManualDisk:setUpClass): 200 GET http://10.180.1.21/compute/v2.1/servers/ebcfbf62-e067-4c9a-8272-0c01da189489 0.126s
2025-02-07 15:31:24.248 63382 INFO tempest.lib.common.rest_client [req-b7a05b16-63bd-4524-962c-3c3a6453c77f req-b7a05b16-63bd-4524-962c-3c3a6453c77f ] Request (ServersTestMultiNic:test_verify_duplicate_network_nics): 200 GET http://10.180.1.21/compute/v2.1/servers/74a76dd9-217c-4209-a7d3-01512114f82b 0.161s
2025-02-07 15:31:24.248 63386 INFO tempest.lib.common.rest_client [req-2d57b9c1-a8e9-4396-8900-b6dafddef062 req-2d57b9c1-a8e9-4396-8900-b6dafddef062 ] Request (ImagesOneServerNegativeTestJSON:_run_cleanups): 201 POST http://10.180.1.21:9696/networking/v2.0/floatingips 0.524s
2025-02-07 15:31:24.294 63380 INFO tempest.lib.common.rest_client [req-126ba407-864c-469d-b046-7fec34c6a16d req-126ba407-864c-469d-b046-7fec34c6a16d ] Request (ServersAdminTestJSON:test_create_server_with_scheduling_hint): 200 GET http://10.180.1.21/compute/v2.1/servers/124d9b8b-e705-4395-adc5-e326bcbec979 0.163s
2025-02-07 15:31:24.302 63384 INFO tempest.lib.common.rest_client [req-1d7cf636-4622-4358-aed1-e4fec5afce31 req-1d7cf636-4622-4358-aed1-e4fec5afce31 ] Request (ServersNegativeTestJSON:setUpClass): 200 GET http://10.180.1.21/compute/v2.1/servers/c1e19567-0fda-46c4-828d-b05bb9ce09cf 0.137s
2025-02-07 15:31:24.321 63386 INFO tempest.lib.common.rest_client [req-725c71ec-d5b6-4cad-8b23-9c1ed3804933 req-725c71ec-d5b6-4cad-8b23-9c1ed3804933 ] Request (ImagesOneServerNegativeTestJSON:_run_cleanups): 201 POST http://10.180.1.21/identity/v3/auth/tokens 0.069s
2025-02-07 15:31:24.321 63386 INFO tempest.lib.common.fixed_network [-] (ImagesOneServerNegativeTestJSON:_run_cleanups) Found network {'id': 'c6b6844e-263e-418f-8617-3832f29b0923', 'name': 'tempest-ImagesOneServerNegativeTestJSON-798542113-network', 'tenant_id': '8915f6e54f8b4c5e851c574da9b2af09', 'admin_state_up': True, 'mtu': 8950, 'status': 'ACTIVE', 'subnets': [], 'shared': False, 'project_id': '8915f6e54f8b4c5e851c574da9b2af09', 'port_security_enabled': True, 'router:external': False, 'provider:network_type': 'vlan', 'provider:physical_network': 'default', 'provider:segmentation_id': 786, 'availability_zone_hints': [], 'availability_zones': [], 'ipv4_address_scope': None, 'ipv6_address_scope': None, 'description': '', 'tags': [], 'created_at': '2025-02-07T15:29:34Z', 'updated_at': '2025-02-07T15:29:35Z', 'revision_number': 1} available for tenant
2025-02-07 15:31:24.362 63392 INFO tempest.lib.common.rest_client [req-a23cfea3-e6bd-4f76-b6b6-e519318d87c2 req-a23cfea3-e6bd-4f76-b6b6-e519318d87c2 ] Request (ServersTestJSON:test_create_server_specify_multibyte_character_name): 200 GET http://10.180.1.21/compute/v2.1/servers/1667b43d-f077-46d4-8c99-29c84a04854f 0.150s
2025-02-07 15:31:24.363 63440 INFO tempest.lib.common.rest_client [req-9e7043e2-5e4a-4dee-bbc5-8788211f586b req-9e7043e2-5e4a-4dee-bbc5-8788211f586b ] Request (InstanceActionsTestJSON:tearDownClass): 200 GET http://10.180.1.21/compute/v2.1/servers/2403c90a-52bd-4e10-9bea-f9e9c65325e2 0.170s
2025-02-07 15:31:24.568 63408 INFO tempest.lib.common.rest_client [req-ebeb6dff-f9a0-49da-98cd-827f51f49a68 req-ebeb6dff-f9a0-49da-98cd-827f51f49a68 ] Request (ServerShowV247Test:tearDownClass): 200 GET http://10.180.1.21/compute/v2.1/servers/f13d696c-51ea-43c4-9376-f5894d71a376 0.060s
2025-02-07 15:31:24.617 63404 INFO tempest.lib.common.rest_client [req-0d1c3717-8dce-4caf-9f91-a917784ce861 req-0d1c3717-8dce-4caf-9f91-a917784ce861 ] Request (AttachInterfacesUnderV243Test:test_add_remove_fixed_ip): 200 GET http://10.180.1.21/compute/v2.1/servers/d05bd991-4bcc-4fec-9536-9220169fed55 0.065s
2025-02-07 15:31:24.655 63386 INFO tempest.lib.common.rest_client [req-632d63bd-81c1-4deb-8a6f-3c5c976a0359 req-632d63bd-81c1-4deb-8a6f-3c5c976a0359 ] Request (ImagesOneServerNegativeTestJSON:_run_cleanups): 202 POST http://10.180.1.21/compute/v2.1/servers 0.333s
2025-02-07 15:31:24.667 63415 INFO tempest.lib.common.rest_client [req-1cb41346-3c5b-4270-85a5-661064a7533d req-1cb41346-3c5b-4270-85a5-661064a7533d ] Request (ServerDiskConfigTestJSON:test_rebuild_server_with_auto_disk_config): 200 GET http://10.180.1.21/compute/v2.1/servers/ce744ab1-3fc9-4c94-b1e2-fa6504a2f39a 0.065s
2025-02-07 15:31:24.718 63390 INFO tempest.lib.common.rest_client [req-15eca91d-fe89-4d79-a657-5ce74fc0ee5f req-15eca91d-fe89-4d79-a657-5ce74fc0ee5f ] Request (ImagesOneServerTestJSON:setUpClass): 200 GET http://10.180.1.21/compute/v2.1/servers/1a6d8f95-f62d-4d8c-86ec-28ec4cd07ce8 0.073s
2025-02-07 15:31:24.750 63386 INFO tempest.lib.common.rest_client [req-bb37ad2a-8cb1-4b76-a315-11f956d7e6ec req-bb37ad2a-8cb1-4b76-a315-11f956d7e6ec ] Request (ImagesOneServerNegativeTestJSON:_run_cleanups): 200 GET http://10.180.1.21/compute/v2.1/servers/15c9971e-9ecb-452d-a48c-4be8d00b1f64 0.093s
2025-02-07 15:31:24.781 63394 INFO tempest.lib.common.rest_client [req-7ece61b8-c417-4e50-99f7-4c81fa5a1d43 req-7ece61b8-c417-4e50-99f7-4c81fa5a1d43 ] Request (ServerRescueNegativeTestJSON:setUpClass): 200 GET http://10.180.1.21/compute/v2.1/servers/58724e42-0b03-4b93-bea6-bd0d2a9cd345 0.167s
2025-02-07 15:31:24.788 63394 INFO tempest.common.waiters [-] State transition "BUILD/spawning" ==> "ACTIVE/None" after 86 second wait
2025-02-07 15:31:24.814 63398 INFO tempest.lib.common.rest_client [req-aa51e6b7-d7b5-4565-95ee-0b3f2353756b req-aa51e6b7-d7b5-4565-95ee-0b3f2353756b ] Request (MigrationsAdminTest:test_resize_server_revert_deleted_flavor): 200 GET http://10.180.1.21/compute/v2.1/servers/7752b521-eff7-457c-83c3-0c600eb38b69 0.106s
2025-02-07 15:31:24.839 63428 INFO tempest.lib.common.rest_client [req-bcd01235-6d3e-46b5-8eb0-d76e17f43656 req-bcd01235-6d3e-46b5-8eb0-d76e17f43656 ] Request (ServersNegativeTestMultiTenantJSON:setUpClass): 200 GET http://10.180.1.21/compute/v2.1/servers/f8e22148-e48a-420d-9545-ea6443a462de 0.058s
2025-02-07 15:31:24.892 63420 INFO tempest.lib.common.rest_client [req-900a348b-7f6f-4a5c-a2ec-a4401a1e8321 req-900a348b-7f6f-4a5c-a2ec-a4401a1e8321 ] Request (DeleteServersTestJSON:test_delete_server_while_in_attached_volume): 200 GET http://10.180.1.21/compute/v2.1/servers/233c9ab0-3c91-420b-a8df-f7560d1ba7c7 0.104s
2025-02-07 15:31:24.912 63394 INFO tempest.lib.common.rest_client [req-02c77eaa-19f5-459e-b77b-5bfa0b76098b req-02c77eaa-19f5-459e-b77b-5bfa0b76098b ] Request (ServerRescueNegativeTestJSON:setUpClass): 200 POST http://10.180.1.21/compute/v2.1/servers/58724e42-0b03-4b93-bea6-bd0d2a9cd345/action 0.123s
2025-02-07 15:31:24.940 63410 INFO tempest.lib.common.rest_client [req-af4c0763-6d19-43e0-b264-1f4f5d0a065f req-af4c0763-6d19-43e0-b264-1f4f5d0a065f ] Request (AttachInterfacesTestJSON:test_create_list_show_delete_interfaces_by_fixed_ip): 200 GET http://10.180.1.21/compute/v2.1/servers/c8c7241a-1c88-4c14-a755-21f0873d80de 0.084s
2025-02-07 15:31:24.965 63402 INFO tempest.lib.common.rest_client [req-f7830fb9-0a9f-4d66-872c-3deb67d94dae req-f7830fb9-0a9f-4d66-872c-3deb67d94dae ] Request (ServersTestJSON:setUpClass): 200 GET http://10.180.1.21/compute/v2.1/servers/9370b479-8925-4e3c-8f1b-5cd4488f42f5 0.107s
2025-02-07 15:31:25.021 63388 INFO tempest.lib.common.rest_client [req-64b291b6-15b8-4f1c-8072-b337d5b67004 req-64b291b6-15b8-4f1c-8072-b337d5b67004 ] Request (SecurityGroupsTestJSON:test_server_security_groups): 200 GET http://10.180.1.21/compute/v2.1/servers/ac4c6ca5-cdb1-4603-8609-8e442cf534fd 0.044s
2025-02-07 15:31:25.037 63394 INFO tempest.lib.common.rest_client [req-d68b3495-55a6-4c40-9321-2da5d169ebbe req-d68b3495-55a6-4c40-9321-2da5d169ebbe ] Request (ServerRescueNegativeTestJSON:setUpClass): 200 GET http://10.180.1.21/compute/v2.1/servers/58724e42-0b03-4b93-bea6-bd0d2a9cd345 0.124s
2025-02-07 15:31:25.108 63424 INFO tempest.lib.common.rest_client [req-c8056c7a-813b-44e1-b361-d162c10bcc8a req-c8056c7a-813b-44e1-b361-d162c10bcc8a ] Request (FloatingIPsAssociationNegativeTestJSON:setUpClass): 200 GET http://10.180.1.21/compute/v2.1/servers/b200c9ec-0be1-40e7-8da7-525730c7931b 0.048s
2025-02-07 15:31:25.211 63416 INFO tempest.lib.common.rest_client [req-04da8e2a-66fe-49dc-b160-3c3cc519b4ce req-04da8e2a-66fe-49dc-b160-3c3cc519b4ce ] Request (ServersAdminNegativeTestJSON:tearDownClass): 200 GET http://10.180.1.21/compute/v2.1/servers/3a60618c-b48a-45e6-81be-44b26423799d 0.061s
2025-02-07 15:31:25.283 63430 INFO tempest.lib.common.rest_client [req-22f2b3bd-5a40-48b4-81e7-235b7a3c25ea req-22f2b3bd-5a40-48b4-81e7-235b7a3c25ea ] Request (ImagesTestJSON:test_create_image_from_stopped_server): 200 GET http://10.180.1.21/compute/v2.1/servers/53eb9ce7-3b4a-4b39-91b9-5e17928b2677 0.096s
2025-02-07 15:31:25.294 63438 INFO tempest.lib.common.rest_client [req-fafdd29b-fa06-4f0e-be26-202ef6a74d3a req-fafdd29b-fa06-4f0e-be26-202ef6a74d3a ] Request (ServersTestManualDisk:setUpClass): 200 GET http://10.180.1.21/compute/v2.1/servers/ebcfbf62-e067-4c9a-8272-0c01da189489 0.047s
2025-02-07 15:31:25.355 63380 INFO tempest.lib.common.rest_client [req-794c9573-df4a-4ae4-bd4e-ef75624b4bfe req-794c9573-df4a-4ae4-bd4e-ef75624b4bfe ] Request (ServersAdminTestJSON:test_create_server_with_scheduling_hint): 200 GET http://10.180.1.21/compute/v2.1/servers/124d9b8b-e705-4395-adc5-e326bcbec979 0.047s
2025-02-07 15:31:25.398 63384 INFO tempest.lib.common.rest_client [req-dc870e0f-edbb-4a3c-a8ef-53bb97abda9f req-dc870e0f-edbb-4a3c-a8ef-53bb97abda9f ] Request (ServersNegativeTestJSON:setUpClass): 200 GET http://10.180.1.21/compute/v2.1/servers/c1e19567-0fda-46c4-828d-b05bb9ce09cf 0.088s
2025-02-07 15:31:25.405 63384 INFO tempest.common.waiters [-] State transition "BUILD/None" ==> "BUILD/networking" after 73 second wait
2025-02-07 15:31:25.438 63382 INFO tempest.lib.common.rest_client [req-fec686e8-fb49-425d-98c9-8a9003b6d8c4 req-fec686e8-fb49-425d-98c9-8a9003b6d8c4 ] Request (ServersTestMultiNic:test_verify_duplicate_network_nics): 200 GET http://10.180.1.21/compute/v2.1/servers/74a76dd9-217c-4209-a7d3-01512114f82b 0.182s
2025-02-07 15:31:25.448 63440 INFO tempest.lib.common.rest_client [req-dd94524b-866d-4b7b-81f8-258a388f3e7f req-dd94524b-866d-4b7b-81f8-258a388f3e7f ] Request (InstanceActionsTestJSON:tearDownClass): 200 GET http://10.180.1.21/compute/v2.1/servers/2403c90a-52bd-4e10-9bea-f9e9c65325e2 0.078s
2025-02-07 15:31:25.482 63392 INFO tempest.lib.common.rest_client [req-12ba6eb7-c7dd-4626-8752-a744274abb19 req-12ba6eb7-c7dd-4626-8752-a744274abb19 ] Request (ServersTestJSON:test_create_server_specify_multibyte_character_name): 200 GET http://10.180.1.21/compute/v2.1/servers/1667b43d-f077-46d4-8c99-29c84a04854f 0.107s
2025-02-07 15:31:25.634 63408 INFO tempest.lib.common.rest_client [req-7c103480-1a47-407d-b9f1-b7059b9831e4 req-7c103480-1a47-407d-b9f1-b7059b9831e4 ] Request (ServerShowV247Test:tearDownClass): 200 GET http://10.180.1.21/compute/v2.1/servers/f13d696c-51ea-43c4-9376-f5894d71a376 0.056s
2025-02-07 15:31:25.641 63400 WARNING tempest.lib.common.ssh [-] Failed to establish authenticated ssh connection to cirros@10.180.180.156 ([Errno None] Unable to connect to port 22 on 10.180.180.156). Number attempts: 1. Retry after 2 seconds.: paramiko.ssh_exception.NoValidConnectionsError: [Errno None] Unable to connect to port 22 on 10.180.180.156
2025-02-07 15:31:25.672 63404 INFO tempest.lib.common.rest_client [req-68f7c617-4ff6-45bb-80dc-a7c56531028f req-68f7c617-4ff6-45bb-80dc-a7c56531028f ] Request (AttachInterfacesUnderV243Test:test_add_remove_fixed_ip): 200 GET http://10.180.1.21/compute/v2.1/servers/d05bd991-4bcc-4fec-9536-9220169fed55 0.045s
2025-02-07 15:31:25.729 63415 INFO tempest.lib.common.rest_client [req-315294f5-a9d6-4753-8db4-9bc8af7fc881 req-315294f5-a9d6-4753-8db4-9bc8af7fc881 ] Request (ServerDiskConfigTestJSON:test_rebuild_server_with_auto_disk_config): 200 GET http://10.180.1.21/compute/v2.1/servers/ce744ab1-3fc9-4c94-b1e2-fa6504a2f39a 0.048s
2025-02-07 15:31:25.771 63390 INFO tempest.lib.common.rest_client [req-4ef0a04e-acf9-4191-b867-3dc257d90108 req-4ef0a04e-acf9-4191-b867-3dc257d90108 ] Request (ImagesOneServerTestJSON:setUpClass): 200 GET http://10.180.1.21/compute/v2.1/servers/1a6d8f95-f62d-4d8c-86ec-28ec4cd07ce8 0.044s
2025-02-07 15:31:25.809 63386 INFO tempest.lib.common.rest_client [req-1263947a-9334-4cde-a4c7-4d3c489b0d75 req-1263947a-9334-4cde-a4c7-4d3c489b0d75 ] Request (ImagesOneServerNegativeTestJSON:_run_cleanups): 200 GET http://10.180.1.21/compute/v2.1/servers/15c9971e-9ecb-452d-a48c-4be8d00b1f64 0.044s
2025-02-07 15:31:25.880 63398 INFO tempest.lib.common.rest_client [req-c34ab563-5bfd-4b2b-95f6-3f4643b232ac req-c34ab563-5bfd-4b2b-95f6-3f4643b232ac ] Request (MigrationsAdminTest:test_resize_server_revert_deleted_flavor): 200 GET http://10.180.1.21/compute/v2.1/servers/7752b521-eff7-457c-83c3-0c600eb38b69 0.057s
2025-02-07 15:31:25.895 63428 INFO tempest.lib.common.rest_client [req-ae797fcb-5cde-4a22-9ff2-a064f9cd9eca req-ae797fcb-5cde-4a22-9ff2-a064f9cd9eca ] Request (ServersNegativeTestMultiTenantJSON:setUpClass): 200 GET http://10.180.1.21/compute/v2.1/servers/f8e22148-e48a-420d-9545-ea6443a462de 0.046s
2025-02-07 15:31:25.963 63420 INFO tempest.lib.common.rest_client [req-07bd6063-a2ba-45f2-8e56-c1e8bf6da758 req-07bd6063-a2ba-45f2-8e56-c1e8bf6da758 ] Request (DeleteServersTestJSON:test_delete_server_while_in_attached_volume): 200 GET http://10.180.1.21/compute/v2.1/servers/233c9ab0-3c91-420b-a8df-f7560d1ba7c7 0.063s
2025-02-07 15:31:26.010 63410 INFO tempest.lib.common.rest_client [req-5621ca58-df7d-4574-8de6-2b09830d25a2 req-5621ca58-df7d-4574-8de6-2b09830d25a2 ] Request (AttachInterfacesTestJSON:test_create_list_show_delete_interfaces_by_fixed_ip): 200 GET http://10.180.1.21/compute/v2.1/servers/c8c7241a-1c88-4c14-a755-21f0873d80de 0.059s
2025-02-07 15:31:26.082 63388 INFO tempest.lib.common.rest_client [req-31aefbba-dd6e-477a-9baf-b0987ecde8e4 req-31aefbba-dd6e-477a-9baf-b0987ecde8e4 ] Request (SecurityGroupsTestJSON:test_server_security_groups): 200 GET http://10.180.1.21/compute/v2.1/servers/ac4c6ca5-cdb1-4603-8609-8e442cf534fd 0.054s
2025-02-07 15:31:26.207 63402 INFO tempest.lib.common.rest_client [req-07110bc7-d660-4252-a0af-1d8d5f736c32 req-07110bc7-d660-4252-a0af-1d8d5f736c32 ] Request (ServersTestJSON:setUpClass): 200 GET http://10.180.1.21/compute/v2.1/servers/9370b479-8925-4e3c-8f1b-5cd4488f42f5 0.234s
2025-02-07 15:31:26.265 63394 INFO tempest.lib.common.rest_client [req-2fe6e259-25fa-41ce-b3e9-871715dcf4ad req-2fe6e259-25fa-41ce-b3e9-871715dcf4ad ] Request (ServerRescueNegativeTestJSON:setUpClass): 200 GET http://10.180.1.21/compute/v2.1/servers/58724e42-0b03-4b93-bea6-bd0d2a9cd345 0.218s
2025-02-07 15:31:26.295 63424 INFO tempest.lib.common.rest_client [req-ee830b56-d2fd-470b-bc08-155dc3de088e req-ee830b56-d2fd-470b-bc08-155dc3de088e ] Request (FloatingIPsAssociationNegativeTestJSON:setUpClass): 200 GET http://10.180.1.21/compute/v2.1/servers/b200c9ec-0be1-40e7-8da7-525730c7931b 0.179s
2025-02-07 15:31:26.337 63416 INFO tempest.lib.common.rest_client [req-b1e4cd9c-9ea1-442e-8b58-7823ed65c7a4 req-b1e4cd9c-9ea1-442e-8b58-7823ed65c7a4 ] Request (ServersAdminNegativeTestJSON:tearDownClass): 200 GET http://10.180.1.21/compute/v2.1/servers/3a60618c-b48a-45e6-81be-44b26423799d 0.118s
2025-02-07 15:31:26.391 63438 INFO tempest.lib.common.rest_client [req-096e7c5c-d52e-4f90-9b9e-5db60dfd2955 req-096e7c5c-d52e-4f90-9b9e-5db60dfd2955 ] Request (ServersTestManualDisk:setUpClass): 200 GET http://10.180.1.21/compute/v2.1/servers/ebcfbf62-e067-4c9a-8272-0c01da189489 0.090s
2025-02-07 15:31:26.438 63380 INFO tempest.lib.common.rest_client [req-bff709e9-0e50-4228-945a-b679a8c86d59 req-bff709e9-0e50-4228-945a-b679a8c86d59 ] Request (ServersAdminTestJSON:test_create_server_with_scheduling_hint): 200 GET http://10.180.1.21/compute/v2.1/servers/124d9b8b-e705-4395-adc5-e326bcbec979 0.075s
2025-02-07 15:31:26.482 63430 INFO tempest.lib.common.rest_client [req-edf26697-2253-4b9c-a778-8193692c8fcf req-edf26697-2253-4b9c-a778-8193692c8fcf ] Request (ImagesTestJSON:test_create_image_from_stopped_server): 200 GET http://10.180.1.21/compute/v2.1/servers/53eb9ce7-3b4a-4b39-91b9-5e17928b2677 0.190s
2025-02-07 15:31:26.489 63384 INFO tempest.lib.common.rest_client [req-f54a535d-45a0-4b51-840e-fb978b27e364 req-f54a535d-45a0-4b51-840e-fb978b27e364 ] Request (ServersNegativeTestJSON:setUpClass): 200 GET http://10.180.1.21/compute/v2.1/servers/c1e19567-0fda-46c4-828d-b05bb9ce09cf 0.080s
2025-02-07 15:31:26.504 63384 INFO tempest.common.waiters [-] State transition "BUILD/networking" ==> "BUILD/block_device_mapping" after 74 second wait
2025-02-07 15:31:26.546 63440 INFO tempest.lib.common.rest_client [req-d4351135-3d2a-4164-b85d-2151125b3a10 req-d4351135-3d2a-4164-b85d-2151125b3a10 ] Request (InstanceActionsTestJSON:tearDownClass): 200 GET http://10.180.1.21/compute/v2.1/servers/2403c90a-52bd-4e10-9bea-f9e9c65325e2 0.089s
2025-02-07 15:31:26.601 63392 INFO tempest.lib.common.rest_client [req-1edbbef5-c185-4ac3-850e-08b40d031cc2 req-1edbbef5-c185-4ac3-850e-08b40d031cc2 ] Request (ServersTestJSON:test_create_server_specify_multibyte_character_name): 200 GET http://10.180.1.21/compute/v2.1/servers/1667b43d-f077-46d4-8c99-29c84a04854f 0.109s
2025-02-07 15:31:26.639 63382 INFO tempest.lib.common.rest_client [req-fa17903c-d43a-4d98-bbfd-36a380433619 req-fa17903c-d43a-4d98-bbfd-36a380433619 ] Request (ServersTestMultiNic:test_verify_duplicate_network_nics): 200 GET http://10.180.1.21/compute/v2.1/servers/74a76dd9-217c-4209-a7d3-01512114f82b 0.193s
2025-02-07 15:31:26.710 63408 INFO tempest.lib.common.rest_client [req-a431f660-5692-49d7-93cb-938448e3c790 req-a431f660-5692-49d7-93cb-938448e3c790 ] Request (ServerShowV247Test:tearDownClass): 200 GET http://10.180.1.21/compute/v2.1/servers/f13d696c-51ea-43c4-9376-f5894d71a376 0.067s
2025-02-07 15:31:26.742 63404 INFO tempest.lib.common.rest_client [req-6ef6a99d-ffc5-43b0-839c-3b423baaadb1 req-6ef6a99d-ffc5-43b0-839c-3b423baaadb1 ] Request (AttachInterfacesUnderV243Test:test_add_remove_fixed_ip): 200 GET http://10.180.1.21/compute/v2.1/servers/d05bd991-4bcc-4fec-9536-9220169fed55 0.062s
2025-02-07 15:31:26.789 63415 INFO tempest.lib.common.rest_client [req-fae68f85-734f-4521-924a-7394d22e2e90 req-fae68f85-734f-4521-924a-7394d22e2e90 ] Request (ServerDiskConfigTestJSON:test_rebuild_server_with_auto_disk_config): 200 GET http://10.180.1.21/compute/v2.1/servers/ce744ab1-3fc9-4c94-b1e2-fa6504a2f39a 0.053s
2025-02-07 15:31:26.837 63390 INFO tempest.lib.common.rest_client [req-e4e6f11c-6085-4f95-b15e-812066fdee20 req-e4e6f11c-6085-4f95-b15e-812066fdee20 ] Request (ImagesOneServerTestJSON:setUpClass): 200 GET http://10.180.1.21/compute/v2.1/servers/1a6d8f95-f62d-4d8c-86ec-28ec4cd07ce8 0.058s
2025-02-07 15:31:26.883 63386 INFO tempest.lib.common.rest_client [req-2d295839-4f31-4c5a-b705-12b1703f2907 req-2d295839-4f31-4c5a-b705-12b1703f2907 ] Request (ImagesOneServerNegativeTestJSON:_run_cleanups): 200 GET http://10.180.1.21/compute/v2.1/servers/15c9971e-9ecb-452d-a48c-4be8d00b1f64 0.066s
2025-02-07 15:31:26.917 63412 WARNING tempest.lib.common.ssh [-] Failed to establish authenticated ssh connection to cirros@10.180.180.197 ([Errno None] Unable to connect to port 22 on 10.180.180.197). Number attempts: 3. Retry after 4 seconds.: paramiko.ssh_exception.NoValidConnectionsError: [Errno None] Unable to connect to port 22 on 10.180.180.197
2025-02-07 15:31:26.950 63398 INFO tempest.lib.common.rest_client [req-a2e28ace-a4ef-4fbb-9053-f4f12985981b req-a2e28ace-a4ef-4fbb-9053-f4f12985981b ] Request (MigrationsAdminTest:test_resize_server_revert_deleted_flavor): 200 GET http://10.180.1.21/compute/v2.1/servers/7752b521-eff7-457c-83c3-0c600eb38b69 0.059s
2025-02-07 15:31:26.958 63428 INFO tempest.lib.common.rest_client [req-d196c7e0-62c6-4b89-b9b5-2bf3f0356718 req-d196c7e0-62c6-4b89-b9b5-2bf3f0356718 ] Request (ServersNegativeTestMultiTenantJSON:setUpClass): 200 GET http://10.180.1.21/compute/v2.1/servers/f8e22148-e48a-420d-9545-ea6443a462de 0.055s
2025-02-07 15:31:27.022 63420 INFO tempest.lib.common.rest_client [req-edc71f43-2615-4263-b351-6aea0ddaa4d9 req-edc71f43-2615-4263-b351-6aea0ddaa4d9 ] Request (DeleteServersTestJSON:test_delete_server_while_in_attached_volume): 200 GET http://10.180.1.21/compute/v2.1/servers/233c9ab0-3c91-420b-a8df-f7560d1ba7c7 0.049s
2025-02-07 15:31:27.030 63420 INFO tempest.common.waiters [-] State transition "BUILD/scheduling" ==> "BUILD/None" after 53 second wait
2025-02-07 15:31:27.078 63410 INFO tempest.lib.common.rest_client [req-ef17a5a3-770b-43f5-a29f-8c447d412e14 req-ef17a5a3-770b-43f5-a29f-8c447d412e14 ] Request (AttachInterfacesTestJSON:test_create_list_show_delete_interfaces_by_fixed_ip): 200 GET http://10.180.1.21/compute/v2.1/servers/c8c7241a-1c88-4c14-a755-21f0873d80de 0.060s
2025-02-07 15:31:27.144 63388 INFO tempest.lib.common.rest_client [req-60ee084c-c719-45a4-9d1e-efc101b86f5b req-60ee084c-c719-45a4-9d1e-efc101b86f5b ] Request (SecurityGroupsTestJSON:test_server_security_groups): 200 GET http://10.180.1.21/compute/v2.1/servers/ac4c6ca5-cdb1-4603-8609-8e442cf534fd 0.053s
2025-02-07 15:31:27.266 63402 INFO tempest.lib.common.rest_client [req-895ed0cb-8a3e-4211-a372-a3a679ae4779 req-895ed0cb-8a3e-4211-a372-a3a679ae4779 ] Request (ServersTestJSON:setUpClass): 200 GET http://10.180.1.21/compute/v2.1/servers/9370b479-8925-4e3c-8f1b-5cd4488f42f5 0.050s
2025-02-07 15:31:27.353 63424 INFO tempest.lib.common.rest_client [req-4fea8238-84d1-4c4f-ac06-2d392a9224b7 req-4fea8238-84d1-4c4f-ac06-2d392a9224b7 ] Request (FloatingIPsAssociationNegativeTestJSON:setUpClass): 200 GET http://10.180.1.21/compute/v2.1/servers/b200c9ec-0be1-40e7-8da7-525730c7931b 0.047s
2025-02-07 15:31:27.364 63394 INFO tempest.lib.common.rest_client [req-43e535a9-0c28-4e3f-869f-21e9dcaa885a req-43e535a9-0c28-4e3f-869f-21e9dcaa885a ] Request (ServerRescueNegativeTestJSON:setUpClass): 200 GET http://10.180.1.21/compute/v2.1/servers/58724e42-0b03-4b93-bea6-bd0d2a9cd345 0.092s
2025-02-07 15:31:27.406 63416 INFO tempest.lib.common.rest_client [req-d0e635d1-12f3-4cab-8a59-5021ca63d0dd req-d0e635d1-12f3-4cab-8a59-5021ca63d0dd ] Request (ServersAdminNegativeTestJSON:tearDownClass): 200 GET http://10.180.1.21/compute/v2.1/servers/3a60618c-b48a-45e6-81be-44b26423799d 0.058s
2025-02-07 15:31:27.454 63438 INFO tempest.lib.common.rest_client [req-09c3154a-547b-4213-945f-c86455f4845e req-09c3154a-547b-4213-945f-c86455f4845e ] Request (ServersTestManualDisk:setUpClass): 200 GET http://10.180.1.21/compute/v2.1/servers/ebcfbf62-e067-4c9a-8272-0c01da189489 0.048s
2025-02-07 15:31:27.492 63380 INFO tempest.lib.common.rest_client [req-8dc508b1-3491-46b6-ad2a-0e42322ae1d2 req-8dc508b1-3491-46b6-ad2a-0e42322ae1d2 ] Request (ServersAdminTestJSON:test_create_server_with_scheduling_hint): 200 GET http://10.180.1.21/compute/v2.1/servers/124d9b8b-e705-4395-adc5-e326bcbec979 0.046s
2025-02-07 15:31:27.605 63430 INFO tempest.lib.common.rest_client [req-42845dc8-0bb4-4302-b2fa-8dad342cd587 req-42845dc8-0bb4-4302-b2fa-8dad342cd587 ] Request (ImagesTestJSON:test_create_image_from_stopped_server): 200 GET http://10.180.1.21/compute/v2.1/servers/53eb9ce7-3b4a-4b39-91b9-5e17928b2677 0.115s
2025-02-07 15:31:27.613 63430 INFO tempest.common.waiters [-] State transition "BUILD/spawning" ==> "ACTIVE/None" after 80 second wait
2025-02-07 15:31:27.618 63384 INFO tempest.lib.common.rest_client [req-d51b6055-c1ae-4cd9-8483-d4402c19d542 req-d51b6055-c1ae-4cd9-8483-d4402c19d542 ] Request (ServersNegativeTestJSON:setUpClass): 200 GET http://10.180.1.21/compute/v2.1/servers/c1e19567-0fda-46c4-828d-b05bb9ce09cf 0.114s
2025-02-07 15:31:27.625 63384 INFO tempest.common.waiters [-] State transition "BUILD/block_device_mapping" ==> "BUILD/spawning" after 75 second wait
2025-02-07 15:31:27.658 63440 INFO tempest.lib.common.rest_client [req-7259a17b-f810-447a-8b3d-398e0466a37c req-7259a17b-f810-447a-8b3d-398e0466a37c ] Request (InstanceActionsTestJSON:tearDownClass): 200 GET http://10.180.1.21/compute/v2.1/servers/2403c90a-52bd-4e10-9bea-f9e9c65325e2 0.101s
2025-02-07 15:31:27.664 63392 INFO tempest.lib.common.rest_client [req-904a74eb-8e51-431e-be3f-4996a8361601 req-904a74eb-8e51-431e-be3f-4996a8361601 ] Request (ServersTestJSON:test_create_server_specify_multibyte_character_name): 200 GET http://10.180.1.21/compute/v2.1/servers/1667b43d-f077-46d4-8c99-29c84a04854f 0.051s
2025-02-07 15:31:27.730 63430 INFO tempest.lib.common.rest_client [req-b6e781b4-7725-4eac-b5e6-b5de6b55e999 req-b6e781b4-7725-4eac-b5e6-b5de6b55e999 ] Request (ImagesTestJSON:test_create_image_from_stopped_server): 202 POST http://10.180.1.21/compute/v2.1/servers/53eb9ce7-3b4a-4b39-91b9-5e17928b2677/action 0.117s
2025-02-07 15:31:27.750 63432 WARNING tempest.lib.common.ssh [-] Failed to establish authenticated ssh connection to cirros@10.180.180.220 ([Errno None] Unable to connect to port 22 on 10.180.180.220). Number attempts: 5. Retry after 6 seconds.: paramiko.ssh_exception.NoValidConnectionsError: [Errno None] Unable to connect to port 22 on 10.180.180.220
2025-02-07 15:31:27.789 63408 INFO tempest.lib.common.rest_client [req-15449741-bde0-4cc5-a4f1-ba69270d9d71 req-15449741-bde0-4cc5-a4f1-ba69270d9d71 ] Request (ServerShowV247Test:tearDownClass): 200 GET http://10.180.1.21/compute/v2.1/servers/f13d696c-51ea-43c4-9376-f5894d71a376 0.068s
2025-02-07 15:31:27.822 63382 INFO tempest.lib.common.rest_client [req-062e8838-4576-4c76-86fc-146a9a0e8228 req-062e8838-4576-4c76-86fc-146a9a0e8228 ] Request (ServersTestMultiNic:test_verify_duplicate_network_nics): 200 GET http://10.180.1.21/compute/v2.1/servers/74a76dd9-217c-4209-a7d3-01512114f82b 0.175s
2025-02-07 15:31:27.873 63404 INFO tempest.lib.common.rest_client [req-d0607b47-a8b9-4cb0-8dc0-d788a2b49af3 req-d0607b47-a8b9-4cb0-8dc0-d788a2b49af3 ] Request (AttachInterfacesUnderV243Test:test_add_remove_fixed_ip): 200 GET http://10.180.1.21/compute/v2.1/servers/d05bd991-4bcc-4fec-9536-9220169fed55 0.119s
2025-02-07 15:31:27.882 63430 INFO tempest.lib.common.rest_client [req-c585cbdb-bda3-4937-b295-0ed4b68b5322 req-c585cbdb-bda3-4937-b295-0ed4b68b5322 ] Request (ImagesTestJSON:test_create_image_from_stopped_server): 200 GET http://10.180.1.21/compute/v2.1/servers/53eb9ce7-3b4a-4b39-91b9-5e17928b2677 0.151s
2025-02-07 15:31:27.928 63390 INFO tempest.lib.common.rest_client [req-a854a982-5fd2-4e94-ab1c-4f9f8e746369 req-a854a982-5fd2-4e94-ab1c-4f9f8e746369 ] Request (ImagesOneServerTestJSON:setUpClass): 200 GET http://10.180.1.21/compute/v2.1/servers/1a6d8f95-f62d-4d8c-86ec-28ec4cd07ce8 0.080s
2025-02-07 15:31:27.928 63415 INFO tempest.lib.common.rest_client [req-f4b57e66-8785-42a1-91af-b3039d017a9d req-f4b57e66-8785-42a1-91af-b3039d017a9d ] Request (ServerDiskConfigTestJSON:test_rebuild_server_with_auto_disk_config): 200 GET http://10.180.1.21/compute/v2.1/servers/ce744ab1-3fc9-4c94-b1e2-fa6504a2f39a 0.129s
2025-02-07 15:31:27.981 63386 INFO tempest.lib.common.rest_client [req-b935983f-b5c6-400f-9ebb-ae1daeb5f890 req-b935983f-b5c6-400f-9ebb-ae1daeb5f890 ] Request (ImagesOneServerNegativeTestJSON:_run_cleanups): 200 GET http://10.180.1.21/compute/v2.1/servers/15c9971e-9ecb-452d-a48c-4be8d00b1f64 0.087s
2025-02-07 15:31:28.004 63398 INFO tempest.lib.common.rest_client [req-14d419a3-dd51-4e4a-b2b8-b820bdb03dd3 req-14d419a3-dd51-4e4a-b2b8-b820bdb03dd3 ] Request (MigrationsAdminTest:test_resize_server_revert_deleted_flavor): 200 GET http://10.180.1.21/compute/v2.1/servers/7752b521-eff7-457c-83c3-0c600eb38b69 0.047s
2025-02-07 15:31:28.029 63428 INFO tempest.lib.common.rest_client [req-893af5cc-906b-4179-bd39-4b97c09ddd91 req-893af5cc-906b-4179-bd39-4b97c09ddd91 ] Request (ServersNegativeTestMultiTenantJSON:setUpClass): 200 GET http://10.180.1.21/compute/v2.1/servers/f8e22148-e48a-420d-9545-ea6443a462de 0.063s
2025-02-07 15:31:28.082 63420 INFO tempest.lib.common.rest_client [req-5e278bb6-0fbf-426d-9a4b-a68c8a148b27 req-5e278bb6-0fbf-426d-9a4b-a68c8a148b27 ] Request (DeleteServersTestJSON:test_delete_server_while_in_attached_volume): 200 GET http://10.180.1.21/compute/v2.1/servers/233c9ab0-3c91-420b-a8df-f7560d1ba7c7 0.051s
2025-02-07 15:31:28.141 63410 INFO tempest.lib.common.rest_client [req-517dc783-fd64-4ae1-bfcd-6f36dc3b25ef req-517dc783-fd64-4ae1-bfcd-6f36dc3b25ef ] Request (AttachInterfacesTestJSON:test_create_list_show_delete_interfaces_by_fixed_ip): 200 GET http://10.180.1.21/compute/v2.1/servers/c8c7241a-1c88-4c14-a755-21f0873d80de 0.056s
2025-02-07 15:31:28.203 63388 INFO tempest.lib.common.rest_client [req-0ec6c4bb-758e-41df-8d3e-3e8d77bf754b req-0ec6c4bb-758e-41df-8d3e-3e8d77bf754b ] Request (SecurityGroupsTestJSON:test_server_security_groups): 200 GET http://10.180.1.21/compute/v2.1/servers/ac4c6ca5-cdb1-4603-8609-8e442cf534fd 0.051s
2025-02-07 15:31:28.326 63402 INFO tempest.lib.common.rest_client [req-70865c4c-46f0-4c86-b5f3-103ef9cf4da1 req-70865c4c-46f0-4c86-b5f3-103ef9cf4da1 ] Request (ServersTestJSON:setUpClass): 200 GET http://10.180.1.21/compute/v2.1/servers/9370b479-8925-4e3c-8f1b-5cd4488f42f5 0.051s
2025-02-07 15:31:28.415 63424 INFO tempest.lib.common.rest_client [req-06f0a09d-c2c2-4126-a7da-afa257d42666 req-06f0a09d-c2c2-4126-a7da-afa257d42666 ] Request (FloatingIPsAssociationNegativeTestJSON:setUpClass): 200 GET http://10.180.1.21/compute/v2.1/servers/b200c9ec-0be1-40e7-8da7-525730c7931b 0.054s
2025-02-07 15:31:28.421 63424 INFO tempest.common.waiters [-] State transition "BUILD/None" ==> "BUILD/networking" after 73 second wait
2025-02-07 15:31:28.475 63416 INFO tempest.lib.common.rest_client [req-a0f4aab3-b5c6-48dd-8998-89b614efdc72 req-a0f4aab3-b5c6-48dd-8998-89b614efdc72 ] Request (ServersAdminNegativeTestJSON:tearDownClass): 200 GET http://10.180.1.21/compute/v2.1/servers/3a60618c-b48a-45e6-81be-44b26423799d 0.060s
2025-02-07 15:31:28.516 63394 INFO tempest.lib.common.rest_client [req-283f6886-53c2-4ccb-8571-7c68c4f4d091 req-283f6886-53c2-4ccb-8571-7c68c4f4d091 ] Request (ServerRescueNegativeTestJSON:setUpClass): 200 GET http://10.180.1.21/compute/v2.1/servers/58724e42-0b03-4b93-bea6-bd0d2a9cd345 0.144s
2025-02-07 15:31:28.520 63438 INFO tempest.lib.common.rest_client [req-2ca8af9a-2bf5-4d16-9566-47bee727e723 req-2ca8af9a-2bf5-4d16-9566-47bee727e723 ] Request (ServersTestManualDisk:setUpClass): 200 GET http://10.180.1.21/compute/v2.1/servers/ebcfbf62-e067-4c9a-8272-0c01da189489 0.056s
2025-02-07 15:31:28.557 63380 INFO tempest.lib.common.rest_client [req-110f2c92-8442-41bf-afa7-e96176048ddc req-110f2c92-8442-41bf-afa7-e96176048ddc ] Request (ServersAdminTestJSON:test_create_server_with_scheduling_hint): 200 GET http://10.180.1.21/compute/v2.1/servers/124d9b8b-e705-4395-adc5-e326bcbec979 0.058s
2025-02-07 15:31:28.709 63400 WARNING tempest.lib.common.ssh [-] Failed to establish authenticated ssh connection to cirros@10.180.180.156 ([Errno None] Unable to connect to port 22 on 10.180.180.156). Number attempts: 2. Retry after 3 seconds.: paramiko.ssh_exception.NoValidConnectionsError: [Errno None] Unable to connect to port 22 on 10.180.180.156
2025-02-07 15:31:28.732 63440 INFO tempest.lib.common.rest_client [req-833737ac-6ed6-4541-9b87-663c7eb0dcf4 req-833737ac-6ed6-4541-9b87-663c7eb0dcf4 ] Request (InstanceActionsTestJSON:tearDownClass): 200 GET http://10.180.1.21/compute/v2.1/servers/2403c90a-52bd-4e10-9bea-f9e9c65325e2 0.066s
2025-02-07 15:31:28.770 63384 INFO tempest.lib.common.rest_client [req-3bc18b7d-df28-4c08-9670-7eaf049df690 req-3bc18b7d-df28-4c08-9670-7eaf049df690 ] Request (ServersNegativeTestJSON:setUpClass): 200 GET http://10.180.1.21/compute/v2.1/servers/c1e19567-0fda-46c4-828d-b05bb9ce09cf 0.144s
2025-02-07 15:31:28.791 63392 INFO tempest.lib.common.rest_client [req-22a91573-8500-4426-a584-db44beaf7e6b req-22a91573-8500-4426-a584-db44beaf7e6b ] Request (ServersTestJSON:test_create_server_specify_multibyte_character_name): 200 GET http://10.180.1.21/compute/v2.1/servers/1667b43d-f077-46d4-8c99-29c84a04854f 0.118s
2025-02-07 15:31:28.872 63408 INFO tempest.lib.common.rest_client [req-3f7c6dc4-d302-40f3-b09a-09645711c0af req-3f7c6dc4-d302-40f3-b09a-09645711c0af ] Request (ServerShowV247Test:tearDownClass): 200 GET http://10.180.1.21/compute/v2.1/servers/f13d696c-51ea-43c4-9376-f5894d71a376 0.074s
2025-02-07 15:31:28.901 63426 WARNING tempest.lib.common.ssh [-] Failed to establish authenticated ssh connection to cirros@10.180.180.181 ([Errno None] Unable to connect to port 22 on 10.180.180.181). Number attempts: 10. Retry after 11 seconds.: paramiko.ssh_exception.NoValidConnectionsError: [Errno None] Unable to connect to port 22 on 10.180.180.181
2025-02-07 15:31:28.942 63404 INFO tempest.lib.common.rest_client [req-896152ae-7b6b-4559-a14f-17aba90f6328 req-896152ae-7b6b-4559-a14f-17aba90f6328 ] Request (AttachInterfacesUnderV243Test:test_add_remove_fixed_ip): 200 GET http://10.180.1.21/compute/v2.1/servers/d05bd991-4bcc-4fec-9536-9220169fed55 0.053s
2025-02-07 15:31:28.990 63382 INFO tempest.lib.common.rest_client [req-d1f221ff-9e7c-49aa-abd3-dc3164e5e58e req-d1f221ff-9e7c-49aa-abd3-dc3164e5e58e ] Request (ServersTestMultiNic:test_verify_duplicate_network_nics): 200 GET http://10.180.1.21/compute/v2.1/servers/74a76dd9-217c-4209-a7d3-01512114f82b 0.160s
2025-02-07 15:31:29.053 63415 INFO tempest.lib.common.rest_client [req-0b5965a5-854d-470c-b450-5231edbb8952 req-0b5965a5-854d-470c-b450-5231edbb8952 ] Request (ServerDiskConfigTestJSON:test_rebuild_server_with_auto_disk_config): 200 GET http://10.180.1.21/compute/v2.1/servers/ce744ab1-3fc9-4c94-b1e2-fa6504a2f39a 0.117s
