2025-02-07 15:30:25.433 63394 INFO tempest.lib.common.rest_client [req-8ae9ad07-b936-41dc-81e8-04ca5630f4b9 req-8ae9ad07-b936-41dc-81e8-04ca5630f4b9 ] Request (ServerRescueNegativeTestJSON:setUpClass): 200 GET http://10.180.1.21/compute/v2.1/servers/58724e42-0b03-4b93-bea6-bd0d2a9cd345 0.047s
2025-02-07 15:30:25.496 63415 INFO tempest.lib.common.rest_client [req-6c12b936-ed9e-4a2c-bb9e-509525cc5451 req-6c12b936-ed9e-4a2c-bb9e-509525cc5451 ] Request (ServerDiskConfigTestJSON:test_rebuild_server_with_auto_disk_config): 200 GET http://10.180.1.21/compute/v2.1/servers/ce744ab1-3fc9-4c94-b1e2-fa6504a2f39a 0.052s
2025-02-07 15:30:25.675 63434 INFO tempest.lib.common.rest_client [req-07072a28-ee44-44b7-8db2-0712af6ce64e req-07072a28-ee44-44b7-8db2-0712af6ce64e ] Request (ServerAddressesTestJSON:setUpClass): 200 GET http://10.180.1.21/compute/v2.1/servers/2c1a9917-d772-48fd-a87d-29b6b0750681 0.118s
2025-02-07 15:30:25.725 63386 INFO tempest.lib.common.rest_client [req-2b114894-0f51-41ad-a272-bf49d844c1fe req-2b114894-0f51-41ad-a272-bf49d844c1fe ] Request (ImagesOneServerNegativeTestJSON:setUpClass): 200 GET http://10.180.1.21/compute/v2.1/servers/3dfbcac5-f18f-430c-92f1-72351dcd0af9 0.137s
2025-02-07 15:30:25.734 63410 INFO tempest.lib.common.rest_client [req-975d4899-b7da-4b70-932b-de79ede0a7d1 req-975d4899-b7da-4b70-932b-de79ede0a7d1 ] Request (AttachInterfacesTestJSON:test_create_list_show_delete_interfaces_by_fixed_ip): 200 GET http://10.180.1.21/compute/v2.1/servers/c8c7241a-1c88-4c14-a755-21f0873d80de 0.104s
2025-02-07 15:30:25.781 63408 INFO tempest.lib.common.rest_client [req-e336d5b1-b2e2-4517-a874-fbc06a563f49 req-e336d5b1-b2e2-4517-a874-fbc06a563f49 ] Request (ServerShowV247Test:test_update_rebuild_list_server): 200 GET http://10.180.1.21/compute/v2.1/servers/f13d696c-51ea-43c4-9376-f5894d71a376 0.085s
2025-02-07 15:30:25.781 63438 INFO tempest.lib.common.rest_client [req-998c12fb-d23e-4cc2-b4ee-2c1005768ffa req-998c12fb-d23e-4cc2-b4ee-2c1005768ffa ] Request (TenantUsagesTestJSON:tearDownClass): 200 GET http://10.180.1.21/compute/v2.1/servers/8496f944-119f-410e-be42-346e65918141 0.142s
2025-02-07 15:30:25.792 63392 INFO tempest.lib.common.rest_client [req-439eb4da-47a2-4ed8-aa34-5a4b3af58782 req-439eb4da-47a2-4ed8-aa34-5a4b3af58782 ] Request (ServersTestJSON:setUpClass): 200 PUT http://10.180.1.21:9696/networking/v2.0/routers/1c4edeeb-e070-4c97-bb2e-e4e6d1f53e85/add_router_interface 0.952s
2025-02-07 15:30:25.793 63392 INFO tempest.lib.common.dynamic_creds [-] Created isolated network resources for: credentials: Credentials: {'domain_id': 'default', 'domain_name': 'Default', 'username': 'tempest-ServersTestJSON-59518977-project-member', 'project_domain_id': 'default', 'project_domain_name': 'Default', 'project_id': 'fc8984eb2bb64ba8bc2b59fce5eb8ecb', 'project_name': 'tempest-ServersTestJSON-59518977', 'tenant_id': 'fc8984eb2bb64ba8bc2b59fce5eb8ecb', 'tenant_name': 'tempest-ServersTestJSON-59518977', 'user_domain_id': 'default', 'user_domain_name': 'Default', 'user_id': 'a29e78f3a322475b9395723f60fbe4b7', 'system': None}, Network: {'id': '5590976d-18ec-48e6-a2e5-8b435efd6ebf', 'name': 'tempest-ServersTestJSON-618757749-network', 'tenant_id': 'fc8984eb2bb64ba8bc2b59fce5eb8ecb', 'admin_state_up': True, 'mtu': 8950, 'status': 'ACTIVE', 'subnets': [], 'shared': False, 'project_id': 'fc8984eb2bb64ba8bc2b59fce5eb8ecb', 'port_security_enabled': True, 'router:external': False, 'provider:network_type': 'vlan', 'provider:physical_network': 'default', 'provider:segmentation_id': 450, 'availability_zone_hints': [], 'availability_zones': [], 'ipv4_address_scope': None, 'ipv6_address_scope': None, 'description': '', 'tags': [], 'created_at': '2025-02-07T15:30:23Z', 'updated_at': '2025-02-07T15:30:23Z', 'revision_number': 1}, Subnet: {'id': '3635be04-37b7-4df3-b8ad-abd5c10b4915', 'name': 'tempest-ServersTestJSON-618757749-subnet', 'tenant_id': 'fc8984eb2bb64ba8bc2b59fce5eb8ecb', 'network_id': '5590976d-18ec-48e6-a2e5-8b435efd6ebf', 'ip_version': 4, 'subnetpool_id': None, 'enable_dhcp': True, 'ipv6_ra_mode': None, 'ipv6_address_mode': None, 'gateway_ip': '192.168.128.1', 'cidr': '192.168.128.0/28', 'allocation_pools': [{'start': '192.168.128.2', 'end': '192.168.128.14'}], 'host_routes': [], 'dns_nameservers': [], 'description': '', 'router:external': False, 'service_types': [], 'tags': [], 'created_at': '2025-02-07T15:30:23Z', 'updated_at': '2025-02-07T15:30:23Z', 'revision_number': 0, 'project_id': 'fc8984eb2bb64ba8bc2b59fce5eb8ecb'}, Router: {'id': '1c4edeeb-e070-4c97-bb2e-e4e6d1f53e85', 'name': 'tempest-ServersTestJSON-618757749-router', 'tenant_id': 'fc8984eb2bb64ba8bc2b59fce5eb8ecb', 'admin_state_up': True, 'status': 'ACTIVE', 'external_gateway_info': {'network_id': 'eedb3a6f-90b3-458f-80c6-5b928bd21eb9', 'external_fixed_ips': [{'subnet_id': 'eb2c448f-8350-41ff-a956-3e4099a4dc21', 'ip_address': '10.180.180.164'}], 'enable_snat': True}, 'description': '', 'availability_zones': [], 'distributed': False, 'ha': False, 'availability_zone_hints': [], 'routes': [], 'flavor_id': None, 'tags': [], 'created_at': '2025-02-07T15:30:23Z', 'updated_at': '2025-02-07T15:30:24Z', 'revision_number': 2, 'project_id': 'fc8984eb2bb64ba8bc2b59fce5eb8ecb'}
2025-02-07 15:30:25.835 63440 INFO tempest.lib.common.rest_client [req-7a9d6e6d-3ff8-4ac1-ae96-edbe3d065f6e req-7a9d6e6d-3ff8-4ac1-ae96-edbe3d065f6e ] Request (InstanceActionsTestJSON:setUpClass): 200 GET http://10.180.1.21/compute/v2.1/servers/2403c90a-52bd-4e10-9bea-f9e9c65325e2 0.069s
2025-02-07 15:30:25.835 63424 INFO tempest.lib.common.rest_client [req-a544d24c-5794-4829-8555-3e4e6ea26669 req-a544d24c-5794-4829-8555-3e4e6ea26669 ] Request (FloatingIPsAssociationNegativeTestJSON:setUpClass): 200 GET http://10.180.1.21/compute/v2.1/servers/b200c9ec-0be1-40e7-8da7-525730c7931b 0.127s
2025-02-07 15:30:25.875 63392 INFO tempest.lib.common.rest_client [req-184f5a74-bf57-40f8-9bd5-6bf9568e135a req-184f5a74-bf57-40f8-9bd5-6bf9568e135a ] Request (ServersTestJSON:setUpClass): 201 POST http://10.180.1.21/identity/v3/auth/tokens 0.079s
2025-02-07 15:30:25.889 63412 INFO tempest.lib.common.rest_client [req-3f8a3cf6-dc04-4f48-bc05-ca9ea63d9c5a req-3f8a3cf6-dc04-4f48-bc05-ca9ea63d9c5a ] Request (ServerActionsTestJSON:setUpClass): 200 GET http://10.180.1.21/compute/v2.1/servers/1cc95b13-67d6-4dac-b8b6-7de3dff065a6 0.062s
2025-02-07 15:30:25.898 63392 INFO tempest.lib.common.rest_client [req-3c472194-fdce-4e88-b6d5-5dde3801a195 req-3c472194-fdce-4e88-b6d5-5dde3801a195 ] Request (ServersTestJSON:setUpClass): 200 GET http://10.180.1.21/identity/v3/projects/fc8984eb2bb64ba8bc2b59fce5eb8ecb 0.022s
2025-02-07 15:30:25.898 63392 INFO tempest.lib.common.dynamic_creds [-] Using the existing project fc8984eb2bb64ba8bc2b59fce5eb8ecb for scope project and roles: ['reader']
2025-02-07 15:30:25.933 63392 INFO tempest.lib.common.rest_client [req-d926e218-f333-49c2-b02b-8c7572cad4b5 req-d926e218-f333-49c2-b02b-8c7572cad4b5 ] Request (ServersTestJSON:setUpClass): 201 POST http://10.180.1.21/identity/v3/users 0.035s
2025-02-07 15:30:25.954 63388 INFO tempest.lib.common.rest_client [req-5e080776-c7e4-4d54-aa95-6ba65aea7454 req-5e080776-c7e4-4d54-aa95-6ba65aea7454 ] Request (SecurityGroupsTestJSON:test_list_security_groups_by_server): 200 GET http://10.180.1.21/compute/v2.1/servers/98c2e293-ca8a-4e70-b164-3de0966e69b3 0.124s
2025-02-07 15:30:25.965 63392 INFO tempest.lib.common.rest_client [req-82ec2e9c-628a-4768-bc38-e78ee51c8332 req-82ec2e9c-628a-4768-bc38-e78ee51c8332 ] Request (ServersTestJSON:setUpClass): 200 GET http://10.180.1.21/identity/v3/roles 0.031s
2025-02-07 15:30:25.980 63430 INFO tempest.lib.common.rest_client [req-9fd53c92-f6ad-4d24-9060-b2e27db40ad1 req-9fd53c92-f6ad-4d24-9060-b2e27db40ad1 ] Request (ImagesTestJSON:test_create_image_from_stopped_server): 200 GET http://10.180.1.21/compute/v2.1/servers/53eb9ce7-3b4a-4b39-91b9-5e17928b2677 0.068s
2025-02-07 15:30:26.004 63392 INFO tempest.lib.common.rest_client [req-510faf03-e094-4780-b3c5-203a34151e0d req-510faf03-e094-4780-b3c5-203a34151e0d ] Request (ServersTestJSON:setUpClass): 204 PUT http://10.180.1.21/identity/v3/projects/fc8984eb2bb64ba8bc2b59fce5eb8ecb/users/0b7082e71b984267a00e9f106703ca33/roles/ddbd8122e24b4b4d9effd8d810907f4a 0.039s
2025-02-07 15:30:26.005 63392 INFO tempest.lib.common.dynamic_creds [-] Dynamic test user 0b7082e71b984267a00e9f106703ca33 is created with scope project and roles: ['reader']
2025-02-07 15:30:26.005 63392 INFO tempest.lib.common.dynamic_creds [-] Acquired dynamic creds: credentials: Credentials: {'domain_id': 'default', 'domain_name': 'Default', 'username': 'tempest-ServersTestJSON-59518977-project-reader', 'project_domain_id': 'default', 'project_domain_name': 'Default', 'project_id': 'fc8984eb2bb64ba8bc2b59fce5eb8ecb', 'project_name': 'tempest-ServersTestJSON-59518977', 'tenant_id': 'fc8984eb2bb64ba8bc2b59fce5eb8ecb', 'tenant_name': 'tempest-ServersTestJSON-59518977', 'user_domain_id': 'default', 'user_domain_name': 'Default', 'user_id': '0b7082e71b984267a00e9f106703ca33', 'system': None}, Network: None, Subnet: None, Router: None
2025-02-07 15:30:26.005 63392 INFO tempest.lib.common.dynamic_creds [-] Network resources are not created for requested scope: project and credentials: Credentials: {'domain_id': 'default', 'domain_name': 'Default', 'username': 'tempest-ServersTestJSON-59518977-project-reader', 'project_domain_id': 'default', 'project_domain_name': 'Default', 'project_id': 'fc8984eb2bb64ba8bc2b59fce5eb8ecb', 'project_name': 'tempest-ServersTestJSON-59518977', 'tenant_id': 'fc8984eb2bb64ba8bc2b59fce5eb8ecb', 'tenant_name': 'tempest-ServersTestJSON-59518977', 'user_domain_id': 'default', 'user_domain_name': 'Default', 'user_id': '0b7082e71b984267a00e9f106703ca33', 'system': None}, Network: None, Subnet: None, Router: None
2025-02-07 15:30:26.049 63418 INFO tempest.lib.common.rest_client [req-296edeaa-8804-46a8-88fc-1cef477759fc req-296edeaa-8804-46a8-88fc-1cef477759fc ] Request (ServerShowV254Test:tearDownClass): 200 GET http://10.180.1.21/compute/v2.1/servers/7f2dfd43-9925-41f6-bf4a-d0e9ea2078ee 0.075s
2025-02-07 15:30:26.053 63442 WARNING tempest.lib.common.ssh [-] Failed to establish authenticated ssh connection to cirros@10.180.180.169 ([Errno None] Unable to connect to port 22 on 10.180.180.169). Number attempts: 2. Retry after 3 seconds.: paramiko.ssh_exception.NoValidConnectionsError: [Errno None] Unable to connect to port 22 on 10.180.180.169
2025-02-07 15:30:26.097 63392 INFO tempest.lib.common.rest_client [req-b3de36a0-2007-4042-8468-eebba2b65384 req-b3de36a0-2007-4042-8468-eebba2b65384 ] Request (ServersTestJSON:setUpClass): 201 POST http://10.180.1.21/identity/v3/auth/tokens 0.086s
2025-02-07 15:30:26.117 63406 WARNING tempest.lib.common.ssh [-] Failed to establish authenticated ssh connection to cirros@10.180.180.237 ([Errno None] Unable to connect to port 22 on 10.180.180.237). Number attempts: 5. Retry after 6 seconds.: paramiko.ssh_exception.NoValidConnectionsError: [Errno None] Unable to connect to port 22 on 10.180.180.237
2025-02-07 15:30:26.133 63416 INFO tempest.lib.common.rest_client [req-82274584-4c23-4458-acc6-10ea542f918b req-82274584-4c23-4458-acc6-10ea542f918b ] Request (ServersAdminNegativeTestJSON:test_migrate_server_invalid_state): 200 GET http://10.180.1.21/compute/v2.1/servers/94d4222d-cfed-4c44-b252-878403290429 0.105s
2025-02-07 15:30:26.154 63398 INFO tempest.lib.common.rest_client [req-72a61217-2df2-43c9-b6ec-fe93dba84794 req-72a61217-2df2-43c9-b6ec-fe93dba84794 ] Request (MigrationsAdminTest:test_list_migrations_in_flavor_resize_situation): 200 GET http://10.180.1.21/compute/v2.1/servers/fc7e713d-8e89-499e-bd3d-18aac337b3f1 0.149s
2025-02-07 15:30:26.183 63392 INFO tempest.lib.common.rest_client [req-23440ded-4484-4cc2-892f-e38c5e76f14b req-23440ded-4484-4cc2-892f-e38c5e76f14b ] Request (ServersTestJSON:test_create_server_specify_multibyte_character_name): 201 POST http://10.180.1.21/identity/v3/auth/tokens 0.081s
2025-02-07 15:30:26.184 63392 INFO tempest.lib.common.fixed_network [-] (ServersTestJSON:test_create_server_specify_multibyte_character_name) Found network {'id': '5590976d-18ec-48e6-a2e5-8b435efd6ebf', 'name': 'tempest-ServersTestJSON-618757749-network', 'tenant_id': 'fc8984eb2bb64ba8bc2b59fce5eb8ecb', 'admin_state_up': True, 'mtu': 8950, 'status': 'ACTIVE', 'subnets': [], 'shared': False, 'project_id': 'fc8984eb2bb64ba8bc2b59fce5eb8ecb', 'port_security_enabled': True, 'router:external': False, 'provider:network_type': 'vlan', 'provider:physical_network': 'default', 'provider:segmentation_id': 450, 'availability_zone_hints': [], 'availability_zones': [], 'ipv4_address_scope': None, 'ipv6_address_scope': None, 'description': '', 'tags': [], 'created_at': '2025-02-07T15:30:23Z', 'updated_at': '2025-02-07T15:30:23Z', 'revision_number': 1} available for tenant
2025-02-07 15:30:26.200 63428 INFO tempest.lib.common.rest_client [req-b9d09d6c-af92-4f88-a5cc-ed51ea87fa15 req-b9d09d6c-af92-4f88-a5cc-ed51ea87fa15 ] Request (ListServersNegativeTestJSON:tearDownClass): 200 GET http://10.180.1.21/compute/v2.1/servers/ff5f7cb9-20e6-48a8-91f7-c14214f6d7a7 0.129s
2025-02-07 15:30:26.221 63420 INFO tempest.lib.common.rest_client [req-db04f69f-e83e-43d5-8ce3-3a5a355b5a60 req-db04f69f-e83e-43d5-8ce3-3a5a355b5a60 ] Request (DeleteServersTestJSON:test_delete_active_server): 200 GET http://10.180.1.21/compute/v2.1/servers/5f24ec35-7ed1-45fc-bde0-ade0f37fb1f5 0.135s
2025-02-07 15:30:26.270 63432 INFO tempest.lib.common.rest_client [req-638beffa-6f2e-4232-a5ff-ca43e97bde04 req-638beffa-6f2e-4232-a5ff-ca43e97bde04 ] Request (ServersTestFqdnHostnames:test_create_server_with_fqdn_name): 200 GET http://10.180.1.21/compute/v2.1/servers/23b10046-99a6-49d9-a9ec-14e56e41b895 0.125s
2025-02-07 15:30:26.330 63380 INFO tempest.lib.common.rest_client [req-f6058bfe-5e86-4383-adf5-c6388557fd75 req-f6058bfe-5e86-4383-adf5-c6388557fd75 ] Request (ServersAdminTestJSON:setUpClass): 200 GET http://10.180.1.21/compute/v2.1/servers/a619648f-5a7c-4f5f-a3cb-7b872a8cdb3e 0.129s
2025-02-07 15:30:26.381 63382 INFO tempest.lib.common.rest_client [req-e4fe46e5-bfb6-42bd-80f7-d43f6f923181 req-e4fe46e5-bfb6-42bd-80f7-d43f6f923181 ] Request (ServersTestMultiNic:test_verify_duplicate_network_nics): 200 GET http://10.180.1.21/compute/v2.1/servers/74a76dd9-217c-4209-a7d3-01512114f82b 0.130s
2025-02-07 15:30:26.443 63390 INFO tempest.lib.common.rest_client [req-41c06a88-4779-4189-965e-7390c06cf223 req-41c06a88-4779-4189-965e-7390c06cf223 ] Request (ServersAdmin275Test:tearDownClass): 200 GET http://10.180.1.21/compute/v2.1/servers/5c44b2a6-d52c-4403-8c73-3a560665cc56 0.126s
2025-02-07 15:30:26.502 63402 INFO tempest.lib.common.rest_client [req-8db8fc94-da98-43be-8f30-0b1628732ebd req-8db8fc94-da98-43be-8f30-0b1628732ebd ] Request (ServersTestJSON:setUpClass): 200 GET http://10.180.1.21/compute/v2.1/servers/9370b479-8925-4e3c-8f1b-5cd4488f42f5 0.173s
2025-02-07 15:30:26.658 63392 INFO tempest.lib.common.rest_client [req-a41ceff0-f3f7-4234-adce-1214bb164eb3 req-a41ceff0-f3f7-4234-adce-1214bb164eb3 ] Request (ServersTestJSON:test_create_server_specify_multibyte_character_name): 202 POST http://10.180.1.21/compute/v2.1/servers 0.473s
2025-02-07 15:30:26.718 63404 INFO tempest.lib.common.rest_client [req-a19dc6bb-ea38-4be3-a3e6-5060a8660923 req-a19dc6bb-ea38-4be3-a3e6-5060a8660923 ] Request (ServerExternalEventsTest:tearDownClass): 200 GET http://10.180.1.21/compute/v2.1/servers/a0ee39f8-c9e6-41d3-9ea6-d89a2db8b16b 0.325s
2025-02-07 15:30:26.735 63400 INFO tempest.lib.common.rest_client [req-aab3e6f6-5cad-4dac-b90b-38bb678bb842 req-aab3e6f6-5cad-4dac-b90b-38bb678bb842 ] Request (ServersV294TestFqdnHostnames:setUpClass): 200 GET http://10.180.1.21/compute/v2.1/servers/1bef287c-27f6-4a1e-9445-e18b2bfb5ded 0.367s
2025-02-07 15:30:26.774 63384 INFO tempest.lib.common.rest_client [req-4c23b12c-606c-4c88-9415-771e954b0cf3 req-4c23b12c-606c-4c88-9415-771e954b0cf3 ] Request (ServersNegativeTestJSON:setUpClass): 200 GET http://10.180.1.21/compute/v2.1/servers/c1e19567-0fda-46c4-828d-b05bb9ce09cf 0.356s
2025-02-07 15:30:26.790 63394 INFO tempest.lib.common.rest_client [req-804fac2a-1432-4fb9-b02a-73053ccbc7b6 req-804fac2a-1432-4fb9-b02a-73053ccbc7b6 ] Request (ServerRescueNegativeTestJSON:setUpClass): 200 GET http://10.180.1.21/compute/v2.1/servers/58724e42-0b03-4b93-bea6-bd0d2a9cd345 0.349s
2025-02-07 15:30:26.839 63415 INFO tempest.lib.common.rest_client [req-032c3162-91be-4ed2-84de-c3caf52791fc req-032c3162-91be-4ed2-84de-c3caf52791fc ] Request (ServerDiskConfigTestJSON:test_rebuild_server_with_auto_disk_config): 200 GET http://10.180.1.21/compute/v2.1/servers/ce744ab1-3fc9-4c94-b1e2-fa6504a2f39a 0.335s
2025-02-07 15:30:26.844 63392 INFO tempest.lib.common.rest_client [req-0e4a9f56-5939-48a7-9675-a9714b717cc1 req-0e4a9f56-5939-48a7-9675-a9714b717cc1 ] Request (ServersTestJSON:test_create_server_specify_multibyte_character_name): 200 GET http://10.180.1.21/compute/v2.1/servers/1667b43d-f077-46d4-8c99-29c84a04854f 0.182s
2025-02-07 15:30:26.960 63434 INFO tempest.lib.common.rest_client [req-4cb7ec3b-2ae9-4267-88c5-e503887adba4 req-4cb7ec3b-2ae9-4267-88c5-e503887adba4 ] Request (ServerAddressesTestJSON:setUpClass): 200 GET http://10.180.1.21/compute/v2.1/servers/2c1a9917-d772-48fd-a87d-29b6b0750681 0.276s
2025-02-07 15:30:26.969 63386 INFO tempest.lib.common.rest_client [req-037db685-b1ec-4b48-ad32-289e084be7d2 req-037db685-b1ec-4b48-ad32-289e084be7d2 ] Request (ImagesOneServerNegativeTestJSON:setUpClass): 200 GET http://10.180.1.21/compute/v2.1/servers/3dfbcac5-f18f-430c-92f1-72351dcd0af9 0.236s
2025-02-07 15:30:27.020 63410 INFO tempest.lib.common.rest_client [req-2fff9612-d5fd-418d-a5bd-c36b2f5e06aa req-2fff9612-d5fd-418d-a5bd-c36b2f5e06aa ] Request (AttachInterfacesTestJSON:test_create_list_show_delete_interfaces_by_fixed_ip): 200 GET http://10.180.1.21/compute/v2.1/servers/c8c7241a-1c88-4c14-a755-21f0873d80de 0.279s
2025-02-07 15:30:27.024 63438 INFO tempest.lib.common.rest_client [req-d8b76bd6-5c97-44b9-9866-76c498e9b562 req-d8b76bd6-5c97-44b9-9866-76c498e9b562 ] Request (TenantUsagesTestJSON:tearDownClass): 200 GET http://10.180.1.21/compute/v2.1/servers/8496f944-119f-410e-be42-346e65918141 0.234s
2025-02-07 15:30:27.074 63408 INFO tempest.lib.common.rest_client [req-11026a29-6a44-4388-8afd-4cd1f5d8c6ea req-11026a29-6a44-4388-8afd-4cd1f5d8c6ea ] Request (ServerShowV247Test:test_update_rebuild_list_server): 200 GET http://10.180.1.21/compute/v2.1/servers/f13d696c-51ea-43c4-9376-f5894d71a376 0.281s
2025-02-07 15:30:27.078 63440 INFO tempest.lib.common.rest_client [req-98df7dcb-2202-410a-b2a6-0f8fca7ceab2 req-98df7dcb-2202-410a-b2a6-0f8fca7ceab2 ] Request (InstanceActionsTestJSON:setUpClass): 200 GET http://10.180.1.21/compute/v2.1/servers/2403c90a-52bd-4e10-9bea-f9e9c65325e2 0.236s
2025-02-07 15:30:27.116 63424 INFO tempest.lib.common.rest_client [req-43184d13-b4a9-4441-8968-f46003c5bde3 req-43184d13-b4a9-4441-8968-f46003c5bde3 ] Request (FloatingIPsAssociationNegativeTestJSON:setUpClass): 200 GET http://10.180.1.21/compute/v2.1/servers/b200c9ec-0be1-40e7-8da7-525730c7931b 0.269s
2025-02-07 15:30:27.122 63412 INFO tempest.lib.common.rest_client [req-72c3a5b7-fb09-436b-bae2-26a1c3fa144d req-72c3a5b7-fb09-436b-bae2-26a1c3fa144d ] Request (ServerActionsTestJSON:setUpClass): 200 GET http://10.180.1.21/compute/v2.1/servers/1cc95b13-67d6-4dac-b8b6-7de3dff065a6 0.222s
2025-02-07 15:30:27.180 63430 INFO tempest.lib.common.rest_client [req-3662479d-367c-4192-bfc4-64204dc3cab4 req-3662479d-367c-4192-bfc4-64204dc3cab4 ] Request (ImagesTestJSON:test_create_image_from_stopped_server): 200 GET http://10.180.1.21/compute/v2.1/servers/53eb9ce7-3b4a-4b39-91b9-5e17928b2677 0.191s
2025-02-07 15:30:27.212 63388 INFO tempest.lib.common.rest_client [req-8e1ee9f4-fce1-4fdf-85c6-91fe92777322 req-8e1ee9f4-fce1-4fdf-85c6-91fe92777322 ] Request (SecurityGroupsTestJSON:test_list_security_groups_by_server): 200 GET http://10.180.1.21/compute/v2.1/servers/98c2e293-ca8a-4e70-b164-3de0966e69b3 0.248s
2025-02-07 15:30:27.242 63418 INFO tempest.lib.common.rest_client [req-449c4e31-4c4c-45c7-b6fc-610ab109c132 req-449c4e31-4c4c-45c7-b6fc-610ab109c132 ] Request (ServerShowV254Test:tearDownClass): 200 GET http://10.180.1.21/compute/v2.1/servers/7f2dfd43-9925-41f6-bf4a-d0e9ea2078ee 0.182s
2025-02-07 15:30:27.275 63416 INFO tempest.lib.common.rest_client [req-f87e3201-442e-48ed-a8ca-ec31d7edb5da req-f87e3201-442e-48ed-a8ca-ec31d7edb5da ] Request (ServersAdminNegativeTestJSON:test_migrate_server_invalid_state): 200 GET http://10.180.1.21/compute/v2.1/servers/94d4222d-cfed-4c44-b252-878403290429 0.130s
2025-02-07 15:30:27.338 63428 INFO tempest.lib.common.rest_client [req-84cf136a-e915-4725-a972-6570e94c55a0 req-84cf136a-e915-4725-a972-6570e94c55a0 ] Request (ListServersNegativeTestJSON:tearDownClass): 200 GET http://10.180.1.21/compute/v2.1/servers/ff5f7cb9-20e6-48a8-91f7-c14214f6d7a7 0.126s
2025-02-07 15:30:27.356 63398 INFO tempest.lib.common.rest_client [req-5d27211e-24b5-4ab5-9b26-a433de7b540c req-5d27211e-24b5-4ab5-9b26-a433de7b540c ] Request (MigrationsAdminTest:test_list_migrations_in_flavor_resize_situation): 200 GET http://10.180.1.21/compute/v2.1/servers/fc7e713d-8e89-499e-bd3d-18aac337b3f1 0.190s
2025-02-07 15:30:27.394 63420 INFO tempest.lib.common.rest_client [req-04186f61-b411-46ba-902f-ce85bcd963f9 req-04186f61-b411-46ba-902f-ce85bcd963f9 ] Request (DeleteServersTestJSON:test_delete_active_server): 200 GET http://10.180.1.21/compute/v2.1/servers/5f24ec35-7ed1-45fc-bde0-ade0f37fb1f5 0.161s
2025-02-07 15:30:27.410 63432 INFO tempest.lib.common.rest_client [req-e9eb0e58-435d-4b62-b2a7-2348afd17c71 req-e9eb0e58-435d-4b62-b2a7-2348afd17c71 ] Request (ServersTestFqdnHostnames:test_create_server_with_fqdn_name): 200 GET http://10.180.1.21/compute/v2.1/servers/23b10046-99a6-49d9-a9ec-14e56e41b895 0.123s
2025-02-07 15:30:27.445 63380 INFO tempest.lib.common.rest_client [req-4c45a86d-349f-4950-9c29-76f401b473c5 req-4c45a86d-349f-4950-9c29-76f401b473c5 ] Request (ServersAdminTestJSON:setUpClass): 200 GET http://10.180.1.21/compute/v2.1/servers/a619648f-5a7c-4f5f-a3cb-7b872a8cdb3e 0.098s
2025-02-07 15:30:27.466 63382 INFO tempest.lib.common.rest_client [req-b214b580-e8c3-4a26-ae9b-c0df70933c11 req-b214b580-e8c3-4a26-ae9b-c0df70933c11 ] Request (ServersTestMultiNic:test_verify_duplicate_network_nics): 200 GET http://10.180.1.21/compute/v2.1/servers/74a76dd9-217c-4209-a7d3-01512114f82b 0.077s
2025-02-07 15:30:27.512 63390 INFO tempest.lib.common.rest_client [req-b446f28b-8829-474f-8d53-e5c998125519 req-b446f28b-8829-474f-8d53-e5c998125519 ] Request (ServersAdmin275Test:tearDownClass): 200 GET http://10.180.1.21/compute/v2.1/servers/5c44b2a6-d52c-4403-8c73-3a560665cc56 0.058s
2025-02-07 15:30:27.560 63402 INFO tempest.lib.common.rest_client [req-8a2ab3ef-f64c-4a86-8e17-973baedfbfe5 req-8a2ab3ef-f64c-4a86-8e17-973baedfbfe5 ] Request (ServersTestJSON:setUpClass): 200 GET http://10.180.1.21/compute/v2.1/servers/9370b479-8925-4e3c-8f1b-5cd4488f42f5 0.050s
2025-02-07 15:30:27.793 63404 INFO tempest.lib.common.rest_client [req-e035b300-e44a-419d-b005-9d082bd5262d req-e035b300-e44a-419d-b005-9d082bd5262d ] Request (ServerExternalEventsTest:tearDownClass): 200 GET http://10.180.1.21/compute/v2.1/servers/a0ee39f8-c9e6-41d3-9ea6-d89a2db8b16b 0.060s
2025-02-07 15:30:27.811 63400 INFO tempest.lib.common.rest_client [req-b0edd672-e234-40ba-adad-1163f9bc5209 req-b0edd672-e234-40ba-adad-1163f9bc5209 ] Request (ServersV294TestFqdnHostnames:setUpClass): 200 GET http://10.180.1.21/compute/v2.1/servers/1bef287c-27f6-4a1e-9445-e18b2bfb5ded 0.058s
2025-02-07 15:30:27.844 63384 INFO tempest.lib.common.rest_client [req-d055f7b5-e840-4249-bb93-0fb2676fc715 req-d055f7b5-e840-4249-bb93-0fb2676fc715 ] Request (ServersNegativeTestJSON:setUpClass): 200 GET http://10.180.1.21/compute/v2.1/servers/c1e19567-0fda-46c4-828d-b05bb9ce09cf 0.059s
2025-02-07 15:30:27.865 63394 INFO tempest.lib.common.rest_client [req-f852b18d-e9ac-447a-97e8-a61317fa74a6 req-f852b18d-e9ac-447a-97e8-a61317fa74a6 ] Request (ServerRescueNegativeTestJSON:setUpClass): 200 GET http://10.180.1.21/compute/v2.1/servers/58724e42-0b03-4b93-bea6-bd0d2a9cd345 0.066s
2025-02-07 15:30:27.894 63415 INFO tempest.lib.common.rest_client [req-a6556bed-2135-45c8-87f3-e7ac02cf2c3a req-a6556bed-2135-45c8-87f3-e7ac02cf2c3a ] Request (ServerDiskConfigTestJSON:test_rebuild_server_with_auto_disk_config): 200 GET http://10.180.1.21/compute/v2.1/servers/ce744ab1-3fc9-4c94-b1e2-fa6504a2f39a 0.044s
2025-02-07 15:30:27.909 63392 INFO tempest.lib.common.rest_client [req-593c597a-203b-4760-a671-cae442382a9d req-593c597a-203b-4760-a671-cae442382a9d ] Request (ServersTestJSON:test_create_server_specify_multibyte_character_name): 200 GET http://10.180.1.21/compute/v2.1/servers/1667b43d-f077-46d4-8c99-29c84a04854f 0.054s
2025-02-07 15:30:28.079 63434 INFO tempest.lib.common.rest_client [req-e1c1bc74-fed3-4862-8872-64250284c59a req-e1c1bc74-fed3-4862-8872-64250284c59a ] Request (ServerAddressesTestJSON:setUpClass): 200 GET http://10.180.1.21/compute/v2.1/servers/2c1a9917-d772-48fd-a87d-29b6b0750681 0.109s
2025-02-07 15:30:28.086 63434 INFO tempest.common.waiters [-] State transition "BUILD/spawning" ==> "ACTIVE/None" after 53 second wait
2025-02-07 15:30:28.108 63386 INFO tempest.lib.common.rest_client [req-0e02bc2a-5483-40ab-ba27-8d1a358533fd req-0e02bc2a-5483-40ab-ba27-8d1a358533fd ] Request (ImagesOneServerNegativeTestJSON:setUpClass): 200 GET http://10.180.1.21/compute/v2.1/servers/3dfbcac5-f18f-430c-92f1-72351dcd0af9 0.131s
2025-02-07 15:30:28.127 63410 INFO tempest.lib.common.rest_client [req-23f582c0-fa03-4aad-83b6-0227adcc7c9f req-23f582c0-fa03-4aad-83b6-0227adcc7c9f ] Request (AttachInterfacesTestJSON:test_create_list_show_delete_interfaces_by_fixed_ip): 200 GET http://10.180.1.21/compute/v2.1/servers/c8c7241a-1c88-4c14-a755-21f0873d80de 0.098s
2025-02-07 15:30:28.173 63438 INFO tempest.lib.common.rest_client [req-e561b547-18ac-41a8-94f9-d40a89c2103b req-e561b547-18ac-41a8-94f9-d40a89c2103b ] Request (TenantUsagesTestJSON:tearDownClass): 200 GET http://10.180.1.21/compute/v2.1/servers/8496f944-119f-410e-be42-346e65918141 0.139s
2025-02-07 15:30:28.198 63434 INFO tempest.lib.common.rest_client [req-37077f9a-f389-4a3e-8a7c-c778b67680ea req-37077f9a-f389-4a3e-8a7c-c778b67680ea ] Request (ServerAddressesTestJSON:test_list_server_addresses): 200 GET http://10.180.1.21/compute/v2.1/servers/2c1a9917-d772-48fd-a87d-29b6b0750681/ips 0.111s
2025-02-07 15:30:28.206 63440 INFO tempest.lib.common.rest_client [req-abd0ebed-418a-4182-a56e-b5a31841e05e req-abd0ebed-418a-4182-a56e-b5a31841e05e ] Request (InstanceActionsTestJSON:setUpClass): 200 GET http://10.180.1.21/compute/v2.1/servers/2403c90a-52bd-4e10-9bea-f9e9c65325e2 0.120s
2025-02-07 15:30:28.262 63408 INFO tempest.lib.common.rest_client [req-556384d3-d2eb-495c-b37b-19a535181021 req-556384d3-d2eb-495c-b37b-19a535181021 ] Request (ServerShowV247Test:test_update_rebuild_list_server): 200 GET http://10.180.1.21/compute/v2.1/servers/f13d696c-51ea-43c4-9376-f5894d71a376 0.171s
2025-02-07 15:30:28.265 63424 INFO tempest.lib.common.rest_client [req-1e968d1c-d074-4c22-93bc-b33c4a57c7cd req-1e968d1c-d074-4c22-93bc-b33c4a57c7cd ] Request (FloatingIPsAssociationNegativeTestJSON:setUpClass): 200 GET http://10.180.1.21/compute/v2.1/servers/b200c9ec-0be1-40e7-8da7-525730c7931b 0.140s
2025-02-07 15:30:28.313 63430 INFO tempest.lib.common.rest_client [req-d90b5e23-f7e7-4449-9a36-2b7f410f9cc5 req-d90b5e23-f7e7-4449-9a36-2b7f410f9cc5 ] Request (ImagesTestJSON:test_create_image_from_stopped_server): 200 GET http://10.180.1.21/compute/v2.1/servers/53eb9ce7-3b4a-4b39-91b9-5e17928b2677 0.125s
2025-02-07 15:30:28.314 63412 INFO tempest.lib.common.rest_client [req-0f18c0a1-0312-4a34-8d6f-7402f2926b64 req-0f18c0a1-0312-4a34-8d6f-7402f2926b64 ] Request (ServerActionsTestJSON:setUpClass): 200 GET http://10.180.1.21/compute/v2.1/servers/1cc95b13-67d6-4dac-b8b6-7de3dff065a6 0.184s
2025-02-07 15:30:28.342 63434 INFO tempest.lib.common.rest_client [req-21e17180-62c9-4c55-b61a-f5f4cd56c127 req-21e17180-62c9-4c55-b61a-f5f4cd56c127 ] Request (ServerAddressesTestJSON:test_list_server_addresses_by_network): 200 GET http://10.180.1.21/compute/v2.1/servers/2c1a9917-d772-48fd-a87d-29b6b0750681/ips 0.138s
2025-02-07 15:30:28.397 63418 INFO tempest.lib.common.rest_client [req-03ef31e6-1a5a-41a4-a41c-6a16ac825c97 req-03ef31e6-1a5a-41a4-a41c-6a16ac825c97 ] Request (ServerShowV254Test:tearDownClass): 200 GET http://10.180.1.21/compute/v2.1/servers/7f2dfd43-9925-41f6-bf4a-d0e9ea2078ee 0.139s
2025-02-07 15:30:28.425 63388 INFO tempest.lib.common.rest_client [req-3ac768fc-0f8b-4c30-b39b-58aeabd29cea req-3ac768fc-0f8b-4c30-b39b-58aeabd29cea ] Request (SecurityGroupsTestJSON:test_list_security_groups_by_server): 200 GET http://10.180.1.21/compute/v2.1/servers/98c2e293-ca8a-4e70-b164-3de0966e69b3 0.205s
2025-02-07 15:30:28.435 63388 INFO tempest.common.waiters [-] State transition "BUILD/spawning" ==> "ACTIVE/None" after 53 second wait
2025-02-07 15:30:28.445 63416 INFO tempest.lib.common.rest_client [req-6172ddfb-daf5-4b7d-bbf3-9a0f53a8c2f9 req-6172ddfb-daf5-4b7d-bbf3-9a0f53a8c2f9 ] Request (ServersAdminNegativeTestJSON:test_migrate_server_invalid_state): 200 GET http://10.180.1.21/compute/v2.1/servers/94d4222d-cfed-4c44-b252-878403290429 0.159s
2025-02-07 15:30:28.450 63434 INFO tempest.lib.common.rest_client [req-6acd7ac0-d9d7-4897-b377-e6eb6f035883 req-6acd7ac0-d9d7-4897-b377-e6eb6f035883 ] Request (ServerAddressesTestJSON:test_list_server_addresses_by_network): 200 GET http://10.180.1.21/compute/v2.1/servers/2c1a9917-d772-48fd-a87d-29b6b0750681/ips/tempest-ServerAddressesTestJSON-2110234765-network 0.107s
2025-02-07 15:30:28.451 63416 INFO tempest.common.waiters [-] State transition "BUILD/None" ==> "BUILD/networking" after 46 second wait
2025-02-07 15:30:28.494 63428 INFO tempest.lib.common.rest_client [req-1d3db782-5060-4c0e-8e6e-4c3fa816299c req-1d3db782-5060-4c0e-8e6e-4c3fa816299c ] Request (ListServersNegativeTestJSON:tearDownClass): 200 GET http://10.180.1.21/compute/v2.1/servers/ff5f7cb9-20e6-48a8-91f7-c14214f6d7a7 0.145s
2025-02-07 15:30:28.536 63398 INFO tempest.lib.common.rest_client [req-9b4c51d9-3a68-4ce9-ac7a-719de181035b req-9b4c51d9-3a68-4ce9-ac7a-719de181035b ] Request (MigrationsAdminTest:test_list_migrations_in_flavor_resize_situation): 200 GET http://10.180.1.21/compute/v2.1/servers/fc7e713d-8e89-499e-bd3d-18aac337b3f1 0.172s
2025-02-07 15:30:28.546 63420 INFO tempest.lib.common.rest_client [req-b7d64c8b-985e-4d32-a1d5-92a59f9f9537 req-b7d64c8b-985e-4d32-a1d5-92a59f9f9537 ] Request (DeleteServersTestJSON:test_delete_active_server): 200 GET http://10.180.1.21/compute/v2.1/servers/5f24ec35-7ed1-45fc-bde0-ade0f37fb1f5 0.143s
2025-02-07 15:30:28.550 63422 WARNING tempest.lib.common.ssh [-] Failed to establish authenticated ssh connection to cirros@10.180.180.172 ([Errno None] Unable to connect to port 22 on 10.180.180.172). Number attempts: 7. Retry after 8 seconds.: paramiko.ssh_exception.NoValidConnectionsError: [Errno None] Unable to connect to port 22 on 10.180.180.172
2025-02-07 15:30:28.578 63432 INFO tempest.lib.common.rest_client [req-74d0846f-f09e-466e-b7dd-326b1b693607 req-74d0846f-f09e-466e-b7dd-326b1b693607 ] Request (ServersTestFqdnHostnames:test_create_server_with_fqdn_name): 200 GET http://10.180.1.21/compute/v2.1/servers/23b10046-99a6-49d9-a9ec-14e56e41b895 0.158s
2025-02-07 15:30:28.637 63434 INFO tempest.lib.common.rest_client [req-b9becbf0-b754-4699-b50c-72b21f383434 req-b9becbf0-b754-4699-b50c-72b21f383434 ] Request (ServerAddressesTestJSON:tearDownClass): 204 DELETE http://10.180.1.21/compute/v2.1/servers/2c1a9917-d772-48fd-a87d-29b6b0750681 0.184s
2025-02-07 15:30:28.690 63380 INFO tempest.lib.common.rest_client [req-c85ca41d-3592-4478-957e-c71b06fe4434 req-c85ca41d-3592-4478-957e-c71b06fe4434 ] Request (ServersAdminTestJSON:setUpClass): 200 GET http://10.180.1.21/compute/v2.1/servers/a619648f-5a7c-4f5f-a3cb-7b872a8cdb3e 0.234s
2025-02-07 15:30:28.749 63382 INFO tempest.lib.common.rest_client [req-45330fa4-667b-475c-a80f-a0167b7ab1bd req-45330fa4-667b-475c-a80f-a0167b7ab1bd ] Request (ServersTestMultiNic:test_verify_duplicate_network_nics): 200 GET http://10.180.1.21/compute/v2.1/servers/74a76dd9-217c-4209-a7d3-01512114f82b 0.275s
2025-02-07 15:30:28.842 63390 INFO tempest.lib.common.rest_client [req-e4075337-7dff-48c0-93c3-a05c0171c324 req-e4075337-7dff-48c0-93c3-a05c0171c324 ] Request (ServersAdmin275Test:tearDownClass): 200 GET http://10.180.1.21/compute/v2.1/servers/5c44b2a6-d52c-4403-8c73-3a560665cc56 0.319s
2025-02-07 15:30:28.924 63402 INFO tempest.lib.common.rest_client [req-d497e5e0-06c0-4321-ba7c-9ca8841bc1f0 req-d497e5e0-06c0-4321-ba7c-9ca8841bc1f0 ] Request (ServersTestJSON:setUpClass): 200 GET http://10.180.1.21/compute/v2.1/servers/9370b479-8925-4e3c-8f1b-5cd4488f42f5 0.355s
2025-02-07 15:30:29.021 63388 INFO tempest.lib.common.rest_client [req-db0eccc7-f3b9-431c-92e7-e8587c1f3a59 req-db0eccc7-f3b9-431c-92e7-e8587c1f3a59 ] Request (SecurityGroupsTestJSON:test_list_security_groups_by_server): 202 POST http://10.180.1.21/compute/v2.1/servers/98c2e293-ca8a-4e70-b164-3de0966e69b3/action 0.585s
2025-02-07 15:30:29.046 63434 INFO tempest.lib.common.rest_client [req-38c7a04f-b26e-45b3-bba7-80dbdb4756c9 req-38c7a04f-b26e-45b3-bba7-80dbdb4756c9 ] Request (ServerAddressesTestJSON:tearDownClass): 200 GET http://10.180.1.21/compute/v2.1/servers/2c1a9917-d772-48fd-a87d-29b6b0750681 0.409s
2025-02-07 15:30:29.095 63404 INFO tempest.lib.common.rest_client [req-ecc8d08d-6275-44a3-a0fe-b78b602c071a req-ecc8d08d-6275-44a3-a0fe-b78b602c071a ] Request (ServerExternalEventsTest:tearDownClass): 200 GET http://10.180.1.21/compute/v2.1/servers/a0ee39f8-c9e6-41d3-9ea6-d89a2db8b16b 0.291s
2025-02-07 15:30:29.111 63400 INFO tempest.lib.common.rest_client [req-77132e68-cfe2-405b-9794-c61b7550e872 req-77132e68-cfe2-405b-9794-c61b7550e872 ] Request (ServersV294TestFqdnHostnames:setUpClass): 200 GET http://10.180.1.21/compute/v2.1/servers/1bef287c-27f6-4a1e-9445-e18b2bfb5ded 0.289s
2025-02-07 15:30:29.156 63394 INFO tempest.lib.common.rest_client [req-ea0a27cd-9e21-4307-9611-9ecdfac7ea75 req-ea0a27cd-9e21-4307-9611-9ecdfac7ea75 ] Request (ServerRescueNegativeTestJSON:setUpClass): 200 GET http://10.180.1.21/compute/v2.1/servers/58724e42-0b03-4b93-bea6-bd0d2a9cd345 0.283s
2025-02-07 15:30:29.157 63384 INFO tempest.lib.common.rest_client [req-2ed3b252-2800-4d4f-87f5-c0d777c76d66 req-2ed3b252-2800-4d4f-87f5-c0d777c76d66 ] Request (ServersNegativeTestJSON:setUpClass): 200 GET http://10.180.1.21/compute/v2.1/servers/c1e19567-0fda-46c4-828d-b05bb9ce09cf 0.305s
2025-02-07 15:30:29.204 63392 INFO tempest.lib.common.rest_client [req-ad9c5bf3-5ae6-4158-b60c-3b11fcef8395 req-ad9c5bf3-5ae6-4158-b60c-3b11fcef8395 ] Request (ServersTestJSON:test_create_server_specify_multibyte_character_name): 200 GET http://10.180.1.21/compute/v2.1/servers/1667b43d-f077-46d4-8c99-29c84a04854f 0.287s
2025-02-07 15:30:29.218 63415 INFO tempest.lib.common.rest_client [req-e141e7de-9f56-4e5c-b784-1ebeb437af50 req-e141e7de-9f56-4e5c-b784-1ebeb437af50 ] Request (ServerDiskConfigTestJSON:test_rebuild_server_with_auto_disk_config): 200 GET http://10.180.1.21/compute/v2.1/servers/ce744ab1-3fc9-4c94-b1e2-fa6504a2f39a 0.318s
2025-02-07 15:30:29.430 63386 INFO tempest.lib.common.rest_client [req-20a93229-6a17-49e1-8f25-1efb3a5175b8 req-20a93229-6a17-49e1-8f25-1efb3a5175b8 ] Request (ImagesOneServerNegativeTestJSON:setUpClass): 200 GET http://10.180.1.21/compute/v2.1/servers/3dfbcac5-f18f-430c-92f1-72351dcd0af9 0.312s
2025-02-07 15:30:29.499 63410 INFO tempest.lib.common.rest_client [req-eae73682-c909-4f1e-befa-7edb40825fd9 req-eae73682-c909-4f1e-befa-7edb40825fd9 ] Request (AttachInterfacesTestJSON:test_create_list_show_delete_interfaces_by_fixed_ip): 200 GET http://10.180.1.21/compute/v2.1/servers/c8c7241a-1c88-4c14-a755-21f0873d80de 0.363s
2025-02-07 15:30:29.565 63438 INFO tempest.lib.common.rest_client [req-33252951-d9da-49d7-a213-7f55449357c6 req-33252951-d9da-49d7-a213-7f55449357c6 ] Request (TenantUsagesTestJSON:tearDownClass): 200 GET http://10.180.1.21/compute/v2.1/servers/8496f944-119f-410e-be42-346e65918141 0.385s
2025-02-07 15:30:29.623 63440 INFO tempest.lib.common.rest_client [req-2341334e-f346-48b7-a3f6-c96a634eef6c req-2341334e-f346-48b7-a3f6-c96a634eef6c ] Request (InstanceActionsTestJSON:setUpClass): 200 GET http://10.180.1.21/compute/v2.1/servers/2403c90a-52bd-4e10-9bea-f9e9c65325e2 0.406s
2025-02-07 15:30:29.679 63424 INFO tempest.lib.common.rest_client [req-34948466-e679-4402-b024-28801ec6619d req-34948466-e679-4402-b024-28801ec6619d ] Request (FloatingIPsAssociationNegativeTestJSON:setUpClass): 200 GET http://10.180.1.21/compute/v2.1/servers/b200c9ec-0be1-40e7-8da7-525730c7931b 0.406s
2025-02-07 15:30:29.696 63388 INFO tempest.lib.common.rest_client [req-6eb33a88-1eac-44f5-9aaa-5f580ae394af req-6eb33a88-1eac-44f5-9aaa-5f580ae394af ] Request (SecurityGroupsTestJSON:test_list_security_groups_by_server): 202 POST http://10.180.1.21/compute/v2.1/servers/98c2e293-ca8a-4e70-b164-3de0966e69b3/action 0.675s
2025-02-07 15:30:29.733 63408 INFO tempest.lib.common.rest_client [req-e8aefd4a-c4bd-45f6-b0c7-16a9cd250d35 req-e8aefd4a-c4bd-45f6-b0c7-16a9cd250d35 ] Request (ServerShowV247Test:test_update_rebuild_list_server): 200 GET http://10.180.1.21/compute/v2.1/servers/f13d696c-51ea-43c4-9376-f5894d71a376 0.458s
2025-02-07 15:30:29.752 63430 INFO tempest.lib.common.rest_client [req-93e486fb-f15d-4533-a69a-7de010077ea7 req-93e486fb-f15d-4533-a69a-7de010077ea7 ] Request (ImagesTestJSON:test_create_image_from_stopped_server): 200 GET http://10.180.1.21/compute/v2.1/servers/53eb9ce7-3b4a-4b39-91b9-5e17928b2677 0.431s
2025-02-07 15:30:29.782 63412 INFO tempest.lib.common.rest_client [req-a7f1985c-aa53-454c-aa9e-eeb32281e0e9 req-a7f1985c-aa53-454c-aa9e-eeb32281e0e9 ] Request (ServerActionsTestJSON:setUpClass): 200 GET http://10.180.1.21/compute/v2.1/servers/1cc95b13-67d6-4dac-b8b6-7de3dff065a6 0.456s
2025-02-07 15:30:29.790 63412 INFO tempest.common.waiters [-] State transition "BUILD/scheduling" ==> "BUILD/None" after 35 second wait
2025-02-07 15:30:29.812 63418 INFO tempest.lib.common.rest_client [req-06a791fd-1bee-439c-9d9f-fa447b682532 req-06a791fd-1bee-439c-9d9f-fa447b682532 ] Request (ServerShowV254Test:tearDownClass): 200 GET http://10.180.1.21/compute/v2.1/servers/7f2dfd43-9925-41f6-bf4a-d0e9ea2078ee 0.405s
2025-02-07 15:30:29.877 63428 INFO tempest.lib.common.rest_client [req-465b7a2d-d19b-449a-991e-9ef5bb56ad8e req-465b7a2d-d19b-449a-991e-9ef5bb56ad8e ] Request (ListServersNegativeTestJSON:tearDownClass): 200 GET http://10.180.1.21/compute/v2.1/servers/ff5f7cb9-20e6-48a8-91f7-c14214f6d7a7 0.375s
2025-02-07 15:30:29.891 63416 INFO tempest.lib.common.rest_client [req-371d09f9-f83f-4036-8a5d-3bdeb5516f56 req-371d09f9-f83f-4036-8a5d-3bdeb5516f56 ] Request (ServersAdminNegativeTestJSON:test_migrate_server_invalid_state): 200 GET http://10.180.1.21/compute/v2.1/servers/94d4222d-cfed-4c44-b252-878403290429 0.435s
2025-02-07 15:30:29.898 63416 INFO tempest.common.waiters [-] State transition "BUILD/networking" ==> "BUILD/spawning" after 47 second wait
2025-02-07 15:30:29.946 63420 INFO tempest.lib.common.rest_client [req-b352e69c-a578-4a49-819a-63832b5b2cbd req-b352e69c-a578-4a49-819a-63832b5b2cbd ] Request (DeleteServersTestJSON:test_delete_active_server): 200 GET http://10.180.1.21/compute/v2.1/servers/5f24ec35-7ed1-45fc-bde0-ade0f37fb1f5 0.392s
2025-02-07 15:30:29.993 63432 INFO tempest.lib.common.rest_client [req-584d98ff-266f-4da0-bf40-ba0fe187e9f8 req-584d98ff-266f-4da0-bf40-ba0fe187e9f8 ] Request (ServersTestFqdnHostnames:test_create_server_with_fqdn_name): 200 GET http://10.180.1.21/compute/v2.1/servers/23b10046-99a6-49d9-a9ec-14e56e41b895 0.408s
2025-02-07 15:30:30.004 63398 INFO tempest.lib.common.rest_client [req-0ceb43b5-4c91-4f1b-86a7-f896747f79ac req-0ceb43b5-4c91-4f1b-86a7-f896747f79ac ] Request (MigrationsAdminTest:test_list_migrations_in_flavor_resize_situation): 200 GET http://10.180.1.21/compute/v2.1/servers/fc7e713d-8e89-499e-bd3d-18aac337b3f1 0.460s
2025-02-07 15:30:30.047 63380 INFO tempest.lib.common.rest_client [req-79397cd5-a4a8-469e-8d99-751b507c5856 req-79397cd5-a4a8-469e-8d99-751b507c5856 ] Request (ServersAdminTestJSON:setUpClass): 200 GET http://10.180.1.21/compute/v2.1/servers/a619648f-5a7c-4f5f-a3cb-7b872a8cdb3e 0.345s
2025-02-07 15:30:30.078 63388 INFO tempest.lib.common.rest_client [req-2ab1eaae-c4e4-4689-a5a6-3827e4802cb3 req-2ab1eaae-c4e4-4689-a5a6-3827e4802cb3 ] Request (SecurityGroupsTestJSON:test_list_security_groups_by_server): 200 GET http://10.180.1.21/compute/v2.1/servers/98c2e293-ca8a-4e70-b164-3de0966e69b3/os-security-groups 0.381s
2025-02-07 15:30:30.093 63382 INFO tempest.lib.common.rest_client [req-72e50535-46c0-4c40-b984-615d17e931b3 req-72e50535-46c0-4c40-b984-615d17e931b3 ] Request (ServersTestMultiNic:test_verify_duplicate_network_nics): 200 GET http://10.180.1.21/compute/v2.1/servers/74a76dd9-217c-4209-a7d3-01512114f82b 0.334s
2025-02-07 15:30:30.139 63390 INFO tempest.lib.common.rest_client [req-1a0178dd-2066-41b1-9cb6-3b52825006aa req-1a0178dd-2066-41b1-9cb6-3b52825006aa ] Request (ServersAdmin275Test:tearDownClass): 200 GET http://10.180.1.21/compute/v2.1/servers/5c44b2a6-d52c-4403-8c73-3a560665cc56 0.286s
2025-02-07 15:30:30.147 63402 INFO tempest.lib.common.rest_client [req-9541b295-4e13-4f53-8b7d-575e6d9321b0 req-9541b295-4e13-4f53-8b7d-575e6d9321b0 ] Request (ServersTestJSON:setUpClass): 200 GET http://10.180.1.21/compute/v2.1/servers/9370b479-8925-4e3c-8f1b-5cd4488f42f5 0.215s
2025-02-07 15:30:30.249 63434 INFO tempest.lib.common.rest_client [req-dc79f1d6-457b-4402-a329-4425e871d628 req-dc79f1d6-457b-4402-a329-4425e871d628 ] Request (ServerAddressesTestJSON:tearDownClass): 200 GET http://10.180.1.21/compute/v2.1/servers/2c1a9917-d772-48fd-a87d-29b6b0750681 0.192s
2025-02-07 15:30:30.267 63388 INFO tempest.lib.common.rest_client [req-6a2c3c32-5f72-43e9-bf4f-12c5a78c0c23 req-6a2c3c32-5f72-43e9-bf4f-12c5a78c0c23 ] Request (SecurityGroupsTestJSON:test_security_group_create_get_delete): 200 POST http://10.180.1.21/compute/v2.1/os-security-groups 0.185s
2025-02-07 15:30:30.323 63404 INFO tempest.lib.common.rest_client [req-f3121f62-727a-448e-83ee-c24003d46cea req-f3121f62-727a-448e-83ee-c24003d46cea ] Request (ServerExternalEventsTest:tearDownClass): 200 GET http://10.180.1.21/compute/v2.1/servers/a0ee39f8-c9e6-41d3-9ea6-d89a2db8b16b 0.215s
2025-02-07 15:30:30.331 63400 INFO tempest.lib.common.rest_client [req-037fa7c0-7e23-4b95-a192-a3c3d0a7f0f6 req-037fa7c0-7e23-4b95-a192-a3c3d0a7f0f6 ] Request (ServersV294TestFqdnHostnames:setUpClass): 200 GET http://10.180.1.21/compute/v2.1/servers/1bef287c-27f6-4a1e-9445-e18b2bfb5ded 0.209s
2025-02-07 15:30:30.382 63394 INFO tempest.lib.common.rest_client [req-49fc483d-e650-4098-b4b8-cf924103ab7e req-49fc483d-e650-4098-b4b8-cf924103ab7e ] Request (ServerRescueNegativeTestJSON:setUpClass): 200 GET http://10.180.1.21/compute/v2.1/servers/58724e42-0b03-4b93-bea6-bd0d2a9cd345 0.218s
2025-02-07 15:30:30.398 63384 INFO tempest.lib.common.rest_client [req-aaa963ab-10f1-4824-b53e-01a8cdc7f6ff req-aaa963ab-10f1-4824-b53e-01a8cdc7f6ff ] Request (ServersNegativeTestJSON:setUpClass): 200 GET http://10.180.1.21/compute/v2.1/servers/c1e19567-0fda-46c4-828d-b05bb9ce09cf 0.232s
2025-02-07 15:30:30.429 63392 INFO tempest.lib.common.rest_client [req-75234272-8f9c-4556-bb42-3a0456a33a6d req-75234272-8f9c-4556-bb42-3a0456a33a6d ] Request (ServersTestJSON:test_create_server_specify_multibyte_character_name): 200 GET http://10.180.1.21/compute/v2.1/servers/1667b43d-f077-46d4-8c99-29c84a04854f 0.214s
2025-02-07 15:30:30.446 63415 INFO tempest.lib.common.rest_client [req-dffe23d1-e9a7-4dd5-bef8-2e1c09e23af8 req-dffe23d1-e9a7-4dd5-bef8-2e1c09e23af8 ] Request (ServerDiskConfigTestJSON:test_rebuild_server_with_auto_disk_config): 200 GET http://10.180.1.21/compute/v2.1/servers/ce744ab1-3fc9-4c94-b1e2-fa6504a2f39a 0.214s
2025-02-07 15:30:30.460 63388 INFO tempest.lib.common.rest_client [req-3f923e36-3c11-4459-9b61-1ea1b6f4211e req-3f923e36-3c11-4459-9b61-1ea1b6f4211e ] Request (SecurityGroupsTestJSON:test_security_group_create_get_delete): 200 GET http://10.180.1.21/compute/v2.1/os-security-groups/9a2d5e7c-5797-4ae3-a413-45465e97719b 0.190s
2025-02-07 15:30:30.574 63388 INFO tempest.lib.common.rest_client [req-b438f638-4494-49e0-8632-87d3a1698535 req-b438f638-4494-49e0-8632-87d3a1698535 ] Request (SecurityGroupsTestJSON:test_security_group_create_get_delete): 202 DELETE http://10.180.1.21/compute/v2.1/os-security-groups/9a2d5e7c-5797-4ae3-a413-45465e97719b 0.111s
2025-02-07 15:30:30.587 63386 INFO tempest.lib.common.rest_client [req-e0a2b854-e745-4c4c-b648-46ed56b1b34f req-e0a2b854-e745-4c4c-b648-46ed56b1b34f ] Request (ImagesOneServerNegativeTestJSON:setUpClass): 200 GET http://10.180.1.21/compute/v2.1/servers/3dfbcac5-f18f-430c-92f1-72351dcd0af9 0.146s
2025-02-07 15:30:30.606 63388 INFO tempest.lib.common.rest_client [req-a31efed0-39fc-4407-af92-002062eea792 req-a31efed0-39fc-4407-af92-002062eea792 ] Request (SecurityGroupsTestJSON:test_security_group_create_get_delete): 404 GET http://10.180.1.21/compute/v2.1/os-security-groups/9a2d5e7c-5797-4ae3-a413-45465e97719b 0.032s
2025-02-07 15:30:30.633 63410 INFO tempest.lib.common.rest_client [req-855c5a79-1b3d-4894-87d1-d10c25a401bd req-855c5a79-1b3d-4894-87d1-d10c25a401bd ] Request (AttachInterfacesTestJSON:test_create_list_show_delete_interfaces_by_fixed_ip): 200 GET http://10.180.1.21/compute/v2.1/servers/c8c7241a-1c88-4c14-a755-21f0873d80de 0.126s
2025-02-07 15:30:30.667 63438 INFO tempest.lib.common.rest_client [req-87fa7a2f-991a-4d2c-bab8-f2f7ef5a8f68 req-87fa7a2f-991a-4d2c-bab8-f2f7ef5a8f68 ] Request (TenantUsagesTestJSON:tearDownClass): 200 GET http://10.180.1.21/compute/v2.1/servers/8496f944-119f-410e-be42-346e65918141 0.090s
2025-02-07 15:30:30.711 63440 INFO tempest.lib.common.rest_client [req-08d5d568-fb60-4846-89d2-2bf581c5c1e6 req-08d5d568-fb60-4846-89d2-2bf581c5c1e6 ] Request (InstanceActionsTestJSON:setUpClass): 200 GET http://10.180.1.21/compute/v2.1/servers/2403c90a-52bd-4e10-9bea-f9e9c65325e2 0.078s
2025-02-07 15:30:30.756 63424 INFO tempest.lib.common.rest_client [req-b63b4f6c-935e-438d-92e2-be2c34f58558 req-b63b4f6c-935e-438d-92e2-be2c34f58558 ] Request (FloatingIPsAssociationNegativeTestJSON:setUpClass): 200 GET http://10.180.1.21/compute/v2.1/servers/b200c9ec-0be1-40e7-8da7-525730c7931b 0.061s
2025-02-07 15:30:30.780 63388 INFO tempest.lib.common.rest_client [req-d4ec0a81-beb2-4b7b-9cfb-9aa61593dbc8 req-d4ec0a81-beb2-4b7b-9cfb-9aa61593dbc8 ] Request (SecurityGroupsTestJSON:test_security_groups_create_list_delete): 200 POST http://10.180.1.21/compute/v2.1/os-security-groups 0.173s
2025-02-07 15:30:30.822 63408 INFO tempest.lib.common.rest_client [req-b8361371-8db7-48d2-8011-7484c099ebc0 req-b8361371-8db7-48d2-8011-7484c099ebc0 ] Request (ServerShowV247Test:test_update_rebuild_list_server): 200 GET http://10.180.1.21/compute/v2.1/servers/f13d696c-51ea-43c4-9376-f5894d71a376 0.078s
2025-02-07 15:30:30.833 63430 INFO tempest.lib.common.rest_client [req-ea7259dc-a095-4d3a-a7a2-e7f678f2d6f3 req-ea7259dc-a095-4d3a-a7a2-e7f678f2d6f3 ] Request (ImagesTestJSON:test_create_image_from_stopped_server): 200 GET http://10.180.1.21/compute/v2.1/servers/53eb9ce7-3b4a-4b39-91b9-5e17928b2677 0.073s
2025-02-07 15:30:30.889 63412 INFO tempest.lib.common.rest_client [req-dff1e15f-76e3-4168-9029-d67411f28b05 req-dff1e15f-76e3-4168-9029-d67411f28b05 ] Request (ServerActionsTestJSON:setUpClass): 200 GET http://10.180.1.21/compute/v2.1/servers/1cc95b13-67d6-4dac-b8b6-7de3dff065a6 0.098s
2025-02-07 15:30:30.955 63418 INFO tempest.lib.common.rest_client [req-e0dd10fd-27b7-4699-b6ab-48c9ac48badb req-e0dd10fd-27b7-4699-b6ab-48c9ac48badb ] Request (ServerShowV254Test:tearDownClass): 200 GET http://10.180.1.21/compute/v2.1/servers/7f2dfd43-9925-41f6-bf4a-d0e9ea2078ee 0.131s
2025-02-07 15:30:30.985 63426 WARNING tempest.lib.common.ssh [-] Failed to establish authenticated ssh connection to cirros@10.180.180.181 ([Errno None] Unable to connect to port 22 on 10.180.180.181). Number attempts: 5. Retry after 6 seconds.: paramiko.ssh_exception.NoValidConnectionsError: [Errno None] Unable to connect to port 22 on 10.180.180.181
2025-02-07 15:30:31.016 63428 INFO tempest.lib.common.rest_client [req-ceac290a-6903-4aa4-9e06-286a18ca26e8 req-ceac290a-6903-4aa4-9e06-286a18ca26e8 ] Request (ListServersNegativeTestJSON:tearDownClass): 200 GET http://10.180.1.21/compute/v2.1/servers/ff5f7cb9-20e6-48a8-91f7-c14214f6d7a7 0.131s
2025-02-07 15:30:31.019 63388 INFO tempest.lib.common.rest_client [req-a545b357-b536-43d6-a23c-41c5b9c8af81 req-a545b357-b536-43d6-a23c-41c5b9c8af81 ] Request (SecurityGroupsTestJSON:test_security_groups_create_list_delete): 200 POST http://10.180.1.21/compute/v2.1/os-security-groups 0.232s
2025-02-07 15:30:31.081 63420 INFO tempest.lib.common.rest_client [req-a7da3364-12da-4850-8b07-12f563891089 req-a7da3364-12da-4850-8b07-12f563891089 ] Request (DeleteServersTestJSON:test_delete_active_server): 200 GET http://10.180.1.21/compute/v2.1/servers/5f24ec35-7ed1-45fc-bde0-ade0f37fb1f5 0.123s
2025-02-07 15:30:31.129 63432 INFO tempest.lib.common.rest_client [req-27a5018d-c9bd-4445-9ff0-ca8b5b6452f0 req-27a5018d-c9bd-4445-9ff0-ca8b5b6452f0 ] Request (ServersTestFqdnHostnames:test_create_server_with_fqdn_name): 200 GET http://10.180.1.21/compute/v2.1/servers/23b10046-99a6-49d9-a9ec-14e56e41b895 0.128s
2025-02-07 15:30:31.207 63416 INFO tempest.lib.common.rest_client [req-abc91b06-bc22-48c4-8051-e1609b6a5100 req-abc91b06-bc22-48c4-8051-e1609b6a5100 ] Request (ServersAdminNegativeTestJSON:test_migrate_server_invalid_state): 200 GET http://10.180.1.21/compute/v2.1/servers/94d4222d-cfed-4c44-b252-878403290429 0.305s
