2025-02-07 16:21:31.542 62982 INFO tempest.lib.common.rest_client [req-c19d75db-81cd-44bf-b7f3-09589baa998e req-c19d75db-81cd-44bf-b7f3-09589baa998e ] Request (FloatingIPsTestJSON:_run_cleanups): 202 DELETE http://10.180.1.21/compute/v2.1/os-floating-ips/967cd92e-3a80-4492-aa6f-73d7d8206cfc 0.952s
2025-02-07 16:21:31.569 62946 INFO tempest.lib.common.rest_client [req-94a91082-122a-41c9-b50f-03540f85e50d req-94a91082-122a-41c9-b50f-03540f85e50d ] Request (AttachInterfacesTestJSON:test_create_list_show_delete_interfaces_by_fixed_ip): 200 GET http://10.180.1.21/compute/v2.1/servers/cc523733-d9ab-4337-bf4f-59c94fa1484b/os-interface/0b6cacb8-b346-4dae-9ab7-12040baa0c00 0.752s
2025-02-07 16:21:31.661 62946 INFO tempest.lib.common.rest_client [req-4dec43f9-433c-4d2b-825b-3e1fa1b71db6 req-4dec43f9-433c-4d2b-825b-3e1fa1b71db6 ] Request (AttachInterfacesTestJSON:test_create_list_show_delete_interfaces_by_fixed_ip): 200 GET http://10.180.1.21:9696/networking/v2.0/ports?network_id=83724d80-84b7-4216-b3ea-5a3e049d015e 0.090s
2025-02-07 16:21:31.671 62966 INFO tempest.lib.common.rest_client [req-088e19e0-e610-4d4d-b7e9-970459114f52 req-088e19e0-e610-4d4d-b7e9-970459114f52 ] Request (ServerPasswordTestJSON:tearDownClass): 200 GET http://10.180.1.21/compute/v2.1/servers/fdb3277a-e02d-4150-9980-ba907497b2dc 0.810s
2025-02-07 16:21:31.717 62946 INFO tempest.lib.common.rest_client [req-510a42f0-66ec-457a-bee5-b29907aaee1b req-510a42f0-66ec-457a-bee5-b29907aaee1b ] Request (AttachInterfacesTestJSON:test_create_list_show_delete_interfaces_by_fixed_ip): 200 GET http://10.180.1.21:9696/networking/v2.0/subnets/606d4e87-ab4a-465a-8c46-1ac972b0f7f5 0.055s
2025-02-07 16:21:31.758 62970 INFO tempest.lib.common.rest_client [req-f3401e86-09c8-4aa5-a3f7-669cb3718d10 req-f3401e86-09c8-4aa5-a3f7-669cb3718d10 ] Request (AttachVolumeShelveTestJSON:test_attach_volume_shelved_or_offload_server): 200 GET http://10.180.1.21/compute/v2.1/servers/20c560c8-551e-476c-b26a-45e5d9770dce 0.922s
2025-02-07 16:21:31.807 62932 INFO tempest.lib.common.rest_client [req-483c06c0-1fae-4a85-a933-b84c65d849b0 req-483c06c0-1fae-4a85-a933-b84c65d849b0 ] Request (ServerRescueNegativeTestJSON:test_rescued_vm_detach_volume): 200 GET http://10.180.1.21/compute/v2.1/servers/46dc2ea7-f124-4a2d-b59c-a8b95f411156 0.918s
2025-02-07 16:21:31.863 62990 INFO tempest.lib.common.rest_client [req-327df72f-8350-4b7d-ba3d-af1e1ca2e6f7 req-327df72f-8350-4b7d-ba3d-af1e1ca2e6f7 ] Request (ServersAdminNegativeTestJSON:test_migrate_server_invalid_state): 200 GET http://10.180.1.21/compute/v2.1/servers/9f0ee26b-4f22-4ed9-b323-3585a66ad421 0.915s
2025-02-07 16:21:31.928 62992 INFO tempest.lib.common.rest_client [req-17cc4e3f-812c-4bcd-b5ab-28298d24fd9f req-17cc4e3f-812c-4bcd-b5ab-28298d24fd9f ] Request (ImagesTestJSON:test_create_server_from_snapshot): 200 GET http://10.180.1.21/compute/v2.1/servers/9b21a7b6-464c-4db7-9308-5377447ade04 0.905s
2025-02-07 16:21:32.080 62944 INFO tempest.lib.common.rest_client [req-3b4eee56-5952-4b99-9ef1-d13d94ac50c4 req-3b4eee56-5952-4b99-9ef1-d13d94ac50c4 ] Request (ImagesOneServerNegativeTestJSON:setUpClass): 200 GET http://10.180.1.21/compute/v2.1/servers/a08bc52b-f6e0-4c73-8dab-e19c0ed4ba47 0.979s
2025-02-07 16:21:32.089 62944 INFO tempest.common.waiters [-] State transition "BUILD/spawning" ==> "ACTIVE/None" after 98 second wait
2025-02-07 16:21:32.152 62934 INFO tempest.lib.common.rest_client [req-f6920b31-e496-4df0-b825-98163eb472de req-f6920b31-e496-4df0-b825-98163eb472de ] Request (ListImageFiltersTestJSON:tearDownClass): 200 GET http://10.180.1.21/compute/v2.1/servers/39c2763c-aab1-4d5b-90b7-7db675df0dea 1.038s
2025-02-07 16:21:32.198 62956 INFO tempest.lib.common.rest_client [req-a312acd8-ee92-4a2a-b624-8a07ce1d9672 req-a312acd8-ee92-4a2a-b624-8a07ce1d9672 ] Request (FloatingIPDetailsTestJSON:test_get_floating_ip_details): 200 POST http://10.180.1.21/compute/v2.1/os-floating-ips 1.315s
2025-02-07 16:21:32.224 62958 INFO tempest.lib.common.rest_client [req-600a56c7-f5ec-433c-a77e-44b4bfb0eab0 req-600a56c7-f5ec-433c-a77e-44b4bfb0eab0 ] Request (VolumesAssistedSnapshotsTest:tearDownClass): 200 GET http://10.180.1.21/compute/v2.1/servers/31c1303a-ec34-4a3c-8d76-413fe8ddbb6f 1.052s
2025-02-07 16:21:32.258 62938 INFO tempest.lib.common.rest_client [req-1d242270-c67c-4b29-9b9d-23a76074a64b req-1d242270-c67c-4b29-9b9d-23a76074a64b ] Request (MigrationsAdminTest:test_resize_server_revert_deleted_flavor): 200 GET http://10.180.1.21/compute/v2.1/servers/9852bd88-1d3c-4e14-a334-1fbd32cdd3ed 1.021s
2025-02-07 16:21:32.318 62930 INFO tempest.lib.common.rest_client [req-44006d4c-b35a-48e4-b35a-6d5927ad6abb req-44006d4c-b35a-48e4-b35a-6d5927ad6abb ] Request (ServersAdminTestJSON:test_inject_network_info): 200 GET http://10.180.1.21/compute/v2.1/servers/5da4398a-cdc1-4c7b-bcc2-706f7b99a60a 1.026s
2025-02-07 16:21:32.376 62976 INFO tempest.lib.common.rest_client [req-df9f0359-00a2-4053-a502-260f30480644 req-df9f0359-00a2-4053-a502-260f30480644 ] Request (MultipleCreateTestJSON:test_multiple_create): 200 GET http://10.180.1.21/compute/v2.1/servers/e28d568b-a29d-4b5c-90e6-aac10019d54a 1.123s
2025-02-07 16:21:32.383 62976 INFO tempest.common.waiters [-] State transition "BUILD/block_device_mapping" ==> "BUILD/spawning" after 83 second wait
2025-02-07 16:21:32.390 62980 INFO tempest.lib.common.rest_client [req-0ec89d59-9534-4aa6-af8d-369ff4c039b6 req-0ec89d59-9534-4aa6-af8d-369ff4c039b6 ] Request (ServersV294TestFqdnHostnames:tearDownClass): 200 GET http://10.180.1.21/compute/v2.1/servers/c1c90088-c0e8-43b8-83e0-7a29dc83790e 1.058s
2025-02-07 16:21:32.400 62978 INFO tempest.lib.common.rest_client [req-3116ba9e-8d9d-436b-b8fb-494bcf70a852 req-3116ba9e-8d9d-436b-b8fb-494bcf70a852 ] Request (ServerAddressesNegativeTestJSON:tearDownClass): 404 GET http://10.180.1.21/compute/v2.1/servers/c316241e-bdb6-4f77-8e3b-277a6bb2f6ce 1.038s
2025-02-07 16:21:32.547 62950 WARNING tempest.lib.common.ssh [-] Failed to establish authenticated ssh connection to cirros@10.180.180.221 ([Errno None] Unable to connect to port 22 on 10.180.180.221). Number attempts: 2. Retry after 3 seconds.: paramiko.ssh_exception.NoValidConnectionsError: [Errno None] Unable to connect to port 22 on 10.180.180.221
2025-02-07 16:21:32.575 62968 INFO tempest.lib.common.rest_client [req-15dc011f-2b79-4871-a37d-b4b545df6703 req-15dc011f-2b79-4871-a37d-b4b545df6703 ] Request (ServerActionsTestJSON:test_lock_unlock_server): 200 GET http://10.180.1.21/compute/v2.1/servers/51049d09-cb97-42a9-aa48-b9375cf7c7eb 1.194s
2025-02-07 16:21:33.676 62982 INFO tempest.lib.common.rest_client [req-8e8dd294-585f-4ef2-8e3a-986574f22708 req-8e8dd294-585f-4ef2-8e3a-986574f22708 ] Request (FloatingIPsTestJSON:test_delete_floating_ip): 200 POST http://10.180.1.21/compute/v2.1/os-floating-ips 2.133s
2025-02-07 16:21:33.743 62960 INFO tempest.lib.common.rest_client [req-38d96777-6a9d-4090-9e39-d49e0cdbd8b6 req-38d96777-6a9d-4090-9e39-d49e0cdbd8b6 ] Request (ServersWithSpecificFlavorTestJSON:test_verify_created_server_ephemeral_disk): 200 GET http://10.180.1.21/compute/v2.1/servers/3cc8af78-190c-486b-8e28-92895e62d772 1.798s
2025-02-07 16:21:33.855 62962 INFO tempest.lib.common.rest_client [req-b2a00217-d586-4fa1-9b67-652a5d6248da req-b2a00217-d586-4fa1-9b67-652a5d6248da ] Request (FloatingIPsAssociationNegativeTestJSON:setUpClass): 200 GET http://10.180.1.21/compute/v2.1/servers/40588dfc-c8b5-4edb-b5f8-b533658e56a2 1.826s
2025-02-07 16:21:33.958 62948 INFO tempest.lib.common.rest_client [req-2d91cd88-5c27-4631-b454-2c2971f371c3 req-2d91cd88-5c27-4631-b454-2c2971f371c3 ] Request (SecurityGroupsTestJSON:test_server_security_groups): 200 GET http://10.180.1.21/compute/v2.1/servers/3c84746a-efe7-48dc-b6a1-9571efecea87 1.870s
2025-02-07 16:21:34.046 62978 INFO tempest.lib.common.rest_client [req-6a79f6f0-989b-4829-8496-77e8f7cfa335 req-6a79f6f0-989b-4829-8496-77e8f7cfa335 ] Request (ServerAddressesNegativeTestJSON:tearDownClass): 200 PUT http://10.180.1.21:9696/networking/v2.0/routers/25082719-4da4-461f-97e8-28097454da5d/remove_router_interface 1.646s
2025-02-07 16:21:34.079 62944 INFO tempest.lib.common.rest_client [req-86afaf69-b617-4ef5-a148-6f10afd8b0e3 req-86afaf69-b617-4ef5-a148-6f10afd8b0e3 ] Request (ImagesOneServerNegativeTestJSON:setUp): 200 GET http://10.180.1.21/compute/v2.1/servers/a08bc52b-f6e0-4c73-8dab-e19c0ed4ba47 1.988s
2025-02-07 16:21:34.197 62940 INFO tempest.lib.common.rest_client [req-765ecca4-6f12-43ef-ae8d-4f069f0c3583 req-765ecca4-6f12-43ef-ae8d-4f069f0c3583 ] Request (ServersTestMultiNic:test_verify_duplicate_network_nics): 200 GET http://10.180.1.21/compute/v2.1/servers/4da35bd5-50b0-4148-9802-81e45025a4a0 2.094s
2025-02-07 16:21:34.252 62942 INFO tempest.lib.common.rest_client [req-0da5fd9c-ac71-4ea7-8f9b-342eceec32a5 req-0da5fd9c-ac71-4ea7-8f9b-342eceec32a5 ] Request (AttachVolumeNegativeTest:test_attach_attached_volume_to_different_server): 200 GET http://10.180.1.21/compute/v2.1/servers/8dfa69d8-a372-4596-be2c-c8f72b5e31ee 2.083s
2025-02-07 16:21:34.366 62956 INFO tempest.lib.common.rest_client [req-ce0b5338-d039-463b-934a-2d6345e04d91 req-ce0b5338-d039-463b-934a-2d6345e04d91 ] Request (FloatingIPDetailsTestJSON:test_get_floating_ip_details): 200 GET http://10.180.1.21/compute/v2.1/os-floating-ips/361a0c71-d4fc-436f-b714-41b5f272526e 2.165s
2025-02-07 16:21:34.430 62986 INFO tempest.lib.common.rest_client [req-cd25ee74-1510-4374-86f7-a337662f5841 req-cd25ee74-1510-4374-86f7-a337662f5841 ] Request (ListServersNegativeTestJSON:setUpClass): 200 GET http://10.180.1.21/compute/v2.1/servers/8cf78384-7e0f-4a97-a030-1e51f123f086 2.183s
2025-02-07 16:21:34.493 62936 INFO tempest.lib.common.rest_client [req-1d968d17-420d-47d0-9b77-01b627a1f855 req-1d968d17-420d-47d0-9b77-01b627a1f855 ] Request (ServerDiskConfigTestJSON:test_rebuild_server_with_manual_disk_config): 200 GET http://10.180.1.21/compute/v2.1/servers/80ad2833-64e1-4e54-b28a-ad7c601dc5ae 2.187s
2025-02-07 16:21:34.584 62974 INFO tempest.lib.common.rest_client [req-529b753f-7f27-4594-b640-b77583c32d57 req-529b753f-7f27-4594-b640-b77583c32d57 ] Request (ListServerFiltersTestJSON:tearDownClass): 200 GET http://10.180.1.21/compute/v2.1/servers/dd592887-7756-430b-bb18-8bf79d1b7a04 2.133s
2025-02-07 16:21:34.607 62968 INFO tempest.lib.common.rest_client [req-cff19878-e098-4ca3-8d60-3f7a3f153b6d req-cff19878-e098-4ca3-8d60-3f7a3f153b6d ] Request (ServerActionsTestJSON:test_lock_unlock_server): 409 POST http://10.180.1.21/compute/v2.1/servers/51049d09-cb97-42a9-aa48-b9375cf7c7eb/action 2.019s
2025-02-07 16:21:34.655 62978 INFO tempest.lib.common.rest_client [req-35d79b32-df3d-4083-8885-d8d4ec3c6d1e req-35d79b32-df3d-4083-8885-d8d4ec3c6d1e ] Request (ServerAddressesNegativeTestJSON:tearDownClass): 204 DELETE http://10.180.1.21:9696/networking/v2.0/routers/25082719-4da4-461f-97e8-28097454da5d 0.608s
2025-02-07 16:21:34.688 62966 INFO tempest.lib.common.rest_client [req-e9e68f9e-6530-40ef-9650-2ae72d5934d9 req-e9e68f9e-6530-40ef-9650-2ae72d5934d9 ] Request (ServerPasswordTestJSON:tearDownClass): 200 GET http://10.180.1.21/compute/v2.1/servers/fdb3277a-e02d-4150-9980-ba907497b2dc 2.004s
2025-02-07 16:21:34.819 62970 INFO tempest.lib.common.rest_client [req-09730f15-8781-4365-9d83-607a95ca5d22 req-09730f15-8781-4365-9d83-607a95ca5d22 ] Request (AttachVolumeShelveTestJSON:test_attach_volume_shelved_or_offload_server): 200 GET http://10.180.1.21/compute/v2.1/servers/20c560c8-551e-476c-b26a-45e5d9770dce 2.049s
2025-02-07 16:21:34.882 62932 INFO tempest.lib.common.rest_client [req-f1be9121-61d9-4f72-8fa0-2e79d058c753 req-f1be9121-61d9-4f72-8fa0-2e79d058c753 ] Request (ServerRescueNegativeTestJSON:test_rescued_vm_detach_volume): 200 GET http://10.180.1.21/compute/v2.1/servers/46dc2ea7-f124-4a2d-b59c-a8b95f411156 2.066s
2025-02-07 16:21:34.896 62932 INFO tempest.common.waiters [-] State transition "BUILD/scheduling" ==> "BUILD/None" after 26 second wait
2025-02-07 16:21:34.933 62978 INFO tempest.lib.common.rest_client [req-a750ec92-568a-4579-a980-8e51a1dc81fe req-a750ec92-568a-4579-a980-8e51a1dc81fe ] Request (ServerAddressesNegativeTestJSON:tearDownClass): 204 DELETE http://10.180.1.21:9696/networking/v2.0/subnets/5dd66393-9e1f-46e1-a735-9be18d68e351 0.277s
2025-02-07 16:21:34.951 62990 INFO tempest.lib.common.rest_client [req-a45c0fa2-1aaf-4a09-9ae9-8217c9d81935 req-a45c0fa2-1aaf-4a09-9ae9-8217c9d81935 ] Request (ServersAdminNegativeTestJSON:test_migrate_server_invalid_state): 200 GET http://10.180.1.21/compute/v2.1/servers/9f0ee26b-4f22-4ed9-b323-3585a66ad421 2.079s
2025-02-07 16:21:35.019 62992 INFO tempest.lib.common.rest_client [req-04563993-4074-4aa1-be62-654c536e513d req-04563993-4074-4aa1-be62-654c536e513d ] Request (ImagesTestJSON:test_create_server_from_snapshot): 200 GET http://10.180.1.21/compute/v2.1/servers/9b21a7b6-464c-4db7-9308-5377447ade04 2.081s
2025-02-07 16:21:35.121 62934 INFO tempest.lib.common.rest_client [req-91d9f975-c2cc-430b-b01b-36e087ec5aa9 req-91d9f975-c2cc-430b-b01b-36e087ec5aa9 ] Request (ListImageFiltersTestJSON:tearDownClass): 200 GET http://10.180.1.21/compute/v2.1/servers/39c2763c-aab1-4d5b-90b7-7db675df0dea 1.958s
2025-02-07 16:21:35.212 62958 INFO tempest.lib.common.rest_client [req-7c596e2d-9c77-42aa-87d4-0d53ae69a57b req-7c596e2d-9c77-42aa-87d4-0d53ae69a57b ] Request (VolumesAssistedSnapshotsTest:tearDownClass): 200 GET http://10.180.1.21/compute/v2.1/servers/31c1303a-ec34-4a3c-8d76-413fe8ddbb6f 1.978s
2025-02-07 16:21:35.380 62938 INFO tempest.lib.common.rest_client [req-2385fb19-c05d-47a7-98be-f79c6f8a8f2f req-2385fb19-c05d-47a7-98be-f79c6f8a8f2f ] Request (MigrationsAdminTest:test_resize_server_revert_deleted_flavor): 200 GET http://10.180.1.21/compute/v2.1/servers/9852bd88-1d3c-4e14-a334-1fbd32cdd3ed 2.114s
2025-02-07 16:21:35.389 62938 INFO tempest.common.waiters [-] State transition "BUILD/None" ==> "BUILD/block_device_mapping" after 75 second wait
2025-02-07 16:21:35.403 62978 INFO tempest.lib.common.rest_client [req-e6fbd7bb-353d-4520-bd20-f69e0f77d4bd req-e6fbd7bb-353d-4520-bd20-f69e0f77d4bd ] Request (ServerAddressesNegativeTestJSON:tearDownClass): 204 DELETE http://10.180.1.21:9696/networking/v2.0/networks/4d4ce4fd-12e1-4916-9c49-f0669ae9099b 0.469s
2025-02-07 16:21:35.442 62930 INFO tempest.lib.common.rest_client [req-90930eda-6c33-4de6-8b16-5ffba4d00a53 req-90930eda-6c33-4de6-8b16-5ffba4d00a53 ] Request (ServersAdminTestJSON:test_inject_network_info): 200 GET http://10.180.1.21/compute/v2.1/servers/5da4398a-cdc1-4c7b-bcc2-706f7b99a60a 2.115s
2025-02-07 16:21:35.528 62978 INFO tempest.lib.common.rest_client [req-b177eefe-a139-44b2-ad5d-9752abb320e7 req-b177eefe-a139-44b2-ad5d-9752abb320e7 ] Request (ServerAddressesNegativeTestJSON:tearDownClass): 204 DELETE http://10.180.1.21/identity/v3/users/14d2173d15f943fdab0d5d9e25c5e5b1 0.125s
2025-02-07 16:21:35.529 62978 INFO tempest.lib.common.dynamic_creds [-] Deleting project and security group for project: 3f660912c0b2461998508033a45f80fa
2025-02-07 16:21:35.543 62976 INFO tempest.lib.common.rest_client [req-5487c38d-df9e-4ab8-8acc-5f65e8cef19f req-5487c38d-df9e-4ab8-8acc-5f65e8cef19f ] Request (MultipleCreateTestJSON:test_multiple_create): 200 GET http://10.180.1.21/compute/v2.1/servers/e28d568b-a29d-4b5c-90e6-aac10019d54a 2.158s
2025-02-07 16:21:35.566 62978 INFO tempest.lib.common.rest_client [req-67de526e-7824-410f-95b9-013404cee88d req-67de526e-7824-410f-95b9-013404cee88d ] Request (ServerAddressesNegativeTestJSON:tearDownClass): 200 GET http://10.180.1.21:9696/networking/v2.0/security-groups?tenant_id=3f660912c0b2461998508033a45f80fa&name=default 0.037s
2025-02-07 16:21:35.621 62980 INFO tempest.lib.common.rest_client [req-53575d4f-354f-4f0b-9e7c-893bdd6870df req-53575d4f-354f-4f0b-9e7c-893bdd6870df ] Request (ServersV294TestFqdnHostnames:tearDownClass): 200 GET http://10.180.1.21/compute/v2.1/servers/c1c90088-c0e8-43b8-83e0-7a29dc83790e 2.221s
2025-02-07 16:21:35.691 62978 INFO tempest.lib.common.rest_client [req-5d5204e6-bf6b-41ab-882d-e94eaf29551b req-5d5204e6-bf6b-41ab-882d-e94eaf29551b ] Request (ServerAddressesNegativeTestJSON:tearDownClass): 204 DELETE http://10.180.1.21:9696/networking/v2.0/security-groups/6f850604-a973-4e00-9c62-8185ffece485 0.124s
2025-02-07 16:21:35.784 62978 INFO tempest.lib.common.rest_client [req-0743bacc-0314-4cb5-ab9d-897db509b260 req-0743bacc-0314-4cb5-ab9d-897db509b260 ] Request (ServerAddressesNegativeTestJSON:tearDownClass): 204 DELETE http://10.180.1.21/identity/v3/projects/3f660912c0b2461998508033a45f80fa 0.092s
2025-02-07 16:21:35.842 62978 INFO tempest.lib.common.rest_client [req-dc5032fa-3f01-46ee-8292-4996ff1f3169 req-dc5032fa-3f01-46ee-8292-4996ff1f3169 ] Request (ServerMetadataNegativeTestJSON:setUpClass): 201 POST http://10.180.1.21/identity/v3/auth/tokens 0.056s
2025-02-07 16:21:35.873 62978 INFO tempest.lib.common.rest_client [req-8a2d3859-a418-4fc3-ad2f-92cdbe87eeb0 req-8a2d3859-a418-4fc3-ad2f-92cdbe87eeb0 ] Request (ServerMetadataNegativeTestJSON:setUpClass): 201 POST http://10.180.1.21/identity/v3/auth/tokens 0.028s
2025-02-07 16:21:35.902 62978 INFO tempest.lib.common.rest_client [req-5b8ccad3-81f2-4508-a787-69ec6fbf12c7 req-5b8ccad3-81f2-4508-a787-69ec6fbf12c7 ] Request (ServerMetadataNegativeTestJSON:setUpClass): 200 GET http://10.180.1.21/identity/v3/domains?name=Default 0.028s
2025-02-07 16:21:35.932 62978 INFO tempest.lib.common.rest_client [req-98b1e7ff-bd8d-486c-b4c4-9d569d589926 req-98b1e7ff-bd8d-486c-b4c4-9d569d589926 ] Request (ServerMetadataNegativeTestJSON:setUpClass): 201 POST http://10.180.1.21/identity/v3/projects 0.030s
2025-02-07 16:21:35.967 62982 INFO tempest.lib.common.rest_client [req-1fef1cfc-2987-4ada-8398-2e4fadc041b9 req-1fef1cfc-2987-4ada-8398-2e4fadc041b9 ] Request (FloatingIPsTestJSON:test_delete_floating_ip): 202 DELETE http://10.180.1.21/compute/v2.1/os-floating-ips/dad82fc1-c9b3-44d2-ac70-1ab6603c4fc9 2.289s
2025-02-07 16:21:35.973 62944 INFO tempest.lib.common.rest_client [req-896be4d6-8bc2-429c-82c5-7c769fd36b4c req-896be4d6-8bc2-429c-82c5-7c769fd36b4c ] Request (ImagesOneServerNegativeTestJSON:test_create_image_specify_invalid_metadata): 400 POST http://10.180.1.21/compute/v2.1/servers/a08bc52b-f6e0-4c73-8dab-e19c0ed4ba47/action 1.886s
2025-02-07 16:21:35.998 62978 INFO tempest.lib.common.rest_client [req-1997b9d9-f2ae-4698-b065-718cf710df11 req-1997b9d9-f2ae-4698-b065-718cf710df11 ] Request (ServerMetadataNegativeTestJSON:setUpClass): 201 POST http://10.180.1.21/identity/v3/users 0.065s
2025-02-07 16:21:36.021 62978 INFO tempest.lib.common.rest_client [req-fb79dd86-5875-4b36-ab59-5e6c3a27f1a0 req-fb79dd86-5875-4b36-ab59-5e6c3a27f1a0 ] Request (ServerMetadataNegativeTestJSON:setUpClass): 200 GET http://10.180.1.21/identity/v3/roles 0.022s
2025-02-07 16:21:36.061 62978 INFO tempest.lib.common.rest_client [req-1175e99d-7a5c-43ba-b1d5-c6895aeab926 req-1175e99d-7a5c-43ba-b1d5-c6895aeab926 ] Request (ServerMetadataNegativeTestJSON:setUpClass): 204 PUT http://10.180.1.21/identity/v3/projects/d6ddc58311c548c7a2db9de55356d341/users/e96473e751a24d12bf6abe18238f0fd7/roles/7db651e6d73342dfba9ddea8ab57506a 0.040s
2025-02-07 16:21:36.062 62978 INFO tempest.lib.common.dynamic_creds [-] Dynamic test user e96473e751a24d12bf6abe18238f0fd7 is created with scope project and roles: ['member']
2025-02-07 16:21:36.062 62978 INFO tempest.lib.common.dynamic_creds [-] Acquired dynamic creds: credentials: Credentials: {'domain_id': 'default', 'domain_name': 'Default', 'username': 'tempest-ServerMetadataNegativeTestJSON-1508598398-project-member', 'project_domain_id': 'default', 'project_domain_name': 'Default', 'project_id': 'd6ddc58311c548c7a2db9de55356d341', 'project_name': 'tempest-ServerMetadataNegativeTestJSON-1508598398', 'tenant_id': 'd6ddc58311c548c7a2db9de55356d341', 'tenant_name': 'tempest-ServerMetadataNegativeTestJSON-1508598398', 'user_domain_id': 'default', 'user_domain_name': 'Default', 'user_id': 'e96473e751a24d12bf6abe18238f0fd7', 'system': None}, Network: None, Subnet: None, Router: None
2025-02-07 16:21:36.124 62978 INFO tempest.lib.common.rest_client [req-8d4a5f39-ae1e-40b1-adbc-fa13db4197c0 req-8d4a5f39-ae1e-40b1-adbc-fa13db4197c0 ] Request (ServerMetadataNegativeTestJSON:setUpClass): 201 POST http://10.180.1.21/identity/v3/auth/tokens 0.062s
2025-02-07 16:21:36.371 62956 INFO tempest.lib.common.rest_client [req-2fde7ab4-4156-4ec7-b242-a5493188435e req-2fde7ab4-4156-4ec7-b242-a5493188435e ] Request (FloatingIPDetailsTestJSON:_run_cleanups): 202 DELETE http://10.180.1.21/compute/v2.1/os-floating-ips/361a0c71-d4fc-436f-b714-41b5f272526e 2.003s
2025-02-07 16:21:36.375 62978 INFO tempest.lib.common.rest_client [req-8a31d51c-b1b5-4b92-bc7d-14def19ef5cf req-8a31d51c-b1b5-4b92-bc7d-14def19ef5cf ] Request (ServerMetadataNegativeTestJSON:setUpClass): 201 POST http://10.180.1.21:9696/networking/v2.0/networks 0.250s
2025-02-07 16:21:36.467 62968 INFO tempest.lib.common.rest_client [req-403cb7dc-c5d1-4919-8a32-ff3f6ce00a8e req-403cb7dc-c5d1-4919-8a32-ff3f6ce00a8e ] Request (ServerActionsTestJSON:test_lock_unlock_server): 202 POST http://10.180.1.21/compute/v2.1/servers/51049d09-cb97-42a9-aa48-b9375cf7c7eb/action 1.860s
2025-02-07 16:21:36.530 62978 INFO tempest.lib.common.rest_client [req-694fd452-3b7f-4f8c-b5b7-82bc9204f550 req-694fd452-3b7f-4f8c-b5b7-82bc9204f550 ] Request (ServerMetadataNegativeTestJSON:setUpClass): 201 POST http://10.180.1.21:9696/networking/v2.0/subnets 0.154s
2025-02-07 16:21:36.531 62960 INFO tempest.lib.common.rest_client [req-80849f1b-b49c-4e22-8aaa-71ff95a3e02b req-80849f1b-b49c-4e22-8aaa-71ff95a3e02b ] Request (ServersWithSpecificFlavorTestJSON:test_verify_created_server_ephemeral_disk): 200 GET http://10.180.1.21/compute/v2.1/servers/3cc8af78-190c-486b-8e28-92895e62d772 1.778s
2025-02-07 16:21:36.590 62962 INFO tempest.lib.common.rest_client [req-f324e6af-1e5b-44b7-b570-dd55c993f9aa req-f324e6af-1e5b-44b7-b570-dd55c993f9aa ] Request (FloatingIPsAssociationNegativeTestJSON:setUpClass): 200 GET http://10.180.1.21/compute/v2.1/servers/40588dfc-c8b5-4edb-b5f8-b533658e56a2 1.723s
2025-02-07 16:21:36.658 62948 INFO tempest.lib.common.rest_client [req-9eb2e322-066d-4135-8941-36f2340d5de8 req-9eb2e322-066d-4135-8941-36f2340d5de8 ] Request (SecurityGroupsTestJSON:test_server_security_groups): 200 GET http://10.180.1.21/compute/v2.1/servers/3c84746a-efe7-48dc-b6a1-9571efecea87 1.688s
2025-02-07 16:21:36.837 62940 INFO tempest.lib.common.rest_client [req-803f5cda-8395-4cbb-a0d5-e0e6405e374e req-803f5cda-8395-4cbb-a0d5-e0e6405e374e ] Request (ServersTestMultiNic:test_verify_duplicate_network_nics): 200 GET http://10.180.1.21/compute/v2.1/servers/4da35bd5-50b0-4148-9802-81e45025a4a0 1.632s
2025-02-07 16:21:36.849 62940 INFO tempest.common.waiters [-] State transition "BUILD/spawning" ==> "ACTIVE/None" after 103 second wait
2025-02-07 16:21:36.888 62942 INFO tempest.lib.common.rest_client [req-379ef836-fb5f-4b36-83c1-21e8474efbb7 req-379ef836-fb5f-4b36-83c1-21e8474efbb7 ] Request (AttachVolumeNegativeTest:test_attach_attached_volume_to_different_server): 200 GET http://10.180.1.21/compute/v2.1/servers/8dfa69d8-a372-4596-be2c-c8f72b5e31ee 1.629s
2025-02-07 16:21:36.955 62986 INFO tempest.lib.common.rest_client [req-f14d96e7-045f-4d17-9267-504cb84bd215 req-f14d96e7-045f-4d17-9267-504cb84bd215 ] Request (ListServersNegativeTestJSON:setUpClass): 200 GET http://10.180.1.21/compute/v2.1/servers/8cf78384-7e0f-4a97-a030-1e51f123f086 1.509s
2025-02-07 16:21:37.029 62936 INFO tempest.lib.common.rest_client [req-716778b9-5abf-4899-80b2-ac0b8ce6caac req-716778b9-5abf-4899-80b2-ac0b8ce6caac ] Request (ServerDiskConfigTestJSON:test_rebuild_server_with_manual_disk_config): 200 GET http://10.180.1.21/compute/v2.1/servers/80ad2833-64e1-4e54-b28a-ad7c601dc5ae 1.529s
2025-02-07 16:21:37.102 62974 INFO tempest.lib.common.rest_client [req-11b47e66-3c23-4280-bf65-d2ec7de1d4d0 req-11b47e66-3c23-4280-bf65-d2ec7de1d4d0 ] Request (ListServerFiltersTestJSON:tearDownClass): 200 GET http://10.180.1.21/compute/v2.1/servers/dd592887-7756-430b-bb18-8bf79d1b7a04 1.506s
2025-02-07 16:21:37.157 62966 INFO tempest.lib.common.rest_client [req-37a322b1-2b51-495b-a996-4f48c3525a6c req-37a322b1-2b51-495b-a996-4f48c3525a6c ] Request (ServerPasswordTestJSON:tearDownClass): 200 GET http://10.180.1.21/compute/v2.1/servers/fdb3277a-e02d-4150-9980-ba907497b2dc 1.450s
2025-02-07 16:21:37.333 62970 INFO tempest.lib.common.rest_client [req-0fe9b4bb-c79d-4ead-97ce-6f2f93cb6ea8 req-0fe9b4bb-c79d-4ead-97ce-6f2f93cb6ea8 ] Request (AttachVolumeShelveTestJSON:test_attach_volume_shelved_or_offload_server): 200 GET http://10.180.1.21/compute/v2.1/servers/20c560c8-551e-476c-b26a-45e5d9770dce 1.501s
2025-02-07 16:21:37.385 62932 INFO tempest.lib.common.rest_client [req-fa53a0a5-9bcd-49d6-a6dc-957606e14324 req-fa53a0a5-9bcd-49d6-a6dc-957606e14324 ] Request (ServerRescueNegativeTestJSON:test_rescued_vm_detach_volume): 200 GET http://10.180.1.21/compute/v2.1/servers/46dc2ea7-f124-4a2d-b59c-a8b95f411156 1.488s
2025-02-07 16:21:37.409 62978 INFO tempest.lib.common.rest_client [req-e9f6e97b-ec84-4632-8e80-7d5cdfd2a24b req-e9f6e97b-ec84-4632-8e80-7d5cdfd2a24b ] Request (ServerMetadataNegativeTestJSON:setUpClass): 201 POST http://10.180.1.21:9696/networking/v2.0/routers 0.878s
2025-02-07 16:21:37.449 62990 INFO tempest.lib.common.rest_client [req-11aabbbf-3126-4b50-a4a5-7457fcbdb549 req-11aabbbf-3126-4b50-a4a5-7457fcbdb549 ] Request (ServersAdminNegativeTestJSON:test_migrate_server_invalid_state): 200 GET http://10.180.1.21/compute/v2.1/servers/9f0ee26b-4f22-4ed9-b323-3585a66ad421 1.489s
2025-02-07 16:21:37.459 62990 INFO tempest.common.waiters [-] State transition "BUILD/scheduling" ==> "BUILD/None" after 13 second wait
2025-02-07 16:21:37.479 62982 INFO tempest.lib.common.rest_client [req-659a8e7c-defd-40bc-b58b-a94a425714e8 req-659a8e7c-defd-40bc-b58b-a94a425714e8 ] Request (FloatingIPsTestJSON:test_delete_floating_ip): 404 GET http://10.180.1.21/compute/v2.1/os-floating-ips/dad82fc1-c9b3-44d2-ac70-1ab6603c4fc9 1.511s
2025-02-07 16:21:37.654 62944 INFO tempest.lib.common.rest_client [req-3eaa3fe1-56e9-43cc-92dd-e8c0dc2621d8 req-3eaa3fe1-56e9-43cc-92dd-e8c0dc2621d8 ] Request (ImagesOneServerNegativeTestJSON:tearDown): 200 GET http://10.180.1.21/compute/v2.1/servers/a08bc52b-f6e0-4c73-8dab-e19c0ed4ba47 1.680s
2025-02-07 16:21:37.707 62992 INFO tempest.lib.common.rest_client [req-34fc11fc-7474-4663-874e-643aad81619a req-34fc11fc-7474-4663-874e-643aad81619a ] Request (ImagesTestJSON:test_create_server_from_snapshot): 200 GET http://10.180.1.21/compute/v2.1/servers/9b21a7b6-464c-4db7-9308-5377447ade04 1.679s
2025-02-07 16:21:37.770 62934 INFO tempest.lib.common.rest_client [req-8cc5f5de-d7fe-40f9-b8fe-b65e640522c8 req-8cc5f5de-d7fe-40f9-b8fe-b65e640522c8 ] Request (ListImageFiltersTestJSON:tearDownClass): 200 GET http://10.180.1.21/compute/v2.1/servers/39c2763c-aab1-4d5b-90b7-7db675df0dea 1.639s
2025-02-07 16:21:37.838 62958 INFO tempest.lib.common.rest_client [req-b8cfc32a-8e22-4658-acd0-a7ff4244efcf req-b8cfc32a-8e22-4658-acd0-a7ff4244efcf ] Request (VolumesAssistedSnapshotsTest:tearDownClass): 200 GET http://10.180.1.21/compute/v2.1/servers/31c1303a-ec34-4a3c-8d76-413fe8ddbb6f 1.612s
2025-02-07 16:21:37.946 62956 INFO tempest.lib.common.rest_client [req-7b140238-6973-448b-9feb-1f0be6bdf685 req-7b140238-6973-448b-9feb-1f0be6bdf685 ] Request (FloatingIPDetailsTestJSON:test_list_floating_ips): 200 GET http://10.180.1.21/compute/v2.1/os-floating-ips 1.572s
2025-02-07 16:21:38.091 62938 INFO tempest.lib.common.rest_client [req-e794e2d2-22f4-47ae-8b24-35594fdeff65 req-e794e2d2-22f4-47ae-8b24-35594fdeff65 ] Request (MigrationsAdminTest:test_resize_server_revert_deleted_flavor): 200 GET http://10.180.1.21/compute/v2.1/servers/9852bd88-1d3c-4e14-a334-1fbd32cdd3ed 1.701s
2025-02-07 16:21:38.100 62938 INFO tempest.common.waiters [-] State transition "BUILD/block_device_mapping" ==> "BUILD/spawning" after 78 second wait
2025-02-07 16:21:38.151 62930 INFO tempest.lib.common.rest_client [req-82217e43-e1e0-438a-ba89-86a40a0ab69f req-82217e43-e1e0-438a-ba89-86a40a0ab69f ] Request (ServersAdminTestJSON:test_inject_network_info): 200 GET http://10.180.1.21/compute/v2.1/servers/5da4398a-cdc1-4c7b-bcc2-706f7b99a60a 1.700s
2025-02-07 16:21:38.225 62968 INFO tempest.lib.common.rest_client [req-091cfa91-f3ec-44cb-9283-fbd7112032ca req-091cfa91-f3ec-44cb-9283-fbd7112032ca ] Request (ServerActionsTestJSON:test_lock_unlock_server): 202 POST http://10.180.1.21/compute/v2.1/servers/51049d09-cb97-42a9-aa48-b9375cf7c7eb/action 1.758s
2025-02-07 16:21:38.362 62976 INFO tempest.lib.common.rest_client [req-69622c87-c550-4a29-9ee0-6df8a3f313b5 req-69622c87-c550-4a29-9ee0-6df8a3f313b5 ] Request (MultipleCreateTestJSON:test_multiple_create): 200 GET http://10.180.1.21/compute/v2.1/servers/e28d568b-a29d-4b5c-90e6-aac10019d54a 1.808s
2025-02-07 16:21:38.433 62980 INFO tempest.lib.common.rest_client [req-220194f0-2968-4b21-9f85-485238160e1a req-220194f0-2968-4b21-9f85-485238160e1a ] Request (ServersV294TestFqdnHostnames:tearDownClass): 200 GET http://10.180.1.21/compute/v2.1/servers/c1c90088-c0e8-43b8-83e0-7a29dc83790e 1.798s
2025-02-07 16:21:38.460 62940 INFO tempest.lib.common.rest_client [req-878be8bb-376b-4090-8518-837c3f77bc3b req-878be8bb-376b-4090-8518-837c3f77bc3b ] Request (ServersTestMultiNic:test_verify_duplicate_network_nics): 200 GET http://10.180.1.21/compute/v2.1/servers/4da35bd5-50b0-4148-9802-81e45025a4a0/ips 1.610s
2025-02-07 16:21:38.511 62982 INFO tempest.lib.common.rest_client [req-94749bb5-be34-48ff-8421-7d51697b5d8c req-94749bb5-be34-48ff-8421-7d51697b5d8c ] Request (FloatingIPsTestJSON:_run_cleanups): 404 DELETE http://10.180.1.21/compute/v2.1/os-floating-ips/dad82fc1-c9b3-44d2-ac70-1ab6603c4fc9 1.032s
2025-02-07 16:21:38.534 62978 INFO tempest.lib.common.rest_client [req-62e29883-e1c1-425a-b0c8-a112ef49f88e req-62e29883-e1c1-425a-b0c8-a112ef49f88e ] Request (ServerMetadataNegativeTestJSON:setUpClass): 200 PUT http://10.180.1.21:9696/networking/v2.0/routers/b53707a7-817b-4e88-a588-6b28904911d2/add_router_interface 1.125s
2025-02-07 16:21:38.534 62978 INFO tempest.lib.common.dynamic_creds [-] Created isolated network resources for: credentials: Credentials: {'domain_id': 'default', 'domain_name': 'Default', 'username': 'tempest-ServerMetadataNegativeTestJSON-1508598398-project-member', 'project_domain_id': 'default', 'project_domain_name': 'Default', 'project_id': 'd6ddc58311c548c7a2db9de55356d341', 'project_name': 'tempest-ServerMetadataNegativeTestJSON-1508598398', 'tenant_id': 'd6ddc58311c548c7a2db9de55356d341', 'tenant_name': 'tempest-ServerMetadataNegativeTestJSON-1508598398', 'user_domain_id': 'default', 'user_domain_name': 'Default', 'user_id': 'e96473e751a24d12bf6abe18238f0fd7', 'system': None}, Network: {'id': '3ba7beb6-ba9a-4d4b-a1e4-d0ee1f15f6d2', 'name': 'tempest-ServerMetadataNegativeTestJSON-473283964-network', 'tenant_id': 'd6ddc58311c548c7a2db9de55356d341', 'admin_state_up': True, 'mtu': 8950, 'status': 'ACTIVE', 'subnets': [], 'shared': False, 'project_id': 'd6ddc58311c548c7a2db9de55356d341', 'port_security_enabled': True, 'router:external': False, 'provider:network_type': 'vlan', 'provider:physical_network': 'default', 'provider:segmentation_id': 475, 'availability_zone_hints': [], 'availability_zones': [], 'ipv4_address_scope': None, 'ipv6_address_scope': None, 'description': '', 'tags': [], 'created_at': '2025-02-07T16:21:36Z', 'updated_at': '2025-02-07T16:21:36Z', 'revision_number': 1}, Subnet: {'id': '96fe39e6-7fc6-45a3-b7f0-d54ea96274cc', 'name': 'tempest-ServerMetadataNegativeTestJSON-473283964-subnet', 'tenant_id': 'd6ddc58311c548c7a2db9de55356d341', 'network_id': '3ba7beb6-ba9a-4d4b-a1e4-d0ee1f15f6d2', 'ip_version': 4, 'subnetpool_id': None, 'enable_dhcp': True, 'ipv6_ra_mode': None, 'ipv6_address_mode': None, 'gateway_ip': '192.168.128.1', 'cidr': '192.168.128.0/28', 'allocation_pools': [{'start': '192.168.128.2', 'end': '192.168.128.14'}], 'host_routes': [], 'dns_nameservers': [], 'description': '', 'router:external': False, 'service_types': [], 'tags': [], 'created_at': '2025-02-07T16:21:36Z', 'updated_at': '2025-02-07T16:21:36Z', 'revision_number': 0, 'project_id': 'd6ddc58311c548c7a2db9de55356d341'}, Router: {'id': 'b53707a7-817b-4e88-a588-6b28904911d2', 'name': 'tempest-ServerMetadataNegativeTestJSON-473283964-router', 'tenant_id': 'd6ddc58311c548c7a2db9de55356d341', 'admin_state_up': True, 'status': 'ACTIVE', 'external_gateway_info': {'network_id': '16184442-abb1-469b-9298-7fa525e335f9', 'external_fixed_ips': [{'subnet_id': 'ecc066ac-c9b1-4bcd-a606-f2b1901bde9b', 'ip_address': '10.180.180.136'}], 'enable_snat': True}, 'description': '', 'availability_zones': [], 'distributed': False, 'ha': False, 'availability_zone_hints': [], 'routes': [], 'flavor_id': None, 'tags': [], 'created_at': '2025-02-07T16:21:36Z', 'updated_at': '2025-02-07T16:21:37Z', 'revision_number': 2, 'project_id': 'd6ddc58311c548c7a2db9de55356d341'}
2025-02-07 16:21:38.579 62960 INFO tempest.lib.common.rest_client [req-278430bc-83fb-40dd-a253-dfff31614ffb req-278430bc-83fb-40dd-a253-dfff31614ffb ] Request (ServersWithSpecificFlavorTestJSON:test_verify_created_server_ephemeral_disk): 200 GET http://10.180.1.21/compute/v2.1/servers/3cc8af78-190c-486b-8e28-92895e62d772 1.040s
2025-02-07 16:21:38.637 62978 INFO tempest.lib.common.rest_client [req-9b46496c-788d-4be1-811d-fd2d637c1222 req-9b46496c-788d-4be1-811d-fd2d637c1222 ] Request (ServerMetadataNegativeTestJSON:setUpClass): 201 POST http://10.180.1.21/identity/v3/auth/tokens 0.097s
2025-02-07 16:21:38.638 62978 WARNING tempest.lib.common.rest_client [-] Deprecated: "tenant_id" property is deprecated for removal, use "project_id" instead
2025-02-07 16:21:38.671 62978 INFO tempest.lib.common.rest_client [req-277c17ad-aa26-48e6-a91b-b3dca9bdb523 req-277c17ad-aa26-48e6-a91b-b3dca9bdb523 ] Request (ServerMetadataNegativeTestJSON:setUpClass): 201 POST http://10.180.1.21/identity/v3/auth/tokens 0.030s
2025-02-07 16:21:38.672 62978 INFO tempest.lib.common.fixed_network [-] (ServerMetadataNegativeTestJSON:setUpClass) Found network {'id': '3ba7beb6-ba9a-4d4b-a1e4-d0ee1f15f6d2', 'name': 'tempest-ServerMetadataNegativeTestJSON-473283964-network', 'tenant_id': 'd6ddc58311c548c7a2db9de55356d341', 'admin_state_up': True, 'mtu': 8950, 'status': 'ACTIVE', 'subnets': [], 'shared': False, 'project_id': 'd6ddc58311c548c7a2db9de55356d341', 'port_security_enabled': True, 'router:external': False, 'provider:network_type': 'vlan', 'provider:physical_network': 'default', 'provider:segmentation_id': 475, 'availability_zone_hints': [], 'availability_zones': [], 'ipv4_address_scope': None, 'ipv6_address_scope': None, 'description': '', 'tags': [], 'created_at': '2025-02-07T16:21:36Z', 'updated_at': '2025-02-07T16:21:36Z', 'revision_number': 1} available for tenant
2025-02-07 16:21:38.716 62962 INFO tempest.lib.common.rest_client [req-c4fab4e0-79d5-4e74-80e8-e86d80f402d0 req-c4fab4e0-79d5-4e74-80e8-e86d80f402d0 ] Request (FloatingIPsAssociationNegativeTestJSON:setUpClass): 200 GET http://10.180.1.21/compute/v2.1/servers/40588dfc-c8b5-4edb-b5f8-b533658e56a2 1.116s
2025-02-07 16:21:38.724 62962 INFO tempest.common.waiters [-] State transition "BUILD/None" ==> "BUILD/spawning" after 75 second wait
2025-02-07 16:21:38.868 62944 INFO tempest.lib.common.rest_client [req-3bbc21da-8b51-48f4-82c1-82785c204f33 req-3bbc21da-8b51-48f4-82c1-82785c204f33 ] Request (ImagesOneServerNegativeTestJSON:setUp): 200 GET http://10.180.1.21/compute/v2.1/servers/a08bc52b-f6e0-4c73-8dab-e19c0ed4ba47 1.201s
2025-02-07 16:21:38.928 62948 INFO tempest.lib.common.rest_client [req-69943fb2-178a-4da2-8dbc-f1f83ea54fc5 req-69943fb2-178a-4da2-8dbc-f1f83ea54fc5 ] Request (SecurityGroupsTestJSON:test_server_security_groups): 200 GET http://10.180.1.21/compute/v2.1/servers/3c84746a-efe7-48dc-b6a1-9571efecea87 1.262s
2025-02-07 16:21:38.941 62948 INFO tempest.common.waiters [-] State transition "BUILD/scheduling" ==> "BUILD/None" after 24 second wait
2025-02-07 16:21:38.987 62942 INFO tempest.lib.common.rest_client [req-61e29115-9b44-4a86-83d9-bc4e90db776c req-61e29115-9b44-4a86-83d9-bc4e90db776c ] Request (AttachVolumeNegativeTest:test_attach_attached_volume_to_different_server): 200 GET http://10.180.1.21/compute/v2.1/servers/8dfa69d8-a372-4596-be2c-c8f72b5e31ee 1.090s
2025-02-07 16:21:39.140 62950 WARNING tempest.lib.common.ssh [-] Failed to establish authenticated ssh connection to cirros@10.180.180.221 ([Errno None] Unable to connect to port 22 on 10.180.180.221). Number attempts: 3. Retry after 4 seconds.: paramiko.ssh_exception.NoValidConnectionsError: [Errno None] Unable to connect to port 22 on 10.180.180.221
2025-02-07 16:21:39.895 62956 INFO tempest.lib.common.rest_client [req-255dc2c2-9470-4455-ab64-559c5a8b9385 req-255dc2c2-9470-4455-ab64-559c5a8b9385 ] Request (FloatingIPDetailsTestJSON:tearDownClass): 202 DELETE http://10.180.1.21/compute/v2.1/os-floating-ips/75ed9212-07f8-4b17-a0e2-94edf8a67cf6 1.938s
2025-02-07 16:21:39.991 62986 INFO tempest.lib.common.rest_client [req-1069c95e-122a-467a-9163-93cb1ef51ea9 req-1069c95e-122a-467a-9163-93cb1ef51ea9 ] Request (ListServersNegativeTestJSON:setUpClass): 200 GET http://10.180.1.21/compute/v2.1/servers/8cf78384-7e0f-4a97-a030-1e51f123f086 2.023s
2025-02-07 16:21:40.020 62982 INFO tempest.lib.common.rest_client [req-55be4a88-6cda-4069-8753-e098905d284a req-55be4a88-6cda-4069-8753-e098905d284a ] Request (FloatingIPsTestJSON:tearDownClass): 200 PUT http://10.180.1.21:9696/networking/v2.0/routers/619aba2b-ca37-49d9-a081-92ab7922705b/remove_router_interface 1.507s
2025-02-07 16:21:40.064 62936 INFO tempest.lib.common.rest_client [req-e6d879e0-37b5-4b33-ac92-2639e089ad7c req-e6d879e0-37b5-4b33-ac92-2639e089ad7c ] Request (ServerDiskConfigTestJSON:test_rebuild_server_with_manual_disk_config): 200 GET http://10.180.1.21/compute/v2.1/servers/80ad2833-64e1-4e54-b28a-ad7c601dc5ae 2.023s
2025-02-07 16:21:40.146 62974 INFO tempest.lib.common.rest_client [req-b17ef9ba-35ec-42c8-91e3-f0c090324d88 req-b17ef9ba-35ec-42c8-91e3-f0c090324d88 ] Request (ListServerFiltersTestJSON:tearDownClass): 200 GET http://10.180.1.21/compute/v2.1/servers/dd592887-7756-430b-bb18-8bf79d1b7a04 2.029s
2025-02-07 16:21:40.221 62966 INFO tempest.lib.common.rest_client [req-210fb545-576d-4ddc-b635-659a90bb8674 req-210fb545-576d-4ddc-b635-659a90bb8674 ] Request (ServerPasswordTestJSON:tearDownClass): 200 GET http://10.180.1.21/compute/v2.1/servers/fdb3277a-e02d-4150-9980-ba907497b2dc 2.052s
2025-02-07 16:21:40.474 62968 INFO tempest.lib.common.rest_client [req-4afebeb0-01f7-4833-b99b-53a93a6c211a req-4afebeb0-01f7-4833-b99b-53a93a6c211a ] Request (ServerActionsTestJSON:test_lock_unlock_server): 200 GET http://10.180.1.21/compute/v2.1/servers/51049d09-cb97-42a9-aa48-b9375cf7c7eb 2.248s
2025-02-07 16:21:40.626 62970 INFO tempest.lib.common.rest_client [req-0c926c83-9694-40a8-86cc-a7c1034d2463 req-0c926c83-9694-40a8-86cc-a7c1034d2463 ] Request (AttachVolumeShelveTestJSON:test_attach_volume_shelved_or_offload_server): 200 GET http://10.180.1.21/compute/v2.1/servers/20c560c8-551e-476c-b26a-45e5d9770dce 2.282s
2025-02-07 16:21:40.638 62970 INFO tempest.common.waiters [-] State transition "ACTIVE/shelving_image_uploading" ==> "SHELVED/shelving_offloading" after 18 second wait
2025-02-07 16:21:40.691 62932 INFO tempest.lib.common.rest_client [req-991ac5b6-9baa-4696-88fd-7b8bdc6a28c1 req-991ac5b6-9baa-4696-88fd-7b8bdc6a28c1 ] Request (ServerRescueNegativeTestJSON:test_rescued_vm_detach_volume): 200 GET http://10.180.1.21/compute/v2.1/servers/46dc2ea7-f124-4a2d-b59c-a8b95f411156 2.297s
2025-02-07 16:21:40.731 62982 INFO tempest.lib.common.rest_client [req-b7b41ca1-901c-481e-8bac-48f1ec4e6ac0 req-b7b41ca1-901c-481e-8bac-48f1ec4e6ac0 ] Request (FloatingIPsTestJSON:tearDownClass): 204 DELETE http://10.180.1.21:9696/networking/v2.0/routers/619aba2b-ca37-49d9-a081-92ab7922705b 0.710s
2025-02-07 16:21:40.738 62990 INFO tempest.lib.common.rest_client [req-df9985d9-e010-4c38-bfeb-e3b77cec5fa6 req-df9985d9-e010-4c38-bfeb-e3b77cec5fa6 ] Request (ServersAdminNegativeTestJSON:test_migrate_server_invalid_state): 200 GET http://10.180.1.21/compute/v2.1/servers/9f0ee26b-4f22-4ed9-b323-3585a66ad421 2.278s
2025-02-07 16:21:40.803 62940 INFO tempest.lib.common.rest_client [req-5fc1bd26-33a3-432a-a5ae-c43b93279fdd req-5fc1bd26-33a3-432a-a5ae-c43b93279fdd ] Request (ServersTestMultiNic:_run_cleanups): 204 DELETE http://10.180.1.21/compute/v2.1/servers/4da35bd5-50b0-4148-9802-81e45025a4a0 2.339s
2025-02-07 16:21:40.847 62982 INFO tempest.lib.common.rest_client [req-f48a84ef-2f9a-43ac-84fe-5a941d30a2c3 req-f48a84ef-2f9a-43ac-84fe-5a941d30a2c3 ] Request (FloatingIPsTestJSON:tearDownClass): 204 DELETE http://10.180.1.21:9696/networking/v2.0/subnets/f572df25-1451-4a7c-9c66-009209a12f43 0.116s
2025-02-07 16:21:41.286 62982 INFO tempest.lib.common.rest_client [req-aff03881-5b0c-4286-83ab-2946ae5f1436 req-aff03881-5b0c-4286-83ab-2946ae5f1436 ] Request (FloatingIPsTestJSON:tearDownClass): 204 DELETE http://10.180.1.21:9696/networking/v2.0/networks/0edc0c88-03d8-46d8-b5f9-3e99224ac238 0.438s
2025-02-07 16:21:41.403 62982 INFO tempest.lib.common.rest_client [req-f16b042d-d0b6-4a74-8f2a-cf6d602db88d req-f16b042d-d0b6-4a74-8f2a-cf6d602db88d ] Request (FloatingIPsTestJSON:tearDownClass): 204 DELETE http://10.180.1.21/identity/v3/users/8abe1d2c182a407d9538713750eaff64 0.117s
2025-02-07 16:21:41.404 62982 INFO tempest.lib.common.dynamic_creds [-] Deleting project and security group for project: c013a1396f4a46478af42c4ad461703d
2025-02-07 16:21:41.432 62978 INFO tempest.lib.common.rest_client [req-7ea6eb58-5c52-43dd-a520-3b2a7fbf4283 req-7ea6eb58-5c52-43dd-a520-3b2a7fbf4283 ] Request (ServerMetadataNegativeTestJSON:setUpClass): 202 POST http://10.180.1.21/compute/v2.1/servers 2.760s
2025-02-07 16:21:41.437 62982 INFO tempest.lib.common.rest_client [req-0b07f682-c952-4b8f-a961-298c9c06725f req-0b07f682-c952-4b8f-a961-298c9c06725f ] Request (FloatingIPsTestJSON:tearDownClass): 200 GET http://10.180.1.21:9696/networking/v2.0/security-groups?tenant_id=c013a1396f4a46478af42c4ad461703d&name=default 0.033s
2025-02-07 16:21:41.499 62992 INFO tempest.lib.common.rest_client [req-68aa0464-7982-4aa4-9e83-241343ae81a8 req-68aa0464-7982-4aa4-9e83-241343ae81a8 ] Request (ImagesTestJSON:test_create_server_from_snapshot): 200 GET http://10.180.1.21/compute/v2.1/servers/9b21a7b6-464c-4db7-9308-5377447ade04 2.782s
2025-02-07 16:21:41.542 62982 INFO tempest.lib.common.rest_client [req-193928f5-1e7b-41b0-9a00-8836b56792e5 req-193928f5-1e7b-41b0-9a00-8836b56792e5 ] Request (FloatingIPsTestJSON:tearDownClass): 204 DELETE http://10.180.1.21:9696/networking/v2.0/security-groups/ae2a91ee-9f2f-4f64-9598-0361b9b17a80 0.105s
2025-02-07 16:21:41.571 62934 INFO tempest.lib.common.rest_client [req-ab3617c4-93ef-4110-a22d-b510aae76ccb req-ab3617c4-93ef-4110-a22d-b510aae76ccb ] Request (ListImageFiltersTestJSON:tearDownClass): 200 GET http://10.180.1.21/compute/v2.1/servers/39c2763c-aab1-4d5b-90b7-7db675df0dea 2.790s
2025-02-07 16:21:41.629 62958 INFO tempest.lib.common.rest_client [req-76fd0fdb-e91a-422b-b5e3-1f6d5595e2ff req-76fd0fdb-e91a-422b-b5e3-1f6d5595e2ff ] Request (VolumesAssistedSnapshotsTest:tearDownClass): 200 GET http://10.180.1.21/compute/v2.1/servers/31c1303a-ec34-4a3c-8d76-413fe8ddbb6f 2.779s
2025-02-07 16:21:41.635 62944 INFO tempest.lib.common.rest_client [req-2223275a-f6e4-43b7-8fcf-a105a90be510 req-2223275a-f6e4-43b7-8fcf-a105a90be510 ] Request (ImagesOneServerNegativeTestJSON:test_create_image_specify_metadata_over_limits): 400 POST http://10.180.1.21/compute/v2.1/servers/a08bc52b-f6e0-4c73-8dab-e19c0ed4ba47/action 2.760s
2025-02-07 16:21:41.649 62982 INFO tempest.lib.common.rest_client [req-308311f3-d014-4a63-906b-4d8b2a606ae0 req-308311f3-d014-4a63-906b-4d8b2a606ae0 ] Request (FloatingIPsTestJSON:tearDownClass): 204 DELETE http://10.180.1.21/identity/v3/projects/c013a1396f4a46478af42c4ad461703d 0.106s
2025-02-07 16:21:41.715 62982 INFO tempest.lib.common.rest_client [req-474df724-64ed-4cd4-9bb3-7b33ca46c241 req-474df724-64ed-4cd4-9bb3-7b33ca46c241 ] Request (ServerActionsTestOtherB:setUpClass): 201 POST http://10.180.1.21/identity/v3/auth/tokens 0.065s
2025-02-07 16:21:41.734 62946 INFO tempest.lib.common.rest_client [req-bb1b8768-5160-4107-aac1-240ee2e0041e req-bb1b8768-5160-4107-aac1-240ee2e0041e ] Request (AttachInterfacesTestJSON:test_create_list_show_delete_interfaces_by_fixed_ip): 200 POST http://10.180.1.21/compute/v2.1/servers/cc523733-d9ab-4337-bf4f-59c94fa1484b/os-interface 10.016s
2025-02-07 16:21:41.743 62982 INFO tempest.lib.common.rest_client [req-49d6b67b-6582-4076-b093-850d8917ca1c req-49d6b67b-6582-4076-b093-850d8917ca1c ] Request (ServerActionsTestOtherB:setUpClass): 201 POST http://10.180.1.21/identity/v3/auth/tokens 0.025s
2025-02-07 16:21:41.766 62982 INFO tempest.lib.common.rest_client [req-696ef6e0-ecf9-4ad5-877b-594e18004af2 req-696ef6e0-ecf9-4ad5-877b-594e18004af2 ] Request (ServerActionsTestOtherB:setUpClass): 200 GET http://10.180.1.21/identity/v3/domains?name=Default 0.022s
2025-02-07 16:21:41.766 62938 INFO tempest.lib.common.rest_client [req-3c46afcd-e855-40d5-9576-e7b26e3b13e6 req-3c46afcd-e855-40d5-9576-e7b26e3b13e6 ] Request (MigrationsAdminTest:test_resize_server_revert_deleted_flavor): 200 GET http://10.180.1.21/compute/v2.1/servers/9852bd88-1d3c-4e14-a334-1fbd32cdd3ed 2.664s
2025-02-07 16:21:41.782 62930 INFO tempest.lib.common.rest_client [req-767da68b-4ea1-490b-b7db-f8300e1b9eeb req-767da68b-4ea1-490b-b7db-f8300e1b9eeb ] Request (ServersAdminTestJSON:test_inject_network_info): 200 GET http://10.180.1.21/compute/v2.1/servers/5da4398a-cdc1-4c7b-bcc2-706f7b99a60a 2.623s
2025-02-07 16:21:41.792 62982 INFO tempest.lib.common.rest_client [req-68b4609b-f202-4f2f-b45d-265e8e484c05 req-68b4609b-f202-4f2f-b45d-265e8e484c05 ] Request (ServerActionsTestOtherB:setUpClass): 201 POST http://10.180.1.21/identity/v3/projects 0.026s
2025-02-07 16:21:41.850 62980 INFO tempest.lib.common.rest_client [req-c321f7ca-7358-4803-b120-b37e3f952aca req-c321f7ca-7358-4803-b120-b37e3f952aca ] Request (ServersV294TestFqdnHostnames:tearDownClass): 200 GET http://10.180.1.21/compute/v2.1/servers/c1c90088-c0e8-43b8-83e0-7a29dc83790e 2.401s
2025-02-07 16:21:41.857 62982 INFO tempest.lib.common.rest_client [req-8833253a-7524-479a-aaa9-0e30a25af134 req-8833253a-7524-479a-aaa9-0e30a25af134 ] Request (ServerActionsTestOtherB:setUpClass): 201 POST http://10.180.1.21/identity/v3/users 0.063s
2025-02-07 16:21:41.871 62976 INFO tempest.lib.common.rest_client [req-a5d9391a-619b-4cf7-8cea-b9cb747d6b3b req-a5d9391a-619b-4cf7-8cea-b9cb747d6b3b ] Request (MultipleCreateTestJSON:test_multiple_create): 200 GET http://10.180.1.21/compute/v2.1/servers/e28d568b-a29d-4b5c-90e6-aac10019d54a 2.502s
2025-02-07 16:21:41.878 62976 INFO tempest.common.waiters [-] State transition "BUILD/spawning" ==> "ACTIVE/None" after 92 second wait
2025-02-07 16:21:41.885 62982 INFO tempest.lib.common.rest_client [req-279b2d20-498b-4453-8d0e-2144bba34160 req-279b2d20-498b-4453-8d0e-2144bba34160 ] Request (ServerActionsTestOtherB:setUpClass): 200 GET http://10.180.1.21/identity/v3/roles 0.027s
2025-02-07 16:21:41.902 62960 INFO tempest.lib.common.rest_client [req-28863435-8b25-4e45-92c7-7ec1de2f8a4d req-28863435-8b25-4e45-92c7-7ec1de2f8a4d ] Request (ServersWithSpecificFlavorTestJSON:test_verify_created_server_ephemeral_disk): 200 GET http://10.180.1.21/compute/v2.1/servers/3cc8af78-190c-486b-8e28-92895e62d772 2.308s
2025-02-07 16:21:41.910 62982 INFO tempest.lib.common.rest_client [req-537f213e-f7f0-4ca8-a549-a7a0f13129c5 req-537f213e-f7f0-4ca8-a549-a7a0f13129c5 ] Request (ServerActionsTestOtherB:setUpClass): 204 PUT http://10.180.1.21/identity/v3/projects/bedba7d7b9c04694a1cedbee715c6c59/users/5fb90d6dff4f43aba6f639834ecb9cff/roles/7db651e6d73342dfba9ddea8ab57506a 0.025s
2025-02-07 16:21:41.910 62982 INFO tempest.lib.common.dynamic_creds [-] Dynamic test user 5fb90d6dff4f43aba6f639834ecb9cff is created with scope project and roles: ['member']
2025-02-07 16:21:41.911 62982 INFO tempest.lib.common.dynamic_creds [-] Acquired dynamic creds: credentials: Credentials: {'domain_id': 'default', 'domain_name': 'Default', 'username': 'tempest-ServerActionsTestOtherB-481353366-project-member', 'project_domain_id': 'default', 'project_domain_name': 'Default', 'project_id': 'bedba7d7b9c04694a1cedbee715c6c59', 'project_name': 'tempest-ServerActionsTestOtherB-481353366', 'tenant_id': 'bedba7d7b9c04694a1cedbee715c6c59', 'tenant_name': 'tempest-ServerActionsTestOtherB-481353366', 'user_domain_id': 'default', 'user_domain_name': 'Default', 'user_id': '5fb90d6dff4f43aba6f639834ecb9cff', 'system': None}, Network: None, Subnet: None, Router: None
2025-02-07 16:21:41.966 62982 INFO tempest.lib.common.rest_client [req-c28d7d40-d9da-4077-84d2-d807319ff8a3 req-c28d7d40-d9da-4077-84d2-d807319ff8a3 ] Request (ServerActionsTestOtherB:setUpClass): 201 POST http://10.180.1.21/identity/v3/auth/tokens 0.055s
2025-02-07 16:21:41.969 62962 INFO tempest.lib.common.rest_client [req-b1098b68-481a-49ea-b446-2c03d595468e req-b1098b68-481a-49ea-b446-2c03d595468e ] Request (FloatingIPsAssociationNegativeTestJSON:setUpClass): 200 GET http://10.180.1.21/compute/v2.1/servers/40588dfc-c8b5-4edb-b5f8-b533658e56a2 2.243s
2025-02-07 16:21:42.027 62948 INFO tempest.lib.common.rest_client [req-e148a8a5-90ac-4881-a770-a05fb1ec97a6 req-e148a8a5-90ac-4881-a770-a05fb1ec97a6 ] Request (SecurityGroupsTestJSON:test_server_security_groups): 200 GET http://10.180.1.21/compute/v2.1/servers/3c84746a-efe7-48dc-b6a1-9571efecea87 2.085s
2025-02-07 16:21:42.093 62942 INFO tempest.lib.common.rest_client [req-cf7f84dc-3041-4053-8f62-c928652bfb6c req-cf7f84dc-3041-4053-8f62-c928652bfb6c ] Request (AttachVolumeNegativeTest:test_attach_attached_volume_to_different_server): 200 GET http://10.180.1.21/compute/v2.1/servers/8dfa69d8-a372-4596-be2c-c8f72b5e31ee 2.091s
