2025-02-07 16:20:23.264 62962 INFO tempest.lib.common.rest_client [req-009987b8-1b38-4aee-be31-7ac1135ca776 req-009987b8-1b38-4aee-be31-7ac1135ca776 ] Request (FloatingIPsAssociationNegativeTestJSON:setUpClass): 202 POST http://10.180.1.21/compute/v2.1/servers 0.553s
2025-02-07 16:20:23.273 62938 INFO tempest.lib.common.rest_client [req-9586dff2-68d1-42df-b0e5-f30bf68ed56b req-9586dff2-68d1-42df-b0e5-f30bf68ed56b ] Request (MigrationsAdminTest:test_resize_server_revert_deleted_flavor): 200 GET http://10.180.1.21/compute/v2.1/servers/9852bd88-1d3c-4e14-a334-1fbd32cdd3ed 0.410s
2025-02-07 16:20:23.300 62960 WARNING tempest.lib.common.ssh [-] Failed to establish authenticated ssh connection to cirros@10.180.180.131 ([Errno None] Unable to connect to port 22 on 10.180.180.131). Number attempts: 7. Retry after 8 seconds.: paramiko.ssh_exception.NoValidConnectionsError: [Errno None] Unable to connect to port 22 on 10.180.180.131
2025-02-07 16:20:23.300 62946 WARNING tempest.lib.common.ssh [-] Failed to establish authenticated ssh connection to cirros@10.180.180.230 ([Errno None] Unable to connect to port 22 on 10.180.180.230). Number attempts: 6. Retry after 7 seconds.: paramiko.ssh_exception.NoValidConnectionsError: [Errno None] Unable to connect to port 22 on 10.180.180.230
2025-02-07 16:20:23.317 62954 INFO tempest.lib.common.rest_client [req-68b6d333-c66f-4c40-97ad-5030fe7391e1 req-68b6d333-c66f-4c40-97ad-5030fe7391e1 ] Request (ImagesOneServerTestJSON:test_create_delete_image): 200 GET http://10.180.1.21/compute/v2.1/images/dcf15eaa-f452-4197-b923-995f393444e7 0.417s
2025-02-07 16:20:23.385 62950 INFO tempest.lib.common.rest_client [req-8a84fd9d-5a2b-43a8-a5fd-f7b42f663a0f req-8a84fd9d-5a2b-43a8-a5fd-f7b42f663a0f ] Request (AttachInterfacesUnderV243Test:test_add_remove_fixed_ip): 200 GET http://10.180.1.21/compute/v2.1/servers/87c398c4-2165-41c0-b584-df1f5995ae3d 0.404s
2025-02-07 16:20:23.394 62930 INFO tempest.lib.common.rest_client [req-1eab52b3-fabe-4390-8f6d-f9aca0a29618 req-1eab52b3-fabe-4390-8f6d-f9aca0a29618 ] Request (ServersAdminTestJSON:test_create_server_with_scheduling_hint): 200 GET http://10.180.1.21/compute/v2.1/servers/3f036c4b-0b5b-49e8-89cd-4e63e9c80d65 0.424s
2025-02-07 16:20:23.413 62930 INFO tempest.common.waiters [-] State transition "BUILD/networking" ==> "BUILD/spawning" after 67 second wait
2025-02-07 16:20:23.447 62986 INFO tempest.lib.common.rest_client [req-b1cf6be7-4ce8-4e69-92e6-02965593bb55 req-b1cf6be7-4ce8-4e69-92e6-02965593bb55 ] Request (ListServersNegativeTestJSON:setUpClass): 200 GET http://10.180.1.21/compute/v2.1/servers/8cf78384-7e0f-4a97-a030-1e51f123f086 0.404s
2025-02-07 16:20:23.455 62948 INFO tempest.lib.common.rest_client [req-aca83279-c1e8-421f-914e-3804c9b7d446 req-aca83279-c1e8-421f-914e-3804c9b7d446 ] Request (SecurityGroupsTestJSON:test_list_security_groups_by_server): 200 GET http://10.180.1.21/compute/v2.1/servers/966100c4-9633-4d98-a860-578dc2253d7b 0.414s
2025-02-07 16:20:23.505 62990 INFO tempest.lib.common.rest_client [req-0e878750-b3e0-4abd-8c99-7f75b5af81a9 req-0e878750-b3e0-4abd-8c99-7f75b5af81a9 ] Request (ServersAdminNegativeTestJSON:setUpClass): 200 GET http://10.180.1.21/compute/v2.1/servers/589046f1-74fa-4f42-b4ba-cea6a23c9e7a 0.394s
2025-02-07 16:20:23.559 62962 INFO tempest.lib.common.rest_client [req-ed70cc0a-558c-4ec8-acf6-4937ef0482c7 req-ed70cc0a-558c-4ec8-acf6-4937ef0482c7 ] Request (FloatingIPsAssociationNegativeTestJSON:setUpClass): 200 GET http://10.180.1.21/compute/v2.1/servers/40588dfc-c8b5-4edb-b5f8-b533658e56a2 0.293s
2025-02-07 16:20:23.612 62982 INFO tempest.lib.common.rest_client [req-281ba9f1-87f1-4cc3-9fed-6ea1e2cdc8bf req-281ba9f1-87f1-4cc3-9fed-6ea1e2cdc8bf ] Request (DeleteServersAdminTestJSON:test_delete_server_while_in_error_state): 200 GET http://10.180.1.21/compute/v2.1/servers/027d839d-93e5-45e1-aac3-6936b4c29795 0.338s
2025-02-07 16:20:23.648 62980 INFO tempest.lib.common.rest_client [req-6e4ac5e0-2ab3-4b93-aa46-96e08a905a21 req-6e4ac5e0-2ab3-4b93-aa46-96e08a905a21 ] Request (ServersV294TestFqdnHostnames:setUpClass): 200 GET http://10.180.1.21/compute/v2.1/servers/c1c90088-c0e8-43b8-83e0-7a29dc83790e 0.464s
2025-02-07 16:20:23.662 62980 INFO tempest.api.compute.base [-] Attempting to verify tagged devices in server c1c90088-c0e8-43b8-83e0-7a29dc83790e via the metadata service: http://169.254.169.254/openstack/latest/meta_data.json
2025-02-07 16:20:23.663 62980 INFO tempest.lib.common.ssh [-] Creating ssh connection to '10.180.180.163:22' as 'cirros' with public key authentication
2025-02-07 16:20:23.718 62936 INFO tempest.lib.common.rest_client [req-d1386bd2-045b-48f7-b655-7eee47c71946 req-d1386bd2-045b-48f7-b655-7eee47c71946 ] Request (ServerDiskConfigTestJSON:test_rebuild_server_with_auto_disk_config): 200 GET http://10.180.1.21/compute/v2.1/servers/bc813c11-8b43-4ca5-bfdf-832e02f020d9 0.331s
2025-02-07 16:20:23.738 62934 INFO tempest.lib.common.rest_client [req-eae89fd7-756c-4c3c-85a9-d3774c595e7b req-eae89fd7-756c-4c3c-85a9-d3774c595e7b ] Request (ListImageFiltersTestJSON:setUpClass): 200 GET http://10.180.1.21/compute/v2.1/servers/66f5454a-bc99-4b92-9a74-ef81b3a0c673 0.413s
2025-02-07 16:20:23.748 62934 INFO tempest.common.waiters [-] State transition "ACTIVE/image_uploading" ==> "ACTIVE/None" after 4 second wait
2025-02-07 16:20:23.805 62988 INFO tempest.lib.common.rest_client [req-9ff41117-3832-4950-aadb-77c4db9c21aa req-9ff41117-3832-4950-aadb-77c4db9c21aa ] Request (FloatingIPsAssociationTestJSON:tearDownClass): 200 GET http://10.180.1.21/compute/v2.1/servers/863bc2da-9167-470b-a426-f898e8bbe187 0.354s
2025-02-07 16:20:23.806 62944 INFO tempest.lib.common.rest_client [req-7ebf212a-3c70-4cd8-bf67-a46dbbc8dc7d req-7ebf212a-3c70-4cd8-bf67-a46dbbc8dc7d ] Request (ImagesOneServerNegativeTestJSON:setUpClass): 200 GET http://10.180.1.21/compute/v2.1/servers/a08bc52b-f6e0-4c73-8dab-e19c0ed4ba47 0.264s
2025-02-07 16:20:23.819 62968 INFO tempest.lib.common.rest_client [req-4ad90edd-5068-4c60-ac3d-5aa06658367d req-4ad90edd-5068-4c60-ac3d-5aa06658367d ] Request (ServerActionsTestJSON:setUpClass): 200 PUT http://10.180.1.21:9696/networking/v2.0/floatingips/8dc335b4-7fbb-4557-8d4f-1f30fe6c2e98 0.728s
2025-02-07 16:20:23.820 62968 INFO tempest.lib.common.ssh [-] Creating ssh connection to '10.180.180.144:22' as 'cirros' with public key authentication
2025-02-07 16:20:23.882 62978 INFO tempest.lib.common.rest_client [req-93855451-1d1e-467c-965d-7540abbf5538 req-93855451-1d1e-467c-965d-7540abbf5538 ] Request (ServerAddressesNegativeTestJSON:setUpClass): 200 GET http://10.180.1.21/compute/v2.1/servers/c316241e-bdb6-4f77-8e3b-277a6bb2f6ce 0.182s
2025-02-07 16:20:23.887 62974 INFO tempest.lib.common.rest_client [req-c9d64843-8c76-49dc-b8c0-a98466efe7c3 req-c9d64843-8c76-49dc-b8c0-a98466efe7c3 ] Request (ListServerFiltersTestJSON:tearDownClass): 200 GET http://10.180.1.21/compute/v2.1/servers/c24bad45-17ef-4e2b-805f-e5fd0ac8bca4 0.272s
2025-02-07 16:20:23.953 62966 INFO tempest.lib.common.rest_client [req-0e0f4754-7f29-48e1-83c7-4fa98fdab8e4 req-0e0f4754-7f29-48e1-83c7-4fa98fdab8e4 ] Request (ServerPasswordTestJSON:setUpClass): 200 GET http://10.180.1.21/compute/v2.1/servers/fdb3277a-e02d-4150-9980-ba907497b2dc 0.182s
2025-02-07 16:20:24.094 62940 INFO tempest.lib.common.rest_client [req-afdb8cf8-f2d9-43a3-a2ae-d4e0a63d7be9 req-afdb8cf8-f2d9-43a3-a2ae-d4e0a63d7be9 ] Request (ServersTestMultiNic:test_verify_duplicate_network_nics): 200 GET http://10.180.1.21/compute/v2.1/servers/4da35bd5-50b0-4148-9802-81e45025a4a0 0.250s
2025-02-07 16:20:24.170 62932 INFO tempest.lib.common.rest_client [req-3050b398-73cc-4cf1-95cd-c6a2341599d4 req-3050b398-73cc-4cf1-95cd-c6a2341599d4 ] Request (ServerRescueNegativeTestJSON:setUpClass): 200 GET http://10.180.1.21/compute/v2.1/servers/c771cbc2-e440-4c40-afea-0476d16f5328 0.272s
2025-02-07 16:20:24.226 62992 INFO tempest.lib.common.rest_client [req-4ad918f2-9d3a-44ce-a36a-49a471971c0a req-4ad918f2-9d3a-44ce-a36a-49a471971c0a ] Request (ImagesTestJSON:test_create_image_from_suspended_server): 200 GET http://10.180.1.21/compute/v2.1/servers/3d8f298d-a597-4e2a-af07-0046d0bbd22a 0.261s
2025-02-07 16:20:24.293 62976 INFO tempest.lib.common.rest_client [req-144450c9-7721-48ce-b01a-b93f8d6e4ffb req-144450c9-7721-48ce-b01a-b93f8d6e4ffb ] Request (MultipleCreateTestJSON:test_multiple_create): 200 GET http://10.180.1.21/compute/v2.1/servers/e28d568b-a29d-4b5c-90e6-aac10019d54a 0.125s
2025-02-07 16:20:24.345 62956 INFO tempest.lib.common.rest_client [req-906e4add-cdb8-4ca7-8a29-b63cf01b8852 req-906e4add-cdb8-4ca7-8a29-b63cf01b8852 ] Request (TenantUsagesTestJSON:setUpClass): 200 GET http://10.180.1.21/compute/v2.1/servers/7a8bcdaf-4a30-4118-8260-22fb84ed89f3 0.120s
2025-02-07 16:20:24.419 62938 INFO tempest.lib.common.rest_client [req-60904cc2-b2ae-444f-a7a5-6b89f080a690 req-60904cc2-b2ae-444f-a7a5-6b89f080a690 ] Request (MigrationsAdminTest:test_resize_server_revert_deleted_flavor): 200 GET http://10.180.1.21/compute/v2.1/servers/9852bd88-1d3c-4e14-a334-1fbd32cdd3ed 0.136s
2025-02-07 16:20:24.438 62934 INFO tempest.lib.common.rest_client [req-8fec56f4-47b2-4da1-bb65-918716cb9ee6 req-8fec56f4-47b2-4da1-bb65-918716cb9ee6 ] Request (ListImageFiltersTestJSON:setUpClass): 202 POST http://10.180.1.21/compute/v2.1/servers/39c2763c-aab1-4d5b-90b7-7db675df0dea/action 0.690s
2025-02-07 16:20:24.456 62954 INFO tempest.lib.common.rest_client [req-518f3d92-2c4f-4a4f-9552-a8f5695b80ee req-518f3d92-2c4f-4a4f-9552-a8f5695b80ee ] Request (ImagesOneServerTestJSON:test_create_delete_image): 200 GET http://10.180.1.21/compute/v2.1/images/dcf15eaa-f452-4197-b923-995f393444e7 0.130s
2025-02-07 16:20:24.502 62950 INFO tempest.lib.common.rest_client [req-494a0af5-ec2a-4bcd-a599-bbe28c505f68 req-494a0af5-ec2a-4bcd-a599-bbe28c505f68 ] Request (AttachInterfacesUnderV243Test:test_add_remove_fixed_ip): 200 GET http://10.180.1.21/compute/v2.1/servers/87c398c4-2165-41c0-b584-df1f5995ae3d 0.103s
2025-02-07 16:20:24.515 62942 WARNING tempest.lib.common.ssh [-] Failed to establish authenticated ssh connection to cirros@10.180.180.228 ([Errno None] Unable to connect to port 22 on 10.180.180.228). Number attempts: 3. Retry after 4 seconds.: paramiko.ssh_exception.NoValidConnectionsError: [Errno None] Unable to connect to port 22 on 10.180.180.228
2025-02-07 16:20:24.539 62934 INFO tempest.lib.common.rest_client [req-673fbe9c-911b-43e3-a2f8-0b22ceb5aa9c req-673fbe9c-911b-43e3-a2f8-0b22ceb5aa9c ] Request (ListImageFiltersTestJSON:setUpClass): 200 GET http://10.180.1.21/compute/v2.1/images/4c305fc7-6b6e-4116-b0ce-6ac1fff98e61 0.099s
2025-02-07 16:20:24.598 62986 INFO tempest.lib.common.rest_client [req-1f977e2d-081a-4943-9706-30f1953a6fe3 req-1f977e2d-081a-4943-9706-30f1953a6fe3 ] Request (ListServersNegativeTestJSON:setUpClass): 200 GET http://10.180.1.21/compute/v2.1/servers/8cf78384-7e0f-4a97-a030-1e51f123f086 0.140s
2025-02-07 16:20:24.626 62930 INFO tempest.lib.common.rest_client [req-9a5310de-7c7e-4cac-b01d-f4fbc5b3484b req-9a5310de-7c7e-4cac-b01d-f4fbc5b3484b ] Request (ServersAdminTestJSON:test_create_server_with_scheduling_hint): 200 GET http://10.180.1.21/compute/v2.1/servers/3f036c4b-0b5b-49e8-89cd-4e63e9c80d65 0.212s
2025-02-07 16:20:24.656 62948 INFO tempest.lib.common.rest_client [req-157ce22c-ee66-4bc7-8314-8f608dd62d2d req-157ce22c-ee66-4bc7-8314-8f608dd62d2d ] Request (SecurityGroupsTestJSON:test_list_security_groups_by_server): 200 GET http://10.180.1.21/compute/v2.1/servers/966100c4-9633-4d98-a860-578dc2253d7b 0.192s
2025-02-07 16:20:24.701 62990 INFO tempest.lib.common.rest_client [req-f8290e2d-71ce-425d-b9ab-dfbae5008131 req-f8290e2d-71ce-425d-b9ab-dfbae5008131 ] Request (ServersAdminNegativeTestJSON:setUpClass): 200 GET http://10.180.1.21/compute/v2.1/servers/589046f1-74fa-4f42-b4ba-cea6a23c9e7a 0.188s
2025-02-07 16:20:24.718 62962 INFO tempest.lib.common.rest_client [req-21225872-6c20-4aa8-aed7-caa2248becee req-21225872-6c20-4aa8-aed7-caa2248becee ] Request (FloatingIPsAssociationNegativeTestJSON:setUpClass): 200 GET http://10.180.1.21/compute/v2.1/servers/40588dfc-c8b5-4edb-b5f8-b533658e56a2 0.150s
2025-02-07 16:20:24.760 62982 INFO tempest.lib.common.rest_client [req-02bb2235-9b10-4dd8-acae-96f8c1db0f45 req-02bb2235-9b10-4dd8-acae-96f8c1db0f45 ] Request (DeleteServersAdminTestJSON:test_delete_server_while_in_error_state): 200 GET http://10.180.1.21/compute/v2.1/servers/027d839d-93e5-45e1-aac3-6936b4c29795 0.136s
2025-02-07 16:20:24.884 62936 INFO tempest.lib.common.rest_client [req-b3069600-dd91-42d8-a7f8-b019eb09e6a0 req-b3069600-dd91-42d8-a7f8-b019eb09e6a0 ] Request (ServerDiskConfigTestJSON:test_rebuild_server_with_auto_disk_config): 200 GET http://10.180.1.21/compute/v2.1/servers/bc813c11-8b43-4ca5-bfdf-832e02f020d9 0.158s
2025-02-07 16:20:24.891 62936 INFO tempest.common.waiters [-] State transition "BUILD/None" ==> "BUILD/networking" after 67 second wait
2025-02-07 16:20:24.898 62988 INFO tempest.lib.common.rest_client [req-ba066083-655e-4350-bdda-88b906c8298c req-ba066083-655e-4350-bdda-88b906c8298c ] Request (FloatingIPsAssociationTestJSON:tearDownClass): 200 GET http://10.180.1.21/compute/v2.1/servers/863bc2da-9167-470b-a426-f898e8bbe187 0.082s
2025-02-07 16:20:24.948 62944 INFO tempest.lib.common.rest_client [req-ca517bed-5cc0-47da-b158-6c271e3b08ea req-ca517bed-5cc0-47da-b158-6c271e3b08ea ] Request (ImagesOneServerNegativeTestJSON:setUpClass): 200 GET http://10.180.1.21/compute/v2.1/servers/a08bc52b-f6e0-4c73-8dab-e19c0ed4ba47 0.127s
2025-02-07 16:20:24.955 62978 INFO tempest.lib.common.rest_client [req-6ddb6204-0f17-46af-9f07-9b647294cc00 req-6ddb6204-0f17-46af-9f07-9b647294cc00 ] Request (ServerAddressesNegativeTestJSON:setUpClass): 200 GET http://10.180.1.21/compute/v2.1/servers/c316241e-bdb6-4f77-8e3b-277a6bb2f6ce 0.058s
2025-02-07 16:20:25.023 62974 INFO tempest.lib.common.rest_client [req-f22abf6e-4cd9-4274-9001-10c7acce5f12 req-f22abf6e-4cd9-4274-9001-10c7acce5f12 ] Request (ListServerFiltersTestJSON:tearDownClass): 200 GET http://10.180.1.21/compute/v2.1/servers/c24bad45-17ef-4e2b-805f-e5fd0ac8bca4 0.124s
2025-02-07 16:20:25.026 62966 INFO tempest.lib.common.rest_client [req-1fe5f3ff-db78-4dae-bbc4-9b880e456c97 req-1fe5f3ff-db78-4dae-bbc4-9b880e456c97 ] Request (ServerPasswordTestJSON:setUpClass): 200 GET http://10.180.1.21/compute/v2.1/servers/fdb3277a-e02d-4150-9980-ba907497b2dc 0.064s
2025-02-07 16:20:25.174 62940 INFO tempest.lib.common.rest_client [req-e02f506a-9528-4af3-ac4c-655b7b3fd680 req-e02f506a-9528-4af3-ac4c-655b7b3fd680 ] Request (ServersTestMultiNic:test_verify_duplicate_network_nics): 200 GET http://10.180.1.21/compute/v2.1/servers/4da35bd5-50b0-4148-9802-81e45025a4a0 0.066s
2025-02-07 16:20:25.255 62932 INFO tempest.lib.common.rest_client [req-558e2aae-3f7f-4dd0-85d9-2a20287decf0 req-558e2aae-3f7f-4dd0-85d9-2a20287decf0 ] Request (ServerRescueNegativeTestJSON:setUpClass): 200 GET http://10.180.1.21/compute/v2.1/servers/c771cbc2-e440-4c40-afea-0476d16f5328 0.074s
2025-02-07 16:20:25.297 62992 INFO tempest.lib.common.rest_client [req-b29d9b5b-6f27-4051-b926-e2c438cfb756 req-b29d9b5b-6f27-4051-b926-e2c438cfb756 ] Request (ImagesTestJSON:test_create_image_from_suspended_server): 200 GET http://10.180.1.21/compute/v2.1/servers/3d8f298d-a597-4e2a-af07-0046d0bbd22a 0.062s
2025-02-07 16:20:25.353 62976 INFO tempest.lib.common.rest_client [req-2bb31147-6540-4991-ab76-93410c185dce req-2bb31147-6540-4991-ab76-93410c185dce ] Request (MultipleCreateTestJSON:test_multiple_create): 200 GET http://10.180.1.21/compute/v2.1/servers/e28d568b-a29d-4b5c-90e6-aac10019d54a 0.050s
2025-02-07 16:20:25.402 62956 INFO tempest.lib.common.rest_client [req-53449894-6ced-440f-9023-633337560aa8 req-53449894-6ced-440f-9023-633337560aa8 ] Request (TenantUsagesTestJSON:setUpClass): 200 GET http://10.180.1.21/compute/v2.1/servers/7a8bcdaf-4a30-4118-8260-22fb84ed89f3 0.048s
2025-02-07 16:20:25.486 62938 INFO tempest.lib.common.rest_client [req-c2832284-0951-4588-902a-fdbffe4036a6 req-c2832284-0951-4588-902a-fdbffe4036a6 ] Request (MigrationsAdminTest:test_resize_server_revert_deleted_flavor): 200 GET http://10.180.1.21/compute/v2.1/servers/9852bd88-1d3c-4e14-a334-1fbd32cdd3ed 0.055s
2025-02-07 16:20:25.507 62954 INFO tempest.lib.common.rest_client [req-fe2a7c6f-8221-4d64-ad29-42ac84be7ebb req-fe2a7c6f-8221-4d64-ad29-42ac84be7ebb ] Request (ImagesOneServerTestJSON:test_create_delete_image): 200 GET http://10.180.1.21/compute/v2.1/images/dcf15eaa-f452-4197-b923-995f393444e7 0.045s
2025-02-07 16:20:25.560 62950 INFO tempest.lib.common.rest_client [req-7b8d0900-7c7f-4edf-a86f-268f54b33bc6 req-7b8d0900-7c7f-4edf-a86f-268f54b33bc6 ] Request (AttachInterfacesUnderV243Test:test_add_remove_fixed_ip): 200 GET http://10.180.1.21/compute/v2.1/servers/87c398c4-2165-41c0-b584-df1f5995ae3d 0.049s
2025-02-07 16:20:25.578 62934 INFO tempest.lib.common.rest_client [req-09ad93c3-fc38-4898-90cc-a174abea905c req-09ad93c3-fc38-4898-90cc-a174abea905c ] Request (ListImageFiltersTestJSON:setUpClass): 200 GET http://10.180.1.21/compute/v2.1/images/4c305fc7-6b6e-4116-b0ce-6ac1fff98e61 0.035s
2025-02-07 16:20:25.657 62986 INFO tempest.lib.common.rest_client [req-d03e4888-a284-4f30-ae1e-90416f57a279 req-d03e4888-a284-4f30-ae1e-90416f57a279 ] Request (ListServersNegativeTestJSON:setUpClass): 200 GET http://10.180.1.21/compute/v2.1/servers/8cf78384-7e0f-4a97-a030-1e51f123f086 0.050s
2025-02-07 16:20:25.722 62948 INFO tempest.lib.common.rest_client [req-c3e16a2a-1432-4c96-9f5a-c95dfb01d366 req-c3e16a2a-1432-4c96-9f5a-c95dfb01d366 ] Request (SecurityGroupsTestJSON:test_list_security_groups_by_server): 200 GET http://10.180.1.21/compute/v2.1/servers/966100c4-9633-4d98-a860-578dc2253d7b 0.051s
2025-02-07 16:20:25.777 62930 INFO tempest.lib.common.rest_client [req-7f2811e9-5330-4fa6-b590-75f29acf78e0 req-7f2811e9-5330-4fa6-b590-75f29acf78e0 ] Request (ServersAdminTestJSON:test_create_server_with_scheduling_hint): 200 GET http://10.180.1.21/compute/v2.1/servers/3f036c4b-0b5b-49e8-89cd-4e63e9c80d65 0.142s
2025-02-07 16:20:25.795 62990 INFO tempest.lib.common.rest_client [req-79431bff-46b6-4b0c-8e36-a76a5ea057b9 req-79431bff-46b6-4b0c-8e36-a76a5ea057b9 ] Request (ServersAdminNegativeTestJSON:setUpClass): 200 GET http://10.180.1.21/compute/v2.1/servers/589046f1-74fa-4f42-b4ba-cea6a23c9e7a 0.083s
2025-02-07 16:20:25.834 62962 INFO tempest.lib.common.rest_client [req-dde5a471-a229-49ad-9cc2-ca2cf9a728c6 req-dde5a471-a229-49ad-9cc2-ca2cf9a728c6 ] Request (FloatingIPsAssociationNegativeTestJSON:setUpClass): 200 GET http://10.180.1.21/compute/v2.1/servers/40588dfc-c8b5-4edb-b5f8-b533658e56a2 0.107s
2025-02-07 16:20:25.852 62982 INFO tempest.lib.common.rest_client [req-6652b49a-0d26-4b1b-b847-d99299f8dcef req-6652b49a-0d26-4b1b-b847-d99299f8dcef ] Request (DeleteServersAdminTestJSON:test_delete_server_while_in_error_state): 200 GET http://10.180.1.21/compute/v2.1/servers/027d839d-93e5-45e1-aac3-6936b4c29795 0.082s
2025-02-07 16:20:25.971 62988 INFO tempest.lib.common.rest_client [req-3d2aa048-a523-474c-82b7-5f05d94f67d2 req-3d2aa048-a523-474c-82b7-5f05d94f67d2 ] Request (FloatingIPsAssociationTestJSON:tearDownClass): 200 GET http://10.180.1.21/compute/v2.1/servers/863bc2da-9167-470b-a426-f898e8bbe187 0.063s
2025-02-07 16:20:25.995 62936 INFO tempest.lib.common.rest_client [req-75acd974-a3fa-4d11-88a5-2d4ced91e3e8 req-75acd974-a3fa-4d11-88a5-2d4ced91e3e8 ] Request (ServerDiskConfigTestJSON:test_rebuild_server_with_auto_disk_config): 200 GET http://10.180.1.21/compute/v2.1/servers/bc813c11-8b43-4ca5-bfdf-832e02f020d9 0.102s
2025-02-07 16:20:26.002 62936 INFO tempest.common.waiters [-] State transition "BUILD/networking" ==> "BUILD/spawning" after 69 second wait
2025-02-07 16:20:26.028 62944 INFO tempest.lib.common.rest_client [req-2e3d249a-43ab-4980-b9d8-44e40f23a409 req-2e3d249a-43ab-4980-b9d8-44e40f23a409 ] Request (ImagesOneServerNegativeTestJSON:setUpClass): 200 GET http://10.180.1.21/compute/v2.1/servers/a08bc52b-f6e0-4c73-8dab-e19c0ed4ba47 0.072s
2025-02-07 16:20:26.043 62978 INFO tempest.lib.common.rest_client [req-8ffd69e4-e9a6-43b8-8535-c883974c9c62 req-8ffd69e4-e9a6-43b8-8535-c883974c9c62 ] Request (ServerAddressesNegativeTestJSON:setUpClass): 200 GET http://10.180.1.21/compute/v2.1/servers/c316241e-bdb6-4f77-8e3b-277a6bb2f6ce 0.077s
2025-02-07 16:20:26.096 62974 INFO tempest.lib.common.rest_client [req-7975bf5d-4e2e-41e3-b84f-14cb0a72a7f5 req-7975bf5d-4e2e-41e3-b84f-14cb0a72a7f5 ] Request (ListServerFiltersTestJSON:tearDownClass): 200 GET http://10.180.1.21/compute/v2.1/servers/c24bad45-17ef-4e2b-805f-e5fd0ac8bca4 0.064s
2025-02-07 16:20:26.096 62966 INFO tempest.lib.common.rest_client [req-3b005dc4-f561-4212-879a-b0218f27478d req-3b005dc4-f561-4212-879a-b0218f27478d ] Request (ServerPasswordTestJSON:setUpClass): 200 GET http://10.180.1.21/compute/v2.1/servers/fdb3277a-e02d-4150-9980-ba907497b2dc 0.062s
2025-02-07 16:20:26.233 62940 INFO tempest.lib.common.rest_client [req-45a6f59e-9a16-4b9e-95d4-c1f15a72080b req-45a6f59e-9a16-4b9e-95d4-c1f15a72080b ] Request (ServersTestMultiNic:test_verify_duplicate_network_nics): 200 GET http://10.180.1.21/compute/v2.1/servers/4da35bd5-50b0-4148-9802-81e45025a4a0 0.051s
2025-02-07 16:20:26.328 62932 INFO tempest.lib.common.rest_client [req-a5464483-3037-4f3b-8341-ddb351df9b9f req-a5464483-3037-4f3b-8341-ddb351df9b9f ] Request (ServerRescueNegativeTestJSON:setUpClass): 200 GET http://10.180.1.21/compute/v2.1/servers/c771cbc2-e440-4c40-afea-0476d16f5328 0.064s
2025-02-07 16:20:26.365 62992 INFO tempest.lib.common.rest_client [req-7ed316ee-f524-4b64-bc0a-bacc8835c0af req-7ed316ee-f524-4b64-bc0a-bacc8835c0af ] Request (ImagesTestJSON:test_create_image_from_suspended_server): 200 GET http://10.180.1.21/compute/v2.1/servers/3d8f298d-a597-4e2a-af07-0046d0bbd22a 0.059s
2025-02-07 16:20:26.415 62976 INFO tempest.lib.common.rest_client [req-9333b5fe-9ba0-423e-ad05-3e252861bf35 req-9333b5fe-9ba0-423e-ad05-3e252861bf35 ] Request (MultipleCreateTestJSON:test_multiple_create): 200 GET http://10.180.1.21/compute/v2.1/servers/e28d568b-a29d-4b5c-90e6-aac10019d54a 0.055s
2025-02-07 16:20:26.473 62956 INFO tempest.lib.common.rest_client [req-11bce282-47b4-4e06-87fd-76349262bab9 req-11bce282-47b4-4e06-87fd-76349262bab9 ] Request (TenantUsagesTestJSON:setUpClass): 200 GET http://10.180.1.21/compute/v2.1/servers/7a8bcdaf-4a30-4118-8260-22fb84ed89f3 0.062s
2025-02-07 16:20:26.547 62954 INFO tempest.lib.common.rest_client [req-5e2e65d5-6c0c-458b-9ffe-1d5e059bc7b0 req-5e2e65d5-6c0c-458b-9ffe-1d5e059bc7b0 ] Request (ImagesOneServerTestJSON:test_create_delete_image): 200 GET http://10.180.1.21/compute/v2.1/images/dcf15eaa-f452-4197-b923-995f393444e7 0.036s
2025-02-07 16:20:26.548 62938 INFO tempest.lib.common.rest_client [req-cb09a33b-3c3d-450e-b4a6-205030c2f3b4 req-cb09a33b-3c3d-450e-b4a6-205030c2f3b4 ] Request (MigrationsAdminTest:test_resize_server_revert_deleted_flavor): 200 GET http://10.180.1.21/compute/v2.1/servers/9852bd88-1d3c-4e14-a334-1fbd32cdd3ed 0.053s
2025-02-07 16:20:26.616 62934 INFO tempest.lib.common.rest_client [req-9f0a3c78-7670-4a39-8795-1574b14fd62d req-9f0a3c78-7670-4a39-8795-1574b14fd62d ] Request (ListImageFiltersTestJSON:setUpClass): 200 GET http://10.180.1.21/compute/v2.1/images/4c305fc7-6b6e-4116-b0ce-6ac1fff98e61 0.034s
2025-02-07 16:20:26.622 62950 INFO tempest.lib.common.rest_client [req-f8eb1a30-1dfe-4224-a5fd-c11c82730485 req-f8eb1a30-1dfe-4224-a5fd-c11c82730485 ] Request (AttachInterfacesUnderV243Test:test_add_remove_fixed_ip): 200 GET http://10.180.1.21/compute/v2.1/servers/87c398c4-2165-41c0-b584-df1f5995ae3d 0.053s
2025-02-07 16:20:26.715 62986 INFO tempest.lib.common.rest_client [req-d68ea782-3712-4e80-814e-a9a056570354 req-d68ea782-3712-4e80-814e-a9a056570354 ] Request (ListServersNegativeTestJSON:setUpClass): 200 GET http://10.180.1.21/compute/v2.1/servers/8cf78384-7e0f-4a97-a030-1e51f123f086 0.050s
2025-02-07 16:20:26.797 62948 INFO tempest.lib.common.rest_client [req-27e50154-f2a3-43c4-b896-bc78a0098b1b req-27e50154-f2a3-43c4-b896-bc78a0098b1b ] Request (SecurityGroupsTestJSON:test_list_security_groups_by_server): 200 GET http://10.180.1.21/compute/v2.1/servers/966100c4-9633-4d98-a860-578dc2253d7b 0.066s
2025-02-07 16:20:26.859 62990 INFO tempest.lib.common.rest_client [req-b0d4577c-0a8d-49ed-abdf-bcb507e730c1 req-b0d4577c-0a8d-49ed-abdf-bcb507e730c1 ] Request (ServersAdminNegativeTestJSON:setUpClass): 200 GET http://10.180.1.21/compute/v2.1/servers/589046f1-74fa-4f42-b4ba-cea6a23c9e7a 0.056s
2025-02-07 16:20:26.887 62930 INFO tempest.lib.common.rest_client [req-ef883ba1-c912-4ac8-b2ae-1d9923a3e21d req-ef883ba1-c912-4ac8-b2ae-1d9923a3e21d ] Request (ServersAdminTestJSON:test_create_server_with_scheduling_hint): 200 GET http://10.180.1.21/compute/v2.1/servers/3f036c4b-0b5b-49e8-89cd-4e63e9c80d65 0.097s
2025-02-07 16:20:26.916 62962 INFO tempest.lib.common.rest_client [req-5fec04b6-d246-4214-94c4-92d7dea59e57 req-5fec04b6-d246-4214-94c4-92d7dea59e57 ] Request (FloatingIPsAssociationNegativeTestJSON:setUpClass): 200 GET http://10.180.1.21/compute/v2.1/servers/40588dfc-c8b5-4edb-b5f8-b533658e56a2 0.070s
2025-02-07 16:20:26.931 62982 INFO tempest.lib.common.rest_client [req-39f80d38-28ed-4199-950c-e84a254f2a78 req-39f80d38-28ed-4199-950c-e84a254f2a78 ] Request (DeleteServersAdminTestJSON:test_delete_server_while_in_error_state): 200 GET http://10.180.1.21/compute/v2.1/servers/027d839d-93e5-45e1-aac3-6936b4c29795 0.072s
2025-02-07 16:20:26.947 62970 WARNING tempest.lib.common.ssh [-] Failed to establish authenticated ssh connection to cirros@10.180.180.134 ([Errno None] Unable to connect to port 22 on 10.180.180.134). Number attempts: 4. Retry after 5 seconds.: paramiko.ssh_exception.NoValidConnectionsError: [Errno None] Unable to connect to port 22 on 10.180.180.134
2025-02-07 16:20:27.052 62988 INFO tempest.lib.common.rest_client [req-4326222f-1997-4244-84ed-796ab349f7d1 req-4326222f-1997-4244-84ed-796ab349f7d1 ] Request (FloatingIPsAssociationTestJSON:tearDownClass): 200 GET http://10.180.1.21/compute/v2.1/servers/863bc2da-9167-470b-a426-f898e8bbe187 0.073s
2025-02-07 16:20:27.106 62944 INFO tempest.lib.common.rest_client [req-2996bf38-d28e-495e-982d-9d04bdcdd92d req-2996bf38-d28e-495e-982d-9d04bdcdd92d ] Request (ImagesOneServerNegativeTestJSON:setUpClass): 200 GET http://10.180.1.21/compute/v2.1/servers/a08bc52b-f6e0-4c73-8dab-e19c0ed4ba47 0.068s
2025-02-07 16:20:27.140 62936 INFO tempest.lib.common.rest_client [req-46e17a06-8ba4-4ee9-9dd7-ce3e14a30b85 req-46e17a06-8ba4-4ee9-9dd7-ce3e14a30b85 ] Request (ServerDiskConfigTestJSON:test_rebuild_server_with_auto_disk_config): 200 GET http://10.180.1.21/compute/v2.1/servers/bc813c11-8b43-4ca5-bfdf-832e02f020d9 0.137s
2025-02-07 16:20:27.159 62978 INFO tempest.lib.common.rest_client [req-18f33de1-b0fc-46ab-854b-804cd613b3e3 req-18f33de1-b0fc-46ab-854b-804cd613b3e3 ] Request (ServerAddressesNegativeTestJSON:setUpClass): 200 GET http://10.180.1.21/compute/v2.1/servers/c316241e-bdb6-4f77-8e3b-277a6bb2f6ce 0.109s
2025-02-07 16:20:27.195 62974 INFO tempest.lib.common.rest_client [req-bf4b9660-4881-4f9a-aa78-c3cbb6247b65 req-bf4b9660-4881-4f9a-aa78-c3cbb6247b65 ] Request (ListServerFiltersTestJSON:tearDownClass): 200 GET http://10.180.1.21/compute/v2.1/servers/c24bad45-17ef-4e2b-805f-e5fd0ac8bca4 0.090s
2025-02-07 16:20:27.211 62966 INFO tempest.lib.common.rest_client [req-5dcaec8a-e1a8-4b2a-a690-efed797932dc req-5dcaec8a-e1a8-4b2a-a690-efed797932dc ] Request (ServerPasswordTestJSON:setUpClass): 200 GET http://10.180.1.21/compute/v2.1/servers/fdb3277a-e02d-4150-9980-ba907497b2dc 0.105s
2025-02-07 16:20:27.291 62940 INFO tempest.lib.common.rest_client [req-ed97f3a6-39bb-4734-a610-df027fa503f4 req-ed97f3a6-39bb-4734-a610-df027fa503f4 ] Request (ServersTestMultiNic:test_verify_duplicate_network_nics): 200 GET http://10.180.1.21/compute/v2.1/servers/4da35bd5-50b0-4148-9802-81e45025a4a0 0.049s
2025-02-07 16:20:27.442 62992 INFO tempest.lib.common.rest_client [req-89cd7ff3-19bf-49dc-b5aa-9b7a8e3d1999 req-89cd7ff3-19bf-49dc-b5aa-9b7a8e3d1999 ] Request (ImagesTestJSON:test_create_image_from_suspended_server): 200 GET http://10.180.1.21/compute/v2.1/servers/3d8f298d-a597-4e2a-af07-0046d0bbd22a 0.068s
2025-02-07 16:20:27.470 62932 INFO tempest.lib.common.rest_client [req-601c19ef-c2e0-4650-9a3e-0ddda411782a req-601c19ef-c2e0-4650-9a3e-0ddda411782a ] Request (ServerRescueNegativeTestJSON:setUpClass): 200 GET http://10.180.1.21/compute/v2.1/servers/c771cbc2-e440-4c40-afea-0476d16f5328 0.134s
2025-02-07 16:20:27.477 62932 INFO tempest.common.waiters [-] State transition "BUILD/None" ==> "BUILD/networking" after 69 second wait
2025-02-07 16:20:27.491 62976 INFO tempest.lib.common.rest_client [req-b41cba05-dbe6-406e-8e49-7261fe35e727 req-b41cba05-dbe6-406e-8e49-7261fe35e727 ] Request (MultipleCreateTestJSON:test_multiple_create): 200 GET http://10.180.1.21/compute/v2.1/servers/e28d568b-a29d-4b5c-90e6-aac10019d54a 0.068s
2025-02-07 16:20:27.543 62956 INFO tempest.lib.common.rest_client [req-eddda8b6-11d1-4731-9086-678e6ab51de0 req-eddda8b6-11d1-4731-9086-678e6ab51de0 ] Request (TenantUsagesTestJSON:setUpClass): 200 GET http://10.180.1.21/compute/v2.1/servers/7a8bcdaf-4a30-4118-8260-22fb84ed89f3 0.063s
2025-02-07 16:20:27.604 62954 INFO tempest.lib.common.rest_client [req-b1270811-cc7b-4fbe-ba86-02197bae141b req-b1270811-cc7b-4fbe-ba86-02197bae141b ] Request (ImagesOneServerTestJSON:test_create_delete_image): 200 GET http://10.180.1.21/compute/v2.1/images/dcf15eaa-f452-4197-b923-995f393444e7 0.052s
2025-02-07 16:20:27.623 62938 INFO tempest.lib.common.rest_client [req-2ed23a9f-74e8-4203-a214-326af7156cc2 req-2ed23a9f-74e8-4203-a214-326af7156cc2 ] Request (MigrationsAdminTest:test_resize_server_revert_deleted_flavor): 200 GET http://10.180.1.21/compute/v2.1/servers/9852bd88-1d3c-4e14-a334-1fbd32cdd3ed 0.066s
2025-02-07 16:20:27.669 62934 INFO tempest.lib.common.rest_client [req-2596e6a8-6a9d-4cea-80f5-178bf7ea1c7a req-2596e6a8-6a9d-4cea-80f5-178bf7ea1c7a ] Request (ListImageFiltersTestJSON:setUpClass): 200 GET http://10.180.1.21/compute/v2.1/images/4c305fc7-6b6e-4116-b0ce-6ac1fff98e61 0.047s
2025-02-07 16:20:27.695 62950 INFO tempest.lib.common.rest_client [req-8be3bf3d-df2a-4c55-8866-6e6e7502e4dc req-8be3bf3d-df2a-4c55-8866-6e6e7502e4dc ] Request (AttachInterfacesUnderV243Test:test_add_remove_fixed_ip): 200 GET http://10.180.1.21/compute/v2.1/servers/87c398c4-2165-41c0-b584-df1f5995ae3d 0.066s
2025-02-07 16:20:27.771 62986 INFO tempest.lib.common.rest_client [req-f4a9de91-ebd1-47a0-8fd8-78458b0e3404 req-f4a9de91-ebd1-47a0-8fd8-78458b0e3404 ] Request (ListServersNegativeTestJSON:setUpClass): 200 GET http://10.180.1.21/compute/v2.1/servers/8cf78384-7e0f-4a97-a030-1e51f123f086 0.049s
2025-02-07 16:20:27.781 62980 WARNING tempest.lib.common.ssh [-] Failed to establish authenticated ssh connection to cirros@10.180.180.163 ([Errno None] Unable to connect to port 22 on 10.180.180.163). Number attempts: 1. Retry after 2 seconds.: paramiko.ssh_exception.NoValidConnectionsError: [Errno None] Unable to connect to port 22 on 10.180.180.163
2025-02-07 16:20:27.855 62948 INFO tempest.lib.common.rest_client [req-ed437e6f-1842-48b0-b481-27f396666ef6 req-ed437e6f-1842-48b0-b481-27f396666ef6 ] Request (SecurityGroupsTestJSON:test_list_security_groups_by_server): 200 GET http://10.180.1.21/compute/v2.1/servers/966100c4-9633-4d98-a860-578dc2253d7b 0.049s
2025-02-07 16:20:27.919 62990 INFO tempest.lib.common.rest_client [req-fe1ee317-4b87-4315-895b-c3d7c23f0056 req-fe1ee317-4b87-4315-895b-c3d7c23f0056 ] Request (ServersAdminNegativeTestJSON:setUpClass): 200 GET http://10.180.1.21/compute/v2.1/servers/589046f1-74fa-4f42-b4ba-cea6a23c9e7a 0.052s
2025-02-07 16:20:27.980 62962 INFO tempest.lib.common.rest_client [req-96312c68-4d3d-419d-a62d-40519eb5e6fb req-96312c68-4d3d-419d-a62d-40519eb5e6fb ] Request (FloatingIPsAssociationNegativeTestJSON:setUpClass): 200 GET http://10.180.1.21/compute/v2.1/servers/40588dfc-c8b5-4edb-b5f8-b533658e56a2 0.057s
2025-02-07 16:20:28.034 62930 INFO tempest.lib.common.rest_client [req-af84cb6a-0ad8-4c00-8fa7-ad9e77e55515 req-af84cb6a-0ad8-4c00-8fa7-ad9e77e55515 ] Request (ServersAdminTestJSON:test_create_server_with_scheduling_hint): 200 GET http://10.180.1.21/compute/v2.1/servers/3f036c4b-0b5b-49e8-89cd-4e63e9c80d65 0.139s
2025-02-07 16:20:28.040 62982 INFO tempest.lib.common.rest_client [req-5924e937-d3cc-4541-a8fe-03e011976c88 req-5924e937-d3cc-4541-a8fe-03e011976c88 ] Request (DeleteServersAdminTestJSON:test_delete_server_while_in_error_state): 200 GET http://10.180.1.21/compute/v2.1/servers/027d839d-93e5-45e1-aac3-6936b4c29795 0.100s
2025-02-07 16:20:28.123 62988 INFO tempest.lib.common.rest_client [req-8037ff15-166b-4eca-a443-63ed7f7612e3 req-8037ff15-166b-4eca-a443-63ed7f7612e3 ] Request (FloatingIPsAssociationTestJSON:tearDownClass): 200 GET http://10.180.1.21/compute/v2.1/servers/863bc2da-9167-470b-a426-f898e8bbe187 0.063s
2025-02-07 16:20:28.166 62944 INFO tempest.lib.common.rest_client [req-c2e067db-00f1-4a75-afa5-905ca8b29559 req-c2e067db-00f1-4a75-afa5-905ca8b29559 ] Request (ImagesOneServerNegativeTestJSON:setUpClass): 200 GET http://10.180.1.21/compute/v2.1/servers/a08bc52b-f6e0-4c73-8dab-e19c0ed4ba47 0.051s
2025-02-07 16:20:28.217 62978 INFO tempest.lib.common.rest_client [req-adc0136e-8214-4561-9618-0d3fe80f9862 req-adc0136e-8214-4561-9618-0d3fe80f9862 ] Request (ServerAddressesNegativeTestJSON:setUpClass): 200 GET http://10.180.1.21/compute/v2.1/servers/c316241e-bdb6-4f77-8e3b-277a6bb2f6ce 0.049s
2025-02-07 16:20:28.275 62974 INFO tempest.lib.common.rest_client [req-a281c514-2abb-42c9-bf7f-852c2eb7e78e req-a281c514-2abb-42c9-bf7f-852c2eb7e78e ] Request (ListServerFiltersTestJSON:tearDownClass): 200 GET http://10.180.1.21/compute/v2.1/servers/c24bad45-17ef-4e2b-805f-e5fd0ac8bca4 0.072s
2025-02-07 16:20:28.293 62936 INFO tempest.lib.common.rest_client [req-36a972a4-5623-4dc5-84e1-9a51349497b5 req-36a972a4-5623-4dc5-84e1-9a51349497b5 ] Request (ServerDiskConfigTestJSON:test_rebuild_server_with_auto_disk_config): 200 GET http://10.180.1.21/compute/v2.1/servers/bc813c11-8b43-4ca5-bfdf-832e02f020d9 0.144s
2025-02-07 16:20:28.332 62966 INFO tempest.lib.common.rest_client [req-603e20cf-728e-437b-ac08-5bf7b890e36b req-603e20cf-728e-437b-ac08-5bf7b890e36b ] Request (ServerPasswordTestJSON:setUpClass): 200 GET http://10.180.1.21/compute/v2.1/servers/fdb3277a-e02d-4150-9980-ba907497b2dc 0.113s
2025-02-07 16:20:28.376 62940 INFO tempest.lib.common.rest_client [req-fe07b673-6cd0-4fb4-acf0-f5d9123116ae req-fe07b673-6cd0-4fb4-acf0-f5d9123116ae ] Request (ServersTestMultiNic:test_verify_duplicate_network_nics): 200 GET http://10.180.1.21/compute/v2.1/servers/4da35bd5-50b0-4148-9802-81e45025a4a0 0.077s
2025-02-07 16:20:28.507 62992 INFO tempest.lib.common.rest_client [req-0e32335c-4b7c-4bc4-b026-1ddcf3d6ab99 req-0e32335c-4b7c-4bc4-b026-1ddcf3d6ab99 ] Request (ImagesTestJSON:test_create_image_from_suspended_server): 200 GET http://10.180.1.21/compute/v2.1/servers/3d8f298d-a597-4e2a-af07-0046d0bbd22a 0.058s
2025-02-07 16:20:28.561 62976 INFO tempest.lib.common.rest_client [req-c99327ae-5ccd-4d6b-a69f-0cd85132f8af req-c99327ae-5ccd-4d6b-a69f-0cd85132f8af ] Request (MultipleCreateTestJSON:test_multiple_create): 200 GET http://10.180.1.21/compute/v2.1/servers/e28d568b-a29d-4b5c-90e6-aac10019d54a 0.063s
2025-02-07 16:20:28.612 62956 INFO tempest.lib.common.rest_client [req-61e5ffef-c45e-457e-8944-0b6ec688399b req-61e5ffef-c45e-457e-8944-0b6ec688399b ] Request (TenantUsagesTestJSON:setUpClass): 200 GET http://10.180.1.21/compute/v2.1/servers/7a8bcdaf-4a30-4118-8260-22fb84ed89f3 0.060s
2025-02-07 16:20:28.614 62932 INFO tempest.lib.common.rest_client [req-8befaebc-c4e7-4963-8cd1-b57e5d3b648f req-8befaebc-c4e7-4963-8cd1-b57e5d3b648f ] Request (ServerRescueNegativeTestJSON:setUpClass): 200 GET http://10.180.1.21/compute/v2.1/servers/c771cbc2-e440-4c40-afea-0476d16f5328 0.137s
2025-02-07 16:20:28.626 62932 INFO tempest.common.waiters [-] State transition "BUILD/networking" ==> "BUILD/spawning" after 70 second wait
2025-02-07 16:20:28.651 62954 INFO tempest.lib.common.rest_client [req-577dd8e8-8bbe-44b8-84c3-4949ca9b0764 req-577dd8e8-8bbe-44b8-84c3-4949ca9b0764 ] Request (ImagesOneServerTestJSON:test_create_delete_image): 200 GET http://10.180.1.21/compute/v2.1/images/dcf15eaa-f452-4197-b923-995f393444e7 0.044s
2025-02-07 16:20:28.689 62938 INFO tempest.lib.common.rest_client [req-7cd727af-c5fe-4f63-919b-aa895fd00dd0 req-7cd727af-c5fe-4f63-919b-aa895fd00dd0 ] Request (MigrationsAdminTest:test_resize_server_revert_deleted_flavor): 200 GET http://10.180.1.21/compute/v2.1/servers/9852bd88-1d3c-4e14-a334-1fbd32cdd3ed 0.058s
2025-02-07 16:20:28.715 62934 INFO tempest.lib.common.rest_client [req-72594793-d42f-4126-ae8e-7a5d9b640656 req-72594793-d42f-4126-ae8e-7a5d9b640656 ] Request (ListImageFiltersTestJSON:setUpClass): 200 GET http://10.180.1.21/compute/v2.1/images/4c305fc7-6b6e-4116-b0ce-6ac1fff98e61 0.041s
2025-02-07 16:20:28.755 62950 INFO tempest.lib.common.rest_client [req-2b6db2fd-a068-47a5-9f7a-9d61d524e816 req-2b6db2fd-a068-47a5-9f7a-9d61d524e816 ] Request (AttachInterfacesUnderV243Test:test_add_remove_fixed_ip): 200 GET http://10.180.1.21/compute/v2.1/servers/87c398c4-2165-41c0-b584-df1f5995ae3d 0.049s
2025-02-07 16:20:28.827 62986 INFO tempest.lib.common.rest_client [req-52241f01-6c7e-4582-a63b-9d29cd037186 req-52241f01-6c7e-4582-a63b-9d29cd037186 ] Request (ListServersNegativeTestJSON:setUpClass): 200 GET http://10.180.1.21/compute/v2.1/servers/8cf78384-7e0f-4a97-a030-1e51f123f086 0.049s
2025-02-07 16:20:28.913 62948 INFO tempest.lib.common.rest_client [req-701514f8-960b-41f4-a886-e2ab9678e592 req-701514f8-960b-41f4-a886-e2ab9678e592 ] Request (SecurityGroupsTestJSON:test_list_security_groups_by_server): 200 GET http://10.180.1.21/compute/v2.1/servers/966100c4-9633-4d98-a860-578dc2253d7b 0.051s
2025-02-07 16:20:28.937 62968 WARNING tempest.lib.common.ssh [-] Failed to establish authenticated ssh connection to cirros@10.180.180.144 ([Errno None] Unable to connect to port 22 on 10.180.180.144). Number attempts: 1. Retry after 2 seconds.: paramiko.ssh_exception.NoValidConnectionsError: [Errno None] Unable to connect to port 22 on 10.180.180.144
2025-02-07 16:20:28.995 62990 INFO tempest.lib.common.rest_client [req-3573c4bd-d3fc-4138-8e7b-713bac7b167c req-3573c4bd-d3fc-4138-8e7b-713bac7b167c ] Request (ServersAdminNegativeTestJSON:setUpClass): 200 GET http://10.180.1.21/compute/v2.1/servers/589046f1-74fa-4f42-b4ba-cea6a23c9e7a 0.067s
2025-02-07 16:20:29.064 62962 INFO tempest.lib.common.rest_client [req-0476987b-8277-4b7c-ba3d-8d4fba4de1c2 req-0476987b-8277-4b7c-ba3d-8d4fba4de1c2 ] Request (FloatingIPsAssociationNegativeTestJSON:setUpClass): 200 GET http://10.180.1.21/compute/v2.1/servers/40588dfc-c8b5-4edb-b5f8-b533658e56a2 0.073s
2025-02-07 16:20:29.115 62982 INFO tempest.lib.common.rest_client [req-b5c19702-e6be-4fd5-88fb-ea776009a315 req-b5c19702-e6be-4fd5-88fb-ea776009a315 ] Request (DeleteServersAdminTestJSON:test_delete_server_while_in_error_state): 200 GET http://10.180.1.21/compute/v2.1/servers/027d839d-93e5-45e1-aac3-6936b4c29795 0.067s
2025-02-07 16:20:29.148 62930 INFO tempest.lib.common.rest_client [req-ea6c06ad-c653-4848-8736-cd55a15c5af0 req-ea6c06ad-c653-4848-8736-cd55a15c5af0 ] Request (ServersAdminTestJSON:test_create_server_with_scheduling_hint): 200 GET http://10.180.1.21/compute/v2.1/servers/3f036c4b-0b5b-49e8-89cd-4e63e9c80d65 0.106s
2025-02-07 16:20:29.188 62988 INFO tempest.lib.common.rest_client [req-c3ec9368-263c-410c-8ee3-837db513a661 req-c3ec9368-263c-410c-8ee3-837db513a661 ] Request (FloatingIPsAssociationTestJSON:tearDownClass): 200 GET http://10.180.1.21/compute/v2.1/servers/863bc2da-9167-470b-a426-f898e8bbe187 0.058s
2025-02-07 16:20:29.228 62944 INFO tempest.lib.common.rest_client [req-3a1a1300-a118-453a-afcb-b506b3140bfd req-3a1a1300-a118-453a-afcb-b506b3140bfd ] Request (ImagesOneServerNegativeTestJSON:setUpClass): 200 GET http://10.180.1.21/compute/v2.1/servers/a08bc52b-f6e0-4c73-8dab-e19c0ed4ba47 0.053s
2025-02-07 16:20:29.274 62978 INFO tempest.lib.common.rest_client [req-c4994cf0-5316-498d-a32d-6d580d0a35ad req-c4994cf0-5316-498d-a32d-6d580d0a35ad ] Request (ServerAddressesNegativeTestJSON:setUpClass): 200 GET http://10.180.1.21/compute/v2.1/servers/c316241e-bdb6-4f77-8e3b-277a6bb2f6ce 0.050s
2025-02-07 16:20:29.342 62974 INFO tempest.lib.common.rest_client [req-3e43d5bf-3413-4c25-b151-f32e6583beee req-3e43d5bf-3413-4c25-b151-f32e6583beee ] Request (ListServerFiltersTestJSON:tearDownClass): 200 GET http://10.180.1.21/compute/v2.1/servers/c24bad45-17ef-4e2b-805f-e5fd0ac8bca4 0.059s
2025-02-07 16:20:29.391 62966 INFO tempest.lib.common.rest_client [req-4b7f8ade-7082-43e5-a3c2-4d860ef4d05c req-4b7f8ade-7082-43e5-a3c2-4d860ef4d05c ] Request (ServerPasswordTestJSON:setUpClass): 200 GET http://10.180.1.21/compute/v2.1/servers/fdb3277a-e02d-4150-9980-ba907497b2dc 0.047s
2025-02-07 16:20:29.406 62936 INFO tempest.lib.common.rest_client [req-25ed1382-3cb5-4ca0-8278-de69959500c9 req-25ed1382-3cb5-4ca0-8278-de69959500c9 ] Request (ServerDiskConfigTestJSON:test_rebuild_server_with_auto_disk_config): 200 GET http://10.180.1.21/compute/v2.1/servers/bc813c11-8b43-4ca5-bfdf-832e02f020d9 0.104s
2025-02-07 16:20:29.438 62940 INFO tempest.lib.common.rest_client [req-c3e3d8f5-ccde-454e-b97c-6482376a0197 req-c3e3d8f5-ccde-454e-b97c-6482376a0197 ] Request (ServersTestMultiNic:test_verify_duplicate_network_nics): 200 GET http://10.180.1.21/compute/v2.1/servers/4da35bd5-50b0-4148-9802-81e45025a4a0 0.050s
2025-02-07 16:20:29.565 62992 INFO tempest.lib.common.rest_client [req-0d3fa256-875a-4c29-a167-3efa132576e6 req-0d3fa256-875a-4c29-a167-3efa132576e6 ] Request (ImagesTestJSON:test_create_image_from_suspended_server): 200 GET http://10.180.1.21/compute/v2.1/servers/3d8f298d-a597-4e2a-af07-0046d0bbd22a 0.049s
2025-02-07 16:20:29.621 62976 INFO tempest.lib.common.rest_client [req-59d400f8-da1f-42d5-9cac-285d6b56236f req-59d400f8-da1f-42d5-9cac-285d6b56236f ] Request (MultipleCreateTestJSON:test_multiple_create): 200 GET http://10.180.1.21/compute/v2.1/servers/e28d568b-a29d-4b5c-90e6-aac10019d54a 0.052s
2025-02-07 16:20:29.676 62956 INFO tempest.lib.common.rest_client [req-9428afa8-1d3a-4fbd-a49a-15eac3206f8c req-9428afa8-1d3a-4fbd-a49a-15eac3206f8c ] Request (TenantUsagesTestJSON:setUpClass): 200 GET http://10.180.1.21/compute/v2.1/servers/7a8bcdaf-4a30-4118-8260-22fb84ed89f3 0.056s
2025-02-07 16:20:29.683 62956 INFO tempest.common.waiters [-] State transition "BUILD/None" ==> "BUILD/networking" after 66 second wait
2025-02-07 16:20:29.707 62954 INFO tempest.lib.common.rest_client [req-c5ab4bb6-b162-41ca-8f8c-2ed7edcb4768 req-c5ab4bb6-b162-41ca-8f8c-2ed7edcb4768 ] Request (ImagesOneServerTestJSON:test_create_delete_image): 200 GET http://10.180.1.21/compute/v2.1/images/dcf15eaa-f452-4197-b923-995f393444e7 0.052s
2025-02-07 16:20:29.758 62938 INFO tempest.lib.common.rest_client [req-4295c0c3-2659-46ab-b8d9-a79ebc5aea14 req-4295c0c3-2659-46ab-b8d9-a79ebc5aea14 ] Request (MigrationsAdminTest:test_resize_server_revert_deleted_flavor): 200 GET http://10.180.1.21/compute/v2.1/servers/9852bd88-1d3c-4e14-a334-1fbd32cdd3ed 0.061s
2025-02-07 16:20:29.778 62932 INFO tempest.lib.common.rest_client [req-6a1ab0ee-f43f-44e2-9a43-b253ec42ef4f req-6a1ab0ee-f43f-44e2-9a43-b253ec42ef4f ] Request (ServerRescueNegativeTestJSON:setUpClass): 200 GET http://10.180.1.21/compute/v2.1/servers/c771cbc2-e440-4c40-afea-0476d16f5328 0.150s
2025-02-07 16:20:29.792 62934 INFO tempest.lib.common.rest_client [req-6ed2f357-935f-46bc-92db-ce11d42caa97 req-6ed2f357-935f-46bc-92db-ce11d42caa97 ] Request (ListImageFiltersTestJSON:setUpClass): 200 GET http://10.180.1.21/compute/v2.1/images/4c305fc7-6b6e-4116-b0ce-6ac1fff98e61 0.074s
2025-02-07 16:20:29.807 62958 WARNING tempest.lib.common.ssh [-] Failed to establish authenticated ssh connection to cirros@10.180.180.195 ([Errno None] Unable to connect to port 22 on 10.180.180.195). Number attempts: 9. Retry after 10 seconds.: paramiko.ssh_exception.NoValidConnectionsError: [Errno None] Unable to connect to port 22 on 10.180.180.195
2025-02-07 16:20:29.830 62950 INFO tempest.lib.common.rest_client [req-dc118736-6147-42fd-ab0f-92a8a2d5b68d req-dc118736-6147-42fd-ab0f-92a8a2d5b68d ] Request (AttachInterfacesUnderV243Test:test_add_remove_fixed_ip): 200 GET http://10.180.1.21/compute/v2.1/servers/87c398c4-2165-41c0-b584-df1f5995ae3d 0.068s
2025-02-07 16:20:29.905 62986 INFO tempest.lib.common.rest_client [req-f79c77ec-4474-4982-91cb-305fb505a226 req-f79c77ec-4474-4982-91cb-305fb505a226 ] Request (ListServersNegativeTestJSON:setUpClass): 200 GET http://10.180.1.21/compute/v2.1/servers/8cf78384-7e0f-4a97-a030-1e51f123f086 0.069s
2025-02-07 16:20:29.984 62948 INFO tempest.lib.common.rest_client [req-cb867630-5f9b-4a49-973c-64c02b067737 req-cb867630-5f9b-4a49-973c-64c02b067737 ] Request (SecurityGroupsTestJSON:test_list_security_groups_by_server): 200 GET http://10.180.1.21/compute/v2.1/servers/966100c4-9633-4d98-a860-578dc2253d7b 0.063s
2025-02-07 16:20:30.079 62990 INFO tempest.lib.common.rest_client [req-ef1dbed0-b66e-444e-93f7-fea82128877b req-ef1dbed0-b66e-444e-93f7-fea82128877b ] Request (ServersAdminNegativeTestJSON:setUpClass): 200 GET http://10.180.1.21/compute/v2.1/servers/589046f1-74fa-4f42-b4ba-cea6a23c9e7a 0.072s
2025-02-07 16:20:30.136 62962 INFO tempest.lib.common.rest_client [req-78b74eff-1363-485e-af26-5c09275cb7f4 req-78b74eff-1363-485e-af26-5c09275cb7f4 ] Request (FloatingIPsAssociationNegativeTestJSON:setUpClass): 200 GET http://10.180.1.21/compute/v2.1/servers/40588dfc-c8b5-4edb-b5f8-b533658e56a2 0.065s
2025-02-07 16:20:30.192 62982 INFO tempest.lib.common.rest_client [req-cd2474c9-223d-4de2-b465-f39df12abec5 req-cd2474c9-223d-4de2-b465-f39df12abec5 ] Request (DeleteServersAdminTestJSON:test_delete_server_while_in_error_state): 200 GET http://10.180.1.21/compute/v2.1/servers/027d839d-93e5-45e1-aac3-6936b4c29795 0.069s
2025-02-07 16:20:30.274 62988 INFO tempest.lib.common.rest_client [req-7ede0472-8793-4858-91ed-6ceca70a1864 req-7ede0472-8793-4858-91ed-6ceca70a1864 ] Request (FloatingIPsAssociationTestJSON:tearDownClass): 200 GET http://10.180.1.21/compute/v2.1/servers/863bc2da-9167-470b-a426-f898e8bbe187 0.078s
2025-02-07 16:20:30.300 62930 INFO tempest.lib.common.rest_client [req-4b51d8b1-dbdd-42c4-a9bb-6d1c342a7c09 req-4b51d8b1-dbdd-42c4-a9bb-6d1c342a7c09 ] Request (ServersAdminTestJSON:test_create_server_with_scheduling_hint): 200 GET http://10.180.1.21/compute/v2.1/servers/3f036c4b-0b5b-49e8-89cd-4e63e9c80d65 0.144s
2025-02-07 16:20:30.327 62944 INFO tempest.lib.common.rest_client [req-96add48a-3500-4904-91f4-d2c7eff14e09 req-96add48a-3500-4904-91f4-d2c7eff14e09 ] Request (ImagesOneServerNegativeTestJSON:setUpClass): 200 GET http://10.180.1.21/compute/v2.1/servers/a08bc52b-f6e0-4c73-8dab-e19c0ed4ba47 0.091s
2025-02-07 16:20:30.362 62978 INFO tempest.lib.common.rest_client [req-ea63c2de-58d7-4326-9e28-a76f295c084f req-ea63c2de-58d7-4326-9e28-a76f295c084f ] Request (ServerAddressesNegativeTestJSON:setUpClass): 200 GET http://10.180.1.21/compute/v2.1/servers/c316241e-bdb6-4f77-8e3b-277a6bb2f6ce 0.079s
2025-02-07 16:20:30.411 62974 INFO tempest.lib.common.rest_client [req-ea24246a-49ef-491e-9c97-a1b41c4dbbd0 req-ea24246a-49ef-491e-9c97-a1b41c4dbbd0 ] Request (ListServerFiltersTestJSON:tearDownClass): 200 GET http://10.180.1.21/compute/v2.1/servers/c24bad45-17ef-4e2b-805f-e5fd0ac8bca4 0.060s
2025-02-07 16:20:30.456 62966 INFO tempest.lib.common.rest_client [req-24acc78a-879f-4338-9ff2-4c3e7f2429d3 req-24acc78a-879f-4338-9ff2-4c3e7f2429d3 ] Request (ServerPasswordTestJSON:setUpClass): 200 GET http://10.180.1.21/compute/v2.1/servers/fdb3277a-e02d-4150-9980-ba907497b2dc 0.057s
2025-02-07 16:20:30.512 62940 INFO tempest.lib.common.rest_client [req-1b18735a-5de8-4e5e-8cc0-196f60b49370 req-1b18735a-5de8-4e5e-8cc0-196f60b49370 ] Request (ServersTestMultiNic:test_verify_duplicate_network_nics): 200 GET http://10.180.1.21/compute/v2.1/servers/4da35bd5-50b0-4148-9802-81e45025a4a0 0.066s
2025-02-07 16:20:30.512 62936 INFO tempest.lib.common.rest_client [req-8f9b22bd-c8a7-4337-a38a-3bd00539055f req-8f9b22bd-c8a7-4337-a38a-3bd00539055f ] Request (ServerDiskConfigTestJSON:test_rebuild_server_with_auto_disk_config): 200 GET http://10.180.1.21/compute/v2.1/servers/bc813c11-8b43-4ca5-bfdf-832e02f020d9 0.094s
2025-02-07 16:20:30.638 62992 INFO tempest.lib.common.rest_client [req-f86b50fd-48be-45ed-ac20-e3dd71b97137 req-f86b50fd-48be-45ed-ac20-e3dd71b97137 ] Request (ImagesTestJSON:test_create_image_from_suspended_server): 200 GET http://10.180.1.21/compute/v2.1/servers/3d8f298d-a597-4e2a-af07-0046d0bbd22a 0.062s
2025-02-07 16:20:30.681 62976 INFO tempest.lib.common.rest_client [req-7c40b675-89d5-4c7c-ad10-526b93f4b6f3 req-7c40b675-89d5-4c7c-ad10-526b93f4b6f3 ] Request (MultipleCreateTestJSON:test_multiple_create): 200 GET http://10.180.1.21/compute/v2.1/servers/e28d568b-a29d-4b5c-90e6-aac10019d54a 0.051s
2025-02-07 16:20:30.744 62954 INFO tempest.lib.common.rest_client [req-6d70a5b6-6c98-48ce-b178-0b1e43e7b4bd req-6d70a5b6-6c98-48ce-b178-0b1e43e7b4bd ] Request (ImagesOneServerTestJSON:test_create_delete_image): 200 GET http://10.180.1.21/compute/v2.1/images/dcf15eaa-f452-4197-b923-995f393444e7 0.033s
2025-02-07 16:20:30.830 62938 INFO tempest.lib.common.rest_client [req-de2352b0-1ac3-4beb-995f-80fab43a6763 req-de2352b0-1ac3-4beb-995f-80fab43a6763 ] Request (MigrationsAdminTest:test_resize_server_revert_deleted_flavor): 200 GET http://10.180.1.21/compute/v2.1/servers/9852bd88-1d3c-4e14-a334-1fbd32cdd3ed 0.063s
2025-02-07 16:20:30.851 62980 WARNING tempest.lib.common.ssh [-] Failed to establish authenticated ssh connection to cirros@10.180.180.163 ([Errno None] Unable to connect to port 22 on 10.180.180.163). Number attempts: 2. Retry after 3 seconds.: paramiko.ssh_exception.NoValidConnectionsError: [Errno None] Unable to connect to port 22 on 10.180.180.163
