2025-02-07 16:20:44.889 62990 INFO tempest.lib.common.rest_client [req-e6007db7-5739-4727-aaa2-387463ff1a9c req-e6007db7-5739-4727-aaa2-387463ff1a9c ] Request (ServersAdminNegativeTestJSON:setUpClass): 200 GET http://10.180.1.21/compute/v2.1/servers/589046f1-74fa-4f42-b4ba-cea6a23c9e7a 0.169s
2025-02-07 16:20:44.902 62934 INFO tempest.lib.common.rest_client [req-5866da0b-4d60-4828-a9ef-0a1fb9771531 req-5866da0b-4d60-4828-a9ef-0a1fb9771531 ] Request (ListImageFiltersTestJSON:tearDownClass): 204 DELETE http://10.180.1.21/compute/v2.1/servers/66f5454a-bc99-4b92-9a74-ef81b3a0c673 0.191s
2025-02-07 16:20:45.004 62978 INFO tempest.lib.common.rest_client [req-8ae6f6f2-2f1e-4b72-909a-ae79549a31eb req-8ae6f6f2-2f1e-4b72-909a-ae79549a31eb ] Request (ServerAddressesNegativeTestJSON:setUpClass): 200 GET http://10.180.1.21/compute/v2.1/servers/c316241e-bdb6-4f77-8e3b-277a6bb2f6ce 0.229s
2025-02-07 16:20:45.014 62978 INFO tempest.common.waiters [-] State transition "BUILD/networking" ==> "BUILD/spawning" after 71 second wait
2025-02-07 16:20:45.031 62992 INFO tempest.lib.common.rest_client [req-a4ce4533-9457-4db8-8ecd-a5f43edb20ed req-a4ce4533-9457-4db8-8ecd-a5f43edb20ed ] Request (ImagesTestJSON:test_create_image_from_suspended_server): 200 GET http://10.180.1.21/compute/v2.1/servers/3d8f298d-a597-4e2a-af07-0046d0bbd22a 0.189s
2025-02-07 16:20:45.060 62980 WARNING tempest.lib.common.ssh [-] Failed to establish authenticated ssh connection to cirros@10.180.180.163 ([Errno None] Unable to connect to port 22 on 10.180.180.163). Number attempts: 4. Retry after 5 seconds.: paramiko.ssh_exception.NoValidConnectionsError: [Errno None] Unable to connect to port 22 on 10.180.180.163
2025-02-07 16:20:45.119 62934 INFO tempest.lib.common.rest_client [req-7055cc7d-2851-4d46-9a45-e8c00d7dc7ed req-7055cc7d-2851-4d46-9a45-e8c00d7dc7ed ] Request (ListImageFiltersTestJSON:tearDownClass): 200 GET http://10.180.1.21/compute/v2.1/servers/66f5454a-bc99-4b92-9a74-ef81b3a0c673 0.217s
2025-02-07 16:20:45.138 62936 INFO tempest.lib.common.rest_client [req-d98d3515-f7ca-4faa-9bc3-b4ba79cae69a req-d98d3515-f7ca-4faa-9bc3-b4ba79cae69a ] Request (ServerDiskConfigTestJSON:test_rebuild_server_with_auto_disk_config): 200 GET http://10.180.1.21/compute/v2.1/servers/bc813c11-8b43-4ca5-bfdf-832e02f020d9 0.174s
2025-02-07 16:20:45.184 62966 INFO tempest.lib.common.rest_client [req-7246befd-95e6-45a3-8779-36e3e58be625 req-7246befd-95e6-45a3-8779-36e3e58be625 ] Request (ServerPasswordTestJSON:setUpClass): 200 GET http://10.180.1.21/compute/v2.1/servers/fdb3277a-e02d-4150-9980-ba907497b2dc 0.098s
2025-02-07 16:20:45.216 62954 INFO tempest.lib.common.rest_client [req-96627538-4dda-4116-adc3-98b5585d4049 req-96627538-4dda-4116-adc3-98b5585d4049 ] Request (ImagesOneServerTestJSON:test_create_image_specify_multibyte_character_image_name): 200 GET http://10.180.1.21/compute/v2.1/images/950b6af4-3b61-4d7b-8fef-7ecc1c9f1e23 0.087s
2025-02-07 16:20:45.265 62940 INFO tempest.lib.common.rest_client [req-d917e870-d8f8-4ef3-bde2-b56333280267 req-d917e870-d8f8-4ef3-bde2-b56333280267 ] Request (ServersTestMultiNic:test_verify_duplicate_network_nics): 200 GET http://10.180.1.21/compute/v2.1/servers/4da35bd5-50b0-4148-9802-81e45025a4a0 0.101s
2025-02-07 16:20:45.313 62976 INFO tempest.lib.common.rest_client [req-466dee93-71c4-49e9-9901-9145efe2375e req-466dee93-71c4-49e9-9901-9145efe2375e ] Request (MultipleCreateTestJSON:test_multiple_create): 200 GET http://10.180.1.21/compute/v2.1/servers/e28d568b-a29d-4b5c-90e6-aac10019d54a 0.101s
2025-02-07 16:20:45.366 62938 INFO tempest.lib.common.rest_client [req-bb146c39-e803-46a6-b328-c6e769989856 req-bb146c39-e803-46a6-b328-c6e769989856 ] Request (MigrationsAdminTest:test_resize_server_revert_deleted_flavor): 200 GET http://10.180.1.21/compute/v2.1/servers/9852bd88-1d3c-4e14-a334-1fbd32cdd3ed 0.093s
2025-02-07 16:20:45.417 62974 INFO tempest.lib.common.rest_client [req-bc6f8622-d402-4c66-a571-dc5dfb43a7eb req-bc6f8622-d402-4c66-a571-dc5dfb43a7eb ] Request (ListServerFiltersTestJSON:tearDownClass): 200 GET http://10.180.1.21/compute/v2.1/servers/6e77f974-5c90-4c53-9555-6b08d46d83da 0.139s
2025-02-07 16:20:45.420 62982 INFO tempest.lib.common.rest_client [req-c834e1e0-306e-4120-a8bb-185afbeb65c1 req-c834e1e0-306e-4120-a8bb-185afbeb65c1 ] Request (DeleteServersAdminTestJSON:test_delete_server_while_in_error_state): 200 GET http://10.180.1.21/compute/v2.1/servers/027d839d-93e5-45e1-aac3-6936b4c29795 0.343s
2025-02-07 16:20:45.425 62974 INFO tempest.common.waiters [-] State transition "ACTIVE/deleting" ==> "DELETED/None" after 5 second wait
2025-02-07 16:20:45.427 62982 INFO tempest.common.waiters [-] State transition "BUILD/spawning" ==> "ACTIVE/None" after 73 second wait
2025-02-07 16:20:45.443 62946 WARNING tempest.lib.common.ssh [-] Failed to establish authenticated ssh connection to cirros@10.180.180.230 ([Errno None] Unable to connect to port 22 on 10.180.180.230). Number attempts: 8. Retry after 9 seconds.: paramiko.ssh_exception.NoValidConnectionsError: [Errno None] Unable to connect to port 22 on 10.180.180.230
2025-02-07 16:20:45.464 62930 INFO tempest.lib.common.rest_client [req-9dfc7c96-de00-4e25-a62b-dea699c7276f req-9dfc7c96-de00-4e25-a62b-dea699c7276f ] Request (ServersAdminTestJSON:test_inject_network_info): 200 GET http://10.180.1.21/compute/v2.1/servers/5da4398a-cdc1-4c7b-bcc2-706f7b99a60a 0.135s
2025-02-07 16:20:45.466 62950 INFO tempest.lib.common.rest_client [req-22ea1a37-5da8-4959-a47b-0309654d3e07 req-22ea1a37-5da8-4959-a47b-0309654d3e07 ] Request (AttachInterfacesUnderV243Test:test_add_remove_fixed_ip): 200 GET http://10.180.1.21/compute/v2.1/servers/87c398c4-2165-41c0-b584-df1f5995ae3d 0.089s
2025-02-07 16:20:45.539 62982 INFO tempest.lib.common.rest_client [req-c41abace-ba3c-4199-bb3d-c9505a8f258f req-c41abace-ba3c-4199-bb3d-c9505a8f258f ] Request (DeleteServersAdminTestJSON:test_delete_server_while_in_error_state): 202 POST http://10.180.1.21/compute/v2.1/servers/027d839d-93e5-45e1-aac3-6936b4c29795/action 0.112s
2025-02-07 16:20:45.590 62986 INFO tempest.lib.common.rest_client [req-3decd7ef-f8f6-4d05-8e50-34babbca9501 req-3decd7ef-f8f6-4d05-8e50-34babbca9501 ] Request (ListServersNegativeTestJSON:setUpClass): 200 GET http://10.180.1.21/compute/v2.1/servers/8cf78384-7e0f-4a97-a030-1e51f123f086 0.097s
2025-02-07 16:20:45.648 62948 INFO tempest.lib.common.rest_client [req-1bd53811-4bd0-4d37-9760-3fab9ef95128 req-1bd53811-4bd0-4d37-9760-3fab9ef95128 ] Request (SecurityGroupsTestJSON:test_list_security_groups_by_server): 200 GET http://10.180.1.21/compute/v2.1/servers/966100c4-9633-4d98-a860-578dc2253d7b 0.115s
2025-02-07 16:20:45.692 62932 INFO tempest.lib.common.rest_client [req-1ee969a3-63e9-4f99-94cb-60f46bf12ae6 req-1ee969a3-63e9-4f99-94cb-60f46bf12ae6 ] Request (ServerRescueNegativeTestJSON:setUpClass): 200 GET http://10.180.1.21/compute/v2.1/servers/c771cbc2-e440-4c40-afea-0476d16f5328 0.202s
2025-02-07 16:20:45.766 62988 INFO tempest.lib.common.rest_client [req-b862e88e-5707-4d50-a3ef-7c127d0b736a req-b862e88e-5707-4d50-a3ef-7c127d0b736a ] Request (FloatingIPsAssociationTestJSON:tearDownClass): 200 GET http://10.180.1.21/compute/v2.1/servers/aaaea473-cf12-456a-8c69-ee3e7656334c 0.114s
2025-02-07 16:20:45.794 62982 INFO tempest.lib.common.rest_client [req-deb8dcb7-ad86-4f05-b0c9-fb7b39f94bc6 req-deb8dcb7-ad86-4f05-b0c9-fb7b39f94bc6 ] Request (DeleteServersAdminTestJSON:test_delete_server_while_in_error_state): 200 GET http://10.180.1.21/compute/v2.1/servers/027d839d-93e5-45e1-aac3-6936b4c29795 0.254s
2025-02-07 16:20:45.847 62962 INFO tempest.lib.common.rest_client [req-6d7016f1-810b-4abd-b380-e5e53e015433 req-6d7016f1-810b-4abd-b380-e5e53e015433 ] Request (FloatingIPsAssociationNegativeTestJSON:setUpClass): 200 GET http://10.180.1.21/compute/v2.1/servers/40588dfc-c8b5-4edb-b5f8-b533658e56a2 0.070s
2025-02-07 16:20:45.924 62956 INFO tempest.lib.common.rest_client [req-e2d937fd-d2f6-4d1e-a4a4-26c8f9f87309 req-e2d937fd-d2f6-4d1e-a4a4-26c8f9f87309 ] Request (TenantUsagesTestJSON:tearDownClass): 200 GET http://10.180.1.21/compute/v2.1/servers/7a8bcdaf-4a30-4118-8260-22fb84ed89f3 0.180s
2025-02-07 16:20:45.941 62982 INFO tempest.lib.common.rest_client [req-9cb6eed9-9363-4048-8600-71e2ad56f18a req-9cb6eed9-9363-4048-8600-71e2ad56f18a ] Request (DeleteServersAdminTestJSON:test_delete_server_while_in_error_state): 204 DELETE http://10.180.1.21/compute/v2.1/servers/027d839d-93e5-45e1-aac3-6936b4c29795 0.140s
2025-02-07 16:20:45.982 62944 INFO tempest.lib.common.rest_client [req-644631c9-2476-4f50-ad26-e6bc58a326f4 req-644631c9-2476-4f50-ad26-e6bc58a326f4 ] Request (ImagesOneServerNegativeTestJSON:setUpClass): 200 GET http://10.180.1.21/compute/v2.1/servers/a08bc52b-f6e0-4c73-8dab-e19c0ed4ba47 0.147s
2025-02-07 16:20:45.996 62990 INFO tempest.lib.common.rest_client [req-d18bea97-4b30-467d-81ca-af48e5ad3887 req-d18bea97-4b30-467d-81ca-af48e5ad3887 ] Request (ServersAdminNegativeTestJSON:setUpClass): 200 GET http://10.180.1.21/compute/v2.1/servers/589046f1-74fa-4f42-b4ba-cea6a23c9e7a 0.097s
2025-02-07 16:20:46.122 62982 INFO tempest.lib.common.rest_client [req-a2cc48c1-f2fd-49d7-9c4c-763aaf566382 req-a2cc48c1-f2fd-49d7-9c4c-763aaf566382 ] Request (DeleteServersAdminTestJSON:test_delete_server_while_in_error_state): 200 GET http://10.180.1.21/compute/v2.1/servers/027d839d-93e5-45e1-aac3-6936b4c29795 0.181s
2025-02-07 16:20:46.143 62978 INFO tempest.lib.common.rest_client [req-80b1f662-4944-4652-85c2-fae6c4b24f15 req-80b1f662-4944-4652-85c2-fae6c4b24f15 ] Request (ServerAddressesNegativeTestJSON:setUpClass): 200 GET http://10.180.1.21/compute/v2.1/servers/c316241e-bdb6-4f77-8e3b-277a6bb2f6ce 0.128s
2025-02-07 16:20:46.215 62968 WARNING tempest.lib.common.ssh [-] Failed to establish authenticated ssh connection to cirros@10.180.180.144 ([Errno None] Unable to connect to port 22 on 10.180.180.144). Number attempts: 4. Retry after 5 seconds.: paramiko.ssh_exception.NoValidConnectionsError: [Errno None] Unable to connect to port 22 on 10.180.180.144
2025-02-07 16:20:46.317 62934 INFO tempest.lib.common.rest_client [req-5d55d5a8-e83a-44e0-8408-d61faa6317fa req-5d55d5a8-e83a-44e0-8408-d61faa6317fa ] Request (ListImageFiltersTestJSON:tearDownClass): 200 GET http://10.180.1.21/compute/v2.1/servers/66f5454a-bc99-4b92-9a74-ef81b3a0c673 0.187s
2025-02-07 16:20:46.331 62992 INFO tempest.lib.common.rest_client [req-d8b8f2b2-cb7e-414f-84c0-318890921204 req-d8b8f2b2-cb7e-414f-84c0-318890921204 ] Request (ImagesTestJSON:test_create_image_from_suspended_server): 200 GET http://10.180.1.21/compute/v2.1/servers/3d8f298d-a597-4e2a-af07-0046d0bbd22a 0.292s
2025-02-07 16:20:46.392 62966 INFO tempest.lib.common.rest_client [req-fc710e5c-d18e-4258-add3-a7778026b8ec req-fc710e5c-d18e-4258-add3-a7778026b8ec ] Request (ServerPasswordTestJSON:setUpClass): 200 GET http://10.180.1.21/compute/v2.1/servers/fdb3277a-e02d-4150-9980-ba907497b2dc 0.201s
2025-02-07 16:20:46.437 62954 INFO tempest.lib.common.rest_client [req-f780e663-c64b-4649-8d63-6a1cad62509f req-f780e663-c64b-4649-8d63-6a1cad62509f ] Request (ImagesOneServerTestJSON:test_create_image_specify_multibyte_character_image_name): 200 GET http://10.180.1.21/compute/v2.1/images/950b6af4-3b61-4d7b-8fef-7ecc1c9f1e23 0.213s
2025-02-07 16:20:46.489 62940 INFO tempest.lib.common.rest_client [req-efa87bf7-14aa-423d-8fbe-466bc60dd2f2 req-efa87bf7-14aa-423d-8fbe-466bc60dd2f2 ] Request (ServersTestMultiNic:test_verify_duplicate_network_nics): 200 GET http://10.180.1.21/compute/v2.1/servers/4da35bd5-50b0-4148-9802-81e45025a4a0 0.214s
2025-02-07 16:20:46.490 62936 INFO tempest.lib.common.rest_client [req-9586df8c-a208-46a3-a6f6-b1ffbac84317 req-9586df8c-a208-46a3-a6f6-b1ffbac84317 ] Request (ServerDiskConfigTestJSON:test_rebuild_server_with_auto_disk_config): 200 GET http://10.180.1.21/compute/v2.1/servers/bc813c11-8b43-4ca5-bfdf-832e02f020d9 0.344s
2025-02-07 16:20:46.497 62940 INFO tempest.common.waiters [-] State transition "BUILD/scheduling" ==> "BUILD/None" after 53 second wait
2025-02-07 16:20:46.532 62976 INFO tempest.lib.common.rest_client [req-1714f11d-cae9-4c84-9bfb-4d15aa69b500 req-1714f11d-cae9-4c84-9bfb-4d15aa69b500 ] Request (MultipleCreateTestJSON:test_multiple_create): 200 GET http://10.180.1.21/compute/v2.1/servers/e28d568b-a29d-4b5c-90e6-aac10019d54a 0.211s
2025-02-07 16:20:46.545 62938 INFO tempest.lib.common.rest_client [req-5495e25d-3c2e-4511-b32a-e5d813a42480 req-5495e25d-3c2e-4511-b32a-e5d813a42480 ] Request (MigrationsAdminTest:test_resize_server_revert_deleted_flavor): 200 GET http://10.180.1.21/compute/v2.1/servers/9852bd88-1d3c-4e14-a334-1fbd32cdd3ed 0.171s
2025-02-07 16:20:46.591 62974 INFO tempest.lib.common.rest_client [req-eb0737d8-63e4-4e07-b304-ef0c3ccf58da req-eb0737d8-63e4-4e07-b304-ef0c3ccf58da ] Request (ListServerFiltersTestJSON:tearDownClass): 200 GET http://10.180.1.21/compute/v2.1/servers/6e77f974-5c90-4c53-9555-6b08d46d83da 0.166s
2025-02-07 16:20:46.596 62930 INFO tempest.lib.common.rest_client [req-789582c3-bb5f-405a-8766-dfc4bebf7ad6 req-789582c3-bb5f-405a-8766-dfc4bebf7ad6 ] Request (ServersAdminTestJSON:test_inject_network_info): 200 GET http://10.180.1.21/compute/v2.1/servers/5da4398a-cdc1-4c7b-bcc2-706f7b99a60a 0.124s
2025-02-07 16:20:46.642 62950 INFO tempest.lib.common.rest_client [req-b19fe1cb-7c91-4e57-8b2f-30453e8a1be1 req-b19fe1cb-7c91-4e57-8b2f-30453e8a1be1 ] Request (AttachInterfacesUnderV243Test:test_add_remove_fixed_ip): 200 GET http://10.180.1.21/compute/v2.1/servers/87c398c4-2165-41c0-b584-df1f5995ae3d 0.168s
2025-02-07 16:20:46.648 62986 INFO tempest.lib.common.rest_client [req-09c7b548-b33c-4ac7-93c6-b5a1e6fad096 req-09c7b548-b33c-4ac7-93c6-b5a1e6fad096 ] Request (ListServersNegativeTestJSON:setUpClass): 200 GET http://10.180.1.21/compute/v2.1/servers/8cf78384-7e0f-4a97-a030-1e51f123f086 0.048s
2025-02-07 16:20:46.655 62986 INFO tempest.common.waiters [-] State transition "BUILD/None" ==> "BUILD/networking" after 71 second wait
2025-02-07 16:20:46.708 62948 INFO tempest.lib.common.rest_client [req-7523d757-91fd-4826-8ddf-37c3b10967c1 req-7523d757-91fd-4826-8ddf-37c3b10967c1 ] Request (SecurityGroupsTestJSON:test_list_security_groups_by_server): 200 GET http://10.180.1.21/compute/v2.1/servers/966100c4-9633-4d98-a860-578dc2253d7b 0.051s
2025-02-07 16:20:46.849 62988 INFO tempest.lib.common.rest_client [req-e5047c73-969f-48a1-a6c2-8c033671cbf1 req-e5047c73-969f-48a1-a6c2-8c033671cbf1 ] Request (FloatingIPsAssociationTestJSON:tearDownClass): 200 GET http://10.180.1.21/compute/v2.1/servers/aaaea473-cf12-456a-8c69-ee3e7656334c 0.075s
2025-02-07 16:20:46.883 62932 INFO tempest.lib.common.rest_client [req-20bba900-1f8a-4f4a-92b1-f726debbb242 req-20bba900-1f8a-4f4a-92b1-f726debbb242 ] Request (ServerRescueNegativeTestJSON:setUpClass): 200 GET http://10.180.1.21/compute/v2.1/servers/c771cbc2-e440-4c40-afea-0476d16f5328 0.182s
2025-02-07 16:20:46.893 62932 INFO tempest.common.waiters [-] State transition "ACTIVE/rescuing" ==> "RESCUE/None" after 9 second wait
2025-02-07 16:20:46.945 62962 INFO tempest.lib.common.rest_client [req-64ca64e4-affb-459c-9712-ce0ce8d92edc req-64ca64e4-affb-459c-9712-ce0ce8d92edc ] Request (FloatingIPsAssociationNegativeTestJSON:setUpClass): 200 GET http://10.180.1.21/compute/v2.1/servers/40588dfc-c8b5-4edb-b5f8-b533658e56a2 0.084s
2025-02-07 16:20:47.038 62956 INFO tempest.lib.common.rest_client [req-0bb275be-de54-4815-b0ec-14a494fbd600 req-0bb275be-de54-4815-b0ec-14a494fbd600 ] Request (TenantUsagesTestJSON:tearDownClass): 200 GET http://10.180.1.21/compute/v2.1/servers/7a8bcdaf-4a30-4118-8260-22fb84ed89f3 0.101s
2025-02-07 16:20:47.053 62932 INFO tempest.lib.common.rest_client [req-f8c655af-223a-4329-97d3-d06141d4acc2 req-f8c655af-223a-4329-97d3-d06141d4acc2 ] Request (ServerRescueNegativeTestJSON:setUpClass): 200 GET http://10.180.1.21/compute/v2.1/servers/bb4772da-b738-487f-a72e-97673c3ae7f1 0.160s
2025-02-07 16:20:47.113 62944 INFO tempest.lib.common.rest_client [req-e79ca1c7-e6a7-426e-908a-c6bc25c77c41 req-e79ca1c7-e6a7-426e-908a-c6bc25c77c41 ] Request (ImagesOneServerNegativeTestJSON:setUpClass): 200 GET http://10.180.1.21/compute/v2.1/servers/a08bc52b-f6e0-4c73-8dab-e19c0ed4ba47 0.119s
2025-02-07 16:20:47.122 62944 INFO tempest.common.waiters [-] State transition "BUILD/scheduling" ==> "BUILD/None" after 53 second wait
2025-02-07 16:20:47.125 62932 INFO tempest.lib.common.rest_client [req-73cbeb46-aa5f-4a11-9d3e-c5871b51c3e2 req-73cbeb46-aa5f-4a11-9d3e-c5871b51c3e2 ] Request (ServerRescueNegativeTestJSON:test_rescue_non_existent_server): 404 POST http://10.180.1.21/compute/v2.1/servers/2ec66685-c263-4759-99fb-c390a357b1b4/action 0.059s
2025-02-07 16:20:47.134 62990 INFO tempest.lib.common.rest_client [req-bb556587-3f44-4c84-be15-ea3996cadcef req-bb556587-3f44-4c84-be15-ea3996cadcef ] Request (ServersAdminNegativeTestJSON:setUpClass): 200 GET http://10.180.1.21/compute/v2.1/servers/589046f1-74fa-4f42-b4ba-cea6a23c9e7a 0.130s
2025-02-07 16:20:47.216 62942 WARNING tempest.lib.common.ssh [-] Failed to establish authenticated ssh connection to cirros@10.180.180.228 ([Errno None] Unable to connect to port 22 on 10.180.180.228). Number attempts: 6. Retry after 7 seconds.: paramiko.ssh_exception.NoValidConnectionsError: [Errno None] Unable to connect to port 22 on 10.180.180.228
2025-02-07 16:20:47.294 62978 INFO tempest.lib.common.rest_client [req-7cd9944c-5163-449d-b73e-2814320856a1 req-7cd9944c-5163-449d-b73e-2814320856a1 ] Request (ServerAddressesNegativeTestJSON:setUpClass): 200 GET http://10.180.1.21/compute/v2.1/servers/c316241e-bdb6-4f77-8e3b-277a6bb2f6ce 0.142s
2025-02-07 16:20:47.297 62982 INFO tempest.lib.common.rest_client [req-f1c6c1d6-3426-4b1f-9671-65551f6e65f9 req-f1c6c1d6-3426-4b1f-9671-65551f6e65f9 ] Request (DeleteServersAdminTestJSON:test_delete_server_while_in_error_state): 200 GET http://10.180.1.21/compute/v2.1/servers/027d839d-93e5-45e1-aac3-6936b4c29795 0.167s
2025-02-07 16:20:47.380 62932 INFO tempest.lib.common.rest_client [req-19b44d37-3dcc-43b6-ba66-5ae03305a472 req-19b44d37-3dcc-43b6-ba66-5ae03305a472 ] Request (ServerRescueNegativeTestJSON:test_rescued_vm_attach_volume): 202 POST http://10.180.1.21/volume/v3/volumes 0.253s
2025-02-07 16:20:47.424 62932 INFO tempest.lib.common.rest_client [req-7d1fb529-4ac7-4287-8728-58415cf55064 req-7d1fb529-4ac7-4287-8728-58415cf55064 ] Request (ServerRescueNegativeTestJSON:test_rescued_vm_attach_volume): 200 GET http://10.180.1.21/volume/v3/volumes/28249c0a-65ab-42c4-a638-3662d5000523 0.037s
2025-02-07 16:20:47.461 62934 INFO tempest.lib.common.rest_client [req-0b755563-822d-4d0e-bd0b-a502868b70c9 req-0b755563-822d-4d0e-bd0b-a502868b70c9 ] Request (ListImageFiltersTestJSON:tearDownClass): 200 GET http://10.180.1.21/compute/v2.1/servers/66f5454a-bc99-4b92-9a74-ef81b3a0c673 0.135s
2025-02-07 16:20:47.466 62992 INFO tempest.lib.common.rest_client [req-71280fa2-e597-4f7a-bc9b-b44ab0b7f2b9 req-71280fa2-e597-4f7a-bc9b-b44ab0b7f2b9 ] Request (ImagesTestJSON:test_create_image_from_suspended_server): 200 GET http://10.180.1.21/compute/v2.1/servers/3d8f298d-a597-4e2a-af07-0046d0bbd22a 0.126s
2025-02-07 16:20:47.485 62992 INFO tempest.common.waiters [-] State transition "ACTIVE/suspending" ==> "SUSPENDED/None" after 2 second wait
2025-02-07 16:20:47.512 62954 INFO tempest.lib.common.rest_client [req-833d3970-b706-418e-9051-9c7e66788971 req-833d3970-b706-418e-9051-9c7e66788971 ] Request (ImagesOneServerTestJSON:test_create_image_specify_multibyte_character_image_name): 200 GET http://10.180.1.21/compute/v2.1/images/950b6af4-3b61-4d7b-8fef-7ecc1c9f1e23 0.069s
2025-02-07 16:20:47.523 62966 INFO tempest.lib.common.rest_client [req-94126fb2-906e-4ce0-b4b6-528c89ea4121 req-94126fb2-906e-4ce0-b4b6-528c89ea4121 ] Request (ServerPasswordTestJSON:setUpClass): 200 GET http://10.180.1.21/compute/v2.1/servers/fdb3277a-e02d-4150-9980-ba907497b2dc 0.119s
2025-02-07 16:20:47.593 62940 INFO tempest.lib.common.rest_client [req-1795e5b7-2457-463a-ab00-4cef16f55e0d req-1795e5b7-2457-463a-ab00-4cef16f55e0d ] Request (ServersTestMultiNic:test_verify_duplicate_network_nics): 200 GET http://10.180.1.21/compute/v2.1/servers/4da35bd5-50b0-4148-9802-81e45025a4a0 0.094s
2025-02-07 16:20:47.713 62936 INFO tempest.lib.common.rest_client [req-6deb712c-9ea2-4ba9-91ff-2ac9c40eb880 req-6deb712c-9ea2-4ba9-91ff-2ac9c40eb880 ] Request (ServerDiskConfigTestJSON:test_rebuild_server_with_auto_disk_config): 200 GET http://10.180.1.21/compute/v2.1/servers/bc813c11-8b43-4ca5-bfdf-832e02f020d9 0.214s
2025-02-07 16:20:47.768 62976 INFO tempest.lib.common.rest_client [req-2fef01ad-6c57-434b-abb4-54060f4a6b67 req-2fef01ad-6c57-434b-abb4-54060f4a6b67 ] Request (MultipleCreateTestJSON:test_multiple_create): 200 GET http://10.180.1.21/compute/v2.1/servers/e28d568b-a29d-4b5c-90e6-aac10019d54a 0.221s
2025-02-07 16:20:47.824 62938 INFO tempest.lib.common.rest_client [req-9c76f226-d032-425b-9e63-35b733bbcafe req-9c76f226-d032-425b-9e63-35b733bbcafe ] Request (MigrationsAdminTest:test_resize_server_revert_deleted_flavor): 200 GET http://10.180.1.21/compute/v2.1/servers/9852bd88-1d3c-4e14-a334-1fbd32cdd3ed 0.267s
2025-02-07 16:20:47.895 62974 INFO tempest.lib.common.rest_client [req-cd267546-75bf-4c57-adb6-8896f8882a93 req-cd267546-75bf-4c57-adb6-8896f8882a93 ] Request (ListServerFiltersTestJSON:tearDownClass): 200 GET http://10.180.1.21/compute/v2.1/servers/6e77f974-5c90-4c53-9555-6b08d46d83da 0.295s
2025-02-07 16:20:47.972 62930 INFO tempest.lib.common.rest_client [req-321e5918-5f4e-4911-a121-cecf5b43fc88 req-321e5918-5f4e-4911-a121-cecf5b43fc88 ] Request (ServersAdminTestJSON:test_inject_network_info): 200 GET http://10.180.1.21/compute/v2.1/servers/5da4398a-cdc1-4c7b-bcc2-706f7b99a60a 0.365s
2025-02-07 16:20:48.033 62992 INFO tempest.lib.common.rest_client [req-fbf22658-f0ef-4e7e-bf74-65d21426d0be req-fbf22658-f0ef-4e7e-bf74-65d21426d0be ] Request (ImagesTestJSON:test_create_image_from_suspended_server): 202 POST http://10.180.1.21/compute/v2.1/servers/3d8f298d-a597-4e2a-af07-0046d0bbd22a/action 0.548s
2025-02-07 16:20:48.035 62950 INFO tempest.lib.common.rest_client [req-dfb24b2a-f678-4afe-b330-82a63158f0cb req-dfb24b2a-f678-4afe-b330-82a63158f0cb ] Request (AttachInterfacesUnderV243Test:test_add_remove_fixed_ip): 200 GET http://10.180.1.21/compute/v2.1/servers/87c398c4-2165-41c0-b584-df1f5995ae3d 0.384s
2025-02-07 16:20:48.091 62948 INFO tempest.lib.common.rest_client [req-54bf3532-dd07-4f0e-b8db-afc8d669c388 req-54bf3532-dd07-4f0e-b8db-afc8d669c388 ] Request (SecurityGroupsTestJSON:test_list_security_groups_by_server): 200 GET http://10.180.1.21/compute/v2.1/servers/966100c4-9633-4d98-a860-578dc2253d7b 0.375s
2025-02-07 16:20:48.160 62986 INFO tempest.lib.common.rest_client [req-80843b67-274d-4658-8f72-cf7be07db065 req-80843b67-274d-4658-8f72-cf7be07db065 ] Request (ListServersNegativeTestJSON:setUpClass): 200 GET http://10.180.1.21/compute/v2.1/servers/8cf78384-7e0f-4a97-a030-1e51f123f086 0.503s
2025-02-07 16:20:48.167 62986 INFO tempest.common.waiters [-] State transition "BUILD/networking" ==> "BUILD/spawning" after 73 second wait
2025-02-07 16:20:48.205 62988 INFO tempest.lib.common.rest_client [req-1c6ac174-9cfa-4625-b9ba-99357fcf2dc7 req-1c6ac174-9cfa-4625-b9ba-99357fcf2dc7 ] Request (FloatingIPsAssociationTestJSON:tearDownClass): 200 GET http://10.180.1.21/compute/v2.1/servers/aaaea473-cf12-456a-8c69-ee3e7656334c 0.345s
2025-02-07 16:20:48.218 62962 INFO tempest.lib.common.rest_client [req-93240c32-1287-472c-9cbc-0e8341be228c req-93240c32-1287-472c-9cbc-0e8341be228c ] Request (FloatingIPsAssociationNegativeTestJSON:setUpClass): 200 GET http://10.180.1.21/compute/v2.1/servers/40588dfc-c8b5-4edb-b5f8-b533658e56a2 0.259s
2025-02-07 16:20:48.241 62992 INFO tempest.lib.common.rest_client [req-82d62f04-63d8-4e83-bdd1-9e72c1ecdd82 req-82d62f04-63d8-4e83-bdd1-9e72c1ecdd82 ] Request (ImagesTestJSON:test_create_image_from_suspended_server): 200 GET http://10.180.1.21/compute/v2.1/images/18c72554-a55c-416c-a98f-84d579aefb43 0.206s
2025-02-07 16:20:48.281 62956 INFO tempest.lib.common.rest_client [req-a1e83092-11fa-4256-8fba-614e73c9ac96 req-a1e83092-11fa-4256-8fba-614e73c9ac96 ] Request (TenantUsagesTestJSON:tearDownClass): 200 GET http://10.180.1.21/compute/v2.1/servers/7a8bcdaf-4a30-4118-8260-22fb84ed89f3 0.235s
2025-02-07 16:20:48.290 62956 INFO tempest.common.waiters [-] State transition "ACTIVE/deleting" ==> "DELETED/None" after 5 second wait
2025-02-07 16:20:48.317 62944 INFO tempest.lib.common.rest_client [req-afa567c9-1c5d-4ae4-aca0-d656d1841c2c req-afa567c9-1c5d-4ae4-aca0-d656d1841c2c ] Request (ImagesOneServerNegativeTestJSON:setUpClass): 200 GET http://10.180.1.21/compute/v2.1/servers/a08bc52b-f6e0-4c73-8dab-e19c0ed4ba47 0.194s
2025-02-07 16:20:48.343 62990 INFO tempest.lib.common.rest_client [req-81518494-54cb-42d9-be0d-ec40d16e0691 req-81518494-54cb-42d9-be0d-ec40d16e0691 ] Request (ServersAdminNegativeTestJSON:setUpClass): 200 GET http://10.180.1.21/compute/v2.1/servers/589046f1-74fa-4f42-b4ba-cea6a23c9e7a 0.201s
2025-02-07 16:20:48.480 62978 INFO tempest.lib.common.rest_client [req-56768b63-5077-41a1-bf37-561d9baf81ae req-56768b63-5077-41a1-bf37-561d9baf81ae ] Request (ServerAddressesNegativeTestJSON:setUpClass): 200 GET http://10.180.1.21/compute/v2.1/servers/c316241e-bdb6-4f77-8e3b-277a6bb2f6ce 0.176s
2025-02-07 16:20:48.480 62932 INFO tempest.lib.common.rest_client [req-4ae41c52-adf5-42e7-8ec3-151bcdfa97dd req-4ae41c52-adf5-42e7-8ec3-151bcdfa97dd ] Request (ServerRescueNegativeTestJSON:test_rescued_vm_attach_volume): 200 GET http://10.180.1.21/volume/v3/volumes/28249c0a-65ab-42c4-a638-3662d5000523 0.045s
2025-02-07 16:20:48.487 62932 INFO tempest.common.waiters [-] volume 28249c0a-65ab-42c4-a638-3662d5000523 reached available after waiting for 1.487278 seconds
2025-02-07 16:20:48.499 62982 INFO tempest.lib.common.rest_client [req-515ad4c7-b3c0-4d41-ae99-905a21ac237c req-515ad4c7-b3c0-4d41-ae99-905a21ac237c ] Request (DeleteServersAdminTestJSON:test_delete_server_while_in_error_state): 200 GET http://10.180.1.21/compute/v2.1/servers/027d839d-93e5-45e1-aac3-6936b4c29795 0.192s
2025-02-07 16:20:48.536 62934 INFO tempest.lib.common.rest_client [req-35820e3e-d6c3-4bbe-98eb-3cc49015346a req-35820e3e-d6c3-4bbe-98eb-3cc49015346a ] Request (ListImageFiltersTestJSON:tearDownClass): 200 GET http://10.180.1.21/compute/v2.1/servers/66f5454a-bc99-4b92-9a74-ef81b3a0c673 0.066s
2025-02-07 16:20:48.576 62932 INFO tempest.lib.common.rest_client [req-54d5245e-0acf-44da-9af4-1e7a6c6e2739 req-54d5245e-0acf-44da-9af4-1e7a6c6e2739 ] Request (ServerRescueNegativeTestJSON:test_rescued_vm_attach_volume): 200 POST http://10.180.1.21/compute/v2.1/servers/bb4772da-b738-487f-a72e-97673c3ae7f1/action 0.088s
2025-02-07 16:20:48.582 62954 INFO tempest.lib.common.rest_client [req-30b6c68e-1458-4aba-825d-277ece01d4dd req-30b6c68e-1458-4aba-825d-277ece01d4dd ] Request (ImagesOneServerTestJSON:test_create_image_specify_multibyte_character_image_name): 200 GET http://10.180.1.21/compute/v2.1/images/950b6af4-3b61-4d7b-8fef-7ecc1c9f1e23 0.066s
2025-02-07 16:20:48.638 62966 INFO tempest.lib.common.rest_client [req-4178d91b-7298-4bab-a3cc-0119f9be0457 req-4178d91b-7298-4bab-a3cc-0119f9be0457 ] Request (ServerPasswordTestJSON:setUpClass): 200 GET http://10.180.1.21/compute/v2.1/servers/fdb3277a-e02d-4150-9980-ba907497b2dc 0.104s
2025-02-07 16:20:48.695 62940 INFO tempest.lib.common.rest_client [req-5f1c6b1a-123c-4cf0-85ce-7aa49c31d820 req-5f1c6b1a-123c-4cf0-85ce-7aa49c31d820 ] Request (ServersTestMultiNic:test_verify_duplicate_network_nics): 200 GET http://10.180.1.21/compute/v2.1/servers/4da35bd5-50b0-4148-9802-81e45025a4a0 0.094s
2025-02-07 16:20:48.758 62932 INFO tempest.lib.common.rest_client [req-0e82e4de-2210-4a23-94e3-b2f10dbe2f48 req-0e82e4de-2210-4a23-94e3-b2f10dbe2f48 ] Request (ServerRescueNegativeTestJSON:test_rescued_vm_attach_volume): 200 GET http://10.180.1.21/compute/v2.1/servers/bb4772da-b738-487f-a72e-97673c3ae7f1 0.180s
2025-02-07 16:20:48.833 62936 INFO tempest.lib.common.rest_client [req-bdc22ddc-7cf8-4e66-a24f-a9e486270a14 req-bdc22ddc-7cf8-4e66-a24f-a9e486270a14 ] Request (ServerDiskConfigTestJSON:test_rebuild_server_with_auto_disk_config): 200 GET http://10.180.1.21/compute/v2.1/servers/bc813c11-8b43-4ca5-bfdf-832e02f020d9 0.111s
2025-02-07 16:20:48.841 62936 INFO tempest.common.waiters [-] State transition "REBUILD/rebuild_spawning" ==> "ACTIVE/None" after 11 second wait
2025-02-07 16:20:48.843 62976 INFO tempest.lib.common.rest_client [req-ad5cdf5a-bc27-4276-b224-13fbc18416a6 req-ad5cdf5a-bc27-4276-b224-13fbc18416a6 ] Request (MultipleCreateTestJSON:test_multiple_create): 200 GET http://10.180.1.21/compute/v2.1/servers/e28d568b-a29d-4b5c-90e6-aac10019d54a 0.067s
2025-02-07 16:20:48.887 62938 INFO tempest.lib.common.rest_client [req-aed11e32-3565-42db-94e7-f435236f5374 req-aed11e32-3565-42db-94e7-f435236f5374 ] Request (MigrationsAdminTest:test_resize_server_revert_deleted_flavor): 200 GET http://10.180.1.21/compute/v2.1/servers/9852bd88-1d3c-4e14-a334-1fbd32cdd3ed 0.055s
2025-02-07 16:20:48.969 62974 INFO tempest.lib.common.rest_client [req-99291415-9626-4366-924e-042cd5c55257 req-99291415-9626-4366-924e-042cd5c55257 ] Request (ListServerFiltersTestJSON:tearDownClass): 200 GET http://10.180.1.21/compute/v2.1/servers/6e77f974-5c90-4c53-9555-6b08d46d83da 0.067s
2025-02-07 16:20:49.034 62936 INFO tempest.lib.common.rest_client [req-2cd5b553-3487-4b41-895c-943d5f340e19 req-2cd5b553-3487-4b41-895c-943d5f340e19 ] Request (ServerDiskConfigTestJSON:test_rebuild_server_with_auto_disk_config): 200 GET http://10.180.1.21/compute/v2.1/servers/bc813c11-8b43-4ca5-bfdf-832e02f020d9 0.192s
2025-02-07 16:20:49.052 62930 INFO tempest.lib.common.rest_client [req-7abaf2b6-0280-4073-b055-6c9537b07310 req-7abaf2b6-0280-4073-b055-6c9537b07310 ] Request (ServersAdminTestJSON:test_inject_network_info): 200 GET http://10.180.1.21/compute/v2.1/servers/5da4398a-cdc1-4c7b-bcc2-706f7b99a60a 0.071s
2025-02-07 16:20:49.103 62950 INFO tempest.lib.common.rest_client [req-98dd5d4e-235e-4d95-b761-2d032a92ad6f req-98dd5d4e-235e-4d95-b761-2d032a92ad6f ] Request (AttachInterfacesUnderV243Test:test_add_remove_fixed_ip): 200 GET http://10.180.1.21/compute/v2.1/servers/87c398c4-2165-41c0-b584-df1f5995ae3d 0.061s
2025-02-07 16:20:49.115 62936 INFO tempest.lib.common.rest_client [req-28a1eb5b-9241-4a9e-8001-245f1b820e6f req-28a1eb5b-9241-4a9e-8001-245f1b820e6f ] Request (ServerDiskConfigTestJSON:_run_cleanups): 204 DELETE http://10.180.1.21/compute/v2.1/servers/bc813c11-8b43-4ca5-bfdf-832e02f020d9 0.074s
2025-02-07 16:20:49.151 62948 INFO tempest.lib.common.rest_client [req-0292c01f-f977-4e4f-bf0e-738359dd9904 req-0292c01f-f977-4e4f-bf0e-738359dd9904 ] Request (SecurityGroupsTestJSON:test_list_security_groups_by_server): 200 GET http://10.180.1.21/compute/v2.1/servers/966100c4-9633-4d98-a860-578dc2253d7b 0.051s
2025-02-07 16:20:49.194 62936 INFO tempest.lib.common.rest_client [req-c75bb534-92c3-4baa-9560-a6beb751315f req-c75bb534-92c3-4baa-9560-a6beb751315f ] Request (ServerDiskConfigTestJSON:test_rebuild_server_with_manual_disk_config): 201 POST http://10.180.1.21/identity/v3/auth/tokens 0.075s
2025-02-07 16:20:49.195 62936 INFO tempest.lib.common.fixed_network [-] (ServerDiskConfigTestJSON:test_rebuild_server_with_manual_disk_config) Found network {'id': '14b4a101-152c-405f-9df5-82e1ad1dfc66', 'name': 'tempest-ServerDiskConfigTestJSON-594145386-network', 'tenant_id': 'c2c0fb0db32b4e3cb369f3668fdda8c2', 'admin_state_up': True, 'mtu': 8950, 'status': 'ACTIVE', 'subnets': [], 'shared': False, 'project_id': 'c2c0fb0db32b4e3cb369f3668fdda8c2', 'port_security_enabled': True, 'router:external': False, 'provider:network_type': 'vlan', 'provider:physical_network': 'default', 'provider:segmentation_id': 851, 'availability_zone_hints': [], 'availability_zones': [], 'ipv4_address_scope': None, 'ipv6_address_scope': None, 'description': '', 'tags': [], 'created_at': '2025-02-07T16:19:08Z', 'updated_at': '2025-02-07T16:19:09Z', 'revision_number': 1} available for tenant
2025-02-07 16:20:49.360 62986 INFO tempest.lib.common.rest_client [req-22290a85-f9a5-41e8-b135-b8341d2d0c73 req-22290a85-f9a5-41e8-b135-b8341d2d0c73 ] Request (ListServersNegativeTestJSON:setUpClass): 200 GET http://10.180.1.21/compute/v2.1/servers/8cf78384-7e0f-4a97-a030-1e51f123f086 0.191s
2025-02-07 16:20:49.422 62988 INFO tempest.lib.common.rest_client [req-0f43e5e0-8840-4315-95a6-258cf3ccc95d req-0f43e5e0-8840-4315-95a6-258cf3ccc95d ] Request (FloatingIPsAssociationTestJSON:tearDownClass): 200 GET http://10.180.1.21/compute/v2.1/servers/aaaea473-cf12-456a-8c69-ee3e7656334c 0.209s
2025-02-07 16:20:49.476 62962 INFO tempest.lib.common.rest_client [req-9fe7d3dc-0077-4605-b674-7f854277eca0 req-9fe7d3dc-0077-4605-b674-7f854277eca0 ] Request (FloatingIPsAssociationNegativeTestJSON:setUpClass): 200 GET http://10.180.1.21/compute/v2.1/servers/40588dfc-c8b5-4edb-b5f8-b533658e56a2 0.249s
2025-02-07 16:20:49.507 62936 INFO tempest.lib.common.rest_client [req-74426385-62bb-45b0-8bcc-51c41de0be7b req-74426385-62bb-45b0-8bcc-51c41de0be7b ] Request (ServerDiskConfigTestJSON:test_rebuild_server_with_manual_disk_config): 202 POST http://10.180.1.21/compute/v2.1/servers 0.312s
2025-02-07 16:20:49.522 62992 INFO tempest.lib.common.rest_client [req-b0efc56d-3ddf-4ea5-943e-1b884d66636b req-b0efc56d-3ddf-4ea5-943e-1b884d66636b ] Request (ImagesTestJSON:test_create_image_from_suspended_server): 200 GET http://10.180.1.21/compute/v2.1/images/18c72554-a55c-416c-a98f-84d579aefb43 0.275s
2025-02-07 16:20:49.562 62956 INFO tempest.lib.common.rest_client [req-240569c2-b494-4fa0-9c7b-0b196fdbc927 req-240569c2-b494-4fa0-9c7b-0b196fdbc927 ] Request (TenantUsagesTestJSON:tearDownClass): 200 GET http://10.180.1.21/compute/v2.1/servers/7a8bcdaf-4a30-4118-8260-22fb84ed89f3 0.270s
2025-02-07 16:20:49.577 62944 INFO tempest.lib.common.rest_client [req-6da8e489-60c8-4815-bc56-79a258155f74 req-6da8e489-60c8-4815-bc56-79a258155f74 ] Request (ImagesOneServerNegativeTestJSON:setUpClass): 200 GET http://10.180.1.21/compute/v2.1/servers/a08bc52b-f6e0-4c73-8dab-e19c0ed4ba47 0.253s
2025-02-07 16:20:49.628 62990 INFO tempest.lib.common.rest_client [req-175fc50d-5f97-48c1-b5f0-70c9f5697b72 req-175fc50d-5f97-48c1-b5f0-70c9f5697b72 ] Request (ServersAdminNegativeTestJSON:setUpClass): 200 GET http://10.180.1.21/compute/v2.1/servers/589046f1-74fa-4f42-b4ba-cea6a23c9e7a 0.274s
2025-02-07 16:20:49.675 62936 INFO tempest.lib.common.rest_client [req-a931d563-817e-43d1-aef0-fe4dde0ba4a7 req-a931d563-817e-43d1-aef0-fe4dde0ba4a7 ] Request (ServerDiskConfigTestJSON:test_rebuild_server_with_manual_disk_config): 200 GET http://10.180.1.21/compute/v2.1/servers/80ad2833-64e1-4e54-b28a-ad7c601dc5ae 0.166s
2025-02-07 16:20:49.761 62982 INFO tempest.lib.common.rest_client [req-7f414e01-5974-4f75-8a35-f7162939e573 req-7f414e01-5974-4f75-8a35-f7162939e573 ] Request (DeleteServersAdminTestJSON:test_delete_server_while_in_error_state): 200 GET http://10.180.1.21/compute/v2.1/servers/027d839d-93e5-45e1-aac3-6936b4c29795 0.252s
2025-02-07 16:20:49.767 62978 INFO tempest.lib.common.rest_client [req-0845a7d2-d042-4839-b3bc-89d01bfc69d1 req-0845a7d2-d042-4839-b3bc-89d01bfc69d1 ] Request (ServerAddressesNegativeTestJSON:setUpClass): 200 GET http://10.180.1.21/compute/v2.1/servers/c316241e-bdb6-4f77-8e3b-277a6bb2f6ce 0.270s
2025-02-07 16:20:49.768 62982 INFO tempest.common.waiters [-] State transition "ERROR/deleting" ==> "DELETED/None" after 3 second wait
2025-02-07 16:20:49.809 62954 INFO tempest.lib.common.rest_client [req-1aa97ced-3e02-47f4-9a99-4e4bb982b402 req-1aa97ced-3e02-47f4-9a99-4e4bb982b402 ] Request (ImagesOneServerTestJSON:test_create_image_specify_multibyte_character_image_name): 200 GET http://10.180.1.21/compute/v2.1/images/950b6af4-3b61-4d7b-8fef-7ecc1c9f1e23 0.222s
2025-02-07 16:20:49.850 62934 INFO tempest.lib.common.rest_client [req-1a18b69c-5e62-4614-8d03-229ec0f88157 req-1a18b69c-5e62-4614-8d03-229ec0f88157 ] Request (ListImageFiltersTestJSON:tearDownClass): 200 GET http://10.180.1.21/compute/v2.1/servers/66f5454a-bc99-4b92-9a74-ef81b3a0c673 0.306s
2025-02-07 16:20:49.858 62934 INFO tempest.common.waiters [-] State transition "ACTIVE/deleting" ==> "DELETED/None" after 4 second wait
2025-02-07 16:20:49.865 62966 INFO tempest.lib.common.rest_client [req-a7fa5728-7dc5-4675-9d8b-a90cf3fd3ff0 req-a7fa5728-7dc5-4675-9d8b-a90cf3fd3ff0 ] Request (ServerPasswordTestJSON:setUpClass): 200 GET http://10.180.1.21/compute/v2.1/servers/fdb3277a-e02d-4150-9980-ba907497b2dc 0.216s
2025-02-07 16:20:49.916 62940 INFO tempest.lib.common.rest_client [req-3d9a4dad-52f0-4129-9a33-bc83ac14caf9 req-3d9a4dad-52f0-4129-9a33-bc83ac14caf9 ] Request (ServersTestMultiNic:test_verify_duplicate_network_nics): 200 GET http://10.180.1.21/compute/v2.1/servers/4da35bd5-50b0-4148-9802-81e45025a4a0 0.214s
2025-02-07 16:20:49.999 62932 INFO tempest.lib.common.rest_client [req-009fe4cb-3496-4b36-9dc9-b83883b0205e req-009fe4cb-3496-4b36-9dc9-b83883b0205e ] Request (ServerRescueNegativeTestJSON:test_rescued_vm_attach_volume): 200 GET http://10.180.1.21/compute/v2.1/servers/bb4772da-b738-487f-a72e-97673c3ae7f1 0.233s
2025-02-07 16:20:50.070 62938 INFO tempest.lib.common.rest_client [req-8af7b402-09b8-4acf-8158-c25ec23573e3 req-8af7b402-09b8-4acf-8158-c25ec23573e3 ] Request (MigrationsAdminTest:test_resize_server_revert_deleted_flavor): 200 GET http://10.180.1.21/compute/v2.1/servers/9852bd88-1d3c-4e14-a334-1fbd32cdd3ed 0.173s
2025-02-07 16:20:50.139 62974 INFO tempest.lib.common.rest_client [req-ab4ed8ea-3d39-4db3-9f31-98d74f10ecc9 req-ab4ed8ea-3d39-4db3-9f31-98d74f10ecc9 ] Request (ListServerFiltersTestJSON:tearDownClass): 200 GET http://10.180.1.21/compute/v2.1/servers/6e77f974-5c90-4c53-9555-6b08d46d83da 0.161s
2025-02-07 16:20:50.190 62976 INFO tempest.lib.common.rest_client [req-f79afaf9-dc97-43a6-b9c2-53dce5e4c49b req-f79afaf9-dc97-43a6-b9c2-53dce5e4c49b ] Request (MultipleCreateTestJSON:test_multiple_create): 200 GET http://10.180.1.21/compute/v2.1/servers/e28d568b-a29d-4b5c-90e6-aac10019d54a 0.339s
2025-02-07 16:20:50.202 62930 INFO tempest.lib.common.rest_client [req-d03b4a3e-96a9-426a-adb0-0fc71641ff83 req-d03b4a3e-96a9-426a-adb0-0fc71641ff83 ] Request (ServersAdminTestJSON:test_inject_network_info): 200 GET http://10.180.1.21/compute/v2.1/servers/5da4398a-cdc1-4c7b-bcc2-706f7b99a60a 0.142s
2025-02-07 16:20:50.248 62950 INFO tempest.lib.common.rest_client [req-c32ffbf5-3970-4c7f-96fb-b2c149ccd3f2 req-c32ffbf5-3970-4c7f-96fb-b2c149ccd3f2 ] Request (AttachInterfacesUnderV243Test:test_add_remove_fixed_ip): 200 GET http://10.180.1.21/compute/v2.1/servers/87c398c4-2165-41c0-b584-df1f5995ae3d 0.136s
2025-02-07 16:20:50.276 62948 INFO tempest.lib.common.rest_client [req-b6ee968b-a391-4224-8890-c457bdf3baea req-b6ee968b-a391-4224-8890-c457bdf3baea ] Request (SecurityGroupsTestJSON:test_list_security_groups_by_server): 200 GET http://10.180.1.21/compute/v2.1/servers/966100c4-9633-4d98-a860-578dc2253d7b 0.118s
2025-02-07 16:20:50.464 62986 INFO tempest.lib.common.rest_client [req-86b33f57-eafe-473c-9cff-10fa0bccffcf req-86b33f57-eafe-473c-9cff-10fa0bccffcf ] Request (ListServersNegativeTestJSON:setUpClass): 200 GET http://10.180.1.21/compute/v2.1/servers/8cf78384-7e0f-4a97-a030-1e51f123f086 0.093s
2025-02-07 16:20:50.488 62988 INFO tempest.lib.common.rest_client [req-6456861e-2acf-4897-b3a4-ba676bfa542b req-6456861e-2acf-4897-b3a4-ba676bfa542b ] Request (FloatingIPsAssociationTestJSON:tearDownClass): 200 GET http://10.180.1.21/compute/v2.1/servers/aaaea473-cf12-456a-8c69-ee3e7656334c 0.056s
2025-02-07 16:20:50.537 62962 INFO tempest.lib.common.rest_client [req-c2f8aaeb-e5f8-4af4-bcee-843e7533e3f4 req-c2f8aaeb-e5f8-4af4-bcee-843e7533e3f4 ] Request (FloatingIPsAssociationNegativeTestJSON:setUpClass): 200 GET http://10.180.1.21/compute/v2.1/servers/40588dfc-c8b5-4edb-b5f8-b533658e56a2 0.050s
2025-02-07 16:20:50.566 62992 INFO tempest.lib.common.rest_client [req-364333dd-7cf0-42a8-8cdb-f3e65e82d1fb req-364333dd-7cf0-42a8-8cdb-f3e65e82d1fb ] Request (ImagesTestJSON:test_create_image_from_suspended_server): 200 GET http://10.180.1.21/compute/v2.1/images/18c72554-a55c-416c-a98f-84d579aefb43 0.036s
2025-02-07 16:20:50.567 62980 WARNING tempest.lib.common.ssh [-] Failed to establish authenticated ssh connection to cirros@10.180.180.163 ([Errno None] Unable to connect to port 22 on 10.180.180.163). Number attempts: 5. Retry after 6 seconds.: paramiko.ssh_exception.NoValidConnectionsError: [Errno None] Unable to connect to port 22 on 10.180.180.163
2025-02-07 16:20:50.627 62956 INFO tempest.lib.common.rest_client [req-21be4135-ba47-41f0-a85c-ee3667fff614 req-21be4135-ba47-41f0-a85c-ee3667fff614 ] Request (TenantUsagesTestJSON:tearDownClass): 200 GET http://10.180.1.21/compute/v2.1/servers/7a8bcdaf-4a30-4118-8260-22fb84ed89f3 0.057s
2025-02-07 16:20:50.637 62944 INFO tempest.lib.common.rest_client [req-d79e1516-0128-4e62-8ed7-0e88ef59a834 req-d79e1516-0128-4e62-8ed7-0e88ef59a834 ] Request (ImagesOneServerNegativeTestJSON:setUpClass): 200 GET http://10.180.1.21/compute/v2.1/servers/a08bc52b-f6e0-4c73-8dab-e19c0ed4ba47 0.050s
2025-02-07 16:20:50.689 62990 INFO tempest.lib.common.rest_client [req-884ecc93-69fd-4a06-968e-2dc83a5cb10a req-884ecc93-69fd-4a06-968e-2dc83a5cb10a ] Request (ServersAdminNegativeTestJSON:setUpClass): 200 GET http://10.180.1.21/compute/v2.1/servers/589046f1-74fa-4f42-b4ba-cea6a23c9e7a 0.049s
2025-02-07 16:20:50.732 62936 INFO tempest.lib.common.rest_client [req-3c2db3fe-c62e-436b-9582-17dfe07dec22 req-3c2db3fe-c62e-436b-9582-17dfe07dec22 ] Request (ServerDiskConfigTestJSON:test_rebuild_server_with_manual_disk_config): 200 GET http://10.180.1.21/compute/v2.1/servers/80ad2833-64e1-4e54-b28a-ad7c601dc5ae 0.047s
2025-02-07 16:20:50.825 62982 INFO tempest.lib.common.rest_client [req-270d8f8a-a4e6-4072-a27a-058f5ba4b975 req-270d8f8a-a4e6-4072-a27a-058f5ba4b975 ] Request (DeleteServersAdminTestJSON:test_delete_server_while_in_error_state): 200 GET http://10.180.1.21/compute/v2.1/servers/027d839d-93e5-45e1-aac3-6936b4c29795 0.056s
2025-02-07 16:20:50.854 62954 INFO tempest.lib.common.rest_client [req-46aa5c60-0627-4c4c-b90e-68e7188cea10 req-46aa5c60-0627-4c4c-b90e-68e7188cea10 ] Request (ImagesOneServerTestJSON:test_create_image_specify_multibyte_character_image_name): 200 GET http://10.180.1.21/compute/v2.1/images/950b6af4-3b61-4d7b-8fef-7ecc1c9f1e23 0.040s
2025-02-07 16:20:50.868 62978 INFO tempest.lib.common.rest_client [req-39e9254b-e306-4e95-b573-31b1a6206da0 req-39e9254b-e306-4e95-b573-31b1a6206da0 ] Request (ServerAddressesNegativeTestJSON:setUpClass): 200 GET http://10.180.1.21/compute/v2.1/servers/c316241e-bdb6-4f77-8e3b-277a6bb2f6ce 0.092s
2025-02-07 16:20:50.889 62954 INFO tempest.lib.common.rest_client [req-6031d16b-33b0-44e2-9d00-0fabd980fcf5 req-6031d16b-33b0-44e2-9d00-0fabd980fcf5 ] Request (ImagesOneServerTestJSON:test_create_image_specify_multibyte_character_image_name): 200 GET http://10.180.1.21/compute/v2.1/images/950b6af4-3b61-4d7b-8fef-7ecc1c9f1e23 0.032s
2025-02-07 16:20:50.927 62934 INFO tempest.lib.common.rest_client [req-813b516a-7840-4f78-a0f3-637411935c06 req-813b516a-7840-4f78-a0f3-637411935c06 ] Request (ListImageFiltersTestJSON:tearDownClass): 200 GET http://10.180.1.21/compute/v2.1/servers/66f5454a-bc99-4b92-9a74-ef81b3a0c673 0.068s
2025-02-07 16:20:50.944 62966 INFO tempest.lib.common.rest_client [req-9ab4fe7b-2e32-4671-9e1e-d12c0a419370 req-9ab4fe7b-2e32-4671-9e1e-d12c0a419370 ] Request (ServerPasswordTestJSON:setUpClass): 200 GET http://10.180.1.21/compute/v2.1/servers/fdb3277a-e02d-4150-9980-ba907497b2dc 0.069s
2025-02-07 16:20:50.993 62940 INFO tempest.lib.common.rest_client [req-88f4dba1-c8b5-47bd-a607-30b00b0a010c req-88f4dba1-c8b5-47bd-a607-30b00b0a010c ] Request (ServersTestMultiNic:test_verify_duplicate_network_nics): 200 GET http://10.180.1.21/compute/v2.1/servers/4da35bd5-50b0-4148-9802-81e45025a4a0 0.069s
2025-02-07 16:20:51.062 62954 INFO tempest.lib.common.rest_client [req-920ad093-7fcb-4f77-ab7b-b36180f3212b req-920ad093-7fcb-4f77-ab7b-b36180f3212b ] Request (ImagesOneServerTestJSON:test_create_image_specify_multibyte_character_image_name): 200 GET http://10.180.1.21/compute/v2.1/servers/6e2ca819-ef07-44fd-ad79-f9aaca72d1e2 0.169s
2025-02-07 16:20:51.138 62938 INFO tempest.lib.common.rest_client [req-55b78919-95cb-45eb-89fe-8edcb23dacac req-55b78919-95cb-45eb-89fe-8edcb23dacac ] Request (MigrationsAdminTest:test_resize_server_revert_deleted_flavor): 200 GET http://10.180.1.21/compute/v2.1/servers/9852bd88-1d3c-4e14-a334-1fbd32cdd3ed 0.057s
2025-02-07 16:20:51.210 62974 INFO tempest.lib.common.rest_client [req-c929f45f-62f0-4fcc-8e57-76b873901586 req-c929f45f-62f0-4fcc-8e57-76b873901586 ] Request (ListServerFiltersTestJSON:tearDownClass): 200 GET http://10.180.1.21/compute/v2.1/servers/6e77f974-5c90-4c53-9555-6b08d46d83da 0.062s
2025-02-07 16:20:51.266 62976 INFO tempest.lib.common.rest_client [req-97661da5-f50c-4364-b74c-fe04423c0e6e req-97661da5-f50c-4364-b74c-fe04423c0e6e ] Request (MultipleCreateTestJSON:test_multiple_create): 200 GET http://10.180.1.21/compute/v2.1/servers/e28d568b-a29d-4b5c-90e6-aac10019d54a 0.063s
2025-02-07 16:20:51.279 62932 INFO tempest.lib.common.rest_client [req-1200d45f-e2d8-4798-94a4-5371be49d1dc req-1200d45f-e2d8-4798-94a4-5371be49d1dc ] Request (ServerRescueNegativeTestJSON:test_rescued_vm_attach_volume): 200 GET http://10.180.1.21/compute/v2.1/servers/bb4772da-b738-487f-a72e-97673c3ae7f1 0.270s
2025-02-07 16:20:51.337 62930 INFO tempest.lib.common.rest_client [req-e70e5161-fcd6-4ce6-a770-fcf6c14e3d37 req-e70e5161-fcd6-4ce6-a770-fcf6c14e3d37 ] Request (ServersAdminTestJSON:test_inject_network_info): 200 GET http://10.180.1.21/compute/v2.1/servers/5da4398a-cdc1-4c7b-bcc2-706f7b99a60a 0.118s
2025-02-07 16:20:51.341 62950 INFO tempest.lib.common.rest_client [req-6aa81cd2-8a86-4e26-9c46-1581799ff02f req-6aa81cd2-8a86-4e26-9c46-1581799ff02f ] Request (AttachInterfacesUnderV243Test:test_add_remove_fixed_ip): 200 GET http://10.180.1.21/compute/v2.1/servers/87c398c4-2165-41c0-b584-df1f5995ae3d 0.085s
2025-02-07 16:20:51.413 62970 WARNING tempest.lib.common.ssh [-] Failed to establish authenticated ssh connection to cirros@10.180.180.134 ([Errno None] Unable to connect to port 22 on 10.180.180.134). Number attempts: 7. Retry after 8 seconds.: paramiko.ssh_exception.NoValidConnectionsError: [Errno None] Unable to connect to port 22 on 10.180.180.134
2025-02-07 16:20:51.413 62948 INFO tempest.lib.common.rest_client [req-543f60cb-d916-497c-b320-953126c3ce9e req-543f60cb-d916-497c-b320-953126c3ce9e ] Request (SecurityGroupsTestJSON:test_list_security_groups_by_server): 200 GET http://10.180.1.21/compute/v2.1/servers/966100c4-9633-4d98-a860-578dc2253d7b 0.128s
2025-02-07 16:20:51.572 62988 INFO tempest.lib.common.rest_client [req-a81c29e0-7939-48f3-bee5-c67784d49347 req-a81c29e0-7939-48f3-bee5-c67784d49347 ] Request (FloatingIPsAssociationTestJSON:tearDownClass): 200 GET http://10.180.1.21/compute/v2.1/servers/aaaea473-cf12-456a-8c69-ee3e7656334c 0.074s
2025-02-07 16:20:51.582 62986 INFO tempest.lib.common.rest_client [req-cb45e004-b908-43fe-bfa1-385ccc168b19 req-cb45e004-b908-43fe-bfa1-385ccc168b19 ] Request (ListServersNegativeTestJSON:setUpClass): 200 GET http://10.180.1.21/compute/v2.1/servers/8cf78384-7e0f-4a97-a030-1e51f123f086 0.111s
2025-02-07 16:20:51.619 62992 INFO tempest.lib.common.rest_client [req-a198ba82-d037-4427-9d6c-9f5495477f3a req-a198ba82-d037-4427-9d6c-9f5495477f3a ] Request (ImagesTestJSON:test_create_image_from_suspended_server): 200 GET http://10.180.1.21/compute/v2.1/images/18c72554-a55c-416c-a98f-84d579aefb43 0.049s
2025-02-07 16:20:51.632 62962 INFO tempest.lib.common.rest_client [req-905088bf-1f58-4983-89d2-766bb1bf1219 req-905088bf-1f58-4983-89d2-766bb1bf1219 ] Request (FloatingIPsAssociationNegativeTestJSON:setUpClass): 200 GET http://10.180.1.21/compute/v2.1/servers/40588dfc-c8b5-4edb-b5f8-b533658e56a2 0.085s
2025-02-07 16:20:51.708 62956 INFO tempest.lib.common.rest_client [req-b7c86300-c4e1-43e1-8fd2-cfc75c1d1396 req-b7c86300-c4e1-43e1-8fd2-cfc75c1d1396 ] Request (TenantUsagesTestJSON:tearDownClass): 200 GET http://10.180.1.21/compute/v2.1/servers/7a8bcdaf-4a30-4118-8260-22fb84ed89f3 0.068s
2025-02-07 16:20:51.718 62944 INFO tempest.lib.common.rest_client [req-564dd535-de3a-46f7-a887-b4f852548409 req-564dd535-de3a-46f7-a887-b4f852548409 ] Request (ImagesOneServerNegativeTestJSON:setUpClass): 200 GET http://10.180.1.21/compute/v2.1/servers/a08bc52b-f6e0-4c73-8dab-e19c0ed4ba47 0.072s
2025-02-07 16:20:51.776 62990 INFO tempest.lib.common.rest_client [req-85fccfe8-5163-435a-99ac-27f7b9a84e44 req-85fccfe8-5163-435a-99ac-27f7b9a84e44 ] Request (ServersAdminNegativeTestJSON:setUpClass): 200 GET http://10.180.1.21/compute/v2.1/servers/589046f1-74fa-4f42-b4ba-cea6a23c9e7a 0.079s
2025-02-07 16:20:51.805 62936 INFO tempest.lib.common.rest_client [req-4ca81e0b-5d15-4831-8e28-70686c7d1e56 req-4ca81e0b-5d15-4831-8e28-70686c7d1e56 ] Request (ServerDiskConfigTestJSON:test_rebuild_server_with_manual_disk_config): 200 GET http://10.180.1.21/compute/v2.1/servers/80ad2833-64e1-4e54-b28a-ad7c601dc5ae 0.062s
2025-02-07 16:20:51.836 62958 INFO paramiko.transport [-] Connected (version 2.0, client dropbear_2020.81)
2025-02-07 16:20:51.890 62982 INFO tempest.lib.common.rest_client [req-8dfc71c7-9353-414f-a729-88f76b5e034a req-8dfc71c7-9353-414f-a729-88f76b5e034a ] Request (DeleteServersAdminTestJSON:test_delete_server_while_in_error_state): 200 GET http://10.180.1.21/compute/v2.1/servers/027d839d-93e5-45e1-aac3-6936b4c29795 0.056s
2025-02-07 16:20:51.942 62958 INFO paramiko.transport [-] Authentication (publickey) successful!
2025-02-07 16:20:51.942 62958 INFO tempest.lib.common.ssh [-] ssh connection to cirros@10.180.180.195 successfully created
