2025-02-07 16:18:37.854 62948 INFO tempest.lib.common.rest_client [req-20c9100d-1786-40b4-9b3c-b9c4492d7d99 req-20c9100d-1786-40b4-9b3c-b9c4492d7d99 ] Request (AZAdminV2TestJSON:tearDownClass): 204 DELETE http://10.180.1.21:9696/networking/v2.0/security-groups/27844540-c3ae-4866-97b3-b4b2b77b033b 0.178s
2025-02-07 16:18:37.854 62974 INFO tempest.lib.common.rest_client [req-f71ba4dc-ca44-44a0-aea6-2d7f66ca9792 req-f71ba4dc-ca44-44a0-aea6-2d7f66ca9792 ] Request (FlavorsAccessTestJSON:setUpClass): 204 PUT http://10.180.1.21/identity/v3/projects/facad56ad0124acc85062e53ae05dc0c/users/c768323e8c094eafad1e00569624c324/roles/e0af9b15d1df4d74975e7cfa367c86e7 0.047s
2025-02-07 16:18:37.884 62992 INFO tempest.lib.common.rest_client [req-3e890dcf-f7eb-44f7-8f54-bd7eb7bd564e req-3e890dcf-f7eb-44f7-8f54-bd7eb7bd564e ] Request (ImagesTestJSON:test_create_image_from_stopped_server): 200 GET http://10.180.1.21/compute/v2.1/servers/8152a888-ec3a-4b51-9c9f-cb1c46d3f8cc 2.994s
2025-02-07 16:18:37.910 62944 INFO tempest.lib.common.rest_client [req-774a0d1d-64f1-4d90-aa25-bc2d50ac83c6 req-774a0d1d-64f1-4d90-aa25-bc2d50ac83c6 ] Request (QuotasSecurityGroupAdminNegativeTest:setUpClass): 201 POST http://10.180.1.21/identity/v3/projects 0.068s
2025-02-07 16:18:37.913 62980 INFO tempest.lib.common.rest_client [req-d257ed1b-14eb-48d1-acaa-3cce297ba0ab req-d257ed1b-14eb-48d1-acaa-3cce297ba0ab ] Request (FlavorsV261TestJSON:test_crud_flavor): 200 GET http://10.180.1.21/compute/v2.1/flavors/1113192879 2.827s
2025-02-07 16:18:37.966 62948 INFO tempest.lib.common.rest_client [req-d193e3b0-12b3-4f17-b4d0-9d9d0a03b483 req-d193e3b0-12b3-4f17-b4d0-9d9d0a03b483 ] Request (AZAdminV2TestJSON:tearDownClass): 204 DELETE http://10.180.1.21/identity/v3/projects/c6166f6ed0604be4a8ac463c710b32f0 0.111s
2025-02-07 16:18:37.985 62974 INFO tempest.lib.common.rest_client [req-cb301110-e9c2-4f34-a242-94fa4d08545e req-cb301110-e9c2-4f34-a242-94fa4d08545e ] Request (FlavorsAccessTestJSON:setUpClass): 200 GET http://10.180.1.21/identity/v3/roles 0.130s
2025-02-07 16:18:38.011 62944 INFO tempest.lib.common.rest_client [req-9539c6cf-2bbe-48f7-b4a4-268762469e26 req-9539c6cf-2bbe-48f7-b4a4-268762469e26 ] Request (QuotasSecurityGroupAdminNegativeTest:setUpClass): 201 POST http://10.180.1.21/identity/v3/users 0.101s
2025-02-07 16:18:38.052 62976 INFO tempest.lib.common.rest_client [req-30803590-7f0f-4bf7-9daf-774fe818879c req-30803590-7f0f-4bf7-9daf-774fe818879c ] Request (HypervisorAdminNegativeUnderV252Test:test_search_hypervisor_with_non_admin_user): 403 GET http://10.180.1.21/compute/v2.1/os-hypervisors/domain-c8.fc996f14-c53b-4953-92e3-bdfa48f5cc28/search 2.831s
2025-02-07 16:18:38.076 62948 INFO tempest.lib.common.rest_client [req-5a9dc9e5-b001-46de-ab78-fcc3588d2111 req-5a9dc9e5-b001-46de-ab78-fcc3588d2111 ] Request (ListImageFiltersNegativeTestJSON:setUpClass): 201 POST http://10.180.1.21/identity/v3/auth/tokens 0.108s
2025-02-07 16:18:38.084 62974 INFO tempest.lib.common.rest_client [req-b7f397cd-5ce7-4e8f-b233-8d15f9e6b10e req-b7f397cd-5ce7-4e8f-b233-8d15f9e6b10e ] Request (FlavorsAccessTestJSON:setUpClass): 204 PUT http://10.180.1.21/identity/v3/projects/facad56ad0124acc85062e53ae05dc0c/users/c768323e8c094eafad1e00569624c324/roles/e0af9b15d1df4d74975e7cfa367c86e7 0.098s
2025-02-07 16:18:38.084 62974 INFO tempest.lib.common.dynamic_creds [-] Dynamic test user c768323e8c094eafad1e00569624c324 is created with scope project and roles: ['admin']
2025-02-07 16:18:38.084 62974 INFO tempest.lib.common.dynamic_creds [-] Acquired dynamic creds: credentials: Credentials: {'domain_id': 'default', 'domain_name': 'Default', 'username': 'tempest-FlavorsAccessTestJSON-34869041-project-admin', 'project_domain_id': 'default', 'project_domain_name': 'Default', 'project_id': 'facad56ad0124acc85062e53ae05dc0c', 'project_name': 'tempest-FlavorsAccessTestJSON-34869041', 'tenant_id': 'facad56ad0124acc85062e53ae05dc0c', 'tenant_name': 'tempest-FlavorsAccessTestJSON-34869041', 'user_domain_id': 'default', 'user_domain_name': 'Default', 'user_id': 'c768323e8c094eafad1e00569624c324', 'system': None}, Network: None, Subnet: None, Router: None
2025-02-07 16:18:38.085 62974 INFO tempest.lib.common.dynamic_creds [-] Created isolated network resources for: credentials: Credentials: {'domain_id': 'default', 'domain_name': 'Default', 'username': 'tempest-FlavorsAccessTestJSON-34869041-project-admin', 'project_domain_id': 'default', 'project_domain_name': 'Default', 'project_id': 'facad56ad0124acc85062e53ae05dc0c', 'project_name': 'tempest-FlavorsAccessTestJSON-34869041', 'tenant_id': 'facad56ad0124acc85062e53ae05dc0c', 'tenant_name': 'tempest-FlavorsAccessTestJSON-34869041', 'user_domain_id': 'default', 'user_domain_name': 'Default', 'user_id': 'c768323e8c094eafad1e00569624c324', 'system': None}, Network: None, Subnet: None, Router: None
2025-02-07 16:18:38.096 62944 INFO tempest.lib.common.rest_client [req-48f295cd-9f3f-4a7c-adbd-6f5e8df985a8 req-48f295cd-9f3f-4a7c-adbd-6f5e8df985a8 ] Request (QuotasSecurityGroupAdminNegativeTest:setUpClass): 200 GET http://10.180.1.21/identity/v3/roles 0.084s
2025-02-07 16:18:38.152 62948 INFO tempest.lib.common.rest_client [req-268663ff-186a-45da-af14-4cd432b64acd req-268663ff-186a-45da-af14-4cd432b64acd ] Request (ListImageFiltersNegativeTestJSON:setUpClass): 201 POST http://10.180.1.21/identity/v3/auth/tokens 0.074s
2025-02-07 16:18:38.172 62932 INFO tempest.lib.common.rest_client [req-c5f7425b-04b7-48cf-addc-eb4b337230e9 req-c5f7425b-04b7-48cf-addc-eb4b337230e9 ] Request (FlavorsV2TestJSON:test_get_flavor): 200 GET http://10.180.1.21/compute/v2.1/flavors/42 2.723s
2025-02-07 16:18:38.188 62944 INFO tempest.lib.common.rest_client [req-2017f5de-6bfc-4dac-af19-84f740186cc2 req-2017f5de-6bfc-4dac-af19-84f740186cc2 ] Request (QuotasSecurityGroupAdminNegativeTest:setUpClass): 204 PUT http://10.180.1.21/identity/v3/projects/e907eebbd17a43d18b5bfd4da1feaeab/users/be6ee08cff29447fababb526cdb4db2e/roles/7db651e6d73342dfba9ddea8ab57506a 0.092s
2025-02-07 16:18:38.189 62944 INFO tempest.lib.common.dynamic_creds [-] Dynamic test user be6ee08cff29447fababb526cdb4db2e is created with scope project and roles: ['member']
2025-02-07 16:18:38.189 62944 INFO tempest.lib.common.dynamic_creds [-] Acquired dynamic creds: credentials: Credentials: {'domain_id': 'default', 'domain_name': 'Default', 'username': 'tempest-QuotasSecurityGroupAdminNegativeTest-1971061646-project-member', 'project_domain_id': 'default', 'project_domain_name': 'Default', 'project_id': 'e907eebbd17a43d18b5bfd4da1feaeab', 'project_name': 'tempest-QuotasSecurityGroupAdminNegativeTest-1971061646', 'tenant_id': 'e907eebbd17a43d18b5bfd4da1feaeab', 'tenant_name': 'tempest-QuotasSecurityGroupAdminNegativeTest-1971061646', 'user_domain_id': 'default', 'user_domain_name': 'Default', 'user_id': 'be6ee08cff29447fababb526cdb4db2e', 'system': None}, Network: None, Subnet: None, Router: None
2025-02-07 16:18:38.189 62944 INFO tempest.lib.common.dynamic_creds [-] Created isolated network resources for: credentials: Credentials: {'domain_id': 'default', 'domain_name': 'Default', 'username': 'tempest-QuotasSecurityGroupAdminNegativeTest-1971061646-project-member', 'project_domain_id': 'default', 'project_domain_name': 'Default', 'project_id': 'e907eebbd17a43d18b5bfd4da1feaeab', 'project_name': 'tempest-QuotasSecurityGroupAdminNegativeTest-1971061646', 'tenant_id': 'e907eebbd17a43d18b5bfd4da1feaeab', 'tenant_name': 'tempest-QuotasSecurityGroupAdminNegativeTest-1971061646', 'user_domain_id': 'default', 'user_domain_name': 'Default', 'user_id': 'be6ee08cff29447fababb526cdb4db2e', 'system': None}, Network: None, Subnet: None, Router: None
2025-02-07 16:18:38.246 62974 INFO tempest.lib.common.rest_client [req-12e129b6-e368-487b-9621-11de4af830c7 req-12e129b6-e368-487b-9621-11de4af830c7 ] Request (FlavorsAccessTestJSON:setUpClass): 201 POST http://10.180.1.21/identity/v3/auth/tokens 0.157s
2025-02-07 16:18:38.246 62974 WARNING tempest.lib.common.rest_client [-] Deprecated: "tenant_id" property is deprecated for removal, use "project_id" instead
2025-02-07 16:18:38.251 62982 INFO tempest.lib.common.rest_client [req-b7a55891-57a1-4b2d-b34f-7287be2916ae req-b7a55891-57a1-4b2d-b34f-7287be2916ae ] Request (DeleteServersAdminTestJSON:test_admin_delete_servers_of_others): 200 GET http://10.180.1.21/compute/v2.1/servers/ee332a56-22ec-4c79-ac21-287662364180 2.553s
2025-02-07 16:18:38.275 62948 INFO tempest.lib.common.rest_client [req-fccee757-f7d5-46a6-9a48-50d22e95e779 req-fccee757-f7d5-46a6-9a48-50d22e95e779 ] Request (ListImageFiltersNegativeTestJSON:setUpClass): 200 GET http://10.180.1.21/identity/v3/domains?name=Default 0.122s
2025-02-07 16:18:38.318 62944 INFO tempest.lib.common.rest_client [req-757e9405-34a2-49f8-8f23-eb03822440bb req-757e9405-34a2-49f8-8f23-eb03822440bb ] Request (QuotasSecurityGroupAdminNegativeTest:setUpClass): 201 POST http://10.180.1.21/identity/v3/auth/tokens 0.124s
2025-02-07 16:18:38.361 62948 INFO tempest.lib.common.rest_client [req-07acf633-513b-49c2-a064-6ed746a209f3 req-07acf633-513b-49c2-a064-6ed746a209f3 ] Request (ListImageFiltersNegativeTestJSON:setUpClass): 201 POST http://10.180.1.21/identity/v3/projects 0.085s
2025-02-07 16:18:38.436 62942 INFO tempest.lib.common.rest_client [req-ded22cdb-69d7-4c05-9b53-c8a184e9c659 req-ded22cdb-69d7-4c05-9b53-c8a184e9c659 ] Request (HypervisorAdminUnderV252Test:test_get_hypervisor_show_servers): 200 GET http://10.180.1.21/compute/v2.1/os-hypervisors 2.632s
2025-02-07 16:18:38.436 62958 INFO tempest.lib.common.rest_client [req-871e9dbe-d8a5-4e4b-b573-f28a09fc71bc req-871e9dbe-d8a5-4e4b-b573-f28a09fc71bc ] Request (VolumesAssistedSnapshotsTest:setUpClass): 201 POST http://10.180.1.21:9696/networking/v2.0/routers 0.783s
2025-02-07 16:18:38.442 62944 INFO tempest.lib.common.rest_client [req-5c1acf6a-71ee-4278-8fa3-c479d3290cd6 req-5c1acf6a-71ee-4278-8fa3-c479d3290cd6 ] Request (QuotasSecurityGroupAdminNegativeTest:setUpClass): 201 POST http://10.180.1.21/identity/v3/projects 0.123s
2025-02-07 16:18:38.455 62948 INFO tempest.lib.common.rest_client [req-37a93c6c-3571-42c1-8058-3084ba57f380 req-37a93c6c-3571-42c1-8058-3084ba57f380 ] Request (ListImageFiltersNegativeTestJSON:setUpClass): 201 POST http://10.180.1.21/identity/v3/users 0.094s
2025-02-07 16:18:38.492 62938 INFO tempest.lib.common.rest_client [req-e003147b-60dc-4c01-887b-a77fcf1ea40f req-e003147b-60dc-4c01-887b-a77fcf1ea40f ] Request (MigrationsAdminTest:test_list_migrations_in_flavor_resize_situation): 200 GET http://10.180.1.21/compute/v2.1/servers/7b61b38f-3e03-41f5-8d94-f56ec29e416a 2.309s
2025-02-07 16:18:38.504 62946 INFO tempest.lib.common.rest_client [req-d6c0c9a4-e39b-4017-ab46-6ea118e6ea44 req-d6c0c9a4-e39b-4017-ab46-6ea118e6ea44 ] Request (HypervisorAdminNegativeTestJSON:test_get_hypervisor_stats_with_non_admin_user): 403 GET http://10.180.1.21/compute/v2.1/os-hypervisors/statistics 2.277s
2025-02-07 16:18:38.512 62944 INFO tempest.lib.common.rest_client [req-ade5584f-e3da-4bdf-8fe6-93b41d7e7a9d req-ade5584f-e3da-4bdf-8fe6-93b41d7e7a9d ] Request (QuotasSecurityGroupAdminNegativeTest:setUpClass): 201 POST http://10.180.1.21/identity/v3/users 0.069s
2025-02-07 16:18:38.553 62948 INFO tempest.lib.common.rest_client [req-93d42580-0227-4ae5-a9d9-21c6ecebba92 req-93d42580-0227-4ae5-a9d9-21c6ecebba92 ] Request (ListImageFiltersNegativeTestJSON:setUpClass): 200 GET http://10.180.1.21/identity/v3/roles 0.098s
2025-02-07 16:18:38.571 62944 INFO tempest.lib.common.rest_client [req-66e07d04-e1bc-494d-9aaf-37f97cede6e2 req-66e07d04-e1bc-494d-9aaf-37f97cede6e2 ] Request (QuotasSecurityGroupAdminNegativeTest:setUpClass): 200 GET http://10.180.1.21/identity/v3/roles 0.059s
2025-02-07 16:18:38.586 62984 INFO tempest.lib.common.rest_client [req-befcd208-00f5-4b11-8889-2b6f5f16da7e req-befcd208-00f5-4b11-8889-2b6f5f16da7e ] Request (VolumesGetTestJSON:test_volume_create_get_delete): 200 POST http://10.180.1.21/compute/v2.1/os-volumes 3.311s
2025-02-07 16:18:38.591 62948 INFO tempest.lib.common.rest_client [req-09fb2117-2ba9-45b5-99a2-9966f756cf17 req-09fb2117-2ba9-45b5-99a2-9966f756cf17 ] Request (ListImageFiltersNegativeTestJSON:setUpClass): 204 PUT http://10.180.1.21/identity/v3/projects/46cf3ef4db9f42b98118f5da8be0f97c/users/d02eb74f53564160b9a049a17e84048f/roles/7db651e6d73342dfba9ddea8ab57506a 0.037s
2025-02-07 16:18:38.591 62948 INFO tempest.lib.common.dynamic_creds [-] Dynamic test user d02eb74f53564160b9a049a17e84048f is created with scope project and roles: ['member']
2025-02-07 16:18:38.591 62948 INFO tempest.lib.common.dynamic_creds [-] Acquired dynamic creds: credentials: Credentials: {'domain_id': 'default', 'domain_name': 'Default', 'username': 'tempest-ListImageFiltersNegativeTestJSON-2017048595-project-member', 'project_domain_id': 'default', 'project_domain_name': 'Default', 'project_id': '46cf3ef4db9f42b98118f5da8be0f97c', 'project_name': 'tempest-ListImageFiltersNegativeTestJSON-2017048595', 'tenant_id': '46cf3ef4db9f42b98118f5da8be0f97c', 'tenant_name': 'tempest-ListImageFiltersNegativeTestJSON-2017048595', 'user_domain_id': 'default', 'user_domain_name': 'Default', 'user_id': 'd02eb74f53564160b9a049a17e84048f', 'system': None}, Network: None, Subnet: None, Router: None
2025-02-07 16:18:38.591 62948 INFO tempest.lib.common.dynamic_creds [-] Created isolated network resources for: credentials: Credentials: {'domain_id': 'default', 'domain_name': 'Default', 'username': 'tempest-ListImageFiltersNegativeTestJSON-2017048595-project-member', 'project_domain_id': 'default', 'project_domain_name': 'Default', 'project_id': '46cf3ef4db9f42b98118f5da8be0f97c', 'project_name': 'tempest-ListImageFiltersNegativeTestJSON-2017048595', 'tenant_id': '46cf3ef4db9f42b98118f5da8be0f97c', 'tenant_name': 'tempest-ListImageFiltersNegativeTestJSON-2017048595', 'user_domain_id': 'default', 'user_domain_name': 'Default', 'user_id': 'd02eb74f53564160b9a049a17e84048f', 'system': None}, Network: None, Subnet: None, Router: None
2025-02-07 16:18:38.594 62978 INFO tempest.lib.common.rest_client [req-401ecb3b-5b12-4e2a-b476-79cd857e8e8c req-401ecb3b-5b12-4e2a-b476-79cd857e8e8c ] Request (FlavorsExtraSpecsNegativeTestJSON:test_flavor_non_admin_set_keys): 403 POST http://10.180.1.21/compute/v2.1/flavors/1699264500/os-extra_specs 2.052s
2025-02-07 16:18:38.643 62960 INFO tempest.lib.common.rest_client [req-37d5b060-35a0-4b13-bddd-74ed148bd057 req-37d5b060-35a0-4b13-bddd-74ed148bd057 ] Request (ServersWithSpecificFlavorTestJSON:test_verify_created_server_ephemeral_disk): 200 GET http://10.180.1.21/compute/v2.1/flavors/42 2.333s
2025-02-07 16:18:38.645 62944 INFO tempest.lib.common.rest_client [req-f438400d-8a92-4882-bd90-7e53dcc6bfc8 req-f438400d-8a92-4882-bd90-7e53dcc6bfc8 ] Request (QuotasSecurityGroupAdminNegativeTest:setUpClass): 204 PUT http://10.180.1.21/identity/v3/projects/8220619f6c53472180afc78f243629ae/users/f2827d1653a441aa92ec9035258d0dca/roles/e0af9b15d1df4d74975e7cfa367c86e7 0.074s
2025-02-07 16:18:38.704 62948 INFO tempest.lib.common.rest_client [req-c864f4f9-fbb1-4440-a02a-77f62a97df29 req-c864f4f9-fbb1-4440-a02a-77f62a97df29 ] Request (ListImageFiltersNegativeTestJSON:setUpClass): 201 POST http://10.180.1.21/identity/v3/auth/tokens 0.107s
2025-02-07 16:18:38.746 62970 INFO tempest.lib.common.rest_client [req-5ef65ca1-6a29-4070-a398-bcb1f288fa12 req-5ef65ca1-6a29-4070-a398-bcb1f288fa12 ] Request (FlavorsExtraSpecsTestJSON:test_flavor_non_admin_get_all_keys): 200 GET http://10.180.1.21/compute/v2.1/flavors/710426112/os-extra_specs 1.896s
2025-02-07 16:18:38.757 62944 INFO tempest.lib.common.rest_client [req-c579d3c2-edf0-4f2a-8aad-b59eb1af0760 req-c579d3c2-edf0-4f2a-8aad-b59eb1af0760 ] Request (QuotasSecurityGroupAdminNegativeTest:setUpClass): 200 GET http://10.180.1.21/identity/v3/roles 0.110s
2025-02-07 16:18:38.776 62990 INFO tempest.lib.common.rest_client [req-632eed29-871c-4938-b2ec-ef225a2160eb req-632eed29-871c-4938-b2ec-ef225a2160eb ] Request (FlavorsAdminTestJSON:_run_cleanups): 200 GET http://10.180.1.21/compute/v2.1/flavors/detail 1.898s
2025-02-07 16:18:38.777 62944 INFO tempest.lib.common.rest_client [req-6f3ff1b3-d4de-4055-a764-40c23c70cb8b req-6f3ff1b3-d4de-4055-a764-40c23c70cb8b ] Request (QuotasSecurityGroupAdminNegativeTest:setUpClass): 204 PUT http://10.180.1.21/identity/v3/projects/8220619f6c53472180afc78f243629ae/users/f2827d1653a441aa92ec9035258d0dca/roles/e0af9b15d1df4d74975e7cfa367c86e7 0.019s
2025-02-07 16:18:38.777 62944 INFO tempest.lib.common.dynamic_creds [-] Dynamic test user f2827d1653a441aa92ec9035258d0dca is created with scope project and roles: ['admin']
2025-02-07 16:18:38.777 62944 INFO tempest.lib.common.dynamic_creds [-] Acquired dynamic creds: credentials: Credentials: {'domain_id': 'default', 'domain_name': 'Default', 'username': 'tempest-QuotasSecurityGroupAdminNegativeTest-2082139293-project-admin', 'project_domain_id': 'default', 'project_domain_name': 'Default', 'project_id': '8220619f6c53472180afc78f243629ae', 'project_name': 'tempest-QuotasSecurityGroupAdminNegativeTest-2082139293', 'tenant_id': '8220619f6c53472180afc78f243629ae', 'tenant_name': 'tempest-QuotasSecurityGroupAdminNegativeTest-2082139293', 'user_domain_id': 'default', 'user_domain_name': 'Default', 'user_id': 'f2827d1653a441aa92ec9035258d0dca', 'system': None}, Network: None, Subnet: None, Router: None
2025-02-07 16:18:38.777 62944 INFO tempest.lib.common.dynamic_creds [-] Created isolated network resources for: credentials: Credentials: {'domain_id': 'default', 'domain_name': 'Default', 'username': 'tempest-QuotasSecurityGroupAdminNegativeTest-2082139293-project-admin', 'project_domain_id': 'default', 'project_domain_name': 'Default', 'project_id': '8220619f6c53472180afc78f243629ae', 'project_name': 'tempest-QuotasSecurityGroupAdminNegativeTest-2082139293', 'tenant_id': '8220619f6c53472180afc78f243629ae', 'tenant_name': 'tempest-QuotasSecurityGroupAdminNegativeTest-2082139293', 'user_domain_id': 'default', 'user_domain_name': 'Default', 'user_id': 'f2827d1653a441aa92ec9035258d0dca', 'system': None}, Network: None, Subnet: None, Router: None
2025-02-07 16:18:38.795 62962 INFO tempest.lib.common.rest_client [req-1f9828b1-5f2e-4a4f-be29-b80d4774e190 req-1f9828b1-5f2e-4a4f-be29-b80d4774e190 ] Request (QuotaClassesAdminTestJSON:test_update_default_quotas): 200 GET http://10.180.1.21/compute/v2.1/os-quota-class-sets/default 1.710s
2025-02-07 16:18:38.838 62934 INFO tempest.lib.common.rest_client [req-07598ba1-4d76-4df9-9d3f-5c119b7ab536 req-07598ba1-4d76-4df9-9d3f-5c119b7ab536 ] Request (ListImageFiltersTestJSON:setUpClass): 200 GET http://10.180.1.21/compute/v2.1/images/5f0b809d-8290-4da2-bd11-4d355551f2eb 1.705s
2025-02-07 16:18:38.845 62950 INFO tempest.lib.common.rest_client [req-ebc35645-6562-49fd-a66b-050bc01deb3c req-ebc35645-6562-49fd-a66b-050bc01deb3c ] Request (FlavorsAccessNegativeTestJSON:test_add_flavor_access_duplicate): 200 POST http://10.180.1.21/compute/v2.1/flavors/409015945/action 2.026s
2025-02-07 16:18:38.859 62966 INFO tempest.lib.common.rest_client [req-4dc3772d-20f5-4dd5-8c5b-665cbc4a000e req-4dc3772d-20f5-4dd5-8c5b-665cbc4a000e ] Request (InstanceUsageAuditLogNegativeTestJSON:test_instance_usage_audit_logs_with_nonadmin_user): 403 GET http://10.180.1.21/compute/v2.1/os-instance_usage_audit_log/2025-02-07%2016%3A18%3A37 1.607s
2025-02-07 16:18:38.863 62944 INFO tempest.lib.common.rest_client [req-65a9aa16-cb11-4ba9-bb7d-8a5f4ed61fa7 req-65a9aa16-cb11-4ba9-bb7d-8a5f4ed61fa7 ] Request (QuotasSecurityGroupAdminNegativeTest:setUpClass): 201 POST http://10.180.1.21/identity/v3/auth/tokens 0.082s
2025-02-07 16:18:38.864 62944 WARNING tempest.lib.common.rest_client [-] Deprecated: "tenant_id" property is deprecated for removal, use "project_id" instead
2025-02-07 16:18:38.891 62973 INFO tempest.lib.common.rest_client [req-646a1543-f850-4a6a-b33b-01003c241313 req-646a1543-f850-4a6a-b33b-01003c241313 ] Request (ServicesAdminNegativeV253TestJSON:test_enable_service_with_invalid_service_id): 404 PUT http://10.180.1.21/compute/v2.1/os-services/a2f8c024-abe1-4f92-83b7-02b8fc5ae353 1.601s
2025-02-07 16:18:38.924 62988 INFO tempest.lib.common.rest_client [req-fe0c0c52-49b8-4757-be53-97bfa07ecff9 req-fe0c0c52-49b8-4757-be53-97bfa07ecff9 ] Request (FloatingIPsAssociationTestJSON:setUpClass): 200 GET http://10.180.1.21/compute/v2.1/servers/aaaea473-cf12-456a-8c69-ee3e7656334c 1.761s
2025-02-07 16:18:38.972 62940 INFO tempest.lib.common.rest_client [req-9273daa8-2c36-4c49-a8e3-37ef4e2a256d req-9273daa8-2c36-4c49-a8e3-37ef4e2a256d ] Request (ServerExternalEventsTest:test_create_server_external_events): 200 GET http://10.180.1.21/compute/v2.1/servers/76de7063-a5a3-4f98-9057-14fce25e3371 1.321s
2025-02-07 16:18:38.979 62952 INFO tempest.lib.common.rest_client [req-714d0d09-113b-412a-a9ee-be8d9838ca74 req-714d0d09-113b-412a-a9ee-be8d9838ca74 ] Request (HostsAdminNegativeTestJSON:test_reboot_host_with_non_admin_user): 403 GET http://10.180.1.21/compute/v2.1/os-hosts/devstack/reboot 1.229s
2025-02-07 16:18:38.983 62944 INFO tempest.lib.common.rest_client [req-30e49d93-e791-426f-a143-87cc10ca748b req-30e49d93-e791-426f-a143-87cc10ca748b ] Request (QuotasSecurityGroupAdminNegativeTest:tearDownClass): 204 DELETE http://10.180.1.21/identity/v3/users/be6ee08cff29447fababb526cdb4db2e 0.115s
2025-02-07 16:18:39.002 62966 INFO tempest.lib.common.rest_client [req-8bb64ed8-9407-4083-bae6-9662f4fe0ba0 req-8bb64ed8-9407-4083-bae6-9662f4fe0ba0 ] Request (InstanceUsageAuditLogNegativeTestJSON:tearDownClass): 204 DELETE http://10.180.1.21/identity/v3/users/da174f155c0e4ebe9d16565c1b4cf3f9 0.141s
2025-02-07 16:18:39.005 62936 INFO tempest.lib.common.rest_client [req-ad447e38-18dc-4207-903b-6f92ff7d0d1b req-ad447e38-18dc-4207-903b-6f92ff7d0d1b ] Request (FlavorMetadataValidation:_run_cleanups): 200 GET http://10.180.1.21/compute/v2.1/flavors/detail 1.234s
2025-02-07 16:18:39.085 62944 INFO tempest.lib.common.rest_client [req-f3760196-1d2d-4031-acf3-fb2eff2a3bf5 req-f3760196-1d2d-4031-acf3-fb2eff2a3bf5 ] Request (QuotasSecurityGroupAdminNegativeTest:tearDownClass): 204 DELETE http://10.180.1.21/identity/v3/users/f2827d1653a441aa92ec9035258d0dca 0.102s
2025-02-07 16:18:39.085 62944 INFO tempest.lib.common.dynamic_creds [-] Deleting project and security group for project: 8220619f6c53472180afc78f243629ae
2025-02-07 16:18:39.104 62966 INFO tempest.lib.common.rest_client [req-3e8f9b65-cabf-492b-9cdb-142310a0e00b req-3e8f9b65-cabf-492b-9cdb-142310a0e00b ] Request (InstanceUsageAuditLogNegativeTestJSON:tearDownClass): 204 DELETE http://10.180.1.21/identity/v3/users/31f42cc48ca54c9bba1ac92e36d3076c 0.101s
2025-02-07 16:18:39.104 62966 INFO tempest.lib.common.dynamic_creds [-] Deleting project and security group for project: b2d591c065bc48969a8c209368c105a3
2025-02-07 16:18:39.256 62968 INFO tempest.lib.common.rest_client [req-59d4670a-5a6d-43c5-9a7c-dce2094d06cc req-59d4670a-5a6d-43c5-9a7c-dce2094d06cc ] Request (QuotasAdminNegativeTest:test_create_server_when_cpu_quota_is_full): 200 PUT http://10.180.1.21/compute/v2.1/os-quota-sets/0cc601b5d06f4561a40a81e205e034ad 1.758s
2025-02-07 16:18:39.266 62964 INFO tempest.lib.common.rest_client [req-09c7021c-4505-4215-8855-eaba137893fb req-09c7021c-4505-4215-8855-eaba137893fb ] Request (MultipleCreateNegativeTestJSON:test_max_count_less_than_one): 400 POST http://10.180.1.21/compute/v2.1/servers 1.432s
2025-02-07 16:18:39.275 62936 INFO tempest.lib.common.rest_client [req-462adc8a-0363-4a15-ac8c-2cc6022870bd req-462adc8a-0363-4a15-ac8c-2cc6022870bd ] Request (FlavorMetadataValidation:tearDownClass): 204 DELETE http://10.180.1.21/identity/v3/users/e6e095a9c3b34ae7827b40574f0e2653 0.256s
2025-02-07 16:18:39.331 62944 INFO tempest.lib.common.rest_client [req-84132001-304e-4700-a7c3-3b3443839767 req-84132001-304e-4700-a7c3-3b3443839767 ] Request (QuotasSecurityGroupAdminNegativeTest:tearDownClass): 201 POST http://10.180.1.21/identity/v3/auth/tokens 0.244s
2025-02-07 16:18:39.333 62958 INFO tempest.lib.common.rest_client [req-8125b485-643e-40b4-ab4b-43557c9f3073 req-8125b485-643e-40b4-ab4b-43557c9f3073 ] Request (VolumesAssistedSnapshotsTest:setUpClass): 200 PUT http://10.180.1.21:9696/networking/v2.0/routers/ce472add-a532-40bf-9660-787b898936ae/add_router_interface 0.896s
2025-02-07 16:18:39.333 62958 INFO tempest.lib.common.dynamic_creds [-] Created isolated network resources for: credentials: Credentials: {'domain_id': 'default', 'domain_name': 'Default', 'username': 'tempest-VolumesAssistedSnapshotsTest-86100310-project', 'project_domain_id': 'default', 'project_domain_name': 'Default', 'project_id': '7427b11448d24e4f984df0745c07d849', 'project_name': 'tempest-VolumesAssistedSnapshotsTest-86100310', 'tenant_id': '7427b11448d24e4f984df0745c07d849', 'tenant_name': 'tempest-VolumesAssistedSnapshotsTest-86100310', 'user_domain_id': 'default', 'user_domain_name': 'Default', 'user_id': 'ea7d273150504cf39a4369179b6c0a39', 'system': None}, Network: {'id': 'eca76fc0-edf9-4f82-9f7b-1067a5671260', 'name': 'tempest-VolumesAssistedSnapshotsTest-410702984-network', 'tenant_id': '7427b11448d24e4f984df0745c07d849', 'admin_state_up': True, 'mtu': 8950, 'status': 'ACTIVE', 'subnets': [], 'shared': False, 'project_id': '7427b11448d24e4f984df0745c07d849', 'port_security_enabled': True, 'router:external': False, 'provider:network_type': 'vlan', 'provider:physical_network': 'default', 'provider:segmentation_id': 493, 'availability_zone_hints': [], 'availability_zones': [], 'ipv4_address_scope': None, 'ipv6_address_scope': None, 'description': '', 'tags': [], 'created_at': '2025-02-07T16:18:37Z', 'updated_at': '2025-02-07T16:18:37Z', 'revision_number': 1}, Subnet: {'id': '7095086a-18c0-4c6a-91ac-1b39e130ded7', 'name': 'tempest-VolumesAssistedSnapshotsTest-410702984-subnet', 'tenant_id': '7427b11448d24e4f984df0745c07d849', 'network_id': 'eca76fc0-edf9-4f82-9f7b-1067a5671260', 'ip_version': 4, 'subnetpool_id': None, 'enable_dhcp': True, 'ipv6_ra_mode': None, 'ipv6_address_mode': None, 'gateway_ip': '192.168.128.1', 'cidr': '192.168.128.0/28', 'allocation_pools': [{'start': '192.168.128.2', 'end': '192.168.128.14'}], 'host_routes': [], 'dns_nameservers': [], 'description': '', 'router:external': False, 'service_types': [], 'tags': [], 'created_at': '2025-02-07T16:18:37Z', 'updated_at': '2025-02-07T16:18:37Z', 'revision_number': 0, 'project_id': '7427b11448d24e4f984df0745c07d849'}, Router: {'id': 'ce472add-a532-40bf-9660-787b898936ae', 'name': 'tempest-VolumesAssistedSnapshotsTest-410702984-router', 'tenant_id': '7427b11448d24e4f984df0745c07d849', 'admin_state_up': True, 'status': 'ACTIVE', 'external_gateway_info': {'network_id': '16184442-abb1-469b-9298-7fa525e335f9', 'external_fixed_ips': [{'subnet_id': 'ecc066ac-c9b1-4bcd-a606-f2b1901bde9b', 'ip_address': '10.180.180.197'}], 'enable_snat': True}, 'description': '', 'availability_zones': [], 'distributed': False, 'ha': False, 'availability_zone_hints': [], 'routes': [], 'flavor_id': None, 'tags': [], 'created_at': '2025-02-07T16:18:37Z', 'updated_at': '2025-02-07T16:18:38Z', 'revision_number': 2, 'project_id': '7427b11448d24e4f984df0745c07d849'}
2025-02-07 16:18:39.337 62966 INFO tempest.lib.common.rest_client [req-11ab87df-9dd1-4b9d-babc-cdce204864fd req-11ab87df-9dd1-4b9d-babc-cdce204864fd ] Request (InstanceUsageAuditLogNegativeTestJSON:tearDownClass): 201 POST http://10.180.1.21/identity/v3/auth/tokens 0.232s
2025-02-07 16:18:39.381 62968 INFO tempest.lib.common.rest_client [req-09ce4657-5c46-4a80-b8b7-c5b79d56d477 req-09ce4657-5c46-4a80-b8b7-c5b79d56d477 ] Request (QuotasAdminNegativeTest:test_create_server_when_cpu_quota_is_full): 201 POST http://10.180.1.21/identity/v3/auth/tokens 0.119s
2025-02-07 16:18:39.381 62964 INFO tempest.lib.common.rest_client [req-0e615bb4-e5c7-4dc1-8f1e-a0c897bc32cc req-0e615bb4-e5c7-4dc1-8f1e-a0c897bc32cc ] Request (MultipleCreateNegativeTestJSON:test_max_count_non_integer): 201 POST http://10.180.1.21/identity/v3/auth/tokens 0.109s
2025-02-07 16:18:39.382 62964 INFO tempest.lib.common.fixed_network [-] (MultipleCreateNegativeTestJSON:test_max_count_non_integer) Found network None available for tenant
2025-02-07 16:18:39.382 62968 INFO tempest.lib.common.fixed_network [-] (QuotasAdminNegativeTest:test_create_server_when_cpu_quota_is_full) Found network None available for tenant
2025-02-07 16:18:39.439 62936 INFO tempest.lib.common.rest_client [req-6faa00c6-172c-47ec-b98c-83dbd7cb9552 req-6faa00c6-172c-47ec-b98c-83dbd7cb9552 ] Request (FlavorMetadataValidation:tearDownClass): 204 DELETE http://10.180.1.21/identity/v3/users/73b5e9134714412898d5681099583969 0.164s
2025-02-07 16:18:39.439 62936 INFO tempest.lib.common.dynamic_creds [-] Deleting project and security group for project: 28476a9686cf4ed89037169800c5323d
2025-02-07 16:18:39.496 62930 INFO tempest.lib.common.rest_client [req-dd2caa81-9076-4305-a7a4-ed1d673db0e0 req-dd2caa81-9076-4305-a7a4-ed1d673db0e0 ] Request (ServersAdminTestJSON:setUpClass): 202 POST http://10.180.1.21/compute/v2.1/servers 1.713s
2025-02-07 16:18:39.519 62958 INFO tempest.lib.common.rest_client [req-5d870ee7-7ec0-4631-8c82-b66b87471401 req-5d870ee7-7ec0-4631-8c82-b66b87471401 ] Request (VolumesAssistedSnapshotsTest:setUpClass): 201 POST http://10.180.1.21/identity/v3/auth/tokens 0.183s
2025-02-07 16:18:39.525 62980 INFO tempest.lib.common.rest_client [req-23de97ee-df6a-4b57-9805-5508f4c68349 req-23de97ee-df6a-4b57-9805-5508f4c68349 ] Request (FlavorsV261TestJSON:test_crud_flavor): 200 PUT http://10.180.1.21/compute/v2.1/flavors/1113192879 1.608s
2025-02-07 16:18:39.542 62976 INFO tempest.lib.common.rest_client [req-e906d388-31ff-4174-84e3-dbec399ac786 req-e906d388-31ff-4174-84e3-dbec399ac786 ] Request (HypervisorAdminNegativeUnderV252Test:test_search_nonexistent_hypervisor): 404 GET http://10.180.1.21/compute/v2.1/os-hypervisors/nonexistent_hypervisor_name/search 1.481s
2025-02-07 16:18:39.567 62932 INFO tempest.lib.common.rest_client [req-efdf70fe-919b-4f50-87ef-4f9f87591b57 req-efdf70fe-919b-4f50-87ef-4f9f87591b57 ] Request (FlavorsV2TestJSON:test_list_flavors): 200 GET http://10.180.1.21/compute/v2.1/flavors 1.388s
2025-02-07 16:18:39.572 62936 INFO tempest.lib.common.rest_client [req-8c3f378f-e25e-4f12-b370-f86304e0e610 req-8c3f378f-e25e-4f12-b370-f86304e0e610 ] Request (FlavorMetadataValidation:tearDownClass): 201 POST http://10.180.1.21/identity/v3/auth/tokens 0.133s
2025-02-07 16:18:39.676 62930 INFO tempest.lib.common.rest_client [req-af6757d2-acd0-4ec3-ab91-bdcd41a04075 req-af6757d2-acd0-4ec3-ab91-bdcd41a04075 ] Request (ServersAdminTestJSON:setUpClass): 201 POST http://10.180.1.21/identity/v3/auth/tokens 0.173s
2025-02-07 16:18:39.676 62930 INFO tempest.lib.common.fixed_network [-] (ServersAdminTestJSON:setUpClass) Found network {'id': 'b0db6530-1a58-4ab0-b9b5-c5764bdd7d7a', 'name': 'tempest-ServersAdminTestJSON-466483620-network', 'tenant_id': 'bc829a6049a94a2d98bd5f47a6df92b9', 'admin_state_up': True, 'mtu': 8950, 'status': 'ACTIVE', 'subnets': [], 'shared': False, 'project_id': 'bc829a6049a94a2d98bd5f47a6df92b9', 'port_security_enabled': True, 'router:external': False, 'provider:network_type': 'vlan', 'provider:physical_network': 'default', 'provider:segmentation_id': 164, 'availability_zone_hints': [], 'availability_zones': [], 'ipv4_address_scope': None, 'ipv6_address_scope': None, 'description': '', 'tags': [], 'created_at': '2025-02-07T16:18:26Z', 'updated_at': '2025-02-07T16:18:26Z', 'revision_number': 1} available for tenant
2025-02-07 16:18:39.682 62934 INFO tempest.lib.common.rest_client [req-68640ad5-0e05-4dfa-bb6a-443eab0e9244 req-68640ad5-0e05-4dfa-bb6a-443eab0e9244 ] Request (ListImageFiltersTestJSON:setUpClass): 201 POST http://10.180.1.21/image/v2/images 0.836s
2025-02-07 16:18:39.702 62944 INFO tempest.lib.common.rest_client [req-e8aebb48-ecd9-4bea-955d-7f405298807d req-e8aebb48-ecd9-4bea-955d-7f405298807d ] Request (QuotasSecurityGroupAdminNegativeTest:tearDownClass): 200 GET http://10.180.1.21:9696/networking/v2.0/security-groups?tenant_id=8220619f6c53472180afc78f243629ae&name=default 0.371s
2025-02-07 16:18:39.711 62966 INFO tempest.lib.common.rest_client [req-8344e039-8a83-41ae-9bd2-31c6bf1d2690 req-8344e039-8a83-41ae-9bd2-31c6bf1d2690 ] Request (InstanceUsageAuditLogNegativeTestJSON:tearDownClass): 200 GET http://10.180.1.21:9696/networking/v2.0/security-groups?tenant_id=b2d591c065bc48969a8c209368c105a3&name=default 0.374s
2025-02-07 16:18:39.747 62974 INFO tempest.lib.common.rest_client [req-a0625c8d-9c63-4dcb-ae18-cdd4add23631 req-a0625c8d-9c63-4dcb-ae18-cdd4add23631 ] Request (FlavorsAccessTestJSON:test_flavor_access_add_remove): 200 POST http://10.180.1.21/compute/v2.1/flavors 1.497s
2025-02-07 16:18:39.794 62942 INFO tempest.lib.common.rest_client [req-53a4e752-fde8-4b74-9814-8744eac4f869 req-53a4e752-fde8-4b74-9814-8744eac4f869 ] Request (HypervisorAdminUnderV252Test:test_get_hypervisor_show_servers): 200 GET http://10.180.1.21/compute/v2.1/os-hypervisors/domain-c8.fc996f14-c53b-4953-92e3-bdfa48f5cc28/servers 1.354s
2025-02-07 16:18:39.849 62986 INFO tempest.lib.common.rest_client [req-1b3e9e95-b514-44b6-9063-6973752a3926 req-1b3e9e95-b514-44b6-9063-6973752a3926 ] Request (AggregatesAdminNegativeTestJSON:test_aggregate_add_existent_host): 200 POST http://10.180.1.21/compute/v2.1/os-aggregates/1/action 2.005s
2025-02-07 16:18:39.871 62946 INFO tempest.lib.common.rest_client [req-89d84506-3751-4554-9b46-9b68cf613bb4 req-89d84506-3751-4554-9b46-9b68cf613bb4 ] Request (HypervisorAdminNegativeTestJSON:test_get_hypervisor_uptime_with_non_admin_user): 200 GET http://10.180.1.21/compute/v2.1/os-hypervisors 1.367s
2025-02-07 16:18:39.898 62978 INFO tempest.lib.common.rest_client [req-601b704b-ba66-4e4e-a8f9-5999799d6e9f req-601b704b-ba66-4e4e-a8f9-5999799d6e9f ] Request (FlavorsExtraSpecsNegativeTestJSON:test_flavor_non_admin_unset_keys): 200 POST http://10.180.1.21/compute/v2.1/flavors/1699264500/os-extra_specs 1.303s
2025-02-07 16:18:39.904 62984 INFO tempest.lib.common.rest_client [req-20524128-ae32-4b14-b7d4-6979a868b37c req-20524128-ae32-4b14-b7d4-6979a868b37c ] Request (VolumesGetTestJSON:test_volume_create_get_delete): 200 GET http://10.180.1.21/compute/v2.1/os-volumes/d3a9308b-344f-493b-bbca-e4b3c27759f0 1.313s
2025-02-07 16:18:39.906 62984 INFO tempest.common.waiters [-] volume d3a9308b-344f-493b-bbca-e4b3c27759f0 reached available after waiting for 0.906854 seconds
2025-02-07 16:18:39.908 62936 INFO tempest.lib.common.rest_client [req-dca701ed-adfa-4e0a-a8cc-60001831880f req-dca701ed-adfa-4e0a-a8cc-60001831880f ] Request (FlavorMetadataValidation:tearDownClass): 200 GET http://10.180.1.21:9696/networking/v2.0/security-groups?tenant_id=28476a9686cf4ed89037169800c5323d&name=default 0.334s
2025-02-07 16:18:39.917 62958 INFO tempest.lib.common.rest_client [req-656f08c2-cccb-4de5-9127-49e3931c33d5 req-656f08c2-cccb-4de5-9127-49e3931c33d5 ] Request (VolumesAssistedSnapshotsTest:test_volume_assisted_snapshot_create_delete): 202 POST http://10.180.1.21/volume/v3/volumes 0.396s
2025-02-07 16:18:39.920 62944 INFO tempest.lib.common.rest_client [req-94db0138-e356-4d15-9835-c823c5f6f833 req-94db0138-e356-4d15-9835-c823c5f6f833 ] Request (QuotasSecurityGroupAdminNegativeTest:tearDownClass): 204 DELETE http://10.180.1.21:9696/networking/v2.0/security-groups/0ffe5641-1c6f-4b6a-9034-7112eb77f186 0.218s
2025-02-07 16:18:39.942 62966 INFO tempest.lib.common.rest_client [req-e047c2cd-30ae-477c-a45c-edf3b7b30b44 req-e047c2cd-30ae-477c-a45c-edf3b7b30b44 ] Request (InstanceUsageAuditLogNegativeTestJSON:tearDownClass): 204 DELETE http://10.180.1.21:9696/networking/v2.0/security-groups/253fed12-2c6f-4a98-a88d-32953aa730c2 0.230s
2025-02-07 16:18:39.987 62958 INFO tempest.lib.common.rest_client [req-42dd8996-56b3-43ff-a405-6257eca1097f req-42dd8996-56b3-43ff-a405-6257eca1097f ] Request (VolumesAssistedSnapshotsTest:test_volume_assisted_snapshot_create_delete): 200 GET http://10.180.1.21/volume/v3/volumes/4c14dda1-edfc-4023-a400-8a0a0b5ed7b4 0.061s
2025-02-07 16:18:39.993 62960 INFO tempest.lib.common.rest_client [req-0fa3cfef-75eb-41af-9f74-8ba9cf587fed req-0fa3cfef-75eb-41af-9f74-8ba9cf587fed ] Request (ServersWithSpecificFlavorTestJSON:test_verify_created_server_ephemeral_disk): 200 POST http://10.180.1.21/compute/v2.1/flavors 1.347s
2025-02-07 16:18:40.014 62970 INFO tempest.lib.common.rest_client [req-f4ec46a2-cd70-4a28-a4f7-051bb22cb1da req-f4ec46a2-cd70-4a28-a4f7-051bb22cb1da ] Request (FlavorsExtraSpecsTestJSON:test_flavor_non_admin_get_specific_key): 200 POST http://10.180.1.21/compute/v2.1/flavors/710426112/os-extra_specs 1.261s
2025-02-07 16:18:40.034 62948 INFO tempest.lib.common.rest_client [req-1e43c626-e934-43b8-8f99-c185de21374a req-1e43c626-e934-43b8-8f99-c185de21374a ] Request (ListImageFiltersNegativeTestJSON:test_get_nonexistent_image): 404 GET http://10.180.1.21/compute/v2.1/images/a8a87465-2207-48f0-9bfd-d4d0d319b21c 1.328s
2025-02-07 16:18:40.047 62936 INFO tempest.lib.common.rest_client [req-09d45af1-6275-4405-b37d-a409d6e6bde0 req-09d45af1-6275-4405-b37d-a409d6e6bde0 ] Request (FlavorMetadataValidation:tearDownClass): 204 DELETE http://10.180.1.21:9696/networking/v2.0/security-groups/9df4ca5f-7c81-4d52-a5be-800fa299ee6e 0.136s
2025-02-07 16:18:40.048 62990 INFO tempest.lib.common.rest_client [req-b04855f0-f966-4538-b9ba-777e38c5df9d req-b04855f0-f966-4538-b9ba-777e38c5df9d ] Request (FlavorsAdminTestJSON:test_create_flavor_verify_entry_in_list_details): 200 POST http://10.180.1.21/compute/v2.1/flavors 1.257s
2025-02-07 16:18:40.051 62944 INFO tempest.lib.common.rest_client [req-19e9ba2c-f1d8-45f4-b080-1029f5f9880e req-19e9ba2c-f1d8-45f4-b080-1029f5f9880e ] Request (QuotasSecurityGroupAdminNegativeTest:tearDownClass): 204 DELETE http://10.180.1.21/identity/v3/projects/8220619f6c53472180afc78f243629ae 0.130s
2025-02-07 16:18:40.052 62944 INFO tempest.lib.common.dynamic_creds [-] Deleting project and security group for project: e907eebbd17a43d18b5bfd4da1feaeab
2025-02-07 16:18:40.083 62962 INFO tempest.lib.common.rest_client [req-8419094a-a69e-4850-bed8-9b8f45beda1b req-8419094a-a69e-4850-bed8-9b8f45beda1b ] Request (QuotaClassesAdminTestJSON:_run_cleanups): 200 PUT http://10.180.1.21/compute/v2.1/os-quota-class-sets/default 1.285s
2025-02-07 16:18:40.095 62966 INFO tempest.lib.common.rest_client [req-b652bf57-2b00-4dba-a71a-cd28c5b01806 req-b652bf57-2b00-4dba-a71a-cd28c5b01806 ] Request (InstanceUsageAuditLogNegativeTestJSON:tearDownClass): 204 DELETE http://10.180.1.21/identity/v3/projects/b2d591c065bc48969a8c209368c105a3 0.152s
2025-02-07 16:18:40.095 62966 INFO tempest.lib.common.dynamic_creds [-] Deleting project and security group for project: 1109e1aae5464bae99438b1fa8f13a1b
2025-02-07 16:18:40.112 62973 INFO tempest.lib.common.rest_client [req-e343dd7d-25ae-4b48-89a3-5eacd6c19b3f req-e343dd7d-25ae-4b48-89a3-5eacd6c19b3f ] Request (ServicesAdminNegativeV253TestJSON:test_get_service_by_invalid_params): 200 GET http://10.180.1.21/compute/v2.1/os-services 1.219s
2025-02-07 16:18:40.152 62944 INFO tempest.lib.common.rest_client [req-28dfadf3-fdf8-4b2c-86a0-730b375fe251 req-28dfadf3-fdf8-4b2c-86a0-730b375fe251 ] Request (QuotasSecurityGroupAdminNegativeTest:tearDownClass): 200 GET http://10.180.1.21:9696/networking/v2.0/security-groups?tenant_id=e907eebbd17a43d18b5bfd4da1feaeab&name=default 0.100s
2025-02-07 16:18:40.190 62936 INFO tempest.lib.common.rest_client [req-b5a6054e-b900-4a53-80e7-3cefc4fcabd4 req-b5a6054e-b900-4a53-80e7-3cefc4fcabd4 ] Request (FlavorMetadataValidation:tearDownClass): 204 DELETE http://10.180.1.21/identity/v3/projects/28476a9686cf4ed89037169800c5323d 0.143s
2025-02-07 16:18:40.190 62936 INFO tempest.lib.common.dynamic_creds [-] Deleting project and security group for project: 706e358346b24550b8505b6c01a766f2
2025-02-07 16:18:40.194 62948 INFO tempest.lib.common.rest_client [req-781e411c-4683-4532-a652-c8f6d50032fe req-781e411c-4683-4532-a652-c8f6d50032fe ] Request (ListImageFiltersNegativeTestJSON:tearDownClass): 204 DELETE http://10.180.1.21/identity/v3/users/d02eb74f53564160b9a049a17e84048f 0.156s
2025-02-07 16:18:40.194 62948 INFO tempest.lib.common.dynamic_creds [-] Deleting project and security group for project: 46cf3ef4db9f42b98118f5da8be0f97c
2025-02-07 16:18:40.270 62944 INFO tempest.lib.common.rest_client [req-cf21b455-4e7d-4c86-a8dc-28b77c48d65d req-cf21b455-4e7d-4c86-a8dc-28b77c48d65d ] Request (QuotasSecurityGroupAdminNegativeTest:tearDownClass): 204 DELETE http://10.180.1.21:9696/networking/v2.0/security-groups/69af144c-4fd7-4fee-af71-41f4621f3a7d 0.117s
2025-02-07 16:18:40.287 62962 INFO tempest.lib.common.rest_client [req-0369d387-6cc2-4633-a364-dad67cc73f89 req-0369d387-6cc2-4633-a364-dad67cc73f89 ] Request (QuotaClassesAdminTestJSON:tearDownClass): 204 DELETE http://10.180.1.21/identity/v3/users/686c7272b1b44f81bd61540f5cbc553f 0.196s
2025-02-07 16:18:40.313 62936 INFO tempest.lib.common.rest_client [req-444501d0-4319-4a3e-8b29-db42d14353a4 req-444501d0-4319-4a3e-8b29-db42d14353a4 ] Request (FlavorMetadataValidation:tearDownClass): 200 GET http://10.180.1.21:9696/networking/v2.0/security-groups?tenant_id=706e358346b24550b8505b6c01a766f2&name=default 0.122s
2025-02-07 16:18:40.327 62992 INFO tempest.lib.common.rest_client [req-faab1220-60c5-46c2-97f1-a1f11bcb0a51 req-faab1220-60c5-46c2-97f1-a1f11bcb0a51 ] Request (ImagesTestJSON:test_create_image_from_stopped_server): 200 GET http://10.180.1.21/compute/v2.1/servers/8152a888-ec3a-4b51-9c9f-cb1c46d3f8cc 1.430s
2025-02-07 16:18:40.335 62992 INFO tempest.common.waiters [-] State transition "BUILD/None" ==> "BUILD/networking" after 3 second wait
2025-02-07 16:18:40.336 62966 INFO tempest.lib.common.rest_client [req-e64cf8c3-f988-4203-ad23-b28dd5b16833 req-e64cf8c3-f988-4203-ad23-b28dd5b16833 ] Request (InstanceUsageAuditLogNegativeTestJSON:tearDownClass): 200 GET http://10.180.1.21:9696/networking/v2.0/security-groups?tenant_id=1109e1aae5464bae99438b1fa8f13a1b&name=default 0.240s
2025-02-07 16:18:40.339 62952 INFO tempest.lib.common.rest_client [req-9166ad31-b07e-444e-89ee-d77dfd4963e2 req-9166ad31-b07e-444e-89ee-d77dfd4963e2 ] Request (HostsAdminNegativeTestJSON:test_reboot_nonexistent_host): 404 GET http://10.180.1.21/compute/v2.1/os-hosts/nonexistent_hostname/reboot 1.359s
2025-02-07 16:18:40.342 62954 INFO tempest.lib.common.rest_client [req-aef4101d-cf4a-4970-a0a9-9152a53fcecf req-aef4101d-cf4a-4970-a0a9-9152a53fcecf ] Request (QuotasAdminTestJSON:test_delete_quota): 200 GET http://10.180.1.21/identity/v3/domains?name=Default 0.249s
2025-02-07 16:18:40.386 62950 INFO tempest.lib.common.rest_client [req-ef031a8f-3c6f-4b27-ad8e-4d8716ff2563 req-ef031a8f-3c6f-4b27-ad8e-4d8716ff2563 ] Request (FlavorsAccessNegativeTestJSON:test_add_flavor_access_duplicate): 409 POST http://10.180.1.21/compute/v2.1/flavors/409015945/action 1.540s
2025-02-07 16:18:40.393 62964 INFO tempest.lib.common.rest_client [req-fd3d99f4-aa90-4987-aa56-922b80006959 req-fd3d99f4-aa90-4987-aa56-922b80006959 ] Request (MultipleCreateNegativeTestJSON:test_max_count_non_integer): 400 POST http://10.180.1.21/compute/v2.1/servers 1.010s
2025-02-07 16:18:40.394 62948 INFO tempest.lib.common.rest_client [req-ab38ba61-b4d5-436c-a0ac-9cad321f2af6 req-ab38ba61-b4d5-436c-a0ac-9cad321f2af6 ] Request (ListImageFiltersNegativeTestJSON:tearDownClass): 201 POST http://10.180.1.21/identity/v3/auth/tokens 0.199s
2025-02-07 16:18:40.401 62936 INFO tempest.lib.common.rest_client [req-8e4c955e-b692-4ec6-9e9c-17e9de4b9382 req-8e4c955e-b692-4ec6-9e9c-17e9de4b9382 ] Request (FlavorMetadataValidation:tearDownClass): 204 DELETE http://10.180.1.21:9696/networking/v2.0/security-groups/9a2180e9-949b-4a7d-9acf-016c5a550c42 0.087s
2025-02-07 16:18:40.405 62982 INFO tempest.lib.common.rest_client [req-edf1283b-5ad1-4ec9-96ef-b2eeeeb9c375 req-edf1283b-5ad1-4ec9-96ef-b2eeeeb9c375 ] Request (DeleteServersAdminTestJSON:test_admin_delete_servers_of_others): 200 GET http://10.180.1.21/compute/v2.1/servers/ee332a56-22ec-4c79-ac21-287662364180 1.141s
2025-02-07 16:18:40.433 62966 INFO tempest.lib.common.rest_client [req-4da97ef8-5087-4cbb-bbb7-c22d6131e725 req-4da97ef8-5087-4cbb-bbb7-c22d6131e725 ] Request (InstanceUsageAuditLogNegativeTestJSON:tearDownClass): 204 DELETE http://10.180.1.21:9696/networking/v2.0/security-groups/d402a9a9-7d9b-417e-9cce-f1fff2be55b8 0.096s
2025-02-07 16:18:40.451 62944 INFO tempest.lib.common.rest_client [req-59b29a73-089b-41ea-892e-ff3fb66bd6ec req-59b29a73-089b-41ea-892e-ff3fb66bd6ec ] Request (QuotasSecurityGroupAdminNegativeTest:tearDownClass): 204 DELETE http://10.180.1.21/identity/v3/projects/e907eebbd17a43d18b5bfd4da1feaeab 0.180s
2025-02-07 16:18:40.455 62938 INFO tempest.lib.common.rest_client [req-47c0fa0e-5c9e-456d-8181-3dd45fea7fcf req-47c0fa0e-5c9e-456d-8181-3dd45fea7fcf ] Request (MigrationsAdminTest:test_list_migrations_in_flavor_resize_situation): 200 GET http://10.180.1.21/compute/v2.1/servers/7b61b38f-3e03-41f5-8d94-f56ec29e416a 0.951s
2025-02-07 16:18:40.479 62980 INFO tempest.lib.common.rest_client [req-0e797c81-90d8-4e26-993f-0ce1f7230587 req-0e797c81-90d8-4e26-993f-0ce1f7230587 ] Request (FlavorsV261TestJSON:test_crud_flavor): 200 GET http://10.180.1.21/compute/v2.1/flavors/detail 0.951s
2025-02-07 16:18:40.497 62962 INFO tempest.lib.common.rest_client [req-b9864066-539c-4a66-adae-ab95c1cb8588 req-b9864066-539c-4a66-adae-ab95c1cb8588 ] Request (QuotaClassesAdminTestJSON:tearDownClass): 204 DELETE http://10.180.1.21/identity/v3/users/fa7b75265e4d4b0393ea4a30777bd0c0 0.209s
2025-02-07 16:18:40.498 62962 INFO tempest.lib.common.dynamic_creds [-] Deleting project and security group for project: 94dd4515dd424e9e836e762398fce853
2025-02-07 16:18:40.509 62976 INFO tempest.lib.common.rest_client [req-5030a93b-ad7a-4c4c-ac6f-9cd43e183ec9 req-5030a93b-ad7a-4c4c-ac6f-9cd43e183ec9 ] Request (HypervisorAdminNegativeUnderV252Test:test_show_servers_with_non_admin_user): 200 GET http://10.180.1.21/compute/v2.1/os-hypervisors 0.966s
2025-02-07 16:18:40.520 62932 INFO tempest.lib.common.rest_client [req-1cf7db71-9261-4ebf-a71c-f7b459a3cae8 req-1cf7db71-9261-4ebf-a71c-f7b459a3cae8 ] Request (FlavorsV2TestJSON:test_list_flavors): 200 GET http://10.180.1.21/compute/v2.1/flavors/42 0.949s
2025-02-07 16:18:40.564 62954 INFO tempest.lib.common.rest_client [req-53ae2532-cc3b-44a0-80bf-fadf9726bd71 req-53ae2532-cc3b-44a0-80bf-fadf9726bd71 ] Request (QuotasAdminTestJSON:test_delete_quota): 201 POST http://10.180.1.21/identity/v3/projects 0.221s
2025-02-07 16:18:40.652 62936 INFO tempest.lib.common.rest_client [req-23c8a259-abcb-4bf0-9fa2-f2890c3ef1e3 req-23c8a259-abcb-4bf0-9fa2-f2890c3ef1e3 ] Request (FlavorMetadataValidation:tearDownClass): 204 DELETE http://10.180.1.21/identity/v3/projects/706e358346b24550b8505b6c01a766f2 0.251s
2025-02-07 16:18:40.661 62964 INFO tempest.lib.common.rest_client [req-3fa1ba92-9dea-4cff-baac-2f0126247ae5 req-3fa1ba92-9dea-4cff-baac-2f0126247ae5 ] Request (MultipleCreateNegativeTestJSON:test_min_count_less_than_one): 201 POST http://10.180.1.21/identity/v3/auth/tokens 0.263s
2025-02-07 16:18:40.661 62964 INFO tempest.lib.common.fixed_network [-] (MultipleCreateNegativeTestJSON:test_min_count_less_than_one) Found network None available for tenant
2025-02-07 16:18:40.797 62966 INFO tempest.lib.common.rest_client [req-8d1e5214-41e2-40f4-b74d-547425260098 req-8d1e5214-41e2-40f4-b74d-547425260098 ] Request (InstanceUsageAuditLogNegativeTestJSON:tearDownClass): 204 DELETE http://10.180.1.21/identity/v3/projects/1109e1aae5464bae99438b1fa8f13a1b 0.364s
2025-02-07 16:18:40.827 62962 INFO tempest.lib.common.rest_client [req-7d2934f5-3cb2-46ef-801e-98d31eb0733c req-7d2934f5-3cb2-46ef-801e-98d31eb0733c ] Request (QuotaClassesAdminTestJSON:tearDownClass): 201 POST http://10.180.1.21/identity/v3/auth/tokens 0.329s
2025-02-07 16:18:40.828 62944 INFO tempest.lib.common.rest_client [req-b2925b86-8d92-474c-9ca8-27d566056e54 req-b2925b86-8d92-474c-9ca8-27d566056e54 ] Request (ServerDiagnosticsTest:setUpClass): 201 POST http://10.180.1.21/identity/v3/auth/tokens 0.376s
2025-02-07 16:18:40.856 62936 INFO tempest.lib.common.rest_client [req-c33aec04-e1ac-4f08-a8e7-aa7566204e0d req-c33aec04-e1ac-4f08-a8e7-aa7566204e0d ] Request (KeyPairsV210TestJSON:setUpClass): 201 POST http://10.180.1.21/identity/v3/auth/tokens 0.203s
2025-02-07 16:18:40.887 62954 INFO tempest.lib.common.rest_client [req-58fe2dd8-066d-4684-b98d-7b93c3786207 req-58fe2dd8-066d-4684-b98d-7b93c3786207 ] Request (QuotasAdminTestJSON:test_delete_quota): 200 GET http://10.180.1.21/identity/v3/domains?name=Default 0.322s
2025-02-07 16:18:40.915 62966 INFO tempest.lib.common.rest_client [req-c37a92ff-d1ff-404e-b36c-745fc74e78ec req-c37a92ff-d1ff-404e-b36c-745fc74e78ec ] Request (SecurityGroupRulesTestJSON:setUpClass): 201 POST http://10.180.1.21/identity/v3/auth/tokens 0.116s
2025-02-07 16:18:40.917 62948 INFO tempest.lib.common.rest_client [req-c128fbf3-8d8b-42ac-ac24-1122727860fb req-c128fbf3-8d8b-42ac-ac24-1122727860fb ] Request (ListImageFiltersNegativeTestJSON:tearDownClass): 200 GET http://10.180.1.21:9696/networking/v2.0/security-groups?tenant_id=46cf3ef4db9f42b98118f5da8be0f97c&name=default 0.522s
2025-02-07 16:18:40.945 62944 INFO tempest.lib.common.rest_client [req-97f9e1e5-cff1-4888-bb2c-8dae65f228d1 req-97f9e1e5-cff1-4888-bb2c-8dae65f228d1 ] Request (ServerDiagnosticsTest:setUpClass): 201 POST http://10.180.1.21/identity/v3/auth/tokens 0.111s
2025-02-07 16:18:40.974 62968 INFO tempest.lib.common.rest_client [req-7aed7da7-9c60-4508-9de7-b84e6a773e80 req-7aed7da7-9c60-4508-9de7-b84e6a773e80 ] Request (QuotasAdminNegativeTest:test_create_server_when_cpu_quota_is_full): 403 POST http://10.180.1.21/compute/v2.1/servers 1.591s
2025-02-07 16:18:40.978 62930 INFO tempest.lib.common.rest_client [req-e4eac6ca-adc0-4be7-a096-afc86a6426ce req-e4eac6ca-adc0-4be7-a096-afc86a6426ce ] Request (ServersAdminTestJSON:setUpClass): 202 POST http://10.180.1.21/compute/v2.1/servers 1.301s
