2025-02-07 16:19:32.028 62970 INFO tempest.lib.common.rest_client [req-bcbae6e1-8f37-41e6-8c16-48d8df1d62b9 req-bcbae6e1-8f37-41e6-8c16-48d8df1d62b9 ] Request (AttachVolumeShelveTestJSON:test_attach_volume_shelved_or_offload_server): 200 GET http://10.180.1.21/compute/v2.1/servers/20c560c8-551e-476c-b26a-45e5d9770dce 0.956s
2025-02-07 16:19:32.057 62982 INFO tempest.lib.common.rest_client [req-9a47b37d-b13b-40d0-8b9d-d4ef211d9237 req-9a47b37d-b13b-40d0-8b9d-d4ef211d9237 ] Request (DeleteServersAdminTestJSON:test_delete_server_while_in_error_state): 200 GET http://10.180.1.21/compute/v2.1/servers/027d839d-93e5-45e1-aac3-6936b4c29795 0.863s
2025-02-07 16:19:32.068 62986 INFO tempest.lib.common.rest_client [req-2e3ecc63-9496-4afd-8011-6de084b094b3 req-2e3ecc63-9496-4afd-8011-6de084b094b3 ] Request (ListServersNegativeTestJSON:setUpClass): 200 PUT http://10.180.1.21:9696/networking/v2.0/routers/9ccdd1c8-8465-42f3-8bab-7e9d9cbd4a80/add_router_interface 2.501s
2025-02-07 16:19:32.068 62986 INFO tempest.lib.common.dynamic_creds [-] Created isolated network resources for: credentials: Credentials: {'domain_id': 'default', 'domain_name': 'Default', 'username': 'tempest-ListServersNegativeTestJSON-1091309908-project-member', 'project_domain_id': 'default', 'project_domain_name': 'Default', 'project_id': '566139c2d6a646a896130a28291a2e15', 'project_name': 'tempest-ListServersNegativeTestJSON-1091309908', 'tenant_id': '566139c2d6a646a896130a28291a2e15', 'tenant_name': 'tempest-ListServersNegativeTestJSON-1091309908', 'user_domain_id': 'default', 'user_domain_name': 'Default', 'user_id': '053b822a11634ce386c5b8390fb66888', 'system': None}, Network: {'id': '7a5cbf29-41ed-448c-8ba1-2cf44a8b3cd0', 'name': 'tempest-ListServersNegativeTestJSON-998117175-network', 'tenant_id': '566139c2d6a646a896130a28291a2e15', 'admin_state_up': True, 'mtu': 8950, 'status': 'ACTIVE', 'subnets': [], 'shared': False, 'project_id': '566139c2d6a646a896130a28291a2e15', 'port_security_enabled': True, 'router:external': False, 'provider:network_type': 'vlan', 'provider:physical_network': 'default', 'provider:segmentation_id': 953, 'availability_zone_hints': [], 'availability_zones': [], 'ipv4_address_scope': None, 'ipv6_address_scope': None, 'description': '', 'tags': [], 'created_at': '2025-02-07T16:19:26Z', 'updated_at': '2025-02-07T16:19:26Z', 'revision_number': 1}, Subnet: {'id': '1f9a6650-1238-4b08-b4d9-4f6f69a61709', 'name': 'tempest-ListServersNegativeTestJSON-998117175-subnet', 'tenant_id': '566139c2d6a646a896130a28291a2e15', 'network_id': '7a5cbf29-41ed-448c-8ba1-2cf44a8b3cd0', 'ip_version': 4, 'subnetpool_id': None, 'enable_dhcp': True, 'ipv6_ra_mode': None, 'ipv6_address_mode': None, 'gateway_ip': '192.168.128.1', 'cidr': '192.168.128.0/28', 'allocation_pools': [{'start': '192.168.128.2', 'end': '192.168.128.14'}], 'host_routes': [], 'dns_nameservers': [], 'description': '', 'router:external': False, 'service_types': [], 'tags': [], 'created_at': '2025-02-07T16:19:26Z', 'updated_at': '2025-02-07T16:19:26Z', 'revision_number': 0, 'project_id': '566139c2d6a646a896130a28291a2e15'}, Router: {'id': '9ccdd1c8-8465-42f3-8bab-7e9d9cbd4a80', 'name': 'tempest-ListServersNegativeTestJSON-998117175-router', 'tenant_id': '566139c2d6a646a896130a28291a2e15', 'admin_state_up': True, 'status': 'ACTIVE', 'external_gateway_info': {'network_id': '16184442-abb1-469b-9298-7fa525e335f9', 'external_fixed_ips': [{'subnet_id': 'ecc066ac-c9b1-4bcd-a606-f2b1901bde9b', 'ip_address': '10.180.180.156'}], 'enable_snat': True}, 'description': '', 'availability_zones': [], 'distributed': False, 'ha': False, 'availability_zone_hints': [], 'routes': [], 'flavor_id': None, 'tags': [], 'created_at': '2025-02-07T16:19:27Z', 'updated_at': '2025-02-07T16:19:28Z', 'revision_number': 2, 'project_id': '566139c2d6a646a896130a28291a2e15'}
2025-02-07 16:19:32.070 62960 INFO tempest.lib.common.rest_client [req-a0a90e41-c986-46f7-9e6c-89287bff4955 req-a0a90e41-c986-46f7-9e6c-89287bff4955 ] Request (ServersWithSpecificFlavorTestJSON:test_verify_created_server_ephemeral_disk): 200 PUT http://10.180.1.21:9696/networking/v2.0/floatingips/a3fd907d-98be-494a-b1d1-34105671f2d2 1.131s
2025-02-07 16:19:32.100 62980 INFO tempest.lib.common.rest_client [req-661e8a6e-3227-4794-8b9b-f606cce4db3f req-661e8a6e-3227-4794-8b9b-f606cce4db3f ] Request (ServersV294TestFqdnHostnames:setUpClass): 200 GET http://10.180.1.21/compute/v2.1/servers/c1c90088-c0e8-43b8-83e0-7a29dc83790e 0.892s
2025-02-07 16:19:32.111 62990 INFO tempest.lib.common.rest_client [req-199b9c89-e956-4b8b-b564-a6b4bef21294 req-199b9c89-e956-4b8b-b564-a6b4bef21294 ] Request (FlavorsAdminTestJSON:test_list_non_public_flavor): 200 GET http://10.180.1.21/compute/v2.1/flavors/detail 0.831s
2025-02-07 16:19:32.153 62966 INFO tempest.lib.common.rest_client [req-0eae9daa-1921-473b-82a5-8a2a8874f8cf req-0eae9daa-1921-473b-82a5-8a2a8874f8cf ] Request (ServerPasswordTestJSON:setUpClass): 201 POST http://10.180.1.21:9696/networking/v2.0/routers 1.547s
2025-02-07 16:19:32.168 62986 INFO tempest.lib.common.rest_client [req-ac165dc1-da14-4443-a297-4271f4a1c129 req-ac165dc1-da14-4443-a297-4271f4a1c129 ] Request (ListServersNegativeTestJSON:setUpClass): 201 POST http://10.180.1.21/identity/v3/auth/tokens 0.095s
2025-02-07 16:19:32.170 62962 INFO tempest.lib.common.rest_client [req-cac29cd3-44fc-480c-b14d-a170bafe1491 req-cac29cd3-44fc-480c-b14d-a170bafe1491 ] Request (ServersAdmin275Test:_run_cleanups): 200 GET http://10.180.1.21/compute/v2.1/servers/f3d3bf6b-7561-4084-b363-01368aa28a0a 0.830s
2025-02-07 16:19:32.184 62962 INFO tempest.common.waiters [-] State transition "REBUILD/rebuilding" ==> "REBUILD/rebuild_spawning" after 2 second wait
2025-02-07 16:19:32.209 62986 INFO tempest.lib.common.rest_client [req-6a9e8471-9af3-49e8-bfff-19b02a0e702a req-6a9e8471-9af3-49e8-bfff-19b02a0e702a ] Request (ListServersNegativeTestJSON:setUpClass): 201 POST http://10.180.1.21/identity/v3/auth/tokens 0.037s
2025-02-07 16:19:32.210 62986 INFO tempest.lib.common.fixed_network [-] (ListServersNegativeTestJSON:setUpClass) Found network {'id': '7a5cbf29-41ed-448c-8ba1-2cf44a8b3cd0', 'name': 'tempest-ListServersNegativeTestJSON-998117175-network', 'tenant_id': '566139c2d6a646a896130a28291a2e15', 'admin_state_up': True, 'mtu': 8950, 'status': 'ACTIVE', 'subnets': [], 'shared': False, 'project_id': '566139c2d6a646a896130a28291a2e15', 'port_security_enabled': True, 'router:external': False, 'provider:network_type': 'vlan', 'provider:physical_network': 'default', 'provider:segmentation_id': 953, 'availability_zone_hints': [], 'availability_zones': [], 'ipv4_address_scope': None, 'ipv6_address_scope': None, 'description': '', 'tags': [], 'created_at': '2025-02-07T16:19:26Z', 'updated_at': '2025-02-07T16:19:26Z', 'revision_number': 1} available for tenant
2025-02-07 16:19:32.229 62940 INFO tempest.lib.common.rest_client [req-ed70a31e-a0ad-4f2b-ad37-e7584020ab25 req-ed70a31e-a0ad-4f2b-ad37-e7584020ab25 ] Request (ServerExternalEventsTest:tearDownClass): 200 GET http://10.180.1.21/compute/v2.1/servers/76de7063-a5a3-4f98-9057-14fce25e3371 0.816s
2025-02-07 16:19:32.283 62974 INFO tempest.lib.common.rest_client [req-2e696f78-b191-42c2-9285-901172cff185 req-2e696f78-b191-42c2-9285-901172cff185 ] Request (ListServerFiltersTestJSON:setUpClass): 200 GET http://10.180.1.21/compute/v2.1/servers/c24bad45-17ef-4e2b-805f-e5fd0ac8bca4 0.781s
2025-02-07 16:19:32.332 62948 INFO tempest.lib.common.rest_client [req-74c351b2-5bf7-43e4-898a-caa07032a305 req-74c351b2-5bf7-43e4-898a-caa07032a305 ] Request (SecurityGroupsTestJSON:test_list_security_groups_by_server): 200 POST http://10.180.1.21/compute/v2.1/os-security-groups 1.031s
2025-02-07 16:19:32.355 62958 WARNING tempest.lib.common.ssh [-] Failed to establish authenticated ssh connection to cirros@10.180.180.195 ([Errno None] Unable to connect to port 22 on 10.180.180.195). Number attempts: 3. Retry after 4 seconds.: paramiko.ssh_exception.NoValidConnectionsError: [Errno None] Unable to connect to port 22 on 10.180.180.195
2025-02-07 16:19:32.411 62938 INFO tempest.lib.common.rest_client [req-d1a87b03-80cf-462e-8c91-392fc0a9a3d7 req-d1a87b03-80cf-462e-8c91-392fc0a9a3d7 ] Request (MigrationsAdminTest:test_list_migrations_in_flavor_resize_situation): 200 GET http://10.180.1.21/compute/v2.1/servers/7b61b38f-3e03-41f5-8d94-f56ec29e416a 0.881s
2025-02-07 16:19:32.480 62956 INFO tempest.lib.common.rest_client [req-96c89da6-4264-4d22-a339-80fd3630c450 req-96c89da6-4264-4d22-a339-80fd3630c450 ] Request (TenantUsagesTestJSON:setUpClass): 200 GET http://10.180.1.21/compute/v2.1/servers/7a8bcdaf-4a30-4118-8260-22fb84ed89f3 0.912s
2025-02-07 16:19:32.506 62950 INFO tempest.lib.common.rest_client [req-3270cd2c-7ff1-41b3-890a-fe71a625f211 req-3270cd2c-7ff1-41b3-890a-fe71a625f211 ] Request (SecurityGroupsTestAdminJSON:_run_cleanups): 202 DELETE http://10.180.1.21/compute/v2.1/os-security-groups/8e9c6b5c-41d9-4b57-89ee-694a4290def3 0.953s
2025-02-07 16:19:32.537 62932 INFO tempest.lib.common.rest_client [req-2a7be101-4b1a-46a0-a07b-446f56f8c6c3 req-2a7be101-4b1a-46a0-a07b-446f56f8c6c3 ] Request (ServerRescueNegativeTestJSON:setUpClass): 200 GET http://10.180.1.21/compute/v2.1/servers/c771cbc2-e440-4c40-afea-0476d16f5328 0.918s
2025-02-07 16:19:32.606 62954 INFO tempest.lib.common.rest_client [req-3e58fdd0-3068-4037-8304-3a5722bfb543 req-3e58fdd0-3068-4037-8304-3a5722bfb543 ] Request (ImagesOneServerTestJSON:setUpClass): 200 GET http://10.180.1.21/compute/v2.1/servers/6e2ca819-ef07-44fd-ad79-f9aaca72d1e2 0.911s
2025-02-07 16:19:32.801 62952 INFO tempest.lib.common.rest_client [req-488c4b3b-644e-4eb6-b59e-66caf8399199 req-488c4b3b-644e-4eb6-b59e-66caf8399199 ] Request (ServersListShow296Test:test_list_show_server_296): 200 GET http://10.180.1.21/compute/v2.1/servers/detail 1.001s
2025-02-07 16:19:32.896 62930 INFO tempest.lib.common.rest_client [req-106eac49-ec88-48a4-abc8-9d761b95a361 req-106eac49-ec88-48a4-abc8-9d761b95a361 ] Request (ServersAdminTestJSON:test_create_server_with_scheduling_hint): 200 GET http://10.180.1.21/compute/v2.1/servers/3f036c4b-0b5b-49e8-89cd-4e63e9c80d65 1.054s
2025-02-07 16:19:33.001 62942 INFO tempest.lib.common.rest_client [req-440a03a1-e6bd-4b6c-9df3-fb4677e18bdb req-440a03a1-e6bd-4b6c-9df3-fb4677e18bdb ] Request (AttachVolumeNegativeTest:test_attach_attached_volume_to_different_server): 200 GET http://10.180.1.21/compute/v2.1/servers/f54a3315-6dde-4807-84cc-413afe64f178 0.933s
2025-02-07 16:19:33.138 62960 INFO tempest.lib.common.rest_client [req-9f44982b-1b57-4007-84be-ab0dcd154256 req-9f44982b-1b57-4007-84be-ab0dcd154256 ] Request (ServersWithSpecificFlavorTestJSON:test_verify_created_server_ephemeral_disk): 200 GET http://10.180.1.21/compute/v2.1/servers/43dc5e13-a248-4173-9ed2-a66e9b09bcb9 1.067s
2025-02-07 16:19:33.150 62960 INFO tempest.lib.common.ssh [-] Creating ssh connection to '10.180.180.131:22' as 'cirros' with public key authentication
2025-02-07 16:19:33.152 62978 INFO tempest.lib.common.rest_client [req-ccc7b30e-2d2b-41db-8536-457b31496bb9 req-ccc7b30e-2d2b-41db-8536-457b31496bb9 ] Request (ServerAddressesNegativeTestJSON:setUpClass): 202 POST http://10.180.1.21/compute/v2.1/servers 1.492s
2025-02-07 16:19:33.177 62990 INFO tempest.lib.common.rest_client [req-48b2586a-be24-436e-862f-95a63d778b74 req-48b2586a-be24-436e-862f-95a63d778b74 ] Request (FlavorsAdminTestJSON:_run_cleanups): 202 DELETE http://10.180.1.21/compute/v2.1/flavors/1019900235 1.059s
2025-02-07 16:19:33.250 62944 INFO tempest.lib.common.rest_client [req-0a1fd682-de84-4b2b-9634-eb49b6126cb4 req-0a1fd682-de84-4b2b-9634-eb49b6126cb4 ] Request (ServerDiagnosticsTest:tearDownClass): 200 GET http://10.180.1.21/compute/v2.1/servers/33b468d7-3682-49cb-a4ad-1610abc8e2cb 1.095s
2025-02-07 16:19:33.417 62946 INFO tempest.lib.common.rest_client [req-aec18085-7d2f-4e09-9ac4-6eec41cf9c8f req-aec18085-7d2f-4e09-9ac4-6eec41cf9c8f ] Request (AttachInterfacesTestJSON:test_create_list_show_delete_interfaces_by_fixed_ip): 200 GET http://10.180.1.21/compute/v2.1/servers/cc523733-d9ab-4337-bf4f-59c94fa1484b 1.167s
2025-02-07 16:19:33.426 62946 INFO tempest.common.waiters [-] State transition "BUILD/None" ==> "BUILD/block_device_mapping" after 30 second wait
2025-02-07 16:19:33.606 62948 INFO tempest.lib.common.rest_client [req-cdc5ef18-cd5e-4bab-8c72-c5ed34d43e33 req-cdc5ef18-cd5e-4bab-8c72-c5ed34d43e33 ] Request (SecurityGroupsTestJSON:test_list_security_groups_by_server): 200 POST http://10.180.1.21/compute/v2.1/os-security-groups 1.270s
2025-02-07 16:19:33.613 62986 INFO tempest.lib.common.rest_client [req-a8bc168d-7b2d-4838-a42a-fa43f5833056 req-a8bc168d-7b2d-4838-a42a-fa43f5833056 ] Request (ListServersNegativeTestJSON:setUpClass): 202 POST http://10.180.1.21/compute/v2.1/servers 1.403s
2025-02-07 16:19:33.622 62966 INFO tempest.lib.common.rest_client [req-75980549-00d6-4318-8daf-499526ee6e6f req-75980549-00d6-4318-8daf-499526ee6e6f ] Request (ServerPasswordTestJSON:setUpClass): 200 PUT http://10.180.1.21:9696/networking/v2.0/routers/a61af309-e8b0-4844-b9ec-654d5a384895/add_router_interface 1.468s
2025-02-07 16:19:33.622 62966 INFO tempest.lib.common.dynamic_creds [-] Created isolated network resources for: credentials: Credentials: {'domain_id': 'default', 'domain_name': 'Default', 'username': 'tempest-ServerPasswordTestJSON-1349801401-project-member', 'project_domain_id': 'default', 'project_domain_name': 'Default', 'project_id': 'b5c1c1ec062e40c6b0f1bc69182a753a', 'project_name': 'tempest-ServerPasswordTestJSON-1349801401', 'tenant_id': 'b5c1c1ec062e40c6b0f1bc69182a753a', 'tenant_name': 'tempest-ServerPasswordTestJSON-1349801401', 'user_domain_id': 'default', 'user_domain_name': 'Default', 'user_id': 'f914af8d0f5e476c8aa87f08b22c1cdb', 'system': None}, Network: {'id': 'b2e84863-65bd-47f3-91f5-5c2f291a3aad', 'name': 'tempest-ServerPasswordTestJSON-963144069-network', 'tenant_id': 'b5c1c1ec062e40c6b0f1bc69182a753a', 'admin_state_up': True, 'mtu': 8950, 'status': 'ACTIVE', 'subnets': [], 'shared': False, 'project_id': 'b5c1c1ec062e40c6b0f1bc69182a753a', 'port_security_enabled': True, 'router:external': False, 'provider:network_type': 'vlan', 'provider:physical_network': 'default', 'provider:segmentation_id': 58, 'availability_zone_hints': [], 'availability_zones': [], 'ipv4_address_scope': None, 'ipv6_address_scope': None, 'description': '', 'tags': [], 'created_at': '2025-02-07T16:19:29Z', 'updated_at': '2025-02-07T16:19:30Z', 'revision_number': 1}, Subnet: {'id': 'babb52ee-09c2-4f81-ba3a-bd20a076e074', 'name': 'tempest-ServerPasswordTestJSON-963144069-subnet', 'tenant_id': 'b5c1c1ec062e40c6b0f1bc69182a753a', 'network_id': 'b2e84863-65bd-47f3-91f5-5c2f291a3aad', 'ip_version': 4, 'subnetpool_id': None, 'enable_dhcp': True, 'ipv6_ra_mode': None, 'ipv6_address_mode': None, 'gateway_ip': '192.168.128.1', 'cidr': '192.168.128.0/28', 'allocation_pools': [{'start': '192.168.128.2', 'end': '192.168.128.14'}], 'host_routes': [], 'dns_nameservers': [], 'description': '', 'router:external': False, 'service_types': [], 'tags': [], 'created_at': '2025-02-07T16:19:30Z', 'updated_at': '2025-02-07T16:19:30Z', 'revision_number': 0, 'project_id': 'b5c1c1ec062e40c6b0f1bc69182a753a'}, Router: {'id': 'a61af309-e8b0-4844-b9ec-654d5a384895', 'name': 'tempest-ServerPasswordTestJSON-963144069-router', 'tenant_id': 'b5c1c1ec062e40c6b0f1bc69182a753a', 'admin_state_up': True, 'status': 'ACTIVE', 'external_gateway_info': {'network_id': '16184442-abb1-469b-9298-7fa525e335f9', 'external_fixed_ips': [{'subnet_id': 'ecc066ac-c9b1-4bcd-a606-f2b1901bde9b', 'ip_address': '10.180.180.222'}], 'enable_snat': True}, 'description': '', 'availability_zones': [], 'distributed': False, 'ha': False, 'availability_zone_hints': [], 'routes': [], 'flavor_id': None, 'tags': [], 'created_at': '2025-02-07T16:19:30Z', 'updated_at': '2025-02-07T16:19:31Z', 'revision_number': 2, 'project_id': 'b5c1c1ec062e40c6b0f1bc69182a753a'}
2025-02-07 16:19:33.656 62948 INFO tempest.lib.common.rest_client [req-a31c23cf-82cf-4525-bc45-a283ab0d504e req-a31c23cf-82cf-4525-bc45-a283ab0d504e ] Request (SecurityGroupsTestJSON:test_list_security_groups_by_server): 201 POST http://10.180.1.21/identity/v3/auth/tokens 0.045s
2025-02-07 16:19:33.657 62948 INFO tempest.lib.common.fixed_network [-] (SecurityGroupsTestJSON:test_list_security_groups_by_server) Found network {'id': '09dd9d04-81ab-4089-905f-55dad5283303', 'name': 'tempest-SecurityGroupsTestJSON-1387521885-network', 'tenant_id': 'af50c7a965184690ab4c426a9cf6a3d2', 'admin_state_up': True, 'mtu': 8950, 'status': 'ACTIVE', 'subnets': [], 'shared': False, 'project_id': 'af50c7a965184690ab4c426a9cf6a3d2', 'port_security_enabled': True, 'router:external': False, 'provider:network_type': 'vlan', 'provider:physical_network': 'default', 'provider:segmentation_id': 371, 'availability_zone_hints': [], 'availability_zones': [], 'ipv4_address_scope': None, 'ipv6_address_scope': None, 'description': '', 'tags': [], 'created_at': '2025-02-07T16:19:27Z', 'updated_at': '2025-02-07T16:19:27Z', 'revision_number': 1} available for tenant
2025-02-07 16:19:33.738 62966 INFO tempest.lib.common.rest_client [req-43e862e7-488b-4429-90f9-41c97209afb0 req-43e862e7-488b-4429-90f9-41c97209afb0 ] Request (ServerPasswordTestJSON:setUpClass): 201 POST http://10.180.1.21/identity/v3/auth/tokens 0.109s
2025-02-07 16:19:33.755 62934 INFO tempest.lib.common.rest_client [req-bfa7e165-65af-46f7-9e0f-06b2b6ba5819 req-bfa7e165-65af-46f7-9e0f-06b2b6ba5819 ] Request (ListImageFiltersTestJSON:setUpClass): 200 GET http://10.180.1.21/compute/v2.1/servers/66f5454a-bc99-4b92-9a74-ef81b3a0c673 1.206s
2025-02-07 16:19:33.765 62950 INFO tempest.lib.common.rest_client [req-6e6e60da-0371-4808-923f-7d59843397ca req-6e6e60da-0371-4808-923f-7d59843397ca ] Request (SecurityGroupsTestAdminJSON:_run_cleanups): 202 DELETE http://10.180.1.21/compute/v2.1/os-security-groups/6eb1f18d-8d4f-434c-ba65-886f1d50883e 1.258s
2025-02-07 16:19:33.810 62966 INFO tempest.lib.common.rest_client [req-bdb1a1fb-49f4-4d8f-89e1-47cc3a4de8e5 req-bdb1a1fb-49f4-4d8f-89e1-47cc3a4de8e5 ] Request (ServerPasswordTestJSON:setUpClass): 201 POST http://10.180.1.21/identity/v3/auth/tokens 0.064s
2025-02-07 16:19:33.810 62966 INFO tempest.lib.common.fixed_network [-] (ServerPasswordTestJSON:setUpClass) Found network {'id': 'b2e84863-65bd-47f3-91f5-5c2f291a3aad', 'name': 'tempest-ServerPasswordTestJSON-963144069-network', 'tenant_id': 'b5c1c1ec062e40c6b0f1bc69182a753a', 'admin_state_up': True, 'mtu': 8950, 'status': 'ACTIVE', 'subnets': [], 'shared': False, 'project_id': 'b5c1c1ec062e40c6b0f1bc69182a753a', 'port_security_enabled': True, 'router:external': False, 'provider:network_type': 'vlan', 'provider:physical_network': 'default', 'provider:segmentation_id': 58, 'availability_zone_hints': [], 'availability_zones': [], 'ipv4_address_scope': None, 'ipv6_address_scope': None, 'description': '', 'tags': [], 'created_at': '2025-02-07T16:19:29Z', 'updated_at': '2025-02-07T16:19:30Z', 'revision_number': 1} available for tenant
2025-02-07 16:19:33.848 62976 INFO tempest.lib.common.rest_client [req-772615ae-7cf8-4936-8afe-2e92a7234663 req-772615ae-7cf8-4936-8afe-2e92a7234663 ] Request (ServerDiagnosticsNegativeTest:tearDownClass): 200 GET http://10.180.1.21/compute/v2.1/servers/916ab81b-1461-464f-8194-1fe0d9a9216e 1.205s
2025-02-07 16:19:33.858 62976 INFO tempest.common.waiters [-] State transition "ACTIVE/deleting" ==> "DELETED/None" after 4 second wait
2025-02-07 16:19:33.863 62952 INFO tempest.lib.common.rest_client [req-da00a808-6238-47e8-8c85-56db4723fd83 req-da00a808-6238-47e8-8c85-56db4723fd83 ] Request (ServersListShow296Test:test_list_show_server_296): 200 GET http://10.180.1.21/compute/v2.1/servers/4798fbfc-d4bc-44d5-afb8-744fc375b9cf 1.043s
2025-02-07 16:19:33.932 62936 INFO tempest.lib.common.rest_client [req-013333d2-7173-4414-947f-84294ccf6f1e req-013333d2-7173-4414-947f-84294ccf6f1e ] Request (ServerDiskConfigTestJSON:test_rebuild_server_with_auto_disk_config): 200 GET http://10.180.1.21/compute/v2.1/servers/bc813c11-8b43-4ca5-bfdf-832e02f020d9 1.054s
2025-02-07 16:19:34.002 62988 INFO tempest.lib.common.rest_client [req-0eadf2df-5b2d-4f04-8ca6-94dc513dde41 req-0eadf2df-5b2d-4f04-8ca6-94dc513dde41 ] Request (FloatingIPsAssociationTestJSON:test_associate_already_associated_floating_ip): 200 GET http://10.180.1.21/compute/v2.1/servers/863bc2da-9167-470b-a426-f898e8bbe187 1.100s
2025-02-07 16:19:34.022 62964 INFO tempest.lib.common.rest_client [req-6c01e8c4-220d-4408-8fc6-4611cee5893a req-6c01e8c4-220d-4408-8fc6-4611cee5893a ] Request (ServerAddressesTestJSON:setUpClass): 200 GET http://10.180.1.21/compute/v2.1/servers/a8f3bc32-e3ce-4a46-8f09-e087a9597335 1.195s
2025-02-07 16:19:34.031 62964 INFO tempest.common.waiters [-] State transition "BUILD/spawning" ==> "ACTIVE/None" after 40 second wait
2025-02-07 16:19:34.063 62992 INFO tempest.lib.common.rest_client [req-a3973195-0d26-4034-8742-7dff53ae9eae req-a3973195-0d26-4034-8742-7dff53ae9eae ] Request (ImagesTestJSON:test_create_image_from_suspended_server): 200 GET http://10.180.1.21/compute/v2.1/servers/3d8f298d-a597-4e2a-af07-0046d0bbd22a 1.103s
2025-02-07 16:19:34.075 62968 INFO tempest.lib.common.rest_client [req-0b5e9b20-4737-458d-b55d-155e0a4594f8 req-0b5e9b20-4737-458d-b55d-155e0a4594f8 ] Request (ServerActionsTestJSON:setUpClass): 200 GET http://10.180.1.21/compute/v2.1/servers/51049d09-cb97-42a9-aa48-b9375cf7c7eb 1.101s
2025-02-07 16:19:34.113 62970 INFO tempest.lib.common.rest_client [req-2feaa3e9-0260-4d61-ac87-d7cb001af08a req-2feaa3e9-0260-4d61-ac87-d7cb001af08a ] Request (AttachVolumeShelveTestJSON:test_attach_volume_shelved_or_offload_server): 200 GET http://10.180.1.21/compute/v2.1/servers/20c560c8-551e-476c-b26a-45e5d9770dce 1.070s
2025-02-07 16:19:34.137 62982 INFO tempest.lib.common.rest_client [req-660520ce-b6ef-4743-b00b-31cf792e1df2 req-660520ce-b6ef-4743-b00b-31cf792e1df2 ] Request (DeleteServersAdminTestJSON:test_delete_server_while_in_error_state): 200 GET http://10.180.1.21/compute/v2.1/servers/027d839d-93e5-45e1-aac3-6936b4c29795 1.064s
2025-02-07 16:19:34.167 62980 INFO tempest.lib.common.rest_client [req-c95910a4-d7e7-40de-b50c-7aff74bcf70d req-c95910a4-d7e7-40de-b50c-7aff74bcf70d ] Request (ServersV294TestFqdnHostnames:setUpClass): 200 GET http://10.180.1.21/compute/v2.1/servers/c1c90088-c0e8-43b8-83e0-7a29dc83790e 1.049s
2025-02-07 16:19:34.191 62990 INFO tempest.lib.common.rest_client [req-a7851a00-280d-4848-aab6-a97df3ba2992 req-a7851a00-280d-4848-aab6-a97df3ba2992 ] Request (FlavorsAdminTestJSON:_run_cleanups): 200 GET http://10.180.1.21/compute/v2.1/flavors/detail 1.013s
2025-02-07 16:19:34.195 62978 INFO tempest.lib.common.rest_client [req-e1a4bc73-1339-42ba-b79b-64889a64d69c req-e1a4bc73-1339-42ba-b79b-64889a64d69c ] Request (ServerAddressesNegativeTestJSON:setUpClass): 200 GET http://10.180.1.21/compute/v2.1/servers/c316241e-bdb6-4f77-8e3b-277a6bb2f6ce 1.036s
2025-02-07 16:19:34.251 62962 INFO tempest.lib.common.rest_client [req-c24b6bc8-88dc-44b9-8a20-e8c25c4d4a0f req-c24b6bc8-88dc-44b9-8a20-e8c25c4d4a0f ] Request (ServersAdmin275Test:_run_cleanups): 200 GET http://10.180.1.21/compute/v2.1/servers/f3d3bf6b-7561-4084-b363-01368aa28a0a 1.064s
2025-02-07 16:19:34.261 62940 INFO tempest.lib.common.rest_client [req-264198b9-4f85-4a33-b25a-a1edb531d6b2 req-264198b9-4f85-4a33-b25a-a1edb531d6b2 ] Request (ServerExternalEventsTest:tearDownClass): 200 GET http://10.180.1.21/compute/v2.1/servers/76de7063-a5a3-4f98-9057-14fce25e3371 1.020s
2025-02-07 16:19:34.314 62974 INFO tempest.lib.common.rest_client [req-466d55cc-dfd5-4149-b85e-e19761d84801 req-466d55cc-dfd5-4149-b85e-e19761d84801 ] Request (ListServerFiltersTestJSON:setUpClass): 200 GET http://10.180.1.21/compute/v2.1/servers/c24bad45-17ef-4e2b-805f-e5fd0ac8bca4 1.023s
2025-02-07 16:19:34.377 62956 INFO tempest.lib.common.rest_client [req-124e374e-440f-40ff-9478-1f38695c1bf1 req-124e374e-440f-40ff-9478-1f38695c1bf1 ] Request (TenantUsagesTestJSON:setUpClass): 200 GET http://10.180.1.21/compute/v2.1/servers/7a8bcdaf-4a30-4118-8260-22fb84ed89f3 0.883s
2025-02-07 16:19:34.427 62938 INFO tempest.lib.common.rest_client [req-8adec33b-314f-4638-a484-8b54d01a7a85 req-8adec33b-314f-4638-a484-8b54d01a7a85 ] Request (MigrationsAdminTest:test_list_migrations_in_flavor_resize_situation): 200 GET http://10.180.1.21/compute/v2.1/servers/7b61b38f-3e03-41f5-8d94-f56ec29e416a 1.000s
2025-02-07 16:19:34.434 62938 INFO tempest.common.waiters [-] State transition "RESIZE/resize_migrating" ==> "RESIZE/resize_migrated" after 32 second wait
2025-02-07 16:19:34.437 62932 INFO tempest.lib.common.rest_client [req-12c9da81-f89e-460b-86ed-df26bc55ff31 req-12c9da81-f89e-460b-86ed-df26bc55ff31 ] Request (ServerRescueNegativeTestJSON:setUpClass): 200 GET http://10.180.1.21/compute/v2.1/servers/c771cbc2-e440-4c40-afea-0476d16f5328 0.884s
2025-02-07 16:19:34.495 62954 INFO tempest.lib.common.rest_client [req-142a5381-e160-4fff-bd9b-8faf15b125b2 req-142a5381-e160-4fff-bd9b-8faf15b125b2 ] Request (ImagesOneServerTestJSON:setUpClass): 200 GET http://10.180.1.21/compute/v2.1/servers/6e2ca819-ef07-44fd-ad79-f9aaca72d1e2 0.878s
2025-02-07 16:19:34.504 62954 INFO tempest.common.waiters [-] State transition "BUILD/scheduling" ==> "BUILD/None" after 20 second wait
2025-02-07 16:19:34.536 62986 INFO tempest.lib.common.rest_client [req-fa86143c-f2de-49de-8d56-2d7c967bac1e req-fa86143c-f2de-49de-8d56-2d7c967bac1e ] Request (ListServersNegativeTestJSON:setUpClass): 200 GET http://10.180.1.21/compute/v2.1/servers 0.921s
2025-02-07 16:19:34.662 62950 INFO tempest.lib.common.rest_client [req-1284d137-fe54-479d-a75c-ebafec917362 req-1284d137-fe54-479d-a75c-ebafec917362 ] Request (SecurityGroupsTestAdminJSON:_run_cleanups): 202 DELETE http://10.180.1.21/compute/v2.1/os-security-groups/720d1195-4a41-4bf6-aa8b-608056e0ee09 0.897s
2025-02-07 16:19:34.794 62950 INFO tempest.lib.common.rest_client [req-b24ed8e3-63c6-48e9-bd9a-29c9ffc62b6a req-b24ed8e3-63c6-48e9-bd9a-29c9ffc62b6a ] Request (SecurityGroupsTestAdminJSON:tearDownClass): 204 DELETE http://10.180.1.21/identity/v3/users/04a481aaa7304953998f8389418f298d 0.130s
2025-02-07 16:19:34.832 62948 INFO tempest.lib.common.rest_client [req-8b0b8f3b-d3f1-46d9-a34b-980d19675280 req-8b0b8f3b-d3f1-46d9-a34b-980d19675280 ] Request (SecurityGroupsTestJSON:test_list_security_groups_by_server): 202 POST http://10.180.1.21/compute/v2.1/servers 1.174s
2025-02-07 16:19:34.956 62950 INFO tempest.lib.common.rest_client [req-eb5de454-a4a4-4d57-94ab-18fa3e87796e req-eb5de454-a4a4-4d57-94ab-18fa3e87796e ] Request (SecurityGroupsTestAdminJSON:tearDownClass): 204 DELETE http://10.180.1.21/identity/v3/users/b7b814a69d8e44448c8621a5abc9092b 0.162s
2025-02-07 16:19:34.957 62950 INFO tempest.lib.common.dynamic_creds [-] Deleting project and security group for project: 092ba2a8d8b144b9b93958da46289699
2025-02-07 16:19:35.068 62950 INFO tempest.lib.common.rest_client [req-a86ad6d9-5aac-49eb-baf0-92929904c7fa req-a86ad6d9-5aac-49eb-baf0-92929904c7fa ] Request (SecurityGroupsTestAdminJSON:tearDownClass): 201 POST http://10.180.1.21/identity/v3/auth/tokens 0.110s
2025-02-07 16:19:35.141 62952 INFO tempest.lib.common.rest_client [req-e7e2c5d5-f1d0-4642-a19b-0d9ed4ac9ae3 req-e7e2c5d5-f1d0-4642-a19b-0d9ed4ac9ae3 ] Request (ServersListShow296Test:tearDownClass): 204 DELETE http://10.180.1.21/compute/v2.1/servers/4798fbfc-d4bc-44d5-afb8-744fc375b9cf 1.258s
2025-02-07 16:19:35.154 62966 INFO tempest.lib.common.rest_client [req-d90cb7f2-78d6-4656-864c-36d870888747 req-d90cb7f2-78d6-4656-864c-36d870888747 ] Request (ServerPasswordTestJSON:setUpClass): 202 POST http://10.180.1.21/compute/v2.1/servers 1.343s
2025-02-07 16:19:35.222 62930 INFO tempest.lib.common.rest_client [req-30dd395f-5ecb-4287-a6b6-fa2349ff63e7 req-30dd395f-5ecb-4287-a6b6-fa2349ff63e7 ] Request (ServersAdminTestJSON:test_create_server_with_scheduling_hint): 200 GET http://10.180.1.21/compute/v2.1/servers/3f036c4b-0b5b-49e8-89cd-4e63e9c80d65 1.317s
2025-02-07 16:19:35.225 62942 INFO tempest.lib.common.rest_client [req-e83cf88c-bc3e-401c-8b40-361ab25a84b2 req-e83cf88c-bc3e-401c-8b40-361ab25a84b2 ] Request (AttachVolumeNegativeTest:test_attach_attached_volume_to_different_server): 200 GET http://10.180.1.21/compute/v2.1/servers/f54a3315-6dde-4807-84cc-413afe64f178 1.211s
2025-02-07 16:19:35.226 62950 INFO tempest.lib.common.rest_client [req-8c3a8bb6-b5c7-406b-9372-afba89e35428 req-8c3a8bb6-b5c7-406b-9372-afba89e35428 ] Request (SecurityGroupsTestAdminJSON:tearDownClass): 200 GET http://10.180.1.21:9696/networking/v2.0/security-groups?tenant_id=092ba2a8d8b144b9b93958da46289699&name=default 0.158s
2025-02-07 16:19:35.248 62964 INFO tempest.lib.common.rest_client [req-9bbecf93-fce1-4a79-bdaa-1f698ef76524 req-9bbecf93-fce1-4a79-bdaa-1f698ef76524 ] Request (ServerAddressesTestJSON:test_list_server_addresses): 200 GET http://10.180.1.21/compute/v2.1/servers/a8f3bc32-e3ce-4a46-8f09-e087a9597335/ips 1.216s
2025-02-07 16:19:35.273 62990 INFO tempest.lib.common.rest_client [req-91286ce5-17de-4f15-a602-420139e3cfaa req-91286ce5-17de-4f15-a602-420139e3cfaa ] Request (FlavorsAdminTestJSON:test_list_public_flavor_with_other_user): 200 POST http://10.180.1.21/compute/v2.1/flavors 1.072s
2025-02-07 16:19:35.332 62944 INFO tempest.lib.common.rest_client [req-182be9c6-694f-4379-8c93-b83e0cdd32f8 req-182be9c6-694f-4379-8c93-b83e0cdd32f8 ] Request (ServerDiagnosticsTest:tearDownClass): 200 GET http://10.180.1.21/compute/v2.1/servers/33b468d7-3682-49cb-a4ad-1610abc8e2cb 1.064s
2025-02-07 16:19:35.394 62986 INFO tempest.lib.common.rest_client [req-eafcbbad-aaa9-47a2-ac2e-fc103737c740 req-eafcbbad-aaa9-47a2-ac2e-fc103737c740 ] Request (ListServersNegativeTestJSON:setUpClass): 200 GET http://10.180.1.21/compute/v2.1/servers/8cf78384-7e0f-4a97-a030-1e51f123f086 0.856s
2025-02-07 16:19:35.446 62950 INFO tempest.lib.common.rest_client [req-c4a0e5c6-46a0-469f-9c74-dcb0d6b7fdd3 req-c4a0e5c6-46a0-469f-9c74-dcb0d6b7fdd3 ] Request (SecurityGroupsTestAdminJSON:tearDownClass): 204 DELETE http://10.180.1.21:9696/networking/v2.0/security-groups/1ec32e41-bcc0-404c-a211-89b44fe7f9c3 0.219s
2025-02-07 16:19:35.461 62946 INFO tempest.lib.common.rest_client [req-762b428e-d4e7-4bc2-a69c-eba8cf5147d1 req-762b428e-d4e7-4bc2-a69c-eba8cf5147d1 ] Request (AttachInterfacesTestJSON:test_create_list_show_delete_interfaces_by_fixed_ip): 200 GET http://10.180.1.21/compute/v2.1/servers/cc523733-d9ab-4337-bf4f-59c94fa1484b 1.033s
2025-02-07 16:19:35.475 62946 INFO tempest.common.waiters [-] State transition "BUILD/block_device_mapping" ==> "BUILD/spawning" after 32 second wait
2025-02-07 16:19:35.499 62934 INFO tempest.lib.common.rest_client [req-43291093-5c43-4f2e-860d-cddba7929971 req-43291093-5c43-4f2e-860d-cddba7929971 ] Request (ListImageFiltersTestJSON:setUpClass): 200 GET http://10.180.1.21/compute/v2.1/servers/66f5454a-bc99-4b92-9a74-ef81b3a0c673 0.727s
2025-02-07 16:19:35.515 62948 INFO tempest.lib.common.rest_client [req-0b36fa2d-96e2-4ca4-8472-b6c6fa9ecad3 req-0b36fa2d-96e2-4ca4-8472-b6c6fa9ecad3 ] Request (SecurityGroupsTestJSON:test_list_security_groups_by_server): 200 GET http://10.180.1.21/compute/v2.1/servers/966100c4-9633-4d98-a860-578dc2253d7b 0.681s
2025-02-07 16:19:35.525 62950 INFO tempest.lib.common.rest_client [req-390044e0-c360-4649-812b-9dcdf1e63110 req-390044e0-c360-4649-812b-9dcdf1e63110 ] Request (SecurityGroupsTestAdminJSON:tearDownClass): 204 DELETE http://10.180.1.21/identity/v3/projects/092ba2a8d8b144b9b93958da46289699 0.078s
2025-02-07 16:19:35.525 62950 INFO tempest.lib.common.dynamic_creds [-] Deleting project and security group for project: f40fdb03f0c54c9cabd37ad4688d4693
2025-02-07 16:19:35.563 62936 INFO tempest.lib.common.rest_client [req-3aa92c99-635a-4d86-8cc6-919cae188e52 req-3aa92c99-635a-4d86-8cc6-919cae188e52 ] Request (ServerDiskConfigTestJSON:test_rebuild_server_with_auto_disk_config): 200 GET http://10.180.1.21/compute/v2.1/servers/bc813c11-8b43-4ca5-bfdf-832e02f020d9 0.619s
2025-02-07 16:19:35.583 62976 INFO tempest.lib.common.rest_client [req-48194987-2e6b-416e-9cdb-92374425884d req-48194987-2e6b-416e-9cdb-92374425884d ] Request (ServerDiagnosticsNegativeTest:tearDownClass): 200 GET http://10.180.1.21/compute/v2.1/servers/916ab81b-1461-464f-8194-1fe0d9a9216e 0.724s
2025-02-07 16:19:35.600 62950 INFO tempest.lib.common.rest_client [req-0219b6d8-fea6-4a58-be0e-616b3bdf4a69 req-0219b6d8-fea6-4a58-be0e-616b3bdf4a69 ] Request (SecurityGroupsTestAdminJSON:tearDownClass): 200 GET http://10.180.1.21:9696/networking/v2.0/security-groups?tenant_id=f40fdb03f0c54c9cabd37ad4688d4693&name=default 0.074s
2025-02-07 16:19:35.616 62988 INFO tempest.lib.common.rest_client [req-c93e9732-6658-4ab6-89a3-bc52e3cd5832 req-c93e9732-6658-4ab6-89a3-bc52e3cd5832 ] Request (FloatingIPsAssociationTestJSON:test_associate_already_associated_floating_ip): 200 GET http://10.180.1.21/compute/v2.1/servers/863bc2da-9167-470b-a426-f898e8bbe187 0.603s
2025-02-07 16:19:35.653 62992 INFO tempest.lib.common.rest_client [req-1aecff12-6929-4fff-b803-f886365b443f req-1aecff12-6929-4fff-b803-f886365b443f ] Request (ImagesTestJSON:test_create_image_from_suspended_server): 200 GET http://10.180.1.21/compute/v2.1/servers/3d8f298d-a597-4e2a-af07-0046d0bbd22a 0.579s
2025-02-07 16:19:35.666 62968 INFO tempest.lib.common.rest_client [req-535bbff4-395f-4021-a2fe-0a0901b47d8d req-535bbff4-395f-4021-a2fe-0a0901b47d8d ] Request (ServerActionsTestJSON:setUpClass): 200 GET http://10.180.1.21/compute/v2.1/servers/51049d09-cb97-42a9-aa48-b9375cf7c7eb 0.582s
2025-02-07 16:19:35.685 62952 INFO tempest.lib.common.rest_client [req-127b84d5-4b7a-4fb5-a13b-fbfe587ed4c7 req-127b84d5-4b7a-4fb5-a13b-fbfe587ed4c7 ] Request (ServersListShow296Test:tearDownClass): 404 GET http://10.180.1.21/compute/v2.1/servers/4798fbfc-d4bc-44d5-afb8-744fc375b9cf 0.544s
2025-02-07 16:19:35.730 62970 INFO tempest.lib.common.rest_client [req-df32ee73-9e75-471c-aa43-f21fb42c62ea req-df32ee73-9e75-471c-aa43-f21fb42c62ea ] Request (AttachVolumeShelveTestJSON:test_attach_volume_shelved_or_offload_server): 200 GET http://10.180.1.21/compute/v2.1/servers/20c560c8-551e-476c-b26a-45e5d9770dce 0.602s
2025-02-07 16:19:35.741 62982 INFO tempest.lib.common.rest_client [req-cff9c589-0c76-45ce-b6ab-5dbbe2bdcc08 req-cff9c589-0c76-45ce-b6ab-5dbbe2bdcc08 ] Request (DeleteServersAdminTestJSON:test_delete_server_while_in_error_state): 200 GET http://10.180.1.21/compute/v2.1/servers/027d839d-93e5-45e1-aac3-6936b4c29795 0.591s
2025-02-07 16:19:35.787 62966 INFO tempest.lib.common.rest_client [req-81d29749-fd49-4f89-bbac-253e25e21340 req-81d29749-fd49-4f89-bbac-253e25e21340 ] Request (ServerPasswordTestJSON:setUpClass): 200 GET http://10.180.1.21/compute/v2.1/servers/fdb3277a-e02d-4150-9980-ba907497b2dc 0.631s
2025-02-07 16:19:35.788 62950 INFO tempest.lib.common.rest_client [req-7a1545b5-9371-426c-bfb8-9f4e224b87c1 req-7a1545b5-9371-426c-bfb8-9f4e224b87c1 ] Request (SecurityGroupsTestAdminJSON:tearDownClass): 204 DELETE http://10.180.1.21:9696/networking/v2.0/security-groups/c125e3a8-79b2-471c-8e97-ed89f6a76e57 0.188s
2025-02-07 16:19:35.837 62952 INFO tempest.lib.common.rest_client [req-3803a3b6-9cdb-437a-b5f9-3697ac6102e3 req-3803a3b6-9cdb-437a-b5f9-3697ac6102e3 ] Request (ServersListShow296Test:tearDownClass): 204 DELETE http://10.180.1.21/identity/v3/users/f22e9eb403f542feb94b07483b785e3a 0.151s
2025-02-07 16:19:35.837 62952 INFO tempest.lib.common.dynamic_creds [-] Deleting project and security group for project: 387e54665cec4f17924c04d22279fb20
2025-02-07 16:19:35.843 62978 INFO tempest.lib.common.rest_client [req-68814e6c-ec7b-49bc-a6e1-b118a26fdff9 req-68814e6c-ec7b-49bc-a6e1-b118a26fdff9 ] Request (ServerAddressesNegativeTestJSON:setUpClass): 200 GET http://10.180.1.21/compute/v2.1/servers/c316241e-bdb6-4f77-8e3b-277a6bb2f6ce 0.635s
2025-02-07 16:19:35.869 62964 INFO tempest.lib.common.rest_client [req-bbca742c-75da-4abf-9fb2-563f07bd4d3a req-bbca742c-75da-4abf-9fb2-563f07bd4d3a ] Request (ServerAddressesTestJSON:test_list_server_addresses_by_network): 200 GET http://10.180.1.21/compute/v2.1/servers/a8f3bc32-e3ce-4a46-8f09-e087a9597335/ips 0.617s
2025-02-07 16:19:35.899 62950 INFO tempest.lib.common.rest_client [req-7e243922-1d5e-489f-b516-50d46d11f68d req-7e243922-1d5e-489f-b516-50d46d11f68d ] Request (SecurityGroupsTestAdminJSON:tearDownClass): 204 DELETE http://10.180.1.21/identity/v3/projects/f40fdb03f0c54c9cabd37ad4688d4693 0.109s
2025-02-07 16:19:35.900 62950 INFO tempest.test [-] raised in ServersOnMultiNodesTest.setUpClass. Invoking tearDownClass.
2025-02-07 16:19:35.903 62952 INFO tempest.lib.common.rest_client [req-6beb5088-ef25-4b5d-9c6d-ed01397b3ac4 req-6beb5088-ef25-4b5d-9c6d-ed01397b3ac4 ] Request (ServersListShow296Test:tearDownClass): 201 POST http://10.180.1.21/identity/v3/auth/tokens 0.066s
2025-02-07 16:19:35.976 62962 INFO tempest.lib.common.rest_client [req-f33e89d9-60af-4e46-b760-9b2d18ef5931 req-f33e89d9-60af-4e46-b760-9b2d18ef5931 ] Request (ServersAdmin275Test:_run_cleanups): 200 GET http://10.180.1.21/compute/v2.1/servers/f3d3bf6b-7561-4084-b363-01368aa28a0a 0.711s
2025-02-07 16:19:35.980 62950 INFO tempest.lib.common.rest_client [req-7573e560-d738-43d6-847e-4e0352c141d1 req-7573e560-d738-43d6-847e-4e0352c141d1 ] Request (AttachInterfacesUnderV243Test:setUpClass): 201 POST http://10.180.1.21/identity/v3/auth/tokens 0.076s
2025-02-07 16:19:36.017 62950 INFO tempest.lib.common.rest_client [req-0d67d81e-9b33-43ef-8b99-d9e9c16c06bf req-0d67d81e-9b33-43ef-8b99-d9e9c16c06bf ] Request (AttachInterfacesUnderV243Test:setUpClass): 201 POST http://10.180.1.21/identity/v3/auth/tokens 0.033s
2025-02-07 16:19:36.043 62950 INFO tempest.lib.common.rest_client [req-e958cee5-43ff-4477-bb58-d9864324e3dc req-e958cee5-43ff-4477-bb58-d9864324e3dc ] Request (AttachInterfacesUnderV243Test:setUpClass): 200 GET http://10.180.1.21/identity/v3/domains?name=Default 0.025s
2025-02-07 16:19:36.077 62940 INFO tempest.lib.common.rest_client [req-313b4894-69ec-4409-a83f-a4784d79ecdf req-313b4894-69ec-4409-a83f-a4784d79ecdf ] Request (ServerExternalEventsTest:tearDownClass): 200 GET http://10.180.1.21/compute/v2.1/servers/76de7063-a5a3-4f98-9057-14fce25e3371 0.809s
2025-02-07 16:19:36.082 62950 INFO tempest.lib.common.rest_client [req-cd980191-180f-45c5-94af-913bb1bb1549 req-cd980191-180f-45c5-94af-913bb1bb1549 ] Request (AttachInterfacesUnderV243Test:setUpClass): 201 POST http://10.180.1.21/identity/v3/projects 0.039s
2025-02-07 16:19:36.084 62980 INFO tempest.lib.common.rest_client [req-b61c45a8-9908-4b2d-9ca1-45e69420120e req-b61c45a8-9908-4b2d-9ca1-45e69420120e ] Request (ServersV294TestFqdnHostnames:setUpClass): 200 GET http://10.180.1.21/compute/v2.1/servers/c1c90088-c0e8-43b8-83e0-7a29dc83790e 0.902s
2025-02-07 16:19:36.120 62990 INFO tempest.lib.common.rest_client [req-a6af7a0e-b18f-4fe9-8f19-133b4386cc7c req-a6af7a0e-b18f-4fe9-8f19-133b4386cc7c ] Request (FlavorsAdminTestJSON:test_list_public_flavor_with_other_user): 200 GET http://10.180.1.21/compute/v2.1/flavors/detail 0.844s
2025-02-07 16:19:36.143 62974 INFO tempest.lib.common.rest_client [req-0e113751-fabb-4648-bbc2-59ac1d7c0760 req-0e113751-fabb-4648-bbc2-59ac1d7c0760 ] Request (ListServerFiltersTestJSON:setUpClass): 200 GET http://10.180.1.21/compute/v2.1/servers/c24bad45-17ef-4e2b-805f-e5fd0ac8bca4 0.819s
2025-02-07 16:19:36.156 62950 INFO tempest.lib.common.rest_client [req-9e37be41-8fa0-4630-817d-7137e95d86a8 req-9e37be41-8fa0-4630-817d-7137e95d86a8 ] Request (AttachInterfacesUnderV243Test:setUpClass): 201 POST http://10.180.1.21/identity/v3/users 0.074s
2025-02-07 16:19:36.174 62952 INFO tempest.lib.common.rest_client [req-8c9333bc-d6fe-4b75-a58f-56587ff22ecb req-8c9333bc-d6fe-4b75-a58f-56587ff22ecb ] Request (ServersListShow296Test:tearDownClass): 200 GET http://10.180.1.21:9696/networking/v2.0/security-groups?tenant_id=387e54665cec4f17924c04d22279fb20&name=default 0.271s
2025-02-07 16:19:36.182 62956 INFO tempest.lib.common.rest_client [req-09501756-a2a5-4e2b-b34a-9933b3fc7ce5 req-09501756-a2a5-4e2b-b34a-9933b3fc7ce5 ] Request (TenantUsagesTestJSON:setUpClass): 200 GET http://10.180.1.21/compute/v2.1/servers/7a8bcdaf-4a30-4118-8260-22fb84ed89f3 0.795s
2025-02-07 16:19:36.189 62950 INFO tempest.lib.common.rest_client [req-2c5d4671-3ffa-488a-b837-5e8e4b73fb46 req-2c5d4671-3ffa-488a-b837-5e8e4b73fb46 ] Request (AttachInterfacesUnderV243Test:setUpClass): 200 GET http://10.180.1.21/identity/v3/roles 0.032s
2025-02-07 16:19:36.218 62950 INFO tempest.lib.common.rest_client [req-8fcb5914-1614-48e5-9fed-481319c8f761 req-8fcb5914-1614-48e5-9fed-481319c8f761 ] Request (AttachInterfacesUnderV243Test:setUpClass): 204 PUT http://10.180.1.21/identity/v3/projects/01ada96215684616b43bede7c6ed8ebe/users/ac22f078b5304282804ecdd82c1fa7f2/roles/7db651e6d73342dfba9ddea8ab57506a 0.029s
2025-02-07 16:19:36.219 62950 INFO tempest.lib.common.dynamic_creds [-] Dynamic test user ac22f078b5304282804ecdd82c1fa7f2 is created with scope project and roles: ['member']
2025-02-07 16:19:36.219 62950 INFO tempest.lib.common.dynamic_creds [-] Acquired dynamic creds: credentials: Credentials: {'domain_id': 'default', 'domain_name': 'Default', 'username': 'tempest-AttachInterfacesUnderV243Test-707631780-project-member', 'project_domain_id': 'default', 'project_domain_name': 'Default', 'project_id': '01ada96215684616b43bede7c6ed8ebe', 'project_name': 'tempest-AttachInterfacesUnderV243Test-707631780', 'tenant_id': '01ada96215684616b43bede7c6ed8ebe', 'tenant_name': 'tempest-AttachInterfacesUnderV243Test-707631780', 'user_domain_id': 'default', 'user_domain_name': 'Default', 'user_id': 'ac22f078b5304282804ecdd82c1fa7f2', 'system': None}, Network: None, Subnet: None, Router: None
2025-02-07 16:19:36.235 62932 INFO tempest.lib.common.rest_client [req-aeb69800-d66a-4af7-8e50-97e16236b651 req-aeb69800-d66a-4af7-8e50-97e16236b651 ] Request (ServerRescueNegativeTestJSON:setUpClass): 200 GET http://10.180.1.21/compute/v2.1/servers/c771cbc2-e440-4c40-afea-0476d16f5328 0.791s
2025-02-07 16:19:36.284 62950 INFO tempest.lib.common.rest_client [req-960f9451-f709-4092-a373-2f5d005d9a38 req-960f9451-f709-4092-a373-2f5d005d9a38 ] Request (AttachInterfacesUnderV243Test:setUpClass): 201 POST http://10.180.1.21/identity/v3/auth/tokens 0.065s
2025-02-07 16:19:36.286 62952 INFO tempest.lib.common.rest_client [req-d026fbcb-2ba9-43b8-b668-321fdb0fb2cf req-d026fbcb-2ba9-43b8-b668-321fdb0fb2cf ] Request (ServersListShow296Test:tearDownClass): 204 DELETE http://10.180.1.21:9696/networking/v2.0/security-groups/bd524018-e17d-4120-841b-7ebe390ab9b4 0.111s
2025-02-07 16:19:36.297 62954 INFO tempest.lib.common.rest_client [req-d2d8cca7-7d93-4387-b554-b36ad6e5d420 req-d2d8cca7-7d93-4387-b554-b36ad6e5d420 ] Request (ImagesOneServerTestJSON:setUpClass): 200 GET http://10.180.1.21/compute/v2.1/servers/6e2ca819-ef07-44fd-ad79-f9aaca72d1e2 0.792s
2025-02-07 16:19:36.319 62964 INFO tempest.lib.common.rest_client [req-ea741660-1069-45d1-8229-a72bc7fd317d req-ea741660-1069-45d1-8229-a72bc7fd317d ] Request (ServerAddressesTestJSON:test_list_server_addresses_by_network): 200 GET http://10.180.1.21/compute/v2.1/servers/a8f3bc32-e3ce-4a46-8f09-e087a9597335/ips/tempest-ServerAddressesTestJSON-1246757812-network 0.449s
2025-02-07 16:19:36.336 62990 INFO tempest.lib.common.rest_client [req-2cde3dfc-4c15-4365-ba5e-aedd0423dbc6 req-2cde3dfc-4c15-4365-ba5e-aedd0423dbc6 ] Request (FlavorsAdminTestJSON:_run_cleanups): 202 DELETE http://10.180.1.21/compute/v2.1/flavors/716798083 0.211s
2025-02-07 16:19:36.364 62952 INFO tempest.lib.common.rest_client [req-82a3b528-10d0-4eb1-893c-0e45027c2213 req-82a3b528-10d0-4eb1-893c-0e45027c2213 ] Request (ServersListShow296Test:tearDownClass): 204 DELETE http://10.180.1.21/identity/v3/projects/387e54665cec4f17924c04d22279fb20 0.078s
2025-02-07 16:19:36.379 62938 INFO tempest.lib.common.rest_client [req-4a6df844-4457-487d-a54f-257d74f030f8 req-4a6df844-4457-487d-a54f-257d74f030f8 ] Request (MigrationsAdminTest:test_list_migrations_in_flavor_resize_situation): 200 GET http://10.180.1.21/compute/v2.1/servers/7b61b38f-3e03-41f5-8d94-f56ec29e416a 0.944s
2025-02-07 16:19:36.386 62930 INFO tempest.lib.common.rest_client [req-3b5d4b75-7967-4333-bd2d-bbe4ee6fdda7 req-3b5d4b75-7967-4333-bd2d-bbe4ee6fdda7 ] Request (ServersAdminTestJSON:test_create_server_with_scheduling_hint): 200 GET http://10.180.1.21/compute/v2.1/servers/3f036c4b-0b5b-49e8-89cd-4e63e9c80d65 0.153s
2025-02-07 16:19:36.457 62942 INFO tempest.lib.common.rest_client [req-2fa1f0cc-ca53-4e3f-a6a7-64fa59e1d973 req-2fa1f0cc-ca53-4e3f-a6a7-64fa59e1d973 ] Request (AttachVolumeNegativeTest:test_attach_attached_volume_to_different_server): 200 GET http://10.180.1.21/compute/v2.1/servers/f54a3315-6dde-4807-84cc-413afe64f178 0.219s
2025-02-07 16:19:36.458 62964 INFO tempest.lib.common.rest_client [req-5de0777f-3928-47ea-bd04-d55a17a04f1c req-5de0777f-3928-47ea-bd04-d55a17a04f1c ] Request (ServerAddressesTestJSON:tearDownClass): 204 DELETE http://10.180.1.21/compute/v2.1/servers/a8f3bc32-e3ce-4a46-8f09-e087a9597335 0.136s
2025-02-07 16:19:36.480 62990 INFO tempest.lib.common.rest_client [req-ffaf6f26-2e86-46f5-aa6e-a57e4483a18f req-ffaf6f26-2e86-46f5-aa6e-a57e4483a18f ] Request (FlavorsAdminTestJSON:_run_cleanups): 200 GET http://10.180.1.21/compute/v2.1/flavors/detail 0.142s
2025-02-07 16:19:36.516 62944 INFO tempest.lib.common.rest_client [req-cd354d96-5097-4c1b-af56-b8b2e3955243 req-cd354d96-5097-4c1b-af56-b8b2e3955243 ] Request (ServerDiagnosticsTest:tearDownClass): 200 GET http://10.180.1.21/compute/v2.1/servers/33b468d7-3682-49cb-a4ad-1610abc8e2cb 0.175s
2025-02-07 16:19:36.542 62986 INFO tempest.lib.common.rest_client [req-d223b422-fd8e-49a9-8f91-f74657487a63 req-d223b422-fd8e-49a9-8f91-f74657487a63 ] Request (ListServersNegativeTestJSON:setUpClass): 200 GET http://10.180.1.21/compute/v2.1/servers/8cf78384-7e0f-4a97-a030-1e51f123f086 0.138s
2025-02-07 16:19:36.572 62990 INFO tempest.lib.common.rest_client [req-25d6eb45-4ee5-401b-bf77-672a91ac3c88 req-25d6eb45-4ee5-401b-bf77-672a91ac3c88 ] Request (FlavorsAdminTestJSON:tearDownClass): 204 DELETE http://10.180.1.21/identity/v3/users/66cade02ce0f4e9dae560521d9e3addc 0.086s
2025-02-07 16:19:36.670 62964 INFO tempest.lib.common.rest_client [req-26798f8b-5c4e-4654-9162-62b5500301c5 req-26798f8b-5c4e-4654-9162-62b5500301c5 ] Request (ServerAddressesTestJSON:tearDownClass): 200 GET http://10.180.1.21/compute/v2.1/servers/a8f3bc32-e3ce-4a46-8f09-e087a9597335 0.212s
2025-02-07 16:19:36.675 62990 INFO tempest.lib.common.rest_client [req-01d34257-7343-4bed-9da7-0576645224dc req-01d34257-7343-4bed-9da7-0576645224dc ] Request (FlavorsAdminTestJSON:tearDownClass): 204 DELETE http://10.180.1.21/identity/v3/users/5c84d16044ac4bba9a6cfb2ed3790b4a 0.103s
2025-02-07 16:19:36.675 62990 INFO tempest.lib.common.dynamic_creds [-] Deleting project and security group for project: 527badb5b9e5462288504fae2070210f
2025-02-07 16:19:36.732 62946 INFO tempest.lib.common.rest_client [req-c1e8b6ed-23cd-4353-a991-06d6c3cfb90e req-c1e8b6ed-23cd-4353-a991-06d6c3cfb90e ] Request (AttachInterfacesTestJSON:test_create_list_show_delete_interfaces_by_fixed_ip): 200 GET http://10.180.1.21/compute/v2.1/servers/cc523733-d9ab-4337-bf4f-59c94fa1484b 0.257s
2025-02-07 16:19:36.761 62990 INFO tempest.lib.common.rest_client [req-953a06ba-f348-49cd-b958-e11675a56dd2 req-953a06ba-f348-49cd-b958-e11675a56dd2 ] Request (FlavorsAdminTestJSON:tearDownClass): 201 POST http://10.180.1.21/identity/v3/auth/tokens 0.086s
2025-02-07 16:19:36.779 62934 INFO tempest.lib.common.rest_client [req-04c5aa17-f940-487b-a48e-5537e59202ea req-04c5aa17-f940-487b-a48e-5537e59202ea ] Request (ListImageFiltersTestJSON:setUpClass): 200 GET http://10.180.1.21/compute/v2.1/servers/66f5454a-bc99-4b92-9a74-ef81b3a0c673 0.272s
2025-02-07 16:19:36.817 62948 INFO tempest.lib.common.rest_client [req-2efa1ce7-c6f3-4ef1-bf22-69f1bb67e23a req-2efa1ce7-c6f3-4ef1-bf22-69f1bb67e23a ] Request (SecurityGroupsTestJSON:test_list_security_groups_by_server): 200 GET http://10.180.1.21/compute/v2.1/servers/966100c4-9633-4d98-a860-578dc2253d7b 0.294s
2025-02-07 16:19:36.846 62936 INFO tempest.lib.common.rest_client [req-8ff31b08-86e9-48b6-82bc-26176c8ccf7f req-8ff31b08-86e9-48b6-82bc-26176c8ccf7f ] Request (ServerDiskConfigTestJSON:test_rebuild_server_with_auto_disk_config): 200 GET http://10.180.1.21/compute/v2.1/servers/bc813c11-8b43-4ca5-bfdf-832e02f020d9 0.268s
2025-02-07 16:19:36.865 62950 INFO tempest.lib.common.rest_client [req-abaf6017-d5b5-452c-9d06-dfe8bb70116c req-abaf6017-d5b5-452c-9d06-dfe8bb70116c ] Request (AttachInterfacesUnderV243Test:setUpClass): 201 POST http://10.180.1.21:9696/networking/v2.0/networks 0.580s
2025-02-07 16:19:36.901 62976 INFO tempest.lib.common.rest_client [req-da7a668a-2602-49dc-9cc9-dec196f1eee7 req-da7a668a-2602-49dc-9cc9-dec196f1eee7 ] Request (ServerDiagnosticsNegativeTest:tearDownClass): 200 GET http://10.180.1.21/compute/v2.1/servers/916ab81b-1461-464f-8194-1fe0d9a9216e 0.308s
2025-02-07 16:19:36.907 62988 INFO tempest.lib.common.rest_client [req-03e530b6-bb13-4d8b-9ad3-2491fdb832b4 req-03e530b6-bb13-4d8b-9ad3-2491fdb832b4 ] Request (FloatingIPsAssociationTestJSON:test_associate_already_associated_floating_ip): 200 GET http://10.180.1.21/compute/v2.1/servers/863bc2da-9167-470b-a426-f898e8bbe187 0.278s
2025-02-07 16:19:36.965 62992 INFO tempest.lib.common.rest_client [req-e44659b8-8f49-4ba0-b359-418865e617ba req-e44659b8-8f49-4ba0-b359-418865e617ba ] Request (ImagesTestJSON:test_create_image_from_suspended_server): 200 GET http://10.180.1.21/compute/v2.1/servers/3d8f298d-a597-4e2a-af07-0046d0bbd22a 0.296s
2025-02-07 16:19:36.982 62968 INFO tempest.lib.common.rest_client [req-5547fca2-64d3-439a-a1f8-e064ce128ef9 req-5547fca2-64d3-439a-a1f8-e064ce128ef9 ] Request (ServerActionsTestJSON:setUpClass): 200 GET http://10.180.1.21/compute/v2.1/servers/51049d09-cb97-42a9-aa48-b9375cf7c7eb 0.306s
