2025-02-07 16:18:43.482 62958 INFO tempest.lib.common.rest_client [req-cf9f0d9e-cb0d-4f42-8bc1-54921874e244 req-cf9f0d9e-cb0d-4f42-8bc1-54921874e244 ] Request (VolumesAssistedSnapshotsTest:test_volume_assisted_snapshot_create_delete): 201 POST http://10.180.1.21:9696/networking/v2.0/floatingips 0.899s
2025-02-07 16:18:43.498 62936 INFO tempest.lib.common.rest_client [req-1d1ba9e0-e653-4a17-a429-9219176ed5e2 req-1d1ba9e0-e653-4a17-a429-9219176ed5e2 ] Request (KeyPairsV210TestJSON:setUpClass): 201 POST http://10.180.1.21/identity/v3/auth/tokens 0.206s
2025-02-07 16:18:43.503 62948 INFO tempest.lib.common.rest_client [req-57c90205-1e66-4c73-a270-919e662f5015 req-57c90205-1e66-4c73-a270-919e662f5015 ] Request (SecurityGroupRulesNegativeTestJSON:setUpClass): 201 POST http://10.180.1.21:9696/networking/v2.0/networks 0.923s
2025-02-07 16:18:43.515 62944 INFO tempest.lib.common.rest_client [req-a24a6aa0-b76b-445e-b884-18aca366a8b4 req-a24a6aa0-b76b-445e-b884-18aca366a8b4 ] Request (ServerDiagnosticsTest:test_get_server_diagnostics): 201 POST http://10.180.1.21/identity/v3/auth/tokens 0.196s
2025-02-07 16:18:43.515 62944 INFO tempest.lib.common.fixed_network [-] (ServerDiagnosticsTest:test_get_server_diagnostics) Found network None available for tenant
2025-02-07 16:18:43.544 62930 INFO tempest.lib.common.rest_client [req-feefc65f-e1dc-4d53-a6ec-57ada216dcd1 req-feefc65f-e1dc-4d53-a6ec-57ada216dcd1 ] Request (ServersAdminTestJSON:setUpClass): 200 GET http://10.180.1.21/compute/v2.1/servers/a7f0e157-fd31-4d6f-af3c-59b311ad974d 0.552s
2025-02-07 16:18:43.553 62930 INFO tempest.common.waiters [-] State transition "BUILD/scheduling" ==> "BUILD/None" after 2 second wait
2025-02-07 16:18:43.574 62962 INFO tempest.lib.common.rest_client [req-6001f0e4-e9be-4216-ac13-0479f5605b18 req-6001f0e4-e9be-4216-ac13-0479f5605b18 ] Request (ServersAdmin275Test:setUpClass): 201 POST http://10.180.1.21/identity/v3/projects 0.196s
2025-02-07 16:18:43.653 62980 INFO tempest.lib.common.rest_client [req-3c530c12-dbd2-42de-82f7-c0ea22341835 req-3c530c12-dbd2-42de-82f7-c0ea22341835 ] Request (FlavorsV261TestJSON:tearDownClass): 204 DELETE http://10.180.1.21/identity/v3/users/f3a0998297b94319ac4fd57d4b87ebda 0.211s
2025-02-07 16:18:43.654 62984 INFO tempest.lib.common.rest_client [req-269bfa1a-c632-40f7-8fcb-3536ded6200b req-269bfa1a-c632-40f7-8fcb-3536ded6200b ] Request (VolumesGetTestJSON:tearDownClass): 204 DELETE http://10.180.1.21/identity/v3/users/4f866e7ae6414dfdbd06468e55c4be26 0.275s
2025-02-07 16:18:43.654 62984 INFO tempest.lib.common.dynamic_creds [-] Deleting project and security group for project: 8ced378907a544e790150a9b7dcdc8d3
2025-02-07 16:18:43.704 62958 INFO tempest.lib.common.rest_client [req-0d95f6af-3c31-4033-95d2-303b5843c57f req-0d95f6af-3c31-4033-95d2-303b5843c57f ] Request (VolumesAssistedSnapshotsTest:test_volume_assisted_snapshot_create_delete): 201 POST http://10.180.1.21/identity/v3/auth/tokens 0.218s
2025-02-07 16:18:43.705 62958 INFO tempest.lib.common.fixed_network [-] (VolumesAssistedSnapshotsTest:test_volume_assisted_snapshot_create_delete) Found network {'id': '8bd202f7-d004-4dcd-be35-a3b60cc49d26', 'name': 'tempest-VolumesAssistedSnapshotsTest-1927395389-network', 'tenant_id': 'd6a08325184245de9d0ed4f821c47f36', 'admin_state_up': True, 'mtu': 8950, 'status': 'ACTIVE', 'subnets': [], 'shared': False, 'project_id': 'd6a08325184245de9d0ed4f821c47f36', 'port_security_enabled': True, 'router:external': False, 'provider:network_type': 'vlan', 'provider:physical_network': 'default', 'provider:segmentation_id': 262, 'availability_zone_hints': [], 'availability_zones': [], 'ipv4_address_scope': None, 'ipv6_address_scope': None, 'description': '', 'tags': [], 'created_at': '2025-02-07T16:18:26Z', 'updated_at': '2025-02-07T16:18:26Z', 'revision_number': 1} available for tenant
2025-02-07 16:18:43.714 62962 INFO tempest.lib.common.rest_client [req-b76348bb-1ef5-4e05-b3be-7caf1872cf71 req-b76348bb-1ef5-4e05-b3be-7caf1872cf71 ] Request (ServersAdmin275Test:setUpClass): 201 POST http://10.180.1.21/identity/v3/users 0.139s
2025-02-07 16:18:43.719 62964 INFO tempest.lib.common.rest_client [req-3c93edfd-8021-4555-b35e-6ee150cfd12f req-3c93edfd-8021-4555-b35e-6ee150cfd12f ] Request (MultipleCreateNegativeTestJSON:tearDownClass): 200 GET http://10.180.1.21:9696/networking/v2.0/security-groups?tenant_id=303e592295a146019f7849db0053b8ea&name=default 0.482s
2025-02-07 16:18:43.753 62942 INFO tempest.lib.common.rest_client [req-e7fd3a7d-47b9-4904-a68f-c219b4deaccf req-e7fd3a7d-47b9-4904-a68f-c219b4deaccf ] Request (HypervisorAdminUnderV252Test:tearDownClass): 200 GET http://10.180.1.21:9696/networking/v2.0/security-groups?tenant_id=4b22f40358334fb6911c231db3ff2f36&name=default 0.287s
2025-02-07 16:18:43.776 62980 INFO tempest.lib.common.rest_client [req-df8a9bc5-c0ca-412e-9e81-89aec781af7d req-df8a9bc5-c0ca-412e-9e81-89aec781af7d ] Request (FlavorsV261TestJSON:tearDownClass): 204 DELETE http://10.180.1.21/identity/v3/users/294dab569fd14cb9954b01c8bb96bd1b 0.122s
2025-02-07 16:18:43.776 62980 INFO tempest.lib.common.dynamic_creds [-] Deleting project and security group for project: dc4239550cee4230a7beb00f36b605e9
2025-02-07 16:18:43.835 62984 INFO tempest.lib.common.rest_client [req-716ac921-18af-4d61-975d-6bebb8dd397e req-716ac921-18af-4d61-975d-6bebb8dd397e ] Request (VolumesGetTestJSON:tearDownClass): 201 POST http://10.180.1.21/identity/v3/auth/tokens 0.180s
2025-02-07 16:18:43.845 62974 INFO tempest.lib.common.rest_client [req-c5b4cbe4-9237-464f-b271-96c336e393ae req-c5b4cbe4-9237-464f-b271-96c336e393ae ] Request (FlavorsAccessTestJSON:test_flavor_access_add_remove): 200 POST http://10.180.1.21/compute/v2.1/flavors/1077046064/action 1.157s
2025-02-07 16:18:43.860 62962 INFO tempest.lib.common.rest_client [req-380bf104-dc66-477a-a459-a80afef8ddf8 req-380bf104-dc66-477a-a459-a80afef8ddf8 ] Request (ServersAdmin275Test:setUpClass): 200 GET http://10.180.1.21/identity/v3/roles 0.146s
2025-02-07 16:18:43.871 62954 INFO tempest.lib.common.rest_client [req-f4786086-f94a-45db-817c-e8fcb8b33c51 req-f4786086-f94a-45db-817c-e8fcb8b33c51 ] Request (QuotasAdminTestJSON:test_delete_quota): 202 DELETE http://10.180.1.21/compute/v2.1/os-quota-sets/e1b626c259b74d078d32b7e703d186de 0.649s
2025-02-07 16:18:43.897 62986 INFO tempest.lib.common.rest_client [req-cd1f5459-d43e-494a-8f18-e7813f22aacf req-cd1f5459-d43e-494a-8f18-e7813f22aacf ] Request (AggregatesAdminNegativeTestJSON:test_aggregate_add_host_as_user): 200 POST http://10.180.1.21/compute/v2.1/os-aggregates 0.580s
2025-02-07 16:18:43.902 62946 INFO tempest.lib.common.rest_client [req-b7afb53f-c806-4e64-92cb-5fc4eea728e3 req-b7afb53f-c806-4e64-92cb-5fc4eea728e3 ] Request (HypervisorAdminNegativeTestJSON:test_show_hypervisor_with_non_admin_user): 403 GET http://10.180.1.21/compute/v2.1/os-hypervisors/1 0.571s
2025-02-07 16:18:43.914 62978 INFO tempest.lib.common.rest_client [req-278dd6b4-4284-4841-96b1-70b6314b67d2 req-278dd6b4-4284-4841-96b1-70b6314b67d2 ] Request (FlavorsExtraSpecsNegativeTestJSON:test_flavor_unset_nonexistent_key): 404 DELETE http://10.180.1.21/compute/v2.1/flavors/1699264500/os-extra_specs/hw:cpu_thread_policy 0.564s
2025-02-07 16:18:43.934 62960 INFO tempest.lib.common.rest_client [req-64e99b1a-355a-44ee-a3da-1ec6f0dfa68d req-64e99b1a-355a-44ee-a3da-1ec6f0dfa68d ] Request (ServersWithSpecificFlavorTestJSON:test_verify_created_server_ephemeral_disk): 200 GET http://10.180.1.21/compute/v2.1/flavors/42/os-extra_specs 0.583s
2025-02-07 16:18:43.957 62980 INFO tempest.lib.common.rest_client [req-5280188c-78d5-4a51-b76b-bdf7d1024041 req-5280188c-78d5-4a51-b76b-bdf7d1024041 ] Request (FlavorsV261TestJSON:tearDownClass): 201 POST http://10.180.1.21/identity/v3/auth/tokens 0.180s
2025-02-07 16:18:43.964 62976 INFO tempest.lib.common.rest_client [req-0b61c8fc-9080-45ba-a9e8-3321357822d4 req-0b61c8fc-9080-45ba-a9e8-3321357822d4 ] Request (HypervisorAdminNegativeUnderV252Test:tearDownClass): 200 GET http://10.180.1.21:9696/networking/v2.0/security-groups?tenant_id=48b590040c3344e493815f87ed7830b9&name=default 0.594s
2025-02-07 16:18:43.975 62970 INFO tempest.lib.common.rest_client [req-6bd73690-80da-47ec-8a4e-fea8c3442532 req-6bd73690-80da-47ec-8a4e-fea8c3442532 ] Request (FlavorsExtraSpecsTestJSON:test_flavor_set_get_update_show_unset_keys): 200 PUT http://10.180.1.21/compute/v2.1/flavors/710426112/os-extra_specs/hw:numa_nodes 0.620s
2025-02-07 16:18:43.978 62964 INFO tempest.lib.common.rest_client [req-6ef0820e-a72b-4671-a04d-6f5d20d60817 req-6ef0820e-a72b-4671-a04d-6f5d20d60817 ] Request (MultipleCreateNegativeTestJSON:tearDownClass): 204 DELETE http://10.180.1.21:9696/networking/v2.0/security-groups/0355cb6a-86b0-4a87-931f-89fec5d9a731 0.258s
2025-02-07 16:18:43.989 62952 INFO tempest.lib.common.rest_client [req-0514b273-7b26-4a09-93e3-5a0517932e25 req-0514b273-7b26-4a09-93e3-5a0517932e25 ] Request (HostsAdminNegativeTestJSON:test_shutdown_nonexistent_host): 404 GET http://10.180.1.21/compute/v2.1/os-hosts/nonexistent_hostname/shutdown 0.604s
2025-02-07 16:18:44.001 62962 INFO tempest.lib.common.rest_client [req-d2cbaada-6fd5-43c3-9839-d66d192c027a req-d2cbaada-6fd5-43c3-9839-d66d192c027a ] Request (ServersAdmin275Test:setUpClass): 204 PUT http://10.180.1.21/identity/v3/projects/d00896087f6d4983930b853193999b6b/users/016e29049a4f40afa944b3a1764f70a6/roles/e0af9b15d1df4d74975e7cfa367c86e7 0.139s
2025-02-07 16:18:44.012 62990 INFO tempest.lib.common.rest_client [req-dafc06c4-edef-4f04-a559-f3a25505555c req-dafc06c4-edef-4f04-a559-f3a25505555c ] Request (FlavorsAdminTestJSON:test_create_flavor_with_int_id): 200 POST http://10.180.1.21/compute/v2.1/flavors 0.616s
2025-02-07 16:18:44.032 62973 INFO tempest.lib.common.rest_client [req-a03bd2f0-ab6a-4577-b88e-0272abbae7e3 req-a03bd2f0-ab6a-4577-b88e-0272abbae7e3 ] Request (ServicesAdminNegativeV253TestJSON:test_get_service_with_valid_service_and_invalid_host): 200 GET http://10.180.1.21/compute/v2.1/os-services 0.625s
2025-02-07 16:18:44.037 62968 INFO tempest.lib.common.rest_client [req-1673e0c5-136b-42f2-9f73-c41db420c094 req-1673e0c5-136b-42f2-9f73-c41db420c094 ] Request (QuotasAdminNegativeTest:test_create_server_when_instances_quota_is_full): 200 PUT http://10.180.1.21/compute/v2.1/os-quota-sets/0cc601b5d06f4561a40a81e205e034ad 0.846s
2025-02-07 16:18:44.072 62934 INFO tempest.lib.common.rest_client [req-1c3f43a8-d574-4f34-ae34-8180b4430cb1 req-1c3f43a8-d574-4f34-ae34-8180b4430cb1 ] Request (ListImageFiltersTestJSON:setUpClass): 200 GET http://10.180.1.21/compute/v2.1/images/549eccb4-5e8c-4893-8937-70bfe0011d79 0.641s
2025-02-07 16:18:44.072 62932 INFO tempest.lib.common.rest_client [req-67c14825-7171-465e-8f17-08eac44141bb req-67c14825-7171-465e-8f17-08eac44141bb ] Request (FlavorsV2TestJSON:test_list_flavors_detailed_filter_by_min_ram): 200 GET http://10.180.1.21/compute/v2.1/flavors/detail?minRam=193 0.626s
2025-02-07 16:18:44.077 62962 INFO tempest.lib.common.rest_client [req-db0306fa-4169-473c-bcce-127c0504235b req-db0306fa-4169-473c-bcce-127c0504235b ] Request (ServersAdmin275Test:setUpClass): 200 GET http://10.180.1.21/identity/v3/roles 0.075s
2025-02-07 16:18:44.092 62942 INFO tempest.lib.common.rest_client [req-3603c2a5-9ea1-4b69-96ed-eb4fd3112bfe req-3603c2a5-9ea1-4b69-96ed-eb4fd3112bfe ] Request (HypervisorAdminUnderV252Test:tearDownClass): 204 DELETE http://10.180.1.21:9696/networking/v2.0/security-groups/b6f2bdfa-4fd0-465d-a551-91cb9e17273d 0.338s
2025-02-07 16:18:44.102 62948 INFO tempest.lib.common.rest_client [req-20698a14-b796-4dc2-8ad9-d64e5bb895c1 req-20698a14-b796-4dc2-8ad9-d64e5bb895c1 ] Request (SecurityGroupRulesNegativeTestJSON:setUpClass): 201 POST http://10.180.1.21:9696/networking/v2.0/subnets 0.598s
2025-02-07 16:18:44.107 62950 INFO tempest.lib.common.rest_client [req-52c812c2-1a4e-4994-a5ad-fd197ce36841 req-52c812c2-1a4e-4994-a5ad-fd197ce36841 ] Request (FlavorsAccessNegativeTestJSON:test_flavor_access_list_with_public_flavor): 200 POST http://10.180.1.21/compute/v2.1/flavors 0.628s
2025-02-07 16:18:44.125 62976 INFO tempest.lib.common.rest_client [req-55b68198-213d-4e9b-8ddc-7230609378fe req-55b68198-213d-4e9b-8ddc-7230609378fe ] Request (HypervisorAdminNegativeUnderV252Test:tearDownClass): 204 DELETE http://10.180.1.21:9696/networking/v2.0/security-groups/1ce95e89-7cb8-48ca-b447-52517aeca6d3 0.160s
2025-02-07 16:18:44.129 62968 INFO tempest.lib.common.rest_client [req-090c2b7d-e708-43c8-bfd7-fe49fcbb9dde req-090c2b7d-e708-43c8-bfd7-fe49fcbb9dde ] Request (QuotasAdminNegativeTest:test_create_server_when_instances_quota_is_full): 201 POST http://10.180.1.21/identity/v3/auth/tokens 0.084s
2025-02-07 16:18:44.130 62968 INFO tempest.lib.common.fixed_network [-] (QuotasAdminNegativeTest:test_create_server_when_instances_quota_is_full) Found network None available for tenant
2025-02-07 16:18:44.146 62964 INFO tempest.lib.common.rest_client [req-c328a104-ba1e-418a-8f97-6afdc9df7792 req-c328a104-ba1e-418a-8f97-6afdc9df7792 ] Request (MultipleCreateNegativeTestJSON:tearDownClass): 204 DELETE http://10.180.1.21/identity/v3/projects/303e592295a146019f7849db0053b8ea 0.167s
2025-02-07 16:18:44.183 62962 INFO tempest.lib.common.rest_client [req-ba9830a8-03a6-4912-b96d-1322297d95f3 req-ba9830a8-03a6-4912-b96d-1322297d95f3 ] Request (ServersAdmin275Test:setUpClass): 204 PUT http://10.180.1.21/identity/v3/projects/d00896087f6d4983930b853193999b6b/users/016e29049a4f40afa944b3a1764f70a6/roles/e0af9b15d1df4d74975e7cfa367c86e7 0.106s
2025-02-07 16:18:44.184 62962 INFO tempest.lib.common.dynamic_creds [-] Dynamic test user 016e29049a4f40afa944b3a1764f70a6 is created with scope project and roles: ['admin']
2025-02-07 16:18:44.184 62962 INFO tempest.lib.common.dynamic_creds [-] Acquired dynamic creds: credentials: Credentials: {'domain_id': 'default', 'domain_name': 'Default', 'username': 'tempest-ServersAdmin275Test-1343340900-project-admin', 'project_domain_id': 'default', 'project_domain_name': 'Default', 'project_id': 'd00896087f6d4983930b853193999b6b', 'project_name': 'tempest-ServersAdmin275Test-1343340900', 'tenant_id': 'd00896087f6d4983930b853193999b6b', 'tenant_name': 'tempest-ServersAdmin275Test-1343340900', 'user_domain_id': 'default', 'user_domain_name': 'Default', 'user_id': '016e29049a4f40afa944b3a1764f70a6', 'system': None}, Network: None, Subnet: None, Router: None
2025-02-07 16:18:44.184 62962 INFO tempest.lib.common.dynamic_creds [-] Created isolated network resources for: credentials: Credentials: {'domain_id': 'default', 'domain_name': 'Default', 'username': 'tempest-ServersAdmin275Test-1343340900-project-admin', 'project_domain_id': 'default', 'project_domain_name': 'Default', 'project_id': 'd00896087f6d4983930b853193999b6b', 'project_name': 'tempest-ServersAdmin275Test-1343340900', 'tenant_id': 'd00896087f6d4983930b853193999b6b', 'tenant_name': 'tempest-ServersAdmin275Test-1343340900', 'user_domain_id': 'default', 'user_domain_name': 'Default', 'user_id': '016e29049a4f40afa944b3a1764f70a6', 'system': None}, Network: None, Subnet: None, Router: None
2025-02-07 16:18:44.249 62980 INFO tempest.lib.common.rest_client [req-fff06639-578f-40c3-94c7-45ca5df71790 req-fff06639-578f-40c3-94c7-45ca5df71790 ] Request (FlavorsV261TestJSON:tearDownClass): 200 GET http://10.180.1.21:9696/networking/v2.0/security-groups?tenant_id=dc4239550cee4230a7beb00f36b605e9&name=default 0.291s
2025-02-07 16:18:44.274 62984 INFO tempest.lib.common.rest_client [req-b74e8626-d7bf-4f17-aef1-387144e6fe4e req-b74e8626-d7bf-4f17-aef1-387144e6fe4e ] Request (VolumesGetTestJSON:tearDownClass): 200 GET http://10.180.1.21:9696/networking/v2.0/security-groups?tenant_id=8ced378907a544e790150a9b7dcdc8d3&name=default 0.438s
2025-02-07 16:18:44.279 62942 INFO tempest.lib.common.rest_client [req-68318ea9-af1b-458a-9cc9-cf01e8c4b162 req-68318ea9-af1b-458a-9cc9-cf01e8c4b162 ] Request (HypervisorAdminUnderV252Test:tearDownClass): 204 DELETE http://10.180.1.21/identity/v3/projects/4b22f40358334fb6911c231db3ff2f36 0.187s
2025-02-07 16:18:44.314 62936 INFO tempest.lib.common.rest_client [req-103f01a2-d4c0-4072-8a0d-9374cee73664 req-103f01a2-d4c0-4072-8a0d-9374cee73664 ] Request (KeyPairsV210TestJSON:test_admin_manage_keypairs_for_other_users): 201 POST http://10.180.1.21/compute/v2.1/os-keypairs 0.813s
2025-02-07 16:18:44.386 62964 INFO tempest.lib.common.rest_client [req-3ba8fdd1-5695-4902-b6b0-2c6b682d72ee req-3ba8fdd1-5695-4902-b6b0-2c6b682d72ee ] Request (ServerAddressesTestJSON:setUpClass): 201 POST http://10.180.1.21/identity/v3/auth/tokens 0.237s
2025-02-07 16:18:44.436 62976 INFO tempest.lib.common.rest_client [req-7d0aedc4-e85c-45a9-bee3-2d31ee0543e6 req-7d0aedc4-e85c-45a9-bee3-2d31ee0543e6 ] Request (HypervisorAdminNegativeUnderV252Test:tearDownClass): 204 DELETE http://10.180.1.21/identity/v3/projects/48b590040c3344e493815f87ed7830b9 0.311s
2025-02-07 16:18:44.436 62976 INFO tempest.lib.common.dynamic_creds [-] Deleting project and security group for project: 4990a3f44ef34d33808483fad39553d7
2025-02-07 16:18:44.461 62962 INFO tempest.lib.common.rest_client [req-102fe456-888a-41d0-928c-8d47d74202e6 req-102fe456-888a-41d0-928c-8d47d74202e6 ] Request (ServersAdmin275Test:setUpClass): 201 POST http://10.180.1.21/identity/v3/auth/tokens 0.272s
2025-02-07 16:18:44.474 62980 INFO tempest.lib.common.rest_client [req-f71ce9fc-e39f-4e66-bcb0-2efef68d3797 req-f71ce9fc-e39f-4e66-bcb0-2efef68d3797 ] Request (FlavorsV261TestJSON:tearDownClass): 204 DELETE http://10.180.1.21:9696/networking/v2.0/security-groups/e12473d0-e6e1-4493-9110-0c666209f147 0.225s
2025-02-07 16:18:44.489 62942 INFO tempest.lib.common.rest_client [req-26101ea1-2cc5-4d7d-9146-d10f3d44997e req-26101ea1-2cc5-4d7d-9146-d10f3d44997e ] Request (ImagesDeleteNegativeTestJSON:setUpClass): 201 POST http://10.180.1.21/identity/v3/auth/tokens 0.206s
2025-02-07 16:18:44.499 62984 INFO tempest.lib.common.rest_client [req-4869a1ea-0e67-43a9-95bb-b9cc52d2c5e3 req-4869a1ea-0e67-43a9-95bb-b9cc52d2c5e3 ] Request (VolumesGetTestJSON:tearDownClass): 204 DELETE http://10.180.1.21:9696/networking/v2.0/security-groups/1a9f6a7a-f997-4178-8fb4-de02ea233a6b 0.225s
2025-02-07 16:18:44.508 62992 INFO tempest.lib.common.rest_client [req-a47e959d-796a-41df-aee4-5068daa3f4fb req-a47e959d-796a-41df-aee4-5068daa3f4fb ] Request (ImagesTestJSON:test_create_image_from_stopped_server): 200 GET http://10.180.1.21/compute/v2.1/servers/8152a888-ec3a-4b51-9c9f-cb1c46d3f8cc 0.846s
2025-02-07 16:18:44.516 62964 INFO tempest.lib.common.rest_client [req-0afac629-5c14-4862-b18b-13cd2be13425 req-0afac629-5c14-4862-b18b-13cd2be13425 ] Request (ServerAddressesTestJSON:setUpClass): 201 POST http://10.180.1.21/identity/v3/auth/tokens 0.127s
2025-02-07 16:18:44.569 62962 INFO tempest.lib.common.rest_client [req-8f124d5e-b27d-4757-bedc-bba1578ae492 req-8f124d5e-b27d-4757-bedc-bba1578ae492 ] Request (ServersAdmin275Test:test_rebuild_update_server_275): 201 POST http://10.180.1.21/identity/v3/auth/tokens 0.100s
2025-02-07 16:18:44.569 62962 INFO tempest.lib.common.fixed_network [-] (ServersAdmin275Test:test_rebuild_update_server_275) Found network None available for tenant
2025-02-07 16:18:44.587 62980 INFO tempest.lib.common.rest_client [req-89c2731b-e4c1-46e7-a1b8-f93e2319e5b3 req-89c2731b-e4c1-46e7-a1b8-f93e2319e5b3 ] Request (FlavorsV261TestJSON:tearDownClass): 204 DELETE http://10.180.1.21/identity/v3/projects/dc4239550cee4230a7beb00f36b605e9 0.113s
2025-02-07 16:18:44.588 62980 INFO tempest.lib.common.dynamic_creds [-] Deleting project and security group for project: 1b40cc6b1dbe48b89b7b206b94a788e3
2025-02-07 16:18:44.620 62942 INFO tempest.lib.common.rest_client [req-69267230-d863-4e10-a2af-4e929d1b046a req-69267230-d863-4e10-a2af-4e929d1b046a ] Request (ImagesDeleteNegativeTestJSON:setUpClass): 201 POST http://10.180.1.21/identity/v3/auth/tokens 0.129s
2025-02-07 16:18:44.641 62944 INFO tempest.lib.common.rest_client [req-65286d03-6487-4169-a6e6-09d9bd61eed2 req-65286d03-6487-4169-a6e6-09d9bd61eed2 ] Request (ServerDiagnosticsTest:test_get_server_diagnostics): 202 POST http://10.180.1.21/compute/v2.1/servers 1.125s
2025-02-07 16:18:44.651 62964 INFO tempest.lib.common.rest_client [req-f8a2effa-97a5-471b-9b65-eed1fdabb8e2 req-f8a2effa-97a5-471b-9b65-eed1fdabb8e2 ] Request (ServerAddressesTestJSON:setUpClass): 200 GET http://10.180.1.21/identity/v3/domains?name=Default 0.135s
2025-02-07 16:18:44.653 62966 INFO tempest.lib.common.rest_client [req-0fb1eb1c-4834-4dda-8070-723950bca7f4 req-0fb1eb1c-4834-4dda-8070-723950bca7f4 ] Request (SecurityGroupRulesTestJSON:setUpClass): 201 POST http://10.180.1.21:9696/networking/v2.0/routers 1.502s
2025-02-07 16:18:44.655 62976 INFO tempest.lib.common.rest_client [req-897027ab-9a68-4e09-8227-e0f0c3548121 req-897027ab-9a68-4e09-8227-e0f0c3548121 ] Request (HypervisorAdminNegativeUnderV252Test:tearDownClass): 200 GET http://10.180.1.21:9696/networking/v2.0/security-groups?tenant_id=4990a3f44ef34d33808483fad39553d7&name=default 0.217s
2025-02-07 16:18:44.692 62984 INFO tempest.lib.common.rest_client [req-24391c7b-4db7-40de-b9ac-1facc35929ee req-24391c7b-4db7-40de-b9ac-1facc35929ee ] Request (VolumesGetTestJSON:tearDownClass): 204 DELETE http://10.180.1.21/identity/v3/projects/8ced378907a544e790150a9b7dcdc8d3 0.192s
2025-02-07 16:18:44.703 62938 INFO tempest.lib.common.rest_client [req-8be387ad-0c0d-4f89-bfbd-d4b2291032dd req-8be387ad-0c0d-4f89-bfbd-d4b2291032dd ] Request (MigrationsAdminTest:test_list_migrations_in_flavor_resize_situation): 200 GET http://10.180.1.21/compute/v2.1/servers/7b61b38f-3e03-41f5-8d94-f56ec29e416a 0.928s
2025-02-07 16:18:44.715 62938 INFO tempest.common.waiters [-] State transition "BUILD/None" ==> "BUILD/networking" after 6 second wait
2025-02-07 16:18:44.771 62942 INFO tempest.lib.common.rest_client [req-7bfebd64-4201-4792-89ff-1c27f6e4f42f req-7bfebd64-4201-4792-89ff-1c27f6e4f42f ] Request (ImagesDeleteNegativeTestJSON:setUpClass): 200 GET http://10.180.1.21/identity/v3/domains?name=Default 0.150s
2025-02-07 16:18:44.793 62964 INFO tempest.lib.common.rest_client [req-74a3cb85-98fc-4e74-9100-ae8e1307fff3 req-74a3cb85-98fc-4e74-9100-ae8e1307fff3 ] Request (ServerAddressesTestJSON:setUpClass): 201 POST http://10.180.1.21/identity/v3/projects 0.140s
2025-02-07 16:18:44.859 62942 INFO tempest.lib.common.rest_client [req-e86155af-c4be-4139-a4c3-f2959bd27d0d req-e86155af-c4be-4139-a4c3-f2959bd27d0d ] Request (ImagesDeleteNegativeTestJSON:setUpClass): 201 POST http://10.180.1.21/identity/v3/projects 0.087s
2025-02-07 16:18:44.905 62934 INFO tempest.lib.common.rest_client [req-3648fe95-b9e1-477c-87f7-da9cf7c42a3e req-3648fe95-b9e1-477c-87f7-da9cf7c42a3e ] Request (ListImageFiltersTestJSON:setUpClass): 201 POST http://10.180.1.21/image/v2/images 0.821s
2025-02-07 16:18:44.953 62980 INFO tempest.lib.common.rest_client [req-76b9068b-2524-4e56-9bdf-af4bed36b392 req-76b9068b-2524-4e56-9bdf-af4bed36b392 ] Request (FlavorsV261TestJSON:tearDownClass): 200 GET http://10.180.1.21:9696/networking/v2.0/security-groups?tenant_id=1b40cc6b1dbe48b89b7b206b94a788e3&name=default 0.365s
2025-02-07 16:18:44.961 62964 INFO tempest.lib.common.rest_client [req-7c6e8645-e060-41aa-b287-8a90e527ed2b req-7c6e8645-e060-41aa-b287-8a90e527ed2b ] Request (ServerAddressesTestJSON:setUpClass): 201 POST http://10.180.1.21/identity/v3/users 0.167s
2025-02-07 16:18:44.964 62942 INFO tempest.lib.common.rest_client [req-e173df25-a969-4cb8-ba21-346bb9a77c94 req-e173df25-a969-4cb8-ba21-346bb9a77c94 ] Request (ImagesDeleteNegativeTestJSON:setUpClass): 201 POST http://10.180.1.21/identity/v3/users 0.104s
2025-02-07 16:18:44.986 62942 INFO tempest.lib.common.rest_client [req-9e55f2bb-b74b-432c-967c-037758d9d5d1 req-9e55f2bb-b74b-432c-967c-037758d9d5d1 ] Request (ImagesDeleteNegativeTestJSON:setUpClass): 200 GET http://10.180.1.21/identity/v3/roles 0.021s
2025-02-07 16:18:44.986 62964 INFO tempest.lib.common.rest_client [req-6ec9dbb6-504f-4b1d-bbdb-bd3003abd838 req-6ec9dbb6-504f-4b1d-bbdb-bd3003abd838 ] Request (ServerAddressesTestJSON:setUpClass): 200 GET http://10.180.1.21/identity/v3/roles 0.024s
2025-02-07 16:18:45.016 62942 INFO tempest.lib.common.rest_client [req-968667db-2752-4204-8b81-66e752de0a9d req-968667db-2752-4204-8b81-66e752de0a9d ] Request (ImagesDeleteNegativeTestJSON:setUpClass): 204 PUT http://10.180.1.21/identity/v3/projects/f9f0b45dadbd4cd5ad691480f91c85f5/users/7201f99d95b34dbe964d44a1004f1a96/roles/7db651e6d73342dfba9ddea8ab57506a 0.030s
2025-02-07 16:18:45.016 62942 INFO tempest.lib.common.dynamic_creds [-] Dynamic test user 7201f99d95b34dbe964d44a1004f1a96 is created with scope project and roles: ['member']
2025-02-07 16:18:45.016 62942 INFO tempest.lib.common.dynamic_creds [-] Acquired dynamic creds: credentials: Credentials: {'domain_id': 'default', 'domain_name': 'Default', 'username': 'tempest-ImagesDeleteNegativeTestJSON-272821517-project-member', 'project_domain_id': 'default', 'project_domain_name': 'Default', 'project_id': 'f9f0b45dadbd4cd5ad691480f91c85f5', 'project_name': 'tempest-ImagesDeleteNegativeTestJSON-272821517', 'tenant_id': 'f9f0b45dadbd4cd5ad691480f91c85f5', 'tenant_name': 'tempest-ImagesDeleteNegativeTestJSON-272821517', 'user_domain_id': 'default', 'user_domain_name': 'Default', 'user_id': '7201f99d95b34dbe964d44a1004f1a96', 'system': None}, Network: None, Subnet: None, Router: None
2025-02-07 16:18:45.016 62942 INFO tempest.lib.common.dynamic_creds [-] Created isolated network resources for: credentials: Credentials: {'domain_id': 'default', 'domain_name': 'Default', 'username': 'tempest-ImagesDeleteNegativeTestJSON-272821517-project-member', 'project_domain_id': 'default', 'project_domain_name': 'Default', 'project_id': 'f9f0b45dadbd4cd5ad691480f91c85f5', 'project_name': 'tempest-ImagesDeleteNegativeTestJSON-272821517', 'tenant_id': 'f9f0b45dadbd4cd5ad691480f91c85f5', 'tenant_name': 'tempest-ImagesDeleteNegativeTestJSON-272821517', 'user_domain_id': 'default', 'user_domain_name': 'Default', 'user_id': '7201f99d95b34dbe964d44a1004f1a96', 'system': None}, Network: None, Subnet: None, Router: None
2025-02-07 16:18:45.018 62964 INFO tempest.lib.common.rest_client [req-20f7d6b5-57c8-453f-9af3-310fbeb0fb25 req-20f7d6b5-57c8-453f-9af3-310fbeb0fb25 ] Request (ServerAddressesTestJSON:setUpClass): 204 PUT http://10.180.1.21/identity/v3/projects/50fd83e9184341b394bc95fa7cc6c26e/users/a8406ac0359d4f46bdf67be2656ae37d/roles/7db651e6d73342dfba9ddea8ab57506a 0.032s
2025-02-07 16:18:45.018 62964 INFO tempest.lib.common.dynamic_creds [-] Dynamic test user a8406ac0359d4f46bdf67be2656ae37d is created with scope project and roles: ['member']
2025-02-07 16:18:45.018 62964 INFO tempest.lib.common.dynamic_creds [-] Acquired dynamic creds: credentials: Credentials: {'domain_id': 'default', 'domain_name': 'Default', 'username': 'tempest-ServerAddressesTestJSON-1866635885-project-member', 'project_domain_id': 'default', 'project_domain_name': 'Default', 'project_id': '50fd83e9184341b394bc95fa7cc6c26e', 'project_name': 'tempest-ServerAddressesTestJSON-1866635885', 'tenant_id': '50fd83e9184341b394bc95fa7cc6c26e', 'tenant_name': 'tempest-ServerAddressesTestJSON-1866635885', 'user_domain_id': 'default', 'user_domain_name': 'Default', 'user_id': 'a8406ac0359d4f46bdf67be2656ae37d', 'system': None}, Network: None, Subnet: None, Router: None
2025-02-07 16:18:45.020 62976 INFO tempest.lib.common.rest_client [req-394ec267-b531-4d37-afe2-c0713574930e req-394ec267-b531-4d37-afe2-c0713574930e ] Request (HypervisorAdminNegativeUnderV252Test:tearDownClass): 204 DELETE http://10.180.1.21:9696/networking/v2.0/security-groups/1b634c6c-e8dd-4e84-a6ed-3ed411c662e4 0.365s
2025-02-07 16:18:45.097 62964 INFO tempest.lib.common.rest_client [req-6bd56f28-4a37-4a6d-8478-b0391a35fbf0 req-6bd56f28-4a37-4a6d-8478-b0391a35fbf0 ] Request (ServerAddressesTestJSON:setUpClass): 201 POST http://10.180.1.21/identity/v3/auth/tokens 0.078s
2025-02-07 16:18:45.098 62942 INFO tempest.lib.common.rest_client [req-e34324a7-c592-4c4d-8900-3c8c06d62cda req-e34324a7-c592-4c4d-8900-3c8c06d62cda ] Request (ImagesDeleteNegativeTestJSON:setUpClass): 201 POST http://10.180.1.21/identity/v3/auth/tokens 0.078s
2025-02-07 16:18:45.149 62982 INFO tempest.lib.common.rest_client [req-03833f64-00ed-4e41-add2-4841a673d215 req-03833f64-00ed-4e41-add2-4841a673d215 ] Request (DeleteServersAdminTestJSON:test_admin_delete_servers_of_others): 200 GET http://10.180.1.21/compute/v2.1/servers/ee332a56-22ec-4c79-ac21-287662364180 1.357s
2025-02-07 16:18:45.159 62982 INFO tempest.common.waiters [-] State transition "BUILD/networking" ==> "BUILD/spawning" after 7 second wait
2025-02-07 16:18:45.174 62976 INFO tempest.lib.common.rest_client [req-833d68ea-239e-4e99-80aa-26b9c64b4c9f req-833d68ea-239e-4e99-80aa-26b9c64b4c9f ] Request (HypervisorAdminNegativeUnderV252Test:tearDownClass): 204 DELETE http://10.180.1.21/identity/v3/projects/4990a3f44ef34d33808483fad39553d7 0.153s
2025-02-07 16:18:45.186 62974 INFO tempest.lib.common.rest_client [req-6201a3f7-7a65-48ff-a520-89a7043ec196 req-6201a3f7-7a65-48ff-a520-89a7043ec196 ] Request (FlavorsAccessTestJSON:test_flavor_access_add_remove): 200 GET http://10.180.1.21/compute/v2.1/flavors/detail 1.340s
2025-02-07 16:18:45.240 62976 INFO tempest.lib.common.rest_client [req-cc71733e-3371-446f-b1c6-f11fcb240155 req-cc71733e-3371-446f-b1c6-f11fcb240155 ] Request (ServerDiagnosticsNegativeTest:setUpClass): 201 POST http://10.180.1.21/identity/v3/auth/tokens 0.064s
2025-02-07 16:18:45.265 62980 INFO tempest.lib.common.rest_client [req-9ae4b489-5b05-4802-ab81-a48d74514f91 req-9ae4b489-5b05-4802-ab81-a48d74514f91 ] Request (FlavorsV261TestJSON:tearDownClass): 204 DELETE http://10.180.1.21:9696/networking/v2.0/security-groups/226a3a39-745b-463d-bb70-99bda00e6ed9 0.311s
2025-02-07 16:18:45.271 62976 INFO tempest.lib.common.rest_client [req-924a608e-cfb4-443d-a7bc-a1914439baba req-924a608e-cfb4-443d-a7bc-a1914439baba ] Request (ServerDiagnosticsNegativeTest:setUpClass): 201 POST http://10.180.1.21/identity/v3/auth/tokens 0.028s
2025-02-07 16:18:45.345 62980 INFO tempest.lib.common.rest_client [req-e8a39fb7-164c-44fc-83f6-059855b22991 req-e8a39fb7-164c-44fc-83f6-059855b22991 ] Request (FlavorsV261TestJSON:tearDownClass): 204 DELETE http://10.180.1.21/identity/v3/projects/1b40cc6b1dbe48b89b7b206b94a788e3 0.079s
2025-02-07 16:18:45.399 62958 INFO tempest.lib.common.rest_client [req-0877c2cb-90f5-4f30-bac6-4186f4a2f149 req-0877c2cb-90f5-4f30-bac6-4186f4a2f149 ] Request (VolumesAssistedSnapshotsTest:test_volume_assisted_snapshot_create_delete): 202 POST http://10.180.1.21/compute/v2.1/servers 1.693s
2025-02-07 16:18:45.399 62976 INFO tempest.lib.common.rest_client [req-9ad7a9ac-b404-4bbb-9b44-f132c5cb516f req-9ad7a9ac-b404-4bbb-9b44-f132c5cb516f ] Request (ServerDiagnosticsNegativeTest:setUpClass): 200 GET http://10.180.1.21/identity/v3/domains?name=Default 0.128s
2025-02-07 16:18:45.411 62954 INFO tempest.lib.common.rest_client [req-9a0a6540-48e3-49fb-a708-8d050a9e639f req-9a0a6540-48e3-49fb-a708-8d050a9e639f ] Request (QuotasAdminTestJSON:test_delete_quota): 200 GET http://10.180.1.21/compute/v2.1/os-quota-sets/e1b626c259b74d078d32b7e703d186de 1.539s
2025-02-07 16:18:45.425 62980 INFO tempest.lib.common.rest_client [req-cff6b037-e82c-4996-b451-79cdc0a50215 req-cff6b037-e82c-4996-b451-79cdc0a50215 ] Request (ServicesAdminTestJSON:setUpClass): 201 POST http://10.180.1.21/identity/v3/auth/tokens 0.077s
2025-02-07 16:18:45.428 62976 INFO tempest.lib.common.rest_client [req-791228ce-929a-4724-9347-edff45766e44 req-791228ce-929a-4724-9347-edff45766e44 ] Request (ServerDiagnosticsNegativeTest:setUpClass): 201 POST http://10.180.1.21/identity/v3/projects 0.028s
2025-02-07 16:18:45.552 62986 INFO tempest.lib.common.rest_client [req-2b2a3557-36d4-4632-9ae4-4e56f8c5d88a req-2b2a3557-36d4-4632-9ae4-4e56f8c5d88a ] Request (AggregatesAdminNegativeTestJSON:test_aggregate_add_host_as_user): 403 POST http://10.180.1.21/compute/v2.1/os-aggregates/2/action 1.650s
2025-02-07 16:18:45.559 62946 INFO tempest.lib.common.rest_client [req-58eafec6-83e8-4129-af36-4016c7a791aa req-58eafec6-83e8-4129-af36-4016c7a791aa ] Request (HypervisorAdminNegativeTestJSON:test_show_nonexistent_hypervisor): 404 GET http://10.180.1.21/compute/v2.1/os-hypervisors/cc94f499-af22-4330-a860-98a8b5eef022 1.655s
2025-02-07 16:18:45.569 62978 INFO tempest.lib.common.rest_client [req-84cf89bb-3dbf-4350-8cd8-11484fd99ebd req-84cf89bb-3dbf-4350-8cd8-11484fd99ebd ] Request (FlavorsExtraSpecsNegativeTestJSON:test_flavor_update_mismatch_key): 400 PUT http://10.180.1.21/compute/v2.1/flavors/1699264500/os-extra_specs/hw:numa_nodes 1.654s
2025-02-07 16:18:45.587 62970 INFO tempest.lib.common.rest_client [req-c2e3f96d-0e31-4d57-9935-d76ec2aa17ee req-c2e3f96d-0e31-4d57-9935-d76ec2aa17ee ] Request (FlavorsExtraSpecsTestJSON:test_flavor_set_get_update_show_unset_keys): 200 GET http://10.180.1.21/compute/v2.1/flavors/710426112/os-extra_specs 1.611s
2025-02-07 16:18:45.593 62952 INFO tempest.lib.common.rest_client [req-8d7ba07b-59e3-4e03-97cf-ea7a77a0a5c8 req-8d7ba07b-59e3-4e03-97cf-ea7a77a0a5c8 ] Request (HostsAdminNegativeTestJSON:test_startup_host_with_non_admin_user): 403 GET http://10.180.1.21/compute/v2.1/os-hosts/devstack/startup 1.602s
2025-02-07 16:18:45.594 62960 INFO tempest.lib.common.rest_client [req-31b8f67e-1091-4afa-9b31-77de9b481a6b req-31b8f67e-1091-4afa-9b31-77de9b481a6b ] Request (ServersWithSpecificFlavorTestJSON:test_verify_created_server_ephemeral_disk): 200 POST http://10.180.1.21/compute/v2.1/flavors/1731579996/os-extra_specs 1.658s
2025-02-07 16:18:45.610 62980 INFO tempest.lib.common.rest_client [req-3b1b4e3c-d613-4416-83f6-6d5055e7740b req-3b1b4e3c-d613-4416-83f6-6d5055e7740b ] Request (ServicesAdminTestJSON:setUpClass): 201 POST http://10.180.1.21/identity/v3/auth/tokens 0.183s
2025-02-07 16:18:45.617 62990 INFO tempest.lib.common.rest_client [req-a020b8b5-b872-4bf6-9434-e0e1a8385a56 req-a020b8b5-b872-4bf6-9434-e0e1a8385a56 ] Request (FlavorsAdminTestJSON:_run_cleanups): 202 DELETE http://10.180.1.21/compute/v2.1/flavors/397156418 1.603s
2025-02-07 16:18:45.620 62973 INFO tempest.lib.common.rest_client [req-d9a95525-1022-4af4-824f-097f5dcae8f0 req-d9a95525-1022-4af4-824f-097f5dcae8f0 ] Request (ServicesAdminNegativeV253TestJSON:test_get_service_with_valid_service_and_invalid_host): 200 GET http://10.180.1.21/compute/v2.1/os-services?host=xxx&binary=nova-scheduler 1.582s
2025-02-07 16:18:45.628 62954 INFO tempest.lib.common.rest_client [req-14d05a37-fe4f-44c5-97e4-530da446d618 req-14d05a37-fe4f-44c5-97e4-530da446d618 ] Request (QuotasAdminTestJSON:_run_cleanups): 204 DELETE http://10.180.1.21/identity/v3/projects/e1b626c259b74d078d32b7e703d186de 0.214s
2025-02-07 16:18:45.632 62932 INFO tempest.lib.common.rest_client [req-97aa6b96-bb94-445e-b21f-0eba0d55da74 req-97aa6b96-bb94-445e-b21f-0eba0d55da74 ] Request (FlavorsV2TestJSON:test_list_flavors_detailed_limit_results): 200 GET http://10.180.1.21/compute/v2.1/flavors/detail?limit=1 1.545s
2025-02-07 16:18:45.644 62950 INFO tempest.lib.common.rest_client [req-2af33666-18a6-4789-a50b-2e65db2b46e8 req-2af33666-18a6-4789-a50b-2e65db2b46e8 ] Request (FlavorsAccessNegativeTestJSON:test_flavor_access_list_with_public_flavor): 404 GET http://10.180.1.21/compute/v2.1/flavors/382167917/os-flavor-access 1.532s
2025-02-07 16:18:45.684 62976 INFO tempest.lib.common.rest_client [req-def7133b-3533-46ee-98c8-9daa1cc6ec76 req-def7133b-3533-46ee-98c8-9daa1cc6ec76 ] Request (ServerDiagnosticsNegativeTest:setUpClass): 201 POST http://10.180.1.21/identity/v3/users 0.256s
2025-02-07 16:18:45.702 62940 INFO tempest.lib.common.rest_client [req-85763a6b-943c-482d-b5b9-658047ecff1e req-85763a6b-943c-482d-b5b9-658047ecff1e ] Request (ServerExternalEventsTest:test_create_server_external_events): 200 GET http://10.180.1.21/compute/v2.1/servers/76de7063-a5a3-4f98-9057-14fce25e3371 1.408s
2025-02-07 16:18:45.708 62980 INFO tempest.lib.common.rest_client [req-c299cb46-9189-43e3-add9-c1cf383b8077 req-c299cb46-9189-43e3-add9-c1cf383b8077 ] Request (ServicesAdminTestJSON:setUpClass): 200 GET http://10.180.1.21/identity/v3/domains?name=Default 0.097s
2025-02-07 16:18:45.750 62936 INFO tempest.lib.common.rest_client [req-552543c4-2f29-43ea-bc2c-42823c618e27 req-552543c4-2f29-43ea-bc2c-42823c618e27 ] Request (KeyPairsV210TestJSON:test_admin_manage_keypairs_for_other_users): 201 POST http://10.180.1.21/compute/v2.1/os-keypairs 1.433s
2025-02-07 16:18:45.760 62946 INFO tempest.lib.common.rest_client [req-38aa2ee9-5504-472d-880e-b6ec5b8e1e6e req-38aa2ee9-5504-472d-880e-b6ec5b8e1e6e ] Request (HypervisorAdminNegativeTestJSON:tearDownClass): 204 DELETE http://10.180.1.21/identity/v3/users/edbb18ee025d41d0bd6623430164331d 0.198s
2025-02-07 16:18:45.770 62976 INFO tempest.lib.common.rest_client [req-6319cd78-a822-4865-8207-42142eaed88d req-6319cd78-a822-4865-8207-42142eaed88d ] Request (ServerDiagnosticsNegativeTest:setUpClass): 200 GET http://10.180.1.21/identity/v3/roles 0.085s
2025-02-07 16:18:45.807 62948 INFO tempest.lib.common.rest_client [req-ee8b3b50-be98-4af6-80ca-fd7f356090e8 req-ee8b3b50-be98-4af6-80ca-fd7f356090e8 ] Request (SecurityGroupRulesNegativeTestJSON:setUpClass): 201 POST http://10.180.1.21:9696/networking/v2.0/routers 1.704s
2025-02-07 16:18:45.838 62988 INFO tempest.lib.common.rest_client [req-ed058842-c7b1-4c52-8375-b33dcee8cd32 req-ed058842-c7b1-4c52-8375-b33dcee8cd32 ] Request (FloatingIPsAssociationTestJSON:setUpClass): 200 GET http://10.180.1.21/compute/v2.1/servers/aaaea473-cf12-456a-8c69-ee3e7656334c 1.500s
2025-02-07 16:18:45.864 62964 INFO tempest.lib.common.rest_client [req-80d4cb4e-f9e2-404a-8cef-d51877df1e01 req-80d4cb4e-f9e2-404a-8cef-d51877df1e01 ] Request (ServerAddressesTestJSON:setUpClass): 201 POST http://10.180.1.21:9696/networking/v2.0/networks 0.767s
2025-02-07 16:18:45.877 62980 INFO tempest.lib.common.rest_client [req-0c28839a-f651-4c7c-ae9b-f71e7faa732b req-0c28839a-f651-4c7c-ae9b-f71e7faa732b ] Request (ServicesAdminTestJSON:setUpClass): 201 POST http://10.180.1.21/identity/v3/projects 0.169s
2025-02-07 16:18:45.888 62946 INFO tempest.lib.common.rest_client [req-1cb0d325-c70a-4d78-a3c7-6b6ec9744933 req-1cb0d325-c70a-4d78-a3c7-6b6ec9744933 ] Request (HypervisorAdminNegativeTestJSON:tearDownClass): 204 DELETE http://10.180.1.21/identity/v3/users/963b4779c2af4ed781e413fa0fd6297b 0.128s
2025-02-07 16:18:45.888 62946 INFO tempest.lib.common.dynamic_creds [-] Deleting project and security group for project: 5f9b7d132a5f44789b2bb7a65fbb9a06
2025-02-07 16:18:45.922 62930 INFO tempest.lib.common.rest_client [req-a0afd480-f34a-4c00-82de-44da5246792b req-a0afd480-f34a-4c00-82de-44da5246792b ] Request (ServersAdminTestJSON:setUpClass): 200 GET http://10.180.1.21/compute/v2.1/servers/a7f0e157-fd31-4d6f-af3c-59b311ad974d 1.368s
2025-02-07 16:18:45.944 62968 INFO tempest.lib.common.rest_client [req-876855c3-05fe-46c6-9c04-64179e63d373 req-876855c3-05fe-46c6-9c04-64179e63d373 ] Request (QuotasAdminNegativeTest:test_create_server_when_instances_quota_is_full): 403 POST http://10.180.1.21/compute/v2.1/servers 1.813s
2025-02-07 16:18:45.952 62980 INFO tempest.lib.common.rest_client [req-e896bf5c-a59d-48ab-ab5a-f04e3f4b085a req-e896bf5c-a59d-48ab-ab5a-f04e3f4b085a ] Request (ServicesAdminTestJSON:setUpClass): 201 POST http://10.180.1.21/identity/v3/users 0.074s
2025-02-07 16:18:45.979 62946 INFO tempest.lib.common.rest_client [req-ef3c8638-d0b3-453a-91b1-1128df42c5ad req-ef3c8638-d0b3-453a-91b1-1128df42c5ad ] Request (HypervisorAdminNegativeTestJSON:tearDownClass): 201 POST http://10.180.1.21/identity/v3/auth/tokens 0.090s
2025-02-07 16:18:45.994 62976 INFO tempest.lib.common.rest_client [req-47847ccd-bf38-4ae6-87f1-a957da461d36 req-47847ccd-bf38-4ae6-87f1-a957da461d36 ] Request (ServerDiagnosticsNegativeTest:setUpClass): 204 PUT http://10.180.1.21/identity/v3/projects/abe827053d504b3a91f05e705cdea3fb/users/3a6072c422bf4ef4b32f651e9ea96b53/roles/7db651e6d73342dfba9ddea8ab57506a 0.223s
2025-02-07 16:18:45.994 62976 INFO tempest.lib.common.dynamic_creds [-] Dynamic test user 3a6072c422bf4ef4b32f651e9ea96b53 is created with scope project and roles: ['member']
2025-02-07 16:18:45.997 62976 INFO tempest.lib.common.dynamic_creds [-] Acquired dynamic creds: credentials: Credentials: {'domain_id': 'default', 'domain_name': 'Default', 'username': 'tempest-ServerDiagnosticsNegativeTest-2050289539-project-member', 'project_domain_id': 'default', 'project_domain_name': 'Default', 'project_id': 'abe827053d504b3a91f05e705cdea3fb', 'project_name': 'tempest-ServerDiagnosticsNegativeTest-2050289539', 'tenant_id': 'abe827053d504b3a91f05e705cdea3fb', 'tenant_name': 'tempest-ServerDiagnosticsNegativeTest-2050289539', 'user_domain_id': 'default', 'user_domain_name': 'Default', 'user_id': '3a6072c422bf4ef4b32f651e9ea96b53', 'system': None}, Network: None, Subnet: None, Router: None
2025-02-07 16:18:45.997 62976 INFO tempest.lib.common.dynamic_creds [-] Created isolated network resources for: credentials: Credentials: {'domain_id': 'default', 'domain_name': 'Default', 'username': 'tempest-ServerDiagnosticsNegativeTest-2050289539-project-member', 'project_domain_id': 'default', 'project_domain_name': 'Default', 'project_id': 'abe827053d504b3a91f05e705cdea3fb', 'project_name': 'tempest-ServerDiagnosticsNegativeTest-2050289539', 'tenant_id': 'abe827053d504b3a91f05e705cdea3fb', 'tenant_name': 'tempest-ServerDiagnosticsNegativeTest-2050289539', 'user_domain_id': 'default', 'user_domain_name': 'Default', 'user_id': '3a6072c422bf4ef4b32f651e9ea96b53', 'system': None}, Network: None, Subnet: None, Router: None
2025-02-07 16:18:46.034 62944 INFO tempest.lib.common.rest_client [req-e129518c-5908-4a44-8d0a-8281ccf28061 req-e129518c-5908-4a44-8d0a-8281ccf28061 ] Request (ServerDiagnosticsTest:test_get_server_diagnostics): 200 GET http://10.180.1.21/compute/v2.1/servers/33b468d7-3682-49cb-a4ad-1610abc8e2cb 1.391s
2025-02-07 16:18:46.099 62980 INFO tempest.lib.common.rest_client [req-060e0394-214c-4308-afd0-c3267aca57d0 req-060e0394-214c-4308-afd0-c3267aca57d0 ] Request (ServicesAdminTestJSON:setUpClass): 200 GET http://10.180.1.21/identity/v3/roles 0.147s
2025-02-07 16:18:46.209 62942 INFO tempest.lib.common.rest_client [req-f959a9f8-2232-4964-9c1a-11d28e72caba req-f959a9f8-2232-4964-9c1a-11d28e72caba ] Request (ImagesDeleteNegativeTestJSON:test_delete_image_blank_id): 404 DELETE http://10.180.1.21/compute/v2.1/images/ 1.110s
2025-02-07 16:18:46.221 62976 INFO tempest.lib.common.rest_client [req-496fa1cf-2135-4931-b007-d964659a412c req-496fa1cf-2135-4931-b007-d964659a412c ] Request (ServerDiagnosticsNegativeTest:setUpClass): 201 POST http://10.180.1.21/identity/v3/auth/tokens 0.220s
2025-02-07 16:18:46.240 62974 INFO tempest.lib.common.rest_client [req-36a701d2-b152-44a3-9a59-c625a854d992 req-36a701d2-b152-44a3-9a59-c625a854d992 ] Request (FlavorsAccessTestJSON:_run_cleanups): 202 DELETE http://10.180.1.21/compute/v2.1/flavors/1077046064 1.043s
2025-02-07 16:18:46.256 62980 INFO tempest.lib.common.rest_client [req-96f8165a-9ee6-4e9a-8256-d3fb1571208f req-96f8165a-9ee6-4e9a-8256-d3fb1571208f ] Request (ServicesAdminTestJSON:setUpClass): 204 PUT http://10.180.1.21/identity/v3/projects/c92fd9aa4c094ab79343b05982357f33/users/f3b15d3113ee498298d97f4c4b8ee5ba/roles/7db651e6d73342dfba9ddea8ab57506a 0.156s
2025-02-07 16:18:46.257 62980 INFO tempest.lib.common.dynamic_creds [-] Dynamic test user f3b15d3113ee498298d97f4c4b8ee5ba is created with scope project and roles: ['member']
2025-02-07 16:18:46.257 62980 INFO tempest.lib.common.dynamic_creds [-] Acquired dynamic creds: credentials: Credentials: {'domain_id': 'default', 'domain_name': 'Default', 'username': 'tempest-ServicesAdminTestJSON-296066432-project-member', 'project_domain_id': 'default', 'project_domain_name': 'Default', 'project_id': 'c92fd9aa4c094ab79343b05982357f33', 'project_name': 'tempest-ServicesAdminTestJSON-296066432', 'tenant_id': 'c92fd9aa4c094ab79343b05982357f33', 'tenant_name': 'tempest-ServicesAdminTestJSON-296066432', 'user_domain_id': 'default', 'user_domain_name': 'Default', 'user_id': 'f3b15d3113ee498298d97f4c4b8ee5ba', 'system': None}, Network: None, Subnet: None, Router: None
2025-02-07 16:18:46.257 62980 INFO tempest.lib.common.dynamic_creds [-] Created isolated network resources for: credentials: Credentials: {'domain_id': 'default', 'domain_name': 'Default', 'username': 'tempest-ServicesAdminTestJSON-296066432-project-member', 'project_domain_id': 'default', 'project_domain_name': 'Default', 'project_id': 'c92fd9aa4c094ab79343b05982357f33', 'project_name': 'tempest-ServicesAdminTestJSON-296066432', 'tenant_id': 'c92fd9aa4c094ab79343b05982357f33', 'tenant_name': 'tempest-ServicesAdminTestJSON-296066432', 'user_domain_id': 'default', 'user_domain_name': 'Default', 'user_id': 'f3b15d3113ee498298d97f4c4b8ee5ba', 'system': None}, Network: None, Subnet: None, Router: None
2025-02-07 16:18:46.284 62962 INFO tempest.lib.common.rest_client [req-486d3b14-2483-4890-b2c9-2b938d312a40 req-486d3b14-2483-4890-b2c9-2b938d312a40 ] Request (ServersAdmin275Test:test_rebuild_update_server_275): 202 POST http://10.180.1.21/compute/v2.1/servers 1.714s
2025-02-07 16:18:46.337 62964 INFO tempest.lib.common.rest_client [req-4113bb07-68b7-4be3-872b-b095b2759673 req-4113bb07-68b7-4be3-872b-b095b2759673 ] Request (ServerAddressesTestJSON:setUpClass): 201 POST http://10.180.1.21:9696/networking/v2.0/subnets 0.472s
2025-02-07 16:18:46.341 62958 INFO tempest.lib.common.rest_client [req-f1bc619c-7d2b-47d7-960f-c888f88fd981 req-f1bc619c-7d2b-47d7-960f-c888f88fd981 ] Request (VolumesAssistedSnapshotsTest:test_volume_assisted_snapshot_create_delete): 200 GET http://10.180.1.21/compute/v2.1/servers/31c1303a-ec34-4a3c-8d76-413fe8ddbb6f 0.938s
2025-02-07 16:18:46.378 62966 INFO tempest.lib.common.rest_client [req-97affbe2-80d4-4c2f-9c17-5a3639e60f3c req-97affbe2-80d4-4c2f-9c17-5a3639e60f3c ] Request (SecurityGroupRulesTestJSON:setUpClass): 200 PUT http://10.180.1.21:9696/networking/v2.0/routers/54b30c58-c60a-4b4c-a09f-0d6345a2a3d6/add_router_interface 1.724s
2025-02-07 16:18:46.378 62966 INFO tempest.lib.common.dynamic_creds [-] Created isolated network resources for: credentials: Credentials: {'domain_id': 'default', 'domain_name': 'Default', 'username': 'tempest-SecurityGroupRulesTestJSON-1102263598-project-member', 'project_domain_id': 'default', 'project_domain_name': 'Default', 'project_id': '5ac9bde7fa9f4fa1a8b48ff52d0a69f7', 'project_name': 'tempest-SecurityGroupRulesTestJSON-1102263598', 'tenant_id': '5ac9bde7fa9f4fa1a8b48ff52d0a69f7', 'tenant_name': 'tempest-SecurityGroupRulesTestJSON-1102263598', 'user_domain_id': 'default', 'user_domain_name': 'Default', 'user_id': '73d591c01a744bd0bec2b1eae58c6ffc', 'system': None}, Network: {'id': '8cc137dd-ef99-4298-8b4d-5372923fb756', 'name': 'tempest-SecurityGroupRulesTestJSON-1179131729-network', 'tenant_id': '5ac9bde7fa9f4fa1a8b48ff52d0a69f7', 'admin_state_up': True, 'mtu': 8950, 'status': 'ACTIVE', 'subnets': [], 'shared': False, 'project_id': '5ac9bde7fa9f4fa1a8b48ff52d0a69f7', 'port_security_enabled': True, 'router:external': False, 'provider:network_type': 'vlan', 'provider:physical_network': 'default', 'provider:segmentation_id': 508, 'availability_zone_hints': [], 'availability_zones': [], 'ipv4_address_scope': None, 'ipv6_address_scope': None, 'description': '', 'tags': [], 'created_at': '2025-02-07T16:18:42Z', 'updated_at': '2025-02-07T16:18:42Z', 'revision_number': 1}, Subnet: {'id': '7e59450f-361b-4e94-bf3c-09fcaff175da', 'name': 'tempest-SecurityGroupRulesTestJSON-1179131729-subnet', 'tenant_id': '5ac9bde7fa9f4fa1a8b48ff52d0a69f7', 'network_id': '8cc137dd-ef99-4298-8b4d-5372923fb756', 'ip_version': 4, 'subnetpool_id': None, 'enable_dhcp': True, 'ipv6_ra_mode': None, 'ipv6_address_mode': None, 'gateway_ip': '192.168.128.1', 'cidr': '192.168.128.0/28', 'allocation_pools': [{'start': '192.168.128.2', 'end': '192.168.128.14'}], 'host_routes': [], 'dns_nameservers': [], 'description': '', 'router:external': False, 'service_types': [], 'tags': [], 'created_at': '2025-02-07T16:18:42Z', 'updated_at': '2025-02-07T16:18:42Z', 'revision_number': 0, 'project_id': '5ac9bde7fa9f4fa1a8b48ff52d0a69f7'}, Router: {'id': '54b30c58-c60a-4b4c-a09f-0d6345a2a3d6', 'name': 'tempest-SecurityGroupRulesTestJSON-1179131729-router', 'tenant_id': '5ac9bde7fa9f4fa1a8b48ff52d0a69f7', 'admin_state_up': True, 'status': 'ACTIVE', 'external_gateway_info': {'network_id': '16184442-abb1-469b-9298-7fa525e335f9', 'external_fixed_ips': [{'subnet_id': 'ecc066ac-c9b1-4bcd-a606-f2b1901bde9b', 'ip_address': '10.180.180.251'}], 'enable_snat': True}, 'description': '', 'availability_zones': [], 'distributed': False, 'ha': False, 'availability_zone_hints': [], 'routes': [], 'flavor_id': None, 'tags': [], 'created_at': '2025-02-07T16:18:43Z', 'updated_at': '2025-02-07T16:18:44Z', 'revision_number': 2, 'project_id': '5ac9bde7fa9f4fa1a8b48ff52d0a69f7'}
2025-02-07 16:18:46.385 62976 INFO tempest.lib.common.rest_client [req-3b1b5e93-4150-437e-863b-8f89c7379b8f req-3b1b5e93-4150-437e-863b-8f89c7379b8f ] Request (ServerDiagnosticsNegativeTest:setUpClass): 201 POST http://10.180.1.21/identity/v3/projects 0.163s
2025-02-07 16:18:46.400 62980 INFO tempest.lib.common.rest_client [req-7ec20a11-d733-482f-a4bd-f3507c7992cf req-7ec20a11-d733-482f-a4bd-f3507c7992cf ] Request (ServicesAdminTestJSON:setUpClass): 201 POST http://10.180.1.21/identity/v3/auth/tokens 0.135s
2025-02-07 16:18:46.500 62946 INFO tempest.lib.common.rest_client [req-9ffd660a-ee78-47b1-9784-e583a9eade61 req-9ffd660a-ee78-47b1-9784-e583a9eade61 ] Request (HypervisorAdminNegativeTestJSON:tearDownClass): 200 GET http://10.180.1.21:9696/networking/v2.0/security-groups?tenant_id=5f9b7d132a5f44789b2bb7a65fbb9a06&name=default 0.521s
2025-02-07 16:18:46.520 62976 INFO tempest.lib.common.rest_client [req-432c77d9-5afd-40c0-b92a-618a05f68b98 req-432c77d9-5afd-40c0-b92a-618a05f68b98 ] Request (ServerDiagnosticsNegativeTest:setUpClass): 201 POST http://10.180.1.21/identity/v3/users 0.134s
