2025-02-09 03:58:21.421 64691 INFO tempest.lib.common.rest_client [req-10f79174-a34a-49a6-97ff-83086a00c2f0 req-10f79174-a34a-49a6-97ff-83086a00c2f0 ] Request (MultipleCreateTestJSON:_run_cleanups): 200 GET http://10.180.1.21/compute/v2.1/servers/135e1397-4b80-4b39-a974-b77abab208d1 0.064s
2025-02-09 03:58:21.467 64715 INFO tempest.lib.common.rest_client [req-c6f2cecf-338b-4276-a703-77346c51db1d req-c6f2cecf-338b-4276-a703-77346c51db1d ] Request (DeleteServersTestJSON:test_delete_server_while_in_building_state): 201 POST http://10.180.1.21/identity/v3/auth/tokens 0.062s
2025-02-09 03:58:21.467 64715 INFO tempest.lib.common.fixed_network [-] (DeleteServersTestJSON:test_delete_server_while_in_building_state) Found network {'id': '447b4288-dc22-4f3f-a712-acac48ee26df', 'name': 'tempest-DeleteServersTestJSON-1993395054-network', 'tenant_id': 'a7ca946b3288432596529a8297704e94', 'admin_state_up': True, 'mtu': 8950, 'status': 'ACTIVE', 'subnets': [], 'shared': False, 'project_id': 'a7ca946b3288432596529a8297704e94', 'port_security_enabled': True, 'router:external': False, 'provider:network_type': 'vlan', 'provider:physical_network': 'default', 'provider:segmentation_id': 769, 'availability_zone_hints': [], 'availability_zones': [], 'ipv4_address_scope': None, 'ipv6_address_scope': None, 'description': '', 'tags': [], 'created_at': '2025-02-09T03:55:46Z', 'updated_at': '2025-02-09T03:55:46Z', 'revision_number': 1} available for tenant
2025-02-09 03:58:21.478 64741 INFO tempest.lib.common.rest_client [req-14e73f94-3510-4802-a599-19f472f20686 req-14e73f94-3510-4802-a599-19f472f20686 ] Request (ListServerFiltersTestJSON:tearDownClass): 200 GET http://10.180.1.21/compute/v2.1/servers/a8d58ed6-dc84-4bc5-b7ba-d3e38aa13f64 0.061s
2025-02-09 03:58:21.533 64723 INFO tempest.lib.common.rest_client [req-08e3bdac-6318-4f19-a303-618577651bbe req-08e3bdac-6318-4f19-a303-618577651bbe ] Request (ImagesTestJSON:test_create_server_from_snapshot): 200 GET http://10.180.1.21/compute/v2.1/servers/ea621953-3fd8-43f2-950b-4acd654f7483 0.066s
2025-02-09 03:58:21.588 64693 INFO tempest.lib.common.rest_client [req-92cb3f87-046b-45ce-8c1b-529acbee9c9d req-92cb3f87-046b-45ce-8c1b-529acbee9c9d ] Request (ServerExternalEventsTest:test_create_server_external_events): 200 GET http://10.180.1.21/compute/v2.1/servers/7c862cbf-e7fb-44a1-b19c-f6b1355b0721 0.066s
2025-02-09 03:58:21.645 64705 INFO tempest.lib.common.rest_client [req-5f7279c8-117f-488c-9d0b-321aaac987da req-5f7279c8-117f-488c-9d0b-321aaac987da ] Request (ServersTestManualDisk:setUpClass): 200 GET http://10.180.1.21/compute/v2.1/servers/82535807-3e38-4b5e-94f8-5a1efe98541f 0.070s
2025-02-09 03:58:21.711 64685 INFO tempest.lib.common.rest_client [req-1186a4cc-1af0-4297-af35-041dbebb0ca8 req-1186a4cc-1af0-4297-af35-041dbebb0ca8 ] Request (ServerAddressesTestJSON:setUpClass): 200 GET http://10.180.1.21/compute/v2.1/servers/7d8cc18f-ed32-486f-a977-64ca7068be9e 0.081s
2025-02-09 03:58:21.828 64715 INFO tempest.lib.common.rest_client [req-9079fbc1-188d-4390-bda9-fccf867d9f97 req-9079fbc1-188d-4390-bda9-fccf867d9f97 ] Request (DeleteServersTestJSON:test_delete_server_while_in_building_state): 202 POST http://10.180.1.21/compute/v2.1/servers 0.361s
2025-02-09 03:58:21.895 64733 INFO tempest.lib.common.rest_client [req-54c56d64-903f-4be4-aa78-9dacf993baf1 req-54c56d64-903f-4be4-aa78-9dacf993baf1 ] Request (ServerMetadataNegativeTestJSON:tearDownClass): 200 GET http://10.180.1.21/compute/v2.1/servers/f9039857-5f06-4c52-9240-a4f854f08b45 0.085s
2025-02-09 03:58:21.949 64715 INFO tempest.lib.common.rest_client [req-ad4f7290-bd07-4cc6-97d2-b72c6b81dbcf req-ad4f7290-bd07-4cc6-97d2-b72c6b81dbcf ] Request (DeleteServersTestJSON:test_delete_server_while_in_building_state): 200 GET http://10.180.1.21/compute/v2.1/servers/657df72f-a902-482b-8ab5-1a6e5a4301a1 0.119s
2025-02-09 03:58:21.980 64719 INFO tempest.lib.common.rest_client [req-202362a7-6962-4aec-bc75-7b05925deff3 req-202362a7-6962-4aec-bc75-7b05925deff3 ] Request (ListImageFiltersTestJSON:setUpClass): 200 GET http://10.180.1.21/compute/v2.1/servers/11a2adc4-81ca-4694-ab3c-866a1b99c581 0.172s
2025-02-09 03:58:22.016 64695 INFO tempest.lib.common.rest_client [req-8c5ffcc5-9167-416d-a27a-bfb08b41710f req-8c5ffcc5-9167-416d-a27a-bfb08b41710f ] Request (ServersWithSpecificFlavorTestJSON:test_verify_created_server_ephemeral_disk): 200 GET http://10.180.1.21/compute/v2.1/servers/e0e50df5-f03a-4962-8c77-c2fa225ba313 0.133s
2025-02-09 03:58:22.053 64721 INFO tempest.lib.common.rest_client [req-4a9a3ec3-b36e-40f2-944e-a70e353f816f req-4a9a3ec3-b36e-40f2-944e-a70e353f816f ] Request (MigrationsAdminTest:test_resize_server_revert_deleted_flavor): 200 GET http://10.180.1.21/compute/v2.1/servers/2dbf5674-95b1-41b6-b4a4-c4912fafeebc 0.100s
2025-02-09 03:58:22.108 64699 INFO tempest.lib.common.rest_client [req-67d31d4b-cea9-45f2-b8ec-3138c12ce894 req-67d31d4b-cea9-45f2-b8ec-3138c12ce894 ] Request (SecurityGroupsTestJSON:test_list_security_groups_by_server): 200 GET http://10.180.1.21/compute/v2.1/servers/ca2aa06c-914f-498c-9951-c588c07f07b0 0.146s
2025-02-09 03:58:22.119 64715 INFO tempest.lib.common.rest_client [req-bc4f0cbc-51b5-4047-84d0-1c1415203006 req-bc4f0cbc-51b5-4047-84d0-1c1415203006 ] Request (DeleteServersTestJSON:test_delete_server_while_in_building_state): 204 DELETE http://10.180.1.21/compute/v2.1/servers/657df72f-a902-482b-8ab5-1a6e5a4301a1 0.161s
2025-02-09 03:58:22.124 64717 WARNING tempest.lib.common.ssh [-] Failed to establish authenticated ssh connection to cirros@10.180.180.167 ([Errno None] Unable to connect to port 22 on 10.180.180.167). Number attempts: 4. Retry after 5 seconds.: paramiko.ssh_exception.NoValidConnectionsError: [Errno None] Unable to connect to port 22 on 10.180.180.167
2025-02-09 03:58:22.138 64715 INFO tempest.lib.common.rest_client [req-03ba2909-8ad5-4696-809e-de7f58f678e1 req-03ba2909-8ad5-4696-809e-de7f58f678e1 ] Request (DeleteServersTestJSON:test_delete_server_while_in_building_state): 404 GET http://10.180.1.21/compute/v2.1/servers/657df72f-a902-482b-8ab5-1a6e5a4301a1 0.018s
2025-02-09 03:58:22.178 64715 INFO tempest.lib.common.rest_client [req-172b1be6-b581-49cc-890f-ce7123b0d058 req-172b1be6-b581-49cc-890f-ce7123b0d058 ] Request (DeleteServersTestJSON:test_delete_server_while_in_shelved_state): 201 POST http://10.180.1.21/identity/v3/auth/tokens 0.037s
2025-02-09 03:58:22.179 64715 INFO tempest.lib.common.fixed_network [-] (DeleteServersTestJSON:test_delete_server_while_in_shelved_state) Found network {'id': '447b4288-dc22-4f3f-a712-acac48ee26df', 'name': 'tempest-DeleteServersTestJSON-1993395054-network', 'tenant_id': 'a7ca946b3288432596529a8297704e94', 'admin_state_up': True, 'mtu': 8950, 'status': 'ACTIVE', 'subnets': [], 'shared': False, 'project_id': 'a7ca946b3288432596529a8297704e94', 'port_security_enabled': True, 'router:external': False, 'provider:network_type': 'vlan', 'provider:physical_network': 'default', 'provider:segmentation_id': 769, 'availability_zone_hints': [], 'availability_zones': [], 'ipv4_address_scope': None, 'ipv6_address_scope': None, 'description': '', 'tags': [], 'created_at': '2025-02-09T03:55:46Z', 'updated_at': '2025-02-09T03:55:46Z', 'revision_number': 1} available for tenant
2025-02-09 03:58:22.180 64707 INFO tempest.lib.common.rest_client [req-2df1efdd-b46c-409b-af1c-e4923bbfffde req-2df1efdd-b46c-409b-af1c-e4923bbfffde ] Request (ServerMetadataTestJSON:setUpClass): 201 POST http://10.180.1.21:9696/networking/v2.0/routers 0.951s
2025-02-09 03:58:22.229 64731 INFO tempest.lib.common.rest_client [req-9d460706-72b7-46cc-bd22-c9e35bb6f3a1 req-9d460706-72b7-46cc-bd22-c9e35bb6f3a1 ] Request (ServerDiagnosticsTest:tearDownClass): 200 GET http://10.180.1.21/compute/v2.1/servers/50f6d892-f128-4f5c-bfc4-6b9a34661950 0.110s
2025-02-09 03:58:22.255 64727 INFO tempest.lib.common.rest_client [req-fd529bdf-7518-4fa2-b75f-cc709e30db17 req-fd529bdf-7518-4fa2-b75f-cc709e30db17 ] Request (FloatingIPsAssociationTestJSON:test_associate_already_associated_floating_ip): 200 GET http://10.180.1.21/compute/v2.1/servers/7d05894a-50a1-4611-8a91-7b5d53bf586b 0.078s
2025-02-09 03:58:22.337 64701 INFO tempest.lib.common.rest_client [req-6206ea13-ba0f-4af5-bcaf-87eb5e77af39 req-6206ea13-ba0f-4af5-bcaf-87eb5e77af39 ] Request (AttachVolumeShelveTestJSON:test_attach_volume_shelved_or_offload_server): 200 GET http://10.180.1.21/compute/v2.1/servers/1847f2ce-e0f4-4953-9e2b-7db25926e95d 0.073s
2025-02-09 03:58:22.569 64715 INFO tempest.lib.common.rest_client [req-646e6479-e072-4f54-b9f3-a68e57ddefe4 req-646e6479-e072-4f54-b9f3-a68e57ddefe4 ] Request (DeleteServersTestJSON:test_delete_server_while_in_shelved_state): 202 POST http://10.180.1.21/compute/v2.1/servers 0.389s
2025-02-09 03:58:22.587 64729 INFO tempest.lib.common.rest_client [req-a103df2d-e574-4a12-9aa1-bdf8ea65f10f req-a103df2d-e574-4a12-9aa1-bdf8ea65f10f ] Request (ServersTestJSON:test_create_server_specify_multibyte_character_name): 200 GET http://10.180.1.21/compute/v2.1/servers/6daee122-5622-4804-bd63-a292c4e59e45 0.302s
2025-02-09 03:58:22.595 64729 INFO tempest.common.waiters [-] State transition "BUILD/scheduling" ==> "BUILD/None" after 25 second wait
2025-02-09 03:58:22.621 64725 INFO tempest.lib.common.rest_client [req-959b637c-f87f-4c76-a21f-b34246fcc5bd req-959b637c-f87f-4c76-a21f-b34246fcc5bd ] Request (ServerGroupTestJSON:test_create_server_with_scheduler_hint_group): 200 GET http://10.180.1.21/compute/v2.1/servers/1cfdf522-cbe8-46c1-9bd0-d5f687f043cd 0.313s
2025-02-09 03:58:22.664 64743 INFO tempest.lib.common.rest_client [req-7784b87e-e9b7-4919-a19d-7389bd44c737 req-7784b87e-e9b7-4919-a19d-7389bd44c737 ] Request (ServersAdminNegativeTestJSON:tearDownClass): 200 GET http://10.180.1.21/compute/v2.1/servers/24265a32-860b-44ea-b35b-3c3972e00d41 0.310s
2025-02-09 03:58:22.679 64737 INFO tempest.lib.common.rest_client [req-6b59b696-7756-42aa-a88a-f190a7375df5 req-6b59b696-7756-42aa-a88a-f190a7375df5 ] Request (ServerRescueNegativeTestJSON:test_rescued_vm_detach_volume): 200 GET http://10.180.1.21/compute/v2.1/servers/9310c2ce-0209-438c-bbff-9171de4181e0 0.317s
2025-02-09 03:58:22.740 64691 INFO tempest.lib.common.rest_client [req-28445999-92f7-414b-a027-482400a38293 req-28445999-92f7-414b-a027-482400a38293 ] Request (MultipleCreateTestJSON:_run_cleanups): 200 GET http://10.180.1.21/compute/v2.1/servers/135e1397-4b80-4b39-a974-b77abab208d1 0.312s
2025-02-09 03:58:22.760 64697 INFO tempest.lib.common.rest_client [req-2187573c-8b71-4a4f-a0b3-22d2800bb558 req-2187573c-8b71-4a4f-a0b3-22d2800bb558 ] Request (ServersNegativeTestMultiTenantJSON:tearDownClass): 200 GET http://10.180.1.21/compute/v2.1/servers/aa78caf1-57b9-43ab-9dfb-8418d0c8cb34 0.346s
2025-02-09 03:58:22.810 64741 INFO tempest.lib.common.rest_client [req-22096faf-2fa1-4011-b10d-b024fe50b6f6 req-22096faf-2fa1-4011-b10d-b024fe50b6f6 ] Request (ListServerFiltersTestJSON:tearDownClass): 200 GET http://10.180.1.21/compute/v2.1/servers/a8d58ed6-dc84-4bc5-b7ba-d3e38aa13f64 0.325s
2025-02-09 03:58:22.829 64723 INFO tempest.lib.common.rest_client [req-3a5cf3fa-8ca2-4a65-90f1-ec5e1228b130 req-3a5cf3fa-8ca2-4a65-90f1-ec5e1228b130 ] Request (ImagesTestJSON:test_create_server_from_snapshot): 200 GET http://10.180.1.21/compute/v2.1/servers/ea621953-3fd8-43f2-950b-4acd654f7483 0.287s
2025-02-09 03:58:22.855 64715 INFO tempest.lib.common.rest_client [req-090c6687-1ffa-4043-b158-b4c63cbaa89c req-090c6687-1ffa-4043-b158-b4c63cbaa89c ] Request (DeleteServersTestJSON:test_delete_server_while_in_shelved_state): 200 GET http://10.180.1.21/compute/v2.1/servers/8d938a9b-3fb3-452d-9a19-531221fa01a2 0.284s
2025-02-09 03:58:22.896 64693 INFO tempest.lib.common.rest_client [req-6d0bcf24-d908-4a47-bd9f-dc7bef562178 req-6d0bcf24-d908-4a47-bd9f-dc7bef562178 ] Request (ServerExternalEventsTest:test_create_server_external_events): 200 GET http://10.180.1.21/compute/v2.1/servers/7c862cbf-e7fb-44a1-b19c-f6b1355b0721 0.299s
2025-02-09 03:58:22.920 64705 INFO tempest.lib.common.rest_client [req-de2a4fd8-adcc-40e5-a272-b50633f62438 req-de2a4fd8-adcc-40e5-a272-b50633f62438 ] Request (ServersTestManualDisk:setUpClass): 200 GET http://10.180.1.21/compute/v2.1/servers/82535807-3e38-4b5e-94f8-5a1efe98541f 0.266s
2025-02-09 03:58:22.966 64685 INFO tempest.lib.common.rest_client [req-75cea02b-87ea-4094-80d0-d8f3e9855041 req-75cea02b-87ea-4094-80d0-d8f3e9855041 ] Request (ServerAddressesTestJSON:setUpClass): 200 GET http://10.180.1.21/compute/v2.1/servers/7d8cc18f-ed32-486f-a977-64ca7068be9e 0.240s
2025-02-09 03:58:23.008 64733 INFO tempest.lib.common.rest_client [req-03f7c5d0-87cd-45fd-a452-bd97e8da3af6 req-03f7c5d0-87cd-45fd-a452-bd97e8da3af6 ] Request (ServerMetadataNegativeTestJSON:tearDownClass): 200 GET http://10.180.1.21/compute/v2.1/servers/f9039857-5f06-4c52-9240-a4f854f08b45 0.103s
2025-02-09 03:58:23.089 64695 INFO tempest.lib.common.rest_client [req-072e718a-d206-44c2-911e-137beb58e0f8 req-072e718a-d206-44c2-911e-137beb58e0f8 ] Request (ServersWithSpecificFlavorTestJSON:test_verify_created_server_ephemeral_disk): 200 GET http://10.180.1.21/compute/v2.1/servers/e0e50df5-f03a-4962-8c77-c2fa225ba313 0.065s
2025-02-09 03:58:23.142 64721 INFO tempest.lib.common.rest_client [req-ddd2adbb-9666-45bf-934b-2a8f55adf805 req-ddd2adbb-9666-45bf-934b-2a8f55adf805 ] Request (MigrationsAdminTest:test_resize_server_revert_deleted_flavor): 200 GET http://10.180.1.21/compute/v2.1/servers/2dbf5674-95b1-41b6-b4a4-c4912fafeebc 0.078s
2025-02-09 03:58:23.186 64719 INFO tempest.lib.common.rest_client [req-6918c3ca-9837-4410-a492-e8e77de9a4ff req-6918c3ca-9837-4410-a492-e8e77de9a4ff ] Request (ListImageFiltersTestJSON:setUpClass): 200 GET http://10.180.1.21/compute/v2.1/servers/11a2adc4-81ca-4694-ab3c-866a1b99c581 0.199s
2025-02-09 03:58:23.223 64699 INFO tempest.lib.common.rest_client [req-986ed289-fad7-4790-b3e2-c35b3e710e53 req-986ed289-fad7-4790-b3e2-c35b3e710e53 ] Request (SecurityGroupsTestJSON:test_list_security_groups_by_server): 200 GET http://10.180.1.21/compute/v2.1/servers/ca2aa06c-914f-498c-9951-c588c07f07b0 0.106s
2025-02-09 03:58:23.400 64727 INFO tempest.lib.common.rest_client [req-cc7e4ae0-2de1-484c-8151-afc3d531c970 req-cc7e4ae0-2de1-484c-8151-afc3d531c970 ] Request (FloatingIPsAssociationTestJSON:test_associate_already_associated_floating_ip): 200 GET http://10.180.1.21/compute/v2.1/servers/7d05894a-50a1-4611-8a91-7b5d53bf586b 0.135s
2025-02-09 03:58:23.432 64731 INFO tempest.lib.common.rest_client [req-5eef30ee-3e86-4812-92e2-0ac450a36715 req-5eef30ee-3e86-4812-92e2-0ac450a36715 ] Request (ServerDiagnosticsTest:tearDownClass): 200 GET http://10.180.1.21/compute/v2.1/servers/50f6d892-f128-4f5c-bfc4-6b9a34661950 0.193s
2025-02-09 03:58:23.464 64701 INFO tempest.lib.common.rest_client [req-fd43e69a-253d-4c99-9a83-2eaa7ca055b8 req-fd43e69a-253d-4c99-9a83-2eaa7ca055b8 ] Request (AttachVolumeShelveTestJSON:test_attach_volume_shelved_or_offload_server): 200 GET http://10.180.1.21/compute/v2.1/servers/1847f2ce-e0f4-4953-9e2b-7db25926e95d 0.115s
2025-02-09 03:58:23.473 64701 INFO tempest.common.waiters [-] State transition "BUILD/None" ==> "BUILD/networking" after 61 second wait
2025-02-09 03:58:23.688 64729 INFO tempest.lib.common.rest_client [req-ddebf248-800c-4104-a583-18420b12f4c7 req-ddebf248-800c-4104-a583-18420b12f4c7 ] Request (ServersTestJSON:test_create_server_specify_multibyte_character_name): 200 GET http://10.180.1.21/compute/v2.1/servers/6daee122-5622-4804-bd63-a292c4e59e45 0.092s
2025-02-09 03:58:23.737 64725 INFO tempest.lib.common.rest_client [req-468ee665-b5e1-4df1-b572-a41ac5a20c87 req-468ee665-b5e1-4df1-b572-a41ac5a20c87 ] Request (ServerGroupTestJSON:test_create_server_with_scheduler_hint_group): 200 GET http://10.180.1.21/compute/v2.1/servers/1cfdf522-cbe8-46c1-9bd0-d5f687f043cd 0.104s
2025-02-09 03:58:23.768 64743 INFO tempest.lib.common.rest_client [req-66c720b2-ed2b-4f52-b117-bdec94d17767 req-66c720b2-ed2b-4f52-b117-bdec94d17767 ] Request (ServersAdminNegativeTestJSON:tearDownClass): 200 GET http://10.180.1.21/compute/v2.1/servers/24265a32-860b-44ea-b35b-3c3972e00d41 0.092s
2025-02-09 03:58:23.813 64737 INFO tempest.lib.common.rest_client [req-551d58ce-6bc9-4467-8f5e-df1b02fffb14 req-551d58ce-6bc9-4467-8f5e-df1b02fffb14 ] Request (ServerRescueNegativeTestJSON:test_rescued_vm_detach_volume): 200 GET http://10.180.1.21/compute/v2.1/servers/9310c2ce-0209-438c-bbff-9171de4181e0 0.115s
2025-02-09 03:58:23.871 64691 INFO tempest.lib.common.rest_client [req-865d8e56-7356-4d9a-a278-c3cc8a6dc026 req-865d8e56-7356-4d9a-a278-c3cc8a6dc026 ] Request (MultipleCreateTestJSON:_run_cleanups): 200 GET http://10.180.1.21/compute/v2.1/servers/135e1397-4b80-4b39-a974-b77abab208d1 0.117s
2025-02-09 03:58:23.893 64697 INFO tempest.lib.common.rest_client [req-92f8b56a-29f5-44f3-a9ea-65fcefca38b7 req-92f8b56a-29f5-44f3-a9ea-65fcefca38b7 ] Request (ServersNegativeTestMultiTenantJSON:tearDownClass): 200 GET http://10.180.1.21/compute/v2.1/servers/aa78caf1-57b9-43ab-9dfb-8418d0c8cb34 0.121s
2025-02-09 03:58:23.900 64707 INFO tempest.lib.common.rest_client [req-18412080-1270-4322-866b-f3deee4f5117 req-18412080-1270-4322-866b-f3deee4f5117 ] Request (ServerMetadataTestJSON:setUpClass): 200 PUT http://10.180.1.21:9696/networking/v2.0/routers/7a2316bc-96a0-48d5-892e-d426810971e7/add_router_interface 1.719s
2025-02-09 03:58:23.900 64707 INFO tempest.lib.common.dynamic_creds [-] Created isolated network resources for: credentials: Credentials: {'domain_id': 'default', 'domain_name': 'Default', 'username': 'tempest-ServerMetadataTestJSON-2114335708-project-member', 'project_domain_id': 'default', 'project_domain_name': 'Default', 'project_id': 'fa6b463960b54391888a9dec9ac610ad', 'project_name': 'tempest-ServerMetadataTestJSON-2114335708', 'tenant_id': 'fa6b463960b54391888a9dec9ac610ad', 'tenant_name': 'tempest-ServerMetadataTestJSON-2114335708', 'user_domain_id': 'default', 'user_domain_name': 'Default', 'user_id': '7d0c079457284e90819debda73557bcc', 'system': None}, Network: {'id': 'b87fd1a3-ed7a-48a2-bde6-211b3d324c42', 'name': 'tempest-ServerMetadataTestJSON-1812090277-network', 'tenant_id': 'fa6b463960b54391888a9dec9ac610ad', 'admin_state_up': True, 'mtu': 8950, 'status': 'ACTIVE', 'subnets': [], 'shared': False, 'project_id': 'fa6b463960b54391888a9dec9ac610ad', 'port_security_enabled': True, 'router:external': False, 'provider:network_type': 'vlan', 'provider:physical_network': 'default', 'provider:segmentation_id': 744, 'availability_zone_hints': [], 'availability_zones': [], 'ipv4_address_scope': None, 'ipv6_address_scope': None, 'description': '', 'tags': [], 'created_at': '2025-02-09T03:58:20Z', 'updated_at': '2025-02-09T03:58:20Z', 'revision_number': 1}, Subnet: {'id': '15f30509-05b3-4b84-acc0-f28fa15e09d5', 'name': 'tempest-ServerMetadataTestJSON-1812090277-subnet', 'tenant_id': 'fa6b463960b54391888a9dec9ac610ad', 'network_id': 'b87fd1a3-ed7a-48a2-bde6-211b3d324c42', 'ip_version': 4, 'subnetpool_id': None, 'enable_dhcp': True, 'ipv6_ra_mode': None, 'ipv6_address_mode': None, 'gateway_ip': '192.168.128.1', 'cidr': '192.168.128.0/28', 'allocation_pools': [{'start': '192.168.128.2', 'end': '192.168.128.14'}], 'host_routes': [], 'dns_nameservers': [], 'description': '', 'router:external': False, 'service_types': [], 'tags': [], 'created_at': '2025-02-09T03:58:21Z', 'updated_at': '2025-02-09T03:58:21Z', 'revision_number': 0, 'project_id': 'fa6b463960b54391888a9dec9ac610ad'}, Router: {'id': '7a2316bc-96a0-48d5-892e-d426810971e7', 'name': 'tempest-ServerMetadataTestJSON-1812090277-router', 'tenant_id': 'fa6b463960b54391888a9dec9ac610ad', 'admin_state_up': True, 'status': 'ACTIVE', 'external_gateway_info': {'network_id': '85e25fe6-a5a8-48f2-bb3e-9061e7d8b10b', 'external_fixed_ips': [{'subnet_id': 'e3b1fcc0-a51b-4269-a65a-d7b5187d7eb9', 'ip_address': '10.180.180.160'}], 'enable_snat': True}, 'description': '', 'availability_zones': [], 'distributed': False, 'ha': False, 'availability_zone_hints': [], 'routes': [], 'flavor_id': None, 'tags': [], 'created_at': '2025-02-09T03:58:21Z', 'updated_at': '2025-02-09T03:58:21Z', 'revision_number': 2, 'project_id': 'fa6b463960b54391888a9dec9ac610ad'}
2025-02-09 03:58:23.941 64741 INFO tempest.lib.common.rest_client [req-094450a6-5ffe-4b7e-b05b-92279def829c req-094450a6-5ffe-4b7e-b05b-92279def829c ] Request (ListServerFiltersTestJSON:tearDownClass): 200 GET http://10.180.1.21/compute/v2.1/servers/a8d58ed6-dc84-4bc5-b7ba-d3e38aa13f64 0.123s
2025-02-09 03:58:23.961 64723 INFO tempest.lib.common.rest_client [req-1835fe7b-89b4-4873-8d64-a58c5b2b4e66 req-1835fe7b-89b4-4873-8d64-a58c5b2b4e66 ] Request (ImagesTestJSON:test_create_server_from_snapshot): 200 GET http://10.180.1.21/compute/v2.1/servers/ea621953-3fd8-43f2-950b-4acd654f7483 0.122s
2025-02-09 03:58:23.993 64707 INFO tempest.lib.common.rest_client [req-8e1bb69d-8cd7-4826-931b-57b9e1d632ba req-8e1bb69d-8cd7-4826-931b-57b9e1d632ba ] Request (ServerMetadataTestJSON:setUpClass): 201 POST http://10.180.1.21/identity/v3/auth/tokens 0.088s
2025-02-09 03:58:24.007 64715 INFO tempest.lib.common.rest_client [req-1b10b5a2-fde2-4948-ab81-74995f7b509b req-1b10b5a2-fde2-4948-ab81-74995f7b509b ] Request (DeleteServersTestJSON:test_delete_server_while_in_shelved_state): 200 GET http://10.180.1.21/compute/v2.1/servers/8d938a9b-3fb3-452d-9a19-531221fa01a2 0.142s
2025-02-09 03:58:24.025 64693 INFO tempest.lib.common.rest_client [req-3e78611a-25d4-442e-96c0-5fe6c8016944 req-3e78611a-25d4-442e-96c0-5fe6c8016944 ] Request (ServerExternalEventsTest:test_create_server_external_events): 200 GET http://10.180.1.21/compute/v2.1/servers/7c862cbf-e7fb-44a1-b19c-f6b1355b0721 0.118s
2025-02-09 03:58:24.036 64707 INFO tempest.lib.common.rest_client [req-c37bc251-0200-4425-b6a3-68a55895f480 req-c37bc251-0200-4425-b6a3-68a55895f480 ] Request (ServerMetadataTestJSON:setUpClass): 201 POST http://10.180.1.21/identity/v3/auth/tokens 0.037s
2025-02-09 03:58:24.038 64707 INFO tempest.lib.common.fixed_network [-] (ServerMetadataTestJSON:setUpClass) Found network {'id': 'b87fd1a3-ed7a-48a2-bde6-211b3d324c42', 'name': 'tempest-ServerMetadataTestJSON-1812090277-network', 'tenant_id': 'fa6b463960b54391888a9dec9ac610ad', 'admin_state_up': True, 'mtu': 8950, 'status': 'ACTIVE', 'subnets': [], 'shared': False, 'project_id': 'fa6b463960b54391888a9dec9ac610ad', 'port_security_enabled': True, 'router:external': False, 'provider:network_type': 'vlan', 'provider:physical_network': 'default', 'provider:segmentation_id': 744, 'availability_zone_hints': [], 'availability_zones': [], 'ipv4_address_scope': None, 'ipv6_address_scope': None, 'description': '', 'tags': [], 'created_at': '2025-02-09T03:58:20Z', 'updated_at': '2025-02-09T03:58:20Z', 'revision_number': 1} available for tenant
2025-02-09 03:58:24.058 64705 INFO tempest.lib.common.rest_client [req-5d31e4ef-6659-4e9d-90ef-0c3b78c14fc2 req-5d31e4ef-6659-4e9d-90ef-0c3b78c14fc2 ] Request (ServersTestManualDisk:setUpClass): 200 GET http://10.180.1.21/compute/v2.1/servers/82535807-3e38-4b5e-94f8-5a1efe98541f 0.130s
2025-02-09 03:58:24.079 64685 INFO tempest.lib.common.rest_client [req-a226598e-6e2a-4eb6-9389-fbd39ad072f7 req-a226598e-6e2a-4eb6-9389-fbd39ad072f7 ] Request (ServerAddressesTestJSON:setUpClass): 200 GET http://10.180.1.21/compute/v2.1/servers/7d8cc18f-ed32-486f-a977-64ca7068be9e 0.104s
2025-02-09 03:58:24.121 64733 INFO tempest.lib.common.rest_client [req-265a369c-d0f8-41d4-b466-2075fed4502a req-265a369c-d0f8-41d4-b466-2075fed4502a ] Request (ServerMetadataNegativeTestJSON:tearDownClass): 200 GET http://10.180.1.21/compute/v2.1/servers/f9039857-5f06-4c52-9240-a4f854f08b45 0.105s
2025-02-09 03:58:24.169 64695 INFO tempest.lib.common.rest_client [req-8b800021-2371-496b-a298-414414cbda53 req-8b800021-2371-496b-a298-414414cbda53 ] Request (ServersWithSpecificFlavorTestJSON:test_verify_created_server_ephemeral_disk): 200 GET http://10.180.1.21/compute/v2.1/servers/e0e50df5-f03a-4962-8c77-c2fa225ba313 0.072s
2025-02-09 03:58:24.215 64721 INFO tempest.lib.common.rest_client [req-3f99eaa5-e511-4c10-9ed4-81ad18109cc2 req-3f99eaa5-e511-4c10-9ed4-81ad18109cc2 ] Request (MigrationsAdminTest:test_resize_server_revert_deleted_flavor): 200 GET http://10.180.1.21/compute/v2.1/servers/2dbf5674-95b1-41b6-b4a4-c4912fafeebc 0.064s
2025-02-09 03:58:24.318 64719 INFO tempest.lib.common.rest_client [req-c9e37442-be68-4d1e-af65-09ab327f1b7d req-c9e37442-be68-4d1e-af65-09ab327f1b7d ] Request (ListImageFiltersTestJSON:setUpClass): 200 GET http://10.180.1.21/compute/v2.1/servers/11a2adc4-81ca-4694-ab3c-866a1b99c581 0.121s
2025-02-09 03:58:24.367 64699 INFO tempest.lib.common.rest_client [req-4e6efbfa-585f-4c91-87ad-aaf3ad23b614 req-4e6efbfa-585f-4c91-87ad-aaf3ad23b614 ] Request (SecurityGroupsTestJSON:test_list_security_groups_by_server): 200 GET http://10.180.1.21/compute/v2.1/servers/ca2aa06c-914f-498c-9951-c588c07f07b0 0.132s
2025-02-09 03:58:24.458 64727 INFO tempest.lib.common.rest_client [req-bb79510f-8dae-4829-bcb1-0a1ab0a27692 req-bb79510f-8dae-4829-bcb1-0a1ab0a27692 ] Request (FloatingIPsAssociationTestJSON:test_associate_already_associated_floating_ip): 200 GET http://10.180.1.21/compute/v2.1/servers/7d05894a-50a1-4611-8a91-7b5d53bf586b 0.049s
2025-02-09 03:58:24.468 64703 WARNING tempest.lib.common.ssh [-] Failed to establish authenticated ssh connection to cirros@10.180.180.236 ([Errno None] Unable to connect to port 22 on 10.180.180.236). Number attempts: 9. Retry after 10 seconds.: paramiko.ssh_exception.NoValidConnectionsError: [Errno None] Unable to connect to port 22 on 10.180.180.236
2025-02-09 03:58:24.477 64707 INFO tempest.lib.common.rest_client [req-8b501e34-0fed-4978-a697-cf435b237dce req-8b501e34-0fed-4978-a697-cf435b237dce ] Request (ServerMetadataTestJSON:setUpClass): 202 POST http://10.180.1.21/compute/v2.1/servers 0.437s
2025-02-09 03:58:24.509 64731 INFO tempest.lib.common.rest_client [req-50b2fab5-8f6e-41b1-b2dc-e31c4d8ec3d5 req-50b2fab5-8f6e-41b1-b2dc-e31c4d8ec3d5 ] Request (ServerDiagnosticsTest:tearDownClass): 200 GET http://10.180.1.21/compute/v2.1/servers/50f6d892-f128-4f5c-bfc4-6b9a34661950 0.067s
2025-02-09 03:58:24.559 64707 INFO tempest.lib.common.rest_client [req-084720be-d68c-4959-8673-aad9059ef0f0 req-084720be-d68c-4959-8673-aad9059ef0f0 ] Request (ServerMetadataTestJSON:setUpClass): 200 GET http://10.180.1.21/compute/v2.1/servers/ed593698-16c1-454e-85bf-0d74e63126f8 0.081s
2025-02-09 03:58:24.571 64701 INFO tempest.lib.common.rest_client [req-f1866249-9f08-42b1-97b6-8c54a0758935 req-f1866249-9f08-42b1-97b6-8c54a0758935 ] Request (AttachVolumeShelveTestJSON:test_attach_volume_shelved_or_offload_server): 200 GET http://10.180.1.21/compute/v2.1/servers/1847f2ce-e0f4-4953-9e2b-7db25926e95d 0.097s
2025-02-09 03:58:24.580 64701 INFO tempest.common.waiters [-] State transition "BUILD/networking" ==> "BUILD/spawning" after 62 second wait
2025-02-09 03:58:24.761 64729 INFO tempest.lib.common.rest_client [req-8cdd18ca-afc2-4e2c-9f2e-13bb6fa98c41 req-8cdd18ca-afc2-4e2c-9f2e-13bb6fa98c41 ] Request (ServersTestJSON:test_create_server_specify_multibyte_character_name): 200 GET http://10.180.1.21/compute/v2.1/servers/6daee122-5622-4804-bd63-a292c4e59e45 0.058s
2025-02-09 03:58:24.813 64725 INFO tempest.lib.common.rest_client [req-1ffbd50c-243d-480d-aeb1-56a39a99e4c7 req-1ffbd50c-243d-480d-aeb1-56a39a99e4c7 ] Request (ServerGroupTestJSON:test_create_server_with_scheduler_hint_group): 200 GET http://10.180.1.21/compute/v2.1/servers/1cfdf522-cbe8-46c1-9bd0-d5f687f043cd 0.064s
2025-02-09 03:58:24.853 64743 INFO tempest.lib.common.rest_client [req-d83513f6-9e1f-49b0-961e-2824856ea27f req-d83513f6-9e1f-49b0-961e-2824856ea27f ] Request (ServersAdminNegativeTestJSON:tearDownClass): 200 GET http://10.180.1.21/compute/v2.1/servers/24265a32-860b-44ea-b35b-3c3972e00d41 0.075s
2025-02-09 03:58:24.880 64737 INFO tempest.lib.common.rest_client [req-3930c0b8-4aa2-4eb3-8cd4-5071c68964c1 req-3930c0b8-4aa2-4eb3-8cd4-5071c68964c1 ] Request (ServerRescueNegativeTestJSON:test_rescued_vm_detach_volume): 200 GET http://10.180.1.21/compute/v2.1/servers/9310c2ce-0209-438c-bbff-9171de4181e0 0.053s
2025-02-09 03:58:24.958 64691 INFO tempest.lib.common.rest_client [req-d7d4415b-1a24-4276-a951-ebcc116977b0 req-d7d4415b-1a24-4276-a951-ebcc116977b0 ] Request (MultipleCreateTestJSON:_run_cleanups): 200 GET http://10.180.1.21/compute/v2.1/servers/135e1397-4b80-4b39-a974-b77abab208d1 0.078s
2025-02-09 03:58:24.963 64697 INFO tempest.lib.common.rest_client [req-48bd3490-88fe-46fb-9385-a9031cb2d0b8 req-48bd3490-88fe-46fb-9385-a9031cb2d0b8 ] Request (ServersNegativeTestMultiTenantJSON:tearDownClass): 200 GET http://10.180.1.21/compute/v2.1/servers/aa78caf1-57b9-43ab-9dfb-8418d0c8cb34 0.058s
2025-02-09 03:58:25.022 64741 INFO tempest.lib.common.rest_client [req-a0399813-d8c4-405b-8ec7-e807eaa60923 req-a0399813-d8c4-405b-8ec7-e807eaa60923 ] Request (ListServerFiltersTestJSON:tearDownClass): 200 GET http://10.180.1.21/compute/v2.1/servers/a8d58ed6-dc84-4bc5-b7ba-d3e38aa13f64 0.073s
2025-02-09 03:58:25.031 64723 INFO tempest.lib.common.rest_client [req-a4afb5a5-d3c9-4627-ae86-d17bd0b18e7d req-a4afb5a5-d3c9-4627-ae86-d17bd0b18e7d ] Request (ImagesTestJSON:test_create_server_from_snapshot): 200 GET http://10.180.1.21/compute/v2.1/servers/ea621953-3fd8-43f2-950b-4acd654f7483 0.056s
2025-02-09 03:58:25.072 64715 INFO tempest.lib.common.rest_client [req-4b217727-a5ae-46cf-b91c-4ce31f0aa61d req-4b217727-a5ae-46cf-b91c-4ce31f0aa61d ] Request (DeleteServersTestJSON:test_delete_server_while_in_shelved_state): 200 GET http://10.180.1.21/compute/v2.1/servers/8d938a9b-3fb3-452d-9a19-531221fa01a2 0.057s
2025-02-09 03:58:25.081 64693 INFO tempest.lib.common.rest_client [req-763be8bb-6ad5-41bf-b4dd-30b6f3df8a53 req-763be8bb-6ad5-41bf-b4dd-30b6f3df8a53 ] Request (ServerExternalEventsTest:test_create_server_external_events): 200 GET http://10.180.1.21/compute/v2.1/servers/7c862cbf-e7fb-44a1-b19c-f6b1355b0721 0.049s
2025-02-09 03:58:25.119 64705 INFO tempest.lib.common.rest_client [req-1a90acdc-04f4-4d04-90f1-8040926d8177 req-1a90acdc-04f4-4d04-90f1-8040926d8177 ] Request (ServersTestManualDisk:setUpClass): 200 GET http://10.180.1.21/compute/v2.1/servers/82535807-3e38-4b5e-94f8-5a1efe98541f 0.053s
2025-02-09 03:58:25.134 64745 WARNING tempest.lib.common.ssh [-] Failed to establish authenticated ssh connection to cirros@10.180.180.237 ([Errno None] Unable to connect to port 22 on 10.180.180.237). Number attempts: 9. Retry after 10 seconds.: paramiko.ssh_exception.NoValidConnectionsError: [Errno None] Unable to connect to port 22 on 10.180.180.237
2025-02-09 03:58:25.139 64685 INFO tempest.lib.common.rest_client [req-3c4700f0-d00e-4860-a822-6fc690845a05 req-3c4700f0-d00e-4860-a822-6fc690845a05 ] Request (ServerAddressesTestJSON:setUpClass): 200 GET http://10.180.1.21/compute/v2.1/servers/7d8cc18f-ed32-486f-a977-64ca7068be9e 0.052s
2025-02-09 03:58:25.151 64733 INFO tempest.lib.common.rest_client [req-2373016e-c836-49f9-ab25-2540c749a642 req-2373016e-c836-49f9-ab25-2540c749a642 ] Request (ServerMetadataNegativeTestJSON:tearDownClass): 404 GET http://10.180.1.21/compute/v2.1/servers/f9039857-5f06-4c52-9240-a4f854f08b45 0.021s
2025-02-09 03:58:25.230 64695 INFO tempest.lib.common.rest_client [req-cac1a477-cc9e-4062-b9f8-c07dfebc2785 req-cac1a477-cc9e-4062-b9f8-c07dfebc2785 ] Request (ServersWithSpecificFlavorTestJSON:test_verify_created_server_ephemeral_disk): 200 GET http://10.180.1.21/compute/v2.1/servers/e0e50df5-f03a-4962-8c77-c2fa225ba313 0.053s
2025-02-09 03:58:25.277 64721 INFO tempest.lib.common.rest_client [req-5a2cd71c-0f9c-4cf9-8a29-784d03152469 req-5a2cd71c-0f9c-4cf9-8a29-784d03152469 ] Request (MigrationsAdminTest:test_resize_server_revert_deleted_flavor): 200 GET http://10.180.1.21/compute/v2.1/servers/2dbf5674-95b1-41b6-b4a4-c4912fafeebc 0.052s
2025-02-09 03:58:25.424 64699 INFO tempest.lib.common.rest_client [req-0c052c70-da51-4df7-8658-8447c7d6e0d0 req-0c052c70-da51-4df7-8658-8447c7d6e0d0 ] Request (SecurityGroupsTestJSON:test_list_security_groups_by_server): 200 GET http://10.180.1.21/compute/v2.1/servers/ca2aa06c-914f-498c-9951-c588c07f07b0 0.047s
2025-02-09 03:58:25.482 64719 INFO tempest.lib.common.rest_client [req-4849c78a-fb3c-4904-a283-6d63866b83d2 req-4849c78a-fb3c-4904-a283-6d63866b83d2 ] Request (ListImageFiltersTestJSON:setUpClass): 200 GET http://10.180.1.21/compute/v2.1/servers/11a2adc4-81ca-4694-ab3c-866a1b99c581 0.156s
2025-02-09 03:58:25.489 64719 INFO tempest.common.waiters [-] State transition "BUILD/spawning" ==> "ACTIVE/None" after 64 second wait
2025-02-09 03:58:25.513 64727 INFO tempest.lib.common.rest_client [req-e2b94a5c-0b43-4650-900a-a6ea31d6bf87 req-e2b94a5c-0b43-4650-900a-a6ea31d6bf87 ] Request (FloatingIPsAssociationTestJSON:test_associate_already_associated_floating_ip): 200 GET http://10.180.1.21/compute/v2.1/servers/7d05894a-50a1-4611-8a91-7b5d53bf586b 0.046s
2025-02-09 03:58:25.575 64731 INFO tempest.lib.common.rest_client [req-fa56cffd-1f8f-41b4-8ada-72aeb7ce211d req-fa56cffd-1f8f-41b4-8ada-72aeb7ce211d ] Request (ServerDiagnosticsTest:tearDownClass): 200 GET http://10.180.1.21/compute/v2.1/servers/50f6d892-f128-4f5c-bfc4-6b9a34661950 0.053s
2025-02-09 03:58:25.581 64731 INFO tempest.common.waiters [-] State transition "ACTIVE/deleting" ==> "DELETED/None" after 4 second wait
2025-02-09 03:58:25.632 64707 INFO tempest.lib.common.rest_client [req-ff7dd44e-5132-4b84-adf9-9d56ef3aed8e req-ff7dd44e-5132-4b84-adf9-9d56ef3aed8e ] Request (ServerMetadataTestJSON:setUpClass): 200 GET http://10.180.1.21/compute/v2.1/servers/ed593698-16c1-454e-85bf-0d74e63126f8 0.059s
2025-02-09 03:58:25.766 64701 INFO tempest.lib.common.rest_client [req-3ca42888-6998-4a09-8d96-72a7cc40609c req-3ca42888-6998-4a09-8d96-72a7cc40609c ] Request (AttachVolumeShelveTestJSON:test_attach_volume_shelved_or_offload_server): 200 GET http://10.180.1.21/compute/v2.1/servers/1847f2ce-e0f4-4953-9e2b-7db25926e95d 0.185s
2025-02-09 03:58:25.833 64729 INFO tempest.lib.common.rest_client [req-623d7591-5f95-4c16-b81a-38e76b097ff4 req-623d7591-5f95-4c16-b81a-38e76b097ff4 ] Request (ServersTestJSON:test_create_server_specify_multibyte_character_name): 200 GET http://10.180.1.21/compute/v2.1/servers/6daee122-5622-4804-bd63-a292c4e59e45 0.064s
2025-02-09 03:58:25.853 64719 INFO tempest.lib.common.rest_client [req-426379ba-8ca1-479d-b5db-bc5067e3dddb req-426379ba-8ca1-479d-b5db-bc5067e3dddb ] Request (ListImageFiltersTestJSON:setUpClass): 200 GET http://10.180.1.21/compute/v2.1/servers/96547475-3928-4ba1-8a48-d01c40a0cec8 0.363s
2025-02-09 03:58:25.914 64725 INFO tempest.lib.common.rest_client [req-65757323-5f0c-45bd-a4eb-a6b1d491f055 req-65757323-5f0c-45bd-a4eb-a6b1d491f055 ] Request (ServerGroupTestJSON:test_create_server_with_scheduler_hint_group): 200 GET http://10.180.1.21/compute/v2.1/servers/1cfdf522-cbe8-46c1-9bd0-d5f687f043cd 0.091s
2025-02-09 03:58:25.975 64743 INFO tempest.lib.common.rest_client [req-bff87776-4318-4d00-8953-f92656a975c8 req-bff87776-4318-4d00-8953-f92656a975c8 ] Request (ServersAdminNegativeTestJSON:tearDownClass): 200 GET http://10.180.1.21/compute/v2.1/servers/24265a32-860b-44ea-b35b-3c3972e00d41 0.114s
2025-02-09 03:58:26.040 64737 INFO tempest.lib.common.rest_client [req-e7604bd6-aed9-46da-8529-30bfb94a6794 req-e7604bd6-aed9-46da-8529-30bfb94a6794 ] Request (ServerRescueNegativeTestJSON:test_rescued_vm_detach_volume): 200 GET http://10.180.1.21/compute/v2.1/servers/9310c2ce-0209-438c-bbff-9171de4181e0 0.152s
2025-02-09 03:58:26.110 64691 INFO tempest.lib.common.rest_client [req-59cfdc69-0783-4954-a987-01f8149d602b req-59cfdc69-0783-4954-a987-01f8149d602b ] Request (MultipleCreateTestJSON:_run_cleanups): 200 GET http://10.180.1.21/compute/v2.1/servers/135e1397-4b80-4b39-a974-b77abab208d1 0.142s
2025-02-09 03:58:26.177 64697 INFO tempest.lib.common.rest_client [req-337644d5-af86-4e0e-8528-5e2617248dd2 req-337644d5-af86-4e0e-8528-5e2617248dd2 ] Request (ServersNegativeTestMultiTenantJSON:tearDownClass): 200 GET http://10.180.1.21/compute/v2.1/servers/aa78caf1-57b9-43ab-9dfb-8418d0c8cb34 0.205s
2025-02-09 03:58:26.241 64711 WARNING tempest.lib.common.ssh [-] Failed to establish authenticated ssh connection to cirros@10.180.180.204 ([Errno None] Unable to connect to port 22 on 10.180.180.204). Number attempts: 7. Retry after 8 seconds.: paramiko.ssh_exception.NoValidConnectionsError: [Errno None] Unable to connect to port 22 on 10.180.180.204
2025-02-09 03:58:26.250 64741 INFO tempest.lib.common.rest_client [req-2b4a4477-f1a1-4fc5-86c6-3b6b475bb497 req-2b4a4477-f1a1-4fc5-86c6-3b6b475bb497 ] Request (ListServerFiltersTestJSON:tearDownClass): 200 GET http://10.180.1.21/compute/v2.1/servers/a8d58ed6-dc84-4bc5-b7ba-d3e38aa13f64 0.217s
2025-02-09 03:58:26.314 64723 INFO tempest.lib.common.rest_client [req-7582c0e7-335a-44b1-9262-49e58be832cc req-7582c0e7-335a-44b1-9262-49e58be832cc ] Request (ImagesTestJSON:test_create_server_from_snapshot): 200 GET http://10.180.1.21/compute/v2.1/servers/ea621953-3fd8-43f2-950b-4acd654f7483 0.271s
2025-02-09 03:58:26.374 64715 INFO tempest.lib.common.rest_client [req-c0bad060-f0bc-46c9-ba91-e2fc81542205 req-c0bad060-f0bc-46c9-ba91-e2fc81542205 ] Request (DeleteServersTestJSON:test_delete_server_while_in_shelved_state): 200 GET http://10.180.1.21/compute/v2.1/servers/8d938a9b-3fb3-452d-9a19-531221fa01a2 0.294s
2025-02-09 03:58:26.419 64719 INFO tempest.lib.common.rest_client [req-c2d8e3b2-b999-471a-b9ff-99487d11ae03 req-c2d8e3b2-b999-471a-b9ff-99487d11ae03 ] Request (ListImageFiltersTestJSON:setUpClass): 202 POST http://10.180.1.21/compute/v2.1/servers/96547475-3928-4ba1-8a48-d01c40a0cec8/action 0.553s
2025-02-09 03:58:26.424 64733 INFO tempest.lib.common.rest_client [req-3ebcf49d-4848-48b9-8f26-369c57a21179 req-3ebcf49d-4848-48b9-8f26-369c57a21179 ] Request (ServerMetadataNegativeTestJSON:tearDownClass): 200 PUT http://10.180.1.21:9696/networking/v2.0/routers/0afe1846-8547-48de-8e5f-c1abf54fad6c/remove_router_interface 1.272s
2025-02-09 03:58:26.431 64693 INFO tempest.lib.common.rest_client [req-e7460511-841e-4ebf-a5da-6c958ac101e2 req-e7460511-841e-4ebf-a5da-6c958ac101e2 ] Request (ServerExternalEventsTest:test_create_server_external_events): 200 GET http://10.180.1.21/compute/v2.1/servers/7c862cbf-e7fb-44a1-b19c-f6b1355b0721 0.338s
2025-02-09 03:58:26.441 64693 INFO tempest.common.waiters [-] State transition "BUILD/scheduling" ==> "BUILD/None" after 25 second wait
2025-02-09 03:58:26.478 64705 INFO tempest.lib.common.rest_client [req-03fb13d7-dbdd-4801-9940-8e2e197c9fd7 req-03fb13d7-dbdd-4801-9940-8e2e197c9fd7 ] Request (ServersTestManualDisk:setUpClass): 200 GET http://10.180.1.21/compute/v2.1/servers/82535807-3e38-4b5e-94f8-5a1efe98541f 0.351s
2025-02-09 03:58:26.485 64685 INFO tempest.lib.common.rest_client [req-e40734ab-b70b-4edf-8265-c7b492048faa req-e40734ab-b70b-4edf-8265-c7b492048faa ] Request (ServerAddressesTestJSON:setUpClass): 200 GET http://10.180.1.21/compute/v2.1/servers/7d8cc18f-ed32-486f-a977-64ca7068be9e 0.338s
2025-02-09 03:58:26.494 64685 INFO tempest.common.waiters [-] State transition "BUILD/scheduling" ==> "BUILD/None" after 15 second wait
2025-02-09 03:58:26.532 64695 INFO tempest.lib.common.rest_client [req-49765af4-1b3e-42b8-ae64-6ef0ca7591ed req-49765af4-1b3e-42b8-ae64-6ef0ca7591ed ] Request (ServersWithSpecificFlavorTestJSON:test_verify_created_server_ephemeral_disk): 200 GET http://10.180.1.21/compute/v2.1/servers/e0e50df5-f03a-4962-8c77-c2fa225ba313 0.293s
2025-02-09 03:58:26.535 64721 INFO tempest.lib.common.rest_client [req-6db59d79-ff42-4892-9bd1-5f3c60c94aac req-6db59d79-ff42-4892-9bd1-5f3c60c94aac ] Request (MigrationsAdminTest:test_resize_server_revert_deleted_flavor): 200 GET http://10.180.1.21/compute/v2.1/servers/2dbf5674-95b1-41b6-b4a4-c4912fafeebc 0.249s
2025-02-09 03:58:26.570 64719 INFO tempest.lib.common.rest_client [req-df465a99-a7bc-4062-af35-86fff5260335 req-df465a99-a7bc-4062-af35-86fff5260335 ] Request (ListImageFiltersTestJSON:setUpClass): 200 GET http://10.180.1.21/compute/v2.1/images/3ef0230d-2b6b-4e70-8c52-e40555ddd3f3 0.149s
2025-02-09 03:58:26.586 64699 INFO tempest.lib.common.rest_client [req-12e2fb42-b5f4-4f5f-b6ab-38189c252a5d req-12e2fb42-b5f4-4f5f-b6ab-38189c252a5d ] Request (SecurityGroupsTestJSON:test_list_security_groups_by_server): 200 GET http://10.180.1.21/compute/v2.1/servers/ca2aa06c-914f-498c-9951-c588c07f07b0 0.154s
2025-02-09 03:58:26.616 64727 INFO tempest.lib.common.rest_client [req-1ad39f9f-0213-40b4-8633-05901ebd95b1 req-1ad39f9f-0213-40b4-8633-05901ebd95b1 ] Request (FloatingIPsAssociationTestJSON:test_associate_already_associated_floating_ip): 200 GET http://10.180.1.21/compute/v2.1/servers/7d05894a-50a1-4611-8a91-7b5d53bf586b 0.092s
2025-02-09 03:58:26.640 64731 INFO tempest.lib.common.rest_client [req-da5068bf-102c-440d-9294-0b12de04dc08 req-da5068bf-102c-440d-9294-0b12de04dc08 ] Request (ServerDiagnosticsTest:tearDownClass): 200 GET http://10.180.1.21/compute/v2.1/servers/50f6d892-f128-4f5c-bfc4-6b9a34661950 0.058s
2025-02-09 03:58:26.687 64707 INFO tempest.lib.common.rest_client [req-451f0bc7-aa73-4f77-805e-cc85e16e3f63 req-451f0bc7-aa73-4f77-805e-cc85e16e3f63 ] Request (ServerMetadataTestJSON:setUpClass): 200 GET http://10.180.1.21/compute/v2.1/servers/ed593698-16c1-454e-85bf-0d74e63126f8 0.047s
2025-02-09 03:58:26.790 64733 INFO tempest.lib.common.rest_client [req-f99a3857-c9bd-4d58-a27f-319e6d3b19d5 req-f99a3857-c9bd-4d58-a27f-319e6d3b19d5 ] Request (ServerMetadataNegativeTestJSON:tearDownClass): 204 DELETE http://10.180.1.21:9696/networking/v2.0/routers/0afe1846-8547-48de-8e5f-c1abf54fad6c 0.365s
2025-02-09 03:58:26.901 64729 INFO tempest.lib.common.rest_client [req-3faed082-212b-47b7-9c03-527f8c596a80 req-3faed082-212b-47b7-9c03-527f8c596a80 ] Request (ServersTestJSON:test_create_server_specify_multibyte_character_name): 200 GET http://10.180.1.21/compute/v2.1/servers/6daee122-5622-4804-bd63-a292c4e59e45 0.053s
2025-02-09 03:58:26.906 64701 INFO tempest.lib.common.rest_client [req-1c646384-df4b-4f8b-8872-cced0197f0fe req-1c646384-df4b-4f8b-8872-cced0197f0fe ] Request (AttachVolumeShelveTestJSON:test_attach_volume_shelved_or_offload_server): 200 GET http://10.180.1.21/compute/v2.1/servers/1847f2ce-e0f4-4953-9e2b-7db25926e95d 0.131s
2025-02-09 03:58:26.962 64733 INFO tempest.lib.common.rest_client [req-ac917541-d6fc-43bb-9487-5dda33d85ee1 req-ac917541-d6fc-43bb-9487-5dda33d85ee1 ] Request (ServerMetadataNegativeTestJSON:tearDownClass): 204 DELETE http://10.180.1.21:9696/networking/v2.0/subnets/9f499b66-f256-4aa7-8ca1-088004f07cf9 0.171s
2025-02-09 03:58:26.989 64725 INFO tempest.lib.common.rest_client [req-73779960-f456-4683-a265-77737998c13f req-73779960-f456-4683-a265-77737998c13f ] Request (ServerGroupTestJSON:test_create_server_with_scheduler_hint_group): 200 GET http://10.180.1.21/compute/v2.1/servers/1cfdf522-cbe8-46c1-9bd0-d5f687f043cd 0.066s
2025-02-09 03:58:27.064 64743 INFO tempest.lib.common.rest_client [req-6fc95019-09db-43fa-a772-bd299b4d6d6f req-6fc95019-09db-43fa-a772-bd299b4d6d6f ] Request (ServersAdminNegativeTestJSON:tearDownClass): 200 GET http://10.180.1.21/compute/v2.1/servers/24265a32-860b-44ea-b35b-3c3972e00d41 0.078s
2025-02-09 03:58:27.117 64737 INFO tempest.lib.common.rest_client [req-ceb139cc-f244-4099-b4a5-1199664606c8 req-ceb139cc-f244-4099-b4a5-1199664606c8 ] Request (ServerRescueNegativeTestJSON:test_rescued_vm_detach_volume): 200 GET http://10.180.1.21/compute/v2.1/servers/9310c2ce-0209-438c-bbff-9171de4181e0 0.066s
2025-02-09 03:58:27.180 64689 WARNING tempest.lib.common.ssh [-] Failed to establish authenticated ssh connection to cirros@10.180.180.228 ([Errno None] Unable to connect to port 22 on 10.180.180.228). Number attempts: 8. Retry after 9 seconds.: paramiko.ssh_exception.NoValidConnectionsError: [Errno None] Unable to connect to port 22 on 10.180.180.228
2025-02-09 03:58:27.192 64691 INFO tempest.lib.common.rest_client [req-5763aab5-6a10-4413-8f4a-3fd21b10a503 req-5763aab5-6a10-4413-8f4a-3fd21b10a503 ] Request (MultipleCreateTestJSON:_run_cleanups): 200 GET http://10.180.1.21/compute/v2.1/servers/135e1397-4b80-4b39-a974-b77abab208d1 0.070s
2025-02-09 03:58:27.243 64697 INFO tempest.lib.common.rest_client [req-bbc51e41-5694-47f7-b033-d924e54d8556 req-bbc51e41-5694-47f7-b033-d924e54d8556 ] Request (ServersNegativeTestMultiTenantJSON:tearDownClass): 200 GET http://10.180.1.21/compute/v2.1/servers/aa78caf1-57b9-43ab-9dfb-8418d0c8cb34 0.056s
2025-02-09 03:58:27.317 64741 INFO tempest.lib.common.rest_client [req-14cc6b61-9dca-460f-a52a-cd35794c7a31 req-14cc6b61-9dca-460f-a52a-cd35794c7a31 ] Request (ListServerFiltersTestJSON:tearDownClass): 200 GET http://10.180.1.21/compute/v2.1/servers/a8d58ed6-dc84-4bc5-b7ba-d3e38aa13f64 0.059s
2025-02-09 03:58:27.351 64733 INFO tempest.lib.common.rest_client [req-5e0a5cc6-11b9-479b-8694-981ada1eeb82 req-5e0a5cc6-11b9-479b-8694-981ada1eeb82 ] Request (ServerMetadataNegativeTestJSON:tearDownClass): 204 DELETE http://10.180.1.21:9696/networking/v2.0/networks/76468480-8c3b-4378-9deb-06273038f3af 0.389s
2025-02-09 03:58:27.375 64723 INFO tempest.lib.common.rest_client [req-5863c42c-bbfd-4c22-b455-7e0f9944b7b3 req-5863c42c-bbfd-4c22-b455-7e0f9944b7b3 ] Request (ImagesTestJSON:test_create_server_from_snapshot): 200 GET http://10.180.1.21/compute/v2.1/servers/ea621953-3fd8-43f2-950b-4acd654f7483 0.052s
2025-02-09 03:58:27.420 64733 INFO tempest.lib.common.rest_client [req-efcdd760-26ef-4ac1-8df0-6d8fb0a35652 req-efcdd760-26ef-4ac1-8df0-6d8fb0a35652 ] Request (ServerMetadataNegativeTestJSON:tearDownClass): 204 DELETE http://10.180.1.21/identity/v3/users/ab4f5c17bddf49dbbbb225b13060ac71 0.068s
2025-02-09 03:58:27.420 64733 INFO tempest.lib.common.dynamic_creds [-] Deleting project and security group for project: 9b7c4a11262f4c9c8c225ee4039fbaa7
2025-02-09 03:58:27.436 64715 INFO tempest.lib.common.rest_client [req-8ce28fc1-c825-4c40-9350-1516178b0c98 req-8ce28fc1-c825-4c40-9350-1516178b0c98 ] Request (DeleteServersTestJSON:test_delete_server_while_in_shelved_state): 200 GET http://10.180.1.21/compute/v2.1/servers/8d938a9b-3fb3-452d-9a19-531221fa01a2 0.051s
2025-02-09 03:58:27.454 64733 INFO tempest.lib.common.rest_client [req-56044cb0-a5f8-4f96-a64b-f55a042ae905 req-56044cb0-a5f8-4f96-a64b-f55a042ae905 ] Request (ServerMetadataNegativeTestJSON:tearDownClass): 200 GET http://10.180.1.21:9696/networking/v2.0/security-groups?tenant_id=9b7c4a11262f4c9c8c225ee4039fbaa7&name=default 0.033s
2025-02-09 03:58:27.504 64693 INFO tempest.lib.common.rest_client [req-e77bcb73-5edc-403f-98c6-92089e652055 req-e77bcb73-5edc-403f-98c6-92089e652055 ] Request (ServerExternalEventsTest:test_create_server_external_events): 200 GET http://10.180.1.21/compute/v2.1/servers/7c862cbf-e7fb-44a1-b19c-f6b1355b0721 0.062s
2025-02-09 03:58:27.536 64705 INFO tempest.lib.common.rest_client [req-b04a170e-62b6-4046-a95e-858b0fbbdcbf req-b04a170e-62b6-4046-a95e-858b0fbbdcbf ] Request (ServersTestManualDisk:setUpClass): 200 GET http://10.180.1.21/compute/v2.1/servers/82535807-3e38-4b5e-94f8-5a1efe98541f 0.049s
2025-02-09 03:58:27.551 64685 INFO tempest.lib.common.rest_client [req-abfcf2f7-af5c-4546-a6c8-8218f61861e1 req-abfcf2f7-af5c-4546-a6c8-8218f61861e1 ] Request (ServerAddressesTestJSON:setUpClass): 200 GET http://10.180.1.21/compute/v2.1/servers/7d8cc18f-ed32-486f-a977-64ca7068be9e 0.056s
2025-02-09 03:58:27.557 64733 INFO tempest.lib.common.rest_client [req-db4f268c-89ee-4416-b895-913dc897f115 req-db4f268c-89ee-4416-b895-913dc897f115 ] Request (ServerMetadataNegativeTestJSON:tearDownClass): 204 DELETE http://10.180.1.21:9696/networking/v2.0/security-groups/b0a52bb8-d943-4fe6-b797-138041a97d7d 0.103s
2025-02-09 03:58:27.599 64721 INFO tempest.lib.common.rest_client [req-ec22708d-9ad2-478b-b8c8-d02cda0a20c9 req-ec22708d-9ad2-478b-b8c8-d02cda0a20c9 ] Request (MigrationsAdminTest:test_resize_server_revert_deleted_flavor): 200 GET http://10.180.1.21/compute/v2.1/servers/2dbf5674-95b1-41b6-b4a4-c4912fafeebc 0.053s
2025-02-09 03:58:27.604 64695 INFO tempest.lib.common.rest_client [req-d734157c-f0d1-4a74-919c-63badb8212bf req-d734157c-f0d1-4a74-919c-63badb8212bf ] Request (ServersWithSpecificFlavorTestJSON:test_verify_created_server_ephemeral_disk): 200 GET http://10.180.1.21/compute/v2.1/servers/e0e50df5-f03a-4962-8c77-c2fa225ba313 0.062s
2025-02-09 03:58:27.632 64719 INFO tempest.lib.common.rest_client [req-5b31f3d2-3ef3-4741-b138-18f4c1ce7520 req-5b31f3d2-3ef3-4741-b138-18f4c1ce7520 ] Request (ListImageFiltersTestJSON:setUpClass): 200 GET http://10.180.1.21/compute/v2.1/images/3ef0230d-2b6b-4e70-8c52-e40555ddd3f3 0.057s
2025-02-09 03:58:27.653 64699 INFO tempest.lib.common.rest_client [req-f965f9ed-0879-421d-96fe-74a1be05d682 req-f965f9ed-0879-421d-96fe-74a1be05d682 ] Request (SecurityGroupsTestJSON:test_list_security_groups_by_server): 200 GET http://10.180.1.21/compute/v2.1/servers/ca2aa06c-914f-498c-9951-c588c07f07b0 0.059s
2025-02-09 03:58:27.656 64733 INFO tempest.lib.common.rest_client [req-3cb73d2d-5699-4c61-a4a7-582aa592c642 req-3cb73d2d-5699-4c61-a4a7-582aa592c642 ] Request (ServerMetadataNegativeTestJSON:tearDownClass): 204 DELETE http://10.180.1.21/identity/v3/projects/9b7c4a11262f4c9c8c225ee4039fbaa7 0.098s
2025-02-09 03:58:27.676 64727 INFO tempest.lib.common.rest_client [req-568a026a-f4b9-4b06-8e49-62ebe6ca0598 req-568a026a-f4b9-4b06-8e49-62ebe6ca0598 ] Request (FloatingIPsAssociationTestJSON:test_associate_already_associated_floating_ip): 200 GET http://10.180.1.21/compute/v2.1/servers/7d05894a-50a1-4611-8a91-7b5d53bf586b 0.051s
2025-02-09 03:58:27.702 64731 INFO tempest.lib.common.rest_client [req-cd4ebf71-d48a-418f-bb7f-7df9eb061cbf req-cd4ebf71-d48a-418f-bb7f-7df9eb061cbf ] Request (ServerDiagnosticsTest:tearDownClass): 200 GET http://10.180.1.21/compute/v2.1/servers/50f6d892-f128-4f5c-bfc4-6b9a34661950 0.053s
