2025-02-09 03:58:54.959 64723 INFO tempest.lib.common.rest_client [req-f7b06991-bb4a-4c02-8545-73db30834000 req-f7b06991-bb4a-4c02-8545-73db30834000 ] Request (ImagesTestJSON:test_create_server_from_snapshot): 200 GET http://10.180.1.21/compute/v2.1/servers/ea621953-3fd8-43f2-950b-4acd654f7483 0.207s
2025-02-09 03:58:55.024 64743 INFO tempest.lib.common.rest_client [req-60843b82-f8d4-4e7d-8c89-c68f3fec002d req-60843b82-f8d4-4e7d-8c89-c68f3fec002d ] Request (FloatingIPsAssociationNegativeTestJSON:setUpClass): 200 GET http://10.180.1.21/compute/v2.1/servers/707b0e73-d4e8-4bcd-a9e4-00c923d62ce7 0.141s
2025-02-09 03:58:55.033 64697 INFO tempest.lib.common.rest_client [req-79bdc9d3-fdff-400a-b61a-ff180bef9f32 req-79bdc9d3-fdff-400a-b61a-ff180bef9f32 ] Request (ServersNegativeTestMultiTenantJSON:tearDownClass): 204 DELETE http://10.180.1.21:9696/networking/v2.0/networks/e922aff9-4212-40d6-afe6-176104a7207c 0.746s
2025-02-09 03:58:55.043 64715 INFO tempest.lib.common.rest_client [req-5182ad77-e0ca-4c7a-9430-c02bdebc2678 req-5182ad77-e0ca-4c7a-9430-c02bdebc2678 ] Request (DeleteServersTestJSON:test_delete_server_while_in_shelved_state): 200 GET http://10.180.1.21/compute/v2.1/servers/8d938a9b-3fb3-452d-9a19-531221fa01a2 0.251s
2025-02-09 03:58:55.088 64685 INFO tempest.lib.common.rest_client [req-b5edfc35-068f-40a7-81a4-7b5bdb77ae9a req-b5edfc35-068f-40a7-81a4-7b5bdb77ae9a ] Request (ServerAddressesTestJSON:setUpClass): 200 GET http://10.180.1.21/compute/v2.1/servers/7d8cc18f-ed32-486f-a977-64ca7068be9e 0.135s
2025-02-09 03:58:55.116 64727 INFO tempest.lib.common.rest_client [req-31fec50c-1c75-4bba-a42a-a382871c14e1 req-31fec50c-1c75-4bba-a42a-a382871c14e1 ] Request (FloatingIPsAssociationTestJSON:test_associate_already_associated_floating_ip): 200 GET http://10.180.1.21/compute/v2.1/servers/7d05894a-50a1-4611-8a91-7b5d53bf586b 0.097s
2025-02-09 03:58:55.152 64695 INFO tempest.lib.common.rest_client [req-c3c82f68-51b8-4529-a89e-d1341e457b1e req-c3c82f68-51b8-4529-a89e-d1341e457b1e ] Request (ServersWithSpecificFlavorTestJSON:test_verify_created_server_ephemeral_disk): 200 GET http://10.180.1.21/compute/v2.1/servers/e0e50df5-f03a-4962-8c77-c2fa225ba313 0.073s
2025-02-09 03:58:55.158 64697 INFO tempest.lib.common.rest_client [req-78d6007e-97ab-4e68-aca2-25ce7a5be920 req-78d6007e-97ab-4e68-aca2-25ce7a5be920 ] Request (ServersNegativeTestMultiTenantJSON:tearDownClass): 204 DELETE http://10.180.1.21/identity/v3/users/70001a3c69c049848e66e8a4034d6713 0.124s
2025-02-09 03:58:55.185 64693 INFO tempest.lib.common.rest_client [req-61622bbc-2c38-436f-b4ff-2d7c4410b029 req-61622bbc-2c38-436f-b4ff-2d7c4410b029 ] Request (ServerExternalEventsTest:test_create_server_external_events): 200 GET http://10.180.1.21/compute/v2.1/servers/7c862cbf-e7fb-44a1-b19c-f6b1355b0721 0.095s
2025-02-09 03:58:55.271 64697 INFO tempest.lib.common.rest_client [req-2d840b6f-8a1c-416e-9862-bf83dcf67adb req-2d840b6f-8a1c-416e-9862-bf83dcf67adb ] Request (ServersNegativeTestMultiTenantJSON:tearDownClass): 204 DELETE http://10.180.1.21/identity/v3/users/fa3109b70fae4b40b82c690727215865 0.112s
2025-02-09 03:58:55.271 64697 INFO tempest.lib.common.dynamic_creds [-] Deleting project and security group for project: f218b2f0e8a04231993df4225288c130
2025-02-09 03:58:55.333 64697 INFO tempest.lib.common.rest_client [req-66b74a06-a439-4b4d-814e-f94ab43de2e8 req-66b74a06-a439-4b4d-814e-f94ab43de2e8 ] Request (ServersNegativeTestMultiTenantJSON:tearDownClass): 200 GET http://10.180.1.21:9696/networking/v2.0/security-groups?tenant_id=f218b2f0e8a04231993df4225288c130&name=default 0.062s
2025-02-09 03:58:55.334 64731 INFO tempest.lib.common.rest_client [req-70c03f45-b5bb-4db4-ab24-8298288f1877 req-70c03f45-b5bb-4db4-ab24-8298288f1877 ] Request (ServerDiagnosticsTest:tearDownClass): 200 GET http://10.180.1.21/compute/v2.1/servers/50f6d892-f128-4f5c-bfc4-6b9a34661950 0.089s
2025-02-09 03:58:55.435 64705 INFO tempest.lib.common.rest_client [req-0c3f2e00-1585-4ed9-aeb0-9ead115b4cc6 req-0c3f2e00-1585-4ed9-aeb0-9ead115b4cc6 ] Request (ServersTestManualDisk:setUpClass): 200 GET http://10.180.1.21/compute/v2.1/servers/82535807-3e38-4b5e-94f8-5a1efe98541f 0.230s
2025-02-09 03:58:55.457 64697 INFO tempest.lib.common.rest_client [req-5af335f7-4b86-4ed5-bd03-528c663d193e req-5af335f7-4b86-4ed5-bd03-528c663d193e ] Request (ServersNegativeTestMultiTenantJSON:tearDownClass): 204 DELETE http://10.180.1.21:9696/networking/v2.0/security-groups/e1c3082a-a093-46e4-b9e2-5d0c73b82ffd 0.123s
2025-02-09 03:58:55.460 64711 INFO tempest.lib.common.rest_client [req-47512037-6549-4a97-b421-185431bb1ee7 req-47512037-6549-4a97-b421-185431bb1ee7 ] Request (ServerActionsV293TestJSON:tearDownClass): 204 DELETE http://10.180.1.21:9696/networking/v2.0/floatingips/87b23dd7-9be9-4286-b9f1-5c3032fdffb3 0.599s
2025-02-09 03:58:55.460 64711 ERROR tempest.test [-] teardown of resources failed: ((, Resource %(resource_id)s failed to delete and is in ERROR status Details: Server d58b4160-af70-4417-a50e-85fdc15704f8 failed to delete and is in ERROR status. Fault: {'code': 500, 'created': '2025-02-09T03:58:49Z', 'message': 'Build of instance d58b4160-af70-4417-a50e-85fdc15704f8 aborted: Failed to rebuild volume backed instance.'}., ), (, Conflict with state of target resource Details: {'type': 'SecurityGroupInUse', 'message': 'Security Group 9d964e70-2df0-456f-97c5-be74eaf07875 in use.', 'detail': ''}, )): testtools.runtest.MultipleExceptions: ((, Resource %(resource_id)s failed to delete and is in ERROR status Details: Server d58b4160-af70-4417-a50e-85fdc15704f8 failed to delete and is in ERROR status. Fault: {'code': 500, 'created': '2025-02-09T03:58:49Z', 'message': 'Build of instance d58b4160-af70-4417-a50e-85fdc15704f8 aborted: Failed to rebuild volume backed instance.'}., ), (, Conflict with state of target resource Details: {'type': 'SecurityGroupInUse', 'message': 'Security Group 9d964e70-2df0-456f-97c5-be74eaf07875 in use.', 'detail': ''}, ))
2025-02-09 03:58:55.460 64711 ERROR tempest.test
Traceback (most recent call last):
2025-02-09 03:58:55.460 64711 ERROR tempest.test
File "/opt/stack/tempest/tempest/test.py", line 210, in tearDownClass
2025-02-09 03:58:55.460 64711 ERROR tempest.test teardown()
2025-02-09 03:58:55.460 64711 ERROR tempest.test
File "/opt/stack/tempest/tempest/test.py", line 628, in resource_cleanup
2025-02-09 03:58:55.460 64711 ERROR tempest.test raise testtools.MultipleExceptions(*cleanup_errors)
2025-02-09 03:58:55.460 64711 ERROR tempest.test testtools.runtest.MultipleExceptions: ((, Resource %(resource_id)s failed to delete and is in ERROR status
2025-02-09 03:58:55.460 64711 ERROR tempest.test Details: Server d58b4160-af70-4417-a50e-85fdc15704f8 failed to delete and is in ERROR status. Fault: {'code': 500, 'created': '2025-02-09T03:58:49Z', 'message': 'Build of instance d58b4160-af70-4417-a50e-85fdc15704f8 aborted: Failed to rebuild volume backed instance.'}., ), (, Conflict with state of target resource
2025-02-09 03:58:55.460 64711 ERROR tempest.test Details: {'type': 'SecurityGroupInUse', 'message': 'Security Group 9d964e70-2df0-456f-97c5-be74eaf07875 in use.', 'detail': ''}, ))
2025-02-09 03:58:55.460 64711 ERROR tempest.test
2025-02-09 03:58:55.478 64729 INFO tempest.lib.common.rest_client [req-8d133345-4e91-4692-a309-b82400cc8b82 req-8d133345-4e91-4692-a309-b82400cc8b82 ] Request (ServersTestJSON:test_create_server_specify_multibyte_character_name): 200 GET http://10.180.1.21/compute/v2.1/servers/6daee122-5622-4804-bd63-a292c4e59e45 0.086s
2025-02-09 03:58:55.488 64729 INFO tempest.common.waiters [-] State transition "BUILD/None" ==> "BUILD/networking" after 58 second wait
2025-02-09 03:58:55.549 64741 INFO tempest.lib.common.rest_client [req-33d594cb-e23a-4f74-bfa5-b36c8b74f9f3 req-33d594cb-e23a-4f74-bfa5-b36c8b74f9f3 ] Request (ListServerFiltersTestJSON:tearDownClass): 200 GET http://10.180.1.21/compute/v2.1/servers/a9e67613-f7b4-4164-9212-2accfbddfdd1 0.073s
2025-02-09 03:58:55.583 64697 INFO tempest.lib.common.rest_client [req-d31b0b0f-77c8-40c2-8340-44abb7e3ce1d req-d31b0b0f-77c8-40c2-8340-44abb7e3ce1d ] Request (ServersNegativeTestMultiTenantJSON:tearDownClass): 204 DELETE http://10.180.1.21/identity/v3/projects/f218b2f0e8a04231993df4225288c130 0.125s
2025-02-09 03:58:55.583 64697 INFO tempest.lib.common.dynamic_creds [-] Deleting project and security group for project: 1c0d63c540df4cb5a59f8a51d34bf017
2025-02-09 03:58:55.593 64733 INFO tempest.lib.common.rest_client [req-8114beb5-40b1-4132-a5f4-ef3922f683f1 req-8114beb5-40b1-4132-a5f4-ef3922f683f1 ] Request (AttachVolumeNegativeTest:test_attach_attached_volume_to_different_server): 200 GET http://10.180.1.21/compute/v2.1/servers/42bd8c1f-062a-4a96-b015-529e468cbf8c 0.066s
2025-02-09 03:58:55.614 64697 INFO tempest.lib.common.rest_client [req-220c3838-0214-4a77-a980-7d8b2d749194 req-220c3838-0214-4a77-a980-7d8b2d749194 ] Request (ServersNegativeTestMultiTenantJSON:tearDownClass): 200 GET http://10.180.1.21:9696/networking/v2.0/security-groups?tenant_id=1c0d63c540df4cb5a59f8a51d34bf017&name=default 0.031s
2025-02-09 03:58:55.686 64707 INFO tempest.lib.common.rest_client [req-5667176a-3f3a-433b-938d-8b583f14a033 req-5667176a-3f3a-433b-938d-8b583f14a033 ] Request (ServerMetadataTestJSON:setUpClass): 200 GET http://10.180.1.21/compute/v2.1/servers/ed593698-16c1-454e-85bf-0d74e63126f8 0.104s
2025-02-09 03:58:55.735 64721 INFO tempest.lib.common.rest_client [req-289574a8-e6fa-4bae-99c1-f795e8fc7008 req-289574a8-e6fa-4bae-99c1-f795e8fc7008 ] Request (MigrationsAdminTest:test_resize_server_revert_deleted_flavor): 200 GET http://10.180.1.21/compute/v2.1/servers/2dbf5674-95b1-41b6-b4a4-c4912fafeebc 0.168s
2025-02-09 03:58:55.742 64721 INFO tempest.common.waiters [-] State transition "BUILD/spawning" ==> "ACTIVE/None" after 77 second wait
2025-02-09 03:58:55.765 64691 INFO tempest.lib.common.rest_client [req-460550e9-3ac9-4d2d-a7eb-0d6fc2fac2b9 req-460550e9-3ac9-4d2d-a7eb-0d6fc2fac2b9 ] Request (MultipleCreateTestJSON:test_multiple_create_with_reservation_return): 200 GET http://10.180.1.21/compute/v2.1/servers/4dd6bbb2-57fc-48d2-82e5-9ec8ec5c8d77 0.118s
2025-02-09 03:58:55.817 64725 INFO tempest.lib.common.rest_client [req-6374a572-cf52-464f-b510-593d1c67b257 req-6374a572-cf52-464f-b510-593d1c67b257 ] Request (ServerGroupTestJSON:_run_cleanups): 200 GET http://10.180.1.21/compute/v2.1/servers/1cfdf522-cbe8-46c1-9bd0-d5f687f043cd 0.094s
2025-02-09 03:58:55.857 64719 INFO tempest.lib.common.rest_client [req-522eab5c-91ef-425f-80b0-6a0d3d215647 req-522eab5c-91ef-425f-80b0-6a0d3d215647 ] Request (ListImageFiltersTestJSON:setUpClass): 200 GET http://10.180.1.21/compute/v2.1/images/4e550f9b-65d2-4ffb-981e-5d3577f174cb 0.075s
2025-02-09 03:58:55.879 64703 INFO tempest.lib.common.rest_client [req-ed390a5d-d25a-4aa6-97a8-c29a2f0e882c req-ed390a5d-d25a-4aa6-97a8-c29a2f0e882c ] Request (VolumesAdminNegativeTest:test_update_attached_volume_with_nonexistent_volume_in_body): 200 GET http://10.180.1.21/volume/v3/volumes/a519dc9f-749f-4d69-b1df-75b24958a235 0.036s
2025-02-09 03:58:55.903 64721 INFO tempest.lib.common.rest_client [req-6c3e6b4d-9b66-4114-80c0-ec1e7e04eadd req-6c3e6b4d-9b66-4114-80c0-ec1e7e04eadd ] Request (MigrationsAdminTest:test_resize_server_revert_deleted_flavor): 200 GET http://10.180.1.21/compute/v2.1/servers/2dbf5674-95b1-41b6-b4a4-c4912fafeebc 0.154s
2025-02-09 03:58:55.957 64721 INFO tempest.lib.common.rest_client [req-540a6506-da48-4d44-ac6e-cf8e3f34d454 req-540a6506-da48-4d44-ac6e-cf8e3f34d454 ] Request (MigrationsAdminTest:test_resize_server_revert_deleted_flavor): 202 DELETE http://10.180.1.21/compute/v2.1/flavors/146b95bd-7d58-4637-9dfc-1e53a1d626e4 0.042s
2025-02-09 03:58:56.001 64721 INFO tempest.lib.common.rest_client [req-46351d66-3944-4a4e-83ee-8dfdb22548cb req-46351d66-3944-4a4e-83ee-8dfdb22548cb ] Request (MigrationsAdminTest:test_resize_server_revert_deleted_flavor): 200 GET http://10.180.1.21/compute/v2.1/flavors/detail 0.038s
2025-02-09 03:58:56.023 64697 INFO tempest.lib.common.rest_client [req-9d4e7260-3230-439b-8964-1f2059d234f8 req-9d4e7260-3230-439b-8964-1f2059d234f8 ] Request (ServersNegativeTestMultiTenantJSON:tearDownClass): 204 DELETE http://10.180.1.21:9696/networking/v2.0/security-groups/3b5673c8-b793-4265-99c1-493ab9aad7e5 0.408s
2025-02-09 03:58:56.141 64723 INFO tempest.lib.common.rest_client [req-d0c46435-737f-45ca-8784-a3ab2d4f9f90 req-d0c46435-737f-45ca-8784-a3ab2d4f9f90 ] Request (ImagesTestJSON:test_create_server_from_snapshot): 200 GET http://10.180.1.21/compute/v2.1/servers/ea621953-3fd8-43f2-950b-4acd654f7483 0.165s
2025-02-09 03:58:56.149 64699 INFO tempest.lib.common.rest_client [req-e2465842-8630-43e2-9b0c-b397833efffc req-e2465842-8630-43e2-9b0c-b397833efffc ] Request (SecurityGroupsTestJSON:test_list_security_groups_by_server): 200 GET http://10.180.1.21/compute/v2.1/servers/ca2aa06c-914f-498c-9951-c588c07f07b0 0.199s
2025-02-09 03:58:56.185 64697 INFO tempest.lib.common.rest_client [req-b2f628b5-99b7-44e9-be3b-0f171724d995 req-b2f628b5-99b7-44e9-be3b-0f171724d995 ] Request (ServersNegativeTestMultiTenantJSON:tearDownClass): 204 DELETE http://10.180.1.21/identity/v3/projects/1c0d63c540df4cb5a59f8a51d34bf017 0.162s
2025-02-09 03:58:56.227 64743 INFO tempest.lib.common.rest_client [req-f766c0e1-ab91-45b8-b2b5-97a04550e062 req-f766c0e1-ab91-45b8-b2b5-97a04550e062 ] Request (FloatingIPsAssociationNegativeTestJSON:setUpClass): 200 GET http://10.180.1.21/compute/v2.1/servers/707b0e73-d4e8-4bcd-a9e4-00c923d62ce7 0.193s
2025-02-09 03:58:56.297 64715 INFO tempest.lib.common.rest_client [req-3b3bb3ac-0949-4983-bb6c-0f43192419b2 req-3b3bb3ac-0949-4983-bb6c-0f43192419b2 ] Request (DeleteServersTestJSON:test_delete_server_while_in_shelved_state): 200 GET http://10.180.1.21/compute/v2.1/servers/8d938a9b-3fb3-452d-9a19-531221fa01a2 0.237s
2025-02-09 03:58:56.322 64717 WARNING tempest.lib.common.ssh [-] Failed to establish authenticated ssh connection to cirros@10.180.180.167 ([Errno None] Unable to connect to port 22 on 10.180.180.167). Number attempts: 8. Retry after 9 seconds.: paramiko.ssh_exception.NoValidConnectionsError: [Errno None] Unable to connect to port 22 on 10.180.180.167
2025-02-09 03:58:56.333 64721 INFO tempest.lib.common.rest_client [req-b4aa9016-36cd-4931-b2e5-906cd7434904 req-b4aa9016-36cd-4931-b2e5-906cd7434904 ] Request (MigrationsAdminTest:test_resize_server_revert_deleted_flavor): 202 POST http://10.180.1.21/compute/v2.1/servers/2dbf5674-95b1-41b6-b4a4-c4912fafeebc/action 0.326s
2025-02-09 03:58:56.360 64685 INFO tempest.lib.common.rest_client [req-2b8712cb-2400-49b5-8c21-dcdb4402dbad req-2b8712cb-2400-49b5-8c21-dcdb4402dbad ] Request (ServerAddressesTestJSON:setUpClass): 200 GET http://10.180.1.21/compute/v2.1/servers/7d8cc18f-ed32-486f-a977-64ca7068be9e 0.260s
2025-02-09 03:58:56.398 64727 INFO tempest.lib.common.rest_client [req-15fc47f2-47f4-4a70-8e6d-3f5594988f0d req-15fc47f2-47f4-4a70-8e6d-3f5594988f0d ] Request (FloatingIPsAssociationTestJSON:test_associate_already_associated_floating_ip): 200 GET http://10.180.1.21/compute/v2.1/servers/7d05894a-50a1-4611-8a91-7b5d53bf586b 0.269s
2025-02-09 03:58:56.421 64695 INFO tempest.lib.common.rest_client [req-9df940b6-5656-4db1-9f4c-335e5222533f req-9df940b6-5656-4db1-9f4c-335e5222533f ] Request (ServersWithSpecificFlavorTestJSON:test_verify_created_server_ephemeral_disk): 200 GET http://10.180.1.21/compute/v2.1/servers/e0e50df5-f03a-4962-8c77-c2fa225ba313 0.255s
2025-02-09 03:58:56.454 64693 INFO tempest.lib.common.rest_client [req-b6554a9e-3f0a-48bf-b3fd-dca0e587633c req-b6554a9e-3f0a-48bf-b3fd-dca0e587633c ] Request (ServerExternalEventsTest:test_create_server_external_events): 200 GET http://10.180.1.21/compute/v2.1/servers/7c862cbf-e7fb-44a1-b19c-f6b1355b0721 0.256s
2025-02-09 03:58:56.483 64731 INFO tempest.lib.common.rest_client [req-bfa560c0-9d6e-47ce-8432-9f6028c871e1 req-bfa560c0-9d6e-47ce-8432-9f6028c871e1 ] Request (ServerDiagnosticsTest:tearDownClass): 404 GET http://10.180.1.21/compute/v2.1/servers/50f6d892-f128-4f5c-bfc4-6b9a34661950 0.139s
2025-02-09 03:58:56.513 64711 INFO tempest.lib.common.rest_client [req-c50bfe33-d872-474c-93c8-ddcb59f3dae7 req-c50bfe33-d872-474c-93c8-ddcb59f3dae7 ] Request (ServerActionsV293TestJSON:tearDownClass): 200 PUT http://10.180.1.21:9696/networking/v2.0/routers/30db9815-1aa9-492e-a1f2-fd49c7ca79db/remove_router_interface 1.052s
2025-02-09 03:58:56.653 64731 INFO tempest.lib.common.rest_client [req-8672a04c-954d-40ee-9287-dde22613ab03 req-8672a04c-954d-40ee-9287-dde22613ab03 ] Request (ServerDiagnosticsTest:tearDownClass): 204 DELETE http://10.180.1.21/identity/v3/users/ee3f967a604c4c14b7ed12caa61f864b 0.169s
2025-02-09 03:58:56.656 64705 INFO tempest.lib.common.rest_client [req-a48377a6-0a4a-4054-828e-b7f1bd592b5b req-a48377a6-0a4a-4054-828e-b7f1bd592b5b ] Request (ServersTestManualDisk:setUpClass): 200 GET http://10.180.1.21/compute/v2.1/servers/82535807-3e38-4b5e-94f8-5a1efe98541f 0.212s
2025-02-09 03:58:56.756 64731 INFO tempest.lib.common.rest_client [req-fef71ab7-2fca-4b7e-a200-60c070c5205f req-fef71ab7-2fca-4b7e-a200-60c070c5205f ] Request (ServerDiagnosticsTest:tearDownClass): 204 DELETE http://10.180.1.21/identity/v3/users/ace87d6a70884c689fa890631633cc69 0.102s
2025-02-09 03:58:56.756 64731 INFO tempest.lib.common.dynamic_creds [-] Deleting project and security group for project: 2982df0a037b475cbc589807df702070
2025-02-09 03:58:56.810 64721 INFO tempest.lib.common.rest_client [req-55ad5039-1275-4b31-92f4-3d75c0f056e9 req-55ad5039-1275-4b31-92f4-3d75c0f056e9 ] Request (MigrationsAdminTest:test_resize_server_revert_deleted_flavor): 200 GET http://10.180.1.21/compute/v2.1/servers/2dbf5674-95b1-41b6-b4a4-c4912fafeebc 0.477s
2025-02-09 03:58:56.812 64737 WARNING tempest.lib.common.ssh [-] Failed to establish authenticated ssh connection to cirros@10.180.180.141 ([Errno None] Unable to connect to port 22 on 10.180.180.141). Number attempts: 1. Retry after 2 seconds.: paramiko.ssh_exception.NoValidConnectionsError: [Errno None] Unable to connect to port 22 on 10.180.180.141
2025-02-09 03:58:56.826 64731 INFO tempest.lib.common.rest_client [req-b6b8419b-7759-4dbd-95c0-afc934bfe4f9 req-b6b8419b-7759-4dbd-95c0-afc934bfe4f9 ] Request (ServerDiagnosticsTest:tearDownClass): 201 POST http://10.180.1.21/identity/v3/auth/tokens 0.069s
2025-02-09 03:58:56.901 64729 INFO tempest.lib.common.rest_client [req-6b9a00e4-5140-4efc-8c1b-717f6e88c596 req-6b9a00e4-5140-4efc-8c1b-717f6e88c596 ] Request (ServersTestJSON:test_create_server_specify_multibyte_character_name): 200 GET http://10.180.1.21/compute/v2.1/servers/6daee122-5622-4804-bd63-a292c4e59e45 0.411s
2025-02-09 03:58:56.911 64729 INFO tempest.common.waiters [-] State transition "BUILD/networking" ==> "BUILD/block_device_mapping" after 59 second wait
2025-02-09 03:58:56.911 64741 INFO tempest.lib.common.rest_client [req-4936a653-1d0a-487e-87e3-b5444c0174c8 req-4936a653-1d0a-487e-87e3-b5444c0174c8 ] Request (ListServerFiltersTestJSON:tearDownClass): 200 GET http://10.180.1.21/compute/v2.1/servers/a9e67613-f7b4-4164-9212-2accfbddfdd1 0.354s
2025-02-09 03:58:56.952 64703 INFO tempest.lib.common.rest_client [req-7f032bd8-c541-4f93-b08d-332034c50c12 req-7f032bd8-c541-4f93-b08d-332034c50c12 ] Request (VolumesAdminNegativeTest:test_update_attached_volume_with_nonexistent_volume_in_body): 200 GET http://10.180.1.21/volume/v3/volumes/a519dc9f-749f-4d69-b1df-75b24958a235 0.064s
2025-02-09 03:58:56.993 64733 INFO tempest.lib.common.rest_client [req-17c277a3-b7b3-4cf9-aea6-bd685bcc7b10 req-17c277a3-b7b3-4cf9-aea6-bd685bcc7b10 ] Request (AttachVolumeNegativeTest:test_attach_attached_volume_to_different_server): 200 GET http://10.180.1.21/compute/v2.1/servers/42bd8c1f-062a-4a96-b015-529e468cbf8c 0.389s
2025-02-09 03:58:57.008 64707 INFO tempest.lib.common.rest_client [req-6e3f41df-0592-404f-94b5-ac86867c71d0 req-6e3f41df-0592-404f-94b5-ac86867c71d0 ] Request (ServerMetadataTestJSON:setUpClass): 200 GET http://10.180.1.21/compute/v2.1/servers/ed593698-16c1-454e-85bf-0d74e63126f8 0.313s
2025-02-09 03:58:57.021 64707 INFO tempest.common.waiters [-] State transition "BUILD/scheduling" ==> "BUILD/None" after 33 second wait
2025-02-09 03:58:57.024 64731 INFO tempest.lib.common.rest_client [req-2a52aeac-fb79-4112-ae5a-a311913ce503 req-2a52aeac-fb79-4112-ae5a-a311913ce503 ] Request (ServerDiagnosticsTest:tearDownClass): 200 GET http://10.180.1.21:9696/networking/v2.0/security-groups?tenant_id=2982df0a037b475cbc589807df702070&name=default 0.197s
2025-02-09 03:58:57.104 64691 INFO tempest.lib.common.rest_client [req-89de3e72-8367-4e26-8835-28cbf2ef68c3 req-89de3e72-8367-4e26-8835-28cbf2ef68c3 ] Request (MultipleCreateTestJSON:test_multiple_create_with_reservation_return): 200 GET http://10.180.1.21/compute/v2.1/servers/4dd6bbb2-57fc-48d2-82e5-9ec8ec5c8d77 0.330s
2025-02-09 03:58:57.116 64725 INFO tempest.lib.common.rest_client [req-5e8b95f4-15d3-4923-b2e0-942cb297685b req-5e8b95f4-15d3-4923-b2e0-942cb297685b ] Request (ServerGroupTestJSON:_run_cleanups): 200 GET http://10.180.1.21/compute/v2.1/servers/1cfdf522-cbe8-46c1-9bd0-d5f687f043cd 0.287s
2025-02-09 03:58:57.153 64719 INFO tempest.lib.common.rest_client [req-f1fdde1f-82d5-422e-b0cb-32c6ed45c032 req-f1fdde1f-82d5-422e-b0cb-32c6ed45c032 ] Request (ListImageFiltersTestJSON:setUpClass): 200 GET http://10.180.1.21/compute/v2.1/images/4e550f9b-65d2-4ffb-981e-5d3577f174cb 0.286s
2025-02-09 03:58:57.260 64711 INFO tempest.lib.common.rest_client [req-64ca0070-3925-4c3a-b26a-cbd1f535d448 req-64ca0070-3925-4c3a-b26a-cbd1f535d448 ] Request (ServerActionsV293TestJSON:tearDownClass): 204 DELETE http://10.180.1.21:9696/networking/v2.0/routers/30db9815-1aa9-492e-a1f2-fd49c7ca79db 0.746s
2025-02-09 03:58:57.280 64731 INFO tempest.lib.common.rest_client [req-7faa1788-9d4d-498e-9c01-6683a8bf01a9 req-7faa1788-9d4d-498e-9c01-6683a8bf01a9 ] Request (ServerDiagnosticsTest:tearDownClass): 204 DELETE http://10.180.1.21:9696/networking/v2.0/security-groups/e090c906-49a0-4c1a-9700-668035c6829d 0.256s
2025-02-09 03:58:57.353 64731 INFO tempest.lib.common.rest_client [req-3edd962f-1689-4cce-83f5-30fb5a4ef0b8 req-3edd962f-1689-4cce-83f5-30fb5a4ef0b8 ] Request (ServerDiagnosticsTest:tearDownClass): 204 DELETE http://10.180.1.21/identity/v3/projects/2982df0a037b475cbc589807df702070 0.072s
2025-02-09 03:58:57.353 64731 INFO tempest.lib.common.dynamic_creds [-] Deleting project and security group for project: bc9f415f2679410f883b3e355af50098
2025-02-09 03:58:57.359 64699 INFO tempest.lib.common.rest_client [req-74abb0f7-46bb-497c-8fec-2e4630a251db req-74abb0f7-46bb-497c-8fec-2e4630a251db ] Request (SecurityGroupsTestJSON:test_list_security_groups_by_server): 200 GET http://10.180.1.21/compute/v2.1/servers/ca2aa06c-914f-498c-9951-c588c07f07b0 0.197s
2025-02-09 03:58:57.367 64699 INFO tempest.common.waiters [-] State transition "BUILD/spawning" ==> "ACTIVE/None" after 73 second wait
2025-02-09 03:58:57.374 64723 INFO tempest.lib.common.rest_client [req-b843d2c6-d672-48c4-91f1-97a2d81e2c1a req-b843d2c6-d672-48c4-91f1-97a2d81e2c1a ] Request (ImagesTestJSON:test_create_server_from_snapshot): 200 GET http://10.180.1.21/compute/v2.1/servers/ea621953-3fd8-43f2-950b-4acd654f7483 0.223s
2025-02-09 03:58:57.425 64743 INFO tempest.lib.common.rest_client [req-24a95423-db9e-45ec-9e0f-d3975e1e0ee7 req-24a95423-db9e-45ec-9e0f-d3975e1e0ee7 ] Request (FloatingIPsAssociationNegativeTestJSON:setUpClass): 200 GET http://10.180.1.21/compute/v2.1/servers/707b0e73-d4e8-4bcd-a9e4-00c923d62ce7 0.190s
2025-02-09 03:58:57.432 64715 INFO tempest.lib.common.rest_client [req-9d23b1a5-8708-4295-b7e2-21b6c15a50bb req-9d23b1a5-8708-4295-b7e2-21b6c15a50bb ] Request (DeleteServersTestJSON:test_delete_server_while_in_shelved_state): 200 GET http://10.180.1.21/compute/v2.1/servers/8d938a9b-3fb3-452d-9a19-531221fa01a2 0.124s
2025-02-09 03:58:57.489 64685 INFO tempest.lib.common.rest_client [req-318856b1-924f-481d-bc4a-8ecdfa33c439 req-318856b1-924f-481d-bc4a-8ecdfa33c439 ] Request (ServerAddressesTestJSON:setUpClass): 200 GET http://10.180.1.21/compute/v2.1/servers/7d8cc18f-ed32-486f-a977-64ca7068be9e 0.121s
2025-02-09 03:58:57.502 64711 INFO tempest.lib.common.rest_client [req-b20b0ca9-df96-4650-8171-a99f4aaa6745 req-b20b0ca9-df96-4650-8171-a99f4aaa6745 ] Request (ServerActionsV293TestJSON:tearDownClass): 204 DELETE http://10.180.1.21:9696/networking/v2.0/subnets/fa88fefe-28ed-48a4-97c5-59043b10463a 0.242s
2025-02-09 03:58:57.553 64727 INFO tempest.lib.common.rest_client [req-b242ca66-a931-4422-866b-acf4215657e1 req-b242ca66-a931-4422-866b-acf4215657e1 ] Request (FloatingIPsAssociationTestJSON:test_associate_already_associated_floating_ip): 200 GET http://10.180.1.21/compute/v2.1/servers/7d05894a-50a1-4611-8a91-7b5d53bf586b 0.136s
2025-02-09 03:58:57.556 64731 INFO tempest.lib.common.rest_client [req-03eaab3c-38ef-431e-9a9b-be666b6a849f req-03eaab3c-38ef-431e-9a9b-be666b6a849f ] Request (ServerDiagnosticsTest:tearDownClass): 200 GET http://10.180.1.21:9696/networking/v2.0/security-groups?tenant_id=bc9f415f2679410f883b3e355af50098&name=default 0.202s
2025-02-09 03:58:57.604 64695 INFO tempest.lib.common.rest_client [req-ea9f42b7-15bc-4518-b2d3-11ab578dfe35 req-ea9f42b7-15bc-4518-b2d3-11ab578dfe35 ] Request (ServersWithSpecificFlavorTestJSON:test_verify_created_server_ephemeral_disk): 200 GET http://10.180.1.21/compute/v2.1/servers/e0e50df5-f03a-4962-8c77-c2fa225ba313 0.173s
2025-02-09 03:58:57.652 64693 INFO tempest.lib.common.rest_client [req-9ac7b07a-6206-4d0e-81bf-ad33a48d51b7 req-9ac7b07a-6206-4d0e-81bf-ad33a48d51b7 ] Request (ServerExternalEventsTest:test_create_server_external_events): 200 GET http://10.180.1.21/compute/v2.1/servers/7c862cbf-e7fb-44a1-b19c-f6b1355b0721 0.184s
2025-02-09 03:58:57.694 64731 INFO tempest.lib.common.rest_client [req-7e5abdd1-0341-49b0-8120-1975e56c61c5 req-7e5abdd1-0341-49b0-8120-1975e56c61c5 ] Request (ServerDiagnosticsTest:tearDownClass): 204 DELETE http://10.180.1.21:9696/networking/v2.0/security-groups/f6daf8c3-2b24-4300-8f2e-33fcb4ae30b9 0.137s
2025-02-09 03:58:57.811 64731 INFO tempest.lib.common.rest_client [req-2c0ebae1-fcdd-4333-bddf-224832187b42 req-2c0ebae1-fcdd-4333-bddf-224832187b42 ] Request (ServerDiagnosticsTest:tearDownClass): 204 DELETE http://10.180.1.21/identity/v3/projects/bc9f415f2679410f883b3e355af50098 0.117s
2025-02-09 03:58:57.833 64705 INFO tempest.lib.common.rest_client [req-d9945f36-49c9-4c5a-9b94-9b89d68a45f0 req-d9945f36-49c9-4c5a-9b94-9b89d68a45f0 ] Request (ServersTestManualDisk:setUpClass): 200 GET http://10.180.1.21/compute/v2.1/servers/82535807-3e38-4b5e-94f8-5a1efe98541f 0.166s
2025-02-09 03:58:57.895 64731 INFO tempest.lib.common.rest_client [req-21a96987-7025-4cfc-9c91-438ae6b6e730 req-21a96987-7025-4cfc-9c91-438ae6b6e730 ] Request (FlavorsV2NegativeTest:setUpClass): 201 POST http://10.180.1.21/identity/v3/auth/tokens 0.083s
2025-02-09 03:58:57.898 64699 INFO tempest.lib.common.rest_client [req-597caf93-811d-4656-a6b7-2c21a7254e1a req-597caf93-811d-4656-a6b7-2c21a7254e1a ] Request (SecurityGroupsTestJSON:test_list_security_groups_by_server): 202 POST http://10.180.1.21/compute/v2.1/servers/ca2aa06c-914f-498c-9951-c588c07f07b0/action 0.530s
2025-02-09 03:58:57.939 64731 INFO tempest.lib.common.rest_client [req-fd21b7e4-4080-41f5-be2e-bed08c1f4b55 req-fd21b7e4-4080-41f5-be2e-bed08c1f4b55 ] Request (FlavorsV2NegativeTest:setUpClass): 201 POST http://10.180.1.21/identity/v3/auth/tokens 0.038s
2025-02-09 03:58:57.987 64731 INFO tempest.lib.common.rest_client [req-07800d9d-963f-455f-95e0-4a154ef4eb3e req-07800d9d-963f-455f-95e0-4a154ef4eb3e ] Request (FlavorsV2NegativeTest:setUpClass): 200 GET http://10.180.1.21/identity/v3/domains?name=Default 0.047s
2025-02-09 03:58:57.986 64711 INFO tempest.lib.common.rest_client [req-1965e3cf-2921-404b-b177-63761c30cbb0 req-1965e3cf-2921-404b-b177-63761c30cbb0 ] Request (ServerActionsV293TestJSON:tearDownClass): 204 DELETE http://10.180.1.21:9696/networking/v2.0/networks/5d75b5ef-8eb7-4fd2-ae9f-a075b0497cf3 0.483s
2025-02-09 03:58:58.004 64703 INFO tempest.lib.common.rest_client [req-e7ac608c-4a60-4ebc-91c7-c993b5a0c51f req-e7ac608c-4a60-4ebc-91c7-c993b5a0c51f ] Request (VolumesAdminNegativeTest:test_update_attached_volume_with_nonexistent_volume_in_body): 200 GET http://10.180.1.21/volume/v3/volumes/a519dc9f-749f-4d69-b1df-75b24958a235 0.045s
2025-02-09 03:58:58.012 64703 INFO tempest.common.waiters [-] Attachment f728f1b8-f3db-4967-ba6d-40bb31638987 created for volume a519dc9f-749f-4d69-b1df-75b24958a235 to server c9fe8811-1b42-4355-b7a9-9efd10729e8b after waiting for 9.012060 seconds
2025-02-09 03:58:58.021 64721 INFO tempest.lib.common.rest_client [req-759eafce-28bb-4254-81ad-2351271bdedf req-759eafce-28bb-4254-81ad-2351271bdedf ] Request (MigrationsAdminTest:test_resize_server_revert_deleted_flavor): 200 GET http://10.180.1.21/compute/v2.1/servers/2dbf5674-95b1-41b6-b4a4-c4912fafeebc 0.199s
2025-02-09 03:58:58.042 64731 INFO tempest.lib.common.rest_client [req-e8f0e68d-401e-458d-ae46-e397ca49d33c req-e8f0e68d-401e-458d-ae46-e397ca49d33c ] Request (FlavorsV2NegativeTest:setUpClass): 201 POST http://10.180.1.21/identity/v3/projects 0.055s
2025-02-09 03:58:58.047 64703 INFO tempest.lib.common.rest_client [req-25c8ea43-4114-47c6-973a-09029bb570f9 req-25c8ea43-4114-47c6-973a-09029bb570f9 ] Request (VolumesAdminNegativeTest:test_update_attached_volume_with_nonexistent_volume_in_body): 200 GET http://10.180.1.21/volume/v3/volumes/a519dc9f-749f-4d69-b1df-75b24958a235 0.035s
2025-02-09 03:58:58.055 64703 INFO tempest.common.waiters [-] volume a519dc9f-749f-4d69-b1df-75b24958a235 reached in-use after waiting for 0.055423 seconds
2025-02-09 03:58:58.096 64711 INFO tempest.lib.common.rest_client [req-b6dac0cf-e40b-4335-a444-463b273ab456 req-b6dac0cf-e40b-4335-a444-463b273ab456 ] Request (ServerActionsV293TestJSON:tearDownClass): 204 DELETE http://10.180.1.21/identity/v3/users/37ec37b4267242378ab9d76811037335 0.108s
2025-02-09 03:58:58.097 64711 INFO tempest.lib.common.dynamic_creds [-] Deleting project and security group for project: fbabbd4cdec445069e1b33043f46c6ec
2025-02-09 03:58:58.150 64711 INFO tempest.lib.common.rest_client [req-a95d55e1-6e1d-4896-b7f0-8ae338987bb8 req-a95d55e1-6e1d-4896-b7f0-8ae338987bb8 ] Request (ServerActionsV293TestJSON:tearDownClass): 200 GET http://10.180.1.21:9696/networking/v2.0/security-groups?tenant_id=fbabbd4cdec445069e1b33043f46c6ec&name=default 0.053s
2025-02-09 03:58:58.185 64731 INFO tempest.lib.common.rest_client [req-378d3403-aac4-47eb-9d36-49188564c7bd req-378d3403-aac4-47eb-9d36-49188564c7bd ] Request (FlavorsV2NegativeTest:setUpClass): 201 POST http://10.180.1.21/identity/v3/users 0.143s
2025-02-09 03:58:58.198 64729 INFO tempest.lib.common.rest_client [req-e7459091-c50f-4b4f-9ef3-a89da8d3617b req-e7459091-c50f-4b4f-9ef3-a89da8d3617b ] Request (ServersTestJSON:test_create_server_specify_multibyte_character_name): 200 GET http://10.180.1.21/compute/v2.1/servers/6daee122-5622-4804-bd63-a292c4e59e45 0.285s
2025-02-09 03:58:58.207 64729 INFO tempest.common.waiters [-] State transition "BUILD/block_device_mapping" ==> "BUILD/spawning" after 61 second wait
2025-02-09 03:58:58.275 64711 INFO tempest.lib.common.rest_client [req-37665340-ef54-4823-a4a2-f3e95a866e82 req-37665340-ef54-4823-a4a2-f3e95a866e82 ] Request (ServerActionsV293TestJSON:tearDownClass): 204 DELETE http://10.180.1.21:9696/networking/v2.0/security-groups/d9a5088e-469d-4179-b8bd-9768ea7e3c82 0.124s
2025-02-09 03:58:58.294 64731 INFO tempest.lib.common.rest_client [req-e7b66e93-671c-42ce-bcde-8ad19fa9d282 req-e7b66e93-671c-42ce-bcde-8ad19fa9d282 ] Request (FlavorsV2NegativeTest:setUpClass): 200 GET http://10.180.1.21/identity/v3/roles 0.108s
2025-02-09 03:58:58.300 64741 INFO tempest.lib.common.rest_client [req-ec6dcde8-4cfe-45ef-b623-3b251e98e9de req-ec6dcde8-4cfe-45ef-b623-3b251e98e9de ] Request (ListServerFiltersTestJSON:tearDownClass): 200 GET http://10.180.1.21/compute/v2.1/servers/a9e67613-f7b4-4164-9212-2accfbddfdd1 0.378s
2025-02-09 03:58:58.336 64731 INFO tempest.lib.common.rest_client [req-5a2a8c35-2868-4d0f-9fc9-b6387fbca97a req-5a2a8c35-2868-4d0f-9fc9-b6387fbca97a ] Request (FlavorsV2NegativeTest:setUpClass): 204 PUT http://10.180.1.21/identity/v3/projects/cce46879cc1c469f913561ce7301104f/users/d64cfff0f011414fb5b9a97c54a5fab0/roles/c48da2a63f284efda1854beac08e4843 0.041s
2025-02-09 03:58:58.336 64731 INFO tempest.lib.common.dynamic_creds [-] Dynamic test user d64cfff0f011414fb5b9a97c54a5fab0 is created with scope project and roles: ['member']
2025-02-09 03:58:58.337 64731 INFO tempest.lib.common.dynamic_creds [-] Acquired dynamic creds: credentials: Credentials: {'domain_id': 'default', 'domain_name': 'Default', 'username': 'tempest-FlavorsV2NegativeTest-1105309760-project-member', 'project_domain_id': 'default', 'project_domain_name': 'Default', 'project_id': 'cce46879cc1c469f913561ce7301104f', 'project_name': 'tempest-FlavorsV2NegativeTest-1105309760', 'tenant_id': 'cce46879cc1c469f913561ce7301104f', 'tenant_name': 'tempest-FlavorsV2NegativeTest-1105309760', 'user_domain_id': 'default', 'user_domain_name': 'Default', 'user_id': 'd64cfff0f011414fb5b9a97c54a5fab0', 'system': None}, Network: None, Subnet: None, Router: None
2025-02-09 03:58:58.337 64731 INFO tempest.lib.common.dynamic_creds [-] Created isolated network resources for: credentials: Credentials: {'domain_id': 'default', 'domain_name': 'Default', 'username': 'tempest-FlavorsV2NegativeTest-1105309760-project-member', 'project_domain_id': 'default', 'project_domain_name': 'Default', 'project_id': 'cce46879cc1c469f913561ce7301104f', 'project_name': 'tempest-FlavorsV2NegativeTest-1105309760', 'tenant_id': 'cce46879cc1c469f913561ce7301104f', 'tenant_name': 'tempest-FlavorsV2NegativeTest-1105309760', 'user_domain_id': 'default', 'user_domain_name': 'Default', 'user_id': 'd64cfff0f011414fb5b9a97c54a5fab0', 'system': None}, Network: None, Subnet: None, Router: None
2025-02-09 03:58:58.355 64699 INFO tempest.lib.common.rest_client [req-f57ca39e-b1b9-411e-bf28-7740d0617baf req-f57ca39e-b1b9-411e-bf28-7740d0617baf ] Request (SecurityGroupsTestJSON:test_list_security_groups_by_server): 202 POST http://10.180.1.21/compute/v2.1/servers/ca2aa06c-914f-498c-9951-c588c07f07b0/action 0.457s
2025-02-09 03:58:58.373 64733 INFO tempest.lib.common.rest_client [req-fd90cc6f-823e-4314-8765-6749537ebfcf req-fd90cc6f-823e-4314-8765-6749537ebfcf ] Request (AttachVolumeNegativeTest:test_attach_attached_volume_to_different_server): 200 GET http://10.180.1.21/compute/v2.1/servers/42bd8c1f-062a-4a96-b015-529e468cbf8c 0.364s
2025-02-09 03:58:58.381 64733 INFO tempest.common.waiters [-] State transition "BUILD/scheduling" ==> "BUILD/None" after 25 second wait
2025-02-09 03:58:58.391 64711 INFO tempest.lib.common.rest_client [req-c81ff4cf-66e9-439c-8442-54bd1b9eb247 req-c81ff4cf-66e9-439c-8442-54bd1b9eb247 ] Request (ServerActionsV293TestJSON:tearDownClass): 204 DELETE http://10.180.1.21/identity/v3/projects/fbabbd4cdec445069e1b33043f46c6ec 0.116s
2025-02-09 03:58:58.431 64707 INFO tempest.lib.common.rest_client [req-ac92d3bf-8150-4bc2-a2a4-63bfce9b2599 req-ac92d3bf-8150-4bc2-a2a4-63bfce9b2599 ] Request (ServerMetadataTestJSON:setUpClass): 200 GET http://10.180.1.21/compute/v2.1/servers/ed593698-16c1-454e-85bf-0d74e63126f8 0.406s
2025-02-09 03:58:58.442 64731 INFO tempest.lib.common.rest_client [req-431ed067-5c67-455f-97de-f53b857c0368 req-431ed067-5c67-455f-97de-f53b857c0368 ] Request (FlavorsV2NegativeTest:setUpClass): 201 POST http://10.180.1.21/identity/v3/auth/tokens 0.098s
2025-02-09 03:58:58.493 64711 INFO tempest.lib.common.rest_client [req-336f328a-73de-4828-91ab-39f9522dfb63 req-336f328a-73de-4828-91ab-39f9522dfb63 ] Request (VolumesSnapshotsTestJSON:setUpClass): 201 POST http://10.180.1.21/identity/v3/auth/tokens 0.098s
2025-02-09 03:58:58.500 64691 INFO tempest.lib.common.rest_client [req-acc56be8-6fe9-47f0-bf75-a2a65da64eaa req-acc56be8-6fe9-47f0-bf75-a2a65da64eaa ] Request (MultipleCreateTestJSON:test_multiple_create_with_reservation_return): 200 GET http://10.180.1.21/compute/v2.1/servers/4dd6bbb2-57fc-48d2-82e5-9ec8ec5c8d77 0.381s
2025-02-09 03:58:58.533 64711 INFO tempest.lib.common.rest_client [req-00f5ad19-9769-4548-9a41-ec19d621cf32 req-00f5ad19-9769-4548-9a41-ec19d621cf32 ] Request (VolumesSnapshotsTestJSON:setUpClass): 201 POST http://10.180.1.21/identity/v3/auth/tokens 0.034s
2025-02-09 03:58:58.566 64711 INFO tempest.lib.common.rest_client [req-0ba3d538-e2f1-4f0e-8921-3298862ccb9f req-0ba3d538-e2f1-4f0e-8921-3298862ccb9f ] Request (VolumesSnapshotsTestJSON:setUpClass): 200 GET http://10.180.1.21/identity/v3/domains?name=Default 0.032s
2025-02-09 03:58:58.571 64703 INFO tempest.lib.common.rest_client [req-c6e4ed2e-07a5-4cbd-b39a-a3baf292f969 req-c6e4ed2e-07a5-4cbd-b39a-a3baf292f969 ] Request (VolumesAdminNegativeTest:test_update_attached_volume_with_nonexistent_volume_in_body): 400 PUT http://10.180.1.21/compute/v2.1/servers/c9fe8811-1b42-4355-b7a9-9efd10729e8b/os-volume_attachments/a519dc9f-749f-4d69-b1df-75b24958a235 0.515s
2025-02-09 03:58:58.573 64725 INFO tempest.lib.common.rest_client [req-1539d6e6-2d12-4b2f-ac56-150d2711afc0 req-1539d6e6-2d12-4b2f-ac56-150d2711afc0 ] Request (ServerGroupTestJSON:_run_cleanups): 200 GET http://10.180.1.21/compute/v2.1/servers/1cfdf522-cbe8-46c1-9bd0-d5f687f043cd 0.448s
2025-02-09 03:58:58.601 64711 INFO tempest.lib.common.rest_client [req-4162555b-d38a-4401-a66c-bb9de47d958f req-4162555b-d38a-4401-a66c-bb9de47d958f ] Request (VolumesSnapshotsTestJSON:setUpClass): 201 POST http://10.180.1.21/identity/v3/projects 0.034s
2025-02-09 03:58:58.623 64703 INFO tempest.lib.common.rest_client [req-6c270818-5051-4bde-8990-8b59d058706a req-6c270818-5051-4bde-8990-8b59d058706a ] Request (VolumesAdminNegativeTest:_run_cleanups): 200 GET http://10.180.1.21/volume/v3/volumes/a519dc9f-749f-4d69-b1df-75b24958a235 0.051s
2025-02-09 03:58:58.637 64719 INFO tempest.lib.common.rest_client [req-a27504c0-36d0-4ec8-b969-e0633778b02a req-a27504c0-36d0-4ec8-b969-e0633778b02a ] Request (ListImageFiltersTestJSON:setUpClass): 200 GET http://10.180.1.21/compute/v2.1/images/4e550f9b-65d2-4ffb-981e-5d3577f174cb 0.480s
2025-02-09 03:58:58.683 64711 INFO tempest.lib.common.rest_client [req-09934c28-a6a2-4f23-a698-3b5668a24629 req-09934c28-a6a2-4f23-a698-3b5668a24629 ] Request (VolumesSnapshotsTestJSON:setUpClass): 201 POST http://10.180.1.21/identity/v3/users 0.081s
2025-02-09 03:58:58.713 64711 INFO tempest.lib.common.rest_client [req-b504d5b1-2b47-4784-9877-20a2bc42b57d req-b504d5b1-2b47-4784-9877-20a2bc42b57d ] Request (VolumesSnapshotsTestJSON:setUpClass): 200 GET http://10.180.1.21/identity/v3/roles 0.029s
2025-02-09 03:58:58.742 64711 INFO tempest.lib.common.rest_client [req-01b0a014-ee45-46e7-baea-e33a72d800dc req-01b0a014-ee45-46e7-baea-e33a72d800dc ] Request (VolumesSnapshotsTestJSON:setUpClass): 204 PUT http://10.180.1.21/identity/v3/projects/4b043d9b7d574aa580f7b8fdabe44c56/users/b2d8c727b2c54ac0b27cf3a203a0b315/roles/c48da2a63f284efda1854beac08e4843 0.028s
2025-02-09 03:58:58.742 64711 INFO tempest.lib.common.dynamic_creds [-] Dynamic test user b2d8c727b2c54ac0b27cf3a203a0b315 is created with scope project and roles: ['member']
2025-02-09 03:58:58.742 64711 INFO tempest.lib.common.dynamic_creds [-] Acquired dynamic creds: credentials: Credentials: {'domain_id': 'default', 'domain_name': 'Default', 'username': 'tempest-VolumesSnapshotsTestJSON-1802873615-project-member', 'project_domain_id': 'default', 'project_domain_name': 'Default', 'project_id': '4b043d9b7d574aa580f7b8fdabe44c56', 'project_name': 'tempest-VolumesSnapshotsTestJSON-1802873615', 'tenant_id': '4b043d9b7d574aa580f7b8fdabe44c56', 'tenant_name': 'tempest-VolumesSnapshotsTestJSON-1802873615', 'user_domain_id': 'default', 'user_domain_name': 'Default', 'user_id': 'b2d8c727b2c54ac0b27cf3a203a0b315', 'system': None}, Network: None, Subnet: None, Router: None
2025-02-09 03:58:58.742 64711 INFO tempest.lib.common.dynamic_creds [-] Created isolated network resources for: credentials: Credentials: {'domain_id': 'default', 'domain_name': 'Default', 'username': 'tempest-VolumesSnapshotsTestJSON-1802873615-project-member', 'project_domain_id': 'default', 'project_domain_name': 'Default', 'project_id': '4b043d9b7d574aa580f7b8fdabe44c56', 'project_name': 'tempest-VolumesSnapshotsTestJSON-1802873615', 'tenant_id': '4b043d9b7d574aa580f7b8fdabe44c56', 'tenant_name': 'tempest-VolumesSnapshotsTestJSON-1802873615', 'user_domain_id': 'default', 'user_domain_name': 'Default', 'user_id': 'b2d8c727b2c54ac0b27cf3a203a0b315', 'system': None}, Network: None, Subnet: None, Router: None
2025-02-09 03:58:58.787 64723 INFO tempest.lib.common.rest_client [req-70c53400-aac6-4821-a7ef-9301d9be5629 req-70c53400-aac6-4821-a7ef-9301d9be5629 ] Request (ImagesTestJSON:test_create_server_from_snapshot): 200 GET http://10.180.1.21/compute/v2.1/servers/ea621953-3fd8-43f2-950b-4acd654f7483 0.405s
2025-02-09 03:58:58.822 64711 INFO tempest.lib.common.rest_client [req-c29a9823-0b5e-4c61-aae6-4b57bcb0389a req-c29a9823-0b5e-4c61-aae6-4b57bcb0389a ] Request (VolumesSnapshotsTestJSON:setUpClass): 201 POST http://10.180.1.21/identity/v3/auth/tokens 0.075s
2025-02-09 03:58:58.841 64743 INFO tempest.lib.common.rest_client [req-7b5bf09c-936c-4c3a-9ce8-df5435bbe62c req-7b5bf09c-936c-4c3a-9ce8-df5435bbe62c ] Request (FloatingIPsAssociationNegativeTestJSON:setUpClass): 200 GET http://10.180.1.21/compute/v2.1/servers/707b0e73-d4e8-4bcd-a9e4-00c923d62ce7 0.404s
2025-02-09 03:58:58.849 64699 INFO tempest.lib.common.rest_client [req-cb8102b4-3860-4faa-b582-a2f96376fe39 req-cb8102b4-3860-4faa-b582-a2f96376fe39 ] Request (SecurityGroupsTestJSON:test_list_security_groups_by_server): 200 GET http://10.180.1.21/compute/v2.1/servers/ca2aa06c-914f-498c-9951-c588c07f07b0/os-security-groups 0.493s
2025-02-09 03:58:58.907 64715 INFO tempest.lib.common.rest_client [req-30903840-b06c-4fa1-8616-c01e6f808cd8 req-30903840-b06c-4fa1-8616-c01e6f808cd8 ] Request (DeleteServersTestJSON:test_delete_server_while_in_shelved_state): 200 GET http://10.180.1.21/compute/v2.1/servers/8d938a9b-3fb3-452d-9a19-531221fa01a2 0.465s
2025-02-09 03:58:58.962 64685 INFO tempest.lib.common.rest_client [req-a8d71bff-2a3a-40fa-90b2-25c1a6b09170 req-a8d71bff-2a3a-40fa-90b2-25c1a6b09170 ] Request (ServerAddressesTestJSON:setUpClass): 200 GET http://10.180.1.21/compute/v2.1/servers/7d8cc18f-ed32-486f-a977-64ca7068be9e 0.461s
2025-02-09 03:58:58.999 64731 INFO tempest.lib.common.rest_client [req-79cc7c4e-b43a-4b0c-886c-efb2ffbf75aa req-79cc7c4e-b43a-4b0c-886c-efb2ffbf75aa ] Request (FlavorsV2NegativeTest:test_boot_with_low_ram): 200 GET http://10.180.1.21/compute/v2.1/flavors/42 0.555s
2025-02-09 03:58:59.045 64727 INFO tempest.lib.common.rest_client [req-7c775113-c8a2-41c7-b60a-8237bf2b97c6 req-7c775113-c8a2-41c7-b60a-8237bf2b97c6 ] Request (FloatingIPsAssociationTestJSON:test_associate_already_associated_floating_ip): 200 GET http://10.180.1.21/compute/v2.1/servers/7d05894a-50a1-4611-8a91-7b5d53bf586b 0.482s
2025-02-09 03:58:59.059 64695 INFO tempest.lib.common.rest_client [req-3d6a6f61-da2b-4d7a-8538-7b3347777afe req-3d6a6f61-da2b-4d7a-8538-7b3347777afe ] Request (ServersWithSpecificFlavorTestJSON:test_verify_created_server_ephemeral_disk): 200 GET http://10.180.1.21/compute/v2.1/servers/e0e50df5-f03a-4962-8c77-c2fa225ba313 0.440s
2025-02-09 03:58:59.123 64693 INFO tempest.lib.common.rest_client [req-1c8e0e0b-1390-470d-a306-9225aef52473 req-1c8e0e0b-1390-470d-a306-9225aef52473 ] Request (ServerExternalEventsTest:test_create_server_external_events): 200 GET http://10.180.1.21/compute/v2.1/servers/7c862cbf-e7fb-44a1-b19c-f6b1355b0721 0.460s
2025-02-09 03:58:59.208 64703 INFO tempest.lib.common.rest_client [req-e7e5e884-072b-4e55-b715-c33c9b7f5384 req-e7e5e884-072b-4e55-b715-c33c9b7f5384 ] Request (VolumesAdminNegativeTest:_run_cleanups): 202 DELETE http://10.180.1.21/compute/v2.1/servers/c9fe8811-1b42-4355-b7a9-9efd10729e8b/os-volume_attachments/a519dc9f-749f-4d69-b1df-75b24958a235 0.573s
2025-02-09 03:58:59.312 64705 INFO tempest.lib.common.rest_client [req-8cce0021-3aae-479d-8d2f-4c24b007dd17 req-8cce0021-3aae-479d-8d2f-4c24b007dd17 ] Request (ServersTestManualDisk:setUpClass): 200 GET http://10.180.1.21/compute/v2.1/servers/82535807-3e38-4b5e-94f8-5a1efe98541f 0.470s
2025-02-09 03:58:59.338 64711 INFO tempest.lib.common.rest_client [req-5d72b4f7-ee3b-46f0-97af-8ad03a1f9d22 req-5d72b4f7-ee3b-46f0-97af-8ad03a1f9d22 ] Request (VolumesSnapshotsTestJSON:test_volume_snapshot_create_get_list_delete): 200 POST http://10.180.1.21/compute/v2.1/os-volumes 0.515s
2025-02-09 03:58:59.362 64731 INFO tempest.lib.common.rest_client [req-03539561-983f-4bc4-9c7d-7eaaef4a018e req-03539561-983f-4bc4-9c7d-7eaaef4a018e ] Request (FlavorsV2NegativeTest:test_boot_with_low_ram): 201 POST http://10.180.1.21/image/v2/images 0.355s
2025-02-09 03:58:59.428 64699 INFO tempest.lib.common.rest_client [req-2ef12e49-dc20-4505-9078-ec1ac5dc096a req-2ef12e49-dc20-4505-9078-ec1ac5dc096a ] Request (SecurityGroupsTestJSON:test_security_group_create_get_delete): 200 POST http://10.180.1.21/compute/v2.1/os-security-groups 0.571s
2025-02-09 03:58:59.464 64703 INFO tempest.lib.common.rest_client [req-3fe4f3a7-c7cb-41f3-8977-b89b79b0d573 req-3fe4f3a7-c7cb-41f3-8977-b89b79b0d573 ] Request (VolumesAdminNegativeTest:_run_cleanups): 200 GET http://10.180.1.21/compute/v2.1/servers/c9fe8811-1b42-4355-b7a9-9efd10729e8b/os-volume_attachments 0.256s
2025-02-09 03:58:59.491 64721 INFO tempest.lib.common.rest_client [req-c4488f49-f3c4-4139-9e94-32a42b2733f2 req-c4488f49-f3c4-4139-9e94-32a42b2733f2 ] Request (MigrationsAdminTest:test_resize_server_revert_deleted_flavor): 200 GET http://10.180.1.21/compute/v2.1/servers/2dbf5674-95b1-41b6-b4a4-c4912fafeebc 0.458s
2025-02-09 03:58:59.569 64741 INFO tempest.lib.common.rest_client [req-a5adec36-73a7-4508-ba0f-903b36ceb953 req-a5adec36-73a7-4508-ba0f-903b36ceb953 ] Request (ListServerFiltersTestJSON:tearDownClass): 200 GET http://10.180.1.21/compute/v2.1/servers/a9e67613-f7b4-4164-9212-2accfbddfdd1 0.260s
2025-02-09 03:58:59.581 64729 INFO tempest.lib.common.rest_client [req-5acb7307-18ab-4c9e-9713-cbfde71dff34 req-5acb7307-18ab-4c9e-9713-cbfde71dff34 ] Request (ServersTestJSON:test_create_server_specify_multibyte_character_name): 200 GET http://10.180.1.21/compute/v2.1/servers/6daee122-5622-4804-bd63-a292c4e59e45 0.373s
2025-02-09 03:58:59.602 64711 INFO tempest.lib.common.rest_client [req-c6a682db-31b4-4425-a530-14fe909cf291 req-c6a682db-31b4-4425-a530-14fe909cf291 ] Request (VolumesSnapshotsTestJSON:test_volume_snapshot_create_get_list_delete): 200 GET http://10.180.1.21/compute/v2.1/os-volumes/cdb25528-0389-49da-981a-bbbe4c360658 0.261s
2025-02-09 03:58:59.605 64711 INFO tempest.common.waiters [-] volume cdb25528-0389-49da-981a-bbbe4c360658 reached available after waiting for 0.605491 seconds
2025-02-09 03:58:59.631 64733 INFO tempest.lib.common.rest_client [req-6dffaf4d-c428-4e9e-9bab-8e1d73833201 req-6dffaf4d-c428-4e9e-9bab-8e1d73833201 ] Request (AttachVolumeNegativeTest:test_attach_attached_volume_to_different_server): 200 GET http://10.180.1.21/compute/v2.1/servers/42bd8c1f-062a-4a96-b015-529e468cbf8c 0.249s
2025-02-09 03:58:59.631 64699 INFO tempest.lib.common.rest_client [req-e3724d54-298a-4405-bfd6-992704151d12 req-e3724d54-298a-4405-bfd6-992704151d12 ] Request (SecurityGroupsTestJSON:test_security_group_create_get_delete): 200 GET http://10.180.1.21/compute/v2.1/os-security-groups/5033c3b6-814e-4820-92d7-6c9be8382a60 0.200s
2025-02-09 03:58:59.679 64691 INFO tempest.lib.common.rest_client [req-c0194a8e-7760-4f57-8952-b827d6030b00 req-c0194a8e-7760-4f57-8952-b827d6030b00 ] Request (MultipleCreateTestJSON:test_multiple_create_with_reservation_return): 200 GET http://10.180.1.21/compute/v2.1/servers/4dd6bbb2-57fc-48d2-82e5-9ec8ec5c8d77 0.168s
2025-02-09 03:58:59.681 64745 INFO paramiko.transport [-] Connected (version 2.0, client dropbear_2020.81)
2025-02-09 03:58:59.691 64707 INFO tempest.lib.common.rest_client [req-abb419c0-32ae-47a3-ba0a-ef95d9a3e703 req-abb419c0-32ae-47a3-ba0a-ef95d9a3e703 ] Request (ServerMetadataTestJSON:setUpClass): 200 GET http://10.180.1.21/compute/v2.1/servers/ed593698-16c1-454e-85bf-0d74e63126f8 0.250s
2025-02-09 03:58:59.727 64701 WARNING tempest.lib.common.ssh [-] Failed to establish authenticated ssh connection to cirros@10.180.180.215 ([Errno None] Unable to connect to port 22 on 10.180.180.215). Number attempts: 5. Retry after 6 seconds.: paramiko.ssh_exception.NoValidConnectionsError: [Errno None] Unable to connect to port 22 on 10.180.180.215
2025-02-09 03:58:59.752 64725 INFO tempest.lib.common.rest_client [req-8d7fa658-077b-4e92-8109-a6109de0cb3d req-8d7fa658-077b-4e92-8109-a6109de0cb3d ] Request (ServerGroupTestJSON:_run_cleanups): 200 GET http://10.180.1.21/compute/v2.1/servers/1cfdf522-cbe8-46c1-9bd0-d5f687f043cd 0.168s
2025-02-09 03:58:59.787 64745 INFO paramiko.transport [-] Authentication (publickey) successful!
2025-02-09 03:58:59.787 64745 INFO tempest.lib.common.ssh [-] ssh connection to cirros@10.180.180.237 successfully created
2025-02-09 03:58:59.834 64711 INFO tempest.lib.common.rest_client [req-2ddad81d-9450-45a5-bf0f-56b2efbd20d0 req-2ddad81d-9450-45a5-bf0f-56b2efbd20d0 ] Request (VolumesSnapshotsTestJSON:test_volume_snapshot_create_get_list_delete): 200 POST http://10.180.1.21/compute/v2.1/os-snapshots 0.228s
2025-02-09 03:58:59.916 64699 INFO tempest.lib.common.rest_client [req-89dba3ab-725d-46e0-94f1-569c61efee77 req-89dba3ab-725d-46e0-94f1-569c61efee77 ] Request (SecurityGroupsTestJSON:test_security_group_create_get_delete): 202 DELETE http://10.180.1.21/compute/v2.1/os-security-groups/5033c3b6-814e-4820-92d7-6c9be8382a60 0.281s
