2025-02-09 03:58:08.320 64685 INFO tempest.lib.common.rest_client [req-7ae6392a-7f0f-4fb2-b7c1-c300557b73c0 req-7ae6392a-7f0f-4fb2-b7c1-c300557b73c0 ] Request (ServerAddressesTestJSON:setUpClass): 200 GET http://10.180.1.21/identity/v3/domains?name=Default 0.025s
2025-02-09 03:58:08.345 64685 INFO tempest.lib.common.rest_client [req-245e0f62-d330-4838-9823-b5e06db0f766 req-245e0f62-d330-4838-9823-b5e06db0f766 ] Request (ServerAddressesTestJSON:setUpClass): 201 POST http://10.180.1.21/identity/v3/projects 0.025s
2025-02-09 03:58:08.359 64731 INFO tempest.lib.common.rest_client [req-16e99771-7e02-4b9a-8299-5b9885855a6c req-16e99771-7e02-4b9a-8299-5b9885855a6c ] Request (ServerDiagnosticsTest:test_get_server_diagnostics): 200 GET http://10.180.1.21/compute/v2.1/servers/50f6d892-f128-4f5c-bfc4-6b9a34661950 0.047s
2025-02-09 03:58:08.402 64685 INFO tempest.lib.common.rest_client [req-eac50062-5ddb-4b76-9aea-9d2964500b1f req-eac50062-5ddb-4b76-9aea-9d2964500b1f ] Request (ServerAddressesTestJSON:setUpClass): 201 POST http://10.180.1.21/identity/v3/users 0.056s
2025-02-09 03:58:08.411 64705 INFO tempest.lib.common.rest_client [req-25e05ac6-15ac-4e25-b773-1b154af09a1a req-25e05ac6-15ac-4e25-b773-1b154af09a1a ] Request (ServersTestManualDisk:setUpClass): 200 GET http://10.180.1.21/compute/v2.1/servers/82535807-3e38-4b5e-94f8-5a1efe98541f 0.047s
2025-02-09 03:58:08.424 64685 INFO tempest.lib.common.rest_client [req-11cef655-0f42-44ac-9c06-ba3e0f655810 req-11cef655-0f42-44ac-9c06-ba3e0f655810 ] Request (ServerAddressesTestJSON:setUpClass): 200 GET http://10.180.1.21/identity/v3/roles 0.021s
2025-02-09 03:58:08.449 64685 INFO tempest.lib.common.rest_client [req-69618c29-2f12-4b90-88dd-7fb1dc67c948 req-69618c29-2f12-4b90-88dd-7fb1dc67c948 ] Request (ServerAddressesTestJSON:setUpClass): 204 PUT http://10.180.1.21/identity/v3/projects/677d1e92ad7f4cc09f647a48f83118f3/users/4ed5559202e44398908e90ee45a3b5c8/roles/c48da2a63f284efda1854beac08e4843 0.024s
2025-02-09 03:58:08.449 64685 INFO tempest.lib.common.dynamic_creds [-] Dynamic test user 4ed5559202e44398908e90ee45a3b5c8 is created with scope project and roles: ['member']
2025-02-09 03:58:08.451 64685 INFO tempest.lib.common.dynamic_creds [-] Acquired dynamic creds: credentials: Credentials: {'domain_id': 'default', 'domain_name': 'Default', 'username': 'tempest-ServerAddressesTestJSON-603914944-project-member', 'project_domain_id': 'default', 'project_domain_name': 'Default', 'project_id': '677d1e92ad7f4cc09f647a48f83118f3', 'project_name': 'tempest-ServerAddressesTestJSON-603914944', 'tenant_id': '677d1e92ad7f4cc09f647a48f83118f3', 'tenant_name': 'tempest-ServerAddressesTestJSON-603914944', 'user_domain_id': 'default', 'user_domain_name': 'Default', 'user_id': '4ed5559202e44398908e90ee45a3b5c8', 'system': None}, Network: None, Subnet: None, Router: None
2025-02-09 03:58:08.457 64719 INFO tempest.lib.common.rest_client [req-ef775427-e52a-4549-a984-77a9b989faab req-ef775427-e52a-4549-a984-77a9b989faab ] Request (ListImageFiltersTestJSON:setUpClass): 200 GET http://10.180.1.21/compute/v2.1/servers/11a2adc4-81ca-4694-ab3c-866a1b99c581 0.062s
2025-02-09 03:58:08.479 64697 INFO tempest.lib.common.rest_client [req-8758c674-fec5-483b-a151-e213a445058d req-8758c674-fec5-483b-a151-e213a445058d ] Request (ServersNegativeTestMultiTenantJSON:setUpClass): 200 GET http://10.180.1.21/compute/v2.1/servers/aa78caf1-57b9-43ab-9dfb-8418d0c8cb34 0.131s
2025-02-09 03:58:08.487 64697 INFO tempest.common.waiters [-] State transition "BUILD/spawning" ==> "ACTIVE/None" after 61 second wait
2025-02-09 03:58:08.500 64685 INFO tempest.lib.common.rest_client [req-b7a921f3-8e87-489e-92a4-3f566136f1c1 req-b7a921f3-8e87-489e-92a4-3f566136f1c1 ] Request (ServerAddressesTestJSON:setUpClass): 201 POST http://10.180.1.21/identity/v3/auth/tokens 0.049s
2025-02-09 03:58:08.553 64733 INFO tempest.lib.common.rest_client [req-f7ce2e06-42f3-4e3b-9c4c-552ed2bb014a req-f7ce2e06-42f3-4e3b-9c4c-552ed2bb014a ] Request (ServerMetadataNegativeTestJSON:tearDownClass): 200 GET http://10.180.1.21/compute/v2.1/servers/f9039857-5f06-4c52-9240-a4f854f08b45 0.063s
2025-02-09 03:58:08.594 64697 INFO tempest.lib.common.rest_client [req-3293db01-169d-4cc3-b0c0-fd4c47fa453a req-3293db01-169d-4cc3-b0c0-fd4c47fa453a ] Request (ServersNegativeTestMultiTenantJSON:setUp): 200 GET http://10.180.1.21/compute/v2.1/servers/aa78caf1-57b9-43ab-9dfb-8418d0c8cb34 0.107s
2025-02-09 03:58:08.663 64699 INFO tempest.lib.common.rest_client [req-0f8727d9-8959-41b6-983b-0a9e82ee606c req-0f8727d9-8959-41b6-983b-0a9e82ee606c ] Request (SecurityGroupsTestJSON:test_list_security_groups_by_server): 200 GET http://10.180.1.21/compute/v2.1/servers/ca2aa06c-914f-498c-9951-c588c07f07b0 0.113s
2025-02-09 03:58:08.694 64727 INFO tempest.lib.common.rest_client [req-9f18fd6f-e893-408d-99ee-bcb69474dfe8 req-9f18fd6f-e893-408d-99ee-bcb69474dfe8 ] Request (FloatingIPsAssociationTestJSON:setUpClass): 200 GET http://10.180.1.21/compute/v2.1/servers/a9443c1d-3c52-4605-8197-ecfac838e125 0.184s
2025-02-09 03:58:08.725 64729 INFO tempest.lib.common.rest_client [req-28ccdabf-3b8a-4553-901b-7a8a80f50ac4 req-28ccdabf-3b8a-4553-901b-7a8a80f50ac4 ] Request (ServersTestJSON:test_create_server_specify_multibyte_character_name): 200 GET http://10.180.1.21/compute/v2.1/servers/6daee122-5622-4804-bd63-a292c4e59e45 0.159s
2025-02-09 03:58:08.777 64685 INFO tempest.lib.common.rest_client [req-b084b83a-6b03-4651-b370-885db5eda670 req-b084b83a-6b03-4651-b370-885db5eda670 ] Request (ServerAddressesTestJSON:setUpClass): 201 POST http://10.180.1.21:9696/networking/v2.0/networks 0.276s
2025-02-09 03:58:08.779 64721 INFO tempest.lib.common.rest_client [req-da7c658e-d93f-4a7e-8276-afaa05af4f9c req-da7c658e-d93f-4a7e-8276-afaa05af4f9c ] Request (MigrationsAdminTest:test_resize_server_revert_deleted_flavor): 200 GET http://10.180.1.21/compute/v2.1/servers/2dbf5674-95b1-41b6-b4a4-c4912fafeebc 0.173s
2025-02-09 03:58:08.813 64697 INFO tempest.lib.common.rest_client [req-2e8f9921-9405-4655-b3dc-2338a8e3549a req-2e8f9921-9405-4655-b3dc-2338a8e3549a ] Request (ServersNegativeTestMultiTenantJSON:test_delete_a_server_of_another_tenant): 404 DELETE http://10.180.1.21/compute/v2.1/servers/aa78caf1-57b9-43ab-9dfb-8418d0c8cb34 0.210s
2025-02-09 03:58:08.839 64715 INFO tempest.lib.common.rest_client [req-4c12e7f9-d0bc-42f2-819a-921c4f26d8fa req-4c12e7f9-d0bc-42f2-819a-921c4f26d8fa ] Request (DeleteServersTestJSON:test_delete_server_while_in_attached_volume): 200 GET http://10.180.1.21/compute/v2.1/servers/af787b6c-db9c-4ba3-b4ab-97c5e1ace0f6 0.225s
2025-02-09 03:58:08.865 64725 INFO tempest.lib.common.rest_client [req-ea244a82-21c2-486d-87c6-3704eb355648 req-ea244a82-21c2-486d-87c6-3704eb355648 ] Request (ServerGroupTestJSON:test_create_server_with_scheduler_hint_group): 200 GET http://10.180.1.21/compute/v2.1/servers/1cfdf522-cbe8-46c1-9bd0-d5f687f043cd 0.208s
2025-02-09 03:58:08.929 64707 INFO tempest.lib.common.rest_client [req-b491adbb-6412-480d-8eb1-f8838b56c533 req-b491adbb-6412-480d-8eb1-f8838b56c533 ] Request (ImagesNegativeTestJSON:test_create_image_from_deleted_server): 200 GET http://10.180.1.21/compute/v2.1/servers/098ffac6-de4b-4536-9443-b0656cf151f1 0.110s
2025-02-09 03:58:08.959 64697 INFO tempest.lib.common.rest_client [req-c334759c-8071-46e0-aae3-a42b23c11eb6 req-c334759c-8071-46e0-aae3-a42b23c11eb6 ] Request (ServersNegativeTestMultiTenantJSON:setUp): 200 GET http://10.180.1.21/compute/v2.1/servers/aa78caf1-57b9-43ab-9dfb-8418d0c8cb34 0.145s
2025-02-09 03:58:08.985 64685 INFO tempest.lib.common.rest_client [req-f0c0fc66-f077-4bbc-8b1a-3a8c2fcd1f69 req-f0c0fc66-f077-4bbc-8b1a-3a8c2fcd1f69 ] Request (ServerAddressesTestJSON:setUpClass): 201 POST http://10.180.1.21:9696/networking/v2.0/subnets 0.207s
2025-02-09 03:58:08.994 64701 INFO tempest.lib.common.rest_client [req-fd2cec22-7f80-417e-9e4b-711660a5cf4e req-fd2cec22-7f80-417e-9e4b-711660a5cf4e ] Request (AttachVolumeShelveTestJSON:test_attach_volume_shelved_or_offload_server): 200 GET http://10.180.1.21/compute/v2.1/servers/1847f2ce-e0f4-4953-9e2b-7db25926e95d 0.118s
2025-02-09 03:58:09.011 64697 INFO tempest.lib.common.rest_client [req-7440f00b-39cb-4b29-89b2-bc2b7521422b req-7440f00b-39cb-4b29-89b2-bc2b7521422b ] Request (ServersNegativeTestMultiTenantJSON:test_update_server_of_another_tenant): 404 PUT http://10.180.1.21/compute/v2.1/servers/aa78caf1-57b9-43ab-9dfb-8418d0c8cb34 0.040s
2025-02-09 03:58:09.027 64743 INFO tempest.lib.common.rest_client [req-8975729b-b5cd-4ac3-9376-2c4b78c0ba05 req-8975729b-b5cd-4ac3-9376-2c4b78c0ba05 ] Request (ServersAdminNegativeTestJSON:tearDownClass): 200 GET http://10.180.1.21/compute/v2.1/servers/24265a32-860b-44ea-b35b-3c3972e00d41 0.071s
2025-02-09 03:58:09.090 64697 INFO tempest.lib.common.rest_client [req-c6cb25cd-36aa-4690-8816-867f77fbae4a req-c6cb25cd-36aa-4690-8816-867f77fbae4a ] Request (ServersNegativeTestMultiTenantJSON:tearDownClass): 204 DELETE http://10.180.1.21/compute/v2.1/servers/aa78caf1-57b9-43ab-9dfb-8418d0c8cb34 0.073s
2025-02-09 03:58:09.121 64737 INFO tempest.lib.common.rest_client [req-6c66870d-2fd4-439c-9ae5-2845299ce541 req-6c66870d-2fd4-439c-9ae5-2845299ce541 ] Request (ServerRescueNegativeTestJSON:test_rescued_vm_detach_volume): 200 GET http://10.180.1.21/compute/v2.1/servers/9310c2ce-0209-438c-bbff-9171de4181e0 0.062s
2025-02-09 03:58:09.133 64711 WARNING tempest.lib.common.ssh [-] Failed to establish authenticated ssh connection to cirros@10.180.180.204 ([Errno None] Unable to connect to port 22 on 10.180.180.204). Number attempts: 5. Retry after 6 seconds.: paramiko.ssh_exception.NoValidConnectionsError: [Errno None] Unable to connect to port 22 on 10.180.180.204
2025-02-09 03:58:09.202 64697 INFO tempest.lib.common.rest_client [req-90a15d49-5a11-41da-9f03-86c470c1d637 req-90a15d49-5a11-41da-9f03-86c470c1d637 ] Request (ServersNegativeTestMultiTenantJSON:tearDownClass): 200 GET http://10.180.1.21/compute/v2.1/servers/aa78caf1-57b9-43ab-9dfb-8418d0c8cb34 0.112s
2025-02-09 03:58:09.268 64741 INFO tempest.lib.common.rest_client [req-d944bf60-0963-4a8b-8e42-5a60d3938493 req-d944bf60-0963-4a8b-8e42-5a60d3938493 ] Request (ListServerFiltersTestJSON:tearDownClass): 200 GET http://10.180.1.21/compute/v2.1/servers/a8d58ed6-dc84-4bc5-b7ba-d3e38aa13f64 0.139s
2025-02-09 03:58:09.316 64691 INFO tempest.lib.common.rest_client [req-49432ba4-e6ef-419f-8c7a-98c50659e11a req-49432ba4-e6ef-419f-8c7a-98c50659e11a ] Request (MultipleCreateTestJSON:_run_cleanups): 200 GET http://10.180.1.21/compute/v2.1/servers/135e1397-4b80-4b39-a974-b77abab208d1 0.058s
2025-02-09 03:58:09.344 64723 INFO tempest.lib.common.rest_client [req-1c82fdbf-81ed-4c86-8d0c-bbbac2174d3b req-1c82fdbf-81ed-4c86-8d0c-bbbac2174d3b ] Request (ImagesTestJSON:test_create_server_from_snapshot): 200 GET http://10.180.1.21/compute/v2.1/servers/ea621953-3fd8-43f2-950b-4acd654f7483 0.052s
2025-02-09 03:58:09.367 64693 INFO tempest.lib.common.rest_client [req-a96089b8-99f4-415f-bf1d-806e83a3d5c8 req-a96089b8-99f4-415f-bf1d-806e83a3d5c8 ] Request (ServerExternalEventsTest:test_create_server_external_events): 200 GET http://10.180.1.21/compute/v2.1/servers/7c862cbf-e7fb-44a1-b19c-f6b1355b0721 0.047s
2025-02-09 03:58:09.416 64731 INFO tempest.lib.common.rest_client [req-d7375f1b-998b-44a4-8696-82d484e9b18f req-d7375f1b-998b-44a4-8696-82d484e9b18f ] Request (ServerDiagnosticsTest:test_get_server_diagnostics): 200 GET http://10.180.1.21/compute/v2.1/servers/50f6d892-f128-4f5c-bfc4-6b9a34661950 0.049s
2025-02-09 03:58:09.467 64705 INFO tempest.lib.common.rest_client [req-66e75604-94f5-48c7-aa6d-fd1818ffe4ff req-66e75604-94f5-48c7-aa6d-fd1818ffe4ff ] Request (ServersTestManualDisk:setUpClass): 200 GET http://10.180.1.21/compute/v2.1/servers/82535807-3e38-4b5e-94f8-5a1efe98541f 0.048s
2025-02-09 03:58:09.475 64705 INFO tempest.common.waiters [-] State transition "BUILD/scheduling" ==> "BUILD/None" after 22 second wait
2025-02-09 03:58:09.517 64719 INFO tempest.lib.common.rest_client [req-fd55630c-1ee7-4f76-8dfe-018f965769b8 req-fd55630c-1ee7-4f76-8dfe-018f965769b8 ] Request (ListImageFiltersTestJSON:setUpClass): 200 GET http://10.180.1.21/compute/v2.1/servers/11a2adc4-81ca-4694-ab3c-866a1b99c581 0.053s
2025-02-09 03:58:09.619 64733 INFO tempest.lib.common.rest_client [req-3d2b57a2-ab27-4bc8-8b96-23fdac8706c4 req-3d2b57a2-ab27-4bc8-8b96-23fdac8706c4 ] Request (ServerMetadataNegativeTestJSON:tearDownClass): 200 GET http://10.180.1.21/compute/v2.1/servers/f9039857-5f06-4c52-9240-a4f854f08b45 0.057s
2025-02-09 03:58:09.741 64699 INFO tempest.lib.common.rest_client [req-bbd0486d-1674-4687-8b54-1613c7dfa244 req-bbd0486d-1674-4687-8b54-1613c7dfa244 ] Request (SecurityGroupsTestJSON:test_list_security_groups_by_server): 200 GET http://10.180.1.21/compute/v2.1/servers/ca2aa06c-914f-498c-9951-c588c07f07b0 0.062s
2025-02-09 03:58:09.792 64729 INFO tempest.lib.common.rest_client [req-a90ab863-af43-4948-b460-9c76ce659601 req-a90ab863-af43-4948-b460-9c76ce659601 ] Request (ServersTestJSON:test_create_server_specify_multibyte_character_name): 200 GET http://10.180.1.21/compute/v2.1/servers/6daee122-5622-4804-bd63-a292c4e59e45 0.055s
2025-02-09 03:58:09.849 64721 INFO tempest.lib.common.rest_client [req-22ef93ad-0e07-4a86-a47c-f7363f9d7070 req-22ef93ad-0e07-4a86-a47c-f7363f9d7070 ] Request (MigrationsAdminTest:test_resize_server_revert_deleted_flavor): 200 GET http://10.180.1.21/compute/v2.1/servers/2dbf5674-95b1-41b6-b4a4-c4912fafeebc 0.055s
2025-02-09 03:58:09.850 64727 INFO tempest.lib.common.rest_client [req-03740562-96bf-4761-ba9a-63563c6cec14 req-03740562-96bf-4761-ba9a-63563c6cec14 ] Request (FloatingIPsAssociationTestJSON:setUpClass): 200 GET http://10.180.1.21/compute/v2.1/servers/a9443c1d-3c52-4605-8197-ecfac838e125 0.143s
2025-02-09 03:58:09.854 64685 INFO tempest.lib.common.rest_client [req-517b84b5-6679-4c6d-a064-1ab51daa02cc req-517b84b5-6679-4c6d-a064-1ab51daa02cc ] Request (ServerAddressesTestJSON:setUpClass): 201 POST http://10.180.1.21:9696/networking/v2.0/routers 0.868s
2025-02-09 03:58:09.934 64715 INFO tempest.lib.common.rest_client [req-f173fcd2-22cd-4734-baf0-9b6d77849adf req-f173fcd2-22cd-4734-baf0-9b6d77849adf ] Request (DeleteServersTestJSON:test_delete_server_while_in_attached_volume): 200 GET http://10.180.1.21/compute/v2.1/servers/af787b6c-db9c-4ba3-b4ab-97c5e1ace0f6 0.079s
2025-02-09 03:58:09.952 64725 INFO tempest.lib.common.rest_client [req-d3924d30-6239-463d-a9aa-4b3d18dcf8f4 req-d3924d30-6239-463d-a9aa-4b3d18dcf8f4 ] Request (ServerGroupTestJSON:test_create_server_with_scheduler_hint_group): 200 GET http://10.180.1.21/compute/v2.1/servers/1cfdf522-cbe8-46c1-9bd0-d5f687f043cd 0.075s
2025-02-09 03:58:10.019 64707 INFO tempest.lib.common.rest_client [req-4b78122e-ca8a-44f4-b6d4-cf66323298f4 req-4b78122e-ca8a-44f4-b6d4-cf66323298f4 ] Request (ImagesNegativeTestJSON:test_create_image_from_deleted_server): 200 GET http://10.180.1.21/compute/v2.1/servers/098ffac6-de4b-4536-9443-b0656cf151f1 0.076s
2025-02-09 03:58:10.057 64701 INFO tempest.lib.common.rest_client [req-0a9d2f6d-cc83-4719-bc52-506472155bd7 req-0a9d2f6d-cc83-4719-bc52-506472155bd7 ] Request (AttachVolumeShelveTestJSON:test_attach_volume_shelved_or_offload_server): 200 GET http://10.180.1.21/compute/v2.1/servers/1847f2ce-e0f4-4953-9e2b-7db25926e95d 0.052s
2025-02-09 03:58:10.099 64743 INFO tempest.lib.common.rest_client [req-fee60fa0-efc1-479a-8a2d-624625ab616c req-fee60fa0-efc1-479a-8a2d-624625ab616c ] Request (ServersAdminNegativeTestJSON:tearDownClass): 200 GET http://10.180.1.21/compute/v2.1/servers/24265a32-860b-44ea-b35b-3c3972e00d41 0.064s
2025-02-09 03:58:10.213 64737 INFO tempest.lib.common.rest_client [req-82f4ffef-b1af-42fb-ba1f-694ff8121261 req-82f4ffef-b1af-42fb-ba1f-694ff8121261 ] Request (ServerRescueNegativeTestJSON:test_rescued_vm_detach_volume): 200 GET http://10.180.1.21/compute/v2.1/servers/9310c2ce-0209-438c-bbff-9171de4181e0 0.085s
2025-02-09 03:58:10.425 64697 INFO tempest.lib.common.rest_client [req-d36dea83-a0e5-4e34-83b1-1df63e6e6956 req-d36dea83-a0e5-4e34-83b1-1df63e6e6956 ] Request (ServersNegativeTestMultiTenantJSON:tearDownClass): 200 GET http://10.180.1.21/compute/v2.1/servers/aa78caf1-57b9-43ab-9dfb-8418d0c8cb34 0.213s
2025-02-09 03:58:10.492 64691 INFO tempest.lib.common.rest_client [req-9e9607dd-11df-43ae-a753-7a646ed82294 req-9e9607dd-11df-43ae-a753-7a646ed82294 ] Request (MultipleCreateTestJSON:_run_cleanups): 200 GET http://10.180.1.21/compute/v2.1/servers/135e1397-4b80-4b39-a974-b77abab208d1 0.168s
2025-02-09 03:58:10.505 64741 INFO tempest.lib.common.rest_client [req-c7bc942a-2e1c-44f0-8fb4-31ebdf53d93c req-c7bc942a-2e1c-44f0-8fb4-31ebdf53d93c ] Request (ListServerFiltersTestJSON:tearDownClass): 200 GET http://10.180.1.21/compute/v2.1/servers/a8d58ed6-dc84-4bc5-b7ba-d3e38aa13f64 0.228s
2025-02-09 03:58:10.553 64723 INFO tempest.lib.common.rest_client [req-9b9d8882-82cc-4af5-b60b-f8e7fd9a09ed req-9b9d8882-82cc-4af5-b60b-f8e7fd9a09ed ] Request (ImagesTestJSON:test_create_server_from_snapshot): 200 GET http://10.180.1.21/compute/v2.1/servers/ea621953-3fd8-43f2-950b-4acd654f7483 0.201s
2025-02-09 03:58:10.557 64693 INFO tempest.lib.common.rest_client [req-069762be-1afb-4a55-906a-f2b3e964704b req-069762be-1afb-4a55-906a-f2b3e964704b ] Request (ServerExternalEventsTest:test_create_server_external_events): 200 GET http://10.180.1.21/compute/v2.1/servers/7c862cbf-e7fb-44a1-b19c-f6b1355b0721 0.181s
2025-02-09 03:58:10.602 64705 INFO tempest.lib.common.rest_client [req-72c42463-7405-4d98-9a2a-902785293c4f req-72c42463-7405-4d98-9a2a-902785293c4f ] Request (ServersTestManualDisk:setUpClass): 200 GET http://10.180.1.21/compute/v2.1/servers/82535807-3e38-4b5e-94f8-5a1efe98541f 0.126s
2025-02-09 03:58:10.604 64731 INFO tempest.lib.common.rest_client [req-cd63c190-9216-42cc-8da2-e6e98d6a7cf3 req-cd63c190-9216-42cc-8da2-e6e98d6a7cf3 ] Request (ServerDiagnosticsTest:test_get_server_diagnostics): 200 GET http://10.180.1.21/compute/v2.1/servers/50f6d892-f128-4f5c-bfc4-6b9a34661950 0.180s
2025-02-09 03:58:10.612 64731 INFO tempest.common.waiters [-] State transition "BUILD/None" ==> "BUILD/networking" after 57 second wait
2025-02-09 03:58:10.654 64719 INFO tempest.lib.common.rest_client [req-22ba3eb5-d5cc-4534-85f7-262c0c5c31b6 req-22ba3eb5-d5cc-4534-85f7-262c0c5c31b6 ] Request (ListImageFiltersTestJSON:setUpClass): 200 GET http://10.180.1.21/compute/v2.1/servers/11a2adc4-81ca-4694-ab3c-866a1b99c581 0.128s
2025-02-09 03:58:10.708 64733 INFO tempest.lib.common.rest_client [req-fde03074-a500-431d-a557-5cfc353a8b76 req-fde03074-a500-431d-a557-5cfc353a8b76 ] Request (ServerMetadataNegativeTestJSON:tearDownClass): 200 GET http://10.180.1.21/compute/v2.1/servers/f9039857-5f06-4c52-9240-a4f854f08b45 0.077s
2025-02-09 03:58:10.833 64699 INFO tempest.lib.common.rest_client [req-08ba4da7-3293-4495-88a8-545eac6e85f0 req-08ba4da7-3293-4495-88a8-545eac6e85f0 ] Request (SecurityGroupsTestJSON:test_list_security_groups_by_server): 200 GET http://10.180.1.21/compute/v2.1/servers/ca2aa06c-914f-498c-9951-c588c07f07b0 0.083s
2025-02-09 03:58:10.929 64721 INFO tempest.lib.common.rest_client [req-fe41ec1d-ffb5-4249-a8f2-299abaa30eab req-fe41ec1d-ffb5-4249-a8f2-299abaa30eab ] Request (MigrationsAdminTest:test_resize_server_revert_deleted_flavor): 200 GET http://10.180.1.21/compute/v2.1/servers/2dbf5674-95b1-41b6-b4a4-c4912fafeebc 0.072s
2025-02-09 03:58:11.021 64729 INFO tempest.lib.common.rest_client [req-432b9cd6-8a06-40f8-a4fb-c657304ef99d req-432b9cd6-8a06-40f8-a4fb-c657304ef99d ] Request (ServersTestJSON:test_create_server_specify_multibyte_character_name): 200 GET http://10.180.1.21/compute/v2.1/servers/6daee122-5622-4804-bd63-a292c4e59e45 0.216s
2025-02-09 03:58:11.066 64727 INFO tempest.lib.common.rest_client [req-6392bc52-e50a-41e3-b789-1fa1b298eded req-6392bc52-e50a-41e3-b789-1fa1b298eded ] Request (FloatingIPsAssociationTestJSON:setUpClass): 200 GET http://10.180.1.21/compute/v2.1/servers/a9443c1d-3c52-4605-8197-ecfac838e125 0.207s
2025-02-09 03:58:11.099 64715 INFO tempest.lib.common.rest_client [req-5e16aba7-ca03-43c5-8ee1-f26cae62f499 req-5e16aba7-ca03-43c5-8ee1-f26cae62f499 ] Request (DeleteServersTestJSON:test_delete_server_while_in_attached_volume): 200 GET http://10.180.1.21/compute/v2.1/servers/af787b6c-db9c-4ba3-b4ab-97c5e1ace0f6 0.156s
2025-02-09 03:58:11.108 64685 INFO tempest.lib.common.rest_client [req-fad31cf5-cf43-45a7-922c-97359591215b req-fad31cf5-cf43-45a7-922c-97359591215b ] Request (ServerAddressesTestJSON:setUpClass): 200 PUT http://10.180.1.21:9696/networking/v2.0/routers/24761c1e-cb3d-4ca5-95ee-80b6823c1f8d/add_router_interface 1.254s
2025-02-09 03:58:11.108 64685 INFO tempest.lib.common.dynamic_creds [-] Created isolated network resources for: credentials: Credentials: {'domain_id': 'default', 'domain_name': 'Default', 'username': 'tempest-ServerAddressesTestJSON-603914944-project-member', 'project_domain_id': 'default', 'project_domain_name': 'Default', 'project_id': '677d1e92ad7f4cc09f647a48f83118f3', 'project_name': 'tempest-ServerAddressesTestJSON-603914944', 'tenant_id': '677d1e92ad7f4cc09f647a48f83118f3', 'tenant_name': 'tempest-ServerAddressesTestJSON-603914944', 'user_domain_id': 'default', 'user_domain_name': 'Default', 'user_id': '4ed5559202e44398908e90ee45a3b5c8', 'system': None}, Network: {'id': 'f0195656-235b-41d3-a0f0-77884b3de7a4', 'name': 'tempest-ServerAddressesTestJSON-1351073325-network', 'tenant_id': '677d1e92ad7f4cc09f647a48f83118f3', 'admin_state_up': True, 'mtu': 8950, 'status': 'ACTIVE', 'subnets': [], 'shared': False, 'project_id': '677d1e92ad7f4cc09f647a48f83118f3', 'port_security_enabled': True, 'router:external': False, 'provider:network_type': 'vlan', 'provider:physical_network': 'default', 'provider:segmentation_id': 789, 'availability_zone_hints': [], 'availability_zones': [], 'ipv4_address_scope': None, 'ipv6_address_scope': None, 'description': '', 'tags': [], 'created_at': '2025-02-09T03:58:08Z', 'updated_at': '2025-02-09T03:58:08Z', 'revision_number': 1}, Subnet: {'id': 'a036ab97-a147-42fa-88e6-61d54d431c99', 'name': 'tempest-ServerAddressesTestJSON-1351073325-subnet', 'tenant_id': '677d1e92ad7f4cc09f647a48f83118f3', 'network_id': 'f0195656-235b-41d3-a0f0-77884b3de7a4', 'ip_version': 4, 'subnetpool_id': None, 'enable_dhcp': True, 'ipv6_ra_mode': None, 'ipv6_address_mode': None, 'gateway_ip': '192.168.128.1', 'cidr': '192.168.128.0/28', 'allocation_pools': [{'start': '192.168.128.2', 'end': '192.168.128.14'}], 'host_routes': [], 'dns_nameservers': [], 'description': '', 'router:external': False, 'service_types': [], 'tags': [], 'created_at': '2025-02-09T03:58:08Z', 'updated_at': '2025-02-09T03:58:08Z', 'revision_number': 0, 'project_id': '677d1e92ad7f4cc09f647a48f83118f3'}, Router: {'id': '24761c1e-cb3d-4ca5-95ee-80b6823c1f8d', 'name': 'tempest-ServerAddressesTestJSON-1351073325-router', 'tenant_id': '677d1e92ad7f4cc09f647a48f83118f3', 'admin_state_up': True, 'status': 'ACTIVE', 'external_gateway_info': {'network_id': '85e25fe6-a5a8-48f2-bb3e-9061e7d8b10b', 'external_fixed_ips': [{'subnet_id': 'e3b1fcc0-a51b-4269-a65a-d7b5187d7eb9', 'ip_address': '10.180.180.171'}], 'enable_snat': True}, 'description': '', 'availability_zones': [], 'distributed': False, 'ha': False, 'availability_zone_hints': [], 'routes': [], 'flavor_id': None, 'tags': [], 'created_at': '2025-02-09T03:58:09Z', 'updated_at': '2025-02-09T03:58:09Z', 'revision_number': 2, 'project_id': '677d1e92ad7f4cc09f647a48f83118f3'}
2025-02-09 03:58:11.129 64725 INFO tempest.lib.common.rest_client [req-a8d4b205-327d-40d0-998c-318d384f8635 req-a8d4b205-327d-40d0-998c-318d384f8635 ] Request (ServerGroupTestJSON:test_create_server_with_scheduler_hint_group): 200 GET http://10.180.1.21/compute/v2.1/servers/1cfdf522-cbe8-46c1-9bd0-d5f687f043cd 0.169s
2025-02-09 03:58:11.160 64707 INFO tempest.lib.common.rest_client [req-7314e12e-47d6-4234-9ff0-8631000ef692 req-7314e12e-47d6-4234-9ff0-8631000ef692 ] Request (ImagesNegativeTestJSON:test_create_image_from_deleted_server): 200 GET http://10.180.1.21/compute/v2.1/servers/098ffac6-de4b-4536-9443-b0656cf151f1 0.131s
2025-02-09 03:58:11.178 64701 INFO tempest.lib.common.rest_client [req-4a162e7f-e70c-45c4-b319-36848c164551 req-4a162e7f-e70c-45c4-b319-36848c164551 ] Request (AttachVolumeShelveTestJSON:test_attach_volume_shelved_or_offload_server): 200 GET http://10.180.1.21/compute/v2.1/servers/1847f2ce-e0f4-4953-9e2b-7db25926e95d 0.111s
2025-02-09 03:58:11.217 64685 INFO tempest.lib.common.rest_client [req-bf6f85d7-f0c5-4dbd-b697-473fb45a560c req-bf6f85d7-f0c5-4dbd-b697-473fb45a560c ] Request (ServerAddressesTestJSON:setUpClass): 201 POST http://10.180.1.21/identity/v3/auth/tokens 0.106s
2025-02-09 03:58:11.232 64743 INFO tempest.lib.common.rest_client [req-7625556d-d896-4889-988f-8230780ca1aa req-7625556d-d896-4889-988f-8230780ca1aa ] Request (ServersAdminNegativeTestJSON:tearDownClass): 200 GET http://10.180.1.21/compute/v2.1/servers/24265a32-860b-44ea-b35b-3c3972e00d41 0.123s
2025-02-09 03:58:11.253 64685 INFO tempest.lib.common.rest_client [req-1f29ac0c-11ab-4748-8c00-b02e0ff415fe req-1f29ac0c-11ab-4748-8c00-b02e0ff415fe ] Request (ServerAddressesTestJSON:setUpClass): 201 POST http://10.180.1.21/identity/v3/auth/tokens 0.033s
2025-02-09 03:58:11.254 64685 INFO tempest.lib.common.fixed_network [-] (ServerAddressesTestJSON:setUpClass) Found network {'id': 'f0195656-235b-41d3-a0f0-77884b3de7a4', 'name': 'tempest-ServerAddressesTestJSON-1351073325-network', 'tenant_id': '677d1e92ad7f4cc09f647a48f83118f3', 'admin_state_up': True, 'mtu': 8950, 'status': 'ACTIVE', 'subnets': [], 'shared': False, 'project_id': '677d1e92ad7f4cc09f647a48f83118f3', 'port_security_enabled': True, 'router:external': False, 'provider:network_type': 'vlan', 'provider:physical_network': 'default', 'provider:segmentation_id': 789, 'availability_zone_hints': [], 'availability_zones': [], 'ipv4_address_scope': None, 'ipv6_address_scope': None, 'description': '', 'tags': [], 'created_at': '2025-02-09T03:58:08Z', 'updated_at': '2025-02-09T03:58:08Z', 'revision_number': 1} available for tenant
2025-02-09 03:58:11.286 64737 INFO tempest.lib.common.rest_client [req-1910df83-24b2-4ee3-b0fe-f942b2b26fe2 req-1910df83-24b2-4ee3-b0fe-f942b2b26fe2 ] Request (ServerRescueNegativeTestJSON:test_rescued_vm_detach_volume): 200 GET http://10.180.1.21/compute/v2.1/servers/9310c2ce-0209-438c-bbff-9171de4181e0 0.062s
2025-02-09 03:58:11.586 64697 INFO tempest.lib.common.rest_client [req-efa229e3-7fb8-4a2d-b1ba-aad9ed987519 req-efa229e3-7fb8-4a2d-b1ba-aad9ed987519 ] Request (ServersNegativeTestMultiTenantJSON:tearDownClass): 200 GET http://10.180.1.21/compute/v2.1/servers/aa78caf1-57b9-43ab-9dfb-8418d0c8cb34 0.151s
2025-02-09 03:58:11.658 64691 INFO tempest.lib.common.rest_client [req-201c5fdc-e1c1-4d3b-9c97-1d889f71f7b3 req-201c5fdc-e1c1-4d3b-9c97-1d889f71f7b3 ] Request (MultipleCreateTestJSON:_run_cleanups): 200 GET http://10.180.1.21/compute/v2.1/servers/135e1397-4b80-4b39-a974-b77abab208d1 0.152s
2025-02-09 03:58:11.716 64685 INFO tempest.lib.common.rest_client [req-28a3eb4a-9ee7-42a9-951a-991ba12fe853 req-28a3eb4a-9ee7-42a9-951a-991ba12fe853 ] Request (ServerAddressesTestJSON:setUpClass): 202 POST http://10.180.1.21/compute/v2.1/servers 0.462s
2025-02-09 03:58:11.728 64741 INFO tempest.lib.common.rest_client [req-eb69211c-f29a-4a23-9104-a6f6aaabe4f7 req-eb69211c-f29a-4a23-9104-a6f6aaabe4f7 ] Request (ListServerFiltersTestJSON:tearDownClass): 200 GET http://10.180.1.21/compute/v2.1/servers/a8d58ed6-dc84-4bc5-b7ba-d3e38aa13f64 0.211s
2025-02-09 03:58:11.773 64723 INFO tempest.lib.common.rest_client [req-d9e4e164-e856-4247-98f0-f4a10a884608 req-d9e4e164-e856-4247-98f0-f4a10a884608 ] Request (ImagesTestJSON:test_create_server_from_snapshot): 200 GET http://10.180.1.21/compute/v2.1/servers/ea621953-3fd8-43f2-950b-4acd654f7483 0.202s
2025-02-09 03:58:11.818 64693 INFO tempest.lib.common.rest_client [req-0513c709-cf9c-4607-a679-234f302922f4 req-0513c709-cf9c-4607-a679-234f302922f4 ] Request (ServerExternalEventsTest:test_create_server_external_events): 200 GET http://10.180.1.21/compute/v2.1/servers/7c862cbf-e7fb-44a1-b19c-f6b1355b0721 0.245s
2025-02-09 03:58:11.820 64705 INFO tempest.lib.common.rest_client [req-186edba2-ac6d-4680-a1b6-0f227ae30a93 req-186edba2-ac6d-4680-a1b6-0f227ae30a93 ] Request (ServersTestManualDisk:setUpClass): 200 GET http://10.180.1.21/compute/v2.1/servers/82535807-3e38-4b5e-94f8-5a1efe98541f 0.208s
2025-02-09 03:58:11.871 64719 INFO tempest.lib.common.rest_client [req-5947983e-fe53-4b35-adde-7227a0b5d51c req-5947983e-fe53-4b35-adde-7227a0b5d51c ] Request (ListImageFiltersTestJSON:setUpClass): 200 GET http://10.180.1.21/compute/v2.1/servers/11a2adc4-81ca-4694-ab3c-866a1b99c581 0.209s
2025-02-09 03:58:11.913 64685 INFO tempest.lib.common.rest_client [req-7ec9a916-af33-484b-a6f9-8c055ecaddb2 req-7ec9a916-af33-484b-a6f9-8c055ecaddb2 ] Request (ServerAddressesTestJSON:setUpClass): 200 GET http://10.180.1.21/compute/v2.1/servers/7d8cc18f-ed32-486f-a977-64ca7068be9e 0.194s
2025-02-09 03:58:11.929 64731 INFO tempest.lib.common.rest_client [req-0fd0889e-63e8-4e48-8188-b6375ac342a9 req-0fd0889e-63e8-4e48-8188-b6375ac342a9 ] Request (ServerDiagnosticsTest:test_get_server_diagnostics): 200 GET http://10.180.1.21/compute/v2.1/servers/50f6d892-f128-4f5c-bfc4-6b9a34661950 0.316s
2025-02-09 03:58:11.937 64731 INFO tempest.common.waiters [-] State transition "BUILD/networking" ==> "BUILD/spawning" after 58 second wait
2025-02-09 03:58:11.976 64733 INFO tempest.lib.common.rest_client [req-2423d164-1ba9-4f3e-87a1-49930eea05c9 req-2423d164-1ba9-4f3e-87a1-49930eea05c9 ] Request (ServerMetadataNegativeTestJSON:tearDownClass): 200 GET http://10.180.1.21/compute/v2.1/servers/f9039857-5f06-4c52-9240-a4f854f08b45 0.254s
2025-02-09 03:58:11.980 64699 INFO tempest.lib.common.rest_client [req-404eb08c-bdca-420a-a41d-31bcd77c1b01 req-404eb08c-bdca-420a-a41d-31bcd77c1b01 ] Request (SecurityGroupsTestJSON:test_list_security_groups_by_server): 200 GET http://10.180.1.21/compute/v2.1/servers/ca2aa06c-914f-498c-9951-c588c07f07b0 0.135s
2025-02-09 03:58:12.026 64721 INFO tempest.lib.common.rest_client [req-b59add7d-09ff-4ccb-80b9-7d3c8403d97a req-b59add7d-09ff-4ccb-80b9-7d3c8403d97a ] Request (MigrationsAdminTest:test_resize_server_revert_deleted_flavor): 200 GET http://10.180.1.21/compute/v2.1/servers/2dbf5674-95b1-41b6-b4a4-c4912fafeebc 0.086s
2025-02-09 03:58:12.081 64729 INFO tempest.lib.common.rest_client [req-1a1adb20-488d-477d-b914-7395ae3de1fb req-1a1adb20-488d-477d-b914-7395ae3de1fb ] Request (ServersTestJSON:test_create_server_specify_multibyte_character_name): 200 GET http://10.180.1.21/compute/v2.1/servers/6daee122-5622-4804-bd63-a292c4e59e45 0.049s
2025-02-09 03:58:12.169 64715 INFO tempest.lib.common.rest_client [req-807706d7-d302-41b7-9146-724d6c0a18b5 req-807706d7-d302-41b7-9146-724d6c0a18b5 ] Request (DeleteServersTestJSON:test_delete_server_while_in_attached_volume): 200 GET http://10.180.1.21/compute/v2.1/servers/af787b6c-db9c-4ba3-b4ab-97c5e1ace0f6 0.062s
2025-02-09 03:58:12.214 64725 INFO tempest.lib.common.rest_client [req-0d04f033-48ae-43ca-b963-61308d9eca5f req-0d04f033-48ae-43ca-b963-61308d9eca5f ] Request (ServerGroupTestJSON:test_create_server_with_scheduler_hint_group): 200 GET http://10.180.1.21/compute/v2.1/servers/1cfdf522-cbe8-46c1-9bd0-d5f687f043cd 0.075s
2025-02-09 03:58:12.222 64727 INFO tempest.lib.common.rest_client [req-6844ad5f-6152-44d3-ba08-785ce1b7f5c1 req-6844ad5f-6152-44d3-ba08-785ce1b7f5c1 ] Request (FloatingIPsAssociationTestJSON:setUpClass): 200 GET http://10.180.1.21/compute/v2.1/servers/a9443c1d-3c52-4605-8197-ecfac838e125 0.143s
2025-02-09 03:58:12.276 64701 INFO tempest.lib.common.rest_client [req-17b06334-b724-4610-aee8-d1aa26db661d req-17b06334-b724-4610-aee8-d1aa26db661d ] Request (AttachVolumeShelveTestJSON:test_attach_volume_shelved_or_offload_server): 200 GET http://10.180.1.21/compute/v2.1/servers/1847f2ce-e0f4-4953-9e2b-7db25926e95d 0.087s
2025-02-09 03:58:12.280 64707 INFO tempest.lib.common.rest_client [req-0b98db25-fa74-481d-a832-024390a6e69f req-0b98db25-fa74-481d-a832-024390a6e69f ] Request (ImagesNegativeTestJSON:test_create_image_from_deleted_server): 200 GET http://10.180.1.21/compute/v2.1/servers/098ffac6-de4b-4536-9443-b0656cf151f1 0.111s
2025-02-09 03:58:12.339 64743 INFO tempest.lib.common.rest_client [req-4d18a6bb-82cd-4268-a89f-c2f70925b7b6 req-4d18a6bb-82cd-4268-a89f-c2f70925b7b6 ] Request (ServersAdminNegativeTestJSON:tearDownClass): 200 GET http://10.180.1.21/compute/v2.1/servers/24265a32-860b-44ea-b35b-3c3972e00d41 0.098s
2025-02-09 03:58:12.354 64737 INFO tempest.lib.common.rest_client [req-17fc1d07-32fe-4a2d-982b-2c7ecfb44cb3 req-17fc1d07-32fe-4a2d-982b-2c7ecfb44cb3 ] Request (ServerRescueNegativeTestJSON:test_rescued_vm_detach_volume): 200 GET http://10.180.1.21/compute/v2.1/servers/9310c2ce-0209-438c-bbff-9171de4181e0 0.051s
2025-02-09 03:58:12.645 64697 INFO tempest.lib.common.rest_client [req-adf893c6-86fc-42f9-a74d-0e3e2ad80208 req-adf893c6-86fc-42f9-a74d-0e3e2ad80208 ] Request (ServersNegativeTestMultiTenantJSON:tearDownClass): 200 GET http://10.180.1.21/compute/v2.1/servers/aa78caf1-57b9-43ab-9dfb-8418d0c8cb34 0.050s
2025-02-09 03:58:12.729 64691 INFO tempest.lib.common.rest_client [req-8fb38210-b0ef-4005-acef-f437cf255dd9 req-8fb38210-b0ef-4005-acef-f437cf255dd9 ] Request (MultipleCreateTestJSON:_run_cleanups): 200 GET http://10.180.1.21/compute/v2.1/servers/135e1397-4b80-4b39-a974-b77abab208d1 0.059s
2025-02-09 03:58:12.802 64741 INFO tempest.lib.common.rest_client [req-66af3db5-805f-4327-8df1-2abf7520439b req-66af3db5-805f-4327-8df1-2abf7520439b ] Request (ListServerFiltersTestJSON:tearDownClass): 200 GET http://10.180.1.21/compute/v2.1/servers/a8d58ed6-dc84-4bc5-b7ba-d3e38aa13f64 0.061s
2025-02-09 03:58:12.809 64741 INFO tempest.common.waiters [-] State transition "ACTIVE/deleting" ==> "DELETED/None" after 4 second wait
2025-02-09 03:58:12.842 64723 INFO tempest.lib.common.rest_client [req-e0389ccd-5625-4ab4-9a1f-f685c658dccd req-e0389ccd-5625-4ab4-9a1f-f685c658dccd ] Request (ImagesTestJSON:test_create_server_from_snapshot): 200 GET http://10.180.1.21/compute/v2.1/servers/ea621953-3fd8-43f2-950b-4acd654f7483 0.055s
2025-02-09 03:58:12.880 64693 INFO tempest.lib.common.rest_client [req-1560e5f4-1143-4542-93b3-072e612a6f6b req-1560e5f4-1143-4542-93b3-072e612a6f6b ] Request (ServerExternalEventsTest:test_create_server_external_events): 200 GET http://10.180.1.21/compute/v2.1/servers/7c862cbf-e7fb-44a1-b19c-f6b1355b0721 0.054s
2025-02-09 03:58:12.895 64705 INFO tempest.lib.common.rest_client [req-279d697f-5590-42eb-86e0-b1faf71291fb req-279d697f-5590-42eb-86e0-b1faf71291fb ] Request (ServersTestManualDisk:setUpClass): 200 GET http://10.180.1.21/compute/v2.1/servers/82535807-3e38-4b5e-94f8-5a1efe98541f 0.067s
2025-02-09 03:58:12.952 64719 INFO tempest.lib.common.rest_client [req-7e4f13d7-5882-40d9-bd25-f74ba7c6733b req-7e4f13d7-5882-40d9-bd25-f74ba7c6733b ] Request (ListImageFiltersTestJSON:setUpClass): 200 GET http://10.180.1.21/compute/v2.1/servers/11a2adc4-81ca-4694-ab3c-866a1b99c581 0.068s
2025-02-09 03:58:12.986 64685 INFO tempest.lib.common.rest_client [req-1500dff1-d0e5-495a-83fc-7f4599c189fa req-1500dff1-d0e5-495a-83fc-7f4599c189fa ] Request (ServerAddressesTestJSON:setUpClass): 200 GET http://10.180.1.21/compute/v2.1/servers/7d8cc18f-ed32-486f-a977-64ca7068be9e 0.062s
2025-02-09 03:58:13.036 64710 WARNING tempest.lib.common.ssh [-] Failed to establish authenticated ssh connection to cirros@10.180.180.246 ([Errno None] Unable to connect to port 22 on 10.180.180.246). Number attempts: 3. Retry after 4 seconds.: paramiko.ssh_exception.NoValidConnectionsError: [Errno None] Unable to connect to port 22 on 10.180.180.246
2025-02-09 03:58:13.057 64733 INFO tempest.lib.common.rest_client [req-8ef7f440-30aa-449e-9961-7c32c6200532 req-8ef7f440-30aa-449e-9961-7c32c6200532 ] Request (ServerMetadataNegativeTestJSON:tearDownClass): 200 GET http://10.180.1.21/compute/v2.1/servers/f9039857-5f06-4c52-9240-a4f854f08b45 0.073s
2025-02-09 03:58:13.087 64731 INFO tempest.lib.common.rest_client [req-cc1918da-39e6-4fd7-90b7-7506b14f3cb1 req-cc1918da-39e6-4fd7-90b7-7506b14f3cb1 ] Request (ServerDiagnosticsTest:test_get_server_diagnostics): 200 GET http://10.180.1.21/compute/v2.1/servers/50f6d892-f128-4f5c-bfc4-6b9a34661950 0.148s
2025-02-09 03:58:13.109 64699 INFO tempest.lib.common.rest_client [req-11628f53-314b-4ac1-b8d3-35585a0d3632 req-11628f53-314b-4ac1-b8d3-35585a0d3632 ] Request (SecurityGroupsTestJSON:test_list_security_groups_by_server): 200 GET http://10.180.1.21/compute/v2.1/servers/ca2aa06c-914f-498c-9951-c588c07f07b0 0.121s
2025-02-09 03:58:13.134 64721 INFO tempest.lib.common.rest_client [req-c91bb197-b691-4ce7-aaa3-35b30fefc481 req-c91bb197-b691-4ce7-aaa3-35b30fefc481 ] Request (MigrationsAdminTest:test_resize_server_revert_deleted_flavor): 200 GET http://10.180.1.21/compute/v2.1/servers/2dbf5674-95b1-41b6-b4a4-c4912fafeebc 0.100s
2025-02-09 03:58:13.154 64729 INFO tempest.lib.common.rest_client [req-80bcbd31-e040-408c-8b74-726bd8d5d5fd req-80bcbd31-e040-408c-8b74-726bd8d5d5fd ] Request (ServersTestJSON:test_create_server_specify_multibyte_character_name): 200 GET http://10.180.1.21/compute/v2.1/servers/6daee122-5622-4804-bd63-a292c4e59e45 0.063s
2025-02-09 03:58:13.235 64715 INFO tempest.lib.common.rest_client [req-068cafce-8058-445c-a152-1becc20bf751 req-068cafce-8058-445c-a152-1becc20bf751 ] Request (DeleteServersTestJSON:test_delete_server_while_in_attached_volume): 200 GET http://10.180.1.21/compute/v2.1/servers/af787b6c-db9c-4ba3-b4ab-97c5e1ace0f6 0.056s
2025-02-09 03:58:13.270 64725 INFO tempest.lib.common.rest_client [req-d8f7a6bc-e43e-47e9-93cf-4d76ee863056 req-d8f7a6bc-e43e-47e9-93cf-4d76ee863056 ] Request (ServerGroupTestJSON:test_create_server_with_scheduler_hint_group): 200 GET http://10.180.1.21/compute/v2.1/servers/1cfdf522-cbe8-46c1-9bd0-d5f687f043cd 0.048s
2025-02-09 03:58:13.320 64727 INFO tempest.lib.common.rest_client [req-705612ba-8bbc-4923-9fb9-c7bdf5bf0e30 req-705612ba-8bbc-4923-9fb9-c7bdf5bf0e30 ] Request (FloatingIPsAssociationTestJSON:setUpClass): 200 GET http://10.180.1.21/compute/v2.1/servers/a9443c1d-3c52-4605-8197-ecfac838e125 0.088s
2025-02-09 03:58:13.327 64727 INFO tempest.common.waiters [-] State transition "BUILD/spawning" ==> "ACTIVE/None" after 64 second wait
2025-02-09 03:58:13.332 64701 INFO tempest.lib.common.rest_client [req-e9cdb2d9-3eb2-4163-b88b-869f8fd80815 req-e9cdb2d9-3eb2-4163-b88b-869f8fd80815 ] Request (AttachVolumeShelveTestJSON:test_attach_volume_shelved_or_offload_server): 200 GET http://10.180.1.21/compute/v2.1/servers/1847f2ce-e0f4-4953-9e2b-7db25926e95d 0.046s
2025-02-09 03:58:13.369 64707 INFO tempest.lib.common.rest_client [req-79abf15e-bb8e-40aa-b47a-ec43d2bd6121 req-79abf15e-bb8e-40aa-b47a-ec43d2bd6121 ] Request (ImagesNegativeTestJSON:test_create_image_from_deleted_server): 200 GET http://10.180.1.21/compute/v2.1/servers/098ffac6-de4b-4536-9443-b0656cf151f1 0.076s
2025-02-09 03:58:13.422 64743 INFO tempest.lib.common.rest_client [req-7c152d55-b674-4534-8b9a-7c694b328e85 req-7c152d55-b674-4534-8b9a-7c694b328e85 ] Request (ServersAdminNegativeTestJSON:tearDownClass): 200 GET http://10.180.1.21/compute/v2.1/servers/24265a32-860b-44ea-b35b-3c3972e00d41 0.075s
2025-02-09 03:58:13.466 64737 INFO tempest.lib.common.rest_client [req-9c38533e-56f9-4c9d-a82e-70996e1803fa req-9c38533e-56f9-4c9d-a82e-70996e1803fa ] Request (ServerRescueNegativeTestJSON:test_rescued_vm_detach_volume): 200 GET http://10.180.1.21/compute/v2.1/servers/9310c2ce-0209-438c-bbff-9171de4181e0 0.104s
2025-02-09 03:58:13.727 64697 INFO tempest.lib.common.rest_client [req-64f04c6d-e5d5-4bd0-9c0d-7dfcfafcd65d req-64f04c6d-e5d5-4bd0-9c0d-7dfcfafcd65d ] Request (ServersNegativeTestMultiTenantJSON:tearDownClass): 200 GET http://10.180.1.21/compute/v2.1/servers/aa78caf1-57b9-43ab-9dfb-8418d0c8cb34 0.075s
2025-02-09 03:58:13.736 64697 INFO tempest.common.waiters [-] State transition "ACTIVE/deleting" ==> "DELETED/None" after 4 second wait
2025-02-09 03:58:13.802 64691 INFO tempest.lib.common.rest_client [req-7ef4c341-201d-4c92-a51b-584a7cf45eb9 req-7ef4c341-201d-4c92-a51b-584a7cf45eb9 ] Request (MultipleCreateTestJSON:_run_cleanups): 200 GET http://10.180.1.21/compute/v2.1/servers/135e1397-4b80-4b39-a974-b77abab208d1 0.066s
2025-02-09 03:58:13.805 64727 INFO tempest.lib.common.rest_client [req-5d38fdf9-b95a-4f3d-b17b-41876f8d43d1 req-5d38fdf9-b95a-4f3d-b17b-41876f8d43d1 ] Request (FloatingIPsAssociationTestJSON:setUpClass): 200 POST http://10.180.1.21/compute/v2.1/os-floating-ips 0.477s
2025-02-09 03:58:13.872 64741 INFO tempest.lib.common.rest_client [req-4050bad4-36f3-4b1b-a2e2-8e2827c31a2f req-4050bad4-36f3-4b1b-a2e2-8e2827c31a2f ] Request (ListServerFiltersTestJSON:tearDownClass): 200 GET http://10.180.1.21/compute/v2.1/servers/a8d58ed6-dc84-4bc5-b7ba-d3e38aa13f64 0.061s
2025-02-09 03:58:13.875 64727 INFO tempest.lib.common.rest_client [req-efc41d28-3967-4620-be6b-38c513d7e7e1 req-efc41d28-3967-4620-be6b-38c513d7e7e1 ] Request (FloatingIPsAssociationTestJSON:test_associate_already_associated_floating_ip): 201 POST http://10.180.1.21/identity/v3/auth/tokens 0.064s
2025-02-09 03:58:13.875 64727 INFO tempest.lib.common.fixed_network [-] (FloatingIPsAssociationTestJSON:test_associate_already_associated_floating_ip) Found network {'id': 'c06dbd23-3eb2-40f8-8579-f89d47af87a6', 'name': 'tempest-FloatingIPsAssociationTestJSON-1841860669-network', 'tenant_id': 'e84c37a3b86c47f6b8abb873f6151e56', 'admin_state_up': True, 'mtu': 8950, 'status': 'ACTIVE', 'subnets': [], 'shared': False, 'project_id': 'e84c37a3b86c47f6b8abb873f6151e56', 'port_security_enabled': True, 'router:external': False, 'provider:network_type': 'vlan', 'provider:physical_network': 'default', 'provider:segmentation_id': 569, 'availability_zone_hints': [], 'availability_zones': [], 'ipv4_address_scope': None, 'ipv6_address_scope': None, 'description': '', 'tags': [], 'created_at': '2025-02-09T03:57:02Z', 'updated_at': '2025-02-09T03:57:02Z', 'revision_number': 1} available for tenant
2025-02-09 03:58:13.913 64723 INFO tempest.lib.common.rest_client [req-90d840a5-a956-4597-a6f4-3fefb2d8299f req-90d840a5-a956-4597-a6f4-3fefb2d8299f ] Request (ImagesTestJSON:test_create_server_from_snapshot): 200 GET http://10.180.1.21/compute/v2.1/servers/ea621953-3fd8-43f2-950b-4acd654f7483 0.061s
2025-02-09 03:58:13.961 64693 INFO tempest.lib.common.rest_client [req-02a93f44-e536-4ab2-ad70-03a8de70dd3c req-02a93f44-e536-4ab2-ad70-03a8de70dd3c ] Request (ServerExternalEventsTest:test_create_server_external_events): 200 GET http://10.180.1.21/compute/v2.1/servers/7c862cbf-e7fb-44a1-b19c-f6b1355b0721 0.068s
2025-02-09 03:58:14.006 64705 INFO tempest.lib.common.rest_client [req-590863b4-ac7a-40d8-9a90-0b33ceda0962 req-590863b4-ac7a-40d8-9a90-0b33ceda0962 ] Request (ServersTestManualDisk:setUpClass): 200 GET http://10.180.1.21/compute/v2.1/servers/82535807-3e38-4b5e-94f8-5a1efe98541f 0.100s
2025-02-09 03:58:14.076 64719 INFO tempest.lib.common.rest_client [req-c85adddc-6c4d-4f3d-81e0-969f253fce94 req-c85adddc-6c4d-4f3d-81e0-969f253fce94 ] Request (ListImageFiltersTestJSON:setUpClass): 200 GET http://10.180.1.21/compute/v2.1/servers/11a2adc4-81ca-4694-ab3c-866a1b99c581 0.115s
2025-02-09 03:58:14.131 64685 INFO tempest.lib.common.rest_client [req-87cfb7db-0d7f-499a-9cce-92e4afb1e4ca req-87cfb7db-0d7f-499a-9cce-92e4afb1e4ca ] Request (ServerAddressesTestJSON:setUpClass): 200 GET http://10.180.1.21/compute/v2.1/servers/7d8cc18f-ed32-486f-a977-64ca7068be9e 0.137s
2025-02-09 03:58:14.215 64733 INFO tempest.lib.common.rest_client [req-4112db5e-55a6-4655-9054-2d1d2976dc95 req-4112db5e-55a6-4655-9054-2d1d2976dc95 ] Request (ServerMetadataNegativeTestJSON:tearDownClass): 200 GET http://10.180.1.21/compute/v2.1/servers/f9039857-5f06-4c52-9240-a4f854f08b45 0.148s
2025-02-09 03:58:14.271 64727 INFO tempest.lib.common.rest_client [req-94b69f16-7951-492b-b48b-5681c80c1ffd req-94b69f16-7951-492b-b48b-5681c80c1ffd ] Request (FloatingIPsAssociationTestJSON:test_associate_already_associated_floating_ip): 202 POST http://10.180.1.21/compute/v2.1/servers 0.395s
2025-02-09 03:58:14.325 64699 INFO tempest.lib.common.rest_client [req-f67290b7-acb4-417f-a2d0-345ea1531557 req-f67290b7-acb4-417f-a2d0-345ea1531557 ] Request (SecurityGroupsTestJSON:test_list_security_groups_by_server): 200 GET http://10.180.1.21/compute/v2.1/servers/ca2aa06c-914f-498c-9951-c588c07f07b0 0.208s
2025-02-09 03:58:14.372 64731 INFO tempest.lib.common.rest_client [req-4429ba72-9bf5-461f-a319-50a9ea2f0ade req-4429ba72-9bf5-461f-a319-50a9ea2f0ade ] Request (ServerDiagnosticsTest:test_get_server_diagnostics): 200 GET http://10.180.1.21/compute/v2.1/servers/50f6d892-f128-4f5c-bfc4-6b9a34661950 0.277s
2025-02-09 03:58:14.380 64721 INFO tempest.lib.common.rest_client [req-9d3094b4-0c7c-4f0d-a587-d33b699c9c32 req-9d3094b4-0c7c-4f0d-a587-d33b699c9c32 ] Request (MigrationsAdminTest:test_resize_server_revert_deleted_flavor): 200 GET http://10.180.1.21/compute/v2.1/servers/2dbf5674-95b1-41b6-b4a4-c4912fafeebc 0.237s
2025-02-09 03:58:14.425 64729 INFO tempest.lib.common.rest_client [req-2745ee8c-5a72-4aa0-a3ff-bf3f0cc9bedf req-2745ee8c-5a72-4aa0-a3ff-bf3f0cc9bedf ] Request (ServersTestJSON:test_create_server_specify_multibyte_character_name): 200 GET http://10.180.1.21/compute/v2.1/servers/6daee122-5622-4804-bd63-a292c4e59e45 0.264s
2025-02-09 03:58:14.441 64715 INFO tempest.lib.common.rest_client [req-5a2d95bf-8e71-4285-8cc0-d0b9ceb4cca0 req-5a2d95bf-8e71-4285-8cc0-d0b9ceb4cca0 ] Request (DeleteServersTestJSON:test_delete_server_while_in_attached_volume): 200 GET http://10.180.1.21/compute/v2.1/servers/af787b6c-db9c-4ba3-b4ab-97c5e1ace0f6 0.198s
2025-02-09 03:58:14.462 64727 INFO tempest.lib.common.rest_client [req-f7dff1bc-46df-4c2c-b059-5c2e91893178 req-f7dff1bc-46df-4c2c-b059-5c2e91893178 ] Request (FloatingIPsAssociationTestJSON:test_associate_already_associated_floating_ip): 200 GET http://10.180.1.21/compute/v2.1/servers/7d05894a-50a1-4611-8a91-7b5d53bf586b 0.189s
2025-02-09 03:58:14.493 64725 INFO tempest.lib.common.rest_client [req-ac36053a-f568-4faa-a96f-7a2cb4c3910a req-ac36053a-f568-4faa-a96f-7a2cb4c3910a ] Request (ServerGroupTestJSON:test_create_server_with_scheduler_hint_group): 200 GET http://10.180.1.21/compute/v2.1/servers/1cfdf522-cbe8-46c1-9bd0-d5f687f043cd 0.215s
2025-02-09 03:58:14.508 64701 INFO tempest.lib.common.rest_client [req-452b76cf-4d1d-4199-b673-4734e6b180a9 req-452b76cf-4d1d-4199-b673-4734e6b180a9 ] Request (AttachVolumeShelveTestJSON:test_attach_volume_shelved_or_offload_server): 200 GET http://10.180.1.21/compute/v2.1/servers/1847f2ce-e0f4-4953-9e2b-7db25926e95d 0.167s
2025-02-09 03:58:14.513 64717 WARNING tempest.lib.common.ssh [-] Failed to establish authenticated ssh connection to cirros@10.180.180.167 ([Errno None] Unable to connect to port 22 on 10.180.180.167). Number attempts: 3. Retry after 4 seconds.: paramiko.ssh_exception.NoValidConnectionsError: [Errno None] Unable to connect to port 22 on 10.180.180.167
2025-02-09 03:58:14.550 64707 INFO tempest.lib.common.rest_client [req-3f41040f-56a6-4c7e-815b-26a84c2c3427 req-3f41040f-56a6-4c7e-815b-26a84c2c3427 ] Request (ImagesNegativeTestJSON:test_create_image_from_deleted_server): 200 GET http://10.180.1.21/compute/v2.1/servers/098ffac6-de4b-4536-9443-b0656cf151f1 0.173s
2025-02-09 03:58:14.568 64743 INFO tempest.lib.common.rest_client [req-e5980d6f-a1d8-49cb-87ad-ad29e9b3ebe6 req-e5980d6f-a1d8-49cb-87ad-ad29e9b3ebe6 ] Request (ServersAdminNegativeTestJSON:tearDownClass): 200 GET http://10.180.1.21/compute/v2.1/servers/24265a32-860b-44ea-b35b-3c3972e00d41 0.137s
2025-02-09 03:58:14.599 64737 INFO tempest.lib.common.rest_client [req-356a7890-0818-4e1f-ae35-67286be9abc6 req-356a7890-0818-4e1f-ae35-67286be9abc6 ] Request (ServerRescueNegativeTestJSON:test_rescued_vm_detach_volume): 200 GET http://10.180.1.21/compute/v2.1/servers/9310c2ce-0209-438c-bbff-9171de4181e0 0.126s
2025-02-09 03:58:14.793 64697 INFO tempest.lib.common.rest_client [req-22abae17-45f5-4a3b-b07f-8d864f456587 req-22abae17-45f5-4a3b-b07f-8d864f456587 ] Request (ServersNegativeTestMultiTenantJSON:tearDownClass): 200 GET http://10.180.1.21/compute/v2.1/servers/aa78caf1-57b9-43ab-9dfb-8418d0c8cb34 0.055s
2025-02-09 03:58:14.867 64691 INFO tempest.lib.common.rest_client [req-ef22d4f1-5486-4bed-9237-c516ce9244dc req-ef22d4f1-5486-4bed-9237-c516ce9244dc ] Request (MultipleCreateTestJSON:_run_cleanups): 200 GET http://10.180.1.21/compute/v2.1/servers/135e1397-4b80-4b39-a974-b77abab208d1 0.057s
2025-02-09 03:58:14.893 64745 WARNING tempest.lib.common.ssh [-] Failed to establish authenticated ssh connection to cirros@10.180.180.237 ([Errno None] Unable to connect to port 22 on 10.180.180.237). Number attempts: 8. Retry after 9 seconds.: paramiko.ssh_exception.NoValidConnectionsError: [Errno None] Unable to connect to port 22 on 10.180.180.237
2025-02-09 03:58:14.944 64741 INFO tempest.lib.common.rest_client [req-a92e5229-a4e6-40f2-9563-cf2aff2ca6e9 req-a92e5229-a4e6-40f2-9563-cf2aff2ca6e9 ] Request (ListServerFiltersTestJSON:tearDownClass): 200 GET http://10.180.1.21/compute/v2.1/servers/a8d58ed6-dc84-4bc5-b7ba-d3e38aa13f64 0.063s
2025-02-09 03:58:14.956 64703 WARNING tempest.lib.common.ssh [-] Failed to establish authenticated ssh connection to cirros@10.180.180.236 ([Errno None] Unable to connect to port 22 on 10.180.180.236). Number attempts: 8. Retry after 9 seconds.: paramiko.ssh_exception.NoValidConnectionsError: [Errno None] Unable to connect to port 22 on 10.180.180.236
2025-02-09 03:58:14.979 64723 INFO tempest.lib.common.rest_client [req-a6e528cf-74a6-48b7-809f-fb15a433fe95 req-a6e528cf-74a6-48b7-809f-fb15a433fe95 ] Request (ImagesTestJSON:test_create_server_from_snapshot): 200 GET http://10.180.1.21/compute/v2.1/servers/ea621953-3fd8-43f2-950b-4acd654f7483 0.056s
