2025-02-09 03:56:06.938 64697 INFO tempest.lib.common.rest_client [req-a68fd53a-3910-4e52-8b3a-ee4af9d903a0 req-a68fd53a-3910-4e52-8b3a-ee4af9d903a0 ] Request (ServicesAdminTestJSON:tearDownClass): 204 DELETE http://10.180.1.21:9696/networking/v2.0/security-groups/1688d89d-d4ce-4b89-8f41-1eabde322a4e 0.149s
2025-02-09 03:56:06.939 64711 INFO tempest.lib.common.rest_client [req-e90a1195-d366-4c43-bcfa-5c372a563142 req-e90a1195-d366-4c43-bcfa-5c372a563142 ] Request (KeyPairsV210TestJSON:setUpClass): 204 PUT http://10.180.1.21/identity/v3/projects/86462f374eb94ca6b3e22309857db0b8/users/eae204bae8c948ada495c11436bb1366/roles/290a7ffd342446678dd03c80e572dd8a 0.045s
2025-02-09 03:56:06.958 64699 INFO tempest.lib.common.rest_client [req-60069ab0-05d2-41b9-8392-601ce6204f1e req-60069ab0-05d2-41b9-8392-601ce6204f1e ] Request (FlavorsAccessTestJSON:_run_cleanups): 202 DELETE http://10.180.1.21/compute/v2.1/flavors/866885573 1.496s
2025-02-09 03:56:06.962 64705 INFO tempest.lib.common.rest_client [req-b940125e-ad2b-4f85-b3eb-83a365561e24 req-b940125e-ad2b-4f85-b3eb-83a365561e24 ] Request (HypervisorAdminV253TestBase:test_list_show_detail_hypervisors): 200 GET http://10.180.1.21/compute/v2.1/os-hypervisors/detail?with_servers=True 1.574s
2025-02-09 03:56:06.977 64685 INFO tempest.lib.common.rest_client [req-05e78df4-52b0-4e72-92a0-d6c73e097f16 req-05e78df4-52b0-4e72-92a0-d6c73e097f16 ] Request (FlavorsAccessNegativeTestJSON:_run_cleanups): 202 DELETE http://10.180.1.21/compute/v2.1/flavors/637358726 1.475s
2025-02-09 03:56:06.997 64695 INFO tempest.lib.common.rest_client [req-c42da787-b0a3-4d7d-833d-e3666794f349 req-c42da787-b0a3-4d7d-833d-e3666794f349 ] Request (ServersWithSpecificFlavorTestJSON:test_verify_created_server_ephemeral_disk): 200 POST http://10.180.1.21/compute/v2.1/flavors/1677952714/os-extra_specs 1.487s
2025-02-09 03:56:07.002 64689 INFO tempest.lib.common.rest_client [req-092d586a-ec7b-4234-b4d9-ea3cbca76cd7 req-092d586a-ec7b-4234-b4d9-ea3cbca76cd7 ] Request (FlavorsExtraSpecsNegativeTestJSON:test_flavor_update_more_key): 400 PUT http://10.180.1.21/compute/v2.1/flavors/1610345016/os-extra_specs/hw:numa_nodes 1.487s
2025-02-09 03:56:07.007 64711 INFO tempest.lib.common.rest_client [req-a6619faf-77e6-4fd7-b7fe-42613b2dde25 req-a6619faf-77e6-4fd7-b7fe-42613b2dde25 ] Request (KeyPairsV210TestJSON:setUpClass): 200 GET http://10.180.1.21/identity/v3/roles 0.068s
2025-02-09 03:56:07.021 64729 INFO tempest.lib.common.rest_client [req-d837895a-d9f0-4d06-8dd7-c2da22f1eb19 req-d837895a-d9f0-4d06-8dd7-c2da22f1eb19 ] Request (HostsAdminNegativeTestJSON:test_startup_nonexistent_host): 404 GET http://10.180.1.21/compute/v2.1/os-hosts/nonexistent_hostname/startup 1.501s
2025-02-09 03:56:07.031 64711 INFO tempest.lib.common.rest_client [req-455d6223-1257-4404-ab6f-59b630dae8de req-455d6223-1257-4404-ab6f-59b630dae8de ] Request (KeyPairsV210TestJSON:setUpClass): 204 PUT http://10.180.1.21/identity/v3/projects/86462f374eb94ca6b3e22309857db0b8/users/eae204bae8c948ada495c11436bb1366/roles/290a7ffd342446678dd03c80e572dd8a 0.023s
2025-02-09 03:56:07.031 64711 INFO tempest.lib.common.dynamic_creds [-] Dynamic test user eae204bae8c948ada495c11436bb1366 is created with scope project and roles: ['admin']
2025-02-09 03:56:07.032 64711 INFO tempest.lib.common.dynamic_creds [-] Acquired dynamic creds: credentials: Credentials: {'domain_id': 'default', 'domain_name': 'Default', 'username': 'tempest-KeyPairsV210TestJSON-2083449100-project-admin', 'project_domain_id': 'default', 'project_domain_name': 'Default', 'project_id': '86462f374eb94ca6b3e22309857db0b8', 'project_name': 'tempest-KeyPairsV210TestJSON-2083449100', 'tenant_id': '86462f374eb94ca6b3e22309857db0b8', 'tenant_name': 'tempest-KeyPairsV210TestJSON-2083449100', 'user_domain_id': 'default', 'user_domain_name': 'Default', 'user_id': 'eae204bae8c948ada495c11436bb1366', 'system': None}, Network: None, Subnet: None, Router: None
2025-02-09 03:56:07.032 64711 INFO tempest.lib.common.dynamic_creds [-] Created isolated network resources for: credentials: Credentials: {'domain_id': 'default', 'domain_name': 'Default', 'username': 'tempest-KeyPairsV210TestJSON-2083449100-project-admin', 'project_domain_id': 'default', 'project_domain_name': 'Default', 'project_id': '86462f374eb94ca6b3e22309857db0b8', 'project_name': 'tempest-KeyPairsV210TestJSON-2083449100', 'tenant_id': '86462f374eb94ca6b3e22309857db0b8', 'tenant_name': 'tempest-KeyPairsV210TestJSON-2083449100', 'user_domain_id': 'default', 'user_domain_name': 'Default', 'user_id': 'eae204bae8c948ada495c11436bb1366', 'system': None}, Network: None, Subnet: None, Router: None
2025-02-09 03:56:07.032 64741 INFO tempest.lib.common.rest_client [req-cd4c985a-f98c-4893-8052-b4c576645598 req-cd4c985a-f98c-4893-8052-b4c576645598 ] Request (ImagesDeleteNegativeTestJSON:test_delete_image_with_id_over_character_limit): 404 DELETE http://10.180.1.21/compute/v2.1/images/ef16fa9a-f8fc-452e-8958-208eb63b7bf61 1.504s
2025-02-09 03:56:07.048 64697 INFO tempest.lib.common.rest_client [req-0e0436c5-1680-4346-86e2-5b3cc4266a65 req-0e0436c5-1680-4346-86e2-5b3cc4266a65 ] Request (ServicesAdminTestJSON:tearDownClass): 204 DELETE http://10.180.1.21/identity/v3/projects/553b3545aaa84d09aaf00f08f046b1b9 0.109s
2025-02-09 03:56:07.056 64719 INFO tempest.lib.common.rest_client [req-ddbaae0a-9c13-433d-9060-b0717bc9b1df req-ddbaae0a-9c13-433d-9060-b0717bc9b1df ] Request (FlavorsExtraSpecsTestJSON:test_flavor_set_get_update_show_unset_keys): 200 DELETE http://10.180.1.21/compute/v2.1/flavors/1664941164/os-extra_specs/hw:numa_nodes 1.510s
2025-02-09 03:56:07.079 64731 INFO tempest.lib.common.rest_client [req-a8c406fd-b2b9-4319-a28d-b65b43bd45ca req-a8c406fd-b2b9-4319-a28d-b65b43bd45ca ] Request (FlavorsAdminTestJSON:_run_cleanups): 200 GET http://10.180.1.21/compute/v2.1/flavors/detail 1.528s
2025-02-09 03:56:07.104 64697 INFO tempest.lib.common.rest_client [req-39552de6-0ebb-416b-bd02-35dc525ffbe5 req-39552de6-0ebb-416b-bd02-35dc525ffbe5 ] Request (FloatingIPsTestJSON:setUpClass): 201 POST http://10.180.1.21/identity/v3/auth/tokens 0.053s
2025-02-09 03:56:07.109 64711 INFO tempest.lib.common.rest_client [req-27e423dc-0e62-4862-8c0b-88eb498ebf74 req-27e423dc-0e62-4862-8c0b-88eb498ebf74 ] Request (KeyPairsV210TestJSON:setUpClass): 201 POST http://10.180.1.21/identity/v3/auth/tokens 0.073s
2025-02-09 03:56:07.132 64697 INFO tempest.lib.common.rest_client [req-522f063e-53f0-49a9-b6e4-e1f310683070 req-522f063e-53f0-49a9-b6e4-e1f310683070 ] Request (FloatingIPsTestJSON:setUpClass): 201 POST http://10.180.1.21/identity/v3/auth/tokens 0.025s
2025-02-09 03:56:07.155 64697 INFO tempest.lib.common.rest_client [req-c7705e6c-c6b4-4b79-ad1d-96675a92f40d req-c7705e6c-c6b4-4b79-ad1d-96675a92f40d ] Request (FloatingIPsTestJSON:setUpClass): 200 GET http://10.180.1.21/identity/v3/domains?name=Default 0.022s
2025-02-09 03:56:07.179 64697 INFO tempest.lib.common.rest_client [req-f8a34c47-8bb9-4276-9779-9835ab6ade1a req-f8a34c47-8bb9-4276-9779-9835ab6ade1a ] Request (FloatingIPsTestJSON:setUpClass): 201 POST http://10.180.1.21/identity/v3/projects 0.024s
2025-02-09 03:56:07.235 64697 INFO tempest.lib.common.rest_client [req-c99df150-6af4-4245-97bb-acda90ec9a27 req-c99df150-6af4-4245-97bb-acda90ec9a27 ] Request (FloatingIPsTestJSON:setUpClass): 201 POST http://10.180.1.21/identity/v3/users 0.056s
2025-02-09 03:56:07.260 64697 INFO tempest.lib.common.rest_client [req-32b38f5e-bf7a-4783-9cff-1e6e18d92b6e req-32b38f5e-bf7a-4783-9cff-1e6e18d92b6e ] Request (FloatingIPsTestJSON:setUpClass): 200 GET http://10.180.1.21/identity/v3/roles 0.024s
2025-02-09 03:56:07.293 64697 INFO tempest.lib.common.rest_client [req-98121316-fbd0-4c30-95c7-c0de6deafd67 req-98121316-fbd0-4c30-95c7-c0de6deafd67 ] Request (FloatingIPsTestJSON:setUpClass): 204 PUT http://10.180.1.21/identity/v3/projects/d1bd69b701d84b0b8a96d2580b386efc/users/c5dc2421d2a44d1eacb659d5ad0d077d/roles/c48da2a63f284efda1854beac08e4843 0.033s
2025-02-09 03:56:07.294 64697 INFO tempest.lib.common.dynamic_creds [-] Dynamic test user c5dc2421d2a44d1eacb659d5ad0d077d is created with scope project and roles: ['member']
2025-02-09 03:56:07.294 64697 INFO tempest.lib.common.dynamic_creds [-] Acquired dynamic creds: credentials: Credentials: {'domain_id': 'default', 'domain_name': 'Default', 'username': 'tempest-FloatingIPsTestJSON-489819887-project-member', 'project_domain_id': 'default', 'project_domain_name': 'Default', 'project_id': 'd1bd69b701d84b0b8a96d2580b386efc', 'project_name': 'tempest-FloatingIPsTestJSON-489819887', 'tenant_id': 'd1bd69b701d84b0b8a96d2580b386efc', 'tenant_name': 'tempest-FloatingIPsTestJSON-489819887', 'user_domain_id': 'default', 'user_domain_name': 'Default', 'user_id': 'c5dc2421d2a44d1eacb659d5ad0d077d', 'system': None}, Network: None, Subnet: None, Router: None
2025-02-09 03:56:07.349 64745 INFO tempest.lib.common.rest_client [req-e8b587be-7d94-4855-a739-7835bcce0625 req-e8b587be-7d94-4855-a739-7835bcce0625 ] Request (ServersTestBootFromVolume:setUpClass): 201 POST http://10.180.1.21:9696/networking/v2.0/security-groups 0.413s
2025-02-09 03:56:07.357 64691 INFO tempest.lib.common.rest_client [req-b937d762-ae75-4c37-972c-285be9f71153 req-b937d762-ae75-4c37-972c-285be9f71153 ] Request (SecurityGroupsTestAdminJSON:_run_cleanups): 202 DELETE http://10.180.1.21/compute/v2.1/os-security-groups/1043e1b5-bb0f-4973-bd2d-4445e39d590a 1.864s
2025-02-09 03:56:07.365 64697 INFO tempest.lib.common.rest_client [req-4bd64676-7ade-4d06-84f3-43f3ce876682 req-4bd64676-7ade-4d06-84f3-43f3ce876682 ] Request (FloatingIPsTestJSON:setUpClass): 201 POST http://10.180.1.21/identity/v3/auth/tokens 0.070s
2025-02-09 03:56:07.553 64745 INFO tempest.lib.common.rest_client [req-6d1aca10-1e72-4003-a202-7395f704c45f req-6d1aca10-1e72-4003-a202-7395f704c45f ] Request (ServersTestBootFromVolume:setUpClass): 201 POST http://10.180.1.21:9696/networking/v2.0/security-group-rules 0.204s
2025-02-09 03:56:07.657 64733 INFO tempest.lib.common.rest_client [req-1feebcae-1dd0-434b-96dc-f31c264c2435 req-1feebcae-1dd0-434b-96dc-f31c264c2435 ] Request (SecurityGroupRulesTestJSON:test_security_group_rules_delete_when_peer_group_deleted): 200 POST http://10.180.1.21/compute/v2.1/os-security-groups 1.616s
2025-02-09 03:56:07.711 64745 INFO tempest.lib.common.rest_client [req-2696db7b-4a8a-4205-b944-707f61c7707f req-2696db7b-4a8a-4205-b944-707f61c7707f ] Request (ServersTestBootFromVolume:setUpClass): 201 POST http://10.180.1.21:9696/networking/v2.0/security-group-rules 0.156s
2025-02-09 03:56:07.718 64737 INFO tempest.lib.common.rest_client [req-1eb29033-77dd-4526-b1c9-fa6c4ab85707 req-1eb29033-77dd-4526-b1c9-fa6c4ab85707 ] Request (ServerRescueNegativeTestJSON:setUpClass): 202 POST http://10.180.1.21/compute/v2.1/servers 1.738s
2025-02-09 03:56:07.747 64701 INFO tempest.lib.common.rest_client [req-aba94914-0b70-4ffc-814c-a7a884346fe7 req-aba94914-0b70-4ffc-814c-a7a884346fe7 ] Request (ServerDiagnosticsV248Test:test_get_server_diagnostics): 200 GET http://10.180.1.21/compute/v2.1/servers/5e99316a-3e99-4dd2-a150-4b11c99e1495 1.627s
2025-02-09 03:56:07.757 64701 INFO tempest.common.waiters [-] State transition "BUILD/None" ==> "BUILD/block_device_mapping" after 10 second wait
2025-02-09 03:56:07.781 64723 INFO tempest.lib.common.rest_client [req-866ed87d-8e2c-4925-a664-70153fdf25c4 req-866ed87d-8e2c-4925-a664-70153fdf25c4 ] Request (ImagesTestJSON:test_create_image_from_stopped_server): 200 GET http://10.180.1.21/compute/v2.1/servers/17da6524-eda0-4b27-8586-84c7f775f06b 1.542s
2025-02-09 03:56:07.845 64707 INFO tempest.lib.common.rest_client [req-2af2f2fd-9e78-4bdd-b07d-07754595e7cb req-2af2f2fd-9e78-4bdd-b07d-07754595e7cb ] Request (FloatingIPDetailsTestJSON:setUpClass): 201 POST http://10.180.1.21:9696/networking/v2.0/routers 1.587s
2025-02-09 03:56:07.903 64739 INFO tempest.lib.common.rest_client [req-842ff0fb-8cbf-496e-a6b1-52ea944d9382 req-842ff0fb-8cbf-496e-a6b1-52ea944d9382 ] Request (QuotasTestJSON:test_get_quotas): 200 GET http://10.180.1.21/compute/v2.1/os-quota-sets/df96c9156e904dc39e3784adcbc757d9 1.589s
2025-02-09 03:56:07.925 64697 INFO tempest.lib.common.rest_client [req-e4f7321b-032d-419b-92ae-54d0208c33b0 req-e4f7321b-032d-419b-92ae-54d0208c33b0 ] Request (FloatingIPsTestJSON:setUpClass): 201 POST http://10.180.1.21:9696/networking/v2.0/networks 0.560s
2025-02-09 03:56:07.947 64703 INFO tempest.lib.common.rest_client [req-3ecef668-deef-4e99-b612-2ec0fad34337 req-3ecef668-deef-4e99-b612-2ec0fad34337 ] Request (QuotasAdminNegativeTest:_run_cleanups): 200 PUT http://10.180.1.21/compute/v2.1/os-quota-sets/8985ca7c7e0d49589fac1ffcb8baf8a2 1.572s
2025-02-09 03:56:07.980 64721 INFO tempest.lib.common.rest_client [req-96950f44-7101-461b-88ff-a57baa37e219 req-96950f44-7101-461b-88ff-a57baa37e219 ] Request (MigrationsAdminTest:test_list_migrations_in_flavor_resize_situation): 200 GET http://10.180.1.21/compute/v2.1/servers/8a8b5ca1-d551-4876-be84-e93404f98db9 1.534s
2025-02-09 03:56:07.980 64713 INFO tempest.lib.common.rest_client [req-85ee3fe4-f9eb-41cc-ab94-57af50c0147c req-85ee3fe4-f9eb-41cc-ab94-57af50c0147c ] Request (HostsAdminTestJSON:test_show_host_detail): 200 GET http://10.180.1.21/compute/v2.1/os-hosts/cpu-1 1.484s
2025-02-09 03:56:08.035 64687 INFO tempest.lib.common.rest_client [req-6877b0b1-c599-45a7-aaf3-d281b26d2c40 req-6877b0b1-c599-45a7-aaf3-d281b26d2c40 ] Request (VolumesAssistedSnapshotsTest:test_volume_assisted_snapshot_create_delete): 200 GET http://10.180.1.21/compute/v2.1/servers/d3a28af1-a806-46cc-ada5-708c20e55265 1.405s
2025-02-09 03:56:08.043 64687 INFO tempest.common.waiters [-] State transition "BUILD/scheduling" ==> "BUILD/None" after 3 second wait
2025-02-09 03:56:08.061 64727 INFO tempest.lib.common.rest_client [req-220fb19f-5d2d-4616-9979-020c079f242e req-220fb19f-5d2d-4616-9979-020c079f242e ] Request (AggregatesAdminNegativeTestJSON:test_aggregate_add_non_exist_host): 200 POST http://10.180.1.21/compute/v2.1/os-aggregates 1.362s
2025-02-09 03:56:08.071 64713 INFO tempest.lib.common.rest_client [req-7e541f08-6445-4a1b-b5f2-db6597537369 req-7e541f08-6445-4a1b-b5f2-db6597537369 ] Request (HostsAdminTestJSON:tearDownClass): 204 DELETE http://10.180.1.21/identity/v3/users/91fba0ea4c644a598da84c723298fe21 0.089s
2025-02-09 03:56:08.076 64717 INFO tempest.lib.common.rest_client [req-33afb68a-168c-4353-9fab-4b35b38d0aeb req-33afb68a-168c-4353-9fab-4b35b38d0aeb ] Request (SecurityGroupRulesNegativeTestJSON:test_create_security_group_rule_duplicate): 400 POST http://10.180.1.21/compute/v2.1/os-security-group-rules 1.402s
2025-02-09 03:56:08.197 64713 INFO tempest.lib.common.rest_client [req-2cb63d56-678b-491c-b7b2-9f610fdb1af2 req-2cb63d56-678b-491c-b7b2-9f610fdb1af2 ] Request (HostsAdminTestJSON:tearDownClass): 204 DELETE http://10.180.1.21/identity/v3/users/c5efca579a6c4b868628779d3f42e0c8 0.125s
2025-02-09 03:56:08.198 64713 INFO tempest.lib.common.dynamic_creds [-] Deleting project and security group for project: 59000074e3e74d25a56ba7b10d16a1ad
2025-02-09 03:56:08.256 64713 INFO tempest.lib.common.rest_client [req-72e65d19-cb4e-4679-97be-296a60ea046f req-72e65d19-cb4e-4679-97be-296a60ea046f ] Request (HostsAdminTestJSON:tearDownClass): 201 POST http://10.180.1.21/identity/v3/auth/tokens 0.058s
2025-02-09 03:56:08.317 64725 INFO tempest.lib.common.rest_client [req-e49e54cb-775f-42d1-ad0b-ccac589708ae req-e49e54cb-775f-42d1-ad0b-ccac589708ae ] Request (TenantUsagesTestJSON:setUpClass): 200 GET http://10.180.1.21/compute/v2.1/servers/8e8523e3-57ae-485b-bfd6-d87d834a378f 1.559s
2025-02-09 03:56:08.346 64699 INFO tempest.lib.common.rest_client [req-be80f0a8-97c3-4c21-973d-6136f5eea851 req-be80f0a8-97c3-4c21-973d-6136f5eea851 ] Request (FlavorsAccessTestJSON:_run_cleanups): 200 GET http://10.180.1.21/compute/v2.1/flavors/detail 1.388s
2025-02-09 03:56:08.389 64705 INFO tempest.lib.common.rest_client [req-222af823-5429-40ed-aba6-a9983cfd4494 req-222af823-5429-40ed-aba6-a9983cfd4494 ] Request (HypervisorAdminV253TestBase:test_list_show_detail_hypervisors): 200 GET http://10.180.1.21/compute/v2.1/os-hypervisors?with_servers=True 1.420s
2025-02-09 03:56:08.414 64685 INFO tempest.lib.common.rest_client [req-05a8a234-bdf4-49c4-ad9a-eb1f62681588 req-05a8a234-bdf4-49c4-ad9a-eb1f62681588 ] Request (FlavorsAccessNegativeTestJSON:_run_cleanups): 200 GET http://10.180.1.21/compute/v2.1/flavors/detail 1.437s
2025-02-09 03:56:08.444 64699 INFO tempest.lib.common.rest_client [req-25a3b69a-9684-4224-b46b-a4d4b10cd1d0 req-25a3b69a-9684-4224-b46b-a4d4b10cd1d0 ] Request (FlavorsAccessTestJSON:tearDownClass): 204 DELETE http://10.180.1.21/identity/v3/users/e96b2a8c9e994c4a8575b4c5df0afd8b 0.092s
2025-02-09 03:56:08.452 64695 INFO tempest.lib.common.rest_client [req-f0d22ce8-fd99-44c1-a710-c6db9af80885 req-f0d22ce8-fd99-44c1-a710-c6db9af80885 ] Request (ValidationResourcesFixture:setUp): 200 POST http://10.180.1.21/compute/v2.1/os-keypairs 1.453s
2025-02-09 03:56:08.459 64697 INFO tempest.lib.common.rest_client [req-907b3b0e-def6-4ebf-96bf-97e14e226f6b req-907b3b0e-def6-4ebf-96bf-97e14e226f6b ] Request (FloatingIPsTestJSON:setUpClass): 201 POST http://10.180.1.21:9696/networking/v2.0/subnets 0.533s
2025-02-09 03:56:08.471 64689 INFO tempest.lib.common.rest_client [req-b6b8c77e-75df-44ce-a349-5d78aecf84ed req-b6b8c77e-75df-44ce-a349-5d78aecf84ed ] Request (FlavorsExtraSpecsNegativeTestJSON:tearDownClass): 202 DELETE http://10.180.1.21/compute/v2.1/flavors/1610345016 1.467s
2025-02-09 03:56:08.478 64729 INFO tempest.lib.common.rest_client [req-c1a47d4d-b0bd-4aff-bc78-6b2a70f2b3bc req-c1a47d4d-b0bd-4aff-bc78-6b2a70f2b3bc ] Request (HostsAdminNegativeTestJSON:test_update_host_with_invalid_maintenance_mode): 400 PUT http://10.180.1.21/compute/v2.1/os-hosts/devstack 1.455s
2025-02-09 03:56:08.502 64741 INFO tempest.lib.common.rest_client [req-d2c37e0a-620a-41f2-8f2b-6df420ac5437 req-d2c37e0a-620a-41f2-8f2b-6df420ac5437 ] Request (ImagesDeleteNegativeTestJSON:test_delete_image_with_invalid_image_id): 404 DELETE http://10.180.1.21/compute/v2.1/images/tempest-invalid-885731505 1.469s
2025-02-09 03:56:08.521 64719 INFO tempest.lib.common.rest_client [req-5a137452-69c9-4b3d-9a7c-1e19c7f4c67d req-5a137452-69c9-4b3d-9a7c-1e19c7f4c67d ] Request (FlavorsExtraSpecsTestJSON:test_flavor_set_get_update_show_unset_keys): 200 DELETE http://10.180.1.21/compute/v2.1/flavors/1664941164/os-extra_specs/hw:cpu_policy 1.465s
2025-02-09 03:56:08.524 64745 INFO tempest.lib.common.rest_client [req-13bc1e90-1541-4b70-a77b-74728f8d4494 req-13bc1e90-1541-4b70-a77b-74728f8d4494 ] Request (ServersTestBootFromVolume:setUpClass): 201 POST http://10.180.1.21:9696/networking/v2.0/floatingips 0.813s
2025-02-09 03:56:08.543 64731 INFO tempest.lib.common.rest_client [req-34cda632-b332-471c-8048-96817783ef6d req-34cda632-b332-471c-8048-96817783ef6d ] Request (FlavorsAdminTestJSON:test_create_flavor_with_none_id): 200 POST http://10.180.1.21/compute/v2.1/flavors 1.455s
2025-02-09 03:56:08.555 64699 INFO tempest.lib.common.rest_client [req-e6324353-b2f8-4398-9416-e2ec9ce2cdee req-e6324353-b2f8-4398-9416-e2ec9ce2cdee ] Request (FlavorsAccessTestJSON:tearDownClass): 204 DELETE http://10.180.1.21/identity/v3/users/31fdbe0ed62c491690ed231b44cf6685 0.109s
2025-02-09 03:56:08.556 64699 INFO tempest.lib.common.dynamic_creds [-] Deleting project and security group for project: 016207472c8c42828dc9c217682b0cc6
2025-02-09 03:56:08.593 64695 INFO tempest.lib.common.rest_client [req-c8aabcbb-55b1-4928-927f-c563ddf8b235 req-c8aabcbb-55b1-4928-927f-c563ddf8b235 ] Request (ValidationResourcesFixture:setUp): 201 POST http://10.180.1.21:9696/networking/v2.0/security-groups 0.138s
2025-02-09 03:56:08.611 64699 INFO tempest.lib.common.rest_client [req-041e15d9-ea8a-4522-9290-09721c9d894a req-041e15d9-ea8a-4522-9290-09721c9d894a ] Request (FlavorsAccessTestJSON:tearDownClass): 201 POST http://10.180.1.21/identity/v3/auth/tokens 0.055s
2025-02-09 03:56:08.619 64747 INFO tempest.lib.common.rest_client [req-3bcd6ceb-8a20-4ef2-b13e-bf4eb9455537 req-3bcd6ceb-8a20-4ef2-b13e-bf4eb9455537 ] Request (ServersAaction247Test:test_create_backup): 202 POST http://10.180.1.21/compute/v2.1/servers/3a53feea-033e-4b1d-b990-e00948dd554d/action 1.878s
2025-02-09 03:56:08.622 64745 INFO tempest.lib.common.rest_client [req-56b8b899-0095-4dc7-9840-8793848c1b63 req-56b8b899-0095-4dc7-9840-8793848c1b63 ] Request (ServersTestBootFromVolume:setUpClass): 201 POST http://10.180.1.21/identity/v3/auth/tokens 0.095s
2025-02-09 03:56:08.623 64745 INFO tempest.lib.common.fixed_network [-] (ServersTestBootFromVolume:setUpClass) Found network {'id': '31f7f589-3d28-44e1-9bb7-f591b090184a', 'name': 'tempest-ServersTestBootFromVolume-725236890-network', 'tenant_id': '90df72de4cf54763b676474d704393e6', 'admin_state_up': True, 'mtu': 8950, 'status': 'ACTIVE', 'subnets': [], 'shared': False, 'project_id': '90df72de4cf54763b676474d704393e6', 'port_security_enabled': True, 'router:external': False, 'provider:network_type': 'vlan', 'provider:physical_network': 'default', 'provider:segmentation_id': 782, 'availability_zone_hints': [], 'availability_zones': [], 'ipv4_address_scope': None, 'ipv6_address_scope': None, 'description': '', 'tags': [], 'created_at': '2025-02-09T03:55:59Z', 'updated_at': '2025-02-09T03:55:59Z', 'revision_number': 1} available for tenant
2025-02-09 03:56:08.652 64713 INFO tempest.lib.common.rest_client [req-908d529a-5024-46d6-ba60-a96786f7d2d3 req-908d529a-5024-46d6-ba60-a96786f7d2d3 ] Request (HostsAdminTestJSON:tearDownClass): 200 GET http://10.180.1.21:9696/networking/v2.0/security-groups?tenant_id=59000074e3e74d25a56ba7b10d16a1ad&name=default 0.396s
2025-02-09 03:56:08.733 64695 INFO tempest.lib.common.rest_client [req-f37bfe40-4f37-48f3-b634-dc7c839077ae req-f37bfe40-4f37-48f3-b634-dc7c839077ae ] Request (ValidationResourcesFixture:setUp): 201 POST http://10.180.1.21:9696/networking/v2.0/security-group-rules 0.139s
2025-02-09 03:56:08.757 64711 INFO tempest.lib.common.rest_client [req-35f1a3d9-0993-44a8-ac7f-c438e39a3402 req-35f1a3d9-0993-44a8-ac7f-c438e39a3402 ] Request (KeyPairsV210TestJSON:test_admin_manage_keypairs_for_other_users): 201 POST http://10.180.1.21/compute/v2.1/os-keypairs 1.645s
2025-02-09 03:56:08.793 64693 INFO tempest.lib.common.rest_client [req-b6e5a4ef-ef7d-4280-8b34-700275474717 req-b6e5a4ef-ef7d-4280-8b34-700275474717 ] Request (DeleteServersAdminTestJSON:test_admin_delete_servers_of_others): 200 GET http://10.180.1.21/compute/v2.1/servers/d7129bbd-bd24-436d-b999-1010b6e92032 1.687s
2025-02-09 03:56:08.916 64713 INFO tempest.lib.common.rest_client [req-68e1b868-a916-4fef-9cbf-36f902c5b8b6 req-68e1b868-a916-4fef-9cbf-36f902c5b8b6 ] Request (HostsAdminTestJSON:tearDownClass): 204 DELETE http://10.180.1.21:9696/networking/v2.0/security-groups/aa896b6e-a6fa-489a-a687-7147536e2892 0.262s
2025-02-09 03:56:08.944 64699 INFO tempest.lib.common.rest_client [req-8e9011f3-22ea-4a75-a82c-451ed7308f1a req-8e9011f3-22ea-4a75-a82c-451ed7308f1a ] Request (FlavorsAccessTestJSON:tearDownClass): 200 GET http://10.180.1.21:9696/networking/v2.0/security-groups?tenant_id=016207472c8c42828dc9c217682b0cc6&name=default 0.333s
2025-02-09 03:56:08.998 64713 INFO tempest.lib.common.rest_client [req-a14690af-5572-4ea2-a159-c7647d635b03 req-a14690af-5572-4ea2-a159-c7647d635b03 ] Request (HostsAdminTestJSON:tearDownClass): 204 DELETE http://10.180.1.21/identity/v3/projects/59000074e3e74d25a56ba7b10d16a1ad 0.081s
2025-02-09 03:56:08.998 64713 INFO tempest.lib.common.dynamic_creds [-] Deleting project and security group for project: 2268911a38e64495a2b5516a9147c380
2025-02-09 03:56:09.020 64695 INFO tempest.lib.common.rest_client [req-8c25d0d4-55ab-4622-a0d9-8ea7ab014e76 req-8c25d0d4-55ab-4622-a0d9-8ea7ab014e76 ] Request (ValidationResourcesFixture:setUp): 201 POST http://10.180.1.21:9696/networking/v2.0/security-group-rules 0.287s
2025-02-09 03:56:09.056 64691 INFO tempest.lib.common.rest_client [req-a87b5a3e-6f82-40a6-97b0-8681ba57e8a1 req-a87b5a3e-6f82-40a6-97b0-8681ba57e8a1 ] Request (SecurityGroupsTestAdminJSON:_run_cleanups): 202 DELETE http://10.180.1.21/compute/v2.1/os-security-groups/8f563e15-07ee-420f-ae73-908ef2e82a9f 1.699s
2025-02-09 03:56:09.197 64699 INFO tempest.lib.common.rest_client [req-bafd6eb1-4f13-4ea2-957a-b1ed91a61c07 req-bafd6eb1-4f13-4ea2-957a-b1ed91a61c07 ] Request (FlavorsAccessTestJSON:tearDownClass): 204 DELETE http://10.180.1.21:9696/networking/v2.0/security-groups/ff59e2b3-acef-4410-94a2-0fe7cb737816 0.251s
2025-02-09 03:56:09.287 64743 INFO tempest.lib.common.rest_client [req-c0c63c22-fbb4-43ee-a6ff-23b4c9069991 req-c0c63c22-fbb4-43ee-a6ff-23b4c9069991 ] Request (ServersAdminNegativeTestJSON:setUpClass): 200 GET http://10.180.1.21/compute/v2.1/servers/24265a32-860b-44ea-b35b-3c3972e00d41 1.806s
2025-02-09 03:56:09.307 64745 INFO tempest.lib.common.rest_client [req-656c60d5-4c99-4cff-8ff2-00680679366a req-656c60d5-4c99-4cff-8ff2-00680679366a ] Request (ServersTestBootFromVolume:setUpClass): 202 POST http://10.180.1.21/volume/v3/volumes 0.683s
2025-02-09 03:56:09.315 64713 INFO tempest.lib.common.rest_client [req-8acff727-c73c-43b9-a093-e239a86f1ea3 req-8acff727-c73c-43b9-a093-e239a86f1ea3 ] Request (HostsAdminTestJSON:tearDownClass): 200 GET http://10.180.1.21:9696/networking/v2.0/security-groups?tenant_id=2268911a38e64495a2b5516a9147c380&name=default 0.316s
2025-02-09 03:56:09.331 64699 INFO tempest.lib.common.rest_client [req-394139a7-60d4-4f4a-ac62-f03b5302673c req-394139a7-60d4-4f4a-ac62-f03b5302673c ] Request (FlavorsAccessTestJSON:tearDownClass): 204 DELETE http://10.180.1.21/identity/v3/projects/016207472c8c42828dc9c217682b0cc6 0.133s
2025-02-09 03:56:09.331 64699 INFO tempest.lib.common.dynamic_creds [-] Deleting project and security group for project: 0d9cb3a0d0bf4eec8412bf9cf7b436ad
2025-02-09 03:56:09.371 64745 INFO tempest.lib.common.rest_client [req-d22f2231-2907-4670-884b-59293d72b620 req-d22f2231-2907-4670-884b-59293d72b620 ] Request (ServersTestBootFromVolume:setUpClass): 200 GET http://10.180.1.21/volume/v3/volumes/d3ad68dd-f595-4772-98b0-eb913d5ded1e 0.052s
2025-02-09 03:56:09.587 64715 INFO tempest.lib.common.rest_client [req-de988337-d032-49a8-b0be-5c379e9adfb6 req-de988337-d032-49a8-b0be-5c379e9adfb6 ] Request (DeleteServersTestJSON:test_delete_active_server): 200 GET http://10.180.1.21/compute/v2.1/servers/9f1a15ad-c20f-403f-a84b-29ab614fc77f 1.926s
2025-02-09 03:56:09.597 64733 INFO tempest.lib.common.rest_client [req-fc3539a5-3b33-44e6-8bd4-cfd8f9a89f3a req-fc3539a5-3b33-44e6-8bd4-cfd8f9a89f3a ] Request (SecurityGroupRulesTestJSON:test_security_group_rules_delete_when_peer_group_deleted): 200 POST http://10.180.1.21/compute/v2.1/os-security-group-rules 1.937s
2025-02-09 03:56:09.634 64713 INFO tempest.lib.common.rest_client [req-1b8d6058-ee00-4375-b1bb-6a86a6718e40 req-1b8d6058-ee00-4375-b1bb-6a86a6718e40 ] Request (HostsAdminTestJSON:tearDownClass): 204 DELETE http://10.180.1.21:9696/networking/v2.0/security-groups/e82d176a-2e7d-467a-8197-fb6ac4a75cb9 0.318s
2025-02-09 03:56:09.689 64737 INFO tempest.lib.common.rest_client [req-826eb49a-a1c3-4a7a-b076-0542dfd87e2a req-826eb49a-a1c3-4a7a-b076-0542dfd87e2a ] Request (ServerRescueNegativeTestJSON:setUpClass): 200 GET http://10.180.1.21/compute/v2.1/servers/2e709e94-117f-438d-b3d3-22b046a7294f 1.970s
2025-02-09 03:56:09.744 64699 INFO tempest.lib.common.rest_client [req-51d4a8ac-6777-443d-9670-8e8e466e38a4 req-51d4a8ac-6777-443d-9670-8e8e466e38a4 ] Request (FlavorsAccessTestJSON:tearDownClass): 200 GET http://10.180.1.21:9696/networking/v2.0/security-groups?tenant_id=0d9cb3a0d0bf4eec8412bf9cf7b436ad&name=default 0.413s
2025-02-09 03:56:09.828 64713 INFO tempest.lib.common.rest_client [req-9be972c6-9a73-415b-8375-934b81ff3c7f req-9be972c6-9a73-415b-8375-934b81ff3c7f ] Request (HostsAdminTestJSON:tearDownClass): 204 DELETE http://10.180.1.21/identity/v3/projects/2268911a38e64495a2b5516a9147c380 0.194s
2025-02-09 03:56:09.884 64739 INFO tempest.lib.common.rest_client [req-ce4fc94a-e18b-4bbf-89b8-881ac1b1600f req-ce4fc94a-e18b-4bbf-89b8-881ac1b1600f ] Request (QuotasTestJSON:test_get_quotas): 200 GET http://10.180.1.21/compute/v2.1/os-quota-sets/df96c9156e904dc39e3784adcbc757d9?user_id=76a1716acbda4979b69d578442e80b59 1.977s
2025-02-09 03:56:09.910 64737 INFO tempest.lib.common.rest_client [req-d6bbc817-f856-4e34-8dce-9c32943c4676 req-d6bbc817-f856-4e34-8dce-9c32943c4676 ] Request (ServerRescueNegativeTestJSON:setUpClass): 201 POST http://10.180.1.21/identity/v3/auth/tokens 0.200s
2025-02-09 03:56:09.910 64737 INFO tempest.lib.common.fixed_network [-] (ServerRescueNegativeTestJSON:setUpClass) Found network {'id': '4c3910dd-2341-4444-8e4b-1490e9dfd918', 'name': 'tempest-ServerRescueNegativeTestJSON-1708963178-network', 'tenant_id': '3b523b7bf8ca40068d5fd56db0d72fb9', 'admin_state_up': True, 'mtu': 8950, 'status': 'ACTIVE', 'subnets': [], 'shared': False, 'project_id': '3b523b7bf8ca40068d5fd56db0d72fb9', 'port_security_enabled': True, 'router:external': False, 'provider:network_type': 'vlan', 'provider:physical_network': 'default', 'provider:segmentation_id': 408, 'availability_zone_hints': [], 'availability_zones': [], 'ipv4_address_scope': None, 'ipv6_address_scope': None, 'description': '', 'tags': [], 'created_at': '2025-02-09T03:55:59Z', 'updated_at': '2025-02-09T03:55:59Z', 'revision_number': 1} available for tenant
2025-02-09 03:56:09.927 64727 INFO tempest.lib.common.rest_client [req-7c08a405-f1fa-4ae4-a5b2-b0c0f74fb088 req-7c08a405-f1fa-4ae4-a5b2-b0c0f74fb088 ] Request (AggregatesAdminNegativeTestJSON:test_aggregate_add_non_exist_host): 404 POST http://10.180.1.21/compute/v2.1/os-aggregates/3/action 1.864s
2025-02-09 03:56:09.999 64713 INFO tempest.lib.common.rest_client [req-fbd7cc6b-5d3c-4f76-b9d5-23b4049ce04f req-fbd7cc6b-5d3c-4f76-b9d5-23b4049ce04f ] Request (InstanceUsageAuditLogTestJSON:setUpClass): 201 POST http://10.180.1.21/identity/v3/auth/tokens 0.169s
2025-02-09 03:56:10.011 64703 INFO tempest.lib.common.rest_client [req-053a2ef8-9001-45c7-be44-c1234ea497ed req-053a2ef8-9001-45c7-be44-c1234ea497ed ] Request (QuotasAdminNegativeTest:test_create_server_when_memory_quota_is_full): 200 GET http://10.180.1.21/compute/v2.1/os-quota-sets/8985ca7c7e0d49589fac1ffcb8baf8a2 2.061s
2025-02-09 03:56:10.047 64705 INFO tempest.lib.common.rest_client [req-84cbfd44-cf2e-4d72-b09f-5016346d36e5 req-84cbfd44-cf2e-4d72-b09f-5016346d36e5 ] Request (HypervisorAdminV253TestBase:test_list_show_detail_hypervisors): 200 GET http://10.180.1.21/compute/v2.1/os-hypervisors/d3d03c94-9dea-45bd-bef8-6ae074503c23 1.654s
2025-02-09 03:56:10.051 64699 INFO tempest.lib.common.rest_client [req-734425f1-1723-4634-9cdd-628365d8a9a1 req-734425f1-1723-4634-9cdd-628365d8a9a1 ] Request (FlavorsAccessTestJSON:tearDownClass): 204 DELETE http://10.180.1.21:9696/networking/v2.0/security-groups/1fc28cbf-3389-4ec0-9da9-1339a9b6076b 0.306s
2025-02-09 03:56:10.068 64685 INFO tempest.lib.common.rest_client [req-76194a8b-1c49-48d0-b3dd-974cd1403e20 req-76194a8b-1c49-48d0-b3dd-974cd1403e20 ] Request (FlavorsAccessNegativeTestJSON:test_flavor_non_admin_add): 200 POST http://10.180.1.21/compute/v2.1/flavors 1.644s
2025-02-09 03:56:10.079 64739 INFO tempest.lib.common.rest_client [req-54c34d0a-d5ca-40b9-843f-5574ab3c8163 req-54c34d0a-d5ca-40b9-843f-5574ab3c8163 ] Request (QuotasTestJSON:tearDownClass): 204 DELETE http://10.180.1.21/identity/v3/users/76a1716acbda4979b69d578442e80b59 0.184s
2025-02-09 03:56:10.079 64739 INFO tempest.lib.common.dynamic_creds [-] Deleting project and security group for project: df96c9156e904dc39e3784adcbc757d9
2025-02-09 03:56:10.094 64689 INFO tempest.lib.common.rest_client [req-d7404f5e-778f-4866-9945-13480d7a9db0 req-d7404f5e-778f-4866-9945-13480d7a9db0 ] Request (FlavorsExtraSpecsNegativeTestJSON:tearDownClass): 200 GET http://10.180.1.21/compute/v2.1/flavors/detail 1.623s
2025-02-09 03:56:10.101 64736 INFO tempest.lib.common.rest_client [req-e9ea2b14-852b-43f9-8a3a-cf4b42a3b6b6 req-e9ea2b14-852b-43f9-8a3a-cf4b42a3b6b6 ] Request (QuotasAdminTestJSON:test_delete_quota): 200 GET http://10.180.1.21/identity/v3/domains?name=Default 0.191s
2025-02-09 03:56:10.104 64729 INFO tempest.lib.common.rest_client [req-282e92a5-6cc9-449f-87f5-53d1cf05449d req-282e92a5-6cc9-449f-87f5-53d1cf05449d ] Request (HostsAdminNegativeTestJSON:test_update_host_with_invalid_status): 400 PUT http://10.180.1.21/compute/v2.1/os-hosts/devstack 1.625s
2025-02-09 03:56:10.129 64741 INFO tempest.lib.common.rest_client [req-6dc73294-16d8-4408-b2c3-de4480dc6973 req-6dc73294-16d8-4408-b2c3-de4480dc6973 ] Request (ImagesDeleteNegativeTestJSON:test_delete_non_existent_image): 404 DELETE http://10.180.1.21/compute/v2.1/images/8cd74306-2815-4826-a59b-ffdc62e02044 1.623s
2025-02-09 03:56:10.150 64719 INFO tempest.lib.common.rest_client [req-73f3428c-a079-48e1-855c-356ea4e7df35 req-73f3428c-a079-48e1-855c-356ea4e7df35 ] Request (FlavorsExtraSpecsTestJSON:test_flavor_set_get_update_show_unset_keys): 200 GET http://10.180.1.21/compute/v2.1/flavors/1664941164/os-extra_specs 1.628s
2025-02-09 03:56:10.160 64713 INFO tempest.lib.common.rest_client [req-f4066848-4ea8-48a5-95dc-f49e5fc1fae7 req-f4066848-4ea8-48a5-95dc-f49e5fc1fae7 ] Request (InstanceUsageAuditLogTestJSON:setUpClass): 201 POST http://10.180.1.21/identity/v3/auth/tokens 0.159s
2025-02-09 03:56:10.178 64731 INFO tempest.lib.common.rest_client [req-9f3ef5eb-8003-411e-a7f8-e867ab8a40d2 req-9f3ef5eb-8003-411e-a7f8-e867ab8a40d2 ] Request (FlavorsAdminTestJSON:_run_cleanups): 202 DELETE http://10.180.1.21/compute/v2.1/flavors/f1d943fa-4c1f-4aa7-a010-3eb139121ad8 1.630s
2025-02-09 03:56:10.206 64717 INFO tempest.lib.common.rest_client [req-44164af1-3013-4bac-bc6d-efea5f8c5407 req-44164af1-3013-4bac-bc6d-efea5f8c5407 ] Request (SecurityGroupRulesNegativeTestJSON:_run_cleanups): 202 DELETE http://10.180.1.21/compute/v2.1/os-security-group-rules/74d97073-9b9c-4989-9072-4d2c86d0e770 2.128s
2025-02-09 03:56:10.241 64705 INFO tempest.lib.common.rest_client [req-d373d1e3-b6d9-4dae-8f19-c81efb70ed2d req-d373d1e3-b6d9-4dae-8f19-c81efb70ed2d ] Request (HypervisorAdminV253TestBase:tearDownClass): 204 DELETE http://10.180.1.21/identity/v3/users/b5afaa7459f64be1b6a9381e990adb59 0.188s
2025-02-09 03:56:10.243 64695 INFO tempest.lib.common.rest_client [req-054bb744-b51b-4b32-8001-81989ab9275e req-054bb744-b51b-4b32-8001-81989ab9275e ] Request (ValidationResourcesFixture:setUp): 201 POST http://10.180.1.21:9696/networking/v2.0/floatingips 1.223s
2025-02-09 03:56:10.271 64699 INFO tempest.lib.common.rest_client [req-86a4bbaf-db99-4df2-aac6-77213334a584 req-86a4bbaf-db99-4df2-aac6-77213334a584 ] Request (FlavorsAccessTestJSON:tearDownClass): 204 DELETE http://10.180.1.21/identity/v3/projects/0d9cb3a0d0bf4eec8412bf9cf7b436ad 0.220s
2025-02-09 03:56:10.279 64701 INFO tempest.lib.common.rest_client [req-9af57d89-b062-4d18-bd95-5c22930bc0c4 req-9af57d89-b062-4d18-bd95-5c22930bc0c4 ] Request (ServerDiagnosticsV248Test:test_get_server_diagnostics): 200 GET http://10.180.1.21/compute/v2.1/servers/5e99316a-3e99-4dd2-a150-4b11c99e1495 1.521s
2025-02-09 03:56:10.293 64701 INFO tempest.common.waiters [-] State transition "BUILD/block_device_mapping" ==> "BUILD/spawning" after 13 second wait
2025-02-09 03:56:10.311 64739 INFO tempest.lib.common.rest_client [req-96c1b3a7-9dab-4d84-89fb-8b89abd646fb req-96c1b3a7-9dab-4d84-89fb-8b89abd646fb ] Request (QuotasTestJSON:tearDownClass): 201 POST http://10.180.1.21/identity/v3/auth/tokens 0.231s
2025-02-09 03:56:10.312 64747 INFO tempest.lib.common.rest_client [req-de5a724f-6e15-4efd-bc4b-6ad929fb6b33 req-de5a724f-6e15-4efd-bc4b-6ad929fb6b33 ] Request (ServersAaction247Test:tearDownClass): 204 DELETE http://10.180.1.21/compute/v2.1/servers/3a53feea-033e-4b1d-b990-e00948dd554d 1.691s
2025-02-09 03:56:10.331 64711 INFO tempest.lib.common.rest_client [req-40c7efd7-e9c9-443c-8a74-21728947fffd req-40c7efd7-e9c9-443c-8a74-21728947fffd ] Request (KeyPairsV210TestJSON:test_admin_manage_keypairs_for_other_users): 201 POST http://10.180.1.21/compute/v2.1/os-keypairs 1.572s
2025-02-09 03:56:10.344 64697 INFO tempest.lib.common.rest_client [req-d2a544ba-aa1a-40d8-a0c8-853603821020 req-d2a544ba-aa1a-40d8-a0c8-853603821020 ] Request (FloatingIPsTestJSON:setUpClass): 201 POST http://10.180.1.21:9696/networking/v2.0/routers 1.884s
2025-02-09 03:56:10.365 64707 INFO tempest.lib.common.rest_client [req-35b2ae00-22eb-4621-ab7b-2bcd33a5e027 req-35b2ae00-22eb-4621-ab7b-2bcd33a5e027 ] Request (FloatingIPDetailsTestJSON:setUpClass): 200 PUT http://10.180.1.21:9696/networking/v2.0/routers/bec45d76-fe10-4fae-905e-e30852f050e4/add_router_interface 2.520s
2025-02-09 03:56:10.366 64707 INFO tempest.lib.common.dynamic_creds [-] Created isolated network resources for: credentials: Credentials: {'domain_id': 'default', 'domain_name': 'Default', 'username': 'tempest-FloatingIPDetailsTestJSON-106202994-project-member', 'project_domain_id': 'default', 'project_domain_name': 'Default', 'project_id': '7d85e803778b4f99a826b05252c2f17a', 'project_name': 'tempest-FloatingIPDetailsTestJSON-106202994', 'tenant_id': '7d85e803778b4f99a826b05252c2f17a', 'tenant_name': 'tempest-FloatingIPDetailsTestJSON-106202994', 'user_domain_id': 'default', 'user_domain_name': 'Default', 'user_id': 'fad40281fabc4d7f8ab149af59e8e783', 'system': None}, Network: {'id': '8499f114-feb6-4bd3-91e5-8325269ff1d3', 'name': 'tempest-FloatingIPDetailsTestJSON-1869626415-network', 'tenant_id': '7d85e803778b4f99a826b05252c2f17a', 'admin_state_up': True, 'mtu': 8950, 'status': 'ACTIVE', 'subnets': [], 'shared': False, 'project_id': '7d85e803778b4f99a826b05252c2f17a', 'port_security_enabled': True, 'router:external': False, 'provider:network_type': 'vlan', 'provider:physical_network': 'default', 'provider:segmentation_id': 310, 'availability_zone_hints': [], 'availability_zones': [], 'ipv4_address_scope': None, 'ipv6_address_scope': None, 'description': '', 'tags': [], 'created_at': '2025-02-09T03:56:05Z', 'updated_at': '2025-02-09T03:56:05Z', 'revision_number': 1}, Subnet: {'id': '44fbc36a-1ed4-4998-be4d-9564ad62b896', 'name': 'tempest-FloatingIPDetailsTestJSON-1869626415-subnet', 'tenant_id': '7d85e803778b4f99a826b05252c2f17a', 'network_id': '8499f114-feb6-4bd3-91e5-8325269ff1d3', 'ip_version': 4, 'subnetpool_id': None, 'enable_dhcp': True, 'ipv6_ra_mode': None, 'ipv6_address_mode': None, 'gateway_ip': '192.168.128.1', 'cidr': '192.168.128.0/28', 'allocation_pools': [{'start': '192.168.128.2', 'end': '192.168.128.14'}], 'host_routes': [], 'dns_nameservers': [], 'description': '', 'router:external': False, 'service_types': [], 'tags': [], 'created_at': '2025-02-09T03:56:05Z', 'updated_at': '2025-02-09T03:56:05Z', 'revision_number': 0, 'project_id': '7d85e803778b4f99a826b05252c2f17a'}, Router: {'id': 'bec45d76-fe10-4fae-905e-e30852f050e4', 'name': 'tempest-FloatingIPDetailsTestJSON-1869626415-router', 'tenant_id': '7d85e803778b4f99a826b05252c2f17a', 'admin_state_up': True, 'status': 'ACTIVE', 'external_gateway_info': {'network_id': '85e25fe6-a5a8-48f2-bb3e-9061e7d8b10b', 'external_fixed_ips': [{'subnet_id': 'e3b1fcc0-a51b-4269-a65a-d7b5187d7eb9', 'ip_address': '10.180.180.207'}], 'enable_snat': True}, 'description': '', 'availability_zones': [], 'distributed': False, 'ha': False, 'availability_zone_hints': [], 'routes': [], 'flavor_id': None, 'tags': [], 'created_at': '2025-02-09T03:56:06Z', 'updated_at': '2025-02-09T03:56:07Z', 'revision_number': 2, 'project_id': '7d85e803778b4f99a826b05252c2f17a'}
2025-02-09 03:56:10.387 64689 INFO tempest.lib.common.rest_client [req-e3658807-324a-4439-bd3f-f199c8256715 req-e3658807-324a-4439-bd3f-f199c8256715 ] Request (FlavorsExtraSpecsNegativeTestJSON:tearDownClass): 204 DELETE http://10.180.1.21/identity/v3/users/7c37039a90394a70b30731086212b5da 0.282s
2025-02-09 03:56:10.394 64736 INFO tempest.lib.common.rest_client [req-ad584794-37b8-4493-9ad8-6e93c0c49106 req-ad584794-37b8-4493-9ad8-6e93c0c49106 ] Request (QuotasAdminTestJSON:test_delete_quota): 201 POST http://10.180.1.21/identity/v3/projects 0.292s
2025-02-09 03:56:10.410 64721 INFO tempest.lib.common.rest_client [req-f8d697ad-bbf5-4cc9-9824-bfbd28d86e53 req-f8d697ad-bbf5-4cc9-9824-bfbd28d86e53 ] Request (MigrationsAdminTest:test_list_migrations_in_flavor_resize_situation): 200 GET http://10.180.1.21/compute/v2.1/servers/8a8b5ca1-d551-4876-be84-e93404f98db9 1.421s
2025-02-09 03:56:10.418 64745 INFO tempest.lib.common.rest_client [req-ec30db31-57c2-4bf3-bce5-e4a770d16f11 req-ec30db31-57c2-4bf3-bce5-e4a770d16f11 ] Request (ServersTestBootFromVolume:setUpClass): 200 GET http://10.180.1.21/volume/v3/volumes/d3ad68dd-f595-4772-98b0-eb913d5ded1e 0.037s
2025-02-09 03:56:10.480 64713 INFO tempest.lib.common.rest_client [req-bad2dcbe-ad0d-4efd-8bad-0d98eb3168d1 req-bad2dcbe-ad0d-4efd-8bad-0d98eb3168d1 ] Request (InstanceUsageAuditLogTestJSON:setUpClass): 200 GET http://10.180.1.21/identity/v3/domains?name=Default 0.319s
2025-02-09 03:56:10.488 64687 INFO tempest.lib.common.rest_client [req-472e989f-52da-47bb-b33e-d52d2406b6fb req-472e989f-52da-47bb-b33e-d52d2406b6fb ] Request (VolumesAssistedSnapshotsTest:test_volume_assisted_snapshot_create_delete): 200 GET http://10.180.1.21/compute/v2.1/servers/d3a28af1-a806-46cc-ada5-708c20e55265 1.442s
2025-02-09 03:56:10.512 64741 INFO tempest.lib.common.rest_client [req-76f43dd2-fde0-4c1a-9dd3-f275c45d0698 req-76f43dd2-fde0-4c1a-9dd3-f275c45d0698 ] Request (ImagesDeleteNegativeTestJSON:tearDownClass): 204 DELETE http://10.180.1.21/identity/v3/users/824403902ccc4d0481ac7d37624b38c8 0.380s
2025-02-09 03:56:10.512 64741 INFO tempest.lib.common.dynamic_creds [-] Deleting project and security group for project: 1ce7e1b9ac624e08af80dfc434537a6f
2025-02-09 03:56:10.567 64695 INFO tempest.lib.common.rest_client [req-52da0265-7a13-4252-9728-70ec22215fab req-52da0265-7a13-4252-9728-70ec22215fab ] Request (ServersWithSpecificFlavorTestJSON:test_verify_created_server_ephemeral_disk): 201 POST http://10.180.1.21/identity/v3/auth/tokens 0.321s
2025-02-09 03:56:10.568 64695 INFO tempest.lib.common.fixed_network [-] (ServersWithSpecificFlavorTestJSON:test_verify_created_server_ephemeral_disk) Found network {'id': '817ac289-5085-4dff-bafa-20a610745507', 'name': 'tempest-ServersWithSpecificFlavorTestJSON-1888096713-network', 'tenant_id': 'fa120f7003fc48008b10ac319b841758', 'admin_state_up': True, 'mtu': 8950, 'status': 'ACTIVE', 'subnets': [], 'shared': False, 'project_id': 'fa120f7003fc48008b10ac319b841758', 'port_security_enabled': True, 'router:external': False, 'provider:network_type': 'vlan', 'provider:physical_network': 'default', 'provider:segmentation_id': 258, 'availability_zone_hints': [], 'availability_zones': [], 'ipv4_address_scope': None, 'ipv6_address_scope': None, 'description': '', 'tags': [], 'created_at': '2025-02-09T03:55:46Z', 'updated_at': '2025-02-09T03:55:46Z', 'revision_number': 1} available for tenant
2025-02-09 03:56:10.570 64723 INFO tempest.lib.common.rest_client [req-e8c75a5f-efba-434f-8e96-d8526a323c67 req-e8c75a5f-efba-434f-8e96-d8526a323c67 ] Request (ImagesTestJSON:test_create_image_from_stopped_server): 200 GET http://10.180.1.21/compute/v2.1/servers/17da6524-eda0-4b27-8586-84c7f775f06b 1.775s
2025-02-09 03:56:10.580 64723 INFO tempest.common.waiters [-] State transition "BUILD/None" ==> "BUILD/spawning" after 13 second wait
2025-02-09 03:56:10.581 64705 INFO tempest.lib.common.rest_client [req-a0faedbb-7612-4f32-9970-c87917049b2d req-a0faedbb-7612-4f32-9970-c87917049b2d ] Request (HypervisorAdminV253TestBase:tearDownClass): 204 DELETE http://10.180.1.21/identity/v3/users/beef794b054e4639afae26e4cdb48d67 0.339s
2025-02-09 03:56:10.581 64705 INFO tempest.lib.common.dynamic_creds [-] Deleting project and security group for project: 2baad6cce52b46f4a29d8b872c70588b
2025-02-09 03:56:10.628 64699 INFO tempest.lib.common.rest_client [req-520e7cb2-6a6d-492f-8b4c-65b0c2103621 req-520e7cb2-6a6d-492f-8b4c-65b0c2103621 ] Request (ServersAdmin275Test:setUpClass): 201 POST http://10.180.1.21/identity/v3/auth/tokens 0.354s
2025-02-09 03:56:10.696 64707 INFO tempest.lib.common.rest_client [req-aacd9ad1-f8ff-4ab1-b5c2-5647a9eda71b req-aacd9ad1-f8ff-4ab1-b5c2-5647a9eda71b ] Request (FloatingIPDetailsTestJSON:setUpClass): 201 POST http://10.180.1.21/identity/v3/auth/tokens 0.328s
2025-02-09 03:56:10.715 64725 INFO tempest.lib.common.rest_client [req-35f82b1e-8152-4130-9d70-cbe4761dead4 req-35f82b1e-8152-4130-9d70-cbe4761dead4 ] Request (TenantUsagesTestJSON:setUpClass): 200 GET http://10.180.1.21/compute/v2.1/servers/8e8523e3-57ae-485b-bfd6-d87d834a378f 1.386s
2025-02-09 03:56:10.740 64689 INFO tempest.lib.common.rest_client [req-e6a10dbd-a84f-4db2-94b8-22a62e9e084b req-e6a10dbd-a84f-4db2-94b8-22a62e9e084b ] Request (FlavorsExtraSpecsNegativeTestJSON:tearDownClass): 204 DELETE http://10.180.1.21/identity/v3/users/9305f398dcce416b98d4ace655d4f24e 0.352s
2025-02-09 03:56:10.741 64689 INFO tempest.lib.common.dynamic_creds [-] Deleting project and security group for project: 38e47749fec14b139eec9230bc1e01c2
2025-02-09 03:56:10.758 64691 INFO tempest.lib.common.rest_client [req-ca24dcff-5d07-495a-b1e8-3539648d6655 req-ca24dcff-5d07-495a-b1e8-3539648d6655 ] Request (SecurityGroupsTestAdminJSON:_run_cleanups): 202 DELETE http://10.180.1.21/compute/v2.1/os-security-groups/228570e1-c10a-4f97-abfc-aa21e0406bff 1.702s
2025-02-09 03:56:10.798 64736 INFO tempest.lib.common.rest_client [req-55d61777-58d9-493f-a0e1-c217b9b94601 req-55d61777-58d9-493f-a0e1-c217b9b94601 ] Request (QuotasAdminTestJSON:test_delete_quota): 200 GET http://10.180.1.21/identity/v3/domains?name=Default 0.403s
2025-02-09 03:56:10.830 64713 INFO tempest.lib.common.rest_client [req-f47073e2-409d-4288-97d8-10774620a7fc req-f47073e2-409d-4288-97d8-10774620a7fc ] Request (InstanceUsageAuditLogTestJSON:setUpClass): 201 POST http://10.180.1.21/identity/v3/projects 0.350s
2025-02-09 03:56:10.893 64733 INFO tempest.lib.common.rest_client [req-509cabd8-a161-4229-8cce-7999dd22f6c4 req-509cabd8-a161-4229-8cce-7999dd22f6c4 ] Request (SecurityGroupRulesTestJSON:test_security_group_rules_delete_when_peer_group_deleted): 202 DELETE http://10.180.1.21/compute/v2.1/os-security-groups/8493ab0a-e1a7-44ef-b5a8-f7404323f400 1.294s
2025-02-09 03:56:10.894 64705 INFO tempest.lib.common.rest_client [req-1b6883d5-cdf8-40fc-9498-661a2cfab537 req-1b6883d5-cdf8-40fc-9498-661a2cfab537 ] Request (HypervisorAdminV253TestBase:tearDownClass): 201 POST http://10.180.1.21/identity/v3/auth/tokens 0.312s
2025-02-09 03:56:10.895 64741 INFO tempest.lib.common.rest_client [req-a1725d06-6ba9-4ae8-9038-ee83430093c5 req-a1725d06-6ba9-4ae8-9038-ee83430093c5 ] Request (ImagesDeleteNegativeTestJSON:tearDownClass): 201 POST http://10.180.1.21/identity/v3/auth/tokens 0.383s
2025-02-09 03:56:10.919 64699 INFO tempest.lib.common.rest_client [req-68f4a07a-9d42-4198-b0ec-af2473a2d401 req-68f4a07a-9d42-4198-b0ec-af2473a2d401 ] Request (ServersAdmin275Test:setUpClass): 201 POST http://10.180.1.21/identity/v3/auth/tokens 0.288s
2025-02-09 03:56:10.927 64689 INFO tempest.lib.common.rest_client [req-b37c7b17-2c16-4ec6-9879-61028273141d req-b37c7b17-2c16-4ec6-9879-61028273141d ] Request (FlavorsExtraSpecsNegativeTestJSON:tearDownClass): 201 POST http://10.180.1.21/identity/v3/auth/tokens 0.185s
2025-02-09 03:56:10.959 64713 INFO tempest.lib.common.rest_client [req-30352fdb-fcf2-4cc0-b90c-8a2d96191f70 req-30352fdb-fcf2-4cc0-b90c-8a2d96191f70 ] Request (InstanceUsageAuditLogTestJSON:setUpClass): 201 POST http://10.180.1.21/identity/v3/users 0.128s
2025-02-09 03:56:10.996 64691 INFO tempest.lib.common.rest_client [req-8b10b9aa-5bd6-4b83-a59b-dec5621aa24f req-8b10b9aa-5bd6-4b83-a59b-dec5621aa24f ] Request (SecurityGroupsTestAdminJSON:tearDownClass): 204 DELETE http://10.180.1.21/identity/v3/users/3b5cd7aa646e426da520584dc543e50f 0.230s
2025-02-09 03:56:11.015 64739 INFO tempest.lib.common.rest_client [req-f53c58e6-3902-4008-82f1-fc51fdc7b3cf req-f53c58e6-3902-4008-82f1-fc51fdc7b3cf ] Request (QuotasTestJSON:tearDownClass): 200 GET http://10.180.1.21:9696/networking/v2.0/security-groups?tenant_id=df96c9156e904dc39e3784adcbc757d9&name=default 0.703s
2025-02-09 03:56:11.081 64693 INFO tempest.lib.common.rest_client [req-a0ecf602-fd61-40d1-a3c6-4267d168936f req-a0ecf602-fd61-40d1-a3c6-4267d168936f ] Request (DeleteServersAdminTestJSON:test_admin_delete_servers_of_others): 200 GET http://10.180.1.21/compute/v2.1/servers/d7129bbd-bd24-436d-b999-1010b6e92032 1.279s
2025-02-09 03:56:11.108 64727 INFO tempest.lib.common.rest_client [req-b00465aa-5c69-4608-b13d-d6da16462efc req-b00465aa-5c69-4608-b13d-d6da16462efc ] Request (AggregatesAdminNegativeTestJSON:_run_cleanups): 200 DELETE http://10.180.1.21/compute/v2.1/os-aggregates/3 1.181s
2025-02-09 03:56:11.115 64699 INFO tempest.lib.common.rest_client [req-c7c285d5-5a97-4814-9141-a6a711de064e req-c7c285d5-5a97-4814-9141-a6a711de064e ] Request (ServersAdmin275Test:setUpClass): 200 GET http://10.180.1.21/identity/v3/domains?name=Default 0.196s
2025-02-09 03:56:11.137 64713 INFO tempest.lib.common.rest_client [req-a35cc98d-8312-4743-bc73-f54761db333b req-a35cc98d-8312-4743-bc73-f54761db333b ] Request (InstanceUsageAuditLogTestJSON:setUpClass): 200 GET http://10.180.1.21/identity/v3/roles 0.177s
2025-02-09 03:56:11.167 64699 INFO tempest.lib.common.rest_client [req-32ae02c6-2f95-42f8-98f5-b68a2de03cc7 req-32ae02c6-2f95-42f8-98f5-b68a2de03cc7 ] Request (ServersAdmin275Test:setUpClass): 201 POST http://10.180.1.21/identity/v3/projects 0.051s
2025-02-09 03:56:11.179 64691 INFO tempest.lib.common.rest_client [req-39c902ce-5b75-45fe-9005-eeb22bb7d684 req-39c902ce-5b75-45fe-9005-eeb22bb7d684 ] Request (SecurityGroupsTestAdminJSON:tearDownClass): 204 DELETE http://10.180.1.21/identity/v3/users/6dec583ed4a845aca07245e9a3d1703c 0.182s
2025-02-09 03:56:11.180 64691 INFO tempest.lib.common.dynamic_creds [-] Deleting project and security group for project: e5cdba031a464b19a83896559eabc116
