2025-02-09 03:56:27.999 64689 INFO tempest.lib.common.rest_client [req-588239dc-5a4a-4698-bb2f-5bb5290d13e8 req-588239dc-5a4a-4698-bb2f-5bb5290d13e8 ] Request (KeyPairsNegativeTestJSON:test_keypair_create_with_invalid_pub_key): 400 POST http://10.180.1.21/compute/v2.1/os-keypairs 1.044s
2025-02-09 03:56:28.036 64717 INFO tempest.lib.common.rest_client [req-3516b59e-d45f-45dd-b84c-1a569c3b1133 req-3516b59e-d45f-45dd-b84c-1a569c3b1133 ] Request (SecurityGroupRulesNegativeTestJSON:test_delete_security_group_rule_with_non_existent_id): 404 DELETE http://10.180.1.21/compute/v2.1/os-security-group-rules/1cd8c1c3-6794-456c-86e3-379393d9cd94 1.065s
2025-02-09 03:56:28.056 64711 INFO tempest.lib.common.rest_client [req-bd3488fe-cf1c-4051-b051-d065db98a70a req-bd3488fe-cf1c-4051-b051-d065db98a70a ] Request (ServerActionsV293TestJSON:setUpClass): 200 PUT http://10.180.1.21:9696/networking/v2.0/routers/30db9815-1aa9-492e-a1f2-fd49c7ca79db/add_router_interface 1.523s
2025-02-09 03:56:28.056 64711 INFO tempest.lib.common.dynamic_creds [-] Created isolated network resources for: credentials: Credentials: {'domain_id': 'default', 'domain_name': 'Default', 'username': 'tempest-ServerActionsV293TestJSON-828541457-project-member', 'project_domain_id': 'default', 'project_domain_name': 'Default', 'project_id': 'fbabbd4cdec445069e1b33043f46c6ec', 'project_name': 'tempest-ServerActionsV293TestJSON-828541457', 'tenant_id': 'fbabbd4cdec445069e1b33043f46c6ec', 'tenant_name': 'tempest-ServerActionsV293TestJSON-828541457', 'user_domain_id': 'default', 'user_domain_name': 'Default', 'user_id': '37ec37b4267242378ab9d76811037335', 'system': None}, Network: {'id': '5d75b5ef-8eb7-4fd2-ae9f-a075b0497cf3', 'name': 'tempest-ServerActionsV293TestJSON-1922546528-network', 'tenant_id': 'fbabbd4cdec445069e1b33043f46c6ec', 'admin_state_up': True, 'mtu': 8950, 'status': 'ACTIVE', 'subnets': [], 'shared': False, 'project_id': 'fbabbd4cdec445069e1b33043f46c6ec', 'port_security_enabled': True, 'router:external': False, 'provider:network_type': 'vlan', 'provider:physical_network': 'default', 'provider:segmentation_id': 53, 'availability_zone_hints': [], 'availability_zones': [], 'ipv4_address_scope': None, 'ipv6_address_scope': None, 'description': '', 'tags': [], 'created_at': '2025-02-09T03:56:24Z', 'updated_at': '2025-02-09T03:56:24Z', 'revision_number': 1}, Subnet: {'id': 'fa88fefe-28ed-48a4-97c5-59043b10463a', 'name': 'tempest-ServerActionsV293TestJSON-1922546528-subnet', 'tenant_id': 'fbabbd4cdec445069e1b33043f46c6ec', 'network_id': '5d75b5ef-8eb7-4fd2-ae9f-a075b0497cf3', 'ip_version': 4, 'subnetpool_id': None, 'enable_dhcp': True, 'ipv6_ra_mode': None, 'ipv6_address_mode': None, 'gateway_ip': '192.168.128.1', 'cidr': '192.168.128.0/28', 'allocation_pools': [{'start': '192.168.128.2', 'end': '192.168.128.14'}], 'host_routes': [], 'dns_nameservers': [], 'description': '', 'router:external': False, 'service_types': [], 'tags': [], 'created_at': '2025-02-09T03:56:24Z', 'updated_at': '2025-02-09T03:56:24Z', 'revision_number': 0, 'project_id': 'fbabbd4cdec445069e1b33043f46c6ec'}, Router: {'id': '30db9815-1aa9-492e-a1f2-fd49c7ca79db', 'name': 'tempest-ServerActionsV293TestJSON-1922546528-router', 'tenant_id': 'fbabbd4cdec445069e1b33043f46c6ec', 'admin_state_up': True, 'status': 'ACTIVE', 'external_gateway_info': {'network_id': '85e25fe6-a5a8-48f2-bb3e-9061e7d8b10b', 'external_fixed_ips': [{'subnet_id': 'e3b1fcc0-a51b-4269-a65a-d7b5187d7eb9', 'ip_address': '10.180.180.140'}], 'enable_snat': True}, 'description': '', 'availability_zones': [], 'distributed': False, 'ha': False, 'availability_zone_hints': [], 'routes': [], 'flavor_id': None, 'tags': [], 'created_at': '2025-02-09T03:56:24Z', 'updated_at': '2025-02-09T03:56:25Z', 'revision_number': 2, 'project_id': 'fbabbd4cdec445069e1b33043f46c6ec'}
2025-02-09 03:56:28.095 64729 INFO tempest.lib.common.rest_client [req-1b88d784-1b82-4b01-a359-3b3b68c3d659 req-1b88d784-1b82-4b01-a359-3b3b68c3d659 ] Request (HypervisorAdminNegativeUnderV252Test:tearDownClass): 204 DELETE http://10.180.1.21:9696/networking/v2.0/security-groups/e2cc13c2-156c-4aef-8baf-1c839adb29d5 0.403s
2025-02-09 03:56:28.100 64713 INFO tempest.lib.common.rest_client [req-6f2fd65c-4a67-45dc-a60b-6e54b64bb6bc req-6f2fd65c-4a67-45dc-a60b-6e54b64bb6bc ] Request (ServerTagsTestJSON:setUpClass): 201 POST http://10.180.1.21/identity/v3/auth/tokens 0.103s
2025-02-09 03:56:28.155 64711 INFO tempest.lib.common.rest_client [req-d0c49c98-d888-4b4f-945d-5bdbd72cc232 req-d0c49c98-d888-4b4f-945d-5bdbd72cc232 ] Request (ServerActionsV293TestJSON:setUpClass): 201 POST http://10.180.1.21/identity/v3/auth/tokens 0.096s
2025-02-09 03:56:28.212 64713 INFO tempest.lib.common.rest_client [req-d1524eca-3a1d-40eb-9d6d-77716f958e4e req-d1524eca-3a1d-40eb-9d6d-77716f958e4e ] Request (ServerTagsTestJSON:setUpClass): 201 POST http://10.180.1.21/identity/v3/auth/tokens 0.108s
2025-02-09 03:56:28.220 64729 INFO tempest.lib.common.rest_client [req-3ae97936-4b27-425c-9421-49284d7403de req-3ae97936-4b27-425c-9421-49284d7403de ] Request (HypervisorAdminNegativeUnderV252Test:tearDownClass): 204 DELETE http://10.180.1.21/identity/v3/projects/4c0909a7e2ac47d3acf605b3557ee005 0.124s
2025-02-09 03:56:28.220 64729 INFO tempest.lib.common.dynamic_creds [-] Deleting project and security group for project: 9dea2b4e14b34992bb19dd00078cd514
2025-02-09 03:56:28.231 64723 INFO tempest.lib.common.rest_client [req-aa36242c-5dd5-43f8-ab22-7e16a8d3dd5c req-aa36242c-5dd5-43f8-ab22-7e16a8d3dd5c ] Request (ImagesTestJSON:test_create_image_from_stopped_server): 200 GET http://10.180.1.21/compute/v2.1/servers/17da6524-eda0-4b27-8586-84c7f775f06b 1.269s
2025-02-09 03:56:28.239 64705 INFO tempest.lib.common.rest_client [req-c6b9234f-b47a-4043-85dc-2fac7076d668 req-c6b9234f-b47a-4043-85dc-2fac7076d668 ] Request (HypervisorAdminNegativeTestJSON:test_show_nonexistent_hypervisor): 404 GET http://10.180.1.21/compute/v2.1/os-hypervisors/26b5c97f-3a76-4340-8662-524d18de4f02 1.262s
2025-02-09 03:56:28.242 64723 INFO tempest.common.waiters [-] State transition "ACTIVE/powering-off" ==> "SHUTOFF/None" after 3 second wait
2025-02-09 03:56:28.256 64713 INFO tempest.lib.common.rest_client [req-3319850b-ade5-4401-9589-0571f3d2d11d req-3319850b-ade5-4401-9589-0571f3d2d11d ] Request (ServerTagsTestJSON:setUpClass): 200 GET http://10.180.1.21/identity/v3/domains?name=Default 0.043s
2025-02-09 03:56:28.268 64745 INFO tempest.lib.common.rest_client [req-a8086ca2-06d7-4be0-8cea-3dc4eccd3758 req-a8086ca2-06d7-4be0-8cea-3dc4eccd3758 ] Request (ServersTestBootFromVolume:setUpClass): 200 GET http://10.180.1.21/volume/v3/volumes/d3ad68dd-f595-4772-98b0-eb913d5ded1e 0.046s
2025-02-09 03:56:28.278 64745 INFO tempest.common.waiters [-] volume d3ad68dd-f595-4772-98b0-eb913d5ded1e reached available after waiting for 19.278710 seconds
2025-02-09 03:56:28.288 64727 INFO tempest.lib.common.rest_client [req-eed2a335-5e0d-40f0-8991-a4d200816b77 req-eed2a335-5e0d-40f0-8991-a4d200816b77 ] Request (AggregatesAdminNegativeTestJSON:test_aggregate_get_details_as_user): 200 POST http://10.180.1.21/compute/v2.1/os-aggregates 1.157s
2025-02-09 03:56:28.319 64713 INFO tempest.lib.common.rest_client [req-ecb62ef1-fb05-4373-9575-de22966f0740 req-ecb62ef1-fb05-4373-9575-de22966f0740 ] Request (ServerTagsTestJSON:setUpClass): 201 POST http://10.180.1.21/identity/v3/projects 0.063s
2025-02-09 03:56:28.397 64705 INFO tempest.lib.common.rest_client [req-45670042-42dc-4fc9-b81e-6458af94345b req-45670042-42dc-4fc9-b81e-6458af94345b ] Request (HypervisorAdminNegativeTestJSON:tearDownClass): 204 DELETE http://10.180.1.21/identity/v3/users/1d5a42694fae4ae39540f40830d7c0aa 0.157s
2025-02-09 03:56:28.464 64713 INFO tempest.lib.common.rest_client [req-61938c9d-95d5-4967-9dea-a723fc2f620c req-61938c9d-95d5-4967-9dea-a723fc2f620c ] Request (ServerTagsTestJSON:setUpClass): 201 POST http://10.180.1.21/identity/v3/users 0.144s
2025-02-09 03:56:28.475 64721 INFO tempest.lib.common.rest_client [req-75b45aca-0674-41ca-b35f-577137da4898 req-75b45aca-0674-41ca-b35f-577137da4898 ] Request (MigrationsAdminTest:test_list_migrations_in_flavor_resize_situation): 202 POST http://10.180.1.21/compute/v2.1/servers/8a8b5ca1-d551-4876-be84-e93404f98db9/action 1.504s
2025-02-09 03:56:28.501 64687 INFO tempest.lib.common.rest_client [req-c38365e1-4c8e-4b85-b6eb-b710a0fa8d08 req-c38365e1-4c8e-4b85-b6eb-b710a0fa8d08 ] Request (VolumesAssistedSnapshotsTest:test_volume_assisted_snapshot_create_delete): 200 GET http://10.180.1.21/compute/v2.1/servers/d3a28af1-a806-46cc-ada5-708c20e55265/os-interface 1.354s
2025-02-09 03:56:28.507 64705 INFO tempest.lib.common.rest_client [req-13a89208-7139-4503-acae-6090828e9bd4 req-13a89208-7139-4503-acae-6090828e9bd4 ] Request (HypervisorAdminNegativeTestJSON:tearDownClass): 204 DELETE http://10.180.1.21/identity/v3/users/cc70987536d7420b82f1fb51224c42a3 0.109s
2025-02-09 03:56:28.507 64705 INFO tempest.lib.common.dynamic_creds [-] Deleting project and security group for project: 5db37af19e1b4e71b55134a266deb30c
2025-02-09 03:56:28.567 64713 INFO tempest.lib.common.rest_client [req-dd91d3d3-65e8-46b8-a3dd-b7abbe4e7031 req-dd91d3d3-65e8-46b8-a3dd-b7abbe4e7031 ] Request (ServerTagsTestJSON:setUpClass): 200 GET http://10.180.1.21/identity/v3/roles 0.103s
2025-02-09 03:56:28.609 64729 INFO tempest.lib.common.rest_client [req-88e46a43-398e-47db-8de7-5f3e154b17d8 req-88e46a43-398e-47db-8de7-5f3e154b17d8 ] Request (HypervisorAdminNegativeUnderV252Test:tearDownClass): 200 GET http://10.180.1.21:9696/networking/v2.0/security-groups?tenant_id=9dea2b4e14b34992bb19dd00078cd514&name=default 0.388s
2025-02-09 03:56:28.618 64699 INFO tempest.lib.common.rest_client [req-a1457f62-94e1-4a0e-9b0a-4f3fe4130cd7 req-a1457f62-94e1-4a0e-9b0a-4f3fe4130cd7 ] Request (ServersAdmin275Test:test_rebuild_update_server_275): 200 GET http://10.180.1.21/compute/v2.1/servers/2c3b497a-2756-4f21-8882-a6734f88ad52 1.418s
2025-02-09 03:56:28.642 64699 INFO tempest.common.waiters [-] State transition "BUILD/None" ==> "BUILD/networking" after 10 second wait
2025-02-09 03:56:28.644 64705 INFO tempest.lib.common.rest_client [req-36933eac-329b-4b29-ba5d-cfbf4bb9b4bf req-36933eac-329b-4b29-ba5d-cfbf4bb9b4bf ] Request (HypervisorAdminNegativeTestJSON:tearDownClass): 201 POST http://10.180.1.21/identity/v3/auth/tokens 0.136s
2025-02-09 03:56:28.728 64713 INFO tempest.lib.common.rest_client [req-b1d681f8-154d-4351-86fe-c4769c178fa2 req-b1d681f8-154d-4351-86fe-c4769c178fa2 ] Request (ServerTagsTestJSON:setUpClass): 204 PUT http://10.180.1.21/identity/v3/projects/003b36642bd64758a5bfcab7f11575c8/users/0a59ab208fcb43dbb0e546ca947e9cae/roles/c48da2a63f284efda1854beac08e4843 0.160s
2025-02-09 03:56:28.729 64713 INFO tempest.lib.common.dynamic_creds [-] Dynamic test user 0a59ab208fcb43dbb0e546ca947e9cae is created with scope project and roles: ['member']
2025-02-09 03:56:28.729 64713 INFO tempest.lib.common.dynamic_creds [-] Acquired dynamic creds: credentials: Credentials: {'domain_id': 'default', 'domain_name': 'Default', 'username': 'tempest-ServerTagsTestJSON-1809436447-project-member', 'project_domain_id': 'default', 'project_domain_name': 'Default', 'project_id': '003b36642bd64758a5bfcab7f11575c8', 'project_name': 'tempest-ServerTagsTestJSON-1809436447', 'tenant_id': '003b36642bd64758a5bfcab7f11575c8', 'tenant_name': 'tempest-ServerTagsTestJSON-1809436447', 'user_domain_id': 'default', 'user_domain_name': 'Default', 'user_id': '0a59ab208fcb43dbb0e546ca947e9cae', 'system': None}, Network: None, Subnet: None, Router: None
2025-02-09 03:56:28.754 64693 INFO tempest.lib.common.rest_client [req-6610a8af-08bf-40de-85d8-bdaf677c5653 req-6610a8af-08bf-40de-85d8-bdaf677c5653 ] Request (DeleteServersAdminTestJSON:test_admin_delete_servers_of_others): 200 GET http://10.180.1.21/compute/v2.1/servers/d7129bbd-bd24-436d-b999-1010b6e92032 1.488s
2025-02-09 03:56:28.773 64703 INFO tempest.lib.common.rest_client [req-f5aa06d4-8a0b-43e4-8647-089ec6ec0da8 req-f5aa06d4-8a0b-43e4-8647-089ec6ec0da8 ] Request (VolumesAdminNegativeTest:test_update_attached_volume_with_nonexistent_volume_in_body): 200 POST http://10.180.1.21/compute/v2.1/os-keypairs 1.610s
2025-02-09 03:56:28.861 64725 INFO tempest.lib.common.rest_client [req-83b389fc-60ba-403e-8d36-44c9f5c3f4b2 req-83b389fc-60ba-403e-8d36-44c9f5c3f4b2 ] Request (TenantUsagesTestJSON:tearDownClass): 200 GET http://10.180.1.21/compute/v2.1/servers/8e8523e3-57ae-485b-bfd6-d87d834a378f 1.587s
2025-02-09 03:56:28.872 64725 INFO tempest.common.waiters [-] State transition "ACTIVE/deleting" ==> "DELETED/None" after 5 second wait
2025-02-09 03:56:28.874 64713 INFO tempest.lib.common.rest_client [req-8c475e8c-a200-44c4-97f5-d9459df7b2fd req-8c475e8c-a200-44c4-97f5-d9459df7b2fd ] Request (ServerTagsTestJSON:setUpClass): 201 POST http://10.180.1.21/identity/v3/auth/tokens 0.145s
2025-02-09 03:56:28.883 64741 INFO tempest.lib.common.rest_client [req-1b5fa5c5-8b5c-4b49-b68a-75d64e0fed23 req-1b5fa5c5-8b5c-4b49-b68a-75d64e0fed23 ] Request (ListServerFiltersTestJSON:setUpClass): 200 GET http://10.180.1.21/compute/v2.1/servers/71830083-d5ae-478a-bedb-ec1f3a642b5c 1.516s
2025-02-09 03:56:28.967 64715 INFO tempest.lib.common.rest_client [req-ed91105f-34ae-4933-8128-7acef6289467 req-ed91105f-34ae-4933-8128-7acef6289467 ] Request (DeleteServersTestJSON:test_delete_active_server): 200 GET http://10.180.1.21/compute/v2.1/servers/9f1a15ad-c20f-403f-a84b-29ab614fc77f 1.466s
2025-02-09 03:56:29.018 64691 INFO tempest.lib.common.rest_client [req-cb59d266-836c-4837-80b3-61e13e472292 req-cb59d266-836c-4837-80b3-61e13e472292 ] Request (KeyPairsV22TestJSON:test_keypairs_create_list_delete): 201 POST http://10.180.1.21/compute/v2.1/os-keypairs 1.319s
2025-02-09 03:56:29.044 64731 INFO tempest.lib.common.rest_client [req-74230790-2200-4396-852f-e22b7637ef25 req-74230790-2200-4396-852f-e22b7637ef25 ] Request (FlavorsAdminTestJSON:_run_cleanups): 202 DELETE http://10.180.1.21/compute/v2.1/flavors/105110119 1.337s
2025-02-09 03:56:29.076 64729 INFO tempest.lib.common.rest_client [req-7a8426da-5334-4147-a576-3eb4b2128410 req-7a8426da-5334-4147-a576-3eb4b2128410 ] Request (HypervisorAdminNegativeUnderV252Test:tearDownClass): 204 DELETE http://10.180.1.21:9696/networking/v2.0/security-groups/329db7da-c1fd-47f7-bb8d-b03bf5dd9a82 0.467s
2025-02-09 03:56:29.157 64703 INFO tempest.lib.common.rest_client [req-6879d0fb-9ae3-4974-89a2-afb80b62994e req-6879d0fb-9ae3-4974-89a2-afb80b62994e ] Request (VolumesAdminNegativeTest:test_update_attached_volume_with_nonexistent_volume_in_body): 201 POST http://10.180.1.21:9696/networking/v2.0/security-groups 0.382s
2025-02-09 03:56:29.173 64729 INFO tempest.lib.common.rest_client [req-57907be8-b1bb-402f-8f9c-99436c6286eb req-57907be8-b1bb-402f-8f9c-99436c6286eb ] Request (HypervisorAdminNegativeUnderV252Test:tearDownClass): 204 DELETE http://10.180.1.21/identity/v3/projects/9dea2b4e14b34992bb19dd00078cd514 0.096s
2025-02-09 03:56:29.233 64729 INFO tempest.lib.common.rest_client [req-35e7d7c7-7d38-47d4-906f-b88884ca989d req-35e7d7c7-7d38-47d4-906f-b88884ca989d ] Request (AttachInterfacesV270Test:setUpClass): 201 POST http://10.180.1.21/identity/v3/auth/tokens 0.058s
2025-02-09 03:56:29.260 64729 INFO tempest.lib.common.rest_client [req-88d1fc91-3377-4be0-bf38-3f6ec1e748a0 req-88d1fc91-3377-4be0-bf38-3f6ec1e748a0 ] Request (AttachInterfacesV270Test:setUpClass): 201 POST http://10.180.1.21/identity/v3/auth/tokens 0.024s
2025-02-09 03:56:29.281 64729 INFO tempest.lib.common.rest_client [req-5c5ab02d-b985-41b5-9a9b-3fc60c53f177 req-5c5ab02d-b985-41b5-9a9b-3fc60c53f177 ] Request (AttachInterfacesV270Test:setUpClass): 200 GET http://10.180.1.21/identity/v3/domains?name=Default 0.021s
2025-02-09 03:56:29.287 64705 INFO tempest.lib.common.rest_client [req-abe9c014-86c5-4494-be03-7ae187ce4151 req-abe9c014-86c5-4494-be03-7ae187ce4151 ] Request (HypervisorAdminNegativeTestJSON:tearDownClass): 200 GET http://10.180.1.21:9696/networking/v2.0/security-groups?tenant_id=5db37af19e1b4e71b55134a266deb30c&name=default 0.643s
2025-02-09 03:56:29.309 64729 INFO tempest.lib.common.rest_client [req-3e74ee4f-d866-4f63-a320-abb14ceb93de req-3e74ee4f-d866-4f63-a320-abb14ceb93de ] Request (AttachInterfacesV270Test:setUpClass): 201 POST http://10.180.1.21/identity/v3/projects 0.027s
2025-02-09 03:56:29.348 64747 INFO tempest.lib.common.rest_client [req-6d82b108-1f71-415b-9197-b94e7aade784 req-6d82b108-1f71-415b-9197-b94e7aade784 ] Request (ComputeTenantNetworksTest:test_list_show_tenant_networks): 200 GET http://10.180.1.21/compute/v2.1/os-tenant-networks 1.588s
2025-02-09 03:56:29.365 64729 INFO tempest.lib.common.rest_client [req-cc3f05a3-4a4c-4a8a-b0fd-f3fb863720ed req-cc3f05a3-4a4c-4a8a-b0fd-f3fb863720ed ] Request (AttachInterfacesV270Test:setUpClass): 201 POST http://10.180.1.21/identity/v3/users 0.056s
2025-02-09 03:56:29.393 64729 INFO tempest.lib.common.rest_client [req-85b98631-1f3f-4024-9212-399833d0a99d req-85b98631-1f3f-4024-9212-399833d0a99d ] Request (AttachInterfacesV270Test:setUpClass): 200 GET http://10.180.1.21/identity/v3/roles 0.027s
2025-02-09 03:56:29.430 64729 INFO tempest.lib.common.rest_client [req-ba50216b-7ab3-4d09-88f8-548e891ed88d req-ba50216b-7ab3-4d09-88f8-548e891ed88d ] Request (AttachInterfacesV270Test:setUpClass): 204 PUT http://10.180.1.21/identity/v3/projects/0607ccd12bd54c179b832c419bf25f6e/users/f0408c7bfad24d8384c32d47e80a934a/roles/c48da2a63f284efda1854beac08e4843 0.037s
2025-02-09 03:56:29.431 64729 INFO tempest.lib.common.dynamic_creds [-] Dynamic test user f0408c7bfad24d8384c32d47e80a934a is created with scope project and roles: ['member']
2025-02-09 03:56:29.431 64729 INFO tempest.lib.common.dynamic_creds [-] Acquired dynamic creds: credentials: Credentials: {'domain_id': 'default', 'domain_name': 'Default', 'username': 'tempest-AttachInterfacesV270Test-993245988-project-member', 'project_domain_id': 'default', 'project_domain_name': 'Default', 'project_id': '0607ccd12bd54c179b832c419bf25f6e', 'project_name': 'tempest-AttachInterfacesV270Test-993245988', 'tenant_id': '0607ccd12bd54c179b832c419bf25f6e', 'tenant_name': 'tempest-AttachInterfacesV270Test-993245988', 'user_domain_id': 'default', 'user_domain_name': 'Default', 'user_id': 'f0408c7bfad24d8384c32d47e80a934a', 'system': None}, Network: None, Subnet: None, Router: None
2025-02-09 03:56:29.494 64729 INFO tempest.lib.common.rest_client [req-84bea872-3c88-45e6-8998-75e50143616d req-84bea872-3c88-45e6-8998-75e50143616d ] Request (AttachInterfacesV270Test:setUpClass): 201 POST http://10.180.1.21/identity/v3/auth/tokens 0.063s
2025-02-09 03:56:29.618 64703 INFO tempest.lib.common.rest_client [req-d3a192d0-e14d-481d-8a31-c9dec36050c1 req-d3a192d0-e14d-481d-8a31-c9dec36050c1 ] Request (VolumesAdminNegativeTest:test_update_attached_volume_with_nonexistent_volume_in_body): 201 POST http://10.180.1.21:9696/networking/v2.0/security-group-rules 0.460s
2025-02-09 03:56:29.752 64705 INFO tempest.lib.common.rest_client [req-9d8d2f93-4745-4a45-94be-bb2ac76deaac req-9d8d2f93-4745-4a45-94be-bb2ac76deaac ] Request (HypervisorAdminNegativeTestJSON:tearDownClass): 204 DELETE http://10.180.1.21:9696/networking/v2.0/security-groups/0189ee0c-800e-459d-80f1-28f68afdaaa6 0.464s
2025-02-09 03:56:29.754 64713 INFO tempest.lib.common.rest_client [req-c60005d0-4952-4925-82a3-b20df742aa7e req-c60005d0-4952-4925-82a3-b20df742aa7e ] Request (ServerTagsTestJSON:setUpClass): 201 POST http://10.180.1.21:9696/networking/v2.0/networks 0.878s
2025-02-09 03:56:29.786 64733 INFO tempest.lib.common.rest_client [req-ae8ffed3-2b45-4dda-a92b-08daa1a6367c req-ae8ffed3-2b45-4dda-a92b-08daa1a6367c ] Request (SecurityGroupRulesTestJSON:tearDownClass): 202 DELETE http://10.180.1.21/compute/v2.1/os-security-groups/22b49d7a-cd5d-435b-8380-6342bc1a8292 1.971s
2025-02-09 03:56:29.813 64719 INFO tempest.lib.common.rest_client [req-d879fb34-00de-4049-a649-264947615abd req-d879fb34-00de-4049-a649-264947615abd ] Request (ServicesAdminNegativeV253TestJSON:test_get_service_with_valid_service_and_invalid_host): 200 GET http://10.180.1.21/compute/v2.1/os-services?host=xxx&binary=nova-scheduler 1.971s
2025-02-09 03:56:29.835 64685 INFO tempest.lib.common.rest_client [req-e0039945-bfb6-4e83-a980-f678e87b194d req-e0039945-bfb6-4e83-a980-f678e87b194d ] Request (FlavorsAccessNegativeTestJSON:_run_cleanups): 202 DELETE http://10.180.1.21/compute/v2.1/flavors/661864563 1.979s
2025-02-09 03:56:29.857 64705 INFO tempest.lib.common.rest_client [req-31698afe-0998-4f60-b157-18ccb368e265 req-31698afe-0998-4f60-b157-18ccb368e265 ] Request (HypervisorAdminNegativeTestJSON:tearDownClass): 204 DELETE http://10.180.1.21/identity/v3/projects/5db37af19e1b4e71b55134a266deb30c 0.105s
2025-02-09 03:56:29.858 64705 INFO tempest.lib.common.dynamic_creds [-] Deleting project and security group for project: 9f94376e9a814aceadcf200529ef0a25
2025-02-09 03:56:29.960 64703 INFO tempest.lib.common.rest_client [req-72319b0b-4983-4a98-85c9-59048c8c2c1f req-72319b0b-4983-4a98-85c9-59048c8c2c1f ] Request (VolumesAdminNegativeTest:test_update_attached_volume_with_nonexistent_volume_in_body): 201 POST http://10.180.1.21:9696/networking/v2.0/security-group-rules 0.342s
2025-02-09 03:56:29.963 64697 INFO tempest.lib.common.rest_client [req-1b32f379-bb23-4924-87e8-a808ab2250cc req-1b32f379-bb23-4924-87e8-a808ab2250cc ] Request (FloatingIPsTestJSON:tearDownClass): 200 PUT http://10.180.1.21:9696/networking/v2.0/routers/acf4d8a1-d802-4036-89dc-55b504c79544/remove_router_interface 2.327s
2025-02-09 03:56:30.096 64705 INFO tempest.lib.common.rest_client [req-01c12635-81d1-4e9f-88df-d71a6e86735c req-01c12635-81d1-4e9f-88df-d71a6e86735c ] Request (HypervisorAdminNegativeTestJSON:tearDownClass): 200 GET http://10.180.1.21:9696/networking/v2.0/security-groups?tenant_id=9f94376e9a814aceadcf200529ef0a25&name=default 0.238s
2025-02-09 03:56:30.112 64736 INFO tempest.lib.common.rest_client [req-d7e757c2-0de8-4456-b0d6-a99639bb82f7 req-d7e757c2-0de8-4456-b0d6-a99639bb82f7 ] Request (QuotasAdminTestJSON:test_update_all_quota_resources_for_tenant): 200 PUT http://10.180.1.21/compute/v2.1/os-quota-sets/f0f0de8705104a998e846d08e090b13f 2.163s
2025-02-09 03:56:30.175 64707 INFO tempest.lib.common.rest_client [req-b4d7b7c3-8fac-4de4-b6bc-28ce6ee50b55 req-b4d7b7c3-8fac-4de4-b6bc-28ce6ee50b55 ] Request (FloatingIPDetailsTestJSON:tearDownClass): 202 DELETE http://10.180.1.21/compute/v2.1/os-floating-ips/7f627921-20ba-4ed4-913b-6a31520a4b6f 2.585s
2025-02-09 03:56:30.180 64729 INFO tempest.lib.common.rest_client [req-4eed585a-4c41-4612-a0fe-1287bf689c0d req-4eed585a-4c41-4612-a0fe-1287bf689c0d ] Request (AttachInterfacesV270Test:setUpClass): 201 POST http://10.180.1.21:9696/networking/v2.0/networks 0.685s
2025-02-09 03:56:30.194 64689 INFO tempest.lib.common.rest_client [req-ca9afb41-0a7f-4e49-9012-5f2e8dd3f535 req-ca9afb41-0a7f-4e49-9012-5f2e8dd3f535 ] Request (KeyPairsNegativeTestJSON:test_keypair_delete_nonexistent_key): 404 DELETE http://10.180.1.21/compute/v2.1/os-keypairs/tempest-keypair-non-existent-1735961425 2.193s
2025-02-09 03:56:30.209 64713 INFO tempest.lib.common.rest_client [req-5f4b2798-86ed-4c9c-86c5-26a022c6c359 req-5f4b2798-86ed-4c9c-86c5-26a022c6c359 ] Request (ServerTagsTestJSON:setUpClass): 201 POST http://10.180.1.21:9696/networking/v2.0/subnets 0.454s
2025-02-09 03:56:30.272 64687 INFO tempest.lib.common.rest_client [req-d4e545b5-ab62-4d67-a515-6152a7bb2e74 req-d4e545b5-ab62-4d67-a515-6152a7bb2e74 ] Request (VolumesAssistedSnapshotsTest:test_volume_assisted_snapshot_create_delete): 200 PUT http://10.180.1.21:9696/networking/v2.0/floatingips/85ab19c8-5dc1-424f-b0a8-db75cc91c415 1.769s
2025-02-09 03:56:30.275 64687 INFO tempest.lib.common.ssh [-] Creating ssh connection to '10.180.180.235:22' as 'cirros' with public key authentication
2025-02-09 03:56:30.334 64689 INFO tempest.lib.common.rest_client [req-c991e3fd-7180-4012-8ddf-e2845552a20b req-c991e3fd-7180-4012-8ddf-e2845552a20b ] Request (KeyPairsNegativeTestJSON:tearDownClass): 204 DELETE http://10.180.1.21/identity/v3/users/15add13b2ee248b1a634dd04a45a87ca 0.137s
2025-02-09 03:56:30.335 64689 INFO tempest.lib.common.dynamic_creds [-] Deleting project and security group for project: 5792c5bae56b44488652acfd78e22e47
2025-02-09 03:56:30.373 64705 INFO tempest.lib.common.rest_client [req-d55a77b7-e7f0-498d-b459-bcff058393d8 req-d55a77b7-e7f0-498d-b459-bcff058393d8 ] Request (HypervisorAdminNegativeTestJSON:tearDownClass): 204 DELETE http://10.180.1.21:9696/networking/v2.0/security-groups/1321876f-11e3-4917-999d-f23a9eb6d773 0.275s
2025-02-09 03:56:30.396 64689 INFO tempest.lib.common.rest_client [req-ecb56205-d58d-45e2-bba8-1d4d14b7a55f req-ecb56205-d58d-45e2-bba8-1d4d14b7a55f ] Request (KeyPairsNegativeTestJSON:tearDownClass): 201 POST http://10.180.1.21/identity/v3/auth/tokens 0.061s
2025-02-09 03:56:30.454 64717 INFO tempest.lib.common.rest_client [req-82bb85a5-3dd0-4b9e-b42e-2795b118ebf3 req-82bb85a5-3dd0-4b9e-b42e-2795b118ebf3 ] Request (SecurityGroupRulesNegativeTestJSON:tearDownClass): 202 DELETE http://10.180.1.21/compute/v2.1/os-security-groups/5e341faf-4758-44e8-a82a-68a2cfc63119 2.417s
2025-02-09 03:56:30.504 64737 INFO tempest.lib.common.rest_client [req-d911e637-05cc-45c6-95b9-98dc02331100 req-d911e637-05cc-45c6-95b9-98dc02331100 ] Request (ServerRescueNegativeTestJSON:setUpClass): 200 GET http://10.180.1.21/compute/v2.1/servers/70a96b3c-f4bc-4b4a-be00-ffb969da1814 2.550s
2025-02-09 03:56:30.512 64705 INFO tempest.lib.common.rest_client [req-b15bb596-78eb-4ca2-9e24-22e628701dfb req-b15bb596-78eb-4ca2-9e24-22e628701dfb ] Request (HypervisorAdminNegativeTestJSON:tearDownClass): 204 DELETE http://10.180.1.21/identity/v3/projects/9f94376e9a814aceadcf200529ef0a25 0.139s
2025-02-09 03:56:30.558 64729 INFO tempest.lib.common.rest_client [req-3786dd5d-5eab-4f1c-8541-6ab3df7e1f7a req-3786dd5d-5eab-4f1c-8541-6ab3df7e1f7a ] Request (AttachInterfacesV270Test:setUpClass): 201 POST http://10.180.1.21:9696/networking/v2.0/subnets 0.378s
2025-02-09 03:56:30.600 64705 INFO tempest.lib.common.rest_client [req-d7c07371-81d0-4777-a443-b72837abeeb3 req-d7c07371-81d0-4777-a443-b72837abeeb3 ] Request (ServerDiagnosticsNegativeTest:setUpClass): 201 POST http://10.180.1.21/identity/v3/auth/tokens 0.086s
2025-02-09 03:56:30.661 64705 INFO tempest.lib.common.rest_client [req-28571383-f277-4abc-9a39-3da2c32a9a76 req-28571383-f277-4abc-9a39-3da2c32a9a76 ] Request (ServerDiagnosticsNegativeTest:setUpClass): 201 POST http://10.180.1.21/identity/v3/auth/tokens 0.058s
2025-02-09 03:56:30.693 64711 INFO tempest.lib.common.rest_client [req-9bee1a13-a4b9-44b7-85ac-3be5e37cd53b req-9bee1a13-a4b9-44b7-85ac-3be5e37cd53b ] Request (ServerActionsV293TestJSON:setUpClass): 201 POST http://10.180.1.21/compute/v2.1/os-keypairs 2.536s
2025-02-09 03:56:30.694 64705 INFO tempest.lib.common.rest_client [req-7a06e644-ff64-4736-b11c-f88a0e62089e req-7a06e644-ff64-4736-b11c-f88a0e62089e ] Request (ServerDiagnosticsNegativeTest:setUpClass): 200 GET http://10.180.1.21/identity/v3/domains?name=Default 0.032s
2025-02-09 03:56:30.730 64705 INFO tempest.lib.common.rest_client [req-8c0d4545-5338-433d-bfe9-b35375dcb6c7 req-8c0d4545-5338-433d-bfe9-b35375dcb6c7 ] Request (ServerDiagnosticsNegativeTest:setUpClass): 201 POST http://10.180.1.21/identity/v3/projects 0.035s
2025-02-09 03:56:30.796 64689 INFO tempest.lib.common.rest_client [req-6295ec8e-b1e2-4c7a-b494-31d6e34121f2 req-6295ec8e-b1e2-4c7a-b494-31d6e34121f2 ] Request (KeyPairsNegativeTestJSON:tearDownClass): 200 GET http://10.180.1.21:9696/networking/v2.0/security-groups?tenant_id=5792c5bae56b44488652acfd78e22e47&name=default 0.399s
2025-02-09 03:56:30.803 64705 INFO tempest.lib.common.rest_client [req-f84fa517-5b31-4534-b8cf-bad9a71d05a4 req-f84fa517-5b31-4534-b8cf-bad9a71d05a4 ] Request (ServerDiagnosticsNegativeTest:setUpClass): 201 POST http://10.180.1.21/identity/v3/users 0.072s
2025-02-09 03:56:30.829 64705 INFO tempest.lib.common.rest_client [req-1731f79b-b686-4caf-b08d-86fd8b7f3792 req-1731f79b-b686-4caf-b08d-86fd8b7f3792 ] Request (ServerDiagnosticsNegativeTest:setUpClass): 200 GET http://10.180.1.21/identity/v3/roles 0.025s
2025-02-09 03:56:30.870 64705 INFO tempest.lib.common.rest_client [req-55b020b3-17a7-4f46-8194-b841e8733d01 req-55b020b3-17a7-4f46-8194-b841e8733d01 ] Request (ServerDiagnosticsNegativeTest:setUpClass): 204 PUT http://10.180.1.21/identity/v3/projects/d48d17d60ae541de8b982015a59827a6/users/64928101048942a5b4e83b8fab899137/roles/c48da2a63f284efda1854beac08e4843 0.041s
2025-02-09 03:56:30.870 64705 INFO tempest.lib.common.dynamic_creds [-] Dynamic test user 64928101048942a5b4e83b8fab899137 is created with scope project and roles: ['member']
2025-02-09 03:56:30.871 64705 INFO tempest.lib.common.dynamic_creds [-] Acquired dynamic creds: credentials: Credentials: {'domain_id': 'default', 'domain_name': 'Default', 'username': 'tempest-ServerDiagnosticsNegativeTest-1501439372-project-member', 'project_domain_id': 'default', 'project_domain_name': 'Default', 'project_id': 'd48d17d60ae541de8b982015a59827a6', 'project_name': 'tempest-ServerDiagnosticsNegativeTest-1501439372', 'tenant_id': 'd48d17d60ae541de8b982015a59827a6', 'tenant_name': 'tempest-ServerDiagnosticsNegativeTest-1501439372', 'user_domain_id': 'default', 'user_domain_name': 'Default', 'user_id': '64928101048942a5b4e83b8fab899137', 'system': None}, Network: None, Subnet: None, Router: None
2025-02-09 03:56:30.871 64705 INFO tempest.lib.common.dynamic_creds [-] Created isolated network resources for: credentials: Credentials: {'domain_id': 'default', 'domain_name': 'Default', 'username': 'tempest-ServerDiagnosticsNegativeTest-1501439372-project-member', 'project_domain_id': 'default', 'project_domain_name': 'Default', 'project_id': 'd48d17d60ae541de8b982015a59827a6', 'project_name': 'tempest-ServerDiagnosticsNegativeTest-1501439372', 'tenant_id': 'd48d17d60ae541de8b982015a59827a6', 'tenant_name': 'tempest-ServerDiagnosticsNegativeTest-1501439372', 'user_domain_id': 'default', 'user_domain_name': 'Default', 'user_id': '64928101048942a5b4e83b8fab899137', 'system': None}, Network: None, Subnet: None, Router: None
2025-02-09 03:56:30.928 64697 INFO tempest.lib.common.rest_client [req-e96c95a3-da31-4c8d-aa6a-ed16f3e8379e req-e96c95a3-da31-4c8d-aa6a-ed16f3e8379e ] Request (FloatingIPsTestJSON:tearDownClass): 204 DELETE http://10.180.1.21:9696/networking/v2.0/routers/acf4d8a1-d802-4036-89dc-55b504c79544 0.964s
2025-02-09 03:56:30.968 64705 INFO tempest.lib.common.rest_client [req-12331b56-3b63-4286-a7bb-899f621861f4 req-12331b56-3b63-4286-a7bb-899f621861f4 ] Request (ServerDiagnosticsNegativeTest:setUpClass): 201 POST http://10.180.1.21/identity/v3/auth/tokens 0.093s
2025-02-09 03:56:31.072 64705 INFO tempest.lib.common.rest_client [req-91fddd99-b899-49c4-b146-de14cbd0f19c req-91fddd99-b899-49c4-b146-de14cbd0f19c ] Request (ServerDiagnosticsNegativeTest:setUpClass): 201 POST http://10.180.1.21/identity/v3/projects 0.103s
2025-02-09 03:56:31.084 64723 INFO tempest.lib.common.rest_client [req-16ab0059-223f-45fb-8ddc-8f5abb8942e1 req-16ab0059-223f-45fb-8ddc-8f5abb8942e1 ] Request (ImagesTestJSON:test_create_image_from_stopped_server): 202 POST http://10.180.1.21/compute/v2.1/servers/17da6524-eda0-4b27-8586-84c7f775f06b/action 2.841s
2025-02-09 03:56:31.090 64727 INFO tempest.lib.common.rest_client [req-f0082e20-ef7c-421e-afaf-a816bfdcb1af req-f0082e20-ef7c-421e-afaf-a816bfdcb1af ] Request (AggregatesAdminNegativeTestJSON:test_aggregate_get_details_as_user): 403 GET http://10.180.1.21/compute/v2.1/os-aggregates/6 2.800s
2025-02-09 03:56:31.155 64705 INFO tempest.lib.common.rest_client [req-9fe1aae8-1569-484a-8e2e-bbefe5acce25 req-9fe1aae8-1569-484a-8e2e-bbefe5acce25 ] Request (ServerDiagnosticsNegativeTest:setUpClass): 201 POST http://10.180.1.21/identity/v3/users 0.082s
2025-02-09 03:56:31.177 64689 INFO tempest.lib.common.rest_client [req-612dec02-fce9-47b5-ada6-77efd218ac1e req-612dec02-fce9-47b5-ada6-77efd218ac1e ] Request (KeyPairsNegativeTestJSON:tearDownClass): 204 DELETE http://10.180.1.21:9696/networking/v2.0/security-groups/0e959921-f812-4c78-850e-37463ec2b6b3 0.380s
2025-02-09 03:56:31.179 64711 INFO tempest.lib.common.rest_client [req-f4187505-c455-4dd4-9d28-7d097ad46310 req-f4187505-c455-4dd4-9d28-7d097ad46310 ] Request (ServerActionsV293TestJSON:setUpClass): 201 POST http://10.180.1.21:9696/networking/v2.0/security-groups 0.484s
2025-02-09 03:56:31.181 64705 INFO tempest.lib.common.rest_client [req-e4905785-d846-42a3-b752-96e7be30e4c1 req-e4905785-d846-42a3-b752-96e7be30e4c1 ] Request (ServerDiagnosticsNegativeTest:setUpClass): 200 GET http://10.180.1.21/identity/v3/roles 0.025s
2025-02-09 03:56:31.213 64705 INFO tempest.lib.common.rest_client [req-034c2571-d01c-46cf-b229-a774ded841a6 req-034c2571-d01c-46cf-b229-a774ded841a6 ] Request (ServerDiagnosticsNegativeTest:setUpClass): 204 PUT http://10.180.1.21/identity/v3/projects/36237f2e78dc42f885ca0187548a846a/users/9b28870cbf5b457a9a1e5a152e7760c1/roles/290a7ffd342446678dd03c80e572dd8a 0.032s
2025-02-09 03:56:31.261 64703 INFO tempest.lib.common.rest_client [req-ff63614f-b290-4936-9a24-883437931f10 req-ff63614f-b290-4936-9a24-883437931f10 ] Request (VolumesAdminNegativeTest:test_update_attached_volume_with_nonexistent_volume_in_body): 201 POST http://10.180.1.21:9696/networking/v2.0/floatingips 1.300s
2025-02-09 03:56:31.266 64689 INFO tempest.lib.common.rest_client [req-6333630f-8ab5-4b04-b1cb-ec41d4ac3190 req-6333630f-8ab5-4b04-b1cb-ec41d4ac3190 ] Request (KeyPairsNegativeTestJSON:tearDownClass): 204 DELETE http://10.180.1.21/identity/v3/projects/5792c5bae56b44488652acfd78e22e47 0.088s
2025-02-09 03:56:31.316 64705 INFO tempest.lib.common.rest_client [req-2731097b-7bcf-4016-a745-28c0980c27f2 req-2731097b-7bcf-4016-a745-28c0980c27f2 ] Request (ServerDiagnosticsNegativeTest:setUpClass): 200 GET http://10.180.1.21/identity/v3/roles 0.102s
2025-02-09 03:56:31.324 64703 INFO tempest.lib.common.rest_client [req-8cb203d3-3d40-4a16-b369-280f8cfee381 req-8cb203d3-3d40-4a16-b369-280f8cfee381 ] Request (VolumesAdminNegativeTest:test_update_attached_volume_with_nonexistent_volume_in_body): 201 POST http://10.180.1.21/identity/v3/auth/tokens 0.060s
2025-02-09 03:56:31.324 64703 INFO tempest.lib.common.fixed_network [-] (VolumesAdminNegativeTest:test_update_attached_volume_with_nonexistent_volume_in_body) Found network {'id': '0467d18e-2674-430b-b7f6-60dba35afd74', 'name': 'tempest-VolumesAdminNegativeTest-684611345-network', 'tenant_id': 'fb165bf1bcf44a74afc57ba991fb5262', 'admin_state_up': True, 'mtu': 8950, 'status': 'ACTIVE', 'subnets': [], 'shared': False, 'project_id': 'fb165bf1bcf44a74afc57ba991fb5262', 'port_security_enabled': True, 'router:external': False, 'provider:network_type': 'vlan', 'provider:physical_network': 'default', 'provider:segmentation_id': 847, 'availability_zone_hints': [], 'availability_zones': [], 'ipv4_address_scope': None, 'ipv6_address_scope': None, 'description': '', 'tags': [], 'created_at': '2025-02-09T03:56:19Z', 'updated_at': '2025-02-09T03:56:20Z', 'revision_number': 1} available for tenant
2025-02-09 03:56:31.344 64689 INFO tempest.lib.common.rest_client [req-9f4060ce-a699-4614-a1e5-9fd95f829e67 req-9f4060ce-a699-4614-a1e5-9fd95f829e67 ] Request (ServerActionsTestJSON:setUpClass): 201 POST http://10.180.1.21/identity/v3/auth/tokens 0.076s
2025-02-09 03:56:31.356 64705 INFO tempest.lib.common.rest_client [req-005846b2-2535-48a0-9296-608203526840 req-005846b2-2535-48a0-9296-608203526840 ] Request (ServerDiagnosticsNegativeTest:setUpClass): 204 PUT http://10.180.1.21/identity/v3/projects/36237f2e78dc42f885ca0187548a846a/users/9b28870cbf5b457a9a1e5a152e7760c1/roles/290a7ffd342446678dd03c80e572dd8a 0.040s
2025-02-09 03:56:31.356 64705 INFO tempest.lib.common.dynamic_creds [-] Dynamic test user 9b28870cbf5b457a9a1e5a152e7760c1 is created with scope project and roles: ['admin']
2025-02-09 03:56:31.356 64705 INFO tempest.lib.common.dynamic_creds [-] Acquired dynamic creds: credentials: Credentials: {'domain_id': 'default', 'domain_name': 'Default', 'username': 'tempest-ServerDiagnosticsNegativeTest-562582310-project-admin', 'project_domain_id': 'default', 'project_domain_name': 'Default', 'project_id': '36237f2e78dc42f885ca0187548a846a', 'project_name': 'tempest-ServerDiagnosticsNegativeTest-562582310', 'tenant_id': '36237f2e78dc42f885ca0187548a846a', 'tenant_name': 'tempest-ServerDiagnosticsNegativeTest-562582310', 'user_domain_id': 'default', 'user_domain_name': 'Default', 'user_id': '9b28870cbf5b457a9a1e5a152e7760c1', 'system': None}, Network: None, Subnet: None, Router: None
2025-02-09 03:56:31.357 64705 INFO tempest.lib.common.dynamic_creds [-] Created isolated network resources for: credentials: Credentials: {'domain_id': 'default', 'domain_name': 'Default', 'username': 'tempest-ServerDiagnosticsNegativeTest-562582310-project-admin', 'project_domain_id': 'default', 'project_domain_name': 'Default', 'project_id': '36237f2e78dc42f885ca0187548a846a', 'project_name': 'tempest-ServerDiagnosticsNegativeTest-562582310', 'tenant_id': '36237f2e78dc42f885ca0187548a846a', 'tenant_name': 'tempest-ServerDiagnosticsNegativeTest-562582310', 'user_domain_id': 'default', 'user_domain_name': 'Default', 'user_id': '9b28870cbf5b457a9a1e5a152e7760c1', 'system': None}, Network: None, Subnet: None, Router: None
2025-02-09 03:56:31.369 64697 INFO tempest.lib.common.rest_client [req-1fb7d7ba-c381-469a-8e2f-725077314297 req-1fb7d7ba-c381-469a-8e2f-725077314297 ] Request (FloatingIPsTestJSON:tearDownClass): 204 DELETE http://10.180.1.21:9696/networking/v2.0/subnets/bbedc39f-3495-4717-9087-57cf05c0e0c4 0.440s
2025-02-09 03:56:31.375 64695 INFO tempest.lib.common.rest_client [req-9346f181-3181-42fb-97d6-7d79c3bfe27e req-9346f181-3181-42fb-97d6-7d79c3bfe27e ] Request (ServersWithSpecificFlavorTestJSON:test_verify_created_server_ephemeral_disk): 200 GET http://10.180.1.21/compute/v2.1/servers/82975903-be68-414a-98a1-074cb73ce2af 2.931s
2025-02-09 03:56:31.410 64689 INFO tempest.lib.common.rest_client [req-4d97af4e-e523-4379-a054-e4871183b474 req-4d97af4e-e523-4379-a054-e4871183b474 ] Request (ServerActionsTestJSON:setUpClass): 201 POST http://10.180.1.21/identity/v3/auth/tokens 0.064s
2025-02-09 03:56:31.437 64689 INFO tempest.lib.common.rest_client [req-a0212ee6-0488-4c23-840c-9201ee8af8e4 req-a0212ee6-0488-4c23-840c-9201ee8af8e4 ] Request (ServerActionsTestJSON:setUpClass): 200 GET http://10.180.1.21/identity/v3/domains?name=Default 0.026s
2025-02-09 03:56:31.467 64689 INFO tempest.lib.common.rest_client [req-b0a1bcb8-2a92-47da-a8a6-187844507f91 req-b0a1bcb8-2a92-47da-a8a6-187844507f91 ] Request (ServerActionsTestJSON:setUpClass): 201 POST http://10.180.1.21/identity/v3/projects 0.030s
2025-02-09 03:56:31.473 64705 INFO tempest.lib.common.rest_client [req-eaea622b-060c-4e47-8f6f-d0705ceb7526 req-eaea622b-060c-4e47-8f6f-d0705ceb7526 ] Request (ServerDiagnosticsNegativeTest:setUpClass): 201 POST http://10.180.1.21/identity/v3/auth/tokens 0.114s
2025-02-09 03:56:31.484 64711 INFO tempest.lib.common.rest_client [req-893bb426-516c-438f-89d1-25b21eec6043 req-893bb426-516c-438f-89d1-25b21eec6043 ] Request (ServerActionsV293TestJSON:setUpClass): 201 POST http://10.180.1.21:9696/networking/v2.0/security-group-rules 0.303s
2025-02-09 03:56:31.525 64689 INFO tempest.lib.common.rest_client [req-83986b95-1a8c-4452-aa07-81135731fba1 req-83986b95-1a8c-4452-aa07-81135731fba1 ] Request (ServerActionsTestJSON:setUpClass): 201 POST http://10.180.1.21/identity/v3/users 0.057s
2025-02-09 03:56:31.535 64705 INFO tempest.lib.common.rest_client [req-65e722d8-da2e-41ca-8991-48308e49ad28 req-65e722d8-da2e-41ca-8991-48308e49ad28 ] Request (ServerDiagnosticsNegativeTest:test_get_server_diagnostics_by_non_admin): 201 POST http://10.180.1.21/identity/v3/auth/tokens 0.057s
2025-02-09 03:56:31.535 64705 INFO tempest.lib.common.fixed_network [-] (ServerDiagnosticsNegativeTest:test_get_server_diagnostics_by_non_admin) Found network None available for tenant
2025-02-09 03:56:31.545 64689 INFO tempest.lib.common.rest_client [req-461dd9dd-c189-4472-9906-613bd7d946b0 req-461dd9dd-c189-4472-9906-613bd7d946b0 ] Request (ServerActionsTestJSON:setUpClass): 200 GET http://10.180.1.21/identity/v3/roles 0.020s
2025-02-09 03:56:31.578 64689 INFO tempest.lib.common.rest_client [req-6b2d5e3e-d75a-4107-873a-b35201037c0d req-6b2d5e3e-d75a-4107-873a-b35201037c0d ] Request (ServerActionsTestJSON:setUpClass): 204 PUT http://10.180.1.21/identity/v3/projects/f5fae9361c404331bebbe7ceeaf7d871/users/d271d207cc8549feb3df1f334abf0f8e/roles/c48da2a63f284efda1854beac08e4843 0.032s
2025-02-09 03:56:31.579 64689 INFO tempest.lib.common.dynamic_creds [-] Dynamic test user d271d207cc8549feb3df1f334abf0f8e is created with scope project and roles: ['member']
2025-02-09 03:56:31.579 64689 INFO tempest.lib.common.dynamic_creds [-] Acquired dynamic creds: credentials: Credentials: {'domain_id': 'default', 'domain_name': 'Default', 'username': 'tempest-ServerActionsTestJSON-376511210-project-member', 'project_domain_id': 'default', 'project_domain_name': 'Default', 'project_id': 'f5fae9361c404331bebbe7ceeaf7d871', 'project_name': 'tempest-ServerActionsTestJSON-376511210', 'tenant_id': 'f5fae9361c404331bebbe7ceeaf7d871', 'tenant_name': 'tempest-ServerActionsTestJSON-376511210', 'user_domain_id': 'default', 'user_domain_name': 'Default', 'user_id': 'd271d207cc8549feb3df1f334abf0f8e', 'system': None}, Network: None, Subnet: None, Router: None
2025-02-09 03:56:31.628 64721 INFO tempest.lib.common.rest_client [req-55019806-795f-425d-b412-2298055cdbe7 req-55019806-795f-425d-b412-2298055cdbe7 ] Request (MigrationsAdminTest:test_list_migrations_in_flavor_resize_situation): 200 GET http://10.180.1.21/compute/v2.1/servers/8a8b5ca1-d551-4876-be84-e93404f98db9 3.152s
2025-02-09 03:56:31.657 64689 INFO tempest.lib.common.rest_client [req-399e26cc-9aef-48cb-ad4e-24f6935e6508 req-399e26cc-9aef-48cb-ad4e-24f6935e6508 ] Request (ServerActionsTestJSON:setUpClass): 201 POST http://10.180.1.21/identity/v3/auth/tokens 0.078s
2025-02-09 03:56:31.760 64711 INFO tempest.lib.common.rest_client [req-f3b77425-6bd0-414e-8530-5219be3cf101 req-f3b77425-6bd0-414e-8530-5219be3cf101 ] Request (ServerActionsV293TestJSON:setUpClass): 201 POST http://10.180.1.21:9696/networking/v2.0/security-group-rules 0.275s
2025-02-09 03:56:31.771 64743 INFO tempest.lib.common.rest_client [req-1ae0f60a-eb78-46c9-ab3c-1b072d48d969 req-1ae0f60a-eb78-46c9-ab3c-1b072d48d969 ] Request (ServersAdminNegativeTestJSON:test_migrate_server_invalid_state): 200 GET http://10.180.1.21/compute/v2.1/servers/f65ae1e8-bf63-4c7b-b248-38f8d18ade4a 2.797s
2025-02-09 03:56:31.785 64691 INFO tempest.lib.common.rest_client [req-62be9638-9cdd-4501-8340-865e480e0a62 req-62be9638-9cdd-4501-8340-865e480e0a62 ] Request (KeyPairsV22TestJSON:test_keypairs_create_list_delete): 200 GET http://10.180.1.21/compute/v2.1/os-keypairs 2.765s
2025-02-09 03:56:31.804 64745 INFO tempest.lib.common.rest_client [req-cf1cb57c-8fd0-4035-9f29-467013388ca7 req-cf1cb57c-8fd0-4035-9f29-467013388ca7 ] Request (ServersTestBootFromVolume:setUpClass): 202 POST http://10.180.1.21/compute/v2.1/servers 3.525s
2025-02-09 03:56:31.819 64731 INFO tempest.lib.common.rest_client [req-6d7b9bb7-b9bc-4b03-8b41-3d18c75ed07f req-6d7b9bb7-b9bc-4b03-8b41-3d18c75ed07f ] Request (FlavorsAdminTestJSON:_run_cleanups): 200 GET http://10.180.1.21/compute/v2.1/flavors/detail 2.774s
2025-02-09 03:56:31.972 64747 INFO tempest.lib.common.rest_client [req-f82f12b5-b29f-48ab-a558-2e5667e3470a req-f82f12b5-b29f-48ab-a558-2e5667e3470a ] Request (ComputeTenantNetworksTest:test_list_show_tenant_networks): 200 GET http://10.180.1.21/compute/v2.1/os-tenant-networks/818d9172-2fb9-4b3a-b285-d2085a9560b5 2.623s
2025-02-09 03:56:32.076 64699 INFO tempest.lib.common.rest_client [req-b8835442-25c7-462b-b077-a8c2d42740df req-b8835442-25c7-462b-b077-a8c2d42740df ] Request (ServersAdmin275Test:test_rebuild_update_server_275): 200 GET http://10.180.1.21/compute/v2.1/servers/2c3b497a-2756-4f21-8882-a6734f88ad52 2.433s
2025-02-09 03:56:32.089 64699 INFO tempest.common.waiters [-] State transition "BUILD/networking" ==> "BUILD/spawning" after 14 second wait
2025-02-09 03:56:32.159 64693 INFO tempest.lib.common.rest_client [req-68b6b153-a619-460f-82c3-17c112086dd9 req-68b6b153-a619-460f-82c3-17c112086dd9 ] Request (DeleteServersAdminTestJSON:test_admin_delete_servers_of_others): 200 GET http://10.180.1.21/compute/v2.1/servers/d7129bbd-bd24-436d-b999-1010b6e92032 2.390s
2025-02-09 03:56:32.264 64689 INFO tempest.lib.common.rest_client [req-1427fc8a-9bea-4448-bc9d-250ba2d94a5d req-1427fc8a-9bea-4448-bc9d-250ba2d94a5d ] Request (ServerActionsTestJSON:setUpClass): 201 POST http://10.180.1.21:9696/networking/v2.0/networks 0.606s
2025-02-09 03:56:32.373 64697 INFO tempest.lib.common.rest_client [req-fd882260-d273-426c-9f09-8d8318ca3dee req-fd882260-d273-426c-9f09-8d8318ca3dee ] Request (FloatingIPsTestJSON:tearDownClass): 204 DELETE http://10.180.1.21:9696/networking/v2.0/networks/ed87f60e-a44e-4fa8-a466-98ca14b4c181 1.003s
2025-02-09 03:56:32.388 64701 INFO tempest.lib.common.rest_client [req-afc35d47-8e80-43ab-a5c5-638f01fa5724 req-afc35d47-8e80-43ab-a5c5-638f01fa5724 ] Request (ServerDiagnosticsV248Test:test_get_server_diagnostics): 200 GET http://10.180.1.21/compute/v2.1/servers/5e99316a-3e99-4dd2-a150-4b11c99e1495/diagnostics 3.248s
2025-02-09 03:56:32.444 64697 INFO tempest.lib.common.rest_client [req-f4a4d405-8b0e-48df-941b-104b16739207 req-f4a4d405-8b0e-48df-941b-104b16739207 ] Request (FloatingIPsTestJSON:tearDownClass): 204 DELETE http://10.180.1.21/identity/v3/users/c5dc2421d2a44d1eacb659d5ad0d077d 0.070s
2025-02-09 03:56:32.444 64697 INFO tempest.lib.common.dynamic_creds [-] Deleting project and security group for project: d1bd69b701d84b0b8a96d2580b386efc
2025-02-09 03:56:32.556 64719 INFO tempest.lib.common.rest_client [req-bd5c8048-8a58-4df2-a18b-fb623950a35b req-bd5c8048-8a58-4df2-a18b-fb623950a35b ] Request (ServicesAdminNegativeV253TestJSON:test_list_services_with_non_admin_user): 403 GET http://10.180.1.21/compute/v2.1/os-services 2.739s
2025-02-09 03:56:32.560 64713 INFO tempest.lib.common.rest_client [req-3f60af84-8be7-4b5a-a3a9-99784d67a19d req-3f60af84-8be7-4b5a-a3a9-99784d67a19d ] Request (ServerTagsTestJSON:setUpClass): 201 POST http://10.180.1.21:9696/networking/v2.0/routers 2.350s
2025-02-09 03:56:32.580 64697 INFO tempest.lib.common.rest_client [req-4a2b9d3f-e849-4a53-8b4a-393611853c8e req-4a2b9d3f-e849-4a53-8b4a-393611853c8e ] Request (FloatingIPsTestJSON:tearDownClass): 200 GET http://10.180.1.21:9696/networking/v2.0/security-groups?tenant_id=d1bd69b701d84b0b8a96d2580b386efc&name=default 0.135s
2025-02-09 03:56:32.590 64685 INFO tempest.lib.common.rest_client [req-31930290-ddab-4c13-a8db-596d97a46a3c req-31930290-ddab-4c13-a8db-596d97a46a3c ] Request (FlavorsAccessNegativeTestJSON:_run_cleanups): 200 GET http://10.180.1.21/compute/v2.1/flavors/detail 2.754s
2025-02-09 03:56:32.609 64729 INFO tempest.lib.common.rest_client [req-7bdc7041-37f3-4472-a624-114a37c78686 req-7bdc7041-37f3-4472-a624-114a37c78686 ] Request (AttachInterfacesV270Test:setUpClass): 201 POST http://10.180.1.21:9696/networking/v2.0/routers 2.050s
2025-02-09 03:56:32.714 64747 INFO tempest.lib.common.rest_client [req-5cb9c2c1-4c4a-4461-a5a5-6b0a7fcde812 req-5cb9c2c1-4c4a-4461-a5a5-6b0a7fcde812 ] Request (ComputeTenantNetworksTest:tearDownClass): 204 DELETE http://10.180.1.21:9696/networking/v2.0/networks/818d9172-2fb9-4b3a-b285-d2085a9560b5 0.736s
2025-02-09 03:56:32.718 64719 INFO tempest.lib.common.rest_client [req-79655483-fe94-4fe6-912a-0ac941e3022c req-79655483-fe94-4fe6-912a-0ac941e3022c ] Request (ServicesAdminNegativeV253TestJSON:tearDownClass): 204 DELETE http://10.180.1.21/identity/v3/users/25d6b3aff71848f38e1e575e2520adc4 0.160s
2025-02-09 03:56:32.723 64725 INFO tempest.lib.common.rest_client [req-ba75640b-1130-48fb-8417-e87e7e8c5741 req-ba75640b-1130-48fb-8417-e87e7e8c5741 ] Request (TenantUsagesTestJSON:tearDownClass): 200 GET http://10.180.1.21/compute/v2.1/servers/8e8523e3-57ae-485b-bfd6-d87d834a378f 2.850s
2025-02-09 03:56:32.736 64685 INFO tempest.lib.common.rest_client [req-79ab6e64-8852-4fd3-8039-62f28adbc59b req-79ab6e64-8852-4fd3-8039-62f28adbc59b ] Request (FlavorsAccessNegativeTestJSON:tearDownClass): 204 DELETE http://10.180.1.21/identity/v3/users/767b1aa32e074cfe9c9461e987a1a83e 0.132s
2025-02-09 03:56:32.797 64733 INFO tempest.lib.common.rest_client [req-17363e1c-cd81-4dd1-8ce5-530c2949a6f6 req-17363e1c-cd81-4dd1-8ce5-530c2949a6f6 ] Request (SecurityGroupRulesTestJSON:tearDownClass): 202 DELETE http://10.180.1.21/compute/v2.1/os-security-groups/f112eb05-18bf-4fb0-bb66-e72753a96218 3.010s
2025-02-09 03:56:32.815 64741 INFO tempest.lib.common.rest_client [req-2f5658f7-9f73-4288-95a4-aa8b3f4b890a req-2f5658f7-9f73-4288-95a4-aa8b3f4b890a ] Request (ListServerFiltersTestJSON:setUpClass): 200 GET http://10.180.1.21/compute/v2.1/servers/71830083-d5ae-478a-bedb-ec1f3a642b5c 2.919s
2025-02-09 03:56:32.894 64697 INFO tempest.lib.common.rest_client [req-d3973f4d-230f-459e-bac2-c75a6499bd8c req-d3973f4d-230f-459e-bac2-c75a6499bd8c ] Request (FloatingIPsTestJSON:tearDownClass): 204 DELETE http://10.180.1.21:9696/networking/v2.0/security-groups/ffbbe254-d238-4b63-8032-2e5f2380fa98 0.313s
2025-02-09 03:56:32.900 64719 INFO tempest.lib.common.rest_client [req-0cdbcab3-19d0-45a5-ace1-363e12a336dd req-0cdbcab3-19d0-45a5-ace1-363e12a336dd ] Request (ServicesAdminNegativeV253TestJSON:tearDownClass): 204 DELETE http://10.180.1.21/identity/v3/users/e3ddd16875714267bc709734c2c20578 0.182s
2025-02-09 03:56:32.900 64719 INFO tempest.lib.common.dynamic_creds [-] Deleting project and security group for project: 0727447ed80745d19011de384aefa112
