2025-02-09 03:57:14.089 64701 INFO tempest.lib.common.rest_client [req-0868f77f-e98a-4b7c-8479-ec5fbc170829 req-0868f77f-e98a-4b7c-8479-ec5fbc170829 ] Request (FloatingIPsNegativeTestJSON:tearDownClass): 204 DELETE http://10.180.1.21:9696/networking/v2.0/subnets/2a5074be-8482-47b9-8e28-a64ce9f925c4 0.229s
2025-02-09 03:57:14.181 64725 INFO tempest.lib.common.rest_client [req-67e99433-d2c1-4434-a4de-e6a643dabaad req-67e99433-d2c1-4434-a4de-e6a643dabaad ] Request (ServerGroupTestJSON:setUpClass): 201 POST http://10.180.1.21:9696/networking/v2.0/subnets 0.489s
2025-02-09 03:57:14.184 64737 INFO tempest.lib.common.rest_client [req-a6213675-ff6d-444d-b70f-511cb811c6ce req-a6213675-ff6d-444d-b70f-511cb811c6ce ] Request (ServerRescueNegativeTestJSON:test_rescued_vm_attach_volume): 200 GET http://10.180.1.21/compute/v2.1/servers/2e709e94-117f-438d-b3d3-22b046a7294f 1.078s
2025-02-09 03:57:14.223 64745 INFO tempest.lib.common.rest_client [req-a7b0b32f-05d3-4791-855f-e113004d124b req-a7b0b32f-05d3-4791-855f-e113004d124b ] Request (ServersTestBootFromVolume:setUpClass): 200 GET http://10.180.1.21/compute/v2.1/servers/c95f85fd-e213-4861-973c-5759d0590696 1.052s
2025-02-09 03:57:14.236 64745 INFO tempest.lib.common.ssh [-] Creating ssh connection to '10.180.180.237:22' as 'cirros' with public key authentication
2025-02-09 03:57:14.257 64727 INFO tempest.lib.common.rest_client [req-5b5f15b8-204a-49b6-a620-3c277dfcb541 req-5b5f15b8-204a-49b6-a620-3c277dfcb541 ] Request (FloatingIPsAssociationTestJSON:setUpClass): 200 GET http://10.180.1.21/compute/v2.1/servers/a9443c1d-3c52-4605-8197-ecfac838e125 1.048s
2025-02-09 03:57:14.282 64713 INFO tempest.lib.common.rest_client [req-a34131b1-da93-4df0-98df-8a72da4728e8 req-a34131b1-da93-4df0-98df-8a72da4728e8 ] Request (ServerTagsTestJSON:test_check_tag_existence): 204 GET http://10.180.1.21/compute/v2.1/servers/50e0771f-fe7f-4a43-8ef3-f0644bd41eb6/tags/tempest-tag-356478646 0.769s
2025-02-09 03:57:14.366 64741 INFO tempest.lib.common.rest_client [req-e5bc59ef-1ca2-4c54-95e1-ea57d95c9dc7 req-e5bc59ef-1ca2-4c54-95e1-ea57d95c9dc7 ] Request (ListServerFiltersTestJSON:test_list_servers_filter_by_shutoff_status): 200 GET http://10.180.1.21/compute/v2.1/servers/a9e67613-f7b4-4164-9212-2accfbddfdd1 0.948s
2025-02-09 03:57:14.373 64741 INFO tempest.common.waiters [-] State transition "ACTIVE/powering-off" ==> "SHUTOFF/None" after 2 second wait
2025-02-09 03:57:14.382 64701 INFO tempest.lib.common.rest_client [req-01a17ca0-d77c-4f97-bb81-d40c40e7f0b9 req-01a17ca0-d77c-4f97-bb81-d40c40e7f0b9 ] Request (FloatingIPsNegativeTestJSON:tearDownClass): 204 DELETE http://10.180.1.21:9696/networking/v2.0/networks/4403f686-97f6-4352-9bdb-16126b27ab4a 0.291s
2025-02-09 03:57:14.480 64701 INFO tempest.lib.common.rest_client [req-db7f0d60-774a-4c85-8cdc-076f291358f7 req-db7f0d60-774a-4c85-8cdc-076f291358f7 ] Request (FloatingIPsNegativeTestJSON:tearDownClass): 204 DELETE http://10.180.1.21/identity/v3/users/070622d2e0344e2081673818dbb53927 0.098s
2025-02-09 03:57:14.480 64701 INFO tempest.lib.common.dynamic_creds [-] Deleting project and security group for project: 2525a9e0c8304b328b140970946be5f0
2025-02-09 03:57:14.500 64743 INFO tempest.lib.common.rest_client [req-1e6acc0d-3f3f-4714-b680-b8ccd13a7c0d req-1e6acc0d-3f3f-4714-b680-b8ccd13a7c0d ] Request (ServersAdminNegativeTestJSON:test_resize_server_using_overlimit_ram): 403 POST http://10.180.1.21/compute/v2.1/servers/24265a32-860b-44ea-b35b-3c3972e00d41/action 0.968s
2025-02-09 03:57:14.505 64715 INFO tempest.lib.common.rest_client [req-c20638f3-1393-4543-99dc-91beb56074ea req-c20638f3-1393-4543-99dc-91beb56074ea ] Request (DeleteServersTestJSON:test_delete_server_while_in_attached_volume): 200 GET http://10.180.1.21/compute/v2.1/servers/af787b6c-db9c-4ba3-b4ab-97c5e1ace0f6 0.976s
2025-02-09 03:57:14.515 64701 INFO tempest.lib.common.rest_client [req-48794f05-8f3b-47e1-bc50-b8adaf215502 req-48794f05-8f3b-47e1-bc50-b8adaf215502 ] Request (FloatingIPsNegativeTestJSON:tearDownClass): 200 GET http://10.180.1.21:9696/networking/v2.0/security-groups?tenant_id=2525a9e0c8304b328b140970946be5f0&name=default 0.035s
2025-02-09 03:57:14.563 64705 INFO tempest.lib.common.rest_client [req-8aaabc5a-1c6a-41ea-abd6-8ad1adc95829 req-8aaabc5a-1c6a-41ea-abd6-8ad1adc95829 ] Request (ServerDiagnosticsNegativeTest:tearDownClass): 200 GET http://10.180.1.21/compute/v2.1/servers/10626bbb-7618-483f-8fc6-fc44870fc3ee 0.973s
2025-02-09 03:57:14.575 64697 INFO tempest.lib.common.rest_client [req-c4070869-5e0f-48dc-b0d6-0c9ea03bc7b3 req-c4070869-5e0f-48dc-b0d6-0c9ea03bc7b3 ] Request (ServersNegativeTestMultiTenantJSON:setUpClass): 200 GET http://10.180.1.21/compute/v2.1/servers/aa78caf1-57b9-43ab-9dfb-8418d0c8cb34 0.957s
2025-02-09 03:57:14.621 64710 INFO tempest.lib.common.rest_client [req-95d338c2-e896-4855-b3c9-298cfe4e1da7 req-95d338c2-e896-4855-b3c9-298cfe4e1da7 ] Request (ServersTestFqdnHostnames:test_create_server_with_fqdn_name): 200 GET http://10.180.1.21/compute/v2.1/servers/44842841-3c29-4b60-84f9-8b95dd62b107 0.897s
2025-02-09 03:57:14.640 64701 INFO tempest.lib.common.rest_client [req-5e83696b-164e-4e02-af8f-07f07e6a09da req-5e83696b-164e-4e02-af8f-07f07e6a09da ] Request (FloatingIPsNegativeTestJSON:tearDownClass): 204 DELETE http://10.180.1.21:9696/networking/v2.0/security-groups/902e7e17-9aa8-4e04-9537-87a205fd6fbe 0.124s
2025-02-09 03:57:14.664 64719 INFO tempest.lib.common.rest_client [req-ca74d660-cd45-4b81-b14f-757258fcf502 req-ca74d660-cd45-4b81-b14f-757258fcf502 ] Request (ListImageFiltersTestJSON:setUpClass): 200 GET http://10.180.1.21/compute/v2.1/images/5e1cd720-f066-4b1c-860c-dc44b4042071 0.741s
2025-02-09 03:57:14.668 64699 INFO tempest.lib.common.rest_client [req-95ac563c-f5f9-4952-8570-fe085875ba30 req-95ac563c-f5f9-4952-8570-fe085875ba30 ] Request (ServersAdmin275Test:tearDownClass): 200 GET http://10.180.1.21/compute/v2.1/servers/2c3b497a-2756-4f21-8882-a6734f88ad52 0.815s
2025-02-09 03:57:14.721 64713 INFO tempest.lib.common.rest_client [req-099f3725-82f6-4d79-8611-a07bc8a46754 req-099f3725-82f6-4d79-8611-a07bc8a46754 ] Request (ServerTagsTestJSON:_run_cleanups): 204 DELETE http://10.180.1.21/compute/v2.1/servers/50e0771f-fe7f-4a43-8ef3-f0644bd41eb6/tags 0.437s
2025-02-09 03:57:14.761 64701 INFO tempest.lib.common.rest_client [req-bafdebf2-00a4-41c3-8b4d-78fabc583f9d req-bafdebf2-00a4-41c3-8b4d-78fabc583f9d ] Request (FloatingIPsNegativeTestJSON:tearDownClass): 204 DELETE http://10.180.1.21/identity/v3/projects/2525a9e0c8304b328b140970946be5f0 0.120s
2025-02-09 03:57:14.812 64689 INFO tempest.lib.common.rest_client [req-070b6dc1-e08d-40a8-869f-915f2ad71ffd req-070b6dc1-e08d-40a8-869f-915f2ad71ffd ] Request (ServerActionsTestJSON:setUpClass): 200 GET http://10.180.1.21/compute/v2.1/servers/7230b129-84a2-4516-b0a2-b7fbad519083 0.557s
2025-02-09 03:57:14.839 64701 INFO tempest.lib.common.rest_client [req-b644897c-266f-49e5-bb40-a2c413ac5e4a req-b644897c-266f-49e5-bb40-a2c413ac5e4a ] Request (AttachVolumeShelveTestJSON:setUpClass): 201 POST http://10.180.1.21/identity/v3/auth/tokens 0.077s
2025-02-09 03:57:14.874 64701 INFO tempest.lib.common.rest_client [req-5141b2cb-7a63-4733-a6bf-50955a687f11 req-5141b2cb-7a63-4733-a6bf-50955a687f11 ] Request (AttachVolumeShelveTestJSON:setUpClass): 201 POST http://10.180.1.21/identity/v3/auth/tokens 0.032s
2025-02-09 03:57:14.885 64729 INFO tempest.lib.common.rest_client [req-965dfad0-248d-4b97-b173-9f3fdf7047b3 req-965dfad0-248d-4b97-b173-9f3fdf7047b3 ] Request (AttachInterfacesV270Test:test_create_get_list_interfaces): 200 GET http://10.180.1.21/compute/v2.1/servers/5195e384-56a4-49ab-a1cc-a0badefeef61 0.585s
2025-02-09 03:57:14.887 64711 INFO tempest.lib.common.rest_client [req-773ec9c3-fa6f-4b1d-88ec-8f12e4d80bad req-773ec9c3-fa6f-4b1d-88ec-8f12e4d80bad ] Request (ServerActionsV293TestJSON:setUpClass): 200 GET http://10.180.1.21/compute/v2.1/servers/d58b4160-af70-4417-a50e-85fdc15704f8 0.551s
2025-02-09 03:57:14.896 64729 INFO tempest.common.waiters [-] State transition "BUILD/spawning" ==> "ACTIVE/None" after 33 second wait
2025-02-09 03:57:14.909 64701 INFO tempest.lib.common.rest_client [req-f5a66d6d-0351-4a43-b352-8f56985f2b60 req-f5a66d6d-0351-4a43-b352-8f56985f2b60 ] Request (AttachVolumeShelveTestJSON:setUpClass): 200 GET http://10.180.1.21/identity/v3/domains?name=Default 0.034s
2025-02-09 03:57:14.953 64701 INFO tempest.lib.common.rest_client [req-eea590fa-eddf-4881-ad1a-ebd891aada58 req-eea590fa-eddf-4881-ad1a-ebd891aada58 ] Request (AttachVolumeShelveTestJSON:setUpClass): 201 POST http://10.180.1.21/identity/v3/projects 0.043s
2025-02-09 03:57:14.978 64685 INFO tempest.lib.common.rest_client [req-0ed2df11-40b3-49a2-8788-2e4a6dc140fd req-0ed2df11-40b3-49a2-8788-2e4a6dc140fd ] Request (InstanceActionsV221TestJSON:test_get_list_deleted_instance_actions): 200 GET http://10.180.1.21/compute/v2.1/servers/e0b0a1e9-1eb2-4b7d-bdd0-2666b8b0b565 0.602s
2025-02-09 03:57:14.996 64741 INFO tempest.lib.common.rest_client [req-6fd599bb-2948-4426-97aa-cab74cad18b8 req-6fd599bb-2948-4426-97aa-cab74cad18b8 ] Request (ListServerFiltersTestJSON:test_list_servers_filter_by_shutoff_status): 200 GET http://10.180.1.21/compute/v2.1/servers?status=shutoff 0.622s
2025-02-09 03:57:15.026 64701 INFO tempest.lib.common.rest_client [req-99a27435-e297-4095-95b8-dadfa6faff9a req-99a27435-e297-4095-95b8-dadfa6faff9a ] Request (AttachVolumeShelveTestJSON:setUpClass): 201 POST http://10.180.1.21/identity/v3/users 0.072s
2025-02-09 03:57:15.048 64691 INFO tempest.lib.common.rest_client [req-3f137fa2-96f9-4fd6-aeea-03abbc2c8113 req-3f137fa2-96f9-4fd6-aeea-03abbc2c8113 ] Request (MultipleCreateTestJSON:test_multiple_create): 200 GET http://10.180.1.21/compute/v2.1/servers/012d0343-ebd5-4d27-ab08-020cdbe6b134 0.646s
2025-02-09 03:57:15.048 64701 INFO tempest.lib.common.rest_client [req-0ff7e90b-c4a6-416d-ba82-c8a5bd225530 req-0ff7e90b-c4a6-416d-ba82-c8a5bd225530 ] Request (AttachVolumeShelveTestJSON:setUpClass): 200 GET http://10.180.1.21/identity/v3/roles 0.021s
2025-02-09 03:57:15.059 64723 INFO tempest.lib.common.rest_client [req-4310fd47-19b6-4707-991c-da0c919dd9a7 req-4310fd47-19b6-4707-991c-da0c919dd9a7 ] Request (ImagesTestJSON:test_create_image_from_suspended_server): 200 GET http://10.180.1.21/compute/v2.1/servers/6119d924-a4d4-4da6-9156-a76d577c0f65 0.611s
2025-02-09 03:57:15.080 64701 INFO tempest.lib.common.rest_client [req-a4bd8dd5-89bd-4ccf-b198-98c7da8c709f req-a4bd8dd5-89bd-4ccf-b198-98c7da8c709f ] Request (AttachVolumeShelveTestJSON:setUpClass): 204 PUT http://10.180.1.21/identity/v3/projects/e3e1106b9d9d430696d499b50b65a3e8/users/331e13814c9b4b2c93b075a407e4dcb8/roles/c48da2a63f284efda1854beac08e4843 0.031s
2025-02-09 03:57:15.080 64701 INFO tempest.lib.common.dynamic_creds [-] Dynamic test user 331e13814c9b4b2c93b075a407e4dcb8 is created with scope project and roles: ['member']
2025-02-09 03:57:15.080 64701 INFO tempest.lib.common.dynamic_creds [-] Acquired dynamic creds: credentials: Credentials: {'domain_id': 'default', 'domain_name': 'Default', 'username': 'tempest-AttachVolumeShelveTestJSON-1233363058-project-member', 'project_domain_id': 'default', 'project_domain_name': 'Default', 'project_id': 'e3e1106b9d9d430696d499b50b65a3e8', 'project_name': 'tempest-AttachVolumeShelveTestJSON-1233363058', 'tenant_id': 'e3e1106b9d9d430696d499b50b65a3e8', 'tenant_name': 'tempest-AttachVolumeShelveTestJSON-1233363058', 'user_domain_id': 'default', 'user_domain_name': 'Default', 'user_id': '331e13814c9b4b2c93b075a407e4dcb8', 'system': None}, Network: None, Subnet: None, Router: None
2025-02-09 03:57:15.082 64743 INFO tempest.lib.common.rest_client [req-839ba0ba-8749-4ae8-8b3d-604e695d0589 req-839ba0ba-8749-4ae8-8b3d-604e695d0589 ] Request (ServersAdminNegativeTestJSON:_run_cleanups): 202 DELETE http://10.180.1.21/compute/v2.1/flavors/1910616290 0.581s
2025-02-09 03:57:15.092 64719 INFO tempest.lib.common.rest_client [req-5a72ffdd-e146-4abc-a306-407b4e4e0eb9 req-5a72ffdd-e146-4abc-a306-407b4e4e0eb9 ] Request (ListImageFiltersTestJSON:setUpClass): 201 POST http://10.180.1.21/image/v2/images 0.423s
2025-02-09 03:57:15.140 64733 INFO tempest.lib.common.rest_client [req-d912b24f-3668-4a37-84ea-2a0e192a993e req-d912b24f-3668-4a37-84ea-2a0e192a993e ] Request (ServerMetadataNegativeTestJSON:setUpClass): 200 GET http://10.180.1.21/compute/v2.1/servers/f9039857-5f06-4c52-9240-a4f854f08b45 0.571s
2025-02-09 03:57:15.157 64701 INFO tempest.lib.common.rest_client [req-526b7068-6e09-43a9-b0b1-a2da22da9487 req-526b7068-6e09-43a9-b0b1-a2da22da9487 ] Request (AttachVolumeShelveTestJSON:setUpClass): 201 POST http://10.180.1.21/identity/v3/auth/tokens 0.077s
2025-02-09 03:57:15.158 64713 INFO tempest.lib.common.rest_client [req-19ef2d31-874f-4754-9200-47c56a2f6ccc req-19ef2d31-874f-4754-9200-47c56a2f6ccc ] Request (ServerTagsTestJSON:test_create_delete_tag): 200 GET http://10.180.1.21/compute/v2.1/servers/50e0771f-fe7f-4a43-8ef3-f0644bd41eb6/tags 0.437s
2025-02-09 03:57:15.303 64707 INFO tempest.lib.common.rest_client [req-db9f5588-48f2-43b4-83ee-2b6de9d11cac req-db9f5588-48f2-43b4-83ee-2b6de9d11cac ] Request (ImagesNegativeTestJSON:test_create_image_from_deleted_server): 200 GET http://10.180.1.21/compute/v2.1/servers/098ffac6-de4b-4536-9443-b0656cf151f1 0.798s
2025-02-09 03:57:15.345 64693 INFO tempest.lib.common.rest_client [req-f01e314c-4dea-4182-9169-1ec6b19bb214 req-f01e314c-4dea-4182-9169-1ec6b19bb214 ] Request (DeleteServersAdminTestJSON:test_delete_server_while_in_error_state): 200 GET http://10.180.1.21/compute/v2.1/servers/b5dd250e-74ab-41ff-9874-8098ea178e03 0.555s
2025-02-09 03:57:15.372 64731 INFO tempest.lib.common.rest_client [req-3c029662-a6d9-482c-91ef-2134e7077989 req-3c029662-a6d9-482c-91ef-2134e7077989 ] Request (ServerDiagnosticsTest:test_get_server_diagnostics): 200 GET http://10.180.1.21/compute/v2.1/servers/50f6d892-f128-4f5c-bfc4-6b9a34661950 0.490s
2025-02-09 03:57:15.433 64741 INFO tempest.lib.common.rest_client [req-83941ee4-85f2-44ed-aacc-57cb11a450b0 req-83941ee4-85f2-44ed-aacc-57cb11a450b0 ] Request (ListServerFiltersTestJSON:test_list_servers_filter_by_shutoff_status): 202 POST http://10.180.1.21/compute/v2.1/servers/a9e67613-f7b4-4164-9212-2accfbddfdd1/action 0.434s
2025-02-09 03:57:15.437 64695 WARNING tempest.lib.common.ssh [-] Failed to establish authenticated ssh connection to cirros@10.180.180.211 ([Errno None] Unable to connect to port 22 on 10.180.180.211). Number attempts: 5. Retry after 6 seconds.: paramiko.ssh_exception.NoValidConnectionsError: [Errno None] Unable to connect to port 22 on 10.180.180.211
2025-02-09 03:57:15.536 64701 INFO tempest.lib.common.rest_client [req-eb970c6a-d536-4d36-acaf-429afd35c6ed req-eb970c6a-d536-4d36-acaf-429afd35c6ed ] Request (AttachVolumeShelveTestJSON:setUpClass): 201 POST http://10.180.1.21:9696/networking/v2.0/networks 0.379s
2025-02-09 03:57:15.585 64725 INFO tempest.lib.common.rest_client [req-9432b130-9af5-4b0f-8d0c-c416b621bd95 req-9432b130-9af5-4b0f-8d0c-c416b621bd95 ] Request (ServerGroupTestJSON:setUpClass): 201 POST http://10.180.1.21:9696/networking/v2.0/routers 1.403s
2025-02-09 03:57:15.592 64721 INFO tempest.lib.common.rest_client [req-e0c8641d-f565-4ab4-bba9-dc609a61ed9a req-e0c8641d-f565-4ab4-bba9-dc609a61ed9a ] Request (MigrationsAdminTest:test_list_migrations_in_flavor_resize_situation): 200 GET http://10.180.1.21/compute/v2.1/servers/8a8b5ca1-d551-4876-be84-e93404f98db9 0.573s
2025-02-09 03:57:15.673 64743 INFO tempest.lib.common.rest_client [req-5611343f-8097-4a3d-b881-3f4525251d27 req-5611343f-8097-4a3d-b881-3f4525251d27 ] Request (ServersAdminNegativeTestJSON:_run_cleanups): 200 GET http://10.180.1.21/compute/v2.1/flavors/detail 0.590s
2025-02-09 03:57:15.745 64717 INFO tempest.lib.common.rest_client [req-54289db4-7dc1-4a8d-9609-0e83846d616d req-54289db4-7dc1-4a8d-9609-0e83846d616d ] Request (ServerActionsTestOtherB:setUpClass): 200 GET http://10.180.1.21/compute/v2.1/servers/f4ce314a-6cff-4aaa-af80-39083007e4cd 0.645s
2025-02-09 03:57:15.755 64701 INFO tempest.lib.common.rest_client [req-8776d12a-1e64-4fe7-b41b-3496ebaa5930 req-8776d12a-1e64-4fe7-b41b-3496ebaa5930 ] Request (AttachVolumeShelveTestJSON:setUpClass): 201 POST http://10.180.1.21:9696/networking/v2.0/subnets 0.218s
2025-02-09 03:57:15.804 64713 INFO tempest.lib.common.rest_client [req-df6a5744-cef6-48ec-8573-4fa90519df61 req-df6a5744-cef6-48ec-8573-4fa90519df61 ] Request (ServerTagsTestJSON:test_create_delete_tag): 201 PUT http://10.180.1.21/compute/v2.1/servers/50e0771f-fe7f-4a43-8ef3-f0644bd41eb6/tags/tempest-tag-1255358111 0.644s
2025-02-09 03:57:15.943 64737 INFO tempest.lib.common.rest_client [req-7f3e6a41-28ea-422a-bdaa-7bc0c0f322f5 req-7f3e6a41-28ea-422a-bdaa-7bc0c0f322f5 ] Request (ServerRescueNegativeTestJSON:test_rescued_vm_attach_volume): 200 GET http://10.180.1.21/compute/v2.1/servers/2e709e94-117f-438d-b3d3-22b046a7294f 0.749s
2025-02-09 03:57:15.952 64737 INFO tempest.common.waiters [-] State transition "ACTIVE/rescuing" ==> "RESCUE/None" after 10 second wait
2025-02-09 03:57:16.011 64727 INFO tempest.lib.common.rest_client [req-fe39ac6f-a9d2-4b0c-9b43-44a56701d137 req-fe39ac6f-a9d2-4b0c-9b43-44a56701d137 ] Request (FloatingIPsAssociationTestJSON:setUpClass): 200 GET http://10.180.1.21/compute/v2.1/servers/a9443c1d-3c52-4605-8197-ecfac838e125 0.746s
2025-02-09 03:57:16.145 64741 INFO tempest.lib.common.rest_client [req-d21c6504-6f87-4957-842e-730d38b80dae req-d21c6504-6f87-4957-842e-730d38b80dae ] Request (ListServerFiltersTestJSON:test_list_servers_filter_by_shutoff_status): 200 GET http://10.180.1.21/compute/v2.1/servers/a9e67613-f7b4-4164-9212-2accfbddfdd1 0.711s
2025-02-09 03:57:16.311 64715 INFO tempest.lib.common.rest_client [req-7275be57-3351-4830-8069-6b6b78298d9f req-7275be57-3351-4830-8069-6b6b78298d9f ] Request (DeleteServersTestJSON:test_delete_server_while_in_attached_volume): 200 GET http://10.180.1.21/compute/v2.1/servers/af787b6c-db9c-4ba3-b4ab-97c5e1ace0f6 0.797s
2025-02-09 03:57:16.408 64705 INFO tempest.lib.common.rest_client [req-b99d3e3c-bf93-41c2-be0a-8e04dbf5fa36 req-b99d3e3c-bf93-41c2-be0a-8e04dbf5fa36 ] Request (ServerDiagnosticsNegativeTest:tearDownClass): 200 GET http://10.180.1.21/compute/v2.1/servers/10626bbb-7618-483f-8fc6-fc44870fc3ee 0.835s
2025-02-09 03:57:16.416 64705 INFO tempest.common.waiters [-] State transition "ACTIVE/deleting" ==> "DELETED/None" after 4 second wait
2025-02-09 03:57:16.468 64697 INFO tempest.lib.common.rest_client [req-79b64adb-8165-4bb2-b338-f8fafb160ef9 req-79b64adb-8165-4bb2-b338-f8fafb160ef9 ] Request (ServersNegativeTestMultiTenantJSON:setUpClass): 200 GET http://10.180.1.21/compute/v2.1/servers/aa78caf1-57b9-43ab-9dfb-8418d0c8cb34 0.880s
2025-02-09 03:57:16.532 64710 INFO tempest.lib.common.rest_client [req-5f3c5fa6-2c86-47b9-8eaf-683c935e3f2e req-5f3c5fa6-2c86-47b9-8eaf-683c935e3f2e ] Request (ServersTestFqdnHostnames:test_create_server_with_fqdn_name): 200 GET http://10.180.1.21/compute/v2.1/servers/44842841-3c29-4b60-84f9-8b95dd62b107 0.901s
2025-02-09 03:57:16.650 64701 INFO tempest.lib.common.rest_client [req-a3289902-9c04-4bfa-9d9b-0603ff8fb567 req-a3289902-9c04-4bfa-9d9b-0603ff8fb567 ] Request (AttachVolumeShelveTestJSON:setUpClass): 201 POST http://10.180.1.21:9696/networking/v2.0/routers 0.894s
2025-02-09 03:57:16.703 64743 INFO tempest.lib.common.rest_client [req-ea86d06d-a8d1-4e4e-9559-9de983a23ae3 req-ea86d06d-a8d1-4e4e-9559-9de983a23ae3 ] Request (ServersAdminNegativeTestJSON:test_resize_server_using_overlimit_vcpus): 200 GET http://10.180.1.21/compute/v2.1/os-quota-sets/3193fc0f62f64a6bbab29d586aa20ad5 1.021s
2025-02-09 03:57:16.778 64725 INFO tempest.lib.common.rest_client [req-e01b9331-244e-4d00-bc03-efc9db0b02b9 req-e01b9331-244e-4d00-bc03-efc9db0b02b9 ] Request (ServerGroupTestJSON:setUpClass): 200 PUT http://10.180.1.21:9696/networking/v2.0/routers/ca993777-87bb-4ab1-ae31-9d18370c5154/add_router_interface 1.192s
2025-02-09 03:57:16.778 64725 INFO tempest.lib.common.dynamic_creds [-] Created isolated network resources for: credentials: Credentials: {'domain_id': 'default', 'domain_name': 'Default', 'username': 'tempest-ServerGroupTestJSON-737367917-project-member', 'project_domain_id': 'default', 'project_domain_name': 'Default', 'project_id': 'f6acb9300e5442ffa2372086d5ae9b13', 'project_name': 'tempest-ServerGroupTestJSON-737367917', 'tenant_id': 'f6acb9300e5442ffa2372086d5ae9b13', 'tenant_name': 'tempest-ServerGroupTestJSON-737367917', 'user_domain_id': 'default', 'user_domain_name': 'Default', 'user_id': 'b7d0b3fcfebe400e9d02773bb556641a', 'system': None}, Network: {'id': '3ec87486-7a4a-443a-8695-3a8e4dbfe930', 'name': 'tempest-ServerGroupTestJSON-2065005863-network', 'tenant_id': 'f6acb9300e5442ffa2372086d5ae9b13', 'admin_state_up': True, 'mtu': 8950, 'status': 'ACTIVE', 'subnets': [], 'shared': False, 'project_id': 'f6acb9300e5442ffa2372086d5ae9b13', 'port_security_enabled': True, 'router:external': False, 'provider:network_type': 'vlan', 'provider:physical_network': 'default', 'provider:segmentation_id': 224, 'availability_zone_hints': [], 'availability_zones': [], 'ipv4_address_scope': None, 'ipv6_address_scope': None, 'description': '', 'tags': [], 'created_at': '2025-02-09T03:57:13Z', 'updated_at': '2025-02-09T03:57:13Z', 'revision_number': 1}, Subnet: {'id': 'e111b0ee-4fab-4b6f-8536-c4082ee3abc5', 'name': 'tempest-ServerGroupTestJSON-2065005863-subnet', 'tenant_id': 'f6acb9300e5442ffa2372086d5ae9b13', 'network_id': '3ec87486-7a4a-443a-8695-3a8e4dbfe930', 'ip_version': 4, 'subnetpool_id': None, 'enable_dhcp': True, 'ipv6_ra_mode': None, 'ipv6_address_mode': None, 'gateway_ip': '192.168.128.1', 'cidr': '192.168.128.0/28', 'allocation_pools': [{'start': '192.168.128.2', 'end': '192.168.128.14'}], 'host_routes': [], 'dns_nameservers': [], 'description': '', 'router:external': False, 'service_types': [], 'tags': [], 'created_at': '2025-02-09T03:57:13Z', 'updated_at': '2025-02-09T03:57:13Z', 'revision_number': 0, 'project_id': 'f6acb9300e5442ffa2372086d5ae9b13'}, Router: {'id': 'ca993777-87bb-4ab1-ae31-9d18370c5154', 'name': 'tempest-ServerGroupTestJSON-2065005863-router', 'tenant_id': 'f6acb9300e5442ffa2372086d5ae9b13', 'admin_state_up': True, 'status': 'ACTIVE', 'external_gateway_info': {'network_id': '85e25fe6-a5a8-48f2-bb3e-9061e7d8b10b', 'external_fixed_ips': [{'subnet_id': 'e3b1fcc0-a51b-4269-a65a-d7b5187d7eb9', 'ip_address': '10.180.180.238'}], 'enable_snat': True}, 'description': '', 'availability_zones': [], 'distributed': False, 'ha': False, 'availability_zone_hints': [], 'routes': [], 'flavor_id': None, 'tags': [], 'created_at': '2025-02-09T03:57:14Z', 'updated_at': '2025-02-09T03:57:14Z', 'revision_number': 2, 'project_id': 'f6acb9300e5442ffa2372086d5ae9b13'}
2025-02-09 03:57:16.797 64699 INFO tempest.lib.common.rest_client [req-836c44bc-47e7-40b7-a2a9-7587077bd056 req-836c44bc-47e7-40b7-a2a9-7587077bd056 ] Request (ServersAdmin275Test:tearDownClass): 200 GET http://10.180.1.21/compute/v2.1/servers/2c3b497a-2756-4f21-8882-a6734f88ad52 1.114s
2025-02-09 03:57:16.825 64713 INFO tempest.lib.common.rest_client [req-a9ed22d2-9622-4d91-b14a-64e4fc81ae86 req-a9ed22d2-9622-4d91-b14a-64e4fc81ae86 ] Request (ServerTagsTestJSON:test_create_delete_tag): 200 GET http://10.180.1.21/compute/v2.1/servers/50e0771f-fe7f-4a43-8ef3-f0644bd41eb6/tags 1.020s
2025-02-09 03:57:16.895 64725 INFO tempest.lib.common.rest_client [req-cb106e39-51ec-4338-ae6f-41a686fce7c1 req-cb106e39-51ec-4338-ae6f-41a686fce7c1 ] Request (ServerGroupTestJSON:setUpClass): 201 POST http://10.180.1.21/identity/v3/auth/tokens 0.113s
2025-02-09 03:57:17.028 64719 INFO tempest.lib.common.rest_client [req-f18738a7-cacd-441a-9f80-9504204a73a9 req-f18738a7-cacd-441a-9f80-9504204a73a9 ] Request (ListImageFiltersTestJSON:setUpClass): 204 PUT http://10.180.1.21/image/v2/images/5d6aba39-a3d6-445f-81f1-2aca23bee84f/file 0.934s
2025-02-09 03:57:17.061 64689 INFO tempest.lib.common.rest_client [req-828e449c-efd9-46c8-b3ac-f7a60d376c54 req-828e449c-efd9-46c8-b3ac-f7a60d376c54 ] Request (ServerActionsTestJSON:setUpClass): 200 GET http://10.180.1.21/compute/v2.1/servers/7230b129-84a2-4516-b0a2-b7fbad519083 1.239s
2025-02-09 03:57:17.177 64711 INFO tempest.lib.common.rest_client [req-2b36ca23-927d-46ec-9252-1a3c56b7a52a req-2b36ca23-927d-46ec-9252-1a3c56b7a52a ] Request (ServerActionsV293TestJSON:setUpClass): 200 GET http://10.180.1.21/compute/v2.1/servers/d58b4160-af70-4417-a50e-85fdc15704f8 1.273s
2025-02-09 03:57:17.210 64737 INFO tempest.lib.common.rest_client [req-0122a618-2344-4787-a4c2-4168a9c15852 req-0122a618-2344-4787-a4c2-4168a9c15852 ] Request (ServerRescueNegativeTestJSON:test_rescued_vm_attach_volume): 409 POST http://10.180.1.21/compute/v2.1/servers/2e709e94-117f-438d-b3d3-22b046a7294f/os-volume_attachments 1.257s
2025-02-09 03:57:17.290 64685 INFO tempest.lib.common.rest_client [req-8b0800ea-3866-4e7b-a20b-8cd1b9db7729 req-8b0800ea-3866-4e7b-a20b-8cd1b9db7729 ] Request (InstanceActionsV221TestJSON:test_get_list_deleted_instance_actions): 200 GET http://10.180.1.21/compute/v2.1/servers/e0b0a1e9-1eb2-4b7d-bdd0-2666b8b0b565 1.299s
2025-02-09 03:57:17.300 64745 WARNING tempest.lib.common.ssh [-] Failed to establish authenticated ssh connection to cirros@10.180.180.237 ([Errno None] Unable to connect to port 22 on 10.180.180.237). Number attempts: 1. Retry after 2 seconds.: paramiko.ssh_exception.NoValidConnectionsError: [Errno None] Unable to connect to port 22 on 10.180.180.237
2025-02-09 03:57:17.302 64685 INFO tempest.common.waiters [-] State transition "BUILD/None" ==> "BUILD/networking" after 26 second wait
2025-02-09 03:57:17.356 64691 INFO tempest.lib.common.rest_client [req-9aefd6cc-2581-4fc4-8a16-270246b87b24 req-9aefd6cc-2581-4fc4-8a16-270246b87b24 ] Request (MultipleCreateTestJSON:test_multiple_create): 200 GET http://10.180.1.21/compute/v2.1/servers/012d0343-ebd5-4d27-ab08-020cdbe6b134 1.297s
2025-02-09 03:57:17.368 64691 INFO tempest.common.waiters [-] State transition "BUILD/scheduling" ==> "BUILD/None" after 10 second wait
2025-02-09 03:57:17.384 64703 WARNING tempest.lib.common.ssh [-] Failed to establish authenticated ssh connection to cirros@10.180.180.236 ([Errno None] Unable to connect to port 22 on 10.180.180.236). Number attempts: 1. Retry after 2 seconds.: paramiko.ssh_exception.NoValidConnectionsError: [Errno None] Unable to connect to port 22 on 10.180.180.236
2025-02-09 03:57:17.418 64723 INFO tempest.lib.common.rest_client [req-636325cd-2d47-4f3f-9fe3-f91b6d258c9b req-636325cd-2d47-4f3f-9fe3-f91b6d258c9b ] Request (ImagesTestJSON:test_create_image_from_suspended_server): 200 GET http://10.180.1.21/compute/v2.1/servers/6119d924-a4d4-4da6-9156-a76d577c0f65 1.347s
2025-02-09 03:57:17.476 64733 INFO tempest.lib.common.rest_client [req-df33ea05-eff1-4292-811d-de1c078705e0 req-df33ea05-eff1-4292-811d-de1c078705e0 ] Request (ServerMetadataNegativeTestJSON:setUpClass): 200 GET http://10.180.1.21/compute/v2.1/servers/f9039857-5f06-4c52-9240-a4f854f08b45 1.325s
2025-02-09 03:57:17.552 64707 INFO tempest.lib.common.rest_client [req-e27afd53-c33f-4c75-9e6c-5eb91d119162 req-e27afd53-c33f-4c75-9e6c-5eb91d119162 ] Request (ImagesNegativeTestJSON:test_create_image_from_deleted_server): 200 GET http://10.180.1.21/compute/v2.1/servers/098ffac6-de4b-4536-9443-b0656cf151f1 1.238s
2025-02-09 03:57:17.927 64693 INFO tempest.lib.common.rest_client [req-d152e53a-5a40-447f-8bf3-a9155b7d1003 req-d152e53a-5a40-447f-8bf3-a9155b7d1003 ] Request (DeleteServersAdminTestJSON:test_delete_server_while_in_error_state): 200 GET http://10.180.1.21/compute/v2.1/servers/b5dd250e-74ab-41ff-9874-8098ea178e03 1.570s
2025-02-09 03:57:18.018 64731 INFO tempest.lib.common.rest_client [req-b5534531-b163-4682-aaeb-822bf61e06a4 req-b5534531-b163-4682-aaeb-822bf61e06a4 ] Request (ServerDiagnosticsTest:test_get_server_diagnostics): 200 GET http://10.180.1.21/compute/v2.1/servers/50f6d892-f128-4f5c-bfc4-6b9a34661950 1.635s
2025-02-09 03:57:18.220 64721 INFO tempest.lib.common.rest_client [req-a69cc7fd-dc57-4361-9873-e418a5ff416d req-a69cc7fd-dc57-4361-9873-e418a5ff416d ] Request (MigrationsAdminTest:test_list_migrations_in_flavor_resize_situation): 200 GET http://10.180.1.21/compute/v2.1/servers/8a8b5ca1-d551-4876-be84-e93404f98db9 1.618s
2025-02-09 03:57:18.251 64743 INFO tempest.lib.common.rest_client [req-c975a506-5822-4d97-b276-6d715a269798 req-c975a506-5822-4d97-b276-6d715a269798 ] Request (ServersAdminNegativeTestJSON:test_resize_server_using_overlimit_vcpus): 200 POST http://10.180.1.21/compute/v2.1/flavors 1.546s
2025-02-09 03:57:18.322 64717 INFO tempest.lib.common.rest_client [req-05f0e427-1ef7-4550-ad17-e7411c8a88bc req-05f0e427-1ef7-4550-ad17-e7411c8a88bc ] Request (ServerActionsTestOtherB:setUpClass): 200 GET http://10.180.1.21/compute/v2.1/servers/f4ce314a-6cff-4aaa-af80-39083007e4cd 1.564s
2025-02-09 03:57:18.383 64713 INFO tempest.lib.common.rest_client [req-94fdd787-68ec-4295-9fc6-ea46f4325bbf req-94fdd787-68ec-4295-9fc6-ea46f4325bbf ] Request (ServerTagsTestJSON:test_create_delete_tag): 204 DELETE http://10.180.1.21/compute/v2.1/servers/50e0771f-fe7f-4a43-8ef3-f0644bd41eb6/tags/tempest-tag-1255358111 1.557s
2025-02-09 03:57:18.395 64729 INFO tempest.lib.common.rest_client [req-4e0ad327-68d3-4be1-b095-ccbd8a6f2364 req-4e0ad327-68d3-4be1-b095-ccbd8a6f2364 ] Request (AttachInterfacesV270Test:test_create_get_list_interfaces): 400 POST http://10.180.1.21/compute/v2.1/servers/5195e384-56a4-49ab-a1cc-a0badefeef61/os-interface 3.498s
2025-02-09 03:57:18.480 64727 INFO tempest.lib.common.rest_client [req-366f4e74-1436-4736-ba2a-64562b0a0848 req-366f4e74-1436-4736-ba2a-64562b0a0848 ] Request (FloatingIPsAssociationTestJSON:setUpClass): 200 GET http://10.180.1.21/compute/v2.1/servers/a9443c1d-3c52-4605-8197-ecfac838e125 1.458s
2025-02-09 03:57:18.524 64719 INFO tempest.lib.common.rest_client [req-7e3aab7f-e4d0-47c7-a7ae-bf63cb295b77 req-7e3aab7f-e4d0-47c7-a7ae-bf63cb295b77 ] Request (ListImageFiltersTestJSON:setUpClass): 200 GET http://10.180.1.21/compute/v2.1/images/5d6aba39-a3d6-445f-81f1-2aca23bee84f 1.495s
2025-02-09 03:57:18.531 64725 INFO tempest.lib.common.rest_client [req-6ae76195-853f-4f09-9e50-22e730b40a80 req-6ae76195-853f-4f09-9e50-22e730b40a80 ] Request (ServerGroupTestJSON:setUp): 200 POST http://10.180.1.21/compute/v2.1/os-server-groups 1.635s
2025-02-09 03:57:18.593 64737 INFO tempest.lib.common.rest_client [req-1886a2e5-5be4-4683-81b9-fafdb743731f req-1886a2e5-5be4-4683-81b9-fafdb743731f ] Request (ServerRescueNegativeTestJSON:_run_cleanups): 202 POST http://10.180.1.21/compute/v2.1/servers/2e709e94-117f-438d-b3d3-22b046a7294f/action 1.382s
2025-02-09 03:57:18.649 64741 INFO tempest.lib.common.rest_client [req-636504f1-3411-450f-98f5-061121aef8ab req-636504f1-3411-450f-98f5-061121aef8ab ] Request (ListServerFiltersTestJSON:test_list_servers_filter_by_shutoff_status): 200 GET http://10.180.1.21/compute/v2.1/servers/a9e67613-f7b4-4164-9212-2accfbddfdd1 1.494s
2025-02-09 03:57:18.723 64705 INFO tempest.lib.common.rest_client [req-307d5da0-eb5d-4591-ac73-b42d2aeb5826 req-307d5da0-eb5d-4591-ac73-b42d2aeb5826 ] Request (ServerDiagnosticsNegativeTest:tearDownClass): 200 GET http://10.180.1.21/compute/v2.1/servers/10626bbb-7618-483f-8fc6-fc44870fc3ee 1.305s
2025-02-09 03:57:18.782 64697 INFO tempest.lib.common.rest_client [req-fa739388-ece4-4194-b671-b2e19e2ab1af req-fa739388-ece4-4194-b671-b2e19e2ab1af ] Request (ServersNegativeTestMultiTenantJSON:setUpClass): 200 GET http://10.180.1.21/compute/v2.1/servers/aa78caf1-57b9-43ab-9dfb-8418d0c8cb34 1.299s
2025-02-09 03:57:18.843 64710 INFO tempest.lib.common.rest_client [req-2807b357-444b-4fca-9c97-d1a5d5ee6021 req-2807b357-444b-4fca-9c97-d1a5d5ee6021 ] Request (ServersTestFqdnHostnames:test_create_server_with_fqdn_name): 200 GET http://10.180.1.21/compute/v2.1/servers/44842841-3c29-4b60-84f9-8b95dd62b107 1.296s
2025-02-09 03:57:18.879 64701 INFO tempest.lib.common.rest_client [req-7d28aaaf-233e-40f0-8f44-3ab40b300d3d req-7d28aaaf-233e-40f0-8f44-3ab40b300d3d ] Request (AttachVolumeShelveTestJSON:setUpClass): 200 PUT http://10.180.1.21:9696/networking/v2.0/routers/5f14eb0c-1149-455a-8aa9-c912cc5cc519/add_router_interface 2.228s
2025-02-09 03:57:18.879 64701 INFO tempest.lib.common.dynamic_creds [-] Created isolated network resources for: credentials: Credentials: {'domain_id': 'default', 'domain_name': 'Default', 'username': 'tempest-AttachVolumeShelveTestJSON-1233363058-project-member', 'project_domain_id': 'default', 'project_domain_name': 'Default', 'project_id': 'e3e1106b9d9d430696d499b50b65a3e8', 'project_name': 'tempest-AttachVolumeShelveTestJSON-1233363058', 'tenant_id': 'e3e1106b9d9d430696d499b50b65a3e8', 'tenant_name': 'tempest-AttachVolumeShelveTestJSON-1233363058', 'user_domain_id': 'default', 'user_domain_name': 'Default', 'user_id': '331e13814c9b4b2c93b075a407e4dcb8', 'system': None}, Network: {'id': 'eed5fe01-c931-4275-bae2-10a37f4673dc', 'name': 'tempest-AttachVolumeShelveTestJSON-630039645-network', 'tenant_id': 'e3e1106b9d9d430696d499b50b65a3e8', 'admin_state_up': True, 'mtu': 8950, 'status': 'ACTIVE', 'subnets': [], 'shared': False, 'project_id': 'e3e1106b9d9d430696d499b50b65a3e8', 'port_security_enabled': True, 'router:external': False, 'provider:network_type': 'vlan', 'provider:physical_network': 'default', 'provider:segmentation_id': 465, 'availability_zone_hints': [], 'availability_zones': [], 'ipv4_address_scope': None, 'ipv6_address_scope': None, 'description': '', 'tags': [], 'created_at': '2025-02-09T03:57:15Z', 'updated_at': '2025-02-09T03:57:15Z', 'revision_number': 1}, Subnet: {'id': 'f56850db-48a9-49c3-ad91-db96a45c03af', 'name': 'tempest-AttachVolumeShelveTestJSON-630039645-subnet', 'tenant_id': 'e3e1106b9d9d430696d499b50b65a3e8', 'network_id': 'eed5fe01-c931-4275-bae2-10a37f4673dc', 'ip_version': 4, 'subnetpool_id': None, 'enable_dhcp': True, 'ipv6_ra_mode': None, 'ipv6_address_mode': None, 'gateway_ip': '192.168.128.1', 'cidr': '192.168.128.0/28', 'allocation_pools': [{'start': '192.168.128.2', 'end': '192.168.128.14'}], 'host_routes': [], 'dns_nameservers': [], 'description': '', 'router:external': False, 'service_types': [], 'tags': [], 'created_at': '2025-02-09T03:57:15Z', 'updated_at': '2025-02-09T03:57:15Z', 'revision_number': 0, 'project_id': 'e3e1106b9d9d430696d499b50b65a3e8'}, Router: {'id': '5f14eb0c-1149-455a-8aa9-c912cc5cc519', 'name': 'tempest-AttachVolumeShelveTestJSON-630039645-router', 'tenant_id': 'e3e1106b9d9d430696d499b50b65a3e8', 'admin_state_up': True, 'status': 'ACTIVE', 'external_gateway_info': {'network_id': '85e25fe6-a5a8-48f2-bb3e-9061e7d8b10b', 'external_fixed_ips': [{'subnet_id': 'e3b1fcc0-a51b-4269-a65a-d7b5187d7eb9', 'ip_address': '10.180.180.178'}], 'enable_snat': True}, 'description': '', 'availability_zones': [], 'distributed': False, 'ha': False, 'availability_zone_hints': [], 'routes': [], 'flavor_id': None, 'tags': [], 'created_at': '2025-02-09T03:57:15Z', 'updated_at': '2025-02-09T03:57:16Z', 'revision_number': 2, 'project_id': 'e3e1106b9d9d430696d499b50b65a3e8'}
2025-02-09 03:57:18.901 64715 INFO tempest.lib.common.rest_client [req-3891ec18-23ad-4e84-bd59-a54a3ab38c66 req-3891ec18-23ad-4e84-bd59-a54a3ab38c66 ] Request (DeleteServersTestJSON:test_delete_server_while_in_attached_volume): 200 GET http://10.180.1.21/compute/v2.1/servers/af787b6c-db9c-4ba3-b4ab-97c5e1ace0f6 1.581s
2025-02-09 03:57:18.956 64699 INFO tempest.lib.common.rest_client [req-6c7eb861-feb3-4a9b-8a0c-a62ede2f8301 req-6c7eb861-feb3-4a9b-8a0c-a62ede2f8301 ] Request (ServersAdmin275Test:tearDownClass): 200 GET http://10.180.1.21/compute/v2.1/servers/2c3b497a-2756-4f21-8882-a6734f88ad52 1.145s
2025-02-09 03:57:18.983 64701 INFO tempest.lib.common.rest_client [req-0b21ffb4-2f16-4c40-88ba-693d2c58c9dc req-0b21ffb4-2f16-4c40-88ba-693d2c58c9dc ] Request (AttachVolumeShelveTestJSON:setUpClass): 201 POST http://10.180.1.21/identity/v3/auth/tokens 0.101s
2025-02-09 03:57:19.013 64711 INFO tempest.lib.common.rest_client [req-5a0140f1-39fb-4415-bc2d-d96e6ba4900f req-5a0140f1-39fb-4415-bc2d-d96e6ba4900f ] Request (ServerActionsV293TestJSON:setUpClass): 200 GET http://10.180.1.21/compute/v2.1/servers/d58b4160-af70-4417-a50e-85fdc15704f8 0.821s
2025-02-09 03:57:19.060 64689 INFO tempest.lib.common.rest_client [req-6ee2e8e7-84cd-43a0-9323-3f7d242bfaf7 req-6ee2e8e7-84cd-43a0-9323-3f7d242bfaf7 ] Request (ServerActionsTestJSON:setUpClass): 200 GET http://10.180.1.21/compute/v2.1/servers/7230b129-84a2-4516-b0a2-b7fbad519083 0.987s
2025-02-09 03:57:19.098 64743 INFO tempest.lib.common.rest_client [req-e44cfa81-a809-436e-89ba-05608d93af25 req-e44cfa81-a809-436e-89ba-05608d93af25 ] Request (ServersAdminNegativeTestJSON:test_resize_server_using_overlimit_vcpus): 403 POST http://10.180.1.21/compute/v2.1/servers/24265a32-860b-44ea-b35b-3c3972e00d41/action 0.844s
2025-02-09 03:57:19.145 64691 INFO tempest.lib.common.rest_client [req-47729d1e-76f6-4c4c-bd8a-26da1689761c req-47729d1e-76f6-4c4c-bd8a-26da1689761c ] Request (MultipleCreateTestJSON:test_multiple_create): 200 GET http://10.180.1.21/compute/v2.1/servers/012d0343-ebd5-4d27-ab08-020cdbe6b134 0.776s
2025-02-09 03:57:19.160 64685 INFO tempest.lib.common.rest_client [req-2657c345-3268-4a17-9f58-766ed06fd47f req-2657c345-3268-4a17-9f58-766ed06fd47f ] Request (InstanceActionsV221TestJSON:test_get_list_deleted_instance_actions): 200 GET http://10.180.1.21/compute/v2.1/servers/e0b0a1e9-1eb2-4b7d-bdd0-2666b8b0b565 0.857s
2025-02-09 03:57:19.161 64713 INFO tempest.lib.common.rest_client [req-a98acaad-28b9-4082-9f6b-af5ec5b28f70 req-a98acaad-28b9-4082-9f6b-af5ec5b28f70 ] Request (ServerTagsTestJSON:test_create_delete_tag): 200 GET http://10.180.1.21/compute/v2.1/servers/50e0771f-fe7f-4a43-8ef3-f0644bd41eb6/tags 0.777s
2025-02-09 03:57:19.169 64685 INFO tempest.common.waiters [-] State transition "BUILD/networking" ==> "BUILD/spawning" after 28 second wait
2025-02-09 03:57:19.211 64723 INFO tempest.lib.common.rest_client [req-e57c6231-9889-4cf8-b2b3-f86fb5ea74b0 req-e57c6231-9889-4cf8-b2b3-f86fb5ea74b0 ] Request (ImagesTestJSON:test_create_image_from_suspended_server): 200 GET http://10.180.1.21/compute/v2.1/servers/6119d924-a4d4-4da6-9156-a76d577c0f65 0.780s
2025-02-09 03:57:19.234 64729 INFO tempest.lib.common.rest_client [req-2b303370-2a76-4f96-b8ef-89c8c77334b6 req-2b303370-2a76-4f96-b8ef-89c8c77334b6 ] Request (AttachInterfacesV270Test:tearDownClass): 204 DELETE http://10.180.1.21/compute/v2.1/servers/5195e384-56a4-49ab-a1cc-a0badefeef61 0.836s
2025-02-09 03:57:19.262 64733 INFO tempest.lib.common.rest_client [req-07e21ca3-536a-4716-a4c1-53c41237941e req-07e21ca3-536a-4716-a4c1-53c41237941e ] Request (ServerMetadataNegativeTestJSON:setUpClass): 200 GET http://10.180.1.21/compute/v2.1/servers/f9039857-5f06-4c52-9240-a4f854f08b45 0.777s
2025-02-09 03:57:19.276 64719 INFO tempest.lib.common.rest_client [req-d5b2057f-75b6-4caf-9f1d-fee3938c0182 req-d5b2057f-75b6-4caf-9f1d-fee3938c0182 ] Request (ListImageFiltersTestJSON:setUpClass): 200 GET http://10.180.1.21/compute/v2.1/images/5d6aba39-a3d6-445f-81f1-2aca23bee84f 0.749s
2025-02-09 03:57:19.316 64725 INFO tempest.lib.common.rest_client [req-73d684cb-2d8d-4f2a-b338-da0423121f06 req-73d684cb-2d8d-4f2a-b338-da0423121f06 ] Request (ServerGroupTestJSON:test_create_delete_multiple_server_groups_with_same_name_policy): 200 POST http://10.180.1.21/compute/v2.1/os-server-groups 0.783s
2025-02-09 03:57:19.329 64707 INFO tempest.lib.common.rest_client [req-d3f6fd26-eadb-4bc8-91ab-71ad87d20ce8 req-d3f6fd26-eadb-4bc8-91ab-71ad87d20ce8 ] Request (ImagesNegativeTestJSON:test_create_image_from_deleted_server): 200 GET http://10.180.1.21/compute/v2.1/servers/098ffac6-de4b-4536-9443-b0656cf151f1 0.763s
2025-02-09 03:57:19.340 64719 INFO tempest.lib.common.rest_client [req-7baac368-65df-45fa-8787-3fc73a3db0f0 req-7baac368-65df-45fa-8787-3fc73a3db0f0 ] Request (ListImageFiltersTestJSON:setUpClass): 201 POST http://10.180.1.21/identity/v3/auth/tokens 0.058s
2025-02-09 03:57:19.341 64719 INFO tempest.lib.common.fixed_network [-] (ListImageFiltersTestJSON:setUpClass) Found network None available for tenant
2025-02-09 03:57:19.444 64737 INFO tempest.lib.common.rest_client [req-cba4b5fa-ad2d-4522-8da9-092dd24e876d req-cba4b5fa-ad2d-4522-8da9-092dd24e876d ] Request (ServerRescueNegativeTestJSON:_run_cleanups): 200 GET http://10.180.1.21/compute/v2.1/servers/2e709e94-117f-438d-b3d3-22b046a7294f 0.851s
2025-02-09 03:57:19.459 64693 INFO tempest.lib.common.rest_client [req-0d9d577a-d0d6-48cb-9c5c-3d35da299c09 req-0d9d577a-d0d6-48cb-9c5c-3d35da299c09 ] Request (DeleteServersAdminTestJSON:test_delete_server_while_in_error_state): 200 GET http://10.180.1.21/compute/v2.1/servers/b5dd250e-74ab-41ff-9874-8098ea178e03 0.525s
2025-02-09 03:57:19.521 64701 INFO tempest.lib.common.rest_client [req-edba6abc-16b3-4077-9834-58bab51ac264 req-edba6abc-16b3-4077-9834-58bab51ac264 ] Request (ValidationResourcesFixture:setUp): 201 POST http://10.180.1.21/compute/v2.1/os-keypairs 0.536s
2025-02-09 03:57:19.523 64731 INFO tempest.lib.common.rest_client [req-3a8e3af1-b840-4ed7-a87a-70e916125e09 req-3a8e3af1-b840-4ed7-a87a-70e916125e09 ] Request (ServerDiagnosticsTest:test_get_server_diagnostics): 200 GET http://10.180.1.21/compute/v2.1/servers/50f6d892-f128-4f5c-bfc4-6b9a34661950 0.493s
2025-02-09 03:57:19.540 64743 INFO tempest.lib.common.rest_client [req-87a7f75a-291f-4d56-b3e6-39a94f161d85 req-87a7f75a-291f-4d56-b3e6-39a94f161d85 ] Request (ServersAdminNegativeTestJSON:_run_cleanups): 202 DELETE http://10.180.1.21/compute/v2.1/flavors/1900785945 0.442s
2025-02-09 03:57:19.567 64713 INFO tempest.lib.common.rest_client [req-d7a9c39f-5bec-48e2-a2a8-a4164f783326 req-d7a9c39f-5bec-48e2-a2a8-a4164f783326 ] Request (ServerTagsTestJSON:_run_cleanups): 204 DELETE http://10.180.1.21/compute/v2.1/servers/50e0771f-fe7f-4a43-8ef3-f0644bd41eb6/tags 0.404s
2025-02-09 03:57:19.772 64701 INFO tempest.lib.common.rest_client [req-43a813a1-900a-419c-acdc-ab1808a4ad94 req-43a813a1-900a-419c-acdc-ab1808a4ad94 ] Request (ValidationResourcesFixture:setUp): 201 POST http://10.180.1.21:9696/networking/v2.0/security-groups 0.249s
2025-02-09 03:57:19.777 64721 INFO tempest.lib.common.rest_client [req-64aeeeb2-2aa2-493d-95f8-6558f549ffdf req-64aeeeb2-2aa2-493d-95f8-6558f549ffdf ] Request (MigrationsAdminTest:test_list_migrations_in_flavor_resize_situation): 200 GET http://10.180.1.21/compute/v2.1/servers/8a8b5ca1-d551-4876-be84-e93404f98db9 0.548s
2025-02-09 03:57:19.817 64729 INFO tempest.lib.common.rest_client [req-ec1c4fa5-1380-4738-94b7-5394dde94681 req-ec1c4fa5-1380-4738-94b7-5394dde94681 ] Request (AttachInterfacesV270Test:tearDownClass): 200 GET http://10.180.1.21/compute/v2.1/servers/5195e384-56a4-49ab-a1cc-a0badefeef61 0.582s
2025-02-09 03:57:19.879 64725 INFO tempest.lib.common.rest_client [req-fe3d2d73-dca1-422a-9a20-fc669e3cd9e9 req-fe3d2d73-dca1-422a-9a20-fc669e3cd9e9 ] Request (ServerGroupTestJSON:test_create_delete_multiple_server_groups_with_same_name_policy): 200 POST http://10.180.1.21/compute/v2.1/os-server-groups 0.562s
2025-02-09 03:57:19.887 64717 INFO tempest.lib.common.rest_client [req-810e780d-bd48-4bf1-8cc9-2ea9498c8b81 req-810e780d-bd48-4bf1-8cc9-2ea9498c8b81 ] Request (ServerActionsTestOtherB:setUpClass): 200 GET http://10.180.1.21/compute/v2.1/servers/f4ce314a-6cff-4aaa-af80-39083007e4cd 0.552s
2025-02-09 03:57:19.947 64701 INFO tempest.lib.common.rest_client [req-21d63d12-af82-42e3-93da-9e6f50a0741a req-21d63d12-af82-42e3-93da-9e6f50a0741a ] Request (ValidationResourcesFixture:setUp): 201 POST http://10.180.1.21:9696/networking/v2.0/security-group-rules 0.175s
2025-02-09 03:57:19.973 64727 INFO tempest.lib.common.rest_client [req-78db8d21-86a0-4c47-8456-869fc8466b93 req-78db8d21-86a0-4c47-8456-869fc8466b93 ] Request (FloatingIPsAssociationTestJSON:setUpClass): 200 GET http://10.180.1.21/compute/v2.1/servers/a9443c1d-3c52-4605-8197-ecfac838e125 0.485s
2025-02-09 03:57:20.005 64743 INFO tempest.lib.common.rest_client [req-3be93d85-b18d-481e-9bab-ff708f4babdc req-3be93d85-b18d-481e-9bab-ff708f4babdc ] Request (ServersAdminNegativeTestJSON:_run_cleanups): 200 GET http://10.180.1.21/compute/v2.1/flavors/detail 0.464s
2025-02-09 03:57:20.086 64713 INFO tempest.lib.common.rest_client [req-59710f74-d668-462c-93c1-508f2dcad26d req-59710f74-d668-462c-93c1-508f2dcad26d ] Request (ServerTagsTestJSON:test_delete_all_tags): 201 PUT http://10.180.1.21/compute/v2.1/servers/50e0771f-fe7f-4a43-8ef3-f0644bd41eb6/tags/tempest-tag-568706682 0.518s
2025-02-09 03:57:20.190 64701 INFO tempest.lib.common.rest_client [req-445628f8-85de-404e-9834-df1ba17a7232 req-445628f8-85de-404e-9834-df1ba17a7232 ] Request (ValidationResourcesFixture:setUp): 201 POST http://10.180.1.21:9696/networking/v2.0/security-group-rules 0.242s
2025-02-09 03:57:20.219 64719 INFO tempest.lib.common.rest_client [req-6c3f9052-8171-4a17-be78-41af0966f6f6 req-6c3f9052-8171-4a17-be78-41af0966f6f6 ] Request (ListImageFiltersTestJSON:setUpClass): 202 POST http://10.180.1.21/compute/v2.1/servers 0.877s
2025-02-09 03:57:20.267 64719 INFO tempest.lib.common.rest_client [req-74a93adb-c219-4da3-bfc6-71230974565d req-74a93adb-c219-4da3-bfc6-71230974565d ] Request (ListImageFiltersTestJSON:setUpClass): 201 POST http://10.180.1.21/identity/v3/auth/tokens 0.043s
2025-02-09 03:57:20.267 64719 INFO tempest.lib.common.fixed_network [-] (ListImageFiltersTestJSON:setUpClass) Found network None available for tenant
2025-02-09 03:57:20.316 64741 INFO tempest.lib.common.rest_client [req-30bf5f67-8e35-443d-91f2-2e338454776d req-30bf5f67-8e35-443d-91f2-2e338454776d ] Request (ListServerFiltersTestJSON:test_list_servers_filter_by_shutoff_status): 200 GET http://10.180.1.21/compute/v2.1/servers/a9e67613-f7b4-4164-9212-2accfbddfdd1 0.653s
2025-02-09 03:57:20.316 64705 INFO tempest.lib.common.rest_client [req-241a340e-839b-4d4f-af5e-b8a3f3c5ec65 req-241a340e-839b-4d4f-af5e-b8a3f3c5ec65 ] Request (ServerDiagnosticsNegativeTest:tearDownClass): 200 GET http://10.180.1.21/compute/v2.1/servers/10626bbb-7618-483f-8fc6-fc44870fc3ee 0.583s
2025-02-09 03:57:20.366 64745 WARNING tempest.lib.common.ssh [-] Failed to establish authenticated ssh connection to cirros@10.180.180.237 ([Errno None] Unable to connect to port 22 on 10.180.180.237). Number attempts: 2. Retry after 3 seconds.: paramiko.ssh_exception.NoValidConnectionsError: [Errno None] Unable to connect to port 22 on 10.180.180.237
2025-02-09 03:57:20.400 64697 INFO tempest.lib.common.rest_client [req-31713685-2c83-49ea-91fb-59c234a82851 req-31713685-2c83-49ea-91fb-59c234a82851 ] Request (ServersNegativeTestMultiTenantJSON:setUpClass): 200 GET http://10.180.1.21/compute/v2.1/servers/aa78caf1-57b9-43ab-9dfb-8418d0c8cb34 0.606s
2025-02-09 03:57:20.415 64710 INFO tempest.lib.common.rest_client [req-4c1ac906-ecbe-4327-b7f3-9d456c861cc3 req-4c1ac906-ecbe-4327-b7f3-9d456c861cc3 ] Request (ServersTestFqdnHostnames:test_create_server_with_fqdn_name): 200 GET http://10.180.1.21/compute/v2.1/servers/44842841-3c29-4b60-84f9-8b95dd62b107 0.562s
2025-02-09 03:57:20.422 64725 INFO tempest.lib.common.rest_client [req-3259677e-dc2e-4d2a-9af4-6466861669cf req-3259677e-dc2e-4d2a-9af4-6466861669cf ] Request (ServerGroupTestJSON:test_create_delete_multiple_server_groups_with_same_name_policy): 204 DELETE http://10.180.1.21/compute/v2.1/os-server-groups/cc340893-3915-4c57-a16f-c36199ad83d4 0.540s
2025-02-09 03:57:20.428 64703 WARNING tempest.lib.common.ssh [-] Failed to establish authenticated ssh connection to cirros@10.180.180.236 ([Errno None] Unable to connect to port 22 on 10.180.180.236). Number attempts: 2. Retry after 3 seconds.: paramiko.ssh_exception.NoValidConnectionsError: [Errno None] Unable to connect to port 22 on 10.180.180.236
2025-02-09 03:57:20.493 64699 INFO tempest.lib.common.rest_client [req-7e12998c-725c-4ea4-8161-ac08fed9aa64 req-7e12998c-725c-4ea4-8161-ac08fed9aa64 ] Request (ServersAdmin275Test:tearDownClass): 200 GET http://10.180.1.21/compute/v2.1/servers/2c3b497a-2756-4f21-8882-a6734f88ad52 0.523s
2025-02-09 03:57:20.583 64743 INFO tempest.lib.common.rest_client [req-e215c5ce-04de-4538-bc58-2799efdd360c req-e215c5ce-04de-4538-bc58-2799efdd360c ] Request (ServersAdminNegativeTestJSON:tearDownClass): 204 DELETE http://10.180.1.21/compute/v2.1/servers/f65ae1e8-bf63-4c7b-b248-38f8d18ade4a 0.568s
2025-02-09 03:57:20.606 64715 INFO tempest.lib.common.rest_client [req-147bcf74-9228-4de9-9ddb-cdd054048b68 req-147bcf74-9228-4de9-9ddb-cdd054048b68 ] Request (DeleteServersTestJSON:test_delete_server_while_in_attached_volume): 200 GET http://10.180.1.21/compute/v2.1/servers/af787b6c-db9c-4ba3-b4ab-97c5e1ace0f6 0.697s
2025-02-09 03:57:20.615 64715 INFO tempest.common.waiters [-] State transition "BUILD/spawning" ==> "ACTIVE/None" after 37 second wait
2025-02-09 03:57:20.657 64711 INFO tempest.lib.common.rest_client [req-a45ae8cd-504e-4f47-8289-d510d14ef4cd req-a45ae8cd-504e-4f47-8289-d510d14ef4cd ] Request (ServerActionsV293TestJSON:setUpClass): 200 GET http://10.180.1.21/compute/v2.1/servers/d58b4160-af70-4417-a50e-85fdc15704f8 0.629s
2025-02-09 03:57:20.719 64713 INFO tempest.lib.common.rest_client [req-54ba5a2f-5857-4a09-b592-d1a8628a2538 req-54ba5a2f-5857-4a09-b592-d1a8628a2538 ] Request (ServerTagsTestJSON:test_delete_all_tags): 201 PUT http://10.180.1.21/compute/v2.1/servers/50e0771f-fe7f-4a43-8ef3-f0644bd41eb6/tags/tempest-tag-448988561 0.632s
2025-02-09 03:57:20.770 64689 INFO tempest.lib.common.rest_client [req-63dc5955-b444-4bbc-bcda-c08440fa8c79 req-63dc5955-b444-4bbc-bcda-c08440fa8c79 ] Request (ServerActionsTestJSON:setUpClass): 200 GET http://10.180.1.21/compute/v2.1/servers/7230b129-84a2-4516-b0a2-b7fbad519083 0.701s
2025-02-09 03:57:20.786 64691 INFO tempest.lib.common.rest_client [req-2367a35b-c06c-490e-8e90-ecdbe2e5c668 req-2367a35b-c06c-490e-8e90-ecdbe2e5c668 ] Request (MultipleCreateTestJSON:test_multiple_create): 200 GET http://10.180.1.21/compute/v2.1/servers/012d0343-ebd5-4d27-ab08-020cdbe6b134 0.632s
