2025-02-11 14:58:20.226 75164 INFO tempest.lib.common.rest_client [req-b0ac1467-2bb4-4847-861e-96a2dfb25d1c req-b0ac1467-2bb4-4847-861e-96a2dfb25d1c ] Request (DeleteServersAdminTestJSON:test_delete_server_while_in_error_state): 200 GET http://10.180.1.21/compute/v2.1/servers/4551c95a-6b11-4c1e-bdb4-d2766932ffde 0.252s
2025-02-11 14:58:20.293 75144 INFO tempest.lib.common.rest_client [req-0667b153-012d-4e30-945a-3e4072d28cb8 req-0667b153-012d-4e30-945a-3e4072d28cb8 ] Request (AttachInterfacesV270Test:test_create_get_list_interfaces): 200 GET http://10.180.1.21/compute/v2.1/servers/60e9b4e3-6e93-41cd-a333-f3cb17139e7d 0.278s
2025-02-11 14:58:20.328 75171 INFO tempest.lib.common.rest_client [req-5ba095f1-ee46-4a44-94c8-77288258651d req-5ba095f1-ee46-4a44-94c8-77288258651d ] Request (ServersAdmin275Test:test_rebuild_update_server_275): 202 POST http://10.180.1.21/compute/v2.1/servers/712bb5e0-7f8f-431b-a96e-05b5af556ae3/action 0.457s
2025-02-11 14:58:20.355 75152 INFO tempest.lib.common.rest_client [req-076f03da-4bd6-4540-8b63-ec39b48d14f9 req-076f03da-4bd6-4540-8b63-ec39b48d14f9 ] Request (FloatingIPsAssociationTestJSON:tearDownClass): 200 GET http://10.180.1.21/compute/v2.1/servers/c312bea8-238c-4e51-8420-2f16e75eb61c 0.327s
2025-02-11 14:58:20.374 75172 INFO tempest.lib.common.rest_client [req-93ca00bf-b681-481a-89cb-7d441f8ffd68 req-93ca00bf-b681-481a-89cb-7d441f8ffd68 ] Request (ServersTestBootFromVolume:setUpClass): 200 GET http://10.180.1.21/compute/v2.1/servers/d8211648-488c-4fea-b9e6-4cc224a79ef5 0.314s
2025-02-11 14:58:20.403 75160 INFO tempest.lib.common.rest_client [req-c7848956-49ae-4809-9e5c-a88e59025549 req-c7848956-49ae-4809-9e5c-a88e59025549 ] Request (ImagesOneServerNegativeTestJSON:_run_cleanups): 200 GET http://10.180.1.21/compute/v2.1/servers/40aec7d4-4813-496b-9715-581620edf38d 0.322s
2025-02-11 14:58:20.417 75130 INFO tempest.lib.common.rest_client [req-0fad80fa-2594-4b5e-a08b-20bea4a2d00e req-0fad80fa-2594-4b5e-a08b-20bea4a2d00e ] Request (ServersTestJSON:setUpClass): 200 GET http://10.180.1.21/compute/v2.1/servers/7194ba20-8a51-45fa-b7de-6a8070fb3bc8 0.283s
2025-02-11 14:58:20.451 75162 INFO tempest.lib.common.rest_client [req-84acc15c-bbb5-44ef-a68f-5bcde6516264 req-84acc15c-bbb5-44ef-a68f-5bcde6516264 ] Request (MigrationsAdminTest:test_resize_server_revert_deleted_flavor): 200 GET http://10.180.1.21/compute/v2.1/servers/562b786c-1b14-4006-a31d-1de7127cf19d 0.255s
2025-02-11 14:58:20.499 75128 INFO tempest.lib.common.rest_client [req-573b2262-2398-423a-985a-79fd9d230c80 req-573b2262-2398-423a-985a-79fd9d230c80 ] Request (ServerRescueNegativeTestJSON:setUpClass): 200 GET http://10.180.1.21/compute/v2.1/servers/59a18bac-877d-4b56-9afc-1a9923f89db7 0.248s
2025-02-11 14:58:20.553 75134 INFO tempest.lib.common.rest_client [req-6740c93c-d3a6-4b50-a281-872f3c87166c req-6740c93c-d3a6-4b50-a281-872f3c87166c ] Request (ServerExternalEventsTest:tearDownClass): 200 GET http://10.180.1.21/compute/v2.1/servers/82d18aa7-cc38-43cf-8d56-dcb032b9c8a1 0.293s
2025-02-11 14:58:20.659 75171 INFO tempest.lib.common.rest_client [req-8c9a5d8c-fa03-43d7-8905-1c2f0024b9fa req-8c9a5d8c-fa03-43d7-8905-1c2f0024b9fa ] Request (ServersAdmin275Test:_run_cleanups): 200 GET http://10.180.1.21/compute/v2.1/servers/712bb5e0-7f8f-431b-a96e-05b5af556ae3 0.321s
2025-02-11 14:58:20.705 75126 INFO tempest.lib.common.rest_client [req-05ef73d3-c1fa-4ad5-aa5f-b2800082f48d req-05ef73d3-c1fa-4ad5-aa5f-b2800082f48d ] Request (ServersAdminNegativeTestJSON:setUpClass): 200 GET http://10.180.1.21/compute/v2.1/servers/78263f95-a845-4011-84a3-910b0beffd0a 0.240s
2025-02-11 14:58:20.741 75146 INFO tempest.lib.common.rest_client [req-01d43ed2-8880-4943-a003-402fe44aca21 req-01d43ed2-8880-4943-a003-402fe44aca21 ] Request (ServersAdminTestJSON:test_create_server_with_scheduling_hint): 200 GET http://10.180.1.21/compute/v2.1/servers/ed62e3b9-86b0-434e-ab60-484524083671 0.540s
2025-02-11 14:58:20.757 75158 INFO tempest.lib.common.rest_client [req-b7b87be0-0d91-4493-8145-592af0d5ebba req-b7b87be0-0d91-4493-8145-592af0d5ebba ] Request (ImagesOneServerTestJSON:tearDownClass): 200 GET http://10.180.1.21/compute/v2.1/servers/9151c36e-bbb8-47ca-9833-ffd7c07b58e6 0.063s
2025-02-11 14:58:20.802 75151 INFO tempest.lib.common.rest_client [req-28bc0d2a-26a0-4ec2-90c2-29f4932a7fab req-28bc0d2a-26a0-4ec2-90c2-29f4932a7fab ] Request (SecurityGroupsTestJSON:test_server_security_groups): 200 GET http://10.180.1.21/compute/v2.1/servers/382b6fed-cf9b-4daf-aa30-10d96e30aa77 0.057s
2025-02-11 14:58:20.830 75174 INFO tempest.lib.common.rest_client [req-ea3f9c5c-a4ab-4b91-a371-6438f7832725 req-ea3f9c5c-a4ab-4b91-a371-6438f7832725 ] Request (ServersTestFqdnHostnames:test_create_server_with_fqdn_name): 200 GET http://10.180.1.21/compute/v2.1/servers/b398d1e4-cb1d-4480-b67c-a7d4bbe535fd 0.095s
2025-02-11 14:58:20.848 75166 INFO tempest.lib.common.rest_client [req-e997cc32-0335-4551-869c-c701138f01c6 req-e997cc32-0335-4551-869c-c701138f01c6 ] Request (MultipleCreateTestJSON:test_multiple_create_with_reservation_return): 200 GET http://10.180.1.21/compute/v2.1/servers/0739e12b-4800-4c27-9752-a52b10dd4d0c 0.049s
2025-02-11 14:58:20.876 75176 INFO tempest.lib.common.rest_client [req-d0c9bdc7-bb0f-4f83-8970-a1ef9b048d36 req-d0c9bdc7-bb0f-4f83-8970-a1ef9b048d36 ] Request (ServerPasswordTestJSON:setUpClass): 200 GET http://10.180.1.21/compute/v2.1/servers/cdd0f2e3-948a-4117-9455-fbfe561ba7dd 0.068s
2025-02-11 14:58:20.914 75114 INFO tempest.lib.common.rest_client [req-bf56eb78-b200-4430-8c03-61c80e4e82fc req-bf56eb78-b200-4430-8c03-61c80e4e82fc ] Request (AttachVolumeTestJSON:test_attach_detach_volume): 200 GET http://10.180.1.21/compute/v2.1/servers/dd612fd8-83f6-4778-b590-4dbdaada56a1 0.048s
2025-02-11 14:58:20.959 75120 INFO tempest.lib.common.rest_client [req-f05147a5-c08c-4b05-b7f0-816939c1015d req-f05147a5-c08c-4b05-b7f0-816939c1015d ] Request (DeleteServersTestJSON:test_delete_active_server): 200 GET http://10.180.1.21/compute/v2.1/servers/c83e56bd-9228-4d3c-b06a-1f26789bb6d6 0.048s
2025-02-11 14:58:20.978 75140 INFO tempest.lib.common.rest_client [req-bcc1f998-b155-45fa-8057-dcd59d403abd req-bcc1f998-b155-45fa-8057-dcd59d403abd ] Request (AttachInterfacesUnderV243Test:test_add_remove_fixed_ip): 200 GET http://10.180.1.21/compute/v2.1/servers/06425207-1a60-4041-a077-da76149d816b 0.050s
2025-02-11 14:58:21.019 75142 INFO tempest.lib.common.rest_client [req-a9bd5d55-6f65-4312-a6ca-c9dce55575a2 req-a9bd5d55-6f65-4312-a6ca-c9dce55575a2 ] Request (VolumesAdminNegativeTest:test_update_attached_volume_with_nonexistent_volume_in_body): 200 GET http://10.180.1.21/compute/v2.1/servers/0ef75929-9e72-45de-998c-80edc2ba18c7 0.052s
2025-02-11 14:58:21.047 75168 INFO tempest.lib.common.rest_client [req-998015d6-4a20-455a-b9bd-2f675a634d12 req-998015d6-4a20-455a-b9bd-2f675a634d12 ] Request (ListImageFiltersTestJSON:setUpClass): 200 GET http://10.180.1.21/compute/v2.1/images/f8440f39-fdea-4e0c-8a31-efd78b4c0430 0.043s
2025-02-11 14:58:21.051 75138 INFO tempest.lib.common.rest_client [req-8f9e80dd-9bd5-4357-b3dd-c3b68788b2db req-8f9e80dd-9bd5-4357-b3dd-c3b68788b2db ] Request (ServerMetadataNegativeTestJSON:tearDownClass): 200 GET http://10.180.1.21/compute/v2.1/servers/a137e775-782b-4a9f-9d1a-aca973bb79fd 0.055s
2025-02-11 14:58:21.112 75148 INFO tempest.lib.common.rest_client [req-93aa9c45-3ff3-4fcb-b97f-dec4b83baaf7 req-93aa9c45-3ff3-4fcb-b97f-dec4b83baaf7 ] Request (AttachInterfacesTestJSON:test_create_list_show_delete_interfaces_by_fixed_ip): 200 GET http://10.180.1.21/compute/v2.1/servers/f5d820af-177b-480c-aee2-f3e7351b27b9 0.054s
2025-02-11 14:58:21.183 75156 INFO tempest.lib.common.rest_client [req-2bb58327-23e4-43c5-b56d-30c68252e483 req-2bb58327-23e4-43c5-b56d-30c68252e483 ] Request (TenantUsagesTestJSON:tearDownClass): 200 GET http://10.180.1.21/compute/v2.1/servers/74028176-fab3-404b-9039-2a3bc317fe95 0.060s
2025-02-11 14:58:21.219 75132 INFO tempest.lib.common.rest_client [req-4a39f429-8024-42aa-91f0-ecdb006c2ce0 req-4a39f429-8024-42aa-91f0-ecdb006c2ce0 ] Request (ServerDiskConfigTestJSON:test_rebuild_server_with_manual_disk_config): 200 GET http://10.180.1.21/compute/v2.1/servers/7e99921c-1329-48b3-9ab6-695f6c952e8b 0.048s
2025-02-11 14:58:21.289 75164 INFO tempest.lib.common.rest_client [req-8f83eab5-e469-409d-9128-492a7be03f15 req-8f83eab5-e469-409d-9128-492a7be03f15 ] Request (DeleteServersAdminTestJSON:test_delete_server_while_in_error_state): 200 GET http://10.180.1.21/compute/v2.1/servers/4551c95a-6b11-4c1e-bdb4-d2766932ffde 0.055s
2025-02-11 14:58:21.353 75144 INFO tempest.lib.common.rest_client [req-a0bc4835-0dd0-4aea-bbb8-4ad7352d56d2 req-a0bc4835-0dd0-4aea-bbb8-4ad7352d56d2 ] Request (AttachInterfacesV270Test:test_create_get_list_interfaces): 200 GET http://10.180.1.21/compute/v2.1/servers/60e9b4e3-6e93-41cd-a333-f3cb17139e7d 0.050s
2025-02-11 14:58:21.419 75152 INFO tempest.lib.common.rest_client [req-56fee5cb-9fbc-497c-91cb-da2db47c3355 req-56fee5cb-9fbc-497c-91cb-da2db47c3355 ] Request (FloatingIPsAssociationTestJSON:tearDownClass): 200 GET http://10.180.1.21/compute/v2.1/servers/c312bea8-238c-4e51-8420-2f16e75eb61c 0.055s
2025-02-11 14:58:21.428 75172 INFO tempest.lib.common.rest_client [req-627474e6-5688-435b-8a93-5c69d3817297 req-627474e6-5688-435b-8a93-5c69d3817297 ] Request (ServersTestBootFromVolume:setUpClass): 200 GET http://10.180.1.21/compute/v2.1/servers/d8211648-488c-4fea-b9e6-4cc224a79ef5 0.047s
2025-02-11 14:58:21.471 75160 INFO tempest.lib.common.rest_client [req-1c233a35-c08d-4221-a610-a9ef47102162 req-1c233a35-c08d-4221-a610-a9ef47102162 ] Request (ImagesOneServerNegativeTestJSON:_run_cleanups): 200 GET http://10.180.1.21/compute/v2.1/servers/40aec7d4-4813-496b-9715-581620edf38d 0.060s
2025-02-11 14:58:21.473 75130 INFO tempest.lib.common.rest_client [req-e45f20ff-bf8e-41cf-baca-22fa2f216a0c req-e45f20ff-bf8e-41cf-baca-22fa2f216a0c ] Request (ServersTestJSON:setUpClass): 200 GET http://10.180.1.21/compute/v2.1/servers/7194ba20-8a51-45fa-b7de-6a8070fb3bc8 0.047s
2025-02-11 14:58:21.517 75162 INFO tempest.lib.common.rest_client [req-719b4313-0cce-41b0-bd76-7fb366c0c312 req-719b4313-0cce-41b0-bd76-7fb366c0c312 ] Request (MigrationsAdminTest:test_resize_server_revert_deleted_flavor): 200 GET http://10.180.1.21/compute/v2.1/servers/562b786c-1b14-4006-a31d-1de7127cf19d 0.057s
2025-02-11 14:58:21.556 75128 INFO tempest.lib.common.rest_client [req-a2b0aff7-1594-48a8-b092-441141018bf3 req-a2b0aff7-1594-48a8-b092-441141018bf3 ] Request (ServerRescueNegativeTestJSON:setUpClass): 200 GET http://10.180.1.21/compute/v2.1/servers/59a18bac-877d-4b56-9afc-1a9923f89db7 0.047s
2025-02-11 14:58:21.581 75134 INFO tempest.lib.common.rest_client [req-fe9998bb-ee0b-44b1-bc5d-b66a564b5096 req-fe9998bb-ee0b-44b1-bc5d-b66a564b5096 ] Request (ServerExternalEventsTest:tearDownClass): 404 GET http://10.180.1.21/compute/v2.1/servers/82d18aa7-cc38-43cf-8d56-dcb032b9c8a1 0.020s
2025-02-11 14:58:21.659 75134 INFO tempest.lib.common.rest_client [req-c1ad799f-0e7d-4558-be13-300ef5f5e3f3 req-c1ad799f-0e7d-4558-be13-300ef5f5e3f3 ] Request (ServerExternalEventsTest:tearDownClass): 204 DELETE http://10.180.1.21/identity/v3/users/bac7dc7c08124b64bb64923deac37650 0.077s
2025-02-11 14:58:21.759 75134 INFO tempest.lib.common.rest_client [req-c7987ec0-9f05-4c54-b3aa-5441687283e7 req-c7987ec0-9f05-4c54-b3aa-5441687283e7 ] Request (ServerExternalEventsTest:tearDownClass): 204 DELETE http://10.180.1.21/identity/v3/users/bcec51e4661146659cda85f8c6842d7f 0.100s
2025-02-11 14:58:21.774 75126 INFO tempest.lib.common.rest_client [req-95cbe7be-c3a1-452b-907d-cdc4648b0dd1 req-95cbe7be-c3a1-452b-907d-cdc4648b0dd1 ] Request (ServersAdminNegativeTestJSON:setUpClass): 200 GET http://10.180.1.21/compute/v2.1/servers/78263f95-a845-4011-84a3-910b0beffd0a 0.061s
2025-02-11 14:58:21.778 75171 INFO tempest.lib.common.rest_client [req-28dc2df7-17d3-4237-914c-b02e0c2ccc6f req-28dc2df7-17d3-4237-914c-b02e0c2ccc6f ] Request (ServersAdmin275Test:_run_cleanups): 200 GET http://10.180.1.21/compute/v2.1/servers/712bb5e0-7f8f-431b-a96e-05b5af556ae3 0.104s
2025-02-11 14:58:21.850 75158 INFO tempest.lib.common.rest_client [req-27812d05-739a-4dd4-a87f-e0cdb149ff76 req-27812d05-739a-4dd4-a87f-e0cdb149ff76 ] Request (ImagesOneServerTestJSON:tearDownClass): 200 GET http://10.180.1.21/compute/v2.1/servers/9151c36e-bbb8-47ca-9833-ffd7c07b58e6 0.084s
2025-02-11 14:58:21.879 75134 INFO tempest.lib.common.rest_client [req-9e7cce43-ebfa-454e-b20f-b4345e1aed62 req-9e7cce43-ebfa-454e-b20f-b4345e1aed62 ] Request (ServerExternalEventsTest:tearDownClass): 204 DELETE http://10.180.1.21/identity/v3/users/72fe080936924bb0978030a1891c33f6 0.120s
2025-02-11 14:58:21.879 75134 INFO tempest.lib.common.dynamic_creds [-] Deleting project and security group for project: f87a3e3bf33f445d85c6315cb53aa5f9
2025-02-11 14:58:21.884 75146 INFO tempest.lib.common.rest_client [req-9e102f01-b667-4626-8b38-f0d919fbc381 req-9e102f01-b667-4626-8b38-f0d919fbc381 ] Request (ServersAdminTestJSON:test_create_server_with_scheduling_hint): 200 GET http://10.180.1.21/compute/v2.1/servers/ed62e3b9-86b0-434e-ab60-484524083671 0.135s
2025-02-11 14:58:21.902 75151 INFO tempest.lib.common.rest_client [req-51653963-303d-4921-a4bb-a02da7468ec6 req-51653963-303d-4921-a4bb-a02da7468ec6 ] Request (SecurityGroupsTestJSON:test_server_security_groups): 200 GET http://10.180.1.21/compute/v2.1/servers/382b6fed-cf9b-4daf-aa30-10d96e30aa77 0.091s
2025-02-11 14:58:21.938 75134 INFO tempest.lib.common.rest_client [req-5ea41410-1271-4b1a-8619-2f6dc948a157 req-5ea41410-1271-4b1a-8619-2f6dc948a157 ] Request (ServerExternalEventsTest:tearDownClass): 201 POST http://10.180.1.21/identity/v3/auth/tokens 0.058s
2025-02-11 14:58:21.958 75166 INFO tempest.lib.common.rest_client [req-3ca80d98-4fa6-448a-826b-f88fc3bc8a44 req-3ca80d98-4fa6-448a-826b-f88fc3bc8a44 ] Request (MultipleCreateTestJSON:test_multiple_create_with_reservation_return): 200 GET http://10.180.1.21/compute/v2.1/servers/0739e12b-4800-4c27-9752-a52b10dd4d0c 0.101s
2025-02-11 14:58:21.981 75174 INFO tempest.lib.common.rest_client [req-de27c1d3-cfee-4ab6-83b5-db0859b0a6c8 req-de27c1d3-cfee-4ab6-83b5-db0859b0a6c8 ] Request (ServersTestFqdnHostnames:test_create_server_with_fqdn_name): 200 GET http://10.180.1.21/compute/v2.1/servers/b398d1e4-cb1d-4480-b67c-a7d4bbe535fd 0.141s
2025-02-11 14:58:22.013 75176 INFO tempest.lib.common.rest_client [req-b3d05ba9-044b-4a7d-b70a-4cfbddc3ea65 req-b3d05ba9-044b-4a7d-b70a-4cfbddc3ea65 ] Request (ServerPasswordTestJSON:setUpClass): 200 GET http://10.180.1.21/compute/v2.1/servers/cdd0f2e3-948a-4117-9455-fbfe561ba7dd 0.129s
2025-02-11 14:58:22.044 75114 INFO tempest.lib.common.rest_client [req-c50da3e7-77e3-436f-b37f-3086693fbf95 req-c50da3e7-77e3-436f-b37f-3086693fbf95 ] Request (AttachVolumeTestJSON:test_attach_detach_volume): 200 GET http://10.180.1.21/compute/v2.1/servers/dd612fd8-83f6-4778-b590-4dbdaada56a1 0.122s
2025-02-11 14:58:22.065 75120 INFO tempest.lib.common.rest_client [req-b4a2cb65-7aec-45f6-ab17-a1155f8edc1b req-b4a2cb65-7aec-45f6-ab17-a1155f8edc1b ] Request (DeleteServersTestJSON:test_delete_active_server): 200 GET http://10.180.1.21/compute/v2.1/servers/c83e56bd-9228-4d3c-b06a-1f26789bb6d6 0.098s
2025-02-11 14:58:22.100 75140 INFO tempest.lib.common.rest_client [req-f2cb95c7-44a5-4be8-9f74-71b2332110e0 req-f2cb95c7-44a5-4be8-9f74-71b2332110e0 ] Request (AttachInterfacesUnderV243Test:test_add_remove_fixed_ip): 200 GET http://10.180.1.21/compute/v2.1/servers/06425207-1a60-4041-a077-da76149d816b 0.114s
2025-02-11 14:58:22.125 75142 INFO tempest.lib.common.rest_client [req-2e9cd83b-3cac-42c8-8796-a7c8d0185eb4 req-2e9cd83b-3cac-42c8-8796-a7c8d0185eb4 ] Request (VolumesAdminNegativeTest:test_update_attached_volume_with_nonexistent_volume_in_body): 200 GET http://10.180.1.21/compute/v2.1/servers/0ef75929-9e72-45de-998c-80edc2ba18c7 0.098s
2025-02-11 14:58:22.133 75168 INFO tempest.lib.common.rest_client [req-04b4ac60-a7b4-4184-b12c-9e030ffe17ab req-04b4ac60-a7b4-4184-b12c-9e030ffe17ab ] Request (ListImageFiltersTestJSON:setUpClass): 200 GET http://10.180.1.21/compute/v2.1/images/f8440f39-fdea-4e0c-8a31-efd78b4c0430 0.081s
2025-02-11 14:58:22.134 75134 INFO tempest.lib.common.rest_client [req-acdb8d5c-c6e7-45dd-b514-abedd681c427 req-acdb8d5c-c6e7-45dd-b514-abedd681c427 ] Request (ServerExternalEventsTest:tearDownClass): 200 GET http://10.180.1.21:9696/networking/v2.0/security-groups?tenant_id=f87a3e3bf33f445d85c6315cb53aa5f9&name=default 0.196s
2025-02-11 14:58:22.134 75136 WARNING tempest.lib.common.ssh [-] Failed to establish authenticated ssh connection to cirros@10.180.180.138 ([Errno None] Unable to connect to port 22 on 10.180.180.138). Number attempts: 5. Retry after 6 seconds.: paramiko.ssh_exception.NoValidConnectionsError: [Errno None] Unable to connect to port 22 on 10.180.180.138
2025-02-11 14:58:22.190 75148 INFO tempest.lib.common.rest_client [req-9f289a35-8638-43e5-8031-c4e5c849fb50 req-9f289a35-8638-43e5-8031-c4e5c849fb50 ] Request (AttachInterfacesTestJSON:test_create_list_show_delete_interfaces_by_fixed_ip): 200 GET http://10.180.1.21/compute/v2.1/servers/f5d820af-177b-480c-aee2-f3e7351b27b9 0.070s
2025-02-11 14:58:22.191 75138 INFO tempest.lib.common.rest_client [req-8fdcdca6-cffe-4730-8285-ab1b1fa987e4 req-8fdcdca6-cffe-4730-8285-ab1b1fa987e4 ] Request (ServerMetadataNegativeTestJSON:tearDownClass): 200 GET http://10.180.1.21/compute/v2.1/servers/a137e775-782b-4a9f-9d1a-aca973bb79fd 0.132s
2025-02-11 14:58:22.243 75134 INFO tempest.lib.common.rest_client [req-f534ffc6-c25b-41f2-a912-58364ed51053 req-f534ffc6-c25b-41f2-a912-58364ed51053 ] Request (ServerExternalEventsTest:tearDownClass): 204 DELETE http://10.180.1.21:9696/networking/v2.0/security-groups/c5e1d391-1f1a-4ddc-90ed-9dabb55b10fc 0.109s
2025-02-11 14:58:22.265 75156 INFO tempest.lib.common.rest_client [req-3b022eef-dd38-4785-b36d-0f8315568235 req-3b022eef-dd38-4785-b36d-0f8315568235 ] Request (TenantUsagesTestJSON:tearDownClass): 200 GET http://10.180.1.21/compute/v2.1/servers/74028176-fab3-404b-9039-2a3bc317fe95 0.075s
2025-02-11 14:58:22.288 75132 INFO tempest.lib.common.rest_client [req-a4c909ed-471a-47d5-af58-467308f819bc req-a4c909ed-471a-47d5-af58-467308f819bc ] Request (ServerDiskConfigTestJSON:test_rebuild_server_with_manual_disk_config): 200 GET http://10.180.1.21/compute/v2.1/servers/7e99921c-1329-48b3-9ab6-695f6c952e8b 0.061s
2025-02-11 14:58:22.331 75134 INFO tempest.lib.common.rest_client [req-1d0126cc-1bf2-478c-97e4-079bc2e7fe6a req-1d0126cc-1bf2-478c-97e4-079bc2e7fe6a ] Request (ServerExternalEventsTest:tearDownClass): 204 DELETE http://10.180.1.21/identity/v3/projects/f87a3e3bf33f445d85c6315cb53aa5f9 0.088s
2025-02-11 14:58:22.332 75134 INFO tempest.lib.common.dynamic_creds [-] Deleting project and security group for project: f28bb262af9e4718982f474e5fe3c42f
2025-02-11 14:58:22.379 75164 INFO tempest.lib.common.rest_client [req-5ae3487a-c77e-4367-9e18-72a883acffd6 req-5ae3487a-c77e-4367-9e18-72a883acffd6 ] Request (DeleteServersAdminTestJSON:test_delete_server_while_in_error_state): 200 GET http://10.180.1.21/compute/v2.1/servers/4551c95a-6b11-4c1e-bdb4-d2766932ffde 0.082s
2025-02-11 14:58:22.432 75144 INFO tempest.lib.common.rest_client [req-e67d63b3-d50a-4c7a-b18b-a9ec105635b3 req-e67d63b3-d50a-4c7a-b18b-a9ec105635b3 ] Request (AttachInterfacesV270Test:test_create_get_list_interfaces): 200 GET http://10.180.1.21/compute/v2.1/servers/60e9b4e3-6e93-41cd-a333-f3cb17139e7d 0.070s
2025-02-11 14:58:22.455 75134 INFO tempest.lib.common.rest_client [req-b91d6801-e401-4538-9217-afcd1768b4f8 req-b91d6801-e401-4538-9217-afcd1768b4f8 ] Request (ServerExternalEventsTest:tearDownClass): 200 GET http://10.180.1.21:9696/networking/v2.0/security-groups?tenant_id=f28bb262af9e4718982f474e5fe3c42f&name=default 0.123s
2025-02-11 14:58:22.501 75172 INFO tempest.lib.common.rest_client [req-d869691c-1e19-4df6-82d4-e024844b1c5c req-d869691c-1e19-4df6-82d4-e024844b1c5c ] Request (ServersTestBootFromVolume:setUpClass): 200 GET http://10.180.1.21/compute/v2.1/servers/d8211648-488c-4fea-b9e6-4cc224a79ef5 0.064s
2025-02-11 14:58:22.513 75152 INFO tempest.lib.common.rest_client [req-ac4c9144-b2e5-4ddf-b255-7d56a7f24352 req-ac4c9144-b2e5-4ddf-b255-7d56a7f24352 ] Request (FloatingIPsAssociationTestJSON:tearDownClass): 200 GET http://10.180.1.21/compute/v2.1/servers/c312bea8-238c-4e51-8420-2f16e75eb61c 0.086s
2025-02-11 14:58:22.555 75134 INFO tempest.lib.common.rest_client [req-25a08fff-87da-4c71-890a-17d52e545075 req-25a08fff-87da-4c71-890a-17d52e545075 ] Request (ServerExternalEventsTest:tearDownClass): 204 DELETE http://10.180.1.21:9696/networking/v2.0/security-groups/30e84357-65ff-459b-b03d-19e02dc47f30 0.100s
2025-02-11 14:58:22.587 75130 INFO tempest.lib.common.rest_client [req-3e097cb0-315b-4b0f-b884-57cf3570e50c req-3e097cb0-315b-4b0f-b884-57cf3570e50c ] Request (ServersTestJSON:setUpClass): 200 GET http://10.180.1.21/compute/v2.1/servers/7194ba20-8a51-45fa-b7de-6a8070fb3bc8 0.106s
2025-02-11 14:58:22.595 75160 INFO tempest.lib.common.rest_client [req-9a04e222-4c28-410e-8b7f-9a037b64e657 req-9a04e222-4c28-410e-8b7f-9a037b64e657 ] Request (ImagesOneServerNegativeTestJSON:_run_cleanups): 200 GET http://10.180.1.21/compute/v2.1/servers/40aec7d4-4813-496b-9715-581620edf38d 0.115s
2025-02-11 14:58:22.647 75162 INFO tempest.lib.common.rest_client [req-6f182b33-e375-4034-961c-3eae0402d8da req-6f182b33-e375-4034-961c-3eae0402d8da ] Request (MigrationsAdminTest:test_resize_server_revert_deleted_flavor): 200 GET http://10.180.1.21/compute/v2.1/servers/562b786c-1b14-4006-a31d-1de7127cf19d 0.122s
2025-02-11 14:58:22.652 75128 INFO tempest.lib.common.rest_client [req-04a4b63c-3443-475e-ad2c-b66c593c042e req-04a4b63c-3443-475e-ad2c-b66c593c042e ] Request (ServerRescueNegativeTestJSON:setUpClass): 200 GET http://10.180.1.21/compute/v2.1/servers/59a18bac-877d-4b56-9afc-1a9923f89db7 0.086s
2025-02-11 14:58:22.668 75134 INFO tempest.lib.common.rest_client [req-f83d6afe-e23d-4276-a02b-c833751f8583 req-f83d6afe-e23d-4276-a02b-c833751f8583 ] Request (ServerExternalEventsTest:tearDownClass): 204 DELETE http://10.180.1.21/identity/v3/projects/f28bb262af9e4718982f474e5fe3c42f 0.113s
2025-02-11 14:58:22.669 75134 INFO tempest.lib.common.dynamic_creds [-] Deleting project and security group for project: 90b974577298483587b3ad222db45592
2025-02-11 14:58:22.697 75134 INFO tempest.lib.common.rest_client [req-182d9488-c7c5-4783-b5a9-72f988a3c9b2 req-182d9488-c7c5-4783-b5a9-72f988a3c9b2 ] Request (ServerExternalEventsTest:tearDownClass): 200 GET http://10.180.1.21:9696/networking/v2.0/security-groups?tenant_id=90b974577298483587b3ad222db45592&name=default 0.028s
2025-02-11 14:58:22.775 75134 INFO tempest.lib.common.rest_client [req-39b35063-e01b-442a-b65f-c0a446dd1edf req-39b35063-e01b-442a-b65f-c0a446dd1edf ] Request (ServerExternalEventsTest:tearDownClass): 204 DELETE http://10.180.1.21:9696/networking/v2.0/security-groups/6b218b86-0bfb-4a8c-a748-fabcfa18f4d4 0.078s
2025-02-11 14:58:22.838 75126 INFO tempest.lib.common.rest_client [req-db854978-5e06-419c-8c64-a192ed61008f req-db854978-5e06-419c-8c64-a192ed61008f ] Request (ServersAdminNegativeTestJSON:setUpClass): 200 GET http://10.180.1.21/compute/v2.1/servers/78263f95-a845-4011-84a3-910b0beffd0a 0.055s
2025-02-11 14:58:22.846 75171 INFO tempest.lib.common.rest_client [req-e82f19ad-14af-40e1-8174-82d8a53a712b req-e82f19ad-14af-40e1-8174-82d8a53a712b ] Request (ServersAdmin275Test:_run_cleanups): 200 GET http://10.180.1.21/compute/v2.1/servers/712bb5e0-7f8f-431b-a96e-05b5af556ae3 0.057s
2025-02-11 14:58:22.881 75134 INFO tempest.lib.common.rest_client [req-5f09f567-7ccb-4821-b8e8-820397eb0ee9 req-5f09f567-7ccb-4821-b8e8-820397eb0ee9 ] Request (ServerExternalEventsTest:tearDownClass): 204 DELETE http://10.180.1.21/identity/v3/projects/90b974577298483587b3ad222db45592 0.106s
2025-02-11 14:58:22.919 75158 INFO tempest.lib.common.rest_client [req-2586724b-9742-4870-b1c3-bb8fa0f4e543 req-2586724b-9742-4870-b1c3-bb8fa0f4e543 ] Request (ImagesOneServerTestJSON:tearDownClass): 200 GET http://10.180.1.21/compute/v2.1/servers/9151c36e-bbb8-47ca-9833-ffd7c07b58e6 0.060s
2025-02-11 14:58:22.944 75134 INFO tempest.lib.common.rest_client [req-0edf7d42-c8d8-4eb0-8f41-92da134ecec6 req-0edf7d42-c8d8-4eb0-8f41-92da134ecec6 ] Request (ImagesTestJSON:setUpClass): 201 POST http://10.180.1.21/identity/v3/auth/tokens 0.061s
2025-02-11 14:58:22.966 75151 INFO tempest.lib.common.rest_client [req-17e1e905-2deb-4c0f-9a8c-bdc4029ea229 req-17e1e905-2deb-4c0f-9a8c-bdc4029ea229 ] Request (SecurityGroupsTestJSON:test_server_security_groups): 200 GET http://10.180.1.21/compute/v2.1/servers/382b6fed-cf9b-4daf-aa30-10d96e30aa77 0.054s
2025-02-11 14:58:22.978 75134 INFO tempest.lib.common.rest_client [req-6acedc79-f4ac-485e-9292-2a589ba71704 req-6acedc79-f4ac-485e-9292-2a589ba71704 ] Request (ImagesTestJSON:setUpClass): 201 POST http://10.180.1.21/identity/v3/auth/tokens 0.028s
2025-02-11 14:58:23.001 75134 INFO tempest.lib.common.rest_client [req-80cb39c9-7138-4302-bfc0-44f9492f2b6d req-80cb39c9-7138-4302-bfc0-44f9492f2b6d ] Request (ImagesTestJSON:setUpClass): 200 GET http://10.180.1.21/identity/v3/domains?name=Default 0.023s
2025-02-11 14:58:23.002 75146 INFO tempest.lib.common.rest_client [req-36bf9736-253c-4edb-a2f2-5bb4378a1e5e req-36bf9736-253c-4edb-a2f2-5bb4378a1e5e ] Request (ServersAdminTestJSON:test_create_server_with_scheduling_hint): 200 GET http://10.180.1.21/compute/v2.1/servers/ed62e3b9-86b0-434e-ab60-484524083671 0.110s
2025-02-11 14:58:23.015 75166 INFO tempest.lib.common.rest_client [req-6f99dfdb-5c14-46f8-a6a4-4816a7742039 req-6f99dfdb-5c14-46f8-a6a4-4816a7742039 ] Request (MultipleCreateTestJSON:test_multiple_create_with_reservation_return): 200 GET http://10.180.1.21/compute/v2.1/servers/0739e12b-4800-4c27-9752-a52b10dd4d0c 0.048s
2025-02-11 14:58:23.029 75134 INFO tempest.lib.common.rest_client [req-ba401f00-5fe9-442c-ae62-ac3d0d08bc3b req-ba401f00-5fe9-442c-ae62-ac3d0d08bc3b ] Request (ImagesTestJSON:setUpClass): 201 POST http://10.180.1.21/identity/v3/projects 0.027s
2025-02-11 14:58:23.069 75176 INFO tempest.lib.common.rest_client [req-a95358cc-70a6-4142-858f-35bffbc641b9 req-a95358cc-70a6-4142-858f-35bffbc641b9 ] Request (ServerPasswordTestJSON:setUpClass): 200 GET http://10.180.1.21/compute/v2.1/servers/cdd0f2e3-948a-4117-9455-fbfe561ba7dd 0.049s
2025-02-11 14:58:23.091 75134 INFO tempest.lib.common.rest_client [req-bdcdd794-6fd5-42c2-8fc0-5a45551719ee req-bdcdd794-6fd5-42c2-8fc0-5a45551719ee ] Request (ImagesTestJSON:setUpClass): 201 POST http://10.180.1.21/identity/v3/users 0.061s
2025-02-11 14:58:23.091 75174 INFO tempest.lib.common.rest_client [req-888e57b4-2766-46dd-91b9-9665d3d4e8fe req-888e57b4-2766-46dd-91b9-9665d3d4e8fe ] Request (ServersTestFqdnHostnames:test_create_server_with_fqdn_name): 200 GET http://10.180.1.21/compute/v2.1/servers/b398d1e4-cb1d-4480-b67c-a7d4bbe535fd 0.096s
2025-02-11 14:58:23.111 75134 INFO tempest.lib.common.rest_client [req-50ae5a7c-3755-4ee9-aced-605be8fe3286 req-50ae5a7c-3755-4ee9-aced-605be8fe3286 ] Request (ImagesTestJSON:setUpClass): 200 GET http://10.180.1.21/identity/v3/roles 0.020s
2025-02-11 14:58:23.117 75114 INFO tempest.lib.common.rest_client [req-0c3abe7a-26d0-4832-bfcc-67da31ac1cff req-0c3abe7a-26d0-4832-bfcc-67da31ac1cff ] Request (AttachVolumeTestJSON:test_attach_detach_volume): 200 GET http://10.180.1.21/compute/v2.1/servers/dd612fd8-83f6-4778-b590-4dbdaada56a1 0.062s
2025-02-11 14:58:23.139 75120 INFO tempest.lib.common.rest_client [req-443c9f51-65cd-4ba2-b039-c3c48273feb6 req-443c9f51-65cd-4ba2-b039-c3c48273feb6 ] Request (DeleteServersTestJSON:test_delete_active_server): 200 GET http://10.180.1.21/compute/v2.1/servers/c83e56bd-9228-4d3c-b06a-1f26789bb6d6 0.064s
2025-02-11 14:58:23.144 75134 INFO tempest.lib.common.rest_client [req-fd6f9c1e-17e3-4a36-a910-5e1d26a3c2b4 req-fd6f9c1e-17e3-4a36-a910-5e1d26a3c2b4 ] Request (ImagesTestJSON:setUpClass): 204 PUT http://10.180.1.21/identity/v3/projects/7ba0e8bf921b44259c0de2ded835d168/users/f4ed48f929b448c981e9d90bc936aebb/roles/9177602ed7ec4f8eb95324383e4cb1c2 0.032s
2025-02-11 14:58:23.144 75134 INFO tempest.lib.common.dynamic_creds [-] Dynamic test user f4ed48f929b448c981e9d90bc936aebb is created with scope project and roles: ['member']
2025-02-11 14:58:23.144 75134 INFO tempest.lib.common.dynamic_creds [-] Acquired dynamic creds: credentials: Credentials: {'domain_id': 'default', 'domain_name': 'Default', 'username': 'tempest-ImagesTestJSON-351563660-project-member', 'project_domain_id': 'default', 'project_domain_name': 'Default', 'project_id': '7ba0e8bf921b44259c0de2ded835d168', 'project_name': 'tempest-ImagesTestJSON-351563660', 'tenant_id': '7ba0e8bf921b44259c0de2ded835d168', 'tenant_name': 'tempest-ImagesTestJSON-351563660', 'user_domain_id': 'default', 'user_domain_name': 'Default', 'user_id': 'f4ed48f929b448c981e9d90bc936aebb', 'system': None}, Network: None, Subnet: None, Router: None
2025-02-11 14:58:23.173 75140 INFO tempest.lib.common.rest_client [req-0b66ddc9-afc9-497e-977b-64833f522796 req-0b66ddc9-afc9-497e-977b-64833f522796 ] Request (AttachInterfacesUnderV243Test:test_add_remove_fixed_ip): 200 GET http://10.180.1.21/compute/v2.1/servers/06425207-1a60-4041-a077-da76149d816b 0.063s
2025-02-11 14:58:23.191 75142 INFO tempest.lib.common.rest_client [req-ef459af0-4a28-47ef-b5cd-f8e500afea0c req-ef459af0-4a28-47ef-b5cd-f8e500afea0c ] Request (VolumesAdminNegativeTest:test_update_attached_volume_with_nonexistent_volume_in_body): 200 GET http://10.180.1.21/compute/v2.1/servers/0ef75929-9e72-45de-998c-80edc2ba18c7 0.058s
2025-02-11 14:58:23.208 75168 INFO tempest.lib.common.rest_client [req-fb820652-7d70-4194-9976-11ee4378702b req-fb820652-7d70-4194-9976-11ee4378702b ] Request (ListImageFiltersTestJSON:setUpClass): 200 GET http://10.180.1.21/compute/v2.1/images/f8440f39-fdea-4e0c-8a31-efd78b4c0430 0.070s
2025-02-11 14:58:23.212 75134 INFO tempest.lib.common.rest_client [req-b2d95b78-c517-43e4-9470-c46ded76ca68 req-b2d95b78-c517-43e4-9470-c46ded76ca68 ] Request (ImagesTestJSON:setUpClass): 201 POST http://10.180.1.21/identity/v3/auth/tokens 0.067s
2025-02-11 14:58:23.258 75148 INFO tempest.lib.common.rest_client [req-48811974-5bd0-4087-8a8c-3b445c0d56fa req-48811974-5bd0-4087-8a8c-3b445c0d56fa ] Request (AttachInterfacesTestJSON:test_create_list_show_delete_interfaces_by_fixed_ip): 200 GET http://10.180.1.21/compute/v2.1/servers/f5d820af-177b-480c-aee2-f3e7351b27b9 0.056s
2025-02-11 14:58:23.271 75138 INFO tempest.lib.common.rest_client [req-1e2a9808-e531-4647-a423-6c18b88c4bfc req-1e2a9808-e531-4647-a423-6c18b88c4bfc ] Request (ServerMetadataNegativeTestJSON:tearDownClass): 200 GET http://10.180.1.21/compute/v2.1/servers/a137e775-782b-4a9f-9d1a-aca973bb79fd 0.062s
2025-02-11 14:58:23.345 75156 INFO tempest.lib.common.rest_client [req-ff0a031e-64f7-4dc4-89f7-3c1b50ce2562 req-ff0a031e-64f7-4dc4-89f7-3c1b50ce2562 ] Request (TenantUsagesTestJSON:tearDownClass): 200 GET http://10.180.1.21/compute/v2.1/servers/74028176-fab3-404b-9039-2a3bc317fe95 0.070s
2025-02-11 14:58:23.355 75132 INFO tempest.lib.common.rest_client [req-dbb2188f-e3ac-44ba-99c9-021fd5ff6947 req-dbb2188f-e3ac-44ba-99c9-021fd5ff6947 ] Request (ServerDiskConfigTestJSON:test_rebuild_server_with_manual_disk_config): 200 GET http://10.180.1.21/compute/v2.1/servers/7e99921c-1329-48b3-9ab6-695f6c952e8b 0.058s
2025-02-11 14:58:23.445 75164 INFO tempest.lib.common.rest_client [req-2a0d9006-58d9-4a31-afc5-6701071c5810 req-2a0d9006-58d9-4a31-afc5-6701071c5810 ] Request (DeleteServersAdminTestJSON:test_delete_server_while_in_error_state): 200 GET http://10.180.1.21/compute/v2.1/servers/4551c95a-6b11-4c1e-bdb4-d2766932ffde 0.058s
2025-02-11 14:58:23.470 75134 INFO tempest.lib.common.rest_client [req-334ce281-2b06-40cd-9976-6d3dbe87bcdf req-334ce281-2b06-40cd-9976-6d3dbe87bcdf ] Request (ImagesTestJSON:setUpClass): 201 POST http://10.180.1.21:9696/networking/v2.0/networks 0.258s
2025-02-11 14:58:23.501 75144 INFO tempest.lib.common.rest_client [req-cf0c9f85-e362-467b-8100-f2c61bc14b8c req-cf0c9f85-e362-467b-8100-f2c61bc14b8c ] Request (AttachInterfacesV270Test:test_create_get_list_interfaces): 200 GET http://10.180.1.21/compute/v2.1/servers/60e9b4e3-6e93-41cd-a333-f3cb17139e7d 0.054s
2025-02-11 14:58:23.566 75172 INFO tempest.lib.common.rest_client [req-dc32466e-8bdb-4628-bc98-2b909fe15fa3 req-dc32466e-8bdb-4628-bc98-2b909fe15fa3 ] Request (ServersTestBootFromVolume:setUpClass): 200 GET http://10.180.1.21/compute/v2.1/servers/d8211648-488c-4fea-b9e6-4cc224a79ef5 0.053s
2025-02-11 14:58:23.592 75152 INFO tempest.lib.common.rest_client [req-595eb283-df3c-4661-83ca-0adaf7b0e192 req-595eb283-df3c-4661-83ca-0adaf7b0e192 ] Request (FloatingIPsAssociationTestJSON:tearDownClass): 200 GET http://10.180.1.21/compute/v2.1/servers/c312bea8-238c-4e51-8420-2f16e75eb61c 0.070s
2025-02-11 14:58:23.641 75134 INFO tempest.lib.common.rest_client [req-0c7e22b8-0ffc-4e36-b19a-8b91f0e24eae req-0c7e22b8-0ffc-4e36-b19a-8b91f0e24eae ] Request (ImagesTestJSON:setUpClass): 201 POST http://10.180.1.21:9696/networking/v2.0/subnets 0.170s
2025-02-11 14:58:23.651 75130 INFO tempest.lib.common.rest_client [req-7412176a-773f-4182-ac2f-6c608069a43b req-7412176a-773f-4182-ac2f-6c608069a43b ] Request (ServersTestJSON:setUpClass): 200 GET http://10.180.1.21/compute/v2.1/servers/7194ba20-8a51-45fa-b7de-6a8070fb3bc8 0.057s
2025-02-11 14:58:23.675 75160 INFO tempest.lib.common.rest_client [req-c992ecaa-e914-466c-b3c3-0d8b98aa808e req-c992ecaa-e914-466c-b3c3-0d8b98aa808e ] Request (ImagesOneServerNegativeTestJSON:_run_cleanups): 200 GET http://10.180.1.21/compute/v2.1/servers/40aec7d4-4813-496b-9715-581620edf38d 0.069s
2025-02-11 14:58:23.714 75162 INFO tempest.lib.common.rest_client [req-9b4c31a9-a524-4720-97de-2f5a14b8c2ec req-9b4c31a9-a524-4720-97de-2f5a14b8c2ec ] Request (MigrationsAdminTest:test_resize_server_revert_deleted_flavor): 200 GET http://10.180.1.21/compute/v2.1/servers/562b786c-1b14-4006-a31d-1de7127cf19d 0.057s
2025-02-11 14:58:23.725 75128 INFO tempest.lib.common.rest_client [req-22858b3d-a0fa-47ed-ae17-f2597f827422 req-22858b3d-a0fa-47ed-ae17-f2597f827422 ] Request (ServerRescueNegativeTestJSON:setUpClass): 200 GET http://10.180.1.21/compute/v2.1/servers/59a18bac-877d-4b56-9afc-1a9923f89db7 0.064s
2025-02-11 14:58:23.905 75126 INFO tempest.lib.common.rest_client [req-48964b9b-15c1-4cf4-8b95-c3e77f9d9fc6 req-48964b9b-15c1-4cf4-8b95-c3e77f9d9fc6 ] Request (ServersAdminNegativeTestJSON:setUpClass): 200 GET http://10.180.1.21/compute/v2.1/servers/78263f95-a845-4011-84a3-910b0beffd0a 0.059s
2025-02-11 14:58:23.918 75171 INFO tempest.lib.common.rest_client [req-fcf06885-21b6-40d9-9efa-dd34a95c531b req-fcf06885-21b6-40d9-9efa-dd34a95c531b ] Request (ServersAdmin275Test:_run_cleanups): 200 GET http://10.180.1.21/compute/v2.1/servers/712bb5e0-7f8f-431b-a96e-05b5af556ae3 0.059s
2025-02-11 14:58:23.928 75171 INFO tempest.common.waiters [-] State transition "REBUILD/rebuilding" ==> "REBUILD/rebuild_block_device_mapping" after 3 second wait
2025-02-11 14:58:24.002 75158 INFO tempest.lib.common.rest_client [req-603bb9fe-ee3a-4108-a378-6bb3aa140ba8 req-603bb9fe-ee3a-4108-a378-6bb3aa140ba8 ] Request (ImagesOneServerTestJSON:tearDownClass): 200 GET http://10.180.1.21/compute/v2.1/servers/9151c36e-bbb8-47ca-9833-ffd7c07b58e6 0.074s
2025-02-11 14:58:24.052 75151 INFO tempest.lib.common.rest_client [req-91a3c1de-635b-4150-9b82-6f9c4c6654f6 req-91a3c1de-635b-4150-9b82-6f9c4c6654f6 ] Request (SecurityGroupsTestJSON:test_server_security_groups): 200 GET http://10.180.1.21/compute/v2.1/servers/382b6fed-cf9b-4daf-aa30-10d96e30aa77 0.076s
2025-02-11 14:58:24.119 75166 INFO tempest.lib.common.rest_client [req-d0b255a3-ec82-48f1-826c-0e2ec01a36e6 req-d0b255a3-ec82-48f1-826c-0e2ec01a36e6 ] Request (MultipleCreateTestJSON:test_multiple_create_with_reservation_return): 200 GET http://10.180.1.21/compute/v2.1/servers/0739e12b-4800-4c27-9752-a52b10dd4d0c 0.094s
2025-02-11 14:58:24.208 75146 INFO tempest.lib.common.rest_client [req-b85cd260-9226-4ebe-ba18-2d00df19ce3a req-b85cd260-9226-4ebe-ba18-2d00df19ce3a ] Request (ServersAdminTestJSON:test_create_server_with_scheduling_hint): 200 GET http://10.180.1.21/compute/v2.1/servers/ed62e3b9-86b0-434e-ab60-484524083671 0.198s
2025-02-11 14:58:24.410 75174 INFO tempest.lib.common.rest_client [req-0c9754ef-4be6-49c6-a105-8b3268934280 req-0c9754ef-4be6-49c6-a105-8b3268934280 ] Request (ServersTestFqdnHostnames:test_create_server_with_fqdn_name): 200 GET http://10.180.1.21/compute/v2.1/servers/b398d1e4-cb1d-4480-b67c-a7d4bbe535fd 0.311s
2025-02-11 14:58:24.471 75114 INFO tempest.lib.common.rest_client [req-3f7b95ae-e777-4cfa-8000-d3fc763be93a req-3f7b95ae-e777-4cfa-8000-d3fc763be93a ] Request (AttachVolumeTestJSON:test_attach_detach_volume): 200 GET http://10.180.1.21/compute/v2.1/servers/dd612fd8-83f6-4778-b590-4dbdaada56a1 0.343s
2025-02-11 14:58:24.527 75120 INFO tempest.lib.common.rest_client [req-105174d8-b66b-4586-b5c2-6476f1f93181 req-105174d8-b66b-4586-b5c2-6476f1f93181 ] Request (DeleteServersTestJSON:test_delete_active_server): 200 GET http://10.180.1.21/compute/v2.1/servers/c83e56bd-9228-4d3c-b06a-1f26789bb6d6 0.380s
2025-02-11 14:58:24.539 75176 INFO tempest.lib.common.rest_client [req-db799d04-de66-4307-a76e-18651ce8f919 req-db799d04-de66-4307-a76e-18651ce8f919 ] Request (ServerPasswordTestJSON:setUpClass): 200 GET http://10.180.1.21/compute/v2.1/servers/cdd0f2e3-948a-4117-9455-fbfe561ba7dd 0.458s
2025-02-11 14:58:24.549 75176 INFO tempest.common.waiters [-] State transition "BUILD/None" ==> "BUILD/networking" after 68 second wait
2025-02-11 14:58:24.599 75140 INFO tempest.lib.common.rest_client [req-b93fccc2-5584-4a63-a4f5-d3faedf55d11 req-b93fccc2-5584-4a63-a4f5-d3faedf55d11 ] Request (AttachInterfacesUnderV243Test:test_add_remove_fixed_ip): 200 GET http://10.180.1.21/compute/v2.1/servers/06425207-1a60-4041-a077-da76149d816b 0.416s
2025-02-11 14:58:24.641 75168 INFO tempest.lib.common.rest_client [req-a05052b6-5a8f-45b2-86de-e20bc0f40b4d req-a05052b6-5a8f-45b2-86de-e20bc0f40b4d ] Request (ListImageFiltersTestJSON:setUpClass): 200 GET http://10.180.1.21/compute/v2.1/images/f8440f39-fdea-4e0c-8a31-efd78b4c0430 0.426s
2025-02-11 14:58:24.648 75142 INFO tempest.lib.common.rest_client [req-48eb5ad6-8d63-4345-a5e6-16e19ceb83b3 req-48eb5ad6-8d63-4345-a5e6-16e19ceb83b3 ] Request (VolumesAdminNegativeTest:test_update_attached_volume_with_nonexistent_volume_in_body): 200 GET http://10.180.1.21/compute/v2.1/servers/0ef75929-9e72-45de-998c-80edc2ba18c7 0.447s
2025-02-11 14:58:24.668 75134 INFO tempest.lib.common.rest_client [req-baec6aab-99bd-4b30-9ac1-2990d1ef09e8 req-baec6aab-99bd-4b30-9ac1-2990d1ef09e8 ] Request (ImagesTestJSON:setUpClass): 201 POST http://10.180.1.21:9696/networking/v2.0/routers 1.027s
2025-02-11 14:58:24.703 75148 INFO tempest.lib.common.rest_client [req-ec937f72-426c-4704-b717-06e1fa4e2a6e req-ec937f72-426c-4704-b717-06e1fa4e2a6e ] Request (AttachInterfacesTestJSON:test_create_list_show_delete_interfaces_by_fixed_ip): 200 GET http://10.180.1.21/compute/v2.1/servers/f5d820af-177b-480c-aee2-f3e7351b27b9 0.437s
2025-02-11 14:58:24.778 75156 INFO tempest.lib.common.rest_client [req-c94d96bb-3286-4e65-bf66-f9fa0483b6c1 req-c94d96bb-3286-4e65-bf66-f9fa0483b6c1 ] Request (TenantUsagesTestJSON:tearDownClass): 200 GET http://10.180.1.21/compute/v2.1/servers/74028176-fab3-404b-9039-2a3bc317fe95 0.425s
2025-02-11 14:58:24.795 75138 INFO tempest.lib.common.rest_client [req-62a5d81a-4249-4d67-b036-e7d184f5a3a8 req-62a5d81a-4249-4d67-b036-e7d184f5a3a8 ] Request (ServerMetadataNegativeTestJSON:tearDownClass): 200 GET http://10.180.1.21/compute/v2.1/servers/a137e775-782b-4a9f-9d1a-aca973bb79fd 0.517s
2025-02-11 14:58:24.838 75132 INFO tempest.lib.common.rest_client [req-34b1ea0e-1493-4b1c-bb7a-2b8b7bf24156 req-34b1ea0e-1493-4b1c-bb7a-2b8b7bf24156 ] Request (ServerDiskConfigTestJSON:test_rebuild_server_with_manual_disk_config): 200 GET http://10.180.1.21/compute/v2.1/servers/7e99921c-1329-48b3-9ab6-695f6c952e8b 0.473s
2025-02-11 14:58:24.863 75164 INFO tempest.lib.common.rest_client [req-67a97c9e-f5c4-45de-8810-736ae83fde7a req-67a97c9e-f5c4-45de-8810-736ae83fde7a ] Request (DeleteServersAdminTestJSON:test_delete_server_while_in_error_state): 200 GET http://10.180.1.21/compute/v2.1/servers/4551c95a-6b11-4c1e-bdb4-d2766932ffde 0.409s
2025-02-11 14:58:24.896 75144 INFO tempest.lib.common.rest_client [req-bf09bda4-cd8f-4f3a-9710-b943fcd7ffb2 req-bf09bda4-cd8f-4f3a-9710-b943fcd7ffb2 ] Request (AttachInterfacesV270Test:test_create_get_list_interfaces): 200 GET http://10.180.1.21/compute/v2.1/servers/60e9b4e3-6e93-41cd-a333-f3cb17139e7d 0.384s
2025-02-11 14:58:24.918 75172 INFO tempest.lib.common.rest_client [req-ed759edf-2806-4ca0-a6a2-f0d1245b2ec9 req-ed759edf-2806-4ca0-a6a2-f0d1245b2ec9 ] Request (ServersTestBootFromVolume:setUpClass): 200 GET http://10.180.1.21/compute/v2.1/servers/d8211648-488c-4fea-b9e6-4cc224a79ef5 0.340s
2025-02-11 14:58:24.958 75152 INFO tempest.lib.common.rest_client [req-cc83270e-822c-484a-8804-e2aaa351765b req-cc83270e-822c-484a-8804-e2aaa351765b ] Request (FloatingIPsAssociationTestJSON:tearDownClass): 200 GET http://10.180.1.21/compute/v2.1/servers/c312bea8-238c-4e51-8420-2f16e75eb61c 0.356s
2025-02-11 14:58:24.977 75130 INFO tempest.lib.common.rest_client [req-9028075a-28c3-46ad-aeb2-a4a686994eb7 req-9028075a-28c3-46ad-aeb2-a4a686994eb7 ] Request (ServersTestJSON:setUpClass): 200 GET http://10.180.1.21/compute/v2.1/servers/7194ba20-8a51-45fa-b7de-6a8070fb3bc8 0.317s
2025-02-11 14:58:25.016 75160 INFO tempest.lib.common.rest_client [req-6a208fcb-8385-4424-b46a-aa37076579d8 req-6a208fcb-8385-4424-b46a-aa37076579d8 ] Request (ImagesOneServerNegativeTestJSON:_run_cleanups): 200 GET http://10.180.1.21/compute/v2.1/servers/40aec7d4-4813-496b-9715-581620edf38d 0.332s
2025-02-11 14:58:25.038 75162 INFO tempest.lib.common.rest_client [req-bb997c5a-b481-429b-9a57-b229c44f419c req-bb997c5a-b481-429b-9a57-b229c44f419c ] Request (MigrationsAdminTest:test_resize_server_revert_deleted_flavor): 200 GET http://10.180.1.21/compute/v2.1/servers/562b786c-1b14-4006-a31d-1de7127cf19d 0.316s
2025-02-11 14:58:25.066 75128 INFO tempest.lib.common.rest_client [req-d7f42c32-faaf-46d1-a4ff-355dc752707d req-d7f42c32-faaf-46d1-a4ff-355dc752707d ] Request (ServerRescueNegativeTestJSON:setUpClass): 200 GET http://10.180.1.21/compute/v2.1/servers/59a18bac-877d-4b56-9afc-1a9923f89db7 0.329s
2025-02-11 14:58:25.097 75126 INFO tempest.lib.common.rest_client [req-97118a9e-440a-4007-bdd3-43b630c74daa req-97118a9e-440a-4007-bdd3-43b630c74daa ] Request (ServersAdminNegativeTestJSON:setUpClass): 200 GET http://10.180.1.21/compute/v2.1/servers/78263f95-a845-4011-84a3-910b0beffd0a 0.180s
2025-02-11 14:58:25.154 75171 INFO tempest.lib.common.rest_client [req-041b36ff-b96b-47f3-915a-02f923f9d762 req-041b36ff-b96b-47f3-915a-02f923f9d762 ] Request (ServersAdmin275Test:_run_cleanups): 200 GET http://10.180.1.21/compute/v2.1/servers/712bb5e0-7f8f-431b-a96e-05b5af556ae3 0.225s
2025-02-11 14:58:25.168 75171 INFO tempest.common.waiters [-] State transition "REBUILD/rebuild_block_device_mapping" ==> "REBUILD/rebuild_spawning" after 5 second wait
2025-02-11 14:58:25.198 75158 INFO tempest.lib.common.rest_client [req-00b1b31c-15f6-44dc-8bd5-b8a2b68f1959 req-00b1b31c-15f6-44dc-8bd5-b8a2b68f1959 ] Request (ImagesOneServerTestJSON:tearDownClass): 200 GET http://10.180.1.21/compute/v2.1/servers/9151c36e-bbb8-47ca-9833-ffd7c07b58e6 0.188s
2025-02-11 14:58:25.239 75151 INFO tempest.lib.common.rest_client [req-01509502-00e6-472a-aebf-53b5b72ffd7d req-01509502-00e6-472a-aebf-53b5b72ffd7d ] Request (SecurityGroupsTestJSON:test_server_security_groups): 200 GET http://10.180.1.21/compute/v2.1/servers/382b6fed-cf9b-4daf-aa30-10d96e30aa77 0.179s
2025-02-11 14:58:25.287 75166 INFO tempest.lib.common.rest_client [req-41996fd6-3943-4bea-87d1-de74eb0ff31d req-41996fd6-3943-4bea-87d1-de74eb0ff31d ] Request (MultipleCreateTestJSON:test_multiple_create_with_reservation_return): 200 GET http://10.180.1.21/compute/v2.1/servers/0739e12b-4800-4c27-9752-a52b10dd4d0c 0.158s
2025-02-11 14:58:25.379 75146 INFO tempest.lib.common.rest_client [req-8680090e-bb48-4c10-9f81-c34bde9ecfb4 req-8680090e-bb48-4c10-9f81-c34bde9ecfb4 ] Request (ServersAdminTestJSON:test_create_server_with_scheduling_hint): 200 GET http://10.180.1.21/compute/v2.1/servers/ed62e3b9-86b0-434e-ab60-484524083671 0.157s
2025-02-11 14:58:25.550 75114 INFO tempest.lib.common.rest_client [req-9a4b6fd9-2ff2-4aa6-819c-59fcc7e77d1f req-9a4b6fd9-2ff2-4aa6-819c-59fcc7e77d1f ] Request (AttachVolumeTestJSON:test_attach_detach_volume): 200 GET http://10.180.1.21/compute/v2.1/servers/dd612fd8-83f6-4778-b590-4dbdaada56a1 0.065s
2025-02-11 14:58:25.602 75174 INFO tempest.lib.common.rest_client [req-65287772-fb99-4a36-b2ca-c693323862d4 req-65287772-fb99-4a36-b2ca-c693323862d4 ] Request (ServersTestFqdnHostnames:test_create_server_with_fqdn_name): 200 GET http://10.180.1.21/compute/v2.1/servers/b398d1e4-cb1d-4480-b67c-a7d4bbe535fd 0.183s
2025-02-11 14:58:25.603 75120 INFO tempest.lib.common.rest_client [req-9f4caff0-4a88-4e54-b2f5-9a2b387f5fdf req-9f4caff0-4a88-4e54-b2f5-9a2b387f5fdf ] Request (DeleteServersTestJSON:test_delete_active_server): 200 GET http://10.180.1.21/compute/v2.1/servers/c83e56bd-9228-4d3c-b06a-1f26789bb6d6 0.062s
2025-02-11 14:58:25.610 75174 INFO tempest.common.waiters [-] State transition "BUILD/spawning" ==> "ACTIVE/None" after 74 second wait
2025-02-11 14:58:25.680 75174 INFO tempest.lib.common.rest_client [req-11a7963f-d7cf-4d54-a40a-8d092c509e87 req-11a7963f-d7cf-4d54-a40a-8d092c509e87 ] Request (ServersTestFqdnHostnames:test_create_server_with_fqdn_name): 200 GET http://10.180.1.21/compute/v2.1/servers/b398d1e4-cb1d-4480-b67c-a7d4bbe535fd/os-interface 0.070s
2025-02-11 14:58:25.749 75140 INFO tempest.lib.common.rest_client [req-3a509d30-c136-457d-b21e-ebcc24ed8f97 req-3a509d30-c136-457d-b21e-ebcc24ed8f97 ] Request (AttachInterfacesUnderV243Test:test_add_remove_fixed_ip): 200 GET http://10.180.1.21/compute/v2.1/servers/06425207-1a60-4041-a077-da76149d816b 0.131s
2025-02-11 14:58:25.768 75134 INFO tempest.lib.common.rest_client [req-a5ef0c3d-3e18-4502-b6c8-9eee53dfacfc req-a5ef0c3d-3e18-4502-b6c8-9eee53dfacfc ] Request (ImagesTestJSON:setUpClass): 200 PUT http://10.180.1.21:9696/networking/v2.0/routers/374d1524-6c63-4118-85af-e84fddd76b34/add_router_interface 1.099s
2025-02-11 14:58:25.768 75134 INFO tempest.lib.common.dynamic_creds [-] Created isolated network resources for: credentials: Credentials: {'domain_id': 'default', 'domain_name': 'Default', 'username': 'tempest-ImagesTestJSON-351563660-project-member', 'project_domain_id': 'default', 'project_domain_name': 'Default', 'project_id': '7ba0e8bf921b44259c0de2ded835d168', 'project_name': 'tempest-ImagesTestJSON-351563660', 'tenant_id': '7ba0e8bf921b44259c0de2ded835d168', 'tenant_name': 'tempest-ImagesTestJSON-351563660', 'user_domain_id': 'default', 'user_domain_name': 'Default', 'user_id': 'f4ed48f929b448c981e9d90bc936aebb', 'system': None}, Network: {'id': 'c41862d0-0c7a-466e-ae5c-8ff3495dcc8d', 'name': 'tempest-ImagesTestJSON-1757491261-network', 'tenant_id': '7ba0e8bf921b44259c0de2ded835d168', 'admin_state_up': True, 'mtu': 8950, 'status': 'ACTIVE', 'subnets': [], 'shared': False, 'project_id': '7ba0e8bf921b44259c0de2ded835d168', 'port_security_enabled': True, 'router:external': False, 'provider:network_type': 'vlan', 'provider:physical_network': 'default', 'provider:segmentation_id': 301, 'availability_zone_hints': [], 'availability_zones': [], 'ipv4_address_scope': None, 'ipv6_address_scope': None, 'description': '', 'tags': [], 'created_at': '2025-02-11T14:58:23Z', 'updated_at': '2025-02-11T14:58:23Z', 'revision_number': 1}, Subnet: {'id': '3fe3ef81-f810-4f5b-8c3c-15580e96c9f5', 'name': 'tempest-ImagesTestJSON-1757491261-subnet', 'tenant_id': '7ba0e8bf921b44259c0de2ded835d168', 'network_id': 'c41862d0-0c7a-466e-ae5c-8ff3495dcc8d', 'ip_version': 4, 'subnetpool_id': None, 'enable_dhcp': True, 'ipv6_ra_mode': None, 'ipv6_address_mode': None, 'gateway_ip': '192.168.128.1', 'cidr': '192.168.128.0/28', 'allocation_pools': [{'start': '192.168.128.2', 'end': '192.168.128.14'}], 'host_routes': [], 'dns_nameservers': [], 'description': '', 'router:external': False, 'service_types': [], 'tags': [], 'created_at': '2025-02-11T14:58:23Z', 'updated_at': '2025-02-11T14:58:23Z', 'revision_number': 0, 'project_id': '7ba0e8bf921b44259c0de2ded835d168'}, Router: {'id': '374d1524-6c63-4118-85af-e84fddd76b34', 'name': 'tempest-ImagesTestJSON-1757491261-router', 'tenant_id': '7ba0e8bf921b44259c0de2ded835d168', 'admin_state_up': True, 'status': 'ACTIVE', 'external_gateway_info': {'network_id': 'f25d0b84-f077-4045-aadb-f273818c3467', 'external_fixed_ips': [{'subnet_id': '4c73c672-9074-4f69-a9ec-ed07bafb6aba', 'ip_address': '10.180.180.240'}], 'enable_snat': True}, 'description': '', 'availability_zones': [], 'distributed': False, 'ha': False, 'availability_zone_hints': [], 'routes': [], 'flavor_id': None, 'tags': [], 'created_at': '2025-02-11T14:58:23Z', 'updated_at': '2025-02-11T14:58:24Z', 'revision_number': 2, 'project_id': '7ba0e8bf921b44259c0de2ded835d168'}
2025-02-11 14:58:25.776 75176 INFO tempest.lib.common.rest_client [req-dc4f9b6e-34b8-4a66-8b87-d839c0221fb2 req-dc4f9b6e-34b8-4a66-8b87-d839c0221fb2 ] Request (ServerPasswordTestJSON:setUpClass): 200 GET http://10.180.1.21/compute/v2.1/servers/cdd0f2e3-948a-4117-9455-fbfe561ba7dd 0.226s
2025-02-11 14:58:25.785 75168 INFO tempest.lib.common.rest_client [req-946a2e5b-2c15-43a2-aa1b-109ec27889d9 req-946a2e5b-2c15-43a2-aa1b-109ec27889d9 ] Request (ListImageFiltersTestJSON:setUpClass): 200 GET http://10.180.1.21/compute/v2.1/images/f8440f39-fdea-4e0c-8a31-efd78b4c0430 0.138s
2025-02-11 14:58:25.787 75176 INFO tempest.common.waiters [-] State transition "BUILD/networking" ==> "BUILD/spawning" after 69 second wait
