2025-02-11 14:56:46.883 75148 INFO tempest.lib.common.rest_client [req-d82da9bc-d771-4d91-8171-8a7005d8d885 req-d82da9bc-d771-4d91-8171-8a7005d8d885 ] Request (FloatingIPDetailsTestJSON:test_get_floating_ip_details): 200 GET http://10.180.1.21/compute/v2.1/os-floating-ips/7a4658c5-1b7a-414f-9fb6-e617f6d5279b 2.796s
2025-02-11 14:56:46.898 75134 INFO tempest.lib.common.rest_client [req-4f010d61-0c56-4df0-bc22-aee479bca68e req-4f010d61-0c56-4df0-bc22-aee479bca68e ] Request (QuotaClassesAdmin257Test:tearDownClass): 204 DELETE http://10.180.1.21:9696/networking/v2.0/security-groups/82939ef0-df59-4a75-931a-076407b82804 0.453s
2025-02-11 14:56:46.905 75140 INFO tempest.lib.common.rest_client [req-d1b60656-10c0-4c86-8b9a-5dcccade81bc req-d1b60656-10c0-4c86-8b9a-5dcccade81bc ] Request (KeyPairsV2TestJSON:_run_cleanups): 202 DELETE http://10.180.1.21/compute/v2.1/os-keypairs/tempest-keypair-1105695630 2.685s
2025-02-11 14:56:46.922 75128 INFO tempest.lib.common.rest_client [req-907ec7c5-bec5-4176-a09d-4bb61587171a req-907ec7c5-bec5-4176-a09d-4bb61587171a ] Request (FlavorsAdminTestJSON:test_create_flavor_with_none_id): 200 POST http://10.180.1.21/compute/v2.1/flavors 2.655s
2025-02-11 14:56:46.946 75174 INFO tempest.lib.common.rest_client [req-392ff0b6-ad6c-4301-83d5-db29ed57abcb req-392ff0b6-ad6c-4301-83d5-db29ed57abcb ] Request (FlavorsExtraSpecsTestJSON:test_flavor_set_get_update_show_unset_keys): 200 DELETE http://10.180.1.21/compute/v2.1/flavors/414484901/os-extra_specs/hw:numa_nodes 2.672s
2025-02-11 14:56:46.985 75138 INFO tempest.lib.common.rest_client [req-9fe17af3-7274-4331-b7ad-102b2f117ed6 req-9fe17af3-7274-4331-b7ad-102b2f117ed6 ] Request (ServerMetadataNegativeTestJSON:setUpClass): 201 POST http://10.180.1.21:9696/networking/v2.0/routers 2.340s
2025-02-11 14:56:47.058 75160 INFO tempest.lib.common.rest_client [req-fbec94bd-2949-4b5a-8026-c4ed19239a25 req-fbec94bd-2949-4b5a-8026-c4ed19239a25 ] Request (ImagesOneServerNegativeTestJSON:setUpClass): 201 POST http://10.180.1.21:9696/networking/v2.0/routers 2.355s
2025-02-11 14:56:47.113 75134 INFO tempest.lib.common.rest_client [req-13687f4c-8888-47d8-a09b-fcadf2fbec36 req-13687f4c-8888-47d8-a09b-fcadf2fbec36 ] Request (QuotaClassesAdmin257Test:tearDownClass): 204 DELETE http://10.180.1.21/identity/v3/projects/d68ef14b0d444e43abb6fb90ee9ab5b3 0.215s
2025-02-11 14:56:47.126 75118 INFO tempest.lib.common.rest_client [req-be0591c7-1a6d-43c6-acaf-046b77f509b2 req-be0591c7-1a6d-43c6-acaf-046b77f509b2 ] Request (QuotaClassesAdminTestJSON:test_update_default_quotas): 200 GET http://10.180.1.21/compute/v2.1/os-quota-class-sets/default 2.508s
2025-02-11 14:56:47.225 75124 INFO tempest.lib.common.rest_client [req-59ae6b79-a0eb-468e-9d37-ee1196fd5121 req-59ae6b79-a0eb-468e-9d37-ee1196fd5121 ] Request (VolumesAssistedSnapshotsTest:test_volume_assisted_snapshot_create_delete): 202 POST http://10.180.1.21/compute/v2.1/servers 3.336s
2025-02-11 14:56:47.247 75134 INFO tempest.lib.common.rest_client [req-cc737925-d6ab-425a-a0f6-cf39c7c0ac6a req-cc737925-d6ab-425a-a0f6-cf39c7c0ac6a ] Request (ServerExternalEventsTest:setUpClass): 201 POST http://10.180.1.21/identity/v3/auth/tokens 0.131s
2025-02-11 14:56:47.280 75114 INFO tempest.lib.common.rest_client [req-95dfb86f-b829-48cc-b00e-f32294f2b724 req-95dfb86f-b829-48cc-b00e-f32294f2b724 ] Request (ServerMetadataTestJSON:setUpClass): 200 GET http://10.180.1.21/compute/v2.1/servers/7de36d0e-3ddc-4a8d-981e-b76212795763 2.269s
2025-02-11 14:56:47.326 75134 INFO tempest.lib.common.rest_client [req-a3ca568f-3763-4be3-aa9a-d84bf464f3d7 req-a3ca568f-3763-4be3-aa9a-d84bf464f3d7 ] Request (ServerExternalEventsTest:setUpClass): 201 POST http://10.180.1.21/identity/v3/auth/tokens 0.076s
2025-02-11 14:56:47.367 75134 INFO tempest.lib.common.rest_client [req-4879f82b-4cbd-43c9-8abb-4b473a857f94 req-4879f82b-4cbd-43c9-8abb-4b473a857f94 ] Request (ServerExternalEventsTest:setUpClass): 200 GET http://10.180.1.21/identity/v3/domains?name=Default 0.041s
2025-02-11 14:56:47.407 75134 INFO tempest.lib.common.rest_client [req-d7caa813-6fb5-48c3-88bf-88ed3108cd16 req-d7caa813-6fb5-48c3-88bf-88ed3108cd16 ] Request (ServerExternalEventsTest:setUpClass): 201 POST http://10.180.1.21/identity/v3/projects 0.039s
2025-02-11 14:56:47.453 75146 INFO tempest.lib.common.rest_client [req-9e78ef71-f28f-4802-848b-9215c48fb300 req-9e78ef71-f28f-4802-848b-9215c48fb300 ] Request (ServersAdminTestJSON:setUpClass): 200 GET http://10.180.1.21/compute/v2.1/servers/d849054f-c589-4f05-b183-ca3c4d4ae5c4 2.269s
2025-02-11 14:56:47.486 75134 INFO tempest.lib.common.rest_client [req-d3954f17-bddb-4da6-a6e2-67f0576418c7 req-d3954f17-bddb-4da6-a6e2-67f0576418c7 ] Request (ServerExternalEventsTest:setUpClass): 201 POST http://10.180.1.21/identity/v3/users 0.079s
2025-02-11 14:56:47.525 75134 INFO tempest.lib.common.rest_client [req-1a312fae-58b2-48c6-b5fd-83bd0bc77a4f req-1a312fae-58b2-48c6-b5fd-83bd0bc77a4f ] Request (ServerExternalEventsTest:setUpClass): 200 GET http://10.180.1.21/identity/v3/roles 0.037s
2025-02-11 14:56:47.583 75134 INFO tempest.lib.common.rest_client [req-aaa57eaf-f297-4657-8d36-ce7584e1b199 req-aaa57eaf-f297-4657-8d36-ce7584e1b199 ] Request (ServerExternalEventsTest:setUpClass): 204 PUT http://10.180.1.21/identity/v3/projects/90b974577298483587b3ad222db45592/users/bac7dc7c08124b64bb64923deac37650/roles/9177602ed7ec4f8eb95324383e4cb1c2 0.058s
2025-02-11 14:56:47.583 75134 INFO tempest.lib.common.dynamic_creds [-] Dynamic test user bac7dc7c08124b64bb64923deac37650 is created with scope project and roles: ['member']
2025-02-11 14:56:47.583 75134 INFO tempest.lib.common.dynamic_creds [-] Acquired dynamic creds: credentials: Credentials: {'domain_id': 'default', 'domain_name': 'Default', 'username': 'tempest-ServerExternalEventsTest-486357327-project-member', 'project_domain_id': 'default', 'project_domain_name': 'Default', 'project_id': '90b974577298483587b3ad222db45592', 'project_name': 'tempest-ServerExternalEventsTest-486357327', 'tenant_id': '90b974577298483587b3ad222db45592', 'tenant_name': 'tempest-ServerExternalEventsTest-486357327', 'user_domain_id': 'default', 'user_domain_name': 'Default', 'user_id': 'bac7dc7c08124b64bb64923deac37650', 'system': None}, Network: None, Subnet: None, Router: None
2025-02-11 14:56:47.583 75134 INFO tempest.lib.common.dynamic_creds [-] Created isolated network resources for: credentials: Credentials: {'domain_id': 'default', 'domain_name': 'Default', 'username': 'tempest-ServerExternalEventsTest-486357327-project-member', 'project_domain_id': 'default', 'project_domain_name': 'Default', 'project_id': '90b974577298483587b3ad222db45592', 'project_name': 'tempest-ServerExternalEventsTest-486357327', 'tenant_id': '90b974577298483587b3ad222db45592', 'tenant_name': 'tempest-ServerExternalEventsTest-486357327', 'user_domain_id': 'default', 'user_domain_name': 'Default', 'user_id': 'bac7dc7c08124b64bb64923deac37650', 'system': None}, Network: None, Subnet: None, Router: None
2025-02-11 14:56:47.600 75164 INFO tempest.lib.common.rest_client [req-2e69779e-6aad-40ee-b72f-9bcb6919935e req-2e69779e-6aad-40ee-b72f-9bcb6919935e ] Request (DeleteServersAdminTestJSON:test_admin_delete_servers_of_others): 200 GET http://10.180.1.21/compute/v2.1/servers/e34b99bc-8c39-47d3-8e6c-d45701d28ee1 2.542s
2025-02-11 14:56:47.609 75164 INFO tempest.common.waiters [-] State transition "BUILD/spawning" ==> "ACTIVE/None" after 17 second wait
2025-02-11 14:56:47.681 75134 INFO tempest.lib.common.rest_client [req-05af2f1d-fd19-4db2-b100-e48a531ef8bc req-05af2f1d-fd19-4db2-b100-e48a531ef8bc ] Request (ServerExternalEventsTest:setUpClass): 201 POST http://10.180.1.21/identity/v3/auth/tokens 0.094s
2025-02-11 14:56:47.761 75134 INFO tempest.lib.common.rest_client [req-f1828725-d041-43ff-8752-27c17e6ce72c req-f1828725-d041-43ff-8752-27c17e6ce72c ] Request (ServerExternalEventsTest:setUpClass): 201 POST http://10.180.1.21/identity/v3/projects 0.079s
2025-02-11 14:56:47.845 75134 INFO tempest.lib.common.rest_client [req-59e41886-d018-47ae-82e7-22fa551bd877 req-59e41886-d018-47ae-82e7-22fa551bd877 ] Request (ServerExternalEventsTest:setUpClass): 201 POST http://10.180.1.21/identity/v3/users 0.083s
2025-02-11 14:56:47.875 75134 INFO tempest.lib.common.rest_client [req-dd0edda4-83ae-402d-8643-ed09cac6868b req-dd0edda4-83ae-402d-8643-ed09cac6868b ] Request (ServerExternalEventsTest:setUpClass): 200 GET http://10.180.1.21/identity/v3/roles 0.030s
2025-02-11 14:56:47.909 75134 INFO tempest.lib.common.rest_client [req-62774c91-5b3e-42e7-a521-a7004b62da24 req-62774c91-5b3e-42e7-a521-a7004b62da24 ] Request (ServerExternalEventsTest:setUpClass): 204 PUT http://10.180.1.21/identity/v3/projects/f87a3e3bf33f445d85c6315cb53aa5f9/users/bcec51e4661146659cda85f8c6842d7f/roles/d028cf601d6f4b2c869def7978d08927 0.033s
2025-02-11 14:56:47.924 75158 INFO tempest.lib.common.rest_client [req-bcb0577e-2220-4f23-b3f6-b5bb1dd16274 req-bcb0577e-2220-4f23-b3f6-b5bb1dd16274 ] Request (ImagesOneServerTestJSON:setUpClass): 200 GET http://10.180.1.21/compute/v2.1/servers/9151c36e-bbb8-47ca-9833-ffd7c07b58e6 2.418s
2025-02-11 14:56:47.971 75134 INFO tempest.lib.common.rest_client [req-20501393-62fb-4c2b-95e9-163db03febc4 req-20501393-62fb-4c2b-95e9-163db03febc4 ] Request (ServerExternalEventsTest:setUpClass): 200 GET http://10.180.1.21/identity/v3/roles 0.062s
2025-02-11 14:56:47.997 75134 INFO tempest.lib.common.rest_client [req-70c4210a-5dc4-4cd6-be25-f432fa89bc2a req-70c4210a-5dc4-4cd6-be25-f432fa89bc2a ] Request (ServerExternalEventsTest:setUpClass): 204 PUT http://10.180.1.21/identity/v3/projects/f87a3e3bf33f445d85c6315cb53aa5f9/users/bcec51e4661146659cda85f8c6842d7f/roles/d028cf601d6f4b2c869def7978d08927 0.024s
2025-02-11 14:56:47.997 75134 INFO tempest.lib.common.dynamic_creds [-] Dynamic test user bcec51e4661146659cda85f8c6842d7f is created with scope project and roles: ['admin']
2025-02-11 14:56:47.997 75134 INFO tempest.lib.common.dynamic_creds [-] Acquired dynamic creds: credentials: Credentials: {'domain_id': 'default', 'domain_name': 'Default', 'username': 'tempest-ServerExternalEventsTest-810790256-project-admin', 'project_domain_id': 'default', 'project_domain_name': 'Default', 'project_id': 'f87a3e3bf33f445d85c6315cb53aa5f9', 'project_name': 'tempest-ServerExternalEventsTest-810790256', 'tenant_id': 'f87a3e3bf33f445d85c6315cb53aa5f9', 'tenant_name': 'tempest-ServerExternalEventsTest-810790256', 'user_domain_id': 'default', 'user_domain_name': 'Default', 'user_id': 'bcec51e4661146659cda85f8c6842d7f', 'system': None}, Network: None, Subnet: None, Router: None
2025-02-11 14:56:47.997 75134 INFO tempest.lib.common.dynamic_creds [-] Created isolated network resources for: credentials: Credentials: {'domain_id': 'default', 'domain_name': 'Default', 'username': 'tempest-ServerExternalEventsTest-810790256-project-admin', 'project_domain_id': 'default', 'project_domain_name': 'Default', 'project_id': 'f87a3e3bf33f445d85c6315cb53aa5f9', 'project_name': 'tempest-ServerExternalEventsTest-810790256', 'tenant_id': 'f87a3e3bf33f445d85c6315cb53aa5f9', 'tenant_name': 'tempest-ServerExternalEventsTest-810790256', 'user_domain_id': 'default', 'user_domain_name': 'Default', 'user_id': 'bcec51e4661146659cda85f8c6842d7f', 'system': None}, Network: None, Subnet: None, Router: None
2025-02-11 14:56:48.056 75166 INFO tempest.lib.common.rest_client [req-b4d49aea-fff1-453f-9d58-64394f6b47c1 req-b4d49aea-fff1-453f-9d58-64394f6b47c1 ] Request (MultipleCreateTestJSON:test_multiple_create): 200 GET http://10.180.1.21/compute/v2.1/servers 2.209s
2025-02-11 14:56:48.105 75134 INFO tempest.lib.common.rest_client [req-0419aa46-97f9-409f-a252-37bcae187063 req-0419aa46-97f9-409f-a252-37bcae187063 ] Request (ServerExternalEventsTest:setUpClass): 201 POST http://10.180.1.21/identity/v3/auth/tokens 0.104s
2025-02-11 14:56:48.124 75116 INFO tempest.lib.common.rest_client [req-2cc072dd-881f-4ea0-9bff-b3abcb82e9a7 req-2cc072dd-881f-4ea0-9bff-b3abcb82e9a7 ] Request (InstanceActionsNegativeTestJSON:setUpClass): 200 PUT http://10.180.1.21:9696/networking/v2.0/routers/86e18eae-949c-43a3-934a-5ec24a0fb716/add_router_interface 2.628s
2025-02-11 14:56:48.124 75116 INFO tempest.lib.common.dynamic_creds [-] Created isolated network resources for: credentials: Credentials: {'domain_id': 'default', 'domain_name': 'Default', 'username': 'tempest-InstanceActionsNegativeTestJSON-792756529-project-member', 'project_domain_id': 'default', 'project_domain_name': 'Default', 'project_id': 'e7ae87b4c0a14c849e5cd2c3e9e142ff', 'project_name': 'tempest-InstanceActionsNegativeTestJSON-792756529', 'tenant_id': 'e7ae87b4c0a14c849e5cd2c3e9e142ff', 'tenant_name': 'tempest-InstanceActionsNegativeTestJSON-792756529', 'user_domain_id': 'default', 'user_domain_name': 'Default', 'user_id': 'c47e3a47d8ea459a94e98b599ab2a30a', 'system': None}, Network: {'id': 'b15e22bc-40e4-4aed-944f-e80b082c4a3a', 'name': 'tempest-InstanceActionsNegativeTestJSON-1486568103-network', 'tenant_id': 'e7ae87b4c0a14c849e5cd2c3e9e142ff', 'admin_state_up': True, 'mtu': 8950, 'status': 'ACTIVE', 'subnets': [], 'shared': False, 'project_id': 'e7ae87b4c0a14c849e5cd2c3e9e142ff', 'port_security_enabled': True, 'router:external': False, 'provider:network_type': 'vlan', 'provider:physical_network': 'default', 'provider:segmentation_id': 188, 'availability_zone_hints': [], 'availability_zones': [], 'ipv4_address_scope': None, 'ipv6_address_scope': None, 'description': '', 'tags': [], 'created_at': '2025-02-11T14:56:42Z', 'updated_at': '2025-02-11T14:56:42Z', 'revision_number': 1}, Subnet: {'id': '9084f995-9834-429a-82c3-0f585c4eba25', 'name': 'tempest-InstanceActionsNegativeTestJSON-1486568103-subnet', 'tenant_id': 'e7ae87b4c0a14c849e5cd2c3e9e142ff', 'network_id': 'b15e22bc-40e4-4aed-944f-e80b082c4a3a', 'ip_version': 4, 'subnetpool_id': None, 'enable_dhcp': True, 'ipv6_ra_mode': None, 'ipv6_address_mode': None, 'gateway_ip': '192.168.128.1', 'cidr': '192.168.128.0/28', 'allocation_pools': [{'start': '192.168.128.2', 'end': '192.168.128.14'}], 'host_routes': [], 'dns_nameservers': [], 'description': '', 'router:external': False, 'service_types': [], 'tags': [], 'created_at': '2025-02-11T14:56:42Z', 'updated_at': '2025-02-11T14:56:42Z', 'revision_number': 0, 'project_id': 'e7ae87b4c0a14c849e5cd2c3e9e142ff'}, Router: {'id': '86e18eae-949c-43a3-934a-5ec24a0fb716', 'name': 'tempest-InstanceActionsNegativeTestJSON-1486568103-router', 'tenant_id': 'e7ae87b4c0a14c849e5cd2c3e9e142ff', 'admin_state_up': True, 'status': 'ACTIVE', 'external_gateway_info': {'network_id': 'f25d0b84-f077-4045-aadb-f273818c3467', 'external_fixed_ips': [{'subnet_id': '4c73c672-9074-4f69-a9ec-ed07bafb6aba', 'ip_address': '10.180.180.187'}], 'enable_snat': True}, 'description': '', 'availability_zones': [], 'distributed': False, 'ha': False, 'availability_zone_hints': [], 'routes': [], 'flavor_id': None, 'tags': [], 'created_at': '2025-02-11T14:56:43Z', 'updated_at': '2025-02-11T14:56:44Z', 'revision_number': 2, 'project_id': 'e7ae87b4c0a14c849e5cd2c3e9e142ff'}
2025-02-11 14:56:48.128 75171 INFO tempest.lib.common.rest_client [req-11b2f912-8efa-491a-a1f8-01547cb195fa req-11b2f912-8efa-491a-a1f8-01547cb195fa ] Request (QuotasAdminNegativeTest:test_create_server_when_instances_quota_is_full): 403 POST http://10.180.1.21/compute/v2.1/servers 2.726s
2025-02-11 14:56:48.155 75156 INFO tempest.lib.common.rest_client [req-f452170e-8ba3-423c-92cc-b6114546697a req-f452170e-8ba3-423c-92cc-b6114546697a ] Request (ServicesAdminNegativeTestJSON:test_get_service_by_invalid_service_and_valid_host): 200 GET http://10.180.1.21/compute/v2.1/os-services 2.285s
2025-02-11 14:56:48.176 75176 INFO tempest.lib.common.rest_client [req-f4d528ea-c7da-4332-ad82-54846c54b546 req-f4d528ea-c7da-4332-ad82-54846c54b546 ] Request (FlavorsExtraSpecsNegativeTestJSON:tearDownClass): 202 DELETE http://10.180.1.21/compute/v2.1/flavors/1962754190 2.256s
2025-02-11 14:56:48.190 75134 INFO tempest.lib.common.rest_client [req-dbb98b23-3549-4456-88d6-62bc74582a60 req-dbb98b23-3549-4456-88d6-62bc74582a60 ] Request (ServerExternalEventsTest:setUpClass): 201 POST http://10.180.1.21/identity/v3/projects 0.084s
2025-02-11 14:56:48.195 75130 INFO tempest.lib.common.rest_client [req-d5cb4a12-8d47-4994-8a25-4f2819ab3318 req-d5cb4a12-8d47-4994-8a25-4f2819ab3318 ] Request (ServicesAdminNegativeV253TestJSON:test_get_service_by_invalid_params): 200 GET http://10.180.1.21/compute/v2.1/os-services 2.252s
2025-02-11 14:56:48.216 75116 INFO tempest.lib.common.rest_client [req-89a04123-4f75-41f6-b891-1fd267330c51 req-89a04123-4f75-41f6-b891-1fd267330c51 ] Request (InstanceActionsNegativeTestJSON:setUpClass): 201 POST http://10.180.1.21/identity/v3/auth/tokens 0.084s
2025-02-11 14:56:48.270 75134 INFO tempest.lib.common.rest_client [req-a9e58402-a6c5-4ff6-b981-fa2249bf09d8 req-a9e58402-a6c5-4ff6-b981-fa2249bf09d8 ] Request (ServerExternalEventsTest:setUpClass): 201 POST http://10.180.1.21/identity/v3/users 0.080s
2025-02-11 14:56:48.282 75116 INFO tempest.lib.common.rest_client [req-4b1ecb55-1cd4-419b-ae6e-b1a27cfd786f req-4b1ecb55-1cd4-419b-ae6e-b1a27cfd786f ] Request (InstanceActionsNegativeTestJSON:setUpClass): 201 POST http://10.180.1.21/identity/v3/auth/tokens 0.063s
2025-02-11 14:56:48.283 75116 INFO tempest.lib.common.fixed_network [-] (InstanceActionsNegativeTestJSON:setUpClass) Found network {'id': 'b15e22bc-40e4-4aed-944f-e80b082c4a3a', 'name': 'tempest-InstanceActionsNegativeTestJSON-1486568103-network', 'tenant_id': 'e7ae87b4c0a14c849e5cd2c3e9e142ff', 'admin_state_up': True, 'mtu': 8950, 'status': 'ACTIVE', 'subnets': [], 'shared': False, 'project_id': 'e7ae87b4c0a14c849e5cd2c3e9e142ff', 'port_security_enabled': True, 'router:external': False, 'provider:network_type': 'vlan', 'provider:physical_network': 'default', 'provider:segmentation_id': 188, 'availability_zone_hints': [], 'availability_zones': [], 'ipv4_address_scope': None, 'ipv6_address_scope': None, 'description': '', 'tags': [], 'created_at': '2025-02-11T14:56:42Z', 'updated_at': '2025-02-11T14:56:42Z', 'revision_number': 1} available for tenant
2025-02-11 14:56:48.293 75134 INFO tempest.lib.common.rest_client [req-de3d5932-120d-438a-a931-c1ca97574743 req-de3d5932-120d-438a-a931-c1ca97574743 ] Request (ServerExternalEventsTest:setUpClass): 200 GET http://10.180.1.21/identity/v3/roles 0.022s
2025-02-11 14:56:48.320 75134 INFO tempest.lib.common.rest_client [req-e050492a-18da-4ece-94da-977f04f5a037 req-e050492a-18da-4ece-94da-977f04f5a037 ] Request (ServerExternalEventsTest:setUpClass): 204 PUT http://10.180.1.21/identity/v3/projects/f28bb262af9e4718982f474e5fe3c42f/users/72fe080936924bb0978030a1891c33f6/roles/d428e4b62d094006b5e1767fe6df6725 0.027s
2025-02-11 14:56:48.370 75134 INFO tempest.lib.common.rest_client [req-772327f7-9a72-4964-b337-7a38364e9e7d req-772327f7-9a72-4964-b337-7a38364e9e7d ] Request (ServerExternalEventsTest:setUpClass): 200 GET http://10.180.1.21/identity/v3/roles 0.049s
2025-02-11 14:56:48.396 75134 INFO tempest.lib.common.rest_client [req-4a5fcb58-86fd-4994-b662-a17bf4ff98eb req-4a5fcb58-86fd-4994-b662-a17bf4ff98eb ] Request (ServerExternalEventsTest:setUpClass): 204 PUT http://10.180.1.21/identity/v3/projects/f28bb262af9e4718982f474e5fe3c42f/users/72fe080936924bb0978030a1891c33f6/roles/d028cf601d6f4b2c869def7978d08927 0.026s
2025-02-11 14:56:48.397 75134 INFO tempest.lib.common.dynamic_creds [-] Dynamic test user 72fe080936924bb0978030a1891c33f6 is created with scope project and roles: ['service', 'admin']
2025-02-11 14:56:48.397 75134 INFO tempest.lib.common.dynamic_creds [-] Acquired dynamic creds: credentials: Credentials: {'domain_id': 'default', 'domain_name': 'Default', 'username': 'tempest-ServerExternalEventsTest-662144807-project', 'project_domain_id': 'default', 'project_domain_name': 'Default', 'project_id': 'f28bb262af9e4718982f474e5fe3c42f', 'project_name': 'tempest-ServerExternalEventsTest-662144807', 'tenant_id': 'f28bb262af9e4718982f474e5fe3c42f', 'tenant_name': 'tempest-ServerExternalEventsTest-662144807', 'user_domain_id': 'default', 'user_domain_name': 'Default', 'user_id': '72fe080936924bb0978030a1891c33f6', 'system': None}, Network: None, Subnet: None, Router: None
2025-02-11 14:56:48.397 75134 INFO tempest.lib.common.dynamic_creds [-] Created isolated network resources for: credentials: Credentials: {'domain_id': 'default', 'domain_name': 'Default', 'username': 'tempest-ServerExternalEventsTest-662144807-project', 'project_domain_id': 'default', 'project_domain_name': 'Default', 'project_id': 'f28bb262af9e4718982f474e5fe3c42f', 'project_name': 'tempest-ServerExternalEventsTest-662144807', 'tenant_id': 'f28bb262af9e4718982f474e5fe3c42f', 'tenant_name': 'tempest-ServerExternalEventsTest-662144807', 'user_domain_id': 'default', 'user_domain_name': 'Default', 'user_id': '72fe080936924bb0978030a1891c33f6', 'system': None}, Network: None, Subnet: None, Router: None
2025-02-11 14:56:48.406 75120 INFO tempest.lib.common.rest_client [req-30bfa859-7a26-4f6a-b0b8-514425402e15 req-30bfa859-7a26-4f6a-b0b8-514425402e15 ] Request (ImagesNegativeTestJSON:test_create_image_from_deleted_server): 200 GET http://10.180.1.21/compute/v2.1/servers/40fc9f22-d736-46d2-9f49-3650a7a1cb63 2.551s
2025-02-11 14:56:48.413 75144 INFO tempest.lib.common.rest_client [req-05614a0e-535d-487e-b308-f981e82b2bb4 req-05614a0e-535d-487e-b308-f981e82b2bb4 ] Request (TenantUsagesNegativeTestJSON:test_get_usage_tenant_with_invalid_date): 400 GET http://10.180.1.21/compute/v2.1/os-simple-tenant-usage/d0545d63eb974ab48a2ea82c4572252c?start=2025-02-12T14%3A56%3A43.562617&end=2025-02-10T14%3A56%3A43.562617 2.315s
2025-02-11 14:56:48.418 75154 INFO tempest.lib.common.rest_client [req-e972b64c-ac64-4d52-ba51-eee5dfd40bd3 req-e972b64c-ac64-4d52-ba51-eee5dfd40bd3 ] Request (HostsAdminNegativeTestJSON:test_update_host_with_non_admin_user): 403 PUT http://10.180.1.21/compute/v2.1/os-hosts/devstack 2.315s
2025-02-11 14:56:48.442 75122 INFO tempest.lib.common.rest_client [req-07453d59-1def-4872-9626-9f2f1f87d6f4 req-07453d59-1def-4872-9626-9f2f1f87d6f4 ] Request (FlavorsAccessNegativeTestJSON:_run_cleanups): 200 GET http://10.180.1.21/compute/v2.1/flavors/detail 2.320s
2025-02-11 14:56:48.458 75132 INFO tempest.lib.common.rest_client [req-d11250d4-e4c8-42ce-bc0f-51048bcdeb3c req-d11250d4-e4c8-42ce-bc0f-51048bcdeb3c ] Request (HypervisorAdminNegativeUnderV252Test:test_show_servers_with_non_admin_user): 403 GET http://10.180.1.21/compute/v2.1/os-hypervisors/1/servers 2.306s
2025-02-11 14:56:48.497 75134 INFO tempest.lib.common.rest_client [req-b9e5eb59-da4a-47f8-b8e3-ac079e86cd40 req-b9e5eb59-da4a-47f8-b8e3-ac079e86cd40 ] Request (ServerExternalEventsTest:setUpClass): 201 POST http://10.180.1.21/identity/v3/auth/tokens 0.097s
2025-02-11 14:56:48.519 75168 INFO tempest.lib.common.rest_client [req-297bcbca-059f-4a48-9b95-29daaaa88820 req-297bcbca-059f-4a48-9b95-29daaaa88820 ] Request (ListImageFiltersTestJSON:setUpClass): 202 POST http://10.180.1.21/compute/v2.1/servers 2.458s
2025-02-11 14:56:48.592 75126 INFO tempest.lib.common.rest_client [req-6b0c44e9-e518-4b5c-933c-0122e445db69 req-6b0c44e9-e518-4b5c-933c-0122e445db69 ] Request (ServerDiagnosticsTest:test_get_server_diagnostics): 200 GET http://10.180.1.21/compute/v2.1/servers/66dc2392-020d-4abe-8344-b0386078dea0 2.046s
2025-02-11 14:56:48.593 75134 INFO tempest.lib.common.rest_client [req-193edf8c-1463-470f-9eae-c699c709146d req-193edf8c-1463-470f-9eae-c699c709146d ] Request (ServerExternalEventsTest:test_create_server_external_events): 201 POST http://10.180.1.21/identity/v3/auth/tokens 0.091s
2025-02-11 14:56:48.594 75134 INFO tempest.lib.common.fixed_network [-] (ServerExternalEventsTest:test_create_server_external_events) Found network None available for tenant
2025-02-11 14:56:48.596 75168 INFO tempest.lib.common.rest_client [req-22d58ff5-1456-4f3b-b478-265e86838fa8 req-22d58ff5-1456-4f3b-b478-265e86838fa8 ] Request (ListImageFiltersTestJSON:setUpClass): 201 POST http://10.180.1.21/identity/v3/auth/tokens 0.071s
2025-02-11 14:56:48.597 75168 INFO tempest.lib.common.fixed_network [-] (ListImageFiltersTestJSON:setUpClass) Found network None available for tenant
2025-02-11 14:56:48.648 75162 INFO tempest.lib.common.rest_client [req-8e644e83-0137-49c4-8932-e5a6b50a9ff0 req-8e644e83-0137-49c4-8932-e5a6b50a9ff0 ] Request (MigrationsAdminTest:test_list_migrations_in_flavor_resize_situation): 200 GET http://10.180.1.21/compute/v2.1/servers/28430a3c-e6e0-4db5-acdb-1cc2408ae7e6 2.480s
2025-02-11 14:56:48.664 75136 INFO tempest.lib.common.rest_client [req-ef73edba-49a7-42b2-b516-75f96a4a9319 req-ef73edba-49a7-42b2-b516-75f96a4a9319 ] Request (ServersWithSpecificFlavorTestJSON:test_verify_created_server_ephemeral_disk): 200 GET http://10.180.1.21/compute/v2.1/flavors/42/os-extra_specs 2.092s
2025-02-11 14:56:48.761 75172 INFO tempest.lib.common.rest_client [req-416d771f-8f71-4fa3-809a-6a540fb995ea req-416d771f-8f71-4fa3-809a-6a540fb995ea ] Request (ServerDiagnosticsNegativeTest:test_get_server_diagnostics_by_non_admin): 200 GET http://10.180.1.21/compute/v2.1/servers/cd9096f9-15ab-43b8-87af-d69296f2b475 2.195s
2025-02-11 14:56:48.775 75172 INFO tempest.common.waiters [-] State transition "BUILD/spawning" ==> "ACTIVE/None" after 19 second wait
2025-02-11 14:56:48.978 75151 INFO tempest.lib.common.rest_client [req-95a0d411-7fd2-41af-bc26-97529452bcf4 req-95a0d411-7fd2-41af-bc26-97529452bcf4 ] Request (SecurityGroupsTestJSON:test_list_security_groups_by_server): 200 GET http://10.180.1.21/compute/v2.1/servers/76c1f3cb-b2f4-4c43-aa76-1a8f193976e2 2.330s
2025-02-11 14:56:48.991 75151 INFO tempest.common.waiters [-] State transition "BUILD/None" ==> "BUILD/spawning" after 12 second wait
2025-02-11 14:56:49.029 75140 INFO tempest.lib.common.rest_client [req-cf9557f3-0ac7-4168-b669-07285caea9e9 req-cf9557f3-0ac7-4168-b669-07285caea9e9 ] Request (KeyPairsV2TestJSON:test_keypair_create_with_pub_key): 200 POST http://10.180.1.21/compute/v2.1/os-keypairs 2.123s
2025-02-11 14:56:49.051 75128 INFO tempest.lib.common.rest_client [req-d0a1bca8-759f-4da8-acd5-6e94d748316d req-d0a1bca8-759f-4da8-acd5-6e94d748316d ] Request (FlavorsAdminTestJSON:_run_cleanups): 202 DELETE http://10.180.1.21/compute/v2.1/flavors/396e8805-5feb-495a-b84f-0b49fd6740b5 2.126s
2025-02-11 14:56:49.076 75174 INFO tempest.lib.common.rest_client [req-17844d70-aa1f-4289-81f8-5708f30e5899 req-17844d70-aa1f-4289-81f8-5708f30e5899 ] Request (FlavorsExtraSpecsTestJSON:test_flavor_set_get_update_show_unset_keys): 200 DELETE http://10.180.1.21/compute/v2.1/flavors/414484901/os-extra_specs/hw:cpu_policy 2.130s
2025-02-11 14:56:49.202 75160 INFO tempest.lib.common.rest_client [req-f346b28f-951c-4444-b47c-0e67106216a2 req-f346b28f-951c-4444-b47c-0e67106216a2 ] Request (ImagesOneServerNegativeTestJSON:setUpClass): 200 PUT http://10.180.1.21:9696/networking/v2.0/routers/d6d50429-83b3-49f6-9071-ef967ec8e7c1/add_router_interface 2.143s
2025-02-11 14:56:49.202 75160 INFO tempest.lib.common.dynamic_creds [-] Created isolated network resources for: credentials: Credentials: {'domain_id': 'default', 'domain_name': 'Default', 'username': 'tempest-ImagesOneServerNegativeTestJSON-1783289190-project-member', 'project_domain_id': 'default', 'project_domain_name': 'Default', 'project_id': '6ebcdc858a114ae28f94832410e0973b', 'project_name': 'tempest-ImagesOneServerNegativeTestJSON-1783289190', 'tenant_id': '6ebcdc858a114ae28f94832410e0973b', 'tenant_name': 'tempest-ImagesOneServerNegativeTestJSON-1783289190', 'user_domain_id': 'default', 'user_domain_name': 'Default', 'user_id': 'c825b9ab483143c9b80dd2dfe11cdc03', 'system': None}, Network: {'id': '0f52ec1c-d59b-4cbe-8c6d-e8f0a402ce4a', 'name': 'tempest-ImagesOneServerNegativeTestJSON-1860905216-network', 'tenant_id': '6ebcdc858a114ae28f94832410e0973b', 'admin_state_up': True, 'mtu': 8950, 'status': 'ACTIVE', 'subnets': [], 'shared': False, 'project_id': '6ebcdc858a114ae28f94832410e0973b', 'port_security_enabled': True, 'router:external': False, 'provider:network_type': 'vlan', 'provider:physical_network': 'default', 'provider:segmentation_id': 856, 'availability_zone_hints': [], 'availability_zones': [], 'ipv4_address_scope': None, 'ipv6_address_scope': None, 'description': '', 'tags': [], 'created_at': '2025-02-11T14:56:43Z', 'updated_at': '2025-02-11T14:56:43Z', 'revision_number': 1}, Subnet: {'id': '592355cc-fac8-4347-8e8e-a652c44cea22', 'name': 'tempest-ImagesOneServerNegativeTestJSON-1860905216-subnet', 'tenant_id': '6ebcdc858a114ae28f94832410e0973b', 'network_id': '0f52ec1c-d59b-4cbe-8c6d-e8f0a402ce4a', 'ip_version': 4, 'subnetpool_id': None, 'enable_dhcp': True, 'ipv6_ra_mode': None, 'ipv6_address_mode': None, 'gateway_ip': '192.168.128.1', 'cidr': '192.168.128.0/28', 'allocation_pools': [{'start': '192.168.128.2', 'end': '192.168.128.14'}], 'host_routes': [], 'dns_nameservers': [], 'description': '', 'router:external': False, 'service_types': [], 'tags': [], 'created_at': '2025-02-11T14:56:44Z', 'updated_at': '2025-02-11T14:56:44Z', 'revision_number': 0, 'project_id': '6ebcdc858a114ae28f94832410e0973b'}, Router: {'id': 'd6d50429-83b3-49f6-9071-ef967ec8e7c1', 'name': 'tempest-ImagesOneServerNegativeTestJSON-1860905216-router', 'tenant_id': '6ebcdc858a114ae28f94832410e0973b', 'admin_state_up': True, 'status': 'ACTIVE', 'external_gateway_info': {'network_id': 'f25d0b84-f077-4045-aadb-f273818c3467', 'external_fixed_ips': [{'subnet_id': '4c73c672-9074-4f69-a9ec-ed07bafb6aba', 'ip_address': '10.180.180.246'}], 'enable_snat': True}, 'description': '', 'availability_zones': [], 'distributed': False, 'ha': False, 'availability_zone_hints': [], 'routes': [], 'flavor_id': None, 'tags': [], 'created_at': '2025-02-11T14:56:44Z', 'updated_at': '2025-02-11T14:56:45Z', 'revision_number': 2, 'project_id': '6ebcdc858a114ae28f94832410e0973b'}
2025-02-11 14:56:49.232 75118 INFO tempest.lib.common.rest_client [req-3630ef8b-893f-4720-98d2-d63382d707bd req-3630ef8b-893f-4720-98d2-d63382d707bd ] Request (QuotaClassesAdminTestJSON:test_update_default_quotas): 200 PUT http://10.180.1.21/compute/v2.1/os-quota-class-sets/default 2.103s
2025-02-11 14:56:49.305 75160 INFO tempest.lib.common.rest_client [req-a7df621e-6431-4fa0-95c9-c7d8d00b9710 req-a7df621e-6431-4fa0-95c9-c7d8d00b9710 ] Request (ImagesOneServerNegativeTestJSON:setUpClass): 201 POST http://10.180.1.21/identity/v3/auth/tokens 0.099s
2025-02-11 14:56:49.352 75124 INFO tempest.lib.common.rest_client [req-22b53656-0d5c-4e3c-b76f-9225213b8d67 req-22b53656-0d5c-4e3c-b76f-9225213b8d67 ] Request (VolumesAssistedSnapshotsTest:test_volume_assisted_snapshot_create_delete): 200 GET http://10.180.1.21/compute/v2.1/servers/ba58fc02-6d38-4df0-9d15-5f6468dcbc65 2.124s
2025-02-11 14:56:49.357 75160 INFO tempest.lib.common.rest_client [req-5574b6f3-4527-469e-aeb8-681a5e8dc2e5 req-5574b6f3-4527-469e-aeb8-681a5e8dc2e5 ] Request (ImagesOneServerNegativeTestJSON:setUpClass): 201 POST http://10.180.1.21/identity/v3/auth/tokens 0.045s
2025-02-11 14:56:49.358 75160 INFO tempest.lib.common.fixed_network [-] (ImagesOneServerNegativeTestJSON:setUpClass) Found network {'id': '0f52ec1c-d59b-4cbe-8c6d-e8f0a402ce4a', 'name': 'tempest-ImagesOneServerNegativeTestJSON-1860905216-network', 'tenant_id': '6ebcdc858a114ae28f94832410e0973b', 'admin_state_up': True, 'mtu': 8950, 'status': 'ACTIVE', 'subnets': [], 'shared': False, 'project_id': '6ebcdc858a114ae28f94832410e0973b', 'port_security_enabled': True, 'router:external': False, 'provider:network_type': 'vlan', 'provider:physical_network': 'default', 'provider:segmentation_id': 856, 'availability_zone_hints': [], 'availability_zones': [], 'ipv4_address_scope': None, 'ipv6_address_scope': None, 'description': '', 'tags': [], 'created_at': '2025-02-11T14:56:43Z', 'updated_at': '2025-02-11T14:56:43Z', 'revision_number': 1} available for tenant
2025-02-11 14:56:49.544 75152 INFO tempest.lib.common.rest_client [req-daa2e198-37ab-44c2-a35a-3b687b84302d req-daa2e198-37ab-44c2-a35a-3b687b84302d ] Request (FloatingIPsAssociationTestJSON:setUpClass): 200 GET http://10.180.1.21/compute/v2.1/servers/88317080-b446-447d-aa4d-8af1bbec9f26 2.238s
2025-02-11 14:56:49.610 75148 INFO tempest.lib.common.rest_client [req-84fce211-3efd-4bae-952b-fc684b76e83d req-84fce211-3efd-4bae-952b-fc684b76e83d ] Request (FloatingIPDetailsTestJSON:_run_cleanups): 202 DELETE http://10.180.1.21/compute/v2.1/os-floating-ips/7a4658c5-1b7a-414f-9fb6-e617f6d5279b 2.723s
2025-02-11 14:56:49.678 75138 INFO tempest.lib.common.rest_client [req-5f038baf-6603-4d0d-b6ff-78a4317140ca req-5f038baf-6603-4d0d-b6ff-78a4317140ca ] Request (ServerMetadataNegativeTestJSON:setUpClass): 200 PUT http://10.180.1.21:9696/networking/v2.0/routers/d5055461-7ce7-4111-937e-bcb0d8571153/add_router_interface 2.693s
2025-02-11 14:56:49.679 75138 INFO tempest.lib.common.dynamic_creds [-] Created isolated network resources for: credentials: Credentials: {'domain_id': 'default', 'domain_name': 'Default', 'username': 'tempest-ServerMetadataNegativeTestJSON-1012978521-project-member', 'project_domain_id': 'default', 'project_domain_name': 'Default', 'project_id': 'b7f9efd9eaa542e89b1476d32711f63e', 'project_name': 'tempest-ServerMetadataNegativeTestJSON-1012978521', 'tenant_id': 'b7f9efd9eaa542e89b1476d32711f63e', 'tenant_name': 'tempest-ServerMetadataNegativeTestJSON-1012978521', 'user_domain_id': 'default', 'user_domain_name': 'Default', 'user_id': '0315089f06174b689905e9fa7a1f31ff', 'system': None}, Network: {'id': '9d4130f5-8a26-4155-8ad3-948b5ea04509', 'name': 'tempest-ServerMetadataNegativeTestJSON-304514726-network', 'tenant_id': 'b7f9efd9eaa542e89b1476d32711f63e', 'admin_state_up': True, 'mtu': 8950, 'status': 'ACTIVE', 'subnets': [], 'shared': False, 'project_id': 'b7f9efd9eaa542e89b1476d32711f63e', 'port_security_enabled': True, 'router:external': False, 'provider:network_type': 'vlan', 'provider:physical_network': 'default', 'provider:segmentation_id': 345, 'availability_zone_hints': [], 'availability_zones': [], 'ipv4_address_scope': None, 'ipv6_address_scope': None, 'description': '', 'tags': [], 'created_at': '2025-02-11T14:56:43Z', 'updated_at': '2025-02-11T14:56:43Z', 'revision_number': 1}, Subnet: {'id': '3c9f27b5-c795-4b8e-924c-60ba1e8c61ff', 'name': 'tempest-ServerMetadataNegativeTestJSON-304514726-subnet', 'tenant_id': 'b7f9efd9eaa542e89b1476d32711f63e', 'network_id': '9d4130f5-8a26-4155-8ad3-948b5ea04509', 'ip_version': 4, 'subnetpool_id': None, 'enable_dhcp': True, 'ipv6_ra_mode': None, 'ipv6_address_mode': None, 'gateway_ip': '192.168.128.1', 'cidr': '192.168.128.0/28', 'allocation_pools': [{'start': '192.168.128.2', 'end': '192.168.128.14'}], 'host_routes': [], 'dns_nameservers': [], 'description': '', 'router:external': False, 'service_types': [], 'tags': [], 'created_at': '2025-02-11T14:56:44Z', 'updated_at': '2025-02-11T14:56:44Z', 'revision_number': 0, 'project_id': 'b7f9efd9eaa542e89b1476d32711f63e'}, Router: {'id': 'd5055461-7ce7-4111-937e-bcb0d8571153', 'name': 'tempest-ServerMetadataNegativeTestJSON-304514726-router', 'tenant_id': 'b7f9efd9eaa542e89b1476d32711f63e', 'admin_state_up': True, 'status': 'ACTIVE', 'external_gateway_info': {'network_id': 'f25d0b84-f077-4045-aadb-f273818c3467', 'external_fixed_ips': [{'subnet_id': '4c73c672-9074-4f69-a9ec-ed07bafb6aba', 'ip_address': '10.180.180.152'}], 'enable_snat': True}, 'description': '', 'availability_zones': [], 'distributed': False, 'ha': False, 'availability_zone_hints': [], 'routes': [], 'flavor_id': None, 'tags': [], 'created_at': '2025-02-11T14:56:44Z', 'updated_at': '2025-02-11T14:56:45Z', 'revision_number': 2, 'project_id': 'b7f9efd9eaa542e89b1476d32711f63e'}
2025-02-11 14:56:49.682 75166 INFO tempest.lib.common.rest_client [req-6dd2e449-79bb-4c1d-9f3e-10481173abc5 req-6dd2e449-79bb-4c1d-9f3e-10481173abc5 ] Request (MultipleCreateTestJSON:test_multiple_create): 200 GET http://10.180.1.21/compute/v2.1/servers/0bada36e-44cd-4d00-92d1-f5796e80a9c7 1.624s
2025-02-11 14:56:49.755 75138 INFO tempest.lib.common.rest_client [req-7f399507-5627-4ac7-b66b-307f1b7aee17 req-7f399507-5627-4ac7-b66b-307f1b7aee17 ] Request (ServerMetadataNegativeTestJSON:setUpClass): 201 POST http://10.180.1.21/identity/v3/auth/tokens 0.073s
2025-02-11 14:56:49.756 75138 WARNING tempest.lib.common.rest_client [-] Deprecated: "tenant_id" property is deprecated for removal, use "project_id" instead
2025-02-11 14:56:49.779 75164 INFO tempest.lib.common.rest_client [req-f6724682-3923-4e0d-9083-8191c0ce9f21 req-f6724682-3923-4e0d-9083-8191c0ce9f21 ] Request (DeleteServersAdminTestJSON:test_admin_delete_servers_of_others): 204 DELETE http://10.180.1.21/compute/v2.1/servers/e34b99bc-8c39-47d3-8e6c-d45701d28ee1 2.169s
2025-02-11 14:56:49.794 75138 INFO tempest.lib.common.rest_client [req-d762cd02-5318-4582-9f91-84082b4b1963 req-d762cd02-5318-4582-9f91-84082b4b1963 ] Request (ServerMetadataNegativeTestJSON:setUpClass): 201 POST http://10.180.1.21/identity/v3/auth/tokens 0.030s
2025-02-11 14:56:49.795 75138 INFO tempest.lib.common.fixed_network [-] (ServerMetadataNegativeTestJSON:setUpClass) Found network {'id': '9d4130f5-8a26-4155-8ad3-948b5ea04509', 'name': 'tempest-ServerMetadataNegativeTestJSON-304514726-network', 'tenant_id': 'b7f9efd9eaa542e89b1476d32711f63e', 'admin_state_up': True, 'mtu': 8950, 'status': 'ACTIVE', 'subnets': [], 'shared': False, 'project_id': 'b7f9efd9eaa542e89b1476d32711f63e', 'port_security_enabled': True, 'router:external': False, 'provider:network_type': 'vlan', 'provider:physical_network': 'default', 'provider:segmentation_id': 345, 'availability_zone_hints': [], 'availability_zones': [], 'ipv4_address_scope': None, 'ipv6_address_scope': None, 'description': '', 'tags': [], 'created_at': '2025-02-11T14:56:43Z', 'updated_at': '2025-02-11T14:56:43Z', 'revision_number': 1} available for tenant
2025-02-11 14:56:49.801 75156 INFO tempest.lib.common.rest_client [req-9bb6ba51-b0c7-41cc-ba94-aeb0093414e3 req-9bb6ba51-b0c7-41cc-ba94-aeb0093414e3 ] Request (ServicesAdminNegativeTestJSON:test_get_service_by_invalid_service_and_valid_host): 200 GET http://10.180.1.21/compute/v2.1/os-services?host=devstack&binary=xxx 1.644s
2025-02-11 14:56:49.827 75176 INFO tempest.lib.common.rest_client [req-e6e42a85-b48e-4a68-bf75-896272e104ec req-e6e42a85-b48e-4a68-bf75-896272e104ec ] Request (FlavorsExtraSpecsNegativeTestJSON:tearDownClass): 200 GET http://10.180.1.21/compute/v2.1/flavors/detail 1.651s
2025-02-11 14:56:49.828 75171 INFO tempest.lib.common.rest_client [req-ab466014-bfa5-4497-9ed9-565ad6cf0c89 req-ab466014-bfa5-4497-9ed9-565ad6cf0c89 ] Request (QuotasAdminNegativeTest:_run_cleanups): 200 PUT http://10.180.1.21/compute/v2.1/os-quota-sets/00ff698ca66546c390930e3f8da97505 1.699s
2025-02-11 14:56:49.853 75130 INFO tempest.lib.common.rest_client [req-3eda1fa5-498c-4d73-b310-14b5a923e3d3 req-3eda1fa5-498c-4d73-b310-14b5a923e3d3 ] Request (ServicesAdminNegativeV253TestJSON:test_get_service_by_invalid_params): 200 GET http://10.180.1.21/compute/v2.1/os-services?xxx=nova-compute 1.655s
2025-02-11 14:56:49.911 75114 INFO tempest.lib.common.rest_client [req-3cceaaec-f327-41d1-b790-0419380e08f7 req-3cceaaec-f327-41d1-b790-0419380e08f7 ] Request (ServerMetadataTestJSON:setUpClass): 200 GET http://10.180.1.21/compute/v2.1/servers/7de36d0e-3ddc-4a8d-981e-b76212795763 1.619s
2025-02-11 14:56:49.942 75176 INFO tempest.lib.common.rest_client [req-5575fc94-3869-4eda-aeb5-1d7d0a2581d4 req-5575fc94-3869-4eda-aeb5-1d7d0a2581d4 ] Request (FlavorsExtraSpecsNegativeTestJSON:tearDownClass): 204 DELETE http://10.180.1.21/identity/v3/users/b71b94a7efa34e55a2a7033a14e04dac 0.109s
2025-02-11 14:56:50.027 75144 INFO tempest.lib.common.rest_client [req-dde61b33-cd61-474b-9bf6-c22b6f41f104 req-dde61b33-cd61-474b-9bf6-c22b6f41f104 ] Request (TenantUsagesNegativeTestJSON:test_list_usage_all_tenants_with_non_admin_user): 403 GET http://10.180.1.21/compute/v2.1/os-simple-tenant-usage?start=2025-02-10T14%3A56%3A43.562617&end=2025-02-12T14%3A56%3A43.562617&detailed=1 1.612s
2025-02-11 14:56:50.032 75154 INFO tempest.lib.common.rest_client [req-f6144ee5-85ac-47ae-980e-a938417439e9 req-f6144ee5-85ac-47ae-980e-a938417439e9 ] Request (HostsAdminNegativeTestJSON:test_update_host_without_param): 400 PUT http://10.180.1.21/compute/v2.1/os-hosts/devstack 1.612s
2025-02-11 14:56:50.057 75176 INFO tempest.lib.common.rest_client [req-8107f84a-112b-4f20-9458-44df00c54e59 req-8107f84a-112b-4f20-9458-44df00c54e59 ] Request (FlavorsExtraSpecsNegativeTestJSON:tearDownClass): 204 DELETE http://10.180.1.21/identity/v3/users/a4f4dcbd312341dba1bd2ce6b59634e4 0.114s
2025-02-11 14:56:50.057 75176 INFO tempest.lib.common.dynamic_creds [-] Deleting project and security group for project: a7384846975d4165b86969e45bbdba55
2025-02-11 14:56:50.058 75122 INFO tempest.lib.common.rest_client [req-7355e9d8-2c40-4217-baa6-cd1e94ef052e req-7355e9d8-2c40-4217-baa6-cd1e94ef052e ] Request (FlavorsAccessNegativeTestJSON:test_flavor_non_admin_add): 200 POST http://10.180.1.21/compute/v2.1/flavors 1.606s
2025-02-11 14:56:50.070 75132 INFO tempest.lib.common.rest_client [req-c7179ac4-d4a9-4ca3-aaa8-854b0fcf6841 req-c7179ac4-d4a9-4ca3-aaa8-854b0fcf6841 ] Request (HypervisorAdminNegativeUnderV252Test:test_show_servers_with_nonexistent_hypervisor): 404 GET http://10.180.1.21/compute/v2.1/os-hypervisors/9d5c4b38-1dcb-4dc7-9619-9c6e59935b54/servers 1.610s
2025-02-11 14:56:50.134 75146 INFO tempest.lib.common.rest_client [req-eeb8bc97-913c-4c8a-9800-222e51df5c5c req-eeb8bc97-913c-4c8a-9800-222e51df5c5c ] Request (ServersAdminTestJSON:setUpClass): 200 GET http://10.180.1.21/compute/v2.1/servers/d849054f-c589-4f05-b183-ca3c4d4ae5c4 1.671s
2025-02-11 14:56:50.139 75176 INFO tempest.lib.common.rest_client [req-b380c5a4-8a0c-4d0b-87a9-416b78566678 req-b380c5a4-8a0c-4d0b-87a9-416b78566678 ] Request (FlavorsExtraSpecsNegativeTestJSON:tearDownClass): 201 POST http://10.180.1.21/identity/v3/auth/tokens 0.082s
2025-02-11 14:56:50.147 75146 INFO tempest.common.waiters [-] State transition "BUILD/None" ==> "BUILD/networking" after 6 second wait
2025-02-11 14:56:50.230 75144 INFO tempest.lib.common.rest_client [req-5417daae-c3ce-4191-94a0-2b2bd9e86f91 req-5417daae-c3ce-4191-94a0-2b2bd9e86f91 ] Request (TenantUsagesNegativeTestJSON:tearDownClass): 204 DELETE http://10.180.1.21/identity/v3/users/29d3adabdddc4f019f82f2e932e2ad7f 0.202s
2025-02-11 14:56:50.235 75132 INFO tempest.lib.common.rest_client [req-cd664674-d43e-473f-9bbb-628392e7da62 req-cd664674-d43e-473f-9bbb-628392e7da62 ] Request (HypervisorAdminNegativeUnderV252Test:tearDownClass): 204 DELETE http://10.180.1.21/identity/v3/users/459a426fed634fe8a27f9f194b250034 0.162s
2025-02-11 14:56:50.260 75116 INFO tempest.lib.common.rest_client [req-0097584a-8428-4ebf-bb67-7f2d0a580e71 req-0097584a-8428-4ebf-bb67-7f2d0a580e71 ] Request (InstanceActionsNegativeTestJSON:setUpClass): 202 POST http://10.180.1.21/compute/v2.1/servers 1.977s
2025-02-11 14:56:50.466 75144 INFO tempest.lib.common.rest_client [req-1e102ddb-f713-4b75-b5bd-ab841c28acd2 req-1e102ddb-f713-4b75-b5bd-ab841c28acd2 ] Request (TenantUsagesNegativeTestJSON:tearDownClass): 204 DELETE http://10.180.1.21/identity/v3/users/4eb535f9238b44ffac7c97d0af1b2621 0.236s
2025-02-11 14:56:50.467 75144 INFO tempest.lib.common.dynamic_creds [-] Deleting project and security group for project: 22f5a28fd82345e1b4d7b944acf4bcd7
2025-02-11 14:56:50.482 75132 INFO tempest.lib.common.rest_client [req-52219d00-1a1f-4f35-aee7-1f9cbdcf9fa8 req-52219d00-1a1f-4f35-aee7-1f9cbdcf9fa8 ] Request (HypervisorAdminNegativeUnderV252Test:tearDownClass): 204 DELETE http://10.180.1.21/identity/v3/users/32cfe924ca884ec3bc1242d0d7aedf09 0.247s
2025-02-11 14:56:50.483 75132 INFO tempest.lib.common.dynamic_creds [-] Deleting project and security group for project: 46479822039b4b259260aba0bc94178f
2025-02-11 14:56:50.553 75132 INFO tempest.lib.common.rest_client [req-65fa7029-e145-40e8-966f-d0fbc64112eb req-65fa7029-e145-40e8-966f-d0fbc64112eb ] Request (HypervisorAdminNegativeUnderV252Test:tearDownClass): 201 POST http://10.180.1.21/identity/v3/auth/tokens 0.070s
2025-02-11 14:56:50.562 75144 INFO tempest.lib.common.rest_client [req-182c104b-a2f7-441b-967c-6e654718727e req-182c104b-a2f7-441b-967c-6e654718727e ] Request (TenantUsagesNegativeTestJSON:tearDownClass): 201 POST http://10.180.1.21/identity/v3/auth/tokens 0.095s
2025-02-11 14:56:50.624 75176 INFO tempest.lib.common.rest_client [req-2ebdbd39-e377-4792-bc75-670069059e5d req-2ebdbd39-e377-4792-bc75-670069059e5d ] Request (FlavorsExtraSpecsNegativeTestJSON:tearDownClass): 200 GET http://10.180.1.21:9696/networking/v2.0/security-groups?tenant_id=a7384846975d4165b86969e45bbdba55&name=default 0.484s
2025-02-11 14:56:50.658 75134 INFO tempest.lib.common.rest_client [req-03d29320-b212-498b-b38b-cf2d397957fd req-03d29320-b212-498b-b38b-cf2d397957fd ] Request (ServerExternalEventsTest:test_create_server_external_events): 202 POST http://10.180.1.21/compute/v2.1/servers 2.063s
2025-02-11 14:56:50.692 75136 INFO tempest.lib.common.rest_client [req-875ce728-fb7f-4f13-9137-54661d2c1f1d req-875ce728-fb7f-4f13-9137-54661d2c1f1d ] Request (ServersWithSpecificFlavorTestJSON:test_verify_created_server_ephemeral_disk): 200 POST http://10.180.1.21/compute/v2.1/flavors/1967141681/os-extra_specs 2.027s
2025-02-11 14:56:50.698 75168 INFO tempest.lib.common.rest_client [req-0fdc719b-59a0-4c97-81d9-1397107be751 req-0fdc719b-59a0-4c97-81d9-1397107be751 ] Request (ListImageFiltersTestJSON:setUpClass): 202 POST http://10.180.1.21/compute/v2.1/servers 2.100s
2025-02-11 14:56:50.770 75172 INFO tempest.lib.common.rest_client [req-0a38a601-18e6-48fe-bf0e-eb50330c779b req-0a38a601-18e6-48fe-bf0e-eb50330c779b ] Request (ServerDiagnosticsNegativeTest:test_get_server_diagnostics_by_non_admin): 403 GET http://10.180.1.21/compute/v2.1/servers/cd9096f9-15ab-43b8-87af-d69296f2b475/diagnostics 1.995s
2025-02-11 14:56:50.828 75140 INFO tempest.lib.common.rest_client [req-684f1954-05a9-43e8-9932-6b7052c4264b req-684f1954-05a9-43e8-9932-6b7052c4264b ] Request (KeyPairsV2TestJSON:_run_cleanups): 202 DELETE http://10.180.1.21/compute/v2.1/os-keypairs/tempest-keypair-519464862 1.797s
2025-02-11 14:56:50.867 75128 INFO tempest.lib.common.rest_client [req-18c73bf8-e95d-4a4d-be6a-4464c3c6bcf8 req-18c73bf8-e95d-4a4d-be6a-4464c3c6bcf8 ] Request (FlavorsAdminTestJSON:_run_cleanups): 200 GET http://10.180.1.21/compute/v2.1/flavors/detail 1.815s
2025-02-11 14:56:50.886 75174 INFO tempest.lib.common.rest_client [req-bee32cee-4168-441b-b2a8-240e06b940cc req-bee32cee-4168-441b-b2a8-240e06b940cc ] Request (FlavorsExtraSpecsTestJSON:test_flavor_set_get_update_show_unset_keys): 200 GET http://10.180.1.21/compute/v2.1/flavors/414484901/os-extra_specs 1.809s
2025-02-11 14:56:50.898 75118 INFO tempest.lib.common.rest_client [req-29471917-e82b-4791-98be-f0f81496cb82 req-29471917-e82b-4791-98be-f0f81496cb82 ] Request (QuotaClassesAdminTestJSON:test_update_default_quotas): 200 GET http://10.180.1.21/compute/v2.1/os-quota-class-sets/default 1.661s
2025-02-11 14:56:50.918 75132 INFO tempest.lib.common.rest_client [req-b9635002-8ba1-4116-be19-3044727b7798 req-b9635002-8ba1-4116-be19-3044727b7798 ] Request (HypervisorAdminNegativeUnderV252Test:tearDownClass): 200 GET http://10.180.1.21:9696/networking/v2.0/security-groups?tenant_id=46479822039b4b259260aba0bc94178f&name=default 0.365s
2025-02-11 14:56:50.948 75176 INFO tempest.lib.common.rest_client [req-567c25a6-dae2-4eff-87ac-ac3b5c12b817 req-567c25a6-dae2-4eff-87ac-ac3b5c12b817 ] Request (FlavorsExtraSpecsNegativeTestJSON:tearDownClass): 204 DELETE http://10.180.1.21:9696/networking/v2.0/security-groups/a878d99a-7634-4f9c-ac44-6d1cbd3e9ff9 0.323s
2025-02-11 14:56:51.034 75176 INFO tempest.lib.common.rest_client [req-698d8b27-f008-42a2-aae3-c1616e0ed235 req-698d8b27-f008-42a2-aae3-c1616e0ed235 ] Request (FlavorsExtraSpecsNegativeTestJSON:tearDownClass): 204 DELETE http://10.180.1.21/identity/v3/projects/a7384846975d4165b86969e45bbdba55 0.085s
2025-02-11 14:56:51.034 75176 INFO tempest.lib.common.dynamic_creds [-] Deleting project and security group for project: 42c8fa1ec53749629bf37ad4c8dd42b9
2025-02-11 14:56:51.094 75144 INFO tempest.lib.common.rest_client [req-544f43e2-219e-4a68-81c5-c25a06faa100 req-544f43e2-219e-4a68-81c5-c25a06faa100 ] Request (TenantUsagesNegativeTestJSON:tearDownClass): 200 GET http://10.180.1.21:9696/networking/v2.0/security-groups?tenant_id=22f5a28fd82345e1b4d7b944acf4bcd7&name=default 0.531s
2025-02-11 14:56:51.325 75158 INFO tempest.lib.common.rest_client [req-e539760f-4a72-47b1-b09c-5060ebd0dd64 req-e539760f-4a72-47b1-b09c-5060ebd0dd64 ] Request (ImagesOneServerTestJSON:setUpClass): 200 GET http://10.180.1.21/compute/v2.1/servers/9151c36e-bbb8-47ca-9833-ffd7c07b58e6 2.389s
2025-02-11 14:56:51.333 75176 INFO tempest.lib.common.rest_client [req-79431446-dc46-483c-a122-d31879aba8bc req-79431446-dc46-483c-a122-d31879aba8bc ] Request (FlavorsExtraSpecsNegativeTestJSON:tearDownClass): 200 GET http://10.180.1.21:9696/networking/v2.0/security-groups?tenant_id=42c8fa1ec53749629bf37ad4c8dd42b9&name=default 0.298s
2025-02-11 14:56:51.424 75132 INFO tempest.lib.common.rest_client [req-dd4bd884-283d-47b4-9ea0-e601fb64c73a req-dd4bd884-283d-47b4-9ea0-e601fb64c73a ] Request (HypervisorAdminNegativeUnderV252Test:tearDownClass): 204 DELETE http://10.180.1.21:9696/networking/v2.0/security-groups/9e632823-e865-4671-a732-2178a9dbe4f7 0.506s
2025-02-11 14:56:51.548 75132 INFO tempest.lib.common.rest_client [req-cf6c2af9-f667-4101-b7ef-3886dfde909c req-cf6c2af9-f667-4101-b7ef-3886dfde909c ] Request (HypervisorAdminNegativeUnderV252Test:tearDownClass): 204 DELETE http://10.180.1.21/identity/v3/projects/46479822039b4b259260aba0bc94178f 0.123s
2025-02-11 14:56:51.548 75132 INFO tempest.lib.common.dynamic_creds [-] Deleting project and security group for project: 12ea4ddc9ddb4b0e9afe8cff9ecb0f54
