2025-02-11 14:59:21.925 75128 INFO tempest.lib.common.rest_client [req-e43e1db7-6f53-4b7b-97d1-d64339230dd3 req-e43e1db7-6f53-4b7b-97d1-d64339230dd3 ] Request (ServerRescueNegativeTestJSON:setUpClass): 200 GET http://10.180.1.21/compute/v2.1/servers/59a18bac-877d-4b56-9afc-1a9923f89db7 0.110s
2025-02-11 14:59:21.936 75146 INFO tempest.lib.common.rest_client [req-af1da85b-92d2-4aaa-a682-8718e45aaaec req-af1da85b-92d2-4aaa-a682-8718e45aaaec ] Request (ServersAdminTestJSON:test_inject_network_info): 200 GET http://10.180.1.21/compute/v2.1/servers/ecff4238-5c16-4ba8-a9c1-75ccb8ea0b27 0.074s
2025-02-11 14:59:21.983 75164 INFO tempest.lib.common.rest_client [req-95d1be0d-1cec-4815-ac93-32d747a800c9 req-95d1be0d-1cec-4815-ac93-32d747a800c9 ] Request (ListServerFiltersTestJSON:setUpClass): 200 GET http://10.180.1.21/compute/v2.1/servers/52fb2b9a-78ec-4fa4-8c04-e23cf9e8b404 0.068s
2025-02-11 14:59:22.022 75126 INFO tempest.lib.common.rest_client [req-6b7b5c3b-ce3a-4a0a-a200-557f562f452b req-6b7b5c3b-ce3a-4a0a-a200-557f562f452b ] Request (ServersAdminNegativeTestJSON:setUpClass): 200 GET http://10.180.1.21/compute/v2.1/servers/78263f95-a845-4011-84a3-910b0beffd0a 0.066s
2025-02-11 14:59:22.122 75120 INFO tempest.lib.common.rest_client [req-40e8cf01-fbaf-4e92-ad61-ecea0b8941de req-40e8cf01-fbaf-4e92-ad61-ecea0b8941de ] Request (DeleteServersTestJSON:test_delete_active_server): 200 GET http://10.180.1.21/compute/v2.1/servers/c83e56bd-9228-4d3c-b06a-1f26789bb6d6 0.054s
2025-02-11 14:59:22.132 75130 INFO tempest.lib.common.rest_client [req-c395c40a-f472-4bb7-8275-083b033fa2f1 req-c395c40a-f472-4bb7-8275-083b033fa2f1 ] Request (ServersTestJSON:tearDownClass): 200 GET http://10.180.1.21/compute/v2.1/servers/7194ba20-8a51-45fa-b7de-6a8070fb3bc8 0.055s
2025-02-11 14:59:22.170 75114 INFO tempest.lib.common.rest_client [req-c7bf2cb2-5deb-47eb-b51c-39d1f00a8dda req-c7bf2cb2-5deb-47eb-b51c-39d1f00a8dda ] Request (AttachVolumeTestJSON:test_attach_detach_volume): 200 GET http://10.180.1.21/compute/v2.1/servers/dd612fd8-83f6-4778-b590-4dbdaada56a1 0.047s
2025-02-11 14:59:22.229 75134 INFO tempest.lib.common.rest_client [req-126071fa-b2f9-449b-8387-f42e81ee4996 req-126071fa-b2f9-449b-8387-f42e81ee4996 ] Request (ImagesTestJSON:test_create_image_from_stopped_server): 200 GET http://10.180.1.21/compute/v2.1/servers/1a2b44b4-fd07-4530-8f95-b886fa04a2c5 0.066s
2025-02-11 14:59:22.246 75174 INFO tempest.lib.common.rest_client [req-0d3b3187-0bd4-4b55-a4ba-34f19a00bc48 req-0d3b3187-0bd4-4b55-a4ba-34f19a00bc48 ] Request (ServersTestFqdnHostnames:tearDownClass): 200 GET http://10.180.1.21/compute/v2.1/servers/b398d1e4-cb1d-4480-b67c-a7d4bbe535fd 0.066s
2025-02-11 14:59:22.254 75174 INFO tempest.common.waiters [-] State transition "ACTIVE/deleting" ==> "DELETED/None" after 5 second wait
2025-02-11 14:59:22.295 75140 INFO tempest.lib.common.rest_client [req-45e608e6-6cf2-413f-94ae-5c1b1cf1a74d req-45e608e6-6cf2-413f-94ae-5c1b1cf1a74d ] Request (AttachInterfacesUnderV243Test:test_add_remove_fixed_ip): 200 GET http://10.180.1.21/compute/v2.1/servers/06425207-1a60-4041-a077-da76149d816b/ips 0.029s
2025-02-11 14:59:22.305 75166 INFO tempest.lib.common.rest_client [req-e06e9b55-5e22-4921-8640-3e09c8d8bf09 req-e06e9b55-5e22-4921-8640-3e09c8d8bf09 ] Request (MultipleCreateTestJSON:tearDownClass): 200 GET http://10.180.1.21/compute/v2.1/servers/b9843fe0-e966-45a0-919d-9e2a3ea9f05e 0.062s
2025-02-11 14:59:22.340 75132 INFO tempest.lib.common.rest_client [req-31f40c42-183b-47d0-9cf5-b7d3c4080ce4 req-31f40c42-183b-47d0-9cf5-b7d3c4080ce4 ] Request (ServerDiskConfigTestJSON:test_rebuild_server_with_manual_disk_config): 200 GET http://10.180.1.21/compute/v2.1/servers/7e99921c-1329-48b3-9ab6-695f6c952e8b 0.071s
2025-02-11 14:59:22.404 75144 INFO tempest.lib.common.rest_client [req-c213bf66-fa78-4d9b-a025-48890cb5c671 req-c213bf66-fa78-4d9b-a025-48890cb5c671 ] Request (AttachInterfacesV270Test:tearDownClass): 200 GET http://10.180.1.21/compute/v2.1/servers/60e9b4e3-6e93-41cd-a333-f3cb17139e7d 0.067s
2025-02-11 14:59:22.558 75168 INFO tempest.lib.common.rest_client [req-43548cbc-5f1f-4609-baab-428fa750a7ee req-43548cbc-5f1f-4609-baab-428fa750a7ee ] Request (ListImageFiltersTestJSON:tearDownClass): 200 GET http://10.180.1.21/compute/v2.1/servers/02636f5d-b8c2-4cb9-a88f-9c38be0be405 0.057s
2025-02-11 14:59:22.577 75171 INFO tempest.lib.common.rest_client [req-627c7df9-0589-4079-840f-4c83dcc40e6c req-627c7df9-0589-4079-840f-4c83dcc40e6c ] Request (ServersV294TestFqdnHostnames:setUpClass): 200 GET http://10.180.1.21/compute/v2.1/servers/ba9facb3-e65e-417b-81ba-370ee695b743 0.055s
2025-02-11 14:59:22.635 75152 INFO tempest.lib.common.rest_client [req-a15f90d5-6e00-4b36-8a2a-38dc5884c8f0 req-a15f90d5-6e00-4b36-8a2a-38dc5884c8f0 ] Request (FloatingIPsAssociationTestJSON:tearDownClass): 200 GET http://10.180.1.21/compute/v2.1/servers/88317080-b446-447d-aa4d-8af1bbec9f26 0.054s
2025-02-11 14:59:22.668 75172 INFO tempest.lib.common.rest_client [req-88311b39-a765-492b-b7ee-12c18090f632 req-88311b39-a765-492b-b7ee-12c18090f632 ] Request (ServersTestBootFromVolume:setUpClass): 200 GET http://10.180.1.21/compute/v2.1/servers/d8211648-488c-4fea-b9e6-4cc224a79ef5 0.048s
2025-02-11 14:59:22.703 75151 INFO tempest.lib.common.rest_client [req-99b2e104-7923-4151-842b-d4892f1307d1 req-99b2e104-7923-4151-842b-d4892f1307d1 ] Request (SecurityGroupsTestJSON:test_server_security_groups): 200 GET http://10.180.1.21/compute/v2.1/servers/382b6fed-cf9b-4daf-aa30-10d96e30aa77 0.050s
2025-02-11 14:59:22.726 75162 INFO tempest.lib.common.rest_client [req-4dee7ee4-3012-464b-b08c-1bccb1c565ad req-4dee7ee4-3012-464b-b08c-1bccb1c565ad ] Request (MigrationsAdminTest:test_resize_server_revert_deleted_flavor): 200 GET http://10.180.1.21/compute/v2.1/servers/562b786c-1b14-4006-a31d-1de7127cf19d 0.042s
2025-02-11 14:59:22.753 75160 INFO tempest.lib.common.rest_client [req-ffaee6c3-6848-4f4c-aa68-f883f16434e3 req-ffaee6c3-6848-4f4c-aa68-f883f16434e3 ] Request (ImagesOneServerNegativeTestJSON:_run_cleanups): 200 GET http://10.180.1.21/compute/v2.1/servers/a04dad8f-da5e-434f-8cd9-9b2b1e77b2a9 0.045s
2025-02-11 14:59:22.804 75124 INFO tempest.lib.common.rest_client [req-1a649bde-9e8b-4ea8-b09d-233d953d1d96 req-1a649bde-9e8b-4ea8-b09d-233d953d1d96 ] Request (VolumesAssistedSnapshotsTest:tearDownClass): 200 GET http://10.180.1.21/compute/v2.1/servers/ba58fc02-6d38-4df0-9d15-5f6468dcbc65 0.056s
2025-02-11 14:59:22.812 75136 INFO tempest.lib.common.rest_client [req-d0288cba-b2b8-4f3b-9396-f82fb2153752 req-d0288cba-b2b8-4f3b-9396-f82fb2153752 ] Request (ServersWithSpecificFlavorTestJSON:test_verify_created_server_ephemeral_disk): 200 GET http://10.180.1.21/compute/v2.1/servers/a41ee046-d966-409c-b69c-23fe1aa8058f 0.050s
2025-02-11 14:59:23.002 75146 INFO tempest.lib.common.rest_client [req-306dad54-78ce-4845-a69a-b7835ccbe50d req-306dad54-78ce-4845-a69a-b7835ccbe50d ] Request (ServersAdminTestJSON:test_inject_network_info): 200 GET http://10.180.1.21/compute/v2.1/servers/ecff4238-5c16-4ba8-a9c1-75ccb8ea0b27 0.053s
2025-02-11 14:59:23.044 75128 INFO tempest.lib.common.rest_client [req-22626b05-93ef-4ae2-8831-d28c76513a51 req-22626b05-93ef-4ae2-8831-d28c76513a51 ] Request (ServerRescueNegativeTestJSON:setUpClass): 200 GET http://10.180.1.21/compute/v2.1/servers/59a18bac-877d-4b56-9afc-1a9923f89db7 0.108s
2025-02-11 14:59:23.055 75164 INFO tempest.lib.common.rest_client [req-d2c71853-563b-45ce-aafd-d1996ecf0a64 req-d2c71853-563b-45ce-aafd-d1996ecf0a64 ] Request (ListServerFiltersTestJSON:setUpClass): 200 GET http://10.180.1.21/compute/v2.1/servers/52fb2b9a-78ec-4fa4-8c04-e23cf9e8b404 0.061s
2025-02-11 14:59:23.087 75126 INFO tempest.lib.common.rest_client [req-0f218188-e508-4267-8a12-77e63c150f12 req-0f218188-e508-4267-8a12-77e63c150f12 ] Request (ServersAdminNegativeTestJSON:setUpClass): 200 GET http://10.180.1.21/compute/v2.1/servers/78263f95-a845-4011-84a3-910b0beffd0a 0.055s
2025-02-11 14:59:23.094 75126 INFO tempest.common.waiters [-] State transition "BUILD/None" ==> "BUILD/networking" after 83 second wait
2025-02-11 14:59:23.184 75120 INFO tempest.lib.common.rest_client [req-f8927826-063e-4e4c-8e13-3730357fd02b req-f8927826-063e-4e4c-8e13-3730357fd02b ] Request (DeleteServersTestJSON:test_delete_active_server): 200 GET http://10.180.1.21/compute/v2.1/servers/c83e56bd-9228-4d3c-b06a-1f26789bb6d6 0.054s
2025-02-11 14:59:23.195 75130 INFO tempest.lib.common.rest_client [req-c96db253-953d-4dff-86ab-e34325b29bab req-c96db253-953d-4dff-86ab-e34325b29bab ] Request (ServersTestJSON:tearDownClass): 200 GET http://10.180.1.21/compute/v2.1/servers/7194ba20-8a51-45fa-b7de-6a8070fb3bc8 0.054s
2025-02-11 14:59:23.202 75130 INFO tempest.common.waiters [-] State transition "ACTIVE/deleting" ==> "DELETED/None" after 5 second wait
2025-02-11 14:59:23.230 75114 INFO tempest.lib.common.rest_client [req-4bcb1050-6100-48cb-a158-c422b4c59aee req-4bcb1050-6100-48cb-a158-c422b4c59aee ] Request (AttachVolumeTestJSON:test_attach_detach_volume): 200 GET http://10.180.1.21/compute/v2.1/servers/dd612fd8-83f6-4778-b590-4dbdaada56a1 0.050s
2025-02-11 14:59:23.285 75134 INFO tempest.lib.common.rest_client [req-031fd672-2689-406c-9a81-f9e3e5d89039 req-031fd672-2689-406c-9a81-f9e3e5d89039 ] Request (ImagesTestJSON:test_create_image_from_stopped_server): 200 GET http://10.180.1.21/compute/v2.1/servers/1a2b44b4-fd07-4530-8f95-b886fa04a2c5 0.049s
2025-02-11 14:59:23.310 75174 INFO tempest.lib.common.rest_client [req-bbf5bb66-ae98-4a7b-a17c-179e64e021a2 req-bbf5bb66-ae98-4a7b-a17c-179e64e021a2 ] Request (ServersTestFqdnHostnames:tearDownClass): 200 GET http://10.180.1.21/compute/v2.1/servers/b398d1e4-cb1d-4480-b67c-a7d4bbe535fd 0.055s
2025-02-11 14:59:23.320 75140 INFO tempest.lib.common.rest_client [req-2cab5153-0326-4d95-9591-80940618d7df req-2cab5153-0326-4d95-9591-80940618d7df ] Request (AttachInterfacesUnderV243Test:test_add_remove_fixed_ip): 200 GET http://10.180.1.21/compute/v2.1/servers/06425207-1a60-4041-a077-da76149d816b/ips 0.022s
2025-02-11 14:59:23.363 75166 INFO tempest.lib.common.rest_client [req-09284330-a09a-4949-9256-fb289edc5f24 req-09284330-a09a-4949-9256-fb289edc5f24 ] Request (MultipleCreateTestJSON:tearDownClass): 200 GET http://10.180.1.21/compute/v2.1/servers/b9843fe0-e966-45a0-919d-9e2a3ea9f05e 0.048s
2025-02-11 14:59:23.413 75132 INFO tempest.lib.common.rest_client [req-d85188b6-d18e-47a6-b834-5b224e508bf8 req-d85188b6-d18e-47a6-b834-5b224e508bf8 ] Request (ServerDiskConfigTestJSON:test_rebuild_server_with_manual_disk_config): 200 GET http://10.180.1.21/compute/v2.1/servers/7e99921c-1329-48b3-9ab6-695f6c952e8b 0.066s
2025-02-11 14:59:23.423 75140 INFO tempest.lib.common.rest_client [req-e2edff37-a443-43d3-9f50-18105bb01c0c req-e2edff37-a443-43d3-9f50-18105bb01c0c ] Request (AttachInterfacesUnderV243Test:test_add_remove_fixed_ip): 200 GET http://10.180.1.21/compute/v2.1/servers/06425207-1a60-4041-a077-da76149d816b 0.100s
2025-02-11 14:59:23.463 75140 INFO tempest.lib.common.rest_client [req-47658a5e-bdb3-4290-b6ea-31427bd9dba1 req-47658a5e-bdb3-4290-b6ea-31427bd9dba1 ] Request (AttachInterfacesUnderV243Test:test_add_remove_fixed_ip): 202 POST http://10.180.1.21/compute/v2.1/servers/06425207-1a60-4041-a077-da76149d816b/action 0.031s
2025-02-11 14:59:23.487 75144 INFO tempest.lib.common.rest_client [req-0b6e4de2-9730-4af5-b8b7-b22a2b6237ac req-0b6e4de2-9730-4af5-b8b7-b22a2b6237ac ] Request (AttachInterfacesV270Test:tearDownClass): 200 GET http://10.180.1.21/compute/v2.1/servers/60e9b4e3-6e93-41cd-a333-f3cb17139e7d 0.074s
2025-02-11 14:59:23.488 75140 INFO tempest.lib.common.rest_client [req-8f6c8194-05ac-45f9-ade9-2ebdb9964912 req-8f6c8194-05ac-45f9-ade9-2ebdb9964912 ] Request (AttachInterfacesUnderV243Test:test_add_remove_fixed_ip): 200 GET http://10.180.1.21/compute/v2.1/servers/06425207-1a60-4041-a077-da76149d816b/ips 0.025s
2025-02-11 14:59:23.654 75171 INFO tempest.lib.common.rest_client [req-5933bc04-9453-45d0-9176-ca8e5f915eca req-5933bc04-9453-45d0-9176-ca8e5f915eca ] Request (ServersV294TestFqdnHostnames:setUpClass): 200 GET http://10.180.1.21/compute/v2.1/servers/ba9facb3-e65e-417b-81ba-370ee695b743 0.067s
2025-02-11 14:59:23.711 75152 INFO tempest.lib.common.rest_client [req-4d4cf235-b7bf-4cc2-b1af-15c725dbdc39 req-4d4cf235-b7bf-4cc2-b1af-15c725dbdc39 ] Request (FloatingIPsAssociationTestJSON:tearDownClass): 200 GET http://10.180.1.21/compute/v2.1/servers/88317080-b446-447d-aa4d-8af1bbec9f26 0.068s
2025-02-11 14:59:23.760 75172 INFO tempest.lib.common.rest_client [req-bf506fb9-6300-44d9-895f-df04901e1f24 req-bf506fb9-6300-44d9-895f-df04901e1f24 ] Request (ServersTestBootFromVolume:setUpClass): 200 GET http://10.180.1.21/compute/v2.1/servers/d8211648-488c-4fea-b9e6-4cc224a79ef5 0.082s
2025-02-11 14:59:23.762 75168 INFO tempest.lib.common.rest_client [req-c85133f3-8e26-4f5f-8f01-2bd1443b875c req-c85133f3-8e26-4f5f-8f01-2bd1443b875c ] Request (ListImageFiltersTestJSON:tearDownClass): 200 GET http://10.180.1.21/compute/v2.1/servers/02636f5d-b8c2-4cb9-a88f-9c38be0be405 0.196s
2025-02-11 14:59:23.818 75162 INFO tempest.lib.common.rest_client [req-f716e758-a8bb-4305-8c7e-f58e8de82574 req-f716e758-a8bb-4305-8c7e-f58e8de82574 ] Request (MigrationsAdminTest:test_resize_server_revert_deleted_flavor): 200 GET http://10.180.1.21/compute/v2.1/servers/562b786c-1b14-4006-a31d-1de7127cf19d 0.084s
2025-02-11 14:59:23.820 75151 INFO tempest.lib.common.rest_client [req-1a8fbaf4-a724-4ece-8b7b-2b6a70ecd3ba req-1a8fbaf4-a724-4ece-8b7b-2b6a70ecd3ba ] Request (SecurityGroupsTestJSON:test_server_security_groups): 200 GET http://10.180.1.21/compute/v2.1/servers/382b6fed-cf9b-4daf-aa30-10d96e30aa77 0.109s
2025-02-11 14:59:23.868 75124 INFO tempest.lib.common.rest_client [req-4e7e7598-59de-4b8e-87b6-af692fc33e57 req-4e7e7598-59de-4b8e-87b6-af692fc33e57 ] Request (VolumesAssistedSnapshotsTest:tearDownClass): 200 GET http://10.180.1.21/compute/v2.1/servers/ba58fc02-6d38-4df0-9d15-5f6468dcbc65 0.056s
2025-02-11 14:59:23.877 75160 INFO tempest.lib.common.rest_client [req-2693fd33-0d59-4aad-af70-a3e49fe08738 req-2693fd33-0d59-4aad-af70-a3e49fe08738 ] Request (ImagesOneServerNegativeTestJSON:_run_cleanups): 200 GET http://10.180.1.21/compute/v2.1/servers/a04dad8f-da5e-434f-8cd9-9b2b1e77b2a9 0.116s
2025-02-11 14:59:23.916 75136 INFO tempest.lib.common.rest_client [req-372c5228-834d-4936-9c6c-b8dae8967f47 req-372c5228-834d-4936-9c6c-b8dae8967f47 ] Request (ServersWithSpecificFlavorTestJSON:test_verify_created_server_ephemeral_disk): 200 GET http://10.180.1.21/compute/v2.1/servers/a41ee046-d966-409c-b69c-23fe1aa8058f 0.091s
2025-02-11 14:59:23.922 75136 INFO tempest.common.waiters [-] State transition "BUILD/scheduling" ==> "BUILD/None" after 26 second wait
2025-02-11 14:59:24.068 75146 INFO tempest.lib.common.rest_client [req-343c50a4-2ccf-4d66-bf67-f3af721bb434 req-343c50a4-2ccf-4d66-bf67-f3af721bb434 ] Request (ServersAdminTestJSON:test_inject_network_info): 200 GET http://10.180.1.21/compute/v2.1/servers/ecff4238-5c16-4ba8-a9c1-75ccb8ea0b27 0.058s
2025-02-11 14:59:24.122 75164 INFO tempest.lib.common.rest_client [req-666c7e00-9dcc-43f5-b548-3a62b2aea58c req-666c7e00-9dcc-43f5-b548-3a62b2aea58c ] Request (ListServerFiltersTestJSON:setUpClass): 200 GET http://10.180.1.21/compute/v2.1/servers/52fb2b9a-78ec-4fa4-8c04-e23cf9e8b404 0.059s
2025-02-11 14:59:24.167 75128 INFO tempest.lib.common.rest_client [req-320ea8aa-b65d-4b0b-91f9-f4f5ee971473 req-320ea8aa-b65d-4b0b-91f9-f4f5ee971473 ] Request (ServerRescueNegativeTestJSON:setUpClass): 200 GET http://10.180.1.21/compute/v2.1/servers/59a18bac-877d-4b56-9afc-1a9923f89db7 0.115s
2025-02-11 14:59:24.260 75148 WARNING tempest.lib.common.ssh [-] Failed to establish authenticated ssh connection to cirros@10.180.180.206 ([Errno None] Unable to connect to port 22 on 10.180.180.206). Number attempts: 5. Retry after 6 seconds.: paramiko.ssh_exception.NoValidConnectionsError: [Errno None] Unable to connect to port 22 on 10.180.180.206
2025-02-11 14:59:24.261 75120 INFO tempest.lib.common.rest_client [req-2ffcc9f8-bbaf-43d1-bf31-705ec9e44f9b req-2ffcc9f8-bbaf-43d1-bf31-705ec9e44f9b ] Request (DeleteServersTestJSON:test_delete_active_server): 200 GET http://10.180.1.21/compute/v2.1/servers/c83e56bd-9228-4d3c-b06a-1f26789bb6d6 0.070s
2025-02-11 14:59:24.324 75130 INFO tempest.lib.common.rest_client [req-1209f204-ea91-46c1-b3a9-f87109198fb6 req-1209f204-ea91-46c1-b3a9-f87109198fb6 ] Request (ServersTestJSON:tearDownClass): 200 GET http://10.180.1.21/compute/v2.1/servers/7194ba20-8a51-45fa-b7de-6a8070fb3bc8 0.121s
2025-02-11 14:59:24.381 75114 INFO tempest.lib.common.rest_client [req-e1129f1a-4b0d-4580-b233-022dc16a6282 req-e1129f1a-4b0d-4580-b233-022dc16a6282 ] Request (AttachVolumeTestJSON:test_attach_detach_volume): 200 GET http://10.180.1.21/compute/v2.1/servers/dd612fd8-83f6-4778-b590-4dbdaada56a1 0.143s
2025-02-11 14:59:24.393 75126 INFO tempest.lib.common.rest_client [req-9eccc0be-5be5-4d21-878a-96fcd63473de req-9eccc0be-5be5-4d21-878a-96fcd63473de ] Request (ServersAdminNegativeTestJSON:setUpClass): 200 GET http://10.180.1.21/compute/v2.1/servers/78263f95-a845-4011-84a3-910b0beffd0a 0.298s
2025-02-11 14:59:24.412 75126 INFO tempest.common.waiters [-] State transition "BUILD/networking" ==> "BUILD/block_device_mapping" after 84 second wait
2025-02-11 14:59:24.441 75134 INFO tempest.lib.common.rest_client [req-3db4473a-da9e-43a7-849e-c4c70f815985 req-3db4473a-da9e-43a7-849e-c4c70f815985 ] Request (ImagesTestJSON:test_create_image_from_stopped_server): 200 GET http://10.180.1.21/compute/v2.1/servers/1a2b44b4-fd07-4530-8f95-b886fa04a2c5 0.150s
2025-02-11 14:59:24.467 75174 INFO tempest.lib.common.rest_client [req-e5c26081-0f97-4197-95b9-1046126dc665 req-e5c26081-0f97-4197-95b9-1046126dc665 ] Request (ServersTestFqdnHostnames:tearDownClass): 200 GET http://10.180.1.21/compute/v2.1/servers/b398d1e4-cb1d-4480-b67c-a7d4bbe535fd 0.149s
2025-02-11 14:59:24.501 75166 INFO tempest.lib.common.rest_client [req-9ce9a717-e689-43cd-ad6c-64c360a525c3 req-9ce9a717-e689-43cd-ad6c-64c360a525c3 ] Request (MultipleCreateTestJSON:tearDownClass): 200 GET http://10.180.1.21/compute/v2.1/servers/b9843fe0-e966-45a0-919d-9e2a3ea9f05e 0.130s
2025-02-11 14:59:24.523 75140 INFO tempest.lib.common.rest_client [req-2fa1eeb0-ac5a-4fd1-8874-f4cfd24698e2 req-2fa1eeb0-ac5a-4fd1-8874-f4cfd24698e2 ] Request (AttachInterfacesUnderV243Test:test_add_remove_fixed_ip): 200 GET http://10.180.1.21/compute/v2.1/servers/06425207-1a60-4041-a077-da76149d816b/ips 0.032s
2025-02-11 14:59:24.535 75132 INFO tempest.lib.common.rest_client [req-ff8de6e9-66d8-4238-92c3-b1cf4ac18ca0 req-ff8de6e9-66d8-4238-92c3-b1cf4ac18ca0 ] Request (ServerDiskConfigTestJSON:test_rebuild_server_with_manual_disk_config): 200 GET http://10.180.1.21/compute/v2.1/servers/7e99921c-1329-48b3-9ab6-695f6c952e8b 0.115s
2025-02-11 14:59:24.577 75144 INFO tempest.lib.common.rest_client [req-7848cda4-3d09-447e-9f18-8f5242c6c591 req-7848cda4-3d09-447e-9f18-8f5242c6c591 ] Request (AttachInterfacesV270Test:tearDownClass): 200 GET http://10.180.1.21/compute/v2.1/servers/60e9b4e3-6e93-41cd-a333-f3cb17139e7d 0.080s
2025-02-11 14:59:24.723 75171 INFO tempest.lib.common.rest_client [req-501d8e5c-739b-4783-b230-3c86bdd659d3 req-501d8e5c-739b-4783-b230-3c86bdd659d3 ] Request (ServersV294TestFqdnHostnames:setUpClass): 200 GET http://10.180.1.21/compute/v2.1/servers/ba9facb3-e65e-417b-81ba-370ee695b743 0.056s
2025-02-11 14:59:24.783 75152 INFO tempest.lib.common.rest_client [req-f06d2727-e82a-4e37-a229-b75464b61e8a req-f06d2727-e82a-4e37-a229-b75464b61e8a ] Request (FloatingIPsAssociationTestJSON:tearDownClass): 200 GET http://10.180.1.21/compute/v2.1/servers/88317080-b446-447d-aa4d-8af1bbec9f26 0.063s
2025-02-11 14:59:24.819 75172 INFO tempest.lib.common.rest_client [req-1f2e7631-8386-4517-92a8-8e42d2826dc5 req-1f2e7631-8386-4517-92a8-8e42d2826dc5 ] Request (ServersTestBootFromVolume:setUpClass): 200 GET http://10.180.1.21/compute/v2.1/servers/d8211648-488c-4fea-b9e6-4cc224a79ef5 0.051s
2025-02-11 14:59:24.836 75168 INFO tempest.lib.common.rest_client [req-04946adf-3386-4432-80ff-23f9d53d2615 req-04946adf-3386-4432-80ff-23f9d53d2615 ] Request (ListImageFiltersTestJSON:tearDownClass): 200 GET http://10.180.1.21/compute/v2.1/servers/02636f5d-b8c2-4cb9-a88f-9c38be0be405 0.063s
2025-02-11 14:59:24.876 75162 INFO tempest.lib.common.rest_client [req-7df88bac-31f6-4957-b3a7-62aae080b0d3 req-7df88bac-31f6-4957-b3a7-62aae080b0d3 ] Request (MigrationsAdminTest:test_resize_server_revert_deleted_flavor): 200 GET http://10.180.1.21/compute/v2.1/servers/562b786c-1b14-4006-a31d-1de7127cf19d 0.045s
2025-02-11 14:59:24.884 75151 INFO tempest.lib.common.rest_client [req-09af3880-5bee-434a-98fd-d97c91cb9430 req-09af3880-5bee-434a-98fd-d97c91cb9430 ] Request (SecurityGroupsTestJSON:test_server_security_groups): 200 GET http://10.180.1.21/compute/v2.1/servers/382b6fed-cf9b-4daf-aa30-10d96e30aa77 0.053s
2025-02-11 14:59:24.931 75124 INFO tempest.lib.common.rest_client [req-a9adba8d-b033-4d1e-bc70-62ebc8781860 req-a9adba8d-b033-4d1e-bc70-62ebc8781860 ] Request (VolumesAssistedSnapshotsTest:tearDownClass): 200 GET http://10.180.1.21/compute/v2.1/servers/ba58fc02-6d38-4df0-9d15-5f6468dcbc65 0.054s
2025-02-11 14:59:24.933 75160 INFO tempest.lib.common.rest_client [req-7d98d494-cd0c-425f-9525-c70ec19c36d5 req-7d98d494-cd0c-425f-9525-c70ec19c36d5 ] Request (ImagesOneServerNegativeTestJSON:_run_cleanups): 200 GET http://10.180.1.21/compute/v2.1/servers/a04dad8f-da5e-434f-8cd9-9b2b1e77b2a9 0.048s
2025-02-11 14:59:24.978 75136 INFO tempest.lib.common.rest_client [req-f0f500c1-0109-4787-b828-a930610272b1 req-f0f500c1-0109-4787-b828-a930610272b1 ] Request (ServersWithSpecificFlavorTestJSON:test_verify_created_server_ephemeral_disk): 200 GET http://10.180.1.21/compute/v2.1/servers/a41ee046-d966-409c-b69c-23fe1aa8058f 0.055s
2025-02-11 14:59:25.122 75146 INFO tempest.lib.common.rest_client [req-64e351b1-945e-4c59-ab1e-49400d0986b8 req-64e351b1-945e-4c59-ab1e-49400d0986b8 ] Request (ServersAdminTestJSON:test_inject_network_info): 200 GET http://10.180.1.21/compute/v2.1/servers/ecff4238-5c16-4ba8-a9c1-75ccb8ea0b27 0.046s
2025-02-11 14:59:25.192 75164 INFO tempest.lib.common.rest_client [req-8a30424c-52e0-4f88-9e41-680043a8485b req-8a30424c-52e0-4f88-9e41-680043a8485b ] Request (ListServerFiltersTestJSON:setUpClass): 200 GET http://10.180.1.21/compute/v2.1/servers/52fb2b9a-78ec-4fa4-8c04-e23cf9e8b404 0.061s
2025-02-11 14:59:25.269 75128 INFO tempest.lib.common.rest_client [req-61b576f2-56ee-48a3-9c22-d2888002ae56 req-61b576f2-56ee-48a3-9c22-d2888002ae56 ] Request (ServerRescueNegativeTestJSON:setUpClass): 200 GET http://10.180.1.21/compute/v2.1/servers/59a18bac-877d-4b56-9afc-1a9923f89db7 0.090s
2025-02-11 14:59:25.337 75120 INFO tempest.lib.common.rest_client [req-6a71728f-59fb-4dd3-b3d4-36af82e2f421 req-6a71728f-59fb-4dd3-b3d4-36af82e2f421 ] Request (DeleteServersTestJSON:test_delete_active_server): 200 GET http://10.180.1.21/compute/v2.1/servers/c83e56bd-9228-4d3c-b06a-1f26789bb6d6 0.064s
2025-02-11 14:59:25.422 75130 INFO tempest.lib.common.rest_client [req-b77921f6-d105-413f-abf7-2d9caeeb7c8b req-b77921f6-d105-413f-abf7-2d9caeeb7c8b ] Request (ServersTestJSON:tearDownClass): 200 GET http://10.180.1.21/compute/v2.1/servers/7194ba20-8a51-45fa-b7de-6a8070fb3bc8 0.086s
2025-02-11 14:59:25.442 75114 INFO tempest.lib.common.rest_client [req-ee3fe24c-2267-4e2f-81d2-0fa45534899c req-ee3fe24c-2267-4e2f-81d2-0fa45534899c ] Request (AttachVolumeTestJSON:test_attach_detach_volume): 200 GET http://10.180.1.21/compute/v2.1/servers/dd612fd8-83f6-4778-b590-4dbdaada56a1 0.050s
2025-02-11 14:59:25.515 75134 INFO tempest.lib.common.rest_client [req-98b9866c-97fd-4683-af86-9ee00de828d3 req-98b9866c-97fd-4683-af86-9ee00de828d3 ] Request (ImagesTestJSON:test_create_image_from_stopped_server): 200 GET http://10.180.1.21/compute/v2.1/servers/1a2b44b4-fd07-4530-8f95-b886fa04a2c5 0.065s
2025-02-11 14:59:25.559 75126 INFO tempest.lib.common.rest_client [req-0496b613-bbe2-493c-a11f-4e84872abb34 req-0496b613-bbe2-493c-a11f-4e84872abb34 ] Request (ServersAdminNegativeTestJSON:setUpClass): 200 GET http://10.180.1.21/compute/v2.1/servers/78263f95-a845-4011-84a3-910b0beffd0a 0.146s
2025-02-11 14:59:25.566 75126 INFO tempest.common.waiters [-] State transition "BUILD/block_device_mapping" ==> "BUILD/spawning" after 85 second wait
2025-02-11 14:59:25.569 75174 INFO tempest.lib.common.rest_client [req-1ad00073-67f0-4719-ab68-5180c66c96e1 req-1ad00073-67f0-4719-ab68-5180c66c96e1 ] Request (ServersTestFqdnHostnames:tearDownClass): 200 GET http://10.180.1.21/compute/v2.1/servers/b398d1e4-cb1d-4480-b67c-a7d4bbe535fd 0.092s
2025-02-11 14:59:25.600 75140 INFO tempest.lib.common.rest_client [req-3f6bc169-6ac8-43d2-a54f-8a5a246fc8a2 req-3f6bc169-6ac8-43d2-a54f-8a5a246fc8a2 ] Request (AttachInterfacesUnderV243Test:test_add_remove_fixed_ip): 200 GET http://10.180.1.21/compute/v2.1/servers/06425207-1a60-4041-a077-da76149d816b/ips 0.074s
2025-02-11 14:59:25.622 75166 INFO tempest.lib.common.rest_client [req-ab6859af-09e8-4160-b427-b11cc5c66244 req-ab6859af-09e8-4160-b427-b11cc5c66244 ] Request (MultipleCreateTestJSON:tearDownClass): 200 GET http://10.180.1.21/compute/v2.1/servers/b9843fe0-e966-45a0-919d-9e2a3ea9f05e 0.111s
2025-02-11 14:59:25.645 75132 INFO tempest.lib.common.rest_client [req-de7736ed-acc6-4eac-b6fe-6774e5a65a9e req-de7736ed-acc6-4eac-b6fe-6774e5a65a9e ] Request (ServerDiskConfigTestJSON:test_rebuild_server_with_manual_disk_config): 200 GET http://10.180.1.21/compute/v2.1/servers/7e99921c-1329-48b3-9ab6-695f6c952e8b 0.102s
2025-02-11 14:59:25.677 75144 INFO tempest.lib.common.rest_client [req-77954fce-f40f-4217-922c-3090bafda9dc req-77954fce-f40f-4217-922c-3090bafda9dc ] Request (AttachInterfacesV270Test:tearDownClass): 200 GET http://10.180.1.21/compute/v2.1/servers/60e9b4e3-6e93-41cd-a333-f3cb17139e7d 0.089s
2025-02-11 14:59:25.788 75171 INFO tempest.lib.common.rest_client [req-b6e47acd-a914-4d88-8fb0-86640a4e5d2f req-b6e47acd-a914-4d88-8fb0-86640a4e5d2f ] Request (ServersV294TestFqdnHostnames:setUpClass): 200 GET http://10.180.1.21/compute/v2.1/servers/ba9facb3-e65e-417b-81ba-370ee695b743 0.053s
2025-02-11 14:59:25.863 75152 INFO tempest.lib.common.rest_client [req-ad30961d-9cc6-4cb9-9d7c-c4723b201cf5 req-ad30961d-9cc6-4cb9-9d7c-c4723b201cf5 ] Request (FloatingIPsAssociationTestJSON:tearDownClass): 200 GET http://10.180.1.21/compute/v2.1/servers/88317080-b446-447d-aa4d-8af1bbec9f26 0.073s
2025-02-11 14:59:25.878 75172 INFO tempest.lib.common.rest_client [req-4ba70ac9-1055-43ee-a111-fcc8bb33610f req-4ba70ac9-1055-43ee-a111-fcc8bb33610f ] Request (ServersTestBootFromVolume:setUpClass): 200 GET http://10.180.1.21/compute/v2.1/servers/d8211648-488c-4fea-b9e6-4cc224a79ef5 0.052s
2025-02-11 14:59:25.881 75142 WARNING tempest.lib.common.ssh [-] Failed to establish authenticated ssh connection to cirros@10.180.180.139 ([Errno None] Unable to connect to port 22 on 10.180.180.139). Number attempts: 5. Retry after 6 seconds.: paramiko.ssh_exception.NoValidConnectionsError: [Errno None] Unable to connect to port 22 on 10.180.180.139
2025-02-11 14:59:25.886 75172 INFO tempest.common.waiters [-] State transition "BUILD/None" ==> "BUILD/networking" after 74 second wait
2025-02-11 14:59:25.937 75168 INFO tempest.lib.common.rest_client [req-bae76c98-0d55-4629-b988-bb831b5f8b8f req-bae76c98-0d55-4629-b988-bb831b5f8b8f ] Request (ListImageFiltersTestJSON:tearDownClass): 200 GET http://10.180.1.21/compute/v2.1/servers/02636f5d-b8c2-4cb9-a88f-9c38be0be405 0.092s
2025-02-11 14:59:25.940 75162 INFO tempest.lib.common.rest_client [req-b65d63e5-fd83-4662-84fb-23b147905e9b req-b65d63e5-fd83-4662-84fb-23b147905e9b ] Request (MigrationsAdminTest:test_resize_server_revert_deleted_flavor): 200 GET http://10.180.1.21/compute/v2.1/servers/562b786c-1b14-4006-a31d-1de7127cf19d 0.056s
2025-02-11 14:59:26.000 75124 INFO tempest.lib.common.rest_client [req-12e5b5c6-ce67-4cd7-979f-35f6ed3cb9bc req-12e5b5c6-ce67-4cd7-979f-35f6ed3cb9bc ] Request (VolumesAssistedSnapshotsTest:tearDownClass): 200 GET http://10.180.1.21/compute/v2.1/servers/ba58fc02-6d38-4df0-9d15-5f6468dcbc65 0.061s
2025-02-11 14:59:26.003 75151 INFO tempest.lib.common.rest_client [req-4f44ce11-7a6c-4a66-a283-985165154787 req-4f44ce11-7a6c-4a66-a283-985165154787 ] Request (SecurityGroupsTestJSON:test_server_security_groups): 200 GET http://10.180.1.21/compute/v2.1/servers/382b6fed-cf9b-4daf-aa30-10d96e30aa77 0.111s
2025-02-11 14:59:26.069 75160 INFO tempest.lib.common.rest_client [req-ee6d0a76-b931-41dc-bc6b-3a774563b929 req-ee6d0a76-b931-41dc-bc6b-3a774563b929 ] Request (ImagesOneServerNegativeTestJSON:_run_cleanups): 200 GET http://10.180.1.21/compute/v2.1/servers/a04dad8f-da5e-434f-8cd9-9b2b1e77b2a9 0.127s
2025-02-11 14:59:26.073 75136 INFO tempest.lib.common.rest_client [req-17658bac-46b1-44fd-b3de-ce3c53b554a8 req-17658bac-46b1-44fd-b3de-ce3c53b554a8 ] Request (ServersWithSpecificFlavorTestJSON:test_verify_created_server_ephemeral_disk): 200 GET http://10.180.1.21/compute/v2.1/servers/a41ee046-d966-409c-b69c-23fe1aa8058f 0.086s
2025-02-11 14:59:26.191 75146 INFO tempest.lib.common.rest_client [req-113ee644-ce36-4d76-83c9-37f0e0a33196 req-113ee644-ce36-4d76-83c9-37f0e0a33196 ] Request (ServersAdminTestJSON:test_inject_network_info): 200 GET http://10.180.1.21/compute/v2.1/servers/ecff4238-5c16-4ba8-a9c1-75ccb8ea0b27 0.060s
2025-02-11 14:59:26.270 75164 INFO tempest.lib.common.rest_client [req-2927e5a7-0563-4c98-b50c-25fa6791e441 req-2927e5a7-0563-4c98-b50c-25fa6791e441 ] Request (ListServerFiltersTestJSON:setUpClass): 200 GET http://10.180.1.21/compute/v2.1/servers/52fb2b9a-78ec-4fa4-8c04-e23cf9e8b404 0.070s
2025-02-11 14:59:26.407 75120 INFO tempest.lib.common.rest_client [req-ff29b157-a559-4eee-9bcd-6dcd5775c05d req-ff29b157-a559-4eee-9bcd-6dcd5775c05d ] Request (DeleteServersTestJSON:test_delete_active_server): 200 GET http://10.180.1.21/compute/v2.1/servers/c83e56bd-9228-4d3c-b06a-1f26789bb6d6 0.056s
2025-02-11 14:59:26.475 75128 INFO tempest.lib.common.rest_client [req-149cebb8-55a5-4b17-98cd-b28aa67284a2 req-149cebb8-55a5-4b17-98cd-b28aa67284a2 ] Request (ServerRescueNegativeTestJSON:setUpClass): 200 GET http://10.180.1.21/compute/v2.1/servers/59a18bac-877d-4b56-9afc-1a9923f89db7 0.198s
2025-02-11 14:59:26.490 75130 INFO tempest.lib.common.rest_client [req-5d4018d3-8746-40fa-b3f8-384488539725 req-5d4018d3-8746-40fa-b3f8-384488539725 ] Request (ServersTestJSON:tearDownClass): 200 GET http://10.180.1.21/compute/v2.1/servers/7194ba20-8a51-45fa-b7de-6a8070fb3bc8 0.058s
2025-02-11 14:59:26.536 75114 INFO tempest.lib.common.rest_client [req-bcb82d38-3efa-4a04-a58c-4e0f433bcfcc req-bcb82d38-3efa-4a04-a58c-4e0f433bcfcc ] Request (AttachVolumeTestJSON:test_attach_detach_volume): 200 GET http://10.180.1.21/compute/v2.1/servers/dd612fd8-83f6-4778-b590-4dbdaada56a1 0.086s
2025-02-11 14:59:26.572 75134 INFO tempest.lib.common.rest_client [req-91f48ed4-5631-4c88-8ec3-c9fdf430fbdc req-91f48ed4-5631-4c88-8ec3-c9fdf430fbdc ] Request (ImagesTestJSON:test_create_image_from_stopped_server): 200 GET http://10.180.1.21/compute/v2.1/servers/1a2b44b4-fd07-4530-8f95-b886fa04a2c5 0.049s
2025-02-11 14:59:26.641 75174 INFO tempest.lib.common.rest_client [req-1f8cfb70-bee7-40e1-92e5-4ba2422b3c14 req-1f8cfb70-bee7-40e1-92e5-4ba2422b3c14 ] Request (ServersTestFqdnHostnames:tearDownClass): 200 GET http://10.180.1.21/compute/v2.1/servers/b398d1e4-cb1d-4480-b67c-a7d4bbe535fd 0.064s
2025-02-11 14:59:26.664 75140 INFO tempest.lib.common.rest_client [req-23e29d21-89fb-424f-9e6f-7a10e1499cf4 req-23e29d21-89fb-424f-9e6f-7a10e1499cf4 ] Request (AttachInterfacesUnderV243Test:test_add_remove_fixed_ip): 200 GET http://10.180.1.21/compute/v2.1/servers/06425207-1a60-4041-a077-da76149d816b/ips 0.061s
2025-02-11 14:59:26.700 75126 INFO tempest.lib.common.rest_client [req-1dac8bc7-6b75-4eb6-bf46-29269d3b8cf7 req-1dac8bc7-6b75-4eb6-bf46-29269d3b8cf7 ] Request (ServersAdminNegativeTestJSON:setUpClass): 200 GET http://10.180.1.21/compute/v2.1/servers/78263f95-a845-4011-84a3-910b0beffd0a 0.132s
2025-02-11 14:59:26.721 75166 INFO tempest.lib.common.rest_client [req-a2a29264-c9a8-4859-b524-767457eef63b req-a2a29264-c9a8-4859-b524-767457eef63b ] Request (MultipleCreateTestJSON:tearDownClass): 200 GET http://10.180.1.21/compute/v2.1/servers/b9843fe0-e966-45a0-919d-9e2a3ea9f05e 0.092s
2025-02-11 14:59:26.753 75132 INFO tempest.lib.common.rest_client [req-73c45686-d151-416b-bb31-d72818930496 req-73c45686-d151-416b-bb31-d72818930496 ] Request (ServerDiskConfigTestJSON:test_rebuild_server_with_manual_disk_config): 200 GET http://10.180.1.21/compute/v2.1/servers/7e99921c-1329-48b3-9ab6-695f6c952e8b 0.100s
2025-02-11 14:59:26.792 75140 INFO tempest.lib.common.rest_client [req-053501c0-35d6-428f-b77b-298c72ee5eb3 req-053501c0-35d6-428f-b77b-298c72ee5eb3 ] Request (AttachInterfacesUnderV243Test:_run_cleanups): 204 DELETE http://10.180.1.21/compute/v2.1/servers/06425207-1a60-4041-a077-da76149d816b 0.126s
2025-02-11 14:59:26.821 75144 INFO tempest.lib.common.rest_client [req-3254849a-719f-4b48-9ddd-bd0ad9743257 req-3254849a-719f-4b48-9ddd-bd0ad9743257 ] Request (AttachInterfacesV270Test:tearDownClass): 200 GET http://10.180.1.21/compute/v2.1/servers/60e9b4e3-6e93-41cd-a333-f3cb17139e7d 0.134s
2025-02-11 14:59:26.873 75171 INFO tempest.lib.common.rest_client [req-b5b055b8-517c-48ad-9115-6b7fb36f1976 req-b5b055b8-517c-48ad-9115-6b7fb36f1976 ] Request (ServersV294TestFqdnHostnames:setUpClass): 200 GET http://10.180.1.21/compute/v2.1/servers/ba9facb3-e65e-417b-81ba-370ee695b743 0.075s
2025-02-11 14:59:26.924 75140 INFO tempest.lib.common.rest_client [req-71f62fdd-00a5-43b5-9048-512c9b850720 req-71f62fdd-00a5-43b5-9048-512c9b850720 ] Request (AttachInterfacesUnderV243Test:_run_cleanups): 200 GET http://10.180.1.21/compute/v2.1/servers/06425207-1a60-4041-a077-da76149d816b 0.131s
2025-02-11 14:59:26.936 75152 INFO tempest.lib.common.rest_client [req-a9bc1f66-20c4-4cbe-9126-dfda85c3543d req-a9bc1f66-20c4-4cbe-9126-dfda85c3543d ] Request (FloatingIPsAssociationTestJSON:tearDownClass): 200 GET http://10.180.1.21/compute/v2.1/servers/88317080-b446-447d-aa4d-8af1bbec9f26 0.056s
2025-02-11 14:59:27.004 75168 INFO tempest.lib.common.rest_client [req-80a33cfa-6012-46b0-944e-1fc7e692e99c req-80a33cfa-6012-46b0-944e-1fc7e692e99c ] Request (ListImageFiltersTestJSON:tearDownClass): 200 GET http://10.180.1.21/compute/v2.1/servers/02636f5d-b8c2-4cb9-a88f-9c38be0be405 0.057s
2025-02-11 14:59:27.043 75172 INFO tempest.lib.common.rest_client [req-1c26dfe4-0c55-4f7e-830e-bd36942a2dee req-1c26dfe4-0c55-4f7e-830e-bd36942a2dee ] Request (ServersTestBootFromVolume:setUpClass): 200 GET http://10.180.1.21/compute/v2.1/servers/d8211648-488c-4fea-b9e6-4cc224a79ef5 0.156s
2025-02-11 14:59:27.048 75162 INFO tempest.lib.common.rest_client [req-6fc3f9cf-9f7e-4425-b743-60d4b4f7ee96 req-6fc3f9cf-9f7e-4425-b743-60d4b4f7ee96 ] Request (MigrationsAdminTest:test_resize_server_revert_deleted_flavor): 200 GET http://10.180.1.21/compute/v2.1/servers/562b786c-1b14-4006-a31d-1de7127cf19d 0.097s
2025-02-11 14:59:27.051 75172 INFO tempest.common.waiters [-] State transition "BUILD/networking" ==> "BUILD/block_device_mapping" after 76 second wait
2025-02-11 14:59:27.102 75151 INFO tempest.lib.common.rest_client [req-be1153b7-bd19-406b-b672-26ff92e27bcd req-be1153b7-bd19-406b-b672-26ff92e27bcd ] Request (SecurityGroupsTestJSON:test_server_security_groups): 200 GET http://10.180.1.21/compute/v2.1/servers/382b6fed-cf9b-4daf-aa30-10d96e30aa77 0.087s
2025-02-11 14:59:27.104 75124 INFO tempest.lib.common.rest_client [req-3c814176-1fae-4b06-994f-523282c1ba22 req-3c814176-1fae-4b06-994f-523282c1ba22 ] Request (VolumesAssistedSnapshotsTest:tearDownClass): 200 GET http://10.180.1.21/compute/v2.1/servers/ba58fc02-6d38-4df0-9d15-5f6468dcbc65 0.093s
2025-02-11 14:59:27.150 75160 INFO tempest.lib.common.rest_client [req-136ff45f-fa34-4941-9648-a3f812b63f0d req-136ff45f-fa34-4941-9648-a3f812b63f0d ] Request (ImagesOneServerNegativeTestJSON:_run_cleanups): 200 GET http://10.180.1.21/compute/v2.1/servers/a04dad8f-da5e-434f-8cd9-9b2b1e77b2a9 0.072s
2025-02-11 14:59:27.155 75136 INFO tempest.lib.common.rest_client [req-e06285ca-37d1-473a-9712-e64048f87e71 req-e06285ca-37d1-473a-9712-e64048f87e71 ] Request (ServersWithSpecificFlavorTestJSON:test_verify_created_server_ephemeral_disk): 200 GET http://10.180.1.21/compute/v2.1/servers/a41ee046-d966-409c-b69c-23fe1aa8058f 0.072s
2025-02-11 14:59:27.263 75146 INFO tempest.lib.common.rest_client [req-59d5feaa-1801-4fff-94b7-3c70b9c703c9 req-59d5feaa-1801-4fff-94b7-3c70b9c703c9 ] Request (ServersAdminTestJSON:test_inject_network_info): 200 GET http://10.180.1.21/compute/v2.1/servers/ecff4238-5c16-4ba8-a9c1-75ccb8ea0b27 0.063s
2025-02-11 14:59:27.331 75164 INFO tempest.lib.common.rest_client [req-7792a5ed-018c-4963-a638-d528bb284ca6 req-7792a5ed-018c-4963-a638-d528bb284ca6 ] Request (ListServerFiltersTestJSON:setUpClass): 200 GET http://10.180.1.21/compute/v2.1/servers/52fb2b9a-78ec-4fa4-8c04-e23cf9e8b404 0.052s
2025-02-11 14:59:27.479 75120 INFO tempest.lib.common.rest_client [req-4ae0ac0b-a3ad-40b9-b255-9d7c28028134 req-4ae0ac0b-a3ad-40b9-b255-9d7c28028134 ] Request (DeleteServersTestJSON:test_delete_active_server): 200 GET http://10.180.1.21/compute/v2.1/servers/c83e56bd-9228-4d3c-b06a-1f26789bb6d6 0.058s
2025-02-11 14:59:27.592 75130 INFO tempest.lib.common.rest_client [req-cccd7521-a319-43d8-afad-e33ae0760333 req-cccd7521-a319-43d8-afad-e33ae0760333 ] Request (ServersTestJSON:tearDownClass): 200 GET http://10.180.1.21/compute/v2.1/servers/7194ba20-8a51-45fa-b7de-6a8070fb3bc8 0.088s
2025-02-11 14:59:27.642 75114 INFO tempest.lib.common.rest_client [req-93a0581c-8c0a-4795-b5a2-c9d4877eea1c req-93a0581c-8c0a-4795-b5a2-c9d4877eea1c ] Request (AttachVolumeTestJSON:test_attach_detach_volume): 200 GET http://10.180.1.21/compute/v2.1/servers/dd612fd8-83f6-4778-b590-4dbdaada56a1 0.095s
2025-02-11 14:59:27.675 75128 INFO tempest.lib.common.rest_client [req-4a393161-a582-4698-865a-c064e74be89d req-4a393161-a582-4698-865a-c064e74be89d ] Request (ServerRescueNegativeTestJSON:setUpClass): 200 GET http://10.180.1.21/compute/v2.1/servers/59a18bac-877d-4b56-9afc-1a9923f89db7 0.187s
2025-02-11 14:59:27.686 75134 INFO tempest.lib.common.rest_client [req-d5b5aa2c-c1db-4b02-a68c-03bd19be7d96 req-d5b5aa2c-c1db-4b02-a68c-03bd19be7d96 ] Request (ImagesTestJSON:test_create_image_from_stopped_server): 200 GET http://10.180.1.21/compute/v2.1/servers/1a2b44b4-fd07-4530-8f95-b886fa04a2c5 0.104s
2025-02-11 14:59:27.738 75174 INFO tempest.lib.common.rest_client [req-372c0020-8e67-42ae-b4e9-a7a210456407 req-372c0020-8e67-42ae-b4e9-a7a210456407 ] Request (ServersTestFqdnHostnames:tearDownClass): 200 GET http://10.180.1.21/compute/v2.1/servers/b398d1e4-cb1d-4480-b67c-a7d4bbe535fd 0.087s
2025-02-11 14:59:27.788 75166 INFO tempest.lib.common.rest_client [req-cff15c7e-7de9-4fbf-8a65-06e85168bca5 req-cff15c7e-7de9-4fbf-8a65-06e85168bca5 ] Request (MultipleCreateTestJSON:tearDownClass): 200 GET http://10.180.1.21/compute/v2.1/servers/b9843fe0-e966-45a0-919d-9e2a3ea9f05e 0.059s
2025-02-11 14:59:27.802 75126 INFO tempest.lib.common.rest_client [req-41c35f92-b2db-4196-9c2c-603d14962e3e req-41c35f92-b2db-4196-9c2c-603d14962e3e ] Request (ServersAdminNegativeTestJSON:setUpClass): 200 GET http://10.180.1.21/compute/v2.1/servers/78263f95-a845-4011-84a3-910b0beffd0a 0.094s
2025-02-11 14:59:27.831 75132 INFO tempest.lib.common.rest_client [req-6f249d10-3436-4d3a-bf02-7b74a2dde069 req-6f249d10-3436-4d3a-bf02-7b74a2dde069 ] Request (ServerDiskConfigTestJSON:test_rebuild_server_with_manual_disk_config): 200 GET http://10.180.1.21/compute/v2.1/servers/7e99921c-1329-48b3-9ab6-695f6c952e8b 0.070s
2025-02-11 14:59:27.893 75144 INFO tempest.lib.common.rest_client [req-931a5310-ad35-4a44-b676-2fb7f6a7955f req-931a5310-ad35-4a44-b676-2fb7f6a7955f ] Request (AttachInterfacesV270Test:tearDownClass): 200 GET http://10.180.1.21/compute/v2.1/servers/60e9b4e3-6e93-41cd-a333-f3cb17139e7d 0.056s
2025-02-11 14:59:27.943 75171 INFO tempest.lib.common.rest_client [req-95c35a7d-aed9-4189-af5c-59dd83ed4045 req-95c35a7d-aed9-4189-af5c-59dd83ed4045 ] Request (ServersV294TestFqdnHostnames:setUpClass): 200 GET http://10.180.1.21/compute/v2.1/servers/ba9facb3-e65e-417b-81ba-370ee695b743 0.057s
2025-02-11 14:59:28.011 75152 INFO tempest.lib.common.rest_client [req-a46e8423-ce5a-42e6-afa8-2b9562418eee req-a46e8423-ce5a-42e6-afa8-2b9562418eee ] Request (FloatingIPsAssociationTestJSON:tearDownClass): 200 GET http://10.180.1.21/compute/v2.1/servers/88317080-b446-447d-aa4d-8af1bbec9f26 0.067s
2025-02-11 14:59:28.023 75140 INFO tempest.lib.common.rest_client [req-090c6698-de4c-46b4-854f-376e25a09222 req-090c6698-de4c-46b4-854f-376e25a09222 ] Request (AttachInterfacesUnderV243Test:_run_cleanups): 200 GET http://10.180.1.21/compute/v2.1/servers/06425207-1a60-4041-a077-da76149d816b 0.091s
2025-02-11 14:59:28.076 75168 INFO tempest.lib.common.rest_client [req-57bcb692-6dcf-46d8-89a6-f8d0bd4629a4 req-57bcb692-6dcf-46d8-89a6-f8d0bd4629a4 ] Request (ListImageFiltersTestJSON:tearDownClass): 200 GET http://10.180.1.21/compute/v2.1/servers/02636f5d-b8c2-4cb9-a88f-9c38be0be405 0.064s
2025-02-11 14:59:28.125 75162 INFO tempest.lib.common.rest_client [req-6537895d-090e-4e2b-8e9d-5ed7510cb738 req-6537895d-090e-4e2b-8e9d-5ed7510cb738 ] Request (MigrationsAdminTest:test_resize_server_revert_deleted_flavor): 200 GET http://10.180.1.21/compute/v2.1/servers/562b786c-1b14-4006-a31d-1de7127cf19d 0.066s
2025-02-11 14:59:28.183 75172 INFO tempest.lib.common.rest_client [req-a685a21b-e687-46fc-a079-648ad4a5a73d req-a685a21b-e687-46fc-a079-648ad4a5a73d ] Request (ServersTestBootFromVolume:setUpClass): 200 GET http://10.180.1.21/compute/v2.1/servers/d8211648-488c-4fea-b9e6-4cc224a79ef5 0.131s
2025-02-11 14:59:28.185 75151 INFO tempest.lib.common.rest_client [req-a13bd671-699b-41e6-8452-32d3ba6955fb req-a13bd671-699b-41e6-8452-32d3ba6955fb ] Request (SecurityGroupsTestJSON:test_server_security_groups): 200 GET http://10.180.1.21/compute/v2.1/servers/382b6fed-cf9b-4daf-aa30-10d96e30aa77 0.074s
2025-02-11 14:59:28.244 75160 INFO tempest.lib.common.rest_client [req-ede536a5-9dfa-47c2-9ba8-3e2d546441eb req-ede536a5-9dfa-47c2-9ba8-3e2d546441eb ] Request (ImagesOneServerNegativeTestJSON:_run_cleanups): 200 GET http://10.180.1.21/compute/v2.1/servers/a04dad8f-da5e-434f-8cd9-9b2b1e77b2a9 0.081s
2025-02-11 14:59:28.251 75124 INFO tempest.lib.common.rest_client [req-a8e17016-9fea-44e9-ae58-bc66abb065a4 req-a8e17016-9fea-44e9-ae58-bc66abb065a4 ] Request (VolumesAssistedSnapshotsTest:tearDownClass): 200 GET http://10.180.1.21/compute/v2.1/servers/ba58fc02-6d38-4df0-9d15-5f6468dcbc65 0.138s
2025-02-11 14:59:28.296 75136 INFO tempest.lib.common.rest_client [req-7a298101-b057-437b-bb81-dade3b51f44a req-7a298101-b057-437b-bb81-dade3b51f44a ] Request (ServersWithSpecificFlavorTestJSON:test_verify_created_server_ephemeral_disk): 200 GET http://10.180.1.21/compute/v2.1/servers/a41ee046-d966-409c-b69c-23fe1aa8058f 0.132s
2025-02-11 14:59:28.327 75146 INFO tempest.lib.common.rest_client [req-3136cfc7-9cb3-4944-8212-9901c747dfea req-3136cfc7-9cb3-4944-8212-9901c747dfea ] Request (ServersAdminTestJSON:test_inject_network_info): 200 GET http://10.180.1.21/compute/v2.1/servers/ecff4238-5c16-4ba8-a9c1-75ccb8ea0b27 0.055s
2025-02-11 14:59:28.393 75164 INFO tempest.lib.common.rest_client [req-bd1918b8-c88e-4214-96b3-8200153116c8 req-bd1918b8-c88e-4214-96b3-8200153116c8 ] Request (ListServerFiltersTestJSON:setUpClass): 200 GET http://10.180.1.21/compute/v2.1/servers/52fb2b9a-78ec-4fa4-8c04-e23cf9e8b404 0.053s
2025-02-11 14:59:28.540 75120 INFO tempest.lib.common.rest_client [req-cf13476c-61f4-44f3-bcde-88d886310753 req-cf13476c-61f4-44f3-bcde-88d886310753 ] Request (DeleteServersTestJSON:test_delete_active_server): 200 GET http://10.180.1.21/compute/v2.1/servers/c83e56bd-9228-4d3c-b06a-1f26789bb6d6 0.054s
2025-02-11 14:59:28.669 75130 INFO tempest.lib.common.rest_client [req-590dfff2-7f20-45af-b17e-a20ae20ca33f req-590dfff2-7f20-45af-b17e-a20ae20ca33f ] Request (ServersTestJSON:tearDownClass): 200 GET http://10.180.1.21/compute/v2.1/servers/7194ba20-8a51-45fa-b7de-6a8070fb3bc8 0.066s
2025-02-11 14:59:28.710 75114 INFO tempest.lib.common.rest_client [req-e8cdedea-3929-4ea5-9d70-a08830e33168 req-e8cdedea-3929-4ea5-9d70-a08830e33168 ] Request (AttachVolumeTestJSON:test_attach_detach_volume): 200 GET http://10.180.1.21/compute/v2.1/servers/dd612fd8-83f6-4778-b590-4dbdaada56a1 0.060s
2025-02-11 14:59:28.767 75134 INFO tempest.lib.common.rest_client [req-5cce1fda-3705-43e8-ae93-33225d6b4ff4 req-5cce1fda-3705-43e8-ae93-33225d6b4ff4 ] Request (ImagesTestJSON:test_create_image_from_stopped_server): 200 GET http://10.180.1.21/compute/v2.1/servers/1a2b44b4-fd07-4530-8f95-b886fa04a2c5 0.070s
2025-02-11 14:59:28.803 75128 INFO tempest.lib.common.rest_client [req-a92780d1-073a-4b97-9567-bd5988573757 req-a92780d1-073a-4b97-9567-bd5988573757 ] Request (ServerRescueNegativeTestJSON:setUpClass): 200 GET http://10.180.1.21/compute/v2.1/servers/59a18bac-877d-4b56-9afc-1a9923f89db7 0.120s
2025-02-11 14:59:28.825 75174 INFO tempest.lib.common.rest_client [req-db1d936d-51fa-418a-8d39-eb3d03f4b1ca req-db1d936d-51fa-418a-8d39-eb3d03f4b1ca ] Request (ServersTestFqdnHostnames:tearDownClass): 200 GET http://10.180.1.21/compute/v2.1/servers/b398d1e4-cb1d-4480-b67c-a7d4bbe535fd 0.078s
2025-02-11 14:59:28.868 75166 INFO tempest.lib.common.rest_client [req-7f115450-dbd6-4a8f-8769-28d561c159f5 req-7f115450-dbd6-4a8f-8769-28d561c159f5 ] Request (MultipleCreateTestJSON:tearDownClass): 200 GET http://10.180.1.21/compute/v2.1/servers/b9843fe0-e966-45a0-919d-9e2a3ea9f05e 0.071s
2025-02-11 14:59:28.918 75132 INFO tempest.lib.common.rest_client [req-c4422f23-bcdd-4a07-b100-a3a5cadd7e1c req-c4422f23-bcdd-4a07-b100-a3a5cadd7e1c ] Request (ServerDiskConfigTestJSON:test_rebuild_server_with_manual_disk_config): 200 GET http://10.180.1.21/compute/v2.1/servers/7e99921c-1329-48b3-9ab6-695f6c952e8b 0.078s
2025-02-11 14:59:28.925 75132 INFO tempest.common.waiters [-] State transition "BUILD/None" ==> "BUILD/networking" after 76 second wait
2025-02-11 14:59:28.925 75126 INFO tempest.lib.common.rest_client [req-b5c98e43-4ef2-4f26-a088-f9deed0a751f req-b5c98e43-4ef2-4f26-a088-f9deed0a751f ] Request (ServersAdminNegativeTestJSON:setUpClass): 200 GET http://10.180.1.21/compute/v2.1/servers/78263f95-a845-4011-84a3-910b0beffd0a 0.116s
2025-02-11 14:59:28.984 75144 INFO tempest.lib.common.rest_client [req-1d04e1d7-2a76-4c87-b053-16ebf7a5e756 req-1d04e1d7-2a76-4c87-b053-16ebf7a5e756 ] Request (AttachInterfacesV270Test:tearDownClass): 200 GET http://10.180.1.21/compute/v2.1/servers/60e9b4e3-6e93-41cd-a333-f3cb17139e7d 0.081s
2025-02-11 14:59:29.017 75171 INFO tempest.lib.common.rest_client [req-f798d1da-3ed3-4a1e-9c66-a2fee6942f4b req-f798d1da-3ed3-4a1e-9c66-a2fee6942f4b ] Request (ServersV294TestFqdnHostnames:setUpClass): 200 GET http://10.180.1.21/compute/v2.1/servers/ba9facb3-e65e-417b-81ba-370ee695b743 0.063s
2025-02-11 14:59:29.089 75152 INFO tempest.lib.common.rest_client [req-422fce22-f30e-4688-b319-4a9a33a5c91c req-422fce22-f30e-4688-b319-4a9a33a5c91c ] Request (FloatingIPsAssociationTestJSON:tearDownClass): 200 GET http://10.180.1.21/compute/v2.1/servers/88317080-b446-447d-aa4d-8af1bbec9f26 0.070s
2025-02-11 14:59:29.153 75168 INFO tempest.lib.common.rest_client [req-5481308f-c7f3-4da5-834c-816e99e4afe6 req-5481308f-c7f3-4da5-834c-816e99e4afe6 ] Request (ListImageFiltersTestJSON:tearDownClass): 200 GET http://10.180.1.21/compute/v2.1/servers/02636f5d-b8c2-4cb9-a88f-9c38be0be405 0.069s
2025-02-11 14:59:29.233 75140 INFO tempest.lib.common.rest_client [req-adff3823-770c-4952-9aa5-1d215b8fb362 req-adff3823-770c-4952-9aa5-1d215b8fb362 ] Request (AttachInterfacesUnderV243Test:_run_cleanups): 200 GET http://10.180.1.21/compute/v2.1/servers/06425207-1a60-4041-a077-da76149d816b 0.197s
2025-02-11 14:59:29.246 75162 INFO tempest.lib.common.rest_client [req-b7bc5d4c-94cb-4af4-8723-f715af0479d4 req-b7bc5d4c-94cb-4af4-8723-f715af0479d4 ] Request (MigrationsAdminTest:test_resize_server_revert_deleted_flavor): 200 GET http://10.180.1.21/compute/v2.1/servers/562b786c-1b14-4006-a31d-1de7127cf19d 0.113s
2025-02-11 14:59:29.318 75151 INFO tempest.lib.common.rest_client [req-436123de-b446-48a5-b648-45e4aedf32a1 req-436123de-b446-48a5-b648-45e4aedf32a1 ] Request (SecurityGroupsTestJSON:test_server_security_groups): 200 GET http://10.180.1.21/compute/v2.1/servers/382b6fed-cf9b-4daf-aa30-10d96e30aa77 0.122s
2025-02-11 14:59:29.375 75172 INFO tempest.lib.common.rest_client [req-3a4e5729-0096-43fa-8fbd-a292d20fd9f3 req-3a4e5729-0096-43fa-8fbd-a292d20fd9f3 ] Request (ServersTestBootFromVolume:setUpClass): 200 GET http://10.180.1.21/compute/v2.1/servers/d8211648-488c-4fea-b9e6-4cc224a79ef5 0.183s
2025-02-11 14:59:29.385 75172 INFO tempest.common.waiters [-] State transition "BUILD/block_device_mapping" ==> "BUILD/spawning" after 78 second wait
2025-02-11 14:59:29.386 75160 INFO tempest.lib.common.rest_client [req-7fa031b9-671f-416b-b3a9-778cc2880260 req-7fa031b9-671f-416b-b3a9-778cc2880260 ] Request (ImagesOneServerNegativeTestJSON:_run_cleanups): 200 GET http://10.180.1.21/compute/v2.1/servers/a04dad8f-da5e-434f-8cd9-9b2b1e77b2a9 0.131s
2025-02-11 14:59:29.442 75124 INFO tempest.lib.common.rest_client [req-4302a11e-1653-4868-a0ec-c1487f9d9cb0 req-4302a11e-1653-4868-a0ec-c1487f9d9cb0 ] Request (VolumesAssistedSnapshotsTest:tearDownClass): 200 GET http://10.180.1.21/compute/v2.1/servers/ba58fc02-6d38-4df0-9d15-5f6468dcbc65 0.182s
2025-02-11 14:59:29.451 75136 INFO tempest.lib.common.rest_client [req-acb5d086-7851-423e-94e6-6789b51c949b req-acb5d086-7851-423e-94e6-6789b51c949b ] Request (ServersWithSpecificFlavorTestJSON:test_verify_created_server_ephemeral_disk): 200 GET http://10.180.1.21/compute/v2.1/servers/a41ee046-d966-409c-b69c-23fe1aa8058f 0.147s
