2025-02-11 14:56:38.395 75130 INFO tempest.lib.common.rest_client [req-f455ee1e-e99c-4b76-8d46-1976569cd009 req-f455ee1e-e99c-4b76-8d46-1976569cd009 ] Request (ServicesAdminNegativeV253TestJSON:setUpClass): 201 POST http://10.180.1.21/identity/v3/projects 0.050s
2025-02-11 14:56:38.417 75156 INFO tempest.lib.common.rest_client [req-d0450477-748e-4744-a121-7fd4fb9bb037 req-d0450477-748e-4744-a121-7fd4fb9bb037 ] Request (QuotasAdminTestV257:tearDownClass): 204 DELETE http://10.180.1.21:9696/networking/v2.0/security-groups/a4485ca9-8d43-4054-87b9-6b05825f52f2 0.523s
2025-02-11 14:56:38.446 75166 INFO tempest.lib.common.rest_client [req-ae96096a-b169-41e1-822f-3cb67bff18d7 req-ae96096a-b169-41e1-822f-3cb67bff18d7 ] Request (MultipleCreateTestJSON:setUpClass): 201 POST http://10.180.1.21:9696/networking/v2.0/routers 3.262s
2025-02-11 14:56:38.476 75130 INFO tempest.lib.common.rest_client [req-f53941e5-c75a-4d4a-aaa7-c9c7db449ccb req-f53941e5-c75a-4d4a-aaa7-c9c7db449ccb ] Request (ServicesAdminNegativeV253TestJSON:setUpClass): 201 POST http://10.180.1.21/identity/v3/users 0.080s
2025-02-11 14:56:38.502 75130 INFO tempest.lib.common.rest_client [req-8f8ff06b-3825-40f2-beb8-6a7707b95d7d req-8f8ff06b-3825-40f2-beb8-6a7707b95d7d ] Request (ServicesAdminNegativeV253TestJSON:setUpClass): 200 GET http://10.180.1.21/identity/v3/roles 0.026s
2025-02-11 14:56:38.541 75130 INFO tempest.lib.common.rest_client [req-e9f90893-136b-4fdb-9f41-a3fdcb58f331 req-e9f90893-136b-4fdb-9f41-a3fdcb58f331 ] Request (ServicesAdminNegativeV253TestJSON:setUpClass): 204 PUT http://10.180.1.21/identity/v3/projects/1ecdec60131d43db823299920dfe3ba7/users/2f33dc36efbe46abba66dfa5fb5aca02/roles/9177602ed7ec4f8eb95324383e4cb1c2 0.039s
2025-02-11 14:56:38.542 75130 INFO tempest.lib.common.dynamic_creds [-] Dynamic test user 2f33dc36efbe46abba66dfa5fb5aca02 is created with scope project and roles: ['member']
2025-02-11 14:56:38.542 75130 INFO tempest.lib.common.dynamic_creds [-] Acquired dynamic creds: credentials: Credentials: {'domain_id': 'default', 'domain_name': 'Default', 'username': 'tempest-ServicesAdminNegativeV253TestJSON-1311515754-project-member', 'project_domain_id': 'default', 'project_domain_name': 'Default', 'project_id': '1ecdec60131d43db823299920dfe3ba7', 'project_name': 'tempest-ServicesAdminNegativeV253TestJSON-1311515754', 'tenant_id': '1ecdec60131d43db823299920dfe3ba7', 'tenant_name': 'tempest-ServicesAdminNegativeV253TestJSON-1311515754', 'user_domain_id': 'default', 'user_domain_name': 'Default', 'user_id': '2f33dc36efbe46abba66dfa5fb5aca02', 'system': None}, Network: None, Subnet: None, Router: None
2025-02-11 14:56:38.542 75130 INFO tempest.lib.common.dynamic_creds [-] Created isolated network resources for: credentials: Credentials: {'domain_id': 'default', 'domain_name': 'Default', 'username': 'tempest-ServicesAdminNegativeV253TestJSON-1311515754-project-member', 'project_domain_id': 'default', 'project_domain_name': 'Default', 'project_id': '1ecdec60131d43db823299920dfe3ba7', 'project_name': 'tempest-ServicesAdminNegativeV253TestJSON-1311515754', 'tenant_id': '1ecdec60131d43db823299920dfe3ba7', 'tenant_name': 'tempest-ServicesAdminNegativeV253TestJSON-1311515754', 'user_domain_id': 'default', 'user_domain_name': 'Default', 'user_id': '2f33dc36efbe46abba66dfa5fb5aca02', 'system': None}, Network: None, Subnet: None, Router: None
2025-02-11 14:56:38.580 75156 INFO tempest.lib.common.rest_client [req-7642096f-317c-49a5-96a8-bcdefb448160 req-7642096f-317c-49a5-96a8-bcdefb448160 ] Request (QuotasAdminTestV257:tearDownClass): 204 DELETE http://10.180.1.21/identity/v3/projects/4eaaee76926f4a59a7e8bbff867f1092 0.163s
2025-02-11 14:56:38.581 75156 INFO tempest.lib.common.dynamic_creds [-] Deleting project and security group for project: 08287f9338c94ae297fbb561b26e1655
2025-02-11 14:56:38.631 75130 INFO tempest.lib.common.rest_client [req-60a049e3-da3e-457a-8c29-17759b8190d5 req-60a049e3-da3e-457a-8c29-17759b8190d5 ] Request (ServicesAdminNegativeV253TestJSON:setUpClass): 201 POST http://10.180.1.21/identity/v3/auth/tokens 0.085s
2025-02-11 14:56:38.702 75172 INFO tempest.lib.common.rest_client [req-afa8fa64-3d2c-425a-8835-8f0ffe8b903b req-afa8fa64-3d2c-425a-8835-8f0ffe8b903b ] Request (ServerDiagnosticsNegativeTest:test_get_server_diagnostics_by_non_admin): 200 GET http://10.180.1.21/compute/v2.1/servers/cd9096f9-15ab-43b8-87af-d69296f2b475 1.526s
2025-02-11 14:56:38.733 75168 INFO tempest.lib.common.rest_client [req-21ed7436-77d1-4f5b-ac73-49bb34682abe req-21ed7436-77d1-4f5b-ac73-49bb34682abe ] Request (ListImageFiltersTestJSON:setUpClass): 200 GET http://10.180.1.21/compute/v2.1/images/4a61d9a2-6514-47b2-889e-893ff269f5a2 1.372s
2025-02-11 14:56:38.768 75130 INFO tempest.lib.common.rest_client [req-e0e26bd0-701b-4327-b6f9-42b3590c5867 req-e0e26bd0-701b-4327-b6f9-42b3590c5867 ] Request (ServicesAdminNegativeV253TestJSON:setUpClass): 201 POST http://10.180.1.21/identity/v3/projects 0.137s
2025-02-11 14:56:38.822 75124 INFO tempest.lib.common.rest_client [req-81e60dbb-7a0d-4b6b-b348-5db05734b964 req-81e60dbb-7a0d-4b6b-b348-5db05734b964 ] Request (VolumesAssistedSnapshotsTest:test_volume_assisted_snapshot_create_delete): 202 POST http://10.180.1.21/volume/v3/volumes 0.679s
2025-02-11 14:56:38.845 75130 INFO tempest.lib.common.rest_client [req-062edd59-6ed5-4621-81bb-3fc3e60b84bc req-062edd59-6ed5-4621-81bb-3fc3e60b84bc ] Request (ServicesAdminNegativeV253TestJSON:setUpClass): 201 POST http://10.180.1.21/identity/v3/users 0.077s
2025-02-11 14:56:38.868 75130 INFO tempest.lib.common.rest_client [req-90bff378-0536-4afb-9fd9-348c8950ef6e req-90bff378-0536-4afb-9fd9-348c8950ef6e ] Request (ServicesAdminNegativeV253TestJSON:setUpClass): 200 GET http://10.180.1.21/identity/v3/roles 0.023s
2025-02-11 14:56:38.901 75130 INFO tempest.lib.common.rest_client [req-e9d1d4f3-5e34-48d1-8671-963fddcc2fec req-e9d1d4f3-5e34-48d1-8671-963fddcc2fec ] Request (ServicesAdminNegativeV253TestJSON:setUpClass): 204 PUT http://10.180.1.21/identity/v3/projects/5e419466135444a791b3daa90cb7c5df/users/8b431e5dade94d498946cc5d9fe44d18/roles/d028cf601d6f4b2c869def7978d08927 0.033s
2025-02-11 14:56:38.908 75124 INFO tempest.lib.common.rest_client [req-eb4df22f-5d83-4967-98fd-7c0f59e52a8c req-eb4df22f-5d83-4967-98fd-7c0f59e52a8c ] Request (VolumesAssistedSnapshotsTest:test_volume_assisted_snapshot_create_delete): 200 GET http://10.180.1.21/volume/v3/volumes/1685e9f8-9cc2-4707-b0e6-c1cf99f7fa69 0.070s
2025-02-11 14:56:38.954 75130 INFO tempest.lib.common.rest_client [req-c3ff0640-29cf-4580-b5d4-2a5b589f0699 req-c3ff0640-29cf-4580-b5d4-2a5b589f0699 ] Request (ServicesAdminNegativeV253TestJSON:setUpClass): 200 GET http://10.180.1.21/identity/v3/roles 0.052s
2025-02-11 14:56:38.973 75130 INFO tempest.lib.common.rest_client [req-38af5dd4-e533-42da-9652-673dc5b6a539 req-38af5dd4-e533-42da-9652-673dc5b6a539 ] Request (ServicesAdminNegativeV253TestJSON:setUpClass): 204 PUT http://10.180.1.21/identity/v3/projects/5e419466135444a791b3daa90cb7c5df/users/8b431e5dade94d498946cc5d9fe44d18/roles/d028cf601d6f4b2c869def7978d08927 0.018s
2025-02-11 14:56:38.973 75130 INFO tempest.lib.common.dynamic_creds [-] Dynamic test user 8b431e5dade94d498946cc5d9fe44d18 is created with scope project and roles: ['admin']
2025-02-11 14:56:38.973 75130 INFO tempest.lib.common.dynamic_creds [-] Acquired dynamic creds: credentials: Credentials: {'domain_id': 'default', 'domain_name': 'Default', 'username': 'tempest-ServicesAdminNegativeV253TestJSON-1534698920-project-admin', 'project_domain_id': 'default', 'project_domain_name': 'Default', 'project_id': '5e419466135444a791b3daa90cb7c5df', 'project_name': 'tempest-ServicesAdminNegativeV253TestJSON-1534698920', 'tenant_id': '5e419466135444a791b3daa90cb7c5df', 'tenant_name': 'tempest-ServicesAdminNegativeV253TestJSON-1534698920', 'user_domain_id': 'default', 'user_domain_name': 'Default', 'user_id': '8b431e5dade94d498946cc5d9fe44d18', 'system': None}, Network: None, Subnet: None, Router: None
2025-02-11 14:56:38.973 75130 INFO tempest.lib.common.dynamic_creds [-] Created isolated network resources for: credentials: Credentials: {'domain_id': 'default', 'domain_name': 'Default', 'username': 'tempest-ServicesAdminNegativeV253TestJSON-1534698920-project-admin', 'project_domain_id': 'default', 'project_domain_name': 'Default', 'project_id': '5e419466135444a791b3daa90cb7c5df', 'project_name': 'tempest-ServicesAdminNegativeV253TestJSON-1534698920', 'tenant_id': '5e419466135444a791b3daa90cb7c5df', 'tenant_name': 'tempest-ServicesAdminNegativeV253TestJSON-1534698920', 'user_domain_id': 'default', 'user_domain_name': 'Default', 'user_id': '8b431e5dade94d498946cc5d9fe44d18', 'system': None}, Network: None, Subnet: None, Router: None
2025-02-11 14:56:39.025 75146 INFO tempest.lib.common.rest_client [req-383d98d2-3382-4692-ad2e-0b2d88f9df97 req-383d98d2-3382-4692-ad2e-0b2d88f9df97 ] Request (ServersAdminTestJSON:setUpClass): 202 POST http://10.180.1.21/compute/v2.1/servers 1.685s
2025-02-11 14:56:39.031 75116 INFO tempest.lib.common.rest_client [req-2779b5bf-1f83-485f-9a5a-0e4f75aa6b3a req-2779b5bf-1f83-485f-9a5a-0e4f75aa6b3a ] Request (InstanceUsageAuditLogNegativeTestJSON:test_instance_usage_audit_logs_with_nonadmin_user): 403 GET http://10.180.1.21/compute/v2.1/os-instance_usage_audit_log/2025-02-11%2014%3A56%3A37 1.531s
2025-02-11 14:56:39.069 75130 INFO tempest.lib.common.rest_client [req-232075c0-e224-4edc-b936-720a4d0278dc req-232075c0-e224-4edc-b936-720a4d0278dc ] Request (ServicesAdminNegativeV253TestJSON:setUpClass): 201 POST http://10.180.1.21/identity/v3/auth/tokens 0.092s
2025-02-11 14:56:39.065 75122 INFO tempest.lib.common.rest_client [req-73806639-795f-4858-95af-997ecf77080c req-73806639-795f-4858-95af-997ecf77080c ] Request (FlavorsAccessNegativeTestJSON:_run_cleanups): 200 GET http://10.180.1.21/compute/v2.1/flavors/detail 1.553s
2025-02-11 14:56:39.073 75176 INFO tempest.lib.common.rest_client [req-5d67131c-bc8e-4a4e-ae9a-2b50f9a56d3c req-5d67131c-bc8e-4a4e-ae9a-2b50f9a56d3c ] Request (FlavorsExtraSpecsNegativeTestJSON:test_flavor_non_admin_update_specific_key): 403 PUT http://10.180.1.21/compute/v2.1/flavors/1962754190/os-extra_specs/hw:numa_nodes 1.538s
2025-02-11 14:56:39.112 75144 INFO tempest.lib.common.rest_client [req-9fc88e1a-3fcf-44a1-a89c-728c532977e8 req-9fc88e1a-3fcf-44a1-a89c-728c532977e8 ] Request (HostsAdminTestJSON:test_show_host_detail): 200 GET http://10.180.1.21/compute/v2.1/os-hosts/cpu-1 1.573s
2025-02-11 14:56:39.120 75154 INFO tempest.lib.common.rest_client [req-466954d7-5a73-48f3-b1bc-e67672418469 req-466954d7-5a73-48f3-b1bc-e67672418469 ] Request (HostsAdminNegativeTestJSON:test_startup_host_with_non_admin_user): 403 GET http://10.180.1.21/compute/v2.1/os-hosts/devstack/startup 1.570s
2025-02-11 14:56:39.151 75126 INFO tempest.lib.common.rest_client [req-46367e0b-9ec9-4b7a-a8fd-a6d5b2d69ab4 req-46367e0b-9ec9-4b7a-a8fd-a6d5b2d69ab4 ] Request (KeyPairsV210TestJSON:_run_cleanups): 204 DELETE http://10.180.1.21/compute/v2.1/os-keypairs/tempest-keypair-647065553?user_id=d8e6c9c73e4f4a79a389357951786c5f 1.601s
2025-02-11 14:56:39.156 75146 INFO tempest.lib.common.rest_client [req-9056b531-21bc-43ef-a6ba-fa891ed80b2d req-9056b531-21bc-43ef-a6ba-fa891ed80b2d ] Request (ServersAdminTestJSON:setUpClass): 201 POST http://10.180.1.21/identity/v3/auth/tokens 0.125s
2025-02-11 14:56:39.157 75146 INFO tempest.lib.common.fixed_network [-] (ServersAdminTestJSON:setUpClass) Found network {'id': 'c6843d7a-a2d2-4a2c-9bcb-8469c6111c0e', 'name': 'tempest-ServersAdminTestJSON-1144019138-network', 'tenant_id': '18ccbb8da33640a9b5724e826cd6fe5e', 'admin_state_up': True, 'mtu': 8950, 'status': 'ACTIVE', 'subnets': [], 'shared': False, 'project_id': '18ccbb8da33640a9b5724e826cd6fe5e', 'port_security_enabled': True, 'router:external': False, 'provider:network_type': 'vlan', 'provider:physical_network': 'default', 'provider:segmentation_id': 102, 'availability_zone_hints': [], 'availability_zones': [], 'ipv4_address_scope': None, 'ipv6_address_scope': None, 'description': '', 'tags': [], 'created_at': '2025-02-11T14:56:22Z', 'updated_at': '2025-02-11T14:56:22Z', 'revision_number': 1} available for tenant
2025-02-11 14:56:39.171 75156 INFO tempest.lib.common.rest_client [req-81727be0-5166-4b20-8d6d-39d7612e342d req-81727be0-5166-4b20-8d6d-39d7612e342d ] Request (QuotasAdminTestV257:tearDownClass): 200 GET http://10.180.1.21:9696/networking/v2.0/security-groups?tenant_id=08287f9338c94ae297fbb561b26e1655&name=default 0.590s
2025-02-11 14:56:39.176 75168 INFO tempest.lib.common.rest_client [req-62992ef7-16e5-47bf-91db-d9023b8c8cac req-62992ef7-16e5-47bf-91db-d9023b8c8cac ] Request (ListImageFiltersTestJSON:setUpClass): 201 POST http://10.180.1.21/image/v2/images 0.437s
2025-02-11 14:56:39.220 75151 INFO tempest.lib.common.rest_client [req-096d1c7a-419a-468b-a970-007551c4726a req-096d1c7a-419a-468b-a970-007551c4726a ] Request (SecurityGroupsTestJSON:test_list_security_groups_by_server): 200 GET http://10.180.1.21/compute/v2.1/servers/76c1f3cb-b2f4-4c43-aa76-1a8f193976e2 1.643s
2025-02-11 14:56:39.268 75114 INFO tempest.lib.common.rest_client [req-17faeff1-eb2c-4fdf-ab22-cb76a1a6b924 req-17faeff1-eb2c-4fdf-ab22-cb76a1a6b924 ] Request (ServerMetadataTestJSON:setUpClass): 201 POST http://10.180.1.21:9696/networking/v2.0/routers 3.488s
2025-02-11 14:56:39.275 75144 INFO tempest.lib.common.rest_client [req-6df9b903-11ba-4c42-9d36-62867c7539ce req-6df9b903-11ba-4c42-9d36-62867c7539ce ] Request (HostsAdminTestJSON:tearDownClass): 204 DELETE http://10.180.1.21/identity/v3/users/491c8c37f7ed4a25ae75f38279a19458 0.158s
2025-02-11 14:56:39.278 75116 INFO tempest.lib.common.rest_client [req-a97a39d5-d5ed-4c12-af83-cae7aaf4b38b req-a97a39d5-d5ed-4c12-af83-cae7aaf4b38b ] Request (InstanceUsageAuditLogNegativeTestJSON:tearDownClass): 204 DELETE http://10.180.1.21/identity/v3/users/63958d7d02434441a7dace259d3dec8b 0.246s
2025-02-11 14:56:39.406 75132 INFO tempest.lib.common.rest_client [req-d15fc5bb-e32a-4a6f-8307-f733532dad50 req-d15fc5bb-e32a-4a6f-8307-f733532dad50 ] Request (HypervisorAdminNegativeUnderV252Test:test_search_hypervisor_with_non_admin_user): 200 GET http://10.180.1.21/compute/v2.1/os-hypervisors 1.736s
2025-02-11 14:56:39.417 75126 INFO tempest.lib.common.rest_client [req-6220843f-6d5d-4da0-a8ea-2d0cb8139b9f req-6220843f-6d5d-4da0-a8ea-2d0cb8139b9f ] Request (KeyPairsV210TestJSON:tearDownClass): 204 DELETE http://10.180.1.21/identity/v3/users/d8e6c9c73e4f4a79a389357951786c5f 0.258s
2025-02-11 14:56:39.427 75156 INFO tempest.lib.common.rest_client [req-f34a744f-8925-4548-bbd3-0a398bfa0dba req-f34a744f-8925-4548-bbd3-0a398bfa0dba ] Request (QuotasAdminTestV257:tearDownClass): 204 DELETE http://10.180.1.21:9696/networking/v2.0/security-groups/35b656b5-aa06-4309-98f2-05e06218cc66 0.256s
2025-02-11 14:56:39.470 75144 INFO tempest.lib.common.rest_client [req-8666a557-41cd-4c10-bfd6-d352b7c5a448 req-8666a557-41cd-4c10-bfd6-d352b7c5a448 ] Request (HostsAdminTestJSON:tearDownClass): 204 DELETE http://10.180.1.21/identity/v3/users/e25d4643710148feb4f44ac8844ad722 0.194s
2025-02-11 14:56:39.470 75144 INFO tempest.lib.common.dynamic_creds [-] Deleting project and security group for project: ae34228be58943bdb2905cdad722dac2
2025-02-11 14:56:39.491 75152 INFO tempest.lib.common.rest_client [req-3fe8a08d-9e1f-43de-ab0c-cc2da2f4850a req-3fe8a08d-9e1f-43de-ab0c-cc2da2f4850a ] Request (FloatingIPsAssociationTestJSON:setUpClass): 200 GET http://10.180.1.21/compute/v2.1/servers/88317080-b446-447d-aa4d-8af1bbec9f26 1.810s
2025-02-11 14:56:39.505 75152 INFO tempest.common.waiters [-] State transition "BUILD/None" ==> "BUILD/block_device_mapping" after 6 second wait
2025-02-11 14:56:39.538 75116 INFO tempest.lib.common.rest_client [req-2c6ef002-e204-48e8-8432-5ba9b1c7b908 req-2c6ef002-e204-48e8-8432-5ba9b1c7b908 ] Request (InstanceUsageAuditLogNegativeTestJSON:tearDownClass): 204 DELETE http://10.180.1.21/identity/v3/users/9ddde6401336487da2ac042a7e3ce4c8 0.260s
2025-02-11 14:56:39.539 75116 INFO tempest.lib.common.dynamic_creds [-] Deleting project and security group for project: c6a8e3714698448395d6331c7f19c0c2
2025-02-11 14:56:39.609 75126 INFO tempest.lib.common.rest_client [req-f1914170-8904-42ab-9ae2-7a4f9556f8ad req-f1914170-8904-42ab-9ae2-7a4f9556f8ad ] Request (KeyPairsV210TestJSON:tearDownClass): 204 DELETE http://10.180.1.21/identity/v3/users/4fc9fbe204334cec95904e203e8f3edc 0.191s
2025-02-11 14:56:39.609 75126 INFO tempest.lib.common.dynamic_creds [-] Deleting project and security group for project: 2334dfb8d95845538a07004bdaaca404
2025-02-11 14:56:39.673 75144 INFO tempest.lib.common.rest_client [req-340e08ec-cd33-4850-a183-6834ef941eab req-340e08ec-cd33-4850-a183-6834ef941eab ] Request (HostsAdminTestJSON:tearDownClass): 201 POST http://10.180.1.21/identity/v3/auth/tokens 0.203s
2025-02-11 14:56:39.685 75156 INFO tempest.lib.common.rest_client [req-aa652789-fa24-4431-8a60-c7d581ce276c req-aa652789-fa24-4431-8a60-c7d581ce276c ] Request (QuotasAdminTestV257:tearDownClass): 204 DELETE http://10.180.1.21/identity/v3/projects/08287f9338c94ae297fbb561b26e1655 0.257s
2025-02-11 14:56:39.771 75116 INFO tempest.lib.common.rest_client [req-267745b7-1b9c-48b4-ab77-ff333e013da5 req-267745b7-1b9c-48b4-ab77-ff333e013da5 ] Request (InstanceUsageAuditLogNegativeTestJSON:tearDownClass): 201 POST http://10.180.1.21/identity/v3/auth/tokens 0.232s
2025-02-11 14:56:39.798 75126 INFO tempest.lib.common.rest_client [req-53a9b6f3-32d1-4e7a-8a19-6e5edbd56951 req-53a9b6f3-32d1-4e7a-8a19-6e5edbd56951 ] Request (KeyPairsV210TestJSON:tearDownClass): 201 POST http://10.180.1.21/identity/v3/auth/tokens 0.188s
2025-02-11 14:56:39.823 75156 INFO tempest.lib.common.rest_client [req-950b4112-7327-492c-b8d1-d9639d6bfb6e req-950b4112-7327-492c-b8d1-d9639d6bfb6e ] Request (ServicesAdminNegativeTestJSON:setUpClass): 201 POST http://10.180.1.21/identity/v3/auth/tokens 0.135s
2025-02-11 14:56:39.831 75136 INFO tempest.lib.common.rest_client [req-d0ee3976-5c56-48d2-8e91-975acb18b963 req-d0ee3976-5c56-48d2-8e91-975acb18b963 ] Request (ServersWithSpecificFlavorTestJSON:test_verify_created_server_ephemeral_disk): 200 POST http://10.180.1.21/compute/v2.1/flavors 2.118s
2025-02-11 14:56:39.860 75160 INFO tempest.lib.common.rest_client [req-70f35a1c-18c4-4203-ba1b-2fdb6c10bf28 req-70f35a1c-18c4-4203-ba1b-2fdb6c10bf28 ] Request (FlavorsV255TestJSON:_run_cleanups): 200 GET http://10.180.1.21/compute/v2.1/flavors/detail 2.135s
2025-02-11 14:56:39.929 75156 INFO tempest.lib.common.rest_client [req-8c2734b0-885d-472f-8db0-c24512e63641 req-8c2734b0-885d-472f-8db0-c24512e63641 ] Request (ServicesAdminNegativeTestJSON:setUpClass): 201 POST http://10.180.1.21/identity/v3/auth/tokens 0.103s
2025-02-11 14:56:39.965 75156 INFO tempest.lib.common.rest_client [req-bb99df03-c9c2-4ee1-b53e-2328f3c74942 req-bb99df03-c9c2-4ee1-b53e-2328f3c74942 ] Request (ServicesAdminNegativeTestJSON:setUpClass): 200 GET http://10.180.1.21/identity/v3/domains?name=Default 0.035s
2025-02-11 14:56:39.966 75124 INFO tempest.lib.common.rest_client [req-2cc84f5b-60f3-4e9e-9724-86cd54533f5d req-2cc84f5b-60f3-4e9e-9724-86cd54533f5d ] Request (VolumesAssistedSnapshotsTest:test_volume_assisted_snapshot_create_delete): 200 GET http://10.180.1.21/volume/v3/volumes/1685e9f8-9cc2-4707-b0e6-c1cf99f7fa69 0.050s
2025-02-11 14:56:39.975 75124 INFO tempest.common.waiters [-] volume 1685e9f8-9cc2-4707-b0e6-c1cf99f7fa69 reached available after waiting for 1.975205 seconds
2025-02-11 14:56:39.983 75160 INFO tempest.lib.common.rest_client [req-ba1ce016-950c-4d5d-bbe8-88d999efd380 req-ba1ce016-950c-4d5d-bbe8-88d999efd380 ] Request (FlavorsV255TestJSON:tearDownClass): 204 DELETE http://10.180.1.21/identity/v3/users/bc092c5bb03d488b80ccbaeb44bacf94 0.111s
2025-02-11 14:56:40.040 75156 INFO tempest.lib.common.rest_client [req-bda1d737-6928-4d41-aee8-72be833e35c0 req-bda1d737-6928-4d41-aee8-72be833e35c0 ] Request (ServicesAdminNegativeTestJSON:setUpClass): 201 POST http://10.180.1.21/identity/v3/projects 0.074s
2025-02-11 14:56:40.080 75138 INFO tempest.lib.common.rest_client [req-b4d653a5-ef6f-49e3-8204-d2cd13b6332a req-b4d653a5-ef6f-49e3-8204-d2cd13b6332a ] Request (NetworksTest:test_list_all_networks): 200 GET http://10.180.1.21/compute/v2.1/os-networks 2.315s
2025-02-11 14:56:40.094 75140 INFO tempest.lib.common.rest_client [req-4d7817bf-9843-4ffe-b507-2b8e2271d0b8 req-4d7817bf-9843-4ffe-b507-2b8e2271d0b8 ] Request (KeyPairsV2TestJSON:test_get_keypair_detail): 200 GET http://10.180.1.21/compute/v2.1/os-keypairs/tempest-keypair-1325100890 2.229s
2025-02-11 14:56:40.109 75174 INFO tempest.lib.common.rest_client [req-cc30ce1c-f766-434d-8c18-37061cb641f5 req-cc30ce1c-f766-434d-8c18-37061cb641f5 ] Request (FlavorsExtraSpecsTestJSON:test_flavor_set_get_update_show_unset_keys): 200 GET http://10.180.1.21/compute/v2.1/flavors/414484901/os-extra_specs 2.222s
2025-02-11 14:56:40.112 75160 INFO tempest.lib.common.rest_client [req-e2e97607-4cab-47c7-b9c7-2a0f53abf5ed req-e2e97607-4cab-47c7-b9c7-2a0f53abf5ed ] Request (FlavorsV255TestJSON:tearDownClass): 204 DELETE http://10.180.1.21/identity/v3/users/7fb47546b9114881ab1448328480baca 0.128s
2025-02-11 14:56:40.113 75160 INFO tempest.lib.common.dynamic_creds [-] Deleting project and security group for project: 8ed049a3457e430d832fa80d35526590
2025-02-11 14:56:40.137 75128 INFO tempest.lib.common.rest_client [req-24e681cc-5372-4f67-b899-37e7ef543f74 req-24e681cc-5372-4f67-b899-37e7ef543f74 ] Request (FlavorsAdminTestJSON:test_create_flavor_with_int_id): 200 POST http://10.180.1.21/compute/v2.1/flavors 2.218s
2025-02-11 14:56:40.214 75156 INFO tempest.lib.common.rest_client [req-c63c1dff-1fd3-41a7-b705-2c5745db2a73 req-c63c1dff-1fd3-41a7-b705-2c5745db2a73 ] Request (ServicesAdminNegativeTestJSON:setUpClass): 201 POST http://10.180.1.21/identity/v3/users 0.174s
2025-02-11 14:56:40.274 75138 INFO tempest.lib.common.rest_client [req-8a537d1b-8a0b-4da5-92e5-f9fca9a24a05 req-8a537d1b-8a0b-4da5-92e5-f9fca9a24a05 ] Request (NetworksTest:tearDownClass): 204 DELETE http://10.180.1.21/identity/v3/users/a351a5d7852e4f09b236e4a92a95a472 0.192s
2025-02-11 14:56:40.281 75116 INFO tempest.lib.common.rest_client [req-bc61b960-9565-4cd6-91a5-8ee2dc03e87f req-bc61b960-9565-4cd6-91a5-8ee2dc03e87f ] Request (InstanceUsageAuditLogNegativeTestJSON:tearDownClass): 200 GET http://10.180.1.21:9696/networking/v2.0/security-groups?tenant_id=c6a8e3714698448395d6331c7f19c0c2&name=default 0.509s
2025-02-11 14:56:40.282 75134 INFO tempest.lib.common.rest_client [req-58b61177-0da1-4728-826a-d73f8ae1c8c9 req-58b61177-0da1-4728-826a-d73f8ae1c8c9 ] Request (QuotaClassesAdmin257Test:test_update_default_quotas): 200 PUT http://10.180.1.21/compute/v2.1/os-quota-class-sets/default 2.307s
2025-02-11 14:56:40.301 75160 INFO tempest.lib.common.rest_client [req-82b70a97-824a-4ebc-a532-4959f679cd0b req-82b70a97-824a-4ebc-a532-4959f679cd0b ] Request (FlavorsV255TestJSON:tearDownClass): 201 POST http://10.180.1.21/identity/v3/auth/tokens 0.188s
2025-02-11 14:56:40.311 75126 INFO tempest.lib.common.rest_client [req-089d1eea-187a-493c-84db-327aa218ee91 req-089d1eea-187a-493c-84db-327aa218ee91 ] Request (KeyPairsV210TestJSON:tearDownClass): 200 GET http://10.180.1.21:9696/networking/v2.0/security-groups?tenant_id=2334dfb8d95845538a07004bdaaca404&name=default 0.513s
2025-02-11 14:56:40.364 75156 INFO tempest.lib.common.rest_client [req-816a8b7a-65fb-4a2c-9d83-29eec4f90730 req-816a8b7a-65fb-4a2c-9d83-29eec4f90730 ] Request (ServicesAdminNegativeTestJSON:setUpClass): 200 GET http://10.180.1.21/identity/v3/roles 0.148s
2025-02-11 14:56:40.407 75144 INFO tempest.lib.common.rest_client [req-f2c3d5df-8e5d-48b8-bbdb-cdaaa1873e38 req-f2c3d5df-8e5d-48b8-bbdb-cdaaa1873e38 ] Request (HostsAdminTestJSON:tearDownClass): 200 GET http://10.180.1.21:9696/networking/v2.0/security-groups?tenant_id=ae34228be58943bdb2905cdad722dac2&name=default 0.733s
2025-02-11 14:56:40.436 75138 INFO tempest.lib.common.rest_client [req-c5c5c8ee-3e55-4222-ae5f-9f6dfb17a920 req-c5c5c8ee-3e55-4222-ae5f-9f6dfb17a920 ] Request (NetworksTest:tearDownClass): 204 DELETE http://10.180.1.21/identity/v3/users/28155be8930d4a45b9ac478ad5af1b2f 0.161s
2025-02-11 14:56:40.436 75138 INFO tempest.lib.common.dynamic_creds [-] Deleting project and security group for project: b7f20dee5cf4447f920657b0f8c1382b
2025-02-11 14:56:40.468 75116 INFO tempest.lib.common.rest_client [req-fd2959e2-4d3d-4a31-b508-8882304e3f5d req-fd2959e2-4d3d-4a31-b508-8882304e3f5d ] Request (InstanceUsageAuditLogNegativeTestJSON:tearDownClass): 204 DELETE http://10.180.1.21:9696/networking/v2.0/security-groups/ca52d335-253a-424d-ac9e-5bea4fee7246 0.187s
2025-02-11 14:56:40.584 75156 INFO tempest.lib.common.rest_client [req-f2ed2974-6bce-4be5-9e61-e90aa62f93cb req-f2ed2974-6bce-4be5-9e61-e90aa62f93cb ] Request (ServicesAdminNegativeTestJSON:setUpClass): 204 PUT http://10.180.1.21/identity/v3/projects/0ff95b31dc0a43b9851333e98cbdfd08/users/5eb7e160213a461297b6d934e25c8e83/roles/9177602ed7ec4f8eb95324383e4cb1c2 0.219s
2025-02-11 14:56:40.584 75156 INFO tempest.lib.common.dynamic_creds [-] Dynamic test user 5eb7e160213a461297b6d934e25c8e83 is created with scope project and roles: ['member']
2025-02-11 14:56:40.584 75156 INFO tempest.lib.common.dynamic_creds [-] Acquired dynamic creds: credentials: Credentials: {'domain_id': 'default', 'domain_name': 'Default', 'username': 'tempest-ServicesAdminNegativeTestJSON-2044688885-project-member', 'project_domain_id': 'default', 'project_domain_name': 'Default', 'project_id': '0ff95b31dc0a43b9851333e98cbdfd08', 'project_name': 'tempest-ServicesAdminNegativeTestJSON-2044688885', 'tenant_id': '0ff95b31dc0a43b9851333e98cbdfd08', 'tenant_name': 'tempest-ServicesAdminNegativeTestJSON-2044688885', 'user_domain_id': 'default', 'user_domain_name': 'Default', 'user_id': '5eb7e160213a461297b6d934e25c8e83', 'system': None}, Network: None, Subnet: None, Router: None
2025-02-11 14:56:40.584 75156 INFO tempest.lib.common.dynamic_creds [-] Created isolated network resources for: credentials: Credentials: {'domain_id': 'default', 'domain_name': 'Default', 'username': 'tempest-ServicesAdminNegativeTestJSON-2044688885-project-member', 'project_domain_id': 'default', 'project_domain_name': 'Default', 'project_id': '0ff95b31dc0a43b9851333e98cbdfd08', 'project_name': 'tempest-ServicesAdminNegativeTestJSON-2044688885', 'tenant_id': '0ff95b31dc0a43b9851333e98cbdfd08', 'tenant_name': 'tempest-ServicesAdminNegativeTestJSON-2044688885', 'user_domain_id': 'default', 'user_domain_name': 'Default', 'user_id': '5eb7e160213a461297b6d934e25c8e83', 'system': None}, Network: None, Subnet: None, Router: None
2025-02-11 14:56:40.634 75138 INFO tempest.lib.common.rest_client [req-de87597a-c6d0-4ff3-ad3c-4c7a222fc949 req-de87597a-c6d0-4ff3-ad3c-4c7a222fc949 ] Request (NetworksTest:tearDownClass): 201 POST http://10.180.1.21/identity/v3/auth/tokens 0.198s
2025-02-11 14:56:40.642 75144 INFO tempest.lib.common.rest_client [req-d0f1d7d6-c09f-40ef-bb61-318d4224fe26 req-d0f1d7d6-c09f-40ef-bb61-318d4224fe26 ] Request (HostsAdminTestJSON:tearDownClass): 204 DELETE http://10.180.1.21:9696/networking/v2.0/security-groups/15e31176-b53c-476c-9ee2-4e2ae29b932b 0.234s
2025-02-11 14:56:40.685 75116 INFO tempest.lib.common.rest_client [req-2aca370c-5e43-479a-a5eb-6839b9c99332 req-2aca370c-5e43-479a-a5eb-6839b9c99332 ] Request (InstanceUsageAuditLogNegativeTestJSON:tearDownClass): 204 DELETE http://10.180.1.21/identity/v3/projects/c6a8e3714698448395d6331c7f19c0c2 0.216s
2025-02-11 14:56:40.685 75116 INFO tempest.lib.common.dynamic_creds [-] Deleting project and security group for project: 0b17e05006314c3fbae4cad3246ecc9d
2025-02-11 14:56:40.750 75164 INFO tempest.lib.common.rest_client [req-c7df7800-2299-4f87-af0f-83f8de3a1736 req-c7df7800-2299-4f87-af0f-83f8de3a1736 ] Request (DeleteServersAdminTestJSON:test_admin_delete_servers_of_others): 200 GET http://10.180.1.21/compute/v2.1/servers/e34b99bc-8c39-47d3-8e6c-d45701d28ee1 2.437s
2025-02-11 14:56:40.753 75156 INFO tempest.lib.common.rest_client [req-79ee2a24-623b-4de1-b434-922e53efec84 req-79ee2a24-623b-4de1-b434-922e53efec84 ] Request (ServicesAdminNegativeTestJSON:setUpClass): 201 POST http://10.180.1.21/identity/v3/auth/tokens 0.163s
2025-02-11 14:56:40.786 75144 INFO tempest.lib.common.rest_client [req-29e2c017-76d6-436a-be1e-985abc5baa66 req-29e2c017-76d6-436a-be1e-985abc5baa66 ] Request (HostsAdminTestJSON:tearDownClass): 204 DELETE http://10.180.1.21/identity/v3/projects/ae34228be58943bdb2905cdad722dac2 0.143s
2025-02-11 14:56:40.787 75144 INFO tempest.lib.common.dynamic_creds [-] Deleting project and security group for project: 2d1170b9416d4b3abf37d876ad23f875
2025-02-11 14:56:40.808 75126 INFO tempest.lib.common.rest_client [req-051f748a-0fd4-4a73-a8b1-6be4de4224c7 req-051f748a-0fd4-4a73-a8b1-6be4de4224c7 ] Request (KeyPairsV210TestJSON:tearDownClass): 204 DELETE http://10.180.1.21:9696/networking/v2.0/security-groups/b8f2eea9-0daa-4bb3-b99d-30d145170b3e 0.496s
2025-02-11 14:56:40.897 75156 INFO tempest.lib.common.rest_client [req-b0ed0905-8ad8-46e4-b701-947cd22d1c66 req-b0ed0905-8ad8-46e4-b701-947cd22d1c66 ] Request (ServicesAdminNegativeTestJSON:setUpClass): 201 POST http://10.180.1.21/identity/v3/projects 0.143s
2025-02-11 14:56:40.911 75160 INFO tempest.lib.common.rest_client [req-b30cb19d-69fc-4f84-8c48-49179fe02023 req-b30cb19d-69fc-4f84-8c48-49179fe02023 ] Request (FlavorsV255TestJSON:tearDownClass): 200 GET http://10.180.1.21:9696/networking/v2.0/security-groups?tenant_id=8ed049a3457e430d832fa80d35526590&name=default 0.609s
2025-02-11 14:56:40.931 75126 INFO tempest.lib.common.rest_client [req-53692100-8f1f-4464-915e-43db546f6ab7 req-53692100-8f1f-4464-915e-43db546f6ab7 ] Request (KeyPairsV210TestJSON:tearDownClass): 204 DELETE http://10.180.1.21/identity/v3/projects/2334dfb8d95845538a07004bdaaca404 0.123s
2025-02-11 14:56:40.932 75126 INFO tempest.lib.common.dynamic_creds [-] Deleting project and security group for project: e838e2ef3e444a58a4d0563e117bf669
2025-02-11 14:56:40.998 75156 INFO tempest.lib.common.rest_client [req-ca957286-df60-440c-b06b-1aa49480ab14 req-ca957286-df60-440c-b06b-1aa49480ab14 ] Request (ServicesAdminNegativeTestJSON:setUpClass): 201 POST http://10.180.1.21/identity/v3/users 0.100s
2025-02-11 14:56:41.045 75116 INFO tempest.lib.common.rest_client [req-6488ffcf-09c4-4bce-949c-2f4cf0a07e06 req-6488ffcf-09c4-4bce-949c-2f4cf0a07e06 ] Request (InstanceUsageAuditLogNegativeTestJSON:tearDownClass): 200 GET http://10.180.1.21:9696/networking/v2.0/security-groups?tenant_id=0b17e05006314c3fbae4cad3246ecc9d&name=default 0.359s
2025-02-11 14:56:41.046 75156 INFO tempest.lib.common.rest_client [req-c9a10545-033a-4809-a0e3-e32e943f60d9 req-c9a10545-033a-4809-a0e3-e32e943f60d9 ] Request (ServicesAdminNegativeTestJSON:setUpClass): 200 GET http://10.180.1.21/identity/v3/roles 0.048s
2025-02-11 14:56:41.077 75156 INFO tempest.lib.common.rest_client [req-981d5e94-095a-4f10-b52f-8ca2eff885e7 req-981d5e94-095a-4f10-b52f-8ca2eff885e7 ] Request (ServicesAdminNegativeTestJSON:setUpClass): 204 PUT http://10.180.1.21/identity/v3/projects/c09f34807fae4ec891bdb75760a0ec7a/users/161c7257fa5c41069a69dd0974b40b92/roles/d028cf601d6f4b2c869def7978d08927 0.030s
2025-02-11 14:56:41.079 75171 INFO tempest.lib.common.rest_client [req-5a0a45cf-e6dd-4198-ac48-49467a269c09 req-5a0a45cf-e6dd-4198-ac48-49467a269c09 ] Request (QuotasAdminNegativeTest:_run_cleanups): 200 PUT http://10.180.1.21/compute/v2.1/os-quota-sets/00ff698ca66546c390930e3f8da97505 2.731s
2025-02-11 14:56:41.143 75156 INFO tempest.lib.common.rest_client [req-ef75b716-4379-41fc-82b0-6172c39bbde2 req-ef75b716-4379-41fc-82b0-6172c39bbde2 ] Request (ServicesAdminNegativeTestJSON:setUpClass): 200 GET http://10.180.1.21/identity/v3/roles 0.065s
2025-02-11 14:56:41.165 75156 INFO tempest.lib.common.rest_client [req-8501d19f-9a7b-4b3a-b266-40472283748e req-8501d19f-9a7b-4b3a-b266-40472283748e ] Request (ServicesAdminNegativeTestJSON:setUpClass): 204 PUT http://10.180.1.21/identity/v3/projects/c09f34807fae4ec891bdb75760a0ec7a/users/161c7257fa5c41069a69dd0974b40b92/roles/d028cf601d6f4b2c869def7978d08927 0.021s
2025-02-11 14:56:41.166 75156 INFO tempest.lib.common.dynamic_creds [-] Dynamic test user 161c7257fa5c41069a69dd0974b40b92 is created with scope project and roles: ['admin']
2025-02-11 14:56:41.166 75156 INFO tempest.lib.common.dynamic_creds [-] Acquired dynamic creds: credentials: Credentials: {'domain_id': 'default', 'domain_name': 'Default', 'username': 'tempest-ServicesAdminNegativeTestJSON-1446115681-project-admin', 'project_domain_id': 'default', 'project_domain_name': 'Default', 'project_id': 'c09f34807fae4ec891bdb75760a0ec7a', 'project_name': 'tempest-ServicesAdminNegativeTestJSON-1446115681', 'tenant_id': 'c09f34807fae4ec891bdb75760a0ec7a', 'tenant_name': 'tempest-ServicesAdminNegativeTestJSON-1446115681', 'user_domain_id': 'default', 'user_domain_name': 'Default', 'user_id': '161c7257fa5c41069a69dd0974b40b92', 'system': None}, Network: None, Subnet: None, Router: None
2025-02-11 14:56:41.166 75156 INFO tempest.lib.common.dynamic_creds [-] Created isolated network resources for: credentials: Credentials: {'domain_id': 'default', 'domain_name': 'Default', 'username': 'tempest-ServicesAdminNegativeTestJSON-1446115681-project-admin', 'project_domain_id': 'default', 'project_domain_name': 'Default', 'project_id': 'c09f34807fae4ec891bdb75760a0ec7a', 'project_name': 'tempest-ServicesAdminNegativeTestJSON-1446115681', 'tenant_id': 'c09f34807fae4ec891bdb75760a0ec7a', 'tenant_name': 'tempest-ServicesAdminNegativeTestJSON-1446115681', 'user_domain_id': 'default', 'user_domain_name': 'Default', 'user_id': '161c7257fa5c41069a69dd0974b40b92', 'system': None}, Network: None, Subnet: None, Router: None
2025-02-11 14:56:41.181 75142 INFO tempest.lib.common.rest_client [req-5e7d2d89-6dd5-4bd9-96f7-1efa7d92e689 req-5e7d2d89-6dd5-4bd9-96f7-1efa7d92e689 ] Request (ServerDiagnosticsV248Test:test_get_server_diagnostics): 200 GET http://10.180.1.21/compute/v2.1/servers/44764155-3721-43aa-9a7a-23f604123f4f 2.679s
2025-02-11 14:56:41.190 75142 INFO tempest.common.waiters [-] State transition "BUILD/spawning" ==> "ACTIVE/None" after 17 second wait
2025-02-11 14:56:41.194 75148 INFO tempest.lib.common.rest_client [req-ca5671d7-e6dc-45ce-8779-a29a0f1658eb req-ca5671d7-e6dc-45ce-8779-a29a0f1658eb ] Request (FloatingIPDetailsTestJSON:setUpClass): 200 POST http://10.180.1.21/compute/v2.1/os-floating-ips 3.806s
2025-02-11 14:56:41.219 75138 INFO tempest.lib.common.rest_client [req-ecf576f6-0664-4de7-8149-8a2c00768f8f req-ecf576f6-0664-4de7-8149-8a2c00768f8f ] Request (NetworksTest:tearDownClass): 200 GET http://10.180.1.21:9696/networking/v2.0/security-groups?tenant_id=b7f20dee5cf4447f920657b0f8c1382b&name=default 0.585s
2025-02-11 14:56:41.262 75158 INFO tempest.lib.common.rest_client [req-0e82068b-0a21-47bf-90ba-03d9e1651257 req-0e82068b-0a21-47bf-90ba-03d9e1651257 ] Request (ImagesOneServerTestJSON:setUpClass): 200 GET http://10.180.1.21/compute/v2.1/servers/9151c36e-bbb8-47ca-9833-ffd7c07b58e6 2.621s
2025-02-11 14:56:41.264 75156 INFO tempest.lib.common.rest_client [req-8044158d-384c-4f62-a350-b799a4d84997 req-8044158d-384c-4f62-a350-b799a4d84997 ] Request (ServicesAdminNegativeTestJSON:setUpClass): 201 POST http://10.180.1.21/identity/v3/auth/tokens 0.093s
2025-02-11 14:56:41.275 75158 INFO tempest.common.waiters [-] State transition "BUILD/None" ==> "BUILD/networking" after 7 second wait
2025-02-11 14:56:41.291 75144 INFO tempest.lib.common.rest_client [req-8b7a5242-a76a-42aa-9522-975238953230 req-8b7a5242-a76a-42aa-9522-975238953230 ] Request (HostsAdminTestJSON:tearDownClass): 200 GET http://10.180.1.21:9696/networking/v2.0/security-groups?tenant_id=2d1170b9416d4b3abf37d876ad23f875&name=default 0.503s
2025-02-11 14:56:41.357 75120 INFO tempest.lib.common.rest_client [req-85dcbf06-aa22-4328-9160-cd1f520d9752 req-85dcbf06-aa22-4328-9160-cd1f520d9752 ] Request (ImagesNegativeTestJSON:test_create_image_from_deleted_server): 200 GET http://10.180.1.21/compute/v2.1/servers/40fc9f22-d736-46d2-9f49-3650a7a1cb63 2.467s
2025-02-11 14:56:41.369 75168 INFO tempest.lib.common.rest_client [req-20194db8-6c1b-4d3b-9121-5d53c36e8a92 req-20194db8-6c1b-4d3b-9121-5d53c36e8a92 ] Request (ListImageFiltersTestJSON:setUpClass): 204 PUT http://10.180.1.21/image/v2/images/64022868-038d-4396-aae1-c5b75d2cafcd/file 1.192s
2025-02-11 14:56:41.385 75116 INFO tempest.lib.common.rest_client [req-f80ea3fa-83ff-4362-9fa2-a07ffb01ed1c req-f80ea3fa-83ff-4362-9fa2-a07ffb01ed1c ] Request (InstanceUsageAuditLogNegativeTestJSON:tearDownClass): 204 DELETE http://10.180.1.21:9696/networking/v2.0/security-groups/8f96cb46-5210-447b-a789-4b12bdb03a5c 0.340s
2025-02-11 14:56:41.392 75160 INFO tempest.lib.common.rest_client [req-35cfce14-878e-4aef-b384-c9220cd9d5dd req-35cfce14-878e-4aef-b384-c9220cd9d5dd ] Request (FlavorsV255TestJSON:tearDownClass): 204 DELETE http://10.180.1.21:9696/networking/v2.0/security-groups/c577fc11-8df5-4eae-ab0a-b8e04faaff31 0.481s
2025-02-11 14:56:41.455 75126 INFO tempest.lib.common.rest_client [req-b3b83936-e197-41f1-ab7e-a883d28c87b2 req-b3b83936-e197-41f1-ab7e-a883d28c87b2 ] Request (KeyPairsV210TestJSON:tearDownClass): 200 GET http://10.180.1.21:9696/networking/v2.0/security-groups?tenant_id=e838e2ef3e444a58a4d0563e117bf669&name=default 0.523s
2025-02-11 14:56:41.485 75162 INFO tempest.lib.common.rest_client [req-56c1e8d2-b208-4347-ab3d-0d050d33f7d0 req-56c1e8d2-b208-4347-ab3d-0d050d33f7d0 ] Request (MigrationsAdminTest:test_list_migrations_in_flavor_resize_situation): 200 GET http://10.180.1.21/compute/v2.1/servers/28430a3c-e6e0-4db5-acdb-1cc2408ae7e6 2.672s
2025-02-11 14:56:41.492 75116 INFO tempest.lib.common.rest_client [req-fbef1e30-49c5-4605-ab9c-adf2148caf2d req-fbef1e30-49c5-4605-ab9c-adf2148caf2d ] Request (InstanceUsageAuditLogNegativeTestJSON:tearDownClass): 204 DELETE http://10.180.1.21/identity/v3/projects/0b17e05006314c3fbae4cad3246ecc9d 0.106s
2025-02-11 14:56:41.493 75116 INFO tempest.test [-] raised in LiveMigrationNegativeTest.setUpClass. Invoking tearDownClass.
2025-02-11 14:56:41.499 75176 INFO tempest.lib.common.rest_client [req-833a565b-5264-49f6-b0f1-b52b66e57830 req-833a565b-5264-49f6-b0f1-b52b66e57830 ] Request (FlavorsExtraSpecsNegativeTestJSON:test_flavor_unset_nonexistent_key): 404 DELETE http://10.180.1.21/compute/v2.1/flavors/1962754190/os-extra_specs/hw:cpu_thread_policy 2.425s
2025-02-11 14:56:41.499 75138 INFO tempest.lib.common.rest_client [req-c8f2c5bf-c82d-4a75-b359-4ec648a7e95a req-c8f2c5bf-c82d-4a75-b359-4ec648a7e95a ] Request (NetworksTest:tearDownClass): 204 DELETE http://10.180.1.21:9696/networking/v2.0/security-groups/c89b8239-d4f0-4518-901a-e1bbb749c5d4 0.279s
2025-02-11 14:56:41.508 75130 INFO tempest.lib.common.rest_client [req-8d3b6fb7-d411-429f-a962-517d7a3fc705 req-8d3b6fb7-d411-429f-a962-517d7a3fc705 ] Request (ServicesAdminNegativeV253TestJSON:test_disable_log_reason_with_invalid_service_id): 404 PUT http://10.180.1.21/compute/v2.1/os-services/4dc8c14d-743b-44de-b062-3dcb7f3cd865 2.437s
2025-02-11 14:56:41.517 75122 INFO tempest.lib.common.rest_client [req-615cb22c-b811-4cec-9681-f203fcc73013 req-615cb22c-b811-4cec-9681-f203fcc73013 ] Request (FlavorsAccessNegativeTestJSON:test_flavor_access_list_with_public_flavor): 200 POST http://10.180.1.21/compute/v2.1/flavors 2.436s
2025-02-11 14:56:41.522 75154 INFO tempest.lib.common.rest_client [req-3b697194-4653-44e7-9f75-ed1e6221ecb3 req-3b697194-4653-44e7-9f75-ed1e6221ecb3 ] Request (HostsAdminNegativeTestJSON:test_startup_nonexistent_host): 404 GET http://10.180.1.21/compute/v2.1/os-hosts/nonexistent_hostname/startup 2.400s
2025-02-11 14:56:41.541 75116 INFO tempest.lib.common.rest_client [req-19eaa349-8611-4d77-ab49-a46f03da5aa4 req-19eaa349-8611-4d77-ab49-a46f03da5aa4 ] Request (InstanceActionsNegativeTestJSON:setUpClass): 201 POST http://10.180.1.21/identity/v3/auth/tokens 0.043s
2025-02-11 14:56:41.576 75160 INFO tempest.lib.common.rest_client [req-733bf84e-5906-4655-b056-ab4d373db598 req-733bf84e-5906-4655-b056-ab4d373db598 ] Request (FlavorsV255TestJSON:tearDownClass): 204 DELETE http://10.180.1.21/identity/v3/projects/8ed049a3457e430d832fa80d35526590 0.183s
2025-02-11 14:56:41.576 75160 INFO tempest.lib.common.dynamic_creds [-] Deleting project and security group for project: 5cb60bb0f8c64cdb8ecfe1a61ee9fe1d
2025-02-11 14:56:41.588 75144 INFO tempest.lib.common.rest_client [req-6b8ca87a-c3f9-400b-8243-5bf9acb38daf req-6b8ca87a-c3f9-400b-8243-5bf9acb38daf ] Request (HostsAdminTestJSON:tearDownClass): 204 DELETE http://10.180.1.21:9696/networking/v2.0/security-groups/bf73246b-af61-4630-8d3f-0c943bb5f713 0.296s
2025-02-11 14:56:41.639 75138 INFO tempest.lib.common.rest_client [req-1d83d5dc-faf0-4e05-b2e0-036d81282da7 req-1d83d5dc-faf0-4e05-b2e0-036d81282da7 ] Request (NetworksTest:tearDownClass): 204 DELETE http://10.180.1.21/identity/v3/projects/b7f20dee5cf4447f920657b0f8c1382b 0.140s
2025-02-11 14:56:41.639 75138 INFO tempest.lib.common.dynamic_creds [-] Deleting project and security group for project: c1611cc495bf4fe98b0da0fb4fb8e11d
2025-02-11 14:56:41.689 75116 INFO tempest.lib.common.rest_client [req-9d77ec7d-3977-4f4e-98d0-87c35865df76 req-9d77ec7d-3977-4f4e-98d0-87c35865df76 ] Request (InstanceActionsNegativeTestJSON:setUpClass): 201 POST http://10.180.1.21/identity/v3/auth/tokens 0.146s
2025-02-11 14:56:41.694 75132 INFO tempest.lib.common.rest_client [req-64853e20-a646-4664-b080-446cabda5140 req-64853e20-a646-4664-b080-446cabda5140 ] Request (HypervisorAdminNegativeUnderV252Test:test_search_hypervisor_with_non_admin_user): 403 GET http://10.180.1.21/compute/v2.1/os-hypervisors/domain-c8.fc996f14-c53b-4953-92e3-bdfa48f5cc28/search 2.286s
2025-02-11 14:56:41.714 75116 INFO tempest.lib.common.rest_client [req-d5016408-e635-47a7-811e-b5b65d37fcb1 req-d5016408-e635-47a7-811e-b5b65d37fcb1 ] Request (InstanceActionsNegativeTestJSON:setUpClass): 200 GET http://10.180.1.21/identity/v3/domains?name=Default 0.025s
2025-02-11 14:56:41.746 75126 INFO tempest.lib.common.rest_client [req-d2c810e5-c3ca-412a-9934-11751a20665e req-d2c810e5-c3ca-412a-9934-11751a20665e ] Request (KeyPairsV210TestJSON:tearDownClass): 204 DELETE http://10.180.1.21:9696/networking/v2.0/security-groups/ce24c149-347f-4c9a-a4fc-2555a741eeb6 0.291s
2025-02-11 14:56:41.748 75116 INFO tempest.lib.common.rest_client [req-eec4c609-dc5f-4fef-940f-0c2ba5d497dc req-eec4c609-dc5f-4fef-940f-0c2ba5d497dc ] Request (InstanceActionsNegativeTestJSON:setUpClass): 201 POST http://10.180.1.21/identity/v3/projects 0.033s
2025-02-11 14:56:41.754 75144 INFO tempest.lib.common.rest_client [req-79633e5d-2d74-4cbc-b9d2-76ed1a2318bb req-79633e5d-2d74-4cbc-b9d2-76ed1a2318bb ] Request (HostsAdminTestJSON:tearDownClass): 204 DELETE http://10.180.1.21/identity/v3/projects/2d1170b9416d4b3abf37d876ad23f875 0.165s
2025-02-11 14:56:41.813 75116 INFO tempest.lib.common.rest_client [req-ed1f2a25-dbc5-4d05-a5b8-358de63c04fc req-ed1f2a25-dbc5-4d05-a5b8-358de63c04fc ] Request (InstanceActionsNegativeTestJSON:setUpClass): 201 POST http://10.180.1.21/identity/v3/users 0.065s
2025-02-11 14:56:41.838 75126 INFO tempest.lib.common.rest_client [req-c7d50a92-ad77-4c90-9774-2e21e345f23a req-c7d50a92-ad77-4c90-9774-2e21e345f23a ] Request (KeyPairsV210TestJSON:tearDownClass): 204 DELETE http://10.180.1.21/identity/v3/projects/e838e2ef3e444a58a4d0563e117bf669 0.090s
2025-02-11 14:56:41.838 75126 INFO tempest.test [-] raised in LiveAutoBlockMigrationV225Test.setUpClass. Invoking tearDownClass.
2025-02-11 14:56:41.842 75114 INFO tempest.lib.common.rest_client [req-60fa7644-db34-4c12-8aff-c2a6d17e3313 req-60fa7644-db34-4c12-8aff-c2a6d17e3313 ] Request (ServerMetadataTestJSON:setUpClass): 200 PUT http://10.180.1.21:9696/networking/v2.0/routers/b4c39833-939a-4239-ba9a-be4ea317b257/add_router_interface 2.574s
2025-02-11 14:56:41.843 75114 INFO tempest.lib.common.dynamic_creds [-] Created isolated network resources for: credentials: Credentials: {'domain_id': 'default', 'domain_name': 'Default', 'username': 'tempest-ServerMetadataTestJSON-1392075437-project-member', 'project_domain_id': 'default', 'project_domain_name': 'Default', 'project_id': 'cc1e1cc6d9f44a08876abb84da4a2ee3', 'project_name': 'tempest-ServerMetadataTestJSON-1392075437', 'tenant_id': 'cc1e1cc6d9f44a08876abb84da4a2ee3', 'tenant_name': 'tempest-ServerMetadataTestJSON-1392075437', 'user_domain_id': 'default', 'user_domain_name': 'Default', 'user_id': '4f27b542f85540f3a563875904a3e80c', 'system': None}, Network: {'id': '5fd86872-ec75-44e2-8eb4-15ef1e16f486', 'name': 'tempest-ServerMetadataTestJSON-2144720525-network', 'tenant_id': 'cc1e1cc6d9f44a08876abb84da4a2ee3', 'admin_state_up': True, 'mtu': 8950, 'status': 'ACTIVE', 'subnets': [], 'shared': False, 'project_id': 'cc1e1cc6d9f44a08876abb84da4a2ee3', 'port_security_enabled': True, 'router:external': False, 'provider:network_type': 'vlan', 'provider:physical_network': 'default', 'provider:segmentation_id': 71, 'availability_zone_hints': [], 'availability_zones': [], 'ipv4_address_scope': None, 'ipv6_address_scope': None, 'description': '', 'tags': [], 'created_at': '2025-02-11T14:56:34Z', 'updated_at': '2025-02-11T14:56:34Z', 'revision_number': 1}, Subnet: {'id': 'b1966f59-db10-4f85-9a63-dafe7d568950', 'name': 'tempest-ServerMetadataTestJSON-2144720525-subnet', 'tenant_id': 'cc1e1cc6d9f44a08876abb84da4a2ee3', 'network_id': '5fd86872-ec75-44e2-8eb4-15ef1e16f486', 'ip_version': 4, 'subnetpool_id': None, 'enable_dhcp': True, 'ipv6_ra_mode': None, 'ipv6_address_mode': None, 'gateway_ip': '192.168.128.1', 'cidr': '192.168.128.0/28', 'allocation_pools': [{'start': '192.168.128.2', 'end': '192.168.128.14'}], 'host_routes': [], 'dns_nameservers': [], 'description': '', 'router:external': False, 'service_types': [], 'tags': [], 'created_at': '2025-02-11T14:56:35Z', 'updated_at': '2025-02-11T14:56:35Z', 'revision_number': 0, 'project_id': 'cc1e1cc6d9f44a08876abb84da4a2ee3'}, Router: {'id': 'b4c39833-939a-4239-ba9a-be4ea317b257', 'name': 'tempest-ServerMetadataTestJSON-2144720525-router', 'tenant_id': 'cc1e1cc6d9f44a08876abb84da4a2ee3', 'admin_state_up': True, 'status': 'ACTIVE', 'external_gateway_info': {'network_id': 'f25d0b84-f077-4045-aadb-f273818c3467', 'external_fixed_ips': [{'subnet_id': '4c73c672-9074-4f69-a9ec-ed07bafb6aba', 'ip_address': '10.180.180.190'}], 'enable_snat': True}, 'description': '', 'availability_zones': [], 'distributed': False, 'ha': False, 'availability_zone_hints': [], 'routes': [], 'flavor_id': None, 'tags': [], 'created_at': '2025-02-11T14:56:35Z', 'updated_at': '2025-02-11T14:56:37Z', 'revision_number': 2, 'project_id': 'cc1e1cc6d9f44a08876abb84da4a2ee3'}
2025-02-11 14:56:41.872 75160 INFO tempest.lib.common.rest_client [req-fcbe1881-0a9e-45d4-bc51-a60b1d4f6300 req-fcbe1881-0a9e-45d4-bc51-a60b1d4f6300 ] Request (FlavorsV255TestJSON:tearDownClass): 200 GET http://10.180.1.21:9696/networking/v2.0/security-groups?tenant_id=5cb60bb0f8c64cdb8ecfe1a61ee9fe1d&name=default 0.296s
2025-02-11 14:56:41.887 75144 INFO tempest.lib.common.rest_client [req-d4a38a30-a644-4fa4-b3f4-7a4b954e793d req-d4a38a30-a644-4fa4-b3f4-7a4b954e793d ] Request (TenantUsagesNegativeTestJSON:setUpClass): 201 POST http://10.180.1.21/identity/v3/auth/tokens 0.129s
2025-02-11 14:56:41.904 75116 INFO tempest.lib.common.rest_client [req-d0e8d3cd-2b5f-4d6d-9ee8-9b2fcfb0bbd7 req-d0e8d3cd-2b5f-4d6d-9ee8-9b2fcfb0bbd7 ] Request (InstanceActionsNegativeTestJSON:setUpClass): 200 GET http://10.180.1.21/identity/v3/roles 0.089s
2025-02-11 14:56:41.917 75126 INFO tempest.lib.common.rest_client [req-43259afd-1113-4583-b44e-138496ee9622 req-43259afd-1113-4583-b44e-138496ee9622 ] Request (ServerDiagnosticsTest:setUpClass): 201 POST http://10.180.1.21/identity/v3/auth/tokens 0.077s
2025-02-11 14:56:41.940 75144 INFO tempest.lib.common.rest_client [req-87c52143-6996-4555-95ab-fdef85dfa948 req-87c52143-6996-4555-95ab-fdef85dfa948 ] Request (TenantUsagesNegativeTestJSON:setUpClass): 201 POST http://10.180.1.21/identity/v3/auth/tokens 0.051s
2025-02-11 14:56:41.953 75138 INFO tempest.lib.common.rest_client [req-b7c82b98-d712-4af4-a52a-53abbe14d3b1 req-b7c82b98-d712-4af4-a52a-53abbe14d3b1 ] Request (NetworksTest:tearDownClass): 200 GET http://10.180.1.21:9696/networking/v2.0/security-groups?tenant_id=c1611cc495bf4fe98b0da0fb4fb8e11d&name=default 0.313s
2025-02-11 14:56:41.964 75116 INFO tempest.lib.common.rest_client [req-8df5e2b6-b4de-4f71-92e9-172781dcb0c4 req-8df5e2b6-b4de-4f71-92e9-172781dcb0c4 ] Request (InstanceActionsNegativeTestJSON:setUpClass): 204 PUT http://10.180.1.21/identity/v3/projects/e7ae87b4c0a14c849e5cd2c3e9e142ff/users/c47e3a47d8ea459a94e98b599ab2a30a/roles/9177602ed7ec4f8eb95324383e4cb1c2 0.060s
2025-02-11 14:56:41.965 75116 INFO tempest.lib.common.dynamic_creds [-] Dynamic test user c47e3a47d8ea459a94e98b599ab2a30a is created with scope project and roles: ['member']
2025-02-11 14:56:41.965 75116 INFO tempest.lib.common.dynamic_creds [-] Acquired dynamic creds: credentials: Credentials: {'domain_id': 'default', 'domain_name': 'Default', 'username': 'tempest-InstanceActionsNegativeTestJSON-792756529-project-member', 'project_domain_id': 'default', 'project_domain_name': 'Default', 'project_id': 'e7ae87b4c0a14c849e5cd2c3e9e142ff', 'project_name': 'tempest-InstanceActionsNegativeTestJSON-792756529', 'tenant_id': 'e7ae87b4c0a14c849e5cd2c3e9e142ff', 'tenant_name': 'tempest-InstanceActionsNegativeTestJSON-792756529', 'user_domain_id': 'default', 'user_domain_name': 'Default', 'user_id': 'c47e3a47d8ea459a94e98b599ab2a30a', 'system': None}, Network: None, Subnet: None, Router: None
2025-02-11 14:56:41.981 75114 INFO tempest.lib.common.rest_client [req-2d8ba38f-0174-43eb-afc9-5508be18ace8 req-2d8ba38f-0174-43eb-afc9-5508be18ace8 ] Request (ServerMetadataTestJSON:setUpClass): 201 POST http://10.180.1.21/identity/v3/auth/tokens 0.134s
