2025-02-11 14:57:23.170 75172 INFO tempest.lib.common.rest_client [req-3e1eb201-0b35-47ca-93ce-6bd2e4b2844c req-3e1eb201-0b35-47ca-93ce-6bd2e4b2844c ] Request (FlavorsV2TestJSON:test_list_flavors_detailed_limit_results): 200 GET http://10.180.1.21/compute/v2.1/flavors/detail?limit=1 0.844s
2025-02-11 14:57:23.172 75148 INFO tempest.lib.common.rest_client [req-b5ff1ae8-4374-473a-b736-55fd247e4e03 req-b5ff1ae8-4374-473a-b736-55fd247e4e03 ] Request (AttachInterfacesTestJSON:setUpClass): 201 POST http://10.180.1.21/identity/v3/auth/tokens 0.045s
2025-02-11 14:57:23.196 75122 INFO tempest.lib.common.rest_client [req-6eba58d9-68a5-47fa-ae04-035d349cf178 req-6eba58d9-68a5-47fa-ae04-035d349cf178 ] Request (FlavorsV261TestJSON:_run_cleanups): 200 GET http://10.180.1.21/compute/v2.1/flavors/detail 0.863s
2025-02-11 14:57:23.210 75134 INFO tempest.lib.common.rest_client [req-04fd5326-58eb-40cd-9d5d-d294fda102ce req-04fd5326-58eb-40cd-9d5d-d294fda102ce ] Request (ServerExternalEventsTest:test_create_server_external_events): 200 GET http://10.180.1.21/compute/v2.1/servers/82d18aa7-cc38-43cf-8d56-dcb032b9c8a1 0.891s
2025-02-11 14:57:23.213 75148 INFO tempest.lib.common.rest_client [req-0ba9d151-41f1-4e83-abab-e79ef81a0cc9 req-0ba9d151-41f1-4e83-abab-e79ef81a0cc9 ] Request (AttachInterfacesTestJSON:setUpClass): 200 GET http://10.180.1.21/identity/v3/domains?name=Default 0.039s
2025-02-11 14:57:23.224 75134 INFO tempest.common.waiters [-] State transition "BUILD/networking" ==> "BUILD/spawning" after 31 second wait
2025-02-11 14:57:23.249 75148 INFO tempest.lib.common.rest_client [req-5030aa22-2dbe-4d47-9fe8-4bf60ef0108b req-5030aa22-2dbe-4d47-9fe8-4bf60ef0108b ] Request (AttachInterfacesTestJSON:setUpClass): 201 POST http://10.180.1.21/identity/v3/projects 0.035s
2025-02-11 14:57:23.276 75158 INFO tempest.lib.common.rest_client [req-56586213-e7b9-4923-8fbe-30c2ba2cd607 req-56586213-e7b9-4923-8fbe-30c2ba2cd607 ] Request (ImagesOneServerTestJSON:test_create_image_specify_multibyte_character_image_name): 200 GET http://10.180.1.21/compute/v2.1/images/be50696f-22e0-49dc-b1f6-d7efb86c9794 0.846s
2025-02-11 14:57:23.276 75140 INFO tempest.lib.common.rest_client [req-91599aaa-980a-4ddf-a505-8cb4c15cbd49 req-91599aaa-980a-4ddf-a505-8cb4c15cbd49 ] Request (AttachInterfacesUnderV243Test:test_add_remove_fixed_ip): 200 GET http://10.180.1.21/compute/v2.1/servers/06425207-1a60-4041-a077-da76149d816b 0.910s
2025-02-11 14:57:23.301 75128 INFO tempest.lib.common.rest_client [req-3f7356f6-66a9-4619-bfb7-7ba89a21f7d8 req-3f7356f6-66a9-4619-bfb7-7ba89a21f7d8 ] Request (FlavorsAdminTestJSON:_run_cleanups): 202 DELETE http://10.180.1.21/compute/v2.1/flavors/1816663836 0.817s
2025-02-11 14:57:23.318 75122 INFO tempest.lib.common.rest_client [req-4e8483db-836b-4733-b7ac-978ee0038f22 req-4e8483db-836b-4733-b7ac-978ee0038f22 ] Request (FlavorsV261TestJSON:tearDownClass): 204 DELETE http://10.180.1.21/identity/v3/users/0eff7bdaaf6942dcbb0e2b73ea882a1d 0.112s
2025-02-11 14:57:23.351 75148 INFO tempest.lib.common.rest_client [req-610bca1e-ff37-498e-86ce-49181f8c5d4e req-610bca1e-ff37-498e-86ce-49181f8c5d4e ] Request (AttachInterfacesTestJSON:setUpClass): 201 POST http://10.180.1.21/identity/v3/users 0.101s
2025-02-11 14:57:23.362 75168 INFO tempest.lib.common.rest_client [req-ca209d5e-95c3-4147-8f94-ba18f807a9ac req-ca209d5e-95c3-4147-8f94-ba18f807a9ac ] Request (ListImageFiltersTestJSON:setUpClass): 200 GET http://10.180.1.21/compute/v2.1/servers/ab15036b-8330-4374-b176-21faaa4b36ca 0.866s
2025-02-11 14:57:23.387 75124 INFO tempest.lib.common.rest_client [req-4d10fc14-21a2-493d-82c6-8f60070af9b6 req-4d10fc14-21a2-493d-82c6-8f60070af9b6 ] Request (VolumesAssistedSnapshotsTest:test_volume_assisted_snapshot_create_delete): 200 PUT http://10.180.1.21:9696/networking/v2.0/floatingips/c869932c-b341-4824-8d07-5b936be514c1 1.102s
2025-02-11 14:57:23.388 75124 INFO tempest.lib.common.ssh [-] Creating ssh connection to '10.180.180.237:22' as 'cirros' with public key authentication
2025-02-11 14:57:23.396 75151 INFO tempest.lib.common.rest_client [req-2aa8a0b0-243e-465e-9f3f-faebf5035944 req-2aa8a0b0-243e-465e-9f3f-faebf5035944 ] Request (SecurityGroupsTestJSON:test_security_groups_create_list_delete): 200 GET http://10.180.1.21/compute/v2.1/os-security-groups 0.945s
2025-02-11 14:57:23.432 75176 INFO tempest.lib.common.rest_client [req-1148311d-466a-4ccd-9b9f-5ad09ef35790 req-1148311d-466a-4ccd-9b9f-5ad09ef35790 ] Request (ServerPasswordTestJSON:setUpClass): 200 GET http://10.180.1.21/compute/v2.1/servers/cdd0f2e3-948a-4117-9455-fbfe561ba7dd 0.739s
2025-02-11 14:57:23.439 75122 INFO tempest.lib.common.rest_client [req-9e2e6c15-65eb-4268-bfcd-e7a92ed7d857 req-9e2e6c15-65eb-4268-bfcd-e7a92ed7d857 ] Request (FlavorsV261TestJSON:tearDownClass): 204 DELETE http://10.180.1.21/identity/v3/users/e4606d030e2c4330a6c02feb5e23f5f3 0.121s
2025-02-11 14:57:23.440 75122 INFO tempest.lib.common.dynamic_creds [-] Deleting project and security group for project: 4684bf1863994c2e952d0ed08305a773
2025-02-11 14:57:23.440 75148 INFO tempest.lib.common.rest_client [req-a0476aba-7375-4c2a-b797-548d08690231 req-a0476aba-7375-4c2a-b797-548d08690231 ] Request (AttachInterfacesTestJSON:setUpClass): 200 GET http://10.180.1.21/identity/v3/roles 0.089s
2025-02-11 14:57:23.456 75156 INFO tempest.lib.common.rest_client [req-1ba6ca13-301c-4d99-849f-58f72a6a1de9 req-1ba6ca13-301c-4d99-849f-58f72a6a1de9 ] Request (TenantUsagesTestJSON:setUpClass): 200 GET http://10.180.1.21/compute/v2.1/servers/74028176-fab3-404b-9039-2a3bc317fe95 0.678s
2025-02-11 14:57:23.498 75160 INFO tempest.lib.common.rest_client [req-fab3d213-189b-4fc1-a205-67e798baae63 req-fab3d213-189b-4fc1-a205-67e798baae63 ] Request (ImagesOneServerNegativeTestJSON:setUpClass): 200 GET http://10.180.1.21/compute/v2.1/servers/40aec7d4-4813-496b-9715-581620edf38d 0.642s
2025-02-11 14:57:23.503 75122 INFO tempest.lib.common.rest_client [req-5afbb248-0fc2-4116-b5c5-39163cb710d7 req-5afbb248-0fc2-4116-b5c5-39163cb710d7 ] Request (FlavorsV261TestJSON:tearDownClass): 201 POST http://10.180.1.21/identity/v3/auth/tokens 0.063s
2025-02-11 14:57:23.534 75142 INFO tempest.lib.common.rest_client [req-cb67592e-f150-4f8b-8b44-12c146026243 req-cb67592e-f150-4f8b-8b44-12c146026243 ] Request (ServerDiagnosticsV248Test:tearDownClass): 200 GET http://10.180.1.21/compute/v2.1/servers/44764155-3721-43aa-9a7a-23f604123f4f 0.625s
2025-02-11 14:57:23.546 75148 INFO tempest.lib.common.rest_client [req-493d2650-dca7-4cab-82f5-269e641069e0 req-493d2650-dca7-4cab-82f5-269e641069e0 ] Request (AttachInterfacesTestJSON:setUpClass): 204 PUT http://10.180.1.21/identity/v3/projects/543d9f55271448a296536da746f7317e/users/e446643ae7244e4eba6ad376c51a585a/roles/9177602ed7ec4f8eb95324383e4cb1c2 0.105s
2025-02-11 14:57:23.546 75148 INFO tempest.lib.common.dynamic_creds [-] Dynamic test user e446643ae7244e4eba6ad376c51a585a is created with scope project and roles: ['member']
2025-02-11 14:57:23.546 75148 INFO tempest.lib.common.dynamic_creds [-] Acquired dynamic creds: credentials: Credentials: {'domain_id': 'default', 'domain_name': 'Default', 'username': 'tempest-AttachInterfacesTestJSON-1991635776-project-member', 'project_domain_id': 'default', 'project_domain_name': 'Default', 'project_id': '543d9f55271448a296536da746f7317e', 'project_name': 'tempest-AttachInterfacesTestJSON-1991635776', 'tenant_id': '543d9f55271448a296536da746f7317e', 'tenant_name': 'tempest-AttachInterfacesTestJSON-1991635776', 'user_domain_id': 'default', 'user_domain_name': 'Default', 'user_id': 'e446643ae7244e4eba6ad376c51a585a', 'system': None}, Network: None, Subnet: None, Router: None
2025-02-11 14:57:23.586 75136 INFO tempest.lib.common.rest_client [req-72036c1c-31d4-41f2-870d-511fe1de5be6 req-72036c1c-31d4-41f2-870d-511fe1de5be6 ] Request (ServersWithSpecificFlavorTestJSON:test_verify_created_server_ephemeral_disk): 200 GET http://10.180.1.21/compute/v2.1/servers/fe8f8450-e405-4682-b03b-a48dabaf272c 0.603s
2025-02-11 14:57:23.635 75148 INFO tempest.lib.common.rest_client [req-021acc35-5b62-4158-a39d-fd96fb7b037a req-021acc35-5b62-4158-a39d-fd96fb7b037a ] Request (AttachInterfacesTestJSON:setUpClass): 201 POST http://10.180.1.21/identity/v3/auth/tokens 0.088s
2025-02-11 14:57:23.644 75154 INFO tempest.lib.common.rest_client [req-ad2dfbe7-2f5a-4b70-a238-ff00bc4298b2 req-ad2dfbe7-2f5a-4b70-a238-ff00bc4298b2 ] Request (SecurityGroupRulesTestJSON:tearDownClass): 202 DELETE http://10.180.1.21/compute/v2.1/os-security-groups/dc93b2ea-d3ef-4ea8-a890-119ebb0cfee4 0.697s
2025-02-11 14:57:23.706 75138 INFO tempest.lib.common.rest_client [req-ad53ae95-ed2f-4fbf-b29a-306a7fb2e7fa req-ad53ae95-ed2f-4fbf-b29a-306a7fb2e7fa ] Request (ServerMetadataNegativeTestJSON:setUpClass): 200 GET http://10.180.1.21/compute/v2.1/servers/a137e775-782b-4a9f-9d1a-aca973bb79fd 0.672s
2025-02-11 14:57:23.735 75114 INFO tempest.lib.common.rest_client [req-9e1a5c26-f670-4e70-a3bb-8145da78a824 req-9e1a5c26-f670-4e70-a3bb-8145da78a824 ] Request (ServerMetadataTestJSON:test_update_metadata_empty_body): 200 GET http://10.180.1.21/compute/v2.1/servers/7de36d0e-3ddc-4a8d-981e-b76212795763/metadata 0.628s
2025-02-11 14:57:23.791 75152 INFO tempest.lib.common.rest_client [req-05b310b0-9f27-4955-bcf5-f1917e1f461c req-05b310b0-9f27-4955-bcf5-f1917e1f461c ] Request (FloatingIPsAssociationTestJSON:test_associate_already_associated_floating_ip): 200 GET http://10.180.1.21/compute/v2.1/servers/c312bea8-238c-4e51-8420-2f16e75eb61c 0.646s
2025-02-11 14:57:23.806 75172 INFO tempest.lib.common.rest_client [req-4cad0819-6b29-457d-8141-f1a055509c16 req-4cad0819-6b29-457d-8141-f1a055509c16 ] Request (FlavorsV2TestJSON:test_list_flavors_detailed_using_marker): 200 GET http://10.180.1.21/compute/v2.1/flavors/42 0.628s
2025-02-11 14:57:23.836 75128 INFO tempest.lib.common.rest_client [req-d4c4b62b-a2c2-4c78-9b96-6630db98c707 req-d4c4b62b-a2c2-4c78-9b96-6630db98c707 ] Request (FlavorsAdminTestJSON:_run_cleanups): 200 GET http://10.180.1.21/compute/v2.1/flavors/detail 0.534s
2025-02-11 14:57:23.851 75162 INFO tempest.lib.common.rest_client [req-fa70a470-08e4-4aa4-b3d1-c4ed92361d4a req-fa70a470-08e4-4aa4-b3d1-c4ed92361d4a ] Request (MigrationsAdminTest:test_list_migrations_in_flavor_resize_situation): 200 GET http://10.180.1.21/compute/v2.1/servers/28430a3c-e6e0-4db5-acdb-1cc2408ae7e6 0.817s
2025-02-11 14:57:23.920 75148 INFO tempest.lib.common.rest_client [req-c2e40a99-0688-450d-a354-781e2c843e08 req-c2e40a99-0688-450d-a354-781e2c843e08 ] Request (AttachInterfacesTestJSON:setUpClass): 201 POST http://10.180.1.21:9696/networking/v2.0/networks 0.284s
2025-02-11 14:57:23.926 75166 INFO tempest.lib.common.rest_client [req-098077d8-f8cb-48f0-acb6-cf781a0357c3 req-098077d8-f8cb-48f0-acb6-cf781a0357c3 ] Request (MultipleCreateTestJSON:_run_cleanups): 200 GET http://10.180.1.21/compute/v2.1/servers/87d7b8b0-9f37-4fec-a7eb-9eccd6b75d11 0.503s
2025-02-11 14:57:23.979 75132 INFO tempest.lib.common.rest_client [req-f7453a0f-68a9-4467-af90-62869f5eedcb req-f7453a0f-68a9-4467-af90-62869f5eedcb ] Request (ServerDiskConfigTestJSON:test_rebuild_server_with_auto_disk_config): 200 GET http://10.180.1.21/compute/v2.1/servers/8549594f-435c-4534-b93b-baa00d388f84 0.402s
2025-02-11 14:57:23.989 75122 INFO tempest.lib.common.rest_client [req-2690a34b-9b17-48d0-82dd-bd54bca2225e req-2690a34b-9b17-48d0-82dd-bd54bca2225e ] Request (FlavorsV261TestJSON:tearDownClass): 200 GET http://10.180.1.21:9696/networking/v2.0/security-groups?tenant_id=4684bf1863994c2e952d0ed08305a773&name=default 0.485s
2025-02-11 14:57:24.038 75144 INFO tempest.lib.common.rest_client [req-9c27bf35-ef09-4bd7-908e-06132dd4fd5d req-9c27bf35-ef09-4bd7-908e-06132dd4fd5d ] Request (AttachInterfacesV270Test:test_create_get_list_interfaces): 200 GET http://10.180.1.21/compute/v2.1/servers/60e9b4e3-6e93-41cd-a333-f3cb17139e7d 0.460s
2025-02-11 14:57:24.093 75130 INFO tempest.lib.common.rest_client [req-c4635d4d-27fe-4d67-8350-340c2955856c req-c4635d4d-27fe-4d67-8350-340c2955856c ] Request (ServersTestJSON:setUpClass): 200 GET http://10.180.1.21/compute/v2.1/servers/7194ba20-8a51-45fa-b7de-6a8070fb3bc8 0.455s
2025-02-11 14:57:24.118 75154 INFO tempest.lib.common.rest_client [req-3e5e868d-b457-488a-8d49-233c54256f50 req-3e5e868d-b457-488a-8d49-233c54256f50 ] Request (SecurityGroupRulesTestJSON:tearDownClass): 404 DELETE http://10.180.1.21/compute/v2.1/os-security-groups/42ce2c0e-35df-4488-af6b-fed7b10b139a 0.474s
2025-02-11 14:57:24.138 75151 INFO tempest.lib.common.rest_client [req-fc3f6254-3b28-457a-94bd-19b7f22fcf06 req-fc3f6254-3b28-457a-94bd-19b7f22fcf06 ] Request (SecurityGroupsTestJSON:test_server_security_groups): 200 POST http://10.180.1.21/compute/v2.1/os-security-groups 0.736s
2025-02-11 14:57:24.167 75122 INFO tempest.lib.common.rest_client [req-c30a651d-36ce-4e44-b824-e81c22d10359 req-c30a651d-36ce-4e44-b824-e81c22d10359 ] Request (FlavorsV261TestJSON:tearDownClass): 204 DELETE http://10.180.1.21:9696/networking/v2.0/security-groups/4db85e2d-3447-4608-b0d6-f11690804f15 0.178s
2025-02-11 14:57:24.200 75171 INFO tempest.lib.common.rest_client [req-1bdd4899-cb25-4392-940a-18160566a8f8 req-1bdd4899-cb25-4392-940a-18160566a8f8 ] Request (ServersAdmin275Test:test_rebuild_update_server_275): 200 GET http://10.180.1.21/compute/v2.1/servers/712bb5e0-7f8f-431b-a96e-05b5af556ae3 0.506s
2025-02-11 14:57:24.212 75148 INFO tempest.lib.common.rest_client [req-20308bbf-ac49-4b3d-99f4-1eaefb1c7868 req-20308bbf-ac49-4b3d-99f4-1eaefb1c7868 ] Request (AttachInterfacesTestJSON:setUpClass): 201 POST http://10.180.1.21:9696/networking/v2.0/subnets 0.291s
2025-02-11 14:57:24.213 75146 INFO tempest.lib.common.rest_client [req-99a859fb-a0a0-49e2-a15b-999c8f145f34 req-99a859fb-a0a0-49e2-a15b-999c8f145f34 ] Request (ServersAdminTestJSON:test_create_server_with_scheduling_hint): 200 GET http://10.180.1.21/compute/v2.1/servers/ed62e3b9-86b0-434e-ab60-484524083671 0.485s
2025-02-11 14:57:24.241 75122 INFO tempest.lib.common.rest_client [req-df77bc73-69f5-49a5-8e2f-4579f395e916 req-df77bc73-69f5-49a5-8e2f-4579f395e916 ] Request (FlavorsV261TestJSON:tearDownClass): 204 DELETE http://10.180.1.21/identity/v3/projects/4684bf1863994c2e952d0ed08305a773 0.074s
2025-02-11 14:57:24.242 75122 INFO tempest.lib.common.dynamic_creds [-] Deleting project and security group for project: 13933da516b449259f6386754037263c
2025-02-11 14:57:24.262 75114 INFO tempest.lib.common.rest_client [req-de8f656f-3b0a-4e3a-aa3f-1148e6421739 req-de8f656f-3b0a-4e3a-aa3f-1148e6421739 ] Request (ServerMetadataTestJSON:setUp): 200 PUT http://10.180.1.21/compute/v2.1/servers/7de36d0e-3ddc-4a8d-981e-b76212795763/metadata 0.525s
2025-02-11 14:57:24.277 75164 INFO tempest.lib.common.rest_client [req-1cb58eb9-6e28-462d-8d2c-8291bb6c2d80 req-1cb58eb9-6e28-462d-8d2c-8291bb6c2d80 ] Request (DeleteServersAdminTestJSON:test_delete_server_while_in_error_state): 200 GET http://10.180.1.21/compute/v2.1/servers/4551c95a-6b11-4c1e-bdb4-d2766932ffde 0.501s
2025-02-11 14:57:24.287 75164 INFO tempest.common.waiters [-] State transition "BUILD/scheduling" ==> "BUILD/None" after 17 second wait
2025-02-11 14:57:24.294 75128 INFO tempest.lib.common.rest_client [req-88328271-3a7f-4bc4-91b4-2d8b81b59ab7 req-88328271-3a7f-4bc4-91b4-2d8b81b59ab7 ] Request (FlavorsAdminTestJSON:_run_cleanups): 202 DELETE http://10.180.1.21/compute/v2.1/flavors/1495076403 0.450s
2025-02-11 14:57:24.304 75172 INFO tempest.lib.common.rest_client [req-f1a189be-8642-4a8c-8de5-053521ece646 req-f1a189be-8642-4a8c-8de5-053521ece646 ] Request (FlavorsV2TestJSON:test_list_flavors_detailed_using_marker): 200 GET http://10.180.1.21/compute/v2.1/flavors/detail?marker=42 0.491s
2025-02-11 14:57:24.380 75126 INFO tempest.lib.common.rest_client [req-bc432d5f-1c1f-4f77-a768-8369a2a8e511 req-bc432d5f-1c1f-4f77-a768-8369a2a8e511 ] Request (ServerDiagnosticsTest:tearDownClass): 200 GET http://10.180.1.21/compute/v2.1/servers/66dc2392-020d-4abe-8344-b0386078dea0 0.348s
2025-02-11 14:57:24.449 75174 INFO tempest.lib.common.rest_client [req-37b7b7c7-2d82-4aff-aa64-ba69fcc39e4a req-37b7b7c7-2d82-4aff-aa64-ba69fcc39e4a ] Request (ServersTestFqdnHostnames:test_create_server_with_fqdn_name): 200 GET http://10.180.1.21/compute/v2.1/servers/b398d1e4-cb1d-4480-b67c-a7d4bbe535fd 0.365s
2025-02-11 14:57:24.501 75122 INFO tempest.lib.common.rest_client [req-4e123f8f-2b07-40a0-b074-8ff0ef90d652 req-4e123f8f-2b07-40a0-b074-8ff0ef90d652 ] Request (FlavorsV261TestJSON:tearDownClass): 200 GET http://10.180.1.21:9696/networking/v2.0/security-groups?tenant_id=13933da516b449259f6386754037263c&name=default 0.259s
2025-02-11 14:57:24.586 75116 INFO tempest.lib.common.rest_client [req-dbfa9ad2-26e3-4d15-abed-a4a57248a0fe req-dbfa9ad2-26e3-4d15-abed-a4a57248a0fe ] Request (InstanceActionsNegativeTestJSON:setUpClass): 200 GET http://10.180.1.21/compute/v2.1/servers/29800ae8-cf13-4cc6-b38e-2957a1d85b82 0.563s
2025-02-11 14:57:24.686 75154 INFO tempest.lib.common.rest_client [req-9a97562e-3c15-4116-ba0e-029f9ef5ae00 req-9a97562e-3c15-4116-ba0e-029f9ef5ae00 ] Request (SecurityGroupRulesTestJSON:tearDownClass): 202 DELETE http://10.180.1.21/compute/v2.1/os-security-groups/5d489b50-cfe6-4436-a2db-62794d5dc3e7 0.567s
2025-02-11 14:57:24.709 75122 INFO tempest.lib.common.rest_client [req-57fd4831-5911-439b-b2da-b18acd8b37a4 req-57fd4831-5911-439b-b2da-b18acd8b37a4 ] Request (FlavorsV261TestJSON:tearDownClass): 204 DELETE http://10.180.1.21:9696/networking/v2.0/security-groups/1fa129f1-1a9e-4e6d-9f7d-1ee6ac399252 0.207s
2025-02-11 14:57:24.753 75120 INFO tempest.lib.common.rest_client [req-2b478fc3-6416-4d34-b95a-7fede46931fa req-2b478fc3-6416-4d34-b95a-7fede46931fa ] Request (ImagesNegativeTestJSON:test_create_image_from_deleted_server): 200 GET http://10.180.1.21/compute/v2.1/servers/40fc9f22-d736-46d2-9f49-3650a7a1cb63 0.588s
2025-02-11 14:57:24.804 75151 INFO tempest.lib.common.rest_client [req-51851322-18f1-4970-8e58-d65f5fde123f req-51851322-18f1-4970-8e58-d65f5fde123f ] Request (SecurityGroupsTestJSON:test_server_security_groups): 200 POST http://10.180.1.21/compute/v2.1/os-security-groups 0.664s
2025-02-11 14:57:24.839 75122 INFO tempest.lib.common.rest_client [req-e3f698ce-31c0-46d7-9af5-4598507cc05a req-e3f698ce-31c0-46d7-9af5-4598507cc05a ] Request (FlavorsV261TestJSON:tearDownClass): 204 DELETE http://10.180.1.21/identity/v3/projects/13933da516b449259f6386754037263c 0.129s
2025-02-11 14:57:24.876 75151 INFO tempest.lib.common.rest_client [req-3d48026b-d6eb-47d4-b165-8d48bbad06ca req-3d48026b-d6eb-47d4-b165-8d48bbad06ca ] Request (SecurityGroupsTestJSON:test_server_security_groups): 201 POST http://10.180.1.21/identity/v3/auth/tokens 0.065s
2025-02-11 14:57:24.876 75151 INFO tempest.lib.common.fixed_network [-] (SecurityGroupsTestJSON:test_server_security_groups) Found network {'id': 'fdf3833d-1f8f-436a-a515-c1654ec67f43', 'name': 'tempest-SecurityGroupsTestJSON-1443697909-network', 'tenant_id': '7687919dd63445d398d2cd79712481a5', 'admin_state_up': True, 'mtu': 8950, 'status': 'ACTIVE', 'subnets': [], 'shared': False, 'project_id': '7687919dd63445d398d2cd79712481a5', 'port_security_enabled': True, 'router:external': False, 'provider:network_type': 'vlan', 'provider:physical_network': 'default', 'provider:segmentation_id': 713, 'availability_zone_hints': [], 'availability_zones': [], 'ipv4_address_scope': None, 'ipv6_address_scope': None, 'description': '', 'tags': [], 'created_at': '2025-02-11T14:56:21Z', 'updated_at': '2025-02-11T14:56:21Z', 'revision_number': 1} available for tenant
2025-02-11 14:57:24.879 75114 INFO tempest.lib.common.rest_client [req-fe578dca-0478-453a-b841-28f9495cf394 req-fe578dca-0478-453a-b841-28f9495cf394 ] Request (ServerMetadataTestJSON:test_update_server_metadata): 200 POST http://10.180.1.21/compute/v2.1/servers/7de36d0e-3ddc-4a8d-981e-b76212795763/metadata 0.615s
2025-02-11 14:57:24.896 75122 INFO tempest.lib.common.rest_client [req-735a7882-a43a-45ed-a2a4-e35acad2ea44 req-735a7882-a43a-45ed-a2a4-e35acad2ea44 ] Request (QuotasAdminTestV236:setUpClass): 201 POST http://10.180.1.21/identity/v3/auth/tokens 0.055s
2025-02-11 14:57:24.916 75158 INFO tempest.lib.common.rest_client [req-60264a67-e288-4c7c-9558-8127db679391 req-60264a67-e288-4c7c-9558-8127db679391 ] Request (ImagesOneServerTestJSON:test_create_image_specify_multibyte_character_image_name): 200 GET http://10.180.1.21/compute/v2.1/images/be50696f-22e0-49dc-b1f6-d7efb86c9794 0.635s
2025-02-11 14:57:24.930 75122 INFO tempest.lib.common.rest_client [req-0c1e8365-5f5a-43f0-a7e2-72e181483336 req-0c1e8365-5f5a-43f0-a7e2-72e181483336 ] Request (QuotasAdminTestV236:setUpClass): 201 POST http://10.180.1.21/identity/v3/auth/tokens 0.027s
2025-02-11 14:57:24.953 75122 INFO tempest.lib.common.rest_client [req-daed9ae6-8505-4f64-9030-dbd034be4dd7 req-daed9ae6-8505-4f64-9030-dbd034be4dd7 ] Request (QuotasAdminTestV236:setUpClass): 200 GET http://10.180.1.21/identity/v3/domains?name=Default 0.022s
2025-02-11 14:57:24.959 75134 INFO tempest.lib.common.rest_client [req-fc36d573-a1f8-4cd3-ad1f-1dc072ab7ff3 req-fc36d573-a1f8-4cd3-ad1f-1dc072ab7ff3 ] Request (ServerExternalEventsTest:test_create_server_external_events): 200 GET http://10.180.1.21/compute/v2.1/servers/82d18aa7-cc38-43cf-8d56-dcb032b9c8a1 0.734s
2025-02-11 14:57:24.963 75140 INFO tempest.lib.common.rest_client [req-c000a826-54eb-4b47-87af-cb290ef07c97 req-c000a826-54eb-4b47-87af-cb290ef07c97 ] Request (AttachInterfacesUnderV243Test:test_add_remove_fixed_ip): 200 GET http://10.180.1.21/compute/v2.1/servers/06425207-1a60-4041-a077-da76149d816b 0.674s
2025-02-11 14:57:24.978 75172 INFO tempest.lib.common.rest_client [req-29075da4-64d5-4bb6-85f9-04b295bfbed5 req-29075da4-64d5-4bb6-85f9-04b295bfbed5 ] Request (FlavorsV2TestJSON:test_list_flavors_filter_by_min_disk): 200 GET http://10.180.1.21/compute/v2.1/flavors/42 0.669s
2025-02-11 14:57:24.984 75128 INFO tempest.lib.common.rest_client [req-cc101c50-e579-4e75-8f9c-467062e694ec req-cc101c50-e579-4e75-8f9c-467062e694ec ] Request (FlavorsAdminTestJSON:_run_cleanups): 200 GET http://10.180.1.21/compute/v2.1/flavors/detail 0.690s
2025-02-11 14:57:24.990 75122 INFO tempest.lib.common.rest_client [req-17ffad22-5a2c-425b-ba89-4d04caf64d73 req-17ffad22-5a2c-425b-ba89-4d04caf64d73 ] Request (QuotasAdminTestV236:setUpClass): 201 POST http://10.180.1.21/identity/v3/projects 0.037s
2025-02-11 14:57:25.053 75176 INFO tempest.lib.common.rest_client [req-df3b89bd-6b2f-4190-804e-b4c421ecc737 req-df3b89bd-6b2f-4190-804e-b4c421ecc737 ] Request (ServerPasswordTestJSON:setUpClass): 200 GET http://10.180.1.21/compute/v2.1/servers/cdd0f2e3-948a-4117-9455-fbfe561ba7dd 0.613s
2025-02-11 14:57:25.056 75122 INFO tempest.lib.common.rest_client [req-31803056-aa57-46de-b698-b365c034c6b5 req-31803056-aa57-46de-b698-b365c034c6b5 ] Request (QuotasAdminTestV236:setUpClass): 201 POST http://10.180.1.21/identity/v3/users 0.065s
2025-02-11 14:57:25.082 75122 INFO tempest.lib.common.rest_client [req-4c5f6009-a330-479c-9951-a75cf0664d4d req-4c5f6009-a330-479c-9951-a75cf0664d4d ] Request (QuotasAdminTestV236:setUpClass): 200 GET http://10.180.1.21/identity/v3/roles 0.025s
2025-02-11 14:57:25.089 75168 INFO tempest.lib.common.rest_client [req-21dea224-8a31-4c54-bf71-65f9c58b98bd req-21dea224-8a31-4c54-bf71-65f9c58b98bd ] Request (ListImageFiltersTestJSON:setUpClass): 200 GET http://10.180.1.21/compute/v2.1/servers/ab15036b-8330-4374-b176-21faaa4b36ca 0.716s
2025-02-11 14:57:25.099 75168 INFO tempest.common.waiters [-] State transition "BUILD/None" ==> "BUILD/block_device_mapping" after 33 second wait
2025-02-11 14:57:25.123 75122 INFO tempest.lib.common.rest_client [req-2902ca6b-d4ad-4f55-8a15-9e1741a9e5e2 req-2902ca6b-d4ad-4f55-8a15-9e1741a9e5e2 ] Request (QuotasAdminTestV236:setUpClass): 204 PUT http://10.180.1.21/identity/v3/projects/6d1c0ac328ba47f7b828608b5fd92e6d/users/f3a25d04a3e14545adf0d97bc7f62d82/roles/9177602ed7ec4f8eb95324383e4cb1c2 0.041s
2025-02-11 14:57:25.124 75122 INFO tempest.lib.common.dynamic_creds [-] Dynamic test user f3a25d04a3e14545adf0d97bc7f62d82 is created with scope project and roles: ['member']
2025-02-11 14:57:25.124 75122 INFO tempest.lib.common.dynamic_creds [-] Acquired dynamic creds: credentials: Credentials: {'domain_id': 'default', 'domain_name': 'Default', 'username': 'tempest-QuotasAdminTestV236-1782311610-project-member', 'project_domain_id': 'default', 'project_domain_name': 'Default', 'project_id': '6d1c0ac328ba47f7b828608b5fd92e6d', 'project_name': 'tempest-QuotasAdminTestV236-1782311610', 'tenant_id': '6d1c0ac328ba47f7b828608b5fd92e6d', 'tenant_name': 'tempest-QuotasAdminTestV236-1782311610', 'user_domain_id': 'default', 'user_domain_name': 'Default', 'user_id': 'f3a25d04a3e14545adf0d97bc7f62d82', 'system': None}, Network: None, Subnet: None, Router: None
2025-02-11 14:57:25.124 75122 INFO tempest.lib.common.dynamic_creds [-] Created isolated network resources for: credentials: Credentials: {'domain_id': 'default', 'domain_name': 'Default', 'username': 'tempest-QuotasAdminTestV236-1782311610-project-member', 'project_domain_id': 'default', 'project_domain_name': 'Default', 'project_id': '6d1c0ac328ba47f7b828608b5fd92e6d', 'project_name': 'tempest-QuotasAdminTestV236-1782311610', 'tenant_id': '6d1c0ac328ba47f7b828608b5fd92e6d', 'tenant_name': 'tempest-QuotasAdminTestV236-1782311610', 'user_domain_id': 'default', 'user_domain_name': 'Default', 'user_id': 'f3a25d04a3e14545adf0d97bc7f62d82', 'system': None}, Network: None, Subnet: None, Router: None
2025-02-11 14:57:25.129 75156 INFO tempest.lib.common.rest_client [req-ed29b9e1-0eb6-469c-bd30-3ee3f86c3a98 req-ed29b9e1-0eb6-469c-bd30-3ee3f86c3a98 ] Request (TenantUsagesTestJSON:setUpClass): 200 GET http://10.180.1.21/compute/v2.1/servers/74028176-fab3-404b-9039-2a3bc317fe95 0.663s
2025-02-11 14:57:25.154 75160 INFO tempest.lib.common.rest_client [req-e9854b8e-fbe8-42d7-8f15-f84180c859ec req-e9854b8e-fbe8-42d7-8f15-f84180c859ec ] Request (ImagesOneServerNegativeTestJSON:setUpClass): 200 GET http://10.180.1.21/compute/v2.1/servers/40aec7d4-4813-496b-9715-581620edf38d 0.647s
2025-02-11 14:57:25.198 75142 INFO tempest.lib.common.rest_client [req-d2095a51-93b9-446d-992b-e4eb9c5fccbe req-d2095a51-93b9-446d-992b-e4eb9c5fccbe ] Request (ServerDiagnosticsV248Test:tearDownClass): 200 GET http://10.180.1.21/compute/v2.1/servers/44764155-3721-43aa-9a7a-23f604123f4f 0.653s
2025-02-11 14:57:25.201 75136 INFO tempest.lib.common.rest_client [req-e7e54a46-e667-4817-86e8-abef857c0512 req-e7e54a46-e667-4817-86e8-abef857c0512 ] Request (ServersWithSpecificFlavorTestJSON:test_verify_created_server_ephemeral_disk): 200 GET http://10.180.1.21/compute/v2.1/servers/fe8f8450-e405-4682-b03b-a48dabaf272c 0.601s
2025-02-11 14:57:25.201 75122 INFO tempest.lib.common.rest_client [req-679208d5-6a49-4034-a025-e2fade619222 req-679208d5-6a49-4034-a025-e2fade619222 ] Request (QuotasAdminTestV236:setUpClass): 201 POST http://10.180.1.21/identity/v3/auth/tokens 0.074s
2025-02-11 14:57:25.251 75138 INFO tempest.lib.common.rest_client [req-0b4653ea-adad-4256-9e57-7852439d5d10 req-0b4653ea-adad-4256-9e57-7852439d5d10 ] Request (ServerMetadataNegativeTestJSON:setUpClass): 200 GET http://10.180.1.21/compute/v2.1/servers/a137e775-782b-4a9f-9d1a-aca973bb79fd 0.534s
2025-02-11 14:57:25.265 75122 INFO tempest.lib.common.rest_client [req-7a7b94be-d7a4-4469-9d18-f440d7a894fe req-7a7b94be-d7a4-4469-9d18-f440d7a894fe ] Request (QuotasAdminTestV236:setUpClass): 201 POST http://10.180.1.21/identity/v3/projects 0.063s
2025-02-11 14:57:25.302 75152 INFO tempest.lib.common.rest_client [req-06cfafa1-26dc-44f7-8917-60dd09bd3ba1 req-06cfafa1-26dc-44f7-8917-60dd09bd3ba1 ] Request (FloatingIPsAssociationTestJSON:test_associate_already_associated_floating_ip): 200 GET http://10.180.1.21/compute/v2.1/servers/c312bea8-238c-4e51-8420-2f16e75eb61c 0.500s
2025-02-11 14:57:25.335 75122 INFO tempest.lib.common.rest_client [req-3ffe197f-cf5e-4a8c-9e80-b68ce5f04617 req-3ffe197f-cf5e-4a8c-9e80-b68ce5f04617 ] Request (QuotasAdminTestV236:setUpClass): 201 POST http://10.180.1.21/identity/v3/users 0.069s
2025-02-11 14:57:25.357 75122 INFO tempest.lib.common.rest_client [req-b681258b-5824-4c41-873b-20a266df3c22 req-b681258b-5824-4c41-873b-20a266df3c22 ] Request (QuotasAdminTestV236:setUpClass): 200 GET http://10.180.1.21/identity/v3/roles 0.022s
2025-02-11 14:57:25.386 75122 INFO tempest.lib.common.rest_client [req-e8ef1f43-4caf-4ea2-9567-02c4351aaaa7 req-e8ef1f43-4caf-4ea2-9567-02c4351aaaa7 ] Request (QuotasAdminTestV236:setUpClass): 204 PUT http://10.180.1.21/identity/v3/projects/e6cd4e412e33473e957ff7a1c191d2d0/users/fe83e46ba276400a989e5b0fc7f9edae/roles/d028cf601d6f4b2c869def7978d08927 0.028s
2025-02-11 14:57:25.407 75162 INFO tempest.lib.common.rest_client [req-26fe396d-1993-4716-b7da-04156f73d134 req-26fe396d-1993-4716-b7da-04156f73d134 ] Request (MigrationsAdminTest:test_list_migrations_in_flavor_resize_situation): 200 GET http://10.180.1.21/compute/v2.1/servers/28430a3c-e6e0-4db5-acdb-1cc2408ae7e6 0.543s
2025-02-11 14:57:25.416 75162 INFO tempest.common.waiters [-] State transition "RESIZE/resize_migrated" ==> "RESIZE/resize_finish" after 30 second wait
2025-02-11 14:57:25.460 75122 INFO tempest.lib.common.rest_client [req-73122655-c85e-4ac7-b93e-5b7787e6a385 req-73122655-c85e-4ac7-b93e-5b7787e6a385 ] Request (QuotasAdminTestV236:setUpClass): 200 GET http://10.180.1.21/identity/v3/roles 0.074s
2025-02-11 14:57:25.467 75154 INFO tempest.lib.common.rest_client [req-eec614ee-3e64-4bf3-a10c-9ed1a4cdf2d3 req-eec614ee-3e64-4bf3-a10c-9ed1a4cdf2d3 ] Request (SecurityGroupRulesTestJSON:tearDownClass): 202 DELETE http://10.180.1.21/compute/v2.1/os-security-groups/ec08f515-343e-435a-97fd-b604e06d8eeb 0.780s
2025-02-11 14:57:25.484 75122 INFO tempest.lib.common.rest_client [req-868a388a-5692-4747-80d4-69b95b9a35e2 req-868a388a-5692-4747-80d4-69b95b9a35e2 ] Request (QuotasAdminTestV236:setUpClass): 204 PUT http://10.180.1.21/identity/v3/projects/e6cd4e412e33473e957ff7a1c191d2d0/users/fe83e46ba276400a989e5b0fc7f9edae/roles/d028cf601d6f4b2c869def7978d08927 0.023s
2025-02-11 14:57:25.484 75122 INFO tempest.lib.common.dynamic_creds [-] Dynamic test user fe83e46ba276400a989e5b0fc7f9edae is created with scope project and roles: ['admin']
2025-02-11 14:57:25.484 75122 INFO tempest.lib.common.dynamic_creds [-] Acquired dynamic creds: credentials: Credentials: {'domain_id': 'default', 'domain_name': 'Default', 'username': 'tempest-QuotasAdminTestV236-1247700396-project-admin', 'project_domain_id': 'default', 'project_domain_name': 'Default', 'project_id': 'e6cd4e412e33473e957ff7a1c191d2d0', 'project_name': 'tempest-QuotasAdminTestV236-1247700396', 'tenant_id': 'e6cd4e412e33473e957ff7a1c191d2d0', 'tenant_name': 'tempest-QuotasAdminTestV236-1247700396', 'user_domain_id': 'default', 'user_domain_name': 'Default', 'user_id': 'fe83e46ba276400a989e5b0fc7f9edae', 'system': None}, Network: None, Subnet: None, Router: None
2025-02-11 14:57:25.484 75122 INFO tempest.lib.common.dynamic_creds [-] Created isolated network resources for: credentials: Credentials: {'domain_id': 'default', 'domain_name': 'Default', 'username': 'tempest-QuotasAdminTestV236-1247700396-project-admin', 'project_domain_id': 'default', 'project_domain_name': 'Default', 'project_id': 'e6cd4e412e33473e957ff7a1c191d2d0', 'project_name': 'tempest-QuotasAdminTestV236-1247700396', 'tenant_id': 'e6cd4e412e33473e957ff7a1c191d2d0', 'tenant_name': 'tempest-QuotasAdminTestV236-1247700396', 'user_domain_id': 'default', 'user_domain_name': 'Default', 'user_id': 'fe83e46ba276400a989e5b0fc7f9edae', 'system': None}, Network: None, Subnet: None, Router: None
2025-02-11 14:57:25.509 75114 INFO tempest.lib.common.rest_client [req-a5a9a90f-8051-430b-81e2-4dd60b900cac req-a5a9a90f-8051-430b-81e2-4dd60b900cac ] Request (ServerMetadataTestJSON:test_update_server_metadata): 200 GET http://10.180.1.21/compute/v2.1/servers/7de36d0e-3ddc-4a8d-981e-b76212795763/metadata 0.629s
2025-02-11 14:57:25.535 75148 INFO tempest.lib.common.rest_client [req-877b63bd-73b3-4b06-961f-1160b9c075ae req-877b63bd-73b3-4b06-961f-1160b9c075ae ] Request (AttachInterfacesTestJSON:setUpClass): 201 POST http://10.180.1.21:9696/networking/v2.0/routers 1.322s
2025-02-11 14:57:25.578 75122 INFO tempest.lib.common.rest_client [req-36a56144-eabf-4d8f-82b6-349c540130b7 req-36a56144-eabf-4d8f-82b6-349c540130b7 ] Request (QuotasAdminTestV236:setUpClass): 201 POST http://10.180.1.21/identity/v3/auth/tokens 0.089s
2025-02-11 14:57:25.580 75166 INFO tempest.lib.common.rest_client [req-c164c1d2-6891-45b0-8314-b96032e94754 req-c164c1d2-6891-45b0-8314-b96032e94754 ] Request (MultipleCreateTestJSON:_run_cleanups): 200 GET http://10.180.1.21/compute/v2.1/servers/87d7b8b0-9f37-4fec-a7eb-9eccd6b75d11 0.646s
2025-02-11 14:57:25.604 75172 INFO tempest.lib.common.rest_client [req-ea893f89-a506-4950-81ae-b307b3537f54 req-ea893f89-a506-4950-81ae-b307b3537f54 ] Request (FlavorsV2TestJSON:test_list_flavors_filter_by_min_disk): 200 GET http://10.180.1.21/compute/v2.1/flavors?minDisk=2 0.624s
2025-02-11 14:57:25.616 75122 INFO tempest.lib.common.rest_client [req-26a3cdce-c63c-4530-aeea-f1a4c3238dc5 req-26a3cdce-c63c-4530-aeea-f1a4c3238dc5 ] Request (QuotasAdminTestV236:test_get_updated_quotas): 200 GET http://10.180.1.21/identity/v3/domains?name=Default 0.036s
2025-02-11 14:57:25.645 75122 INFO tempest.lib.common.rest_client [req-cc6e411a-9438-4c19-b479-0b36d0e1819f req-cc6e411a-9438-4c19-b479-0b36d0e1819f ] Request (QuotasAdminTestV236:test_get_updated_quotas): 201 POST http://10.180.1.21/identity/v3/projects 0.029s
2025-02-11 14:57:25.686 75132 INFO tempest.lib.common.rest_client [req-5ccb3cd3-0c88-466c-ba50-5c9cdeed2e33 req-5ccb3cd3-0c88-466c-ba50-5c9cdeed2e33 ] Request (ServerDiskConfigTestJSON:test_rebuild_server_with_auto_disk_config): 200 GET http://10.180.1.21/compute/v2.1/servers/8549594f-435c-4534-b93b-baa00d388f84 0.697s
2025-02-11 14:57:25.710 75128 INFO tempest.lib.common.rest_client [req-767f59cf-e22c-40dc-ac84-a291743cc75e req-767f59cf-e22c-40dc-ac84-a291743cc75e ] Request (FlavorsAdminTestJSON:test_list_non_public_flavor): 200 POST http://10.180.1.21/compute/v2.1/flavors 0.719s
2025-02-11 14:57:25.712 75122 INFO tempest.lib.common.rest_client [req-94a83d21-3c5d-4013-9f09-cc703175e6ba req-94a83d21-3c5d-4013-9f09-cc703175e6ba ] Request (QuotasAdminTestV236:test_get_updated_quotas): 200 GET http://10.180.1.21/identity/v3/domains?name=Default 0.066s
2025-02-11 14:57:25.777 75144 INFO tempest.lib.common.rest_client [req-fa33b110-a94a-486d-97f4-63bc1cacc8cc req-fa33b110-a94a-486d-97f4-63bc1cacc8cc ] Request (AttachInterfacesV270Test:test_create_get_list_interfaces): 200 GET http://10.180.1.21/compute/v2.1/servers/60e9b4e3-6e93-41cd-a333-f3cb17139e7d 0.728s
2025-02-11 14:57:25.835 75130 INFO tempest.lib.common.rest_client [req-f9c76219-6f8a-4763-a29e-952ae5f265fd req-f9c76219-6f8a-4763-a29e-952ae5f265fd ] Request (ServersTestJSON:setUpClass): 200 GET http://10.180.1.21/compute/v2.1/servers/7194ba20-8a51-45fa-b7de-6a8070fb3bc8 0.727s
2025-02-11 14:57:25.879 75151 INFO tempest.lib.common.rest_client [req-9f8c1bc2-a201-4eeb-968b-e80f9cd8589b req-9f8c1bc2-a201-4eeb-968b-e80f9cd8589b ] Request (SecurityGroupsTestJSON:test_server_security_groups): 202 POST http://10.180.1.21/compute/v2.1/servers 1.002s
2025-02-11 14:57:25.919 75171 INFO tempest.lib.common.rest_client [req-3847444e-22b1-4bb8-8032-8c9a91444a88 req-3847444e-22b1-4bb8-8032-8c9a91444a88 ] Request (ServersAdmin275Test:test_rebuild_update_server_275): 200 GET http://10.180.1.21/compute/v2.1/servers/712bb5e0-7f8f-431b-a96e-05b5af556ae3 0.706s
2025-02-11 14:57:25.978 75146 INFO tempest.lib.common.rest_client [req-d4501761-cdca-4f4e-a6cf-5a8aa965c4ec req-d4501761-cdca-4f4e-a6cf-5a8aa965c4ec ] Request (ServersAdminTestJSON:test_create_server_with_scheduling_hint): 200 GET http://10.180.1.21/compute/v2.1/servers/ed62e3b9-86b0-434e-ab60-484524083671 0.756s
2025-02-11 14:57:25.999 75164 INFO tempest.lib.common.rest_client [req-caaa9754-78f4-4e1a-b17f-80d49fc57766 req-caaa9754-78f4-4e1a-b17f-80d49fc57766 ] Request (DeleteServersAdminTestJSON:test_delete_server_while_in_error_state): 200 GET http://10.180.1.21/compute/v2.1/servers/4551c95a-6b11-4c1e-bdb4-d2766932ffde 0.711s
2025-02-11 14:57:26.055 75126 INFO tempest.lib.common.rest_client [req-67fa9b44-cf91-436d-8141-f7cba9753d52 req-67fa9b44-cf91-436d-8141-f7cba9753d52 ] Request (ServerDiagnosticsTest:tearDownClass): 200 GET http://10.180.1.21/compute/v2.1/servers/66dc2392-020d-4abe-8344-b0386078dea0 0.658s
2025-02-11 14:57:26.061 75174 INFO tempest.lib.common.rest_client [req-660fe7b2-32ba-4e68-b9e6-ad9668212d06 req-660fe7b2-32ba-4e68-b9e6-ad9668212d06 ] Request (ServersTestFqdnHostnames:test_create_server_with_fqdn_name): 200 GET http://10.180.1.21/compute/v2.1/servers/b398d1e4-cb1d-4480-b67c-a7d4bbe535fd 0.597s
2025-02-11 14:57:26.169 75114 INFO tempest.lib.common.rest_client [req-9b9561e1-0919-4886-830f-b56c5768c75d req-9b9561e1-0919-4886-830f-b56c5768c75d ] Request (ServerMetadataTestJSON:tearDownClass): 204 DELETE http://10.180.1.21/compute/v2.1/servers/7de36d0e-3ddc-4a8d-981e-b76212795763 0.657s
2025-02-11 14:57:26.200 75154 INFO tempest.lib.common.rest_client [req-b046064c-4ff9-40a6-a656-967e7f58eee3 req-b046064c-4ff9-40a6-a656-967e7f58eee3 ] Request (SecurityGroupRulesTestJSON:tearDownClass): 202 DELETE http://10.180.1.21/compute/v2.1/os-security-groups/e3017224-b2e6-47fc-9391-83d4a3a7a0bb 0.733s
2025-02-11 14:57:26.223 75172 INFO tempest.lib.common.rest_client [req-d351cfa7-40cc-4820-bb57-e8667771ee0c req-d351cfa7-40cc-4820-bb57-e8667771ee0c ] Request (FlavorsV2TestJSON:test_list_flavors_filter_by_min_ram): 200 GET http://10.180.1.21/compute/v2.1/flavors/42 0.613s
2025-02-11 14:57:26.376 75122 INFO tempest.lib.common.rest_client [req-a421343f-70d3-4109-b1d7-ef7c5435c3f9 req-a421343f-70d3-4109-b1d7-ef7c5435c3f9 ] Request (QuotasAdminTestV236:test_get_updated_quotas): 200 PUT http://10.180.1.21/compute/v2.1/os-quota-sets/d02e742282d240e1b209448aab761038 0.663s
2025-02-11 14:57:26.402 75128 INFO tempest.lib.common.rest_client [req-deaad2d5-62b1-4d59-aff7-1b9d171ca60c req-deaad2d5-62b1-4d59-aff7-1b9d171ca60c ] Request (FlavorsAdminTestJSON:test_list_non_public_flavor): 200 GET http://10.180.1.21/compute/v2.1/flavors/detail 0.688s
2025-02-11 14:57:26.475 75120 INFO tempest.lib.common.rest_client [req-50658dec-a9fc-4bb7-a0a4-58e9307bd608 req-50658dec-a9fc-4bb7-a0a4-58e9307bd608 ] Request (ImagesNegativeTestJSON:test_create_image_from_deleted_server): 200 GET http://10.180.1.21/compute/v2.1/servers/40fc9f22-d736-46d2-9f49-3650a7a1cb63 0.710s
2025-02-11 14:57:26.519 75151 INFO tempest.lib.common.rest_client [req-4bf05b8d-5732-4ce2-a7a9-9796c62e4dbb req-4bf05b8d-5732-4ce2-a7a9-9796c62e4dbb ] Request (SecurityGroupsTestJSON:test_server_security_groups): 200 GET http://10.180.1.21/compute/v2.1/servers/382b6fed-cf9b-4daf-aa30-10d96e30aa77 0.638s
2025-02-11 14:57:26.545 75116 INFO tempest.lib.common.rest_client [req-cdc21b3a-01c9-490a-9ca0-424709b160fb req-cdc21b3a-01c9-490a-9ca0-424709b160fb ] Request (InstanceActionsNegativeTestJSON:setUpClass): 200 GET http://10.180.1.21/compute/v2.1/servers/29800ae8-cf13-4cc6-b38e-2957a1d85b82 0.948s
2025-02-11 14:57:26.553 75116 INFO tempest.common.waiters [-] State transition "BUILD/spawning" ==> "ACTIVE/None" after 34 second wait
2025-02-11 14:57:26.567 75158 INFO tempest.lib.common.rest_client [req-f15f29f3-9845-4a4d-8912-aff4ede8e3c3 req-f15f29f3-9845-4a4d-8912-aff4ede8e3c3 ] Request (ImagesOneServerTestJSON:test_create_image_specify_multibyte_character_image_name): 200 GET http://10.180.1.21/compute/v2.1/images/be50696f-22e0-49dc-b1f6-d7efb86c9794 0.647s
2025-02-11 14:57:26.627 75140 INFO tempest.lib.common.rest_client [req-ef2efea9-88d2-487a-b559-9a47bbc1b78d req-ef2efea9-88d2-487a-b559-9a47bbc1b78d ] Request (AttachInterfacesUnderV243Test:test_add_remove_fixed_ip): 200 GET http://10.180.1.21/compute/v2.1/servers/06425207-1a60-4041-a077-da76149d816b 0.652s
2025-02-11 14:57:26.679 75176 INFO tempest.lib.common.rest_client [req-66fe3338-c7ca-4a92-a682-6c250d3ff5df req-66fe3338-c7ca-4a92-a682-6c250d3ff5df ] Request (ServerPasswordTestJSON:setUpClass): 200 GET http://10.180.1.21/compute/v2.1/servers/cdd0f2e3-948a-4117-9455-fbfe561ba7dd 0.612s
2025-02-11 14:57:26.802 75134 INFO tempest.lib.common.rest_client [req-ce3ac8fc-fba7-41a1-a610-850a62e1f3a6 req-ce3ac8fc-fba7-41a1-a610-850a62e1f3a6 ] Request (ServerExternalEventsTest:test_create_server_external_events): 200 GET http://10.180.1.21/compute/v2.1/servers/82d18aa7-cc38-43cf-8d56-dcb032b9c8a1 0.834s
2025-02-11 14:57:26.810 75168 INFO tempest.lib.common.rest_client [req-6b403e99-2bba-4576-955e-bc918da1bb9e req-6b403e99-2bba-4576-955e-bc918da1bb9e ] Request (ListImageFiltersTestJSON:setUpClass): 200 GET http://10.180.1.21/compute/v2.1/servers/ab15036b-8330-4374-b176-21faaa4b36ca 0.710s
2025-02-11 14:57:26.818 75168 INFO tempest.common.waiters [-] State transition "BUILD/block_device_mapping" ==> "BUILD/spawning" after 34 second wait
2025-02-11 14:57:26.861 75156 INFO tempest.lib.common.rest_client [req-6d632eec-6ada-45b9-b2c7-4eb195bea647 req-6d632eec-6ada-45b9-b2c7-4eb195bea647 ] Request (TenantUsagesTestJSON:setUpClass): 200 GET http://10.180.1.21/compute/v2.1/servers/74028176-fab3-404b-9039-2a3bc317fe95 0.721s
2025-02-11 14:57:26.884 75160 INFO tempest.lib.common.rest_client [req-5ffd9e11-12de-4414-94a3-fa1b9691aac8 req-5ffd9e11-12de-4414-94a3-fa1b9691aac8 ] Request (ImagesOneServerNegativeTestJSON:setUpClass): 200 GET http://10.180.1.21/compute/v2.1/servers/40aec7d4-4813-496b-9715-581620edf38d 0.722s
2025-02-11 14:57:27.053 75154 INFO tempest.lib.common.rest_client [req-7f4f7761-0cc8-4bdd-8189-4a6906fad63a req-7f4f7761-0cc8-4bdd-8189-4a6906fad63a ] Request (SecurityGroupRulesTestJSON:tearDownClass): 202 DELETE http://10.180.1.21/compute/v2.1/os-security-groups/1bf5ce7a-1aed-4cf0-8243-888997c7feb9 0.852s
2025-02-11 14:57:27.135 75114 INFO tempest.lib.common.rest_client [req-3283954b-ed2a-4bb0-b8df-0281d6743589 req-3283954b-ed2a-4bb0-b8df-0281d6743589 ] Request (ServerMetadataTestJSON:tearDownClass): 200 GET http://10.180.1.21/compute/v2.1/servers/7de36d0e-3ddc-4a8d-981e-b76212795763 0.966s
2025-02-11 14:57:27.136 75148 INFO tempest.lib.common.rest_client [req-7baa127c-4c63-4e5b-b0da-f9a612e8ddfa req-7baa127c-4c63-4e5b-b0da-f9a612e8ddfa ] Request (AttachInterfacesTestJSON:setUpClass): 200 PUT http://10.180.1.21:9696/networking/v2.0/routers/18f9ef9a-cd1d-4f6a-a0e4-57f93ee5df7c/add_router_interface 1.600s
2025-02-11 14:57:27.136 75148 INFO tempest.lib.common.dynamic_creds [-] Created isolated network resources for: credentials: Credentials: {'domain_id': 'default', 'domain_name': 'Default', 'username': 'tempest-AttachInterfacesTestJSON-1991635776-project-member', 'project_domain_id': 'default', 'project_domain_name': 'Default', 'project_id': '543d9f55271448a296536da746f7317e', 'project_name': 'tempest-AttachInterfacesTestJSON-1991635776', 'tenant_id': '543d9f55271448a296536da746f7317e', 'tenant_name': 'tempest-AttachInterfacesTestJSON-1991635776', 'user_domain_id': 'default', 'user_domain_name': 'Default', 'user_id': 'e446643ae7244e4eba6ad376c51a585a', 'system': None}, Network: {'id': 'ccc55862-530f-4324-83cd-943e1f63dd1f', 'name': 'tempest-AttachInterfacesTestJSON-2137408935-network', 'tenant_id': '543d9f55271448a296536da746f7317e', 'admin_state_up': True, 'mtu': 8950, 'status': 'ACTIVE', 'subnets': [], 'shared': False, 'project_id': '543d9f55271448a296536da746f7317e', 'port_security_enabled': True, 'router:external': False, 'provider:network_type': 'vlan', 'provider:physical_network': 'default', 'provider:segmentation_id': 273, 'availability_zone_hints': [], 'availability_zones': [], 'ipv4_address_scope': None, 'ipv6_address_scope': None, 'description': '', 'tags': [], 'created_at': '2025-02-11T14:57:23Z', 'updated_at': '2025-02-11T14:57:23Z', 'revision_number': 1}, Subnet: {'id': '3c82dfd5-dde2-4b7a-b24d-8d0b672cf42f', 'name': 'tempest-AttachInterfacesTestJSON-2137408935-subnet', 'tenant_id': '543d9f55271448a296536da746f7317e', 'network_id': 'ccc55862-530f-4324-83cd-943e1f63dd1f', 'ip_version': 4, 'subnetpool_id': None, 'enable_dhcp': True, 'ipv6_ra_mode': None, 'ipv6_address_mode': None, 'gateway_ip': '192.168.128.1', 'cidr': '192.168.128.0/28', 'allocation_pools': [{'start': '192.168.128.2', 'end': '192.168.128.14'}], 'host_routes': [], 'dns_nameservers': [], 'description': '', 'router:external': False, 'service_types': [], 'tags': [], 'created_at': '2025-02-11T14:57:23Z', 'updated_at': '2025-02-11T14:57:23Z', 'revision_number': 0, 'project_id': '543d9f55271448a296536da746f7317e'}, Router: {'id': '18f9ef9a-cd1d-4f6a-a0e4-57f93ee5df7c', 'name': 'tempest-AttachInterfacesTestJSON-2137408935-router', 'tenant_id': '543d9f55271448a296536da746f7317e', 'admin_state_up': True, 'status': 'ACTIVE', 'external_gateway_info': {'network_id': 'f25d0b84-f077-4045-aadb-f273818c3467', 'external_fixed_ips': [{'subnet_id': '4c73c672-9074-4f69-a9ec-ed07bafb6aba', 'ip_address': '10.180.180.236'}], 'enable_snat': True}, 'description': '', 'availability_zones': [], 'distributed': False, 'ha': False, 'availability_zone_hints': [], 'routes': [], 'flavor_id': None, 'tags': [], 'created_at': '2025-02-11T14:57:24Z', 'updated_at': '2025-02-11T14:57:24Z', 'revision_number': 2, 'project_id': '543d9f55271448a296536da746f7317e'}
2025-02-11 14:57:27.143 75136 INFO tempest.lib.common.rest_client [req-47b0d857-fe46-4355-af37-298ed2c69f37 req-47b0d857-fe46-4355-af37-298ed2c69f37 ] Request (ServersWithSpecificFlavorTestJSON:test_verify_created_server_ephemeral_disk): 200 GET http://10.180.1.21/compute/v2.1/servers/fe8f8450-e405-4682-b03b-a48dabaf272c 0.933s
2025-02-11 14:57:27.175 75172 INFO tempest.lib.common.rest_client [req-d4dc830a-d7e4-44a8-9d49-12cb10a7e999 req-d4dc830a-d7e4-44a8-9d49-12cb10a7e999 ] Request (FlavorsV2TestJSON:test_list_flavors_filter_by_min_ram): 200 GET http://10.180.1.21/compute/v2.1/flavors?minRam=193 0.948s
2025-02-11 14:57:27.241 75142 INFO tempest.lib.common.rest_client [req-af3cf83d-b22b-4682-9137-bb04ccf162f3 req-af3cf83d-b22b-4682-9137-bb04ccf162f3 ] Request (ServerDiagnosticsV248Test:tearDownClass): 200 GET http://10.180.1.21/compute/v2.1/servers/44764155-3721-43aa-9a7a-23f604123f4f 1.031s
2025-02-11 14:57:27.256 75138 INFO tempest.lib.common.rest_client [req-47c51ce4-01f6-4a5f-9554-21036f189f32 req-47c51ce4-01f6-4a5f-9554-21036f189f32 ] Request (ServerMetadataNegativeTestJSON:setUpClass): 200 GET http://10.180.1.21/compute/v2.1/servers/a137e775-782b-4a9f-9d1a-aca973bb79fd 0.992s
2025-02-11 14:57:27.303 75148 INFO tempest.lib.common.rest_client [req-b0912637-084b-4868-8256-50409438ae94 req-b0912637-084b-4868-8256-50409438ae94 ] Request (AttachInterfacesTestJSON:setUpClass): 201 POST http://10.180.1.21/identity/v3/auth/tokens 0.161s
2025-02-11 14:57:27.313 75152 INFO tempest.lib.common.rest_client [req-813576f9-6d9c-45c0-8bbb-c523f26dc033 req-813576f9-6d9c-45c0-8bbb-c523f26dc033 ] Request (FloatingIPsAssociationTestJSON:test_associate_already_associated_floating_ip): 200 GET http://10.180.1.21/compute/v2.1/servers/c312bea8-238c-4e51-8420-2f16e75eb61c 0.998s
2025-02-11 14:57:27.346 75128 INFO tempest.lib.common.rest_client [req-ec650022-4ac9-4dd2-9685-23bfb8459437 req-ec650022-4ac9-4dd2-9685-23bfb8459437 ] Request (FlavorsAdminTestJSON:test_list_non_public_flavor): 200 GET http://10.180.1.21/compute/v2.1/flavors/detail 0.938s
2025-02-11 14:57:27.376 75122 INFO tempest.lib.common.rest_client [req-c703481c-9aab-4409-aff1-63b6fec1ad9a req-c703481c-9aab-4409-aff1-63b6fec1ad9a ] Request (QuotasAdminTestV236:test_get_updated_quotas): 200 GET http://10.180.1.21/compute/v2.1/os-quota-sets/d02e742282d240e1b209448aab761038/detail 0.998s
2025-02-11 14:57:27.427 75122 INFO tempest.lib.common.rest_client [req-1d9f41b2-e5ea-4658-9a09-01962bb62238 req-1d9f41b2-e5ea-4658-9a09-01962bb62238 ] Request (QuotasAdminTestV236:test_get_updated_quotas): 200 GET http://10.180.1.21/identity/v3/domains?name=Default 0.036s
2025-02-11 14:57:27.430 75116 INFO tempest.lib.common.rest_client [req-3e5e6aef-c21d-4fcb-81a6-7a33392709a8 req-3e5e6aef-c21d-4fcb-81a6-7a33392709a8 ] Request (InstanceActionsNegativeTestJSON:test_get_instance_action_invalid_request): 404 GET http://10.180.1.21/compute/v2.1/servers/29800ae8-cf13-4cc6-b38e-2957a1d85b82/os-instance-actions/999 0.873s
2025-02-11 14:57:27.471 75122 INFO tempest.lib.common.rest_client [req-a65c8f79-45a9-4f19-99e6-e26ee886d001 req-a65c8f79-45a9-4f19-99e6-e26ee886d001 ] Request (QuotasAdminTestV236:test_get_updated_quotas): 201 POST http://10.180.1.21/identity/v3/users 0.043s
2025-02-11 14:57:27.490 75162 INFO tempest.lib.common.rest_client [req-15aaabc6-d89c-4683-a583-dc6073e23c14 req-15aaabc6-d89c-4683-a583-dc6073e23c14 ] Request (MigrationsAdminTest:test_list_migrations_in_flavor_resize_situation): 200 GET http://10.180.1.21/compute/v2.1/servers/28430a3c-e6e0-4db5-acdb-1cc2408ae7e6 1.073s
2025-02-11 14:57:27.493 75122 INFO tempest.lib.common.rest_client [req-e37e1c2f-5d80-429e-b5bf-78be876626f0 req-e37e1c2f-5d80-429e-b5bf-78be876626f0 ] Request (QuotasAdminTestV236:test_get_updated_quotas): 200 GET http://10.180.1.21/identity/v3/domains?name=Default 0.022s
2025-02-11 14:57:27.499 75166 INFO tempest.lib.common.rest_client [req-1e1958d0-339b-4cc6-8d2f-d1e3c0549d72 req-1e1958d0-339b-4cc6-8d2f-d1e3c0549d72 ] Request (MultipleCreateTestJSON:_run_cleanups): 200 GET http://10.180.1.21/compute/v2.1/servers/87d7b8b0-9f37-4fec-a7eb-9eccd6b75d11 0.909s
2025-02-11 14:57:27.548 75132 INFO tempest.lib.common.rest_client [req-6b61cb92-cd60-41be-bb25-107802096abb req-6b61cb92-cd60-41be-bb25-107802096abb ] Request (ServerDiskConfigTestJSON:test_rebuild_server_with_auto_disk_config): 200 GET http://10.180.1.21/compute/v2.1/servers/8549594f-435c-4534-b93b-baa00d388f84 0.852s
