2025-02-11 14:56:51.587 75144 INFO tempest.lib.common.rest_client [req-36268f14-08b5-46a6-adf2-dd17cd087dd1 req-36268f14-08b5-46a6-adf2-dd17cd087dd1 ] Request (TenantUsagesNegativeTestJSON:tearDownClass): 204 DELETE http://10.180.1.21:9696/networking/v2.0/security-groups/473702f4-582a-427a-8cbf-42ddad6aff9b 0.492s
2025-02-11 14:56:51.636 75160 INFO tempest.lib.common.rest_client [req-7aae9c83-7bcf-48fe-821c-7d05daaf7915 req-7aae9c83-7bcf-48fe-821c-7d05daaf7915 ] Request (ImagesOneServerNegativeTestJSON:setUpClass): 202 POST http://10.180.1.21/compute/v2.1/servers 2.278s
2025-02-11 14:56:51.680 75176 INFO tempest.lib.common.rest_client [req-a3e35d88-85b8-42fc-be17-e53ee9c9f40c req-a3e35d88-85b8-42fc-be17-e53ee9c9f40c ] Request (FlavorsExtraSpecsNegativeTestJSON:tearDownClass): 204 DELETE http://10.180.1.21:9696/networking/v2.0/security-groups/ed479ae6-9b0c-4556-be64-9747fdc54027 0.347s
2025-02-11 14:56:51.709 75120 INFO tempest.lib.common.rest_client [req-9d177979-03da-4bd3-bc2e-9a3a7d387c31 req-9d177979-03da-4bd3-bc2e-9a3a7d387c31 ] Request (ImagesNegativeTestJSON:test_create_image_from_deleted_server): 200 GET http://10.180.1.21/compute/v2.1/servers/40fc9f22-d736-46d2-9f49-3650a7a1cb63 2.292s
2025-02-11 14:56:51.719 75144 INFO tempest.lib.common.rest_client [req-bd0fbdda-a822-4062-87b5-52f7bc9dadb5 req-bd0fbdda-a822-4062-87b5-52f7bc9dadb5 ] Request (TenantUsagesNegativeTestJSON:tearDownClass): 204 DELETE http://10.180.1.21/identity/v3/projects/22f5a28fd82345e1b4d7b944acf4bcd7 0.132s
2025-02-11 14:56:51.721 75144 INFO tempest.lib.common.dynamic_creds [-] Deleting project and security group for project: d0545d63eb974ab48a2ea82c4572252c
2025-02-11 14:56:51.788 75126 INFO tempest.lib.common.rest_client [req-94795c8f-8e04-4308-831a-efc9181b3158 req-94795c8f-8e04-4308-831a-efc9181b3158 ] Request (ServerDiagnosticsTest:test_get_server_diagnostics): 200 GET http://10.180.1.21/compute/v2.1/servers/66dc2392-020d-4abe-8344-b0386078dea0 2.185s
2025-02-11 14:56:51.826 75176 INFO tempest.lib.common.rest_client [req-49e45a3f-28d6-49d9-bf62-40c4510319a9 req-49e45a3f-28d6-49d9-bf62-40c4510319a9 ] Request (FlavorsExtraSpecsNegativeTestJSON:tearDownClass): 204 DELETE http://10.180.1.21/identity/v3/projects/42c8fa1ec53749629bf37ad4c8dd42b9 0.146s
2025-02-11 14:56:51.833 75132 INFO tempest.lib.common.rest_client [req-0308c5eb-b724-41ff-981f-2d8ecf4ac638 req-0308c5eb-b724-41ff-981f-2d8ecf4ac638 ] Request (HypervisorAdminNegativeUnderV252Test:tearDownClass): 200 GET http://10.180.1.21:9696/networking/v2.0/security-groups?tenant_id=12ea4ddc9ddb4b0e9afe8cff9ecb0f54&name=default 0.285s
2025-02-11 14:56:51.889 75176 INFO tempest.lib.common.rest_client [req-1f8a1ee7-2086-4d20-8c06-6fc2bae98bec req-1f8a1ee7-2086-4d20-8c06-6fc2bae98bec ] Request (ServicesAdminTestJSON:setUpClass): 201 POST http://10.180.1.21/identity/v3/auth/tokens 0.060s
2025-02-11 14:56:51.922 75176 INFO tempest.lib.common.rest_client [req-84e82278-af3a-40a6-afbb-66f3b6ddbf13 req-84e82278-af3a-40a6-afbb-66f3b6ddbf13 ] Request (ServicesAdminTestJSON:setUpClass): 201 POST http://10.180.1.21/identity/v3/auth/tokens 0.031s
2025-02-11 14:56:51.943 75148 INFO tempest.lib.common.rest_client [req-2bed11a6-204c-428b-8c2d-033f5a4c0a2e req-2bed11a6-204c-428b-8c2d-033f5a4c0a2e ] Request (FloatingIPDetailsTestJSON:test_list_floating_ips): 200 GET http://10.180.1.21/compute/v2.1/os-floating-ips 2.328s
2025-02-11 14:56:51.970 75176 INFO tempest.lib.common.rest_client [req-380c601a-e9ee-41ad-bd1c-8a8d7e2ddded req-380c601a-e9ee-41ad-bd1c-8a8d7e2ddded ] Request (ServicesAdminTestJSON:setUpClass): 200 GET http://10.180.1.21/identity/v3/domains?name=Default 0.047s
2025-02-11 14:56:51.982 75162 INFO tempest.lib.common.rest_client [req-fcd4985a-dee8-4d45-8084-22fb2953fc31 req-fcd4985a-dee8-4d45-8084-22fb2953fc31 ] Request (MigrationsAdminTest:test_list_migrations_in_flavor_resize_situation): 200 GET http://10.180.1.21/compute/v2.1/servers/28430a3c-e6e0-4db5-acdb-1cc2408ae7e6 2.323s
2025-02-11 14:56:51.991 75162 INFO tempest.common.waiters [-] State transition "BUILD/spawning" ==> "ACTIVE/None" after 21 second wait
2025-02-11 14:56:51.995 75144 INFO tempest.lib.common.rest_client [req-eaa26f5d-7171-4c38-89ef-4f7ccc2b16fe req-eaa26f5d-7171-4c38-89ef-4f7ccc2b16fe ] Request (TenantUsagesNegativeTestJSON:tearDownClass): 200 GET http://10.180.1.21:9696/networking/v2.0/security-groups?tenant_id=d0545d63eb974ab48a2ea82c4572252c&name=default 0.273s
2025-02-11 14:56:52.016 75176 INFO tempest.lib.common.rest_client [req-274dd13c-d56b-4a08-8662-ed6658c506a9 req-274dd13c-d56b-4a08-8662-ed6658c506a9 ] Request (ServicesAdminTestJSON:setUpClass): 201 POST http://10.180.1.21/identity/v3/projects 0.044s
2025-02-11 14:56:52.086 75132 INFO tempest.lib.common.rest_client [req-55af3f56-fd3f-499c-b8fe-77f539c7d0c1 req-55af3f56-fd3f-499c-b8fe-77f539c7d0c1 ] Request (HypervisorAdminNegativeUnderV252Test:tearDownClass): 204 DELETE http://10.180.1.21:9696/networking/v2.0/security-groups/f5a2aeb8-92d3-4ae4-b06c-6b2374b0718f 0.252s
2025-02-11 14:56:52.095 75144 INFO tempest.lib.common.rest_client [req-136e579a-4baf-46f0-a99e-c1bd21e9757d req-136e579a-4baf-46f0-a99e-c1bd21e9757d ] Request (TenantUsagesNegativeTestJSON:tearDownClass): 204 DELETE http://10.180.1.21:9696/networking/v2.0/security-groups/4d53e868-0980-4c6e-9d95-7280f2297210 0.099s
2025-02-11 14:56:52.145 75176 INFO tempest.lib.common.rest_client [req-da0b928f-ba0a-498a-af60-ab89d589007a req-da0b928f-ba0a-498a-af60-ab89d589007a ] Request (ServicesAdminTestJSON:setUpClass): 201 POST http://10.180.1.21/identity/v3/users 0.129s
2025-02-11 14:56:52.182 75164 INFO tempest.lib.common.rest_client [req-81d5ecec-6cfa-4c99-9a92-17ca8793c937 req-81d5ecec-6cfa-4c99-9a92-17ca8793c937 ] Request (DeleteServersAdminTestJSON:test_admin_delete_servers_of_others): 200 GET http://10.180.1.21/compute/v2.1/servers/e34b99bc-8c39-47d3-8e6c-d45701d28ee1 2.403s
2025-02-11 14:56:52.205 75156 INFO tempest.lib.common.rest_client [req-12545c94-1917-4fc5-b3e6-4df194864534 req-12545c94-1917-4fc5-b3e6-4df194864534 ] Request (ServicesAdminNegativeTestJSON:test_get_service_with_valid_service_and_invalid_host): 200 GET http://10.180.1.21/compute/v2.1/os-services 2.399s
2025-02-11 14:56:52.243 75144 INFO tempest.lib.common.rest_client [req-690278c5-1e83-4c7c-8045-c2225bea41e9 req-690278c5-1e83-4c7c-8045-c2225bea41e9 ] Request (TenantUsagesNegativeTestJSON:tearDownClass): 204 DELETE http://10.180.1.21/identity/v3/projects/d0545d63eb974ab48a2ea82c4572252c 0.147s
2025-02-11 14:56:52.250 75132 INFO tempest.lib.common.rest_client [req-2a39d534-7fc6-486f-85fa-04d4a6049d38 req-2a39d534-7fc6-486f-85fa-04d4a6049d38 ] Request (HypervisorAdminNegativeUnderV252Test:tearDownClass): 204 DELETE http://10.180.1.21/identity/v3/projects/12ea4ddc9ddb4b0e9afe8cff9ecb0f54 0.164s
2025-02-11 14:56:52.251 75132 INFO tempest.test [-] raised in LiveMigrationTest.setUpClass. Invoking tearDownClass.
2025-02-11 14:56:52.286 75144 INFO tempest.lib.common.rest_client [req-8a39095e-73c5-46f1-ac79-4310acf999c8 req-8a39095e-73c5-46f1-ac79-4310acf999c8 ] Request (FloatingIPsTestJSON:setUpClass): 201 POST http://10.180.1.21/identity/v3/auth/tokens 0.041s
2025-02-11 14:56:52.313 75176 INFO tempest.lib.common.rest_client [req-9600acd3-1d73-46a6-8703-9308969b3c9f req-9600acd3-1d73-46a6-8703-9308969b3c9f ] Request (ServicesAdminTestJSON:setUpClass): 200 GET http://10.180.1.21/identity/v3/roles 0.167s
2025-02-11 14:56:52.338 75132 INFO tempest.lib.common.rest_client [req-d947d74a-135d-4799-bc26-5ee1dbda2919 req-d947d74a-135d-4799-bc26-5ee1dbda2919 ] Request (ServerDiskConfigTestJSON:setUpClass): 201 POST http://10.180.1.21/identity/v3/auth/tokens 0.082s
2025-02-11 14:56:52.361 75144 INFO tempest.lib.common.rest_client [req-72eb52ec-04d3-4c33-bcd2-5d024a4ecd48 req-72eb52ec-04d3-4c33-bcd2-5d024a4ecd48 ] Request (FloatingIPsTestJSON:setUpClass): 201 POST http://10.180.1.21/identity/v3/auth/tokens 0.071s
2025-02-11 14:56:52.393 75176 INFO tempest.lib.common.rest_client [req-816c4f0b-a4e9-4dfd-a900-0ccb32d2b2d7 req-816c4f0b-a4e9-4dfd-a900-0ccb32d2b2d7 ] Request (ServicesAdminTestJSON:setUpClass): 204 PUT http://10.180.1.21/identity/v3/projects/fcf4fb045ac04b458e7fb2fd78db6274/users/dbcdb82ea6914ada92891a97287af85f/roles/9177602ed7ec4f8eb95324383e4cb1c2 0.080s
2025-02-11 14:56:52.393 75176 INFO tempest.lib.common.dynamic_creds [-] Dynamic test user dbcdb82ea6914ada92891a97287af85f is created with scope project and roles: ['member']
2025-02-11 14:56:52.393 75176 INFO tempest.lib.common.dynamic_creds [-] Acquired dynamic creds: credentials: Credentials: {'domain_id': 'default', 'domain_name': 'Default', 'username': 'tempest-ServicesAdminTestJSON-2120870305-project-member', 'project_domain_id': 'default', 'project_domain_name': 'Default', 'project_id': 'fcf4fb045ac04b458e7fb2fd78db6274', 'project_name': 'tempest-ServicesAdminTestJSON-2120870305', 'tenant_id': 'fcf4fb045ac04b458e7fb2fd78db6274', 'tenant_name': 'tempest-ServicesAdminTestJSON-2120870305', 'user_domain_id': 'default', 'user_domain_name': 'Default', 'user_id': 'dbcdb82ea6914ada92891a97287af85f', 'system': None}, Network: None, Subnet: None, Router: None
2025-02-11 14:56:52.393 75176 INFO tempest.lib.common.dynamic_creds [-] Created isolated network resources for: credentials: Credentials: {'domain_id': 'default', 'domain_name': 'Default', 'username': 'tempest-ServicesAdminTestJSON-2120870305-project-member', 'project_domain_id': 'default', 'project_domain_name': 'Default', 'project_id': 'fcf4fb045ac04b458e7fb2fd78db6274', 'project_name': 'tempest-ServicesAdminTestJSON-2120870305', 'tenant_id': 'fcf4fb045ac04b458e7fb2fd78db6274', 'tenant_name': 'tempest-ServicesAdminTestJSON-2120870305', 'user_domain_id': 'default', 'user_domain_name': 'Default', 'user_id': 'dbcdb82ea6914ada92891a97287af85f', 'system': None}, Network: None, Subnet: None, Router: None
2025-02-11 14:56:52.400 75171 INFO tempest.lib.common.rest_client [req-4d89657c-f727-4e06-bcc5-c4bafad075d2 req-4d89657c-f727-4e06-bcc5-c4bafad075d2 ] Request (QuotasAdminNegativeTest:test_create_server_when_memory_quota_is_full): 200 GET http://10.180.1.21/compute/v2.1/os-quota-sets/00ff698ca66546c390930e3f8da97505 2.565s
2025-02-11 14:56:52.424 75130 INFO tempest.lib.common.rest_client [req-2972a68c-4d26-4faf-a120-792f999fc6a5 req-2972a68c-4d26-4faf-a120-792f999fc6a5 ] Request (ServicesAdminNegativeV253TestJSON:test_get_service_by_invalid_service_and_valid_host): 200 GET http://10.180.1.21/compute/v2.1/os-services 2.568s
2025-02-11 14:56:52.446 75144 INFO tempest.lib.common.rest_client [req-f81ccf28-5178-40c0-aa9b-e8627a126ebb req-f81ccf28-5178-40c0-aa9b-e8627a126ebb ] Request (FloatingIPsTestJSON:setUpClass): 200 GET http://10.180.1.21/identity/v3/domains?name=Default 0.085s
2025-02-11 14:56:52.452 75132 INFO tempest.lib.common.rest_client [req-e7552a4e-73c6-4513-8b95-2b6082e36d28 req-e7552a4e-73c6-4513-8b95-2b6082e36d28 ] Request (ServerDiskConfigTestJSON:setUpClass): 201 POST http://10.180.1.21/identity/v3/auth/tokens 0.111s
2025-02-11 14:56:52.489 75144 INFO tempest.lib.common.rest_client [req-1fed8192-9bd7-4c0f-aea5-468a1fe65598 req-1fed8192-9bd7-4c0f-aea5-468a1fe65598 ] Request (FloatingIPsTestJSON:setUpClass): 201 POST http://10.180.1.21/identity/v3/projects 0.042s
2025-02-11 14:56:52.520 75176 INFO tempest.lib.common.rest_client [req-ab437c89-6cc3-429d-86cb-734304c26dc4 req-ab437c89-6cc3-429d-86cb-734304c26dc4 ] Request (ServicesAdminTestJSON:setUpClass): 201 POST http://10.180.1.21/identity/v3/auth/tokens 0.123s
2025-02-11 14:56:52.529 75138 INFO tempest.lib.common.rest_client [req-86ea9804-05a4-42dc-b92a-d51cf03ac4c3 req-86ea9804-05a4-42dc-b92a-d51cf03ac4c3 ] Request (ServerMetadataNegativeTestJSON:setUpClass): 202 POST http://10.180.1.21/compute/v2.1/servers 2.734s
2025-02-11 14:56:52.538 75151 INFO tempest.lib.common.rest_client [req-bf9b4c1e-5102-43f2-9fba-4d61e42457ae req-bf9b4c1e-5102-43f2-9fba-4d61e42457ae ] Request (SecurityGroupsTestJSON:test_list_security_groups_by_server): 200 GET http://10.180.1.21/compute/v2.1/servers/76c1f3cb-b2f4-4c43-aa76-1a8f193976e2 2.546s
2025-02-11 14:56:52.542 75154 INFO tempest.lib.common.rest_client [req-eef3f4f2-ef21-408c-8a11-5a876a4069fd req-eef3f4f2-ef21-408c-8a11-5a876a4069fd ] Request (HostsAdminNegativeTestJSON:test_update_nonexistent_host): 404 PUT http://10.180.1.21/compute/v2.1/os-hosts/nonexistent_hostname 2.506s
2025-02-11 14:56:52.557 75132 INFO tempest.lib.common.rest_client [req-b67b86d2-1f62-4356-a9bc-6d606f090cc8 req-b67b86d2-1f62-4356-a9bc-6d606f090cc8 ] Request (ServerDiskConfigTestJSON:setUpClass): 200 GET http://10.180.1.21/identity/v3/domains?name=Default 0.105s
2025-02-11 14:56:52.586 75176 INFO tempest.lib.common.rest_client [req-d4b63c80-863b-497e-bc69-21e4be501285 req-d4b63c80-863b-497e-bc69-21e4be501285 ] Request (ServicesAdminTestJSON:setUpClass): 201 POST http://10.180.1.21/identity/v3/projects 0.065s
2025-02-11 14:56:52.602 75144 INFO tempest.lib.common.rest_client [req-b970ed7c-7cdf-49fa-b55e-32d0d945adce req-b970ed7c-7cdf-49fa-b55e-32d0d945adce ] Request (FloatingIPsTestJSON:setUpClass): 201 POST http://10.180.1.21/identity/v3/users 0.112s
2025-02-11 14:56:52.611 75116 INFO tempest.lib.common.rest_client [req-05efb600-f4b5-43e3-9274-db4164919985 req-05efb600-f4b5-43e3-9274-db4164919985 ] Request (InstanceActionsNegativeTestJSON:setUpClass): 200 GET http://10.180.1.21/compute/v2.1/servers/29800ae8-cf13-4cc6-b38e-2957a1d85b82 2.349s
2025-02-11 14:56:52.668 75124 INFO tempest.lib.common.rest_client [req-fb6a89c3-40e1-4b6b-9d21-550b2de2a800 req-fb6a89c3-40e1-4b6b-9d21-550b2de2a800 ] Request (VolumesAssistedSnapshotsTest:test_volume_assisted_snapshot_create_delete): 200 GET http://10.180.1.21/compute/v2.1/servers/ba58fc02-6d38-4df0-9d15-5f6468dcbc65 2.303s
2025-02-11 14:56:52.675 75122 INFO tempest.lib.common.rest_client [req-3bce3f8d-1523-4db6-a1da-879ba52c6a83 req-3bce3f8d-1523-4db6-a1da-879ba52c6a83 ] Request (FlavorsAccessNegativeTestJSON:test_flavor_non_admin_add): 403 POST http://10.180.1.21/compute/v2.1/flavors/732808611/action 2.613s
2025-02-11 14:56:52.693 75132 INFO tempest.lib.common.rest_client [req-fc84cd2e-124c-44ca-b945-4670bfb7801a req-fc84cd2e-124c-44ca-b945-4670bfb7801a ] Request (ServerDiskConfigTestJSON:setUpClass): 201 POST http://10.180.1.21/identity/v3/projects 0.135s
2025-02-11 14:56:52.718 75154 INFO tempest.lib.common.rest_client [req-918a66f7-910d-462c-82f0-7fbb1b919b7d req-918a66f7-910d-462c-82f0-7fbb1b919b7d ] Request (HostsAdminNegativeTestJSON:tearDownClass): 204 DELETE http://10.180.1.21/identity/v3/users/44c83df7906f4f6bb15081feaaa6001d 0.174s
2025-02-11 14:56:52.738 75134 INFO tempest.lib.common.rest_client [req-d530c671-d81a-40e2-aba0-1490b84c7804 req-d530c671-d81a-40e2-aba0-1490b84c7804 ] Request (ServerExternalEventsTest:test_create_server_external_events): 200 GET http://10.180.1.21/compute/v2.1/servers/82d18aa7-cc38-43cf-8d56-dcb032b9c8a1 2.077s
2025-02-11 14:56:52.781 75176 INFO tempest.lib.common.rest_client [req-c28e1c8a-71ba-4572-8205-d42b7226f82f req-c28e1c8a-71ba-4572-8205-d42b7226f82f ] Request (ServicesAdminTestJSON:setUpClass): 201 POST http://10.180.1.21/identity/v3/users 0.194s
2025-02-11 14:56:52.782 75144 INFO tempest.lib.common.rest_client [req-769dd629-8c2c-4ba7-9609-63dc1b0a2518 req-769dd629-8c2c-4ba7-9609-63dc1b0a2518 ] Request (FloatingIPsTestJSON:setUpClass): 200 GET http://10.180.1.21/identity/v3/roles 0.179s
2025-02-11 14:56:52.811 75132 INFO tempest.lib.common.rest_client [req-02b8373f-ae6f-4aaa-9e25-59bbf63200fe req-02b8373f-ae6f-4aaa-9e25-59bbf63200fe ] Request (ServerDiskConfigTestJSON:setUpClass): 201 POST http://10.180.1.21/identity/v3/users 0.117s
2025-02-11 14:56:52.823 75166 INFO tempest.lib.common.rest_client [req-b2520f7a-2553-4a28-904a-a2f9bd368eb3 req-b2520f7a-2553-4a28-904a-a2f9bd368eb3 ] Request (MultipleCreateTestJSON:test_multiple_create): 200 GET http://10.180.1.21/compute/v2.1/servers/0bada36e-44cd-4d00-92d1-f5796e80a9c7 2.131s
2025-02-11 14:56:52.847 75152 INFO tempest.lib.common.rest_client [req-5a8dbf0d-7fa5-459e-99e6-0d7e49434281 req-5a8dbf0d-7fa5-459e-99e6-0d7e49434281 ] Request (FloatingIPsAssociationTestJSON:setUpClass): 200 GET http://10.180.1.21/compute/v2.1/servers/88317080-b446-447d-aa4d-8af1bbec9f26 2.295s
2025-02-11 14:56:52.868 75154 INFO tempest.lib.common.rest_client [req-74d6760a-dc26-4691-8504-8e81a2c716d7 req-74d6760a-dc26-4691-8504-8e81a2c716d7 ] Request (HostsAdminNegativeTestJSON:tearDownClass): 204 DELETE http://10.180.1.21/identity/v3/users/13c718fdd2ae463486990940a13bce79 0.150s
2025-02-11 14:56:52.868 75154 INFO tempest.lib.common.dynamic_creds [-] Deleting project and security group for project: c501f173a54a49c184242a9f4d15ac35
2025-02-11 14:56:52.875 75136 INFO tempest.lib.common.rest_client [req-d6969727-df2d-451f-90e6-f8837a185c76 req-d6969727-df2d-451f-90e6-f8837a185c76 ] Request (ValidationResourcesFixture:setUp): 200 POST http://10.180.1.21/compute/v2.1/os-keypairs 2.181s
2025-02-11 14:56:52.878 75176 INFO tempest.lib.common.rest_client [req-7320f4fa-3230-4280-b921-bf2696e0280f req-7320f4fa-3230-4280-b921-bf2696e0280f ] Request (ServicesAdminTestJSON:setUpClass): 200 GET http://10.180.1.21/identity/v3/roles 0.096s
2025-02-11 14:56:52.912 75168 INFO tempest.lib.common.rest_client [req-b04cd5d3-4066-4d23-b743-ad5fcfc7f601 req-b04cd5d3-4066-4d23-b743-ad5fcfc7f601 ] Request (ListImageFiltersTestJSON:setUpClass): 200 GET http://10.180.1.21/compute/v2.1/servers/ab15036b-8330-4374-b176-21faaa4b36ca 2.212s
2025-02-11 14:56:52.936 75144 INFO tempest.lib.common.rest_client [req-fef17c93-ef54-42eb-9fc1-0309c7a6f154 req-fef17c93-ef54-42eb-9fc1-0309c7a6f154 ] Request (FloatingIPsTestJSON:setUpClass): 204 PUT http://10.180.1.21/identity/v3/projects/9dd361d76641496c8a436bc4c1209dc0/users/f24d9c3f42a44c9da750a91f12d0914b/roles/9177602ed7ec4f8eb95324383e4cb1c2 0.153s
2025-02-11 14:56:52.936 75144 INFO tempest.lib.common.dynamic_creds [-] Dynamic test user f24d9c3f42a44c9da750a91f12d0914b is created with scope project and roles: ['member']
2025-02-11 14:56:52.937 75144 INFO tempest.lib.common.dynamic_creds [-] Acquired dynamic creds: credentials: Credentials: {'domain_id': 'default', 'domain_name': 'Default', 'username': 'tempest-FloatingIPsTestJSON-1338676200-project-member', 'project_domain_id': 'default', 'project_domain_name': 'Default', 'project_id': '9dd361d76641496c8a436bc4c1209dc0', 'project_name': 'tempest-FloatingIPsTestJSON-1338676200', 'tenant_id': '9dd361d76641496c8a436bc4c1209dc0', 'tenant_name': 'tempest-FloatingIPsTestJSON-1338676200', 'user_domain_id': 'default', 'user_domain_name': 'Default', 'user_id': 'f24d9c3f42a44c9da750a91f12d0914b', 'system': None}, Network: None, Subnet: None, Router: None
2025-02-11 14:56:52.942 75132 INFO tempest.lib.common.rest_client [req-b776c24a-48d4-41ab-88d7-c73369a4a07b req-b776c24a-48d4-41ab-88d7-c73369a4a07b ] Request (ServerDiskConfigTestJSON:setUpClass): 200 GET http://10.180.1.21/identity/v3/roles 0.129s
2025-02-11 14:56:52.947 75140 INFO tempest.lib.common.rest_client [req-f510ba0a-2c31-467a-9a6b-ab3aeb932960 req-f510ba0a-2c31-467a-9a6b-ab3aeb932960 ] Request (KeyPairsV2TestJSON:test_keypairs_create_list_delete): 200 POST http://10.180.1.21/compute/v2.1/os-keypairs 2.117s
2025-02-11 14:56:52.988 75128 INFO tempest.lib.common.rest_client [req-82a1190b-5f9b-483e-9f1f-a3254abe5678 req-82a1190b-5f9b-483e-9f1f-a3254abe5678 ] Request (FlavorsAdminTestJSON:test_create_flavor_with_uuid_id): 200 POST http://10.180.1.21/compute/v2.1/flavors 2.109s
2025-02-11 14:56:53.002 75154 INFO tempest.lib.common.rest_client [req-52586e5e-1b61-41b3-b46a-940d8d95a87a req-52586e5e-1b61-41b3-b46a-940d8d95a87a ] Request (HostsAdminNegativeTestJSON:tearDownClass): 201 POST http://10.180.1.21/identity/v3/auth/tokens 0.133s
2025-02-11 14:56:53.010 75174 INFO tempest.lib.common.rest_client [req-13c501cd-b445-41e2-a183-6f49c5421983 req-13c501cd-b445-41e2-a183-6f49c5421983 ] Request (FlavorsExtraSpecsTestJSON:tearDownClass): 202 DELETE http://10.180.1.21/compute/v2.1/flavors/414484901 2.121s
2025-02-11 14:56:53.012 75176 INFO tempest.lib.common.rest_client [req-5de113f6-40ac-4ae1-8613-a88f7250e662 req-5de113f6-40ac-4ae1-8613-a88f7250e662 ] Request (ServicesAdminTestJSON:setUpClass): 204 PUT http://10.180.1.21/identity/v3/projects/4c07da8e0bd3497bb694b9b97b8301a4/users/402f88b98c3e4d53969585a00802deff/roles/d028cf601d6f4b2c869def7978d08927 0.134s
2025-02-11 14:56:53.026 75136 INFO tempest.lib.common.rest_client [req-d1ac27ba-6c71-4df3-ae45-14c2d4c2a2b2 req-d1ac27ba-6c71-4df3-ae45-14c2d4c2a2b2 ] Request (ValidationResourcesFixture:setUp): 201 POST http://10.180.1.21:9696/networking/v2.0/security-groups 0.147s
2025-02-11 14:56:53.039 75172 INFO tempest.lib.common.rest_client [req-67c913a6-6826-44fd-ba59-92fe30123048 req-67c913a6-6826-44fd-ba59-92fe30123048 ] Request (ServerDiagnosticsNegativeTest:tearDownClass): 204 DELETE http://10.180.1.21/compute/v2.1/servers/cd9096f9-15ab-43b8-87af-d69296f2b475 2.257s
2025-02-11 14:56:53.080 75144 INFO tempest.lib.common.rest_client [req-70c40add-42ce-4a70-a348-d3b94bb132a8 req-70c40add-42ce-4a70-a348-d3b94bb132a8 ] Request (FloatingIPsTestJSON:setUpClass): 201 POST http://10.180.1.21/identity/v3/auth/tokens 0.143s
2025-02-11 14:56:53.091 75118 INFO tempest.lib.common.rest_client [req-933f60b3-8e41-4193-a412-edf7e2a1a4cf req-933f60b3-8e41-4193-a412-edf7e2a1a4cf ] Request (QuotaClassesAdminTestJSON:_run_cleanups): 200 PUT http://10.180.1.21/compute/v2.1/os-quota-class-sets/default 2.190s
2025-02-11 14:56:53.099 75132 INFO tempest.lib.common.rest_client [req-955bac0a-37f5-453c-a0b6-133458cbad74 req-955bac0a-37f5-453c-a0b6-133458cbad74 ] Request (ServerDiskConfigTestJSON:setUpClass): 204 PUT http://10.180.1.21/identity/v3/projects/424c2404cee54f8db33a3d54afec8300/users/df3e3151b6df47d4b30a476371869384/roles/9177602ed7ec4f8eb95324383e4cb1c2 0.157s
2025-02-11 14:56:53.100 75132 INFO tempest.lib.common.dynamic_creds [-] Dynamic test user df3e3151b6df47d4b30a476371869384 is created with scope project and roles: ['member']
2025-02-11 14:56:53.100 75132 INFO tempest.lib.common.dynamic_creds [-] Acquired dynamic creds: credentials: Credentials: {'domain_id': 'default', 'domain_name': 'Default', 'username': 'tempest-ServerDiskConfigTestJSON-1191662641-project-member', 'project_domain_id': 'default', 'project_domain_name': 'Default', 'project_id': '424c2404cee54f8db33a3d54afec8300', 'project_name': 'tempest-ServerDiskConfigTestJSON-1191662641', 'tenant_id': '424c2404cee54f8db33a3d54afec8300', 'tenant_name': 'tempest-ServerDiskConfigTestJSON-1191662641', 'user_domain_id': 'default', 'user_domain_name': 'Default', 'user_id': 'df3e3151b6df47d4b30a476371869384', 'system': None}, Network: None, Subnet: None, Router: None
2025-02-11 14:56:53.129 75114 INFO tempest.lib.common.rest_client [req-eb753322-8ecf-4cbe-bec5-2ca7e47bd4a8 req-eb753322-8ecf-4cbe-bec5-2ca7e47bd4a8 ] Request (ServerMetadataTestJSON:setUpClass): 200 GET http://10.180.1.21/compute/v2.1/servers/7de36d0e-3ddc-4a8d-981e-b76212795763 2.204s
2025-02-11 14:56:53.141 75114 INFO tempest.common.waiters [-] State transition "BUILD/None" ==> "BUILD/networking" after 6 second wait
2025-02-11 14:56:53.187 75176 INFO tempest.lib.common.rest_client [req-de88871f-1694-4996-a4fe-06e3210efdd4 req-de88871f-1694-4996-a4fe-06e3210efdd4 ] Request (ServicesAdminTestJSON:setUpClass): 200 GET http://10.180.1.21/identity/v3/roles 0.173s
2025-02-11 14:56:53.218 75132 INFO tempest.lib.common.rest_client [req-7df0189e-4edb-479b-8867-a1469c0cad5e req-7df0189e-4edb-479b-8867-a1469c0cad5e ] Request (ServerDiskConfigTestJSON:setUpClass): 201 POST http://10.180.1.21/identity/v3/auth/tokens 0.117s
2025-02-11 14:56:53.234 75176 INFO tempest.lib.common.rest_client [req-ae144287-7e5d-448f-a84d-0695b20d35d7 req-ae144287-7e5d-448f-a84d-0695b20d35d7 ] Request (ServicesAdminTestJSON:setUpClass): 204 PUT http://10.180.1.21/identity/v3/projects/4c07da8e0bd3497bb694b9b97b8301a4/users/402f88b98c3e4d53969585a00802deff/roles/d028cf601d6f4b2c869def7978d08927 0.046s
2025-02-11 14:56:53.234 75176 INFO tempest.lib.common.dynamic_creds [-] Dynamic test user 402f88b98c3e4d53969585a00802deff is created with scope project and roles: ['admin']
2025-02-11 14:56:53.234 75176 INFO tempest.lib.common.dynamic_creds [-] Acquired dynamic creds: credentials: Credentials: {'domain_id': 'default', 'domain_name': 'Default', 'username': 'tempest-ServicesAdminTestJSON-1628016171-project-admin', 'project_domain_id': 'default', 'project_domain_name': 'Default', 'project_id': '4c07da8e0bd3497bb694b9b97b8301a4', 'project_name': 'tempest-ServicesAdminTestJSON-1628016171', 'tenant_id': '4c07da8e0bd3497bb694b9b97b8301a4', 'tenant_name': 'tempest-ServicesAdminTestJSON-1628016171', 'user_domain_id': 'default', 'user_domain_name': 'Default', 'user_id': '402f88b98c3e4d53969585a00802deff', 'system': None}, Network: None, Subnet: None, Router: None
2025-02-11 14:56:53.235 75176 INFO tempest.lib.common.dynamic_creds [-] Created isolated network resources for: credentials: Credentials: {'domain_id': 'default', 'domain_name': 'Default', 'username': 'tempest-ServicesAdminTestJSON-1628016171-project-admin', 'project_domain_id': 'default', 'project_domain_name': 'Default', 'project_id': '4c07da8e0bd3497bb694b9b97b8301a4', 'project_name': 'tempest-ServicesAdminTestJSON-1628016171', 'tenant_id': '4c07da8e0bd3497bb694b9b97b8301a4', 'tenant_name': 'tempest-ServicesAdminTestJSON-1628016171', 'user_domain_id': 'default', 'user_domain_name': 'Default', 'user_id': '402f88b98c3e4d53969585a00802deff', 'system': None}, Network: None, Subnet: None, Router: None
2025-02-11 14:56:53.255 75160 INFO tempest.lib.common.rest_client [req-0128b629-76b7-45c1-9083-8542375f7df3 req-0128b629-76b7-45c1-9083-8542375f7df3 ] Request (ImagesOneServerNegativeTestJSON:setUpClass): 200 GET http://10.180.1.21/compute/v2.1/servers/40aec7d4-4813-496b-9715-581620edf38d 1.616s
2025-02-11 14:56:53.257 75136 INFO tempest.lib.common.rest_client [req-d79cba88-ae4f-4883-ac6d-ceda0f16398c req-d79cba88-ae4f-4883-ac6d-ceda0f16398c ] Request (ValidationResourcesFixture:setUp): 201 POST http://10.180.1.21:9696/networking/v2.0/security-group-rules 0.230s
2025-02-11 14:56:53.289 75118 INFO tempest.lib.common.rest_client [req-086354a8-cacd-4df0-81d8-6ddd5005c779 req-086354a8-cacd-4df0-81d8-6ddd5005c779 ] Request (QuotaClassesAdminTestJSON:tearDownClass): 204 DELETE http://10.180.1.21/identity/v3/users/d1d17dfe2fc5410a8bf054d8c79029bf 0.192s
2025-02-11 14:56:53.290 75146 INFO tempest.lib.common.rest_client [req-fffac25e-48e4-4d76-bd72-13161d70fad3 req-fffac25e-48e4-4d76-bd72-13161d70fad3 ] Request (ServersAdminTestJSON:setUpClass): 200 GET http://10.180.1.21/compute/v2.1/servers/d849054f-c589-4f05-b183-ca3c4d4ae5c4 2.142s
2025-02-11 14:56:53.298 75146 INFO tempest.common.waiters [-] State transition "BUILD/networking" ==> "BUILD/spawning" after 9 second wait
2025-02-11 14:56:53.366 75176 INFO tempest.lib.common.rest_client [req-0c4eceb3-5180-4176-8734-6781327c4e0e req-0c4eceb3-5180-4176-8734-6781327c4e0e ] Request (ServicesAdminTestJSON:setUpClass): 201 POST http://10.180.1.21/identity/v3/auth/tokens 0.127s
2025-02-11 14:56:53.466 75136 INFO tempest.lib.common.rest_client [req-fdd3db32-ca63-4262-947c-1466b3906237 req-fdd3db32-ca63-4262-947c-1466b3906237 ] Request (ValidationResourcesFixture:setUp): 201 POST http://10.180.1.21:9696/networking/v2.0/security-group-rules 0.209s
2025-02-11 14:56:53.471 75118 INFO tempest.lib.common.rest_client [req-7d132b1b-c316-40e9-9915-5695907222fe req-7d132b1b-c316-40e9-9915-5695907222fe ] Request (QuotaClassesAdminTestJSON:tearDownClass): 204 DELETE http://10.180.1.21/identity/v3/users/3d8f144cb0a34d1c9c849b26f4cba31c 0.182s
2025-02-11 14:56:53.472 75118 INFO tempest.lib.common.dynamic_creds [-] Deleting project and security group for project: 63866102449e487d83256560aeaabd0c
2025-02-11 14:56:53.545 75118 INFO tempest.lib.common.rest_client [req-c322b603-c632-4586-92b3-e031f8e1eddf req-c322b603-c632-4586-92b3-e031f8e1eddf ] Request (QuotaClassesAdminTestJSON:tearDownClass): 201 POST http://10.180.1.21/identity/v3/auth/tokens 0.072s
2025-02-11 14:56:53.568 75154 INFO tempest.lib.common.rest_client [req-777797ba-2ec0-4370-9b93-153bb6e827ad req-777797ba-2ec0-4370-9b93-153bb6e827ad ] Request (HostsAdminNegativeTestJSON:tearDownClass): 200 GET http://10.180.1.21:9696/networking/v2.0/security-groups?tenant_id=c501f173a54a49c184242a9f4d15ac35&name=default 0.565s
2025-02-11 14:56:53.696 75162 INFO tempest.lib.common.rest_client [req-afed3190-54d3-4693-8aed-52d903b69909 req-afed3190-54d3-4693-8aed-52d903b69909 ] Request (MigrationsAdminTest:test_list_migrations_in_flavor_resize_situation): 202 POST http://10.180.1.21/compute/v2.1/servers/28430a3c-e6e0-4db5-acdb-1cc2408ae7e6/action 1.705s
2025-02-11 14:56:53.718 75156 INFO tempest.lib.common.rest_client [req-22cafc05-d21e-4b3e-acc7-ee7deb65fe2c req-22cafc05-d21e-4b3e-acc7-ee7deb65fe2c ] Request (ServicesAdminNegativeTestJSON:test_get_service_with_valid_service_and_invalid_host): 200 GET http://10.180.1.21/compute/v2.1/os-services?host=xxx&binary=nova-scheduler 1.510s
2025-02-11 14:56:53.825 75144 INFO tempest.lib.common.rest_client [req-b53c046a-03cb-4b22-a34e-dcd4eba4a719 req-b53c046a-03cb-4b22-a34e-dcd4eba4a719 ] Request (FloatingIPsTestJSON:setUpClass): 201 POST http://10.180.1.21:9696/networking/v2.0/networks 0.745s
2025-02-11 14:56:54.120 75154 INFO tempest.lib.common.rest_client [req-88db11b0-7437-4471-98af-014ce90cbead req-88db11b0-7437-4471-98af-014ce90cbead ] Request (HostsAdminNegativeTestJSON:tearDownClass): 204 DELETE http://10.180.1.21:9696/networking/v2.0/security-groups/41aa7528-d900-4540-bb39-45bb4fd77af0 0.552s
2025-02-11 14:56:54.133 75148 INFO tempest.lib.common.rest_client [req-2b9484ed-f0c3-4176-b17c-0f9dd6623979 req-2b9484ed-f0c3-4176-b17c-0f9dd6623979 ] Request (FloatingIPDetailsTestJSON:tearDownClass): 202 DELETE http://10.180.1.21/compute/v2.1/os-floating-ips/18d6e163-6239-495c-bc77-7605fc33939d 2.185s
2025-02-11 14:56:54.192 75132 INFO tempest.lib.common.rest_client [req-2f08987f-eb4b-4ade-b846-4cb510c4764b req-2f08987f-eb4b-4ade-b846-4cb510c4764b ] Request (ServerDiskConfigTestJSON:setUpClass): 201 POST http://10.180.1.21:9696/networking/v2.0/networks 0.974s
2025-02-11 14:56:54.213 75154 INFO tempest.lib.common.rest_client [req-3ee69475-9a81-4e80-a403-8f56e6371b9a req-3ee69475-9a81-4e80-a403-8f56e6371b9a ] Request (HostsAdminNegativeTestJSON:tearDownClass): 204 DELETE http://10.180.1.21/identity/v3/projects/c501f173a54a49c184242a9f4d15ac35 0.092s
2025-02-11 14:56:54.213 75154 INFO tempest.lib.common.dynamic_creds [-] Deleting project and security group for project: 08d14393f2f3478eb24b6d742546a562
2025-02-11 14:56:54.216 75118 INFO tempest.lib.common.rest_client [req-2683e8af-1787-40cb-bffb-e96bd8317f10 req-2683e8af-1787-40cb-bffb-e96bd8317f10 ] Request (QuotaClassesAdminTestJSON:tearDownClass): 200 GET http://10.180.1.21:9696/networking/v2.0/security-groups?tenant_id=63866102449e487d83256560aeaabd0c&name=default 0.671s
2025-02-11 14:56:54.244 75158 INFO tempest.lib.common.rest_client [req-7e104b8e-8e77-4241-96ac-ce0d21cf3976 req-7e104b8e-8e77-4241-96ac-ce0d21cf3976 ] Request (ImagesOneServerTestJSON:setUpClass): 200 GET http://10.180.1.21/compute/v2.1/servers/9151c36e-bbb8-47ca-9833-ffd7c07b58e6 1.910s
2025-02-11 14:56:54.252 75158 INFO tempest.common.waiters [-] State transition "BUILD/spawning" ==> "ACTIVE/None" after 20 second wait
2025-02-11 14:56:54.277 75130 INFO tempest.lib.common.rest_client [req-fe42575b-0d62-4f2d-9a07-954ae29d248e req-fe42575b-0d62-4f2d-9a07-954ae29d248e ] Request (ServicesAdminNegativeV253TestJSON:test_get_service_by_invalid_service_and_valid_host): 200 GET http://10.180.1.21/compute/v2.1/os-services?host=devstack&binary=xxx 1.850s
2025-02-11 14:56:54.292 75144 INFO tempest.lib.common.rest_client [req-44940227-a535-4a9f-81f2-2977ce3d6aab req-44940227-a535-4a9f-81f2-2977ce3d6aab ] Request (FloatingIPsTestJSON:setUpClass): 201 POST http://10.180.1.21:9696/networking/v2.0/subnets 0.465s
2025-02-11 14:56:54.335 75171 INFO tempest.lib.common.rest_client [req-a36b4c11-11e2-4a5e-bab4-4f7fa1e39c58 req-a36b4c11-11e2-4a5e-bab4-4f7fa1e39c58 ] Request (QuotasAdminNegativeTest:test_create_server_when_memory_quota_is_full): 200 PUT http://10.180.1.21/compute/v2.1/os-quota-sets/00ff698ca66546c390930e3f8da97505 1.932s
2025-02-11 14:56:54.358 75122 INFO tempest.lib.common.rest_client [req-887f3808-3f20-4059-bac0-11e7f3cc9047 req-887f3808-3f20-4059-bac0-11e7f3cc9047 ] Request (FlavorsAccessNegativeTestJSON:_run_cleanups): 202 DELETE http://10.180.1.21/compute/v2.1/flavors/732808611 1.682s
2025-02-11 14:56:54.363 75138 INFO tempest.lib.common.rest_client [req-38537253-30a2-4cdf-b69f-e448ca786931 req-38537253-30a2-4cdf-b69f-e448ca786931 ] Request (ServerMetadataNegativeTestJSON:setUpClass): 200 GET http://10.180.1.21/compute/v2.1/servers/a137e775-782b-4a9f-9d1a-aca973bb79fd 1.832s
2025-02-11 14:56:54.434 75171 INFO tempest.lib.common.rest_client [req-dd4b82d9-b74b-4fba-b02b-1143caf628f3 req-dd4b82d9-b74b-4fba-b02b-1143caf628f3 ] Request (QuotasAdminNegativeTest:test_create_server_when_memory_quota_is_full): 201 POST http://10.180.1.21/identity/v3/auth/tokens 0.087s
2025-02-11 14:56:54.435 75171 INFO tempest.lib.common.fixed_network [-] (QuotasAdminNegativeTest:test_create_server_when_memory_quota_is_full) Found network None available for tenant
2025-02-11 14:56:54.446 75126 INFO tempest.lib.common.rest_client [req-04f17980-a7f3-485a-aa83-15dfb1a24f67 req-04f17980-a7f3-485a-aa83-15dfb1a24f67 ] Request (ServerDiagnosticsTest:test_get_server_diagnostics): 200 GET http://10.180.1.21/compute/v2.1/servers/66dc2392-020d-4abe-8344-b0386078dea0 1.647s
2025-02-11 14:56:54.460 75126 INFO tempest.common.waiters [-] State transition "BUILD/scheduling" ==> "BUILD/None" after 6 second wait
2025-02-11 14:56:54.462 75118 INFO tempest.lib.common.rest_client [req-3e2f8bb4-01e6-43b2-b855-d0ec2533af52 req-3e2f8bb4-01e6-43b2-b855-d0ec2533af52 ] Request (QuotaClassesAdminTestJSON:tearDownClass): 204 DELETE http://10.180.1.21:9696/networking/v2.0/security-groups/99e89ffb-db60-46f1-aa44-bd65bd3ebaf2 0.244s
2025-02-11 14:56:54.517 75140 INFO tempest.lib.common.rest_client [req-2d7ddecc-a4f4-42ce-ab78-42a240d0be70 req-2d7ddecc-a4f4-42ce-ab78-42a240d0be70 ] Request (KeyPairsV2TestJSON:test_keypairs_create_list_delete): 200 POST http://10.180.1.21/compute/v2.1/os-keypairs 1.566s
2025-02-11 14:56:54.519 75154 INFO tempest.lib.common.rest_client [req-b65b901e-bd1b-4820-b0a7-dadeb7cf3eae req-b65b901e-bd1b-4820-b0a7-dadeb7cf3eae ] Request (HostsAdminNegativeTestJSON:tearDownClass): 200 GET http://10.180.1.21:9696/networking/v2.0/security-groups?tenant_id=08d14393f2f3478eb24b6d742546a562&name=default 0.305s
2025-02-11 14:56:54.540 75128 INFO tempest.lib.common.rest_client [req-f9525be0-9dcb-4973-8db4-70baa92bab49 req-f9525be0-9dcb-4973-8db4-70baa92bab49 ] Request (FlavorsAdminTestJSON:_run_cleanups): 202 DELETE http://10.180.1.21/compute/v2.1/flavors/b9f46b49-2bf0-4baa-a072-84b3572b1090 1.550s
2025-02-11 14:56:54.570 75174 INFO tempest.lib.common.rest_client [req-0a8befd9-6279-4d0a-ad0f-13f70aef4d82 req-0a8befd9-6279-4d0a-ad0f-13f70aef4d82 ] Request (FlavorsExtraSpecsTestJSON:tearDownClass): 200 GET http://10.180.1.21/compute/v2.1/flavors/detail 1.558s
2025-02-11 14:56:54.580 75120 INFO tempest.lib.common.rest_client [req-4cc7f1ad-d4ad-4dec-b3c0-2917d3bbdf9d req-4cc7f1ad-d4ad-4dec-b3c0-2917d3bbdf9d ] Request (ImagesNegativeTestJSON:test_create_image_from_deleted_server): 200 GET http://10.180.1.21/compute/v2.1/servers/40fc9f22-d736-46d2-9f49-3650a7a1cb63 1.856s
2025-02-11 14:56:54.598 75118 INFO tempest.lib.common.rest_client [req-1040fddd-14f7-48bd-b235-fe59d3102f9d req-1040fddd-14f7-48bd-b235-fe59d3102f9d ] Request (QuotaClassesAdminTestJSON:tearDownClass): 204 DELETE http://10.180.1.21/identity/v3/projects/63866102449e487d83256560aeaabd0c 0.136s
2025-02-11 14:56:54.598 75118 INFO tempest.lib.common.dynamic_creds [-] Deleting project and security group for project: d1fb367ba6c44bf48dde11c7269fc2f0
2025-02-11 14:56:54.677 75164 INFO tempest.lib.common.rest_client [req-978ccb40-4db2-4d6b-9b77-f065a61cc7e7 req-978ccb40-4db2-4d6b-9b77-f065a61cc7e7 ] Request (DeleteServersAdminTestJSON:test_admin_delete_servers_of_others): 200 GET http://10.180.1.21/compute/v2.1/servers/e34b99bc-8c39-47d3-8e6c-d45701d28ee1 1.483s
2025-02-11 14:56:54.683 75132 INFO tempest.lib.common.rest_client [req-e5102cf7-dd6d-4fcc-8492-41d30080f9c3 req-e5102cf7-dd6d-4fcc-8492-41d30080f9c3 ] Request (ServerDiskConfigTestJSON:setUpClass): 201 POST http://10.180.1.21:9696/networking/v2.0/subnets 0.490s
2025-02-11 14:56:54.689 75164 INFO tempest.common.waiters [-] State transition "ACTIVE/deleting" ==> "DELETED/None" after 2 second wait
2025-02-11 14:56:54.732 75174 INFO tempest.lib.common.rest_client [req-085973d6-eb5f-4815-882c-067bb36e93d7 req-085973d6-eb5f-4815-882c-067bb36e93d7 ] Request (FlavorsExtraSpecsTestJSON:tearDownClass): 204 DELETE http://10.180.1.21/identity/v3/users/4b35dbcce2a241f3acf2714f921c5b02 0.155s
2025-02-11 14:56:54.836 75174 INFO tempest.lib.common.rest_client [req-4a4d0308-56a9-4e28-824f-2dfafe0c7710 req-4a4d0308-56a9-4e28-824f-2dfafe0c7710 ] Request (FlavorsExtraSpecsTestJSON:tearDownClass): 204 DELETE http://10.180.1.21/identity/v3/users/94e1450c3373498ea56e3adcd97d3d3d 0.103s
2025-02-11 14:56:54.836 75174 INFO tempest.lib.common.dynamic_creds [-] Deleting project and security group for project: 7400390fdbc94d93934db5bf2cf753e7
2025-02-11 14:56:54.844 75154 INFO tempest.lib.common.rest_client [req-8112ef64-b844-44fe-a748-b6771a33d2aa req-8112ef64-b844-44fe-a748-b6771a33d2aa ] Request (HostsAdminNegativeTestJSON:tearDownClass): 204 DELETE http://10.180.1.21:9696/networking/v2.0/security-groups/84d51e6e-2f07-431c-a426-7932e950ca33 0.324s
2025-02-11 14:56:54.901 75174 INFO tempest.lib.common.rest_client [req-5c205aa7-d07b-46fd-a750-ee16a43bf7aa req-5c205aa7-d07b-46fd-a750-ee16a43bf7aa ] Request (FlavorsExtraSpecsTestJSON:tearDownClass): 201 POST http://10.180.1.21/identity/v3/auth/tokens 0.064s
2025-02-11 14:56:54.923 75136 INFO tempest.lib.common.rest_client [req-47b5a71f-7bcf-4e05-8e88-235817d4c23e req-47b5a71f-7bcf-4e05-8e88-235817d4c23e ] Request (ValidationResourcesFixture:setUp): 201 POST http://10.180.1.21:9696/networking/v2.0/floatingips 1.456s
2025-02-11 14:56:54.952 75154 INFO tempest.lib.common.rest_client [req-07219ed6-6639-4871-b5c7-c9334a66027a req-07219ed6-6639-4871-b5c7-c9334a66027a ] Request (HostsAdminNegativeTestJSON:tearDownClass): 204 DELETE http://10.180.1.21/identity/v3/projects/08d14393f2f3478eb24b6d742546a562 0.108s
2025-02-11 14:56:54.953 75154 INFO tempest.test [-] raised in LiveMigrationRemoteConsolesV26Test.setUpClass. Invoking tearDownClass.
2025-02-11 14:56:54.977 75118 INFO tempest.lib.common.rest_client [req-bde118cb-c208-43df-af17-84b391dcafb2 req-bde118cb-c208-43df-af17-84b391dcafb2 ] Request (QuotaClassesAdminTestJSON:tearDownClass): 200 GET http://10.180.1.21:9696/networking/v2.0/security-groups?tenant_id=d1fb367ba6c44bf48dde11c7269fc2f0&name=default 0.379s
2025-02-11 14:56:55.009 75136 INFO tempest.lib.common.rest_client [req-20f7c921-8c69-49f6-8640-916df4ddddf1 req-20f7c921-8c69-49f6-8640-916df4ddddf1 ] Request (ServersWithSpecificFlavorTestJSON:test_verify_created_server_ephemeral_disk): 201 POST http://10.180.1.21/identity/v3/auth/tokens 0.084s
2025-02-11 14:56:55.010 75136 INFO tempest.lib.common.fixed_network [-] (ServersWithSpecificFlavorTestJSON:test_verify_created_server_ephemeral_disk) Found network {'id': '6e6c6a3c-ed6d-4098-a9c9-f105f76db42f', 'name': 'tempest-ServersWithSpecificFlavorTestJSON-1664427655-network', 'tenant_id': '541a82995aef4fb69ee9b19f89954efd', 'admin_state_up': True, 'mtu': 8950, 'status': 'ACTIVE', 'subnets': [], 'shared': False, 'project_id': '541a82995aef4fb69ee9b19f89954efd', 'port_security_enabled': True, 'router:external': False, 'provider:network_type': 'vlan', 'provider:physical_network': 'default', 'provider:segmentation_id': 926, 'availability_zone_hints': [], 'availability_zones': [], 'ipv4_address_scope': None, 'ipv6_address_scope': None, 'description': '', 'tags': [], 'created_at': '2025-02-11T14:56:22Z', 'updated_at': '2025-02-11T14:56:22Z', 'revision_number': 1} available for tenant
2025-02-11 14:56:55.048 75172 INFO tempest.lib.common.rest_client [req-1b50eb99-b5ef-4ab2-b106-cb16c004f3f8 req-1b50eb99-b5ef-4ab2-b106-cb16c004f3f8 ] Request (ServerDiagnosticsNegativeTest:tearDownClass): 200 GET http://10.180.1.21/compute/v2.1/servers/cd9096f9-15ab-43b8-87af-d69296f2b475 2.009s
2025-02-11 14:56:55.090 75154 INFO tempest.lib.common.rest_client [req-8b5fb878-0c11-46d7-9455-5e1e8697c2fc req-8b5fb878-0c11-46d7-9455-5e1e8697c2fc ] Request (SecurityGroupRulesTestJSON:setUpClass): 201 POST http://10.180.1.21/identity/v3/auth/tokens 0.127s
2025-02-11 14:56:55.144 75154 INFO tempest.lib.common.rest_client [req-f4fbcee1-087e-4f90-8116-86378f178258 req-f4fbcee1-087e-4f90-8116-86378f178258 ] Request (SecurityGroupRulesTestJSON:setUpClass): 201 POST http://10.180.1.21/identity/v3/auth/tokens 0.051s
2025-02-11 14:56:55.184 75154 INFO tempest.lib.common.rest_client [req-db2834dc-3592-439d-83c7-8e13ba3d9344 req-db2834dc-3592-439d-83c7-8e13ba3d9344 ] Request (SecurityGroupRulesTestJSON:setUpClass): 200 GET http://10.180.1.21/identity/v3/domains?name=Default 0.040s
2025-02-11 14:56:55.219 75142 INFO tempest.lib.common.rest_client [req-9667d30b-8162-4f8e-80bc-55eef4a715c4 req-9667d30b-8162-4f8e-80bc-55eef4a715c4 ] Request (ServerDiagnosticsV248Test:test_get_server_diagnostics): 200 GET http://10.180.1.21/compute/v2.1/servers/44764155-3721-43aa-9a7a-23f604123f4f/diagnostics 1.974s
2025-02-11 14:56:55.220 75154 INFO tempest.lib.common.rest_client [req-87c94ea2-ac89-4f5c-902c-e1947b29b156 req-87c94ea2-ac89-4f5c-902c-e1947b29b156 ] Request (SecurityGroupRulesTestJSON:setUpClass): 201 POST http://10.180.1.21/identity/v3/projects 0.035s
2025-02-11 14:56:55.290 75154 INFO tempest.lib.common.rest_client [req-8648bb60-323b-46e8-9706-e84e6f52d241 req-8648bb60-323b-46e8-9706-e84e6f52d241 ] Request (SecurityGroupRulesTestJSON:setUpClass): 201 POST http://10.180.1.21/identity/v3/users 0.069s
2025-02-11 14:56:55.294 75176 INFO tempest.lib.common.rest_client [req-526a244c-6f86-41d2-b204-df693b7a59d6 req-526a244c-6f86-41d2-b204-df693b7a59d6 ] Request (ServicesAdminTestJSON:test_get_service_by_host_name): 200 GET http://10.180.1.21/compute/v2.1/os-services 1.925s
2025-02-11 14:56:55.317 75154 INFO tempest.lib.common.rest_client [req-7025133f-1689-42af-b5d3-520987268897 req-7025133f-1689-42af-b5d3-520987268897 ] Request (SecurityGroupRulesTestJSON:setUpClass): 200 GET http://10.180.1.21/identity/v3/roles 0.026s
2025-02-11 14:56:55.357 75154 INFO tempest.lib.common.rest_client [req-af8d0501-bc15-44a6-8c01-9303b11170b2 req-af8d0501-bc15-44a6-8c01-9303b11170b2 ] Request (SecurityGroupRulesTestJSON:setUpClass): 204 PUT http://10.180.1.21/identity/v3/projects/59e4d03eb58d40a9a525d8610e7783fd/users/1509f61e190a4976b371ad09766e33ac/roles/9177602ed7ec4f8eb95324383e4cb1c2 0.039s
2025-02-11 14:56:55.357 75154 INFO tempest.lib.common.dynamic_creds [-] Dynamic test user 1509f61e190a4976b371ad09766e33ac is created with scope project and roles: ['member']
2025-02-11 14:56:55.358 75154 INFO tempest.lib.common.dynamic_creds [-] Acquired dynamic creds: credentials: Credentials: {'domain_id': 'default', 'domain_name': 'Default', 'username': 'tempest-SecurityGroupRulesTestJSON-1479097578-project-member', 'project_domain_id': 'default', 'project_domain_name': 'Default', 'project_id': '59e4d03eb58d40a9a525d8610e7783fd', 'project_name': 'tempest-SecurityGroupRulesTestJSON-1479097578', 'tenant_id': '59e4d03eb58d40a9a525d8610e7783fd', 'tenant_name': 'tempest-SecurityGroupRulesTestJSON-1479097578', 'user_domain_id': 'default', 'user_domain_name': 'Default', 'user_id': '1509f61e190a4976b371ad09766e33ac', 'system': None}, Network: None, Subnet: None, Router: None
2025-02-11 14:56:55.409 75116 INFO tempest.lib.common.rest_client [req-db5e2ad5-40d3-4211-b411-0017525ad2f9 req-db5e2ad5-40d3-4211-b411-0017525ad2f9 ] Request (InstanceActionsNegativeTestJSON:setUpClass): 200 GET http://10.180.1.21/compute/v2.1/servers/29800ae8-cf13-4cc6-b38e-2957a1d85b82 1.786s
2025-02-11 14:56:55.431 75118 INFO tempest.lib.common.rest_client [req-ca45496b-fd4b-42ab-8949-078452d3fc77 req-ca45496b-fd4b-42ab-8949-078452d3fc77 ] Request (QuotaClassesAdminTestJSON:tearDownClass): 204 DELETE http://10.180.1.21:9696/networking/v2.0/security-groups/1f1e5e3f-7ccb-4116-9524-e92dcc3f930e 0.454s
2025-02-11 14:56:55.446 75154 INFO tempest.lib.common.rest_client [req-1e004928-b7f0-4f5b-ae35-fe1fd1731a49 req-1e004928-b7f0-4f5b-ae35-fe1fd1731a49 ] Request (SecurityGroupRulesTestJSON:setUpClass): 201 POST http://10.180.1.21/identity/v3/auth/tokens 0.087s
2025-02-11 14:56:55.535 75151 INFO tempest.lib.common.rest_client [req-b76ad97e-87dc-49cb-9dff-588b87ac851a req-b76ad97e-87dc-49cb-9dff-588b87ac851a ] Request (SecurityGroupsTestJSON:test_list_security_groups_by_server): 200 GET http://10.180.1.21/compute/v2.1/servers/76c1f3cb-b2f4-4c43-aa76-1a8f193976e2 1.983s
2025-02-11 14:56:55.547 75124 INFO tempest.lib.common.rest_client [req-7c43cd1c-3189-4c3b-926a-67e68f4193d7 req-7c43cd1c-3189-4c3b-926a-67e68f4193d7 ] Request (VolumesAssistedSnapshotsTest:test_volume_assisted_snapshot_create_delete): 200 GET http://10.180.1.21/compute/v2.1/servers/ba58fc02-6d38-4df0-9d15-5f6468dcbc65 1.868s
2025-02-11 14:56:55.555 75124 INFO tempest.common.waiters [-] State transition "BUILD/scheduling" ==> "BUILD/None" after 6 second wait
2025-02-11 14:56:55.577 75118 INFO tempest.lib.common.rest_client [req-651e2a1f-ca04-4e7d-bce6-91d404e8f0c3 req-651e2a1f-ca04-4e7d-bce6-91d404e8f0c3 ] Request (QuotaClassesAdminTestJSON:tearDownClass): 204 DELETE http://10.180.1.21/identity/v3/projects/d1fb367ba6c44bf48dde11c7269fc2f0 0.145s
2025-02-11 14:56:55.578 75118 INFO tempest.test [-] raised in ServerBootFromVolumeStableRescueTest.setUpClass. Invoking tearDownClass.
2025-02-11 14:56:55.580 75118 INFO tempest.test [-] raised in ServerStableDeviceRescueTest.setUpClass. Invoking tearDownClass.
2025-02-11 14:56:55.582 75118 INFO tempest.test [-] raised in AttachVolumeMultiAttachTest.setUpClass. Invoking tearDownClass.
2025-02-11 14:56:55.605 75174 INFO tempest.lib.common.rest_client [req-5017b39b-eabf-4905-a932-119fe27e3955 req-5017b39b-eabf-4905-a932-119fe27e3955 ] Request (FlavorsExtraSpecsTestJSON:tearDownClass): 200 GET http://10.180.1.21:9696/networking/v2.0/security-groups?tenant_id=7400390fdbc94d93934db5bf2cf753e7&name=default 0.704s
2025-02-11 14:56:55.715 75156 INFO tempest.lib.common.rest_client [req-2eedc3b7-accf-496c-b0c0-32e7ac9ce697 req-2eedc3b7-accf-496c-b0c0-32e7ac9ce697 ] Request (ServicesAdminNegativeTestJSON:test_list_services_with_non_admin_user): 403 GET http://10.180.1.21/compute/v2.1/os-services 1.993s
2025-02-11 14:56:55.825 75156 INFO tempest.lib.common.rest_client [req-f80b7b12-e291-479c-aca9-b144ac91e35c req-f80b7b12-e291-479c-aca9-b144ac91e35c ] Request (ServicesAdminNegativeTestJSON:tearDownClass): 204 DELETE http://10.180.1.21/identity/v3/users/5eb7e160213a461297b6d934e25c8e83 0.109s
2025-02-11 14:56:55.842 75162 INFO tempest.lib.common.rest_client [req-6702f437-5c62-4441-8ef8-2c268207b747 req-6702f437-5c62-4441-8ef8-2c268207b747 ] Request (MigrationsAdminTest:test_list_migrations_in_flavor_resize_situation): 200 GET http://10.180.1.21/compute/v2.1/servers/28430a3c-e6e0-4db5-acdb-1cc2408ae7e6 2.145s
2025-02-11 14:56:55.919 75156 INFO tempest.lib.common.rest_client [req-30969628-1d7c-45f8-a55e-1e867d07980d req-30969628-1d7c-45f8-a55e-1e867d07980d ] Request (ServicesAdminNegativeTestJSON:tearDownClass): 204 DELETE http://10.180.1.21/identity/v3/users/161c7257fa5c41069a69dd0974b40b92 0.093s
2025-02-11 14:56:55.920 75156 INFO tempest.lib.common.dynamic_creds [-] Deleting project and security group for project: 0ff95b31dc0a43b9851333e98cbdfd08
2025-02-11 14:56:55.953 75166 INFO tempest.lib.common.rest_client [req-26d8df06-841e-46dc-a3b4-02bb862e3b05 req-26d8df06-841e-46dc-a3b4-02bb862e3b05 ] Request (MultipleCreateTestJSON:test_multiple_create): 200 GET http://10.180.1.21/compute/v2.1/servers/0bada36e-44cd-4d00-92d1-f5796e80a9c7 2.118s
2025-02-11 14:56:55.975 75134 INFO tempest.lib.common.rest_client [req-f056ca60-c513-43d5-8b99-4f66ce93250d req-f056ca60-c513-43d5-8b99-4f66ce93250d ] Request (ServerExternalEventsTest:test_create_server_external_events): 200 GET http://10.180.1.21/compute/v2.1/servers/82d18aa7-cc38-43cf-8d56-dcb032b9c8a1 2.214s
2025-02-11 14:56:55.997 75156 INFO tempest.lib.common.rest_client [req-d1f0d09b-94e1-4d9b-a00a-145562af2581 req-d1f0d09b-94e1-4d9b-a00a-145562af2581 ] Request (ServicesAdminNegativeTestJSON:tearDownClass): 201 POST http://10.180.1.21/identity/v3/auth/tokens 0.077s
2025-02-11 14:56:56.042 75168 INFO tempest.lib.common.rest_client [req-fe6ae250-c23f-4bd0-8a71-9572e0d1e304 req-fe6ae250-c23f-4bd0-8a71-9572e0d1e304 ] Request (ListImageFiltersTestJSON:setUpClass): 200 GET http://10.180.1.21/compute/v2.1/servers/ab15036b-8330-4374-b176-21faaa4b36ca 2.117s
2025-02-11 14:56:56.161 75174 INFO tempest.lib.common.rest_client [req-2159f5f9-ef04-492d-bada-2b09f7f705ef req-2159f5f9-ef04-492d-bada-2b09f7f705ef ] Request (FlavorsExtraSpecsTestJSON:tearDownClass): 204 DELETE http://10.180.1.21:9696/networking/v2.0/security-groups/64cd8644-48cb-4992-a685-ccf8df0d0a6e 0.556s
2025-02-11 14:56:56.270 75174 INFO tempest.lib.common.rest_client [req-2e5815b6-1cbf-40ad-a6fe-91f4008f0ee8 req-2e5815b6-1cbf-40ad-a6fe-91f4008f0ee8 ] Request (FlavorsExtraSpecsTestJSON:tearDownClass): 204 DELETE http://10.180.1.21/identity/v3/projects/7400390fdbc94d93934db5bf2cf753e7 0.108s
2025-02-11 14:56:56.270 75174 INFO tempest.lib.common.dynamic_creds [-] Deleting project and security group for project: d8acf664f8074227a2c1a3fc8bba6910
