2025-02-11 14:57:18.145 75140 INFO tempest.lib.common.rest_client [req-65daf604-2b90-48cd-85c1-ee9e09aa7fe5 req-65daf604-2b90-48cd-85c1-ee9e09aa7fe5 ] Request (AttachInterfacesUnderV243Test:test_add_remove_fixed_ip): 200 GET http://10.180.1.21/compute/v2.1/servers/06425207-1a60-4041-a077-da76149d816b 1.198s
2025-02-11 14:57:18.176 75144 INFO tempest.lib.common.rest_client [req-85045f93-f5e9-4b33-9185-18941f4ac2ae req-85045f93-f5e9-4b33-9185-18941f4ac2ae ] Request (AttachInterfacesV270Test:setUpClass): 201 POST http://10.180.1.21:9696/networking/v2.0/networks 0.536s
2025-02-11 14:57:18.180 75122 INFO tempest.lib.common.rest_client [req-a0abe9bd-c59c-4abd-90f1-8fd0d78b93cf req-a0abe9bd-c59c-4abd-90f1-8fd0d78b93cf ] Request (FlavorsV261TestJSON:setUpClass): 201 POST http://10.180.1.21/identity/v3/auth/tokens 0.096s
2025-02-11 14:57:18.196 75168 INFO tempest.lib.common.rest_client [req-6b4be125-df29-42b1-b0a8-47e5678a2b05 req-6b4be125-df29-42b1-b0a8-47e5678a2b05 ] Request (ListImageFiltersTestJSON:setUpClass): 200 GET http://10.180.1.21/compute/v2.1/servers/ab15036b-8330-4374-b176-21faaa4b36ca 0.880s
2025-02-11 14:57:18.199 75151 INFO tempest.lib.common.rest_client [req-52ba708f-4d9f-4cd9-b8a5-a47ee74ed736 req-52ba708f-4d9f-4cd9-b8a5-a47ee74ed736 ] Request (SecurityGroupsTestJSON:test_security_groups_create_list_delete): 200 GET http://10.180.1.21/compute/v2.1/os-security-groups 1.275s
2025-02-11 14:57:18.254 75176 INFO tempest.lib.common.rest_client [req-ea5a79ec-b0af-4919-a871-d9c88db5176b req-ea5a79ec-b0af-4919-a871-d9c88db5176b ] Request (ServerPasswordTestJSON:setUpClass): 200 GET http://10.180.1.21/compute/v2.1/servers/cdd0f2e3-948a-4117-9455-fbfe561ba7dd 0.864s
2025-02-11 14:57:18.316 75162 INFO tempest.lib.common.rest_client [req-36317fa9-7187-48f9-bd65-40aa3d677a48 req-36317fa9-7187-48f9-bd65-40aa3d677a48 ] Request (MigrationsAdminTest:test_list_migrations_in_flavor_resize_situation): 200 GET http://10.180.1.21/compute/v2.1/servers/28430a3c-e6e0-4db5-acdb-1cc2408ae7e6 0.928s
2025-02-11 14:57:18.366 75156 INFO tempest.lib.common.rest_client [req-f324298e-22fc-44e4-bc3d-82053929fa28 req-f324298e-22fc-44e4-bc3d-82053929fa28 ] Request (TenantUsagesTestJSON:setUpClass): 200 GET http://10.180.1.21/compute/v2.1/servers/74028176-fab3-404b-9039-2a3bc317fe95 0.761s
2025-02-11 14:57:18.381 75158 INFO tempest.lib.common.rest_client [req-98a2de7e-d658-4cf6-87d7-47810feb5031 req-98a2de7e-d658-4cf6-87d7-47810feb5031 ] Request (ImagesOneServerTestJSON:test_create_delete_image): 200 GET http://10.180.1.21/compute/v2.1/flavors/42 0.743s
2025-02-11 14:57:18.437 75160 INFO tempest.lib.common.rest_client [req-eebaad0c-8c9c-4802-996c-c1cb1b84740e req-eebaad0c-8c9c-4802-996c-c1cb1b84740e ] Request (ImagesOneServerNegativeTestJSON:setUpClass): 200 GET http://10.180.1.21/compute/v2.1/servers/40aec7d4-4813-496b-9715-581620edf38d 0.771s
2025-02-11 14:57:18.486 75154 INFO tempest.lib.common.rest_client [req-acbd7471-e33e-43e4-a136-59b07ff0fbcb req-acbd7471-e33e-43e4-a136-59b07ff0fbcb ] Request (SecurityGroupRulesTestJSON:test_security_group_rules_delete_when_peer_group_deleted): 202 DELETE http://10.180.1.21/compute/v2.1/os-security-groups/42ce2c0e-35df-4488-af6b-fed7b10b139a 0.942s
2025-02-11 14:57:18.506 75114 INFO tempest.lib.common.rest_client [req-77d1d2dd-dfa0-4ac6-a743-4143a78b73f3 req-77d1d2dd-dfa0-4ac6-a743-4143a78b73f3 ] Request (ServerMetadataTestJSON:test_set_server_metadata): 200 PUT http://10.180.1.21/compute/v2.1/servers/7de36d0e-3ddc-4a8d-981e-b76212795763/metadata 0.788s
2025-02-11 14:57:18.509 75128 INFO tempest.lib.common.rest_client [req-edbb7361-e91b-4135-b54d-8915bc80c400 req-edbb7361-e91b-4135-b54d-8915bc80c400 ] Request (FlavorsAdminTestJSON:test_is_public_string_variations): 200 GET http://10.180.1.21/compute/v2.1/flavors/detail?is_public=false 0.770s
2025-02-11 14:57:18.525 75144 INFO tempest.lib.common.rest_client [req-f5e6d910-8ac1-4042-95a1-b1ed60cc7178 req-f5e6d910-8ac1-4042-95a1-b1ed60cc7178 ] Request (AttachInterfacesV270Test:setUpClass): 201 POST http://10.180.1.21:9696/networking/v2.0/subnets 0.348s
2025-02-11 14:57:18.578 75142 INFO tempest.lib.common.rest_client [req-fff60671-230d-4c9a-a55c-2aa994fa1e9f req-fff60671-230d-4c9a-a55c-2aa994fa1e9f ] Request (ServerDiagnosticsV248Test:tearDownClass): 200 GET http://10.180.1.21/compute/v2.1/servers/44764155-3721-43aa-9a7a-23f604123f4f 0.814s
2025-02-11 14:57:18.579 75126 INFO tempest.lib.common.rest_client [req-d4256254-8773-4887-b5ab-7a1ac7c8cdb4 req-d4256254-8773-4887-b5ab-7a1ac7c8cdb4 ] Request (ServerDiagnosticsTest:tearDownClass): 204 DELETE http://10.180.1.21/compute/v2.1/servers/66dc2392-020d-4abe-8344-b0386078dea0 0.829s
2025-02-11 14:57:18.601 75172 INFO tempest.lib.common.rest_client [req-3a2e9e8a-6270-4291-8baa-170c1952579b req-3a2e9e8a-6270-4291-8baa-170c1952579b ] Request (FlavorsV2TestJSON:test_list_flavors): 200 GET http://10.180.1.21/compute/v2.1/flavors 0.717s
2025-02-11 14:57:18.610 75148 INFO tempest.lib.common.rest_client [req-59a97774-5fd5-4561-b773-a6748e2c4156 req-59a97774-5fd5-4561-b773-a6748e2c4156 ] Request (KeyPairsNegativeTestJSON:test_keypair_create_with_invalid_pub_key): 400 POST http://10.180.1.21/compute/v2.1/os-keypairs 0.842s
2025-02-11 14:57:18.669 75136 INFO tempest.lib.common.rest_client [req-ecd9d05c-e583-491c-94da-4348f8bfe1ec req-ecd9d05c-e583-491c-94da-4348f8bfe1ec ] Request (ServersWithSpecificFlavorTestJSON:test_verify_created_server_ephemeral_disk): 200 GET http://10.180.1.21/compute/v2.1/servers/fe8f8450-e405-4682-b03b-a48dabaf272c 0.672s
2025-02-11 14:57:18.729 75138 INFO tempest.lib.common.rest_client [req-34d91702-cc9e-4cf2-b082-f4c4d4e266a6 req-34d91702-cc9e-4cf2-b082-f4c4d4e266a6 ] Request (ServerMetadataNegativeTestJSON:setUpClass): 200 GET http://10.180.1.21/compute/v2.1/servers/a137e775-782b-4a9f-9d1a-aca973bb79fd 0.718s
2025-02-11 14:57:18.784 75152 INFO tempest.lib.common.rest_client [req-85e4c90f-b295-43eb-a03f-10a384668017 req-85e4c90f-b295-43eb-a03f-10a384668017 ] Request (FloatingIPsAssociationTestJSON:test_associate_already_associated_floating_ip): 200 GET http://10.180.1.21/compute/v2.1/servers/c312bea8-238c-4e51-8420-2f16e75eb61c 0.711s
2025-02-11 14:57:18.828 75166 INFO tempest.lib.common.rest_client [req-8a443689-2fbe-43d4-986f-afcc88d4a5db req-8a443689-2fbe-43d4-986f-afcc88d4a5db ] Request (MultipleCreateTestJSON:_run_cleanups): 200 GET http://10.180.1.21/compute/v2.1/servers/87d7b8b0-9f37-4fec-a7eb-9eccd6b75d11 0.904s
2025-02-11 14:57:18.835 75132 INFO tempest.lib.common.rest_client [req-687834c4-6543-44f9-81db-04787135a5eb req-687834c4-6543-44f9-81db-04787135a5eb ] Request (ServerDiskConfigTestJSON:test_rebuild_server_with_auto_disk_config): 200 GET http://10.180.1.21/compute/v2.1/servers/8549594f-435c-4534-b93b-baa00d388f84 0.698s
2025-02-11 14:57:18.934 75122 INFO tempest.lib.common.rest_client [req-55775e93-a395-42e3-bc9e-0af64c35fe8c req-55775e93-a395-42e3-bc9e-0af64c35fe8c ] Request (FlavorsV261TestJSON:test_crud_flavor): 200 POST http://10.180.1.21/compute/v2.1/flavors 0.752s
2025-02-11 14:57:18.995 75151 INFO tempest.lib.common.rest_client [req-250a388f-f017-4fe4-b8c1-70b01180cebb req-250a388f-f017-4fe4-b8c1-70b01180cebb ] Request (SecurityGroupsTestJSON:test_security_groups_create_list_delete): 202 DELETE http://10.180.1.21/compute/v2.1/os-security-groups/e9478486-4f0d-4d53-9ae5-b2741ed099cc 0.792s
2025-02-11 14:57:19.038 75116 INFO tempest.lib.common.rest_client [req-a3af7472-aad8-4316-8368-b1d5dc830e9e req-a3af7472-aad8-4316-8368-b1d5dc830e9e ] Request (InstanceActionsNegativeTestJSON:setUpClass): 200 GET http://10.180.1.21/compute/v2.1/servers/29800ae8-cf13-4cc6-b38e-2957a1d85b82 0.816s
2025-02-11 14:57:19.046 75116 INFO tempest.common.waiters [-] State transition "BUILD/networking" ==> "BUILD/spawning" after 27 second wait
2025-02-11 14:57:19.059 75130 INFO tempest.lib.common.rest_client [req-862b9613-930e-49c5-8d0e-cbec5698adb6 req-862b9613-930e-49c5-8d0e-cbec5698adb6 ] Request (ServersTestJSON:setUpClass): 200 GET http://10.180.1.21/compute/v2.1/servers/7194ba20-8a51-45fa-b7de-6a8070fb3bc8 0.790s
2025-02-11 14:57:19.122 75171 INFO tempest.lib.common.rest_client [req-de3dae7a-c84a-41cb-a81f-8d9301d027fa req-de3dae7a-c84a-41cb-a81f-8d9301d027fa ] Request (ServersAdmin275Test:test_rebuild_update_server_275): 200 GET http://10.180.1.21/compute/v2.1/servers/712bb5e0-7f8f-431b-a96e-05b5af556ae3 0.800s
2025-02-11 14:57:19.165 75154 INFO tempest.lib.common.rest_client [req-c6f98b73-8e4e-4546-a016-770db5e78c75 req-c6f98b73-8e4e-4546-a016-770db5e78c75 ] Request (SecurityGroupRulesTestJSON:test_security_group_rules_delete_when_peer_group_deleted): 200 GET http://10.180.1.21/compute/v2.1/os-security-groups/5d489b50-cfe6-4436-a2db-62794d5dc3e7 0.679s
2025-02-11 14:57:19.188 75158 INFO tempest.lib.common.rest_client [req-0dcfe09f-4c0d-4950-a731-9802801ff3a9 req-0dcfe09f-4c0d-4950-a731-9802801ff3a9 ] Request (ImagesOneServerTestJSON:test_create_delete_image): 204 DELETE http://10.180.1.21/compute/v2.1/images/00cafda3-fe96-4785-b3b1-8b5239ff7fc6 0.803s
2025-02-11 14:57:19.207 75128 INFO tempest.lib.common.rest_client [req-58bbeba6-f0ff-4054-a028-7c534aee9146 req-58bbeba6-f0ff-4054-a028-7c534aee9146 ] Request (FlavorsAdminTestJSON:test_is_public_string_variations): 200 GET http://10.180.1.21/compute/v2.1/flavors/detail?is_public=no 0.691s
2025-02-11 14:57:19.218 75114 INFO tempest.lib.common.rest_client [req-ed44c000-b50e-4afd-983d-f699895a7b7f req-ed44c000-b50e-4afd-983d-f699895a7b7f ] Request (ServerMetadataTestJSON:test_set_server_metadata): 200 GET http://10.180.1.21/compute/v2.1/servers/7de36d0e-3ddc-4a8d-981e-b76212795763/metadata 0.710s
2025-02-11 14:57:19.232 75172 INFO tempest.lib.common.rest_client [req-787e4966-d503-40ee-87a2-34c07f3df59d req-787e4966-d503-40ee-87a2-34c07f3df59d ] Request (FlavorsV2TestJSON:test_list_flavors): 200 GET http://10.180.1.21/compute/v2.1/flavors/42 0.627s
2025-02-11 14:57:19.293 75146 INFO tempest.lib.common.rest_client [req-75072c22-556f-4eca-894b-1e1b470e4be7 req-75072c22-556f-4eca-894b-1e1b470e4be7 ] Request (ServersAdminTestJSON:test_create_server_with_scheduling_hint): 200 GET http://10.180.1.21/compute/v2.1/servers/ed62e3b9-86b0-434e-ab60-484524083671 0.686s
2025-02-11 14:57:19.307 75148 INFO tempest.lib.common.rest_client [req-c35a85f1-2abc-4482-a557-2e13f2ba4783 req-c35a85f1-2abc-4482-a557-2e13f2ba4783 ] Request (KeyPairsNegativeTestJSON:test_keypair_delete_nonexistent_key): 404 DELETE http://10.180.1.21/compute/v2.1/os-keypairs/tempest-keypair-non-existent-1047241055 0.695s
2025-02-11 14:57:19.350 75126 INFO tempest.lib.common.rest_client [req-b1954faa-af36-437f-9e61-1838d8d8673b req-b1954faa-af36-437f-9e61-1838d8d8673b ] Request (ServerDiagnosticsTest:tearDownClass): 200 GET http://10.180.1.21/compute/v2.1/servers/66dc2392-020d-4abe-8344-b0386078dea0 0.770s
2025-02-11 14:57:19.368 75164 INFO tempest.lib.common.rest_client [req-7562933f-5570-4c81-853b-df3e77e8db59 req-7562933f-5570-4c81-853b-df3e77e8db59 ] Request (DeleteServersAdminTestJSON:test_delete_server_while_in_error_state): 200 GET http://10.180.1.21/compute/v2.1/servers/4551c95a-6b11-4c1e-bdb4-d2766932ffde 0.527s
2025-02-11 14:57:19.429 75174 INFO tempest.lib.common.rest_client [req-79deab30-36ae-4f85-8634-503276af45b6 req-79deab30-36ae-4f85-8634-503276af45b6 ] Request (ServersTestFqdnHostnames:test_create_server_with_fqdn_name): 200 GET http://10.180.1.21/compute/v2.1/servers/b398d1e4-cb1d-4480-b67c-a7d4bbe535fd 0.449s
2025-02-11 14:57:19.444 75122 INFO tempest.lib.common.rest_client [req-2f83c85b-8e78-495f-8d48-b7b6f673710e req-2f83c85b-8e78-495f-8d48-b7b6f673710e ] Request (FlavorsV261TestJSON:test_crud_flavor): 200 GET http://10.180.1.21/compute/v2.1/flavors/1851532162 0.506s
2025-02-11 14:57:19.457 75151 INFO tempest.lib.common.rest_client [req-dc8ce737-f534-4333-88e4-4c2d1bbb24cc req-dc8ce737-f534-4333-88e4-4c2d1bbb24cc ] Request (SecurityGroupsTestJSON:test_security_groups_create_list_delete): 404 GET http://10.180.1.21/compute/v2.1/os-security-groups/e9478486-4f0d-4d53-9ae5-b2741ed099cc 0.462s
2025-02-11 14:57:19.465 75148 INFO tempest.lib.common.rest_client [req-14c8d6d6-0fe7-4090-ac23-5a79966fca1e req-14c8d6d6-0fe7-4090-ac23-5a79966fca1e ] Request (KeyPairsNegativeTestJSON:tearDownClass): 204 DELETE http://10.180.1.21/identity/v3/users/f6bb1cd4c0654d09af1d351d3eda9041 0.157s
2025-02-11 14:57:19.466 75148 INFO tempest.lib.common.dynamic_creds [-] Deleting project and security group for project: 27e574e530544468b5cd460b74dcafff
2025-02-11 14:57:19.522 75144 INFO tempest.lib.common.rest_client [req-9d85df87-02d8-41a3-8e67-223d08cb58ad req-9d85df87-02d8-41a3-8e67-223d08cb58ad ] Request (AttachInterfacesV270Test:setUpClass): 201 POST http://10.180.1.21:9696/networking/v2.0/routers 0.996s
2025-02-11 14:57:19.524 75120 INFO tempest.lib.common.rest_client [req-9fea5fe0-6c1b-4a3d-a77f-5c732c380f2b req-9fea5fe0-6c1b-4a3d-a77f-5c732c380f2b ] Request (ImagesNegativeTestJSON:test_create_image_from_deleted_server): 200 GET http://10.180.1.21/compute/v2.1/servers/40fc9f22-d736-46d2-9f49-3650a7a1cb63 0.478s
2025-02-11 14:57:19.549 75148 INFO tempest.lib.common.rest_client [req-ef7e7458-6246-41c9-9e3b-a792ddeb9a45 req-ef7e7458-6246-41c9-9e3b-a792ddeb9a45 ] Request (KeyPairsNegativeTestJSON:tearDownClass): 201 POST http://10.180.1.21/identity/v3/auth/tokens 0.083s
2025-02-11 14:57:19.602 75134 INFO tempest.lib.common.rest_client [req-6561601c-aaad-4459-bfa2-c75eea9e1f95 req-6561601c-aaad-4459-bfa2-c75eea9e1f95 ] Request (ServerExternalEventsTest:test_create_server_external_events): 200 GET http://10.180.1.21/compute/v2.1/servers/82d18aa7-cc38-43cf-8d56-dcb032b9c8a1 0.503s
2025-02-11 14:57:19.618 75124 INFO tempest.lib.common.rest_client [req-e375c1f6-88af-4bf8-a9b2-2517e781b677 req-e375c1f6-88af-4bf8-a9b2-2517e781b677 ] Request (VolumesAssistedSnapshotsTest:test_volume_assisted_snapshot_create_delete): 200 GET http://10.180.1.21/compute/v2.1/servers/ba58fc02-6d38-4df0-9d15-5f6468dcbc65 0.558s
2025-02-11 14:57:19.664 75140 INFO tempest.lib.common.rest_client [req-a0c6eb13-ff02-481c-a31a-a1bb06b5fdd2 req-a0c6eb13-ff02-481c-a31a-a1bb06b5fdd2 ] Request (AttachInterfacesUnderV243Test:test_add_remove_fixed_ip): 200 GET http://10.180.1.21/compute/v2.1/servers/06425207-1a60-4041-a077-da76149d816b 0.509s
2025-02-11 14:57:19.694 75158 INFO tempest.lib.common.rest_client [req-fb01335c-f90c-4eb8-b137-afbe9dab6bc5 req-fb01335c-f90c-4eb8-b137-afbe9dab6bc5 ] Request (ImagesOneServerTestJSON:test_create_delete_image): 404 GET http://10.180.1.21/compute/v2.1/images/00cafda3-fe96-4785-b3b1-8b5239ff7fc6 0.505s
2025-02-11 14:57:19.747 75168 INFO tempest.lib.common.rest_client [req-c13f9239-9226-4f29-a86e-b6dfa1b74d1f req-c13f9239-9226-4f29-a86e-b6dfa1b74d1f ] Request (ListImageFiltersTestJSON:setUpClass): 200 GET http://10.180.1.21/compute/v2.1/servers/ab15036b-8330-4374-b176-21faaa4b36ca 0.543s
2025-02-11 14:57:19.761 75128 INFO tempest.lib.common.rest_client [req-def0e505-2483-4c7a-a8f3-93291892c5b6 req-def0e505-2483-4c7a-a8f3-93291892c5b6 ] Request (FlavorsAdminTestJSON:test_is_public_string_variations): 200 GET http://10.180.1.21/compute/v2.1/flavors/detail?is_public=0 0.551s
2025-02-11 14:57:19.803 75148 INFO tempest.lib.common.rest_client [req-b542cbb1-9758-4f3d-a055-adf2f5053191 req-b542cbb1-9758-4f3d-a055-adf2f5053191 ] Request (KeyPairsNegativeTestJSON:tearDownClass): 200 GET http://10.180.1.21:9696/networking/v2.0/security-groups?tenant_id=27e574e530544468b5cd460b74dcafff&name=default 0.254s
2025-02-11 14:57:19.824 75154 INFO tempest.lib.common.rest_client [req-40b2d737-1088-4625-8744-af3892c63f44 req-40b2d737-1088-4625-8744-af3892c63f44 ] Request (SecurityGroupRulesTestJSON:test_security_group_rules_list): 200 POST http://10.180.1.21/compute/v2.1/os-security-groups 0.653s
2025-02-11 14:57:19.840 75114 INFO tempest.lib.common.rest_client [req-260d644a-0f35-46a8-8dc1-aea8699b5c4b req-260d644a-0f35-46a8-8dc1-aea8699b5c4b ] Request (ServerMetadataTestJSON:setUp): 200 PUT http://10.180.1.21/compute/v2.1/servers/7de36d0e-3ddc-4a8d-981e-b76212795763/metadata 0.620s
2025-02-11 14:57:19.850 75172 INFO tempest.lib.common.rest_client [req-f596c48b-70ce-4b85-8416-5234c185ceaa req-f596c48b-70ce-4b85-8416-5234c185ceaa ] Request (FlavorsV2TestJSON:test_list_flavors_detailed_filter_by_min_disk): 200 GET http://10.180.1.21/compute/v2.1/flavors/42 0.611s
2025-02-11 14:57:19.895 75176 INFO tempest.lib.common.rest_client [req-e55d48c3-c029-43a2-bbf4-7bb7922b9ad3 req-e55d48c3-c029-43a2-bbf4-7bb7922b9ad3 ] Request (ServerPasswordTestJSON:setUpClass): 200 GET http://10.180.1.21/compute/v2.1/servers/cdd0f2e3-948a-4117-9455-fbfe561ba7dd 0.627s
2025-02-11 14:57:19.917 75148 INFO tempest.lib.common.rest_client [req-9add5130-5dab-45c9-a108-7b9be86f1313 req-9add5130-5dab-45c9-a108-7b9be86f1313 ] Request (KeyPairsNegativeTestJSON:tearDownClass): 204 DELETE http://10.180.1.21:9696/networking/v2.0/security-groups/f6f77627-9a75-475d-a428-27f9454d3779 0.113s
2025-02-11 14:57:19.946 75156 INFO tempest.lib.common.rest_client [req-9682fc6a-71fe-4d69-a611-643bf1160bf2 req-9682fc6a-71fe-4d69-a611-643bf1160bf2 ] Request (TenantUsagesTestJSON:setUpClass): 200 GET http://10.180.1.21/compute/v2.1/servers/74028176-fab3-404b-9039-2a3bc317fe95 0.570s
2025-02-11 14:57:19.958 75162 INFO tempest.lib.common.rest_client [req-89e5d5e3-e39d-4c04-8e93-997a0c09ea8b req-89e5d5e3-e39d-4c04-8e93-997a0c09ea8b ] Request (MigrationsAdminTest:test_list_migrations_in_flavor_resize_situation): 200 GET http://10.180.1.21/compute/v2.1/servers/28430a3c-e6e0-4db5-acdb-1cc2408ae7e6 0.631s
2025-02-11 14:57:19.990 75122 INFO tempest.lib.common.rest_client [req-b59b94d7-b8c8-4730-b821-90634c7a4554 req-b59b94d7-b8c8-4730-b821-90634c7a4554 ] Request (FlavorsV261TestJSON:test_crud_flavor): 200 PUT http://10.180.1.21/compute/v2.1/flavors/1851532162 0.542s
2025-02-11 14:57:19.997 75148 INFO tempest.lib.common.rest_client [req-72daa900-e45f-4d59-ba48-da103de6a3de req-72daa900-e45f-4d59-ba48-da103de6a3de ] Request (KeyPairsNegativeTestJSON:tearDownClass): 204 DELETE http://10.180.1.21/identity/v3/projects/27e574e530544468b5cd460b74dcafff 0.080s
2025-02-11 14:57:20.006 75160 INFO tempest.lib.common.rest_client [req-73b85c59-0df2-4555-9654-f09919a5787c req-73b85c59-0df2-4555-9654-f09919a5787c ] Request (ImagesOneServerNegativeTestJSON:setUpClass): 200 GET http://10.180.1.21/compute/v2.1/servers/40aec7d4-4813-496b-9715-581620edf38d 0.559s
2025-02-11 14:57:20.073 75142 INFO tempest.lib.common.rest_client [req-b151be32-5f9d-4000-bff8-24c3f8afbe44 req-b151be32-5f9d-4000-bff8-24c3f8afbe44 ] Request (ServerDiagnosticsV248Test:tearDownClass): 200 GET http://10.180.1.21/compute/v2.1/servers/44764155-3721-43aa-9a7a-23f604123f4f 0.478s
2025-02-11 14:57:20.083 75148 INFO tempest.lib.common.rest_client [req-638a8911-8f37-4b70-b649-85c66220c45e req-638a8911-8f37-4b70-b649-85c66220c45e ] Request (AbsoluteLimitsNegativeTestJSON:setUpClass): 201 POST http://10.180.1.21/identity/v3/auth/tokens 0.084s
2025-02-11 14:57:20.123 75148 INFO tempest.lib.common.rest_client [req-23acaa7a-8932-4951-9035-422da7890273 req-23acaa7a-8932-4951-9035-422da7890273 ] Request (AbsoluteLimitsNegativeTestJSON:setUpClass): 201 POST http://10.180.1.21/identity/v3/auth/tokens 0.037s
2025-02-11 14:57:20.127 75151 INFO tempest.lib.common.rest_client [req-9e71ce1a-f0ad-4222-a4a5-2fd9a39f35be req-9e71ce1a-f0ad-4222-a4a5-2fd9a39f35be ] Request (SecurityGroupsTestJSON:test_security_groups_create_list_delete): 202 DELETE http://10.180.1.21/compute/v2.1/os-security-groups/9c54abe9-37a3-4d98-b06d-db1549e9be13 0.669s
2025-02-11 14:57:20.142 75136 INFO tempest.lib.common.rest_client [req-d77075af-eaea-4576-9bcb-022fd34b1522 req-d77075af-eaea-4576-9bcb-022fd34b1522 ] Request (ServersWithSpecificFlavorTestJSON:test_verify_created_server_ephemeral_disk): 200 GET http://10.180.1.21/compute/v2.1/servers/fe8f8450-e405-4682-b03b-a48dabaf272c 0.466s
2025-02-11 14:57:20.159 75148 INFO tempest.lib.common.rest_client [req-1c75da8c-1cfd-42e1-8aef-6204bcd333b7 req-1c75da8c-1cfd-42e1-8aef-6204bcd333b7 ] Request (AbsoluteLimitsNegativeTestJSON:setUpClass): 200 GET http://10.180.1.21/identity/v3/domains?name=Default 0.036s
2025-02-11 14:57:20.205 75138 INFO tempest.lib.common.rest_client [req-f7c76d17-a3a2-4bc9-af07-4d010b9e1397 req-f7c76d17-a3a2-4bc9-af07-4d010b9e1397 ] Request (ServerMetadataNegativeTestJSON:setUpClass): 200 GET http://10.180.1.21/compute/v2.1/servers/a137e775-782b-4a9f-9d1a-aca973bb79fd 0.466s
2025-02-11 14:57:20.205 75148 INFO tempest.lib.common.rest_client [req-563b067c-879a-49e1-bc33-b09b9f37f790 req-563b067c-879a-49e1-bc33-b09b9f37f790 ] Request (AbsoluteLimitsNegativeTestJSON:setUpClass): 201 POST http://10.180.1.21/identity/v3/projects 0.046s
2025-02-11 14:57:20.236 75128 INFO tempest.lib.common.rest_client [req-5a08d74b-8e34-470d-9a53-3c90a6a46afd req-5a08d74b-8e34-470d-9a53-3c90a6a46afd ] Request (FlavorsAdminTestJSON:test_is_public_string_variations): 200 GET http://10.180.1.21/compute/v2.1/flavors/detail?is_public=t 0.471s
2025-02-11 14:57:20.320 75148 INFO tempest.lib.common.rest_client [req-5ffc93d7-4cc8-4201-af35-6b86ab24085f req-5ffc93d7-4cc8-4201-af35-6b86ab24085f ] Request (AbsoluteLimitsNegativeTestJSON:setUpClass): 201 POST http://10.180.1.21/identity/v3/users 0.113s
2025-02-11 14:57:20.332 75152 INFO tempest.lib.common.rest_client [req-07733562-71fb-4345-b7ba-9f0f8a7a46e9 req-07733562-71fb-4345-b7ba-9f0f8a7a46e9 ] Request (FloatingIPsAssociationTestJSON:test_associate_already_associated_floating_ip): 200 GET http://10.180.1.21/compute/v2.1/servers/c312bea8-238c-4e51-8420-2f16e75eb61c 0.539s
2025-02-11 14:57:20.348 75148 INFO tempest.lib.common.rest_client [req-346a5cd4-d99e-4faa-ac73-b378f363686f req-346a5cd4-d99e-4faa-ac73-b378f363686f ] Request (AbsoluteLimitsNegativeTestJSON:setUpClass): 200 GET http://10.180.1.21/identity/v3/roles 0.027s
2025-02-11 14:57:20.382 75148 INFO tempest.lib.common.rest_client [req-7bf86684-726d-4203-94a3-96e600f538b4 req-7bf86684-726d-4203-94a3-96e600f538b4 ] Request (AbsoluteLimitsNegativeTestJSON:setUpClass): 204 PUT http://10.180.1.21/identity/v3/projects/9509aae3aba64f79bed3fc752346a129/users/b1003cb2aa164c599d6b8e8538d8b44d/roles/9177602ed7ec4f8eb95324383e4cb1c2 0.034s
2025-02-11 14:57:20.383 75148 INFO tempest.lib.common.dynamic_creds [-] Dynamic test user b1003cb2aa164c599d6b8e8538d8b44d is created with scope project and roles: ['member']
2025-02-11 14:57:20.383 75148 INFO tempest.lib.common.dynamic_creds [-] Acquired dynamic creds: credentials: Credentials: {'domain_id': 'default', 'domain_name': 'Default', 'username': 'tempest-AbsoluteLimitsNegativeTestJSON-893081170-project-member', 'project_domain_id': 'default', 'project_domain_name': 'Default', 'project_id': '9509aae3aba64f79bed3fc752346a129', 'project_name': 'tempest-AbsoluteLimitsNegativeTestJSON-893081170', 'tenant_id': '9509aae3aba64f79bed3fc752346a129', 'tenant_name': 'tempest-AbsoluteLimitsNegativeTestJSON-893081170', 'user_domain_id': 'default', 'user_domain_name': 'Default', 'user_id': 'b1003cb2aa164c599d6b8e8538d8b44d', 'system': None}, Network: None, Subnet: None, Router: None
2025-02-11 14:57:20.383 75148 INFO tempest.lib.common.dynamic_creds [-] Created isolated network resources for: credentials: Credentials: {'domain_id': 'default', 'domain_name': 'Default', 'username': 'tempest-AbsoluteLimitsNegativeTestJSON-893081170-project-member', 'project_domain_id': 'default', 'project_domain_name': 'Default', 'project_id': '9509aae3aba64f79bed3fc752346a129', 'project_name': 'tempest-AbsoluteLimitsNegativeTestJSON-893081170', 'tenant_id': '9509aae3aba64f79bed3fc752346a129', 'tenant_name': 'tempest-AbsoluteLimitsNegativeTestJSON-893081170', 'user_domain_id': 'default', 'user_domain_name': 'Default', 'user_id': 'b1003cb2aa164c599d6b8e8538d8b44d', 'system': None}, Network: None, Subnet: None, Router: None
2025-02-11 14:57:20.460 75148 INFO tempest.lib.common.rest_client [req-af7a3748-65a1-4886-848a-e311f2ad743c req-af7a3748-65a1-4886-848a-e311f2ad743c ] Request (AbsoluteLimitsNegativeTestJSON:setUpClass): 201 POST http://10.180.1.21/identity/v3/auth/tokens 0.073s
2025-02-11 14:57:20.515 75154 INFO tempest.lib.common.rest_client [req-6ac05d34-907c-41af-82cb-37406bf95d3c req-6ac05d34-907c-41af-82cb-37406bf95d3c ] Request (SecurityGroupRulesTestJSON:test_security_group_rules_list): 200 POST http://10.180.1.21/compute/v2.1/os-security-group-rules 0.688s
2025-02-11 14:57:20.598 75166 INFO tempest.lib.common.rest_client [req-8f46619e-0564-468f-b40b-9f66350f0a36 req-8f46619e-0564-468f-b40b-9f66350f0a36 ] Request (MultipleCreateTestJSON:_run_cleanups): 200 GET http://10.180.1.21/compute/v2.1/servers/87d7b8b0-9f37-4fec-a7eb-9eccd6b75d11 0.760s
2025-02-11 14:57:20.610 75166 INFO tempest.common.waiters [-] State transition "ACTIVE/deleting" ==> "DELETED/None" after 2 second wait
2025-02-11 14:57:20.644 75144 INFO tempest.lib.common.rest_client [req-8b83bf1d-304f-4fd3-bb02-c6c96d80faf9 req-8b83bf1d-304f-4fd3-bb02-c6c96d80faf9 ] Request (AttachInterfacesV270Test:setUpClass): 200 PUT http://10.180.1.21:9696/networking/v2.0/routers/4773ebf7-4bf5-4333-aec5-3e8f574df6e3/add_router_interface 1.121s
2025-02-11 14:57:20.644 75144 INFO tempest.lib.common.dynamic_creds [-] Created isolated network resources for: credentials: Credentials: {'domain_id': 'default', 'domain_name': 'Default', 'username': 'tempest-AttachInterfacesV270Test-2046521129-project-member', 'project_domain_id': 'default', 'project_domain_name': 'Default', 'project_id': '4695df6faa2542b8827d75f23eaf2632', 'project_name': 'tempest-AttachInterfacesV270Test-2046521129', 'tenant_id': '4695df6faa2542b8827d75f23eaf2632', 'tenant_name': 'tempest-AttachInterfacesV270Test-2046521129', 'user_domain_id': 'default', 'user_domain_name': 'Default', 'user_id': '756f33f564b643b6976188513a6c8cef', 'system': None}, Network: {'id': 'a211cf1c-ef81-42f4-8884-f4ff95919496', 'name': 'tempest-AttachInterfacesV270Test-1497952881-network', 'tenant_id': '4695df6faa2542b8827d75f23eaf2632', 'admin_state_up': True, 'mtu': 8950, 'status': 'ACTIVE', 'subnets': [], 'shared': False, 'project_id': '4695df6faa2542b8827d75f23eaf2632', 'port_security_enabled': True, 'router:external': False, 'provider:network_type': 'vlan', 'provider:physical_network': 'default', 'provider:segmentation_id': 170, 'availability_zone_hints': [], 'availability_zones': [], 'ipv4_address_scope': None, 'ipv6_address_scope': None, 'description': '', 'tags': [], 'created_at': '2025-02-11T14:57:18Z', 'updated_at': '2025-02-11T14:57:18Z', 'revision_number': 1}, Subnet: {'id': '070204e0-7fb4-4087-b9bf-42ddf62314cd', 'name': 'tempest-AttachInterfacesV270Test-1497952881-subnet', 'tenant_id': '4695df6faa2542b8827d75f23eaf2632', 'network_id': 'a211cf1c-ef81-42f4-8884-f4ff95919496', 'ip_version': 4, 'subnetpool_id': None, 'enable_dhcp': True, 'ipv6_ra_mode': None, 'ipv6_address_mode': None, 'gateway_ip': '192.168.128.1', 'cidr': '192.168.128.0/28', 'allocation_pools': [{'start': '192.168.128.2', 'end': '192.168.128.14'}], 'host_routes': [], 'dns_nameservers': [], 'description': '', 'router:external': False, 'service_types': [], 'tags': [], 'created_at': '2025-02-11T14:57:18Z', 'updated_at': '2025-02-11T14:57:18Z', 'revision_number': 0, 'project_id': '4695df6faa2542b8827d75f23eaf2632'}, Router: {'id': '4773ebf7-4bf5-4333-aec5-3e8f574df6e3', 'name': 'tempest-AttachInterfacesV270Test-1497952881-router', 'tenant_id': '4695df6faa2542b8827d75f23eaf2632', 'admin_state_up': True, 'status': 'ACTIVE', 'external_gateway_info': {'network_id': 'f25d0b84-f077-4045-aadb-f273818c3467', 'external_fixed_ips': [{'subnet_id': '4c73c672-9074-4f69-a9ec-ed07bafb6aba', 'ip_address': '10.180.180.128'}], 'enable_snat': True}, 'description': '', 'availability_zones': [], 'distributed': False, 'ha': False, 'availability_zone_hints': [], 'routes': [], 'flavor_id': None, 'tags': [], 'created_at': '2025-02-11T14:57:18Z', 'updated_at': '2025-02-11T14:57:19Z', 'revision_number': 2, 'project_id': '4695df6faa2542b8827d75f23eaf2632'}
2025-02-11 14:57:20.683 75114 INFO tempest.lib.common.rest_client [req-3fcfb6ef-2143-4546-82ac-0ae4bf80afdf req-3fcfb6ef-2143-4546-82ac-0ae4bf80afdf ] Request (ServerMetadataTestJSON:test_set_server_metadata_item): 200 PUT http://10.180.1.21/compute/v2.1/servers/7de36d0e-3ddc-4a8d-981e-b76212795763/metadata/nova 0.842s
2025-02-11 14:57:20.685 75158 INFO tempest.lib.common.rest_client [req-6bfd069b-044d-4bb7-b1c8-125ecabe366a req-6bfd069b-044d-4bb7-b1c8-125ecabe366a ] Request (ImagesOneServerTestJSON:test_create_image_specify_multibyte_character_image_name): 202 POST http://10.180.1.21/compute/v2.1/servers/9151c36e-bbb8-47ca-9833-ffd7c07b58e6/action 0.990s
2025-02-11 14:57:20.717 75172 INFO tempest.lib.common.rest_client [req-61b2dfe7-a8a2-4694-82bc-4341d4f440a4 req-61b2dfe7-a8a2-4694-82bc-4341d4f440a4 ] Request (FlavorsV2TestJSON:test_list_flavors_detailed_filter_by_min_disk): 200 GET http://10.180.1.21/compute/v2.1/flavors/detail?minDisk=2 0.865s
2025-02-11 14:57:20.742 75144 INFO tempest.lib.common.rest_client [req-9555b644-25ce-4797-933d-c9f4a524502a req-9555b644-25ce-4797-933d-c9f4a524502a ] Request (AttachInterfacesV270Test:setUpClass): 201 POST http://10.180.1.21/identity/v3/auth/tokens 0.094s
2025-02-11 14:57:20.747 75122 INFO tempest.lib.common.rest_client [req-6d968bde-9049-4287-ae96-ff43773471d1 req-6d968bde-9049-4287-ae96-ff43773471d1 ] Request (FlavorsV261TestJSON:test_crud_flavor): 200 GET http://10.180.1.21/compute/v2.1/flavors/detail 0.754s
2025-02-11 14:57:20.751 75132 INFO tempest.lib.common.rest_client [req-80273eb3-8f1b-4310-9a5a-06188881752d req-80273eb3-8f1b-4310-9a5a-06188881752d ] Request (ServerDiskConfigTestJSON:test_rebuild_server_with_auto_disk_config): 200 GET http://10.180.1.21/compute/v2.1/servers/8549594f-435c-4534-b93b-baa00d388f84 0.905s
2025-02-11 14:57:20.780 75144 INFO tempest.lib.common.rest_client [req-e3619530-e1b5-480e-a1b3-677272641a50 req-e3619530-e1b5-480e-a1b3-677272641a50 ] Request (AttachInterfacesV270Test:test_create_get_list_interfaces): 201 POST http://10.180.1.21/identity/v3/auth/tokens 0.034s
2025-02-11 14:57:20.781 75144 INFO tempest.lib.common.fixed_network [-] (AttachInterfacesV270Test:test_create_get_list_interfaces) Found network {'id': 'a211cf1c-ef81-42f4-8884-f4ff95919496', 'name': 'tempest-AttachInterfacesV270Test-1497952881-network', 'tenant_id': '4695df6faa2542b8827d75f23eaf2632', 'admin_state_up': True, 'mtu': 8950, 'status': 'ACTIVE', 'subnets': [], 'shared': False, 'project_id': '4695df6faa2542b8827d75f23eaf2632', 'port_security_enabled': True, 'router:external': False, 'provider:network_type': 'vlan', 'provider:physical_network': 'default', 'provider:segmentation_id': 170, 'availability_zone_hints': [], 'availability_zones': [], 'ipv4_address_scope': None, 'ipv6_address_scope': None, 'description': '', 'tags': [], 'created_at': '2025-02-11T14:57:18Z', 'updated_at': '2025-02-11T14:57:18Z', 'revision_number': 1} available for tenant
2025-02-11 14:57:20.815 75130 INFO tempest.lib.common.rest_client [req-1d8bab26-23e5-4611-9d54-a41c6c240ee3 req-1d8bab26-23e5-4611-9d54-a41c6c240ee3 ] Request (ServersTestJSON:setUpClass): 200 GET http://10.180.1.21/compute/v2.1/servers/7194ba20-8a51-45fa-b7de-6a8070fb3bc8 0.744s
2025-02-11 14:57:20.833 75151 INFO tempest.lib.common.rest_client [req-bfd65dda-4420-4612-8325-d324a7e675dc req-bfd65dda-4420-4612-8325-d324a7e675dc ] Request (SecurityGroupsTestJSON:test_security_groups_create_list_delete): 404 GET http://10.180.1.21/compute/v2.1/os-security-groups/9c54abe9-37a3-4d98-b06d-db1549e9be13 0.706s
2025-02-11 14:57:20.887 75116 INFO tempest.lib.common.rest_client [req-cdaa18c2-4251-4eba-8e93-f8eff3c9af90 req-cdaa18c2-4251-4eba-8e93-f8eff3c9af90 ] Request (InstanceActionsNegativeTestJSON:setUpClass): 200 GET http://10.180.1.21/compute/v2.1/servers/29800ae8-cf13-4cc6-b38e-2957a1d85b82 0.840s
2025-02-11 14:57:20.915 75128 INFO tempest.lib.common.rest_client [req-721a94f3-1571-4d99-88af-00be124b67b5 req-721a94f3-1571-4d99-88af-00be124b67b5 ] Request (FlavorsAdminTestJSON:test_is_public_string_variations): 200 GET http://10.180.1.21/compute/v2.1/flavors/detail?is_public=true 0.669s
2025-02-11 14:57:20.932 75171 INFO tempest.lib.common.rest_client [req-30cf0d1a-5bb8-42b2-8dc6-4c0491a6449c req-30cf0d1a-5bb8-42b2-8dc6-4c0491a6449c ] Request (ServersAdmin275Test:test_rebuild_update_server_275): 200 GET http://10.180.1.21/compute/v2.1/servers/712bb5e0-7f8f-431b-a96e-05b5af556ae3 0.795s
2025-02-11 14:57:20.993 75146 INFO tempest.lib.common.rest_client [req-5211172a-f07b-4d12-8456-5861113324f2 req-5211172a-f07b-4d12-8456-5861113324f2 ] Request (ServersAdminTestJSON:test_create_server_with_scheduling_hint): 200 GET http://10.180.1.21/compute/v2.1/servers/ed62e3b9-86b0-434e-ab60-484524083671 0.687s
2025-02-11 14:57:21.052 75164 INFO tempest.lib.common.rest_client [req-fdbdb968-26ea-4fb6-aee4-aff5f173e0e6 req-fdbdb968-26ea-4fb6-aee4-aff5f173e0e6 ] Request (DeleteServersAdminTestJSON:test_delete_server_while_in_error_state): 200 GET http://10.180.1.21/compute/v2.1/servers/4551c95a-6b11-4c1e-bdb4-d2766932ffde 0.672s
2025-02-11 14:57:21.089 75126 INFO tempest.lib.common.rest_client [req-7638c271-a2cf-4b71-a19d-b230d845dfa7 req-7638c271-a2cf-4b71-a19d-b230d845dfa7 ] Request (ServerDiagnosticsTest:tearDownClass): 200 GET http://10.180.1.21/compute/v2.1/servers/66dc2392-020d-4abe-8344-b0386078dea0 0.720s
2025-02-11 14:57:21.109 75174 INFO tempest.lib.common.rest_client [req-f3a8b5d3-20c8-4a4c-95aa-2a29a3284034 req-f3a8b5d3-20c8-4a4c-95aa-2a29a3284034 ] Request (ServersTestFqdnHostnames:test_create_server_with_fqdn_name): 200 GET http://10.180.1.21/compute/v2.1/servers/b398d1e4-cb1d-4480-b67c-a7d4bbe535fd 0.669s
2025-02-11 14:57:21.198 75148 INFO tempest.lib.common.rest_client [req-92ed1821-020d-42e2-9148-0383d3567479 req-92ed1821-020d-42e2-9148-0383d3567479 ] Request (AbsoluteLimitsNegativeTestJSON:test_max_metadata_exceed_limit): 200 GET http://10.180.1.21/compute/v2.1/limits 0.734s
2025-02-11 14:57:21.231 75148 INFO tempest.lib.common.rest_client [req-28c14133-d7d9-405d-b1c1-b13afd6b3779 req-28c14133-d7d9-405d-b1c1-b13afd6b3779 ] Request (AbsoluteLimitsNegativeTestJSON:test_max_metadata_exceed_limit): 201 POST http://10.180.1.21/identity/v3/auth/tokens 0.026s
2025-02-11 14:57:21.231 75148 INFO tempest.lib.common.fixed_network [-] (AbsoluteLimitsNegativeTestJSON:test_max_metadata_exceed_limit) Found network None available for tenant
2025-02-11 14:57:21.254 75154 INFO tempest.lib.common.rest_client [req-d2a10163-084d-43a2-b11a-0963a44d6ff6 req-d2a10163-084d-43a2-b11a-0963a44d6ff6 ] Request (SecurityGroupRulesTestJSON:test_security_group_rules_list): 200 POST http://10.180.1.21/compute/v2.1/os-security-group-rules 0.736s
2025-02-11 14:57:21.258 75120 INFO tempest.lib.common.rest_client [req-b5557f8b-21c5-4017-9607-22938f92c512 req-b5557f8b-21c5-4017-9607-22938f92c512 ] Request (ImagesNegativeTestJSON:test_create_image_from_deleted_server): 200 GET http://10.180.1.21/compute/v2.1/servers/40fc9f22-d736-46d2-9f49-3650a7a1cb63 0.724s
2025-02-11 14:57:21.308 75134 INFO tempest.lib.common.rest_client [req-1be4ebe0-2d35-4b5c-acbf-e95c1743761d req-1be4ebe0-2d35-4b5c-acbf-e95c1743761d ] Request (ServerExternalEventsTest:test_create_server_external_events): 200 GET http://10.180.1.21/compute/v2.1/servers/82d18aa7-cc38-43cf-8d56-dcb032b9c8a1 0.693s
2025-02-11 14:57:21.317 75134 INFO tempest.common.waiters [-] State transition "BUILD/None" ==> "BUILD/networking" after 29 second wait
2025-02-11 14:57:21.356 75140 INFO tempest.lib.common.rest_client [req-08c04799-1962-4e21-8af4-98b82a93318a req-08c04799-1962-4e21-8af4-98b82a93318a ] Request (AttachInterfacesUnderV243Test:test_add_remove_fixed_ip): 200 GET http://10.180.1.21/compute/v2.1/servers/06425207-1a60-4041-a077-da76149d816b 0.676s
2025-02-11 14:57:21.382 75114 INFO tempest.lib.common.rest_client [req-f5dcd731-bc4b-4251-98c8-989ae3b7a46a req-f5dcd731-bc4b-4251-98c8-989ae3b7a46a ] Request (ServerMetadataTestJSON:test_set_server_metadata_item): 200 GET http://10.180.1.21/compute/v2.1/servers/7de36d0e-3ddc-4a8d-981e-b76212795763/metadata 0.698s
2025-02-11 14:57:21.408 75124 INFO tempest.lib.common.rest_client [req-7afe61f7-c55b-4209-8f29-026e4800518c req-7afe61f7-c55b-4209-8f29-026e4800518c ] Request (VolumesAssistedSnapshotsTest:test_volume_assisted_snapshot_create_delete): 200 GET http://10.180.1.21/compute/v2.1/servers/ba58fc02-6d38-4df0-9d15-5f6468dcbc65 0.779s
2025-02-11 14:57:21.416 75124 INFO tempest.common.waiters [-] State transition "BUILD/spawning" ==> "ACTIVE/None" after 32 second wait
2025-02-11 14:57:21.423 75158 INFO tempest.lib.common.rest_client [req-3b15263d-3f31-4dfd-baeb-e2f02c3335fd req-3b15263d-3f31-4dfd-baeb-e2f02c3335fd ] Request (ImagesOneServerTestJSON:test_create_image_specify_multibyte_character_image_name): 200 GET http://10.180.1.21/compute/v2.1/images/be50696f-22e0-49dc-b1f6-d7efb86c9794 0.736s
2025-02-11 14:57:21.423 75172 INFO tempest.lib.common.rest_client [req-cdd78529-05a1-44c3-81d2-6d906d426c34 req-cdd78529-05a1-44c3-81d2-6d906d426c34 ] Request (FlavorsV2TestJSON:test_list_flavors_detailed_filter_by_min_ram): 200 GET http://10.180.1.21/compute/v2.1/flavors/42 0.700s
2025-02-11 14:57:21.446 75122 INFO tempest.lib.common.rest_client [req-66ad24dc-e521-4e71-9632-3b24785e63f1 req-66ad24dc-e521-4e71-9632-3b24785e63f1 ] Request (FlavorsV261TestJSON:test_crud_flavor): 200 GET http://10.180.1.21/compute/v2.1/flavors 0.688s
2025-02-11 14:57:21.486 75168 INFO tempest.lib.common.rest_client [req-8e4c8060-123c-4961-a822-13567a372be0 req-8e4c8060-123c-4961-a822-13567a372be0 ] Request (ListImageFiltersTestJSON:setUpClass): 200 GET http://10.180.1.21/compute/v2.1/servers/ab15036b-8330-4374-b176-21faaa4b36ca 0.731s
2025-02-11 14:57:21.624 75151 INFO tempest.lib.common.rest_client [req-730cd9b8-f467-4b81-9160-b5cd80a7cae8 req-730cd9b8-f467-4b81-9160-b5cd80a7cae8 ] Request (SecurityGroupsTestJSON:test_security_groups_create_list_delete): 202 DELETE http://10.180.1.21/compute/v2.1/os-security-groups/1e44082f-3961-402f-bcde-ad4cc4878aec 0.790s
2025-02-11 14:57:21.683 75176 INFO tempest.lib.common.rest_client [req-2f14d3e9-dbfb-4524-9f92-254407be0237 req-2f14d3e9-dbfb-4524-9f92-254407be0237 ] Request (ServerPasswordTestJSON:setUpClass): 200 GET http://10.180.1.21/compute/v2.1/servers/cdd0f2e3-948a-4117-9455-fbfe561ba7dd 0.772s
2025-02-11 14:57:21.711 75128 INFO tempest.lib.common.rest_client [req-e766396b-5701-4018-a37e-b748ffb36055 req-e766396b-5701-4018-a37e-b748ffb36055 ] Request (FlavorsAdminTestJSON:test_is_public_string_variations): 200 GET http://10.180.1.21/compute/v2.1/flavors/detail?is_public=yes 0.790s
2025-02-11 14:57:21.769 75156 INFO tempest.lib.common.rest_client [req-ec0c9854-9f92-4f8b-b3fb-fc539144e717 req-ec0c9854-9f92-4f8b-b3fb-fc539144e717 ] Request (TenantUsagesTestJSON:setUpClass): 200 GET http://10.180.1.21/compute/v2.1/servers/74028176-fab3-404b-9039-2a3bc317fe95 0.815s
2025-02-11 14:57:21.788 75144 INFO tempest.lib.common.rest_client [req-5627a38d-bc0c-400f-9c37-f39b2d5475ae req-5627a38d-bc0c-400f-9c37-f39b2d5475ae ] Request (AttachInterfacesV270Test:test_create_get_list_interfaces): 202 POST http://10.180.1.21/compute/v2.1/servers 1.006s
2025-02-11 14:57:21.842 75160 INFO tempest.lib.common.rest_client [req-51a0d3d2-33ad-42d1-a36c-426652aa9f60 req-51a0d3d2-33ad-42d1-a36c-426652aa9f60 ] Request (ImagesOneServerNegativeTestJSON:setUpClass): 200 GET http://10.180.1.21/compute/v2.1/servers/40aec7d4-4813-496b-9715-581620edf38d 0.826s
2025-02-11 14:57:21.898 75142 INFO tempest.lib.common.rest_client [req-6acfdd50-a604-42a5-a1cd-0d692f7a3360 req-6acfdd50-a604-42a5-a1cd-0d692f7a3360 ] Request (ServerDiagnosticsV248Test:tearDownClass): 200 GET http://10.180.1.21/compute/v2.1/servers/44764155-3721-43aa-9a7a-23f604123f4f 0.814s
2025-02-11 14:57:21.971 75136 INFO tempest.lib.common.rest_client [req-c26cead7-dc89-4803-a33a-0d2268507d56 req-c26cead7-dc89-4803-a33a-0d2268507d56 ] Request (ServersWithSpecificFlavorTestJSON:test_verify_created_server_ephemeral_disk): 200 GET http://10.180.1.21/compute/v2.1/servers/fe8f8450-e405-4682-b03b-a48dabaf272c 0.817s
2025-02-11 14:57:22.019 75162 INFO tempest.lib.common.rest_client [req-de431abe-d1ea-46ac-b6bd-1c4160b76433 req-de431abe-d1ea-46ac-b6bd-1c4160b76433 ] Request (MigrationsAdminTest:test_list_migrations_in_flavor_resize_situation): 200 GET http://10.180.1.21/compute/v2.1/servers/28430a3c-e6e0-4db5-acdb-1cc2408ae7e6 1.054s
2025-02-11 14:57:22.022 75138 INFO tempest.lib.common.rest_client [req-f71a2289-4103-4849-8d32-93d628bb87d7 req-f71a2289-4103-4849-8d32-93d628bb87d7 ] Request (ServerMetadataNegativeTestJSON:setUpClass): 200 GET http://10.180.1.21/compute/v2.1/servers/a137e775-782b-4a9f-9d1a-aca973bb79fd 0.806s
2025-02-11 14:57:22.033 75162 INFO tempest.common.waiters [-] State transition "RESIZE/resize_migrating" ==> "RESIZE/resize_migrated" after 27 second wait
2025-02-11 14:57:22.059 75154 INFO tempest.lib.common.rest_client [req-81227683-b5aa-4e71-bd63-e664622feae9 req-81227683-b5aa-4e71-bd63-e664622feae9 ] Request (SecurityGroupRulesTestJSON:test_security_group_rules_list): 200 GET http://10.180.1.21/compute/v2.1/os-security-groups/dc93b2ea-d3ef-4ea8-a890-119ebb0cfee4 0.803s
2025-02-11 14:57:22.135 75152 INFO tempest.lib.common.rest_client [req-d267dab5-c2ba-421a-90c6-e51ad27a7ac2 req-d267dab5-c2ba-421a-90c6-e51ad27a7ac2 ] Request (FloatingIPsAssociationTestJSON:test_associate_already_associated_floating_ip): 200 GET http://10.180.1.21/compute/v2.1/servers/c312bea8-238c-4e51-8420-2f16e75eb61c 0.790s
2025-02-11 14:57:22.143 75152 INFO tempest.common.waiters [-] State transition "BUILD/scheduling" ==> "BUILD/None" after 17 second wait
2025-02-11 14:57:22.217 75114 INFO tempest.lib.common.rest_client [req-4f5573c7-2d5f-4b1b-9699-753b6ac1b707 req-4f5573c7-2d5f-4b1b-9699-753b6ac1b707 ] Request (ServerMetadataTestJSON:setUp): 200 PUT http://10.180.1.21/compute/v2.1/servers/7de36d0e-3ddc-4a8d-981e-b76212795763/metadata 0.833s
2025-02-11 14:57:22.281 75124 INFO tempest.lib.common.rest_client [req-00958acc-b028-46f4-9448-94d59a3b4eb4 req-00958acc-b028-46f4-9448-94d59a3b4eb4 ] Request (VolumesAssistedSnapshotsTest:test_volume_assisted_snapshot_create_delete): 200 GET http://10.180.1.21/compute/v2.1/servers/ba58fc02-6d38-4df0-9d15-5f6468dcbc65/os-interface 0.864s
2025-02-11 14:57:22.313 75172 INFO tempest.lib.common.rest_client [req-6825264a-b386-44cd-9258-89782bd3397f req-6825264a-b386-44cd-9258-89782bd3397f ] Request (FlavorsV2TestJSON:test_list_flavors_detailed_filter_by_min_ram): 200 GET http://10.180.1.21/compute/v2.1/flavors/detail?minRam=193 0.888s
2025-02-11 14:57:22.332 75122 INFO tempest.lib.common.rest_client [req-74235061-9694-47fb-b453-6ba6498be219 req-74235061-9694-47fb-b453-6ba6498be219 ] Request (FlavorsV261TestJSON:_run_cleanups): 202 DELETE http://10.180.1.21/compute/v2.1/flavors/1851532162 0.879s
2025-02-11 14:57:22.411 75166 INFO tempest.lib.common.rest_client [req-56b78082-c4e1-4533-ad3f-c2469f37dfbd req-56b78082-c4e1-4533-ad3f-c2469f37dfbd ] Request (MultipleCreateTestJSON:_run_cleanups): 200 GET http://10.180.1.21/compute/v2.1/servers/87d7b8b0-9f37-4fec-a7eb-9eccd6b75d11 0.800s
2025-02-11 14:57:22.449 75148 INFO tempest.lib.common.rest_client [req-5a07dd16-f8d1-451c-b4b6-05161f89bd1d req-5a07dd16-f8d1-451c-b4b6-05161f89bd1d ] Request (AbsoluteLimitsNegativeTestJSON:test_max_metadata_exceed_limit): 403 POST http://10.180.1.21/compute/v2.1/servers 1.217s
2025-02-11 14:57:22.451 75151 INFO tempest.lib.common.rest_client [req-3694f6f6-5ea0-4519-bb0b-ee0a339ba265 req-3694f6f6-5ea0-4519-bb0b-ee0a339ba265 ] Request (SecurityGroupsTestJSON:test_security_groups_create_list_delete): 404 GET http://10.180.1.21/compute/v2.1/os-security-groups/1e44082f-3961-402f-bcde-ad4cc4878aec 0.827s
2025-02-11 14:57:22.475 75128 INFO tempest.lib.common.rest_client [req-7ac72b42-f3f7-4aaa-aecf-eed7ba9ec8f6 req-7ac72b42-f3f7-4aaa-aecf-eed7ba9ec8f6 ] Request (FlavorsAdminTestJSON:test_is_public_string_variations): 200 GET http://10.180.1.21/compute/v2.1/flavors/detail?is_public=1 0.758s
2025-02-11 14:57:22.563 75132 INFO tempest.lib.common.rest_client [req-10642ccb-8855-4a62-ba7a-780487b7720d req-10642ccb-8855-4a62-ba7a-780487b7720d ] Request (ServerDiskConfigTestJSON:test_rebuild_server_with_auto_disk_config): 200 GET http://10.180.1.21/compute/v2.1/servers/8549594f-435c-4534-b93b-baa00d388f84 0.801s
2025-02-11 14:57:22.566 75144 INFO tempest.lib.common.rest_client [req-a69c8edb-30e4-407d-9af5-66c18c0f64b0 req-a69c8edb-30e4-407d-9af5-66c18c0f64b0 ] Request (AttachInterfacesV270Test:test_create_get_list_interfaces): 200 GET http://10.180.1.21/compute/v2.1/servers/60e9b4e3-6e93-41cd-a333-f3cb17139e7d 0.776s
2025-02-11 14:57:22.612 75148 INFO tempest.lib.common.rest_client [req-a3080673-885a-4705-8a6c-bc1a9880531e req-a3080673-885a-4705-8a6c-bc1a9880531e ] Request (AbsoluteLimitsNegativeTestJSON:tearDownClass): 204 DELETE http://10.180.1.21/identity/v3/users/b1003cb2aa164c599d6b8e8538d8b44d 0.161s
2025-02-11 14:57:22.614 75148 INFO tempest.lib.common.dynamic_creds [-] Deleting project and security group for project: 9509aae3aba64f79bed3fc752346a129
2025-02-11 14:57:22.626 75130 INFO tempest.lib.common.rest_client [req-0944b19c-92e3-4aaf-80c8-040fdbc0aefc req-0944b19c-92e3-4aaf-80c8-040fdbc0aefc ] Request (ServersTestJSON:setUpClass): 200 GET http://10.180.1.21/compute/v2.1/servers/7194ba20-8a51-45fa-b7de-6a8070fb3bc8 0.802s
2025-02-11 14:57:22.678 75171 INFO tempest.lib.common.rest_client [req-e2ff9709-797e-4346-a02a-af6278a9aa9d req-e2ff9709-797e-4346-a02a-af6278a9aa9d ] Request (ServersAdmin275Test:test_rebuild_update_server_275): 200 GET http://10.180.1.21/compute/v2.1/servers/712bb5e0-7f8f-431b-a96e-05b5af556ae3 0.734s
2025-02-11 14:57:22.689 75148 INFO tempest.lib.common.rest_client [req-99faa249-0196-47c0-af07-3b250e624e94 req-99faa249-0196-47c0-af07-3b250e624e94 ] Request (AbsoluteLimitsNegativeTestJSON:tearDownClass): 201 POST http://10.180.1.21/identity/v3/auth/tokens 0.072s
2025-02-11 14:57:22.719 75146 INFO tempest.lib.common.rest_client [req-9a291a46-86d5-4bbc-b39f-5a2525fe62e1 req-9a291a46-86d5-4bbc-b39f-5a2525fe62e1 ] Request (ServersAdminTestJSON:test_create_server_with_scheduling_hint): 200 GET http://10.180.1.21/compute/v2.1/servers/ed62e3b9-86b0-434e-ab60-484524083671 0.712s
2025-02-11 14:57:22.769 75164 INFO tempest.lib.common.rest_client [req-090b2a16-5717-490b-870f-cbd67a56d9ab req-090b2a16-5717-490b-870f-cbd67a56d9ab ] Request (DeleteServersAdminTestJSON:test_delete_server_while_in_error_state): 200 GET http://10.180.1.21/compute/v2.1/servers/4551c95a-6b11-4c1e-bdb4-d2766932ffde 0.708s
2025-02-11 14:57:22.842 75148 INFO tempest.lib.common.rest_client [req-9763e3f9-e9a7-46eb-80e3-e455e548c6ca req-9763e3f9-e9a7-46eb-80e3-e455e548c6ca ] Request (AbsoluteLimitsNegativeTestJSON:tearDownClass): 200 GET http://10.180.1.21:9696/networking/v2.0/security-groups?tenant_id=9509aae3aba64f79bed3fc752346a129&name=default 0.152s
2025-02-11 14:57:22.945 75154 INFO tempest.lib.common.rest_client [req-500366dd-f00e-48d8-9c82-a25ab5e41480 req-500366dd-f00e-48d8-9c82-a25ab5e41480 ] Request (SecurityGroupRulesTestJSON:_run_cleanups): 202 DELETE http://10.180.1.21/compute/v2.1/os-security-group-rules/9a79941c-82ea-4611-91c2-044a8a805443 0.877s
2025-02-11 14:57:22.961 75148 INFO tempest.lib.common.rest_client [req-4f6bbecf-8ee1-4885-b6f8-15f790153b98 req-4f6bbecf-8ee1-4885-b6f8-15f790153b98 ] Request (AbsoluteLimitsNegativeTestJSON:tearDownClass): 204 DELETE http://10.180.1.21:9696/networking/v2.0/security-groups/da32717d-0cdc-427e-83e8-b401d488283d 0.119s
2025-02-11 14:57:23.013 75116 INFO tempest.lib.common.rest_client [req-ff3ffba1-047d-42e8-9e1b-d5be370a4c7c req-ff3ffba1-047d-42e8-9e1b-d5be370a4c7c ] Request (InstanceActionsNegativeTestJSON:setUpClass): 200 GET http://10.180.1.21/compute/v2.1/servers/29800ae8-cf13-4cc6-b38e-2957a1d85b82 1.108s
2025-02-11 14:57:23.023 75126 INFO tempest.lib.common.rest_client [req-20d7c15d-ccb3-4218-a150-a3c0b7c88aef req-20d7c15d-ccb3-4218-a150-a3c0b7c88aef ] Request (ServerDiagnosticsTest:tearDownClass): 200 GET http://10.180.1.21/compute/v2.1/servers/66dc2392-020d-4abe-8344-b0386078dea0 0.924s
2025-02-11 14:57:23.031 75126 INFO tempest.common.waiters [-] State transition "ACTIVE/deleting" ==> "DELETED/None" after 4 second wait
2025-02-11 14:57:23.042 75148 INFO tempest.lib.common.rest_client [req-cd5d0238-e0b4-4317-8e51-10548ef004d7 req-cd5d0238-e0b4-4317-8e51-10548ef004d7 ] Request (AbsoluteLimitsNegativeTestJSON:tearDownClass): 204 DELETE http://10.180.1.21/identity/v3/projects/9509aae3aba64f79bed3fc752346a129 0.080s
2025-02-11 14:57:23.067 75174 INFO tempest.lib.common.rest_client [req-668e1fdb-007f-4b80-9fe4-d29e982c6565 req-668e1fdb-007f-4b80-9fe4-d29e982c6565 ] Request (ServersTestFqdnHostnames:test_create_server_with_fqdn_name): 200 GET http://10.180.1.21/compute/v2.1/servers/b398d1e4-cb1d-4480-b67c-a7d4bbe535fd 0.949s
2025-02-11 14:57:23.106 75114 INFO tempest.lib.common.rest_client [req-3777625f-6a7b-4def-982f-d8038f6c6bc7 req-3777625f-6a7b-4def-982f-d8038f6c6bc7 ] Request (ServerMetadataTestJSON:test_update_metadata_empty_body): 200 POST http://10.180.1.21/compute/v2.1/servers/7de36d0e-3ddc-4a8d-981e-b76212795763/metadata 0.888s
2025-02-11 14:57:23.125 75148 INFO tempest.lib.common.rest_client [req-2969429e-3433-44d7-be96-428b2066426d req-2969429e-3433-44d7-be96-428b2066426d ] Request (AttachInterfacesTestJSON:setUpClass): 201 POST http://10.180.1.21/identity/v3/auth/tokens 0.081s
2025-02-11 14:57:23.154 75120 INFO tempest.lib.common.rest_client [req-6560e4ae-f407-4a88-a503-13956bdca11b req-6560e4ae-f407-4a88-a503-13956bdca11b ] Request (ImagesNegativeTestJSON:test_create_image_from_deleted_server): 200 GET http://10.180.1.21/compute/v2.1/servers/40fc9f22-d736-46d2-9f49-3650a7a1cb63 0.888s
