2025-02-11 14:59:02.425 75164 INFO tempest.lib.common.rest_client [req-e4e53bc5-ba7c-44c6-b5c3-1d1742c7fcda req-e4e53bc5-ba7c-44c6-b5c3-1d1742c7fcda ] Request (ListServerFiltersTestJSON:setUpClass): 204 PUT http://10.180.1.21/identity/v3/projects/bc0907bb179245faa8866a64303754f3/users/b167b672c1594b9e9a56de1b914dd54f/roles/9177602ed7ec4f8eb95324383e4cb1c2 0.029s
2025-02-11 14:59:02.425 75164 INFO tempest.lib.common.dynamic_creds [-] Dynamic test user b167b672c1594b9e9a56de1b914dd54f is created with scope project and roles: ['member']
2025-02-11 14:59:02.425 75164 INFO tempest.lib.common.dynamic_creds [-] Acquired dynamic creds: credentials: Credentials: {'domain_id': 'default', 'domain_name': 'Default', 'username': 'tempest-ListServerFiltersTestJSON-530190236-project-member', 'project_domain_id': 'default', 'project_domain_name': 'Default', 'project_id': 'bc0907bb179245faa8866a64303754f3', 'project_name': 'tempest-ListServerFiltersTestJSON-530190236', 'tenant_id': 'bc0907bb179245faa8866a64303754f3', 'tenant_name': 'tempest-ListServerFiltersTestJSON-530190236', 'user_domain_id': 'default', 'user_domain_name': 'Default', 'user_id': 'b167b672c1594b9e9a56de1b914dd54f', 'system': None}, Network: None, Subnet: None, Router: None
2025-02-11 14:59:02.442 75146 INFO tempest.lib.common.rest_client [req-4ee1ee4d-777a-4864-bd31-106662d943d5 req-4ee1ee4d-777a-4864-bd31-106662d943d5 ] Request (ServersAdminTestJSON:test_inject_network_info): 200 GET http://10.180.1.21/compute/v2.1/servers/ecff4238-5c16-4ba8-a9c1-75ccb8ea0b27 0.077s
2025-02-11 14:59:02.463 75126 INFO tempest.lib.common.rest_client [req-8713b326-2b14-49a2-a455-1f50c9b374b7 req-8713b326-2b14-49a2-a455-1f50c9b374b7 ] Request (ServersAdminNegativeTestJSON:setUpClass): 200 GET http://10.180.1.21/compute/v2.1/servers/78263f95-a845-4011-84a3-910b0beffd0a 0.084s
2025-02-11 14:59:02.496 75164 INFO tempest.lib.common.rest_client [req-1e6150f9-3781-4a91-a5f5-301d3ba15cf8 req-1e6150f9-3781-4a91-a5f5-301d3ba15cf8 ] Request (ListServerFiltersTestJSON:setUpClass): 201 POST http://10.180.1.21/identity/v3/auth/tokens 0.071s
2025-02-11 14:59:02.502 75114 INFO tempest.lib.common.rest_client [req-33710707-3989-4d7d-a6d8-b08f3485b3b1 req-33710707-3989-4d7d-a6d8-b08f3485b3b1 ] Request (AttachVolumeTestJSON:test_attach_detach_volume): 200 GET http://10.180.1.21/compute/v2.1/servers/dd612fd8-83f6-4778-b590-4dbdaada56a1 0.087s
2025-02-11 14:59:02.551 75168 INFO tempest.lib.common.rest_client [req-e4fde5ba-e30e-4941-b7e2-ca37d937a0a4 req-e4fde5ba-e30e-4941-b7e2-ca37d937a0a4 ] Request (ListImageFiltersTestJSON:tearDownClass): 200 GET http://10.180.1.21/compute/v2.1/servers/ab15036b-8330-4374-b176-21faaa4b36ca 0.095s
2025-02-11 14:59:02.557 75134 INFO tempest.lib.common.rest_client [req-b5ccf747-fd66-4a53-9577-8f1dea016ebc req-b5ccf747-fd66-4a53-9577-8f1dea016ebc ] Request (ImagesTestJSON:test_create_image_from_stopped_server): 200 GET http://10.180.1.21/compute/v2.1/servers/1a2b44b4-fd07-4530-8f95-b886fa04a2c5 0.090s
2025-02-11 14:59:02.607 75124 INFO tempest.lib.common.rest_client [req-9dfa3157-0b20-421b-ae9a-969a8abf9dfe req-9dfa3157-0b20-421b-ae9a-969a8abf9dfe ] Request (VolumesAssistedSnapshotsTest:test_volume_assisted_snapshot_create_delete): 200 GET http://10.180.1.21/volume/v3/volumes/1685e9f8-9cc2-4707-b0e6-c1cf99f7fa69 0.036s
2025-02-11 14:59:02.774 75144 INFO tempest.lib.common.rest_client [req-aadb37c4-8da4-45e7-971b-7f9f7b363bba req-aadb37c4-8da4-45e7-971b-7f9f7b363bba ] Request (AttachInterfacesV270Test:tearDownClass): 200 GET http://10.180.1.21/compute/v2.1/servers/60e9b4e3-6e93-41cd-a333-f3cb17139e7d 0.077s
2025-02-11 14:59:02.828 75132 INFO tempest.lib.common.rest_client [req-7537fe2f-4fe0-4550-b88a-ed057d3b2b35 req-7537fe2f-4fe0-4550-b88a-ed057d3b2b35 ] Request (ServerDiskConfigTestJSON:test_rebuild_server_with_manual_disk_config): 200 GET http://10.180.1.21/compute/v2.1/servers/7e99921c-1329-48b3-9ab6-695f6c952e8b 0.067s
2025-02-11 14:59:02.908 75151 INFO tempest.lib.common.rest_client [req-7e0e6f71-4ce3-49b3-b33b-3f322409d457 req-7e0e6f71-4ce3-49b3-b33b-3f322409d457 ] Request (SecurityGroupsTestJSON:test_server_security_groups): 200 GET http://10.180.1.21/compute/v2.1/servers/382b6fed-cf9b-4daf-aa30-10d96e30aa77 0.232s
2025-02-11 14:59:02.909 75152 INFO tempest.lib.common.rest_client [req-7816c347-1909-4938-8ff7-c759c3539006 req-7816c347-1909-4938-8ff7-c759c3539006 ] Request (FloatingIPsAssociationTestJSON:tearDownClass): 200 GET http://10.180.1.21/compute/v2.1/servers/88317080-b446-447d-aa4d-8af1bbec9f26 0.057s
2025-02-11 14:59:03.000 75171 INFO tempest.lib.common.rest_client [req-6d27b660-a6eb-4414-9571-71a7d6bf7777 req-6d27b660-a6eb-4414-9571-71a7d6bf7777 ] Request (ServersAdmin275Test:tearDownClass): 200 GET http://10.180.1.21/compute/v2.1/servers/712bb5e0-7f8f-431b-a96e-05b5af556ae3 0.079s
2025-02-11 14:59:03.066 75176 INFO tempest.lib.common.rest_client [req-2e94cf2c-6a03-4e89-8c2e-e61a4b350e0c req-2e94cf2c-6a03-4e89-8c2e-e61a4b350e0c ] Request (ServerPasswordTestJSON:tearDownClass): 200 GET http://10.180.1.21/compute/v2.1/servers/cdd0f2e3-948a-4117-9455-fbfe561ba7dd 0.110s
2025-02-11 14:59:03.070 75164 INFO tempest.lib.common.rest_client [req-52bc8f6e-38c8-4f04-8fca-728f2e06c79f req-52bc8f6e-38c8-4f04-8fca-728f2e06c79f ] Request (ListServerFiltersTestJSON:setUpClass): 201 POST http://10.180.1.21:9696/networking/v2.0/networks 0.573s
2025-02-11 14:59:03.135 75160 INFO tempest.lib.common.rest_client [req-aa6fc634-0619-4090-af3c-4d58335d2429 req-aa6fc634-0619-4090-af3c-4d58335d2429 ] Request (ImagesOneServerNegativeTestJSON:_run_cleanups): 200 GET http://10.180.1.21/compute/v2.1/servers/a04dad8f-da5e-434f-8cd9-9b2b1e77b2a9 0.085s
2025-02-11 14:59:03.162 75142 INFO tempest.lib.common.rest_client [req-cf90ed64-2480-4d14-ac20-2050da64542e req-cf90ed64-2480-4d14-ac20-2050da64542e ] Request (VolumesAdminNegativeTest:test_update_attached_volume_with_nonexistent_volume_in_body): 200 PUT http://10.180.1.21:9696/networking/v2.0/floatingips/4b9f179c-7727-4e9b-91e0-999f5550487e 1.044s
2025-02-11 14:59:03.164 75142 INFO tempest.lib.common.ssh [-] Creating ssh connection to '10.180.180.139:22' as 'cirros' with public key authentication
2025-02-11 14:59:03.254 75172 INFO tempest.lib.common.rest_client [req-b0dc0731-f26e-46f6-bc6b-e71ac0c7abec req-b0dc0731-f26e-46f6-bc6b-e71ac0c7abec ] Request (ServersTestBootFromVolume:setUpClass): 200 GET http://10.180.1.21/compute/v2.1/servers/d8211648-488c-4fea-b9e6-4cc224a79ef5 0.069s
2025-02-11 14:59:03.317 75128 INFO tempest.lib.common.rest_client [req-19e0bcd8-bdd7-464e-9ec6-d77273dd28ac req-19e0bcd8-bdd7-464e-9ec6-d77273dd28ac ] Request (ServerRescueNegativeTestJSON:setUpClass): 200 GET http://10.180.1.21/compute/v2.1/servers/59a18bac-877d-4b56-9afc-1a9923f89db7 0.090s
2025-02-11 14:59:03.328 75120 INFO tempest.lib.common.rest_client [req-664419f8-201b-4ee5-9620-9a0a6a639f20 req-664419f8-201b-4ee5-9620-9a0a6a639f20 ] Request (DeleteServersTestJSON:test_delete_active_server): 200 GET http://10.180.1.21/compute/v2.1/servers/c83e56bd-9228-4d3c-b06a-1f26789bb6d6 0.432s
2025-02-11 14:59:03.335 75120 INFO tempest.common.waiters [-] State transition "BUILD/spawning" ==> "ACTIVE/None" after 70 second wait
2025-02-11 14:59:03.336 75164 INFO tempest.lib.common.rest_client [req-f850b9bf-b328-4f8c-b299-7cf6a81dfee0 req-f850b9bf-b328-4f8c-b299-7cf6a81dfee0 ] Request (ListServerFiltersTestJSON:setUpClass): 201 POST http://10.180.1.21:9696/networking/v2.0/subnets 0.265s
2025-02-11 14:59:03.336 75164 INFO tempest.lib.common.dynamic_creds [-] Created isolated network resources for: credentials: Credentials: {'domain_id': 'default', 'domain_name': 'Default', 'username': 'tempest-ListServerFiltersTestJSON-530190236-project-member', 'project_domain_id': 'default', 'project_domain_name': 'Default', 'project_id': 'bc0907bb179245faa8866a64303754f3', 'project_name': 'tempest-ListServerFiltersTestJSON-530190236', 'tenant_id': 'bc0907bb179245faa8866a64303754f3', 'tenant_name': 'tempest-ListServerFiltersTestJSON-530190236', 'user_domain_id': 'default', 'user_domain_name': 'Default', 'user_id': 'b167b672c1594b9e9a56de1b914dd54f', 'system': None}, Network: {'id': 'ea96a022-df77-4e99-9518-17494236a609', 'name': 'tempest-ListServerFiltersTestJSON-777164673-network', 'tenant_id': 'bc0907bb179245faa8866a64303754f3', 'admin_state_up': True, 'mtu': 8950, 'status': 'ACTIVE', 'subnets': [], 'shared': False, 'project_id': 'bc0907bb179245faa8866a64303754f3', 'port_security_enabled': True, 'router:external': False, 'provider:network_type': 'vlan', 'provider:physical_network': 'default', 'provider:segmentation_id': 324, 'availability_zone_hints': [], 'availability_zones': [], 'ipv4_address_scope': None, 'ipv6_address_scope': None, 'description': '', 'tags': [], 'created_at': '2025-02-11T14:59:02Z', 'updated_at': '2025-02-11T14:59:02Z', 'revision_number': 1}, Subnet: {'id': '26fdae0f-aba0-4acc-a9c6-94f1bfdd9c17', 'name': 'tempest-ListServerFiltersTestJSON-777164673-subnet', 'tenant_id': 'bc0907bb179245faa8866a64303754f3', 'network_id': 'ea96a022-df77-4e99-9518-17494236a609', 'ip_version': 4, 'subnetpool_id': None, 'enable_dhcp': True, 'ipv6_ra_mode': None, 'ipv6_address_mode': None, 'gateway_ip': '192.168.128.1', 'cidr': '192.168.128.0/28', 'allocation_pools': [{'start': '192.168.128.2', 'end': '192.168.128.14'}], 'host_routes': [], 'dns_nameservers': [], 'description': '', 'router:external': False, 'service_types': [], 'tags': [], 'created_at': '2025-02-11T14:59:03Z', 'updated_at': '2025-02-11T14:59:03Z', 'revision_number': 0, 'project_id': 'bc0907bb179245faa8866a64303754f3'}, Router: None
2025-02-11 14:59:03.375 75162 INFO tempest.lib.common.rest_client [req-e3de5a9a-d9cf-433b-9887-20b4307d04cc req-e3de5a9a-d9cf-433b-9887-20b4307d04cc ] Request (MigrationsAdminTest:test_resize_server_revert_deleted_flavor): 200 GET http://10.180.1.21/compute/v2.1/servers/562b786c-1b14-4006-a31d-1de7127cf19d 0.063s
2025-02-11 14:59:03.422 75136 INFO tempest.lib.common.rest_client [req-a2326838-07f6-4d7c-a3e0-395df615584f req-a2326838-07f6-4d7c-a3e0-395df615584f ] Request (ServersWithSpecificFlavorTestJSON:test_verify_created_server_ephemeral_disk): 200 GET http://10.180.1.21/compute/v2.1/servers/a41ee046-d966-409c-b69c-23fe1aa8058f 0.050s
2025-02-11 14:59:03.428 75164 INFO tempest.lib.common.rest_client [req-2ff9aa45-b5da-485d-b7e5-9f679bf9e55b req-2ff9aa45-b5da-485d-b7e5-9f679bf9e55b ] Request (ListServerFiltersTestJSON:setUpClass): 201 POST http://10.180.1.21/identity/v3/auth/tokens 0.087s
2025-02-11 14:59:03.441 75120 INFO tempest.lib.common.rest_client [req-4311dbea-8f5d-4502-9c8c-6f3c481cb449 req-4311dbea-8f5d-4502-9c8c-6f3c481cb449 ] Request (DeleteServersTestJSON:test_delete_active_server): 204 DELETE http://10.180.1.21/compute/v2.1/servers/c83e56bd-9228-4d3c-b06a-1f26789bb6d6 0.106s
2025-02-11 14:59:03.466 75164 INFO tempest.lib.common.rest_client [req-a8ccc135-d2b2-4366-b2bd-d5d088c23eb0 req-a8ccc135-d2b2-4366-b2bd-d5d088c23eb0 ] Request (ListServerFiltersTestJSON:setUpClass): 201 POST http://10.180.1.21/identity/v3/auth/tokens 0.033s
2025-02-11 14:59:03.466 75164 INFO tempest.lib.common.fixed_network [-] (ListServerFiltersTestJSON:setUpClass) Found network {'id': 'ea96a022-df77-4e99-9518-17494236a609', 'name': 'tempest-ListServerFiltersTestJSON-777164673-network', 'tenant_id': 'bc0907bb179245faa8866a64303754f3', 'admin_state_up': True, 'mtu': 8950, 'status': 'ACTIVE', 'subnets': [], 'shared': False, 'project_id': 'bc0907bb179245faa8866a64303754f3', 'port_security_enabled': True, 'router:external': False, 'provider:network_type': 'vlan', 'provider:physical_network': 'default', 'provider:segmentation_id': 324, 'availability_zone_hints': [], 'availability_zones': [], 'ipv4_address_scope': None, 'ipv6_address_scope': None, 'description': '', 'tags': [], 'created_at': '2025-02-11T14:59:02Z', 'updated_at': '2025-02-11T14:59:02Z', 'revision_number': 1} available for tenant
2025-02-11 14:59:03.473 75166 INFO tempest.lib.common.rest_client [req-dece176f-28bb-4e92-955f-a4bab43c9361 req-dece176f-28bb-4e92-955f-a4bab43c9361 ] Request (MultipleCreateTestJSON:test_multiple_create_with_reservation_return): 200 GET http://10.180.1.21/compute/v2.1/servers/0739e12b-4800-4c27-9752-a52b10dd4d0c 0.080s
2025-02-11 14:59:03.502 75164 INFO tempest.lib.common.rest_client [req-98f06c43-b37a-4c29-a76e-613594c8572e req-98f06c43-b37a-4c29-a76e-613594c8572e ] Request (ListServerFiltersTestJSON:setUpClass): 201 POST http://10.180.1.21/identity/v3/auth/tokens 0.032s
2025-02-11 14:59:03.503 75164 INFO tempest.lib.common.fixed_network [-] (ListServerFiltersTestJSON:setUpClass) Found network {'id': 'ea96a022-df77-4e99-9518-17494236a609', 'name': 'tempest-ListServerFiltersTestJSON-777164673-network', 'tenant_id': 'bc0907bb179245faa8866a64303754f3', 'admin_state_up': True, 'mtu': 8950, 'status': 'ACTIVE', 'subnets': [], 'shared': False, 'project_id': 'bc0907bb179245faa8866a64303754f3', 'port_security_enabled': True, 'router:external': False, 'provider:network_type': 'vlan', 'provider:physical_network': 'default', 'provider:segmentation_id': 324, 'availability_zone_hints': [], 'availability_zones': [], 'ipv4_address_scope': None, 'ipv6_address_scope': None, 'description': '', 'tags': [], 'created_at': '2025-02-11T14:59:02Z', 'updated_at': '2025-02-11T14:59:02Z', 'revision_number': 1} available for tenant
2025-02-11 14:59:03.541 75146 INFO tempest.lib.common.rest_client [req-2a12f7df-c32a-427d-84ce-24439ce48bef req-2a12f7df-c32a-427d-84ce-24439ce48bef ] Request (ServersAdminTestJSON:test_inject_network_info): 200 GET http://10.180.1.21/compute/v2.1/servers/ecff4238-5c16-4ba8-a9c1-75ccb8ea0b27 0.091s
2025-02-11 14:59:03.554 75120 INFO tempest.lib.common.rest_client [req-ee04f345-9f45-400a-b998-79db3521a8d9 req-ee04f345-9f45-400a-b998-79db3521a8d9 ] Request (DeleteServersTestJSON:test_delete_active_server): 200 GET http://10.180.1.21/compute/v2.1/servers/c83e56bd-9228-4d3c-b06a-1f26789bb6d6 0.113s
2025-02-11 14:59:03.589 75126 INFO tempest.lib.common.rest_client [req-ca54bb36-a036-4692-99e4-9ecd799975cd req-ca54bb36-a036-4692-99e4-9ecd799975cd ] Request (ServersAdminNegativeTestJSON:setUpClass): 200 GET http://10.180.1.21/compute/v2.1/servers/78263f95-a845-4011-84a3-910b0beffd0a 0.110s
2025-02-11 14:59:03.641 75114 INFO tempest.lib.common.rest_client [req-0479f795-f657-4696-ac29-9c6dcb79759f req-0479f795-f657-4696-ac29-9c6dcb79759f ] Request (AttachVolumeTestJSON:test_attach_detach_volume): 200 GET http://10.180.1.21/compute/v2.1/servers/dd612fd8-83f6-4778-b590-4dbdaada56a1 0.129s
2025-02-11 14:59:03.649 75114 INFO tempest.common.waiters [-] State transition "BUILD/scheduling" ==> "BUILD/None" after 45 second wait
2025-02-11 14:59:03.653 75124 INFO tempest.lib.common.rest_client [req-7f8e72a7-cd25-4cf6-b39a-f4fc80feeeba req-7f8e72a7-cd25-4cf6-b39a-f4fc80feeeba ] Request (VolumesAssistedSnapshotsTest:test_volume_assisted_snapshot_create_delete): 200 GET http://10.180.1.21/volume/v3/volumes/1685e9f8-9cc2-4707-b0e6-c1cf99f7fa69 0.037s
2025-02-11 14:59:03.707 75168 INFO tempest.lib.common.rest_client [req-b035cb06-5a22-4f32-a70c-8d6fc31f0ad3 req-b035cb06-5a22-4f32-a70c-8d6fc31f0ad3 ] Request (ListImageFiltersTestJSON:tearDownClass): 200 GET http://10.180.1.21/compute/v2.1/servers/ab15036b-8330-4374-b176-21faaa4b36ca 0.145s
2025-02-11 14:59:03.755 75134 INFO tempest.lib.common.rest_client [req-9a98e6b9-eceb-4563-8474-d49ab5c487c0 req-9a98e6b9-eceb-4563-8474-d49ab5c487c0 ] Request (ImagesTestJSON:test_create_image_from_stopped_server): 200 GET http://10.180.1.21/compute/v2.1/servers/1a2b44b4-fd07-4530-8f95-b886fa04a2c5 0.183s
2025-02-11 14:59:03.765 75130 WARNING tempest.lib.common.ssh [-] Failed to establish authenticated ssh connection to cirros@10.180.180.198 ([Errno None] Unable to connect to port 22 on 10.180.180.198). Number attempts: 5. Retry after 6 seconds.: paramiko.ssh_exception.NoValidConnectionsError: [Errno None] Unable to connect to port 22 on 10.180.180.198
2025-02-11 14:59:03.863 75144 INFO tempest.lib.common.rest_client [req-c8739ee5-7ce7-4acb-bf00-b3b4ea49acea req-c8739ee5-7ce7-4acb-bf00-b3b4ea49acea ] Request (AttachInterfacesV270Test:tearDownClass): 200 GET http://10.180.1.21/compute/v2.1/servers/60e9b4e3-6e93-41cd-a333-f3cb17139e7d 0.072s
2025-02-11 14:59:03.902 75164 INFO tempest.lib.common.rest_client [req-f5737f76-7527-4ad4-911f-25cdc2bae573 req-f5737f76-7527-4ad4-911f-25cdc2bae573 ] Request (ListServerFiltersTestJSON:setUpClass): 202 POST http://10.180.1.21/compute/v2.1/servers 0.398s
2025-02-11 14:59:03.908 75132 INFO tempest.lib.common.rest_client [req-d2fe514e-83fe-4215-8aa0-00fb314d406c req-d2fe514e-83fe-4215-8aa0-00fb314d406c ] Request (ServerDiskConfigTestJSON:test_rebuild_server_with_manual_disk_config): 200 GET http://10.180.1.21/compute/v2.1/servers/7e99921c-1329-48b3-9ab6-695f6c952e8b 0.073s
2025-02-11 14:59:03.937 75164 INFO tempest.lib.common.rest_client [req-650a3be7-4fb7-494c-903d-8b1ca5650918 req-650a3be7-4fb7-494c-903d-8b1ca5650918 ] Request (ListServerFiltersTestJSON:setUpClass): 201 POST http://10.180.1.21/identity/v3/auth/tokens 0.031s
2025-02-11 14:59:03.937 75164 INFO tempest.lib.common.fixed_network [-] (ListServerFiltersTestJSON:setUpClass) Found network {'id': 'ea96a022-df77-4e99-9518-17494236a609', 'name': 'tempest-ListServerFiltersTestJSON-777164673-network', 'tenant_id': 'bc0907bb179245faa8866a64303754f3', 'admin_state_up': True, 'mtu': 8950, 'status': 'ACTIVE', 'subnets': [], 'shared': False, 'project_id': 'bc0907bb179245faa8866a64303754f3', 'port_security_enabled': True, 'router:external': False, 'provider:network_type': 'vlan', 'provider:physical_network': 'default', 'provider:segmentation_id': 324, 'availability_zone_hints': [], 'availability_zones': [], 'ipv4_address_scope': None, 'ipv6_address_scope': None, 'description': '', 'tags': [], 'created_at': '2025-02-11T14:59:02Z', 'updated_at': '2025-02-11T14:59:02Z', 'revision_number': 1} available for tenant
2025-02-11 14:59:03.971 75151 INFO tempest.lib.common.rest_client [req-c24fb223-4bee-40c5-8181-3afe4c9f7c50 req-c24fb223-4bee-40c5-8181-3afe4c9f7c50 ] Request (SecurityGroupsTestJSON:test_server_security_groups): 200 GET http://10.180.1.21/compute/v2.1/servers/382b6fed-cf9b-4daf-aa30-10d96e30aa77 0.053s
2025-02-11 14:59:03.976 75152 INFO tempest.lib.common.rest_client [req-fd6a1aaa-90e6-4e3c-9a53-8074fcedda0a req-fd6a1aaa-90e6-4e3c-9a53-8074fcedda0a ] Request (FloatingIPsAssociationTestJSON:tearDownClass): 200 GET http://10.180.1.21/compute/v2.1/servers/88317080-b446-447d-aa4d-8af1bbec9f26 0.059s
2025-02-11 14:59:04.080 75171 INFO tempest.lib.common.rest_client [req-b6de6f5c-8d15-4d10-9acb-ccfe3cae92e8 req-b6de6f5c-8d15-4d10-9acb-ccfe3cae92e8 ] Request (ServersAdmin275Test:tearDownClass): 200 GET http://10.180.1.21/compute/v2.1/servers/712bb5e0-7f8f-431b-a96e-05b5af556ae3 0.066s
2025-02-11 14:59:04.137 75176 INFO tempest.lib.common.rest_client [req-65f3eda2-21bd-4cb8-8be6-3957025da25e req-65f3eda2-21bd-4cb8-8be6-3957025da25e ] Request (ServerPasswordTestJSON:tearDownClass): 200 GET http://10.180.1.21/compute/v2.1/servers/cdd0f2e3-948a-4117-9455-fbfe561ba7dd 0.061s
2025-02-11 14:59:04.198 75160 INFO tempest.lib.common.rest_client [req-068a88b7-0b8a-4936-a211-2c9f5eb265b5 req-068a88b7-0b8a-4936-a211-2c9f5eb265b5 ] Request (ImagesOneServerNegativeTestJSON:_run_cleanups): 200 GET http://10.180.1.21/compute/v2.1/servers/a04dad8f-da5e-434f-8cd9-9b2b1e77b2a9 0.050s
2025-02-11 14:59:04.204 75164 INFO tempest.lib.common.rest_client [req-7f7efaf6-4e58-4729-a16c-ff26f8f2839e req-7f7efaf6-4e58-4729-a16c-ff26f8f2839e ] Request (ListServerFiltersTestJSON:setUpClass): 202 POST http://10.180.1.21/compute/v2.1/servers 0.266s
2025-02-11 14:59:04.236 75164 INFO tempest.lib.common.rest_client [req-2c4cd51b-051b-428b-ac5e-b579146f98f3 req-2c4cd51b-051b-428b-ac5e-b579146f98f3 ] Request (ListServerFiltersTestJSON:setUpClass): 201 POST http://10.180.1.21/identity/v3/auth/tokens 0.028s
2025-02-11 14:59:04.237 75164 INFO tempest.lib.common.fixed_network [-] (ListServerFiltersTestJSON:setUpClass) Found network {'id': 'ea96a022-df77-4e99-9518-17494236a609', 'name': 'tempest-ListServerFiltersTestJSON-777164673-network', 'tenant_id': 'bc0907bb179245faa8866a64303754f3', 'admin_state_up': True, 'mtu': 8950, 'status': 'ACTIVE', 'subnets': [], 'shared': False, 'project_id': 'bc0907bb179245faa8866a64303754f3', 'port_security_enabled': True, 'router:external': False, 'provider:network_type': 'vlan', 'provider:physical_network': 'default', 'provider:segmentation_id': 324, 'availability_zone_hints': [], 'availability_zones': [], 'ipv4_address_scope': None, 'ipv6_address_scope': None, 'description': '', 'tags': [], 'created_at': '2025-02-11T14:59:02Z', 'updated_at': '2025-02-11T14:59:02Z', 'revision_number': 1} available for tenant
2025-02-11 14:59:04.320 75172 INFO tempest.lib.common.rest_client [req-7fddbc38-96dd-4c6a-8f46-118ba03dc591 req-7fddbc38-96dd-4c6a-8f46-118ba03dc591 ] Request (ServersTestBootFromVolume:setUpClass): 200 GET http://10.180.1.21/compute/v2.1/servers/d8211648-488c-4fea-b9e6-4cc224a79ef5 0.057s
2025-02-11 14:59:04.394 75128 INFO tempest.lib.common.rest_client [req-6b307d70-902e-4416-86f6-4ef011b91f9d req-6b307d70-902e-4416-86f6-4ef011b91f9d ] Request (ServerRescueNegativeTestJSON:setUpClass): 200 GET http://10.180.1.21/compute/v2.1/servers/59a18bac-877d-4b56-9afc-1a9923f89db7 0.063s
2025-02-11 14:59:04.452 75162 INFO tempest.lib.common.rest_client [req-a7070f4e-96a1-4a8d-8184-6447d4badad5 req-a7070f4e-96a1-4a8d-8184-6447d4badad5 ] Request (MigrationsAdminTest:test_resize_server_revert_deleted_flavor): 200 GET http://10.180.1.21/compute/v2.1/servers/562b786c-1b14-4006-a31d-1de7127cf19d 0.067s
2025-02-11 14:59:04.509 75136 INFO tempest.lib.common.rest_client [req-e22f7ada-6931-40c0-bbcf-733b134c8037 req-e22f7ada-6931-40c0-bbcf-733b134c8037 ] Request (ServersWithSpecificFlavorTestJSON:test_verify_created_server_ephemeral_disk): 200 GET http://10.180.1.21/compute/v2.1/servers/a41ee046-d966-409c-b69c-23fe1aa8058f 0.077s
2025-02-11 14:59:04.564 75164 INFO tempest.lib.common.rest_client [req-93819cf4-123e-41be-942f-05acd4a378f4 req-93819cf4-123e-41be-942f-05acd4a378f4 ] Request (ListServerFiltersTestJSON:setUpClass): 202 POST http://10.180.1.21/compute/v2.1/servers 0.326s
2025-02-11 14:59:04.566 75166 INFO tempest.lib.common.rest_client [req-d77bd935-0e9b-4b66-9029-c95f40d6814b req-d77bd935-0e9b-4b66-9029-c95f40d6814b ] Request (MultipleCreateTestJSON:test_multiple_create_with_reservation_return): 200 GET http://10.180.1.21/compute/v2.1/servers/0739e12b-4800-4c27-9752-a52b10dd4d0c 0.085s
2025-02-11 14:59:04.636 75146 INFO tempest.lib.common.rest_client [req-468369c7-ac3c-4233-bcbb-8ab2e90f6457 req-468369c7-ac3c-4233-bcbb-8ab2e90f6457 ] Request (ServersAdminTestJSON:test_inject_network_info): 200 GET http://10.180.1.21/compute/v2.1/servers/ecff4238-5c16-4ba8-a9c1-75ccb8ea0b27 0.086s
2025-02-11 14:59:04.698 75164 INFO tempest.lib.common.rest_client [req-43133a9d-ef13-418e-a424-4f4cbfd837f9 req-43133a9d-ef13-418e-a424-4f4cbfd837f9 ] Request (ListServerFiltersTestJSON:setUpClass): 200 GET http://10.180.1.21/compute/v2.1/servers/52fb2b9a-78ec-4fa4-8c04-e23cf9e8b404 0.132s
2025-02-11 14:59:04.703 75124 INFO tempest.lib.common.rest_client [req-81c1efdb-a360-4dde-be5e-344c944dda3c req-81c1efdb-a360-4dde-be5e-344c944dda3c ] Request (VolumesAssistedSnapshotsTest:test_volume_assisted_snapshot_create_delete): 200 GET http://10.180.1.21/volume/v3/volumes/1685e9f8-9cc2-4707-b0e6-c1cf99f7fa69 0.038s
2025-02-11 14:59:04.767 75126 INFO tempest.lib.common.rest_client [req-e716628c-ccca-479b-a52d-774910f189f6 req-e716628c-ccca-479b-a52d-774910f189f6 ] Request (ServersAdminNegativeTestJSON:setUpClass): 200 GET http://10.180.1.21/compute/v2.1/servers/78263f95-a845-4011-84a3-910b0beffd0a 0.169s
2025-02-11 14:59:04.783 75120 INFO tempest.lib.common.rest_client [req-f020293e-5beb-4267-ac5f-d69823745a95 req-f020293e-5beb-4267-ac5f-d69823745a95 ] Request (DeleteServersTestJSON:test_delete_active_server): 200 GET http://10.180.1.21/compute/v2.1/servers/c83e56bd-9228-4d3c-b06a-1f26789bb6d6 0.220s
2025-02-11 14:59:04.821 75114 INFO tempest.lib.common.rest_client [req-83d3d57a-67bb-4da7-9d7a-2da2578dde50 req-83d3d57a-67bb-4da7-9d7a-2da2578dde50 ] Request (AttachVolumeTestJSON:test_attach_detach_volume): 200 GET http://10.180.1.21/compute/v2.1/servers/dd612fd8-83f6-4778-b590-4dbdaada56a1 0.170s
2025-02-11 14:59:04.858 75168 INFO tempest.lib.common.rest_client [req-86356166-9b74-42e6-b4e3-a6a9eeb1047c req-86356166-9b74-42e6-b4e3-a6a9eeb1047c ] Request (ListImageFiltersTestJSON:tearDownClass): 200 GET http://10.180.1.21/compute/v2.1/servers/ab15036b-8330-4374-b176-21faaa4b36ca 0.141s
2025-02-11 14:59:04.880 75134 INFO tempest.lib.common.rest_client [req-466ec214-9be7-48d6-8f59-a9ea7095a5a9 req-466ec214-9be7-48d6-8f59-a9ea7095a5a9 ] Request (ImagesTestJSON:test_create_image_from_stopped_server): 200 GET http://10.180.1.21/compute/v2.1/servers/1a2b44b4-fd07-4530-8f95-b886fa04a2c5 0.118s
2025-02-11 14:59:04.889 75134 INFO tempest.common.waiters [-] State transition "BUILD/scheduling" ==> "BUILD/None" after 37 second wait
2025-02-11 14:59:04.932 75144 INFO tempest.lib.common.rest_client [req-773e4e91-0080-4fe5-bcc7-4771d737280e req-773e4e91-0080-4fe5-bcc7-4771d737280e ] Request (AttachInterfacesV270Test:tearDownClass): 200 GET http://10.180.1.21/compute/v2.1/servers/60e9b4e3-6e93-41cd-a333-f3cb17139e7d 0.059s
2025-02-11 14:59:04.980 75132 INFO tempest.lib.common.rest_client [req-0398a553-65af-475b-a8d7-f9a9e5c550a4 req-0398a553-65af-475b-a8d7-f9a9e5c550a4 ] Request (ServerDiskConfigTestJSON:test_rebuild_server_with_manual_disk_config): 200 GET http://10.180.1.21/compute/v2.1/servers/7e99921c-1329-48b3-9ab6-695f6c952e8b 0.062s
2025-02-11 14:59:05.048 75151 INFO tempest.lib.common.rest_client [req-6f4413fd-738a-4f3c-9a37-6f0faa647152 req-6f4413fd-738a-4f3c-9a37-6f0faa647152 ] Request (SecurityGroupsTestJSON:test_server_security_groups): 200 GET http://10.180.1.21/compute/v2.1/servers/382b6fed-cf9b-4daf-aa30-10d96e30aa77 0.069s
2025-02-11 14:59:05.054 75151 INFO tempest.common.waiters [-] State transition "ACTIVE/deleting" ==> "DELETED/None" after 5 second wait
2025-02-11 14:59:05.058 75152 INFO tempest.lib.common.rest_client [req-c59e470f-f2ae-45a4-9a8b-b5d6ad4e73d5 req-c59e470f-f2ae-45a4-9a8b-b5d6ad4e73d5 ] Request (FloatingIPsAssociationTestJSON:tearDownClass): 200 GET http://10.180.1.21/compute/v2.1/servers/88317080-b446-447d-aa4d-8af1bbec9f26 0.073s
2025-02-11 14:59:05.159 75171 INFO tempest.lib.common.rest_client [req-8008a7a0-d69c-4074-b24f-1ef9fcf8835c req-8008a7a0-d69c-4074-b24f-1ef9fcf8835c ] Request (ServersAdmin275Test:tearDownClass): 200 GET http://10.180.1.21/compute/v2.1/servers/712bb5e0-7f8f-431b-a96e-05b5af556ae3 0.067s
2025-02-11 14:59:05.212 75176 INFO tempest.lib.common.rest_client [req-edf22ad2-4f6e-4e04-babe-54e85efbdfe4 req-edf22ad2-4f6e-4e04-babe-54e85efbdfe4 ] Request (ServerPasswordTestJSON:tearDownClass): 200 GET http://10.180.1.21/compute/v2.1/servers/cdd0f2e3-948a-4117-9455-fbfe561ba7dd 0.068s
2025-02-11 14:59:05.264 75160 INFO tempest.lib.common.rest_client [req-77321911-77d5-4542-ae7a-6833e3a2fd92 req-77321911-77d5-4542-ae7a-6833e3a2fd92 ] Request (ImagesOneServerNegativeTestJSON:_run_cleanups): 200 GET http://10.180.1.21/compute/v2.1/servers/a04dad8f-da5e-434f-8cd9-9b2b1e77b2a9 0.056s
2025-02-11 14:59:05.379 75172 INFO tempest.lib.common.rest_client [req-7f13ec70-006a-4c9f-a610-54dfa85b3739 req-7f13ec70-006a-4c9f-a610-54dfa85b3739 ] Request (ServersTestBootFromVolume:setUpClass): 200 GET http://10.180.1.21/compute/v2.1/servers/d8211648-488c-4fea-b9e6-4cc224a79ef5 0.047s
2025-02-11 14:59:05.448 75128 INFO tempest.lib.common.rest_client [req-9afacec0-3f81-4035-97ca-e6bacb3dfb0a req-9afacec0-3f81-4035-97ca-e6bacb3dfb0a ] Request (ServerRescueNegativeTestJSON:setUpClass): 200 GET http://10.180.1.21/compute/v2.1/servers/59a18bac-877d-4b56-9afc-1a9923f89db7 0.046s
2025-02-11 14:59:05.514 75162 INFO tempest.lib.common.rest_client [req-6e4dd80f-c01a-4cff-907f-4e8f237bebd1 req-6e4dd80f-c01a-4cff-907f-4e8f237bebd1 ] Request (MigrationsAdminTest:test_resize_server_revert_deleted_flavor): 200 GET http://10.180.1.21/compute/v2.1/servers/562b786c-1b14-4006-a31d-1de7127cf19d 0.048s
2025-02-11 14:59:05.569 75136 INFO tempest.lib.common.rest_client [req-aefa4832-ed93-4ad1-b9a1-b31b6d1ffea9 req-aefa4832-ed93-4ad1-b9a1-b31b6d1ffea9 ] Request (ServersWithSpecificFlavorTestJSON:test_verify_created_server_ephemeral_disk): 200 GET http://10.180.1.21/compute/v2.1/servers/a41ee046-d966-409c-b69c-23fe1aa8058f 0.051s
2025-02-11 14:59:05.629 75166 INFO tempest.lib.common.rest_client [req-7bbadd64-6777-4d37-a35f-30e17517a1a8 req-7bbadd64-6777-4d37-a35f-30e17517a1a8 ] Request (MultipleCreateTestJSON:test_multiple_create_with_reservation_return): 200 GET http://10.180.1.21/compute/v2.1/servers/0739e12b-4800-4c27-9752-a52b10dd4d0c 0.052s
2025-02-11 14:59:05.707 75146 INFO tempest.lib.common.rest_client [req-6b973814-e5a5-4a9c-941e-bb43a4ac2566 req-6b973814-e5a5-4a9c-941e-bb43a4ac2566 ] Request (ServersAdminTestJSON:test_inject_network_info): 200 GET http://10.180.1.21/compute/v2.1/servers/ecff4238-5c16-4ba8-a9c1-75ccb8ea0b27 0.055s
2025-02-11 14:59:05.743 75124 INFO tempest.lib.common.rest_client [req-2ae91e47-cdec-43e5-b678-133ad7a9962d req-2ae91e47-cdec-43e5-b678-133ad7a9962d ] Request (VolumesAssistedSnapshotsTest:test_volume_assisted_snapshot_create_delete): 200 GET http://10.180.1.21/volume/v3/volumes/1685e9f8-9cc2-4707-b0e6-c1cf99f7fa69 0.031s
2025-02-11 14:59:05.767 75164 INFO tempest.lib.common.rest_client [req-cf8e9f06-55b3-4675-8507-b35a13406143 req-cf8e9f06-55b3-4675-8507-b35a13406143 ] Request (ListServerFiltersTestJSON:setUpClass): 200 GET http://10.180.1.21/compute/v2.1/servers/52fb2b9a-78ec-4fa4-8c04-e23cf9e8b404 0.060s
2025-02-11 14:59:05.846 75126 INFO tempest.lib.common.rest_client [req-54114c8e-f0bc-418e-8106-97d88abd7095 req-54114c8e-f0bc-418e-8106-97d88abd7095 ] Request (ServersAdminNegativeTestJSON:setUpClass): 200 GET http://10.180.1.21/compute/v2.1/servers/78263f95-a845-4011-84a3-910b0beffd0a 0.067s
2025-02-11 14:59:05.852 75120 INFO tempest.lib.common.rest_client [req-550232b6-f2c3-4168-96b8-63dcf99d2d77 req-550232b6-f2c3-4168-96b8-63dcf99d2d77 ] Request (DeleteServersTestJSON:test_delete_active_server): 200 GET http://10.180.1.21/compute/v2.1/servers/c83e56bd-9228-4d3c-b06a-1f26789bb6d6 0.056s
2025-02-11 14:59:05.901 75114 INFO tempest.lib.common.rest_client [req-89fec7d7-0324-445f-9c5f-414953e9dc5c req-89fec7d7-0324-445f-9c5f-414953e9dc5c ] Request (AttachVolumeTestJSON:test_attach_detach_volume): 200 GET http://10.180.1.21/compute/v2.1/servers/dd612fd8-83f6-4778-b590-4dbdaada56a1 0.067s
2025-02-11 14:59:05.911 75148 WARNING tempest.lib.common.ssh [-] Failed to establish authenticated ssh connection to cirros@10.180.180.206 ([Errno None] Unable to connect to port 22 on 10.180.180.206). Number attempts: 1. Retry after 2 seconds.: paramiko.ssh_exception.NoValidConnectionsError: [Errno None] Unable to connect to port 22 on 10.180.180.206
2025-02-11 14:59:05.932 75168 INFO tempest.lib.common.rest_client [req-2eee9d00-43f4-4fb9-9a65-cd8d18d66a40 req-2eee9d00-43f4-4fb9-9a65-cd8d18d66a40 ] Request (ListImageFiltersTestJSON:tearDownClass): 200 GET http://10.180.1.21/compute/v2.1/servers/ab15036b-8330-4374-b176-21faaa4b36ca 0.059s
2025-02-11 14:59:05.945 75134 INFO tempest.lib.common.rest_client [req-4b03f5fd-87a3-4392-a126-ed80874f32c5 req-4b03f5fd-87a3-4392-a126-ed80874f32c5 ] Request (ImagesTestJSON:test_create_image_from_stopped_server): 200 GET http://10.180.1.21/compute/v2.1/servers/1a2b44b4-fd07-4530-8f95-b886fa04a2c5 0.055s
2025-02-11 14:59:05.998 75144 INFO tempest.lib.common.rest_client [req-00476aa9-531d-4106-9e8c-3e5f20624b44 req-00476aa9-531d-4106-9e8c-3e5f20624b44 ] Request (AttachInterfacesV270Test:tearDownClass): 200 GET http://10.180.1.21/compute/v2.1/servers/60e9b4e3-6e93-41cd-a333-f3cb17139e7d 0.052s
2025-02-11 14:59:06.039 75132 INFO tempest.lib.common.rest_client [req-87ca024a-cfb4-4331-8fc0-15844cb2b89f req-87ca024a-cfb4-4331-8fc0-15844cb2b89f ] Request (ServerDiskConfigTestJSON:test_rebuild_server_with_manual_disk_config): 200 GET http://10.180.1.21/compute/v2.1/servers/7e99921c-1329-48b3-9ab6-695f6c952e8b 0.051s
2025-02-11 14:59:06.114 75151 INFO tempest.lib.common.rest_client [req-4b7f9f58-b630-4645-87dc-33a47c3c1220 req-4b7f9f58-b630-4645-87dc-33a47c3c1220 ] Request (SecurityGroupsTestJSON:test_server_security_groups): 200 GET http://10.180.1.21/compute/v2.1/servers/382b6fed-cf9b-4daf-aa30-10d96e30aa77 0.058s
2025-02-11 14:59:06.122 75152 INFO tempest.lib.common.rest_client [req-d2d48229-8afd-4005-bfe9-0c473dba42c5 req-d2d48229-8afd-4005-bfe9-0c473dba42c5 ] Request (FloatingIPsAssociationTestJSON:tearDownClass): 200 GET http://10.180.1.21/compute/v2.1/servers/88317080-b446-447d-aa4d-8af1bbec9f26 0.054s
2025-02-11 14:59:06.243 75171 INFO tempest.lib.common.rest_client [req-e66a5ffd-a012-4e5d-916b-2cc806412727 req-e66a5ffd-a012-4e5d-916b-2cc806412727 ] Request (ServersAdmin275Test:tearDownClass): 200 GET http://10.180.1.21/compute/v2.1/servers/712bb5e0-7f8f-431b-a96e-05b5af556ae3 0.072s
2025-02-11 14:59:06.277 75176 INFO tempest.lib.common.rest_client [req-bcea9dd5-0a50-481c-a58a-19b30146974a req-bcea9dd5-0a50-481c-a58a-19b30146974a ] Request (ServerPasswordTestJSON:tearDownClass): 200 GET http://10.180.1.21/compute/v2.1/servers/cdd0f2e3-948a-4117-9455-fbfe561ba7dd 0.056s
2025-02-11 14:59:06.317 75160 INFO tempest.lib.common.rest_client [req-854ff3e9-7f35-452a-a129-c3ac6c4e72f1 req-854ff3e9-7f35-452a-a129-c3ac6c4e72f1 ] Request (ImagesOneServerNegativeTestJSON:_run_cleanups): 200 GET http://10.180.1.21/compute/v2.1/servers/a04dad8f-da5e-434f-8cd9-9b2b1e77b2a9 0.046s
2025-02-11 14:59:06.432 75172 INFO tempest.lib.common.rest_client [req-f1c44c33-f48f-43b9-a867-c5cfd4153ff3 req-f1c44c33-f48f-43b9-a867-c5cfd4153ff3 ] Request (ServersTestBootFromVolume:setUpClass): 200 GET http://10.180.1.21/compute/v2.1/servers/d8211648-488c-4fea-b9e6-4cc224a79ef5 0.045s
2025-02-11 14:59:06.502 75128 INFO tempest.lib.common.rest_client [req-5867b265-ed10-4547-8e29-642a6a0ce51c req-5867b265-ed10-4547-8e29-642a6a0ce51c ] Request (ServerRescueNegativeTestJSON:setUpClass): 200 GET http://10.180.1.21/compute/v2.1/servers/59a18bac-877d-4b56-9afc-1a9923f89db7 0.047s
2025-02-11 14:59:06.567 75140 WARNING tempest.lib.common.ssh [-] Failed to establish authenticated ssh connection to cirros@10.180.180.221 ([Errno None] Unable to connect to port 22 on 10.180.180.221). Number attempts: 5. Retry after 6 seconds.: paramiko.ssh_exception.NoValidConnectionsError: [Errno None] Unable to connect to port 22 on 10.180.180.221
2025-02-11 14:59:06.568 75162 INFO tempest.lib.common.rest_client [req-cc7cff62-94d0-40fa-b1d3-ed754bd344ef req-cc7cff62-94d0-40fa-b1d3-ed754bd344ef ] Request (MigrationsAdminTest:test_resize_server_revert_deleted_flavor): 200 GET http://10.180.1.21/compute/v2.1/servers/562b786c-1b14-4006-a31d-1de7127cf19d 0.046s
2025-02-11 14:59:06.624 75136 INFO tempest.lib.common.rest_client [req-a142890a-84b9-4754-9366-9260860110b5 req-a142890a-84b9-4754-9366-9260860110b5 ] Request (ServersWithSpecificFlavorTestJSON:test_verify_created_server_ephemeral_disk): 200 GET http://10.180.1.21/compute/v2.1/servers/a41ee046-d966-409c-b69c-23fe1aa8058f 0.048s
2025-02-11 14:59:06.684 75166 INFO tempest.lib.common.rest_client [req-c33b8e49-de30-41c2-9ecd-510df49e6351 req-c33b8e49-de30-41c2-9ecd-510df49e6351 ] Request (MultipleCreateTestJSON:test_multiple_create_with_reservation_return): 200 GET http://10.180.1.21/compute/v2.1/servers/0739e12b-4800-4c27-9752-a52b10dd4d0c 0.048s
2025-02-11 14:59:06.690 75166 INFO tempest.common.waiters [-] State transition "BUILD/None" ==> "BUILD/networking" after 68 second wait
2025-02-11 14:59:06.763 75146 INFO tempest.lib.common.rest_client [req-f494ae66-bf7e-4857-b06b-6b1dfbb44e34 req-f494ae66-bf7e-4857-b06b-6b1dfbb44e34 ] Request (ServersAdminTestJSON:test_inject_network_info): 200 GET http://10.180.1.21/compute/v2.1/servers/ecff4238-5c16-4ba8-a9c1-75ccb8ea0b27 0.047s
2025-02-11 14:59:06.774 75124 INFO tempest.lib.common.rest_client [req-516b5063-34a3-4952-9c77-d6847de9a9dd req-516b5063-34a3-4952-9c77-d6847de9a9dd ] Request (VolumesAssistedSnapshotsTest:test_volume_assisted_snapshot_create_delete): 200 GET http://10.180.1.21/volume/v3/volumes/1685e9f8-9cc2-4707-b0e6-c1cf99f7fa69 0.023s
2025-02-11 14:59:06.780 75124 INFO tempest.common.waiters [-] Attachment 8c86cd5d-123e-45da-928d-e8e955d72df7 created for volume 1685e9f8-9cc2-4707-b0e6-c1cf99f7fa69 to server ba58fc02-6d38-4df0-9d15-5f6468dcbc65 after waiting for 7.780847 seconds
2025-02-11 14:59:06.804 75124 INFO tempest.lib.common.rest_client [req-9fa8dc2c-c046-44b4-96c8-bd2d99a7930c req-9fa8dc2c-c046-44b4-96c8-bd2d99a7930c ] Request (VolumesAssistedSnapshotsTest:test_volume_assisted_snapshot_create_delete): 200 GET http://10.180.1.21/volume/v3/volumes/1685e9f8-9cc2-4707-b0e6-c1cf99f7fa69 0.023s
2025-02-11 14:59:06.810 75124 INFO tempest.common.waiters [-] volume 1685e9f8-9cc2-4707-b0e6-c1cf99f7fa69 reached in-use after waiting for 0.810417 seconds
2025-02-11 14:59:06.822 75164 INFO tempest.lib.common.rest_client [req-313e9b32-2c3c-4311-a488-be31a4f977e3 req-313e9b32-2c3c-4311-a488-be31a4f977e3 ] Request (ListServerFiltersTestJSON:setUpClass): 200 GET http://10.180.1.21/compute/v2.1/servers/52fb2b9a-78ec-4fa4-8c04-e23cf9e8b404 0.048s
2025-02-11 14:59:06.902 75126 INFO tempest.lib.common.rest_client [req-8c06ef8e-46e0-4df3-ab3e-1a9e353a94ff req-8c06ef8e-46e0-4df3-ab3e-1a9e353a94ff ] Request (ServersAdminNegativeTestJSON:setUpClass): 200 GET http://10.180.1.21/compute/v2.1/servers/78263f95-a845-4011-84a3-910b0beffd0a 0.049s
2025-02-11 14:59:06.928 75124 INFO tempest.lib.common.rest_client [req-480a3578-fba5-498e-806e-78fe6dad5093 req-480a3578-fba5-498e-806e-78fe6dad5093 ] Request (VolumesAssistedSnapshotsTest:test_volume_assisted_snapshot_create_delete): 200 POST http://10.180.1.21/compute/v2.1/os-assisted-volume-snapshots 0.117s
2025-02-11 14:59:06.952 75120 INFO tempest.lib.common.rest_client [req-218a6917-dd97-4183-ba5c-53b338e94eeb req-218a6917-dd97-4183-ba5c-53b338e94eeb ] Request (DeleteServersTestJSON:test_delete_active_server): 200 GET http://10.180.1.21/compute/v2.1/servers/c83e56bd-9228-4d3c-b06a-1f26789bb6d6 0.092s
2025-02-11 14:59:06.959 75120 INFO tempest.common.waiters [-] State transition "ACTIVE/deleting" ==> "DELETED/None" after 3 second wait
2025-02-11 14:59:06.980 75114 INFO tempest.lib.common.rest_client [req-94be79b3-c5cb-4a19-a932-056ea716ba3a req-94be79b3-c5cb-4a19-a932-056ea716ba3a ] Request (AttachVolumeTestJSON:test_attach_detach_volume): 200 GET http://10.180.1.21/compute/v2.1/servers/dd612fd8-83f6-4778-b590-4dbdaada56a1 0.071s
2025-02-11 14:59:06.989 75124 INFO tempest.lib.common.rest_client [req-f2e3c2cb-2d53-4532-b054-61484168eedb req-f2e3c2cb-2d53-4532-b054-61484168eedb ] Request (VolumesAssistedSnapshotsTest:test_volume_assisted_snapshot_create_delete): 204 DELETE http://10.180.1.21/compute/v2.1/os-assisted-volume-snapshots/None?delete_info=%7B%22volume_id%22%3A+%221685e9f8-9cc2-4707-b0e6-c1cf99f7fa69%22%7D 0.060s
2025-02-11 14:59:07.021 75124 INFO tempest.lib.common.rest_client [req-cb8c7201-40da-45ff-abb5-a57ebffc0deb req-cb8c7201-40da-45ff-abb5-a57ebffc0deb ] Request (VolumesAssistedSnapshotsTest:_run_cleanups): 200 GET http://10.180.1.21/volume/v3/volumes/1685e9f8-9cc2-4707-b0e6-c1cf99f7fa69 0.031s
2025-02-11 14:59:07.037 75168 INFO tempest.lib.common.rest_client [req-cee9403d-86a6-4f83-b672-1b092b87f20c req-cee9403d-86a6-4f83-b672-1b092b87f20c ] Request (ListImageFiltersTestJSON:tearDownClass): 200 GET http://10.180.1.21/compute/v2.1/servers/ab15036b-8330-4374-b176-21faaa4b36ca 0.097s
2025-02-11 14:59:07.041 75134 INFO tempest.lib.common.rest_client [req-dee4557c-5b79-4afd-ad38-bcd17e009f71 req-dee4557c-5b79-4afd-ad38-bcd17e009f71 ] Request (ImagesTestJSON:test_create_image_from_stopped_server): 200 GET http://10.180.1.21/compute/v2.1/servers/1a2b44b4-fd07-4530-8f95-b886fa04a2c5 0.088s
2025-02-11 14:59:07.097 75144 INFO tempest.lib.common.rest_client [req-b0060c12-8e57-4125-b585-fdcb7812549b req-b0060c12-8e57-4125-b585-fdcb7812549b ] Request (AttachInterfacesV270Test:tearDownClass): 200 GET http://10.180.1.21/compute/v2.1/servers/60e9b4e3-6e93-41cd-a333-f3cb17139e7d 0.089s
2025-02-11 14:59:07.152 75132 INFO tempest.lib.common.rest_client [req-a5a74911-43a9-48ce-b916-076994ac888b req-a5a74911-43a9-48ce-b916-076994ac888b ] Request (ServerDiskConfigTestJSON:test_rebuild_server_with_manual_disk_config): 200 GET http://10.180.1.21/compute/v2.1/servers/7e99921c-1329-48b3-9ab6-695f6c952e8b 0.105s
2025-02-11 14:59:07.196 75124 INFO tempest.lib.common.rest_client [req-32640501-2614-437c-aee2-1068258fd356 req-32640501-2614-437c-aee2-1068258fd356 ] Request (VolumesAssistedSnapshotsTest:_run_cleanups): 202 DELETE http://10.180.1.21/compute/v2.1/servers/ba58fc02-6d38-4df0-9d15-5f6468dcbc65/os-volume_attachments/1685e9f8-9cc2-4707-b0e6-c1cf99f7fa69 0.166s
2025-02-11 14:59:07.216 75151 INFO tempest.lib.common.rest_client [req-b7955396-ea6f-43f7-8608-2331bff683a4 req-b7955396-ea6f-43f7-8608-2331bff683a4 ] Request (SecurityGroupsTestJSON:test_server_security_groups): 200 GET http://10.180.1.21/compute/v2.1/servers/382b6fed-cf9b-4daf-aa30-10d96e30aa77 0.094s
2025-02-11 14:59:07.249 75124 INFO tempest.lib.common.rest_client [req-8ca562da-595b-43b8-abf7-5f7a16f53238 req-8ca562da-595b-43b8-abf7-5f7a16f53238 ] Request (VolumesAssistedSnapshotsTest:_run_cleanups): 200 GET http://10.180.1.21/compute/v2.1/servers/ba58fc02-6d38-4df0-9d15-5f6468dcbc65/os-volume_attachments 0.052s
2025-02-11 14:59:07.255 75142 WARNING tempest.lib.common.ssh [-] Failed to establish authenticated ssh connection to cirros@10.180.180.139 ([Errno None] Unable to connect to port 22 on 10.180.180.139). Number attempts: 1. Retry after 2 seconds.: paramiko.ssh_exception.NoValidConnectionsError: [Errno None] Unable to connect to port 22 on 10.180.180.139
2025-02-11 14:59:07.261 75152 INFO tempest.lib.common.rest_client [req-c57403f5-0d23-4120-84b7-ddafdcbd7363 req-c57403f5-0d23-4120-84b7-ddafdcbd7363 ] Request (FloatingIPsAssociationTestJSON:tearDownClass): 200 GET http://10.180.1.21/compute/v2.1/servers/88317080-b446-447d-aa4d-8af1bbec9f26 0.132s
2025-02-11 14:59:07.322 75171 INFO tempest.lib.common.rest_client [req-4b85045d-2c35-4ac6-812e-3bb6a6e67573 req-4b85045d-2c35-4ac6-812e-3bb6a6e67573 ] Request (ServersAdmin275Test:tearDownClass): 200 GET http://10.180.1.21/compute/v2.1/servers/712bb5e0-7f8f-431b-a96e-05b5af556ae3 0.068s
2025-02-11 14:59:07.341 75176 INFO tempest.lib.common.rest_client [req-55330097-d6bf-4fd1-bf2e-3372df1fc19c req-55330097-d6bf-4fd1-bf2e-3372df1fc19c ] Request (ServerPasswordTestJSON:tearDownClass): 200 GET http://10.180.1.21/compute/v2.1/servers/cdd0f2e3-948a-4117-9455-fbfe561ba7dd 0.057s
2025-02-11 14:59:07.379 75160 INFO tempest.lib.common.rest_client [req-69ea5014-a9ad-4ea9-9592-d7d308fd9c79 req-69ea5014-a9ad-4ea9-9592-d7d308fd9c79 ] Request (ImagesOneServerNegativeTestJSON:_run_cleanups): 200 GET http://10.180.1.21/compute/v2.1/servers/a04dad8f-da5e-434f-8cd9-9b2b1e77b2a9 0.054s
2025-02-11 14:59:07.497 75172 INFO tempest.lib.common.rest_client [req-75f84ea3-1646-45c6-82b0-5f7d37ad023e req-75f84ea3-1646-45c6-82b0-5f7d37ad023e ] Request (ServersTestBootFromVolume:setUpClass): 200 GET http://10.180.1.21/compute/v2.1/servers/d8211648-488c-4fea-b9e6-4cc224a79ef5 0.057s
2025-02-11 14:59:07.557 75128 INFO tempest.lib.common.rest_client [req-44c9ab1d-5f8b-4bed-8f5e-2650a30a9e7f req-44c9ab1d-5f8b-4bed-8f5e-2650a30a9e7f ] Request (ServerRescueNegativeTestJSON:setUpClass): 200 GET http://10.180.1.21/compute/v2.1/servers/59a18bac-877d-4b56-9afc-1a9923f89db7 0.047s
2025-02-11 14:59:07.619 75162 INFO tempest.lib.common.rest_client [req-1659f44e-167c-489a-8e80-f90492c7b96d req-1659f44e-167c-489a-8e80-f90492c7b96d ] Request (MigrationsAdminTest:test_resize_server_revert_deleted_flavor): 200 GET http://10.180.1.21/compute/v2.1/servers/562b786c-1b14-4006-a31d-1de7127cf19d 0.043s
2025-02-11 14:59:07.677 75136 INFO tempest.lib.common.rest_client [req-fba159b3-2916-48c9-9b47-64f490549624 req-fba159b3-2916-48c9-9b47-64f490549624 ] Request (ServersWithSpecificFlavorTestJSON:test_verify_created_server_ephemeral_disk): 200 GET http://10.180.1.21/compute/v2.1/servers/a41ee046-d966-409c-b69c-23fe1aa8058f 0.045s
2025-02-11 14:59:07.803 75166 INFO tempest.lib.common.rest_client [req-d2e422ee-fc5f-4490-a623-fe4554625e9a req-d2e422ee-fc5f-4490-a623-fe4554625e9a ] Request (MultipleCreateTestJSON:test_multiple_create_with_reservation_return): 200 GET http://10.180.1.21/compute/v2.1/servers/0739e12b-4800-4c27-9752-a52b10dd4d0c 0.112s
2025-02-11 14:59:07.809 75166 INFO tempest.common.waiters [-] State transition "BUILD/networking" ==> "BUILD/block_device_mapping" after 69 second wait
2025-02-11 14:59:07.818 75146 INFO tempest.lib.common.rest_client [req-e713bf8c-50bf-42dc-b92c-dffe2f62b139 req-e713bf8c-50bf-42dc-b92c-dffe2f62b139 ] Request (ServersAdminTestJSON:test_inject_network_info): 200 GET http://10.180.1.21/compute/v2.1/servers/ecff4238-5c16-4ba8-a9c1-75ccb8ea0b27 0.047s
2025-02-11 14:59:07.876 75164 INFO tempest.lib.common.rest_client [req-6bcd94e0-e50d-4c30-b9ee-b4ba8ea5159f req-6bcd94e0-e50d-4c30-b9ee-b4ba8ea5159f ] Request (ListServerFiltersTestJSON:setUpClass): 200 GET http://10.180.1.21/compute/v2.1/servers/52fb2b9a-78ec-4fa4-8c04-e23cf9e8b404 0.046s
2025-02-11 14:59:07.955 75126 INFO tempest.lib.common.rest_client [req-7148d6ff-880c-4b00-8199-32ef71558e3e req-7148d6ff-880c-4b00-8199-32ef71558e3e ] Request (ServersAdminNegativeTestJSON:setUpClass): 200 GET http://10.180.1.21/compute/v2.1/servers/78263f95-a845-4011-84a3-910b0beffd0a 0.045s
2025-02-11 14:59:08.016 75120 INFO tempest.lib.common.rest_client [req-e6567be0-d5e8-4ae4-a56f-03d576751c62 req-e6567be0-d5e8-4ae4-a56f-03d576751c62 ] Request (DeleteServersTestJSON:test_delete_active_server): 200 GET http://10.180.1.21/compute/v2.1/servers/c83e56bd-9228-4d3c-b06a-1f26789bb6d6 0.055s
2025-02-11 14:59:08.034 75114 INFO tempest.lib.common.rest_client [req-72c8570a-505b-41a1-bfcc-b6e7913c76c5 req-72c8570a-505b-41a1-bfcc-b6e7913c76c5 ] Request (AttachVolumeTestJSON:test_attach_detach_volume): 200 GET http://10.180.1.21/compute/v2.1/servers/dd612fd8-83f6-4778-b590-4dbdaada56a1 0.046s
2025-02-11 14:59:08.098 75134 INFO tempest.lib.common.rest_client [req-68f3e0e2-e006-4c50-9949-4a4b792b1807 req-68f3e0e2-e006-4c50-9949-4a4b792b1807 ] Request (ImagesTestJSON:test_create_image_from_stopped_server): 200 GET http://10.180.1.21/compute/v2.1/servers/1a2b44b4-fd07-4530-8f95-b886fa04a2c5 0.048s
2025-02-11 14:59:08.104 75168 INFO tempest.lib.common.rest_client [req-3013a911-07a9-4c96-bc93-80e286f29955 req-3013a911-07a9-4c96-bc93-80e286f29955 ] Request (ListImageFiltersTestJSON:tearDownClass): 200 GET http://10.180.1.21/compute/v2.1/servers/ab15036b-8330-4374-b176-21faaa4b36ca 0.059s
2025-02-11 14:59:08.165 75144 INFO tempest.lib.common.rest_client [req-750b46d6-4642-4d5e-bebf-b1b4f08538d2 req-750b46d6-4642-4d5e-bebf-b1b4f08538d2 ] Request (AttachInterfacesV270Test:tearDownClass): 200 GET http://10.180.1.21/compute/v2.1/servers/60e9b4e3-6e93-41cd-a333-f3cb17139e7d 0.057s
2025-02-11 14:59:08.214 75132 INFO tempest.lib.common.rest_client [req-ffd2072b-e9c1-438c-a45a-e145c603017f req-ffd2072b-e9c1-438c-a45a-e145c603017f ] Request (ServerDiskConfigTestJSON:test_rebuild_server_with_manual_disk_config): 200 GET http://10.180.1.21/compute/v2.1/servers/7e99921c-1329-48b3-9ab6-695f6c952e8b 0.053s
2025-02-11 14:59:08.291 75151 INFO tempest.lib.common.rest_client [req-4a64acaf-664d-47db-871e-0de9f81159e5 req-4a64acaf-664d-47db-871e-0de9f81159e5 ] Request (SecurityGroupsTestJSON:test_server_security_groups): 200 GET http://10.180.1.21/compute/v2.1/servers/382b6fed-cf9b-4daf-aa30-10d96e30aa77 0.066s
2025-02-11 14:59:08.296 75124 INFO tempest.lib.common.rest_client [req-8d0730aa-83f5-4e18-b55b-6ceb631a9419 req-8d0730aa-83f5-4e18-b55b-6ceb631a9419 ] Request (VolumesAssistedSnapshotsTest:_run_cleanups): 200 GET http://10.180.1.21/compute/v2.1/servers/ba58fc02-6d38-4df0-9d15-5f6468dcbc65/os-volume_attachments 0.045s
2025-02-11 14:59:08.361 75152 INFO tempest.lib.common.rest_client [req-83bcfac1-23fe-45de-b4c6-183ea5ac1ea5 req-83bcfac1-23fe-45de-b4c6-183ea5ac1ea5 ] Request (FloatingIPsAssociationTestJSON:tearDownClass): 200 GET http://10.180.1.21/compute/v2.1/servers/88317080-b446-447d-aa4d-8af1bbec9f26 0.092s
2025-02-11 14:59:08.413 75171 INFO tempest.lib.common.rest_client [req-cd8aea36-0e9b-4a5d-82d1-67d6533e2e20 req-cd8aea36-0e9b-4a5d-82d1-67d6533e2e20 ] Request (ServersAdmin275Test:tearDownClass): 200 GET http://10.180.1.21/compute/v2.1/servers/712bb5e0-7f8f-431b-a96e-05b5af556ae3 0.081s
2025-02-11 14:59:08.418 75176 INFO tempest.lib.common.rest_client [req-ae4356dc-6537-457a-948f-390e821f1bf9 req-ae4356dc-6537-457a-948f-390e821f1bf9 ] Request (ServerPasswordTestJSON:tearDownClass): 200 GET http://10.180.1.21/compute/v2.1/servers/cdd0f2e3-948a-4117-9455-fbfe561ba7dd 0.069s
2025-02-11 14:59:08.468 75160 INFO tempest.lib.common.rest_client [req-b8e379a1-4d34-43cf-ad9d-1f4b6a5a0abc req-b8e379a1-4d34-43cf-ad9d-1f4b6a5a0abc ] Request (ImagesOneServerNegativeTestJSON:_run_cleanups): 200 GET http://10.180.1.21/compute/v2.1/servers/a04dad8f-da5e-434f-8cd9-9b2b1e77b2a9 0.079s
2025-02-11 14:59:08.555 75172 INFO tempest.lib.common.rest_client [req-a51ac8ae-6aff-4157-87ca-5934b892aed5 req-a51ac8ae-6aff-4157-87ca-5934b892aed5 ] Request (ServersTestBootFromVolume:setUpClass): 200 GET http://10.180.1.21/compute/v2.1/servers/d8211648-488c-4fea-b9e6-4cc224a79ef5 0.048s
