2025-02-16 21:34:23.931 63349 INFO tempest.lib.common.rest_client [req-2dfedd53-631d-4bce-8217-e2daa2698dc7 req-2dfedd53-631d-4bce-8217-e2daa2698dc7 ] Request (AggregatesAdminNegativeTestJSON:tearDownClass): 201 POST http://10.180.1.21/identity/v3/auth/tokens 0.054s
2025-02-16 21:34:23.941 63369 INFO tempest.lib.common.rest_client [req-795fc75f-71c6-4944-a8ab-32ded19833af req-795fc75f-71c6-4944-a8ab-32ded19833af ] Request (ServerDiagnosticsV248Test:test_get_server_diagnostics): 200 GET http://10.180.1.21/compute/v2.1/servers/54255b86-d935-4a6a-9448-8843a7820878 0.772s
2025-02-16 21:34:23.955 63371 INFO tempest.lib.common.rest_client [req-01beca81-3461-480b-a874-a4d95aed9179 req-01beca81-3461-480b-a874-a4d95aed9179 ] Request (ServersAdmin275Test:tearDownClass): 200 GET http://10.180.1.21/compute/v2.1/servers/6eec2d20-2023-4bfe-ab14-69410c00cb5b 0.721s
2025-02-16 21:34:23.990 63373 INFO tempest.lib.common.rest_client [req-3d11ac6a-9c9b-47c7-84b0-509b7cba5df2 req-3d11ac6a-9c9b-47c7-84b0-509b7cba5df2 ] Request (ServerActionsTestOtherB:setUpClass): 200 GET http://10.180.1.21/compute/v2.1/servers/573ce87d-556a-4761-b5e0-c479c9005783 0.751s
2025-02-16 21:34:24.006 63379 INFO tempest.lib.common.rest_client [req-c844731e-624f-42d9-be8e-e8db9d40e8ee req-c844731e-624f-42d9-be8e-e8db9d40e8ee ] Request (ImagesOneServerNegativeTestJSON:setUpClass): 200 GET http://10.180.1.21/compute/v2.1/servers/25827438-2172-49df-87e9-a6bf9cdeac57 0.727s
2025-02-16 21:34:24.024 63341 INFO tempest.lib.common.rest_client [req-4aff71b5-099d-49b6-9515-ba62fed46307 req-4aff71b5-099d-49b6-9515-ba62fed46307 ] Request (SecurityGroupRulesNegativeTestJSON:test_create_security_group_rule_with_non_existent_id): 404 POST http://10.180.1.21/compute/v2.1/os-security-group-rules 0.654s
2025-02-16 21:34:24.046 63351 INFO tempest.lib.common.rest_client [req-660227c8-afa4-4f07-8e8c-1c2eb4ac706a req-660227c8-afa4-4f07-8e8c-1c2eb4ac706a ] Request (ServersNegativeTestJSON:setUpClass): 200 GET http://10.180.1.21/compute/v2.1/servers/5cb81a7a-f84b-48db-ae40-b39113616a90 0.712s
2025-02-16 21:34:24.084 63331 INFO tempest.lib.common.rest_client [req-7521a841-0892-4412-9a1d-0e86f482b97a req-7521a841-0892-4412-9a1d-0e86f482b97a ] Request (AttachInterfacesUnderV243Test:test_add_remove_fixed_ip): 200 GET http://10.180.1.21/compute/v2.1/servers/81fcc80a-8f80-4d40-a061-f33c012cf54f 0.683s
2025-02-16 21:34:24.097 63359 INFO tempest.lib.common.rest_client [req-dd690abf-f0fa-470e-a7fd-788fd934459d req-dd690abf-f0fa-470e-a7fd-788fd934459d ] Request (KeyPairsV22TestJSON:test_keypairsv22_create_list_show_with_type): 200 GET http://10.180.1.21/compute/v2.1/os-keypairs/tempest-keypair-1721460667 0.677s
2025-02-16 21:34:24.099 63339 INFO tempest.lib.common.rest_client [req-c5642882-16a4-4f95-bcfe-4b41685beddf req-c5642882-16a4-4f95-bcfe-4b41685beddf ] Request (ServersAdminNegativeTestJSON:setUpClass): 200 GET http://10.180.1.21/compute/v2.1/servers/be34bd6e-c83f-40ec-8c97-33d698d2692f 0.692s
2025-02-16 21:34:24.101 63365 INFO tempest.lib.common.rest_client [req-216e3931-bdf1-4c5a-9d47-ceee138455c6 req-216e3931-bdf1-4c5a-9d47-ceee138455c6 ] Request (TestVersions:test_get_version_details): 200 GET http://10.180.1.21/compute/v2/ 0.640s
2025-02-16 21:34:24.167 63349 INFO tempest.lib.common.rest_client [req-0b2fd5bb-206b-4efc-adb3-4385cbac1ef8 req-0b2fd5bb-206b-4efc-adb3-4385cbac1ef8 ] Request (AggregatesAdminNegativeTestJSON:tearDownClass): 200 GET http://10.180.1.21:9696/networking/v2.0/security-groups?tenant_id=a9b326e810bd4f0f8ca979c9d5793ed6&name=default 0.236s
2025-02-16 21:34:24.244 63375 INFO tempest.lib.common.rest_client [req-a201adc7-9d68-4fed-abc4-aca97bf6f692 req-a201adc7-9d68-4fed-abc4-aca97bf6f692 ] Request (InstanceActionsV221TestJSON:test_get_list_deleted_instance_actions): 200 GET http://10.180.1.21/compute/v2.1/servers/ffba214f-8943-487c-b68c-f7d95da04543 0.782s
2025-02-16 21:34:24.255 63375 INFO tempest.common.waiters [-] State transition "BUILD/networking" ==> "BUILD/spawning" after 26 second wait
2025-02-16 21:34:24.268 63349 INFO tempest.lib.common.rest_client [req-2d58c368-e3e8-403c-9d5b-63c0d82fb4e6 req-2d58c368-e3e8-403c-9d5b-63c0d82fb4e6 ] Request (AggregatesAdminNegativeTestJSON:tearDownClass): 204 DELETE http://10.180.1.21:9696/networking/v2.0/security-groups/749bcbc0-4592-4742-ad6e-f5f53b87b8ce 0.100s
2025-02-16 21:34:24.300 63367 INFO tempest.lib.common.rest_client [req-69b9a331-e6d6-4fd8-a405-48015fb0ed85 req-69b9a331-e6d6-4fd8-a405-48015fb0ed85 ] Request (ServersTestJSON:setUpClass): 200 GET http://10.180.1.21/compute/v2.1/servers/c03fdfd4-184e-47df-a40d-a856818686cd 0.742s
2025-02-16 21:34:24.329 63349 INFO tempest.lib.common.rest_client [req-dea002aa-dc7d-41d3-8f48-3d8efa44d8a8 req-dea002aa-dc7d-41d3-8f48-3d8efa44d8a8 ] Request (AggregatesAdminNegativeTestJSON:tearDownClass): 204 DELETE http://10.180.1.21/identity/v3/projects/a9b326e810bd4f0f8ca979c9d5793ed6 0.060s
2025-02-16 21:34:24.329 63349 INFO tempest.lib.common.dynamic_creds [-] Deleting project and security group for project: adc1f594915540e290bb925ddd13c5cd
2025-02-16 21:34:24.358 63383 INFO tempest.lib.common.rest_client [req-cb163382-b2a2-46e0-8da2-2ff904cc26b7 req-cb163382-b2a2-46e0-8da2-2ff904cc26b7 ] Request (FlavorsAdminTestJSON:test_is_public_string_variations): 200 GET http://10.180.1.21/compute/v2.1/flavors/detail?is_public=yes 0.898s
2025-02-16 21:34:24.421 63321 INFO tempest.lib.common.rest_client [req-68cd4c55-b598-49ad-a920-669e7d7ec8c6 req-68cd4c55-b598-49ad-a920-669e7d7ec8c6 ] Request (ServersTestBootFromVolume:setUpClass): 200 GET http://10.180.1.21/compute/v2.1/servers/e65043f5-524f-48c8-9774-9127604850c8 0.795s
2025-02-16 21:34:24.428 63347 INFO tempest.lib.common.rest_client [req-6dac546a-9b87-4c1c-bddb-537491f98237 req-6dac546a-9b87-4c1c-bddb-537491f98237 ] Request (SecurityGroupsTestJSON:test_security_groups_create_list_delete): 200 GET http://10.180.1.21/compute/v2.1/os-security-groups 0.833s
2025-02-16 21:34:24.502 63349 INFO tempest.lib.common.rest_client [req-b76fa7a3-083e-44b7-aea3-b60743ae79bf req-b76fa7a3-083e-44b7-aea3-b60743ae79bf ] Request (AggregatesAdminNegativeTestJSON:tearDownClass): 200 GET http://10.180.1.21:9696/networking/v2.0/security-groups?tenant_id=adc1f594915540e290bb925ddd13c5cd&name=default 0.172s
2025-02-16 21:34:24.523 63327 INFO tempest.lib.common.rest_client [req-a1349252-23db-4791-bd65-88514e655f98 req-a1349252-23db-4791-bd65-88514e655f98 ] Request (ListServerFiltersTestJSON:test_list_servers_filter_by_active_status): 200 GET http://10.180.1.21/compute/v2.1/servers?status=active 0.884s
2025-02-16 21:34:24.595 63363 INFO tempest.lib.common.rest_client [req-ce5a43e0-983d-4435-bb64-a726ec018383 req-ce5a43e0-983d-4435-bb64-a726ec018383 ] Request (ServersWithSpecificFlavorTestJSON:test_verify_created_server_ephemeral_disk): 200 GET http://10.180.1.21/compute/v2.1/servers/07676dca-3744-441e-8590-409f2ffd4501 0.879s
2025-02-16 21:34:24.595 63335 INFO tempest.lib.common.rest_client [req-1fffac0f-91b7-46e8-93aa-13dfea475870 req-1fffac0f-91b7-46e8-93aa-13dfea475870 ] Request (ServersAdminTestJSON:test_create_server_with_scheduling_hint): 200 GET http://10.180.1.21/compute/v2.1/servers/72f22d9c-a615-4d7a-9d62-fb4da31adc64 0.808s
2025-02-16 21:34:24.615 63333 INFO tempest.lib.common.rest_client [req-5eb21015-4295-4b06-8dba-bade8c977ec0 req-5eb21015-4295-4b06-8dba-bade8c977ec0 ] Request (ServicesAdminNegativeTestJSON:test_get_service_by_invalid_params): 200 GET http://10.180.1.21/compute/v2.1/os-services?xxx=nova-compute 0.737s
2025-02-16 21:34:24.643 63349 INFO tempest.lib.common.rest_client [req-d0e41b90-806a-4e5f-94af-48d6ed2dd06f req-d0e41b90-806a-4e5f-94af-48d6ed2dd06f ] Request (AggregatesAdminNegativeTestJSON:tearDownClass): 204 DELETE http://10.180.1.21:9696/networking/v2.0/security-groups/60acd5e7-2673-4563-b5c1-32e3d462273e 0.141s
2025-02-16 21:34:24.674 63361 INFO tempest.lib.common.rest_client [req-38f3b6f7-3107-45ed-8fe3-8317500a9208 req-38f3b6f7-3107-45ed-8fe3-8317500a9208 ] Request (ServerExternalEventsTest:test_create_server_external_events): 200 GET http://10.180.1.21/compute/v2.1/servers/b07bd973-265e-4df9-bdd4-08942c4ca648 0.735s
2025-02-16 21:34:24.700 63341 INFO tempest.lib.common.rest_client [req-d1016694-5672-438c-982c-87f8f1c9c9c0 req-d1016694-5672-438c-982c-87f8f1c9c9c0 ] Request (SecurityGroupRulesNegativeTestJSON:test_delete_security_group_rule_with_non_existent_id): 404 DELETE http://10.180.1.21/compute/v2.1/os-security-group-rules/4d3b1f6b-8c79-4ac5-9eb9-0142436dda75 0.672s
2025-02-16 21:34:24.708 63359 INFO tempest.lib.common.rest_client [req-2eeac8fe-214a-416d-92b7-46036b2aea84 req-2eeac8fe-214a-416d-92b7-46036b2aea84 ] Request (KeyPairsV22TestJSON:test_keypairsv22_create_list_show_with_type): 200 GET http://10.180.1.21/compute/v2.1/os-keypairs 0.609s
2025-02-16 21:34:24.716 63325 INFO tempest.lib.common.rest_client [req-56435fd9-9acf-4a8d-a73f-5ba315b1f919 req-56435fd9-9acf-4a8d-a73f-5ba315b1f919 ] Request (SecurityGroupRulesTestJSON:tearDownClass): 202 DELETE http://10.180.1.21/compute/v2.1/os-security-groups/cc11b189-d7e9-410c-bbe6-e209bffdd2e0 0.834s
2025-02-16 21:34:24.717 63365 INFO tempest.lib.common.rest_client [req-4c47bdf7-e4ef-44ad-a6ed-6d426ebfa14e req-4c47bdf7-e4ef-44ad-a6ed-6d426ebfa14e ] Request (TestVersions:test_get_version_details): 200 GET http://10.180.1.21/compute/v2.1/ 0.612s
2025-02-16 21:34:24.745 63383 INFO tempest.lib.common.rest_client [req-15c55eb8-a93f-4115-82f3-ffc01dd5fb01 req-15c55eb8-a93f-4115-82f3-ffc01dd5fb01 ] Request (FlavorsAdminTestJSON:test_is_public_string_variations): 200 GET http://10.180.1.21/compute/v2.1/flavors/detail?is_public=1 0.377s
2025-02-16 21:34:24.764 63349 INFO tempest.lib.common.rest_client [req-4fd9cdc4-83dc-4d93-a55c-9291dc08f4d5 req-4fd9cdc4-83dc-4d93-a55c-9291dc08f4d5 ] Request (AggregatesAdminNegativeTestJSON:tearDownClass): 204 DELETE http://10.180.1.21/identity/v3/projects/adc1f594915540e290bb925ddd13c5cd 0.120s
2025-02-16 21:34:24.770 63357 INFO tempest.lib.common.rest_client [req-01c46964-d9d5-42d6-85cd-40ca03b7fe6e req-01c46964-d9d5-42d6-85cd-40ca03b7fe6e ] Request (ImagesTestJSON:test_create_image_from_suspended_server): 200 GET http://10.180.1.21/compute/v2.1/servers/d6775ece-9d97-45fb-bb8c-3881e0e5666a 0.443s
2025-02-16 21:34:24.825 63337 INFO tempest.lib.common.rest_client [req-1c9067ee-07c6-4322-9c26-132e4b68d0c1 req-1c9067ee-07c6-4322-9c26-132e4b68d0c1 ] Request (InstanceActionsNegativeTestJSON:setUpClass): 200 GET http://10.180.1.21/compute/v2.1/servers/1e4e2cc6-48d2-4bf1-9d63-f9ff6cf86324 0.391s
2025-02-16 21:34:24.827 63349 INFO tempest.lib.common.rest_client [req-fcbedd4d-7b19-4778-bd69-2d1dc7ae1d7c req-fcbedd4d-7b19-4778-bd69-2d1dc7ae1d7c ] Request (AZAdminV2TestJSON:setUpClass): 201 POST http://10.180.1.21/identity/v3/auth/tokens 0.061s
2025-02-16 21:34:24.855 63347 INFO tempest.lib.common.rest_client [req-9707e803-8764-4c99-a04b-ef070743521a req-9707e803-8764-4c99-a04b-ef070743521a ] Request (SecurityGroupsTestJSON:test_security_groups_create_list_delete): 202 DELETE http://10.180.1.21/compute/v2.1/os-security-groups/691c6195-0e4e-4cf1-b41b-f91312ea53b9 0.424s
2025-02-16 21:34:24.856 63349 INFO tempest.lib.common.rest_client [req-fa26d215-3231-406a-9bc1-f94d75855db6 req-fa26d215-3231-406a-9bc1-f94d75855db6 ] Request (AZAdminV2TestJSON:setUpClass): 201 POST http://10.180.1.21/identity/v3/auth/tokens 0.027s
2025-02-16 21:34:24.882 63333 INFO tempest.lib.common.rest_client [req-197f3b79-2728-47aa-9292-35e92e56ec6c req-197f3b79-2728-47aa-9292-35e92e56ec6c ] Request (ServicesAdminNegativeTestJSON:test_get_service_by_invalid_service_and_valid_host): 200 GET http://10.180.1.21/compute/v2.1/os-services 0.264s
2025-02-16 21:34:24.892 63349 INFO tempest.lib.common.rest_client [req-d15335a5-7b94-4968-aecc-038aacc188fb req-d15335a5-7b94-4968-aecc-038aacc188fb ] Request (AZAdminV2TestJSON:setUpClass): 200 GET http://10.180.1.21/identity/v3/domains?name=Default 0.036s
2025-02-16 21:34:24.917 63327 INFO tempest.lib.common.rest_client [req-7c0932c0-d0be-4c01-aae8-5b16db7f1de3 req-7c0932c0-d0be-4c01-aae8-5b16db7f1de3 ] Request (ListServerFiltersTestJSON:test_list_servers_filter_by_exceed_limit): 200 GET http://10.180.1.21/compute/v2.1/servers?limit=100000 0.391s
2025-02-16 21:34:24.933 63349 INFO tempest.lib.common.rest_client [req-6253aecf-6be5-4271-9e9f-27ead636aefb req-6253aecf-6be5-4271-9e9f-27ead636aefb ] Request (AZAdminV2TestJSON:setUpClass): 201 POST http://10.180.1.21/identity/v3/projects 0.039s
2025-02-16 21:34:24.968 63353 INFO tempest.lib.common.rest_client [req-d8c716a1-0910-49ae-a8f0-b390062cd872 req-d8c716a1-0910-49ae-a8f0-b390062cd872 ] Request (ServerDiskConfigTestJSON:test_rebuild_server_with_auto_disk_config): 200 GET http://10.180.1.21/compute/v2.1/servers/cb5c579a-9e1b-4a40-9de2-2e2de5c5d98b 0.261s
2025-02-16 21:34:24.983 63359 INFO tempest.lib.common.rest_client [req-5a37d7fd-016a-41b9-9f66-3e837f374d4c req-5a37d7fd-016a-41b9-9f66-3e837f374d4c ] Request (KeyPairsV22TestJSON:_run_cleanups): 204 DELETE http://10.180.1.21/compute/v2.1/os-keypairs/tempest-keypair-1721460667 0.272s
2025-02-16 21:34:24.996 63365 INFO tempest.lib.common.rest_client [-] Request (TestVersions:test_list_api_versions): 200 GET http://10.180.1.21/compute/ 0.274s
2025-02-16 21:34:24.995 63341 INFO tempest.lib.common.rest_client [req-c0ce5039-0c18-4009-ada9-18fc391378b1 req-c0ce5039-0c18-4009-ada9-18fc391378b1 ] Request (SecurityGroupRulesNegativeTestJSON:tearDownClass): 202 DELETE http://10.180.1.21/compute/v2.1/os-security-groups/78cb21a7-c166-4af0-b1f2-606e1d1789cc 0.294s
2025-02-16 21:34:25.004 63349 INFO tempest.lib.common.rest_client [req-4a3861cb-999a-47d5-abd9-e2f91448c0a0 req-4a3861cb-999a-47d5-abd9-e2f91448c0a0 ] Request (AZAdminV2TestJSON:setUpClass): 201 POST http://10.180.1.21/identity/v3/users 0.071s
2025-02-16 21:34:25.026 63349 INFO tempest.lib.common.rest_client [req-4af3c0df-ddc3-40e0-8a3a-6faeb084a69f req-4af3c0df-ddc3-40e0-8a3a-6faeb084a69f ] Request (AZAdminV2TestJSON:setUpClass): 200 GET http://10.180.1.21/identity/v3/roles 0.021s
2025-02-16 21:34:25.057 63359 INFO tempest.lib.common.rest_client [req-af9060aa-48a2-45ec-aa9d-bfcfc4eef8db req-af9060aa-48a2-45ec-aa9d-bfcfc4eef8db ] Request (KeyPairsV22TestJSON:tearDownClass): 204 DELETE http://10.180.1.21/identity/v3/users/bb1e325fcfea45a69fa7ebdc1cc837b3 0.072s
2025-02-16 21:34:25.057 63359 INFO tempest.lib.common.dynamic_creds [-] Deleting project and security group for project: 04a841f970a543a6b3106cfe6537695f
2025-02-16 21:34:25.112 63365 INFO tempest.lib.common.rest_client [req-59562ee8-5fab-4a57-8d9b-4b8b373ec7bc req-59562ee8-5fab-4a57-8d9b-4b8b373ec7bc ] Request (TestVersions:tearDownClass): 204 DELETE http://10.180.1.21/identity/v3/users/debadb58efdf4f24ba2bfa5eaa4e10ba 0.106s
2025-02-16 21:34:25.112 63365 INFO tempest.lib.common.dynamic_creds [-] Deleting project and security group for project: 3eb3081fe5074d5f8f0e9b2072770145
2025-02-16 21:34:25.124 63329 INFO tempest.lib.common.rest_client [req-ce2d0cbd-6b69-4ae4-a4e0-5d59b1be0ace req-ce2d0cbd-6b69-4ae4-a4e0-5d59b1be0ace ] Request (MigrationsAdminTest:test_list_migrations_in_flavor_resize_situation): 200 GET http://10.180.1.21/compute/v2.1/servers/aaddae64-82e8-46d2-8de5-f53d0ed8411e 0.380s
2025-02-16 21:34:25.131 63325 INFO tempest.lib.common.rest_client [req-f9ad7586-7ad0-4e0c-b4fc-41628c52927a req-f9ad7586-7ad0-4e0c-b4fc-41628c52927a ] Request (SecurityGroupRulesTestJSON:tearDownClass): 202 DELETE http://10.180.1.21/compute/v2.1/os-security-groups/35c166c7-755e-4ab2-93f9-00d38dc0ef48 0.414s
2025-02-16 21:34:25.150 63383 INFO tempest.lib.common.rest_client [req-0f811e11-6645-43e5-bf08-aca1a53fe300 req-0f811e11-6645-43e5-bf08-aca1a53fe300 ] Request (FlavorsAdminTestJSON:_run_cleanups): 202 DELETE http://10.180.1.21/compute/v2.1/flavors/1438936974 0.400s
2025-02-16 21:34:25.161 63349 INFO tempest.lib.common.rest_client [req-85a74911-de28-44f3-b230-4cc51496d918 req-85a74911-de28-44f3-b230-4cc51496d918 ] Request (AZAdminV2TestJSON:setUpClass): 204 PUT http://10.180.1.21/identity/v3/projects/85836252b6fd45ffb96e1728de50f0d0/users/1a477e11b4b6471ba24ca81a92e4b674/roles/4bb4edd220cf4d4da01f0e2d1cec56b7 0.135s
2025-02-16 21:34:25.162 63349 INFO tempest.lib.common.dynamic_creds [-] Dynamic test user 1a477e11b4b6471ba24ca81a92e4b674 is created with scope project and roles: ['member']
2025-02-16 21:34:25.163 63349 INFO tempest.lib.common.dynamic_creds [-] Acquired dynamic creds: credentials: Credentials: {'domain_id': 'default', 'domain_name': 'Default', 'username': 'tempest-AZAdminV2TestJSON-129224098-project-member', 'project_domain_id': 'default', 'project_domain_name': 'Default', 'project_id': '85836252b6fd45ffb96e1728de50f0d0', 'project_name': 'tempest-AZAdminV2TestJSON-129224098', 'tenant_id': '85836252b6fd45ffb96e1728de50f0d0', 'tenant_name': 'tempest-AZAdminV2TestJSON-129224098', 'user_domain_id': 'default', 'user_domain_name': 'Default', 'user_id': '1a477e11b4b6471ba24ca81a92e4b674', 'system': None}, Network: None, Subnet: None, Router: None
2025-02-16 21:34:25.163 63349 INFO tempest.lib.common.dynamic_creds [-] Created isolated network resources for: credentials: Credentials: {'domain_id': 'default', 'domain_name': 'Default', 'username': 'tempest-AZAdminV2TestJSON-129224098-project-member', 'project_domain_id': 'default', 'project_domain_name': 'Default', 'project_id': '85836252b6fd45ffb96e1728de50f0d0', 'project_name': 'tempest-AZAdminV2TestJSON-129224098', 'tenant_id': '85836252b6fd45ffb96e1728de50f0d0', 'tenant_name': 'tempest-AZAdminV2TestJSON-129224098', 'user_domain_id': 'default', 'user_domain_name': 'Default', 'user_id': '1a477e11b4b6471ba24ca81a92e4b674', 'system': None}, Network: None, Subnet: None, Router: None
2025-02-16 21:34:25.172 63359 INFO tempest.lib.common.rest_client [req-82213691-3c83-4477-bec8-ed10094f2a9c req-82213691-3c83-4477-bec8-ed10094f2a9c ] Request (KeyPairsV22TestJSON:tearDownClass): 201 POST http://10.180.1.21/identity/v3/auth/tokens 0.115s
2025-02-16 21:34:25.190 63323 INFO tempest.lib.common.rest_client [req-e99ccb3b-79ad-4628-8033-11015ee4f72e req-e99ccb3b-79ad-4628-8033-11015ee4f72e ] Request (DeleteServersAdminTestJSON:test_delete_server_while_in_error_state): 200 GET http://10.180.1.21/compute/v2.1/servers/6b3c53f2-807e-4cd8-8fba-c1d52f080423 0.396s
2025-02-16 21:34:25.196 63347 INFO tempest.lib.common.rest_client [req-b735bd41-1c91-417d-92ab-194e54e324ff req-b735bd41-1c91-417d-92ab-194e54e324ff ] Request (SecurityGroupsTestJSON:test_security_groups_create_list_delete): 404 GET http://10.180.1.21/compute/v2.1/os-security-groups/691c6195-0e4e-4cf1-b41b-f91312ea53b9 0.340s
2025-02-16 21:34:25.213 63333 INFO tempest.lib.common.rest_client [req-4abb711d-7ac5-42e6-808e-50986e938883 req-4abb711d-7ac5-42e6-808e-50986e938883 ] Request (ServicesAdminNegativeTestJSON:test_get_service_by_invalid_service_and_valid_host): 200 GET http://10.180.1.21/compute/v2.1/os-services?host=devstack&binary=xxx 0.327s
2025-02-16 21:34:25.226 63365 INFO tempest.lib.common.rest_client [req-5904abb3-f7cd-4ff3-a955-0d8ed605bbd1 req-5904abb3-f7cd-4ff3-a955-0d8ed605bbd1 ] Request (TestVersions:tearDownClass): 201 POST http://10.180.1.21/identity/v3/auth/tokens 0.113s
2025-02-16 21:34:25.247 63349 INFO tempest.lib.common.rest_client [req-1e58c4c0-615e-4e44-8dbd-d956bea7c8fc req-1e58c4c0-615e-4e44-8dbd-d956bea7c8fc ] Request (AZAdminV2TestJSON:setUpClass): 201 POST http://10.180.1.21/identity/v3/auth/tokens 0.079s
2025-02-16 21:34:25.251 63377 INFO tempest.lib.common.rest_client [req-a46f3cce-0f49-4fc3-bb40-1ce418b061fe req-a46f3cce-0f49-4fc3-bb40-1ce418b061fe ] Request (ServerPasswordTestJSON:tearDownClass): 200 GET http://10.180.1.21/compute/v2.1/servers/87f2c2b5-5cf1-4be8-b4cb-17736d7e6719 0.376s
2025-02-16 21:34:25.290 63327 INFO tempest.lib.common.rest_client [req-136e2a10-dea6-4bf7-9e75-239aa3d57f10 req-136e2a10-dea6-4bf7-9e75-239aa3d57f10 ] Request (ListServerFiltersTestJSON:test_list_servers_filter_by_exceed_limit): 200 GET http://10.180.1.21/compute/v2.1/servers 0.370s
2025-02-16 21:34:25.305 63349 INFO tempest.lib.common.rest_client [req-e95f80ce-88f0-495d-9c8a-9d82c41761d8 req-e95f80ce-88f0-495d-9c8a-9d82c41761d8 ] Request (AZAdminV2TestJSON:setUpClass): 201 POST http://10.180.1.21/identity/v3/projects 0.057s
2025-02-16 21:34:25.309 63369 INFO tempest.lib.common.rest_client [req-fa902a59-7788-4e61-ac17-d19029573de7 req-fa902a59-7788-4e61-ac17-d19029573de7 ] Request (ServerDiagnosticsV248Test:test_get_server_diagnostics): 200 GET http://10.180.1.21/compute/v2.1/servers/54255b86-d935-4a6a-9448-8843a7820878 0.357s
2025-02-16 21:34:25.371 63371 INFO tempest.lib.common.rest_client [req-075f013c-a197-4512-9832-4f862d125e65 req-075f013c-a197-4512-9832-4f862d125e65 ] Request (ServersAdmin275Test:tearDownClass): 200 GET http://10.180.1.21/compute/v2.1/servers/6eec2d20-2023-4bfe-ab14-69410c00cb5b 0.405s
2025-02-16 21:34:25.371 63349 INFO tempest.lib.common.rest_client [req-2bb58961-0765-475d-acbb-215b795cffdf req-2bb58961-0765-475d-acbb-215b795cffdf ] Request (AZAdminV2TestJSON:setUpClass): 201 POST http://10.180.1.21/identity/v3/users 0.066s
2025-02-16 21:34:25.393 63349 INFO tempest.lib.common.rest_client [req-611734c9-40e2-4703-a3dc-4e6dda9f70d6 req-611734c9-40e2-4703-a3dc-4e6dda9f70d6 ] Request (AZAdminV2TestJSON:setUpClass): 200 GET http://10.180.1.21/identity/v3/roles 0.021s
2025-02-16 21:34:25.398 63365 INFO tempest.lib.common.rest_client [req-99bb628a-0b11-4e91-91be-fd74ebf5bb90 req-99bb628a-0b11-4e91-91be-fd74ebf5bb90 ] Request (TestVersions:tearDownClass): 200 GET http://10.180.1.21:9696/networking/v2.0/security-groups?tenant_id=3eb3081fe5074d5f8f0e9b2072770145&name=default 0.172s
2025-02-16 21:34:25.424 63349 INFO tempest.lib.common.rest_client [req-290a546e-c5fe-4c18-8947-8ba5906d7bfd req-290a546e-c5fe-4c18-8947-8ba5906d7bfd ] Request (AZAdminV2TestJSON:setUpClass): 204 PUT http://10.180.1.21/identity/v3/projects/3b9d224b440e4a13bfa93d17a60afa19/users/c004307e979145958344c4385c449c08/roles/81ecbe8d5a734d5398dace16d76d4ad0 0.031s
2025-02-16 21:34:25.461 63373 INFO tempest.lib.common.rest_client [req-f6e2cb82-10b5-462d-b50d-142cc24d3dee req-f6e2cb82-10b5-462d-b50d-142cc24d3dee ] Request (ServerActionsTestOtherB:setUpClass): 200 GET http://10.180.1.21/compute/v2.1/servers/573ce87d-556a-4761-b5e0-c479c9005783 0.460s
2025-02-16 21:34:25.484 63359 INFO tempest.lib.common.rest_client [req-63a704b5-a873-4aa0-b565-fe3c5d041ea4 req-63a704b5-a873-4aa0-b565-fe3c5d041ea4 ] Request (KeyPairsV22TestJSON:tearDownClass): 200 GET http://10.180.1.21:9696/networking/v2.0/security-groups?tenant_id=04a841f970a543a6b3106cfe6537695f&name=default 0.312s
2025-02-16 21:34:25.493 63349 INFO tempest.lib.common.rest_client [req-67e71ad0-7be5-4b6e-bc32-3e45ca7b640d req-67e71ad0-7be5-4b6e-bc32-3e45ca7b640d ] Request (AZAdminV2TestJSON:setUpClass): 200 GET http://10.180.1.21/identity/v3/roles 0.068s
2025-02-16 21:34:25.496 63341 INFO tempest.lib.common.rest_client [req-b1a764c1-7cea-4a5d-9456-f40ebc5755c7 req-b1a764c1-7cea-4a5d-9456-f40ebc5755c7 ] Request (SecurityGroupRulesNegativeTestJSON:tearDownClass): 202 DELETE http://10.180.1.21/compute/v2.1/os-security-groups/31c05dc9-6e99-4ac9-a03a-c8dc6e20dd15 0.499s
2025-02-16 21:34:25.515 63349 INFO tempest.lib.common.rest_client [req-11465858-2263-4cab-9aef-44a0d212270c req-11465858-2263-4cab-9aef-44a0d212270c ] Request (AZAdminV2TestJSON:setUpClass): 204 PUT http://10.180.1.21/identity/v3/projects/3b9d224b440e4a13bfa93d17a60afa19/users/c004307e979145958344c4385c449c08/roles/81ecbe8d5a734d5398dace16d76d4ad0 0.022s
2025-02-16 21:34:25.515 63349 INFO tempest.lib.common.dynamic_creds [-] Dynamic test user c004307e979145958344c4385c449c08 is created with scope project and roles: ['admin']
2025-02-16 21:34:25.516 63349 INFO tempest.lib.common.dynamic_creds [-] Acquired dynamic creds: credentials: Credentials: {'domain_id': 'default', 'domain_name': 'Default', 'username': 'tempest-AZAdminV2TestJSON-1397635075-project-admin', 'project_domain_id': 'default', 'project_domain_name': 'Default', 'project_id': '3b9d224b440e4a13bfa93d17a60afa19', 'project_name': 'tempest-AZAdminV2TestJSON-1397635075', 'tenant_id': '3b9d224b440e4a13bfa93d17a60afa19', 'tenant_name': 'tempest-AZAdminV2TestJSON-1397635075', 'user_domain_id': 'default', 'user_domain_name': 'Default', 'user_id': 'c004307e979145958344c4385c449c08', 'system': None}, Network: None, Subnet: None, Router: None
2025-02-16 21:34:25.516 63349 INFO tempest.lib.common.dynamic_creds [-] Created isolated network resources for: credentials: Credentials: {'domain_id': 'default', 'domain_name': 'Default', 'username': 'tempest-AZAdminV2TestJSON-1397635075-project-admin', 'project_domain_id': 'default', 'project_domain_name': 'Default', 'project_id': '3b9d224b440e4a13bfa93d17a60afa19', 'project_name': 'tempest-AZAdminV2TestJSON-1397635075', 'tenant_id': '3b9d224b440e4a13bfa93d17a60afa19', 'tenant_name': 'tempest-AZAdminV2TestJSON-1397635075', 'user_domain_id': 'default', 'user_domain_name': 'Default', 'user_id': 'c004307e979145958344c4385c449c08', 'system': None}, Network: None, Subnet: None, Router: None
2025-02-16 21:34:25.530 63379 INFO tempest.lib.common.rest_client [req-54db5ed5-5a27-405f-aaa3-ff42de6e0792 req-54db5ed5-5a27-405f-aaa3-ff42de6e0792 ] Request (ImagesOneServerNegativeTestJSON:setUpClass): 200 GET http://10.180.1.21/compute/v2.1/servers/25827438-2172-49df-87e9-a6bf9cdeac57 0.513s
2025-02-16 21:34:25.549 63351 INFO tempest.lib.common.rest_client [req-bc8d5539-c050-4823-9552-9bf4af21ca28 req-bc8d5539-c050-4823-9552-9bf4af21ca28 ] Request (ServersNegativeTestJSON:setUpClass): 200 GET http://10.180.1.21/compute/v2.1/servers/5cb81a7a-f84b-48db-ae40-b39113616a90 0.495s
2025-02-16 21:34:25.553 63365 INFO tempest.lib.common.rest_client [req-f3716dd7-8a33-4314-a887-70167f4d003f req-f3716dd7-8a33-4314-a887-70167f4d003f ] Request (TestVersions:tearDownClass): 204 DELETE http://10.180.1.21:9696/networking/v2.0/security-groups/af478e4c-71d4-4092-8d14-57e71a838e3f 0.154s
2025-02-16 21:34:25.559 63359 INFO tempest.lib.common.rest_client [req-a42c866b-4bb9-467b-bc44-e8ff55a5d7e8 req-a42c866b-4bb9-467b-bc44-e8ff55a5d7e8 ] Request (KeyPairsV22TestJSON:tearDownClass): 204 DELETE http://10.180.1.21:9696/networking/v2.0/security-groups/dec31dee-99b0-41fb-9c4a-7b5c3f2306ae 0.074s
2025-02-16 21:34:25.583 63331 INFO tempest.lib.common.rest_client [req-7b79a770-632c-4b74-b284-41ff00b32311 req-7b79a770-632c-4b74-b284-41ff00b32311 ] Request (AttachInterfacesUnderV243Test:test_add_remove_fixed_ip): 200 GET http://10.180.1.21/compute/v2.1/servers/81fcc80a-8f80-4d40-a061-f33c012cf54f 0.491s
2025-02-16 21:34:25.597 63339 INFO tempest.lib.common.rest_client [req-193be2af-f6bd-4075-865d-64eeaf2f3be6 req-193be2af-f6bd-4075-865d-64eeaf2f3be6 ] Request (ServersAdminNegativeTestJSON:setUpClass): 200 GET http://10.180.1.21/compute/v2.1/servers/be34bd6e-c83f-40ec-8c97-33d698d2692f 0.489s
2025-02-16 21:34:25.609 63349 INFO tempest.lib.common.rest_client [req-01dca35e-a3c0-4a55-95bb-1ca7c851190b req-01dca35e-a3c0-4a55-95bb-1ca7c851190b ] Request (AZAdminV2TestJSON:setUpClass): 201 POST http://10.180.1.21/identity/v3/auth/tokens 0.091s
2025-02-16 21:34:25.625 63383 INFO tempest.lib.common.rest_client [req-4304096c-8463-48d0-9102-05fa22ff6f11 req-4304096c-8463-48d0-9102-05fa22ff6f11 ] Request (FlavorsAdminTestJSON:_run_cleanups): 200 GET http://10.180.1.21/compute/v2.1/flavors/detail 0.474s
2025-02-16 21:34:25.654 63365 INFO tempest.lib.common.rest_client [req-42c2e235-e5ae-4071-a3f2-f0dba7bc6e20 req-42c2e235-e5ae-4071-a3f2-f0dba7bc6e20 ] Request (TestVersions:tearDownClass): 204 DELETE http://10.180.1.21/identity/v3/projects/3eb3081fe5074d5f8f0e9b2072770145 0.101s
2025-02-16 21:34:25.663 63359 INFO tempest.lib.common.rest_client [req-4ae73ead-976e-40ee-957d-807e23e907b0 req-4ae73ead-976e-40ee-957d-807e23e907b0 ] Request (KeyPairsV22TestJSON:tearDownClass): 204 DELETE http://10.180.1.21/identity/v3/projects/04a841f970a543a6b3106cfe6537695f 0.104s
2025-02-16 21:34:25.706 63325 INFO tempest.lib.common.rest_client [req-eb8548f7-062d-4a0d-ba84-16a0bebb4cbe req-eb8548f7-062d-4a0d-ba84-16a0bebb4cbe ] Request (SecurityGroupRulesTestJSON:tearDownClass): 202 DELETE http://10.180.1.21/compute/v2.1/os-security-groups/a321bf11-8e48-41f3-9726-89f9af401a2a 0.575s
2025-02-16 21:34:25.723 63359 INFO tempest.lib.common.rest_client [req-590f4e67-804a-4e8c-b065-8d3d97129977 req-590f4e67-804a-4e8c-b065-8d3d97129977 ] Request (ServersAaction247Test:setUpClass): 201 POST http://10.180.1.21/identity/v3/auth/tokens 0.057s
2025-02-16 21:34:25.724 63333 INFO tempest.lib.common.rest_client [req-5b7725ce-2cb9-413a-a1ba-62b941c66b7e req-5b7725ce-2cb9-413a-a1ba-62b941c66b7e ] Request (ServicesAdminNegativeTestJSON:test_get_service_with_valid_service_and_invalid_host): 200 GET http://10.180.1.21/compute/v2.1/os-services 0.508s
2025-02-16 21:34:25.735 63347 INFO tempest.lib.common.rest_client [req-c35da3dd-b62d-48f5-9b0d-13a26efd2cd8 req-c35da3dd-b62d-48f5-9b0d-13a26efd2cd8 ] Request (SecurityGroupsTestJSON:test_security_groups_create_list_delete): 202 DELETE http://10.180.1.21/compute/v2.1/os-security-groups/6d7231b9-91b7-4b3a-a0e6-332649b93397 0.538s
2025-02-16 21:34:25.755 63359 INFO tempest.lib.common.rest_client [req-31264cd8-a206-40e3-93d3-20e8dc1151c9 req-31264cd8-a206-40e3-93d3-20e8dc1151c9 ] Request (ServersAaction247Test:setUpClass): 201 POST http://10.180.1.21/identity/v3/auth/tokens 0.030s
2025-02-16 21:34:25.783 63359 INFO tempest.lib.common.rest_client [req-61bcbad2-3b28-4a7a-9d5c-f37220e7ba2e req-61bcbad2-3b28-4a7a-9d5c-f37220e7ba2e ] Request (ServersAaction247Test:setUpClass): 200 GET http://10.180.1.21/identity/v3/domains?name=Default 0.027s
2025-02-16 21:34:25.812 63359 INFO tempest.lib.common.rest_client [req-750b7c49-5538-425d-b7ed-c1e15559a1f8 req-750b7c49-5538-425d-b7ed-c1e15559a1f8 ] Request (ServersAaction247Test:setUpClass): 201 POST http://10.180.1.21/identity/v3/projects 0.029s
2025-02-16 21:34:25.815 63375 INFO tempest.lib.common.rest_client [req-73d97e5d-670c-4a82-8a38-bd2d67fef241 req-73d97e5d-670c-4a82-8a38-bd2d67fef241 ] Request (InstanceActionsV221TestJSON:test_get_list_deleted_instance_actions): 200 GET http://10.180.1.21/compute/v2.1/servers/ffba214f-8943-487c-b68c-f7d95da04543 0.558s
2025-02-16 21:34:25.835 63327 INFO tempest.lib.common.rest_client [req-8e34d4f7-c9af-433e-8e3f-dfe8369089bb req-8e34d4f7-c9af-433e-8e3f-dfe8369089bb ] Request (ListServerFiltersTestJSON:test_list_servers_filter_by_flavor): 200 GET http://10.180.1.21/compute/v2.1/servers?flavor=84 0.542s
2025-02-16 21:34:25.863 63367 INFO tempest.lib.common.rest_client [req-aec567cb-78db-429e-8c99-ca7f2d1b165a req-aec567cb-78db-429e-8c99-ca7f2d1b165a ] Request (ServersTestJSON:setUpClass): 200 GET http://10.180.1.21/compute/v2.1/servers/c03fdfd4-184e-47df-a40d-a856818686cd 0.554s
2025-02-16 21:34:25.869 63359 INFO tempest.lib.common.rest_client [req-6ec56db9-d5d9-4228-b6bd-1ff56d1e6db6 req-6ec56db9-d5d9-4228-b6bd-1ff56d1e6db6 ] Request (ServersAaction247Test:setUpClass): 201 POST http://10.180.1.21/identity/v3/users 0.056s
2025-02-16 21:34:25.881 63321 INFO tempest.lib.common.rest_client [req-4ad799c5-9aff-4ca7-a9d2-d40a524b0400 req-4ad799c5-9aff-4ca7-a9d2-d40a524b0400 ] Request (ServersTestBootFromVolume:setUpClass): 200 GET http://10.180.1.21/compute/v2.1/servers/e65043f5-524f-48c8-9774-9127604850c8 0.450s
2025-02-16 21:34:25.890 63359 INFO tempest.lib.common.rest_client [req-3643ce92-5fca-4b59-82cf-fc4a7f57df7e req-3643ce92-5fca-4b59-82cf-fc4a7f57df7e ] Request (ServersAaction247Test:setUpClass): 200 GET http://10.180.1.21/identity/v3/roles 0.021s
2025-02-16 21:34:25.921 63359 INFO tempest.lib.common.rest_client [req-693a5bd9-ef44-4efd-b32a-e33eaf9d35fc req-693a5bd9-ef44-4efd-b32a-e33eaf9d35fc ] Request (ServersAaction247Test:setUpClass): 204 PUT http://10.180.1.21/identity/v3/projects/eaf8f9f28d234295976c74176daab500/users/6698f25c3a3d49ccb3c9166a82840256/roles/4bb4edd220cf4d4da01f0e2d1cec56b7 0.030s
2025-02-16 21:34:25.921 63359 INFO tempest.lib.common.dynamic_creds [-] Dynamic test user 6698f25c3a3d49ccb3c9166a82840256 is created with scope project and roles: ['member']
2025-02-16 21:34:25.921 63359 INFO tempest.lib.common.dynamic_creds [-] Acquired dynamic creds: credentials: Credentials: {'domain_id': 'default', 'domain_name': 'Default', 'username': 'tempest-ServersAaction247Test-1924913814-project-member', 'project_domain_id': 'default', 'project_domain_name': 'Default', 'project_id': 'eaf8f9f28d234295976c74176daab500', 'project_name': 'tempest-ServersAaction247Test-1924913814', 'tenant_id': 'eaf8f9f28d234295976c74176daab500', 'tenant_name': 'tempest-ServersAaction247Test-1924913814', 'user_domain_id': 'default', 'user_domain_name': 'Default', 'user_id': '6698f25c3a3d49ccb3c9166a82840256', 'system': None}, Network: None, Subnet: None, Router: None
2025-02-16 21:34:25.922 63359 INFO tempest.lib.common.dynamic_creds [-] Created isolated network resources for: credentials: Credentials: {'domain_id': 'default', 'domain_name': 'Default', 'username': 'tempest-ServersAaction247Test-1924913814-project-member', 'project_domain_id': 'default', 'project_domain_name': 'Default', 'project_id': 'eaf8f9f28d234295976c74176daab500', 'project_name': 'tempest-ServersAaction247Test-1924913814', 'tenant_id': 'eaf8f9f28d234295976c74176daab500', 'tenant_name': 'tempest-ServersAaction247Test-1924913814', 'user_domain_id': 'default', 'user_domain_name': 'Default', 'user_id': '6698f25c3a3d49ccb3c9166a82840256', 'system': None}, Network: None, Subnet: None, Router: None
2025-02-16 21:34:25.931 63335 INFO tempest.lib.common.rest_client [req-b63e519c-55b4-449f-8ef9-a45b44623b66 req-b63e519c-55b4-449f-8ef9-a45b44623b66 ] Request (ServersAdminTestJSON:test_create_server_with_scheduling_hint): 200 GET http://10.180.1.21/compute/v2.1/servers/72f22d9c-a615-4d7a-9d62-fb4da31adc64 0.328s
2025-02-16 21:34:25.978 63341 INFO tempest.lib.common.rest_client [req-77a62a00-277b-41f0-9d41-533cc7ffd5eb req-77a62a00-277b-41f0-9d41-533cc7ffd5eb ] Request (SecurityGroupRulesNegativeTestJSON:tearDownClass): 202 DELETE http://10.180.1.21/compute/v2.1/os-security-groups/f81793a6-04b2-42cb-b123-8a397161eaf4 0.482s
2025-02-16 21:34:26.011 63359 INFO tempest.lib.common.rest_client [req-945ae15f-2514-40ea-bf15-bb4810595cf0 req-945ae15f-2514-40ea-bf15-bb4810595cf0 ] Request (ServersAaction247Test:setUpClass): 201 POST http://10.180.1.21/identity/v3/auth/tokens 0.086s
2025-02-16 21:34:26.013 63345 WARNING tempest.lib.common.ssh [-] Failed to establish authenticated ssh connection to cirros@10.180.180.172 ([Errno None] Unable to connect to port 22 on 10.180.180.172). Number attempts: 2. Retry after 3 seconds.: paramiko.ssh_exception.NoValidConnectionsError: [Errno None] Unable to connect to port 22 on 10.180.180.172
2025-02-16 21:34:26.020 63363 INFO tempest.lib.common.rest_client [req-01db08b1-328c-440c-9cd8-9810b050e472 req-01db08b1-328c-440c-9cd8-9810b050e472 ] Request (ServersWithSpecificFlavorTestJSON:test_verify_created_server_ephemeral_disk): 200 GET http://10.180.1.21/compute/v2.1/servers/07676dca-3744-441e-8590-409f2ffd4501 0.414s
2025-02-16 21:34:26.035 63383 INFO tempest.lib.common.rest_client [req-2bd06bfd-ae60-44ef-8b5d-bb03d8f94d74 req-2bd06bfd-ae60-44ef-8b5d-bb03d8f94d74 ] Request (FlavorsAdminTestJSON:_run_cleanups): 202 DELETE http://10.180.1.21/compute/v2.1/flavors/1869453013 0.404s
2025-02-16 21:34:26.043 63359 INFO tempest.lib.common.rest_client [req-426fd451-37f2-4014-8b0d-8d1885b36394 req-426fd451-37f2-4014-8b0d-8d1885b36394 ] Request (ServersAaction247Test:test_create_backup): 201 POST http://10.180.1.21/identity/v3/auth/tokens 0.026s
2025-02-16 21:34:26.043 63359 INFO tempest.lib.common.fixed_network [-] (ServersAaction247Test:test_create_backup) Found network None available for tenant
2025-02-16 21:34:26.080 63361 INFO tempest.lib.common.rest_client [req-0dea8997-1963-4067-864b-3db83030050c req-0dea8997-1963-4067-864b-3db83030050c ] Request (ServerExternalEventsTest:test_create_server_external_events): 200 GET http://10.180.1.21/compute/v2.1/servers/b07bd973-265e-4df9-bdd4-08942c4ca648 0.392s
2025-02-16 21:34:26.087 63349 INFO tempest.lib.common.rest_client [req-acc2329a-32d3-4fe8-bd65-8158589ee524 req-acc2329a-32d3-4fe8-bd65-8158589ee524 ] Request (AZAdminV2TestJSON:test_get_availability_zone_list): 200 GET http://10.180.1.21/compute/v2.1/os-availability-zone 0.476s
2025-02-16 21:34:26.109 63333 INFO tempest.lib.common.rest_client [req-1544bac4-8546-4ac6-bd51-e5eff3c060d6 req-1544bac4-8546-4ac6-bd51-e5eff3c060d6 ] Request (ServicesAdminNegativeTestJSON:test_get_service_with_valid_service_and_invalid_host): 200 GET http://10.180.1.21/compute/v2.1/os-services?host=xxx&binary=nova-scheduler 0.382s
2025-02-16 21:34:26.134 63347 INFO tempest.lib.common.rest_client [req-4f041131-caaf-46e8-b4c4-a8eaae5e042a req-4f041131-caaf-46e8-b4c4-a8eaae5e042a ] Request (SecurityGroupsTestJSON:test_security_groups_create_list_delete): 404 GET http://10.180.1.21/compute/v2.1/os-security-groups/6d7231b9-91b7-4b3a-a0e6-332649b93397 0.398s
2025-02-16 21:34:26.185 63357 INFO tempest.lib.common.rest_client [req-f0c6d12e-f65b-4115-8ffc-da2ce35a0935 req-f0c6d12e-f65b-4115-8ffc-da2ce35a0935 ] Request (ImagesTestJSON:test_create_image_from_suspended_server): 200 GET http://10.180.1.21/compute/v2.1/servers/d6775ece-9d97-45fb-bb8c-3881e0e5666a 0.403s
2025-02-16 21:34:26.197 63325 INFO tempest.lib.common.rest_client [req-c7c68967-3f14-4fb3-a819-9f80616c5c9e req-c7c68967-3f14-4fb3-a819-9f80616c5c9e ] Request (SecurityGroupRulesTestJSON:tearDownClass): 202 DELETE http://10.180.1.21/compute/v2.1/os-security-groups/00ad7b65-be01-4cc2-80ab-ff8ff59a3802 0.491s
2025-02-16 21:34:26.223 63327 INFO tempest.lib.common.rest_client [req-24330886-4100-4aa4-a36d-04229eeac0bc req-24330886-4100-4aa4-a36d-04229eeac0bc ] Request (ListServerFiltersTestJSON:test_list_servers_filter_by_limit): 200 GET http://10.180.1.21/compute/v2.1/servers?limit=1 0.384s
2025-02-16 21:34:26.230 63337 INFO tempest.lib.common.rest_client [req-92dead57-e523-4562-91d7-d22a8682b254 req-92dead57-e523-4562-91d7-d22a8682b254 ] Request (InstanceActionsNegativeTestJSON:setUpClass): 200 GET http://10.180.1.21/compute/v2.1/servers/1e4e2cc6-48d2-4bf1-9d63-f9ff6cf86324 0.393s
2025-02-16 21:34:26.278 63353 INFO tempest.lib.common.rest_client [req-483447dc-fcb8-489f-84f1-4fcb177c2217 req-483447dc-fcb8-489f-84f1-4fcb177c2217 ] Request (ServerDiskConfigTestJSON:test_rebuild_server_with_auto_disk_config): 200 GET http://10.180.1.21/compute/v2.1/servers/cb5c579a-9e1b-4a40-9de2-2e2de5c5d98b 0.299s
2025-02-16 21:34:26.297 63383 INFO tempest.lib.common.rest_client [req-388f68f4-b0f3-4bd5-8e0c-4e9aeb7f0ca0 req-388f68f4-b0f3-4bd5-8e0c-4e9aeb7f0ca0 ] Request (FlavorsAdminTestJSON:_run_cleanups): 200 GET http://10.180.1.21/compute/v2.1/flavors/detail 0.262s
2025-02-16 21:34:26.320 63341 INFO tempest.lib.common.rest_client [req-9ba8f9b2-2bf9-4d8b-b8e5-748c70f58ff2 req-9ba8f9b2-2bf9-4d8b-b8e5-748c70f58ff2 ] Request (SecurityGroupRulesNegativeTestJSON:tearDownClass): 202 DELETE http://10.180.1.21/compute/v2.1/os-security-groups/2d3794d0-734a-4fa1-a966-209a8c5b44cc 0.341s
2025-02-16 21:34:26.340 63349 INFO tempest.lib.common.rest_client [req-8289b009-51e1-4cad-a0c9-7a29557baf18 req-8289b009-51e1-4cad-a0c9-7a29557baf18 ] Request (AZAdminV2TestJSON:test_get_availability_zone_list_detail): 200 GET http://10.180.1.21/compute/v2.1/os-availability-zone/detail 0.251s
2025-02-16 21:34:26.398 63333 INFO tempest.lib.common.rest_client [req-ae32a851-4300-4cff-aa5e-eebd8c920ec9 req-ae32a851-4300-4cff-aa5e-eebd8c920ec9 ] Request (ServicesAdminNegativeTestJSON:test_list_services_with_non_admin_user): 403 GET http://10.180.1.21/compute/v2.1/os-services 0.281s
2025-02-16 21:34:26.419 63359 INFO tempest.lib.common.rest_client [req-36fb3829-3f7b-48ef-9548-f4a34ba52f2b req-36fb3829-3f7b-48ef-9548-f4a34ba52f2b ] Request (ServersAaction247Test:test_create_backup): 202 POST http://10.180.1.21/compute/v2.1/servers 0.375s
2025-02-16 21:34:26.443 63349 INFO tempest.lib.common.rest_client [req-a39df83f-cec6-4aa2-8307-62f29cf8d2e3 req-a39df83f-cec6-4aa2-8307-62f29cf8d2e3 ] Request (AZAdminV2TestJSON:tearDownClass): 204 DELETE http://10.180.1.21/identity/v3/users/1a477e11b4b6471ba24ca81a92e4b674 0.099s
2025-02-16 21:34:26.520 63333 INFO tempest.lib.common.rest_client [req-bcef0e99-6e52-418b-b6bf-740a2b56a861 req-bcef0e99-6e52-418b-b6bf-740a2b56a861 ] Request (ServicesAdminNegativeTestJSON:tearDownClass): 204 DELETE http://10.180.1.21/identity/v3/users/2d077b7aeb5e45cc8b5ca99f7fc5a54d 0.121s
2025-02-16 21:34:26.548 63329 INFO tempest.lib.common.rest_client [req-34e53941-0a41-467e-827d-b94b5342b6d5 req-34e53941-0a41-467e-827d-b94b5342b6d5 ] Request (MigrationsAdminTest:test_list_migrations_in_flavor_resize_situation): 200 GET http://10.180.1.21/compute/v2.1/servers/aaddae64-82e8-46d2-8de5-f53d0ed8411e 0.415s
2025-02-16 21:34:26.605 63349 INFO tempest.lib.common.rest_client [req-a28a3047-9be4-4a12-8876-4d0b39f200fe req-a28a3047-9be4-4a12-8876-4d0b39f200fe ] Request (AZAdminV2TestJSON:tearDownClass): 204 DELETE http://10.180.1.21/identity/v3/users/c004307e979145958344c4385c449c08 0.162s
2025-02-16 21:34:26.606 63349 INFO tempest.lib.common.dynamic_creds [-] Deleting project and security group for project: 3b9d224b440e4a13bfa93d17a60afa19
2025-02-16 21:34:26.613 63347 INFO tempest.lib.common.rest_client [req-43437a5b-3983-4c39-b6fa-c36b1f3409fc req-43437a5b-3983-4c39-b6fa-c36b1f3409fc ] Request (SecurityGroupsTestJSON:test_security_groups_create_list_delete): 202 DELETE http://10.180.1.21/compute/v2.1/os-security-groups/52ad71d7-1cc0-4871-88c3-d842dab5c13c 0.478s
2025-02-16 21:34:26.625 63333 INFO tempest.lib.common.rest_client [req-95c1258e-782f-4ca5-8ac8-8f0a12cffa42 req-95c1258e-782f-4ca5-8ac8-8f0a12cffa42 ] Request (ServicesAdminNegativeTestJSON:tearDownClass): 204 DELETE http://10.180.1.21/identity/v3/users/8c9239e05ecf4da6bc6ee4f07f88e7c0 0.105s
2025-02-16 21:34:26.625 63333 INFO tempest.lib.common.dynamic_creds [-] Deleting project and security group for project: 2341d3553f9240fe995956ee4d004b40
2025-02-16 21:34:26.673 63323 INFO tempest.lib.common.rest_client [req-91e3f763-5459-4237-97f6-f24c858a23ea req-91e3f763-5459-4237-97f6-f24c858a23ea ] Request (DeleteServersAdminTestJSON:test_delete_server_while_in_error_state): 200 GET http://10.180.1.21/compute/v2.1/servers/6b3c53f2-807e-4cd8-8fba-c1d52f080423 0.474s
2025-02-16 21:34:26.679 63325 INFO tempest.lib.common.rest_client [req-5f6396aa-71ee-4afa-b45b-84924a9de187 req-5f6396aa-71ee-4afa-b45b-84924a9de187 ] Request (SecurityGroupRulesTestJSON:tearDownClass): 202 DELETE http://10.180.1.21/compute/v2.1/os-security-groups/a4d6d2af-6b06-45bf-b7cb-29a062b4e3ad 0.482s
2025-02-16 21:34:26.683 63349 INFO tempest.lib.common.rest_client [req-09434dde-6d62-4136-98dd-114f053bf5cb req-09434dde-6d62-4136-98dd-114f053bf5cb ] Request (AZAdminV2TestJSON:tearDownClass): 201 POST http://10.180.1.21/identity/v3/auth/tokens 0.077s
2025-02-16 21:34:26.694 63333 INFO tempest.lib.common.rest_client [req-462f1ff5-183b-422f-98a0-b00404ea711c req-462f1ff5-183b-422f-98a0-b00404ea711c ] Request (ServicesAdminNegativeTestJSON:tearDownClass): 201 POST http://10.180.1.21/identity/v3/auth/tokens 0.068s
2025-02-16 21:34:26.753 63377 INFO tempest.lib.common.rest_client [req-00be80a1-12a8-4fd4-8e7d-016de3d808c5 req-00be80a1-12a8-4fd4-8e7d-016de3d808c5 ] Request (ServerPasswordTestJSON:tearDownClass): 200 GET http://10.180.1.21/compute/v2.1/servers/87f2c2b5-5cf1-4be8-b4cb-17736d7e6719 0.494s
2025-02-16 21:34:26.763 63327 INFO tempest.lib.common.rest_client [req-bee8891a-ba06-40b1-a809-f011a58f2720 req-bee8891a-ba06-40b1-a809-f011a58f2720 ] Request (ListServerFiltersTestJSON:test_list_servers_filter_by_server_name): 200 GET http://10.180.1.21/compute/v2.1/servers?name=tempest-ListServerFiltersTestJSON-instance-1217690335 0.537s
2025-02-16 21:34:26.780 63383 INFO tempest.lib.common.rest_client [req-f5dfa096-49a7-4645-a4e5-536ef8c3ebc7 req-f5dfa096-49a7-4645-a4e5-536ef8c3ebc7 ] Request (FlavorsAdminTestJSON:test_list_non_public_flavor): 200 POST http://10.180.1.21/compute/v2.1/flavors 0.477s
2025-02-16 21:34:26.847 63369 INFO tempest.lib.common.rest_client [req-1ecb4f34-ac5c-42c8-b662-f292c4c1739a req-1ecb4f34-ac5c-42c8-b662-f292c4c1739a ] Request (ServerDiagnosticsV248Test:test_get_server_diagnostics): 200 GET http://10.180.1.21/compute/v2.1/servers/54255b86-d935-4a6a-9448-8843a7820878 0.525s
2025-02-16 21:34:26.857 63369 INFO tempest.common.waiters [-] State transition "BUILD/None" ==> "BUILD/networking" after 25 second wait
2025-02-16 21:34:26.913 63349 INFO tempest.lib.common.rest_client [req-b1a82dbc-ecfb-4aa6-b8f8-fde1decd518a req-b1a82dbc-ecfb-4aa6-b8f8-fde1decd518a ] Request (AZAdminV2TestJSON:tearDownClass): 200 GET http://10.180.1.21:9696/networking/v2.0/security-groups?tenant_id=3b9d224b440e4a13bfa93d17a60afa19&name=default 0.230s
2025-02-16 21:34:26.921 63333 INFO tempest.lib.common.rest_client [req-ef0464aa-4b44-4ea3-b07b-555d08f11b82 req-ef0464aa-4b44-4ea3-b07b-555d08f11b82 ] Request (ServicesAdminNegativeTestJSON:tearDownClass): 200 GET http://10.180.1.21:9696/networking/v2.0/security-groups?tenant_id=2341d3553f9240fe995956ee4d004b40&name=default 0.227s
2025-02-16 21:34:26.932 63371 INFO tempest.lib.common.rest_client [req-9702e92b-ed50-4878-8912-9baafe490236 req-9702e92b-ed50-4878-8912-9baafe490236 ] Request (ServersAdmin275Test:tearDownClass): 200 GET http://10.180.1.21/compute/v2.1/servers/6eec2d20-2023-4bfe-ab14-69410c00cb5b 0.550s
2025-02-16 21:34:26.946 63341 INFO tempest.lib.common.rest_client [req-fbc221cb-5751-4a5a-87fc-71d0ad6fa510 req-fbc221cb-5751-4a5a-87fc-71d0ad6fa510 ] Request (SecurityGroupRulesNegativeTestJSON:tearDownClass): 202 DELETE http://10.180.1.21/compute/v2.1/os-security-groups/d8c9aebb-9b17-47f4-ab53-ba94ee5c706d 0.626s
2025-02-16 21:34:27.007 63359 INFO tempest.lib.common.rest_client [req-35f0d546-ca77-4344-8e9e-0a033f77b9c3 req-35f0d546-ca77-4344-8e9e-0a033f77b9c3 ] Request (ServersAaction247Test:test_create_backup): 200 GET http://10.180.1.21/compute/v2.1/servers/1bc3a6d2-31b8-4895-9370-d61331103cf3 0.584s
2025-02-16 21:34:27.023 63373 INFO tempest.lib.common.rest_client [req-76677d9a-40c9-4774-89da-f56faa5fa55b req-76677d9a-40c9-4774-89da-f56faa5fa55b ] Request (ServerActionsTestOtherB:setUpClass): 200 GET http://10.180.1.21/compute/v2.1/servers/573ce87d-556a-4761-b5e0-c479c9005783 0.544s
2025-02-16 21:34:27.077 63349 INFO tempest.lib.common.rest_client [req-52780424-33a4-4e10-808e-fdbc9a72361a req-52780424-33a4-4e10-808e-fdbc9a72361a ] Request (AZAdminV2TestJSON:tearDownClass): 204 DELETE http://10.180.1.21:9696/networking/v2.0/security-groups/3c5abb5d-b154-48d7-9597-18085c076412 0.163s
2025-02-16 21:34:27.083 63379 INFO tempest.lib.common.rest_client [req-ef854979-fd41-4934-8941-1877fa1933dd req-ef854979-fd41-4934-8941-1877fa1933dd ] Request (ImagesOneServerNegativeTestJSON:setUpClass): 200 GET http://10.180.1.21/compute/v2.1/servers/25827438-2172-49df-87e9-a6bf9cdeac57 0.544s
2025-02-16 21:34:27.103 63351 INFO tempest.lib.common.rest_client [req-c625186f-c920-441c-ba9b-d12ad2220e05 req-c625186f-c920-441c-ba9b-d12ad2220e05 ] Request (ServersNegativeTestJSON:setUpClass): 200 GET http://10.180.1.21/compute/v2.1/servers/5cb81a7a-f84b-48db-ae40-b39113616a90 0.544s
2025-02-16 21:34:27.143 63333 INFO tempest.lib.common.rest_client [req-0952a121-3913-4e8a-b084-db9ddb708b2d req-0952a121-3913-4e8a-b084-db9ddb708b2d ] Request (ServicesAdminNegativeTestJSON:tearDownClass): 204 DELETE http://10.180.1.21:9696/networking/v2.0/security-groups/b24014a7-d1d4-47b5-a936-0cca657bb0e8 0.220s
2025-02-16 21:34:27.149 63349 INFO tempest.lib.common.rest_client [req-0235388c-d488-40a5-9628-498be8c16616 req-0235388c-d488-40a5-9628-498be8c16616 ] Request (AZAdminV2TestJSON:tearDownClass): 204 DELETE http://10.180.1.21/identity/v3/projects/3b9d224b440e4a13bfa93d17a60afa19 0.072s
2025-02-16 21:34:27.149 63349 INFO tempest.lib.common.dynamic_creds [-] Deleting project and security group for project: 85836252b6fd45ffb96e1728de50f0d0
2025-02-16 21:34:27.167 63331 INFO tempest.lib.common.rest_client [req-baa3dd6a-8c90-41a4-aa35-b1601d3af03a req-baa3dd6a-8c90-41a4-aa35-b1601d3af03a ] Request (AttachInterfacesUnderV243Test:test_add_remove_fixed_ip): 200 GET http://10.180.1.21/compute/v2.1/servers/81fcc80a-8f80-4d40-a061-f33c012cf54f 0.575s
2025-02-16 21:34:27.172 63339 INFO tempest.lib.common.rest_client [req-23ac50c8-26e0-42d4-9332-6d197ff79275 req-23ac50c8-26e0-42d4-9332-6d197ff79275 ] Request (ServersAdminNegativeTestJSON:setUpClass): 200 GET http://10.180.1.21/compute/v2.1/servers/be34bd6e-c83f-40ec-8c97-33d698d2692f 0.564s
2025-02-16 21:34:27.203 63347 INFO tempest.lib.common.rest_client [req-80991085-368d-4065-8a3d-c7ec9b346c21 req-80991085-368d-4065-8a3d-c7ec9b346c21 ] Request (SecurityGroupsTestJSON:test_security_groups_create_list_delete): 404 GET http://10.180.1.21/compute/v2.1/os-security-groups/52ad71d7-1cc0-4871-88c3-d842dab5c13c 0.589s
2025-02-16 21:34:27.232 63383 INFO tempest.lib.common.rest_client [req-c64ea9ec-0162-454f-8bb9-20651234fdb6 req-c64ea9ec-0162-454f-8bb9-20651234fdb6 ] Request (FlavorsAdminTestJSON:test_list_non_public_flavor): 200 GET http://10.180.1.21/compute/v2.1/flavors/detail 0.450s
2025-02-16 21:34:27.250 63327 INFO tempest.lib.common.rest_client [req-9ef0bdc1-5389-4852-b099-81c636465865 req-9ef0bdc1-5389-4852-b099-81c636465865 ] Request (ListServerFiltersTestJSON:test_list_servers_filter_by_shutoff_status): 202 POST http://10.180.1.21/compute/v2.1/servers/0a3c5e11-62b6-4f02-bc14-917a932ecf54/action 0.483s
