2025-02-16 21:34:56.959 63377 INFO tempest.lib.common.rest_client [req-a5323774-592b-458a-90be-cd0851e609a5 req-a5323774-592b-458a-90be-cd0851e609a5 ] Request (ServerShowV247Test:test_update_rebuild_list_server): 200 GET http://10.180.1.21/compute/v2.1/servers/1d25291d-0faa-43b0-97a2-2c2db98b46c8 0.204s
2025-02-16 21:34:56.967 63339 INFO tempest.lib.common.rest_client [req-f4c6c536-c73a-4215-be83-42eaf0190cec req-f4c6c536-c73a-4215-be83-42eaf0190cec ] Request (ServersAdminNegativeTestJSON:test_migrate_server_invalid_state): 200 GET http://10.180.1.21/compute/v2.1/servers/e5e494bc-0262-4de6-84e7-ffc2989b9e19 0.174s
2025-02-16 21:34:57.021 63325 INFO tempest.lib.common.rest_client [req-344409a4-56e8-4ce6-aeba-801a1504a60b req-344409a4-56e8-4ce6-aeba-801a1504a60b ] Request (AttachInterfacesTestJSON:test_create_list_show_delete_interfaces_by_fixed_ip): 200 GET http://10.180.1.21/compute/v2.1/servers/d1d54188-6333-44d7-b1e2-481299eb346a 0.077s
2025-02-16 21:34:57.029 63369 INFO tempest.lib.common.rest_client [req-33dbdfc8-fea6-45d2-a352-9eff5d4e537f req-33dbdfc8-fea6-45d2-a352-9eff5d4e537f ] Request (ServerDiagnosticsV248Test:tearDownClass): 200 GET http://10.180.1.21/compute/v2.1/servers/54255b86-d935-4a6a-9448-8843a7820878 0.148s
2025-02-16 21:34:57.102 63367 INFO tempest.lib.common.rest_client [req-555fe515-b1f6-4dcd-a5f8-a18bbd7eb7f3 req-555fe515-b1f6-4dcd-a5f8-a18bbd7eb7f3 ] Request (ServersTestJSON:setUpClass): 200 GET http://10.180.1.21/compute/v2.1/servers/c03fdfd4-184e-47df-a40d-a856818686cd 0.062s
2025-02-16 21:34:57.143 63331 INFO tempest.lib.common.rest_client [req-aac3d4df-3887-4aba-b80b-3f5584ad1de9 req-aac3d4df-3887-4aba-b80b-3f5584ad1de9 ] Request (AttachInterfacesUnderV243Test:test_add_remove_fixed_ip): 200 GET http://10.180.1.21/compute/v2.1/servers/81fcc80a-8f80-4d40-a061-f33c012cf54f 0.186s
2025-02-16 21:34:57.191 63327 INFO tempest.lib.common.rest_client [req-ee409de8-7532-4aa5-8917-fd0d507c325a req-ee409de8-7532-4aa5-8917-fd0d507c325a ] Request (ListServerFiltersTestJSON:tearDownClass): 200 GET http://10.180.1.21/compute/v2.1/servers/5f31a816-a0a0-48c5-8566-e7c40a192cf3 0.077s
2025-02-16 21:34:57.252 63361 INFO tempest.lib.common.rest_client [req-e043c317-9332-4624-adec-c2b60dd15bc1 req-e043c317-9332-4624-adec-c2b60dd15bc1 ] Request (ServerExternalEventsTest:tearDownClass): 200 GET http://10.180.1.21/compute/v2.1/servers/b07bd973-265e-4df9-bdd4-08942c4ca648 0.070s
2025-02-16 21:34:57.310 63383 INFO tempest.lib.common.rest_client [req-14256c79-d8dd-4c58-820e-7a61c5628371 req-14256c79-d8dd-4c58-820e-7a61c5628371 ] Request (ImagesNegativeTestJSON:test_create_image_from_deleted_server): 200 GET http://10.180.1.21/compute/v2.1/servers/3f08c9a0-cfcd-4dec-ad2e-41afd6b22619 0.116s
2025-02-16 21:34:57.316 63329 INFO tempest.lib.common.rest_client [req-2607080e-09bc-44b2-ab01-c5e87b3c4dab req-2607080e-09bc-44b2-ab01-c5e87b3c4dab ] Request (MigrationsAdminTest:test_list_migrations_in_flavor_resize_situation): 200 GET http://10.180.1.21/compute/v2.1/servers/aaddae64-82e8-46d2-8de5-f53d0ed8411e 0.198s
2025-02-16 21:34:57.366 63341 INFO tempest.lib.common.rest_client [req-56ef1adf-cd13-4c85-8986-26be59b927d8 req-56ef1adf-cd13-4c85-8986-26be59b927d8 ] Request (ListServersNegativeTestJSON:setUpClass): 200 GET http://10.180.1.21/compute/v2.1/servers/50e62458-27be-4738-bea8-5c6eeb68afdc 0.116s
2025-02-16 21:34:57.389 63375 INFO tempest.lib.common.rest_client [req-7fc85b41-de2c-4d5e-96ff-874c54d31241 req-7fc85b41-de2c-4d5e-96ff-874c54d31241 ] Request (InstanceActionsV221TestJSON:test_get_list_deleted_instance_actions): 200 GET http://10.180.1.21/compute/v2.1/servers/ffba214f-8943-487c-b68c-f7d95da04543 0.114s
2025-02-16 21:34:57.416 63357 INFO tempest.lib.common.rest_client [req-2b8ba9c2-d6e7-45e2-8acb-adf1036c9f8b req-2b8ba9c2-d6e7-45e2-8acb-adf1036c9f8b ] Request (ImagesTestJSON:test_create_image_from_suspended_server): 200 GET http://10.180.1.21/compute/v2.1/servers/d6775ece-9d97-45fb-bb8c-3881e0e5666a 0.113s
2025-02-16 21:34:57.465 63351 INFO tempest.lib.common.rest_client [req-39246d54-0c3e-43d3-be8e-ec999c1aee9a req-39246d54-0c3e-43d3-be8e-ec999c1aee9a ] Request (ServersNegativeTestJSON:setUpClass): 200 GET http://10.180.1.21/compute/v2.1/servers/5cb81a7a-f84b-48db-ae40-b39113616a90 0.126s
2025-02-16 21:34:57.650 63347 INFO tempest.lib.common.rest_client [req-1f40f099-577c-487c-a280-907ff8c50c9d req-1f40f099-577c-487c-a280-907ff8c50c9d ] Request (SecurityGroupsTestJSON:test_server_security_groups): 200 GET http://10.180.1.21/compute/v2.1/servers/4329770f-b089-46da-8d91-c9e953ba3a09 0.060s
2025-02-16 21:34:57.654 63335 INFO tempest.lib.common.rest_client [req-9cb6aab1-f2fb-4cb7-89ca-de330ecf8939 req-9cb6aab1-f2fb-4cb7-89ca-de330ecf8939 ] Request (ServersAdminTestJSON:test_create_server_with_scheduling_hint): 200 GET http://10.180.1.21/compute/v2.1/servers/72f22d9c-a615-4d7a-9d62-fb4da31adc64 0.135s
2025-02-16 21:34:57.803 63353 INFO tempest.lib.common.rest_client [req-7f61b38b-28e3-40f3-9c74-d3526d950162 req-7f61b38b-28e3-40f3-9c74-d3526d950162 ] Request (ServerDiskConfigTestJSON:test_rebuild_server_with_auto_disk_config): 200 GET http://10.180.1.21/compute/v2.1/servers/cb5c579a-9e1b-4a40-9de2-2e2de5c5d98b 0.054s
2025-02-16 21:34:57.812 63337 INFO tempest.lib.common.rest_client [req-95ee3a52-ae7a-4014-8919-b26276392b14 req-95ee3a52-ae7a-4014-8919-b26276392b14 ] Request (InstanceActionsNegativeTestJSON:setUpClass): 200 GET http://10.180.1.21/compute/v2.1/servers/1e4e2cc6-48d2-4bf1-9d63-f9ff6cf86324 0.119s
2025-02-16 21:34:57.862 63333 INFO tempest.lib.common.rest_client [req-e697aba7-8a00-438e-abb2-fd00a9d23517 req-e697aba7-8a00-438e-abb2-fd00a9d23517 ] Request (FloatingIPsAssociationNegativeTestJSON:setUpClass): 200 GET http://10.180.1.21/compute/v2.1/servers/92a7d8c9-a3d1-4a2f-8d73-3dc94778221a 0.056s
2025-02-16 21:34:57.868 63323 INFO tempest.lib.common.rest_client [req-706b0f29-3c8a-446b-a73f-44cf60751eec req-706b0f29-3c8a-446b-a73f-44cf60751eec ] Request (DeleteServersAdminTestJSON:test_delete_server_while_in_error_state): 200 GET http://10.180.1.21/compute/v2.1/servers/6b3c53f2-807e-4cd8-8fba-c1d52f080423 0.053s
2025-02-16 21:34:57.919 63373 INFO tempest.lib.common.rest_client [req-c4184745-5f5b-4dfd-a15d-cc66726897f9 req-c4184745-5f5b-4dfd-a15d-cc66726897f9 ] Request (ServerActionsTestOtherB:setUpClass): 200 GET http://10.180.1.21/compute/v2.1/servers/573ce87d-556a-4761-b5e0-c479c9005783 0.054s
2025-02-16 21:34:57.927 63359 INFO tempest.lib.common.rest_client [req-ecf09cd0-e160-4c32-9b9d-465da4c85e2c req-ecf09cd0-e160-4c32-9b9d-465da4c85e2c ] Request (ServersAaction247Test:test_create_backup): 200 GET http://10.180.1.21/compute/v2.1/servers/1bc3a6d2-31b8-4895-9370-d61331103cf3 0.060s
2025-02-16 21:34:57.969 63371 INFO tempest.lib.common.rest_client [req-3c49e1a9-751d-446b-b8af-2eae083e5673 req-3c49e1a9-751d-446b-b8af-2eae083e5673 ] Request (DeleteServersTestJSON:test_delete_active_server): 200 GET http://10.180.1.21/compute/v2.1/servers/62a61aa1-4f64-4027-bc3d-fecd76f8afb1 0.068s
2025-02-16 21:34:57.983 63379 INFO tempest.lib.common.rest_client [req-b8c04379-dbb2-4ad2-a7d8-57b2ec6a82b5 req-b8c04379-dbb2-4ad2-a7d8-57b2ec6a82b5 ] Request (ImagesOneServerNegativeTestJSON:setUpClass): 200 GET http://10.180.1.21/compute/v2.1/servers/25827438-2172-49df-87e9-a6bf9cdeac57 0.061s
2025-02-16 21:34:58.032 63377 INFO tempest.lib.common.rest_client [req-dbd05da7-9e32-4e9b-b6ce-8b96266796f8 req-dbd05da7-9e32-4e9b-b6ce-8b96266796f8 ] Request (ServerShowV247Test:test_update_rebuild_list_server): 200 GET http://10.180.1.21/compute/v2.1/servers/1d25291d-0faa-43b0-97a2-2c2db98b46c8 0.064s
2025-02-16 21:34:58.039 63339 INFO tempest.lib.common.rest_client [req-26390796-d84b-4f6c-8da0-45c58c93ba7a req-26390796-d84b-4f6c-8da0-45c58c93ba7a ] Request (ServersAdminNegativeTestJSON:test_migrate_server_invalid_state): 200 GET http://10.180.1.21/compute/v2.1/servers/e5e494bc-0262-4de6-84e7-ffc2989b9e19 0.060s
2025-02-16 21:34:58.087 63325 INFO tempest.lib.common.rest_client [req-34c06f36-297f-472c-8c02-1af3136463a4 req-34c06f36-297f-472c-8c02-1af3136463a4 ] Request (AttachInterfacesTestJSON:test_create_list_show_delete_interfaces_by_fixed_ip): 200 GET http://10.180.1.21/compute/v2.1/servers/d1d54188-6333-44d7-b1e2-481299eb346a 0.053s
2025-02-16 21:34:58.106 63369 INFO tempest.lib.common.rest_client [req-2bd8633b-67b9-4fb1-90be-a412a5123c8c req-2bd8633b-67b9-4fb1-90be-a412a5123c8c ] Request (ServerDiagnosticsV248Test:tearDownClass): 200 GET http://10.180.1.21/compute/v2.1/servers/54255b86-d935-4a6a-9448-8843a7820878 0.066s
2025-02-16 21:34:58.170 63367 INFO tempest.lib.common.rest_client [req-22ca126e-f9a3-4691-9436-9e04e00aa946 req-22ca126e-f9a3-4691-9436-9e04e00aa946 ] Request (ServersTestJSON:setUpClass): 200 GET http://10.180.1.21/compute/v2.1/servers/c03fdfd4-184e-47df-a40d-a856818686cd 0.060s
2025-02-16 21:34:58.246 63331 INFO tempest.lib.common.rest_client [req-f97d842b-a6ce-4484-b4d2-03da6d56adce req-f97d842b-a6ce-4484-b4d2-03da6d56adce ] Request (AttachInterfacesUnderV243Test:test_add_remove_fixed_ip): 200 GET http://10.180.1.21/compute/v2.1/servers/81fcc80a-8f80-4d40-a061-f33c012cf54f 0.093s
2025-02-16 21:34:58.264 63327 INFO tempest.lib.common.rest_client [req-1aeacf57-9503-476d-918b-f84fdb63c43d req-1aeacf57-9503-476d-918b-f84fdb63c43d ] Request (ListServerFiltersTestJSON:tearDownClass): 200 GET http://10.180.1.21/compute/v2.1/servers/5f31a816-a0a0-48c5-8566-e7c40a192cf3 0.064s
2025-02-16 21:34:58.325 63361 INFO tempest.lib.common.rest_client [req-3614bb5b-c46c-40ca-bf16-f5a7c4a2ce22 req-3614bb5b-c46c-40ca-bf16-f5a7c4a2ce22 ] Request (ServerExternalEventsTest:tearDownClass): 200 GET http://10.180.1.21/compute/v2.1/servers/b07bd973-265e-4df9-bdd4-08942c4ca648 0.063s
2025-02-16 21:34:58.381 63383 INFO tempest.lib.common.rest_client [req-dc194d88-4da8-4f21-a6cb-ff275ed68623 req-dc194d88-4da8-4f21-a6cb-ff275ed68623 ] Request (ImagesNegativeTestJSON:test_create_image_from_deleted_server): 200 GET http://10.180.1.21/compute/v2.1/servers/3f08c9a0-cfcd-4dec-ad2e-41afd6b22619 0.060s
2025-02-16 21:34:58.397 63345 WARNING tempest.lib.common.ssh [-] Failed to establish authenticated ssh connection to cirros@10.180.180.172 ([Errno None] Unable to connect to port 22 on 10.180.180.172). Number attempts: 6. Retry after 7 seconds.: paramiko.ssh_exception.NoValidConnectionsError: [Errno None] Unable to connect to port 22 on 10.180.180.172
2025-02-16 21:34:58.426 63341 INFO tempest.lib.common.rest_client [req-d2cc0a47-4e20-402d-aec8-148cf7cd1e96 req-d2cc0a47-4e20-402d-aec8-148cf7cd1e96 ] Request (ListServersNegativeTestJSON:setUpClass): 200 GET http://10.180.1.21/compute/v2.1/servers/50e62458-27be-4738-bea8-5c6eeb68afdc 0.052s
2025-02-16 21:34:58.435 63329 INFO tempest.lib.common.rest_client [req-0182f054-122b-45c6-b67a-82f0249846bf req-0182f054-122b-45c6-b67a-82f0249846bf ] Request (MigrationsAdminTest:test_list_migrations_in_flavor_resize_situation): 200 GET http://10.180.1.21/compute/v2.1/servers/aaddae64-82e8-46d2-8de5-f53d0ed8411e 0.110s
2025-02-16 21:34:58.488 63375 INFO tempest.lib.common.rest_client [req-fcafcab1-d704-46b7-b95c-424aae307b07 req-fcafcab1-d704-46b7-b95c-424aae307b07 ] Request (InstanceActionsV221TestJSON:test_get_list_deleted_instance_actions): 200 GET http://10.180.1.21/compute/v2.1/servers/ffba214f-8943-487c-b68c-f7d95da04543 0.089s
2025-02-16 21:34:58.491 63357 INFO tempest.lib.common.rest_client [req-94e27775-5ff8-4821-aba3-13ce08554110 req-94e27775-5ff8-4821-aba3-13ce08554110 ] Request (ImagesTestJSON:test_create_image_from_suspended_server): 200 GET http://10.180.1.21/compute/v2.1/servers/d6775ece-9d97-45fb-bb8c-3881e0e5666a 0.067s
2025-02-16 21:34:58.537 63351 INFO tempest.lib.common.rest_client [req-e6f8ab69-7c94-4d1b-aea2-84b5635dc6ba req-e6f8ab69-7c94-4d1b-aea2-84b5635dc6ba ] Request (ServersNegativeTestJSON:setUpClass): 200 GET http://10.180.1.21/compute/v2.1/servers/5cb81a7a-f84b-48db-ae40-b39113616a90 0.060s
2025-02-16 21:34:58.723 63347 INFO tempest.lib.common.rest_client [req-388e821d-e16a-4952-a0f6-122fd2a12446 req-388e821d-e16a-4952-a0f6-122fd2a12446 ] Request (SecurityGroupsTestJSON:test_server_security_groups): 200 GET http://10.180.1.21/compute/v2.1/servers/4329770f-b089-46da-8d91-c9e953ba3a09 0.064s
2025-02-16 21:34:58.836 63335 INFO tempest.lib.common.rest_client [req-00d57c65-9df1-4357-89e3-6f3921cafbc6 req-00d57c65-9df1-4357-89e3-6f3921cafbc6 ] Request (ServersAdminTestJSON:test_create_server_with_scheduling_hint): 200 GET http://10.180.1.21/compute/v2.1/servers/72f22d9c-a615-4d7a-9d62-fb4da31adc64 0.174s
2025-02-16 21:34:58.843 63335 INFO tempest.common.waiters [-] State transition "BUILD/spawning" ==> "ACTIVE/None" after 49 second wait
2025-02-16 21:34:58.875 63353 INFO tempest.lib.common.rest_client [req-77b9c7b8-f489-4d77-b82c-36bd8fd3861f req-77b9c7b8-f489-4d77-b82c-36bd8fd3861f ] Request (ServerDiskConfigTestJSON:test_rebuild_server_with_auto_disk_config): 200 GET http://10.180.1.21/compute/v2.1/servers/cb5c579a-9e1b-4a40-9de2-2e2de5c5d98b 0.063s
2025-02-16 21:34:58.923 63335 INFO tempest.lib.common.rest_client [req-0e92007e-3eab-48da-8e7f-14707c6b3d18 req-0e92007e-3eab-48da-8e7f-14707c6b3d18 ] Request (ServersAdminTestJSON:test_inject_network_info): 201 POST http://10.180.1.21/identity/v3/auth/tokens 0.073s
2025-02-16 21:34:58.923 63335 INFO tempest.lib.common.fixed_network [-] (ServersAdminTestJSON:test_inject_network_info) Found network {'id': '6166e47e-85ca-4a0d-b2d6-ba225a4b684b', 'name': 'tempest-ServersAdminTestJSON-1537534001-network', 'tenant_id': 'f358e486ff0142c8ab5c34c268124078', 'admin_state_up': True, 'mtu': 8950, 'status': 'ACTIVE', 'subnets': [], 'shared': False, 'project_id': 'f358e486ff0142c8ab5c34c268124078', 'port_security_enabled': True, 'router:external': False, 'provider:network_type': 'vlan', 'provider:physical_network': 'default', 'provider:segmentation_id': 367, 'availability_zone_hints': [], 'availability_zones': [], 'ipv4_address_scope': None, 'ipv6_address_scope': None, 'description': '', 'tags': [], 'created_at': '2025-02-16T21:33:15Z', 'updated_at': '2025-02-16T21:33:15Z', 'revision_number': 1} available for tenant
2025-02-16 21:34:58.931 63333 INFO tempest.lib.common.rest_client [req-40790af9-d3be-4334-a1a6-f043bc55e40a req-40790af9-d3be-4334-a1a6-f043bc55e40a ] Request (FloatingIPsAssociationNegativeTestJSON:setUpClass): 200 GET http://10.180.1.21/compute/v2.1/servers/92a7d8c9-a3d1-4a2f-8d73-3dc94778221a 0.062s
2025-02-16 21:34:58.955 63337 INFO tempest.lib.common.rest_client [req-8905a293-06f7-4f62-be6c-cd01b12901f9 req-8905a293-06f7-4f62-be6c-cd01b12901f9 ] Request (InstanceActionsNegativeTestJSON:setUpClass): 200 GET http://10.180.1.21/compute/v2.1/servers/1e4e2cc6-48d2-4bf1-9d63-f9ff6cf86324 0.135s
2025-02-16 21:34:58.983 63323 INFO tempest.lib.common.rest_client [req-5fd4de61-1f34-4c7c-a56c-ed6f5a2c8110 req-5fd4de61-1f34-4c7c-a56c-ed6f5a2c8110 ] Request (DeleteServersAdminTestJSON:test_delete_server_while_in_error_state): 200 GET http://10.180.1.21/compute/v2.1/servers/6b3c53f2-807e-4cd8-8fba-c1d52f080423 0.107s
2025-02-16 21:34:58.990 63323 INFO tempest.common.waiters [-] State transition "BUILD/None" ==> "BUILD/networking" after 43 second wait
2025-02-16 21:34:59.033 63373 INFO tempest.lib.common.rest_client [req-cbe91f59-6860-4f4b-a5f3-24541ba4d035 req-cbe91f59-6860-4f4b-a5f3-24541ba4d035 ] Request (ServerActionsTestOtherB:setUpClass): 200 GET http://10.180.1.21/compute/v2.1/servers/573ce87d-556a-4761-b5e0-c479c9005783 0.107s
2025-02-16 21:34:59.085 63359 INFO tempest.lib.common.rest_client [req-21b7f25c-c21e-4ab1-98d4-d9d13dde888c req-21b7f25c-c21e-4ab1-98d4-d9d13dde888c ] Request (ServersAaction247Test:test_create_backup): 200 GET http://10.180.1.21/compute/v2.1/servers/1bc3a6d2-31b8-4895-9370-d61331103cf3 0.148s
2025-02-16 21:34:59.142 63371 INFO tempest.lib.common.rest_client [req-4def55f3-277c-4a20-9147-051f5133b1ee req-4def55f3-277c-4a20-9147-051f5133b1ee ] Request (DeleteServersTestJSON:test_delete_active_server): 200 GET http://10.180.1.21/compute/v2.1/servers/62a61aa1-4f64-4027-bc3d-fecd76f8afb1 0.165s
2025-02-16 21:34:59.396 63379 INFO tempest.lib.common.rest_client [req-4a324bc6-c1c5-421f-af3f-b83d48272621 req-4a324bc6-c1c5-421f-af3f-b83d48272621 ] Request (ImagesOneServerNegativeTestJSON:setUpClass): 200 GET http://10.180.1.21/compute/v2.1/servers/25827438-2172-49df-87e9-a6bf9cdeac57 0.405s
2025-02-16 21:34:59.448 63377 INFO tempest.lib.common.rest_client [req-ff8e2157-66fa-44b0-aced-708eb6a5cab3 req-ff8e2157-66fa-44b0-aced-708eb6a5cab3 ] Request (ServerShowV247Test:test_update_rebuild_list_server): 200 GET http://10.180.1.21/compute/v2.1/servers/1d25291d-0faa-43b0-97a2-2c2db98b46c8 0.406s
2025-02-16 21:34:59.500 63335 INFO tempest.lib.common.rest_client [req-30bac3a1-8a7e-4f3e-9b3d-648d8a059c0c req-30bac3a1-8a7e-4f3e-9b3d-648d8a059c0c ] Request (ServersAdminTestJSON:test_inject_network_info): 202 POST http://10.180.1.21/compute/v2.1/servers 0.576s
2025-02-16 21:34:59.502 63339 INFO tempest.lib.common.rest_client [req-fd361aaa-72f6-4ad2-980b-339aae94691d req-fd361aaa-72f6-4ad2-980b-339aae94691d ] Request (ServersAdminNegativeTestJSON:test_migrate_server_invalid_state): 200 GET http://10.180.1.21/compute/v2.1/servers/e5e494bc-0262-4de6-84e7-ffc2989b9e19 0.455s
2025-02-16 21:34:59.574 63325 INFO tempest.lib.common.rest_client [req-74c824eb-50ae-4060-a786-7482f7b418de req-74c824eb-50ae-4060-a786-7482f7b418de ] Request (AttachInterfacesTestJSON:test_create_list_show_delete_interfaces_by_fixed_ip): 200 GET http://10.180.1.21/compute/v2.1/servers/d1d54188-6333-44d7-b1e2-481299eb346a 0.471s
2025-02-16 21:34:59.584 63369 INFO tempest.lib.common.rest_client [req-25403c28-d949-4846-ab93-c769a47a169c req-25403c28-d949-4846-ab93-c769a47a169c ] Request (ServerDiagnosticsV248Test:tearDownClass): 200 GET http://10.180.1.21/compute/v2.1/servers/54255b86-d935-4a6a-9448-8843a7820878 0.462s
2025-02-16 21:34:59.641 63367 INFO tempest.lib.common.rest_client [req-55b31b75-422b-4053-ab31-6029a9931927 req-55b31b75-422b-4053-ab31-6029a9931927 ] Request (ServersTestJSON:setUpClass): 200 GET http://10.180.1.21/compute/v2.1/servers/c03fdfd4-184e-47df-a40d-a856818686cd 0.463s
2025-02-16 21:34:59.715 63327 INFO tempest.lib.common.rest_client [req-6c15e203-fa18-4f35-bdb8-27a9ff938536 req-6c15e203-fa18-4f35-bdb8-27a9ff938536 ] Request (ListServerFiltersTestJSON:tearDownClass): 200 GET http://10.180.1.21/compute/v2.1/servers/5f31a816-a0a0-48c5-8566-e7c40a192cf3 0.443s
2025-02-16 21:34:59.727 63331 INFO tempest.lib.common.rest_client [req-20efef88-703c-4e6d-b207-639d2e74c7d5 req-20efef88-703c-4e6d-b207-639d2e74c7d5 ] Request (AttachInterfacesUnderV243Test:test_add_remove_fixed_ip): 200 GET http://10.180.1.21/compute/v2.1/servers/81fcc80a-8f80-4d40-a061-f33c012cf54f 0.473s
2025-02-16 21:34:59.778 63383 INFO tempest.lib.common.rest_client [req-9d058dc1-1b77-466b-8b2a-a7ac4a815867 req-9d058dc1-1b77-466b-8b2a-a7ac4a815867 ] Request (ImagesNegativeTestJSON:test_create_image_from_deleted_server): 200 GET http://10.180.1.21/compute/v2.1/servers/3f08c9a0-cfcd-4dec-ad2e-41afd6b22619 0.389s
2025-02-16 21:34:59.786 63361 INFO tempest.lib.common.rest_client [req-d66fc22c-1bcd-4a66-9cb9-dcd1bc17f290 req-d66fc22c-1bcd-4a66-9cb9-dcd1bc17f290 ] Request (ServerExternalEventsTest:tearDownClass): 200 GET http://10.180.1.21/compute/v2.1/servers/b07bd973-265e-4df9-bdd4-08942c4ca648 0.452s
2025-02-16 21:34:59.848 63341 INFO tempest.lib.common.rest_client [req-ff8a7412-30ec-4df2-9879-3cd508ca158c req-ff8a7412-30ec-4df2-9879-3cd508ca158c ] Request (ListServersNegativeTestJSON:setUpClass): 200 GET http://10.180.1.21/compute/v2.1/servers/50e62458-27be-4738-bea8-5c6eeb68afdc 0.415s
2025-02-16 21:34:59.922 63375 INFO tempest.lib.common.rest_client [req-b2cf0c2d-58ed-4e46-9ae0-2b60beb9c5eb req-b2cf0c2d-58ed-4e46-9ae0-2b60beb9c5eb ] Request (InstanceActionsV221TestJSON:test_get_list_deleted_instance_actions): 200 GET http://10.180.1.21/compute/v2.1/servers/ffba214f-8943-487c-b68c-f7d95da04543 0.424s
2025-02-16 21:34:59.925 63329 INFO tempest.lib.common.rest_client [req-ff852af7-0e58-4fdb-a0a9-051cef2f3467 req-ff852af7-0e58-4fdb-a0a9-051cef2f3467 ] Request (MigrationsAdminTest:test_list_migrations_in_flavor_resize_situation): 200 GET http://10.180.1.21/compute/v2.1/servers/aaddae64-82e8-46d2-8de5-f53d0ed8411e 0.483s
2025-02-16 21:34:59.970 63335 INFO tempest.lib.common.rest_client [req-a5ced651-ac90-4753-924b-43700d7aa5bd req-a5ced651-ac90-4753-924b-43700d7aa5bd ] Request (ServersAdminTestJSON:test_inject_network_info): 200 GET http://10.180.1.21/compute/v2.1/servers/1a1dab80-6129-4b21-8883-d97a39d16cd6 0.468s
2025-02-16 21:34:59.984 63357 INFO tempest.lib.common.rest_client [req-2f5056ca-66ff-41b5-846e-2090d5c7ad8f req-2f5056ca-66ff-41b5-846e-2090d5c7ad8f ] Request (ImagesTestJSON:test_create_image_from_suspended_server): 200 GET http://10.180.1.21/compute/v2.1/servers/d6775ece-9d97-45fb-bb8c-3881e0e5666a 0.485s
2025-02-16 21:35:00.025 63351 INFO tempest.lib.common.rest_client [req-e03c3e5f-6e8d-432f-bcfa-f57e99d01639 req-e03c3e5f-6e8d-432f-bcfa-f57e99d01639 ] Request (ServersNegativeTestJSON:setUpClass): 200 GET http://10.180.1.21/compute/v2.1/servers/5cb81a7a-f84b-48db-ae40-b39113616a90 0.480s
2025-02-16 21:35:00.041 63347 INFO tempest.lib.common.rest_client [req-b1551a27-1083-40a2-8e8f-e51c8f37d4aa req-b1551a27-1083-40a2-8e8f-e51c8f37d4aa ] Request (SecurityGroupsTestJSON:test_server_security_groups): 200 GET http://10.180.1.21/compute/v2.1/servers/4329770f-b089-46da-8d91-c9e953ba3a09 0.307s
2025-02-16 21:35:00.054 63347 INFO tempest.common.waiters [-] State transition "BUILD/scheduling" ==> "BUILD/None" after 29 second wait
2025-02-16 21:35:00.080 63353 INFO tempest.lib.common.rest_client [req-314e7c07-55c2-415b-8717-2ead4f5d4e40 req-314e7c07-55c2-415b-8717-2ead4f5d4e40 ] Request (ServerDiskConfigTestJSON:test_rebuild_server_with_auto_disk_config): 200 GET http://10.180.1.21/compute/v2.1/servers/cb5c579a-9e1b-4a40-9de2-2e2de5c5d98b 0.185s
2025-02-16 21:35:00.105 63333 INFO tempest.lib.common.rest_client [req-34f484bf-cbbb-41fd-b510-113d58b0d671 req-34f484bf-cbbb-41fd-b510-113d58b0d671 ] Request (FloatingIPsAssociationNegativeTestJSON:setUpClass): 200 GET http://10.180.1.21/compute/v2.1/servers/92a7d8c9-a3d1-4a2f-8d73-3dc94778221a 0.163s
2025-02-16 21:35:00.219 63337 INFO tempest.lib.common.rest_client [req-70fa63e9-caed-4fd9-a2c1-ea4373dd0fed req-70fa63e9-caed-4fd9-a2c1-ea4373dd0fed ] Request (InstanceActionsNegativeTestJSON:setUpClass): 200 GET http://10.180.1.21/compute/v2.1/servers/1e4e2cc6-48d2-4bf1-9d63-f9ff6cf86324 0.256s
2025-02-16 21:35:00.246 63323 INFO tempest.lib.common.rest_client [req-5d4d81a4-1a1b-42e6-8299-a311a75fd854 req-5d4d81a4-1a1b-42e6-8299-a311a75fd854 ] Request (DeleteServersAdminTestJSON:test_delete_server_while_in_error_state): 200 GET http://10.180.1.21/compute/v2.1/servers/6b3c53f2-807e-4cd8-8fba-c1d52f080423 0.255s
2025-02-16 21:35:00.253 63323 INFO tempest.common.waiters [-] State transition "BUILD/networking" ==> "BUILD/block_device_mapping" after 45 second wait
2025-02-16 21:35:00.273 63373 INFO tempest.lib.common.rest_client [req-53a1bfd1-d1ed-4ddb-873b-690de0770749 req-53a1bfd1-d1ed-4ddb-873b-690de0770749 ] Request (ServerActionsTestOtherB:setUpClass): 200 GET http://10.180.1.21/compute/v2.1/servers/573ce87d-556a-4761-b5e0-c479c9005783 0.232s
2025-02-16 21:35:00.299 63359 INFO tempest.lib.common.rest_client [req-f477c6d7-a72d-4834-b4b2-b72425be2a2a req-f477c6d7-a72d-4834-b4b2-b72425be2a2a ] Request (ServersAaction247Test:test_create_backup): 200 GET http://10.180.1.21/compute/v2.1/servers/1bc3a6d2-31b8-4895-9370-d61331103cf3 0.200s
2025-02-16 21:35:00.332 63371 INFO tempest.lib.common.rest_client [req-22cf54ba-b47a-4b82-840a-284347777cd1 req-22cf54ba-b47a-4b82-840a-284347777cd1 ] Request (DeleteServersTestJSON:test_delete_active_server): 200 GET http://10.180.1.21/compute/v2.1/servers/62a61aa1-4f64-4027-bc3d-fecd76f8afb1 0.182s
2025-02-16 21:35:00.457 63379 INFO tempest.lib.common.rest_client [req-94104aff-329e-4259-a9cd-a2fe6f5c0e90 req-94104aff-329e-4259-a9cd-a2fe6f5c0e90 ] Request (ImagesOneServerNegativeTestJSON:setUpClass): 200 GET http://10.180.1.21/compute/v2.1/servers/25827438-2172-49df-87e9-a6bf9cdeac57 0.052s
2025-02-16 21:35:00.513 63377 INFO tempest.lib.common.rest_client [req-3d26e2d9-cd23-4b22-9d2a-19b4bcb33b31 req-3d26e2d9-cd23-4b22-9d2a-19b4bcb33b31 ] Request (ServerShowV247Test:test_update_rebuild_list_server): 200 GET http://10.180.1.21/compute/v2.1/servers/1d25291d-0faa-43b0-97a2-2c2db98b46c8 0.054s
2025-02-16 21:35:00.559 63339 INFO tempest.lib.common.rest_client [req-ed528773-448e-4475-a52f-d76d152d5db6 req-ed528773-448e-4475-a52f-d76d152d5db6 ] Request (ServersAdminNegativeTestJSON:test_migrate_server_invalid_state): 200 GET http://10.180.1.21/compute/v2.1/servers/e5e494bc-0262-4de6-84e7-ffc2989b9e19 0.049s
2025-02-16 21:35:00.635 63325 INFO tempest.lib.common.rest_client [req-0fcaf74a-bc62-40d9-9b28-38c4fb566b2f req-0fcaf74a-bc62-40d9-9b28-38c4fb566b2f ] Request (AttachInterfacesTestJSON:test_create_list_show_delete_interfaces_by_fixed_ip): 200 GET http://10.180.1.21/compute/v2.1/servers/d1d54188-6333-44d7-b1e2-481299eb346a 0.053s
2025-02-16 21:35:00.656 63369 INFO tempest.lib.common.rest_client [req-363e8809-a0ee-4249-92f6-b49d2b819149 req-363e8809-a0ee-4249-92f6-b49d2b819149 ] Request (ServerDiagnosticsV248Test:tearDownClass): 200 GET http://10.180.1.21/compute/v2.1/servers/54255b86-d935-4a6a-9448-8843a7820878 0.063s
2025-02-16 21:35:00.701 63321 WARNING tempest.lib.common.ssh [-] Failed to establish authenticated ssh connection to cirros@10.180.180.233 ([Errno None] Unable to connect to port 22 on 10.180.180.233). Number attempts: 2. Retry after 3 seconds.: paramiko.ssh_exception.NoValidConnectionsError: [Errno None] Unable to connect to port 22 on 10.180.180.233
2025-02-16 21:35:00.712 63367 INFO tempest.lib.common.rest_client [req-77b23183-085e-4fec-a805-f269fed3b799 req-77b23183-085e-4fec-a805-f269fed3b799 ] Request (ServersTestJSON:setUpClass): 200 GET http://10.180.1.21/compute/v2.1/servers/c03fdfd4-184e-47df-a40d-a856818686cd 0.060s
2025-02-16 21:35:00.793 63327 INFO tempest.lib.common.rest_client [req-fb2a4a10-0cec-4756-94d3-11cb67403234 req-fb2a4a10-0cec-4756-94d3-11cb67403234 ] Request (ListServerFiltersTestJSON:tearDownClass): 200 GET http://10.180.1.21/compute/v2.1/servers/5f31a816-a0a0-48c5-8566-e7c40a192cf3 0.067s
2025-02-16 21:35:00.865 63383 INFO tempest.lib.common.rest_client [req-2b387877-457e-43f6-8003-5b7ef953f8e7 req-2b387877-457e-43f6-8003-5b7ef953f8e7 ] Request (ImagesNegativeTestJSON:test_create_image_from_deleted_server): 200 GET http://10.180.1.21/compute/v2.1/servers/3f08c9a0-cfcd-4dec-ad2e-41afd6b22619 0.073s
2025-02-16 21:35:00.882 63331 INFO tempest.lib.common.rest_client [req-ab4bbfbd-7095-47dd-bce9-66117fd448cd req-ab4bbfbd-7095-47dd-bce9-66117fd448cd ] Request (AttachInterfacesUnderV243Test:test_add_remove_fixed_ip): 200 GET http://10.180.1.21/compute/v2.1/servers/81fcc80a-8f80-4d40-a061-f33c012cf54f 0.146s
2025-02-16 21:35:00.930 63361 INFO tempest.lib.common.rest_client [req-15d14b3f-1bf6-4941-ac12-a77d9e8e41d1 req-15d14b3f-1bf6-4941-ac12-a77d9e8e41d1 ] Request (ServerExternalEventsTest:tearDownClass): 200 GET http://10.180.1.21/compute/v2.1/servers/b07bd973-265e-4df9-bdd4-08942c4ca648 0.132s
2025-02-16 21:35:00.939 63341 INFO tempest.lib.common.rest_client [req-8838b0b8-2fc7-4318-a09a-06ee20d0efcc req-8838b0b8-2fc7-4318-a09a-06ee20d0efcc ] Request (ListServersNegativeTestJSON:setUpClass): 200 GET http://10.180.1.21/compute/v2.1/servers/50e62458-27be-4738-bea8-5c6eeb68afdc 0.081s
2025-02-16 21:35:00.999 63375 INFO tempest.lib.common.rest_client [req-9496e511-fda9-46f9-be7e-df742ada1108 req-9496e511-fda9-46f9-be7e-df742ada1108 ] Request (InstanceActionsV221TestJSON:test_get_list_deleted_instance_actions): 200 GET http://10.180.1.21/compute/v2.1/servers/ffba214f-8943-487c-b68c-f7d95da04543 0.064s
2025-02-16 21:35:01.035 63329 INFO tempest.lib.common.rest_client [req-bec30161-af49-498c-bd3f-71c7c2f99b16 req-bec30161-af49-498c-bd3f-71c7c2f99b16 ] Request (MigrationsAdminTest:test_list_migrations_in_flavor_resize_situation): 200 GET http://10.180.1.21/compute/v2.1/servers/aaddae64-82e8-46d2-8de5-f53d0ed8411e 0.101s
2025-02-16 21:35:01.047 63335 INFO tempest.lib.common.rest_client [req-187179cc-d2d7-4d33-8976-99fd90ddc734 req-187179cc-d2d7-4d33-8976-99fd90ddc734 ] Request (ServersAdminTestJSON:test_inject_network_info): 200 GET http://10.180.1.21/compute/v2.1/servers/1a1dab80-6129-4b21-8883-d97a39d16cd6 0.070s
2025-02-16 21:35:01.081 63357 INFO tempest.lib.common.rest_client [req-d55c59e7-9a01-450c-ac35-33c3fa21edc5 req-d55c59e7-9a01-450c-ac35-33c3fa21edc5 ] Request (ImagesTestJSON:test_create_image_from_suspended_server): 200 GET http://10.180.1.21/compute/v2.1/servers/d6775ece-9d97-45fb-bb8c-3881e0e5666a 0.089s
2025-02-16 21:35:01.096 63351 INFO tempest.lib.common.rest_client [req-ad18cc4d-0448-4bde-a53f-d0b3a3f98ba4 req-ad18cc4d-0448-4bde-a53f-d0b3a3f98ba4 ] Request (ServersNegativeTestJSON:setUpClass): 200 GET http://10.180.1.21/compute/v2.1/servers/5cb81a7a-f84b-48db-ae40-b39113616a90 0.062s
2025-02-16 21:35:01.130 63347 INFO tempest.lib.common.rest_client [req-5cf39ed5-3a43-4e60-a980-d9c12e313446 req-5cf39ed5-3a43-4e60-a980-d9c12e313446 ] Request (SecurityGroupsTestJSON:test_server_security_groups): 200 GET http://10.180.1.21/compute/v2.1/servers/4329770f-b089-46da-8d91-c9e953ba3a09 0.074s
2025-02-16 21:35:01.139 63353 INFO tempest.lib.common.rest_client [req-720f49e0-83bd-4c57-a597-b1b58ecf1930 req-720f49e0-83bd-4c57-a597-b1b58ecf1930 ] Request (ServerDiskConfigTestJSON:test_rebuild_server_with_auto_disk_config): 200 GET http://10.180.1.21/compute/v2.1/servers/cb5c579a-9e1b-4a40-9de2-2e2de5c5d98b 0.049s
2025-02-16 21:35:01.173 63333 INFO tempest.lib.common.rest_client [req-883991b9-d5c6-499d-9e18-2129b074ee6d req-883991b9-d5c6-499d-9e18-2129b074ee6d ] Request (FloatingIPsAssociationNegativeTestJSON:setUpClass): 200 GET http://10.180.1.21/compute/v2.1/servers/92a7d8c9-a3d1-4a2f-8d73-3dc94778221a 0.060s
2025-02-16 21:35:01.340 63337 INFO tempest.lib.common.rest_client [req-b90e5248-b567-4819-8e80-47600fac4e5b req-b90e5248-b567-4819-8e80-47600fac4e5b ] Request (InstanceActionsNegativeTestJSON:setUpClass): 200 GET http://10.180.1.21/compute/v2.1/servers/1e4e2cc6-48d2-4bf1-9d63-f9ff6cf86324 0.112s
2025-02-16 21:35:01.372 63323 INFO tempest.lib.common.rest_client [req-f445abea-d3b1-40bb-8e91-4dc5c6d1a42d req-f445abea-d3b1-40bb-8e91-4dc5c6d1a42d ] Request (DeleteServersAdminTestJSON:test_delete_server_while_in_error_state): 200 GET http://10.180.1.21/compute/v2.1/servers/6b3c53f2-807e-4cd8-8fba-c1d52f080423 0.118s
2025-02-16 21:35:01.384 63323 INFO tempest.common.waiters [-] State transition "BUILD/block_device_mapping" ==> "BUILD/spawning" after 46 second wait
2025-02-16 21:35:01.392 63373 INFO tempest.lib.common.rest_client [req-0263cf1e-474c-4ebe-b2cd-aa6fcaab79d8 req-0263cf1e-474c-4ebe-b2cd-aa6fcaab79d8 ] Request (ServerActionsTestOtherB:setUpClass): 200 GET http://10.180.1.21/compute/v2.1/servers/573ce87d-556a-4761-b5e0-c479c9005783 0.110s
2025-02-16 21:35:01.427 63359 INFO tempest.lib.common.rest_client [req-d6b78dc7-6b18-4f09-ab26-8da92e31252d req-d6b78dc7-6b18-4f09-ab26-8da92e31252d ] Request (ServersAaction247Test:test_create_backup): 200 GET http://10.180.1.21/compute/v2.1/servers/1bc3a6d2-31b8-4895-9370-d61331103cf3 0.118s
2025-02-16 21:35:01.446 63371 INFO tempest.lib.common.rest_client [req-8324a10c-9817-40a4-beaf-b7f55fc1c42e req-8324a10c-9817-40a4-beaf-b7f55fc1c42e ] Request (DeleteServersTestJSON:test_delete_active_server): 200 GET http://10.180.1.21/compute/v2.1/servers/62a61aa1-4f64-4027-bc3d-fecd76f8afb1 0.107s
2025-02-16 21:35:01.519 63379 INFO tempest.lib.common.rest_client [req-23f2cc0d-c3e0-452c-af10-10201a3f4b50 req-23f2cc0d-c3e0-452c-af10-10201a3f4b50 ] Request (ImagesOneServerNegativeTestJSON:setUpClass): 200 GET http://10.180.1.21/compute/v2.1/servers/25827438-2172-49df-87e9-a6bf9cdeac57 0.053s
2025-02-16 21:35:01.586 63377 INFO tempest.lib.common.rest_client [req-fc7d977a-00a6-4123-bae9-dbf077f9c583 req-fc7d977a-00a6-4123-bae9-dbf077f9c583 ] Request (ServerShowV247Test:test_update_rebuild_list_server): 200 GET http://10.180.1.21/compute/v2.1/servers/1d25291d-0faa-43b0-97a2-2c2db98b46c8 0.062s
2025-02-16 21:35:01.625 63339 INFO tempest.lib.common.rest_client [req-353bd2e0-f57b-4a69-b1d8-38070ebfa7c4 req-353bd2e0-f57b-4a69-b1d8-38070ebfa7c4 ] Request (ServersAdminNegativeTestJSON:test_migrate_server_invalid_state): 200 GET http://10.180.1.21/compute/v2.1/servers/e5e494bc-0262-4de6-84e7-ffc2989b9e19 0.058s
2025-02-16 21:35:01.700 63325 INFO tempest.lib.common.rest_client [req-431d817a-84ff-4b7a-b7ca-86f3391c004e req-431d817a-84ff-4b7a-b7ca-86f3391c004e ] Request (AttachInterfacesTestJSON:test_create_list_show_delete_interfaces_by_fixed_ip): 200 GET http://10.180.1.21/compute/v2.1/servers/d1d54188-6333-44d7-b1e2-481299eb346a 0.056s
2025-02-16 21:35:01.731 63369 INFO tempest.lib.common.rest_client [req-b4a3a02b-c9df-4884-899a-0715dd8b56d8 req-b4a3a02b-c9df-4884-899a-0715dd8b56d8 ] Request (ServerDiagnosticsV248Test:tearDownClass): 200 GET http://10.180.1.21/compute/v2.1/servers/54255b86-d935-4a6a-9448-8843a7820878 0.061s
2025-02-16 21:35:01.775 63367 INFO tempest.lib.common.rest_client [req-95d25147-c7be-4472-95d8-603bb97775e7 req-95d25147-c7be-4472-95d8-603bb97775e7 ] Request (ServersTestJSON:setUpClass): 200 GET http://10.180.1.21/compute/v2.1/servers/c03fdfd4-184e-47df-a40d-a856818686cd 0.054s
2025-02-16 21:35:01.860 63327 INFO tempest.lib.common.rest_client [req-1ac96d2f-51ea-499c-9ad1-bb9cd0089d57 req-1ac96d2f-51ea-499c-9ad1-bb9cd0089d57 ] Request (ListServerFiltersTestJSON:tearDownClass): 200 GET http://10.180.1.21/compute/v2.1/servers/5f31a816-a0a0-48c5-8566-e7c40a192cf3 0.059s
2025-02-16 21:35:01.931 63383 INFO tempest.lib.common.rest_client [req-14308d93-0d65-4845-a6a6-f8a6a2c0fa14 req-14308d93-0d65-4845-a6a6-f8a6a2c0fa14 ] Request (ImagesNegativeTestJSON:test_create_image_from_deleted_server): 200 GET http://10.180.1.21/compute/v2.1/servers/3f08c9a0-cfcd-4dec-ad2e-41afd6b22619 0.057s
2025-02-16 21:35:02.007 63361 INFO tempest.lib.common.rest_client [req-ea2102dd-a65c-490d-b547-30671a6ab13c req-ea2102dd-a65c-490d-b547-30671a6ab13c ] Request (ServerExternalEventsTest:tearDownClass): 200 GET http://10.180.1.21/compute/v2.1/servers/b07bd973-265e-4df9-bdd4-08942c4ca648 0.068s
2025-02-16 21:35:02.071 63341 INFO tempest.lib.common.rest_client [req-11549004-14f6-4a35-b443-1a209445a8b7 req-11549004-14f6-4a35-b443-1a209445a8b7 ] Request (ListServersNegativeTestJSON:setUpClass): 200 GET http://10.180.1.21/compute/v2.1/servers/50e62458-27be-4738-bea8-5c6eeb68afdc 0.124s
2025-02-16 21:35:02.089 63331 INFO tempest.lib.common.rest_client [req-399390a3-e78a-4c8a-ab64-69cf4346b515 req-399390a3-e78a-4c8a-ab64-69cf4346b515 ] Request (AttachInterfacesUnderV243Test:test_add_remove_fixed_ip): 200 GET http://10.180.1.21/compute/v2.1/servers/81fcc80a-8f80-4d40-a061-f33c012cf54f 0.199s
2025-02-16 21:35:02.132 63375 INFO tempest.lib.common.rest_client [req-8d148a48-4d6c-43c7-91de-42cdf284a27d req-8d148a48-4d6c-43c7-91de-42cdf284a27d ] Request (InstanceActionsV221TestJSON:test_get_list_deleted_instance_actions): 200 GET http://10.180.1.21/compute/v2.1/servers/ffba214f-8943-487c-b68c-f7d95da04543 0.123s
2025-02-16 21:35:02.190 63335 INFO tempest.lib.common.rest_client [req-2ea998f6-f250-49d9-9e97-1c76fcff657b req-2ea998f6-f250-49d9-9e97-1c76fcff657b ] Request (ServersAdminTestJSON:test_inject_network_info): 200 GET http://10.180.1.21/compute/v2.1/servers/1a1dab80-6129-4b21-8883-d97a39d16cd6 0.134s
2025-02-16 21:35:02.225 63329 INFO tempest.lib.common.rest_client [req-ca94f029-455d-46eb-999c-f248b592ad8e req-ca94f029-455d-46eb-999c-f248b592ad8e ] Request (MigrationsAdminTest:test_list_migrations_in_flavor_resize_situation): 200 GET http://10.180.1.21/compute/v2.1/servers/aaddae64-82e8-46d2-8de5-f53d0ed8411e 0.181s
2025-02-16 21:35:02.245 63357 INFO tempest.lib.common.rest_client [req-731fc5aa-0137-4609-8772-eeca42ebbaa4 req-731fc5aa-0137-4609-8772-eeca42ebbaa4 ] Request (ImagesTestJSON:test_create_image_from_suspended_server): 200 GET http://10.180.1.21/compute/v2.1/servers/d6775ece-9d97-45fb-bb8c-3881e0e5666a 0.153s
2025-02-16 21:35:02.288 63351 INFO tempest.lib.common.rest_client [req-ca980423-fd44-4a8e-9702-68fecd6bcb55 req-ca980423-fd44-4a8e-9702-68fecd6bcb55 ] Request (ServersNegativeTestJSON:setUpClass): 200 GET http://10.180.1.21/compute/v2.1/servers/5cb81a7a-f84b-48db-ae40-b39113616a90 0.183s
2025-02-16 21:35:02.302 63347 INFO tempest.lib.common.rest_client [req-4ec0bd73-a0ad-4488-8cc0-b19101c42cd6 req-4ec0bd73-a0ad-4488-8cc0-b19101c42cd6 ] Request (SecurityGroupsTestJSON:test_server_security_groups): 200 GET http://10.180.1.21/compute/v2.1/servers/4329770f-b089-46da-8d91-c9e953ba3a09 0.165s
2025-02-16 21:35:02.368 63333 INFO tempest.lib.common.rest_client [req-455b4d99-267b-4d82-85eb-9caae9f3faa2 req-455b4d99-267b-4d82-85eb-9caae9f3faa2 ] Request (FloatingIPsAssociationNegativeTestJSON:setUpClass): 200 GET http://10.180.1.21/compute/v2.1/servers/92a7d8c9-a3d1-4a2f-8d73-3dc94778221a 0.184s
2025-02-16 21:35:02.446 63353 INFO tempest.lib.common.rest_client [req-e033bcce-4ee6-4f22-9caf-7a998442460d req-e033bcce-4ee6-4f22-9caf-7a998442460d ] Request (ServerDiskConfigTestJSON:test_rebuild_server_with_auto_disk_config): 200 GET http://10.180.1.21/compute/v2.1/servers/cb5c579a-9e1b-4a40-9de2-2e2de5c5d98b 0.299s
2025-02-16 21:35:02.455 63353 INFO tempest.common.waiters [-] State transition "BUILD/None" ==> "BUILD/networking" after 45 second wait
2025-02-16 21:35:02.517 63337 INFO tempest.lib.common.rest_client [req-8b872063-42f7-413d-b071-fb463c2cfa28 req-8b872063-42f7-413d-b071-fb463c2cfa28 ] Request (InstanceActionsNegativeTestJSON:setUpClass): 200 GET http://10.180.1.21/compute/v2.1/servers/1e4e2cc6-48d2-4bf1-9d63-f9ff6cf86324 0.169s
2025-02-16 21:35:02.579 63373 INFO tempest.lib.common.rest_client [req-217d079d-326e-46da-a3e5-cd96990e7148 req-217d079d-326e-46da-a3e5-cd96990e7148 ] Request (ServerActionsTestOtherB:setUpClass): 200 GET http://10.180.1.21/compute/v2.1/servers/573ce87d-556a-4761-b5e0-c479c9005783 0.178s
2025-02-16 21:35:02.641 63359 INFO tempest.lib.common.rest_client [req-9350f338-ca30-4fbb-97af-0388882074a4 req-9350f338-ca30-4fbb-97af-0388882074a4 ] Request (ServersAaction247Test:test_create_backup): 200 GET http://10.180.1.21/compute/v2.1/servers/1bc3a6d2-31b8-4895-9370-d61331103cf3 0.200s
2025-02-16 21:35:02.658 63323 INFO tempest.lib.common.rest_client [req-3a15178c-284b-41e1-92c0-31e65c7b3872 req-3a15178c-284b-41e1-92c0-31e65c7b3872 ] Request (DeleteServersAdminTestJSON:test_delete_server_while_in_error_state): 200 GET http://10.180.1.21/compute/v2.1/servers/6b3c53f2-807e-4cd8-8fba-c1d52f080423 0.273s
2025-02-16 21:35:02.692 63371 INFO tempest.lib.common.rest_client [req-3e39d97b-d36b-4fae-8403-e5504e91df9b req-3e39d97b-d36b-4fae-8403-e5504e91df9b ] Request (DeleteServersTestJSON:test_delete_active_server): 200 GET http://10.180.1.21/compute/v2.1/servers/62a61aa1-4f64-4027-bc3d-fecd76f8afb1 0.237s
2025-02-16 21:35:02.714 63379 INFO tempest.lib.common.rest_client [req-0095e9b2-3880-4223-a574-a0b3afadedc2 req-0095e9b2-3880-4223-a574-a0b3afadedc2 ] Request (ImagesOneServerNegativeTestJSON:setUpClass): 200 GET http://10.180.1.21/compute/v2.1/servers/25827438-2172-49df-87e9-a6bf9cdeac57 0.187s
2025-02-16 21:35:02.750 63363 WARNING tempest.lib.common.ssh [-] Failed to establish authenticated ssh connection to cirros@10.180.180.145 ([Errno None] Unable to connect to port 22 on 10.180.180.145). Number attempts: 5. Retry after 6 seconds.: paramiko.ssh_exception.NoValidConnectionsError: [Errno None] Unable to connect to port 22 on 10.180.180.145
2025-02-16 21:35:02.747 63377 INFO tempest.lib.common.rest_client [req-52e78a18-b822-4d46-b698-566086f964b3 req-52e78a18-b822-4d46-b698-566086f964b3 ] Request (ServerShowV247Test:test_update_rebuild_list_server): 200 GET http://10.180.1.21/compute/v2.1/servers/1d25291d-0faa-43b0-97a2-2c2db98b46c8 0.150s
2025-02-16 21:35:02.769 63339 INFO tempest.lib.common.rest_client [req-a038faf6-2e80-4ea2-b1a4-38d98b273f6b req-a038faf6-2e80-4ea2-b1a4-38d98b273f6b ] Request (ServersAdminNegativeTestJSON:test_migrate_server_invalid_state): 200 GET http://10.180.1.21/compute/v2.1/servers/e5e494bc-0262-4de6-84e7-ffc2989b9e19 0.135s
2025-02-16 21:35:02.805 63325 INFO tempest.lib.common.rest_client [req-e0f09c77-7391-48da-b3e7-ad87db310074 req-e0f09c77-7391-48da-b3e7-ad87db310074 ] Request (AttachInterfacesTestJSON:test_create_list_show_delete_interfaces_by_fixed_ip): 200 GET http://10.180.1.21/compute/v2.1/servers/d1d54188-6333-44d7-b1e2-481299eb346a 0.098s
2025-02-16 21:35:02.842 63369 INFO tempest.lib.common.rest_client [req-68a458f3-6ecb-464f-b2e9-9e002b3eabe0 req-68a458f3-6ecb-464f-b2e9-9e002b3eabe0 ] Request (ServerDiagnosticsV248Test:tearDownClass): 200 GET http://10.180.1.21/compute/v2.1/servers/54255b86-d935-4a6a-9448-8843a7820878 0.101s
2025-02-16 21:35:02.856 63367 INFO tempest.lib.common.rest_client [req-84cf5f05-110a-4bdd-beff-8bb8c5b9ec92 req-84cf5f05-110a-4bdd-beff-8bb8c5b9ec92 ] Request (ServersTestJSON:setUpClass): 200 GET http://10.180.1.21/compute/v2.1/servers/c03fdfd4-184e-47df-a40d-a856818686cd 0.070s
2025-02-16 21:35:02.929 63327 INFO tempest.lib.common.rest_client [req-f69efb1c-c700-4847-983b-2405211d4f81 req-f69efb1c-c700-4847-983b-2405211d4f81 ] Request (ListServerFiltersTestJSON:tearDownClass): 200 GET http://10.180.1.21/compute/v2.1/servers/5f31a816-a0a0-48c5-8566-e7c40a192cf3 0.062s
2025-02-16 21:35:03.000 63383 INFO tempest.lib.common.rest_client [req-79ffb7e4-438e-412f-9d64-1658500d667e req-79ffb7e4-438e-412f-9d64-1658500d667e ] Request (ImagesNegativeTestJSON:test_create_image_from_deleted_server): 200 GET http://10.180.1.21/compute/v2.1/servers/3f08c9a0-cfcd-4dec-ad2e-41afd6b22619 0.060s
2025-02-16 21:35:03.079 63361 INFO tempest.lib.common.rest_client [req-7cc25c5c-4e97-4b97-a7e8-d1421ffcaa0d req-7cc25c5c-4e97-4b97-a7e8-d1421ffcaa0d ] Request (ServerExternalEventsTest:tearDownClass): 200 GET http://10.180.1.21/compute/v2.1/servers/b07bd973-265e-4df9-bdd4-08942c4ca648 0.059s
2025-02-16 21:35:03.129 63341 INFO tempest.lib.common.rest_client [req-c7d48538-169f-4ce6-aea5-9e215e77d6a9 req-c7d48538-169f-4ce6-aea5-9e215e77d6a9 ] Request (ListServersNegativeTestJSON:setUpClass): 200 GET http://10.180.1.21/compute/v2.1/servers/50e62458-27be-4738-bea8-5c6eeb68afdc 0.048s
2025-02-16 21:35:03.183 63331 INFO tempest.lib.common.rest_client [req-228a9960-f77d-4949-8348-7e24cbca6614 req-228a9960-f77d-4949-8348-7e24cbca6614 ] Request (AttachInterfacesUnderV243Test:test_add_remove_fixed_ip): 200 GET http://10.180.1.21/compute/v2.1/servers/81fcc80a-8f80-4d40-a061-f33c012cf54f 0.085s
2025-02-16 21:35:03.202 63375 INFO tempest.lib.common.rest_client [req-b9dc0e7c-9390-448b-aa84-e68b2d0ab46a req-b9dc0e7c-9390-448b-aa84-e68b2d0ab46a ] Request (InstanceActionsV221TestJSON:test_get_list_deleted_instance_actions): 200 GET http://10.180.1.21/compute/v2.1/servers/ffba214f-8943-487c-b68c-f7d95da04543 0.056s
2025-02-16 21:35:03.249 63335 INFO tempest.lib.common.rest_client [req-45a7e2c6-ad6d-4611-b036-3e2788486e46 req-45a7e2c6-ad6d-4611-b036-3e2788486e46 ] Request (ServersAdminTestJSON:test_inject_network_info): 200 GET http://10.180.1.21/compute/v2.1/servers/1a1dab80-6129-4b21-8883-d97a39d16cd6 0.048s
2025-02-16 21:35:03.309 63357 INFO tempest.lib.common.rest_client [req-9e012c85-430a-4532-bae5-e0ddc6ce902b req-9e012c85-430a-4532-bae5-e0ddc6ce902b ] Request (ImagesTestJSON:test_create_image_from_suspended_server): 200 GET http://10.180.1.21/compute/v2.1/servers/d6775ece-9d97-45fb-bb8c-3881e0e5666a 0.052s
2025-02-16 21:35:03.341 63329 INFO tempest.lib.common.rest_client [req-4ae9392b-89fb-4566-bf14-f7c6e574b421 req-4ae9392b-89fb-4566-bf14-f7c6e574b421 ] Request (MigrationsAdminTest:test_list_migrations_in_flavor_resize_situation): 200 GET http://10.180.1.21/compute/v2.1/servers/aaddae64-82e8-46d2-8de5-f53d0ed8411e 0.102s
2025-02-16 21:35:03.363 63351 INFO tempest.lib.common.rest_client [req-61e6f49a-d887-4e26-af76-9dab530cfa53 req-61e6f49a-d887-4e26-af76-9dab530cfa53 ] Request (ServersNegativeTestJSON:setUpClass): 200 GET http://10.180.1.21/compute/v2.1/servers/5cb81a7a-f84b-48db-ae40-b39113616a90 0.065s
2025-02-16 21:35:03.389 63347 INFO tempest.lib.common.rest_client [req-4867517f-40ac-4026-83ca-4c50122b01e9 req-4867517f-40ac-4026-83ca-4c50122b01e9 ] Request (SecurityGroupsTestJSON:test_server_security_groups): 200 GET http://10.180.1.21/compute/v2.1/servers/4329770f-b089-46da-8d91-c9e953ba3a09 0.079s
2025-02-16 21:35:03.430 63333 INFO tempest.lib.common.rest_client [req-7c39ec48-0787-4235-bebf-10fd25a0410d req-7c39ec48-0787-4235-bebf-10fd25a0410d ] Request (FloatingIPsAssociationNegativeTestJSON:setUpClass): 200 GET http://10.180.1.21/compute/v2.1/servers/92a7d8c9-a3d1-4a2f-8d73-3dc94778221a 0.052s
2025-02-16 21:35:03.605 63353 INFO tempest.lib.common.rest_client [req-d4d48c7e-06e8-4ea0-8e23-5b3b6c878c74 req-d4d48c7e-06e8-4ea0-8e23-5b3b6c878c74 ] Request (ServerDiskConfigTestJSON:test_rebuild_server_with_auto_disk_config): 200 GET http://10.180.1.21/compute/v2.1/servers/cb5c579a-9e1b-4a40-9de2-2e2de5c5d98b 0.148s
2025-02-16 21:35:03.613 63353 INFO tempest.common.waiters [-] State transition "BUILD/networking" ==> "BUILD/spawning" after 46 second wait
2025-02-16 21:35:03.677 63373 INFO tempest.lib.common.rest_client [req-f60d551c-e7bc-4067-9c3d-04bedd8fcbc3 req-f60d551c-e7bc-4067-9c3d-04bedd8fcbc3 ] Request (ServerActionsTestOtherB:setUpClass): 200 GET http://10.180.1.21/compute/v2.1/servers/573ce87d-556a-4761-b5e0-c479c9005783 0.088s
2025-02-16 21:35:03.691 63337 INFO tempest.lib.common.rest_client [req-8c2e81c1-1979-4436-80ab-56856a920c06 req-8c2e81c1-1979-4436-80ab-56856a920c06 ] Request (InstanceActionsNegativeTestJSON:setUpClass): 200 GET http://10.180.1.21/compute/v2.1/servers/1e4e2cc6-48d2-4bf1-9d63-f9ff6cf86324 0.165s
2025-02-16 21:35:03.698 63337 INFO tempest.common.waiters [-] State transition "BUILD/spawning" ==> "ACTIVE/None" after 54 second wait
2025-02-16 21:35:03.729 63359 INFO tempest.lib.common.rest_client [req-f22400c1-abbe-4997-93c5-8815da4dc0b4 req-f22400c1-abbe-4997-93c5-8815da4dc0b4 ] Request (ServersAaction247Test:test_create_backup): 200 GET http://10.180.1.21/compute/v2.1/servers/1bc3a6d2-31b8-4895-9370-d61331103cf3 0.076s
2025-02-16 21:35:03.755 63337 INFO tempest.lib.common.rest_client [req-9980c1ec-4743-4809-8add-0936a55c660e req-9980c1ec-4743-4809-8add-0936a55c660e ] Request (InstanceActionsNegativeTestJSON:test_get_instance_action_invalid_request): 404 GET http://10.180.1.21/compute/v2.1/servers/1e4e2cc6-48d2-4bf1-9d63-f9ff6cf86324/os-instance-actions/999 0.056s
2025-02-16 21:35:03.781 63323 INFO tempest.lib.common.rest_client [req-882def09-1eb7-4510-b860-0e577f6ae856 req-882def09-1eb7-4510-b860-0e577f6ae856 ] Request (DeleteServersAdminTestJSON:test_delete_server_while_in_error_state): 200 GET http://10.180.1.21/compute/v2.1/servers/6b3c53f2-807e-4cd8-8fba-c1d52f080423 0.113s
2025-02-16 21:35:03.801 63371 INFO tempest.lib.common.rest_client [req-2a1ea3b8-fb6c-41c2-9c2e-598c01c4cd6b req-2a1ea3b8-fb6c-41c2-9c2e-598c01c4cd6b ] Request (DeleteServersTestJSON:test_delete_active_server): 200 GET http://10.180.1.21/compute/v2.1/servers/62a61aa1-4f64-4027-bc3d-fecd76f8afb1 0.098s
2025-02-16 21:35:03.808 63337 INFO tempest.lib.common.rest_client [req-c5f2a3e1-061a-48fd-a35b-fef37743cc70 req-c5f2a3e1-061a-48fd-a35b-fef37743cc70 ] Request (InstanceActionsNegativeTestJSON:test_list_instance_actions_non_existent_server): 404 GET http://10.180.1.21/compute/v2.1/servers/23e3604b-7638-41c9-bfea-99d11c59b56b/os-instance-actions 0.052s
2025-02-16 21:35:03.824 63379 INFO tempest.lib.common.rest_client [req-f108d2c5-2d72-40ec-afb1-c47938cea514 req-f108d2c5-2d72-40ec-afb1-c47938cea514 ] Request (ImagesOneServerNegativeTestJSON:setUpClass): 200 GET http://10.180.1.21/compute/v2.1/servers/25827438-2172-49df-87e9-a6bf9cdeac57 0.098s
2025-02-16 21:35:03.868 63377 INFO tempest.lib.common.rest_client [req-4b6c6fab-f6c9-4082-8ab2-8157e5b40cc0 req-4b6c6fab-f6c9-4082-8ab2-8157e5b40cc0 ] Request (ServerShowV247Test:test_update_rebuild_list_server): 200 GET http://10.180.1.21/compute/v2.1/servers/1d25291d-0faa-43b0-97a2-2c2db98b46c8 0.107s
2025-02-16 21:35:03.875 63339 INFO tempest.lib.common.rest_client [req-9af65ffc-a990-4fdf-86a9-f3cfe3ee54ed req-9af65ffc-a990-4fdf-86a9-f3cfe3ee54ed ] Request (ServersAdminNegativeTestJSON:test_migrate_server_invalid_state): 200 GET http://10.180.1.21/compute/v2.1/servers/e5e494bc-0262-4de6-84e7-ffc2989b9e19 0.098s
2025-02-16 21:35:03.928 63325 INFO tempest.lib.common.rest_client [req-f7562d97-7c6c-42a6-a813-ee4d87d5d629 req-f7562d97-7c6c-42a6-a813-ee4d87d5d629 ] Request (AttachInterfacesTestJSON:test_create_list_show_delete_interfaces_by_fixed_ip): 200 GET http://10.180.1.21/compute/v2.1/servers/d1d54188-6333-44d7-b1e2-481299eb346a 0.109s
2025-02-16 21:35:03.943 63337 INFO tempest.lib.common.rest_client [req-80b6fa57-8057-4e51-968b-16e5f77b156e req-80b6fa57-8057-4e51-968b-16e5f77b156e ] Request (InstanceActionsNegativeTestJSON:tearDownClass): 204 DELETE http://10.180.1.21/compute/v2.1/servers/1e4e2cc6-48d2-4bf1-9d63-f9ff6cf86324 0.133s
2025-02-16 21:35:03.999 63367 INFO tempest.lib.common.rest_client [req-0ba9672c-ba45-451d-b8c3-597653913b79 req-0ba9672c-ba45-451d-b8c3-597653913b79 ] Request (ServersTestJSON:setUpClass): 200 GET http://10.180.1.21/compute/v2.1/servers/c03fdfd4-184e-47df-a40d-a856818686cd 0.135s
2025-02-16 21:35:04.007 63369 INFO tempest.lib.common.rest_client [req-4554ee56-69d6-4d95-9262-0193814d7a36 req-4554ee56-69d6-4d95-9262-0193814d7a36 ] Request (ServerDiagnosticsV248Test:tearDownClass): 200 GET http://10.180.1.21/compute/v2.1/servers/54255b86-d935-4a6a-9448-8843a7820878 0.152s
