2025-02-16 21:36:09.259 63321 INFO paramiko.transport [-] Connected (version 2.0, client dropbear_2020.81)
2025-02-16 21:36:09.290 63369 INFO tempest.lib.common.rest_client [req-90b7d96b-0d5d-4fe7-8dd8-991b2cea8d75 req-90b7d96b-0d5d-4fe7-8dd8-991b2cea8d75 ] Request (ServerDiagnosticsNegativeTest:test_get_server_diagnostics_by_non_admin): 200 GET http://10.180.1.21/compute/v2.1/servers/f9b91732-285f-46b7-accf-62d8681d0162 0.063s
2025-02-16 21:36:09.297 63369 INFO tempest.common.waiters [-] State transition "BUILD/scheduling" ==> "BUILD/None" after 46 second wait
2025-02-16 21:36:09.344 63337 INFO tempest.lib.common.rest_client [req-4441637f-49a6-4b36-9ddb-55bb8d7a88ef req-4441637f-49a6-4b36-9ddb-55bb8d7a88ef ] Request (ServerActionsTestOtherA:setUpClass): 200 GET http://10.180.1.21/compute/v2.1/servers/9b8f193f-ddd3-4896-8dca-149bace33104 0.057s
2025-02-16 21:36:09.348 63351 INFO tempest.lib.common.rest_client [req-49720910-dfe6-45a4-8191-b5b003024d7f req-49720910-dfe6-45a4-8191-b5b003024d7f ] Request (ServersNegativeTestJSON:tearDown): 200 GET http://10.180.1.21/compute/v2.1/servers/b6db441c-7399-43b4-910e-cc9c4dba1ffc 0.110s
2025-02-16 21:36:09.362 63321 INFO paramiko.transport [-] Authentication (publickey) successful!
2025-02-16 21:36:09.363 63321 INFO tempest.lib.common.ssh [-] ssh connection to cirros@10.180.180.233 successfully created
2025-02-16 21:36:09.403 63375 INFO tempest.lib.common.rest_client [req-09835cee-110e-4ba8-8af3-4d2b79e23d1c req-09835cee-110e-4ba8-8af3-4d2b79e23d1c ] Request (ServerMetadataNegativeTestJSON:setUpClass): 200 GET http://10.180.1.21/compute/v2.1/servers/bfdf748a-eb28-4c29-90d9-2f9cbe6dab04 0.067s
2025-02-16 21:36:09.413 63329 INFO tempest.lib.common.rest_client [req-362d725e-08c6-4681-87a9-ee9d3f32c558 req-362d725e-08c6-4681-87a9-ee9d3f32c558 ] Request (MigrationsAdminTest:test_resize_server_revert_deleted_flavor): 200 GET http://10.180.1.21/compute/v2.1/servers/dd634211-a62b-4aef-9da7-0445e4325d96 0.059s
2025-02-16 21:36:09.452 63321 INFO tempest.lib.common.rest_client [req-09c3e9d8-a67b-4ab0-a1d4-0554941db12c req-09c3e9d8-a67b-4ab0-a1d4-0554941db12c ] Request (ServersTestBootFromVolume:test_list_servers): 200 GET http://10.180.1.21/compute/v2.1/servers 0.082s
2025-02-16 21:36:09.470 63339 INFO tempest.lib.common.rest_client [req-4f5d8740-e373-455a-8636-4ac17a1e4c08 req-4f5d8740-e373-455a-8636-4ac17a1e4c08 ] Request (ServersAdminNegativeTestJSON:test_migrate_server_invalid_state): 200 GET http://10.180.1.21/compute/v2.1/servers/e5e494bc-0262-4de6-84e7-ffc2989b9e19 0.061s
2025-02-16 21:36:09.515 63347 INFO tempest.lib.common.rest_client [req-c1cbe565-2533-4fb7-8fdd-8455e56fb4d7 req-c1cbe565-2533-4fb7-8fdd-8455e56fb4d7 ] Request (SecurityGroupsTestJSON:test_server_security_groups): 200 GET http://10.180.1.21/compute/v2.1/servers/4329770f-b089-46da-8d91-c9e953ba3a09 0.100s
2025-02-16 21:36:09.595 63333 INFO tempest.lib.common.rest_client [req-9a4cfa18-02df-4be5-9ca5-2ea2a4c7f681 req-9a4cfa18-02df-4be5-9ca5-2ea2a4c7f681 ] Request (FloatingIPsAssociationNegativeTestJSON:tearDownClass): 200 GET http://10.180.1.21/compute/v2.1/servers/92a7d8c9-a3d1-4a2f-8d73-3dc94778221a 0.115s
2025-02-16 21:36:09.658 63379 INFO tempest.lib.common.rest_client [req-26b3c9f1-1b79-4173-9e75-ce2150471510 req-26b3c9f1-1b79-4173-9e75-ce2150471510 ] Request (ImagesOneServerNegativeTestJSON:_run_cleanups): 200 GET http://10.180.1.21/compute/v2.1/servers/d088406c-7d55-4e8f-9618-49a296a79cf5 0.093s
2025-02-16 21:36:09.680 63321 INFO tempest.lib.common.rest_client [req-743acac4-dd9e-46b4-86cc-4aca160ca2e1 req-743acac4-dd9e-46b4-86cc-4aca160ca2e1 ] Request (ServersTestBootFromVolume:test_list_servers_with_detail): 200 GET http://10.180.1.21/compute/v2.1/servers/detail 0.225s
2025-02-16 21:36:09.748 63353 INFO tempest.lib.common.rest_client [req-7a5f691c-d292-4203-b7b6-688f2958c4dd req-7a5f691c-d292-4203-b7b6-688f2958c4dd ] Request (ServerDiskConfigTestJSON:test_rebuild_server_with_manual_disk_config): 200 GET http://10.180.1.21/compute/v2.1/servers/0a461527-9913-4e90-b0d9-c00883713791 0.094s
2025-02-16 21:36:09.769 63321 INFO tempest.lib.common.rest_client [req-6e6a24fe-984c-45ec-9d4c-7a58c703aa48 req-6e6a24fe-984c-45ec-9d4c-7a58c703aa48 ] Request (ServersTestBootFromVolume:test_verify_created_server_vcpus): 200 GET http://10.180.1.21/compute/v2.1/flavors/42 0.080s
2025-02-16 21:36:09.772 63321 INFO tempest.lib.common.ssh [-] Creating ssh connection to '10.180.180.233:22' as 'cirros' with public key authentication
2025-02-16 21:36:09.776 63321 INFO paramiko.transport [-] Connected (version 2.0, client dropbear_2020.81)
2025-02-16 21:36:09.778 63325 INFO tempest.lib.common.rest_client [req-90af20a0-c56e-473e-8d0d-a698be24c866 req-90af20a0-c56e-473e-8d0d-a698be24c866 ] Request (AttachInterfacesTestJSON:test_create_list_show_delete_interfaces_by_fixed_ip): 200 GET http://10.180.1.21/compute/v2.1/servers/d1d54188-6333-44d7-b1e2-481299eb346a 0.170s
2025-02-16 21:36:09.788 63325 INFO tempest.common.waiters [-] State transition "BUILD/spawning" ==> "ACTIVE/None" after 90 second wait
2025-02-16 21:36:09.865 63345 INFO tempest.lib.common.rest_client [req-17136595-bcee-4ba6-b848-eefe4988f189 req-17136595-bcee-4ba6-b848-eefe4988f189 ] Request (VolumesAssistedSnapshotsTest:_run_cleanups): 200 GET http://10.180.1.21/volume/v3/volumes/8550f0f3-a490-457e-8f2e-c40746c02d5f 0.032s
2025-02-16 21:36:09.878 63321 INFO paramiko.transport [-] Authentication (publickey) successful!
2025-02-16 21:36:09.878 63321 INFO tempest.lib.common.ssh [-] ssh connection to cirros@10.180.180.233 successfully created
2025-02-16 21:36:09.930 63341 INFO tempest.lib.common.rest_client [req-09991b03-0c8b-4729-9767-d9154cf2ef5d req-09991b03-0c8b-4729-9767-d9154cf2ef5d ] Request (ListServersNegativeTestJSON:setUpClass): 200 GET http://10.180.1.21/compute/v2.1/servers/5fda8f6b-edd4-4c2d-bdf4-fd5b16cf8d82 0.191s
2025-02-16 21:36:09.968 63383 INFO tempest.lib.common.rest_client [req-d591b8f8-e89a-4dde-b4e4-0b83640412a0 req-d591b8f8-e89a-4dde-b4e4-0b83640412a0 ] Request (ImagesNegativeTestJSON:test_create_image_from_deleted_server): 200 GET http://10.180.1.21/compute/v2.1/servers/3f08c9a0-cfcd-4dec-ad2e-41afd6b22619 0.260s
2025-02-16 21:36:09.975 63383 INFO tempest.common.waiters [-] State transition "BUILD/None" ==> "BUILD/block_device_mapping" after 87 second wait
2025-02-16 21:36:09.984 63357 INFO tempest.lib.common.rest_client [req-22cd493c-9397-4299-8228-555f65936547 req-22cd493c-9397-4299-8228-555f65936547 ] Request (ImagesTestJSON:test_create_server_from_snapshot): 200 GET http://10.180.1.21/compute/v2.1/servers/a4a56a92-d12d-4e4e-983a-336949f7bbb3 0.230s
2025-02-16 21:36:10.042 63325 INFO tempest.lib.common.rest_client [req-6843c31f-9e97-4c64-8ab4-1baf5bb4885c req-6843c31f-9e97-4c64-8ab4-1baf5bb4885c ] Request (AttachInterfacesTestJSON:test_create_list_show_delete_interfaces_by_fixed_ip): 200 GET http://10.180.1.21/compute/v2.1/servers/d1d54188-6333-44d7-b1e2-481299eb346a/os-interface 0.254s
2025-02-16 21:36:10.049 63335 INFO tempest.lib.common.rest_client [req-1583616a-99d6-49a7-9b51-5450ce681d78 req-1583616a-99d6-49a7-9b51-5450ce681d78 ] Request (ServersAdminTestJSON:test_inject_network_info): 200 GET http://10.180.1.21/compute/v2.1/servers/1a1dab80-6129-4b21-8883-d97a39d16cd6 0.250s
2025-02-16 21:36:10.127 63371 INFO tempest.lib.common.rest_client [req-2774c104-1b34-4fb2-ad88-60f5e0fcab96 req-2774c104-1b34-4fb2-ad88-60f5e0fcab96 ] Request (DeleteServersTestJSON:test_delete_active_server): 200 GET http://10.180.1.21/compute/v2.1/servers/62a61aa1-4f64-4027-bc3d-fecd76f8afb1 0.282s
2025-02-16 21:36:10.208 63321 INFO tempest.lib.common.rest_client [req-fabd96e7-c70f-47d7-ba2f-868cc33cd70d req-fabd96e7-c70f-47d7-ba2f-868cc33cd70d ] Request (ServersTestBootFromVolume:tearDownClass): 204 DELETE http://10.180.1.21/compute/v2.1/servers/e65043f5-524f-48c8-9774-9127604850c8 0.322s
2025-02-16 21:36:10.219 63367 INFO tempest.lib.common.rest_client [req-2c444f6a-7bcb-4582-86a9-a193ad23abc0 req-2c444f6a-7bcb-4582-86a9-a193ad23abc0 ] Request (ServersTestJSON:tearDownClass): 200 GET http://10.180.1.21/compute/v2.1/servers/c03fdfd4-184e-47df-a40d-a856818686cd 0.387s
2025-02-16 21:36:10.286 63343 INFO tempest.lib.common.rest_client [req-73a74525-845f-477e-8b4d-782b40697364 req-73a74525-845f-477e-8b4d-782b40697364 ] Request (ServerActionsTestJSON:test_rebuild_server): 200 GET http://10.180.1.21/compute/v2.1/servers/172dafa3-669c-416f-ba21-5c668049ec67 0.347s
2025-02-16 21:36:10.291 63377 INFO tempest.lib.common.rest_client [req-efbefb04-393e-4ef9-a7fe-522be8b83374 req-efbefb04-393e-4ef9-a7fe-522be8b83374 ] Request (ServerShowV247Test:test_update_rebuild_list_server): 200 GET http://10.180.1.21/compute/v2.1/servers/1d25291d-0faa-43b0-97a2-2c2db98b46c8 0.406s
2025-02-16 21:36:10.350 63363 INFO tempest.lib.common.rest_client [req-11d49826-8c76-4c11-bbe9-be318d38d286 req-11d49826-8c76-4c11-bbe9-be318d38d286 ] Request (ServersWithSpecificFlavorTestJSON:test_verify_created_server_ephemeral_disk): 200 GET http://10.180.1.21/compute/v2.1/servers/c3026000-ae9d-4378-9d76-658e3d00b183 0.340s
2025-02-16 21:36:10.367 63359 INFO tempest.lib.common.rest_client [req-c34d679b-31c3-4d24-9865-e52e31b6d747 req-c34d679b-31c3-4d24-9865-e52e31b6d747 ] Request (ServersAaction247Test:tearDownClass): 200 GET http://10.180.1.21/compute/v2.1/servers/1bc3a6d2-31b8-4895-9370-d61331103cf3 0.362s
2025-02-16 21:36:10.414 63331 INFO paramiko.transport [-] Connected (version 2.0, client dropbear_2020.81)
2025-02-16 21:36:10.442 63327 INFO tempest.lib.common.rest_client [req-4c4f4133-f7a8-45eb-bd1d-73253f16bd73 req-4c4f4133-f7a8-45eb-bd1d-73253f16bd73 ] Request (ListServerFiltersTestJSON:tearDownClass): 200 GET http://10.180.1.21/compute/v2.1/servers/0a3c5e11-62b6-4f02-bc14-917a932ecf54 0.221s
2025-02-16 21:36:10.506 63369 INFO tempest.lib.common.rest_client [req-875e98e9-aa51-4415-8eab-025d47733963 req-875e98e9-aa51-4415-8eab-025d47733963 ] Request (ServerDiagnosticsNegativeTest:test_get_server_diagnostics_by_non_admin): 200 GET http://10.180.1.21/compute/v2.1/servers/f9b91732-285f-46b7-accf-62d8681d0162 0.207s
2025-02-16 21:36:10.522 63321 INFO tempest.lib.common.rest_client [req-539c17e5-b066-4bca-9116-faff87ad4c44 req-539c17e5-b066-4bca-9116-faff87ad4c44 ] Request (ServersTestBootFromVolume:tearDownClass): 200 GET http://10.180.1.21/compute/v2.1/servers/e65043f5-524f-48c8-9774-9127604850c8 0.314s
2025-02-16 21:36:10.528 63331 INFO paramiko.transport [-] Authentication (publickey) successful!
2025-02-16 21:36:10.529 63331 INFO tempest.lib.common.ssh [-] ssh connection to cirros@10.180.180.175 successfully created
2025-02-16 21:36:10.576 63337 INFO tempest.lib.common.rest_client [req-0e0bab16-6281-460f-a968-d421280f8238 req-0e0bab16-6281-460f-a968-d421280f8238 ] Request (ServerActionsTestOtherA:setUpClass): 200 GET http://10.180.1.21/compute/v2.1/servers/9b8f193f-ddd3-4896-8dca-149bace33104 0.220s
2025-02-16 21:36:10.629 63375 INFO tempest.lib.common.rest_client [req-656fde9a-a314-449f-9ed3-fd39d4230d76 req-656fde9a-a314-449f-9ed3-fd39d4230d76 ] Request (ServerMetadataNegativeTestJSON:setUpClass): 200 GET http://10.180.1.21/compute/v2.1/servers/bfdf748a-eb28-4c29-90d9-2f9cbe6dab04 0.217s
2025-02-16 21:36:10.702 63329 INFO tempest.lib.common.rest_client [req-8a86c080-9331-4e8d-8495-9ea35d195a25 req-8a86c080-9331-4e8d-8495-9ea35d195a25 ] Request (MigrationsAdminTest:test_resize_server_revert_deleted_flavor): 200 GET http://10.180.1.21/compute/v2.1/servers/dd634211-a62b-4aef-9da7-0445e4325d96 0.281s
2025-02-16 21:36:10.727 63351 INFO tempest.lib.common.rest_client [req-58fa1db2-d6ab-48fc-8eab-fab375249ce1 req-58fa1db2-d6ab-48fc-8eab-fab375249ce1 ] Request (ServersNegativeTestJSON:tearDown): 200 GET http://10.180.1.21/compute/v2.1/servers/b6db441c-7399-43b4-910e-cc9c4dba1ffc 0.370s
2025-02-16 21:36:10.762 63339 INFO tempest.lib.common.rest_client [req-edfc156a-7291-4780-a7f6-581c73ed107d req-edfc156a-7291-4780-a7f6-581c73ed107d ] Request (ServersAdminNegativeTestJSON:test_migrate_server_invalid_state): 200 GET http://10.180.1.21/compute/v2.1/servers/e5e494bc-0262-4de6-84e7-ffc2989b9e19 0.282s
2025-02-16 21:36:10.810 63347 INFO tempest.lib.common.rest_client [req-b2df296c-78ba-4f5e-8ecf-2fa9d52c1399 req-b2df296c-78ba-4f5e-8ecf-2fa9d52c1399 ] Request (SecurityGroupsTestJSON:test_server_security_groups): 200 GET http://10.180.1.21/compute/v2.1/servers/4329770f-b089-46da-8d91-c9e953ba3a09 0.283s
2025-02-16 21:36:10.897 63345 INFO tempest.lib.common.rest_client [req-513988fb-6cb5-442f-85a8-2c020d8cad62 req-513988fb-6cb5-442f-85a8-2c020d8cad62 ] Request (VolumesAssistedSnapshotsTest:_run_cleanups): 404 GET http://10.180.1.21/volume/v3/volumes/8550f0f3-a490-457e-8f2e-c40746c02d5f 0.018s
2025-02-16 21:36:10.913 63333 INFO tempest.lib.common.rest_client [req-98138a69-2898-473d-af85-1ecfe057c3a3 req-98138a69-2898-473d-af85-1ecfe057c3a3 ] Request (FloatingIPsAssociationNegativeTestJSON:tearDownClass): 200 GET http://10.180.1.21/compute/v2.1/servers/92a7d8c9-a3d1-4a2f-8d73-3dc94778221a 0.309s
2025-02-16 21:36:10.913 63325 INFO tempest.lib.common.rest_client [req-03f63139-76d1-4cad-8d8c-a2f8893174af req-03f63139-76d1-4cad-8d8c-a2f8893174af ] Request (AttachInterfacesTestJSON:test_create_list_show_delete_interfaces_by_fixed_ip): 200 PUT http://10.180.1.21:9696/networking/v2.0/floatingips/a303cd97-6e98-46aa-a734-f6f22ad4ce5a 0.869s
2025-02-16 21:36:10.947 63331 INFO tempest.lib.common.rest_client [req-44e7db13-a8b1-45e0-a5e9-6f1b2320a9b9 req-44e7db13-a8b1-45e0-a5e9-6f1b2320a9b9 ] Request (AttachInterfacesUnderV243Test:test_add_remove_fixed_ip): 200 GET http://10.180.1.21/compute/v2.1/servers/81fcc80a-8f80-4d40-a061-f33c012cf54f/os-interface 0.417s
2025-02-16 21:36:10.973 63379 INFO tempest.lib.common.rest_client [req-c1950aec-9f83-49be-a860-21c673f96065 req-c1950aec-9f83-49be-a860-21c673f96065 ] Request (ImagesOneServerNegativeTestJSON:_run_cleanups): 200 GET http://10.180.1.21/compute/v2.1/servers/d088406c-7d55-4e8f-9618-49a296a79cf5 0.304s
2025-02-16 21:36:11.008 63353 INFO tempest.lib.common.rest_client [req-99ce495c-eff8-4bbb-99c3-80e204e43af1 req-99ce495c-eff8-4bbb-99c3-80e204e43af1 ] Request (ServerDiskConfigTestJSON:test_rebuild_server_with_manual_disk_config): 200 GET http://10.180.1.21/compute/v2.1/servers/0a461527-9913-4e90-b0d9-c00883713791 0.247s
2025-02-16 21:36:11.068 63345 INFO tempest.lib.common.rest_client [req-1e314cbe-516a-41f3-9caf-c8a344eb14da req-1e314cbe-516a-41f3-9caf-c8a344eb14da ] Request (VolumesAssistedSnapshotsTest:tearDownClass): 204 DELETE http://10.180.1.21/compute/v2.1/servers/d6fcbfca-a9ff-4085-b133-89c85fb1980e 0.163s
2025-02-16 21:36:11.149 63341 INFO tempest.lib.common.rest_client [req-8f2b3222-dc3b-4429-af30-cfd9baa7cb2a req-8f2b3222-dc3b-4429-af30-cfd9baa7cb2a ] Request (ListServersNegativeTestJSON:setUpClass): 200 GET http://10.180.1.21/compute/v2.1/servers/5fda8f6b-edd4-4c2d-bdf4-fd5b16cf8d82 0.210s
2025-02-16 21:36:11.233 63331 INFO tempest.lib.common.rest_client [req-2f0685cc-735e-4da3-957a-8c7d5838de87 req-2f0685cc-735e-4da3-957a-8c7d5838de87 ] Request (AttachInterfacesUnderV243Test:test_add_remove_fixed_ip): 200 GET http://10.180.1.21/compute/v2.1/servers/81fcc80a-8f80-4d40-a061-f33c012cf54f/os-interface/d243a08e-22df-475c-999d-e6e5cde7b5e2 0.284s
2025-02-16 21:36:11.240 63325 INFO tempest.lib.common.rest_client [req-b618d414-7565-4140-b09e-b23b792e6319 req-b618d414-7565-4140-b09e-b23b792e6319 ] Request (AttachInterfacesTestJSON:test_create_list_show_delete_interfaces_by_fixed_ip): 200 GET http://10.180.1.21/compute/v2.1/servers/d1d54188-6333-44d7-b1e2-481299eb346a 0.326s
2025-02-16 21:36:11.255 63325 INFO tempest.lib.common.ssh [-] Creating ssh connection to '10.180.180.212:22' as 'cirros' with public key authentication
2025-02-16 21:36:11.313 63357 INFO tempest.lib.common.rest_client [req-f1b86364-07a8-444b-b159-7748bb2fc920 req-f1b86364-07a8-444b-b159-7748bb2fc920 ] Request (ImagesTestJSON:test_create_server_from_snapshot): 200 GET http://10.180.1.21/compute/v2.1/servers/a4a56a92-d12d-4e4e-983a-336949f7bbb3 0.319s
2025-02-16 21:36:11.376 63335 INFO tempest.lib.common.rest_client [req-325997e2-aff7-472d-9485-6cc8a919b177 req-325997e2-aff7-472d-9485-6cc8a919b177 ] Request (ServersAdminTestJSON:test_inject_network_info): 200 GET http://10.180.1.21/compute/v2.1/servers/1a1dab80-6129-4b21-8883-d97a39d16cd6 0.319s
2025-02-16 21:36:11.382 63383 INFO tempest.lib.common.rest_client [req-322d03cc-73ee-4dca-872b-6f6c0aff515e req-322d03cc-73ee-4dca-872b-6f6c0aff515e ] Request (ImagesNegativeTestJSON:test_create_image_from_deleted_server): 200 GET http://10.180.1.21/compute/v2.1/servers/3f08c9a0-cfcd-4dec-ad2e-41afd6b22619 0.403s
2025-02-16 21:36:11.394 63383 INFO tempest.common.waiters [-] State transition "BUILD/block_device_mapping" ==> "BUILD/spawning" after 89 second wait
2025-02-16 21:36:11.457 63371 INFO tempest.lib.common.rest_client [req-344c114c-eef5-45f6-a28d-57890ea2d941 req-344c114c-eef5-45f6-a28d-57890ea2d941 ] Request (DeleteServersTestJSON:test_delete_active_server): 200 GET http://10.180.1.21/compute/v2.1/servers/62a61aa1-4f64-4027-bc3d-fecd76f8afb1 0.322s
2025-02-16 21:36:11.790 63367 INFO tempest.lib.common.rest_client [req-54761f8a-754c-4297-9155-1d3f70959650 req-54761f8a-754c-4297-9155-1d3f70959650 ] Request (ServersTestJSON:tearDownClass): 200 GET http://10.180.1.21/compute/v2.1/servers/c03fdfd4-184e-47df-a40d-a856818686cd 0.563s
2025-02-16 21:36:11.816 63331 INFO tempest.lib.common.rest_client [req-145c9f06-4dc9-44e6-adcc-250be1e775de req-145c9f06-4dc9-44e6-adcc-250be1e775de ] Request (AttachInterfacesUnderV243Test:test_add_remove_fixed_ip): 200 GET http://10.180.1.21/compute/v2.1/servers/81fcc80a-8f80-4d40-a061-f33c012cf54f/ips 0.580s
2025-02-16 21:36:11.891 63345 INFO tempest.lib.common.rest_client [req-dd36ef9f-61c2-4226-b564-1f53a47ed49f req-dd36ef9f-61c2-4226-b564-1f53a47ed49f ] Request (VolumesAssistedSnapshotsTest:tearDownClass): 200 GET http://10.180.1.21/compute/v2.1/servers/d6fcbfca-a9ff-4085-b133-89c85fb1980e 0.823s
2025-02-16 21:36:11.897 63343 INFO tempest.lib.common.rest_client [req-ef48b81f-a1ec-42b2-8549-3eef6ff1aab2 req-ef48b81f-a1ec-42b2-8549-3eef6ff1aab2 ] Request (ServerActionsTestJSON:test_rebuild_server): 200 GET http://10.180.1.21/compute/v2.1/servers/172dafa3-669c-416f-ba21-5c668049ec67 0.596s
2025-02-16 21:36:11.963 63377 INFO tempest.lib.common.rest_client [req-e6065b89-c828-47e4-932b-6f1871e5d5a5 req-e6065b89-c828-47e4-932b-6f1871e5d5a5 ] Request (ServerShowV247Test:test_update_rebuild_list_server): 200 GET http://10.180.1.21/compute/v2.1/servers/1d25291d-0faa-43b0-97a2-2c2db98b46c8 0.657s
2025-02-16 21:36:11.965 63363 INFO tempest.lib.common.rest_client [req-bacebc08-28c0-4c8e-8170-4afb8d96977f req-bacebc08-28c0-4c8e-8170-4afb8d96977f ] Request (ServersWithSpecificFlavorTestJSON:test_verify_created_server_ephemeral_disk): 200 GET http://10.180.1.21/compute/v2.1/servers/c3026000-ae9d-4378-9d76-658e3d00b183 0.606s
2025-02-16 21:36:11.985 63359 INFO tempest.lib.common.rest_client [req-72580cec-958e-44c9-b9c3-d17ad936c62d req-72580cec-958e-44c9-b9c3-d17ad936c62d ] Request (ServersAaction247Test:tearDownClass): 404 GET http://10.180.1.21/compute/v2.1/servers/1bc3a6d2-31b8-4895-9370-d61331103cf3 0.606s
2025-02-16 21:36:12.040 63327 INFO tempest.lib.common.rest_client [req-981b6374-b972-4f60-bde6-c26a6911f473 req-981b6374-b972-4f60-bde6-c26a6911f473 ] Request (ListServerFiltersTestJSON:tearDownClass): 200 GET http://10.180.1.21/compute/v2.1/servers/0a3c5e11-62b6-4f02-bc14-917a932ecf54 0.585s
2025-02-16 21:36:12.059 63369 INFO tempest.lib.common.rest_client [req-223bce6b-e5bc-4bed-b29c-84f4f50c8112 req-223bce6b-e5bc-4bed-b29c-84f4f50c8112 ] Request (ServerDiagnosticsNegativeTest:test_get_server_diagnostics_by_non_admin): 200 GET http://10.180.1.21/compute/v2.1/servers/f9b91732-285f-46b7-accf-62d8681d0162 0.544s
2025-02-16 21:36:12.133 63337 INFO tempest.lib.common.rest_client [req-77e9b24c-55ac-44ca-88ac-a68e7d992a6b req-77e9b24c-55ac-44ca-88ac-a68e7d992a6b ] Request (ServerActionsTestOtherA:setUpClass): 200 GET http://10.180.1.21/compute/v2.1/servers/9b8f193f-ddd3-4896-8dca-149bace33104 0.549s
2025-02-16 21:36:12.136 63359 INFO tempest.lib.common.rest_client [req-133bf4be-b6fa-4e46-99c5-cb8c2c91e892 req-133bf4be-b6fa-4e46-99c5-cb8c2c91e892 ] Request (ServersAaction247Test:tearDownClass): 204 DELETE http://10.180.1.21/identity/v3/users/6698f25c3a3d49ccb3c9166a82840256 0.150s
2025-02-16 21:36:12.136 63359 INFO tempest.lib.common.dynamic_creds [-] Deleting project and security group for project: eaf8f9f28d234295976c74176daab500
2025-02-16 21:36:12.200 63375 INFO tempest.lib.common.rest_client [req-3b046fbc-5099-4f46-88f8-c592b5ae33b7 req-3b046fbc-5099-4f46-88f8-c592b5ae33b7 ] Request (ServerMetadataNegativeTestJSON:setUpClass): 200 GET http://10.180.1.21/compute/v2.1/servers/bfdf748a-eb28-4c29-90d9-2f9cbe6dab04 0.560s
2025-02-16 21:36:12.204 63359 INFO tempest.lib.common.rest_client [req-d91c3ac7-6481-46d4-8d0d-c3ccd1a24fe9 req-d91c3ac7-6481-46d4-8d0d-c3ccd1a24fe9 ] Request (ServersAaction247Test:tearDownClass): 201 POST http://10.180.1.21/identity/v3/auth/tokens 0.068s
2025-02-16 21:36:12.208 63373 INFO paramiko.transport [-] Connected (version 2.0, client dropbear_2020.81)
2025-02-16 21:36:12.211 63321 INFO tempest.lib.common.rest_client [req-c1829a3b-042a-4a81-909b-fd36d686b811 req-c1829a3b-042a-4a81-909b-fd36d686b811 ] Request (ServersTestBootFromVolume:tearDownClass): 200 GET http://10.180.1.21/compute/v2.1/servers/e65043f5-524f-48c8-9774-9127604850c8 0.675s
2025-02-16 21:36:12.261 63329 INFO tempest.lib.common.rest_client [req-d81c3692-d149-4209-af94-55b651fed161 req-d81c3692-d149-4209-af94-55b651fed161 ] Request (MigrationsAdminTest:test_resize_server_revert_deleted_flavor): 200 GET http://10.180.1.21/compute/v2.1/servers/dd634211-a62b-4aef-9da7-0445e4325d96 0.547s
2025-02-16 21:36:12.274 63373 INFO paramiko.transport [-] Authentication (publickey) successful!
2025-02-16 21:36:12.274 63373 INFO tempest.lib.common.ssh [-] ssh connection to cirros@10.180.180.163 successfully created
2025-02-16 21:36:12.336 63339 INFO tempest.lib.common.rest_client [req-0e8ce5dc-5d4c-4020-86d4-64568a6c961d req-0e8ce5dc-5d4c-4020-86d4-64568a6c961d ] Request (ServersAdminNegativeTestJSON:test_migrate_server_invalid_state): 200 GET http://10.180.1.21/compute/v2.1/servers/e5e494bc-0262-4de6-84e7-ffc2989b9e19 0.566s
2025-02-16 21:36:12.345 63339 INFO tempest.common.waiters [-] State transition "BUILD/None" ==> "BUILD/networking" after 77 second wait
2025-02-16 21:36:12.364 63351 INFO tempest.lib.common.rest_client [req-f0ddc318-99ef-4bdd-bcca-9c46b47fa4ae req-f0ddc318-99ef-4bdd-bcca-9c46b47fa4ae ] Request (ServersNegativeTestJSON:tearDown): 200 GET http://10.180.1.21/compute/v2.1/servers/b6db441c-7399-43b4-910e-cc9c4dba1ffc 0.628s
2025-02-16 21:36:12.367 63331 INFO tempest.lib.common.rest_client [req-998a07d9-fdcc-4779-8078-aa670862fb15 req-998a07d9-fdcc-4779-8078-aa670862fb15 ] Request (AttachInterfacesUnderV243Test:test_add_remove_fixed_ip): 202 POST http://10.180.1.21/compute/v2.1/servers/81fcc80a-8f80-4d40-a061-f33c012cf54f/action 0.548s
2025-02-16 21:36:12.431 63347 INFO tempest.lib.common.rest_client [req-5901ffae-d965-4a7d-8dab-5e68568ab5e2 req-5901ffae-d965-4a7d-8dab-5e68568ab5e2 ] Request (SecurityGroupsTestJSON:test_server_security_groups): 200 GET http://10.180.1.21/compute/v2.1/servers/4329770f-b089-46da-8d91-c9e953ba3a09 0.611s
2025-02-16 21:36:12.450 63333 INFO tempest.lib.common.rest_client [req-56e67d7b-5b10-48a4-a37e-1664ebf23f34 req-56e67d7b-5b10-48a4-a37e-1664ebf23f34 ] Request (FloatingIPsAssociationNegativeTestJSON:tearDownClass): 200 GET http://10.180.1.21/compute/v2.1/servers/92a7d8c9-a3d1-4a2f-8d73-3dc94778221a 0.529s
2025-02-16 21:36:12.465 63359 INFO tempest.lib.common.rest_client [req-099b4bc3-28a3-4d39-8879-1d44f2f3f567 req-099b4bc3-28a3-4d39-8879-1d44f2f3f567 ] Request (ServersAaction247Test:tearDownClass): 200 GET http://10.180.1.21:9696/networking/v2.0/security-groups?tenant_id=eaf8f9f28d234295976c74176daab500&name=default 0.261s
2025-02-16 21:36:12.525 63379 INFO tempest.lib.common.rest_client [req-cd27e3c2-4e48-420f-90f3-d65b21026d39 req-cd27e3c2-4e48-420f-90f3-d65b21026d39 ] Request (ImagesOneServerNegativeTestJSON:_run_cleanups): 200 GET http://10.180.1.21/compute/v2.1/servers/d088406c-7d55-4e8f-9618-49a296a79cf5 0.543s
2025-02-16 21:36:12.536 63353 INFO tempest.lib.common.rest_client [req-88f407bf-b548-4738-9b09-dfaa825a2eab req-88f407bf-b548-4738-9b09-dfaa825a2eab ] Request (ServerDiskConfigTestJSON:test_rebuild_server_with_manual_disk_config): 200 GET http://10.180.1.21/compute/v2.1/servers/0a461527-9913-4e90-b0d9-c00883713791 0.519s
2025-02-16 21:36:12.546 63353 INFO tempest.common.waiters [-] State transition "BUILD/scheduling" ==> "BUILD/None" after 48 second wait
2025-02-16 21:36:12.639 63341 INFO tempest.lib.common.rest_client [req-c1209089-ac7c-412a-bda4-8f6739483602 req-c1209089-ac7c-412a-bda4-8f6739483602 ] Request (ListServersNegativeTestJSON:setUpClass): 200 GET http://10.180.1.21/compute/v2.1/servers/5fda8f6b-edd4-4c2d-bdf4-fd5b16cf8d82 0.481s
2025-02-16 21:36:12.647 63341 INFO tempest.common.waiters [-] State transition "ACTIVE/deleting" ==> "DELETED/None" after 4 second wait
2025-02-16 21:36:12.661 63359 INFO tempest.lib.common.rest_client [req-ecd31573-aecb-4fcd-bd79-7f4f849b5dfc req-ecd31573-aecb-4fcd-bd79-7f4f849b5dfc ] Request (ServersAaction247Test:tearDownClass): 204 DELETE http://10.180.1.21:9696/networking/v2.0/security-groups/93717ddd-5854-4acb-96e3-6f521dbd1e6d 0.195s
2025-02-16 21:36:12.701 63357 INFO tempest.lib.common.rest_client [req-3987de1a-1e9e-4f5e-855d-f3d279187dd2 req-3987de1a-1e9e-4f5e-855d-f3d279187dd2 ] Request (ImagesTestJSON:test_create_server_from_snapshot): 200 GET http://10.180.1.21/compute/v2.1/servers/a4a56a92-d12d-4e4e-983a-336949f7bbb3 0.376s
2025-02-16 21:36:12.730 63331 INFO tempest.lib.common.rest_client [req-ed68d727-ddb4-4c06-9c6b-bf0342543485 req-ed68d727-ddb4-4c06-9c6b-bf0342543485 ] Request (AttachInterfacesUnderV243Test:test_add_remove_fixed_ip): 200 GET http://10.180.1.21/compute/v2.1/servers/81fcc80a-8f80-4d40-a061-f33c012cf54f/ips 0.363s
2025-02-16 21:36:12.758 63359 INFO tempest.lib.common.rest_client [req-4a6b24b0-eba1-4c33-bb86-f6f816e41a2c req-4a6b24b0-eba1-4c33-bb86-f6f816e41a2c ] Request (ServersAaction247Test:tearDownClass): 204 DELETE http://10.180.1.21/identity/v3/projects/eaf8f9f28d234295976c74176daab500 0.097s
2025-02-16 21:36:12.770 63373 INFO tempest.lib.common.rest_client [req-b4aa63de-6617-46a7-88e4-a9e5c8769a30 req-b4aa63de-6617-46a7-88e4-a9e5c8769a30 ] Request (ServerActionsTestOtherB:setUp): 200 GET http://10.180.1.21/compute/v2.1/servers/573ce87d-556a-4761-b5e0-c479c9005783 0.494s
2025-02-16 21:36:12.803 63335 INFO tempest.lib.common.rest_client [req-1c8a7056-1891-434c-b76b-2def5b07b73e req-1c8a7056-1891-434c-b76b-2def5b07b73e ] Request (ServersAdminTestJSON:test_inject_network_info): 200 GET http://10.180.1.21/compute/v2.1/servers/1a1dab80-6129-4b21-8883-d97a39d16cd6 0.417s
2025-02-16 21:36:12.860 63359 INFO tempest.lib.common.rest_client [req-818133c6-45da-4d70-a7e0-e5bbb7a34a6e req-818133c6-45da-4d70-a7e0-e5bbb7a34a6e ] Request (ServersTestJSON:setUpClass): 201 POST http://10.180.1.21/identity/v3/auth/tokens 0.100s
2025-02-16 21:36:12.876 63371 INFO tempest.lib.common.rest_client [req-b37fa563-360e-4286-9116-5fe2856b0739 req-b37fa563-360e-4286-9116-5fe2856b0739 ] Request (DeleteServersTestJSON:test_delete_active_server): 200 GET http://10.180.1.21/compute/v2.1/servers/62a61aa1-4f64-4027-bc3d-fecd76f8afb1 0.408s
2025-02-16 21:36:12.897 63359 INFO tempest.lib.common.rest_client [req-81da54b4-c3d8-4b64-8f44-06b8a39ebcdc req-81da54b4-c3d8-4b64-8f44-06b8a39ebcdc ] Request (ServersTestJSON:setUpClass): 201 POST http://10.180.1.21/identity/v3/auth/tokens 0.034s
2025-02-16 21:36:12.925 63383 INFO tempest.lib.common.rest_client [req-2aa74c0e-84d3-484e-99df-69770e1db96d req-2aa74c0e-84d3-484e-99df-69770e1db96d ] Request (ImagesNegativeTestJSON:test_create_image_from_deleted_server): 200 GET http://10.180.1.21/compute/v2.1/servers/3f08c9a0-cfcd-4dec-ad2e-41afd6b22619 0.529s
2025-02-16 21:36:12.926 63359 INFO tempest.lib.common.rest_client [req-89933fa1-7c31-4df3-a045-f3211815c14f req-89933fa1-7c31-4df3-a045-f3211815c14f ] Request (ServersTestJSON:setUpClass): 200 GET http://10.180.1.21/identity/v3/domains?name=Default 0.029s
2025-02-16 21:36:12.969 63359 INFO tempest.lib.common.rest_client [req-80c06bcd-bc51-4c28-888f-60dde0badbbb req-80c06bcd-bc51-4c28-888f-60dde0badbbb ] Request (ServersTestJSON:setUpClass): 201 POST http://10.180.1.21/identity/v3/projects 0.042s
2025-02-16 21:36:12.987 63367 INFO tempest.lib.common.rest_client [req-1eb9af5c-3ce7-409b-85d6-a4166e81c817 req-1eb9af5c-3ce7-409b-85d6-a4166e81c817 ] Request (ServersTestJSON:tearDownClass): 200 GET http://10.180.1.21/compute/v2.1/servers/c03fdfd4-184e-47df-a40d-a856818686cd 0.184s
2025-02-16 21:36:13.038 63359 INFO tempest.lib.common.rest_client [req-566b77e3-1b4a-4a41-9a41-e38aec7d93c4 req-566b77e3-1b4a-4a41-9a41-e38aec7d93c4 ] Request (ServersTestJSON:setUpClass): 201 POST http://10.180.1.21/identity/v3/users 0.068s
2025-02-16 21:36:13.049 63343 INFO tempest.lib.common.rest_client [req-eb2109ea-384b-477c-a6bf-b039f0801d08 req-eb2109ea-384b-477c-a6bf-b039f0801d08 ] Request (ServerActionsTestJSON:test_rebuild_server): 200 GET http://10.180.1.21/compute/v2.1/servers/172dafa3-669c-416f-ba21-5c668049ec67 0.144s
2025-02-16 21:36:13.071 63359 INFO tempest.lib.common.rest_client [req-9260a492-4557-49dd-b831-15d6058c0a23 req-9260a492-4557-49dd-b831-15d6058c0a23 ] Request (ServersTestJSON:setUpClass): 200 GET http://10.180.1.21/identity/v3/roles 0.032s
2025-02-16 21:36:13.109 63359 INFO tempest.lib.common.rest_client [req-5e869f37-c202-440d-ae8b-720d676fd9a1 req-5e869f37-c202-440d-ae8b-720d676fd9a1 ] Request (ServersTestJSON:setUpClass): 204 PUT http://10.180.1.21/identity/v3/projects/411ab5b808ff450aa32fc1819883b5da/users/f9c119a7be4a4ebd9adcd65564d97e45/roles/4bb4edd220cf4d4da01f0e2d1cec56b7 0.038s
2025-02-16 21:36:13.109 63359 INFO tempest.lib.common.dynamic_creds [-] Dynamic test user f9c119a7be4a4ebd9adcd65564d97e45 is created with scope project and roles: ['member']
2025-02-16 21:36:13.110 63359 INFO tempest.lib.common.dynamic_creds [-] Acquired dynamic creds: credentials: Credentials: {'domain_id': 'default', 'domain_name': 'Default', 'username': 'tempest-ServersTestJSON-616964845-project-member', 'project_domain_id': 'default', 'project_domain_name': 'Default', 'project_id': '411ab5b808ff450aa32fc1819883b5da', 'project_name': 'tempest-ServersTestJSON-616964845', 'tenant_id': '411ab5b808ff450aa32fc1819883b5da', 'tenant_name': 'tempest-ServersTestJSON-616964845', 'user_domain_id': 'default', 'user_domain_name': 'Default', 'user_id': 'f9c119a7be4a4ebd9adcd65564d97e45', 'system': None}, Network: None, Subnet: None, Router: None
2025-02-16 21:36:13.178 63359 INFO tempest.lib.common.rest_client [req-e20243e6-d633-4bc7-b9a6-ec8b13d5af48 req-e20243e6-d633-4bc7-b9a6-ec8b13d5af48 ] Request (ServersTestJSON:setUpClass): 201 POST http://10.180.1.21/identity/v3/auth/tokens 0.068s
2025-02-16 21:36:13.188 63345 INFO tempest.lib.common.rest_client [req-8a577b6d-0677-4a2b-a5ff-4bd038f711da req-8a577b6d-0677-4a2b-a5ff-4bd038f711da ] Request (VolumesAssistedSnapshotsTest:tearDownClass): 200 GET http://10.180.1.21/compute/v2.1/servers/d6fcbfca-a9ff-4085-b133-89c85fb1980e 0.280s
2025-02-16 21:36:13.258 63377 INFO tempest.lib.common.rest_client [req-833461dc-fc39-45f0-afc0-40b9de83f8b0 req-833461dc-fc39-45f0-afc0-40b9de83f8b0 ] Request (ServerShowV247Test:test_update_rebuild_list_server): 200 GET http://10.180.1.21/compute/v2.1/servers/1d25291d-0faa-43b0-97a2-2c2db98b46c8 0.284s
2025-02-16 21:36:13.316 63363 INFO tempest.lib.common.rest_client [req-16b0e272-3d62-49eb-bcea-18325c519852 req-16b0e272-3d62-49eb-bcea-18325c519852 ] Request (ServersWithSpecificFlavorTestJSON:test_verify_created_server_ephemeral_disk): 200 GET http://10.180.1.21/compute/v2.1/servers/c3026000-ae9d-4378-9d76-658e3d00b183 0.336s
2025-02-16 21:36:13.401 63373 INFO tempest.lib.common.rest_client [req-879c40c0-ccc9-4672-95c0-f5e32761c553 req-879c40c0-ccc9-4672-95c0-f5e32761c553 ] Request (ServerActionsTestOtherB:test_create_backup): 202 POST http://10.180.1.21/compute/v2.1/servers/573ce87d-556a-4761-b5e0-c479c9005783/action 0.617s
2025-02-16 21:36:13.403 63327 INFO tempest.lib.common.rest_client [req-92adf5ce-c9d1-47f3-8b12-69a9052e0793 req-92adf5ce-c9d1-47f3-8b12-69a9052e0793 ] Request (ListServerFiltersTestJSON:tearDownClass): 200 GET http://10.180.1.21/compute/v2.1/servers/0a3c5e11-62b6-4f02-bc14-917a932ecf54 0.352s
2025-02-16 21:36:13.419 63373 INFO tempest.lib.common.rest_client [req-53c2ce24-e50f-466d-ad17-503bb3990dbb req-53c2ce24-e50f-466d-ad17-503bb3990dbb ] Request (ServerActionsTestOtherB:test_create_backup): 200 GET http://10.180.1.21/image/v2/images/fbc8b80d-9171-43ad-9f44-9747f05b470c 0.018s
2025-02-16 21:36:13.463 63359 INFO tempest.lib.common.rest_client [req-91dc05f2-c596-4128-8e7c-ca0f67c15117 req-91dc05f2-c596-4128-8e7c-ca0f67c15117 ] Request (ServersTestJSON:setUpClass): 201 POST http://10.180.1.21:9696/networking/v2.0/networks 0.284s
2025-02-16 21:36:13.481 63369 INFO tempest.lib.common.rest_client [req-c04c7c99-acb8-4e61-8215-456462f331b1 req-c04c7c99-acb8-4e61-8215-456462f331b1 ] Request (ServerDiagnosticsNegativeTest:test_get_server_diagnostics_by_non_admin): 200 GET http://10.180.1.21/compute/v2.1/servers/f9b91732-285f-46b7-accf-62d8681d0162 0.411s
2025-02-16 21:36:13.499 63337 INFO tempest.lib.common.rest_client [req-c403fc06-ae62-4b9c-8c03-a66cb6a2bc3b req-c403fc06-ae62-4b9c-8c03-a66cb6a2bc3b ] Request (ServerActionsTestOtherA:setUpClass): 200 GET http://10.180.1.21/compute/v2.1/servers/9b8f193f-ddd3-4896-8dca-149bace33104 0.352s
2025-02-16 21:36:13.566 63375 INFO tempest.lib.common.rest_client [req-82f11fcf-2326-4b43-8157-8f2c1850d697 req-82f11fcf-2326-4b43-8157-8f2c1850d697 ] Request (ServerMetadataNegativeTestJSON:setUpClass): 200 GET http://10.180.1.21/compute/v2.1/servers/bfdf748a-eb28-4c29-90d9-2f9cbe6dab04 0.351s
2025-02-16 21:36:13.648 63329 INFO tempest.lib.common.rest_client [req-c0cd920a-5431-463b-abe4-40754a5383b9 req-c0cd920a-5431-463b-abe4-40754a5383b9 ] Request (MigrationsAdminTest:test_resize_server_revert_deleted_flavor): 200 GET http://10.180.1.21/compute/v2.1/servers/dd634211-a62b-4aef-9da7-0445e4325d96 0.377s
2025-02-16 21:36:13.666 63321 INFO tempest.lib.common.rest_client [req-6c43d616-30e1-4085-bad4-717685b1c738 req-6c43d616-30e1-4085-bad4-717685b1c738 ] Request (ServersTestBootFromVolume:tearDownClass): 200 GET http://10.180.1.21/compute/v2.1/servers/e65043f5-524f-48c8-9774-9127604850c8 0.440s
2025-02-16 21:36:13.784 63359 INFO tempest.lib.common.rest_client [req-16c8444e-37a1-42c5-aaf8-a0a6abed659e req-16c8444e-37a1-42c5-aaf8-a0a6abed659e ] Request (ServersTestJSON:setUpClass): 201 POST http://10.180.1.21:9696/networking/v2.0/subnets 0.321s
2025-02-16 21:36:13.839 63339 INFO tempest.lib.common.rest_client [req-793dc03d-4465-4b6d-9795-684710997fa2 req-793dc03d-4465-4b6d-9795-684710997fa2 ] Request (ServersAdminNegativeTestJSON:test_migrate_server_invalid_state): 200 GET http://10.180.1.21/compute/v2.1/servers/e5e494bc-0262-4de6-84e7-ffc2989b9e19 0.492s
2025-02-16 21:36:13.841 63351 INFO tempest.lib.common.rest_client [req-7b3e8004-97d9-4608-8813-716104b5dc6b req-7b3e8004-97d9-4608-8813-716104b5dc6b ] Request (ServersNegativeTestJSON:tearDown): 200 GET http://10.180.1.21/compute/v2.1/servers/b6db441c-7399-43b4-910e-cc9c4dba1ffc 0.464s
2025-02-16 21:36:13.848 63339 INFO tempest.common.waiters [-] State transition "BUILD/networking" ==> "BUILD/spawning" after 78 second wait
2025-02-16 21:36:13.914 63333 INFO tempest.lib.common.rest_client [req-45663577-6d58-4f0f-9f3d-b8fdff153061 req-45663577-6d58-4f0f-9f3d-b8fdff153061 ] Request (FloatingIPsAssociationNegativeTestJSON:tearDownClass): 200 GET http://10.180.1.21/compute/v2.1/servers/92a7d8c9-a3d1-4a2f-8d73-3dc94778221a 0.451s
2025-02-16 21:36:13.923 63347 INFO tempest.lib.common.rest_client [req-2cf879a9-a480-4ddd-a0ac-e566b44f5090 req-2cf879a9-a480-4ddd-a0ac-e566b44f5090 ] Request (SecurityGroupsTestJSON:test_server_security_groups): 200 GET http://10.180.1.21/compute/v2.1/servers/4329770f-b089-46da-8d91-c9e953ba3a09 0.484s
2025-02-16 21:36:13.985 63379 INFO tempest.lib.common.rest_client [req-39a95f79-7dc3-49ee-880f-d987a3d2e144 req-39a95f79-7dc3-49ee-880f-d987a3d2e144 ] Request (ImagesOneServerNegativeTestJSON:_run_cleanups): 200 GET http://10.180.1.21/compute/v2.1/servers/d088406c-7d55-4e8f-9618-49a296a79cf5 0.450s
2025-02-16 21:36:13.986 63353 INFO tempest.lib.common.rest_client [req-39328ff4-8e0f-4d70-8c1c-a244675bb7f0 req-39328ff4-8e0f-4d70-8c1c-a244675bb7f0 ] Request (ServerDiskConfigTestJSON:test_rebuild_server_with_manual_disk_config): 200 GET http://10.180.1.21/compute/v2.1/servers/0a461527-9913-4e90-b0d9-c00883713791 0.438s
2025-02-16 21:36:14.068 63357 INFO tempest.lib.common.rest_client [req-7bc2df25-c15c-448c-a00a-7bf4c54cc90d req-7bc2df25-c15c-448c-a00a-7bf4c54cc90d ] Request (ImagesTestJSON:test_create_server_from_snapshot): 200 GET http://10.180.1.21/compute/v2.1/servers/a4a56a92-d12d-4e4e-983a-336949f7bbb3 0.359s
2025-02-16 21:36:14.074 63341 INFO tempest.lib.common.rest_client [req-623af843-5f00-47e0-8402-839d6d3e6d33 req-623af843-5f00-47e0-8402-839d6d3e6d33 ] Request (ListServersNegativeTestJSON:setUpClass): 200 GET http://10.180.1.21/compute/v2.1/servers/5fda8f6b-edd4-4c2d-bdf4-fd5b16cf8d82 0.426s
2025-02-16 21:36:14.092 63331 INFO tempest.lib.common.rest_client [req-85bc2fb3-f77f-4881-8b1e-4ac50be0469d req-85bc2fb3-f77f-4881-8b1e-4ac50be0469d ] Request (AttachInterfacesUnderV243Test:test_add_remove_fixed_ip): 200 GET http://10.180.1.21/compute/v2.1/servers/81fcc80a-8f80-4d40-a061-f33c012cf54f/ips 0.359s
2025-02-16 21:36:14.136 63335 INFO tempest.lib.common.rest_client [req-18a3f5f2-ff15-43d8-b4e2-2c26fb47d241 req-18a3f5f2-ff15-43d8-b4e2-2c26fb47d241 ] Request (ServersAdminTestJSON:test_inject_network_info): 200 GET http://10.180.1.21/compute/v2.1/servers/1a1dab80-6129-4b21-8883-d97a39d16cd6 0.320s
2025-02-16 21:36:14.165 63371 INFO tempest.lib.common.rest_client [req-d2c7802f-0a1b-4bd6-a2c3-a3b482f2db5c req-d2c7802f-0a1b-4bd6-a2c3-a3b482f2db5c ] Request (DeleteServersTestJSON:test_delete_active_server): 200 GET http://10.180.1.21/compute/v2.1/servers/62a61aa1-4f64-4027-bc3d-fecd76f8afb1 0.280s
2025-02-16 21:36:14.262 63367 INFO tempest.lib.common.rest_client [req-45394975-505f-4731-8fca-56e03dedd8a6 req-45394975-505f-4731-8fca-56e03dedd8a6 ] Request (ServersTestJSON:tearDownClass): 200 GET http://10.180.1.21/compute/v2.1/servers/c03fdfd4-184e-47df-a40d-a856818686cd 0.265s
2025-02-16 21:36:14.271 63367 INFO tempest.common.waiters [-] State transition "ACTIVE/deleting" ==> "DELETED/None" after 6 second wait
2025-02-16 21:36:14.323 63383 INFO tempest.lib.common.rest_client [req-2fc6b8e5-6176-4231-9c29-0f846ceadef6 req-2fc6b8e5-6176-4231-9c29-0f846ceadef6 ] Request (ImagesNegativeTestJSON:test_create_image_from_deleted_server): 200 GET http://10.180.1.21/compute/v2.1/servers/3f08c9a0-cfcd-4dec-ad2e-41afd6b22619 0.384s
2025-02-16 21:36:14.338 63343 INFO tempest.lib.common.rest_client [req-45f8f841-18bb-4a6a-a730-5544c27aa210 req-45f8f841-18bb-4a6a-a730-5544c27aa210 ] Request (ServerActionsTestJSON:test_rebuild_server): 200 GET http://10.180.1.21/compute/v2.1/servers/172dafa3-669c-416f-ba21-5c668049ec67 0.275s
2025-02-16 21:36:14.403 63345 INFO tempest.lib.common.rest_client [req-6aa8f0fd-cfbe-42ba-97d5-a8a059e255da req-6aa8f0fd-cfbe-42ba-97d5-a8a059e255da ] Request (VolumesAssistedSnapshotsTest:tearDownClass): 200 GET http://10.180.1.21/compute/v2.1/servers/d6fcbfca-a9ff-4085-b133-89c85fb1980e 0.202s
2025-02-16 21:36:14.430 63377 INFO tempest.lib.common.rest_client [req-be62fea4-b457-4fb4-bafd-68ccaffecc60 req-be62fea4-b457-4fb4-bafd-68ccaffecc60 ] Request (ServerShowV247Test:test_update_rebuild_list_server): 200 GET http://10.180.1.21/compute/v2.1/servers/1d25291d-0faa-43b0-97a2-2c2db98b46c8 0.157s
2025-02-16 21:36:14.442 63377 INFO tempest.common.waiters [-] State transition "BUILD/spawning" ==> "ACTIVE/None" after 93 second wait
2025-02-16 21:36:14.444 63373 INFO tempest.lib.common.rest_client [req-2a45b3c7-289a-4461-9292-6b7f8651d7b9 req-2a45b3c7-289a-4461-9292-6b7f8651d7b9 ] Request (ServerActionsTestOtherB:test_create_backup): 200 GET http://10.180.1.21/image/v2/images/fbc8b80d-9171-43ad-9f44-9747f05b470c 0.023s
2025-02-16 21:36:14.460 63363 INFO tempest.lib.common.rest_client [req-47fdd879-b2fe-433a-a748-649f92af309a req-47fdd879-b2fe-433a-a748-649f92af309a ] Request (ServersWithSpecificFlavorTestJSON:test_verify_created_server_ephemeral_disk): 200 GET http://10.180.1.21/compute/v2.1/servers/c3026000-ae9d-4378-9d76-658e3d00b183 0.134s
2025-02-16 21:36:14.504 63327 INFO tempest.lib.common.rest_client [req-6100899c-106e-4a52-8326-358f8220c71a req-6100899c-106e-4a52-8326-358f8220c71a ] Request (ListServerFiltersTestJSON:tearDownClass): 200 GET http://10.180.1.21/compute/v2.1/servers/0a3c5e11-62b6-4f02-bc14-917a932ecf54 0.091s
2025-02-16 21:36:14.581 63369 INFO tempest.lib.common.rest_client [req-f43a96a6-d2ca-41e4-a0c4-65465e60f56c req-f43a96a6-d2ca-41e4-a0c4-65465e60f56c ] Request (ServerDiagnosticsNegativeTest:test_get_server_diagnostics_by_non_admin): 200 GET http://10.180.1.21/compute/v2.1/servers/f9b91732-285f-46b7-accf-62d8681d0162 0.091s
2025-02-16 21:36:14.650 63337 INFO tempest.lib.common.rest_client [req-acb6a778-8d12-469e-a58a-92ea26ce6a9b req-acb6a778-8d12-469e-a58a-92ea26ce6a9b ] Request (ServerActionsTestOtherA:setUpClass): 200 GET http://10.180.1.21/compute/v2.1/servers/9b8f193f-ddd3-4896-8dca-149bace33104 0.140s
2025-02-16 21:36:14.681 63377 INFO tempest.lib.common.rest_client [req-23cc1792-8281-4003-96b4-17c9c2f7c9b7 req-23cc1792-8281-4003-96b4-17c9c2f7c9b7 ] Request (ServerShowV247Test:test_update_rebuild_list_server): 202 POST http://10.180.1.21/compute/v2.1/servers/1d25291d-0faa-43b0-97a2-2c2db98b46c8/action 0.237s
2025-02-16 21:36:14.709 63375 INFO tempest.lib.common.rest_client [req-87d074b0-328f-45c8-b5b7-cb39311fb8a3 req-87d074b0-328f-45c8-b5b7-cb39311fb8a3 ] Request (ServerMetadataNegativeTestJSON:setUpClass): 200 GET http://10.180.1.21/compute/v2.1/servers/bfdf748a-eb28-4c29-90d9-2f9cbe6dab04 0.131s
2025-02-16 21:36:14.730 63329 INFO tempest.lib.common.rest_client [req-6c6e7ee4-c12a-46c7-a748-71b340bdbf12 req-6c6e7ee4-c12a-46c7-a748-71b340bdbf12 ] Request (MigrationsAdminTest:test_resize_server_revert_deleted_flavor): 200 GET http://10.180.1.21/compute/v2.1/servers/dd634211-a62b-4aef-9da7-0445e4325d96 0.067s
2025-02-16 21:36:14.759 63321 INFO tempest.lib.common.rest_client [req-cd41a90b-5f3f-430a-8e72-5fd4147e0e5a req-cd41a90b-5f3f-430a-8e72-5fd4147e0e5a ] Request (ServersTestBootFromVolume:tearDownClass): 200 GET http://10.180.1.21/compute/v2.1/servers/e65043f5-524f-48c8-9774-9127604850c8 0.080s
2025-02-16 21:36:14.783 63377 INFO tempest.lib.common.rest_client [req-78459548-e5fa-413b-8147-55daee232e04 req-78459548-e5fa-413b-8147-55daee232e04 ] Request (ServerShowV247Test:test_update_rebuild_list_server): 200 GET http://10.180.1.21/compute/v2.1/servers/1d25291d-0faa-43b0-97a2-2c2db98b46c8 0.094s
2025-02-16 21:36:14.884 63359 INFO tempest.lib.common.rest_client [req-8d1b6d17-2f85-446c-93ea-7d0dd9b6aa21 req-8d1b6d17-2f85-446c-93ea-7d0dd9b6aa21 ] Request (ServersTestJSON:setUpClass): 201 POST http://10.180.1.21:9696/networking/v2.0/routers 1.099s
2025-02-16 21:36:15.007 63351 INFO tempest.lib.common.rest_client [req-5525f7de-1fd4-46f0-8c88-4965f60fd6bc req-5525f7de-1fd4-46f0-8c88-4965f60fd6bc ] Request (ServersNegativeTestJSON:tearDown): 200 GET http://10.180.1.21/compute/v2.1/servers/b6db441c-7399-43b4-910e-cc9c4dba1ffc 0.157s
2025-02-16 21:36:15.009 63339 INFO tempest.lib.common.rest_client [req-b47137cc-00ed-4bc9-a504-f48fe112c08c req-b47137cc-00ed-4bc9-a504-f48fe112c08c ] Request (ServersAdminNegativeTestJSON:test_migrate_server_invalid_state): 200 GET http://10.180.1.21/compute/v2.1/servers/e5e494bc-0262-4de6-84e7-ffc2989b9e19 0.159s
2025-02-16 21:36:15.089 63347 INFO tempest.lib.common.rest_client [req-5ded1552-a32a-45d8-a56f-66c3506c393c req-5ded1552-a32a-45d8-a56f-66c3506c393c ] Request (SecurityGroupsTestJSON:test_server_security_groups): 200 GET http://10.180.1.21/compute/v2.1/servers/4329770f-b089-46da-8d91-c9e953ba3a09 0.156s
2025-02-16 21:36:15.092 63333 INFO tempest.lib.common.rest_client [req-a372768a-fb95-4b86-9551-4ddfac35841a req-a372768a-fb95-4b86-9551-4ddfac35841a ] Request (FloatingIPsAssociationNegativeTestJSON:tearDownClass): 200 GET http://10.180.1.21/compute/v2.1/servers/92a7d8c9-a3d1-4a2f-8d73-3dc94778221a 0.166s
2025-02-16 21:36:15.163 63353 INFO tempest.lib.common.rest_client [req-1c0f1284-b1ce-42e0-bf51-49451fe5ef27 req-1c0f1284-b1ce-42e0-bf51-49451fe5ef27 ] Request (ServerDiskConfigTestJSON:test_rebuild_server_with_manual_disk_config): 200 GET http://10.180.1.21/compute/v2.1/servers/0a461527-9913-4e90-b0d9-c00883713791 0.163s
2025-02-16 21:36:15.173 63379 INFO tempest.lib.common.rest_client [req-040a6557-8eeb-4974-a362-a5c73b934072 req-040a6557-8eeb-4974-a362-a5c73b934072 ] Request (ImagesOneServerNegativeTestJSON:_run_cleanups): 200 GET http://10.180.1.21/compute/v2.1/servers/d088406c-7d55-4e8f-9618-49a296a79cf5 0.174s
2025-02-16 21:36:15.237 63357 INFO tempest.lib.common.rest_client [req-2ba893bf-2582-4001-9f11-a8cdd33bd460 req-2ba893bf-2582-4001-9f11-a8cdd33bd460 ] Request (ImagesTestJSON:test_create_server_from_snapshot): 200 GET http://10.180.1.21/compute/v2.1/servers/a4a56a92-d12d-4e4e-983a-336949f7bbb3 0.157s
2025-02-16 21:36:15.248 63341 INFO tempest.lib.common.rest_client [req-60ccaf5d-d6a0-4141-917b-d353b6932121 req-60ccaf5d-d6a0-4141-917b-d353b6932121 ] Request (ListServersNegativeTestJSON:setUpClass): 200 GET http://10.180.1.21/compute/v2.1/servers/5fda8f6b-edd4-4c2d-bdf4-fd5b16cf8d82 0.165s
2025-02-16 21:36:15.264 63331 INFO tempest.lib.common.rest_client [req-c7fc4435-23ad-4370-8046-a530d15da27d req-c7fc4435-23ad-4370-8046-a530d15da27d ] Request (AttachInterfacesUnderV243Test:test_add_remove_fixed_ip): 200 GET http://10.180.1.21/compute/v2.1/servers/81fcc80a-8f80-4d40-a061-f33c012cf54f/ips 0.168s
2025-02-16 21:36:15.301 63335 INFO tempest.lib.common.rest_client [req-924c3ec0-bfc2-4233-95e0-820e139fc8ff req-924c3ec0-bfc2-4233-95e0-820e139fc8ff ] Request (ServersAdminTestJSON:test_inject_network_info): 200 GET http://10.180.1.21/compute/v2.1/servers/1a1dab80-6129-4b21-8883-d97a39d16cd6 0.157s
2025-02-16 21:36:15.391 63325 WARNING tempest.lib.common.ssh [-] Failed to establish authenticated ssh connection to cirros@10.180.180.212 ([Errno None] Unable to connect to port 22 on 10.180.180.212). Number attempts: 1. Retry after 2 seconds.: paramiko.ssh_exception.NoValidConnectionsError: [Errno None] Unable to connect to port 22 on 10.180.180.212
2025-02-16 21:36:15.413 63371 INFO tempest.lib.common.rest_client [req-21f1432a-e292-4a56-9311-3f313cf345c1 req-21f1432a-e292-4a56-9311-3f313cf345c1 ] Request (DeleteServersTestJSON:test_delete_active_server): 200 GET http://10.180.1.21/compute/v2.1/servers/62a61aa1-4f64-4027-bc3d-fecd76f8afb1 0.236s
2025-02-16 21:36:15.420 63371 INFO tempest.common.waiters [-] State transition "BUILD/None" ==> "BUILD/networking" after 79 second wait
2025-02-16 21:36:15.444 63331 INFO tempest.lib.common.rest_client [req-e0420451-e81e-4b65-89d5-dafd395c4647 req-e0420451-e81e-4b65-89d5-dafd395c4647 ] Request (AttachInterfacesUnderV243Test:test_add_remove_fixed_ip): 200 GET http://10.180.1.21/compute/v2.1/servers/81fcc80a-8f80-4d40-a061-f33c012cf54f 0.178s
2025-02-16 21:36:15.464 63373 INFO tempest.lib.common.rest_client [req-2b14e974-068a-4452-8f16-d29674d5199d req-2b14e974-068a-4452-8f16-d29674d5199d ] Request (ServerActionsTestOtherB:test_create_backup): 200 GET http://10.180.1.21/image/v2/images/fbc8b80d-9171-43ad-9f44-9747f05b470c 0.018s
2025-02-16 21:36:15.484 63367 INFO tempest.lib.common.rest_client [req-4945c4f9-b4ea-4d2e-b1fc-104f9eb8dd28 req-4945c4f9-b4ea-4d2e-b1fc-104f9eb8dd28 ] Request (ServersTestJSON:tearDownClass): 200 GET http://10.180.1.21/compute/v2.1/servers/c03fdfd4-184e-47df-a40d-a856818686cd 0.212s
2025-02-16 21:36:15.581 63343 INFO tempest.lib.common.rest_client [req-aeb97f95-68d8-42c9-9d09-03ca84c37244 req-aeb97f95-68d8-42c9-9d09-03ca84c37244 ] Request (ServerActionsTestJSON:test_rebuild_server): 200 GET http://10.180.1.21/compute/v2.1/servers/172dafa3-669c-416f-ba21-5c668049ec67 0.233s
2025-02-16 21:36:15.638 63383 INFO tempest.lib.common.rest_client [req-a0046b5f-550a-4571-bb1d-fc25cb4d9acb req-a0046b5f-550a-4571-bb1d-fc25cb4d9acb ] Request (ImagesNegativeTestJSON:test_create_image_from_deleted_server): 200 GET http://10.180.1.21/compute/v2.1/servers/3f08c9a0-cfcd-4dec-ad2e-41afd6b22619 0.304s
2025-02-16 21:36:15.669 63345 INFO tempest.lib.common.rest_client [req-857dbaa4-0383-4fb3-bb17-1fe9564de9e9 req-857dbaa4-0383-4fb3-bb17-1fe9564de9e9 ] Request (VolumesAssistedSnapshotsTest:tearDownClass): 200 GET http://10.180.1.21/compute/v2.1/servers/d6fcbfca-a9ff-4085-b133-89c85fb1980e 0.256s
2025-02-16 21:36:15.678 63345 INFO tempest.common.waiters [-] State transition "ACTIVE/deleting" ==> "DELETED/None" after 4 second wait
2025-02-16 21:36:15.696 63331 INFO tempest.lib.common.rest_client [req-ae53dce9-a13a-4de1-a548-80272da7816b req-ae53dce9-a13a-4de1-a548-80272da7816b ] Request (AttachInterfacesUnderV243Test:test_add_remove_fixed_ip): 202 POST http://10.180.1.21/compute/v2.1/servers/81fcc80a-8f80-4d40-a061-f33c012cf54f/action 0.240s
