2025-02-16 21:33:25.202 63333 INFO tempest.lib.common.dynamic_creds [-] Dynamic test user 839e1c274abd432fb3fe72fea91d62cb is created with scope project and roles: ['admin']
2025-02-16 21:33:25.202 63333 INFO tempest.lib.common.dynamic_creds [-] Acquired dynamic creds: credentials: Credentials: {'domain_id': 'default', 'domain_name': 'Default', 'username': 'tempest-ServerDiagnosticsTest-219810115-project-admin', 'project_domain_id': 'default', 'project_domain_name': 'Default', 'project_id': '7d5e7f4f711947c4aa333a5c0b18360c', 'project_name': 'tempest-ServerDiagnosticsTest-219810115', 'tenant_id': '7d5e7f4f711947c4aa333a5c0b18360c', 'tenant_name': 'tempest-ServerDiagnosticsTest-219810115', 'user_domain_id': 'default', 'user_domain_name': 'Default', 'user_id': '839e1c274abd432fb3fe72fea91d62cb', 'system': None}, Network: None, Subnet: None, Router: None
2025-02-16 21:33:25.202 63333 INFO tempest.lib.common.dynamic_creds [-] Created isolated network resources for: credentials: Credentials: {'domain_id': 'default', 'domain_name': 'Default', 'username': 'tempest-ServerDiagnosticsTest-219810115-project-admin', 'project_domain_id': 'default', 'project_domain_name': 'Default', 'project_id': '7d5e7f4f711947c4aa333a5c0b18360c', 'project_name': 'tempest-ServerDiagnosticsTest-219810115', 'tenant_id': '7d5e7f4f711947c4aa333a5c0b18360c', 'tenant_name': 'tempest-ServerDiagnosticsTest-219810115', 'user_domain_id': 'default', 'user_domain_name': 'Default', 'user_id': '839e1c274abd432fb3fe72fea91d62cb', 'system': None}, Network: None, Subnet: None, Router: None
2025-02-16 21:33:25.232 63381 INFO tempest.lib.common.rest_client [req-65bc332a-e41e-45a7-9628-a42a803d86ec req-65bc332a-e41e-45a7-9628-a42a803d86ec ] Request (AZAdminNegativeTestJSON:tearDownClass): 204 DELETE http://10.180.1.21:9696/networking/v2.0/security-groups/66360e0c-60b8-473a-8661-852c063124e7 0.248s
2025-02-16 21:33:25.275 63333 INFO tempest.lib.common.rest_client [req-4b284344-1ec8-4acd-bcc4-7369dbe464ec req-4b284344-1ec8-4acd-bcc4-7369dbe464ec ] Request (ServerDiagnosticsTest:setUpClass): 201 POST http://10.180.1.21/identity/v3/auth/tokens 0.070s
2025-02-16 21:33:25.337 63333 INFO tempest.lib.common.rest_client [req-1575195f-ba15-44f7-b2ac-c6ff19a61efe req-1575195f-ba15-44f7-b2ac-c6ff19a61efe ] Request (ServerDiagnosticsTest:test_get_server_diagnostics): 201 POST http://10.180.1.21/identity/v3/auth/tokens 0.055s
2025-02-16 21:33:25.337 63333 INFO tempest.lib.common.fixed_network [-] (ServerDiagnosticsTest:test_get_server_diagnostics) Found network None available for tenant
2025-02-16 21:33:25.379 63381 INFO tempest.lib.common.rest_client [req-252b091a-9a0b-43af-8804-28ec9b3f46b9 req-252b091a-9a0b-43af-8804-28ec9b3f46b9 ] Request (AZAdminNegativeTestJSON:tearDownClass): 204 DELETE http://10.180.1.21/identity/v3/projects/0b5b7ac2944842faac6926d764f1f457 0.147s
2025-02-16 21:33:25.379 63381 INFO tempest.lib.common.dynamic_creds [-] Deleting project and security group for project: 01ba3aa1f4d3438daed5eaead630979a
2025-02-16 21:33:25.422 63371 INFO tempest.lib.common.rest_client [req-dd5ce24a-7c2d-4b39-9cd3-7aa3add6c3e7 req-dd5ce24a-7c2d-4b39-9cd3-7aa3add6c3e7 ] Request (ServersAdmin275Test:test_rebuild_update_server_275): 202 POST http://10.180.1.21/compute/v2.1/servers 3.693s
2025-02-16 21:33:25.459 63327 INFO tempest.lib.common.rest_client [req-04c32dd4-f8b2-4ac3-aa79-d048b673c453 req-04c32dd4-f8b2-4ac3-aa79-d048b673c453 ] Request (HypervisorAdminV253TestBase:test_list_show_detail_hypervisors): 200 GET http://10.180.1.21/compute/v2.1/os-hypervisors/06c960b2-af36-4eff-b95c-ff03fab46dc6 3.682s
2025-02-16 21:33:25.566 63363 INFO tempest.lib.common.rest_client [req-f77b3262-9028-4506-ae04-70c80215ae34 req-f77b3262-9028-4506-ae04-70c80215ae34 ] Request (ServersWithSpecificFlavorTestJSON:setUpClass): 201 POST http://10.180.1.21:9696/networking/v2.0/routers 1.156s
2025-02-16 21:33:25.580 63361 INFO tempest.lib.common.rest_client [req-a4f242fc-9dcf-4563-b7f5-9c82e57bb5e7 req-a4f242fc-9dcf-4563-b7f5-9c82e57bb5e7 ] Request (HostsAdminNegativeTestJSON:test_list_hosts_with_non_admin_user): 403 GET http://10.180.1.21/compute/v2.1/os-hosts 3.613s
2025-02-16 21:33:25.611 63327 INFO tempest.lib.common.rest_client [req-0926eec3-6714-4fa1-b2d7-be348949a866 req-0926eec3-6714-4fa1-b2d7-be348949a866 ] Request (HypervisorAdminV253TestBase:tearDownClass): 204 DELETE http://10.180.1.21/identity/v3/users/5125ef6e19114840830294a0e42c4149 0.143s
2025-02-16 21:33:25.700 63327 INFO tempest.lib.common.rest_client [req-3fe77ac4-3bc8-455e-a7a2-1b198fe0940f req-3fe77ac4-3bc8-455e-a7a2-1b198fe0940f ] Request (HypervisorAdminV253TestBase:tearDownClass): 204 DELETE http://10.180.1.21/identity/v3/users/aa60ed354d0946b780a2f62161b816e2 0.088s
2025-02-16 21:33:25.700 63327 INFO tempest.lib.common.dynamic_creds [-] Deleting project and security group for project: 850937b40fdc468dafd9a704512c2f96
2025-02-16 21:33:25.771 63327 INFO tempest.lib.common.rest_client [req-fa2e6066-7878-4786-ad68-8756fd22dafa req-fa2e6066-7878-4786-ad68-8756fd22dafa ] Request (HypervisorAdminV253TestBase:tearDownClass): 201 POST http://10.180.1.21/identity/v3/auth/tokens 0.070s
2025-02-16 21:33:25.792 63341 INFO tempest.lib.common.rest_client [req-649bf3c5-eff4-4568-9c02-fa1d056832b1 req-649bf3c5-eff4-4568-9c02-fa1d056832b1 ] Request (FloatingIPsTestJSON:setUpClass): 201 POST http://10.180.1.21:9696/networking/v2.0/networks 0.726s
2025-02-16 21:33:25.807 63381 INFO tempest.lib.common.rest_client [req-3ed2bba6-351c-4c84-95b6-61e9ea791f03 req-3ed2bba6-351c-4c84-95b6-61e9ea791f03 ] Request (AZAdminNegativeTestJSON:tearDownClass): 200 GET http://10.180.1.21:9696/networking/v2.0/security-groups?tenant_id=01ba3aa1f4d3438daed5eaead630979a&name=default 0.427s
2025-02-16 21:33:26.120 63381 INFO tempest.lib.common.rest_client [req-0f648b6b-d399-49e5-bcaf-07a3d548cc76 req-0f648b6b-d399-49e5-bcaf-07a3d548cc76 ] Request (AZAdminNegativeTestJSON:tearDownClass): 204 DELETE http://10.180.1.21:9696/networking/v2.0/security-groups/636adf0f-9bf1-449f-a9b9-fbb17faf9a96 0.313s
2025-02-16 21:33:26.163 63365 INFO tempest.lib.common.rest_client [req-297c5310-89b4-42c6-a696-8dcb55bbd808 req-297c5310-89b4-42c6-a696-8dcb55bbd808 ] Request (SecurityGroupsTestAdminJSON:test_list_security_groups_list_all_tenants_filter): 200 POST http://10.180.1.21/compute/v2.1/os-security-groups 3.766s
2025-02-16 21:33:26.171 63325 INFO tempest.lib.common.rest_client [req-392b68f8-6e7b-4711-84f7-a25c27b5d9ab req-392b68f8-6e7b-4711-84f7-a25c27b5d9ab ] Request (HypervisorAdminNegativeTestJSON:test_get_hypervisor_list_with_non_admin_user): 403 GET http://10.180.1.21/compute/v2.1/os-hypervisors 3.750s
2025-02-16 21:33:26.184 63381 INFO tempest.lib.common.rest_client [req-c7684e92-9112-4801-9691-b09c67d5fcfd req-c7684e92-9112-4801-9691-b09c67d5fcfd ] Request (AZAdminNegativeTestJSON:tearDownClass): 204 DELETE http://10.180.1.21/identity/v3/projects/01ba3aa1f4d3438daed5eaead630979a 0.064s
2025-02-16 21:33:26.186 63327 INFO tempest.lib.common.rest_client [req-0c47f2ac-729a-4376-a0bc-5ab01f044a7a req-0c47f2ac-729a-4376-a0bc-5ab01f044a7a ] Request (HypervisorAdminV253TestBase:tearDownClass): 200 GET http://10.180.1.21:9696/networking/v2.0/security-groups?tenant_id=850937b40fdc468dafd9a704512c2f96&name=default 0.415s
2025-02-16 21:33:26.252 63381 INFO tempest.lib.common.rest_client [req-40384e02-b32b-49df-be27-e086d2ea7995 req-40384e02-b32b-49df-be27-e086d2ea7995 ] Request (FlavorsV261TestJSON:setUpClass): 201 POST http://10.180.1.21/identity/v3/auth/tokens 0.065s
2025-02-16 21:33:26.283 63381 INFO tempest.lib.common.rest_client [req-e8d4a2ef-e4e0-447e-8b4e-3f3a03c3428d req-e8d4a2ef-e4e0-447e-8b4e-3f3a03c3428d ] Request (FlavorsV261TestJSON:setUpClass): 201 POST http://10.180.1.21/identity/v3/auth/tokens 0.027s
2025-02-16 21:33:26.308 63381 INFO tempest.lib.common.rest_client [req-63a6abfe-7e53-4355-9e69-ffa3655c11eb req-63a6abfe-7e53-4355-9e69-ffa3655c11eb ] Request (FlavorsV261TestJSON:setUpClass): 200 GET http://10.180.1.21/identity/v3/domains?name=Default 0.024s
2025-02-16 21:33:26.335 63381 INFO tempest.lib.common.rest_client [req-c1d24495-a42e-41e0-be7e-29d81b05c01d req-c1d24495-a42e-41e0-be7e-29d81b05c01d ] Request (FlavorsV261TestJSON:setUpClass): 201 POST http://10.180.1.21/identity/v3/projects 0.027s
2025-02-16 21:33:26.383 63327 INFO tempest.lib.common.rest_client [req-7d43c23f-86f2-4d9c-afba-d375ff6af4fb req-7d43c23f-86f2-4d9c-afba-d375ff6af4fb ] Request (HypervisorAdminV253TestBase:tearDownClass): 204 DELETE http://10.180.1.21:9696/networking/v2.0/security-groups/4129ec3b-4ed2-4c6f-80fe-185485aafafc 0.197s
2025-02-16 21:33:26.406 63341 INFO tempest.lib.common.rest_client [req-1fca6040-dd78-4888-a250-b8ac00487520 req-1fca6040-dd78-4888-a250-b8ac00487520 ] Request (FloatingIPsTestJSON:setUpClass): 201 POST http://10.180.1.21:9696/networking/v2.0/subnets 0.613s
2025-02-16 21:33:26.407 63381 INFO tempest.lib.common.rest_client [req-a18cac6a-2d65-43df-97af-6ca3e5d4f2ac req-a18cac6a-2d65-43df-97af-6ca3e5d4f2ac ] Request (FlavorsV261TestJSON:setUpClass): 201 POST http://10.180.1.21/identity/v3/users 0.071s
2025-02-16 21:33:26.446 63381 INFO tempest.lib.common.rest_client [req-297fc196-b631-4abf-832e-c67ead02d4e7 req-297fc196-b631-4abf-832e-c67ead02d4e7 ] Request (FlavorsV261TestJSON:setUpClass): 200 GET http://10.180.1.21/identity/v3/roles 0.038s
2025-02-16 21:33:26.462 63327 INFO tempest.lib.common.rest_client [req-d20f6f30-6dd7-4d0b-8b01-c9e94d73f3bb req-d20f6f30-6dd7-4d0b-8b01-c9e94d73f3bb ] Request (HypervisorAdminV253TestBase:tearDownClass): 204 DELETE http://10.180.1.21/identity/v3/projects/850937b40fdc468dafd9a704512c2f96 0.078s
2025-02-16 21:33:26.462 63327 INFO tempest.lib.common.dynamic_creds [-] Deleting project and security group for project: 1d7fd585445f4441be2037af4c98f1ba
2025-02-16 21:33:26.509 63381 INFO tempest.lib.common.rest_client [req-b6ee75de-1b3b-4279-9562-c9d882abc6a1 req-b6ee75de-1b3b-4279-9562-c9d882abc6a1 ] Request (FlavorsV261TestJSON:setUpClass): 204 PUT http://10.180.1.21/identity/v3/projects/b86a4eec21ae432982801138c1ffc23b/users/50830f79afd742f8be2feef786f34fb0/roles/4bb4edd220cf4d4da01f0e2d1cec56b7 0.063s
2025-02-16 21:33:26.510 63381 INFO tempest.lib.common.dynamic_creds [-] Dynamic test user 50830f79afd742f8be2feef786f34fb0 is created with scope project and roles: ['member']
2025-02-16 21:33:26.510 63381 INFO tempest.lib.common.dynamic_creds [-] Acquired dynamic creds: credentials: Credentials: {'domain_id': 'default', 'domain_name': 'Default', 'username': 'tempest-FlavorsV261TestJSON-2107309156-project-member', 'project_domain_id': 'default', 'project_domain_name': 'Default', 'project_id': 'b86a4eec21ae432982801138c1ffc23b', 'project_name': 'tempest-FlavorsV261TestJSON-2107309156', 'tenant_id': 'b86a4eec21ae432982801138c1ffc23b', 'tenant_name': 'tempest-FlavorsV261TestJSON-2107309156', 'user_domain_id': 'default', 'user_domain_name': 'Default', 'user_id': '50830f79afd742f8be2feef786f34fb0', 'system': None}, Network: None, Subnet: None, Router: None
2025-02-16 21:33:26.510 63381 INFO tempest.lib.common.dynamic_creds [-] Created isolated network resources for: credentials: Credentials: {'domain_id': 'default', 'domain_name': 'Default', 'username': 'tempest-FlavorsV261TestJSON-2107309156-project-member', 'project_domain_id': 'default', 'project_domain_name': 'Default', 'project_id': 'b86a4eec21ae432982801138c1ffc23b', 'project_name': 'tempest-FlavorsV261TestJSON-2107309156', 'tenant_id': 'b86a4eec21ae432982801138c1ffc23b', 'tenant_name': 'tempest-FlavorsV261TestJSON-2107309156', 'user_domain_id': 'default', 'user_domain_name': 'Default', 'user_id': '50830f79afd742f8be2feef786f34fb0', 'system': None}, Network: None, Subnet: None, Router: None
2025-02-16 21:33:26.547 63377 INFO tempest.lib.common.rest_client [req-7809fcd6-6725-4509-83de-77b9ba50dd55 req-7809fcd6-6725-4509-83de-77b9ba50dd55 ] Request (ServerPasswordTestJSON:setUpClass): 201 POST http://10.180.1.21:9696/networking/v2.0/routers 2.310s
2025-02-16 21:33:26.603 63381 INFO tempest.lib.common.rest_client [req-ffe53561-bd0e-4706-a019-76fd52b6eee8 req-ffe53561-bd0e-4706-a019-76fd52b6eee8 ] Request (FlavorsV261TestJSON:setUpClass): 201 POST http://10.180.1.21/identity/v3/auth/tokens 0.084s
2025-02-16 21:33:26.685 63381 INFO tempest.lib.common.rest_client [req-5fd07432-0818-42ae-af8c-f74dc1ac84dd req-5fd07432-0818-42ae-af8c-f74dc1ac84dd ] Request (FlavorsV261TestJSON:setUpClass): 201 POST http://10.180.1.21/identity/v3/projects 0.081s
2025-02-16 21:33:26.774 63381 INFO tempest.lib.common.rest_client [req-d84d99d5-e18d-4d78-9ea1-3ac863a95c1b req-d84d99d5-e18d-4d78-9ea1-3ac863a95c1b ] Request (FlavorsV261TestJSON:setUpClass): 201 POST http://10.180.1.21/identity/v3/users 0.089s
2025-02-16 21:33:26.804 63381 INFO tempest.lib.common.rest_client [req-8e9a68fb-e791-4a2f-b767-c94c12cf90cd req-8e9a68fb-e791-4a2f-b767-c94c12cf90cd ] Request (FlavorsV261TestJSON:setUpClass): 200 GET http://10.180.1.21/identity/v3/roles 0.030s
2025-02-16 21:33:26.805 63327 INFO tempest.lib.common.rest_client [req-448fb247-bfcb-4de4-8082-421e7d2fdce7 req-448fb247-bfcb-4de4-8082-421e7d2fdce7 ] Request (HypervisorAdminV253TestBase:tearDownClass): 200 GET http://10.180.1.21:9696/networking/v2.0/security-groups?tenant_id=1d7fd585445f4441be2037af4c98f1ba&name=default 0.342s
2025-02-16 21:33:26.846 63331 INFO tempest.lib.common.rest_client [req-91bf467e-b0a1-4a70-a546-9dea28d84fcf req-91bf467e-b0a1-4a70-a546-9dea28d84fcf ] Request (FloatingIPDetailsTestJSON:setUpClass): 200 POST http://10.180.1.21/compute/v2.1/os-floating-ips 5.118s
2025-02-16 21:33:26.848 63381 INFO tempest.lib.common.rest_client [req-b7309673-e001-43bc-9d79-8638f394db6e req-b7309673-e001-43bc-9d79-8638f394db6e ] Request (FlavorsV261TestJSON:setUpClass): 204 PUT http://10.180.1.21/identity/v3/projects/3f55457ac0f9448c94b14d2223e7b80a/users/6c0b3d36989443a4ac466e9967f2d11f/roles/81ecbe8d5a734d5398dace16d76d4ad0 0.043s
2025-02-16 21:33:26.874 63345 INFO tempest.lib.common.rest_client [req-8f88e44b-87d6-4314-a713-a68e3567ba4c req-8f88e44b-87d6-4314-a713-a68e3567ba4c ] Request (VolumesAssistedSnapshotsTest:setUpClass): 201 POST http://10.180.1.21:9696/networking/v2.0/routers 2.293s
2025-02-16 21:33:26.887 63347 INFO tempest.lib.common.rest_client [req-f53e922d-b9b3-4297-8863-807c743c61c9 req-f53e922d-b9b3-4297-8863-807c743c61c9 ] Request (SecurityGroupsTestJSON:setUpClass): 201 POST http://10.180.1.21:9696/networking/v2.0/routers 1.963s
2025-02-16 21:33:26.932 63381 INFO tempest.lib.common.rest_client [req-482da8b8-2916-4256-be2a-8f6d1fee1194 req-482da8b8-2916-4256-be2a-8f6d1fee1194 ] Request (FlavorsV261TestJSON:setUpClass): 200 GET http://10.180.1.21/identity/v3/roles 0.083s
2025-02-16 21:33:26.952 63381 INFO tempest.lib.common.rest_client [req-896d5733-0091-47f7-8a2c-fe412df6e088 req-896d5733-0091-47f7-8a2c-fe412df6e088 ] Request (FlavorsV261TestJSON:setUpClass): 204 PUT http://10.180.1.21/identity/v3/projects/3f55457ac0f9448c94b14d2223e7b80a/users/6c0b3d36989443a4ac466e9967f2d11f/roles/81ecbe8d5a734d5398dace16d76d4ad0 0.019s
2025-02-16 21:33:26.952 63381 INFO tempest.lib.common.dynamic_creds [-] Dynamic test user 6c0b3d36989443a4ac466e9967f2d11f is created with scope project and roles: ['admin']
2025-02-16 21:33:26.953 63381 INFO tempest.lib.common.dynamic_creds [-] Acquired dynamic creds: credentials: Credentials: {'domain_id': 'default', 'domain_name': 'Default', 'username': 'tempest-FlavorsV261TestJSON-656597461-project-admin', 'project_domain_id': 'default', 'project_domain_name': 'Default', 'project_id': '3f55457ac0f9448c94b14d2223e7b80a', 'project_name': 'tempest-FlavorsV261TestJSON-656597461', 'tenant_id': '3f55457ac0f9448c94b14d2223e7b80a', 'tenant_name': 'tempest-FlavorsV261TestJSON-656597461', 'user_domain_id': 'default', 'user_domain_name': 'Default', 'user_id': '6c0b3d36989443a4ac466e9967f2d11f', 'system': None}, Network: None, Subnet: None, Router: None
2025-02-16 21:33:26.953 63381 INFO tempest.lib.common.dynamic_creds [-] Created isolated network resources for: credentials: Credentials: {'domain_id': 'default', 'domain_name': 'Default', 'username': 'tempest-FlavorsV261TestJSON-656597461-project-admin', 'project_domain_id': 'default', 'project_domain_name': 'Default', 'project_id': '3f55457ac0f9448c94b14d2223e7b80a', 'project_name': 'tempest-FlavorsV261TestJSON-656597461', 'tenant_id': '3f55457ac0f9448c94b14d2223e7b80a', 'tenant_name': 'tempest-FlavorsV261TestJSON-656597461', 'user_domain_id': 'default', 'user_domain_name': 'Default', 'user_id': '6c0b3d36989443a4ac466e9967f2d11f', 'system': None}, Network: None, Subnet: None, Router: None
2025-02-16 21:33:27.050 63381 INFO tempest.lib.common.rest_client [req-09c3d46c-37fe-40b7-8467-a8fb742f4f44 req-09c3d46c-37fe-40b7-8467-a8fb742f4f44 ] Request (FlavorsV261TestJSON:setUpClass): 201 POST http://10.180.1.21/identity/v3/auth/tokens 0.093s
2025-02-16 21:33:27.291 63327 INFO tempest.lib.common.rest_client [req-b6cab037-7c37-4249-a446-8de7c666d461 req-b6cab037-7c37-4249-a446-8de7c666d461 ] Request (HypervisorAdminV253TestBase:tearDownClass): 204 DELETE http://10.180.1.21:9696/networking/v2.0/security-groups/3d9f09ca-568b-4379-8d6c-7c17427a2d57 0.485s
2025-02-16 21:33:27.424 63327 INFO tempest.lib.common.rest_client [req-d0266c5f-859b-4323-8477-37e1e17bb64d req-d0266c5f-859b-4323-8477-37e1e17bb64d ] Request (HypervisorAdminV253TestBase:tearDownClass): 204 DELETE http://10.180.1.21/identity/v3/projects/1d7fd585445f4441be2037af4c98f1ba 0.133s
2025-02-16 21:33:27.463 63367 INFO tempest.lib.common.rest_client [req-0f65dc79-dd2d-4a10-a3cd-0ad5704eaea7 req-0f65dc79-dd2d-4a10-a3cd-0ad5704eaea7 ] Request (TenantUsagesTestJSON:setUpClass): 200 GET http://10.180.1.21/compute/v2.1/servers/a5376d43-a90b-43df-80ad-ffa5b3b3e959 4.724s
2025-02-16 21:33:27.510 63327 INFO tempest.lib.common.rest_client [req-75c6005a-0367-499f-86e0-7f05b6f03be5 req-75c6005a-0367-499f-86e0-7f05b6f03be5 ] Request (InstanceUsageAuditLogTestJSON:setUpClass): 201 POST http://10.180.1.21/identity/v3/auth/tokens 0.084s
2025-02-16 21:33:27.560 63327 INFO tempest.lib.common.rest_client [req-3e66eb55-85c5-471f-b666-50a1365bc0b1 req-3e66eb55-85c5-471f-b666-50a1365bc0b1 ] Request (InstanceUsageAuditLogTestJSON:setUpClass): 201 POST http://10.180.1.21/identity/v3/auth/tokens 0.042s
2025-02-16 21:33:27.593 63355 INFO tempest.lib.common.rest_client [req-38252ee8-8a64-4bf9-b063-c6e745257d7a req-38252ee8-8a64-4bf9-b063-c6e745257d7a ] Request (FlavorMetadataValidation:test_flavor_update_with_custom_namespace): 200 POST http://10.180.1.21/compute/v2.1/flavors/176922047/os-extra_specs 4.831s
2025-02-16 21:33:27.601 63335 INFO tempest.lib.common.rest_client [req-af00379c-4652-4aa7-a312-43f9aab7e6d0 req-af00379c-4652-4aa7-a312-43f9aab7e6d0 ] Request (ServersAdminTestJSON:setUpClass): 200 PUT http://10.180.1.21:9696/networking/v2.0/routers/db6b93f9-a712-4072-9ab2-c51bf7fe6904/add_router_interface 3.329s
2025-02-16 21:33:27.601 63335 INFO tempest.lib.common.dynamic_creds [-] Created isolated network resources for: credentials: Credentials: {'domain_id': 'default', 'domain_name': 'Default', 'username': 'tempest-ServersAdminTestJSON-1585723191-project-admin', 'project_domain_id': 'default', 'project_domain_name': 'Default', 'project_id': '387c55df41f14464a6e383006bcbf6dc', 'project_name': 'tempest-ServersAdminTestJSON-1585723191', 'tenant_id': '387c55df41f14464a6e383006bcbf6dc', 'tenant_name': 'tempest-ServersAdminTestJSON-1585723191', 'user_domain_id': 'default', 'user_domain_name': 'Default', 'user_id': 'd95044f2ee5d4157b9f244f055919ae9', 'system': None}, Network: {'id': '85320fbc-64d1-4e23-97eb-a62543e90ff0', 'name': 'tempest-ServersAdminTestJSON-1849824418-network', 'tenant_id': '387c55df41f14464a6e383006bcbf6dc', 'admin_state_up': True, 'mtu': 8950, 'status': 'ACTIVE', 'subnets': [], 'shared': False, 'project_id': '387c55df41f14464a6e383006bcbf6dc', 'port_security_enabled': True, 'router:external': False, 'provider:network_type': 'vlan', 'provider:physical_network': 'default', 'provider:segmentation_id': 194, 'availability_zone_hints': [], 'availability_zones': [], 'ipv4_address_scope': None, 'ipv6_address_scope': None, 'description': '', 'tags': [], 'created_at': '2025-02-16T21:33:22Z', 'updated_at': '2025-02-16T21:33:22Z', 'revision_number': 1}, Subnet: {'id': 'a0211db5-30ce-439c-a915-195c5cd7947a', 'name': 'tempest-ServersAdminTestJSON-1849824418-subnet', 'tenant_id': '387c55df41f14464a6e383006bcbf6dc', 'network_id': '85320fbc-64d1-4e23-97eb-a62543e90ff0', 'ip_version': 4, 'subnetpool_id': None, 'enable_dhcp': True, 'ipv6_ra_mode': None, 'ipv6_address_mode': None, 'gateway_ip': '192.168.128.1', 'cidr': '192.168.128.0/28', 'allocation_pools': [{'start': '192.168.128.2', 'end': '192.168.128.14'}], 'host_routes': [], 'dns_nameservers': [], 'description': '', 'router:external': False, 'service_types': [], 'tags': [], 'created_at': '2025-02-16T21:33:23Z', 'updated_at': '2025-02-16T21:33:23Z', 'revision_number': 0, 'project_id': '387c55df41f14464a6e383006bcbf6dc'}, Router: {'id': 'db6b93f9-a712-4072-9ab2-c51bf7fe6904', 'name': 'tempest-ServersAdminTestJSON-1849824418-router', 'tenant_id': '387c55df41f14464a6e383006bcbf6dc', 'admin_state_up': True, 'status': 'ACTIVE', 'external_gateway_info': {'network_id': 'd4312fa5-53bd-4edb-b309-d74fa98a49cf', 'external_fixed_ips': [{'subnet_id': '21ae1913-943d-4398-80df-69c1ba959c19', 'ip_address': '10.180.180.202'}], 'enable_snat': True}, 'description': '', 'availability_zones': [], 'distributed': False, 'ha': False, 'availability_zone_hints': [], 'routes': [], 'flavor_id': None, 'tags': [], 'created_at': '2025-02-16T21:33:23Z', 'updated_at': '2025-02-16T21:33:23Z', 'revision_number': 2, 'project_id': '387c55df41f14464a6e383006bcbf6dc'}
2025-02-16 21:33:27.602 63343 INFO tempest.lib.common.rest_client [req-f3f528d0-6c60-4e4c-b03e-59dc77b3567f req-f3f528d0-6c60-4e4c-b03e-59dc77b3567f ] Request (TenantUsagesNegativeTestJSON:test_get_usage_tenant_with_invalid_date): 400 GET http://10.180.1.21/compute/v2.1/os-simple-tenant-usage/06ee0e701b40487ba8f54b3c66561e9a?start=2025-02-17T21%3A33%3A21.068215&end=2025-02-15T21%3A33%3A21.068215 4.567s
2025-02-16 21:33:27.613 63327 INFO tempest.lib.common.rest_client [req-8d769670-d235-4c1d-9942-20e6a45653ca req-8d769670-d235-4c1d-9942-20e6a45653ca ] Request (InstanceUsageAuditLogTestJSON:setUpClass): 200 GET http://10.180.1.21/identity/v3/domains?name=Default 0.052s
2025-02-16 21:33:27.662 63357 INFO tempest.lib.common.rest_client [req-53311e20-49a8-4eec-b86e-f07d7df6d9da req-53311e20-49a8-4eec-b86e-f07d7df6d9da ] Request (ImagesTestJSON:test_create_image_from_stopped_server): 202 POST http://10.180.1.21/compute/v2.1/servers 5.059s
2025-02-16 21:33:27.682 63327 INFO tempest.lib.common.rest_client [req-7a8ad605-5058-4baa-b77d-651e13ac1b94 req-7a8ad605-5058-4baa-b77d-651e13ac1b94 ] Request (InstanceUsageAuditLogTestJSON:setUpClass): 201 POST http://10.180.1.21/identity/v3/projects 0.066s
2025-02-16 21:33:27.779 63327 INFO tempest.lib.common.rest_client [req-c9463ead-a157-4484-92f4-94710558941b req-c9463ead-a157-4484-92f4-94710558941b ] Request (InstanceUsageAuditLogTestJSON:setUpClass): 201 POST http://10.180.1.21/identity/v3/users 0.097s
2025-02-16 21:33:27.801 63335 INFO tempest.lib.common.rest_client [req-77b0a435-42a9-4a08-876d-e5a3671373d3 req-77b0a435-42a9-4a08-876d-e5a3671373d3 ] Request (ServersAdminTestJSON:setUpClass): 201 POST http://10.180.1.21/identity/v3/auth/tokens 0.131s
2025-02-16 21:33:27.824 63327 INFO tempest.lib.common.rest_client [req-3322495c-a2ad-47aa-94a7-d55712136af3 req-3322495c-a2ad-47aa-94a7-d55712136af3 ] Request (InstanceUsageAuditLogTestJSON:setUpClass): 200 GET http://10.180.1.21/identity/v3/roles 0.044s
2025-02-16 21:33:27.897 63327 INFO tempest.lib.common.rest_client [req-ec00302c-c6c0-44b1-9a72-cfab00849cca req-ec00302c-c6c0-44b1-9a72-cfab00849cca ] Request (InstanceUsageAuditLogTestJSON:setUpClass): 204 PUT http://10.180.1.21/identity/v3/projects/38f3b2b73b2b41a2a526b2e0f7756fa1/users/4cba6102d48c4c028037d5d9595ea0b0/roles/4bb4edd220cf4d4da01f0e2d1cec56b7 0.069s
2025-02-16 21:33:27.897 63327 INFO tempest.lib.common.dynamic_creds [-] Dynamic test user 4cba6102d48c4c028037d5d9595ea0b0 is created with scope project and roles: ['member']
2025-02-16 21:33:27.897 63327 INFO tempest.lib.common.dynamic_creds [-] Acquired dynamic creds: credentials: Credentials: {'domain_id': 'default', 'domain_name': 'Default', 'username': 'tempest-InstanceUsageAuditLogTestJSON-1414187877-project-member', 'project_domain_id': 'default', 'project_domain_name': 'Default', 'project_id': '38f3b2b73b2b41a2a526b2e0f7756fa1', 'project_name': 'tempest-InstanceUsageAuditLogTestJSON-1414187877', 'tenant_id': '38f3b2b73b2b41a2a526b2e0f7756fa1', 'tenant_name': 'tempest-InstanceUsageAuditLogTestJSON-1414187877', 'user_domain_id': 'default', 'user_domain_name': 'Default', 'user_id': '4cba6102d48c4c028037d5d9595ea0b0', 'system': None}, Network: None, Subnet: None, Router: None
2025-02-16 21:33:27.897 63327 INFO tempest.lib.common.dynamic_creds [-] Created isolated network resources for: credentials: Credentials: {'domain_id': 'default', 'domain_name': 'Default', 'username': 'tempest-InstanceUsageAuditLogTestJSON-1414187877-project-member', 'project_domain_id': 'default', 'project_domain_name': 'Default', 'project_id': '38f3b2b73b2b41a2a526b2e0f7756fa1', 'project_name': 'tempest-InstanceUsageAuditLogTestJSON-1414187877', 'tenant_id': '38f3b2b73b2b41a2a526b2e0f7756fa1', 'tenant_name': 'tempest-InstanceUsageAuditLogTestJSON-1414187877', 'user_domain_id': 'default', 'user_domain_name': 'Default', 'user_id': '4cba6102d48c4c028037d5d9595ea0b0', 'system': None}, Network: None, Subnet: None, Router: None
2025-02-16 21:33:27.903 63335 INFO tempest.lib.common.rest_client [req-60c70e28-b2ef-476b-a0f3-853bf5894084 req-60c70e28-b2ef-476b-a0f3-853bf5894084 ] Request (ServersAdminTestJSON:setUpClass): 201 POST http://10.180.1.21/identity/v3/auth/tokens 0.097s
2025-02-16 21:33:27.903 63335 INFO tempest.lib.common.fixed_network [-] (ServersAdminTestJSON:setUpClass) Found network {'id': '6166e47e-85ca-4a0d-b2d6-ba225a4b684b', 'name': 'tempest-ServersAdminTestJSON-1537534001-network', 'tenant_id': 'f358e486ff0142c8ab5c34c268124078', 'admin_state_up': True, 'mtu': 8950, 'status': 'ACTIVE', 'subnets': [], 'shared': False, 'project_id': 'f358e486ff0142c8ab5c34c268124078', 'port_security_enabled': True, 'router:external': False, 'provider:network_type': 'vlan', 'provider:physical_network': 'default', 'provider:segmentation_id': 367, 'availability_zone_hints': [], 'availability_zones': [], 'ipv4_address_scope': None, 'ipv6_address_scope': None, 'description': '', 'tags': [], 'created_at': '2025-02-16T21:33:15Z', 'updated_at': '2025-02-16T21:33:15Z', 'revision_number': 1} available for tenant
2025-02-16 21:33:27.930 63359 INFO tempest.lib.common.rest_client [req-0fca05ea-ce5b-43fd-8357-3b6399c7b130 req-0fca05ea-ce5b-43fd-8357-3b6399c7b130 ] Request (QuotasAdminTestJSON:test_delete_quota): 200 PUT http://10.180.1.21/compute/v2.1/os-quota-sets/bbc2435c337149749e854d2e2204d91f 4.592s
2025-02-16 21:33:27.972 63327 INFO tempest.lib.common.rest_client [req-5bdfb6d1-54e0-4806-bc21-815f5923ae1b req-5bdfb6d1-54e0-4806-bc21-815f5923ae1b ] Request (InstanceUsageAuditLogTestJSON:setUpClass): 201 POST http://10.180.1.21/identity/v3/auth/tokens 0.071s
2025-02-16 21:33:28.008 63321 INFO tempest.lib.common.rest_client [req-5cb61c85-936a-47e4-94ce-673332fd72aa req-5cb61c85-936a-47e4-94ce-673332fd72aa ] Request (FlavorsV2NegativeTest:test_boot_with_low_ram): 400 POST http://10.180.1.21/compute/v2.1/servers 4.607s
2025-02-16 21:33:28.073 63363 INFO tempest.lib.common.rest_client [req-7ea38777-df54-4983-9e50-e88d029968fd req-7ea38777-df54-4983-9e50-e88d029968fd ] Request (ServersWithSpecificFlavorTestJSON:setUpClass): 200 PUT http://10.180.1.21:9696/networking/v2.0/routers/6543b31d-948f-4184-aa6f-edfd310ab186/add_router_interface 2.507s
2025-02-16 21:33:28.073 63363 INFO tempest.lib.common.dynamic_creds [-] Created isolated network resources for: credentials: Credentials: {'domain_id': 'default', 'domain_name': 'Default', 'username': 'tempest-ServersWithSpecificFlavorTestJSON-241704986-project-admin', 'project_domain_id': 'default', 'project_domain_name': 'Default', 'project_id': '83faa4f24c1b4f8dbe7503ee80b90e49', 'project_name': 'tempest-ServersWithSpecificFlavorTestJSON-241704986', 'tenant_id': '83faa4f24c1b4f8dbe7503ee80b90e49', 'tenant_name': 'tempest-ServersWithSpecificFlavorTestJSON-241704986', 'user_domain_id': 'default', 'user_domain_name': 'Default', 'user_id': '14d597afb7ad400dbf4c54fefdb36927', 'system': None}, Network: {'id': '5ac72a49-15eb-4c6e-a169-988449cbc61c', 'name': 'tempest-ServersWithSpecificFlavorTestJSON-874774217-network', 'tenant_id': '83faa4f24c1b4f8dbe7503ee80b90e49', 'admin_state_up': True, 'mtu': 8950, 'status': 'ACTIVE', 'subnets': [], 'shared': False, 'project_id': '83faa4f24c1b4f8dbe7503ee80b90e49', 'port_security_enabled': True, 'router:external': False, 'provider:network_type': 'vlan', 'provider:physical_network': 'default', 'provider:segmentation_id': 350, 'availability_zone_hints': [], 'availability_zones': [], 'ipv4_address_scope': None, 'ipv6_address_scope': None, 'description': '', 'tags': [], 'created_at': '2025-02-16T21:33:23Z', 'updated_at': '2025-02-16T21:33:23Z', 'revision_number': 1}, Subnet: {'id': '2d08bf21-7ffe-4cfe-83b1-0ee4387fb3df', 'name': 'tempest-ServersWithSpecificFlavorTestJSON-874774217-subnet', 'tenant_id': '83faa4f24c1b4f8dbe7503ee80b90e49', 'network_id': '5ac72a49-15eb-4c6e-a169-988449cbc61c', 'ip_version': 4, 'subnetpool_id': None, 'enable_dhcp': True, 'ipv6_ra_mode': None, 'ipv6_address_mode': None, 'gateway_ip': '192.168.128.1', 'cidr': '192.168.128.0/28', 'allocation_pools': [{'start': '192.168.128.2', 'end': '192.168.128.14'}], 'host_routes': [], 'dns_nameservers': [], 'description': '', 'router:external': False, 'service_types': [], 'tags': [], 'created_at': '2025-02-16T21:33:24Z', 'updated_at': '2025-02-16T21:33:24Z', 'revision_number': 0, 'project_id': '83faa4f24c1b4f8dbe7503ee80b90e49'}, Router: {'id': '6543b31d-948f-4184-aa6f-edfd310ab186', 'name': 'tempest-ServersWithSpecificFlavorTestJSON-874774217-router', 'tenant_id': '83faa4f24c1b4f8dbe7503ee80b90e49', 'admin_state_up': True, 'status': 'ACTIVE', 'external_gateway_info': {'network_id': 'd4312fa5-53bd-4edb-b309-d74fa98a49cf', 'external_fixed_ips': [{'subnet_id': '21ae1913-943d-4398-80df-69c1ba959c19', 'ip_address': '10.180.180.217'}], 'enable_snat': True}, 'description': '', 'availability_zones': [], 'distributed': False, 'ha': False, 'availability_zone_hints': [], 'routes': [], 'flavor_id': None, 'tags': [], 'created_at': '2025-02-16T21:33:24Z', 'updated_at': '2025-02-16T21:33:24Z', 'revision_number': 2, 'project_id': '83faa4f24c1b4f8dbe7503ee80b90e49'}
2025-02-16 21:33:28.076 63327 INFO tempest.lib.common.rest_client [req-8ff94739-2610-4910-811a-6a53de10c572 req-8ff94739-2610-4910-811a-6a53de10c572 ] Request (InstanceUsageAuditLogTestJSON:setUpClass): 201 POST http://10.180.1.21/identity/v3/projects 0.101s
2025-02-16 21:33:28.128 63323 INFO tempest.lib.common.rest_client [req-f3c02b96-c235-409b-8e7f-d1b78c9c72b9 req-f3c02b96-c235-409b-8e7f-d1b78c9c72b9 ] Request (DeleteServersAdminTestJSON:test_admin_delete_servers_of_others): 200 GET http://10.180.1.21/compute/v2.1/servers/f3c24f0e-73fe-4c35-a705-2b39c96fe5a4 4.073s
2025-02-16 21:33:28.142 63327 INFO tempest.lib.common.rest_client [req-6105c1fd-0d99-4a26-b8d4-b3aee7d52330 req-6105c1fd-0d99-4a26-b8d4-b3aee7d52330 ] Request (InstanceUsageAuditLogTestJSON:setUpClass): 201 POST http://10.180.1.21/identity/v3/users 0.066s
2025-02-16 21:33:28.230 63321 INFO tempest.lib.common.rest_client [req-33b79132-94bf-4cd7-ba6e-8d4bd6e8ef3b req-33b79132-94bf-4cd7-ba6e-8d4bd6e8ef3b ] Request (FlavorsV2NegativeTest:_run_cleanups): 204 DELETE http://10.180.1.21/image/v2/images/c8fb2a06-4054-42be-bef9-8a48b9d47c84 0.221s
2025-02-16 21:33:28.248 63363 INFO tempest.lib.common.rest_client [req-52e57738-c5ae-417b-9805-d0fbebd3673b req-52e57738-c5ae-417b-9805-d0fbebd3673b ] Request (ServersWithSpecificFlavorTestJSON:setUpClass): 201 POST http://10.180.1.21/identity/v3/auth/tokens 0.112s
2025-02-16 21:33:28.254 63369 INFO tempest.lib.common.rest_client [req-53d3ef69-bb83-41c9-98cc-de10283d3dc3 req-53d3ef69-bb83-41c9-98cc-de10283d3dc3 ] Request (QuotasAdminNegativeTest:test_create_server_when_cpu_quota_is_full): 200 PUT http://10.180.1.21/compute/v2.1/os-quota-sets/fa7f7f9072684893852ed66fbc761ca4 4.458s
2025-02-16 21:33:28.272 63327 INFO tempest.lib.common.rest_client [req-539b11f2-9ad4-48f7-91e9-5d97bc1b3d7f req-539b11f2-9ad4-48f7-91e9-5d97bc1b3d7f ] Request (InstanceUsageAuditLogTestJSON:setUpClass): 200 GET http://10.180.1.21/identity/v3/roles 0.128s
2025-02-16 21:33:28.276 63353 INFO tempest.lib.common.rest_client [req-0a055642-5ed9-405d-b28e-d95b59fde1b3 req-0a055642-5ed9-405d-b28e-d95b59fde1b3 ] Request (HostsAdminTestJSON:test_list_hosts_with_a_blank_zone): 200 GET http://10.180.1.21/compute/v2.1/os-hosts?zone= 3.922s
2025-02-16 21:33:28.286 63337 INFO tempest.lib.common.rest_client [req-8a0a6bf3-2c2f-4073-baf6-187caad88000 req-8a0a6bf3-2c2f-4073-baf6-187caad88000 ] Request (FlavorsExtraSpecsNegativeTestJSON:test_flavor_get_nonexistent_key): 404 GET http://10.180.1.21/compute/v2.1/flavors/1751852800/os-extra_specs/hw:cpu_thread_policy 4.123s
2025-02-16 21:33:28.336 63369 INFO tempest.lib.common.rest_client [req-3ae7f3fe-5ea2-4031-906f-ecdb6401ff68 req-3ae7f3fe-5ea2-4031-906f-ecdb6401ff68 ] Request (QuotasAdminNegativeTest:test_create_server_when_cpu_quota_is_full): 201 POST http://10.180.1.21/identity/v3/auth/tokens 0.076s
2025-02-16 21:33:28.336 63369 INFO tempest.lib.common.fixed_network [-] (QuotasAdminNegativeTest:test_create_server_when_cpu_quota_is_full) Found network None available for tenant
2025-02-16 21:33:28.344 63341 INFO tempest.lib.common.rest_client [req-dc20d76b-1380-4813-8415-4782c46b412c req-dc20d76b-1380-4813-8415-4782c46b412c ] Request (FloatingIPsTestJSON:setUpClass): 201 POST http://10.180.1.21:9696/networking/v2.0/routers 1.937s
2025-02-16 21:33:28.346 63321 INFO tempest.lib.common.rest_client [req-7bc37aaf-700a-4b3f-9e26-017786a62e38 req-7bc37aaf-700a-4b3f-9e26-017786a62e38 ] Request (FlavorsV2NegativeTest:tearDownClass): 204 DELETE http://10.180.1.21/identity/v3/users/4f68626c26e84ed9b5fa32e8720e47fc 0.109s
2025-02-16 21:33:28.346 63321 INFO tempest.lib.common.dynamic_creds [-] Deleting project and security group for project: a376a73e99484ff2905f31734493bb4a
2025-02-16 21:33:28.396 63327 INFO tempest.lib.common.rest_client [req-8cff1538-d369-4135-b8fb-603a1a2a0582 req-8cff1538-d369-4135-b8fb-603a1a2a0582 ] Request (InstanceUsageAuditLogTestJSON:setUpClass): 204 PUT http://10.180.1.21/identity/v3/projects/f96f87aefbb6484dba78134ca58df357/users/70edb49a4c8c4cda957ae63f261deae7/roles/81ecbe8d5a734d5398dace16d76d4ad0 0.123s
2025-02-16 21:33:28.469 63321 INFO tempest.lib.common.rest_client [req-e2af5746-9844-4308-9ea5-2d2ed83a4dff req-e2af5746-9844-4308-9ea5-2d2ed83a4dff ] Request (FlavorsV2NegativeTest:tearDownClass): 201 POST http://10.180.1.21/identity/v3/auth/tokens 0.123s
2025-02-16 21:33:28.498 63327 INFO tempest.lib.common.rest_client [req-061dff11-966f-4b86-bfa5-ffe88b3f3476 req-061dff11-966f-4b86-bfa5-ffe88b3f3476 ] Request (InstanceUsageAuditLogTestJSON:setUpClass): 200 GET http://10.180.1.21/identity/v3/roles 0.102s
2025-02-16 21:33:28.598 63327 INFO tempest.lib.common.rest_client [req-2cf6e66d-fecf-453b-851a-a4ef7172635e req-2cf6e66d-fecf-453b-851a-a4ef7172635e ] Request (InstanceUsageAuditLogTestJSON:setUpClass): 204 PUT http://10.180.1.21/identity/v3/projects/f96f87aefbb6484dba78134ca58df357/users/70edb49a4c8c4cda957ae63f261deae7/roles/81ecbe8d5a734d5398dace16d76d4ad0 0.100s
2025-02-16 21:33:28.599 63327 INFO tempest.lib.common.dynamic_creds [-] Dynamic test user 70edb49a4c8c4cda957ae63f261deae7 is created with scope project and roles: ['admin']
2025-02-16 21:33:28.599 63327 INFO tempest.lib.common.dynamic_creds [-] Acquired dynamic creds: credentials: Credentials: {'domain_id': 'default', 'domain_name': 'Default', 'username': 'tempest-InstanceUsageAuditLogTestJSON-1912538087-project-admin', 'project_domain_id': 'default', 'project_domain_name': 'Default', 'project_id': 'f96f87aefbb6484dba78134ca58df357', 'project_name': 'tempest-InstanceUsageAuditLogTestJSON-1912538087', 'tenant_id': 'f96f87aefbb6484dba78134ca58df357', 'tenant_name': 'tempest-InstanceUsageAuditLogTestJSON-1912538087', 'user_domain_id': 'default', 'user_domain_name': 'Default', 'user_id': '70edb49a4c8c4cda957ae63f261deae7', 'system': None}, Network: None, Subnet: None, Router: None
2025-02-16 21:33:28.599 63327 INFO tempest.lib.common.dynamic_creds [-] Created isolated network resources for: credentials: Credentials: {'domain_id': 'default', 'domain_name': 'Default', 'username': 'tempest-InstanceUsageAuditLogTestJSON-1912538087-project-admin', 'project_domain_id': 'default', 'project_domain_name': 'Default', 'project_id': 'f96f87aefbb6484dba78134ca58df357', 'project_name': 'tempest-InstanceUsageAuditLogTestJSON-1912538087', 'tenant_id': 'f96f87aefbb6484dba78134ca58df357', 'tenant_name': 'tempest-InstanceUsageAuditLogTestJSON-1912538087', 'user_domain_id': 'default', 'user_domain_name': 'Default', 'user_id': '70edb49a4c8c4cda957ae63f261deae7', 'system': None}, Network: None, Subnet: None, Router: None
2025-02-16 21:33:28.604 63373 INFO tempest.lib.common.rest_client [req-31a99da5-5ed1-40f0-a904-66e835ec1e4f req-31a99da5-5ed1-40f0-a904-66e835ec1e4f ] Request (FlavorsAccessNegativeTestJSON:test_add_flavor_access_duplicate): 409 POST http://10.180.1.21/compute/v2.1/flavors/620743387/action 3.986s
2025-02-16 21:33:28.688 63383 INFO tempest.lib.common.rest_client [req-42d4a042-c61a-4dc9-9660-2993ac7d29a7 req-42d4a042-c61a-4dc9-9660-2993ac7d29a7 ] Request (FlavorsAdminTestJSON:_run_cleanups): 202 DELETE http://10.180.1.21/compute/v2.1/flavors/43070723 3.957s
2025-02-16 21:33:28.703 63375 INFO tempest.lib.common.rest_client [req-056f2b88-f539-4a45-9c5f-79d8b07cd581 req-056f2b88-f539-4a45-9c5f-79d8b07cd581 ] Request (KeyPairsV210TestJSON:test_admin_manage_keypairs_for_other_users): 201 POST http://10.180.1.21/compute/v2.1/os-keypairs 4.285s
2025-02-16 21:33:28.726 63327 INFO tempest.lib.common.rest_client [req-5b21c0e3-984e-492c-a0ce-654944eb96f0 req-5b21c0e3-984e-492c-a0ce-654944eb96f0 ] Request (InstanceUsageAuditLogTestJSON:setUpClass): 201 POST http://10.180.1.21/identity/v3/auth/tokens 0.121s
2025-02-16 21:33:28.815 63329 INFO tempest.lib.common.rest_client [req-0ad663c3-8158-4851-a896-355065b72c85 req-0ad663c3-8158-4851-a896-355065b72c85 ] Request (MigrationsAdminTest:test_list_migrations): 200 GET http://10.180.1.21/compute/v2.1/os-migrations 3.800s
2025-02-16 21:33:28.868 63351 INFO tempest.lib.common.rest_client [req-e2bebfa0-901d-4600-8876-1be71df2f5e4 req-e2bebfa0-901d-4600-8876-1be71df2f5e4 ] Request (NetworksTest:test_list_all_networks): 200 GET http://10.180.1.21/compute/v2.1/os-networks 3.990s
2025-02-16 21:33:28.886 63349 INFO tempest.lib.common.rest_client [req-01093346-1229-4692-8dff-2bb5ab698cb2 req-01093346-1229-4692-8dff-2bb5ab698cb2 ] Request (AggregatesAdminNegativeTestJSON:test_aggregate_add_existent_host): 409 POST http://10.180.1.21/compute/v2.1/os-aggregates/1/action 3.741s
2025-02-16 21:33:28.914 63329 INFO tempest.lib.common.rest_client [req-b15a3f4f-b956-4125-b735-6cb7c60f366e req-b15a3f4f-b956-4125-b735-6cb7c60f366e ] Request (MigrationsAdminTest:test_list_migrations_in_flavor_resize_situation): 201 POST http://10.180.1.21/identity/v3/auth/tokens 0.089s
2025-02-16 21:33:28.914 63329 INFO tempest.lib.common.fixed_network [-] (MigrationsAdminTest:test_list_migrations_in_flavor_resize_situation) Found network None available for tenant
2025-02-16 21:33:28.980 63351 INFO tempest.lib.common.rest_client [req-c28fab59-e800-4667-8d94-1e18fd068b09 req-c28fab59-e800-4667-8d94-1e18fd068b09 ] Request (NetworksTest:tearDownClass): 204 DELETE http://10.180.1.21/identity/v3/users/5a42e5655d2a41f5a56d0febfb95e857 0.110s
2025-02-16 21:33:29.021 63371 INFO tempest.lib.common.rest_client [req-0e06b625-726f-4787-a236-6a71e3f82f1f req-0e06b625-726f-4787-a236-6a71e3f82f1f ] Request (ServersAdmin275Test:test_rebuild_update_server_275): 200 PUT http://10.180.1.21/compute/v2.1/servers/6eec2d20-2023-4bfe-ab14-69410c00cb5b 3.597s
2025-02-16 21:33:29.027 63361 INFO tempest.lib.common.rest_client [req-1ebca31e-4075-490f-ad89-c79ed047c976 req-1ebca31e-4075-490f-ad89-c79ed047c976 ] Request (HostsAdminNegativeTestJSON:test_reboot_host_with_non_admin_user): 403 GET http://10.180.1.21/compute/v2.1/os-hosts/devstack/reboot 3.442s
2025-02-16 21:33:29.147 63351 INFO tempest.lib.common.rest_client [req-dac1338d-96d2-4c97-b3ec-0747484d2145 req-dac1338d-96d2-4c97-b3ec-0747484d2145 ] Request (NetworksTest:tearDownClass): 204 DELETE http://10.180.1.21/identity/v3/users/38a075fd394348e592a19172979a208c 0.166s
2025-02-16 21:33:29.147 63351 INFO tempest.lib.common.dynamic_creds [-] Deleting project and security group for project: eec46f0376a34ef693aeeed86c56d2c1
2025-02-16 21:33:29.234 63321 INFO tempest.lib.common.rest_client [req-ae9eff2a-9876-4ec4-b446-a0ce77d8af42 req-ae9eff2a-9876-4ec4-b446-a0ce77d8af42 ] Request (FlavorsV2NegativeTest:tearDownClass): 200 GET http://10.180.1.21:9696/networking/v2.0/security-groups?tenant_id=a376a73e99484ff2905f31734493bb4a&name=default 0.764s
2025-02-16 21:33:29.239 63351 INFO tempest.lib.common.rest_client [req-d36c2526-37ff-43c7-b805-ce184f4e0e3c req-d36c2526-37ff-43c7-b805-ce184f4e0e3c ] Request (NetworksTest:tearDownClass): 201 POST http://10.180.1.21/identity/v3/auth/tokens 0.091s
2025-02-16 21:33:29.257 63345 INFO tempest.lib.common.rest_client [req-3432687c-e64b-4cd1-804f-9cc9a9102adc req-3432687c-e64b-4cd1-804f-9cc9a9102adc ] Request (VolumesAssistedSnapshotsTest:setUpClass): 200 PUT http://10.180.1.21:9696/networking/v2.0/routers/bca6ee79-b070-4484-a3d7-691d71a4a4e6/add_router_interface 2.381s
2025-02-16 21:33:29.257 63345 INFO tempest.lib.common.dynamic_creds [-] Created isolated network resources for: credentials: Credentials: {'domain_id': 'default', 'domain_name': 'Default', 'username': 'tempest-VolumesAssistedSnapshotsTest-427709042-project-admin', 'project_domain_id': 'default', 'project_domain_name': 'Default', 'project_id': '5fcf54ffca8544fda34c43815d7d611e', 'project_name': 'tempest-VolumesAssistedSnapshotsTest-427709042', 'tenant_id': '5fcf54ffca8544fda34c43815d7d611e', 'tenant_name': 'tempest-VolumesAssistedSnapshotsTest-427709042', 'user_domain_id': 'default', 'user_domain_name': 'Default', 'user_id': 'b34f058995ea4a3889d0fb59170023ad', 'system': None}, Network: {'id': 'b7ffed68-2888-4e96-8bad-e8ba7dda9f6f', 'name': 'tempest-VolumesAssistedSnapshotsTest-1655524391-network', 'tenant_id': '5fcf54ffca8544fda34c43815d7d611e', 'admin_state_up': True, 'mtu': 8950, 'status': 'ACTIVE', 'subnets': [], 'shared': False, 'project_id': '5fcf54ffca8544fda34c43815d7d611e', 'port_security_enabled': True, 'router:external': False, 'provider:network_type': 'vlan', 'provider:physical_network': 'default', 'provider:segmentation_id': 633, 'availability_zone_hints': [], 'availability_zones': [], 'ipv4_address_scope': None, 'ipv6_address_scope': None, 'description': '', 'tags': [], 'created_at': '2025-02-16T21:33:23Z', 'updated_at': '2025-02-16T21:33:23Z', 'revision_number': 1}, Subnet: {'id': 'c4a797e2-abd0-4894-950c-a2afbb1825bf', 'name': 'tempest-VolumesAssistedSnapshotsTest-1655524391-subnet', 'tenant_id': '5fcf54ffca8544fda34c43815d7d611e', 'network_id': 'b7ffed68-2888-4e96-8bad-e8ba7dda9f6f', 'ip_version': 4, 'subnetpool_id': None, 'enable_dhcp': True, 'ipv6_ra_mode': None, 'ipv6_address_mode': None, 'gateway_ip': '192.168.128.1', 'cidr': '192.168.128.0/28', 'allocation_pools': [{'start': '192.168.128.2', 'end': '192.168.128.14'}], 'host_routes': [], 'dns_nameservers': [], 'description': '', 'router:external': False, 'service_types': [], 'tags': [], 'created_at': '2025-02-16T21:33:24Z', 'updated_at': '2025-02-16T21:33:24Z', 'revision_number': 0, 'project_id': '5fcf54ffca8544fda34c43815d7d611e'}, Router: {'id': 'bca6ee79-b070-4484-a3d7-691d71a4a4e6', 'name': 'tempest-VolumesAssistedSnapshotsTest-1655524391-router', 'tenant_id': '5fcf54ffca8544fda34c43815d7d611e', 'admin_state_up': True, 'status': 'ACTIVE', 'external_gateway_info': {'network_id': 'd4312fa5-53bd-4edb-b309-d74fa98a49cf', 'external_fixed_ips': [{'subnet_id': '21ae1913-943d-4398-80df-69c1ba959c19', 'ip_address': '10.180.180.159'}], 'enable_snat': True}, 'description': '', 'availability_zones': [], 'distributed': False, 'ha': False, 'availability_zone_hints': [], 'routes': [], 'flavor_id': None, 'tags': [], 'created_at': '2025-02-16T21:33:24Z', 'updated_at': '2025-02-16T21:33:25Z', 'revision_number': 2, 'project_id': '5fcf54ffca8544fda34c43815d7d611e'}
2025-02-16 21:33:29.377 63345 INFO tempest.lib.common.rest_client [req-54cee241-2038-4986-a69a-2d096dfdbcbb req-54cee241-2038-4986-a69a-2d096dfdbcbb ] Request (VolumesAssistedSnapshotsTest:setUpClass): 201 POST http://10.180.1.21/identity/v3/auth/tokens 0.079s
2025-02-16 21:33:29.408 63321 INFO tempest.lib.common.rest_client [req-0fcad2b6-637d-48c9-bdd4-695a1856ec28 req-0fcad2b6-637d-48c9-bdd4-695a1856ec28 ] Request (FlavorsV2NegativeTest:tearDownClass): 204 DELETE http://10.180.1.21:9696/networking/v2.0/security-groups/0e68cd76-5dc9-4de4-83f6-b89e453fabfa 0.172s
2025-02-16 21:33:29.422 63345 INFO tempest.lib.common.rest_client [req-46adbc78-89b1-4324-a04b-07df4ffe41ae req-46adbc78-89b1-4324-a04b-07df4ffe41ae ] Request (VolumesAssistedSnapshotsTest:setUpClass): 201 POST http://10.180.1.21/identity/v3/projects 0.044s
2025-02-16 21:33:29.497 63351 INFO tempest.lib.common.rest_client [req-94523e91-97af-4a43-94e2-fa0b5035e910 req-94523e91-97af-4a43-94e2-fa0b5035e910 ] Request (NetworksTest:tearDownClass): 200 GET http://10.180.1.21:9696/networking/v2.0/security-groups?tenant_id=eec46f0376a34ef693aeeed86c56d2c1&name=default 0.258s
2025-02-16 21:33:29.501 63345 INFO tempest.lib.common.rest_client [req-b108e79c-e4c1-4ef6-a83e-cd6e956c9089 req-b108e79c-e4c1-4ef6-a83e-cd6e956c9089 ] Request (VolumesAssistedSnapshotsTest:setUpClass): 201 POST http://10.180.1.21/identity/v3/users 0.079s
2025-02-16 21:33:29.531 63345 INFO tempest.lib.common.rest_client [req-eeb4301d-1359-4bf9-9efc-9504773be542 req-eeb4301d-1359-4bf9-9efc-9504773be542 ] Request (VolumesAssistedSnapshotsTest:setUpClass): 200 GET http://10.180.1.21/identity/v3/roles 0.029s
2025-02-16 21:33:29.559 63321 INFO tempest.lib.common.rest_client [req-204d1e7d-0b46-4b7f-a19b-0a6f9b18924e req-204d1e7d-0b46-4b7f-a19b-0a6f9b18924e ] Request (FlavorsV2NegativeTest:tearDownClass): 204 DELETE http://10.180.1.21/identity/v3/projects/a376a73e99484ff2905f31734493bb4a 0.150s
2025-02-16 21:33:29.561 63333 INFO tempest.lib.common.rest_client [req-aa0195d5-b5b5-4641-bf84-729a10424612 req-aa0195d5-b5b5-4641-bf84-729a10424612 ] Request (ServerDiagnosticsTest:test_get_server_diagnostics): 202 POST http://10.180.1.21/compute/v2.1/servers 4.224s
2025-02-16 21:33:29.572 63325 INFO tempest.lib.common.rest_client [req-227a8222-5850-4427-a2ae-df7d58199dc7 req-227a8222-5850-4427-a2ae-df7d58199dc7 ] Request (HypervisorAdminNegativeTestJSON:test_get_hypervisor_stats_with_non_admin_user): 403 GET http://10.180.1.21/compute/v2.1/os-hypervisors/statistics 3.399s
2025-02-16 21:33:29.616 63345 INFO tempest.lib.common.rest_client [req-1b9dd6e8-b10e-4c4a-a053-c7619d26606f req-1b9dd6e8-b10e-4c4a-a053-c7619d26606f ] Request (VolumesAssistedSnapshotsTest:setUpClass): 204 PUT http://10.180.1.21/identity/v3/projects/dbc593d386d9481cbb4416552c2894a0/users/23639c25bee047bcbadebb8693a14631/roles/1e23833bcb5446d1a66a93bc46e45f60 0.084s
2025-02-16 21:33:29.676 63351 INFO tempest.lib.common.rest_client [req-ee0148e7-d7c1-445d-b7d4-46da7448ab9f req-ee0148e7-d7c1-445d-b7d4-46da7448ab9f ] Request (NetworksTest:tearDownClass): 204 DELETE http://10.180.1.21:9696/networking/v2.0/security-groups/290e9e88-9f47-4ddb-88e5-600a0f2f0209 0.178s
2025-02-16 21:33:29.692 63321 INFO tempest.lib.common.rest_client [req-48bd249a-3ed0-40b5-b553-23c7d4091c8b req-48bd249a-3ed0-40b5-b553-23c7d4091c8b ] Request (ServersTestBootFromVolume:setUpClass): 201 POST http://10.180.1.21/identity/v3/auth/tokens 0.131s
2025-02-16 21:33:29.728 63377 INFO tempest.lib.common.rest_client [req-0b9c9eb1-636b-45e7-9cc9-0212fcf88954 req-0b9c9eb1-636b-45e7-9cc9-0212fcf88954 ] Request (ServerPasswordTestJSON:setUpClass): 200 PUT http://10.180.1.21:9696/networking/v2.0/routers/5853bc7c-7526-485b-9cda-0c3c6bde6e6a/add_router_interface 3.180s
