2025-02-16 21:33:46.483 63353 INFO tempest.lib.common.rest_client [req-8956ac52-8b19-4c6b-8d3b-66b73d2e98b2 req-8956ac52-8b19-4c6b-8d3b-66b73d2e98b2 ] Request (HostsAdminTestJSON:tearDownClass): 204 DELETE http://10.180.1.21/identity/v3/projects/fa6cbb6a39b94e479f7f6e64ba98deea 0.173s
2025-02-16 21:33:46.595 63321 INFO tempest.lib.common.rest_client [req-58eee26a-2ce4-4165-9ce0-82efe91c5fb5 req-58eee26a-2ce4-4165-9ce0-82efe91c5fb5 ] Request (ServersTestBootFromVolume:setUpClass): 200 GET http://10.180.1.21/volume/v3/volumes/2c127b62-ae9d-4f27-bcf3-ce055e458e6c 0.054s
2025-02-16 21:33:46.644 63375 INFO tempest.lib.common.rest_client [req-3c996f6d-d5c7-452c-8ca5-79412aefc521 req-3c996f6d-d5c7-452c-8ca5-79412aefc521 ] Request (KeyPairsV210TestJSON:tearDownClass): 204 DELETE http://10.180.1.21/identity/v3/users/cde429bd31df4b22bc0f91eb539c7189 0.162s
2025-02-16 21:33:46.644 63375 INFO tempest.lib.common.dynamic_creds [-] Deleting project and security group for project: c51b8d48a2304877afe64f8e1cb07879
2025-02-16 21:33:46.644 63381 INFO tempest.lib.common.rest_client [req-3cb75840-4a67-4303-bae7-8b070020623c req-3cb75840-4a67-4303-bae7-8b070020623c ] Request (FlavorsV261TestJSON:tearDownClass): 204 DELETE http://10.180.1.21/identity/v3/projects/3f55457ac0f9448c94b14d2223e7b80a 0.282s
2025-02-16 21:33:46.645 63381 INFO tempest.lib.common.dynamic_creds [-] Deleting project and security group for project: b86a4eec21ae432982801138c1ffc23b
2025-02-16 21:33:46.706 63325 INFO tempest.lib.common.rest_client [req-caa2a46b-4c94-4526-9072-94af64452c51 req-caa2a46b-4c94-4526-9072-94af64452c51 ] Request (HypervisorAdminNegativeTestJSON:tearDownClass): 204 DELETE http://10.180.1.21:9696/networking/v2.0/security-groups/c1783cd2-bf6c-4ccc-95dd-9e0629638239 0.261s
2025-02-16 21:33:46.745 63353 INFO tempest.lib.common.rest_client [req-fca71aa6-9c7c-49a3-98b1-548fd94ece48 req-fca71aa6-9c7c-49a3-98b1-548fd94ece48 ] Request (HypervisorAdminNegativeUnderV252Test:setUpClass): 201 POST http://10.180.1.21/identity/v3/auth/tokens 0.260s
2025-02-16 21:33:46.782 63369 INFO tempest.lib.common.rest_client [req-a8f70d9c-77d1-4dc9-b88a-b779de236a57 req-a8f70d9c-77d1-4dc9-b88a-b779de236a57 ] Request (QuotasAdminNegativeTest:test_create_server_when_memory_quota_is_full): 200 GET http://10.180.1.21/compute/v2.1/os-quota-sets/fa7f7f9072684893852ed66fbc761ca4 1.524s
2025-02-16 21:33:46.783 63375 INFO tempest.lib.common.rest_client [req-47e5009e-cc8e-4a15-9ddb-30df4e85ad42 req-47e5009e-cc8e-4a15-9ddb-30df4e85ad42 ] Request (KeyPairsV210TestJSON:tearDownClass): 201 POST http://10.180.1.21/identity/v3/auth/tokens 0.138s
2025-02-16 21:33:46.818 63353 INFO tempest.lib.common.rest_client [req-f9bf00a1-dd9c-4d68-a980-e427171345cd req-f9bf00a1-dd9c-4d68-a980-e427171345cd ] Request (HypervisorAdminNegativeUnderV252Test:setUpClass): 201 POST http://10.180.1.21/identity/v3/auth/tokens 0.068s
2025-02-16 21:33:46.869 63325 INFO tempest.lib.common.rest_client [req-a42d66b6-20ab-4e01-ad65-c06ec5b0e8d8 req-a42d66b6-20ab-4e01-ad65-c06ec5b0e8d8 ] Request (HypervisorAdminNegativeTestJSON:tearDownClass): 204 DELETE http://10.180.1.21/identity/v3/projects/5d89a530c5514af18c1cd5a601f80990 0.162s
2025-02-16 21:33:46.941 63381 INFO tempest.lib.common.rest_client [req-858dc2ed-fef6-4f76-8ad3-6958abc43164 req-858dc2ed-fef6-4f76-8ad3-6958abc43164 ] Request (FlavorsV261TestJSON:tearDownClass): 200 GET http://10.180.1.21:9696/networking/v2.0/security-groups?tenant_id=b86a4eec21ae432982801138c1ffc23b&name=default 0.296s
2025-02-16 21:33:46.942 63353 INFO tempest.lib.common.rest_client [req-65dcbac7-e341-45b4-b98c-65ac93882277 req-65dcbac7-e341-45b4-b98c-65ac93882277 ] Request (HypervisorAdminNegativeUnderV252Test:setUpClass): 200 GET http://10.180.1.21/identity/v3/domains?name=Default 0.123s
2025-02-16 21:33:46.967 63331 INFO tempest.lib.common.rest_client [req-01ac81ee-f737-4f59-a8ee-a654d073bd6f req-01ac81ee-f737-4f59-a8ee-a654d073bd6f ] Request (FloatingIPDetailsTestJSON:tearDownClass): 202 DELETE http://10.180.1.21/compute/v2.1/os-floating-ips/ad3da872-3531-49a3-a778-046950184d4b 1.856s
2025-02-16 21:33:46.971 63325 INFO tempest.lib.common.rest_client [req-1916caa8-e2c7-4fc4-bcf1-af58e3b55c93 req-1916caa8-e2c7-4fc4-bcf1-af58e3b55c93 ] Request (SecurityGroupRulesTestJSON:setUpClass): 201 POST http://10.180.1.21/identity/v3/auth/tokens 0.099s
2025-02-16 21:33:46.977 63353 INFO tempest.lib.common.rest_client [req-3be45446-d7bb-442a-94ba-83dca2f0a9b5 req-3be45446-d7bb-442a-94ba-83dca2f0a9b5 ] Request (HypervisorAdminNegativeUnderV252Test:setUpClass): 201 POST http://10.180.1.21/identity/v3/projects 0.034s
2025-02-16 21:33:47.032 63381 INFO tempest.lib.common.rest_client [req-24ae47ef-f112-47b3-bb35-4039492f3a66 req-24ae47ef-f112-47b3-bb35-4039492f3a66 ] Request (FlavorsV261TestJSON:tearDownClass): 204 DELETE http://10.180.1.21:9696/networking/v2.0/security-groups/144ca952-48ee-4245-bb64-2e6ca806ac55 0.090s
2025-02-16 21:33:47.039 63325 INFO tempest.lib.common.rest_client [req-baee73b3-6ccf-4e7b-be6f-540972ff5273 req-baee73b3-6ccf-4e7b-be6f-540972ff5273 ] Request (SecurityGroupRulesTestJSON:setUpClass): 201 POST http://10.180.1.21/identity/v3/auth/tokens 0.066s
2025-02-16 21:33:47.049 63353 INFO tempest.lib.common.rest_client [req-4f3646e2-e7b3-4b71-ac9f-28c81a058b5d req-4f3646e2-e7b3-4b71-ac9f-28c81a058b5d ] Request (HypervisorAdminNegativeUnderV252Test:setUpClass): 201 POST http://10.180.1.21/identity/v3/users 0.072s
2025-02-16 21:33:47.061 63333 INFO tempest.lib.common.rest_client [req-1e239597-d906-414e-8353-c9f432b556c4 req-1e239597-d906-414e-8353-c9f432b556c4 ] Request (ServerDiagnosticsTest:test_get_server_diagnostics): 200 GET http://10.180.1.21/compute/v2.1/servers/2b9ae7b8-0bff-416f-81b7-d24cbf636d2c 1.660s
2025-02-16 21:33:47.082 63325 INFO tempest.lib.common.rest_client [req-281f7170-9385-436d-8479-90ab26a99d40 req-281f7170-9385-436d-8479-90ab26a99d40 ] Request (SecurityGroupRulesTestJSON:setUpClass): 200 GET http://10.180.1.21/identity/v3/domains?name=Default 0.042s
2025-02-16 21:33:47.093 63381 INFO tempest.lib.common.rest_client [req-f00f8041-eb1b-4cb7-a0b0-bd637e2b3df6 req-f00f8041-eb1b-4cb7-a0b0-bd637e2b3df6 ] Request (FlavorsV261TestJSON:tearDownClass): 204 DELETE http://10.180.1.21/identity/v3/projects/b86a4eec21ae432982801138c1ffc23b 0.061s
2025-02-16 21:33:47.143 63353 INFO tempest.lib.common.rest_client [req-ad6c67d1-d137-46fe-9d9f-9296c6b87b3d req-ad6c67d1-d137-46fe-9d9f-9296c6b87b3d ] Request (HypervisorAdminNegativeUnderV252Test:setUpClass): 200 GET http://10.180.1.21/identity/v3/roles 0.093s
2025-02-16 21:33:47.163 63351 INFO tempest.lib.common.rest_client [req-d4ee0d59-f86f-47af-9755-fedcbb097ef2 req-d4ee0d59-f86f-47af-9755-fedcbb097ef2 ] Request (ServersNegativeTestJSON:setUpClass): 200 GET http://10.180.1.21/compute/v2.1/servers/b6db441c-7399-43b4-910e-cc9c4dba1ffc 1.610s
2025-02-16 21:33:47.181 63381 INFO tempest.lib.common.rest_client [req-cac3f38b-bb86-4ea5-b5bb-75316a67d9f2 req-cac3f38b-bb86-4ea5-b5bb-75316a67d9f2 ] Request (HypervisorAdminTestJSON:setUpClass): 201 POST http://10.180.1.21/identity/v3/auth/tokens 0.086s
2025-02-16 21:33:47.182 63325 INFO tempest.lib.common.rest_client [req-09a7b9d5-d539-4bdb-a14a-a877505d2cb6 req-09a7b9d5-d539-4bdb-a14a-a877505d2cb6 ] Request (SecurityGroupRulesTestJSON:setUpClass): 201 POST http://10.180.1.21/identity/v3/projects 0.099s
2025-02-16 21:33:47.186 63377 INFO tempest.lib.common.rest_client [req-0b8127b6-e2d5-49e1-a5a0-ee6fe0d0b2fe req-0b8127b6-e2d5-49e1-a5a0-ee6fe0d0b2fe ] Request (ServerPasswordTestJSON:setUpClass): 200 GET http://10.180.1.21/compute/v2.1/servers/87f2c2b5-5cf1-4be8-b4cb-17736d7e6719 1.690s
2025-02-16 21:33:47.193 63377 INFO tempest.common.waiters [-] State transition "BUILD/None" ==> "BUILD/block_device_mapping" after 9 second wait
2025-02-16 21:33:47.215 63349 INFO tempest.lib.common.rest_client [req-59f4e0cc-b955-43f7-ac65-206bf1e20d7c req-59f4e0cc-b955-43f7-ac65-206bf1e20d7c ] Request (AggregatesAdminNegativeTestJSON:test_aggregate_add_non_exist_host): 404 POST http://10.180.1.21/compute/v2.1/os-aggregates/3/action 1.611s
2025-02-16 21:33:47.246 63327 INFO tempest.lib.common.rest_client [req-d3506066-8258-4efe-abd2-9bdeb5b98b17 req-d3506066-8258-4efe-abd2-9bdeb5b98b17 ] Request (ListServerFiltersTestJSON:setUpClass): 200 GET http://10.180.1.21/compute/v2.1/servers/5f31a816-a0a0-48c5-8566-e7c40a192cf3 1.681s
2025-02-16 21:33:47.247 63375 INFO tempest.lib.common.rest_client [req-9c1decd6-58f0-4b17-adef-afc8b6c14622 req-9c1decd6-58f0-4b17-adef-afc8b6c14622 ] Request (KeyPairsV210TestJSON:tearDownClass): 200 GET http://10.180.1.21:9696/networking/v2.0/security-groups?tenant_id=c51b8d48a2304877afe64f8e1cb07879&name=default 0.463s
2025-02-16 21:33:47.259 63325 INFO tempest.lib.common.rest_client [req-6bccaf9c-e7fa-4873-b306-c523f3a2dd9f req-6bccaf9c-e7fa-4873-b306-c523f3a2dd9f ] Request (SecurityGroupRulesTestJSON:setUpClass): 201 POST http://10.180.1.21/identity/v3/users 0.076s
2025-02-16 21:33:47.264 63353 INFO tempest.lib.common.rest_client [req-a1f19715-b5cb-458c-8a66-5005337eac26 req-a1f19715-b5cb-458c-8a66-5005337eac26 ] Request (HypervisorAdminNegativeUnderV252Test:setUpClass): 204 PUT http://10.180.1.21/identity/v3/projects/f127a8c29f52483da795311da4d96331/users/400b66eeefd7444e9b92af5bd4bd8057/roles/4bb4edd220cf4d4da01f0e2d1cec56b7 0.121s
2025-02-16 21:33:47.265 63353 INFO tempest.lib.common.dynamic_creds [-] Dynamic test user 400b66eeefd7444e9b92af5bd4bd8057 is created with scope project and roles: ['member']
2025-02-16 21:33:47.265 63353 INFO tempest.lib.common.dynamic_creds [-] Acquired dynamic creds: credentials: Credentials: {'domain_id': 'default', 'domain_name': 'Default', 'username': 'tempest-HypervisorAdminNegativeUnderV252Test-1590903396-project-member', 'project_domain_id': 'default', 'project_domain_name': 'Default', 'project_id': 'f127a8c29f52483da795311da4d96331', 'project_name': 'tempest-HypervisorAdminNegativeUnderV252Test-1590903396', 'tenant_id': 'f127a8c29f52483da795311da4d96331', 'tenant_name': 'tempest-HypervisorAdminNegativeUnderV252Test-1590903396', 'user_domain_id': 'default', 'user_domain_name': 'Default', 'user_id': '400b66eeefd7444e9b92af5bd4bd8057', 'system': None}, Network: None, Subnet: None, Router: None
2025-02-16 21:33:47.265 63353 INFO tempest.lib.common.dynamic_creds [-] Created isolated network resources for: credentials: Credentials: {'domain_id': 'default', 'domain_name': 'Default', 'username': 'tempest-HypervisorAdminNegativeUnderV252Test-1590903396-project-member', 'project_domain_id': 'default', 'project_domain_name': 'Default', 'project_id': 'f127a8c29f52483da795311da4d96331', 'project_name': 'tempest-HypervisorAdminNegativeUnderV252Test-1590903396', 'tenant_id': 'f127a8c29f52483da795311da4d96331', 'tenant_name': 'tempest-HypervisorAdminNegativeUnderV252Test-1590903396', 'user_domain_id': 'default', 'user_domain_name': 'Default', 'user_id': '400b66eeefd7444e9b92af5bd4bd8057', 'system': None}, Network: None, Subnet: None, Router: None
2025-02-16 21:33:47.287 63343 INFO tempest.lib.common.rest_client [req-fb28fb2f-68fc-4b8f-8031-27282140e1eb req-fb28fb2f-68fc-4b8f-8031-27282140e1eb ] Request (ServerActionsTestJSON:setUpClass): 200 GET http://10.180.1.21/compute/v2.1/servers/58593514-7f18-4e17-9dbe-2735827790c7 1.638s
2025-02-16 21:33:47.319 63325 INFO tempest.lib.common.rest_client [req-6dc8d3e7-7052-417a-b5c3-f7b1380e5c7d req-6dc8d3e7-7052-417a-b5c3-f7b1380e5c7d ] Request (SecurityGroupRulesTestJSON:setUpClass): 200 GET http://10.180.1.21/identity/v3/roles 0.059s
2025-02-16 21:33:47.357 63381 INFO tempest.lib.common.rest_client [req-bbed3c12-ce82-4910-bd04-5b34f36b096b req-bbed3c12-ce82-4910-bd04-5b34f36b096b ] Request (HypervisorAdminTestJSON:setUpClass): 201 POST http://10.180.1.21/identity/v3/auth/tokens 0.172s
2025-02-16 21:33:47.357 63375 INFO tempest.lib.common.rest_client [req-ca0b66fe-7114-4225-9089-3b1d0f60b30c req-ca0b66fe-7114-4225-9089-3b1d0f60b30c ] Request (KeyPairsV210TestJSON:tearDownClass): 204 DELETE http://10.180.1.21:9696/networking/v2.0/security-groups/45b0f23c-9398-4fee-9b70-0ab20017c512 0.108s
2025-02-16 21:33:47.387 63325 INFO tempest.lib.common.rest_client [req-23484bc5-6811-4a0d-97cc-1da8874a3dd9 req-23484bc5-6811-4a0d-97cc-1da8874a3dd9 ] Request (SecurityGroupRulesTestJSON:setUpClass): 204 PUT http://10.180.1.21/identity/v3/projects/450ce5c9c75a4f88942f607310ffa317/users/fdac5943e24d41aaa03cf69111eb88fb/roles/4bb4edd220cf4d4da01f0e2d1cec56b7 0.068s
2025-02-16 21:33:47.388 63325 INFO tempest.lib.common.dynamic_creds [-] Dynamic test user fdac5943e24d41aaa03cf69111eb88fb is created with scope project and roles: ['member']
2025-02-16 21:33:47.388 63325 INFO tempest.lib.common.dynamic_creds [-] Acquired dynamic creds: credentials: Credentials: {'domain_id': 'default', 'domain_name': 'Default', 'username': 'tempest-SecurityGroupRulesTestJSON-906166613-project-member', 'project_domain_id': 'default', 'project_domain_name': 'Default', 'project_id': '450ce5c9c75a4f88942f607310ffa317', 'project_name': 'tempest-SecurityGroupRulesTestJSON-906166613', 'tenant_id': '450ce5c9c75a4f88942f607310ffa317', 'tenant_name': 'tempest-SecurityGroupRulesTestJSON-906166613', 'user_domain_id': 'default', 'user_domain_name': 'Default', 'user_id': 'fdac5943e24d41aaa03cf69111eb88fb', 'system': None}, Network: None, Subnet: None, Router: None
2025-02-16 21:33:47.393 63353 INFO tempest.lib.common.rest_client [req-8b8e0c43-274c-46c0-b8da-198d7fc35f32 req-8b8e0c43-274c-46c0-b8da-198d7fc35f32 ] Request (HypervisorAdminNegativeUnderV252Test:setUpClass): 201 POST http://10.180.1.21/identity/v3/auth/tokens 0.123s
2025-02-16 21:33:47.428 63367 INFO tempest.lib.common.rest_client [req-0361bb37-5d23-49ca-83f2-fd0cec0a3f7c req-0361bb37-5d23-49ca-83f2-fd0cec0a3f7c ] Request (TenantUsagesTestJSON:tearDownClass): 200 GET http://10.180.1.21/compute/v2.1/servers/a5376d43-a90b-43df-80ad-ffa5b3b3e959 1.661s
2025-02-16 21:33:47.447 63381 INFO tempest.lib.common.rest_client [req-7bf44d9d-29ee-419a-bd64-08f47d051d3a req-7bf44d9d-29ee-419a-bd64-08f47d051d3a ] Request (HypervisorAdminTestJSON:setUpClass): 200 GET http://10.180.1.21/identity/v3/domains?name=Default 0.089s
2025-02-16 21:33:47.475 63325 INFO tempest.lib.common.rest_client [req-d7b204ee-233f-403d-8d88-d2e5b2b89746 req-d7b204ee-233f-403d-8d88-d2e5b2b89746 ] Request (SecurityGroupRulesTestJSON:setUpClass): 201 POST http://10.180.1.21/identity/v3/auth/tokens 0.087s
2025-02-16 21:33:47.496 63363 INFO tempest.lib.common.rest_client [req-f2906ec6-84f1-4bb3-b869-bafbc47c9bff req-f2906ec6-84f1-4bb3-b869-bafbc47c9bff ] Request (ValidationResourcesFixture:setUp): 200 POST http://10.180.1.21/compute/v2.1/os-keypairs 1.691s
2025-02-16 21:33:47.508 63353 INFO tempest.lib.common.rest_client [req-6ded826d-bc03-4337-86ce-68ffdfe4b1d9 req-6ded826d-bc03-4337-86ce-68ffdfe4b1d9 ] Request (HypervisorAdminNegativeUnderV252Test:setUpClass): 201 POST http://10.180.1.21/identity/v3/projects 0.115s
2025-02-16 21:33:47.515 63345 INFO tempest.lib.common.rest_client [req-03575356-cbc8-4d78-8211-b360f3ff6d67 req-03575356-cbc8-4d78-8211-b360f3ff6d67 ] Request (VolumesAssistedSnapshotsTest:test_volume_assisted_snapshot_create_delete): 200 GET http://10.180.1.21/compute/v2.1/servers/d6fcbfca-a9ff-4085-b133-89c85fb1980e 1.759s
2025-02-16 21:33:47.524 63355 INFO tempest.lib.common.rest_client [req-eec73649-36cd-4510-aed3-b09ac1e49ad8 req-eec73649-36cd-4510-aed3-b09ac1e49ad8 ] Request (ServerGroup264TestJSON:tearDownClass): 404 DELETE http://10.180.1.21/compute/v2.1/os-server-groups/d3e4f8cf-2454-4cb8-9610-383d950d3e7f 1.681s
2025-02-16 21:33:47.529 63337 INFO tempest.lib.common.rest_client [req-baedb23c-13eb-4d0d-9fc8-c8bee2e7d75f req-baedb23c-13eb-4d0d-9fc8-c8bee2e7d75f ] Request (FlavorsExtraSpecsNegativeTestJSON:test_flavor_update_more_key): 400 PUT http://10.180.1.21/compute/v2.1/flavors/1751852800/os-extra_specs/hw:numa_nodes 1.681s
2025-02-16 21:33:47.549 63375 INFO tempest.lib.common.rest_client [req-89588384-ca8d-4bed-9aff-a2ea2da4e524 req-89588384-ca8d-4bed-9aff-a2ea2da4e524 ] Request (KeyPairsV210TestJSON:tearDownClass): 204 DELETE http://10.180.1.21/identity/v3/projects/c51b8d48a2304877afe64f8e1cb07879 0.191s
2025-02-16 21:33:47.550 63375 INFO tempest.lib.common.dynamic_creds [-] Deleting project and security group for project: 962e9aff820644d88b0e73b0831b9ae7
2025-02-16 21:33:47.576 63335 INFO tempest.lib.common.rest_client [req-e0327e3f-9b04-4b28-8013-31d648b65897 req-e0327e3f-9b04-4b28-8013-31d648b65897 ] Request (ServersAdminTestJSON:setUpClass): 200 GET http://10.180.1.21/compute/v2.1/servers/e78af5a5-8914-43aa-8ad5-82015d33d06c 1.770s
2025-02-16 21:33:47.595 63347 INFO tempest.lib.common.rest_client [req-7acde537-6783-4945-8321-76ab75d0482f req-7acde537-6783-4945-8321-76ab75d0482f ] Request (SecurityGroupsTestJSON:test_list_security_groups_by_server): 200 GET http://10.180.1.21/compute/v2.1/servers/30c1a88b-ddae-4f0d-bf14-49dd2c77a92f 1.730s
2025-02-16 21:33:47.610 63381 INFO tempest.lib.common.rest_client [req-e02b34e8-07f3-42d3-8c63-5b1e6fc3e3fd req-e02b34e8-07f3-42d3-8c63-5b1e6fc3e3fd ] Request (HypervisorAdminTestJSON:setUpClass): 201 POST http://10.180.1.21/identity/v3/projects 0.163s
2025-02-16 21:33:47.644 63321 INFO tempest.lib.common.rest_client [req-8afa6a62-1df0-4b56-a32f-c55641fae7e0 req-8afa6a62-1df0-4b56-a32f-c55641fae7e0 ] Request (ServersTestBootFromVolume:setUpClass): 200 GET http://10.180.1.21/volume/v3/volumes/2c127b62-ae9d-4f27-bcf3-ce055e458e6c 0.034s
2025-02-16 21:33:47.676 63353 INFO tempest.lib.common.rest_client [req-0f40973a-63a7-4eff-98d7-c2fab40c4cf8 req-0f40973a-63a7-4eff-98d7-c2fab40c4cf8 ] Request (HypervisorAdminNegativeUnderV252Test:setUpClass): 201 POST http://10.180.1.21/identity/v3/users 0.167s
2025-02-16 21:33:47.691 63381 INFO tempest.lib.common.rest_client [req-ee236a73-6fbc-4343-a3c5-e9f7e60c81d2 req-ee236a73-6fbc-4343-a3c5-e9f7e60c81d2 ] Request (HypervisorAdminTestJSON:setUpClass): 201 POST http://10.180.1.21/identity/v3/users 0.081s
2025-02-16 21:33:47.702 63353 INFO tempest.lib.common.rest_client [req-bf41f917-f381-4837-8679-7700cd2aaf6e req-bf41f917-f381-4837-8679-7700cd2aaf6e ] Request (HypervisorAdminNegativeUnderV252Test:setUpClass): 200 GET http://10.180.1.21/identity/v3/roles 0.025s
2025-02-16 21:33:47.704 63363 INFO tempest.lib.common.rest_client [req-3ddfbe09-a36e-497d-a2c4-64e34d9d3721 req-3ddfbe09-a36e-497d-a2c4-64e34d9d3721 ] Request (ValidationResourcesFixture:setUp): 201 POST http://10.180.1.21:9696/networking/v2.0/security-groups 0.205s
2025-02-16 21:33:47.716 63381 INFO tempest.lib.common.rest_client [req-8b4ba373-c73c-4ed3-be56-eb8ad427c017 req-8b4ba373-c73c-4ed3-be56-eb8ad427c017 ] Request (HypervisorAdminTestJSON:setUpClass): 200 GET http://10.180.1.21/identity/v3/roles 0.024s
2025-02-16 21:33:47.735 63353 INFO tempest.lib.common.rest_client [req-7238d22b-0d0b-4012-8887-cbb9b049e41f req-7238d22b-0d0b-4012-8887-cbb9b049e41f ] Request (HypervisorAdminNegativeUnderV252Test:setUpClass): 204 PUT http://10.180.1.21/identity/v3/projects/775f3c5ce40c410289121779131d4889/users/960b158258834cc1ab32a8b2d37cf2e8/roles/81ecbe8d5a734d5398dace16d76d4ad0 0.032s
2025-02-16 21:33:47.754 63381 INFO tempest.lib.common.rest_client [req-7c77ab4a-6c42-475a-a51b-6a18856b0266 req-7c77ab4a-6c42-475a-a51b-6a18856b0266 ] Request (HypervisorAdminTestJSON:setUpClass): 204 PUT http://10.180.1.21/identity/v3/projects/186eac5441bf46f785c7810038970916/users/3d3f7d121a83412d881ea0f951dc771d/roles/4bb4edd220cf4d4da01f0e2d1cec56b7 0.037s
2025-02-16 21:33:47.754 63381 INFO tempest.lib.common.dynamic_creds [-] Dynamic test user 3d3f7d121a83412d881ea0f951dc771d is created with scope project and roles: ['member']
2025-02-16 21:33:47.754 63381 INFO tempest.lib.common.dynamic_creds [-] Acquired dynamic creds: credentials: Credentials: {'domain_id': 'default', 'domain_name': 'Default', 'username': 'tempest-HypervisorAdminTestJSON-943385011-project-member', 'project_domain_id': 'default', 'project_domain_name': 'Default', 'project_id': '186eac5441bf46f785c7810038970916', 'project_name': 'tempest-HypervisorAdminTestJSON-943385011', 'tenant_id': '186eac5441bf46f785c7810038970916', 'tenant_name': 'tempest-HypervisorAdminTestJSON-943385011', 'user_domain_id': 'default', 'user_domain_name': 'Default', 'user_id': '3d3f7d121a83412d881ea0f951dc771d', 'system': None}, Network: None, Subnet: None, Router: None
2025-02-16 21:33:47.755 63381 INFO tempest.lib.common.dynamic_creds [-] Created isolated network resources for: credentials: Credentials: {'domain_id': 'default', 'domain_name': 'Default', 'username': 'tempest-HypervisorAdminTestJSON-943385011-project-member', 'project_domain_id': 'default', 'project_domain_name': 'Default', 'project_id': '186eac5441bf46f785c7810038970916', 'project_name': 'tempest-HypervisorAdminTestJSON-943385011', 'tenant_id': '186eac5441bf46f785c7810038970916', 'tenant_name': 'tempest-HypervisorAdminTestJSON-943385011', 'user_domain_id': 'default', 'user_domain_name': 'Default', 'user_id': '3d3f7d121a83412d881ea0f951dc771d', 'system': None}, Network: None, Subnet: None, Router: None
2025-02-16 21:33:47.840 63381 INFO tempest.lib.common.rest_client [req-77a2c613-5aa8-4e2f-8762-88393fad3def req-77a2c613-5aa8-4e2f-8762-88393fad3def ] Request (HypervisorAdminTestJSON:setUpClass): 201 POST http://10.180.1.21/identity/v3/auth/tokens 0.080s
2025-02-16 21:33:47.845 63353 INFO tempest.lib.common.rest_client [req-3e98aac0-2533-4406-9522-4d1f9a7a4f5f req-3e98aac0-2533-4406-9522-4d1f9a7a4f5f ] Request (HypervisorAdminNegativeUnderV252Test:setUpClass): 200 GET http://10.180.1.21/identity/v3/roles 0.110s
2025-02-16 21:33:47.868 63353 INFO tempest.lib.common.rest_client [req-fbe5fe6c-5f58-4d7d-9c1e-6ba2ea767cf8 req-fbe5fe6c-5f58-4d7d-9c1e-6ba2ea767cf8 ] Request (HypervisorAdminNegativeUnderV252Test:setUpClass): 204 PUT http://10.180.1.21/identity/v3/projects/775f3c5ce40c410289121779131d4889/users/960b158258834cc1ab32a8b2d37cf2e8/roles/81ecbe8d5a734d5398dace16d76d4ad0 0.022s
2025-02-16 21:33:47.868 63353 INFO tempest.lib.common.dynamic_creds [-] Dynamic test user 960b158258834cc1ab32a8b2d37cf2e8 is created with scope project and roles: ['admin']
2025-02-16 21:33:47.869 63353 INFO tempest.lib.common.dynamic_creds [-] Acquired dynamic creds: credentials: Credentials: {'domain_id': 'default', 'domain_name': 'Default', 'username': 'tempest-HypervisorAdminNegativeUnderV252Test-1507218394-project-admin', 'project_domain_id': 'default', 'project_domain_name': 'Default', 'project_id': '775f3c5ce40c410289121779131d4889', 'project_name': 'tempest-HypervisorAdminNegativeUnderV252Test-1507218394', 'tenant_id': '775f3c5ce40c410289121779131d4889', 'tenant_name': 'tempest-HypervisorAdminNegativeUnderV252Test-1507218394', 'user_domain_id': 'default', 'user_domain_name': 'Default', 'user_id': '960b158258834cc1ab32a8b2d37cf2e8', 'system': None}, Network: None, Subnet: None, Router: None
2025-02-16 21:33:47.869 63353 INFO tempest.lib.common.dynamic_creds [-] Created isolated network resources for: credentials: Credentials: {'domain_id': 'default', 'domain_name': 'Default', 'username': 'tempest-HypervisorAdminNegativeUnderV252Test-1507218394-project-admin', 'project_domain_id': 'default', 'project_domain_name': 'Default', 'project_id': '775f3c5ce40c410289121779131d4889', 'project_name': 'tempest-HypervisorAdminNegativeUnderV252Test-1507218394', 'tenant_id': '775f3c5ce40c410289121779131d4889', 'tenant_name': 'tempest-HypervisorAdminNegativeUnderV252Test-1507218394', 'user_domain_id': 'default', 'user_domain_name': 'Default', 'user_id': '960b158258834cc1ab32a8b2d37cf2e8', 'system': None}, Network: None, Subnet: None, Router: None
2025-02-16 21:33:47.878 63381 INFO tempest.lib.common.rest_client [req-a1aebc01-bb6d-434e-bfbe-5ee8b9c521ee req-a1aebc01-bb6d-434e-bfbe-5ee8b9c521ee ] Request (HypervisorAdminTestJSON:setUpClass): 201 POST http://10.180.1.21/identity/v3/projects 0.037s
2025-02-16 21:33:47.899 63363 INFO tempest.lib.common.rest_client [req-3aeb4961-aad3-4fa8-8f8a-6669264e1926 req-3aeb4961-aad3-4fa8-8f8a-6669264e1926 ] Request (ValidationResourcesFixture:setUp): 201 POST http://10.180.1.21:9696/networking/v2.0/security-group-rules 0.194s
2025-02-16 21:33:47.949 63375 INFO tempest.lib.common.rest_client [req-fb568246-a22a-43e1-9ab3-a21538b252c3 req-fb568246-a22a-43e1-9ab3-a21538b252c3 ] Request (KeyPairsV210TestJSON:tearDownClass): 200 GET http://10.180.1.21:9696/networking/v2.0/security-groups?tenant_id=962e9aff820644d88b0e73b0831b9ae7&name=default 0.399s
2025-02-16 21:33:47.959 63381 INFO tempest.lib.common.rest_client [req-78fc9fd6-5cd4-4fe1-96d6-72fa59e3fc74 req-78fc9fd6-5cd4-4fe1-96d6-72fa59e3fc74 ] Request (HypervisorAdminTestJSON:setUpClass): 201 POST http://10.180.1.21/identity/v3/users 0.080s
2025-02-16 21:33:47.970 63353 INFO tempest.lib.common.rest_client [req-6e321f58-e327-4db3-affd-b8e29a580a1c req-6e321f58-e327-4db3-affd-b8e29a580a1c ] Request (HypervisorAdminNegativeUnderV252Test:setUpClass): 201 POST http://10.180.1.21/identity/v3/auth/tokens 0.096s
2025-02-16 21:33:47.974 63357 INFO tempest.lib.common.rest_client [req-d6b61b28-fd91-4717-93e6-7cd5a06e9f27 req-d6b61b28-fd91-4717-93e6-7cd5a06e9f27 ] Request (ImagesTestJSON:test_create_image_from_stopped_server): 200 GET http://10.180.1.21/compute/v2.1/servers/120df506-ef17-4f23-b077-a4e806feded9 1.978s
2025-02-16 21:33:47.983 63381 INFO tempest.lib.common.rest_client [req-ff5da012-a878-491b-8b34-4ca701d76ee1 req-ff5da012-a878-491b-8b34-4ca701d76ee1 ] Request (HypervisorAdminTestJSON:setUpClass): 200 GET http://10.180.1.21/identity/v3/roles 0.024s
2025-02-16 21:33:47.983 63357 INFO tempest.common.waiters [-] State transition "BUILD/spawning" ==> "ACTIVE/None" after 17 second wait
2025-02-16 21:33:48.013 63381 INFO tempest.lib.common.rest_client [req-be2a7f17-b71b-4de8-84c1-ea40346036d9 req-be2a7f17-b71b-4de8-84c1-ea40346036d9 ] Request (HypervisorAdminTestJSON:setUpClass): 204 PUT http://10.180.1.21/identity/v3/projects/794b5e6e7b7545e7ab633ab75f179919/users/886ddb615657423dbe9880ca10b85084/roles/81ecbe8d5a734d5398dace16d76d4ad0 0.029s
2025-02-16 21:33:48.065 63381 INFO tempest.lib.common.rest_client [req-49be50d9-2d57-4cc6-95f1-4d1b253ddd91 req-49be50d9-2d57-4cc6-95f1-4d1b253ddd91 ] Request (HypervisorAdminTestJSON:setUpClass): 200 GET http://10.180.1.21/identity/v3/roles 0.052s
2025-02-16 21:33:48.086 63381 INFO tempest.lib.common.rest_client [req-69bf8fbb-0688-4f89-a3fc-a3da9868725e req-69bf8fbb-0688-4f89-a3fc-a3da9868725e ] Request (HypervisorAdminTestJSON:setUpClass): 204 PUT http://10.180.1.21/identity/v3/projects/794b5e6e7b7545e7ab633ab75f179919/users/886ddb615657423dbe9880ca10b85084/roles/81ecbe8d5a734d5398dace16d76d4ad0 0.021s
2025-02-16 21:33:48.086 63381 INFO tempest.lib.common.dynamic_creds [-] Dynamic test user 886ddb615657423dbe9880ca10b85084 is created with scope project and roles: ['admin']
2025-02-16 21:33:48.087 63381 INFO tempest.lib.common.dynamic_creds [-] Acquired dynamic creds: credentials: Credentials: {'domain_id': 'default', 'domain_name': 'Default', 'username': 'tempest-HypervisorAdminTestJSON-1899700101-project-admin', 'project_domain_id': 'default', 'project_domain_name': 'Default', 'project_id': '794b5e6e7b7545e7ab633ab75f179919', 'project_name': 'tempest-HypervisorAdminTestJSON-1899700101', 'tenant_id': '794b5e6e7b7545e7ab633ab75f179919', 'tenant_name': 'tempest-HypervisorAdminTestJSON-1899700101', 'user_domain_id': 'default', 'user_domain_name': 'Default', 'user_id': '886ddb615657423dbe9880ca10b85084', 'system': None}, Network: None, Subnet: None, Router: None
2025-02-16 21:33:48.087 63381 INFO tempest.lib.common.dynamic_creds [-] Created isolated network resources for: credentials: Credentials: {'domain_id': 'default', 'domain_name': 'Default', 'username': 'tempest-HypervisorAdminTestJSON-1899700101-project-admin', 'project_domain_id': 'default', 'project_domain_name': 'Default', 'project_id': '794b5e6e7b7545e7ab633ab75f179919', 'project_name': 'tempest-HypervisorAdminTestJSON-1899700101', 'tenant_id': '794b5e6e7b7545e7ab633ab75f179919', 'tenant_name': 'tempest-HypervisorAdminTestJSON-1899700101', 'user_domain_id': 'default', 'user_domain_name': 'Default', 'user_id': '886ddb615657423dbe9880ca10b85084', 'system': None}, Network: None, Subnet: None, Router: None
2025-02-16 21:33:48.161 63381 INFO tempest.lib.common.rest_client [req-cb1f3545-cf7f-43a2-b545-1b7eccb60fa2 req-cb1f3545-cf7f-43a2-b545-1b7eccb60fa2 ] Request (HypervisorAdminTestJSON:setUpClass): 201 POST http://10.180.1.21/identity/v3/auth/tokens 0.071s
2025-02-16 21:33:48.198 63325 INFO tempest.lib.common.rest_client [req-3ad851e1-a69e-492f-b705-0e7f85eb1a6b req-3ad851e1-a69e-492f-b705-0e7f85eb1a6b ] Request (SecurityGroupRulesTestJSON:setUpClass): 201 POST http://10.180.1.21:9696/networking/v2.0/networks 0.722s
2025-02-16 21:33:48.227 63329 INFO tempest.lib.common.rest_client [req-470ade40-be31-4d07-b375-d6a8ddd2a882 req-470ade40-be31-4d07-b375-d6a8ddd2a882 ] Request (MigrationsAdminTest:test_list_migrations_in_flavor_resize_situation): 200 GET http://10.180.1.21/compute/v2.1/servers/aaddae64-82e8-46d2-8de5-f53d0ed8411e 2.199s
2025-02-16 21:33:48.337 63341 INFO tempest.lib.common.rest_client [req-608d341c-31f9-4292-9f41-1c8db759a808 req-608d341c-31f9-4292-9f41-1c8db759a808 ] Request (FloatingIPsTestJSON:test_delete_floating_ip): 202 DELETE http://10.180.1.21/compute/v2.1/os-floating-ips/4a30041f-0ccc-41c4-8bda-85b5333da132 2.411s
2025-02-16 21:33:48.373 63363 INFO tempest.lib.common.rest_client [req-8b4affb3-a576-452b-8880-93f7bb46a8f6 req-8b4affb3-a576-452b-8880-93f7bb46a8f6 ] Request (ValidationResourcesFixture:setUp): 201 POST http://10.180.1.21:9696/networking/v2.0/security-group-rules 0.474s
2025-02-16 21:33:48.394 63323 INFO tempest.lib.common.rest_client [req-bd00ad54-1b94-49c4-b745-a8987fae90b7 req-bd00ad54-1b94-49c4-b745-a8987fae90b7 ] Request (DeleteServersAdminTestJSON:test_admin_delete_servers_of_others): 200 GET http://10.180.1.21/compute/v2.1/servers/f3c24f0e-73fe-4c35-a705-2b39c96fe5a4 2.242s
2025-02-16 21:33:48.422 63373 INFO tempest.lib.common.rest_client [req-84dbb913-a6b4-4413-b025-ba1c5a020c02 req-84dbb913-a6b4-4413-b025-ba1c5a020c02 ] Request (FlavorsAccessNegativeTestJSON:test_flavor_non_admin_add): 200 POST http://10.180.1.21/compute/v2.1/flavors 2.142s
2025-02-16 21:33:48.448 63383 INFO tempest.lib.common.rest_client [req-8c13f24f-89b8-4c69-b95a-4a3c583a6980 req-8c13f24f-89b8-4c69-b95a-4a3c583a6980 ] Request (FlavorsAdminTestJSON:_run_cleanups): 200 GET http://10.180.1.21/compute/v2.1/flavors/detail 2.161s
2025-02-16 21:33:48.455 63361 INFO tempest.lib.common.rest_client [req-80b3abda-4ca9-4597-a2a2-315b906a1966 req-80b3abda-4ca9-4597-a2a2-315b906a1966 ] Request (HostsAdminNegativeTestJSON:test_update_host_with_invalid_maintenance_mode): 400 PUT http://10.180.1.21/compute/v2.1/os-hosts/devstack 2.127s
2025-02-16 21:33:48.457 63375 INFO tempest.lib.common.rest_client [req-3b3afaa8-1bca-43dd-842c-90074aacf1a0 req-3b3afaa8-1bca-43dd-842c-90074aacf1a0 ] Request (KeyPairsV210TestJSON:tearDownClass): 204 DELETE http://10.180.1.21:9696/networking/v2.0/security-groups/ef146679-7965-4efd-81a4-9a90369d63b0 0.507s
2025-02-16 21:33:48.510 63365 INFO tempest.lib.common.rest_client [req-044fb55a-317a-4c5d-af8f-56597839e1bf req-044fb55a-317a-4c5d-af8f-56597839e1bf ] Request (SecurityGroupsTestAdminJSON:_run_cleanups): 202 DELETE http://10.180.1.21/compute/v2.1/os-security-groups/b9827973-b30a-4cdd-9023-7b323da559e4 2.255s
2025-02-16 21:33:48.537 63325 INFO tempest.lib.common.rest_client [req-34011539-095f-4d96-8641-ab7fed14da1e req-34011539-095f-4d96-8641-ab7fed14da1e ] Request (SecurityGroupRulesTestJSON:setUpClass): 201 POST http://10.180.1.21:9696/networking/v2.0/subnets 0.338s
2025-02-16 21:33:48.588 63375 INFO tempest.lib.common.rest_client [req-7ffffbb4-8c82-4bf4-8343-d2f9ddc03016 req-7ffffbb4-8c82-4bf4-8343-d2f9ddc03016 ] Request (KeyPairsV210TestJSON:tearDownClass): 204 DELETE http://10.180.1.21/identity/v3/projects/962e9aff820644d88b0e73b0831b9ae7 0.130s
2025-02-16 21:33:48.652 63359 INFO tempest.lib.common.rest_client [req-c97aedf6-4af2-4428-aa18-338aff6fc687 req-c97aedf6-4af2-4428-aa18-338aff6fc687 ] Request (QuotasAdminTestJSON:test_update_all_quota_resources_for_tenant): 200 GET http://10.180.1.21/compute/v2.1/os-quota-sets/f337c67dbb154d04977152c099899a86/defaults 2.286s
2025-02-16 21:33:48.688 63321 INFO tempest.lib.common.rest_client [req-95f9ae80-9ca6-4634-9ac0-b5a67236c551 req-95f9ae80-9ca6-4634-9ac0-b5a67236c551 ] Request (ServersTestBootFromVolume:setUpClass): 200 GET http://10.180.1.21/volume/v3/volumes/2c127b62-ae9d-4f27-bcf3-ce055e458e6c 0.033s
2025-02-16 21:33:48.695 63365 INFO tempest.lib.common.rest_client [req-8137543e-3c4a-425f-9a14-97500667c005 req-8137543e-3c4a-425f-9a14-97500667c005 ] Request (SecurityGroupsTestAdminJSON:tearDownClass): 204 DELETE http://10.180.1.21/identity/v3/users/71431346b5bd4c11823718382e76677f 0.180s
2025-02-16 21:33:48.704 63375 INFO tempest.lib.common.rest_client [req-3545aaef-201b-4d0d-85ea-b7f6cbbf9459 req-3545aaef-201b-4d0d-85ea-b7f6cbbf9459 ] Request (InstanceActionsV221TestJSON:setUpClass): 201 POST http://10.180.1.21/identity/v3/auth/tokens 0.113s
2025-02-16 21:33:48.793 63365 INFO tempest.lib.common.rest_client [req-f1421a29-0845-4b0a-9494-5118044f57e6 req-f1421a29-0845-4b0a-9494-5118044f57e6 ] Request (SecurityGroupsTestAdminJSON:tearDownClass): 204 DELETE http://10.180.1.21/identity/v3/users/015d00d2525c434089b330a414a45a3f 0.096s
2025-02-16 21:33:48.794 63365 INFO tempest.lib.common.dynamic_creds [-] Deleting project and security group for project: c143c5a6e7ed493aa318f8d926762cf3
2025-02-16 21:33:48.852 63375 INFO tempest.lib.common.rest_client [req-f2b82232-4e98-44f1-b7d7-51a66b7537ed req-f2b82232-4e98-44f1-b7d7-51a66b7537ed ] Request (InstanceActionsV221TestJSON:setUpClass): 201 POST http://10.180.1.21/identity/v3/auth/tokens 0.146s
2025-02-16 21:33:48.871 63369 INFO tempest.lib.common.rest_client [req-b7c37668-4a1d-42b1-8124-9f211df1b962 req-b7c37668-4a1d-42b1-8124-9f211df1b962 ] Request (QuotasAdminNegativeTest:test_create_server_when_memory_quota_is_full): 200 PUT http://10.180.1.21/compute/v2.1/os-quota-sets/fa7f7f9072684893852ed66fbc761ca4 2.085s
2025-02-16 21:33:48.876 63375 INFO tempest.lib.common.rest_client [req-d3086126-5263-4b6e-a65a-b11312c8c53b req-d3086126-5263-4b6e-a65a-b11312c8c53b ] Request (InstanceActionsV221TestJSON:setUpClass): 200 GET http://10.180.1.21/identity/v3/domains?name=Default 0.023s
2025-02-16 21:33:48.879 63365 INFO tempest.lib.common.rest_client [req-22a12a0a-7e48-4b39-8f47-8d5e5fa52c3a req-22a12a0a-7e48-4b39-8f47-8d5e5fa52c3a ] Request (SecurityGroupsTestAdminJSON:tearDownClass): 201 POST http://10.180.1.21/identity/v3/auth/tokens 0.085s
2025-02-16 21:33:48.896 63349 INFO tempest.lib.common.rest_client [req-010b31a8-6124-4c03-84a6-2a4425826803 req-010b31a8-6124-4c03-84a6-2a4425826803 ] Request (AggregatesAdminNegativeTestJSON:_run_cleanups): 200 DELETE http://10.180.1.21/compute/v2.1/os-aggregates/3 1.680s
2025-02-16 21:33:48.920 63375 INFO tempest.lib.common.rest_client [req-52a56cd4-b0e7-4352-8854-f3dde948e2d4 req-52a56cd4-b0e7-4352-8854-f3dde948e2d4 ] Request (InstanceActionsV221TestJSON:setUpClass): 201 POST http://10.180.1.21/identity/v3/projects 0.044s
2025-02-16 21:33:48.943 63369 INFO tempest.lib.common.rest_client [req-3a0f9b30-261b-4cc0-82df-b6d240ccd921 req-3a0f9b30-261b-4cc0-82df-b6d240ccd921 ] Request (QuotasAdminNegativeTest:test_create_server_when_memory_quota_is_full): 201 POST http://10.180.1.21/identity/v3/auth/tokens 0.068s
2025-02-16 21:33:48.944 63369 INFO tempest.lib.common.fixed_network [-] (QuotasAdminNegativeTest:test_create_server_when_memory_quota_is_full) Found network None available for tenant
2025-02-16 21:33:48.995 63375 INFO tempest.lib.common.rest_client [req-8bc8a29f-47e9-40e8-8204-fecf49eabd0e req-8bc8a29f-47e9-40e8-8204-fecf49eabd0e ] Request (InstanceActionsV221TestJSON:setUpClass): 201 POST http://10.180.1.21/identity/v3/users 0.074s
2025-02-16 21:33:49.017 63371 INFO tempest.lib.common.rest_client [req-df980a79-6b8a-4c7f-a725-e3deabfe6d85 req-df980a79-6b8a-4c7f-a725-e3deabfe6d85 ] Request (ServersAdmin275Test:test_rebuild_update_server_275): 200 GET http://10.180.1.21/compute/v2.1/servers/6eec2d20-2023-4bfe-ab14-69410c00cb5b 1.758s
2025-02-16 21:33:49.022 63375 INFO tempest.lib.common.rest_client [req-3115a921-14a3-4d45-a3cf-8982b7ce028f req-3115a921-14a3-4d45-a3cf-8982b7ce028f ] Request (InstanceActionsV221TestJSON:setUpClass): 200 GET http://10.180.1.21/identity/v3/roles 0.027s
2025-02-16 21:33:49.029 63371 INFO tempest.common.waiters [-] State transition "REBUILD/rebuilding" ==> "REBUILD/rebuild_spawning" after 3 second wait
2025-02-16 21:33:49.032 63337 INFO tempest.lib.common.rest_client [req-d6c53b7e-26dc-44ed-8f8b-f28dfd984614 req-d6c53b7e-26dc-44ed-8f8b-f28dfd984614 ] Request (FlavorsExtraSpecsNegativeTestJSON:tearDownClass): 202 DELETE http://10.180.1.21/compute/v2.1/flavors/1751852800 1.501s
2025-02-16 21:33:49.049 63375 INFO tempest.lib.common.rest_client [req-ec9e8d04-61df-4859-86d2-9ce42cabe5f9 req-ec9e8d04-61df-4859-86d2-9ce42cabe5f9 ] Request (InstanceActionsV221TestJSON:setUpClass): 204 PUT http://10.180.1.21/identity/v3/projects/ff716d370d024d4b88d8152313c2340c/users/915d33c3f8c6401abaf11bc26e6e0019/roles/4bb4edd220cf4d4da01f0e2d1cec56b7 0.026s
2025-02-16 21:33:49.049 63375 INFO tempest.lib.common.dynamic_creds [-] Dynamic test user 915d33c3f8c6401abaf11bc26e6e0019 is created with scope project and roles: ['member']
2025-02-16 21:33:49.049 63375 INFO tempest.lib.common.dynamic_creds [-] Acquired dynamic creds: credentials: Credentials: {'domain_id': 'default', 'domain_name': 'Default', 'username': 'tempest-InstanceActionsV221TestJSON-24570260-project-member', 'project_domain_id': 'default', 'project_domain_name': 'Default', 'project_id': 'ff716d370d024d4b88d8152313c2340c', 'project_name': 'tempest-InstanceActionsV221TestJSON-24570260', 'tenant_id': 'ff716d370d024d4b88d8152313c2340c', 'tenant_name': 'tempest-InstanceActionsV221TestJSON-24570260', 'user_domain_id': 'default', 'user_domain_name': 'Default', 'user_id': '915d33c3f8c6401abaf11bc26e6e0019', 'system': None}, Network: None, Subnet: None, Router: None
2025-02-16 21:33:49.119 63375 INFO tempest.lib.common.rest_client [req-b6103d84-9d7e-4211-9ee8-0f5612704418 req-b6103d84-9d7e-4211-9ee8-0f5612704418 ] Request (InstanceActionsV221TestJSON:setUpClass): 201 POST http://10.180.1.21/identity/v3/auth/tokens 0.070s
2025-02-16 21:33:49.136 63365 INFO tempest.lib.common.rest_client [req-0c644bd0-bfeb-4578-85ee-06e900b259e8 req-0c644bd0-bfeb-4578-85ee-06e900b259e8 ] Request (SecurityGroupsTestAdminJSON:tearDownClass): 200 GET http://10.180.1.21:9696/networking/v2.0/security-groups?tenant_id=c143c5a6e7ed493aa318f8d926762cf3&name=default 0.257s
2025-02-16 21:33:49.197 63353 INFO tempest.lib.common.rest_client [req-010cf32c-9e7d-4d07-b137-454dabcb6024 req-010cf32c-9e7d-4d07-b137-454dabcb6024 ] Request (HypervisorAdminNegativeUnderV252Test:test_search_hypervisor_with_non_admin_user): 200 GET http://10.180.1.21/compute/v2.1/os-hypervisors 1.226s
2025-02-16 21:33:49.279 63357 INFO tempest.lib.common.rest_client [req-5bbed42f-bfe2-4f2e-9447-9666de9e1d35 req-5bbed42f-bfe2-4f2e-9447-9666de9e1d35 ] Request (ImagesTestJSON:test_create_image_from_stopped_server): 202 POST http://10.180.1.21/compute/v2.1/servers/120df506-ef17-4f23-b077-a4e806feded9/action 1.295s
2025-02-16 21:33:49.464 63365 INFO tempest.lib.common.rest_client [req-4fe0c41e-324c-4f33-bb67-81dfd3c7064f req-4fe0c41e-324c-4f33-bb67-81dfd3c7064f ] Request (SecurityGroupsTestAdminJSON:tearDownClass): 204 DELETE http://10.180.1.21:9696/networking/v2.0/security-groups/330f27aa-1f8d-41ad-a873-02fedfe0072a 0.327s
2025-02-16 21:33:49.512 63363 INFO tempest.lib.common.rest_client [req-c5a9f0c6-19a2-4935-9d29-8441f3b6d88d req-c5a9f0c6-19a2-4935-9d29-8441f3b6d88d ] Request (ValidationResourcesFixture:setUp): 201 POST http://10.180.1.21:9696/networking/v2.0/floatingips 1.138s
2025-02-16 21:33:49.524 63333 INFO tempest.lib.common.rest_client [req-fe50e07f-fa6e-4972-a7de-bd85a03d5ce4 req-fe50e07f-fa6e-4972-a7de-bd85a03d5ce4 ] Request (ServerDiagnosticsTest:test_get_server_diagnostics): 200 GET http://10.180.1.21/compute/v2.1/servers/2b9ae7b8-0bff-416f-81b7-d24cbf636d2c 1.452s
2025-02-16 21:33:49.536 63333 INFO tempest.common.waiters [-] State transition "BUILD/spawning" ==> "ACTIVE/None" after 17 second wait
2025-02-16 21:33:49.548 63365 INFO tempest.lib.common.rest_client [req-76ad8bef-38bc-4e1e-8444-d07371aa0c4d req-76ad8bef-38bc-4e1e-8444-d07371aa0c4d ] Request (SecurityGroupsTestAdminJSON:tearDownClass): 204 DELETE http://10.180.1.21/identity/v3/projects/c143c5a6e7ed493aa318f8d926762cf3 0.083s
2025-02-16 21:33:49.548 63365 INFO tempest.lib.common.dynamic_creds [-] Deleting project and security group for project: 5377c18d1bc34eb6ae8ad6cf5657e90a
2025-02-16 21:33:49.584 63363 INFO tempest.lib.common.rest_client [req-c39d6af1-9b65-4244-8917-1ff7c59619ff req-c39d6af1-9b65-4244-8917-1ff7c59619ff ] Request (ServersWithSpecificFlavorTestJSON:test_verify_created_server_ephemeral_disk): 201 POST http://10.180.1.21/identity/v3/auth/tokens 0.068s
2025-02-16 21:33:49.584 63363 INFO tempest.lib.common.fixed_network [-] (ServersWithSpecificFlavorTestJSON:test_verify_created_server_ephemeral_disk) Found network {'id': '433096de-5305-46f4-bd61-881344a7587e', 'name': 'tempest-ServersWithSpecificFlavorTestJSON-1421690504-network', 'tenant_id': '9ee46bcf2bc34a4eb44a79fa7c330c00', 'admin_state_up': True, 'mtu': 8950, 'status': 'ACTIVE', 'subnets': [], 'shared': False, 'project_id': '9ee46bcf2bc34a4eb44a79fa7c330c00', 'port_security_enabled': True, 'router:external': False, 'provider:network_type': 'vlan', 'provider:physical_network': 'default', 'provider:segmentation_id': 57, 'availability_zone_hints': [], 'availability_zones': [], 'ipv4_address_scope': None, 'ipv6_address_scope': None, 'description': '', 'tags': [], 'created_at': '2025-02-16T21:33:16Z', 'updated_at': '2025-02-16T21:33:16Z', 'revision_number': 1} available for tenant
2025-02-16 21:33:49.618 63365 INFO tempest.lib.common.rest_client [req-7bd2327d-eb47-42cf-8234-0098b0c96c9b req-7bd2327d-eb47-42cf-8234-0098b0c96c9b ] Request (SecurityGroupsTestAdminJSON:tearDownClass): 200 GET http://10.180.1.21:9696/networking/v2.0/security-groups?tenant_id=5377c18d1bc34eb6ae8ad6cf5657e90a&name=default 0.070s
2025-02-16 21:33:49.663 63355 INFO tempest.lib.common.rest_client [req-e6780026-7555-49b8-ba79-ab373d9ffb2d req-e6780026-7555-49b8-ba79-ab373d9ffb2d ] Request (ServerGroup264TestJSON:tearDownClass): 200 PUT http://10.180.1.21:9696/networking/v2.0/routers/ac3f7dc0-ecf3-49c9-abb1-6a52349b3845/remove_router_interface 2.139s
2025-02-16 21:33:49.675 63381 INFO tempest.lib.common.rest_client [req-3eed462d-fe04-4e99-aa0d-92788afe0f17 req-3eed462d-fe04-4e99-aa0d-92788afe0f17 ] Request (HypervisorAdminTestJSON:test_get_hypervisor_list): 200 GET http://10.180.1.21/compute/v2.1/os-hypervisors 1.512s
2025-02-16 21:33:49.711 63375 INFO tempest.lib.common.rest_client [req-daeac521-9abf-46c3-99be-59d241101cd9 req-daeac521-9abf-46c3-99be-59d241101cd9 ] Request (InstanceActionsV221TestJSON:setUpClass): 201 POST http://10.180.1.21:9696/networking/v2.0/networks 0.591s
2025-02-16 21:33:49.733 63321 INFO tempest.lib.common.rest_client [req-b9626624-96af-4211-8c80-fd2c9b9e9af3 req-b9626624-96af-4211-8c80-fd2c9b9e9af3 ] Request (ServersTestBootFromVolume:setUpClass): 200 GET http://10.180.1.21/volume/v3/volumes/2c127b62-ae9d-4f27-bcf3-ce055e458e6c 0.037s
2025-02-16 21:33:49.765 63331 INFO tempest.lib.common.rest_client [req-625ef2c3-0f98-49dd-8f05-ba1c9b03f45b req-625ef2c3-0f98-49dd-8f05-ba1c9b03f45b ] Request (FloatingIPDetailsTestJSON:tearDownClass): 202 DELETE http://10.180.1.21/compute/v2.1/os-floating-ips/9d9661a7-37df-4979-b633-ed0c51558cd8 2.797s
2025-02-16 21:33:49.789 63351 INFO tempest.lib.common.rest_client [req-787bf9de-4b36-442f-827f-3db4c4479835 req-787bf9de-4b36-442f-827f-3db4c4479835 ] Request (ServersNegativeTestJSON:setUpClass): 200 GET http://10.180.1.21/compute/v2.1/servers/b6db441c-7399-43b4-910e-cc9c4dba1ffc 1.614s
2025-02-16 21:33:49.891 63327 INFO tempest.lib.common.rest_client [req-0f7d2d3d-4a2f-4daf-a5f9-ffc7560c87f4 req-0f7d2d3d-4a2f-4daf-a5f9-ffc7560c87f4 ] Request (ListServerFiltersTestJSON:setUpClass): 200 GET http://10.180.1.21/compute/v2.1/servers/5f31a816-a0a0-48c5-8566-e7c40a192cf3 1.633s
2025-02-16 21:33:50.004 63343 INFO tempest.lib.common.rest_client [req-9383a449-1250-41ba-bd8b-a14147306b24 req-9383a449-1250-41ba-bd8b-a14147306b24 ] Request (ServerActionsTestJSON:setUpClass): 200 GET http://10.180.1.21/compute/v2.1/servers/58593514-7f18-4e17-9dbe-2735827790c7 1.709s
2025-02-16 21:33:50.028 63365 INFO tempest.lib.common.rest_client [req-dd1cdf58-bd24-415f-9463-4dc2543e9847 req-dd1cdf58-bd24-415f-9463-4dc2543e9847 ] Request (SecurityGroupsTestAdminJSON:tearDownClass): 204 DELETE http://10.180.1.21:9696/networking/v2.0/security-groups/d994f791-90d3-49b2-8846-731806cc1d05 0.409s
2025-02-16 21:33:50.035 63377 INFO tempest.lib.common.rest_client [req-6e1fafff-a1db-44ec-a8e9-04745fcc2e43 req-6e1fafff-a1db-44ec-a8e9-04745fcc2e43 ] Request (ServerPasswordTestJSON:setUpClass): 200 GET http://10.180.1.21/compute/v2.1/servers/87f2c2b5-5cf1-4be8-b4cb-17736d7e6719 1.841s
2025-02-16 21:33:50.042 63377 INFO tempest.common.waiters [-] State transition "BUILD/block_device_mapping" ==> "BUILD/spawning" after 12 second wait
2025-02-16 21:33:50.058 63341 INFO tempest.lib.common.rest_client [req-7a8610fc-f118-49ca-979d-9442d8a567de req-7a8610fc-f118-49ca-979d-9442d8a567de ] Request (FloatingIPsTestJSON:test_delete_floating_ip): 404 GET http://10.180.1.21/compute/v2.1/os-floating-ips/4a30041f-0ccc-41c4-8bda-85b5333da132 1.720s
2025-02-16 21:33:50.116 63373 INFO tempest.lib.common.rest_client [req-b8c9c0fb-c1d3-4e4e-ad8e-aba5575c837f req-b8c9c0fb-c1d3-4e4e-ad8e-aba5575c837f ] Request (FlavorsAccessNegativeTestJSON:test_flavor_non_admin_add): 403 POST http://10.180.1.21/compute/v2.1/flavors/1330024893/action 1.691s
2025-02-16 21:33:50.137 63375 INFO tempest.lib.common.rest_client [req-94d54e9c-d4bc-4073-8205-efa587c4898d req-94d54e9c-d4bc-4073-8205-efa587c4898d ] Request (InstanceActionsV221TestJSON:setUpClass): 201 POST http://10.180.1.21:9696/networking/v2.0/subnets 0.425s
2025-02-16 21:33:50.146 63383 INFO tempest.lib.common.rest_client [req-8ca002b2-d444-4cdd-9fa1-8321fe1979cd req-8ca002b2-d444-4cdd-9fa1-8321fe1979cd ] Request (FlavorsAdminTestJSON:test_create_flavor_with_none_id): 200 POST http://10.180.1.21/compute/v2.1/flavors 1.690s
2025-02-16 21:33:50.148 63367 INFO tempest.lib.common.rest_client [req-2b6698aa-0b62-40b3-815e-01b000642460 req-2b6698aa-0b62-40b3-815e-01b000642460 ] Request (TenantUsagesTestJSON:tearDownClass): 200 GET http://10.180.1.21/compute/v2.1/servers/a5376d43-a90b-43df-80ad-ffa5b3b3e959 1.710s
2025-02-16 21:33:50.154 63361 INFO tempest.lib.common.rest_client [req-fd85a75a-e760-47ac-be94-4fc3f4dd699f req-fd85a75a-e760-47ac-be94-4fc3f4dd699f ] Request (HostsAdminNegativeTestJSON:test_update_host_with_invalid_status): 400 PUT http://10.180.1.21/compute/v2.1/os-hosts/devstack 1.697s
2025-02-16 21:33:50.154 63365 INFO tempest.lib.common.rest_client [req-dc3edcdb-2d9e-4f07-8164-3b6e44f1aa51 req-dc3edcdb-2d9e-4f07-8164-3b6e44f1aa51 ] Request (SecurityGroupsTestAdminJSON:tearDownClass): 204 DELETE http://10.180.1.21/identity/v3/projects/5377c18d1bc34eb6ae8ad6cf5657e90a 0.126s
2025-02-16 21:33:50.159 63367 INFO tempest.common.waiters [-] State transition "ACTIVE/deleting" ==> "DELETED/None" after 3 second wait
2025-02-16 21:33:50.249 63365 INFO tempest.lib.common.rest_client [req-6d702fb7-f0c3-45a8-b3b3-458cd99c9733 req-6d702fb7-f0c3-45a8-b3b3-458cd99c9733 ] Request (ServicesAdminNegativeV253TestJSON:setUpClass): 201 POST http://10.180.1.21/identity/v3/auth/tokens 0.093s
2025-02-16 21:33:50.288 63365 INFO tempest.lib.common.rest_client [req-aaf08701-c11a-44dd-bda2-0991bb397989 req-aaf08701-c11a-44dd-bda2-0991bb397989 ] Request (ServicesAdminNegativeV253TestJSON:setUpClass): 201 POST http://10.180.1.21/identity/v3/auth/tokens 0.036s
2025-02-16 21:33:50.322 63365 INFO tempest.lib.common.rest_client [req-5d75bd6c-e04a-498c-92b5-f65331622177 req-5d75bd6c-e04a-498c-92b5-f65331622177 ] Request (ServicesAdminNegativeV253TestJSON:setUpClass): 200 GET http://10.180.1.21/identity/v3/domains?name=Default 0.033s
2025-02-16 21:33:50.351 63365 INFO tempest.lib.common.rest_client [req-650dabba-4a1e-4516-98d6-0ef281f3fdf8 req-650dabba-4a1e-4516-98d6-0ef281f3fdf8 ] Request (ServicesAdminNegativeV253TestJSON:setUpClass): 201 POST http://10.180.1.21/identity/v3/projects 0.029s
2025-02-16 21:33:50.417 63345 INFO tempest.lib.common.rest_client [req-75d2e8b8-6fd5-4bce-befe-6c045c257f12 req-75d2e8b8-6fd5-4bce-befe-6c045c257f12 ] Request (VolumesAssistedSnapshotsTest:test_volume_assisted_snapshot_create_delete): 200 GET http://10.180.1.21/compute/v2.1/servers/d6fcbfca-a9ff-4085-b133-89c85fb1980e 1.885s
2025-02-16 21:33:50.428 63365 INFO tempest.lib.common.rest_client [req-bf4c39c0-b822-4527-88a3-af27de3f55c9 req-bf4c39c0-b822-4527-88a3-af27de3f55c9 ] Request (ServicesAdminNegativeV253TestJSON:setUpClass): 201 POST http://10.180.1.21/identity/v3/users 0.076s
2025-02-16 21:33:50.431 63345 INFO tempest.common.waiters [-] State transition "BUILD/scheduling" ==> "BUILD/None" after 6 second wait
2025-02-16 21:33:50.463 63365 INFO tempest.lib.common.rest_client [req-68469579-ee34-498b-ba31-05605f10ec1e req-68469579-ee34-498b-ba31-05605f10ec1e ] Request (ServicesAdminNegativeV253TestJSON:setUpClass): 200 GET http://10.180.1.21/identity/v3/roles 0.034s
