2025-02-16 21:34:39.950 63333 INFO tempest.lib.common.rest_client [req-633c3ebe-cc62-42c0-b8e9-a5061cee8ed2 req-633c3ebe-cc62-42c0-b8e9-a5061cee8ed2 ] Request (FloatingIPsAssociationNegativeTestJSON:setUpClass): 200 GET http://10.180.1.21/compute/v2.1/servers/92a7d8c9-a3d1-4a2f-8d73-3dc94778221a 0.386s
2025-02-16 21:34:39.964 63363 WARNING tempest.lib.common.ssh [-] Failed to establish authenticated ssh connection to cirros@10.180.180.145 ([Errno None] Unable to connect to port 22 on 10.180.180.145). Number attempts: 2. Retry after 3 seconds.: paramiko.ssh_exception.NoValidConnectionsError: [Errno None] Unable to connect to port 22 on 10.180.180.145
2025-02-16 21:34:40.009 63349 INFO tempest.lib.common.rest_client [req-47b9263f-9b6f-4db9-ba03-39623c6b25dc req-47b9263f-9b6f-4db9-ba03-39623c6b25dc ] Request (QuotaClassesAdmin257Test:tearDownClass): 204 DELETE http://10.180.1.21:9696/networking/v2.0/security-groups/3a961f0a-843d-48bb-a042-80d6ab88506a 0.188s
2025-02-16 21:34:40.026 63371 INFO tempest.lib.common.rest_client [req-47edf0f6-9aba-481c-a7f9-0c7f6b9d8417 req-47edf0f6-9aba-481c-a7f9-0c7f6b9d8417 ] Request (ServersAdmin275Test:tearDownClass): 200 GET http://10.180.1.21/compute/v2.1/servers/6eec2d20-2023-4bfe-ab14-69410c00cb5b 0.377s
2025-02-16 21:34:40.086 63377 INFO tempest.lib.common.rest_client [req-d9e40473-60d3-4bb0-bd5b-fa52986aa4b9 req-d9e40473-60d3-4bb0-bd5b-fa52986aa4b9 ] Request (ServerShowV247Test:test_show_server): 200 GET http://10.180.1.21/compute/v2.1/servers/a5f22253-0529-4b40-b827-d5160cbaa55b 0.536s
2025-02-16 21:34:40.102 63359 INFO tempest.lib.common.rest_client [req-8c903f79-d4cf-438b-abaa-f3dec8b17334 req-8c903f79-d4cf-438b-abaa-f3dec8b17334 ] Request (ServersAaction247Test:test_create_backup): 200 GET http://10.180.1.21/compute/v2.1/servers/1bc3a6d2-31b8-4895-9370-d61331103cf3 0.402s
2025-02-16 21:34:40.141 63349 INFO tempest.lib.common.rest_client [req-70e46bb5-deac-441c-af37-1e99f1dbd395 req-70e46bb5-deac-441c-af37-1e99f1dbd395 ] Request (QuotaClassesAdmin257Test:tearDownClass): 204 DELETE http://10.180.1.21/identity/v3/projects/9d22d4a4b0fe40f7b56b383ec07a60b9 0.131s
2025-02-16 21:34:40.180 63377 INFO tempest.lib.common.rest_client [req-c58da0d8-b1d8-4b75-9d2d-699fa1a817d3 req-c58da0d8-b1d8-4b75-9d2d-699fa1a817d3 ] Request (ServerShowV247Test:test_update_rebuild_list_server): 201 POST http://10.180.1.21/identity/v3/auth/tokens 0.078s
2025-02-16 21:34:40.181 63377 INFO tempest.lib.common.fixed_network [-] (ServerShowV247Test:test_update_rebuild_list_server) Found network None available for tenant
2025-02-16 21:34:40.192 63379 INFO tempest.lib.common.rest_client [req-7971bbce-11eb-43bc-9636-f95fa1122206 req-7971bbce-11eb-43bc-9636-f95fa1122206 ] Request (ImagesOneServerNegativeTestJSON:setUpClass): 200 GET http://10.180.1.21/compute/v2.1/servers/25827438-2172-49df-87e9-a6bf9cdeac57 0.372s
2025-02-16 21:34:40.198 63373 INFO tempest.lib.common.rest_client [req-f148abec-0085-411d-9e00-56cf1f3fe938 req-f148abec-0085-411d-9e00-56cf1f3fe938 ] Request (ServerActionsTestOtherB:setUpClass): 200 GET http://10.180.1.21/compute/v2.1/servers/573ce87d-556a-4761-b5e0-c479c9005783 0.382s
2025-02-16 21:34:40.219 63349 INFO tempest.lib.common.rest_client [req-a9b4ada4-5193-4bb4-8aeb-52bf3fb47d0f req-a9b4ada4-5193-4bb4-8aeb-52bf3fb47d0f ] Request (ComputeTenantNetworksTest:setUpClass): 201 POST http://10.180.1.21/identity/v3/auth/tokens 0.076s
2025-02-16 21:34:40.222 63345 WARNING tempest.lib.common.ssh [-] Failed to establish authenticated ssh connection to cirros@10.180.180.172 ([Errno None] Unable to connect to port 22 on 10.180.180.172). Number attempts: 4. Retry after 5 seconds.: paramiko.ssh_exception.NoValidConnectionsError: [Errno None] Unable to connect to port 22 on 10.180.180.172
2025-02-16 21:34:40.248 63349 INFO tempest.lib.common.rest_client [req-929c0232-3290-4a2d-a3dd-e7acb536d576 req-929c0232-3290-4a2d-a3dd-e7acb536d576 ] Request (ComputeTenantNetworksTest:setUpClass): 201 POST http://10.180.1.21/identity/v3/auth/tokens 0.027s
2025-02-16 21:34:40.261 63383 INFO tempest.lib.common.rest_client [req-d952b406-a8b6-435c-8228-334848b697e6 req-d952b406-a8b6-435c-8228-334848b697e6 ] Request (ImagesNegativeTestJSON:setUpClass): 201 POST http://10.180.1.21:9696/networking/v2.0/routers 1.357s
2025-02-16 21:34:40.279 63349 INFO tempest.lib.common.rest_client [req-d9c0dcc2-fa8e-46bf-9d70-9a6f11394683 req-d9c0dcc2-fa8e-46bf-9d70-9a6f11394683 ] Request (ComputeTenantNetworksTest:setUpClass): 200 GET http://10.180.1.21/identity/v3/domains?name=Default 0.030s
2025-02-16 21:34:40.307 63349 INFO tempest.lib.common.rest_client [req-91750f3f-e73a-499f-9625-e54f751880ee req-91750f3f-e73a-499f-9625-e54f751880ee ] Request (ComputeTenantNetworksTest:setUpClass): 201 POST http://10.180.1.21/identity/v3/projects 0.027s
2025-02-16 21:34:40.403 63349 INFO tempest.lib.common.rest_client [req-bd714db7-2374-4b13-85e2-a91741b8400b req-bd714db7-2374-4b13-85e2-a91741b8400b ] Request (ComputeTenantNetworksTest:setUpClass): 201 POST http://10.180.1.21/identity/v3/users 0.095s
2025-02-16 21:34:40.429 63349 INFO tempest.lib.common.rest_client [req-be11933b-6420-49bf-a466-f8d0fea6cf42 req-be11933b-6420-49bf-a466-f8d0fea6cf42 ] Request (ComputeTenantNetworksTest:setUpClass): 200 GET http://10.180.1.21/identity/v3/roles 0.025s
2025-02-16 21:34:40.481 63349 INFO tempest.lib.common.rest_client [req-8277958b-0361-44c7-afec-fe4b1e7dc62b req-8277958b-0361-44c7-afec-fe4b1e7dc62b ] Request (ComputeTenantNetworksTest:setUpClass): 204 PUT http://10.180.1.21/identity/v3/projects/7ed7ca4d0eb74ecebfa945ea53d29ba8/users/4715aae20efe4ac0a7ee361082b7fdd0/roles/4bb4edd220cf4d4da01f0e2d1cec56b7 0.052s
2025-02-16 21:34:40.481 63349 INFO tempest.lib.common.dynamic_creds [-] Dynamic test user 4715aae20efe4ac0a7ee361082b7fdd0 is created with scope project and roles: ['member']
2025-02-16 21:34:40.482 63349 INFO tempest.lib.common.dynamic_creds [-] Acquired dynamic creds: credentials: Credentials: {'domain_id': 'default', 'domain_name': 'Default', 'username': 'tempest-ComputeTenantNetworksTest-1514371848-project-member', 'project_domain_id': 'default', 'project_domain_name': 'Default', 'project_id': '7ed7ca4d0eb74ecebfa945ea53d29ba8', 'project_name': 'tempest-ComputeTenantNetworksTest-1514371848', 'tenant_id': '7ed7ca4d0eb74ecebfa945ea53d29ba8', 'tenant_name': 'tempest-ComputeTenantNetworksTest-1514371848', 'user_domain_id': 'default', 'user_domain_name': 'Default', 'user_id': '4715aae20efe4ac0a7ee361082b7fdd0', 'system': None}, Network: None, Subnet: None, Router: None
2025-02-16 21:34:40.560 63349 INFO tempest.lib.common.rest_client [req-00f8376d-77d7-4ac1-acc1-3a45af3ec32c req-00f8376d-77d7-4ac1-acc1-3a45af3ec32c ] Request (ComputeTenantNetworksTest:setUpClass): 201 POST http://10.180.1.21/identity/v3/auth/tokens 0.078s
2025-02-16 21:34:40.592 63327 INFO tempest.lib.common.rest_client [req-65d863e2-5c98-4d5a-9442-e3fcd4f04b49 req-65d863e2-5c98-4d5a-9442-e3fcd4f04b49 ] Request (ListServerFiltersTestJSON:test_list_servers_filtered_by_ip_regex): 200 GET http://10.180.1.21/compute/v2.1/servers/0a3c5e11-62b6-4f02-bc14-917a932ecf54 0.752s
2025-02-16 21:34:40.680 63329 INFO tempest.lib.common.rest_client [req-b6618dd0-7709-43ee-966d-e3cbbb0aa538 req-b6618dd0-7709-43ee-966d-e3cbbb0aa538 ] Request (MigrationsAdminTest:test_list_migrations_in_flavor_resize_situation): 200 GET http://10.180.1.21/compute/v2.1/servers/aaddae64-82e8-46d2-8de5-f53d0ed8411e 0.738s
2025-02-16 21:34:40.753 63331 INFO tempest.lib.common.rest_client [req-45bf70d6-c38f-463a-8fc9-c98eabc4a446 req-45bf70d6-c38f-463a-8fc9-c98eabc4a446 ] Request (AttachInterfacesUnderV243Test:test_add_remove_fixed_ip): 200 GET http://10.180.1.21/compute/v2.1/servers/81fcc80a-8f80-4d40-a061-f33c012cf54f 0.739s
2025-02-16 21:34:40.762 63351 INFO tempest.lib.common.rest_client [req-281f216b-b5bf-4767-86fb-3e42a4f58610 req-281f216b-b5bf-4767-86fb-3e42a4f58610 ] Request (ServersNegativeTestJSON:setUpClass): 200 GET http://10.180.1.21/compute/v2.1/servers/5cb81a7a-f84b-48db-ae40-b39113616a90 0.767s
2025-02-16 21:34:40.771 63351 INFO tempest.common.waiters [-] State transition "BUILD/None" ==> "BUILD/block_device_mapping" after 33 second wait
2025-02-16 21:34:40.835 63339 INFO tempest.lib.common.rest_client [req-d6a2a2c0-5cad-42bf-8780-0a26a5b3ad11 req-d6a2a2c0-5cad-42bf-8780-0a26a5b3ad11 ] Request (ServersAdminNegativeTestJSON:setUpClass): 200 GET http://10.180.1.21/compute/v2.1/servers/be34bd6e-c83f-40ec-8c97-33d698d2692f 0.769s
2025-02-16 21:34:40.839 63325 INFO tempest.lib.common.rest_client [req-dd50aa8d-4f4f-4319-a19b-4604014287e2 req-dd50aa8d-4f4f-4319-a19b-4604014287e2 ] Request (AttachInterfacesTestJSON:test_create_list_show_delete_interfaces_by_fixed_ip): 200 GET http://10.180.1.21/compute/v2.1/servers/d1d54188-6333-44d7-b1e2-481299eb346a 0.763s
2025-02-16 21:34:40.901 63367 INFO tempest.lib.common.rest_client [req-36abf239-f614-47ee-9636-19345f691901 req-36abf239-f614-47ee-9636-19345f691901 ] Request (ServersTestJSON:setUpClass): 200 GET http://10.180.1.21/compute/v2.1/servers/c03fdfd4-184e-47df-a40d-a856818686cd 0.762s
2025-02-16 21:34:40.962 63349 INFO tempest.lib.common.rest_client [req-b14745f5-2625-423c-ba5c-28e5db12a472 req-b14745f5-2625-423c-ba5c-28e5db12a472 ] Request (ComputeTenantNetworksTest:setUpClass): 201 POST http://10.180.1.21:9696/networking/v2.0/networks 0.402s
2025-02-16 21:34:40.963 63349 INFO tempest.lib.common.dynamic_creds [-] Created isolated network resources for: credentials: Credentials: {'domain_id': 'default', 'domain_name': 'Default', 'username': 'tempest-ComputeTenantNetworksTest-1514371848-project-member', 'project_domain_id': 'default', 'project_domain_name': 'Default', 'project_id': '7ed7ca4d0eb74ecebfa945ea53d29ba8', 'project_name': 'tempest-ComputeTenantNetworksTest-1514371848', 'tenant_id': '7ed7ca4d0eb74ecebfa945ea53d29ba8', 'tenant_name': 'tempest-ComputeTenantNetworksTest-1514371848', 'user_domain_id': 'default', 'user_domain_name': 'Default', 'user_id': '4715aae20efe4ac0a7ee361082b7fdd0', 'system': None}, Network: {'id': 'b07aadad-e326-4c90-b5c2-4bc50e1b7b0a', 'name': 'tempest-ComputeTenantNetworksTest-115086503-network', 'tenant_id': '7ed7ca4d0eb74ecebfa945ea53d29ba8', 'admin_state_up': True, 'mtu': 8950, 'status': 'ACTIVE', 'subnets': [], 'shared': False, 'project_id': '7ed7ca4d0eb74ecebfa945ea53d29ba8', 'port_security_enabled': True, 'router:external': False, 'provider:network_type': 'vlan', 'provider:physical_network': 'default', 'provider:segmentation_id': 49, 'availability_zone_hints': [], 'availability_zones': [], 'ipv4_address_scope': None, 'ipv6_address_scope': None, 'description': '', 'tags': [], 'created_at': '2025-02-16T21:34:40Z', 'updated_at': '2025-02-16T21:34:40Z', 'revision_number': 1}, Subnet: None, Router: None
2025-02-16 21:34:40.972 63377 INFO tempest.lib.common.rest_client [req-4fe74722-7fd9-4bca-8e98-8cae0e493c32 req-4fe74722-7fd9-4bca-8e98-8cae0e493c32 ] Request (ServerShowV247Test:test_update_rebuild_list_server): 202 POST http://10.180.1.21/compute/v2.1/servers 0.790s
2025-02-16 21:34:41.009 63321 INFO tempest.lib.common.rest_client [req-f1c2ad14-8ec5-4e5f-a056-88995c22121e req-f1c2ad14-8ec5-4e5f-a056-88995c22121e ] Request (ServersTestBootFromVolume:setUpClass): 200 GET http://10.180.1.21/compute/v2.1/servers/e65043f5-524f-48c8-9774-9127604850c8 0.719s
2025-02-16 21:34:41.019 63321 INFO tempest.common.waiters [-] State transition "BUILD/block_device_mapping" ==> "BUILD/spawning" after 35 second wait
2025-02-16 21:34:41.021 63335 INFO tempest.lib.common.rest_client [req-f03938a5-503a-4269-8b36-97c876724a61 req-f03938a5-503a-4269-8b36-97c876724a61 ] Request (ServersAdminTestJSON:test_create_server_with_scheduling_hint): 200 GET http://10.180.1.21/compute/v2.1/servers/72f22d9c-a615-4d7a-9d62-fb4da31adc64 0.672s
2025-02-16 21:34:41.071 63349 INFO tempest.lib.common.rest_client [req-9a820cee-0216-4949-a922-cc8ea6fd6535 req-9a820cee-0216-4949-a922-cc8ea6fd6535 ] Request (ComputeTenantNetworksTest:setUpClass): 201 POST http://10.180.1.21/identity/v3/auth/tokens 0.103s
2025-02-16 21:34:41.095 63375 INFO tempest.lib.common.rest_client [req-7cdcea43-6c79-4297-932f-ba91536e4d85 req-7cdcea43-6c79-4297-932f-ba91536e4d85 ] Request (InstanceActionsV221TestJSON:test_get_list_deleted_instance_actions): 200 GET http://10.180.1.21/compute/v2.1/servers/ffba214f-8943-487c-b68c-f7d95da04543 0.681s
2025-02-16 21:34:41.106 63375 INFO tempest.common.waiters [-] State transition "ACTIVE/deleting" ==> "DELETED/None" after 5 second wait
2025-02-16 21:34:41.124 63349 INFO tempest.lib.common.rest_client [req-5176f1a1-a750-42bf-bf65-083425d93615 req-5176f1a1-a750-42bf-bf65-083425d93615 ] Request (ComputeTenantNetworksTest:setUpClass): 201 POST http://10.180.1.21/identity/v3/auth/tokens 0.048s
2025-02-16 21:34:41.124 63349 INFO tempest.lib.common.fixed_network [-] (ComputeTenantNetworksTest:setUpClass) Found network {'id': 'b07aadad-e326-4c90-b5c2-4bc50e1b7b0a', 'name': 'tempest-ComputeTenantNetworksTest-115086503-network', 'tenant_id': '7ed7ca4d0eb74ecebfa945ea53d29ba8', 'admin_state_up': True, 'mtu': 8950, 'status': 'ACTIVE', 'subnets': [], 'shared': False, 'project_id': '7ed7ca4d0eb74ecebfa945ea53d29ba8', 'port_security_enabled': True, 'router:external': False, 'provider:network_type': 'vlan', 'provider:physical_network': 'default', 'provider:segmentation_id': 49, 'availability_zone_hints': [], 'availability_zones': [], 'ipv4_address_scope': None, 'ipv6_address_scope': None, 'description': '', 'tags': [], 'created_at': '2025-02-16T21:34:40Z', 'updated_at': '2025-02-16T21:34:40Z', 'revision_number': 1} available for tenant
2025-02-16 21:34:41.181 63361 INFO tempest.lib.common.rest_client [req-5053c44e-2d23-42c2-9a53-a12c6df2ee08 req-5053c44e-2d23-42c2-9a53-a12c6df2ee08 ] Request (ServerExternalEventsTest:test_create_server_external_events): 200 GET http://10.180.1.21/compute/v2.1/servers/b07bd973-265e-4df9-bdd4-08942c4ca648 0.656s
2025-02-16 21:34:41.189 63361 INFO tempest.common.waiters [-] State transition "BUILD/spawning" ==> "ACTIVE/None" after 38 second wait
2025-02-16 21:34:41.225 63327 INFO tempest.lib.common.rest_client [req-f3a59ae0-1b83-46db-a810-eaaa00c6d3d5 req-f3a59ae0-1b83-46db-a810-eaaa00c6d3d5 ] Request (ListServerFiltersTestJSON:test_list_servers_filtered_by_ip_regex): 200 GET http://10.180.1.21/compute/v2.1/servers/7a417ea3-79dc-4405-b890-5ec6680c8c06 0.623s
2025-02-16 21:34:41.231 63383 INFO tempest.lib.common.rest_client [req-f0534469-0e78-40f3-be2a-edb5976be1f9 req-f0534469-0e78-40f3-be2a-edb5976be1f9 ] Request (ImagesNegativeTestJSON:setUpClass): 200 PUT http://10.180.1.21:9696/networking/v2.0/routers/c5544f80-ba6d-4907-bdcf-d4560abf50d2/add_router_interface 0.969s
2025-02-16 21:34:41.231 63383 INFO tempest.lib.common.dynamic_creds [-] Created isolated network resources for: credentials: Credentials: {'domain_id': 'default', 'domain_name': 'Default', 'username': 'tempest-ImagesNegativeTestJSON-944904896-project-member', 'project_domain_id': 'default', 'project_domain_name': 'Default', 'project_id': 'c16492be78134b35b4afbe2dee87a531', 'project_name': 'tempest-ImagesNegativeTestJSON-944904896', 'tenant_id': 'c16492be78134b35b4afbe2dee87a531', 'tenant_name': 'tempest-ImagesNegativeTestJSON-944904896', 'user_domain_id': 'default', 'user_domain_name': 'Default', 'user_id': '141d5939e1e6446f9745daca35d060f3', 'system': None}, Network: {'id': '5996c859-e72a-4bb9-b6c7-b619633af94c', 'name': 'tempest-ImagesNegativeTestJSON-532551250-network', 'tenant_id': 'c16492be78134b35b4afbe2dee87a531', 'admin_state_up': True, 'mtu': 8950, 'status': 'ACTIVE', 'subnets': [], 'shared': False, 'project_id': 'c16492be78134b35b4afbe2dee87a531', 'port_security_enabled': True, 'router:external': False, 'provider:network_type': 'vlan', 'provider:physical_network': 'default', 'provider:segmentation_id': 444, 'availability_zone_hints': [], 'availability_zones': [], 'ipv4_address_scope': None, 'ipv6_address_scope': None, 'description': '', 'tags': [], 'created_at': '2025-02-16T21:34:38Z', 'updated_at': '2025-02-16T21:34:38Z', 'revision_number': 1}, Subnet: {'id': '6a5d9ed3-2312-4bc6-a0a2-13c78602164a', 'name': 'tempest-ImagesNegativeTestJSON-532551250-subnet', 'tenant_id': 'c16492be78134b35b4afbe2dee87a531', 'network_id': '5996c859-e72a-4bb9-b6c7-b619633af94c', 'ip_version': 4, 'subnetpool_id': None, 'enable_dhcp': True, 'ipv6_ra_mode': None, 'ipv6_address_mode': None, 'gateway_ip': '192.168.128.1', 'cidr': '192.168.128.0/28', 'allocation_pools': [{'start': '192.168.128.2', 'end': '192.168.128.14'}], 'host_routes': [], 'dns_nameservers': [], 'description': '', 'router:external': False, 'service_types': [], 'tags': [], 'created_at': '2025-02-16T21:34:38Z', 'updated_at': '2025-02-16T21:34:38Z', 'revision_number': 0, 'project_id': 'c16492be78134b35b4afbe2dee87a531'}, Router: {'id': 'c5544f80-ba6d-4907-bdcf-d4560abf50d2', 'name': 'tempest-ImagesNegativeTestJSON-532551250-router', 'tenant_id': 'c16492be78134b35b4afbe2dee87a531', 'admin_state_up': True, 'status': 'ACTIVE', 'external_gateway_info': {'network_id': 'd4312fa5-53bd-4edb-b309-d74fa98a49cf', 'external_fixed_ips': [{'subnet_id': '21ae1913-943d-4398-80df-69c1ba959c19', 'ip_address': '10.180.180.152'}], 'enable_snat': True}, 'description': '', 'availability_zones': [], 'distributed': False, 'ha': False, 'availability_zone_hints': [], 'routes': [], 'flavor_id': None, 'tags': [], 'created_at': '2025-02-16T21:34:38Z', 'updated_at': '2025-02-16T21:34:39Z', 'revision_number': 2, 'project_id': 'c16492be78134b35b4afbe2dee87a531'}
2025-02-16 21:34:41.244 63341 INFO tempest.lib.common.rest_client [req-75014cff-5dfd-4a7b-b029-ae1bafb2d24a req-75014cff-5dfd-4a7b-b029-ae1bafb2d24a ] Request (ListServersNegativeTestJSON:setUpClass): 200 GET http://10.180.1.21/compute/v2.1/servers/50e62458-27be-4738-bea8-5c6eeb68afdc 0.621s
2025-02-16 21:34:41.286 63357 INFO tempest.lib.common.rest_client [req-3275f66c-37cc-4b0c-b59d-8f8b9117cf38 req-3275f66c-37cc-4b0c-b59d-8f8b9117cf38 ] Request (ImagesTestJSON:test_create_image_from_suspended_server): 200 GET http://10.180.1.21/compute/v2.1/servers/d6775ece-9d97-45fb-bb8c-3881e0e5666a 0.649s
2025-02-16 21:34:41.299 63383 INFO tempest.lib.common.rest_client [req-7c2f7558-0b8f-42f3-adca-07d7c0501d97 req-7c2f7558-0b8f-42f3-adca-07d7c0501d97 ] Request (ImagesNegativeTestJSON:setUpClass): 201 POST http://10.180.1.21/identity/v3/auth/tokens 0.063s
2025-02-16 21:34:41.303 63337 INFO tempest.lib.common.rest_client [req-3502cc81-66fd-4786-b8df-d6703963211a req-3502cc81-66fd-4786-b8df-d6703963211a ] Request (InstanceActionsNegativeTestJSON:setUpClass): 200 GET http://10.180.1.21/compute/v2.1/servers/1e4e2cc6-48d2-4bf1-9d63-f9ff6cf86324 0.567s
2025-02-16 21:34:41.333 63383 INFO tempest.lib.common.rest_client [req-d6b29567-5fd0-428f-af29-0d8a9da3d471 req-d6b29567-5fd0-428f-af29-0d8a9da3d471 ] Request (ImagesNegativeTestJSON:test_create_image_from_deleted_server): 201 POST http://10.180.1.21/identity/v3/auth/tokens 0.030s
2025-02-16 21:34:41.333 63383 INFO tempest.lib.common.fixed_network [-] (ImagesNegativeTestJSON:test_create_image_from_deleted_server) Found network {'id': '5996c859-e72a-4bb9-b6c7-b619633af94c', 'name': 'tempest-ImagesNegativeTestJSON-532551250-network', 'tenant_id': 'c16492be78134b35b4afbe2dee87a531', 'admin_state_up': True, 'mtu': 8950, 'status': 'ACTIVE', 'subnets': [], 'shared': False, 'project_id': 'c16492be78134b35b4afbe2dee87a531', 'port_security_enabled': True, 'router:external': False, 'provider:network_type': 'vlan', 'provider:physical_network': 'default', 'provider:segmentation_id': 444, 'availability_zone_hints': [], 'availability_zones': [], 'ipv4_address_scope': None, 'ipv6_address_scope': None, 'description': '', 'tags': [], 'created_at': '2025-02-16T21:34:38Z', 'updated_at': '2025-02-16T21:34:38Z', 'revision_number': 1} available for tenant
2025-02-16 21:34:41.346 63347 INFO tempest.lib.common.rest_client [req-0d048427-dfa5-446f-8d52-0bd7e05f6b21 req-0d048427-dfa5-446f-8d52-0bd7e05f6b21 ] Request (SecurityGroupsTestJSON:test_server_security_groups): 200 GET http://10.180.1.21/compute/v2.1/servers/4329770f-b089-46da-8d91-c9e953ba3a09 0.546s
2025-02-16 21:34:41.354 63353 INFO tempest.lib.common.rest_client [req-acf8751e-687c-4099-b53e-e4ec760d644d req-acf8751e-687c-4099-b53e-e4ec760d644d ] Request (ServerDiskConfigTestJSON:test_rebuild_server_with_auto_disk_config): 200 GET http://10.180.1.21/compute/v2.1/servers/cb5c579a-9e1b-4a40-9de2-2e2de5c5d98b 0.486s
2025-02-16 21:34:41.414 63323 INFO tempest.lib.common.rest_client [req-dfae5b09-76ff-4b4d-9d9c-19081469c26a req-dfae5b09-76ff-4b4d-9d9c-19081469c26a ] Request (DeleteServersAdminTestJSON:test_delete_server_while_in_error_state): 200 GET http://10.180.1.21/compute/v2.1/servers/6b3c53f2-807e-4cd8-8fba-c1d52f080423 0.509s
2025-02-16 21:34:41.423 63333 INFO tempest.lib.common.rest_client [req-cb371c74-9a34-4413-871d-acf17d2e1121 req-cb371c74-9a34-4413-871d-acf17d2e1121 ] Request (FloatingIPsAssociationNegativeTestJSON:setUpClass): 200 GET http://10.180.1.21/compute/v2.1/servers/92a7d8c9-a3d1-4a2f-8d73-3dc94778221a 0.464s
2025-02-16 21:34:41.444 63377 INFO tempest.lib.common.rest_client [req-43c4e299-ed43-41aa-88fa-965397436090 req-43c4e299-ed43-41aa-88fa-965397436090 ] Request (ServerShowV247Test:test_update_rebuild_list_server): 200 PUT http://10.180.1.21/compute/v2.1/servers/1d25291d-0faa-43b0-97a2-2c2db98b46c8 0.471s
2025-02-16 21:34:41.492 63371 INFO tempest.lib.common.rest_client [req-aff99e85-7c8f-4128-89b9-6583666a5373 req-aff99e85-7c8f-4128-89b9-6583666a5373 ] Request (ServersAdmin275Test:tearDownClass): 200 GET http://10.180.1.21/compute/v2.1/servers/6eec2d20-2023-4bfe-ab14-69410c00cb5b 0.457s
2025-02-16 21:34:41.581 63359 INFO tempest.lib.common.rest_client [req-06e5f212-e5e2-4496-af6f-53b67be8a1ab req-06e5f212-e5e2-4496-af6f-53b67be8a1ab ] Request (ServersAaction247Test:test_create_backup): 200 GET http://10.180.1.21/compute/v2.1/servers/1bc3a6d2-31b8-4895-9370-d61331103cf3 0.453s
2025-02-16 21:34:41.615 63349 INFO tempest.lib.common.rest_client [req-01a03acd-9813-4348-ad1b-303d4246e5a4 req-01a03acd-9813-4348-ad1b-303d4246e5a4 ] Request (ComputeTenantNetworksTest:test_list_show_tenant_networks): 200 GET http://10.180.1.21/compute/v2.1/os-tenant-networks 0.490s
2025-02-16 21:34:41.674 63379 INFO tempest.lib.common.rest_client [req-a14e03ac-6c37-4b38-85f2-df06c97e6801 req-a14e03ac-6c37-4b38-85f2-df06c97e6801 ] Request (ImagesOneServerNegativeTestJSON:setUpClass): 200 GET http://10.180.1.21/compute/v2.1/servers/25827438-2172-49df-87e9-a6bf9cdeac57 0.470s
2025-02-16 21:34:41.676 63361 INFO tempest.lib.common.rest_client [req-928505fe-649b-4a42-ad7f-a9e86be06c2c req-928505fe-649b-4a42-ad7f-a9e86be06c2c ] Request (ServerExternalEventsTest:test_create_server_external_events): 200 POST http://10.180.1.21/compute/v2.1/os-server-external-events 0.486s
2025-02-16 21:34:41.738 63373 INFO tempest.lib.common.rest_client [req-dd164de8-66e9-4daf-97b9-cfb7c38c8a26 req-dd164de8-66e9-4daf-97b9-cfb7c38c8a26 ] Request (ServerActionsTestOtherB:setUpClass): 200 GET http://10.180.1.21/compute/v2.1/servers/573ce87d-556a-4761-b5e0-c479c9005783 0.527s
2025-02-16 21:34:41.792 63327 INFO tempest.lib.common.rest_client [req-5b1fe433-dae4-4714-98a8-d8b76ce144ca req-5b1fe433-dae4-4714-98a8-d8b76ce144ca ] Request (ListServerFiltersTestJSON:test_list_servers_filtered_by_ip_regex): 200 GET http://10.180.1.21/compute/v2.1/servers/5f31a816-a0a0-48c5-8566-e7c40a192cf3 0.554s
2025-02-16 21:34:41.854 63377 INFO tempest.lib.common.rest_client [req-6aa69777-2e58-4257-8357-2b3cd6908ad2 req-6aa69777-2e58-4257-8357-2b3cd6908ad2 ] Request (ServerShowV247Test:test_update_rebuild_list_server): 200 GET http://10.180.1.21/compute/v2.1/servers/1d25291d-0faa-43b0-97a2-2c2db98b46c8 0.402s
2025-02-16 21:34:41.914 63349 INFO tempest.lib.common.rest_client [req-80fc8f5f-2dca-4efe-bc00-ff90a0db7e88 req-80fc8f5f-2dca-4efe-bc00-ff90a0db7e88 ] Request (ComputeTenantNetworksTest:test_list_show_tenant_networks): 200 GET http://10.180.1.21/compute/v2.1/os-tenant-networks/b07aadad-e326-4c90-b5c2-4bc50e1b7b0a 0.297s
2025-02-16 21:34:42.002 63361 INFO tempest.lib.common.rest_client [req-a831dd43-a8c6-4fc3-89d0-5b414d3d15d6 req-a831dd43-a8c6-4fc3-89d0-5b414d3d15d6 ] Request (ServerExternalEventsTest:tearDownClass): 204 DELETE http://10.180.1.21/compute/v2.1/servers/b07bd973-265e-4df9-bdd4-08942c4ca648 0.323s
2025-02-16 21:34:42.084 63349 INFO tempest.lib.common.rest_client [req-df5c7d11-6961-4fc0-bb24-2a6c48fee61f req-df5c7d11-6961-4fc0-bb24-2a6c48fee61f ] Request (ComputeTenantNetworksTest:tearDownClass): 204 DELETE http://10.180.1.21:9696/networking/v2.0/networks/b07aadad-e326-4c90-b5c2-4bc50e1b7b0a 0.165s
2025-02-16 21:34:42.148 63349 INFO tempest.lib.common.rest_client [req-57a0a4d4-f9d6-4d61-b7af-3c4c16de188f req-57a0a4d4-f9d6-4d61-b7af-3c4c16de188f ] Request (ComputeTenantNetworksTest:tearDownClass): 204 DELETE http://10.180.1.21/identity/v3/users/4715aae20efe4ac0a7ee361082b7fdd0 0.063s
2025-02-16 21:34:42.148 63349 INFO tempest.lib.common.dynamic_creds [-] Deleting project and security group for project: 7ed7ca4d0eb74ecebfa945ea53d29ba8
2025-02-16 21:34:42.158 63329 INFO tempest.lib.common.rest_client [req-d75d7cf5-4d9a-4bf4-9d92-410557c9d2f0 req-d75d7cf5-4d9a-4bf4-9d92-410557c9d2f0 ] Request (MigrationsAdminTest:test_list_migrations_in_flavor_resize_situation): 200 GET http://10.180.1.21/compute/v2.1/servers/aaddae64-82e8-46d2-8de5-f53d0ed8411e 0.471s
2025-02-16 21:34:42.182 63349 INFO tempest.lib.common.rest_client [req-32943104-5e70-4a2c-817b-6360c2d54684 req-32943104-5e70-4a2c-817b-6360c2d54684 ] Request (ComputeTenantNetworksTest:tearDownClass): 200 GET http://10.180.1.21:9696/networking/v2.0/security-groups?tenant_id=7ed7ca4d0eb74ecebfa945ea53d29ba8&name=default 0.034s
2025-02-16 21:34:42.202 63383 INFO tempest.lib.common.rest_client [req-3d231f32-167d-486b-8e1a-42718713d9b0 req-3d231f32-167d-486b-8e1a-42718713d9b0 ] Request (ImagesNegativeTestJSON:test_create_image_from_deleted_server): 202 POST http://10.180.1.21/compute/v2.1/servers 0.868s
2025-02-16 21:34:42.218 63331 INFO tempest.lib.common.rest_client [req-b7e29ed3-6b21-4164-811d-e0e857dd0a4b req-b7e29ed3-6b21-4164-811d-e0e857dd0a4b ] Request (AttachInterfacesUnderV243Test:test_add_remove_fixed_ip): 200 GET http://10.180.1.21/compute/v2.1/servers/81fcc80a-8f80-4d40-a061-f33c012cf54f 0.455s
2025-02-16 21:34:42.326 63351 INFO tempest.lib.common.rest_client [req-2e460654-f72b-4eb3-afd5-6e0517bffed6 req-2e460654-f72b-4eb3-afd5-6e0517bffed6 ] Request (ServersNegativeTestJSON:setUpClass): 200 GET http://10.180.1.21/compute/v2.1/servers/5cb81a7a-f84b-48db-ae40-b39113616a90 0.555s
2025-02-16 21:34:42.339 63351 INFO tempest.common.waiters [-] State transition "BUILD/block_device_mapping" ==> "BUILD/spawning" after 35 second wait
2025-02-16 21:34:42.348 63349 INFO tempest.lib.common.rest_client [req-0a24f633-15af-4e21-83f1-84c62a4f23eb req-0a24f633-15af-4e21-83f1-84c62a4f23eb ] Request (ComputeTenantNetworksTest:tearDownClass): 204 DELETE http://10.180.1.21:9696/networking/v2.0/security-groups/99c19184-c0da-4a9c-818d-af6a0f0e6386 0.166s
2025-02-16 21:34:42.407 63339 INFO tempest.lib.common.rest_client [req-d292a93a-488d-4621-b35b-1fc3196760bc req-d292a93a-488d-4621-b35b-1fc3196760bc ] Request (ServersAdminNegativeTestJSON:setUpClass): 200 GET http://10.180.1.21/compute/v2.1/servers/be34bd6e-c83f-40ec-8c97-33d698d2692f 0.560s
2025-02-16 21:34:42.428 63327 INFO tempest.lib.common.rest_client [req-69b549be-6f96-49de-98e4-be20a9adafb3 req-69b549be-6f96-49de-98e4-be20a9adafb3 ] Request (ListServerFiltersTestJSON:test_list_servers_filtered_by_ip_regex): 200 GET http://10.180.1.21/compute/v2.1/servers/detail 0.628s
2025-02-16 21:34:42.477 63349 INFO tempest.lib.common.rest_client [req-96bda17e-6168-4f14-b581-c1e4c9f6e01c req-96bda17e-6168-4f14-b581-c1e4c9f6e01c ] Request (ComputeTenantNetworksTest:tearDownClass): 204 DELETE http://10.180.1.21/identity/v3/projects/7ed7ca4d0eb74ecebfa945ea53d29ba8 0.128s
2025-02-16 21:34:42.480 63325 INFO tempest.lib.common.rest_client [req-7b228786-2ad1-46c2-8734-05b83292713a req-7b228786-2ad1-46c2-8734-05b83292713a ] Request (AttachInterfacesTestJSON:test_create_list_show_delete_interfaces_by_fixed_ip): 200 GET http://10.180.1.21/compute/v2.1/servers/d1d54188-6333-44d7-b1e2-481299eb346a 0.624s
2025-02-16 21:34:42.544 63367 INFO tempest.lib.common.rest_client [req-aef1ad41-f955-4c63-b9b8-7b18a2106b19 req-aef1ad41-f955-4c63-b9b8-7b18a2106b19 ] Request (ServersTestJSON:setUpClass): 200 GET http://10.180.1.21/compute/v2.1/servers/c03fdfd4-184e-47df-a40d-a856818686cd 0.629s
2025-02-16 21:34:42.614 63361 INFO tempest.lib.common.rest_client [req-60895d5b-91ef-4f74-948e-2d4dddc5ae21 req-60895d5b-91ef-4f74-948e-2d4dddc5ae21 ] Request (ServerExternalEventsTest:tearDownClass): 200 GET http://10.180.1.21/compute/v2.1/servers/b07bd973-265e-4df9-bdd4-08942c4ca648 0.611s
2025-02-16 21:34:42.654 63321 INFO tempest.lib.common.rest_client [req-9592f0c9-1aee-47cb-90ae-695b76cba499 req-9592f0c9-1aee-47cb-90ae-695b76cba499 ] Request (ServersTestBootFromVolume:setUpClass): 200 GET http://10.180.1.21/compute/v2.1/servers/e65043f5-524f-48c8-9774-9127604850c8 0.634s
2025-02-16 21:34:42.671 63335 INFO tempest.lib.common.rest_client [req-baf072b5-d1f5-48d9-bc00-5a0ab2cf0087 req-baf072b5-d1f5-48d9-bc00-5a0ab2cf0087 ] Request (ServersAdminTestJSON:test_create_server_with_scheduling_hint): 200 GET http://10.180.1.21/compute/v2.1/servers/72f22d9c-a615-4d7a-9d62-fb4da31adc64 0.637s
2025-02-16 21:34:42.725 63375 INFO tempest.lib.common.rest_client [req-46dc12ba-639f-4e2a-b2ce-cefcdd7ce667 req-46dc12ba-639f-4e2a-b2ce-cefcdd7ce667 ] Request (InstanceActionsV221TestJSON:test_get_list_deleted_instance_actions): 200 GET http://10.180.1.21/compute/v2.1/servers/ffba214f-8943-487c-b68c-f7d95da04543 0.618s
2025-02-16 21:34:42.736 63383 INFO tempest.lib.common.rest_client [req-da4f64bf-17c0-4e51-b38e-d3ccf3d601e8 req-da4f64bf-17c0-4e51-b38e-d3ccf3d601e8 ] Request (ImagesNegativeTestJSON:test_create_image_from_deleted_server): 200 GET http://10.180.1.21/compute/v2.1/servers/3f08c9a0-cfcd-4dec-ad2e-41afd6b22619 0.532s
2025-02-16 21:34:42.775 63341 INFO tempest.lib.common.rest_client [req-33769185-c9d0-4930-9c55-7d03beaa835a req-33769185-c9d0-4930-9c55-7d03beaa835a ] Request (ListServersNegativeTestJSON:setUpClass): 200 GET http://10.180.1.21/compute/v2.1/servers/50e62458-27be-4738-bea8-5c6eeb68afdc 0.524s
2025-02-16 21:34:42.798 63357 INFO tempest.lib.common.rest_client [req-2052e215-05c8-470e-a49d-f54170dabfd8 req-2052e215-05c8-470e-a49d-f54170dabfd8 ] Request (ImagesTestJSON:test_create_image_from_suspended_server): 200 GET http://10.180.1.21/compute/v2.1/servers/d6775ece-9d97-45fb-bb8c-3881e0e5666a 0.503s
2025-02-16 21:34:42.807 63357 INFO tempest.common.waiters [-] State transition "BUILD/scheduling" ==> "BUILD/None" after 21 second wait
2025-02-16 21:34:42.834 63337 INFO tempest.lib.common.rest_client [req-1334bf20-603b-4d38-b013-10999504d84f req-1334bf20-603b-4d38-b013-10999504d84f ] Request (InstanceActionsNegativeTestJSON:setUpClass): 200 GET http://10.180.1.21/compute/v2.1/servers/1e4e2cc6-48d2-4bf1-9d63-f9ff6cf86324 0.519s
2025-02-16 21:34:42.853 63347 INFO tempest.lib.common.rest_client [req-37ed1502-08e5-4173-823e-ed22d52b402e req-37ed1502-08e5-4173-823e-ed22d52b402e ] Request (SecurityGroupsTestJSON:test_server_security_groups): 200 GET http://10.180.1.21/compute/v2.1/servers/4329770f-b089-46da-8d91-c9e953ba3a09 0.494s
2025-02-16 21:34:42.900 63353 INFO tempest.lib.common.rest_client [req-4da1527a-899a-4120-ae17-dd24365df4ed req-4da1527a-899a-4120-ae17-dd24365df4ed ] Request (ServerDiskConfigTestJSON:test_rebuild_server_with_auto_disk_config): 200 GET http://10.180.1.21/compute/v2.1/servers/cb5c579a-9e1b-4a40-9de2-2e2de5c5d98b 0.532s
2025-02-16 21:34:42.916 63323 INFO tempest.lib.common.rest_client [req-474bcd17-abf0-4d19-97d2-d5c5c59b161c req-474bcd17-abf0-4d19-97d2-d5c5c59b161c ] Request (DeleteServersAdminTestJSON:test_delete_server_while_in_error_state): 200 GET http://10.180.1.21/compute/v2.1/servers/6b3c53f2-807e-4cd8-8fba-c1d52f080423 0.490s
2025-02-16 21:34:42.960 63333 INFO tempest.lib.common.rest_client [req-081c4175-926a-4588-a3e6-31f49a2c3595 req-081c4175-926a-4588-a3e6-31f49a2c3595 ] Request (FloatingIPsAssociationNegativeTestJSON:setUpClass): 200 GET http://10.180.1.21/compute/v2.1/servers/92a7d8c9-a3d1-4a2f-8d73-3dc94778221a 0.527s
2025-02-16 21:34:43.026 63371 INFO tempest.lib.common.rest_client [req-6c3416a2-2734-4e5a-9af9-d9619394014b req-6c3416a2-2734-4e5a-9af9-d9619394014b ] Request (ServersAdmin275Test:tearDownClass): 200 GET http://10.180.1.21/compute/v2.1/servers/6eec2d20-2023-4bfe-ab14-69410c00cb5b 0.521s
2025-02-16 21:34:43.081 63327 INFO tempest.lib.common.rest_client [req-6cc37b76-3bb4-44bf-b8e3-419099e4fd69 req-6cc37b76-3bb4-44bf-b8e3-419099e4fd69 ] Request (ListServerFiltersTestJSON:test_list_servers_filtered_by_ip_regex): 200 GET http://10.180.1.21/compute/v2.1/servers?ip=192.168.128. 0.640s
2025-02-16 21:34:43.085 63359 INFO tempest.lib.common.rest_client [req-732f2a38-c2f0-4d96-994d-934de15f4849 req-732f2a38-c2f0-4d96-994d-934de15f4849 ] Request (ServersAaction247Test:test_create_backup): 200 GET http://10.180.1.21/compute/v2.1/servers/1bc3a6d2-31b8-4895-9370-d61331103cf3 0.492s
2025-02-16 21:34:43.154 63373 INFO tempest.lib.common.rest_client [req-424d2715-378c-4be5-8499-fd471b077984 req-424d2715-378c-4be5-8499-fd471b077984 ] Request (ServerActionsTestOtherB:setUpClass): 200 GET http://10.180.1.21/compute/v2.1/servers/573ce87d-556a-4761-b5e0-c479c9005783 0.407s
2025-02-16 21:34:43.159 63379 INFO tempest.lib.common.rest_client [req-6d6d001d-d2b8-4355-ac45-95307c8bf19c req-6d6d001d-d2b8-4355-ac45-95307c8bf19c ] Request (ImagesOneServerNegativeTestJSON:setUpClass): 200 GET http://10.180.1.21/compute/v2.1/servers/25827438-2172-49df-87e9-a6bf9cdeac57 0.474s
2025-02-16 21:34:43.215 63377 INFO tempest.lib.common.rest_client [req-bbe81a94-d169-4940-962b-378256caa577 req-bbe81a94-d169-4940-962b-378256caa577 ] Request (ServerShowV247Test:test_update_rebuild_list_server): 200 GET http://10.180.1.21/compute/v2.1/servers/1d25291d-0faa-43b0-97a2-2c2db98b46c8 0.351s
2025-02-16 21:34:43.253 63327 INFO tempest.lib.common.rest_client [req-c8e3f430-3758-4e0f-8f57-a540d47261c4 req-c8e3f430-3758-4e0f-8f57-a540d47261c4 ] Request (ListServerFiltersTestJSON:test_list_servers_filtered_by_name_regex): 200 GET http://10.180.1.21/compute/v2.1/servers?name=%5E.%2A%5C-instance%5C-%5B0-9%5D%2B%24 0.163s
2025-02-16 21:34:43.316 63331 INFO tempest.lib.common.rest_client [req-dc2c6824-f63e-4a13-aa90-adbb74c3d0cd req-dc2c6824-f63e-4a13-aa90-adbb74c3d0cd ] Request (AttachInterfacesUnderV243Test:test_add_remove_fixed_ip): 200 GET http://10.180.1.21/compute/v2.1/servers/81fcc80a-8f80-4d40-a061-f33c012cf54f 0.087s
2025-02-16 21:34:43.338 63329 INFO tempest.lib.common.rest_client [req-2d4f554e-7a19-4916-b71a-09cddef16e7d req-2d4f554e-7a19-4916-b71a-09cddef16e7d ] Request (MigrationsAdminTest:test_list_migrations_in_flavor_resize_situation): 200 GET http://10.180.1.21/compute/v2.1/servers/aaddae64-82e8-46d2-8de5-f53d0ed8411e 0.170s
2025-02-16 21:34:43.368 63327 INFO tempest.lib.common.rest_client [req-7e84ac44-c9df-46f8-8578-b565e7ddfbab req-7e84ac44-c9df-46f8-8578-b565e7ddfbab ] Request (ListServerFiltersTestJSON:test_list_servers_filtered_by_name_regex): 200 GET http://10.180.1.21/compute/v2.1/servers?name=%5E.%2A%5C-instance%5C-.%2A%24 0.113s
2025-02-16 21:34:43.421 63327 INFO tempest.lib.common.rest_client [req-b658ddaf-c809-49f2-ab33-bb21ce29cebb req-b658ddaf-c809-49f2-ab33-bb21ce29cebb ] Request (ListServerFiltersTestJSON:test_list_servers_filtered_by_name_regex): 200 GET http://10.180.1.21/compute/v2.1/servers?name=1217690335 0.051s
2025-02-16 21:34:43.445 63351 INFO tempest.lib.common.rest_client [req-aec3b71e-697d-4d1d-9089-433d8de36efe req-aec3b71e-697d-4d1d-9089-433d8de36efe ] Request (ServersNegativeTestJSON:setUpClass): 200 GET http://10.180.1.21/compute/v2.1/servers/5cb81a7a-f84b-48db-ae40-b39113616a90 0.106s
2025-02-16 21:34:43.482 63339 INFO tempest.lib.common.rest_client [req-c6916288-41df-4757-88e0-bbce18087ab7 req-c6916288-41df-4757-88e0-bbce18087ab7 ] Request (ServersAdminNegativeTestJSON:setUpClass): 200 GET http://10.180.1.21/compute/v2.1/servers/be34bd6e-c83f-40ec-8c97-33d698d2692f 0.065s
2025-02-16 21:34:43.490 63339 INFO tempest.common.waiters [-] State transition "BUILD/None" ==> "BUILD/networking" after 36 second wait
2025-02-16 21:34:43.510 63327 INFO tempest.lib.common.rest_client [req-aa76c413-b04d-41e4-8658-3ffb28b9032d req-aa76c413-b04d-41e4-8658-3ffb28b9032d ] Request (ListServerFiltersTestJSON:test_list_servers_filtered_by_name_wildcard): 200 GET http://10.180.1.21/compute/v2.1/servers?name=-instance 0.084s
2025-02-16 21:34:43.557 63325 INFO tempest.lib.common.rest_client [req-2ad3ff27-9bbe-46de-af31-9b855e090b65 req-2ad3ff27-9bbe-46de-af31-9b855e090b65 ] Request (AttachInterfacesTestJSON:test_create_list_show_delete_interfaces_by_fixed_ip): 200 GET http://10.180.1.21/compute/v2.1/servers/d1d54188-6333-44d7-b1e2-481299eb346a 0.068s
2025-02-16 21:34:43.570 63327 INFO tempest.lib.common.rest_client [req-128f844b-acb7-497e-8b43-8dafdfc23987 req-128f844b-acb7-497e-8b43-8dafdfc23987 ] Request (ListServerFiltersTestJSON:test_list_servers_filtered_by_name_wildcard): 200 GET http://10.180.1.21/compute/v2.1/servers?name=t-ListServerFiltersTestJSON-instance-121769033 0.058s
2025-02-16 21:34:43.628 63367 INFO tempest.lib.common.rest_client [req-bd5db0b6-8c84-455a-92da-85249a2859ac req-bd5db0b6-8c84-455a-92da-85249a2859ac ] Request (ServersTestJSON:setUpClass): 200 GET http://10.180.1.21/compute/v2.1/servers/c03fdfd4-184e-47df-a40d-a856818686cd 0.074s
2025-02-16 21:34:43.670 63327 INFO tempest.lib.common.rest_client [req-6a1589e4-5857-4e70-9ccc-b352c5897257 req-6a1589e4-5857-4e70-9ccc-b352c5897257 ] Request (ListServerFiltersTestJSON:tearDownClass): 204 DELETE http://10.180.1.21/compute/v2.1/servers/5f31a816-a0a0-48c5-8566-e7c40a192cf3 0.094s
2025-02-16 21:34:43.804 63343 INFO paramiko.transport [-] Connected (version 2.0, client dropbear_2020.81)
2025-02-16 21:34:43.822 63361 INFO tempest.lib.common.rest_client [req-fa6382fc-dd5a-4746-a8a9-77731ed69317 req-fa6382fc-dd5a-4746-a8a9-77731ed69317 ] Request (ServerExternalEventsTest:tearDownClass): 200 GET http://10.180.1.21/compute/v2.1/servers/b07bd973-265e-4df9-bdd4-08942c4ca648 0.197s
2025-02-16 21:34:43.913 63321 INFO tempest.lib.common.rest_client [req-f4bd55bc-36be-48ab-ba5e-55b984f4ea12 req-f4bd55bc-36be-48ab-ba5e-55b984f4ea12 ] Request (ServersTestBootFromVolume:setUpClass): 200 GET http://10.180.1.21/compute/v2.1/servers/e65043f5-524f-48c8-9774-9127604850c8 0.245s
2025-02-16 21:34:43.927 63343 INFO paramiko.transport [-] Authentication (publickey) successful!
2025-02-16 21:34:43.927 63343 INFO tempest.lib.common.ssh [-] ssh connection to cirros@10.180.180.232 successfully created
2025-02-16 21:34:43.978 63335 INFO tempest.lib.common.rest_client [req-f56f1df9-6ce4-48c6-9881-02aab4a08157 req-f56f1df9-6ce4-48c6-9881-02aab4a08157 ] Request (ServersAdminTestJSON:test_create_server_with_scheduling_hint): 200 GET http://10.180.1.21/compute/v2.1/servers/72f22d9c-a615-4d7a-9d62-fb4da31adc64 0.300s
2025-02-16 21:34:43.981 63327 INFO tempest.lib.common.rest_client [req-d05b0d11-7858-4d79-8d1e-0d2c1ea5e355 req-d05b0d11-7858-4d79-8d1e-0d2c1ea5e355 ] Request (ListServerFiltersTestJSON:tearDownClass): 200 GET http://10.180.1.21/compute/v2.1/servers/5f31a816-a0a0-48c5-8566-e7c40a192cf3 0.310s
2025-02-16 21:34:44.057 63383 INFO tempest.lib.common.rest_client [req-90245ad8-edeb-453a-84cc-b4d9c14cace6 req-90245ad8-edeb-453a-84cc-b4d9c14cace6 ] Request (ImagesNegativeTestJSON:test_create_image_from_deleted_server): 200 GET http://10.180.1.21/compute/v2.1/servers/3f08c9a0-cfcd-4dec-ad2e-41afd6b22619 0.311s
2025-02-16 21:34:44.063 63375 INFO tempest.lib.common.rest_client [req-e4bfeda8-13a5-4880-ad18-cba599a81bd7 req-e4bfeda8-13a5-4880-ad18-cba599a81bd7 ] Request (InstanceActionsV221TestJSON:test_get_list_deleted_instance_actions): 200 GET http://10.180.1.21/compute/v2.1/servers/ffba214f-8943-487c-b68c-f7d95da04543 0.327s
2025-02-16 21:34:44.131 63341 INFO tempest.lib.common.rest_client [req-49ae5080-77ec-4ace-a793-c8aab34d8a8e req-49ae5080-77ec-4ace-a793-c8aab34d8a8e ] Request (ListServersNegativeTestJSON:setUpClass): 200 GET http://10.180.1.21/compute/v2.1/servers/50e62458-27be-4738-bea8-5c6eeb68afdc 0.348s
2025-02-16 21:34:44.137 63357 INFO tempest.lib.common.rest_client [req-e6d81b59-18f9-47d3-afa5-651a89ccd74a req-e6d81b59-18f9-47d3-afa5-651a89ccd74a ] Request (ImagesTestJSON:test_create_image_from_suspended_server): 200 GET http://10.180.1.21/compute/v2.1/servers/d6775ece-9d97-45fb-bb8c-3881e0e5666a 0.330s
2025-02-16 21:34:44.217 63337 INFO tempest.lib.common.rest_client [req-c6dc0380-7e31-4a3b-8298-68ce02dd743e req-c6dc0380-7e31-4a3b-8298-68ce02dd743e ] Request (InstanceActionsNegativeTestJSON:setUpClass): 200 GET http://10.180.1.21/compute/v2.1/servers/1e4e2cc6-48d2-4bf1-9d63-f9ff6cf86324 0.375s
2025-02-16 21:34:44.221 63347 INFO tempest.lib.common.rest_client [req-6bb1056b-89f3-4a53-8adb-5eb1cc239985 req-6bb1056b-89f3-4a53-8adb-5eb1cc239985 ] Request (SecurityGroupsTestJSON:test_server_security_groups): 200 GET http://10.180.1.21/compute/v2.1/servers/4329770f-b089-46da-8d91-c9e953ba3a09 0.358s
2025-02-16 21:34:44.289 63353 INFO tempest.lib.common.rest_client [req-76add922-2de9-4812-9e79-71916a60e053 req-76add922-2de9-4812-9e79-71916a60e053 ] Request (ServerDiskConfigTestJSON:test_rebuild_server_with_auto_disk_config): 200 GET http://10.180.1.21/compute/v2.1/servers/cb5c579a-9e1b-4a40-9de2-2e2de5c5d98b 0.377s
2025-02-16 21:34:44.299 63323 INFO tempest.lib.common.rest_client [req-70ac441e-8753-4375-b6aa-9c06950311e0 req-70ac441e-8753-4375-b6aa-9c06950311e0 ] Request (DeleteServersAdminTestJSON:test_delete_server_while_in_error_state): 200 GET http://10.180.1.21/compute/v2.1/servers/6b3c53f2-807e-4cd8-8fba-c1d52f080423 0.374s
2025-02-16 21:34:44.369 63333 INFO tempest.lib.common.rest_client [req-fea68a78-dea6-45dc-b2d9-a28b88ebf384 req-fea68a78-dea6-45dc-b2d9-a28b88ebf384 ] Request (FloatingIPsAssociationNegativeTestJSON:setUpClass): 200 GET http://10.180.1.21/compute/v2.1/servers/92a7d8c9-a3d1-4a2f-8d73-3dc94778221a 0.386s
2025-02-16 21:34:44.465 63371 INFO tempest.lib.common.rest_client [req-4d8b71dc-2c30-4da8-975d-c16152c73849 req-4d8b71dc-2c30-4da8-975d-c16152c73849 ] Request (ServersAdmin275Test:tearDownClass): 200 GET http://10.180.1.21/compute/v2.1/servers/6eec2d20-2023-4bfe-ab14-69410c00cb5b 0.424s
2025-02-16 21:34:44.502 63343 INFO tempest.lib.common.rest_client [req-eb6bdee4-108e-414a-a4e3-f3286aba52f2 req-eb6bdee4-108e-414a-a4e3-f3286aba52f2 ] Request (ServerActionsTestJSON:setUp): 200 GET http://10.180.1.21/compute/v2.1/servers/58593514-7f18-4e17-9dbe-2735827790c7 0.573s
2025-02-16 21:34:44.543 63359 INFO tempest.lib.common.rest_client [req-4a32dc67-191e-4f67-8860-75d94f9bd827 req-4a32dc67-191e-4f67-8860-75d94f9bd827 ] Request (ServersAaction247Test:test_create_backup): 200 GET http://10.180.1.21/compute/v2.1/servers/1bc3a6d2-31b8-4895-9370-d61331103cf3 0.441s
2025-02-16 21:34:44.564 63373 INFO tempest.lib.common.rest_client [req-4c2f957f-ebb9-4793-8203-7d4682f25029 req-4c2f957f-ebb9-4793-8203-7d4682f25029 ] Request (ServerActionsTestOtherB:setUpClass): 200 GET http://10.180.1.21/compute/v2.1/servers/573ce87d-556a-4761-b5e0-c479c9005783 0.400s
2025-02-16 21:34:44.600 63379 INFO tempest.lib.common.rest_client [req-5d7d4734-5378-4b39-803a-316b79b47b87 req-5d7d4734-5378-4b39-803a-316b79b47b87 ] Request (ImagesOneServerNegativeTestJSON:setUpClass): 200 GET http://10.180.1.21/compute/v2.1/servers/25827438-2172-49df-87e9-a6bf9cdeac57 0.423s
2025-02-16 21:34:44.621 63377 INFO tempest.lib.common.rest_client [req-a934a9a7-20ac-40af-b9b7-03a935b54900 req-a934a9a7-20ac-40af-b9b7-03a935b54900 ] Request (ServerShowV247Test:test_update_rebuild_list_server): 200 GET http://10.180.1.21/compute/v2.1/servers/1d25291d-0faa-43b0-97a2-2c2db98b46c8 0.394s
2025-02-16 21:34:44.692 63331 INFO tempest.lib.common.rest_client [req-aa2ef0fa-5a9f-472b-83c1-588bd923ad5b req-aa2ef0fa-5a9f-472b-83c1-588bd923ad5b ] Request (AttachInterfacesUnderV243Test:test_add_remove_fixed_ip): 200 GET http://10.180.1.21/compute/v2.1/servers/81fcc80a-8f80-4d40-a061-f33c012cf54f 0.366s
2025-02-16 21:34:44.806 63329 INFO tempest.lib.common.rest_client [req-bc9f7b7b-151f-4d94-84d6-b88e690b14ca req-bc9f7b7b-151f-4d94-84d6-b88e690b14ca ] Request (MigrationsAdminTest:test_list_migrations_in_flavor_resize_situation): 200 GET http://10.180.1.21/compute/v2.1/servers/aaddae64-82e8-46d2-8de5-f53d0ed8411e 0.458s
2025-02-16 21:34:44.886 63351 INFO tempest.lib.common.rest_client [req-9984cf21-7ba9-4957-9127-fae59597975c req-9984cf21-7ba9-4957-9127-fae59597975c ] Request (ServersNegativeTestJSON:setUpClass): 200 GET http://10.180.1.21/compute/v2.1/servers/5cb81a7a-f84b-48db-ae40-b39113616a90 0.423s
2025-02-16 21:34:44.941 63339 INFO tempest.lib.common.rest_client [req-95f524a3-6a73-46cd-aefc-f47885218e8a req-95f524a3-6a73-46cd-aefc-f47885218e8a ] Request (ServersAdminNegativeTestJSON:setUpClass): 200 GET http://10.180.1.21/compute/v2.1/servers/be34bd6e-c83f-40ec-8c97-33d698d2692f 0.449s
2025-02-16 21:34:44.951 63339 INFO tempest.common.waiters [-] State transition "BUILD/networking" ==> "BUILD/spawning" after 37 second wait
2025-02-16 21:34:44.970 63343 INFO tempest.lib.common.rest_client [req-4db9ea6b-7fd1-4704-929e-cdd296400336 req-4db9ea6b-7fd1-4704-929e-cdd296400336 ] Request (ServerActionsTestJSON:test_lock_unlock_server): 202 POST http://10.180.1.21/compute/v2.1/servers/58593514-7f18-4e17-9dbe-2735827790c7/action 0.459s
2025-02-16 21:34:45.002 63325 INFO tempest.lib.common.rest_client [req-9d758ac8-4044-40e5-b4ca-609aa7f5f9e2 req-9d758ac8-4044-40e5-b4ca-609aa7f5f9e2 ] Request (AttachInterfacesTestJSON:test_create_list_show_delete_interfaces_by_fixed_ip): 200 GET http://10.180.1.21/compute/v2.1/servers/d1d54188-6333-44d7-b1e2-481299eb346a 0.435s
2025-02-16 21:34:45.029 63367 INFO tempest.lib.common.rest_client [req-ede01d65-6489-4a85-aa75-821603d01285 req-ede01d65-6489-4a85-aa75-821603d01285 ] Request (ServersTestJSON:setUpClass): 200 GET http://10.180.1.21/compute/v2.1/servers/c03fdfd4-184e-47df-a40d-a856818686cd 0.390s
2025-02-16 21:34:45.142 63361 INFO tempest.lib.common.rest_client [req-d362ebee-58aa-4ac9-8e26-9de1cc0c1820 req-d362ebee-58aa-4ac9-8e26-9de1cc0c1820 ] Request (ServerExternalEventsTest:tearDownClass): 200 GET http://10.180.1.21/compute/v2.1/servers/b07bd973-265e-4df9-bdd4-08942c4ca648 0.312s
2025-02-16 21:34:45.151 63321 INFO tempest.lib.common.rest_client [req-c31a9063-407b-48ba-aa65-aaa277e1946c req-c31a9063-407b-48ba-aa65-aaa277e1946c ] Request (ServersTestBootFromVolume:setUpClass): 200 GET http://10.180.1.21/compute/v2.1/servers/e65043f5-524f-48c8-9774-9127604850c8 0.228s
2025-02-16 21:34:45.263 63343 INFO tempest.lib.common.rest_client [req-06dffd9d-5297-4853-8029-333e3eabfee8 req-06dffd9d-5297-4853-8029-333e3eabfee8 ] Request (ServerActionsTestJSON:test_lock_unlock_server): 200 GET http://10.180.1.21/compute/v2.1/servers/58593514-7f18-4e17-9dbe-2735827790c7 0.292s
2025-02-16 21:34:45.292 63327 INFO tempest.lib.common.rest_client [req-92f19c53-2838-4e06-b018-7b1c7950718c req-92f19c53-2838-4e06-b018-7b1c7950718c ] Request (ListServerFiltersTestJSON:tearDownClass): 200 GET http://10.180.1.21/compute/v2.1/servers/5f31a816-a0a0-48c5-8566-e7c40a192cf3 0.303s
2025-02-16 21:34:45.311 63335 INFO tempest.lib.common.rest_client [req-415e1954-e0cd-40ad-8d3c-aced96f25dac req-415e1954-e0cd-40ad-8d3c-aced96f25dac ] Request (ServersAdminTestJSON:test_create_server_with_scheduling_hint): 200 GET http://10.180.1.21/compute/v2.1/servers/72f22d9c-a615-4d7a-9d62-fb4da31adc64 0.321s
2025-02-16 21:34:45.340 63383 INFO tempest.lib.common.rest_client [req-2809e897-330d-43e0-9f59-783496a5311e req-2809e897-330d-43e0-9f59-783496a5311e ] Request (ImagesNegativeTestJSON:test_create_image_from_deleted_server): 200 GET http://10.180.1.21/compute/v2.1/servers/3f08c9a0-cfcd-4dec-ad2e-41afd6b22619 0.271s
2025-02-16 21:34:45.372 63375 INFO tempest.lib.common.rest_client [req-01c4994b-ca9a-4d64-9257-b0710e4a3b59 req-01c4994b-ca9a-4d64-9257-b0710e4a3b59 ] Request (InstanceActionsV221TestJSON:test_get_list_deleted_instance_actions): 200 GET http://10.180.1.21/compute/v2.1/servers/ffba214f-8943-487c-b68c-f7d95da04543 0.296s
2025-02-16 21:34:45.407 63341 INFO tempest.lib.common.rest_client [req-8a831cc7-af73-473e-96a0-0f1758ec711c req-8a831cc7-af73-473e-96a0-0f1758ec711c ] Request (ListServersNegativeTestJSON:setUpClass): 200 GET http://10.180.1.21/compute/v2.1/servers/50e62458-27be-4738-bea8-5c6eeb68afdc 0.264s
2025-02-16 21:34:45.418 63357 INFO tempest.lib.common.rest_client [req-853a6d53-a177-46b3-b405-12ad51dcf47f req-853a6d53-a177-46b3-b405-12ad51dcf47f ] Request (ImagesTestJSON:test_create_image_from_suspended_server): 200 GET http://10.180.1.21/compute/v2.1/servers/d6775ece-9d97-45fb-bb8c-3881e0e5666a 0.270s
2025-02-16 21:34:45.452 63337 INFO tempest.lib.common.rest_client [req-c7ea2bf4-6425-439a-bc65-da5cc709615a req-c7ea2bf4-6425-439a-bc65-da5cc709615a ] Request (InstanceActionsNegativeTestJSON:setUpClass): 200 GET http://10.180.1.21/compute/v2.1/servers/1e4e2cc6-48d2-4bf1-9d63-f9ff6cf86324 0.225s
2025-02-16 21:34:45.466 63347 INFO tempest.lib.common.rest_client [req-18a1e5fd-704f-4e95-90f1-64e7f6de62ac req-18a1e5fd-704f-4e95-90f1-64e7f6de62ac ] Request (SecurityGroupsTestJSON:test_server_security_groups): 200 GET http://10.180.1.21/compute/v2.1/servers/4329770f-b089-46da-8d91-c9e953ba3a09 0.237s
