2025-02-15 20:46:09.953 62634 INFO tempest.lib.common.rest_client [req-c090371e-8574-46e6-ac03-6b86d60d519b req-c090371e-8574-46e6-ac03-6b86d60d519b ] Request (FlavorsV255TestJSON:tearDownClass): 204 DELETE http://10.180.1.21/identity/v3/projects/c58f25609a6b4a289323978ec0ba970d 0.424s
2025-02-15 20:46:09.987 62672 INFO tempest.lib.common.rest_client [req-3c217f1a-1279-419e-849d-d2a8d4f011ca req-3c217f1a-1279-419e-849d-d2a8d4f011ca ] Request (ImagesMetadataNegativeTestJSON:setUpClass): 201 POST http://10.180.1.21/identity/v3/auth/tokens 0.379s
2025-02-15 20:46:09.996 62644 INFO tempest.lib.common.rest_client [req-2ec035f0-5852-4b53-971f-2cc3ee91ba1e req-2ec035f0-5852-4b53-971f-2cc3ee91ba1e ] Request (InstanceUsageAuditLogTestJSON:tearDownClass): 200 GET http://10.180.1.21:9696/networking/v2.0/security-groups?tenant_id=74f33e65310e4ab49b390cbb8ff5ba50&name=default 0.963s
2025-02-15 20:46:10.009 62632 INFO tempest.lib.common.rest_client [req-c80281a1-88bf-44fd-9d76-312a7e3cbf8e req-c80281a1-88bf-44fd-9d76-312a7e3cbf8e ] Request (QuotasSecurityGroupAdminNegativeTest:setUpClass): 204 PUT http://10.180.1.21/identity/v3/projects/98592cee74074812b4ff5b4d99fcfc2c/users/9a155523c81d4d69a6c5e2c3e462f826/roles/795722a7ac0948ff842429d8b8f909c0 0.384s
2025-02-15 20:46:10.009 62632 INFO tempest.lib.common.dynamic_creds [-] Dynamic test user 9a155523c81d4d69a6c5e2c3e462f826 is created with scope project and roles: ['admin']
2025-02-15 20:46:10.009 62632 INFO tempest.lib.common.dynamic_creds [-] Acquired dynamic creds: credentials: Credentials: {'domain_id': 'default', 'domain_name': 'Default', 'username': 'tempest-QuotasSecurityGroupAdminNegativeTest-813751054-project-admin', 'project_domain_id': 'default', 'project_domain_name': 'Default', 'project_id': '98592cee74074812b4ff5b4d99fcfc2c', 'project_name': 'tempest-QuotasSecurityGroupAdminNegativeTest-813751054', 'tenant_id': '98592cee74074812b4ff5b4d99fcfc2c', 'tenant_name': 'tempest-QuotasSecurityGroupAdminNegativeTest-813751054', 'user_domain_id': 'default', 'user_domain_name': 'Default', 'user_id': '9a155523c81d4d69a6c5e2c3e462f826', 'system': None}, Network: None, Subnet: None, Router: None
2025-02-15 20:46:10.010 62632 INFO tempest.lib.common.dynamic_creds [-] Created isolated network resources for: credentials: Credentials: {'domain_id': 'default', 'domain_name': 'Default', 'username': 'tempest-QuotasSecurityGroupAdminNegativeTest-813751054-project-admin', 'project_domain_id': 'default', 'project_domain_name': 'Default', 'project_id': '98592cee74074812b4ff5b4d99fcfc2c', 'project_name': 'tempest-QuotasSecurityGroupAdminNegativeTest-813751054', 'tenant_id': '98592cee74074812b4ff5b4d99fcfc2c', 'tenant_name': 'tempest-QuotasSecurityGroupAdminNegativeTest-813751054', 'user_domain_id': 'default', 'user_domain_name': 'Default', 'user_id': '9a155523c81d4d69a6c5e2c3e462f826', 'system': None}, Network: None, Subnet: None, Router: None
2025-02-15 20:46:10.052 62684 INFO tempest.lib.common.rest_client [req-b9f4bf9d-9370-4e7e-8d52-5f61850b4402 req-b9f4bf9d-9370-4e7e-8d52-5f61850b4402 ] Request (ServerDiagnosticsTest:setUpClass): 201 POST http://10.180.1.21/identity/v3/auth/tokens 0.394s
2025-02-15 20:46:10.086 62650 INFO tempest.lib.common.rest_client [req-aea3f5e9-daf8-424f-ac6f-3bd6078dab69 req-aea3f5e9-daf8-424f-ac6f-3bd6078dab69 ] Request (ServersTestManualDisk:setUpClass): 202 POST http://10.180.1.21/compute/v2.1/servers 2.118s
2025-02-15 20:46:10.120 62654 INFO tempest.lib.common.rest_client [req-7346c6a7-7dc0-4750-a595-9a3c6ab62ec2 req-7346c6a7-7dc0-4750-a595-9a3c6ab62ec2 ] Request (HostsAdminTestJSON:setUpClass): 200 GET http://10.180.1.21/identity/v3/roles 0.321s
2025-02-15 20:46:10.126 62666 INFO tempest.lib.common.rest_client [req-af0da8a1-f3bf-4bc0-adce-ac6d1e95022b req-af0da8a1-f3bf-4bc0-adce-ac6d1e95022b ] Request (FlavorsAccessNegativeTestJSON:_run_cleanups): 202 DELETE http://10.180.1.21/compute/v2.1/flavors/320591562 0.755s
2025-02-15 20:46:10.144 62626 INFO tempest.lib.common.rest_client [req-669af4d4-a3f2-4bc4-9354-0cf7e4e2f720 req-669af4d4-a3f2-4bc4-9354-0cf7e4e2f720 ] Request (FlavorsAdminTestJSON:test_create_flavor_with_none_id): 200 POST http://10.180.1.21/compute/v2.1/flavors 0.741s
2025-02-15 20:46:10.146 62640 INFO tempest.lib.common.rest_client [req-0b63e483-33bd-44ff-bef8-22897238afa4 req-0b63e483-33bd-44ff-bef8-22897238afa4 ] Request (ListImageFiltersNegativeTestJSON:setUpClass): 200 GET http://10.180.1.21/identity/v3/roles 0.221s
2025-02-15 20:46:10.173 62634 INFO tempest.lib.common.rest_client [req-390cc6d9-8f51-4113-8db8-4c4e4c7849e2 req-390cc6d9-8f51-4113-8db8-4c4e4c7849e2 ] Request (HypervisorAdminV228Test:setUpClass): 201 POST http://10.180.1.21/identity/v3/auth/tokens 0.217s
2025-02-15 20:46:10.190 62676 INFO tempest.lib.common.rest_client [req-486a167b-f9b2-4be2-ba06-44ccc4239b70 req-486a167b-f9b2-4be2-ba06-44ccc4239b70 ] Request (AbsoluteLimitsTestJSON:setUpClass): 201 POST http://10.180.1.21/identity/v3/auth/tokens 0.379s
2025-02-15 20:46:10.195 62670 INFO tempest.lib.common.rest_client [req-3c0600b6-5ccb-41ec-9ab7-ccfea2f12c0f req-3c0600b6-5ccb-41ec-9ab7-ccfea2f12c0f ] Request (ServersWithSpecificFlavorTestJSON:test_verify_created_server_ephemeral_disk): 200 POST http://10.180.1.21/compute/v2.1/flavors/958577223/os-extra_specs 0.786s
2025-02-15 20:46:10.209 62672 INFO tempest.lib.common.rest_client [req-b8104e0e-56ba-4d0e-af94-83777aa34660 req-b8104e0e-56ba-4d0e-af94-83777aa34660 ] Request (ImagesMetadataNegativeTestJSON:setUpClass): 200 GET http://10.180.1.21/identity/v3/domains?name=Default 0.221s
2025-02-15 20:46:10.217 62664 INFO tempest.lib.common.rest_client [req-d0d961ec-4b57-47b2-aaec-c1ff37ec1703 req-d0d961ec-4b57-47b2-aaec-c1ff37ec1703 ] Request (FlavorsExtraSpecsTestJSON:test_flavor_set_get_update_show_unset_keys): 200 DELETE http://10.180.1.21/compute/v2.1/flavors/583685018/os-extra_specs/hw:cpu_policy 0.789s
2025-02-15 20:46:10.268 62632 INFO tempest.lib.common.rest_client [req-d28a7ddf-f56a-478f-b59a-3e6f6e3da4c3 req-d28a7ddf-f56a-478f-b59a-3e6f6e3da4c3 ] Request (QuotasSecurityGroupAdminNegativeTest:setUpClass): 201 POST http://10.180.1.21/identity/v3/auth/tokens 0.254s
2025-02-15 20:46:10.269 62632 WARNING tempest.lib.common.rest_client [-] Deprecated: "tenant_id" property is deprecated for removal, use "project_id" instead
2025-02-15 20:46:10.269 62674 INFO tempest.lib.common.rest_client [req-4cdb330a-00ce-4b02-bcb6-d791e0940f25 req-4cdb330a-00ce-4b02-bcb6-d791e0940f25 ] Request (FlavorsExtraSpecsNegativeTestJSON:tearDownClass): 202 DELETE http://10.180.1.21/compute/v2.1/flavors/666854326 0.595s
2025-02-15 20:46:10.348 62648 INFO tempest.lib.common.rest_client [req-75f039b7-21c4-40d4-aa90-ecdefac83351 req-75f039b7-21c4-40d4-aa90-ecdefac83351 ] Request (AggregatesAdminNegativeTestJSON:test_aggregate_add_non_exist_host): 200 POST http://10.180.1.21/compute/v2.1/os-aggregates 0.634s
2025-02-15 20:46:10.364 62684 INFO tempest.lib.common.rest_client [req-15438975-884d-45c2-a9cc-667a46ef7b49 req-15438975-884d-45c2-a9cc-667a46ef7b49 ] Request (ServerDiagnosticsTest:test_get_server_diagnostics): 201 POST http://10.180.1.21/identity/v3/auth/tokens 0.307s
2025-02-15 20:46:10.365 62684 INFO tempest.lib.common.fixed_network [-] (ServerDiagnosticsTest:test_get_server_diagnostics) Found network None available for tenant
2025-02-15 20:46:10.378 62680 INFO tempest.lib.common.rest_client [req-1ca087a7-f99b-4b6e-9a18-5a73a3d66e2e req-1ca087a7-f99b-4b6e-9a18-5a73a3d66e2e ] Request (FlavorsAccessTestJSON:_run_cleanups): 200 GET http://10.180.1.21/compute/v2.1/flavors/detail 0.586s
2025-02-15 20:46:10.398 62654 INFO tempest.lib.common.rest_client [req-e73b5789-8f07-4564-838d-f172b8b33bdd req-e73b5789-8f07-4564-838d-f172b8b33bdd ] Request (HostsAdminTestJSON:setUpClass): 204 PUT http://10.180.1.21/identity/v3/projects/2be1696d529e4ab0bbb84dd9fcaf3ea8/users/526b869246d34428901f10976d3fb886/roles/795722a7ac0948ff842429d8b8f909c0 0.277s
2025-02-15 20:46:10.398 62654 INFO tempest.lib.common.dynamic_creds [-] Dynamic test user 526b869246d34428901f10976d3fb886 is created with scope project and roles: ['admin']
2025-02-15 20:46:10.398 62644 INFO tempest.lib.common.rest_client [req-7936306f-6d95-4de0-890f-1d70874998ca req-7936306f-6d95-4de0-890f-1d70874998ca ] Request (InstanceUsageAuditLogTestJSON:tearDownClass): 204 DELETE http://10.180.1.21:9696/networking/v2.0/security-groups/1a9e4e37-ccf6-4693-8bcd-89380eb63378 0.401s
2025-02-15 20:46:10.398 62654 INFO tempest.lib.common.dynamic_creds [-] Acquired dynamic creds: credentials: Credentials: {'domain_id': 'default', 'domain_name': 'Default', 'username': 'tempest-HostsAdminTestJSON-2081288693-project-admin', 'project_domain_id': 'default', 'project_domain_name': 'Default', 'project_id': '2be1696d529e4ab0bbb84dd9fcaf3ea8', 'project_name': 'tempest-HostsAdminTestJSON-2081288693', 'tenant_id': '2be1696d529e4ab0bbb84dd9fcaf3ea8', 'tenant_name': 'tempest-HostsAdminTestJSON-2081288693', 'user_domain_id': 'default', 'user_domain_name': 'Default', 'user_id': '526b869246d34428901f10976d3fb886', 'system': None}, Network: None, Subnet: None, Router: None
2025-02-15 20:46:10.398 62654 INFO tempest.lib.common.dynamic_creds [-] Created isolated network resources for: credentials: Credentials: {'domain_id': 'default', 'domain_name': 'Default', 'username': 'tempest-HostsAdminTestJSON-2081288693-project-admin', 'project_domain_id': 'default', 'project_domain_name': 'Default', 'project_id': '2be1696d529e4ab0bbb84dd9fcaf3ea8', 'project_name': 'tempest-HostsAdminTestJSON-2081288693', 'tenant_id': '2be1696d529e4ab0bbb84dd9fcaf3ea8', 'tenant_name': 'tempest-HostsAdminTestJSON-2081288693', 'user_domain_id': 'default', 'user_domain_name': 'Default', 'user_id': '526b869246d34428901f10976d3fb886', 'system': None}, Network: None, Subnet: None, Router: None
2025-02-15 20:46:10.449 62642 INFO tempest.lib.common.rest_client [req-44cb4d86-b785-4936-8131-a75c01e4cee6 req-44cb4d86-b785-4936-8131-a75c01e4cee6 ] Request (FlavorsV261TestJSON:tearDownClass): 204 DELETE http://10.180.1.21:9696/networking/v2.0/security-groups/7544f086-6ae5-4e99-9786-ba172a54129b 0.516s
2025-02-15 20:46:10.456 62640 INFO tempest.lib.common.rest_client [req-746679f8-2bcd-4712-b0d4-111609b3f8e3 req-746679f8-2bcd-4712-b0d4-111609b3f8e3 ] Request (ListImageFiltersNegativeTestJSON:setUpClass): 204 PUT http://10.180.1.21/identity/v3/projects/b2a98d7dc4a74448bcb3098af053f887/users/fbe4e6ff361d45a18e48a895aad7ebdd/roles/a739241b1e114803a62905ae887be52c 0.309s
2025-02-15 20:46:10.456 62640 INFO tempest.lib.common.dynamic_creds [-] Dynamic test user fbe4e6ff361d45a18e48a895aad7ebdd is created with scope project and roles: ['member']
2025-02-15 20:46:10.457 62640 INFO tempest.lib.common.dynamic_creds [-] Acquired dynamic creds: credentials: Credentials: {'domain_id': 'default', 'domain_name': 'Default', 'username': 'tempest-ListImageFiltersNegativeTestJSON-237592093-project-member', 'project_domain_id': 'default', 'project_domain_name': 'Default', 'project_id': 'b2a98d7dc4a74448bcb3098af053f887', 'project_name': 'tempest-ListImageFiltersNegativeTestJSON-237592093', 'tenant_id': 'b2a98d7dc4a74448bcb3098af053f887', 'tenant_name': 'tempest-ListImageFiltersNegativeTestJSON-237592093', 'user_domain_id': 'default', 'user_domain_name': 'Default', 'user_id': 'fbe4e6ff361d45a18e48a895aad7ebdd', 'system': None}, Network: None, Subnet: None, Router: None
2025-02-15 20:46:10.457 62640 INFO tempest.lib.common.dynamic_creds [-] Created isolated network resources for: credentials: Credentials: {'domain_id': 'default', 'domain_name': 'Default', 'username': 'tempest-ListImageFiltersNegativeTestJSON-237592093-project-member', 'project_domain_id': 'default', 'project_domain_name': 'Default', 'project_id': 'b2a98d7dc4a74448bcb3098af053f887', 'project_name': 'tempest-ListImageFiltersNegativeTestJSON-237592093', 'tenant_id': 'b2a98d7dc4a74448bcb3098af053f887', 'tenant_name': 'tempest-ListImageFiltersNegativeTestJSON-237592093', 'user_domain_id': 'default', 'user_domain_name': 'Default', 'user_id': 'fbe4e6ff361d45a18e48a895aad7ebdd', 'system': None}, Network: None, Subnet: None, Router: None
2025-02-15 20:46:10.473 62628 INFO tempest.lib.common.rest_client [req-5e4f4a29-ff4b-434a-8570-00480ce99a3d req-5e4f4a29-ff4b-434a-8570-00480ce99a3d ] Request (QuotasAdminTestJSON:test_get_default_quotas): 200 GET http://10.180.1.21/compute/v2.1/os-quota-sets/052d83abde7145de962d51b5250e057e/defaults 1.501s
2025-02-15 20:46:10.515 62634 INFO tempest.lib.common.rest_client [req-67092b6c-06d6-4922-890f-e00e6bde241f req-67092b6c-06d6-4922-890f-e00e6bde241f ] Request (HypervisorAdminV228Test:setUpClass): 201 POST http://10.180.1.21/identity/v3/auth/tokens 0.340s
2025-02-15 20:46:10.538 62672 INFO tempest.lib.common.rest_client [req-791cd39e-5d7a-4272-9b71-e3f3f317fc75 req-791cd39e-5d7a-4272-9b71-e3f3f317fc75 ] Request (ImagesMetadataNegativeTestJSON:setUpClass): 201 POST http://10.180.1.21/identity/v3/projects 0.329s
2025-02-15 20:46:10.585 62632 INFO tempest.lib.common.rest_client [req-3e888098-19a8-482d-939a-fb869848cd29 req-3e888098-19a8-482d-939a-fb869848cd29 ] Request (QuotasSecurityGroupAdminNegativeTest:tearDownClass): 204 DELETE http://10.180.1.21/identity/v3/users/37b64fef82dd4fc8922823deefa862eb 0.308s
2025-02-15 20:46:10.771 62680 INFO tempest.lib.common.rest_client [req-8ca88811-63f2-4b73-b810-21088b9eb800 req-8ca88811-63f2-4b73-b810-21088b9eb800 ] Request (FlavorsAccessTestJSON:tearDownClass): 204 DELETE http://10.180.1.21/identity/v3/users/5acd1316115644048f513b58b6b1cf64 0.386s
2025-02-15 20:46:10.771 62644 INFO tempest.lib.common.rest_client [req-d5e70711-30a3-4e5a-ab7f-ef892eba26fb req-d5e70711-30a3-4e5a-ab7f-ef892eba26fb ] Request (InstanceUsageAuditLogTestJSON:tearDownClass): 204 DELETE http://10.180.1.21/identity/v3/projects/74f33e65310e4ab49b390cbb8ff5ba50 0.372s
2025-02-15 20:46:10.773 62644 INFO tempest.lib.common.dynamic_creds [-] Deleting project and security group for project: 347baf7915a04a1c90aef0ece72e2471
2025-02-15 20:46:10.856 62654 INFO tempest.lib.common.rest_client [req-3c7b3d85-4900-488f-979c-faaa9604067e req-3c7b3d85-4900-488f-979c-faaa9604067e ] Request (HostsAdminTestJSON:setUpClass): 201 POST http://10.180.1.21/identity/v3/auth/tokens 0.455s
2025-02-15 20:46:10.905 62642 INFO tempest.lib.common.rest_client [req-817936cd-caee-4fdb-ad5d-ba09b9e1edfc req-817936cd-caee-4fdb-ad5d-ba09b9e1edfc ] Request (FlavorsV261TestJSON:tearDownClass): 204 DELETE http://10.180.1.21/identity/v3/projects/1bb823fc36bb4f4caf7372e6b0dd7cf1 0.456s
2025-02-15 20:46:10.907 62638 INFO tempest.lib.common.rest_client [req-bb9cf9b6-baed-4813-a0f9-1e6e0a0eddf5 req-bb9cf9b6-baed-4813-a0f9-1e6e0a0eddf5 ] Request (HypervisorAdminNegativeTestJSON:tearDownClass): 200 GET http://10.180.1.21:9696/networking/v2.0/security-groups?tenant_id=ef94422d4cde4048876b7566cab88563&name=default 1.173s
2025-02-15 20:46:10.918 62640 INFO tempest.lib.common.rest_client [req-728195f2-fc5d-44eb-98f2-aa529d458246 req-728195f2-fc5d-44eb-98f2-aa529d458246 ] Request (ListImageFiltersNegativeTestJSON:setUpClass): 201 POST http://10.180.1.21/identity/v3/auth/tokens 0.456s
2025-02-15 20:46:10.958 62628 INFO tempest.lib.common.rest_client [req-c7761fd2-51f4-4344-b367-02ed934d90ef req-c7761fd2-51f4-4344-b367-02ed934d90ef ] Request (QuotasAdminTestJSON:test_get_updated_quotas): 200 GET http://10.180.1.21/identity/v3/domains?name=Default 0.480s
2025-02-15 20:46:10.973 62634 INFO tempest.lib.common.rest_client [req-8c94b3e7-f401-4716-b038-0c178e748917 req-8c94b3e7-f401-4716-b038-0c178e748917 ] Request (HypervisorAdminV228Test:setUpClass): 200 GET http://10.180.1.21/identity/v3/domains?name=Default 0.457s
2025-02-15 20:46:10.983 62646 INFO tempest.lib.common.rest_client [req-a883a12c-6644-4b31-8567-983a83112a9a req-a883a12c-6644-4b31-8567-983a83112a9a ] Request (FloatingIPsAssociationNegativeTestJSON:setUpClass): 200 PUT http://10.180.1.21:9696/networking/v2.0/routers/d0f696ee-5b08-4fb2-ac4d-1099d25e891d/add_router_interface 3.185s
2025-02-15 20:46:10.984 62646 INFO tempest.lib.common.dynamic_creds [-] Created isolated network resources for: credentials: Credentials: {'domain_id': 'default', 'domain_name': 'Default', 'username': 'tempest-FloatingIPsAssociationNegativeTestJSON-2133132226-project-member', 'project_domain_id': 'default', 'project_domain_name': 'Default', 'project_id': '87b326311d834c3fa4919d2713062993', 'project_name': 'tempest-FloatingIPsAssociationNegativeTestJSON-2133132226', 'tenant_id': '87b326311d834c3fa4919d2713062993', 'tenant_name': 'tempest-FloatingIPsAssociationNegativeTestJSON-2133132226', 'user_domain_id': 'default', 'user_domain_name': 'Default', 'user_id': '9ac260a01a2e4e6da81f908b6eba4e17', 'system': None}, Network: {'id': 'f4e38650-ad8b-4505-8bc6-9acddd75151a', 'name': 'tempest-FloatingIPsAssociationNegativeTestJSON-1017226399-network', 'tenant_id': '87b326311d834c3fa4919d2713062993', 'admin_state_up': True, 'mtu': 8950, 'status': 'ACTIVE', 'subnets': [], 'shared': False, 'project_id': '87b326311d834c3fa4919d2713062993', 'port_security_enabled': True, 'router:external': False, 'provider:network_type': 'vlan', 'provider:physical_network': 'default', 'provider:segmentation_id': 914, 'availability_zone_hints': [], 'availability_zones': [], 'ipv4_address_scope': None, 'ipv6_address_scope': None, 'description': '', 'tags': [], 'created_at': '2025-02-15T20:46:03Z', 'updated_at': '2025-02-15T20:46:03Z', 'revision_number': 1}, Subnet: {'id': 'e0e94c36-9ae1-4e4b-844f-14fe77b49d88', 'name': 'tempest-FloatingIPsAssociationNegativeTestJSON-1017226399-subnet', 'tenant_id': '87b326311d834c3fa4919d2713062993', 'network_id': 'f4e38650-ad8b-4505-8bc6-9acddd75151a', 'ip_version': 4, 'subnetpool_id': None, 'enable_dhcp': True, 'ipv6_ra_mode': None, 'ipv6_address_mode': None, 'gateway_ip': '192.168.128.1', 'cidr': '192.168.128.0/28', 'allocation_pools': [{'start': '192.168.128.2', 'end': '192.168.128.14'}], 'host_routes': [], 'dns_nameservers': [], 'description': '', 'router:external': False, 'service_types': [], 'tags': [], 'created_at': '2025-02-15T20:46:04Z', 'updated_at': '2025-02-15T20:46:04Z', 'revision_number': 0, 'project_id': '87b326311d834c3fa4919d2713062993'}, Router: {'id': 'd0f696ee-5b08-4fb2-ac4d-1099d25e891d', 'name': 'tempest-FloatingIPsAssociationNegativeTestJSON-1017226399-router', 'tenant_id': '87b326311d834c3fa4919d2713062993', 'admin_state_up': True, 'status': 'ACTIVE', 'external_gateway_info': {'network_id': '7978922f-f930-4e61-b95d-e5ef7595513e', 'external_fixed_ips': [{'subnet_id': '80a48171-a972-478d-a0c7-8729ecdad03e', 'ip_address': '10.180.180.165'}], 'enable_snat': True}, 'description': '', 'availability_zones': [], 'distributed': False, 'ha': False, 'availability_zone_hints': [], 'routes': [], 'flavor_id': None, 'tags': [], 'created_at': '2025-02-15T20:46:04Z', 'updated_at': '2025-02-15T20:46:06Z', 'revision_number': 2, 'project_id': '87b326311d834c3fa4919d2713062993'}
2025-02-15 20:46:10.991 62672 INFO tempest.lib.common.rest_client [req-8e5de2e2-e480-41f6-b795-fdc8a83c3dc1 req-8e5de2e2-e480-41f6-b795-fdc8a83c3dc1 ] Request (ImagesMetadataNegativeTestJSON:setUpClass): 201 POST http://10.180.1.21/identity/v3/users 0.452s
2025-02-15 20:46:11.046 62632 INFO tempest.lib.common.rest_client [req-db1812cb-4c42-4639-be19-636ff8ca168e req-db1812cb-4c42-4639-be19-636ff8ca168e ] Request (QuotasSecurityGroupAdminNegativeTest:tearDownClass): 204 DELETE http://10.180.1.21/identity/v3/users/9a155523c81d4d69a6c5e2c3e462f826 0.461s
2025-02-15 20:46:11.046 62632 INFO tempest.lib.common.dynamic_creds [-] Deleting project and security group for project: 0788389b31334301a66b355df5958b1f
2025-02-15 20:46:11.116 62658 INFO tempest.lib.common.rest_client [req-61e5d8f2-c567-4fac-883a-41367cf38643 req-61e5d8f2-c567-4fac-883a-41367cf38643 ] Request (ServerAddressesNegativeTestJSON:setUpClass): 200 GET http://10.180.1.21/compute/v2.1/servers/44f7dbb8-3c27-438b-bd41-9fc0e9c6329d 1.120s
2025-02-15 20:46:11.128 62658 INFO tempest.common.waiters [-] State transition "BUILD/networking" ==> "BUILD/spawning" after 10 second wait
2025-02-15 20:46:11.158 62680 INFO tempest.lib.common.rest_client [req-6a61a54b-c98a-455b-bec6-884ae971a45b req-6a61a54b-c98a-455b-bec6-884ae971a45b ] Request (FlavorsAccessTestJSON:tearDownClass): 204 DELETE http://10.180.1.21/identity/v3/users/ada9dac659d04480acababd499e0d70f 0.387s
2025-02-15 20:46:11.158 62680 INFO tempest.lib.common.dynamic_creds [-] Deleting project and security group for project: b97118fb1687421781151ad6d1965b48
2025-02-15 20:46:11.171 62642 INFO tempest.lib.common.rest_client [req-2d7d62b8-06b6-4ab6-8dae-b64526fd0c35 req-2d7d62b8-06b6-4ab6-8dae-b64526fd0c35 ] Request (TenantUsagesTestJSON:setUpClass): 201 POST http://10.180.1.21/identity/v3/auth/tokens 0.264s
2025-02-15 20:46:11.223 62630 INFO tempest.lib.common.rest_client [req-a5587886-36d4-40a0-a9da-97f161b0adb8 req-a5587886-36d4-40a0-a9da-97f161b0adb8 ] Request (ServerExternalEventsTest:test_create_server_external_events): 200 GET http://10.180.1.21/compute/v2.1/servers/e0f90512-56d7-4a9c-9b57-dea54f8b682f 1.154s
2025-02-15 20:46:11.232 62630 INFO tempest.common.waiters [-] State transition "BUILD/None" ==> "BUILD/networking" after 10 second wait
2025-02-15 20:46:11.237 62628 INFO tempest.lib.common.rest_client [req-9ba3b1ef-73c8-47a2-9508-0245d010e619 req-9ba3b1ef-73c8-47a2-9508-0245d010e619 ] Request (QuotasAdminTestJSON:test_get_updated_quotas): 201 POST http://10.180.1.21/identity/v3/projects 0.279s
2025-02-15 20:46:11.277 62634 INFO tempest.lib.common.rest_client [req-eec1c5b2-60c6-4396-b973-00a5616384fa req-eec1c5b2-60c6-4396-b973-00a5616384fa ] Request (HypervisorAdminV228Test:setUpClass): 201 POST http://10.180.1.21/identity/v3/projects 0.303s
2025-02-15 20:46:11.279 62644 INFO tempest.lib.common.rest_client [req-d3c0a8d8-c597-4451-848c-01aa6a2c9f5a req-d3c0a8d8-c597-4451-848c-01aa6a2c9f5a ] Request (InstanceUsageAuditLogTestJSON:tearDownClass): 200 GET http://10.180.1.21:9696/networking/v2.0/security-groups?tenant_id=347baf7915a04a1c90aef0ece72e2471&name=default 0.506s
2025-02-15 20:46:11.303 62638 INFO tempest.lib.common.rest_client [req-2d7c9b53-d3c4-4cf4-8bfc-8c8ebff49335 req-2d7c9b53-d3c4-4cf4-8bfc-8c8ebff49335 ] Request (HypervisorAdminNegativeTestJSON:tearDownClass): 204 DELETE http://10.180.1.21:9696/networking/v2.0/security-groups/d39ad30a-3cbd-46c1-9f87-bd42b8985366 0.395s
2025-02-15 20:46:11.313 62652 INFO tempest.lib.common.rest_client [req-a7f04533-bdb7-4c74-91fd-a3a48a28397e req-a7f04533-bdb7-4c74-91fd-a3a48a28397e ] Request (ServerActionsTestOtherA:setUpClass): 201 POST http://10.180.1.21:9696/networking/v2.0/networks 1.593s
2025-02-15 20:46:11.348 62646 INFO tempest.lib.common.rest_client [req-1a9e6f94-173f-4cea-8bb1-eec797f7f01e req-1a9e6f94-173f-4cea-8bb1-eec797f7f01e ] Request (FloatingIPsAssociationNegativeTestJSON:setUpClass): 201 POST http://10.180.1.21/identity/v3/auth/tokens 0.360s
2025-02-15 20:46:11.353 62650 INFO tempest.lib.common.rest_client [req-76c508f2-bbff-491c-a566-cccc453519b5 req-76c508f2-bbff-491c-a566-cccc453519b5 ] Request (ServersTestManualDisk:setUpClass): 200 GET http://10.180.1.21/compute/v2.1/servers/5102a8ce-2234-43cb-ae85-df50645c9545 1.264s
2025-02-15 20:46:11.360 62672 INFO tempest.lib.common.rest_client [req-c6c5494d-8ffc-422e-b9a0-b99256c82314 req-c6c5494d-8ffc-422e-b9a0-b99256c82314 ] Request (ImagesMetadataNegativeTestJSON:setUpClass): 200 GET http://10.180.1.21/identity/v3/roles 0.368s
2025-02-15 20:46:11.388 62632 INFO tempest.lib.common.rest_client [req-b774e428-d852-4d88-b507-3878f11b846f req-b774e428-d852-4d88-b507-3878f11b846f ] Request (QuotasSecurityGroupAdminNegativeTest:tearDownClass): 201 POST http://10.180.1.21/identity/v3/auth/tokens 0.342s
2025-02-15 20:46:11.408 62666 INFO tempest.lib.common.rest_client [req-62f2d4a6-3b97-4a0a-a793-9e91f759666f req-62f2d4a6-3b97-4a0a-a793-9e91f759666f ] Request (FlavorsAccessNegativeTestJSON:_run_cleanups): 200 GET http://10.180.1.21/compute/v2.1/flavors/detail 1.282s
2025-02-15 20:46:11.444 62626 INFO tempest.lib.common.rest_client [req-25972d23-8b9b-4ca9-96d1-5b39cdfa2192 req-25972d23-8b9b-4ca9-96d1-5b39cdfa2192 ] Request (FlavorsAdminTestJSON:_run_cleanups): 202 DELETE http://10.180.1.21/compute/v2.1/flavors/1439c447-1fef-4e7c-b2d5-9c6ac0148722 1.297s
2025-02-15 20:46:11.462 62622 INFO tempest.lib.common.rest_client [req-77dcf540-c426-4259-b679-09a8489e3345 req-77dcf540-c426-4259-b679-09a8489e3345 ] Request (ServerAddressesTestJSON:setUpClass): 202 POST http://10.180.1.21/compute/v2.1/servers 1.597s
2025-02-15 20:46:11.472 62644 INFO tempest.lib.common.rest_client [req-5ff6e60a-3d6c-49e3-b60b-3ee8f62b7592 req-5ff6e60a-3d6c-49e3-b60b-3ee8f62b7592 ] Request (InstanceUsageAuditLogTestJSON:tearDownClass): 204 DELETE http://10.180.1.21:9696/networking/v2.0/security-groups/1881d4be-9b9f-49c8-973b-209bb7c77d8e 0.192s
2025-02-15 20:46:11.475 62680 INFO tempest.lib.common.rest_client [req-3f54211a-96b7-4b2c-bbe0-566c3d581d9f req-3f54211a-96b7-4b2c-bbe0-566c3d581d9f ] Request (FlavorsAccessTestJSON:tearDownClass): 201 POST http://10.180.1.21/identity/v3/auth/tokens 0.317s
2025-02-15 20:46:11.510 62670 INFO tempest.lib.common.rest_client [req-c4400dfd-5b82-4a3f-b748-039c78f6213f req-c4400dfd-5b82-4a3f-b748-039c78f6213f ] Request (ValidationResourcesFixture:setUp): 200 POST http://10.180.1.21/compute/v2.1/os-keypairs 1.313s
2025-02-15 20:46:11.514 62642 INFO tempest.lib.common.rest_client [req-5e84dd1e-8d0e-4d5d-bd84-665637e266b7 req-5e84dd1e-8d0e-4d5d-bd84-665637e266b7 ] Request (TenantUsagesTestJSON:setUpClass): 201 POST http://10.180.1.21/identity/v3/auth/tokens 0.341s
2025-02-15 20:46:11.522 62682 INFO tempest.lib.common.rest_client [req-c8197b90-bcbe-43f1-bab3-b7f43fac63d5 req-c8197b90-bcbe-43f1-bab3-b7f43fac63d5 ] Request (AttachInterfacesV270Test:setUpClass): 201 POST http://10.180.1.21:9696/networking/v2.0/routers 2.599s
2025-02-15 20:46:11.526 62664 INFO tempest.lib.common.rest_client [req-3192bce1-7d5b-454f-9045-9bba8b8f4eea req-3192bce1-7d5b-454f-9045-9bba8b8f4eea ] Request (FlavorsExtraSpecsTestJSON:test_flavor_set_get_update_show_unset_keys): 200 GET http://10.180.1.21/compute/v2.1/flavors/583685018/os-extra_specs 1.306s
2025-02-15 20:46:11.561 62674 INFO tempest.lib.common.rest_client [req-06646c63-a799-409d-b2bf-a269c0041c7a req-06646c63-a799-409d-b2bf-a269c0041c7a ] Request (FlavorsExtraSpecsNegativeTestJSON:tearDownClass): 200 GET http://10.180.1.21/compute/v2.1/flavors/detail 1.291s
2025-02-15 20:46:11.592 62628 INFO tempest.lib.common.rest_client [req-17b44167-76d2-4af3-a9b7-607bf0a20351 req-17b44167-76d2-4af3-a9b7-607bf0a20351 ] Request (QuotasAdminTestJSON:test_get_updated_quotas): 200 GET http://10.180.1.21/identity/v3/domains?name=Default 0.352s
2025-02-15 20:46:11.617 62634 INFO tempest.lib.common.rest_client [req-0e83c73f-bc4d-438f-ba84-497b73862a7d req-0e83c73f-bc4d-438f-ba84-497b73862a7d ] Request (HypervisorAdminV228Test:setUpClass): 201 POST http://10.180.1.21/identity/v3/users 0.339s
2025-02-15 20:46:11.652 62656 INFO tempest.lib.common.rest_client [req-a1259299-a06e-470a-bd3e-7f7bfa9d68f7 req-a1259299-a06e-470a-bd3e-7f7bfa9d68f7 ] Request (VolumesAssistedSnapshotsTest:test_volume_assisted_snapshot_create_delete): 201 POST http://10.180.1.21:9696/networking/v2.0/floatingips 1.749s
2025-02-15 20:46:11.677 62638 INFO tempest.lib.common.rest_client [req-41a7cdf8-c319-4200-8c7c-87199c368ea1 req-41a7cdf8-c319-4200-8c7c-87199c368ea1 ] Request (HypervisorAdminNegativeTestJSON:tearDownClass): 204 DELETE http://10.180.1.21/identity/v3/projects/ef94422d4cde4048876b7566cab88563 0.373s
2025-02-15 20:46:11.677 62638 INFO tempest.lib.common.dynamic_creds [-] Deleting project and security group for project: caa99a89ba8b4d308441c0428ecfea5e
2025-02-15 20:46:11.691 62646 INFO tempest.lib.common.rest_client [req-683e4686-1ef0-4df2-aea6-6a0e21a66493 req-683e4686-1ef0-4df2-aea6-6a0e21a66493 ] Request (FloatingIPsAssociationNegativeTestJSON:setUpClass): 201 POST http://10.180.1.21/identity/v3/auth/tokens 0.333s
2025-02-15 20:46:11.692 62646 INFO tempest.lib.common.fixed_network [-] (FloatingIPsAssociationNegativeTestJSON:setUpClass) Found network {'id': 'f4e38650-ad8b-4505-8bc6-9acddd75151a', 'name': 'tempest-FloatingIPsAssociationNegativeTestJSON-1017226399-network', 'tenant_id': '87b326311d834c3fa4919d2713062993', 'admin_state_up': True, 'mtu': 8950, 'status': 'ACTIVE', 'subnets': [], 'shared': False, 'project_id': '87b326311d834c3fa4919d2713062993', 'port_security_enabled': True, 'router:external': False, 'provider:network_type': 'vlan', 'provider:physical_network': 'default', 'provider:segmentation_id': 914, 'availability_zone_hints': [], 'availability_zones': [], 'ipv4_address_scope': None, 'ipv6_address_scope': None, 'description': '', 'tags': [], 'created_at': '2025-02-15T20:46:03Z', 'updated_at': '2025-02-15T20:46:03Z', 'revision_number': 1} available for tenant
2025-02-15 20:46:11.762 62672 INFO tempest.lib.common.rest_client [req-ac1a5ce7-82f3-4367-809c-07c0564368a7 req-ac1a5ce7-82f3-4367-809c-07c0564368a7 ] Request (ImagesMetadataNegativeTestJSON:setUpClass): 204 PUT http://10.180.1.21/identity/v3/projects/e21e6c1da68647f7b32931d81ae667e5/users/e1a2d96616364b73abdcf8dd61a86c11/roles/a739241b1e114803a62905ae887be52c 0.401s
2025-02-15 20:46:11.762 62672 INFO tempest.lib.common.dynamic_creds [-] Dynamic test user e1a2d96616364b73abdcf8dd61a86c11 is created with scope project and roles: ['member']
2025-02-15 20:46:11.763 62672 INFO tempest.lib.common.dynamic_creds [-] Acquired dynamic creds: credentials: Credentials: {'domain_id': 'default', 'domain_name': 'Default', 'username': 'tempest-ImagesMetadataNegativeTestJSON-1933022554-project-member', 'project_domain_id': 'default', 'project_domain_name': 'Default', 'project_id': 'e21e6c1da68647f7b32931d81ae667e5', 'project_name': 'tempest-ImagesMetadataNegativeTestJSON-1933022554', 'tenant_id': 'e21e6c1da68647f7b32931d81ae667e5', 'tenant_name': 'tempest-ImagesMetadataNegativeTestJSON-1933022554', 'user_domain_id': 'default', 'user_domain_name': 'Default', 'user_id': 'e1a2d96616364b73abdcf8dd61a86c11', 'system': None}, Network: None, Subnet: None, Router: None
2025-02-15 20:46:11.763 62672 INFO tempest.lib.common.dynamic_creds [-] Created isolated network resources for: credentials: Credentials: {'domain_id': 'default', 'domain_name': 'Default', 'username': 'tempest-ImagesMetadataNegativeTestJSON-1933022554-project-member', 'project_domain_id': 'default', 'project_domain_name': 'Default', 'project_id': 'e21e6c1da68647f7b32931d81ae667e5', 'project_name': 'tempest-ImagesMetadataNegativeTestJSON-1933022554', 'tenant_id': 'e21e6c1da68647f7b32931d81ae667e5', 'tenant_name': 'tempest-ImagesMetadataNegativeTestJSON-1933022554', 'user_domain_id': 'default', 'user_domain_name': 'Default', 'user_id': 'e1a2d96616364b73abdcf8dd61a86c11', 'system': None}, Network: None, Subnet: None, Router: None
2025-02-15 20:46:11.824 62636 INFO tempest.lib.common.rest_client [req-acbdc5db-fc62-4382-80aa-8c454d999b91 req-acbdc5db-fc62-4382-80aa-8c454d999b91 ] Request (DeleteServersAdminTestJSON:test_admin_delete_servers_of_others): 200 GET http://10.180.1.21/compute/v2.1/servers/abd7a395-935a-4061-bc9e-ac167dd52d01 1.520s
2025-02-15 20:46:11.857 62648 INFO tempest.lib.common.rest_client [req-8201143b-1850-434d-a0f7-bd441b3f45a0 req-8201143b-1850-434d-a0f7-bd441b3f45a0 ] Request (AggregatesAdminNegativeTestJSON:test_aggregate_add_non_exist_host): 404 POST http://10.180.1.21/compute/v2.1/os-aggregates/3/action 1.507s
2025-02-15 20:46:11.929 62644 INFO tempest.lib.common.rest_client [req-aea84bda-d655-4785-a867-c61ffde96d89 req-aea84bda-d655-4785-a867-c61ffde96d89 ] Request (InstanceUsageAuditLogTestJSON:tearDownClass): 204 DELETE http://10.180.1.21/identity/v3/projects/347baf7915a04a1c90aef0ece72e2471 0.456s
2025-02-15 20:46:11.934 62670 INFO tempest.lib.common.rest_client [req-8f377f3e-8f19-4863-a108-ad9fdf6c5b34 req-8f377f3e-8f19-4863-a108-ad9fdf6c5b34 ] Request (ValidationResourcesFixture:setUp): 201 POST http://10.180.1.21:9696/networking/v2.0/security-groups 0.422s
2025-02-15 20:46:11.942 62676 INFO tempest.lib.common.rest_client [req-93a170ab-5c7d-4d46-916c-ae5e3c9e42f7 req-93a170ab-5c7d-4d46-916c-ae5e3c9e42f7 ] Request (AbsoluteLimitsTestJSON:test_absLimits_get): 200 GET http://10.180.1.21/compute/v2.1/limits 1.751s
2025-02-15 20:46:11.968 62638 INFO tempest.lib.common.rest_client [req-83d51933-cb70-4cf5-bd92-38816eeb392b req-83d51933-cb70-4cf5-bd92-38816eeb392b ] Request (HypervisorAdminNegativeTestJSON:tearDownClass): 200 GET http://10.180.1.21:9696/networking/v2.0/security-groups?tenant_id=caa99a89ba8b4d308441c0428ecfea5e&name=default 0.291s
2025-02-15 20:46:11.998 62642 INFO tempest.lib.common.rest_client [req-20834e59-ccb8-4714-b341-a49262cb7986 req-20834e59-ccb8-4714-b341-a49262cb7986 ] Request (TenantUsagesTestJSON:setUpClass): 200 GET http://10.180.1.21/identity/v3/domains?name=Default 0.483s
2025-02-15 20:46:12.038 62652 INFO tempest.lib.common.rest_client [req-c356695e-551b-4029-91ee-e2b8d05c443d req-c356695e-551b-4029-91ee-e2b8d05c443d ] Request (ServerActionsTestOtherA:setUpClass): 201 POST http://10.180.1.21:9696/networking/v2.0/subnets 0.724s
2025-02-15 20:46:12.055 62679 INFO tempest.lib.common.rest_client [req-5ec0fbe3-6a41-46a8-96b4-9752f04e160a req-5ec0fbe3-6a41-46a8-96b4-9752f04e160a ] Request (ServersTestJSON:setUpClass): 200 GET http://10.180.1.21/compute/v2.1/servers/00a8a42a-2239-483d-a0cf-d7bbb3d95997 1.685s
2025-02-15 20:46:12.066 62679 INFO tempest.common.waiters [-] State transition "BUILD/scheduling" ==> "BUILD/None" after 3 second wait
2025-02-15 20:46:12.075 62674 INFO tempest.lib.common.rest_client [req-c8cd0ce9-0eed-4fa7-88dc-7c62c657da59 req-c8cd0ce9-0eed-4fa7-88dc-7c62c657da59 ] Request (FlavorsExtraSpecsNegativeTestJSON:tearDownClass): 204 DELETE http://10.180.1.21/identity/v3/users/1ff96f0788e14be9b24edadf32e4ffe1 0.505s
2025-02-15 20:46:12.093 62632 INFO tempest.lib.common.rest_client [req-45209a85-d93c-4232-b669-43233318ea3a req-45209a85-d93c-4232-b669-43233318ea3a ] Request (QuotasSecurityGroupAdminNegativeTest:tearDownClass): 200 GET http://10.180.1.21:9696/networking/v2.0/security-groups?tenant_id=0788389b31334301a66b355df5958b1f&name=default 0.705s
2025-02-15 20:46:12.136 62656 INFO tempest.lib.common.rest_client [req-47933480-b9de-49f9-8ae5-0c7a71615b74 req-47933480-b9de-49f9-8ae5-0c7a71615b74 ] Request (VolumesAssistedSnapshotsTest:test_volume_assisted_snapshot_create_delete): 201 POST http://10.180.1.21/identity/v3/auth/tokens 0.479s
2025-02-15 20:46:12.137 62656 INFO tempest.lib.common.fixed_network [-] (VolumesAssistedSnapshotsTest:test_volume_assisted_snapshot_create_delete) Found network {'id': 'a46f0146-2486-42ff-bebb-5bcb18c6048e', 'name': 'tempest-VolumesAssistedSnapshotsTest-1581663052-network', 'tenant_id': 'f2636e850d8a4bd9bf7dc71d590ef940', 'admin_state_up': True, 'mtu': 8950, 'status': 'ACTIVE', 'subnets': [], 'shared': False, 'project_id': 'f2636e850d8a4bd9bf7dc71d590ef940', 'port_security_enabled': True, 'router:external': False, 'provider:network_type': 'vlan', 'provider:physical_network': 'default', 'provider:segmentation_id': 808, 'availability_zone_hints': [], 'availability_zones': [], 'ipv4_address_scope': None, 'ipv6_address_scope': None, 'description': '', 'tags': [], 'created_at': '2025-02-15T20:45:49Z', 'updated_at': '2025-02-15T20:45:49Z', 'revision_number': 1} available for tenant
2025-02-15 20:46:12.148 62634 INFO tempest.lib.common.rest_client [req-bcaae6b4-4435-4d3b-bc0f-4e8619ee7e0c req-bcaae6b4-4435-4d3b-bc0f-4e8619ee7e0c ] Request (HypervisorAdminV228Test:setUpClass): 200 GET http://10.180.1.21/identity/v3/roles 0.530s
2025-02-15 20:46:12.196 62672 INFO tempest.lib.common.rest_client [req-e11139b9-fbd2-4fb8-84d4-b79be8e6867c req-e11139b9-fbd2-4fb8-84d4-b79be8e6867c ] Request (ImagesMetadataNegativeTestJSON:setUpClass): 201 POST http://10.180.1.21/identity/v3/auth/tokens 0.428s
2025-02-15 20:46:12.225 62644 INFO tempest.lib.common.rest_client [req-18d3cd0f-29cf-4ce6-8454-dc08b886dc38 req-18d3cd0f-29cf-4ce6-8454-dc08b886dc38 ] Request (QuotasAdminTestV236:setUpClass): 201 POST http://10.180.1.21/identity/v3/auth/tokens 0.294s
2025-02-15 20:46:12.279 62642 INFO tempest.lib.common.rest_client [req-f76732cf-7279-441f-a784-9dd249bcd86b req-f76732cf-7279-441f-a784-9dd249bcd86b ] Request (TenantUsagesTestJSON:setUpClass): 201 POST http://10.180.1.21/identity/v3/projects 0.280s
2025-02-15 20:46:12.296 62680 INFO tempest.lib.common.rest_client [req-ee91153d-e951-429e-85d4-604225088874 req-ee91153d-e951-429e-85d4-604225088874 ] Request (FlavorsAccessTestJSON:tearDownClass): 200 GET http://10.180.1.21:9696/networking/v2.0/security-groups?tenant_id=b97118fb1687421781151ad6d1965b48&name=default 0.820s
2025-02-15 20:46:12.315 62676 INFO tempest.lib.common.rest_client [req-9d5cc254-80fd-4396-9abe-b6eb2cff4ad9 req-9d5cc254-80fd-4396-9abe-b6eb2cff4ad9 ] Request (AbsoluteLimitsTestJSON:tearDownClass): 204 DELETE http://10.180.1.21/identity/v3/users/3cfb4f8fea29429f905a15e351d8d03a 0.366s
2025-02-15 20:46:12.315 62676 INFO tempest.lib.common.dynamic_creds [-] Deleting project and security group for project: 3984935ef12e470885d692284b0f2c4c
2025-02-15 20:46:12.401 62674 INFO tempest.lib.common.rest_client [req-bf677100-9a9d-4922-93a3-ecb2bc8ed94c req-bf677100-9a9d-4922-93a3-ecb2bc8ed94c ] Request (FlavorsExtraSpecsNegativeTestJSON:tearDownClass): 204 DELETE http://10.180.1.21/identity/v3/users/3f34e22ff8e64fbf8440bf651003d65a 0.325s
2025-02-15 20:46:12.401 62674 INFO tempest.lib.common.dynamic_creds [-] Deleting project and security group for project: 6d0a1764a37f466886ec1cebbb3d08c8
2025-02-15 20:46:12.453 62644 INFO tempest.lib.common.rest_client [req-c00a51bc-89b8-4988-a480-5fbee3ee72d8 req-c00a51bc-89b8-4988-a480-5fbee3ee72d8 ] Request (QuotasAdminTestV236:setUpClass): 201 POST http://10.180.1.21/identity/v3/auth/tokens 0.226s
2025-02-15 20:46:12.475 62634 INFO tempest.lib.common.rest_client [req-2f69c235-2172-4757-bd8f-3a5bf52d19a8 req-2f69c235-2172-4757-bd8f-3a5bf52d19a8 ] Request (HypervisorAdminV228Test:setUpClass): 204 PUT http://10.180.1.21/identity/v3/projects/0c04a761a8384cd99d9b7c66319cb2c5/users/2311b84fb56244c4a059af4726e04e67/roles/a739241b1e114803a62905ae887be52c 0.325s
2025-02-15 20:46:12.475 62634 INFO tempest.lib.common.dynamic_creds [-] Dynamic test user 2311b84fb56244c4a059af4726e04e67 is created with scope project and roles: ['member']
2025-02-15 20:46:12.475 62634 INFO tempest.lib.common.dynamic_creds [-] Acquired dynamic creds: credentials: Credentials: {'domain_id': 'default', 'domain_name': 'Default', 'username': 'tempest-HypervisorAdminV228Test-502443522-project-member', 'project_domain_id': 'default', 'project_domain_name': 'Default', 'project_id': '0c04a761a8384cd99d9b7c66319cb2c5', 'project_name': 'tempest-HypervisorAdminV228Test-502443522', 'tenant_id': '0c04a761a8384cd99d9b7c66319cb2c5', 'tenant_name': 'tempest-HypervisorAdminV228Test-502443522', 'user_domain_id': 'default', 'user_domain_name': 'Default', 'user_id': '2311b84fb56244c4a059af4726e04e67', 'system': None}, Network: None, Subnet: None, Router: None
2025-02-15 20:46:12.475 62634 INFO tempest.lib.common.dynamic_creds [-] Created isolated network resources for: credentials: Credentials: {'domain_id': 'default', 'domain_name': 'Default', 'username': 'tempest-HypervisorAdminV228Test-502443522-project-member', 'project_domain_id': 'default', 'project_domain_name': 'Default', 'project_id': '0c04a761a8384cd99d9b7c66319cb2c5', 'project_name': 'tempest-HypervisorAdminV228Test-502443522', 'tenant_id': '0c04a761a8384cd99d9b7c66319cb2c5', 'tenant_name': 'tempest-HypervisorAdminV228Test-502443522', 'user_domain_id': 'default', 'user_domain_name': 'Default', 'user_id': '2311b84fb56244c4a059af4726e04e67', 'system': None}, Network: None, Subnet: None, Router: None
2025-02-15 20:46:12.477 62642 INFO tempest.lib.common.rest_client [req-3c62d7f4-9a4b-4ac8-8bbf-cabd3d4527a4 req-3c62d7f4-9a4b-4ac8-8bbf-cabd3d4527a4 ] Request (TenantUsagesTestJSON:setUpClass): 201 POST http://10.180.1.21/identity/v3/users 0.198s
2025-02-15 20:46:12.534 62676 INFO tempest.lib.common.rest_client [req-c26fa042-b206-4103-8095-704303178d36 req-c26fa042-b206-4103-8095-704303178d36 ] Request (AbsoluteLimitsTestJSON:tearDownClass): 201 POST http://10.180.1.21/identity/v3/auth/tokens 0.219s
2025-02-15 20:46:12.572 62674 INFO tempest.lib.common.rest_client [req-d436e753-ab96-455b-8993-aab357ee87d1 req-d436e753-ab96-455b-8993-aab357ee87d1 ] Request (FlavorsExtraSpecsNegativeTestJSON:tearDownClass): 201 POST http://10.180.1.21/identity/v3/auth/tokens 0.171s
2025-02-15 20:46:12.574 62644 INFO tempest.lib.common.rest_client [req-2c9d47c8-5a68-456a-b2ed-a4fc5c12a6f9 req-2c9d47c8-5a68-456a-b2ed-a4fc5c12a6f9 ] Request (QuotasAdminTestV236:setUpClass): 200 GET http://10.180.1.21/identity/v3/domains?name=Default 0.120s
2025-02-15 20:46:12.593 62642 INFO tempest.lib.common.rest_client [req-342ec561-cdc9-4692-89f4-0184e16f162e req-342ec561-cdc9-4692-89f4-0184e16f162e ] Request (TenantUsagesTestJSON:setUpClass): 200 GET http://10.180.1.21/identity/v3/roles 0.114s
2025-02-15 20:46:12.621 62670 INFO tempest.lib.common.rest_client [req-2b6177cd-ec84-489e-b35f-108782bcdea3 req-2b6177cd-ec84-489e-b35f-108782bcdea3 ] Request (ValidationResourcesFixture:setUp): 201 POST http://10.180.1.21:9696/networking/v2.0/security-group-rules 0.686s
2025-02-15 20:46:12.636 62634 INFO tempest.lib.common.rest_client [req-c355e887-ae73-4afe-b0fd-d80d5b9e7761 req-c355e887-ae73-4afe-b0fd-d80d5b9e7761 ] Request (HypervisorAdminV228Test:setUpClass): 201 POST http://10.180.1.21/identity/v3/auth/tokens 0.156s
2025-02-15 20:46:12.674 62638 INFO tempest.lib.common.rest_client [req-6a888f85-1789-4416-942c-f443466deffc req-6a888f85-1789-4416-942c-f443466deffc ] Request (HypervisorAdminNegativeTestJSON:tearDownClass): 204 DELETE http://10.180.1.21:9696/networking/v2.0/security-groups/a16b46fb-65ad-44f4-91e5-61fa8f2998fe 0.705s
2025-02-15 20:46:12.695 62644 INFO tempest.lib.common.rest_client [req-960331e5-b64f-4f5e-aef0-faeab18c51e5 req-960331e5-b64f-4f5e-aef0-faeab18c51e5 ] Request (QuotasAdminTestV236:setUpClass): 201 POST http://10.180.1.21/identity/v3/projects 0.120s
2025-02-15 20:46:12.764 62642 INFO tempest.lib.common.rest_client [req-1ec55ad3-0b20-4bd1-abc3-492376426c23 req-1ec55ad3-0b20-4bd1-abc3-492376426c23 ] Request (TenantUsagesTestJSON:setUpClass): 204 PUT http://10.180.1.21/identity/v3/projects/a76074a3df20425b93bcef722024df35/users/a92f7a4e346f406ca428e3f9c29ec35e/roles/a739241b1e114803a62905ae887be52c 0.171s
2025-02-15 20:46:12.765 62642 INFO tempest.lib.common.dynamic_creds [-] Dynamic test user a92f7a4e346f406ca428e3f9c29ec35e is created with scope project and roles: ['member']
2025-02-15 20:46:12.765 62642 INFO tempest.lib.common.dynamic_creds [-] Acquired dynamic creds: credentials: Credentials: {'domain_id': 'default', 'domain_name': 'Default', 'username': 'tempest-TenantUsagesTestJSON-2039829133-project-member', 'project_domain_id': 'default', 'project_domain_name': 'Default', 'project_id': 'a76074a3df20425b93bcef722024df35', 'project_name': 'tempest-TenantUsagesTestJSON-2039829133', 'tenant_id': 'a76074a3df20425b93bcef722024df35', 'tenant_name': 'tempest-TenantUsagesTestJSON-2039829133', 'user_domain_id': 'default', 'user_domain_name': 'Default', 'user_id': 'a92f7a4e346f406ca428e3f9c29ec35e', 'system': None}, Network: None, Subnet: None, Router: None
2025-02-15 20:46:12.765 62642 INFO tempest.lib.common.dynamic_creds [-] Created isolated network resources for: credentials: Credentials: {'domain_id': 'default', 'domain_name': 'Default', 'username': 'tempest-TenantUsagesTestJSON-2039829133-project-member', 'project_domain_id': 'default', 'project_domain_name': 'Default', 'project_id': 'a76074a3df20425b93bcef722024df35', 'project_name': 'tempest-TenantUsagesTestJSON-2039829133', 'tenant_id': 'a76074a3df20425b93bcef722024df35', 'tenant_name': 'tempest-TenantUsagesTestJSON-2039829133', 'user_domain_id': 'default', 'user_domain_name': 'Default', 'user_id': 'a92f7a4e346f406ca428e3f9c29ec35e', 'system': None}, Network: None, Subnet: None, Router: None
2025-02-15 20:46:12.816 62662 INFO tempest.lib.common.rest_client [req-9df3a949-73c9-4a5b-b98a-f1e39f423336 req-9df3a949-73c9-4a5b-b98a-f1e39f423336 ] Request (ServersAdminNegativeTestJSON:setUpClass): 200 GET http://10.180.1.21/compute/v2.1/servers/877dbdd0-9397-4cad-acc8-9cf80b6f480b 2.219s
2025-02-15 20:46:12.821 62684 INFO tempest.lib.common.rest_client [req-4362cf8e-b228-4e72-9d04-b6ded9643f71 req-4362cf8e-b228-4e72-9d04-b6ded9643f71 ] Request (ServerDiagnosticsTest:test_get_server_diagnostics): 202 POST http://10.180.1.21/compute/v2.1/servers 2.454s
2025-02-15 20:46:12.828 62634 INFO tempest.lib.common.rest_client [req-a8c42c39-f9a4-48d0-949b-375ca2632154 req-a8c42c39-f9a4-48d0-949b-375ca2632154 ] Request (HypervisorAdminV228Test:setUpClass): 201 POST http://10.180.1.21/identity/v3/projects 0.191s
2025-02-15 20:46:12.852 62632 INFO tempest.lib.common.rest_client [req-31c3abcc-e6fc-4706-9692-6098687b6abe req-31c3abcc-e6fc-4706-9692-6098687b6abe ] Request (QuotasSecurityGroupAdminNegativeTest:tearDownClass): 204 DELETE http://10.180.1.21:9696/networking/v2.0/security-groups/415086db-47ca-4fcf-ac8f-f6e155e91db4 0.758s
2025-02-15 20:46:12.917 62680 INFO tempest.lib.common.rest_client [req-7b211b2d-3003-47ab-bbd6-413f7e091598 req-7b211b2d-3003-47ab-bbd6-413f7e091598 ] Request (FlavorsAccessTestJSON:tearDownClass): 204 DELETE http://10.180.1.21:9696/networking/v2.0/security-groups/f13a3dbd-b4f2-4475-82bf-3ec621a8e5cc 0.620s
2025-02-15 20:46:12.927 62644 INFO tempest.lib.common.rest_client [req-30af3df1-0218-41c0-808a-a1f7945e57bb req-30af3df1-0218-41c0-808a-a1f7945e57bb ] Request (QuotasAdminTestV236:setUpClass): 201 POST http://10.180.1.21/identity/v3/users 0.232s
2025-02-15 20:46:12.937 62624 INFO tempest.lib.common.rest_client [req-17c74768-a0d0-4b9e-97a1-7840cf1bec91 req-17c74768-a0d0-4b9e-97a1-7840cf1bec91 ] Request (ServersAdmin275Test:test_rebuild_update_server_275): 200 GET http://10.180.1.21/compute/v2.1/servers/bdc392c0-6aee-40e8-9acb-0cee34a7ded5 2.256s
2025-02-15 20:46:12.937 62660 INFO tempest.lib.common.rest_client [req-e4e24099-f7d7-44a7-8ecc-a3bbe70287d0 req-e4e24099-f7d7-44a7-8ecc-a3bbe70287d0 ] Request (ListImageFiltersTestJSON:setUpClass): 204 PUT http://10.180.1.21/image/v2/images/db56ef07-9c95-4d1f-a75a-054ed6ac58a9/file 2.606s
2025-02-15 20:46:12.998 62638 INFO tempest.lib.common.rest_client [req-2524d475-8344-4c03-a9e7-378fb49245ad req-2524d475-8344-4c03-a9e7-378fb49245ad ] Request (HypervisorAdminNegativeTestJSON:tearDownClass): 204 DELETE http://10.180.1.21/identity/v3/projects/caa99a89ba8b4d308441c0428ecfea5e 0.324s
2025-02-15 20:46:12.999 62642 INFO tempest.lib.common.rest_client [req-4f74545e-3c6c-4a73-b4c0-55056eae0898 req-4f74545e-3c6c-4a73-b4c0-55056eae0898 ] Request (TenantUsagesTestJSON:setUpClass): 201 POST http://10.180.1.21/identity/v3/auth/tokens 0.230s
2025-02-15 20:46:13.025 62670 INFO tempest.lib.common.rest_client [req-31546200-cbb3-4a03-8156-00edbd47e659 req-31546200-cbb3-4a03-8156-00edbd47e659 ] Request (ValidationResourcesFixture:setUp): 201 POST http://10.180.1.21:9696/networking/v2.0/security-group-rules 0.404s
2025-02-15 20:46:13.058 62634 INFO tempest.lib.common.rest_client [req-654bc0d5-7917-45e2-b938-1671022f77b2 req-654bc0d5-7917-45e2-b938-1671022f77b2 ] Request (HypervisorAdminV228Test:setUpClass): 201 POST http://10.180.1.21/identity/v3/users 0.230s
2025-02-15 20:46:13.116 62632 INFO tempest.lib.common.rest_client [req-24a4fb4a-fb47-45e3-b685-4434a61ce9e7 req-24a4fb4a-fb47-45e3-b685-4434a61ce9e7 ] Request (QuotasSecurityGroupAdminNegativeTest:tearDownClass): 204 DELETE http://10.180.1.21/identity/v3/projects/0788389b31334301a66b355df5958b1f 0.263s
2025-02-15 20:46:13.116 62632 INFO tempest.lib.common.dynamic_creds [-] Deleting project and security group for project: 98592cee74074812b4ff5b4d99fcfc2c
2025-02-15 20:46:13.170 62644 INFO tempest.lib.common.rest_client [req-bcdbf36a-e882-4157-badc-2c9f8fd83ef7 req-bcdbf36a-e882-4157-badc-2c9f8fd83ef7 ] Request (QuotasAdminTestV236:setUpClass): 200 GET http://10.180.1.21/identity/v3/roles 0.242s
2025-02-15 20:46:13.177 62654 INFO tempest.lib.common.rest_client [req-e43c6095-fba6-424d-a53d-2f289715c597 req-e43c6095-fba6-424d-a53d-2f289715c597 ] Request (HostsAdminTestJSON:test_list_hosts): 200 GET http://10.180.1.21/compute/v2.1/os-hosts 2.320s
2025-02-15 20:46:13.220 62676 INFO tempest.lib.common.rest_client [req-01bba2e4-9ed3-4554-a0d5-8217b5deba25 req-01bba2e4-9ed3-4554-a0d5-8217b5deba25 ] Request (AbsoluteLimitsTestJSON:tearDownClass): 200 GET http://10.180.1.21:9696/networking/v2.0/security-groups?tenant_id=3984935ef12e470885d692284b0f2c4c&name=default 0.685s
2025-02-15 20:46:13.220 62680 INFO tempest.lib.common.rest_client [req-ff07ff6b-3eec-4801-9c7a-45cd3e2f8b0a req-ff07ff6b-3eec-4801-9c7a-45cd3e2f8b0a ] Request (FlavorsAccessTestJSON:tearDownClass): 204 DELETE http://10.180.1.21/identity/v3/projects/b97118fb1687421781151ad6d1965b48 0.303s
2025-02-15 20:46:13.220 62680 INFO tempest.lib.common.dynamic_creds [-] Deleting project and security group for project: 8a4127fae8ff4869bf08a462a52c7a5d
2025-02-15 20:46:13.225 62674 INFO tempest.lib.common.rest_client [req-4457991a-e406-4583-88ab-43c54984499b req-4457991a-e406-4583-88ab-43c54984499b ] Request (FlavorsExtraSpecsNegativeTestJSON:tearDownClass): 200 GET http://10.180.1.21:9696/networking/v2.0/security-groups?tenant_id=6d0a1764a37f466886ec1cebbb3d08c8&name=default 0.653s
2025-02-15 20:46:13.287 62642 INFO tempest.lib.common.rest_client [req-d4955a58-e7e5-45dd-8583-b7a17658b2b4 req-d4955a58-e7e5-45dd-8583-b7a17658b2b4 ] Request (TenantUsagesTestJSON:setUpClass): 201 POST http://10.180.1.21/identity/v3/projects 0.288s
