2025-02-15 20:47:21.524 62624 INFO tempest.lib.common.rest_client [req-dab8300d-9faa-431d-acd8-91e4b6231b4d req-dab8300d-9faa-431d-acd8-91e4b6231b4d ] Request (SecurityGroupRulesTestJSON:setUpClass): 201 POST http://10.180.1.21/identity/v3/auth/tokens 0.064s
2025-02-15 20:47:21.554 62624 INFO tempest.lib.common.rest_client [req-ebbf2e7b-ed88-4bf7-ac75-1033800d6cd0 req-ebbf2e7b-ed88-4bf7-ac75-1033800d6cd0 ] Request (SecurityGroupRulesTestJSON:setUpClass): 201 POST http://10.180.1.21/identity/v3/auth/tokens 0.027s
2025-02-15 20:47:21.559 62684 INFO tempest.lib.common.rest_client [req-6805727d-5b7a-4fcb-8fd4-5c78f2e828ae req-6805727d-5b7a-4fcb-8fd4-5c78f2e828ae ] Request (ListServersNegativeTestJSON:setUpClass): 200 GET http://10.180.1.21/compute/v2.1/servers/24eb8464-8e33-4a08-b792-a2da8ce72eb1 0.055s
2025-02-15 20:47:21.587 62624 INFO tempest.lib.common.rest_client [req-50445198-88d4-4725-bb14-0d37ad3a6469 req-50445198-88d4-4725-bb14-0d37ad3a6469 ] Request (SecurityGroupRulesTestJSON:setUpClass): 200 GET http://10.180.1.21/identity/v3/domains?name=Default 0.032s
2025-02-15 20:47:21.605 62680 INFO tempest.lib.common.rest_client [req-e937abb9-3eeb-4d78-a9fb-e2b374b406e1 req-e937abb9-3eeb-4d78-a9fb-e2b374b406e1 ] Request (InstanceActionsNegativeTestJSON:setUpClass): 200 GET http://10.180.1.21/compute/v2.1/servers/1cda51f6-3d8a-497d-bc6a-63cfb058dd29 0.052s
2025-02-15 20:47:21.620 62624 INFO tempest.lib.common.rest_client [req-e865e62f-da39-48ce-95b6-1cba95c722aa req-e865e62f-da39-48ce-95b6-1cba95c722aa ] Request (SecurityGroupRulesTestJSON:setUpClass): 201 POST http://10.180.1.21/identity/v3/projects 0.032s
2025-02-15 20:47:21.672 62630 INFO tempest.lib.common.rest_client [req-fd09270a-ca42-4868-b917-53c7206a246b req-fd09270a-ca42-4868-b917-53c7206a246b ] Request (ServersAdminTestJSON:setUpClass): 200 GET http://10.180.1.21/compute/v2.1/servers/fff316c1-2305-464b-8745-fabdb9636c46 0.054s
2025-02-15 20:47:21.687 62624 INFO tempest.lib.common.rest_client [req-b1e94e89-84a1-469a-a2db-8dee0780d0e4 req-b1e94e89-84a1-469a-a2db-8dee0780d0e4 ] Request (SecurityGroupRulesTestJSON:setUpClass): 201 POST http://10.180.1.21/identity/v3/users 0.067s
2025-02-15 20:47:21.707 62624 INFO tempest.lib.common.rest_client [req-4cf9cb65-ff84-4990-bca1-7a99b2255645 req-4cf9cb65-ff84-4990-bca1-7a99b2255645 ] Request (SecurityGroupRulesTestJSON:setUpClass): 200 GET http://10.180.1.21/identity/v3/roles 0.019s
2025-02-15 20:47:21.741 62638 INFO tempest.lib.common.rest_client [req-b7e4dfc2-9b4d-43cc-9f3c-3d889e87de66 req-b7e4dfc2-9b4d-43cc-9f3c-3d889e87de66 ] Request (MigrationsAdminTest:test_list_migrations_in_flavor_resize_situation): 200 GET http://10.180.1.21/compute/v2.1/servers/7e9c242a-875f-4f89-ab87-debf3dbf8e94 0.094s
2025-02-15 20:47:21.743 62624 INFO tempest.lib.common.rest_client [req-cf25d9be-b931-4158-8850-3d1cd80b70fd req-cf25d9be-b931-4158-8850-3d1cd80b70fd ] Request (SecurityGroupRulesTestJSON:setUpClass): 204 PUT http://10.180.1.21/identity/v3/projects/522da0497892456095449b3bba608843/users/c00499e604e748b09aff2df9fcc89ac3/roles/a739241b1e114803a62905ae887be52c 0.031s
2025-02-15 20:47:21.743 62624 INFO tempest.lib.common.dynamic_creds [-] Dynamic test user c00499e604e748b09aff2df9fcc89ac3 is created with scope project and roles: ['member']
2025-02-15 20:47:21.743 62624 INFO tempest.lib.common.dynamic_creds [-] Acquired dynamic creds: credentials: Credentials: {'domain_id': 'default', 'domain_name': 'Default', 'username': 'tempest-SecurityGroupRulesTestJSON-1966842373-project-member', 'project_domain_id': 'default', 'project_domain_name': 'Default', 'project_id': '522da0497892456095449b3bba608843', 'project_name': 'tempest-SecurityGroupRulesTestJSON-1966842373', 'tenant_id': '522da0497892456095449b3bba608843', 'tenant_name': 'tempest-SecurityGroupRulesTestJSON-1966842373', 'user_domain_id': 'default', 'user_domain_name': 'Default', 'user_id': 'c00499e604e748b09aff2df9fcc89ac3', 'system': None}, Network: None, Subnet: None, Router: None
2025-02-15 20:47:21.827 62644 INFO tempest.lib.common.rest_client [req-113ed19e-98ce-4bf7-8eb0-38bde38a3e54 req-113ed19e-98ce-4bf7-8eb0-38bde38a3e54 ] Request (ServersNegativeTestMultiTenantJSON:setUpClass): 200 GET http://10.180.1.21/compute/v2.1/servers/989393f1-81d2-4f60-9c51-3f97e7cd873a 0.058s
2025-02-15 20:47:21.827 62624 INFO tempest.lib.common.rest_client [req-f221936d-2007-471a-b85d-2688545ca948 req-f221936d-2007-471a-b85d-2688545ca948 ] Request (SecurityGroupRulesTestJSON:setUpClass): 201 POST http://10.180.1.21/identity/v3/auth/tokens 0.084s
2025-02-15 20:47:21.834 62636 INFO tempest.lib.common.rest_client [req-f3160105-06b9-4b2a-9b50-7748779b3300 req-f3160105-06b9-4b2a-9b50-7748779b3300 ] Request (DeleteServersAdminTestJSON:test_delete_server_while_in_error_state): 200 GET http://10.180.1.21/compute/v2.1/servers/1475032b-244f-4a11-922e-eefbd0671a3e 0.088s
2025-02-15 20:47:21.903 62658 INFO tempest.lib.common.rest_client [req-4f130c7e-fb8d-4031-8db0-ef865410dfb3 req-4f130c7e-fb8d-4031-8db0-ef865410dfb3 ] Request (ServerMetadataTestJSON:setUpClass): 200 GET http://10.180.1.21/compute/v2.1/servers/bb8a1b93-9f2d-4f01-a592-b2a9b25f0bc4 0.064s
2025-02-15 20:47:21.983 62654 INFO tempest.lib.common.rest_client [req-8700357a-cfdf-4899-ad98-fc83be81e50d req-8700357a-cfdf-4899-ad98-fc83be81e50d ] Request (ServerRescueTestJSON:setUpClass): 200 GET http://10.180.1.21/compute/v2.1/servers/e9c0e6d1-e66c-44b7-b6a0-a8294a2a8ec8 0.072s
2025-02-15 20:47:22.069 62648 INFO tempest.lib.common.rest_client [req-c37b83ca-0d6d-41dc-8d41-5bbad47e502e req-c37b83ca-0d6d-41dc-8d41-5bbad47e502e ] Request (ServerDiagnosticsNegativeTest:test_get_server_diagnostics_by_non_admin): 200 GET http://10.180.1.21/compute/v2.1/servers/31934154-68a2-41a5-8c23-b95738eaeb70 0.075s
2025-02-15 20:47:22.094 62672 INFO tempest.lib.common.rest_client [req-4f0dae41-0908-4cef-979c-a9fddcfe1347 req-4f0dae41-0908-4cef-979c-a9fddcfe1347 ] Request (ServersTestBootFromVolume:setUpClass): 200 GET http://10.180.1.21/compute/v2.1/servers/ca83463c-d6ee-480f-b113-d05e977a6016 0.250s
2025-02-15 20:47:22.184 62666 INFO tempest.lib.common.rest_client [req-e2625937-ab97-46c5-ab51-8d8ef5c8925b req-e2625937-ab97-46c5-ab51-8d8ef5c8925b ] Request (ImagesOneServerNegativeTestJSON:setUpClass): 200 GET http://10.180.1.21/compute/v2.1/servers/47a52f8f-4ba1-477c-a6a7-7dc4b3a3d575 0.059s
2025-02-15 20:47:22.270 62642 INFO tempest.lib.common.rest_client [req-3ee7a49b-f7f1-476b-9e4c-b65add4d6e62 req-3ee7a49b-f7f1-476b-9e4c-b65add4d6e62 ] Request (TenantUsagesTestJSON:tearDownClass): 200 GET http://10.180.1.21/compute/v2.1/servers/341e67b6-2eb8-47c3-b5a7-c52f48da66fd 0.072s
2025-02-15 20:47:22.304 62628 INFO tempest.lib.common.rest_client [req-022c8108-5652-4928-a99e-a64f415cbcca req-022c8108-5652-4928-a99e-a64f415cbcca ] Request (ServerRescueTestJSONUnderV235:setUpClass): 200 GET http://10.180.1.21/compute/v2.1/servers/b9a359d8-bdde-488f-b5e2-360ebd9660fb 0.254s
2025-02-15 20:47:22.306 62624 INFO tempest.lib.common.rest_client [req-4916eb38-e908-433e-ad46-223fc70fbdb6 req-4916eb38-e908-433e-ad46-223fc70fbdb6 ] Request (SecurityGroupRulesTestJSON:setUpClass): 201 POST http://10.180.1.21:9696/networking/v2.0/networks 0.479s
2025-02-15 20:47:22.369 62632 INFO tempest.lib.common.rest_client [req-73e9d002-0c1f-479a-81fb-a5e2cddeb1fc req-73e9d002-0c1f-479a-81fb-a5e2cddeb1fc ] Request (ServerActionsV293TestJSON:setUpClass): 200 GET http://10.180.1.21/compute/v2.1/servers/7a0b066b-4028-47bb-891d-685f99d039a8 0.105s
2025-02-15 20:47:22.438 62626 INFO tempest.lib.common.rest_client [req-d6a202b6-17a6-477a-a803-3611134b3c66 req-d6a202b6-17a6-477a-a803-3611134b3c66 ] Request (InstanceActionsV221TestJSON:test_get_list_deleted_instance_actions): 200 GET http://10.180.1.21/compute/v2.1/servers/91ad0ae9-cd0d-4d43-9f47-5a6f1135fcd4 0.172s
2025-02-15 20:47:22.456 62662 INFO tempest.lib.common.rest_client [req-bbee65db-a2e8-4618-87f6-4f444be681fc req-bbee65db-a2e8-4618-87f6-4f444be681fc ] Request (ServersAdminNegativeTestJSON:tearDownClass): 200 GET http://10.180.1.21/compute/v2.1/servers/e6257ca8-a26c-4b46-acc6-e3a7b3a9ed7b 0.252s
2025-02-15 20:47:22.478 62624 INFO tempest.lib.common.rest_client [req-99a5ccf7-9265-4aa5-b231-325673aa04c9 req-99a5ccf7-9265-4aa5-b231-325673aa04c9 ] Request (SecurityGroupRulesTestJSON:setUpClass): 201 POST http://10.180.1.21:9696/networking/v2.0/subnets 0.171s
2025-02-15 20:47:22.514 62646 INFO tempest.lib.common.rest_client [req-867e2168-4b14-41db-87a9-fce5364ad88b req-867e2168-4b14-41db-87a9-fce5364ad88b ] Request (FloatingIPsAssociationNegativeTestJSON:tearDownClass): 200 GET http://10.180.1.21/compute/v2.1/servers/a7e173c9-7834-47e2-b469-2250fd138316 0.188s
2025-02-15 20:47:22.548 62622 INFO tempest.lib.common.rest_client [req-f381190f-d3f7-47b5-bd1d-f9681f77c4d0 req-f381190f-d3f7-47b5-bd1d-f9681f77c4d0 ] Request (ServerTagsTestJSON:setUpClass): 200 PUT http://10.180.1.21:9696/networking/v2.0/routers/17aec7cb-9bde-42dd-95b7-cbf2d906b71e/add_router_interface 1.261s
2025-02-15 20:47:22.548 62622 INFO tempest.lib.common.dynamic_creds [-] Created isolated network resources for: credentials: Credentials: {'domain_id': 'default', 'domain_name': 'Default', 'username': 'tempest-ServerTagsTestJSON-341133614-project-member', 'project_domain_id': 'default', 'project_domain_name': 'Default', 'project_id': '4e595d1e80cf428790ceafb2a721a999', 'project_name': 'tempest-ServerTagsTestJSON-341133614', 'tenant_id': '4e595d1e80cf428790ceafb2a721a999', 'tenant_name': 'tempest-ServerTagsTestJSON-341133614', 'user_domain_id': 'default', 'user_domain_name': 'Default', 'user_id': '198197abc8444df9a21e6688cb80d5e5', 'system': None}, Network: {'id': '10f60b79-875d-4fe6-9072-492a38ea4fa1', 'name': 'tempest-ServerTagsTestJSON-1159104617-network', 'tenant_id': '4e595d1e80cf428790ceafb2a721a999', 'admin_state_up': True, 'mtu': 8950, 'status': 'ACTIVE', 'subnets': [], 'shared': False, 'project_id': '4e595d1e80cf428790ceafb2a721a999', 'port_security_enabled': True, 'router:external': False, 'provider:network_type': 'vlan', 'provider:physical_network': 'default', 'provider:segmentation_id': 30, 'availability_zone_hints': [], 'availability_zones': [], 'ipv4_address_scope': None, 'ipv6_address_scope': None, 'description': '', 'tags': [], 'created_at': '2025-02-15T20:47:19Z', 'updated_at': '2025-02-15T20:47:19Z', 'revision_number': 1}, Subnet: {'id': 'a4597238-0d68-4e1b-91e0-cc7c983c963a', 'name': 'tempest-ServerTagsTestJSON-1159104617-subnet', 'tenant_id': '4e595d1e80cf428790ceafb2a721a999', 'network_id': '10f60b79-875d-4fe6-9072-492a38ea4fa1', 'ip_version': 4, 'subnetpool_id': None, 'enable_dhcp': True, 'ipv6_ra_mode': None, 'ipv6_address_mode': None, 'gateway_ip': '192.168.128.1', 'cidr': '192.168.128.0/28', 'allocation_pools': [{'start': '192.168.128.2', 'end': '192.168.128.14'}], 'host_routes': [], 'dns_nameservers': [], 'description': '', 'router:external': False, 'service_types': [], 'tags': [], 'created_at': '2025-02-15T20:47:19Z', 'updated_at': '2025-02-15T20:47:19Z', 'revision_number': 0, 'project_id': '4e595d1e80cf428790ceafb2a721a999'}, Router: {'id': '17aec7cb-9bde-42dd-95b7-cbf2d906b71e', 'name': 'tempest-ServerTagsTestJSON-1159104617-router', 'tenant_id': '4e595d1e80cf428790ceafb2a721a999', 'admin_state_up': True, 'status': 'ACTIVE', 'external_gateway_info': {'network_id': '7978922f-f930-4e61-b95d-e5ef7595513e', 'external_fixed_ips': [{'subnet_id': '80a48171-a972-478d-a0c7-8729ecdad03e', 'ip_address': '10.180.180.188'}], 'enable_snat': True}, 'description': '', 'availability_zones': [], 'distributed': False, 'ha': False, 'availability_zone_hints': [], 'routes': [], 'flavor_id': None, 'tags': [], 'created_at': '2025-02-15T20:47:19Z', 'updated_at': '2025-02-15T20:47:20Z', 'revision_number': 2, 'project_id': '4e595d1e80cf428790ceafb2a721a999'}
2025-02-15 20:47:22.580 62634 INFO tempest.lib.common.rest_client [req-6f91d00a-5327-457b-9475-976e6bad10eb req-6f91d00a-5327-457b-9475-976e6bad10eb ] Request (MultipleCreateTestJSON:test_multiple_create): 200 GET http://10.180.1.21/compute/v2.1/servers/50244b23-8fa5-4b5a-9df7-7c5df8fdb00d 0.137s
2025-02-15 20:47:22.595 62660 INFO tempest.lib.common.rest_client [req-dbca7ea9-22d9-4992-ba3c-5fe10577a5b5 req-dbca7ea9-22d9-4992-ba3c-5fe10577a5b5 ] Request (ListImageFiltersTestJSON:tearDownClass): 200 GET http://10.180.1.21/compute/v2.1/servers/bd6ed587-1425-4f8b-b89b-6577f3b68605 0.139s
2025-02-15 20:47:22.632 62622 INFO tempest.lib.common.rest_client [req-2eeed3df-81c6-404e-964e-195a871fd402 req-2eeed3df-81c6-404e-964e-195a871fd402 ] Request (ServerTagsTestJSON:setUpClass): 201 POST http://10.180.1.21/identity/v3/auth/tokens 0.080s
2025-02-15 20:47:22.650 62668 INFO tempest.lib.common.rest_client [req-dd5ed9f2-a9e2-4b5e-ab5d-7362037c67b6 req-dd5ed9f2-a9e2-4b5e-ab5d-7362037c67b6 ] Request (ImagesTestJSON:test_create_image_from_stopped_server): 200 GET http://10.180.1.21/compute/v2.1/servers/d1de1100-83f4-43e8-a4c9-46ede08a7ed0 0.153s
2025-02-15 20:47:22.678 62622 INFO tempest.lib.common.rest_client [req-f0bc7d2f-d9d3-46b9-bee2-0d693ddc6bb2 req-f0bc7d2f-d9d3-46b9-bee2-0d693ddc6bb2 ] Request (ServerTagsTestJSON:setUpClass): 201 POST http://10.180.1.21/identity/v3/auth/tokens 0.033s
2025-02-15 20:47:22.679 62622 INFO tempest.lib.common.fixed_network [-] (ServerTagsTestJSON:setUpClass) Found network {'id': '10f60b79-875d-4fe6-9072-492a38ea4fa1', 'name': 'tempest-ServerTagsTestJSON-1159104617-network', 'tenant_id': '4e595d1e80cf428790ceafb2a721a999', 'admin_state_up': True, 'mtu': 8950, 'status': 'ACTIVE', 'subnets': [], 'shared': False, 'project_id': '4e595d1e80cf428790ceafb2a721a999', 'port_security_enabled': True, 'router:external': False, 'provider:network_type': 'vlan', 'provider:physical_network': 'default', 'provider:segmentation_id': 30, 'availability_zone_hints': [], 'availability_zones': [], 'ipv4_address_scope': None, 'ipv6_address_scope': None, 'description': '', 'tags': [], 'created_at': '2025-02-15T20:47:19Z', 'updated_at': '2025-02-15T20:47:19Z', 'revision_number': 1} available for tenant
2025-02-15 20:47:22.701 62684 INFO tempest.lib.common.rest_client [req-e3830f06-f244-4062-b5a8-c3287b795115 req-e3830f06-f244-4062-b5a8-c3287b795115 ] Request (ListServersNegativeTestJSON:setUpClass): 200 GET http://10.180.1.21/compute/v2.1/servers/24eb8464-8e33-4a08-b792-a2da8ce72eb1 0.128s
2025-02-15 20:47:22.760 62680 INFO tempest.lib.common.rest_client [req-6d678fe7-be1f-4655-9750-4b62dc75a51f req-6d678fe7-be1f-4655-9750-4b62dc75a51f ] Request (InstanceActionsNegativeTestJSON:setUpClass): 200 GET http://10.180.1.21/compute/v2.1/servers/1cda51f6-3d8a-497d-bc6a-63cfb058dd29 0.146s
2025-02-15 20:47:22.918 62682 INFO tempest.lib.common.rest_client [req-4210fee6-34ca-4ac2-ac99-1c1471656ae8 req-4210fee6-34ca-4ac2-ac99-1c1471656ae8 ] Request (AttachInterfacesV270Test:tearDownClass): 200 GET http://10.180.1.21/compute/v2.1/servers/7c637115-8590-4e15-8500-dc04e7cfc21a 0.399s
2025-02-15 20:47:22.991 62630 INFO tempest.lib.common.rest_client [req-3130685d-3d42-43a2-8824-2355c13257fb req-3130685d-3d42-43a2-8824-2355c13257fb ] Request (ServersAdminTestJSON:setUpClass): 200 GET http://10.180.1.21/compute/v2.1/servers/fff316c1-2305-464b-8745-fabdb9636c46 0.309s
2025-02-15 20:47:23.165 62638 INFO tempest.lib.common.rest_client [req-fb452eb1-5db8-4a53-a727-35cbed6c21b5 req-fb452eb1-5db8-4a53-a727-35cbed6c21b5 ] Request (MigrationsAdminTest:test_list_migrations_in_flavor_resize_situation): 200 GET http://10.180.1.21/compute/v2.1/servers/7e9c242a-875f-4f89-ab87-debf3dbf8e94 0.413s
2025-02-15 20:47:23.165 62622 INFO tempest.lib.common.rest_client [req-bb1540e8-1b89-4325-867c-d57b45f4c476 req-bb1540e8-1b89-4325-867c-d57b45f4c476 ] Request (ServerTagsTestJSON:setUpClass): 202 POST http://10.180.1.21/compute/v2.1/servers 0.486s
2025-02-15 20:47:23.218 62644 INFO tempest.lib.common.rest_client [req-d7a954b1-b252-4216-af71-8c134bfc8ce3 req-d7a954b1-b252-4216-af71-8c134bfc8ce3 ] Request (ServersNegativeTestMultiTenantJSON:setUpClass): 200 GET http://10.180.1.21/compute/v2.1/servers/989393f1-81d2-4f60-9c51-3f97e7cd873a 0.383s
2025-02-15 20:47:23.238 62636 INFO tempest.lib.common.rest_client [req-1a446b61-983b-447e-9e77-f719253f688c req-1a446b61-983b-447e-9e77-f719253f688c ] Request (DeleteServersAdminTestJSON:test_delete_server_while_in_error_state): 200 GET http://10.180.1.21/compute/v2.1/servers/1475032b-244f-4a11-922e-eefbd0671a3e 0.396s
2025-02-15 20:47:23.291 62658 INFO tempest.lib.common.rest_client [req-d6a07f7a-9b2d-48c5-8c14-7109c83a53d8 req-d6a07f7a-9b2d-48c5-8c14-7109c83a53d8 ] Request (ServerMetadataTestJSON:setUpClass): 200 GET http://10.180.1.21/compute/v2.1/servers/bb8a1b93-9f2d-4f01-a592-b2a9b25f0bc4 0.379s
2025-02-15 20:47:23.304 62654 INFO tempest.lib.common.rest_client [req-e41c5aad-0613-4840-9bb5-30f4ed022de8 req-e41c5aad-0613-4840-9bb5-30f4ed022de8 ] Request (ServerRescueTestJSON:setUpClass): 200 GET http://10.180.1.21/compute/v2.1/servers/e9c0e6d1-e66c-44b7-b6a0-a8294a2a8ec8 0.310s
2025-02-15 20:47:23.341 62648 INFO tempest.lib.common.rest_client [req-2b52f101-238e-4a1c-ade3-1c36af07e4c5 req-2b52f101-238e-4a1c-ade3-1c36af07e4c5 ] Request (ServerDiagnosticsNegativeTest:test_get_server_diagnostics_by_non_admin): 200 GET http://10.180.1.21/compute/v2.1/servers/31934154-68a2-41a5-8c23-b95738eaeb70 0.263s
2025-02-15 20:47:23.368 62672 INFO tempest.lib.common.rest_client [req-351926b1-57da-464f-90f2-90adb1683904 req-351926b1-57da-464f-90f2-90adb1683904 ] Request (ServersTestBootFromVolume:setUpClass): 200 GET http://10.180.1.21/compute/v2.1/servers/ca83463c-d6ee-480f-b113-d05e977a6016 0.263s
2025-02-15 20:47:23.379 62622 INFO tempest.lib.common.rest_client [req-f9a1b874-75fb-414c-83cd-5f6bdf5952f9 req-f9a1b874-75fb-414c-83cd-5f6bdf5952f9 ] Request (ServerTagsTestJSON:setUpClass): 200 GET http://10.180.1.21/compute/v2.1/servers/6ad36b88-b945-44ed-972b-f41fa416645b 0.212s
2025-02-15 20:47:23.392 62640 WARNING tempest.lib.common.ssh [-] Failed to establish authenticated ssh connection to cirros@10.180.180.250 ([Errno None] Unable to connect to port 22 on 10.180.180.250). Number attempts: 1. Retry after 2 seconds.: paramiko.ssh_exception.NoValidConnectionsError: [Errno None] Unable to connect to port 22 on 10.180.180.250
2025-02-15 20:47:23.421 62666 INFO tempest.lib.common.rest_client [req-c3889ee8-15c7-4872-b334-2a334f9cd467 req-c3889ee8-15c7-4872-b334-2a334f9cd467 ] Request (ImagesOneServerNegativeTestJSON:setUpClass): 200 GET http://10.180.1.21/compute/v2.1/servers/47a52f8f-4ba1-477c-a6a7-7dc4b3a3d575 0.224s
2025-02-15 20:47:23.433 62642 INFO tempest.lib.common.rest_client [req-3a90b7e3-3e52-4fdf-9f1a-c06fbca06416 req-3a90b7e3-3e52-4fdf-9f1a-c06fbca06416 ] Request (TenantUsagesTestJSON:tearDownClass): 200 GET http://10.180.1.21/compute/v2.1/servers/341e67b6-2eb8-47c3-b5a7-c52f48da66fd 0.149s
2025-02-15 20:47:23.493 62632 INFO tempest.lib.common.rest_client [req-95b29e53-23da-4a7d-a0ef-6ca77a1936fd req-95b29e53-23da-4a7d-a0ef-6ca77a1936fd ] Request (ServerActionsV293TestJSON:setUpClass): 200 GET http://10.180.1.21/compute/v2.1/servers/7a0b066b-4028-47bb-891d-685f99d039a8 0.110s
2025-02-15 20:47:23.540 62626 INFO tempest.lib.common.rest_client [req-92662e3c-38df-42c4-9efd-e3cd2a502604 req-92662e3c-38df-42c4-9efd-e3cd2a502604 ] Request (InstanceActionsV221TestJSON:test_get_list_deleted_instance_actions): 200 GET http://10.180.1.21/compute/v2.1/servers/91ad0ae9-cd0d-4d43-9f47-5a6f1135fcd4 0.090s
2025-02-15 20:47:23.543 62628 INFO tempest.lib.common.rest_client [req-8c8ea6be-9bb5-4dae-9f2e-179ef615c9e4 req-8c8ea6be-9bb5-4dae-9f2e-179ef615c9e4 ] Request (ServerRescueTestJSONUnderV235:setUpClass): 200 GET http://10.180.1.21/compute/v2.1/servers/b9a359d8-bdde-488f-b5e2-360ebd9660fb 0.230s
2025-02-15 20:47:23.584 62662 INFO tempest.lib.common.rest_client [req-93d0ae57-3e88-4b36-a90b-c54569370b3f req-93d0ae57-3e88-4b36-a90b-c54569370b3f ] Request (ServersAdminNegativeTestJSON:tearDownClass): 200 GET http://10.180.1.21/compute/v2.1/servers/e6257ca8-a26c-4b46-acc6-e3a7b3a9ed7b 0.119s
2025-02-15 20:47:23.603 62646 INFO tempest.lib.common.rest_client [req-4c43bf94-f71d-492e-8a31-e742693f0d19 req-4c43bf94-f71d-492e-8a31-e742693f0d19 ] Request (FloatingIPsAssociationNegativeTestJSON:tearDownClass): 200 GET http://10.180.1.21/compute/v2.1/servers/a7e173c9-7834-47e2-b469-2250fd138316 0.078s
2025-02-15 20:47:23.675 62660 INFO tempest.lib.common.rest_client [req-4bfbc24b-3e2e-4b1e-82c4-2a487cbb329c req-4bfbc24b-3e2e-4b1e-82c4-2a487cbb329c ] Request (ListImageFiltersTestJSON:tearDownClass): 200 GET http://10.180.1.21/compute/v2.1/servers/bd6ed587-1425-4f8b-b89b-6577f3b68605 0.072s
2025-02-15 20:47:23.682 62634 INFO tempest.lib.common.rest_client [req-d1e001a2-080c-451c-b367-3881cf7c0131 req-d1e001a2-080c-451c-b367-3881cf7c0131 ] Request (MultipleCreateTestJSON:test_multiple_create): 200 GET http://10.180.1.21/compute/v2.1/servers/50244b23-8fa5-4b5a-9df7-7c5df8fdb00d 0.088s
2025-02-15 20:47:23.689 62634 INFO tempest.common.waiters [-] State transition "BUILD/spawning" ==> "ACTIVE/None" after 45 second wait
2025-02-15 20:47:23.707 62624 INFO tempest.lib.common.rest_client [req-7c190786-7ceb-40fb-bb1e-89f31d6e3d63 req-7c190786-7ceb-40fb-bb1e-89f31d6e3d63 ] Request (SecurityGroupRulesTestJSON:setUpClass): 201 POST http://10.180.1.21:9696/networking/v2.0/routers 1.228s
2025-02-15 20:47:23.746 62668 INFO tempest.lib.common.rest_client [req-ac3a4717-8cb3-411f-a791-4e9bbaa99392 req-ac3a4717-8cb3-411f-a791-4e9bbaa99392 ] Request (ImagesTestJSON:test_create_image_from_stopped_server): 200 GET http://10.180.1.21/compute/v2.1/servers/d1de1100-83f4-43e8-a4c9-46ede08a7ed0 0.085s
2025-02-15 20:47:23.821 62684 INFO tempest.lib.common.rest_client [req-c3cd8cd4-2e7b-4950-bfb0-e880bd6d4f53 req-c3cd8cd4-2e7b-4950-bfb0-e880bd6d4f53 ] Request (ListServersNegativeTestJSON:setUpClass): 200 GET http://10.180.1.21/compute/v2.1/servers/24eb8464-8e33-4a08-b792-a2da8ce72eb1 0.106s
2025-02-15 20:47:23.832 62634 INFO tempest.lib.common.rest_client [req-5c073d6e-9aea-4ea7-af6c-fd1022a9ff45 req-5c073d6e-9aea-4ea7-af6c-fd1022a9ff45 ] Request (MultipleCreateTestJSON:test_multiple_create): 200 GET http://10.180.1.21/compute/v2.1/servers/ed8d7f2a-231e-4ffe-b839-4074821619fc 0.142s
2025-02-15 20:47:23.883 62680 INFO tempest.lib.common.rest_client [req-8f3ea27c-eaf1-4fbd-b00b-2f5cbf98f059 req-8f3ea27c-eaf1-4fbd-b00b-2f5cbf98f059 ] Request (InstanceActionsNegativeTestJSON:setUpClass): 200 GET http://10.180.1.21/compute/v2.1/servers/1cda51f6-3d8a-497d-bc6a-63cfb058dd29 0.109s
2025-02-15 20:47:24.009 62682 INFO tempest.lib.common.rest_client [req-600d626a-60e5-4ca3-8e40-ee2904d95015 req-600d626a-60e5-4ca3-8e40-ee2904d95015 ] Request (AttachInterfacesV270Test:tearDownClass): 200 GET http://10.180.1.21/compute/v2.1/servers/7c637115-8590-4e15-8500-dc04e7cfc21a 0.077s
2025-02-15 20:47:24.060 62630 INFO tempest.lib.common.rest_client [req-56753e63-fb1c-4517-95b3-deaf6350f025 req-56753e63-fb1c-4517-95b3-deaf6350f025 ] Request (ServersAdminTestJSON:setUpClass): 200 GET http://10.180.1.21/compute/v2.1/servers/fff316c1-2305-464b-8745-fabdb9636c46 0.061s
2025-02-15 20:47:24.271 62638 INFO tempest.lib.common.rest_client [req-8e3e9469-94e5-48a5-8c0e-aef7e1104088 req-8e3e9469-94e5-48a5-8c0e-aef7e1104088 ] Request (MigrationsAdminTest:test_list_migrations_in_flavor_resize_situation): 200 GET http://10.180.1.21/compute/v2.1/servers/7e9c242a-875f-4f89-ab87-debf3dbf8e94 0.093s
2025-02-15 20:47:24.286 62644 INFO tempest.lib.common.rest_client [req-fd32ac1d-cf86-410e-ac62-788d9db0038d req-fd32ac1d-cf86-410e-ac62-788d9db0038d ] Request (ServersNegativeTestMultiTenantJSON:setUpClass): 200 GET http://10.180.1.21/compute/v2.1/servers/989393f1-81d2-4f60-9c51-3f97e7cd873a 0.057s
2025-02-15 20:47:24.325 62636 INFO tempest.lib.common.rest_client [req-e87ae60d-9d21-45ac-937a-0c0e296f34f6 req-e87ae60d-9d21-45ac-937a-0c0e296f34f6 ] Request (DeleteServersAdminTestJSON:test_delete_server_while_in_error_state): 200 GET http://10.180.1.21/compute/v2.1/servers/1475032b-244f-4a11-922e-eefbd0671a3e 0.077s
2025-02-15 20:47:24.338 62636 INFO tempest.common.waiters [-] State transition "BUILD/None" ==> "BUILD/networking" after 42 second wait
2025-02-15 20:47:24.368 62658 INFO tempest.lib.common.rest_client [req-e6bc564f-fe2c-4e04-9298-00c7097acf31 req-e6bc564f-fe2c-4e04-9298-00c7097acf31 ] Request (ServerMetadataTestJSON:setUpClass): 200 GET http://10.180.1.21/compute/v2.1/servers/bb8a1b93-9f2d-4f01-a592-b2a9b25f0bc4 0.068s
2025-02-15 20:47:24.388 62654 INFO tempest.lib.common.rest_client [req-15d01f53-37ab-4708-91e3-aab789237267 req-15d01f53-37ab-4708-91e3-aab789237267 ] Request (ServerRescueTestJSON:setUpClass): 200 GET http://10.180.1.21/compute/v2.1/servers/e9c0e6d1-e66c-44b7-b6a0-a8294a2a8ec8 0.073s
2025-02-15 20:47:24.440 62648 INFO tempest.lib.common.rest_client [req-542b395c-c11f-4849-a869-9e3ca725654b req-542b395c-c11f-4849-a869-9e3ca725654b ] Request (ServerDiagnosticsNegativeTest:test_get_server_diagnostics_by_non_admin): 200 GET http://10.180.1.21/compute/v2.1/servers/31934154-68a2-41a5-8c23-b95738eaeb70 0.087s
2025-02-15 20:47:24.458 62672 INFO tempest.lib.common.rest_client [req-6249e874-b20b-4c1a-8ef2-623b56161288 req-6249e874-b20b-4c1a-8ef2-623b56161288 ] Request (ServersTestBootFromVolume:setUpClass): 200 GET http://10.180.1.21/compute/v2.1/servers/ca83463c-d6ee-480f-b113-d05e977a6016 0.080s
2025-02-15 20:47:24.522 62666 INFO tempest.lib.common.rest_client [req-aaaef28f-2449-4a7a-aa80-b4ae0225ef39 req-aaaef28f-2449-4a7a-aa80-b4ae0225ef39 ] Request (ImagesOneServerNegativeTestJSON:setUpClass): 200 GET http://10.180.1.21/compute/v2.1/servers/47a52f8f-4ba1-477c-a6a7-7dc4b3a3d575 0.091s
2025-02-15 20:47:24.531 62622 INFO tempest.lib.common.rest_client [req-d494faf5-cc13-430e-a081-e04aa95274f1 req-d494faf5-cc13-430e-a081-e04aa95274f1 ] Request (ServerTagsTestJSON:setUpClass): 200 GET http://10.180.1.21/compute/v2.1/servers/6ad36b88-b945-44ed-972b-f41fa416645b 0.142s
2025-02-15 20:47:24.585 62642 INFO tempest.lib.common.rest_client [req-ffb95775-3ddf-4485-92f9-623e4231a15d req-ffb95775-3ddf-4485-92f9-623e4231a15d ] Request (TenantUsagesTestJSON:tearDownClass): 200 GET http://10.180.1.21/compute/v2.1/servers/341e67b6-2eb8-47c3-b5a7-c52f48da66fd 0.143s
2025-02-15 20:47:24.604 62632 INFO tempest.lib.common.rest_client [req-944afd5c-295d-42d3-9bea-88f196f05352 req-944afd5c-295d-42d3-9bea-88f196f05352 ] Request (ServerActionsV293TestJSON:setUpClass): 200 GET http://10.180.1.21/compute/v2.1/servers/7a0b066b-4028-47bb-891d-685f99d039a8 0.096s
2025-02-15 20:47:24.637 62626 INFO tempest.lib.common.rest_client [req-cd771e50-456e-470d-81ee-a608ac77b3b6 req-cd771e50-456e-470d-81ee-a608ac77b3b6 ] Request (InstanceActionsV221TestJSON:test_get_list_deleted_instance_actions): 200 GET http://10.180.1.21/compute/v2.1/servers/91ad0ae9-cd0d-4d43-9f47-5a6f1135fcd4 0.087s
2025-02-15 20:47:24.725 62662 INFO tempest.lib.common.rest_client [req-88821848-8dca-4c0d-ba3b-d3a0abbb0038 req-88821848-8dca-4c0d-ba3b-d3a0abbb0038 ] Request (ServersAdminNegativeTestJSON:tearDownClass): 200 GET http://10.180.1.21/compute/v2.1/servers/e6257ca8-a26c-4b46-acc6-e3a7b3a9ed7b 0.133s
2025-02-15 20:47:24.734 62662 INFO tempest.common.waiters [-] State transition "SUSPENDED/deleting" ==> "DELETED/None" after 3 second wait
2025-02-15 20:47:24.756 62628 INFO tempest.lib.common.rest_client [req-089c1ecd-ba24-42ef-bde6-9c44c994ad9b req-089c1ecd-ba24-42ef-bde6-9c44c994ad9b ] Request (ServerRescueTestJSONUnderV235:setUpClass): 200 GET http://10.180.1.21/compute/v2.1/servers/b9a359d8-bdde-488f-b5e2-360ebd9660fb 0.204s
2025-02-15 20:47:24.797 62646 INFO tempest.lib.common.rest_client [req-5b8d5563-4330-4987-8d07-72bee8228b1a req-5b8d5563-4330-4987-8d07-72bee8228b1a ] Request (FloatingIPsAssociationNegativeTestJSON:tearDownClass): 200 GET http://10.180.1.21/compute/v2.1/servers/a7e173c9-7834-47e2-b469-2250fd138316 0.186s
2025-02-15 20:47:24.845 62660 INFO tempest.lib.common.rest_client [req-bdecce74-55a0-49d8-93c0-e517c5aace74 req-bdecce74-55a0-49d8-93c0-e517c5aace74 ] Request (ListImageFiltersTestJSON:tearDownClass): 200 GET http://10.180.1.21/compute/v2.1/servers/bd6ed587-1425-4f8b-b89b-6577f3b68605 0.151s
2025-02-15 20:47:24.857 62668 INFO tempest.lib.common.rest_client [req-52de1beb-c16f-489d-a060-67420fca68da req-52de1beb-c16f-489d-a060-67420fca68da ] Request (ImagesTestJSON:test_create_image_from_stopped_server): 200 GET http://10.180.1.21/compute/v2.1/servers/d1de1100-83f4-43e8-a4c9-46ede08a7ed0 0.095s
2025-02-15 20:47:24.923 62684 INFO tempest.lib.common.rest_client [req-bf92332e-cec3-4a99-bc94-cbb2ff223223 req-bf92332e-cec3-4a99-bc94-cbb2ff223223 ] Request (ListServersNegativeTestJSON:setUpClass): 200 GET http://10.180.1.21/compute/v2.1/servers/24eb8464-8e33-4a08-b792-a2da8ce72eb1 0.092s
2025-02-15 20:47:24.981 62634 INFO tempest.lib.common.rest_client [req-5dfe9058-20c2-4434-b920-d7c014719a8d req-5dfe9058-20c2-4434-b920-d7c014719a8d ] Request (MultipleCreateTestJSON:test_multiple_create): 200 GET http://10.180.1.21/compute/v2.1/servers/ed8d7f2a-231e-4ffe-b839-4074821619fc 0.138s
2025-02-15 20:47:25.006 62680 INFO tempest.lib.common.rest_client [req-56ee514a-fe01-4abe-b1e6-fec57caf1d2b req-56ee514a-fe01-4abe-b1e6-fec57caf1d2b ] Request (InstanceActionsNegativeTestJSON:setUpClass): 200 GET http://10.180.1.21/compute/v2.1/servers/1cda51f6-3d8a-497d-bc6a-63cfb058dd29 0.115s
2025-02-15 20:47:25.059 62624 INFO tempest.lib.common.rest_client [req-fa4308d3-306a-421d-885c-aaa9af23e963 req-fa4308d3-306a-421d-885c-aaa9af23e963 ] Request (SecurityGroupRulesTestJSON:setUpClass): 200 PUT http://10.180.1.21:9696/networking/v2.0/routers/9f90db6b-985a-49fc-ac76-6a1283f5f85e/add_router_interface 1.351s
2025-02-15 20:47:25.060 62624 INFO tempest.lib.common.dynamic_creds [-] Created isolated network resources for: credentials: Credentials: {'domain_id': 'default', 'domain_name': 'Default', 'username': 'tempest-SecurityGroupRulesTestJSON-1966842373-project-member', 'project_domain_id': 'default', 'project_domain_name': 'Default', 'project_id': '522da0497892456095449b3bba608843', 'project_name': 'tempest-SecurityGroupRulesTestJSON-1966842373', 'tenant_id': '522da0497892456095449b3bba608843', 'tenant_name': 'tempest-SecurityGroupRulesTestJSON-1966842373', 'user_domain_id': 'default', 'user_domain_name': 'Default', 'user_id': 'c00499e604e748b09aff2df9fcc89ac3', 'system': None}, Network: {'id': '48404230-b884-4007-93f6-483090d6f068', 'name': 'tempest-SecurityGroupRulesTestJSON-5825262-network', 'tenant_id': '522da0497892456095449b3bba608843', 'admin_state_up': True, 'mtu': 8950, 'status': 'ACTIVE', 'subnets': [], 'shared': False, 'project_id': '522da0497892456095449b3bba608843', 'port_security_enabled': True, 'router:external': False, 'provider:network_type': 'vlan', 'provider:physical_network': 'default', 'provider:segmentation_id': 963, 'availability_zone_hints': [], 'availability_zones': [], 'ipv4_address_scope': None, 'ipv6_address_scope': None, 'description': '', 'tags': [], 'created_at': '2025-02-15T20:47:22Z', 'updated_at': '2025-02-15T20:47:22Z', 'revision_number': 1}, Subnet: {'id': '9f29d1ea-3945-44a2-aeff-35188e11694f', 'name': 'tempest-SecurityGroupRulesTestJSON-5825262-subnet', 'tenant_id': '522da0497892456095449b3bba608843', 'network_id': '48404230-b884-4007-93f6-483090d6f068', 'ip_version': 4, 'subnetpool_id': None, 'enable_dhcp': True, 'ipv6_ra_mode': None, 'ipv6_address_mode': None, 'gateway_ip': '192.168.128.1', 'cidr': '192.168.128.0/28', 'allocation_pools': [{'start': '192.168.128.2', 'end': '192.168.128.14'}], 'host_routes': [], 'dns_nameservers': [], 'description': '', 'router:external': False, 'service_types': [], 'tags': [], 'created_at': '2025-02-15T20:47:22Z', 'updated_at': '2025-02-15T20:47:22Z', 'revision_number': 0, 'project_id': '522da0497892456095449b3bba608843'}, Router: {'id': '9f90db6b-985a-49fc-ac76-6a1283f5f85e', 'name': 'tempest-SecurityGroupRulesTestJSON-5825262-router', 'tenant_id': '522da0497892456095449b3bba608843', 'admin_state_up': True, 'status': 'ACTIVE', 'external_gateway_info': {'network_id': '7978922f-f930-4e61-b95d-e5ef7595513e', 'external_fixed_ips': [{'subnet_id': '80a48171-a972-478d-a0c7-8729ecdad03e', 'ip_address': '10.180.180.219'}], 'enable_snat': True}, 'description': '', 'availability_zones': [], 'distributed': False, 'ha': False, 'availability_zone_hints': [], 'routes': [], 'flavor_id': None, 'tags': [], 'created_at': '2025-02-15T20:47:22Z', 'updated_at': '2025-02-15T20:47:23Z', 'revision_number': 2, 'project_id': '522da0497892456095449b3bba608843'}
2025-02-15 20:47:25.096 62682 INFO tempest.lib.common.rest_client [req-4fe60f68-6ef2-45cf-94c8-b101a3ed6652 req-4fe60f68-6ef2-45cf-94c8-b101a3ed6652 ] Request (AttachInterfacesV270Test:tearDownClass): 200 GET http://10.180.1.21/compute/v2.1/servers/7c637115-8590-4e15-8500-dc04e7cfc21a 0.076s
2025-02-15 20:47:25.121 62630 INFO tempest.lib.common.rest_client [req-1abb52e6-008a-4531-b6e6-15a4cf72b778 req-1abb52e6-008a-4531-b6e6-15a4cf72b778 ] Request (ServersAdminTestJSON:setUpClass): 200 GET http://10.180.1.21/compute/v2.1/servers/fff316c1-2305-464b-8745-fabdb9636c46 0.054s
2025-02-15 20:47:25.157 62624 INFO tempest.lib.common.rest_client [req-bfad78cf-3bb5-4e04-90ab-cad6cab0023d req-bfad78cf-3bb5-4e04-90ab-cad6cab0023d ] Request (SecurityGroupRulesTestJSON:setUpClass): 201 POST http://10.180.1.21/identity/v3/auth/tokens 0.094s
2025-02-15 20:47:25.300 62624 INFO tempest.lib.common.rest_client [req-7e52bb41-cb11-412a-8eb9-a9a8a4a00de1 req-7e52bb41-cb11-412a-8eb9-a9a8a4a00de1 ] Request (SecurityGroupRulesTestJSON:test_security_group_rules_create): 200 POST http://10.180.1.21/compute/v2.1/os-security-groups 0.142s
2025-02-15 20:47:25.358 62644 INFO tempest.lib.common.rest_client [req-ec041b20-1b51-40f7-97ee-a7a16ddc8389 req-ec041b20-1b51-40f7-97ee-a7a16ddc8389 ] Request (ServersNegativeTestMultiTenantJSON:setUpClass): 200 GET http://10.180.1.21/compute/v2.1/servers/989393f1-81d2-4f60-9c51-3f97e7cd873a 0.064s
2025-02-15 20:47:25.398 62638 INFO tempest.lib.common.rest_client [req-c8e5b4e2-16a8-44d7-9f3b-c17502ce29da req-c8e5b4e2-16a8-44d7-9f3b-c17502ce29da ] Request (MigrationsAdminTest:test_list_migrations_in_flavor_resize_situation): 200 GET http://10.180.1.21/compute/v2.1/servers/7e9c242a-875f-4f89-ab87-debf3dbf8e94 0.112s
2025-02-15 20:47:25.486 62624 INFO tempest.lib.common.rest_client [req-3b5e285e-30d9-4677-a920-b839c7a778c2 req-3b5e285e-30d9-4677-a920-b839c7a778c2 ] Request (SecurityGroupRulesTestJSON:test_security_group_rules_create): 200 POST http://10.180.1.21/compute/v2.1/os-security-group-rules 0.179s
2025-02-15 20:47:25.514 62636 INFO tempest.lib.common.rest_client [req-338061ab-32c9-4439-a1f1-7dbc4b9ea119 req-338061ab-32c9-4439-a1f1-7dbc4b9ea119 ] Request (DeleteServersAdminTestJSON:test_delete_server_while_in_error_state): 200 GET http://10.180.1.21/compute/v2.1/servers/1475032b-244f-4a11-922e-eefbd0671a3e 0.175s
2025-02-15 20:47:25.522 62636 INFO tempest.common.waiters [-] State transition "BUILD/networking" ==> "BUILD/spawning" after 43 second wait
2025-02-15 20:47:25.547 62658 INFO tempest.lib.common.rest_client [req-7cf983d3-4b6d-4448-9300-ca2b6175b4b3 req-7cf983d3-4b6d-4448-9300-ca2b6175b4b3 ] Request (ServerMetadataTestJSON:setUpClass): 200 GET http://10.180.1.21/compute/v2.1/servers/bb8a1b93-9f2d-4f01-a592-b2a9b25f0bc4 0.168s
2025-02-15 20:47:25.573 62654 INFO tempest.lib.common.rest_client [req-ae0574d0-a7f7-46a6-b45b-a18dc3db85a1 req-ae0574d0-a7f7-46a6-b45b-a18dc3db85a1 ] Request (ServerRescueTestJSON:setUpClass): 200 GET http://10.180.1.21/compute/v2.1/servers/e9c0e6d1-e66c-44b7-b6a0-a8294a2a8ec8 0.176s
2025-02-15 20:47:25.599 62648 INFO tempest.lib.common.rest_client [req-111985c9-e305-49f4-a5be-66ca1ad47ed6 req-111985c9-e305-49f4-a5be-66ca1ad47ed6 ] Request (ServerDiagnosticsNegativeTest:test_get_server_diagnostics_by_non_admin): 200 GET http://10.180.1.21/compute/v2.1/servers/31934154-68a2-41a5-8c23-b95738eaeb70 0.140s
2025-02-15 20:47:25.624 62672 INFO tempest.lib.common.rest_client [req-3eb11879-248e-46e2-8182-c103a686af36 req-3eb11879-248e-46e2-8182-c103a686af36 ] Request (ServersTestBootFromVolume:setUpClass): 200 GET http://10.180.1.21/compute/v2.1/servers/ca83463c-d6ee-480f-b113-d05e977a6016 0.157s
2025-02-15 20:47:25.672 62666 INFO tempest.lib.common.rest_client [req-921bd41c-878d-49e7-9e83-8f27af5aeb37 req-921bd41c-878d-49e7-9e83-8f27af5aeb37 ] Request (ImagesOneServerNegativeTestJSON:setUpClass): 200 GET http://10.180.1.21/compute/v2.1/servers/47a52f8f-4ba1-477c-a6a7-7dc4b3a3d575 0.138s
2025-02-15 20:47:25.680 62666 INFO tempest.common.waiters [-] State transition "BUILD/scheduling" ==> "BUILD/None" after 26 second wait
2025-02-15 20:47:25.696 62624 INFO tempest.lib.common.rest_client [req-1aad6837-0ef8-4f05-b6b7-1e8f572c0284 req-1aad6837-0ef8-4f05-b6b7-1e8f572c0284 ] Request (SecurityGroupRulesTestJSON:test_security_group_rules_create_with_optional_cidr): 200 POST http://10.180.1.21/compute/v2.1/os-security-groups 0.202s
2025-02-15 20:47:25.724 62622 INFO tempest.lib.common.rest_client [req-e1611edb-6753-4b17-83aa-6435195329fd req-e1611edb-6753-4b17-83aa-6435195329fd ] Request (ServerTagsTestJSON:setUpClass): 200 GET http://10.180.1.21/compute/v2.1/servers/6ad36b88-b945-44ed-972b-f41fa416645b 0.183s
2025-02-15 20:47:25.749 62679 WARNING tempest.lib.common.ssh [-] Failed to establish authenticated ssh connection to cirros@10.180.180.182 ([Errno None] Unable to connect to port 22 on 10.180.180.182). Number attempts: 7. Retry after 8 seconds.: paramiko.ssh_exception.NoValidConnectionsError: [Errno None] Unable to connect to port 22 on 10.180.180.182
2025-02-15 20:47:25.749 62652 WARNING tempest.lib.common.ssh [-] Failed to establish authenticated ssh connection to cirros@10.180.180.227 ([Errno None] Unable to connect to port 22 on 10.180.180.227). Number attempts: 3. Retry after 4 seconds.: paramiko.ssh_exception.NoValidConnectionsError: [Errno None] Unable to connect to port 22 on 10.180.180.227
2025-02-15 20:47:25.767 62642 INFO tempest.lib.common.rest_client [req-c687afbc-14cc-4a2b-babc-80840448d6b0 req-c687afbc-14cc-4a2b-babc-80840448d6b0 ] Request (TenantUsagesTestJSON:tearDownClass): 200 GET http://10.180.1.21/compute/v2.1/servers/341e67b6-2eb8-47c3-b5a7-c52f48da66fd 0.174s
2025-02-15 20:47:25.790 62632 INFO tempest.lib.common.rest_client [req-cc21a7c4-1eef-4b27-b085-0d6370debaf0 req-cc21a7c4-1eef-4b27-b085-0d6370debaf0 ] Request (ServerActionsV293TestJSON:setUpClass): 200 GET http://10.180.1.21/compute/v2.1/servers/7a0b066b-4028-47bb-891d-685f99d039a8 0.176s
2025-02-15 20:47:25.832 62626 INFO tempest.lib.common.rest_client [req-58fef194-ee3d-426b-afca-76575a7a6cd1 req-58fef194-ee3d-426b-afca-76575a7a6cd1 ] Request (InstanceActionsV221TestJSON:test_get_list_deleted_instance_actions): 200 GET http://10.180.1.21/compute/v2.1/servers/91ad0ae9-cd0d-4d43-9f47-5a6f1135fcd4 0.186s
2025-02-15 20:47:25.904 62662 INFO tempest.lib.common.rest_client [req-5436decc-9cfb-4ae6-b491-0de6edd606f5 req-5436decc-9cfb-4ae6-b491-0de6edd606f5 ] Request (ServersAdminNegativeTestJSON:tearDownClass): 200 GET http://10.180.1.21/compute/v2.1/servers/e6257ca8-a26c-4b46-acc6-e3a7b3a9ed7b 0.168s
2025-02-15 20:47:25.918 62624 INFO tempest.lib.common.rest_client [req-ad91708c-4867-44f6-a88b-4f2f4bdc3ff6 req-ad91708c-4867-44f6-a88b-4f2f4bdc3ff6 ] Request (SecurityGroupRulesTestJSON:test_security_group_rules_create_with_optional_cidr): 200 POST http://10.180.1.21/compute/v2.1/os-security-group-rules 0.220s
2025-02-15 20:47:25.999 62646 INFO tempest.lib.common.rest_client [req-8616483c-ba3b-49cf-91ed-0845749d002f req-8616483c-ba3b-49cf-91ed-0845749d002f ] Request (FloatingIPsAssociationNegativeTestJSON:tearDownClass): 200 GET http://10.180.1.21/compute/v2.1/servers/a7e173c9-7834-47e2-b469-2250fd138316 0.189s
2025-02-15 20:47:26.056 62628 INFO tempest.lib.common.rest_client [req-648e9b84-76ce-45dd-881b-040c0e23d9c8 req-648e9b84-76ce-45dd-881b-040c0e23d9c8 ] Request (ServerRescueTestJSONUnderV235:setUpClass): 200 GET http://10.180.1.21/compute/v2.1/servers/b9a359d8-bdde-488f-b5e2-360ebd9660fb 0.290s
2025-02-15 20:47:26.069 62660 INFO tempest.lib.common.rest_client [req-f7cebdbf-3bed-4b9e-a51d-28bff9197a15 req-f7cebdbf-3bed-4b9e-a51d-28bff9197a15 ] Request (ListImageFiltersTestJSON:tearDownClass): 200 GET http://10.180.1.21/compute/v2.1/servers/bd6ed587-1425-4f8b-b89b-6577f3b68605 0.213s
2025-02-15 20:47:26.112 62668 INFO tempest.lib.common.rest_client [req-72e8b436-e5e9-494b-a36a-ea7d59e5afcb req-72e8b436-e5e9-494b-a36a-ea7d59e5afcb ] Request (ImagesTestJSON:test_create_image_from_stopped_server): 200 GET http://10.180.1.21/compute/v2.1/servers/d1de1100-83f4-43e8-a4c9-46ede08a7ed0 0.246s
2025-02-15 20:47:26.172 62624 INFO tempest.lib.common.rest_client [req-91fd6269-1f03-4c08-baad-4c205c8b7194 req-91fd6269-1f03-4c08-baad-4c205c8b7194 ] Request (SecurityGroupRulesTestJSON:test_security_group_rules_create_with_optional_group_id): 200 POST http://10.180.1.21/compute/v2.1/os-security-groups 0.249s
2025-02-15 20:47:26.182 62684 INFO tempest.lib.common.rest_client [req-f8989262-3f1d-4995-99c6-773989a069b0 req-f8989262-3f1d-4995-99c6-773989a069b0 ] Request (ListServersNegativeTestJSON:setUpClass): 200 GET http://10.180.1.21/compute/v2.1/servers/24eb8464-8e33-4a08-b792-a2da8ce72eb1 0.244s
2025-02-15 20:47:26.251 62680 INFO tempest.lib.common.rest_client [req-fcf6bcb1-8087-4b42-b703-6a684eca9825 req-fcf6bcb1-8087-4b42-b703-6a684eca9825 ] Request (InstanceActionsNegativeTestJSON:setUpClass): 200 GET http://10.180.1.21/compute/v2.1/servers/1cda51f6-3d8a-497d-bc6a-63cfb058dd29 0.235s
2025-02-15 20:47:26.291 62634 INFO tempest.lib.common.rest_client [req-772abf85-fe70-4a7a-8748-27f85c9280ee req-772abf85-fe70-4a7a-8748-27f85c9280ee ] Request (MultipleCreateTestJSON:test_multiple_create): 200 GET http://10.180.1.21/compute/v2.1/servers/ed8d7f2a-231e-4ffe-b839-4074821619fc 0.302s
2025-02-15 20:47:26.311 62682 INFO tempest.lib.common.rest_client [req-009e1660-7028-4b52-a00e-db192bfdb2f8 req-009e1660-7028-4b52-a00e-db192bfdb2f8 ] Request (AttachInterfacesV270Test:tearDownClass): 200 GET http://10.180.1.21/compute/v2.1/servers/7c637115-8590-4e15-8500-dc04e7cfc21a 0.197s
2025-02-15 20:47:26.341 62630 INFO tempest.lib.common.rest_client [req-3e2f3a41-4d4c-40e1-b7e9-c30d4020097a req-3e2f3a41-4d4c-40e1-b7e9-c30d4020097a ] Request (ServersAdminTestJSON:setUpClass): 200 GET http://10.180.1.21/compute/v2.1/servers/fff316c1-2305-464b-8745-fabdb9636c46 0.212s
2025-02-15 20:47:26.403 62624 INFO tempest.lib.common.rest_client [req-d37d0da7-579a-4380-af0e-f5ff7d0cff1b req-d37d0da7-579a-4380-af0e-f5ff7d0cff1b ] Request (SecurityGroupRulesTestJSON:test_security_group_rules_create_with_optional_group_id): 200 POST http://10.180.1.21/compute/v2.1/os-security-groups 0.227s
2025-02-15 20:47:26.428 62644 INFO tempest.lib.common.rest_client [req-9d310a68-3364-40dd-91bf-74261b4039a0 req-9d310a68-3364-40dd-91bf-74261b4039a0 ] Request (ServersNegativeTestMultiTenantJSON:setUpClass): 200 GET http://10.180.1.21/compute/v2.1/servers/989393f1-81d2-4f60-9c51-3f97e7cd873a 0.059s
2025-02-15 20:47:26.452 62640 WARNING tempest.lib.common.ssh [-] Failed to establish authenticated ssh connection to cirros@10.180.180.250 ([Errno None] Unable to connect to port 22 on 10.180.180.250). Number attempts: 2. Retry after 3 seconds.: paramiko.ssh_exception.NoValidConnectionsError: [Errno None] Unable to connect to port 22 on 10.180.180.250
2025-02-15 20:47:26.551 62624 INFO tempest.lib.common.rest_client [req-6f899876-fd46-447f-97c1-11301ff0643b req-6f899876-fd46-447f-97c1-11301ff0643b ] Request (SecurityGroupRulesTestJSON:test_security_group_rules_create_with_optional_group_id): 200 POST http://10.180.1.21/compute/v2.1/os-security-group-rules 0.145s
2025-02-15 20:47:26.553 62624 WARNING tempest.lib.common.rest_client [-] Deprecated: "tenant_id" property is deprecated for removal, use "project_id" instead
2025-02-15 20:47:26.589 62638 INFO tempest.lib.common.rest_client [req-1ea9c37e-770e-497a-8d68-dd54cfc35d16 req-1ea9c37e-770e-497a-8d68-dd54cfc35d16 ] Request (MigrationsAdminTest:test_list_migrations_in_flavor_resize_situation): 200 GET http://10.180.1.21/compute/v2.1/servers/7e9c242a-875f-4f89-ab87-debf3dbf8e94 0.177s
2025-02-15 20:47:26.645 62658 INFO tempest.lib.common.rest_client [req-a1cbc894-a1c1-48dd-b831-f1b7b73743bb req-a1cbc894-a1c1-48dd-b831-f1b7b73743bb ] Request (ServerMetadataTestJSON:setUpClass): 200 GET http://10.180.1.21/compute/v2.1/servers/bb8a1b93-9f2d-4f01-a592-b2a9b25f0bc4 0.090s
2025-02-15 20:47:26.666 62636 INFO tempest.lib.common.rest_client [req-9d5073f4-ad48-4418-85fb-4c7b1ff98924 req-9d5073f4-ad48-4418-85fb-4c7b1ff98924 ] Request (DeleteServersAdminTestJSON:test_delete_server_while_in_error_state): 200 GET http://10.180.1.21/compute/v2.1/servers/1475032b-244f-4a11-922e-eefbd0671a3e 0.143s
2025-02-15 20:47:26.714 62654 INFO tempest.lib.common.rest_client [req-ec001964-90a0-4012-b135-50b206f0963b req-ec001964-90a0-4012-b135-50b206f0963b ] Request (ServerRescueTestJSON:setUpClass): 200 GET http://10.180.1.21/compute/v2.1/servers/e9c0e6d1-e66c-44b7-b6a0-a8294a2a8ec8 0.132s
2025-02-15 20:47:26.776 62648 INFO tempest.lib.common.rest_client [req-5dbae349-03a7-475e-9b04-426af1126801 req-5dbae349-03a7-475e-9b04-426af1126801 ] Request (ServerDiagnosticsNegativeTest:test_get_server_diagnostics_by_non_admin): 200 GET http://10.180.1.21/compute/v2.1/servers/31934154-68a2-41a5-8c23-b95738eaeb70 0.167s
2025-02-15 20:47:26.777 62624 INFO tempest.lib.common.rest_client [req-c14909b9-81d3-481c-bc0d-007a3a175b09 req-c14909b9-81d3-481c-bc0d-007a3a175b09 ] Request (SecurityGroupRulesTestJSON:test_security_group_rules_delete_when_peer_group_deleted): 200 POST http://10.180.1.21/compute/v2.1/os-security-groups 0.223s
2025-02-15 20:47:26.829 62672 INFO tempest.lib.common.rest_client [req-123e79b9-67c4-42ae-adf0-1c10d73ec40d req-123e79b9-67c4-42ae-adf0-1c10d73ec40d ] Request (ServersTestBootFromVolume:setUpClass): 200 GET http://10.180.1.21/compute/v2.1/servers/ca83463c-d6ee-480f-b113-d05e977a6016 0.196s
2025-02-15 20:47:26.830 62666 INFO tempest.lib.common.rest_client [req-cc280d85-ab1e-4b41-9bc4-163e55e9adee req-cc280d85-ab1e-4b41-9bc4-163e55e9adee ] Request (ImagesOneServerNegativeTestJSON:setUpClass): 200 GET http://10.180.1.21/compute/v2.1/servers/47a52f8f-4ba1-477c-a6a7-7dc4b3a3d575 0.149s
2025-02-15 20:47:26.893 62642 INFO tempest.lib.common.rest_client [req-155f58ed-5c9f-4bce-a5df-e0ec12835e59 req-155f58ed-5c9f-4bce-a5df-e0ec12835e59 ] Request (TenantUsagesTestJSON:tearDownClass): 200 GET http://10.180.1.21/compute/v2.1/servers/341e67b6-2eb8-47c3-b5a7-c52f48da66fd 0.116s
2025-02-15 20:47:26.904 62622 INFO tempest.lib.common.rest_client [req-31c20e45-3492-477e-acd7-cec6288503a7 req-31c20e45-3492-477e-acd7-cec6288503a7 ] Request (ServerTagsTestJSON:setUpClass): 200 GET http://10.180.1.21/compute/v2.1/servers/6ad36b88-b945-44ed-972b-f41fa416645b 0.169s
2025-02-15 20:47:26.954 62632 INFO tempest.lib.common.rest_client [req-10eb48a8-777a-4127-9662-656ca034f17d req-10eb48a8-777a-4127-9662-656ca034f17d ] Request (ServerActionsV293TestJSON:setUpClass): 200 GET http://10.180.1.21/compute/v2.1/servers/7a0b066b-4028-47bb-891d-685f99d039a8 0.147s
2025-02-15 20:47:27.000 62626 INFO tempest.lib.common.rest_client [req-816f5154-28da-4094-ab90-824a82f6ff81 req-816f5154-28da-4094-ab90-824a82f6ff81 ] Request (InstanceActionsV221TestJSON:test_get_list_deleted_instance_actions): 200 GET http://10.180.1.21/compute/v2.1/servers/91ad0ae9-cd0d-4d43-9f47-5a6f1135fcd4 0.154s
2025-02-15 20:47:27.001 62624 INFO tempest.lib.common.rest_client [req-03ac2a22-6684-4467-80d5-2312f046d66b req-03ac2a22-6684-4467-80d5-2312f046d66b ] Request (SecurityGroupRulesTestJSON:test_security_group_rules_delete_when_peer_group_deleted): 200 POST http://10.180.1.21/compute/v2.1/os-security-groups 0.220s
2025-02-15 20:47:27.051 62662 INFO tempest.lib.common.rest_client [req-29ddb338-96ec-4f1f-83ec-9c8d57cd0ce8 req-29ddb338-96ec-4f1f-83ec-9c8d57cd0ce8 ] Request (ServersAdminNegativeTestJSON:tearDownClass): 200 GET http://10.180.1.21/compute/v2.1/servers/e6257ca8-a26c-4b46-acc6-e3a7b3a9ed7b 0.136s
2025-02-15 20:47:27.110 62646 INFO tempest.lib.common.rest_client [req-2e527c81-e542-430d-9ed1-b92992481e5d req-2e527c81-e542-430d-9ed1-b92992481e5d ] Request (FloatingIPsAssociationNegativeTestJSON:tearDownClass): 200 GET http://10.180.1.21/compute/v2.1/servers/a7e173c9-7834-47e2-b469-2250fd138316 0.102s
2025-02-15 20:47:27.202 62628 INFO tempest.lib.common.rest_client [req-2a59e3aa-d86a-4a8b-ba6d-5ce46b7d1cd0 req-2a59e3aa-d86a-4a8b-ba6d-5ce46b7d1cd0 ] Request (ServerRescueTestJSONUnderV235:setUpClass): 200 GET http://10.180.1.21/compute/v2.1/servers/b9a359d8-bdde-488f-b5e2-360ebd9660fb 0.138s
2025-02-15 20:47:27.231 62624 INFO tempest.lib.common.rest_client [req-aa4c0c62-ae48-42a6-b572-3de269267d8d req-aa4c0c62-ae48-42a6-b572-3de269267d8d ] Request (SecurityGroupRulesTestJSON:test_security_group_rules_delete_when_peer_group_deleted): 200 POST http://10.180.1.21/compute/v2.1/os-security-group-rules 0.227s
2025-02-15 20:47:27.262 62660 INFO tempest.lib.common.rest_client [req-1767f594-ee2d-4dc4-8726-39f6c9aa788f req-1767f594-ee2d-4dc4-8726-39f6c9aa788f ] Request (ListImageFiltersTestJSON:tearDownClass): 200 GET http://10.180.1.21/compute/v2.1/servers/bd6ed587-1425-4f8b-b89b-6577f3b68605 0.184s
2025-02-15 20:47:27.298 62668 INFO tempest.lib.common.rest_client [req-efb38394-fdbc-405a-a9c9-47ba9fbc42be req-efb38394-fdbc-405a-a9c9-47ba9fbc42be ] Request (ImagesTestJSON:test_create_image_from_stopped_server): 200 GET http://10.180.1.21/compute/v2.1/servers/d1de1100-83f4-43e8-a4c9-46ede08a7ed0 0.179s
2025-02-15 20:47:27.308 62668 INFO tempest.common.waiters [-] State transition "BUILD/None" ==> "BUILD/networking" after 39 second wait
