2025-02-15 20:46:48.356 62626 INFO tempest.lib.common.rest_client [req-f43706ef-0b27-42d9-ac88-e9bc2c883985 req-f43706ef-0b27-42d9-ac88-e9bc2c883985 ] Request (FlavorsAdminTestJSON:test_list_non_public_flavor): 200 POST http://10.180.1.21/compute/v2.1/flavors 1.181s
2025-02-15 20:46:48.370 62656 INFO tempest.lib.common.rest_client [req-73a1f933-764b-4edd-94f5-56c5621d6eee req-73a1f933-764b-4edd-94f5-56c5621d6eee ] Request (VolumesAssistedSnapshotsTest:test_volume_assisted_snapshot_create_delete): 200 GET http://10.180.1.21/compute/v2.1/servers/544d3a11-8c1f-4a7a-8e6c-ff8715950d35/os-interface 1.452s
2025-02-15 20:46:48.405 62664 INFO tempest.lib.common.rest_client [req-df90d7b4-374a-4db9-88fb-c4e8ea192295 req-df90d7b4-374a-4db9-88fb-c4e8ea192295 ] Request (QuotasTestJSON:test_get_quotas): 200 GET http://10.180.1.21/compute/v2.1/os-quota-sets/c7a8a8d13dea4e4ea1abeb3cd82d26da?user_id=9030369f79184c7daadd4b010ab28b57 1.180s
2025-02-15 20:46:48.503 62670 INFO tempest.lib.common.rest_client [req-257a9b0e-e09b-4f6f-bd34-a17d2ab7abbd req-257a9b0e-e09b-4f6f-bd34-a17d2ab7abbd ] Request (ServersWithSpecificFlavorTestJSON:test_verify_created_server_ephemeral_disk): 200 GET http://10.180.1.21/compute/v2.1/servers/91b2eaca-3a17-446b-abe7-ff677db29514/os-interface 1.068s
2025-02-15 20:46:48.508 62632 INFO tempest.lib.common.rest_client [req-f06dc87d-8fed-4597-9d91-a292e7877c41 req-f06dc87d-8fed-4597-9d91-a292e7877c41 ] Request (ServerActionsV293TestJSON:setUpClass): 200 GET http://10.180.1.21/volume/v3/volumes/06c4c563-7340-4be1-9c90-ca812b009e69 0.034s
2025-02-15 20:46:48.557 62664 INFO tempest.lib.common.rest_client [req-aee2578b-e02c-4794-ae10-31c6ec945197 req-aee2578b-e02c-4794-ae10-31c6ec945197 ] Request (QuotasTestJSON:tearDownClass): 204 DELETE http://10.180.1.21/identity/v3/users/9030369f79184c7daadd4b010ab28b57 0.144s
2025-02-15 20:46:48.557 62664 INFO tempest.lib.common.dynamic_creds [-] Deleting project and security group for project: c7a8a8d13dea4e4ea1abeb3cd82d26da
2025-02-15 20:46:48.583 62622 INFO tempest.lib.common.rest_client [req-eb749e76-68a8-4913-9b16-4d3d5de9e22e req-eb749e76-68a8-4913-9b16-4d3d5de9e22e ] Request (ServerAddressesTestJSON:tearDownClass): 200 GET http://10.180.1.21/compute/v2.1/servers/f26ca09f-a9b1-4262-842e-cc77d036d33a 1.083s
2025-02-15 20:46:48.596 62622 INFO tempest.common.waiters [-] State transition "ACTIVE/deleting" ==> "DELETED/None" after 2 second wait
2025-02-15 20:46:48.615 62672 INFO tempest.lib.common.rest_client [req-372aab8d-4c3c-4f03-9db1-e8d7026ef529 req-372aab8d-4c3c-4f03-9db1-e8d7026ef529 ] Request (ServersTestBootFromVolume:setUpClass): 200 GET http://10.180.1.21/volume/v3/volumes/51726431-feac-4e53-9358-2dfaed86cc7d 0.024s
2025-02-15 20:46:48.631 62664 INFO tempest.lib.common.rest_client [req-061fa90c-7f1b-43b8-aaab-b151401d87e4 req-061fa90c-7f1b-43b8-aaab-b151401d87e4 ] Request (QuotasTestJSON:tearDownClass): 201 POST http://10.180.1.21/identity/v3/auth/tokens 0.074s
2025-02-15 20:46:48.658 62658 INFO tempest.lib.common.rest_client [req-2dfbec39-a01e-40f7-b2c9-b1cc90513212 req-2dfbec39-a01e-40f7-b2c9-b1cc90513212 ] Request (ServerAddressesNegativeTestJSON:tearDownClass): 200 GET http://10.180.1.21/compute/v2.1/servers/44f7dbb8-3c27-438b-bd41-9fc0e9c6329d 0.924s
2025-02-15 20:46:49.056 62680 INFO tempest.lib.common.rest_client [req-dee1d9c5-c77f-4c15-8d3b-4509d66266d8 req-dee1d9c5-c77f-4c15-8d3b-4509d66266d8 ] Request (InstanceActionsNegativeTestJSON:setUpClass): 202 POST http://10.180.1.21/compute/v2.1/servers 1.814s
2025-02-15 20:46:49.124 62654 INFO tempest.lib.common.rest_client [req-7faf27d7-aec9-4a84-b0e5-5579ac953532 req-7faf27d7-aec9-4a84-b0e5-5579ac953532 ] Request (ServerRescueTestJSON:setUpClass): 200 PUT http://10.180.1.21:9696/networking/v2.0/routers/768bbcd3-4dc0-428b-b814-1c03b1b2cb9c/add_router_interface 2.295s
2025-02-15 20:46:49.125 62654 INFO tempest.lib.common.dynamic_creds [-] Created isolated network resources for: credentials: Credentials: {'domain_id': 'default', 'domain_name': 'Default', 'username': 'tempest-ServerRescueTestJSON-169615453-project-member', 'project_domain_id': 'default', 'project_domain_name': 'Default', 'project_id': '0a675775d10147c0a13fafb1416f15e3', 'project_name': 'tempest-ServerRescueTestJSON-169615453', 'tenant_id': '0a675775d10147c0a13fafb1416f15e3', 'tenant_name': 'tempest-ServerRescueTestJSON-169615453', 'user_domain_id': 'default', 'user_domain_name': 'Default', 'user_id': '188a694feca44de19329161c762e335a', 'system': None}, Network: {'id': 'cc84f94e-3410-450f-80a2-ea34226f483b', 'name': 'tempest-ServerRescueTestJSON-1117267892-network', 'tenant_id': '0a675775d10147c0a13fafb1416f15e3', 'admin_state_up': True, 'mtu': 8950, 'status': 'ACTIVE', 'subnets': [], 'shared': False, 'project_id': '0a675775d10147c0a13fafb1416f15e3', 'port_security_enabled': True, 'router:external': False, 'provider:network_type': 'vlan', 'provider:physical_network': 'default', 'provider:segmentation_id': 432, 'availability_zone_hints': [], 'availability_zones': [], 'ipv4_address_scope': None, 'ipv6_address_scope': None, 'description': '', 'tags': [], 'created_at': '2025-02-15T20:46:44Z', 'updated_at': '2025-02-15T20:46:45Z', 'revision_number': 1}, Subnet: {'id': '6b3609b0-9ebe-4cf6-a1a4-6b40395db58d', 'name': 'tempest-ServerRescueTestJSON-1117267892-subnet', 'tenant_id': '0a675775d10147c0a13fafb1416f15e3', 'network_id': 'cc84f94e-3410-450f-80a2-ea34226f483b', 'ip_version': 4, 'subnetpool_id': None, 'enable_dhcp': False, 'ipv6_ra_mode': None, 'ipv6_address_mode': None, 'gateway_ip': '192.168.128.1', 'cidr': '192.168.128.0/28', 'allocation_pools': [{'start': '192.168.128.2', 'end': '192.168.128.14'}], 'host_routes': [], 'dns_nameservers': [], 'description': '', 'router:external': False, 'service_types': [], 'tags': [], 'created_at': '2025-02-15T20:46:45Z', 'updated_at': '2025-02-15T20:46:45Z', 'revision_number': 0, 'project_id': '0a675775d10147c0a13fafb1416f15e3'}, Router: {'id': '768bbcd3-4dc0-428b-b814-1c03b1b2cb9c', 'name': 'tempest-ServerRescueTestJSON-1117267892-router', 'tenant_id': '0a675775d10147c0a13fafb1416f15e3', 'admin_state_up': True, 'status': 'ACTIVE', 'external_gateway_info': {'network_id': '7978922f-f930-4e61-b95d-e5ef7595513e', 'external_fixed_ips': [{'subnet_id': '80a48171-a972-478d-a0c7-8729ecdad03e', 'ip_address': '10.180.180.137'}], 'enable_snat': True}, 'description': '', 'availability_zones': [], 'distributed': False, 'ha': False, 'availability_zone_hints': [], 'routes': [], 'flavor_id': None, 'tags': [], 'created_at': '2025-02-15T20:46:45Z', 'updated_at': '2025-02-15T20:46:46Z', 'revision_number': 2, 'project_id': '0a675775d10147c0a13fafb1416f15e3'}
2025-02-15 20:46:49.157 62648 INFO tempest.lib.common.rest_client [req-cdd17a30-9203-49d7-90d6-6ec077c060cb req-cdd17a30-9203-49d7-90d6-6ec077c060cb ] Request (ServerDiagnosticsNegativeTest:test_get_server_diagnostics_by_non_admin): 200 GET http://10.180.1.21/compute/v2.1/servers/31934154-68a2-41a5-8c23-b95738eaeb70 1.294s
2025-02-15 20:46:49.249 62654 INFO tempest.lib.common.rest_client [req-203cb3e0-eabe-4cbd-a17c-ea621ca4bb0c req-203cb3e0-eabe-4cbd-a17c-ea621ca4bb0c ] Request (ServerRescueTestJSON:setUpClass): 201 POST http://10.180.1.21/identity/v3/auth/tokens 0.120s
2025-02-15 20:46:49.274 62630 INFO tempest.lib.common.rest_client [req-a370b56f-bb2f-4227-9e4e-852c418aed0e req-a370b56f-bb2f-4227-9e4e-852c418aed0e ] Request (ServerExternalEventsTest:tearDownClass): 200 GET http://10.180.1.21/compute/v2.1/servers/e0f90512-56d7-4a9c-9b57-dea54f8b682f 1.382s
2025-02-15 20:46:49.295 62654 INFO tempest.lib.common.rest_client [req-78fd73cd-214e-4974-a6ec-61e62b4a7b21 req-78fd73cd-214e-4974-a6ec-61e62b4a7b21 ] Request (ServerRescueTestJSON:setUpClass): 201 POST http://10.180.1.21/identity/v3/auth/tokens 0.041s
2025-02-15 20:46:49.296 62654 INFO tempest.lib.common.fixed_network [-] (ServerRescueTestJSON:setUpClass) Found network {'id': 'cc84f94e-3410-450f-80a2-ea34226f483b', 'name': 'tempest-ServerRescueTestJSON-1117267892-network', 'tenant_id': '0a675775d10147c0a13fafb1416f15e3', 'admin_state_up': True, 'mtu': 8950, 'status': 'ACTIVE', 'subnets': [], 'shared': False, 'project_id': '0a675775d10147c0a13fafb1416f15e3', 'port_security_enabled': True, 'router:external': False, 'provider:network_type': 'vlan', 'provider:physical_network': 'default', 'provider:segmentation_id': 432, 'availability_zone_hints': [], 'availability_zones': [], 'ipv4_address_scope': None, 'ipv6_address_scope': None, 'description': '', 'tags': [], 'created_at': '2025-02-15T20:46:44Z', 'updated_at': '2025-02-15T20:46:45Z', 'revision_number': 1} available for tenant
2025-02-15 20:46:49.326 62664 INFO tempest.lib.common.rest_client [req-f7fa1196-04f7-4d77-a03f-70c1347a6bd5 req-f7fa1196-04f7-4d77-a03f-70c1347a6bd5 ] Request (QuotasTestJSON:tearDownClass): 200 GET http://10.180.1.21:9696/networking/v2.0/security-groups?tenant_id=c7a8a8d13dea4e4ea1abeb3cd82d26da&name=default 0.694s
2025-02-15 20:46:49.345 62652 INFO tempest.lib.common.rest_client [req-8417a4f0-6384-4734-a567-124e3c35fa2d req-8417a4f0-6384-4734-a567-124e3c35fa2d ] Request (ServerActionsTestOtherA:setUpClass): 200 GET http://10.180.1.21/compute/v2.1/servers/c51583ab-2881-42e3-b9e6-831afc6b6f49 1.349s
2025-02-15 20:46:49.355 62656 INFO tempest.lib.common.rest_client [req-8cc68ed5-9f84-4284-91c3-77530eecff99 req-8cc68ed5-9f84-4284-91c3-77530eecff99 ] Request (VolumesAssistedSnapshotsTest:test_volume_assisted_snapshot_create_delete): 200 PUT http://10.180.1.21:9696/networking/v2.0/floatingips/c4504d82-c9d4-43ee-82b9-559696badb05 0.981s
2025-02-15 20:46:49.358 62656 INFO tempest.lib.common.ssh [-] Creating ssh connection to '10.180.180.187:22' as 'cirros' with public key authentication
2025-02-15 20:46:49.396 62679 WARNING tempest.lib.common.ssh [-] Failed to establish authenticated ssh connection to cirros@10.180.180.182 ([Errno None] Unable to connect to port 22 on 10.180.180.182). Number attempts: 3. Retry after 4 seconds.: paramiko.ssh_exception.NoValidConnectionsError: [Errno None] Unable to connect to port 22 on 10.180.180.182
2025-02-15 20:46:49.410 62634 INFO tempest.lib.common.rest_client [req-01e20ddd-e0f3-4c85-ace1-106b836c93b2 req-01e20ddd-e0f3-4c85-ace1-106b836c93b2 ] Request (MultipleCreateTestJSON:test_multiple_create): 200 GET http://10.180.1.21/compute/v2.1/servers/50244b23-8fa5-4b5a-9df7-7c5df8fdb00d 1.391s
2025-02-15 20:46:49.442 62670 INFO tempest.lib.common.rest_client [req-9a375b28-d060-4d20-b9ce-bb2858ae5ac0 req-9a375b28-d060-4d20-b9ce-bb2858ae5ac0 ] Request (ServersWithSpecificFlavorTestJSON:test_verify_created_server_ephemeral_disk): 200 PUT http://10.180.1.21:9696/networking/v2.0/floatingips/453b3397-8c8b-47cd-a07e-bb158f240a2b 0.937s
2025-02-15 20:46:49.466 62662 INFO tempest.lib.common.rest_client [req-80a2f033-6610-41ca-9972-80b006834bf4 req-80a2f033-6610-41ca-9972-80b006834bf4 ] Request (ServersAdminNegativeTestJSON:test_migrate_server_invalid_state): 200 GET http://10.180.1.21/compute/v2.1/servers/e6257ca8-a26c-4b46-acc6-e3a7b3a9ed7b 1.390s
2025-02-15 20:46:49.549 62646 INFO tempest.lib.common.rest_client [req-a038b39b-84ac-4f27-930f-2de1c153d81e req-a038b39b-84ac-4f27-930f-2de1c153d81e ] Request (FloatingIPsAssociationNegativeTestJSON:test_associate_ip_to_server_with_floating_ip): 400 POST http://10.180.1.21/compute/v2.1/servers/a7e173c9-7834-47e2-b469-2250fd138316/action 1.803s
2025-02-15 20:46:49.562 62638 INFO tempest.lib.common.rest_client [req-2f95786c-5ff4-4691-be2e-3d78383722bf req-2f95786c-5ff4-4691-be2e-3d78383722bf ] Request (MigrationsAdminTest:test_list_migrations_in_flavor_resize_situation): 200 GET http://10.180.1.21/compute/v2.1/servers/7e9c242a-875f-4f89-ab87-debf3dbf8e94 1.439s
2025-02-15 20:46:49.570 62632 INFO tempest.lib.common.rest_client [req-68040c68-ff56-422f-92fa-6f241bcc3095 req-68040c68-ff56-422f-92fa-6f241bcc3095 ] Request (ServerActionsV293TestJSON:setUpClass): 200 GET http://10.180.1.21/volume/v3/volumes/06c4c563-7340-4be1-9c90-ca812b009e69 0.049s
2025-02-15 20:46:49.571 62638 INFO tempest.common.waiters [-] State transition "BUILD/block_device_mapping" ==> "BUILD/spawning" after 29 second wait
2025-02-15 20:46:49.578 62664 INFO tempest.lib.common.rest_client [req-d1d636e1-a6ad-48d4-81e0-daa62c68d10e req-d1d636e1-a6ad-48d4-81e0-daa62c68d10e ] Request (QuotasTestJSON:tearDownClass): 204 DELETE http://10.180.1.21:9696/networking/v2.0/security-groups/1f83fdc3-9370-4a42-933e-84cf6cbc72e0 0.252s
2025-02-15 20:46:49.613 62624 INFO tempest.lib.common.rest_client [req-f693dcb1-8330-424b-94c1-b64a9303c3c5 req-f693dcb1-8330-424b-94c1-b64a9303c3c5 ] Request (ServersAdmin275Test:tearDownClass): 200 GET http://10.180.1.21/compute/v2.1/servers/bdc392c0-6aee-40e8-9acb-0cee34a7ded5 1.489s
2025-02-15 20:46:49.643 62684 INFO tempest.lib.common.rest_client [req-a8339594-8061-49c3-9f42-5dd9d0af5e12 req-a8339594-8061-49c3-9f42-5dd9d0af5e12 ] Request (ServerDiagnosticsTest:tearDownClass): 200 GET http://10.180.1.21/compute/v2.1/servers/0a349cf5-a329-4b3a-b332-e7ff7442f9f3 1.489s
2025-02-15 20:46:49.650 62664 INFO tempest.lib.common.rest_client [req-69ed12ca-e0b4-4cfd-99f3-800e927f7136 req-69ed12ca-e0b4-4cfd-99f3-800e927f7136 ] Request (QuotasTestJSON:tearDownClass): 204 DELETE http://10.180.1.21/identity/v3/projects/c7a8a8d13dea4e4ea1abeb3cd82d26da 0.070s
2025-02-15 20:46:49.653 62672 INFO tempest.lib.common.rest_client [req-5708483d-c63a-4d35-acc8-89ab6fe85896 req-5708483d-c63a-4d35-acc8-89ab6fe85896 ] Request (ServersTestBootFromVolume:setUpClass): 200 GET http://10.180.1.21/volume/v3/volumes/51726431-feac-4e53-9358-2dfaed86cc7d 0.027s
2025-02-15 20:46:49.661 62672 INFO tempest.common.waiters [-] volume 51726431-feac-4e53-9358-2dfaed86cc7d reached available after waiting for 19.661805 seconds
2025-02-15 20:46:49.834 62642 INFO tempest.lib.common.rest_client [req-8677c753-315e-4e39-9673-6f1d10bbb7e5 req-8677c753-315e-4e39-9673-6f1d10bbb7e5 ] Request (TenantUsagesTestJSON:test_get_usage_tenant): 200 GET http://10.180.1.21/compute/v2.1/os-simple-tenant-usage/a76074a3df20425b93bcef722024df35?start=2025-02-14T20%3A46%3A48.225825&end=2025-02-16T20%3A46%3A48.225825 1.607s
2025-02-15 20:46:49.843 62666 INFO tempest.lib.common.rest_client [req-68a1a62a-de50-499d-9f22-a33e19b69d87 req-68a1a62a-de50-499d-9f22-a33e19b69d87 ] Request (QuotasAdminNegativeTest:test_create_server_when_memory_quota_is_full): 200 PUT http://10.180.1.21/compute/v2.1/os-quota-sets/c31e0e26736548a2a8a86b387673de39 1.583s
2025-02-15 20:46:49.870 62626 INFO tempest.lib.common.rest_client [req-ec283014-f9eb-44b3-bf25-99aa9384bd9d req-ec283014-f9eb-44b3-bf25-99aa9384bd9d ] Request (FlavorsAdminTestJSON:test_list_non_public_flavor): 200 GET http://10.180.1.21/compute/v2.1/flavors/detail 1.511s
2025-02-15 20:46:49.878 62674 INFO tempest.lib.common.rest_client [req-adeead1e-96c7-479e-b726-6b06a6d81462 req-adeead1e-96c7-479e-b726-6b06a6d81462 ] Request (ServerGroup264TestJSON:_run_cleanups): 204 DELETE http://10.180.1.21/compute/v2.1/os-server-groups/ead809b4-c9b9-49ea-a04b-956e968c9d35 1.596s
2025-02-15 20:46:49.920 62666 INFO tempest.lib.common.rest_client [req-6ed4e52b-1461-42e1-9b67-e53a338eeca8 req-6ed4e52b-1461-42e1-9b67-e53a338eeca8 ] Request (QuotasAdminNegativeTest:test_create_server_when_memory_quota_is_full): 201 POST http://10.180.1.21/identity/v3/auth/tokens 0.070s
2025-02-15 20:46:49.920 62666 INFO tempest.lib.common.fixed_network [-] (QuotasAdminNegativeTest:test_create_server_when_memory_quota_is_full) Found network None available for tenant
2025-02-15 20:46:49.938 62644 INFO tempest.lib.common.rest_client [req-b747662e-bf04-49b9-b7cf-fe7a781baeaa req-b747662e-bf04-49b9-b7cf-fe7a781baeaa ] Request (ServersNegativeTestMultiTenantJSON:setUpClass): 200 GET http://10.180.1.21/compute/v2.1/servers/989393f1-81d2-4f60-9c51-3f97e7cd873a 0.972s
2025-02-15 20:46:49.942 62628 INFO tempest.lib.common.rest_client [req-b15438d7-ade6-4be8-bc17-300899d7f391 req-b15438d7-ade6-4be8-bc17-300899d7f391 ] Request (ServerRescueTestJSONUnderV235:setUpClass): 200 GET http://10.180.1.21/compute/v2.1/servers/b9a359d8-bdde-488f-b5e2-360ebd9660fb 1.096s
2025-02-15 20:46:49.997 62668 INFO tempest.lib.common.rest_client [req-fd23dbf7-5fa4-436a-9323-1f4370413aed req-fd23dbf7-5fa4-436a-9323-1f4370413aed ] Request (ImagesTestJSON:test_create_image_from_stopped_server): 200 GET http://10.180.1.21/compute/v2.1/servers/d1de1100-83f4-43e8-a4c9-46ede08a7ed0 0.949s
2025-02-15 20:46:50.000 62680 INFO tempest.lib.common.rest_client [req-549a4ee9-4970-4229-95d8-e6e9ae90375b req-549a4ee9-4970-4229-95d8-e6e9ae90375b ] Request (InstanceActionsNegativeTestJSON:setUpClass): 200 GET http://10.180.1.21/compute/v2.1/servers/1cda51f6-3d8a-497d-bc6a-63cfb058dd29 0.942s
2025-02-15 20:46:50.052 62660 INFO tempest.lib.common.rest_client [req-f49fd7c7-39e4-453a-9964-47f34d1d71c9 req-f49fd7c7-39e4-453a-9964-47f34d1d71c9 ] Request (ListImageFiltersTestJSON:setUpClass): 200 GET http://10.180.1.21/compute/v2.1/servers/8664eae3-4527-4338-8a17-fbd05b147636 0.836s
2025-02-15 20:46:50.094 62682 INFO tempest.lib.common.rest_client [req-c68ef70d-9189-42f2-bf02-914197637355 req-c68ef70d-9189-42f2-bf02-914197637355 ] Request (AttachInterfacesV270Test:test_create_get_list_interfaces): 200 GET http://10.180.1.21/compute/v2.1/servers/7c637115-8590-4e15-8500-dc04e7cfc21a 0.975s
2025-02-15 20:46:50.146 62636 INFO tempest.lib.common.rest_client [req-b9914ed3-cce6-4428-b080-05b872d8bceb req-b9914ed3-cce6-4428-b080-05b872d8bceb ] Request (DeleteServersAdminTestJSON:test_delete_server_while_in_error_state): 200 GET http://10.180.1.21/compute/v2.1/servers/1475032b-244f-4a11-922e-eefbd0671a3e 0.859s
2025-02-15 20:46:50.202 62640 INFO tempest.lib.common.rest_client [req-03f1a19e-d495-49e2-ac86-89364f2b134f req-03f1a19e-d495-49e2-ac86-89364f2b134f ] Request (ServerActionsTestOtherB:setUpClass): 200 GET http://10.180.1.21/compute/v2.1/servers/6bb105e9-936b-46c0-82e3-37a2139c76bd 0.856s
2025-02-15 20:46:50.343 62670 INFO tempest.lib.common.rest_client [req-18bf7487-f441-4250-b89b-8142616aebb7 req-18bf7487-f441-4250-b89b-8142616aebb7 ] Request (ServersWithSpecificFlavorTestJSON:test_verify_created_server_ephemeral_disk): 200 GET http://10.180.1.21/compute/v2.1/servers/91b2eaca-3a17-446b-abe7-ff677db29514 0.900s
2025-02-15 20:46:50.351 62670 INFO tempest.lib.common.ssh [-] Creating ssh connection to '10.180.180.207:22' as 'cirros' with public key authentication
2025-02-15 20:46:50.463 62654 INFO tempest.lib.common.rest_client [req-5105a33b-87a6-42d7-96d2-4a3f64636f9d req-5105a33b-87a6-42d7-96d2-4a3f64636f9d ] Request (ServerRescueTestJSON:setUpClass): 202 POST http://10.180.1.21/compute/v2.1/servers 1.167s
2025-02-15 20:46:50.527 62622 INFO tempest.lib.common.rest_client [req-65e64717-6e9b-4b97-ab55-5aaad9d98aa0 req-65e64717-6e9b-4b97-ab55-5aaad9d98aa0 ] Request (ServerAddressesTestJSON:tearDownClass): 200 GET http://10.180.1.21/compute/v2.1/servers/f26ca09f-a9b1-4262-842e-cc77d036d33a 0.929s
2025-02-15 20:46:50.619 62632 INFO tempest.lib.common.rest_client [req-77fab3d1-31fb-4574-b94c-92bf9b79109c req-77fab3d1-31fb-4574-b94c-92bf9b79109c ] Request (ServerActionsV293TestJSON:setUpClass): 200 GET http://10.180.1.21/volume/v3/volumes/06c4c563-7340-4be1-9c90-ca812b009e69 0.037s
2025-02-15 20:46:50.793 62646 INFO tempest.lib.common.rest_client [req-b28d9a53-1b10-43c1-9377-5f38dab9758e req-b28d9a53-1b10-43c1-9377-5f38dab9758e ] Request (FloatingIPsAssociationNegativeTestJSON:_run_cleanups): 202 DELETE http://10.180.1.21/compute/v2.1/os-floating-ips/2a7ac252-57d1-4f1b-bb7f-1d3a506c006c 1.244s
2025-02-15 20:46:50.884 62658 INFO tempest.lib.common.rest_client [req-57c0bc2a-1ce5-4c55-953a-f2ce2776f734 req-57c0bc2a-1ce5-4c55-953a-f2ce2776f734 ] Request (ServerAddressesNegativeTestJSON:tearDownClass): 200 GET http://10.180.1.21/compute/v2.1/servers/44f7dbb8-3c27-438b-bd41-9fc0e9c6329d 1.216s
2025-02-15 20:46:50.909 62642 INFO tempest.lib.common.rest_client [req-e5ae18e1-af6d-4e3b-81d3-c3fddee1a3e6 req-e5ae18e1-af6d-4e3b-81d3-c3fddee1a3e6 ] Request (TenantUsagesTestJSON:test_get_usage_tenant_with_non_admin_user): 200 GET http://10.180.1.21/compute/v2.1/os-simple-tenant-usage/a76074a3df20425b93bcef722024df35?start=2025-02-14T20%3A46%3A48.225825&end=2025-02-16T20%3A46%3A48.225825 1.070s
2025-02-15 20:46:50.933 62626 INFO tempest.lib.common.rest_client [req-3505c52a-bcbf-4c14-9994-e57a51372f33 req-3505c52a-bcbf-4c14-9994-e57a51372f33 ] Request (FlavorsAdminTestJSON:test_list_non_public_flavor): 200 GET http://10.180.1.21/compute/v2.1/flavors/detail 1.055s
2025-02-15 20:46:50.941 62674 INFO tempest.lib.common.rest_client [req-157ef87e-164e-4ccd-bf80-cf5bdd5ca972 req-157ef87e-164e-4ccd-bf80-cf5bdd5ca972 ] Request (ServerGroup264TestJSON:tearDownClass): 404 DELETE http://10.180.1.21/compute/v2.1/os-server-groups/ead809b4-c9b9-49ea-a04b-956e968c9d35 1.056s
2025-02-15 20:46:51.144 62666 INFO tempest.lib.common.rest_client [req-a47b32c8-9616-4512-a93d-b45a389fddec req-a47b32c8-9616-4512-a93d-b45a389fddec ] Request (QuotasAdminNegativeTest:test_create_server_when_memory_quota_is_full): 403 POST http://10.180.1.21/compute/v2.1/servers 1.223s
2025-02-15 20:46:51.195 62648 INFO tempest.lib.common.rest_client [req-bf043112-1334-48b4-ade9-5b8c33f9358a req-bf043112-1334-48b4-ade9-5b8c33f9358a ] Request (ServerDiagnosticsNegativeTest:test_get_server_diagnostics_by_non_admin): 200 GET http://10.180.1.21/compute/v2.1/servers/31934154-68a2-41a5-8c23-b95738eaeb70 1.022s
2025-02-15 20:46:51.258 62630 INFO tempest.lib.common.rest_client [req-6527b2ea-7f24-43fa-9487-c41648b35083 req-6527b2ea-7f24-43fa-9487-c41648b35083 ] Request (ServerExternalEventsTest:tearDownClass): 200 GET http://10.180.1.21/compute/v2.1/servers/e0f90512-56d7-4a9c-9b57-dea54f8b682f 0.966s
2025-02-15 20:46:51.313 62652 INFO tempest.lib.common.rest_client [req-45e16849-11b9-4c82-a268-29b8405dfaa2 req-45e16849-11b9-4c82-a268-29b8405dfaa2 ] Request (ServerActionsTestOtherA:setUpClass): 200 GET http://10.180.1.21/compute/v2.1/servers/c51583ab-2881-42e3-b9e6-831afc6b6f49 0.955s
2025-02-15 20:46:51.360 62634 INFO tempest.lib.common.rest_client [req-92df247c-cebf-4b18-b4a3-44fca025ebe2 req-92df247c-cebf-4b18-b4a3-44fca025ebe2 ] Request (MultipleCreateTestJSON:test_multiple_create): 200 GET http://10.180.1.21/compute/v2.1/servers/50244b23-8fa5-4b5a-9df7-7c5df8fdb00d 0.942s
2025-02-15 20:46:51.393 62672 INFO tempest.lib.common.rest_client [req-1d460a01-7104-478b-91c5-617adad75f19 req-1d460a01-7104-478b-91c5-617adad75f19 ] Request (ServersTestBootFromVolume:setUpClass): 202 POST http://10.180.1.21/compute/v2.1/servers 1.731s
2025-02-15 20:46:51.412 62654 INFO tempest.lib.common.rest_client [req-f8025fe0-b10e-4a4e-882b-bdc6b4259315 req-f8025fe0-b10e-4a4e-882b-bdc6b4259315 ] Request (ServerRescueTestJSON:setUpClass): 200 GET http://10.180.1.21/compute/v2.1/servers/e9c0e6d1-e66c-44b7-b6a0-a8294a2a8ec8 0.947s
2025-02-15 20:46:51.453 62662 INFO tempest.lib.common.rest_client [req-49676255-ff7f-48a7-b1ae-9165fb24c277 req-49676255-ff7f-48a7-b1ae-9165fb24c277 ] Request (ServersAdminNegativeTestJSON:test_migrate_server_invalid_state): 200 GET http://10.180.1.21/compute/v2.1/servers/e6257ca8-a26c-4b46-acc6-e3a7b3a9ed7b 0.975s
2025-02-15 20:46:51.523 62624 INFO tempest.lib.common.rest_client [req-b1f412bc-24c1-42be-99a6-8cbaf92d18ca req-b1f412bc-24c1-42be-99a6-8cbaf92d18ca ] Request (ServersAdmin275Test:tearDownClass): 200 GET http://10.180.1.21/compute/v2.1/servers/bdc392c0-6aee-40e8-9acb-0cee34a7ded5 0.896s
2025-02-15 20:46:51.534 62638 INFO tempest.lib.common.rest_client [req-0fe5636b-d2ef-42e1-823a-b60c0e29ec43 req-0fe5636b-d2ef-42e1-823a-b60c0e29ec43 ] Request (MigrationsAdminTest:test_list_migrations_in_flavor_resize_situation): 200 GET http://10.180.1.21/compute/v2.1/servers/7e9c242a-875f-4f89-ab87-debf3dbf8e94 0.961s
2025-02-15 20:46:51.572 62650 WARNING tempest.lib.common.ssh [-] Failed to establish authenticated ssh connection to cirros@10.180.180.172 ([Errno None] Unable to connect to port 22 on 10.180.180.172). Number attempts: 3. Retry after 4 seconds.: paramiko.ssh_exception.NoValidConnectionsError: [Errno None] Unable to connect to port 22 on 10.180.180.172
2025-02-15 20:46:51.596 62684 INFO tempest.lib.common.rest_client [req-86b6a977-1306-4799-a648-e276206502e8 req-86b6a977-1306-4799-a648-e276206502e8 ] Request (ServerDiagnosticsTest:tearDownClass): 200 GET http://10.180.1.21/compute/v2.1/servers/0a349cf5-a329-4b3a-b332-e7ff7442f9f3 0.942s
2025-02-15 20:46:51.659 62632 INFO tempest.lib.common.rest_client [req-1324d558-88b0-4783-bfd1-0c489a0862fa req-1324d558-88b0-4783-bfd1-0c489a0862fa ] Request (ServerActionsV293TestJSON:setUpClass): 200 GET http://10.180.1.21/volume/v3/volumes/06c4c563-7340-4be1-9c90-ca812b009e69 0.029s
2025-02-15 20:46:51.665 62642 INFO tempest.lib.common.rest_client [req-f60f7681-bb38-44ca-ac1f-f55d66262e9a req-f60f7681-bb38-44ca-ac1f-f55d66262e9a ] Request (TenantUsagesTestJSON:test_list_usage_all_tenants): 200 GET http://10.180.1.21/compute/v2.1/os-simple-tenant-usage?start=2025-02-14T20%3A46%3A48.225825&end=2025-02-16T20%3A46%3A48.225825&detailed=1 0.750s
2025-02-15 20:46:51.689 62626 INFO tempest.lib.common.rest_client [req-710c7c35-9a50-4da6-97d1-5ac2c45edc3d req-710c7c35-9a50-4da6-97d1-5ac2c45edc3d ] Request (FlavorsAdminTestJSON:_run_cleanups): 202 DELETE http://10.180.1.21/compute/v2.1/flavors/862009842 0.750s
2025-02-15 20:46:51.764 62628 INFO tempest.lib.common.rest_client [req-ad094df1-a98e-4363-b64a-25f15fa3b7d3 req-ad094df1-a98e-4363-b64a-25f15fa3b7d3 ] Request (ServerRescueTestJSONUnderV235:setUpClass): 200 GET http://10.180.1.21/compute/v2.1/servers/b9a359d8-bdde-488f-b5e2-360ebd9660fb 0.809s
2025-02-15 20:46:51.839 62644 INFO tempest.lib.common.rest_client [req-54b3ba8c-4b76-47ba-81d5-f9ad018c96a3 req-54b3ba8c-4b76-47ba-81d5-f9ad018c96a3 ] Request (ServersNegativeTestMultiTenantJSON:setUpClass): 200 GET http://10.180.1.21/compute/v2.1/servers/989393f1-81d2-4f60-9c51-3f97e7cd873a 0.885s
2025-02-15 20:46:51.853 62674 INFO tempest.lib.common.rest_client [req-9cbc9b68-500a-455e-b758-a698a5033f58 req-9cbc9b68-500a-455e-b758-a698a5033f58 ] Request (ServerGroup264TestJSON:tearDownClass): 200 PUT http://10.180.1.21:9696/networking/v2.0/routers/334c0621-7fa5-41dd-9573-f540c1739eb8/remove_router_interface 0.911s
2025-02-15 20:46:51.891 62668 INFO tempest.lib.common.rest_client [req-7eaf65ef-d571-402f-aa15-0dc26dcb5b04 req-7eaf65ef-d571-402f-aa15-0dc26dcb5b04 ] Request (ImagesTestJSON:test_create_image_from_stopped_server): 200 GET http://10.180.1.21/compute/v2.1/servers/d1de1100-83f4-43e8-a4c9-46ede08a7ed0 0.884s
2025-02-15 20:46:51.964 62680 INFO tempest.lib.common.rest_client [req-6c6102e6-603d-47e8-b6e4-3c18c526f26c req-6c6102e6-603d-47e8-b6e4-3c18c526f26c ] Request (InstanceActionsNegativeTestJSON:setUpClass): 200 GET http://10.180.1.21/compute/v2.1/servers/1cda51f6-3d8a-497d-bc6a-63cfb058dd29 0.954s
2025-02-15 20:46:52.021 62660 INFO tempest.lib.common.rest_client [req-2b3b367d-3ec4-4f1a-9377-b96057c0f2aa req-2b3b367d-3ec4-4f1a-9377-b96057c0f2aa ] Request (ListImageFiltersTestJSON:setUpClass): 200 GET http://10.180.1.21/compute/v2.1/servers/8664eae3-4527-4338-8a17-fbd05b147636 0.955s
2025-02-15 20:46:52.146 62682 INFO tempest.lib.common.rest_client [req-8a4e2ab2-791a-4528-a822-8dc1cf7084bc req-8a4e2ab2-791a-4528-a822-8dc1cf7084bc ] Request (AttachInterfacesV270Test:test_create_get_list_interfaces): 200 GET http://10.180.1.21/compute/v2.1/servers/7c637115-8590-4e15-8500-dc04e7cfc21a 1.040s
2025-02-15 20:46:52.242 62666 INFO tempest.lib.common.rest_client [req-06002888-cfd6-4be0-afb7-f1cd9c679681 req-06002888-cfd6-4be0-afb7-f1cd9c679681 ] Request (QuotasAdminNegativeTest:_run_cleanups): 200 PUT http://10.180.1.21/compute/v2.1/os-quota-sets/c31e0e26736548a2a8a86b387673de39 1.097s
2025-02-15 20:46:52.302 62636 INFO tempest.lib.common.rest_client [req-360fe31d-c594-4ac8-a6ce-cf05ed45af0a req-360fe31d-c594-4ac8-a6ce-cf05ed45af0a ] Request (DeleteServersAdminTestJSON:test_delete_server_while_in_error_state): 200 GET http://10.180.1.21/compute/v2.1/servers/1475032b-244f-4a11-922e-eefbd0671a3e 1.148s
2025-02-15 20:46:52.321 62674 INFO tempest.lib.common.rest_client [req-0c2cfbce-8a98-4ca4-8b9a-74eb0f828187 req-0c2cfbce-8a98-4ca4-8b9a-74eb0f828187 ] Request (ServerGroup264TestJSON:tearDownClass): 204 DELETE http://10.180.1.21:9696/networking/v2.0/routers/334c0621-7fa5-41dd-9573-f540c1739eb8 0.467s
2025-02-15 20:46:52.335 62646 INFO tempest.lib.common.rest_client [req-76ac474b-b182-422e-914b-6fd35978d58c req-76ac474b-b182-422e-914b-6fd35978d58c ] Request (FloatingIPsAssociationNegativeTestJSON:_run_cleanups): 202 POST http://10.180.1.21/compute/v2.1/servers/a7e173c9-7834-47e2-b469-2250fd138316/action 1.541s
2025-02-15 20:46:52.354 62640 INFO tempest.lib.common.rest_client [req-9f1dc5e2-feb0-4e8d-b1b7-76ca08da8f94 req-9f1dc5e2-feb0-4e8d-b1b7-76ca08da8f94 ] Request (ServerActionsTestOtherB:setUpClass): 200 GET http://10.180.1.21/compute/v2.1/servers/6bb105e9-936b-46c0-82e3-37a2139c76bd 1.144s
2025-02-15 20:46:52.389 62672 INFO tempest.lib.common.rest_client [req-29585cde-bd21-42b8-9e80-a1bda2e46b33 req-29585cde-bd21-42b8-9e80-a1bda2e46b33 ] Request (ServersTestBootFromVolume:setUpClass): 200 GET http://10.180.1.21/compute/v2.1/servers/ca83463c-d6ee-480f-b113-d05e977a6016 0.994s
2025-02-15 20:46:52.424 62622 INFO tempest.lib.common.rest_client [req-294bb8c9-73e2-4c57-8d03-5f29aaf1a20f req-294bb8c9-73e2-4c57-8d03-5f29aaf1a20f ] Request (ServerAddressesTestJSON:tearDownClass): 200 GET http://10.180.1.21/compute/v2.1/servers/f26ca09f-a9b1-4262-842e-cc77d036d33a 0.887s
2025-02-15 20:46:52.437 62674 INFO tempest.lib.common.rest_client [req-e297646b-e751-4133-97b4-cd369651e611 req-e297646b-e751-4133-97b4-cd369651e611 ] Request (ServerGroup264TestJSON:tearDownClass): 204 DELETE http://10.180.1.21:9696/networking/v2.0/subnets/5ad347a4-cb20-4660-9700-90c8e05acc31 0.115s
2025-02-15 20:46:52.452 62626 INFO tempest.lib.common.rest_client [req-90665d50-62c9-48c4-88f8-6e9fa71c6e26 req-90665d50-62c9-48c4-88f8-6e9fa71c6e26 ] Request (FlavorsAdminTestJSON:_run_cleanups): 200 GET http://10.180.1.21/compute/v2.1/flavors/detail 0.762s
2025-02-15 20:46:52.488 62642 INFO tempest.lib.common.rest_client [req-0263dca9-ec4d-4b95-9f10-a9b2786ca3c0 req-0263dca9-ec4d-4b95-9f10-a9b2786ca3c0 ] Request (TenantUsagesTestJSON:tearDownClass): 204 DELETE http://10.180.1.21/compute/v2.1/servers/341e67b6-2eb8-47c3-b5a7-c52f48da66fd 0.813s
2025-02-15 20:46:52.516 62658 INFO tempest.lib.common.rest_client [req-db432267-315e-4889-a52a-2f8f526c731f req-db432267-315e-4889-a52a-2f8f526c731f ] Request (ServerAddressesNegativeTestJSON:tearDownClass): 200 GET http://10.180.1.21/compute/v2.1/servers/44f7dbb8-3c27-438b-bd41-9fc0e9c6329d 0.622s
2025-02-15 20:46:52.557 62666 INFO tempest.lib.common.rest_client [req-62b5d1db-9a67-424a-8096-ea86c0973fcc req-62b5d1db-9a67-424a-8096-ea86c0973fcc ] Request (QuotasAdminNegativeTest:test_update_quota_normal_user): 403 PUT http://10.180.1.21/compute/v2.1/os-quota-sets/c31e0e26736548a2a8a86b387673de39 0.307s
2025-02-15 20:46:52.578 62648 INFO tempest.lib.common.rest_client [req-8cb1d51b-d6b5-4cfb-ab90-805795508f58 req-8cb1d51b-d6b5-4cfb-ab90-805795508f58 ] Request (ServerDiagnosticsNegativeTest:test_get_server_diagnostics_by_non_admin): 200 GET http://10.180.1.21/compute/v2.1/servers/31934154-68a2-41a5-8c23-b95738eaeb70 0.370s
2025-02-15 20:46:52.648 62630 INFO tempest.lib.common.rest_client [req-e6570233-4b12-49b6-83f2-f4865ba0657c req-e6570233-4b12-49b6-83f2-f4865ba0657c ] Request (ServerExternalEventsTest:tearDownClass): 200 GET http://10.180.1.21/compute/v2.1/servers/e0f90512-56d7-4a9c-9b57-dea54f8b682f 0.381s
2025-02-15 20:46:52.652 62652 INFO tempest.lib.common.rest_client [req-f197b463-526f-489a-8227-009699c20430 req-f197b463-526f-489a-8227-009699c20430 ] Request (ServerActionsTestOtherA:setUpClass): 200 GET http://10.180.1.21/compute/v2.1/servers/c51583ab-2881-42e3-b9e6-831afc6b6f49 0.330s
2025-02-15 20:46:52.692 62674 INFO tempest.lib.common.rest_client [req-94177884-9fb9-479d-bb02-5ca301b66066 req-94177884-9fb9-479d-bb02-5ca301b66066 ] Request (ServerGroup264TestJSON:tearDownClass): 204 DELETE http://10.180.1.21:9696/networking/v2.0/networks/2502f9e0-b331-4134-ae6f-8a96a3c22b39 0.254s
2025-02-15 20:46:52.723 62634 INFO tempest.lib.common.rest_client [req-b6ea9723-25a2-4324-bcd3-3d499a741a71 req-b6ea9723-25a2-4324-bcd3-3d499a741a71 ] Request (MultipleCreateTestJSON:test_multiple_create): 200 GET http://10.180.1.21/compute/v2.1/servers/50244b23-8fa5-4b5a-9df7-7c5df8fdb00d 0.355s
2025-02-15 20:46:52.727 62632 INFO tempest.lib.common.rest_client [req-e06ae984-eb75-4723-9fbf-4c1076a2cc74 req-e06ae984-eb75-4723-9fbf-4c1076a2cc74 ] Request (ServerActionsV293TestJSON:setUpClass): 200 GET http://10.180.1.21/volume/v3/volumes/06c4c563-7340-4be1-9c90-ca812b009e69 0.056s
2025-02-15 20:46:52.790 62666 INFO tempest.lib.common.rest_client [req-58958845-28a0-406f-a030-4298fdb13766 req-58958845-28a0-406f-a030-4298fdb13766 ] Request (QuotasAdminNegativeTest:tearDownClass): 204 DELETE http://10.180.1.21/identity/v3/users/65720163eaf142a48b78a685682b0385 0.228s
2025-02-15 20:46:52.836 62654 INFO tempest.lib.common.rest_client [req-bf4559c8-03eb-4d33-a19e-3386ec3c3aa9 req-bf4559c8-03eb-4d33-a19e-3386ec3c3aa9 ] Request (ServerRescueTestJSON:setUpClass): 200 GET http://10.180.1.21/compute/v2.1/servers/e9c0e6d1-e66c-44b7-b6a0-a8294a2a8ec8 0.410s
2025-02-15 20:46:52.866 62626 INFO tempest.lib.common.rest_client [req-1cc387c9-4e74-44d1-a541-6bb2e553961a req-1cc387c9-4e74-44d1-a541-6bb2e553961a ] Request (FlavorsAdminTestJSON:test_list_public_flavor_with_other_user): 200 POST http://10.180.1.21/compute/v2.1/flavors 0.407s
2025-02-15 20:46:52.915 62674 INFO tempest.lib.common.rest_client [req-f5f698cd-c029-4a59-9d17-3953b6224054 req-f5f698cd-c029-4a59-9d17-3953b6224054 ] Request (ServerGroup264TestJSON:tearDownClass): 204 DELETE http://10.180.1.21/identity/v3/users/f27f30214e6d47eea92c117a18208b68 0.223s
2025-02-15 20:46:52.915 62674 INFO tempest.lib.common.dynamic_creds [-] Deleting project and security group for project: aa20b099a19e4905a88ef8903f108e2f
2025-02-15 20:46:52.940 62662 INFO tempest.lib.common.rest_client [req-6516e522-2c53-4b56-8d2e-3275db9f7a82 req-6516e522-2c53-4b56-8d2e-3275db9f7a82 ] Request (ServersAdminNegativeTestJSON:test_migrate_server_invalid_state): 200 GET http://10.180.1.21/compute/v2.1/servers/e6257ca8-a26c-4b46-acc6-e3a7b3a9ed7b 0.476s
2025-02-15 20:46:52.972 62674 INFO tempest.lib.common.rest_client [req-dc8ba4f7-1e4d-453d-b19b-74eec14a9de6 req-dc8ba4f7-1e4d-453d-b19b-74eec14a9de6 ] Request (ServerGroup264TestJSON:tearDownClass): 200 GET http://10.180.1.21:9696/networking/v2.0/security-groups?tenant_id=aa20b099a19e4905a88ef8903f108e2f&name=default 0.056s
2025-02-15 20:46:53.035 62666 INFO tempest.lib.common.rest_client [req-c9607c44-e779-413c-9a66-19ce9a6c55bb req-c9607c44-e779-413c-9a66-19ce9a6c55bb ] Request (QuotasAdminNegativeTest:tearDownClass): 204 DELETE http://10.180.1.21/identity/v3/users/083a103a99f742cc83244cee0e586eeb 0.244s
2025-02-15 20:46:53.035 62666 INFO tempest.lib.common.dynamic_creds [-] Deleting project and security group for project: b1e160f4767d4a9985a9b924c0da5df3
2025-02-15 20:46:53.103 62666 INFO tempest.lib.common.rest_client [req-8c4f7e46-8870-48e1-ba05-b7b6b42865d3 req-8c4f7e46-8870-48e1-ba05-b7b6b42865d3 ] Request (QuotasAdminNegativeTest:tearDownClass): 201 POST http://10.180.1.21/identity/v3/auth/tokens 0.068s
2025-02-15 20:46:53.115 62642 INFO tempest.lib.common.rest_client [req-ca64cbff-e878-4cbb-8311-14da78973ac2 req-ca64cbff-e878-4cbb-8311-14da78973ac2 ] Request (TenantUsagesTestJSON:tearDownClass): 200 GET http://10.180.1.21/compute/v2.1/servers/341e67b6-2eb8-47c3-b5a7-c52f48da66fd 0.626s
2025-02-15 20:46:53.161 62674 INFO tempest.lib.common.rest_client [req-c76c534a-8c80-4a89-821f-54a95f5f318f req-c76c534a-8c80-4a89-821f-54a95f5f318f ] Request (ServerGroup264TestJSON:tearDownClass): 204 DELETE http://10.180.1.21:9696/networking/v2.0/security-groups/03d1e9a7-dedc-4e63-9355-15e06af95149 0.188s
2025-02-15 20:46:53.200 62624 INFO tempest.lib.common.rest_client [req-a1c3d6bb-bce5-4190-9c7f-60f361cc1cf4 req-a1c3d6bb-bce5-4190-9c7f-60f361cc1cf4 ] Request (ServersAdmin275Test:tearDownClass): 200 GET http://10.180.1.21/compute/v2.1/servers/bdc392c0-6aee-40e8-9acb-0cee34a7ded5 0.665s
2025-02-15 20:46:53.212 62624 INFO tempest.common.waiters [-] State transition "ACTIVE/deleting" ==> "DELETED/None" after 4 second wait
2025-02-15 20:46:53.232 62674 INFO tempest.lib.common.rest_client [req-838c1a93-96e5-4752-a95e-59ea75ad863a req-838c1a93-96e5-4752-a95e-59ea75ad863a ] Request (ServerGroup264TestJSON:tearDownClass): 204 DELETE http://10.180.1.21/identity/v3/projects/aa20b099a19e4905a88ef8903f108e2f 0.071s
2025-02-15 20:46:53.306 62646 INFO tempest.lib.common.rest_client [req-d3a9e01d-fcee-4d26-85d4-6601f562b5d3 req-d3a9e01d-fcee-4d26-85d4-6601f562b5d3 ] Request (FloatingIPsAssociationNegativeTestJSON:_run_cleanups): 202 DELETE http://10.180.1.21/compute/v2.1/os-floating-ips/1cac8163-5089-45f2-aaca-41ea15f66b9f 0.970s
2025-02-15 20:46:53.333 62638 INFO tempest.lib.common.rest_client [req-720547c6-9071-4f4b-8017-e3319f22e785 req-720547c6-9071-4f4b-8017-e3319f22e785 ] Request (MigrationsAdminTest:test_list_migrations_in_flavor_resize_situation): 200 GET http://10.180.1.21/compute/v2.1/servers/7e9c242a-875f-4f89-ab87-debf3dbf8e94 0.784s
2025-02-15 20:46:53.368 62666 INFO tempest.lib.common.rest_client [req-068efcf4-6e29-400a-b228-83c2bb1eae06 req-068efcf4-6e29-400a-b228-83c2bb1eae06 ] Request (QuotasAdminNegativeTest:tearDownClass): 200 GET http://10.180.1.21:9696/networking/v2.0/security-groups?tenant_id=b1e160f4767d4a9985a9b924c0da5df3&name=default 0.264s
2025-02-15 20:46:53.379 62684 INFO tempest.lib.common.rest_client [req-34950657-24a6-4ca1-88ca-cc702c546995 req-34950657-24a6-4ca1-88ca-cc702c546995 ] Request (ServerDiagnosticsTest:tearDownClass): 200 GET http://10.180.1.21/compute/v2.1/servers/0a349cf5-a329-4b3a-b332-e7ff7442f9f3 0.774s
2025-02-15 20:46:53.382 62628 INFO tempest.lib.common.rest_client [req-18b53a13-cddc-4393-bbe0-9c7cdb219e37 req-18b53a13-cddc-4393-bbe0-9c7cdb219e37 ] Request (ServerRescueTestJSONUnderV235:setUpClass): 200 GET http://10.180.1.21/compute/v2.1/servers/b9a359d8-bdde-488f-b5e2-360ebd9660fb 0.609s
2025-02-15 20:46:53.411 62626 INFO tempest.lib.common.rest_client [req-57754fc7-790a-4e5d-904a-af42ef327de6 req-57754fc7-790a-4e5d-904a-af42ef327de6 ] Request (FlavorsAdminTestJSON:test_list_public_flavor_with_other_user): 200 GET http://10.180.1.21/compute/v2.1/flavors/detail 0.542s
2025-02-15 20:46:53.449 62644 INFO tempest.lib.common.rest_client [req-432cc33d-8c61-4a43-bb84-fa7b0dd87e0e req-432cc33d-8c61-4a43-bb84-fa7b0dd87e0e ] Request (ServersNegativeTestMultiTenantJSON:setUpClass): 200 GET http://10.180.1.21/compute/v2.1/servers/989393f1-81d2-4f60-9c51-3f97e7cd873a 0.594s
2025-02-15 20:46:53.464 62668 INFO tempest.lib.common.rest_client [req-d878b956-f0b5-4dce-ac5b-dd70822ccbac req-d878b956-f0b5-4dce-ac5b-dd70822ccbac ] Request (ImagesTestJSON:test_create_image_from_stopped_server): 200 GET http://10.180.1.21/compute/v2.1/servers/d1de1100-83f4-43e8-a4c9-46ede08a7ed0 0.561s
2025-02-15 20:46:53.488 62666 INFO tempest.lib.common.rest_client [req-cbf5365c-15d9-417b-910e-d74ef92db733 req-cbf5365c-15d9-417b-910e-d74ef92db733 ] Request (QuotasAdminNegativeTest:tearDownClass): 204 DELETE http://10.180.1.21:9696/networking/v2.0/security-groups/280b19fc-84e3-4871-a33e-24d658e4197f 0.119s
2025-02-15 20:46:53.494 62656 WARNING tempest.lib.common.ssh [-] Failed to establish authenticated ssh connection to cirros@10.180.180.187 ([Errno None] Unable to connect to port 22 on 10.180.180.187). Number attempts: 1. Retry after 2 seconds.: paramiko.ssh_exception.NoValidConnectionsError: [Errno None] Unable to connect to port 22 on 10.180.180.187
2025-02-15 20:46:53.504 62680 INFO tempest.lib.common.rest_client [req-8b64944d-d86a-484a-a5a0-d94d24b50bb0 req-8b64944d-d86a-484a-a5a0-d94d24b50bb0 ] Request (InstanceActionsNegativeTestJSON:setUpClass): 200 GET http://10.180.1.21/compute/v2.1/servers/1cda51f6-3d8a-497d-bc6a-63cfb058dd29 0.526s
2025-02-15 20:46:53.511 62660 INFO tempest.lib.common.rest_client [req-ac4f9cc5-eb26-4757-a035-4f477a8460d1 req-ac4f9cc5-eb26-4757-a035-4f477a8460d1 ] Request (ListImageFiltersTestJSON:setUpClass): 200 GET http://10.180.1.21/compute/v2.1/servers/8664eae3-4527-4338-8a17-fbd05b147636 0.482s
2025-02-15 20:46:53.516 62646 INFO tempest.lib.common.rest_client [req-59aac10e-c5c5-4589-a52f-a81fc56329c4 req-59aac10e-c5c5-4589-a52f-a81fc56329c4 ] Request (FloatingIPsAssociationNegativeTestJSON:test_associate_ip_to_server_without_passing_floating_ip): 400 POST http://10.180.1.21/compute/v2.1/servers/a7e173c9-7834-47e2-b469-2250fd138316/action 0.208s
2025-02-15 20:46:53.561 62636 INFO tempest.lib.common.rest_client [req-37bf0d26-066f-44ab-b178-846b472b12dc req-37bf0d26-066f-44ab-b178-846b472b12dc ] Request (DeleteServersAdminTestJSON:test_delete_server_while_in_error_state): 200 GET http://10.180.1.21/compute/v2.1/servers/1475032b-244f-4a11-922e-eefbd0671a3e 0.251s
2025-02-15 20:46:53.572 62666 INFO tempest.lib.common.rest_client [req-93770b79-ebd3-4d24-a704-936e65b982c6 req-93770b79-ebd3-4d24-a704-936e65b982c6 ] Request (QuotasAdminNegativeTest:tearDownClass): 204 DELETE http://10.180.1.21/identity/v3/projects/b1e160f4767d4a9985a9b924c0da5df3 0.084s
2025-02-15 20:46:53.572 62666 INFO tempest.lib.common.dynamic_creds [-] Deleting project and security group for project: c31e0e26736548a2a8a86b387673de39
2025-02-15 20:46:53.608 62640 INFO tempest.lib.common.rest_client [req-c4aeae9f-9e92-46db-904f-31fea92f1a08 req-c4aeae9f-9e92-46db-904f-31fea92f1a08 ] Request (ServerActionsTestOtherB:setUpClass): 200 GET http://10.180.1.21/compute/v2.1/servers/6bb105e9-936b-46c0-82e3-37a2139c76bd 0.246s
2025-02-15 20:46:53.614 62682 INFO tempest.lib.common.rest_client [req-8effbe50-8e29-47f8-8b4d-ba39d2a34039 req-8effbe50-8e29-47f8-8b4d-ba39d2a34039 ] Request (AttachInterfacesV270Test:test_create_get_list_interfaces): 200 GET http://10.180.1.21/compute/v2.1/servers/7c637115-8590-4e15-8500-dc04e7cfc21a 0.453s
2025-02-15 20:46:53.624 62682 INFO tempest.common.waiters [-] State transition "BUILD/spawning" ==> "ACTIVE/None" after 35 second wait
2025-02-15 20:46:53.637 62626 INFO tempest.lib.common.rest_client [req-7fbb3b8d-ca2f-4263-81ef-84e25a382642 req-7fbb3b8d-ca2f-4263-81ef-84e25a382642 ] Request (FlavorsAdminTestJSON:_run_cleanups): 202 DELETE http://10.180.1.21/compute/v2.1/flavors/836325675 0.217s
2025-02-15 20:46:53.660 62672 INFO tempest.lib.common.rest_client [req-30fcb4dc-5011-461c-9805-3e3067101595 req-30fcb4dc-5011-461c-9805-3e3067101595 ] Request (ServersTestBootFromVolume:setUpClass): 200 GET http://10.180.1.21/compute/v2.1/servers/ca83463c-d6ee-480f-b113-d05e977a6016 0.262s
2025-02-15 20:46:53.683 62666 INFO tempest.lib.common.rest_client [req-10b4353e-8463-45d3-9c99-e7d97d20815c req-10b4353e-8463-45d3-9c99-e7d97d20815c ] Request (QuotasAdminNegativeTest:tearDownClass): 200 GET http://10.180.1.21:9696/networking/v2.0/security-groups?tenant_id=c31e0e26736548a2a8a86b387673de39&name=default 0.110s
2025-02-15 20:46:53.706 62622 INFO tempest.lib.common.rest_client [req-4fb07929-c7a9-473b-8da0-97377229d1de req-4fb07929-c7a9-473b-8da0-97377229d1de ] Request (ServerAddressesTestJSON:tearDownClass): 200 GET http://10.180.1.21/compute/v2.1/servers/f26ca09f-a9b1-4262-842e-cc77d036d33a 0.272s
2025-02-15 20:46:53.732 62646 INFO tempest.lib.common.rest_client [req-90e8fb7b-4031-4233-8f32-fcf84847c2d1 req-90e8fb7b-4031-4233-8f32-fcf84847c2d1 ] Request (FloatingIPsAssociationNegativeTestJSON:test_associate_nonexistent_floating_ip): 404 POST http://10.180.1.21/compute/v2.1/servers/a7e173c9-7834-47e2-b469-2250fd138316/action 0.214s
2025-02-15 20:46:53.770 62632 INFO tempest.lib.common.rest_client [req-6ffca0f6-dc8a-4af9-b431-a95721b9b072 req-6ffca0f6-dc8a-4af9-b431-a95721b9b072 ] Request (ServerActionsV293TestJSON:setUpClass): 200 GET http://10.180.1.21/volume/v3/volumes/06c4c563-7340-4be1-9c90-ca812b009e69 0.031s
2025-02-15 20:46:53.779 62666 INFO tempest.lib.common.rest_client [req-4bca34cf-eaa7-4d26-99ba-d98698a60d81 req-4bca34cf-eaa7-4d26-99ba-d98698a60d81 ] Request (QuotasAdminNegativeTest:tearDownClass): 204 DELETE http://10.180.1.21:9696/networking/v2.0/security-groups/c59d2145-4407-42f0-9957-4b0cb030b773 0.095s
2025-02-15 20:46:53.784 62658 INFO tempest.lib.common.rest_client [req-9bfbbeca-37d2-4fb6-a3a8-0070af5a71bf req-9bfbbeca-37d2-4fb6-a3a8-0070af5a71bf ] Request (ServerAddressesNegativeTestJSON:tearDownClass): 200 GET http://10.180.1.21/compute/v2.1/servers/44f7dbb8-3c27-438b-bd41-9fc0e9c6329d 0.257s
2025-02-15 20:46:53.785 62648 INFO tempest.lib.common.rest_client [req-99a8c41a-0c9d-495d-be70-432212fc75b8 req-99a8c41a-0c9d-495d-be70-432212fc75b8 ] Request (ServerDiagnosticsNegativeTest:test_get_server_diagnostics_by_non_admin): 200 GET http://10.180.1.21/compute/v2.1/servers/31934154-68a2-41a5-8c23-b95738eaeb70 0.191s
2025-02-15 20:46:53.808 62626 INFO tempest.lib.common.rest_client [req-35aa59e7-b46c-4de8-9fbc-bc636e824eb9 req-35aa59e7-b46c-4de8-9fbc-bc636e824eb9 ] Request (FlavorsAdminTestJSON:_run_cleanups): 200 GET http://10.180.1.21/compute/v2.1/flavors/detail 0.170s
2025-02-15 20:46:53.873 62630 INFO tempest.lib.common.rest_client [req-873c6c6b-d8f8-4e5a-b320-ad23f3ed8fbf req-873c6c6b-d8f8-4e5a-b320-ad23f3ed8fbf ] Request (ServerExternalEventsTest:tearDownClass): 200 GET http://10.180.1.21/compute/v2.1/servers/e0f90512-56d7-4a9c-9b57-dea54f8b682f 0.215s
2025-02-15 20:46:53.899 62666 INFO tempest.lib.common.rest_client [req-3be065a3-3baa-4598-9a66-9c393efd49be req-3be065a3-3baa-4598-9a66-9c393efd49be ] Request (QuotasAdminNegativeTest:tearDownClass): 204 DELETE http://10.180.1.21/identity/v3/projects/c31e0e26736548a2a8a86b387673de39 0.120s
2025-02-15 20:46:53.913 62626 INFO tempest.lib.common.rest_client [req-13c9fb85-8149-4b09-8ee5-c3c5cbd6d835 req-13c9fb85-8149-4b09-8ee5-c3c5cbd6d835 ] Request (FlavorsAdminTestJSON:tearDownClass): 204 DELETE http://10.180.1.21/identity/v3/users/2d0037a11c95430a82137180fecc756e 0.099s
2025-02-15 20:46:53.926 62652 INFO tempest.lib.common.rest_client [req-5b49c6d2-c547-435f-ae66-930981a9d9a1 req-5b49c6d2-c547-435f-ae66-930981a9d9a1 ] Request (ServerActionsTestOtherA:setUpClass): 200 GET http://10.180.1.21/compute/v2.1/servers/c51583ab-2881-42e3-b9e6-831afc6b6f49 0.263s
2025-02-15 20:46:53.951 62646 INFO tempest.lib.common.rest_client [req-cafe03ff-e378-484e-93dd-6a99d1a4d317 req-cafe03ff-e378-484e-93dd-6a99d1a4d317 ] Request (FloatingIPsAssociationNegativeTestJSON:test_dissociate_nonexistent_floating_ip): 404 POST http://10.180.1.21/compute/v2.1/servers/a7e173c9-7834-47e2-b469-2250fd138316/action 0.218s
2025-02-15 20:46:53.961 62666 INFO tempest.lib.common.rest_client [req-d2832800-526f-439f-b058-6e423a2a9e61 req-d2832800-526f-439f-b058-6e423a2a9e61 ] Request (ImagesOneServerNegativeTestJSON:setUpClass): 201 POST http://10.180.1.21/identity/v3/auth/tokens 0.060s
2025-02-15 20:46:53.999 62634 INFO tempest.lib.common.rest_client [req-2c3641e9-4cf6-44e6-8b6e-399112dcdd8d req-2c3641e9-4cf6-44e6-8b6e-399112dcdd8d ] Request (MultipleCreateTestJSON:test_multiple_create): 200 GET http://10.180.1.21/compute/v2.1/servers/50244b23-8fa5-4b5a-9df7-7c5df8fdb00d 0.263s
2025-02-15 20:46:54.005 62626 INFO tempest.lib.common.rest_client [req-cc532289-577a-4800-944d-0f242d6a9981 req-cc532289-577a-4800-944d-0f242d6a9981 ] Request (FlavorsAdminTestJSON:tearDownClass): 204 DELETE http://10.180.1.21/identity/v3/users/d2b16ae59bef4535804b8c55abf7be62 0.091s
2025-02-15 20:46:54.006 62626 INFO tempest.lib.common.dynamic_creds [-] Deleting project and security group for project: 0c9a4e1a770d482ab3c1e3f541aba0b4
2025-02-15 20:46:54.020 62666 INFO tempest.lib.common.rest_client [req-0c61548e-0aad-48b7-9411-99ac07b8f112 req-0c61548e-0aad-48b7-9411-99ac07b8f112 ] Request (ImagesOneServerNegativeTestJSON:setUpClass): 201 POST http://10.180.1.21/identity/v3/auth/tokens 0.056s
2025-02-15 20:46:54.045 62654 INFO tempest.lib.common.rest_client [req-370b14da-384d-4987-9819-5c5022e58b55 req-370b14da-384d-4987-9819-5c5022e58b55 ] Request (ServerRescueTestJSON:setUpClass): 200 GET http://10.180.1.21/compute/v2.1/servers/e9c0e6d1-e66c-44b7-b6a0-a8294a2a8ec8 0.186s
2025-02-15 20:46:54.058 62626 INFO tempest.lib.common.rest_client [req-896a8fae-fe6d-435d-9248-ac75b0e7e67f req-896a8fae-fe6d-435d-9248-ac75b0e7e67f ] Request (FlavorsAdminTestJSON:tearDownClass): 201 POST http://10.180.1.21/identity/v3/auth/tokens 0.052s
2025-02-15 20:46:54.071 62666 INFO tempest.lib.common.rest_client [req-7eb56ddd-7a08-45f5-af66-b0a7ad97b406 req-7eb56ddd-7a08-45f5-af66-b0a7ad97b406 ] Request (ImagesOneServerNegativeTestJSON:setUpClass): 200 GET http://10.180.1.21/identity/v3/domains?name=Default 0.051s
2025-02-15 20:46:54.094 62662 INFO tempest.lib.common.rest_client [req-c1faf498-f6d9-4df8-8034-5ee8586546ab req-c1faf498-f6d9-4df8-8034-5ee8586546ab ] Request (ServersAdminNegativeTestJSON:test_migrate_server_invalid_state): 200 GET http://10.180.1.21/compute/v2.1/servers/e6257ca8-a26c-4b46-acc6-e3a7b3a9ed7b 0.146s
2025-02-15 20:46:54.106 62666 INFO tempest.lib.common.rest_client [req-1f9ee28f-c1fa-4057-934d-393b292e7c1a req-1f9ee28f-c1fa-4057-934d-393b292e7c1a ] Request (ImagesOneServerNegativeTestJSON:setUpClass): 201 POST http://10.180.1.21/identity/v3/projects 0.034s
2025-02-15 20:46:54.165 62666 INFO tempest.lib.common.rest_client [req-a6dc6ee6-bb7f-4dda-ac10-b22ada63e80d req-a6dc6ee6-bb7f-4dda-ac10-b22ada63e80d ] Request (ImagesOneServerNegativeTestJSON:setUpClass): 201 POST http://10.180.1.21/identity/v3/users 0.058s
