2025-02-12 19:39:23.363 62700 INFO tempest.lib.common.dynamic_creds [-] Acquired dynamic creds: credentials: Credentials: {'domain_id': 'default', 'domain_name': 'Default', 'username': 'tempest-ServerRescueTestJSON-2007834382-project-member', 'project_domain_id': 'default', 'project_domain_name': 'Default', 'project_id': '82b04e3d961b46c4a20fa2d623d1aa9a', 'project_name': 'tempest-ServerRescueTestJSON-2007834382', 'tenant_id': '82b04e3d961b46c4a20fa2d623d1aa9a', 'tenant_name': 'tempest-ServerRescueTestJSON-2007834382', 'user_domain_id': 'default', 'user_domain_name': 'Default', 'user_id': '54d7a4b4f6cf40ee960d29e392f51e91', 'system': None}, Network: None, Subnet: None, Router: None
2025-02-12 19:39:23.432 62700 INFO tempest.lib.common.rest_client [req-4f3039d0-a1f3-4aef-b23f-0be8bd46d730 req-4f3039d0-a1f3-4aef-b23f-0be8bd46d730 ] Request (ServerRescueTestJSON:setUpClass): 201 POST http://10.180.1.21/identity/v3/auth/tokens 0.068s
2025-02-12 19:39:23.460 62734 WARNING tempest.lib.common.ssh [-] Failed to establish authenticated ssh connection to cirros@10.180.180.250 ([Errno None] Unable to connect to port 22 on 10.180.180.250). Number attempts: 4. Retry after 5 seconds.: paramiko.ssh_exception.NoValidConnectionsError: [Errno None] Unable to connect to port 22 on 10.180.180.250
2025-02-12 19:39:23.602 62694 INFO tempest.lib.common.rest_client [req-9202ead4-09f3-4008-9217-2980aa214f43 req-9202ead4-09f3-4008-9217-2980aa214f43 ] Request (SecurityGroupsTestJSON:test_security_group_create_get_delete): 200 POST http://10.180.1.21/compute/v2.1/os-security-groups 0.587s
2025-02-12 19:39:23.672 62700 INFO tempest.lib.common.rest_client [req-d203d14a-2419-43d8-b5d0-0f657f9375f1 req-d203d14a-2419-43d8-b5d0-0f657f9375f1 ] Request (ServerRescueTestJSON:setUpClass): 201 POST http://10.180.1.21:9696/networking/v2.0/networks 0.239s
2025-02-12 19:39:23.694 62696 INFO tempest.lib.common.rest_client [req-c7250221-68d8-44e2-bff5-952eba9782e0 req-c7250221-68d8-44e2-bff5-952eba9782e0 ] Request (FloatingIPDetailsTestJSON:_run_cleanups): 202 DELETE http://10.180.1.21/compute/v2.1/os-floating-ips/8a35e970-a33d-4b08-9fed-73313144d9fe 0.910s
2025-02-12 19:39:23.703 62708 INFO tempest.lib.common.rest_client [req-a6df8867-1272-44f2-8e47-49c799179ce4 req-a6df8867-1272-44f2-8e47-49c799179ce4 ] Request (ServerMetadataNegativeTestJSON:test_server_metadata_non_existent_server): 404 GET http://10.180.1.21/compute/v2.1/servers/86e7a4dc-3004-4af4-b5da-0d03a40944e4/metadata/test2 0.566s
2025-02-12 19:39:23.740 62728 INFO tempest.lib.common.rest_client [req-853b2c49-d5f7-4a01-a66a-19d6c55539c9 req-853b2c49-d5f7-4a01-a66a-19d6c55539c9 ] Request (DeleteServersAdminTestJSON:test_delete_server_while_in_error_state): 200 GET http://10.180.1.21/compute/v2.1/servers/fe6b62e5-bb01-4e3d-a99e-bdbc026174ec 0.663s
2025-02-12 19:39:23.757 62698 INFO tempest.lib.common.rest_client [req-2c80c53b-3f88-4a85-8cdc-ca64ac7ededa req-2c80c53b-3f88-4a85-8cdc-ca64ac7ededa ] Request (ServerRescueNegativeTestJSON:setUpClass): 200 GET http://10.180.1.21/compute/v2.1/servers/2932b01a-b89d-4a34-8df8-fd8e2c165b8e 0.618s
2025-02-12 19:39:23.776 62712 INFO tempest.lib.common.rest_client [req-aef61d62-a8c9-43d2-a6c7-16b0687d3d5d req-aef61d62-a8c9-43d2-a6c7-16b0687d3d5d ] Request (InstanceActionsV221TestJSON:tearDownClass): 404 GET http://10.180.1.21/compute/v2.1/servers/47590f9c-00c0-4c63-99e0-196d2bf80f25 0.426s
2025-02-12 19:39:23.800 62736 INFO tempest.lib.common.rest_client [req-36fee03d-0573-4e68-af7c-4db088643efa req-36fee03d-0573-4e68-af7c-4db088643efa ] Request (ServersAaction247Test:test_create_backup): 200 GET http://10.180.1.21/compute/v2.1/servers/2a62103a-6e07-4750-a992-3787b0622e11 0.483s
2025-02-12 19:39:23.829 62738 INFO tempest.lib.common.rest_client [req-a092c97e-1472-400e-8ab1-9b924c5681a0 req-a092c97e-1472-400e-8ab1-9b924c5681a0 ] Request (ServersAdminTestJSON:test_create_server_with_scheduling_hint): 200 GET http://10.180.1.21/compute/v2.1/servers/c795eecf-f6ac-4afa-b944-67ec3f8fdb7d 0.467s
2025-02-12 19:39:23.855 62716 INFO tempest.lib.common.rest_client [req-76e2ebe5-857a-4b31-a99c-dc07a5b25cd2 req-76e2ebe5-857a-4b31-a99c-dc07a5b25cd2 ] Request (ImagesNegativeTestJSON:test_create_image_from_deleted_server): 200 GET http://10.180.1.21/compute/v2.1/servers/6c9141a2-8ff3-48ff-a73e-49a5f538b7c0 0.434s
2025-02-12 19:39:23.862 62700 INFO tempest.lib.common.rest_client [req-3d2ddf2d-8c72-47bd-a2cd-bfb071bac2b5 req-3d2ddf2d-8c72-47bd-a2cd-bfb071bac2b5 ] Request (ServerRescueTestJSON:setUpClass): 201 POST http://10.180.1.21:9696/networking/v2.0/subnets 0.190s
2025-02-12 19:39:23.885 62694 INFO tempest.lib.common.rest_client [req-a6285475-faf0-4505-8676-2a6286dea55c req-a6285475-faf0-4505-8676-2a6286dea55c ] Request (SecurityGroupsTestJSON:test_security_group_create_get_delete): 200 GET http://10.180.1.21/compute/v2.1/os-security-groups/593b1f38-6226-4b1d-9a93-1f5abfa1684b 0.279s
2025-02-12 19:39:23.911 62744 INFO tempest.lib.common.rest_client [req-7dc44e80-0d65-4a25-aa6f-5a85d9a93ef8 req-7dc44e80-0d65-4a25-aa6f-5a85d9a93ef8 ] Request (ListServersNegativeTestJSON:tearDownClass): 200 GET http://10.180.1.21/compute/v2.1/servers/b4f18c46-ac56-4253-add1-6586dd207c92 0.432s
2025-02-12 19:39:23.911 62710 WARNING tempest.lib.common.ssh [-] Failed to establish authenticated ssh connection to cirros@10.180.180.176 ([Errno None] Unable to connect to port 22 on 10.180.180.176). Number attempts: 6. Retry after 7 seconds.: paramiko.ssh_exception.NoValidConnectionsError: [Errno None] Unable to connect to port 22 on 10.180.180.176
2025-02-12 19:39:23.967 62720 INFO tempest.lib.common.rest_client [req-bdd95c93-5233-4f2f-8434-cf6bf24431e8 req-bdd95c93-5233-4f2f-8434-cf6bf24431e8 ] Request (ImagesOneServerNegativeTestJSON:setUpClass): 200 GET http://10.180.1.21/compute/v2.1/servers/bc34c2d9-69e1-4d65-8d0f-efdfd2b73814 0.279s
2025-02-12 19:39:24.032 62704 INFO tempest.lib.common.rest_client [req-e5cf8d52-76e3-4e44-9348-53e0d338f3fa req-e5cf8d52-76e3-4e44-9348-53e0d338f3fa ] Request (ServersAdminNegativeTestJSON:test_migrate_server_invalid_state): 200 GET http://10.180.1.21/compute/v2.1/servers/335bf211-7b01-4e6a-88b1-9400a29bc3ac 0.387s
2025-02-12 19:39:24.073 62696 INFO tempest.lib.common.rest_client [req-82a90ba7-2437-4edb-a671-77c7d45083d7 req-82a90ba7-2437-4edb-a671-77c7d45083d7 ] Request (FloatingIPDetailsTestJSON:test_list_floating_ips): 200 GET http://10.180.1.21/compute/v2.1/os-floating-ips 0.377s
2025-02-12 19:39:24.078 62708 INFO tempest.lib.common.rest_client [req-5dc2a0e1-4f9f-410c-85a2-e018fcb30c54 req-5dc2a0e1-4f9f-410c-85a2-e018fcb30c54 ] Request (ServerMetadataNegativeTestJSON:test_set_metadata_invalid_key): 400 PUT http://10.180.1.21/compute/v2.1/servers/649d5de9-956f-4def-8685-ba7415cd08b9/metadata/key 0.373s
2025-02-12 19:39:24.127 62726 INFO tempest.lib.common.rest_client [req-fc32b9d1-1948-4aaa-9bec-9de67e86b69b req-fc32b9d1-1948-4aaa-9bec-9de67e86b69b ] Request (ServerPasswordTestJSON:setUpClass): 200 GET http://10.180.1.21/compute/v2.1/servers/bfcf8aba-1e16-421b-94dd-6eb8252e7de0 0.387s
2025-02-12 19:39:24.146 62732 INFO tempest.lib.common.rest_client [req-166d43a7-b92a-4c7f-a925-26c8195daaba req-166d43a7-b92a-4c7f-a925-26c8195daaba ] Request (FloatingIPsAssociationTestJSON:tearDownClass): 200 GET http://10.180.1.21/compute/v2.1/servers/00fdb372-683f-4552-a771-976703866093 0.320s
2025-02-12 19:39:24.165 62740 INFO tempest.lib.common.rest_client [req-544da86b-f20e-44b5-a3a1-cdc63673411c req-544da86b-f20e-44b5-a3a1-cdc63673411c ] Request (ImagesOneServerTestJSON:test_create_image_specify_multibyte_character_image_name): 200 GET http://10.180.1.21/compute/v2.1/images/32603b2b-51d1-49a1-9927-b078f2ada7fd 0.338s
2025-02-12 19:39:24.224 62692 INFO tempest.lib.common.rest_client [req-cac924db-511b-4e5d-92eb-efea3f26e2ef req-cac924db-511b-4e5d-92eb-efea3f26e2ef ] Request (AttachInterfacesV270Test:test_create_get_list_interfaces): 200 GET http://10.180.1.21/compute/v2.1/servers/73b7df84-b690-4c23-8447-f42ba4f125f9 0.303s
2025-02-12 19:39:24.257 62694 INFO tempest.lib.common.rest_client [req-54ed9e1e-c1eb-4ab9-ab05-e6fe44fc3cce req-54ed9e1e-c1eb-4ab9-ab05-e6fe44fc3cce ] Request (SecurityGroupsTestJSON:test_security_group_create_get_delete): 202 DELETE http://10.180.1.21/compute/v2.1/os-security-groups/593b1f38-6226-4b1d-9a93-1f5abfa1684b 0.370s
2025-02-12 19:39:24.267 62708 INFO tempest.lib.common.rest_client [req-d6b3df8f-5ace-406b-8aa8-f14329e22272 req-d6b3df8f-5ace-406b-8aa8-f14329e22272 ] Request (ServerMetadataNegativeTestJSON:test_set_metadata_non_existent_server): 404 PUT http://10.180.1.21/compute/v2.1/servers/83072474-2ddc-4b8e-a0a5-ed99f16a0eed/metadata 0.188s
2025-02-12 19:39:24.277 62682 INFO tempest.lib.common.rest_client [req-3abe0690-07ae-461a-b7c7-a7bc41db0183 req-3abe0690-07ae-461a-b7c7-a7bc41db0183 ] Request (ImagesTestJSON:test_create_image_from_stopped_server): 200 GET http://10.180.1.21/compute/v2.1/servers/7d0875a3-45fa-4674-a40b-47ecd0e6b9e3 0.227s
2025-02-12 19:39:24.353 62722 INFO tempest.lib.common.rest_client [req-7118ab80-5d8d-4feb-be0c-feb9d7688667 req-7118ab80-5d8d-4feb-be0c-feb9d7688667 ] Request (ServersAdmin275Test:test_rebuild_update_server_275): 200 GET http://10.180.1.21/compute/v2.1/servers/0b810725-d832-4760-b60b-ec2c6ace3050 0.209s
2025-02-12 19:39:24.402 62694 INFO tempest.lib.common.rest_client [req-fa4dc54c-e7ad-45ee-85ef-fcfc5b5e1650 req-fa4dc54c-e7ad-45ee-85ef-fcfc5b5e1650 ] Request (SecurityGroupsTestJSON:test_security_group_create_get_delete): 404 GET http://10.180.1.21/compute/v2.1/os-security-groups/593b1f38-6226-4b1d-9a93-1f5abfa1684b 0.144s
2025-02-12 19:39:24.470 62684 INFO tempest.lib.common.rest_client [req-d03613c5-ec88-46e1-8c9d-93fbf09ca57a req-d03613c5-ec88-46e1-8c9d-93fbf09ca57a ] Request (ServersNegativeTestJSON:setUpClass): 200 GET http://10.180.1.21/compute/v2.1/servers/2c5fd2c9-7f60-4fea-9f82-53cbb58b55d5 0.202s
2025-02-12 19:39:24.478 62708 INFO tempest.lib.common.rest_client [req-dd73f57d-ce26-42a1-ac07-30230e61a7cb req-dd73f57d-ce26-42a1-ac07-30230e61a7cb ] Request (ServerMetadataNegativeTestJSON:test_set_server_metadata_blank_key): 400 PUT http://10.180.1.21/compute/v2.1/servers/649d5de9-956f-4def-8685-ba7415cd08b9/metadata 0.209s
2025-02-12 19:39:24.536 62688 INFO tempest.lib.common.rest_client [req-e4d520c2-8758-487d-8d6e-fcf969a34732 req-e4d520c2-8758-487d-8d6e-fcf969a34732 ] Request (MigrationsAdminTest:test_list_migrations_in_flavor_resize_situation): 200 GET http://10.180.1.21/compute/v2.1/servers/d31cec87-f24e-40d0-aa22-462f2eb62ea2 0.205s
2025-02-12 19:39:24.705 62694 INFO tempest.lib.common.rest_client [req-8ce86657-58df-47e2-9d19-de208fff0a96 req-8ce86657-58df-47e2-9d19-de208fff0a96 ] Request (SecurityGroupsTestJSON:test_security_groups_create_list_delete): 200 POST http://10.180.1.21/compute/v2.1/os-security-groups 0.302s
2025-02-12 19:39:24.713 62696 INFO tempest.lib.common.rest_client [req-907d65c3-20c7-492d-a945-793c69b69f0c req-907d65c3-20c7-492d-a945-793c69b69f0c ] Request (FloatingIPDetailsTestJSON:tearDownClass): 202 DELETE http://10.180.1.21/compute/v2.1/os-floating-ips/fde1010f-b311-4a98-b9aa-592426308887 0.631s
2025-02-12 19:39:24.723 62708 INFO tempest.lib.common.rest_client [req-72f94607-de71-4187-95ac-b2688d48771f req-72f94607-de71-4187-95ac-b2688d48771f ] Request (ServerMetadataNegativeTestJSON:test_set_server_metadata_missing_metadata): 400 PUT http://10.180.1.21/compute/v2.1/servers/649d5de9-956f-4def-8685-ba7415cd08b9/metadata 0.243s
2025-02-12 19:39:24.985 62694 INFO tempest.lib.common.rest_client [req-0d842081-0387-4de7-9440-35adff05a78b req-0d842081-0387-4de7-9440-35adff05a78b ] Request (SecurityGroupsTestJSON:test_security_groups_create_list_delete): 200 POST http://10.180.1.21/compute/v2.1/os-security-groups 0.268s
2025-02-12 19:39:25.005 62708 INFO tempest.lib.common.rest_client [req-5457c586-1e19-48c8-9e81-c6ccd6c1437f req-5457c586-1e19-48c8-9e81-c6ccd6c1437f ] Request (ServerMetadataNegativeTestJSON:test_update_metadata_non_existent_server): 404 POST http://10.180.1.21/compute/v2.1/servers/9cdceaba-8831-4172-be87-efc6d99f2e3d/metadata 0.280s
2025-02-12 19:39:25.173 62728 INFO tempest.lib.common.rest_client [req-a567615d-0025-40fe-be8f-f5b280d08491 req-a567615d-0025-40fe-be8f-f5b280d08491 ] Request (DeleteServersAdminTestJSON:test_delete_server_while_in_error_state): 200 GET http://10.180.1.21/compute/v2.1/servers/fe6b62e5-bb01-4e3d-a99e-bdbc026174ec 0.420s
2025-02-12 19:39:25.186 62712 INFO tempest.lib.common.rest_client [req-c638e0f2-4623-4b4b-9314-768078ab76eb req-c638e0f2-4623-4b4b-9314-768078ab76eb ] Request (InstanceActionsV221TestJSON:tearDownClass): 200 PUT http://10.180.1.21:9696/networking/v2.0/routers/fd1c5ed7-5efc-42f9-9b8d-8d3624a3b12c/remove_router_interface 1.408s
2025-02-12 19:39:25.210 62700 INFO tempest.lib.common.rest_client [req-7ceda4d8-ebed-43ef-9bbf-df27af6a8815 req-7ceda4d8-ebed-43ef-9bbf-df27af6a8815 ] Request (ServerRescueTestJSON:setUpClass): 201 POST http://10.180.1.21:9696/networking/v2.0/routers 1.347s
2025-02-12 19:39:25.278 62698 INFO tempest.lib.common.rest_client [req-70a749bb-287a-4dce-9db1-0d3a3afd41bb req-70a749bb-287a-4dce-9db1-0d3a3afd41bb ] Request (ServerRescueNegativeTestJSON:setUpClass): 200 GET http://10.180.1.21/compute/v2.1/servers/2932b01a-b89d-4a34-8df8-fd8e2c165b8e 0.515s
2025-02-12 19:39:25.377 62736 INFO tempest.lib.common.rest_client [req-11b546ea-2864-4408-b513-d25c9069070d req-11b546ea-2864-4408-b513-d25c9069070d ] Request (ServersAaction247Test:test_create_backup): 200 GET http://10.180.1.21/compute/v2.1/servers/2a62103a-6e07-4750-a992-3787b0622e11 0.567s
2025-02-12 19:39:25.420 62696 INFO tempest.lib.common.rest_client [req-e59eef50-fb68-42cc-9a07-03a92af005fe req-e59eef50-fb68-42cc-9a07-03a92af005fe ] Request (FloatingIPDetailsTestJSON:tearDownClass): 202 DELETE http://10.180.1.21/compute/v2.1/os-floating-ips/dd1c0300-ae5b-4ddf-8cca-109adebd831a 0.706s
2025-02-12 19:39:25.452 62738 INFO tempest.lib.common.rest_client [req-b79497e9-fc8b-4156-96fa-ec7ed76104ae req-b79497e9-fc8b-4156-96fa-ec7ed76104ae ] Request (ServersAdminTestJSON:test_create_server_with_scheduling_hint): 200 GET http://10.180.1.21/compute/v2.1/servers/c795eecf-f6ac-4afa-b944-67ec3f8fdb7d 0.611s
2025-02-12 19:39:25.548 62744 INFO tempest.lib.common.rest_client [req-6790139d-eb58-4ff6-aa2b-88d32d841590 req-6790139d-eb58-4ff6-aa2b-88d32d841590 ] Request (ListServersNegativeTestJSON:tearDownClass): 200 GET http://10.180.1.21/compute/v2.1/servers/b4f18c46-ac56-4253-add1-6586dd207c92 0.626s
2025-02-12 19:39:25.635 62720 INFO tempest.lib.common.rest_client [req-ee540790-c534-43cd-a564-316b8633b126 req-ee540790-c534-43cd-a564-316b8633b126 ] Request (ImagesOneServerNegativeTestJSON:setUpClass): 200 GET http://10.180.1.21/compute/v2.1/servers/bc34c2d9-69e1-4d65-8d0f-efdfd2b73814 0.659s
2025-02-12 19:39:25.736 62716 INFO tempest.lib.common.rest_client [req-874ac257-d63c-4c8a-807a-e4b90ef0bb61 req-874ac257-d63c-4c8a-807a-e4b90ef0bb61 ] Request (ImagesNegativeTestJSON:test_create_image_from_deleted_server): 200 GET http://10.180.1.21/compute/v2.1/servers/6c9141a2-8ff3-48ff-a73e-49a5f538b7c0 0.870s
2025-02-12 19:39:25.743 62708 INFO tempest.lib.common.rest_client [req-1b30b204-574e-4ca4-af9d-fb26e984b1a2 req-1b30b204-574e-4ca4-af9d-fb26e984b1a2 ] Request (ServerMetadataNegativeTestJSON:test_update_metadata_with_blank_key): 400 POST http://10.180.1.21/compute/v2.1/servers/649d5de9-956f-4def-8685-ba7415cd08b9/metadata 0.737s
2025-02-12 19:39:25.746 62716 INFO tempest.common.waiters [-] State transition "BUILD/None" ==> "BUILD/block_device_mapping" after 44 second wait
2025-02-12 19:39:25.943 62704 INFO tempest.lib.common.rest_client [req-5383e8ec-4b4d-4cec-b230-fc7baa14f35b req-5383e8ec-4b4d-4cec-b230-fc7baa14f35b ] Request (ServersAdminNegativeTestJSON:test_migrate_server_invalid_state): 200 GET http://10.180.1.21/compute/v2.1/servers/335bf211-7b01-4e6a-88b1-9400a29bc3ac 0.896s
2025-02-12 19:39:25.970 62694 INFO tempest.lib.common.rest_client [req-21edc5f4-7eb6-4928-979c-4bb7d4e8cc3c req-21edc5f4-7eb6-4928-979c-4bb7d4e8cc3c ] Request (SecurityGroupsTestJSON:test_security_groups_create_list_delete): 200 POST http://10.180.1.21/compute/v2.1/os-security-groups 0.982s
2025-02-12 19:39:26.024 62726 INFO tempest.lib.common.rest_client [req-21fac259-e947-411e-908a-c0b624576c30 req-21fac259-e947-411e-908a-c0b624576c30 ] Request (ServerPasswordTestJSON:setUpClass): 200 GET http://10.180.1.21/compute/v2.1/servers/bfcf8aba-1e16-421b-94dd-6eb8252e7de0 0.888s
2025-02-12 19:39:26.067 62732 INFO tempest.lib.common.rest_client [req-4a567a5f-ea33-48b1-82dc-6f4c13cbdd1a req-4a567a5f-ea33-48b1-82dc-6f4c13cbdd1a ] Request (FloatingIPsAssociationTestJSON:tearDownClass): 200 GET http://10.180.1.21/compute/v2.1/servers/00fdb372-683f-4552-a771-976703866093 0.910s
2025-02-12 19:39:26.084 62740 INFO tempest.lib.common.rest_client [req-6c5ed3af-a4c9-4a3d-86eb-6cf50429d023 req-6c5ed3af-a4c9-4a3d-86eb-6cf50429d023 ] Request (ImagesOneServerTestJSON:test_create_image_specify_multibyte_character_image_name): 200 GET http://10.180.1.21/compute/v2.1/images/32603b2b-51d1-49a1-9927-b078f2ada7fd 0.913s
2025-02-12 19:39:26.092 62712 INFO tempest.lib.common.rest_client [req-a5d7cfe7-a002-452a-9ab6-5ca8744c9fc0 req-a5d7cfe7-a002-452a-9ab6-5ca8744c9fc0 ] Request (InstanceActionsV221TestJSON:tearDownClass): 204 DELETE http://10.180.1.21:9696/networking/v2.0/routers/fd1c5ed7-5efc-42f9-9b8d-8d3624a3b12c 0.901s
2025-02-12 19:39:26.157 62692 INFO tempest.lib.common.rest_client [req-1ca1a759-8ff3-457d-ae8f-ab67a18bcb2b req-1ca1a759-8ff3-457d-ae8f-ab67a18bcb2b ] Request (AttachInterfacesV270Test:test_create_get_list_interfaces): 200 GET http://10.180.1.21/compute/v2.1/servers/73b7df84-b690-4c23-8447-f42ba4f125f9 0.916s
2025-02-12 19:39:26.168 62682 INFO tempest.lib.common.rest_client [req-c53fc17d-23cf-4eae-a0e7-d310f8096643 req-c53fc17d-23cf-4eae-a0e7-d310f8096643 ] Request (ImagesTestJSON:test_create_image_from_stopped_server): 200 GET http://10.180.1.21/compute/v2.1/servers/7d0875a3-45fa-4674-a40b-47ecd0e6b9e3 0.881s
2025-02-12 19:39:26.237 62722 INFO tempest.lib.common.rest_client [req-6101ea47-9b70-48c5-8ec7-76d8d8237102 req-6101ea47-9b70-48c5-8ec7-76d8d8237102 ] Request (ServersAdmin275Test:test_rebuild_update_server_275): 200 GET http://10.180.1.21/compute/v2.1/servers/0b810725-d832-4760-b60b-ec2c6ace3050 0.872s
2025-02-12 19:39:26.303 62684 INFO tempest.lib.common.rest_client [req-150ef78c-c9a0-43e2-ae8a-7d7c9271f8d1 req-150ef78c-c9a0-43e2-ae8a-7d7c9271f8d1 ] Request (ServersNegativeTestJSON:setUpClass): 200 GET http://10.180.1.21/compute/v2.1/servers/2c5fd2c9-7f60-4fea-9f82-53cbb58b55d5 0.825s
2025-02-12 19:39:26.402 62712 INFO tempest.lib.common.rest_client [req-6045a4f6-d660-48f5-9813-21466d593477 req-6045a4f6-d660-48f5-9813-21466d593477 ] Request (InstanceActionsV221TestJSON:tearDownClass): 204 DELETE http://10.180.1.21:9696/networking/v2.0/subnets/9de7af1f-530e-422f-ad7b-846b9715308c 0.310s
2025-02-12 19:39:26.430 62700 INFO tempest.lib.common.rest_client [req-b88c0010-aee1-43ff-83ab-2e861e07be99 req-b88c0010-aee1-43ff-83ab-2e861e07be99 ] Request (ServerRescueTestJSON:setUpClass): 200 PUT http://10.180.1.21:9696/networking/v2.0/routers/f289fefc-4a70-496c-87be-abeb2e653907/add_router_interface 1.219s
2025-02-12 19:39:26.430 62700 INFO tempest.lib.common.dynamic_creds [-] Created isolated network resources for: credentials: Credentials: {'domain_id': 'default', 'domain_name': 'Default', 'username': 'tempest-ServerRescueTestJSON-2007834382-project-member', 'project_domain_id': 'default', 'project_domain_name': 'Default', 'project_id': '82b04e3d961b46c4a20fa2d623d1aa9a', 'project_name': 'tempest-ServerRescueTestJSON-2007834382', 'tenant_id': '82b04e3d961b46c4a20fa2d623d1aa9a', 'tenant_name': 'tempest-ServerRescueTestJSON-2007834382', 'user_domain_id': 'default', 'user_domain_name': 'Default', 'user_id': '54d7a4b4f6cf40ee960d29e392f51e91', 'system': None}, Network: {'id': '4e234482-9562-46f9-acf2-6aa64b139e4c', 'name': 'tempest-ServerRescueTestJSON-508601024-network', 'tenant_id': '82b04e3d961b46c4a20fa2d623d1aa9a', 'admin_state_up': True, 'mtu': 8950, 'status': 'ACTIVE', 'subnets': [], 'shared': False, 'project_id': '82b04e3d961b46c4a20fa2d623d1aa9a', 'port_security_enabled': True, 'router:external': False, 'provider:network_type': 'vlan', 'provider:physical_network': 'default', 'provider:segmentation_id': 599, 'availability_zone_hints': [], 'availability_zones': [], 'ipv4_address_scope': None, 'ipv6_address_scope': None, 'description': '', 'tags': [], 'created_at': '2025-02-12T19:39:23Z', 'updated_at': '2025-02-12T19:39:23Z', 'revision_number': 1}, Subnet: {'id': '4907c602-011a-4234-bf67-12f589f7bdf3', 'name': 'tempest-ServerRescueTestJSON-508601024-subnet', 'tenant_id': '82b04e3d961b46c4a20fa2d623d1aa9a', 'network_id': '4e234482-9562-46f9-acf2-6aa64b139e4c', 'ip_version': 4, 'subnetpool_id': None, 'enable_dhcp': False, 'ipv6_ra_mode': None, 'ipv6_address_mode': None, 'gateway_ip': '192.168.128.1', 'cidr': '192.168.128.0/28', 'allocation_pools': [{'start': '192.168.128.2', 'end': '192.168.128.14'}], 'host_routes': [], 'dns_nameservers': [], 'description': '', 'router:external': False, 'service_types': [], 'tags': [], 'created_at': '2025-02-12T19:39:23Z', 'updated_at': '2025-02-12T19:39:23Z', 'revision_number': 0, 'project_id': '82b04e3d961b46c4a20fa2d623d1aa9a'}, Router: {'id': 'f289fefc-4a70-496c-87be-abeb2e653907', 'name': 'tempest-ServerRescueTestJSON-508601024-router', 'tenant_id': '82b04e3d961b46c4a20fa2d623d1aa9a', 'admin_state_up': True, 'status': 'ACTIVE', 'external_gateway_info': {'network_id': 'acb80cd9-fad7-4f23-b17f-081a4a58475e', 'external_fixed_ips': [{'subnet_id': 'bfc2d022-be76-436d-a3e9-58d0cafba07c', 'ip_address': '10.180.180.130'}], 'enable_snat': True}, 'description': '', 'availability_zones': [], 'distributed': False, 'ha': False, 'availability_zone_hints': [], 'routes': [], 'flavor_id': None, 'tags': [], 'created_at': '2025-02-12T19:39:23Z', 'updated_at': '2025-02-12T19:39:24Z', 'revision_number': 2, 'project_id': '82b04e3d961b46c4a20fa2d623d1aa9a'}
2025-02-12 19:39:26.545 62700 INFO tempest.lib.common.rest_client [req-c27c2bc3-2158-4515-bce4-c59d615d1eef req-c27c2bc3-2158-4515-bce4-c59d615d1eef ] Request (ServerRescueTestJSON:setUpClass): 201 POST http://10.180.1.21/identity/v3/auth/tokens 0.111s
2025-02-12 19:39:26.600 62700 INFO tempest.lib.common.rest_client [req-66c31b7e-e91d-4394-b407-53f34c28d9ea req-66c31b7e-e91d-4394-b407-53f34c28d9ea ] Request (ServerRescueTestJSON:setUpClass): 201 POST http://10.180.1.21/identity/v3/auth/tokens 0.052s
2025-02-12 19:39:26.601 62700 INFO tempest.lib.common.fixed_network [-] (ServerRescueTestJSON:setUpClass) Found network {'id': '4e234482-9562-46f9-acf2-6aa64b139e4c', 'name': 'tempest-ServerRescueTestJSON-508601024-network', 'tenant_id': '82b04e3d961b46c4a20fa2d623d1aa9a', 'admin_state_up': True, 'mtu': 8950, 'status': 'ACTIVE', 'subnets': [], 'shared': False, 'project_id': '82b04e3d961b46c4a20fa2d623d1aa9a', 'port_security_enabled': True, 'router:external': False, 'provider:network_type': 'vlan', 'provider:physical_network': 'default', 'provider:segmentation_id': 599, 'availability_zone_hints': [], 'availability_zones': [], 'ipv4_address_scope': None, 'ipv6_address_scope': None, 'description': '', 'tags': [], 'created_at': '2025-02-12T19:39:23Z', 'updated_at': '2025-02-12T19:39:23Z', 'revision_number': 1} available for tenant
2025-02-12 19:39:26.622 62688 INFO tempest.lib.common.rest_client [req-c687ff10-2fce-46b8-af0d-14b2344df2ff req-c687ff10-2fce-46b8-af0d-14b2344df2ff ] Request (MigrationsAdminTest:test_list_migrations_in_flavor_resize_situation): 200 GET http://10.180.1.21/compute/v2.1/servers/d31cec87-f24e-40d0-aa22-462f2eb62ea2 1.069s
2025-02-12 19:39:26.655 62712 INFO tempest.lib.common.rest_client [req-cad9c65c-c1bb-46ab-8ccb-b888a5d6434d req-cad9c65c-c1bb-46ab-8ccb-b888a5d6434d ] Request (InstanceActionsV221TestJSON:tearDownClass): 204 DELETE http://10.180.1.21:9696/networking/v2.0/networks/a4c0731a-b798-48f7-b91b-44e52f176139 0.252s
2025-02-12 19:39:26.793 62708 INFO tempest.lib.common.rest_client [req-d41b6e9b-d46d-4957-9431-4930a3fe72d4 req-d41b6e9b-d46d-4957-9431-4930a3fe72d4 ] Request (ServerMetadataNegativeTestJSON:tearDownClass): 204 DELETE http://10.180.1.21/compute/v2.1/servers/649d5de9-956f-4def-8685-ba7415cd08b9 1.047s
2025-02-12 19:39:26.811 62712 INFO tempest.lib.common.rest_client [req-c5ec81f7-33b2-41bf-9407-bdd307920cf8 req-c5ec81f7-33b2-41bf-9407-bdd307920cf8 ] Request (InstanceActionsV221TestJSON:tearDownClass): 204 DELETE http://10.180.1.21/identity/v3/users/15581a10baed4b208cbbd3ba9d1cbb16 0.156s
2025-02-12 19:39:26.811 62712 INFO tempest.lib.common.dynamic_creds [-] Deleting project and security group for project: 92a55c8788e54edb9ced0171f58e9205
2025-02-12 19:39:26.839 62712 INFO tempest.lib.common.rest_client [req-e5741a70-ed7f-477e-9d0e-9c055b90b229 req-e5741a70-ed7f-477e-9d0e-9c055b90b229 ] Request (InstanceActionsV221TestJSON:tearDownClass): 200 GET http://10.180.1.21:9696/networking/v2.0/security-groups?tenant_id=92a55c8788e54edb9ced0171f58e9205&name=default 0.027s
2025-02-12 19:39:26.902 62696 INFO tempest.lib.common.rest_client [req-f9ee32cd-ae1e-4651-a71b-c3196afc104c req-f9ee32cd-ae1e-4651-a71b-c3196afc104c ] Request (FloatingIPDetailsTestJSON:tearDownClass): 202 DELETE http://10.180.1.21/compute/v2.1/os-floating-ips/7ce68135-ae3c-4654-9d06-1624cb0eba14 1.482s
2025-02-12 19:39:26.933 62712 INFO tempest.lib.common.rest_client [req-3e0dd216-f66a-491c-9ea9-487a4987636b req-3e0dd216-f66a-491c-9ea9-487a4987636b ] Request (InstanceActionsV221TestJSON:tearDownClass): 204 DELETE http://10.180.1.21:9696/networking/v2.0/security-groups/49b91374-06f6-4cee-b93d-10f57e5de9c0 0.093s
2025-02-12 19:39:26.968 62694 INFO tempest.lib.common.rest_client [req-a35f5181-4e69-461d-b3a5-75793c8b11cb req-a35f5181-4e69-461d-b3a5-75793c8b11cb ] Request (SecurityGroupsTestJSON:test_security_groups_create_list_delete): 200 GET http://10.180.1.21/compute/v2.1/os-security-groups 0.995s
2025-02-12 19:39:27.046 62698 INFO tempest.lib.common.rest_client [req-03791b24-5cc3-42a2-86ac-6872be38b677 req-03791b24-5cc3-42a2-86ac-6872be38b677 ] Request (ServerRescueNegativeTestJSON:setUpClass): 200 GET http://10.180.1.21/compute/v2.1/servers/2932b01a-b89d-4a34-8df8-fd8e2c165b8e 0.753s
2025-02-12 19:39:27.076 62728 INFO tempest.lib.common.rest_client [req-1cacc4e5-c764-458c-b052-9d1282a528f1 req-1cacc4e5-c764-458c-b052-9d1282a528f1 ] Request (DeleteServersAdminTestJSON:test_delete_server_while_in_error_state): 200 GET http://10.180.1.21/compute/v2.1/servers/fe6b62e5-bb01-4e3d-a99e-bdbc026174ec 0.894s
2025-02-12 19:39:27.112 62736 INFO tempest.lib.common.rest_client [req-34ac71a4-af9f-4aa2-baa6-4b0d28e78034 req-34ac71a4-af9f-4aa2-baa6-4b0d28e78034 ] Request (ServersAaction247Test:test_create_backup): 200 GET http://10.180.1.21/compute/v2.1/servers/2a62103a-6e07-4750-a992-3787b0622e11 0.722s
2025-02-12 19:39:27.157 62738 INFO tempest.lib.common.rest_client [req-d8f163a7-0479-4b85-af2f-d5ccdc03d0bb req-d8f163a7-0479-4b85-af2f-d5ccdc03d0bb ] Request (ServersAdminTestJSON:test_create_server_with_scheduling_hint): 200 GET http://10.180.1.21/compute/v2.1/servers/c795eecf-f6ac-4afa-b944-67ec3f8fdb7d 0.695s
2025-02-12 19:39:27.220 62744 INFO tempest.lib.common.rest_client [req-c0671a5c-f1ea-4924-84cd-3e2c47a647df req-c0671a5c-f1ea-4924-84cd-3e2c47a647df ] Request (ListServersNegativeTestJSON:tearDownClass): 200 GET http://10.180.1.21/compute/v2.1/servers/b4f18c46-ac56-4253-add1-6586dd207c92 0.659s
2025-02-12 19:39:27.221 62712 INFO tempest.lib.common.rest_client [req-d0f0e681-8360-4bc6-9bed-0af8e204269f req-d0f0e681-8360-4bc6-9bed-0af8e204269f ] Request (InstanceActionsV221TestJSON:tearDownClass): 204 DELETE http://10.180.1.21/identity/v3/projects/92a55c8788e54edb9ced0171f58e9205 0.288s
2025-02-12 19:39:27.222 62712 INFO tempest.test [-] raised in NoVNCConsoleTestJSON.setUpClass. Invoking tearDownClass.
2025-02-12 19:39:27.291 62712 INFO tempest.lib.common.rest_client [req-9bd7b387-9510-4295-9bba-3241628b3f15 req-9bd7b387-9510-4295-9bba-3241628b3f15 ] Request (ServerRescueTestJSONUnderV235:setUpClass): 201 POST http://10.180.1.21/identity/v3/auth/tokens 0.064s
2025-02-12 19:39:27.300 62720 INFO tempest.lib.common.rest_client [req-44c37494-6344-4212-a2b5-fd3c80348d7e req-44c37494-6344-4212-a2b5-fd3c80348d7e ] Request (ImagesOneServerNegativeTestJSON:setUpClass): 200 GET http://10.180.1.21/compute/v2.1/servers/bc34c2d9-69e1-4d65-8d0f-efdfd2b73814 0.657s
2025-02-12 19:39:27.330 62712 INFO tempest.lib.common.rest_client [req-b26bab82-69c7-41e0-a2e2-857b721dfc79 req-b26bab82-69c7-41e0-a2e2-857b721dfc79 ] Request (ServerRescueTestJSONUnderV235:setUpClass): 201 POST http://10.180.1.21/identity/v3/auth/tokens 0.032s
2025-02-12 19:39:27.359 62712 INFO tempest.lib.common.rest_client [req-288047c6-fd91-4c6c-9ce2-8ff30e2aebd1 req-288047c6-fd91-4c6c-9ce2-8ff30e2aebd1 ] Request (ServerRescueTestJSONUnderV235:setUpClass): 200 GET http://10.180.1.21/identity/v3/domains?name=Default 0.029s
2025-02-12 19:39:27.399 62712 INFO tempest.lib.common.rest_client [req-3ac204c1-a50f-4441-af7c-6061ea3ebc14 req-3ac204c1-a50f-4441-af7c-6061ea3ebc14 ] Request (ServerRescueTestJSONUnderV235:setUpClass): 201 POST http://10.180.1.21/identity/v3/projects 0.040s
2025-02-12 19:39:27.429 62702 WARNING tempest.lib.common.ssh [-] Failed to establish authenticated ssh connection to cirros@10.180.180.166 ([Errno None] Unable to connect to port 22 on 10.180.180.166). Number attempts: 6. Retry after 7 seconds.: paramiko.ssh_exception.NoValidConnectionsError: [Errno None] Unable to connect to port 22 on 10.180.180.166
2025-02-12 19:39:27.439 62716 INFO tempest.lib.common.rest_client [req-b1489316-710c-4888-a625-b9518875d1e7 req-b1489316-710c-4888-a625-b9518875d1e7 ] Request (ImagesNegativeTestJSON:test_create_image_from_deleted_server): 200 GET http://10.180.1.21/compute/v2.1/servers/6c9141a2-8ff3-48ff-a73e-49a5f538b7c0 0.692s
2025-02-12 19:39:27.448 62716 INFO tempest.common.waiters [-] State transition "BUILD/block_device_mapping" ==> "BUILD/spawning" after 46 second wait
2025-02-12 19:39:27.469 62712 INFO tempest.lib.common.rest_client [req-5b9368bd-ee2f-4c7d-8105-b5599f73d6de req-5b9368bd-ee2f-4c7d-8105-b5599f73d6de ] Request (ServerRescueTestJSONUnderV235:setUpClass): 201 POST http://10.180.1.21/identity/v3/users 0.070s
2025-02-12 19:39:27.493 62712 INFO tempest.lib.common.rest_client [req-f566e9f0-ee09-446d-b5f8-a34cde78a8c7 req-f566e9f0-ee09-446d-b5f8-a34cde78a8c7 ] Request (ServerRescueTestJSONUnderV235:setUpClass): 200 GET http://10.180.1.21/identity/v3/roles 0.023s
2025-02-12 19:39:27.526 62712 INFO tempest.lib.common.rest_client [req-0e45a1c3-4088-42d8-9c55-506be97e906a req-0e45a1c3-4088-42d8-9c55-506be97e906a ] Request (ServerRescueTestJSONUnderV235:setUpClass): 204 PUT http://10.180.1.21/identity/v3/projects/345f8b74ea8b4a0e81ce9dcd11738fba/users/d1d4ed21af1f4c818d67168e9d667bc9/roles/816911377d77432aabced94a816472cc 0.032s
2025-02-12 19:39:27.526 62712 INFO tempest.lib.common.dynamic_creds [-] Dynamic test user d1d4ed21af1f4c818d67168e9d667bc9 is created with scope project and roles: ['member']
2025-02-12 19:39:27.526 62712 INFO tempest.lib.common.dynamic_creds [-] Acquired dynamic creds: credentials: Credentials: {'domain_id': 'default', 'domain_name': 'Default', 'username': 'tempest-ServerRescueTestJSONUnderV235-1930161939-project-member', 'project_domain_id': 'default', 'project_domain_name': 'Default', 'project_id': '345f8b74ea8b4a0e81ce9dcd11738fba', 'project_name': 'tempest-ServerRescueTestJSONUnderV235-1930161939', 'tenant_id': '345f8b74ea8b4a0e81ce9dcd11738fba', 'tenant_name': 'tempest-ServerRescueTestJSONUnderV235-1930161939', 'user_domain_id': 'default', 'user_domain_name': 'Default', 'user_id': 'd1d4ed21af1f4c818d67168e9d667bc9', 'system': None}, Network: None, Subnet: None, Router: None
2025-02-12 19:39:27.588 62712 INFO tempest.lib.common.rest_client [req-84c3607d-9d9b-4cd3-9292-b5f38d377563 req-84c3607d-9d9b-4cd3-9292-b5f38d377563 ] Request (ServerRescueTestJSONUnderV235:setUpClass): 201 POST http://10.180.1.21/identity/v3/auth/tokens 0.061s
2025-02-12 19:39:27.713 62708 INFO tempest.lib.common.rest_client [req-86ed2cd0-be9b-4d42-befa-367bb7229edd req-86ed2cd0-be9b-4d42-befa-367bb7229edd ] Request (ServerMetadataNegativeTestJSON:tearDownClass): 200 GET http://10.180.1.21/compute/v2.1/servers/649d5de9-956f-4def-8685-ba7415cd08b9 0.920s
2025-02-12 19:39:27.829 62712 INFO tempest.lib.common.rest_client [req-7c67a737-0085-4b9a-89f5-9e617fb83e7e req-7c67a737-0085-4b9a-89f5-9e617fb83e7e ] Request (ServerRescueTestJSONUnderV235:setUpClass): 201 POST http://10.180.1.21:9696/networking/v2.0/networks 0.240s
2025-02-12 19:39:27.935 62700 INFO tempest.lib.common.rest_client [req-aee02987-5787-4441-97f8-b6aca0e3f3a6 req-aee02987-5787-4441-97f8-b6aca0e3f3a6 ] Request (ServerRescueTestJSON:setUpClass): 202 POST http://10.180.1.21/compute/v2.1/servers 1.333s
2025-02-12 19:39:27.993 62712 INFO tempest.lib.common.rest_client [req-a8f1f7f6-297d-4074-b9e1-a27059b518c0 req-a8f1f7f6-297d-4074-b9e1-a27059b518c0 ] Request (ServerRescueTestJSONUnderV235:setUpClass): 201 POST http://10.180.1.21:9696/networking/v2.0/subnets 0.164s
2025-02-12 19:39:28.004 62704 INFO tempest.lib.common.rest_client [req-654d0987-86cf-45d3-a8f5-bc427930a46b req-654d0987-86cf-45d3-a8f5-bc427930a46b ] Request (ServersAdminNegativeTestJSON:test_migrate_server_invalid_state): 200 GET http://10.180.1.21/compute/v2.1/servers/335bf211-7b01-4e6a-88b1-9400a29bc3ac 1.052s
2025-02-12 19:39:28.103 62726 INFO tempest.lib.common.rest_client [req-f8dda1de-3ee3-4fe5-96fc-ed97a0fdafa3 req-f8dda1de-3ee3-4fe5-96fc-ed97a0fdafa3 ] Request (ServerPasswordTestJSON:setUpClass): 200 GET http://10.180.1.21/compute/v2.1/servers/bfcf8aba-1e16-421b-94dd-6eb8252e7de0 1.066s
2025-02-12 19:39:28.217 62732 INFO tempest.lib.common.rest_client [req-1456cc27-7099-4d35-88b4-ce9343a67941 req-1456cc27-7099-4d35-88b4-ce9343a67941 ] Request (FloatingIPsAssociationTestJSON:tearDownClass): 200 GET http://10.180.1.21/compute/v2.1/servers/00fdb372-683f-4552-a771-976703866093 1.142s
2025-02-12 19:39:28.265 62740 INFO tempest.lib.common.rest_client [req-f1379f11-5ac9-4b49-8738-79a3037ed8e6 req-f1379f11-5ac9-4b49-8738-79a3037ed8e6 ] Request (ImagesOneServerTestJSON:test_create_image_specify_multibyte_character_image_name): 200 GET http://10.180.1.21/compute/v2.1/images/32603b2b-51d1-49a1-9927-b078f2ada7fd 1.175s
2025-02-12 19:39:28.272 62694 INFO tempest.lib.common.rest_client [req-d5e3061d-b952-4e2a-a959-bad679d6efa1 req-d5e3061d-b952-4e2a-a959-bad679d6efa1 ] Request (SecurityGroupsTestJSON:test_security_groups_create_list_delete): 202 DELETE http://10.180.1.21/compute/v2.1/os-security-groups/1ef85cf1-f40b-4406-b3fa-ed403a658134 1.298s
2025-02-12 19:39:28.359 62692 INFO tempest.lib.common.rest_client [req-935442ad-9782-4fdb-9d63-943dcc0cc3d3 req-935442ad-9782-4fdb-9d63-943dcc0cc3d3 ] Request (AttachInterfacesV270Test:test_create_get_list_interfaces): 200 GET http://10.180.1.21/compute/v2.1/servers/73b7df84-b690-4c23-8447-f42ba4f125f9 1.185s
2025-02-12 19:39:28.365 62682 INFO tempest.lib.common.rest_client [req-98409f41-0434-4522-8e48-39fad068094b req-98409f41-0434-4522-8e48-39fad068094b ] Request (ImagesTestJSON:test_create_image_from_stopped_server): 200 GET http://10.180.1.21/compute/v2.1/servers/7d0875a3-45fa-4674-a40b-47ecd0e6b9e3 1.187s
2025-02-12 19:39:28.434 62722 INFO tempest.lib.common.rest_client [req-35f76613-e6bc-4ccf-8099-124754f69409 req-35f76613-e6bc-4ccf-8099-124754f69409 ] Request (ServersAdmin275Test:test_rebuild_update_server_275): 200 GET http://10.180.1.21/compute/v2.1/servers/0b810725-d832-4760-b60b-ec2c6ace3050 1.178s
2025-02-12 19:39:28.445 62684 INFO tempest.lib.common.rest_client [req-4da6ca3e-fcc9-4953-8391-f5618f90f7d7 req-4da6ca3e-fcc9-4953-8391-f5618f90f7d7 ] Request (ServersNegativeTestJSON:setUpClass): 200 GET http://10.180.1.21/compute/v2.1/servers/2c5fd2c9-7f60-4fea-9f82-53cbb58b55d5 1.133s
2025-02-12 19:39:28.455 62690 WARNING tempest.lib.common.ssh [-] Failed to establish authenticated ssh connection to cirros@10.180.180.251 ([Errno None] Unable to connect to port 22 on 10.180.180.251). Number attempts: 3. Retry after 4 seconds.: paramiko.ssh_exception.NoValidConnectionsError: [Errno None] Unable to connect to port 22 on 10.180.180.251
2025-02-12 19:39:28.463 62696 INFO tempest.lib.common.rest_client [req-30a29b69-98d6-489e-a345-39b01a365569 req-30a29b69-98d6-489e-a345-39b01a365569 ] Request (FloatingIPDetailsTestJSON:tearDownClass): 200 PUT http://10.180.1.21:9696/networking/v2.0/routers/4a3f3522-1019-4787-ba37-9ddc14384de3/remove_router_interface 1.560s
2025-02-12 19:39:28.513 62688 INFO tempest.lib.common.rest_client [req-c5ecc2c2-7812-4ad3-8a7b-de39899cab28 req-c5ecc2c2-7812-4ad3-8a7b-de39899cab28 ] Request (MigrationsAdminTest:test_list_migrations_in_flavor_resize_situation): 200 GET http://10.180.1.21/compute/v2.1/servers/d31cec87-f24e-40d0-aa22-462f2eb62ea2 0.880s
2025-02-12 19:39:28.526 62700 INFO tempest.lib.common.rest_client [req-59975603-145c-491d-ac05-53a15a14ad8f req-59975603-145c-491d-ac05-53a15a14ad8f ] Request (ServerRescueTestJSON:setUpClass): 200 GET http://10.180.1.21/compute/v2.1/servers/7ea8e176-5744-4efd-85c3-f2a4511ffd4a 0.589s
2025-02-12 19:39:28.644 62698 INFO tempest.lib.common.rest_client [req-bf28190a-6ab6-480b-9bab-92e704dbf6d2 req-bf28190a-6ab6-480b-9bab-92e704dbf6d2 ] Request (ServerRescueNegativeTestJSON:setUpClass): 200 GET http://10.180.1.21/compute/v2.1/servers/2932b01a-b89d-4a34-8df8-fd8e2c165b8e 0.589s
2025-02-12 19:39:28.722 62736 INFO tempest.lib.common.rest_client [req-93de7976-ca78-4844-88f7-fc74c4ec62a7 req-93de7976-ca78-4844-88f7-fc74c4ec62a7 ] Request (ServersAaction247Test:test_create_backup): 200 GET http://10.180.1.21/compute/v2.1/servers/2a62103a-6e07-4750-a992-3787b0622e11 0.599s
2025-02-12 19:39:28.735 62728 INFO tempest.lib.common.rest_client [req-8424fcea-c9d9-4925-9cc6-7b8b43143069 req-8424fcea-c9d9-4925-9cc6-7b8b43143069 ] Request (DeleteServersAdminTestJSON:test_delete_server_while_in_error_state): 200 GET http://10.180.1.21/compute/v2.1/servers/fe6b62e5-bb01-4e3d-a99e-bdbc026174ec 0.650s
2025-02-12 19:39:28.762 62744 INFO tempest.lib.common.rest_client [req-1983d194-a9d6-4ae0-94e4-09570973b9e5 req-1983d194-a9d6-4ae0-94e4-09570973b9e5 ] Request (ListServersNegativeTestJSON:tearDownClass): 404 GET http://10.180.1.21/compute/v2.1/servers/b4f18c46-ac56-4253-add1-6586dd207c92 0.533s
2025-02-12 19:39:28.784 62738 INFO tempest.lib.common.rest_client [req-71315744-b933-47ee-a789-828d38625ebf req-71315744-b933-47ee-a789-828d38625ebf ] Request (ServersAdminTestJSON:test_create_server_with_scheduling_hint): 200 GET http://10.180.1.21/compute/v2.1/servers/c795eecf-f6ac-4afa-b944-67ec3f8fdb7d 0.616s
2025-02-12 19:39:28.807 62740 INFO tempest.lib.common.rest_client [req-0a7ed57c-de2a-4542-9e52-f8b1dce5048b req-0a7ed57c-de2a-4542-9e52-f8b1dce5048b ] Request (ImagesOneServerTestJSON:test_create_image_specify_multibyte_character_image_name): 200 GET http://10.180.1.21/compute/v2.1/images/32603b2b-51d1-49a1-9927-b078f2ada7fd 0.539s
2025-02-12 19:39:28.807 62694 INFO tempest.lib.common.rest_client [req-5f6af7f4-2a9e-475e-938b-444f5dc1f44b req-5f6af7f4-2a9e-475e-938b-444f5dc1f44b ] Request (SecurityGroupsTestJSON:test_security_groups_create_list_delete): 404 GET http://10.180.1.21/compute/v2.1/os-security-groups/1ef85cf1-f40b-4406-b3fa-ed403a658134 0.535s
2025-02-12 19:39:28.877 62720 INFO tempest.lib.common.rest_client [req-59d498c5-b3cd-4d51-9d6d-389581f045e9 req-59d498c5-b3cd-4d51-9d6d-389581f045e9 ] Request (ImagesOneServerNegativeTestJSON:setUpClass): 200 GET http://10.180.1.21/compute/v2.1/servers/bc34c2d9-69e1-4d65-8d0f-efdfd2b73814 0.567s
2025-02-12 19:39:28.924 62712 INFO tempest.lib.common.rest_client [req-7523c2ff-1ed9-464c-ad6b-0a0d6d0d4ffa req-7523c2ff-1ed9-464c-ad6b-0a0d6d0d4ffa ] Request (ServerRescueTestJSONUnderV235:setUpClass): 201 POST http://10.180.1.21:9696/networking/v2.0/routers 0.930s
2025-02-12 19:39:28.983 62716 INFO tempest.lib.common.rest_client [req-b91b3083-5636-4fe6-8c0b-8d37302d75cc req-b91b3083-5636-4fe6-8c0b-8d37302d75cc ] Request (ImagesNegativeTestJSON:test_create_image_from_deleted_server): 200 GET http://10.180.1.21/compute/v2.1/servers/6c9141a2-8ff3-48ff-a73e-49a5f538b7c0 0.533s
2025-02-12 19:39:29.073 62744 INFO tempest.lib.common.rest_client [req-f19e8f3e-1614-48ba-849b-355619c2120d req-f19e8f3e-1614-48ba-849b-355619c2120d ] Request (ListServersNegativeTestJSON:tearDownClass): 200 GET http://10.180.1.21/compute/v2.1/servers/5beb891b-8d68-4838-8fd0-8a24604c26fb 0.310s
2025-02-12 19:39:29.093 62708 INFO tempest.lib.common.rest_client [req-b924b168-0bc7-4acc-9da8-9d9291417565 req-b924b168-0bc7-4acc-9da8-9d9291417565 ] Request (ServerMetadataNegativeTestJSON:tearDownClass): 200 GET http://10.180.1.21/compute/v2.1/servers/649d5de9-956f-4def-8685-ba7415cd08b9 0.371s
2025-02-12 19:39:29.159 62696 INFO tempest.lib.common.rest_client [req-2c5896ab-38fe-49d4-97b8-b871850b1f7c req-2c5896ab-38fe-49d4-97b8-b871850b1f7c ] Request (FloatingIPDetailsTestJSON:tearDownClass): 204 DELETE http://10.180.1.21:9696/networking/v2.0/routers/4a3f3522-1019-4787-ba37-9ddc14384de3 0.695s
2025-02-12 19:39:29.329 62694 INFO tempest.lib.common.rest_client [req-8a2b7881-d3bf-475b-9a0b-1d8e3aa50c49 req-8a2b7881-d3bf-475b-9a0b-1d8e3aa50c49 ] Request (SecurityGroupsTestJSON:test_security_groups_create_list_delete): 202 DELETE http://10.180.1.21/compute/v2.1/os-security-groups/ef1de7a2-58b4-4437-a898-b38aba3abb3d 0.521s
2025-02-12 19:39:29.329 62740 INFO tempest.lib.common.rest_client [req-30a95493-b6f7-4673-8be9-72794f9882ad req-30a95493-b6f7-4673-8be9-72794f9882ad ] Request (ImagesOneServerTestJSON:test_create_image_specify_multibyte_character_image_name): 200 GET http://10.180.1.21/compute/v2.1/servers/0ade04eb-abe5-493f-9076-d16f5ad36da7 0.519s
2025-02-12 19:39:29.341 62696 INFO tempest.lib.common.rest_client [req-92fd3c5e-f684-4eeb-a5d4-1f6ac4864813 req-92fd3c5e-f684-4eeb-a5d4-1f6ac4864813 ] Request (FloatingIPDetailsTestJSON:tearDownClass): 204 DELETE http://10.180.1.21:9696/networking/v2.0/subnets/a90d6b5c-7867-44ce-9e72-0c809b8c6437 0.181s
2025-02-12 19:39:29.414 62726 INFO tempest.lib.common.rest_client [req-16a91926-4d95-496a-af85-1401a78e15ae req-16a91926-4d95-496a-af85-1401a78e15ae ] Request (ServerPasswordTestJSON:setUpClass): 200 GET http://10.180.1.21/compute/v2.1/servers/bfcf8aba-1e16-421b-94dd-6eb8252e7de0 0.300s
2025-02-12 19:39:29.473 62704 INFO tempest.lib.common.rest_client [req-7cecb1e2-2f69-4b66-a5f3-052bd390836a req-7cecb1e2-2f69-4b66-a5f3-052bd390836a ] Request (ServersAdminNegativeTestJSON:test_migrate_server_invalid_state): 200 GET http://10.180.1.21/compute/v2.1/servers/335bf211-7b01-4e6a-88b1-9400a29bc3ac 0.456s
2025-02-12 19:39:29.481 62704 INFO tempest.common.waiters [-] State transition "BUILD/spawning" ==> "ACTIVE/None" after 55 second wait
2025-02-12 19:39:29.482 62732 INFO tempest.lib.common.rest_client [req-d26fb465-4691-4ced-bfb9-e20edae85316 req-d26fb465-4691-4ced-bfb9-e20edae85316 ] Request (FloatingIPsAssociationTestJSON:tearDownClass): 200 GET http://10.180.1.21/compute/v2.1/servers/00fdb372-683f-4552-a771-976703866093 0.251s
2025-02-12 19:39:29.496 62694 INFO tempest.lib.common.rest_client [req-3026083e-a8c5-4d60-bf11-603b607bc9fa req-3026083e-a8c5-4d60-bf11-603b607bc9fa ] Request (SecurityGroupsTestJSON:test_security_groups_create_list_delete): 404 GET http://10.180.1.21/compute/v2.1/os-security-groups/ef1de7a2-58b4-4437-a898-b38aba3abb3d 0.166s
2025-02-12 19:39:29.553 62682 INFO tempest.lib.common.rest_client [req-2768d37a-3b41-431c-86e6-70a21514fb2c req-2768d37a-3b41-431c-86e6-70a21514fb2c ] Request (ImagesTestJSON:test_create_image_from_stopped_server): 200 GET http://10.180.1.21/compute/v2.1/servers/7d0875a3-45fa-4674-a40b-47ecd0e6b9e3 0.177s
2025-02-12 19:39:29.556 62692 INFO tempest.lib.common.rest_client [req-8eb5ea8e-fdd3-4134-8c3b-11d3662930f5 req-8eb5ea8e-fdd3-4134-8c3b-11d3662930f5 ] Request (AttachInterfacesV270Test:test_create_get_list_interfaces): 200 GET http://10.180.1.21/compute/v2.1/servers/73b7df84-b690-4c23-8447-f42ba4f125f9 0.186s
2025-02-12 19:39:29.618 62722 INFO tempest.lib.common.rest_client [req-b5698cb0-7cc3-43e7-a9b3-2ac14ca84267 req-b5698cb0-7cc3-43e7-a9b3-2ac14ca84267 ] Request (ServersAdmin275Test:test_rebuild_update_server_275): 200 GET http://10.180.1.21/compute/v2.1/servers/0b810725-d832-4760-b60b-ec2c6ace3050 0.173s
2025-02-12 19:39:29.622 62684 INFO tempest.lib.common.rest_client [req-9c92e666-f300-4715-8e87-d459bdc34828 req-9c92e666-f300-4715-8e87-d459bdc34828 ] Request (ServersNegativeTestJSON:setUpClass): 200 GET http://10.180.1.21/compute/v2.1/servers/2c5fd2c9-7f60-4fea-9f82-53cbb58b55d5 0.156s
2025-02-12 19:39:29.717 62694 INFO tempest.lib.common.rest_client [req-27a4fe68-8dc4-45ee-aa3f-0aab401103f6 req-27a4fe68-8dc4-45ee-aa3f-0aab401103f6 ] Request (SecurityGroupsTestJSON:test_security_groups_create_list_delete): 202 DELETE http://10.180.1.21/compute/v2.1/os-security-groups/10b05759-2346-425f-bd82-a9479200ac9e 0.221s
2025-02-12 19:39:29.720 62704 INFO tempest.lib.common.rest_client [req-76fa8406-531c-495a-b21a-519e138ab0e4 req-76fa8406-531c-495a-b21a-519e138ab0e4 ] Request (ServersAdminNegativeTestJSON:test_migrate_server_invalid_state): 202 POST http://10.180.1.21/compute/v2.1/servers/335bf211-7b01-4e6a-88b1-9400a29bc3ac/action 0.238s
2025-02-12 19:39:29.785 62700 INFO tempest.lib.common.rest_client [req-ee473e64-8e9e-4f35-b9f2-e0e71f64f393 req-ee473e64-8e9e-4f35-b9f2-e0e71f64f393 ] Request (ServerRescueTestJSON:setUpClass): 200 GET http://10.180.1.21/compute/v2.1/servers/7ea8e176-5744-4efd-85c3-f2a4511ffd4a 0.247s
2025-02-12 19:39:29.787 62688 INFO tempest.lib.common.rest_client [req-9b4a966d-6055-42dc-82cd-0746f6310d21 req-9b4a966d-6055-42dc-82cd-0746f6310d21 ] Request (MigrationsAdminTest:test_list_migrations_in_flavor_resize_situation): 200 GET http://10.180.1.21/compute/v2.1/servers/d31cec87-f24e-40d0-aa22-462f2eb62ea2 0.263s
2025-02-12 19:39:29.797 62688 INFO tempest.common.waiters [-] State transition "BUILD/scheduling" ==> "BUILD/None" after 41 second wait
2025-02-12 19:39:29.808 62694 INFO tempest.lib.common.rest_client [req-66740839-4666-4a99-af01-4eaf9f274c8e req-66740839-4666-4a99-af01-4eaf9f274c8e ] Request (SecurityGroupsTestJSON:test_security_groups_create_list_delete): 404 GET http://10.180.1.21/compute/v2.1/os-security-groups/10b05759-2346-425f-bd82-a9479200ac9e 0.091s
2025-02-12 19:39:29.839 62698 INFO tempest.lib.common.rest_client [req-41856512-015c-4677-ab03-f515162664b1 req-41856512-015c-4677-ab03-f515162664b1 ] Request (ServerRescueNegativeTestJSON:setUpClass): 200 GET http://10.180.1.21/compute/v2.1/servers/2932b01a-b89d-4a34-8df8-fd8e2c165b8e 0.185s
2025-02-12 19:39:29.859 62696 INFO tempest.lib.common.rest_client [req-d565440e-f5c2-41eb-9b82-b39ade0bcb7d req-d565440e-f5c2-41eb-9b82-b39ade0bcb7d ] Request (FloatingIPDetailsTestJSON:tearDownClass): 204 DELETE http://10.180.1.21:9696/networking/v2.0/networks/223130a1-9f8e-4bbb-b301-786052c364e1 0.518s
2025-02-12 19:39:29.860 62686 WARNING tempest.lib.common.ssh [-] Failed to establish authenticated ssh connection to cirros@10.180.180.206 ([Errno None] Unable to connect to port 22 on 10.180.180.206). Number attempts: 5. Retry after 6 seconds.: paramiko.ssh_exception.NoValidConnectionsError: [Errno None] Unable to connect to port 22 on 10.180.180.206
2025-02-12 19:39:29.898 62736 INFO tempest.lib.common.rest_client [req-692f1f33-9c58-40ac-95f4-eb49f3412c4d req-692f1f33-9c58-40ac-95f4-eb49f3412c4d ] Request (ServersAaction247Test:test_create_backup): 200 GET http://10.180.1.21/compute/v2.1/servers/2a62103a-6e07-4750-a992-3787b0622e11 0.163s
2025-02-12 19:39:29.942 62696 INFO tempest.lib.common.rest_client [req-f2b60182-ef42-4986-9119-919de09e2896 req-f2b60182-ef42-4986-9119-919de09e2896 ] Request (FloatingIPDetailsTestJSON:tearDownClass): 204 DELETE http://10.180.1.21/identity/v3/users/ef7b010ccd5149cc8a8438057a15697a 0.082s
2025-02-12 19:39:29.942 62696 INFO tempest.lib.common.dynamic_creds [-] Deleting project and security group for project: d4f1127ba1f2406bb6c9a9d991f5091f
2025-02-12 19:39:29.977 62696 INFO tempest.lib.common.rest_client [req-cb91adba-befd-4bf5-b28d-440d5dddd530 req-cb91adba-befd-4bf5-b28d-440d5dddd530 ] Request (FloatingIPDetailsTestJSON:tearDownClass): 200 GET http://10.180.1.21:9696/networking/v2.0/security-groups?tenant_id=d4f1127ba1f2406bb6c9a9d991f5091f&name=default 0.034s
2025-02-12 19:39:29.988 62714 WARNING tempest.lib.common.ssh [-] Failed to establish authenticated ssh connection to cirros@10.180.180.212 ([Errno None] Unable to connect to port 22 on 10.180.180.212). Number attempts: 7. Retry after 8 seconds.: paramiko.ssh_exception.NoValidConnectionsError: [Errno None] Unable to connect to port 22 on 10.180.180.212
2025-02-12 19:39:30.045 62728 INFO tempest.lib.common.rest_client [req-7bbafa52-bf97-4fe4-b739-5574b68e70fa req-7bbafa52-bf97-4fe4-b739-5574b68e70fa ] Request (DeleteServersAdminTestJSON:test_delete_server_while_in_error_state): 200 GET http://10.180.1.21/compute/v2.1/servers/fe6b62e5-bb01-4e3d-a99e-bdbc026174ec 0.301s
2025-02-12 19:39:30.063 62704 INFO tempest.lib.common.rest_client [req-f8013ff7-c587-4b25-9836-e227fd5d99ac req-f8013ff7-c587-4b25-9836-e227fd5d99ac ] Request (ServersAdminNegativeTestJSON:test_migrate_server_invalid_state): 200 GET http://10.180.1.21/compute/v2.1/servers/335bf211-7b01-4e6a-88b1-9400a29bc3ac 0.341s
2025-02-12 19:39:30.114 62738 INFO tempest.lib.common.rest_client [req-21b1833c-740b-4655-aead-b32fbb57c1be req-21b1833c-740b-4655-aead-b32fbb57c1be ] Request (ServersAdminTestJSON:test_create_server_with_scheduling_hint): 200 GET http://10.180.1.21/compute/v2.1/servers/c795eecf-f6ac-4afa-b944-67ec3f8fdb7d 0.320s
