2025-02-12 19:38:50.962 62744 INFO tempest.lib.common.rest_client [req-b3072f00-1aa7-43f1-8e9e-bb7b6ed74000 req-b3072f00-1aa7-43f1-8e9e-bb7b6ed74000 ] Request (ListServersNegativeTestJSON:test_list_servers_by_changes_since_future_date): 200 GET http://10.180.1.21/compute/v2.1/servers?changes-since=2051-01-01T12%3A34%3A00Z&status=ACTIVE 0.099s
2025-02-12 19:38:50.988 62744 INFO tempest.lib.common.rest_client [req-10bd3724-387e-4e49-8509-74ddabb8d47e req-10bd3724-387e-4e49-8509-74ddabb8d47e ] Request (ListServersNegativeTestJSON:test_list_servers_by_changes_since_invalid_date): 400 GET http://10.180.1.21/compute/v2.1/servers?changes-since=2011%2F01%2F01 0.013s
2025-02-12 19:38:50.990 62684 INFO tempest.lib.common.rest_client [req-1b2da487-514d-40bb-8842-23430e302f58 req-1b2da487-514d-40bb-8842-23430e302f58 ] Request (ServersNegativeTestJSON:setUpClass): 201 POST http://10.180.1.21:9696/networking/v2.0/subnets 0.220s
2025-02-12 19:38:51.044 62744 INFO tempest.lib.common.rest_client [req-d9b64ff2-002f-4487-8d59-5173eb2ed957 req-d9b64ff2-002f-4487-8d59-5173eb2ed957 ] Request (ListServersNegativeTestJSON:test_list_servers_by_limits_greater_than_actual_count): 200 GET http://10.180.1.21/compute/v2.1/servers 0.054s
2025-02-12 19:38:51.110 62744 INFO tempest.lib.common.rest_client [req-03698b86-ad42-4125-a5bc-602c71725847 req-03698b86-ad42-4125-a5bc-602c71725847 ] Request (ListServersNegativeTestJSON:test_list_servers_by_limits_greater_than_actual_count): 200 GET http://10.180.1.21/compute/v2.1/servers?limit=102 0.058s
2025-02-12 19:38:51.287 62712 INFO tempest.lib.common.rest_client [req-1ab759a9-2aa0-45a6-8aed-1d876acfe1fa req-1ab759a9-2aa0-45a6-8aed-1d876acfe1fa ] Request (InstanceActionsV221TestJSON:test_get_list_deleted_instance_actions): 200 GET http://10.180.1.21/compute/v2.1/servers/47590f9c-00c0-4c63-99e0-196d2bf80f25 0.234s
2025-02-12 19:38:51.295 62740 INFO tempest.lib.common.rest_client [req-5b6245fb-f8fc-428d-b401-e8f1625a4fcb req-5b6245fb-f8fc-428d-b401-e8f1625a4fcb ] Request (ImagesOneServerTestJSON:setUpClass): 200 GET http://10.180.1.21/compute/v2.1/servers/0ade04eb-abe5-493f-9076-d16f5ad36da7 0.299s
2025-02-12 19:38:51.342 62690 INFO tempest.lib.common.rest_client [req-ab08291b-dfd4-437b-9961-1b3057793bac req-ab08291b-dfd4-437b-9961-1b3057793bac ] Request (AttachInterfacesTestJSON:test_create_list_show_delete_interfaces_by_fixed_ip): 200 GET http://10.180.1.21/compute/v2.1/servers/28bfc61c-df62-49ff-807d-bd6845f6307a 0.280s
2025-02-12 19:38:51.348 62744 INFO tempest.lib.common.rest_client [req-8a5363cc-77cc-4b6d-8d5e-b87d54ebbe77 req-8a5363cc-77cc-4b6d-8d5e-b87d54ebbe77 ] Request (ListServersNegativeTestJSON:test_list_servers_by_limits_pass_negative_value): 400 GET http://10.180.1.21/compute/v2.1/servers?limit=-1 0.233s
2025-02-12 19:38:51.396 62726 INFO tempest.lib.common.rest_client [req-1bdacff2-98fc-4784-ad47-6cb1de06d6ab req-1bdacff2-98fc-4784-ad47-6cb1de06d6ab ] Request (ServerPasswordTestJSON:setUpClass): 200 GET http://10.180.1.21/compute/v2.1/servers/bfcf8aba-1e16-421b-94dd-6eb8252e7de0 0.295s
2025-02-12 19:38:51.416 62700 INFO tempest.lib.common.rest_client [req-95dedc88-c530-40d4-9ca4-4bfcae9403d6 req-95dedc88-c530-40d4-9ca4-4bfcae9403d6 ] Request (FloatingIPsTestJSON:setUpClass): 201 POST http://10.180.1.21:9696/networking/v2.0/networks 0.543s
2025-02-12 19:38:51.430 62692 INFO tempest.lib.common.rest_client [req-6d087759-3894-497c-b08d-0c1c2e2d6cbb req-6d087759-3894-497c-b08d-0c1c2e2d6cbb ] Request (AttachInterfacesV270Test:test_create_get_list_interfaces): 200 GET http://10.180.1.21/compute/v2.1/servers/73b7df84-b690-4c23-8447-f42ba4f125f9 0.230s
2025-02-12 19:38:51.468 62682 INFO tempest.lib.common.rest_client [req-8aa96bf5-9039-461b-bdfd-7129fd7bbf72 req-8aa96bf5-9039-461b-bdfd-7129fd7bbf72 ] Request (ImagesTestJSON:test_create_image_from_stopped_server): 200 GET http://10.180.1.21/compute/v2.1/servers/7d0875a3-45fa-4674-a40b-47ecd0e6b9e3 0.198s
2025-02-12 19:38:51.474 62744 INFO tempest.lib.common.rest_client [req-4d4d57cc-4c14-4fd3-a734-a6aa1121690d req-4d4d57cc-4c14-4fd3-a734-a6aa1121690d ] Request (ListServersNegativeTestJSON:test_list_servers_by_limits_pass_string): 400 GET http://10.180.1.21/compute/v2.1/servers?limit=testing 0.125s
2025-02-12 19:38:51.524 62718 WARNING tempest.lib.common.ssh [-] Failed to establish authenticated ssh connection to cirros@10.180.180.209 ([Errno None] Unable to connect to port 22 on 10.180.180.209). Number attempts: 4. Retry after 5 seconds.: paramiko.ssh_exception.NoValidConnectionsError: [Errno None] Unable to connect to port 22 on 10.180.180.209
2025-02-12 19:38:51.525 62710 WARNING tempest.lib.common.ssh [-] Failed to establish authenticated ssh connection to cirros@10.180.180.176 ([Errno None] Unable to connect to port 22 on 10.180.180.176). Number attempts: 2. Retry after 3 seconds.: paramiko.ssh_exception.NoValidConnectionsError: [Errno None] Unable to connect to port 22 on 10.180.180.176
2025-02-12 19:38:51.560 62722 INFO tempest.lib.common.rest_client [req-06b2b0ab-7874-4e1e-8483-5874b84d5c06 req-06b2b0ab-7874-4e1e-8483-5874b84d5c06 ] Request (ServersAdmin275Test:test_rebuild_update_server_275): 200 GET http://10.180.1.21/compute/v2.1/servers/0b810725-d832-4760-b60b-ec2c6ace3050 0.187s
2025-02-12 19:38:51.641 62694 INFO tempest.lib.common.rest_client [req-a7640abc-c36f-47ce-9c03-0449493fce5a req-a7640abc-c36f-47ce-9c03-0449493fce5a ] Request (SecurityGroupsTestJSON:test_list_security_groups_by_server): 200 GET http://10.180.1.21/compute/v2.1/servers/724107ad-1ffc-4bbb-9004-41b95330b0fd 0.198s
2025-02-12 19:38:51.677 62734 INFO tempest.lib.common.rest_client [req-6c2cd2b6-09e3-47e9-aac6-1c18defec42d req-6c2cd2b6-09e3-47e9-aac6-1c18defec42d ] Request (ServersTestFqdnHostnames:test_create_server_with_fqdn_name): 200 GET http://10.180.1.21/compute/v2.1/servers/d33fe490-c5b2-4223-bf8e-b95ce7293fd6 0.382s
2025-02-12 19:38:51.694 62744 INFO tempest.lib.common.rest_client [req-f7df990b-626f-491b-b481-0c30ea1c7e29 req-f7df990b-626f-491b-b481-0c30ea1c7e29 ] Request (ListServersNegativeTestJSON:test_list_servers_by_non_existing_flavor): 200 GET http://10.180.1.21/compute/v2.1/servers?flavor=non_existing_flavor 0.218s
2025-02-12 19:38:51.782 62688 INFO tempest.lib.common.rest_client [req-3cf7ef9d-b311-4f48-83b6-1d5d948d1e6f req-3cf7ef9d-b311-4f48-83b6-1d5d948d1e6f ] Request (MigrationsAdminTest:test_list_migrations_in_flavor_resize_situation): 200 GET http://10.180.1.21/compute/v2.1/servers/d31cec87-f24e-40d0-aa22-462f2eb62ea2 0.277s
2025-02-12 19:38:51.863 62686 INFO tempest.lib.common.rest_client [req-0b2533d3-b53d-4e19-91b3-7db3e06b9627 req-0b2533d3-b53d-4e19-91b3-7db3e06b9627 ] Request (ServersTestBootFromVolume:setUpClass): 200 GET http://10.180.1.21/compute/v2.1/servers/75908b19-4042-4f7e-b50a-8d0255bebd6f 0.419s
2025-02-12 19:38:51.865 62732 INFO tempest.lib.common.rest_client [req-fa14ea38-92ee-44c0-be5a-c70e16acc7eb req-fa14ea38-92ee-44c0-be5a-c70e16acc7eb ] Request (FloatingIPsAssociationTestJSON:test_associate_already_associated_floating_ip): 200 GET http://10.180.1.21/compute/v2.1/servers/00fdb372-683f-4552-a771-976703866093 0.341s
2025-02-12 19:38:51.946 62728 INFO tempest.lib.common.rest_client [req-5cf721c8-b4d4-42a3-b34c-b29fead34fbc req-5cf721c8-b4d4-42a3-b34c-b29fead34fbc ] Request (DeleteServersAdminTestJSON:test_delete_server_while_in_error_state): 200 GET http://10.180.1.21/compute/v2.1/servers/fe6b62e5-bb01-4e3d-a99e-bdbc026174ec 0.358s
2025-02-12 19:38:51.959 62708 INFO tempest.lib.common.rest_client [req-5bdf7c73-c7ed-48c7-b9c8-04949f02c153 req-5bdf7c73-c7ed-48c7-b9c8-04949f02c153 ] Request (ServerMetadataNegativeTestJSON:setUpClass): 200 GET http://10.180.1.21/compute/v2.1/servers/649d5de9-956f-4def-8685-ba7415cd08b9 0.398s
2025-02-12 19:38:51.978 62702 WARNING tempest.lib.common.ssh [-] Failed to establish authenticated ssh connection to cirros@10.180.180.166 ([Errno None] Unable to connect to port 22 on 10.180.180.166). Number attempts: 1. Retry after 2 seconds.: paramiko.ssh_exception.NoValidConnectionsError: [Errno None] Unable to connect to port 22 on 10.180.180.166
2025-02-12 19:38:52.029 62738 INFO tempest.lib.common.rest_client [req-e5ccba21-9e46-47b8-bf62-5db84365ff52 req-e5ccba21-9e46-47b8-bf62-5db84365ff52 ] Request (ServersAdminTestJSON:setUpClass): 200 GET http://10.180.1.21/compute/v2.1/servers/d7b994ce-8b34-4d1f-b857-458a40a6fe6c 0.404s
2025-02-12 19:38:52.043 62698 INFO tempest.lib.common.rest_client [req-203b568b-3dbb-4366-aa2a-83875f65d439 req-203b568b-3dbb-4366-aa2a-83875f65d439 ] Request (ServerRescueNegativeTestJSON:setUpClass): 200 GET http://10.180.1.21/compute/v2.1/servers/2932b01a-b89d-4a34-8df8-fd8e2c165b8e 0.381s
2025-02-12 19:38:52.098 62744 INFO tempest.lib.common.rest_client [req-6e4ac493-0473-4020-9944-e0764971413a req-6e4ac493-0473-4020-9944-e0764971413a ] Request (ListServersNegativeTestJSON:test_list_servers_by_non_existing_image): 200 GET http://10.180.1.21/compute/v2.1/servers?image=non_existing_image 0.401s
2025-02-12 19:38:52.271 62700 INFO tempest.lib.common.rest_client [req-cb54fc37-69a0-4e46-a748-d93552bbd611 req-cb54fc37-69a0-4e46-a748-d93552bbd611 ] Request (FloatingIPsTestJSON:setUpClass): 201 POST http://10.180.1.21:9696/networking/v2.0/subnets 0.855s
2025-02-12 19:38:52.297 62736 INFO tempest.lib.common.rest_client [req-bafe6255-a953-4771-b09f-11f53d4f10f1 req-bafe6255-a953-4771-b09f-11f53d4f10f1 ] Request (FloatingIPsAssociationNegativeTestJSON:tearDownClass): 200 GET http://10.180.1.21/compute/v2.1/servers/5d8a5902-fe91-45f4-9a5a-0e567426d52c 0.545s
2025-02-12 19:38:52.304 62720 INFO tempest.lib.common.rest_client [req-346dbd90-633f-4a43-a8c0-99fcbc722e52 req-346dbd90-633f-4a43-a8c0-99fcbc722e52 ] Request (ImagesOneServerNegativeTestJSON:setUpClass): 200 GET http://10.180.1.21/compute/v2.1/servers/bc34c2d9-69e1-4d65-8d0f-efdfd2b73814 0.604s
2025-02-12 19:38:52.374 62696 INFO tempest.lib.common.rest_client [req-e654e33e-8074-42b8-991b-295681caaafe req-e654e33e-8074-42b8-991b-295681caaafe ] Request (TenantUsagesTestJSON:tearDownClass): 200 GET http://10.180.1.21/compute/v2.1/servers/f2fc50a2-045d-4f3c-81b9-aab4c1a01be7 0.598s
2025-02-12 19:38:52.379 62716 INFO tempest.lib.common.rest_client [req-413a3864-bef6-43de-83b6-b99fd3800b1c req-413a3864-bef6-43de-83b6-b99fd3800b1c ] Request (ImagesNegativeTestJSON:test_create_image_from_deleted_server): 200 GET http://10.180.1.21/compute/v2.1/servers/6c9141a2-8ff3-48ff-a73e-49a5f538b7c0 0.534s
2025-02-12 19:38:52.448 62730 INFO tempest.lib.common.rest_client [req-9cc5270e-d485-4542-9227-03934530cf8c req-9cc5270e-d485-4542-9227-03934530cf8c ] Request (ServerExternalEventsTest:tearDownClass): 200 GET http://10.180.1.21/compute/v2.1/servers/9a0c83f1-f660-45d9-adc7-7a82fca70272 0.601s
2025-02-12 19:38:52.450 62704 INFO tempest.lib.common.rest_client [req-78cdc43b-1c9f-48d1-8e20-af7cb847f1d7 req-78cdc43b-1c9f-48d1-8e20-af7cb847f1d7 ] Request (ServersAdminNegativeTestJSON:test_migrate_server_invalid_state): 200 GET http://10.180.1.21/compute/v2.1/servers/335bf211-7b01-4e6a-88b1-9400a29bc3ac 0.544s
2025-02-12 19:38:52.500 62744 INFO tempest.lib.common.rest_client [req-67f16d96-3054-4346-97d7-bb3981122b95 req-67f16d96-3054-4346-97d7-bb3981122b95 ] Request (ListServersNegativeTestJSON:test_list_servers_by_non_existing_server_name): 200 GET http://10.180.1.21/compute/v2.1/servers?name=non_existing_server_name 0.399s
2025-02-12 19:38:52.513 62724 INFO tempest.lib.common.rest_client [req-dbd55f50-b7e8-40b5-b917-9c53e399efd8 req-dbd55f50-b7e8-40b5-b917-9c53e399efd8 ] Request (ServerDiagnosticsV248Test:tearDownClass): 200 GET http://10.180.1.21/compute/v2.1/servers/7b302e72-58de-4b9c-aa9e-902a37184828 0.575s
2025-02-12 19:38:52.581 62712 INFO tempest.lib.common.rest_client [req-7b27be74-30e5-4fb1-a9a8-ec31e08049c2 req-7b27be74-30e5-4fb1-a9a8-ec31e08049c2 ] Request (InstanceActionsV221TestJSON:test_get_list_deleted_instance_actions): 200 GET http://10.180.1.21/compute/v2.1/servers/47590f9c-00c0-4c63-99e0-196d2bf80f25 0.281s
2025-02-12 19:38:52.670 62690 INFO tempest.lib.common.rest_client [req-8b05754d-df1e-4efb-9818-fd3e436512d1 req-8b05754d-df1e-4efb-9818-fd3e436512d1 ] Request (AttachInterfacesTestJSON:test_create_list_show_delete_interfaces_by_fixed_ip): 200 GET http://10.180.1.21/compute/v2.1/servers/28bfc61c-df62-49ff-807d-bd6845f6307a 0.319s
2025-02-12 19:38:52.699 62684 INFO tempest.lib.common.rest_client [req-ff6e9aaa-d8ae-4e46-afa7-a08f956b563d req-ff6e9aaa-d8ae-4e46-afa7-a08f956b563d ] Request (ServersNegativeTestJSON:setUpClass): 201 POST http://10.180.1.21:9696/networking/v2.0/routers 1.709s
2025-02-12 19:38:52.737 62726 INFO tempest.lib.common.rest_client [req-39a0b18b-9194-491f-a645-2c157a700fec req-39a0b18b-9194-491f-a645-2c157a700fec ] Request (ServerPasswordTestJSON:setUpClass): 200 GET http://10.180.1.21/compute/v2.1/servers/bfcf8aba-1e16-421b-94dd-6eb8252e7de0 0.333s
2025-02-12 19:38:52.749 62740 INFO tempest.lib.common.rest_client [req-451a65d7-aa80-4990-a8a5-7331a229bd96 req-451a65d7-aa80-4990-a8a5-7331a229bd96 ] Request (ImagesOneServerTestJSON:setUpClass): 200 GET http://10.180.1.21/compute/v2.1/servers/0ade04eb-abe5-493f-9076-d16f5ad36da7 0.440s
2025-02-12 19:38:52.758 62740 INFO tempest.common.waiters [-] State transition "BUILD/spawning" ==> "ACTIVE/None" after 28 second wait
2025-02-12 19:38:52.813 62692 INFO tempest.lib.common.rest_client [req-e965d7fb-704e-49fa-b242-75a2b994c60c req-e965d7fb-704e-49fa-b242-75a2b994c60c ] Request (AttachInterfacesV270Test:test_create_get_list_interfaces): 200 GET http://10.180.1.21/compute/v2.1/servers/73b7df84-b690-4c23-8447-f42ba4f125f9 0.370s
2025-02-12 19:38:52.831 62682 INFO tempest.lib.common.rest_client [req-4f2c8dea-d9f9-4ccc-8248-b488306d45b6 req-4f2c8dea-d9f9-4ccc-8248-b488306d45b6 ] Request (ImagesTestJSON:test_create_image_from_stopped_server): 200 GET http://10.180.1.21/compute/v2.1/servers/7d0875a3-45fa-4674-a40b-47ecd0e6b9e3 0.350s
2025-02-12 19:38:52.891 62722 INFO tempest.lib.common.rest_client [req-f00e6403-06eb-42ff-ba17-afff8b76a011 req-f00e6403-06eb-42ff-ba17-afff8b76a011 ] Request (ServersAdmin275Test:test_rebuild_update_server_275): 200 GET http://10.180.1.21/compute/v2.1/servers/0b810725-d832-4760-b60b-ec2c6ace3050 0.317s
2025-02-12 19:38:52.947 62694 INFO tempest.lib.common.rest_client [req-7fecd0c3-9a06-43b6-ae18-d80f277066ad req-7fecd0c3-9a06-43b6-ae18-d80f277066ad ] Request (SecurityGroupsTestJSON:test_list_security_groups_by_server): 200 GET http://10.180.1.21/compute/v2.1/servers/724107ad-1ffc-4bbb-9004-41b95330b0fd 0.295s
2025-02-12 19:38:53.033 62744 INFO tempest.lib.common.rest_client [req-412666c3-24db-428a-856d-e0664fab9010 req-412666c3-24db-428a-856d-e0664fab9010 ] Request (ListServersNegativeTestJSON:test_list_servers_detail_server_is_deleted): 200 GET http://10.180.1.21/compute/v2.1/servers/detail 0.529s
2025-02-12 19:38:53.072 62734 INFO tempest.lib.common.rest_client [req-add8de62-9612-41ad-8a06-62afed0fdaf4 req-add8de62-9612-41ad-8a06-62afed0fdaf4 ] Request (ServersTestFqdnHostnames:test_create_server_with_fqdn_name): 200 GET http://10.180.1.21/compute/v2.1/servers/d33fe490-c5b2-4223-bf8e-b95ce7293fd6 0.385s
2025-02-12 19:38:53.136 62700 INFO tempest.lib.common.rest_client [req-b9773c82-c14f-4741-a2a7-5df48db4398d req-b9773c82-c14f-4741-a2a7-5df48db4398d ] Request (FloatingIPsTestJSON:setUpClass): 201 POST http://10.180.1.21:9696/networking/v2.0/routers 0.863s
2025-02-12 19:38:53.146 62688 INFO tempest.lib.common.rest_client [req-32da4ccf-5057-4429-b614-d80ebb437a10 req-32da4ccf-5057-4429-b614-d80ebb437a10 ] Request (MigrationsAdminTest:test_list_migrations_in_flavor_resize_situation): 200 GET http://10.180.1.21/compute/v2.1/servers/d31cec87-f24e-40d0-aa22-462f2eb62ea2 0.355s
2025-02-12 19:38:53.194 62732 INFO tempest.lib.common.rest_client [req-2303fa7a-a2c4-4be3-94ee-001a828458f5 req-2303fa7a-a2c4-4be3-94ee-001a828458f5 ] Request (FloatingIPsAssociationTestJSON:test_associate_already_associated_floating_ip): 200 GET http://10.180.1.21/compute/v2.1/servers/00fdb372-683f-4552-a771-976703866093 0.320s
2025-02-12 19:38:53.289 62686 INFO tempest.lib.common.rest_client [req-aa589fb1-a12c-4808-9ca6-f4c4461c7181 req-aa589fb1-a12c-4808-9ca6-f4c4461c7181 ] Request (ServersTestBootFromVolume:setUpClass): 200 GET http://10.180.1.21/compute/v2.1/servers/75908b19-4042-4f7e-b50a-8d0255bebd6f 0.408s
2025-02-12 19:38:53.352 62728 INFO tempest.lib.common.rest_client [req-23b49136-77ab-4a87-9ec2-952baf2c56c6 req-23b49136-77ab-4a87-9ec2-952baf2c56c6 ] Request (DeleteServersAdminTestJSON:test_delete_server_while_in_error_state): 200 GET http://10.180.1.21/compute/v2.1/servers/fe6b62e5-bb01-4e3d-a99e-bdbc026174ec 0.394s
2025-02-12 19:38:53.362 62728 INFO tempest.common.waiters [-] State transition "BUILD/scheduling" ==> "BUILD/None" after 15 second wait
2025-02-12 19:38:53.399 62708 INFO tempest.lib.common.rest_client [req-2d08596e-f550-458c-ab67-3187c3f1f2af req-2d08596e-f550-458c-ab67-3187c3f1f2af ] Request (ServerMetadataNegativeTestJSON:setUpClass): 200 GET http://10.180.1.21/compute/v2.1/servers/649d5de9-956f-4def-8685-ba7415cd08b9 0.431s
2025-02-12 19:38:53.463 62738 INFO tempest.lib.common.rest_client [req-ddf3325e-f2fc-4567-869d-0c852cc34d50 req-ddf3325e-f2fc-4567-869d-0c852cc34d50 ] Request (ServersAdminTestJSON:setUpClass): 200 GET http://10.180.1.21/compute/v2.1/servers/d7b994ce-8b34-4d1f-b857-458a40a6fe6c 0.425s
2025-02-12 19:38:53.471 62744 INFO tempest.lib.common.rest_client [req-757a2fa1-9fe6-4682-950e-8586154ea77e req-757a2fa1-9fe6-4682-950e-8586154ea77e ] Request (ListServersNegativeTestJSON:test_list_servers_status_non_existing): 200 GET http://10.180.1.21/compute/v2.1/servers?status=non_existing_status 0.424s
2025-02-12 19:38:53.524 62698 INFO tempest.lib.common.rest_client [req-08148bda-eac9-4ec0-8e4d-dfa467960136 req-08148bda-eac9-4ec0-8e4d-dfa467960136 ] Request (ServerRescueNegativeTestJSON:setUpClass): 200 GET http://10.180.1.21/compute/v2.1/servers/2932b01a-b89d-4a34-8df8-fd8e2c165b8e 0.467s
2025-02-12 19:38:53.557 62740 INFO tempest.lib.common.rest_client [req-77261cf9-f4f3-4cf6-8566-ba92cd9e0a9f req-77261cf9-f4f3-4cf6-8566-ba92cd9e0a9f ] Request (ImagesOneServerTestJSON:test_create_delete_image): 202 POST http://10.180.1.21/compute/v2.1/servers/0ade04eb-abe5-493f-9076-d16f5ad36da7/action 0.797s
2025-02-12 19:38:53.586 62736 INFO tempest.lib.common.rest_client [req-a44b6d3b-ac32-4b8f-8eea-6cbe911a0fff req-a44b6d3b-ac32-4b8f-8eea-6cbe911a0fff ] Request (FloatingIPsAssociationNegativeTestJSON:tearDownClass): 200 GET http://10.180.1.21/compute/v2.1/servers/5d8a5902-fe91-45f4-9a5a-0e567426d52c 0.275s
2025-02-12 19:38:53.609 62720 INFO tempest.lib.common.rest_client [req-dd0842f8-b3a4-4424-829b-d21fbafdc966 req-dd0842f8-b3a4-4424-829b-d21fbafdc966 ] Request (ImagesOneServerNegativeTestJSON:setUpClass): 200 GET http://10.180.1.21/compute/v2.1/servers/bc34c2d9-69e1-4d65-8d0f-efdfd2b73814 0.293s
2025-02-12 19:38:53.637 62714 WARNING tempest.lib.common.ssh [-] Failed to establish authenticated ssh connection to cirros@10.180.180.212 ([Errno None] Unable to connect to port 22 on 10.180.180.212). Number attempts: 3. Retry after 4 seconds.: paramiko.ssh_exception.NoValidConnectionsError: [Errno None] Unable to connect to port 22 on 10.180.180.212
2025-02-12 19:38:53.644 62696 INFO tempest.lib.common.rest_client [req-8f9867d1-6087-4447-b34f-5543d0f4ff58 req-8f9867d1-6087-4447-b34f-5543d0f4ff58 ] Request (TenantUsagesTestJSON:tearDownClass): 200 GET http://10.180.1.21/compute/v2.1/servers/f2fc50a2-045d-4f3c-81b9-aab4c1a01be7 0.263s
2025-02-12 19:38:53.659 62716 INFO tempest.lib.common.rest_client [req-0b6ecd65-c323-4d10-954b-41555d0b5270 req-0b6ecd65-c323-4d10-954b-41555d0b5270 ] Request (ImagesNegativeTestJSON:test_create_image_from_deleted_server): 200 GET http://10.180.1.21/compute/v2.1/servers/6c9141a2-8ff3-48ff-a73e-49a5f538b7c0 0.270s
2025-02-12 19:38:53.700 62704 INFO tempest.lib.common.rest_client [req-cdc0afdd-d740-4965-a797-2aea78e4d915 req-cdc0afdd-d740-4965-a797-2aea78e4d915 ] Request (ServersAdminNegativeTestJSON:test_migrate_server_invalid_state): 200 GET http://10.180.1.21/compute/v2.1/servers/335bf211-7b01-4e6a-88b1-9400a29bc3ac 0.240s
2025-02-12 19:38:53.731 62730 INFO tempest.lib.common.rest_client [req-73b65ba1-9456-498b-a4b4-3010c51f2249 req-73b65ba1-9456-498b-a4b4-3010c51f2249 ] Request (ServerExternalEventsTest:tearDownClass): 200 GET http://10.180.1.21/compute/v2.1/servers/9a0c83f1-f660-45d9-adc7-7a82fca70272 0.272s
2025-02-12 19:38:53.825 62724 INFO tempest.lib.common.rest_client [req-12b99c39-512a-4633-b8a0-d7a6a2cbb8a2 req-12b99c39-512a-4633-b8a0-d7a6a2cbb8a2 ] Request (ServerDiagnosticsV248Test:tearDownClass): 200 GET http://10.180.1.21/compute/v2.1/servers/7b302e72-58de-4b9c-aa9e-902a37184828 0.302s
2025-02-12 19:38:53.830 62744 INFO tempest.lib.common.rest_client [req-b156f4bb-27f8-4939-8c2c-6706f02ab900 req-b156f4bb-27f8-4939-8c2c-6706f02ab900 ] Request (ListServersNegativeTestJSON:test_list_servers_with_a_deleted_server): 200 GET http://10.180.1.21/compute/v2.1/servers 0.354s
2025-02-12 19:38:53.839 62724 INFO tempest.common.waiters [-] State transition "ACTIVE/deleting" ==> "DELETED/None" after 5 second wait
2025-02-12 19:38:53.860 62740 INFO tempest.lib.common.rest_client [req-15fdfe90-f940-4791-ad8b-ec120fe70c46 req-15fdfe90-f940-4791-ad8b-ec120fe70c46 ] Request (ImagesOneServerTestJSON:test_create_delete_image): 200 GET http://10.180.1.21/compute/v2.1/images/f0127f9a-5819-4d8b-a28c-bdaee6e7ffd9 0.301s
2025-02-12 19:38:53.911 62712 INFO tempest.lib.common.rest_client [req-d73ec92a-2f72-4c58-b803-ab9900d002f9 req-d73ec92a-2f72-4c58-b803-ab9900d002f9 ] Request (InstanceActionsV221TestJSON:test_get_list_deleted_instance_actions): 200 GET http://10.180.1.21/compute/v2.1/servers/47590f9c-00c0-4c63-99e0-196d2bf80f25 0.318s
2025-02-12 19:38:53.923 62712 INFO tempest.common.waiters [-] State transition "ACTIVE/deleting" ==> "DELETED/None" after 5 second wait
2025-02-12 19:38:53.923 62690 INFO tempest.lib.common.rest_client [req-8e3101c6-667a-49ac-9d04-c831089abf3c req-8e3101c6-667a-49ac-9d04-c831089abf3c ] Request (AttachInterfacesTestJSON:test_create_list_show_delete_interfaces_by_fixed_ip): 200 GET http://10.180.1.21/compute/v2.1/servers/28bfc61c-df62-49ff-807d-bd6845f6307a 0.242s
2025-02-12 19:38:53.976 62726 INFO tempest.lib.common.rest_client [req-631c271d-64fb-4aae-85ba-e14d95a4a9aa req-631c271d-64fb-4aae-85ba-e14d95a4a9aa ] Request (ServerPasswordTestJSON:setUpClass): 200 GET http://10.180.1.21/compute/v2.1/servers/bfcf8aba-1e16-421b-94dd-6eb8252e7de0 0.226s
2025-02-12 19:38:54.000 62692 INFO tempest.lib.common.rest_client [req-76afbb94-dd4b-4b80-9abc-81c2c8c6a5ef req-76afbb94-dd4b-4b80-9abc-81c2c8c6a5ef ] Request (AttachInterfacesV270Test:test_create_get_list_interfaces): 200 GET http://10.180.1.21/compute/v2.1/servers/73b7df84-b690-4c23-8447-f42ba4f125f9 0.171s
2025-02-12 19:38:54.058 62682 INFO tempest.lib.common.rest_client [req-581dc79a-a991-49e3-9cc8-d6a104901945 req-581dc79a-a991-49e3-9cc8-d6a104901945 ] Request (ImagesTestJSON:test_create_image_from_stopped_server): 200 GET http://10.180.1.21/compute/v2.1/servers/7d0875a3-45fa-4674-a40b-47ecd0e6b9e3 0.216s
2025-02-12 19:38:54.090 62744 INFO tempest.lib.common.rest_client [req-cd51af3d-a893-4d92-9dbc-8c8beb6dc4ab req-cd51af3d-a893-4d92-9dbc-8c8beb6dc4ab ] Request (ListServersNegativeTestJSON:tearDownClass): 204 DELETE http://10.180.1.21/compute/v2.1/servers/b4f18c46-ac56-4253-add1-6586dd207c92 0.254s
2025-02-12 19:38:54.152 62722 INFO tempest.lib.common.rest_client [req-855451f5-d72c-47c5-9b46-745994ec885b req-855451f5-d72c-47c5-9b46-745994ec885b ] Request (ServersAdmin275Test:test_rebuild_update_server_275): 200 GET http://10.180.1.21/compute/v2.1/servers/0b810725-d832-4760-b60b-ec2c6ace3050 0.248s
2025-02-12 19:38:54.169 62694 INFO tempest.lib.common.rest_client [req-32805de0-1ddb-4d1c-9a24-0c8f3c8a5f10 req-32805de0-1ddb-4d1c-9a24-0c8f3c8a5f10 ] Request (SecurityGroupsTestJSON:test_list_security_groups_by_server): 200 GET http://10.180.1.21/compute/v2.1/servers/724107ad-1ffc-4bbb-9004-41b95330b0fd 0.207s
2025-02-12 19:38:54.266 62744 INFO tempest.lib.common.rest_client [req-39f4bea5-9da7-47b0-be74-bf1a11d8b990 req-39f4bea5-9da7-47b0-be74-bf1a11d8b990 ] Request (ListServersNegativeTestJSON:tearDownClass): 204 DELETE http://10.180.1.21/compute/v2.1/servers/5beb891b-8d68-4838-8fd0-8a24604c26fb 0.175s
2025-02-12 19:38:54.322 62734 INFO tempest.lib.common.rest_client [req-855841d1-e926-4b2a-9ee4-873a7e4912e2 req-855841d1-e926-4b2a-9ee4-873a7e4912e2 ] Request (ServersTestFqdnHostnames:test_create_server_with_fqdn_name): 200 GET http://10.180.1.21/compute/v2.1/servers/d33fe490-c5b2-4223-bf8e-b95ce7293fd6 0.239s
2025-02-12 19:38:54.336 62688 INFO tempest.lib.common.rest_client [req-e4824fbd-f144-4314-966f-af465fdeb863 req-e4824fbd-f144-4314-966f-af465fdeb863 ] Request (MigrationsAdminTest:test_list_migrations_in_flavor_resize_situation): 200 GET http://10.180.1.21/compute/v2.1/servers/d31cec87-f24e-40d0-aa22-462f2eb62ea2 0.177s
2025-02-12 19:38:54.357 62744 INFO tempest.lib.common.rest_client [req-7d7c7f0e-77b4-4ed9-8bea-3ba6cc81c15c req-7d7c7f0e-77b4-4ed9-8bea-3ba6cc81c15c ] Request (ListServersNegativeTestJSON:tearDownClass): 404 DELETE http://10.180.1.21/compute/v2.1/servers/5a3eb923-5bd9-4d00-ba7f-ac5d148cc1fd 0.090s
2025-02-12 19:38:54.410 62684 INFO tempest.lib.common.rest_client [req-dde02f77-e45a-468d-a9bc-74f00a5fe77e req-dde02f77-e45a-468d-a9bc-74f00a5fe77e ] Request (ServersNegativeTestJSON:setUpClass): 200 PUT http://10.180.1.21:9696/networking/v2.0/routers/4b5eec54-8b7f-464c-8b9c-359477d5725d/add_router_interface 1.710s
2025-02-12 19:38:54.411 62684 INFO tempest.lib.common.dynamic_creds [-] Created isolated network resources for: credentials: Credentials: {'domain_id': 'default', 'domain_name': 'Default', 'username': 'tempest-ServersNegativeTestJSON-1584175878-project-member', 'project_domain_id': 'default', 'project_domain_name': 'Default', 'project_id': '482207a5005c4d969f6312c0078628ab', 'project_name': 'tempest-ServersNegativeTestJSON-1584175878', 'tenant_id': '482207a5005c4d969f6312c0078628ab', 'tenant_name': 'tempest-ServersNegativeTestJSON-1584175878', 'user_domain_id': 'default', 'user_domain_name': 'Default', 'user_id': 'f29637e496a34970aae428ba41fda479', 'system': None}, Network: {'id': 'ccb45640-b300-41af-baa8-42ed1264d3ab', 'name': 'tempest-ServersNegativeTestJSON-367646731-network', 'tenant_id': '482207a5005c4d969f6312c0078628ab', 'admin_state_up': True, 'mtu': 8950, 'status': 'ACTIVE', 'subnets': [], 'shared': False, 'project_id': '482207a5005c4d969f6312c0078628ab', 'port_security_enabled': True, 'router:external': False, 'provider:network_type': 'vlan', 'provider:physical_network': 'default', 'provider:segmentation_id': 731, 'availability_zone_hints': [], 'availability_zones': [], 'ipv4_address_scope': None, 'ipv6_address_scope': None, 'description': '', 'tags': [], 'created_at': '2025-02-12T19:38:50Z', 'updated_at': '2025-02-12T19:38:50Z', 'revision_number': 1}, Subnet: {'id': 'd6588a04-c2ad-494f-9175-ff8047d86d58', 'name': 'tempest-ServersNegativeTestJSON-367646731-subnet', 'tenant_id': '482207a5005c4d969f6312c0078628ab', 'network_id': 'ccb45640-b300-41af-baa8-42ed1264d3ab', 'ip_version': 4, 'subnetpool_id': None, 'enable_dhcp': True, 'ipv6_ra_mode': None, 'ipv6_address_mode': None, 'gateway_ip': '192.168.128.1', 'cidr': '192.168.128.0/28', 'allocation_pools': [{'start': '192.168.128.2', 'end': '192.168.128.14'}], 'host_routes': [], 'dns_nameservers': [], 'description': '', 'router:external': False, 'service_types': [], 'tags': [], 'created_at': '2025-02-12T19:38:50Z', 'updated_at': '2025-02-12T19:38:50Z', 'revision_number': 0, 'project_id': '482207a5005c4d969f6312c0078628ab'}, Router: {'id': '4b5eec54-8b7f-464c-8b9c-359477d5725d', 'name': 'tempest-ServersNegativeTestJSON-367646731-router', 'tenant_id': '482207a5005c4d969f6312c0078628ab', 'admin_state_up': True, 'status': 'ACTIVE', 'external_gateway_info': {'network_id': 'acb80cd9-fad7-4f23-b17f-081a4a58475e', 'external_fixed_ips': [{'subnet_id': 'bfc2d022-be76-436d-a3e9-58d0cafba07c', 'ip_address': '10.180.180.208'}], 'enable_snat': True}, 'description': '', 'availability_zones': [], 'distributed': False, 'ha': False, 'availability_zone_hints': [], 'routes': [], 'flavor_id': None, 'tags': [], 'created_at': '2025-02-12T19:38:51Z', 'updated_at': '2025-02-12T19:38:51Z', 'revision_number': 2, 'project_id': '482207a5005c4d969f6312c0078628ab'}
2025-02-12 19:38:54.502 62684 INFO tempest.lib.common.rest_client [req-0e425cb0-1762-4e5b-9da5-d90078c058f9 req-0e425cb0-1762-4e5b-9da5-d90078c058f9 ] Request (ServersNegativeTestJSON:setUpClass): 201 POST http://10.180.1.21/identity/v3/auth/tokens 0.085s
2025-02-12 19:38:54.541 62732 INFO tempest.lib.common.rest_client [req-bc482097-048c-444c-805f-221b61d87990 req-bc482097-048c-444c-805f-221b61d87990 ] Request (FloatingIPsAssociationTestJSON:test_associate_already_associated_floating_ip): 200 GET http://10.180.1.21/compute/v2.1/servers/00fdb372-683f-4552-a771-976703866093 0.337s
2025-02-12 19:38:54.544 62686 INFO tempest.lib.common.rest_client [req-1fb4fbea-39c1-4a0d-9e67-a811f4abc811 req-1fb4fbea-39c1-4a0d-9e67-a811f4abc811 ] Request (ServersTestBootFromVolume:setUpClass): 200 GET http://10.180.1.21/compute/v2.1/servers/75908b19-4042-4f7e-b50a-8d0255bebd6f 0.244s
2025-02-12 19:38:54.544 62684 INFO tempest.lib.common.rest_client [req-352b5984-f9ed-4ae9-9185-433acb6d4d14 req-352b5984-f9ed-4ae9-9185-433acb6d4d14 ] Request (ServersNegativeTestJSON:setUpClass): 201 POST http://10.180.1.21/identity/v3/auth/tokens 0.038s
2025-02-12 19:38:54.545 62684 INFO tempest.lib.common.fixed_network [-] (ServersNegativeTestJSON:setUpClass) Found network {'id': 'ccb45640-b300-41af-baa8-42ed1264d3ab', 'name': 'tempest-ServersNegativeTestJSON-367646731-network', 'tenant_id': '482207a5005c4d969f6312c0078628ab', 'admin_state_up': True, 'mtu': 8950, 'status': 'ACTIVE', 'subnets': [], 'shared': False, 'project_id': '482207a5005c4d969f6312c0078628ab', 'port_security_enabled': True, 'router:external': False, 'provider:network_type': 'vlan', 'provider:physical_network': 'default', 'provider:segmentation_id': 731, 'availability_zone_hints': [], 'availability_zones': [], 'ipv4_address_scope': None, 'ipv6_address_scope': None, 'description': '', 'tags': [], 'created_at': '2025-02-12T19:38:50Z', 'updated_at': '2025-02-12T19:38:50Z', 'revision_number': 1} available for tenant
2025-02-12 19:38:54.558 62732 INFO tempest.common.waiters [-] State transition "BUILD/None" ==> "BUILD/networking" after 29 second wait
2025-02-12 19:38:54.609 62728 INFO tempest.lib.common.rest_client [req-ab4938c0-436d-4e36-a28c-a768334b0f03 req-ab4938c0-436d-4e36-a28c-a768334b0f03 ] Request (DeleteServersAdminTestJSON:test_delete_server_while_in_error_state): 200 GET http://10.180.1.21/compute/v2.1/servers/fe6b62e5-bb01-4e3d-a99e-bdbc026174ec 0.247s
2025-02-12 19:38:54.676 62708 INFO tempest.lib.common.rest_client [req-87326cd1-3e8f-43c0-b45e-bef0369337a2 req-87326cd1-3e8f-43c0-b45e-bef0369337a2 ] Request (ServerMetadataNegativeTestJSON:setUpClass): 200 GET http://10.180.1.21/compute/v2.1/servers/649d5de9-956f-4def-8685-ba7415cd08b9 0.266s
2025-02-12 19:38:54.695 62744 INFO tempest.lib.common.rest_client [req-4f1d6670-2a0c-4522-ada9-110addf28c6b req-4f1d6670-2a0c-4522-ada9-110addf28c6b ] Request (ListServersNegativeTestJSON:tearDownClass): 200 GET http://10.180.1.21/compute/v2.1/servers/b4f18c46-ac56-4253-add1-6586dd207c92 0.338s
2025-02-12 19:38:54.738 62700 INFO tempest.lib.common.rest_client [req-cd0da426-3f3b-4dfd-a16b-8cbcf5aeb1dc req-cd0da426-3f3b-4dfd-a16b-8cbcf5aeb1dc ] Request (FloatingIPsTestJSON:setUpClass): 200 PUT http://10.180.1.21:9696/networking/v2.0/routers/acfb881c-694c-4495-ad32-ff99d2a695bb/add_router_interface 1.602s
2025-02-12 19:38:54.738 62700 INFO tempest.lib.common.dynamic_creds [-] Created isolated network resources for: credentials: Credentials: {'domain_id': 'default', 'domain_name': 'Default', 'username': 'tempest-FloatingIPsTestJSON-1536933274-project-member', 'project_domain_id': 'default', 'project_domain_name': 'Default', 'project_id': '9b179b963e944dd4bc8d1fef836b7451', 'project_name': 'tempest-FloatingIPsTestJSON-1536933274', 'tenant_id': '9b179b963e944dd4bc8d1fef836b7451', 'tenant_name': 'tempest-FloatingIPsTestJSON-1536933274', 'user_domain_id': 'default', 'user_domain_name': 'Default', 'user_id': 'facece2b267e4ed481135016f384424f', 'system': None}, Network: {'id': '67f870b6-167c-4a8c-a5c2-50d0b97cbaf4', 'name': 'tempest-FloatingIPsTestJSON-494886056-network', 'tenant_id': '9b179b963e944dd4bc8d1fef836b7451', 'admin_state_up': True, 'mtu': 8950, 'status': 'ACTIVE', 'subnets': [], 'shared': False, 'project_id': '9b179b963e944dd4bc8d1fef836b7451', 'port_security_enabled': True, 'router:external': False, 'provider:network_type': 'vlan', 'provider:physical_network': 'default', 'provider:segmentation_id': 430, 'availability_zone_hints': [], 'availability_zones': [], 'ipv4_address_scope': None, 'ipv6_address_scope': None, 'description': '', 'tags': [], 'created_at': '2025-02-12T19:38:51Z', 'updated_at': '2025-02-12T19:38:51Z', 'revision_number': 1}, Subnet: {'id': '755c3048-297c-4183-a540-803f7759df0b', 'name': 'tempest-FloatingIPsTestJSON-494886056-subnet', 'tenant_id': '9b179b963e944dd4bc8d1fef836b7451', 'network_id': '67f870b6-167c-4a8c-a5c2-50d0b97cbaf4', 'ip_version': 4, 'subnetpool_id': None, 'enable_dhcp': True, 'ipv6_ra_mode': None, 'ipv6_address_mode': None, 'gateway_ip': '192.168.128.1', 'cidr': '192.168.128.0/28', 'allocation_pools': [{'start': '192.168.128.2', 'end': '192.168.128.14'}], 'host_routes': [], 'dns_nameservers': [], 'description': '', 'router:external': False, 'service_types': [], 'tags': [], 'created_at': '2025-02-12T19:38:51Z', 'updated_at': '2025-02-12T19:38:51Z', 'revision_number': 0, 'project_id': '9b179b963e944dd4bc8d1fef836b7451'}, Router: {'id': 'acfb881c-694c-4495-ad32-ff99d2a695bb', 'name': 'tempest-FloatingIPsTestJSON-494886056-router', 'tenant_id': '9b179b963e944dd4bc8d1fef836b7451', 'admin_state_up': True, 'status': 'ACTIVE', 'external_gateway_info': {'network_id': 'acb80cd9-fad7-4f23-b17f-081a4a58475e', 'external_fixed_ips': [{'subnet_id': 'bfc2d022-be76-436d-a3e9-58d0cafba07c', 'ip_address': '10.180.180.253'}], 'enable_snat': True}, 'description': '', 'availability_zones': [], 'distributed': False, 'ha': False, 'availability_zone_hints': [], 'routes': [], 'flavor_id': None, 'tags': [], 'created_at': '2025-02-12T19:38:52Z', 'updated_at': '2025-02-12T19:38:52Z', 'revision_number': 2, 'project_id': '9b179b963e944dd4bc8d1fef836b7451'}
2025-02-12 19:38:54.765 62698 INFO tempest.lib.common.rest_client [req-bb9ba2e1-6277-4777-9024-5aa5f48278f1 req-bb9ba2e1-6277-4777-9024-5aa5f48278f1 ] Request (ServerRescueNegativeTestJSON:setUpClass): 200 GET http://10.180.1.21/compute/v2.1/servers/2932b01a-b89d-4a34-8df8-fd8e2c165b8e 0.230s
2025-02-12 19:38:54.833 62700 INFO tempest.lib.common.rest_client [req-ba97feed-3c88-4883-8c07-0706028c451c req-ba97feed-3c88-4883-8c07-0706028c451c ] Request (FloatingIPsTestJSON:setUpClass): 201 POST http://10.180.1.21/identity/v3/auth/tokens 0.090s
2025-02-12 19:38:54.948 62738 INFO tempest.lib.common.rest_client [req-91c168fe-422f-4178-b5b5-2f5e86a86bb2 req-91c168fe-422f-4178-b5b5-2f5e86a86bb2 ] Request (ServersAdminTestJSON:setUpClass): 200 GET http://10.180.1.21/compute/v2.1/servers/d7b994ce-8b34-4d1f-b857-458a40a6fe6c 0.474s
2025-02-12 19:38:55.010 62736 INFO tempest.lib.common.rest_client [req-463d57c2-b86e-470c-ad7d-c874dc76764e req-463d57c2-b86e-470c-ad7d-c874dc76764e ] Request (FloatingIPsAssociationNegativeTestJSON:tearDownClass): 200 GET http://10.180.1.21/compute/v2.1/servers/5d8a5902-fe91-45f4-9a5a-0e567426d52c 0.412s
2025-02-12 19:38:55.045 62702 WARNING tempest.lib.common.ssh [-] Failed to establish authenticated ssh connection to cirros@10.180.180.166 ([Errno None] Unable to connect to port 22 on 10.180.180.166). Number attempts: 2. Retry after 3 seconds.: paramiko.ssh_exception.NoValidConnectionsError: [Errno None] Unable to connect to port 22 on 10.180.180.166
2025-02-12 19:38:55.080 62720 INFO tempest.lib.common.rest_client [req-5da5cd1c-581e-413a-90d2-49253b1428d4 req-5da5cd1c-581e-413a-90d2-49253b1428d4 ] Request (ImagesOneServerNegativeTestJSON:setUpClass): 200 GET http://10.180.1.21/compute/v2.1/servers/bc34c2d9-69e1-4d65-8d0f-efdfd2b73814 0.460s
2025-02-12 19:38:55.178 62696 INFO tempest.lib.common.rest_client [req-091f178b-6dfc-4107-96b3-0420761a7e87 req-091f178b-6dfc-4107-96b3-0420761a7e87 ] Request (TenantUsagesTestJSON:tearDownClass): 200 GET http://10.180.1.21/compute/v2.1/servers/f2fc50a2-045d-4f3c-81b9-aab4c1a01be7 0.524s
2025-02-12 19:38:55.234 62684 INFO tempest.lib.common.rest_client [req-1188b816-435e-4ef6-b75d-e5200b40a962 req-1188b816-435e-4ef6-b75d-e5200b40a962 ] Request (ServersNegativeTestJSON:setUpClass): 202 POST http://10.180.1.21/compute/v2.1/servers 0.689s
2025-02-12 19:38:55.242 62716 INFO tempest.lib.common.rest_client [req-ea08243f-bc7c-4552-831d-47636fb51fcb req-ea08243f-bc7c-4552-831d-47636fb51fcb ] Request (ImagesNegativeTestJSON:test_create_image_from_deleted_server): 200 GET http://10.180.1.21/compute/v2.1/servers/6c9141a2-8ff3-48ff-a73e-49a5f538b7c0 0.572s
2025-02-12 19:38:55.294 62704 INFO tempest.lib.common.rest_client [req-5610c2a3-dd8b-4b21-8b10-05a7f3dffb89 req-5610c2a3-dd8b-4b21-8b10-05a7f3dffb89 ] Request (ServersAdminNegativeTestJSON:test_migrate_server_invalid_state): 200 GET http://10.180.1.21/compute/v2.1/servers/335bf211-7b01-4e6a-88b1-9400a29bc3ac 0.584s
2025-02-12 19:38:55.314 62730 INFO tempest.lib.common.rest_client [req-75380be0-fc89-41cf-800b-ab85be8f5ef4 req-75380be0-fc89-41cf-800b-ab85be8f5ef4 ] Request (ServerExternalEventsTest:tearDownClass): 200 GET http://10.180.1.21/compute/v2.1/servers/9a0c83f1-f660-45d9-adc7-7a82fca70272 0.574s
2025-02-12 19:38:55.393 62724 INFO tempest.lib.common.rest_client [req-6f2efb3e-edde-4dae-96be-fb071221df6b req-6f2efb3e-edde-4dae-96be-fb071221df6b ] Request (ServerDiagnosticsV248Test:tearDownClass): 200 GET http://10.180.1.21/compute/v2.1/servers/7b302e72-58de-4b9c-aa9e-902a37184828 0.551s
2025-02-12 19:38:55.441 62740 INFO tempest.lib.common.rest_client [req-a707b2be-3f20-46f7-8187-c0e0902d987c req-a707b2be-3f20-46f7-8187-c0e0902d987c ] Request (ImagesOneServerTestJSON:test_create_delete_image): 200 GET http://10.180.1.21/compute/v2.1/images/f0127f9a-5819-4d8b-a28c-bdaee6e7ffd9 0.576s
2025-02-12 19:38:55.520 62712 INFO tempest.lib.common.rest_client [req-9db795a3-5eeb-40cb-a9f4-d9ed0c6c9b2e req-9db795a3-5eeb-40cb-a9f4-d9ed0c6c9b2e ] Request (InstanceActionsV221TestJSON:test_get_list_deleted_instance_actions): 200 GET http://10.180.1.21/compute/v2.1/servers/47590f9c-00c0-4c63-99e0-196d2bf80f25 0.596s
2025-02-12 19:38:55.576 62690 INFO tempest.lib.common.rest_client [req-f2a8fa66-7133-491c-ad1f-eec3f61e2abb req-f2a8fa66-7133-491c-ad1f-eec3f61e2abb ] Request (AttachInterfacesTestJSON:test_create_list_show_delete_interfaces_by_fixed_ip): 200 GET http://10.180.1.21/compute/v2.1/servers/28bfc61c-df62-49ff-807d-bd6845f6307a 0.643s
2025-02-12 19:38:55.631 62726 INFO tempest.lib.common.rest_client [req-0677edd0-c3ba-4941-b538-fb0350320a87 req-0677edd0-c3ba-4941-b538-fb0350320a87 ] Request (ServerPasswordTestJSON:setUpClass): 200 GET http://10.180.1.21/compute/v2.1/servers/bfcf8aba-1e16-421b-94dd-6eb8252e7de0 0.644s
2025-02-12 19:38:55.681 62692 INFO tempest.lib.common.rest_client [req-ad499ee9-f32f-4884-ae2c-50cad1c832fa req-ad499ee9-f32f-4884-ae2c-50cad1c832fa ] Request (AttachInterfacesV270Test:test_create_get_list_interfaces): 200 GET http://10.180.1.21/compute/v2.1/servers/73b7df84-b690-4c23-8447-f42ba4f125f9 0.671s
2025-02-12 19:38:55.738 62682 INFO tempest.lib.common.rest_client [req-4a63aee2-d6e9-462b-90aa-da98af00649c req-4a63aee2-d6e9-462b-90aa-da98af00649c ] Request (ImagesTestJSON:test_create_image_from_stopped_server): 200 GET http://10.180.1.21/compute/v2.1/servers/7d0875a3-45fa-4674-a40b-47ecd0e6b9e3 0.669s
2025-02-12 19:38:55.810 62722 INFO tempest.lib.common.rest_client [req-8769ad33-224b-44a8-a00b-5dac2cc2198e req-8769ad33-224b-44a8-a00b-5dac2cc2198e ] Request (ServersAdmin275Test:test_rebuild_update_server_275): 200 GET http://10.180.1.21/compute/v2.1/servers/0b810725-d832-4760-b60b-ec2c6ace3050 0.645s
2025-02-12 19:38:55.873 62694 INFO tempest.lib.common.rest_client [req-69148608-93fe-424d-b90a-eec6e7c74972 req-69148608-93fe-424d-b90a-eec6e7c74972 ] Request (SecurityGroupsTestJSON:test_list_security_groups_by_server): 200 GET http://10.180.1.21/compute/v2.1/servers/724107ad-1ffc-4bbb-9004-41b95330b0fd 0.688s
2025-02-12 19:38:55.938 62684 INFO tempest.lib.common.rest_client [req-95b46df7-8c00-441a-b88e-131b0bf7a087 req-95b46df7-8c00-441a-b88e-131b0bf7a087 ] Request (ServersNegativeTestJSON:setUpClass): 200 GET http://10.180.1.21/compute/v2.1/servers/2c5fd2c9-7f60-4fea-9f82-53cbb58b55d5 0.702s
2025-02-12 19:38:56.027 62700 INFO tempest.lib.common.rest_client [req-d4be70f0-17d8-4f4b-a410-e1d3798c91fd req-d4be70f0-17d8-4f4b-a410-e1d3798c91fd ] Request (FloatingIPsTestJSON:test_allocate_floating_ip): 200 POST http://10.180.1.21/compute/v2.1/os-floating-ips 1.193s
2025-02-12 19:38:56.119 62688 INFO tempest.lib.common.rest_client [req-6f711258-a4a9-4b58-96b4-f89d18684a1e req-6f711258-a4a9-4b58-96b4-f89d18684a1e ] Request (MigrationsAdminTest:test_list_migrations_in_flavor_resize_situation): 200 GET http://10.180.1.21/compute/v2.1/servers/d31cec87-f24e-40d0-aa22-462f2eb62ea2 0.771s
2025-02-12 19:38:56.150 62734 INFO tempest.lib.common.rest_client [req-1ee19014-f127-4ba9-a5d4-51f426cfaa00 req-1ee19014-f127-4ba9-a5d4-51f426cfaa00 ] Request (ServersTestFqdnHostnames:test_create_server_with_fqdn_name): 200 GET http://10.180.1.21/compute/v2.1/servers/d33fe490-c5b2-4223-bf8e-b95ce7293fd6 0.813s
2025-02-12 19:38:56.303 62732 INFO tempest.lib.common.rest_client [req-af1f3200-4ee7-4e73-bc3a-1cb46b73dc48 req-af1f3200-4ee7-4e73-bc3a-1cb46b73dc48 ] Request (FloatingIPsAssociationTestJSON:test_associate_already_associated_floating_ip): 200 GET http://10.180.1.21/compute/v2.1/servers/00fdb372-683f-4552-a771-976703866093 0.743s
2025-02-12 19:38:56.310 62732 INFO tempest.common.waiters [-] State transition "BUILD/networking" ==> "BUILD/spawning" after 31 second wait
2025-02-12 19:38:56.362 62728 INFO tempest.lib.common.rest_client [req-3b88cd33-be62-42b2-a598-14153b4dbe34 req-3b88cd33-be62-42b2-a598-14153b4dbe34 ] Request (DeleteServersAdminTestJSON:test_delete_server_while_in_error_state): 200 GET http://10.180.1.21/compute/v2.1/servers/fe6b62e5-bb01-4e3d-a99e-bdbc026174ec 0.737s
2025-02-12 19:38:56.373 62686 INFO tempest.lib.common.rest_client [req-fc58f18a-891d-4f37-9e8e-73f1fa1deeb9 req-fc58f18a-891d-4f37-9e8e-73f1fa1deeb9 ] Request (ServersTestBootFromVolume:setUpClass): 200 GET http://10.180.1.21/compute/v2.1/servers/75908b19-4042-4f7e-b50a-8d0255bebd6f 0.816s
2025-02-12 19:38:56.419 62708 INFO tempest.lib.common.rest_client [req-64729085-3cd8-4272-ba15-96cb28e25d5e req-64729085-3cd8-4272-ba15-96cb28e25d5e ] Request (ServerMetadataNegativeTestJSON:setUpClass): 200 GET http://10.180.1.21/compute/v2.1/servers/649d5de9-956f-4def-8685-ba7415cd08b9 0.732s
2025-02-12 19:38:56.473 62698 INFO tempest.lib.common.rest_client [req-3759ab59-5739-42ff-9f85-800696dcf152 req-3759ab59-5739-42ff-9f85-800696dcf152 ] Request (ServerRescueNegativeTestJSON:setUpClass): 200 GET http://10.180.1.21/compute/v2.1/servers/2932b01a-b89d-4a34-8df8-fd8e2c165b8e 0.696s
2025-02-12 19:38:56.506 62744 INFO tempest.lib.common.rest_client [req-d639609f-4c74-4501-b7c6-983808b847cd req-d639609f-4c74-4501-b7c6-983808b847cd ] Request (ListServersNegativeTestJSON:tearDownClass): 200 GET http://10.180.1.21/compute/v2.1/servers/b4f18c46-ac56-4253-add1-6586dd207c92 0.799s
2025-02-12 19:38:56.521 62738 INFO tempest.lib.common.rest_client [req-f39cf44a-402e-406c-b86d-f006ea5a6d6a req-f39cf44a-402e-406c-b86d-f006ea5a6d6a ] Request (ServersAdminTestJSON:setUpClass): 200 GET http://10.180.1.21/compute/v2.1/servers/d7b994ce-8b34-4d1f-b857-458a40a6fe6c 0.561s
2025-02-12 19:38:56.532 62738 INFO tempest.common.waiters [-] State transition "BUILD/None" ==> "BUILD/networking" after 31 second wait
2025-02-12 19:38:56.592 62736 INFO tempest.lib.common.rest_client [req-c04f6d42-abaa-4de8-b6ee-d9261c2f3cab req-c04f6d42-abaa-4de8-b6ee-d9261c2f3cab ] Request (FloatingIPsAssociationNegativeTestJSON:tearDownClass): 200 GET http://10.180.1.21/compute/v2.1/servers/5d8a5902-fe91-45f4-9a5a-0e567426d52c 0.568s
2025-02-12 19:38:56.653 62700 INFO tempest.lib.common.rest_client [req-680c17b9-2d37-406b-8199-4e371a80f2e1 req-680c17b9-2d37-406b-8199-4e371a80f2e1 ] Request (FloatingIPsTestJSON:test_allocate_floating_ip): 200 GET http://10.180.1.21/compute/v2.1/os-floating-ips/3245e174-4103-4d9b-b3d6-201080ac025a 0.623s
2025-02-12 19:38:56.667 62720 INFO tempest.lib.common.rest_client [req-57b99857-bfad-4c41-a171-08cc6c3cbc2b req-57b99857-bfad-4c41-a171-08cc6c3cbc2b ] Request (ImagesOneServerNegativeTestJSON:setUpClass): 200 GET http://10.180.1.21/compute/v2.1/servers/bc34c2d9-69e1-4d65-8d0f-efdfd2b73814 0.578s
2025-02-12 19:38:56.721 62696 INFO tempest.lib.common.rest_client [req-2329b167-2d4e-4e20-bd71-286b7c801829 req-2329b167-2d4e-4e20-bd71-286b7c801829 ] Request (TenantUsagesTestJSON:tearDownClass): 200 GET http://10.180.1.21/compute/v2.1/servers/f2fc50a2-045d-4f3c-81b9-aab4c1a01be7 0.532s
2025-02-12 19:38:56.746 62716 INFO tempest.lib.common.rest_client [req-140cdc46-0175-44c6-adbe-d5d19f6a9e44 req-140cdc46-0175-44c6-adbe-d5d19f6a9e44 ] Request (ImagesNegativeTestJSON:test_create_image_from_deleted_server): 200 GET http://10.180.1.21/compute/v2.1/servers/6c9141a2-8ff3-48ff-a73e-49a5f538b7c0 0.493s
2025-02-12 19:38:56.784 62704 INFO tempest.lib.common.rest_client [req-0653c7cd-7f24-429e-9251-c8af4e822b43 req-0653c7cd-7f24-429e-9251-c8af4e822b43 ] Request (ServersAdminNegativeTestJSON:test_migrate_server_invalid_state): 200 GET http://10.180.1.21/compute/v2.1/servers/335bf211-7b01-4e6a-88b1-9400a29bc3ac 0.481s
2025-02-12 19:38:56.807 62730 INFO tempest.lib.common.rest_client [req-7ce0800b-14b8-416e-a766-d6d65523f30b req-7ce0800b-14b8-416e-a766-d6d65523f30b ] Request (ServerExternalEventsTest:tearDownClass): 200 GET http://10.180.1.21/compute/v2.1/servers/9a0c83f1-f660-45d9-adc7-7a82fca70272 0.484s
2025-02-12 19:38:56.850 62724 INFO tempest.lib.common.rest_client [req-e6b5af61-4a90-4ba5-beea-f23714c78a40 req-e6b5af61-4a90-4ba5-beea-f23714c78a40 ] Request (ServerDiagnosticsV248Test:tearDownClass): 200 GET http://10.180.1.21/compute/v2.1/servers/7b302e72-58de-4b9c-aa9e-902a37184828 0.440s
2025-02-12 19:38:56.852 62740 INFO tempest.lib.common.rest_client [req-65f76015-7fda-4655-8b57-807c07451b29 req-65f76015-7fda-4655-8b57-807c07451b29 ] Request (ImagesOneServerTestJSON:test_create_delete_image): 200 GET http://10.180.1.21/compute/v2.1/images/f0127f9a-5819-4d8b-a28c-bdaee6e7ffd9 0.406s
2025-02-12 19:38:56.926 62712 INFO tempest.lib.common.rest_client [req-fae65df4-6f92-4663-8d45-344deac58b5a req-fae65df4-6f92-4663-8d45-344deac58b5a ] Request (InstanceActionsV221TestJSON:test_get_list_deleted_instance_actions): 200 GET http://10.180.1.21/compute/v2.1/servers/47590f9c-00c0-4c63-99e0-196d2bf80f25 0.392s
2025-02-12 19:38:56.930 62690 INFO tempest.lib.common.rest_client [req-c7e03955-7be7-438f-be2b-05e396b96644 req-c7e03955-7be7-438f-be2b-05e396b96644 ] Request (AttachInterfacesTestJSON:test_create_list_show_delete_interfaces_by_fixed_ip): 200 GET http://10.180.1.21/compute/v2.1/servers/28bfc61c-df62-49ff-807d-bd6845f6307a 0.343s
2025-02-12 19:38:57.006 62726 INFO tempest.lib.common.rest_client [req-caa431d0-7984-448c-abbe-d69306462cfb req-caa431d0-7984-448c-abbe-d69306462cfb ] Request (ServerPasswordTestJSON:setUpClass): 200 GET http://10.180.1.21/compute/v2.1/servers/bfcf8aba-1e16-421b-94dd-6eb8252e7de0 0.364s
2025-02-12 19:38:57.065 62692 INFO tempest.lib.common.rest_client [req-cb7c76b2-82f4-4175-a266-70cc4d53c181 req-cb7c76b2-82f4-4175-a266-70cc4d53c181 ] Request (AttachInterfacesV270Test:test_create_get_list_interfaces): 200 GET http://10.180.1.21/compute/v2.1/servers/73b7df84-b690-4c23-8447-f42ba4f125f9 0.370s
2025-02-12 19:38:57.106 62700 INFO tempest.lib.common.rest_client [req-7e3bd7fd-99a7-4f24-abda-c671439d02fc req-7e3bd7fd-99a7-4f24-abda-c671439d02fc ] Request (FloatingIPsTestJSON:test_allocate_floating_ip): 200 GET http://10.180.1.21/compute/v2.1/os-floating-ips 0.451s
2025-02-12 19:38:57.126 62682 INFO tempest.lib.common.rest_client [req-faf73124-bd82-488e-809f-fe85e6ec42d4 req-faf73124-bd82-488e-809f-fe85e6ec42d4 ] Request (ImagesTestJSON:test_create_image_from_stopped_server): 200 GET http://10.180.1.21/compute/v2.1/servers/7d0875a3-45fa-4674-a40b-47ecd0e6b9e3 0.378s
2025-02-12 19:38:57.181 62722 INFO tempest.lib.common.rest_client [req-d78dcef9-3af7-4a10-9d0a-929e6087d350 req-d78dcef9-3af7-4a10-9d0a-929e6087d350 ] Request (ServersAdmin275Test:test_rebuild_update_server_275): 200 GET http://10.180.1.21/compute/v2.1/servers/0b810725-d832-4760-b60b-ec2c6ace3050 0.357s
2025-02-12 19:38:57.192 62694 INFO tempest.lib.common.rest_client [req-7b4ece98-e5bf-4649-afde-b1c6b386be4c req-7b4ece98-e5bf-4649-afde-b1c6b386be4c ] Request (SecurityGroupsTestJSON:test_list_security_groups_by_server): 200 GET http://10.180.1.21/compute/v2.1/servers/724107ad-1ffc-4bbb-9004-41b95330b0fd 0.307s
2025-02-12 19:38:57.256 62684 INFO tempest.lib.common.rest_client [req-c0b2cdcc-afaf-42aa-b3b3-a73f123edb11 req-c0b2cdcc-afaf-42aa-b3b3-a73f123edb11 ] Request (ServersNegativeTestJSON:setUpClass): 200 GET http://10.180.1.21/compute/v2.1/servers/2c5fd2c9-7f60-4fea-9f82-53cbb58b55d5 0.308s
