2025-02-12 19:38:26.793 62706 INFO tempest.lib.common.rest_client [req-0fe52db0-15f5-4d1b-b8ee-5a4b38bcf1a9 req-0fe52db0-15f5-4d1b-b8ee-5a4b38bcf1a9 ] Request (HypervisorAdminTestJSON:setUpClass): 201 POST http://10.180.1.21/identity/v3/auth/tokens 0.085s
2025-02-12 19:38:26.811 62684 INFO tempest.lib.common.rest_client [req-82833519-feef-43c3-9cd1-477d34ebbf32 req-82833519-feef-43c3-9cd1-477d34ebbf32 ] Request (QuotasAdminTestJSON:test_update_all_quota_resources_for_tenant): 200 PUT http://10.180.1.21/compute/v2.1/os-quota-sets/a256396929ec4eaf9b6fcc7f2cd6efd8 1.646s
2025-02-12 19:38:26.821 62710 INFO tempest.lib.common.rest_client [req-f92a4390-8fa7-4589-95bd-2ab66a985e4c req-f92a4390-8fa7-4589-95bd-2ab66a985e4c ] Request (ServersWithSpecificFlavorTestJSON:test_verify_created_server_ephemeral_disk): 200 GET http://10.180.1.21/compute/v2.1/servers/9745f741-5030-4bba-8ddc-bff38331ab4c 1.552s
2025-02-12 19:38:26.862 62686 INFO tempest.lib.common.rest_client [req-61fc90ab-0fc4-4b57-8610-376bb0acb050 req-61fc90ab-0fc4-4b57-8610-376bb0acb050 ] Request (ServersTestBootFromVolume:setUpClass): 200 GET http://10.180.1.21/compute/v2.1/servers/75908b19-4042-4f7e-b50a-8d0255bebd6f 1.532s
2025-02-12 19:38:26.864 62706 INFO tempest.lib.common.rest_client [req-4b132e82-f8f4-4754-b89e-7bbe0e7e54c9 req-4b132e82-f8f4-4754-b89e-7bbe0e7e54c9 ] Request (HypervisorAdminTestJSON:setUpClass): 201 POST http://10.180.1.21/identity/v3/projects 0.069s
2025-02-12 19:38:26.870 62686 INFO tempest.common.waiters [-] State transition "BUILD/scheduling" ==> "BUILD/None" after 2 second wait
2025-02-12 19:38:26.922 62724 INFO tempest.lib.common.rest_client [req-f735e16b-1269-42fe-805d-5ff09c275c19 req-f735e16b-1269-42fe-805d-5ff09c275c19 ] Request (ServerDiagnosticsV248Test:test_get_server_diagnostics): 200 GET http://10.180.1.21/compute/v2.1/servers/7b302e72-58de-4b9c-aa9e-902a37184828 1.531s
2025-02-12 19:38:26.932 62724 INFO tempest.common.waiters [-] State transition "BUILD/None" ==> "BUILD/block_device_mapping" after 14 second wait
2025-02-12 19:38:26.939 62704 INFO tempest.lib.common.rest_client [req-a69b2eea-52d7-470d-9c80-8b4e4e6df9cc req-a69b2eea-52d7-470d-9c80-8b4e4e6df9cc ] Request (ServersAdminNegativeTestJSON:setUpClass): 200 GET http://10.180.1.21/compute/v2.1/servers/6dd54a20-72b1-4704-91bb-ef10a0a2db8c 1.599s
2025-02-12 19:38:26.946 62706 INFO tempest.lib.common.rest_client [req-d71391f6-1f6e-4d2e-b4f6-786ce690e513 req-d71391f6-1f6e-4d2e-b4f6-786ce690e513 ] Request (HypervisorAdminTestJSON:setUpClass): 201 POST http://10.180.1.21/identity/v3/users 0.081s
2025-02-12 19:38:26.952 62726 INFO tempest.lib.common.rest_client [req-48742238-821e-4e6f-8ae8-ae86ab80d663 req-48742238-821e-4e6f-8ae8-ae86ab80d663 ] Request (ServerGroup264TestJSON:tearDownClass): 404 DELETE http://10.180.1.21/compute/v2.1/os-server-groups/be578a19-e08f-4eaa-890d-91a8943bac83 1.360s
2025-02-12 19:38:26.976 62706 INFO tempest.lib.common.rest_client [req-622533df-3439-4e74-94f1-1fd949895094 req-622533df-3439-4e74-94f1-1fd949895094 ] Request (HypervisorAdminTestJSON:setUpClass): 200 GET http://10.180.1.21/identity/v3/roles 0.029s
2025-02-12 19:38:26.981 62716 INFO tempest.lib.common.rest_client [req-9cf6533c-62bd-457f-ab96-299bafa08a25 req-9cf6533c-62bd-457f-ab96-299bafa08a25 ] Request (ServicesAdminNegativeTestJSON:test_get_service_with_valid_service_and_invalid_host): 200 GET http://10.180.1.21/compute/v2.1/os-services?host=xxx&binary=nova-scheduler 1.362s
2025-02-12 19:38:27.014 62706 INFO tempest.lib.common.rest_client [req-ce016d81-6bf8-4dd8-b36e-9feca35129b4 req-ce016d81-6bf8-4dd8-b36e-9feca35129b4 ] Request (HypervisorAdminTestJSON:setUpClass): 204 PUT http://10.180.1.21/identity/v3/projects/efea9879b386420097b90fa144b679a1/users/c869dd18b5ca47ecadf68572e77ff540/roles/162e60322e714c0e8b6ebb1fb53002b2 0.037s
2025-02-12 19:38:27.050 62690 INFO tempest.lib.common.rest_client [req-d524526f-bd52-4101-8dc8-4ad6cfb9a63e req-d524526f-bd52-4101-8dc8-4ad6cfb9a63e ] Request (AttachInterfacesTestJSON:test_create_list_show_delete_interfaces_by_fixed_ip): 200 GET http://10.180.1.21/compute/v2.1/servers/28bfc61c-df62-49ff-807d-bd6845f6307a 1.328s
2025-02-12 19:38:27.071 62700 INFO tempest.lib.common.rest_client [req-0f5dcf56-a7b7-4f83-988a-ffaa188b270a req-0f5dcf56-a7b7-4f83-988a-ffaa188b270a ] Request (FlavorsAdminTestJSON:test_create_server_with_non_public_flavor): 200 POST http://10.180.1.21/compute/v2.1/flavors 1.318s
2025-02-12 19:38:27.100 62706 INFO tempest.lib.common.rest_client [req-6ef7a7c8-913e-49f0-be44-5e0339952519 req-6ef7a7c8-913e-49f0-be44-5e0339952519 ] Request (HypervisorAdminTestJSON:setUpClass): 200 GET http://10.180.1.21/identity/v3/roles 0.086s
2025-02-12 19:38:27.103 62688 INFO tempest.lib.common.rest_client [req-bd4a4741-cd0a-4b5b-9b62-ed28966a74bc req-bd4a4741-cd0a-4b5b-9b62-ed28966a74bc ] Request (AggregatesAdminNegativeTestJSON:test_aggregate_get_details_as_user): 200 POST http://10.180.1.21/compute/v2.1/os-aggregates 1.341s
2025-02-12 19:38:27.125 62706 INFO tempest.lib.common.rest_client [req-728f3759-792f-4b39-997b-23f2e708abb8 req-728f3759-792f-4b39-997b-23f2e708abb8 ] Request (HypervisorAdminTestJSON:setUpClass): 204 PUT http://10.180.1.21/identity/v3/projects/efea9879b386420097b90fa144b679a1/users/c869dd18b5ca47ecadf68572e77ff540/roles/162e60322e714c0e8b6ebb1fb53002b2 0.023s
2025-02-12 19:38:27.125 62706 INFO tempest.lib.common.dynamic_creds [-] Dynamic test user c869dd18b5ca47ecadf68572e77ff540 is created with scope project and roles: ['admin']
2025-02-12 19:38:27.125 62706 INFO tempest.lib.common.dynamic_creds [-] Acquired dynamic creds: credentials: Credentials: {'domain_id': 'default', 'domain_name': 'Default', 'username': 'tempest-HypervisorAdminTestJSON-839859736-project-admin', 'project_domain_id': 'default', 'project_domain_name': 'Default', 'project_id': 'efea9879b386420097b90fa144b679a1', 'project_name': 'tempest-HypervisorAdminTestJSON-839859736', 'tenant_id': 'efea9879b386420097b90fa144b679a1', 'tenant_name': 'tempest-HypervisorAdminTestJSON-839859736', 'user_domain_id': 'default', 'user_domain_name': 'Default', 'user_id': 'c869dd18b5ca47ecadf68572e77ff540', 'system': None}, Network: None, Subnet: None, Router: None
2025-02-12 19:38:27.125 62706 INFO tempest.lib.common.dynamic_creds [-] Created isolated network resources for: credentials: Credentials: {'domain_id': 'default', 'domain_name': 'Default', 'username': 'tempest-HypervisorAdminTestJSON-839859736-project-admin', 'project_domain_id': 'default', 'project_domain_name': 'Default', 'project_id': 'efea9879b386420097b90fa144b679a1', 'project_name': 'tempest-HypervisorAdminTestJSON-839859736', 'tenant_id': 'efea9879b386420097b90fa144b679a1', 'tenant_name': 'tempest-HypervisorAdminTestJSON-839859736', 'user_domain_id': 'default', 'user_domain_name': 'Default', 'user_id': 'c869dd18b5ca47ecadf68572e77ff540', 'system': None}, Network: None, Subnet: None, Router: None
2025-02-12 19:38:27.226 62706 INFO tempest.lib.common.rest_client [req-7d86c439-f4b1-43b6-8044-85461af8849b req-7d86c439-f4b1-43b6-8044-85461af8849b ] Request (HypervisorAdminTestJSON:setUpClass): 201 POST http://10.180.1.21/identity/v3/auth/tokens 0.098s
2025-02-12 19:38:27.363 62702 INFO tempest.lib.common.rest_client [req-aa9c9f79-2f47-4fac-abc7-6d36ad492374 req-aa9c9f79-2f47-4fac-abc7-6d36ad492374 ] Request (VolumesAssistedSnapshotsTest:test_volume_assisted_snapshot_create_delete): 200 GET http://10.180.1.21/compute/v2.1/servers/1ff62a80-6e78-465f-b9c8-3a2107ebcf8e 1.582s
2025-02-12 19:38:27.564 62718 INFO tempest.lib.common.rest_client [req-a6d07324-9aa4-4177-831c-1e574b958fbf req-a6d07324-9aa4-4177-831c-1e574b958fbf ] Request (ServerActionsTestOtherB:setUpClass): 200 GET http://10.180.1.21/compute/v2.1/servers/1baeefa4-6b4f-4f68-91e5-d02645d64d34 1.746s
2025-02-12 19:38:27.571 62718 INFO tempest.common.waiters [-] State transition "BUILD/spawning" ==> "ACTIVE/None" after 31 second wait
2025-02-12 19:38:27.589 62736 INFO tempest.lib.common.rest_client [req-fa5d6b83-2299-48ef-9d86-1b683ea4964c req-fa5d6b83-2299-48ef-9d86-1b683ea4964c ] Request (FloatingIPsAssociationNegativeTestJSON:test_associate_ip_to_server_with_floating_ip): 400 POST http://10.180.1.21/compute/v2.1/servers/5d8a5902-fe91-45f4-9a5a-0e567426d52c/action 2.062s
2025-02-12 19:38:27.666 62744 INFO tempest.lib.common.rest_client [req-b06280f8-8a0d-4c02-9957-43b9deda0b28 req-b06280f8-8a0d-4c02-9957-43b9deda0b28 ] Request (ListServersNegativeTestJSON:setUpClass): 204 DELETE http://10.180.1.21/compute/v2.1/servers/5a3eb923-5bd9-4d00-ba7f-ac5d148cc1fd 1.752s
2025-02-12 19:38:27.668 62712 INFO tempest.lib.common.rest_client [req-0235821a-e9cc-49ee-864b-24043d1042c6 req-0235821a-e9cc-49ee-864b-24043d1042c6 ] Request (InstanceActionsV221TestJSON:test_get_list_deleted_instance_actions): 200 GET http://10.180.1.21/compute/v2.1/servers/47590f9c-00c0-4c63-99e0-196d2bf80f25 1.752s
2025-02-12 19:38:27.680 62698 INFO tempest.lib.common.rest_client [req-a16e33a3-2210-486a-bf49-dfc2643710d4 req-a16e33a3-2210-486a-bf49-dfc2643710d4 ] Request (FlavorsV2TestJSON:test_list_flavors_with_detail): 200 GET http://10.180.1.21/compute/v2.1/flavors/42 1.599s
2025-02-12 19:38:27.734 62734 INFO tempest.lib.common.rest_client [req-3d263145-369d-42a1-b5ff-087debc99c01 req-3d263145-369d-42a1-b5ff-087debc99c01 ] Request (ServersTestFqdnHostnames:test_create_server_with_fqdn_name): 200 GET http://10.180.1.21/compute/v2.1/servers/d33fe490-c5b2-4223-bf8e-b95ce7293fd6 1.491s
2025-02-12 19:38:27.794 62698 INFO tempest.lib.common.rest_client [req-44a3ded0-85dc-415d-b941-86d35522c94f req-44a3ded0-85dc-415d-b941-86d35522c94f ] Request (FlavorsV2TestJSON:tearDownClass): 204 DELETE http://10.180.1.21/identity/v3/users/5d2c3e1ba4f0431da476e0ad59cbb52e 0.110s
2025-02-12 19:38:27.794 62698 INFO tempest.lib.common.dynamic_creds [-] Deleting project and security group for project: aeca5535273c4a6cbd4bd3aeea2db68f
2025-02-12 19:38:27.803 62708 INFO tempest.lib.common.rest_client [req-7542a430-9cc4-4be4-a95c-c814b4d1ba8d req-7542a430-9cc4-4be4-a95c-c814b4d1ba8d ] Request (ServerMetadataNegativeTestJSON:setUpClass): 200 GET http://10.180.1.21/compute/v2.1/servers/649d5de9-956f-4def-8685-ba7415cd08b9 1.417s
2025-02-12 19:38:27.851 62720 INFO tempest.lib.common.rest_client [req-1f7013e8-4224-4f6a-beca-9f85274f2c1f req-1f7013e8-4224-4f6a-beca-9f85274f2c1f ] Request (FlavorsAccessNegativeTestJSON:test_remove_flavor_access_not_found): 404 POST http://10.180.1.21/compute/v2.1/flavors/1873106703/action 1.737s
2025-02-12 19:38:27.854 62698 INFO tempest.lib.common.rest_client [req-ca632190-d535-4bf1-95ca-bb72031f7975 req-ca632190-d535-4bf1-95ca-bb72031f7975 ] Request (FlavorsV2TestJSON:tearDownClass): 201 POST http://10.180.1.21/identity/v3/auth/tokens 0.059s
2025-02-12 19:38:27.886 62694 INFO tempest.lib.common.rest_client [req-8531adce-10cb-46ee-b5b6-b0f016690e50 req-8531adce-10cb-46ee-b5b6-b0f016690e50 ] Request (SecurityGroupsTestJSON:test_list_security_groups_by_server): 200 GET http://10.180.1.21/compute/v2.1/servers/724107ad-1ffc-4bbb-9004-41b95330b0fd 1.247s
2025-02-12 19:38:27.904 62732 INFO tempest.lib.common.rest_client [req-4a3f6295-4fb2-4031-a876-426bcdb5c3c7 req-4a3f6295-4fb2-4031-a876-426bcdb5c3c7 ] Request (FloatingIPsAssociationTestJSON:test_associate_already_associated_floating_ip): 200 GET http://10.180.1.21/compute/v2.1/servers/00fdb372-683f-4552-a771-976703866093 1.224s
2025-02-12 19:38:28.034 62714 INFO tempest.lib.common.rest_client [req-ff5e10a8-51a8-4607-95e2-fe32ba94fad9 req-ff5e10a8-51a8-4607-95e2-fe32ba94fad9 ] Request (VolumesAdminNegativeTest:test_update_attached_volume_with_nonexistent_volume_in_body): 200 GET http://10.180.1.21/compute/v2.1/servers/1da09049-1ae5-41ce-872c-d0a570e8ed86 1.233s
2025-02-12 19:38:28.092 62698 INFO tempest.lib.common.rest_client [req-7edba9fb-5660-4f68-aba7-5ac9a4f88acf req-7edba9fb-5660-4f68-aba7-5ac9a4f88acf ] Request (FlavorsV2TestJSON:tearDownClass): 200 GET http://10.180.1.21:9696/networking/v2.0/security-groups?tenant_id=aeca5535273c4a6cbd4bd3aeea2db68f&name=default 0.238s
2025-02-12 19:38:28.128 62738 INFO tempest.lib.common.rest_client [req-d48b685c-30e6-46ec-bfb2-e4bb75f2edec req-d48b685c-30e6-46ec-bfb2-e4bb75f2edec ] Request (ServersAdminTestJSON:setUpClass): 200 GET http://10.180.1.21/compute/v2.1/servers/d7b994ce-8b34-4d1f-b857-458a40a6fe6c 1.165s
2025-02-12 19:38:28.188 62698 INFO tempest.lib.common.rest_client [req-4a41352f-a179-44a9-bcc6-070610c0cf1c req-4a41352f-a179-44a9-bcc6-070610c0cf1c ] Request (FlavorsV2TestJSON:tearDownClass): 204 DELETE http://10.180.1.21:9696/networking/v2.0/security-groups/060f847c-8f63-464d-8f96-514409d2f3d6 0.096s
2025-02-12 19:38:28.219 62716 INFO tempest.lib.common.rest_client [req-c94a68d7-2928-46e6-8c85-fc6fa859c54c req-c94a68d7-2928-46e6-8c85-fc6fa859c54c ] Request (ServicesAdminNegativeTestJSON:test_list_services_with_non_admin_user): 403 GET http://10.180.1.21/compute/v2.1/os-services 1.235s
2025-02-12 19:38:28.259 62698 INFO tempest.lib.common.rest_client [req-d7e91ed0-c6e5-48db-bc3b-ca4537801d75 req-d7e91ed0-c6e5-48db-bc3b-ca4537801d75 ] Request (FlavorsV2TestJSON:tearDownClass): 204 DELETE http://10.180.1.21/identity/v3/projects/aeca5535273c4a6cbd4bd3aeea2db68f 0.070s
2025-02-12 19:38:28.268 62726 INFO tempest.lib.common.rest_client [req-cbc2f80c-438c-480e-8f95-7a8d6255cb66 req-cbc2f80c-438c-480e-8f95-7a8d6255cb66 ] Request (ServerGroup264TestJSON:tearDownClass): 200 PUT http://10.180.1.21:9696/networking/v2.0/routers/812e638a-ac3c-4677-96e2-a7ffa65bdafc/remove_router_interface 1.315s
2025-02-12 19:38:28.298 62722 INFO tempest.lib.common.rest_client [req-db07e039-0d39-4318-ba2e-a3a68080f3d9 req-db07e039-0d39-4318-ba2e-a3a68080f3d9 ] Request (ServerDiagnosticsTest:tearDownClass): 200 GET http://10.180.1.21/compute/v2.1/servers/35357dda-cf26-4576-a6ca-cef04c6597b1 1.236s
2025-02-12 19:38:28.303 62698 INFO tempest.lib.common.rest_client [req-234cb98a-58c8-42cc-b1cf-b3987e5e9817 req-234cb98a-58c8-42cc-b1cf-b3987e5e9817 ] Request (FlavorsV2NegativeTest:setUpClass): 201 POST http://10.180.1.21/identity/v3/auth/tokens 0.042s
2025-02-12 19:38:28.319 62700 INFO tempest.lib.common.rest_client [req-2ff37c69-4616-461b-8812-55d56b4d8272 req-2ff37c69-4616-461b-8812-55d56b4d8272 ] Request (FlavorsAdminTestJSON:test_create_server_with_non_public_flavor): 400 POST http://10.180.1.21/compute/v2.1/servers 1.245s
2025-02-12 19:38:28.330 62688 INFO tempest.lib.common.rest_client [req-b689abd9-b6ca-450f-ad90-997a82e72a87 req-b689abd9-b6ca-450f-ad90-997a82e72a87 ] Request (AggregatesAdminNegativeTestJSON:test_aggregate_get_details_as_user): 403 GET http://10.180.1.21/compute/v2.1/os-aggregates/6 1.225s
2025-02-12 19:38:28.349 62716 INFO tempest.lib.common.rest_client [req-ec14453a-c71a-4e84-a5c8-62ce6359702d req-ec14453a-c71a-4e84-a5c8-62ce6359702d ] Request (ServicesAdminNegativeTestJSON:tearDownClass): 204 DELETE http://10.180.1.21/identity/v3/users/78664aa5da674013a70c34a63e9ad0a5 0.127s
2025-02-12 19:38:28.378 62698 INFO tempest.lib.common.rest_client [req-aa9fe742-a3a4-465c-b285-a92d90cc559b req-aa9fe742-a3a4-465c-b285-a92d90cc559b ] Request (FlavorsV2NegativeTest:setUpClass): 201 POST http://10.180.1.21/identity/v3/auth/tokens 0.070s
2025-02-12 19:38:28.421 62684 INFO tempest.lib.common.rest_client [req-4da83e6a-97d2-4c96-8077-3e0c20539ffe req-4da83e6a-97d2-4c96-8077-3e0c20539ffe ] Request (QuotasAdminTestJSON:_run_cleanups): 200 PUT http://10.180.1.21/compute/v2.1/os-quota-sets/a256396929ec4eaf9b6fcc7f2cd6efd8 1.608s
2025-02-12 19:38:28.473 62716 INFO tempest.lib.common.rest_client [req-9e399631-dbd3-4a05-ab62-95cdef82050c req-9e399631-dbd3-4a05-ab62-95cdef82050c ] Request (ServicesAdminNegativeTestJSON:tearDownClass): 204 DELETE http://10.180.1.21/identity/v3/users/e5831f41685843fca4b1c01de42ce631 0.124s
2025-02-12 19:38:28.473 62716 INFO tempest.lib.common.dynamic_creds [-] Deleting project and security group for project: 4000bc2adb21422f9f63733cfc79b915
2025-02-12 19:38:28.487 62706 INFO tempest.lib.common.rest_client [req-f95c92d0-326a-4cf8-a14a-151f9e9abe68 req-f95c92d0-326a-4cf8-a14a-151f9e9abe68 ] Request (HypervisorAdminTestJSON:test_get_hypervisor_list): 200 GET http://10.180.1.21/compute/v2.1/os-hypervisors 1.260s
2025-02-12 19:38:28.527 62698 INFO tempest.lib.common.rest_client [req-88c54f29-54eb-4663-8637-84a20b6469b5 req-88c54f29-54eb-4663-8637-84a20b6469b5 ] Request (FlavorsV2NegativeTest:setUpClass): 200 GET http://10.180.1.21/identity/v3/domains?name=Default 0.148s
2025-02-12 19:38:28.556 62730 INFO tempest.lib.common.rest_client [req-0f6788e7-6ae8-4968-8a9e-646c8dfb54ef req-0f6788e7-6ae8-4968-8a9e-646c8dfb54ef ] Request (ServerExternalEventsTest:test_create_server_external_events): 200 GET http://10.180.1.21/compute/v2.1/servers/9a0c83f1-f660-45d9-adc7-7a82fca70272 1.254s
2025-02-12 19:38:28.567 62684 INFO tempest.lib.common.rest_client [req-08d7323f-7b27-4a70-b3de-cdc3fa2a5f00 req-08d7323f-7b27-4a70-b3de-cdc3fa2a5f00 ] Request (QuotasAdminTestJSON:tearDownClass): 204 DELETE http://10.180.1.21/identity/v3/users/9f9e623834b54fc18d5b5d9e9efd182f 0.140s
2025-02-12 19:38:28.568 62730 INFO tempest.common.waiters [-] State transition "BUILD/spawning" ==> "ACTIVE/None" after 31 second wait
2025-02-12 19:38:28.593 62696 INFO tempest.lib.common.rest_client [req-bd47c1e9-c1c0-4484-9316-90173bdaaae3 req-bd47c1e9-c1c0-4484-9316-90173bdaaae3 ] Request (TenantUsagesTestJSON:setUpClass): 200 GET http://10.180.1.21/compute/v2.1/servers/f2fc50a2-045d-4f3c-81b9-aab4c1a01be7 1.070s
2025-02-12 19:38:28.594 62716 INFO tempest.lib.common.rest_client [req-6d5a8512-cabf-4663-8dcd-0c1be43bb2fd req-6d5a8512-cabf-4663-8dcd-0c1be43bb2fd ] Request (ServicesAdminNegativeTestJSON:tearDownClass): 201 POST http://10.180.1.21/identity/v3/auth/tokens 0.120s
2025-02-12 19:38:28.643 62698 INFO tempest.lib.common.rest_client [req-cdf5c196-a797-445c-9cd4-14eb749b6bcd req-cdf5c196-a797-445c-9cd4-14eb749b6bcd ] Request (FlavorsV2NegativeTest:setUpClass): 201 POST http://10.180.1.21/identity/v3/projects 0.116s
2025-02-12 19:38:28.682 62718 INFO tempest.lib.common.rest_client [req-4dfa0304-375d-4207-9cef-7345e072f2cc req-4dfa0304-375d-4207-9cef-7345e072f2cc ] Request (ServerActionsTestOtherB:setUpClass): 200 GET http://10.180.1.21/compute/v2.1/servers/1baeefa4-6b4f-4f68-91e5-d02645d64d34/os-interface 1.110s
2025-02-12 19:38:28.690 62684 INFO tempest.lib.common.rest_client [req-eada64a7-02e7-49cb-8b5e-532f8337922d req-eada64a7-02e7-49cb-8b5e-532f8337922d ] Request (QuotasAdminTestJSON:tearDownClass): 204 DELETE http://10.180.1.21/identity/v3/users/bfd6387d76a0424897d9d063f46c168d 0.123s
2025-02-12 19:38:28.691 62684 INFO tempest.lib.common.dynamic_creds [-] Deleting project and security group for project: a256396929ec4eaf9b6fcc7f2cd6efd8
2025-02-12 19:38:28.766 62698 INFO tempest.lib.common.rest_client [req-8b3dfe3b-7dea-4ac0-98ae-1d958e3e966b req-8b3dfe3b-7dea-4ac0-98ae-1d958e3e966b ] Request (FlavorsV2NegativeTest:setUpClass): 201 POST http://10.180.1.21/identity/v3/users 0.122s
2025-02-12 19:38:28.798 62684 INFO tempest.lib.common.rest_client [req-0974f0f3-14c3-47f9-9063-a420cc19fa85 req-0974f0f3-14c3-47f9-9063-a420cc19fa85 ] Request (QuotasAdminTestJSON:tearDownClass): 201 POST http://10.180.1.21/identity/v3/auth/tokens 0.107s
2025-02-12 19:38:28.817 62698 INFO tempest.lib.common.rest_client [req-a6a48d9e-0ad3-4d05-b8be-bd20709f3c9e req-a6a48d9e-0ad3-4d05-b8be-bd20709f3c9e ] Request (FlavorsV2NegativeTest:setUpClass): 200 GET http://10.180.1.21/identity/v3/roles 0.050s
2025-02-12 19:38:28.867 62698 INFO tempest.lib.common.rest_client [req-2c0ef642-a68d-423e-8f8a-fa311fdc2c90 req-2c0ef642-a68d-423e-8f8a-fa311fdc2c90 ] Request (FlavorsV2NegativeTest:setUpClass): 204 PUT http://10.180.1.21/identity/v3/projects/508113a44b2946d0915b8887507b5d30/users/7ecf412ed3f64dfdae9ec048b62e6e2b/roles/816911377d77432aabced94a816472cc 0.048s
2025-02-12 19:38:28.867 62698 INFO tempest.lib.common.dynamic_creds [-] Dynamic test user 7ecf412ed3f64dfdae9ec048b62e6e2b is created with scope project and roles: ['member']
2025-02-12 19:38:28.867 62698 INFO tempest.lib.common.dynamic_creds [-] Acquired dynamic creds: credentials: Credentials: {'domain_id': 'default', 'domain_name': 'Default', 'username': 'tempest-FlavorsV2NegativeTest-1505512785-project-member', 'project_domain_id': 'default', 'project_domain_name': 'Default', 'project_id': '508113a44b2946d0915b8887507b5d30', 'project_name': 'tempest-FlavorsV2NegativeTest-1505512785', 'tenant_id': '508113a44b2946d0915b8887507b5d30', 'tenant_name': 'tempest-FlavorsV2NegativeTest-1505512785', 'user_domain_id': 'default', 'user_domain_name': 'Default', 'user_id': '7ecf412ed3f64dfdae9ec048b62e6e2b', 'system': None}, Network: None, Subnet: None, Router: None
2025-02-12 19:38:28.867 62698 INFO tempest.lib.common.dynamic_creds [-] Created isolated network resources for: credentials: Credentials: {'domain_id': 'default', 'domain_name': 'Default', 'username': 'tempest-FlavorsV2NegativeTest-1505512785-project-member', 'project_domain_id': 'default', 'project_domain_name': 'Default', 'project_id': '508113a44b2946d0915b8887507b5d30', 'project_name': 'tempest-FlavorsV2NegativeTest-1505512785', 'tenant_id': '508113a44b2946d0915b8887507b5d30', 'tenant_name': 'tempest-FlavorsV2NegativeTest-1505512785', 'user_domain_id': 'default', 'user_domain_name': 'Default', 'user_id': '7ecf412ed3f64dfdae9ec048b62e6e2b', 'system': None}, Network: None, Subnet: None, Router: None
2025-02-12 19:38:28.977 62744 INFO tempest.lib.common.rest_client [req-d2ca949d-1c96-4ed7-8cc0-30e43e946b82 req-d2ca949d-1c96-4ed7-8cc0-30e43e946b82 ] Request (ListServersNegativeTestJSON:setUpClass): 200 GET http://10.180.1.21/compute/v2.1/servers/5a3eb923-5bd9-4d00-ba7f-ac5d148cc1fd 1.311s
2025-02-12 19:38:29.024 62698 INFO tempest.lib.common.rest_client [req-619118f9-26f4-468d-8265-3338d77fb985 req-619118f9-26f4-468d-8265-3338d77fb985 ] Request (FlavorsV2NegativeTest:setUpClass): 201 POST http://10.180.1.21/identity/v3/auth/tokens 0.152s
2025-02-12 19:38:29.111 62716 INFO tempest.lib.common.rest_client [req-03545cd0-f75f-4ad1-94b0-6b6185117906 req-03545cd0-f75f-4ad1-94b0-6b6185117906 ] Request (ServicesAdminNegativeTestJSON:tearDownClass): 200 GET http://10.180.1.21:9696/networking/v2.0/security-groups?tenant_id=4000bc2adb21422f9f63733cfc79b915&name=default 0.517s
2025-02-12 19:38:29.133 62728 INFO tempest.lib.common.rest_client [req-caee9ec2-b9e2-4000-9ced-b384374a5aa6 req-caee9ec2-b9e2-4000-9ced-b384374a5aa6 ] Request (DeleteServersAdminTestJSON:test_admin_delete_servers_of_others): 200 GET http://10.180.1.21/compute/v2.1/servers/621d2c06-77f3-4b6e-9944-01faf4f8056b 1.411s
2025-02-12 19:38:29.230 62726 INFO tempest.lib.common.rest_client [req-d513d518-27a4-4640-90dc-2cf45669a796 req-d513d518-27a4-4640-90dc-2cf45669a796 ] Request (ServerGroup264TestJSON:tearDownClass): 204 DELETE http://10.180.1.21:9696/networking/v2.0/routers/812e638a-ac3c-4677-96e2-a7ffa65bdafc 0.962s
2025-02-12 19:38:29.241 62740 INFO tempest.lib.common.rest_client [req-c14af636-bfe0-4b45-84f6-44d170ef50f8 req-c14af636-bfe0-4b45-84f6-44d170ef50f8 ] Request (ImagesOneServerTestJSON:setUpClass): 200 GET http://10.180.1.21/compute/v2.1/servers/0ade04eb-abe5-493f-9076-d16f5ad36da7 1.461s
2025-02-12 19:38:29.387 62684 INFO tempest.lib.common.rest_client [req-0d729d0f-7410-40ff-9d40-19f6413666c9 req-0d729d0f-7410-40ff-9d40-19f6413666c9 ] Request (QuotasAdminTestJSON:tearDownClass): 200 GET http://10.180.1.21:9696/networking/v2.0/security-groups?tenant_id=a256396929ec4eaf9b6fcc7f2cd6efd8&name=default 0.589s
2025-02-12 19:38:29.442 62716 INFO tempest.lib.common.rest_client [req-24f48c20-7a50-45a2-84f6-da8c63bcb5fb req-24f48c20-7a50-45a2-84f6-da8c63bcb5fb ] Request (ServicesAdminNegativeTestJSON:tearDownClass): 204 DELETE http://10.180.1.21:9696/networking/v2.0/security-groups/c691fb71-0cc8-4622-8842-b914991564c9 0.330s
2025-02-12 19:38:29.501 62736 INFO tempest.lib.common.rest_client [req-eb54b7c7-c5b8-438a-8cb3-d11cc9be20e1 req-eb54b7c7-c5b8-438a-8cb3-d11cc9be20e1 ] Request (FloatingIPsAssociationNegativeTestJSON:_run_cleanups): 202 DELETE http://10.180.1.21/compute/v2.1/os-floating-ips/3ccda452-b573-4b8e-9924-0b05e29f6e3d 1.911s
2025-02-12 19:38:29.527 62720 INFO tempest.lib.common.rest_client [req-fc0a272b-3101-45e5-90af-c9fd73ec3e8d req-fc0a272b-3101-45e5-90af-c9fd73ec3e8d ] Request (FlavorsAccessNegativeTestJSON:_run_cleanups): 202 DELETE http://10.180.1.21/compute/v2.1/flavors/1873106703 1.676s
2025-02-12 19:38:29.536 62716 INFO tempest.lib.common.rest_client [req-0907a205-21d8-43cf-8d05-f95465a7eada req-0907a205-21d8-43cf-8d05-f95465a7eada ] Request (ServicesAdminNegativeTestJSON:tearDownClass): 204 DELETE http://10.180.1.21/identity/v3/projects/4000bc2adb21422f9f63733cfc79b915 0.094s
2025-02-12 19:38:29.536 62716 INFO tempest.lib.common.dynamic_creds [-] Deleting project and security group for project: 00b9a271ce724cf2b97b93c2df06df95
2025-02-12 19:38:29.766 62686 INFO tempest.lib.common.rest_client [req-f719eef6-0d7c-4e2e-9897-93706357b3d2 req-f719eef6-0d7c-4e2e-9897-93706357b3d2 ] Request (ServersTestBootFromVolume:setUpClass): 200 GET http://10.180.1.21/compute/v2.1/servers/75908b19-4042-4f7e-b50a-8d0255bebd6f 1.893s
2025-02-12 19:38:29.793 62710 INFO tempest.lib.common.rest_client [req-45771941-5136-4407-ba18-1fe39345ae78 req-45771941-5136-4407-ba18-1fe39345ae78 ] Request (ServersWithSpecificFlavorTestJSON:test_verify_created_server_ephemeral_disk): 200 GET http://10.180.1.21/compute/v2.1/servers/9745f741-5030-4bba-8ddc-bff38331ab4c 1.962s
2025-02-12 19:38:29.800 62710 INFO tempest.common.waiters [-] State transition "BUILD/None" ==> "BUILD/block_device_mapping" after 14 second wait
2025-02-12 19:38:29.816 62684 INFO tempest.lib.common.rest_client [req-5b38c864-522f-4eca-b9d4-6ea3eb4f4cce req-5b38c864-522f-4eca-b9d4-6ea3eb4f4cce ] Request (QuotasAdminTestJSON:tearDownClass): 204 DELETE http://10.180.1.21:9696/networking/v2.0/security-groups/1377a8b5-4e2b-4fb0-805a-3b81ee8fbec7 0.428s
2025-02-12 19:38:29.865 62724 INFO tempest.lib.common.rest_client [req-f4ba5b6f-4a6f-4e8f-8d16-1fa69b2f265f req-f4ba5b6f-4a6f-4e8f-8d16-1fa69b2f265f ] Request (ServerDiagnosticsV248Test:test_get_server_diagnostics): 200 GET http://10.180.1.21/compute/v2.1/servers/7b302e72-58de-4b9c-aa9e-902a37184828 1.930s
2025-02-12 19:38:29.871 62726 INFO tempest.lib.common.rest_client [req-adad8346-7848-499d-9caa-49d7348ab606 req-adad8346-7848-499d-9caa-49d7348ab606 ] Request (ServerGroup264TestJSON:tearDownClass): 204 DELETE http://10.180.1.21:9696/networking/v2.0/subnets/b553e76d-5551-4352-a216-9e4da144d429 0.641s
2025-02-12 19:38:29.879 62724 INFO tempest.common.waiters [-] State transition "BUILD/block_device_mapping" ==> "BUILD/spawning" after 17 second wait
2025-02-12 19:38:29.922 62684 INFO tempest.lib.common.rest_client [req-efcfd013-66bc-4703-8e85-3fff2351e8bb req-efcfd013-66bc-4703-8e85-3fff2351e8bb ] Request (QuotasAdminTestJSON:tearDownClass): 204 DELETE http://10.180.1.21/identity/v3/projects/a256396929ec4eaf9b6fcc7f2cd6efd8 0.106s
2025-02-12 19:38:29.923 62684 INFO tempest.lib.common.dynamic_creds [-] Deleting project and security group for project: 55dafc4ac9a34ae9b4f45bca9f29937e
2025-02-12 19:38:29.939 62690 INFO tempest.lib.common.rest_client [req-4adbf807-a5c8-43a9-bf7c-081ad9f72579 req-4adbf807-a5c8-43a9-bf7c-081ad9f72579 ] Request (AttachInterfacesTestJSON:test_create_list_show_delete_interfaces_by_fixed_ip): 200 GET http://10.180.1.21/compute/v2.1/servers/28bfc61c-df62-49ff-807d-bd6845f6307a 1.877s
2025-02-12 19:38:29.957 62700 INFO tempest.lib.common.rest_client [req-8b24a397-af43-40b9-b5ea-3eda20bda401 req-8b24a397-af43-40b9-b5ea-3eda20bda401 ] Request (FlavorsAdminTestJSON:_run_cleanups): 202 DELETE http://10.180.1.21/compute/v2.1/flavors/1545187087 1.637s
2025-02-12 19:38:29.963 62704 INFO tempest.lib.common.rest_client [req-aae51928-6b9e-427b-9072-e425cc90b405 req-aae51928-6b9e-427b-9072-e425cc90b405 ] Request (ServersAdminNegativeTestJSON:setUpClass): 200 GET http://10.180.1.21/compute/v2.1/servers/6dd54a20-72b1-4704-91bb-ef10a0a2db8c 2.016s
2025-02-12 19:38:29.975 62704 INFO tempest.common.waiters [-] State transition "BUILD/spawning" ==> "ACTIVE/None" after 26 second wait
2025-02-12 19:38:29.981 62688 INFO tempest.lib.common.rest_client [req-1069b3d1-d704-43bf-a3f4-461cd0f96556 req-1069b3d1-d704-43bf-a3f4-461cd0f96556 ] Request (AggregatesAdminNegativeTestJSON:_run_cleanups): 200 DELETE http://10.180.1.21/compute/v2.1/os-aggregates/6 1.651s
2025-02-12 19:38:30.052 62702 INFO tempest.lib.common.rest_client [req-5f51a1de-e670-4e4e-b45b-022acb84c9a5 req-5f51a1de-e670-4e4e-b45b-022acb84c9a5 ] Request (VolumesAssistedSnapshotsTest:test_volume_assisted_snapshot_create_delete): 200 GET http://10.180.1.21/compute/v2.1/servers/1ff62a80-6e78-465f-b9c8-3a2107ebcf8e 1.674s
2025-02-12 19:38:30.075 62706 INFO tempest.lib.common.rest_client [req-ac70a369-c2c6-442a-b676-80d15ec9dd49 req-ac70a369-c2c6-442a-b676-80d15ec9dd49 ] Request (HypervisorAdminTestJSON:test_get_hypervisor_list_details): 200 GET http://10.180.1.21/compute/v2.1/os-hypervisors/detail 1.585s
2025-02-12 19:38:30.077 62716 INFO tempest.lib.common.rest_client [req-50ed76cf-8ef8-4e96-9651-1238a3ce34c4 req-50ed76cf-8ef8-4e96-9651-1238a3ce34c4 ] Request (ServicesAdminNegativeTestJSON:tearDownClass): 200 GET http://10.180.1.21:9696/networking/v2.0/security-groups?tenant_id=00b9a271ce724cf2b97b93c2df06df95&name=default 0.540s
2025-02-12 19:38:30.132 62718 INFO tempest.lib.common.rest_client [req-91b94ca2-d594-4478-b78d-9752238a10fe req-91b94ca2-d594-4478-b78d-9752238a10fe ] Request (ServerActionsTestOtherB:setUpClass): 200 PUT http://10.180.1.21:9696/networking/v2.0/floatingips/95fa2caf-1801-4294-b497-43ddf452df05 1.446s
2025-02-12 19:38:30.134 62718 INFO tempest.lib.common.ssh [-] Creating ssh connection to '10.180.180.209:22' as 'cirros' with public key authentication
2025-02-12 19:38:30.195 62684 INFO tempest.lib.common.rest_client [req-2f13e006-a1bd-4d1c-8211-a1f2460d2fe0 req-2f13e006-a1bd-4d1c-8211-a1f2460d2fe0 ] Request (QuotasAdminTestJSON:tearDownClass): 200 GET http://10.180.1.21:9696/networking/v2.0/security-groups?tenant_id=55dafc4ac9a34ae9b4f45bca9f29937e&name=default 0.272s
2025-02-12 19:38:30.197 62692 INFO tempest.lib.common.rest_client [req-1c61ac82-718e-4a66-ac14-be627df83927 req-1c61ac82-718e-4a66-ac14-be627df83927 ] Request (AbsoluteLimitsNegativeTestJSON:test_max_metadata_exceed_limit): 200 GET http://10.180.1.21/compute/v2.1/limits 1.706s
2025-02-12 19:38:30.232 62716 INFO tempest.lib.common.rest_client [req-7c758fd9-661d-446e-aa68-685aa0c726d0 req-7c758fd9-661d-446e-aa68-685aa0c726d0 ] Request (ServicesAdminNegativeTestJSON:tearDownClass): 204 DELETE http://10.180.1.21:9696/networking/v2.0/security-groups/050e08de-7317-455e-9240-ba434a7bae29 0.151s
2025-02-12 19:38:30.246 62692 INFO tempest.lib.common.rest_client [req-0105cdb2-0e2e-4ca8-8562-93b4b51d7cb1 req-0105cdb2-0e2e-4ca8-8562-93b4b51d7cb1 ] Request (AbsoluteLimitsNegativeTestJSON:test_max_metadata_exceed_limit): 201 POST http://10.180.1.21/identity/v3/auth/tokens 0.038s
2025-02-12 19:38:30.246 62692 INFO tempest.lib.common.fixed_network [-] (AbsoluteLimitsNegativeTestJSON:test_max_metadata_exceed_limit) Found network None available for tenant
2025-02-12 19:38:30.261 62730 INFO tempest.lib.common.rest_client [req-06e4605e-7b82-460d-9860-e70859814c71 req-06e4605e-7b82-460d-9860-e70859814c71 ] Request (ServerExternalEventsTest:test_create_server_external_events): 200 POST http://10.180.1.21/compute/v2.1/os-server-external-events 1.692s
2025-02-12 19:38:30.321 62712 INFO tempest.lib.common.rest_client [req-c8bba4f2-fe11-4ba6-b317-4c879b39de91 req-c8bba4f2-fe11-4ba6-b317-4c879b39de91 ] Request (InstanceActionsV221TestJSON:test_get_list_deleted_instance_actions): 200 GET http://10.180.1.21/compute/v2.1/servers/47590f9c-00c0-4c63-99e0-196d2bf80f25 1.643s
2025-02-12 19:38:30.340 62734 INFO tempest.lib.common.rest_client [req-d5d7e335-0aab-4ea8-92fc-1bfea8705a69 req-d5d7e335-0aab-4ea8-92fc-1bfea8705a69 ] Request (ServersTestFqdnHostnames:test_create_server_with_fqdn_name): 200 GET http://10.180.1.21/compute/v2.1/servers/d33fe490-c5b2-4223-bf8e-b95ce7293fd6 1.598s
2025-02-12 19:38:30.353 62716 INFO tempest.lib.common.rest_client [req-377a4650-39c3-4a98-9cab-58d50ce9fca5 req-377a4650-39c3-4a98-9cab-58d50ce9fca5 ] Request (ServicesAdminNegativeTestJSON:tearDownClass): 204 DELETE http://10.180.1.21/identity/v3/projects/00b9a271ce724cf2b97b93c2df06df95 0.118s
2025-02-12 19:38:30.392 62684 INFO tempest.lib.common.rest_client [req-72a3ed9d-3fff-4dcd-9471-e3eb0499ed86 req-72a3ed9d-3fff-4dcd-9471-e3eb0499ed86 ] Request (QuotasAdminTestJSON:tearDownClass): 204 DELETE http://10.180.1.21:9696/networking/v2.0/security-groups/328daf33-f365-4120-b5ad-a787b8612820 0.195s
2025-02-12 19:38:30.417 62708 INFO tempest.lib.common.rest_client [req-bf3b723c-b87b-454f-8532-55b5ac47fc28 req-bf3b723c-b87b-454f-8532-55b5ac47fc28 ] Request (ServerMetadataNegativeTestJSON:setUpClass): 200 GET http://10.180.1.21/compute/v2.1/servers/649d5de9-956f-4def-8685-ba7415cd08b9 1.600s
2025-02-12 19:38:30.419 62694 INFO tempest.lib.common.rest_client [req-f5d90031-c3de-47df-b197-fa31d7dcd0db req-f5d90031-c3de-47df-b197-fa31d7dcd0db ] Request (SecurityGroupsTestJSON:test_list_security_groups_by_server): 200 GET http://10.180.1.21/compute/v2.1/servers/724107ad-1ffc-4bbb-9004-41b95330b0fd 1.521s
2025-02-12 19:38:30.433 62716 INFO tempest.lib.common.rest_client [req-1c6100e3-8ad9-4625-aafe-d44e6d4b1fa2 req-1c6100e3-8ad9-4625-aafe-d44e6d4b1fa2 ] Request (ImagesNegativeTestJSON:setUpClass): 201 POST http://10.180.1.21/identity/v3/auth/tokens 0.077s
2025-02-12 19:38:30.450 62726 INFO tempest.lib.common.rest_client [req-de027e9f-5268-4be7-8bc4-ba4fa3c6b90a req-de027e9f-5268-4be7-8bc4-ba4fa3c6b90a ] Request (ServerGroup264TestJSON:tearDownClass): 204 DELETE http://10.180.1.21:9696/networking/v2.0/networks/04bfc98f-52e0-46b9-ba54-60a67ccbb064 0.579s
2025-02-12 19:38:30.480 62732 INFO tempest.lib.common.rest_client [req-b8364046-81b4-431c-a0ee-06e82e21e4c1 req-b8364046-81b4-431c-a0ee-06e82e21e4c1 ] Request (FloatingIPsAssociationTestJSON:test_associate_already_associated_floating_ip): 200 GET http://10.180.1.21/compute/v2.1/servers/00fdb372-683f-4552-a771-976703866093 1.561s
2025-02-12 19:38:30.507 62684 INFO tempest.lib.common.rest_client [req-8e1dff8f-cf1b-4b78-853e-994b8fe38d2b req-8e1dff8f-cf1b-4b78-853e-994b8fe38d2b ] Request (QuotasAdminTestJSON:tearDownClass): 204 DELETE http://10.180.1.21/identity/v3/projects/55dafc4ac9a34ae9b4f45bca9f29937e 0.115s
2025-02-12 19:38:30.508 62684 INFO tempest.test [-] raised in UpdateMultiattachVolumeNegativeTest.setUpClass. Invoking tearDownClass.
2025-02-12 19:38:30.561 62716 INFO tempest.lib.common.rest_client [req-0375aba2-f934-4462-884b-3abc8abe5e42 req-0375aba2-f934-4462-884b-3abc8abe5e42 ] Request (ImagesNegativeTestJSON:setUpClass): 201 POST http://10.180.1.21/identity/v3/auth/tokens 0.125s
2025-02-12 19:38:30.601 62714 INFO tempest.lib.common.rest_client [req-e1e554da-6622-40c5-868b-ea606de2c5a9 req-e1e554da-6622-40c5-868b-ea606de2c5a9 ] Request (VolumesAdminNegativeTest:test_update_attached_volume_with_nonexistent_volume_in_body): 200 GET http://10.180.1.21/compute/v2.1/servers/1da09049-1ae5-41ce-872c-d0a570e8ed86 1.551s
2025-02-12 19:38:30.606 62698 INFO tempest.lib.common.rest_client [req-fe0bd18a-1cd0-4ce7-8de2-20a41bdbfc2a req-fe0bd18a-1cd0-4ce7-8de2-20a41bdbfc2a ] Request (FlavorsV2NegativeTest:test_boot_with_low_ram): 200 GET http://10.180.1.21/compute/v2.1/flavors/42 1.580s
2025-02-12 19:38:30.636 62726 INFO tempest.lib.common.rest_client [req-2bbd249f-d413-45be-a9b3-510b1e02b3c4 req-2bbd249f-d413-45be-a9b3-510b1e02b3c4 ] Request (ServerGroup264TestJSON:tearDownClass): 204 DELETE http://10.180.1.21/identity/v3/users/506339ecbad249779b92d946ef6662ee 0.186s
2025-02-12 19:38:30.637 62726 INFO tempest.lib.common.dynamic_creds [-] Deleting project and security group for project: 615d92d2aa404150ad6a1bce7329914d
2025-02-12 19:38:30.663 62738 INFO tempest.lib.common.rest_client [req-d1a22128-d041-4674-a34f-cbb9dbb68db1 req-d1a22128-d041-4674-a34f-cbb9dbb68db1 ] Request (ServersAdminTestJSON:setUpClass): 200 GET http://10.180.1.21/compute/v2.1/servers/d7b994ce-8b34-4d1f-b857-458a40a6fe6c 1.524s
2025-02-12 19:38:30.670 62726 INFO tempest.lib.common.rest_client [req-d08fe078-1113-4de4-8acb-1af4b243cded req-d08fe078-1113-4de4-8acb-1af4b243cded ] Request (ServerGroup264TestJSON:tearDownClass): 200 GET http://10.180.1.21:9696/networking/v2.0/security-groups?tenant_id=615d92d2aa404150ad6a1bce7329914d&name=default 0.033s
2025-02-12 19:38:30.696 62722 INFO tempest.lib.common.rest_client [req-d970e7be-1038-49ed-9987-3d0a8bf0698c req-d970e7be-1038-49ed-9987-3d0a8bf0698c ] Request (ServerDiagnosticsTest:tearDownClass): 200 GET http://10.180.1.21/compute/v2.1/servers/35357dda-cf26-4576-a6ca-cef04c6597b1 1.389s
2025-02-12 19:38:30.697 62684 INFO tempest.lib.common.rest_client [req-38e37a8d-72e2-4d7d-b046-6385d36c0d12 req-38e37a8d-72e2-4d7d-b046-6385d36c0d12 ] Request (KeyPairsV2TestJSON:setUpClass): 201 POST http://10.180.1.21/identity/v3/auth/tokens 0.187s
2025-02-12 19:38:30.719 62720 INFO tempest.lib.common.rest_client [req-d8219896-7c35-4c57-9017-79810bd95541 req-d8219896-7c35-4c57-9017-79810bd95541 ] Request (FlavorsAccessNegativeTestJSON:_run_cleanups): 200 GET http://10.180.1.21/compute/v2.1/flavors/detail 1.191s
2025-02-12 19:38:30.735 62716 INFO tempest.lib.common.rest_client [req-fa113b91-78c6-4832-a552-3a6afea8b500 req-fa113b91-78c6-4832-a552-3a6afea8b500 ] Request (ImagesNegativeTestJSON:setUpClass): 200 GET http://10.180.1.21/identity/v3/domains?name=Default 0.173s
2025-02-12 19:38:30.763 62684 INFO tempest.lib.common.rest_client [req-9f25e019-e4fa-474f-ab34-a4481dc1c4dc req-9f25e019-e4fa-474f-ab34-a4481dc1c4dc ] Request (KeyPairsV2TestJSON:setUpClass): 201 POST http://10.180.1.21/identity/v3/auth/tokens 0.061s
2025-02-12 19:38:30.828 62726 INFO tempest.lib.common.rest_client [req-09118838-a7bc-4466-b442-603c6b684f48 req-09118838-a7bc-4466-b442-603c6b684f48 ] Request (ServerGroup264TestJSON:tearDownClass): 204 DELETE http://10.180.1.21:9696/networking/v2.0/security-groups/694ba7aa-e2ab-4fac-808f-194143207342 0.157s
2025-02-12 19:38:30.835 62720 INFO tempest.lib.common.rest_client [req-acd54ac1-45b1-46f9-984a-fdb0df8f697d req-acd54ac1-45b1-46f9-984a-fdb0df8f697d ] Request (FlavorsAccessNegativeTestJSON:tearDownClass): 204 DELETE http://10.180.1.21/identity/v3/users/f0c8154298884165ae0989005ffb41f6 0.110s
2025-02-12 19:38:30.888 62684 INFO tempest.lib.common.rest_client [req-78ab12fe-3139-4a38-8216-70cf9c063192 req-78ab12fe-3139-4a38-8216-70cf9c063192 ] Request (KeyPairsV2TestJSON:setUpClass): 200 GET http://10.180.1.21/identity/v3/domains?name=Default 0.125s
2025-02-12 19:38:30.892 62716 INFO tempest.lib.common.rest_client [req-1dc1dd85-9757-4640-98e0-f90a4ef6345a req-1dc1dd85-9757-4640-98e0-f90a4ef6345a ] Request (ImagesNegativeTestJSON:setUpClass): 201 POST http://10.180.1.21/identity/v3/projects 0.157s
2025-02-12 19:38:30.894 62696 INFO tempest.lib.common.rest_client [req-ee54954d-e782-473e-beb1-91d3abac4798 req-ee54954d-e782-473e-beb1-91d3abac4798 ] Request (TenantUsagesTestJSON:setUpClass): 200 GET http://10.180.1.21/compute/v2.1/servers/f2fc50a2-045d-4f3c-81b9-aab4c1a01be7 1.287s
2025-02-12 19:38:30.916 62700 INFO tempest.lib.common.rest_client [req-cd7aa59f-17fe-4956-b0e0-ac90cadce3b6 req-cd7aa59f-17fe-4956-b0e0-ac90cadce3b6 ] Request (FlavorsAdminTestJSON:_run_cleanups): 200 GET http://10.180.1.21/compute/v2.1/flavors/detail 0.958s
2025-02-12 19:38:30.973 62726 INFO tempest.lib.common.rest_client [req-7563d348-6263-4fc9-bfc3-2633df8ecbfa req-7563d348-6263-4fc9-bfc3-2633df8ecbfa ] Request (ServerGroup264TestJSON:tearDownClass): 204 DELETE http://10.180.1.21/identity/v3/projects/615d92d2aa404150ad6a1bce7329914d 0.145s
2025-02-12 19:38:31.034 62684 INFO tempest.lib.common.rest_client [req-aaed6d6b-dbe2-4684-bed4-5b27e555b1a2 req-aaed6d6b-dbe2-4684-bed4-5b27e555b1a2 ] Request (KeyPairsV2TestJSON:setUpClass): 201 POST http://10.180.1.21/identity/v3/projects 0.145s
2025-02-12 19:38:31.089 62720 INFO tempest.lib.common.rest_client [req-fc1ac737-94ac-4df2-ae8c-64b3bc6a58a8 req-fc1ac737-94ac-4df2-ae8c-64b3bc6a58a8 ] Request (FlavorsAccessNegativeTestJSON:tearDownClass): 204 DELETE http://10.180.1.21/identity/v3/users/b7a1fb48a81140bf8cf360b52ea01299 0.254s
2025-02-12 19:38:31.132 62716 INFO tempest.lib.common.rest_client [req-defd965e-a46f-481f-a6f1-cf0a06f4bad9 req-defd965e-a46f-481f-a6f1-cf0a06f4bad9 ] Request (ImagesNegativeTestJSON:setUpClass): 201 POST http://10.180.1.21/identity/v3/users 0.239s
2025-02-12 19:38:31.245 62704 INFO tempest.lib.common.rest_client [req-89c8a7e4-ad01-45b1-8003-29f2056869e5 req-89c8a7e4-ad01-45b1-8003-29f2056869e5 ] Request (ServersAdminNegativeTestJSON:test_migrate_non_existent_server): 404 POST http://10.180.1.21/compute/v2.1/servers/4ec375db-5760-4b3d-875f-ac97ad5e8133/action 1.269s
2025-02-12 19:38:31.265 62688 INFO tempest.lib.common.rest_client [req-67a7b3e1-9905-4e10-9c03-7afb74979afb req-67a7b3e1-9905-4e10-9c03-7afb74979afb ] Request (AggregatesAdminNegativeTestJSON:test_aggregate_get_details_with_invalid_id): 404 GET http://10.180.1.21/compute/v2.1/os-aggregates/-1 1.279s
2025-02-12 19:38:31.302 62726 INFO tempest.lib.common.rest_client [req-3fc4e326-2f14-45db-94f4-f2bc090e2f6d req-3fc4e326-2f14-45db-94f4-f2bc090e2f6d ] Request (ServerPasswordTestJSON:setUpClass): 201 POST http://10.180.1.21/identity/v3/auth/tokens 0.326s
2025-02-12 19:38:31.328 62684 INFO tempest.lib.common.rest_client [req-db13a9f8-82b1-46cc-b87c-88de56244b4a req-db13a9f8-82b1-46cc-b87c-88de56244b4a ] Request (KeyPairsV2TestJSON:setUpClass): 201 POST http://10.180.1.21/identity/v3/users 0.293s
2025-02-12 19:38:31.351 62744 INFO tempest.lib.common.rest_client [req-9a02a2f6-0fe5-4500-a721-bf9ea805505a req-9a02a2f6-0fe5-4500-a721-bf9ea805505a ] Request (ListServersNegativeTestJSON:setUpClass): 200 GET http://10.180.1.21/compute/v2.1/servers/5a3eb923-5bd9-4d00-ba7f-ac5d148cc1fd 1.363s
2025-02-12 19:38:31.360 62716 INFO tempest.lib.common.rest_client [req-0d4f8308-1633-4b0f-98dc-0f5607107cec req-0d4f8308-1633-4b0f-98dc-0f5607107cec ] Request (ImagesNegativeTestJSON:setUpClass): 200 GET http://10.180.1.21/identity/v3/roles 0.226s
2025-02-12 19:38:31.371 62720 INFO tempest.lib.common.rest_client [req-e1e4b577-fd47-47a4-9285-483632e09c6b req-e1e4b577-fd47-47a4-9285-483632e09c6b ] Request (FlavorsAccessNegativeTestJSON:tearDownClass): 204 DELETE http://10.180.1.21/identity/v3/users/cc94d872786a4ad1b8bcd8292aad98b0 0.282s
2025-02-12 19:38:31.372 62720 INFO tempest.lib.common.dynamic_creds [-] Deleting project and security group for project: 23fb808935d34159931d4f82fbec083b
2025-02-12 19:38:31.372 62706 INFO tempest.lib.common.rest_client [req-fb562313-b89f-454f-a519-14611ec48929 req-fb562313-b89f-454f-a519-14611ec48929 ] Request (HypervisorAdminTestJSON:test_get_hypervisor_show_details): 200 GET http://10.180.1.21/compute/v2.1/os-hypervisors 1.290s
2025-02-12 19:38:31.433 62704 INFO tempest.lib.common.rest_client [req-a367ab07-3d07-4d51-9196-dfc7125d4280 req-a367ab07-3d07-4d51-9196-dfc7125d4280 ] Request (ServersAdminNegativeTestJSON:test_migrate_server_invalid_state): 201 POST http://10.180.1.21/identity/v3/auth/tokens 0.182s
2025-02-12 19:38:31.433 62704 INFO tempest.lib.common.fixed_network [-] (ServersAdminNegativeTestJSON:test_migrate_server_invalid_state) Found network None available for tenant
2025-02-12 19:38:31.469 62728 INFO tempest.lib.common.rest_client [req-b9f8be52-b427-4750-9bd3-2f37904dcc43 req-b9f8be52-b427-4750-9bd3-2f37904dcc43 ] Request (DeleteServersAdminTestJSON:test_admin_delete_servers_of_others): 200 GET http://10.180.1.21/compute/v2.1/servers/621d2c06-77f3-4b6e-9944-01faf4f8056b 1.324s
2025-02-12 19:38:31.480 62698 INFO tempest.lib.common.rest_client [req-4dcdea20-d01e-46ba-968c-d17bf93fd57f req-4dcdea20-d01e-46ba-968c-d17bf93fd57f ] Request (FlavorsV2NegativeTest:test_boot_with_low_ram): 201 POST http://10.180.1.21/image/v2/images 0.866s
2025-02-12 19:38:31.485 62726 INFO tempest.lib.common.rest_client [req-303600eb-4848-48bf-ab2e-d8f905671eb9 req-303600eb-4848-48bf-ab2e-d8f905671eb9 ] Request (ServerPasswordTestJSON:setUpClass): 201 POST http://10.180.1.21/identity/v3/auth/tokens 0.178s
2025-02-12 19:38:31.510 62716 INFO tempest.lib.common.rest_client [req-6377352d-7944-4424-81a7-e066b6697d06 req-6377352d-7944-4424-81a7-e066b6697d06 ] Request (ImagesNegativeTestJSON:setUpClass): 204 PUT http://10.180.1.21/identity/v3/projects/1bbdaa53f7e246a4882374f65cdd9c92/users/4df336a566024e02980d88e8172457cd/roles/816911377d77432aabced94a816472cc 0.150s
2025-02-12 19:38:31.511 62716 INFO tempest.lib.common.dynamic_creds [-] Dynamic test user 4df336a566024e02980d88e8172457cd is created with scope project and roles: ['member']
2025-02-12 19:38:31.511 62716 INFO tempest.lib.common.dynamic_creds [-] Acquired dynamic creds: credentials: Credentials: {'domain_id': 'default', 'domain_name': 'Default', 'username': 'tempest-ImagesNegativeTestJSON-2142105645-project-member', 'project_domain_id': 'default', 'project_domain_name': 'Default', 'project_id': '1bbdaa53f7e246a4882374f65cdd9c92', 'project_name': 'tempest-ImagesNegativeTestJSON-2142105645', 'tenant_id': '1bbdaa53f7e246a4882374f65cdd9c92', 'tenant_name': 'tempest-ImagesNegativeTestJSON-2142105645', 'user_domain_id': 'default', 'user_domain_name': 'Default', 'user_id': '4df336a566024e02980d88e8172457cd', 'system': None}, Network: None, Subnet: None, Router: None
2025-02-12 19:38:31.533 62684 INFO tempest.lib.common.rest_client [req-b8b390a1-4928-4cc9-8960-dc945140cdf6 req-b8b390a1-4928-4cc9-8960-dc945140cdf6 ] Request (KeyPairsV2TestJSON:setUpClass): 200 GET http://10.180.1.21/identity/v3/roles 0.205s
2025-02-12 19:38:31.585 62720 INFO tempest.lib.common.rest_client [req-123d0d8f-efae-440f-b70c-3238fe9ef5c8 req-123d0d8f-efae-440f-b70c-3238fe9ef5c8 ] Request (FlavorsAccessNegativeTestJSON:tearDownClass): 201 POST http://10.180.1.21/identity/v3/auth/tokens 0.213s
2025-02-12 19:38:31.591 62726 INFO tempest.lib.common.rest_client [req-d250bbbb-20dd-4375-892f-68f27f2ad813 req-d250bbbb-20dd-4375-892f-68f27f2ad813 ] Request (ServerPasswordTestJSON:setUpClass): 200 GET http://10.180.1.21/identity/v3/domains?name=Default 0.105s
2025-02-12 19:38:31.613 62716 INFO tempest.lib.common.rest_client [req-103c96de-c0e4-4c43-a321-0bb1bf7fe950 req-103c96de-c0e4-4c43-a321-0bb1bf7fe950 ] Request (ImagesNegativeTestJSON:setUpClass): 201 POST http://10.180.1.21/identity/v3/auth/tokens 0.102s
2025-02-12 19:38:31.642 62684 INFO tempest.lib.common.rest_client [req-8db802e6-23a2-4615-bad4-4b31c0285ff0 req-8db802e6-23a2-4615-bad4-4b31c0285ff0 ] Request (KeyPairsV2TestJSON:setUpClass): 204 PUT http://10.180.1.21/identity/v3/projects/bee79bc61e8c41baba6143c8c5c7c220/users/e8a8120e46194777888b9fbb77cb09ad/roles/816911377d77432aabced94a816472cc 0.108s
2025-02-12 19:38:31.642 62684 INFO tempest.lib.common.dynamic_creds [-] Dynamic test user e8a8120e46194777888b9fbb77cb09ad is created with scope project and roles: ['member']
2025-02-12 19:38:31.642 62684 INFO tempest.lib.common.dynamic_creds [-] Acquired dynamic creds: credentials: Credentials: {'domain_id': 'default', 'domain_name': 'Default', 'username': 'tempest-KeyPairsV2TestJSON-345241270-project-member', 'project_domain_id': 'default', 'project_domain_name': 'Default', 'project_id': 'bee79bc61e8c41baba6143c8c5c7c220', 'project_name': 'tempest-KeyPairsV2TestJSON-345241270', 'tenant_id': 'bee79bc61e8c41baba6143c8c5c7c220', 'tenant_name': 'tempest-KeyPairsV2TestJSON-345241270', 'user_domain_id': 'default', 'user_domain_name': 'Default', 'user_id': 'e8a8120e46194777888b9fbb77cb09ad', 'system': None}, Network: None, Subnet: None, Router: None
2025-02-12 19:38:31.643 62684 INFO tempest.lib.common.dynamic_creds [-] Created isolated network resources for: credentials: Credentials: {'domain_id': 'default', 'domain_name': 'Default', 'username': 'tempest-KeyPairsV2TestJSON-345241270-project-member', 'project_domain_id': 'default', 'project_domain_name': 'Default', 'project_id': 'bee79bc61e8c41baba6143c8c5c7c220', 'project_name': 'tempest-KeyPairsV2TestJSON-345241270', 'tenant_id': 'bee79bc61e8c41baba6143c8c5c7c220', 'tenant_name': 'tempest-KeyPairsV2TestJSON-345241270', 'user_domain_id': 'default', 'user_domain_name': 'Default', 'user_id': 'e8a8120e46194777888b9fbb77cb09ad', 'system': None}, Network: None, Subnet: None, Router: None
2025-02-12 19:38:31.692 62692 INFO tempest.lib.common.rest_client [req-c1e82c16-bc82-4597-b2e1-c3ae75180bc0 req-c1e82c16-bc82-4597-b2e1-c3ae75180bc0 ] Request (AbsoluteLimitsNegativeTestJSON:test_max_metadata_exceed_limit): 403 POST http://10.180.1.21/compute/v2.1/servers 1.444s
2025-02-12 19:38:31.702 62726 INFO tempest.lib.common.rest_client [req-0133530d-6fb6-4b1b-9c8f-5c2755c440ff req-0133530d-6fb6-4b1b-9c8f-5c2755c440ff ] Request (ServerPasswordTestJSON:setUpClass): 201 POST http://10.180.1.21/identity/v3/projects 0.111s
2025-02-12 19:38:31.750 62740 INFO tempest.lib.common.rest_client [req-01593689-d55c-464f-874f-a0597f0ff2f3 req-01593689-d55c-464f-874f-a0597f0ff2f3 ] Request (ImagesOneServerTestJSON:setUpClass): 200 GET http://10.180.1.21/compute/v2.1/servers/0ade04eb-abe5-493f-9076-d16f5ad36da7 1.497s
2025-02-12 19:38:31.778 62684 INFO tempest.lib.common.rest_client [req-11728821-4c16-4858-a13b-df36b003acd0 req-11728821-4c16-4858-a13b-df36b003acd0 ] Request (KeyPairsV2TestJSON:setUpClass): 201 POST http://10.180.1.21/identity/v3/auth/tokens 0.131s
2025-02-12 19:38:31.850 62692 INFO tempest.lib.common.rest_client [req-f40e1d93-769b-4675-b6be-64a1edb7a7dd req-f40e1d93-769b-4675-b6be-64a1edb7a7dd ] Request (AbsoluteLimitsNegativeTestJSON:tearDownClass): 204 DELETE http://10.180.1.21/identity/v3/users/8aac8a2c9d864eb3a8fbe5756e4c7a63 0.154s
