2025-02-12 19:41:00.708 62684 INFO tempest.lib.common.rest_client [req-f85b992f-fba0-40a1-b88e-c735fb3ccb2f req-f85b992f-fba0-40a1-b88e-c735fb3ccb2f ] Request (ServersNegativeTestJSON:setUpClass): 204 DELETE http://10.180.1.21/compute/v2.1/servers/7f8a52a3-3ff7-442f-9006-8f0711b0d045 0.761s
2025-02-12 19:41:00.729 62694 INFO tempest.lib.common.rest_client [req-68e99e53-611f-4014-820e-3cc421e96e14 req-68e99e53-611f-4014-820e-3cc421e96e14 ] Request (SecurityGroupsTestJSON:test_server_security_groups): 200 GET http://10.180.1.21/compute/v2.1/servers/37190642-6f6c-4837-8080-a4d472e9bca0 0.710s
2025-02-12 19:41:00.793 62698 INFO tempest.lib.common.rest_client [req-45cc2b4b-268a-499c-b9f7-afd73f582127 req-45cc2b4b-268a-499c-b9f7-afd73f582127 ] Request (ServerRescueNegativeTestJSON:test_rescued_vm_detach_volume): 200 GET http://10.180.1.21/compute/v2.1/servers/e5cb70a0-b975-42f4-a7e9-d94451db1391 0.703s
2025-02-12 19:41:00.885 62728 INFO tempest.lib.common.rest_client [req-7b7e9088-2905-45d2-a423-29ba9153a03d req-7b7e9088-2905-45d2-a423-29ba9153a03d ] Request (ServerAddressesTestJSON:tearDownClass): 200 GET http://10.180.1.21/compute/v2.1/servers/8e82b9f3-02b0-401c-bbad-1158770da84b 0.835s
2025-02-12 19:41:00.911 62738 INFO tempest.lib.common.rest_client [req-e23e27d7-362b-4ad5-a3d0-22a2d00778ab req-e23e27d7-362b-4ad5-a3d0-22a2d00778ab ] Request (ServersAdminTestJSON:test_inject_network_info): 200 GET http://10.180.1.21/compute/v2.1/servers/70cf9c0f-457f-4a50-b07a-4f6939d9d7e6 0.788s
2025-02-12 19:41:00.950 62736 INFO tempest.lib.common.rest_client [req-569a5fd7-17ea-4d88-a93d-225cff116aa5 req-569a5fd7-17ea-4d88-a93d-225cff116aa5 ] Request (ServersAaction247Test:tearDownClass): 200 GET http://10.180.1.21/compute/v2.1/servers/2a62103a-6e07-4750-a992-3787b0622e11 0.760s
2025-02-12 19:41:00.964 62692 INFO tempest.lib.common.rest_client [req-1008e7d3-9266-44b9-9f82-b861cfb8eb8c req-1008e7d3-9266-44b9-9f82-b861cfb8eb8c ] Request (ServersNegativeTestMultiTenantJSON:setUpClass): 200 GET http://10.180.1.21/compute/v2.1/servers/2dc947e4-082c-4401-a657-c3fd76c9902c 0.738s
2025-02-12 19:41:01.022 62700 INFO tempest.lib.common.rest_client [req-62b4a110-29f0-4117-a5b2-5a23cfc43147 req-62b4a110-29f0-4117-a5b2-5a23cfc43147 ] Request (ServerRescueTestJSON:test_rescue_unrescue_instance): 200 GET http://10.180.1.21/compute/v2.1/servers/d18e2307-4d05-4730-924b-84a5fa3ea253 0.706s
2025-02-12 19:41:01.095 62744 INFO tempest.lib.common.rest_client [req-6abcadc0-77b1-46d8-8dfc-585c78c5fc62 req-6abcadc0-77b1-46d8-8dfc-585c78c5fc62 ] Request (MultipleCreateTestJSON:_run_cleanups): 200 GET http://10.180.1.21/compute/v2.1/servers/ade8e886-cd2b-417a-bc30-1f1ef16e7099 0.668s
2025-02-12 19:41:01.154 62710 INFO tempest.lib.common.rest_client [req-1968b17f-1054-4965-bffc-dd457b9d5922 req-1968b17f-1054-4965-bffc-dd457b9d5922 ] Request (ServersWithSpecificFlavorTestJSON:test_verify_created_server_ephemeral_disk): 200 GET http://10.180.1.21/compute/v2.1/servers/f313f1f4-a761-405e-aa0f-a676f6bcc4ef 0.673s
2025-02-12 19:41:01.321 62722 INFO tempest.lib.common.rest_client [req-457094b5-dc5c-4acc-adba-47cc76bbcdd0 req-457094b5-dc5c-4acc-adba-47cc76bbcdd0 ] Request (SecurityGroupRulesTestJSON:test_security_group_rules_create): 200 POST http://10.180.1.21/compute/v2.1/os-security-group-rules 0.829s
2025-02-12 19:41:01.389 62720 INFO tempest.lib.common.rest_client [req-dc4957b5-4710-496f-bbac-affc5adf965c req-dc4957b5-4710-496f-bbac-affc5adf965c ] Request (ImagesOneServerNegativeTestJSON:_run_cleanups): 200 GET http://10.180.1.21/compute/v2.1/servers/4afe8752-fff5-49c8-9926-9114fedbf124 0.857s
2025-02-12 19:41:01.401 62712 INFO tempest.lib.common.rest_client [req-4b2803c8-761b-44b1-9100-fdc299547756 req-4b2803c8-761b-44b1-9100-fdc299547756 ] Request (ServerRescueTestJSONUnderV235:_run_cleanups): 202 DELETE http://10.180.1.21/compute/v2.1/os-floating-ips/dede7879-1f45-45b2-9ace-aa56ce9de55c 1.153s
2025-02-12 19:41:01.412 62718 INFO tempest.lib.common.rest_client [req-cdbe2367-152a-4c29-a34b-24e6f32064e6 req-cdbe2367-152a-4c29-a34b-24e6f32064e6 ] Request (ServerActionsTestOtherB:test_create_backup): 200 GET http://10.180.1.21/image/v2/images/027ca20a-44a1-4969-814b-7fceda462863 0.039s
2025-02-12 19:41:01.456 62682 INFO tempest.lib.common.rest_client [req-7112917c-5e15-417b-a2fd-62122a32566c req-7112917c-5e15-417b-a2fd-62122a32566c ] Request (ImagesTestJSON:test_create_image_from_suspended_server): 200 GET http://10.180.1.21/compute/v2.1/servers/f8a27fd4-5e78-446f-8784-d73da9815f59 0.832s
2025-02-12 19:41:01.547 62734 INFO tempest.lib.common.rest_client [req-cf9b149d-a0d4-4390-b11c-b79a80cabe28 req-cf9b149d-a0d4-4390-b11c-b79a80cabe28 ] Request (ServersTestFqdnHostnames:tearDownClass): 200 GET http://10.180.1.21/compute/v2.1/servers/d33fe490-c5b2-4223-bf8e-b95ce7293fd6 0.801s
2025-02-12 19:41:01.553 62684 INFO tempest.lib.common.rest_client [req-1085f2e2-f682-47b0-acc9-923c00cfd1d3 req-1085f2e2-f682-47b0-acc9-923c00cfd1d3 ] Request (ServersNegativeTestJSON:setUpClass): 200 GET http://10.180.1.21/compute/v2.1/servers/7f8a52a3-3ff7-442f-9006-8f0711b0d045 0.844s
2025-02-12 19:41:01.622 62702 INFO tempest.lib.common.rest_client [req-05716f3b-8bb4-491f-a0ea-8c1a4282f444 req-05716f3b-8bb4-491f-a0ea-8c1a4282f444 ] Request (VolumesAssistedSnapshotsTest:tearDownClass): 200 GET http://10.180.1.21/compute/v2.1/servers/1ff62a80-6e78-465f-b9c8-3a2107ebcf8e 0.484s
2025-02-12 19:41:01.623 62686 INFO tempest.lib.common.rest_client [req-98f010e2-2be3-40a3-84a1-d8a0c0f04903 req-98f010e2-2be3-40a3-84a1-d8a0c0f04903 ] Request (ServersTestBootFromVolume:tearDownClass): 200 GET http://10.180.1.21/compute/v2.1/servers/75908b19-4042-4f7e-b50a-8d0255bebd6f 0.416s
2025-02-12 19:41:01.697 62732 INFO tempest.lib.common.rest_client [req-c08a4bb7-04ba-429e-b1d7-6a465f7d50ac req-c08a4bb7-04ba-429e-b1d7-6a465f7d50ac ] Request (ServerTagsTestJSON:setUpClass): 200 GET http://10.180.1.21/compute/v2.1/servers/12b9057d-3f11-4215-908f-72419eed5b66 0.363s
2025-02-12 19:41:01.778 62722 INFO tempest.lib.common.rest_client [req-f605b355-ddb2-4fa4-b9c0-f92c2bf9f46b req-f605b355-ddb2-4fa4-b9c0-f92c2bf9f46b ] Request (SecurityGroupRulesTestJSON:test_security_group_rules_create_with_optional_cidr): 200 POST http://10.180.1.21/compute/v2.1/os-security-groups 0.454s
2025-02-12 19:41:01.856 62712 INFO tempest.lib.common.rest_client [req-84f0c646-e2fd-4b73-829e-400a80d1b647 req-84f0c646-e2fd-4b73-829e-400a80d1b647 ] Request (ServerRescueTestJSONUnderV235:tearDownClass): 202 DELETE http://10.180.1.21/compute/v2.1/os-security-groups/dd8fda59-21dd-450d-ba91-257136fba15d 0.447s
2025-02-12 19:41:01.924 62704 INFO tempest.lib.common.rest_client [req-0aa3df74-6c42-4226-a30c-ef8e94c4c655 req-0aa3df74-6c42-4226-a30c-ef8e94c4c655 ] Request (ServerShowV247Test:test_update_rebuild_list_server): 200 GET http://10.180.1.21/compute/v2.1/servers/f9bfd765-4ebb-4f00-9648-22d719aaa9b8 0.337s
2025-02-12 19:41:01.940 62688 INFO tempest.lib.common.rest_client [req-e4cc9a64-2196-4706-bc28-0cfef0c5ee5b req-e4cc9a64-2196-4706-bc28-0cfef0c5ee5b ] Request (MigrationsAdminTest:test_list_migrations_in_flavor_resize_situation): 200 GET http://10.180.1.21/compute/v2.1/servers/d31cec87-f24e-40d0-aa22-462f2eb62ea2 0.439s
2025-02-12 19:41:02.032 62714 INFO tempest.lib.common.rest_client [req-05380c3c-0827-4565-b752-91a74fc9d34c req-05380c3c-0827-4565-b752-91a74fc9d34c ] Request (VolumesAdminNegativeTest:test_update_attached_volume_with_nonexistent_volume_in_uri): 200 GET http://10.180.1.21/compute/v2.1/servers/8ac71684-9546-48d7-ad0b-195e04f75eb1 0.375s
2025-02-12 19:41:02.048 62716 INFO tempest.lib.common.rest_client [req-5e7867e6-9c8c-4b4b-ad3f-1e8bd48a4cc6 req-5e7867e6-9c8c-4b4b-ad3f-1e8bd48a4cc6 ] Request (ListImageFiltersTestJSON:setUpClass): 200 GET http://10.180.1.21/compute/v2.1/servers/a2e401f8-0237-45cb-88f2-06058dfc079e 0.426s
2025-02-12 19:41:02.055 62716 INFO tempest.common.waiters [-] State transition "BUILD/block_device_mapping" ==> "BUILD/spawning" after 40 second wait
2025-02-12 19:41:02.103 62694 INFO tempest.lib.common.rest_client [req-2715a0ee-fdf6-4e0e-929a-e3a3330f5e05 req-2715a0ee-fdf6-4e0e-929a-e3a3330f5e05 ] Request (SecurityGroupsTestJSON:test_server_security_groups): 200 GET http://10.180.1.21/compute/v2.1/servers/37190642-6f6c-4837-8080-a4d472e9bca0 0.363s
2025-02-12 19:41:02.158 62698 INFO tempest.lib.common.rest_client [req-22b8c0f2-ae6a-41d6-9b6c-2678ab568f00 req-22b8c0f2-ae6a-41d6-9b6c-2678ab568f00 ] Request (ServerRescueNegativeTestJSON:test_rescued_vm_detach_volume): 200 GET http://10.180.1.21/compute/v2.1/servers/e5cb70a0-b975-42f4-a7e9-d94451db1391 0.356s
2025-02-12 19:41:02.181 62722 INFO tempest.lib.common.rest_client [req-695832f4-50e7-4f75-ac84-e79ea78d9435 req-695832f4-50e7-4f75-ac84-e79ea78d9435 ] Request (SecurityGroupRulesTestJSON:test_security_group_rules_create_with_optional_cidr): 200 POST http://10.180.1.21/compute/v2.1/os-security-group-rules 0.400s
2025-02-12 19:41:02.248 62712 INFO tempest.lib.common.rest_client [req-53a098f2-82d3-4dc4-adcd-5a7e4439159b req-53a098f2-82d3-4dc4-adcd-5a7e4439159b ] Request (ServerRescueTestJSONUnderV235:tearDownClass): 204 DELETE http://10.180.1.21/compute/v2.1/servers/77921f9a-d424-4bb8-876d-9325ef329e6c 0.391s
2025-02-12 19:41:02.272 62728 INFO tempest.lib.common.rest_client [req-e9ef7694-b854-4d26-a544-0c42f5daa05e req-e9ef7694-b854-4d26-a544-0c42f5daa05e ] Request (ServerAddressesTestJSON:tearDownClass): 200 GET http://10.180.1.21/compute/v2.1/servers/8e82b9f3-02b0-401c-bbad-1158770da84b 0.376s
2025-02-12 19:41:02.348 62736 INFO tempest.lib.common.rest_client [req-74ca1a16-22dd-433e-9e80-d73e660cfe45 req-74ca1a16-22dd-433e-9e80-d73e660cfe45 ] Request (ServersAaction247Test:tearDownClass): 200 GET http://10.180.1.21/compute/v2.1/servers/2a62103a-6e07-4750-a992-3787b0622e11 0.381s
2025-02-12 19:41:02.371 62738 INFO tempest.lib.common.rest_client [req-0df68865-66dc-4687-81e2-00228799e630 req-0df68865-66dc-4687-81e2-00228799e630 ] Request (ServersAdminTestJSON:test_inject_network_info): 200 GET http://10.180.1.21/compute/v2.1/servers/70cf9c0f-457f-4a50-b07a-4f6939d9d7e6 0.451s
2025-02-12 19:41:02.427 62692 INFO tempest.lib.common.rest_client [req-84508c3b-482a-4328-a0f1-bc2d3fd39047 req-84508c3b-482a-4328-a0f1-bc2d3fd39047 ] Request (ServersNegativeTestMultiTenantJSON:setUpClass): 200 GET http://10.180.1.21/compute/v2.1/servers/2dc947e4-082c-4401-a657-c3fd76c9902c 0.454s
2025-02-12 19:41:02.430 62700 INFO tempest.lib.common.rest_client [req-75cb940b-e1c6-46a2-ad95-e061bcd372c6 req-75cb940b-e1c6-46a2-ad95-e061bcd372c6 ] Request (ServerRescueTestJSON:test_rescue_unrescue_instance): 200 GET http://10.180.1.21/compute/v2.1/servers/d18e2307-4d05-4730-924b-84a5fa3ea253 0.399s
2025-02-12 19:41:02.438 62718 INFO tempest.lib.common.rest_client [req-4101423f-f3d3-4b5b-b4b7-27a36b69b080 req-4101423f-f3d3-4b5b-b4b7-27a36b69b080 ] Request (ServerActionsTestOtherB:test_create_backup): 200 GET http://10.180.1.21/image/v2/images/027ca20a-44a1-4969-814b-7fceda462863 0.024s
2025-02-12 19:41:02.457 62718 INFO tempest.lib.common.rest_client [req-b9c82199-cd83-4170-81ba-ef416563458e req-b9c82199-cd83-4170-81ba-ef416563458e ] Request (ServerActionsTestOtherB:test_create_backup): 200 GET http://10.180.1.21/image/v2/images/027ca20a-44a1-4969-814b-7fceda462863/tasks 0.018s
2025-02-12 19:41:02.487 62710 INFO tempest.lib.common.rest_client [req-07c6c7f8-8a2f-4de3-af8b-f0b7f0b5e081 req-07c6c7f8-8a2f-4de3-af8b-f0b7f0b5e081 ] Request (ServersWithSpecificFlavorTestJSON:test_verify_created_server_ephemeral_disk): 200 GET http://10.180.1.21/compute/v2.1/servers/f313f1f4-a761-405e-aa0f-a676f6bcc4ef 0.322s
2025-02-12 19:41:02.495 62744 INFO tempest.lib.common.rest_client [req-bcacba65-b673-440f-a4f6-7235aca45b9d req-bcacba65-b673-440f-a4f6-7235aca45b9d ] Request (MultipleCreateTestJSON:_run_cleanups): 200 GET http://10.180.1.21/compute/v2.1/servers/ade8e886-cd2b-417a-bc30-1f1ef16e7099 0.392s
2025-02-12 19:41:02.503 62718 INFO tempest.lib.common.rest_client [req-35eb34b5-bf76-4ec4-847f-085e0071cc65 req-35eb34b5-bf76-4ec4-847f-085e0071cc65 ] Request (ServerActionsTestOtherB:test_create_backup): 200 GET http://10.180.1.21/image/v2/images?status=active&sort_key=created_at&sort_dir=asc&image_type=backup&backup_type=daily&instance_uuid=1baeefa4-6b4f-4f68-91e5-d02645d64d34 0.045s
2025-02-12 19:41:02.622 62712 INFO tempest.lib.common.rest_client [req-1650aa4c-a397-4368-ae09-e4a3d99acd2a req-1650aa4c-a397-4368-ae09-e4a3d99acd2a ] Request (ServerRescueTestJSONUnderV235:tearDownClass): 200 GET http://10.180.1.21/compute/v2.1/servers/77921f9a-d424-4bb8-876d-9325ef329e6c 0.374s
2025-02-12 19:41:02.636 62722 INFO tempest.lib.common.rest_client [req-f34b6bc8-da6e-4a5c-bcaf-980a244266d8 req-f34b6bc8-da6e-4a5c-bcaf-980a244266d8 ] Request (SecurityGroupRulesTestJSON:test_security_group_rules_create_with_optional_group_id): 200 POST http://10.180.1.21/compute/v2.1/os-security-groups 0.452s
2025-02-12 19:41:02.682 62720 INFO tempest.lib.common.rest_client [req-e4d54000-ece3-4526-879f-fef3977c6e0e req-e4d54000-ece3-4526-879f-fef3977c6e0e ] Request (ImagesOneServerNegativeTestJSON:_run_cleanups): 200 GET http://10.180.1.21/compute/v2.1/servers/4afe8752-fff5-49c8-9926-9114fedbf124 0.276s
2025-02-12 19:41:02.688 62682 INFO tempest.lib.common.rest_client [req-cb7fd089-7e33-4aec-b499-31825bc1d01b req-cb7fd089-7e33-4aec-b499-31825bc1d01b ] Request (ImagesTestJSON:test_create_image_from_suspended_server): 200 GET http://10.180.1.21/compute/v2.1/servers/f8a27fd4-5e78-446f-8784-d73da9815f59 0.221s
2025-02-12 19:41:02.750 62734 INFO tempest.lib.common.rest_client [req-5fbb0f41-1f3b-4104-b60d-084d0146daa2 req-5fbb0f41-1f3b-4104-b60d-084d0146daa2 ] Request (ServersTestFqdnHostnames:tearDownClass): 200 GET http://10.180.1.21/compute/v2.1/servers/d33fe490-c5b2-4223-bf8e-b95ce7293fd6 0.191s
2025-02-12 19:41:02.837 62718 INFO tempest.lib.common.rest_client [req-36c63849-8fcf-4eff-aed0-743fb81950d2 req-36c63849-8fcf-4eff-aed0-743fb81950d2 ] Request (ServerActionsTestOtherB:test_create_backup): 200 GET http://10.180.1.21/compute/v2.1/servers/1baeefa4-6b4f-4f68-91e5-d02645d64d34 0.333s
2025-02-12 19:41:02.858 62684 INFO tempest.lib.common.rest_client [req-cbde38d3-ab8e-458d-96d5-07a36bce6f5b req-cbde38d3-ab8e-458d-96d5-07a36bce6f5b ] Request (ServersNegativeTestJSON:setUpClass): 200 GET http://10.180.1.21/compute/v2.1/servers/7f8a52a3-3ff7-442f-9006-8f0711b0d045 0.292s
2025-02-12 19:41:02.897 62702 INFO tempest.lib.common.rest_client [req-3b17da51-f4e3-4d9b-a627-dcc39fb65778 req-3b17da51-f4e3-4d9b-a627-dcc39fb65778 ] Request (VolumesAssistedSnapshotsTest:tearDownClass): 200 GET http://10.180.1.21/compute/v2.1/servers/1ff62a80-6e78-465f-b9c8-3a2107ebcf8e 0.266s
2025-02-12 19:41:02.909 62690 INFO paramiko.transport [-] Connected (version 2.0, client dropbear_2020.81)
2025-02-12 19:41:02.919 62686 INFO tempest.lib.common.rest_client [req-c0bdc67f-e496-4b02-b2fd-9185645696e6 req-c0bdc67f-e496-4b02-b2fd-9185645696e6 ] Request (ServersTestBootFromVolume:tearDownClass): 200 GET http://10.180.1.21/compute/v2.1/servers/75908b19-4042-4f7e-b50a-8d0255bebd6f 0.285s
2025-02-12 19:41:02.972 62690 INFO paramiko.transport [-] Authentication (publickey) successful!
2025-02-12 19:41:02.972 62690 INFO tempest.lib.common.ssh [-] ssh connection to cirros@10.180.180.251 successfully created
2025-02-12 19:41:02.972 62732 INFO tempest.lib.common.rest_client [req-3e6aa056-c97a-4f3d-a0aa-b86002121b70 req-3e6aa056-c97a-4f3d-a0aa-b86002121b70 ] Request (ServerTagsTestJSON:setUpClass): 200 GET http://10.180.1.21/compute/v2.1/servers/12b9057d-3f11-4215-908f-72419eed5b66 0.265s
2025-02-12 19:41:03.017 62722 INFO tempest.lib.common.rest_client [req-e35ad34d-7a1c-47fa-a854-6a5d0e863305 req-e35ad34d-7a1c-47fa-a854-6a5d0e863305 ] Request (SecurityGroupRulesTestJSON:test_security_group_rules_create_with_optional_group_id): 200 POST http://10.180.1.21/compute/v2.1/os-security-groups 0.378s
2025-02-12 19:41:03.020 62704 INFO tempest.lib.common.rest_client [req-9a9ac20b-6bfe-4cb9-9e22-0ba6980d4bf9 req-9a9ac20b-6bfe-4cb9-9e22-0ba6980d4bf9 ] Request (ServerShowV247Test:test_update_rebuild_list_server): 200 GET http://10.180.1.21/compute/v2.1/servers/f9bfd765-4ebb-4f00-9648-22d719aaa9b8 0.082s
2025-02-12 19:41:03.132 62688 INFO tempest.lib.common.rest_client [req-a73fec86-444d-4d56-96c4-30c650dec09d req-a73fec86-444d-4d56-96c4-30c650dec09d ] Request (MigrationsAdminTest:test_list_migrations_in_flavor_resize_situation): 200 GET http://10.180.1.21/compute/v2.1/servers/d31cec87-f24e-40d0-aa22-462f2eb62ea2 0.184s
2025-02-12 19:41:03.137 62690 INFO tempest.lib.common.rest_client [req-ecc7ad42-33ed-41d8-bcf2-7bb8bc7df54e req-ecc7ad42-33ed-41d8-bcf2-7bb8bc7df54e ] Request (AttachInterfacesTestJSON:test_create_list_show_delete_interfaces_by_fixed_ip): 200 GET http://10.180.1.21/compute/v2.1/servers/28bfc61c-df62-49ff-807d-bd6845f6307a/os-interface 0.164s
2025-02-12 19:41:03.191 62714 INFO tempest.lib.common.rest_client [req-a5226911-49fc-40f0-85af-6587b473d6a5 req-a5226911-49fc-40f0-85af-6587b473d6a5 ] Request (VolumesAdminNegativeTest:test_update_attached_volume_with_nonexistent_volume_in_uri): 200 GET http://10.180.1.21/compute/v2.1/servers/8ac71684-9546-48d7-ad0b-195e04f75eb1 0.150s
2025-02-12 19:41:03.338 62722 INFO tempest.lib.common.rest_client [req-01af3545-6207-4c82-aaff-bc339cbcaf55 req-01af3545-6207-4c82-aaff-bc339cbcaf55 ] Request (SecurityGroupRulesTestJSON:test_security_group_rules_create_with_optional_group_id): 200 POST http://10.180.1.21/compute/v2.1/os-security-group-rules 0.317s
2025-02-12 19:41:03.340 62716 INFO tempest.lib.common.rest_client [req-48b4be97-04ae-4d0c-9cb2-5726b42e030d req-48b4be97-04ae-4d0c-9cb2-5726b42e030d ] Request (ListImageFiltersTestJSON:setUpClass): 200 GET http://10.180.1.21/compute/v2.1/servers/a2e401f8-0237-45cb-88f2-06058dfc079e 0.284s
2025-02-12 19:41:03.342 62722 WARNING tempest.lib.common.rest_client [-] Deprecated: "tenant_id" property is deprecated for removal, use "project_id" instead
2025-02-12 19:41:03.405 62694 INFO tempest.lib.common.rest_client [req-75c7e12d-7404-494b-82be-9efd0b3b5ecf req-75c7e12d-7404-494b-82be-9efd0b3b5ecf ] Request (SecurityGroupsTestJSON:test_server_security_groups): 200 GET http://10.180.1.21/compute/v2.1/servers/37190642-6f6c-4837-8080-a4d472e9bca0 0.288s
2025-02-12 19:41:03.414 62690 INFO tempest.lib.common.rest_client [req-96da0788-8e1a-44d0-a6f2-b924d933830a req-96da0788-8e1a-44d0-a6f2-b924d933830a ] Request (AttachInterfacesTestJSON:test_create_list_show_delete_interfaces_by_fixed_ip): 200 GET http://10.180.1.21/compute/v2.1/servers/28bfc61c-df62-49ff-807d-bd6845f6307a/os-interface/24a1167d-efad-4a63-8faf-090b7b18a7e0 0.274s
2025-02-12 19:41:03.458 62698 INFO tempest.lib.common.rest_client [req-fd7a2943-c314-421f-8bee-dc63a4fb7c98 req-fd7a2943-c314-421f-8bee-dc63a4fb7c98 ] Request (ServerRescueNegativeTestJSON:test_rescued_vm_detach_volume): 200 GET http://10.180.1.21/compute/v2.1/servers/e5cb70a0-b975-42f4-a7e9-d94451db1391 0.280s
2025-02-12 19:41:03.523 62690 INFO tempest.lib.common.rest_client [req-8fbb1dfc-712a-42e6-b8b3-a1646ff6276f req-8fbb1dfc-712a-42e6-b8b3-a1646ff6276f ] Request (AttachInterfacesTestJSON:test_create_list_show_delete_interfaces_by_fixed_ip): 200 GET http://10.180.1.21:9696/networking/v2.0/ports?network_id=cec9def8-70ce-4471-8895-03263e90a1ca 0.105s
2025-02-12 19:41:03.536 62728 INFO tempest.lib.common.rest_client [req-b94789e4-1a3e-4835-94ee-3907ac7ac50a req-b94789e4-1a3e-4835-94ee-3907ac7ac50a ] Request (ServerAddressesTestJSON:tearDownClass): 200 GET http://10.180.1.21/compute/v2.1/servers/8e82b9f3-02b0-401c-bbad-1158770da84b 0.254s
2025-02-12 19:41:03.563 62690 INFO tempest.lib.common.rest_client [req-090d87b5-5988-4658-a197-7584b52edd9f req-090d87b5-5988-4658-a197-7584b52edd9f ] Request (AttachInterfacesTestJSON:test_create_list_show_delete_interfaces_by_fixed_ip): 200 GET http://10.180.1.21:9696/networking/v2.0/subnets/50df2a8a-f387-4706-9a8d-f444e23713ea 0.039s
2025-02-12 19:41:03.604 62736 INFO tempest.lib.common.rest_client [req-21a006ba-4f39-41bc-8f52-b9e836afcbb9 req-21a006ba-4f39-41bc-8f52-b9e836afcbb9 ] Request (ServersAaction247Test:tearDownClass): 200 GET http://10.180.1.21/compute/v2.1/servers/2a62103a-6e07-4750-a992-3787b0622e11 0.245s
2025-02-12 19:41:03.609 62722 INFO tempest.lib.common.rest_client [req-05cb421e-8594-4663-8ebe-72ea8ea1d21e req-05cb421e-8594-4663-8ebe-72ea8ea1d21e ] Request (SecurityGroupRulesTestJSON:test_security_group_rules_delete_when_peer_group_deleted): 200 POST http://10.180.1.21/compute/v2.1/os-security-groups 0.266s
2025-02-12 19:41:03.675 62692 INFO tempest.lib.common.rest_client [req-5481cc8e-6500-4646-befc-814cd7d65fd6 req-5481cc8e-6500-4646-befc-814cd7d65fd6 ] Request (ServersNegativeTestMultiTenantJSON:setUpClass): 200 GET http://10.180.1.21/compute/v2.1/servers/2dc947e4-082c-4401-a657-c3fd76c9902c 0.239s
2025-02-12 19:41:03.723 62738 INFO tempest.lib.common.rest_client [req-e06fb368-5c97-4049-895d-0d40ec3cc738 req-e06fb368-5c97-4049-895d-0d40ec3cc738 ] Request (ServersAdminTestJSON:test_inject_network_info): 200 GET http://10.180.1.21/compute/v2.1/servers/70cf9c0f-457f-4a50-b07a-4f6939d9d7e6 0.345s
2025-02-12 19:41:03.729 62700 INFO tempest.lib.common.rest_client [req-20c737cf-be5f-4eff-b069-9a80cb22f345 req-20c737cf-be5f-4eff-b069-9a80cb22f345 ] Request (ServerRescueTestJSON:test_rescue_unrescue_instance): 200 GET http://10.180.1.21/compute/v2.1/servers/d18e2307-4d05-4730-924b-84a5fa3ea253 0.290s
2025-02-12 19:41:03.730 62738 INFO tempest.common.waiters [-] State transition "BUILD/spawning" ==> "ACTIVE/None" after 44 second wait
2025-02-12 19:41:03.783 62710 INFO tempest.lib.common.rest_client [req-41b7a66f-4047-4323-bdd2-b1e3e5aaf217 req-41b7a66f-4047-4323-bdd2-b1e3e5aaf217 ] Request (ServersWithSpecificFlavorTestJSON:test_verify_created_server_ephemeral_disk): 200 GET http://10.180.1.21/compute/v2.1/servers/f313f1f4-a761-405e-aa0f-a676f6bcc4ef 0.288s
2025-02-12 19:41:03.790 62744 INFO tempest.lib.common.rest_client [req-3e36cb4a-3086-4a98-ad39-b95f24b52456 req-3e36cb4a-3086-4a98-ad39-b95f24b52456 ] Request (MultipleCreateTestJSON:_run_cleanups): 200 GET http://10.180.1.21/compute/v2.1/servers/ade8e886-cd2b-417a-bc30-1f1ef16e7099 0.286s
2025-02-12 19:41:03.892 62722 INFO tempest.lib.common.rest_client [req-42b573f8-0eeb-4875-9b38-3281a950dc4e req-42b573f8-0eeb-4875-9b38-3281a950dc4e ] Request (SecurityGroupRulesTestJSON:test_security_group_rules_delete_when_peer_group_deleted): 200 POST http://10.180.1.21/compute/v2.1/os-security-groups 0.279s
2025-02-12 19:41:03.991 62712 INFO tempest.lib.common.rest_client [req-ce3ebc53-e82b-4055-bd2a-8c708db289c9 req-ce3ebc53-e82b-4055-bd2a-8c708db289c9 ] Request (ServerRescueTestJSONUnderV235:tearDownClass): 200 GET http://10.180.1.21/compute/v2.1/servers/77921f9a-d424-4bb8-876d-9325ef329e6c 0.362s
2025-02-12 19:41:04.035 62720 INFO tempest.lib.common.rest_client [req-bd76829a-659b-41cf-992b-99103a65846e req-bd76829a-659b-41cf-992b-99103a65846e ] Request (ImagesOneServerNegativeTestJSON:_run_cleanups): 200 GET http://10.180.1.21/compute/v2.1/servers/4afe8752-fff5-49c8-9926-9114fedbf124 0.345s
2025-02-12 19:41:04.080 62682 INFO tempest.lib.common.rest_client [req-fa0e9418-7a2d-4c6f-8145-822a5088ad6c req-fa0e9418-7a2d-4c6f-8145-822a5088ad6c ] Request (ImagesTestJSON:test_create_image_from_suspended_server): 200 GET http://10.180.1.21/compute/v2.1/servers/f8a27fd4-5e78-446f-8784-d73da9815f59 0.383s
2025-02-12 19:41:04.168 62738 INFO tempest.lib.common.rest_client [req-4002461a-f48c-425f-87dc-0c4cf44e5ab9 req-4002461a-f48c-425f-87dc-0c4cf44e5ab9 ] Request (ServersAdminTestJSON:test_inject_network_info): 202 POST http://10.180.1.21/compute/v2.1/servers/70cf9c0f-457f-4a50-b07a-4f6939d9d7e6/action 0.438s
2025-02-12 19:41:04.220 62734 INFO tempest.lib.common.rest_client [req-d41f4db4-8e46-4b28-8e52-8f003c678e94 req-d41f4db4-8e46-4b28-8e52-8f003c678e94 ] Request (ServersTestFqdnHostnames:tearDownClass): 200 GET http://10.180.1.21/compute/v2.1/servers/d33fe490-c5b2-4223-bf8e-b95ce7293fd6 0.462s
2025-02-12 19:41:04.327 62718 INFO tempest.lib.common.rest_client [req-d1ee1daf-75a8-4563-98b8-bbdf278c7b26 req-d1ee1daf-75a8-4563-98b8-bbdf278c7b26 ] Request (ServerActionsTestOtherB:test_create_backup): 200 GET http://10.180.1.21/compute/v2.1/servers/1baeefa4-6b4f-4f68-91e5-d02645d64d34 0.482s
2025-02-12 19:41:04.334 62718 INFO tempest.common.waiters [-] State transition "ACTIVE/image_uploading" ==> "ACTIVE/None" after 2 second wait
2025-02-12 19:41:04.428 62684 INFO tempest.lib.common.rest_client [req-8afaac08-8576-49aa-843e-99ac83048fd9 req-8afaac08-8576-49aa-843e-99ac83048fd9 ] Request (ServersNegativeTestJSON:setUpClass): 200 GET http://10.180.1.21/compute/v2.1/servers/7f8a52a3-3ff7-442f-9006-8f0711b0d045 0.562s
2025-02-12 19:41:04.588 62722 INFO tempest.lib.common.rest_client [req-ddba8ec4-e0a2-4fe3-86e6-8a49c25815e0 req-ddba8ec4-e0a2-4fe3-86e6-8a49c25815e0 ] Request (SecurityGroupRulesTestJSON:test_security_group_rules_delete_when_peer_group_deleted): 200 POST http://10.180.1.21/compute/v2.1/os-security-group-rules 0.693s
2025-02-12 19:41:04.646 62702 INFO tempest.lib.common.rest_client [req-cc79a7b8-c617-4840-9717-6a61a3982f71 req-cc79a7b8-c617-4840-9717-6a61a3982f71 ] Request (VolumesAssistedSnapshotsTest:tearDownClass): 200 GET http://10.180.1.21/compute/v2.1/servers/1ff62a80-6e78-465f-b9c8-3a2107ebcf8e 0.742s
2025-02-12 19:41:04.703 62686 INFO tempest.lib.common.rest_client [req-6d3afdda-fc21-40f7-8800-663b67b0dffd req-6d3afdda-fc21-40f7-8800-663b67b0dffd ] Request (ServersTestBootFromVolume:tearDownClass): 200 GET http://10.180.1.21/compute/v2.1/servers/75908b19-4042-4f7e-b50a-8d0255bebd6f 0.775s
2025-02-12 19:41:04.777 62732 INFO tempest.lib.common.rest_client [req-490e1025-891a-4259-bc66-84828fd0fd96 req-490e1025-891a-4259-bc66-84828fd0fd96 ] Request (ServerTagsTestJSON:setUpClass): 200 GET http://10.180.1.21/compute/v2.1/servers/12b9057d-3f11-4215-908f-72419eed5b66 0.795s
2025-02-12 19:41:04.827 62704 INFO tempest.lib.common.rest_client [req-4ea35b9d-4ef0-4803-9620-3b311caa4a1c req-4ea35b9d-4ef0-4803-9620-3b311caa4a1c ] Request (ServerShowV247Test:test_update_rebuild_list_server): 200 GET http://10.180.1.21/compute/v2.1/servers/f9bfd765-4ebb-4f00-9648-22d719aaa9b8 0.796s
2025-02-12 19:41:04.911 62688 INFO tempest.lib.common.rest_client [req-b351c393-0d55-4c6a-8753-02d9bc483056 req-b351c393-0d55-4c6a-8753-02d9bc483056 ] Request (MigrationsAdminTest:test_list_migrations_in_flavor_resize_situation): 200 GET http://10.180.1.21/compute/v2.1/servers/d31cec87-f24e-40d0-aa22-462f2eb62ea2 0.770s
2025-02-12 19:41:04.945 62738 INFO tempest.lib.common.rest_client [req-0eafe18b-eb08-4441-b9fa-c1435efee017 req-0eafe18b-eb08-4441-b9fa-c1435efee017 ] Request (ServersAdminTestJSON:test_list_servers_by_admin): 200 GET http://10.180.1.21/compute/v2.1/servers/detail 0.775s
2025-02-12 19:41:04.997 62714 INFO tempest.lib.common.rest_client [req-be8d00ea-8f48-49e8-97fe-0497e94bbe80 req-be8d00ea-8f48-49e8-97fe-0497e94bbe80 ] Request (VolumesAdminNegativeTest:test_update_attached_volume_with_nonexistent_volume_in_uri): 200 GET http://10.180.1.21/compute/v2.1/servers/8ac71684-9546-48d7-ad0b-195e04f75eb1 0.798s
2025-02-12 19:41:05.451 62718 INFO tempest.lib.common.rest_client [req-9d2b871f-1341-48e2-b703-f492cc97af0e req-9d2b871f-1341-48e2-b703-f492cc97af0e ] Request (ServerActionsTestOtherB:test_create_backup): 202 POST http://10.180.1.21/compute/v2.1/servers/1baeefa4-6b4f-4f68-91e5-d02645d64d34/action 1.116s
2025-02-12 19:41:05.474 62718 INFO tempest.lib.common.rest_client [req-78eb1ef2-ba9f-4a57-93fe-7e652390e645 req-78eb1ef2-ba9f-4a57-93fe-7e652390e645 ] Request (ServerActionsTestOtherB:test_create_backup): 200 GET http://10.180.1.21/image/v2/images/994c59cc-8a37-4a35-b588-e00d0607baf1/tasks 0.022s
2025-02-12 19:41:05.599 62716 INFO tempest.lib.common.rest_client [req-98598c69-1570-41a8-a38b-c0ff5141abbf req-98598c69-1570-41a8-a38b-c0ff5141abbf ] Request (ListImageFiltersTestJSON:setUpClass): 200 GET http://10.180.1.21/compute/v2.1/servers/a2e401f8-0237-45cb-88f2-06058dfc079e 1.250s
2025-02-12 19:41:05.679 62694 INFO tempest.lib.common.rest_client [req-7fb58683-246d-40e0-80aa-6fb9eb92a58c req-7fb58683-246d-40e0-80aa-6fb9eb92a58c ] Request (SecurityGroupsTestJSON:test_server_security_groups): 200 GET http://10.180.1.21/compute/v2.1/servers/37190642-6f6c-4837-8080-a4d472e9bca0 1.265s
2025-02-12 19:41:05.746 62698 INFO tempest.lib.common.rest_client [req-94764df9-784f-46fc-8aa1-5e0a0c2e837a req-94764df9-784f-46fc-8aa1-5e0a0c2e837a ] Request (ServerRescueNegativeTestJSON:test_rescued_vm_detach_volume): 200 GET http://10.180.1.21/compute/v2.1/servers/e5cb70a0-b975-42f4-a7e9-d94451db1391 1.277s
2025-02-12 19:41:05.825 62728 INFO tempest.lib.common.rest_client [req-eb3ea0fc-4b20-4709-89b9-38d9ec77dd0b req-eb3ea0fc-4b20-4709-89b9-38d9ec77dd0b ] Request (ServerAddressesTestJSON:tearDownClass): 200 GET http://10.180.1.21/compute/v2.1/servers/8e82b9f3-02b0-401c-bbad-1158770da84b 1.280s
2025-02-12 19:41:05.833 62728 INFO tempest.common.waiters [-] State transition "ACTIVE/deleting" ==> "DELETED/None" after 5 second wait
2025-02-12 19:41:05.927 62722 INFO tempest.lib.common.rest_client [req-89522e13-af3c-4e9c-845e-52c875d79de5 req-89522e13-af3c-4e9c-845e-52c875d79de5 ] Request (SecurityGroupRulesTestJSON:test_security_group_rules_delete_when_peer_group_deleted): 202 DELETE http://10.180.1.21/compute/v2.1/os-security-groups/20eb1b48-288e-4d67-ab43-ea20aa99c545 1.335s
2025-02-12 19:41:05.947 62736 INFO tempest.lib.common.rest_client [req-d9864973-8270-42d0-ac45-082ac43f9a8e req-d9864973-8270-42d0-ac45-082ac43f9a8e ] Request (ServersAaction247Test:tearDownClass): 404 GET http://10.180.1.21/compute/v2.1/servers/2a62103a-6e07-4750-a992-3787b0622e11 1.333s
2025-02-12 19:41:06.000 62692 INFO tempest.lib.common.rest_client [req-88d6f2b6-4264-4a6f-b86f-c6c3eb2145a0 req-88d6f2b6-4264-4a6f-b86f-c6c3eb2145a0 ] Request (ServersNegativeTestMultiTenantJSON:setUpClass): 200 GET http://10.180.1.21/compute/v2.1/servers/2dc947e4-082c-4401-a657-c3fd76c9902c 1.317s
2025-02-12 19:41:06.032 62736 INFO tempest.lib.common.rest_client [req-4a09574a-474c-4e9e-80ef-8763d05738c1 req-4a09574a-474c-4e9e-80ef-8763d05738c1 ] Request (ServersAaction247Test:tearDownClass): 204 DELETE http://10.180.1.21/identity/v3/users/f1609a9405664fcfa9e8357e61577496 0.085s
2025-02-12 19:41:06.033 62736 INFO tempest.lib.common.dynamic_creds [-] Deleting project and security group for project: 61e2ec8fd280450c93509ec9ebeafe78
2025-02-12 19:41:06.049 62700 INFO tempest.lib.common.rest_client [req-9b1fa91f-4057-4fb3-9d2e-fbf0c6dc276a req-9b1fa91f-4057-4fb3-9d2e-fbf0c6dc276a ] Request (ServerRescueTestJSON:test_rescue_unrescue_instance): 200 GET http://10.180.1.21/compute/v2.1/servers/d18e2307-4d05-4730-924b-84a5fa3ea253 1.311s
2025-02-12 19:41:06.057 62700 INFO tempest.common.waiters [-] State transition "BUILD/scheduling" ==> "BUILD/None" after 17 second wait
2025-02-12 19:41:06.092 62736 INFO tempest.lib.common.rest_client [req-bd2a761f-a9cb-46da-8f1e-e00145c831de req-bd2a761f-a9cb-46da-8f1e-e00145c831de ] Request (ServersAaction247Test:tearDownClass): 201 POST http://10.180.1.21/identity/v3/auth/tokens 0.058s
2025-02-12 19:41:06.097 62710 INFO tempest.lib.common.rest_client [req-037e3132-63b5-472d-892c-618e8b363ed9 req-037e3132-63b5-472d-892c-618e8b363ed9 ] Request (ServersWithSpecificFlavorTestJSON:test_verify_created_server_ephemeral_disk): 200 GET http://10.180.1.21/compute/v2.1/servers/f313f1f4-a761-405e-aa0f-a676f6bcc4ef 1.306s
2025-02-12 19:41:06.158 62744 INFO tempest.lib.common.rest_client [req-eee9842b-6987-4c7d-89c0-85507e0baeee req-eee9842b-6987-4c7d-89c0-85507e0baeee ] Request (MultipleCreateTestJSON:_run_cleanups): 200 GET http://10.180.1.21/compute/v2.1/servers/ade8e886-cd2b-417a-bc30-1f1ef16e7099 1.359s
2025-02-12 19:41:06.237 62736 INFO tempest.lib.common.rest_client [req-35f5c712-6cbb-4601-a5f6-14c21bef1bdb req-35f5c712-6cbb-4601-a5f6-14c21bef1bdb ] Request (ServersAaction247Test:tearDownClass): 200 GET http://10.180.1.21:9696/networking/v2.0/security-groups?tenant_id=61e2ec8fd280450c93509ec9ebeafe78&name=default 0.145s
2025-02-12 19:41:06.323 62736 INFO tempest.lib.common.rest_client [req-21105153-0505-4047-bd8b-7150dd42fe9a req-21105153-0505-4047-bd8b-7150dd42fe9a ] Request (ServersAaction247Test:tearDownClass): 204 DELETE http://10.180.1.21:9696/networking/v2.0/security-groups/92f9dbe3-0710-491a-a44b-e4b43814b27c 0.085s
2025-02-12 19:41:06.386 62736 INFO tempest.lib.common.rest_client [req-4efad553-0d4d-4107-a601-60307d33092b req-4efad553-0d4d-4107-a601-60307d33092b ] Request (ServersAaction247Test:tearDownClass): 204 DELETE http://10.180.1.21/identity/v3/projects/61e2ec8fd280450c93509ec9ebeafe78 0.063s
2025-02-12 19:41:06.449 62736 INFO tempest.lib.common.rest_client [req-7c71302b-e84a-430c-9e39-f0bb6cbca22d req-7c71302b-e84a-430c-9e39-f0bb6cbca22d ] Request (ServerGroupTestJSON:setUpClass): 201 POST http://10.180.1.21/identity/v3/auth/tokens 0.062s
2025-02-12 19:41:06.476 62738 INFO tempest.lib.common.rest_client [req-fa3ba3fe-1ccf-4bc4-9a40-83545a75a638 req-fa3ba3fe-1ccf-4bc4-9a40-83545a75a638 ] Request (ServersAdminTestJSON:test_list_servers_by_admin_with_all_tenants): 200 GET http://10.180.1.21/compute/v2.1/servers/detail?all_tenants= 1.520s
2025-02-12 19:41:06.481 62736 INFO tempest.lib.common.rest_client [req-c5c898e7-21a7-4316-a7e9-6bc753b95c62 req-c5c898e7-21a7-4316-a7e9-6bc753b95c62 ] Request (ServerGroupTestJSON:setUpClass): 201 POST http://10.180.1.21/identity/v3/auth/tokens 0.029s
2025-02-12 19:41:06.504 62738 WARNING tempest.lib.common.rest_client [-] Deprecated: "tenant_id" property is deprecated for removal, use "project_id" instead
2025-02-12 19:41:06.505 62736 INFO tempest.lib.common.rest_client [req-b4550b91-5753-46e2-94c7-cba1af2141f9 req-b4550b91-5753-46e2-94c7-cba1af2141f9 ] Request (ServerGroupTestJSON:setUpClass): 200 GET http://10.180.1.21/identity/v3/domains?name=Default 0.023s
2025-02-12 19:41:06.529 62712 INFO tempest.lib.common.rest_client [req-297e5af1-f05c-4880-99cd-9fd5a53bd885 req-297e5af1-f05c-4880-99cd-9fd5a53bd885 ] Request (ServerRescueTestJSONUnderV235:tearDownClass): 200 GET http://10.180.1.21/compute/v2.1/servers/77921f9a-d424-4bb8-876d-9325ef329e6c 1.529s
2025-02-12 19:41:06.531 62736 INFO tempest.lib.common.rest_client [req-9815d6c3-6ea6-4b1a-ad3d-62c4bd881c43 req-9815d6c3-6ea6-4b1a-ad3d-62c4bd881c43 ] Request (ServerGroupTestJSON:setUpClass): 201 POST http://10.180.1.21/identity/v3/projects 0.025s
2025-02-12 19:41:06.574 62720 INFO tempest.lib.common.rest_client [req-61fb627c-5c9c-47e5-9c4c-eae6440b3c72 req-61fb627c-5c9c-47e5-9c4c-eae6440b3c72 ] Request (ImagesOneServerNegativeTestJSON:_run_cleanups): 200 GET http://10.180.1.21/compute/v2.1/servers/4afe8752-fff5-49c8-9926-9114fedbf124 1.531s
2025-02-12 19:41:06.586 62736 INFO tempest.lib.common.rest_client [req-b8447969-1ec1-424b-a1d4-2c9bf896bf92 req-b8447969-1ec1-424b-a1d4-2c9bf896bf92 ] Request (ServerGroupTestJSON:setUpClass): 201 POST http://10.180.1.21/identity/v3/users 0.055s
2025-02-12 19:41:06.609 62736 INFO tempest.lib.common.rest_client [req-6c89a6aa-b093-4602-8e5a-58ec03816ab6 req-6c89a6aa-b093-4602-8e5a-58ec03816ab6 ] Request (ServerGroupTestJSON:setUpClass): 200 GET http://10.180.1.21/identity/v3/roles 0.022s
2025-02-12 19:41:06.628 62682 INFO tempest.lib.common.rest_client [req-808984a1-6eeb-4e23-a4e8-4d5157d51f94 req-808984a1-6eeb-4e23-a4e8-4d5157d51f94 ] Request (ImagesTestJSON:test_create_image_from_suspended_server): 200 GET http://10.180.1.21/compute/v2.1/servers/f8a27fd4-5e78-446f-8784-d73da9815f59 1.540s
2025-02-12 19:41:06.640 62736 INFO tempest.lib.common.rest_client [req-655a8f0d-1434-442a-8113-33e06f8c8463 req-655a8f0d-1434-442a-8113-33e06f8c8463 ] Request (ServerGroupTestJSON:setUpClass): 204 PUT http://10.180.1.21/identity/v3/projects/7798c5518dfb43b6ab22c64e708c838a/users/2c7a648de2bb4ce3a25ea747b38be29c/roles/816911377d77432aabced94a816472cc 0.030s
2025-02-12 19:41:06.640 62736 INFO tempest.lib.common.dynamic_creds [-] Dynamic test user 2c7a648de2bb4ce3a25ea747b38be29c is created with scope project and roles: ['member']
2025-02-12 19:41:06.640 62736 INFO tempest.lib.common.dynamic_creds [-] Acquired dynamic creds: credentials: Credentials: {'domain_id': 'default', 'domain_name': 'Default', 'username': 'tempest-ServerGroupTestJSON-1841069493-project-member', 'project_domain_id': 'default', 'project_domain_name': 'Default', 'project_id': '7798c5518dfb43b6ab22c64e708c838a', 'project_name': 'tempest-ServerGroupTestJSON-1841069493', 'tenant_id': '7798c5518dfb43b6ab22c64e708c838a', 'tenant_name': 'tempest-ServerGroupTestJSON-1841069493', 'user_domain_id': 'default', 'user_domain_name': 'Default', 'user_id': '2c7a648de2bb4ce3a25ea747b38be29c', 'system': None}, Network: None, Subnet: None, Router: None
2025-02-12 19:41:06.685 62734 INFO tempest.lib.common.rest_client [req-c2bdd513-114c-4f0e-bcd2-8e1d043a4b82 req-c2bdd513-114c-4f0e-bcd2-8e1d043a4b82 ] Request (ServersTestFqdnHostnames:tearDownClass): 200 GET http://10.180.1.21/compute/v2.1/servers/d33fe490-c5b2-4223-bf8e-b95ce7293fd6 1.457s
2025-02-12 19:41:06.698 62736 INFO tempest.lib.common.rest_client [req-12ff019e-7461-40fb-9f7c-bc16796eb37c req-12ff019e-7461-40fb-9f7c-bc16796eb37c ] Request (ServerGroupTestJSON:setUpClass): 201 POST http://10.180.1.21/identity/v3/auth/tokens 0.058s
2025-02-12 19:41:06.755 62684 INFO tempest.lib.common.rest_client [req-3b5635da-fff2-45ff-b0f2-42fa8efaee7d req-3b5635da-fff2-45ff-b0f2-42fa8efaee7d ] Request (ServersNegativeTestJSON:setUpClass): 200 GET http://10.180.1.21/compute/v2.1/servers/7f8a52a3-3ff7-442f-9006-8f0711b0d045 1.318s
2025-02-12 19:41:06.762 62684 INFO tempest.common.waiters [-] State transition "ACTIVE/deleting" ==> "DELETED/None" after 5 second wait
2025-02-12 19:41:06.839 62718 INFO tempest.lib.common.rest_client [req-aeda2e3a-314e-4e7e-890c-2b0d0e55326d req-aeda2e3a-314e-4e7e-890c-2b0d0e55326d ] Request (ServerActionsTestOtherB:test_create_backup): 200 GET http://10.180.1.21/compute/v2.1/servers/1baeefa4-6b4f-4f68-91e5-d02645d64d34 1.365s
2025-02-12 19:41:06.894 62702 INFO tempest.lib.common.rest_client [req-bc59b3fc-9c47-4196-9869-47f701a1d4ae req-bc59b3fc-9c47-4196-9869-47f701a1d4ae ] Request (VolumesAssistedSnapshotsTest:tearDownClass): 200 GET http://10.180.1.21/compute/v2.1/servers/1ff62a80-6e78-465f-b9c8-3a2107ebcf8e 1.240s
2025-02-12 19:41:06.918 62736 INFO tempest.lib.common.rest_client [req-3047d1d1-9410-4194-9019-fc1fb7c37b55 req-3047d1d1-9410-4194-9019-fc1fb7c37b55 ] Request (ServerGroupTestJSON:setUpClass): 201 POST http://10.180.1.21:9696/networking/v2.0/networks 0.219s
2025-02-12 19:41:06.949 62686 INFO tempest.lib.common.rest_client [req-83df93f2-9fe0-489e-9f27-95e9a501dc54 req-83df93f2-9fe0-489e-9f27-95e9a501dc54 ] Request (ServersTestBootFromVolume:tearDownClass): 200 GET http://10.180.1.21/compute/v2.1/servers/75908b19-4042-4f7e-b50a-8d0255bebd6f 1.238s
2025-02-12 19:41:06.998 62732 INFO tempest.lib.common.rest_client [req-14f80b59-3bbe-4d02-aa75-c13f450ef292 req-14f80b59-3bbe-4d02-aa75-c13f450ef292 ] Request (ServerTagsTestJSON:setUpClass): 200 GET http://10.180.1.21/compute/v2.1/servers/12b9057d-3f11-4215-908f-72419eed5b66 1.212s
2025-02-12 19:41:07.053 62704 INFO tempest.lib.common.rest_client [req-764195cf-cb7c-4543-b01e-a183c31f162e req-764195cf-cb7c-4543-b01e-a183c31f162e ] Request (ServerShowV247Test:test_update_rebuild_list_server): 200 GET http://10.180.1.21/compute/v2.1/servers/f9bfd765-4ebb-4f00-9648-22d719aaa9b8 1.216s
2025-02-12 19:41:07.069 62736 INFO tempest.lib.common.rest_client [req-b69c76eb-80a0-45a3-a64e-ee419bc6d7b6 req-b69c76eb-80a0-45a3-a64e-ee419bc6d7b6 ] Request (ServerGroupTestJSON:setUpClass): 201 POST http://10.180.1.21:9696/networking/v2.0/subnets 0.150s
2025-02-12 19:41:07.564 62688 INFO tempest.lib.common.rest_client [req-b9191195-0ab1-4c7e-9d12-55b643b7b267 req-b9191195-0ab1-4c7e-9d12-55b643b7b267 ] Request (MigrationsAdminTest:test_list_migrations_in_flavor_resize_situation): 200 GET http://10.180.1.21/compute/v2.1/servers/d31cec87-f24e-40d0-aa22-462f2eb62ea2 1.645s
2025-02-12 19:41:07.606 62722 INFO tempest.lib.common.rest_client [req-06d82c9a-457f-4c0f-9c00-142b2c69653c req-06d82c9a-457f-4c0f-9c00-142b2c69653c ] Request (SecurityGroupRulesTestJSON:test_security_group_rules_delete_when_peer_group_deleted): 200 GET http://10.180.1.21/compute/v2.1/os-security-groups/4155309e-fb49-4720-b350-8b32687db947 1.678s
2025-02-12 19:41:07.657 62714 INFO tempest.lib.common.rest_client [req-fbe267dc-a542-48b8-9538-96ce42c2bed4 req-fbe267dc-a542-48b8-9538-96ce42c2bed4 ] Request (VolumesAdminNegativeTest:test_update_attached_volume_with_nonexistent_volume_in_uri): 200 GET http://10.180.1.21/compute/v2.1/servers/8ac71684-9546-48d7-ad0b-195e04f75eb1 1.651s
2025-02-12 19:41:07.686 62738 INFO tempest.lib.common.rest_client [req-bc060b9c-b364-4d58-b5a8-231b719dbf8d req-bc060b9c-b364-4d58-b5a8-231b719dbf8d ] Request (ServersAdminTestJSON:test_list_servers_by_admin_with_specified_tenant): 200 GET http://10.180.1.21/compute/v2.1/servers/detail?tenant_id=acc96e978f3044258c33a4489d8f8588 1.181s
2025-02-12 19:41:07.806 62716 INFO tempest.lib.common.rest_client [req-6c0bd4ce-0cb2-4500-bcb4-2a66636cbd97 req-6c0bd4ce-0cb2-4500-bcb4-2a66636cbd97 ] Request (ListImageFiltersTestJSON:setUpClass): 200 GET http://10.180.1.21/compute/v2.1/servers/a2e401f8-0237-45cb-88f2-06058dfc079e 1.198s
2025-02-12 19:41:07.868 62694 INFO tempest.lib.common.rest_client [req-e2d5d178-0431-416e-9661-5f12bf00513e req-e2d5d178-0431-416e-9661-5f12bf00513e ] Request (SecurityGroupsTestJSON:test_server_security_groups): 200 GET http://10.180.1.21/compute/v2.1/servers/37190642-6f6c-4837-8080-a4d472e9bca0 1.179s
2025-02-12 19:41:07.891 62736 INFO tempest.lib.common.rest_client [req-d6ecd22a-646e-4593-aa43-664a71a2819d req-d6ecd22a-646e-4593-aa43-664a71a2819d ] Request (ServerGroupTestJSON:setUpClass): 201 POST http://10.180.1.21:9696/networking/v2.0/routers 0.821s
2025-02-12 19:41:07.917 62698 INFO tempest.lib.common.rest_client [req-c63dd2df-c02b-43e2-b06b-f5ceaf26061d req-c63dd2df-c02b-43e2-b06b-f5ceaf26061d ] Request (ServerRescueNegativeTestJSON:test_rescued_vm_detach_volume): 200 GET http://10.180.1.21/compute/v2.1/servers/e5cb70a0-b975-42f4-a7e9-d94451db1391 1.163s
2025-02-12 19:41:07.970 62728 INFO tempest.lib.common.rest_client [req-3e683d49-f1fc-402b-ac18-de32c5f8ab3c req-3e683d49-f1fc-402b-ac18-de32c5f8ab3c ] Request (ServerAddressesTestJSON:tearDownClass): 200 GET http://10.180.1.21/compute/v2.1/servers/8e82b9f3-02b0-401c-bbad-1158770da84b 1.136s
2025-02-12 19:41:08.016 62692 INFO tempest.lib.common.rest_client [req-c6fe9f2d-c85f-4c1c-84c5-dc3adee80a5c req-c6fe9f2d-c85f-4c1c-84c5-dc3adee80a5c ] Request (ServersNegativeTestMultiTenantJSON:setUpClass): 200 GET http://10.180.1.21/compute/v2.1/servers/2dc947e4-082c-4401-a657-c3fd76c9902c 1.008s
2025-02-12 19:41:08.072 62700 INFO tempest.lib.common.rest_client [req-61e04ad6-0670-45f6-8c1e-5f28a2d20e32 req-61e04ad6-0670-45f6-8c1e-5f28a2d20e32 ] Request (ServerRescueTestJSON:test_rescue_unrescue_instance): 200 GET http://10.180.1.21/compute/v2.1/servers/d18e2307-4d05-4730-924b-84a5fa3ea253 1.014s
2025-02-12 19:41:08.116 62710 INFO tempest.lib.common.rest_client [req-0a5fa47a-e5fd-4157-8aba-5fb46541e361 req-0a5fa47a-e5fd-4157-8aba-5fb46541e361 ] Request (ServersWithSpecificFlavorTestJSON:test_verify_created_server_ephemeral_disk): 200 GET http://10.180.1.21/compute/v2.1/servers/f313f1f4-a761-405e-aa0f-a676f6bcc4ef 1.012s
2025-02-12 19:41:08.183 62744 INFO tempest.lib.common.rest_client [req-5e482f4a-f1ad-41e7-96ab-0bb8acc790bd req-5e482f4a-f1ad-41e7-96ab-0bb8acc790bd ] Request (MultipleCreateTestJSON:_run_cleanups): 200 GET http://10.180.1.21/compute/v2.1/servers/ade8e886-cd2b-417a-bc30-1f1ef16e7099 1.017s
2025-02-12 19:41:08.259 62712 INFO tempest.lib.common.rest_client [req-07c118a0-1668-4408-b834-ff38e1b6a15d req-07c118a0-1668-4408-b834-ff38e1b6a15d ] Request (ServerRescueTestJSONUnderV235:tearDownClass): 200 GET http://10.180.1.21/compute/v2.1/servers/77921f9a-d424-4bb8-876d-9325ef329e6c 0.722s
2025-02-12 19:41:08.272 62712 INFO tempest.common.waiters [-] State transition "RESCUE/deleting" ==> "DELETED/None" after 6 second wait
2025-02-12 19:41:08.307 62720 INFO tempest.lib.common.rest_client [req-654c55e6-9390-44ce-b00c-b74636e801e5 req-654c55e6-9390-44ce-b00c-b74636e801e5 ] Request (ImagesOneServerNegativeTestJSON:_run_cleanups): 200 GET http://10.180.1.21/compute/v2.1/servers/4afe8752-fff5-49c8-9926-9114fedbf124 0.725s
2025-02-12 19:41:08.418 62722 INFO tempest.lib.common.rest_client [req-fc8e1f38-d8a6-4975-97ca-8d937f500dca req-fc8e1f38-d8a6-4975-97ca-8d937f500dca ] Request (SecurityGroupRulesTestJSON:test_security_group_rules_list): 200 POST http://10.180.1.21/compute/v2.1/os-security-groups 0.808s
2025-02-12 19:41:08.482 62682 INFO tempest.lib.common.rest_client [req-08e436c7-4282-4f03-800c-3f11932e4628 req-08e436c7-4282-4f03-800c-3f11932e4628 ] Request (ImagesTestJSON:test_create_image_from_suspended_server): 200 GET http://10.180.1.21/compute/v2.1/servers/f8a27fd4-5e78-446f-8784-d73da9815f59 0.846s
2025-02-12 19:41:08.628 62738 INFO tempest.lib.common.rest_client [req-60bacebf-a4a8-48e6-b0e3-73f97c972ebf req-60bacebf-a4a8-48e6-b0e3-73f97c972ebf ] Request (ServersAdminTestJSON:test_list_servers_by_admin_with_specified_tenant): 200 GET http://10.180.1.21/compute/v2.1/servers/detail?all_tenants=&tenant_id=acc96e978f3044258c33a4489d8f8588 0.935s
2025-02-12 19:41:08.688 62734 INFO tempest.lib.common.rest_client [req-69cc114d-5056-4c78-bfee-21792cadbadd req-69cc114d-5056-4c78-bfee-21792cadbadd ] Request (ServersTestFqdnHostnames:tearDownClass): 200 GET http://10.180.1.21/compute/v2.1/servers/d33fe490-c5b2-4223-bf8e-b95ce7293fd6 0.994s
2025-02-12 19:41:08.749 62684 INFO tempest.lib.common.rest_client [req-05986ac6-6fbb-4cc3-bbf7-c21689b7056a req-05986ac6-6fbb-4cc3-bbf7-c21689b7056a ] Request (ServersNegativeTestJSON:setUpClass): 200 GET http://10.180.1.21/compute/v2.1/servers/7f8a52a3-3ff7-442f-9006-8f0711b0d045 0.985s
2025-02-12 19:41:08.877 62718 INFO tempest.lib.common.rest_client [req-341f3eda-85b3-4b40-8159-961787654f13 req-341f3eda-85b3-4b40-8159-961787654f13 ] Request (ServerActionsTestOtherB:test_create_backup): 200 GET http://10.180.1.21/compute/v2.1/servers/1baeefa4-6b4f-4f68-91e5-d02645d64d34 1.028s
2025-02-12 19:41:08.891 62718 INFO tempest.common.waiters [-] State transition "ACTIVE/image_backup" ==> "ACTIVE/image_uploading" after 2 second wait
2025-02-12 19:41:08.945 62702 INFO tempest.lib.common.rest_client [req-38cb99c2-008d-49f1-90c5-819d2ef9e047 req-38cb99c2-008d-49f1-90c5-819d2ef9e047 ] Request (VolumesAssistedSnapshotsTest:tearDownClass): 200 GET http://10.180.1.21/compute/v2.1/servers/1ff62a80-6e78-465f-b9c8-3a2107ebcf8e 1.044s
2025-02-12 19:41:09.016 62686 INFO tempest.lib.common.rest_client [req-06c2ac57-9d7e-4070-a7ba-05b6215a7271 req-06c2ac57-9d7e-4070-a7ba-05b6215a7271 ] Request (ServersTestBootFromVolume:tearDownClass): 200 GET http://10.180.1.21/compute/v2.1/servers/75908b19-4042-4f7e-b50a-8d0255bebd6f 1.058s
2025-02-12 19:41:09.076 62732 INFO tempest.lib.common.rest_client [req-09eadf0d-cec4-4b98-a747-dc085211a0c0 req-09eadf0d-cec4-4b98-a747-dc085211a0c0 ] Request (ServerTagsTestJSON:setUpClass): 200 GET http://10.180.1.21/compute/v2.1/servers/12b9057d-3f11-4215-908f-72419eed5b66 1.064s
2025-02-12 19:41:09.083 62736 INFO tempest.lib.common.rest_client [req-2af849f4-2900-4f28-a16e-3c7eaf565fe0 req-2af849f4-2900-4f28-a16e-3c7eaf565fe0 ] Request (ServerGroupTestJSON:setUpClass): 200 PUT http://10.180.1.21:9696/networking/v2.0/routers/9968c56a-dd9d-4e47-b3c2-037f7952ff68/add_router_interface 1.191s
