2025-02-12 19:40:23.378 62722 INFO tempest.lib.common.rest_client [req-69c82e37-f2f6-44ec-9e46-9231821fe632 req-69c82e37-f2f6-44ec-9e46-9231821fe632 ] Request (ServersAdmin275Test:tearDownClass): 200 GET http://10.180.1.21/compute/v2.1/servers/0b810725-d832-4760-b60b-ec2c6ace3050 0.073s
2025-02-12 19:40:23.430 62702 INFO tempest.lib.common.rest_client [req-cfdffac7-09e3-46c4-b7df-d528e1ee44ab req-cfdffac7-09e3-46c4-b7df-d528e1ee44ab ] Request (VolumesAssistedSnapshotsTest:test_volume_assisted_snapshot_create_delete): 200 GET http://10.180.1.21/volume/v3/volumes/54691010-457d-42e2-80fb-123770286820 0.029s
2025-02-12 19:40:23.515 62714 INFO tempest.lib.common.rest_client [req-48c1319e-eb24-4947-a2c6-dd653b84918d req-48c1319e-eb24-4947-a2c6-dd653b84918d ] Request (VolumesAdminNegativeTest:test_update_attached_volume_with_nonexistent_volume_in_body): 200 GET http://10.180.1.21/volume/v3/volumes/49e38ca5-0b27-43f2-a226-64f8bc9f0472 0.042s
2025-02-12 19:40:23.521 62714 INFO tempest.common.waiters [-] Attachment 9329e502-c8c0-4be2-8d48-b33bc7b66f56 created for volume 49e38ca5-0b27-43f2-a226-64f8bc9f0472 to server 1da09049-1ae5-41ce-872c-d0a570e8ed86 after waiting for 7.521647 seconds
2025-02-12 19:40:23.549 62714 INFO tempest.lib.common.rest_client [req-2247a95a-c1d7-42b0-bcb5-5267f5eca880 req-2247a95a-c1d7-42b0-bcb5-5267f5eca880 ] Request (VolumesAdminNegativeTest:test_update_attached_volume_with_nonexistent_volume_in_body): 200 GET http://10.180.1.21/volume/v3/volumes/49e38ca5-0b27-43f2-a226-64f8bc9f0472 0.027s
2025-02-12 19:40:23.557 62714 INFO tempest.common.waiters [-] volume 49e38ca5-0b27-43f2-a226-64f8bc9f0472 reached in-use after waiting for 0.557493 seconds
2025-02-12 19:40:23.612 62732 INFO tempest.lib.common.rest_client [req-cda2ecac-1798-489b-bb0c-101e3b33ee96 req-cda2ecac-1798-489b-bb0c-101e3b33ee96 ] Request (FloatingIPsAssociationTestJSON:tearDownClass): 200 GET http://10.180.1.21/compute/v2.1/servers/ac869905-5c82-404e-8347-a34270150d89 0.057s
2025-02-12 19:40:23.691 62718 INFO tempest.lib.common.rest_client [req-81ae6524-8814-415f-a51d-7ce68185f851 req-81ae6524-8814-415f-a51d-7ce68185f851 ] Request (ServerActionsTestOtherB:test_create_backup): 200 GET http://10.180.1.21/image/v2/images/9b458c26-2097-4add-8c6d-198b0427548b 0.085s
2025-02-12 19:40:23.703 62698 INFO tempest.lib.common.rest_client [req-f3d3ad8c-4449-43a3-b625-7c4f1b98c51a req-f3d3ad8c-4449-43a3-b625-7c4f1b98c51a ] Request (ServerRescueNegativeTestJSON:test_rescued_vm_detach_volume): 200 GET http://10.180.1.21/volume/v3/volumes/7f73e91c-4e69-410b-a0c4-da50dba52204 0.036s
2025-02-12 19:40:23.713 62698 INFO tempest.common.waiters [-] volume 7f73e91c-4e69-410b-a0c4-da50dba52204 reached available after waiting for 1.713195 seconds
2025-02-12 19:40:23.757 62714 INFO tempest.lib.common.rest_client [req-2d849f01-bfef-4210-b7df-caf215561db9 req-2d849f01-bfef-4210-b7df-caf215561db9 ] Request (VolumesAdminNegativeTest:test_update_attached_volume_with_nonexistent_volume_in_body): 400 PUT http://10.180.1.21/compute/v2.1/servers/1da09049-1ae5-41ce-872c-d0a570e8ed86/os-volume_attachments/49e38ca5-0b27-43f2-a226-64f8bc9f0472 0.199s
2025-02-12 19:40:23.789 62714 INFO tempest.lib.common.rest_client [req-5e8e27ab-dda8-4d40-b132-06849dd96143 req-5e8e27ab-dda8-4d40-b132-06849dd96143 ] Request (VolumesAdminNegativeTest:_run_cleanups): 200 GET http://10.180.1.21/volume/v3/volumes/49e38ca5-0b27-43f2-a226-64f8bc9f0472 0.031s
2025-02-12 19:40:23.792 62698 INFO tempest.lib.common.rest_client [req-d83a349b-496a-43e0-807b-b625b4bf4dfb req-d83a349b-496a-43e0-807b-b625b4bf4dfb ] Request (ServerRescueNegativeTestJSON:test_rescued_vm_detach_volume): 200 POST http://10.180.1.21/compute/v2.1/os-keypairs 0.077s
2025-02-12 19:40:23.808 62734 WARNING tempest.lib.common.ssh [-] Failed to establish authenticated ssh connection to cirros@10.180.180.250 ([Errno None] Unable to connect to port 22 on 10.180.180.250). Number attempts: 10. Retry after 11 seconds.: paramiko.ssh_exception.NoValidConnectionsError: [Errno None] Unable to connect to port 22 on 10.180.180.250
2025-02-12 19:40:23.810 62688 INFO tempest.lib.common.rest_client [req-9daf9337-4558-4581-990f-7a552b6ba4bf req-9daf9337-4558-4581-990f-7a552b6ba4bf ] Request (MigrationsAdminTest:test_list_migrations_in_flavor_resize_situation): 200 GET http://10.180.1.21/compute/v2.1/servers/d31cec87-f24e-40d0-aa22-462f2eb62ea2 0.117s
2025-02-12 19:40:23.854 62712 INFO tempest.lib.common.rest_client [req-a7fb54ca-55b3-40d2-9234-79f8f0f47266 req-a7fb54ca-55b3-40d2-9234-79f8f0f47266 ] Request (ServerRescueTestJSONUnderV235:setUpClass): 200 GET http://10.180.1.21/compute/v2.1/servers/77921f9a-d424-4bb8-876d-9325ef329e6c 0.103s
2025-02-12 19:40:23.916 62738 INFO tempest.lib.common.rest_client [req-fc9ed886-813d-4184-950d-d79a8dbff2de req-fc9ed886-813d-4184-950d-d79a8dbff2de ] Request (ServersAdminTestJSON:test_inject_network_info): 200 GET http://10.180.1.21/compute/v2.1/servers/70cf9c0f-457f-4a50-b07a-4f6939d9d7e6 0.110s
2025-02-12 19:40:23.940 62698 INFO tempest.lib.common.rest_client [req-b598be1c-0d58-462f-afd1-def7c2c949f4 req-b598be1c-0d58-462f-afd1-def7c2c949f4 ] Request (ServerRescueNegativeTestJSON:test_rescued_vm_detach_volume): 201 POST http://10.180.1.21:9696/networking/v2.0/security-groups 0.145s
2025-02-12 19:40:23.972 62728 INFO tempest.lib.common.rest_client [req-fb5aa35d-4d52-4e39-970e-0d012da0f102 req-fb5aa35d-4d52-4e39-970e-0d012da0f102 ] Request (ServerAddressesTestJSON:setUpClass): 200 GET http://10.180.1.21/compute/v2.1/servers/8e82b9f3-02b0-401c-bbad-1158770da84b 0.117s
2025-02-12 19:40:24.036 62698 INFO tempest.lib.common.rest_client [req-769a3b87-d8ee-4eed-8d01-1cc73be24800 req-769a3b87-d8ee-4eed-8d01-1cc73be24800 ] Request (ServerRescueNegativeTestJSON:test_rescued_vm_detach_volume): 201 POST http://10.180.1.21:9696/networking/v2.0/security-group-rules 0.095s
2025-02-12 19:40:24.050 62692 INFO tempest.lib.common.rest_client [req-3390136e-71b8-42f5-b16f-704edf939ad8 req-3390136e-71b8-42f5-b16f-704edf939ad8 ] Request (AttachInterfacesV270Test:tearDownClass): 200 GET http://10.180.1.21/compute/v2.1/servers/73b7df84-b690-4c23-8447-f42ba4f125f9 0.180s
2025-02-12 19:40:24.111 62716 INFO tempest.lib.common.rest_client [req-eb20ce4e-9670-4adf-af20-af74a08b16a0 req-eb20ce4e-9670-4adf-af20-af74a08b16a0 ] Request (ListImageFiltersTestJSON:setUpClass): 200 GET http://10.180.1.21/compute/v2.1/servers/a2e401f8-0237-45cb-88f2-06058dfc079e 0.214s
2025-02-12 19:40:24.178 62698 INFO tempest.lib.common.rest_client [req-0a85d463-2460-4ef6-8525-30c3fdc72357 req-0a85d463-2460-4ef6-8525-30c3fdc72357 ] Request (ServerRescueNegativeTestJSON:test_rescued_vm_detach_volume): 201 POST http://10.180.1.21:9696/networking/v2.0/security-group-rules 0.141s
2025-02-12 19:40:24.236 62714 INFO tempest.lib.common.rest_client [req-3439fe8a-738a-4aaf-a8a8-05d14ecc5ebd req-3439fe8a-738a-4aaf-a8a8-05d14ecc5ebd ] Request (VolumesAdminNegativeTest:_run_cleanups): 202 DELETE http://10.180.1.21/compute/v2.1/servers/1da09049-1ae5-41ce-872c-d0a570e8ed86/os-volume_attachments/49e38ca5-0b27-43f2-a226-64f8bc9f0472 0.440s
2025-02-12 19:40:24.310 62704 INFO tempest.lib.common.rest_client [req-30d2cbd1-1edd-4935-9d08-1849cde9a58c req-30d2cbd1-1edd-4935-9d08-1849cde9a58c ] Request (ServersAdminNegativeTestJSON:tearDownClass): 200 GET http://10.180.1.21/compute/v2.1/servers/6dd54a20-72b1-4704-91bb-ef10a0a2db8c 0.379s
2025-02-12 19:40:24.364 62682 INFO tempest.lib.common.rest_client [req-19d303e2-9638-4dec-a06f-26a12e432dae req-19d303e2-9638-4dec-a06f-26a12e432dae ] Request (ImagesTestJSON:test_create_image_from_stopped_server): 200 GET http://10.180.1.21/compute/v2.1/images/8bc1b623-da6a-4a78-a262-03d98ada8041 0.436s
2025-02-12 19:40:24.369 62736 INFO tempest.lib.common.rest_client [req-aa63f7d5-90b8-4799-ad32-db040ffd1af2 req-aa63f7d5-90b8-4799-ad32-db040ffd1af2 ] Request (ServersAaction247Test:test_create_backup): 200 GET http://10.180.1.21/compute/v2.1/servers/2a62103a-6e07-4750-a992-3787b0622e11 0.360s
2025-02-12 19:40:24.380 62736 INFO tempest.common.waiters [-] State transition "BUILD/spawning" ==> "ACTIVE/None" after 64 second wait
2025-02-12 19:40:24.434 62694 INFO tempest.lib.common.rest_client [req-35579c9d-77ed-4525-b313-60b9788edca2 req-35579c9d-77ed-4525-b313-60b9788edca2 ] Request (SecurityGroupsTestJSON:test_server_security_groups): 200 GET http://10.180.1.21/compute/v2.1/servers/37190642-6f6c-4837-8080-a4d472e9bca0 0.383s
2025-02-12 19:40:24.434 62744 INFO tempest.lib.common.rest_client [req-c3bacee7-fb35-47ff-ae88-747d6d46adbb req-c3bacee7-fb35-47ff-ae88-747d6d46adbb ] Request (MultipleCreateTestJSON:test_multiple_create): 200 GET http://10.180.1.21/compute/v2.1/servers/edb5b881-6836-49cd-88c3-4dc5892cb855 0.334s
2025-02-12 19:40:24.470 62702 INFO tempest.lib.common.rest_client [req-d4735168-776b-4724-9044-4f2496aac98f req-d4735168-776b-4724-9044-4f2496aac98f ] Request (VolumesAssistedSnapshotsTest:test_volume_assisted_snapshot_create_delete): 200 GET http://10.180.1.21/volume/v3/volumes/54691010-457d-42e2-80fb-123770286820 0.031s
2025-02-12 19:40:24.501 62684 INFO tempest.lib.common.rest_client [req-7a16e487-5f6b-402d-b91a-d149d7213634 req-7a16e487-5f6b-402d-b91a-d149d7213634 ] Request (ServersNegativeTestJSON:setUpClass): 200 GET http://10.180.1.21/compute/v2.1/servers/7f8a52a3-3ff7-442f-9006-8f0711b0d045 0.288s
2025-02-12 19:40:24.504 62700 INFO tempest.lib.common.rest_client [req-d88d08d9-0e3a-4686-b3ae-efe03c2e42c4 req-d88d08d9-0e3a-4686-b3ae-efe03c2e42c4 ] Request (ServerRescueTestJSON:setUpClass): 200 GET http://10.180.1.21/compute/v2.1/servers/7ea8e176-5744-4efd-85c3-f2a4511ffd4a 0.340s
2025-02-12 19:40:24.531 62714 INFO tempest.lib.common.rest_client [req-09c57d96-b3d9-4f6f-b8e2-a7dee25a568a req-09c57d96-b3d9-4f6f-b8e2-a7dee25a568a ] Request (VolumesAdminNegativeTest:_run_cleanups): 200 GET http://10.180.1.21/compute/v2.1/servers/1da09049-1ae5-41ce-872c-d0a570e8ed86/os-volume_attachments 0.294s
2025-02-12 19:40:24.563 62682 INFO tempest.lib.common.rest_client [req-875df60b-10bb-45fd-af72-7490634e0b86 req-875df60b-10bb-45fd-af72-7490634e0b86 ] Request (ImagesTestJSON:test_create_image_from_stopped_server): 200 GET http://10.180.1.21/compute/v2.1/images/8bc1b623-da6a-4a78-a262-03d98ada8041 0.195s
2025-02-12 19:40:24.582 62720 INFO tempest.lib.common.rest_client [req-c77a6892-c417-4722-8742-2c21b982786d req-c77a6892-c417-4722-8742-2c21b982786d ] Request (ImagesOneServerNegativeTestJSON:_run_cleanups): 200 GET http://10.180.1.21/compute/v2.1/servers/bc34c2d9-69e1-4d65-8d0f-efdfd2b73814 0.260s
2025-02-12 19:40:24.597 62682 INFO tempest.lib.common.rest_client [req-96afd46d-b491-4a39-b8d5-423afd292eda req-96afd46d-b491-4a39-b8d5-423afd292eda ] Request (ImagesTestJSON:test_create_image_from_stopped_server): 200 GET http://10.180.1.21/image/v2/images/8bc1b623-da6a-4a78-a262-03d98ada8041/tasks 0.031s
2025-02-12 19:40:24.621 62698 INFO tempest.lib.common.rest_client [req-4113ca2f-529b-4644-bc27-17be489e354c req-4113ca2f-529b-4644-bc27-17be489e354c ] Request (ServerRescueNegativeTestJSON:test_rescued_vm_detach_volume): 201 POST http://10.180.1.21:9696/networking/v2.0/floatingips 0.442s
2025-02-12 19:40:24.657 62722 INFO tempest.lib.common.rest_client [req-22e35680-1285-4841-94c8-c16c62489eda req-22e35680-1285-4841-94c8-c16c62489eda ] Request (ServersAdmin275Test:tearDownClass): 200 GET http://10.180.1.21/compute/v2.1/servers/0b810725-d832-4760-b60b-ec2c6ace3050 0.268s
2025-02-12 19:40:24.686 62698 INFO tempest.lib.common.rest_client [req-d1bfc31a-f2c8-4feb-94c9-2fbe9a236bf1 req-d1bfc31a-f2c8-4feb-94c9-2fbe9a236bf1 ] Request (ServerRescueNegativeTestJSON:test_rescued_vm_detach_volume): 201 POST http://10.180.1.21/identity/v3/auth/tokens 0.060s
2025-02-12 19:40:24.686 62698 INFO tempest.lib.common.fixed_network [-] (ServerRescueNegativeTestJSON:test_rescued_vm_detach_volume) Found network {'id': 'c38836a6-839f-4cfe-91cf-761ec567fcfb', 'name': 'tempest-ServerRescueNegativeTestJSON-2126382958-network', 'tenant_id': '236d4594f391478bb7a4622a35977ff3', 'admin_state_up': True, 'mtu': 8950, 'status': 'ACTIVE', 'subnets': [], 'shared': False, 'project_id': '236d4594f391478bb7a4622a35977ff3', 'port_security_enabled': True, 'router:external': False, 'provider:network_type': 'vlan', 'provider:physical_network': 'default', 'provider:segmentation_id': 697, 'availability_zone_hints': [], 'availability_zones': [], 'ipv4_address_scope': None, 'ipv6_address_scope': None, 'description': '', 'tags': [], 'created_at': '2025-02-12T19:38:36Z', 'updated_at': '2025-02-12T19:38:36Z', 'revision_number': 1} available for tenant
2025-02-12 19:40:24.965 62736 INFO tempest.lib.common.rest_client [req-325253b2-ee94-4082-b5fa-1364dcc25433 req-325253b2-ee94-4082-b5fa-1364dcc25433 ] Request (ServersAaction247Test:test_create_backup): 202 POST http://10.180.1.21/compute/v2.1/servers/2a62103a-6e07-4750-a992-3787b0622e11/action 0.584s
2025-02-12 19:40:25.015 62682 INFO tempest.lib.common.rest_client [req-48773504-ed20-46f1-a0cd-ce6d368cc224 req-48773504-ed20-46f1-a0cd-ce6d368cc224 ] Request (ImagesTestJSON:_run_cleanups): 204 DELETE http://10.180.1.21/compute/v2.1/images/8bc1b623-da6a-4a78-a262-03d98ada8041 0.418s
2025-02-12 19:40:25.023 62718 INFO tempest.lib.common.rest_client [req-f2e67a10-d3e1-46b6-a4d8-097911dd6d04 req-f2e67a10-d3e1-46b6-a4d8-097911dd6d04 ] Request (ServerActionsTestOtherB:test_create_backup): 200 GET http://10.180.1.21/image/v2/images/9b458c26-2097-4add-8c6d-198b0427548b 0.330s
2025-02-12 19:40:25.026 62732 INFO tempest.lib.common.rest_client [req-4337a353-3e23-4583-931b-aba53cc55d66 req-4337a353-3e23-4583-931b-aba53cc55d66 ] Request (FloatingIPsAssociationTestJSON:tearDownClass): 200 GET http://10.180.1.21/compute/v2.1/servers/ac869905-5c82-404e-8347-a34270150d89 0.406s
2025-02-12 19:40:25.142 62688 INFO tempest.lib.common.rest_client [req-13d857f1-fe36-4539-abd0-2bb8b087b93c req-13d857f1-fe36-4539-abd0-2bb8b087b93c ] Request (MigrationsAdminTest:test_list_migrations_in_flavor_resize_situation): 200 GET http://10.180.1.21/compute/v2.1/servers/d31cec87-f24e-40d0-aa22-462f2eb62ea2 0.323s
2025-02-12 19:40:25.201 62712 INFO tempest.lib.common.rest_client [req-102c4f9f-e90b-49ae-bec8-b5f40f0b50a2 req-102c4f9f-e90b-49ae-bec8-b5f40f0b50a2 ] Request (ServerRescueTestJSONUnderV235:setUpClass): 200 GET http://10.180.1.21/compute/v2.1/servers/77921f9a-d424-4bb8-876d-9325ef329e6c 0.335s
2025-02-12 19:40:25.256 62738 INFO tempest.lib.common.rest_client [req-07631dca-7239-4eb4-b1fd-13ecc4d82b5a req-07631dca-7239-4eb4-b1fd-13ecc4d82b5a ] Request (ServersAdminTestJSON:test_inject_network_info): 200 GET http://10.180.1.21/compute/v2.1/servers/70cf9c0f-457f-4a50-b07a-4f6939d9d7e6 0.327s
2025-02-12 19:40:25.362 62736 INFO tempest.lib.common.rest_client [req-d22f23f9-ee8b-46b4-ac4e-c9de80bd96f9 req-d22f23f9-ee8b-46b4-ac4e-c9de80bd96f9 ] Request (ServersAaction247Test:tearDownClass): 204 DELETE http://10.180.1.21/compute/v2.1/servers/2a62103a-6e07-4750-a992-3787b0622e11 0.395s
2025-02-12 19:40:25.420 62728 INFO tempest.lib.common.rest_client [req-91fa085a-8cf8-4384-b4be-97bdedf978ce req-91fa085a-8cf8-4384-b4be-97bdedf978ce ] Request (ServerAddressesTestJSON:setUpClass): 200 GET http://10.180.1.21/compute/v2.1/servers/8e82b9f3-02b0-401c-bbad-1158770da84b 0.436s
2025-02-12 19:40:25.424 62698 INFO tempest.lib.common.rest_client [req-6b10fae4-1481-4867-9601-fc0da2b9782e req-6b10fae4-1481-4867-9601-fc0da2b9782e ] Request (ServerRescueNegativeTestJSON:test_rescued_vm_detach_volume): 202 POST http://10.180.1.21/compute/v2.1/servers 0.737s
2025-02-12 19:40:25.497 62692 INFO tempest.lib.common.rest_client [req-12b38f78-8c67-4610-9301-a433c9f6cdd5 req-12b38f78-8c67-4610-9301-a433c9f6cdd5 ] Request (AttachInterfacesV270Test:tearDownClass): 200 GET http://10.180.1.21/compute/v2.1/servers/73b7df84-b690-4c23-8447-f42ba4f125f9 0.433s
2025-02-12 19:40:25.500 62682 INFO tempest.lib.common.rest_client [req-3d7d1583-1ad2-4309-bbe8-059f9e1bd0e1 req-3d7d1583-1ad2-4309-bbe8-059f9e1bd0e1 ] Request (ImagesTestJSON:_run_cleanups): 204 DELETE http://10.180.1.21/compute/v2.1/servers/7d0875a3-45fa-4674-a40b-47ecd0e6b9e3 0.484s
2025-02-12 19:40:25.530 62702 INFO tempest.lib.common.rest_client [req-98a688ca-4fb5-47dc-ac82-2646ade767ad req-98a688ca-4fb5-47dc-ac82-2646ade767ad ] Request (VolumesAssistedSnapshotsTest:test_volume_assisted_snapshot_create_delete): 200 GET http://10.180.1.21/volume/v3/volumes/54691010-457d-42e2-80fb-123770286820 0.051s
2025-02-12 19:40:25.576 62716 INFO tempest.lib.common.rest_client [req-2de7fc1f-f9cf-49e6-a94b-04f99f26d0f0 req-2de7fc1f-f9cf-49e6-a94b-04f99f26d0f0 ] Request (ListImageFiltersTestJSON:setUpClass): 200 GET http://10.180.1.21/compute/v2.1/servers/a2e401f8-0237-45cb-88f2-06058dfc079e 0.456s
2025-02-12 19:40:25.578 62704 INFO tempest.lib.common.rest_client [req-6cd290a5-f672-4ac9-8dfe-cc7a189b038f req-6cd290a5-f672-4ac9-8dfe-cc7a189b038f ] Request (ServersAdminNegativeTestJSON:tearDownClass): 200 GET http://10.180.1.21/compute/v2.1/servers/6dd54a20-72b1-4704-91bb-ef10a0a2db8c 0.255s
2025-02-12 19:40:25.584 62716 INFO tempest.common.waiters [-] State transition "BUILD/scheduling" ==> "BUILD/None" after 3 second wait
2025-02-12 19:40:25.590 62682 INFO tempest.lib.common.rest_client [req-9879b356-f80b-49d3-9a70-91bd036af724 req-9879b356-f80b-49d3-9a70-91bd036af724 ] Request (ImagesTestJSON:test_create_image_from_suspended_server): 201 POST http://10.180.1.21/identity/v3/auth/tokens 0.084s
2025-02-12 19:40:25.590 62682 INFO tempest.lib.common.fixed_network [-] (ImagesTestJSON:test_create_image_from_suspended_server) Found network {'id': 'a7c8fd14-322c-480c-af11-adee7e6ae297', 'name': 'tempest-ImagesTestJSON-2074588139-network', 'tenant_id': 'cc2c7a9693c0408ea68f01c31db61440', 'admin_state_up': True, 'mtu': 8950, 'status': 'ACTIVE', 'subnets': [], 'shared': False, 'project_id': 'cc2c7a9693c0408ea68f01c31db61440', 'port_security_enabled': True, 'router:external': False, 'provider:network_type': 'vlan', 'provider:physical_network': 'default', 'provider:segmentation_id': 957, 'availability_zone_hints': [], 'availability_zones': [], 'ipv4_address_scope': None, 'ipv6_address_scope': None, 'description': '', 'tags': [], 'created_at': '2025-02-12T19:38:42Z', 'updated_at': '2025-02-12T19:38:42Z', 'revision_number': 1} available for tenant
2025-02-12 19:40:25.617 62698 INFO tempest.lib.common.rest_client [req-bf8d3843-920f-41e3-b090-a981750673dd req-bf8d3843-920f-41e3-b090-a981750673dd ] Request (ServerRescueNegativeTestJSON:test_rescued_vm_detach_volume): 200 GET http://10.180.1.21/compute/v2.1/servers/e5cb70a0-b975-42f4-a7e9-d94451db1391 0.191s
2025-02-12 19:40:25.635 62736 INFO tempest.lib.common.rest_client [req-a0fa417d-d8b7-4c74-90d7-d623bea25568 req-a0fa417d-d8b7-4c74-90d7-d623bea25568 ] Request (ServersAaction247Test:tearDownClass): 200 GET http://10.180.1.21/compute/v2.1/servers/2a62103a-6e07-4750-a992-3787b0622e11 0.272s
2025-02-12 19:40:25.666 62744 INFO tempest.lib.common.rest_client [req-fd8dd636-8b46-4257-b736-ae591e7d7411 req-fd8dd636-8b46-4257-b736-ae591e7d7411 ] Request (MultipleCreateTestJSON:test_multiple_create): 200 GET http://10.180.1.21/compute/v2.1/servers/edb5b881-6836-49cd-88c3-4dc5892cb855 0.223s
2025-02-12 19:40:25.683 62694 INFO tempest.lib.common.rest_client [req-2d58f214-e136-4144-8401-47a7380e6ffe req-2d58f214-e136-4144-8401-47a7380e6ffe ] Request (SecurityGroupsTestJSON:test_server_security_groups): 200 GET http://10.180.1.21/compute/v2.1/servers/37190642-6f6c-4837-8080-a4d472e9bca0 0.239s
2025-02-12 19:40:25.723 62684 INFO tempest.lib.common.rest_client [req-f65c9a81-5881-447d-b3bb-0afc54f9941c req-f65c9a81-5881-447d-b3bb-0afc54f9941c ] Request (ServersNegativeTestJSON:setUpClass): 200 GET http://10.180.1.21/compute/v2.1/servers/7f8a52a3-3ff7-442f-9006-8f0711b0d045 0.212s
2025-02-12 19:40:25.738 62700 INFO tempest.lib.common.rest_client [req-900e6e7d-ab24-4b9c-90e5-a5ed27d99ea3 req-900e6e7d-ab24-4b9c-90e5-a5ed27d99ea3 ] Request (ServerRescueTestJSON:setUpClass): 200 GET http://10.180.1.21/compute/v2.1/servers/7ea8e176-5744-4efd-85c3-f2a4511ffd4a 0.223s
2025-02-12 19:40:25.745 62700 INFO tempest.common.waiters [-] State transition "BUILD/None" ==> "BUILD/networking" after 57 second wait
2025-02-12 19:40:25.751 62714 INFO tempest.lib.common.rest_client [req-020641f1-2b14-4200-bbd1-46872f52b150 req-020641f1-2b14-4200-bbd1-46872f52b150 ] Request (VolumesAdminNegativeTest:_run_cleanups): 200 GET http://10.180.1.21/compute/v2.1/servers/1da09049-1ae5-41ce-872c-d0a570e8ed86/os-volume_attachments 0.219s
2025-02-12 19:40:25.822 62720 INFO tempest.lib.common.rest_client [req-6e449a51-742b-43f0-b3e5-cab09f0195ac req-6e449a51-742b-43f0-b3e5-cab09f0195ac ] Request (ImagesOneServerNegativeTestJSON:_run_cleanups): 200 GET http://10.180.1.21/compute/v2.1/servers/bc34c2d9-69e1-4d65-8d0f-efdfd2b73814 0.229s
2025-02-12 19:40:25.893 62722 INFO tempest.lib.common.rest_client [req-c4121a73-e4bb-4535-a06a-5da0d6cb5fa7 req-c4121a73-e4bb-4535-a06a-5da0d6cb5fa7 ] Request (ServersAdmin275Test:tearDownClass): 200 GET http://10.180.1.21/compute/v2.1/servers/0b810725-d832-4760-b60b-ec2c6ace3050 0.220s
2025-02-12 19:40:26.038 62718 INFO tempest.lib.common.rest_client [req-6ef3c003-df85-47e3-b4bc-162e83f2355b req-6ef3c003-df85-47e3-b4bc-162e83f2355b ] Request (ServerActionsTestOtherB:test_create_backup): 200 GET http://10.180.1.21/image/v2/images/9b458c26-2097-4add-8c6d-198b0427548b 0.014s
2025-02-12 19:40:26.114 62732 INFO tempest.lib.common.rest_client [req-808d94d5-37b6-4fdc-8f92-ff1cd248798e req-808d94d5-37b6-4fdc-8f92-ff1cd248798e ] Request (FloatingIPsAssociationTestJSON:tearDownClass): 200 GET http://10.180.1.21/compute/v2.1/servers/ac869905-5c82-404e-8347-a34270150d89 0.080s
2025-02-12 19:40:26.190 62682 INFO tempest.lib.common.rest_client [req-8c020907-4df2-4d76-a108-45942597331c req-8c020907-4df2-4d76-a108-45942597331c ] Request (ImagesTestJSON:test_create_image_from_suspended_server): 202 POST http://10.180.1.21/compute/v2.1/servers 0.600s
2025-02-12 19:40:26.249 62682 INFO tempest.lib.common.rest_client [req-5ff6e3fc-e914-42c9-884d-f2c1ecc2444d req-5ff6e3fc-e914-42c9-884d-f2c1ecc2444d ] Request (ImagesTestJSON:test_create_image_from_suspended_server): 200 GET http://10.180.1.21/compute/v2.1/servers/f8a27fd4-5e78-446f-8784-d73da9815f59 0.056s
2025-02-12 19:40:26.319 62712 INFO tempest.lib.common.rest_client [req-5b6d20f3-87bf-4838-829c-68d7e26f392f req-5b6d20f3-87bf-4838-829c-68d7e26f392f ] Request (ServerRescueTestJSONUnderV235:setUpClass): 200 GET http://10.180.1.21/compute/v2.1/servers/77921f9a-d424-4bb8-876d-9325ef329e6c 0.109s
2025-02-12 19:40:26.379 62688 INFO tempest.lib.common.rest_client [req-55b54079-f60d-4d14-a478-e76cdd36f041 req-55b54079-f60d-4d14-a478-e76cdd36f041 ] Request (MigrationsAdminTest:test_list_migrations_in_flavor_resize_situation): 200 GET http://10.180.1.21/compute/v2.1/servers/d31cec87-f24e-40d0-aa22-462f2eb62ea2 0.229s
2025-02-12 19:40:26.389 62738 INFO tempest.lib.common.rest_client [req-dbb73b17-c973-444e-ad48-47aab1ef2fdf req-dbb73b17-c973-444e-ad48-47aab1ef2fdf ] Request (ServersAdminTestJSON:test_inject_network_info): 200 GET http://10.180.1.21/compute/v2.1/servers/70cf9c0f-457f-4a50-b07a-4f6939d9d7e6 0.119s
2025-02-12 19:40:26.493 62728 INFO tempest.lib.common.rest_client [req-c2864780-2784-43da-ba8b-48063be6a214 req-c2864780-2784-43da-ba8b-48063be6a214 ] Request (ServerAddressesTestJSON:setUpClass): 200 GET http://10.180.1.21/compute/v2.1/servers/8e82b9f3-02b0-401c-bbad-1158770da84b 0.058s
2025-02-12 19:40:26.619 62702 INFO tempest.lib.common.rest_client [req-7f1b736b-edee-4b54-b2b5-741970a7b9ae req-7f1b736b-edee-4b54-b2b5-741970a7b9ae ] Request (VolumesAssistedSnapshotsTest:test_volume_assisted_snapshot_create_delete): 200 GET http://10.180.1.21/volume/v3/volumes/54691010-457d-42e2-80fb-123770286820 0.080s
2025-02-12 19:40:26.700 62704 INFO tempest.lib.common.rest_client [req-84c752f1-3bd5-41f0-9910-d42639aa7cd5 req-84c752f1-3bd5-41f0-9910-d42639aa7cd5 ] Request (ServersAdminNegativeTestJSON:tearDownClass): 200 GET http://10.180.1.21/compute/v2.1/servers/6dd54a20-72b1-4704-91bb-ef10a0a2db8c 0.112s
2025-02-12 19:40:26.760 62716 INFO tempest.lib.common.rest_client [req-02d28c0b-f5a0-4907-9aff-f167394dcc48 req-02d28c0b-f5a0-4907-9aff-f167394dcc48 ] Request (ListImageFiltersTestJSON:setUpClass): 200 GET http://10.180.1.21/compute/v2.1/servers/a2e401f8-0237-45cb-88f2-06058dfc079e 0.175s
2025-02-12 19:40:26.817 62698 INFO tempest.lib.common.rest_client [req-85208958-1b51-42a4-ba7a-de6eb838c2b5 req-85208958-1b51-42a4-ba7a-de6eb838c2b5 ] Request (ServerRescueNegativeTestJSON:test_rescued_vm_detach_volume): 200 GET http://10.180.1.21/compute/v2.1/servers/e5cb70a0-b975-42f4-a7e9-d94451db1391 0.192s
2025-02-12 19:40:26.825 62692 INFO tempest.lib.common.rest_client [req-c93fa0cf-5942-4f6f-9408-948ea0666ff9 req-c93fa0cf-5942-4f6f-9408-948ea0666ff9 ] Request (AttachInterfacesV270Test:tearDownClass): 200 GET http://10.180.1.21/compute/v2.1/servers/73b7df84-b690-4c23-8447-f42ba4f125f9 0.318s
2025-02-12 19:40:26.885 62744 INFO tempest.lib.common.rest_client [req-95f2f8d3-b9f8-4e03-840f-62807a772555 req-95f2f8d3-b9f8-4e03-840f-62807a772555 ] Request (MultipleCreateTestJSON:test_multiple_create): 200 GET http://10.180.1.21/compute/v2.1/servers/edb5b881-6836-49cd-88c3-4dc5892cb855 0.211s
2025-02-12 19:40:26.888 62736 INFO tempest.lib.common.rest_client [req-ccb4a5e6-4dab-44cd-9915-0e185f9e9b32 req-ccb4a5e6-4dab-44cd-9915-0e185f9e9b32 ] Request (ServersAaction247Test:tearDownClass): 200 GET http://10.180.1.21/compute/v2.1/servers/2a62103a-6e07-4750-a992-3787b0622e11 0.243s
2025-02-12 19:40:26.948 62694 INFO tempest.lib.common.rest_client [req-6618d400-fac4-49b9-9373-f5aa4ef51e0e req-6618d400-fac4-49b9-9373-f5aa4ef51e0e ] Request (SecurityGroupsTestJSON:test_server_security_groups): 200 GET http://10.180.1.21/compute/v2.1/servers/37190642-6f6c-4837-8080-a4d472e9bca0 0.256s
2025-02-12 19:40:26.950 62684 INFO tempest.lib.common.rest_client [req-ba12b517-2148-4387-bdfd-9dbe95934a26 req-ba12b517-2148-4387-bdfd-9dbe95934a26 ] Request (ServersNegativeTestJSON:setUpClass): 200 GET http://10.180.1.21/compute/v2.1/servers/7f8a52a3-3ff7-442f-9006-8f0711b0d045 0.215s
2025-02-12 19:40:26.979 62714 INFO tempest.lib.common.rest_client [req-8a0d4fcd-7464-483c-8247-10c2c51dd032 req-8a0d4fcd-7464-483c-8247-10c2c51dd032 ] Request (VolumesAdminNegativeTest:_run_cleanups): 200 GET http://10.180.1.21/compute/v2.1/servers/1da09049-1ae5-41ce-872c-d0a570e8ed86/os-volume_attachments 0.225s
2025-02-12 19:40:27.034 62720 INFO tempest.lib.common.rest_client [req-89889288-b125-41f1-a7cd-8294bda60381 req-89889288-b125-41f1-a7cd-8294bda60381 ] Request (ImagesOneServerNegativeTestJSON:_run_cleanups): 200 GET http://10.180.1.21/compute/v2.1/servers/bc34c2d9-69e1-4d65-8d0f-efdfd2b73814 0.200s
2025-02-12 19:40:27.044 62700 INFO tempest.lib.common.rest_client [req-c31e5094-1963-4af2-8596-62a7bfcfdeaf req-c31e5094-1963-4af2-8596-62a7bfcfdeaf ] Request (ServerRescueTestJSON:setUpClass): 200 GET http://10.180.1.21/compute/v2.1/servers/7ea8e176-5744-4efd-85c3-f2a4511ffd4a 0.298s
2025-02-12 19:40:27.053 62700 INFO tempest.common.waiters [-] State transition "BUILD/networking" ==> "BUILD/spawning" after 59 second wait
2025-02-12 19:40:27.061 62718 INFO tempest.lib.common.rest_client [req-597b3edb-546a-45ad-a39f-e074c961ce3a req-597b3edb-546a-45ad-a39f-e074c961ce3a ] Request (ServerActionsTestOtherB:test_create_backup): 200 GET http://10.180.1.21/image/v2/images/9b458c26-2097-4add-8c6d-198b0427548b 0.022s
2025-02-12 19:40:27.094 62722 INFO tempest.lib.common.rest_client [req-b0dee716-b272-4aec-9658-18cec89e09fd req-b0dee716-b272-4aec-9658-18cec89e09fd ] Request (ServersAdmin275Test:tearDownClass): 200 GET http://10.180.1.21/compute/v2.1/servers/0b810725-d832-4760-b60b-ec2c6ace3050 0.191s
2025-02-12 19:40:27.192 62732 INFO tempest.lib.common.rest_client [req-07618417-45ef-4b9f-afb5-5a043983bcb1 req-07618417-45ef-4b9f-afb5-5a043983bcb1 ] Request (FloatingIPsAssociationTestJSON:tearDownClass): 200 GET http://10.180.1.21/compute/v2.1/servers/ac869905-5c82-404e-8347-a34270150d89 0.070s
2025-02-12 19:40:27.322 62682 INFO tempest.lib.common.rest_client [req-89bab8d8-ee0e-4b0f-b41d-7eb33f67a15f req-89bab8d8-ee0e-4b0f-b41d-7eb33f67a15f ] Request (ImagesTestJSON:test_create_image_from_suspended_server): 200 GET http://10.180.1.21/compute/v2.1/servers/f8a27fd4-5e78-446f-8784-d73da9815f59 0.063s
2025-02-12 19:40:27.399 62712 INFO tempest.lib.common.rest_client [req-1271dd4c-13d2-4ca5-ba7e-7d0a949122bc req-1271dd4c-13d2-4ca5-ba7e-7d0a949122bc ] Request (ServerRescueTestJSONUnderV235:setUpClass): 200 GET http://10.180.1.21/compute/v2.1/servers/77921f9a-d424-4bb8-876d-9325ef329e6c 0.073s
2025-02-12 19:40:27.454 62738 INFO tempest.lib.common.rest_client [req-060a8ec1-cedf-4077-ba9e-a9c8e1a03cb1 req-060a8ec1-cedf-4077-ba9e-a9c8e1a03cb1 ] Request (ServersAdminTestJSON:test_inject_network_info): 200 GET http://10.180.1.21/compute/v2.1/servers/70cf9c0f-457f-4a50-b07a-4f6939d9d7e6 0.055s
2025-02-12 19:40:27.521 62688 INFO tempest.lib.common.rest_client [req-dab0ff5c-66ad-4b3e-8809-2b1312714dc3 req-dab0ff5c-66ad-4b3e-8809-2b1312714dc3 ] Request (MigrationsAdminTest:test_list_migrations_in_flavor_resize_situation): 200 GET http://10.180.1.21/compute/v2.1/servers/d31cec87-f24e-40d0-aa22-462f2eb62ea2 0.131s
2025-02-12 19:40:27.554 62728 INFO tempest.lib.common.rest_client [req-36b8d636-6dc4-4662-b4cf-1ef7dfabea04 req-36b8d636-6dc4-4662-b4cf-1ef7dfabea04 ] Request (ServerAddressesTestJSON:setUpClass): 200 GET http://10.180.1.21/compute/v2.1/servers/8e82b9f3-02b0-401c-bbad-1158770da84b 0.050s
2025-02-12 19:40:27.674 62702 INFO tempest.lib.common.rest_client [req-86ef9059-b407-4c96-be32-e4e74875baa7 req-86ef9059-b407-4c96-be32-e4e74875baa7 ] Request (VolumesAssistedSnapshotsTest:test_volume_assisted_snapshot_create_delete): 200 GET http://10.180.1.21/volume/v3/volumes/54691010-457d-42e2-80fb-123770286820 0.045s
2025-02-12 19:40:27.826 62704 INFO tempest.lib.common.rest_client [req-2ca3c179-4db4-4d11-9e89-4c57d1a16ff1 req-2ca3c179-4db4-4d11-9e89-4c57d1a16ff1 ] Request (ServersAdminNegativeTestJSON:tearDownClass): 200 GET http://10.180.1.21/compute/v2.1/servers/6dd54a20-72b1-4704-91bb-ef10a0a2db8c 0.114s
2025-02-12 19:40:27.834 62716 INFO tempest.lib.common.rest_client [req-74e3f265-c5db-4bae-8d5c-7b4d90cd68b4 req-74e3f265-c5db-4bae-8d5c-7b4d90cd68b4 ] Request (ListImageFiltersTestJSON:setUpClass): 200 GET http://10.180.1.21/compute/v2.1/servers/a2e401f8-0237-45cb-88f2-06058dfc079e 0.064s
2025-02-12 19:40:27.880 62698 INFO tempest.lib.common.rest_client [req-84a1f080-29a2-4c68-bca6-2829bc95d811 req-84a1f080-29a2-4c68-bca6-2829bc95d811 ] Request (ServerRescueNegativeTestJSON:test_rescued_vm_detach_volume): 200 GET http://10.180.1.21/compute/v2.1/servers/e5cb70a0-b975-42f4-a7e9-d94451db1391 0.055s
2025-02-12 19:40:27.920 62692 INFO tempest.lib.common.rest_client [req-acfefbcf-111c-453e-ac5b-548fef4c489d req-acfefbcf-111c-453e-ac5b-548fef4c489d ] Request (AttachInterfacesV270Test:tearDownClass): 200 GET http://10.180.1.21/compute/v2.1/servers/73b7df84-b690-4c23-8447-f42ba4f125f9 0.082s
2025-02-12 19:40:27.955 62744 INFO tempest.lib.common.rest_client [req-1278985d-212b-4743-ad79-7a3f18b2f6ed req-1278985d-212b-4743-ad79-7a3f18b2f6ed ] Request (MultipleCreateTestJSON:test_multiple_create): 200 GET http://10.180.1.21/compute/v2.1/servers/edb5b881-6836-49cd-88c3-4dc5892cb855 0.062s
2025-02-12 19:40:27.976 62736 INFO tempest.lib.common.rest_client [req-7f63a16d-f6d3-4016-bc49-523527b62466 req-7f63a16d-f6d3-4016-bc49-523527b62466 ] Request (ServersAaction247Test:tearDownClass): 200 GET http://10.180.1.21/compute/v2.1/servers/2a62103a-6e07-4750-a992-3787b0622e11 0.077s
2025-02-12 19:40:28.009 62694 INFO tempest.lib.common.rest_client [req-e2b7e566-85f8-41d8-b4da-fd0e74add01b req-e2b7e566-85f8-41d8-b4da-fd0e74add01b ] Request (SecurityGroupsTestJSON:test_server_security_groups): 200 GET http://10.180.1.21/compute/v2.1/servers/37190642-6f6c-4837-8080-a4d472e9bca0 0.054s
2025-02-12 19:40:28.023 62684 INFO tempest.lib.common.rest_client [req-5b3b210f-1b49-4f3d-bb2e-e58b4fbfc75a req-5b3b210f-1b49-4f3d-bb2e-e58b4fbfc75a ] Request (ServersNegativeTestJSON:setUpClass): 200 GET http://10.180.1.21/compute/v2.1/servers/7f8a52a3-3ff7-442f-9006-8f0711b0d045 0.065s
2025-02-12 19:40:28.034 62714 INFO tempest.lib.common.rest_client [req-d3eb52f2-4eb8-4e37-837b-6038d0ae46c6 req-d3eb52f2-4eb8-4e37-837b-6038d0ae46c6 ] Request (VolumesAdminNegativeTest:_run_cleanups): 200 GET http://10.180.1.21/compute/v2.1/servers/1da09049-1ae5-41ce-872c-d0a570e8ed86/os-volume_attachments 0.053s
2025-02-12 19:40:28.103 62714 INFO tempest.lib.common.rest_client [req-f39c2f0d-1e4b-4c43-9e43-984d28456c2f req-f39c2f0d-1e4b-4c43-9e43-984d28456c2f ] Request (VolumesAdminNegativeTest:_run_cleanups): 200 GET http://10.180.1.21/volume/v3/volumes/49e38ca5-0b27-43f2-a226-64f8bc9f0472 0.062s
2025-02-12 19:40:28.114 62714 INFO tempest.common.waiters [-] volume 49e38ca5-0b27-43f2-a226-64f8bc9f0472 reached available after waiting for 0.114856 seconds
2025-02-12 19:40:28.117 62720 INFO tempest.lib.common.rest_client [req-f530bcb3-8689-4bca-8ff7-f6dcf32af66c req-f530bcb3-8689-4bca-8ff7-f6dcf32af66c ] Request (ImagesOneServerNegativeTestJSON:_run_cleanups): 200 GET http://10.180.1.21/compute/v2.1/servers/bc34c2d9-69e1-4d65-8d0f-efdfd2b73814 0.074s
2025-02-12 19:40:28.127 62718 INFO tempest.lib.common.rest_client [req-fc08d455-5425-49dc-a885-16f538aa5221 req-fc08d455-5425-49dc-a885-16f538aa5221 ] Request (ServerActionsTestOtherB:test_create_backup): 200 GET http://10.180.1.21/image/v2/images/9b458c26-2097-4add-8c6d-198b0427548b 0.065s
2025-02-12 19:40:28.223 62722 INFO tempest.lib.common.rest_client [req-4483ef33-95c5-44d5-a086-0ba0c3eb94f6 req-4483ef33-95c5-44d5-a086-0ba0c3eb94f6 ] Request (ServersAdmin275Test:tearDownClass): 200 GET http://10.180.1.21/compute/v2.1/servers/0b810725-d832-4760-b60b-ec2c6ace3050 0.119s
2025-02-12 19:40:28.257 62700 INFO tempest.lib.common.rest_client [req-0004a45c-8e65-4ae9-aae6-b54466ac99ae req-0004a45c-8e65-4ae9-aae6-b54466ac99ae ] Request (ServerRescueTestJSON:setUpClass): 200 GET http://10.180.1.21/compute/v2.1/servers/7ea8e176-5744-4efd-85c3-f2a4511ffd4a 0.202s
2025-02-12 19:40:28.273 62714 INFO tempest.lib.common.rest_client [req-1c69e2f4-4753-4d93-8a7f-4996f2b7d438 req-1c69e2f4-4753-4d93-8a7f-4996f2b7d438 ] Request (VolumesAdminNegativeTest:test_update_attached_volume_with_nonexistent_volume_in_uri): 201 POST http://10.180.1.21/identity/v3/auth/tokens 0.150s
2025-02-12 19:40:28.274 62714 INFO tempest.lib.common.fixed_network [-] (VolumesAdminNegativeTest:test_update_attached_volume_with_nonexistent_volume_in_uri) Found network {'id': '4d827b29-b8ea-4844-a5f1-4519f6a12bd7', 'name': 'tempest-VolumesAdminNegativeTest-1030700028-network', 'tenant_id': 'bd56fb1a20be40ee9cb7b358f09779ab', 'admin_state_up': True, 'mtu': 8950, 'status': 'ACTIVE', 'subnets': [], 'shared': False, 'project_id': 'bd56fb1a20be40ee9cb7b358f09779ab', 'port_security_enabled': True, 'router:external': False, 'provider:network_type': 'vlan', 'provider:physical_network': 'default', 'provider:segmentation_id': 740, 'availability_zone_hints': [], 'availability_zones': [], 'ipv4_address_scope': None, 'ipv6_address_scope': None, 'description': '', 'tags': [], 'created_at': '2025-02-12T19:37:42Z', 'updated_at': '2025-02-12T19:37:42Z', 'revision_number': 1} available for tenant
2025-02-12 19:40:28.296 62732 INFO tempest.lib.common.rest_client [req-72ae091f-580d-4fcd-b64e-1ae30974ecb0 req-72ae091f-580d-4fcd-b64e-1ae30974ecb0 ] Request (FloatingIPsAssociationTestJSON:tearDownClass): 200 GET http://10.180.1.21/compute/v2.1/servers/ac869905-5c82-404e-8347-a34270150d89 0.096s
2025-02-12 19:40:28.361 62690 WARNING tempest.lib.common.ssh [-] Failed to establish authenticated ssh connection to cirros@10.180.180.251 ([Errno None] Unable to connect to port 22 on 10.180.180.251). Number attempts: 9. Retry after 10 seconds.: paramiko.ssh_exception.NoValidConnectionsError: [Errno None] Unable to connect to port 22 on 10.180.180.251
2025-02-12 19:40:28.413 62682 INFO tempest.lib.common.rest_client [req-276345a8-7d4b-40a3-a006-763b19e2c8a2 req-276345a8-7d4b-40a3-a006-763b19e2c8a2 ] Request (ImagesTestJSON:test_create_image_from_suspended_server): 200 GET http://10.180.1.21/compute/v2.1/servers/f8a27fd4-5e78-446f-8784-d73da9815f59 0.082s
2025-02-12 19:40:28.498 62712 INFO tempest.lib.common.rest_client [req-fe432082-d49f-4d62-a991-2a1743179c3f req-fe432082-d49f-4d62-a991-2a1743179c3f ] Request (ServerRescueTestJSONUnderV235:setUpClass): 200 GET http://10.180.1.21/compute/v2.1/servers/77921f9a-d424-4bb8-876d-9325ef329e6c 0.091s
2025-02-12 19:40:28.507 62712 INFO tempest.common.waiters [-] State transition "BUILD/None" ==> "BUILD/networking" after 57 second wait
2025-02-12 19:40:28.548 62738 INFO tempest.lib.common.rest_client [req-187619b8-2760-4d9a-b6cc-2cce9561e028 req-187619b8-2760-4d9a-b6cc-2cce9561e028 ] Request (ServersAdminTestJSON:test_inject_network_info): 200 GET http://10.180.1.21/compute/v2.1/servers/70cf9c0f-457f-4a50-b07a-4f6939d9d7e6 0.083s
2025-02-12 19:40:28.731 62702 INFO tempest.lib.common.rest_client [req-9b82e599-5471-4fed-8b53-315b7283f035 req-9b82e599-5471-4fed-8b53-315b7283f035 ] Request (VolumesAssistedSnapshotsTest:test_volume_assisted_snapshot_create_delete): 200 GET http://10.180.1.21/volume/v3/volumes/54691010-457d-42e2-80fb-123770286820 0.049s
2025-02-12 19:40:28.865 62714 INFO tempest.lib.common.rest_client [req-3c51a872-5feb-45d2-9ef3-580a4c15a7f9 req-3c51a872-5feb-45d2-9ef3-580a4c15a7f9 ] Request (VolumesAdminNegativeTest:test_update_attached_volume_with_nonexistent_volume_in_uri): 202 POST http://10.180.1.21/compute/v2.1/servers 0.590s
2025-02-12 19:40:28.930 62728 INFO tempest.lib.common.rest_client [req-edcf0bca-c2ee-43aa-9545-7a4eaf61d08b req-edcf0bca-c2ee-43aa-9545-7a4eaf61d08b ] Request (ServerAddressesTestJSON:setUpClass): 200 GET http://10.180.1.21/compute/v2.1/servers/8e82b9f3-02b0-401c-bbad-1158770da84b 0.367s
2025-02-12 19:40:28.943 62688 INFO tempest.lib.common.rest_client [req-ecc234c8-b823-4432-a4e9-cdd06e4ad3c7 req-ecc234c8-b823-4432-a4e9-cdd06e4ad3c7 ] Request (MigrationsAdminTest:test_list_migrations_in_flavor_resize_situation): 200 GET http://10.180.1.21/compute/v2.1/servers/d31cec87-f24e-40d0-aa22-462f2eb62ea2 0.413s
2025-02-12 19:40:29.012 62716 INFO tempest.lib.common.rest_client [req-84fc331c-fe53-49f5-9399-8b5f2c6ebdeb req-84fc331c-fe53-49f5-9399-8b5f2c6ebdeb ] Request (ListImageFiltersTestJSON:setUpClass): 200 GET http://10.180.1.21/compute/v2.1/servers/a2e401f8-0237-45cb-88f2-06058dfc079e 0.168s
2025-02-12 19:40:29.016 62704 INFO tempest.lib.common.rest_client [req-e2cfb816-08c7-4b27-88c3-6574131274f4 req-e2cfb816-08c7-4b27-88c3-6574131274f4 ] Request (ServersAdminNegativeTestJSON:tearDownClass): 200 GET http://10.180.1.21/compute/v2.1/servers/6dd54a20-72b1-4704-91bb-ef10a0a2db8c 0.181s
2025-02-12 19:40:29.068 62714 INFO tempest.lib.common.rest_client [req-e0004a6c-1793-4555-b46b-450ab17e9294 req-e0004a6c-1793-4555-b46b-450ab17e9294 ] Request (VolumesAdminNegativeTest:test_update_attached_volume_with_nonexistent_volume_in_uri): 200 GET http://10.180.1.21/compute/v2.1/servers/8ac71684-9546-48d7-ad0b-195e04f75eb1 0.202s
2025-02-12 19:40:29.083 62698 INFO tempest.lib.common.rest_client [req-1734a148-3eb3-4fc7-9883-a668e1c3f2d3 req-1734a148-3eb3-4fc7-9883-a668e1c3f2d3 ] Request (ServerRescueNegativeTestJSON:test_rescued_vm_detach_volume): 200 GET http://10.180.1.21/compute/v2.1/servers/e5cb70a0-b975-42f4-a7e9-d94451db1391 0.194s
2025-02-12 19:40:29.107 62692 INFO tempest.lib.common.rest_client [req-03179393-68da-4230-a6b1-59de92997c8e req-03179393-68da-4230-a6b1-59de92997c8e ] Request (AttachInterfacesV270Test:tearDownClass): 404 GET http://10.180.1.21/compute/v2.1/servers/73b7df84-b690-4c23-8447-f42ba4f125f9 0.172s
2025-02-12 19:40:29.162 62744 INFO tempest.lib.common.rest_client [req-d8f38bb7-8b09-46c4-bb02-0f54dc1d1e2e req-d8f38bb7-8b09-46c4-bb02-0f54dc1d1e2e ] Request (MultipleCreateTestJSON:test_multiple_create): 200 GET http://10.180.1.21/compute/v2.1/servers/edb5b881-6836-49cd-88c3-4dc5892cb855 0.199s
2025-02-12 19:40:29.177 62718 INFO tempest.lib.common.rest_client [req-c43fdf50-52b6-488a-bd16-13c01bd1b245 req-c43fdf50-52b6-488a-bd16-13c01bd1b245 ] Request (ServerActionsTestOtherB:test_create_backup): 200 GET http://10.180.1.21/image/v2/images/9b458c26-2097-4add-8c6d-198b0427548b 0.048s
2025-02-12 19:40:29.203 62736 INFO tempest.lib.common.rest_client [req-7bd80e75-2eb6-4f8b-8a69-c4f4eb669f50 req-7bd80e75-2eb6-4f8b-8a69-c4f4eb669f50 ] Request (ServersAaction247Test:tearDownClass): 200 GET http://10.180.1.21/compute/v2.1/servers/2a62103a-6e07-4750-a992-3787b0622e11 0.217s
2025-02-12 19:40:29.223 62694 INFO tempest.lib.common.rest_client [req-97e26b43-3d3e-4e97-ba78-79bcd40bb91c req-97e26b43-3d3e-4e97-ba78-79bcd40bb91c ] Request (SecurityGroupsTestJSON:test_server_security_groups): 200 GET http://10.180.1.21/compute/v2.1/servers/37190642-6f6c-4837-8080-a4d472e9bca0 0.205s
2025-02-12 19:40:29.287 62684 INFO tempest.lib.common.rest_client [req-6775fb58-2341-49cc-acbf-aabc4842fad0 req-6775fb58-2341-49cc-acbf-aabc4842fad0 ] Request (ServersNegativeTestJSON:setUpClass): 200 GET http://10.180.1.21/compute/v2.1/servers/7f8a52a3-3ff7-442f-9006-8f0711b0d045 0.257s
2025-02-12 19:40:29.311 62720 INFO tempest.lib.common.rest_client [req-037f1745-5863-445c-8460-93d016ef8688 req-037f1745-5863-445c-8460-93d016ef8688 ] Request (ImagesOneServerNegativeTestJSON:_run_cleanups): 200 GET http://10.180.1.21/compute/v2.1/servers/bc34c2d9-69e1-4d65-8d0f-efdfd2b73814 0.185s
2025-02-12 19:40:29.402 62722 INFO tempest.lib.common.rest_client [req-22325da6-8795-495b-b039-1238433f4579 req-22325da6-8795-495b-b039-1238433f4579 ] Request (ServersAdmin275Test:tearDownClass): 200 GET http://10.180.1.21/compute/v2.1/servers/0b810725-d832-4760-b60b-ec2c6ace3050 0.162s
2025-02-12 19:40:29.438 62732 INFO tempest.lib.common.rest_client [req-b58ab6ce-7452-4ea1-bdcc-377420882bcd req-b58ab6ce-7452-4ea1-bdcc-377420882bcd ] Request (FloatingIPsAssociationTestJSON:tearDownClass): 404 GET http://10.180.1.21/compute/v2.1/servers/ac869905-5c82-404e-8347-a34270150d89 0.128s
2025-02-12 19:40:29.515 62700 INFO tempest.lib.common.rest_client [req-c8f1e4aa-38c7-4ea9-8743-40afdfc1cd14 req-c8f1e4aa-38c7-4ea9-8743-40afdfc1cd14 ] Request (ServerRescueTestJSON:setUpClass): 200 GET http://10.180.1.21/compute/v2.1/servers/7ea8e176-5744-4efd-85c3-f2a4511ffd4a 0.252s
2025-02-12 19:40:29.540 62682 INFO tempest.lib.common.rest_client [req-c93c2d44-b0d0-4876-a1e7-aa31c657a92e req-c93c2d44-b0d0-4876-a1e7-aa31c657a92e ] Request (ImagesTestJSON:test_create_image_from_suspended_server): 200 GET http://10.180.1.21/compute/v2.1/servers/f8a27fd4-5e78-446f-8784-d73da9815f59 0.118s
2025-02-12 19:40:29.610 62712 INFO tempest.lib.common.rest_client [req-8830ee18-c5fc-4973-9c62-de88737427d6 req-8830ee18-c5fc-4973-9c62-de88737427d6 ] Request (ServerRescueTestJSONUnderV235:setUpClass): 200 GET http://10.180.1.21/compute/v2.1/servers/77921f9a-d424-4bb8-876d-9325ef329e6c 0.101s
2025-02-12 19:40:29.617 62712 INFO tempest.common.waiters [-] State transition "BUILD/networking" ==> "BUILD/block_device_mapping" after 58 second wait
2025-02-12 19:40:29.647 62738 INFO tempest.lib.common.rest_client [req-2070f4dc-1683-4d56-8bfe-0a60d09b93da req-2070f4dc-1683-4d56-8bfe-0a60d09b93da ] Request (ServersAdminTestJSON:test_inject_network_info): 200 GET http://10.180.1.21/compute/v2.1/servers/70cf9c0f-457f-4a50-b07a-4f6939d9d7e6 0.090s
2025-02-12 19:40:29.805 62702 INFO tempest.lib.common.rest_client [req-22ff0bec-44a0-4891-94bd-b751c4cbf789 req-22ff0bec-44a0-4891-94bd-b751c4cbf789 ] Request (VolumesAssistedSnapshotsTest:test_volume_assisted_snapshot_create_delete): 200 GET http://10.180.1.21/volume/v3/volumes/54691010-457d-42e2-80fb-123770286820 0.066s
2025-02-12 19:40:29.818 62702 INFO tempest.common.waiters [-] Attachment b984e17d-135d-4270-b726-cd52171dfc2e created for volume 54691010-457d-42e2-80fb-123770286820 to server 1ff62a80-6e78-465f-b9c8-3a2107ebcf8e after waiting for 7.818184 seconds
2025-02-12 19:40:29.847 62702 INFO tempest.lib.common.rest_client [req-e8ffdf54-a2ae-4771-a44b-aab32bc19208 req-e8ffdf54-a2ae-4771-a44b-aab32bc19208 ] Request (VolumesAssistedSnapshotsTest:test_volume_assisted_snapshot_create_delete): 200 GET http://10.180.1.21/volume/v3/volumes/54691010-457d-42e2-80fb-123770286820 0.028s
2025-02-12 19:40:29.853 62702 INFO tempest.common.waiters [-] volume 54691010-457d-42e2-80fb-123770286820 reached in-use after waiting for 0.853828 seconds
2025-02-12 19:40:30.034 62728 INFO tempest.lib.common.rest_client [req-e3177fbe-174e-4c04-91d0-d19a628480a4 req-e3177fbe-174e-4c04-91d0-d19a628480a4 ] Request (ServerAddressesTestJSON:setUpClass): 200 GET http://10.180.1.21/compute/v2.1/servers/8e82b9f3-02b0-401c-bbad-1158770da84b 0.096s
2025-02-12 19:40:30.069 62702 INFO tempest.lib.common.rest_client [req-7b39a1e9-fee6-413a-981e-8bb101f5fb93 req-7b39a1e9-fee6-413a-981e-8bb101f5fb93 ] Request (VolumesAssistedSnapshotsTest:test_volume_assisted_snapshot_create_delete): 200 POST http://10.180.1.21/compute/v2.1/os-assisted-volume-snapshots 0.215s
2025-02-12 19:40:30.150 62716 INFO tempest.lib.common.rest_client [req-32375b9e-95a1-4f2a-aebf-fc7ede8ac02f req-32375b9e-95a1-4f2a-aebf-fc7ede8ac02f ] Request (ListImageFiltersTestJSON:setUpClass): 200 GET http://10.180.1.21/compute/v2.1/servers/a2e401f8-0237-45cb-88f2-06058dfc079e 0.130s
2025-02-12 19:40:30.204 62718 INFO tempest.lib.common.rest_client [req-a54af19e-e64b-48bc-b44a-40fb7353625b req-a54af19e-e64b-48bc-b44a-40fb7353625b ] Request (ServerActionsTestOtherB:test_create_backup): 200 GET http://10.180.1.21/image/v2/images/9b458c26-2097-4add-8c6d-198b0427548b 0.027s
2025-02-12 19:40:30.254 62688 INFO tempest.lib.common.rest_client [req-05073ea0-5a05-4fe5-babb-297157a4f94d req-05073ea0-5a05-4fe5-babb-297157a4f94d ] Request (MigrationsAdminTest:test_list_migrations_in_flavor_resize_situation): 200 GET http://10.180.1.21/compute/v2.1/servers/d31cec87-f24e-40d0-aa22-462f2eb62ea2 0.302s
2025-02-12 19:40:30.255 62704 INFO tempest.lib.common.rest_client [req-6a298ec5-c383-4ec2-9443-2ec1d7097d4a req-6a298ec5-c383-4ec2-9443-2ec1d7097d4a ] Request (ServersAdminNegativeTestJSON:tearDownClass): 200 GET http://10.180.1.21/compute/v2.1/servers/6dd54a20-72b1-4704-91bb-ef10a0a2db8c 0.230s
2025-02-12 19:40:30.294 62702 INFO tempest.lib.common.rest_client [req-3c08a5b8-6035-4d19-aa0c-ca5dd3624eae req-3c08a5b8-6035-4d19-aa0c-ca5dd3624eae ] Request (VolumesAssistedSnapshotsTest:test_volume_assisted_snapshot_create_delete): 204 DELETE http://10.180.1.21/compute/v2.1/os-assisted-volume-snapshots/None?delete_info=%7B%22volume_id%22%3A+%2254691010-457d-42e2-80fb-123770286820%22%7D 0.224s
2025-02-12 19:40:30.345 62702 INFO tempest.lib.common.rest_client [req-7b6fe6aa-d246-40a7-b038-587af9ab49cb req-7b6fe6aa-d246-40a7-b038-587af9ab49cb ] Request (VolumesAssistedSnapshotsTest:_run_cleanups): 200 GET http://10.180.1.21/volume/v3/volumes/54691010-457d-42e2-80fb-123770286820 0.051s
2025-02-12 19:40:30.400 62714 INFO tempest.lib.common.rest_client [req-12555d2f-7f75-4496-ad1d-0fd160118de1 req-12555d2f-7f75-4496-ad1d-0fd160118de1 ] Request (VolumesAdminNegativeTest:test_update_attached_volume_with_nonexistent_volume_in_uri): 200 GET http://10.180.1.21/compute/v2.1/servers/8ac71684-9546-48d7-ad0b-195e04f75eb1 0.323s
2025-02-12 19:40:30.404 62698 INFO tempest.lib.common.rest_client [req-9e4dffa0-ca18-4da4-9c4e-13e0b99763d9 req-9e4dffa0-ca18-4da4-9c4e-13e0b99763d9 ] Request (ServerRescueNegativeTestJSON:test_rescued_vm_detach_volume): 200 GET http://10.180.1.21/compute/v2.1/servers/e5cb70a0-b975-42f4-a7e9-d94451db1391 0.312s
2025-02-12 19:40:30.499 62744 INFO tempest.lib.common.rest_client [req-598cc261-377c-4382-850b-b207d39708d5 req-598cc261-377c-4382-850b-b207d39708d5 ] Request (MultipleCreateTestJSON:test_multiple_create): 200 GET http://10.180.1.21/compute/v2.1/servers/edb5b881-6836-49cd-88c3-4dc5892cb855 0.325s
2025-02-12 19:40:30.530 62736 INFO tempest.lib.common.rest_client [req-ac0f3007-b7a4-4408-b400-171283631b68 req-ac0f3007-b7a4-4408-b400-171283631b68 ] Request (ServersAaction247Test:tearDownClass): 200 GET http://10.180.1.21/compute/v2.1/servers/2a62103a-6e07-4750-a992-3787b0622e11 0.301s
2025-02-12 19:40:30.539 62736 INFO tempest.common.waiters [-] State transition "ACTIVE/deleting" ==> "DELETED/None" after 5 second wait
2025-02-12 19:40:30.565 62694 INFO tempest.lib.common.rest_client [req-b98cb529-c5b5-419a-b083-07a7fa9f6d37 req-b98cb529-c5b5-419a-b083-07a7fa9f6d37 ] Request (SecurityGroupsTestJSON:test_server_security_groups): 200 GET http://10.180.1.21/compute/v2.1/servers/37190642-6f6c-4837-8080-a4d472e9bca0 0.333s
2025-02-12 19:40:30.605 62684 INFO tempest.lib.common.rest_client [req-8ac4b82d-b335-40d5-815c-8dba9451d5f9 req-8ac4b82d-b335-40d5-815c-8dba9451d5f9 ] Request (ServersNegativeTestJSON:setUpClass): 200 GET http://10.180.1.21/compute/v2.1/servers/7f8a52a3-3ff7-442f-9006-8f0711b0d045 0.308s
2025-02-12 19:40:30.653 62720 INFO tempest.lib.common.rest_client [req-283c4ff1-6123-44c1-8626-c7e7d549d1a9 req-283c4ff1-6123-44c1-8626-c7e7d549d1a9 ] Request (ImagesOneServerNegativeTestJSON:_run_cleanups): 200 GET http://10.180.1.21/compute/v2.1/servers/bc34c2d9-69e1-4d65-8d0f-efdfd2b73814 0.330s
2025-02-12 19:40:30.763 62722 INFO tempest.lib.common.rest_client [req-f8d72073-32bd-414e-beb2-d5fbce4ce6e1 req-f8d72073-32bd-414e-beb2-d5fbce4ce6e1 ] Request (ServersAdmin275Test:tearDownClass): 200 GET http://10.180.1.21/compute/v2.1/servers/0b810725-d832-4760-b60b-ec2c6ace3050 0.347s
