2025-02-12 19:39:17.709 62736 INFO tempest.lib.common.rest_client [req-2786dac6-5db3-45b5-b466-150e36afd42a req-2786dac6-5db3-45b5-b466-150e36afd42a ] Request (ImagesDeleteNegativeTestJSON:tearDownClass): 200 GET http://10.180.1.21:9696/networking/v2.0/security-groups?tenant_id=20fb64ae1c42426aa4fd3eadffa99634&name=default 0.145s
2025-02-12 19:39:17.808 62736 INFO tempest.lib.common.rest_client [req-92569352-7477-4ad9-8168-8521c77f53a6 req-92569352-7477-4ad9-8168-8521c77f53a6 ] Request (ImagesDeleteNegativeTestJSON:tearDownClass): 204 DELETE http://10.180.1.21:9696/networking/v2.0/security-groups/1904aeb1-eb45-47a5-a5cf-40eb47938414 0.099s
2025-02-12 19:39:17.829 62702 WARNING tempest.lib.common.ssh [-] Failed to establish authenticated ssh connection to cirros@10.180.180.166 ([Errno None] Unable to connect to port 22 on 10.180.180.166). Number attempts: 5. Retry after 6 seconds.: paramiko.ssh_exception.NoValidConnectionsError: [Errno None] Unable to connect to port 22 on 10.180.180.166
2025-02-12 19:39:17.839 62694 INFO tempest.lib.common.rest_client [req-3859b3b5-4e71-4c6b-8764-7c3b453bb312 req-3859b3b5-4e71-4c6b-8764-7c3b453bb312 ] Request (SecurityGroupsTestJSON:test_list_security_groups_by_server): 200 GET http://10.180.1.21/compute/v2.1/servers/724107ad-1ffc-4bbb-9004-41b95330b0fd 0.839s
2025-02-12 19:39:17.879 62724 INFO tempest.lib.common.rest_client [req-e6dc7dad-e7d3-40a3-af28-632f13201dcf req-e6dc7dad-e7d3-40a3-af28-632f13201dcf ] Request (ServerDiagnosticsV248Test:tearDownClass): 200 GET http://10.180.1.21:9696/networking/v2.0/security-groups?tenant_id=264126bd6a624cd0b796cab7d07e178a&name=default 0.346s
2025-02-12 19:39:17.889 62736 INFO tempest.lib.common.rest_client [req-f427c701-10ae-4a8b-8d4a-cc66e8eff015 req-f427c701-10ae-4a8b-8d4a-cc66e8eff015 ] Request (ImagesDeleteNegativeTestJSON:tearDownClass): 204 DELETE http://10.180.1.21/identity/v3/projects/20fb64ae1c42426aa4fd3eadffa99634 0.081s
2025-02-12 19:39:17.917 62728 INFO tempest.lib.common.rest_client [req-baa0855b-9f38-421c-90f0-4fa835f50d8b req-baa0855b-9f38-421c-90f0-4fa835f50d8b ] Request (DeleteServersAdminTestJSON:test_delete_server_while_in_error_state): 200 GET http://10.180.1.21/compute/v2.1/servers/fe6b62e5-bb01-4e3d-a99e-bdbc026174ec 0.711s
2025-02-12 19:39:17.965 62724 INFO tempest.lib.common.rest_client [req-ce8eb459-c037-41a7-97de-b071b9acaa09 req-ce8eb459-c037-41a7-97de-b071b9acaa09 ] Request (ServerDiagnosticsV248Test:tearDownClass): 204 DELETE http://10.180.1.21:9696/networking/v2.0/security-groups/7a0a004a-0ae3-4e28-9af0-caa94711313c 0.086s
2025-02-12 19:39:17.971 62736 INFO tempest.lib.common.rest_client [req-e873ab1e-60b2-4c26-bbcf-09801245c368 req-e873ab1e-60b2-4c26-bbcf-09801245c368 ] Request (ServersAaction247Test:setUpClass): 201 POST http://10.180.1.21/identity/v3/auth/tokens 0.079s
2025-02-12 19:39:17.990 62698 INFO tempest.lib.common.rest_client [req-693dfd74-a905-4705-99e2-2f79ae3001f3 req-693dfd74-a905-4705-99e2-2f79ae3001f3 ] Request (ServerRescueNegativeTestJSON:setUpClass): 200 GET http://10.180.1.21/compute/v2.1/servers/2932b01a-b89d-4a34-8df8-fd8e2c165b8e 0.714s
2025-02-12 19:39:18.006 62736 INFO tempest.lib.common.rest_client [req-3374d1a7-ed37-4362-b6ec-7726bd638ff6 req-3374d1a7-ed37-4362-b6ec-7726bd638ff6 ] Request (ServersAaction247Test:setUpClass): 201 POST http://10.180.1.21/identity/v3/auth/tokens 0.033s
2025-02-12 19:39:18.041 62736 INFO tempest.lib.common.rest_client [req-9738ceb5-d6c5-4042-83d4-ce7f60ac0171 req-9738ceb5-d6c5-4042-83d4-ce7f60ac0171 ] Request (ServersAaction247Test:setUpClass): 200 GET http://10.180.1.21/identity/v3/domains?name=Default 0.035s
2025-02-12 19:39:18.057 62724 INFO tempest.lib.common.rest_client [req-667bea2f-26a9-4244-a8c2-30fe8fca39fd req-667bea2f-26a9-4244-a8c2-30fe8fca39fd ] Request (ServerDiagnosticsV248Test:tearDownClass): 204 DELETE http://10.180.1.21/identity/v3/projects/264126bd6a624cd0b796cab7d07e178a 0.091s
2025-02-12 19:39:18.057 62724 INFO tempest.lib.common.dynamic_creds [-] Deleting project and security group for project: 6762e300089a484aaf46b16b9d59e27f
2025-02-12 19:39:18.102 62736 INFO tempest.lib.common.rest_client [req-29f9a1b8-5f1f-443d-8428-fa3ce83ffd65 req-29f9a1b8-5f1f-443d-8428-fa3ce83ffd65 ] Request (ServersAaction247Test:setUpClass): 201 POST http://10.180.1.21/identity/v3/projects 0.060s
2025-02-12 19:39:18.191 62736 INFO tempest.lib.common.rest_client [req-474d62f5-f5e9-4585-b465-765de2f22417 req-474d62f5-f5e9-4585-b465-765de2f22417 ] Request (ServersAaction247Test:setUpClass): 201 POST http://10.180.1.21/identity/v3/users 0.088s
2025-02-12 19:39:18.216 62736 INFO tempest.lib.common.rest_client [req-cdcc424a-8c55-4565-8fab-0ee70940cf99 req-cdcc424a-8c55-4565-8fab-0ee70940cf99 ] Request (ServersAaction247Test:setUpClass): 200 GET http://10.180.1.21/identity/v3/roles 0.025s
2025-02-12 19:39:18.249 62724 INFO tempest.lib.common.rest_client [req-960db50b-a720-4676-b98c-04f71d8c2dda req-960db50b-a720-4676-b98c-04f71d8c2dda ] Request (ServerDiagnosticsV248Test:tearDownClass): 200 GET http://10.180.1.21:9696/networking/v2.0/security-groups?tenant_id=6762e300089a484aaf46b16b9d59e27f&name=default 0.191s
2025-02-12 19:39:18.251 62700 INFO tempest.lib.common.rest_client [req-0f425e5b-e69d-448e-84cb-48894d6d086b req-0f425e5b-e69d-448e-84cb-48894d6d086b ] Request (ImagesMetadataTestJSON:test_set_image_metadata_item): 200 PUT http://10.180.1.21/compute/v2.1/images/4756b003-21ab-4d5d-9467-dc9e85b3599b/metadata/os_version 0.941s
2025-02-12 19:39:18.267 62736 INFO tempest.lib.common.rest_client [req-b2a044c7-58e9-4984-bc5e-828ae2445c35 req-b2a044c7-58e9-4984-bc5e-828ae2445c35 ] Request (ServersAaction247Test:setUpClass): 204 PUT http://10.180.1.21/identity/v3/projects/61e2ec8fd280450c93509ec9ebeafe78/users/f1609a9405664fcfa9e8357e61577496/roles/816911377d77432aabced94a816472cc 0.050s
2025-02-12 19:39:18.267 62736 INFO tempest.lib.common.dynamic_creds [-] Dynamic test user f1609a9405664fcfa9e8357e61577496 is created with scope project and roles: ['member']
2025-02-12 19:39:18.268 62736 INFO tempest.lib.common.dynamic_creds [-] Acquired dynamic creds: credentials: Credentials: {'domain_id': 'default', 'domain_name': 'Default', 'username': 'tempest-ServersAaction247Test-1594182954-project-member', 'project_domain_id': 'default', 'project_domain_name': 'Default', 'project_id': '61e2ec8fd280450c93509ec9ebeafe78', 'project_name': 'tempest-ServersAaction247Test-1594182954', 'tenant_id': '61e2ec8fd280450c93509ec9ebeafe78', 'tenant_name': 'tempest-ServersAaction247Test-1594182954', 'user_domain_id': 'default', 'user_domain_name': 'Default', 'user_id': 'f1609a9405664fcfa9e8357e61577496', 'system': None}, Network: None, Subnet: None, Router: None
2025-02-12 19:39:18.268 62736 INFO tempest.lib.common.dynamic_creds [-] Created isolated network resources for: credentials: Credentials: {'domain_id': 'default', 'domain_name': 'Default', 'username': 'tempest-ServersAaction247Test-1594182954-project-member', 'project_domain_id': 'default', 'project_domain_name': 'Default', 'project_id': '61e2ec8fd280450c93509ec9ebeafe78', 'project_name': 'tempest-ServersAaction247Test-1594182954', 'tenant_id': '61e2ec8fd280450c93509ec9ebeafe78', 'tenant_name': 'tempest-ServersAaction247Test-1594182954', 'user_domain_id': 'default', 'user_domain_name': 'Default', 'user_id': 'f1609a9405664fcfa9e8357e61577496', 'system': None}, Network: None, Subnet: None, Router: None
2025-02-12 19:39:18.359 62736 INFO tempest.lib.common.rest_client [req-cdb18c9c-5586-41d6-8d9e-d244f32b3812 req-cdb18c9c-5586-41d6-8d9e-d244f32b3812 ] Request (ServersAaction247Test:setUpClass): 201 POST http://10.180.1.21/identity/v3/auth/tokens 0.088s
2025-02-12 19:39:18.368 62708 INFO tempest.lib.common.rest_client [req-d205ddc1-cf9c-41df-9b63-045f6c19f2e2 req-d205ddc1-cf9c-41df-9b63-045f6c19f2e2 ] Request (ServerMetadataNegativeTestJSON:test_metadata_items_limit): 200 GET http://10.180.1.21/compute/v2.1/os-quota-sets/253c25be63b343efa0499f0619d3f7ed 0.855s
2025-02-12 19:39:18.392 62736 INFO tempest.lib.common.rest_client [req-cd60b2f1-9496-404a-ae82-fd54744ee3e4 req-cd60b2f1-9496-404a-ae82-fd54744ee3e4 ] Request (ServersAaction247Test:test_create_backup): 201 POST http://10.180.1.21/identity/v3/auth/tokens 0.027s
2025-02-12 19:39:18.393 62736 INFO tempest.lib.common.fixed_network [-] (ServersAaction247Test:test_create_backup) Found network None available for tenant
2025-02-12 19:39:18.494 62724 INFO tempest.lib.common.rest_client [req-a9e51b01-6691-4a7e-bf1f-ea362579d066 req-a9e51b01-6691-4a7e-bf1f-ea362579d066 ] Request (ServerDiagnosticsV248Test:tearDownClass): 204 DELETE http://10.180.1.21:9696/networking/v2.0/security-groups/493b096d-34dc-421c-9a06-a2aa32129c7a 0.244s
2025-02-12 19:39:18.578 62724 INFO tempest.lib.common.rest_client [req-b601c307-2d43-41ab-9d37-18e98ac0adc1 req-b601c307-2d43-41ab-9d37-18e98ac0adc1 ] Request (ServerDiagnosticsV248Test:tearDownClass): 204 DELETE http://10.180.1.21/identity/v3/projects/6762e300089a484aaf46b16b9d59e27f 0.083s
2025-02-12 19:39:18.578 62724 INFO tempest.test [-] raised in ServerStableDeviceRescueTest.setUpClass. Invoking tearDownClass.
2025-02-12 19:39:18.648 62724 INFO tempest.lib.common.rest_client [req-f21e362b-c8fc-4aeb-b15c-b1104364d522 req-f21e362b-c8fc-4aeb-b15c-b1104364d522 ] Request (ComputeTenantNetworksTest:setUpClass): 201 POST http://10.180.1.21/identity/v3/auth/tokens 0.065s
2025-02-12 19:39:18.674 62724 INFO tempest.lib.common.rest_client [req-e035792d-b68c-4e99-a93e-cef219ab5a53 req-e035792d-b68c-4e99-a93e-cef219ab5a53 ] Request (ComputeTenantNetworksTest:setUpClass): 201 POST http://10.180.1.21/identity/v3/auth/tokens 0.024s
2025-02-12 19:39:18.699 62724 INFO tempest.lib.common.rest_client [req-9fcef2ca-76ab-4829-842b-d4bc4d9be199 req-9fcef2ca-76ab-4829-842b-d4bc4d9be199 ] Request (ComputeTenantNetworksTest:setUpClass): 200 GET http://10.180.1.21/identity/v3/domains?name=Default 0.024s
2025-02-12 19:39:18.729 62724 INFO tempest.lib.common.rest_client [req-3e8f8af3-af7f-4a6e-bbf1-6363ae8b5b5c req-3e8f8af3-af7f-4a6e-bbf1-6363ae8b5b5c ] Request (ComputeTenantNetworksTest:setUpClass): 201 POST http://10.180.1.21/identity/v3/projects 0.029s
2025-02-12 19:39:18.750 62696 INFO tempest.lib.common.rest_client [req-5d815ce3-b60a-47e2-842b-87cdc1f28937 req-5d815ce3-b60a-47e2-842b-87cdc1f28937 ] Request (FloatingIPDetailsTestJSON:setUpClass): 200 POST http://10.180.1.21/compute/v2.1/os-floating-ips 1.559s
2025-02-12 19:39:18.789 62724 INFO tempest.lib.common.rest_client [req-15dd717a-d7ab-46ef-8994-99ac200117c1 req-15dd717a-d7ab-46ef-8994-99ac200117c1 ] Request (ComputeTenantNetworksTest:setUpClass): 201 POST http://10.180.1.21/identity/v3/users 0.060s
2025-02-12 19:39:18.790 62690 WARNING tempest.lib.common.ssh [-] Failed to establish authenticated ssh connection to cirros@10.180.180.251 ([Errno None] Unable to connect to port 22 on 10.180.180.251). Number attempts: 1. Retry after 2 seconds.: paramiko.ssh_exception.NoValidConnectionsError: [Errno None] Unable to connect to port 22 on 10.180.180.251
2025-02-12 19:39:18.809 62724 INFO tempest.lib.common.rest_client [req-90a56803-f82c-4105-93a5-81cf94d66eac req-90a56803-f82c-4105-93a5-81cf94d66eac ] Request (ComputeTenantNetworksTest:setUpClass): 200 GET http://10.180.1.21/identity/v3/roles 0.019s
2025-02-12 19:39:18.813 62738 INFO tempest.lib.common.rest_client [req-9aaa15e8-fe4f-402e-90f8-50ef8831d5f5 req-9aaa15e8-fe4f-402e-90f8-50ef8831d5f5 ] Request (ServersAdminTestJSON:test_create_server_with_scheduling_hint): 200 GET http://10.180.1.21/compute/v2.1/servers/c795eecf-f6ac-4afa-b944-67ec3f8fdb7d 1.069s
2025-02-12 19:39:18.838 62724 INFO tempest.lib.common.rest_client [req-e925cdcd-5bc2-4d40-b238-14ee9f10defd req-e925cdcd-5bc2-4d40-b238-14ee9f10defd ] Request (ComputeTenantNetworksTest:setUpClass): 204 PUT http://10.180.1.21/identity/v3/projects/598c87fe5a6649b5aec4258d5a39b551/users/06a5d88b755d4af7b5972c4870c54b3d/roles/816911377d77432aabced94a816472cc 0.029s
2025-02-12 19:39:18.839 62724 INFO tempest.lib.common.dynamic_creds [-] Dynamic test user 06a5d88b755d4af7b5972c4870c54b3d is created with scope project and roles: ['member']
2025-02-12 19:39:18.839 62724 INFO tempest.lib.common.dynamic_creds [-] Acquired dynamic creds: credentials: Credentials: {'domain_id': 'default', 'domain_name': 'Default', 'username': 'tempest-ComputeTenantNetworksTest-1140679717-project-member', 'project_domain_id': 'default', 'project_domain_name': 'Default', 'project_id': '598c87fe5a6649b5aec4258d5a39b551', 'project_name': 'tempest-ComputeTenantNetworksTest-1140679717', 'tenant_id': '598c87fe5a6649b5aec4258d5a39b551', 'tenant_name': 'tempest-ComputeTenantNetworksTest-1140679717', 'user_domain_id': 'default', 'user_domain_name': 'Default', 'user_id': '06a5d88b755d4af7b5972c4870c54b3d', 'system': None}, Network: None, Subnet: None, Router: None
2025-02-12 19:39:18.865 62716 INFO tempest.lib.common.rest_client [req-695d9de7-95b3-4f2b-8827-c76e61ae3b04 req-695d9de7-95b3-4f2b-8827-c76e61ae3b04 ] Request (ImagesNegativeTestJSON:test_create_image_from_deleted_server): 200 GET http://10.180.1.21/compute/v2.1/servers/6c9141a2-8ff3-48ff-a73e-49a5f538b7c0 1.060s
2025-02-12 19:39:18.901 62724 INFO tempest.lib.common.rest_client [req-acdab9cf-c4e2-4279-ac2b-21d7306ff02a req-acdab9cf-c4e2-4279-ac2b-21d7306ff02a ] Request (ComputeTenantNetworksTest:setUpClass): 201 POST http://10.180.1.21/identity/v3/auth/tokens 0.062s
2025-02-12 19:39:18.923 62744 INFO tempest.lib.common.rest_client [req-74bd7675-66fa-4fbd-b68d-90c5e04095d9 req-74bd7675-66fa-4fbd-b68d-90c5e04095d9 ] Request (ListServersNegativeTestJSON:tearDownClass): 200 GET http://10.180.1.21/compute/v2.1/servers/b4f18c46-ac56-4253-add1-6586dd207c92 1.048s
2025-02-12 19:39:19.053 62704 INFO tempest.lib.common.rest_client [req-c43bd9e4-fb4a-4bf4-9b95-2ccae052429a req-c43bd9e4-fb4a-4bf4-9b95-2ccae052429a ] Request (ServersAdminNegativeTestJSON:test_migrate_server_invalid_state): 200 GET http://10.180.1.21/compute/v2.1/servers/335bf211-7b01-4e6a-88b1-9400a29bc3ac 1.058s
2025-02-12 19:39:19.120 62720 INFO tempest.lib.common.rest_client [req-47a6298f-6bf1-45a8-8448-7d4a323c8381 req-47a6298f-6bf1-45a8-8448-7d4a323c8381 ] Request (ImagesOneServerNegativeTestJSON:setUpClass): 200 GET http://10.180.1.21/compute/v2.1/servers/bc34c2d9-69e1-4d65-8d0f-efdfd2b73814 1.080s
2025-02-12 19:39:19.122 62724 INFO tempest.lib.common.rest_client [req-2195767e-971c-4196-a71b-2051d361b264 req-2195767e-971c-4196-a71b-2051d361b264 ] Request (ComputeTenantNetworksTest:setUpClass): 201 POST http://10.180.1.21:9696/networking/v2.0/networks 0.220s
2025-02-12 19:39:19.122 62724 INFO tempest.lib.common.dynamic_creds [-] Created isolated network resources for: credentials: Credentials: {'domain_id': 'default', 'domain_name': 'Default', 'username': 'tempest-ComputeTenantNetworksTest-1140679717-project-member', 'project_domain_id': 'default', 'project_domain_name': 'Default', 'project_id': '598c87fe5a6649b5aec4258d5a39b551', 'project_name': 'tempest-ComputeTenantNetworksTest-1140679717', 'tenant_id': '598c87fe5a6649b5aec4258d5a39b551', 'tenant_name': 'tempest-ComputeTenantNetworksTest-1140679717', 'user_domain_id': 'default', 'user_domain_name': 'Default', 'user_id': '06a5d88b755d4af7b5972c4870c54b3d', 'system': None}, Network: {'id': '0a7a3045-0b88-4778-b6f4-0c66de258c62', 'name': 'tempest-ComputeTenantNetworksTest-1918846161-network', 'tenant_id': '598c87fe5a6649b5aec4258d5a39b551', 'admin_state_up': True, 'mtu': 8950, 'status': 'ACTIVE', 'subnets': [], 'shared': False, 'project_id': '598c87fe5a6649b5aec4258d5a39b551', 'port_security_enabled': True, 'router:external': False, 'provider:network_type': 'vlan', 'provider:physical_network': 'default', 'provider:segmentation_id': 140, 'availability_zone_hints': [], 'availability_zones': [], 'ipv4_address_scope': None, 'ipv6_address_scope': None, 'description': '', 'tags': [], 'created_at': '2025-02-12T19:39:19Z', 'updated_at': '2025-02-12T19:39:19Z', 'revision_number': 1}, Subnet: None, Router: None
2025-02-12 19:39:19.162 62700 INFO tempest.lib.common.rest_client [req-c47dd976-f40d-490d-98d3-89be848bb220 req-c47dd976-f40d-490d-98d3-89be848bb220 ] Request (ImagesMetadataTestJSON:test_set_image_metadata_item): 200 GET http://10.180.1.21/compute/v2.1/images/4756b003-21ab-4d5d-9467-dc9e85b3599b/metadata 0.910s
2025-02-12 19:39:19.220 62724 INFO tempest.lib.common.rest_client [req-7621ea23-4b66-4d11-a899-4802bd988681 req-7621ea23-4b66-4d11-a899-4802bd988681 ] Request (ComputeTenantNetworksTest:setUpClass): 201 POST http://10.180.1.21/identity/v3/auth/tokens 0.095s
2025-02-12 19:39:19.251 62712 INFO tempest.lib.common.rest_client [req-87c65d94-39d2-4e7f-a071-4ba2e19a098b req-87c65d94-39d2-4e7f-a071-4ba2e19a098b ] Request (InstanceActionsV221TestJSON:test_get_list_deleted_instance_actions): 200 GET http://10.180.1.21/compute/v2.1/servers/47590f9c-00c0-4c63-99e0-196d2bf80f25 0.937s
2025-02-12 19:39:19.255 62724 INFO tempest.lib.common.rest_client [req-3a737262-68c6-47fc-a904-2dcc43cd9805 req-3a737262-68c6-47fc-a904-2dcc43cd9805 ] Request (ComputeTenantNetworksTest:setUpClass): 201 POST http://10.180.1.21/identity/v3/auth/tokens 0.032s
2025-02-12 19:39:19.256 62724 INFO tempest.lib.common.fixed_network [-] (ComputeTenantNetworksTest:setUpClass) Found network {'id': '0a7a3045-0b88-4778-b6f4-0c66de258c62', 'name': 'tempest-ComputeTenantNetworksTest-1918846161-network', 'tenant_id': '598c87fe5a6649b5aec4258d5a39b551', 'admin_state_up': True, 'mtu': 8950, 'status': 'ACTIVE', 'subnets': [], 'shared': False, 'project_id': '598c87fe5a6649b5aec4258d5a39b551', 'port_security_enabled': True, 'router:external': False, 'provider:network_type': 'vlan', 'provider:physical_network': 'default', 'provider:segmentation_id': 140, 'availability_zone_hints': [], 'availability_zones': [], 'ipv4_address_scope': None, 'ipv6_address_scope': None, 'description': '', 'tags': [], 'created_at': '2025-02-12T19:39:19Z', 'updated_at': '2025-02-12T19:39:19Z', 'revision_number': 1} available for tenant
2025-02-12 19:39:19.299 62708 INFO tempest.lib.common.rest_client [req-f3896f3a-39d6-4b25-944c-fbee6812b583 req-f3896f3a-39d6-4b25-944c-fbee6812b583 ] Request (ServerMetadataNegativeTestJSON:test_metadata_items_limit): 403 PUT http://10.180.1.21/compute/v2.1/servers/649d5de9-956f-4def-8685-ba7415cd08b9/metadata 0.929s
2025-02-12 19:39:19.352 62726 INFO tempest.lib.common.rest_client [req-9c1b75d0-95e0-43e5-8c06-1abfef6d07c0 req-9c1b75d0-95e0-43e5-8c06-1abfef6d07c0 ] Request (ServerPasswordTestJSON:setUpClass): 200 GET http://10.180.1.21/compute/v2.1/servers/bfcf8aba-1e16-421b-94dd-6eb8252e7de0 0.979s
2025-02-12 19:39:19.429 62714 WARNING tempest.lib.common.ssh [-] Failed to establish authenticated ssh connection to cirros@10.180.180.212 ([Errno None] Unable to connect to port 22 on 10.180.180.212). Number attempts: 6. Retry after 7 seconds.: paramiko.ssh_exception.NoValidConnectionsError: [Errno None] Unable to connect to port 22 on 10.180.180.212
2025-02-12 19:39:19.544 62732 INFO tempest.lib.common.rest_client [req-1ad46ecb-d5d7-45cf-aa76-3554cd8630a5 req-1ad46ecb-d5d7-45cf-aa76-3554cd8630a5 ] Request (FloatingIPsAssociationTestJSON:test_associate_disassociate_floating_ip): 202 POST http://10.180.1.21/compute/v2.1/servers/ac869905-5c82-404e-8347-a34270150d89/action 1.983s
2025-02-12 19:39:19.561 62736 INFO tempest.lib.common.rest_client [req-b88947a1-02a3-4949-971e-9a22d30bf73c req-b88947a1-02a3-4949-971e-9a22d30bf73c ] Request (ServersAaction247Test:test_create_backup): 202 POST http://10.180.1.21/compute/v2.1/servers 1.167s
2025-02-12 19:39:19.592 62740 INFO tempest.lib.common.rest_client [req-db7702ea-ed54-4578-9204-d0bc436fd931 req-db7702ea-ed54-4578-9204-d0bc436fd931 ] Request (ImagesOneServerTestJSON:test_create_image_specify_multibyte_character_image_name): 200 GET http://10.180.1.21/compute/v2.1/images/32603b2b-51d1-49a1-9927-b078f2ada7fd 1.155s
2025-02-12 19:39:19.600 62692 INFO tempest.lib.common.rest_client [req-090fb438-2a60-4684-9214-579fd5fc59a2 req-090fb438-2a60-4684-9214-579fd5fc59a2 ] Request (AttachInterfacesV270Test:test_create_get_list_interfaces): 200 GET http://10.180.1.21/compute/v2.1/servers/73b7df84-b690-4c23-8447-f42ba4f125f9 1.204s
2025-02-12 19:39:19.640 62682 INFO tempest.lib.common.rest_client [req-09c804d7-cb10-40ae-a0eb-e2d24aca3afe req-09c804d7-cb10-40ae-a0eb-e2d24aca3afe ] Request (ImagesTestJSON:test_create_image_from_stopped_server): 200 GET http://10.180.1.21/compute/v2.1/servers/7d0875a3-45fa-4674-a40b-47ecd0e6b9e3 1.183s
2025-02-12 19:39:19.647 62682 INFO tempest.common.waiters [-] State transition "BUILD/scheduling" ==> "BUILD/None" after 32 second wait
2025-02-12 19:39:19.655 62722 INFO tempest.lib.common.rest_client [req-6ef2a1a9-c95b-41b7-b571-dd265a897bfa req-6ef2a1a9-c95b-41b7-b571-dd265a897bfa ] Request (ServersAdmin275Test:test_rebuild_update_server_275): 200 GET http://10.180.1.21/compute/v2.1/servers/0b810725-d832-4760-b60b-ec2c6ace3050 1.136s
2025-02-12 19:39:19.684 62684 INFO tempest.lib.common.rest_client [req-7488c13a-2e6e-4695-bc22-0c15124a29df req-7488c13a-2e6e-4695-bc22-0c15124a29df ] Request (ServersNegativeTestJSON:setUpClass): 200 GET http://10.180.1.21/compute/v2.1/servers/2c5fd2c9-7f60-4fea-9f82-53cbb58b55d5 1.072s
2025-02-12 19:39:19.715 62688 INFO tempest.lib.common.rest_client [req-45110c48-4774-4d37-ae28-de625a413c41 req-45110c48-4774-4d37-ae28-de625a413c41 ] Request (MigrationsAdminTest:test_list_migrations_in_flavor_resize_situation): 200 GET http://10.180.1.21/compute/v2.1/servers/d31cec87-f24e-40d0-aa22-462f2eb62ea2 1.044s
2025-02-12 19:39:19.863 62694 INFO tempest.lib.common.rest_client [req-fa70efca-0311-4380-b480-e97b24b1d62d req-fa70efca-0311-4380-b480-e97b24b1d62d ] Request (SecurityGroupsTestJSON:test_list_security_groups_by_server): 200 GET http://10.180.1.21/compute/v2.1/servers/724107ad-1ffc-4bbb-9004-41b95330b0fd 1.010s
2025-02-12 19:39:19.872 62694 INFO tempest.common.waiters [-] State transition "BUILD/spawning" ==> "ACTIVE/None" after 52 second wait
2025-02-12 19:39:19.929 62728 INFO tempest.lib.common.rest_client [req-cd50cd6e-b7e4-42de-9731-01dfb27d5150 req-cd50cd6e-b7e4-42de-9731-01dfb27d5150 ] Request (DeleteServersAdminTestJSON:test_delete_server_while_in_error_state): 200 GET http://10.180.1.21/compute/v2.1/servers/fe6b62e5-bb01-4e3d-a99e-bdbc026174ec 0.997s
2025-02-12 19:39:19.937 62728 INFO tempest.common.waiters [-] State transition "BUILD/None" ==> "BUILD/networking" after 41 second wait
2025-02-12 19:39:20.020 62698 INFO tempest.lib.common.rest_client [req-82229cbf-f035-496f-ba45-d37eb664c169 req-82229cbf-f035-496f-ba45-d37eb664c169 ] Request (ServerRescueNegativeTestJSON:setUpClass): 200 GET http://10.180.1.21/compute/v2.1/servers/2932b01a-b89d-4a34-8df8-fd8e2c165b8e 1.011s
2025-02-12 19:39:20.260 62718 WARNING tempest.lib.common.ssh [-] Failed to establish authenticated ssh connection to cirros@10.180.180.209 ([Errno None] Unable to connect to port 22 on 10.180.180.209). Number attempts: 7. Retry after 8 seconds.: paramiko.ssh_exception.NoValidConnectionsError: [Errno None] Unable to connect to port 22 on 10.180.180.209
2025-02-12 19:39:20.289 62700 INFO tempest.lib.common.rest_client [req-e6accbb1-6f89-4e87-a459-e7cd1539910c req-e6accbb1-6f89-4e87-a459-e7cd1539910c ] Request (ImagesMetadataTestJSON:setUp): 200 PUT http://10.180.1.21/compute/v2.1/images/4756b003-21ab-4d5d-9467-dc9e85b3599b/metadata 1.125s
2025-02-12 19:39:20.403 62724 INFO tempest.lib.common.rest_client [req-8d06e117-be61-4fd4-b52a-2aecf427d2f5 req-8d06e117-be61-4fd4-b52a-2aecf427d2f5 ] Request (ComputeTenantNetworksTest:test_list_show_tenant_networks): 200 GET http://10.180.1.21/compute/v2.1/os-tenant-networks 1.140s
2025-02-12 19:39:20.457 62708 INFO tempest.lib.common.rest_client [req-05b3e541-b8c4-4468-a00a-828d53b1c559 req-05b3e541-b8c4-4468-a00a-828d53b1c559 ] Request (ServerMetadataNegativeTestJSON:test_metadata_items_limit): 403 POST http://10.180.1.21/compute/v2.1/servers/649d5de9-956f-4def-8685-ba7415cd08b9/metadata 1.157s
2025-02-12 19:39:20.490 62696 INFO tempest.lib.common.rest_client [req-3e729850-6c4a-4496-95be-adba7b4f174e req-3e729850-6c4a-4496-95be-adba7b4f174e ] Request (FloatingIPDetailsTestJSON:setUpClass): 200 POST http://10.180.1.21/compute/v2.1/os-floating-ips 1.738s
2025-02-12 19:39:20.543 62732 INFO tempest.lib.common.rest_client [req-be67ff00-4e58-47e5-93f3-c74673e0a14a req-be67ff00-4e58-47e5-93f3-c74673e0a14a ] Request (FloatingIPsAssociationTestJSON:tearDownClass): 204 DELETE http://10.180.1.21/compute/v2.1/servers/00fdb372-683f-4552-a771-976703866093 0.997s
2025-02-12 19:39:20.548 62708 INFO tempest.lib.common.rest_client [req-1636e301-1a68-4833-9c6a-d7590836356f req-1636e301-1a68-4833-9c6a-d7590836356f ] Request (ServerMetadataNegativeTestJSON:test_server_create_metadata_key_too_long): 201 POST http://10.180.1.21/identity/v3/auth/tokens 0.085s
2025-02-12 19:39:20.549 62708 INFO tempest.lib.common.fixed_network [-] (ServerMetadataNegativeTestJSON:test_server_create_metadata_key_too_long) Found network {'id': '2bc2a6ec-ccf5-40b3-b832-ca161c9e8486', 'name': 'tempest-ServerMetadataNegativeTestJSON-1539149901-network', 'tenant_id': '253c25be63b343efa0499f0619d3f7ed', 'admin_state_up': True, 'mtu': 8950, 'status': 'ACTIVE', 'subnets': [], 'shared': False, 'project_id': '253c25be63b343efa0499f0619d3f7ed', 'port_security_enabled': True, 'router:external': False, 'provider:network_type': 'vlan', 'provider:physical_network': 'default', 'provider:segmentation_id': 717, 'availability_zone_hints': [], 'availability_zones': [], 'ipv4_address_scope': None, 'ipv6_address_scope': None, 'description': '', 'tags': [], 'created_at': '2025-02-12T19:38:20Z', 'updated_at': '2025-02-12T19:38:20Z', 'revision_number': 1} available for tenant
2025-02-12 19:39:20.600 62736 INFO tempest.lib.common.rest_client [req-6ff9a172-bccb-4c3d-a5ae-487bf98d4462 req-6ff9a172-bccb-4c3d-a5ae-487bf98d4462 ] Request (ServersAaction247Test:test_create_backup): 200 GET http://10.180.1.21/compute/v2.1/servers/2a62103a-6e07-4750-a992-3787b0622e11 1.037s
2025-02-12 19:39:20.608 62738 INFO tempest.lib.common.rest_client [req-6bf35652-fb33-46c0-a788-b0eccdc28556 req-6bf35652-fb33-46c0-a788-b0eccdc28556 ] Request (ServersAdminTestJSON:test_create_server_with_scheduling_hint): 200 GET http://10.180.1.21/compute/v2.1/servers/c795eecf-f6ac-4afa-b944-67ec3f8fdb7d 0.783s
2025-02-12 19:39:20.678 62716 INFO tempest.lib.common.rest_client [req-f8c2d85e-ad8c-4b83-b170-e4a4428830b5 req-f8c2d85e-ad8c-4b83-b170-e4a4428830b5 ] Request (ImagesNegativeTestJSON:test_create_image_from_deleted_server): 200 GET http://10.180.1.21/compute/v2.1/servers/6c9141a2-8ff3-48ff-a73e-49a5f538b7c0 0.803s
2025-02-12 19:39:20.748 62744 INFO tempest.lib.common.rest_client [req-3ddc6a19-0b9c-48fe-b6ac-e77480bf3f9b req-3ddc6a19-0b9c-48fe-b6ac-e77480bf3f9b ] Request (ListServersNegativeTestJSON:tearDownClass): 200 GET http://10.180.1.21/compute/v2.1/servers/b4f18c46-ac56-4253-add1-6586dd207c92 0.817s
2025-02-12 19:39:20.869 62704 INFO tempest.lib.common.rest_client [req-ade93524-c844-4a11-b206-e2be5fdffdea req-ade93524-c844-4a11-b206-e2be5fdffdea ] Request (ServersAdminNegativeTestJSON:test_migrate_server_invalid_state): 200 GET http://10.180.1.21/compute/v2.1/servers/335bf211-7b01-4e6a-88b1-9400a29bc3ac 0.808s
2025-02-12 19:39:20.928 62720 INFO tempest.lib.common.rest_client [req-85283eb7-213b-4878-97e3-a360be64282d req-85283eb7-213b-4878-97e3-a360be64282d ] Request (ImagesOneServerNegativeTestJSON:setUpClass): 200 GET http://10.180.1.21/compute/v2.1/servers/bc34c2d9-69e1-4d65-8d0f-efdfd2b73814 0.800s
2025-02-12 19:39:20.994 62712 INFO tempest.lib.common.rest_client [req-cb34fe90-9dec-4067-9528-6f41669c236a req-cb34fe90-9dec-4067-9528-6f41669c236a ] Request (InstanceActionsV221TestJSON:test_get_list_deleted_instance_actions): 200 GET http://10.180.1.21/compute/v2.1/servers/47590f9c-00c0-4c63-99e0-196d2bf80f25 0.731s
2025-02-12 19:39:21.034 62694 INFO tempest.lib.common.rest_client [req-8ccaa06d-2d18-47f4-aa47-25a78cb5c092 req-8ccaa06d-2d18-47f4-aa47-25a78cb5c092 ] Request (SecurityGroupsTestJSON:test_list_security_groups_by_server): 202 POST http://10.180.1.21/compute/v2.1/servers/724107ad-1ffc-4bbb-9004-41b95330b0fd/action 1.161s
2025-02-12 19:39:21.111 62726 INFO tempest.lib.common.rest_client [req-5dc8e21f-96e1-4b87-99d8-439a8f17c92a req-5dc8e21f-96e1-4b87-99d8-439a8f17c92a ] Request (ServerPasswordTestJSON:setUpClass): 200 GET http://10.180.1.21/compute/v2.1/servers/bfcf8aba-1e16-421b-94dd-6eb8252e7de0 0.751s
2025-02-12 19:39:21.168 62724 INFO tempest.lib.common.rest_client [req-d6fa9d64-6b88-4055-bef5-267b1c538346 req-d6fa9d64-6b88-4055-bef5-267b1c538346 ] Request (ComputeTenantNetworksTest:test_list_show_tenant_networks): 200 GET http://10.180.1.21/compute/v2.1/os-tenant-networks/0a7a3045-0b88-4778-b6f4-0c66de258c62 0.763s
2025-02-12 19:39:21.251 62700 INFO tempest.lib.common.rest_client [req-89b0c1a9-b7f0-4a27-9814-92b54290c535 req-89b0c1a9-b7f0-4a27-9814-92b54290c535 ] Request (ImagesMetadataTestJSON:test_update_image_metadata): 200 POST http://10.180.1.21/compute/v2.1/images/4756b003-21ab-4d5d-9467-dc9e85b3599b/metadata 0.962s
2025-02-12 19:39:21.287 62686 WARNING tempest.lib.common.ssh [-] Failed to establish authenticated ssh connection to cirros@10.180.180.206 ([Errno None] Unable to connect to port 22 on 10.180.180.206). Number attempts: 4. Retry after 5 seconds.: paramiko.ssh_exception.NoValidConnectionsError: [Errno None] Unable to connect to port 22 on 10.180.180.206
2025-02-12 19:39:21.316 62724 INFO tempest.lib.common.rest_client [req-46540b0e-36aa-40ef-a15a-de162dd3545c req-46540b0e-36aa-40ef-a15a-de162dd3545c ] Request (ComputeTenantNetworksTest:tearDownClass): 204 DELETE http://10.180.1.21:9696/networking/v2.0/networks/0a7a3045-0b88-4778-b6f4-0c66de258c62 0.142s
2025-02-12 19:39:21.360 62732 INFO tempest.lib.common.rest_client [req-787ea2b9-5891-435d-9e06-38a040555625 req-787ea2b9-5891-435d-9e06-38a040555625 ] Request (FloatingIPsAssociationTestJSON:tearDownClass): 200 GET http://10.180.1.21/compute/v2.1/servers/00fdb372-683f-4552-a771-976703866093 0.816s
2025-02-12 19:39:21.368 62708 INFO tempest.lib.common.rest_client [req-a98e271f-d4f2-46f5-8538-c12ed1ff555f req-a98e271f-d4f2-46f5-8538-c12ed1ff555f ] Request (ServerMetadataNegativeTestJSON:test_server_create_metadata_key_too_long): 400 POST http://10.180.1.21/compute/v2.1/servers 0.819s
2025-02-12 19:39:21.408 62740 INFO tempest.lib.common.rest_client [req-62c4afc4-d747-43ae-b65f-5f62d22647ed req-62c4afc4-d747-43ae-b65f-5f62d22647ed ] Request (ImagesOneServerTestJSON:test_create_image_specify_multibyte_character_image_name): 200 GET http://10.180.1.21/compute/v2.1/images/32603b2b-51d1-49a1-9927-b078f2ada7fd 0.813s
2025-02-12 19:39:21.409 62724 INFO tempest.lib.common.rest_client [req-8627536b-30dd-4d7f-a99b-447ca5af7657 req-8627536b-30dd-4d7f-a99b-447ca5af7657 ] Request (ComputeTenantNetworksTest:tearDownClass): 204 DELETE http://10.180.1.21/identity/v3/users/06a5d88b755d4af7b5972c4870c54b3d 0.092s
2025-02-12 19:39:21.410 62724 INFO tempest.lib.common.dynamic_creds [-] Deleting project and security group for project: 598c87fe5a6649b5aec4258d5a39b551
2025-02-12 19:39:21.452 62724 INFO tempest.lib.common.rest_client [req-728b4297-3636-466e-baa7-9b6c1cf2026b req-728b4297-3636-466e-baa7-9b6c1cf2026b ] Request (ComputeTenantNetworksTest:tearDownClass): 200 GET http://10.180.1.21:9696/networking/v2.0/security-groups?tenant_id=598c87fe5a6649b5aec4258d5a39b551&name=default 0.042s
2025-02-12 19:39:21.454 62708 INFO tempest.lib.common.rest_client [req-9b89c85b-e6ec-4a2c-8c94-46b819bc9a5c req-9b89c85b-e6ec-4a2c-8c94-46b819bc9a5c ] Request (ServerMetadataNegativeTestJSON:test_server_create_metadata_key_too_long): 201 POST http://10.180.1.21/identity/v3/auth/tokens 0.081s
2025-02-12 19:39:21.454 62708 INFO tempest.lib.common.fixed_network [-] (ServerMetadataNegativeTestJSON:test_server_create_metadata_key_too_long) Found network {'id': '2bc2a6ec-ccf5-40b3-b832-ca161c9e8486', 'name': 'tempest-ServerMetadataNegativeTestJSON-1539149901-network', 'tenant_id': '253c25be63b343efa0499f0619d3f7ed', 'admin_state_up': True, 'mtu': 8950, 'status': 'ACTIVE', 'subnets': [], 'shared': False, 'project_id': '253c25be63b343efa0499f0619d3f7ed', 'port_security_enabled': True, 'router:external': False, 'provider:network_type': 'vlan', 'provider:physical_network': 'default', 'provider:segmentation_id': 717, 'availability_zone_hints': [], 'availability_zones': [], 'ipv4_address_scope': None, 'ipv6_address_scope': None, 'description': '', 'tags': [], 'created_at': '2025-02-12T19:38:20Z', 'updated_at': '2025-02-12T19:38:20Z', 'revision_number': 1} available for tenant
2025-02-12 19:39:21.523 62724 INFO tempest.lib.common.rest_client [req-46a4dc1d-9aec-492a-92c1-15d96150adae req-46a4dc1d-9aec-492a-92c1-15d96150adae ] Request (ComputeTenantNetworksTest:tearDownClass): 204 DELETE http://10.180.1.21:9696/networking/v2.0/security-groups/05eb454c-af48-4580-8cfa-7ebc481af585 0.070s
2025-02-12 19:39:21.613 62724 INFO tempest.lib.common.rest_client [req-84ccf463-c16c-4093-9e03-e00bb43fe89f req-84ccf463-c16c-4093-9e03-e00bb43fe89f ] Request (ComputeTenantNetworksTest:tearDownClass): 204 DELETE http://10.180.1.21/identity/v3/projects/598c87fe5a6649b5aec4258d5a39b551 0.089s
2025-02-12 19:39:21.632 62692 INFO tempest.lib.common.rest_client [req-e528550b-d57e-45d6-9153-f52327c60b82 req-e528550b-d57e-45d6-9153-f52327c60b82 ] Request (AttachInterfacesV270Test:test_create_get_list_interfaces): 200 GET http://10.180.1.21/compute/v2.1/servers/73b7df84-b690-4c23-8447-f42ba4f125f9 1.019s
2025-02-12 19:39:21.709 62682 INFO tempest.lib.common.rest_client [req-d3a4834d-dabb-47dd-bb86-e6bda929db0f req-d3a4834d-dabb-47dd-bb86-e6bda929db0f ] Request (ImagesTestJSON:test_create_image_from_stopped_server): 200 GET http://10.180.1.21/compute/v2.1/servers/7d0875a3-45fa-4674-a40b-47ecd0e6b9e3 1.062s
2025-02-12 19:39:21.783 62722 INFO tempest.lib.common.rest_client [req-147c7753-e0d5-4d22-891d-90da19da1b57 req-147c7753-e0d5-4d22-891d-90da19da1b57 ] Request (ServersAdmin275Test:test_rebuild_update_server_275): 200 GET http://10.180.1.21/compute/v2.1/servers/0b810725-d832-4760-b60b-ec2c6ace3050 1.117s
2025-02-12 19:39:21.838 62684 INFO tempest.lib.common.rest_client [req-6c472289-93c3-41af-8620-6e3723c57aec req-6c472289-93c3-41af-8620-6e3723c57aec ] Request (ServersNegativeTestJSON:setUpClass): 200 GET http://10.180.1.21/compute/v2.1/servers/2c5fd2c9-7f60-4fea-9f82-53cbb58b55d5 1.145s
2025-02-12 19:39:21.860 62690 WARNING tempest.lib.common.ssh [-] Failed to establish authenticated ssh connection to cirros@10.180.180.251 ([Errno None] Unable to connect to port 22 on 10.180.180.251). Number attempts: 2. Retry after 3 seconds.: paramiko.ssh_exception.NoValidConnectionsError: [Errno None] Unable to connect to port 22 on 10.180.180.251
2025-02-12 19:39:21.887 62688 INFO tempest.lib.common.rest_client [req-7f1c7c85-79c7-4bfb-a79e-c08f3c529d91 req-7f1c7c85-79c7-4bfb-a79e-c08f3c529d91 ] Request (MigrationsAdminTest:test_list_migrations_in_flavor_resize_situation): 200 GET http://10.180.1.21/compute/v2.1/servers/d31cec87-f24e-40d0-aa22-462f2eb62ea2 1.164s
2025-02-12 19:39:22.065 62728 INFO tempest.lib.common.rest_client [req-63331cb7-7b0a-49c7-9e53-594292b8af14 req-63331cb7-7b0a-49c7-9e53-594292b8af14 ] Request (DeleteServersAdminTestJSON:test_delete_server_while_in_error_state): 200 GET http://10.180.1.21/compute/v2.1/servers/fe6b62e5-bb01-4e3d-a99e-bdbc026174ec 1.127s
2025-02-12 19:39:22.076 62728 INFO tempest.common.waiters [-] State transition "BUILD/networking" ==> "BUILD/spawning" after 44 second wait
2025-02-12 19:39:22.129 62698 INFO tempest.lib.common.rest_client [req-e1988be0-aaab-4c61-90b0-56381a7865df req-e1988be0-aaab-4c61-90b0-56381a7865df ] Request (ServerRescueNegativeTestJSON:setUpClass): 200 GET http://10.180.1.21/compute/v2.1/servers/2932b01a-b89d-4a34-8df8-fd8e2c165b8e 1.101s
2025-02-12 19:39:22.193 62696 INFO tempest.lib.common.rest_client [req-25418744-707f-478f-9c5b-2dd15a157753 req-25418744-707f-478f-9c5b-2dd15a157753 ] Request (FloatingIPDetailsTestJSON:test_get_floating_ip_details): 200 POST http://10.180.1.21/compute/v2.1/os-floating-ips 1.696s
2025-02-12 19:39:22.236 62700 INFO tempest.lib.common.rest_client [req-559d2069-3d85-4d6f-be14-812df6fc1b26 req-559d2069-3d85-4d6f-be14-812df6fc1b26 ] Request (ImagesMetadataTestJSON:test_update_image_metadata): 200 GET http://10.180.1.21/compute/v2.1/images/4756b003-21ab-4d5d-9467-dc9e85b3599b/metadata 0.983s
2025-02-12 19:39:22.241 62708 INFO tempest.lib.common.rest_client [req-592d286a-9fdf-4625-ae35-6ec626b0179e req-592d286a-9fdf-4625-ae35-6ec626b0179e ] Request (ServerMetadataNegativeTestJSON:test_server_create_metadata_key_too_long): 400 POST http://10.180.1.21/compute/v2.1/servers 0.786s
2025-02-12 19:39:22.299 62700 INFO tempest.lib.common.rest_client [req-d11d2712-3fd0-4580-a450-b79c0acc1776 req-d11d2712-3fd0-4580-a450-b79c0acc1776 ] Request (ImagesMetadataTestJSON:tearDownClass): 204 DELETE http://10.180.1.21/image/v2/images/4756b003-21ab-4d5d-9467-dc9e85b3599b 0.061s
2025-02-12 19:39:22.306 62736 INFO tempest.lib.common.rest_client [req-ce9a8e2b-14b2-45ae-9c93-1fa3ce4e66a9 req-ce9a8e2b-14b2-45ae-9c93-1fa3ce4e66a9 ] Request (ServersAaction247Test:test_create_backup): 200 GET http://10.180.1.21/compute/v2.1/servers/2a62103a-6e07-4750-a992-3787b0622e11 0.692s
2025-02-12 19:39:22.314 62708 INFO tempest.lib.common.rest_client [req-ac8006cf-49cb-4616-8475-390180d30512 req-ac8006cf-49cb-4616-8475-390180d30512 ] Request (ServerMetadataNegativeTestJSON:test_server_create_metadata_key_too_long): 201 POST http://10.180.1.21/identity/v3/auth/tokens 0.070s
2025-02-12 19:39:22.314 62708 INFO tempest.lib.common.fixed_network [-] (ServerMetadataNegativeTestJSON:test_server_create_metadata_key_too_long) Found network {'id': '2bc2a6ec-ccf5-40b3-b832-ca161c9e8486', 'name': 'tempest-ServerMetadataNegativeTestJSON-1539149901-network', 'tenant_id': '253c25be63b343efa0499f0619d3f7ed', 'admin_state_up': True, 'mtu': 8950, 'status': 'ACTIVE', 'subnets': [], 'shared': False, 'project_id': '253c25be63b343efa0499f0619d3f7ed', 'port_security_enabled': True, 'router:external': False, 'provider:network_type': 'vlan', 'provider:physical_network': 'default', 'provider:segmentation_id': 717, 'availability_zone_hints': [], 'availability_zones': [], 'ipv4_address_scope': None, 'ipv6_address_scope': None, 'description': '', 'tags': [], 'created_at': '2025-02-12T19:38:20Z', 'updated_at': '2025-02-12T19:38:20Z', 'revision_number': 1} available for tenant
2025-02-12 19:39:22.354 62738 INFO tempest.lib.common.rest_client [req-0d5e2562-c850-466b-937f-b7e8b24b2cec req-0d5e2562-c850-466b-937f-b7e8b24b2cec ] Request (ServersAdminTestJSON:test_create_server_with_scheduling_hint): 200 GET http://10.180.1.21/compute/v2.1/servers/c795eecf-f6ac-4afa-b944-67ec3f8fdb7d 0.737s
2025-02-12 19:39:22.400 62700 INFO tempest.lib.common.rest_client [req-bb2ac0b5-b29c-445f-92c1-03a9eef22280 req-bb2ac0b5-b29c-445f-92c1-03a9eef22280 ] Request (ImagesMetadataTestJSON:tearDownClass): 204 DELETE http://10.180.1.21/identity/v3/users/6292fc6de07d42a294ea4c1dbdd36428 0.100s
2025-02-12 19:39:22.400 62700 INFO tempest.lib.common.dynamic_creds [-] Deleting project and security group for project: 1c8a391037fa4610840b904f9a686ea9
2025-02-12 19:39:22.409 62716 INFO tempest.lib.common.rest_client [req-318d8dc8-f20f-4e3f-a374-ef7ef2cf6342 req-318d8dc8-f20f-4e3f-a374-ef7ef2cf6342 ] Request (ImagesNegativeTestJSON:test_create_image_from_deleted_server): 200 GET http://10.180.1.21/compute/v2.1/servers/6c9141a2-8ff3-48ff-a73e-49a5f538b7c0 0.720s
2025-02-12 19:39:22.469 62700 INFO tempest.lib.common.rest_client [req-0ff3685b-12cc-455a-909e-9db4e9fe1aca req-0ff3685b-12cc-455a-909e-9db4e9fe1aca ] Request (ImagesMetadataTestJSON:tearDownClass): 201 POST http://10.180.1.21/identity/v3/auth/tokens 0.065s
2025-02-12 19:39:22.469 62744 INFO tempest.lib.common.rest_client [req-db287b55-f347-4800-bcca-b83efe2d4b38 req-db287b55-f347-4800-bcca-b83efe2d4b38 ] Request (ListServersNegativeTestJSON:tearDownClass): 200 GET http://10.180.1.21/compute/v2.1/servers/b4f18c46-ac56-4253-add1-6586dd207c92 0.710s
2025-02-12 19:39:22.623 62694 INFO tempest.lib.common.rest_client [req-7382c062-d27f-4a0f-be4a-adb0a3b264a1 req-7382c062-d27f-4a0f-be4a-adb0a3b264a1 ] Request (SecurityGroupsTestJSON:test_list_security_groups_by_server): 202 POST http://10.180.1.21/compute/v2.1/servers/724107ad-1ffc-4bbb-9004-41b95330b0fd/action 1.588s
2025-02-12 19:39:22.637 62704 INFO tempest.lib.common.rest_client [req-4c128bb0-ca0b-4657-ad20-4abdac07bff7 req-4c128bb0-ca0b-4657-ad20-4abdac07bff7 ] Request (ServersAdminNegativeTestJSON:test_migrate_server_invalid_state): 200 GET http://10.180.1.21/compute/v2.1/servers/335bf211-7b01-4e6a-88b1-9400a29bc3ac 0.759s
2025-02-12 19:39:22.657 62712 INFO tempest.lib.common.rest_client [req-d92d30a1-3e2e-47ed-8d38-fe0b0a16e7d4 req-d92d30a1-3e2e-47ed-8d38-fe0b0a16e7d4 ] Request (InstanceActionsV221TestJSON:test_get_list_deleted_instance_actions): 404 GET http://10.180.1.21/compute/v2.1/servers/47590f9c-00c0-4c63-99e0-196d2bf80f25 0.653s
2025-02-12 19:39:22.680 62720 INFO tempest.lib.common.rest_client [req-1de8c6fa-2b8f-4427-9388-cdd5ea2f4715 req-1de8c6fa-2b8f-4427-9388-cdd5ea2f4715 ] Request (ImagesOneServerNegativeTestJSON:setUpClass): 200 GET http://10.180.1.21/compute/v2.1/servers/bc34c2d9-69e1-4d65-8d0f-efdfd2b73814 0.743s
2025-02-12 19:39:22.725 62700 INFO tempest.lib.common.rest_client [req-acd78a14-e58d-49bb-ac9f-c2444f8aa5dc req-acd78a14-e58d-49bb-ac9f-c2444f8aa5dc ] Request (ImagesMetadataTestJSON:tearDownClass): 200 GET http://10.180.1.21:9696/networking/v2.0/security-groups?tenant_id=1c8a391037fa4610840b904f9a686ea9&name=default 0.255s
2025-02-12 19:39:22.729 62726 INFO tempest.lib.common.rest_client [req-3857215f-c503-4f11-842c-9480b1e2aed6 req-3857215f-c503-4f11-842c-9480b1e2aed6 ] Request (ServerPasswordTestJSON:setUpClass): 200 GET http://10.180.1.21/compute/v2.1/servers/bfcf8aba-1e16-421b-94dd-6eb8252e7de0 0.610s
2025-02-12 19:39:22.736 62708 INFO tempest.lib.common.rest_client [req-3e782b88-beca-44e8-8605-3cdaa683d736 req-3e782b88-beca-44e8-8605-3cdaa683d736 ] Request (ServerMetadataNegativeTestJSON:test_server_create_metadata_key_too_long): 400 POST http://10.180.1.21/compute/v2.1/servers 0.420s
2025-02-12 19:39:22.780 62696 INFO tempest.lib.common.rest_client [req-20f37012-e287-40de-995e-c784c6706553 req-20f37012-e287-40de-995e-c784c6706553 ] Request (FloatingIPDetailsTestJSON:test_get_floating_ip_details): 200 GET http://10.180.1.21/compute/v2.1/os-floating-ips/8a35e970-a33d-4b08-9fed-73313144d9fe 0.584s
2025-02-12 19:39:22.809 62708 INFO tempest.lib.common.rest_client [req-d405d6fa-8e78-4279-ba1b-b89082c3bb9f req-d405d6fa-8e78-4279-ba1b-b89082c3bb9f ] Request (ServerMetadataNegativeTestJSON:test_server_create_metadata_key_too_long): 201 POST http://10.180.1.21/identity/v3/auth/tokens 0.070s
2025-02-12 19:39:22.810 62708 INFO tempest.lib.common.fixed_network [-] (ServerMetadataNegativeTestJSON:test_server_create_metadata_key_too_long) Found network {'id': '2bc2a6ec-ccf5-40b3-b832-ca161c9e8486', 'name': 'tempest-ServerMetadataNegativeTestJSON-1539149901-network', 'tenant_id': '253c25be63b343efa0499f0619d3f7ed', 'admin_state_up': True, 'mtu': 8950, 'status': 'ACTIVE', 'subnets': [], 'shared': False, 'project_id': '253c25be63b343efa0499f0619d3f7ed', 'port_security_enabled': True, 'router:external': False, 'provider:network_type': 'vlan', 'provider:physical_network': 'default', 'provider:segmentation_id': 717, 'availability_zone_hints': [], 'availability_zones': [], 'ipv4_address_scope': None, 'ipv6_address_scope': None, 'description': '', 'tags': [], 'created_at': '2025-02-12T19:38:20Z', 'updated_at': '2025-02-12T19:38:20Z', 'revision_number': 1} available for tenant
2025-02-12 19:39:22.814 62732 INFO tempest.lib.common.rest_client [req-f4f6c0d0-dd19-42c6-a1ef-6d6b54ca363c req-f4f6c0d0-dd19-42c6-a1ef-6d6b54ca363c ] Request (FloatingIPsAssociationTestJSON:tearDownClass): 200 GET http://10.180.1.21/compute/v2.1/servers/00fdb372-683f-4552-a771-976703866093 0.442s
2025-02-12 19:39:22.824 62740 INFO tempest.lib.common.rest_client [req-d2d120e2-d10f-473e-82a6-7f2d98d7cafb req-d2d120e2-d10f-473e-82a6-7f2d98d7cafb ] Request (ImagesOneServerTestJSON:test_create_image_specify_multibyte_character_image_name): 200 GET http://10.180.1.21/compute/v2.1/images/32603b2b-51d1-49a1-9927-b078f2ada7fd 0.410s
2025-02-12 19:39:22.906 62700 INFO tempest.lib.common.rest_client [req-8650803f-3895-4b23-a2a8-18ef75b5bc02 req-8650803f-3895-4b23-a2a8-18ef75b5bc02 ] Request (ImagesMetadataTestJSON:tearDownClass): 204 DELETE http://10.180.1.21:9696/networking/v2.0/security-groups/b9b5c7b1-9cfd-48bb-ac69-b563da1adac6 0.180s
2025-02-12 19:39:22.906 62692 INFO tempest.lib.common.rest_client [req-c975c10c-314e-4eb8-92f3-cc8e6940ec4a req-c975c10c-314e-4eb8-92f3-cc8e6940ec4a ] Request (AttachInterfacesV270Test:test_create_get_list_interfaces): 200 GET http://10.180.1.21/compute/v2.1/servers/73b7df84-b690-4c23-8447-f42ba4f125f9 0.261s
2025-02-12 19:39:22.959 62712 INFO tempest.lib.common.rest_client [req-fcc08c93-8298-4f74-a6e6-926ba5247ce3 req-fcc08c93-8298-4f74-a6e6-926ba5247ce3 ] Request (InstanceActionsV221TestJSON:test_get_list_deleted_instance_actions): 200 GET http://10.180.1.21/compute/v2.1/servers/47590f9c-00c0-4c63-99e0-196d2bf80f25/os-instance-actions 0.301s
2025-02-12 19:39:23.003 62700 INFO tempest.lib.common.rest_client [req-5ff0a5cd-513d-4557-9747-5ff2285bf4a6 req-5ff0a5cd-513d-4557-9747-5ff2285bf4a6 ] Request (ImagesMetadataTestJSON:tearDownClass): 204 DELETE http://10.180.1.21/identity/v3/projects/1c8a391037fa4610840b904f9a686ea9 0.096s
2025-02-12 19:39:23.007 62694 INFO tempest.lib.common.rest_client [req-5527dfdb-537d-40af-9c15-788c10789956 req-5527dfdb-537d-40af-9c15-788c10789956 ] Request (SecurityGroupsTestJSON:test_list_security_groups_by_server): 200 GET http://10.180.1.21/compute/v2.1/servers/724107ad-1ffc-4bbb-9004-41b95330b0fd/os-security-groups 0.383s
2025-02-12 19:39:23.036 62682 INFO tempest.lib.common.rest_client [req-19b2e5fe-23e3-469c-8c73-309734bd8bdd req-19b2e5fe-23e3-469c-8c73-309734bd8bdd ] Request (ImagesTestJSON:test_create_image_from_stopped_server): 200 GET http://10.180.1.21/compute/v2.1/servers/7d0875a3-45fa-4674-a40b-47ecd0e6b9e3 0.319s
2025-02-12 19:39:23.096 62700 INFO tempest.lib.common.rest_client [req-db878c9f-956a-4d89-82e0-499b08f4cb66 req-db878c9f-956a-4d89-82e0-499b08f4cb66 ] Request (ServerRescueTestJSON:setUpClass): 201 POST http://10.180.1.21/identity/v3/auth/tokens 0.091s
2025-02-12 19:39:23.128 62722 INFO tempest.lib.common.rest_client [req-ba12d1cd-6053-46d9-85ec-07165b4f0e9b req-ba12d1cd-6053-46d9-85ec-07165b4f0e9b ] Request (ServersAdmin275Test:test_rebuild_update_server_275): 200 GET http://10.180.1.21/compute/v2.1/servers/0b810725-d832-4760-b60b-ec2c6ace3050 0.334s
2025-02-12 19:39:23.135 62708 INFO tempest.lib.common.rest_client [req-db252264-c858-4eef-adfc-dbbc7ed56468 req-db252264-c858-4eef-adfc-dbbc7ed56468 ] Request (ServerMetadataNegativeTestJSON:test_server_create_metadata_key_too_long): 400 POST http://10.180.1.21/compute/v2.1/servers 0.324s
2025-02-12 19:39:23.144 62700 INFO tempest.lib.common.rest_client [req-17bcc6f1-d761-4703-a0e7-3488625d3852 req-17bcc6f1-d761-4703-a0e7-3488625d3852 ] Request (ServerRescueTestJSON:setUpClass): 201 POST http://10.180.1.21/identity/v3/auth/tokens 0.045s
2025-02-12 19:39:23.185 62700 INFO tempest.lib.common.rest_client [req-7bb19f0d-9f2c-42f4-af9b-5afa3cb26f24 req-7bb19f0d-9f2c-42f4-af9b-5afa3cb26f24 ] Request (ServerRescueTestJSON:setUpClass): 200 GET http://10.180.1.21/identity/v3/domains?name=Default 0.040s
2025-02-12 19:39:23.227 62700 INFO tempest.lib.common.rest_client [req-acf755f1-ed81-41bd-baa3-d475061f48e1 req-acf755f1-ed81-41bd-baa3-d475061f48e1 ] Request (ServerRescueTestJSON:setUpClass): 201 POST http://10.180.1.21/identity/v3/projects 0.041s
2025-02-12 19:39:23.257 62684 INFO tempest.lib.common.rest_client [req-cd3c888e-b878-43f5-9c1f-ca661fa242cd req-cd3c888e-b878-43f5-9c1f-ca661fa242cd ] Request (ServersNegativeTestJSON:setUpClass): 200 GET http://10.180.1.21/compute/v2.1/servers/2c5fd2c9-7f60-4fea-9f82-53cbb58b55d5 0.410s
2025-02-12 19:39:23.307 62700 INFO tempest.lib.common.rest_client [req-b55a31d0-c613-4af2-9695-07c645a125de req-b55a31d0-c613-4af2-9695-07c645a125de ] Request (ServerRescueTestJSON:setUpClass): 201 POST http://10.180.1.21/identity/v3/users 0.080s
2025-02-12 19:39:23.324 62688 INFO tempest.lib.common.rest_client [req-9e40f562-8a57-4e98-9c48-6cb85409881b req-9e40f562-8a57-4e98-9c48-6cb85409881b ] Request (MigrationsAdminTest:test_list_migrations_in_flavor_resize_situation): 200 GET http://10.180.1.21/compute/v2.1/servers/d31cec87-f24e-40d0-aa22-462f2eb62ea2 0.419s
2025-02-12 19:39:23.331 62700 INFO tempest.lib.common.rest_client [req-08ca392d-ae13-49e0-b782-84917b58ee62 req-08ca392d-ae13-49e0-b782-84917b58ee62 ] Request (ServerRescueTestJSON:setUpClass): 200 GET http://10.180.1.21/identity/v3/roles 0.024s
2025-02-12 19:39:23.350 62712 INFO tempest.lib.common.rest_client [req-2b8d781f-b41a-46b0-9b2b-a509caba7874 req-2b8d781f-b41a-46b0-9b2b-a509caba7874 ] Request (InstanceActionsV221TestJSON:tearDownClass): 404 DELETE http://10.180.1.21/compute/v2.1/servers/47590f9c-00c0-4c63-99e0-196d2bf80f25 0.388s
2025-02-12 19:39:23.363 62700 INFO tempest.lib.common.rest_client [req-549c715a-ed1f-4fe4-bce4-a1bd8cd2745a req-549c715a-ed1f-4fe4-bce4-a1bd8cd2745a ] Request (ServerRescueTestJSON:setUpClass): 204 PUT http://10.180.1.21/identity/v3/projects/82b04e3d961b46c4a20fa2d623d1aa9a/users/54d7a4b4f6cf40ee960d29e392f51e91/roles/816911377d77432aabced94a816472cc 0.031s
2025-02-12 19:39:23.363 62700 INFO tempest.lib.common.dynamic_creds [-] Dynamic test user 54d7a4b4f6cf40ee960d29e392f51e91 is created with scope project and roles: ['member']
