2025-02-12 19:40:38.281 62718 INFO tempest.lib.common.rest_client [req-bbd8abef-03f7-46ff-80dd-e02b1371bee7 req-bbd8abef-03f7-46ff-80dd-e02b1371bee7 ] Request (ServerActionsTestOtherB:test_create_backup): 200 GET http://10.180.1.21/compute/v2.1/servers/1baeefa4-6b4f-4f68-91e5-d02645d64d34 0.851s
2025-02-12 19:40:38.289 62718 INFO tempest.common.waiters [-] State transition "ACTIVE/image_uploading" ==> "ACTIVE/None" after 4 second wait
2025-02-12 19:40:38.644 62732 INFO tempest.lib.common.rest_client [req-15459953-e5c6-475a-af56-30e15d026ee4 req-15459953-e5c6-475a-af56-30e15d026ee4 ] Request (ImagesMetadataNegativeTestJSON:tearDownClass): 204 DELETE http://10.180.1.21/identity/v3/users/473fa7fe2a804669a96a86bfc943097c 0.408s
2025-02-12 19:40:38.645 62732 INFO tempest.lib.common.dynamic_creds [-] Deleting project and security group for project: 7224c9dc28f548ee9a888567c3ed0536
2025-02-12 19:40:38.723 62688 INFO tempest.lib.common.rest_client [req-a61c278f-fb8a-4acb-ba80-cc0dec00389c req-a61c278f-fb8a-4acb-ba80-cc0dec00389c ] Request (MigrationsAdminTest:test_list_migrations_in_flavor_resize_situation): 200 GET http://10.180.1.21/compute/v2.1/servers/d31cec87-f24e-40d0-aa22-462f2eb62ea2 0.733s
2025-02-12 19:40:38.769 62700 INFO tempest.lib.common.rest_client [req-4b1c0982-4ff0-456c-bb1a-50a67c8be6c0 req-4b1c0982-4ff0-456c-bb1a-50a67c8be6c0 ] Request (ServerRescueTestJSON:setUpClass): 200 GET http://10.180.1.21/compute/v2.1/servers/7ea8e176-5744-4efd-85c3-f2a4511ffd4a 0.880s
2025-02-12 19:40:38.806 62732 INFO tempest.lib.common.rest_client [req-91d0bcec-5f27-4b2e-9b44-30db265e0b57 req-91d0bcec-5f27-4b2e-9b44-30db265e0b57 ] Request (ImagesMetadataNegativeTestJSON:tearDownClass): 201 POST http://10.180.1.21/identity/v3/auth/tokens 0.161s
2025-02-12 19:40:38.865 62684 INFO tempest.lib.common.rest_client [req-c425a3cb-c40a-41da-8721-a7fe01b8948b req-c425a3cb-c40a-41da-8721-a7fe01b8948b ] Request (ServersNegativeTestJSON:setUpClass): 200 GET http://10.180.1.21/compute/v2.1/servers/7f8a52a3-3ff7-442f-9006-8f0711b0d045 0.758s
2025-02-12 19:40:38.865 62710 INFO tempest.lib.common.rest_client [req-f85c98b3-749e-43c3-bd07-ac42a3ed3c87 req-f85c98b3-749e-43c3-bd07-ac42a3ed3c87 ] Request (ServersWithSpecificFlavorTestJSON:test_verify_created_server_ephemeral_disk): 200 GET http://10.180.1.21/compute/v2.1/servers/f313f1f4-a761-405e-aa0f-a676f6bcc4ef 0.842s
2025-02-12 19:40:38.876 62690 WARNING tempest.lib.common.ssh [-] Failed to establish authenticated ssh connection to cirros@10.180.180.251 ([Errno None] Unable to connect to port 22 on 10.180.180.251). Number attempts: 10. Retry after 11 seconds.: paramiko.ssh_exception.NoValidConnectionsError: [Errno None] Unable to connect to port 22 on 10.180.180.251
2025-02-12 19:40:38.929 62720 INFO tempest.lib.common.rest_client [req-743e0619-6ba7-437b-ae8c-8a6feb053cb1 req-743e0619-6ba7-437b-ae8c-8a6feb053cb1 ] Request (ImagesOneServerNegativeTestJSON:_run_cleanups): 404 GET http://10.180.1.21/compute/v2.1/servers/bc34c2d9-69e1-4d65-8d0f-efdfd2b73814 0.702s
2025-02-12 19:40:39.070 62686 INFO tempest.lib.common.rest_client [req-ca40e48d-7662-48f3-9092-40f404cdd3d9 req-ca40e48d-7662-48f3-9092-40f404cdd3d9 ] Request (ServersTestBootFromVolume:tearDownClass): 200 GET http://10.180.1.21/compute/v2.1/servers/75908b19-4042-4f7e-b50a-8d0255bebd6f 0.851s
2025-02-12 19:40:39.151 62702 INFO tempest.lib.common.rest_client [req-f7894044-79ec-4bdd-a5be-92cd469ba752 req-f7894044-79ec-4bdd-a5be-92cd469ba752 ] Request (VolumesAssistedSnapshotsTest:_run_cleanups): 404 GET http://10.180.1.21/volume/v3/volumes/54691010-457d-42e2-80fb-123770286820 0.030s
2025-02-12 19:40:39.158 62732 INFO tempest.lib.common.rest_client [req-cab4ca1e-a3f9-47a8-ad4d-c48f209886b9 req-cab4ca1e-a3f9-47a8-ad4d-c48f209886b9 ] Request (ImagesMetadataNegativeTestJSON:tearDownClass): 200 GET http://10.180.1.21:9696/networking/v2.0/security-groups?tenant_id=7224c9dc28f548ee9a888567c3ed0536&name=default 0.352s
2025-02-12 19:40:39.181 62692 INFO tempest.lib.common.rest_client [req-5ce6c5f8-eb78-4c3e-92b4-0faf6e307a8d req-5ce6c5f8-eb78-4c3e-92b4-0faf6e307a8d ] Request (ServersNegativeTestMultiTenantJSON:setUpClass): 200 PUT http://10.180.1.21:9696/networking/v2.0/routers/fa8e5304-02fb-4489-b5b6-c97697f2c9ec/add_router_interface 2.409s
2025-02-12 19:40:39.182 62692 INFO tempest.lib.common.dynamic_creds [-] Created isolated network resources for: credentials: Credentials: {'domain_id': 'default', 'domain_name': 'Default', 'username': 'tempest-ServersNegativeTestMultiTenantJSON-222021930-project-member', 'project_domain_id': 'default', 'project_domain_name': 'Default', 'project_id': '4a09eba3432b4347be9602e0a9ca8eeb', 'project_name': 'tempest-ServersNegativeTestMultiTenantJSON-222021930', 'tenant_id': '4a09eba3432b4347be9602e0a9ca8eeb', 'tenant_name': 'tempest-ServersNegativeTestMultiTenantJSON-222021930', 'user_domain_id': 'default', 'user_domain_name': 'Default', 'user_id': 'b66170684e8541bbafacc1cff659dcfb', 'system': None}, Network: {'id': 'fee96628-20cd-4028-9657-7968db60c507', 'name': 'tempest-ServersNegativeTestMultiTenantJSON-975469001-network', 'tenant_id': '4a09eba3432b4347be9602e0a9ca8eeb', 'admin_state_up': True, 'mtu': 8950, 'status': 'ACTIVE', 'subnets': [], 'shared': False, 'project_id': '4a09eba3432b4347be9602e0a9ca8eeb', 'port_security_enabled': True, 'router:external': False, 'provider:network_type': 'vlan', 'provider:physical_network': 'default', 'provider:segmentation_id': 398, 'availability_zone_hints': [], 'availability_zones': [], 'ipv4_address_scope': None, 'ipv6_address_scope': None, 'description': '', 'tags': [], 'created_at': '2025-02-12T19:40:34Z', 'updated_at': '2025-02-12T19:40:34Z', 'revision_number': 1}, Subnet: {'id': 'cf46f4c1-2f24-4b7d-ad07-0ffd2dc44f39', 'name': 'tempest-ServersNegativeTestMultiTenantJSON-975469001-subnet', 'tenant_id': '4a09eba3432b4347be9602e0a9ca8eeb', 'network_id': 'fee96628-20cd-4028-9657-7968db60c507', 'ip_version': 4, 'subnetpool_id': None, 'enable_dhcp': True, 'ipv6_ra_mode': None, 'ipv6_address_mode': None, 'gateway_ip': '192.168.128.1', 'cidr': '192.168.128.0/28', 'allocation_pools': [{'start': '192.168.128.2', 'end': '192.168.128.14'}], 'host_routes': [], 'dns_nameservers': [], 'description': '', 'router:external': False, 'service_types': [], 'tags': [], 'created_at': '2025-02-12T19:40:34Z', 'updated_at': '2025-02-12T19:40:34Z', 'revision_number': 0, 'project_id': '4a09eba3432b4347be9602e0a9ca8eeb'}, Router: {'id': 'fa8e5304-02fb-4489-b5b6-c97697f2c9ec', 'name': 'tempest-ServersNegativeTestMultiTenantJSON-975469001-router', 'tenant_id': '4a09eba3432b4347be9602e0a9ca8eeb', 'admin_state_up': True, 'status': 'ACTIVE', 'external_gateway_info': {'network_id': 'acb80cd9-fad7-4f23-b17f-081a4a58475e', 'external_fixed_ips': [{'subnet_id': 'bfc2d022-be76-436d-a3e9-58d0cafba07c', 'ip_address': '10.180.180.224'}], 'enable_snat': True}, 'description': '', 'availability_zones': [], 'distributed': False, 'ha': False, 'availability_zone_hints': [], 'routes': [], 'flavor_id': None, 'tags': [], 'created_at': '2025-02-12T19:40:35Z', 'updated_at': '2025-02-12T19:40:36Z', 'revision_number': 2, 'project_id': '4a09eba3432b4347be9602e0a9ca8eeb'}
2025-02-12 19:40:39.215 62682 INFO tempest.lib.common.rest_client [req-f0c9d195-5c78-4196-aedc-7b53ad64e46e req-f0c9d195-5c78-4196-aedc-7b53ad64e46e ] Request (ImagesTestJSON:test_create_image_from_suspended_server): 200 GET http://10.180.1.21/compute/v2.1/servers/f8a27fd4-5e78-446f-8784-d73da9815f59 0.910s
2025-02-12 19:40:39.322 62722 INFO tempest.lib.common.rest_client [req-039ca0f3-2cd5-4ab3-b404-4c4b7f7244d4 req-039ca0f3-2cd5-4ab3-b404-4c4b7f7244d4 ] Request (ServersAdmin275Test:tearDownClass): 200 GET http://10.180.1.21/compute/v2.1/servers/0b810725-d832-4760-b60b-ec2c6ace3050 0.888s
2025-02-12 19:40:39.323 62692 INFO tempest.lib.common.rest_client [req-a37faa3b-1273-4ec4-917a-6c23d8e1a4a1 req-a37faa3b-1273-4ec4-917a-6c23d8e1a4a1 ] Request (ServersNegativeTestMultiTenantJSON:setUpClass): 201 POST http://10.180.1.21/identity/v3/auth/tokens 0.137s
2025-02-12 19:40:39.406 62738 INFO tempest.lib.common.rest_client [req-40123c2c-83ec-4152-8e06-fa2d5d49814c req-40123c2c-83ec-4152-8e06-fa2d5d49814c ] Request (ServersAdminTestJSON:test_inject_network_info): 200 GET http://10.180.1.21/compute/v2.1/servers/70cf9c0f-457f-4a50-b07a-4f6939d9d7e6 0.897s
2025-02-12 19:40:39.443 62692 INFO tempest.lib.common.rest_client [req-f524fb36-01e3-445b-a854-29874e4b004e req-f524fb36-01e3-445b-a854-29874e4b004e ] Request (ServersNegativeTestMultiTenantJSON:setUpClass): 201 POST http://10.180.1.21/identity/v3/projects 0.119s
2025-02-12 19:40:39.534 62732 INFO tempest.lib.common.rest_client [req-3d3cbbd4-f262-42f0-8904-925d16d1a0a7 req-3d3cbbd4-f262-42f0-8904-925d16d1a0a7 ] Request (ImagesMetadataNegativeTestJSON:tearDownClass): 204 DELETE http://10.180.1.21:9696/networking/v2.0/security-groups/bd24edf7-48c2-4ede-bfc2-f5f3f4eccb7a 0.375s
2025-02-12 19:40:39.589 62728 INFO tempest.lib.common.rest_client [req-82fdf97f-7440-41b8-84e7-db978a03e85e req-82fdf97f-7440-41b8-84e7-db978a03e85e ] Request (ServerAddressesTestJSON:setUpClass): 200 GET http://10.180.1.21/compute/v2.1/servers/8e82b9f3-02b0-401c-bbad-1158770da84b 0.967s
2025-02-12 19:40:39.590 62692 INFO tempest.lib.common.rest_client [req-5d6d814b-f8a2-4e85-814b-02fa52fb22b9 req-5d6d814b-f8a2-4e85-814b-02fa52fb22b9 ] Request (ServersNegativeTestMultiTenantJSON:setUpClass): 201 POST http://10.180.1.21/identity/v3/users 0.147s
2025-02-12 19:40:39.629 62692 INFO tempest.lib.common.rest_client [req-43632eb6-ea17-4f24-bfd5-bbc55450f15f req-43632eb6-ea17-4f24-bfd5-bbc55450f15f ] Request (ServersNegativeTestMultiTenantJSON:setUpClass): 200 GET http://10.180.1.21/identity/v3/roles 0.038s
2025-02-12 19:40:39.680 62718 INFO tempest.lib.common.rest_client [req-65f42561-3d57-4f62-860d-40d405b38234 req-65f42561-3d57-4f62-860d-40d405b38234 ] Request (ServerActionsTestOtherB:test_create_backup): 202 POST http://10.180.1.21/compute/v2.1/servers/1baeefa4-6b4f-4f68-91e5-d02645d64d34/action 1.391s
2025-02-12 19:40:39.697 62692 INFO tempest.lib.common.rest_client [req-3ba04f61-3597-42e9-b6c4-e5f2f20632c0 req-3ba04f61-3597-42e9-b6c4-e5f2f20632c0 ] Request (ServersNegativeTestMultiTenantJSON:setUpClass): 204 PUT http://10.180.1.21/identity/v3/projects/478cef3270a2405487d8c9a98ef2b6e8/users/e5fc0a5560c14bfa9b3fa02a95327916/roles/816911377d77432aabced94a816472cc 0.068s
2025-02-12 19:40:39.697 62692 INFO tempest.lib.common.dynamic_creds [-] Dynamic test user e5fc0a5560c14bfa9b3fa02a95327916 is created with scope project and roles: ['member']
2025-02-12 19:40:39.697 62692 INFO tempest.lib.common.dynamic_creds [-] Acquired dynamic creds: credentials: Credentials: {'domain_id': 'default', 'domain_name': 'Default', 'username': 'tempest-ServersNegativeTestMultiTenantJSON-538369271-project-member', 'project_domain_id': 'default', 'project_domain_name': 'Default', 'project_id': '478cef3270a2405487d8c9a98ef2b6e8', 'project_name': 'tempest-ServersNegativeTestMultiTenantJSON-538369271', 'tenant_id': '478cef3270a2405487d8c9a98ef2b6e8', 'tenant_name': 'tempest-ServersNegativeTestMultiTenantJSON-538369271', 'user_domain_id': 'default', 'user_domain_name': 'Default', 'user_id': 'e5fc0a5560c14bfa9b3fa02a95327916', 'system': None}, Network: None, Subnet: None, Router: None
2025-02-12 19:40:39.713 62718 INFO tempest.lib.common.rest_client [req-17bb5c7c-b621-4c9d-ab4b-ae4972e7a020 req-17bb5c7c-b621-4c9d-ab4b-ae4972e7a020 ] Request (ServerActionsTestOtherB:test_create_backup): 200 GET http://10.180.1.21/image/v2/images/027ca20a-44a1-4969-814b-7fceda462863 0.032s
2025-02-12 19:40:39.743 62694 INFO tempest.lib.common.rest_client [req-7fb090f1-e4c3-448c-9a41-09e2b77517d4 req-7fb090f1-e4c3-448c-9a41-09e2b77517d4 ] Request (SecurityGroupsTestJSON:test_server_security_groups): 200 GET http://10.180.1.21/compute/v2.1/servers/37190642-6f6c-4837-8080-a4d472e9bca0 1.114s
2025-02-12 19:40:39.795 62732 INFO tempest.lib.common.rest_client [req-33928c00-3e04-47f5-ab2d-df9e8d01aca0 req-33928c00-3e04-47f5-ab2d-df9e8d01aca0 ] Request (ImagesMetadataNegativeTestJSON:tearDownClass): 204 DELETE http://10.180.1.21/identity/v3/projects/7224c9dc28f548ee9a888567c3ed0536 0.260s
2025-02-12 19:40:39.804 62716 INFO tempest.lib.common.rest_client [req-a7850639-c875-411b-a612-15adc089ffaa req-a7850639-c875-411b-a612-15adc089ffaa ] Request (ListImageFiltersTestJSON:setUpClass): 200 GET http://10.180.1.21/compute/v2.1/servers/a2e401f8-0237-45cb-88f2-06058dfc079e 1.101s
2025-02-12 19:40:39.813 62714 INFO tempest.lib.common.rest_client [req-9d6941ca-42f9-48ff-b8c5-ac60e69e6bea req-9d6941ca-42f9-48ff-b8c5-ac60e69e6bea ] Request (VolumesAdminNegativeTest:test_update_attached_volume_with_nonexistent_volume_in_uri): 200 GET http://10.180.1.21/compute/v2.1/servers/8ac71684-9546-48d7-ad0b-195e04f75eb1 1.087s
2025-02-12 19:40:39.916 62732 INFO tempest.lib.common.rest_client [req-047475a8-df1c-43be-af57-0347c57fb4c6 req-047475a8-df1c-43be-af57-0347c57fb4c6 ] Request (ServerTagsTestJSON:setUpClass): 201 POST http://10.180.1.21/identity/v3/auth/tokens 0.119s
2025-02-12 19:40:39.949 62704 INFO tempest.lib.common.rest_client [req-24f14827-1937-4a85-8b0d-5e044ee908c6 req-24f14827-1937-4a85-8b0d-5e044ee908c6 ] Request (ServersAdminNegativeTestJSON:tearDownClass): 200 GET http://10.180.1.21/compute/v2.1/servers/6dd54a20-72b1-4704-91bb-ef10a0a2db8c 1.134s
2025-02-12 19:40:39.951 62732 INFO tempest.lib.common.rest_client [req-9db124f3-3749-4512-bc46-353509359388 req-9db124f3-3749-4512-bc46-353509359388 ] Request (ServerTagsTestJSON:setUpClass): 201 POST http://10.180.1.21/identity/v3/auth/tokens 0.033s
2025-02-12 19:40:39.984 62732 INFO tempest.lib.common.rest_client [req-8a045149-d3d0-44cc-8db0-bcec440a4b9c req-8a045149-d3d0-44cc-8db0-bcec440a4b9c ] Request (ServerTagsTestJSON:setUpClass): 200 GET http://10.180.1.21/identity/v3/domains?name=Default 0.033s
2025-02-12 19:40:39.993 62712 INFO tempest.lib.common.rest_client [req-fb71d0ba-32e6-4138-bbb5-5ce9f2ebae47 req-fb71d0ba-32e6-4138-bbb5-5ce9f2ebae47 ] Request (ServerRescueTestJSONUnderV235:setUpClass): 200 GET http://10.180.1.21/compute/v2.1/servers/77921f9a-d424-4bb8-876d-9325ef329e6c 1.066s
2025-02-12 19:40:40.034 62732 INFO tempest.lib.common.rest_client [req-019890b0-a26a-43dd-8e4d-498904082bba req-019890b0-a26a-43dd-8e4d-498904082bba ] Request (ServerTagsTestJSON:setUpClass): 201 POST http://10.180.1.21/identity/v3/projects 0.049s
2025-02-12 19:40:40.046 62720 INFO tempest.lib.common.rest_client [req-f697ab3c-1954-44e3-8c54-4a7a683612b0 req-f697ab3c-1954-44e3-8c54-4a7a683612b0 ] Request (ImagesOneServerNegativeTestJSON:_run_cleanups): 200 POST http://10.180.1.21/compute/v2.1/os-keypairs 1.114s
2025-02-12 19:40:40.086 62698 INFO tempest.lib.common.rest_client [req-8b2c5aad-cb6c-438a-8e2e-ffa13951c819 req-8b2c5aad-cb6c-438a-8e2e-ffa13951c819 ] Request (ServerRescueNegativeTestJSON:test_rescued_vm_detach_volume): 200 GET http://10.180.1.21/compute/v2.1/servers/e5cb70a0-b975-42f4-a7e9-d94451db1391 1.075s
2025-02-12 19:40:40.130 62736 INFO tempest.lib.common.rest_client [req-dbd8bd9d-64fe-40d1-8fff-a15aed229459 req-dbd8bd9d-64fe-40d1-8fff-a15aed229459 ] Request (ServersAaction247Test:tearDownClass): 200 GET http://10.180.1.21/compute/v2.1/servers/2a62103a-6e07-4750-a992-3787b0622e11 1.002s
2025-02-12 19:40:40.169 62732 INFO tempest.lib.common.rest_client [req-ec3f4499-4a31-440e-a7bd-f668fe3a491d req-ec3f4499-4a31-440e-a7bd-f668fe3a491d ] Request (ServerTagsTestJSON:setUpClass): 201 POST http://10.180.1.21/identity/v3/users 0.134s
2025-02-12 19:40:40.217 62732 INFO tempest.lib.common.rest_client [req-f8dc1b80-0ad6-44f9-b9c4-c9a84dc2c655 req-f8dc1b80-0ad6-44f9-b9c4-c9a84dc2c655 ] Request (ServerTagsTestJSON:setUpClass): 200 GET http://10.180.1.21/identity/v3/roles 0.047s
2025-02-12 19:40:40.227 62720 INFO tempest.lib.common.rest_client [req-6ca5d78b-237e-45c1-906e-8452ec04fcd9 req-6ca5d78b-237e-45c1-906e-8452ec04fcd9 ] Request (ImagesOneServerNegativeTestJSON:_run_cleanups): 201 POST http://10.180.1.21:9696/networking/v2.0/security-groups 0.180s
2025-02-12 19:40:40.253 62692 INFO tempest.lib.common.rest_client [req-dd3dff21-12bd-4379-b5dc-8cdc8dd301c1 req-dd3dff21-12bd-4379-b5dc-8cdc8dd301c1 ] Request (ServersNegativeTestMultiTenantJSON:setUpClass): 201 POST http://10.180.1.21:9696/networking/v2.0/networks 0.555s
2025-02-12 19:40:40.269 62732 INFO tempest.lib.common.rest_client [req-6e2a8cd9-67af-44b7-ac48-da209f48e090 req-6e2a8cd9-67af-44b7-ac48-da209f48e090 ] Request (ServerTagsTestJSON:setUpClass): 204 PUT http://10.180.1.21/identity/v3/projects/c6091687cd34408ca22e9a589a2e7ab5/users/0f3e474d1f4d4d7ab1205cd365e1bcac/roles/816911377d77432aabced94a816472cc 0.052s
2025-02-12 19:40:40.269 62732 INFO tempest.lib.common.dynamic_creds [-] Dynamic test user 0f3e474d1f4d4d7ab1205cd365e1bcac is created with scope project and roles: ['member']
2025-02-12 19:40:40.269 62732 INFO tempest.lib.common.dynamic_creds [-] Acquired dynamic creds: credentials: Credentials: {'domain_id': 'default', 'domain_name': 'Default', 'username': 'tempest-ServerTagsTestJSON-1693166192-project-member', 'project_domain_id': 'default', 'project_domain_name': 'Default', 'project_id': 'c6091687cd34408ca22e9a589a2e7ab5', 'project_name': 'tempest-ServerTagsTestJSON-1693166192', 'tenant_id': 'c6091687cd34408ca22e9a589a2e7ab5', 'tenant_name': 'tempest-ServerTagsTestJSON-1693166192', 'user_domain_id': 'default', 'user_domain_name': 'Default', 'user_id': '0f3e474d1f4d4d7ab1205cd365e1bcac', 'system': None}, Network: None, Subnet: None, Router: None
2025-02-12 19:40:40.289 62702 INFO tempest.lib.common.rest_client [req-7d7fec9d-44b2-4ff2-862f-cf9d31463195 req-7d7fec9d-44b2-4ff2-862f-cf9d31463195 ] Request (VolumesAssistedSnapshotsTest:tearDownClass): 204 DELETE http://10.180.1.21/compute/v2.1/servers/1ff62a80-6e78-465f-b9c8-3a2107ebcf8e 1.132s
2025-02-12 19:40:40.314 62744 INFO tempest.lib.common.rest_client [req-c3625d18-5199-4f26-aa4d-8681ce282580 req-c3625d18-5199-4f26-aa4d-8681ce282580 ] Request (MultipleCreateTestJSON:test_multiple_create): 200 GET http://10.180.1.21/compute/v2.1/servers/edb5b881-6836-49cd-88c3-4dc5892cb855 1.094s
2025-02-12 19:40:40.325 62744 INFO tempest.common.waiters [-] State transition "BUILD/block_device_mapping" ==> "BUILD/spawning" after 62 second wait
2025-02-12 19:40:40.403 62732 INFO tempest.lib.common.rest_client [req-b18d4a26-8ab8-4653-a473-b84d1dd55304 req-b18d4a26-8ab8-4653-a473-b84d1dd55304 ] Request (ServerTagsTestJSON:setUpClass): 201 POST http://10.180.1.21/identity/v3/auth/tokens 0.133s
2025-02-12 19:40:40.433 62720 INFO tempest.lib.common.rest_client [req-b32f42ed-4599-4884-a911-5f96feeb90dd req-b32f42ed-4599-4884-a911-5f96feeb90dd ] Request (ImagesOneServerNegativeTestJSON:_run_cleanups): 201 POST http://10.180.1.21:9696/networking/v2.0/security-group-rules 0.205s
2025-02-12 19:40:40.557 62720 INFO tempest.lib.common.rest_client [req-28c70e0b-9311-4912-a5a8-8aac454fe991 req-28c70e0b-9311-4912-a5a8-8aac454fe991 ] Request (ImagesOneServerNegativeTestJSON:_run_cleanups): 201 POST http://10.180.1.21:9696/networking/v2.0/security-group-rules 0.124s
2025-02-12 19:40:40.582 62688 INFO tempest.lib.common.rest_client [req-a11adcdc-1419-4047-a895-b42929675b96 req-a11adcdc-1419-4047-a895-b42929675b96 ] Request (MigrationsAdminTest:test_list_migrations_in_flavor_resize_situation): 200 GET http://10.180.1.21/compute/v2.1/servers/d31cec87-f24e-40d0-aa22-462f2eb62ea2 0.844s
2025-02-12 19:40:40.583 62700 INFO tempest.lib.common.rest_client [req-6bba01e0-9db6-494d-9ff2-128e5633765a req-6bba01e0-9db6-494d-9ff2-128e5633765a ] Request (ServerRescueTestJSON:setUpClass): 200 GET http://10.180.1.21/compute/v2.1/servers/7ea8e176-5744-4efd-85c3-f2a4511ffd4a 0.803s
2025-02-12 19:40:40.667 62684 INFO tempest.lib.common.rest_client [req-803a714c-ee99-4a6a-ba1e-3153e2a7048f req-803a714c-ee99-4a6a-ba1e-3153e2a7048f ] Request (ServersNegativeTestJSON:setUpClass): 200 GET http://10.180.1.21/compute/v2.1/servers/7f8a52a3-3ff7-442f-9006-8f0711b0d045 0.786s
2025-02-12 19:40:40.675 62710 INFO tempest.lib.common.rest_client [req-d790222c-23ab-4ff8-85aa-2e4d633db7cf req-d790222c-23ab-4ff8-85aa-2e4d633db7cf ] Request (ServersWithSpecificFlavorTestJSON:test_verify_created_server_ephemeral_disk): 200 GET http://10.180.1.21/compute/v2.1/servers/f313f1f4-a761-405e-aa0f-a676f6bcc4ef 0.796s
2025-02-12 19:40:40.742 62682 INFO tempest.lib.common.rest_client [req-34b6a172-7ea4-4970-b2f6-586abfe3059e req-34b6a172-7ea4-4970-b2f6-586abfe3059e ] Request (ImagesTestJSON:test_create_image_from_suspended_server): 200 GET http://10.180.1.21/compute/v2.1/servers/f8a27fd4-5e78-446f-8784-d73da9815f59 0.514s
2025-02-12 19:40:40.757 62718 INFO tempest.lib.common.rest_client [req-41dc8dab-fbbe-4313-aa96-a118958f4efa req-41dc8dab-fbbe-4313-aa96-a118958f4efa ] Request (ServerActionsTestOtherB:test_create_backup): 200 GET http://10.180.1.21/image/v2/images/027ca20a-44a1-4969-814b-7fceda462863 0.043s
2025-02-12 19:40:40.803 62692 INFO tempest.lib.common.rest_client [req-43044aae-fba5-41ab-9852-6115a23cc952 req-43044aae-fba5-41ab-9852-6115a23cc952 ] Request (ServersNegativeTestMultiTenantJSON:setUpClass): 201 POST http://10.180.1.21:9696/networking/v2.0/subnets 0.549s
2025-02-12 19:40:40.923 62686 INFO tempest.lib.common.rest_client [req-53922cfc-f329-4f81-a3c6-1e0d93346cd1 req-53922cfc-f329-4f81-a3c6-1e0d93346cd1 ] Request (ServersTestBootFromVolume:tearDownClass): 200 GET http://10.180.1.21/compute/v2.1/servers/75908b19-4042-4f7e-b50a-8d0255bebd6f 0.844s
2025-02-12 19:40:40.956 62702 INFO tempest.lib.common.rest_client [req-daa9b03a-1911-4095-b8ac-c510709d54c4 req-daa9b03a-1911-4095-b8ac-c510709d54c4 ] Request (VolumesAssistedSnapshotsTest:tearDownClass): 200 GET http://10.180.1.21/compute/v2.1/servers/1ff62a80-6e78-465f-b9c8-3a2107ebcf8e 0.667s
2025-02-12 19:40:41.032 62732 INFO tempest.lib.common.rest_client [req-c099a146-88d6-4859-b793-3c2db81943ff req-c099a146-88d6-4859-b793-3c2db81943ff ] Request (ServerTagsTestJSON:setUpClass): 201 POST http://10.180.1.21:9696/networking/v2.0/networks 0.628s
2025-02-12 19:40:41.033 62738 INFO tempest.lib.common.rest_client [req-bfea3d06-026a-4448-831f-4becd522f066 req-bfea3d06-026a-4448-831f-4becd522f066 ] Request (ServersAdminTestJSON:test_inject_network_info): 200 GET http://10.180.1.21/compute/v2.1/servers/70cf9c0f-457f-4a50-b07a-4f6939d9d7e6 0.612s
2025-02-12 19:40:41.044 62722 INFO tempest.lib.common.rest_client [req-3d3ef598-485d-45ad-a959-1b612ac231df req-3d3ef598-485d-45ad-a959-1b612ac231df ] Request (ServersAdmin275Test:tearDownClass): 200 GET http://10.180.1.21/compute/v2.1/servers/0b810725-d832-4760-b60b-ec2c6ace3050 0.697s
2025-02-12 19:40:41.121 62728 INFO tempest.lib.common.rest_client [req-30a8cac7-0332-4ea9-aa51-efa8ea0bfaa9 req-30a8cac7-0332-4ea9-aa51-efa8ea0bfaa9 ] Request (ServerAddressesTestJSON:setUpClass): 200 GET http://10.180.1.21/compute/v2.1/servers/8e82b9f3-02b0-401c-bbad-1158770da84b 0.520s
2025-02-12 19:40:41.171 62694 INFO tempest.lib.common.rest_client [req-0bb68e91-d250-4773-ac57-60994dad8e5a req-0bb68e91-d250-4773-ac57-60994dad8e5a ] Request (SecurityGroupsTestJSON:test_server_security_groups): 200 GET http://10.180.1.21/compute/v2.1/servers/37190642-6f6c-4837-8080-a4d472e9bca0 0.419s
2025-02-12 19:40:41.231 62716 INFO tempest.lib.common.rest_client [req-1fd1049b-34d4-4139-8f8d-d731818a250c req-1fd1049b-34d4-4139-8f8d-d731818a250c ] Request (ListImageFiltersTestJSON:setUpClass): 200 GET http://10.180.1.21/compute/v2.1/servers/a2e401f8-0237-45cb-88f2-06058dfc079e 0.416s
2025-02-12 19:40:41.242 62714 INFO tempest.lib.common.rest_client [req-d2b1d54e-5218-47ae-9e0c-0bc572d153c9 req-d2b1d54e-5218-47ae-9e0c-0bc572d153c9 ] Request (VolumesAdminNegativeTest:test_update_attached_volume_with_nonexistent_volume_in_uri): 200 GET http://10.180.1.21/compute/v2.1/servers/8ac71684-9546-48d7-ad0b-195e04f75eb1 0.416s
2025-02-12 19:40:41.318 62704 INFO tempest.lib.common.rest_client [req-38c519cf-ab16-455f-b818-3ae54ecf82ab req-38c519cf-ab16-455f-b818-3ae54ecf82ab ] Request (ServersAdminNegativeTestJSON:tearDownClass): 200 GET http://10.180.1.21/compute/v2.1/servers/6dd54a20-72b1-4704-91bb-ef10a0a2db8c 0.352s
2025-02-12 19:40:41.372 62698 INFO tempest.lib.common.rest_client [req-4c5f5371-4e9a-4d17-a587-32760479133f req-4c5f5371-4e9a-4d17-a587-32760479133f ] Request (ServerRescueNegativeTestJSON:test_rescued_vm_detach_volume): 200 GET http://10.180.1.21/compute/v2.1/servers/e5cb70a0-b975-42f4-a7e9-d94451db1391 0.276s
2025-02-12 19:40:41.437 62736 INFO tempest.lib.common.rest_client [req-9db8b7b4-f8c3-4758-942f-eacdd28a08c0 req-9db8b7b4-f8c3-4758-942f-eacdd28a08c0 ] Request (ServersAaction247Test:tearDownClass): 200 GET http://10.180.1.21/compute/v2.1/servers/2a62103a-6e07-4750-a992-3787b0622e11 0.297s
2025-02-12 19:40:41.614 62744 INFO tempest.lib.common.rest_client [req-6e01c8c0-3d6d-4939-a4b2-d90814e80ce5 req-6e01c8c0-3d6d-4939-a4b2-d90814e80ce5 ] Request (MultipleCreateTestJSON:test_multiple_create): 200 GET http://10.180.1.21/compute/v2.1/servers/edb5b881-6836-49cd-88c3-4dc5892cb855 0.286s
2025-02-12 19:40:41.668 62712 INFO tempest.lib.common.rest_client [req-66c14717-c229-472e-852f-bf252b9f3496 req-66c14717-c229-472e-852f-bf252b9f3496 ] Request (ServerRescueTestJSONUnderV235:setUpClass): 200 GET http://10.180.1.21/compute/v2.1/servers/77921f9a-d424-4bb8-876d-9325ef329e6c 0.667s
2025-02-12 19:40:41.678 62712 INFO tempest.common.waiters [-] State transition "BUILD/spawning" ==> "ACTIVE/None" after 70 second wait
2025-02-12 19:40:41.806 62718 INFO tempest.lib.common.rest_client [req-0c7c78d5-7ace-4414-8cb3-f0282d272dd3 req-0c7c78d5-7ace-4414-8cb3-f0282d272dd3 ] Request (ServerActionsTestOtherB:test_create_backup): 200 GET http://10.180.1.21/image/v2/images/027ca20a-44a1-4969-814b-7fceda462863 0.049s
2025-02-12 19:40:41.841 62688 INFO tempest.lib.common.rest_client [req-11273bb4-1707-4239-af4e-00f8a3716d8b req-11273bb4-1707-4239-af4e-00f8a3716d8b ] Request (MigrationsAdminTest:test_list_migrations_in_flavor_resize_situation): 200 GET http://10.180.1.21/compute/v2.1/servers/d31cec87-f24e-40d0-aa22-462f2eb62ea2 0.244s
2025-02-12 19:40:41.880 62700 INFO tempest.lib.common.rest_client [req-f295708c-eddc-4b6a-9cd2-dfa526f7ff50 req-f295708c-eddc-4b6a-9cd2-dfa526f7ff50 ] Request (ServerRescueTestJSON:setUpClass): 200 GET http://10.180.1.21/compute/v2.1/servers/7ea8e176-5744-4efd-85c3-f2a4511ffd4a 0.281s
2025-02-12 19:40:41.910 62720 INFO tempest.lib.common.rest_client [req-8d36692e-7783-4278-a57d-002eaad74e61 req-8d36692e-7783-4278-a57d-002eaad74e61 ] Request (ImagesOneServerNegativeTestJSON:_run_cleanups): 201 POST http://10.180.1.21:9696/networking/v2.0/floatingips 1.352s
2025-02-12 19:40:41.973 62732 INFO tempest.lib.common.rest_client [req-99f65659-2208-4ef4-a8bd-291a5d077b06 req-99f65659-2208-4ef4-a8bd-291a5d077b06 ] Request (ServerTagsTestJSON:setUpClass): 201 POST http://10.180.1.21:9696/networking/v2.0/subnets 0.940s
2025-02-12 19:40:42.044 62684 INFO tempest.lib.common.rest_client [req-8ab2cc1a-d690-4525-be1d-6db78ecdc6a9 req-8ab2cc1a-d690-4525-be1d-6db78ecdc6a9 ] Request (ServersNegativeTestJSON:setUpClass): 200 GET http://10.180.1.21/compute/v2.1/servers/7f8a52a3-3ff7-442f-9006-8f0711b0d045 0.365s
2025-02-12 19:40:42.117 62720 INFO tempest.lib.common.rest_client [req-b34b925c-9918-452f-bfcf-8a03ddc0252c req-b34b925c-9918-452f-bfcf-8a03ddc0252c ] Request (ImagesOneServerNegativeTestJSON:_run_cleanups): 201 POST http://10.180.1.21/identity/v3/auth/tokens 0.203s
2025-02-12 19:40:42.117 62720 INFO tempest.lib.common.fixed_network [-] (ImagesOneServerNegativeTestJSON:_run_cleanups) Found network {'id': '41d9df8a-9cfb-45dd-83ac-ee969190b1af', 'name': 'tempest-ImagesOneServerNegativeTestJSON-2113703358-network', 'tenant_id': '74b856a0f1e742618ae294e6e88ccf4d', 'admin_state_up': True, 'mtu': 8950, 'status': 'ACTIVE', 'subnets': [], 'shared': False, 'project_id': '74b856a0f1e742618ae294e6e88ccf4d', 'port_security_enabled': True, 'router:external': False, 'provider:network_type': 'vlan', 'provider:physical_network': 'default', 'provider:segmentation_id': 843, 'availability_zone_hints': [], 'availability_zones': [], 'ipv4_address_scope': None, 'ipv6_address_scope': None, 'description': '', 'tags': [], 'created_at': '2025-02-12T19:38:33Z', 'updated_at': '2025-02-12T19:38:33Z', 'revision_number': 1} available for tenant
2025-02-12 19:40:42.148 62710 INFO tempest.lib.common.rest_client [req-14f9ee6c-b6d5-460d-8bd6-0202451016c6 req-14f9ee6c-b6d5-460d-8bd6-0202451016c6 ] Request (ServersWithSpecificFlavorTestJSON:test_verify_created_server_ephemeral_disk): 200 GET http://10.180.1.21/compute/v2.1/servers/f313f1f4-a761-405e-aa0f-a676f6bcc4ef 0.459s
2025-02-12 19:40:42.161 62712 INFO tempest.lib.common.rest_client [req-c68ccc1c-3835-4677-9622-5ee91142466b req-c68ccc1c-3835-4677-9622-5ee91142466b ] Request (ServerRescueTestJSONUnderV235:setUpClass): 200 POST http://10.180.1.21/compute/v2.1/servers/77921f9a-d424-4bb8-876d-9325ef329e6c/action 0.483s
2025-02-12 19:40:42.213 62682 INFO tempest.lib.common.rest_client [req-eb950f3d-cf92-411c-bd2e-0987efc795f3 req-eb950f3d-cf92-411c-bd2e-0987efc795f3 ] Request (ImagesTestJSON:test_create_image_from_suspended_server): 200 GET http://10.180.1.21/compute/v2.1/servers/f8a27fd4-5e78-446f-8784-d73da9815f59 0.461s
2025-02-12 19:40:42.223 62682 INFO tempest.common.waiters [-] State transition "BUILD/scheduling" ==> "BUILD/None" after 16 second wait
2025-02-12 19:40:42.796 62702 INFO tempest.lib.common.rest_client [req-decb5ea4-0845-4244-bff7-712170e5890c req-decb5ea4-0845-4244-bff7-712170e5890c ] Request (VolumesAssistedSnapshotsTest:tearDownClass): 200 GET http://10.180.1.21/compute/v2.1/servers/1ff62a80-6e78-465f-b9c8-3a2107ebcf8e 0.823s
2025-02-12 19:40:42.800 62686 INFO tempest.lib.common.rest_client [req-29c4bd7c-6fc5-4d62-9049-f600816eb29e req-29c4bd7c-6fc5-4d62-9049-f600816eb29e ] Request (ServersTestBootFromVolume:tearDownClass): 200 GET http://10.180.1.21/compute/v2.1/servers/75908b19-4042-4f7e-b50a-8d0255bebd6f 0.864s
2025-02-12 19:40:42.851 62718 INFO tempest.lib.common.rest_client [req-0f8c91ef-692b-416f-992e-fa1eeb737ba9 req-0f8c91ef-692b-416f-992e-fa1eeb737ba9 ] Request (ServerActionsTestOtherB:test_create_backup): 200 GET http://10.180.1.21/image/v2/images/027ca20a-44a1-4969-814b-7fceda462863 0.043s
2025-02-12 19:40:42.950 62738 INFO tempest.lib.common.rest_client [req-799b429a-0881-4c70-aaec-3815b4529d65 req-799b429a-0881-4c70-aaec-3815b4529d65 ] Request (ServersAdminTestJSON:test_inject_network_info): 200 GET http://10.180.1.21/compute/v2.1/servers/70cf9c0f-457f-4a50-b07a-4f6939d9d7e6 0.904s
2025-02-12 19:40:42.955 62692 INFO tempest.lib.common.rest_client [req-02b64df4-79a4-48d3-86ff-52ddb86187a3 req-02b64df4-79a4-48d3-86ff-52ddb86187a3 ] Request (ServersNegativeTestMultiTenantJSON:setUpClass): 201 POST http://10.180.1.21:9696/networking/v2.0/routers 2.151s
2025-02-12 19:40:42.998 62722 INFO tempest.lib.common.rest_client [req-0642d5ee-2c6c-49d3-8d87-69c907799123 req-0642d5ee-2c6c-49d3-8d87-69c907799123 ] Request (ServersAdmin275Test:tearDownClass): 200 GET http://10.180.1.21/compute/v2.1/servers/0b810725-d832-4760-b60b-ec2c6ace3050 0.938s
2025-02-12 19:40:43.083 62728 INFO tempest.lib.common.rest_client [req-b137814f-6c4c-496e-8a88-c67da3fa5fbe req-b137814f-6c4c-496e-8a88-c67da3fa5fbe ] Request (ServerAddressesTestJSON:setUpClass): 200 GET http://10.180.1.21/compute/v2.1/servers/8e82b9f3-02b0-401c-bbad-1158770da84b 0.948s
2025-02-12 19:40:43.254 62712 INFO tempest.lib.common.rest_client [req-25cf1b6d-509d-42fb-9476-6f9a045df635 req-25cf1b6d-509d-42fb-9476-6f9a045df635 ] Request (ServerRescueTestJSONUnderV235:setUpClass): 200 GET http://10.180.1.21/compute/v2.1/servers/77921f9a-d424-4bb8-876d-9325ef329e6c 1.088s
2025-02-12 19:40:43.531 62694 INFO tempest.lib.common.rest_client [req-a9256ec7-23b8-496d-8e4e-c1f0338d3dca req-a9256ec7-23b8-496d-8e4e-c1f0338d3dca ] Request (SecurityGroupsTestJSON:test_server_security_groups): 200 GET http://10.180.1.21/compute/v2.1/servers/37190642-6f6c-4837-8080-a4d472e9bca0 1.352s
2025-02-12 19:40:43.546 62694 INFO tempest.common.waiters [-] State transition "BUILD/spawning" ==> "ACTIVE/None" after 71 second wait
2025-02-12 19:40:43.666 62716 INFO tempest.lib.common.rest_client [req-1455f3ac-61f0-4208-a6ef-482259b92674 req-1455f3ac-61f0-4208-a6ef-482259b92674 ] Request (ListImageFiltersTestJSON:setUpClass): 200 GET http://10.180.1.21/compute/v2.1/servers/a2e401f8-0237-45cb-88f2-06058dfc079e 1.426s
2025-02-12 19:40:43.699 62720 INFO tempest.lib.common.rest_client [req-f183f2fe-de7f-4257-9869-ae1d13b4961e req-f183f2fe-de7f-4257-9869-ae1d13b4961e ] Request (ImagesOneServerNegativeTestJSON:_run_cleanups): 202 POST http://10.180.1.21/compute/v2.1/servers 1.581s
2025-02-12 19:40:43.723 62714 INFO tempest.lib.common.rest_client [req-c2cadea2-6414-4411-89ea-8ec6a70256ae req-c2cadea2-6414-4411-89ea-8ec6a70256ae ] Request (VolumesAdminNegativeTest:test_update_attached_volume_with_nonexistent_volume_in_uri): 200 GET http://10.180.1.21/compute/v2.1/servers/8ac71684-9546-48d7-ad0b-195e04f75eb1 1.471s
2025-02-12 19:40:43.772 62698 INFO tempest.lib.common.rest_client [req-bc9bdc0c-c535-4dab-b36c-a5670835b4bb req-bc9bdc0c-c535-4dab-b36c-a5670835b4bb ] Request (ServerRescueNegativeTestJSON:test_rescued_vm_detach_volume): 200 GET http://10.180.1.21/compute/v2.1/servers/e5cb70a0-b975-42f4-a7e9-d94451db1391 1.391s
2025-02-12 19:40:43.809 62704 INFO tempest.lib.common.rest_client [req-d47cc731-7d36-4e5e-8438-dff39768b8fe req-d47cc731-7d36-4e5e-8438-dff39768b8fe ] Request (ServersAdminNegativeTestJSON:tearDownClass): 200 GET http://10.180.1.21/compute/v2.1/servers/6dd54a20-72b1-4704-91bb-ef10a0a2db8c 1.480s
2025-02-12 19:40:43.884 62718 INFO tempest.lib.common.rest_client [req-faab67b5-8030-4b7d-ad8d-3012502dd040 req-faab67b5-8030-4b7d-ad8d-3012502dd040 ] Request (ServerActionsTestOtherB:test_create_backup): 200 GET http://10.180.1.21/image/v2/images/027ca20a-44a1-4969-814b-7fceda462863 0.032s
2025-02-12 19:40:43.905 62736 INFO tempest.lib.common.rest_client [req-db63b58a-a521-4f00-a057-3da871cf6f0e req-db63b58a-a521-4f00-a057-3da871cf6f0e ] Request (ServersAaction247Test:tearDownClass): 200 GET http://10.180.1.21/compute/v2.1/servers/2a62103a-6e07-4750-a992-3787b0622e11 1.458s
2025-02-12 19:40:43.972 62732 INFO tempest.lib.common.rest_client [req-c8d39ea8-0cae-4065-af29-99e8586c2741 req-c8d39ea8-0cae-4065-af29-99e8586c2741 ] Request (ServerTagsTestJSON:setUpClass): 201 POST http://10.180.1.21:9696/networking/v2.0/routers 1.999s
2025-02-12 19:40:44.008 62744 INFO tempest.lib.common.rest_client [req-a586a5be-5e91-4da1-9685-9f462d0c2b5c req-a586a5be-5e91-4da1-9685-9f462d0c2b5c ] Request (MultipleCreateTestJSON:test_multiple_create): 200 GET http://10.180.1.21/compute/v2.1/servers/edb5b881-6836-49cd-88c3-4dc5892cb855 1.383s
2025-02-12 19:40:44.056 62688 INFO tempest.lib.common.rest_client [req-f5c72bfb-aa6e-4b66-90ea-beebc9e6eca5 req-f5c72bfb-aa6e-4b66-90ea-beebc9e6eca5 ] Request (MigrationsAdminTest:test_list_migrations_in_flavor_resize_situation): 200 GET http://10.180.1.21/compute/v2.1/servers/d31cec87-f24e-40d0-aa22-462f2eb62ea2 1.206s
2025-02-12 19:40:44.150 62684 INFO tempest.lib.common.rest_client [req-652e1744-7bef-4c06-9075-01672977dac1 req-652e1744-7bef-4c06-9075-01672977dac1 ] Request (ServersNegativeTestJSON:setUpClass): 200 GET http://10.180.1.21/compute/v2.1/servers/7f8a52a3-3ff7-442f-9006-8f0711b0d045 1.092s
2025-02-12 19:40:44.163 62700 INFO tempest.lib.common.rest_client [req-d09d947a-5113-4173-83ae-d3bec556e686 req-d09d947a-5113-4173-83ae-d3bec556e686 ] Request (ServerRescueTestJSON:setUpClass): 200 GET http://10.180.1.21/compute/v2.1/servers/7ea8e176-5744-4efd-85c3-f2a4511ffd4a 1.267s
2025-02-12 19:40:44.207 62710 INFO tempest.lib.common.rest_client [req-90447a13-1492-47f9-be5e-84d783ae20be req-90447a13-1492-47f9-be5e-84d783ae20be ] Request (ServersWithSpecificFlavorTestJSON:test_verify_created_server_ephemeral_disk): 200 GET http://10.180.1.21/compute/v2.1/servers/f313f1f4-a761-405e-aa0f-a676f6bcc4ef 1.048s
2025-02-12 19:40:44.239 62682 INFO tempest.lib.common.rest_client [req-319985bb-0506-42f7-8519-6390a4482170 req-319985bb-0506-42f7-8519-6390a4482170 ] Request (ImagesTestJSON:test_create_image_from_suspended_server): 200 GET http://10.180.1.21/compute/v2.1/servers/f8a27fd4-5e78-446f-8784-d73da9815f59 1.014s
2025-02-12 19:40:44.289 62720 INFO tempest.lib.common.rest_client [req-33f1f467-a24f-4a0c-aba6-cae64560ef7d req-33f1f467-a24f-4a0c-aba6-cae64560ef7d ] Request (ImagesOneServerNegativeTestJSON:_run_cleanups): 200 GET http://10.180.1.21/compute/v2.1/servers/4afe8752-fff5-49c8-9926-9114fedbf124 0.588s
2025-02-12 19:40:44.373 62702 INFO tempest.lib.common.rest_client [req-aefa351e-1ec9-4c8d-a038-885bf5dbd8cf req-aefa351e-1ec9-4c8d-a038-885bf5dbd8cf ] Request (VolumesAssistedSnapshotsTest:tearDownClass): 200 GET http://10.180.1.21/compute/v2.1/servers/1ff62a80-6e78-465f-b9c8-3a2107ebcf8e 0.561s
2025-02-12 19:40:44.453 62686 INFO tempest.lib.common.rest_client [req-ed7526ef-b869-4a07-b4f9-a1c11b9c6a76 req-ed7526ef-b869-4a07-b4f9-a1c11b9c6a76 ] Request (ServersTestBootFromVolume:tearDownClass): 200 GET http://10.180.1.21/compute/v2.1/servers/75908b19-4042-4f7e-b50a-8d0255bebd6f 0.639s
2025-02-12 19:40:44.572 62738 INFO tempest.lib.common.rest_client [req-42749b59-0899-4940-9f5f-39793fcf9ce6 req-42749b59-0899-4940-9f5f-39793fcf9ce6 ] Request (ServersAdminTestJSON:test_inject_network_info): 200 GET http://10.180.1.21/compute/v2.1/servers/70cf9c0f-457f-4a50-b07a-4f6939d9d7e6 0.610s
2025-02-12 19:40:44.702 62722 INFO tempest.lib.common.rest_client [req-988cfd45-326d-4199-a60c-103aab84bbe7 req-988cfd45-326d-4199-a60c-103aab84bbe7 ] Request (ServersAdmin275Test:tearDownClass): 200 GET http://10.180.1.21/compute/v2.1/servers/0b810725-d832-4760-b60b-ec2c6ace3050 0.692s
2025-02-12 19:40:44.710 62694 INFO tempest.lib.common.rest_client [req-3002a876-dbbf-4713-8ede-b49a98e06ba6 req-3002a876-dbbf-4713-8ede-b49a98e06ba6 ] Request (SecurityGroupsTestJSON:test_server_security_groups): 202 POST http://10.180.1.21/compute/v2.1/servers/37190642-6f6c-4837-8080-a4d472e9bca0/action 1.164s
2025-02-12 19:40:44.822 62728 INFO tempest.lib.common.rest_client [req-36bf0927-4bb7-4f9b-9d03-21f3b00e06fc req-36bf0927-4bb7-4f9b-9d03-21f3b00e06fc ] Request (ServerAddressesTestJSON:setUpClass): 200 GET http://10.180.1.21/compute/v2.1/servers/8e82b9f3-02b0-401c-bbad-1158770da84b 0.721s
2025-02-12 19:40:44.833 62728 INFO tempest.common.waiters [-] State transition "BUILD/None" ==> "BUILD/block_device_mapping" after 33 second wait
2025-02-12 19:40:44.919 62716 INFO tempest.lib.common.rest_client [req-04c8ffbf-adb2-4136-8c36-e89fb35852b6 req-04c8ffbf-adb2-4136-8c36-e89fb35852b6 ] Request (ListImageFiltersTestJSON:setUpClass): 200 GET http://10.180.1.21/compute/v2.1/servers/a2e401f8-0237-45cb-88f2-06058dfc079e 0.241s
2025-02-12 19:40:44.928 62712 INFO tempest.lib.common.rest_client [req-6ae09ddc-8704-4852-b0db-f70a49d5c818 req-6ae09ddc-8704-4852-b0db-f70a49d5c818 ] Request (ServerRescueTestJSONUnderV235:setUpClass): 200 GET http://10.180.1.21/compute/v2.1/servers/77921f9a-d424-4bb8-876d-9325ef329e6c 0.661s
2025-02-12 19:40:44.930 62718 INFO tempest.lib.common.rest_client [req-4b9f0d1c-63ba-416b-b763-6937223de2bf req-4b9f0d1c-63ba-416b-b763-6937223de2bf ] Request (ServerActionsTestOtherB:test_create_backup): 200 GET http://10.180.1.21/image/v2/images/027ca20a-44a1-4969-814b-7fceda462863 0.044s
2025-02-12 19:40:45.004 62694 INFO tempest.lib.common.rest_client [req-35df28bf-129e-4621-b1d6-c1fabc6be01e req-35df28bf-129e-4621-b1d6-c1fabc6be01e ] Request (SecurityGroupsTestJSON:test_server_security_groups): 400 DELETE http://10.180.1.21/compute/v2.1/os-security-groups/5298294a-5601-4a10-980a-6c1b90ebd608 0.293s
2025-02-12 19:40:45.009 62714 INFO tempest.lib.common.rest_client [req-3c4527f5-a9ef-4d68-8816-240de0a6913b req-3c4527f5-a9ef-4d68-8816-240de0a6913b ] Request (VolumesAdminNegativeTest:test_update_attached_volume_with_nonexistent_volume_in_uri): 200 GET http://10.180.1.21/compute/v2.1/servers/8ac71684-9546-48d7-ad0b-195e04f75eb1 0.277s
2025-02-12 19:40:45.021 62714 INFO tempest.common.waiters [-] State transition "BUILD/scheduling" ==> "BUILD/None" after 16 second wait
2025-02-12 19:40:45.060 62692 INFO tempest.lib.common.rest_client [req-42c657c7-2c0c-42df-ad25-7c931b921702 req-42c657c7-2c0c-42df-ad25-7c931b921702 ] Request (ServersNegativeTestMultiTenantJSON:setUpClass): 200 PUT http://10.180.1.21:9696/networking/v2.0/routers/2d3f0089-a7e9-4523-9d3d-2d6b8a0038e0/add_router_interface 2.104s
2025-02-12 19:40:45.060 62692 INFO tempest.lib.common.dynamic_creds [-] Created isolated network resources for: credentials: Credentials: {'domain_id': 'default', 'domain_name': 'Default', 'username': 'tempest-ServersNegativeTestMultiTenantJSON-538369271-project-member', 'project_domain_id': 'default', 'project_domain_name': 'Default', 'project_id': '478cef3270a2405487d8c9a98ef2b6e8', 'project_name': 'tempest-ServersNegativeTestMultiTenantJSON-538369271', 'tenant_id': '478cef3270a2405487d8c9a98ef2b6e8', 'tenant_name': 'tempest-ServersNegativeTestMultiTenantJSON-538369271', 'user_domain_id': 'default', 'user_domain_name': 'Default', 'user_id': 'e5fc0a5560c14bfa9b3fa02a95327916', 'system': None}, Network: {'id': 'e7165f01-df15-45a7-9184-aaf42974555a', 'name': 'tempest-ServersNegativeTestMultiTenantJSON-1614905570-network', 'tenant_id': '478cef3270a2405487d8c9a98ef2b6e8', 'admin_state_up': True, 'mtu': 8950, 'status': 'ACTIVE', 'subnets': [], 'shared': False, 'project_id': '478cef3270a2405487d8c9a98ef2b6e8', 'port_security_enabled': True, 'router:external': False, 'provider:network_type': 'vlan', 'provider:physical_network': 'default', 'provider:segmentation_id': 248, 'availability_zone_hints': [], 'availability_zones': [], 'ipv4_address_scope': None, 'ipv6_address_scope': None, 'description': '', 'tags': [], 'created_at': '2025-02-12T19:40:40Z', 'updated_at': '2025-02-12T19:40:40Z', 'revision_number': 1}, Subnet: {'id': '74dc9624-bd8a-4335-8c60-4c188b22c16b', 'name': 'tempest-ServersNegativeTestMultiTenantJSON-1614905570-subnet', 'tenant_id': '478cef3270a2405487d8c9a98ef2b6e8', 'network_id': 'e7165f01-df15-45a7-9184-aaf42974555a', 'ip_version': 4, 'subnetpool_id': None, 'enable_dhcp': True, 'ipv6_ra_mode': None, 'ipv6_address_mode': None, 'gateway_ip': '192.168.128.1', 'cidr': '192.168.128.0/28', 'allocation_pools': [{'start': '192.168.128.2', 'end': '192.168.128.14'}], 'host_routes': [], 'dns_nameservers': [], 'description': '', 'router:external': False, 'service_types': [], 'tags': [], 'created_at': '2025-02-12T19:40:40Z', 'updated_at': '2025-02-12T19:40:40Z', 'revision_number': 0, 'project_id': '478cef3270a2405487d8c9a98ef2b6e8'}, Router: {'id': '2d3f0089-a7e9-4523-9d3d-2d6b8a0038e0', 'name': 'tempest-ServersNegativeTestMultiTenantJSON-1614905570-router', 'tenant_id': '478cef3270a2405487d8c9a98ef2b6e8', 'admin_state_up': True, 'status': 'ACTIVE', 'external_gateway_info': {'network_id': 'acb80cd9-fad7-4f23-b17f-081a4a58475e', 'external_fixed_ips': [{'subnet_id': 'bfc2d022-be76-436d-a3e9-58d0cafba07c', 'ip_address': '10.180.180.204'}], 'enable_snat': True}, 'description': '', 'availability_zones': [], 'distributed': False, 'ha': False, 'availability_zone_hints': [], 'routes': [], 'flavor_id': None, 'tags': [], 'created_at': '2025-02-12T19:40:40Z', 'updated_at': '2025-02-12T19:40:41Z', 'revision_number': 2, 'project_id': '478cef3270a2405487d8c9a98ef2b6e8'}
2025-02-12 19:40:45.079 62698 INFO tempest.lib.common.rest_client [req-5c965daf-6492-444b-94fe-0bbb10c22ed5 req-5c965daf-6492-444b-94fe-0bbb10c22ed5 ] Request (ServerRescueNegativeTestJSON:test_rescued_vm_detach_volume): 200 GET http://10.180.1.21/compute/v2.1/servers/e5cb70a0-b975-42f4-a7e9-d94451db1391 0.292s
2025-02-12 19:40:45.112 62704 INFO tempest.lib.common.rest_client [req-9482734d-eea5-41ec-b092-39603259bb4f req-9482734d-eea5-41ec-b092-39603259bb4f ] Request (ServersAdminNegativeTestJSON:tearDownClass): 200 GET http://10.180.1.21/compute/v2.1/servers/6dd54a20-72b1-4704-91bb-ef10a0a2db8c 0.285s
2025-02-12 19:40:45.178 62736 INFO tempest.lib.common.rest_client [req-50d16bfe-ce8f-4baa-bbf6-d89a26fc2755 req-50d16bfe-ce8f-4baa-bbf6-d89a26fc2755 ] Request (ServersAaction247Test:tearDownClass): 200 GET http://10.180.1.21/compute/v2.1/servers/2a62103a-6e07-4750-a992-3787b0622e11 0.258s
2025-02-12 19:40:45.249 62692 INFO tempest.lib.common.rest_client [req-38d39d66-3fe0-4e94-a013-0a818c7c0229 req-38d39d66-3fe0-4e94-a013-0a818c7c0229 ] Request (ServersNegativeTestMultiTenantJSON:setUpClass): 201 POST http://10.180.1.21/identity/v3/auth/tokens 0.185s
2025-02-12 19:40:45.257 62694 INFO tempest.lib.common.rest_client [req-f444195c-2a8a-423e-9f39-648a1a75d371 req-f444195c-2a8a-423e-9f39-648a1a75d371 ] Request (SecurityGroupsTestJSON:test_server_security_groups): 202 POST http://10.180.1.21/compute/v2.1/servers/37190642-6f6c-4837-8080-a4d472e9bca0/action 0.251s
2025-02-12 19:40:45.343 62692 INFO tempest.lib.common.rest_client [req-b5a5c845-1c83-4c55-8470-c9caa5b23aa2 req-b5a5c845-1c83-4c55-8470-c9caa5b23aa2 ] Request (ServersNegativeTestMultiTenantJSON:setUpClass): 201 POST http://10.180.1.21/identity/v3/auth/tokens 0.089s
2025-02-12 19:40:45.344 62692 INFO tempest.lib.common.fixed_network [-] (ServersNegativeTestMultiTenantJSON:setUpClass) Found network {'id': 'fee96628-20cd-4028-9657-7968db60c507', 'name': 'tempest-ServersNegativeTestMultiTenantJSON-975469001-network', 'tenant_id': '4a09eba3432b4347be9602e0a9ca8eeb', 'admin_state_up': True, 'mtu': 8950, 'status': 'ACTIVE', 'subnets': [], 'shared': False, 'project_id': '4a09eba3432b4347be9602e0a9ca8eeb', 'port_security_enabled': True, 'router:external': False, 'provider:network_type': 'vlan', 'provider:physical_network': 'default', 'provider:segmentation_id': 398, 'availability_zone_hints': [], 'availability_zones': [], 'ipv4_address_scope': None, 'ipv6_address_scope': None, 'description': '', 'tags': [], 'created_at': '2025-02-12T19:40:34Z', 'updated_at': '2025-02-12T19:40:34Z', 'revision_number': 1} available for tenant
2025-02-12 19:40:45.395 62744 INFO tempest.lib.common.rest_client [req-e1f42567-734c-42ca-950d-4c237381daf7 req-e1f42567-734c-42ca-950d-4c237381daf7 ] Request (MultipleCreateTestJSON:test_multiple_create): 200 GET http://10.180.1.21/compute/v2.1/servers/edb5b881-6836-49cd-88c3-4dc5892cb855 0.378s
2025-02-12 19:40:45.426 62688 INFO tempest.lib.common.rest_client [req-768ee912-4084-46b0-8b6a-4179ef845811 req-768ee912-4084-46b0-8b6a-4179ef845811 ] Request (MigrationsAdminTest:test_list_migrations_in_flavor_resize_situation): 200 GET http://10.180.1.21/compute/v2.1/servers/d31cec87-f24e-40d0-aa22-462f2eb62ea2 0.359s
2025-02-12 19:40:45.437 62688 INFO tempest.common.waiters [-] State transition "RESIZE/resize_prep" ==> "RESIZE/resize_migrating" after 36 second wait
2025-02-12 19:40:45.506 62684 INFO tempest.lib.common.rest_client [req-2ce0024c-dffb-4d44-9d23-07c24d29f589 req-2ce0024c-dffb-4d44-9d23-07c24d29f589 ] Request (ServersNegativeTestJSON:setUpClass): 200 GET http://10.180.1.21/compute/v2.1/servers/7f8a52a3-3ff7-442f-9006-8f0711b0d045 0.348s
2025-02-12 19:40:45.575 62700 INFO tempest.lib.common.rest_client [req-77011679-a2fb-49ac-ad65-7833421ae781 req-77011679-a2fb-49ac-ad65-7833421ae781 ] Request (ServerRescueTestJSON:setUpClass): 200 GET http://10.180.1.21/compute/v2.1/servers/7ea8e176-5744-4efd-85c3-f2a4511ffd4a 0.400s
2025-02-12 19:40:45.584 62710 INFO tempest.lib.common.rest_client [req-1db8c1c8-625e-46ae-a798-c29277527dc7 req-1db8c1c8-625e-46ae-a798-c29277527dc7 ] Request (ServersWithSpecificFlavorTestJSON:test_verify_created_server_ephemeral_disk): 200 GET http://10.180.1.21/compute/v2.1/servers/f313f1f4-a761-405e-aa0f-a676f6bcc4ef 0.363s
2025-02-12 19:40:45.660 62682 INFO tempest.lib.common.rest_client [req-24d19b4e-81ab-4c59-a076-afe2980cc815 req-24d19b4e-81ab-4c59-a076-afe2980cc815 ] Request (ImagesTestJSON:test_create_image_from_suspended_server): 200 GET http://10.180.1.21/compute/v2.1/servers/f8a27fd4-5e78-446f-8784-d73da9815f59 0.409s
2025-02-12 19:40:45.700 62694 INFO tempest.lib.common.rest_client [req-fb4dfeb6-f0bf-4328-820e-419fc32feeba req-fb4dfeb6-f0bf-4328-820e-419fc32feeba ] Request (SecurityGroupsTestJSON:test_server_security_groups): 200 GET http://10.180.1.21/compute/v2.1/servers/37190642-6f6c-4837-8080-a4d472e9bca0 0.443s
2025-02-12 19:40:45.723 62720 INFO tempest.lib.common.rest_client [req-13240608-5937-4e62-b9d5-f21e3c0419fd req-13240608-5937-4e62-b9d5-f21e3c0419fd ] Request (ImagesOneServerNegativeTestJSON:_run_cleanups): 200 GET http://10.180.1.21/compute/v2.1/servers/4afe8752-fff5-49c8-9926-9114fedbf124 0.422s
2025-02-12 19:40:45.827 62702 INFO tempest.lib.common.rest_client [req-2ef6f0dd-c786-4057-8317-b83e81132b06 req-2ef6f0dd-c786-4057-8317-b83e81132b06 ] Request (VolumesAssistedSnapshotsTest:tearDownClass): 200 GET http://10.180.1.21/compute/v2.1/servers/1ff62a80-6e78-465f-b9c8-3a2107ebcf8e 0.439s
2025-02-12 19:40:45.839 62702 INFO tempest.common.waiters [-] State transition "ACTIVE/deleting" ==> "DELETED/None" after 5 second wait
2025-02-12 19:40:45.928 62686 INFO tempest.lib.common.rest_client [req-25cbfa6e-a528-4d58-b010-3f2a7cbc1e57 req-25cbfa6e-a528-4d58-b010-3f2a7cbc1e57 ] Request (ServersTestBootFromVolume:tearDownClass): 200 GET http://10.180.1.21/compute/v2.1/servers/75908b19-4042-4f7e-b50a-8d0255bebd6f 0.464s
2025-02-12 19:40:45.938 62686 INFO tempest.common.waiters [-] State transition "ACTIVE/deleting" ==> "DELETED/None" after 8 second wait
2025-02-12 19:40:45.956 62718 INFO tempest.lib.common.rest_client [req-bf58132d-f1c6-46f8-aed6-eff3bcf1f1bb req-bf58132d-f1c6-46f8-aed6-eff3bcf1f1bb ] Request (ServerActionsTestOtherB:test_create_backup): 200 GET http://10.180.1.21/image/v2/images/027ca20a-44a1-4969-814b-7fceda462863 0.024s
