2025-12-08 23:17:20.164 65521 INFO tempest.lib.common.rest_client [req-71ec8c06-cead-4d09-a36b-2ddc867ead5e req-71ec8c06-cead-4d09-a36b-2ddc867ead5e ] Request (FlavorsExtraSpecsNegativeTestJSON:test_flavor_get_nonexistent_key): 404 GET http://10.180.1.21/compute/v2.1/flavors/1606090307/os-extra_specs/hw:cpu_thread_policy 4.287s
2025-12-08 23:17:20.169 65541 INFO tempest.lib.common.rest_client [req-aff080b8-02b4-401a-8c72-b85145b08463 req-aff080b8-02b4-401a-8c72-b85145b08463 ] Request (FloatingIPDetailsTestJSON:setUpClass): 201 POST http://10.180.1.21/networking/v2.0/networks 0.313s
2025-12-08 23:17:20.239 65559 INFO tempest.lib.common.rest_client [req-1a963a2d-678f-426f-8513-ead43b648706 req-1a963a2d-678f-426f-8513-ead43b648706 ] Request (HypervisorAdminNegativeUnderV252Test:test_search_hypervisor_with_non_admin_user): 403 GET http://10.180.1.21/compute/v2.1/os-hypervisors/domain-c8.fc996f14-c53b-4953-92e3-bdfa48f5cc28/search 3.955s
2025-12-08 23:17:20.255 65529 INFO tempest.lib.common.rest_client [req-9f9df7c0-8dfd-4c76-811d-fb525d2ab678 req-9f9df7c0-8dfd-4c76-811d-fb525d2ab678 ] Request (FlavorsV261TestJSON:test_crud_flavor): 200 GET http://10.180.1.21/compute/v2.1/flavors/654725018 4.105s
2025-12-08 23:17:20.321 65515 INFO tempest.lib.common.rest_client [req-08cbcec8-e635-43d9-ac8d-1c391167d9c4 req-08cbcec8-e635-43d9-ac8d-1c391167d9c4 ] Request (ServersWithSpecificFlavorTestJSON:test_verify_created_server_ephemeral_disk): 200 GET http://10.180.1.21/compute/v2.1/flavors/42 3.929s
2025-12-08 23:17:20.343 65541 INFO tempest.lib.common.rest_client [req-85c85c59-7907-48e6-9960-2c72f93bb470 req-85c85c59-7907-48e6-9960-2c72f93bb470 ] Request (FloatingIPDetailsTestJSON:setUpClass): 201 POST http://10.180.1.21/networking/v2.0/subnets 0.173s
2025-12-08 23:17:20.366 65561 INFO tempest.lib.common.rest_client [req-72134766-42d5-4db2-807c-4d46678fc3b0 req-72134766-42d5-4db2-807c-4d46678fc3b0 ] Request (QuotasAdminTestV236:test_get_updated_quotas): 200 GET http://10.180.1.21/compute/v2.1/os-quota-sets/2deabfa81d0448bab6057b85055babaa/detail 3.874s
2025-12-08 23:17:20.405 65561 INFO tempest.lib.common.rest_client [req-29c40abf-9825-4307-99ef-3b95375fc8cc req-29c40abf-9825-4307-99ef-3b95375fc8cc ] Request (QuotasAdminTestV236:test_get_updated_quotas): 200 GET http://10.180.1.21/identity/v3/domains?name=Default 0.030s
2025-12-08 23:17:20.439 65561 INFO tempest.lib.common.rest_client [req-8c2272d1-65f6-4d05-ad99-482e1b3ae0e0 req-8c2272d1-65f6-4d05-ad99-482e1b3ae0e0 ] Request (QuotasAdminTestV236:test_get_updated_quotas): 201 POST http://10.180.1.21/identity/v3/users 0.034s
2025-12-08 23:17:20.466 65561 INFO tempest.lib.common.rest_client [req-0ad364d9-45d3-466c-a3ab-4063a841fd1e req-0ad364d9-45d3-466c-a3ab-4063a841fd1e ] Request (QuotasAdminTestV236:test_get_updated_quotas): 200 GET http://10.180.1.21/identity/v3/domains?name=Default 0.026s
2025-12-08 23:17:20.488 65569 INFO tempest.lib.common.rest_client [req-8c6c2239-132b-43f8-8905-7be267a09c14 req-8c6c2239-132b-43f8-8905-7be267a09c14 ] Request (ServerDiagnosticsTest:test_get_server_diagnostics): 200 GET http://10.180.1.21/compute/v2.1/servers/2af631ee-a267-4ace-bc23-ee4f540f6710 3.948s
2025-12-08 23:17:20.500 65517 INFO tempest.lib.common.rest_client [req-4198624c-d695-4f5e-913b-4e54a0b8ecca req-4198624c-d695-4f5e-913b-4e54a0b8ecca ] Request (ServerDiagnosticsV248Test:test_get_server_diagnostics): 200 GET http://10.180.1.21/compute/v2.1/servers/694a643e-06f4-4e00-bec9-b4bbd9f2053c 3.671s
2025-12-08 23:17:20.554 65537 INFO tempest.lib.common.rest_client [req-9c1763c0-2513-42e9-8d68-887b5827230e req-9c1763c0-2513-42e9-8d68-887b5827230e ] Request (DeleteServersAdminTestJSON:test_admin_delete_servers_of_others): 200 GET http://10.180.1.21/compute/v2.1/servers/d60981c4-7d4b-496c-923b-0910d9042c01 3.116s
2025-12-08 23:17:20.647 65571 INFO tempest.lib.common.rest_client [req-c3dd0f6e-231c-4f2e-aba7-ec4ab56f8b46 req-c3dd0f6e-231c-4f2e-aba7-ec4ab56f8b46 ] Request (FlavorsAccessNegativeTestJSON:test_add_flavor_access_duplicate): 200 POST http://10.180.1.21/compute/v2.1/flavors/1355069381/action 3.032s
2025-12-08 23:17:21.041 65541 INFO tempest.lib.common.rest_client [req-efccbc29-fb1e-4c43-90ab-03051ecf95c9 req-efccbc29-fb1e-4c43-90ab-03051ecf95c9 ] Request (FloatingIPDetailsTestJSON:setUpClass): 201 POST http://10.180.1.21/networking/v2.0/routers 0.698s
2025-12-08 23:17:21.068 65563 INFO tempest.lib.common.rest_client [req-36fb7112-8aa2-4ae9-8a9d-f393276080ae req-36fb7112-8aa2-4ae9-8a9d-f393276080ae ] Request (ServerDiagnosticsNegativeTest:test_get_server_diagnostics_by_non_admin): 200 GET http://10.180.1.21/compute/v2.1/servers/57d5febd-f4f1-47bd-bd58-8682309db3bc 3.605s
2025-12-08 23:17:21.792 65541 INFO tempest.lib.common.rest_client [req-638aed4c-fbb8-46d4-ad2a-5d75690461da req-638aed4c-fbb8-46d4-ad2a-5d75690461da ] Request (FloatingIPDetailsTestJSON:setUpClass): 200 PUT http://10.180.1.21/networking/v2.0/routers/c77d969f-d773-4a28-855b-4918bf10152a/add_router_interface 0.749s
2025-12-08 23:17:21.792 65541 INFO tempest.lib.common.dynamic_creds [-] Created isolated network resources for: credentials: Credentials: {'domain_id': 'default', 'domain_name': 'Default', 'username': 'tempest-FloatingIPDetailsTestJSON-160014290-project-member', 'project_domain_id': 'default', 'project_domain_name': 'Default', 'project_id': 'c644bfb77da742589abc09e69a99e3e5', 'project_name': 'tempest-FloatingIPDetailsTestJSON-160014290', 'tenant_id': 'c644bfb77da742589abc09e69a99e3e5', 'tenant_name': 'tempest-FloatingIPDetailsTestJSON-160014290', 'user_domain_id': 'default', 'user_domain_name': 'Default', 'user_id': '50059a5241364e6c9f56d949d1340c33', 'system': None}, Network: {'id': 'b918514e-fdcf-46c1-a032-a9327ed9a574', 'name': 'tempest-FloatingIPDetailsTestJSON-1314406842-network', 'tenant_id': 'c644bfb77da742589abc09e69a99e3e5', 'project_id': 'c644bfb77da742589abc09e69a99e3e5', 'admin_state_up': True, 'mtu': 8950, 'status': 'ACTIVE', 'subnets': [], 'shared': False, 'port_security_enabled': True, 'router:external': False, 'provider:network_type': 'vlan', 'provider:physical_network': 'default', 'provider:segmentation_id': 998, 'availability_zone_hints': [], 'availability_zones': [], 'ipv4_address_scope': None, 'ipv6_address_scope': None, 'description': '', 'tags': [], 'created_at': '2025-12-08T23:17:20Z', 'updated_at': '2025-12-08T23:17:20Z', 'revision_number': 1}, Subnet: {'id': '6ff070b8-c1d6-4882-ba14-9091bcbfcee3', 'name': 'tempest-FloatingIPDetailsTestJSON-1314406842-subnet', 'tenant_id': 'c644bfb77da742589abc09e69a99e3e5', 'network_id': 'b918514e-fdcf-46c1-a032-a9327ed9a574', 'ip_version': 4, 'subnetpool_id': None, 'enable_dhcp': True, 'ipv6_ra_mode': None, 'ipv6_address_mode': None, 'gateway_ip': '192.168.128.1', 'cidr': '192.168.128.0/28', 'allocation_pools': [{'start': '192.168.128.2', 'end': '192.168.128.14'}], 'host_routes': [], 'dns_nameservers': [], 'description': '', 'router:external': False, 'service_types': [], 'tags': [], 'created_at': '2025-12-08T23:17:20Z', 'updated_at': '2025-12-08T23:17:20Z', 'revision_number': 0, 'project_id': 'c644bfb77da742589abc09e69a99e3e5'}, Router: {'id': 'c77d969f-d773-4a28-855b-4918bf10152a', 'name': 'tempest-FloatingIPDetailsTestJSON-1314406842-router', 'tenant_id': 'c644bfb77da742589abc09e69a99e3e5', 'admin_state_up': True, 'status': 'ACTIVE', 'external_gateway_info': {'network_id': 'f78e1088-e433-40a3-b574-36193c4f0f1a', 'external_fixed_ips': [{'subnet_id': 'cf98114f-07cd-492b-b5eb-d8fc51f62129', 'ip_address': '10.180.180.194'}], 'enable_snat': True}, 'description': '', 'availability_zones': [], 'distributed': False, 'ha': False, 'availability_zone_hints': [], 'routes': [], 'flavor_id': None, 'tags': [], 'created_at': '2025-12-08T23:17:20Z', 'updated_at': '2025-12-08T23:17:20Z', 'revision_number': 2, 'project_id': 'c644bfb77da742589abc09e69a99e3e5'}
2025-12-08 23:17:21.855 65523 INFO tempest.lib.common.rest_client [req-381f1b45-87b0-4681-ad4b-1907c742707b req-381f1b45-87b0-4681-ad4b-1907c742707b ] Request (InstanceActionsNegativeTestJSON:setUpClass): 200 GET http://10.180.1.21/compute/v2.1/servers/0c973a10-9154-47ed-b378-c17852561a4f 3.598s
2025-12-08 23:17:21.872 65541 INFO tempest.lib.common.rest_client [req-713a9e75-05a5-4fb6-935c-fe177ba1d160 req-713a9e75-05a5-4fb6-935c-fe177ba1d160 ] Request (FloatingIPDetailsTestJSON:setUpClass): 201 POST http://10.180.1.21/identity/v3/auth/tokens 0.076s
2025-12-08 23:17:21.941 65511 INFO tempest.lib.common.rest_client [req-b4d75fc2-1aab-44d8-b61c-ed97e246cc04 req-b4d75fc2-1aab-44d8-b61c-ed97e246cc04 ] Request (MigrationsAdminTest:test_list_migrations_in_flavor_resize_situation): 202 POST http://10.180.1.21/compute/v2.1/servers 4.122s
2025-12-08 23:17:21.945 65535 INFO tempest.lib.common.rest_client [req-a4348166-51f2-4db4-88a5-7e95e9d431fd req-a4348166-51f2-4db4-88a5-7e95e9d431fd ] Request (AttachInterfacesV270Test:test_create_get_list_interfaces): 200 GET http://10.180.1.21/compute/v2.1/servers/9c3afa8d-807c-422e-aadb-3d7cfeba8097 3.643s
2025-12-08 23:17:22.048 65543 INFO tempest.lib.common.rest_client [req-08ee9245-d65e-4a92-a064-df035e20bc65 req-08ee9245-d65e-4a92-a064-df035e20bc65 ] Request (QuotasAdminNegativeTest:test_create_server_when_cpu_quota_is_full): 200 GET http://10.180.1.21/compute/v2.1/os-quota-sets/9f00526390754af2a86f4f6aaa48ce14 3.460s
2025-12-08 23:17:22.052 65573 INFO tempest.lib.common.rest_client [req-5178c918-de48-47ed-b8fb-4c59baf63018 req-5178c918-de48-47ed-b8fb-4c59baf63018 ] Request (VolumesAssistedSnapshotsTest:test_volume_assisted_snapshot_create_delete): 200 POST http://10.180.1.21/compute/v2.1/os-keypairs 2.897s
2025-12-08 23:17:22.382 65573 INFO tempest.lib.common.rest_client [req-57dc91ee-b2ec-4039-9e3d-2b95b6b20616 req-57dc91ee-b2ec-4039-9e3d-2b95b6b20616 ] Request (VolumesAssistedSnapshotsTest:test_volume_assisted_snapshot_create_delete): 201 POST http://10.180.1.21/networking/v2.0/security-groups 0.327s
2025-12-08 23:17:22.402 65539 INFO tempest.lib.common.rest_client [req-cac513e3-760e-4f7d-9e4e-e7af45ffc4c1 req-cac513e3-760e-4f7d-9e4e-e7af45ffc4c1 ] Request (ImagesOneServerTestJSON:setUpClass): 200 GET http://10.180.1.21/compute/v2.1/servers/afb60f91-6534-49d4-8717-c816862dac94 2.840s
2025-12-08 23:17:22.524 65573 INFO tempest.lib.common.rest_client [req-4d5235c8-fec8-42e1-bd16-94223bec0691 req-4d5235c8-fec8-42e1-bd16-94223bec0691 ] Request (VolumesAssistedSnapshotsTest:test_volume_assisted_snapshot_create_delete): 201 POST http://10.180.1.21/networking/v2.0/security-group-rules 0.142s
2025-12-08 23:17:22.529 65545 INFO tempest.lib.common.rest_client [req-3de90118-3c18-444d-82b9-fb2e0965d448 req-3de90118-3c18-444d-82b9-fb2e0965d448 ] Request (HypervisorAdminNegativeTestJSON:test_get_hypervisor_uptime_with_non_admin_user): 200 GET http://10.180.1.21/compute/v2.1/os-hypervisors 2.962s
2025-12-08 23:17:22.556 65531 INFO tempest.lib.common.rest_client [req-ded57fc6-97a2-4801-90c4-794babc0c639 req-ded57fc6-97a2-4801-90c4-794babc0c639 ] Request (FlavorMetadataValidation:_run_cleanups): 202 DELETE http://10.180.1.21/compute/v2.1/flavors/1383710070 2.888s
2025-12-08 23:17:22.736 65565 INFO tempest.lib.common.rest_client [req-4f25b291-3f7e-43b9-8338-758a1539e505 req-4f25b291-3f7e-43b9-8338-758a1539e505 ] Request (FlavorsAdminTestJSON:_run_cleanups): 200 GET http://10.180.1.21/compute/v2.1/flavors/detail 3.041s
2025-12-08 23:17:22.815 65525 INFO tempest.lib.common.rest_client [req-1afc0308-d067-4f14-b935-b85e0e430657 req-1afc0308-d067-4f14-b935-b85e0e430657 ] Request (FlavorsExtraSpecsTestJSON:test_flavor_non_admin_get_all_keys): 200 GET http://10.180.1.21/compute/v2.1/flavors/1249007376/os-extra_specs 3.090s
2025-12-08 23:17:22.837 65567 INFO tempest.lib.common.rest_client [req-d04c23af-e4b1-45bf-b581-0bdfa2eacff5 req-d04c23af-e4b1-45bf-b581-0bdfa2eacff5 ] Request (HostsAdminTestJSON:test_list_hosts_with_nonexistent_zone): 200 GET http://10.180.1.21/compute/v2.1/os-hosts?zone=xxx 3.086s
2025-12-08 23:17:22.915 65553 INFO tempest.lib.common.rest_client [req-057d7d14-f106-4379-b40f-87ee65a0fe64 req-057d7d14-f106-4379-b40f-87ee65a0fe64 ] Request (FlavorsAccessTestJSON:test_flavor_access_add_remove): 200 GET http://10.180.1.21/compute/v2.1/flavors/detail 3.007s
2025-12-08 23:17:22.930 65573 INFO tempest.lib.common.rest_client [req-802bff32-b1c3-4c0b-aa83-c99d64e9bee1 req-802bff32-b1c3-4c0b-aa83-c99d64e9bee1 ] Request (VolumesAssistedSnapshotsTest:test_volume_assisted_snapshot_create_delete): 201 POST http://10.180.1.21/networking/v2.0/security-group-rules 0.405s
2025-12-08 23:17:22.941 65549 INFO tempest.lib.common.rest_client [req-2edcdb55-acc9-494b-810b-4834e05368be req-2edcdb55-acc9-494b-810b-4834e05368be ] Request (FloatingIPsTestJSON:test_allocate_floating_ip): 200 GET http://10.180.1.21/compute/v2.1/os-floating-ips/847bbdc8-9159-4577-ae89-989542c7a248 3.478s
2025-12-08 23:17:22.967 65527 INFO tempest.lib.common.rest_client [req-c9fb64be-a748-40d8-ab5e-b2917d41b96d req-c9fb64be-a748-40d8-ab5e-b2917d41b96d ] Request (HypervisorAdminTestJSON:test_get_hypervisor_show_details): 200 GET http://10.180.1.21/compute/v2.1/os-hypervisors 2.971s
2025-12-08 23:17:22.996 65551 INFO tempest.lib.common.rest_client [req-53852a34-d098-4070-864b-dd19b712fcbd req-53852a34-d098-4070-864b-dd19b712fcbd ] Request (FlavorsV255TestJSON:test_crud_flavor): 200 PUT http://10.180.1.21/compute/v2.1/flavors/1181595073 2.954s
2025-12-08 23:17:23.003 65519 INFO tempest.lib.common.rest_client [req-d4f7cbe4-c572-4bf9-8d9f-6f75ede0550e req-d4f7cbe4-c572-4bf9-8d9f-6f75ede0550e ] Request (HostsAdminNegativeTestJSON:test_reboot_host_with_non_admin_user): 403 GET http://10.180.1.21/compute/v2.1/os-hosts/devstack/reboot 2.915s
2025-12-08 23:17:23.055 65513 INFO tempest.lib.common.rest_client [req-2f984199-6793-40ef-92c0-fbb2f829bca9 req-2f984199-6793-40ef-92c0-fbb2f829bca9 ] Request (ServersTestFqdnHostnames:test_create_server_with_fqdn_name): 200 POST http://10.180.1.21/compute/v2.1/os-keypairs 2.956s
2025-12-08 23:17:23.271 65573 INFO tempest.lib.common.rest_client [req-7ae26bfd-9456-4450-a23d-34b1102f1037 req-7ae26bfd-9456-4450-a23d-34b1102f1037 ] Request (VolumesAssistedSnapshotsTest:test_volume_assisted_snapshot_create_delete): 201 POST http://10.180.1.21/networking/v2.0/floatingips 0.340s
2025-12-08 23:17:23.290 65547 INFO tempest.lib.common.rest_client [req-f6349a53-04fd-4e32-bc54-ae630d3405a1 req-f6349a53-04fd-4e32-bc54-ae630d3405a1 ] Request (AggregatesAdminNegativeTestJSON:test_aggregate_add_existent_host): 200 POST http://10.180.1.21/compute/v2.1/os-aggregates/1/action 3.163s
2025-12-08 23:17:23.296 65558 INFO tempest.lib.common.rest_client [req-a11f94e0-05e9-4f1e-8aac-510be468edbc req-a11f94e0-05e9-4f1e-8aac-510be468edbc ] Request (MultipleCreateTestJSON:test_multiple_create): 200 GET http://10.180.1.21/compute/v2.1/servers/713412d0-ffcd-431c-a3af-a85d31661391 3.321s
2025-12-08 23:17:23.300 65521 INFO tempest.lib.common.rest_client [req-d1e78f21-ce68-4bff-8f44-954854212779 req-d1e78f21-ce68-4bff-8f44-954854212779 ] Request (FlavorsExtraSpecsNegativeTestJSON:test_flavor_non_admin_set_keys): 403 POST http://10.180.1.21/compute/v2.1/flavors/1606090307/os-extra_specs 3.126s
2025-12-08 23:17:23.309 65559 INFO tempest.lib.common.rest_client [req-4ea110a1-e311-4767-9da8-7de334e447fa req-4ea110a1-e311-4767-9da8-7de334e447fa ] Request (HypervisorAdminNegativeUnderV252Test:test_search_nonexistent_hypervisor): 404 GET http://10.180.1.21/compute/v2.1/os-hypervisors/nonexistent_hypervisor_name/search 3.062s
2025-12-08 23:17:23.311 65573 INFO tempest.lib.common.rest_client [req-428eb700-143b-4f52-a7ef-b051c1fc2676 req-428eb700-143b-4f52-a7ef-b051c1fc2676 ] Request (VolumesAssistedSnapshotsTest:test_volume_assisted_snapshot_create_delete): 201 POST http://10.180.1.21/identity/v3/auth/tokens 0.033s
2025-12-08 23:17:23.311 65573 INFO tempest.lib.common.fixed_network [-] (VolumesAssistedSnapshotsTest:test_volume_assisted_snapshot_create_delete) Found network {'id': '8e339af4-6d10-401c-9b8a-52286e5f4f01', 'name': 'tempest-VolumesAssistedSnapshotsTest-1164171978-network', 'tenant_id': '70f94aec3ed14e64af5236fc5b3a520e', 'project_id': '70f94aec3ed14e64af5236fc5b3a520e', 'admin_state_up': True, 'mtu': 8950, 'status': 'ACTIVE', 'subnets': [], 'shared': False, 'port_security_enabled': True, 'router:external': False, 'provider:network_type': 'vlan', 'provider:physical_network': 'default', 'provider:segmentation_id': 996, 'availability_zone_hints': [], 'availability_zones': [], 'ipv4_address_scope': None, 'ipv6_address_scope': None, 'description': '', 'tags': [], 'created_at': '2025-12-08T23:17:02Z', 'updated_at': '2025-12-08T23:17:02Z', 'revision_number': 1} available for tenant
2025-12-08 23:17:23.326 65529 INFO tempest.lib.common.rest_client [req-65700e39-78e5-497f-ad89-681d74d1c0a2 req-65700e39-78e5-497f-ad89-681d74d1c0a2 ] Request (FlavorsV261TestJSON:test_crud_flavor): 200 PUT http://10.180.1.21/compute/v2.1/flavors/654725018 3.068s
2025-12-08 23:17:23.387 65513 INFO tempest.lib.common.rest_client [req-6465d9bf-23e3-4226-aa32-4d77128cf35f req-6465d9bf-23e3-4226-aa32-4d77128cf35f ] Request (ServersTestFqdnHostnames:test_create_server_with_fqdn_name): 201 POST http://10.180.1.21/networking/v2.0/security-groups 0.329s
2025-12-08 23:17:23.398 65515 INFO tempest.lib.common.rest_client [req-f87fea05-07aa-4c83-8443-5618ee59a358 req-f87fea05-07aa-4c83-8443-5618ee59a358 ] Request (ServersWithSpecificFlavorTestJSON:test_verify_created_server_ephemeral_disk): 200 POST http://10.180.1.21/compute/v2.1/flavors 3.073s
2025-12-08 23:17:23.443 65571 INFO tempest.lib.common.rest_client [req-cb4d3741-3b5f-445f-8df5-dbf02ad5c261 req-cb4d3741-3b5f-445f-8df5-dbf02ad5c261 ] Request (FlavorsAccessNegativeTestJSON:test_add_flavor_access_duplicate): 409 POST http://10.180.1.21/compute/v2.1/flavors/1355069381/action 2.794s
2025-12-08 23:17:23.450 65561 INFO tempest.lib.common.rest_client [req-dc502f24-197a-4085-bc8a-0865c01c378d req-dc502f24-197a-4085-bc8a-0865c01c378d ] Request (QuotasAdminTestV236:test_get_updated_quotas): 200 PUT http://10.180.1.21/compute/v2.1/os-quota-sets/2deabfa81d0448bab6057b85055babaa?user_id=b6a8901671f14cfcb91a90492112c811 2.981s
2025-12-08 23:17:23.537 65513 INFO tempest.lib.common.rest_client [req-50b521bf-44e3-42f7-8b98-dfc121d4dd2e req-50b521bf-44e3-42f7-8b98-dfc121d4dd2e ] Request (ServersTestFqdnHostnames:test_create_server_with_fqdn_name): 201 POST http://10.180.1.21/networking/v2.0/security-group-rules 0.150s
2025-12-08 23:17:23.596 65569 INFO tempest.lib.common.rest_client [req-601970af-b349-463f-846f-2f39569c86c3 req-601970af-b349-463f-846f-2f39569c86c3 ] Request (ServerDiagnosticsTest:test_get_server_diagnostics): 200 GET http://10.180.1.21/compute/v2.1/servers/2af631ee-a267-4ace-bc23-ee4f540f6710 2.096s
2025-12-08 23:17:23.723 65513 INFO tempest.lib.common.rest_client [req-0ed39872-cd32-4050-84a3-3a9481aaeb8f req-0ed39872-cd32-4050-84a3-3a9481aaeb8f ] Request (ServersTestFqdnHostnames:test_create_server_with_fqdn_name): 201 POST http://10.180.1.21/networking/v2.0/security-group-rules 0.186s
2025-12-08 23:17:23.775 65517 INFO tempest.lib.common.rest_client [req-e66fbd7c-7eb3-48a5-b58e-e259728230f9 req-e66fbd7c-7eb3-48a5-b58e-e259728230f9 ] Request (ServerDiagnosticsV248Test:test_get_server_diagnostics): 200 GET http://10.180.1.21/compute/v2.1/servers/694a643e-06f4-4e00-bec9-b4bbd9f2053c 2.262s
2025-12-08 23:17:23.810 65555 INFO tempest.lib.common.rest_client [req-fa63faaa-05f0-4318-8019-0197d2297c69 req-fa63faaa-05f0-4318-8019-0197d2297c69 ] Request (ImagesNegativeTestJSON:test_create_image_from_deleted_server): 200 GET http://10.180.1.21/compute/v2.1/servers/d3876a0a-9769-4f01-bd67-1ab97afd5344 3.139s
2025-12-08 23:17:23.818 65555 INFO tempest.common.waiters [-] State transition "BUILD/networking" ==> "BUILD/spawning" after 4 second wait
2025-12-08 23:17:24.081 65537 INFO tempest.lib.common.rest_client [req-001b8c8f-90d5-4650-9c46-07762c565238 req-001b8c8f-90d5-4650-9c46-07762c565238 ] Request (DeleteServersAdminTestJSON:test_admin_delete_servers_of_others): 200 GET http://10.180.1.21/compute/v2.1/servers/d60981c4-7d4b-496c-923b-0910d9042c01 2.518s
2025-12-08 23:17:24.181 65513 INFO tempest.lib.common.rest_client [req-b01300a9-09f4-45cc-b6f4-cddb2322bb1e req-b01300a9-09f4-45cc-b6f4-cddb2322bb1e ] Request (ServersTestFqdnHostnames:test_create_server_with_fqdn_name): 201 POST http://10.180.1.21/networking/v2.0/floatingips 0.456s
2025-12-08 23:17:24.220 65513 INFO tempest.lib.common.rest_client [req-a7097f40-caf5-4c57-af10-dcfa90f0a3ac req-a7097f40-caf5-4c57-af10-dcfa90f0a3ac ] Request (ServersTestFqdnHostnames:test_create_server_with_fqdn_name): 201 POST http://10.180.1.21/identity/v3/auth/tokens 0.034s
2025-12-08 23:17:24.220 65513 INFO tempest.lib.common.fixed_network [-] (ServersTestFqdnHostnames:test_create_server_with_fqdn_name) Found network {'id': 'ec4c9d1a-40f4-4a0b-a24e-a496b855a1e5', 'name': 'tempest-ServersTestFqdnHostnames-1466417276-network', 'tenant_id': '91306b5a960943eb9807d7600989d98b', 'project_id': '91306b5a960943eb9807d7600989d98b', 'admin_state_up': True, 'mtu': 8950, 'status': 'ACTIVE', 'subnets': [], 'shared': False, 'port_security_enabled': True, 'router:external': False, 'provider:network_type': 'vlan', 'provider:physical_network': 'default', 'provider:segmentation_id': 882, 'availability_zone_hints': [], 'availability_zones': [], 'ipv4_address_scope': None, 'ipv6_address_scope': None, 'description': '', 'tags': [], 'created_at': '2025-12-08T23:17:17Z', 'updated_at': '2025-12-08T23:17:17Z', 'revision_number': 1} available for tenant
2025-12-08 23:17:24.241 65511 INFO tempest.lib.common.rest_client [req-fca8e096-5a07-42cd-a35c-bed5d2c35f57 req-fca8e096-5a07-42cd-a35c-bed5d2c35f57 ] Request (MigrationsAdminTest:test_list_migrations_in_flavor_resize_situation): 200 GET http://10.180.1.21/compute/v2.1/servers/a5b01948-caec-42b6-bb63-a5e3afd9e716 2.298s
2025-12-08 23:17:24.352 65543 INFO tempest.lib.common.rest_client [req-951ed637-3c69-4947-84e4-48c630ba0d9a req-951ed637-3c69-4947-84e4-48c630ba0d9a ] Request (QuotasAdminNegativeTest:test_create_server_when_cpu_quota_is_full): 200 PUT http://10.180.1.21/compute/v2.1/os-quota-sets/9f00526390754af2a86f4f6aaa48ce14 2.300s
2025-12-08 23:17:24.423 65563 INFO tempest.lib.common.rest_client [req-266c252c-5bcc-4024-b7b5-34d8f67d3468 req-266c252c-5bcc-4024-b7b5-34d8f67d3468 ] Request (ServerDiagnosticsNegativeTest:test_get_server_diagnostics_by_non_admin): 200 GET http://10.180.1.21/compute/v2.1/servers/57d5febd-f4f1-47bd-bd58-8682309db3bc 2.345s
2025-12-08 23:17:24.436 65543 INFO tempest.lib.common.rest_client [req-c1b69361-4b87-438f-9a01-15ed0d32b070 req-c1b69361-4b87-438f-9a01-15ed0d32b070 ] Request (QuotasAdminNegativeTest:test_create_server_when_cpu_quota_is_full): 201 POST http://10.180.1.21/identity/v3/auth/tokens 0.073s
2025-12-08 23:17:24.436 65543 INFO tempest.lib.common.fixed_network [-] (QuotasAdminNegativeTest:test_create_server_when_cpu_quota_is_full) Found network None available for tenant
2025-12-08 23:17:24.519 65545 INFO tempest.lib.common.rest_client [req-80c34341-e26a-4adf-a3a5-bdcc63c2e760 req-80c34341-e26a-4adf-a3a5-bdcc63c2e760 ] Request (HypervisorAdminNegativeTestJSON:test_get_hypervisor_uptime_with_non_admin_user): 403 GET http://10.180.1.21/compute/v2.1/os-hypervisors/1/uptime 1.988s
2025-12-08 23:17:24.551 65531 INFO tempest.lib.common.rest_client [req-fad31db1-862e-4f61-a7ca-b491d7ebd5db req-fad31db1-862e-4f61-a7ca-b491d7ebd5db ] Request (FlavorMetadataValidation:_run_cleanups): 200 GET http://10.180.1.21/compute/v2.1/flavors/detail 1.994s
2025-12-08 23:17:24.576 65565 INFO tempest.lib.common.rest_client [req-8804c5ec-23c8-4442-9b23-243dfc858e18 req-8804c5ec-23c8-4442-9b23-243dfc858e18 ] Request (FlavorsAdminTestJSON:test_create_flavor_verify_entry_in_list_details): 200 POST http://10.180.1.21/compute/v2.1/flavors 1.830s
2025-12-08 23:17:24.600 65525 INFO tempest.lib.common.rest_client [req-cf691219-9e1c-4e8d-a99c-317b3961bff9 req-cf691219-9e1c-4e8d-a99c-317b3961bff9 ] Request (FlavorsExtraSpecsTestJSON:test_flavor_non_admin_get_specific_key): 200 POST http://10.180.1.21/compute/v2.1/flavors/1249007376/os-extra_specs 1.778s
2025-12-08 23:17:24.655 65531 INFO tempest.lib.common.rest_client [req-15bfdf9b-3de9-4e8c-ab91-6da4f6eb91b6 req-15bfdf9b-3de9-4e8c-ab91-6da4f6eb91b6 ] Request (FlavorMetadataValidation:tearDownClass): 204 DELETE http://10.180.1.21/identity/v3/users/9897ed8a6788466d93569e63d4ec847b 0.086s
2025-12-08 23:17:24.752 65531 INFO tempest.lib.common.rest_client [req-7b4ea4ea-1448-48f2-9e27-8537f41726bd req-7b4ea4ea-1448-48f2-9e27-8537f41726bd ] Request (FlavorMetadataValidation:tearDownClass): 204 DELETE http://10.180.1.21/identity/v3/users/660050f56a6b4a68b1d12b1784efa62c 0.096s
2025-12-08 23:17:24.753 65531 INFO tempest.lib.common.dynamic_creds [-] Deleting project and security group for project: 141e012fe18d4495bbf94c95384eb956
2025-12-08 23:17:24.831 65531 INFO tempest.lib.common.rest_client [req-d1ae710d-d4db-4e3f-9ac1-b026c3eccae9 req-d1ae710d-d4db-4e3f-9ac1-b026c3eccae9 ] Request (FlavorMetadataValidation:tearDownClass): 201 POST http://10.180.1.21/identity/v3/auth/tokens 0.078s
2025-12-08 23:17:24.884 65523 INFO tempest.lib.common.rest_client [req-124d3b20-6309-4181-977c-f4670cec75ab req-124d3b20-6309-4181-977c-f4670cec75ab ] Request (InstanceActionsNegativeTestJSON:setUpClass): 200 GET http://10.180.1.21/compute/v2.1/servers/0c973a10-9154-47ed-b378-c17852561a4f 2.016s
2025-12-08 23:17:25.039 65553 INFO tempest.lib.common.rest_client [req-530dd476-50d3-4c4d-bfbc-1c92eeb632f0 req-530dd476-50d3-4c4d-bfbc-1c92eeb632f0 ] Request (FlavorsAccessTestJSON:test_flavor_access_add_remove): 200 POST http://10.180.1.21/compute/v2.1/flavors/796165536/action 2.118s
2025-12-08 23:17:25.065 65531 INFO tempest.lib.common.rest_client [req-c07ca3ce-cf08-4133-8a2d-eb2708fb54c8 req-c07ca3ce-cf08-4133-8a2d-eb2708fb54c8 ] Request (FlavorMetadataValidation:tearDownClass): 200 GET http://10.180.1.21/networking/v2.0/security-groups?tenant_id=141e012fe18d4495bbf94c95384eb956&name=default 0.234s
2025-12-08 23:17:25.317 65531 INFO tempest.lib.common.rest_client [req-381595d9-1101-4c8e-8450-bc7f4ccb2a42 req-381595d9-1101-4c8e-8450-bc7f4ccb2a42 ] Request (FlavorMetadataValidation:tearDownClass): 204 DELETE http://10.180.1.21/networking/v2.0/security-groups/af1041cf-0526-4417-a5cf-a5d384f91c93 0.251s
2025-12-08 23:17:25.392 65531 INFO tempest.lib.common.rest_client [req-7c17c0fe-155f-47eb-b76d-fab39c8e0ac1 req-7c17c0fe-155f-47eb-b76d-fab39c8e0ac1 ] Request (FlavorMetadataValidation:tearDownClass): 204 DELETE http://10.180.1.21/identity/v3/projects/141e012fe18d4495bbf94c95384eb956 0.074s
2025-12-08 23:17:25.392 65531 INFO tempest.lib.common.dynamic_creds [-] Deleting project and security group for project: d2906d4308414e40868b898a5543afc9
2025-12-08 23:17:25.463 65541 INFO tempest.lib.common.rest_client [req-91e70a07-f687-46c4-9d1f-b527eec050d7 req-91e70a07-f687-46c4-9d1f-b527eec050d7 ] Request (FloatingIPDetailsTestJSON:setUpClass): 200 POST http://10.180.1.21/compute/v2.1/os-floating-ips 3.590s
2025-12-08 23:17:25.585 65531 INFO tempest.lib.common.rest_client [req-fbdf5d1b-caf8-4a0f-bcf0-4295d19051cd req-fbdf5d1b-caf8-4a0f-bcf0-4295d19051cd ] Request (FlavorMetadataValidation:tearDownClass): 200 GET http://10.180.1.21/networking/v2.0/security-groups?tenant_id=d2906d4308414e40868b898a5543afc9&name=default 0.192s
2025-12-08 23:17:25.642 65549 INFO tempest.lib.common.rest_client [req-08652dd2-3750-42b4-a04b-e14ddf34ad5d req-08652dd2-3750-42b4-a04b-e14ddf34ad5d ] Request (FloatingIPsTestJSON:test_allocate_floating_ip): 200 GET http://10.180.1.21/compute/v2.1/os-floating-ips 2.699s
2025-12-08 23:17:25.670 65535 INFO tempest.lib.common.rest_client [req-cd72b7fd-cf9a-43fc-bb99-3f1a709ecb65 req-cd72b7fd-cf9a-43fc-bb99-3f1a709ecb65 ] Request (AttachInterfacesV270Test:test_create_get_list_interfaces): 200 GET http://10.180.1.21/compute/v2.1/servers/9c3afa8d-807c-422e-aadb-3d7cfeba8097 2.710s
2025-12-08 23:17:25.674 65527 INFO tempest.lib.common.rest_client [req-64919716-2338-497b-98ca-254ce5991bed req-64919716-2338-497b-98ca-254ce5991bed ] Request (HypervisorAdminTestJSON:test_get_hypervisor_show_details): 200 GET http://10.180.1.21/compute/v2.1/os-hypervisors/1 2.706s
2025-12-08 23:17:25.694 65519 INFO tempest.lib.common.rest_client [req-4132a485-a78c-4d45-b418-d34086b8e804 req-4132a485-a78c-4d45-b418-d34086b8e804 ] Request (HostsAdminNegativeTestJSON:test_reboot_nonexistent_host): 404 GET http://10.180.1.21/compute/v2.1/os-hosts/nonexistent_hostname/reboot 2.689s
2025-12-08 23:17:25.702 65551 INFO tempest.lib.common.rest_client [req-da0b905f-7e3b-41dd-a34c-99df8d950221 req-da0b905f-7e3b-41dd-a34c-99df8d950221 ] Request (FlavorsV255TestJSON:test_crud_flavor): 200 GET http://10.180.1.21/compute/v2.1/flavors/detail 2.703s
2025-12-08 23:17:25.727 65521 INFO tempest.lib.common.rest_client [req-3e54d54d-eb1e-4d69-9b74-119a041b4b6e req-3e54d54d-eb1e-4d69-9b74-119a041b4b6e ] Request (FlavorsExtraSpecsNegativeTestJSON:test_flavor_non_admin_unset_keys): 200 POST http://10.180.1.21/compute/v2.1/flavors/1606090307/os-extra_specs 2.426s
2025-12-08 23:17:25.737 65547 INFO tempest.lib.common.rest_client [req-e2375fce-a063-4b4c-8667-32030832ffd7 req-e2375fce-a063-4b4c-8667-32030832ffd7 ] Request (AggregatesAdminNegativeTestJSON:test_aggregate_add_existent_host): 409 POST http://10.180.1.21/compute/v2.1/os-aggregates/1/action 2.443s
2025-12-08 23:17:25.744 65531 INFO tempest.lib.common.rest_client [req-9e9fb7c9-ce06-4a37-b0d7-98cb7eb8be26 req-9e9fb7c9-ce06-4a37-b0d7-98cb7eb8be26 ] Request (FlavorMetadataValidation:tearDownClass): 204 DELETE http://10.180.1.21/networking/v2.0/security-groups/e6eebf71-cb10-4949-801b-a9ee24a2ecc1 0.158s
2025-12-08 23:17:25.752 65559 INFO tempest.lib.common.rest_client [req-9a56ece8-e776-46df-89fd-44136487622d req-9a56ece8-e776-46df-89fd-44136487622d ] Request (HypervisorAdminNegativeUnderV252Test:test_show_servers_with_non_admin_user): 200 GET http://10.180.1.21/compute/v2.1/os-hypervisors 2.441s
2025-12-08 23:17:25.781 65529 INFO tempest.lib.common.rest_client [req-26d80d4f-7c60-4883-820c-984c10605098 req-26d80d4f-7c60-4883-820c-984c10605098 ] Request (FlavorsV261TestJSON:test_crud_flavor): 200 GET http://10.180.1.21/compute/v2.1/flavors/detail 2.451s
2025-12-08 23:17:25.800 65515 INFO tempest.lib.common.rest_client [req-4fcfd4ce-bd0e-42de-942c-7405d82eef81 req-4fcfd4ce-bd0e-42de-942c-7405d82eef81 ] Request (ServersWithSpecificFlavorTestJSON:test_verify_created_server_ephemeral_disk): 200 GET http://10.180.1.21/compute/v2.1/flavors/42/os-extra_specs 2.399s
2025-12-08 23:17:25.873 65531 INFO tempest.lib.common.rest_client [req-de230690-370c-4259-b62b-c9d8376cd587 req-de230690-370c-4259-b62b-c9d8376cd587 ] Request (FlavorMetadataValidation:tearDownClass): 204 DELETE http://10.180.1.21/identity/v3/projects/d2906d4308414e40868b898a5543afc9 0.128s
2025-12-08 23:17:25.927 65531 INFO tempest.lib.common.rest_client [req-c15d408a-64e8-43a0-a51b-ab53a182a947 req-c15d408a-64e8-43a0-a51b-ab53a182a947 ] Request (ServicesAdminTestJSON:setUpClass): 201 POST http://10.180.1.21/identity/v3/auth/tokens 0.052s
2025-12-08 23:17:25.931 65539 INFO tempest.lib.common.rest_client [req-fd081dfc-a28f-4223-91f0-4007aecdbf09 req-fd081dfc-a28f-4223-91f0-4007aecdbf09 ] Request (ImagesOneServerTestJSON:setUpClass): 200 GET http://10.180.1.21/compute/v2.1/servers/afb60f91-6534-49d4-8717-c816862dac94 2.521s
2025-12-08 23:17:25.960 65531 INFO tempest.lib.common.rest_client [req-050a20c9-e0de-4975-bdb6-406a62674e71 req-050a20c9-e0de-4975-bdb6-406a62674e71 ] Request (ServicesAdminTestJSON:setUpClass): 201 POST http://10.180.1.21/identity/v3/auth/tokens 0.029s
2025-12-08 23:17:25.986 65531 INFO tempest.lib.common.rest_client [req-081f8045-67d1-4a45-af5d-5f9090d1153a req-081f8045-67d1-4a45-af5d-5f9090d1153a ] Request (ServicesAdminTestJSON:setUpClass): 200 GET http://10.180.1.21/identity/v3/domains?name=Default 0.025s
2025-12-08 23:17:26.022 65531 INFO tempest.lib.common.rest_client [req-ce0dcdf7-ae21-477c-9541-daf096ac3501 req-ce0dcdf7-ae21-477c-9541-daf096ac3501 ] Request (ServicesAdminTestJSON:setUpClass): 201 POST http://10.180.1.21/identity/v3/projects 0.035s
2025-12-08 23:17:26.085 65531 INFO tempest.lib.common.rest_client [req-ba16fb1d-6d5a-48b2-b3c9-a154f5bed7aa req-ba16fb1d-6d5a-48b2-b3c9-a154f5bed7aa ] Request (ServicesAdminTestJSON:setUpClass): 201 POST http://10.180.1.21/identity/v3/users 0.062s
2025-12-08 23:17:26.093 65571 INFO tempest.lib.common.rest_client [req-2bff2f9a-3c7d-482b-8340-51bfeb034278 req-2bff2f9a-3c7d-482b-8340-51bfeb034278 ] Request (FlavorsAccessNegativeTestJSON:_run_cleanups): 200 POST http://10.180.1.21/compute/v2.1/flavors/1355069381/action 2.650s
2025-12-08 23:17:26.117 65531 INFO tempest.lib.common.rest_client [req-3be9bdfa-077a-4d97-8776-cdd1a2817eef req-3be9bdfa-077a-4d97-8776-cdd1a2817eef ] Request (ServicesAdminTestJSON:setUpClass): 200 GET http://10.180.1.21/identity/v3/roles 0.032s
2025-12-08 23:17:26.152 65531 INFO tempest.lib.common.rest_client [req-5ec089a7-a01d-4952-b4e9-4d90a99ede90 req-5ec089a7-a01d-4952-b4e9-4d90a99ede90 ] Request (ServicesAdminTestJSON:setUpClass): 204 PUT http://10.180.1.21/identity/v3/projects/c1371087ab3e42888abebf6689fd9ff0/users/71685787330242dbaf6af655a4b5a9a6/roles/6b41f1e28c4343b492fba5fc8bfa79db 0.034s
2025-12-08 23:17:26.152 65531 INFO tempest.lib.common.dynamic_creds [-] Dynamic test user 71685787330242dbaf6af655a4b5a9a6 is created with scope project and roles: ['member']
2025-12-08 23:17:26.153 65531 INFO tempest.lib.common.dynamic_creds [-] Acquired dynamic creds: credentials: Credentials: {'domain_id': 'default', 'domain_name': 'Default', 'username': 'tempest-ServicesAdminTestJSON-70865126-project-member', 'project_domain_id': 'default', 'project_domain_name': 'Default', 'project_id': 'c1371087ab3e42888abebf6689fd9ff0', 'project_name': 'tempest-ServicesAdminTestJSON-70865126', 'tenant_id': 'c1371087ab3e42888abebf6689fd9ff0', 'tenant_name': 'tempest-ServicesAdminTestJSON-70865126', 'user_domain_id': 'default', 'user_domain_name': 'Default', 'user_id': '71685787330242dbaf6af655a4b5a9a6', 'system': None}, Network: None, Subnet: None, Router: None
2025-12-08 23:17:26.153 65531 INFO tempest.lib.common.dynamic_creds [-] Created isolated network resources for: credentials: Credentials: {'domain_id': 'default', 'domain_name': 'Default', 'username': 'tempest-ServicesAdminTestJSON-70865126-project-member', 'project_domain_id': 'default', 'project_domain_name': 'Default', 'project_id': 'c1371087ab3e42888abebf6689fd9ff0', 'project_name': 'tempest-ServicesAdminTestJSON-70865126', 'tenant_id': 'c1371087ab3e42888abebf6689fd9ff0', 'tenant_name': 'tempest-ServicesAdminTestJSON-70865126', 'user_domain_id': 'default', 'user_domain_name': 'Default', 'user_id': '71685787330242dbaf6af655a4b5a9a6', 'system': None}, Network: None, Subnet: None, Router: None
2025-12-08 23:17:26.192 65573 INFO tempest.lib.common.rest_client [req-7f9a88f4-3395-4448-9ccb-e34a228175a9 req-7f9a88f4-3395-4448-9ccb-e34a228175a9 ] Request (VolumesAssistedSnapshotsTest:test_volume_assisted_snapshot_create_delete): 202 POST http://10.180.1.21/compute/v2.1/servers 2.880s
2025-12-08 23:17:26.276 65531 INFO tempest.lib.common.rest_client [req-faed2c88-52c2-413e-a718-7ef8a324e397 req-faed2c88-52c2-413e-a718-7ef8a324e397 ] Request (ServicesAdminTestJSON:setUpClass): 201 POST http://10.180.1.21/identity/v3/auth/tokens 0.116s
2025-12-08 23:17:26.305 65561 INFO tempest.lib.common.rest_client [req-ea8e7547-2f09-4b72-8e50-28dfa4dd8661 req-ea8e7547-2f09-4b72-8e50-28dfa4dd8661 ] Request (QuotasAdminTestV236:test_get_updated_quotas): 200 GET http://10.180.1.21/compute/v2.1/os-quota-sets/2deabfa81d0448bab6057b85055babaa?user_id=b6a8901671f14cfcb91a90492112c811 2.852s
2025-12-08 23:17:26.352 65531 INFO tempest.lib.common.rest_client [req-1e679e4e-4c83-4230-b387-70391f4adfee req-1e679e4e-4c83-4230-b387-70391f4adfee ] Request (ServicesAdminTestJSON:setUpClass): 201 POST http://10.180.1.21/identity/v3/projects 0.075s
2025-12-08 23:17:26.449 65531 INFO tempest.lib.common.rest_client [req-e05de77c-72ae-4c4c-9f86-b14b9d08fcfb req-e05de77c-72ae-4c4c-9f86-b14b9d08fcfb ] Request (ServicesAdminTestJSON:setUpClass): 201 POST http://10.180.1.21/identity/v3/users 0.096s
2025-12-08 23:17:26.465 65561 INFO tempest.lib.common.rest_client [req-be9e0408-1d57-4b05-9bdf-0cb01ae3edfd req-be9e0408-1d57-4b05-9bdf-0cb01ae3edfd ] Request (QuotasAdminTestV236:_run_cleanups): 204 DELETE http://10.180.1.21/identity/v3/users/b6a8901671f14cfcb91a90492112c811 0.158s
2025-12-08 23:17:26.497 65558 INFO tempest.lib.common.rest_client [req-05f34fea-17ae-4a46-8508-f28a759ffeeb req-05f34fea-17ae-4a46-8508-f28a759ffeeb ] Request (MultipleCreateTestJSON:test_multiple_create): 200 GET http://10.180.1.21/compute/v2.1/servers/713412d0-ffcd-431c-a3af-a85d31661391 2.190s
2025-12-08 23:17:26.505 65558 INFO tempest.common.waiters [-] State transition "BUILD/None" ==> "BUILD/spawning" after 3 second wait
2025-12-08 23:17:26.523 65531 INFO tempest.lib.common.rest_client [req-d792df2c-78cd-4372-95a3-daabae66152c req-d792df2c-78cd-4372-95a3-daabae66152c ] Request (ServicesAdminTestJSON:setUpClass): 200 GET http://10.180.1.21/identity/v3/roles 0.073s
2025-12-08 23:17:26.580 65561 INFO tempest.lib.common.rest_client [req-97c25509-0cf5-4c1e-8d4c-c78a5f601b79 req-97c25509-0cf5-4c1e-8d4c-c78a5f601b79 ] Request (QuotasAdminTestV236:_run_cleanups): 204 DELETE http://10.180.1.21/identity/v3/projects/2deabfa81d0448bab6057b85055babaa 0.114s
2025-12-08 23:17:26.643 65513 INFO tempest.lib.common.rest_client [req-ea2e1d8a-2d04-45e0-a5a5-7e4894958329 req-ea2e1d8a-2d04-45e0-a5a5-7e4894958329 ] Request (ServersTestFqdnHostnames:test_create_server_with_fqdn_name): 202 POST http://10.180.1.21/compute/v2.1/servers 2.422s
2025-12-08 23:17:26.653 65545 INFO tempest.lib.common.rest_client [req-5d72f113-6d8d-4dc5-acf6-797a1b9a4eaf req-5d72f113-6d8d-4dc5-acf6-797a1b9a4eaf ] Request (HypervisorAdminNegativeTestJSON:test_get_nonexistent_hypervisor_uptime): 404 GET http://10.180.1.21/compute/v2.1/os-hypervisors/17849136-acd5-4c9b-8103-5375669571ef/uptime 2.133s
2025-12-08 23:17:26.664 65531 INFO tempest.lib.common.rest_client [req-5f3e3d23-c9b1-4e14-b2dc-8963be3c4652 req-5f3e3d23-c9b1-4e14-b2dc-8963be3c4652 ] Request (ServicesAdminTestJSON:setUpClass): 204 PUT http://10.180.1.21/identity/v3/projects/5b29997d1c5b4b1dabd2f8e99f3bf8a4/users/70eb7b9d7af347c4843d33b037f110ee/roles/63ab2378bc6b4399bd6b4fa5c5767971 0.141s
2025-12-08 23:17:26.682 65565 INFO tempest.lib.common.rest_client [req-8271721e-92e3-49eb-b445-b8d3ff1d4f8d req-8271721e-92e3-49eb-b445-b8d3ff1d4f8d ] Request (FlavorsAdminTestJSON:test_create_flavor_verify_entry_in_list_details): 200 GET http://10.180.1.21/compute/v2.1/flavors/detail 2.101s
2025-12-08 23:17:26.698 65525 INFO tempest.lib.common.rest_client [req-de61c35b-3550-4671-92ae-2143366ff0cd req-de61c35b-3550-4671-92ae-2143366ff0cd ] Request (FlavorsExtraSpecsTestJSON:test_flavor_non_admin_get_specific_key): 200 GET http://10.180.1.21/compute/v2.1/flavors/1249007376/os-extra_specs/hw:numa_nodes 2.097s
2025-12-08 23:17:26.787 65531 INFO tempest.lib.common.rest_client [req-f378fe89-6e3c-4c61-969c-e05c58bdde6a req-f378fe89-6e3c-4c61-969c-e05c58bdde6a ] Request (ServicesAdminTestJSON:setUpClass): 200 GET http://10.180.1.21/identity/v3/roles 0.123s
2025-12-08 23:17:26.817 65569 INFO tempest.lib.common.rest_client [req-59e1f4d7-098c-445e-b7cf-036e7e6cadb8 req-59e1f4d7-098c-445e-b7cf-036e7e6cadb8 ] Request (ServerDiagnosticsTest:test_get_server_diagnostics): 200 GET http://10.180.1.21/compute/v2.1/servers/2af631ee-a267-4ace-bc23-ee4f540f6710 2.213s
2025-12-08 23:17:26.834 65569 INFO tempest.common.waiters [-] State transition "BUILD/None" ==> "BUILD/networking" after 6 second wait
2025-12-08 23:17:26.850 65531 INFO tempest.lib.common.rest_client [req-fccb4d00-661a-49a7-91fa-bb5c19844e6f req-fccb4d00-661a-49a7-91fa-bb5c19844e6f ] Request (ServicesAdminTestJSON:setUpClass): 204 PUT http://10.180.1.21/identity/v3/projects/5b29997d1c5b4b1dabd2f8e99f3bf8a4/users/70eb7b9d7af347c4843d33b037f110ee/roles/63ab2378bc6b4399bd6b4fa5c5767971 0.063s
2025-12-08 23:17:26.851 65531 INFO tempest.lib.common.dynamic_creds [-] Dynamic test user 70eb7b9d7af347c4843d33b037f110ee is created with scope project and roles: ['admin']
2025-12-08 23:17:26.851 65531 INFO tempest.lib.common.dynamic_creds [-] Acquired dynamic creds: credentials: Credentials: {'domain_id': 'default', 'domain_name': 'Default', 'username': 'tempest-ServicesAdminTestJSON-1132334027-project-admin', 'project_domain_id': 'default', 'project_domain_name': 'Default', 'project_id': '5b29997d1c5b4b1dabd2f8e99f3bf8a4', 'project_name': 'tempest-ServicesAdminTestJSON-1132334027', 'tenant_id': '5b29997d1c5b4b1dabd2f8e99f3bf8a4', 'tenant_name': 'tempest-ServicesAdminTestJSON-1132334027', 'user_domain_id': 'default', 'user_domain_name': 'Default', 'user_id': '70eb7b9d7af347c4843d33b037f110ee', 'system': None}, Network: None, Subnet: None, Router: None
2025-12-08 23:17:26.851 65531 INFO tempest.lib.common.dynamic_creds [-] Created isolated network resources for: credentials: Credentials: {'domain_id': 'default', 'domain_name': 'Default', 'username': 'tempest-ServicesAdminTestJSON-1132334027-project-admin', 'project_domain_id': 'default', 'project_domain_name': 'Default', 'project_id': '5b29997d1c5b4b1dabd2f8e99f3bf8a4', 'project_name': 'tempest-ServicesAdminTestJSON-1132334027', 'tenant_id': '5b29997d1c5b4b1dabd2f8e99f3bf8a4', 'tenant_name': 'tempest-ServicesAdminTestJSON-1132334027', 'user_domain_id': 'default', 'user_domain_name': 'Default', 'user_id': '70eb7b9d7af347c4843d33b037f110ee', 'system': None}, Network: None, Subnet: None, Router: None
2025-12-08 23:17:26.866 65561 INFO tempest.lib.common.rest_client [req-2df70026-23e7-4cac-b38d-45b4f6008f94 req-2df70026-23e7-4cac-b38d-45b4f6008f94 ] Request (QuotasAdminTestV236:tearDownClass): 204 DELETE http://10.180.1.21/identity/v3/users/4b4916f8147c431f891c92727a828224 0.280s
2025-12-08 23:17:26.924 65517 INFO tempest.lib.common.rest_client [req-30f39a6e-42ac-4bbd-81af-b9c2918751bc req-30f39a6e-42ac-4bbd-81af-b9c2918751bc ] Request (ServerDiagnosticsV248Test:test_get_server_diagnostics): 200 GET http://10.180.1.21/compute/v2.1/servers/694a643e-06f4-4e00-bec9-b4bbd9f2053c 2.138s
2025-12-08 23:17:26.974 65531 INFO tempest.lib.common.rest_client [req-27dd871c-95be-488a-9f21-c31270114964 req-27dd871c-95be-488a-9f21-c31270114964 ] Request (ServicesAdminTestJSON:setUpClass): 201 POST http://10.180.1.21/identity/v3/auth/tokens 0.117s
2025-12-08 23:17:26.984 65543 INFO tempest.lib.common.rest_client [req-e28d6263-d6b2-4395-9556-356777b1b468 req-e28d6263-d6b2-4395-9556-356777b1b468 ] Request (QuotasAdminNegativeTest:test_create_server_when_cpu_quota_is_full): 403 POST http://10.180.1.21/compute/v2.1/servers 2.547s
2025-12-08 23:17:27.012 65561 INFO tempest.lib.common.rest_client [req-e6924d47-7823-473c-bbcb-73f6e3c3ac12 req-e6924d47-7823-473c-bbcb-73f6e3c3ac12 ] Request (QuotasAdminTestV236:tearDownClass): 204 DELETE http://10.180.1.21/identity/v3/users/e4ad8919159d468584c85d87ebfa83ea 0.145s
2025-12-08 23:17:27.012 65561 INFO tempest.lib.common.dynamic_creds [-] Deleting project and security group for project: a704dd0d6cc64445a393839120272cc3
2025-12-08 23:17:27.016 65553 INFO tempest.lib.common.rest_client [req-a157d422-efe7-4f21-9a65-64957b169ca8 req-a157d422-efe7-4f21-9a65-64957b169ca8 ] Request (FlavorsAccessTestJSON:test_flavor_access_add_remove): 200 GET http://10.180.1.21/compute/v2.1/flavors/detail 1.975s
2025-12-08 23:17:27.094 65555 INFO tempest.lib.common.rest_client [req-e678295a-f7d3-4dea-a25a-72afefce3b30 req-e678295a-f7d3-4dea-a25a-72afefce3b30 ] Request (ImagesNegativeTestJSON:test_create_image_from_deleted_server): 200 GET http://10.180.1.21/compute/v2.1/servers/d3876a0a-9769-4f01-bd67-1ab97afd5344 2.275s
2025-12-08 23:17:27.116 65537 INFO tempest.lib.common.rest_client [req-4c83bb4f-9bcd-4906-9425-253ca16f2184 req-4c83bb4f-9bcd-4906-9425-253ca16f2184 ] Request (DeleteServersAdminTestJSON:test_admin_delete_servers_of_others): 200 GET http://10.180.1.21/compute/v2.1/servers/d60981c4-7d4b-496c-923b-0910d9042c01 2.026s
2025-12-08 23:17:27.123 65561 INFO tempest.lib.common.rest_client [req-a50877e1-9a20-452f-bc9d-19e1a9d242ea req-a50877e1-9a20-452f-bc9d-19e1a9d242ea ] Request (QuotasAdminTestV236:tearDownClass): 201 POST http://10.180.1.21/identity/v3/auth/tokens 0.111s
2025-12-08 23:17:27.229 65511 INFO tempest.lib.common.rest_client [req-13b95972-c06f-457b-93dd-69b3d8a9607d req-13b95972-c06f-457b-93dd-69b3d8a9607d ] Request (MigrationsAdminTest:test_list_migrations_in_flavor_resize_situation): 200 GET http://10.180.1.21/compute/v2.1/servers/a5b01948-caec-42b6-bb63-a5e3afd9e716 1.978s
2025-12-08 23:17:27.250 65563 INFO tempest.lib.common.rest_client [req-711357c1-c007-4670-8076-1eb1dcf195b2 req-711357c1-c007-4670-8076-1eb1dcf195b2 ] Request (ServerDiagnosticsNegativeTest:test_get_server_diagnostics_by_non_admin): 200 GET http://10.180.1.21/compute/v2.1/servers/57d5febd-f4f1-47bd-bd58-8682309db3bc 1.816s
2025-12-08 23:17:27.367 65561 INFO tempest.lib.common.rest_client [req-f170adea-39c5-4ffb-bf6e-8dde513d0a03 req-f170adea-39c5-4ffb-bf6e-8dde513d0a03 ] Request (QuotasAdminTestV236:tearDownClass): 200 GET http://10.180.1.21/networking/v2.0/security-groups?tenant_id=a704dd0d6cc64445a393839120272cc3&name=default 0.243s
2025-12-08 23:17:27.601 65561 INFO tempest.lib.common.rest_client [req-433a0c47-cfb4-451d-9f18-4e3af06244a1 req-433a0c47-cfb4-451d-9f18-4e3af06244a1 ] Request (QuotasAdminTestV236:tearDownClass): 204 DELETE http://10.180.1.21/networking/v2.0/security-groups/92c1b368-bba8-4eaa-a16e-dbb32ad706bc 0.233s
2025-12-08 23:17:27.679 65561 INFO tempest.lib.common.rest_client [req-89b35ff5-f47a-41cd-acd5-99c737ccb317 req-89b35ff5-f47a-41cd-acd5-99c737ccb317 ] Request (QuotasAdminTestV236:tearDownClass): 204 DELETE http://10.180.1.21/identity/v3/projects/a704dd0d6cc64445a393839120272cc3 0.078s
2025-12-08 23:17:27.680 65561 INFO tempest.lib.common.dynamic_creds [-] Deleting project and security group for project: caa473391b494662bbdc2bda02e483ea
2025-12-08 23:17:28.100 65561 INFO tempest.lib.common.rest_client [req-75953ed0-562a-4a2a-9ae6-7d62f6533ca1 req-75953ed0-562a-4a2a-9ae6-7d62f6533ca1 ] Request (QuotasAdminTestV236:tearDownClass): 200 GET http://10.180.1.21/networking/v2.0/security-groups?tenant_id=caa473391b494662bbdc2bda02e483ea&name=default 0.420s
2025-12-08 23:17:28.225 65561 INFO tempest.lib.common.rest_client [req-80c2d013-4872-4384-b9f5-e9753dd27aaa req-80c2d013-4872-4384-b9f5-e9753dd27aaa ] Request (QuotasAdminTestV236:tearDownClass): 204 DELETE http://10.180.1.21/networking/v2.0/security-groups/eb02d850-6691-4d4f-a325-799374837880 0.125s
2025-12-08 23:17:28.272 65541 INFO tempest.lib.common.rest_client [req-1ed73dd3-5f92-48b6-a677-d56e2b52177b req-1ed73dd3-5f92-48b6-a677-d56e2b52177b ] Request (FloatingIPDetailsTestJSON:setUpClass): 200 POST http://10.180.1.21/compute/v2.1/os-floating-ips 2.807s
2025-12-08 23:17:28.297 65527 INFO tempest.lib.common.rest_client [req-916f04d9-a41c-4ffe-ad6e-23aea71163f3 req-916f04d9-a41c-4ffe-ad6e-23aea71163f3 ] Request (HypervisorAdminTestJSON:test_get_hypervisor_stats): 200 GET http://10.180.1.21/compute/v2.1/os-hypervisors/statistics 2.616s
2025-12-08 23:17:28.303 65519 INFO tempest.lib.common.rest_client [req-c95c46a7-d967-42cb-b7f7-08b71a8b411c req-c95c46a7-d967-42cb-b7f7-08b71a8b411c ] Request (HostsAdminNegativeTestJSON:test_show_host_detail_with_non_admin_user): 403 GET http://10.180.1.21/compute/v2.1/os-hosts/devstack 2.607s
2025-12-08 23:17:28.329 65561 INFO tempest.lib.common.rest_client [req-61d7a47a-acc2-406d-8c71-4757202fbf1d req-61d7a47a-acc2-406d-8c71-4757202fbf1d ] Request (QuotasAdminTestV236:tearDownClass): 204 DELETE http://10.180.1.21/identity/v3/projects/caa473391b494662bbdc2bda02e483ea 0.103s
2025-12-08 23:17:28.336 65551 INFO tempest.lib.common.rest_client [req-022a7979-0405-4d9f-8df8-3f7bf4e979dc req-022a7979-0405-4d9f-8df8-3f7bf4e979dc ] Request (FlavorsV255TestJSON:test_crud_flavor): 200 GET http://10.180.1.21/compute/v2.1/flavors 2.621s
2025-12-08 23:17:28.340 65521 INFO tempest.lib.common.rest_client [req-e780de03-6e40-4f01-96b4-7fa872f54eb1 req-e780de03-6e40-4f01-96b4-7fa872f54eb1 ] Request (FlavorsExtraSpecsNegativeTestJSON:test_flavor_non_admin_unset_keys): 403 DELETE http://10.180.1.21/compute/v2.1/flavors/1606090307/os-extra_specs/hw:numa_nodes 2.611s
2025-12-08 23:17:28.396 65561 INFO tempest.lib.common.rest_client [req-5678a23d-2bb8-4ea8-aead-360beba31534 req-5678a23d-2bb8-4ea8-aead-360beba31534 ] Request (FloatingIPsAssociationNegativeTestJSON:setUpClass): 201 POST http://10.180.1.21/identity/v3/auth/tokens 0.065s
2025-12-08 23:17:28.409 65527 INFO tempest.lib.common.rest_client [req-9bb726b6-8fbc-4ad4-8cc6-bcdb76be4522 req-9bb726b6-8fbc-4ad4-8cc6-bcdb76be4522 ] Request (HypervisorAdminTestJSON:tearDownClass): 204 DELETE http://10.180.1.21/identity/v3/users/5dd9d3e4fd154d22bc0955dbd542ccc9 0.109s
2025-12-08 23:17:28.475 65547 INFO tempest.lib.common.rest_client [req-4bde68fe-056c-41ec-92d8-01a5d9e61754 req-4bde68fe-056c-41ec-92d8-01a5d9e61754 ] Request (AggregatesAdminNegativeTestJSON:_run_cleanups): 200 POST http://10.180.1.21/compute/v2.1/os-aggregates/1/action 2.737s
2025-12-08 23:17:28.482 65559 INFO tempest.lib.common.rest_client [req-804455dc-8196-4c44-8c76-b4e0d44787d3 req-804455dc-8196-4c44-8c76-b4e0d44787d3 ] Request (HypervisorAdminNegativeUnderV252Test:test_show_servers_with_non_admin_user): 403 GET http://10.180.1.21/compute/v2.1/os-hypervisors/1/servers 2.728s
2025-12-08 23:17:28.486 65561 INFO tempest.lib.common.rest_client [req-ce4fb761-2bd6-4ed4-a065-e295f6efe856 req-ce4fb761-2bd6-4ed4-a065-e295f6efe856 ] Request (FloatingIPsAssociationNegativeTestJSON:setUpClass): 201 POST http://10.180.1.21/identity/v3/auth/tokens 0.083s
