2025-12-08 23:20:46.419 65537 INFO tempest.lib.common.fixed_network [-] (AttachVolumeShelveTestJSON:test_attach_volume_shelved_or_offload_server) Found network {'id': '8bb0b9cd-0f50-46c8-a562-f1db126f3942', 'name': 'tempest-AttachVolumeShelveTestJSON-667279572-network', 'tenant_id': '34ec84afef3d45cfa64b6fa3b22542c6', 'project_id': '34ec84afef3d45cfa64b6fa3b22542c6', 'admin_state_up': True, 'mtu': 8950, 'status': 'ACTIVE', 'subnets': [], 'shared': False, 'port_security_enabled': True, 'router:external': False, 'provider:network_type': 'vlan', 'provider:physical_network': 'default', 'provider:segmentation_id': 157, 'availability_zone_hints': [], 'availability_zones': [], 'ipv4_address_scope': None, 'ipv6_address_scope': None, 'description': '', 'tags': [], 'created_at': '2025-12-08T23:20:39Z', 'updated_at': '2025-12-08T23:20:39Z', 'revision_number': 1} available for tenant
2025-12-08 23:20:46.475 65565 INFO tempest.lib.common.rest_client [req-4a0426b4-9e54-4a42-9a70-c00873912883 req-4a0426b4-9e54-4a42-9a70-c00873912883 ] Request (DeleteServersTestJSON:test_delete_active_server): 200 GET http://10.180.1.21/compute/v2.1/servers/5d441df7-c049-45ad-b8e7-52658ddee69b 3.286s
2025-12-08 23:20:46.485 65565 INFO tempest.common.waiters [-] State transition "BUILD/networking" ==> "BUILD/spawning" after 32 second wait
2025-12-08 23:20:46.488 65558 INFO tempest.lib.common.rest_client [req-c4c0ed03-fa54-4edd-836e-c0d761224507 req-c4c0ed03-fa54-4edd-836e-c0d761224507 ] Request (ServerPasswordTestJSON:tearDownClass): 204 DELETE http://10.180.1.21/identity/v3/users/2ec66efba66d4f08b81313618600144c 0.121s
2025-12-08 23:20:46.488 65558 INFO tempest.lib.common.dynamic_creds [-] Deleting project and security group for project: dfc2ff158f4c43db8f37b79ab697df21
2025-12-08 23:20:46.516 65513 INFO tempest.lib.common.rest_client [req-7dd10f96-96cd-4629-adfe-d0fff9fd6329 req-7dd10f96-96cd-4629-adfe-d0fff9fd6329 ] Request (ServersNegativeTestJSON:setUpClass): 202 POST http://10.180.1.21/compute/v2.1/servers 4.367s
2025-12-08 23:20:46.534 65573 INFO tempest.lib.common.rest_client [req-f1850393-a706-48a8-9305-7b97b29b1b7e req-f1850393-a706-48a8-9305-7b97b29b1b7e ] Request (VolumesAssistedSnapshotsTest:_run_cleanups): 200 GET http://10.180.1.21/compute/v2.1/servers/3992cddd-0d75-4d2d-a069-5b3a01296f8a/os-volume_attachments 3.298s
2025-12-08 23:20:46.557 65558 INFO tempest.lib.common.rest_client [req-8f7ee21a-2ec2-404a-bb18-fc970ef1f198 req-8f7ee21a-2ec2-404a-bb18-fc970ef1f198 ] Request (ServerPasswordTestJSON:tearDownClass): 200 GET http://10.180.1.21/networking/v2.0/security-groups?tenant_id=dfc2ff158f4c43db8f37b79ab697df21&name=default 0.069s
2025-12-08 23:20:46.629 65555 INFO tempest.lib.common.rest_client [req-c591d7d1-9c94-44b5-8fbb-985ee2d66768 req-c591d7d1-9c94-44b5-8fbb-985ee2d66768 ] Request (ServersTestManualDisk:tearDownClass): 204 DELETE http://10.180.1.21/compute/v2.1/servers/b9b0e815-577a-475c-8d74-ea47940f8f02 3.145s
2025-12-08 23:20:46.747 65558 INFO tempest.lib.common.rest_client [req-c0c56221-3d1e-4221-b354-c5c2ac8c80c9 req-c0c56221-3d1e-4221-b354-c5c2ac8c80c9 ] Request (ServerPasswordTestJSON:tearDownClass): 204 DELETE http://10.180.1.21/networking/v2.0/security-groups/acdf3a47-c00e-43ae-96b1-fa9673a112ad 0.189s
2025-12-08 23:20:46.779 65535 INFO tempest.lib.common.rest_client [req-be5e5521-f87b-4b14-adf4-04db28d768a9 req-be5e5521-f87b-4b14-adf4-04db28d768a9 ] Request (ServerRescueNegativeTestJSON:test_rescued_vm_detach_volume): 200 GET http://10.180.1.21/compute/v2.1/servers/b4cd6165-ac69-4d2b-bc92-96a1ef42fe04 3.099s
2025-12-08 23:20:46.844 65551 INFO tempest.lib.common.rest_client [req-2e38b66e-e845-46a5-bad3-c3c8bcbacaee req-2e38b66e-e845-46a5-bad3-c3c8bcbacaee ] Request (ServerActionsTestOtherB:test_resize_server_confirm_from_stopped): 202 POST http://10.180.1.21/compute/v2.1/servers/70f68597-4537-4363-8a35-630ecf060c77/action 3.150s
2025-12-08 23:20:46.887 65558 INFO tempest.lib.common.rest_client [req-1c2d44c4-0e09-496c-b7f4-72f3bb2d29dc req-1c2d44c4-0e09-496c-b7f4-72f3bb2d29dc ] Request (ServerPasswordTestJSON:tearDownClass): 204 DELETE http://10.180.1.21/identity/v3/projects/dfc2ff158f4c43db8f37b79ab697df21 0.140s
2025-12-08 23:20:46.888 65558 INFO tempest.test [-] raised in AttachVolumeMultiAttachTest.setUpClass. Invoking tearDownClass.
2025-12-08 23:20:47.041 65517 INFO tempest.lib.common.rest_client [req-b2974eea-2c5a-40ed-886f-0aec8007e144 req-b2974eea-2c5a-40ed-886f-0aec8007e144 ] Request (ListServerFiltersTestJSON:test_list_servers_detailed_filter_by_server_name): 200 GET http://10.180.1.21/compute/v2.1/servers/detail?name=tempest-ListServerFiltersTestJSON-instance-1580573003 3.302s
2025-12-08 23:20:47.109 65529 INFO tempest.lib.common.rest_client [req-01376d04-8b0f-4971-b737-8ee0387df87e req-01376d04-8b0f-4971-b737-8ee0387df87e ] Request (ServersAdminTestJSON:test_rebuild_server_in_error_state): 202 POST http://10.180.1.21/compute/v2.1/servers/daf74239-3d99-4585-a8a2-a25876d3791b/action 3.294s
2025-12-08 23:20:47.138 65571 INFO tempest.lib.common.rest_client [req-75827e07-8201-4d44-9df6-3cc32507c2da req-75827e07-8201-4d44-9df6-3cc32507c2da ] Request (ImagesTestJSON:test_create_image_from_stopped_server): 200 GET http://10.180.1.21/compute/v2.1/servers/db303c60-0547-4247-8af3-f88e402a325e 3.162s
2025-12-08 23:20:47.142 65519 INFO tempest.lib.common.rest_client [req-4fe1d627-3723-4463-b882-115d4ad4a246 req-4fe1d627-3723-4463-b882-115d4ad4a246 ] Request (ServersAdminNegativeTestJSON:_run_cleanups): 202 DELETE http://10.180.1.21/compute/v2.1/flavors/583139061 3.061s
2025-12-08 23:20:47.306 65549 INFO tempest.lib.common.rest_client [req-accb2039-fc22-472d-8f79-813520702030 req-accb2039-fc22-472d-8f79-813520702030 ] Request (InstanceActionsTestJSON:tearDownClass): 200 GET http://10.180.1.21/compute/v2.1/servers/742afa8c-38dc-42af-ae1b-5edd21c8dfaf 3.011s
2025-12-08 23:20:47.314 65549 INFO tempest.common.waiters [-] State transition "ACTIVE/deleting" ==> "DELETED/None" after 4 second wait
2025-12-08 23:20:47.337 65559 INFO tempest.lib.common.rest_client [req-36e51fd7-5491-459b-a2fe-b71c33106c01 req-36e51fd7-5491-459b-a2fe-b71c33106c01 ] Request (ServerRescueTestJSONUnderV235:setUpClass): 200 GET http://10.180.1.21/compute/v2.1/servers/19773a96-11f4-490a-8242-3673bb245a1f 3.206s
2025-12-08 23:20:47.345 65559 INFO tempest.common.waiters [-] State transition "BUILD/spawning" ==> "ACTIVE/None" after 35 second wait
2025-12-08 23:20:47.377 65561 INFO tempest.lib.common.rest_client [req-eaf2b8fa-1dcb-4cc1-8855-2d597ba43ac4 req-eaf2b8fa-1dcb-4cc1-8855-2d597ba43ac4 ] Request (ServersNegativeTestMultiTenantJSON:tearDownClass): 200 GET http://10.180.1.21/compute/v2.1/servers/f93d0ae1-ac1e-4513-a30d-2c9bf74e5248 3.028s
2025-12-08 23:20:47.413 65527 INFO tempest.lib.common.rest_client [req-8cbbbba1-32bd-4cdb-adde-044c46ad31f3 req-8cbbbba1-32bd-4cdb-adde-044c46ad31f3 ] Request (FloatingIPsAssociationTestJSON:tearDownClass): 200 GET http://10.180.1.21/compute/v2.1/servers/f16da137-a3d3-43ef-843e-e2bfc11fdc40 3.042s
2025-12-08 23:20:47.472 65533 INFO tempest.lib.common.rest_client [req-991d1a19-b035-4ce7-aab9-54ceaf802a4f req-991d1a19-b035-4ce7-aab9-54ceaf802a4f ] Request (ListImageFiltersTestJSON:setUpClass): 200 GET http://10.180.1.21/compute/v2.1/images/c8829b6a-6dc0-4353-bbd8-83baa0792172 2.597s
2025-12-08 23:20:47.565 65539 INFO tempest.lib.common.rest_client [req-6b7c7759-7837-416f-813b-6ea7549a26f2 req-6b7c7759-7837-416f-813b-6ea7549a26f2 ] Request (ServersTestMultiNic:test_verify_duplicate_network_nics): 200 GET http://10.180.1.21/compute/v2.1/servers/375beccf-b097-401c-a7e3-b08476837948 3.126s
2025-12-08 23:20:47.575 65539 INFO tempest.common.waiters [-] State transition "BUILD/None" ==> "BUILD/block_device_mapping" after 20 second wait
2025-12-08 23:20:47.656 65531 INFO tempest.lib.common.rest_client [req-a52bd4bf-143f-4347-ba68-fc76c00e0d96 req-a52bd4bf-143f-4347-ba68-fc76c00e0d96 ] Request (AttachInterfacesTestJSON:test_create_list_show_delete_interfaces_by_fixed_ip): 200 GET http://10.180.1.21/compute/v2.1/servers/72187d8b-5bfc-4bcd-ad1f-009430bf915b/os-interface/6fee25c5-39d3-43cb-a2c9-87d4c791e7bd 2.724s
2025-12-08 23:20:47.705 65563 INFO tempest.lib.common.rest_client [req-7203c3ea-102d-45e3-9b53-93e541810cd2 req-7203c3ea-102d-45e3-9b53-93e541810cd2 ] Request (AttachVolumeTestJSON:test_attach_detach_volume): 200 GET http://10.180.1.21/compute/v2.1/servers/0c0839c2-f1c8-4b97-a484-04c8e90df8a4 2.787s
2025-12-08 23:20:47.719 65563 INFO tempest.common.waiters [-] State transition "BUILD/spawning" ==> "ACTIVE/None" after 34 second wait
2025-12-08 23:20:47.784 65531 INFO tempest.lib.common.rest_client [req-af7a1809-510b-452f-a24c-5b2fcf1c1162 req-af7a1809-510b-452f-a24c-5b2fcf1c1162 ] Request (AttachInterfacesTestJSON:test_create_list_show_delete_interfaces_by_fixed_ip): 200 GET http://10.180.1.21/networking/v2.0/ports?network_id=e957e4cb-ea52-4fa2-98d1-5e9c42dd2f0f 0.126s
2025-12-08 23:20:47.792 65545 INFO tempest.lib.common.rest_client [req-447b8c8e-39e2-4ba0-a794-5e1ca4a9d467 req-447b8c8e-39e2-4ba0-a794-5e1ca4a9d467 ] Request (ServerRescueTestJSON:test_rescue_unrescue_instance): 200 POST http://10.180.1.21/compute/v2.1/servers/00f0fe2e-bfac-4dc5-8a90-e2530201ce1d/action 2.590s
2025-12-08 23:20:47.893 65547 INFO tempest.lib.common.rest_client [req-eba03e88-7e4f-4461-9c67-e0927e0c4da1 req-eba03e88-7e4f-4461-9c67-e0927e0c4da1 ] Request (SecurityGroupsTestJSON:test_security_groups_create_list_delete): 200 POST http://10.180.1.21/compute/v2.1/os-security-groups 2.471s
2025-12-08 23:20:47.914 65531 INFO tempest.lib.common.rest_client [req-cdb1f52c-a5de-4301-9713-34481b85023f req-cdb1f52c-a5de-4301-9713-34481b85023f ] Request (AttachInterfacesTestJSON:test_create_list_show_delete_interfaces_by_fixed_ip): 200 GET http://10.180.1.21/networking/v2.0/subnets/68c4c1cf-6a6e-4ff3-88f7-f50a12632bb8 0.129s
2025-12-08 23:20:47.937 65569 INFO tempest.lib.common.rest_client [req-be57fa7e-05cb-4569-84ba-e215f31605dc req-be57fa7e-05cb-4569-84ba-e215f31605dc ] Request (ServerGroupTestJSON:_run_cleanups): 200 GET http://10.180.1.21/compute/v2.1/servers/fb21d6cc-d62d-4b57-a1c7-4f72ebd65616 2.136s
2025-12-08 23:20:47.998 65511 INFO tempest.lib.common.rest_client [req-f7757b9e-43e5-4ac7-925d-bebcad740c50 req-f7757b9e-43e5-4ac7-925d-bebcad740c50 ] Request (MigrationsAdminTest:test_resize_server_revert_deleted_flavor): 200 GET http://10.180.1.21/compute/v2.1/servers/a498f3c2-c01e-4bb0-824f-b5d7c7106b54 2.014s
2025-12-08 23:20:48.096 65513 INFO tempest.lib.common.rest_client [req-01b7e373-b1c3-4995-ad0c-b1dc96054e29 req-01b7e373-b1c3-4995-ad0c-b1dc96054e29 ] Request (ServersNegativeTestJSON:setUpClass): 200 GET http://10.180.1.21/compute/v2.1/servers/cf3d8148-5cd3-4064-a439-05f29c50a886 1.578s
2025-12-08 23:20:48.339 65555 INFO tempest.lib.common.rest_client [req-a7349d25-b047-43a7-b826-d9f620c9589b req-a7349d25-b047-43a7-b826-d9f620c9589b ] Request (ServersTestManualDisk:tearDownClass): 200 GET http://10.180.1.21/compute/v2.1/servers/b9b0e815-577a-475c-8d74-ea47940f8f02 1.710s
2025-12-08 23:20:48.465 65537 INFO tempest.lib.common.rest_client [req-c612d4e2-10bd-4f00-afb0-ee05c200e72c req-c612d4e2-10bd-4f00-afb0-ee05c200e72c ] Request (AttachVolumeShelveTestJSON:test_attach_volume_shelved_or_offload_server): 202 POST http://10.180.1.21/compute/v2.1/servers 2.045s
2025-12-08 23:20:48.627 65551 INFO tempest.lib.common.rest_client [req-5df2447e-d0c0-407d-8062-e22a37fa71ad req-5df2447e-d0c0-407d-8062-e22a37fa71ad ] Request (ServerActionsTestOtherB:test_resize_server_confirm_from_stopped): 200 GET http://10.180.1.21/compute/v2.1/servers/70f68597-4537-4363-8a35-630ecf060c77 1.782s
2025-12-08 23:20:48.804 65543 INFO tempest.lib.common.rest_client [req-c797ad2e-0dab-4a14-9d16-b302e052407d req-c797ad2e-0dab-4a14-9d16-b302e052407d ] Request (ImagesOneServerNegativeTestJSON:_run_cleanups): 200 GET http://10.180.1.21/compute/v2.1/servers/dc862095-834f-4ff9-9b3f-8b4e077c1733 1.748s
2025-12-08 23:20:48.890 65517 INFO tempest.lib.common.rest_client [req-c4558f7f-7f40-4f49-a2a8-03b5a4b8da8d req-c4558f7f-7f40-4f49-a2a8-03b5a4b8da8d ] Request (ListServerFiltersTestJSON:test_list_servers_detailed_filter_by_server_status): 200 GET http://10.180.1.21/compute/v2.1/servers/detail?status=active 1.834s
2025-12-08 23:20:48.894 65515 WARNING tempest.lib.common.ssh [-] Failed to establish authenticated ssh connection to cirros@10.180.180.132 ([Errno None] Unable to connect to port 22 on 10.180.180.132). Number attempts: 14. Retry after 15 seconds.: paramiko.ssh_exception.NoValidConnectionsError: [Errno None] Unable to connect to port 22 on 10.180.180.132
2025-12-08 23:20:48.915 65519 INFO tempest.lib.common.rest_client [req-d4f008dc-65b8-476a-8927-f80abfc911ea req-d4f008dc-65b8-476a-8927-f80abfc911ea ] Request (ServersAdminNegativeTestJSON:_run_cleanups): 200 GET http://10.180.1.21/compute/v2.1/flavors/detail 1.769s
2025-12-08 23:20:48.956 65567 WARNING tempest.lib.common.ssh [-] Failed to establish authenticated ssh connection to cirros@10.180.180.215 ([Errno None] Unable to connect to port 22 on 10.180.180.215). Number attempts: 1. Retry after 2 seconds.: paramiko.ssh_exception.NoValidConnectionsError: [Errno None] Unable to connect to port 22 on 10.180.180.215
2025-12-08 23:20:49.003 65559 INFO tempest.lib.common.rest_client [req-f7adde6f-add8-44d8-9b13-b67d75790d3a req-f7adde6f-add8-44d8-9b13-b67d75790d3a ] Request (ServerRescueTestJSONUnderV235:setUpClass): 200 POST http://10.180.1.21/compute/v2.1/servers/19773a96-11f4-490a-8242-3673bb245a1f/action 1.657s
2025-12-08 23:20:49.160 65529 INFO tempest.lib.common.rest_client [req-105ef490-a538-481c-b2cb-9cbb2a608e25 req-105ef490-a538-481c-b2cb-9cbb2a608e25 ] Request (ServersAdminTestJSON:test_rebuild_server_in_error_state): 200 GET http://10.180.1.21/compute/v2.1/servers/daf74239-3d99-4585-a8a2-a25876d3791b 2.043s
2025-12-08 23:20:49.195 65573 INFO tempest.lib.common.rest_client [req-55624252-2318-4b6b-95d7-c224fa69be2a req-55624252-2318-4b6b-95d7-c224fa69be2a ] Request (VolumesAssistedSnapshotsTest:_run_cleanups): 200 GET http://10.180.1.21/compute/v2.1/servers/3992cddd-0d75-4d2d-a069-5b3a01296f8a/os-volume_attachments 1.657s
2025-12-08 23:20:49.232 65573 INFO tempest.lib.common.rest_client [req-e1fb01d1-e70b-4354-ab43-d9841b9a651c req-e1fb01d1-e70b-4354-ab43-d9841b9a651c ] Request (VolumesAssistedSnapshotsTest:_run_cleanups): 200 GET http://10.180.1.21/volume/v3/volumes/ecd42a83-1c94-49b2-8c30-70fc2807da85 0.035s
2025-12-08 23:20:49.239 65573 INFO tempest.common.waiters [-] volume ecd42a83-1c94-49b2-8c30-70fc2807da85 reached available after waiting for 0.239135 seconds
2025-12-08 23:20:49.285 65573 INFO tempest.lib.common.rest_client [req-d2551fbf-79be-44e8-9f21-d3524d96d405 req-d2551fbf-79be-44e8-9f21-d3524d96d405 ] Request (VolumesAssistedSnapshotsTest:_run_cleanups): 202 DELETE http://10.180.1.21/volume/v3/volumes/ecd42a83-1c94-49b2-8c30-70fc2807da85 0.046s
2025-12-08 23:20:49.314 65573 INFO tempest.lib.common.rest_client [req-38ab97f1-0073-4675-aff6-8b2b94bfe2aa req-38ab97f1-0073-4675-aff6-8b2b94bfe2aa ] Request (VolumesAssistedSnapshotsTest:_run_cleanups): 200 GET http://10.180.1.21/volume/v3/volumes/ecd42a83-1c94-49b2-8c30-70fc2807da85 0.028s
2025-12-08 23:20:49.437 65565 INFO tempest.lib.common.rest_client [req-8dae30ad-cca5-46cc-81f3-20b1ee4efc77 req-8dae30ad-cca5-46cc-81f3-20b1ee4efc77 ] Request (DeleteServersTestJSON:test_delete_active_server): 200 GET http://10.180.1.21/compute/v2.1/servers/5d441df7-c049-45ad-b8e7-52658ddee69b 1.951s
2025-12-08 23:20:49.471 65563 INFO tempest.lib.common.rest_client [req-bc0ab1cb-48a5-4a35-b3e2-58ceca5786c0 req-bc0ab1cb-48a5-4a35-b3e2-58ceca5786c0 ] Request (AttachVolumeTestJSON:test_attach_detach_volume): 200 GET http://10.180.1.21/compute/v2.1/servers/0c0839c2-f1c8-4b97-a484-04c8e90df8a4/os-interface 1.751s
2025-12-08 23:20:49.707 65535 INFO tempest.lib.common.rest_client [req-7b6d4738-3803-4d6a-ba37-a7552b7c1570 req-7b6d4738-3803-4d6a-ba37-a7552b7c1570 ] Request (ServerRescueNegativeTestJSON:test_rescued_vm_detach_volume): 200 GET http://10.180.1.21/compute/v2.1/servers/b4cd6165-ac69-4d2b-bc92-96a1ef42fe04 1.918s
2025-12-08 23:20:50.256 65563 INFO tempest.lib.common.rest_client [req-33693f47-2801-4ec4-a66c-fe2264622424 req-33693f47-2801-4ec4-a66c-fe2264622424 ] Request (AttachVolumeTestJSON:test_attach_detach_volume): 200 PUT http://10.180.1.21/networking/v2.0/floatingips/1d510d39-85dd-4292-a8d5-698108cf1856 0.783s
2025-12-08 23:20:50.258 65563 INFO tempest.lib.common.ssh [-] Creating ssh connection to '10.180.180.248:22' as 'cirros' with public key authentication
2025-12-08 23:20:50.284 65547 INFO tempest.lib.common.rest_client [req-39d42470-8085-4f86-94f8-c3190404a4fe req-39d42470-8085-4f86-94f8-c3190404a4fe ] Request (SecurityGroupsTestJSON:test_security_groups_create_list_delete): 200 POST http://10.180.1.21/compute/v2.1/os-security-groups 2.387s
2025-12-08 23:20:50.301 65545 INFO tempest.lib.common.rest_client [req-b2074837-3598-4aa7-b229-a1a58d0e0fad req-b2074837-3598-4aa7-b229-a1a58d0e0fad ] Request (ServerRescueTestJSON:test_rescue_unrescue_instance): 200 GET http://10.180.1.21/compute/v2.1/servers/00f0fe2e-bfac-4dc5-8a90-e2530201ce1d 2.508s
2025-12-08 23:20:50.366 65573 INFO tempest.lib.common.rest_client [req-42277865-4ec7-42b6-b1cd-2e62d2a22f50 req-42277865-4ec7-42b6-b1cd-2e62d2a22f50 ] Request (VolumesAssistedSnapshotsTest:_run_cleanups): 200 GET http://10.180.1.21/volume/v3/volumes/ecd42a83-1c94-49b2-8c30-70fc2807da85 0.039s
2025-12-08 23:20:51.410 65573 INFO tempest.lib.common.rest_client [req-baed366c-ed54-40fb-b70d-1c3dac625ae8 req-baed366c-ed54-40fb-b70d-1c3dac625ae8 ] Request (VolumesAssistedSnapshotsTest:_run_cleanups): 200 GET http://10.180.1.21/volume/v3/volumes/ecd42a83-1c94-49b2-8c30-70fc2807da85 0.035s
2025-12-08 23:20:52.027 65567 WARNING tempest.lib.common.ssh [-] Failed to establish authenticated ssh connection to cirros@10.180.180.215 ([Errno None] Unable to connect to port 22 on 10.180.180.215). Number attempts: 2. Retry after 3 seconds.: paramiko.ssh_exception.NoValidConnectionsError: [Errno None] Unable to connect to port 22 on 10.180.180.215
2025-12-08 23:20:52.384 65571 INFO tempest.lib.common.rest_client [req-ccee765a-345f-4717-b822-27e262025b1c req-ccee765a-345f-4717-b822-27e262025b1c ] Request (ImagesTestJSON:test_create_image_from_stopped_server): 200 GET http://10.180.1.21/compute/v2.1/servers/db303c60-0547-4247-8af3-f88e402a325e 4.229s
2025-12-08 23:20:52.394 65571 INFO tempest.common.waiters [-] State transition "BUILD/None" ==> "BUILD/block_device_mapping" after 22 second wait
2025-12-08 23:20:52.437 65573 INFO tempest.lib.common.rest_client [req-81c74403-3ff4-4ccc-b548-99e03fd95999 req-81c74403-3ff4-4ccc-b548-99e03fd95999 ] Request (VolumesAssistedSnapshotsTest:_run_cleanups): 404 GET http://10.180.1.21/volume/v3/volumes/ecd42a83-1c94-49b2-8c30-70fc2807da85 0.018s
2025-12-08 23:20:52.509 65549 INFO tempest.lib.common.rest_client [req-3cc818f1-f804-4448-99f3-c7f18a2541f4 req-3cc818f1-f804-4448-99f3-c7f18a2541f4 ] Request (InstanceActionsTestJSON:tearDownClass): 200 GET http://10.180.1.21/compute/v2.1/servers/742afa8c-38dc-42af-ae1b-5edd21c8dfaf 4.193s
2025-12-08 23:20:52.581 65561 INFO tempest.lib.common.rest_client [req-a5bf615c-0dfd-470b-a5d9-19ea3770fde5 req-a5bf615c-0dfd-470b-a5d9-19ea3770fde5 ] Request (ServersNegativeTestMultiTenantJSON:tearDownClass): 200 GET http://10.180.1.21/compute/v2.1/servers/f93d0ae1-ac1e-4513-a30d-2c9bf74e5248 4.195s
2025-12-08 23:20:52.608 65527 INFO tempest.lib.common.rest_client [req-fd56e8f5-0212-4888-8758-04774aed17d8 req-fd56e8f5-0212-4888-8758-04774aed17d8 ] Request (FloatingIPsAssociationTestJSON:tearDownClass): 404 GET http://10.180.1.21/compute/v2.1/servers/f16da137-a3d3-43ef-843e-e2bfc11fdc40 4.182s
2025-12-08 23:20:53.118 65537 INFO tempest.lib.common.rest_client [req-40eb1b07-c7ab-44b2-b52f-46bb29a0fbbd req-40eb1b07-c7ab-44b2-b52f-46bb29a0fbbd ] Request (AttachVolumeShelveTestJSON:test_attach_volume_shelved_or_offload_server): 200 GET http://10.180.1.21/compute/v2.1/servers/1e7769e8-0465-407f-a614-bdab6d374d1d 4.651s
2025-12-08 23:20:53.188 65533 INFO tempest.lib.common.rest_client [req-51e3727e-14ee-4233-a5de-39bd91590d24 req-51e3727e-14ee-4233-a5de-39bd91590d24 ] Request (ListImageFiltersTestJSON:setUpClass): 200 GET http://10.180.1.21/compute/v2.1/images/c8829b6a-6dc0-4353-bbd8-83baa0792172 4.711s
2025-12-08 23:20:54.299 65539 INFO tempest.lib.common.rest_client [req-c8da24b2-0a57-46ea-83e9-2e050abca77f req-c8da24b2-0a57-46ea-83e9-2e050abca77f ] Request (ServersTestMultiNic:test_verify_duplicate_network_nics): 200 GET http://10.180.1.21/compute/v2.1/servers/375beccf-b097-401c-a7e3-b08476837948 5.723s
2025-12-08 23:20:54.306 65539 INFO tempest.common.waiters [-] State transition "BUILD/block_device_mapping" ==> "BUILD/spawning" after 27 second wait
2025-12-08 23:20:54.497 65517 INFO tempest.lib.common.rest_client [req-2b9d9f98-1ace-41ae-9c60-b979ae209044 req-2b9d9f98-1ace-41ae-9c60-b979ae209044 ] Request (ListServerFiltersTestJSON:test_list_servers_detailed_limit_results): 200 GET http://10.180.1.21/compute/v2.1/servers/detail?limit=1 5.596s
2025-12-08 23:20:54.625 65519 INFO tempest.lib.common.rest_client [req-28df2970-c6ba-49e2-ae6e-9c5179e6c5a9 req-28df2970-c6ba-49e2-ae6e-9c5179e6c5a9 ] Request (ServersAdminNegativeTestJSON:test_resize_server_using_overlimit_vcpus): 200 GET http://10.180.1.21/compute/v2.1/os-quota-sets/779a40e385e34e07ace11221c7282ed0 5.704s
2025-12-08 23:20:54.704 65569 INFO tempest.lib.common.rest_client [req-d1c59160-baaa-435f-916b-38049d3cf3d6 req-d1c59160-baaa-435f-916b-38049d3cf3d6 ] Request (ServerGroupTestJSON:_run_cleanups): 200 GET http://10.180.1.21/compute/v2.1/servers/fb21d6cc-d62d-4b57-a1c7-4f72ebd65616 5.759s
2025-12-08 23:20:55.177 65559 INFO tempest.lib.common.rest_client [req-4f9e6a2f-3af4-47f1-bd9e-6168adc5bdf9 req-4f9e6a2f-3af4-47f1-bd9e-6168adc5bdf9 ] Request (ServerRescueTestJSONUnderV235:setUpClass): 200 GET http://10.180.1.21/compute/v2.1/servers/19773a96-11f4-490a-8242-3673bb245a1f 6.172s
2025-12-08 23:20:55.419 65563 WARNING tempest.lib.common.ssh [-] Failed to establish authenticated ssh connection to cirros@10.180.180.248 ([Errno None] Unable to connect to port 22 on 10.180.180.248). Number attempts: 1. Retry after 2 seconds.: paramiko.ssh_exception.NoValidConnectionsError: [Errno None] Unable to connect to port 22 on 10.180.180.248
2025-12-08 23:20:55.648 65511 INFO tempest.lib.common.rest_client [req-ff852b52-f40a-402d-a001-bec2aa4dcaa5 req-ff852b52-f40a-402d-a001-bec2aa4dcaa5 ] Request (MigrationsAdminTest:test_resize_server_revert_deleted_flavor): 200 GET http://10.180.1.21/compute/v2.1/servers/a498f3c2-c01e-4bb0-824f-b5d7c7106b54 6.638s
2025-12-08 23:20:55.765 65513 INFO tempest.lib.common.rest_client [req-cbbb997c-ab8d-4b5d-ad84-434436465aad req-cbbb997c-ab8d-4b5d-ad84-434436465aad ] Request (ServersNegativeTestJSON:setUpClass): 200 GET http://10.180.1.21/compute/v2.1/servers/cf3d8148-5cd3-4064-a439-05f29c50a886 6.659s
2025-12-08 23:20:55.799 65521 WARNING tempest.lib.common.ssh [-] Failed to establish authenticated ssh connection to cirros@10.180.180.202 ([Errno None] Unable to connect to port 22 on 10.180.180.202). Number attempts: 9. Retry after 10 seconds.: paramiko.ssh_exception.NoValidConnectionsError: [Errno None] Unable to connect to port 22 on 10.180.180.202
2025-12-08 23:20:55.888 65555 INFO tempest.lib.common.rest_client [req-51f2d178-6557-42bb-ab5d-8cd5557d8be6 req-51f2d178-6557-42bb-ab5d-8cd5557d8be6 ] Request (ServersTestManualDisk:tearDownClass): 200 GET http://10.180.1.21/compute/v2.1/servers/b9b0e815-577a-475c-8d74-ea47940f8f02 6.539s
2025-12-08 23:20:55.897 65555 INFO tempest.common.waiters [-] State transition "ACTIVE/deleting" ==> "DELETED/None" after 7 second wait
2025-12-08 23:20:56.152 65551 INFO tempest.lib.common.rest_client [req-cf48618e-ae30-48d8-b6d2-adc08a29e69f req-cf48618e-ae30-48d8-b6d2-adc08a29e69f ] Request (ServerActionsTestOtherB:test_resize_server_confirm_from_stopped): 200 GET http://10.180.1.21/compute/v2.1/servers/70f68597-4537-4363-8a35-630ecf060c77 6.512s
2025-12-08 23:20:56.215 65543 INFO tempest.lib.common.rest_client [req-e7fe792c-42f1-46df-8426-5b899e74d732 req-e7fe792c-42f1-46df-8426-5b899e74d732 ] Request (ImagesOneServerNegativeTestJSON:_run_cleanups): 200 GET http://10.180.1.21/compute/v2.1/servers/dc862095-834f-4ff9-9b3f-8b4e077c1733 6.401s
2025-12-08 23:20:56.402 65529 INFO tempest.lib.common.rest_client [req-1751975b-e99c-4b65-a775-9c41bafe4043 req-1751975b-e99c-4b65-a775-9c41bafe4043 ] Request (ServersAdminTestJSON:test_rebuild_server_in_error_state): 200 GET http://10.180.1.21/compute/v2.1/servers/daf74239-3d99-4585-a8a2-a25876d3791b 6.233s
2025-12-08 23:20:56.409 65529 INFO tempest.common.waiters [-] State transition "REBUILD/rebuilding" ==> "REBUILD/rebuild_spawning" after 7 second wait
2025-12-08 23:20:56.559 65547 INFO tempest.lib.common.rest_client [req-b893439a-ccea-4a94-8c79-bf1a82343e6c req-b893439a-ccea-4a94-8c79-bf1a82343e6c ] Request (SecurityGroupsTestJSON:test_security_groups_create_list_delete): 200 GET http://10.180.1.21/compute/v2.1/os-security-groups 6.267s
2025-12-08 23:20:56.735 65565 INFO tempest.lib.common.rest_client [req-848b6e85-55e7-4f57-871a-244d912ea754 req-848b6e85-55e7-4f57-871a-244d912ea754 ] Request (DeleteServersTestJSON:test_delete_active_server): 200 GET http://10.180.1.21/compute/v2.1/servers/5d441df7-c049-45ad-b8e7-52658ddee69b 6.288s
2025-12-08 23:20:56.742 65565 INFO tempest.common.waiters [-] State transition "BUILD/spawning" ==> "ACTIVE/None" after 42 second wait
2025-12-08 23:20:56.904 65535 INFO tempest.lib.common.rest_client [req-83e864cc-3a3a-4fe0-9ced-ce265704f8c5 req-83e864cc-3a3a-4fe0-9ced-ce265704f8c5 ] Request (ServerRescueNegativeTestJSON:test_rescued_vm_detach_volume): 200 GET http://10.180.1.21/compute/v2.1/servers/b4cd6165-ac69-4d2b-bc92-96a1ef42fe04 6.188s
2025-12-08 23:20:56.911 65535 INFO tempest.common.waiters [-] State transition "BUILD/None" ==> "BUILD/spawning" after 24 second wait
2025-12-08 23:20:57.063 65545 INFO tempest.lib.common.rest_client [req-8d8e81b0-01dd-40c4-b2f6-bf9e56b7e858 req-8d8e81b0-01dd-40c4-b2f6-bf9e56b7e858 ] Request (ServerRescueTestJSON:test_rescue_unrescue_instance): 200 GET http://10.180.1.21/compute/v2.1/servers/00f0fe2e-bfac-4dc5-8a90-e2530201ce1d 5.741s
2025-12-08 23:20:57.175 65573 INFO tempest.lib.common.rest_client [req-c0a42ac2-dc84-45e6-ae40-c990830eaa6c req-c0a42ac2-dc84-45e6-ae40-c990830eaa6c ] Request (VolumesAssistedSnapshotsTest:tearDownClass): 204 DELETE http://10.180.1.21/compute/v2.1/servers/3992cddd-0d75-4d2d-a069-5b3a01296f8a 4.732s
2025-12-08 23:20:57.587 65527 INFO tempest.lib.common.rest_client [req-922cf533-a6a0-4acc-8852-c2e93aba2412 req-922cf533-a6a0-4acc-8852-c2e93aba2412 ] Request (FloatingIPsAssociationTestJSON:tearDownClass): 202 DELETE http://10.180.1.21/compute/v2.1/os-floating-ips/be4ca6f1-eb4b-445b-9fb2-578df6f7ab5a 4.978s
2025-12-08 23:20:57.779 65571 INFO tempest.lib.common.rest_client [req-de56a414-fa81-40b5-9fc1-5e20e361df20 req-de56a414-fa81-40b5-9fc1-5e20e361df20 ] Request (ImagesTestJSON:test_create_image_from_stopped_server): 200 GET http://10.180.1.21/compute/v2.1/servers/db303c60-0547-4247-8af3-f88e402a325e 4.383s
2025-12-08 23:20:57.791 65571 INFO tempest.common.waiters [-] State transition "BUILD/block_device_mapping" ==> "BUILD/spawning" after 27 second wait
2025-12-08 23:20:57.915 65549 INFO tempest.lib.common.rest_client [req-ecff8c32-3cc0-4779-9d82-ecdc8b787a19 req-ecff8c32-3cc0-4779-9d82-ecdc8b787a19 ] Request (InstanceActionsTestJSON:tearDownClass): 200 GET http://10.180.1.21/compute/v2.1/servers/742afa8c-38dc-42af-ae1b-5edd21c8dfaf 4.397s
2025-12-08 23:20:57.975 65561 INFO tempest.lib.common.rest_client [req-81461d0d-3cf4-434d-86cc-d985e9d832bd req-81461d0d-3cf4-434d-86cc-d985e9d832bd ] Request (ServersNegativeTestMultiTenantJSON:tearDownClass): 200 GET http://10.180.1.21/compute/v2.1/servers/f93d0ae1-ac1e-4513-a30d-2c9bf74e5248 4.384s
2025-12-08 23:20:58.030 65537 INFO tempest.lib.common.rest_client [req-b5e45ed1-9582-4370-964d-18d9d98697da req-b5e45ed1-9582-4370-964d-18d9d98697da ] Request (AttachVolumeShelveTestJSON:test_attach_volume_shelved_or_offload_server): 200 GET http://10.180.1.21/compute/v2.1/servers/1e7769e8-0465-407f-a614-bdab6d374d1d 3.901s
2025-12-08 23:20:58.074 65533 INFO tempest.lib.common.rest_client [req-9526b12b-5de0-4939-afae-0b59c8a8a6bc req-9526b12b-5de0-4939-afae-0b59c8a8a6bc ] Request (ListImageFiltersTestJSON:setUpClass): 200 GET http://10.180.1.21/compute/v2.1/images/c8829b6a-6dc0-4353-bbd8-83baa0792172 3.878s
2025-12-08 23:20:58.178 65517 INFO tempest.lib.common.rest_client [req-b6600b8c-a6c0-4205-9702-8a4c19d9ad03 req-b6600b8c-a6c0-4205-9702-8a4c19d9ad03 ] Request (ListServerFiltersTestJSON:test_list_servers_filter_by_active_status): 200 GET http://10.180.1.21/compute/v2.1/servers?status=active 3.670s
2025-12-08 23:20:58.200 65519 INFO tempest.lib.common.rest_client [req-3bef4d6f-749e-4417-a908-b5773d8d049d req-3bef4d6f-749e-4417-a908-b5773d8d049d ] Request (ServersAdminNegativeTestJSON:test_resize_server_using_overlimit_vcpus): 200 POST http://10.180.1.21/compute/v2.1/flavors 3.572s
2025-12-08 23:20:58.407 65539 INFO tempest.lib.common.rest_client [req-1b94ef5a-dc1d-4641-be93-ecda38d4726e req-1b94ef5a-dc1d-4641-be93-ecda38d4726e ] Request (ServersTestMultiNic:test_verify_duplicate_network_nics): 200 GET http://10.180.1.21/compute/v2.1/servers/375beccf-b097-401c-a7e3-b08476837948 3.100s
2025-12-08 23:20:58.469 65569 INFO tempest.lib.common.rest_client [req-2ecfd38d-9140-4ebb-94bf-275f765e4906 req-2ecfd38d-9140-4ebb-94bf-275f765e4906 ] Request (ServerGroupTestJSON:_run_cleanups): 200 GET http://10.180.1.21/compute/v2.1/servers/fb21d6cc-d62d-4b57-a1c7-4f72ebd65616 2.756s
2025-12-08 23:20:58.491 65563 WARNING tempest.lib.common.ssh [-] Failed to establish authenticated ssh connection to cirros@10.180.180.248 ([Errno None] Unable to connect to port 22 on 10.180.180.248). Number attempts: 2. Retry after 3 seconds.: paramiko.ssh_exception.NoValidConnectionsError: [Errno None] Unable to connect to port 22 on 10.180.180.248
2025-12-08 23:20:58.565 65559 INFO tempest.lib.common.rest_client [req-690220d3-b1f2-4447-a10f-4926a92ee03c req-690220d3-b1f2-4447-a10f-4926a92ee03c ] Request (ServerRescueTestJSONUnderV235:setUpClass): 200 GET http://10.180.1.21/compute/v2.1/servers/19773a96-11f4-490a-8242-3673bb245a1f 2.379s
2025-12-08 23:20:58.618 65567 WARNING tempest.lib.common.ssh [-] Failed to establish authenticated ssh connection to cirros@10.180.180.215 ([Errno None] Unable to connect to port 22 on 10.180.180.215). Number attempts: 3. Retry after 4 seconds.: paramiko.ssh_exception.NoValidConnectionsError: [Errno None] Unable to connect to port 22 on 10.180.180.215
2025-12-08 23:20:58.684 65547 INFO tempest.lib.common.rest_client [req-ab9bd00b-531f-4080-8bfb-e245965f40c0 req-ab9bd00b-531f-4080-8bfb-e245965f40c0 ] Request (SecurityGroupsTestJSON:test_security_groups_create_list_delete): 202 DELETE http://10.180.1.21/compute/v2.1/os-security-groups/38fce568-5ac1-4c2c-b7b9-55478580405b 2.121s
2025-12-08 23:20:58.848 65511 INFO tempest.lib.common.rest_client [req-5ddf1af0-0419-4513-882a-d3588a6caa9e req-5ddf1af0-0419-4513-882a-d3588a6caa9e ] Request (MigrationsAdminTest:test_resize_server_revert_deleted_flavor): 200 GET http://10.180.1.21/compute/v2.1/servers/a498f3c2-c01e-4bb0-824f-b5d7c7106b54 2.187s
2025-12-08 23:20:58.933 65565 INFO tempest.lib.common.rest_client [req-e4681ce4-6e84-4962-a40c-2198341272cb req-e4681ce4-6e84-4962-a40c-2198341272cb ] Request (DeleteServersTestJSON:test_delete_active_server): 204 DELETE http://10.180.1.21/compute/v2.1/servers/5d441df7-c049-45ad-b8e7-52658ddee69b 2.190s
2025-12-08 23:20:58.983 65513 INFO tempest.lib.common.rest_client [req-3c04bb56-2451-4aca-964b-62c523158581 req-3c04bb56-2451-4aca-964b-62c523158581 ] Request (ServersNegativeTestJSON:setUpClass): 200 GET http://10.180.1.21/compute/v2.1/servers/cf3d8148-5cd3-4064-a439-05f29c50a886 2.209s
2025-12-08 23:20:59.056 65555 INFO tempest.lib.common.rest_client [req-d8ec1331-3050-43cd-99bf-72b2c559cd90 req-d8ec1331-3050-43cd-99bf-72b2c559cd90 ] Request (ServersTestManualDisk:tearDownClass): 200 GET http://10.180.1.21/compute/v2.1/servers/b9b0e815-577a-475c-8d74-ea47940f8f02 2.158s
2025-12-08 23:20:59.215 65551 INFO tempest.lib.common.rest_client [req-8147e2d3-c757-418d-815e-b93f86bc17d6 req-8147e2d3-c757-418d-815e-b93f86bc17d6 ] Request (ServerActionsTestOtherB:test_resize_server_confirm_from_stopped): 200 GET http://10.180.1.21/compute/v2.1/servers/70f68597-4537-4363-8a35-630ecf060c77 2.051s
2025-12-08 23:20:59.351 65573 INFO tempest.lib.common.rest_client [req-f6b5c849-7b8a-4c57-a4d4-13bb9ccd06a0 req-f6b5c849-7b8a-4c57-a4d4-13bb9ccd06a0 ] Request (VolumesAssistedSnapshotsTest:tearDownClass): 200 GET http://10.180.1.21/compute/v2.1/servers/3992cddd-0d75-4d2d-a069-5b3a01296f8a 2.176s
2025-12-08 23:20:59.735 65543 INFO tempest.lib.common.rest_client [req-0df14e01-02be-4eb1-af88-ff12eef99521 req-0df14e01-02be-4eb1-af88-ff12eef99521 ] Request (ImagesOneServerNegativeTestJSON:_run_cleanups): 200 GET http://10.180.1.21/compute/v2.1/servers/dc862095-834f-4ff9-9b3f-8b4e077c1733 2.511s
2025-12-08 23:20:59.743 65543 INFO tempest.common.waiters [-] State transition "BUILD/None" ==> "BUILD/spawning" after 25 second wait
2025-12-08 23:20:59.839 65529 INFO tempest.lib.common.rest_client [req-9fb07acf-eeac-45da-83d5-907cdbfac1a7 req-9fb07acf-eeac-45da-83d5-907cdbfac1a7 ] Request (ServersAdminTestJSON:test_rebuild_server_in_error_state): 200 GET http://10.180.1.21/compute/v2.1/servers/daf74239-3d99-4585-a8a2-a25876d3791b 2.429s
2025-12-08 23:20:59.848 65529 INFO tempest.common.waiters [-] State transition "REBUILD/rebuild_spawning" ==> "ACTIVE/None" after 10 second wait
2025-12-08 23:20:59.913 65527 INFO tempest.lib.common.rest_client [req-5075b199-befd-442b-980d-7309b6248f80 req-5075b199-befd-442b-980d-7309b6248f80 ] Request (FloatingIPsAssociationTestJSON:tearDownClass): 204 DELETE http://10.180.1.21/compute/v2.1/servers/d796c942-dde1-47f6-95fe-af646d3ffb7d 2.326s
2025-12-08 23:20:59.968 65531 INFO tempest.lib.common.rest_client [req-714835c5-1e6b-4c9d-99c6-3b6b2b8a187d req-714835c5-1e6b-4c9d-99c6-3b6b2b8a187d ] Request (AttachInterfacesTestJSON:test_create_list_show_delete_interfaces_by_fixed_ip): 200 POST http://10.180.1.21/compute/v2.1/servers/72187d8b-5bfc-4bcd-ad1f-009430bf915b/os-interface 12.052s
2025-12-08 23:21:00.041 65535 INFO tempest.lib.common.rest_client [req-438e96eb-a3ee-460b-be62-9657448525c7 req-438e96eb-a3ee-460b-be62-9657448525c7 ] Request (ServerRescueNegativeTestJSON:test_rescued_vm_detach_volume): 200 GET http://10.180.1.21/compute/v2.1/servers/b4cd6165-ac69-4d2b-bc92-96a1ef42fe04 2.129s
2025-12-08 23:21:00.088 65533 INFO tempest.lib.common.rest_client [req-309d4be9-0aab-4947-8658-c9e8289342a1 req-309d4be9-0aab-4947-8658-c9e8289342a1 ] Request (ListImageFiltersTestJSON:setUpClass): 200 GET http://10.180.1.21/compute/v2.1/images/c8829b6a-6dc0-4353-bbd8-83baa0792172 2.010s
2025-12-08 23:21:00.134 65545 INFO tempest.lib.common.rest_client [req-b68becff-acf4-4283-b7a1-4bb71c015120 req-b68becff-acf4-4283-b7a1-4bb71c015120 ] Request (ServerRescueTestJSON:test_rescue_unrescue_instance): 200 GET http://10.180.1.21/compute/v2.1/servers/00f0fe2e-bfac-4dc5-8a90-e2530201ce1d 2.064s
2025-12-08 23:21:00.143 65545 INFO tempest.common.waiters [-] State transition "ACTIVE/rescuing" ==> "RESCUE/None" after 10 second wait
2025-12-08 23:21:00.155 65517 INFO tempest.lib.common.rest_client [req-8f42ac99-1a34-40e0-ab6b-6e41ae0b7db8 req-8f42ac99-1a34-40e0-ab6b-6e41ae0b7db8 ] Request (ListServerFiltersTestJSON:test_list_servers_filter_by_exceed_limit): 200 GET http://10.180.1.21/compute/v2.1/servers?limit=100000 1.972s
2025-12-08 23:21:00.249 65547 INFO tempest.lib.common.rest_client [req-f774dc63-be54-478a-99a9-b41dc34fac80 req-f774dc63-be54-478a-99a9-b41dc34fac80 ] Request (SecurityGroupsTestJSON:test_security_groups_create_list_delete): 404 GET http://10.180.1.21/compute/v2.1/os-security-groups/38fce568-5ac1-4c2c-b7b9-55478580405b 1.564s
2025-12-08 23:21:00.281 65519 INFO tempest.lib.common.rest_client [req-bbb94514-60b5-4d8d-917d-46cc7d21ffe4 req-bbb94514-60b5-4d8d-917d-46cc7d21ffe4 ] Request (ServersAdminNegativeTestJSON:test_resize_server_using_overlimit_vcpus): 403 POST http://10.180.1.21/compute/v2.1/servers/e06e01fa-e468-4ca8-abae-6311e4c2047b/action 2.075s
2025-12-08 23:21:00.350 65549 INFO tempest.lib.common.rest_client [req-44842098-10cc-4ff0-bb83-64e871e0fc32 req-44842098-10cc-4ff0-bb83-64e871e0fc32 ] Request (InstanceActionsTestJSON:tearDownClass): 200 GET http://10.180.1.21/compute/v2.1/servers/742afa8c-38dc-42af-ae1b-5edd21c8dfaf 1.427s
2025-12-08 23:21:00.374 65571 INFO tempest.lib.common.rest_client [req-b2f710fc-b40a-49a3-8f89-a789d0fabdd2 req-b2f710fc-b40a-49a3-8f89-a789d0fabdd2 ] Request (ImagesTestJSON:test_create_image_from_stopped_server): 200 GET http://10.180.1.21/compute/v2.1/servers/db303c60-0547-4247-8af3-f88e402a325e 1.582s
2025-12-08 23:21:00.399 65561 INFO tempest.lib.common.rest_client [req-c08ba848-e2ab-411a-b68f-6b2bebc0f8c9 req-c08ba848-e2ab-411a-b68f-6b2bebc0f8c9 ] Request (ServersNegativeTestMultiTenantJSON:tearDownClass): 404 GET http://10.180.1.21/compute/v2.1/servers/f93d0ae1-ac1e-4513-a30d-2c9bf74e5248 1.415s
2025-12-08 23:21:00.493 65537 INFO tempest.lib.common.rest_client [req-3893bcdd-9949-4e44-a3c5-a5e27730062c req-3893bcdd-9949-4e44-a3c5-a5e27730062c ] Request (AttachVolumeShelveTestJSON:test_attach_volume_shelved_or_offload_server): 200 GET http://10.180.1.21/compute/v2.1/servers/1e7769e8-0465-407f-a614-bdab6d374d1d 1.452s
2025-12-08 23:21:00.527 65565 INFO tempest.lib.common.rest_client [req-bda9b9a2-8de7-4296-8422-13cb8311ce27 req-bda9b9a2-8de7-4296-8422-13cb8311ce27 ] Request (DeleteServersTestJSON:test_delete_active_server): 200 GET http://10.180.1.21/compute/v2.1/servers/5d441df7-c049-45ad-b8e7-52658ddee69b 1.593s
2025-12-08 23:21:00.610 65569 INFO tempest.lib.common.rest_client [req-6202e201-43f7-40f8-a4f0-4e2feca2b730 req-6202e201-43f7-40f8-a4f0-4e2feca2b730 ] Request (ServerGroupTestJSON:_run_cleanups): 200 GET http://10.180.1.21/compute/v2.1/servers/fb21d6cc-d62d-4b57-a1c7-4f72ebd65616 1.131s
2025-12-08 23:21:00.632 65539 INFO tempest.lib.common.rest_client [req-1b2d5baa-d720-41bf-87b2-425f3e1df77c req-1b2d5baa-d720-41bf-87b2-425f3e1df77c ] Request (ServersTestMultiNic:test_verify_duplicate_network_nics): 200 GET http://10.180.1.21/compute/v2.1/servers/375beccf-b097-401c-a7e3-b08476837948 1.217s
2025-12-08 23:21:00.959 65559 INFO tempest.lib.common.rest_client [req-3f9eec7a-f8f8-4398-b7b5-239c3d44c91d req-3f9eec7a-f8f8-4398-b7b5-239c3d44c91d ] Request (ServerRescueTestJSONUnderV235:setUpClass): 200 GET http://10.180.1.21/compute/v2.1/servers/19773a96-11f4-490a-8242-3673bb245a1f 1.385s
2025-12-08 23:21:00.967 65559 INFO tempest.common.waiters [-] State transition "ACTIVE/rescuing" ==> "RESCUE/None" after 5 second wait
2025-12-08 23:21:00.983 65529 INFO tempest.lib.common.rest_client [req-83e90490-39e1-4dec-be0f-2b9d050f454c req-83e90490-39e1-4dec-be0f-2b9d050f454c ] Request (ServersAdminTestJSON:test_rebuild_server_in_error_state): 200 GET http://10.180.1.21/compute/v2.1/servers/daf74239-3d99-4585-a8a2-a25876d3791b 1.134s
2025-12-08 23:21:01.264 65561 INFO tempest.lib.common.rest_client [req-5c15ca0e-ab5f-40de-abdf-cf5245456a42 req-5c15ca0e-ab5f-40de-abdf-cf5245456a42 ] Request (ServersNegativeTestMultiTenantJSON:tearDownClass): 200 PUT http://10.180.1.21/networking/v2.0/routers/5f765cd4-2566-4c02-9270-a896b12c109c/remove_router_interface 0.865s
2025-12-08 23:21:01.291 65511 INFO tempest.lib.common.rest_client [req-a7f17d5a-c72a-4d08-9bab-911f0250b0ab req-a7f17d5a-c72a-4d08-9bab-911f0250b0ab ] Request (MigrationsAdminTest:test_resize_server_revert_deleted_flavor): 200 GET http://10.180.1.21/compute/v2.1/servers/a498f3c2-c01e-4bb0-824f-b5d7c7106b54 1.434s
2025-12-08 23:21:01.305 65527 INFO tempest.lib.common.rest_client [req-ae925768-5d47-4c09-9916-2bb687f9b044 req-ae925768-5d47-4c09-9916-2bb687f9b044 ] Request (FloatingIPsAssociationTestJSON:tearDownClass): 200 GET http://10.180.1.21/compute/v2.1/servers/d796c942-dde1-47f6-95fe-af646d3ffb7d 1.392s
2025-12-08 23:21:01.473 65531 INFO tempest.lib.common.rest_client [req-eb17a6f2-216c-400f-aedd-3715fe2f4ce2 req-eb17a6f2-216c-400f-aedd-3715fe2f4ce2 ] Request (AttachInterfacesTestJSON:test_create_list_show_delete_interfaces_by_fixed_ip): 200 GET http://10.180.1.21/compute/v2.1/servers/72187d8b-5bfc-4bcd-ad1f-009430bf915b/os-interface/dd065405-6a78-461a-b295-9954a39d1bc2 1.503s
2025-12-08 23:21:01.495 65513 INFO tempest.lib.common.rest_client [req-5cc7182c-7d5b-414b-807f-9b4d31137c71 req-5cc7182c-7d5b-414b-807f-9b4d31137c71 ] Request (ServersNegativeTestJSON:setUpClass): 200 GET http://10.180.1.21/compute/v2.1/servers/cf3d8148-5cd3-4064-a439-05f29c50a886 1.500s
2025-12-08 23:21:01.733 65555 INFO tempest.lib.common.rest_client [req-00d6834f-525d-43d7-934c-e49e9bfc022f req-00d6834f-525d-43d7-934c-e49e9bfc022f ] Request (ServersTestManualDisk:tearDownClass): 200 GET http://10.180.1.21/compute/v2.1/servers/b9b0e815-577a-475c-8d74-ea47940f8f02 1.667s
2025-12-08 23:21:01.801 65561 INFO tempest.lib.common.rest_client [req-56e58091-1605-4136-99e7-2c147fedf9d9 req-56e58091-1605-4136-99e7-2c147fedf9d9 ] Request (ServersNegativeTestMultiTenantJSON:tearDownClass): 204 DELETE http://10.180.1.21/networking/v2.0/routers/5f765cd4-2566-4c02-9270-a896b12c109c 0.537s
2025-12-08 23:21:01.820 65545 INFO tempest.lib.common.rest_client [req-59672fa5-eeb1-4701-a287-c68bfa58b304 req-59672fa5-eeb1-4701-a287-c68bfa58b304 ] Request (ServerRescueTestJSON:test_rescue_unrescue_instance): 202 POST http://10.180.1.21/compute/v2.1/servers/00f0fe2e-bfac-4dc5-8a90-e2530201ce1d/action 1.677s
2025-12-08 23:21:01.885 65517 INFO tempest.lib.common.rest_client [req-6de4fde7-664f-491a-a3ec-36a0a16508d5 req-6de4fde7-664f-491a-a3ec-36a0a16508d5 ] Request (ListServerFiltersTestJSON:test_list_servers_filter_by_exceed_limit): 200 GET http://10.180.1.21/compute/v2.1/servers 1.728s
2025-12-08 23:21:02.003 65563 WARNING tempest.lib.common.ssh [-] Failed to establish authenticated ssh connection to cirros@10.180.180.248 ([Errno None] Unable to connect to port 22 on 10.180.180.248). Number attempts: 3. Retry after 4 seconds.: paramiko.ssh_exception.NoValidConnectionsError: [Errno None] Unable to connect to port 22 on 10.180.180.248
2025-12-08 23:21:02.025 65561 INFO tempest.lib.common.rest_client [req-6029d045-2d2c-4fe4-841e-5c17bda9e964 req-6029d045-2d2c-4fe4-841e-5c17bda9e964 ] Request (ServersNegativeTestMultiTenantJSON:tearDownClass): 204 DELETE http://10.180.1.21/networking/v2.0/subnets/eb1914a2-bd94-4772-b0d9-3443e7531ba6 0.223s
2025-12-08 23:21:02.066 65533 INFO tempest.lib.common.rest_client [req-02f6b9bf-05fe-4f2e-87c7-0330ce7ad325 req-02f6b9bf-05fe-4f2e-87c7-0330ce7ad325 ] Request (ListImageFiltersTestJSON:setUpClass): 200 GET http://10.180.1.21/compute/v2.1/servers/d0fe44a0-3d28-4993-8e76-805022e8ff9d 1.973s
2025-12-08 23:21:02.149 65551 INFO tempest.lib.common.rest_client [req-d0a2a64f-9011-4ce2-916a-972b0d109ccb req-d0a2a64f-9011-4ce2-916a-972b0d109ccb ] Request (ServerActionsTestOtherB:test_resize_server_confirm_from_stopped): 200 GET http://10.180.1.21/compute/v2.1/servers/70f68597-4537-4363-8a35-630ecf060c77 1.924s
2025-12-08 23:21:02.172 65519 INFO tempest.lib.common.rest_client [req-f7ae75bd-772f-4456-b11c-b8b9be07d0e8 req-f7ae75bd-772f-4456-b11c-b8b9be07d0e8 ] Request (ServersAdminNegativeTestJSON:_run_cleanups): 202 DELETE http://10.180.1.21/compute/v2.1/flavors/599953475 1.890s
2025-12-08 23:21:02.229 65547 INFO tempest.lib.common.rest_client [req-90061931-346f-409e-8a90-e6d2cf134bb7 req-90061931-346f-409e-8a90-e6d2cf134bb7 ] Request (SecurityGroupsTestJSON:test_security_groups_create_list_delete): 202 DELETE http://10.180.1.21/compute/v2.1/os-security-groups/25a17d37-2e17-43cd-9d08-16fb8e2c9344 1.979s
2025-12-08 23:21:02.254 65573 INFO tempest.lib.common.rest_client [req-875b7a12-b215-49ba-9664-0462233f0359 req-875b7a12-b215-49ba-9664-0462233f0359 ] Request (VolumesAssistedSnapshotsTest:tearDownClass): 200 GET http://10.180.1.21/compute/v2.1/servers/3992cddd-0d75-4d2d-a069-5b3a01296f8a 1.894s
2025-12-08 23:21:02.262 65573 INFO tempest.common.waiters [-] State transition "ACTIVE/deleting" ==> "DELETED/None" after 3 second wait
2025-12-08 23:21:02.335 65561 INFO tempest.lib.common.rest_client [req-f601632d-fe24-4740-a25a-c00b235b37fc req-f601632d-fe24-4740-a25a-c00b235b37fc ] Request (ServersNegativeTestMultiTenantJSON:tearDownClass): 204 DELETE http://10.180.1.21/networking/v2.0/networks/476729f6-65e9-4f88-b466-5ea8cc594a37 0.309s
2025-12-08 23:21:02.371 65543 INFO tempest.lib.common.rest_client [req-185ff7f4-b9a9-40e7-b2cb-55ba9f3996df req-185ff7f4-b9a9-40e7-b2cb-55ba9f3996df ] Request (ImagesOneServerNegativeTestJSON:_run_cleanups): 200 GET http://10.180.1.21/compute/v2.1/servers/dc862095-834f-4ff9-9b3f-8b4e077c1733 1.627s
2025-12-08 23:21:02.416 65559 INFO tempest.lib.common.rest_client [req-7437b0bd-d40c-4b15-a083-ecaecc1b4e7e req-7437b0bd-d40c-4b15-a083-ecaecc1b4e7e ] Request (ServerRescueTestJSONUnderV235:test_rescued_vm_add_remove_security_group): 200 POST http://10.180.1.21/compute/v2.1/os-security-groups 1.448s
2025-12-08 23:21:02.598 65529 INFO tempest.lib.common.rest_client [req-5a8c824f-2002-4591-a33e-d39e121f4a75 req-5a8c824f-2002-4591-a33e-d39e121f4a75 ] Request (ServersAdminTestJSON:_run_cleanups): 202 POST http://10.180.1.21/compute/v2.1/servers/daf74239-3d99-4585-a8a2-a25876d3791b/action 1.606s
2025-12-08 23:21:02.618 65535 INFO tempest.lib.common.rest_client [req-cc4ddf0f-fb88-4abf-b5a3-ce7a95556f50 req-cc4ddf0f-fb88-4abf-b5a3-ce7a95556f50 ] Request (ServerRescueNegativeTestJSON:test_rescued_vm_detach_volume): 200 GET http://10.180.1.21/compute/v2.1/servers/b4cd6165-ac69-4d2b-bc92-96a1ef42fe04 1.567s
2025-12-08 23:21:02.718 65549 INFO tempest.lib.common.rest_client [req-f7d92b70-2010-401d-a330-5c82020fd306 req-f7d92b70-2010-401d-a330-5c82020fd306 ] Request (InstanceActionsTestJSON:tearDownClass): 200 GET http://10.180.1.21/compute/v2.1/servers/742afa8c-38dc-42af-ae1b-5edd21c8dfaf 1.359s
2025-12-08 23:21:03.060 65531 INFO tempest.lib.common.rest_client [req-f09fa9b4-31bb-40f6-bd36-3fce6522dbaa req-f09fa9b4-31bb-40f6-bd36-3fce6522dbaa ] Request (AttachInterfacesTestJSON:test_create_list_show_delete_interfaces_by_fixed_ip): 200 GET http://10.180.1.21/compute/v2.1/servers/72187d8b-5bfc-4bcd-ad1f-009430bf915b/os-interface 1.584s
2025-12-08 23:21:03.095 65571 INFO tempest.lib.common.rest_client [req-a343efa3-4069-418e-9171-f00d13a150f0 req-a343efa3-4069-418e-9171-f00d13a150f0 ] Request (ImagesTestJSON:test_create_image_from_stopped_server): 200 GET http://10.180.1.21/compute/v2.1/servers/db303c60-0547-4247-8af3-f88e402a325e 1.712s
2025-12-08 23:21:03.108 65571 INFO tempest.common.waiters [-] State transition "BUILD/spawning" ==> "ACTIVE/None" after 33 second wait
2025-12-08 23:21:03.228 65561 INFO tempest.lib.common.rest_client [req-52d2ffe9-b5b6-436f-afc7-6ebff11a92f5 req-52d2ffe9-b5b6-436f-afc7-6ebff11a92f5 ] Request (ServersNegativeTestMultiTenantJSON:tearDownClass): 200 PUT http://10.180.1.21/networking/v2.0/routers/b9a73e78-b158-4dba-a4ae-e94a9ea43fb8/remove_router_interface 0.892s
2025-12-08 23:21:03.252 65537 INFO tempest.lib.common.rest_client [req-14a33666-e881-4d18-b59a-a15c4715aea3 req-14a33666-e881-4d18-b59a-a15c4715aea3 ] Request (AttachVolumeShelveTestJSON:test_attach_volume_shelved_or_offload_server): 200 GET http://10.180.1.21/compute/v2.1/servers/1e7769e8-0465-407f-a614-bdab6d374d1d 1.741s
2025-12-08 23:21:03.271 65565 INFO tempest.lib.common.rest_client [req-083561f3-ae77-480e-912a-168541b6a4e6 req-083561f3-ae77-480e-912a-168541b6a4e6 ] Request (DeleteServersTestJSON:test_delete_active_server): 200 GET http://10.180.1.21/compute/v2.1/servers/5d441df7-c049-45ad-b8e7-52658ddee69b 1.731s
2025-12-08 23:21:03.279 65565 INFO tempest.common.waiters [-] State transition "ACTIVE/deleting" ==> "DELETED/None" after 3 second wait
2025-12-08 23:21:03.406 65569 INFO tempest.lib.common.rest_client [req-7d88b6e3-587a-41ec-aaa4-7a833fe91675 req-7d88b6e3-587a-41ec-aaa4-7a833fe91675 ] Request (ServerGroupTestJSON:_run_cleanups): 200 GET http://10.180.1.21/compute/v2.1/servers/fb21d6cc-d62d-4b57-a1c7-4f72ebd65616 1.788s
2025-12-08 23:21:03.711 65561 INFO tempest.lib.common.rest_client [req-c02e4e35-2fc9-415a-9019-eadf732d93a4 req-c02e4e35-2fc9-415a-9019-eadf732d93a4 ] Request (ServersNegativeTestMultiTenantJSON:tearDownClass): 204 DELETE http://10.180.1.21/networking/v2.0/routers/b9a73e78-b158-4dba-a4ae-e94a9ea43fb8 0.483s
2025-12-08 23:21:03.732 65539 INFO tempest.lib.common.rest_client [req-e3ee995e-8d84-451d-9b14-a2cf7444d4e7 req-e3ee995e-8d84-451d-9b14-a2cf7444d4e7 ] Request (ServersTestMultiNic:test_verify_duplicate_network_nics): 200 GET http://10.180.1.21/compute/v2.1/servers/375beccf-b097-401c-a7e3-b08476837948 2.093s
2025-12-08 23:21:03.812 65545 INFO tempest.lib.common.rest_client [req-233bee92-f7c0-40cb-a9d7-6e3dc9414c3a req-233bee92-f7c0-40cb-a9d7-6e3dc9414c3a ] Request (ServerRescueTestJSON:test_rescue_unrescue_instance): 200 GET http://10.180.1.21/compute/v2.1/servers/00f0fe2e-bfac-4dc5-8a90-e2530201ce1d 1.989s
2025-12-08 23:21:03.865 65517 INFO tempest.lib.common.rest_client [req-30ddddb3-9680-47e7-ae0b-d209b498ea33 req-30ddddb3-9680-47e7-ae0b-d209b498ea33 ] Request (ListServerFiltersTestJSON:test_list_servers_filter_by_flavor): 200 GET http://10.180.1.21/compute/v2.1/servers?flavor=84 1.975s
2025-12-08 23:21:03.890 65519 INFO tempest.lib.common.rest_client [req-d498e4d7-c2a6-4bf1-b01c-0bb13e401e22 req-d498e4d7-c2a6-4bf1-b01c-0bb13e401e22 ] Request (ServersAdminNegativeTestJSON:_run_cleanups): 200 GET http://10.180.1.21/compute/v2.1/flavors/detail 1.718s
