2025-12-08 23:18:15.725 65519 INFO tempest.lib.common.rest_client [req-3a76379a-41e5-43e0-86e3-debc343f5479 req-3a76379a-41e5-43e0-86e3-debc343f5479 ] Request (HypervisorAdminUnderV252Test:setUpClass): 204 PUT http://10.180.1.21/identity/v3/projects/f86833c55ab2445eae700f5a740e3f39/users/3531f1b295074680948c6985910e0418/roles/6b41f1e28c4343b492fba5fc8bfa79db 0.067s
2025-12-08 23:18:15.726 65519 INFO tempest.lib.common.dynamic_creds [-] Dynamic test user 3531f1b295074680948c6985910e0418 is created with scope project and roles: ['member']
2025-12-08 23:18:15.726 65519 INFO tempest.lib.common.dynamic_creds [-] Acquired dynamic creds: credentials: Credentials: {'domain_id': 'default', 'domain_name': 'Default', 'username': 'tempest-HypervisorAdminUnderV252Test-903232813-project-member', 'project_domain_id': 'default', 'project_domain_name': 'Default', 'project_id': 'f86833c55ab2445eae700f5a740e3f39', 'project_name': 'tempest-HypervisorAdminUnderV252Test-903232813', 'tenant_id': 'f86833c55ab2445eae700f5a740e3f39', 'tenant_name': 'tempest-HypervisorAdminUnderV252Test-903232813', 'user_domain_id': 'default', 'user_domain_name': 'Default', 'user_id': '3531f1b295074680948c6985910e0418', 'system': None}, Network: None, Subnet: None, Router: None
2025-12-08 23:18:15.726 65519 INFO tempest.lib.common.dynamic_creds [-] Created isolated network resources for: credentials: Credentials: {'domain_id': 'default', 'domain_name': 'Default', 'username': 'tempest-HypervisorAdminUnderV252Test-903232813-project-member', 'project_domain_id': 'default', 'project_domain_name': 'Default', 'project_id': 'f86833c55ab2445eae700f5a740e3f39', 'project_name': 'tempest-HypervisorAdminUnderV252Test-903232813', 'tenant_id': 'f86833c55ab2445eae700f5a740e3f39', 'tenant_name': 'tempest-HypervisorAdminUnderV252Test-903232813', 'user_domain_id': 'default', 'user_domain_name': 'Default', 'user_id': '3531f1b295074680948c6985910e0418', 'system': None}, Network: None, Subnet: None, Router: None
2025-12-08 23:18:15.727 65555 INFO tempest.lib.common.rest_client [req-95531ce3-03ce-453a-a630-7c6e6fab6f87 req-95531ce3-03ce-453a-a630-7c6e6fab6f87 ] Request (ImagesNegativeTestJSON:test_create_image_specify_uuid_37_characters_or_more): 404 POST http://10.180.1.21/compute/v2.1/servers/aaaaaaaaaaaaaaaaaaaaaaaaaaaaaaaaaaaaa/action 3.981s
2025-12-08 23:18:15.791 65541 INFO tempest.lib.common.rest_client [req-8e858921-5b31-4a4d-a039-ef7b4d3b569b req-8e858921-5b31-4a4d-a039-ef7b4d3b569b ] Request (FloatingIPDetailsNegativeTestJSON:setUpClass): 200 GET http://10.180.1.21/identity/v3/domains?name=Default 0.102s
2025-12-08 23:18:15.849 65543 INFO tempest.lib.common.rest_client [req-d54cdf46-707b-4433-be94-155d500ce224 req-d54cdf46-707b-4433-be94-155d500ce224 ] Request (QuotasAdminNegativeTest:tearDownClass): 204 DELETE http://10.180.1.21/identity/v3/users/d55d55e5a5e34ec99daf7c9c09b6d404 0.136s
2025-12-08 23:18:15.872 65545 INFO tempest.lib.common.rest_client [req-543911f0-3061-48fc-8676-150b8bc41fdd req-543911f0-3061-48fc-8676-150b8bc41fdd ] Request (ServerAddressesNegativeTestJSON:setUpClass): 200 GET http://10.180.1.21/compute/v2.1/servers/180478c8-f743-4cae-a984-db0734f85861 4.169s
2025-12-08 23:18:15.883 65545 INFO tempest.common.waiters [-] State transition "BUILD/spawning" ==> "ACTIVE/None" after 15 second wait
2025-12-08 23:18:15.919 65519 INFO tempest.lib.common.rest_client [req-50c475b5-63d9-41aa-aecc-fc7ae1cad57f req-50c475b5-63d9-41aa-aecc-fc7ae1cad57f ] Request (HypervisorAdminUnderV252Test:setUpClass): 201 POST http://10.180.1.21/identity/v3/auth/tokens 0.189s
2025-12-08 23:18:16.002 65541 INFO tempest.lib.common.rest_client [req-351aab80-71ef-4b0d-99a4-8a8241f1eedf req-351aab80-71ef-4b0d-99a4-8a8241f1eedf ] Request (FloatingIPDetailsNegativeTestJSON:setUpClass): 201 POST http://10.180.1.21/identity/v3/projects 0.209s
2025-12-08 23:18:16.039 65521 INFO tempest.lib.common.rest_client [req-6661c412-7937-4e58-aacb-8a994dd9f477 req-6661c412-7937-4e58-aacb-8a994dd9f477 ] Request (ListImagesTestJSON:tearDownClass): 204 DELETE http://10.180.1.21/identity/v3/users/428fdabcca4140f9946229241be9e081 0.308s
2025-12-08 23:18:16.039 65521 INFO tempest.lib.common.dynamic_creds [-] Deleting project and security group for project: bcc672ffafc54d1c844fec8e442044b1
2025-12-08 23:18:16.159 65543 INFO tempest.lib.common.rest_client [req-8d905506-31b0-4b36-9e9a-2019369e3e14 req-8d905506-31b0-4b36-9e9a-2019369e3e14 ] Request (QuotasAdminNegativeTest:tearDownClass): 204 DELETE http://10.180.1.21/identity/v3/users/ea3f67fc964d43348477a08af8d84e20 0.310s
2025-12-08 23:18:16.159 65543 INFO tempest.lib.common.dynamic_creds [-] Deleting project and security group for project: 795ad7b20d2c419293a6f27a4092c38e
2025-12-08 23:18:16.174 65569 INFO tempest.lib.common.rest_client [req-9aa45778-19a5-47fd-bc46-45ff129f118c req-9aa45778-19a5-47fd-bc46-45ff129f118c ] Request (KeyPairsNegativeTestJSON:test_create_keypair_invalid_name): 400 POST http://10.180.1.21/compute/v2.1/os-keypairs 4.209s
2025-12-08 23:18:16.178 65525 INFO tempest.lib.common.rest_client [req-3d236f3d-134e-45c9-bc44-477fb36dc2b0 req-3d236f3d-134e-45c9-bc44-477fb36dc2b0 ] Request (SecurityGroupsTestAdminJSON:test_list_security_groups_list_all_tenants_filter): 200 POST http://10.180.1.21/compute/v2.1/os-security-groups 4.401s
2025-12-08 23:18:16.222 65541 INFO tempest.lib.common.rest_client [req-2cea442b-2fd1-419b-bc4c-2644e03016df req-2cea442b-2fd1-419b-bc4c-2644e03016df ] Request (FloatingIPDetailsNegativeTestJSON:setUpClass): 201 POST http://10.180.1.21/identity/v3/users 0.220s
2025-12-08 23:18:16.225 65519 INFO tempest.lib.common.rest_client [req-261fdaa2-104e-4a14-97b1-d176f5315b6b req-261fdaa2-104e-4a14-97b1-d176f5315b6b ] Request (HypervisorAdminUnderV252Test:setUpClass): 201 POST http://10.180.1.21/identity/v3/projects 0.305s
2025-12-08 23:18:16.275 65521 INFO tempest.lib.common.rest_client [req-1454b950-66d1-4af0-9ccf-cc12a4076fc8 req-1454b950-66d1-4af0-9ccf-cc12a4076fc8 ] Request (ListImagesTestJSON:tearDownClass): 201 POST http://10.180.1.21/identity/v3/auth/tokens 0.234s
2025-12-08 23:18:16.299 65543 INFO tempest.lib.common.rest_client [req-347446b7-6be7-41a0-835d-aa274b886c41 req-347446b7-6be7-41a0-835d-aa274b886c41 ] Request (QuotasAdminNegativeTest:tearDownClass): 201 POST http://10.180.1.21/identity/v3/auth/tokens 0.139s
2025-12-08 23:18:16.318 65541 INFO tempest.lib.common.rest_client [req-09f94b2f-5185-45e6-995e-11faab08a3cd req-09f94b2f-5185-45e6-995e-11faab08a3cd ] Request (FloatingIPDetailsNegativeTestJSON:setUpClass): 200 GET http://10.180.1.21/identity/v3/roles 0.095s
2025-12-08 23:18:16.336 65519 INFO tempest.lib.common.rest_client [req-d714e8c6-e1ad-41fc-a0f0-4eab8a2234d5 req-d714e8c6-e1ad-41fc-a0f0-4eab8a2234d5 ] Request (HypervisorAdminUnderV252Test:setUpClass): 201 POST http://10.180.1.21/identity/v3/users 0.111s
2025-12-08 23:18:16.423 65541 INFO tempest.lib.common.rest_client [req-9e91dbfc-a8ea-4cd5-b75f-d3821b852523 req-9e91dbfc-a8ea-4cd5-b75f-d3821b852523 ] Request (FloatingIPDetailsNegativeTestJSON:setUpClass): 204 PUT http://10.180.1.21/identity/v3/projects/9544122b86c849cf82a312568e4cbbf9/users/ecfc647624ef42cfa0dd301d998fd6b3/roles/6b41f1e28c4343b492fba5fc8bfa79db 0.104s
2025-12-08 23:18:16.424 65541 INFO tempest.lib.common.dynamic_creds [-] Dynamic test user ecfc647624ef42cfa0dd301d998fd6b3 is created with scope project and roles: ['member']
2025-12-08 23:18:16.424 65541 INFO tempest.lib.common.dynamic_creds [-] Acquired dynamic creds: credentials: Credentials: {'domain_id': 'default', 'domain_name': 'Default', 'username': 'tempest-FloatingIPDetailsNegativeTestJSON-717115476-project-member', 'project_domain_id': 'default', 'project_domain_name': 'Default', 'project_id': '9544122b86c849cf82a312568e4cbbf9', 'project_name': 'tempest-FloatingIPDetailsNegativeTestJSON-717115476', 'tenant_id': '9544122b86c849cf82a312568e4cbbf9', 'tenant_name': 'tempest-FloatingIPDetailsNegativeTestJSON-717115476', 'user_domain_id': 'default', 'user_domain_name': 'Default', 'user_id': 'ecfc647624ef42cfa0dd301d998fd6b3', 'system': None}, Network: None, Subnet: None, Router: None
2025-12-08 23:18:16.469 65541 INFO tempest.lib.common.rest_client [req-39bc4665-f7d9-413c-aa66-5d31c9551a4f req-39bc4665-f7d9-413c-aa66-5d31c9551a4f ] Request (FloatingIPDetailsNegativeTestJSON:setUpClass): 201 POST http://10.180.1.21/identity/v3/auth/tokens 0.045s
2025-12-08 23:18:16.472 65521 INFO tempest.lib.common.rest_client [req-81e8a68f-dcb1-4736-ac61-97542e9eba9f req-81e8a68f-dcb1-4736-ac61-97542e9eba9f ] Request (ListImagesTestJSON:tearDownClass): 200 GET http://10.180.1.21/networking/v2.0/security-groups?tenant_id=bcc672ffafc54d1c844fec8e442044b1&name=default 0.197s
2025-12-08 23:18:16.482 65519 INFO tempest.lib.common.rest_client [req-47ce59fe-b19b-476d-a0cf-a40ec702fa3a req-47ce59fe-b19b-476d-a0cf-a40ec702fa3a ] Request (HypervisorAdminUnderV252Test:setUpClass): 200 GET http://10.180.1.21/identity/v3/roles 0.145s
2025-12-08 23:18:16.496 65558 INFO tempest.lib.common.rest_client [req-7742c99b-f8a2-450c-a2ce-75187c713c5c req-7742c99b-f8a2-450c-a2ce-75187c713c5c ] Request (MultipleCreateTestJSON:test_multiple_create_with_reservation_return): 200 GET http://10.180.1.21/compute/v2.1/servers 4.202s
2025-12-08 23:18:16.527 65543 INFO tempest.lib.common.rest_client [req-ab9010af-4c23-48dd-ac4f-9ef268509a46 req-ab9010af-4c23-48dd-ac4f-9ef268509a46 ] Request (QuotasAdminNegativeTest:tearDownClass): 200 GET http://10.180.1.21/networking/v2.0/security-groups?tenant_id=795ad7b20d2c419293a6f27a4092c38e&name=default 0.228s
2025-12-08 23:18:16.542 65565 INFO tempest.lib.common.rest_client [req-31fe8822-937f-4e8d-8ea2-8f7d80ba3370 req-31fe8822-937f-4e8d-8ea2-8f7d80ba3370 ] Request (FlavorsAdminTestJSON:_run_cleanups): 200 GET http://10.180.1.21/compute/v2.1/flavors/detail 4.224s
2025-12-08 23:18:16.551 65553 INFO tempest.lib.common.rest_client [req-2286709e-7d55-4a92-b3a7-fd095ff94094 req-2286709e-7d55-4a92-b3a7-fd095ff94094 ] Request (AbsoluteLimitsNegativeTestJSON:test_max_metadata_exceed_limit): 403 POST http://10.180.1.21/compute/v2.1/servers 4.385s
2025-12-08 23:18:16.553 65519 INFO tempest.lib.common.rest_client [req-6381db05-96c4-4aa2-9562-4b3b76ba6bfc req-6381db05-96c4-4aa2-9562-4b3b76ba6bfc ] Request (HypervisorAdminUnderV252Test:setUpClass): 204 PUT http://10.180.1.21/identity/v3/projects/b3ff9d6621c64e2db64c1f01db25ce6e/users/7291777785124adc979a9239d3dbb9fc/roles/63ab2378bc6b4399bd6b4fa5c5767971 0.070s
2025-12-08 23:18:16.564 65527 INFO tempest.lib.common.rest_client [req-12fb49d4-5366-4735-b013-632a7bfb171c req-12fb49d4-5366-4735-b013-632a7bfb171c ] Request (ServicesAdminNegativeTestJSON:test_get_service_with_valid_service_and_invalid_host): 200 GET http://10.180.1.21/compute/v2.1/os-services?host=xxx&binary=nova-scheduler 4.216s
2025-12-08 23:18:16.602 65547 INFO tempest.lib.common.rest_client [req-3f8c69fe-8889-4c4b-8080-99b1073b481c req-3f8c69fe-8889-4c4b-8080-99b1073b481c ] Request (AggregatesAdminNegativeTestJSON:test_aggregate_create_with_existent_aggregate_name): 200 POST http://10.180.1.21/compute/v2.1/os-aggregates 4.105s
2025-12-08 23:18:16.665 65521 INFO tempest.lib.common.rest_client [req-fff18762-e81d-4a20-80e7-9a81ad71edf6 req-fff18762-e81d-4a20-80e7-9a81ad71edf6 ] Request (ListImagesTestJSON:tearDownClass): 204 DELETE http://10.180.1.21/networking/v2.0/security-groups/2a3f6212-5225-407e-9b7b-e0dcc95a883c 0.193s
2025-12-08 23:18:16.698 65519 INFO tempest.lib.common.rest_client [req-d9df75c0-b0bc-4e7e-aafe-73be402a9d12 req-d9df75c0-b0bc-4e7e-aafe-73be402a9d12 ] Request (HypervisorAdminUnderV252Test:setUpClass): 200 GET http://10.180.1.21/identity/v3/roles 0.145s
2025-12-08 23:18:16.736 65553 INFO tempest.lib.common.rest_client [req-d11bd7f7-b8f9-4528-b460-7e865caac7b2 req-d11bd7f7-b8f9-4528-b460-7e865caac7b2 ] Request (AbsoluteLimitsNegativeTestJSON:tearDownClass): 204 DELETE http://10.180.1.21/identity/v3/users/9c1ffe140ac2427bbe866b502ecc6ad2 0.183s
2025-12-08 23:18:16.736 65553 INFO tempest.lib.common.dynamic_creds [-] Deleting project and security group for project: a4a21b084a234fd39380ebcc3676ba8b
2025-12-08 23:18:16.765 65543 INFO tempest.lib.common.rest_client [req-4777f1f2-a430-4015-a2a4-35bdd17f76b7 req-4777f1f2-a430-4015-a2a4-35bdd17f76b7 ] Request (QuotasAdminNegativeTest:tearDownClass): 204 DELETE http://10.180.1.21/networking/v2.0/security-groups/9e9d5297-86f3-4dcd-9929-5a0edf3ccbee 0.237s
2025-12-08 23:18:16.801 65519 INFO tempest.lib.common.rest_client [req-d76a9dfe-d536-4707-a3aa-0f33c8ef07b3 req-d76a9dfe-d536-4707-a3aa-0f33c8ef07b3 ] Request (HypervisorAdminUnderV252Test:setUpClass): 204 PUT http://10.180.1.21/identity/v3/projects/b3ff9d6621c64e2db64c1f01db25ce6e/users/7291777785124adc979a9239d3dbb9fc/roles/63ab2378bc6b4399bd6b4fa5c5767971 0.102s
2025-12-08 23:18:16.801 65535 INFO tempest.lib.common.rest_client [req-ff16027b-0658-4dbd-b838-1019bee79890 req-ff16027b-0658-4dbd-b838-1019bee79890 ] Request (AttachInterfacesV270Test:tearDownClass): 200 GET http://10.180.1.21/compute/v2.1/servers/9c3afa8d-807c-422e-aadb-3d7cfeba8097 4.390s
2025-12-08 23:18:16.801 65519 INFO tempest.lib.common.dynamic_creds [-] Dynamic test user 7291777785124adc979a9239d3dbb9fc is created with scope project and roles: ['admin']
2025-12-08 23:18:16.801 65519 INFO tempest.lib.common.dynamic_creds [-] Acquired dynamic creds: credentials: Credentials: {'domain_id': 'default', 'domain_name': 'Default', 'username': 'tempest-HypervisorAdminUnderV252Test-1605292790-project-admin', 'project_domain_id': 'default', 'project_domain_name': 'Default', 'project_id': 'b3ff9d6621c64e2db64c1f01db25ce6e', 'project_name': 'tempest-HypervisorAdminUnderV252Test-1605292790', 'tenant_id': 'b3ff9d6621c64e2db64c1f01db25ce6e', 'tenant_name': 'tempest-HypervisorAdminUnderV252Test-1605292790', 'user_domain_id': 'default', 'user_domain_name': 'Default', 'user_id': '7291777785124adc979a9239d3dbb9fc', 'system': None}, Network: None, Subnet: None, Router: None
2025-12-08 23:18:16.801 65519 INFO tempest.lib.common.dynamic_creds [-] Created isolated network resources for: credentials: Credentials: {'domain_id': 'default', 'domain_name': 'Default', 'username': 'tempest-HypervisorAdminUnderV252Test-1605292790-project-admin', 'project_domain_id': 'default', 'project_domain_name': 'Default', 'project_id': 'b3ff9d6621c64e2db64c1f01db25ce6e', 'project_name': 'tempest-HypervisorAdminUnderV252Test-1605292790', 'tenant_id': 'b3ff9d6621c64e2db64c1f01db25ce6e', 'tenant_name': 'tempest-HypervisorAdminUnderV252Test-1605292790', 'user_domain_id': 'default', 'user_domain_name': 'Default', 'user_id': '7291777785124adc979a9239d3dbb9fc', 'system': None}, Network: None, Subnet: None, Router: None
2025-12-08 23:18:16.816 65523 INFO tempest.lib.common.rest_client [req-eef23a9e-c0c3-4cfd-9f7d-2fdd8b6118f1 req-eef23a9e-c0c3-4cfd-9f7d-2fdd8b6118f1 ] Request (InstanceActionsNegativeTestJSON:tearDownClass): 200 GET http://10.180.1.21/compute/v2.1/servers/0c973a10-9154-47ed-b378-c17852561a4f 4.169s
2025-12-08 23:18:16.846 65521 INFO tempest.lib.common.rest_client [req-1762bc1c-a783-4651-ba7b-c88e8fb4e93b req-1762bc1c-a783-4651-ba7b-c88e8fb4e93b ] Request (ListImagesTestJSON:tearDownClass): 204 DELETE http://10.180.1.21/identity/v3/projects/bcc672ffafc54d1c844fec8e442044b1 0.179s
2025-12-08 23:18:16.866 65539 INFO tempest.lib.common.rest_client [req-b5bcf488-6f70-4503-afcb-7364b7f9d89c req-b5bcf488-6f70-4503-afcb-7364b7f9d89c ] Request (ImagesOneServerTestJSON:test_create_delete_image): 200 GET http://10.180.1.21/compute/v2.1/images/6f30ff0d-12e3-4423-9c15-09c899b27beb 4.119s
2025-12-08 23:18:16.887 65553 INFO tempest.lib.common.rest_client [req-d76ad336-9fe1-456f-8699-23bc37c24333 req-d76ad336-9fe1-456f-8699-23bc37c24333 ] Request (AbsoluteLimitsNegativeTestJSON:tearDownClass): 201 POST http://10.180.1.21/identity/v3/auth/tokens 0.151s
2025-12-08 23:18:16.890 65513 WARNING tempest.lib.common.ssh [-] Failed to establish authenticated ssh connection to cirros@10.180.180.211 ([Errno None] Unable to connect to port 22 on 10.180.180.211). Number attempts: 2. Retry after 3 seconds.: paramiko.ssh_exception.NoValidConnectionsError: [Errno None] Unable to connect to port 22 on 10.180.180.211
2025-12-08 23:18:16.925 65567 INFO tempest.lib.common.rest_client [req-f5b3cddd-64f0-4403-8d12-033e3c3b58fa req-f5b3cddd-64f0-4403-8d12-033e3c3b58fa ] Request (SecurityGroupRulesNegativeTestJSON:test_create_security_group_rule_with_invalid_from_port): 200 POST http://10.180.1.21/compute/v2.1/os-security-groups 4.277s
2025-12-08 23:18:16.933 65541 INFO tempest.lib.common.rest_client [req-f4020753-e8a0-48ed-9274-534ff7c758ba req-f4020753-e8a0-48ed-9274-534ff7c758ba ] Request (FloatingIPDetailsNegativeTestJSON:setUpClass): 201 POST http://10.180.1.21/networking/v2.0/networks 0.463s
2025-12-08 23:18:16.946 65543 INFO tempest.lib.common.rest_client [req-5fc3b5f6-4ed4-43e7-b2ad-bbd963710306 req-5fc3b5f6-4ed4-43e7-b2ad-bbd963710306 ] Request (QuotasAdminNegativeTest:tearDownClass): 204 DELETE http://10.180.1.21/identity/v3/projects/795ad7b20d2c419293a6f27a4092c38e 0.181s
2025-12-08 23:18:16.946 65543 INFO tempest.lib.common.dynamic_creds [-] Deleting project and security group for project: 9f00526390754af2a86f4f6aaa48ce14
2025-12-08 23:18:17.000 65519 INFO tempest.lib.common.rest_client [req-d4f3503c-25a9-4fca-8934-aefdd7a3bb15 req-d4f3503c-25a9-4fca-8934-aefdd7a3bb15 ] Request (HypervisorAdminUnderV252Test:setUpClass): 201 POST http://10.180.1.21/identity/v3/auth/tokens 0.196s
2025-12-08 23:18:17.023 65521 INFO tempest.lib.common.rest_client [req-4fd592ed-ad6c-417c-bee1-7ea45f981ad1 req-4fd592ed-ad6c-417c-bee1-7ea45f981ad1 ] Request (KeyPairsV2TestJSON:setUpClass): 201 POST http://10.180.1.21/identity/v3/auth/tokens 0.175s
2025-12-08 23:18:17.064 65521 INFO tempest.lib.common.rest_client [req-6e470609-a5ec-44ab-a44e-ea5a917537db req-6e470609-a5ec-44ab-a44e-ea5a917537db ] Request (KeyPairsV2TestJSON:setUpClass): 201 POST http://10.180.1.21/identity/v3/auth/tokens 0.038s
2025-12-08 23:18:17.104 65521 INFO tempest.lib.common.rest_client [req-c101dc5c-30ae-47b2-ae86-b1f5fdf8ed3b req-c101dc5c-30ae-47b2-ae86-b1f5fdf8ed3b ] Request (KeyPairsV2TestJSON:setUpClass): 200 GET http://10.180.1.21/identity/v3/domains?name=Default 0.040s
2025-12-08 23:18:17.169 65521 INFO tempest.lib.common.rest_client [req-8d99eda6-24c3-47a7-b943-fc4b1f05f9f3 req-8d99eda6-24c3-47a7-b943-fc4b1f05f9f3 ] Request (KeyPairsV2TestJSON:setUpClass): 201 POST http://10.180.1.21/identity/v3/projects 0.064s
2025-12-08 23:18:17.209 65553 INFO tempest.lib.common.rest_client [req-801ec20e-49b4-4582-9d84-ddf5e53cb02d req-801ec20e-49b4-4582-9d84-ddf5e53cb02d ] Request (AbsoluteLimitsNegativeTestJSON:tearDownClass): 200 GET http://10.180.1.21/networking/v2.0/security-groups?tenant_id=a4a21b084a234fd39380ebcc3676ba8b&name=default 0.321s
2025-12-08 23:18:17.258 65521 INFO tempest.lib.common.rest_client [req-d19a64c8-4fa8-434a-b09b-c2b0e39576c0 req-d19a64c8-4fa8-434a-b09b-c2b0e39576c0 ] Request (KeyPairsV2TestJSON:setUpClass): 201 POST http://10.180.1.21/identity/v3/users 0.088s
2025-12-08 23:18:17.276 65541 INFO tempest.lib.common.rest_client [req-d1bacb27-f653-4474-b254-0e9b0a1af7ea req-d1bacb27-f653-4474-b254-0e9b0a1af7ea ] Request (FloatingIPDetailsNegativeTestJSON:setUpClass): 201 POST http://10.180.1.21/networking/v2.0/subnets 0.341s
2025-12-08 23:18:17.292 65521 INFO tempest.lib.common.rest_client [req-9da61444-6358-4f81-88ce-82049109d4cf req-9da61444-6358-4f81-88ce-82049109d4cf ] Request (KeyPairsV2TestJSON:setUpClass): 200 GET http://10.180.1.21/identity/v3/roles 0.033s
2025-12-08 23:18:17.315 65543 INFO tempest.lib.common.rest_client [req-5c1841b9-3bfd-401e-a4c5-50c502e69fd9 req-5c1841b9-3bfd-401e-a4c5-50c502e69fd9 ] Request (QuotasAdminNegativeTest:tearDownClass): 200 GET http://10.180.1.21/networking/v2.0/security-groups?tenant_id=9f00526390754af2a86f4f6aaa48ce14&name=default 0.368s
2025-12-08 23:18:17.329 65521 INFO tempest.lib.common.rest_client [req-65c20ff3-bcc7-490a-9169-a7d16075cd6f req-65c20ff3-bcc7-490a-9169-a7d16075cd6f ] Request (KeyPairsV2TestJSON:setUpClass): 204 PUT http://10.180.1.21/identity/v3/projects/fb32ef6374894552b67e831fafdace05/users/b1bfa0df0afc4bfcab864fc321d9b908/roles/6b41f1e28c4343b492fba5fc8bfa79db 0.037s
2025-12-08 23:18:17.330 65521 INFO tempest.lib.common.dynamic_creds [-] Dynamic test user b1bfa0df0afc4bfcab864fc321d9b908 is created with scope project and roles: ['member']
2025-12-08 23:18:17.330 65521 INFO tempest.lib.common.dynamic_creds [-] Acquired dynamic creds: credentials: Credentials: {'domain_id': 'default', 'domain_name': 'Default', 'username': 'tempest-KeyPairsV2TestJSON-2119211012-project-member', 'project_domain_id': 'default', 'project_domain_name': 'Default', 'project_id': 'fb32ef6374894552b67e831fafdace05', 'project_name': 'tempest-KeyPairsV2TestJSON-2119211012', 'tenant_id': 'fb32ef6374894552b67e831fafdace05', 'tenant_name': 'tempest-KeyPairsV2TestJSON-2119211012', 'user_domain_id': 'default', 'user_domain_name': 'Default', 'user_id': 'b1bfa0df0afc4bfcab864fc321d9b908', 'system': None}, Network: None, Subnet: None, Router: None
2025-12-08 23:18:17.330 65521 INFO tempest.lib.common.dynamic_creds [-] Created isolated network resources for: credentials: Credentials: {'domain_id': 'default', 'domain_name': 'Default', 'username': 'tempest-KeyPairsV2TestJSON-2119211012-project-member', 'project_domain_id': 'default', 'project_domain_name': 'Default', 'project_id': 'fb32ef6374894552b67e831fafdace05', 'project_name': 'tempest-KeyPairsV2TestJSON-2119211012', 'tenant_id': 'fb32ef6374894552b67e831fafdace05', 'tenant_name': 'tempest-KeyPairsV2TestJSON-2119211012', 'user_domain_id': 'default', 'user_domain_name': 'Default', 'user_id': 'b1bfa0df0afc4bfcab864fc321d9b908', 'system': None}, Network: None, Subnet: None, Router: None
2025-12-08 23:18:17.340 65573 WARNING tempest.lib.common.ssh [-] Failed to establish authenticated ssh connection to cirros@10.180.180.175 ([Errno None] Unable to connect to port 22 on 10.180.180.175). Number attempts: 2. Retry after 3 seconds.: paramiko.ssh_exception.NoValidConnectionsError: [Errno None] Unable to connect to port 22 on 10.180.180.175
2025-12-08 23:18:17.403 65521 INFO tempest.lib.common.rest_client [req-13bb72c4-926e-4ae1-bb17-f1b7bb21de6c req-13bb72c4-926e-4ae1-bb17-f1b7bb21de6c ] Request (KeyPairsV2TestJSON:setUpClass): 201 POST http://10.180.1.21/identity/v3/auth/tokens 0.069s
2025-12-08 23:18:17.410 65531 INFO tempest.lib.common.rest_client [req-e9958e43-6ff4-4800-a2dd-b0d64f8da4aa req-e9958e43-6ff4-4800-a2dd-b0d64f8da4aa ] Request (AttachInterfacesTestJSON:test_create_list_show_delete_interfaces_by_fixed_ip): 200 GET http://10.180.1.21/compute/v2.1/servers/72187d8b-5bfc-4bcd-ad1f-009430bf915b 4.422s
2025-12-08 23:18:17.451 65533 INFO tempest.lib.common.rest_client [req-d2ace273-2765-44ff-97b3-6053eb689bcc req-d2ace273-2765-44ff-97b3-6053eb689bcc ] Request (ListImageFiltersTestJSON:setUpClass): 200 GET http://10.180.1.21/compute/v2.1/images/05105093-3bcf-4d23-9b00-0e6d54fad6e0 4.033s
2025-12-08 23:18:17.511 65553 INFO tempest.lib.common.rest_client [req-ece0f1fc-fe72-4111-bcd0-12b6961d5522 req-ece0f1fc-fe72-4111-bcd0-12b6961d5522 ] Request (AbsoluteLimitsNegativeTestJSON:tearDownClass): 204 DELETE http://10.180.1.21/networking/v2.0/security-groups/2c2106cd-3894-414c-bca5-6d4661656e36 0.301s
2025-12-08 23:18:17.653 65553 INFO tempest.lib.common.rest_client [req-ae76be94-9648-4b78-a556-48079f21e690 req-ae76be94-9648-4b78-a556-48079f21e690 ] Request (AbsoluteLimitsNegativeTestJSON:tearDownClass): 204 DELETE http://10.180.1.21/identity/v3/projects/a4a21b084a234fd39380ebcc3676ba8b 0.142s
2025-12-08 23:18:17.656 65553 INFO tempest.test [-] raised in ServerPersonalityTestJSON.setUpClass. Invoking tearDownClass.
2025-12-08 23:18:17.751 65543 INFO tempest.lib.common.rest_client [req-962e7a97-787a-4636-a3d1-8cc74fb08516 req-962e7a97-787a-4636-a3d1-8cc74fb08516 ] Request (QuotasAdminNegativeTest:tearDownClass): 204 DELETE http://10.180.1.21/networking/v2.0/security-groups/5569d882-4177-46cd-926b-868d0d9bbc07 0.435s
2025-12-08 23:18:17.790 65511 INFO tempest.lib.common.rest_client [req-6220963c-f71f-4725-a624-f784d36f4a0a req-6220963c-f71f-4725-a624-f784d36f4a0a ] Request (MigrationsAdminTest:test_list_migrations_in_flavor_resize_situation): 200 GET http://10.180.1.21/compute/v2.1/servers/a5b01948-caec-42b6-bb63-a5e3afd9e716 4.488s
2025-12-08 23:18:17.816 65563 INFO tempest.lib.common.rest_client [req-c8e796f8-c089-430c-8c8d-f03ebc0a9d65 req-c8e796f8-c089-430c-8c8d-f03ebc0a9d65 ] Request (ServerDiagnosticsNegativeTest:tearDownClass): 404 GET http://10.180.1.21/compute/v2.1/servers/57d5febd-f4f1-47bd-bd58-8682309db3bc 4.317s
2025-12-08 23:18:17.865 65559 INFO tempest.lib.common.rest_client [req-5ac7aefb-3e8e-4b2a-a76c-9273eae0b5b7 req-5ac7aefb-3e8e-4b2a-a76c-9273eae0b5b7 ] Request (ServerMetadataTestJSON:test_delete_server_metadata_item): 204 DELETE http://10.180.1.21/compute/v2.1/servers/513c2bd4-6571-4ed8-b63a-92dd51072c02/metadata/key1 4.321s
2025-12-08 23:18:17.886 65543 INFO tempest.lib.common.rest_client [req-d0f6d10b-65a6-4537-a717-abd367e648b7 req-d0f6d10b-65a6-4537-a717-abd367e648b7 ] Request (QuotasAdminNegativeTest:tearDownClass): 204 DELETE http://10.180.1.21/identity/v3/projects/9f00526390754af2a86f4f6aaa48ce14 0.135s
2025-12-08 23:18:17.903 65549 INFO tempest.lib.common.rest_client [req-d819bef3-e7af-4d4e-90f1-614d9eee2e2e req-d819bef3-e7af-4d4e-90f1-614d9eee2e2e ] Request (SecurityGroupRulesTestJSON:test_security_group_rules_create_with_optional_group_id): 200 POST http://10.180.1.21/compute/v2.1/os-security-groups 4.470s
2025-12-08 23:18:17.967 65543 INFO tempest.lib.common.rest_client [req-d39427df-8892-48bb-b584-98c30b599df6 req-d39427df-8892-48bb-b584-98c30b599df6 ] Request (ImagesOneServerNegativeTestJSON:setUpClass): 201 POST http://10.180.1.21/identity/v3/auth/tokens 0.075s
2025-12-08 23:18:18.002 65563 INFO tempest.lib.common.rest_client [req-6a2571e5-6c6a-4cf3-a37f-505960d2c1cd req-6a2571e5-6c6a-4cf3-a37f-505960d2c1cd ] Request (ServerDiagnosticsNegativeTest:tearDownClass): 204 DELETE http://10.180.1.21/identity/v3/users/2a92825f56234cb5be8a628899ee31c8 0.185s
2025-12-08 23:18:18.030 65543 INFO tempest.lib.common.rest_client [req-082ace40-8153-413d-98ad-33454db278b6 req-082ace40-8153-413d-98ad-33454db278b6 ] Request (ImagesOneServerNegativeTestJSON:setUpClass): 201 POST http://10.180.1.21/identity/v3/auth/tokens 0.059s
2025-12-08 23:18:18.091 65543 INFO tempest.lib.common.rest_client [req-3914a434-89bb-40cd-9dbf-48adb07cc7ea req-3914a434-89bb-40cd-9dbf-48adb07cc7ea ] Request (ImagesOneServerNegativeTestJSON:setUpClass): 200 GET http://10.180.1.21/identity/v3/domains?name=Default 0.060s
2025-12-08 23:18:18.115 65563 INFO tempest.lib.common.rest_client [req-e925d651-e78c-4bf7-90b0-37802cc913bc req-e925d651-e78c-4bf7-90b0-37802cc913bc ] Request (ServerDiagnosticsNegativeTest:tearDownClass): 204 DELETE http://10.180.1.21/identity/v3/users/b7b8fc8a8ed646b2a831394b853c3020 0.113s
2025-12-08 23:18:18.115 65563 INFO tempest.lib.common.dynamic_creds [-] Deleting project and security group for project: ab5ced624b3b4241b184c2f383b21890
2025-12-08 23:18:18.154 65543 INFO tempest.lib.common.rest_client [req-1865501d-12f2-4496-a16b-b552fd0446e7 req-1865501d-12f2-4496-a16b-b552fd0446e7 ] Request (ImagesOneServerNegativeTestJSON:setUpClass): 201 POST http://10.180.1.21/identity/v3/projects 0.063s
2025-12-08 23:18:18.181 65563 INFO tempest.lib.common.rest_client [req-a23e4b89-c173-46eb-9c23-13c763e06d20 req-a23e4b89-c173-46eb-9c23-13c763e06d20 ] Request (ServerDiagnosticsNegativeTest:tearDownClass): 201 POST http://10.180.1.21/identity/v3/auth/tokens 0.066s
2025-12-08 23:18:18.226 65543 INFO tempest.lib.common.rest_client [req-962f2683-3965-45b4-8386-3741f108abab req-962f2683-3965-45b4-8386-3741f108abab ] Request (ImagesOneServerNegativeTestJSON:setUpClass): 201 POST http://10.180.1.21/identity/v3/users 0.071s
2025-12-08 23:18:18.247 65543 INFO tempest.lib.common.rest_client [req-05d2a8a3-cb43-4bdf-95e8-cb04cf1f78d4 req-05d2a8a3-cb43-4bdf-95e8-cb04cf1f78d4 ] Request (ImagesOneServerNegativeTestJSON:setUpClass): 200 GET http://10.180.1.21/identity/v3/roles 0.021s
2025-12-08 23:18:18.273 65543 INFO tempest.lib.common.rest_client [req-f4075cb5-7b9c-463e-b798-e308f3434149 req-f4075cb5-7b9c-463e-b798-e308f3434149 ] Request (ImagesOneServerNegativeTestJSON:setUpClass): 204 PUT http://10.180.1.21/identity/v3/projects/a14165eb01034a1e99bb647ef260c634/users/9ef260be9d1b4525889881311cb497d8/roles/6b41f1e28c4343b492fba5fc8bfa79db 0.026s
2025-12-08 23:18:18.274 65543 INFO tempest.lib.common.dynamic_creds [-] Dynamic test user 9ef260be9d1b4525889881311cb497d8 is created with scope project and roles: ['member']
2025-12-08 23:18:18.274 65543 INFO tempest.lib.common.dynamic_creds [-] Acquired dynamic creds: credentials: Credentials: {'domain_id': 'default', 'domain_name': 'Default', 'username': 'tempest-ImagesOneServerNegativeTestJSON-2142205970-project-member', 'project_domain_id': 'default', 'project_domain_name': 'Default', 'project_id': 'a14165eb01034a1e99bb647ef260c634', 'project_name': 'tempest-ImagesOneServerNegativeTestJSON-2142205970', 'tenant_id': 'a14165eb01034a1e99bb647ef260c634', 'tenant_name': 'tempest-ImagesOneServerNegativeTestJSON-2142205970', 'user_domain_id': 'default', 'user_domain_name': 'Default', 'user_id': '9ef260be9d1b4525889881311cb497d8', 'system': None}, Network: None, Subnet: None, Router: None
2025-12-08 23:18:18.292 65541 INFO tempest.lib.common.rest_client [req-dc4971a2-c55e-4906-bf23-a3e13a7d562a req-dc4971a2-c55e-4906-bf23-a3e13a7d562a ] Request (FloatingIPDetailsNegativeTestJSON:setUpClass): 201 POST http://10.180.1.21/networking/v2.0/routers 1.016s
2025-12-08 23:18:18.314 65537 INFO tempest.lib.common.rest_client [req-7520dbd3-a516-4f14-8bb3-34e85ff423b7 req-7520dbd3-a516-4f14-8bb3-34e85ff423b7 ] Request (DeleteServersAdminTestJSON:test_admin_delete_servers_of_others): 200 GET http://10.180.1.21/compute/v2.1/servers/d60981c4-7d4b-496c-923b-0910d9042c01 4.223s
2025-12-08 23:18:18.332 65543 INFO tempest.lib.common.rest_client [req-2cb55cd3-c218-4cd6-8516-f1b58565c0de req-2cb55cd3-c218-4cd6-8516-f1b58565c0de ] Request (ImagesOneServerNegativeTestJSON:setUpClass): 201 POST http://10.180.1.21/identity/v3/auth/tokens 0.058s
2025-12-08 23:18:18.368 65517 INFO tempest.lib.common.rest_client [req-4314497e-5741-42f2-a5ab-be5e42290e0c req-4314497e-5741-42f2-a5ab-be5e42290e0c ] Request (ServerDiagnosticsV248Test:tearDownClass): 200 GET http://10.180.1.21/compute/v2.1/servers/694a643e-06f4-4e00-bec9-b4bbd9f2053c 3.709s
2025-12-08 23:18:18.521 65563 INFO tempest.lib.common.rest_client [req-3c422b43-b592-4eeb-9c82-ac098fbf1a30 req-3c422b43-b592-4eeb-9c82-ac098fbf1a30 ] Request (ServerDiagnosticsNegativeTest:tearDownClass): 200 GET http://10.180.1.21/networking/v2.0/security-groups?tenant_id=ab5ced624b3b4241b184c2f383b21890&name=default 0.340s
2025-12-08 23:18:19.351 65541 INFO tempest.lib.common.rest_client [req-8581cf64-2000-4a54-8c7b-f092266409a5 req-8581cf64-2000-4a54-8c7b-f092266409a5 ] Request (FloatingIPDetailsNegativeTestJSON:setUpClass): 200 PUT http://10.180.1.21/networking/v2.0/routers/9c2fedc1-9420-43b2-aa40-18e213a1952c/add_router_interface 1.058s
2025-12-08 23:18:19.352 65541 INFO tempest.lib.common.dynamic_creds [-] Created isolated network resources for: credentials: Credentials: {'domain_id': 'default', 'domain_name': 'Default', 'username': 'tempest-FloatingIPDetailsNegativeTestJSON-717115476-project-member', 'project_domain_id': 'default', 'project_domain_name': 'Default', 'project_id': '9544122b86c849cf82a312568e4cbbf9', 'project_name': 'tempest-FloatingIPDetailsNegativeTestJSON-717115476', 'tenant_id': '9544122b86c849cf82a312568e4cbbf9', 'tenant_name': 'tempest-FloatingIPDetailsNegativeTestJSON-717115476', 'user_domain_id': 'default', 'user_domain_name': 'Default', 'user_id': 'ecfc647624ef42cfa0dd301d998fd6b3', 'system': None}, Network: {'id': 'e7564370-5482-4772-83bd-b5053adfadbe', 'name': 'tempest-FloatingIPDetailsNegativeTestJSON-1792334868-network', 'tenant_id': '9544122b86c849cf82a312568e4cbbf9', 'project_id': '9544122b86c849cf82a312568e4cbbf9', 'admin_state_up': True, 'mtu': 8950, 'status': 'ACTIVE', 'subnets': [], 'shared': False, 'port_security_enabled': True, 'router:external': False, 'provider:network_type': 'vlan', 'provider:physical_network': 'default', 'provider:segmentation_id': 781, 'availability_zone_hints': [], 'availability_zones': [], 'ipv4_address_scope': None, 'ipv6_address_scope': None, 'description': '', 'tags': [], 'created_at': '2025-12-08T23:18:16Z', 'updated_at': '2025-12-08T23:18:16Z', 'revision_number': 1}, Subnet: {'id': 'b96ed724-623a-4bd0-8c54-885f60f6e11a', 'name': 'tempest-FloatingIPDetailsNegativeTestJSON-1792334868-subnet', 'tenant_id': '9544122b86c849cf82a312568e4cbbf9', 'network_id': 'e7564370-5482-4772-83bd-b5053adfadbe', 'ip_version': 4, 'subnetpool_id': None, 'enable_dhcp': True, 'ipv6_ra_mode': None, 'ipv6_address_mode': None, 'gateway_ip': '192.168.128.1', 'cidr': '192.168.128.0/28', 'allocation_pools': [{'start': '192.168.128.2', 'end': '192.168.128.14'}], 'host_routes': [], 'dns_nameservers': [], 'description': '', 'router:external': False, 'service_types': [], 'tags': [], 'created_at': '2025-12-08T23:18:17Z', 'updated_at': '2025-12-08T23:18:17Z', 'revision_number': 0, 'project_id': '9544122b86c849cf82a312568e4cbbf9'}, Router: {'id': '9c2fedc1-9420-43b2-aa40-18e213a1952c', 'name': 'tempest-FloatingIPDetailsNegativeTestJSON-1792334868-router', 'tenant_id': '9544122b86c849cf82a312568e4cbbf9', 'admin_state_up': True, 'status': 'ACTIVE', 'external_gateway_info': {'network_id': 'f78e1088-e433-40a3-b574-36193c4f0f1a', 'external_fixed_ips': [{'subnet_id': 'cf98114f-07cd-492b-b5eb-d8fc51f62129', 'ip_address': '10.180.180.254'}], 'enable_snat': True}, 'description': '', 'availability_zones': [], 'distributed': False, 'ha': False, 'availability_zone_hints': [], 'routes': [], 'flavor_id': None, 'tags': [], 'created_at': '2025-12-08T23:18:17Z', 'updated_at': '2025-12-08T23:18:17Z', 'revision_number': 2, 'project_id': '9544122b86c849cf82a312568e4cbbf9'}
2025-12-08 23:18:19.449 65541 INFO tempest.lib.common.rest_client [req-b58f083e-3813-490e-a0ec-4bf794da9cfa req-b58f083e-3813-490e-a0ec-4bf794da9cfa ] Request (FloatingIPDetailsNegativeTestJSON:setUpClass): 201 POST http://10.180.1.21/identity/v3/auth/tokens 0.093s
2025-12-08 23:18:19.607 65543 INFO tempest.lib.common.rest_client [req-c4abd8bd-17b2-4e8c-bceb-5305b73c1018 req-c4abd8bd-17b2-4e8c-bceb-5305b73c1018 ] Request (ImagesOneServerNegativeTestJSON:setUpClass): 201 POST http://10.180.1.21/networking/v2.0/networks 1.274s
2025-12-08 23:18:19.610 65515 INFO tempest.lib.common.rest_client [req-f42ded97-2ea8-4b80-bf19-face569c0a7b req-f42ded97-2ea8-4b80-bf19-face569c0a7b ] Request (ServersWithSpecificFlavorTestJSON:test_verify_created_server_ephemeral_disk): 200 GET http://10.180.1.21/compute/v2.1/servers/51cba316-2305-45e8-a26d-3794693742be/os-interface 4.070s
2025-12-08 23:18:19.715 65563 INFO tempest.lib.common.rest_client [req-645ae89f-1e07-448b-aaf4-653c56aa4a87 req-645ae89f-1e07-448b-aaf4-653c56aa4a87 ] Request (ServerDiagnosticsNegativeTest:tearDownClass): 204 DELETE http://10.180.1.21/networking/v2.0/security-groups/2e598e23-5b83-4c29-aacf-3f720d3d8e6f 1.193s
2025-12-08 23:18:19.792 65571 INFO tempest.lib.common.rest_client [req-5db86832-c48c-4312-af00-231932400b3d req-5db86832-c48c-4312-af00-231932400b3d ] Request (FlavorsAccessNegativeTestJSON:test_flavor_non_admin_remove): 200 POST http://10.180.1.21/compute/v2.1/flavors/1763646407/action 4.093s
2025-12-08 23:18:19.808 65563 INFO tempest.lib.common.rest_client [req-4feb56bd-ca81-4c49-8b3a-8f5e6bf84f30 req-4feb56bd-ca81-4c49-8b3a-8f5e6bf84f30 ] Request (ServerDiagnosticsNegativeTest:tearDownClass): 204 DELETE http://10.180.1.21/identity/v3/projects/ab5ced624b3b4241b184c2f383b21890 0.092s
2025-12-08 23:18:19.808 65563 INFO tempest.lib.common.dynamic_creds [-] Deleting project and security group for project: 34108bb23c044ee494ade898ffe7a98c
2025-12-08 23:18:19.823 65555 INFO tempest.lib.common.rest_client [req-abe75d08-89da-46b6-9116-3553d24678bf req-abe75d08-89da-46b6-9116-3553d24678bf ] Request (ImagesNegativeTestJSON:tearDownClass): 404 DELETE http://10.180.1.21/compute/v2.1/servers/d3876a0a-9769-4f01-bd67-1ab97afd5344 4.094s
2025-12-08 23:18:19.912 65543 INFO tempest.lib.common.rest_client [req-01c99ec0-458a-4b9f-869a-7b1f0a1d44e8 req-01c99ec0-458a-4b9f-869a-7b1f0a1d44e8 ] Request (ImagesOneServerNegativeTestJSON:setUpClass): 201 POST http://10.180.1.21/networking/v2.0/subnets 0.305s
2025-12-08 23:18:20.000 65563 INFO tempest.lib.common.rest_client [req-4ab58f7e-68f4-4547-91ee-b2ce052f9676 req-4ab58f7e-68f4-4547-91ee-b2ce052f9676 ] Request (ServerDiagnosticsNegativeTest:tearDownClass): 200 GET http://10.180.1.21/networking/v2.0/security-groups?tenant_id=34108bb23c044ee494ade898ffe7a98c&name=default 0.192s
2025-12-08 23:18:20.358 65515 INFO tempest.lib.common.rest_client [req-543d8805-b47d-4ec0-b60e-47465beb69e1 req-543d8805-b47d-4ec0-b60e-47465beb69e1 ] Request (ServersWithSpecificFlavorTestJSON:test_verify_created_server_ephemeral_disk): 200 PUT http://10.180.1.21/networking/v2.0/floatingips/4fa150af-2833-4312-ad8c-df1d930edb6c 0.745s
2025-12-08 23:18:20.917 65543 INFO tempest.lib.common.rest_client [req-1e4b216d-af48-4990-a043-8388dbce63c6 req-1e4b216d-af48-4990-a043-8388dbce63c6 ] Request (ImagesOneServerNegativeTestJSON:setUpClass): 201 POST http://10.180.1.21/networking/v2.0/routers 1.004s
2025-12-08 23:18:20.999 65551 INFO tempest.lib.common.rest_client [req-bee8ddf8-bab3-43cc-b251-41911cff518f req-bee8ddf8-bab3-43cc-b251-41911cff518f ] Request (ServerActionsTestOtherB:setUpClass): 200 GET http://10.180.1.21/compute/v2.1/servers/70f68597-4537-4363-8a35-630ecf060c77 5.143s
2025-12-08 23:18:21.047 65563 INFO tempest.lib.common.rest_client [req-e5d7b266-e798-44cc-a934-3bd67a558181 req-e5d7b266-e798-44cc-a934-3bd67a558181 ] Request (ServerDiagnosticsNegativeTest:tearDownClass): 204 DELETE http://10.180.1.21/networking/v2.0/security-groups/51b98e44-437d-416d-88ec-2aa31cdb7778 1.046s
2025-12-08 23:18:21.048 65545 INFO tempest.lib.common.rest_client [req-9be1aa95-c92e-4f50-a274-18c3cb68be2c req-9be1aa95-c92e-4f50-a274-18c3cb68be2c ] Request (ServerAddressesNegativeTestJSON:test_list_server_addresses_by_network_neg): 404 GET http://10.180.1.21/compute/v2.1/servers/180478c8-f743-4cae-a984-db0734f85861/ips/invalid 5.164s
2025-12-08 23:18:21.098 65569 INFO tempest.lib.common.rest_client [req-992dbc7a-8954-45c7-8f5b-a60f3fa4fe9b req-992dbc7a-8954-45c7-8f5b-a60f3fa4fe9b ] Request (KeyPairsNegativeTestJSON:test_create_keypair_when_public_key_bits_exceeds_maximum): 400 POST http://10.180.1.21/compute/v2.1/os-keypairs 4.922s
2025-12-08 23:18:21.178 65563 INFO tempest.lib.common.rest_client [req-b021c934-5b25-4656-9788-9e7887326333 req-b021c934-5b25-4656-9788-9e7887326333 ] Request (ServerDiagnosticsNegativeTest:tearDownClass): 204 DELETE http://10.180.1.21/identity/v3/projects/34108bb23c044ee494ade898ffe7a98c 0.130s
2025-12-08 23:18:21.280 65563 INFO tempest.lib.common.rest_client [req-ccc17114-c427-48ec-9bb0-6461495a0ba6 req-ccc17114-c427-48ec-9bb0-6461495a0ba6 ] Request (ServerShowV263Test:setUpClass): 201 POST http://10.180.1.21/identity/v3/auth/tokens 0.101s
2025-12-08 23:18:21.315 65525 INFO tempest.lib.common.rest_client [req-32d7d33b-6cce-43f5-b2f4-d0ead89482f2 req-32d7d33b-6cce-43f5-b2f4-d0ead89482f2 ] Request (SecurityGroupsTestAdminJSON:test_list_security_groups_list_all_tenants_filter): 200 POST http://10.180.1.21/compute/v2.1/os-security-groups 5.134s
2025-12-08 23:18:21.322 65563 INFO tempest.lib.common.rest_client [req-577e3951-1de9-49e0-a2d1-b681aa572548 req-577e3951-1de9-49e0-a2d1-b681aa572548 ] Request (ServerShowV263Test:setUpClass): 201 POST http://10.180.1.21/identity/v3/auth/tokens 0.039s
2025-12-08 23:18:21.363 65563 INFO tempest.lib.common.rest_client [req-fcaf7039-6ee9-4208-aba9-4532e6b21dfd req-fcaf7039-6ee9-4208-aba9-4532e6b21dfd ] Request (ServerShowV263Test:setUpClass): 200 GET http://10.180.1.21/identity/v3/domains?name=Default 0.040s
2025-12-08 23:18:21.404 65563 INFO tempest.lib.common.rest_client [req-c19620a2-bea7-49ea-98e3-249871c2be72 req-c19620a2-bea7-49ea-98e3-249871c2be72 ] Request (ServerShowV263Test:setUpClass): 201 POST http://10.180.1.21/identity/v3/projects 0.041s
2025-12-08 23:18:21.424 65558 INFO tempest.lib.common.rest_client [req-7bd1e61d-acc9-4215-a920-4faadf05ff2a req-7bd1e61d-acc9-4215-a920-4faadf05ff2a ] Request (MultipleCreateTestJSON:test_multiple_create_with_reservation_return): 200 GET http://10.180.1.21/compute/v2.1/servers/69e35dae-d550-43bc-9550-3dc64c11da97 4.926s
2025-12-08 23:18:21.451 65565 INFO tempest.lib.common.rest_client [req-0c3ef708-7f31-4d11-95b1-5de743655ddc req-0c3ef708-7f31-4d11-95b1-5de743655ddc ] Request (FlavorsAdminTestJSON:test_create_list_flavor_without_extra_data): 200 POST http://10.180.1.21/compute/v2.1/flavors 4.902s
2025-12-08 23:18:21.496 65563 INFO tempest.lib.common.rest_client [req-da1593eb-2b3a-4e0e-a560-b7ba82dcfe9f req-da1593eb-2b3a-4e0e-a560-b7ba82dcfe9f ] Request (ServerShowV263Test:setUpClass): 201 POST http://10.180.1.21/identity/v3/users 0.091s
2025-12-08 23:18:21.524 65563 INFO tempest.lib.common.rest_client [req-fd0b03af-8caf-4117-8b3c-5f598465dc62 req-fd0b03af-8caf-4117-8b3c-5f598465dc62 ] Request (ServerShowV263Test:setUpClass): 200 GET http://10.180.1.21/identity/v3/roles 0.028s
2025-12-08 23:18:21.618 65563 INFO tempest.lib.common.rest_client [req-cca6ac39-f032-4a80-844d-9f4cd85646f1 req-cca6ac39-f032-4a80-844d-9f4cd85646f1 ] Request (ServerShowV263Test:setUpClass): 204 PUT http://10.180.1.21/identity/v3/projects/dcf359a665bd4a3ebbf03681a56665f2/users/edff6bd51bfd41ba9cd084f3dc582c06/roles/6b41f1e28c4343b492fba5fc8bfa79db 0.093s
2025-12-08 23:18:21.618 65563 INFO tempest.lib.common.dynamic_creds [-] Dynamic test user edff6bd51bfd41ba9cd084f3dc582c06 is created with scope project and roles: ['member']
2025-12-08 23:18:21.619 65563 INFO tempest.lib.common.dynamic_creds [-] Acquired dynamic creds: credentials: Credentials: {'domain_id': 'default', 'domain_name': 'Default', 'username': 'tempest-ServerShowV263Test-1318687717-project-member', 'project_domain_id': 'default', 'project_domain_name': 'Default', 'project_id': 'dcf359a665bd4a3ebbf03681a56665f2', 'project_name': 'tempest-ServerShowV263Test-1318687717', 'tenant_id': 'dcf359a665bd4a3ebbf03681a56665f2', 'tenant_name': 'tempest-ServerShowV263Test-1318687717', 'user_domain_id': 'default', 'user_domain_name': 'Default', 'user_id': 'edff6bd51bfd41ba9cd084f3dc582c06', 'system': None}, Network: None, Subnet: None, Router: None
2025-12-08 23:18:21.619 65563 INFO tempest.lib.common.dynamic_creds [-] Created isolated network resources for: credentials: Credentials: {'domain_id': 'default', 'domain_name': 'Default', 'username': 'tempest-ServerShowV263Test-1318687717-project-member', 'project_domain_id': 'default', 'project_domain_name': 'Default', 'project_id': 'dcf359a665bd4a3ebbf03681a56665f2', 'project_name': 'tempest-ServerShowV263Test-1318687717', 'tenant_id': 'dcf359a665bd4a3ebbf03681a56665f2', 'tenant_name': 'tempest-ServerShowV263Test-1318687717', 'user_domain_id': 'default', 'user_domain_name': 'Default', 'user_id': 'edff6bd51bfd41ba9cd084f3dc582c06', 'system': None}, Network: None, Subnet: None, Router: None
2025-12-08 23:18:21.680 65527 INFO tempest.lib.common.rest_client [req-a36f94b7-fa8f-4c64-8c9d-42902ad45c8a req-a36f94b7-fa8f-4c64-8c9d-42902ad45c8a ] Request (ServicesAdminNegativeTestJSON:test_list_services_with_non_admin_user): 403 GET http://10.180.1.21/compute/v2.1/os-services 5.112s
2025-12-08 23:18:21.703 65547 INFO tempest.lib.common.rest_client [req-c2fbb7db-5142-45ae-9182-bf3d5aec9290 req-c2fbb7db-5142-45ae-9182-bf3d5aec9290 ] Request (AggregatesAdminNegativeTestJSON:test_aggregate_create_with_existent_aggregate_name): 409 POST http://10.180.1.21/compute/v2.1/os-aggregates 5.099s
2025-12-08 23:18:21.724 65563 INFO tempest.lib.common.rest_client [req-e470c89e-8e40-44de-b667-e19bb97a6c4b req-e470c89e-8e40-44de-b667-e19bb97a6c4b ] Request (ServerShowV263Test:setUpClass): 201 POST http://10.180.1.21/identity/v3/auth/tokens 0.102s
2025-12-08 23:18:21.726 65561 INFO tempest.lib.common.rest_client [req-10dec6f4-3a92-4e37-b3c2-08e5fb310431 req-10dec6f4-3a92-4e37-b3c2-08e5fb310431 ] Request (FloatingIPsAssociationNegativeTestJSON:test_associate_ip_to_server_with_floating_ip): 202 POST http://10.180.1.21/compute/v2.1/servers/f9ed65d0-2db9-4c85-b148-5a474665dd88/action 6.084s
2025-12-08 23:18:21.728 65513 WARNING tempest.lib.common.ssh [-] Failed to establish authenticated ssh connection to cirros@10.180.180.211 ([Errno None] Unable to connect to port 22 on 10.180.180.211). Number attempts: 3. Retry after 4 seconds.: paramiko.ssh_exception.NoValidConnectionsError: [Errno None] Unable to connect to port 22 on 10.180.180.211
2025-12-08 23:18:21.775 65567 INFO tempest.lib.common.rest_client [req-98bc9480-e2e3-4b93-a431-5a69fb489b32 req-98bc9480-e2e3-4b93-a431-5a69fb489b32 ] Request (SecurityGroupRulesNegativeTestJSON:test_create_security_group_rule_with_invalid_from_port): 400 POST http://10.180.1.21/compute/v2.1/os-security-group-rules 4.844s
2025-12-08 23:18:21.790 65563 INFO tempest.lib.common.rest_client [req-50109053-5623-4032-ab58-9a468af94bf6 req-50109053-5623-4032-ab58-9a468af94bf6 ] Request (ServerShowV263Test:setUpClass): 200 GET http://10.180.1.21/identity/v3/projects/dcf359a665bd4a3ebbf03681a56665f2 0.065s
2025-12-08 23:18:21.790 65563 INFO tempest.lib.common.dynamic_creds [-] Using the existing project dcf359a665bd4a3ebbf03681a56665f2 for scope project and roles: ['reader']
2025-12-08 23:18:21.804 65529 INFO tempest.lib.common.rest_client [req-8739eca0-281d-4991-9087-ce60f24bb8cb req-8739eca0-281d-4991-9087-ce60f24bb8cb ] Request (ServersAdminTestJSON:setUpClass): 200 GET http://10.180.1.21/compute/v2.1/servers/3963d919-9823-4244-a8d0-e63eebb9e429 5.126s
2025-12-08 23:18:21.827 65527 INFO tempest.lib.common.rest_client [req-ea6fd2a0-4b1c-42df-8d89-406afe48a417 req-ea6fd2a0-4b1c-42df-8d89-406afe48a417 ] Request (ServicesAdminNegativeTestJSON:tearDownClass): 204 DELETE http://10.180.1.21/identity/v3/users/4d2e10cc461d47c1b83b3a6b880bcea3 0.145s
2025-12-08 23:18:21.889 65563 INFO tempest.lib.common.rest_client [req-1124f8bc-e821-4af5-8ceb-48d2101a9e9e req-1124f8bc-e821-4af5-8ceb-48d2101a9e9e ] Request (ServerShowV263Test:setUpClass): 201 POST http://10.180.1.21/identity/v3/users 0.099s
2025-12-08 23:18:21.945 65519 INFO tempest.lib.common.rest_client [req-32bcb72d-68bc-4ac5-b3e2-6f7e098829c7 req-32bcb72d-68bc-4ac5-b3e2-6f7e098829c7 ] Request (HypervisorAdminUnderV252Test:test_get_hypervisor_show_servers): 200 GET http://10.180.1.21/compute/v2.1/os-hypervisors 4.943s
2025-12-08 23:18:21.986 65533 INFO tempest.lib.common.rest_client [req-fdfc5314-8679-4f81-bb48-5f98c83a7689 req-fdfc5314-8679-4f81-bb48-5f98c83a7689 ] Request (ListImageFiltersTestJSON:setUpClass): 200 GET http://10.180.1.21/compute/v2.1/images/05105093-3bcf-4d23-9b00-0e6d54fad6e0 4.531s
2025-12-08 23:18:21.986 65527 INFO tempest.lib.common.rest_client [req-95b16f14-ff09-48ee-8319-05ce7e289596 req-95b16f14-ff09-48ee-8319-05ce7e289596 ] Request (ServicesAdminNegativeTestJSON:tearDownClass): 204 DELETE http://10.180.1.21/identity/v3/users/a4794389f74c4344b843f3516b3df3dc 0.159s
2025-12-08 23:18:21.986 65527 INFO tempest.lib.common.dynamic_creds [-] Deleting project and security group for project: 2883384049f54da2a01684ba4c6383de
2025-12-08 23:18:22.017 65521 INFO tempest.lib.common.rest_client [req-b9382702-fd26-413a-a7c1-4f46e8a60ed2 req-b9382702-fd26-413a-a7c1-4f46e8a60ed2 ] Request (KeyPairsV2TestJSON:test_get_keypair_detail): 200 POST http://10.180.1.21/compute/v2.1/os-keypairs 4.612s
2025-12-08 23:18:22.027 65563 INFO tempest.lib.common.rest_client [req-6a0e77b6-163b-4dc3-b6bf-58133067c979 req-6a0e77b6-163b-4dc3-b6bf-58133067c979 ] Request (ServerShowV263Test:setUpClass): 200 GET http://10.180.1.21/identity/v3/roles 0.137s
2025-12-08 23:18:22.052 65527 INFO tempest.lib.common.rest_client [req-3a2922c2-70f4-4ccc-8263-5e1363962285 req-3a2922c2-70f4-4ccc-8263-5e1363962285 ] Request (ServicesAdminNegativeTestJSON:tearDownClass): 201 POST http://10.180.1.21/identity/v3/auth/tokens 0.065s
2025-12-08 23:18:22.074 65535 INFO tempest.lib.common.rest_client [req-96bcfca8-3f5c-4364-97ab-10b583bc174b req-96bcfca8-3f5c-4364-97ab-10b583bc174b ] Request (AttachInterfacesV270Test:tearDownClass): 200 GET http://10.180.1.21/compute/v2.1/servers/9c3afa8d-807c-422e-aadb-3d7cfeba8097 4.255s
2025-12-08 23:18:22.110 65563 INFO tempest.lib.common.rest_client [req-67bf9193-7bbc-4ecd-acf1-6b8a3d41d834 req-67bf9193-7bbc-4ecd-acf1-6b8a3d41d834 ] Request (ServerShowV263Test:setUpClass): 204 PUT http://10.180.1.21/identity/v3/projects/dcf359a665bd4a3ebbf03681a56665f2/users/48bb2a6521b3452b86e9ba010418d286/roles/280e108056a144d2b39f3776a2e5dd0b 0.082s
2025-12-08 23:18:22.110 65563 INFO tempest.lib.common.dynamic_creds [-] Dynamic test user 48bb2a6521b3452b86e9ba010418d286 is created with scope project and roles: ['reader']
2025-12-08 23:18:22.110 65563 INFO tempest.lib.common.dynamic_creds [-] Acquired dynamic creds: credentials: Credentials: {'domain_id': 'default', 'domain_name': 'Default', 'username': 'tempest-ServerShowV263Test-1318687717-project-reader', 'project_domain_id': 'default', 'project_domain_name': 'Default', 'project_id': 'dcf359a665bd4a3ebbf03681a56665f2', 'project_name': 'tempest-ServerShowV263Test-1318687717', 'tenant_id': 'dcf359a665bd4a3ebbf03681a56665f2', 'tenant_name': 'tempest-ServerShowV263Test-1318687717', 'user_domain_id': 'default', 'user_domain_name': 'Default', 'user_id': '48bb2a6521b3452b86e9ba010418d286', 'system': None}, Network: None, Subnet: None, Router: None
