2025-12-08 23:17:33.828 65551 INFO tempest.lib.common.rest_client [req-a727adbc-98a8-4e29-b7e4-1a030a13e7c1 req-a727adbc-98a8-4e29-b7e4-1a030a13e7c1 ] Request (HypervisorAdminV228Test:setUpClass): 204 PUT http://10.180.1.21/identity/v3/projects/34f6ce441124491e9bded8687cb3c25e/users/c4896db32f394ef48e2fdfad933fd0e4/roles/6b41f1e28c4343b492fba5fc8bfa79db 0.029s
2025-12-08 23:17:33.829 65551 INFO tempest.lib.common.dynamic_creds [-] Dynamic test user c4896db32f394ef48e2fdfad933fd0e4 is created with scope project and roles: ['member']
2025-12-08 23:17:33.829 65551 INFO tempest.lib.common.dynamic_creds [-] Acquired dynamic creds: credentials: Credentials: {'domain_id': 'default', 'domain_name': 'Default', 'username': 'tempest-HypervisorAdminV228Test-982096441-project-member', 'project_domain_id': 'default', 'project_domain_name': 'Default', 'project_id': '34f6ce441124491e9bded8687cb3c25e', 'project_name': 'tempest-HypervisorAdminV228Test-982096441', 'tenant_id': '34f6ce441124491e9bded8687cb3c25e', 'tenant_name': 'tempest-HypervisorAdminV228Test-982096441', 'user_domain_id': 'default', 'user_domain_name': 'Default', 'user_id': 'c4896db32f394ef48e2fdfad933fd0e4', 'system': None}, Network: None, Subnet: None, Router: None
2025-12-08 23:17:33.829 65551 INFO tempest.lib.common.dynamic_creds [-] Created isolated network resources for: credentials: Credentials: {'domain_id': 'default', 'domain_name': 'Default', 'username': 'tempest-HypervisorAdminV228Test-982096441-project-member', 'project_domain_id': 'default', 'project_domain_name': 'Default', 'project_id': '34f6ce441124491e9bded8687cb3c25e', 'project_name': 'tempest-HypervisorAdminV228Test-982096441', 'tenant_id': '34f6ce441124491e9bded8687cb3c25e', 'tenant_name': 'tempest-HypervisorAdminV228Test-982096441', 'user_domain_id': 'default', 'user_domain_name': 'Default', 'user_id': 'c4896db32f394ef48e2fdfad933fd0e4', 'system': None}, Network: None, Subnet: None, Router: None
2025-12-08 23:17:33.916 65551 INFO tempest.lib.common.rest_client [req-c185befd-3a21-4f20-89eb-6a9f650e31fb req-c185befd-3a21-4f20-89eb-6a9f650e31fb ] Request (HypervisorAdminV228Test:setUpClass): 201 POST http://10.180.1.21/identity/v3/auth/tokens 0.084s
2025-12-08 23:17:33.995 65551 INFO tempest.lib.common.rest_client [req-b177c1c6-3a14-49e3-8059-24f686d8f338 req-b177c1c6-3a14-49e3-8059-24f686d8f338 ] Request (HypervisorAdminV228Test:setUpClass): 201 POST http://10.180.1.21/identity/v3/projects 0.079s
2025-12-08 23:17:34.017 65529 INFO tempest.lib.common.rest_client [req-2347a60f-f7de-46c9-8326-0fbe7e11a411 req-2347a60f-f7de-46c9-8326-0fbe7e11a411 ] Request (FlavorsV261TestJSON:tearDownClass): 204 DELETE http://10.180.1.21/networking/v2.0/security-groups/757a7b7a-18ff-49bc-91f8-f2daf3c5a6b7 0.697s
2025-12-08 23:17:34.057 65551 INFO tempest.lib.common.rest_client [req-d51b8c90-906d-459f-a19f-28260b7c635a req-d51b8c90-906d-459f-a19f-28260b7c635a ] Request (HypervisorAdminV228Test:setUpClass): 201 POST http://10.180.1.21/identity/v3/users 0.061s
2025-12-08 23:17:34.080 65551 INFO tempest.lib.common.rest_client [req-5e5fcc43-ceed-4fc4-9f32-70ba107d749e req-5e5fcc43-ceed-4fc4-9f32-70ba107d749e ] Request (HypervisorAdminV228Test:setUpClass): 200 GET http://10.180.1.21/identity/v3/roles 0.022s
2025-12-08 23:17:34.109 65551 INFO tempest.lib.common.rest_client [req-1cc41d41-ccc0-47dc-9993-c1653153ad6d req-1cc41d41-ccc0-47dc-9993-c1653153ad6d ] Request (HypervisorAdminV228Test:setUpClass): 204 PUT http://10.180.1.21/identity/v3/projects/abcefd1287474e0c8e0945fe99d50893/users/f7de72e1858644ef8ed549a4c394efc3/roles/63ab2378bc6b4399bd6b4fa5c5767971 0.028s
2025-12-08 23:17:34.114 65563 INFO tempest.lib.common.rest_client [req-8ff8c228-7281-4abd-a726-23dbfea2577e req-8ff8c228-7281-4abd-a726-23dbfea2577e ] Request (ServerDiagnosticsNegativeTest:test_get_server_diagnostics_by_non_admin): 200 GET http://10.180.1.21/compute/v2.1/servers/57d5febd-f4f1-47bd-bd58-8682309db3bc 3.261s
2025-12-08 23:17:34.119 65529 INFO tempest.lib.common.rest_client [req-bb8b9dd0-486b-411a-9975-908498bdf8d3 req-bb8b9dd0-486b-411a-9975-908498bdf8d3 ] Request (FlavorsV261TestJSON:tearDownClass): 204 DELETE http://10.180.1.21/identity/v3/projects/a2d130938e714f82886c3e83ae764011 0.101s
2025-12-08 23:17:34.122 65563 INFO tempest.common.waiters [-] State transition "BUILD/None" ==> "BUILD/spawning" after 13 second wait
2025-12-08 23:17:34.132 65571 INFO tempest.lib.common.rest_client [req-3bd57a74-4034-44de-b75b-21e4c9905267 req-3bd57a74-4034-44de-b75b-21e4c9905267 ] Request (FlavorsAccessNegativeTestJSON:test_flavor_access_list_with_public_flavor): 200 POST http://10.180.1.21/compute/v2.1/flavors 2.988s
2025-12-08 23:17:34.163 65559 INFO tempest.lib.common.rest_client [req-017b6f8f-4c30-40a6-91cb-772752c59804 req-017b6f8f-4c30-40a6-91cb-772752c59804 ] Request (ServerMetadataTestJSON:setUpClass): 201 POST http://10.180.1.21/networking/v2.0/routers 0.957s
2025-12-08 23:17:34.167 65551 INFO tempest.lib.common.rest_client [req-134fa370-9031-4c75-b400-98f91741f0cb req-134fa370-9031-4c75-b400-98f91741f0cb ] Request (HypervisorAdminV228Test:setUpClass): 200 GET http://10.180.1.21/identity/v3/roles 0.058s
2025-12-08 23:17:34.180 65529 INFO tempest.lib.common.rest_client [req-283c98b4-f2a8-47bb-98cc-5dd99a0763a0 req-283c98b4-f2a8-47bb-98cc-5dd99a0763a0 ] Request (NetworksTest:setUpClass): 201 POST http://10.180.1.21/identity/v3/auth/tokens 0.059s
2025-12-08 23:17:34.193 65551 INFO tempest.lib.common.rest_client [req-7dcb24e6-5b10-4d3e-a3ab-ded5f1ce1c5e req-7dcb24e6-5b10-4d3e-a3ab-ded5f1ce1c5e ] Request (HypervisorAdminV228Test:setUpClass): 204 PUT http://10.180.1.21/identity/v3/projects/abcefd1287474e0c8e0945fe99d50893/users/f7de72e1858644ef8ed549a4c394efc3/roles/63ab2378bc6b4399bd6b4fa5c5767971 0.025s
2025-12-08 23:17:34.193 65551 INFO tempest.lib.common.dynamic_creds [-] Dynamic test user f7de72e1858644ef8ed549a4c394efc3 is created with scope project and roles: ['admin']
2025-12-08 23:17:34.194 65551 INFO tempest.lib.common.dynamic_creds [-] Acquired dynamic creds: credentials: Credentials: {'domain_id': 'default', 'domain_name': 'Default', 'username': 'tempest-HypervisorAdminV228Test-219866729-project-admin', 'project_domain_id': 'default', 'project_domain_name': 'Default', 'project_id': 'abcefd1287474e0c8e0945fe99d50893', 'project_name': 'tempest-HypervisorAdminV228Test-219866729', 'tenant_id': 'abcefd1287474e0c8e0945fe99d50893', 'tenant_name': 'tempest-HypervisorAdminV228Test-219866729', 'user_domain_id': 'default', 'user_domain_name': 'Default', 'user_id': 'f7de72e1858644ef8ed549a4c394efc3', 'system': None}, Network: None, Subnet: None, Router: None
2025-12-08 23:17:34.194 65551 INFO tempest.lib.common.dynamic_creds [-] Created isolated network resources for: credentials: Credentials: {'domain_id': 'default', 'domain_name': 'Default', 'username': 'tempest-HypervisorAdminV228Test-219866729-project-admin', 'project_domain_id': 'default', 'project_domain_name': 'Default', 'project_id': 'abcefd1287474e0c8e0945fe99d50893', 'project_name': 'tempest-HypervisorAdminV228Test-219866729', 'tenant_id': 'abcefd1287474e0c8e0945fe99d50893', 'tenant_name': 'tempest-HypervisorAdminV228Test-219866729', 'user_domain_id': 'default', 'user_domain_name': 'Default', 'user_id': 'f7de72e1858644ef8ed549a4c394efc3', 'system': None}, Network: None, Subnet: None, Router: None
2025-12-08 23:17:34.250 65529 INFO tempest.lib.common.rest_client [req-90bdbb7b-d0d4-4eb1-b134-796d098ef30a req-90bdbb7b-d0d4-4eb1-b134-796d098ef30a ] Request (NetworksTest:setUpClass): 201 POST http://10.180.1.21/identity/v3/auth/tokens 0.067s
2025-12-08 23:17:34.276 65529 INFO tempest.lib.common.rest_client [req-386d0020-e534-479a-a90f-8da3875d8553 req-386d0020-e534-479a-a90f-8da3875d8553 ] Request (NetworksTest:setUpClass): 200 GET http://10.180.1.21/identity/v3/domains?name=Default 0.025s
2025-12-08 23:17:34.280 65551 INFO tempest.lib.common.rest_client [req-030bc082-0d2b-49e8-8c44-f4cdf8e6931d req-030bc082-0d2b-49e8-8c44-f4cdf8e6931d ] Request (HypervisorAdminV228Test:setUpClass): 201 POST http://10.180.1.21/identity/v3/auth/tokens 0.082s
2025-12-08 23:17:34.308 65529 INFO tempest.lib.common.rest_client [req-25f21a45-4a2c-46ed-979b-457e6aada9ac req-25f21a45-4a2c-46ed-979b-457e6aada9ac ] Request (NetworksTest:setUpClass): 201 POST http://10.180.1.21/identity/v3/projects 0.031s
2025-12-08 23:17:34.394 65529 INFO tempest.lib.common.rest_client [req-1ccb58b9-8e5e-49f1-abd2-46abb65bc04a req-1ccb58b9-8e5e-49f1-abd2-46abb65bc04a ] Request (NetworksTest:setUpClass): 201 POST http://10.180.1.21/identity/v3/users 0.086s
2025-12-08 23:17:34.415 65529 INFO tempest.lib.common.rest_client [req-dfc93972-ea94-4936-8d82-bb86aa336873 req-dfc93972-ea94-4936-8d82-bb86aa336873 ] Request (NetworksTest:setUpClass): 200 GET http://10.180.1.21/identity/v3/roles 0.020s
2025-12-08 23:17:34.445 65529 INFO tempest.lib.common.rest_client [req-bd67e197-45ee-443c-9158-b20c5a1e4b75 req-bd67e197-45ee-443c-9158-b20c5a1e4b75 ] Request (NetworksTest:setUpClass): 204 PUT http://10.180.1.21/identity/v3/projects/a0b89e3d13d24661bc826c9ee4be54b5/users/e4a37bf861df4de0ba2106f02e1bd329/roles/6b41f1e28c4343b492fba5fc8bfa79db 0.029s
2025-12-08 23:17:34.446 65529 INFO tempest.lib.common.dynamic_creds [-] Dynamic test user e4a37bf861df4de0ba2106f02e1bd329 is created with scope project and roles: ['member']
2025-12-08 23:17:34.446 65529 INFO tempest.lib.common.dynamic_creds [-] Acquired dynamic creds: credentials: Credentials: {'domain_id': 'default', 'domain_name': 'Default', 'username': 'tempest-NetworksTest-803838620-project-member', 'project_domain_id': 'default', 'project_domain_name': 'Default', 'project_id': 'a0b89e3d13d24661bc826c9ee4be54b5', 'project_name': 'tempest-NetworksTest-803838620', 'tenant_id': 'a0b89e3d13d24661bc826c9ee4be54b5', 'tenant_name': 'tempest-NetworksTest-803838620', 'user_domain_id': 'default', 'user_domain_name': 'Default', 'user_id': 'e4a37bf861df4de0ba2106f02e1bd329', 'system': None}, Network: None, Subnet: None, Router: None
2025-12-08 23:17:34.446 65529 INFO tempest.lib.common.dynamic_creds [-] Created isolated network resources for: credentials: Credentials: {'domain_id': 'default', 'domain_name': 'Default', 'username': 'tempest-NetworksTest-803838620-project-member', 'project_domain_id': 'default', 'project_domain_name': 'Default', 'project_id': 'a0b89e3d13d24661bc826c9ee4be54b5', 'project_name': 'tempest-NetworksTest-803838620', 'tenant_id': 'a0b89e3d13d24661bc826c9ee4be54b5', 'tenant_name': 'tempest-NetworksTest-803838620', 'user_domain_id': 'default', 'user_domain_name': 'Default', 'user_id': 'e4a37bf861df4de0ba2106f02e1bd329', 'system': None}, Network: None, Subnet: None, Router: None
2025-12-08 23:17:34.566 65529 INFO tempest.lib.common.rest_client [req-46ac31ab-31d1-4e80-a2d3-1d1841c55875 req-46ac31ab-31d1-4e80-a2d3-1d1841c55875 ] Request (NetworksTest:setUpClass): 201 POST http://10.180.1.21/identity/v3/auth/tokens 0.116s
2025-12-08 23:17:34.626 65529 INFO tempest.lib.common.rest_client [req-90326496-e392-4ed4-8d1d-87af3225e956 req-90326496-e392-4ed4-8d1d-87af3225e956 ] Request (NetworksTest:setUpClass): 201 POST http://10.180.1.21/identity/v3/projects 0.060s
2025-12-08 23:17:34.703 65529 INFO tempest.lib.common.rest_client [req-edd85f11-7085-41a0-be28-6ff7400c6fe0 req-edd85f11-7085-41a0-be28-6ff7400c6fe0 ] Request (NetworksTest:setUpClass): 201 POST http://10.180.1.21/identity/v3/users 0.076s
2025-12-08 23:17:34.732 65529 INFO tempest.lib.common.rest_client [req-03f8e272-26ed-42eb-abc8-f523d0e8d155 req-03f8e272-26ed-42eb-abc8-f523d0e8d155 ] Request (NetworksTest:setUpClass): 200 GET http://10.180.1.21/identity/v3/roles 0.029s
2025-12-08 23:17:34.777 65529 INFO tempest.lib.common.rest_client [req-8749c55f-5f66-40f6-9310-c8e6631825c3 req-8749c55f-5f66-40f6-9310-c8e6631825c3 ] Request (NetworksTest:setUpClass): 204 PUT http://10.180.1.21/identity/v3/projects/29f5125648c14f6b97b185f2c15d7a8b/users/a89118a84d38466a9f3d4fa0bdd37da2/roles/63ab2378bc6b4399bd6b4fa5c5767971 0.044s
2025-12-08 23:17:34.841 65529 INFO tempest.lib.common.rest_client [req-e317fd48-0cc0-4790-9044-3c41c84c37ef req-e317fd48-0cc0-4790-9044-3c41c84c37ef ] Request (NetworksTest:setUpClass): 200 GET http://10.180.1.21/identity/v3/roles 0.064s
2025-12-08 23:17:34.866 65529 INFO tempest.lib.common.rest_client [req-26d58cf0-2552-4982-91bc-c2cd59a50860 req-26d58cf0-2552-4982-91bc-c2cd59a50860 ] Request (NetworksTest:setUpClass): 204 PUT http://10.180.1.21/identity/v3/projects/29f5125648c14f6b97b185f2c15d7a8b/users/a89118a84d38466a9f3d4fa0bdd37da2/roles/63ab2378bc6b4399bd6b4fa5c5767971 0.024s
2025-12-08 23:17:34.866 65529 INFO tempest.lib.common.dynamic_creds [-] Dynamic test user a89118a84d38466a9f3d4fa0bdd37da2 is created with scope project and roles: ['admin']
2025-12-08 23:17:34.866 65529 INFO tempest.lib.common.dynamic_creds [-] Acquired dynamic creds: credentials: Credentials: {'domain_id': 'default', 'domain_name': 'Default', 'username': 'tempest-NetworksTest-1723881705-project-admin', 'project_domain_id': 'default', 'project_domain_name': 'Default', 'project_id': '29f5125648c14f6b97b185f2c15d7a8b', 'project_name': 'tempest-NetworksTest-1723881705', 'tenant_id': '29f5125648c14f6b97b185f2c15d7a8b', 'tenant_name': 'tempest-NetworksTest-1723881705', 'user_domain_id': 'default', 'user_domain_name': 'Default', 'user_id': 'a89118a84d38466a9f3d4fa0bdd37da2', 'system': None}, Network: None, Subnet: None, Router: None
2025-12-08 23:17:34.866 65529 INFO tempest.lib.common.dynamic_creds [-] Created isolated network resources for: credentials: Credentials: {'domain_id': 'default', 'domain_name': 'Default', 'username': 'tempest-NetworksTest-1723881705-project-admin', 'project_domain_id': 'default', 'project_domain_name': 'Default', 'project_id': '29f5125648c14f6b97b185f2c15d7a8b', 'project_name': 'tempest-NetworksTest-1723881705', 'tenant_id': '29f5125648c14f6b97b185f2c15d7a8b', 'tenant_name': 'tempest-NetworksTest-1723881705', 'user_domain_id': 'default', 'user_domain_name': 'Default', 'user_id': 'a89118a84d38466a9f3d4fa0bdd37da2', 'system': None}, Network: None, Subnet: None, Router: None
2025-12-08 23:17:34.954 65529 INFO tempest.lib.common.rest_client [req-7c536b17-5c43-4a50-98fa-8cd2c2741f5a req-7c536b17-5c43-4a50-98fa-8cd2c2741f5a ] Request (NetworksTest:setUpClass): 201 POST http://10.180.1.21/identity/v3/auth/tokens 0.085s
2025-12-08 23:17:35.178 65559 INFO tempest.lib.common.rest_client [req-3af449af-074e-4154-b66e-fffa4c5e9c6f req-3af449af-074e-4154-b66e-fffa4c5e9c6f ] Request (ServerMetadataTestJSON:setUpClass): 200 PUT http://10.180.1.21/networking/v2.0/routers/c20f957f-af5e-4505-8bf8-0ed3f313683b/add_router_interface 1.014s
2025-12-08 23:17:35.178 65559 INFO tempest.lib.common.dynamic_creds [-] Created isolated network resources for: credentials: Credentials: {'domain_id': 'default', 'domain_name': 'Default', 'username': 'tempest-ServerMetadataTestJSON-857793364-project-member', 'project_domain_id': 'default', 'project_domain_name': 'Default', 'project_id': '0555574b90224641af4845d07d617a8a', 'project_name': 'tempest-ServerMetadataTestJSON-857793364', 'tenant_id': '0555574b90224641af4845d07d617a8a', 'tenant_name': 'tempest-ServerMetadataTestJSON-857793364', 'user_domain_id': 'default', 'user_domain_name': 'Default', 'user_id': '0fe316daa6ef4702addee071c6b5417f', 'system': None}, Network: {'id': '21521d2e-a836-4f2a-99e6-78d3671cda94', 'name': 'tempest-ServerMetadataTestJSON-933273033-network', 'tenant_id': '0555574b90224641af4845d07d617a8a', 'project_id': '0555574b90224641af4845d07d617a8a', 'admin_state_up': True, 'mtu': 8950, 'status': 'ACTIVE', 'subnets': [], 'shared': False, 'port_security_enabled': True, 'router:external': False, 'provider:network_type': 'vlan', 'provider:physical_network': 'default', 'provider:segmentation_id': 849, 'availability_zone_hints': [], 'availability_zones': [], 'ipv4_address_scope': None, 'ipv6_address_scope': None, 'description': '', 'tags': [], 'created_at': '2025-12-08T23:17:32Z', 'updated_at': '2025-12-08T23:17:32Z', 'revision_number': 1}, Subnet: {'id': '01628a9f-804b-48fe-b3c0-53505e217878', 'name': 'tempest-ServerMetadataTestJSON-933273033-subnet', 'tenant_id': '0555574b90224641af4845d07d617a8a', 'network_id': '21521d2e-a836-4f2a-99e6-78d3671cda94', 'ip_version': 4, 'subnetpool_id': None, 'enable_dhcp': True, 'ipv6_ra_mode': None, 'ipv6_address_mode': None, 'gateway_ip': '192.168.128.1', 'cidr': '192.168.128.0/28', 'allocation_pools': [{'start': '192.168.128.2', 'end': '192.168.128.14'}], 'host_routes': [], 'dns_nameservers': [], 'description': '', 'router:external': False, 'service_types': [], 'tags': [], 'created_at': '2025-12-08T23:17:33Z', 'updated_at': '2025-12-08T23:17:33Z', 'revision_number': 0, 'project_id': '0555574b90224641af4845d07d617a8a'}, Router: {'id': 'c20f957f-af5e-4505-8bf8-0ed3f313683b', 'name': 'tempest-ServerMetadataTestJSON-933273033-router', 'tenant_id': '0555574b90224641af4845d07d617a8a', 'admin_state_up': True, 'status': 'ACTIVE', 'external_gateway_info': {'network_id': 'f78e1088-e433-40a3-b574-36193c4f0f1a', 'external_fixed_ips': [{'subnet_id': 'cf98114f-07cd-492b-b5eb-d8fc51f62129', 'ip_address': '10.180.180.193'}], 'enable_snat': True}, 'description': '', 'availability_zones': [], 'distributed': False, 'ha': False, 'availability_zone_hints': [], 'routes': [], 'flavor_id': None, 'tags': [], 'created_at': '2025-12-08T23:17:33Z', 'updated_at': '2025-12-08T23:17:33Z', 'revision_number': 2, 'project_id': '0555574b90224641af4845d07d617a8a'}
2025-12-08 23:17:35.243 65541 INFO tempest.lib.common.rest_client [req-64d656de-236c-40d1-b16b-b9b5322717d1 req-64d656de-236c-40d1-b16b-b9b5322717d1 ] Request (FloatingIPDetailsTestJSON:test_get_floating_ip_details): 200 POST http://10.180.1.21/compute/v2.1/os-floating-ips 4.142s
2025-12-08 23:17:35.253 65545 INFO tempest.lib.common.rest_client [req-59a88d37-b5d2-4dfe-b21d-3fe91020864e req-59a88d37-b5d2-4dfe-b21d-3fe91020864e ] Request (HypervisorAdminNegativeTestJSON:test_show_nonexistent_hypervisor): 404 GET http://10.180.1.21/compute/v2.1/os-hypervisors/e82a14a5-e901-4a9a-8907-6e65b0d4920a 4.080s
2025-12-08 23:17:35.261 65559 INFO tempest.lib.common.rest_client [req-b56dfbfd-f04f-41eb-9e42-990d57b5d455 req-b56dfbfd-f04f-41eb-9e42-990d57b5d455 ] Request (ServerMetadataTestJSON:setUpClass): 201 POST http://10.180.1.21/identity/v3/auth/tokens 0.080s
2025-12-08 23:17:35.274 65565 INFO tempest.lib.common.rest_client [req-19966ee4-9a77-45c6-b5f3-f7abd47bf9ee req-19966ee4-9a77-45c6-b5f3-f7abd47bf9ee ] Request (FlavorsAdminTestJSON:test_create_flavor_with_int_id): 200 POST http://10.180.1.21/compute/v2.1/flavors 4.071s
2025-12-08 23:17:35.296 65559 INFO tempest.lib.common.rest_client [req-794068fa-7f4d-44e4-8a83-0a810027546e req-794068fa-7f4d-44e4-8a83-0a810027546e ] Request (ServerMetadataTestJSON:setUpClass): 201 POST http://10.180.1.21/identity/v3/auth/tokens 0.030s
2025-12-08 23:17:35.296 65559 INFO tempest.lib.common.fixed_network [-] (ServerMetadataTestJSON:setUpClass) Found network {'id': '21521d2e-a836-4f2a-99e6-78d3671cda94', 'name': 'tempest-ServerMetadataTestJSON-933273033-network', 'tenant_id': '0555574b90224641af4845d07d617a8a', 'project_id': '0555574b90224641af4845d07d617a8a', 'admin_state_up': True, 'mtu': 8950, 'status': 'ACTIVE', 'subnets': [], 'shared': False, 'port_security_enabled': True, 'router:external': False, 'provider:network_type': 'vlan', 'provider:physical_network': 'default', 'provider:segmentation_id': 849, 'availability_zone_hints': [], 'availability_zones': [], 'ipv4_address_scope': None, 'ipv6_address_scope': None, 'description': '', 'tags': [], 'created_at': '2025-12-08T23:17:32Z', 'updated_at': '2025-12-08T23:17:32Z', 'revision_number': 1} available for tenant
2025-12-08 23:17:35.298 65525 INFO tempest.lib.common.rest_client [req-19044b8e-f87a-41c0-a042-90f42839db3f req-19044b8e-f87a-41c0-a042-90f42839db3f ] Request (FlavorsExtraSpecsTestJSON:test_flavor_set_get_update_show_unset_keys): 200 PUT http://10.180.1.21/compute/v2.1/flavors/1249007376/os-extra_specs/hw:numa_nodes 4.087s
2025-12-08 23:17:35.394 65545 INFO tempest.lib.common.rest_client [req-1a7a74ac-0314-45e1-bf5a-6db380d3fdb1 req-1a7a74ac-0314-45e1-bf5a-6db380d3fdb1 ] Request (HypervisorAdminNegativeTestJSON:tearDownClass): 204 DELETE http://10.180.1.21/identity/v3/users/35410ee3961b45fa9dbaa955c8f94915 0.139s
2025-12-08 23:17:35.531 65545 INFO tempest.lib.common.rest_client [req-a16a1141-9499-4f9a-b9a8-3af8de6d326e req-a16a1141-9499-4f9a-b9a8-3af8de6d326e ] Request (HypervisorAdminNegativeTestJSON:tearDownClass): 204 DELETE http://10.180.1.21/identity/v3/users/05bf8730da614ca294ba42701b7311eb 0.136s
2025-12-08 23:17:35.531 65545 INFO tempest.lib.common.dynamic_creds [-] Deleting project and security group for project: d24710f2c60244628698aae7852a1f67
2025-12-08 23:17:35.602 65545 INFO tempest.lib.common.rest_client [req-f5f4d4c8-e748-44ab-a24b-c086901fed6d req-f5f4d4c8-e748-44ab-a24b-c086901fed6d ] Request (HypervisorAdminNegativeTestJSON:tearDownClass): 201 POST http://10.180.1.21/identity/v3/auth/tokens 0.071s
2025-12-08 23:17:35.656 65549 INFO tempest.lib.common.rest_client [req-59e922cb-1aef-4ed5-be10-701df63d39ac req-59e922cb-1aef-4ed5-be10-701df63d39ac ] Request (FloatingIPsTestJSON:test_delete_floating_ip): 202 DELETE http://10.180.1.21/compute/v2.1/os-floating-ips/aecf48ec-6144-4e92-aad8-13b74e1f3f49 4.486s
2025-12-08 23:17:35.677 65531 INFO tempest.lib.common.rest_client [req-4573c9b8-79a3-4afd-a2df-0b84bd896f17 req-4573c9b8-79a3-4afd-a2df-0b84bd896f17 ] Request (ServicesAdminTestJSON:test_get_service_by_service_binary_name): 200 GET http://10.180.1.21/compute/v2.1/os-services?binary=nova-compute 4.423s
2025-12-08 23:17:35.708 65553 INFO tempest.lib.common.rest_client [req-b4b453f2-10a1-4b29-8890-47417b185e43 req-b4b453f2-10a1-4b29-8890-47417b185e43 ] Request (FlavorsAccessTestJSON:test_flavor_access_list_with_private_flavor): 200 POST http://10.180.1.21/compute/v2.1/flavors 4.419s
2025-12-08 23:17:35.719 65533 INFO tempest.lib.common.rest_client [req-c6f9e6d4-f1be-4991-bd9b-7086d53cd675 req-c6f9e6d4-f1be-4991-bd9b-7086d53cd675 ] Request (QuotaClassesAdminTestJSON:test_update_default_quotas): 200 GET http://10.180.1.21/compute/v2.1/os-quota-class-sets/default 4.411s
2025-12-08 23:17:35.736 65519 INFO tempest.lib.common.rest_client [req-6cb68cde-8101-4b23-89df-59e1e02efed4 req-6cb68cde-8101-4b23-89df-59e1e02efed4 ] Request (HostsAdminNegativeTestJSON:test_shutdown_nonexistent_host): 404 GET http://10.180.1.21/compute/v2.1/os-hosts/nonexistent_hostname/shutdown 4.353s
2025-12-08 23:17:35.751 65521 INFO tempest.lib.common.rest_client [req-7e63bdf5-db1f-4685-a8ed-7523460e16e7 req-7e63bdf5-db1f-4685-a8ed-7523460e16e7 ] Request (FlavorsExtraSpecsNegativeTestJSON:test_flavor_unset_nonexistent_key): 404 DELETE http://10.180.1.21/compute/v2.1/flavors/1606090307/os-extra_specs/hw:cpu_thread_policy 4.359s
2025-12-08 23:17:35.919 65545 INFO tempest.lib.common.rest_client [req-c11a358e-72cd-47c0-8be6-8e2eb449c52d req-c11a358e-72cd-47c0-8be6-8e2eb449c52d ] Request (HypervisorAdminNegativeTestJSON:tearDownClass): 200 GET http://10.180.1.21/networking/v2.0/security-groups?tenant_id=d24710f2c60244628698aae7852a1f67&name=default 0.317s
2025-12-08 23:17:35.919 65543 INFO tempest.lib.common.rest_client [req-5e558dfe-9d03-458b-a648-156ceba63077 req-5e558dfe-9d03-458b-a648-156ceba63077 ] Request (QuotasAdminNegativeTest:test_create_server_when_instances_quota_is_full): 200 PUT http://10.180.1.21/compute/v2.1/os-quota-sets/9f00526390754af2a86f4f6aaa48ce14 4.501s
2025-12-08 23:17:35.978 65547 INFO tempest.lib.common.rest_client [req-f4b97cb7-3c11-422e-b8e9-7099b9d21e2b req-f4b97cb7-3c11-422e-b8e9-7099b9d21e2b ] Request (AggregatesAdminNegativeTestJSON:test_aggregate_add_host_as_user): 403 POST http://10.180.1.21/compute/v2.1/os-aggregates/2/action 4.521s
2025-12-08 23:17:35.996 65543 INFO tempest.lib.common.rest_client [req-c41027e8-a9ae-4ff1-83a0-d1053049519c req-c41027e8-a9ae-4ff1-83a0-d1053049519c ] Request (QuotasAdminNegativeTest:test_create_server_when_instances_quota_is_full): 201 POST http://10.180.1.21/identity/v3/auth/tokens 0.068s
2025-12-08 23:17:35.997 65543 INFO tempest.lib.common.fixed_network [-] (QuotasAdminNegativeTest:test_create_server_when_instances_quota_is_full) Found network None available for tenant
2025-12-08 23:17:35.998 65567 INFO tempest.lib.common.rest_client [req-45040de7-f1a3-4a7b-9142-6c08ea046ad7 req-45040de7-f1a3-4a7b-9142-6c08ea046ad7 ] Request (HostsAdminTestJSON:test_list_hosts_with_zone): 200 GET http://10.180.1.21/compute/v2.1/os-hosts?zone=internal 4.515s
2025-12-08 23:17:36.019 65515 INFO tempest.lib.common.rest_client [req-ee001080-f302-4aea-ab5c-2ea4a3bddcbf req-ee001080-f302-4aea-ab5c-2ea4a3bddcbf ] Request (ServersWithSpecificFlavorTestJSON:test_verify_created_server_ephemeral_disk): 200 POST http://10.180.1.21/compute/v2.1/flavors/1158624563/os-extra_specs 4.512s
2025-12-08 23:17:36.059 65545 INFO tempest.lib.common.rest_client [req-ca415004-a7d4-4c14-b69d-67c829801d11 req-ca415004-a7d4-4c14-b69d-67c829801d11 ] Request (HypervisorAdminNegativeTestJSON:tearDownClass): 204 DELETE http://10.180.1.21/networking/v2.0/security-groups/40952855-770f-47b6-a310-8d244316627f 0.139s
2025-12-08 23:17:36.065 65527 INFO tempest.lib.common.rest_client [req-7ced6b0c-20db-4df7-8a4e-92d54d8880e3 req-7ced6b0c-20db-4df7-8a4e-92d54d8880e3 ] Request (HypervisorAdminV253TestBase:test_list_show_detail_hypervisors): 200 GET http://10.180.1.21/compute/v2.1/os-hypervisors?with_servers=True 4.146s
2025-12-08 23:17:36.144 65545 INFO tempest.lib.common.rest_client [req-557b4273-0d75-415f-8a24-46400e0ac5d6 req-557b4273-0d75-415f-8a24-46400e0ac5d6 ] Request (HypervisorAdminNegativeTestJSON:tearDownClass): 204 DELETE http://10.180.1.21/identity/v3/projects/d24710f2c60244628698aae7852a1f67 0.084s
2025-12-08 23:17:36.145 65545 INFO tempest.lib.common.dynamic_creds [-] Deleting project and security group for project: d7f8b941237e47a0a7d13909531133c3
2025-12-08 23:17:36.183 65523 INFO tempest.lib.common.rest_client [req-8dc2639b-a28e-4b9d-ae57-898a646c20c8 req-8dc2639b-a28e-4b9d-ae57-898a646c20c8 ] Request (InstanceActionsNegativeTestJSON:setUpClass): 200 GET http://10.180.1.21/compute/v2.1/servers/0c973a10-9154-47ed-b378-c17852561a4f 3.801s
2025-12-08 23:17:36.191 65523 INFO tempest.common.waiters [-] State transition "BUILD/None" ==> "BUILD/networking" after 15 second wait
2025-12-08 23:17:36.267 65545 INFO tempest.lib.common.rest_client [req-3b539ae0-1959-4d0b-9498-c00bf360e46d req-3b539ae0-1959-4d0b-9498-c00bf360e46d ] Request (HypervisorAdminNegativeTestJSON:tearDownClass): 200 GET http://10.180.1.21/networking/v2.0/security-groups?tenant_id=d7f8b941237e47a0a7d13909531133c3&name=default 0.122s
2025-12-08 23:17:36.337 65573 INFO tempest.lib.common.rest_client [req-43dad0e8-5d77-4ce4-80a4-9bf501b332c3 req-43dad0e8-5d77-4ce4-80a4-9bf501b332c3 ] Request (VolumesAssistedSnapshotsTest:test_volume_assisted_snapshot_create_delete): 200 GET http://10.180.1.21/compute/v2.1/servers/3992cddd-0d75-4d2d-a069-5b3a01296f8a 3.837s
2025-12-08 23:17:36.346 65573 INFO tempest.common.waiters [-] State transition "BUILD/scheduling" ==> "BUILD/None" after 8 second wait
2025-12-08 23:17:36.405 65545 INFO tempest.lib.common.rest_client [req-313d6166-3e4e-4516-aec3-1abd64e6f370 req-313d6166-3e4e-4516-aec3-1abd64e6f370 ] Request (HypervisorAdminNegativeTestJSON:tearDownClass): 204 DELETE http://10.180.1.21/networking/v2.0/security-groups/b7cd7b20-0a24-49f0-aebc-776cd5479334 0.137s
2025-12-08 23:17:36.513 65535 INFO tempest.lib.common.rest_client [req-6fef05c4-8e48-4f77-a924-181e536b8473 req-6fef05c4-8e48-4f77-a924-181e536b8473 ] Request (AttachInterfacesV270Test:test_create_get_list_interfaces): 200 GET http://10.180.1.21/compute/v2.1/servers/9c3afa8d-807c-422e-aadb-3d7cfeba8097 3.903s
2025-12-08 23:17:36.535 65545 INFO tempest.lib.common.rest_client [req-b2f56e62-3257-49a1-9b26-78ad88803b3a req-b2f56e62-3257-49a1-9b26-78ad88803b3a ] Request (HypervisorAdminNegativeTestJSON:tearDownClass): 204 DELETE http://10.180.1.21/identity/v3/projects/d7f8b941237e47a0a7d13909531133c3 0.130s
2025-12-08 23:17:36.536 65545 INFO tempest.test [-] raised in LiveMigrationNegativeTest.setUpClass. Invoking tearDownClass.
2025-12-08 23:17:36.546 65561 INFO tempest.lib.common.rest_client [req-41c12f69-e4ae-47c8-82eb-5bd3cc874d2d req-41c12f69-e4ae-47c8-82eb-5bd3cc874d2d ] Request (FloatingIPsAssociationNegativeTestJSON:setUpClass): 202 POST http://10.180.1.21/compute/v2.1/servers 5.312s
2025-12-08 23:17:36.638 65545 INFO tempest.lib.common.rest_client [req-facb9995-ee46-4944-ad19-a760c0b85481 req-facb9995-ee46-4944-ad19-a760c0b85481 ] Request (QuotasSecurityGroupAdminNegativeTest:setUpClass): 201 POST http://10.180.1.21/identity/v3/auth/tokens 0.098s
2025-12-08 23:17:36.695 65545 INFO tempest.lib.common.rest_client [req-70cd40c9-9b89-472d-be78-0944834cd536 req-70cd40c9-9b89-472d-be78-0944834cd536 ] Request (QuotasSecurityGroupAdminNegativeTest:setUpClass): 201 POST http://10.180.1.21/identity/v3/auth/tokens 0.052s
2025-12-08 23:17:36.707 65513 INFO tempest.lib.common.rest_client [req-0169ee92-c677-4b5a-bf0b-70c6e3698495 req-0169ee92-c677-4b5a-bf0b-70c6e3698495 ] Request (ServersTestFqdnHostnames:test_create_server_with_fqdn_name): 200 GET http://10.180.1.21/compute/v2.1/servers/b864971b-f701-4c70-9cc4-cd23a7c2f1ae 4.094s
2025-12-08 23:17:36.720 65513 INFO tempest.common.waiters [-] State transition "BUILD/scheduling" ==> "BUILD/None" after 7 second wait
2025-12-08 23:17:36.733 65539 INFO tempest.lib.common.rest_client [req-ad3494dc-47ff-4476-bc62-3fcfd243901f req-ad3494dc-47ff-4476-bc62-3fcfd243901f ] Request (ImagesOneServerTestJSON:setUpClass): 200 GET http://10.180.1.21/compute/v2.1/servers/afb60f91-6534-49d4-8717-c816862dac94 4.064s
2025-12-08 23:17:36.742 65545 INFO tempest.lib.common.rest_client [req-4239c688-6274-4f39-8845-a8075d15852f req-4239c688-6274-4f39-8845-a8075d15852f ] Request (QuotasSecurityGroupAdminNegativeTest:setUpClass): 200 GET http://10.180.1.21/identity/v3/domains?name=Default 0.046s
2025-12-08 23:17:36.792 65545 INFO tempest.lib.common.rest_client [req-dbb64341-794f-41f8-bcd6-72ca0f6bdd5f req-dbb64341-794f-41f8-bcd6-72ca0f6bdd5f ] Request (QuotasSecurityGroupAdminNegativeTest:setUpClass): 201 POST http://10.180.1.21/identity/v3/projects 0.049s
2025-12-08 23:17:36.884 65545 INFO tempest.lib.common.rest_client [req-e890d2b3-0b7e-43f3-aec1-25f793a0d9bf req-e890d2b3-0b7e-43f3-aec1-25f793a0d9bf ] Request (QuotasSecurityGroupAdminNegativeTest:setUpClass): 201 POST http://10.180.1.21/identity/v3/users 0.091s
2025-12-08 23:17:36.918 65517 INFO tempest.lib.common.rest_client [req-40ca3b1f-d949-4e48-80c0-f62b15c5ec5c req-40ca3b1f-d949-4e48-80c0-f62b15c5ec5c ] Request (ServerDiagnosticsV248Test:test_get_server_diagnostics): 200 GET http://10.180.1.21/compute/v2.1/servers/694a643e-06f4-4e00-bec9-b4bbd9f2053c 3.825s
2025-12-08 23:17:36.927 65545 INFO tempest.lib.common.rest_client [req-24361dbb-1ed5-4fb8-ac31-993c6aa65f1a req-24361dbb-1ed5-4fb8-ac31-993c6aa65f1a ] Request (QuotasSecurityGroupAdminNegativeTest:setUpClass): 200 GET http://10.180.1.21/identity/v3/roles 0.042s
2025-12-08 23:17:36.931 65517 INFO tempest.common.waiters [-] State transition "BUILD/spawning" ==> "ACTIVE/None" after 16 second wait
2025-12-08 23:17:36.952 65558 INFO tempest.lib.common.rest_client [req-f0143fb9-244b-4329-a250-733cbc9bef96 req-f0143fb9-244b-4329-a250-733cbc9bef96 ] Request (MultipleCreateTestJSON:test_multiple_create): 200 GET http://10.180.1.21/compute/v2.1/servers/713412d0-ffcd-431c-a3af-a85d31661391 4.091s
2025-12-08 23:17:36.963 65558 INFO tempest.common.waiters [-] State transition "BUILD/spawning" ==> "ACTIVE/None" after 13 second wait
2025-12-08 23:17:36.986 65545 INFO tempest.lib.common.rest_client [req-7892bcdd-a28d-49cb-ba93-a42e0503e5cb req-7892bcdd-a28d-49cb-ba93-a42e0503e5cb ] Request (QuotasSecurityGroupAdminNegativeTest:setUpClass): 204 PUT http://10.180.1.21/identity/v3/projects/0754c79a5dac473ba24f3e3bfb150540/users/9420c6145e374579a008b8a4ab4e45ba/roles/6b41f1e28c4343b492fba5fc8bfa79db 0.059s
2025-12-08 23:17:36.987 65545 INFO tempest.lib.common.dynamic_creds [-] Dynamic test user 9420c6145e374579a008b8a4ab4e45ba is created with scope project and roles: ['member']
2025-12-08 23:17:36.987 65545 INFO tempest.lib.common.dynamic_creds [-] Acquired dynamic creds: credentials: Credentials: {'domain_id': 'default', 'domain_name': 'Default', 'username': 'tempest-QuotasSecurityGroupAdminNegativeTest-925078976-project-member', 'project_domain_id': 'default', 'project_domain_name': 'Default', 'project_id': '0754c79a5dac473ba24f3e3bfb150540', 'project_name': 'tempest-QuotasSecurityGroupAdminNegativeTest-925078976', 'tenant_id': '0754c79a5dac473ba24f3e3bfb150540', 'tenant_name': 'tempest-QuotasSecurityGroupAdminNegativeTest-925078976', 'user_domain_id': 'default', 'user_domain_name': 'Default', 'user_id': '9420c6145e374579a008b8a4ab4e45ba', 'system': None}, Network: None, Subnet: None, Router: None
2025-12-08 23:17:36.987 65545 INFO tempest.lib.common.dynamic_creds [-] Created isolated network resources for: credentials: Credentials: {'domain_id': 'default', 'domain_name': 'Default', 'username': 'tempest-QuotasSecurityGroupAdminNegativeTest-925078976-project-member', 'project_domain_id': 'default', 'project_domain_name': 'Default', 'project_id': '0754c79a5dac473ba24f3e3bfb150540', 'project_name': 'tempest-QuotasSecurityGroupAdminNegativeTest-925078976', 'tenant_id': '0754c79a5dac473ba24f3e3bfb150540', 'tenant_name': 'tempest-QuotasSecurityGroupAdminNegativeTest-925078976', 'user_domain_id': 'default', 'user_domain_name': 'Default', 'user_id': '9420c6145e374579a008b8a4ab4e45ba', 'system': None}, Network: None, Subnet: None, Router: None
2025-12-08 23:17:37.091 65545 INFO tempest.lib.common.rest_client [req-e5dc928c-1409-4ae3-8454-e383f5b4387f req-e5dc928c-1409-4ae3-8454-e383f5b4387f ] Request (QuotasSecurityGroupAdminNegativeTest:setUpClass): 201 POST http://10.180.1.21/identity/v3/auth/tokens 0.100s
2025-12-08 23:17:37.204 65537 INFO tempest.lib.common.rest_client [req-2a4bc690-5216-4579-8e22-f4921bbe863e req-2a4bc690-5216-4579-8e22-f4921bbe863e ] Request (DeleteServersAdminTestJSON:test_admin_delete_servers_of_others): 200 GET http://10.180.1.21/compute/v2.1/servers/d60981c4-7d4b-496c-923b-0910d9042c01 3.934s
2025-12-08 23:17:37.205 65545 INFO tempest.lib.common.rest_client [req-3634e93a-4ee9-4223-9b01-80bf80c7f960 req-3634e93a-4ee9-4223-9b01-80bf80c7f960 ] Request (QuotasSecurityGroupAdminNegativeTest:setUpClass): 201 POST http://10.180.1.21/identity/v3/projects 0.114s
2025-12-08 23:17:37.212 65537 INFO tempest.common.waiters [-] State transition "BUILD/None" ==> "BUILD/spawning" after 17 second wait
2025-12-08 23:17:37.226 65571 INFO tempest.lib.common.rest_client [req-b2ae3aa5-9f42-4c62-96e0-9c3eab09586d req-b2ae3aa5-9f42-4c62-96e0-9c3eab09586d ] Request (FlavorsAccessNegativeTestJSON:test_flavor_access_list_with_public_flavor): 404 GET http://10.180.1.21/compute/v2.1/flavors/781434403/os-flavor-access 3.092s
2025-12-08 23:17:37.283 65569 INFO tempest.lib.common.rest_client [req-f61351c3-2322-4aeb-a4dd-ba93604e0d45 req-f61351c3-2322-4aeb-a4dd-ba93604e0d45 ] Request (ServerDiagnosticsTest:test_get_server_diagnostics): 200 GET http://10.180.1.21/compute/v2.1/servers/2af631ee-a267-4ace-bc23-ee4f540f6710 3.392s
2025-12-08 23:17:37.311 65545 INFO tempest.lib.common.rest_client [req-26e6cc3e-0bb3-48e3-a05e-7438a3512b5f req-26e6cc3e-0bb3-48e3-a05e-7438a3512b5f ] Request (QuotasSecurityGroupAdminNegativeTest:setUpClass): 201 POST http://10.180.1.21/identity/v3/users 0.105s
2025-12-08 23:17:37.337 65545 INFO tempest.lib.common.rest_client [req-b0b4496c-38fd-47b0-835c-ea9f2a208fb6 req-b0b4496c-38fd-47b0-835c-ea9f2a208fb6 ] Request (QuotasSecurityGroupAdminNegativeTest:setUpClass): 200 GET http://10.180.1.21/identity/v3/roles 0.026s
2025-12-08 23:17:37.338 65511 INFO tempest.lib.common.rest_client [req-d8d9fc23-69b8-4d65-b977-883eef822db5 req-d8d9fc23-69b8-4d65-b977-883eef822db5 ] Request (MigrationsAdminTest:test_list_migrations_in_flavor_resize_situation): 200 GET http://10.180.1.21/compute/v2.1/servers/a5b01948-caec-42b6-bb63-a5e3afd9e716 3.100s
2025-12-08 23:17:37.346 65511 INFO tempest.common.waiters [-] State transition "BUILD/scheduling" ==> "BUILD/None" after 13 second wait
2025-12-08 23:17:37.371 65545 INFO tempest.lib.common.rest_client [req-d29956d6-7bdc-4f45-a31d-7bed33839540 req-d29956d6-7bdc-4f45-a31d-7bed33839540 ] Request (QuotasSecurityGroupAdminNegativeTest:setUpClass): 204 PUT http://10.180.1.21/identity/v3/projects/64304a9187d048f285e860b062c1351e/users/7686c009515c47c9af68c9d5b40efd81/roles/63ab2378bc6b4399bd6b4fa5c5767971 0.033s
2025-12-08 23:17:37.425 65545 INFO tempest.lib.common.rest_client [req-e5528fea-32c2-4e5f-87c7-30b5c8dcc319 req-e5528fea-32c2-4e5f-87c7-30b5c8dcc319 ] Request (QuotasSecurityGroupAdminNegativeTest:setUpClass): 200 GET http://10.180.1.21/identity/v3/roles 0.053s
2025-12-08 23:17:37.441 65551 INFO tempest.lib.common.rest_client [req-70eb1f61-9187-42aa-b757-94e7756815a0 req-70eb1f61-9187-42aa-b757-94e7756815a0 ] Request (HypervisorAdminV228Test:test_get_list_hypervisor_details): 200 GET http://10.180.1.21/compute/v2.1/os-hypervisors 3.159s
2025-12-08 23:17:37.443 65555 INFO tempest.lib.common.rest_client [req-434b26f5-2fbc-413c-9e32-7ec072da7969 req-434b26f5-2fbc-413c-9e32-7ec072da7969 ] Request (ImagesNegativeTestJSON:test_create_image_from_deleted_server): 200 GET http://10.180.1.21/compute/v2.1/servers/d3876a0a-9769-4f01-bd67-1ab97afd5344 3.088s
2025-12-08 23:17:37.444 65545 INFO tempest.lib.common.rest_client [req-03766622-6477-4b9d-8115-1c83c17e082c req-03766622-6477-4b9d-8115-1c83c17e082c ] Request (QuotasSecurityGroupAdminNegativeTest:setUpClass): 204 PUT http://10.180.1.21/identity/v3/projects/64304a9187d048f285e860b062c1351e/users/7686c009515c47c9af68c9d5b40efd81/roles/63ab2378bc6b4399bd6b4fa5c5767971 0.019s
2025-12-08 23:17:37.445 65545 INFO tempest.lib.common.dynamic_creds [-] Dynamic test user 7686c009515c47c9af68c9d5b40efd81 is created with scope project and roles: ['admin']
2025-12-08 23:17:37.445 65545 INFO tempest.lib.common.dynamic_creds [-] Acquired dynamic creds: credentials: Credentials: {'domain_id': 'default', 'domain_name': 'Default', 'username': 'tempest-QuotasSecurityGroupAdminNegativeTest-1097866524-project-admin', 'project_domain_id': 'default', 'project_domain_name': 'Default', 'project_id': '64304a9187d048f285e860b062c1351e', 'project_name': 'tempest-QuotasSecurityGroupAdminNegativeTest-1097866524', 'tenant_id': '64304a9187d048f285e860b062c1351e', 'tenant_name': 'tempest-QuotasSecurityGroupAdminNegativeTest-1097866524', 'user_domain_id': 'default', 'user_domain_name': 'Default', 'user_id': '7686c009515c47c9af68c9d5b40efd81', 'system': None}, Network: None, Subnet: None, Router: None
2025-12-08 23:17:37.445 65545 INFO tempest.lib.common.dynamic_creds [-] Created isolated network resources for: credentials: Credentials: {'domain_id': 'default', 'domain_name': 'Default', 'username': 'tempest-QuotasSecurityGroupAdminNegativeTest-1097866524-project-admin', 'project_domain_id': 'default', 'project_domain_name': 'Default', 'project_id': '64304a9187d048f285e860b062c1351e', 'project_name': 'tempest-QuotasSecurityGroupAdminNegativeTest-1097866524', 'tenant_id': '64304a9187d048f285e860b062c1351e', 'tenant_name': 'tempest-QuotasSecurityGroupAdminNegativeTest-1097866524', 'user_domain_id': 'default', 'user_domain_name': 'Default', 'user_id': '7686c009515c47c9af68c9d5b40efd81', 'system': None}, Network: None, Subnet: None, Router: None
2025-12-08 23:17:37.457 65555 INFO tempest.common.waiters [-] State transition "BUILD/spawning" ==> "ACTIVE/None" after 18 second wait
2025-12-08 23:17:37.546 65545 INFO tempest.lib.common.rest_client [req-a3e1ca90-f3c9-45db-b0ac-3abea076c70c req-a3e1ca90-f3c9-45db-b0ac-3abea076c70c ] Request (QuotasSecurityGroupAdminNegativeTest:setUpClass): 201 POST http://10.180.1.21/identity/v3/auth/tokens 0.096s
2025-12-08 23:17:37.547 65545 WARNING tempest.lib.common.rest_client [-] Deprecated: "tenant_id" property is deprecated for removal, use "project_id" instead
2025-12-08 23:17:37.561 65563 INFO tempest.lib.common.rest_client [req-ed91e264-49fa-417a-ba52-30bcafde9f5f req-ed91e264-49fa-417a-ba52-30bcafde9f5f ] Request (ServerDiagnosticsNegativeTest:test_get_server_diagnostics_by_non_admin): 200 GET http://10.180.1.21/compute/v2.1/servers/57d5febd-f4f1-47bd-bd58-8682309db3bc 2.437s
2025-12-08 23:17:37.649 65545 INFO tempest.lib.common.rest_client [req-09d4c9ea-65bc-4542-8f75-a359eec3c2c3 req-09d4c9ea-65bc-4542-8f75-a359eec3c2c3 ] Request (QuotasSecurityGroupAdminNegativeTest:tearDownClass): 204 DELETE http://10.180.1.21/identity/v3/users/9420c6145e374579a008b8a4ab4e45ba 0.099s
2025-12-08 23:17:37.722 65529 INFO tempest.lib.common.rest_client [req-4b0a5723-e431-4461-a562-7e951911d251 req-4b0a5723-e431-4461-a562-7e951911d251 ] Request (NetworksTest:test_get_network): 200 GET http://10.180.1.21/compute/v2.1/os-networks 2.766s
2025-12-08 23:17:37.731 65545 INFO tempest.lib.common.rest_client [req-cc4be0e4-1e99-4f89-b31b-a341d6f22545 req-cc4be0e4-1e99-4f89-b31b-a341d6f22545 ] Request (QuotasSecurityGroupAdminNegativeTest:tearDownClass): 204 DELETE http://10.180.1.21/identity/v3/users/7686c009515c47c9af68c9d5b40efd81 0.081s
2025-12-08 23:17:37.732 65545 INFO tempest.lib.common.dynamic_creds [-] Deleting project and security group for project: 0754c79a5dac473ba24f3e3bfb150540
2025-12-08 23:17:37.744 65565 INFO tempest.lib.common.rest_client [req-9e05b8e2-3b4b-4cdc-80ec-1d58269030bd req-9e05b8e2-3b4b-4cdc-80ec-1d58269030bd ] Request (FlavorsAdminTestJSON:_run_cleanups): 202 DELETE http://10.180.1.21/compute/v2.1/flavors/1411280105 2.468s
2025-12-08 23:17:37.755 65541 INFO tempest.lib.common.rest_client [req-9aae0b56-a088-48e2-960c-f528ded6cb0c req-9aae0b56-a088-48e2-960c-f528ded6cb0c ] Request (FloatingIPDetailsTestJSON:test_get_floating_ip_details): 200 GET http://10.180.1.21/compute/v2.1/os-floating-ips/057fceea-0634-4417-a87e-5925cfe12b99 2.509s
2025-12-08 23:17:37.773 65525 INFO tempest.lib.common.rest_client [req-3343b4e6-88cc-4465-a5bb-7125fc9b55f9 req-3343b4e6-88cc-4465-a5bb-7125fc9b55f9 ] Request (FlavorsExtraSpecsTestJSON:test_flavor_set_get_update_show_unset_keys): 200 GET http://10.180.1.21/compute/v2.1/flavors/1249007376/os-extra_specs 2.473s
2025-12-08 23:17:37.805 65545 INFO tempest.lib.common.rest_client [req-88eb3307-3daa-4bab-9ff9-3c5fc28b59be req-88eb3307-3daa-4bab-9ff9-3c5fc28b59be ] Request (QuotasSecurityGroupAdminNegativeTest:tearDownClass): 201 POST http://10.180.1.21/identity/v3/auth/tokens 0.073s
2025-12-08 23:17:37.992 65545 INFO tempest.lib.common.rest_client [req-96a38bca-df7c-4cb5-a29a-cfa2f028aaa3 req-96a38bca-df7c-4cb5-a29a-cfa2f028aaa3 ] Request (QuotasSecurityGroupAdminNegativeTest:tearDownClass): 200 GET http://10.180.1.21/networking/v2.0/security-groups?tenant_id=0754c79a5dac473ba24f3e3bfb150540&name=default 0.187s
2025-12-08 23:17:38.011 65549 INFO tempest.lib.common.rest_client [req-ba24f551-844e-4784-92eb-726129117892 req-ba24f551-844e-4784-92eb-726129117892 ] Request (FloatingIPsTestJSON:test_delete_floating_ip): 404 GET http://10.180.1.21/compute/v2.1/os-floating-ips/aecf48ec-6144-4e92-aad8-13b74e1f3f49 2.354s
2025-12-08 23:17:38.028 65531 INFO tempest.lib.common.rest_client [req-147e89d4-7186-4ff5-8044-251dfef0a748 req-147e89d4-7186-4ff5-8044-251dfef0a748 ] Request (ServicesAdminTestJSON:test_list_services): 200 GET http://10.180.1.21/compute/v2.1/os-services 2.348s
2025-12-08 23:17:38.044 65553 INFO tempest.lib.common.rest_client [req-e52deffa-a868-4b30-82b1-2e4634365b2a req-e52deffa-a868-4b30-82b1-2e4634365b2a ] Request (FlavorsAccessTestJSON:test_flavor_access_list_with_private_flavor): 200 GET http://10.180.1.21/compute/v2.1/flavors/1866488994/os-flavor-access 2.333s
2025-12-08 23:17:38.101 65533 INFO tempest.lib.common.rest_client [req-3e7d8a06-6d61-47b1-b99c-eecb333991f4 req-3e7d8a06-6d61-47b1-b99c-eecb333991f4 ] Request (QuotaClassesAdminTestJSON:_run_cleanups): 200 PUT http://10.180.1.21/compute/v2.1/os-quota-class-sets/default 2.379s
2025-12-08 23:17:38.107 65519 INFO tempest.lib.common.rest_client [req-2ba75594-5f24-45dd-bb6a-b2e98afc1752 req-2ba75594-5f24-45dd-bb6a-b2e98afc1752 ] Request (HostsAdminNegativeTestJSON:test_startup_host_with_non_admin_user): 403 GET http://10.180.1.21/compute/v2.1/os-hosts/devstack/startup 2.369s
2025-12-08 23:17:38.109 65531 INFO tempest.lib.common.rest_client [req-d9ff1e4c-dda2-407b-8aa7-6564fbba2282 req-d9ff1e4c-dda2-407b-8aa7-6564fbba2282 ] Request (ServicesAdminTestJSON:tearDownClass): 204 DELETE http://10.180.1.21/identity/v3/users/71685787330242dbaf6af655a4b5a9a6 0.077s
2025-12-08 23:17:38.117 65521 INFO tempest.lib.common.rest_client [req-fc725aea-b84b-4d90-9fdd-a522326be3f7 req-fc725aea-b84b-4d90-9fdd-a522326be3f7 ] Request (FlavorsExtraSpecsNegativeTestJSON:test_flavor_update_mismatch_key): 400 PUT http://10.180.1.21/compute/v2.1/flavors/1606090307/os-extra_specs/hw:numa_nodes 2.364s
2025-12-08 23:17:38.129 65547 INFO tempest.lib.common.rest_client [req-b3f4a98b-8458-49f7-a4e0-a2e1131e611f req-b3f4a98b-8458-49f7-a4e0-a2e1131e611f ] Request (AggregatesAdminNegativeTestJSON:_run_cleanups): 200 DELETE http://10.180.1.21/compute/v2.1/os-aggregates/2 2.151s
2025-12-08 23:17:38.157 65567 INFO tempest.lib.common.rest_client [req-a4b32bac-70bf-45fb-8a5d-812c856c4b39 req-a4b32bac-70bf-45fb-8a5d-812c856c4b39 ] Request (HostsAdminTestJSON:test_show_host_detail): 200 GET http://10.180.1.21/compute/v2.1/os-hosts 2.157s
2025-12-08 23:17:38.176 65545 INFO tempest.lib.common.rest_client [req-726450e8-362f-4cf1-9e33-13c8ed8f0bae req-726450e8-362f-4cf1-9e33-13c8ed8f0bae ] Request (QuotasSecurityGroupAdminNegativeTest:tearDownClass): 204 DELETE http://10.180.1.21/networking/v2.0/security-groups/8f7734a2-4c7e-4e5c-88d0-1328caf9a49a 0.184s
2025-12-08 23:17:38.228 65531 INFO tempest.lib.common.rest_client [req-a27ed6da-ce21-4083-abf2-afc72dc45516 req-a27ed6da-ce21-4083-abf2-afc72dc45516 ] Request (ServicesAdminTestJSON:tearDownClass): 204 DELETE http://10.180.1.21/identity/v3/users/70eb7b9d7af347c4843d33b037f110ee 0.118s
2025-12-08 23:17:38.228 65531 INFO tempest.lib.common.dynamic_creds [-] Deleting project and security group for project: c1371087ab3e42888abebf6689fd9ff0
2025-12-08 23:17:38.238 65533 INFO tempest.lib.common.rest_client [req-b1509089-e12c-4ff2-9cce-53343edc5b2b req-b1509089-e12c-4ff2-9cce-53343edc5b2b ] Request (QuotaClassesAdminTestJSON:tearDownClass): 204 DELETE http://10.180.1.21/identity/v3/users/a973cd105b224de98dc8a5a883befc4b 0.127s
2025-12-08 23:17:38.305 65531 INFO tempest.lib.common.rest_client [req-12a581b1-fefc-4c39-a8cd-237ddc67de8c req-12a581b1-fefc-4c39-a8cd-237ddc67de8c ] Request (ServicesAdminTestJSON:tearDownClass): 201 POST http://10.180.1.21/identity/v3/auth/tokens 0.076s
2025-12-08 23:17:38.377 65533 INFO tempest.lib.common.rest_client [req-fd9aa21e-cd98-4ea4-8c38-177be9c2d222 req-fd9aa21e-cd98-4ea4-8c38-177be9c2d222 ] Request (QuotaClassesAdminTestJSON:tearDownClass): 204 DELETE http://10.180.1.21/identity/v3/users/ef608fc7028f4b8eac256c8aab16e616 0.139s
2025-12-08 23:17:38.377 65533 INFO tempest.lib.common.dynamic_creds [-] Deleting project and security group for project: c294cd7bc73d4cff9f3c5356e1dcca89
2025-12-08 23:17:38.394 65545 INFO tempest.lib.common.rest_client [req-c2205557-dd16-4d64-979d-54dda520f57d req-c2205557-dd16-4d64-979d-54dda520f57d ] Request (QuotasSecurityGroupAdminNegativeTest:tearDownClass): 204 DELETE http://10.180.1.21/identity/v3/projects/0754c79a5dac473ba24f3e3bfb150540 0.217s
2025-12-08 23:17:38.395 65545 INFO tempest.lib.common.dynamic_creds [-] Deleting project and security group for project: 64304a9187d048f285e860b062c1351e
2025-12-08 23:17:38.434 65533 INFO tempest.lib.common.rest_client [req-d9cf2832-450b-4b5b-b728-07190385ba6a req-d9cf2832-450b-4b5b-b728-07190385ba6a ] Request (QuotaClassesAdminTestJSON:tearDownClass): 201 POST http://10.180.1.21/identity/v3/auth/tokens 0.057s
2025-12-08 23:17:38.657 65531 INFO tempest.lib.common.rest_client [req-7f644abe-1098-4e0d-83f2-73061396dc0c req-7f644abe-1098-4e0d-83f2-73061396dc0c ] Request (ServicesAdminTestJSON:tearDownClass): 200 GET http://10.180.1.21/networking/v2.0/security-groups?tenant_id=c1371087ab3e42888abebf6689fd9ff0&name=default 0.352s
2025-12-08 23:17:38.761 65545 INFO tempest.lib.common.rest_client [req-0012ab61-cbad-418c-8480-f609c1bf52ae req-0012ab61-cbad-418c-8480-f609c1bf52ae ] Request (QuotasSecurityGroupAdminNegativeTest:tearDownClass): 200 GET http://10.180.1.21/networking/v2.0/security-groups?tenant_id=64304a9187d048f285e860b062c1351e&name=default 0.366s
2025-12-08 23:17:38.880 65533 INFO tempest.lib.common.rest_client [req-a7a5554d-9f64-4f92-930a-5c830f17be18 req-a7a5554d-9f64-4f92-930a-5c830f17be18 ] Request (QuotaClassesAdminTestJSON:tearDownClass): 200 GET http://10.180.1.21/networking/v2.0/security-groups?tenant_id=c294cd7bc73d4cff9f3c5356e1dcca89&name=default 0.446s
2025-12-08 23:17:38.897 65531 INFO tempest.lib.common.rest_client [req-5d05d47e-9476-4630-8e8d-aad049b766ab req-5d05d47e-9476-4630-8e8d-aad049b766ab ] Request (ServicesAdminTestJSON:tearDownClass): 204 DELETE http://10.180.1.21/networking/v2.0/security-groups/01ceae46-586b-4c65-811a-24d39d96f941 0.239s
2025-12-08 23:17:38.969 65543 INFO tempest.lib.common.rest_client [req-7bf71482-a08c-438d-8798-be2ba60731e1 req-7bf71482-a08c-438d-8798-be2ba60731e1 ] Request (QuotasAdminNegativeTest:test_create_server_when_instances_quota_is_full): 403 POST http://10.180.1.21/compute/v2.1/servers 2.969s
