2025-12-08 23:20:36.205 65551 INFO tempest.lib.common.rest_client [req-7d8d2b06-d94b-4ee1-ad7f-1210c40ca8d2 req-7d8d2b06-d94b-4ee1-ad7f-1210c40ca8d2 ] Request (ServerActionsTestOtherB:tearDown): 200 GET http://10.180.1.21/compute/v2.1/servers/70f68597-4537-4363-8a35-630ecf060c77 2.273s
2025-12-08 23:20:36.225 65559 INFO tempest.lib.common.rest_client [req-53197d5b-757d-4b8e-90aa-55d20a439fb6 req-53197d5b-757d-4b8e-90aa-55d20a439fb6 ] Request (ServerRescueTestJSONUnderV235:setUpClass): 200 GET http://10.180.1.21/compute/v2.1/servers/19773a96-11f4-490a-8242-3673bb245a1f 2.291s
2025-12-08 23:20:36.238 65559 INFO tempest.common.waiters [-] State transition "BUILD/None" ==> "BUILD/spawning" after 24 second wait
2025-12-08 23:20:36.290 65571 INFO tempest.lib.common.rest_client [req-abc547d8-3fe1-4970-8bb6-78f321c18e1d req-abc547d8-3fe1-4970-8bb6-78f321c18e1d ] Request (ImagesTestJSON:test_create_image_from_stopped_server): 200 GET http://10.180.1.21/compute/v2.1/servers/db303c60-0547-4247-8af3-f88e402a325e 2.286s
2025-12-08 23:20:36.312 65561 INFO tempest.lib.common.rest_client [req-38d72932-bbc0-495d-9a01-d6848688d868 req-38d72932-bbc0-495d-9a01-d6848688d868 ] Request (ServersNegativeTestMultiTenantJSON:tearDownClass): 200 GET http://10.180.1.21/compute/v2.1/servers/f93d0ae1-ac1e-4513-a30d-2c9bf74e5248 2.297s
2025-12-08 23:20:36.324 65561 INFO tempest.common.waiters [-] State transition "ACTIVE/deleting" ==> "DELETED/None" after 3 second wait
2025-12-08 23:20:36.535 65567 INFO tempest.lib.common.rest_client [req-04d2bacb-cdc2-4a97-a9a0-f654a4b45e88 req-04d2bacb-cdc2-4a97-a9a0-f654a4b45e88 ] Request (ServerActionsV293TestJSON:setUpClass): 200 GET http://10.180.1.21/compute/v2.1/servers/721f372d-07ae-4ec9-a6c2-5234922f5ec9 2.345s
2025-12-08 23:20:36.558 65517 INFO tempest.lib.common.rest_client [req-a646d153-49a1-4676-8af6-d6f88375bb55 req-a646d153-49a1-4676-8af6-d6f88375bb55 ] Request (ListServerFiltersTestJSON:setUpClass): 200 GET http://10.180.1.21/compute/v2.1/servers/d7244970-b87d-425f-acf5-8fbba4519889 2.353s
2025-12-08 23:20:36.567 65517 INFO tempest.common.waiters [-] State transition "BUILD/spawning" ==> "ACTIVE/None" after 40 second wait
2025-12-08 23:20:36.683 65539 INFO tempest.lib.common.rest_client [req-0eeba9ac-ff57-48e5-83d9-a2b40a8c2123 req-0eeba9ac-ff57-48e5-83d9-a2b40a8c2123 ] Request (ServersTestMultiNic:test_verify_duplicate_network_nics): 200 GET http://10.180.1.21/compute/v2.1/servers/375beccf-b097-401c-a7e3-b08476837948 2.288s
2025-12-08 23:20:36.709 65563 INFO tempest.lib.common.rest_client [req-842a10fd-2370-427d-a777-276aa34e5a40 req-842a10fd-2370-427d-a777-276aa34e5a40 ] Request (AttachVolumeTestJSON:test_attach_detach_volume): 200 GET http://10.180.1.21/compute/v2.1/servers/0c0839c2-f1c8-4b97-a484-04c8e90df8a4 2.395s
2025-12-08 23:20:36.716 65563 INFO tempest.common.waiters [-] State transition "BUILD/None" ==> "BUILD/block_device_mapping" after 23 second wait
2025-12-08 23:20:36.881 65558 INFO tempest.lib.common.rest_client [req-8516bcd5-62c5-4e5e-ac8c-0740e00bd4a3 req-8516bcd5-62c5-4e5e-ac8c-0740e00bd4a3 ] Request (ServerPasswordTestJSON:tearDownClass): 200 GET http://10.180.1.21/compute/v2.1/servers/cc4d3562-9431-41c0-bfcd-71c8d553027f 2.193s
2025-12-08 23:20:36.920 65511 INFO tempest.lib.common.rest_client [req-f119ec6d-48f2-4790-8b1f-0dcb2dadd776 req-f119ec6d-48f2-4790-8b1f-0dcb2dadd776 ] Request (MigrationsAdminTest:test_resize_server_revert_deleted_flavor): 200 GET http://10.180.1.21/compute/v2.1/servers/a498f3c2-c01e-4bb0-824f-b5d7c7106b54 2.425s
2025-12-08 23:20:37.210 65545 INFO tempest.lib.common.rest_client [req-dcafd71a-7588-4a04-a0f0-f79cb9e2728e req-dcafd71a-7588-4a04-a0f0-f79cb9e2728e ] Request (ServerRescueTestJSON:test_rescue_unrescue_instance): 200 GET http://10.180.1.21/compute/v2.1/servers/00f0fe2e-bfac-4dc5-8a90-e2530201ce1d 2.436s
2025-12-08 23:20:37.283 65569 INFO tempest.lib.common.rest_client [req-3e2bcf9a-c93d-403b-ad3b-f179329e806a req-3e2bcf9a-c93d-403b-ad3b-f179329e806a ] Request (ServerGroupTestJSON:_run_cleanups): 200 GET http://10.180.1.21/compute/v2.1/servers/fb21d6cc-d62d-4b57-a1c7-4f72ebd65616 2.291s
2025-12-08 23:20:37.471 65529 INFO tempest.lib.common.rest_client [req-0eabee30-d896-4e79-9056-0cad239ffaa6 req-0eabee30-d896-4e79-9056-0cad239ffaa6 ] Request (ServersAdminTestJSON:test_list_servers_filter_by_exist_host): 200 GET http://10.180.1.21/compute/v2.1/servers/daf74239-3d99-4585-a8a2-a25876d3791b 2.201s
2025-12-08 23:20:37.542 65527 INFO tempest.lib.common.rest_client [req-a449308b-23d0-4c0b-b951-4f1d219d68c5 req-a449308b-23d0-4c0b-b951-4f1d219d68c5 ] Request (FloatingIPsAssociationTestJSON:tearDownClass): 204 DELETE http://10.180.1.21/compute/v2.1/servers/f16da137-a3d3-43ef-843e-e2bfc11fdc40 1.832s
2025-12-08 23:20:37.776 65521 WARNING tempest.lib.common.ssh [-] Failed to establish authenticated ssh connection to cirros@10.180.180.202 ([Errno None] Unable to connect to port 22 on 10.180.180.202). Number attempts: 7. Retry after 8 seconds.: paramiko.ssh_exception.NoValidConnectionsError: [Errno None] Unable to connect to port 22 on 10.180.180.202
2025-12-08 23:20:37.806 65537 INFO tempest.lib.common.rest_client [req-4407490f-b33b-44d9-8d84-5be71f3dd671 req-4407490f-b33b-44d9-8d84-5be71f3dd671 ] Request (QuotasAdminTestJSON:_run_cleanups): 200 PUT http://10.180.1.21/compute/v2.1/os-quota-sets/9ac58148129245ebb8bf72a4cc03e717 1.983s
2025-12-08 23:20:37.864 65533 INFO tempest.lib.common.rest_client [req-db3a5f0b-8c79-4912-9ccd-9be44b458171 req-db3a5f0b-8c79-4912-9ccd-9be44b458171 ] Request (ListImageFiltersTestJSON:setUpClass): 202 POST http://10.180.1.21/compute/v2.1/servers/d0fe44a0-3d28-4993-8e76-805022e8ff9d/action 2.260s
2025-12-08 23:20:37.872 65547 INFO tempest.lib.common.rest_client [req-98216ef6-7779-4ac2-b399-1959ba7b6367 req-98216ef6-7779-4ac2-b399-1959ba7b6367 ] Request (SecurityGroupsTestJSON:test_security_group_create_get_delete): 200 GET http://10.180.1.21/compute/v2.1/os-security-groups/4f1b12e9-6b8b-4525-ada0-8c1daf983b2e 2.023s
2025-12-08 23:20:37.935 65543 INFO tempest.lib.common.rest_client [req-5bb7d564-5603-4807-9388-cfe7538f189d req-5bb7d564-5603-4807-9388-cfe7538f189d ] Request (ImagesOneServerNegativeTestJSON:_run_cleanups): 200 GET http://10.180.1.21/compute/v2.1/servers/dc862095-834f-4ff9-9b3f-8b4e077c1733 2.037s
2025-12-08 23:20:37.969 65537 INFO tempest.lib.common.rest_client [req-c4ddebea-7b8d-4cb9-b95e-4ba0870debbd req-c4ddebea-7b8d-4cb9-b95e-4ba0870debbd ] Request (QuotasAdminTestJSON:tearDownClass): 204 DELETE http://10.180.1.21/identity/v3/users/190937cc080646cfb30f023118aa1eb6 0.157s
2025-12-08 23:20:37.987 65573 INFO tempest.lib.common.rest_client [req-615ce51c-4968-457e-bd99-9e874408bd8e req-615ce51c-4968-457e-bd99-9e874408bd8e ] Request (VolumesAssistedSnapshotsTest:test_volume_assisted_snapshot_create_delete): 200 POST http://10.180.1.21/compute/v2.1/os-assisted-volume-snapshots 2.099s
2025-12-08 23:20:38.011 65549 INFO tempest.lib.common.rest_client [req-f8c19c6c-d725-4cd3-b8af-987672882f8c req-f8c19c6c-d725-4cd3-b8af-987672882f8c ] Request (InstanceActionsTestJSON:test_list_instance_actions): 200 GET http://10.180.1.21/compute/v2.1/servers/742afa8c-38dc-42af-ae1b-5edd21c8dfaf/os-instance-actions 1.970s
2025-12-08 23:20:38.043 65555 INFO tempest.lib.common.rest_client [req-2420bb23-bdf7-408e-a91c-ef83e02a01fd req-2420bb23-bdf7-408e-a91c-ef83e02a01fd ] Request (ServersTestManualDisk:test_list_servers): 200 GET http://10.180.1.21/compute/v2.1/servers 1.944s
2025-12-08 23:20:38.117 65537 INFO tempest.lib.common.rest_client [req-9625906f-fdda-40bd-a0bb-c3d1c382c1f7 req-9625906f-fdda-40bd-a0bb-c3d1c382c1f7 ] Request (QuotasAdminTestJSON:tearDownClass): 204 DELETE http://10.180.1.21/identity/v3/users/a32c3c1c83734f638b6c908636c1afc8 0.147s
2025-12-08 23:20:38.118 65537 INFO tempest.lib.common.dynamic_creds [-] Deleting project and security group for project: 9ac58148129245ebb8bf72a4cc03e717
2025-12-08 23:20:38.180 65517 INFO tempest.lib.common.rest_client [req-432593a7-d62a-4dc6-9e6d-89fdbfdbd47e req-432593a7-d62a-4dc6-9e6d-89fdbfdbd47e ] Request (ListServerFiltersTestJSON:setUpClass): 200 GET http://10.180.1.21/compute/v2.1/servers/b55056e7-f8d4-453b-9358-120d59b0a7cd 1.612s
2025-12-08 23:20:38.203 65537 INFO tempest.lib.common.rest_client [req-95fa8f4e-a711-43ef-bded-1d866fbb0dcd req-95fa8f4e-a711-43ef-bded-1d866fbb0dcd ] Request (QuotasAdminTestJSON:tearDownClass): 201 POST http://10.180.1.21/identity/v3/auth/tokens 0.085s
2025-12-08 23:20:38.213 65551 INFO tempest.lib.common.rest_client [req-63f2be4b-453c-4432-866f-cbca497c17d8 req-63f2be4b-453c-4432-866f-cbca497c17d8 ] Request (ServerActionsTestOtherB:setUp): 200 GET http://10.180.1.21/compute/v2.1/servers/70f68597-4537-4363-8a35-630ecf060c77 1.997s
2025-12-08 23:20:38.232 65513 INFO tempest.lib.common.rest_client [req-9b8a88ed-fa70-402c-9756-ff815bd02461 req-9b8a88ed-fa70-402c-9756-ff815bd02461 ] Request (ServersAaction247Test:tearDownClass): 404 GET http://10.180.1.21/compute/v2.1/servers/79ddbbd0-a08d-40de-b375-1245fd5738d4 1.275s
2025-12-08 23:20:38.245 65565 INFO tempest.lib.common.rest_client [req-24bec993-8f18-4ad5-b079-bc9d38d71fd0 req-24bec993-8f18-4ad5-b079-bc9d38d71fd0 ] Request (DeleteServersTestJSON:test_delete_active_server): 200 GET http://10.180.1.21/compute/v2.1/servers/5d441df7-c049-45ad-b8e7-52658ddee69b 1.322s
2025-12-08 23:20:38.287 65535 INFO tempest.lib.common.rest_client [req-9f5c424d-a1b8-4c68-894d-bfe65832192e req-9f5c424d-a1b8-4c68-894d-bfe65832192e ] Request (ServerRescueNegativeTestJSON:test_rescued_vm_detach_volume): 200 GET http://10.180.1.21/compute/v2.1/servers/b4cd6165-ac69-4d2b-bc92-96a1ef42fe04 1.276s
2025-12-08 23:20:38.301 65513 INFO tempest.lib.common.rest_client [req-de25a2c2-26de-4082-b80a-b8cfa425ae2e req-de25a2c2-26de-4082-b80a-b8cfa425ae2e ] Request (ServersAaction247Test:tearDownClass): 204 DELETE http://10.180.1.21/identity/v3/users/9d4b7970a940469985d8b83b9bfb0f28 0.068s
2025-12-08 23:20:38.301 65513 INFO tempest.lib.common.dynamic_creds [-] Deleting project and security group for project: 465d449624364e4dadc9088bef28bfa1
2025-12-08 23:20:38.341 65559 INFO tempest.lib.common.rest_client [req-233786b9-137c-4d60-8274-851a3193466a req-233786b9-137c-4d60-8274-851a3193466a ] Request (ServerRescueTestJSONUnderV235:setUpClass): 200 GET http://10.180.1.21/compute/v2.1/servers/19773a96-11f4-490a-8242-3673bb245a1f 1.101s
2025-12-08 23:20:38.354 65571 INFO tempest.lib.common.rest_client [req-012d4669-80b5-43eb-ad7a-f01ea75c45d6 req-012d4669-80b5-43eb-ad7a-f01ea75c45d6 ] Request (ImagesTestJSON:test_create_image_from_stopped_server): 200 GET http://10.180.1.21/compute/v2.1/servers/db303c60-0547-4247-8af3-f88e402a325e 1.051s
2025-12-08 23:20:38.363 65537 INFO tempest.lib.common.rest_client [req-4437bad6-abcc-4645-a720-5356a6bece87 req-4437bad6-abcc-4645-a720-5356a6bece87 ] Request (QuotasAdminTestJSON:tearDownClass): 200 GET http://10.180.1.21/networking/v2.0/security-groups?tenant_id=9ac58148129245ebb8bf72a4cc03e717&name=default 0.160s
2025-12-08 23:20:38.374 65513 INFO tempest.lib.common.rest_client [req-2bcb5a0a-0b92-4ea9-bfb2-aa4604e46a9d req-2bcb5a0a-0b92-4ea9-bfb2-aa4604e46a9d ] Request (ServersAaction247Test:tearDownClass): 201 POST http://10.180.1.21/identity/v3/auth/tokens 0.073s
2025-12-08 23:20:38.486 65537 INFO tempest.lib.common.rest_client [req-78f12324-9d41-41e4-82c4-6ac95ca4a34a req-78f12324-9d41-41e4-82c4-6ac95ca4a34a ] Request (QuotasAdminTestJSON:tearDownClass): 204 DELETE http://10.180.1.21/networking/v2.0/security-groups/fd5c242d-77dc-4ad9-b883-ad4b5db1479e 0.122s
2025-12-08 23:20:38.486 65529 INFO tempest.lib.common.rest_client [req-2a145049-748f-40cb-9ed3-9418bbb6ea14 req-2a145049-748f-40cb-9ed3-9418bbb6ea14 ] Request (ServersAdminTestJSON:test_list_servers_filter_by_exist_host): 200 GET http://10.180.1.21/compute/v2.1/servers?host=cpu-1&all_tenants=1 1.008s
2025-12-08 23:20:38.512 65561 INFO tempest.lib.common.rest_client [req-a0ea77cf-eed0-464f-866e-e0b52ece9525 req-a0ea77cf-eed0-464f-866e-e0b52ece9525 ] Request (ServersNegativeTestMultiTenantJSON:tearDownClass): 200 GET http://10.180.1.21/compute/v2.1/servers/f93d0ae1-ac1e-4513-a30d-2c9bf74e5248 1.186s
2025-12-08 23:20:38.572 65537 INFO tempest.lib.common.rest_client [req-18f7d8e6-45af-401c-8d8b-f0b5c958a201 req-18f7d8e6-45af-401c-8d8b-f0b5c958a201 ] Request (QuotasAdminTestJSON:tearDownClass): 204 DELETE http://10.180.1.21/identity/v3/projects/9ac58148129245ebb8bf72a4cc03e717 0.086s
2025-12-08 23:20:38.572 65537 INFO tempest.lib.common.dynamic_creds [-] Deleting project and security group for project: 7ad6b5de67e34056a2e844c2dfa52e5e
2025-12-08 23:20:38.590 65513 INFO tempest.lib.common.rest_client [req-dada3c67-bbb2-41c6-97f9-44b6acb6dbb4 req-dada3c67-bbb2-41c6-97f9-44b6acb6dbb4 ] Request (ServersAaction247Test:tearDownClass): 200 GET http://10.180.1.21/networking/v2.0/security-groups?tenant_id=465d449624364e4dadc9088bef28bfa1&name=default 0.215s
2025-12-08 23:20:38.614 65527 INFO tempest.lib.common.rest_client [req-8a6128d7-3374-4020-9fa9-afb2946edfba req-8a6128d7-3374-4020-9fa9-afb2946edfba ] Request (FloatingIPsAssociationTestJSON:tearDownClass): 200 GET http://10.180.1.21/compute/v2.1/servers/f16da137-a3d3-43ef-843e-e2bfc11fdc40 1.071s
2025-12-08 23:20:38.783 65537 INFO tempest.lib.common.rest_client [req-0c36af06-7cc9-4312-9006-912fbe31d81e req-0c36af06-7cc9-4312-9006-912fbe31d81e ] Request (QuotasAdminTestJSON:tearDownClass): 200 GET http://10.180.1.21/networking/v2.0/security-groups?tenant_id=7ad6b5de67e34056a2e844c2dfa52e5e&name=default 0.210s
2025-12-08 23:20:38.812 65513 INFO tempest.lib.common.rest_client [req-c623f109-9220-465c-9519-57ba967a9a0c req-c623f109-9220-465c-9519-57ba967a9a0c ] Request (ServersAaction247Test:tearDownClass): 204 DELETE http://10.180.1.21/networking/v2.0/security-groups/1e5680a1-2a6e-4fc9-8021-eb44f154d02b 0.222s
2025-12-08 23:20:38.856 65539 INFO tempest.lib.common.rest_client [req-874ba896-2c67-4a4f-88d5-7a080a10c431 req-874ba896-2c67-4a4f-88d5-7a080a10c431 ] Request (ServersTestMultiNic:test_verify_duplicate_network_nics): 200 GET http://10.180.1.21/compute/v2.1/servers/375beccf-b097-401c-a7e3-b08476837948 1.166s
2025-12-08 23:20:38.895 65567 INFO tempest.lib.common.rest_client [req-57dc6977-21b1-4b0d-8449-0dfdb224b0c9 req-57dc6977-21b1-4b0d-8449-0dfdb224b0c9 ] Request (ServerActionsV293TestJSON:setUpClass): 200 GET http://10.180.1.21/compute/v2.1/servers/721f372d-07ae-4ec9-a6c2-5234922f5ec9 1.349s
2025-12-08 23:20:38.914 65567 INFO tempest.common.waiters [-] State transition "BUILD/spawning" ==> "ACTIVE/None" after 41 second wait
2025-12-08 23:20:38.961 65537 INFO tempest.lib.common.rest_client [req-aa92ab66-a553-4857-8f65-492aacb79203 req-aa92ab66-a553-4857-8f65-492aacb79203 ] Request (QuotasAdminTestJSON:tearDownClass): 204 DELETE http://10.180.1.21/networking/v2.0/security-groups/13771dd9-9b14-4978-a4e9-7b98b990fb7d 0.178s
2025-12-08 23:20:38.977 65513 INFO tempest.lib.common.rest_client [req-b8ba9df1-b0d3-49fc-a906-be4a0f9c6929 req-b8ba9df1-b0d3-49fc-a906-be4a0f9c6929 ] Request (ServersAaction247Test:tearDownClass): 204 DELETE http://10.180.1.21/identity/v3/projects/465d449624364e4dadc9088bef28bfa1 0.163s
2025-12-08 23:20:39.063 65563 INFO tempest.lib.common.rest_client [req-41da4bea-4c3c-48e6-b394-406e5697612d req-41da4bea-4c3c-48e6-b394-406e5697612d ] Request (AttachVolumeTestJSON:test_attach_detach_volume): 200 GET http://10.180.1.21/compute/v2.1/servers/0c0839c2-f1c8-4b97-a484-04c8e90df8a4 1.346s
2025-12-08 23:20:39.073 65563 INFO tempest.common.waiters [-] State transition "BUILD/block_device_mapping" ==> "BUILD/spawning" after 26 second wait
2025-12-08 23:20:39.079 65537 INFO tempest.lib.common.rest_client [req-a3c310a4-c16c-40f8-a719-a0295fd8d9fc req-a3c310a4-c16c-40f8-a719-a0295fd8d9fc ] Request (QuotasAdminTestJSON:tearDownClass): 204 DELETE http://10.180.1.21/identity/v3/projects/7ad6b5de67e34056a2e844c2dfa52e5e 0.118s
2025-12-08 23:20:39.113 65519 INFO tempest.lib.common.rest_client [req-5e4d7b18-fd80-401c-a711-b0861efa776a req-5e4d7b18-fd80-401c-a711-b0861efa776a ] Request (ServersAdminNegativeTestJSON:test_resize_server_using_overlimit_ram): 200 GET http://10.180.1.21/compute/v2.1/os-quota-sets/779a40e385e34e07ace11221c7282ed0 1.299s
2025-12-08 23:20:39.123 65533 INFO tempest.lib.common.rest_client [req-891eebd6-9afd-4f33-97dc-f37698aa42ca req-891eebd6-9afd-4f33-97dc-f37698aa42ca ] Request (ListImageFiltersTestJSON:setUpClass): 200 GET http://10.180.1.21/compute/v2.1/images/c8829b6a-6dc0-4353-bbd8-83baa0792172 1.257s
2025-12-08 23:20:39.161 65513 INFO tempest.lib.common.rest_client [req-f607708c-aed4-43af-a0b0-6ecfde27dc82 req-f607708c-aed4-43af-a0b0-6ecfde27dc82 ] Request (ServersNegativeTestJSON:setUpClass): 201 POST http://10.180.1.21/identity/v3/auth/tokens 0.181s
2025-12-08 23:20:39.166 65537 INFO tempest.lib.common.rest_client [req-062500a9-4323-4f21-9418-10178d485bef req-062500a9-4323-4f21-9418-10178d485bef ] Request (AttachVolumeShelveTestJSON:setUpClass): 201 POST http://10.180.1.21/identity/v3/auth/tokens 0.084s
2025-12-08 23:20:39.198 65537 INFO tempest.lib.common.rest_client [req-57f85cdd-767d-4ea0-8407-b005421b7c35 req-57f85cdd-767d-4ea0-8407-b005421b7c35 ] Request (AttachVolumeShelveTestJSON:setUpClass): 201 POST http://10.180.1.21/identity/v3/auth/tokens 0.029s
2025-12-08 23:20:39.198 65513 INFO tempest.lib.common.rest_client [req-cdd51ecc-376c-4038-b6af-b56d993dcac0 req-cdd51ecc-376c-4038-b6af-b56d993dcac0 ] Request (ServersNegativeTestJSON:setUpClass): 201 POST http://10.180.1.21/identity/v3/auth/tokens 0.033s
2025-12-08 23:20:39.223 65513 INFO tempest.lib.common.rest_client [req-6cef1dab-52a1-4266-93b9-a314984f7e71 req-6cef1dab-52a1-4266-93b9-a314984f7e71 ] Request (ServersNegativeTestJSON:setUpClass): 200 GET http://10.180.1.21/identity/v3/domains?name=Default 0.025s
2025-12-08 23:20:39.228 65537 INFO tempest.lib.common.rest_client [req-16d0dc18-0024-46d8-8242-f52552008b54 req-16d0dc18-0024-46d8-8242-f52552008b54 ] Request (AttachVolumeShelveTestJSON:setUpClass): 200 GET http://10.180.1.21/identity/v3/domains?name=Default 0.029s
2025-12-08 23:20:39.229 65558 INFO tempest.lib.common.rest_client [req-aab513f2-bc5b-4197-9d8e-cbf735a29bb9 req-aab513f2-bc5b-4197-9d8e-cbf735a29bb9 ] Request (ServerPasswordTestJSON:tearDownClass): 200 GET http://10.180.1.21/compute/v2.1/servers/cc4d3562-9431-41c0-bfcd-71c8d553027f 1.337s
2025-12-08 23:20:39.258 65513 INFO tempest.lib.common.rest_client [req-4eb8cf62-5fff-4aba-bc57-ca06aa1614c9 req-4eb8cf62-5fff-4aba-bc57-ca06aa1614c9 ] Request (ServersNegativeTestJSON:setUpClass): 201 POST http://10.180.1.21/identity/v3/projects 0.033s
2025-12-08 23:20:39.259 65537 INFO tempest.lib.common.rest_client [req-ef79a760-31a5-462e-b17b-7fbb1f60ac19 req-ef79a760-31a5-462e-b17b-7fbb1f60ac19 ] Request (AttachVolumeShelveTestJSON:setUpClass): 201 POST http://10.180.1.21/identity/v3/projects 0.030s
2025-12-08 23:20:39.289 65547 INFO tempest.lib.common.rest_client [req-047b5d4c-18bc-4064-bfc5-9ddf8b5f6066 req-047b5d4c-18bc-4064-bfc5-9ddf8b5f6066 ] Request (SecurityGroupsTestJSON:test_security_group_create_get_delete): 202 DELETE http://10.180.1.21/compute/v2.1/os-security-groups/4f1b12e9-6b8b-4525-ada0-8c1daf983b2e 1.412s
2025-12-08 23:20:39.325 65573 INFO tempest.lib.common.rest_client [req-aeebf87d-ec69-4b07-b302-1715f2dba872 req-aeebf87d-ec69-4b07-b302-1715f2dba872 ] Request (VolumesAssistedSnapshotsTest:test_volume_assisted_snapshot_create_delete): 204 DELETE http://10.180.1.21/compute/v2.1/os-assisted-volume-snapshots/None?delete_info=%7B%22volume_id%22%3A+%22ecd42a83-1c94-49b2-8c30-70fc2807da85%22%7D 1.338s
2025-12-08 23:20:39.337 65537 INFO tempest.lib.common.rest_client [req-48c33bf1-5660-43a5-9522-9c75faf97772 req-48c33bf1-5660-43a5-9522-9c75faf97772 ] Request (AttachVolumeShelveTestJSON:setUpClass): 201 POST http://10.180.1.21/identity/v3/users 0.077s
2025-12-08 23:20:39.356 65511 INFO tempest.lib.common.rest_client [req-1a1dfd22-0451-4244-9b07-2dc47ff67831 req-1a1dfd22-0451-4244-9b07-2dc47ff67831 ] Request (MigrationsAdminTest:test_resize_server_revert_deleted_flavor): 200 GET http://10.180.1.21/compute/v2.1/servers/a498f3c2-c01e-4bb0-824f-b5d7c7106b54 1.418s
2025-12-08 23:20:39.361 65513 INFO tempest.lib.common.rest_client [req-f145be1b-d1d5-416b-97e1-a37f950be8c5 req-f145be1b-d1d5-416b-97e1-a37f950be8c5 ] Request (ServersNegativeTestJSON:setUpClass): 201 POST http://10.180.1.21/identity/v3/users 0.103s
2025-12-08 23:20:39.363 65573 INFO tempest.lib.common.rest_client [req-e827849d-8dc3-483e-acf2-aeddfe562e79 req-e827849d-8dc3-483e-acf2-aeddfe562e79 ] Request (VolumesAssistedSnapshotsTest:_run_cleanups): 200 GET http://10.180.1.21/volume/v3/volumes/ecd42a83-1c94-49b2-8c30-70fc2807da85 0.037s
2025-12-08 23:20:39.368 65537 INFO tempest.lib.common.rest_client [req-4363b031-6190-490f-bc07-f917059de9ea req-4363b031-6190-490f-bc07-f917059de9ea ] Request (AttachVolumeShelveTestJSON:setUpClass): 200 GET http://10.180.1.21/identity/v3/roles 0.030s
2025-12-08 23:20:39.393 65513 INFO tempest.lib.common.rest_client [req-b8186e1b-8fc5-4d71-9c35-b64c251f7410 req-b8186e1b-8fc5-4d71-9c35-b64c251f7410 ] Request (ServersNegativeTestJSON:setUpClass): 200 GET http://10.180.1.21/identity/v3/roles 0.031s
2025-12-08 23:20:39.413 65537 INFO tempest.lib.common.rest_client [req-c4e301fe-b3b4-487e-a4b2-ed8a7bacf686 req-c4e301fe-b3b4-487e-a4b2-ed8a7bacf686 ] Request (AttachVolumeShelveTestJSON:setUpClass): 204 PUT http://10.180.1.21/identity/v3/projects/34ec84afef3d45cfa64b6fa3b22542c6/users/cf349211f4e14d5fa364a9e3472a3c40/roles/6b41f1e28c4343b492fba5fc8bfa79db 0.044s
2025-12-08 23:20:39.413 65537 INFO tempest.lib.common.dynamic_creds [-] Dynamic test user cf349211f4e14d5fa364a9e3472a3c40 is created with scope project and roles: ['member']
2025-12-08 23:20:39.413 65537 INFO tempest.lib.common.dynamic_creds [-] Acquired dynamic creds: credentials: Credentials: {'domain_id': 'default', 'domain_name': 'Default', 'username': 'tempest-AttachVolumeShelveTestJSON-1400770275-project-member', 'project_domain_id': 'default', 'project_domain_name': 'Default', 'project_id': '34ec84afef3d45cfa64b6fa3b22542c6', 'project_name': 'tempest-AttachVolumeShelveTestJSON-1400770275', 'tenant_id': '34ec84afef3d45cfa64b6fa3b22542c6', 'tenant_name': 'tempest-AttachVolumeShelveTestJSON-1400770275', 'user_domain_id': 'default', 'user_domain_name': 'Default', 'user_id': 'cf349211f4e14d5fa364a9e3472a3c40', 'system': None}, Network: None, Subnet: None, Router: None
2025-12-08 23:20:39.441 65513 INFO tempest.lib.common.rest_client [req-f666fb17-7190-4863-87bd-2c48c5e7225b req-f666fb17-7190-4863-87bd-2c48c5e7225b ] Request (ServersNegativeTestJSON:setUpClass): 204 PUT http://10.180.1.21/identity/v3/projects/b62d383db9364d749ae081d2046a4b43/users/3f1ab140bb954278bd66551073459c33/roles/6b41f1e28c4343b492fba5fc8bfa79db 0.047s
2025-12-08 23:20:39.442 65513 INFO tempest.lib.common.dynamic_creds [-] Dynamic test user 3f1ab140bb954278bd66551073459c33 is created with scope project and roles: ['member']
2025-12-08 23:20:39.442 65513 INFO tempest.lib.common.dynamic_creds [-] Acquired dynamic creds: credentials: Credentials: {'domain_id': 'default', 'domain_name': 'Default', 'username': 'tempest-ServersNegativeTestJSON-2125567581-project-member', 'project_domain_id': 'default', 'project_domain_name': 'Default', 'project_id': 'b62d383db9364d749ae081d2046a4b43', 'project_name': 'tempest-ServersNegativeTestJSON-2125567581', 'tenant_id': 'b62d383db9364d749ae081d2046a4b43', 'tenant_name': 'tempest-ServersNegativeTestJSON-2125567581', 'user_domain_id': 'default', 'user_domain_name': 'Default', 'user_id': '3f1ab140bb954278bd66551073459c33', 'system': None}, Network: None, Subnet: None, Router: None
2025-12-08 23:20:39.462 65549 INFO tempest.lib.common.rest_client [req-e409afa5-ae5e-4260-af37-62004bcf8759 req-e409afa5-ae5e-4260-af37-62004bcf8759 ] Request (InstanceActionsTestJSON:tearDownClass): 204 DELETE http://10.180.1.21/compute/v2.1/servers/742afa8c-38dc-42af-ae1b-5edd21c8dfaf 1.445s
2025-12-08 23:20:39.504 65537 INFO tempest.lib.common.rest_client [req-bb72bbae-6309-47b7-993a-041396fbcaa1 req-bb72bbae-6309-47b7-993a-041396fbcaa1 ] Request (AttachVolumeShelveTestJSON:setUpClass): 201 POST http://10.180.1.21/identity/v3/auth/tokens 0.091s
2025-12-08 23:20:39.534 65513 INFO tempest.lib.common.rest_client [req-6701e15e-7f2d-47c0-9a55-7845e4ae77ae req-6701e15e-7f2d-47c0-9a55-7845e4ae77ae ] Request (ServersNegativeTestJSON:setUpClass): 201 POST http://10.180.1.21/identity/v3/auth/tokens 0.091s
2025-12-08 23:20:39.808 65537 INFO tempest.lib.common.rest_client [req-c88d51e0-9b1e-4444-98da-84a483559543 req-c88d51e0-9b1e-4444-98da-84a483559543 ] Request (AttachVolumeShelveTestJSON:setUpClass): 201 POST http://10.180.1.21/networking/v2.0/networks 0.303s
2025-12-08 23:20:39.836 65555 INFO tempest.lib.common.rest_client [req-45c2200e-7f87-454c-bc09-edd2058a8222 req-45c2200e-7f87-454c-bc09-edd2058a8222 ] Request (ServersTestManualDisk:test_list_servers_with_detail): 200 GET http://10.180.1.21/compute/v2.1/servers/detail 1.788s
2025-12-08 23:20:39.871 65517 INFO tempest.lib.common.rest_client [req-9dba67eb-af97-465a-a3db-5da848021511 req-9dba67eb-af97-465a-a3db-5da848021511 ] Request (ListServerFiltersTestJSON:setUpClass): 200 GET http://10.180.1.21/compute/v2.1/servers/1d34a5de-01bd-46f4-9cda-3711b80ffdd3 1.683s
2025-12-08 23:20:39.876 65513 INFO tempest.lib.common.rest_client [req-e735c911-ff79-42f9-aa61-42b77649f027 req-e735c911-ff79-42f9-aa61-42b77649f027 ] Request (ServersNegativeTestJSON:setUpClass): 201 POST http://10.180.1.21/networking/v2.0/networks 0.342s
2025-12-08 23:20:39.938 65551 INFO tempest.lib.common.rest_client [req-84cb5f03-e122-4318-ae88-22a3149f64ce req-84cb5f03-e122-4318-ae88-22a3149f64ce ] Request (ServerActionsTestOtherB:test_resize_server_confirm_from_stopped): 202 POST http://10.180.1.21/compute/v2.1/servers/70f68597-4537-4363-8a35-630ecf060c77/action 1.718s
2025-12-08 23:20:40.055 65513 INFO tempest.lib.common.rest_client [req-7c866986-4451-4421-9839-c37c85455345 req-7c866986-4451-4421-9839-c37c85455345 ] Request (ServersNegativeTestJSON:setUpClass): 201 POST http://10.180.1.21/networking/v2.0/subnets 0.178s
2025-12-08 23:20:40.057 65537 INFO tempest.lib.common.rest_client [req-8a886c39-627b-42cf-a27b-539f53407954 req-8a886c39-627b-42cf-a27b-539f53407954 ] Request (AttachVolumeShelveTestJSON:setUpClass): 201 POST http://10.180.1.21/networking/v2.0/subnets 0.248s
2025-12-08 23:20:40.081 65569 INFO tempest.lib.common.rest_client [req-c12dd836-dc02-443c-9168-e9e25ca740d5 req-c12dd836-dc02-443c-9168-e9e25ca740d5 ] Request (ServerGroupTestJSON:_run_cleanups): 200 GET http://10.180.1.21/compute/v2.1/servers/fb21d6cc-d62d-4b57-a1c7-4f72ebd65616 1.788s
2025-12-08 23:20:40.088 65569 INFO tempest.common.waiters [-] State transition "ACTIVE/deleting" ==> "DELETED/None" after 3 second wait
2025-12-08 23:20:40.116 65529 INFO tempest.lib.common.rest_client [req-02f5b430-fdd1-451a-bd8c-f818ca18f8dc req-02f5b430-fdd1-451a-bd8c-f818ca18f8dc ] Request (ServersAdminTestJSON:test_list_servers_filter_by_exist_host): 200 GET http://10.180.1.21/compute/v2.1/servers?host=nonexistent_host&all_tenants=1 1.622s
2025-12-08 23:20:40.910 65537 INFO tempest.lib.common.rest_client [req-b32e5294-6fc6-412a-b033-105e0a1fffbb req-b32e5294-6fc6-412a-b033-105e0a1fffbb ] Request (AttachVolumeShelveTestJSON:setUpClass): 201 POST http://10.180.1.21/networking/v2.0/routers 0.852s
2025-12-08 23:20:40.915 65513 INFO tempest.lib.common.rest_client [req-794a281e-1950-4f9a-a421-30630c30edec req-794a281e-1950-4f9a-a421-30630c30edec ] Request (ServersNegativeTestJSON:setUpClass): 201 POST http://10.180.1.21/networking/v2.0/routers 0.859s
2025-12-08 23:20:40.960 65545 INFO tempest.lib.common.rest_client [req-d0a608f1-b377-4f44-9a3e-700b7263756f req-d0a608f1-b377-4f44-9a3e-700b7263756f ] Request (ServerRescueTestJSON:test_rescue_unrescue_instance): 200 GET http://10.180.1.21/compute/v2.1/servers/00f0fe2e-bfac-4dc5-8a90-e2530201ce1d 2.739s
2025-12-08 23:20:40.969 65567 INFO tempest.lib.common.rest_client [req-9d19de7e-011e-4510-9cd2-136521551f94 req-9d19de7e-011e-4510-9cd2-136521551f94 ] Request (ServerActionsV293TestJSON:setUpClass): 200 GET http://10.180.1.21/compute/v2.1/servers/721f372d-07ae-4ec9-a6c2-5234922f5ec9/os-interface 2.054s
2025-12-08 23:20:40.994 65519 INFO tempest.lib.common.rest_client [req-8c09bac8-7119-4655-b034-988336b16d90 req-8c09bac8-7119-4655-b034-988336b16d90 ] Request (ServersAdminNegativeTestJSON:test_resize_server_using_overlimit_ram): 200 POST http://10.180.1.21/compute/v2.1/flavors 1.879s
2025-12-08 23:20:41.429 65531 INFO paramiko.transport [-] Connected (version 2.0, client dropbear_2020.81)
2025-12-08 23:20:41.543 65531 INFO paramiko.transport [-] Authentication (publickey) successful!
2025-12-08 23:20:41.544 65531 INFO tempest.lib.common.ssh [-] ssh connection to cirros@10.180.180.222 successfully created
2025-12-08 23:20:41.955 65537 INFO tempest.lib.common.rest_client [req-adbbe390-f30d-4a42-849e-62efa17c23aa req-adbbe390-f30d-4a42-849e-62efa17c23aa ] Request (AttachVolumeShelveTestJSON:setUpClass): 200 PUT http://10.180.1.21/networking/v2.0/routers/0b26ba5e-e7a1-441c-985e-cd9bb38b6959/add_router_interface 1.044s
2025-12-08 23:20:41.955 65537 INFO tempest.lib.common.dynamic_creds [-] Created isolated network resources for: credentials: Credentials: {'domain_id': 'default', 'domain_name': 'Default', 'username': 'tempest-AttachVolumeShelveTestJSON-1400770275-project-member', 'project_domain_id': 'default', 'project_domain_name': 'Default', 'project_id': '34ec84afef3d45cfa64b6fa3b22542c6', 'project_name': 'tempest-AttachVolumeShelveTestJSON-1400770275', 'tenant_id': '34ec84afef3d45cfa64b6fa3b22542c6', 'tenant_name': 'tempest-AttachVolumeShelveTestJSON-1400770275', 'user_domain_id': 'default', 'user_domain_name': 'Default', 'user_id': 'cf349211f4e14d5fa364a9e3472a3c40', 'system': None}, Network: {'id': '8bb0b9cd-0f50-46c8-a562-f1db126f3942', 'name': 'tempest-AttachVolumeShelveTestJSON-667279572-network', 'tenant_id': '34ec84afef3d45cfa64b6fa3b22542c6', 'project_id': '34ec84afef3d45cfa64b6fa3b22542c6', 'admin_state_up': True, 'mtu': 8950, 'status': 'ACTIVE', 'subnets': [], 'shared': False, 'port_security_enabled': True, 'router:external': False, 'provider:network_type': 'vlan', 'provider:physical_network': 'default', 'provider:segmentation_id': 157, 'availability_zone_hints': [], 'availability_zones': [], 'ipv4_address_scope': None, 'ipv6_address_scope': None, 'description': '', 'tags': [], 'created_at': '2025-12-08T23:20:39Z', 'updated_at': '2025-12-08T23:20:39Z', 'revision_number': 1}, Subnet: {'id': '12e56784-fc07-4348-96c1-4cbafaf4fdbe', 'name': 'tempest-AttachVolumeShelveTestJSON-667279572-subnet', 'tenant_id': '34ec84afef3d45cfa64b6fa3b22542c6', 'network_id': '8bb0b9cd-0f50-46c8-a562-f1db126f3942', 'ip_version': 4, 'subnetpool_id': None, 'enable_dhcp': True, 'ipv6_ra_mode': None, 'ipv6_address_mode': None, 'gateway_ip': '192.168.128.1', 'cidr': '192.168.128.0/28', 'allocation_pools': [{'start': '192.168.128.2', 'end': '192.168.128.14'}], 'host_routes': [], 'dns_nameservers': [], 'description': '', 'router:external': False, 'service_types': [], 'tags': [], 'created_at': '2025-12-08T23:20:39Z', 'updated_at': '2025-12-08T23:20:39Z', 'revision_number': 0, 'project_id': '34ec84afef3d45cfa64b6fa3b22542c6'}, Router: {'id': '0b26ba5e-e7a1-441c-985e-cd9bb38b6959', 'name': 'tempest-AttachVolumeShelveTestJSON-667279572-router', 'tenant_id': '34ec84afef3d45cfa64b6fa3b22542c6', 'admin_state_up': True, 'status': 'ACTIVE', 'external_gateway_info': {'network_id': 'f78e1088-e433-40a3-b574-36193c4f0f1a', 'external_fixed_ips': [{'subnet_id': 'cf98114f-07cd-492b-b5eb-d8fc51f62129', 'ip_address': '10.180.180.242'}], 'enable_snat': True}, 'description': '', 'availability_zones': [], 'distributed': False, 'ha': False, 'availability_zone_hints': [], 'routes': [], 'flavor_id': None, 'tags': [], 'created_at': '2025-12-08T23:20:40Z', 'updated_at': '2025-12-08T23:20:40Z', 'revision_number': 2, 'project_id': '34ec84afef3d45cfa64b6fa3b22542c6'}
2025-12-08 23:20:41.990 65513 INFO tempest.lib.common.rest_client [req-266155fa-b771-43ea-bee9-c82212628e71 req-266155fa-b771-43ea-bee9-c82212628e71 ] Request (ServersNegativeTestJSON:setUpClass): 200 PUT http://10.180.1.21/networking/v2.0/routers/a1c6ae69-d4a8-40b4-9232-d4c78f237e18/add_router_interface 1.074s
2025-12-08 23:20:41.991 65513 INFO tempest.lib.common.dynamic_creds [-] Created isolated network resources for: credentials: Credentials: {'domain_id': 'default', 'domain_name': 'Default', 'username': 'tempest-ServersNegativeTestJSON-2125567581-project-member', 'project_domain_id': 'default', 'project_domain_name': 'Default', 'project_id': 'b62d383db9364d749ae081d2046a4b43', 'project_name': 'tempest-ServersNegativeTestJSON-2125567581', 'tenant_id': 'b62d383db9364d749ae081d2046a4b43', 'tenant_name': 'tempest-ServersNegativeTestJSON-2125567581', 'user_domain_id': 'default', 'user_domain_name': 'Default', 'user_id': '3f1ab140bb954278bd66551073459c33', 'system': None}, Network: {'id': '862c0650-5958-4801-a81c-b874af67c775', 'name': 'tempest-ServersNegativeTestJSON-53086391-network', 'tenant_id': 'b62d383db9364d749ae081d2046a4b43', 'project_id': 'b62d383db9364d749ae081d2046a4b43', 'admin_state_up': True, 'mtu': 8950, 'status': 'ACTIVE', 'subnets': [], 'shared': False, 'port_security_enabled': True, 'router:external': False, 'provider:network_type': 'vlan', 'provider:physical_network': 'default', 'provider:segmentation_id': 665, 'availability_zone_hints': [], 'availability_zones': [], 'ipv4_address_scope': None, 'ipv6_address_scope': None, 'description': '', 'tags': [], 'created_at': '2025-12-08T23:20:39Z', 'updated_at': '2025-12-08T23:20:39Z', 'revision_number': 1}, Subnet: {'id': '811a4e8b-8de9-4890-90ca-3cbb0db0ee09', 'name': 'tempest-ServersNegativeTestJSON-53086391-subnet', 'tenant_id': 'b62d383db9364d749ae081d2046a4b43', 'network_id': '862c0650-5958-4801-a81c-b874af67c775', 'ip_version': 4, 'subnetpool_id': None, 'enable_dhcp': True, 'ipv6_ra_mode': None, 'ipv6_address_mode': None, 'gateway_ip': '192.168.128.1', 'cidr': '192.168.128.0/28', 'allocation_pools': [{'start': '192.168.128.2', 'end': '192.168.128.14'}], 'host_routes': [], 'dns_nameservers': [], 'description': '', 'router:external': False, 'service_types': [], 'tags': [], 'created_at': '2025-12-08T23:20:39Z', 'updated_at': '2025-12-08T23:20:39Z', 'revision_number': 0, 'project_id': 'b62d383db9364d749ae081d2046a4b43'}, Router: {'id': 'a1c6ae69-d4a8-40b4-9232-d4c78f237e18', 'name': 'tempest-ServersNegativeTestJSON-53086391-router', 'tenant_id': 'b62d383db9364d749ae081d2046a4b43', 'admin_state_up': True, 'status': 'ACTIVE', 'external_gateway_info': {'network_id': 'f78e1088-e433-40a3-b574-36193c4f0f1a', 'external_fixed_ips': [{'subnet_id': 'cf98114f-07cd-492b-b5eb-d8fc51f62129', 'ip_address': '10.180.180.232'}], 'enable_snat': True}, 'description': '', 'availability_zones': [], 'distributed': False, 'ha': False, 'availability_zone_hints': [], 'routes': [], 'flavor_id': None, 'tags': [], 'created_at': '2025-12-08T23:20:40Z', 'updated_at': '2025-12-08T23:20:40Z', 'revision_number': 2, 'project_id': 'b62d383db9364d749ae081d2046a4b43'}
2025-12-08 23:20:42.087 65537 INFO tempest.lib.common.rest_client [req-2e386b20-356e-40a7-b1b9-7b3787c72f8f req-2e386b20-356e-40a7-b1b9-7b3787c72f8f ] Request (AttachVolumeShelveTestJSON:setUpClass): 201 POST http://10.180.1.21/identity/v3/auth/tokens 0.127s
2025-12-08 23:20:42.090 65513 INFO tempest.lib.common.rest_client [req-18e99618-1cb0-4e0e-937e-601a4cc204b3 req-18e99618-1cb0-4e0e-937e-601a4cc204b3 ] Request (ServersNegativeTestJSON:setUpClass): 201 POST http://10.180.1.21/identity/v3/auth/tokens 0.092s
2025-12-08 23:20:42.134 65543 INFO tempest.lib.common.rest_client [req-ff2f2068-c4cf-4ddd-a0e6-43a75f60f985 req-ff2f2068-c4cf-4ddd-a0e6-43a75f60f985 ] Request (ImagesOneServerNegativeTestJSON:_run_cleanups): 200 GET http://10.180.1.21/compute/v2.1/servers/dc862095-834f-4ff9-9b3f-8b4e077c1733 3.188s
2025-12-08 23:20:42.147 65513 INFO tempest.lib.common.rest_client [req-e5451815-fd00-4585-954d-02f8d7b5ea44 req-e5451815-fd00-4585-954d-02f8d7b5ea44 ] Request (ServersNegativeTestJSON:setUpClass): 201 POST http://10.180.1.21/identity/v3/auth/tokens 0.049s
2025-12-08 23:20:42.148 65513 INFO tempest.lib.common.fixed_network [-] (ServersNegativeTestJSON:setUpClass) Found network {'id': '862c0650-5958-4801-a81c-b874af67c775', 'name': 'tempest-ServersNegativeTestJSON-53086391-network', 'tenant_id': 'b62d383db9364d749ae081d2046a4b43', 'project_id': 'b62d383db9364d749ae081d2046a4b43', 'admin_state_up': True, 'mtu': 8950, 'status': 'ACTIVE', 'subnets': [], 'shared': False, 'port_security_enabled': True, 'router:external': False, 'provider:network_type': 'vlan', 'provider:physical_network': 'default', 'provider:segmentation_id': 665, 'availability_zone_hints': [], 'availability_zones': [], 'ipv4_address_scope': None, 'ipv6_address_scope': None, 'description': '', 'tags': [], 'created_at': '2025-12-08T23:20:39Z', 'updated_at': '2025-12-08T23:20:39Z', 'revision_number': 1} available for tenant
2025-12-08 23:20:42.169 65565 INFO tempest.lib.common.rest_client [req-236b4a9f-e9a3-4fb4-9c6b-8fbeaef9dff9 req-236b4a9f-e9a3-4fb4-9c6b-8fbeaef9dff9 ] Request (DeleteServersTestJSON:test_delete_active_server): 200 GET http://10.180.1.21/compute/v2.1/servers/5d441df7-c049-45ad-b8e7-52658ddee69b 2.914s
2025-12-08 23:20:42.186 65565 INFO tempest.common.waiters [-] State transition "BUILD/None" ==> "BUILD/networking" after 28 second wait
2025-12-08 23:20:42.314 65547 INFO tempest.lib.common.rest_client [req-dee4b203-0e95-490d-963a-6f9437ca8102 req-dee4b203-0e95-490d-963a-6f9437ca8102 ] Request (SecurityGroupsTestJSON:test_security_group_create_get_delete): 404 GET http://10.180.1.21/compute/v2.1/os-security-groups/4f1b12e9-6b8b-4525-ada0-8c1daf983b2e 3.024s
2025-12-08 23:20:42.631 65567 INFO tempest.lib.common.rest_client [req-9a062685-f2d9-4c84-b1f4-fa7af4ba1351 req-9a062685-f2d9-4c84-b1f4-fa7af4ba1351 ] Request (ServerActionsV293TestJSON:setUpClass): 200 PUT http://10.180.1.21/networking/v2.0/floatingips/c3b9984a-0697-48a6-97ca-4e89ab09a694 1.659s
2025-12-08 23:20:42.669 65535 INFO tempest.lib.common.rest_client [req-39e69b25-c0f4-4b6e-b8db-09d2d4d98581 req-39e69b25-c0f4-4b6e-b8db-09d2d4d98581 ] Request (ServerRescueNegativeTestJSON:test_rescued_vm_detach_volume): 200 GET http://10.180.1.21/compute/v2.1/servers/b4cd6165-ac69-4d2b-bc92-96a1ef42fe04 3.374s
2025-12-08 23:20:42.963 65571 INFO tempest.lib.common.rest_client [req-b8148fa9-e9ae-49d1-bb0f-c8bd9fb870b7 req-b8148fa9-e9ae-49d1-bb0f-c8bd9fb870b7 ] Request (ImagesTestJSON:test_create_image_from_stopped_server): 200 GET http://10.180.1.21/compute/v2.1/servers/db303c60-0547-4247-8af3-f88e402a325e 3.597s
2025-12-08 23:20:43.119 65559 INFO tempest.lib.common.rest_client [req-f06ea154-5d2d-4d4d-a7c9-47166acb6d9a req-f06ea154-5d2d-4d4d-a7c9-47166acb6d9a ] Request (ServerRescueTestJSONUnderV235:setUpClass): 200 GET http://10.180.1.21/compute/v2.1/servers/19773a96-11f4-490a-8242-3673bb245a1f 3.765s
2025-12-08 23:20:43.234 65573 INFO tempest.lib.common.rest_client [req-a6a0b8aa-adea-4399-a0dd-bf8fd2b2918d req-a6a0b8aa-adea-4399-a0dd-bf8fd2b2918d ] Request (VolumesAssistedSnapshotsTest:_run_cleanups): 202 DELETE http://10.180.1.21/compute/v2.1/servers/3992cddd-0d75-4d2d-a069-5b3a01296f8a/os-volume_attachments/ecd42a83-1c94-49b2-8c30-70fc2807da85 3.863s
2025-12-08 23:20:43.285 65549 INFO tempest.lib.common.rest_client [req-9a08b51c-423f-4b39-94da-fd7c70168834 req-9a08b51c-423f-4b39-94da-fd7c70168834 ] Request (InstanceActionsTestJSON:tearDownClass): 200 GET http://10.180.1.21/compute/v2.1/servers/742afa8c-38dc-42af-ae1b-5edd21c8dfaf 3.822s
2025-12-08 23:20:43.340 65561 INFO tempest.lib.common.rest_client [req-3d7798b9-5f82-48ae-9a11-2f882e2d8fa1 req-3d7798b9-5f82-48ae-9a11-2f882e2d8fa1 ] Request (ServersNegativeTestMultiTenantJSON:tearDownClass): 200 GET http://10.180.1.21/compute/v2.1/servers/f93d0ae1-ac1e-4513-a30d-2c9bf74e5248 3.815s
2025-12-08 23:20:43.352 65555 INFO tempest.lib.common.rest_client [req-12d832b6-ad44-4236-a0cd-1e5733bd140c req-12d832b6-ad44-4236-a0cd-1e5733bd140c ] Request (ServersTestManualDisk:test_verify_created_server_vcpus): 200 GET http://10.180.1.21/compute/v2.1/flavors/42 3.506s
2025-12-08 23:20:43.357 65555 INFO tempest.lib.common.ssh [-] Creating ssh connection to '10.180.180.223:22' as 'cirros' with public key authentication
2025-12-08 23:20:43.362 65527 INFO tempest.lib.common.rest_client [req-f0f92abc-3a9d-47da-9b19-27943e7f2918 req-f0f92abc-3a9d-47da-9b19-27943e7f2918 ] Request (FloatingIPsAssociationTestJSON:tearDownClass): 200 GET http://10.180.1.21/compute/v2.1/servers/f16da137-a3d3-43ef-843e-e2bfc11fdc40 3.736s
2025-12-08 23:20:43.370 65555 INFO paramiko.transport [-] Connected (version 2.0, client dropbear_2020.81)
2025-12-08 23:20:43.429 65539 INFO tempest.lib.common.rest_client [req-16ae4be7-ca54-42ae-835f-bdd6f251a615 req-16ae4be7-ca54-42ae-835f-bdd6f251a615 ] Request (ServersTestMultiNic:test_verify_duplicate_network_nics): 200 GET http://10.180.1.21/compute/v2.1/servers/375beccf-b097-401c-a7e3-b08476837948 3.564s
2025-12-08 23:20:43.473 65555 INFO paramiko.transport [-] Authentication (publickey) successful!
2025-12-08 23:20:43.473 65555 INFO tempest.lib.common.ssh [-] ssh connection to cirros@10.180.180.223 successfully created
2025-12-08 23:20:43.685 65551 INFO tempest.lib.common.rest_client [req-c2f2cd39-461f-41da-b343-93a4caf0c413 req-c2f2cd39-461f-41da-b343-93a4caf0c413 ] Request (ServerActionsTestOtherB:test_resize_server_confirm_from_stopped): 200 GET http://10.180.1.21/compute/v2.1/servers/70f68597-4537-4363-8a35-630ecf060c77 3.747s
2025-12-08 23:20:43.726 65517 INFO tempest.lib.common.rest_client [req-d396316e-b0be-498b-92f6-9b18eada77b4 req-d396316e-b0be-498b-92f6-9b18eada77b4 ] Request (ListServerFiltersTestJSON:test_list_servers_detailed_filter_by_flavor): 200 GET http://10.180.1.21/compute/v2.1/servers/detail?flavor=84 3.844s
2025-12-08 23:20:43.814 65529 INFO tempest.lib.common.rest_client [req-3b88a79f-b43f-4fab-8ad1-ee3648426d25 req-3b88a79f-b43f-4fab-8ad1-ee3648426d25 ] Request (ServersAdminTestJSON:test_rebuild_server_in_error_state): 202 POST http://10.180.1.21/compute/v2.1/servers/daf74239-3d99-4585-a8a2-a25876d3791b/action 3.693s
2025-12-08 23:20:43.870 65533 INFO tempest.lib.common.rest_client [req-ac63f8f3-9b9b-42c7-abab-6d7fdd77613c req-ac63f8f3-9b9b-42c7-abab-6d7fdd77613c ] Request (ListImageFiltersTestJSON:setUpClass): 200 GET http://10.180.1.21/compute/v2.1/images/c8829b6a-6dc0-4353-bbd8-83baa0792172 3.739s
2025-12-08 23:20:43.899 65558 INFO tempest.lib.common.rest_client [req-a2f835b1-2ba1-4bbd-ac6e-e556b6e668cc req-a2f835b1-2ba1-4bbd-ac6e-e556b6e668cc ] Request (ServerPasswordTestJSON:tearDownClass): 404 GET http://10.180.1.21/compute/v2.1/servers/cc4d3562-9431-41c0-bfcd-71c8d553027f 3.662s
2025-12-08 23:20:43.907 65563 INFO tempest.lib.common.rest_client [req-7d1e48f5-d1d4-4d38-96c4-d6ba9516093d req-7d1e48f5-d1d4-4d38-96c4-d6ba9516093d ] Request (AttachVolumeTestJSON:test_attach_detach_volume): 200 GET http://10.180.1.21/compute/v2.1/servers/0c0839c2-f1c8-4b97-a484-04c8e90df8a4 3.834s
2025-12-08 23:20:44.080 65519 INFO tempest.lib.common.rest_client [req-c050778c-a12e-424f-a69a-52c456cba57c req-c050778c-a12e-424f-a69a-52c456cba57c ] Request (ServersAdminNegativeTestJSON:test_resize_server_using_overlimit_ram): 403 POST http://10.180.1.21/compute/v2.1/servers/e06e01fa-e468-4ca8-abae-6311e4c2047b/action 3.079s
2025-12-08 23:20:44.755 65558 INFO tempest.lib.common.rest_client [req-2804efd2-4126-423a-a74f-2dfde4e65d7c req-2804efd2-4126-423a-a74f-2dfde4e65d7c ] Request (ServerPasswordTestJSON:tearDownClass): 200 PUT http://10.180.1.21/networking/v2.0/routers/f54840f3-1745-4482-94d3-0188a2157c3e/remove_router_interface 0.856s
2025-12-08 23:20:44.792 65569 INFO tempest.lib.common.rest_client [req-0fa9ca58-2c54-44ef-93ef-6bb78239fff6 req-0fa9ca58-2c54-44ef-93ef-6bb78239fff6 ] Request (ServerGroupTestJSON:_run_cleanups): 200 GET http://10.180.1.21/compute/v2.1/servers/fb21d6cc-d62d-4b57-a1c7-4f72ebd65616 3.703s
2025-12-08 23:20:44.930 65531 INFO tempest.lib.common.rest_client [req-6f383e34-c111-4894-ad5e-5699a4a3b428 req-6f383e34-c111-4894-ad5e-5699a4a3b428 ] Request (AttachInterfacesTestJSON:test_create_list_show_delete_interfaces_by_fixed_ip): 200 GET http://10.180.1.21/compute/v2.1/servers/72187d8b-5bfc-4bcd-ad1f-009430bf915b/os-interface 3.385s
2025-12-08 23:20:44.972 65511 INFO tempest.lib.common.rest_client [req-6f102679-847d-4adc-87bc-3c009392ef32 req-6f102679-847d-4adc-87bc-3c009392ef32 ] Request (MigrationsAdminTest:test_resize_server_revert_deleted_flavor): 200 GET http://10.180.1.21/compute/v2.1/servers/a498f3c2-c01e-4bb0-824f-b5d7c7106b54 4.604s
2025-12-08 23:20:45.123 65537 INFO tempest.lib.common.rest_client [req-876d10c5-6427-4ace-888c-664cbeadbec9 req-876d10c5-6427-4ace-888c-664cbeadbec9 ] Request (ValidationResourcesFixture:setUp): 201 POST http://10.180.1.21/compute/v2.1/os-keypairs 3.034s
2025-12-08 23:20:45.184 65545 INFO tempest.lib.common.rest_client [req-8104485b-c567-4bac-a745-a1f27f19e94f req-8104485b-c567-4bac-a745-a1f27f19e94f ] Request (ServerRescueTestJSON:test_rescue_unrescue_instance): 200 GET http://10.180.1.21/compute/v2.1/servers/00f0fe2e-bfac-4dc5-8a90-e2530201ce1d 3.209s
2025-12-08 23:20:45.200 65545 INFO tempest.common.waiters [-] State transition "BUILD/spawning" ==> "ACTIVE/None" after 47 second wait
2025-12-08 23:20:45.303 65537 INFO tempest.lib.common.rest_client [req-cf389ce2-9f1a-4d19-ac8f-2f7d5f67f66a req-cf389ce2-9f1a-4d19-ac8f-2f7d5f67f66a ] Request (ValidationResourcesFixture:setUp): 201 POST http://10.180.1.21/networking/v2.0/security-groups 0.177s
2025-12-08 23:20:45.418 65547 INFO tempest.lib.common.rest_client [req-1228761c-00ec-41a6-b5e3-e2071ab03b22 req-1228761c-00ec-41a6-b5e3-e2071ab03b22 ] Request (SecurityGroupsTestJSON:test_security_groups_create_list_delete): 200 POST http://10.180.1.21/compute/v2.1/os-security-groups 3.102s
2025-12-08 23:20:45.568 65537 INFO tempest.lib.common.rest_client [req-ed611d32-7bbb-422c-84c3-76e9e33e596d req-ed611d32-7bbb-422c-84c3-76e9e33e596d ] Request (ValidationResourcesFixture:setUp): 201 POST http://10.180.1.21/networking/v2.0/security-group-rules 0.265s
2025-12-08 23:20:45.745 65537 INFO tempest.lib.common.rest_client [req-3bfba9a4-9250-4d48-b1de-2e97275645b9 req-3bfba9a4-9250-4d48-b1de-2e97275645b9 ] Request (ValidationResourcesFixture:setUp): 201 POST http://10.180.1.21/networking/v2.0/security-group-rules 0.176s
2025-12-08 23:20:45.794 65567 INFO tempest.lib.common.rest_client [req-fbf191ce-bd68-404e-84cf-989f2af24e79 req-fbf191ce-bd68-404e-84cf-989f2af24e79 ] Request (ServerActionsV293TestJSON:test_rebuild_volume_backed_server): 200 GET http://10.180.1.21/compute/v2.1/servers/721f372d-07ae-4ec9-a6c2-5234922f5ec9 3.162s
2025-12-08 23:20:45.808 65558 INFO tempest.lib.common.rest_client [req-7a549caa-1251-442a-a8ea-f310fc03bb90 req-7a549caa-1251-442a-a8ea-f310fc03bb90 ] Request (ServerPasswordTestJSON:tearDownClass): 204 DELETE http://10.180.1.21/networking/v2.0/routers/f54840f3-1745-4482-94d3-0188a2157c3e 1.052s
2025-12-08 23:20:45.859 65567 INFO tempest.lib.common.rest_client [req-098cf428-8640-4828-b30d-a822e9862816 req-098cf428-8640-4828-b30d-a822e9862816 ] Request (ServerActionsV293TestJSON:test_rebuild_volume_backed_server): 200 GET http://10.180.1.21/volume/v3/volumes/96b4cc96-b862-4c02-baaf-9deda6349b52 0.051s
2025-12-08 23:20:45.876 65567 INFO tempest.lib.common.ssh [-] Creating ssh connection to '10.180.180.215:22' as 'cirros' with public key authentication
2025-12-08 23:20:45.999 65558 INFO tempest.lib.common.rest_client [req-7b37315c-4129-43e2-b6a1-6a8041320257 req-7b37315c-4129-43e2-b6a1-6a8041320257 ] Request (ServerPasswordTestJSON:tearDownClass): 204 DELETE http://10.180.1.21/networking/v2.0/subnets/ea872150-da21-42eb-b941-8457ca1ef6c5 0.191s
2025-12-08 23:20:46.046 65543 INFO tempest.lib.common.rest_client [req-2b78fd87-c3c8-41df-800f-da2f4c957746 req-2b78fd87-c3c8-41df-800f-da2f4c957746 ] Request (ImagesOneServerNegativeTestJSON:_run_cleanups): 200 GET http://10.180.1.21/compute/v2.1/servers/dc862095-834f-4ff9-9b3f-8b4e077c1733 2.902s
2025-12-08 23:20:46.286 65521 WARNING tempest.lib.common.ssh [-] Failed to establish authenticated ssh connection to cirros@10.180.180.202 ([Errno None] Unable to connect to port 22 on 10.180.180.202). Number attempts: 8. Retry after 9 seconds.: paramiko.ssh_exception.NoValidConnectionsError: [Errno None] Unable to connect to port 22 on 10.180.180.202
2025-12-08 23:20:46.366 65558 INFO tempest.lib.common.rest_client [req-ecc4ad0e-b9d6-4749-9af5-e99ee19a767b req-ecc4ad0e-b9d6-4749-9af5-e99ee19a767b ] Request (ServerPasswordTestJSON:tearDownClass): 204 DELETE http://10.180.1.21/networking/v2.0/networks/91ba5505-b96d-42d2-b3a8-830e8a9fe4c0 0.366s
2025-12-08 23:20:46.372 65537 INFO tempest.lib.common.rest_client [req-9c39d8fa-117e-45bf-82c2-fc2974ea3c42 req-9c39d8fa-117e-45bf-82c2-fc2974ea3c42 ] Request (ValidationResourcesFixture:setUp): 201 POST http://10.180.1.21/networking/v2.0/floatingips 0.625s
2025-12-08 23:20:46.418 65537 INFO tempest.lib.common.rest_client [req-e10ef683-d5cc-4780-bfb1-3156b409b30e req-e10ef683-d5cc-4780-bfb1-3156b409b30e ] Request (AttachVolumeShelveTestJSON:test_attach_volume_shelved_or_offload_server): 201 POST http://10.180.1.21/identity/v3/auth/tokens 0.043s
