2025-11-23 04:27:39.247 66193 INFO tempest.lib.common.dynamic_creds [-] Acquired dynamic creds: credentials: Credentials: {'domain_id': 'default', 'domain_name': 'Default', 'username': 'tempest-AggregatesAdminNegativeTestJSON-1388867801-project-member', 'project_domain_id': 'default', 'project_domain_name': 'Default', 'project_id': '22e75365e42649ec9dad478f26b379d4', 'project_name': 'tempest-AggregatesAdminNegativeTestJSON-1388867801', 'tenant_id': '22e75365e42649ec9dad478f26b379d4', 'tenant_name': 'tempest-AggregatesAdminNegativeTestJSON-1388867801', 'user_domain_id': 'default', 'user_domain_name': 'Default', 'user_id': 'b58a027208fa421597a753c7ad32674e', 'system': None}, Network: None, Subnet: None, Router: None
2025-11-23 04:27:39.248 66193 INFO tempest.lib.common.dynamic_creds [-] Created isolated network resources for: credentials: Credentials: {'domain_id': 'default', 'domain_name': 'Default', 'username': 'tempest-AggregatesAdminNegativeTestJSON-1388867801-project-member', 'project_domain_id': 'default', 'project_domain_name': 'Default', 'project_id': '22e75365e42649ec9dad478f26b379d4', 'project_name': 'tempest-AggregatesAdminNegativeTestJSON-1388867801', 'tenant_id': '22e75365e42649ec9dad478f26b379d4', 'tenant_name': 'tempest-AggregatesAdminNegativeTestJSON-1388867801', 'user_domain_id': 'default', 'user_domain_name': 'Default', 'user_id': 'b58a027208fa421597a753c7ad32674e', 'system': None}, Network: None, Subnet: None, Router: None
2025-11-23 04:27:39.268 66195 INFO tempest.lib.common.rest_client [req-fb8ca453-cebc-4dc9-8fa1-9522aa6301d2 req-fb8ca453-cebc-4dc9-8fa1-9522aa6301d2 ] Request (AZAdminNegativeTestJSON:setUpClass): 201 POST http://10.180.1.21/identity/v3/auth/tokens 0.093s
2025-11-23 04:27:39.302 66197 INFO tempest.lib.common.rest_client [req-9999acc9-34bf-465c-8139-25889ecd20d0 req-9999acc9-34bf-465c-8139-25889ecd20d0 ] Request (ServerExternalEventsTest:setUpClass): 201 POST http://10.180.1.21/identity/v3/auth/tokens 0.106s
2025-11-23 04:27:39.317 66235 INFO tempest [-] Using tempest config file /opt/stack/testrun/etc/tempest.conf
2025-11-23 04:27:39.326 66195 INFO tempest.lib.common.rest_client [req-c29b66d5-3b7d-4cb8-a29c-4ad223ca4154 req-c29b66d5-3b7d-4cb8-a29c-4ad223ca4154 ] Request (AZAdminNegativeTestJSON:setUpClass): 201 POST http://10.180.1.21/identity/v3/projects 0.057s
2025-11-23 04:27:39.333 66235 WARNING oslo_config.cfg [-] Deprecated: Option "auth_version" from group "identity" is deprecated for removal (Identity v2 API was removed and v3 is the only available identity API version now). Its value may be silently ignored in the future.
2025-11-23 04:27:39.334 66235 WARNING oslo_config.cfg [-] Deprecated: Option "access_rules" from group "identity-feature-enabled" is deprecated for removal (Access rules for application credentials is a default feature since Train). Its value may be silently ignored in the future.
2025-11-23 04:27:39.335 66235 WARNING oslo_config.cfg [-] Deprecated: Option "import_image" from group "image-feature-enabled" is deprecated for removal (Issue with image import in WSGI mode was fixed in Victoria, and this feature works in any deployment architecture now.). Its value may be silently ignored in the future.
2025-11-23 04:27:39.335 66235 WARNING oslo_config.cfg [-] Deprecated: Option "os_glance_reserved" from group "image-feature-enabled" is deprecated for removal (os_glance namespace is always reserved since Wallaby). Its value may be silently ignored in the future.
2025-11-23 04:27:39.361 66225 INFO tempest [-] Using tempest config file /opt/stack/testrun/etc/tempest.conf
2025-11-23 04:27:39.377 66225 WARNING oslo_config.cfg [-] Deprecated: Option "auth_version" from group "identity" is deprecated for removal (Identity v2 API was removed and v3 is the only available identity API version now). Its value may be silently ignored in the future.
2025-11-23 04:27:39.378 66225 WARNING oslo_config.cfg [-] Deprecated: Option "access_rules" from group "identity-feature-enabled" is deprecated for removal (Access rules for application credentials is a default feature since Train). Its value may be silently ignored in the future.
2025-11-23 04:27:39.382 66225 WARNING oslo_config.cfg [-] Deprecated: Option "import_image" from group "image-feature-enabled" is deprecated for removal (Issue with image import in WSGI mode was fixed in Victoria, and this feature works in any deployment architecture now.). Its value may be silently ignored in the future.
2025-11-23 04:27:39.382 66225 WARNING oslo_config.cfg [-] Deprecated: Option "os_glance_reserved" from group "image-feature-enabled" is deprecated for removal (os_glance namespace is always reserved since Wallaby). Its value may be silently ignored in the future.
2025-11-23 04:27:39.397 66193 INFO tempest.lib.common.rest_client [req-13a3df2a-6c93-42f1-ab63-551113929a6c req-13a3df2a-6c93-42f1-ab63-551113929a6c ] Request (AggregatesAdminNegativeTestJSON:setUpClass): 201 POST http://10.180.1.21/identity/v3/auth/tokens 0.117s
2025-11-23 04:27:39.401 66209 INFO tempest.lib.common.rest_client [req-61038d00-8f0d-46ac-ae11-2672f2d39054 req-61038d00-8f0d-46ac-ae11-2672f2d39054 ] Request (QuotaClassesAdmin257Test:test_update_default_quotas): 200 GET http://10.180.1.21/compute/v2.1/os-quota-class-sets/default 0.177s
2025-11-23 04:27:39.453 66197 INFO tempest.lib.common.rest_client [req-3ff7eee4-5383-44c3-81de-5c97fd47b7fc req-3ff7eee4-5383-44c3-81de-5c97fd47b7fc ] Request (ServerExternalEventsTest:setUpClass): 200 GET http://10.180.1.21/identity/v3/domains?name=Default 0.149s
2025-11-23 04:27:39.470 66199 INFO tempest.lib.common.rest_client [req-478c1d48-6648-4f53-974a-005ca1d203b8 req-478c1d48-6648-4f53-974a-005ca1d203b8 ] Request (HostsAdminTestJSON:setUpClass): 201 POST http://10.180.1.21/identity/v3/auth/tokens 0.180s
2025-11-23 04:27:39.472 66195 INFO tempest.lib.common.rest_client [req-4c7d335d-9be4-4430-a640-b41b248f9406 req-4c7d335d-9be4-4430-a640-b41b248f9406 ] Request (AZAdminNegativeTestJSON:setUpClass): 201 POST http://10.180.1.21/identity/v3/users 0.145s
2025-11-23 04:27:39.477 66193 INFO tempest.lib.common.rest_client [req-3ffa2e22-1328-4820-9aca-8db0c2c88244 req-3ffa2e22-1328-4820-9aca-8db0c2c88244 ] Request (AggregatesAdminNegativeTestJSON:setUpClass): 201 POST http://10.180.1.21/identity/v3/projects 0.080s
2025-11-23 04:27:39.500 66231 INFO tempest [-] Using tempest config file /opt/stack/testrun/etc/tempest.conf
2025-11-23 04:27:39.503 66231 WARNING oslo_config.cfg [-] Deprecated: Option "auth_version" from group "identity" is deprecated for removal (Identity v2 API was removed and v3 is the only available identity API version now). Its value may be silently ignored in the future.
2025-11-23 04:27:39.516 66218 INFO tempest.lib.common.rest_client [req-a0b37410-5be3-46ed-bc35-49ccbae5880e req-a0b37410-5be3-46ed-bc35-49ccbae5880e ] Request (HypervisorAdminUnderV252Test:setUpClass): 201 POST http://10.180.1.21/identity/v3/auth/tokens 0.100s
2025-11-23 04:27:39.524 66231 WARNING oslo_config.cfg [-] Deprecated: Option "access_rules" from group "identity-feature-enabled" is deprecated for removal (Access rules for application credentials is a default feature since Train). Its value may be silently ignored in the future.
2025-11-23 04:27:39.525 66231 WARNING oslo_config.cfg [-] Deprecated: Option "import_image" from group "image-feature-enabled" is deprecated for removal (Issue with image import in WSGI mode was fixed in Victoria, and this feature works in any deployment architecture now.). Its value may be silently ignored in the future.
2025-11-23 04:27:39.525 66231 WARNING oslo_config.cfg [-] Deprecated: Option "os_glance_reserved" from group "image-feature-enabled" is deprecated for removal (os_glance namespace is always reserved since Wallaby). Its value may be silently ignored in the future.
2025-11-23 04:27:39.525 66209 INFO tempest.lib.common.rest_client [req-17220f4c-8c8c-4c36-abba-06f56a8932e7 req-17220f4c-8c8c-4c36-abba-06f56a8932e7 ] Request (QuotaClassesAdmin257Test:test_update_default_quotas): 200 PUT http://10.180.1.21/compute/v2.1/os-quota-class-sets/default 0.114s
2025-11-23 04:27:39.528 66195 INFO tempest.lib.common.rest_client [req-3101b661-5123-4f32-9dd4-9f86e27a0712 req-3101b661-5123-4f32-9dd4-9f86e27a0712 ] Request (AZAdminNegativeTestJSON:setUpClass): 200 GET http://10.180.1.21/identity/v3/roles 0.055s
2025-11-23 04:27:39.532 66237 INFO tempest [-] Using tempest config file /opt/stack/testrun/etc/tempest.conf
2025-11-23 04:27:39.535 66197 INFO tempest.lib.common.rest_client [req-876414e3-0da3-428b-81ef-f236134d8d9c req-876414e3-0da3-428b-81ef-f236134d8d9c ] Request (ServerExternalEventsTest:setUpClass): 201 POST http://10.180.1.21/identity/v3/projects 0.074s
2025-11-23 04:27:39.547 66193 INFO tempest.lib.common.rest_client [req-733c2f92-30d8-410f-b247-20baf07af6a4 req-733c2f92-30d8-410f-b247-20baf07af6a4 ] Request (AggregatesAdminNegativeTestJSON:setUpClass): 201 POST http://10.180.1.21/identity/v3/users 0.069s
2025-11-23 04:27:39.557 66209 INFO tempest.lib.common.rest_client [req-4e85c86b-b5de-4100-9ed0-55344bb29274 req-4e85c86b-b5de-4100-9ed0-55344bb29274 ] Request (QuotaClassesAdmin257Test:test_update_default_quotas): 200 GET http://10.180.1.21/compute/v2.1/os-quota-class-sets/default 0.024s
2025-11-23 04:27:39.570 66237 WARNING oslo_config.cfg [-] Deprecated: Option "auth_version" from group "identity" is deprecated for removal (Identity v2 API was removed and v3 is the only available identity API version now). Its value may be silently ignored in the future.
2025-11-23 04:27:39.571 66237 WARNING oslo_config.cfg [-] Deprecated: Option "access_rules" from group "identity-feature-enabled" is deprecated for removal (Access rules for application credentials is a default feature since Train). Its value may be silently ignored in the future.
2025-11-23 04:27:39.571 66237 WARNING oslo_config.cfg [-] Deprecated: Option "import_image" from group "image-feature-enabled" is deprecated for removal (Issue with image import in WSGI mode was fixed in Victoria, and this feature works in any deployment architecture now.). Its value may be silently ignored in the future.
2025-11-23 04:27:39.577 66237 WARNING oslo_config.cfg [-] Deprecated: Option "os_glance_reserved" from group "image-feature-enabled" is deprecated for removal (os_glance namespace is always reserved since Wallaby). Its value may be silently ignored in the future.
2025-11-23 04:27:39.596 66199 INFO tempest.lib.common.rest_client [req-650386eb-5a0b-48d5-ba3f-8108dfa18d4c req-650386eb-5a0b-48d5-ba3f-8108dfa18d4c ] Request (HostsAdminTestJSON:setUpClass): 201 POST http://10.180.1.21/identity/v3/auth/tokens 0.099s
2025-11-23 04:27:39.604 66209 INFO tempest.lib.common.rest_client [req-111908f9-7132-499d-b626-a2ba33c69a88 req-111908f9-7132-499d-b626-a2ba33c69a88 ] Request (QuotaClassesAdmin257Test:_run_cleanups): 200 PUT http://10.180.1.21/compute/v2.1/os-quota-class-sets/default 0.045s
2025-11-23 04:27:39.613 66195 INFO tempest.lib.common.rest_client [req-3c89099d-d216-4bb2-86f7-cfe5c86a5414 req-3c89099d-d216-4bb2-86f7-cfe5c86a5414 ] Request (AZAdminNegativeTestJSON:setUpClass): 204 PUT http://10.180.1.21/identity/v3/projects/963d2d2bc1ae47d8bf1ec329945e9377/users/f178df36181a4510b61b9a2ba2e60e7d/roles/13ad674b30594c82b833a5b19c00e39c 0.085s
2025-11-23 04:27:39.659 66218 INFO tempest.lib.common.rest_client [req-06f21c4a-3e37-4d9c-a105-f0541ca54262 req-06f21c4a-3e37-4d9c-a105-f0541ca54262 ] Request (HypervisorAdminUnderV252Test:setUpClass): 201 POST http://10.180.1.21/identity/v3/auth/tokens 0.115s
2025-11-23 04:27:39.662 66193 INFO tempest.lib.common.rest_client [req-d1642cf4-20fc-4616-8234-fda2ff4c04e2 req-d1642cf4-20fc-4616-8234-fda2ff4c04e2 ] Request (AggregatesAdminNegativeTestJSON:setUpClass): 200 GET http://10.180.1.21/identity/v3/roles 0.114s
2025-11-23 04:27:39.681 66219 INFO tempest.lib.common.rest_client [req-b71d14ec-5e30-4f33-b424-78d3e50fd925 req-b71d14ec-5e30-4f33-b424-78d3e50fd925 ] Request (HypervisorAdminNegativeUnderV252Test:setUpClass): 201 POST http://10.180.1.21/identity/v3/auth/tokens 0.079s
2025-11-23 04:27:39.686 66197 INFO tempest.lib.common.rest_client [req-9cb2d7c0-3ebe-4b48-9da7-c8da3539e301 req-9cb2d7c0-3ebe-4b48-9da7-c8da3539e301 ] Request (ServerExternalEventsTest:setUpClass): 201 POST http://10.180.1.21/identity/v3/users 0.150s
2025-11-23 04:27:39.708 66199 INFO tempest.lib.common.rest_client [req-394c9bc2-a2ca-4713-8cab-0a7a0edf2ab9 req-394c9bc2-a2ca-4713-8cab-0a7a0edf2ab9 ] Request (HostsAdminTestJSON:setUpClass): 200 GET http://10.180.1.21/identity/v3/domains?name=Default 0.111s
2025-11-23 04:27:39.712 66195 INFO tempest.lib.common.rest_client [req-a61c66a5-91f4-41e5-8173-350e139e5716 req-a61c66a5-91f4-41e5-8173-350e139e5716 ] Request (AZAdminNegativeTestJSON:setUpClass): 200 GET http://10.180.1.21/identity/v3/roles 0.098s
2025-11-23 04:27:39.725 66218 INFO tempest.lib.common.rest_client [req-019c614d-8139-496f-97d9-81cb499194d3 req-019c614d-8139-496f-97d9-81cb499194d3 ] Request (HypervisorAdminUnderV252Test:setUpClass): 200 GET http://10.180.1.21/identity/v3/domains?name=Default 0.065s
2025-11-23 04:27:39.758 66193 INFO tempest.lib.common.rest_client [req-544d60ed-5107-4696-b7dd-4c5b55b1c301 req-544d60ed-5107-4696-b7dd-4c5b55b1c301 ] Request (AggregatesAdminNegativeTestJSON:setUpClass): 204 PUT http://10.180.1.21/identity/v3/projects/216fd3e4c3d04923b8fbb5e9c9cf4a87/users/4b18cf41281f4115bc369bc5138921ca/roles/13ad674b30594c82b833a5b19c00e39c 0.095s
2025-11-23 04:27:39.786 66209 INFO tempest.lib.common.rest_client [req-9eb964c0-85f8-4aef-ad8e-6ef4091ccd72 req-9eb964c0-85f8-4aef-ad8e-6ef4091ccd72 ] Request (QuotaClassesAdmin257Test:tearDownClass): 204 DELETE http://10.180.1.21/identity/v3/users/11ba8c7c9f4541b8bbf2aac59b27799d 0.125s
2025-11-23 04:27:39.833 66219 INFO tempest.lib.common.rest_client [req-58d6bfa5-19b8-453b-b19a-058a2e6871cd req-58d6bfa5-19b8-453b-b19a-058a2e6871cd ] Request (HypervisorAdminNegativeUnderV252Test:setUpClass): 201 POST http://10.180.1.21/identity/v3/auth/tokens 0.144s
2025-11-23 04:27:39.859 66195 INFO tempest.lib.common.rest_client [req-e483cd1f-4dfd-46fd-8998-4f4a1bb0811d req-e483cd1f-4dfd-46fd-8998-4f4a1bb0811d ] Request (AZAdminNegativeTestJSON:setUpClass): 204 PUT http://10.180.1.21/identity/v3/projects/963d2d2bc1ae47d8bf1ec329945e9377/users/f178df36181a4510b61b9a2ba2e60e7d/roles/13ad674b30594c82b833a5b19c00e39c 0.146s
2025-11-23 04:27:39.860 66195 INFO tempest.lib.common.dynamic_creds [-] Dynamic test user f178df36181a4510b61b9a2ba2e60e7d is created with scope project and roles: ['admin']
2025-11-23 04:27:39.860 66195 INFO tempest.lib.common.dynamic_creds [-] Acquired dynamic creds: credentials: Credentials: {'domain_id': 'default', 'domain_name': 'Default', 'username': 'tempest-AZAdminNegativeTestJSON-155559214-project-admin', 'project_domain_id': 'default', 'project_domain_name': 'Default', 'project_id': '963d2d2bc1ae47d8bf1ec329945e9377', 'project_name': 'tempest-AZAdminNegativeTestJSON-155559214', 'tenant_id': '963d2d2bc1ae47d8bf1ec329945e9377', 'tenant_name': 'tempest-AZAdminNegativeTestJSON-155559214', 'user_domain_id': 'default', 'user_domain_name': 'Default', 'user_id': 'f178df36181a4510b61b9a2ba2e60e7d', 'system': None}, Network: None, Subnet: None, Router: None
2025-11-23 04:27:39.860 66195 INFO tempest.lib.common.dynamic_creds [-] Created isolated network resources for: credentials: Credentials: {'domain_id': 'default', 'domain_name': 'Default', 'username': 'tempest-AZAdminNegativeTestJSON-155559214-project-admin', 'project_domain_id': 'default', 'project_domain_name': 'Default', 'project_id': '963d2d2bc1ae47d8bf1ec329945e9377', 'project_name': 'tempest-AZAdminNegativeTestJSON-155559214', 'tenant_id': '963d2d2bc1ae47d8bf1ec329945e9377', 'tenant_name': 'tempest-AZAdminNegativeTestJSON-155559214', 'user_domain_id': 'default', 'user_domain_name': 'Default', 'user_id': 'f178df36181a4510b61b9a2ba2e60e7d', 'system': None}, Network: None, Subnet: None, Router: None
2025-11-23 04:27:39.861 66197 INFO tempest.lib.common.rest_client [req-1475e75b-04ea-4d49-af03-bf2de4de5c72 req-1475e75b-04ea-4d49-af03-bf2de4de5c72 ] Request (ServerExternalEventsTest:setUpClass): 200 GET http://10.180.1.21/identity/v3/roles 0.174s
2025-11-23 04:27:39.912 66191 INFO tempest.lib.common.rest_client [req-576bd0b1-4040-4225-a429-c21c1dd2fb5c req-576bd0b1-4040-4225-a429-c21c1dd2fb5c ] Request (NetworksTest:setUpClass): 201 POST http://10.180.1.21/identity/v3/auth/tokens 0.198s
2025-11-23 04:27:39.925 66199 INFO tempest.lib.common.rest_client [req-e1ebba4e-de80-46cf-b48f-8dfe25997bfe req-e1ebba4e-de80-46cf-b48f-8dfe25997bfe ] Request (HostsAdminTestJSON:setUpClass): 201 POST http://10.180.1.21/identity/v3/projects 0.211s
2025-11-23 04:27:39.940 66218 INFO tempest.lib.common.rest_client [req-93fbd8d6-0102-4eab-b808-fd619db1ec9f req-93fbd8d6-0102-4eab-b808-fd619db1ec9f ] Request (HypervisorAdminUnderV252Test:setUpClass): 201 POST http://10.180.1.21/identity/v3/projects 0.212s
2025-11-23 04:27:39.983 66207 INFO tempest.lib.common.rest_client [req-9253379f-4bbd-4a49-a914-86ddcc14477d req-9253379f-4bbd-4a49-a914-86ddcc14477d ] Request (AZAdminV2TestJSON:setUpClass): 201 POST http://10.180.1.21/identity/v3/auth/tokens 0.226s
2025-11-23 04:27:39.994 66193 INFO tempest.lib.common.rest_client [req-72f4d1c4-3d07-4de3-9b1a-d8bbbaaf6408 req-72f4d1c4-3d07-4de3-9b1a-d8bbbaaf6408 ] Request (AggregatesAdminNegativeTestJSON:setUpClass): 200 GET http://10.180.1.21/identity/v3/roles 0.235s
2025-11-23 04:27:40.016 66185 INFO tempest.lib.common.rest_client [req-0cd86c03-6e15-4c4c-b35a-d627865da59f req-0cd86c03-6e15-4c4c-b35a-d627865da59f ] Request (ServersWithSpecificFlavorTestJSON:setUpClass): 201 POST http://10.180.1.21/identity/v3/auth/tokens 0.251s
2025-11-23 04:27:40.037 66219 INFO tempest.lib.common.rest_client [req-5575f218-1e5b-479e-a15a-ee6311525c65 req-5575f218-1e5b-479e-a15a-ee6311525c65 ] Request (HypervisorAdminNegativeUnderV252Test:setUpClass): 200 GET http://10.180.1.21/identity/v3/domains?name=Default 0.202s
2025-11-23 04:27:40.047 66213 INFO tempest.test [-] raised in LiveAutoBlockMigrationV225Test.setUpClass. Invoking tearDownClass.
2025-11-23 04:27:40.068 66209 INFO tempest.lib.common.rest_client [req-642818cc-880b-4a9a-bd55-d8817840390a req-642818cc-880b-4a9a-bd55-d8817840390a ] Request (QuotaClassesAdmin257Test:tearDownClass): 204 DELETE http://10.180.1.21/identity/v3/users/bc2e3a614ffc4c6a96d708ef5a88ff29 0.281s
2025-11-23 04:27:40.068 66209 INFO tempest.lib.common.dynamic_creds [-] Deleting project and security group for project: c46119fc9db64a999283e59c7930fc39
2025-11-23 04:27:40.094 66197 INFO tempest.lib.common.rest_client [req-5eac519b-2bcb-456e-ac88-d28266aaa1f4 req-5eac519b-2bcb-456e-ac88-d28266aaa1f4 ] Request (ServerExternalEventsTest:setUpClass): 204 PUT http://10.180.1.21/identity/v3/projects/df5c79e4cad041e680ebc97d467e2e3f/users/4d55f03d0afb4494b32f827816048d3b/roles/489f4817dc6b4c5bb58196a9ba1142ff 0.232s
2025-11-23 04:27:40.094 66197 INFO tempest.lib.common.dynamic_creds [-] Dynamic test user 4d55f03d0afb4494b32f827816048d3b is created with scope project and roles: ['member']
2025-11-23 04:27:40.094 66197 INFO tempest.lib.common.dynamic_creds [-] Acquired dynamic creds: credentials: Credentials: {'domain_id': 'default', 'domain_name': 'Default', 'username': 'tempest-ServerExternalEventsTest-126864363-project-member', 'project_domain_id': 'default', 'project_domain_name': 'Default', 'project_id': 'df5c79e4cad041e680ebc97d467e2e3f', 'project_name': 'tempest-ServerExternalEventsTest-126864363', 'tenant_id': 'df5c79e4cad041e680ebc97d467e2e3f', 'tenant_name': 'tempest-ServerExternalEventsTest-126864363', 'user_domain_id': 'default', 'user_domain_name': 'Default', 'user_id': '4d55f03d0afb4494b32f827816048d3b', 'system': None}, Network: None, Subnet: None, Router: None
2025-11-23 04:27:40.095 66197 INFO tempest.lib.common.dynamic_creds [-] Created isolated network resources for: credentials: Credentials: {'domain_id': 'default', 'domain_name': 'Default', 'username': 'tempest-ServerExternalEventsTest-126864363-project-member', 'project_domain_id': 'default', 'project_domain_name': 'Default', 'project_id': 'df5c79e4cad041e680ebc97d467e2e3f', 'project_name': 'tempest-ServerExternalEventsTest-126864363', 'tenant_id': 'df5c79e4cad041e680ebc97d467e2e3f', 'tenant_name': 'tempest-ServerExternalEventsTest-126864363', 'user_domain_id': 'default', 'user_domain_name': 'Default', 'user_id': '4d55f03d0afb4494b32f827816048d3b', 'system': None}, Network: None, Subnet: None, Router: None
2025-11-23 04:27:40.137 66247 INFO tempest.lib.common.rest_client [req-f8c34150-d14a-42a3-a1a1-a1a092a01c0d req-f8c34150-d14a-42a3-a1a1-a1a092a01c0d ] Request (VolumesAssistedSnapshotsTest:setUpClass): 201 POST http://10.180.1.21/identity/v3/auth/tokens 0.234s
2025-11-23 04:27:40.146 66195 INFO tempest.lib.common.rest_client [req-efeb11b1-8e74-41af-a6cc-466f054986e7 req-efeb11b1-8e74-41af-a6cc-466f054986e7 ] Request (AZAdminNegativeTestJSON:setUpClass): 201 POST http://10.180.1.21/identity/v3/auth/tokens 0.271s
2025-11-23 04:27:40.162 66191 INFO tempest.lib.common.rest_client [req-a81e964d-c715-4d22-98c4-2910f4916b3c req-a81e964d-c715-4d22-98c4-2910f4916b3c ] Request (NetworksTest:setUpClass): 201 POST http://10.180.1.21/identity/v3/auth/tokens 0.241s
2025-11-23 04:27:40.177 66199 INFO tempest.lib.common.rest_client [req-e480ecfa-6719-47f4-9155-4761d3b3652e req-e480ecfa-6719-47f4-9155-4761d3b3652e ] Request (HostsAdminTestJSON:setUpClass): 201 POST http://10.180.1.21/identity/v3/users 0.251s
2025-11-23 04:27:40.190 66218 INFO tempest.lib.common.rest_client [req-ae65cae9-9979-4bf1-8e14-8dbe3bec660c req-ae65cae9-9979-4bf1-8e14-8dbe3bec660c ] Request (HypervisorAdminUnderV252Test:setUpClass): 201 POST http://10.180.1.21/identity/v3/users 0.249s
2025-11-23 04:27:40.198 66193 INFO tempest.lib.common.rest_client [req-3b08bd46-89de-4ad1-9d06-1e606c2b7425 req-3b08bd46-89de-4ad1-9d06-1e606c2b7425 ] Request (AggregatesAdminNegativeTestJSON:setUpClass): 204 PUT http://10.180.1.21/identity/v3/projects/216fd3e4c3d04923b8fbb5e9c9cf4a87/users/4b18cf41281f4115bc369bc5138921ca/roles/13ad674b30594c82b833a5b19c00e39c 0.203s
2025-11-23 04:27:40.198 66193 INFO tempest.lib.common.dynamic_creds [-] Dynamic test user 4b18cf41281f4115bc369bc5138921ca is created with scope project and roles: ['admin']
2025-11-23 04:27:40.198 66193 INFO tempest.lib.common.dynamic_creds [-] Acquired dynamic creds: credentials: Credentials: {'domain_id': 'default', 'domain_name': 'Default', 'username': 'tempest-AggregatesAdminNegativeTestJSON-1395413206-project-admin', 'project_domain_id': 'default', 'project_domain_name': 'Default', 'project_id': '216fd3e4c3d04923b8fbb5e9c9cf4a87', 'project_name': 'tempest-AggregatesAdminNegativeTestJSON-1395413206', 'tenant_id': '216fd3e4c3d04923b8fbb5e9c9cf4a87', 'tenant_name': 'tempest-AggregatesAdminNegativeTestJSON-1395413206', 'user_domain_id': 'default', 'user_domain_name': 'Default', 'user_id': '4b18cf41281f4115bc369bc5138921ca', 'system': None}, Network: None, Subnet: None, Router: None
2025-11-23 04:27:40.199 66193 INFO tempest.lib.common.dynamic_creds [-] Created isolated network resources for: credentials: Credentials: {'domain_id': 'default', 'domain_name': 'Default', 'username': 'tempest-AggregatesAdminNegativeTestJSON-1395413206-project-admin', 'project_domain_id': 'default', 'project_domain_name': 'Default', 'project_id': '216fd3e4c3d04923b8fbb5e9c9cf4a87', 'project_name': 'tempest-AggregatesAdminNegativeTestJSON-1395413206', 'tenant_id': '216fd3e4c3d04923b8fbb5e9c9cf4a87', 'tenant_name': 'tempest-AggregatesAdminNegativeTestJSON-1395413206', 'user_domain_id': 'default', 'user_domain_name': 'Default', 'user_id': '4b18cf41281f4115bc369bc5138921ca', 'system': None}, Network: None, Subnet: None, Router: None
2025-11-23 04:27:40.236 66203 INFO tempest.test [-] raised in LiveMigrationNegativeTest.setUpClass. Invoking tearDownClass.
2025-11-23 04:27:40.245 66207 INFO tempest.lib.common.rest_client [req-a0479b5e-5d70-498a-ae4b-e4d5913b5545 req-a0479b5e-5d70-498a-ae4b-e4d5913b5545 ] Request (AZAdminV2TestJSON:setUpClass): 201 POST http://10.180.1.21/identity/v3/auth/tokens 0.252s
2025-11-23 04:27:40.252 66185 INFO tempest.lib.common.rest_client [req-a68c0a0b-16a9-4ff5-a263-671eb742ebfd req-a68c0a0b-16a9-4ff5-a263-671eb742ebfd ] Request (ServersWithSpecificFlavorTestJSON:setUpClass): 201 POST http://10.180.1.21/identity/v3/auth/tokens 0.220s
2025-11-23 04:27:40.273 66219 INFO tempest.lib.common.rest_client [req-830894ac-230c-4287-92b2-d2c97b056d04 req-830894ac-230c-4287-92b2-d2c97b056d04 ] Request (HypervisorAdminNegativeUnderV252Test:setUpClass): 201 POST http://10.180.1.21/identity/v3/projects 0.230s
2025-11-23 04:27:40.288 66223 INFO tempest.test [-] raised in LiveMigrationTest.setUpClass. Invoking tearDownClass.
2025-11-23 04:27:40.316 66213 INFO tempest.lib.common.rest_client [req-d0663786-8e2a-403b-8bc2-5f91a5be7f95 req-d0663786-8e2a-403b-8bc2-5f91a5be7f95 ] Request (FloatingIPsNegativeTestJSON:setUpClass): 201 POST http://10.180.1.21/identity/v3/auth/tokens 0.259s
2025-11-23 04:27:40.332 66209 INFO tempest.lib.common.rest_client [req-b7becc0a-ffee-40a3-8ff1-6c9d6330e471 req-b7becc0a-ffee-40a3-8ff1-6c9d6330e471 ] Request (QuotaClassesAdmin257Test:tearDownClass): 201 POST http://10.180.1.21/identity/v3/auth/tokens 0.264s
2025-11-23 04:27:40.350 66211 INFO tempest.lib.common.rest_client [req-0c342929-f664-46cc-8386-36438244e473 req-0c342929-f664-46cc-8386-36438244e473 ] Request (QuotasSecurityGroupAdminNegativeTest:setUpClass): 201 POST http://10.180.1.21/identity/v3/auth/tokens 0.230s
2025-11-23 04:27:40.372 66247 INFO tempest.lib.common.rest_client [req-0922554f-0658-4698-8c86-88db124349c1 req-0922554f-0658-4698-8c86-88db124349c1 ] Request (VolumesAssistedSnapshotsTest:setUpClass): 201 POST http://10.180.1.21/identity/v3/auth/tokens 0.226s
2025-11-23 04:27:40.395 66197 INFO tempest.lib.common.rest_client [req-49db241e-978c-4944-be3b-34d8056a6f3d req-49db241e-978c-4944-be3b-34d8056a6f3d ] Request (ServerExternalEventsTest:setUpClass): 201 POST http://10.180.1.21/identity/v3/auth/tokens 0.271s
2025-11-23 04:27:40.407 66191 INFO tempest.lib.common.rest_client [req-980dafc4-19d4-4625-baab-196443479295 req-980dafc4-19d4-4625-baab-196443479295 ] Request (NetworksTest:setUpClass): 200 GET http://10.180.1.21/identity/v3/domains?name=Default 0.243s
2025-11-23 04:27:40.423 66199 INFO tempest.lib.common.rest_client [req-ac66daec-bcb4-4fca-88e3-8527e59c56dc req-ac66daec-bcb4-4fca-88e3-8527e59c56dc ] Request (HostsAdminTestJSON:setUpClass): 200 GET http://10.180.1.21/identity/v3/roles 0.246s
2025-11-23 04:27:40.439 66218 INFO tempest.lib.common.rest_client [req-e98babee-feb7-419d-b87f-71552a3c1f8c req-e98babee-feb7-419d-b87f-71552a3c1f8c ] Request (HypervisorAdminUnderV252Test:setUpClass): 200 GET http://10.180.1.21/identity/v3/roles 0.247s
2025-11-23 04:27:40.462 66239 INFO tempest.lib.common.rest_client [req-b17860be-db54-4c02-8dc7-f4b0a1f3fbba req-b17860be-db54-4c02-8dc7-f4b0a1f3fbba ] Request (HypervisorAdminV228Test:setUpClass): 201 POST http://10.180.1.21/identity/v3/auth/tokens 0.255s
2025-11-23 04:27:40.467 66195 INFO tempest.lib.common.rest_client [req-f8a8f169-a86e-43ea-bc19-34ed32a7a260 req-f8a8f169-a86e-43ea-bc19-34ed32a7a260 ] Request (AZAdminNegativeTestJSON:test_get_availability_zone_list_detail_with_non_admin_user): 403 GET http://10.180.1.21/compute/v2.1/os-availability-zone/detail 0.319s
2025-11-23 04:27:40.485 66227 INFO tempest.lib.common.rest_client [req-d463058b-e0b6-4cea-a2cc-0a0de05a60f1 req-d463058b-e0b6-4cea-a2cc-0a0de05a60f1 ] Request (FlavorMetadataValidation:setUpClass): 201 POST http://10.180.1.21/identity/v3/auth/tokens 0.261s
2025-11-23 04:27:40.508 66207 INFO tempest.lib.common.rest_client [req-7d579c62-707f-4575-8f01-a1bd7032013c req-7d579c62-707f-4575-8f01-a1bd7032013c ] Request (AZAdminV2TestJSON:setUpClass): 200 GET http://10.180.1.21/identity/v3/domains?name=Default 0.262s
2025-11-23 04:27:40.523 66193 INFO tempest.lib.common.rest_client [req-36a578dd-6566-49bc-934b-771e21205056 req-36a578dd-6566-49bc-934b-771e21205056 ] Request (AggregatesAdminNegativeTestJSON:setUpClass): 201 POST http://10.180.1.21/identity/v3/auth/tokens 0.322s
2025-11-23 04:27:40.526 66185 INFO tempest.lib.common.rest_client [req-85cb7e7e-2903-4611-b8d3-8a594fb230a6 req-85cb7e7e-2903-4611-b8d3-8a594fb230a6 ] Request (ServersWithSpecificFlavorTestJSON:setUpClass): 200 GET http://10.180.1.21/identity/v3/domains?name=Default 0.273s
2025-11-23 04:27:40.545 66203 INFO tempest.lib.common.rest_client [req-d4bff62e-5aca-4943-93fb-f4abd3fdded6 req-d4bff62e-5aca-4943-93fb-f4abd3fdded6 ] Request (ServicesAdminTestJSON:setUpClass): 201 POST http://10.180.1.21/identity/v3/auth/tokens 0.294s
2025-11-23 04:27:40.547 66187 INFO tempest.lib.common.rest_client [req-68738a01-9a1d-4cf8-9ff2-cef2f4a99bf0 req-68738a01-9a1d-4cf8-9ff2-cef2f4a99bf0 ] Request (HostsAdminNegativeTestJSON:setUpClass): 201 POST http://10.180.1.21/identity/v3/auth/tokens 0.283s
2025-11-23 04:27:40.566 66219 INFO tempest.lib.common.rest_client [req-dc879ff0-b70f-4c75-a285-9280ba6ece49 req-dc879ff0-b70f-4c75-a285-9280ba6ece49 ] Request (HypervisorAdminNegativeUnderV252Test:setUpClass): 201 POST http://10.180.1.21/identity/v3/users 0.292s
2025-11-23 04:27:40.568 66221 INFO tempest.lib.common.rest_client [req-860a08d6-9da9-42d0-b27c-3fd40588b897 req-860a08d6-9da9-42d0-b27c-3fd40588b897 ] Request (FlavorsAdminTestJSON:setUpClass): 201 POST http://10.180.1.21/identity/v3/auth/tokens 0.262s
2025-11-23 04:27:40.587 66223 INFO tempest.lib.common.rest_client [req-197a3aa1-6b57-422b-8c6a-c02a169a5c0f req-197a3aa1-6b57-422b-8c6a-c02a169a5c0f ] Request (ListImageFiltersTestJSON:setUpClass): 201 POST http://10.180.1.21/identity/v3/auth/tokens 0.277s
2025-11-23 04:27:40.591 66213 INFO tempest.lib.common.rest_client [req-4f9229e6-8555-4bdb-bd14-7be2cf5bc810 req-4f9229e6-8555-4bdb-bd14-7be2cf5bc810 ] Request (FloatingIPsNegativeTestJSON:setUpClass): 201 POST http://10.180.1.21/identity/v3/auth/tokens 0.272s
2025-11-23 04:27:40.609 66237 INFO tempest.lib.common.rest_client [req-d04ac66f-e149-410e-a2d8-3eb1080c0289 req-d04ac66f-e149-410e-a2d8-3eb1080c0289 ] Request (FlavorsExtraSpecsTestJSON:setUpClass): 201 POST http://10.180.1.21/identity/v3/auth/tokens 0.285s
2025-11-23 04:27:40.631 66244 INFO tempest.lib.common.rest_client [req-04d43560-c9e4-4964-bfca-3c9e677a8c0e req-04d43560-c9e4-4964-bfca-3c9e677a8c0e ] Request (QuotaClassesAdminTestJSON:setUpClass): 201 POST http://10.180.1.21/identity/v3/auth/tokens 0.301s
2025-11-23 04:27:40.652 66205 INFO tempest.lib.common.rest_client [req-2e71102a-2b8d-4fde-9def-2a6c41cf810c req-2e71102a-2b8d-4fde-9def-2a6c41cf810c ] Request (ImagesOneServerNegativeTestJSON:setUpClass): 201 POST http://10.180.1.21/identity/v3/auth/tokens 0.307s
2025-11-23 04:27:40.652 66211 INFO tempest.lib.common.rest_client [req-ff5271e0-ac89-4f16-bd02-26f48677acbc req-ff5271e0-ac89-4f16-bd02-26f48677acbc ] Request (QuotasSecurityGroupAdminNegativeTest:setUpClass): 201 POST http://10.180.1.21/identity/v3/auth/tokens 0.291s
2025-11-23 04:27:40.673 66247 INFO tempest.lib.common.rest_client [req-6a007cd6-93fd-4ddc-9c10-f455f83bf835 req-6a007cd6-93fd-4ddc-9c10-f455f83bf835 ] Request (VolumesAssistedSnapshotsTest:setUpClass): 200 GET http://10.180.1.21/identity/v3/domains?name=Default 0.300s
2025-11-23 04:27:40.673 66245 INFO tempest.lib.common.rest_client [req-414745c1-9095-4612-8c4f-7d24c552e0c4 req-414745c1-9095-4612-8c4f-7d24c552e0c4 ] Request (SecurityGroupsTestAdminJSON:setUpClass): 201 POST http://10.180.1.21/identity/v3/auth/tokens 0.297s
2025-11-23 04:27:40.699 66197 INFO tempest.lib.common.rest_client [req-4456f77e-2ad3-4010-ba2f-92aabc336ad0 req-4456f77e-2ad3-4010-ba2f-92aabc336ad0 ] Request (ServerExternalEventsTest:setUpClass): 201 POST http://10.180.1.21/identity/v3/projects 0.301s
2025-11-23 04:27:40.700 66249 INFO tempest.lib.common.rest_client [req-7741758d-e7ea-4d37-a797-fdb64a90dd02 req-7741758d-e7ea-4d37-a797-fdb64a90dd02 ] Request (FlavorsV255TestJSON:setUpClass): 201 POST http://10.180.1.21/identity/v3/auth/tokens 0.301s
2025-11-23 04:27:40.739 66209 INFO tempest.lib.common.rest_client [req-2a2c1403-157d-494a-a6d2-8bc57b501f82 req-2a2c1403-157d-494a-a6d2-8bc57b501f82 ] Request (QuotaClassesAdmin257Test:tearDownClass): 200 GET http://10.180.1.21/networking/v2.0/security-groups?tenant_id=c46119fc9db64a999283e59c7930fc39&name=default 0.406s
2025-11-23 04:27:40.750 66189 INFO tempest.lib.common.rest_client [req-d8597ebf-2ebb-4147-b642-207e93d06e8d req-d8597ebf-2ebb-4147-b642-207e93d06e8d ] Request (FlavorsAccessNegativeTestJSON:setUpClass): 201 POST http://10.180.1.21/identity/v3/auth/tokens 0.326s
2025-11-23 04:27:40.753 66191 INFO tempest.lib.common.rest_client [req-5adfc3f1-ee58-4cc2-8410-7fa912954574 req-5adfc3f1-ee58-4cc2-8410-7fa912954574 ] Request (NetworksTest:setUpClass): 201 POST http://10.180.1.21/identity/v3/projects 0.340s
2025-11-23 04:27:40.805 66233 INFO tempest.lib.common.rest_client [req-ba06ecee-172d-43a6-a72b-ffaac2aed491 req-ba06ecee-172d-43a6-a72b-ffaac2aed491 ] Request (DeleteServersAdminTestJSON:setUpClass): 201 POST http://10.180.1.21/identity/v3/auth/tokens 0.370s
2025-11-23 04:27:40.806 66199 INFO tempest.lib.common.rest_client [req-229e707c-c7ba-4766-8599-7706358e38b3 req-229e707c-c7ba-4766-8599-7706358e38b3 ] Request (HostsAdminTestJSON:setUpClass): 204 PUT http://10.180.1.21/identity/v3/projects/9a0276d0d7ac47f7b585b322481cb5b6/users/4b36155c998046ca976092a98b7c9157/roles/489f4817dc6b4c5bb58196a9ba1142ff 0.382s
2025-11-23 04:27:40.806 66199 INFO tempest.lib.common.dynamic_creds [-] Dynamic test user 4b36155c998046ca976092a98b7c9157 is created with scope project and roles: ['member']
2025-11-23 04:27:40.807 66199 INFO tempest.lib.common.dynamic_creds [-] Acquired dynamic creds: credentials: Credentials: {'domain_id': 'default', 'domain_name': 'Default', 'username': 'tempest-HostsAdminTestJSON-1992475536-project-member', 'project_domain_id': 'default', 'project_domain_name': 'Default', 'project_id': '9a0276d0d7ac47f7b585b322481cb5b6', 'project_name': 'tempest-HostsAdminTestJSON-1992475536', 'tenant_id': '9a0276d0d7ac47f7b585b322481cb5b6', 'tenant_name': 'tempest-HostsAdminTestJSON-1992475536', 'user_domain_id': 'default', 'user_domain_name': 'Default', 'user_id': '4b36155c998046ca976092a98b7c9157', 'system': None}, Network: None, Subnet: None, Router: None
2025-11-23 04:27:40.807 66199 INFO tempest.lib.common.dynamic_creds [-] Created isolated network resources for: credentials: Credentials: {'domain_id': 'default', 'domain_name': 'Default', 'username': 'tempest-HostsAdminTestJSON-1992475536-project-member', 'project_domain_id': 'default', 'project_domain_name': 'Default', 'project_id': '9a0276d0d7ac47f7b585b322481cb5b6', 'project_name': 'tempest-HostsAdminTestJSON-1992475536', 'tenant_id': '9a0276d0d7ac47f7b585b322481cb5b6', 'tenant_name': 'tempest-HostsAdminTestJSON-1992475536', 'user_domain_id': 'default', 'user_domain_name': 'Default', 'user_id': '4b36155c998046ca976092a98b7c9157', 'system': None}, Network: None, Subnet: None, Router: None
2025-11-23 04:27:40.853 66209 INFO tempest.lib.common.rest_client [req-32afda22-5dee-471d-8f76-836c2b892215 req-32afda22-5dee-471d-8f76-836c2b892215 ] Request (QuotaClassesAdmin257Test:tearDownClass): 204 DELETE http://10.180.1.21/networking/v2.0/security-groups/be96d54c-2301-4975-97ba-dc858ba633a4 0.114s
2025-11-23 04:27:40.862 66218 INFO tempest.lib.common.rest_client [req-ca0e4e60-53d4-4a6f-9517-cd56750e6dd4 req-ca0e4e60-53d4-4a6f-9517-cd56750e6dd4 ] Request (HypervisorAdminUnderV252Test:setUpClass): 204 PUT http://10.180.1.21/identity/v3/projects/a78f595988a0447094f7eea1e84164e5/users/d9ca73d0bcfa421d85c9ea8797c041ca/roles/489f4817dc6b4c5bb58196a9ba1142ff 0.421s
2025-11-23 04:27:40.862 66218 INFO tempest.lib.common.dynamic_creds [-] Dynamic test user d9ca73d0bcfa421d85c9ea8797c041ca is created with scope project and roles: ['member']
2025-11-23 04:27:40.862 66218 INFO tempest.lib.common.dynamic_creds [-] Acquired dynamic creds: credentials: Credentials: {'domain_id': 'default', 'domain_name': 'Default', 'username': 'tempest-HypervisorAdminUnderV252Test-628134267-project-member', 'project_domain_id': 'default', 'project_domain_name': 'Default', 'project_id': 'a78f595988a0447094f7eea1e84164e5', 'project_name': 'tempest-HypervisorAdminUnderV252Test-628134267', 'tenant_id': 'a78f595988a0447094f7eea1e84164e5', 'tenant_name': 'tempest-HypervisorAdminUnderV252Test-628134267', 'user_domain_id': 'default', 'user_domain_name': 'Default', 'user_id': 'd9ca73d0bcfa421d85c9ea8797c041ca', 'system': None}, Network: None, Subnet: None, Router: None
2025-11-23 04:27:40.862 66218 INFO tempest.lib.common.dynamic_creds [-] Created isolated network resources for: credentials: Credentials: {'domain_id': 'default', 'domain_name': 'Default', 'username': 'tempest-HypervisorAdminUnderV252Test-628134267-project-member', 'project_domain_id': 'default', 'project_domain_name': 'Default', 'project_id': 'a78f595988a0447094f7eea1e84164e5', 'project_name': 'tempest-HypervisorAdminUnderV252Test-628134267', 'tenant_id': 'a78f595988a0447094f7eea1e84164e5', 'tenant_name': 'tempest-HypervisorAdminUnderV252Test-628134267', 'user_domain_id': 'default', 'user_domain_name': 'Default', 'user_id': 'd9ca73d0bcfa421d85c9ea8797c041ca', 'system': None}, Network: None, Subnet: None, Router: None
2025-11-23 04:27:40.910 66229 INFO tempest.lib.common.rest_client [req-88973d5a-f1c5-45bb-afe1-a3d1414d6b56 req-88973d5a-f1c5-45bb-afe1-a3d1414d6b56 ] Request (FlavorsExtraSpecsNegativeTestJSON:setUpClass): 201 POST http://10.180.1.21/identity/v3/auth/tokens 0.456s
2025-11-23 04:27:40.931 66225 INFO tempest.lib.common.rest_client [req-e3f8fe36-b9f7-4a45-ad42-fa64e5f196f5 req-e3f8fe36-b9f7-4a45-ad42-fa64e5f196f5 ] Request (HypervisorAdminNegativeTestJSON:setUpClass): 201 POST http://10.180.1.21/identity/v3/auth/tokens 0.471s
2025-11-23 04:27:40.951 66239 INFO tempest.lib.common.rest_client [req-3d268a18-8dc1-4d49-ad40-20001a3b9691 req-3d268a18-8dc1-4d49-ad40-20001a3b9691 ] Request (HypervisorAdminV228Test:setUpClass): 201 POST http://10.180.1.21/identity/v3/auth/tokens 0.482s
2025-11-23 04:27:40.962 66235 INFO tempest.lib.common.rest_client [req-31198726-0b5e-4aa0-bf5d-f98d7e81776a req-31198726-0b5e-4aa0-bf5d-f98d7e81776a ] Request (QuotasAdminTestV257:setUpClass): 201 POST http://10.180.1.21/identity/v3/auth/tokens 0.517s
2025-11-23 04:27:40.973 66201 INFO tempest.lib.common.rest_client [req-b41ee133-0e8e-4a23-8da5-70da5c76831a req-b41ee133-0e8e-4a23-8da5-70da5c76831a ] Request (QuotasAdminNegativeTest:setUpClass): 201 POST http://10.180.1.21/identity/v3/auth/tokens 0.503s
2025-11-23 04:27:40.994 66241 INFO tempest.lib.common.rest_client [req-6d4ced8c-5ce0-4452-adcd-851517f9e8d2 req-6d4ced8c-5ce0-4452-adcd-851517f9e8d2 ] Request (FloatingIPsTestJSON:setUpClass): 201 POST http://10.180.1.21/identity/v3/auth/tokens 0.517s
2025-11-23 04:27:41.041 66195 INFO tempest.lib.common.rest_client [req-194f6fd0-ce77-476b-bddf-8f9df04d22e4 req-194f6fd0-ce77-476b-bddf-8f9df04d22e4 ] Request (AZAdminNegativeTestJSON:tearDownClass): 204 DELETE http://10.180.1.21/identity/v3/users/2084d03d38454fd89626e8703af0cc01 0.568s
2025-11-23 04:27:41.043 66227 INFO tempest.lib.common.rest_client [req-6600faf2-6e9a-4095-a2ec-90ffa480ba7a req-6600faf2-6e9a-4095-a2ec-90ffa480ba7a ] Request (FlavorMetadataValidation:setUpClass): 201 POST http://10.180.1.21/identity/v3/auth/tokens 0.555s
2025-11-23 04:27:41.096 66207 INFO tempest.lib.common.rest_client [req-ee361588-b837-4d96-955d-07dfc53f89db req-ee361588-b837-4d96-955d-07dfc53f89db ] Request (AZAdminV2TestJSON:setUpClass): 201 POST http://10.180.1.21/identity/v3/projects 0.586s
2025-11-23 04:27:41.151 66185 INFO tempest.lib.common.rest_client [req-c6930e8a-8a2f-412d-a700-659617adb51b req-c6930e8a-8a2f-412d-a700-659617adb51b ] Request (ServersWithSpecificFlavorTestJSON:setUpClass): 201 POST http://10.180.1.21/identity/v3/projects 0.619s
2025-11-23 04:27:41.177 66193 INFO tempest.lib.common.rest_client [req-42a96dda-062a-4e35-bf1b-77e8e1a8c459 req-42a96dda-062a-4e35-bf1b-77e8e1a8c459 ] Request (AggregatesAdminNegativeTestJSON:setUpClass): 200 GET http://10.180.1.21/compute/v2.1/os-services?binary=nova-compute 0.653s
2025-11-23 04:27:41.197 66231 INFO tempest.lib.common.rest_client [req-d8ff3074-0f59-410d-a552-7f06f4092dae req-d8ff3074-0f59-410d-a552-7f06f4092dae ] Request (FlavorsV2TestJSON:setUpClass): 201 POST http://10.180.1.21/identity/v3/auth/tokens 0.664s
2025-11-23 04:27:41.201 66203 INFO tempest.lib.common.rest_client [req-2597469f-fa21-44fe-859a-feafaec4eee8 req-2597469f-fa21-44fe-859a-feafaec4eee8 ] Request (ServicesAdminTestJSON:setUpClass): 201 POST http://10.180.1.21/identity/v3/auth/tokens 0.653s
2025-11-23 04:27:41.221 66187 INFO tempest.lib.common.rest_client [req-628c8539-884f-44cb-bf27-71bd357c9a80 req-628c8539-884f-44cb-bf27-71bd357c9a80 ] Request (HostsAdminNegativeTestJSON:setUpClass): 201 POST http://10.180.1.21/identity/v3/auth/tokens 0.670s
2025-11-23 04:27:41.224 66219 INFO tempest.lib.common.rest_client [req-0cda3e1e-af9e-4492-8731-db5545f6d6b4 req-0cda3e1e-af9e-4492-8731-db5545f6d6b4 ] Request (HypervisorAdminNegativeUnderV252Test:setUpClass): 200 GET http://10.180.1.21/identity/v3/roles 0.658s
2025-11-23 04:27:41.226 66193 INFO tempest.lib.common.rest_client [req-7f549423-7d52-455f-8a7f-ad6283418682 req-7f549423-7d52-455f-8a7f-ad6283418682 ] Request (AggregatesAdminNegativeTestJSON:test_aggregate_add_existent_host): 200 POST http://10.180.1.21/compute/v2.1/os-aggregates 0.046s
2025-11-23 04:27:41.245 66221 INFO tempest.lib.common.rest_client [req-d47a2429-8000-49d2-96a7-ef51cebef8eb req-d47a2429-8000-49d2-96a7-ef51cebef8eb ] Request (FlavorsAdminTestJSON:setUpClass): 201 POST http://10.180.1.21/identity/v3/auth/tokens 0.673s
2025-11-23 04:27:41.249 66223 INFO tempest.lib.common.rest_client [req-49b9039d-c848-408a-ad88-13cc3cb7e028 req-49b9039d-c848-408a-ad88-13cc3cb7e028 ] Request (ListImageFiltersTestJSON:setUpClass): 201 POST http://10.180.1.21/identity/v3/auth/tokens 0.659s
2025-11-23 04:27:41.271 66213 INFO tempest.lib.common.rest_client [req-d55630ae-aef5-4dc7-8770-4c5ed8e8de91 req-d55630ae-aef5-4dc7-8770-4c5ed8e8de91 ] Request (FloatingIPsNegativeTestJSON:setUpClass): 200 GET http://10.180.1.21/identity/v3/domains?name=Default 0.678s
2025-11-23 04:27:41.272 66237 INFO tempest.lib.common.rest_client [req-f5d7b73e-7d4c-4a04-917e-f36154fc172c req-f5d7b73e-7d4c-4a04-917e-f36154fc172c ] Request (FlavorsExtraSpecsTestJSON:setUpClass): 201 POST http://10.180.1.21/identity/v3/auth/tokens 0.660s
2025-11-23 04:27:41.293 66211 INFO tempest.lib.common.rest_client [req-49a0ae80-1c61-4abf-b0dd-94c2137d2c18 req-49a0ae80-1c61-4abf-b0dd-94c2137d2c18 ] Request (QuotasSecurityGroupAdminNegativeTest:setUpClass): 200 GET http://10.180.1.21/identity/v3/domains?name=Default 0.640s
2025-11-23 04:27:41.295 66244 INFO tempest.lib.common.rest_client [req-5d8cc5a8-caa6-48a7-a3af-ffc0d1f1caed req-5d8cc5a8-caa6-48a7-a3af-ffc0d1f1caed ] Request (QuotaClassesAdminTestJSON:setUpClass): 201 POST http://10.180.1.21/identity/v3/auth/tokens 0.660s
2025-11-23 04:27:41.317 66205 INFO tempest.lib.common.rest_client [req-ad11f132-c7d0-4282-8aeb-c180a6056c22 req-ad11f132-c7d0-4282-8aeb-c180a6056c22 ] Request (ImagesOneServerNegativeTestJSON:setUpClass): 201 POST http://10.180.1.21/identity/v3/auth/tokens 0.662s
2025-11-23 04:27:41.323 66247 INFO tempest.lib.common.rest_client [req-e747fdf1-19a9-49f6-9f12-7447a92159a2 req-e747fdf1-19a9-49f6-9f12-7447a92159a2 ] Request (VolumesAssistedSnapshotsTest:setUpClass): 201 POST http://10.180.1.21/identity/v3/projects 0.648s
2025-11-23 04:27:41.366 66245 INFO tempest.lib.common.rest_client [req-ce2946d6-4064-450e-abb1-029f2394c1df req-ce2946d6-4064-450e-abb1-029f2394c1df ] Request (SecurityGroupsTestAdminJSON:setUpClass): 201 POST http://10.180.1.21/identity/v3/auth/tokens 0.689s
2025-11-23 04:27:41.377 66197 INFO tempest.lib.common.rest_client [req-1660c05b-5967-4144-9016-c9cc9609dec7 req-1660c05b-5967-4144-9016-c9cc9609dec7 ] Request (ServerExternalEventsTest:setUpClass): 201 POST http://10.180.1.21/identity/v3/users 0.677s
2025-11-23 04:27:41.387 66249 INFO tempest.lib.common.rest_client [req-51008264-d506-416d-95d2-1a99bbff929c req-51008264-d506-416d-95d2-1a99bbff929c ] Request (FlavorsV255TestJSON:setUpClass): 201 POST http://10.180.1.21/identity/v3/auth/tokens 0.684s
2025-11-23 04:27:41.402 66191 INFO tempest.lib.common.rest_client [req-8883ec9c-603e-41fc-a9e0-30e51a6b0987 req-8883ec9c-603e-41fc-a9e0-30e51a6b0987 ] Request (NetworksTest:setUpClass): 201 POST http://10.180.1.21/identity/v3/users 0.649s
2025-11-23 04:27:41.411 66189 INFO tempest.lib.common.rest_client [req-53d0599e-4b77-412f-860d-cc5da4b140b0 req-53d0599e-4b77-412f-860d-cc5da4b140b0 ] Request (FlavorsAccessNegativeTestJSON:setUpClass): 201 POST http://10.180.1.21/identity/v3/auth/tokens 0.658s
2025-11-23 04:27:41.426 66233 INFO tempest.lib.common.rest_client [req-818c8ab1-38b1-4d7a-a22a-4bfe9a325dc7 req-818c8ab1-38b1-4d7a-a22a-4bfe9a325dc7 ] Request (DeleteServersAdminTestJSON:setUpClass): 201 POST http://10.180.1.21/identity/v3/auth/tokens 0.618s
2025-11-23 04:27:41.480 66199 INFO tempest.lib.common.rest_client [req-494d917b-021d-4b5e-a502-3a80f24304f9 req-494d917b-021d-4b5e-a502-3a80f24304f9 ] Request (HostsAdminTestJSON:setUpClass): 201 POST http://10.180.1.21/identity/v3/auth/tokens 0.668s
2025-11-23 04:27:41.498 66209 INFO tempest.lib.common.rest_client [req-aad42f23-6bb0-4903-8a70-d894fbf35837 req-aad42f23-6bb0-4903-8a70-d894fbf35837 ] Request (QuotaClassesAdmin257Test:tearDownClass): 204 DELETE http://10.180.1.21/identity/v3/projects/c46119fc9db64a999283e59c7930fc39 0.644s
2025-11-23 04:27:41.498 66209 INFO tempest.lib.common.dynamic_creds [-] Deleting project and security group for project: 92413e8000aa43e98ca7e21a7a91eddd
2025-11-23 04:27:41.536 66218 INFO tempest.lib.common.rest_client [req-2c5bb627-86a8-4e4b-8548-d8991eb17f05 req-2c5bb627-86a8-4e4b-8548-d8991eb17f05 ] Request (HypervisorAdminUnderV252Test:setUpClass): 201 POST http://10.180.1.21/identity/v3/auth/tokens 0.669s
2025-11-23 04:27:41.547 66229 INFO tempest.lib.common.rest_client [req-f5cce593-da0b-4d2c-9ac5-55c6c19ea499 req-f5cce593-da0b-4d2c-9ac5-55c6c19ea499 ] Request (FlavorsExtraSpecsNegativeTestJSON:setUpClass): 201 POST http://10.180.1.21/identity/v3/auth/tokens 0.633s
2025-11-23 04:27:41.557 66225 INFO tempest.lib.common.rest_client [req-52fd7b66-1d56-48c3-a6f0-0c58972f4b07 req-52fd7b66-1d56-48c3-a6f0-0c58972f4b07 ] Request (HypervisorAdminNegativeTestJSON:setUpClass): 201 POST http://10.180.1.21/identity/v3/auth/tokens 0.623s
2025-11-23 04:27:41.567 66239 INFO tempest.lib.common.rest_client [req-33428c25-2940-4003-9aa7-36b68abe6fea req-33428c25-2940-4003-9aa7-36b68abe6fea ] Request (HypervisorAdminV228Test:setUpClass): 200 GET http://10.180.1.21/identity/v3/domains?name=Default 0.615s
2025-11-23 04:27:41.579 66235 INFO tempest.lib.common.rest_client [req-94caac4e-fe45-4cfa-8a8c-9c3c1764d09f req-94caac4e-fe45-4cfa-8a8c-9c3c1764d09f ] Request (QuotasAdminTestV257:setUpClass): 201 POST http://10.180.1.21/identity/v3/auth/tokens 0.613s
2025-11-23 04:27:41.589 66209 INFO tempest.lib.common.rest_client [req-a96b9513-1482-47ee-9d4f-6f14917c7f04 req-a96b9513-1482-47ee-9d4f-6f14917c7f04 ] Request (QuotaClassesAdmin257Test:tearDownClass): 200 GET http://10.180.1.21/networking/v2.0/security-groups?tenant_id=92413e8000aa43e98ca7e21a7a91eddd&name=default 0.091s
2025-11-23 04:27:41.590 66201 INFO tempest.lib.common.rest_client [req-19afd904-e7e1-4407-b546-048aa43190b8 req-19afd904-e7e1-4407-b546-048aa43190b8 ] Request (QuotasAdminNegativeTest:setUpClass): 201 POST http://10.180.1.21/identity/v3/auth/tokens 0.613s
2025-11-23 04:27:41.603 66241 INFO tempest.lib.common.rest_client [req-815c0cff-d73b-435d-bd64-1e64918b4408 req-815c0cff-d73b-435d-bd64-1e64918b4408 ] Request (FloatingIPsTestJSON:setUpClass): 201 POST http://10.180.1.21/identity/v3/auth/tokens 0.605s
2025-11-23 04:27:41.622 66227 INFO tempest.lib.common.rest_client [req-0e0ae99d-f66c-477c-870c-6a41beea72a4 req-0e0ae99d-f66c-477c-870c-6a41beea72a4 ] Request (FlavorMetadataValidation:setUpClass): 200 GET http://10.180.1.21/identity/v3/domains?name=Default 0.579s
2025-11-23 04:27:41.643 66195 INFO tempest.lib.common.rest_client [req-539d7fb2-d01c-4788-afc0-724dc4f4864f req-539d7fb2-d01c-4788-afc0-724dc4f4864f ] Request (AZAdminNegativeTestJSON:tearDownClass): 204 DELETE http://10.180.1.21/identity/v3/users/f178df36181a4510b61b9a2ba2e60e7d 0.602s
2025-11-23 04:27:41.643 66195 INFO tempest.lib.common.dynamic_creds [-] Deleting project and security group for project: 963d2d2bc1ae47d8bf1ec329945e9377
2025-11-23 04:27:41.661 66209 INFO tempest.lib.common.rest_client [req-c298440a-3a80-4143-8851-9adb9e5aee6f req-c298440a-3a80-4143-8851-9adb9e5aee6f ] Request (QuotaClassesAdmin257Test:tearDownClass): 204 DELETE http://10.180.1.21/networking/v2.0/security-groups/dfe4bc8b-e1e5-446c-844e-05f6c37951cc 0.071s
2025-11-23 04:27:41.678 66207 INFO tempest.lib.common.rest_client [req-5a808f7c-0aa3-4051-8a71-8f2486158ab1 req-5a808f7c-0aa3-4051-8a71-8f2486158ab1 ] Request (AZAdminV2TestJSON:setUpClass): 201 POST http://10.180.1.21/identity/v3/users 0.581s
2025-11-23 04:27:41.694 66185 INFO tempest.lib.common.rest_client [req-8a67deb5-6973-488a-b69b-7b0056930c5f req-8a67deb5-6973-488a-b69b-7b0056930c5f ] Request (ServersWithSpecificFlavorTestJSON:setUpClass): 201 POST http://10.180.1.21/identity/v3/users 0.542s
2025-11-23 04:27:41.699 66231 INFO tempest.lib.common.rest_client [req-3e0ebbfe-cdbe-4451-8fe0-b9116d71e9e5 req-3e0ebbfe-cdbe-4451-8fe0-b9116d71e9e5 ] Request (FlavorsV2TestJSON:setUpClass): 201 POST http://10.180.1.21/identity/v3/auth/tokens 0.499s
