2025-11-23 04:31:31.244 66209 INFO tempest.lib.common.rest_client [req-61a85935-203f-4c4d-a296-6b6ca1de50ca req-61a85935-203f-4c4d-a296-6b6ca1de50ca ] Request (ServerGroupTestJSON:tearDownClass): 204 DELETE http://10.180.1.21/networking/v2.0/routers/3136f0a1-2877-4c04-83b1-2afd19238d09 0.986s
2025-11-23 04:31:31.463 66193 INFO tempest.lib.common.rest_client [req-dcf8fb27-665a-4413-96c1-d2ae22321b8e req-dcf8fb27-665a-4413-96c1-d2ae22321b8e ] Request (ServersNegativeTestMultiTenantJSON:tearDownClass): 204 DELETE http://10.180.1.21/networking/v2.0/networks/461416fb-f4f4-456e-8afc-1a5eba4e97ce 0.415s
2025-11-23 04:31:31.499 66189 INFO tempest.lib.common.rest_client [req-4a46a9c5-b230-4841-a2d0-91db1437975e req-4a46a9c5-b230-4841-a2d0-91db1437975e ] Request (ServersAdminTestJSON:setUpClass): 200 GET http://10.180.1.21/compute/v2.1/servers/2245b178-432d-4131-8b7a-0d5636652547 4.688s
2025-11-23 04:31:31.507 66189 INFO tempest.common.waiters [-] State transition "BUILD/scheduling" ==> "BUILD/None" after 14 second wait
2025-11-23 04:31:31.509 66229 INFO tempest.lib.common.rest_client [req-af5662de-dc62-4fba-b5e5-0d048f756258 req-af5662de-dc62-4fba-b5e5-0d048f756258 ] Request (ServerActionsV293TestJSON:tearDownClass): 200 GET http://10.180.1.21/compute/v2.1/servers/6da326d9-fef6-421c-a171-995118e260af 4.496s
2025-11-23 04:31:31.519 66229 INFO tempest.common.waiters [-] State transition "ERROR/deleting" ==> "DELETED/None" after 5 second wait
2025-11-23 04:31:31.624 66193 INFO tempest.lib.common.rest_client [req-c7c88451-c450-4b47-a242-031fd4627183 req-c7c88451-c450-4b47-a242-031fd4627183 ] Request (ServersNegativeTestMultiTenantJSON:tearDownClass): 204 DELETE http://10.180.1.21/identity/v3/users/6abcf2fcb336433db5bb6fd1929c0e89 0.160s
2025-11-23 04:31:31.635 66235 INFO tempest.lib.common.rest_client [req-9eac8e43-7103-4f85-9a07-653ad57ff842 req-9eac8e43-7103-4f85-9a07-653ad57ff842 ] Request (ServersTestJSON:test_create_server_with_ipv6_addr_only): 200 GET http://10.180.1.21/compute/v2.1/servers/b9d82e03-a213-489e-b8e2-cddc5b6300e3 4.077s
2025-11-23 04:31:31.643 66199 INFO tempest.lib.common.rest_client [req-d6742f35-76f4-4536-a050-7a1bbbec9b46 req-d6742f35-76f4-4536-a050-7a1bbbec9b46 ] Request (ServerMetadataNegativeTestJSON:test_set_server_metadata_blank_key): 400 PUT http://10.180.1.21/compute/v2.1/servers/d7e7c349-fe4d-4d07-a1de-17fb5c2a2a27/metadata 4.073s
2025-11-23 04:31:31.651 66223 INFO tempest.lib.common.rest_client [req-5b9c90fb-9244-4044-b196-acd5e24a6bf3 req-5b9c90fb-9244-4044-b196-acd5e24a6bf3 ] Request (ListImageFiltersTestJSON:tearDownClass): 204 DELETE http://10.180.1.21/compute/v2.1/images/d75117ac-17e7-44a1-ab25-ab5c54129e0c 4.341s
2025-11-23 04:31:31.687 66209 INFO tempest.lib.common.rest_client [req-9bec9bc1-f2ea-4653-be19-107804ab2adf req-9bec9bc1-f2ea-4653-be19-107804ab2adf ] Request (ServerGroupTestJSON:tearDownClass): 204 DELETE http://10.180.1.21/networking/v2.0/subnets/03efb60b-5055-4715-9e24-29fbb332db7f 0.443s
2025-11-23 04:31:31.749 66193 INFO tempest.lib.common.rest_client [req-57b79f3e-01ea-4ead-9e45-8ab3ea5dc683 req-57b79f3e-01ea-4ead-9e45-8ab3ea5dc683 ] Request (ServersNegativeTestMultiTenantJSON:tearDownClass): 204 DELETE http://10.180.1.21/identity/v3/users/78a7867776794957bba82af54cb0da19 0.124s
2025-11-23 04:31:31.749 66193 INFO tempest.lib.common.dynamic_creds [-] Deleting project and security group for project: 53cba2d7ffbd4fa1aecb4682c56c7acc
2025-11-23 04:31:31.803 66203 INFO tempest.lib.common.rest_client [req-7ae20b4a-7a41-451c-99b0-80211ebc3897 req-7ae20b4a-7a41-451c-99b0-80211ebc3897 ] Request (ServersTestMultiNic:test_verify_multiple_nics_order): 200 GET http://10.180.1.21/compute/v2.1/servers/9cf0f978-93f0-46d2-9fb2-dab8e752ff1a 3.618s
2025-11-23 04:31:31.828 66193 INFO tempest.lib.common.rest_client [req-92c82364-e796-4f04-bbb5-89f24392d5ed req-92c82364-e796-4f04-bbb5-89f24392d5ed ] Request (ServersNegativeTestMultiTenantJSON:tearDownClass): 200 GET http://10.180.1.21/networking/v2.0/security-groups?tenant_id=53cba2d7ffbd4fa1aecb4682c56c7acc&name=default 0.078s
2025-11-23 04:31:31.866 66207 INFO tempest.lib.common.rest_client [req-6df746a4-896d-4fac-aa53-b7dbf0873708 req-6df746a4-896d-4fac-aa53-b7dbf0873708 ] Request (ServerRescueNegativeTestJSON:setUpClass): 200 GET http://10.180.1.21/compute/v2.1/servers/5f5fc67b-b232-42f4-b179-188ebaaa48b4 4.104s
2025-11-23 04:31:31.874 66207 INFO tempest.common.waiters [-] State transition "BUILD/spawning" ==> "ACTIVE/None" after 36 second wait
2025-11-23 04:31:31.955 66209 INFO tempest.lib.common.rest_client [req-7856ff0a-710c-4b79-b7ae-e3b23242b7e3 req-7856ff0a-710c-4b79-b7ae-e3b23242b7e3 ] Request (ServerGroupTestJSON:tearDownClass): 204 DELETE http://10.180.1.21/networking/v2.0/networks/bc06df3d-da96-4e9d-b901-20a3ba1e2fae 0.267s
2025-11-23 04:31:31.978 66247 INFO tempest.lib.common.rest_client [req-d33f88a7-fa84-43de-8ca9-d6562b9a9cc9 req-d33f88a7-fa84-43de-8ca9-d6562b9a9cc9 ] Request (ListServerFiltersTestJSON:setUpClass): 200 GET http://10.180.1.21/compute/v2.1/servers/2c0db17b-3368-4c5d-b30c-a45277b0f2e8 3.522s
2025-11-23 04:31:31.994 66193 INFO tempest.lib.common.rest_client [req-8ef27603-6425-4cce-84c6-f3df2840a106 req-8ef27603-6425-4cce-84c6-f3df2840a106 ] Request (ServersNegativeTestMultiTenantJSON:tearDownClass): 204 DELETE http://10.180.1.21/networking/v2.0/security-groups/f9e31079-c5dc-412b-9690-350e11043a57 0.166s
2025-11-23 04:31:32.017 66241 INFO tempest.lib.common.rest_client [req-24981999-daad-47be-ae78-6df032e7c5d0 req-24981999-daad-47be-ae78-6df032e7c5d0 ] Request (SecurityGroupsTestJSON:test_server_security_groups): 200 GET http://10.180.1.21/compute/v2.1/servers/210d3432-3cf6-4ef3-951e-30e2e9eaa702 3.448s
2025-11-23 04:31:32.132 66205 INFO tempest.lib.common.rest_client [req-f5b38fed-1e33-4617-b45f-3df61c4696c1 req-f5b38fed-1e33-4617-b45f-3df61c4696c1 ] Request (ImagesOneServerNegativeTestJSON:_run_cleanups): 200 GET http://10.180.1.21/compute/v2.1/servers/136c9efc-4141-4a98-a0ea-241cb231cb68 3.125s
2025-11-23 04:31:32.143 66205 INFO tempest.common.waiters [-] State transition "BUILD/scheduling" ==> "BUILD/None" after 14 second wait
2025-11-23 04:31:32.151 66193 INFO tempest.lib.common.rest_client [req-99dd0f72-1708-4078-95cd-907b2c9624f7 req-99dd0f72-1708-4078-95cd-907b2c9624f7 ] Request (ServersNegativeTestMultiTenantJSON:tearDownClass): 204 DELETE http://10.180.1.21/identity/v3/projects/53cba2d7ffbd4fa1aecb4682c56c7acc 0.156s
2025-11-23 04:31:32.151 66193 INFO tempest.lib.common.dynamic_creds [-] Deleting project and security group for project: efb6ee71091c471e823c7759648bc848
2025-11-23 04:31:32.169 66209 INFO tempest.lib.common.rest_client [req-c9386de7-c7f6-4e82-bcb7-fd2f266c45d6 req-c9386de7-c7f6-4e82-bcb7-fd2f266c45d6 ] Request (ServerGroupTestJSON:tearDownClass): 204 DELETE http://10.180.1.21/identity/v3/users/ee52ec06fadc40bbb27a19ee613ee342 0.213s
2025-11-23 04:31:32.169 66209 INFO tempest.lib.common.dynamic_creds [-] Deleting project and security group for project: 480930cdbf3d458ba38204575bae8cef
2025-11-23 04:31:32.209 66193 INFO tempest.lib.common.rest_client [req-630f8ab7-0a72-4216-9481-07e6569b9e28 req-630f8ab7-0a72-4216-9481-07e6569b9e28 ] Request (ServersNegativeTestMultiTenantJSON:tearDownClass): 200 GET http://10.180.1.21/networking/v2.0/security-groups?tenant_id=efb6ee71091c471e823c7759648bc848&name=default 0.057s
2025-11-23 04:31:32.233 66209 INFO tempest.lib.common.rest_client [req-cc4e5e59-3b9f-4caa-8c0a-7673b2c38e4f req-cc4e5e59-3b9f-4caa-8c0a-7673b2c38e4f ] Request (ServerGroupTestJSON:tearDownClass): 200 GET http://10.180.1.21/networking/v2.0/security-groups?tenant_id=480930cdbf3d458ba38204575bae8cef&name=default 0.063s
2025-11-23 04:31:32.261 66211 WARNING tempest.lib.common.ssh [-] Failed to establish authenticated ssh connection to cirros@10.180.180.144 ([Errno None] Unable to connect to port 22 on 10.180.180.144). Number attempts: 5. Retry after 6 seconds.: paramiko.ssh_exception.NoValidConnectionsError: [Errno None] Unable to connect to port 22 on 10.180.180.144
2025-11-23 04:31:32.284 66245 INFO tempest.lib.common.rest_client [req-ced0d74c-26e0-48d8-b5fc-912ff88110a8 req-ced0d74c-26e0-48d8-b5fc-912ff88110a8 ] Request (ServersTestManualDisk:setUpClass): 200 GET http://10.180.1.21/compute/v2.1/servers/dc5b9b37-d997-438c-be2c-700abe0a9b91 3.262s
2025-11-23 04:31:32.384 66193 INFO tempest.lib.common.rest_client [req-2d466cd6-2d57-42ec-bf12-221fdf03f781 req-2d466cd6-2d57-42ec-bf12-221fdf03f781 ] Request (ServersNegativeTestMultiTenantJSON:tearDownClass): 204 DELETE http://10.180.1.21/networking/v2.0/security-groups/6e280ab7-4001-4ae7-9e50-20d92cf3cb74 0.175s
2025-11-23 04:31:32.390 66209 INFO tempest.lib.common.rest_client [req-7ef24b8c-50d0-45d8-ab14-38a4505fc695 req-7ef24b8c-50d0-45d8-ab14-38a4505fc695 ] Request (ServerGroupTestJSON:tearDownClass): 204 DELETE http://10.180.1.21/networking/v2.0/security-groups/f91c1769-bc39-4795-817c-aa74a5ea4140 0.156s
2025-11-23 04:31:32.463 66221 INFO tempest.lib.common.rest_client [req-9fef3b6b-763b-45c6-9386-69a71358fd3e req-9fef3b6b-763b-45c6-9386-69a71358fd3e ] Request (ServerActionsTestJSON:setUpClass): 200 GET http://10.180.1.21/compute/v2.1/servers/f1b0a28c-9918-4ed3-8424-e3207a4d290e 2.959s
2025-11-23 04:31:32.516 66209 INFO tempest.lib.common.rest_client [req-e76f0f4e-da39-4be8-a0d7-05dba95ad405 req-e76f0f4e-da39-4be8-a0d7-05dba95ad405 ] Request (ServerGroupTestJSON:tearDownClass): 204 DELETE http://10.180.1.21/identity/v3/projects/480930cdbf3d458ba38204575bae8cef 0.126s
2025-11-23 04:31:32.529 66193 INFO tempest.lib.common.rest_client [req-69f68fb8-9947-4897-9baf-69b659413add req-69f68fb8-9947-4897-9baf-69b659413add ] Request (ServersNegativeTestMultiTenantJSON:tearDownClass): 204 DELETE http://10.180.1.21/identity/v3/projects/efb6ee71091c471e823c7759648bc848 0.144s
2025-11-23 04:31:32.548 66219 INFO tempest.lib.common.rest_client [req-4ede14ab-c8e5-43e7-8eab-0ac6c709eb07 req-4ede14ab-c8e5-43e7-8eab-0ac6c709eb07 ] Request (ImagesTestJSON:test_create_server_from_snapshot): 200 GET http://10.180.1.21/compute/v2.1/servers/2e61a4e5-7410-40dd-a8d7-09a918431d8f 3.022s
2025-11-23 04:31:32.589 66239 INFO tempest.lib.common.rest_client [req-cd978c52-19b0-4070-9e0b-5c6955b27f86 req-cd978c52-19b0-4070-9e0b-5c6955b27f86 ] Request (ServerDiskConfigTestJSON:test_resize_server_from_auto_to_manual): 202 POST http://10.180.1.21/compute/v2.1/servers 3.875s
2025-11-23 04:31:32.607 66209 INFO tempest.lib.common.rest_client [req-a3482404-bd2b-4d58-8436-cc054ddbc36a req-a3482404-bd2b-4d58-8436-cc054ddbc36a ] Request (ServersListShow298Test:setUpClass): 201 POST http://10.180.1.21/identity/v3/auth/tokens 0.088s
2025-11-23 04:31:32.632 66193 INFO tempest.lib.common.rest_client [req-8bca2d6d-206a-4ff8-b7c0-bd65c7b82f99 req-8bca2d6d-206a-4ff8-b7c0-bd65c7b82f99 ] Request (VolumesSnapshotsTestJSON:setUpClass): 201 POST http://10.180.1.21/identity/v3/auth/tokens 0.101s
2025-11-23 04:31:32.657 66209 INFO tempest.lib.common.rest_client [req-9c19a13d-ae4b-4889-b028-2740ef9e921f req-9c19a13d-ae4b-4889-b028-2740ef9e921f ] Request (ServersListShow298Test:setUpClass): 201 POST http://10.180.1.21/identity/v3/auth/tokens 0.047s
2025-11-23 04:31:32.688 66193 INFO tempest.lib.common.rest_client [req-32d2ce3c-e3d1-46ca-bb23-ba0064680d83 req-32d2ce3c-e3d1-46ca-bb23-ba0064680d83 ] Request (VolumesSnapshotsTestJSON:setUpClass): 201 POST http://10.180.1.21/identity/v3/auth/tokens 0.054s
2025-11-23 04:31:32.714 66209 INFO tempest.lib.common.rest_client [req-a692b785-5abc-46ed-abff-716419660d86 req-a692b785-5abc-46ed-abff-716419660d86 ] Request (ServersListShow298Test:setUpClass): 200 GET http://10.180.1.21/identity/v3/domains?name=Default 0.056s
2025-11-23 04:31:32.715 66213 INFO tempest.lib.common.rest_client [req-8e4ef673-192d-4f44-9d08-b2928fcfc316 req-8e4ef673-192d-4f44-9d08-b2928fcfc316 ] Request (AttachInterfacesTestJSON:test_create_list_show_delete_interfaces_by_network_port): 200 GET http://10.180.1.21/compute/v2.1/servers/a826eca5-ab99-4a14-a98f-5f7c67383985/os-interface 1.543s
2025-11-23 04:31:32.739 66193 INFO tempest.lib.common.rest_client [req-95c9c027-558e-4737-a12e-5677a47d2875 req-95c9c027-558e-4737-a12e-5677a47d2875 ] Request (VolumesSnapshotsTestJSON:setUpClass): 200 GET http://10.180.1.21/identity/v3/domains?name=Default 0.050s
2025-11-23 04:31:32.747 66209 INFO tempest.lib.common.rest_client [req-7a90efe7-fe75-4947-820a-9c0fb7aec3d0 req-7a90efe7-fe75-4947-820a-9c0fb7aec3d0 ] Request (ServersListShow298Test:setUpClass): 201 POST http://10.180.1.21/identity/v3/projects 0.033s
2025-11-23 04:31:32.771 66195 INFO tempest.lib.common.rest_client [req-ab9df9a2-7556-43b7-9062-9ceb154d91b6 req-ab9df9a2-7556-43b7-9062-9ceb154d91b6 ] Request (ValidationResourcesFixture:setUp): 200 POST http://10.180.1.21/compute/v2.1/os-keypairs 3.215s
2025-11-23 04:31:32.810 66193 INFO tempest.lib.common.rest_client [req-70a87df7-6d03-4162-95d1-39e23e3db840 req-70a87df7-6d03-4162-95d1-39e23e3db840 ] Request (VolumesSnapshotsTestJSON:setUpClass): 201 POST http://10.180.1.21/identity/v3/projects 0.070s
2025-11-23 04:31:32.815 66209 INFO tempest.lib.common.rest_client [req-d853b672-b293-4b25-92b2-c7f6698c7851 req-d853b672-b293-4b25-92b2-c7f6698c7851 ] Request (ServersListShow298Test:setUpClass): 201 POST http://10.180.1.21/identity/v3/users 0.066s
2025-11-23 04:31:32.818 66197 INFO tempest.lib.common.rest_client [req-cae25170-4237-4c3c-b854-e79980314f65 req-cae25170-4237-4c3c-b854-e79980314f65 ] Request (AttachInterfacesUnderV243Test:test_add_remove_fixed_ip): 200 GET http://10.180.1.21/compute/v2.1/servers/e5d1e2cb-8800-4496-86d3-1b9339772125/os-interface 1.636s
2025-11-23 04:31:32.882 66209 INFO tempest.lib.common.rest_client [req-f865510c-96fa-411a-9c8b-1a03e3b125fc req-f865510c-96fa-411a-9c8b-1a03e3b125fc ] Request (ServersListShow298Test:setUpClass): 200 GET http://10.180.1.21/identity/v3/roles 0.067s
2025-11-23 04:31:32.897 66193 INFO tempest.lib.common.rest_client [req-e25549c5-f4b5-423b-9b46-1133fcd6d09f req-e25549c5-f4b5-423b-9b46-1133fcd6d09f ] Request (VolumesSnapshotsTestJSON:setUpClass): 201 POST http://10.180.1.21/identity/v3/users 0.087s
2025-11-23 04:31:32.909 66209 INFO tempest.lib.common.rest_client [req-23fb043f-3351-45a0-91d4-67c348ac004c req-23fb043f-3351-45a0-91d4-67c348ac004c ] Request (ServersListShow298Test:setUpClass): 204 PUT http://10.180.1.21/identity/v3/projects/dc2bffa9c8104cbdaedf35d3a04b8b0f/users/659854b2e85d44ae9118976109631a2d/roles/489f4817dc6b4c5bb58196a9ba1142ff 0.026s
2025-11-23 04:31:32.909 66209 INFO tempest.lib.common.dynamic_creds [-] Dynamic test user 659854b2e85d44ae9118976109631a2d is created with scope project and roles: ['member']
2025-11-23 04:31:32.910 66209 INFO tempest.lib.common.dynamic_creds [-] Acquired dynamic creds: credentials: Credentials: {'domain_id': 'default', 'domain_name': 'Default', 'username': 'tempest-ServersListShow298Test-413294388-project-member', 'project_domain_id': 'default', 'project_domain_name': 'Default', 'project_id': 'dc2bffa9c8104cbdaedf35d3a04b8b0f', 'project_name': 'tempest-ServersListShow298Test-413294388', 'tenant_id': 'dc2bffa9c8104cbdaedf35d3a04b8b0f', 'tenant_name': 'tempest-ServersListShow298Test-413294388', 'user_domain_id': 'default', 'user_domain_name': 'Default', 'user_id': '659854b2e85d44ae9118976109631a2d', 'system': None}, Network: None, Subnet: None, Router: None
2025-11-23 04:31:32.910 66209 INFO tempest.lib.common.dynamic_creds [-] Created isolated network resources for: credentials: Credentials: {'domain_id': 'default', 'domain_name': 'Default', 'username': 'tempest-ServersListShow298Test-413294388-project-member', 'project_domain_id': 'default', 'project_domain_name': 'Default', 'project_id': 'dc2bffa9c8104cbdaedf35d3a04b8b0f', 'project_name': 'tempest-ServersListShow298Test-413294388', 'tenant_id': 'dc2bffa9c8104cbdaedf35d3a04b8b0f', 'tenant_name': 'tempest-ServersListShow298Test-413294388', 'user_domain_id': 'default', 'user_domain_name': 'Default', 'user_id': '659854b2e85d44ae9118976109631a2d', 'system': None}, Network: None, Subnet: None, Router: None
2025-11-23 04:31:32.917 66193 INFO tempest.lib.common.rest_client [req-c1199053-7900-453d-bd08-a9d00b5119ed req-c1199053-7900-453d-bd08-a9d00b5119ed ] Request (VolumesSnapshotsTestJSON:setUpClass): 200 GET http://10.180.1.21/identity/v3/roles 0.019s
2025-11-23 04:31:32.954 66195 INFO tempest.lib.common.rest_client [req-977695bc-1363-4a5d-9f94-70ae08569f2d req-977695bc-1363-4a5d-9f94-70ae08569f2d ] Request (ValidationResourcesFixture:setUp): 201 POST http://10.180.1.21/networking/v2.0/security-groups 0.182s
2025-11-23 04:31:32.991 66187 INFO tempest.lib.common.rest_client [req-3680c224-ce1f-4de8-9fd3-402af16d3efe req-3680c224-ce1f-4de8-9fd3-402af16d3efe ] Request (ServersAaction247Test:tearDownClass): 200 GET http://10.180.1.21/compute/v2.1/servers/90a5af16-3f4b-49a0-b1f4-aa9086e449fd 1.689s
2025-11-23 04:31:32.991 66193 INFO tempest.lib.common.rest_client [req-30c710a7-508d-4bb2-934e-fbd873494969 req-30c710a7-508d-4bb2-934e-fbd873494969 ] Request (VolumesSnapshotsTestJSON:setUpClass): 204 PUT http://10.180.1.21/identity/v3/projects/6c9c04860de7441ea85e7c75735e0512/users/8250d41065d94836b08fce5d2a3d483f/roles/489f4817dc6b4c5bb58196a9ba1142ff 0.073s
2025-11-23 04:31:32.991 66193 INFO tempest.lib.common.dynamic_creds [-] Dynamic test user 8250d41065d94836b08fce5d2a3d483f is created with scope project and roles: ['member']
2025-11-23 04:31:32.991 66193 INFO tempest.lib.common.dynamic_creds [-] Acquired dynamic creds: credentials: Credentials: {'domain_id': 'default', 'domain_name': 'Default', 'username': 'tempest-VolumesSnapshotsTestJSON-105547075-project-member', 'project_domain_id': 'default', 'project_domain_name': 'Default', 'project_id': '6c9c04860de7441ea85e7c75735e0512', 'project_name': 'tempest-VolumesSnapshotsTestJSON-105547075', 'tenant_id': '6c9c04860de7441ea85e7c75735e0512', 'tenant_name': 'tempest-VolumesSnapshotsTestJSON-105547075', 'user_domain_id': 'default', 'user_domain_name': 'Default', 'user_id': '8250d41065d94836b08fce5d2a3d483f', 'system': None}, Network: None, Subnet: None, Router: None
2025-11-23 04:31:32.992 66193 INFO tempest.lib.common.dynamic_creds [-] Created isolated network resources for: credentials: Credentials: {'domain_id': 'default', 'domain_name': 'Default', 'username': 'tempest-VolumesSnapshotsTestJSON-105547075-project-member', 'project_domain_id': 'default', 'project_domain_name': 'Default', 'project_id': '6c9c04860de7441ea85e7c75735e0512', 'project_name': 'tempest-VolumesSnapshotsTestJSON-105547075', 'tenant_id': '6c9c04860de7441ea85e7c75735e0512', 'tenant_name': 'tempest-VolumesSnapshotsTestJSON-105547075', 'user_domain_id': 'default', 'user_domain_name': 'Default', 'user_id': '8250d41065d94836b08fce5d2a3d483f', 'system': None}, Network: None, Subnet: None, Router: None
2025-11-23 04:31:32.993 66199 INFO tempest.lib.common.rest_client [req-016d4c13-c4f8-46ba-a9b2-5a946e5d5a62 req-016d4c13-c4f8-46ba-a9b2-5a946e5d5a62 ] Request (ServerMetadataNegativeTestJSON:test_set_server_metadata_missing_metadata): 400 PUT http://10.180.1.21/compute/v2.1/servers/d7e7c349-fe4d-4d07-a1de-17fb5c2a2a27/metadata 1.348s
2025-11-23 04:31:32.996 66237 INFO tempest.lib.common.rest_client [req-5f82d10d-eec6-4492-89e6-71d482669bd8 req-5f82d10d-eec6-4492-89e6-71d482669bd8 ] Request (ImagesOneServerTestJSON:tearDownClass): 200 GET http://10.180.1.21/compute/v2.1/servers/1e7f21a7-d044-4d34-aeb6-16701fc8d289 1.682s
2025-11-23 04:31:33.016 66209 INFO tempest.lib.common.rest_client [req-d1ca7ff1-519d-44dc-b433-853424161678 req-d1ca7ff1-519d-44dc-b433-853424161678 ] Request (ServersListShow298Test:setUpClass): 201 POST http://10.180.1.21/identity/v3/auth/tokens 0.103s
2025-11-23 04:31:33.089 66209 INFO tempest.lib.common.rest_client [req-3448620e-f196-4944-bf48-3f649b5bf9c2 req-3448620e-f196-4944-bf48-3f649b5bf9c2 ] Request (ServersListShow298Test:test_list_show_update_rebuild_server_298): 201 POST http://10.180.1.21/identity/v3/auth/tokens 0.067s
2025-11-23 04:31:33.089 66193 INFO tempest.lib.common.rest_client [req-4a5d7a2a-5315-45f0-94b8-faadb3744d59 req-4a5d7a2a-5315-45f0-94b8-faadb3744d59 ] Request (VolumesSnapshotsTestJSON:setUpClass): 201 POST http://10.180.1.21/identity/v3/auth/tokens 0.094s
2025-11-23 04:31:33.092 66209 INFO tempest.lib.common.fixed_network [-] (ServersListShow298Test:test_list_show_update_rebuild_server_298) Found network None available for tenant
2025-11-23 04:31:33.112 66223 INFO tempest.lib.common.rest_client [req-8c458ba2-a0c4-4734-a3ce-65679fa9bff2 req-8c458ba2-a0c4-4734-a3ce-65679fa9bff2 ] Request (ListImageFiltersTestJSON:tearDownClass): 204 DELETE http://10.180.1.21/compute/v2.1/servers/d3834d07-9493-4d9e-9aef-bbef9fdd1454 1.460s
2025-11-23 04:31:33.155 66195 INFO tempest.lib.common.rest_client [req-f9bd2d59-d697-49ff-87c7-46930588ebc0 req-f9bd2d59-d697-49ff-87c7-46930588ebc0 ] Request (ValidationResourcesFixture:setUp): 201 POST http://10.180.1.21/networking/v2.0/security-group-rules 0.200s
2025-11-23 04:31:33.165 66207 INFO tempest.lib.common.rest_client [req-5d878dde-31c4-4d55-80a8-be919b1efdd9 req-5d878dde-31c4-4d55-80a8-be919b1efdd9 ] Request (ServerRescueNegativeTestJSON:setUpClass): 200 POST http://10.180.1.21/compute/v2.1/servers/5f5fc67b-b232-42f4-b179-188ebaaa48b4/action 1.290s
2025-11-23 04:31:33.349 66195 INFO tempest.lib.common.rest_client [req-b290bce3-3e89-4351-9585-f6c39e81c102 req-b290bce3-3e89-4351-9585-f6c39e81c102 ] Request (ValidationResourcesFixture:setUp): 201 POST http://10.180.1.21/networking/v2.0/security-group-rules 0.193s
2025-11-23 04:31:33.379 66185 INFO tempest.lib.common.rest_client [req-ab50b13b-5a03-467c-ab2e-57294ff914fe req-ab50b13b-5a03-467c-ab2e-57294ff914fe ] Request (ServersWithSpecificFlavorTestJSON:test_verify_created_server_ephemeral_disk): 200 GET http://10.180.1.21/compute/v2.1/servers/8ce6d2ee-94a5-4eef-b9f7-99a4e45ad127 1.460s
2025-11-23 04:31:33.389 66249 INFO tempest.lib.common.rest_client [req-eb732282-81eb-4bff-a05b-a758a2a3d474 req-eb732282-81eb-4bff-a05b-a758a2a3d474 ] Request (InstanceActionsTestJSON:setUpClass): 200 GET http://10.180.1.21/compute/v2.1/servers/a92730b6-fca2-4a42-8d4e-0c70d509bad5 1.191s
2025-11-23 04:31:33.454 66213 INFO tempest.lib.common.rest_client [req-0d43b30a-303f-4863-879a-01b80f847c62 req-0d43b30a-303f-4863-879a-01b80f847c62 ] Request (AttachInterfacesTestJSON:test_create_list_show_delete_interfaces_by_network_port): 200 PUT http://10.180.1.21/networking/v2.0/floatingips/ce8c1ff3-34ae-4896-b50f-9e0b54376fda 0.737s
2025-11-23 04:31:33.481 66189 INFO tempest.lib.common.rest_client [req-a9d588f5-99e8-4395-a8f1-f208b1802ffb req-a9d588f5-99e8-4395-a8f1-f208b1802ffb ] Request (ServersAdminTestJSON:setUpClass): 200 GET http://10.180.1.21/compute/v2.1/servers/2245b178-432d-4131-8b7a-0d5636652547 0.973s
2025-11-23 04:31:33.508 66229 INFO tempest.lib.common.rest_client [req-258ff02e-9847-487b-bc40-9d842cc8c39c req-258ff02e-9847-487b-bc40-9d842cc8c39c ] Request (ServerActionsV293TestJSON:tearDownClass): 200 GET http://10.180.1.21/compute/v2.1/servers/6da326d9-fef6-421c-a171-995118e260af 0.988s
2025-11-23 04:31:33.538 66239 INFO tempest.lib.common.rest_client [req-11b05036-c8e5-4b4f-b7bc-1ded1011c20b req-11b05036-c8e5-4b4f-b7bc-1ded1011c20b ] Request (ServerDiskConfigTestJSON:test_resize_server_from_auto_to_manual): 200 GET http://10.180.1.21/compute/v2.1/servers/763ccacd-c45c-41de-a074-93c2a8e3c7ed 0.947s
2025-11-23 04:31:33.568 66235 INFO tempest.lib.common.rest_client [req-414915b2-89f0-43e9-945e-4d52c1e698d9 req-414915b2-89f0-43e9-945e-4d52c1e698d9 ] Request (ServersTestJSON:test_create_server_with_ipv6_addr_only): 200 GET http://10.180.1.21/compute/v2.1/servers/b9d82e03-a213-489e-b8e2-cddc5b6300e3 0.910s
2025-11-23 04:31:33.598 66203 INFO tempest.lib.common.rest_client [req-675c742d-6c86-43da-a47a-e2222217f1ae req-675c742d-6c86-43da-a47a-e2222217f1ae ] Request (ServersTestMultiNic:test_verify_multiple_nics_order): 200 GET http://10.180.1.21/compute/v2.1/servers/9cf0f978-93f0-46d2-9fb2-dab8e752ff1a 0.785s
2025-11-23 04:31:33.686 66197 INFO tempest.lib.common.rest_client [req-9cbca87c-425d-4e1b-8e09-83a38a605012 req-9cbca87c-425d-4e1b-8e09-83a38a605012 ] Request (AttachInterfacesUnderV243Test:test_add_remove_fixed_ip): 200 GET http://10.180.1.21/compute/v2.1/servers/e5d1e2cb-8800-4496-86d3-1b9339772125/os-interface/17bc2453-c0b8-47c6-bd63-5578b7180b67 0.865s
2025-11-23 04:31:33.696 66199 INFO tempest.lib.common.rest_client [req-54b27ba1-69a2-41d9-9a5d-920807497595 req-54b27ba1-69a2-41d9-9a5d-920807497595 ] Request (ServerMetadataNegativeTestJSON:test_update_metadata_non_existent_server): 404 POST http://10.180.1.21/compute/v2.1/servers/9de46079-f3cd-46b0-96ec-f9e54e020afe/metadata 0.702s
2025-11-23 04:31:33.755 66247 INFO tempest.lib.common.rest_client [req-96e9ca6f-151e-4a25-a7e4-559fe0245902 req-96e9ca6f-151e-4a25-a7e4-559fe0245902 ] Request (ListServerFiltersTestJSON:setUpClass): 200 GET http://10.180.1.21/compute/v2.1/servers/2c0db17b-3368-4c5d-b30c-a45277b0f2e8 0.764s
2025-11-23 04:31:33.773 66241 INFO tempest.lib.common.rest_client [req-3361c9ed-d0ad-4639-9f37-5faf4472c70f req-3361c9ed-d0ad-4639-9f37-5faf4472c70f ] Request (SecurityGroupsTestJSON:test_server_security_groups): 200 GET http://10.180.1.21/compute/v2.1/servers/210d3432-3cf6-4ef3-951e-30e2e9eaa702 0.747s
2025-11-23 04:31:33.838 66195 INFO tempest.lib.common.rest_client [req-919146f3-82e6-4ad0-a5e1-7fdce0f52497 req-919146f3-82e6-4ad0-a5e1-7fdce0f52497 ] Request (ValidationResourcesFixture:setUp): 201 POST http://10.180.1.21/networking/v2.0/floatingips 0.488s
2025-11-23 04:31:33.896 66195 INFO tempest.lib.common.rest_client [req-93a27dd9-af09-4a59-a53b-b9af96299a7e req-93a27dd9-af09-4a59-a53b-b9af96299a7e ] Request (AttachVolumeTestJSON:test_attach_detach_volume): 201 POST http://10.180.1.21/identity/v3/auth/tokens 0.055s
2025-11-23 04:31:33.897 66195 INFO tempest.lib.common.fixed_network [-] (AttachVolumeTestJSON:test_attach_detach_volume) Found network {'id': '4221bb4f-d80f-49fb-aa07-3b1060a3206d', 'name': 'tempest-AttachVolumeTestJSON-1413371387-network', 'tenant_id': '3ee32917d7174f0ebdffb4a469ed2eb7', 'project_id': '3ee32917d7174f0ebdffb4a469ed2eb7', 'admin_state_up': True, 'mtu': 8950, 'status': 'ACTIVE', 'subnets': [], 'shared': False, 'port_security_enabled': True, 'router:external': False, 'provider:network_type': 'vlan', 'provider:physical_network': 'default', 'provider:segmentation_id': 388, 'availability_zone_hints': [], 'availability_zones': [], 'ipv4_address_scope': None, 'ipv6_address_scope': None, 'description': '', 'tags': [], 'created_at': '2025-11-23T04:31:26Z', 'updated_at': '2025-11-23T04:31:26Z', 'revision_number': 1} available for tenant
2025-11-23 04:31:33.937 66201 WARNING tempest.lib.common.ssh [-] Failed to establish authenticated ssh connection to cirros@10.180.180.218 ([Errno None] Unable to connect to port 22 on 10.180.180.218). Number attempts: 2. Retry after 3 seconds.: paramiko.ssh_exception.NoValidConnectionsError: [Errno None] Unable to connect to port 22 on 10.180.180.218
2025-11-23 04:31:33.950 66209 INFO tempest.lib.common.rest_client [req-39167dc3-61d9-43d4-a397-b626449f9406 req-39167dc3-61d9-43d4-a397-b626449f9406 ] Request (ServersListShow298Test:test_list_show_update_rebuild_server_298): 202 POST http://10.180.1.21/compute/v2.1/servers 0.857s
2025-11-23 04:31:34.086 66193 INFO tempest.lib.common.rest_client [req-5fa2f68e-1f0f-49b3-8c2f-cf51ee1bda04 req-5fa2f68e-1f0f-49b3-8c2f-cf51ee1bda04 ] Request (VolumesSnapshotsTestJSON:test_volume_snapshot_create_get_list_delete): 200 POST http://10.180.1.21/compute/v2.1/os-volumes 0.995s
2025-11-23 04:31:34.139 66223 INFO tempest.lib.common.rest_client [req-91987f61-2374-4cf3-b0e1-223637451982 req-91987f61-2374-4cf3-b0e1-223637451982 ] Request (ListImageFiltersTestJSON:tearDownClass): 200 GET http://10.180.1.21/compute/v2.1/servers/d3834d07-9493-4d9e-9aef-bbef9fdd1454 1.027s
2025-11-23 04:31:34.182 66205 INFO tempest.lib.common.rest_client [req-dc3c2637-a11a-4757-b0f6-0b870cf12a2a req-dc3c2637-a11a-4757-b0f6-0b870cf12a2a ] Request (ImagesOneServerNegativeTestJSON:_run_cleanups): 200 GET http://10.180.1.21/compute/v2.1/servers/136c9efc-4141-4a98-a0ea-241cb231cb68 1.038s
2025-11-23 04:31:34.286 66245 INFO tempest.lib.common.rest_client [req-5178945e-9925-4768-8711-32defa90d578 req-5178945e-9925-4768-8711-32defa90d578 ] Request (ServersTestManualDisk:setUpClass): 200 GET http://10.180.1.21/compute/v2.1/servers/dc5b9b37-d997-438c-be2c-700abe0a9b91 0.994s
2025-11-23 04:31:34.313 66207 INFO tempest.lib.common.rest_client [req-5f6e5d0c-b50e-4c64-8337-4ef1de46ecf4 req-5f6e5d0c-b50e-4c64-8337-4ef1de46ecf4 ] Request (ServerRescueNegativeTestJSON:setUpClass): 200 GET http://10.180.1.21/compute/v2.1/servers/5f5fc67b-b232-42f4-b179-188ebaaa48b4 1.147s
2025-11-23 04:31:34.370 66221 INFO tempest.lib.common.rest_client [req-a8299936-ac88-49fd-bf6e-123f5f794478 req-a8299936-ac88-49fd-bf6e-123f5f794478 ] Request (ServerActionsTestJSON:setUpClass): 200 GET http://10.180.1.21/compute/v2.1/servers/f1b0a28c-9918-4ed3-8424-e3207a4d290e 0.895s
2025-11-23 04:31:34.411 66213 INFO tempest.lib.common.rest_client [req-7674757e-6784-4547-ba19-54d1535a8ed9 req-7674757e-6784-4547-ba19-54d1535a8ed9 ] Request (AttachInterfacesTestJSON:test_create_list_show_delete_interfaces_by_network_port): 200 GET http://10.180.1.21/compute/v2.1/servers/a826eca5-ab99-4a14-a98f-5f7c67383985 0.956s
2025-11-23 04:31:34.423 66213 INFO tempest.lib.common.ssh [-] Creating ssh connection to '10.180.180.168:22' as 'cirros' with public key authentication
2025-11-23 04:31:34.442 66197 INFO tempest.lib.common.rest_client [req-986c2686-7e8c-4502-baee-adec9ab4e2eb req-986c2686-7e8c-4502-baee-adec9ab4e2eb ] Request (AttachInterfacesUnderV243Test:test_add_remove_fixed_ip): 200 GET http://10.180.1.21/compute/v2.1/servers/e5d1e2cb-8800-4496-86d3-1b9339772125/ips 0.752s
2025-11-23 04:31:34.447 66199 INFO tempest.lib.common.rest_client [req-15e2d4bd-7c05-4a95-a85f-d3c25ddc20d1 req-15e2d4bd-7c05-4a95-a85f-d3c25ddc20d1 ] Request (ServerMetadataNegativeTestJSON:test_update_metadata_with_blank_key): 400 POST http://10.180.1.21/compute/v2.1/servers/d7e7c349-fe4d-4d07-a1de-17fb5c2a2a27/metadata 0.750s
2025-11-23 04:31:34.453 66219 INFO tempest.lib.common.rest_client [req-674e33c9-1f44-46e0-a88d-3e5fac40856b req-674e33c9-1f44-46e0-a88d-3e5fac40856b ] Request (ImagesTestJSON:test_create_server_from_snapshot): 200 GET http://10.180.1.21/compute/v2.1/servers/2e61a4e5-7410-40dd-a8d7-09a918431d8f 0.896s
2025-11-23 04:31:34.530 66209 INFO tempest.lib.common.rest_client [req-012f4927-1f9f-4631-b8ad-ed8e440ac72e req-012f4927-1f9f-4631-b8ad-ed8e440ac72e ] Request (ServersListShow298Test:test_list_show_update_rebuild_server_298): 200 GET http://10.180.1.21/compute/v2.1/servers/9335f493-e014-44a1-84d1-8cf267fe0c80 0.578s
2025-11-23 04:31:34.608 66187 INFO tempest.lib.common.rest_client [req-018e45a8-8bdd-4efc-9c23-a306a90e9eb8 req-018e45a8-8bdd-4efc-9c23-a306a90e9eb8 ] Request (ServersAaction247Test:tearDownClass): 200 GET http://10.180.1.21/compute/v2.1/servers/90a5af16-3f4b-49a0-b1f4-aa9086e449fd 0.602s
2025-11-23 04:31:34.668 66237 INFO tempest.lib.common.rest_client [req-ab65ce64-ad09-4ec0-849d-8f8e8be22966 req-ab65ce64-ad09-4ec0-849d-8f8e8be22966 ] Request (ImagesOneServerTestJSON:tearDownClass): 200 GET http://10.180.1.21/compute/v2.1/servers/1e7f21a7-d044-4d34-aeb6-16701fc8d289 0.654s
2025-11-23 04:31:34.707 66193 INFO tempest.lib.common.rest_client [req-54ffd169-1992-4a08-b371-933abbd0619e req-54ffd169-1992-4a08-b371-933abbd0619e ] Request (VolumesSnapshotsTestJSON:test_volume_snapshot_create_get_list_delete): 200 GET http://10.180.1.21/compute/v2.1/os-volumes/ba141825-21aa-4d3c-be49-728f47c8ce4a 0.618s
2025-11-23 04:31:34.709 66193 INFO tempest.common.waiters [-] volume ba141825-21aa-4d3c-be49-728f47c8ce4a reached available after waiting for 0.709574 seconds
2025-11-23 04:31:34.758 66185 INFO tempest.lib.common.rest_client [req-6b08bc30-42f7-46e6-a3e1-2c3125e2bc5f req-6b08bc30-42f7-46e6-a3e1-2c3125e2bc5f ] Request (ServersWithSpecificFlavorTestJSON:test_verify_created_server_ephemeral_disk): 200 GET http://10.180.1.21/compute/v2.1/servers/8ce6d2ee-94a5-4eef-b9f7-99a4e45ad127 0.370s
2025-11-23 04:31:34.807 66249 INFO tempest.lib.common.rest_client [req-a5475fc2-10f1-4736-924d-83f0575b1b3b req-a5475fc2-10f1-4736-924d-83f0575b1b3b ] Request (InstanceActionsTestJSON:setUpClass): 200 GET http://10.180.1.21/compute/v2.1/servers/a92730b6-fca2-4a42-8d4e-0c70d509bad5 0.410s
2025-11-23 04:31:34.830 66195 INFO tempest.lib.common.rest_client [req-00b40a06-c484-416c-a072-07f3f93053a9 req-00b40a06-c484-416c-a072-07f3f93053a9 ] Request (AttachVolumeTestJSON:test_attach_detach_volume): 202 POST http://10.180.1.21/compute/v2.1/servers 0.932s
2025-11-23 04:31:34.835 66197 INFO tempest.lib.common.rest_client [req-506823bf-e215-4160-9b3b-dfea7793cc6f req-506823bf-e215-4160-9b3b-dfea7793cc6f ] Request (AttachInterfacesUnderV243Test:test_add_remove_fixed_ip): 202 POST http://10.180.1.21/compute/v2.1/servers/e5d1e2cb-8800-4496-86d3-1b9339772125/action 0.391s
2025-11-23 04:31:34.890 66189 INFO tempest.lib.common.rest_client [req-effeaf62-9316-4f48-833c-08c2ebb225ec req-effeaf62-9316-4f48-833c-08c2ebb225ec ] Request (ServersAdminTestJSON:setUpClass): 200 GET http://10.180.1.21/compute/v2.1/servers/2245b178-432d-4131-8b7a-0d5636652547 0.397s
2025-11-23 04:31:34.920 66199 INFO tempest.lib.common.rest_client [req-e526c416-b6a0-4076-bf39-cecac09cd759 req-e526c416-b6a0-4076-bf39-cecac09cd759 ] Request (ServerMetadataNegativeTestJSON:tearDownClass): 204 DELETE http://10.180.1.21/compute/v2.1/servers/d7e7c349-fe4d-4d07-a1de-17fb5c2a2a27 0.465s
2025-11-23 04:31:34.987 66239 INFO tempest.lib.common.rest_client [req-63ab9409-6b92-4acc-a21e-3826537da4ec req-63ab9409-6b92-4acc-a21e-3826537da4ec ] Request (ServerDiskConfigTestJSON:test_resize_server_from_auto_to_manual): 200 GET http://10.180.1.21/compute/v2.1/servers/763ccacd-c45c-41de-a074-93c2a8e3c7ed 0.437s
2025-11-23 04:31:35.064 66235 INFO tempest.lib.common.rest_client [req-ef2fabf5-fa0b-4d25-8b91-24f4467149ca req-ef2fabf5-fa0b-4d25-8b91-24f4467149ca ] Request (ServersTestJSON:test_create_server_with_ipv6_addr_only): 200 GET http://10.180.1.21/compute/v2.1/servers/b9d82e03-a213-489e-b8e2-cddc5b6300e3 0.488s
2025-11-23 04:31:35.065 66229 INFO tempest.lib.common.rest_client [req-fa672bca-c46e-483c-8706-2ae4e8fd4a16 req-fa672bca-c46e-483c-8706-2ae4e8fd4a16 ] Request (ServerActionsV293TestJSON:tearDownClass): 200 GET http://10.180.1.21/compute/v2.1/servers/6da326d9-fef6-421c-a171-995118e260af 0.545s
2025-11-23 04:31:35.127 66203 INFO tempest.lib.common.rest_client [req-b9ca3402-3974-4dbe-8e0c-40beb923e04a req-b9ca3402-3974-4dbe-8e0c-40beb923e04a ] Request (ServersTestMultiNic:test_verify_multiple_nics_order): 200 GET http://10.180.1.21/compute/v2.1/servers/9cf0f978-93f0-46d2-9fb2-dab8e752ff1a 0.519s
2025-11-23 04:31:35.216 66193 INFO tempest.lib.common.rest_client [req-a51222f5-89d7-4e15-b134-624ada1399b9 req-a51222f5-89d7-4e15-b134-624ada1399b9 ] Request (VolumesSnapshotsTestJSON:test_volume_snapshot_create_get_list_delete): 200 POST http://10.180.1.21/compute/v2.1/os-snapshots 0.503s
2025-11-23 04:31:35.240 66247 INFO tempest.lib.common.rest_client [req-fc86ec77-cfa4-4559-9961-abe8d24adb51 req-fc86ec77-cfa4-4559-9961-abe8d24adb51 ] Request (ListServerFiltersTestJSON:setUpClass): 200 GET http://10.180.1.21/compute/v2.1/servers/2c0db17b-3368-4c5d-b30c-a45277b0f2e8 0.475s
2025-11-23 04:31:35.319 66195 INFO tempest.lib.common.rest_client [req-348cf652-4f75-4354-93dd-a84e3ca48dcb req-348cf652-4f75-4354-93dd-a84e3ca48dcb ] Request (AttachVolumeTestJSON:test_attach_detach_volume): 200 GET http://10.180.1.21/compute/v2.1/servers/6bfb8e92-4927-4427-bdba-821903439344 0.487s
2025-11-23 04:31:35.322 66241 INFO tempest.lib.common.rest_client [req-ee8e1d42-a3a0-497d-999a-4d3511664ce5 req-ee8e1d42-a3a0-497d-999a-4d3511664ce5 ] Request (SecurityGroupsTestJSON:test_server_security_groups): 200 GET http://10.180.1.21/compute/v2.1/servers/210d3432-3cf6-4ef3-951e-30e2e9eaa702 0.540s
2025-11-23 04:31:35.359 66197 INFO tempest.lib.common.rest_client [req-14210c65-73f0-42ba-81c4-c66bd3392536 req-14210c65-73f0-42ba-81c4-c66bd3392536 ] Request (AttachInterfacesUnderV243Test:test_add_remove_fixed_ip): 200 GET http://10.180.1.21/compute/v2.1/servers/e5d1e2cb-8800-4496-86d3-1b9339772125/ips 0.524s
2025-11-23 04:31:35.575 66199 INFO tempest.lib.common.rest_client [req-4051d121-07dd-4b37-a283-7480435bd90b req-4051d121-07dd-4b37-a283-7480435bd90b ] Request (ServerMetadataNegativeTestJSON:tearDownClass): 200 GET http://10.180.1.21/compute/v2.1/servers/d7e7c349-fe4d-4d07-a1de-17fb5c2a2a27 0.654s
2025-11-23 04:31:35.599 66223 INFO tempest.lib.common.rest_client [req-3c78726d-b2bf-4569-a932-37cf2f68ce53 req-3c78726d-b2bf-4569-a932-37cf2f68ce53 ] Request (ListImageFiltersTestJSON:tearDownClass): 200 GET http://10.180.1.21/compute/v2.1/servers/d3834d07-9493-4d9e-9aef-bbef9fdd1454 0.447s
2025-11-23 04:31:35.633 66193 INFO tempest.lib.common.rest_client [req-02257ee6-e83a-49b6-a1d2-14a083e4415b req-02257ee6-e83a-49b6-a1d2-14a083e4415b ] Request (VolumesSnapshotsTestJSON:test_volume_snapshot_create_get_list_delete): 200 GET http://10.180.1.21/compute/v2.1/os-snapshots/74834bb6-f58a-4caf-a737-3fa3bec2b19a 0.414s
2025-11-23 04:31:35.680 66205 INFO tempest.lib.common.rest_client [req-dff70493-3a24-4763-ba6a-0e51f86eece4 req-dff70493-3a24-4763-ba6a-0e51f86eece4 ] Request (ImagesOneServerNegativeTestJSON:_run_cleanups): 200 GET http://10.180.1.21/compute/v2.1/servers/136c9efc-4141-4a98-a0ea-241cb231cb68 0.485s
2025-11-23 04:31:35.695 66245 INFO tempest.lib.common.rest_client [req-26117018-b4e0-4f6f-95db-9e5fb99b30c0 req-26117018-b4e0-4f6f-95db-9e5fb99b30c0 ] Request (ServersTestManualDisk:setUpClass): 200 GET http://10.180.1.21/compute/v2.1/servers/dc5b9b37-d997-438c-be2c-700abe0a9b91 0.399s
2025-11-23 04:31:35.702 66245 INFO tempest.common.waiters [-] State transition "BUILD/scheduling" ==> "BUILD/None" after 17 second wait
2025-11-23 04:31:35.793 66244 WARNING tempest.lib.common.ssh [-] Failed to establish authenticated ssh connection to cirros@10.180.180.179 ([Errno None] Unable to connect to port 22 on 10.180.180.179). Number attempts: 12. Retry after 13 seconds.: paramiko.ssh_exception.NoValidConnectionsError: [Errno None] Unable to connect to port 22 on 10.180.180.179
2025-11-23 04:31:35.817 66221 INFO tempest.lib.common.rest_client [req-ab879fcb-7725-492d-a714-e4684bdd98d5 req-ab879fcb-7725-492d-a714-e4684bdd98d5 ] Request (ServerActionsTestJSON:setUpClass): 200 GET http://10.180.1.21/compute/v2.1/servers/f1b0a28c-9918-4ed3-8424-e3207a4d290e 0.432s
2025-11-23 04:31:35.861 66207 INFO tempest.lib.common.rest_client [req-fd94a632-38a5-4fd9-9c44-c3c0f31a3170 req-fd94a632-38a5-4fd9-9c44-c3c0f31a3170 ] Request (ServerRescueNegativeTestJSON:setUpClass): 200 GET http://10.180.1.21/compute/v2.1/servers/5f5fc67b-b232-42f4-b179-188ebaaa48b4 0.539s
2025-11-23 04:31:35.877 66219 INFO tempest.lib.common.rest_client [req-3552bfaf-4aba-4a04-8070-ac2bb99c82ec req-3552bfaf-4aba-4a04-8070-ac2bb99c82ec ] Request (ImagesTestJSON:test_create_server_from_snapshot): 200 GET http://10.180.1.21/compute/v2.1/servers/2e61a4e5-7410-40dd-a8d7-09a918431d8f 0.408s
2025-11-23 04:31:35.938 66209 INFO tempest.lib.common.rest_client [req-a259d97a-2b90-435b-bba5-43f9d114d202 req-a259d97a-2b90-435b-bba5-43f9d114d202 ] Request (ServersListShow298Test:test_list_show_update_rebuild_server_298): 200 GET http://10.180.1.21/compute/v2.1/servers/9335f493-e014-44a1-84d1-8cf267fe0c80 0.386s
2025-11-23 04:31:35.950 66187 INFO tempest.lib.common.rest_client [req-9876707a-6942-4ea4-a11d-31de61d0c0d4 req-9876707a-6942-4ea4-a11d-31de61d0c0d4 ] Request (ServersAaction247Test:tearDownClass): 200 GET http://10.180.1.21/compute/v2.1/servers/90a5af16-3f4b-49a0-b1f4-aa9086e449fd 0.332s
2025-11-23 04:31:35.979 66193 INFO tempest.lib.common.rest_client [req-dd984a6e-55b9-4920-913f-f7a28034d9af req-dd984a6e-55b9-4920-913f-f7a28034d9af ] Request (VolumesSnapshotsTestJSON:test_volume_snapshot_create_get_list_delete): 200 GET http://10.180.1.21/compute/v2.1/os-snapshots 0.344s
2025-11-23 04:31:36.015 66237 INFO tempest.lib.common.rest_client [req-e2510b72-df0e-45c2-8ede-d078b9a8aa58 req-e2510b72-df0e-45c2-8ede-d078b9a8aa58 ] Request (ImagesOneServerTestJSON:tearDownClass): 200 GET http://10.180.1.21/compute/v2.1/servers/1e7f21a7-d044-4d34-aeb6-16701fc8d289 0.339s
2025-11-23 04:31:36.042 66185 INFO tempest.lib.common.rest_client [req-7fceac7f-6045-4fc5-8c15-8f7504cc2b17 req-7fceac7f-6045-4fc5-8c15-8f7504cc2b17 ] Request (ServersWithSpecificFlavorTestJSON:test_verify_created_server_ephemeral_disk): 200 GET http://10.180.1.21/compute/v2.1/servers/8ce6d2ee-94a5-4eef-b9f7-99a4e45ad127 0.274s
2025-11-23 04:31:36.076 66249 INFO tempest.lib.common.rest_client [req-259ad131-3597-4d25-847f-42689770b2b3 req-259ad131-3597-4d25-847f-42689770b2b3 ] Request (InstanceActionsTestJSON:setUpClass): 200 GET http://10.180.1.21/compute/v2.1/servers/a92730b6-fca2-4a42-8d4e-0c70d509bad5 0.261s
2025-11-23 04:31:36.108 66193 INFO tempest.lib.common.rest_client [req-9305992b-dd5a-40f9-9fbe-60d68a47e84e req-9305992b-dd5a-40f9-9fbe-60d68a47e84e ] Request (VolumesSnapshotsTestJSON:_run_cleanups): 200 GET http://10.180.1.21/compute/v2.1/os-snapshots/74834bb6-f58a-4caf-a737-3fa3bec2b19a 0.126s
2025-11-23 04:31:36.111 66193 INFO tempest.common.waiters [-] snapshot 74834bb6-f58a-4caf-a737-3fa3bec2b19a reached available after waiting for 0.111599 seconds
2025-11-23 04:31:36.120 66189 INFO tempest.lib.common.rest_client [req-99e08051-5a19-41c8-b605-77e7e93c7dec req-99e08051-5a19-41c8-b605-77e7e93c7dec ] Request (ServersAdminTestJSON:setUpClass): 200 GET http://10.180.1.21/compute/v2.1/servers/2245b178-432d-4131-8b7a-0d5636652547 0.222s
2025-11-23 04:31:36.176 66239 INFO tempest.lib.common.rest_client [req-8856fc84-85ec-4a59-8165-b2ca9fa24bb0 req-8856fc84-85ec-4a59-8165-b2ca9fa24bb0 ] Request (ServerDiskConfigTestJSON:test_resize_server_from_auto_to_manual): 200 GET http://10.180.1.21/compute/v2.1/servers/763ccacd-c45c-41de-a074-93c2a8e3c7ed 0.175s
2025-11-23 04:31:36.189 66235 INFO tempest.lib.common.rest_client [req-a1674d50-dba9-4bda-8046-4aafaaab95cf req-a1674d50-dba9-4bda-8046-4aafaaab95cf ] Request (ServersTestJSON:test_create_server_with_ipv6_addr_only): 200 GET http://10.180.1.21/compute/v2.1/servers/b9d82e03-a213-489e-b8e2-cddc5b6300e3 0.111s
2025-11-23 04:31:36.247 66193 INFO tempest.lib.common.rest_client [req-bc02da0c-fe92-4129-994e-9e6ec9c17d07 req-bc02da0c-fe92-4129-994e-9e6ec9c17d07 ] Request (VolumesSnapshotsTestJSON:_run_cleanups): 202 DELETE http://10.180.1.21/compute/v2.1/os-snapshots/74834bb6-f58a-4caf-a737-3fa3bec2b19a 0.136s
2025-11-23 04:31:36.268 66229 INFO tempest.lib.common.rest_client [req-b781fc1e-7cc0-4126-8d6d-894260bb4634 req-b781fc1e-7cc0-4126-8d6d-894260bb4634 ] Request (ServerActionsV293TestJSON:tearDownClass): 200 GET http://10.180.1.21/compute/v2.1/servers/6da326d9-fef6-421c-a171-995118e260af 0.191s
2025-11-23 04:31:36.300 66193 INFO tempest.lib.common.rest_client [req-cdaaa47f-5216-4c25-b70d-4f228c55ddb9 req-cdaaa47f-5216-4c25-b70d-4f228c55ddb9 ] Request (VolumesSnapshotsTestJSON:_run_cleanups): 200 GET http://10.180.1.21/compute/v2.1/os-snapshots/74834bb6-f58a-4caf-a737-3fa3bec2b19a 0.052s
2025-11-23 04:31:36.317 66203 INFO tempest.lib.common.rest_client [req-01161a45-2784-4d18-9b5c-9c4a868533b6 req-01161a45-2784-4d18-9b5c-9c4a868533b6 ] Request (ServersTestMultiNic:test_verify_multiple_nics_order): 200 GET http://10.180.1.21/compute/v2.1/servers/9cf0f978-93f0-46d2-9fb2-dab8e752ff1a 0.180s
2025-11-23 04:31:36.370 66247 INFO tempest.lib.common.rest_client [req-51db9200-3e30-418d-a0af-4b91758ceaed req-51db9200-3e30-418d-a0af-4b91758ceaed ] Request (ListServerFiltersTestJSON:setUpClass): 200 GET http://10.180.1.21/compute/v2.1/servers/2c0db17b-3368-4c5d-b30c-a45277b0f2e8 0.121s
2025-11-23 04:31:36.394 66195 INFO tempest.lib.common.rest_client [req-905a699b-2d77-4068-8705-e06dd5594323 req-905a699b-2d77-4068-8705-e06dd5594323 ] Request (AttachVolumeTestJSON:test_attach_detach_volume): 200 GET http://10.180.1.21/compute/v2.1/servers/6bfb8e92-4927-4427-bdba-821903439344 0.065s
2025-11-23 04:31:36.429 66197 INFO tempest.lib.common.rest_client [req-6d01fb8f-2aed-43fe-a81e-06784844e459 req-6d01fb8f-2aed-43fe-a81e-06784844e459 ] Request (AttachInterfacesUnderV243Test:test_add_remove_fixed_ip): 200 GET http://10.180.1.21/compute/v2.1/servers/e5d1e2cb-8800-4496-86d3-1b9339772125/ips 0.067s
2025-11-23 04:31:36.430 66241 INFO tempest.lib.common.rest_client [req-eb9eac78-1b2f-4071-b7be-1e5eb63691ef req-eb9eac78-1b2f-4071-b7be-1e5eb63691ef ] Request (SecurityGroupsTestJSON:test_server_security_groups): 200 GET http://10.180.1.21/compute/v2.1/servers/210d3432-3cf6-4ef3-951e-30e2e9eaa702 0.091s
2025-11-23 04:31:36.669 66223 INFO tempest.lib.common.rest_client [req-c3fa9a9c-5c36-4c11-9995-d1748a01b1b0 req-c3fa9a9c-5c36-4c11-9995-d1748a01b1b0 ] Request (ListImageFiltersTestJSON:tearDownClass): 200 GET http://10.180.1.21/compute/v2.1/servers/d3834d07-9493-4d9e-9aef-bbef9fdd1454 0.059s
2025-11-23 04:31:36.725 66199 INFO tempest.lib.common.rest_client [req-c5d779b9-4b36-46ef-88ce-2c15ed49f117 req-c5d779b9-4b36-46ef-88ce-2c15ed49f117 ] Request (ServerMetadataNegativeTestJSON:tearDownClass): 200 GET http://10.180.1.21/compute/v2.1/servers/d7e7c349-fe4d-4d07-a1de-17fb5c2a2a27 0.143s
2025-11-23 04:31:36.751 66205 INFO tempest.lib.common.rest_client [req-3f22e481-9bab-4d69-91f3-32b803fe024a req-3f22e481-9bab-4d69-91f3-32b803fe024a ] Request (ImagesOneServerNegativeTestJSON:_run_cleanups): 200 GET http://10.180.1.21/compute/v2.1/servers/136c9efc-4141-4a98-a0ea-241cb231cb68 0.063s
2025-11-23 04:31:36.785 66245 INFO tempest.lib.common.rest_client [req-55358e8b-71e3-4aff-8437-afcbd9aa7b22 req-55358e8b-71e3-4aff-8437-afcbd9aa7b22 ] Request (ServersTestManualDisk:setUpClass): 200 GET http://10.180.1.21/compute/v2.1/servers/dc5b9b37-d997-438c-be2c-700abe0a9b91 0.081s
2025-11-23 04:31:36.881 66221 INFO tempest.lib.common.rest_client [req-d12f3e59-1df2-4e41-840f-64f0be2b6b4c req-d12f3e59-1df2-4e41-840f-64f0be2b6b4c ] Request (ServerActionsTestJSON:setUpClass): 200 GET http://10.180.1.21/compute/v2.1/servers/f1b0a28c-9918-4ed3-8424-e3207a4d290e 0.056s
2025-11-23 04:31:36.942 66219 INFO tempest.lib.common.rest_client [req-731ef319-7ec0-4c4b-8582-f81dc36337d3 req-731ef319-7ec0-4c4b-8582-f81dc36337d3 ] Request (ImagesTestJSON:test_create_server_from_snapshot): 200 GET http://10.180.1.21/compute/v2.1/servers/2e61a4e5-7410-40dd-a8d7-09a918431d8f 0.054s
2025-11-23 04:31:37.024 66207 INFO tempest.lib.common.rest_client [req-36258a57-c6bd-4c37-8aaf-a2e23adb7121 req-36258a57-c6bd-4c37-8aaf-a2e23adb7121 ] Request (ServerRescueNegativeTestJSON:setUpClass): 200 GET http://10.180.1.21/compute/v2.1/servers/5f5fc67b-b232-42f4-b179-188ebaaa48b4 0.155s
2025-11-23 04:31:37.025 66209 INFO tempest.lib.common.rest_client [req-243ed1e0-0d6c-4ccb-b1f1-09c83a5f8614 req-243ed1e0-0d6c-4ccb-b1f1-09c83a5f8614 ] Request (ServersListShow298Test:test_list_show_update_rebuild_server_298): 200 GET http://10.180.1.21/compute/v2.1/servers/9335f493-e014-44a1-84d1-8cf267fe0c80 0.073s
2025-11-23 04:31:37.095 66187 INFO tempest.lib.common.rest_client [req-84b1de89-a60c-483c-90d6-ea978f68e779 req-84b1de89-a60c-483c-90d6-ea978f68e779 ] Request (ServersAaction247Test:tearDownClass): 200 GET http://10.180.1.21/compute/v2.1/servers/90a5af16-3f4b-49a0-b1f4-aa9086e449fd 0.129s
2025-11-23 04:31:37.104 66237 INFO tempest.lib.common.rest_client [req-3a61e5e4-1972-4501-92f4-3cc303a4cd23 req-3a61e5e4-1972-4501-92f4-3cc303a4cd23 ] Request (ImagesOneServerTestJSON:tearDownClass): 200 GET http://10.180.1.21/compute/v2.1/servers/1e7f21a7-d044-4d34-aeb6-16701fc8d289 0.073s
2025-11-23 04:31:37.155 66185 INFO tempest.lib.common.rest_client [req-2c76bff3-fa85-4c77-9ab6-530fce747e93 req-2c76bff3-fa85-4c77-9ab6-530fce747e93 ] Request (ServersWithSpecificFlavorTestJSON:test_verify_created_server_ephemeral_disk): 200 GET http://10.180.1.21/compute/v2.1/servers/8ce6d2ee-94a5-4eef-b9f7-99a4e45ad127 0.104s
2025-11-23 04:31:37.186 66249 INFO tempest.lib.common.rest_client [req-47bdd2f1-53a6-4109-b019-8918559b5aa5 req-47bdd2f1-53a6-4109-b019-8918559b5aa5 ] Request (InstanceActionsTestJSON:setUpClass): 200 GET http://10.180.1.21/compute/v2.1/servers/a92730b6-fca2-4a42-8d4e-0c70d509bad5 0.094s
2025-11-23 04:31:37.228 66189 INFO tempest.lib.common.rest_client [req-f4255dc5-a94c-46c6-ace2-dd4a8caed6ef req-f4255dc5-a94c-46c6-ace2-dd4a8caed6ef ] Request (ServersAdminTestJSON:setUpClass): 200 GET http://10.180.1.21/compute/v2.1/servers/2245b178-432d-4131-8b7a-0d5636652547 0.100s
2025-11-23 04:31:37.244 66239 INFO tempest.lib.common.rest_client [req-0a8d0b28-e10b-4150-82e7-845ec09bf99a req-0a8d0b28-e10b-4150-82e7-845ec09bf99a ] Request (ServerDiskConfigTestJSON:test_resize_server_from_auto_to_manual): 200 GET http://10.180.1.21/compute/v2.1/servers/763ccacd-c45c-41de-a074-93c2a8e3c7ed 0.060s
2025-11-23 04:31:37.285 66235 INFO tempest.lib.common.rest_client [req-19f89d0e-52e7-4a4a-ae6e-997af91f879a req-19f89d0e-52e7-4a4a-ae6e-997af91f879a ] Request (ServersTestJSON:test_create_server_with_ipv6_addr_only): 200 GET http://10.180.1.21/compute/v2.1/servers/b9d82e03-a213-489e-b8e2-cddc5b6300e3 0.087s
2025-11-23 04:31:37.333 66193 INFO tempest.lib.common.rest_client [req-6fb7d22f-060a-4ffc-884d-f4abf6e79cc5 req-6fb7d22f-060a-4ffc-884d-f4abf6e79cc5 ] Request (VolumesSnapshotsTestJSON:_run_cleanups): 404 GET http://10.180.1.21/compute/v2.1/os-snapshots/74834bb6-f58a-4caf-a737-3fa3bec2b19a 0.030s
