2025-02-20 15:08:11.502 63689 INFO tempest.lib.common.fixed_network [-] (ImagesTestJSON:test_create_image_from_suspended_server) Found network {'id': 'abd3fb53-b632-4c99-aa5f-a97c2c4c8cee', 'name': 'tempest-ImagesTestJSON-1711929673-network', 'tenant_id': '74bc7d25366c47b884cd91a356421585', 'admin_state_up': True, 'mtu': 8950, 'status': 'ACTIVE', 'subnets': [], 'shared': False, 'project_id': '74bc7d25366c47b884cd91a356421585', 'port_security_enabled': True, 'router:external': False, 'provider:network_type': 'vlan', 'provider:physical_network': 'default', 'provider:segmentation_id': 983, 'availability_zone_hints': [], 'availability_zones': [], 'ipv4_address_scope': None, 'ipv6_address_scope': None, 'description': '', 'tags': [], 'created_at': '2025-02-20T15:06:45Z', 'updated_at': '2025-02-20T15:06:45Z', 'revision_number': 1} available for tenant
2025-02-20 15:08:11.537 63645 INFO tempest.lib.common.rest_client [req-18b5a6f7-5749-4205-8a69-ef92f9efdee7 req-18b5a6f7-5749-4205-8a69-ef92f9efdee7 ] Request (SecurityGroupsTestJSON:test_list_security_groups_by_server): 200 GET http://10.180.1.21/compute/v2.1/servers/159ca879-6987-4172-ba28-5bc3592daded 0.513s
2025-02-20 15:08:11.538 63633 INFO tempest.lib.common.rest_client [req-a6b7c11d-31b1-486b-b7a2-cfe336ea8ce0 req-a6b7c11d-31b1-486b-b7a2-cfe336ea8ce0 ] Request (ListServersNegativeTestJSON:tearDownClass): 200 GET http://10.180.1.21/compute/v2.1/servers/d4213b95-e4c2-42e4-94f9-f3b1848bf783 0.469s
2025-02-20 15:08:11.546 63645 INFO tempest.common.waiters [-] State transition "BUILD/networking" ==> "BUILD/spawning" after 71 second wait
2025-02-20 15:08:11.583 63629 INFO tempest.lib.common.rest_client [req-648c3709-10c5-436c-ae5a-5c815b69a6f0 req-648c3709-10c5-436c-ae5a-5c815b69a6f0 ] Request (ServersAdminTestJSON:test_inject_network_info): 200 GET http://10.180.1.21/compute/v2.1/servers/578fd730-ccbc-4fe9-9a17-1bf5c1f62bf3 0.501s
2025-02-20 15:08:11.605 63683 INFO tempest.lib.common.rest_client [req-bd28a71f-a187-4c5c-b8c4-c7cfde4200bb req-bd28a71f-a187-4c5c-b8c4-c7cfde4200bb ] Request (MultipleCreateTestJSON:test_multiple_create): 200 GET http://10.180.1.21/compute/v2.1/servers/7e4dfe48-66be-458e-a142-b5d039d1306a 0.520s
2025-02-20 15:08:11.645 63639 INFO tempest.lib.common.rest_client [req-cacede2e-f53f-4b99-b2eb-b2164c0933e7 req-cacede2e-f53f-4b99-b2eb-b2164c0933e7 ] Request (VolumesAdminNegativeTest:test_update_attached_volume_with_nonexistent_volume_in_body): 200 GET http://10.180.1.21/compute/v2.1/servers/43daa061-8ca8-4e4f-9c12-44eedd288acd 0.529s
2025-02-20 15:08:11.666 63631 INFO tempest.lib.common.rest_client [req-12669c9e-09d6-482f-8694-1d1f4e48abdb req-12669c9e-09d6-482f-8694-1d1f4e48abdb ] Request (AttachVolumeShelveTestJSON:test_attach_volume_shelved_or_offload_server): 200 GET http://10.180.1.21/compute/v2.1/servers/feb7d9ed-c1d5-40c6-8f6c-c5e138b58269 0.515s
2025-02-20 15:08:11.722 63681 INFO tempest.lib.common.rest_client [req-248d66b8-4117-4a10-a51b-3f394a663807 req-248d66b8-4117-4a10-a51b-3f394a663807 ] Request (ServersV294TestFqdnHostnames:setUpClass): 200 GET http://10.180.1.21/compute/v2.1/servers/5115d225-d919-423e-a06a-abda789c9728 0.415s
2025-02-20 15:08:11.767 63635 INFO tempest.lib.common.rest_client [req-f1720946-4ca5-4a71-9f37-bb7ac0903a46 req-f1720946-4ca5-4a71-9f37-bb7ac0903a46 ] Request (ListImageFiltersTestJSON:setUpClass): 200 GET http://10.180.1.21/compute/v2.1/servers/e2d1e14a-adc0-4dd8-8ce4-9844717d10d7 0.528s
2025-02-20 15:08:11.774 63657 INFO tempest.lib.common.rest_client [req-629d0623-6bfc-4c38-aa90-af835bd0d85a req-629d0623-6bfc-4c38-aa90-af835bd0d85a ] Request (ServersAdminNegativeTestJSON:test_migrate_server_invalid_state): 200 GET http://10.180.1.21/compute/v2.1/servers/b77d178a-2937-4dac-a312-ce924b4f3f36 0.447s
2025-02-20 15:08:11.816 63661 INFO tempest.lib.common.rest_client [req-b890ff08-567f-4997-bb60-dff7a30559b8 req-b890ff08-567f-4997-bb60-dff7a30559b8 ] Request (ServersTestJSON:test_create_server_specify_multibyte_character_name): 200 GET http://10.180.1.21/compute/v2.1/servers/c95e9301-0004-4ed7-a2da-1cba22371eaf 0.453s
2025-02-20 15:08:11.824 63655 INFO tempest.lib.common.rest_client [req-8840af69-e673-4c1b-acfb-e5d2c330482d req-8840af69-e673-4c1b-acfb-e5d2c330482d ] Request (ServerRescueTestJSONUnderV235:setUpClass): 200 GET http://10.180.1.21/compute/v2.1/servers/02942cf6-fe72-4f77-9d87-ac9287527317 0.405s
2025-02-20 15:08:11.895 63679 INFO tempest.lib.common.rest_client [req-5b2aba38-00b7-4cef-bb8c-f27e7c4887b4 req-5b2aba38-00b7-4cef-bb8c-f27e7c4887b4 ] Request (ServersAdmin275Test:tearDownClass): 204 DELETE http://10.180.1.21/compute/v2.1/servers/aed994a0-1568-47e7-84d2-2bbdd70b7fbf 0.425s
2025-02-20 15:08:12.059 63647 INFO tempest.lib.common.rest_client [req-8a17ab47-4623-49be-ba6c-b56a413e2349 req-8a17ab47-4623-49be-ba6c-b56a413e2349 ] Request (ImagesOneServerNegativeTestJSON:tearDown): 200 GET http://10.180.1.21/compute/v2.1/servers/f84492b5-d1ea-4ef0-983e-7e5039fcb3fe 0.506s
2025-02-20 15:08:12.125 63669 INFO tempest.lib.common.rest_client [req-fc5c0b73-46be-4e3d-8c14-75a87e21d381 req-fc5c0b73-46be-4e3d-8c14-75a87e21d381 ] Request (AttachInterfacesV270Test:tearDownClass): 200 GET http://10.180.1.21/compute/v2.1/servers/e326a358-f9de-48db-a7ef-a11636ec7c07 0.487s
2025-02-20 15:08:12.167 63689 INFO tempest.lib.common.rest_client [req-77027dc1-378e-4c1a-b8da-d1d0093cbffe req-77027dc1-378e-4c1a-b8da-d1d0093cbffe ] Request (ImagesTestJSON:test_create_image_from_suspended_server): 202 POST http://10.180.1.21/compute/v2.1/servers 0.664s
2025-02-20 15:08:12.186 63654 INFO tempest.lib.common.rest_client [req-9888eb2d-690a-4382-a8b6-c81931e19df4 req-9888eb2d-690a-4382-a8b6-c81931e19df4 ] Request (FloatingIPsAssociationNegativeTestJSON:setUpClass): 200 GET http://10.180.1.21/compute/v2.1/servers/986ddb2d-7aeb-457d-9b8a-da57829421f7 0.514s
2025-02-20 15:08:12.222 63651 INFO tempest.lib.common.rest_client [req-f0938a24-513d-46b9-a657-8979650aa0b0 req-f0938a24-513d-46b9-a657-8979650aa0b0 ] Request (DeleteServersAdminTestJSON:test_delete_server_while_in_error_state): 200 GET http://10.180.1.21/compute/v2.1/servers/a1bb506c-b8ca-4887-bf41-f59b5bdd96c7 0.526s
2025-02-20 15:08:12.248 63679 INFO tempest.lib.common.rest_client [req-e559f9f6-b7e6-4a7c-bbc4-2f0c0e245dd2 req-e559f9f6-b7e6-4a7c-bbc4-2f0c0e245dd2 ] Request (ServersAdmin275Test:tearDownClass): 200 GET http://10.180.1.21/compute/v2.1/servers/aed994a0-1568-47e7-84d2-2bbdd70b7fbf 0.352s
2025-02-20 15:08:12.295 63637 INFO tempest.lib.common.rest_client [req-ec58abd9-6233-4418-8abc-2d41a605e6a2 req-ec58abd9-6233-4418-8abc-2d41a605e6a2 ] Request (ImagesOneServerTestJSON:test_create_image_specify_multibyte_character_image_name): 200 GET http://10.180.1.21/compute/v2.1/images/cb190bcd-b451-4b6e-b990-6f70d87abf99 0.261s
2025-02-20 15:08:12.310 63643 INFO tempest.lib.common.rest_client [req-9933d1d1-b378-4520-aafc-d94b5e6dffa9 req-9933d1d1-b378-4520-aafc-d94b5e6dffa9 ] Request (ServersTestBootFromVolume:setUpClass): 200 GET http://10.180.1.21/compute/v2.1/servers/1bdd687f-a5ad-435e-a659-46c35becc981 0.191s
2025-02-20 15:08:12.336 63689 INFO tempest.lib.common.rest_client [req-71b998ca-84eb-446e-a6e5-fdaf2fa00614 req-71b998ca-84eb-446e-a6e5-fdaf2fa00614 ] Request (ImagesTestJSON:test_create_image_from_suspended_server): 200 GET http://10.180.1.21/compute/v2.1/servers/2660a9d8-ad47-4172-bf7a-1710aa1b3092 0.167s
2025-02-20 15:08:12.390 63685 INFO tempest.lib.common.rest_client [req-d2bfc732-d164-414f-a524-dad36de78bc6 req-d2bfc732-d164-414f-a524-dad36de78bc6 ] Request (ServersNegativeTestMultiTenantJSON:setUpClass): 200 GET http://10.180.1.21/compute/v2.1/servers/090d4a37-b802-4dc6-909f-9abd1cd31bb2 0.091s
2025-02-20 15:08:12.420 63627 INFO tempest.lib.common.rest_client [req-500ec866-3426-4bbd-941f-4f9037dbca43 req-500ec866-3426-4bbd-941f-4f9037dbca43 ] Request (MigrationsAdminTest:test_list_migrations_in_flavor_resize_situation): 200 GET http://10.180.1.21/compute/v2.1/servers/f712100c-2d2a-45b7-aa3c-5855baa58a77 0.174s
2025-02-20 15:08:12.452 63649 INFO tempest.lib.common.rest_client [req-1c8928f8-5153-44f4-a5d8-8a7361bfe684 req-1c8928f8-5153-44f4-a5d8-8a7361bfe684 ] Request (ServerMetadataNegativeTestJSON:setUpClass): 200 GET http://10.180.1.21/compute/v2.1/servers/1a8ea490-d495-4aec-8618-d450300c95bd 0.095s
2025-02-20 15:08:12.460 63649 INFO tempest.common.waiters [-] State transition "BUILD/scheduling" ==> "BUILD/None" after 54 second wait
2025-02-20 15:08:12.470 63673 INFO tempest.lib.common.rest_client [req-87ee01f3-7cea-42f3-b804-b1e2b4f997d0 req-87ee01f3-7cea-42f3-b804-b1e2b4f997d0 ] Request (DeleteServersTestJSON:test_delete_server_while_in_attached_volume): 200 GET http://10.180.1.21/compute/v2.1/servers/f30e9f63-42de-49b6-8384-09a8ba917d28 0.057s
2025-02-20 15:08:12.628 63633 INFO tempest.lib.common.rest_client [req-4d0c9cf4-0587-4c69-8d75-47266f23d2f7 req-4d0c9cf4-0587-4c69-8d75-47266f23d2f7 ] Request (ListServersNegativeTestJSON:tearDownClass): 200 GET http://10.180.1.21/compute/v2.1/servers/d4213b95-e4c2-42e4-94f9-f3b1848bf783 0.082s
2025-02-20 15:08:12.688 63629 INFO tempest.lib.common.rest_client [req-8273389d-1237-4baf-85dc-1c30392d71e8 req-8273389d-1237-4baf-85dc-1c30392d71e8 ] Request (ServersAdminTestJSON:test_inject_network_info): 200 GET http://10.180.1.21/compute/v2.1/servers/578fd730-ccbc-4fe9-9a17-1bf5c1f62bf3 0.097s
2025-02-20 15:08:12.720 63645 INFO tempest.lib.common.rest_client [req-86b584bc-840a-4642-a4f2-a22b44af5069 req-86b584bc-840a-4642-a4f2-a22b44af5069 ] Request (SecurityGroupsTestJSON:test_list_security_groups_by_server): 200 GET http://10.180.1.21/compute/v2.1/servers/159ca879-6987-4172-ba28-5bc3592daded 0.172s
2025-02-20 15:08:12.743 63683 INFO tempest.lib.common.rest_client [req-b0973a06-3033-4e70-a34a-5596e51ab455 req-b0973a06-3033-4e70-a34a-5596e51ab455 ] Request (MultipleCreateTestJSON:test_multiple_create): 200 GET http://10.180.1.21/compute/v2.1/servers/7e4dfe48-66be-458e-a142-b5d039d1306a 0.129s
2025-02-20 15:08:12.781 63639 INFO tempest.lib.common.rest_client [req-fd2c80b8-6ac7-4443-9382-85a11ffab15f req-fd2c80b8-6ac7-4443-9382-85a11ffab15f ] Request (VolumesAdminNegativeTest:test_update_attached_volume_with_nonexistent_volume_in_body): 200 GET http://10.180.1.21/compute/v2.1/servers/43daa061-8ca8-4e4f-9c12-44eedd288acd 0.128s
2025-02-20 15:08:12.810 63631 INFO tempest.lib.common.rest_client [req-9ba4d10c-3f7d-4571-8ce1-be843db7eafa req-9ba4d10c-3f7d-4571-8ce1-be843db7eafa ] Request (AttachVolumeShelveTestJSON:test_attach_volume_shelved_or_offload_server): 200 GET http://10.180.1.21/compute/v2.1/servers/feb7d9ed-c1d5-40c6-8f6c-c5e138b58269 0.134s
2025-02-20 15:08:12.847 63681 INFO tempest.lib.common.rest_client [req-2c0da2a2-b598-4956-95f4-036060a134ff req-2c0da2a2-b598-4956-95f4-036060a134ff ] Request (ServersV294TestFqdnHostnames:setUpClass): 200 GET http://10.180.1.21/compute/v2.1/servers/5115d225-d919-423e-a06a-abda789c9728 0.112s
2025-02-20 15:08:12.858 63681 INFO tempest.common.waiters [-] State transition "BUILD/None" ==> "BUILD/networking" after 70 second wait
2025-02-20 15:08:12.914 63657 INFO tempest.lib.common.rest_client [req-de1cc68d-0df6-4c08-9fe7-75980d1470f0 req-de1cc68d-0df6-4c08-9fe7-75980d1470f0 ] Request (ServersAdminNegativeTestJSON:test_migrate_server_invalid_state): 200 GET http://10.180.1.21/compute/v2.1/servers/b77d178a-2937-4dac-a312-ce924b4f3f36 0.130s
2025-02-20 15:08:12.966 63635 INFO tempest.lib.common.rest_client [req-490a4564-e08a-4bcb-8a60-deada53903e8 req-490a4564-e08a-4bcb-8a60-deada53903e8 ] Request (ListImageFiltersTestJSON:setUpClass): 200 GET http://10.180.1.21/compute/v2.1/servers/e2d1e14a-adc0-4dd8-8ce4-9844717d10d7 0.191s
2025-02-20 15:08:12.995 63661 INFO tempest.lib.common.rest_client [req-8df463d6-23df-45c0-bd5e-390656104d82 req-8df463d6-23df-45c0-bd5e-390656104d82 ] Request (ServersTestJSON:test_create_server_specify_multibyte_character_name): 200 GET http://10.180.1.21/compute/v2.1/servers/c95e9301-0004-4ed7-a2da-1cba22371eaf 0.171s
2025-02-20 15:08:13.031 63655 INFO tempest.lib.common.rest_client [req-c187b54c-8b78-42c2-87ef-becb98b1e573 req-c187b54c-8b78-42c2-87ef-becb98b1e573 ] Request (ServerRescueTestJSONUnderV235:setUpClass): 200 GET http://10.180.1.21/compute/v2.1/servers/02942cf6-fe72-4f77-9d87-ac9287527317 0.199s
2025-02-20 15:08:13.227 63669 INFO tempest.lib.common.rest_client [req-039352ec-989c-425b-a2f4-bec22c755c3c req-039352ec-989c-425b-a2f4-bec22c755c3c ] Request (AttachInterfacesV270Test:tearDownClass): 200 GET http://10.180.1.21/compute/v2.1/servers/e326a358-f9de-48db-a7ef-a11636ec7c07 0.091s
2025-02-20 15:08:13.260 63647 INFO tempest.lib.common.rest_client [req-d4705990-e523-4a70-ad52-63d609534f2d req-d4705990-e523-4a70-ad52-63d609534f2d ] Request (ImagesOneServerNegativeTestJSON:tearDown): 200 GET http://10.180.1.21/compute/v2.1/servers/f84492b5-d1ea-4ef0-983e-7e5039fcb3fe 0.190s
2025-02-20 15:08:13.332 63651 INFO tempest.lib.common.rest_client [req-06162224-f2c3-4e7c-bad6-84307342a0d0 req-06162224-f2c3-4e7c-bad6-84307342a0d0 ] Request (DeleteServersAdminTestJSON:test_delete_server_while_in_error_state): 200 GET http://10.180.1.21/compute/v2.1/servers/a1bb506c-b8ca-4887-bf41-f59b5bdd96c7 0.103s
2025-02-20 15:08:13.421 63679 INFO tempest.lib.common.rest_client [req-07547ae8-0adf-4b81-a189-09474a4ab851 req-07547ae8-0adf-4b81-a189-09474a4ab851 ] Request (ServersAdmin275Test:tearDownClass): 200 GET http://10.180.1.21/compute/v2.1/servers/aed994a0-1568-47e7-84d2-2bbdd70b7fbf 0.158s
2025-02-20 15:08:13.470 63637 INFO tempest.lib.common.rest_client [req-31d61d57-163c-4084-9079-13025f2764a6 req-31d61d57-163c-4084-9079-13025f2764a6 ] Request (ImagesOneServerTestJSON:test_create_image_specify_multibyte_character_image_name): 200 GET http://10.180.1.21/compute/v2.1/images/cb190bcd-b451-4b6e-b990-6f70d87abf99 0.169s
2025-02-20 15:08:13.541 63654 INFO tempest.lib.common.rest_client [req-dd17ab0d-c62a-4e43-8986-ff9115997988 req-dd17ab0d-c62a-4e43-8986-ff9115997988 ] Request (FloatingIPsAssociationNegativeTestJSON:setUpClass): 200 GET http://10.180.1.21/compute/v2.1/servers/986ddb2d-7aeb-457d-9b8a-da57829421f7 0.347s
2025-02-20 15:08:13.545 63643 INFO tempest.lib.common.rest_client [req-4708f412-248f-49fd-9629-cd449cd3d3a0 req-4708f412-248f-49fd-9629-cd449cd3d3a0 ] Request (ServersTestBootFromVolume:setUpClass): 200 GET http://10.180.1.21/compute/v2.1/servers/1bdd687f-a5ad-435e-a659-46c35becc981 0.227s
2025-02-20 15:08:13.602 63685 INFO tempest.lib.common.rest_client [req-ef441725-034d-44a0-9d63-86afce5c6ea8 req-ef441725-034d-44a0-9d63-86afce5c6ea8 ] Request (ServersNegativeTestMultiTenantJSON:setUpClass): 200 GET http://10.180.1.21/compute/v2.1/servers/090d4a37-b802-4dc6-909f-9abd1cd31bb2 0.200s
2025-02-20 15:08:13.604 63689 INFO tempest.lib.common.rest_client [req-fca68c8c-9d18-4a1e-8a2d-66eafb7a2182 req-fca68c8c-9d18-4a1e-8a2d-66eafb7a2182 ] Request (ImagesTestJSON:test_create_image_from_suspended_server): 200 GET http://10.180.1.21/compute/v2.1/servers/2660a9d8-ad47-4172-bf7a-1710aa1b3092 0.259s
2025-02-20 15:08:13.655 63649 INFO tempest.lib.common.rest_client [req-d6501932-d944-405f-aeab-bbf9701952a4 req-d6501932-d944-405f-aeab-bbf9701952a4 ] Request (ServerMetadataNegativeTestJSON:setUpClass): 200 GET http://10.180.1.21/compute/v2.1/servers/1a8ea490-d495-4aec-8618-d450300c95bd 0.194s
2025-02-20 15:08:13.711 63673 INFO tempest.lib.common.rest_client [req-c9ca22ca-a3a6-42e8-b7c4-5f25a4399b0e req-c9ca22ca-a3a6-42e8-b7c4-5f25a4399b0e ] Request (DeleteServersTestJSON:test_delete_server_while_in_attached_volume): 200 GET http://10.180.1.21/compute/v2.1/servers/f30e9f63-42de-49b6-8384-09a8ba917d28 0.233s
2025-02-20 15:08:13.738 63627 INFO tempest.lib.common.rest_client [req-fda7168c-9dec-4288-baec-c5239ecafff0 req-fda7168c-9dec-4288-baec-c5239ecafff0 ] Request (MigrationsAdminTest:test_list_migrations_in_flavor_resize_situation): 200 GET http://10.180.1.21/compute/v2.1/servers/f712100c-2d2a-45b7-aa3c-5855baa58a77 0.309s
2025-02-20 15:08:13.793 63633 INFO tempest.lib.common.rest_client [req-4398e165-c675-46f1-84c2-b64f863d09ba req-4398e165-c675-46f1-84c2-b64f863d09ba ] Request (ListServersNegativeTestJSON:tearDownClass): 200 GET http://10.180.1.21/compute/v2.1/servers/d4213b95-e4c2-42e4-94f9-f3b1848bf783 0.151s
2025-02-20 15:08:13.797 63629 INFO tempest.lib.common.rest_client [req-0270777e-f2db-43e8-a60b-1bc200e74d30 req-0270777e-f2db-43e8-a60b-1bc200e74d30 ] Request (ServersAdminTestJSON:test_inject_network_info): 200 GET http://10.180.1.21/compute/v2.1/servers/578fd730-ccbc-4fe9-9a17-1bf5c1f62bf3 0.101s
2025-02-20 15:08:13.852 63683 INFO tempest.lib.common.rest_client [req-eaa1c2ba-77d8-418f-88d6-1dbeb2ea864d req-eaa1c2ba-77d8-418f-88d6-1dbeb2ea864d ] Request (MultipleCreateTestJSON:test_multiple_create): 200 GET http://10.180.1.21/compute/v2.1/servers/7e4dfe48-66be-458e-a142-b5d039d1306a 0.101s
2025-02-20 15:08:13.888 63645 INFO tempest.lib.common.rest_client [req-ce05587e-51b8-4fa2-93f1-443d81548c03 req-ce05587e-51b8-4fa2-93f1-443d81548c03 ] Request (SecurityGroupsTestJSON:test_list_security_groups_by_server): 200 GET http://10.180.1.21/compute/v2.1/servers/159ca879-6987-4172-ba28-5bc3592daded 0.157s
2025-02-20 15:08:13.908 63639 INFO tempest.lib.common.rest_client [req-d80d5fe8-8dfb-4129-b7e1-9cbec59bf5a9 req-d80d5fe8-8dfb-4129-b7e1-9cbec59bf5a9 ] Request (VolumesAdminNegativeTest:test_update_attached_volume_with_nonexistent_volume_in_body): 200 GET http://10.180.1.21/compute/v2.1/servers/43daa061-8ca8-4e4f-9c12-44eedd288acd 0.118s
2025-02-20 15:08:13.953 63631 INFO tempest.lib.common.rest_client [req-f1b44544-ef3a-475e-ad5d-91c6c10b958a req-f1b44544-ef3a-475e-ad5d-91c6c10b958a ] Request (AttachVolumeShelveTestJSON:test_attach_volume_shelved_or_offload_server): 200 GET http://10.180.1.21/compute/v2.1/servers/feb7d9ed-c1d5-40c6-8f6c-c5e138b58269 0.130s
2025-02-20 15:08:14.007 63657 INFO tempest.lib.common.rest_client [req-30732eb2-3585-4559-8325-5f00332a34ca req-30732eb2-3585-4559-8325-5f00332a34ca ] Request (ServersAdminNegativeTestJSON:test_migrate_server_invalid_state): 200 GET http://10.180.1.21/compute/v2.1/servers/b77d178a-2937-4dac-a312-ce924b4f3f36 0.077s
2025-02-20 15:08:14.007 63681 INFO tempest.lib.common.rest_client [req-3177faa2-7eb7-473a-9f22-870e48faf976 req-3177faa2-7eb7-473a-9f22-870e48faf976 ] Request (ServersV294TestFqdnHostnames:setUpClass): 200 GET http://10.180.1.21/compute/v2.1/servers/5115d225-d919-423e-a06a-abda789c9728 0.144s
2025-02-20 15:08:14.018 63681 INFO tempest.common.waiters [-] State transition "BUILD/networking" ==> "BUILD/spawning" after 72 second wait
2025-02-20 15:08:14.057 63661 INFO tempest.lib.common.rest_client [req-c66c208c-a94c-48d4-ae40-ba18cea2eccd req-c66c208c-a94c-48d4-ae40-ba18cea2eccd ] Request (ServersTestJSON:test_create_server_specify_multibyte_character_name): 200 GET http://10.180.1.21/compute/v2.1/servers/c95e9301-0004-4ed7-a2da-1cba22371eaf 0.054s
2025-02-20 15:08:14.107 63655 INFO tempest.lib.common.rest_client [req-fa76b5ce-249a-46b0-aa81-3cdbc2310e76 req-fa76b5ce-249a-46b0-aa81-3cdbc2310e76 ] Request (ServerRescueTestJSONUnderV235:setUpClass): 200 GET http://10.180.1.21/compute/v2.1/servers/02942cf6-fe72-4f77-9d87-ac9287527317 0.067s
2025-02-20 15:08:14.107 63635 INFO tempest.lib.common.rest_client [req-52b7c7a3-2fdf-43f1-a07f-b706d001b8d5 req-52b7c7a3-2fdf-43f1-a07f-b706d001b8d5 ] Request (ListImageFiltersTestJSON:setUpClass): 200 GET http://10.180.1.21/compute/v2.1/servers/e2d1e14a-adc0-4dd8-8ce4-9844717d10d7 0.128s
2025-02-20 15:08:14.313 63669 INFO tempest.lib.common.rest_client [req-8930f01a-91aa-4a90-a8d8-80ab6ae0392a req-8930f01a-91aa-4a90-a8d8-80ab6ae0392a ] Request (AttachInterfacesV270Test:tearDownClass): 200 GET http://10.180.1.21/compute/v2.1/servers/e326a358-f9de-48db-a7ef-a11636ec7c07 0.073s
2025-02-20 15:08:14.401 63651 INFO tempest.lib.common.rest_client [req-442855da-07b8-422f-b2dc-8ce0d5d2f9de req-442855da-07b8-422f-b2dc-8ce0d5d2f9de ] Request (DeleteServersAdminTestJSON:test_delete_server_while_in_error_state): 200 GET http://10.180.1.21/compute/v2.1/servers/a1bb506c-b8ca-4887-bf41-f59b5bdd96c7 0.057s
2025-02-20 15:08:14.508 63679 INFO tempest.lib.common.rest_client [req-0a9be244-f018-4baf-bcac-355321939bc2 req-0a9be244-f018-4baf-bcac-355321939bc2 ] Request (ServersAdmin275Test:tearDownClass): 200 GET http://10.180.1.21/compute/v2.1/servers/aed994a0-1568-47e7-84d2-2bbdd70b7fbf 0.067s
2025-02-20 15:08:14.547 63637 INFO tempest.lib.common.rest_client [req-c1fe49e8-c60b-44ef-95a1-4cdbabdd8ada req-c1fe49e8-c60b-44ef-95a1-4cdbabdd8ada ] Request (ImagesOneServerTestJSON:test_create_image_specify_multibyte_character_image_name): 200 GET http://10.180.1.21/compute/v2.1/images/cb190bcd-b451-4b6e-b990-6f70d87abf99 0.071s
2025-02-20 15:08:14.615 63654 INFO tempest.lib.common.rest_client [req-17b308d2-94ef-48f1-b254-9349b0e07cbe req-17b308d2-94ef-48f1-b254-9349b0e07cbe ] Request (FloatingIPsAssociationNegativeTestJSON:setUpClass): 200 GET http://10.180.1.21/compute/v2.1/servers/986ddb2d-7aeb-457d-9b8a-da57829421f7 0.062s
2025-02-20 15:08:14.634 63647 INFO tempest.lib.common.rest_client [req-ec6622c7-bddf-4f32-aed6-63e63f1f7b06 req-ec6622c7-bddf-4f32-aed6-63e63f1f7b06 ] Request (ImagesOneServerNegativeTestJSON:tearDown): 200 GET http://10.180.1.21/compute/v2.1/servers/f84492b5-d1ea-4ef0-983e-7e5039fcb3fe 0.359s
2025-02-20 15:08:14.684 63643 INFO tempest.lib.common.rest_client [req-a5332cb7-7c4f-47d2-b7c4-60856098f3c9 req-a5332cb7-7c4f-47d2-b7c4-60856098f3c9 ] Request (ServersTestBootFromVolume:setUpClass): 200 GET http://10.180.1.21/compute/v2.1/servers/1bdd687f-a5ad-435e-a659-46c35becc981 0.129s
2025-02-20 15:08:14.708 63685 INFO tempest.lib.common.rest_client [req-ca0067fe-e5fb-4be7-a757-6928acfbbe9c req-ca0067fe-e5fb-4be7-a757-6928acfbbe9c ] Request (ServersNegativeTestMultiTenantJSON:setUpClass): 200 GET http://10.180.1.21/compute/v2.1/servers/090d4a37-b802-4dc6-909f-9abd1cd31bb2 0.095s
2025-02-20 15:08:14.747 63689 INFO tempest.lib.common.rest_client [req-b4aace34-1fb7-48d8-bd55-65b831d45a42 req-b4aace34-1fb7-48d8-bd55-65b831d45a42 ] Request (ImagesTestJSON:test_create_image_from_suspended_server): 200 GET http://10.180.1.21/compute/v2.1/servers/2660a9d8-ad47-4172-bf7a-1710aa1b3092 0.134s
2025-02-20 15:08:14.759 63649 INFO tempest.lib.common.rest_client [req-2a4441bf-5b52-466b-84f8-f03660ac7e6c req-2a4441bf-5b52-466b-84f8-f03660ac7e6c ] Request (ServerMetadataNegativeTestJSON:setUpClass): 200 GET http://10.180.1.21/compute/v2.1/servers/1a8ea490-d495-4aec-8618-d450300c95bd 0.092s
2025-02-20 15:08:14.810 63673 INFO tempest.lib.common.rest_client [req-4bf6a230-a116-44e4-9cce-d8297ac7dd75 req-4bf6a230-a116-44e4-9cce-d8297ac7dd75 ] Request (DeleteServersTestJSON:test_delete_server_while_in_attached_volume): 200 GET http://10.180.1.21/compute/v2.1/servers/f30e9f63-42de-49b6-8384-09a8ba917d28 0.089s
2025-02-20 15:08:14.880 63633 INFO tempest.lib.common.rest_client [req-f2a005e1-1af6-445c-a42c-cb5b1d651872 req-f2a005e1-1af6-445c-a42c-cb5b1d651872 ] Request (ListServersNegativeTestJSON:tearDownClass): 200 GET http://10.180.1.21/compute/v2.1/servers/d4213b95-e4c2-42e4-94f9-f3b1848bf783 0.078s
2025-02-20 15:08:14.891 63627 INFO tempest.lib.common.rest_client [req-9c9c485e-f199-4a8b-9e73-ac3786f040d8 req-9c9c485e-f199-4a8b-9e73-ac3786f040d8 ] Request (MigrationsAdminTest:test_list_migrations_in_flavor_resize_situation): 200 GET http://10.180.1.21/compute/v2.1/servers/f712100c-2d2a-45b7-aa3c-5855baa58a77 0.143s
2025-02-20 15:08:14.941 63629 INFO tempest.lib.common.rest_client [req-be5e4dfd-ab6d-4d27-bbc3-ab6c58924add req-be5e4dfd-ab6d-4d27-bbc3-ab6c58924add ] Request (ServersAdminTestJSON:test_inject_network_info): 200 GET http://10.180.1.21/compute/v2.1/servers/578fd730-ccbc-4fe9-9a17-1bf5c1f62bf3 0.134s
2025-02-20 15:08:14.950 63683 INFO tempest.lib.common.rest_client [req-abc97285-19bb-48a0-a603-1de4f08f3b13 req-abc97285-19bb-48a0-a603-1de4f08f3b13 ] Request (MultipleCreateTestJSON:test_multiple_create): 200 GET http://10.180.1.21/compute/v2.1/servers/7e4dfe48-66be-458e-a142-b5d039d1306a 0.087s
2025-02-20 15:08:14.962 63663 WARNING tempest.lib.common.ssh [-] Failed to establish authenticated ssh connection to cirros@10.180.180.240 ([Errno None] Unable to connect to port 22 on 10.180.180.240). Number attempts: 6. Retry after 7 seconds.: paramiko.ssh_exception.NoValidConnectionsError: [Errno None] Unable to connect to port 22 on 10.180.180.240
2025-02-20 15:08:15.003 63639 INFO tempest.lib.common.rest_client [req-e4b5d8d3-ede7-493d-b6ea-c0ee00ee5066 req-e4b5d8d3-ede7-493d-b6ea-c0ee00ee5066 ] Request (VolumesAdminNegativeTest:test_update_attached_volume_with_nonexistent_volume_in_body): 200 GET http://10.180.1.21/compute/v2.1/servers/43daa061-8ca8-4e4f-9c12-44eedd288acd 0.083s
2025-02-20 15:08:15.054 63631 INFO tempest.lib.common.rest_client [req-1bd594ec-3d1c-4755-8afa-6b5b504ca1ca req-1bd594ec-3d1c-4755-8afa-6b5b504ca1ca ] Request (AttachVolumeShelveTestJSON:test_attach_volume_shelved_or_offload_server): 200 GET http://10.180.1.21/compute/v2.1/servers/feb7d9ed-c1d5-40c6-8f6c-c5e138b58269 0.091s
2025-02-20 15:08:15.071 63645 INFO tempest.lib.common.rest_client [req-3cfba7d7-97a2-4ce3-a6d4-d73edcc0f7f6 req-3cfba7d7-97a2-4ce3-a6d4-d73edcc0f7f6 ] Request (SecurityGroupsTestJSON:test_list_security_groups_by_server): 200 GET http://10.180.1.21/compute/v2.1/servers/159ca879-6987-4172-ba28-5bc3592daded 0.174s
2025-02-20 15:08:15.104 63657 INFO tempest.lib.common.rest_client [req-4b215e45-8caa-4c5a-a254-d821faf84566 req-4b215e45-8caa-4c5a-a254-d821faf84566 ] Request (ServersAdminNegativeTestJSON:test_migrate_server_invalid_state): 200 GET http://10.180.1.21/compute/v2.1/servers/b77d178a-2937-4dac-a312-ce924b4f3f36 0.088s
2025-02-20 15:08:15.157 63661 INFO tempest.lib.common.rest_client [req-8f051e42-44b2-4715-91ba-9b469dab5101 req-8f051e42-44b2-4715-91ba-9b469dab5101 ] Request (ServersTestJSON:test_create_server_specify_multibyte_character_name): 200 GET http://10.180.1.21/compute/v2.1/servers/c95e9301-0004-4ed7-a2da-1cba22371eaf 0.089s
2025-02-20 15:08:15.190 63681 INFO tempest.lib.common.rest_client [req-621860f4-86c8-45ee-bcd3-2f301fbaee20 req-621860f4-86c8-45ee-bcd3-2f301fbaee20 ] Request (ServersV294TestFqdnHostnames:setUpClass): 200 GET http://10.180.1.21/compute/v2.1/servers/5115d225-d919-423e-a06a-abda789c9728 0.171s
2025-02-20 15:08:15.244 63655 INFO tempest.lib.common.rest_client [req-6fe7a004-7068-4b02-add2-969fa3144f73 req-6fe7a004-7068-4b02-add2-969fa3144f73 ] Request (ServerRescueTestJSONUnderV235:setUpClass): 200 GET http://10.180.1.21/compute/v2.1/servers/02942cf6-fe72-4f77-9d87-ac9287527317 0.127s
2025-02-20 15:08:15.252 63635 INFO tempest.lib.common.rest_client [req-c5f2cc76-7d87-4fae-b8ce-cfcc36888ce8 req-c5f2cc76-7d87-4fae-b8ce-cfcc36888ce8 ] Request (ListImageFiltersTestJSON:setUpClass): 200 GET http://10.180.1.21/compute/v2.1/servers/e2d1e14a-adc0-4dd8-8ce4-9844717d10d7 0.135s
2025-02-20 15:08:15.386 63669 INFO tempest.lib.common.rest_client [req-d6cc0a57-1047-4e42-83e2-9f4f161ce7c3 req-d6cc0a57-1047-4e42-83e2-9f4f161ce7c3 ] Request (AttachInterfacesV270Test:tearDownClass): 200 GET http://10.180.1.21/compute/v2.1/servers/e326a358-f9de-48db-a7ef-a11636ec7c07 0.060s
2025-02-20 15:08:15.458 63651 INFO tempest.lib.common.rest_client [req-10cb2d81-c083-4fae-a3d1-989a23259dd7 req-10cb2d81-c083-4fae-a3d1-989a23259dd7 ] Request (DeleteServersAdminTestJSON:test_delete_server_while_in_error_state): 200 GET http://10.180.1.21/compute/v2.1/servers/a1bb506c-b8ca-4887-bf41-f59b5bdd96c7 0.049s
2025-02-20 15:08:15.584 63679 INFO tempest.lib.common.rest_client [req-902d3185-f269-4347-bc0f-515b180c47a5 req-902d3185-f269-4347-bc0f-515b180c47a5 ] Request (ServersAdmin275Test:tearDownClass): 200 GET http://10.180.1.21/compute/v2.1/servers/aed994a0-1568-47e7-84d2-2bbdd70b7fbf 0.064s
2025-02-20 15:08:15.588 63637 INFO tempest.lib.common.rest_client [req-f8cdf9f5-0a8b-46c1-8775-820a0bc75bc3 req-f8cdf9f5-0a8b-46c1-8775-820a0bc75bc3 ] Request (ImagesOneServerTestJSON:test_create_image_specify_multibyte_character_image_name): 200 GET http://10.180.1.21/compute/v2.1/images/cb190bcd-b451-4b6e-b990-6f70d87abf99 0.036s
2025-02-20 15:08:15.620 63637 INFO tempest.lib.common.rest_client [req-217560d8-421a-4b97-9b4d-faab190d36d2 req-217560d8-421a-4b97-9b4d-faab190d36d2 ] Request (ImagesOneServerTestJSON:test_create_image_specify_multibyte_character_image_name): 200 GET http://10.180.1.21/compute/v2.1/images/cb190bcd-b451-4b6e-b990-6f70d87abf99 0.028s
2025-02-20 15:08:15.675 63654 INFO tempest.lib.common.rest_client [req-5a9e426a-ce31-4149-acc6-60cbffff0654 req-5a9e426a-ce31-4149-acc6-60cbffff0654 ] Request (FloatingIPsAssociationNegativeTestJSON:setUpClass): 200 GET http://10.180.1.21/compute/v2.1/servers/986ddb2d-7aeb-457d-9b8a-da57829421f7 0.050s
2025-02-20 15:08:15.758 63637 INFO tempest.lib.common.rest_client [req-0374d4b0-c172-4bb0-983a-3a0ae8fb719b req-0374d4b0-c172-4bb0-983a-3a0ae8fb719b ] Request (ImagesOneServerTestJSON:test_create_image_specify_multibyte_character_image_name): 200 GET http://10.180.1.21/compute/v2.1/servers/72ad0057-c02b-4a31-8d58-e33c0b085c9b 0.135s
2025-02-20 15:08:15.791 63647 INFO tempest.lib.common.rest_client [req-4e3349b7-5694-43d4-ad20-0ed17e64de2c req-4e3349b7-5694-43d4-ad20-0ed17e64de2c ] Request (ImagesOneServerNegativeTestJSON:tearDown): 200 GET http://10.180.1.21/compute/v2.1/servers/f84492b5-d1ea-4ef0-983e-7e5039fcb3fe 0.146s
2025-02-20 15:08:15.801 63647 INFO tempest.common.waiters [-] State transition "ACTIVE/image_uploading" ==> "ACTIVE/None" after 10 second wait
2025-02-20 15:08:15.814 63643 INFO tempest.lib.common.rest_client [req-fc43198d-752b-4a07-91bc-85dc01a8c032 req-fc43198d-752b-4a07-91bc-85dc01a8c032 ] Request (ServersTestBootFromVolume:setUpClass): 200 GET http://10.180.1.21/compute/v2.1/servers/1bdd687f-a5ad-435e-a659-46c35becc981 0.118s
2025-02-20 15:08:15.843 63685 INFO tempest.lib.common.rest_client [req-83305cbb-4560-4539-ac74-8d5fd4cffb7c req-83305cbb-4560-4539-ac74-8d5fd4cffb7c ] Request (ServersNegativeTestMultiTenantJSON:setUpClass): 200 GET http://10.180.1.21/compute/v2.1/servers/090d4a37-b802-4dc6-909f-9abd1cd31bb2 0.126s
2025-02-20 15:08:15.881 63689 INFO tempest.lib.common.rest_client [req-5590398f-9793-4875-83a3-ddbf121a37ae req-5590398f-9793-4875-83a3-ddbf121a37ae ] Request (ImagesTestJSON:test_create_image_from_suspended_server): 200 GET http://10.180.1.21/compute/v2.1/servers/2660a9d8-ad47-4172-bf7a-1710aa1b3092 0.126s
2025-02-20 15:08:15.889 63649 INFO tempest.lib.common.rest_client [req-73c9a0e2-03d5-4eee-b57f-258705c1a36f req-73c9a0e2-03d5-4eee-b57f-258705c1a36f ] Request (ServerMetadataNegativeTestJSON:setUpClass): 200 GET http://10.180.1.21/compute/v2.1/servers/1a8ea490-d495-4aec-8618-d450300c95bd 0.122s
2025-02-20 15:08:15.934 63673 INFO tempest.lib.common.rest_client [req-ffcee7ee-ee24-436b-a432-0caecfc949f1 req-ffcee7ee-ee24-436b-a432-0caecfc949f1 ] Request (DeleteServersTestJSON:test_delete_server_while_in_attached_volume): 200 GET http://10.180.1.21/compute/v2.1/servers/f30e9f63-42de-49b6-8384-09a8ba917d28 0.117s
2025-02-20 15:08:15.950 63647 INFO tempest.lib.common.rest_client [req-79ae7c57-f4df-48d4-ae2d-70f062970d6a req-79ae7c57-f4df-48d4-ae2d-70f062970d6a ] Request (ImagesOneServerNegativeTestJSON:_run_cleanups): 204 DELETE http://10.180.1.21/compute/v2.1/servers/f84492b5-d1ea-4ef0-983e-7e5039fcb3fe 0.149s
2025-02-20 15:08:15.990 63633 INFO tempest.lib.common.rest_client [req-a23f7787-a83a-4ee8-a710-d80f7fae7670 req-a23f7787-a83a-4ee8-a710-d80f7fae7670 ] Request (ListServersNegativeTestJSON:tearDownClass): 200 GET http://10.180.1.21/compute/v2.1/servers/d4213b95-e4c2-42e4-94f9-f3b1848bf783 0.103s
2025-02-20 15:08:16.035 63627 INFO tempest.lib.common.rest_client [req-140b81a1-5fc6-4c9f-9ad0-de97d7231985 req-140b81a1-5fc6-4c9f-9ad0-de97d7231985 ] Request (MigrationsAdminTest:test_list_migrations_in_flavor_resize_situation): 200 GET http://10.180.1.21/compute/v2.1/servers/f712100c-2d2a-45b7-aa3c-5855baa58a77 0.133s
2025-02-20 15:08:16.079 63647 INFO tempest.lib.common.rest_client [req-a4b0c8e4-a519-4398-8db7-c5cc6aae969d req-a4b0c8e4-a519-4398-8db7-c5cc6aae969d ] Request (ImagesOneServerNegativeTestJSON:_run_cleanups): 200 GET http://10.180.1.21/compute/v2.1/servers/f84492b5-d1ea-4ef0-983e-7e5039fcb3fe 0.129s
2025-02-20 15:08:16.081 63629 INFO tempest.lib.common.rest_client [req-fce81500-46f3-4e67-b91c-edabec953ef4 req-fce81500-46f3-4e67-b91c-edabec953ef4 ] Request (ServersAdminTestJSON:test_inject_network_info): 200 GET http://10.180.1.21/compute/v2.1/servers/578fd730-ccbc-4fe9-9a17-1bf5c1f62bf3 0.124s
2025-02-20 15:08:16.125 63639 INFO tempest.lib.common.rest_client [req-a47ba36f-3f85-49a8-8c8c-f468f979ba97 req-a47ba36f-3f85-49a8-8c8c-f468f979ba97 ] Request (VolumesAdminNegativeTest:test_update_attached_volume_with_nonexistent_volume_in_body): 200 GET http://10.180.1.21/compute/v2.1/servers/43daa061-8ca8-4e4f-9c12-44eedd288acd 0.112s
2025-02-20 15:08:16.127 63683 INFO tempest.lib.common.rest_client [req-343eaebf-9621-4cc0-9bdd-68ca26d9e88c req-343eaebf-9621-4cc0-9bdd-68ca26d9e88c ] Request (MultipleCreateTestJSON:test_multiple_create): 200 GET http://10.180.1.21/compute/v2.1/servers/7e4dfe48-66be-458e-a142-b5d039d1306a 0.167s
2025-02-20 15:08:16.174 63631 INFO tempest.lib.common.rest_client [req-70e55550-a66f-4263-b7a0-f87bfd3c0f1d req-70e55550-a66f-4263-b7a0-f87bfd3c0f1d ] Request (AttachVolumeShelveTestJSON:test_attach_volume_shelved_or_offload_server): 200 GET http://10.180.1.21/compute/v2.1/servers/feb7d9ed-c1d5-40c6-8f6c-c5e138b58269 0.108s
2025-02-20 15:08:16.179 63688 WARNING tempest.lib.common.ssh [-] Failed to establish authenticated ssh connection to cirros@10.180.180.159 ([Errno None] Unable to connect to port 22 on 10.180.180.159). Number attempts: 5. Retry after 6 seconds.: paramiko.ssh_exception.NoValidConnectionsError: [Errno None] Unable to connect to port 22 on 10.180.180.159
2025-02-20 15:08:16.210 63645 INFO tempest.lib.common.rest_client [req-0176d5e7-5549-4090-8ba3-dfef60d6c871 req-0176d5e7-5549-4090-8ba3-dfef60d6c871 ] Request (SecurityGroupsTestJSON:test_list_security_groups_by_server): 200 GET http://10.180.1.21/compute/v2.1/servers/159ca879-6987-4172-ba28-5bc3592daded 0.131s
2025-02-20 15:08:16.223 63657 INFO tempest.lib.common.rest_client [req-95d7f702-b178-44b7-81f2-353ec5dee686 req-95d7f702-b178-44b7-81f2-353ec5dee686 ] Request (ServersAdminNegativeTestJSON:test_migrate_server_invalid_state): 200 GET http://10.180.1.21/compute/v2.1/servers/b77d178a-2937-4dac-a312-ce924b4f3f36 0.108s
2025-02-20 15:08:16.259 63661 INFO tempest.lib.common.rest_client [req-a71c01f4-a855-4327-97e9-07556de9bd58 req-a71c01f4-a855-4327-97e9-07556de9bd58 ] Request (ServersTestJSON:test_create_server_specify_multibyte_character_name): 200 GET http://10.180.1.21/compute/v2.1/servers/c95e9301-0004-4ed7-a2da-1cba22371eaf 0.091s
2025-02-20 15:08:16.308 63655 INFO tempest.lib.common.rest_client [req-748be515-27e7-4f66-9fab-e9737a8e549b req-748be515-27e7-4f66-9fab-e9737a8e549b ] Request (ServerRescueTestJSONUnderV235:setUpClass): 200 GET http://10.180.1.21/compute/v2.1/servers/02942cf6-fe72-4f77-9d87-ac9287527317 0.055s
2025-02-20 15:08:16.356 63681 INFO tempest.lib.common.rest_client [req-0e3dce07-7d1f-45c9-94af-b0d11d1d8760 req-0e3dce07-7d1f-45c9-94af-b0d11d1d8760 ] Request (ServersV294TestFqdnHostnames:setUpClass): 200 GET http://10.180.1.21/compute/v2.1/servers/5115d225-d919-423e-a06a-abda789c9728 0.155s
2025-02-20 15:08:16.459 63669 INFO tempest.lib.common.rest_client [req-db043957-eae4-4331-8877-e7950e6855d6 req-db043957-eae4-4331-8877-e7950e6855d6 ] Request (AttachInterfacesV270Test:tearDownClass): 200 GET http://10.180.1.21/compute/v2.1/servers/e326a358-f9de-48db-a7ef-a11636ec7c07 0.062s
2025-02-20 15:08:16.478 63635 INFO tempest.lib.common.rest_client [req-6e0441b7-e02f-4e14-850c-4f36634ddf2b req-6e0441b7-e02f-4e14-850c-4f36634ddf2b ] Request (ListImageFiltersTestJSON:setUpClass): 200 GET http://10.180.1.21/compute/v2.1/servers/e2d1e14a-adc0-4dd8-8ce4-9844717d10d7 0.219s
2025-02-20 15:08:16.517 63651 INFO tempest.lib.common.rest_client [req-ab636162-732e-40a7-b01f-314de90f8eb3 req-ab636162-732e-40a7-b01f-314de90f8eb3 ] Request (DeleteServersAdminTestJSON:test_delete_server_while_in_error_state): 200 GET http://10.180.1.21/compute/v2.1/servers/a1bb506c-b8ca-4887-bf41-f59b5bdd96c7 0.051s
2025-02-20 15:08:16.655 63679 INFO tempest.lib.common.rest_client [req-c6ca62b6-fcae-401f-b547-f61c832e57d3 req-c6ca62b6-fcae-401f-b547-f61c832e57d3 ] Request (ServersAdmin275Test:tearDownClass): 200 GET http://10.180.1.21/compute/v2.1/servers/aed994a0-1568-47e7-84d2-2bbdd70b7fbf 0.061s
2025-02-20 15:08:16.665 63679 INFO tempest.common.waiters [-] State transition "ACTIVE/deleting" ==> "DELETED/None" after 4 second wait
2025-02-20 15:08:16.730 63654 INFO tempest.lib.common.rest_client [req-f6d980d0-5736-4f8f-9168-1f3364110b31 req-f6d980d0-5736-4f8f-9168-1f3364110b31 ] Request (FloatingIPsAssociationNegativeTestJSON:setUpClass): 200 GET http://10.180.1.21/compute/v2.1/servers/986ddb2d-7aeb-457d-9b8a-da57829421f7 0.047s
2025-02-20 15:08:16.877 63643 INFO tempest.lib.common.rest_client [req-7363ab31-45cd-4b54-a523-33ee059ce43e req-7363ab31-45cd-4b54-a523-33ee059ce43e ] Request (ServersTestBootFromVolume:setUpClass): 200 GET http://10.180.1.21/compute/v2.1/servers/1bdd687f-a5ad-435e-a659-46c35becc981 0.055s
2025-02-20 15:08:16.900 63637 INFO tempest.lib.common.rest_client [req-d517828f-7ec3-4b28-9163-ae878ad74e68 req-d517828f-7ec3-4b28-9163-ae878ad74e68 ] Request (ImagesOneServerTestJSON:test_create_image_specify_multibyte_character_image_name): 200 GET http://10.180.1.21/compute/v2.1/servers/72ad0057-c02b-4a31-8d58-e33c0b085c9b 0.128s
2025-02-20 15:08:16.907 63637 INFO tempest.common.waiters [-] State transition "ACTIVE/image_uploading" ==> "ACTIVE/None" after 1 second wait
2025-02-20 15:08:16.924 63685 INFO tempest.lib.common.rest_client [req-7d8ca6d6-c51b-43be-9001-fd1e8d8af345 req-7d8ca6d6-c51b-43be-9001-fd1e8d8af345 ] Request (ServersNegativeTestMultiTenantJSON:setUpClass): 200 GET http://10.180.1.21/compute/v2.1/servers/090d4a37-b802-4dc6-909f-9abd1cd31bb2 0.074s
2025-02-20 15:08:16.947 63689 INFO tempest.lib.common.rest_client [req-08f6fbca-0b2d-4cef-bd91-5c562575780c req-08f6fbca-0b2d-4cef-bd91-5c562575780c ] Request (ImagesTestJSON:test_create_image_from_suspended_server): 200 GET http://10.180.1.21/compute/v2.1/servers/2660a9d8-ad47-4172-bf7a-1710aa1b3092 0.058s
2025-02-20 15:08:16.970 63649 INFO tempest.lib.common.rest_client [req-2431877a-3f76-4568-8a7a-ea7ec18eabdc req-2431877a-3f76-4568-8a7a-ea7ec18eabdc ] Request (ServerMetadataNegativeTestJSON:setUpClass): 200 GET http://10.180.1.21/compute/v2.1/servers/1a8ea490-d495-4aec-8618-d450300c95bd 0.073s
2025-02-20 15:08:17.013 63659 WARNING tempest.lib.common.ssh [-] Failed to establish authenticated ssh connection to cirros@10.180.180.190 ([Errno None] Unable to connect to port 22 on 10.180.180.190). Number attempts: 6. Retry after 7 seconds.: paramiko.ssh_exception.NoValidConnectionsError: [Errno None] Unable to connect to port 22 on 10.180.180.190
2025-02-20 15:08:17.019 63673 INFO tempest.lib.common.rest_client [req-f0eeaa67-7f6e-41d1-a830-5e3cabf3517d req-f0eeaa67-7f6e-41d1-a830-5e3cabf3517d ] Request (DeleteServersTestJSON:test_delete_server_while_in_attached_volume): 200 GET http://10.180.1.21/compute/v2.1/servers/f30e9f63-42de-49b6-8384-09a8ba917d28 0.076s
2025-02-20 15:08:17.038 63633 INFO tempest.lib.common.rest_client [req-86d4daf4-4ed7-4652-a5c3-c53a4edad1d8 req-86d4daf4-4ed7-4652-a5c3-c53a4edad1d8 ] Request (ListServersNegativeTestJSON:tearDownClass): 404 GET http://10.180.1.21/compute/v2.1/servers/d4213b95-e4c2-42e4-94f9-f3b1848bf783 0.040s
2025-02-20 15:08:17.056 63637 INFO tempest.lib.common.rest_client [req-d65c12f0-c99d-47b7-b446-7dd844c95959 req-d65c12f0-c99d-47b7-b446-7dd844c95959 ] Request (ImagesOneServerTestJSON:tearDownClass): 204 DELETE http://10.180.1.21/compute/v2.1/images/cb190bcd-b451-4b6e-b990-6f70d87abf99 0.148s
2025-02-20 15:08:17.061 63633 INFO tempest.lib.common.rest_client [req-1d49aca8-6842-4f35-88de-1eb7fa4e8a2b req-1d49aca8-6842-4f35-88de-1eb7fa4e8a2b ] Request (ListServersNegativeTestJSON:tearDownClass): 404 GET http://10.180.1.21/compute/v2.1/servers/9a806382-53de-4fd4-933a-48407260a0e2 0.022s
2025-02-20 15:08:17.079 63637 INFO tempest.lib.common.rest_client [req-820b79da-791e-46db-870c-40c1fb7960c6 req-820b79da-791e-46db-870c-40c1fb7960c6 ] Request (ImagesOneServerTestJSON:tearDownClass): 404 DELETE http://10.180.1.21/compute/v2.1/images/8a8b4958-7eca-4203-99d3-4841a51e40bd 0.022s
2025-02-20 15:08:17.102 63633 INFO tempest.lib.common.rest_client [req-92444295-943f-45e2-901c-23e1f6c80f5c req-92444295-943f-45e2-901c-23e1f6c80f5c ] Request (ListServersNegativeTestJSON:tearDownClass): 404 GET http://10.180.1.21/compute/v2.1/servers/978dbc54-2c4e-45ec-8a0f-59c3f2409e59 0.040s
2025-02-20 15:08:17.151 63627 INFO tempest.lib.common.rest_client [req-34df65c6-7622-4675-836c-f3d056c41923 req-34df65c6-7622-4675-836c-f3d056c41923 ] Request (MigrationsAdminTest:test_list_migrations_in_flavor_resize_situation): 200 GET http://10.180.1.21/compute/v2.1/servers/f712100c-2d2a-45b7-aa3c-5855baa58a77 0.108s
2025-02-20 15:08:17.181 63637 INFO tempest.lib.common.rest_client [req-a489eb8c-542c-415d-b9b3-cbe2169b5962 req-a489eb8c-542c-415d-b9b3-cbe2169b5962 ] Request (ImagesOneServerTestJSON:tearDownClass): 204 DELETE http://10.180.1.21/compute/v2.1/servers/72ad0057-c02b-4a31-8d58-e33c0b085c9b 0.101s
2025-02-20 15:08:17.241 63629 INFO tempest.lib.common.rest_client [req-a843ee74-6f73-4eff-8fb8-edaf2d07ecd9 req-a843ee74-6f73-4eff-8fb8-edaf2d07ecd9 ] Request (ServersAdminTestJSON:test_inject_network_info): 200 GET http://10.180.1.21/compute/v2.1/servers/578fd730-ccbc-4fe9-9a17-1bf5c1f62bf3 0.152s
2025-02-20 15:08:17.253 63647 INFO tempest.lib.common.rest_client [req-4e42b71f-7be7-4c10-8a3f-88acbaeb1f1f req-4e42b71f-7be7-4c10-8a3f-88acbaeb1f1f ] Request (ImagesOneServerNegativeTestJSON:_run_cleanups): 200 GET http://10.180.1.21/compute/v2.1/servers/f84492b5-d1ea-4ef0-983e-7e5039fcb3fe 0.165s
2025-02-20 15:08:17.301 63683 INFO tempest.lib.common.rest_client [req-8f1cc602-65cf-45e0-918f-033e1a396eaf req-8f1cc602-65cf-45e0-918f-033e1a396eaf ] Request (MultipleCreateTestJSON:test_multiple_create): 200 GET http://10.180.1.21/compute/v2.1/servers/7e4dfe48-66be-458e-a142-b5d039d1306a 0.166s
2025-02-20 15:08:17.313 63639 INFO tempest.lib.common.rest_client [req-30a48b26-b994-45e2-9433-d231fcc6d850 req-30a48b26-b994-45e2-9433-d231fcc6d850 ] Request (VolumesAdminNegativeTest:test_update_attached_volume_with_nonexistent_volume_in_body): 200 GET http://10.180.1.21/compute/v2.1/servers/43daa061-8ca8-4e4f-9c12-44eedd288acd 0.179s
2025-02-20 15:08:17.374 63631 INFO tempest.lib.common.rest_client [req-0e3913a8-ef32-40e9-a7f0-00103cf5f95f req-0e3913a8-ef32-40e9-a7f0-00103cf5f95f ] Request (AttachVolumeShelveTestJSON:test_attach_volume_shelved_or_offload_server): 200 GET http://10.180.1.21/compute/v2.1/servers/feb7d9ed-c1d5-40c6-8f6c-c5e138b58269 0.188s
2025-02-20 15:08:17.416 63637 INFO tempest.lib.common.rest_client [req-b16faded-6df6-4c02-b627-42444dde469f req-b16faded-6df6-4c02-b627-42444dde469f ] Request (ImagesOneServerTestJSON:tearDownClass): 200 GET http://10.180.1.21/compute/v2.1/servers/72ad0057-c02b-4a31-8d58-e33c0b085c9b 0.235s
2025-02-20 15:08:17.465 63657 INFO tempest.lib.common.rest_client [req-d59815be-eecf-4293-8339-ecf9e85e4c77 req-d59815be-eecf-4293-8339-ecf9e85e4c77 ] Request (ServersAdminNegativeTestJSON:test_migrate_server_invalid_state): 200 GET http://10.180.1.21/compute/v2.1/servers/b77d178a-2937-4dac-a312-ce924b4f3f36 0.234s
2025-02-20 15:08:17.525 63661 INFO tempest.lib.common.rest_client [req-c2c47806-f7e0-4a04-8b6f-93a99eba33f1 req-c2c47806-f7e0-4a04-8b6f-93a99eba33f1 ] Request (ServersTestJSON:test_create_server_specify_multibyte_character_name): 200 GET http://10.180.1.21/compute/v2.1/servers/c95e9301-0004-4ed7-a2da-1cba22371eaf 0.251s
2025-02-20 15:08:17.545 63645 INFO tempest.lib.common.rest_client [req-9b8d72c6-c91f-407f-b0f3-4d549b9da752 req-9b8d72c6-c91f-407f-b0f3-4d549b9da752 ] Request (SecurityGroupsTestJSON:test_list_security_groups_by_server): 200 GET http://10.180.1.21/compute/v2.1/servers/159ca879-6987-4172-ba28-5bc3592daded 0.327s
2025-02-20 15:08:17.594 63655 INFO tempest.lib.common.rest_client [req-1c51e683-d3bc-4860-881b-c2f38cf93a0d req-1c51e683-d3bc-4860-881b-c2f38cf93a0d ] Request (ServerRescueTestJSONUnderV235:setUpClass): 200 GET http://10.180.1.21/compute/v2.1/servers/02942cf6-fe72-4f77-9d87-ac9287527317 0.277s
2025-02-20 15:08:17.662 63669 INFO tempest.lib.common.rest_client [req-c073d354-54ca-424f-b511-f639f2d8259b req-c073d354-54ca-424f-b511-f639f2d8259b ] Request (AttachInterfacesV270Test:tearDownClass): 200 GET http://10.180.1.21/compute/v2.1/servers/e326a358-f9de-48db-a7ef-a11636ec7c07 0.191s
2025-02-20 15:08:17.676 63681 INFO tempest.lib.common.rest_client [req-e473ded7-b189-4729-bb80-a552eb4e0472 req-e473ded7-b189-4729-bb80-a552eb4e0472 ] Request (ServersV294TestFqdnHostnames:setUpClass): 200 GET http://10.180.1.21/compute/v2.1/servers/5115d225-d919-423e-a06a-abda789c9728 0.308s
2025-02-20 15:08:17.733 63651 INFO tempest.lib.common.rest_client [req-ca90b403-2bda-4a09-b064-d562782e7565 req-ca90b403-2bda-4a09-b064-d562782e7565 ] Request (DeleteServersAdminTestJSON:test_delete_server_while_in_error_state): 200 GET http://10.180.1.21/compute/v2.1/servers/a1bb506c-b8ca-4887-bf41-f59b5bdd96c7 0.207s
2025-02-20 15:08:17.773 63635 INFO tempest.lib.common.rest_client [req-5b773712-e7be-48f8-b44c-240b5e39c1b9 req-5b773712-e7be-48f8-b44c-240b5e39c1b9 ] Request (ListImageFiltersTestJSON:setUpClass): 200 GET http://10.180.1.21/compute/v2.1/servers/e2d1e14a-adc0-4dd8-8ce4-9844717d10d7 0.286s
2025-02-20 15:08:17.809 63679 INFO tempest.lib.common.rest_client [req-c9f367f8-0067-4a36-af4e-da95bd9d8d96 req-c9f367f8-0067-4a36-af4e-da95bd9d8d96 ] Request (ServersAdmin275Test:tearDownClass): 200 GET http://10.180.1.21/compute/v2.1/servers/aed994a0-1568-47e7-84d2-2bbdd70b7fbf 0.144s
2025-02-20 15:08:17.820 63654 INFO tempest.lib.common.rest_client [req-ddb3b1ce-6cde-4171-b45c-b8bcd6748062 req-ddb3b1ce-6cde-4171-b45c-b8bcd6748062 ] Request (FloatingIPsAssociationNegativeTestJSON:setUpClass): 200 GET http://10.180.1.21/compute/v2.1/servers/986ddb2d-7aeb-457d-9b8a-da57829421f7 0.082s
2025-02-20 15:08:17.960 63643 INFO tempest.lib.common.rest_client [req-9aa329a7-766d-4a3c-998e-32da66192664 req-9aa329a7-766d-4a3c-998e-32da66192664 ] Request (ServersTestBootFromVolume:setUpClass): 200 GET http://10.180.1.21/compute/v2.1/servers/1bdd687f-a5ad-435e-a659-46c35becc981 0.074s
2025-02-20 15:08:18.009 63685 INFO tempest.lib.common.rest_client [req-6eda39c1-1b4c-4d71-a0a6-4e7c33173a26 req-6eda39c1-1b4c-4d71-a0a6-4e7c33173a26 ] Request (ServersNegativeTestMultiTenantJSON:setUpClass): 200 GET http://10.180.1.21/compute/v2.1/servers/090d4a37-b802-4dc6-909f-9abd1cd31bb2 0.075s
2025-02-20 15:08:18.025 63633 INFO tempest.lib.common.rest_client [req-531bd050-7b51-4bb7-8760-4cf94d7f0881 req-531bd050-7b51-4bb7-8760-4cf94d7f0881 ] Request (ListServersNegativeTestJSON:tearDownClass): 200 PUT http://10.180.1.21:9696/networking/v2.0/routers/d674fb0c-ac20-439a-84a2-bfdfc08e4452/remove_router_interface 0.923s
2025-02-20 15:08:18.026 63689 INFO tempest.lib.common.rest_client [req-c3e0ff46-b645-4954-a17e-864b8314028c req-c3e0ff46-b645-4954-a17e-864b8314028c ] Request (ImagesTestJSON:test_create_image_from_suspended_server): 200 GET http://10.180.1.21/compute/v2.1/servers/2660a9d8-ad47-4172-bf7a-1710aa1b3092 0.071s
2025-02-20 15:08:18.058 63649 INFO tempest.lib.common.rest_client [req-d7ede773-ecef-4aaa-98e6-316a1803dacb req-d7ede773-ecef-4aaa-98e6-316a1803dacb ] Request (ServerMetadataNegativeTestJSON:setUpClass): 200 GET http://10.180.1.21/compute/v2.1/servers/1a8ea490-d495-4aec-8618-d450300c95bd 0.080s
2025-02-20 15:08:18.103 63673 INFO tempest.lib.common.rest_client [req-dc875458-b0df-4ab6-8eba-ce17d1d7e746 req-dc875458-b0df-4ab6-8eba-ce17d1d7e746 ] Request (DeleteServersTestJSON:test_delete_server_while_in_attached_volume): 200 GET http://10.180.1.21/compute/v2.1/servers/f30e9f63-42de-49b6-8384-09a8ba917d28 0.074s
2025-02-20 15:08:18.295 63627 INFO tempest.lib.common.rest_client [req-deaefb5f-4fb6-403c-b817-ed067049c065 req-deaefb5f-4fb6-403c-b817-ed067049c065 ] Request (MigrationsAdminTest:test_list_migrations_in_flavor_resize_situation): 200 GET http://10.180.1.21/compute/v2.1/servers/f712100c-2d2a-45b7-aa3c-5855baa58a77 0.133s
2025-02-20 15:08:18.307 63629 INFO tempest.lib.common.rest_client [req-edb3a527-b5fc-4e55-b9d8-3fe8a550dadc req-edb3a527-b5fc-4e55-b9d8-3fe8a550dadc ] Request (ServersAdminTestJSON:test_inject_network_info): 200 GET http://10.180.1.21/compute/v2.1/servers/578fd730-ccbc-4fe9-9a17-1bf5c1f62bf3 0.057s
2025-02-20 15:08:18.374 63647 INFO tempest.lib.common.rest_client [req-b4f582de-51d9-43d4-a636-c2e20e1ae985 req-b4f582de-51d9-43d4-a636-c2e20e1ae985 ] Request (ImagesOneServerNegativeTestJSON:_run_cleanups): 200 GET http://10.180.1.21/compute/v2.1/servers/f84492b5-d1ea-4ef0-983e-7e5039fcb3fe 0.111s
2025-02-20 15:08:18.387 63683 INFO tempest.lib.common.rest_client [req-d6ed22a6-4bea-4492-952a-5dd567a5e618 req-d6ed22a6-4bea-4492-952a-5dd567a5e618 ] Request (MultipleCreateTestJSON:test_multiple_create): 200 GET http://10.180.1.21/compute/v2.1/servers/7e4dfe48-66be-458e-a142-b5d039d1306a 0.072s
2025-02-20 15:08:18.437 63639 INFO tempest.lib.common.rest_client [req-6225a4d7-05ce-48e6-af71-99ad8ba5cf12 req-6225a4d7-05ce-48e6-af71-99ad8ba5cf12 ] Request (VolumesAdminNegativeTest:test_update_attached_volume_with_nonexistent_volume_in_body): 200 GET http://10.180.1.21/compute/v2.1/servers/43daa061-8ca8-4e4f-9c12-44eedd288acd 0.115s
