2025-02-20 15:06:18.537 63655 INFO tempest.lib.common.rest_client [req-deda2586-f649-45aa-84c6-43528d54f93f req-deda2586-f649-45aa-84c6-43528d54f93f ] Request (HypervisorAdminV228Test:tearDownClass): 204 DELETE http://10.180.1.21/identity/v3/users/519a4a69a2714c7d851118409de71a6f 0.261s
2025-02-20 15:06:18.547 63659 INFO tempest.lib.common.rest_client [req-ae9de596-b73f-472b-bcff-2bf5b8081bdb req-ae9de596-b73f-472b-bcff-2bf5b8081bdb ] Request (VolumesAssistedSnapshotsTest:setUpClass): 201 POST http://10.180.1.21:9696/networking/v2.0/networks 0.350s
2025-02-20 15:06:18.668 63627 INFO tempest.lib.common.rest_client [req-fd649006-2215-4991-bdb8-13463b625172 req-fd649006-2215-4991-bdb8-13463b625172 ] Request (HostsAdminNegativeTestJSON:setUpClass): 200 GET http://10.180.1.21/compute/v2.1/os-hosts 2.589s
2025-02-20 15:06:18.692 63685 INFO tempest.lib.common.rest_client [req-04ed5087-1717-438a-92ad-0c45e4ac4a41 req-04ed5087-1717-438a-92ad-0c45e4ac4a41 ] Request (FlavorsV261TestJSON:test_crud_flavor): 200 GET http://10.180.1.21/compute/v2.1/flavors/722792063 2.407s
2025-02-20 15:06:18.698 63654 INFO tempest.lib.common.rest_client [req-aee0766f-f962-4c2d-a733-ee31aed38f67 req-aee0766f-f962-4c2d-a733-ee31aed38f67 ] Request (FlavorsAdminTestJSON:test_create_flavor_verify_entry_in_list_details): 200 GET http://10.180.1.21/compute/v2.1/flavors/detail 2.393s
2025-02-20 15:06:18.703 63645 INFO tempest.lib.common.rest_client [req-8a17bf5b-c68b-441e-ac46-bad8423ff47c req-8a17bf5b-c68b-441e-ac46-bad8423ff47c ] Request (FlavorsV2TestJSON:test_list_flavors): 200 GET http://10.180.1.21/compute/v2.1/flavors/42 2.375s
2025-02-20 15:06:18.727 63667 INFO tempest.lib.common.rest_client [req-8435ba96-b596-4618-9121-0b1124c55fa5 req-8435ba96-b596-4618-9121-0b1124c55fa5 ] Request (ServerExternalEventsTest:setUpClass): 200 GET http://10.180.1.21/identity/v3/roles 0.352s
2025-02-20 15:06:18.736 63663 INFO tempest.lib.common.rest_client [req-bcf26989-32a5-4472-bca8-d8d69c7ac369 req-bcf26989-32a5-4472-bca8-d8d69c7ac369 ] Request (ServersWithSpecificFlavorTestJSON:setUpClass): 200 GET http://10.180.1.21/identity/v3/roles 0.376s
2025-02-20 15:06:18.749 63659 INFO tempest.lib.common.rest_client [req-82c1720e-f5af-43ab-a9a1-ea94ca9c4bca req-82c1720e-f5af-43ab-a9a1-ea94ca9c4bca ] Request (VolumesAssistedSnapshotsTest:setUpClass): 201 POST http://10.180.1.21:9696/networking/v2.0/subnets 0.202s
2025-02-20 15:06:18.752 63629 INFO tempest.lib.common.rest_client [req-107cd951-79fc-4971-ba55-ec9ff58a481f req-107cd951-79fc-4971-ba55-ec9ff58a481f ] Request (ServersAdminTestJSON:setUpClass): 204 PUT http://10.180.1.21/identity/v3/projects/13a5cba4ad264bafa222795af2af3184/users/0bc41e2a99c54887a880db707d9c669f/roles/9867ee18a78c4bd1948d383b80f71d95 0.298s
2025-02-20 15:06:18.752 63629 INFO tempest.lib.common.dynamic_creds [-] Dynamic test user 0bc41e2a99c54887a880db707d9c669f is created with scope project and roles: ['admin']
2025-02-20 15:06:18.752 63629 INFO tempest.lib.common.dynamic_creds [-] Acquired dynamic creds: credentials: Credentials: {'domain_id': 'default', 'domain_name': 'Default', 'username': 'tempest-ServersAdminTestJSON-2138325510-project-admin', 'project_domain_id': 'default', 'project_domain_name': 'Default', 'project_id': '13a5cba4ad264bafa222795af2af3184', 'project_name': 'tempest-ServersAdminTestJSON-2138325510', 'tenant_id': '13a5cba4ad264bafa222795af2af3184', 'tenant_name': 'tempest-ServersAdminTestJSON-2138325510', 'user_domain_id': 'default', 'user_domain_name': 'Default', 'user_id': '0bc41e2a99c54887a880db707d9c669f', 'system': None}, Network: None, Subnet: None, Router: None
2025-02-20 15:06:18.808 63669 INFO tempest.lib.common.rest_client [req-e40912db-e2b5-4c86-b74d-0d942b23905c req-e40912db-e2b5-4c86-b74d-0d942b23905c ] Request (HypervisorAdminTestJSON:setUpClass): 200 GET http://10.180.1.21/identity/v3/domains?name=Default 0.338s
2025-02-20 15:06:18.882 63655 INFO tempest.lib.common.rest_client [req-6f711a8b-111d-418f-9c8b-fb30be1810ea req-6f711a8b-111d-418f-9c8b-fb30be1810ea ] Request (HypervisorAdminV228Test:tearDownClass): 204 DELETE http://10.180.1.21/identity/v3/users/9370fa57d9f042b5b26d5ccada60d8cd 0.344s
2025-02-20 15:06:18.883 63655 INFO tempest.lib.common.dynamic_creds [-] Deleting project and security group for project: d8b6be7c06194f0b93e681dd756012aa
2025-02-20 15:06:18.957 63647 INFO tempest.lib.common.rest_client [req-4114f0a9-b609-47a1-9efb-e99b63c6b229 req-4114f0a9-b609-47a1-9efb-e99b63c6b229 ] Request (FlavorMetadataValidation:test_flavor_update_with_custom_namespace): 200 POST http://10.180.1.21/compute/v2.1/flavors 2.481s
2025-02-20 15:06:18.979 63629 INFO tempest.lib.common.rest_client [req-38fd8ba6-d22a-4d8f-94f9-b0df0ea14153 req-38fd8ba6-d22a-4d8f-94f9-b0df0ea14153 ] Request (ServersAdminTestJSON:setUpClass): 201 POST http://10.180.1.21:9696/networking/v2.0/networks 0.227s
2025-02-20 15:06:19.011 63667 INFO tempest.lib.common.rest_client [req-34673f12-df8d-466a-a211-eef6ef8905a5 req-34673f12-df8d-466a-a211-eef6ef8905a5 ] Request (ServerExternalEventsTest:setUpClass): 204 PUT http://10.180.1.21/identity/v3/projects/9c5dd91dc5af427da5653c62fd04b641/users/606b79f3586f40a88352fdd4359b663b/roles/9867ee18a78c4bd1948d383b80f71d95 0.284s
2025-02-20 15:06:19.011 63667 INFO tempest.lib.common.dynamic_creds [-] Dynamic test user 606b79f3586f40a88352fdd4359b663b is created with scope project and roles: ['service', 'admin']
2025-02-20 15:06:19.011 63667 INFO tempest.lib.common.dynamic_creds [-] Acquired dynamic creds: credentials: Credentials: {'domain_id': 'default', 'domain_name': 'Default', 'username': 'tempest-ServerExternalEventsTest-252042463-project', 'project_domain_id': 'default', 'project_domain_name': 'Default', 'project_id': '9c5dd91dc5af427da5653c62fd04b641', 'project_name': 'tempest-ServerExternalEventsTest-252042463', 'tenant_id': '9c5dd91dc5af427da5653c62fd04b641', 'tenant_name': 'tempest-ServerExternalEventsTest-252042463', 'user_domain_id': 'default', 'user_domain_name': 'Default', 'user_id': '606b79f3586f40a88352fdd4359b663b', 'system': None}, Network: None, Subnet: None, Router: None
2025-02-20 15:06:19.011 63667 INFO tempest.lib.common.dynamic_creds [-] Created isolated network resources for: credentials: Credentials: {'domain_id': 'default', 'domain_name': 'Default', 'username': 'tempest-ServerExternalEventsTest-252042463-project', 'project_domain_id': 'default', 'project_domain_name': 'Default', 'project_id': '9c5dd91dc5af427da5653c62fd04b641', 'project_name': 'tempest-ServerExternalEventsTest-252042463', 'tenant_id': '9c5dd91dc5af427da5653c62fd04b641', 'tenant_name': 'tempest-ServerExternalEventsTest-252042463', 'user_domain_id': 'default', 'user_domain_name': 'Default', 'user_id': '606b79f3586f40a88352fdd4359b663b', 'system': None}, Network: None, Subnet: None, Router: None
2025-02-20 15:06:19.014 63631 INFO tempest.lib.common.rest_client [req-e4158378-f30f-49de-8c94-2f344c35db3e req-e4158378-f30f-49de-8c94-2f344c35db3e ] Request (FlavorsExtraSpecsTestJSON:setUpClass): 200 POST http://10.180.1.21/compute/v2.1/flavors 2.417s
2025-02-20 15:06:19.063 63663 INFO tempest.lib.common.rest_client [req-21095794-e006-4022-a74e-e045ff87bbd5 req-21095794-e006-4022-a74e-e045ff87bbd5 ] Request (ServersWithSpecificFlavorTestJSON:setUpClass): 204 PUT http://10.180.1.21/identity/v3/projects/d9ce34f95a994f2e885a78f553884269/users/0b836c31f33b4d60a9aae6843f16a4a2/roles/9867ee18a78c4bd1948d383b80f71d95 0.325s
2025-02-20 15:06:19.064 63663 INFO tempest.lib.common.dynamic_creds [-] Dynamic test user 0b836c31f33b4d60a9aae6843f16a4a2 is created with scope project and roles: ['admin']
2025-02-20 15:06:19.064 63663 INFO tempest.lib.common.dynamic_creds [-] Acquired dynamic creds: credentials: Credentials: {'domain_id': 'default', 'domain_name': 'Default', 'username': 'tempest-ServersWithSpecificFlavorTestJSON-618405802-project-admin', 'project_domain_id': 'default', 'project_domain_name': 'Default', 'project_id': 'd9ce34f95a994f2e885a78f553884269', 'project_name': 'tempest-ServersWithSpecificFlavorTestJSON-618405802', 'tenant_id': 'd9ce34f95a994f2e885a78f553884269', 'tenant_name': 'tempest-ServersWithSpecificFlavorTestJSON-618405802', 'user_domain_id': 'default', 'user_domain_name': 'Default', 'user_id': '0b836c31f33b4d60a9aae6843f16a4a2', 'system': None}, Network: None, Subnet: None, Router: None
2025-02-20 15:06:19.064 63669 INFO tempest.lib.common.rest_client [req-319f5f66-3e38-4686-9b23-e76264865607 req-319f5f66-3e38-4686-9b23-e76264865607 ] Request (HypervisorAdminTestJSON:setUpClass): 201 POST http://10.180.1.21/identity/v3/projects 0.255s
2025-02-20 15:06:19.131 63655 INFO tempest.lib.common.rest_client [req-95c6d711-b139-4337-8464-2f9ab53508e3 req-95c6d711-b139-4337-8464-2f9ab53508e3 ] Request (HypervisorAdminV228Test:tearDownClass): 201 POST http://10.180.1.21/identity/v3/auth/tokens 0.247s
2025-02-20 15:06:19.197 63671 INFO tempest.lib.common.rest_client [req-5c12f895-a05c-4424-98d3-f661224ec674 req-5c12f895-a05c-4424-98d3-f661224ec674 ] Request (FlavorsExtraSpecsNegativeTestJSON:setUpClass): 200 POST http://10.180.1.21/compute/v2.1/flavors 2.331s
2025-02-20 15:06:19.206 63669 INFO tempest.lib.common.rest_client [req-8096d255-4c1d-48ec-9e36-3ac1b5e9b910 req-8096d255-4c1d-48ec-9e36-3ac1b5e9b910 ] Request (HypervisorAdminTestJSON:setUpClass): 201 POST http://10.180.1.21/identity/v3/users 0.141s
2025-02-20 15:06:19.209 63667 INFO tempest.lib.common.rest_client [req-d1959281-735f-4084-bd6e-e715f6b08001 req-d1959281-735f-4084-bd6e-e715f6b08001 ] Request (ServerExternalEventsTest:setUpClass): 201 POST http://10.180.1.21/identity/v3/auth/tokens 0.195s
2025-02-20 15:06:19.229 63629 INFO tempest.lib.common.rest_client [req-78527201-11fe-4d0d-a05b-280497f89653 req-78527201-11fe-4d0d-a05b-280497f89653 ] Request (ServersAdminTestJSON:setUpClass): 201 POST http://10.180.1.21:9696/networking/v2.0/subnets 0.249s
2025-02-20 15:06:19.264 63665 INFO tempest.lib.common.rest_client [req-ca02d2a5-86d4-46be-9433-f1bac3fdee95 req-ca02d2a5-86d4-46be-9433-f1bac3fdee95 ] Request (TenantUsagesNegativeTestJSON:test_get_usage_tenant_with_empty_tenant_id): 404 GET http://10.180.1.21/compute/v2.1/os-simple-tenant-usage/?start=2025-02-19T15%3A06%3A17.052924&end=2025-02-21T15%3A06%3A17.052924 2.210s
2025-02-20 15:06:19.265 63665 WARNING tempest.lib.common.rest_client [-] Deprecated: "tenant_id" property is deprecated for removal, use "project_id" instead
2025-02-20 15:06:19.270 63669 INFO tempest.lib.common.rest_client [req-12938a72-b796-473e-afc6-e25d6a3ef7ef req-12938a72-b796-473e-afc6-e25d6a3ef7ef ] Request (HypervisorAdminTestJSON:setUpClass): 200 GET http://10.180.1.21/identity/v3/roles 0.064s
2025-02-20 15:06:19.317 63667 INFO tempest.lib.common.rest_client [req-bcba2dad-2732-4ba6-a5b7-6a06b38f726c req-bcba2dad-2732-4ba6-a5b7-6a06b38f726c ] Request (ServerExternalEventsTest:test_create_server_external_events): 201 POST http://10.180.1.21/identity/v3/auth/tokens 0.102s
2025-02-20 15:06:19.318 63667 INFO tempest.lib.common.fixed_network [-] (ServerExternalEventsTest:test_create_server_external_events) Found network None available for tenant
2025-02-20 15:06:19.338 63669 INFO tempest.lib.common.rest_client [req-c0ec04c4-3a0a-457a-8d6e-946296d26cf8 req-c0ec04c4-3a0a-457a-8d6e-946296d26cf8 ] Request (HypervisorAdminTestJSON:setUpClass): 204 PUT http://10.180.1.21/identity/v3/projects/72399d7ee55e48cca9ce2a3f6fcdd73c/users/da8d9c8417124c12955afd88d167c8a9/roles/6297f0ab2a3a454ca120442ea8ac85a0 0.068s
2025-02-20 15:06:19.338 63669 INFO tempest.lib.common.dynamic_creds [-] Dynamic test user da8d9c8417124c12955afd88d167c8a9 is created with scope project and roles: ['member']
2025-02-20 15:06:19.339 63669 INFO tempest.lib.common.dynamic_creds [-] Acquired dynamic creds: credentials: Credentials: {'domain_id': 'default', 'domain_name': 'Default', 'username': 'tempest-HypervisorAdminTestJSON-535798297-project-member', 'project_domain_id': 'default', 'project_domain_name': 'Default', 'project_id': '72399d7ee55e48cca9ce2a3f6fcdd73c', 'project_name': 'tempest-HypervisorAdminTestJSON-535798297', 'tenant_id': '72399d7ee55e48cca9ce2a3f6fcdd73c', 'tenant_name': 'tempest-HypervisorAdminTestJSON-535798297', 'user_domain_id': 'default', 'user_domain_name': 'Default', 'user_id': 'da8d9c8417124c12955afd88d167c8a9', 'system': None}, Network: None, Subnet: None, Router: None
2025-02-20 15:06:19.339 63669 INFO tempest.lib.common.dynamic_creds [-] Created isolated network resources for: credentials: Credentials: {'domain_id': 'default', 'domain_name': 'Default', 'username': 'tempest-HypervisorAdminTestJSON-535798297-project-member', 'project_domain_id': 'default', 'project_domain_name': 'Default', 'project_id': '72399d7ee55e48cca9ce2a3f6fcdd73c', 'project_name': 'tempest-HypervisorAdminTestJSON-535798297', 'tenant_id': '72399d7ee55e48cca9ce2a3f6fcdd73c', 'tenant_name': 'tempest-HypervisorAdminTestJSON-535798297', 'user_domain_id': 'default', 'user_domain_name': 'Default', 'user_id': 'da8d9c8417124c12955afd88d167c8a9', 'system': None}, Network: None, Subnet: None, Router: None
2025-02-20 15:06:19.377 63635 INFO tempest.lib.common.rest_client [req-7c31ab08-d894-4721-a663-c292fbac14f8 req-7c31ab08-d894-4721-a663-c292fbac14f8 ] Request (HypervisorAdminV253TestBase:test_list_show_detail_hypervisors): 200 GET http://10.180.1.21/compute/v2.1/os-hypervisors/detail?with_servers=True 2.251s
2025-02-20 15:06:19.388 63663 INFO tempest.lib.common.rest_client [req-4f2b03fd-d53f-41df-93cb-68bcd561df04 req-4f2b03fd-d53f-41df-93cb-68bcd561df04 ] Request (ServersWithSpecificFlavorTestJSON:setUpClass): 201 POST http://10.180.1.21:9696/networking/v2.0/networks 0.324s
2025-02-20 15:06:19.434 63669 INFO tempest.lib.common.rest_client [req-bff47abb-26e9-4eef-8b73-6420981c8856 req-bff47abb-26e9-4eef-8b73-6420981c8856 ] Request (HypervisorAdminTestJSON:setUpClass): 201 POST http://10.180.1.21/identity/v3/auth/tokens 0.091s
2025-02-20 15:06:19.461 63655 INFO tempest.lib.common.rest_client [req-822b994e-b8ff-4891-adc7-7587a2f139d9 req-822b994e-b8ff-4891-adc7-7587a2f139d9 ] Request (HypervisorAdminV228Test:tearDownClass): 200 GET http://10.180.1.21:9696/networking/v2.0/security-groups?tenant_id=d8b6be7c06194f0b93e681dd756012aa&name=default 0.330s
2025-02-20 15:06:19.496 63669 INFO tempest.lib.common.rest_client [req-d15ebd8d-27f4-4e43-a4ca-b27c59891430 req-d15ebd8d-27f4-4e43-a4ca-b27c59891430 ] Request (HypervisorAdminTestJSON:setUpClass): 201 POST http://10.180.1.21/identity/v3/projects 0.061s
2025-02-20 15:06:19.555 63669 INFO tempest.lib.common.rest_client [req-afe67ce3-878d-40a0-9def-7a53d9097015 req-afe67ce3-878d-40a0-9def-7a53d9097015 ] Request (HypervisorAdminTestJSON:setUpClass): 201 POST http://10.180.1.21/identity/v3/users 0.059s
2025-02-20 15:06:19.575 63669 INFO tempest.lib.common.rest_client [req-47d0b4f8-b927-48be-8834-c15c03649854 req-47d0b4f8-b927-48be-8834-c15c03649854 ] Request (HypervisorAdminTestJSON:setUpClass): 200 GET http://10.180.1.21/identity/v3/roles 0.020s
2025-02-20 15:06:19.602 63669 INFO tempest.lib.common.rest_client [req-fbeffb30-067f-436b-8ff0-cd0380636a7a req-fbeffb30-067f-436b-8ff0-cd0380636a7a ] Request (HypervisorAdminTestJSON:setUpClass): 204 PUT http://10.180.1.21/identity/v3/projects/a706928dc8be4b7d8a1543aba1b13d25/users/3675a4ba24124f41971aba72824630b5/roles/9867ee18a78c4bd1948d383b80f71d95 0.026s
2025-02-20 15:06:19.620 63655 INFO tempest.lib.common.rest_client [req-cbd86720-5468-494d-bcfe-4b4c0421b4f6 req-cbd86720-5468-494d-bcfe-4b4c0421b4f6 ] Request (HypervisorAdminV228Test:tearDownClass): 204 DELETE http://10.180.1.21:9696/networking/v2.0/security-groups/3b6bfdd7-11b3-408c-8ecb-d42e643f5c5c 0.158s
2025-02-20 15:06:19.656 63669 INFO tempest.lib.common.rest_client [req-04be89f9-9e1e-4610-89e7-46e9665c6bad req-04be89f9-9e1e-4610-89e7-46e9665c6bad ] Request (HypervisorAdminTestJSON:setUpClass): 200 GET http://10.180.1.21/identity/v3/roles 0.053s
2025-02-20 15:06:19.692 63669 INFO tempest.lib.common.rest_client [req-ae3b25fb-d2cc-4a3c-8310-476b7fc05497 req-ae3b25fb-d2cc-4a3c-8310-476b7fc05497 ] Request (HypervisorAdminTestJSON:setUpClass): 204 PUT http://10.180.1.21/identity/v3/projects/a706928dc8be4b7d8a1543aba1b13d25/users/3675a4ba24124f41971aba72824630b5/roles/9867ee18a78c4bd1948d383b80f71d95 0.035s
2025-02-20 15:06:19.692 63669 INFO tempest.lib.common.dynamic_creds [-] Dynamic test user 3675a4ba24124f41971aba72824630b5 is created with scope project and roles: ['admin']
2025-02-20 15:06:19.692 63669 INFO tempest.lib.common.dynamic_creds [-] Acquired dynamic creds: credentials: Credentials: {'domain_id': 'default', 'domain_name': 'Default', 'username': 'tempest-HypervisorAdminTestJSON-1529568986-project-admin', 'project_domain_id': 'default', 'project_domain_name': 'Default', 'project_id': 'a706928dc8be4b7d8a1543aba1b13d25', 'project_name': 'tempest-HypervisorAdminTestJSON-1529568986', 'tenant_id': 'a706928dc8be4b7d8a1543aba1b13d25', 'tenant_name': 'tempest-HypervisorAdminTestJSON-1529568986', 'user_domain_id': 'default', 'user_domain_name': 'Default', 'user_id': '3675a4ba24124f41971aba72824630b5', 'system': None}, Network: None, Subnet: None, Router: None
2025-02-20 15:06:19.692 63669 INFO tempest.lib.common.dynamic_creds [-] Created isolated network resources for: credentials: Credentials: {'domain_id': 'default', 'domain_name': 'Default', 'username': 'tempest-HypervisorAdminTestJSON-1529568986-project-admin', 'project_domain_id': 'default', 'project_domain_name': 'Default', 'project_id': 'a706928dc8be4b7d8a1543aba1b13d25', 'project_name': 'tempest-HypervisorAdminTestJSON-1529568986', 'tenant_id': 'a706928dc8be4b7d8a1543aba1b13d25', 'tenant_name': 'tempest-HypervisorAdminTestJSON-1529568986', 'user_domain_id': 'default', 'user_domain_name': 'Default', 'user_id': '3675a4ba24124f41971aba72824630b5', 'system': None}, Network: None, Subnet: None, Router: None
2025-02-20 15:06:19.716 63657 INFO tempest.lib.common.rest_client [req-3afe23fa-93d1-4566-ac4d-edfd642570df req-3afe23fa-93d1-4566-ac4d-edfd642570df ] Request (QuotasAdminTestV257:test_get_updated_quotas): 200 PUT http://10.180.1.21/compute/v2.1/os-quota-sets/75c49635f95e4e078752474f65614bf9 2.531s
2025-02-20 15:06:19.727 63655 INFO tempest.lib.common.rest_client [req-60c0e94e-bfd5-4d80-99a7-e902fc334b89 req-60c0e94e-bfd5-4d80-99a7-e902fc334b89 ] Request (HypervisorAdminV228Test:tearDownClass): 204 DELETE http://10.180.1.21/identity/v3/projects/d8b6be7c06194f0b93e681dd756012aa 0.106s
2025-02-20 15:06:19.727 63655 INFO tempest.lib.common.dynamic_creds [-] Deleting project and security group for project: 79c83be5f2fa4ee0a0a3c3d1971ce3ce
2025-02-20 15:06:19.771 63669 INFO tempest.lib.common.rest_client [req-07f5fcdf-9faa-4002-b52f-3d8069c828e7 req-07f5fcdf-9faa-4002-b52f-3d8069c828e7 ] Request (HypervisorAdminTestJSON:setUpClass): 201 POST http://10.180.1.21/identity/v3/auth/tokens 0.077s
2025-02-20 15:06:19.834 63649 INFO tempest.lib.common.rest_client [req-984d0b7d-8e36-4491-ae46-a60a8b5927bd req-984d0b7d-8e36-4491-ae46-a60a8b5927bd ] Request (AggregatesAdminNegativeTestJSON:setUpClass): 200 GET http://10.180.1.21/compute/v2.1/os-services?binary=nova-compute 2.583s
2025-02-20 15:06:19.860 63663 INFO tempest.lib.common.rest_client [req-49dd462a-2d5a-44fd-bf00-391d95fb6423 req-49dd462a-2d5a-44fd-bf00-391d95fb6423 ] Request (ServersWithSpecificFlavorTestJSON:setUpClass): 201 POST http://10.180.1.21:9696/networking/v2.0/subnets 0.472s
2025-02-20 15:06:19.901 63673 INFO tempest.lib.common.rest_client [req-9eee81ea-2d9e-45b4-89a5-1b07d06c9e4f req-9eee81ea-2d9e-45b4-89a5-1b07d06c9e4f ] Request (HypervisorAdminUnderV252Test:test_get_hypervisor_show_servers): 200 GET http://10.180.1.21/compute/v2.1/os-hypervisors 2.575s
2025-02-20 15:06:19.955 63655 INFO tempest.lib.common.rest_client [req-f883f572-b82e-4aa6-b8d7-0ba9c33e192f req-f883f572-b82e-4aa6-b8d7-0ba9c33e192f ] Request (HypervisorAdminV228Test:tearDownClass): 200 GET http://10.180.1.21:9696/networking/v2.0/security-groups?tenant_id=79c83be5f2fa4ee0a0a3c3d1971ce3ce&name=default 0.227s
2025-02-20 15:06:19.981 63688 INFO tempest.lib.common.rest_client [req-c0ed25b3-b9de-42a1-83b6-2ea088aed1a9 req-c0ed25b3-b9de-42a1-83b6-2ea088aed1a9 ] Request (HypervisorAdminNegativeUnderV252Test:test_search_hypervisor_with_non_admin_user): 200 GET http://10.180.1.21/compute/v2.1/os-hypervisors 2.586s
2025-02-20 15:06:20.010 63659 INFO tempest.lib.common.rest_client [req-2119654a-d21e-4e3b-81c9-5aeb82c9e820 req-2119654a-d21e-4e3b-81c9-5aeb82c9e820 ] Request (VolumesAssistedSnapshotsTest:setUpClass): 201 POST http://10.180.1.21:9696/networking/v2.0/routers 1.260s
2025-02-20 15:06:20.044 63677 INFO tempest.lib.common.rest_client [req-985fb4ac-69b9-45c4-8153-7bf81250ad86 req-985fb4ac-69b9-45c4-8153-7bf81250ad86 ] Request (HypervisorAdminNegativeTestJSON:test_get_hypervisor_list_details_with_non_admin_user): 403 GET http://10.180.1.21/compute/v2.1/os-hypervisors/detail 2.647s
2025-02-20 15:06:20.119 63655 INFO tempest.lib.common.rest_client [req-1d015d41-d9b2-47cd-94b0-d707d5efe81d req-1d015d41-d9b2-47cd-94b0-d707d5efe81d ] Request (HypervisorAdminV228Test:tearDownClass): 204 DELETE http://10.180.1.21:9696/networking/v2.0/security-groups/8e4f4b0c-3427-46eb-a9a8-27478c22987f 0.164s
2025-02-20 15:06:20.124 63675 INFO tempest.lib.common.rest_client [req-5a13831f-bf7a-4c57-95ef-2813db09a244 req-5a13831f-bf7a-4c57-95ef-2813db09a244 ] Request (InstanceUsageAuditLogTestJSON:test_get_instance_usage_audit_log): 200 GET http://10.180.1.21/compute/v2.1/os-instance_usage_audit_log/2025-02-20%2015%3A06%3A17 2.663s
2025-02-20 15:06:20.140 63637 INFO tempest.lib.common.rest_client [req-74d8345e-357f-417a-ac04-de329743c74a req-74d8345e-357f-417a-ac04-de329743c74a ] Request (FloatingIPsTestJSON:test_delete_floating_ip): 200 POST http://10.180.1.21/compute/v2.1/os-floating-ips 3.152s
2025-02-20 15:06:20.214 63689 INFO tempest.lib.common.rest_client [req-3b2ff84b-cd2e-4868-a9db-a5a57545eb56 req-3b2ff84b-cd2e-4868-a9db-a5a57545eb56 ] Request (FlavorsV255TestJSON:test_crud_flavor): 200 POST http://10.180.1.21/compute/v2.1/flavors 2.683s
2025-02-20 15:06:20.229 63655 INFO tempest.lib.common.rest_client [req-b4975719-98b7-45df-8409-5f30dbeb9c39 req-b4975719-98b7-45df-8409-5f30dbeb9c39 ] Request (HypervisorAdminV228Test:tearDownClass): 204 DELETE http://10.180.1.21/identity/v3/projects/79c83be5f2fa4ee0a0a3c3d1971ce3ce 0.109s
2025-02-20 15:06:20.230 63655 INFO tempest.test [-] raised in LiveAutoBlockMigrationV225Test.setUpClass. Invoking tearDownClass.
2025-02-20 15:06:20.231 63655 INFO tempest.test [-] raised in LiveMigrationRemoteConsolesV26Test.setUpClass. Invoking tearDownClass.
2025-02-20 15:06:20.299 63655 INFO tempest.lib.common.rest_client [req-0f23818a-25e8-4ec6-885b-27e633fead21 req-0f23818a-25e8-4ec6-885b-27e633fead21 ] Request (ServerPasswordTestJSON:setUpClass): 201 POST http://10.180.1.21/identity/v3/auth/tokens 0.065s
2025-02-20 15:06:20.328 63655 INFO tempest.lib.common.rest_client [req-393d1d76-0428-415a-9032-b2e7675359a8 req-393d1d76-0428-415a-9032-b2e7675359a8 ] Request (ServerPasswordTestJSON:setUpClass): 201 POST http://10.180.1.21/identity/v3/auth/tokens 0.026s
2025-02-20 15:06:20.350 63633 INFO tempest.lib.common.rest_client [req-9d8f81ca-18d7-4a0d-b72d-f8bb9038db1d req-9d8f81ca-18d7-4a0d-b72d-f8bb9038db1d ] Request (AbsoluteLimitsTestJSON:test_absLimits_get): 200 GET http://10.180.1.21/compute/v2.1/limits 2.706s
2025-02-20 15:06:20.353 63655 INFO tempest.lib.common.rest_client [req-042b8ecb-10d6-4130-a4cd-93fc10e1b12b req-042b8ecb-10d6-4130-a4cd-93fc10e1b12b ] Request (ServerPasswordTestJSON:setUpClass): 200 GET http://10.180.1.21/identity/v3/domains?name=Default 0.025s
2025-02-20 15:06:20.384 63629 INFO tempest.lib.common.rest_client [req-eb28d820-53b2-4288-a131-18f8bf45980e req-eb28d820-53b2-4288-a131-18f8bf45980e ] Request (ServersAdminTestJSON:setUpClass): 201 POST http://10.180.1.21:9696/networking/v2.0/routers 1.154s
2025-02-20 15:06:20.407 63679 INFO tempest.lib.common.rest_client [req-50e12a52-6081-40d1-9857-c3cc158d19aa req-50e12a52-6081-40d1-9857-c3cc158d19aa ] Request (QuotasAdminNegativeTest:test_create_server_when_cpu_quota_is_full): 200 GET http://10.180.1.21/compute/v2.1/os-quota-sets/f3864d8f81e646cfa4a82668a6c91928 2.807s
2025-02-20 15:06:20.430 63655 INFO tempest.lib.common.rest_client [req-7042c3a6-7f6a-4ee9-a1c1-ddcde5da8025 req-7042c3a6-7f6a-4ee9-a1c1-ddcde5da8025 ] Request (ServerPasswordTestJSON:setUpClass): 201 POST http://10.180.1.21/identity/v3/projects 0.076s
2025-02-20 15:06:20.489 63633 INFO tempest.lib.common.rest_client [req-15120327-1070-4a78-bca0-54c3fa78d6b8 req-15120327-1070-4a78-bca0-54c3fa78d6b8 ] Request (AbsoluteLimitsTestJSON:tearDownClass): 204 DELETE http://10.180.1.21/identity/v3/users/bbc221544a994e6796781d0b31a58038 0.130s
2025-02-20 15:06:20.490 63633 INFO tempest.lib.common.dynamic_creds [-] Deleting project and security group for project: 74d2c896b3904490a886fb51a9a89601
2025-02-20 15:06:20.542 63655 INFO tempest.lib.common.rest_client [req-8d73a780-adea-4949-97e4-cc38728d8d16 req-8d73a780-adea-4949-97e4-cc38728d8d16 ] Request (ServerPasswordTestJSON:setUpClass): 201 POST http://10.180.1.21/identity/v3/users 0.112s
2025-02-20 15:06:20.564 63633 INFO tempest.lib.common.rest_client [req-e7e0a356-13ab-4ee3-904a-7af8e6f28abc req-e7e0a356-13ab-4ee3-904a-7af8e6f28abc ] Request (AbsoluteLimitsTestJSON:tearDownClass): 201 POST http://10.180.1.21/identity/v3/auth/tokens 0.074s
2025-02-20 15:06:20.595 63655 INFO tempest.lib.common.rest_client [req-f53f152d-fc68-4802-a6bf-60bf0cac2d4d req-f53f152d-fc68-4802-a6bf-60bf0cac2d4d ] Request (ServerPasswordTestJSON:setUpClass): 200 GET http://10.180.1.21/identity/v3/roles 0.051s
2025-02-20 15:06:20.620 63655 INFO tempest.lib.common.rest_client [req-80a217a5-43d6-43c6-bc12-814382562bce req-80a217a5-43d6-43c6-bc12-814382562bce ] Request (ServerPasswordTestJSON:setUpClass): 204 PUT http://10.180.1.21/identity/v3/projects/4ea1d2a286cb41f6955e434f9485b266/users/21f1eaae7cb34306b953f1f823badbe0/roles/6297f0ab2a3a454ca120442ea8ac85a0 0.024s
2025-02-20 15:06:20.620 63655 INFO tempest.lib.common.dynamic_creds [-] Dynamic test user 21f1eaae7cb34306b953f1f823badbe0 is created with scope project and roles: ['member']
2025-02-20 15:06:20.621 63655 INFO tempest.lib.common.dynamic_creds [-] Acquired dynamic creds: credentials: Credentials: {'domain_id': 'default', 'domain_name': 'Default', 'username': 'tempest-ServerPasswordTestJSON-1318284380-project-member', 'project_domain_id': 'default', 'project_domain_name': 'Default', 'project_id': '4ea1d2a286cb41f6955e434f9485b266', 'project_name': 'tempest-ServerPasswordTestJSON-1318284380', 'tenant_id': '4ea1d2a286cb41f6955e434f9485b266', 'tenant_name': 'tempest-ServerPasswordTestJSON-1318284380', 'user_domain_id': 'default', 'user_domain_name': 'Default', 'user_id': '21f1eaae7cb34306b953f1f823badbe0', 'system': None}, Network: None, Subnet: None, Router: None
2025-02-20 15:06:20.669 63639 INFO tempest.lib.common.rest_client [req-a67a31dd-aeb9-48b3-bcd9-d394900c5289 req-a67a31dd-aeb9-48b3-bcd9-d394900c5289 ] Request (ServerDiagnosticsV248Test:test_get_server_diagnostics): 202 POST http://10.180.1.21/compute/v2.1/servers 2.930s
2025-02-20 15:06:20.674 63655 INFO tempest.lib.common.rest_client [req-58e1e88d-8bb4-475a-9d50-6bfd4d01be64 req-58e1e88d-8bb4-475a-9d50-6bfd4d01be64 ] Request (ServerPasswordTestJSON:setUpClass): 201 POST http://10.180.1.21/identity/v3/auth/tokens 0.053s
2025-02-20 15:06:20.753 63651 INFO tempest.lib.common.rest_client [req-72028dd7-ee37-4763-b430-5e5d66066f93 req-72028dd7-ee37-4763-b430-5e5d66066f93 ] Request (DeleteServersAdminTestJSON:test_admin_delete_servers_of_others): 202 POST http://10.180.1.21/compute/v2.1/servers 3.066s
2025-02-20 15:06:21.053 63641 INFO tempest.lib.common.rest_client [req-ce8ecce1-a2d5-4828-b2d1-07a89342b58f req-ce8ecce1-a2d5-4828-b2d1-07a89342b58f ] Request (ServerDiagnosticsTest:test_get_server_diagnostics): 200 GET http://10.180.1.21/compute/v2.1/servers/36c70e59-f58f-4ae3-bd59-9588865391d8 2.971s
2025-02-20 15:06:21.072 63683 INFO tempest.lib.common.rest_client [req-61c76afe-8ec3-4537-8b97-da5aad945bac req-61c76afe-8ec3-4537-8b97-da5aad945bac ] Request (FlavorsAccessTestJSON:_run_cleanups): 202 DELETE http://10.180.1.21/compute/v2.1/flavors/833121027 2.765s
2025-02-20 15:06:21.131 63633 INFO tempest.lib.common.rest_client [req-61d607db-30fb-48fa-9a3a-b172230da6f1 req-61d607db-30fb-48fa-9a3a-b172230da6f1 ] Request (AbsoluteLimitsTestJSON:tearDownClass): 200 GET http://10.180.1.21:9696/networking/v2.0/security-groups?tenant_id=74d2c896b3904490a886fb51a9a89601&name=default 0.566s
2025-02-20 15:06:21.144 63661 INFO tempest.lib.common.rest_client [req-4fea1480-e116-4ba1-964b-9710a8ea0c5f req-4fea1480-e116-4ba1-964b-9710a8ea0c5f ] Request (ImagesNegativeTestJSON:test_create_image_from_deleted_server): 200 GET http://10.180.1.21/compute/v2.1/servers/e9accedf-e703-438e-b9ca-e8051ff062c0 2.813s
2025-02-20 15:06:21.185 63643 INFO tempest.lib.common.rest_client [req-8e8ca78b-c464-4367-9baf-206963c47d2d req-8e8ca78b-c464-4367-9baf-206963c47d2d ] Request (KeyPairsNegativeTestJSON:test_create_keypair_with_duplicate_name): 409 POST http://10.180.1.21/compute/v2.1/os-keypairs 2.827s
2025-02-20 15:06:21.253 63627 INFO tempest.lib.common.rest_client [req-b0c81cc9-579a-4164-9741-11dffc89a2c3 req-b0c81cc9-579a-4164-9741-11dffc89a2c3 ] Request (HostsAdminNegativeTestJSON:test_list_hosts_with_non_admin_user): 403 GET http://10.180.1.21/compute/v2.1/os-hosts 2.580s
2025-02-20 15:06:21.286 63685 INFO tempest.lib.common.rest_client [req-beac8027-adda-4654-91d7-e63f10b78ab4 req-beac8027-adda-4654-91d7-e63f10b78ab4 ] Request (FlavorsV261TestJSON:test_crud_flavor): 200 PUT http://10.180.1.21/compute/v2.1/flavors/722792063 2.589s
2025-02-20 15:06:21.311 63654 INFO tempest.lib.common.rest_client [req-60de0f3c-d17b-4f36-bec1-69065ac6a61b req-60de0f3c-d17b-4f36-bec1-69065ac6a61b ] Request (FlavorsAdminTestJSON:_run_cleanups): 202 DELETE http://10.180.1.21/compute/v2.1/flavors/353796420 2.607s
2025-02-20 15:06:21.326 63645 INFO tempest.lib.common.rest_client [req-fae08bdb-6791-43f8-987d-85f916a71ad5 req-fae08bdb-6791-43f8-987d-85f916a71ad5 ] Request (FlavorsV2TestJSON:test_list_flavors_detailed_filter_by_min_disk): 200 GET http://10.180.1.21/compute/v2.1/flavors/42 2.618s
2025-02-20 15:06:21.394 63633 INFO tempest.lib.common.rest_client [req-741faff9-0118-4024-a721-a662e31f3be6 req-741faff9-0118-4024-a721-a662e31f3be6 ] Request (AbsoluteLimitsTestJSON:tearDownClass): 204 DELETE http://10.180.1.21:9696/networking/v2.0/security-groups/5c762fc9-9e8e-4ab8-80ad-51b1ba14442d 0.262s
2025-02-20 15:06:21.467 63647 INFO tempest.lib.common.rest_client [req-b157cd47-bf12-4e75-9850-c0d72e89ae6e req-b157cd47-bf12-4e75-9850-c0d72e89ae6e ] Request (FlavorMetadataValidation:test_flavor_update_with_custom_namespace): 200 POST http://10.180.1.21/compute/v2.1/flavors/2106035211/os-extra_specs 2.505s
2025-02-20 15:06:21.472 63655 INFO tempest.lib.common.rest_client [req-59a69425-0a99-4bb0-bfe4-646929e18464 req-59a69425-0a99-4bb0-bfe4-646929e18464 ] Request (ServerPasswordTestJSON:setUpClass): 201 POST http://10.180.1.21:9696/networking/v2.0/networks 0.797s
2025-02-20 15:06:21.487 63631 INFO tempest.lib.common.rest_client [req-a6834963-baf3-40ad-aa3c-61a5e3fcbef2 req-a6834963-baf3-40ad-aa3c-61a5e3fcbef2 ] Request (FlavorsExtraSpecsTestJSON:test_flavor_non_admin_get_all_keys): 200 POST http://10.180.1.21/compute/v2.1/flavors/809596667/os-extra_specs 2.469s
2025-02-20 15:06:21.501 63633 INFO tempest.lib.common.rest_client [req-a8a80b14-faf2-4350-991d-3c6cda263ebe req-a8a80b14-faf2-4350-991d-3c6cda263ebe ] Request (AbsoluteLimitsTestJSON:tearDownClass): 204 DELETE http://10.180.1.21/identity/v3/projects/74d2c896b3904490a886fb51a9a89601 0.106s
2025-02-20 15:06:21.513 63663 INFO tempest.lib.common.rest_client [req-d987d28f-7f06-4903-9030-2bdb330067b5 req-d987d28f-7f06-4903-9030-2bdb330067b5 ] Request (ServersWithSpecificFlavorTestJSON:setUpClass): 201 POST http://10.180.1.21:9696/networking/v2.0/routers 1.653s
2025-02-20 15:06:21.577 63633 INFO tempest.lib.common.rest_client [req-07bf8073-28eb-47d2-8234-e7958d12a72d req-07bf8073-28eb-47d2-8234-e7958d12a72d ] Request (ListServersNegativeTestJSON:setUpClass): 201 POST http://10.180.1.21/identity/v3/auth/tokens 0.074s
2025-02-20 15:06:21.615 63671 INFO tempest.lib.common.rest_client [req-2a4fb5cd-fb19-4468-9329-19377d0aafaa req-2a4fb5cd-fb19-4468-9329-19377d0aafaa ] Request (FlavorsExtraSpecsNegativeTestJSON:test_flavor_get_nonexistent_key): 404 GET http://10.180.1.21/compute/v2.1/flavors/1981553817/os-extra_specs/hw:cpu_thread_policy 2.412s
2025-02-20 15:06:21.622 63633 INFO tempest.lib.common.rest_client [req-c62f7548-f2f8-4556-93bf-252025e888d8 req-c62f7548-f2f8-4556-93bf-252025e888d8 ] Request (ListServersNegativeTestJSON:setUpClass): 201 POST http://10.180.1.21/identity/v3/auth/tokens 0.043s
2025-02-20 15:06:21.627 63665 INFO tempest.lib.common.rest_client [req-e9568782-f91e-4d98-bd1f-a10f5043a4de req-e9568782-f91e-4d98-bd1f-a10f5043a4de ] Request (TenantUsagesNegativeTestJSON:test_get_usage_tenant_with_invalid_date): 400 GET http://10.180.1.21/compute/v2.1/os-simple-tenant-usage/757d0c572dab46e49c75f6f7d5e386f3?start=2025-02-21T15%3A06%3A17.052924&end=2025-02-19T15%3A06%3A17.052924 2.361s
2025-02-20 15:06:21.656 63681 INFO tempest.lib.common.rest_client [req-82e9c805-e337-44e1-91b8-5213358ada16 req-82e9c805-e337-44e1-91b8-5213358ada16 ] Request (FloatingIPDetailsTestJSON:setUpClass): 200 POST http://10.180.1.21/compute/v2.1/os-floating-ips 3.795s
2025-02-20 15:06:21.673 63629 INFO tempest.lib.common.rest_client [req-0ec8ba8b-fa9c-47ba-8374-c9a8ffc9e0ce req-0ec8ba8b-fa9c-47ba-8374-c9a8ffc9e0ce ] Request (ServersAdminTestJSON:setUpClass): 200 PUT http://10.180.1.21:9696/networking/v2.0/routers/3475eeb7-3bd6-41d0-8c74-f9fdbe2e6205/add_router_interface 1.288s
2025-02-20 15:06:21.673 63629 INFO tempest.lib.common.dynamic_creds [-] Created isolated network resources for: credentials: Credentials: {'domain_id': 'default', 'domain_name': 'Default', 'username': 'tempest-ServersAdminTestJSON-2138325510-project-admin', 'project_domain_id': 'default', 'project_domain_name': 'Default', 'project_id': '13a5cba4ad264bafa222795af2af3184', 'project_name': 'tempest-ServersAdminTestJSON-2138325510', 'tenant_id': '13a5cba4ad264bafa222795af2af3184', 'tenant_name': 'tempest-ServersAdminTestJSON-2138325510', 'user_domain_id': 'default', 'user_domain_name': 'Default', 'user_id': '0bc41e2a99c54887a880db707d9c669f', 'system': None}, Network: {'id': '6f1b202e-5ba4-461b-ae67-4ddb898a49a7', 'name': 'tempest-ServersAdminTestJSON-1244500896-network', 'tenant_id': '13a5cba4ad264bafa222795af2af3184', 'admin_state_up': True, 'mtu': 8950, 'status': 'ACTIVE', 'subnets': [], 'shared': False, 'project_id': '13a5cba4ad264bafa222795af2af3184', 'port_security_enabled': True, 'router:external': False, 'provider:network_type': 'vlan', 'provider:physical_network': 'default', 'provider:segmentation_id': 316, 'availability_zone_hints': [], 'availability_zones': [], 'ipv4_address_scope': None, 'ipv6_address_scope': None, 'description': '', 'tags': [], 'created_at': '2025-02-20T15:06:18Z', 'updated_at': '2025-02-20T15:06:18Z', 'revision_number': 1}, Subnet: {'id': '4ca3d6b7-9402-486a-8eb6-35aba32404d5', 'name': 'tempest-ServersAdminTestJSON-1244500896-subnet', 'tenant_id': '13a5cba4ad264bafa222795af2af3184', 'network_id': '6f1b202e-5ba4-461b-ae67-4ddb898a49a7', 'ip_version': 4, 'subnetpool_id': None, 'enable_dhcp': True, 'ipv6_ra_mode': None, 'ipv6_address_mode': None, 'gateway_ip': '192.168.128.1', 'cidr': '192.168.128.0/28', 'allocation_pools': [{'start': '192.168.128.2', 'end': '192.168.128.14'}], 'host_routes': [], 'dns_nameservers': [], 'description': '', 'router:external': False, 'service_types': [], 'tags': [], 'created_at': '2025-02-20T15:06:19Z', 'updated_at': '2025-02-20T15:06:19Z', 'revision_number': 0, 'project_id': '13a5cba4ad264bafa222795af2af3184'}, Router: {'id': '3475eeb7-3bd6-41d0-8c74-f9fdbe2e6205', 'name': 'tempest-ServersAdminTestJSON-1244500896-router', 'tenant_id': '13a5cba4ad264bafa222795af2af3184', 'admin_state_up': True, 'status': 'ACTIVE', 'external_gateway_info': {'network_id': '1fd258a7-bf7c-4c1e-bd22-52c7ef8a3fc4', 'external_fixed_ips': [{'subnet_id': '33e32a84-3281-444f-9caf-797a0e66a143', 'ip_address': '10.180.180.131'}], 'enable_snat': True}, 'description': '', 'availability_zones': [], 'distributed': False, 'ha': False, 'availability_zone_hints': [], 'routes': [], 'flavor_id': None, 'tags': [], 'created_at': '2025-02-20T15:06:19Z', 'updated_at': '2025-02-20T15:06:19Z', 'revision_number': 2, 'project_id': '13a5cba4ad264bafa222795af2af3184'}
2025-02-20 15:06:21.675 63633 INFO tempest.lib.common.rest_client [req-4bec979e-f1e8-4b31-8020-85233f77e9c4 req-4bec979e-f1e8-4b31-8020-85233f77e9c4 ] Request (ListServersNegativeTestJSON:setUpClass): 200 GET http://10.180.1.21/identity/v3/domains?name=Default 0.052s
2025-02-20 15:06:21.734 63635 INFO tempest.lib.common.rest_client [req-11a40a1a-2159-4163-afdd-0c258fee08bd req-11a40a1a-2159-4163-afdd-0c258fee08bd ] Request (HypervisorAdminV253TestBase:test_list_show_detail_hypervisors): 200 GET http://10.180.1.21/compute/v2.1/os-hypervisors?with_servers=True 2.350s
2025-02-20 15:06:21.738 63633 INFO tempest.lib.common.rest_client [req-c14dc2cc-eb42-4b2d-a78b-a8d63e5ff754 req-c14dc2cc-eb42-4b2d-a78b-a8d63e5ff754 ] Request (ListServersNegativeTestJSON:setUpClass): 201 POST http://10.180.1.21/identity/v3/projects 0.062s
2025-02-20 15:06:21.778 63629 INFO tempest.lib.common.rest_client [req-a2ab95f5-e97f-42ce-a3f7-3668aa3271fc req-a2ab95f5-e97f-42ce-a3f7-3668aa3271fc ] Request (ServersAdminTestJSON:setUpClass): 201 POST http://10.180.1.21/identity/v3/auth/tokens 0.102s
2025-02-20 15:06:21.781 63659 INFO tempest.lib.common.rest_client [req-9f0f6177-c825-49e3-bd18-571762563cbe req-9f0f6177-c825-49e3-bd18-571762563cbe ] Request (VolumesAssistedSnapshotsTest:setUpClass): 200 PUT http://10.180.1.21:9696/networking/v2.0/routers/d7b5f236-5266-4591-85e2-47cd5985690e/add_router_interface 1.771s
2025-02-20 15:06:21.781 63659 INFO tempest.lib.common.dynamic_creds [-] Created isolated network resources for: credentials: Credentials: {'domain_id': 'default', 'domain_name': 'Default', 'username': 'tempest-VolumesAssistedSnapshotsTest-1041559739-project-admin', 'project_domain_id': 'default', 'project_domain_name': 'Default', 'project_id': '38acfdd89b4f41a5b2549d7d58407161', 'project_name': 'tempest-VolumesAssistedSnapshotsTest-1041559739', 'tenant_id': '38acfdd89b4f41a5b2549d7d58407161', 'tenant_name': 'tempest-VolumesAssistedSnapshotsTest-1041559739', 'user_domain_id': 'default', 'user_domain_name': 'Default', 'user_id': 'cbc35aa66f5c4b95be64bb678a23bf98', 'system': None}, Network: {'id': '77da10a8-736d-41dd-90a0-98c2fa35a173', 'name': 'tempest-VolumesAssistedSnapshotsTest-746037171-network', 'tenant_id': '38acfdd89b4f41a5b2549d7d58407161', 'admin_state_up': True, 'mtu': 8950, 'status': 'ACTIVE', 'subnets': [], 'shared': False, 'project_id': '38acfdd89b4f41a5b2549d7d58407161', 'port_security_enabled': True, 'router:external': False, 'provider:network_type': 'vlan', 'provider:physical_network': 'default', 'provider:segmentation_id': 400, 'availability_zone_hints': [], 'availability_zones': [], 'ipv4_address_scope': None, 'ipv6_address_scope': None, 'description': '', 'tags': [], 'created_at': '2025-02-20T15:06:18Z', 'updated_at': '2025-02-20T15:06:18Z', 'revision_number': 1}, Subnet: {'id': '2b0f5888-3397-4721-8191-c4ef4fdbbf68', 'name': 'tempest-VolumesAssistedSnapshotsTest-746037171-subnet', 'tenant_id': '38acfdd89b4f41a5b2549d7d58407161', 'network_id': '77da10a8-736d-41dd-90a0-98c2fa35a173', 'ip_version': 4, 'subnetpool_id': None, 'enable_dhcp': True, 'ipv6_ra_mode': None, 'ipv6_address_mode': None, 'gateway_ip': '192.168.128.1', 'cidr': '192.168.128.0/28', 'allocation_pools': [{'start': '192.168.128.2', 'end': '192.168.128.14'}], 'host_routes': [], 'dns_nameservers': [], 'description': '', 'router:external': False, 'service_types': [], 'tags': [], 'created_at': '2025-02-20T15:06:18Z', 'updated_at': '2025-02-20T15:06:18Z', 'revision_number': 0, 'project_id': '38acfdd89b4f41a5b2549d7d58407161'}, Router: {'id': 'd7b5f236-5266-4591-85e2-47cd5985690e', 'name': 'tempest-VolumesAssistedSnapshotsTest-746037171-router', 'tenant_id': '38acfdd89b4f41a5b2549d7d58407161', 'admin_state_up': True, 'status': 'ACTIVE', 'external_gateway_info': {'network_id': '1fd258a7-bf7c-4c1e-bd22-52c7ef8a3fc4', 'external_fixed_ips': [{'subnet_id': '33e32a84-3281-444f-9caf-797a0e66a143', 'ip_address': '10.180.180.201'}], 'enable_snat': True}, 'description': '', 'availability_zones': [], 'distributed': False, 'ha': False, 'availability_zone_hints': [], 'routes': [], 'flavor_id': None, 'tags': [], 'created_at': '2025-02-20T15:06:18Z', 'updated_at': '2025-02-20T15:06:19Z', 'revision_number': 2, 'project_id': '38acfdd89b4f41a5b2549d7d58407161'}
2025-02-20 15:06:21.814 63633 INFO tempest.lib.common.rest_client [req-5430df87-1346-4739-b49b-5e65586ea5f4 req-5430df87-1346-4739-b49b-5e65586ea5f4 ] Request (ListServersNegativeTestJSON:setUpClass): 201 POST http://10.180.1.21/identity/v3/users 0.075s
2025-02-20 15:06:21.889 63629 INFO tempest.lib.common.rest_client [req-b5f4e97f-2c45-4ed9-840d-29183b90187c req-b5f4e97f-2c45-4ed9-840d-29183b90187c ] Request (ServersAdminTestJSON:setUpClass): 201 POST http://10.180.1.21/identity/v3/auth/tokens 0.106s
2025-02-20 15:06:21.889 63629 INFO tempest.lib.common.fixed_network [-] (ServersAdminTestJSON:setUpClass) Found network {'id': 'ee73567a-8d78-44a8-ab04-19ce7624a637', 'name': 'tempest-ServersAdminTestJSON-1702488605-network', 'tenant_id': 'c44e309795e24039ae6f8ad8b2d8a8b4', 'admin_state_up': True, 'mtu': 8950, 'status': 'ACTIVE', 'subnets': [], 'shared': False, 'project_id': 'c44e309795e24039ae6f8ad8b2d8a8b4', 'port_security_enabled': True, 'router:external': False, 'provider:network_type': 'vlan', 'provider:physical_network': 'default', 'provider:segmentation_id': 942, 'availability_zone_hints': [], 'availability_zones': [], 'ipv4_address_scope': None, 'ipv6_address_scope': None, 'description': '', 'tags': [], 'created_at': '2025-02-20T15:06:13Z', 'updated_at': '2025-02-20T15:06:13Z', 'revision_number': 1} available for tenant
2025-02-20 15:06:21.917 63633 INFO tempest.lib.common.rest_client [req-2a541bf5-a45c-4628-81f5-46eaa1c4380f req-2a541bf5-a45c-4628-81f5-46eaa1c4380f ] Request (ListServersNegativeTestJSON:setUpClass): 200 GET http://10.180.1.21/identity/v3/roles 0.103s
2025-02-20 15:06:21.934 63657 INFO tempest.lib.common.rest_client [req-b1809f64-a409-48b3-bdb9-f1b4a1539550 req-b1809f64-a409-48b3-bdb9-f1b4a1539550 ] Request (QuotasAdminTestV257:test_get_updated_quotas): 200 GET http://10.180.1.21/compute/v2.1/os-quota-sets/75c49635f95e4e078752474f65614bf9/detail 2.216s
2025-02-20 15:06:21.948 63633 INFO tempest.lib.common.rest_client [req-3cc42439-983a-4b9d-846c-7f539af4328b req-3cc42439-983a-4b9d-846c-7f539af4328b ] Request (ListServersNegativeTestJSON:setUpClass): 204 PUT http://10.180.1.21/identity/v3/projects/af6f2ab6c5fb44798b957221ea23cb8d/users/ab8156d763fd40cebc28580f27166ea0/roles/6297f0ab2a3a454ca120442ea8ac85a0 0.030s
2025-02-20 15:06:21.949 63633 INFO tempest.lib.common.dynamic_creds [-] Dynamic test user ab8156d763fd40cebc28580f27166ea0 is created with scope project and roles: ['member']
2025-02-20 15:06:21.949 63633 INFO tempest.lib.common.dynamic_creds [-] Acquired dynamic creds: credentials: Credentials: {'domain_id': 'default', 'domain_name': 'Default', 'username': 'tempest-ListServersNegativeTestJSON-1705179919-project-member', 'project_domain_id': 'default', 'project_domain_name': 'Default', 'project_id': 'af6f2ab6c5fb44798b957221ea23cb8d', 'project_name': 'tempest-ListServersNegativeTestJSON-1705179919', 'tenant_id': 'af6f2ab6c5fb44798b957221ea23cb8d', 'tenant_name': 'tempest-ListServersNegativeTestJSON-1705179919', 'user_domain_id': 'default', 'user_domain_name': 'Default', 'user_id': 'ab8156d763fd40cebc28580f27166ea0', 'system': None}, Network: None, Subnet: None, Router: None
2025-02-20 15:06:21.958 63655 INFO tempest.lib.common.rest_client [req-20b8d81e-c553-4b45-b1a8-938f1e0012ee req-20b8d81e-c553-4b45-b1a8-938f1e0012ee ] Request (ServerPasswordTestJSON:setUpClass): 201 POST http://10.180.1.21:9696/networking/v2.0/subnets 0.486s
2025-02-20 15:06:21.977 63659 INFO tempest.lib.common.rest_client [req-370cfe2a-b7c4-4b74-ad96-a7f1de6e01b7 req-370cfe2a-b7c4-4b74-ad96-a7f1de6e01b7 ] Request (VolumesAssistedSnapshotsTest:setUpClass): 201 POST http://10.180.1.21/identity/v3/auth/tokens 0.132s
2025-02-20 15:06:21.994 63667 INFO tempest.lib.common.rest_client [req-1e18c98c-b53f-48b5-b71d-abf16ef1b53a req-1e18c98c-b53f-48b5-b71d-abf16ef1b53a ] Request (ServerExternalEventsTest:test_create_server_external_events): 202 POST http://10.180.1.21/compute/v2.1/servers 2.676s
2025-02-20 15:06:22.040 63649 INFO tempest.lib.common.rest_client [req-54341456-9901-4071-936f-b0b5f7e8206d req-54341456-9901-4071-936f-b0b5f7e8206d ] Request (AggregatesAdminNegativeTestJSON:test_aggregate_add_existent_host): 200 POST http://10.180.1.21/compute/v2.1/os-aggregates 2.202s
2025-02-20 15:06:22.081 63657 INFO tempest.lib.common.rest_client [req-160605ac-1a43-4843-a35c-e49ea0b410c5 req-160605ac-1a43-4843-a35c-e49ea0b410c5 ] Request (QuotasAdminTestV257:test_get_updated_quotas): 200 GET http://10.180.1.21/identity/v3/domains?name=Default 0.143s
2025-02-20 15:06:22.093 63669 INFO tempest.lib.common.rest_client [req-0435d1c2-4581-4d90-a93b-36d681cfcb24 req-0435d1c2-4581-4d90-a93b-36d681cfcb24 ] Request (HypervisorAdminTestJSON:test_get_hypervisor_list): 200 GET http://10.180.1.21/compute/v2.1/os-hypervisors 2.320s
2025-02-20 15:06:22.093 63673 INFO tempest.lib.common.rest_client [req-aff9cfb7-c017-4b9c-869a-26ec0e8cb9d0 req-aff9cfb7-c017-4b9c-869a-26ec0e8cb9d0 ] Request (HypervisorAdminUnderV252Test:test_get_hypervisor_show_servers): 200 GET http://10.180.1.21/compute/v2.1/os-hypervisors/domain-c8.fc996f14-c53b-4953-92e3-bdfa48f5cc28/servers 2.190s
2025-02-20 15:06:22.106 63677 INFO tempest.lib.common.rest_client [req-d25084b4-5cf7-4990-beac-235df27d4ff4 req-d25084b4-5cf7-4990-beac-235df27d4ff4 ] Request (HypervisorAdminNegativeTestJSON:test_get_hypervisor_list_with_non_admin_user): 403 GET http://10.180.1.21/compute/v2.1/os-hypervisors 2.056s
2025-02-20 15:06:22.121 63675 INFO tempest.lib.common.rest_client [req-a72f0cc2-f763-4743-a522-6798a47cc6df req-a72f0cc2-f763-4743-a522-6798a47cc6df ] Request (InstanceUsageAuditLogTestJSON:test_list_instance_usage_audit_logs): 200 GET http://10.180.1.21/compute/v2.1/os-instance_usage_audit_log 1.989s
2025-02-20 15:06:22.122 63633 INFO tempest.lib.common.rest_client [req-775f18ce-16c9-4ef5-b652-efe7ea91e943 req-775f18ce-16c9-4ef5-b652-efe7ea91e943 ] Request (ListServersNegativeTestJSON:setUpClass): 201 POST http://10.180.1.21/identity/v3/auth/tokens 0.172s
2025-02-20 15:06:22.153 63657 INFO tempest.lib.common.rest_client [req-1824592b-1fcd-4b8b-9aa8-371ba2f428b2 req-1824592b-1fcd-4b8b-9aa8-371ba2f428b2 ] Request (QuotasAdminTestV257:test_get_updated_quotas): 201 POST http://10.180.1.21/identity/v3/users 0.071s
2025-02-20 15:06:22.197 63659 INFO tempest.lib.common.rest_client [req-4d0499c5-c63c-40ec-8e54-ecea7121e7b5 req-4d0499c5-c63c-40ec-8e54-ecea7121e7b5 ] Request (VolumesAssistedSnapshotsTest:setUpClass): 201 POST http://10.180.1.21/identity/v3/projects 0.219s
2025-02-20 15:06:22.236 63688 INFO tempest.lib.common.rest_client [req-e81a1532-b7bd-4040-8ac1-5bc2d558152c req-e81a1532-b7bd-4040-8ac1-5bc2d558152c ] Request (HypervisorAdminNegativeUnderV252Test:test_search_hypervisor_with_non_admin_user): 403 GET http://10.180.1.21/compute/v2.1/os-hypervisors/domain-c8.fc996f14-c53b-4953-92e3-bdfa48f5cc28/search 2.253s
2025-02-20 15:06:22.322 63675 INFO tempest.lib.common.rest_client [req-8386ba67-cf45-4b11-a158-160dca221df8 req-8386ba67-cf45-4b11-a158-160dca221df8 ] Request (InstanceUsageAuditLogTestJSON:tearDownClass): 204 DELETE http://10.180.1.21/identity/v3/users/ba3401eee62545fa8195bc9a7a8ceb30 0.193s
2025-02-20 15:06:22.370 63657 INFO tempest.lib.common.rest_client [req-c0db585f-1c8f-48da-a4b5-41ca6f446231 req-c0db585f-1c8f-48da-a4b5-41ca6f446231 ] Request (QuotasAdminTestV257:test_get_updated_quotas): 200 GET http://10.180.1.21/identity/v3/domains?name=Default 0.216s
2025-02-20 15:06:22.381 63659 INFO tempest.lib.common.rest_client [req-f3c568bf-4e4d-4000-9c28-008a5c086016 req-f3c568bf-4e4d-4000-9c28-008a5c086016 ] Request (VolumesAssistedSnapshotsTest:setUpClass): 201 POST http://10.180.1.21/identity/v3/users 0.183s
2025-02-20 15:06:22.479 63675 INFO tempest.lib.common.rest_client [req-6f388e8b-b991-48f3-99c0-72774a938b98 req-6f388e8b-b991-48f3-99c0-72774a938b98 ] Request (InstanceUsageAuditLogTestJSON:tearDownClass): 204 DELETE http://10.180.1.21/identity/v3/users/a5ac6174e9774ce881a383868077a9e7 0.157s
2025-02-20 15:06:22.480 63675 INFO tempest.lib.common.dynamic_creds [-] Deleting project and security group for project: c987a537af8644a996859263f70fb398
2025-02-20 15:06:22.561 63659 INFO tempest.lib.common.rest_client [req-29a6b10c-e28e-4655-94c0-7147c0f1958f req-29a6b10c-e28e-4655-94c0-7147c0f1958f ] Request (VolumesAssistedSnapshotsTest:setUpClass): 200 GET http://10.180.1.21/identity/v3/roles 0.179s
2025-02-20 15:06:22.564 63675 INFO tempest.lib.common.rest_client [req-c119f60b-9cd3-4da9-81c9-ce953ed437b5 req-c119f60b-9cd3-4da9-81c9-ce953ed437b5 ] Request (InstanceUsageAuditLogTestJSON:tearDownClass): 201 POST http://10.180.1.21/identity/v3/auth/tokens 0.084s
2025-02-20 15:06:22.568 63633 INFO tempest.lib.common.rest_client [req-8d2a125c-2b03-44af-b0a1-12de11c4031b req-8d2a125c-2b03-44af-b0a1-12de11c4031b ] Request (ListServersNegativeTestJSON:setUpClass): 201 POST http://10.180.1.21:9696/networking/v2.0/networks 0.445s
