2025-02-20 15:08:31.926 63661 INFO tempest.lib.common.rest_client [req-5e550f80-8522-4d45-83dc-8bfea7f6119b req-5e550f80-8522-4d45-83dc-8bfea7f6119b ] Request (ServersTestJSON:test_create_server_specify_multibyte_character_name): 200 GET http://10.180.1.21/compute/v2.1/servers/c95e9301-0004-4ed7-a2da-1cba22371eaf 0.052s
2025-02-20 15:08:32.028 63655 INFO tempest.lib.common.rest_client [req-211c8db4-91dd-48da-a572-e436ad97b120 req-211c8db4-91dd-48da-a572-e436ad97b120 ] Request (ServerRescueTestJSONUnderV235:setUpClass): 200 GET http://10.180.1.21/compute/v2.1/servers/02942cf6-fe72-4f77-9d87-ac9287527317 0.055s
2025-02-20 15:08:32.041 63627 INFO tempest.lib.common.rest_client [req-442682ea-1396-467d-a2db-239d168a6d7f req-442682ea-1396-467d-a2db-239d168a6d7f ] Request (MigrationsAdminTest:test_list_migrations_in_flavor_resize_situation): 200 GET http://10.180.1.21/compute/v2.1/servers/f712100c-2d2a-45b7-aa3c-5855baa58a77 0.089s
2025-02-20 15:08:32.047 63669 INFO tempest.lib.common.rest_client [req-873e1cbd-517f-4ad8-9851-7e4f7b04ee73 req-873e1cbd-517f-4ad8-9851-7e4f7b04ee73 ] Request (AttachInterfacesV270Test:tearDownClass): 404 GET http://10.180.1.21/compute/v2.1/servers/e326a358-f9de-48db-a7ef-a11636ec7c07 0.025s
2025-02-20 15:08:32.094 63645 INFO tempest.lib.common.rest_client [req-82a4f306-86ba-4ac1-9b61-cc4ccd2975f2 req-82a4f306-86ba-4ac1-9b61-cc4ccd2975f2 ] Request (SecurityGroupsTestJSON:test_server_security_groups): 200 GET http://10.180.1.21/compute/v2.1/servers/83f6c47e-ab78-407f-8bc8-114a5f2ce916 0.069s
2025-02-20 15:08:32.140 63654 INFO tempest.lib.common.rest_client [req-221b71e0-3465-46e9-a454-bf839481401d req-221b71e0-3465-46e9-a454-bf839481401d ] Request (FloatingIPsAssociationNegativeTestJSON:setUpClass): 200 GET http://10.180.1.21/compute/v2.1/servers/986ddb2d-7aeb-457d-9b8a-da57829421f7 0.053s
2025-02-20 15:08:32.183 63679 INFO tempest.lib.common.rest_client [req-5583e98e-e7bb-4224-886c-13299c4f728b req-5583e98e-e7bb-4224-886c-13299c4f728b ] Request (ServersAdmin275Test:tearDownClass): 200 GET http://10.180.1.21/compute/v2.1/servers/aed994a0-1568-47e7-84d2-2bbdd70b7fbf 0.063s
2025-02-20 15:08:32.218 63689 INFO tempest.lib.common.rest_client [req-cc536b96-2190-442c-8880-dbc619d4942c req-cc536b96-2190-442c-8880-dbc619d4942c ] Request (ImagesTestJSON:test_create_image_from_suspended_server): 200 GET http://10.180.1.21/compute/v2.1/servers/2660a9d8-ad47-4172-bf7a-1710aa1b3092 0.051s
2025-02-20 15:08:32.310 63633 INFO tempest.lib.common.rest_client [req-4edaa547-04ce-46a8-a9ae-15417ed53bce req-4edaa547-04ce-46a8-a9ae-15417ed53bce ] Request (ServerMetadataTestJSON:setUpClass): 200 GET http://10.180.1.21/compute/v2.1/servers/084bd41e-c76d-4ee7-beba-f00feefffc36 0.068s
2025-02-20 15:08:32.390 63649 INFO tempest.lib.common.rest_client [req-3fe6df23-2887-495d-90f3-905e5c4d4b6a req-3fe6df23-2887-495d-90f3-905e5c4d4b6a ] Request (ServerMetadataNegativeTestJSON:setUpClass): 200 GET http://10.180.1.21/compute/v2.1/servers/1a8ea490-d495-4aec-8618-d450300c95bd 0.069s
2025-02-20 15:08:32.410 63651 INFO tempest.lib.common.rest_client [req-65d03d13-6026-4944-bb96-593659b1ec3f req-65d03d13-6026-4944-bb96-593659b1ec3f ] Request (DeleteServersAdminTestJSON:test_delete_server_while_in_error_state): 200 GET http://10.180.1.21/compute/v2.1/servers/a1bb506c-b8ca-4887-bf41-f59b5bdd96c7 0.133s
2025-02-20 15:08:32.475 63629 INFO tempest.lib.common.rest_client [req-a9d93426-2fc3-4158-bb76-7c79ad6529a5 req-a9d93426-2fc3-4158-bb76-7c79ad6529a5 ] Request (ServersAdminTestJSON:test_inject_network_info): 200 GET http://10.180.1.21/compute/v2.1/servers/578fd730-ccbc-4fe9-9a17-1bf5c1f62bf3 0.082s
2025-02-20 15:08:32.532 63673 INFO tempest.lib.common.rest_client [req-fed6f063-a7ee-4dcb-a8c4-5cf32a13e238 req-fed6f063-a7ee-4dcb-a8c4-5cf32a13e238 ] Request (DeleteServersTestJSON:test_delete_server_while_in_attached_volume): 200 GET http://10.180.1.21/compute/v2.1/servers/f30e9f63-42de-49b6-8384-09a8ba917d28 0.113s
2025-02-20 15:08:32.572 63685 INFO tempest.lib.common.rest_client [req-c12013bb-334a-4318-a97f-6d0badc7f42d req-c12013bb-334a-4318-a97f-6d0badc7f42d ] Request (ServersNegativeTestMultiTenantJSON:setUpClass): 200 GET http://10.180.1.21/compute/v2.1/servers/090d4a37-b802-4dc6-909f-9abd1cd31bb2 0.205s
2025-02-20 15:08:32.614 63647 INFO tempest.lib.common.rest_client [req-b6e515cc-bc86-4ce1-b8c6-33e7400b3b13 req-b6e515cc-bc86-4ce1-b8c6-33e7400b3b13 ] Request (ImagesOneServerNegativeTestJSON:_run_cleanups): 200 GET http://10.180.1.21/compute/v2.1/servers/f84492b5-d1ea-4ef0-983e-7e5039fcb3fe 0.113s
2025-02-20 15:08:32.671 63683 INFO tempest.lib.common.rest_client [req-f228153c-4c31-49ed-bc3e-89c30254ff20 req-f228153c-4c31-49ed-bc3e-89c30254ff20 ] Request (MultipleCreateTestJSON:test_multiple_create): 200 GET http://10.180.1.21/compute/v2.1/servers/7e4dfe48-66be-458e-a142-b5d039d1306a 0.106s
2025-02-20 15:08:32.731 63639 INFO tempest.lib.common.rest_client [req-810a1740-5310-4c03-b5fe-ab8a51f80816 req-810a1740-5310-4c03-b5fe-ab8a51f80816 ] Request (VolumesAdminNegativeTest:test_update_attached_volume_with_nonexistent_volume_in_body): 200 GET http://10.180.1.21/compute/v2.1/servers/43daa061-8ca8-4e4f-9c12-44eedd288acd 0.144s
2025-02-20 15:08:32.765 63643 INFO tempest.lib.common.rest_client [req-fcaa15b5-2783-4705-ae11-f100caf398c6 req-fcaa15b5-2783-4705-ae11-f100caf398c6 ] Request (ServersTestBootFromVolume:setUpClass): 200 GET http://10.180.1.21/compute/v2.1/servers/1bdd687f-a5ad-435e-a659-46c35becc981 0.236s
2025-02-20 15:08:32.779 63635 INFO tempest.lib.common.rest_client [req-d8748bb0-e7af-4bc2-89e0-096f2be271bd req-d8748bb0-e7af-4bc2-89e0-096f2be271bd ] Request (ListImageFiltersTestJSON:setUpClass): 200 GET http://10.180.1.21/compute/v2.1/images/c7f842ca-b3f8-4533-87e1-2a2dde4ed600 0.180s
2025-02-20 15:08:32.853 63631 INFO tempest.lib.common.rest_client [req-7684647b-3b06-4cbf-93cb-e1958efd07af req-7684647b-3b06-4cbf-93cb-e1958efd07af ] Request (AttachVolumeShelveTestJSON:test_attach_volume_shelved_or_offload_server): 200 GET http://10.180.1.21/compute/v2.1/servers/feb7d9ed-c1d5-40c6-8f6c-c5e138b58269 0.065s
2025-02-20 15:08:32.955 63657 INFO tempest.lib.common.rest_client [req-ad62e769-59cb-433a-95f6-1a52e136034e req-ad62e769-59cb-433a-95f6-1a52e136034e ] Request (ServersAdminNegativeTestJSON:test_migrate_server_invalid_state): 200 GET http://10.180.1.21/compute/v2.1/servers/b77d178a-2937-4dac-a312-ce924b4f3f36 0.275s
2025-02-20 15:08:32.963 63637 INFO tempest.lib.common.rest_client [req-94af8565-277d-4bc8-8086-c0ed62b5cd35 req-94af8565-277d-4bc8-8086-c0ed62b5cd35 ] Request (ImagesOneServerTestJSON:tearDownClass): 200 GET http://10.180.1.21/compute/v2.1/servers/72ad0057-c02b-4a31-8d58-e33c0b085c9b 0.065s
2025-02-20 15:08:33.027 63661 INFO tempest.lib.common.rest_client [req-3d58ae9d-f121-4fa3-aec8-c9ccdcf42ff8 req-3d58ae9d-f121-4fa3-aec8-c9ccdcf42ff8 ] Request (ServersTestJSON:test_create_server_specify_multibyte_character_name): 200 GET http://10.180.1.21/compute/v2.1/servers/c95e9301-0004-4ed7-a2da-1cba22371eaf 0.092s
2025-02-20 15:08:33.029 63659 WARNING tempest.lib.common.ssh [-] Failed to establish authenticated ssh connection to cirros@10.180.180.190 ([Errno None] Unable to connect to port 22 on 10.180.180.190). Number attempts: 8. Retry after 9 seconds.: paramiko.ssh_exception.NoValidConnectionsError: [Errno None] Unable to connect to port 22 on 10.180.180.190
2025-02-20 15:08:33.064 63669 INFO tempest.lib.common.rest_client [req-bdebb3ad-2649-45db-b697-3caf7f98e720 req-bdebb3ad-2649-45db-b697-3caf7f98e720 ] Request (AttachInterfacesV270Test:tearDownClass): 200 PUT http://10.180.1.21:9696/networking/v2.0/routers/cace8155-e047-4722-9813-4851a75361a3/remove_router_interface 1.016s
2025-02-20 15:08:33.120 63655 INFO tempest.lib.common.rest_client [req-8f7746ee-20a7-4d0e-bd57-8a45acaab348 req-8f7746ee-20a7-4d0e-bd57-8a45acaab348 ] Request (ServerRescueTestJSONUnderV235:setUpClass): 200 GET http://10.180.1.21/compute/v2.1/servers/02942cf6-fe72-4f77-9d87-ac9287527317 0.083s
2025-02-20 15:08:33.173 63627 INFO tempest.lib.common.rest_client [req-9a3810b3-14d8-4f25-8f19-d1073e71c6a1 req-9a3810b3-14d8-4f25-8f19-d1073e71c6a1 ] Request (MigrationsAdminTest:test_list_migrations_in_flavor_resize_situation): 200 GET http://10.180.1.21/compute/v2.1/servers/f712100c-2d2a-45b7-aa3c-5855baa58a77 0.124s
2025-02-20 15:08:33.179 63645 INFO tempest.lib.common.rest_client [req-5d3270eb-cfac-4865-8a30-3e550cc33f83 req-5d3270eb-cfac-4865-8a30-3e550cc33f83 ] Request (SecurityGroupsTestJSON:test_server_security_groups): 200 GET http://10.180.1.21/compute/v2.1/servers/83f6c47e-ab78-407f-8bc8-114a5f2ce916 0.077s
2025-02-20 15:08:33.227 63654 INFO tempest.lib.common.rest_client [req-f3e2fb0c-93fc-4b9e-ac6a-de8be0e70146 req-f3e2fb0c-93fc-4b9e-ac6a-de8be0e70146 ] Request (FloatingIPsAssociationNegativeTestJSON:setUpClass): 200 GET http://10.180.1.21/compute/v2.1/servers/986ddb2d-7aeb-457d-9b8a-da57829421f7 0.077s
2025-02-20 15:08:33.268 63679 INFO tempest.lib.common.rest_client [req-1bcfd985-5c97-4181-8e53-e8c9370583b6 req-1bcfd985-5c97-4181-8e53-e8c9370583b6 ] Request (ServersAdmin275Test:tearDownClass): 200 GET http://10.180.1.21/compute/v2.1/servers/aed994a0-1568-47e7-84d2-2bbdd70b7fbf 0.075s
2025-02-20 15:08:33.279 63689 INFO tempest.lib.common.rest_client [req-8864ebd6-f9bb-4f6e-aaac-9b4f3126b7b9 req-8864ebd6-f9bb-4f6e-aaac-9b4f3126b7b9 ] Request (ImagesTestJSON:test_create_image_from_suspended_server): 200 GET http://10.180.1.21/compute/v2.1/servers/2660a9d8-ad47-4172-bf7a-1710aa1b3092 0.053s
2025-02-20 15:08:33.384 63633 INFO tempest.lib.common.rest_client [req-5ebc8a0f-110c-4e06-a6d9-f6280e3334b5 req-5ebc8a0f-110c-4e06-a6d9-f6280e3334b5 ] Request (ServerMetadataTestJSON:setUpClass): 200 GET http://10.180.1.21/compute/v2.1/servers/084bd41e-c76d-4ee7-beba-f00feefffc36 0.064s
2025-02-20 15:08:33.465 63649 INFO tempest.lib.common.rest_client [req-d4577778-a62c-4529-94f1-9f19fba0863d req-d4577778-a62c-4529-94f1-9f19fba0863d ] Request (ServerMetadataNegativeTestJSON:setUpClass): 200 GET http://10.180.1.21/compute/v2.1/servers/1a8ea490-d495-4aec-8618-d450300c95bd 0.063s
2025-02-20 15:08:33.513 63669 INFO tempest.lib.common.rest_client [req-011a2d9c-b1d9-4919-a49a-f06eca418b86 req-011a2d9c-b1d9-4919-a49a-f06eca418b86 ] Request (AttachInterfacesV270Test:tearDownClass): 204 DELETE http://10.180.1.21:9696/networking/v2.0/routers/cace8155-e047-4722-9813-4851a75361a3 0.448s
2025-02-20 15:08:33.547 63651 INFO tempest.lib.common.rest_client [req-f47aef6e-1d32-4d02-9e5c-3d50de3269c4 req-f47aef6e-1d32-4d02-9e5c-3d50de3269c4 ] Request (DeleteServersAdminTestJSON:test_delete_server_while_in_error_state): 200 GET http://10.180.1.21/compute/v2.1/servers/a1bb506c-b8ca-4887-bf41-f59b5bdd96c7 0.120s
2025-02-20 15:08:33.547 63629 INFO tempest.lib.common.rest_client [req-9c7def5b-0747-4584-9a96-ddefe0ccc84a req-9c7def5b-0747-4584-9a96-ddefe0ccc84a ] Request (ServersAdminTestJSON:test_inject_network_info): 200 GET http://10.180.1.21/compute/v2.1/servers/578fd730-ccbc-4fe9-9a17-1bf5c1f62bf3 0.059s
2025-02-20 15:08:33.553 63651 INFO tempest.common.waiters [-] State transition "BUILD/spawning" ==> "ACTIVE/None" after 77 second wait
2025-02-20 15:08:33.624 63673 INFO tempest.lib.common.rest_client [req-a21b456d-cb50-419b-a5d5-7424222a6067 req-a21b456d-cb50-419b-a5d5-7424222a6067 ] Request (DeleteServersTestJSON:test_delete_server_while_in_attached_volume): 200 GET http://10.180.1.21/compute/v2.1/servers/f30e9f63-42de-49b6-8384-09a8ba917d28 0.081s
2025-02-20 15:08:33.624 63651 INFO tempest.lib.common.rest_client [req-ea93beb4-79ed-473a-9341-47a44d239437 req-ea93beb4-79ed-473a-9341-47a44d239437 ] Request (DeleteServersAdminTestJSON:test_delete_server_while_in_error_state): 202 POST http://10.180.1.21/compute/v2.1/servers/a1bb506c-b8ca-4887-bf41-f59b5bdd96c7/action 0.070s
2025-02-20 15:08:33.650 63681 WARNING tempest.lib.common.ssh [-] Failed to establish authenticated ssh connection to cirros@10.180.180.231 ([Errno None] Unable to connect to port 22 on 10.180.180.231). Number attempts: 2. Retry after 3 seconds.: paramiko.ssh_exception.NoValidConnectionsError: [Errno None] Unable to connect to port 22 on 10.180.180.231
2025-02-20 15:08:33.673 63669 INFO tempest.lib.common.rest_client [req-70ab5681-31b9-4524-b742-ec6745325e05 req-70ab5681-31b9-4524-b742-ec6745325e05 ] Request (AttachInterfacesV270Test:tearDownClass): 204 DELETE http://10.180.1.21:9696/networking/v2.0/subnets/c4367bba-95b7-4eb5-b354-eb5db7f5ce78 0.160s
2025-02-20 15:08:33.711 63647 INFO tempest.lib.common.rest_client [req-c56d3383-c4bd-412e-ba1d-e865fce082b5 req-c56d3383-c4bd-412e-ba1d-e865fce082b5 ] Request (ImagesOneServerNegativeTestJSON:_run_cleanups): 200 GET http://10.180.1.21/compute/v2.1/servers/f84492b5-d1ea-4ef0-983e-7e5039fcb3fe 0.087s
2025-02-20 15:08:33.726 63685 INFO tempest.lib.common.rest_client [req-cffe7449-6a71-4f82-82b2-ead5e59cc973 req-cffe7449-6a71-4f82-82b2-ead5e59cc973 ] Request (ServersNegativeTestMultiTenantJSON:setUpClass): 200 GET http://10.180.1.21/compute/v2.1/servers/090d4a37-b802-4dc6-909f-9abd1cd31bb2 0.145s
2025-02-20 15:08:33.778 63683 INFO tempest.lib.common.rest_client [req-17ebe4c4-c02b-49a5-ad42-0e6a78772967 req-17ebe4c4-c02b-49a5-ad42-0e6a78772967 ] Request (MultipleCreateTestJSON:test_multiple_create): 200 GET http://10.180.1.21/compute/v2.1/servers/7e4dfe48-66be-458e-a142-b5d039d1306a 0.094s
2025-02-20 15:08:33.863 63639 INFO tempest.lib.common.rest_client [req-e3ed06ed-f3ee-4c0d-b76c-f32dbe3254d6 req-e3ed06ed-f3ee-4c0d-b76c-f32dbe3254d6 ] Request (VolumesAdminNegativeTest:test_update_attached_volume_with_nonexistent_volume_in_body): 200 GET http://10.180.1.21/compute/v2.1/servers/43daa061-8ca8-4e4f-9c12-44eedd288acd 0.123s
2025-02-20 15:08:33.864 63651 INFO tempest.lib.common.rest_client [req-68cb8eac-e85f-4554-981e-559d6d9f4f62 req-68cb8eac-e85f-4554-981e-559d6d9f4f62 ] Request (DeleteServersAdminTestJSON:test_delete_server_while_in_error_state): 200 GET http://10.180.1.21/compute/v2.1/servers/a1bb506c-b8ca-4887-bf41-f59b5bdd96c7 0.239s
2025-02-20 15:08:33.913 63635 INFO tempest.lib.common.rest_client [req-27acdc4b-3184-454d-aa7b-87569be5f696 req-27acdc4b-3184-454d-aa7b-87569be5f696 ] Request (ListImageFiltersTestJSON:setUpClass): 200 GET http://10.180.1.21/compute/v2.1/images/c7f842ca-b3f8-4533-87e1-2a2dde4ed600 0.130s
2025-02-20 15:08:33.981 63631 INFO tempest.lib.common.rest_client [req-baf2a313-85dd-4972-bd57-1fa825de453a req-baf2a313-85dd-4972-bd57-1fa825de453a ] Request (AttachVolumeShelveTestJSON:test_attach_volume_shelved_or_offload_server): 200 GET http://10.180.1.21/compute/v2.1/servers/feb7d9ed-c1d5-40c6-8f6c-c5e138b58269 0.115s
2025-02-20 15:08:34.001 63643 INFO tempest.lib.common.rest_client [req-7a6e6a71-6d43-430b-9478-2ef654c96736 req-7a6e6a71-6d43-430b-9478-2ef654c96736 ] Request (ServersTestBootFromVolume:setUpClass): 200 GET http://10.180.1.21/compute/v2.1/servers/1bdd687f-a5ad-435e-a659-46c35becc981 0.227s
2025-02-20 15:08:34.050 63669 INFO tempest.lib.common.rest_client [req-06420a22-d241-4d14-a9fc-bc782aace8fe req-06420a22-d241-4d14-a9fc-bc782aace8fe ] Request (AttachInterfacesV270Test:tearDownClass): 204 DELETE http://10.180.1.21:9696/networking/v2.0/networks/b1b54a05-c355-403f-aa08-33546ff421c9 0.377s
2025-02-20 15:08:34.064 63651 INFO tempest.lib.common.rest_client [req-365b69e1-4f9f-4b12-acbe-86f5d67d8e06 req-365b69e1-4f9f-4b12-acbe-86f5d67d8e06 ] Request (DeleteServersAdminTestJSON:test_delete_server_while_in_error_state): 204 DELETE http://10.180.1.21/compute/v2.1/servers/a1bb506c-b8ca-4887-bf41-f59b5bdd96c7 0.189s
2025-02-20 15:08:34.094 63657 INFO tempest.lib.common.rest_client [req-d584a9a2-f066-424c-95da-f5b8dedd483a req-d584a9a2-f066-424c-95da-f5b8dedd483a ] Request (ServersAdminNegativeTestJSON:test_migrate_server_invalid_state): 200 GET http://10.180.1.21/compute/v2.1/servers/b77d178a-2937-4dac-a312-ce924b4f3f36 0.130s
2025-02-20 15:08:34.130 63637 INFO tempest.lib.common.rest_client [req-d2b51489-c417-48a5-8acb-4965d6e0ef77 req-d2b51489-c417-48a5-8acb-4965d6e0ef77 ] Request (ImagesOneServerTestJSON:tearDownClass): 200 GET http://10.180.1.21/compute/v2.1/servers/72ad0057-c02b-4a31-8d58-e33c0b085c9b 0.159s
2025-02-20 15:08:34.134 63669 INFO tempest.lib.common.rest_client [req-79165813-896d-45a4-af08-e1660030ead8 req-79165813-896d-45a4-af08-e1660030ead8 ] Request (AttachInterfacesV270Test:tearDownClass): 204 DELETE http://10.180.1.21/identity/v3/users/3bed209bacd843f99d4834d7d2f13cd9 0.083s
2025-02-20 15:08:34.134 63669 INFO tempest.lib.common.dynamic_creds [-] Deleting project and security group for project: 40e95f97ed9446928289630f50e8b589
2025-02-20 15:08:34.148 63661 INFO tempest.lib.common.rest_client [req-8a274b92-de04-4af9-bf16-7568770b248d req-8a274b92-de04-4af9-bf16-7568770b248d ] Request (ServersTestJSON:test_create_server_specify_multibyte_character_name): 200 GET http://10.180.1.21/compute/v2.1/servers/c95e9301-0004-4ed7-a2da-1cba22371eaf 0.113s
2025-02-20 15:08:34.161 63669 INFO tempest.lib.common.rest_client [req-69b3c0a8-d1f2-4cf7-8818-dc2275d10c55 req-69b3c0a8-d1f2-4cf7-8818-dc2275d10c55 ] Request (AttachInterfacesV270Test:tearDownClass): 200 GET http://10.180.1.21:9696/networking/v2.0/security-groups?tenant_id=40e95f97ed9446928289630f50e8b589&name=default 0.026s
2025-02-20 15:08:34.205 63655 INFO tempest.lib.common.rest_client [req-32da21f3-3f5e-44b9-b5a1-9104ada1c6be req-32da21f3-3f5e-44b9-b5a1-9104ada1c6be ] Request (ServerRescueTestJSONUnderV235:setUpClass): 200 GET http://10.180.1.21/compute/v2.1/servers/02942cf6-fe72-4f77-9d87-ac9287527317 0.075s
2025-02-20 15:08:34.280 63651 INFO tempest.lib.common.rest_client [req-3029f4a4-4809-4410-9048-99c94038fad1 req-3029f4a4-4809-4410-9048-99c94038fad1 ] Request (DeleteServersAdminTestJSON:test_delete_server_while_in_error_state): 200 GET http://10.180.1.21/compute/v2.1/servers/a1bb506c-b8ca-4887-bf41-f59b5bdd96c7 0.215s
2025-02-20 15:08:34.293 63669 INFO tempest.lib.common.rest_client [req-305e8da9-ef4c-4c7f-b7b7-d2fd121400f5 req-305e8da9-ef4c-4c7f-b7b7-d2fd121400f5 ] Request (AttachInterfacesV270Test:tearDownClass): 204 DELETE http://10.180.1.21:9696/networking/v2.0/security-groups/c2b738ec-387e-4d2a-ae9b-8ba659e4ffe1 0.131s
2025-02-20 15:08:34.316 63627 INFO tempest.lib.common.rest_client [req-78fcda6d-ca30-41bd-9d8b-2e9c7069df6f req-78fcda6d-ca30-41bd-9d8b-2e9c7069df6f ] Request (MigrationsAdminTest:test_list_migrations_in_flavor_resize_situation): 200 GET http://10.180.1.21/compute/v2.1/servers/f712100c-2d2a-45b7-aa3c-5855baa58a77 0.135s
2025-02-20 15:08:34.347 63645 INFO tempest.lib.common.rest_client [req-cdd385a4-61fd-436c-ba6a-0826d076767b req-cdd385a4-61fd-436c-ba6a-0826d076767b ] Request (SecurityGroupsTestJSON:test_server_security_groups): 200 GET http://10.180.1.21/compute/v2.1/servers/83f6c47e-ab78-407f-8bc8-114a5f2ce916 0.160s
2025-02-20 15:08:34.375 63654 INFO tempest.lib.common.rest_client [req-86043e7d-44c7-4726-b945-cc8362017141 req-86043e7d-44c7-4726-b945-cc8362017141 ] Request (FloatingIPsAssociationNegativeTestJSON:setUpClass): 200 GET http://10.180.1.21/compute/v2.1/servers/986ddb2d-7aeb-457d-9b8a-da57829421f7 0.140s
2025-02-20 15:08:34.384 63654 INFO tempest.common.waiters [-] State transition "BUILD/None" ==> "BUILD/networking" after 76 second wait
2025-02-20 15:08:34.393 63669 INFO tempest.lib.common.rest_client [req-0b347412-2520-479e-b3f3-b4d36fb3e18d req-0b347412-2520-479e-b3f3-b4d36fb3e18d ] Request (AttachInterfacesV270Test:tearDownClass): 204 DELETE http://10.180.1.21/identity/v3/projects/40e95f97ed9446928289630f50e8b589 0.099s
2025-02-20 15:08:34.434 63689 INFO tempest.lib.common.rest_client [req-29d96304-1c69-445a-83d4-31db7f3123f2 req-29d96304-1c69-445a-83d4-31db7f3123f2 ] Request (ImagesTestJSON:test_create_image_from_suspended_server): 200 GET http://10.180.1.21/compute/v2.1/servers/2660a9d8-ad47-4172-bf7a-1710aa1b3092 0.144s
2025-02-20 15:08:34.496 63633 INFO tempest.lib.common.rest_client [req-f6f633d7-e096-491a-8d95-37aae5fff201 req-f6f633d7-e096-491a-8d95-37aae5fff201 ] Request (ServerMetadataTestJSON:setUpClass): 200 GET http://10.180.1.21/compute/v2.1/servers/084bd41e-c76d-4ee7-beba-f00feefffc36 0.103s
2025-02-20 15:08:34.562 63649 INFO tempest.lib.common.rest_client [req-10e7429e-2528-48a1-9946-b216ff948340 req-10e7429e-2528-48a1-9946-b216ff948340 ] Request (ServerMetadataNegativeTestJSON:setUpClass): 200 GET http://10.180.1.21/compute/v2.1/servers/1a8ea490-d495-4aec-8618-d450300c95bd 0.088s
2025-02-20 15:08:34.612 63629 INFO tempest.lib.common.rest_client [req-208483b7-f151-4c7d-88ab-1d785f5a9b10 req-208483b7-f151-4c7d-88ab-1d785f5a9b10 ] Request (ServersAdminTestJSON:test_inject_network_info): 200 GET http://10.180.1.21/compute/v2.1/servers/578fd730-ccbc-4fe9-9a17-1bf5c1f62bf3 0.056s
2025-02-20 15:08:34.625 63679 INFO tempest.lib.common.rest_client [req-03089fdc-8699-4afc-94bb-8522cdafc60d req-03089fdc-8699-4afc-94bb-8522cdafc60d ] Request (ServersAdmin275Test:tearDownClass): 200 GET http://10.180.1.21/compute/v2.1/servers/aed994a0-1568-47e7-84d2-2bbdd70b7fbf 0.346s
2025-02-20 15:08:34.703 63673 INFO tempest.lib.common.rest_client [req-149c655e-1f69-486a-849b-00e7224faf0f req-149c655e-1f69-486a-849b-00e7224faf0f ] Request (DeleteServersTestJSON:test_delete_server_while_in_attached_volume): 200 GET http://10.180.1.21/compute/v2.1/servers/f30e9f63-42de-49b6-8384-09a8ba917d28 0.067s
2025-02-20 15:08:34.797 63647 INFO tempest.lib.common.rest_client [req-ce915b0c-ee71-42fc-b951-396848ff0f64 req-ce915b0c-ee71-42fc-b951-396848ff0f64 ] Request (ImagesOneServerNegativeTestJSON:_run_cleanups): 200 GET http://10.180.1.21/compute/v2.1/servers/f84492b5-d1ea-4ef0-983e-7e5039fcb3fe 0.078s
2025-02-20 15:08:34.869 63683 INFO tempest.lib.common.rest_client [req-21c84ee0-abf6-456f-9258-0da246aba9a7 req-21c84ee0-abf6-456f-9258-0da246aba9a7 ] Request (MultipleCreateTestJSON:test_multiple_create): 200 GET http://10.180.1.21/compute/v2.1/servers/7e4dfe48-66be-458e-a142-b5d039d1306a 0.082s
2025-02-20 15:08:34.884 63685 INFO tempest.lib.common.rest_client [req-fe01986a-a7ab-46d2-b34e-7981b81a1073 req-fe01986a-a7ab-46d2-b34e-7981b81a1073 ] Request (ServersNegativeTestMultiTenantJSON:setUpClass): 200 GET http://10.180.1.21/compute/v2.1/servers/090d4a37-b802-4dc6-909f-9abd1cd31bb2 0.150s
2025-02-20 15:08:34.953 63639 INFO tempest.lib.common.rest_client [req-faa1d028-984d-43b7-8dd5-ef7d31caf237 req-faa1d028-984d-43b7-8dd5-ef7d31caf237 ] Request (VolumesAdminNegativeTest:test_update_attached_volume_with_nonexistent_volume_in_body): 200 GET http://10.180.1.21/compute/v2.1/servers/43daa061-8ca8-4e4f-9c12-44eedd288acd 0.075s
2025-02-20 15:08:34.962 63635 INFO tempest.lib.common.rest_client [req-43788081-b0fe-446d-83ec-f206924b8c87 req-43788081-b0fe-446d-83ec-f206924b8c87 ] Request (ListImageFiltersTestJSON:setUpClass): 200 GET http://10.180.1.21/compute/v2.1/images/c7f842ca-b3f8-4533-87e1-2a2dde4ed600 0.042s
2025-02-20 15:08:35.053 63631 INFO tempest.lib.common.rest_client [req-efdae4a3-8014-4786-b2cf-4356e62d6a6c req-efdae4a3-8014-4786-b2cf-4356e62d6a6c ] Request (AttachVolumeShelveTestJSON:test_attach_volume_shelved_or_offload_server): 200 GET http://10.180.1.21/compute/v2.1/servers/feb7d9ed-c1d5-40c6-8f6c-c5e138b58269 0.061s
2025-02-20 15:08:35.117 63643 INFO tempest.lib.common.rest_client [req-3fe17359-7be5-4cc0-9a31-3640400a1216 req-3fe17359-7be5-4cc0-9a31-3640400a1216 ] Request (ServersTestBootFromVolume:setUpClass): 200 GET http://10.180.1.21/compute/v2.1/servers/1bdd687f-a5ad-435e-a659-46c35becc981 0.108s
2025-02-20 15:08:35.124 63643 INFO tempest.common.waiters [-] State transition "BUILD/spawning" ==> "ACTIVE/None" after 84 second wait
2025-02-20 15:08:35.185 63643 INFO tempest.lib.common.rest_client [req-366465e1-82a3-4d2f-bd6c-cf679332b2a9 req-366465e1-82a3-4d2f-bd6c-cf679332b2a9 ] Request (ServersTestBootFromVolume:setUpClass): 200 GET http://10.180.1.21/compute/v2.1/servers/1bdd687f-a5ad-435e-a659-46c35becc981/os-interface 0.060s
2025-02-20 15:08:35.266 63637 INFO tempest.lib.common.rest_client [req-31111b5c-8875-4cf0-a291-29bd5fe86803 req-31111b5c-8875-4cf0-a291-29bd5fe86803 ] Request (ImagesOneServerTestJSON:tearDownClass): 200 GET http://10.180.1.21/compute/v2.1/servers/72ad0057-c02b-4a31-8d58-e33c0b085c9b 0.128s
2025-02-20 15:08:35.282 63657 INFO tempest.lib.common.rest_client [req-ede37b00-37b8-401e-aa3d-14d87fea573f req-ede37b00-37b8-401e-aa3d-14d87fea573f ] Request (ServersAdminNegativeTestJSON:test_migrate_server_invalid_state): 200 GET http://10.180.1.21/compute/v2.1/servers/b77d178a-2937-4dac-a312-ce924b4f3f36 0.179s
2025-02-20 15:08:35.334 63661 INFO tempest.lib.common.rest_client [req-abcb490d-5552-4ddd-89f3-1d385a86e963 req-abcb490d-5552-4ddd-89f3-1d385a86e963 ] Request (ServersTestJSON:test_create_server_specify_multibyte_character_name): 200 GET http://10.180.1.21/compute/v2.1/servers/c95e9301-0004-4ed7-a2da-1cba22371eaf 0.178s
2025-02-20 15:08:35.351 63655 INFO tempest.lib.common.rest_client [req-323d43ab-ab49-4c69-9f87-8483001d2f64 req-323d43ab-ab49-4c69-9f87-8483001d2f64 ] Request (ServerRescueTestJSONUnderV235:setUpClass): 200 GET http://10.180.1.21/compute/v2.1/servers/02942cf6-fe72-4f77-9d87-ac9287527317 0.135s
2025-02-20 15:08:35.470 63627 INFO tempest.lib.common.rest_client [req-2c9eeca7-2a04-4b42-8c06-08f7b65f2242 req-2c9eeca7-2a04-4b42-8c06-08f7b65f2242 ] Request (MigrationsAdminTest:test_list_migrations_in_flavor_resize_situation): 200 GET http://10.180.1.21/compute/v2.1/servers/f712100c-2d2a-45b7-aa3c-5855baa58a77 0.143s
2025-02-20 15:08:35.525 63645 INFO tempest.lib.common.rest_client [req-8d17b4b7-0c46-4f0f-b47f-e7136736a879 req-8d17b4b7-0c46-4f0f-b47f-e7136736a879 ] Request (SecurityGroupsTestJSON:test_server_security_groups): 200 GET http://10.180.1.21/compute/v2.1/servers/83f6c47e-ab78-407f-8bc8-114a5f2ce916 0.170s
2025-02-20 15:08:35.547 63651 INFO tempest.lib.common.rest_client [req-8d67d572-72b3-4154-b5d8-378fe559ff86 req-8d67d572-72b3-4154-b5d8-378fe559ff86 ] Request (DeleteServersAdminTestJSON:test_delete_server_while_in_error_state): 200 GET http://10.180.1.21/compute/v2.1/servers/a1bb506c-b8ca-4887-bf41-f59b5bdd96c7 0.258s
2025-02-20 15:08:35.607 63689 INFO tempest.lib.common.rest_client [req-d2216c57-0c04-491a-b19b-de752faba4f8 req-d2216c57-0c04-491a-b19b-de752faba4f8 ] Request (ImagesTestJSON:test_create_image_from_suspended_server): 200 GET http://10.180.1.21/compute/v2.1/servers/2660a9d8-ad47-4172-bf7a-1710aa1b3092 0.165s
2025-02-20 15:08:35.624 63654 INFO tempest.lib.common.rest_client [req-269b2dc0-723c-401e-a905-930830fc460f req-269b2dc0-723c-401e-a905-930830fc460f ] Request (FloatingIPsAssociationNegativeTestJSON:setUpClass): 200 GET http://10.180.1.21/compute/v2.1/servers/986ddb2d-7aeb-457d-9b8a-da57829421f7 0.239s
2025-02-20 15:08:35.632 63654 INFO tempest.common.waiters [-] State transition "BUILD/networking" ==> "BUILD/spawning" after 77 second wait
2025-02-20 15:08:35.671 63633 INFO tempest.lib.common.rest_client [req-d68e4ccc-ac62-4378-b9ba-f72777254b53 req-d68e4ccc-ac62-4378-b9ba-f72777254b53 ] Request (ServerMetadataTestJSON:setUpClass): 200 GET http://10.180.1.21/compute/v2.1/servers/084bd41e-c76d-4ee7-beba-f00feefffc36 0.167s
2025-02-20 15:08:35.680 63649 INFO tempest.lib.common.rest_client [req-52ba07fd-2798-475e-b32c-a26edd742f8c req-52ba07fd-2798-475e-b32c-a26edd742f8c ] Request (ServerMetadataNegativeTestJSON:setUpClass): 200 GET http://10.180.1.21/compute/v2.1/servers/1a8ea490-d495-4aec-8618-d450300c95bd 0.104s
2025-02-20 15:08:35.725 63629 INFO tempest.lib.common.rest_client [req-20d015b8-b5e0-46f1-9cfa-b3e5c3dc3130 req-20d015b8-b5e0-46f1-9cfa-b3e5c3dc3130 ] Request (ServersAdminTestJSON:test_inject_network_info): 200 GET http://10.180.1.21/compute/v2.1/servers/578fd730-ccbc-4fe9-9a17-1bf5c1f62bf3 0.105s
2025-02-20 15:08:35.741 63679 INFO tempest.lib.common.rest_client [req-69f5d3ad-4bb4-441f-939f-5731618e541d req-69f5d3ad-4bb4-441f-939f-5731618e541d ] Request (ServersAdmin275Test:tearDownClass): 200 GET http://10.180.1.21/compute/v2.1/servers/aed994a0-1568-47e7-84d2-2bbdd70b7fbf 0.105s
2025-02-20 15:08:35.780 63673 INFO tempest.lib.common.rest_client [req-bcb510f9-e00d-48f9-948d-2473b611a98c req-bcb510f9-e00d-48f9-948d-2473b611a98c ] Request (DeleteServersTestJSON:test_delete_server_while_in_attached_volume): 200 GET http://10.180.1.21/compute/v2.1/servers/f30e9f63-42de-49b6-8384-09a8ba917d28 0.069s
2025-02-20 15:08:35.782 63643 INFO tempest.lib.common.rest_client [req-ed34c864-43d6-4f4b-87aa-902692f89b93 req-ed34c864-43d6-4f4b-87aa-902692f89b93 ] Request (ServersTestBootFromVolume:setUpClass): 200 PUT http://10.180.1.21:9696/networking/v2.0/floatingips/b2fbeca5-6542-4414-98b1-6556dbceae63 0.594s
2025-02-20 15:08:35.864 63647 INFO tempest.lib.common.rest_client [req-2b31c162-0753-4d6f-b402-58f427fae906 req-2b31c162-0753-4d6f-b402-58f427fae906 ] Request (ImagesOneServerNegativeTestJSON:_run_cleanups): 200 GET http://10.180.1.21/compute/v2.1/servers/f84492b5-d1ea-4ef0-983e-7e5039fcb3fe 0.057s
2025-02-20 15:08:35.879 63643 INFO tempest.lib.common.rest_client [req-758acace-ad50-4f5a-b9bf-ed28a8cce7b3 req-758acace-ad50-4f5a-b9bf-ed28a8cce7b3 ] Request (ServersTestBootFromVolume:setUpClass): 200 GET http://10.180.1.21/compute/v2.1/servers/1bdd687f-a5ad-435e-a659-46c35becc981 0.096s
2025-02-20 15:08:35.889 63643 INFO tempest.lib.common.ssh [-] Creating ssh connection to '10.180.180.249:22' as 'cirros' with public key authentication
2025-02-20 15:08:35.931 63683 INFO tempest.lib.common.rest_client [req-5f73603f-d715-4dee-81f6-806c65ac332b req-5f73603f-d715-4dee-81f6-806c65ac332b ] Request (MultipleCreateTestJSON:test_multiple_create): 200 GET http://10.180.1.21/compute/v2.1/servers/7e4dfe48-66be-458e-a142-b5d039d1306a 0.055s
2025-02-20 15:08:35.938 63683 INFO tempest.common.waiters [-] State transition "BUILD/scheduling" ==> "BUILD/None" after 37 second wait
2025-02-20 15:08:35.984 63685 INFO tempest.lib.common.rest_client [req-d7877e15-3852-4bde-8c62-3141ef253980 req-d7877e15-3852-4bde-8c62-3141ef253980 ] Request (ServersNegativeTestMultiTenantJSON:setUpClass): 200 GET http://10.180.1.21/compute/v2.1/servers/090d4a37-b802-4dc6-909f-9abd1cd31bb2 0.088s
2025-02-20 15:08:36.005 63635 INFO tempest.lib.common.rest_client [req-b12476a0-0ab8-4223-a38d-8193e3e98add req-b12476a0-0ab8-4223-a38d-8193e3e98add ] Request (ListImageFiltersTestJSON:setUpClass): 200 GET http://10.180.1.21/compute/v2.1/images/c7f842ca-b3f8-4533-87e1-2a2dde4ed600 0.038s
2025-02-20 15:08:36.031 63639 INFO tempest.lib.common.rest_client [req-7262c43b-9cc8-4577-ac6b-4cbdcc0bcfb7 req-7262c43b-9cc8-4577-ac6b-4cbdcc0bcfb7 ] Request (VolumesAdminNegativeTest:test_update_attached_volume_with_nonexistent_volume_in_body): 200 GET http://10.180.1.21/compute/v2.1/servers/43daa061-8ca8-4e4f-9c12-44eedd288acd 0.065s
2025-02-20 15:08:36.057 63635 INFO tempest.lib.common.rest_client [req-f5981419-b5ad-486f-b0c1-60086f9cd345 req-f5981419-b5ad-486f-b0c1-60086f9cd345 ] Request (ListImageFiltersTestJSON:setUpClass): 200 GET http://10.180.1.21/compute/v2.1/images/c7f842ca-b3f8-4533-87e1-2a2dde4ed600 0.049s
2025-02-20 15:08:36.122 63631 INFO tempest.lib.common.rest_client [req-23961bfb-2d88-4ab0-8ff0-006f808d32ee req-23961bfb-2d88-4ab0-8ff0-006f808d32ee ] Request (AttachVolumeShelveTestJSON:test_attach_volume_shelved_or_offload_server): 200 GET http://10.180.1.21/compute/v2.1/servers/feb7d9ed-c1d5-40c6-8f6c-c5e138b58269 0.057s
2025-02-20 15:08:36.153 63635 INFO tempest.lib.common.rest_client [req-62bd005c-294c-42fd-874f-6ba25805f6ec req-62bd005c-294c-42fd-874f-6ba25805f6ec ] Request (ListImageFiltersTestJSON:setUpClass): 200 GET http://10.180.1.21/compute/v2.1/servers/62442772-63e0-46c1-9955-30f9cdb700a2 0.090s
2025-02-20 15:08:36.338 63688 WARNING tempest.lib.common.ssh [-] Failed to establish authenticated ssh connection to cirros@10.180.180.159 ([Errno None] Unable to connect to port 22 on 10.180.180.159). Number attempts: 7. Retry after 8 seconds.: paramiko.ssh_exception.NoValidConnectionsError: [Errno None] Unable to connect to port 22 on 10.180.180.159
2025-02-20 15:08:36.349 63637 INFO tempest.lib.common.rest_client [req-c7542106-8ab6-46b1-a452-b15c953a01ad req-c7542106-8ab6-46b1-a452-b15c953a01ad ] Request (ImagesOneServerTestJSON:tearDownClass): 200 GET http://10.180.1.21/compute/v2.1/servers/72ad0057-c02b-4a31-8d58-e33c0b085c9b 0.072s
2025-02-20 15:08:36.420 63657 INFO tempest.lib.common.rest_client [req-a7c5c108-4051-4685-ae97-5ff33343594c req-a7c5c108-4051-4685-ae97-5ff33343594c ] Request (ServersAdminNegativeTestJSON:test_migrate_server_invalid_state): 200 GET http://10.180.1.21/compute/v2.1/servers/b77d178a-2937-4dac-a312-ce924b4f3f36 0.130s
2025-02-20 15:08:36.420 63661 INFO tempest.lib.common.rest_client [req-1894d170-3d2b-4d06-a3a9-a98d437ae16c req-1894d170-3d2b-4d06-a3a9-a98d437ae16c ] Request (ServersTestJSON:test_create_server_specify_multibyte_character_name): 200 GET http://10.180.1.21/compute/v2.1/servers/c95e9301-0004-4ed7-a2da-1cba22371eaf 0.075s
2025-02-20 15:08:36.483 63655 INFO tempest.lib.common.rest_client [req-d86f8a19-0012-418b-9cfd-3e5abb55d6d9 req-d86f8a19-0012-418b-9cfd-3e5abb55d6d9 ] Request (ServerRescueTestJSONUnderV235:setUpClass): 200 GET http://10.180.1.21/compute/v2.1/servers/02942cf6-fe72-4f77-9d87-ac9287527317 0.121s
2025-02-20 15:08:36.632 63627 INFO tempest.lib.common.rest_client [req-57acb5f7-8ef8-48c4-8625-5cc7c1ef5650 req-57acb5f7-8ef8-48c4-8625-5cc7c1ef5650 ] Request (MigrationsAdminTest:test_list_migrations_in_flavor_resize_situation): 200 GET http://10.180.1.21/compute/v2.1/servers/f712100c-2d2a-45b7-aa3c-5855baa58a77 0.150s
2025-02-20 15:08:36.632 63645 INFO tempest.lib.common.rest_client [req-925a6081-6371-4268-aebf-24e5e39ba4cf req-925a6081-6371-4268-aebf-24e5e39ba4cf ] Request (SecurityGroupsTestJSON:test_server_security_groups): 200 GET http://10.180.1.21/compute/v2.1/servers/83f6c47e-ab78-407f-8bc8-114a5f2ce916 0.096s
2025-02-20 15:08:36.700 63689 INFO tempest.lib.common.rest_client [req-305d3d31-4a2b-48de-adc1-2b8843035852 req-305d3d31-4a2b-48de-adc1-2b8843035852 ] Request (ImagesTestJSON:test_create_image_from_suspended_server): 200 GET http://10.180.1.21/compute/v2.1/servers/2660a9d8-ad47-4172-bf7a-1710aa1b3092 0.085s
2025-02-20 15:08:36.717 63651 INFO tempest.lib.common.rest_client [req-148eae13-60d8-41e6-88ac-538c6bfe8124 req-148eae13-60d8-41e6-88ac-538c6bfe8124 ] Request (DeleteServersAdminTestJSON:test_delete_server_while_in_error_state): 200 GET http://10.180.1.21/compute/v2.1/servers/a1bb506c-b8ca-4887-bf41-f59b5bdd96c7 0.160s
2025-02-20 15:08:36.772 63633 INFO tempest.lib.common.rest_client [req-1f79d58f-b9b6-4bf0-8494-bf935f0649a5 req-1f79d58f-b9b6-4bf0-8494-bf935f0649a5 ] Request (ServerMetadataTestJSON:setUpClass): 200 GET http://10.180.1.21/compute/v2.1/servers/084bd41e-c76d-4ee7-beba-f00feefffc36 0.089s
2025-02-20 15:08:36.828 63649 INFO tempest.lib.common.rest_client [req-5a0b2bf5-1c72-40d0-8ec7-b2102be26683 req-5a0b2bf5-1c72-40d0-8ec7-b2102be26683 ] Request (ServerMetadataNegativeTestJSON:setUpClass): 200 GET http://10.180.1.21/compute/v2.1/servers/1a8ea490-d495-4aec-8618-d450300c95bd 0.135s
2025-02-20 15:08:36.829 63654 INFO tempest.lib.common.rest_client [req-83d6ed23-0276-4718-80c7-1840928b5cb8 req-83d6ed23-0276-4718-80c7-1840928b5cb8 ] Request (FloatingIPsAssociationNegativeTestJSON:setUpClass): 200 GET http://10.180.1.21/compute/v2.1/servers/986ddb2d-7aeb-457d-9b8a-da57829421f7 0.194s
2025-02-20 15:08:36.835 63649 INFO tempest.common.waiters [-] State transition "BUILD/None" ==> "BUILD/networking" after 78 second wait
2025-02-20 15:08:36.875 63629 INFO tempest.lib.common.rest_client [req-5b6d6359-538a-4473-bd36-825dce21e2f5 req-5b6d6359-538a-4473-bd36-825dce21e2f5 ] Request (ServersAdminTestJSON:test_inject_network_info): 200 GET http://10.180.1.21/compute/v2.1/servers/578fd730-ccbc-4fe9-9a17-1bf5c1f62bf3 0.142s
2025-02-20 15:08:36.898 63679 INFO tempest.lib.common.rest_client [req-e1056a12-91ef-407c-810d-6642169fdbf9 req-e1056a12-91ef-407c-810d-6642169fdbf9 ] Request (ServersAdmin275Test:tearDownClass): 200 GET http://10.180.1.21/compute/v2.1/servers/aed994a0-1568-47e7-84d2-2bbdd70b7fbf 0.146s
2025-02-20 15:08:36.928 63673 INFO tempest.lib.common.rest_client [req-dff7ad84-89e0-4b60-bdfe-0e7259ec541a req-dff7ad84-89e0-4b60-bdfe-0e7259ec541a ] Request (DeleteServersTestJSON:test_delete_server_while_in_attached_volume): 200 GET http://10.180.1.21/compute/v2.1/servers/f30e9f63-42de-49b6-8384-09a8ba917d28 0.141s
2025-02-20 15:08:36.951 63647 INFO tempest.lib.common.rest_client [req-8d4e3093-4c3e-4a25-952f-ad4b6e2a464e req-8d4e3093-4c3e-4a25-952f-ad4b6e2a464e ] Request (ImagesOneServerNegativeTestJSON:_run_cleanups): 200 GET http://10.180.1.21/compute/v2.1/servers/f84492b5-d1ea-4ef0-983e-7e5039fcb3fe 0.079s
2025-02-20 15:08:36.987 63683 INFO tempest.lib.common.rest_client [req-8f668280-4d15-41f0-91d1-43967f2fa3e2 req-8f668280-4d15-41f0-91d1-43967f2fa3e2 ] Request (MultipleCreateTestJSON:test_multiple_create): 200 GET http://10.180.1.21/compute/v2.1/servers/7e4dfe48-66be-458e-a142-b5d039d1306a 0.048s
2025-02-20 15:08:37.077 63685 INFO tempest.lib.common.rest_client [req-c564b5b8-097f-40c8-8b11-140b8abf1b73 req-c564b5b8-097f-40c8-8b11-140b8abf1b73 ] Request (ServersNegativeTestMultiTenantJSON:setUpClass): 200 GET http://10.180.1.21/compute/v2.1/servers/090d4a37-b802-4dc6-909f-9abd1cd31bb2 0.084s
2025-02-20 15:08:37.087 63639 INFO tempest.lib.common.rest_client [req-0f1704dc-db9d-4fdb-aa28-c811594e2ba4 req-0f1704dc-db9d-4fdb-aa28-c811594e2ba4 ] Request (VolumesAdminNegativeTest:test_update_attached_volume_with_nonexistent_volume_in_body): 200 GET http://10.180.1.21/compute/v2.1/servers/43daa061-8ca8-4e4f-9c12-44eedd288acd 0.047s
2025-02-20 15:08:37.191 63631 INFO tempest.lib.common.rest_client [req-5e4d1a9d-032a-427d-8526-f682a35d9b54 req-5e4d1a9d-032a-427d-8526-f682a35d9b54 ] Request (AttachVolumeShelveTestJSON:test_attach_volume_shelved_or_offload_server): 200 GET http://10.180.1.21/compute/v2.1/servers/feb7d9ed-c1d5-40c6-8f6c-c5e138b58269 0.059s
2025-02-20 15:08:37.244 63635 INFO tempest.lib.common.rest_client [req-1e0b3a9a-7ccb-4a58-a2cf-aa8498de2763 req-1e0b3a9a-7ccb-4a58-a2cf-aa8498de2763 ] Request (ListImageFiltersTestJSON:setUpClass): 200 GET http://10.180.1.21/compute/v2.1/servers/62442772-63e0-46c1-9955-30f9cdb700a2 0.083s
2025-02-20 15:08:37.251 63635 INFO tempest.common.waiters [-] State transition "ACTIVE/image_uploading" ==> "ACTIVE/None" after 1 second wait
2025-02-20 15:08:37.454 63637 INFO tempest.lib.common.rest_client [req-97e74784-1f6b-4cc4-a185-5885c6023269 req-97e74784-1f6b-4cc4-a185-5885c6023269 ] Request (ImagesOneServerTestJSON:tearDownClass): 200 GET http://10.180.1.21/compute/v2.1/servers/72ad0057-c02b-4a31-8d58-e33c0b085c9b 0.096s
2025-02-20 15:08:37.557 63657 INFO tempest.lib.common.rest_client [req-af353efa-4cc0-442d-a57c-d6621fe39ab7 req-af353efa-4cc0-442d-a57c-d6621fe39ab7 ] Request (ServersAdminNegativeTestJSON:test_migrate_server_invalid_state): 200 GET http://10.180.1.21/compute/v2.1/servers/b77d178a-2937-4dac-a312-ce924b4f3f36 0.128s
2025-02-20 15:08:37.666 63661 INFO tempest.lib.common.rest_client [req-2da78530-3878-421c-a500-2a30b07e5eae req-2da78530-3878-421c-a500-2a30b07e5eae ] Request (ServersTestJSON:test_create_server_specify_multibyte_character_name): 200 GET http://10.180.1.21/compute/v2.1/servers/c95e9301-0004-4ed7-a2da-1cba22371eaf 0.230s
2025-02-20 15:08:37.713 63655 INFO tempest.lib.common.rest_client [req-d42a7ae9-3da6-4677-bf0b-060b9513a1dc req-d42a7ae9-3da6-4677-bf0b-060b9513a1dc ] Request (ServerRescueTestJSONUnderV235:setUpClass): 200 GET http://10.180.1.21/compute/v2.1/servers/02942cf6-fe72-4f77-9d87-ac9287527317 0.221s
2025-02-20 15:08:37.762 63645 INFO tempest.lib.common.rest_client [req-8adb9df6-3e3b-4b99-ad94-04644ff920da req-8adb9df6-3e3b-4b99-ad94-04644ff920da ] Request (SecurityGroupsTestJSON:test_server_security_groups): 200 GET http://10.180.1.21/compute/v2.1/servers/83f6c47e-ab78-407f-8bc8-114a5f2ce916 0.120s
2025-02-20 15:08:37.788 63635 INFO tempest.lib.common.rest_client [req-5fe492b4-0234-4263-a66b-77e8062dd83a req-5fe492b4-0234-4263-a66b-77e8062dd83a ] Request (ListImageFiltersTestJSON:setUpClass): 202 POST http://10.180.1.21/compute/v2.1/servers/e2d1e14a-adc0-4dd8-8ce4-9844717d10d7/action 0.536s
2025-02-20 15:08:37.844 63689 INFO tempest.lib.common.rest_client [req-cd798f1b-05fd-40bd-905e-aff470fc1727 req-cd798f1b-05fd-40bd-905e-aff470fc1727 ] Request (ImagesTestJSON:test_create_image_from_suspended_server): 200 GET http://10.180.1.21/compute/v2.1/servers/2660a9d8-ad47-4172-bf7a-1710aa1b3092 0.135s
2025-02-20 15:08:37.864 63627 INFO tempest.lib.common.rest_client [req-0d15acfc-3192-486e-852b-612813a788cd req-0d15acfc-3192-486e-852b-612813a788cd ] Request (MigrationsAdminTest:test_list_migrations_in_flavor_resize_situation): 200 GET http://10.180.1.21/compute/v2.1/servers/f712100c-2d2a-45b7-aa3c-5855baa58a77 0.217s
2025-02-20 15:08:37.900 63651 INFO tempest.lib.common.rest_client [req-4774ba22-1af0-46b7-85f9-2c5f590dc639 req-4774ba22-1af0-46b7-85f9-2c5f590dc639 ] Request (DeleteServersAdminTestJSON:test_delete_server_while_in_error_state): 200 GET http://10.180.1.21/compute/v2.1/servers/a1bb506c-b8ca-4887-bf41-f59b5bdd96c7 0.174s
2025-02-20 15:08:37.907 63651 INFO tempest.common.waiters [-] State transition "ERROR/deleting" ==> "DELETED/None" after 3 second wait
2025-02-20 15:08:37.912 63633 INFO tempest.lib.common.rest_client [req-1a7ea56a-d78e-47dc-8b92-4321e4bdc37f req-1a7ea56a-d78e-47dc-8b92-4321e4bdc37f ] Request (ServerMetadataTestJSON:setUpClass): 200 GET http://10.180.1.21/compute/v2.1/servers/084bd41e-c76d-4ee7-beba-f00feefffc36 0.132s
2025-02-20 15:08:37.930 63635 INFO tempest.lib.common.rest_client [req-c1c0955d-9ba7-4c99-8ab1-22ca1d6ed29e req-c1c0955d-9ba7-4c99-8ab1-22ca1d6ed29e ] Request (ListImageFiltersTestJSON:setUpClass): 200 GET http://10.180.1.21/compute/v2.1/images/d2348447-e32e-4c32-87fd-7138a54939ca 0.141s
2025-02-20 15:08:38.017 63654 INFO tempest.lib.common.rest_client [req-33e6704b-d024-4320-ac1f-54811543b974 req-33e6704b-d024-4320-ac1f-54811543b974 ] Request (FloatingIPsAssociationNegativeTestJSON:setUpClass): 200 GET http://10.180.1.21/compute/v2.1/servers/986ddb2d-7aeb-457d-9b8a-da57829421f7 0.180s
2025-02-20 15:08:38.073 63629 INFO tempest.lib.common.rest_client [req-9f03d007-ca7b-452a-b752-3ccb52a3b4cc req-9f03d007-ca7b-452a-b752-3ccb52a3b4cc ] Request (ServersAdminTestJSON:test_inject_network_info): 200 GET http://10.180.1.21/compute/v2.1/servers/578fd730-ccbc-4fe9-9a17-1bf5c1f62bf3 0.191s
2025-02-20 15:08:38.080 63649 INFO tempest.lib.common.rest_client [req-0c7ff00d-3047-4c18-b881-c85c292d4513 req-0c7ff00d-3047-4c18-b881-c85c292d4513 ] Request (ServerMetadataNegativeTestJSON:setUpClass): 200 GET http://10.180.1.21/compute/v2.1/servers/1a8ea490-d495-4aec-8618-d450300c95bd 0.244s
2025-02-20 15:08:38.093 63649 INFO tempest.common.waiters [-] State transition "BUILD/networking" ==> "BUILD/block_device_mapping" after 80 second wait
2025-02-20 15:08:38.141 63673 INFO tempest.lib.common.rest_client [req-b24de259-b915-4bda-986c-90b03bad91ae req-b24de259-b915-4bda-986c-90b03bad91ae ] Request (DeleteServersTestJSON:test_delete_server_while_in_attached_volume): 200 GET http://10.180.1.21/compute/v2.1/servers/f30e9f63-42de-49b6-8384-09a8ba917d28 0.205s
2025-02-20 15:08:38.142 63679 INFO tempest.lib.common.rest_client [req-ba5116b8-cd12-4215-9377-84e0942d0499 req-ba5116b8-cd12-4215-9377-84e0942d0499 ] Request (ServersAdmin275Test:tearDownClass): 200 GET http://10.180.1.21/compute/v2.1/servers/aed994a0-1568-47e7-84d2-2bbdd70b7fbf 0.233s
2025-02-20 15:08:38.198 63647 INFO tempest.lib.common.rest_client [req-1aabf200-09a2-4815-9257-a61df7b20c97 req-1aabf200-09a2-4815-9257-a61df7b20c97 ] Request (ImagesOneServerNegativeTestJSON:_run_cleanups): 200 GET http://10.180.1.21/compute/v2.1/servers/f84492b5-d1ea-4ef0-983e-7e5039fcb3fe 0.239s
2025-02-20 15:08:38.199 63683 INFO tempest.lib.common.rest_client [req-27e9c599-f0e3-4b8e-92e9-d2b4a4071922 req-27e9c599-f0e3-4b8e-92e9-d2b4a4071922 ] Request (MultipleCreateTestJSON:test_multiple_create): 200 GET http://10.180.1.21/compute/v2.1/servers/7e4dfe48-66be-458e-a142-b5d039d1306a 0.204s
2025-02-20 15:08:38.248 63639 INFO tempest.lib.common.rest_client [req-914e50c3-bf93-4918-9c4e-2c2bd50880ce req-914e50c3-bf93-4918-9c4e-2c2bd50880ce ] Request (VolumesAdminNegativeTest:test_update_attached_volume_with_nonexistent_volume_in_body): 200 GET http://10.180.1.21/compute/v2.1/servers/43daa061-8ca8-4e4f-9c12-44eedd288acd 0.149s
2025-02-20 15:08:38.280 63685 INFO tempest.lib.common.rest_client [req-b2e18182-c1e9-42c5-95ee-572f2843c25c req-b2e18182-c1e9-42c5-95ee-572f2843c25c ] Request (ServersNegativeTestMultiTenantJSON:setUpClass): 200 GET http://10.180.1.21/compute/v2.1/servers/090d4a37-b802-4dc6-909f-9abd1cd31bb2 0.195s
2025-02-20 15:08:38.294 63631 INFO tempest.lib.common.rest_client [req-93400ef4-2785-4cb9-a565-32459b961aed req-93400ef4-2785-4cb9-a565-32459b961aed ] Request (AttachVolumeShelveTestJSON:test_attach_volume_shelved_or_offload_server): 200 GET http://10.180.1.21/compute/v2.1/servers/feb7d9ed-c1d5-40c6-8f6c-c5e138b58269 0.095s
2025-02-20 15:08:38.522 63637 INFO tempest.lib.common.rest_client [req-608f45ce-c587-4498-a676-38c8586a1faf req-608f45ce-c587-4498-a676-38c8586a1faf ] Request (ImagesOneServerTestJSON:tearDownClass): 200 GET http://10.180.1.21/compute/v2.1/servers/72ad0057-c02b-4a31-8d58-e33c0b085c9b 0.059s
2025-02-20 15:08:38.725 63657 INFO tempest.lib.common.rest_client [req-165fffa4-a052-43c5-9766-9c5a76932a6e req-165fffa4-a052-43c5-9766-9c5a76932a6e ] Request (ServersAdminNegativeTestJSON:test_migrate_server_invalid_state): 200 GET http://10.180.1.21/compute/v2.1/servers/b77d178a-2937-4dac-a312-ce924b4f3f36 0.159s
2025-02-20 15:08:38.735 63661 INFO tempest.lib.common.rest_client [req-8cc58637-7ce0-4f21-99fa-0dcba112e58e req-8cc58637-7ce0-4f21-99fa-0dcba112e58e ] Request (ServersTestJSON:test_create_server_specify_multibyte_character_name): 200 GET http://10.180.1.21/compute/v2.1/servers/c95e9301-0004-4ed7-a2da-1cba22371eaf 0.058s
2025-02-20 15:08:38.777 63655 INFO tempest.lib.common.rest_client [req-cf28616a-2464-4c68-9efe-2a419e5bd4f5 req-cf28616a-2464-4c68-9efe-2a419e5bd4f5 ] Request (ServerRescueTestJSONUnderV235:setUpClass): 200 GET http://10.180.1.21/compute/v2.1/servers/02942cf6-fe72-4f77-9d87-ac9287527317 0.056s
2025-02-20 15:08:38.837 63645 INFO tempest.lib.common.rest_client [req-198faca1-1b06-47be-9602-58b583492d1f req-198faca1-1b06-47be-9602-58b583492d1f ] Request (SecurityGroupsTestJSON:test_server_security_groups): 200 GET http://10.180.1.21/compute/v2.1/servers/83f6c47e-ab78-407f-8bc8-114a5f2ce916 0.067s
2025-02-20 15:08:38.911 63689 INFO tempest.lib.common.rest_client [req-973760f0-0646-4c11-b6e4-9b7002f40905 req-973760f0-0646-4c11-b6e4-9b7002f40905 ] Request (ImagesTestJSON:test_create_image_from_suspended_server): 200 GET http://10.180.1.21/compute/v2.1/servers/2660a9d8-ad47-4172-bf7a-1710aa1b3092 0.059s
2025-02-20 15:08:38.971 63627 INFO tempest.lib.common.rest_client [req-dfb13698-0a69-43af-a132-203ff1bebfed req-dfb13698-0a69-43af-a132-203ff1bebfed ] Request (MigrationsAdminTest:test_list_migrations_in_flavor_resize_situation): 200 GET http://10.180.1.21/compute/v2.1/servers/f712100c-2d2a-45b7-aa3c-5855baa58a77 0.098s
2025-02-20 15:08:38.976 63651 INFO tempest.lib.common.rest_client [req-33a71b94-d79f-4dc3-a318-1955e9204495 req-33a71b94-d79f-4dc3-a318-1955e9204495 ] Request (DeleteServersAdminTestJSON:test_delete_server_while_in_error_state): 200 GET http://10.180.1.21/compute/v2.1/servers/a1bb506c-b8ca-4887-bf41-f59b5bdd96c7 0.067s
2025-02-20 15:08:39.004 63635 INFO tempest.lib.common.rest_client [req-fa9611fa-d8eb-4d08-9548-9c3c32e93d6f req-fa9611fa-d8eb-4d08-9548-9c3c32e93d6f ] Request (ListImageFiltersTestJSON:setUpClass): 200 GET http://10.180.1.21/compute/v2.1/images/d2348447-e32e-4c32-87fd-7138a54939ca 0.070s
2025-02-20 15:08:39.021 63633 INFO tempest.lib.common.rest_client [req-edce7ac2-3127-41e9-bfd2-82537e2ac797 req-edce7ac2-3127-41e9-bfd2-82537e2ac797 ] Request (ServerMetadataTestJSON:setUpClass): 200 GET http://10.180.1.21/compute/v2.1/servers/084bd41e-c76d-4ee7-beba-f00feefffc36 0.101s
2025-02-20 15:08:39.116 63654 INFO tempest.lib.common.rest_client [req-6bc6b0ca-349c-4c08-8b1c-db753c25ec50 req-6bc6b0ca-349c-4c08-8b1c-db753c25ec50 ] Request (FloatingIPsAssociationNegativeTestJSON:setUpClass): 200 GET http://10.180.1.21/compute/v2.1/servers/986ddb2d-7aeb-457d-9b8a-da57829421f7 0.089s
2025-02-20 15:08:39.131 63629 INFO tempest.lib.common.rest_client [req-1eaf59c4-1905-4ce7-97e8-b5c09fed510b req-1eaf59c4-1905-4ce7-97e8-b5c09fed510b ] Request (ServersAdminTestJSON:test_inject_network_info): 200 GET http://10.180.1.21/compute/v2.1/servers/578fd730-ccbc-4fe9-9a17-1bf5c1f62bf3 0.047s
2025-02-20 15:08:39.195 63673 INFO tempest.lib.common.rest_client [req-f46a296b-c0df-4303-98fb-eab996bde1f8 req-f46a296b-c0df-4303-98fb-eab996bde1f8 ] Request (DeleteServersTestJSON:test_delete_server_while_in_attached_volume): 200 GET http://10.180.1.21/compute/v2.1/servers/f30e9f63-42de-49b6-8384-09a8ba917d28 0.046s
2025-02-20 15:08:39.200 63649 INFO tempest.lib.common.rest_client [req-ff70026a-e7a0-47ce-a346-7b90d39c206c req-ff70026a-e7a0-47ce-a346-7b90d39c206c ] Request (ServerMetadataNegativeTestJSON:setUpClass): 200 GET http://10.180.1.21/compute/v2.1/servers/1a8ea490-d495-4aec-8618-d450300c95bd 0.106s
2025-02-20 15:08:39.207 63649 INFO tempest.common.waiters [-] State transition "BUILD/block_device_mapping" ==> "BUILD/spawning" after 81 second wait
2025-02-20 15:08:39.254 63679 INFO tempest.lib.common.rest_client [req-528491c1-2f37-4fca-8972-8eaf0c2ddd6a req-528491c1-2f37-4fca-8972-8eaf0c2ddd6a ] Request (ServersAdmin275Test:tearDownClass): 200 GET http://10.180.1.21/compute/v2.1/servers/aed994a0-1568-47e7-84d2-2bbdd70b7fbf 0.100s
