2025-02-20 15:08:39.263 63647 INFO tempest.lib.common.rest_client [req-e30c7e8b-4273-4067-8168-cc634dfe5d54 req-e30c7e8b-4273-4067-8168-cc634dfe5d54 ] Request (ImagesOneServerNegativeTestJSON:_run_cleanups): 200 GET http://10.180.1.21/compute/v2.1/servers/f84492b5-d1ea-4ef0-983e-7e5039fcb3fe 0.057s
2025-02-20 15:08:39.299 63683 INFO tempest.lib.common.rest_client [req-f662828b-23bd-4ad8-bd84-c35c22cf73ac req-f662828b-23bd-4ad8-bd84-c35c22cf73ac ] Request (MultipleCreateTestJSON:test_multiple_create): 200 GET http://10.180.1.21/compute/v2.1/servers/7e4dfe48-66be-458e-a142-b5d039d1306a 0.093s
2025-02-20 15:08:39.306 63639 INFO tempest.lib.common.rest_client [req-853331b9-7af1-4525-9622-61dcb88665e4 req-853331b9-7af1-4525-9622-61dcb88665e4 ] Request (VolumesAdminNegativeTest:test_update_attached_volume_with_nonexistent_volume_in_body): 200 GET http://10.180.1.21/compute/v2.1/servers/43daa061-8ca8-4e4f-9c12-44eedd288acd 0.051s
2025-02-20 15:08:39.352 63631 INFO tempest.lib.common.rest_client [req-67f76b09-a0f8-41df-9a7d-eba76b9f74cb req-67f76b09-a0f8-41df-9a7d-eba76b9f74cb ] Request (AttachVolumeShelveTestJSON:test_attach_volume_shelved_or_offload_server): 200 GET http://10.180.1.21/compute/v2.1/servers/feb7d9ed-c1d5-40c6-8f6c-c5e138b58269 0.050s
2025-02-20 15:08:39.382 63685 INFO tempest.lib.common.rest_client [req-dc67b8e1-b140-4b67-9041-eba166b57a21 req-dc67b8e1-b140-4b67-9041-eba166b57a21 ] Request (ServersNegativeTestMultiTenantJSON:setUpClass): 200 GET http://10.180.1.21/compute/v2.1/servers/090d4a37-b802-4dc6-909f-9abd1cd31bb2 0.092s
2025-02-20 15:08:39.590 63637 INFO tempest.lib.common.rest_client [req-c6c713c7-9472-4f1c-a398-5a90cef642c2 req-c6c713c7-9472-4f1c-a398-5a90cef642c2 ] Request (ImagesOneServerTestJSON:tearDownClass): 200 GET http://10.180.1.21/compute/v2.1/servers/72ad0057-c02b-4a31-8d58-e33c0b085c9b 0.060s
2025-02-20 15:08:39.794 63661 INFO tempest.lib.common.rest_client [req-324a6017-9011-4b3b-b3d6-3769cfe2ff07 req-324a6017-9011-4b3b-b3d6-3769cfe2ff07 ] Request (ServersTestJSON:test_create_server_specify_multibyte_character_name): 200 GET http://10.180.1.21/compute/v2.1/servers/c95e9301-0004-4ed7-a2da-1cba22371eaf 0.051s
2025-02-20 15:08:39.843 63655 INFO tempest.lib.common.rest_client [req-7b6cacfe-2768-40aa-8dca-c97ea9fabcc3 req-7b6cacfe-2768-40aa-8dca-c97ea9fabcc3 ] Request (ServerRescueTestJSONUnderV235:setUpClass): 200 GET http://10.180.1.21/compute/v2.1/servers/02942cf6-fe72-4f77-9d87-ac9287527317 0.058s
2025-02-20 15:08:39.862 63657 INFO tempest.lib.common.rest_client [req-b5ff79b6-dfa8-408d-ba7f-8ffe12101e8a req-b5ff79b6-dfa8-408d-ba7f-8ffe12101e8a ] Request (ServersAdminNegativeTestJSON:test_migrate_server_invalid_state): 200 GET http://10.180.1.21/compute/v2.1/servers/b77d178a-2937-4dac-a312-ce924b4f3f36 0.128s
2025-02-20 15:08:39.897 63645 INFO tempest.lib.common.rest_client [req-447f3927-cb4f-4ddc-b07b-031a59cb3098 req-447f3927-cb4f-4ddc-b07b-031a59cb3098 ] Request (SecurityGroupsTestJSON:test_server_security_groups): 200 GET http://10.180.1.21/compute/v2.1/servers/83f6c47e-ab78-407f-8bc8-114a5f2ce916 0.050s
2025-02-20 15:08:39.971 63689 INFO tempest.lib.common.rest_client [req-6f836082-f651-4082-afe7-db9807061fe2 req-6f836082-f651-4082-afe7-db9807061fe2 ] Request (ImagesTestJSON:test_create_image_from_suspended_server): 200 GET http://10.180.1.21/compute/v2.1/servers/2660a9d8-ad47-4172-bf7a-1710aa1b3092 0.052s
2025-02-20 15:08:39.990 63643 WARNING tempest.lib.common.ssh [-] Failed to establish authenticated ssh connection to cirros@10.180.180.249 ([Errno None] Unable to connect to port 22 on 10.180.180.249). Number attempts: 1. Retry after 2 seconds.: paramiko.ssh_exception.NoValidConnectionsError: [Errno None] Unable to connect to port 22 on 10.180.180.249
2025-02-20 15:08:40.050 63651 INFO tempest.lib.common.rest_client [req-08a707c1-9920-4f0b-81b5-e9a037be0381 req-08a707c1-9920-4f0b-81b5-e9a037be0381 ] Request (DeleteServersAdminTestJSON:test_delete_server_while_in_error_state): 200 GET http://10.180.1.21/compute/v2.1/servers/a1bb506c-b8ca-4887-bf41-f59b5bdd96c7 0.065s
2025-02-20 15:08:40.080 63627 INFO tempest.lib.common.rest_client [req-7fbd44ca-9b80-482f-b9b7-d8c945535b05 req-7fbd44ca-9b80-482f-b9b7-d8c945535b05 ] Request (MigrationsAdminTest:test_list_migrations_in_flavor_resize_situation): 200 GET http://10.180.1.21/compute/v2.1/servers/f712100c-2d2a-45b7-aa3c-5855baa58a77 0.102s
2025-02-20 15:08:40.084 63635 INFO tempest.lib.common.rest_client [req-29fcaae2-a243-4472-827b-f3a2ed15047f req-29fcaae2-a243-4472-827b-f3a2ed15047f ] Request (ListImageFiltersTestJSON:setUpClass): 200 GET http://10.180.1.21/compute/v2.1/images/d2348447-e32e-4c32-87fd-7138a54939ca 0.076s
2025-02-20 15:08:40.133 63633 INFO tempest.lib.common.rest_client [req-cbf5d0ea-0bf6-45c9-a8fd-28d59f3160c3 req-cbf5d0ea-0bf6-45c9-a8fd-28d59f3160c3 ] Request (ServerMetadataTestJSON:setUpClass): 200 GET http://10.180.1.21/compute/v2.1/servers/084bd41e-c76d-4ee7-beba-f00feefffc36 0.104s
2025-02-20 15:08:40.195 63629 INFO tempest.lib.common.rest_client [req-a85ecb95-b1af-4b17-9bfe-cfab9492ebe3 req-a85ecb95-b1af-4b17-9bfe-cfab9492ebe3 ] Request (ServersAdminTestJSON:test_inject_network_info): 200 GET http://10.180.1.21/compute/v2.1/servers/578fd730-ccbc-4fe9-9a17-1bf5c1f62bf3 0.055s
2025-02-20 15:08:40.243 63681 WARNING tempest.lib.common.ssh [-] Failed to establish authenticated ssh connection to cirros@10.180.180.231 ([Errno None] Unable to connect to port 22 on 10.180.180.231). Number attempts: 3. Retry after 4 seconds.: paramiko.ssh_exception.NoValidConnectionsError: [Errno None] Unable to connect to port 22 on 10.180.180.231
2025-02-20 15:08:40.247 63654 INFO tempest.lib.common.rest_client [req-3de0bd60-0b1c-49ac-a8e2-28c588ea3e1f req-3de0bd60-0b1c-49ac-a8e2-28c588ea3e1f ] Request (FloatingIPsAssociationNegativeTestJSON:setUpClass): 200 GET http://10.180.1.21/compute/v2.1/servers/986ddb2d-7aeb-457d-9b8a-da57829421f7 0.123s
2025-02-20 15:08:40.258 63673 INFO tempest.lib.common.rest_client [req-e2afb18f-3ba1-4de7-bf17-fb99765130a2 req-e2afb18f-3ba1-4de7-bf17-fb99765130a2 ] Request (DeleteServersTestJSON:test_delete_server_while_in_attached_volume): 200 GET http://10.180.1.21/compute/v2.1/servers/f30e9f63-42de-49b6-8384-09a8ba917d28 0.056s
2025-02-20 15:08:40.342 63679 INFO tempest.lib.common.rest_client [req-f408b981-476a-4f86-afb9-d5f6aa7c2daf req-f408b981-476a-4f86-afb9-d5f6aa7c2daf ] Request (ServersAdmin275Test:tearDownClass): 200 GET http://10.180.1.21/compute/v2.1/servers/aed994a0-1568-47e7-84d2-2bbdd70b7fbf 0.078s
2025-02-20 15:08:40.405 63647 INFO tempest.lib.common.rest_client [req-5d301366-c34c-4a8c-82f5-2dd990a42785 req-5d301366-c34c-4a8c-82f5-2dd990a42785 ] Request (ImagesOneServerNegativeTestJSON:_run_cleanups): 200 GET http://10.180.1.21/compute/v2.1/servers/f84492b5-d1ea-4ef0-983e-7e5039fcb3fe 0.133s
2025-02-20 15:08:40.454 63683 INFO tempest.lib.common.rest_client [req-40816a6d-1245-47aa-a10c-cb7ebb1b925d req-40816a6d-1245-47aa-a10c-cb7ebb1b925d ] Request (MultipleCreateTestJSON:test_multiple_create): 200 GET http://10.180.1.21/compute/v2.1/servers/7e4dfe48-66be-458e-a142-b5d039d1306a 0.147s
2025-02-20 15:08:40.510 63663 INFO paramiko.transport [-] Connected (version 2.0, client dropbear_2020.81)
2025-02-20 15:08:40.511 63639 INFO tempest.lib.common.rest_client [req-776e76fd-4ca9-4321-b9ef-c67a68425591 req-776e76fd-4ca9-4321-b9ef-c67a68425591 ] Request (VolumesAdminNegativeTest:test_update_attached_volume_with_nonexistent_volume_in_body): 200 GET http://10.180.1.21/compute/v2.1/servers/43daa061-8ca8-4e4f-9c12-44eedd288acd 0.197s
2025-02-20 15:08:40.569 63631 INFO tempest.lib.common.rest_client [req-fd63121f-3956-4bf6-9861-e8d15febbc80 req-fd63121f-3956-4bf6-9861-e8d15febbc80 ] Request (AttachVolumeShelveTestJSON:test_attach_volume_shelved_or_offload_server): 200 GET http://10.180.1.21/compute/v2.1/servers/feb7d9ed-c1d5-40c6-8f6c-c5e138b58269 0.208s
2025-02-20 15:08:40.603 63649 INFO tempest.lib.common.rest_client [req-51b5912e-5ff5-4d93-b577-922413869816 req-51b5912e-5ff5-4d93-b577-922413869816 ] Request (ServerMetadataNegativeTestJSON:setUpClass): 200 GET http://10.180.1.21/compute/v2.1/servers/1a8ea490-d495-4aec-8618-d450300c95bd 0.395s
2025-02-20 15:08:40.611 63663 INFO paramiko.transport [-] Authentication (publickey) successful!
2025-02-20 15:08:40.612 63663 INFO tempest.lib.common.ssh [-] ssh connection to cirros@10.180.180.240 successfully created
2025-02-20 15:08:40.673 63637 INFO tempest.lib.common.rest_client [req-74200aee-0dfd-4e96-b1d7-015f8db1dfe0 req-74200aee-0dfd-4e96-b1d7-015f8db1dfe0 ] Request (ImagesOneServerTestJSON:tearDownClass): 200 GET http://10.180.1.21/compute/v2.1/servers/72ad0057-c02b-4a31-8d58-e33c0b085c9b 0.075s
2025-02-20 15:08:40.693 63685 INFO tempest.lib.common.rest_client [req-32074ffd-bda3-4a6b-81cb-f7e457479c3b req-32074ffd-bda3-4a6b-81cb-f7e457479c3b ] Request (ServersNegativeTestMultiTenantJSON:setUpClass): 200 GET http://10.180.1.21/compute/v2.1/servers/090d4a37-b802-4dc6-909f-9abd1cd31bb2 0.303s
2025-02-20 15:08:40.755 63663 INFO tempest.lib.common.rest_client [req-21e5be16-adeb-4731-be7f-0c29ad0698ae req-21e5be16-adeb-4731-be7f-0c29ad0698ae ] Request (ServersWithSpecificFlavorTestJSON:test_verify_created_server_ephemeral_disk): 204 DELETE http://10.180.1.21/compute/v2.1/servers/753eb1b2-d48c-4d4b-8f31-d0f395991028 0.127s
2025-02-20 15:08:40.814 63663 INFO tempest.lib.common.rest_client [req-44e5509f-2640-49ca-bc1c-dabb50076542 req-44e5509f-2640-49ca-bc1c-dabb50076542 ] Request (ServersWithSpecificFlavorTestJSON:test_verify_created_server_ephemeral_disk): 201 POST http://10.180.1.21/identity/v3/auth/tokens 0.056s
2025-02-20 15:08:40.814 63663 INFO tempest.lib.common.fixed_network [-] (ServersWithSpecificFlavorTestJSON:test_verify_created_server_ephemeral_disk) Found network {'id': 'ef3f57d5-6787-4895-8aa8-e0f09085ff39', 'name': 'tempest-ServersWithSpecificFlavorTestJSON-311086336-network', 'tenant_id': 'de81d53b5ae14287af63d4fa78852aed', 'admin_state_up': True, 'mtu': 8950, 'status': 'ACTIVE', 'subnets': [], 'shared': False, 'project_id': 'de81d53b5ae14287af63d4fa78852aed', 'port_security_enabled': True, 'router:external': False, 'provider:network_type': 'vlan', 'provider:physical_network': 'default', 'provider:segmentation_id': 75, 'availability_zone_hints': [], 'availability_zones': [], 'ipv4_address_scope': None, 'ipv6_address_scope': None, 'description': '', 'tags': [], 'created_at': '2025-02-20T15:06:13Z', 'updated_at': '2025-02-20T15:06:13Z', 'revision_number': 1} available for tenant
2025-02-20 15:08:40.859 63661 INFO tempest.lib.common.rest_client [req-eb508984-eabf-4499-b56d-963579eac052 req-eb508984-eabf-4499-b56d-963579eac052 ] Request (ServersTestJSON:test_create_server_specify_multibyte_character_name): 200 GET http://10.180.1.21/compute/v2.1/servers/c95e9301-0004-4ed7-a2da-1cba22371eaf 0.057s
2025-02-20 15:08:40.912 63655 INFO tempest.lib.common.rest_client [req-7ad39f6e-1dd8-4a8c-82f4-a3a25ca63af4 req-7ad39f6e-1dd8-4a8c-82f4-a3a25ca63af4 ] Request (ServerRescueTestJSONUnderV235:setUpClass): 200 GET http://10.180.1.21/compute/v2.1/servers/02942cf6-fe72-4f77-9d87-ac9287527317 0.061s
2025-02-20 15:08:40.998 63675 WARNING tempest.lib.common.ssh [-] Failed to establish authenticated ssh connection to cirros@10.180.180.166 ([Errno None] Unable to connect to port 22 on 10.180.180.166). Number attempts: 9. Retry after 10 seconds.: paramiko.ssh_exception.NoValidConnectionsError: [Errno None] Unable to connect to port 22 on 10.180.180.166
2025-02-20 15:08:41.039 63657 INFO tempest.lib.common.rest_client [req-e2ec3262-5a76-4e0d-a604-f9a127cb7c6a req-e2ec3262-5a76-4e0d-a604-f9a127cb7c6a ] Request (ServersAdminNegativeTestJSON:test_migrate_server_invalid_state): 200 GET http://10.180.1.21/compute/v2.1/servers/b77d178a-2937-4dac-a312-ce924b4f3f36 0.169s
2025-02-20 15:08:41.046 63657 INFO tempest.common.waiters [-] State transition "BUILD/spawning" ==> "ACTIVE/None" after 84 second wait
2025-02-20 15:08:41.085 63645 INFO tempest.lib.common.rest_client [req-aa05b755-5ae7-4f00-be12-0372c741cc92 req-aa05b755-5ae7-4f00-be12-0372c741cc92 ] Request (SecurityGroupsTestJSON:test_server_security_groups): 200 GET http://10.180.1.21/compute/v2.1/servers/83f6c47e-ab78-407f-8bc8-114a5f2ce916 0.178s
2025-02-20 15:08:41.135 63689 INFO tempest.lib.common.rest_client [req-92a60a13-61e1-4ce9-9a45-1fd85c1ec39e req-92a60a13-61e1-4ce9-9a45-1fd85c1ec39e ] Request (ImagesTestJSON:test_create_image_from_suspended_server): 200 GET http://10.180.1.21/compute/v2.1/servers/2660a9d8-ad47-4172-bf7a-1710aa1b3092 0.156s
2025-02-20 15:08:41.138 63663 INFO tempest.lib.common.rest_client [req-87811288-7472-4704-ac0a-c938b104e379 req-87811288-7472-4704-ac0a-c938b104e379 ] Request (ServersWithSpecificFlavorTestJSON:test_verify_created_server_ephemeral_disk): 202 POST http://10.180.1.21/compute/v2.1/servers 0.323s
2025-02-20 15:08:41.192 63651 INFO tempest.lib.common.rest_client [req-d0f872dc-a14b-4553-8784-278f515d72c7 req-d0f872dc-a14b-4553-8784-278f515d72c7 ] Request (DeleteServersAdminTestJSON:test_delete_server_while_in_error_state): 200 GET http://10.180.1.21/compute/v2.1/servers/a1bb506c-b8ca-4887-bf41-f59b5bdd96c7 0.133s
2025-02-20 15:08:41.224 63657 INFO tempest.lib.common.rest_client [req-4312ed91-cfe7-4f2f-b87c-2edb817931ae req-4312ed91-cfe7-4f2f-b87c-2edb817931ae ] Request (ServersAdminNegativeTestJSON:test_migrate_server_invalid_state): 202 POST http://10.180.1.21/compute/v2.1/servers/b77d178a-2937-4dac-a312-ce924b4f3f36/action 0.178s
2025-02-20 15:08:41.255 63635 INFO tempest.lib.common.rest_client [req-ae153e6f-c1e8-45b9-b660-b5205cbb1f4e req-ae153e6f-c1e8-45b9-b660-b5205cbb1f4e ] Request (ListImageFiltersTestJSON:setUpClass): 200 GET http://10.180.1.21/compute/v2.1/images/d2348447-e32e-4c32-87fd-7138a54939ca 0.165s
2025-02-20 15:08:41.295 63663 INFO tempest.lib.common.rest_client [req-cf36bf20-4a53-4d9f-86d1-c6167546370c req-cf36bf20-4a53-4d9f-86d1-c6167546370c ] Request (ServersWithSpecificFlavorTestJSON:test_verify_created_server_ephemeral_disk): 200 GET http://10.180.1.21/compute/v2.1/servers/24132d19-337b-4845-b2a4-bc65f574b61e 0.155s
2025-02-20 15:08:41.317 63627 INFO tempest.lib.common.rest_client [req-216c2c8d-0e8e-469b-a2e4-3cb4fac3ed90 req-216c2c8d-0e8e-469b-a2e4-3cb4fac3ed90 ] Request (MigrationsAdminTest:test_list_migrations_in_flavor_resize_situation): 200 GET http://10.180.1.21/compute/v2.1/servers/f712100c-2d2a-45b7-aa3c-5855baa58a77 0.228s
2025-02-20 15:08:41.346 63633 INFO tempest.lib.common.rest_client [req-cc47f0f3-5484-4e70-8b65-7f5d554d8770 req-cc47f0f3-5484-4e70-8b65-7f5d554d8770 ] Request (ServerMetadataTestJSON:setUpClass): 200 GET http://10.180.1.21/compute/v2.1/servers/084bd41e-c76d-4ee7-beba-f00feefffc36 0.205s
2025-02-20 15:08:41.370 63629 INFO tempest.lib.common.rest_client [req-9d9a47d3-7686-488b-b160-fb6e87bb6d6a req-9d9a47d3-7686-488b-b160-fb6e87bb6d6a ] Request (ServersAdminTestJSON:test_inject_network_info): 200 GET http://10.180.1.21/compute/v2.1/servers/578fd730-ccbc-4fe9-9a17-1bf5c1f62bf3 0.165s
2025-02-20 15:08:41.486 63654 INFO tempest.lib.common.rest_client [req-39694290-302a-4150-96a5-9a3f9867b715 req-39694290-302a-4150-96a5-9a3f9867b715 ] Request (FloatingIPsAssociationNegativeTestJSON:setUpClass): 200 GET http://10.180.1.21/compute/v2.1/servers/986ddb2d-7aeb-457d-9b8a-da57829421f7 0.232s
2025-02-20 15:08:41.557 63673 INFO tempest.lib.common.rest_client [req-c007a35a-db3c-4800-b5f0-1487c52646c4 req-c007a35a-db3c-4800-b5f0-1487c52646c4 ] Request (DeleteServersTestJSON:test_delete_server_while_in_attached_volume): 200 GET http://10.180.1.21/compute/v2.1/servers/f30e9f63-42de-49b6-8384-09a8ba917d28 0.292s
2025-02-20 15:08:41.560 63657 INFO tempest.lib.common.rest_client [req-a305cf84-1b27-4031-973a-fb3a48884b0b req-a305cf84-1b27-4031-973a-fb3a48884b0b ] Request (ServersAdminNegativeTestJSON:test_migrate_server_invalid_state): 200 GET http://10.180.1.21/compute/v2.1/servers/b77d178a-2937-4dac-a312-ce924b4f3f36 0.336s
2025-02-20 15:08:41.633 63647 INFO tempest.lib.common.rest_client [req-d229b2d2-51b2-4386-85af-8316a925a7ac req-d229b2d2-51b2-4386-85af-8316a925a7ac ] Request (ImagesOneServerNegativeTestJSON:_run_cleanups): 200 GET http://10.180.1.21/compute/v2.1/servers/f84492b5-d1ea-4ef0-983e-7e5039fcb3fe 0.221s
2025-02-20 15:08:41.642 63679 INFO tempest.lib.common.rest_client [req-08cf96b0-a249-4b86-9694-d958ec416a53 req-08cf96b0-a249-4b86-9694-d958ec416a53 ] Request (ServersAdmin275Test:tearDownClass): 200 GET http://10.180.1.21/compute/v2.1/servers/aed994a0-1568-47e7-84d2-2bbdd70b7fbf 0.288s
2025-02-20 15:08:41.695 63683 INFO tempest.lib.common.rest_client [req-ae6669ea-1374-426d-92ed-0983c95a7415 req-ae6669ea-1374-426d-92ed-0983c95a7415 ] Request (MultipleCreateTestJSON:test_multiple_create): 200 GET http://10.180.1.21/compute/v2.1/servers/7e4dfe48-66be-458e-a142-b5d039d1306a 0.226s
2025-02-20 15:08:41.720 63639 INFO tempest.lib.common.rest_client [req-7545d888-ef40-4d25-8514-e2785b4bb49c req-7545d888-ef40-4d25-8514-e2785b4bb49c ] Request (VolumesAdminNegativeTest:test_update_attached_volume_with_nonexistent_volume_in_body): 200 GET http://10.180.1.21/compute/v2.1/servers/43daa061-8ca8-4e4f-9c12-44eedd288acd 0.197s
2025-02-20 15:08:41.755 63631 INFO tempest.lib.common.rest_client [req-d9e44cf6-54f6-4673-89f5-40713d943c33 req-d9e44cf6-54f6-4673-89f5-40713d943c33 ] Request (AttachVolumeShelveTestJSON:test_attach_volume_shelved_or_offload_server): 200 GET http://10.180.1.21/compute/v2.1/servers/feb7d9ed-c1d5-40c6-8f6c-c5e138b58269 0.178s
2025-02-20 15:08:41.821 63637 INFO tempest.lib.common.rest_client [req-c3dc05fb-899d-4697-a0ab-c670ab32d019 req-c3dc05fb-899d-4697-a0ab-c670ab32d019 ] Request (ImagesOneServerTestJSON:tearDownClass): 200 GET http://10.180.1.21/compute/v2.1/servers/72ad0057-c02b-4a31-8d58-e33c0b085c9b 0.135s
2025-02-20 15:08:41.830 63649 INFO tempest.lib.common.rest_client [req-ef3131af-d90d-4108-ab91-6526f8bb1faa req-ef3131af-d90d-4108-ab91-6526f8bb1faa ] Request (ServerMetadataNegativeTestJSON:setUpClass): 200 GET http://10.180.1.21/compute/v2.1/servers/1a8ea490-d495-4aec-8618-d450300c95bd 0.219s
2025-02-20 15:08:41.926 63661 INFO tempest.lib.common.rest_client [req-376e3dd2-35b7-43a2-bd21-ffd3b3f76c84 req-376e3dd2-35b7-43a2-bd21-ffd3b3f76c84 ] Request (ServersTestJSON:test_create_server_specify_multibyte_character_name): 200 GET http://10.180.1.21/compute/v2.1/servers/c95e9301-0004-4ed7-a2da-1cba22371eaf 0.059s
2025-02-20 15:08:41.932 63685 INFO tempest.lib.common.rest_client [req-ce08a68b-1494-40a2-8043-b93202a30c0d req-ce08a68b-1494-40a2-8043-b93202a30c0d ] Request (ServersNegativeTestMultiTenantJSON:setUpClass): 200 GET http://10.180.1.21/compute/v2.1/servers/090d4a37-b802-4dc6-909f-9abd1cd31bb2 0.225s
2025-02-20 15:08:41.940 63685 INFO tempest.common.waiters [-] State transition "BUILD/spawning" ==> "ACTIVE/None" after 85 second wait
2025-02-20 15:08:41.982 63655 INFO tempest.lib.common.rest_client [req-f5c75352-bd46-4f2a-a8cb-29ffa9a3c1fe req-f5c75352-bd46-4f2a-a8cb-29ffa9a3c1fe ] Request (ServerRescueTestJSONUnderV235:setUpClass): 200 GET http://10.180.1.21/compute/v2.1/servers/02942cf6-fe72-4f77-9d87-ac9287527317 0.062s
2025-02-20 15:08:42.053 63685 INFO tempest.lib.common.rest_client [req-b4e3853c-2f14-4caf-8a10-ddd5219f0fa5 req-b4e3853c-2f14-4caf-8a10-ddd5219f0fa5 ] Request (ServersNegativeTestMultiTenantJSON:setUp): 200 GET http://10.180.1.21/compute/v2.1/servers/090d4a37-b802-4dc6-909f-9abd1cd31bb2 0.112s
2025-02-20 15:08:42.146 63645 INFO tempest.lib.common.rest_client [req-14e4d591-2672-48b4-a2b6-e6b11f510bfd req-14e4d591-2672-48b4-a2b6-e6b11f510bfd ] Request (SecurityGroupsTestJSON:test_server_security_groups): 200 GET http://10.180.1.21/compute/v2.1/servers/83f6c47e-ab78-407f-8bc8-114a5f2ce916 0.054s
2025-02-20 15:08:42.185 63685 INFO tempest.lib.common.rest_client [req-b497516d-7292-4e51-962a-2ad5788e1ac1 req-b497516d-7292-4e51-962a-2ad5788e1ac1 ] Request (ServersNegativeTestMultiTenantJSON:test_delete_a_server_of_another_tenant): 404 DELETE http://10.180.1.21/compute/v2.1/servers/090d4a37-b802-4dc6-909f-9abd1cd31bb2 0.123s
2025-02-20 15:08:42.195 63689 INFO tempest.lib.common.rest_client [req-28adb2e8-4636-45c1-bf5b-504f559c253d req-28adb2e8-4636-45c1-bf5b-504f559c253d ] Request (ImagesTestJSON:test_create_image_from_suspended_server): 200 GET http://10.180.1.21/compute/v2.1/servers/2660a9d8-ad47-4172-bf7a-1710aa1b3092 0.052s
2025-02-20 15:08:42.263 63651 INFO tempest.lib.common.rest_client [req-23ce27ef-df63-41c6-9b82-508a5f5a95d5 req-23ce27ef-df63-41c6-9b82-508a5f5a95d5 ] Request (DeleteServersAdminTestJSON:test_delete_server_while_in_error_state): 200 GET http://10.180.1.21/compute/v2.1/servers/a1bb506c-b8ca-4887-bf41-f59b5bdd96c7 0.062s
2025-02-20 15:08:42.303 63635 INFO tempest.lib.common.rest_client [req-a6dfed7f-b854-408c-b316-872acc75ba3c req-a6dfed7f-b854-408c-b316-872acc75ba3c ] Request (ListImageFiltersTestJSON:setUpClass): 200 GET http://10.180.1.21/compute/v2.1/images/d2348447-e32e-4c32-87fd-7138a54939ca 0.044s
2025-02-20 15:08:42.318 63685 INFO tempest.lib.common.rest_client [req-a37227e5-fbe7-40f6-82c6-f1c99f16fb43 req-a37227e5-fbe7-40f6-82c6-f1c99f16fb43 ] Request (ServersNegativeTestMultiTenantJSON:setUp): 200 GET http://10.180.1.21/compute/v2.1/servers/090d4a37-b802-4dc6-909f-9abd1cd31bb2 0.132s
2025-02-20 15:08:42.358 63663 INFO tempest.lib.common.rest_client [req-0f1ce7a7-30a2-49b6-82e5-abc7ad032b2b req-0f1ce7a7-30a2-49b6-82e5-abc7ad032b2b ] Request (ServersWithSpecificFlavorTestJSON:test_verify_created_server_ephemeral_disk): 200 GET http://10.180.1.21/compute/v2.1/servers/24132d19-337b-4845-b2a4-bc65f574b61e 0.056s
2025-02-20 15:08:42.378 63685 INFO tempest.lib.common.rest_client [req-a650855b-330f-4f71-a6b0-10d70ceedec7 req-a650855b-330f-4f71-a6b0-10d70ceedec7 ] Request (ServersNegativeTestMultiTenantJSON:test_update_server_of_another_tenant): 404 PUT http://10.180.1.21/compute/v2.1/servers/090d4a37-b802-4dc6-909f-9abd1cd31bb2 0.051s
2025-02-20 15:08:42.434 63633 INFO tempest.lib.common.rest_client [req-615c0057-f7b3-4bec-8139-827fb80da569 req-615c0057-f7b3-4bec-8139-827fb80da569 ] Request (ServerMetadataTestJSON:setUpClass): 200 GET http://10.180.1.21/compute/v2.1/servers/084bd41e-c76d-4ee7-beba-f00feefffc36 0.079s
2025-02-20 15:08:42.434 63627 INFO tempest.lib.common.rest_client [req-cdebf17b-d750-4f43-91a2-ac95e6cf1ac7 req-cdebf17b-d750-4f43-91a2-ac95e6cf1ac7 ] Request (MigrationsAdminTest:test_list_migrations_in_flavor_resize_situation): 200 GET http://10.180.1.21/compute/v2.1/servers/f712100c-2d2a-45b7-aa3c-5855baa58a77 0.109s
2025-02-20 15:08:42.442 63627 INFO tempest.common.waiters [-] State transition "RESIZE/resize_prep" ==> "RESIZE/resize_migrating" after 31 second wait
2025-02-20 15:08:42.480 63629 INFO tempest.lib.common.rest_client [req-76e3de9d-faa7-470e-876c-cd19f6f08606 req-76e3de9d-faa7-470e-876c-cd19f6f08606 ] Request (ServersAdminTestJSON:test_inject_network_info): 200 GET http://10.180.1.21/compute/v2.1/servers/578fd730-ccbc-4fe9-9a17-1bf5c1f62bf3 0.102s
2025-02-20 15:08:42.487 63629 INFO tempest.common.waiters [-] State transition "BUILD/scheduling" ==> "BUILD/None" after 31 second wait
2025-02-20 15:08:42.530 63685 INFO tempest.lib.common.rest_client [req-6c7b5b66-4c69-4e27-a978-62dad1a98acc req-6c7b5b66-4c69-4e27-a978-62dad1a98acc ] Request (ServersNegativeTestMultiTenantJSON:tearDownClass): 204 DELETE http://10.180.1.21/compute/v2.1/servers/090d4a37-b802-4dc6-909f-9abd1cd31bb2 0.147s
2025-02-20 15:08:42.562 63659 INFO paramiko.transport [-] Connected (version 2.0, client dropbear_2020.81)
2025-02-20 15:08:42.636 63685 INFO tempest.lib.common.rest_client [req-b35d1015-29a3-420f-958a-95ebd2ee560e req-b35d1015-29a3-420f-958a-95ebd2ee560e ] Request (ServersNegativeTestMultiTenantJSON:tearDownClass): 200 GET http://10.180.1.21/compute/v2.1/servers/090d4a37-b802-4dc6-909f-9abd1cd31bb2 0.105s
2025-02-20 15:08:42.658 63654 INFO tempest.lib.common.rest_client [req-43d997a9-a688-4128-b63e-f006bcb85b8c req-43d997a9-a688-4128-b63e-f006bcb85b8c ] Request (FloatingIPsAssociationNegativeTestJSON:setUpClass): 200 GET http://10.180.1.21/compute/v2.1/servers/986ddb2d-7aeb-457d-9b8a-da57829421f7 0.153s
2025-02-20 15:08:42.670 63659 INFO paramiko.transport [-] Authentication (publickey) successful!
2025-02-20 15:08:42.671 63659 INFO tempest.lib.common.ssh [-] ssh connection to cirros@10.180.180.190 successfully created
2025-02-20 15:08:42.701 63673 INFO tempest.lib.common.rest_client [req-ffc74498-4bbf-4f8d-bed2-92c2cf4b4851 req-ffc74498-4bbf-4f8d-bed2-92c2cf4b4851 ] Request (DeleteServersTestJSON:test_delete_server_while_in_attached_volume): 200 GET http://10.180.1.21/compute/v2.1/servers/f30e9f63-42de-49b6-8384-09a8ba917d28 0.136s
2025-02-20 15:08:42.710 63673 INFO tempest.common.waiters [-] State transition "BUILD/scheduling" ==> "BUILD/None" after 39 second wait
2025-02-20 15:08:42.756 63657 INFO tempest.lib.common.rest_client [req-d501d80a-64cf-4661-9fa6-679789e98475 req-d501d80a-64cf-4661-9fa6-679789e98475 ] Request (ServersAdminNegativeTestJSON:test_migrate_server_invalid_state): 200 GET http://10.180.1.21/compute/v2.1/servers/b77d178a-2937-4dac-a312-ce924b4f3f36 0.187s
2025-02-20 15:08:42.768 63647 INFO tempest.lib.common.rest_client [req-969b2f84-a3cc-4e29-9b73-7bddaeb031eb req-969b2f84-a3cc-4e29-9b73-7bddaeb031eb ] Request (ImagesOneServerNegativeTestJSON:_run_cleanups): 200 GET http://10.180.1.21/compute/v2.1/servers/f84492b5-d1ea-4ef0-983e-7e5039fcb3fe 0.127s
2025-02-20 15:08:42.823 63679 INFO tempest.lib.common.rest_client [req-0f92b26e-aae5-4140-a2aa-9f38d987074e req-0f92b26e-aae5-4140-a2aa-9f38d987074e ] Request (ServersAdmin275Test:tearDownClass): 200 GET http://10.180.1.21/compute/v2.1/servers/aed994a0-1568-47e7-84d2-2bbdd70b7fbf 0.165s
2025-02-20 15:08:42.871 63683 INFO tempest.lib.common.rest_client [req-0fa33b1c-e433-49b2-8ed8-e697732a128b req-0fa33b1c-e433-49b2-8ed8-e697732a128b ] Request (MultipleCreateTestJSON:test_multiple_create): 200 GET http://10.180.1.21/compute/v2.1/servers/7e4dfe48-66be-458e-a142-b5d039d1306a 0.160s
2025-02-20 15:08:42.921 63639 INFO tempest.lib.common.rest_client [req-538740d1-f2a8-4802-8c0e-5674ec9410fa req-538740d1-f2a8-4802-8c0e-5674ec9410fa ] Request (VolumesAdminNegativeTest:test_update_attached_volume_with_nonexistent_volume_in_body): 200 GET http://10.180.1.21/compute/v2.1/servers/43daa061-8ca8-4e4f-9c12-44eedd288acd 0.189s
2025-02-20 15:08:42.969 63631 INFO tempest.lib.common.rest_client [req-1f28eea4-5b3e-4a35-a4e9-6cb29f6be4c7 req-1f28eea4-5b3e-4a35-a4e9-6cb29f6be4c7 ] Request (AttachVolumeShelveTestJSON:test_attach_volume_shelved_or_offload_server): 200 GET http://10.180.1.21/compute/v2.1/servers/feb7d9ed-c1d5-40c6-8f6c-c5e138b58269 0.199s
2025-02-20 15:08:43.028 63637 INFO tempest.lib.common.rest_client [req-3370083c-e32f-40ce-bd01-a323528ed547 req-3370083c-e32f-40ce-bd01-a323528ed547 ] Request (ImagesOneServerTestJSON:tearDownClass): 200 GET http://10.180.1.21/compute/v2.1/servers/72ad0057-c02b-4a31-8d58-e33c0b085c9b 0.198s
2025-02-20 15:08:43.153 63649 INFO tempest.lib.common.rest_client [req-e5763b55-c957-480c-8fba-fa8f3da1d88b req-e5763b55-c957-480c-8fba-fa8f3da1d88b ] Request (ServerMetadataNegativeTestJSON:setUpClass): 200 GET http://10.180.1.21/compute/v2.1/servers/1a8ea490-d495-4aec-8618-d450300c95bd 0.314s
2025-02-20 15:08:43.211 63661 INFO tempest.lib.common.rest_client [req-a9b457bd-3e6c-40d4-b337-e3a37f825bd0 req-a9b457bd-3e6c-40d4-b337-e3a37f825bd0 ] Request (ServersTestJSON:test_create_server_specify_multibyte_character_name): 200 GET http://10.180.1.21/compute/v2.1/servers/c95e9301-0004-4ed7-a2da-1cba22371eaf 0.276s
2025-02-20 15:08:43.266 63655 INFO tempest.lib.common.rest_client [req-a00ed0ef-6ce0-4153-844a-eb93b6581c56 req-a00ed0ef-6ce0-4153-844a-eb93b6581c56 ] Request (ServerRescueTestJSONUnderV235:setUpClass): 200 GET http://10.180.1.21/compute/v2.1/servers/02942cf6-fe72-4f77-9d87-ac9287527317 0.276s
2025-02-20 15:08:43.321 63645 INFO tempest.lib.common.rest_client [req-162bc715-0239-4376-a106-315cfc47692d req-162bc715-0239-4376-a106-315cfc47692d ] Request (SecurityGroupsTestJSON:test_server_security_groups): 200 GET http://10.180.1.21/compute/v2.1/servers/83f6c47e-ab78-407f-8bc8-114a5f2ce916 0.168s
2025-02-20 15:08:43.377 63689 INFO tempest.lib.common.rest_client [req-110fb950-9da7-444c-b096-fd958472a904 req-110fb950-9da7-444c-b096-fd958472a904 ] Request (ImagesTestJSON:test_create_image_from_suspended_server): 200 GET http://10.180.1.21/compute/v2.1/servers/2660a9d8-ad47-4172-bf7a-1710aa1b3092 0.171s
2025-02-20 15:08:43.437 63651 INFO tempest.lib.common.rest_client [req-e930195f-2e2d-480a-88c5-c4a82cba20da req-e930195f-2e2d-480a-88c5-c4a82cba20da ] Request (DeleteServersAdminTestJSON:test_delete_server_while_in_error_state): 200 GET http://10.180.1.21/compute/v2.1/servers/a1bb506c-b8ca-4887-bf41-f59b5bdd96c7 0.163s
2025-02-20 15:08:43.469 63635 INFO tempest.lib.common.rest_client [req-6e8ebf88-6ce5-4e29-80d5-13c476f326d9 req-6e8ebf88-6ce5-4e29-80d5-13c476f326d9 ] Request (ListImageFiltersTestJSON:setUpClass): 200 GET http://10.180.1.21/compute/v2.1/images/d2348447-e32e-4c32-87fd-7138a54939ca 0.160s
2025-02-20 15:08:43.521 63663 INFO tempest.lib.common.rest_client [req-6ffebcdd-b988-4607-bcc4-5dea3d89345b req-6ffebcdd-b988-4607-bcc4-5dea3d89345b ] Request (ServersWithSpecificFlavorTestJSON:test_verify_created_server_ephemeral_disk): 200 GET http://10.180.1.21/compute/v2.1/servers/24132d19-337b-4845-b2a4-bc65f574b61e 0.154s
2025-02-20 15:08:43.582 63633 INFO tempest.lib.common.rest_client [req-0f943de7-e796-4b50-ab1c-e100225d6110 req-0f943de7-e796-4b50-ab1c-e100225d6110 ] Request (ServerMetadataTestJSON:setUpClass): 200 GET http://10.180.1.21/compute/v2.1/servers/084bd41e-c76d-4ee7-beba-f00feefffc36 0.141s
2025-02-20 15:08:43.697 63627 INFO tempest.lib.common.rest_client [req-7737ceef-a586-43bc-953e-2f4657824c54 req-7737ceef-a586-43bc-953e-2f4657824c54 ] Request (MigrationsAdminTest:test_list_migrations_in_flavor_resize_situation): 200 GET http://10.180.1.21/compute/v2.1/servers/f712100c-2d2a-45b7-aa3c-5855baa58a77 0.254s
2025-02-20 15:08:43.758 63629 INFO tempest.lib.common.rest_client [req-cd3e50bf-753c-4cd8-8e0c-9a8910021593 req-cd3e50bf-753c-4cd8-8e0c-9a8910021593 ] Request (ServersAdminTestJSON:test_inject_network_info): 200 GET http://10.180.1.21/compute/v2.1/servers/578fd730-ccbc-4fe9-9a17-1bf5c1f62bf3 0.269s
2025-02-20 15:08:43.857 63685 INFO tempest.lib.common.rest_client [req-a2e78810-6710-4f82-862e-24e088ff5bf3 req-a2e78810-6710-4f82-862e-24e088ff5bf3 ] Request (ServersNegativeTestMultiTenantJSON:tearDownClass): 200 GET http://10.180.1.21/compute/v2.1/servers/090d4a37-b802-4dc6-909f-9abd1cd31bb2 0.213s
2025-02-20 15:08:43.944 63654 INFO tempest.lib.common.rest_client [req-cfdb2d04-0ef8-4c9d-8f74-638cbbf7a08e req-cfdb2d04-0ef8-4c9d-8f74-638cbbf7a08e ] Request (FloatingIPsAssociationNegativeTestJSON:setUpClass): 200 GET http://10.180.1.21/compute/v2.1/servers/986ddb2d-7aeb-457d-9b8a-da57829421f7 0.277s
2025-02-20 15:08:43.991 63673 INFO tempest.lib.common.rest_client [req-3f5d3366-c974-45e0-8a0e-5bee2ee935ff req-3f5d3366-c974-45e0-8a0e-5bee2ee935ff ] Request (DeleteServersTestJSON:test_delete_server_while_in_attached_volume): 200 GET http://10.180.1.21/compute/v2.1/servers/f30e9f63-42de-49b6-8384-09a8ba917d28 0.280s
2025-02-20 15:08:44.079 63657 INFO tempest.lib.common.rest_client [req-11aff712-7cbd-485e-807c-cd769de56985 req-11aff712-7cbd-485e-807c-cd769de56985 ] Request (ServersAdminNegativeTestJSON:test_migrate_server_invalid_state): 200 GET http://10.180.1.21/compute/v2.1/servers/b77d178a-2937-4dac-a312-ce924b4f3f36 0.314s
2025-02-20 15:08:44.086 63657 INFO tempest.common.waiters [-] State transition "ACTIVE/suspending" ==> "SUSPENDED/None" after 3 second wait
2025-02-20 15:08:44.136 63647 INFO tempest.lib.common.rest_client [req-9a2af4a1-aff3-4faa-8e82-f731d07d13ef req-9a2af4a1-aff3-4faa-8e82-f731d07d13ef ] Request (ImagesOneServerNegativeTestJSON:_run_cleanups): 200 GET http://10.180.1.21/compute/v2.1/servers/f84492b5-d1ea-4ef0-983e-7e5039fcb3fe 0.360s
2025-02-20 15:08:44.156 63679 INFO tempest.lib.common.rest_client [req-8fe6f97f-4afd-4b66-b53c-60286b29cd16 req-8fe6f97f-4afd-4b66-b53c-60286b29cd16 ] Request (ServersAdmin275Test:tearDownClass): 404 GET http://10.180.1.21/compute/v2.1/servers/aed994a0-1568-47e7-84d2-2bbdd70b7fbf 0.322s
2025-02-20 15:08:44.215 63683 INFO tempest.lib.common.rest_client [req-cdaec184-fb63-4763-bfb1-4903561b7698 req-cdaec184-fb63-4763-bfb1-4903561b7698 ] Request (MultipleCreateTestJSON:test_multiple_create): 200 GET http://10.180.1.21/compute/v2.1/servers/7e4dfe48-66be-458e-a142-b5d039d1306a 0.335s
2025-02-20 15:08:44.265 63639 INFO tempest.lib.common.rest_client [req-6fe5b7bb-5bc4-455a-8ea6-f663c7261f11 req-6fe5b7bb-5bc4-455a-8ea6-f663c7261f11 ] Request (VolumesAdminNegativeTest:test_update_attached_volume_with_nonexistent_volume_in_body): 200 GET http://10.180.1.21/compute/v2.1/servers/43daa061-8ca8-4e4f-9c12-44eedd288acd 0.334s
2025-02-20 15:08:44.307 63679 INFO tempest.lib.common.rest_client [req-5a6c0c7c-d1a6-4e66-b282-3cbb54cee0ad req-5a6c0c7c-d1a6-4e66-b282-3cbb54cee0ad ] Request (ServersAdmin275Test:tearDownClass): 204 DELETE http://10.180.1.21/identity/v3/users/b3ebf9afeb5a46f5a6a73b6e968a256f 0.150s
2025-02-20 15:08:44.318 63631 INFO tempest.lib.common.rest_client [req-e8f00b9c-b260-49f6-92c9-0e522d5fe01a req-e8f00b9c-b260-49f6-92c9-0e522d5fe01a ] Request (AttachVolumeShelveTestJSON:test_attach_volume_shelved_or_offload_server): 200 GET http://10.180.1.21/compute/v2.1/servers/feb7d9ed-c1d5-40c6-8f6c-c5e138b58269 0.340s
2025-02-20 15:08:44.379 63637 INFO tempest.lib.common.rest_client [req-7268bd86-0d39-4171-88f5-22e4e0be2e11 req-7268bd86-0d39-4171-88f5-22e4e0be2e11 ] Request (ImagesOneServerTestJSON:tearDownClass): 200 GET http://10.180.1.21/compute/v2.1/servers/72ad0057-c02b-4a31-8d58-e33c0b085c9b 0.343s
2025-02-20 15:08:44.433 63679 INFO tempest.lib.common.rest_client [req-75f1f621-7718-42f4-ac1e-7d8e2c0f128a req-75f1f621-7718-42f4-ac1e-7d8e2c0f128a ] Request (ServersAdmin275Test:tearDownClass): 204 DELETE http://10.180.1.21/identity/v3/users/fc8a7d30c279404386bf6416bfc5fafe 0.126s
2025-02-20 15:08:44.433 63679 INFO tempest.lib.common.dynamic_creds [-] Deleting project and security group for project: 92c168abca7a412c987e2e43ccfd858f
2025-02-20 15:08:44.444 63659 INFO tempest.lib.common.rest_client [req-d06d46a2-261f-45f2-9be9-87541c6fb96a req-d06d46a2-261f-45f2-9be9-87541c6fb96a ] Request (VolumesAssistedSnapshotsTest:test_volume_assisted_snapshot_create_delete): 200 POST http://10.180.1.21/compute/v2.1/servers/3481b312-c716-41b4-a9f4-8992ce7fc1fc/os-volume_attachments 1.772s
2025-02-20 15:08:44.453 63657 INFO tempest.lib.common.rest_client [req-2918f6fd-8e22-4ad1-a901-15e6617c028e req-2918f6fd-8e22-4ad1-a901-15e6617c028e ] Request (ServersAdminNegativeTestJSON:test_migrate_server_invalid_state): 409 POST http://10.180.1.21/compute/v2.1/servers/b77d178a-2937-4dac-a312-ce924b4f3f36/action 0.366s
2025-02-20 15:08:44.481 63659 INFO tempest.lib.common.rest_client [req-678e8310-0496-404f-8490-3193b6cf5ec0 req-678e8310-0496-404f-8490-3193b6cf5ec0 ] Request (VolumesAssistedSnapshotsTest:test_volume_assisted_snapshot_create_delete): 200 GET http://10.180.1.21/volume/v3/volumes/b75f2a0a-b4a7-4f6d-b650-f09edd5b916e 0.034s
2025-02-20 15:08:44.501 63679 INFO tempest.lib.common.rest_client [req-87e7f14c-f112-4e24-a384-4cf1519e33ef req-87e7f14c-f112-4e24-a384-4cf1519e33ef ] Request (ServersAdmin275Test:tearDownClass): 201 POST http://10.180.1.21/identity/v3/auth/tokens 0.068s
2025-02-20 15:08:44.512 63661 INFO tempest.lib.common.rest_client [req-e6dd7f4f-ce91-4797-86d8-a46c85ef9123 req-e6dd7f4f-ce91-4797-86d8-a46c85ef9123 ] Request (ServersTestJSON:test_create_server_specify_multibyte_character_name): 200 GET http://10.180.1.21/compute/v2.1/servers/c95e9301-0004-4ed7-a2da-1cba22371eaf 0.292s
2025-02-20 15:08:44.576 63655 INFO tempest.lib.common.rest_client [req-170dd7d0-2f23-472b-b7ed-db2d957d4e01 req-170dd7d0-2f23-472b-b7ed-db2d957d4e01 ] Request (ServerRescueTestJSONUnderV235:setUpClass): 200 GET http://10.180.1.21/compute/v2.1/servers/02942cf6-fe72-4f77-9d87-ac9287527317 0.302s
2025-02-20 15:08:44.632 63649 INFO tempest.lib.common.rest_client [req-c972b8d0-6731-4199-b906-244081b5aad6 req-c972b8d0-6731-4199-b906-244081b5aad6 ] Request (ServerMetadataNegativeTestJSON:setUpClass): 200 GET http://10.180.1.21/compute/v2.1/servers/1a8ea490-d495-4aec-8618-d450300c95bd 0.468s
2025-02-20 15:08:44.642 63645 INFO tempest.lib.common.rest_client [req-db6c2f6e-82e1-4103-99d2-a389b9c734b3 req-db6c2f6e-82e1-4103-99d2-a389b9c734b3 ] Request (SecurityGroupsTestJSON:test_server_security_groups): 200 GET http://10.180.1.21/compute/v2.1/servers/83f6c47e-ab78-407f-8bc8-114a5f2ce916 0.312s
2025-02-20 15:08:44.690 63689 INFO tempest.lib.common.rest_client [req-62ffad2c-286c-4977-872e-b819a50be2b7 req-62ffad2c-286c-4977-872e-b819a50be2b7 ] Request (ImagesTestJSON:test_create_image_from_suspended_server): 200 GET http://10.180.1.21/compute/v2.1/servers/2660a9d8-ad47-4172-bf7a-1710aa1b3092 0.303s
2025-02-20 15:08:44.697 63657 INFO tempest.lib.common.rest_client [req-ec9323bc-9e74-43ad-b3cc-d58f19342aa2 req-ec9323bc-9e74-43ad-b3cc-d58f19342aa2 ] Request (ServersAdminNegativeTestJSON:test_reset_state_server_invalid_state): 400 POST http://10.180.1.21/compute/v2.1/servers/82b4b4cf-1a0b-45a5-accc-174b16151b7b/action 0.242s
2025-02-20 15:08:44.717 63651 INFO tempest.lib.common.rest_client [req-74000838-a084-4d67-ba16-16879932261e req-74000838-a084-4d67-ba16-16879932261e ] Request (DeleteServersAdminTestJSON:test_delete_server_while_in_error_state): 200 GET http://10.180.1.21/compute/v2.1/servers/a1bb506c-b8ca-4887-bf41-f59b5bdd96c7 0.266s
2025-02-20 15:08:44.731 63679 INFO tempest.lib.common.rest_client [req-236bc179-e4f3-4e77-aa0c-3febd4b79caf req-236bc179-e4f3-4e77-aa0c-3febd4b79caf ] Request (ServersAdmin275Test:tearDownClass): 200 GET http://10.180.1.21:9696/networking/v2.0/security-groups?tenant_id=92c168abca7a412c987e2e43ccfd858f&name=default 0.230s
2025-02-20 15:08:44.741 63635 INFO tempest.lib.common.rest_client [req-d709959a-5480-4d46-b1b7-13487b049039 req-d709959a-5480-4d46-b1b7-13487b049039 ] Request (ListImageFiltersTestJSON:setUpClass): 200 GET http://10.180.1.21/compute/v2.1/images/d2348447-e32e-4c32-87fd-7138a54939ca 0.266s
2025-02-20 15:08:44.750 63681 WARNING tempest.lib.common.ssh [-] Failed to establish authenticated ssh connection to cirros@10.180.180.231 ([Errno None] Unable to connect to port 22 on 10.180.180.231). Number attempts: 4. Retry after 5 seconds.: paramiko.ssh_exception.NoValidConnectionsError: [Errno None] Unable to connect to port 22 on 10.180.180.231
2025-02-20 15:08:44.779 63663 INFO tempest.lib.common.rest_client [req-44eef67c-c1d1-4bf2-8ae9-7eaed92e61b3 req-44eef67c-c1d1-4bf2-8ae9-7eaed92e61b3 ] Request (ServersWithSpecificFlavorTestJSON:test_verify_created_server_ephemeral_disk): 200 GET http://10.180.1.21/compute/v2.1/servers/24132d19-337b-4845-b2a4-bc65f574b61e 0.249s
2025-02-20 15:08:44.787 63657 INFO tempest.lib.common.rest_client [req-498eb8a5-a61d-4338-9767-a8474559df76 req-498eb8a5-a61d-4338-9767-a8474559df76 ] Request (ServersAdminNegativeTestJSON:test_reset_state_server_invalid_type): 400 POST http://10.180.1.21/compute/v2.1/servers/82b4b4cf-1a0b-45a5-accc-174b16151b7b/action 0.088s
2025-02-20 15:08:44.835 63633 INFO tempest.lib.common.rest_client [req-e0d94d04-b46f-46eb-a922-196fbc6c98c1 req-e0d94d04-b46f-46eb-a922-196fbc6c98c1 ] Request (ServerMetadataTestJSON:setUpClass): 200 GET http://10.180.1.21/compute/v2.1/servers/084bd41e-c76d-4ee7-beba-f00feefffc36 0.239s
2025-02-20 15:08:44.860 63679 INFO tempest.lib.common.rest_client [req-9ed487a8-d725-49e5-98bc-4206246e651a req-9ed487a8-d725-49e5-98bc-4206246e651a ] Request (ServersAdmin275Test:tearDownClass): 204 DELETE http://10.180.1.21:9696/networking/v2.0/security-groups/73329807-b2a6-45a5-819c-29c5d77351da 0.128s
2025-02-20 15:08:44.897 63629 INFO tempest.lib.common.rest_client [req-9c0578d4-0324-485a-9777-ebcad4fbecfe req-9c0578d4-0324-485a-9777-ebcad4fbecfe ] Request (ServersAdminTestJSON:test_inject_network_info): 200 GET http://10.180.1.21/compute/v2.1/servers/578fd730-ccbc-4fe9-9a17-1bf5c1f62bf3 0.131s
2025-02-20 15:08:44.904 63627 INFO tempest.lib.common.rest_client [req-231bff19-a1f8-4758-9792-6d1a855cad90 req-231bff19-a1f8-4758-9792-6d1a855cad90 ] Request (MigrationsAdminTest:test_list_migrations_in_flavor_resize_situation): 200 GET http://10.180.1.21/compute/v2.1/servers/f712100c-2d2a-45b7-aa3c-5855baa58a77 0.200s
2025-02-20 15:08:44.905 63657 INFO tempest.lib.common.rest_client [req-48bccc59-2096-43c8-b0bc-5b65eee24f68 req-48bccc59-2096-43c8-b0bc-5b65eee24f68 ] Request (ServersAdminNegativeTestJSON:test_reset_state_server_nonexistent_server): 404 POST http://10.180.1.21/compute/v2.1/servers/999/action 0.117s
2025-02-20 15:08:44.949 63679 INFO tempest.lib.common.rest_client [req-fa68ebd6-e563-4222-bc37-44d32a54d09b req-fa68ebd6-e563-4222-bc37-44d32a54d09b ] Request (ServersAdmin275Test:tearDownClass): 204 DELETE http://10.180.1.21/identity/v3/projects/92c168abca7a412c987e2e43ccfd858f 0.088s
2025-02-20 15:08:44.949 63679 INFO tempest.lib.common.dynamic_creds [-] Deleting project and security group for project: f94041b246444b0b9e900d26e8a49fb6
2025-02-20 15:08:45.040 63685 INFO tempest.lib.common.rest_client [req-8192fc46-510a-4ef7-ac39-ea37074d676c req-8192fc46-510a-4ef7-ac39-ea37074d676c ] Request (ServersNegativeTestMultiTenantJSON:tearDownClass): 200 GET http://10.180.1.21/compute/v2.1/servers/090d4a37-b802-4dc6-909f-9abd1cd31bb2 0.175s
2025-02-20 15:08:45.056 63679 INFO tempest.lib.common.rest_client [req-03f82dfe-f7ae-4335-80dd-80a568118d9d req-03f82dfe-f7ae-4335-80dd-80a568118d9d ] Request (ServersAdmin275Test:tearDownClass): 200 GET http://10.180.1.21:9696/networking/v2.0/security-groups?tenant_id=f94041b246444b0b9e900d26e8a49fb6&name=default 0.107s
2025-02-20 15:08:45.062 63657 INFO tempest.lib.common.rest_client [req-615b78ec-9ad6-415c-a870-ebc3897a830e req-615b78ec-9ad6-415c-a870-ebc3897a830e ] Request (ServersAdminNegativeTestJSON:test_resize_server_using_overlimit_ram): 200 GET http://10.180.1.21/compute/v2.1/os-quota-sets/e724aa11786e49bbb2b8bf8f78cfeb5c 0.155s
2025-02-20 15:08:45.111 63673 INFO tempest.lib.common.rest_client [req-c5ddb159-1b1d-4312-889b-f657d62aed24 req-c5ddb159-1b1d-4312-889b-f657d62aed24 ] Request (DeleteServersTestJSON:test_delete_server_while_in_attached_volume): 200 GET http://10.180.1.21/compute/v2.1/servers/f30e9f63-42de-49b6-8384-09a8ba917d28 0.112s
2025-02-20 15:08:45.131 63657 INFO tempest.lib.common.rest_client [req-d1163909-6503-456f-9925-127fdd750d4b req-d1163909-6503-456f-9925-127fdd750d4b ] Request (ServersAdminNegativeTestJSON:test_resize_server_using_overlimit_ram): 200 POST http://10.180.1.21/compute/v2.1/flavors 0.066s
2025-02-20 15:08:45.180 63654 INFO tempest.lib.common.rest_client [req-efcbfc88-5ed8-46c2-9ca0-5e9a9ac47931 req-efcbfc88-5ed8-46c2-9ca0-5e9a9ac47931 ] Request (FloatingIPsAssociationNegativeTestJSON:setUpClass): 200 GET http://10.180.1.21/compute/v2.1/servers/986ddb2d-7aeb-457d-9b8a-da57829421f7 0.227s
2025-02-20 15:08:45.189 63679 INFO tempest.lib.common.rest_client [req-9d01021c-8beb-48cd-9871-589fe04a7b8e req-9d01021c-8beb-48cd-9871-589fe04a7b8e ] Request (ServersAdmin275Test:tearDownClass): 204 DELETE http://10.180.1.21:9696/networking/v2.0/security-groups/dd2ce0da-1a5d-4a06-8e9e-9db20a4b7d91 0.133s
2025-02-20 15:08:45.247 63647 INFO tempest.lib.common.rest_client [req-d7e53223-ebd0-4331-9ef8-a1b755e9b745 req-d7e53223-ebd0-4331-9ef8-a1b755e9b745 ] Request (ImagesOneServerNegativeTestJSON:_run_cleanups): 200 GET http://10.180.1.21/compute/v2.1/servers/f84492b5-d1ea-4ef0-983e-7e5039fcb3fe 0.103s
2025-02-20 15:08:45.252 63657 INFO tempest.lib.common.rest_client [req-9cab3748-75ae-42e8-a2b7-05415ff78525 req-9cab3748-75ae-42e8-a2b7-05415ff78525 ] Request (ServersAdminNegativeTestJSON:test_resize_server_using_overlimit_ram): 403 POST http://10.180.1.21/compute/v2.1/servers/82b4b4cf-1a0b-45a5-accc-174b16151b7b/action 0.119s
2025-02-20 15:08:45.274 63657 INFO tempest.lib.common.rest_client [req-62850fbd-59d8-45d7-bdbd-d142eda1e725 req-62850fbd-59d8-45d7-bdbd-d142eda1e725 ] Request (ServersAdminNegativeTestJSON:_run_cleanups): 202 DELETE http://10.180.1.21/compute/v2.1/flavors/398118730 0.021s
2025-02-20 15:08:45.289 63679 INFO tempest.lib.common.rest_client [req-38fd998f-73da-47ed-8c00-97234b63a9c5 req-38fd998f-73da-47ed-8c00-97234b63a9c5 ] Request (ServersAdmin275Test:tearDownClass): 204 DELETE http://10.180.1.21/identity/v3/projects/f94041b246444b0b9e900d26e8a49fb6 0.099s
2025-02-20 15:08:45.306 63683 INFO tempest.lib.common.rest_client [req-7d7294b8-fb8f-4c5b-8cfc-d62348c6d306 req-7d7294b8-fb8f-4c5b-8cfc-d62348c6d306 ] Request (MultipleCreateTestJSON:test_multiple_create): 200 GET http://10.180.1.21/compute/v2.1/servers/7e4dfe48-66be-458e-a142-b5d039d1306a 0.082s
2025-02-20 15:08:45.329 63639 INFO tempest.lib.common.rest_client [req-f0887d99-e9f9-4b99-9a26-ce2c8430ccc9 req-f0887d99-e9f9-4b99-9a26-ce2c8430ccc9 ] Request (VolumesAdminNegativeTest:test_update_attached_volume_with_nonexistent_volume_in_body): 200 GET http://10.180.1.21/compute/v2.1/servers/43daa061-8ca8-4e4f-9c12-44eedd288acd 0.055s
2025-02-20 15:08:45.330 63657 INFO tempest.lib.common.rest_client [req-c03ce4bf-211a-406b-8128-428a084bde23 req-c03ce4bf-211a-406b-8128-428a084bde23 ] Request (ServersAdminNegativeTestJSON:_run_cleanups): 200 GET http://10.180.1.21/compute/v2.1/flavors/detail 0.055s
2025-02-20 15:08:45.368 63679 INFO tempest.lib.common.rest_client [req-d154f546-b048-4504-ac58-7a4ebdcb11b0 req-d154f546-b048-4504-ac58-7a4ebdcb11b0 ] Request (ServerRescueNegativeTestJSON:setUpClass): 201 POST http://10.180.1.21/identity/v3/auth/tokens 0.078s
2025-02-20 15:08:45.394 63631 INFO tempest.lib.common.rest_client [req-c4779ec0-0159-47a3-b0ac-7e1324d86cfe req-c4779ec0-0159-47a3-b0ac-7e1324d86cfe ] Request (AttachVolumeShelveTestJSON:test_attach_volume_shelved_or_offload_server): 200 GET http://10.180.1.21/compute/v2.1/servers/feb7d9ed-c1d5-40c6-8f6c-c5e138b58269 0.062s
2025-02-20 15:08:45.399 63679 INFO tempest.lib.common.rest_client [req-41690e1b-a493-4901-970a-6c8db267d05b req-41690e1b-a493-4901-970a-6c8db267d05b ] Request (ServerRescueNegativeTestJSON:setUpClass): 201 POST http://10.180.1.21/identity/v3/auth/tokens 0.029s
2025-02-20 15:08:45.427 63679 INFO tempest.lib.common.rest_client [req-3464c2c8-1908-41c1-be38-45166298f32d req-3464c2c8-1908-41c1-be38-45166298f32d ] Request (ServerRescueNegativeTestJSON:setUpClass): 200 GET http://10.180.1.21/identity/v3/domains?name=Default 0.026s
2025-02-20 15:08:45.457 63637 INFO tempest.lib.common.rest_client [req-81c44d4c-428c-4367-b2f3-4694e8b0b85d req-81c44d4c-428c-4367-b2f3-4694e8b0b85d ] Request (ImagesOneServerTestJSON:tearDownClass): 200 GET http://10.180.1.21/compute/v2.1/servers/72ad0057-c02b-4a31-8d58-e33c0b085c9b 0.069s
2025-02-20 15:08:45.464 63679 INFO tempest.lib.common.rest_client [req-29b03209-d0a6-405b-84fc-a90571dbfd39 req-29b03209-d0a6-405b-84fc-a90571dbfd39 ] Request (ServerRescueNegativeTestJSON:setUpClass): 201 POST http://10.180.1.21/identity/v3/projects 0.037s
2025-02-20 15:08:45.473 63657 INFO tempest.lib.common.rest_client [req-e76f0341-b032-4054-9333-5e0045024ee8 req-e76f0341-b032-4054-9333-5e0045024ee8 ] Request (ServersAdminNegativeTestJSON:test_resize_server_using_overlimit_vcpus): 200 GET http://10.180.1.21/compute/v2.1/os-quota-sets/e724aa11786e49bbb2b8bf8f78cfeb5c 0.136s
2025-02-20 15:08:45.494 63657 INFO tempest.lib.common.rest_client [req-5ea3a9de-3340-4d18-8a8c-40fe007f3f4d req-5ea3a9de-3340-4d18-8a8c-40fe007f3f4d ] Request (ServersAdminNegativeTestJSON:test_resize_server_using_overlimit_vcpus): 200 POST http://10.180.1.21/compute/v2.1/flavors 0.019s
2025-02-20 15:08:45.519 63659 INFO tempest.lib.common.rest_client [req-ee4a04b2-f3b1-41e8-9698-cb361ebcad5f req-ee4a04b2-f3b1-41e8-9698-cb361ebcad5f ] Request (VolumesAssistedSnapshotsTest:test_volume_assisted_snapshot_create_delete): 200 GET http://10.180.1.21/volume/v3/volumes/b75f2a0a-b4a7-4f6d-b650-f09edd5b916e 0.030s
2025-02-20 15:08:45.544 63679 INFO tempest.lib.common.rest_client [req-f3848a67-04ea-43bd-aa93-f86553e6d437 req-f3848a67-04ea-43bd-aa93-f86553e6d437 ] Request (ServerRescueNegativeTestJSON:setUpClass): 201 POST http://10.180.1.21/identity/v3/users 0.079s
2025-02-20 15:08:45.555 63643 WARNING tempest.lib.common.ssh [-] Failed to establish authenticated ssh connection to cirros@10.180.180.249 ([Errno None] Unable to connect to port 22 on 10.180.180.249). Number attempts: 2. Retry after 3 seconds.: paramiko.ssh_exception.NoValidConnectionsError: [Errno None] Unable to connect to port 22 on 10.180.180.249
2025-02-20 15:08:45.573 63679 INFO tempest.lib.common.rest_client [req-d3972a1f-3cf1-4b39-a851-4baef85a61b8 req-d3972a1f-3cf1-4b39-a851-4baef85a61b8 ] Request (ServerRescueNegativeTestJSON:setUpClass): 200 GET http://10.180.1.21/identity/v3/roles 0.029s
2025-02-20 15:08:45.584 63661 INFO tempest.lib.common.rest_client [req-07c64fa2-cb67-4fd5-9289-0dc201ae51dd req-07c64fa2-cb67-4fd5-9289-0dc201ae51dd ] Request (ServersTestJSON:test_create_server_specify_multibyte_character_name): 200 GET http://10.180.1.21/compute/v2.1/servers/c95e9301-0004-4ed7-a2da-1cba22371eaf 0.060s
2025-02-20 15:08:45.609 63679 INFO tempest.lib.common.rest_client [req-818109b7-4c47-4a13-8395-9ca802c3d821 req-818109b7-4c47-4a13-8395-9ca802c3d821 ] Request (ServerRescueNegativeTestJSON:setUpClass): 204 PUT http://10.180.1.21/identity/v3/projects/7dd489e2b7b04bcba5b6f6c1a7f80bdd/users/87c97262fe4f40b192b47cac4596d498/roles/6297f0ab2a3a454ca120442ea8ac85a0 0.035s
2025-02-20 15:08:45.609 63679 INFO tempest.lib.common.dynamic_creds [-] Dynamic test user 87c97262fe4f40b192b47cac4596d498 is created with scope project and roles: ['member']
