2025-02-20 15:06:43.354 63685 INFO tempest.lib.common.rest_client [req-4d9542fe-5fbe-4825-ae2b-f664f0e5fa7c req-4d9542fe-5fbe-4825-ae2b-f664f0e5fa7c ] Request (QuotasAdminTestJSON:test_delete_quota): 202 DELETE http://10.180.1.21/compute/v2.1/os-quota-sets/e6fb2b6fb33a496cb69637a53dc17d68 2.798s
2025-02-20 15:06:43.358 63677 INFO tempest.lib.common.rest_client [req-cb192ede-803c-446b-89fc-b6907192c22b req-cb192ede-803c-446b-89fc-b6907192c22b ] Request (KeyPairsV22TestJSON:test_get_keypair_detail): 200 GET http://10.180.1.21/compute/v2.1/os-keypairs/tempest-keypair-1294327738 2.702s
2025-02-20 15:06:43.376 63689 INFO tempest.lib.common.rest_client [req-c506db34-f0b4-4b5a-8c68-e5a5a8bbc80f req-c506db34-f0b4-4b5a-8c68-e5a5a8bbc80f ] Request (InstanceUsageAuditLogNegativeTestJSON:tearDownClass): 204 DELETE http://10.180.1.21/identity/v3/projects/90b6cc8c70cd447fb61bda3d029c6edf 0.100s
2025-02-20 15:06:43.376 63689 INFO tempest.lib.common.dynamic_creds [-] Deleting project and security group for project: a44c66246f094b7eb7466e2abf084aa2
2025-02-20 15:06:43.378 63637 INFO tempest.lib.common.rest_client [req-ece26037-feaf-4263-9635-14b873179686 req-ece26037-feaf-4263-9635-14b873179686 ] Request (ImagesOneServerTestJSON:setUpClass): 200 PUT http://10.180.1.21:9696/networking/v2.0/routers/268d8c6b-fdf7-4871-9e24-37f1cbd75b00/add_router_interface 2.719s
2025-02-20 15:06:43.378 63637 INFO tempest.lib.common.dynamic_creds [-] Created isolated network resources for: credentials: Credentials: {'domain_id': 'default', 'domain_name': 'Default', 'username': 'tempest-ImagesOneServerTestJSON-966967987-project-member', 'project_domain_id': 'default', 'project_domain_name': 'Default', 'project_id': 'f604fcf8789246c4a1b8aca856b677b9', 'project_name': 'tempest-ImagesOneServerTestJSON-966967987', 'tenant_id': 'f604fcf8789246c4a1b8aca856b677b9', 'tenant_name': 'tempest-ImagesOneServerTestJSON-966967987', 'user_domain_id': 'default', 'user_domain_name': 'Default', 'user_id': 'd936c3a16029465290401a940d3521ac', 'system': None}, Network: {'id': '557ab637-03d4-42df-b0ea-6c2a57096661', 'name': 'tempest-ImagesOneServerTestJSON-369352862-network', 'tenant_id': 'f604fcf8789246c4a1b8aca856b677b9', 'admin_state_up': True, 'mtu': 8950, 'status': 'ACTIVE', 'subnets': [], 'shared': False, 'project_id': 'f604fcf8789246c4a1b8aca856b677b9', 'port_security_enabled': True, 'router:external': False, 'provider:network_type': 'vlan', 'provider:physical_network': 'default', 'provider:segmentation_id': 158, 'availability_zone_hints': [], 'availability_zones': [], 'ipv4_address_scope': None, 'ipv6_address_scope': None, 'description': '', 'tags': [], 'created_at': '2025-02-20T15:06:35Z', 'updated_at': '2025-02-20T15:06:35Z', 'revision_number': 1}, Subnet: {'id': 'cbc33b02-5ccb-4e82-b39b-7be3b447ff59', 'name': 'tempest-ImagesOneServerTestJSON-369352862-subnet', 'tenant_id': 'f604fcf8789246c4a1b8aca856b677b9', 'network_id': '557ab637-03d4-42df-b0ea-6c2a57096661', 'ip_version': 4, 'subnetpool_id': None, 'enable_dhcp': True, 'ipv6_ra_mode': None, 'ipv6_address_mode': None, 'gateway_ip': '192.168.128.1', 'cidr': '192.168.128.0/28', 'allocation_pools': [{'start': '192.168.128.2', 'end': '192.168.128.14'}], 'host_routes': [], 'dns_nameservers': [], 'description': '', 'router:external': False, 'service_types': [], 'tags': [], 'created_at': '2025-02-20T15:06:36Z', 'updated_at': '2025-02-20T15:06:36Z', 'revision_number': 0, 'project_id': 'f604fcf8789246c4a1b8aca856b677b9'}, Router: {'id': '268d8c6b-fdf7-4871-9e24-37f1cbd75b00', 'name': 'tempest-ImagesOneServerTestJSON-369352862-router', 'tenant_id': 'f604fcf8789246c4a1b8aca856b677b9', 'admin_state_up': True, 'status': 'ACTIVE', 'external_gateway_info': {'network_id': '1fd258a7-bf7c-4c1e-bd22-52c7ef8a3fc4', 'external_fixed_ips': [{'subnet_id': '33e32a84-3281-444f-9caf-797a0e66a143', 'ip_address': '10.180.180.228'}], 'enable_snat': True}, 'description': '', 'availability_zones': [], 'distributed': False, 'ha': False, 'availability_zone_hints': [], 'routes': [], 'flavor_id': None, 'tags': [], 'created_at': '2025-02-20T15:06:37Z', 'updated_at': '2025-02-20T15:06:39Z', 'revision_number': 2, 'project_id': 'f604fcf8789246c4a1b8aca856b677b9'}
2025-02-20 15:06:43.408 63671 INFO tempest.lib.common.rest_client [req-70ea9dfc-bc44-4898-b104-0351f6e4ca0d req-70ea9dfc-bc44-4898-b104-0351f6e4ca0d ] Request (FlavorsExtraSpecsNegativeTestJSON:tearDownClass): 200 GET http://10.180.1.21:9696/networking/v2.0/security-groups?tenant_id=b572cb4f802a41a4897dcc3c55849639&name=default 0.407s
2025-02-20 15:06:43.489 63637 INFO tempest.lib.common.rest_client [req-bc8dee48-4097-4dcc-8277-07e6ec337cf0 req-bc8dee48-4097-4dcc-8277-07e6ec337cf0 ] Request (ImagesOneServerTestJSON:setUpClass): 201 POST http://10.180.1.21/identity/v3/auth/tokens 0.104s
2025-02-20 15:06:43.524 63637 INFO tempest.lib.common.rest_client [req-d835edf8-5a52-45f0-8b88-b5522d1c6b52 req-d835edf8-5a52-45f0-8b88-b5522d1c6b52 ] Request (ImagesOneServerTestJSON:setUpClass): 201 POST http://10.180.1.21/identity/v3/auth/tokens 0.030s
2025-02-20 15:06:43.524 63637 INFO tempest.lib.common.fixed_network [-] (ImagesOneServerTestJSON:setUpClass) Found network {'id': '557ab637-03d4-42df-b0ea-6c2a57096661', 'name': 'tempest-ImagesOneServerTestJSON-369352862-network', 'tenant_id': 'f604fcf8789246c4a1b8aca856b677b9', 'admin_state_up': True, 'mtu': 8950, 'status': 'ACTIVE', 'subnets': [], 'shared': False, 'project_id': 'f604fcf8789246c4a1b8aca856b677b9', 'port_security_enabled': True, 'router:external': False, 'provider:network_type': 'vlan', 'provider:physical_network': 'default', 'provider:segmentation_id': 158, 'availability_zone_hints': [], 'availability_zones': [], 'ipv4_address_scope': None, 'ipv6_address_scope': None, 'description': '', 'tags': [], 'created_at': '2025-02-20T15:06:35Z', 'updated_at': '2025-02-20T15:06:35Z', 'revision_number': 1} available for tenant
2025-02-20 15:06:43.555 63671 INFO tempest.lib.common.rest_client [req-a0dc636c-1fdf-4c59-bcbe-baf0be884dbd req-a0dc636c-1fdf-4c59-bcbe-baf0be884dbd ] Request (FlavorsExtraSpecsNegativeTestJSON:tearDownClass): 204 DELETE http://10.180.1.21:9696/networking/v2.0/security-groups/ee993f2c-955e-41ad-8e46-6265d10f6cfc 0.147s
2025-02-20 15:06:43.608 63689 INFO tempest.lib.common.rest_client [req-bb4e04f3-a2b9-47c3-9264-a46655d78dda req-bb4e04f3-a2b9-47c3-9264-a46655d78dda ] Request (InstanceUsageAuditLogNegativeTestJSON:tearDownClass): 200 GET http://10.180.1.21:9696/networking/v2.0/security-groups?tenant_id=a44c66246f094b7eb7466e2abf084aa2&name=default 0.231s
2025-02-20 15:06:43.610 63629 INFO tempest.lib.common.rest_client [req-a9cdce75-4b41-4e4e-b7a9-57bd814f8fb9 req-a9cdce75-4b41-4e4e-b7a9-57bd814f8fb9 ] Request (ServersAdminTestJSON:setUpClass): 200 GET http://10.180.1.21/compute/v2.1/servers/64ede278-e96e-485e-8a84-f2701d95aec3 2.918s
2025-02-20 15:06:43.623 63657 INFO tempest.lib.common.rest_client [req-49bf20f3-3df9-45bc-8277-40a41071cf0f req-49bf20f3-3df9-45bc-8277-40a41071cf0f ] Request (ServersAdminNegativeTestJSON:setUpClass): 200 GET http://10.180.1.21/compute/v2.1/servers/82b4b4cf-1a0b-45a5-accc-174b16151b7b 2.964s
2025-02-20 15:06:43.634 63657 INFO tempest.common.waiters [-] State transition "BUILD/scheduling" ==> "BUILD/None" after 7 second wait
2025-02-20 15:06:43.686 63671 INFO tempest.lib.common.rest_client [req-66ffa936-7138-489d-be8c-4132154de996 req-66ffa936-7138-489d-be8c-4132154de996 ] Request (FlavorsExtraSpecsNegativeTestJSON:tearDownClass): 204 DELETE http://10.180.1.21/identity/v3/projects/b572cb4f802a41a4897dcc3c55849639 0.130s
2025-02-20 15:06:43.690 63675 INFO tempest.lib.common.rest_client [req-9488ae6a-b539-4a17-b4a3-6235d7a8ca8a req-9488ae6a-b539-4a17-b4a3-6235d7a8ca8a ] Request (ServersTestFqdnHostnames:test_create_server_with_fqdn_name): 200 GET http://10.180.1.21/compute/v2.1/servers/78ccd719-ff4f-44fb-a789-3ed60b862ffb 2.428s
2025-02-20 15:06:43.722 63654 INFO tempest.lib.common.rest_client [req-b7fa6a24-4738-470f-bf3c-897e73c03d74 req-b7fa6a24-4738-470f-bf3c-897e73c03d74 ] Request (FlavorsAdminTestJSON:test_create_list_flavor_without_extra_data): 200 POST http://10.180.1.21/compute/v2.1/flavors 2.191s
2025-02-20 15:06:43.732 63641 INFO tempest.lib.common.rest_client [req-711f46f9-df57-45bf-ba67-442635f28652 req-711f46f9-df57-45bf-ba67-442635f28652 ] Request (ServerDiagnosticsTest:tearDownClass): 204 DELETE http://10.180.1.21/compute/v2.1/servers/36c70e59-f58f-4ae3-bd59-9588865391d8 2.412s
2025-02-20 15:06:43.745 63645 INFO tempest.lib.common.rest_client [req-6d8b96ab-9d1d-4ee0-97d8-dee2839d4c23 req-6d8b96ab-9d1d-4ee0-97d8-dee2839d4c23 ] Request (FlavorsV2TestJSON:test_list_flavors_limit_results): 200 GET http://10.180.1.21/compute/v2.1/flavors?limit=1 2.199s
2025-02-20 15:06:43.750 63631 INFO tempest.lib.common.rest_client [req-554f4a74-ec6c-4f5c-bbb9-8d358368d61a req-554f4a74-ec6c-4f5c-bbb9-8d358368d61a ] Request (FlavorsExtraSpecsTestJSON:tearDownClass): 202 DELETE http://10.180.1.21/compute/v2.1/flavors/809596667 2.189s
2025-02-20 15:06:43.782 63689 INFO tempest.lib.common.rest_client [req-b60fce92-63a3-4a94-bde5-29381f68429f req-b60fce92-63a3-4a94-bde5-29381f68429f ] Request (InstanceUsageAuditLogNegativeTestJSON:tearDownClass): 204 DELETE http://10.180.1.21:9696/networking/v2.0/security-groups/9767bc4a-da91-4b5a-b0c9-51846a738870 0.173s
2025-02-20 15:06:43.787 63671 INFO tempest.lib.common.rest_client [req-db941eb6-6370-4a6d-9cf4-fb0a74fb9ee5 req-db941eb6-6370-4a6d-9cf4-fb0a74fb9ee5 ] Request (ServicesAdminTestJSON:setUpClass): 201 POST http://10.180.1.21/identity/v3/auth/tokens 0.099s
2025-02-20 15:06:43.803 63635 INFO tempest.lib.common.rest_client [req-3aad101e-e8cf-45ba-b601-646b59cf332e req-3aad101e-e8cf-45ba-b601-646b59cf332e ] Request (ListImageFiltersTestJSON:setUpClass): 200 GET http://10.180.1.21/compute/v2.1/images/d01cd1d7-8563-4f08-9cab-567aceb54ae1 1.900s
2025-02-20 15:06:43.828 63659 INFO tempest.lib.common.rest_client [req-b5a2d7b9-1336-43b4-8eec-f318f9220951 req-b5a2d7b9-1336-43b4-8eec-f318f9220951 ] Request (VolumesAssistedSnapshotsTest:test_volume_assisted_snapshot_create_delete): 200 GET http://10.180.1.21/compute/v2.1/servers/3481b312-c716-41b4-a9f4-8992ce7fc1fc 1.907s
2025-02-20 15:06:43.831 63671 INFO tempest.lib.common.rest_client [req-11550a0b-2605-41d4-bbb8-1c598448a7d1 req-11550a0b-2605-41d4-bbb8-1c598448a7d1 ] Request (ServicesAdminTestJSON:setUpClass): 201 POST http://10.180.1.21/identity/v3/auth/tokens 0.042s
2025-02-20 15:06:43.836 63649 INFO tempest.lib.common.rest_client [req-2fd29b11-f1f8-4071-ade9-81c1960b36f6 req-2fd29b11-f1f8-4071-ade9-81c1960b36f6 ] Request (AggregatesAdminNegativeTestJSON:test_aggregate_create_aggregate_name_length_exceeds_255): 400 POST http://10.180.1.21/compute/v2.1/os-aggregates 1.889s
2025-02-20 15:06:43.857 63647 INFO tempest.lib.common.rest_client [req-f4755f30-b5aa-45aa-bb9c-60f4fe7dd5c4 req-f4755f30-b5aa-45aa-bb9c-60f4fe7dd5c4 ] Request (HostsAdminTestJSON:test_show_host_detail): 200 GET http://10.180.1.21/compute/v2.1/os-hosts/cpu-1 1.934s
2025-02-20 15:06:43.869 63671 INFO tempest.lib.common.rest_client [req-8c1bad52-90a9-439f-bc50-be83181d9f55 req-8c1bad52-90a9-439f-bc50-be83181d9f55 ] Request (ServicesAdminTestJSON:setUpClass): 200 GET http://10.180.1.21/identity/v3/domains?name=Default 0.037s
2025-02-20 15:06:43.906 63689 INFO tempest.lib.common.rest_client [req-258bf987-15a5-410e-99d4-de7bd20fd8eb req-258bf987-15a5-410e-99d4-de7bd20fd8eb ] Request (InstanceUsageAuditLogNegativeTestJSON:tearDownClass): 204 DELETE http://10.180.1.21/identity/v3/projects/a44c66246f094b7eb7466e2abf084aa2 0.123s
2025-02-20 15:06:43.920 63673 INFO tempest.lib.common.rest_client [req-289c70b5-afdd-4362-ab67-6de68906a62d req-289c70b5-afdd-4362-ab67-6de68906a62d ] Request (DeleteServersTestJSON:test_delete_active_server): 200 GET http://10.180.1.21/compute/v2.1/servers/f7641e0e-f7ad-4c83-af28-d86c20d65583 1.452s
2025-02-20 15:06:43.990 63671 INFO tempest.lib.common.rest_client [req-67612d44-db35-4660-b7e9-518ddb7af4c8 req-67612d44-db35-4660-b7e9-518ddb7af4c8 ] Request (ServicesAdminTestJSON:setUpClass): 201 POST http://10.180.1.21/identity/v3/projects 0.120s
2025-02-20 15:06:44.010 63647 INFO tempest.lib.common.rest_client [req-e1ddf640-7b9b-415c-a846-3abfaf0305fc req-e1ddf640-7b9b-415c-a846-3abfaf0305fc ] Request (HostsAdminTestJSON:tearDownClass): 204 DELETE http://10.180.1.21/identity/v3/users/fee3817cab8349c5a6cdcf2454a2d8fe 0.147s
2025-02-20 15:06:44.047 63689 INFO tempest.lib.common.rest_client [req-9695b828-f87a-460a-a1ad-833ce132f0c0 req-9695b828-f87a-460a-a1ad-833ce132f0c0 ] Request (ImagesTestJSON:setUpClass): 201 POST http://10.180.1.21/identity/v3/auth/tokens 0.138s
2025-02-20 15:06:44.078 63671 INFO tempest.lib.common.rest_client [req-7e110665-ee4c-4f36-8a7f-bf355587123d req-7e110665-ee4c-4f36-8a7f-bf355587123d ] Request (ServicesAdminTestJSON:setUpClass): 201 POST http://10.180.1.21/identity/v3/users 0.087s
2025-02-20 15:06:44.115 63647 INFO tempest.lib.common.rest_client [req-d0018a4f-ee23-49b7-abe6-feccd34e9d13 req-d0018a4f-ee23-49b7-abe6-feccd34e9d13 ] Request (HostsAdminTestJSON:tearDownClass): 204 DELETE http://10.180.1.21/identity/v3/users/1a8fefb9eaa84a4c9415f6a7075591af 0.105s
2025-02-20 15:06:44.116 63647 INFO tempest.lib.common.dynamic_creds [-] Deleting project and security group for project: 4ccdd14a8eca40188ce7580caba1cd4a
2025-02-20 15:06:44.144 63689 INFO tempest.lib.common.rest_client [req-df010e5b-4c16-47e2-87a6-dd78d3949ab2 req-df010e5b-4c16-47e2-87a6-dd78d3949ab2 ] Request (ImagesTestJSON:setUpClass): 201 POST http://10.180.1.21/identity/v3/auth/tokens 0.094s
2025-02-20 15:06:44.167 63647 INFO tempest.lib.common.rest_client [req-f94ee088-e4b6-4d9d-ba1a-08cb2d69a6ad req-f94ee088-e4b6-4d9d-ba1a-08cb2d69a6ad ] Request (HostsAdminTestJSON:tearDownClass): 201 POST http://10.180.1.21/identity/v3/auth/tokens 0.051s
2025-02-20 15:06:44.184 63671 INFO tempest.lib.common.rest_client [req-6b613e92-014e-4006-b2f9-5fa72090fe3c req-6b613e92-014e-4006-b2f9-5fa72090fe3c ] Request (ServicesAdminTestJSON:setUpClass): 200 GET http://10.180.1.21/identity/v3/roles 0.105s
2025-02-20 15:06:44.192 63689 INFO tempest.lib.common.rest_client [req-cf8b6641-cbbc-416d-a84d-1dae5aa3a076 req-cf8b6641-cbbc-416d-a84d-1dae5aa3a076 ] Request (ImagesTestJSON:setUpClass): 200 GET http://10.180.1.21/identity/v3/domains?name=Default 0.047s
2025-02-20 15:06:44.219 63671 INFO tempest.lib.common.rest_client [req-41533fe2-af32-4096-8f30-7ea9462a5d94 req-41533fe2-af32-4096-8f30-7ea9462a5d94 ] Request (ServicesAdminTestJSON:setUpClass): 204 PUT http://10.180.1.21/identity/v3/projects/8f8257a1e3d34262924fee550256f293/users/62f23283f28c4b10ad7a203e9cf0567c/roles/6297f0ab2a3a454ca120442ea8ac85a0 0.035s
2025-02-20 15:06:44.219 63671 INFO tempest.lib.common.dynamic_creds [-] Dynamic test user 62f23283f28c4b10ad7a203e9cf0567c is created with scope project and roles: ['member']
2025-02-20 15:06:44.219 63671 INFO tempest.lib.common.dynamic_creds [-] Acquired dynamic creds: credentials: Credentials: {'domain_id': 'default', 'domain_name': 'Default', 'username': 'tempest-ServicesAdminTestJSON-585815320-project-member', 'project_domain_id': 'default', 'project_domain_name': 'Default', 'project_id': '8f8257a1e3d34262924fee550256f293', 'project_name': 'tempest-ServicesAdminTestJSON-585815320', 'tenant_id': '8f8257a1e3d34262924fee550256f293', 'tenant_name': 'tempest-ServicesAdminTestJSON-585815320', 'user_domain_id': 'default', 'user_domain_name': 'Default', 'user_id': '62f23283f28c4b10ad7a203e9cf0567c', 'system': None}, Network: None, Subnet: None, Router: None
2025-02-20 15:06:44.220 63671 INFO tempest.lib.common.dynamic_creds [-] Created isolated network resources for: credentials: Credentials: {'domain_id': 'default', 'domain_name': 'Default', 'username': 'tempest-ServicesAdminTestJSON-585815320-project-member', 'project_domain_id': 'default', 'project_domain_name': 'Default', 'project_id': '8f8257a1e3d34262924fee550256f293', 'project_name': 'tempest-ServicesAdminTestJSON-585815320', 'tenant_id': '8f8257a1e3d34262924fee550256f293', 'tenant_name': 'tempest-ServicesAdminTestJSON-585815320', 'user_domain_id': 'default', 'user_domain_name': 'Default', 'user_id': '62f23283f28c4b10ad7a203e9cf0567c', 'system': None}, Network: None, Subnet: None, Router: None
2025-02-20 15:06:44.287 63689 INFO tempest.lib.common.rest_client [req-dd274e4c-5678-45e7-a1a4-3ad1077cf4fa req-dd274e4c-5678-45e7-a1a4-3ad1077cf4fa ] Request (ImagesTestJSON:setUpClass): 201 POST http://10.180.1.21/identity/v3/projects 0.095s
2025-02-20 15:06:44.321 63663 INFO tempest.lib.common.rest_client [req-4e203188-51ce-462a-a532-f5c288f59314 req-4e203188-51ce-462a-a532-f5c288f59314 ] Request (ServersWithSpecificFlavorTestJSON:test_verify_created_server_ephemeral_disk): 202 POST http://10.180.1.21/compute/v2.1/servers 1.756s
2025-02-20 15:06:44.341 63671 INFO tempest.lib.common.rest_client [req-b6174102-71c3-4126-8fed-dcaf0c840dfd req-b6174102-71c3-4126-8fed-dcaf0c840dfd ] Request (ServicesAdminTestJSON:setUpClass): 201 POST http://10.180.1.21/identity/v3/auth/tokens 0.117s
2025-02-20 15:06:44.353 63689 INFO tempest.lib.common.rest_client [req-bab990fb-d090-4864-b64f-82781516aede req-bab990fb-d090-4864-b64f-82781516aede ] Request (ImagesTestJSON:setUpClass): 201 POST http://10.180.1.21/identity/v3/users 0.065s
2025-02-20 15:06:44.373 63671 INFO tempest.lib.common.rest_client [req-de008119-2edf-499a-82d4-f77ec3a24672 req-de008119-2edf-499a-82d4-f77ec3a24672 ] Request (ServicesAdminTestJSON:setUpClass): 201 POST http://10.180.1.21/identity/v3/projects 0.031s
2025-02-20 15:06:44.376 63689 INFO tempest.lib.common.rest_client [req-75ba8cf7-e234-47eb-ae34-8ebdcb90c7d7 req-75ba8cf7-e234-47eb-ae34-8ebdcb90c7d7 ] Request (ImagesTestJSON:setUpClass): 200 GET http://10.180.1.21/identity/v3/roles 0.022s
2025-02-20 15:06:44.461 63671 INFO tempest.lib.common.rest_client [req-7869f171-acfb-4752-a43a-81f3b6035219 req-7869f171-acfb-4752-a43a-81f3b6035219 ] Request (ServicesAdminTestJSON:setUpClass): 201 POST http://10.180.1.21/identity/v3/users 0.087s
2025-02-20 15:06:44.464 63689 INFO tempest.lib.common.rest_client [req-fb8e9c3b-ad8b-427a-94c6-5e7af911049e req-fb8e9c3b-ad8b-427a-94c6-5e7af911049e ] Request (ImagesTestJSON:setUpClass): 204 PUT http://10.180.1.21/identity/v3/projects/74bc7d25366c47b884cd91a356421585/users/27285d039fc74cb2b8a07000ae5b772f/roles/6297f0ab2a3a454ca120442ea8ac85a0 0.087s
2025-02-20 15:06:44.464 63689 INFO tempest.lib.common.dynamic_creds [-] Dynamic test user 27285d039fc74cb2b8a07000ae5b772f is created with scope project and roles: ['member']
2025-02-20 15:06:44.464 63689 INFO tempest.lib.common.dynamic_creds [-] Acquired dynamic creds: credentials: Credentials: {'domain_id': 'default', 'domain_name': 'Default', 'username': 'tempest-ImagesTestJSON-147423370-project-member', 'project_domain_id': 'default', 'project_domain_name': 'Default', 'project_id': '74bc7d25366c47b884cd91a356421585', 'project_name': 'tempest-ImagesTestJSON-147423370', 'tenant_id': '74bc7d25366c47b884cd91a356421585', 'tenant_name': 'tempest-ImagesTestJSON-147423370', 'user_domain_id': 'default', 'user_domain_name': 'Default', 'user_id': '27285d039fc74cb2b8a07000ae5b772f', 'system': None}, Network: None, Subnet: None, Router: None
2025-02-20 15:06:44.543 63689 INFO tempest.lib.common.rest_client [req-de507f8b-04e6-4ae9-a94c-edce77895fbb req-de507f8b-04e6-4ae9-a94c-edce77895fbb ] Request (ImagesTestJSON:setUpClass): 201 POST http://10.180.1.21/identity/v3/auth/tokens 0.079s
2025-02-20 15:06:44.546 63671 INFO tempest.lib.common.rest_client [req-44b60e68-f452-467f-ba16-67550a5e6c00 req-44b60e68-f452-467f-ba16-67550a5e6c00 ] Request (ServicesAdminTestJSON:setUpClass): 200 GET http://10.180.1.21/identity/v3/roles 0.085s
2025-02-20 15:06:44.563 63647 INFO tempest.lib.common.rest_client [req-caeffe16-bd2b-44f4-aab0-aaabb43c93e1 req-caeffe16-bd2b-44f4-aab0-aaabb43c93e1 ] Request (HostsAdminTestJSON:tearDownClass): 200 GET http://10.180.1.21:9696/networking/v2.0/security-groups?tenant_id=4ccdd14a8eca40188ce7580caba1cd4a&name=default 0.396s
2025-02-20 15:06:44.581 63671 INFO tempest.lib.common.rest_client [req-83b6930d-d91b-4020-b297-5ba69f18b5bb req-83b6930d-d91b-4020-b297-5ba69f18b5bb ] Request (ServicesAdminTestJSON:setUpClass): 204 PUT http://10.180.1.21/identity/v3/projects/5bbb31f84b554d4f83b0cce8ec865cdf/users/ac28f7ffc0f344f8ad42f13cd2932b2c/roles/9867ee18a78c4bd1948d383b80f71d95 0.034s
2025-02-20 15:06:44.635 63671 INFO tempest.lib.common.rest_client [req-371aad3c-14a4-4fa0-ad87-770d6dd6b1bd req-371aad3c-14a4-4fa0-ad87-770d6dd6b1bd ] Request (ServicesAdminTestJSON:setUpClass): 200 GET http://10.180.1.21/identity/v3/roles 0.053s
2025-02-20 15:06:44.655 63671 INFO tempest.lib.common.rest_client [req-ca71adcf-cb1a-4d11-b8ee-18983c64bfbc req-ca71adcf-cb1a-4d11-b8ee-18983c64bfbc ] Request (ServicesAdminTestJSON:setUpClass): 204 PUT http://10.180.1.21/identity/v3/projects/5bbb31f84b554d4f83b0cce8ec865cdf/users/ac28f7ffc0f344f8ad42f13cd2932b2c/roles/9867ee18a78c4bd1948d383b80f71d95 0.019s
2025-02-20 15:06:44.656 63671 INFO tempest.lib.common.dynamic_creds [-] Dynamic test user ac28f7ffc0f344f8ad42f13cd2932b2c is created with scope project and roles: ['admin']
2025-02-20 15:06:44.656 63671 INFO tempest.lib.common.dynamic_creds [-] Acquired dynamic creds: credentials: Credentials: {'domain_id': 'default', 'domain_name': 'Default', 'username': 'tempest-ServicesAdminTestJSON-2018901249-project-admin', 'project_domain_id': 'default', 'project_domain_name': 'Default', 'project_id': '5bbb31f84b554d4f83b0cce8ec865cdf', 'project_name': 'tempest-ServicesAdminTestJSON-2018901249', 'tenant_id': '5bbb31f84b554d4f83b0cce8ec865cdf', 'tenant_name': 'tempest-ServicesAdminTestJSON-2018901249', 'user_domain_id': 'default', 'user_domain_name': 'Default', 'user_id': 'ac28f7ffc0f344f8ad42f13cd2932b2c', 'system': None}, Network: None, Subnet: None, Router: None
2025-02-20 15:06:44.656 63671 INFO tempest.lib.common.dynamic_creds [-] Created isolated network resources for: credentials: Credentials: {'domain_id': 'default', 'domain_name': 'Default', 'username': 'tempest-ServicesAdminTestJSON-2018901249-project-admin', 'project_domain_id': 'default', 'project_domain_name': 'Default', 'project_id': '5bbb31f84b554d4f83b0cce8ec865cdf', 'project_name': 'tempest-ServicesAdminTestJSON-2018901249', 'tenant_id': '5bbb31f84b554d4f83b0cce8ec865cdf', 'tenant_name': 'tempest-ServicesAdminTestJSON-2018901249', 'user_domain_id': 'default', 'user_domain_name': 'Default', 'user_id': 'ac28f7ffc0f344f8ad42f13cd2932b2c', 'system': None}, Network: None, Subnet: None, Router: None
2025-02-20 15:06:44.758 63671 INFO tempest.lib.common.rest_client [req-2b9011a5-6414-4fff-8ff5-b15f75ed3cee req-2b9011a5-6414-4fff-8ff5-b15f75ed3cee ] Request (ServicesAdminTestJSON:setUpClass): 201 POST http://10.180.1.21/identity/v3/auth/tokens 0.096s
2025-02-20 15:06:44.775 63688 INFO tempest.lib.common.rest_client [req-c091db57-f232-43ff-8db8-20dd83a18b2b req-c091db57-f232-43ff-8db8-20dd83a18b2b ] Request (ServerActionsTestOtherA:setUpClass): 202 POST http://10.180.1.21/compute/v2.1/servers 2.382s
2025-02-20 15:06:44.895 63647 INFO tempest.lib.common.rest_client [req-6d7f8cf4-baff-4f7f-94f0-c56f8d52221e req-6d7f8cf4-baff-4f7f-94f0-c56f8d52221e ] Request (HostsAdminTestJSON:tearDownClass): 204 DELETE http://10.180.1.21:9696/networking/v2.0/security-groups/3b301202-46e9-46ff-8309-4616c2524cef 0.331s
2025-02-20 15:06:45.029 63681 INFO tempest.lib.common.rest_client [req-e910cfc5-e006-4d7e-97c7-f839834cc7d5 req-e910cfc5-e006-4d7e-97c7-f839834cc7d5 ] Request (FloatingIPDetailsTestJSON:tearDownClass): 202 DELETE http://10.180.1.21/compute/v2.1/os-floating-ips/3b324b32-520f-4c11-895f-19e102b7bf30 2.218s
2025-02-20 15:06:45.030 63651 INFO tempest.lib.common.rest_client [req-c6f2fc25-4b67-4375-8a0b-a66250420a95 req-c6f2fc25-4b67-4375-8a0b-a66250420a95 ] Request (DeleteServersAdminTestJSON:test_admin_delete_servers_of_others): 200 GET http://10.180.1.21/compute/v2.1/servers/86c5a0f3-a14d-4a20-b09f-21ae76715a2d 2.130s
2025-02-20 15:06:45.043 63651 INFO tempest.common.waiters [-] State transition "BUILD/spawning" ==> "ACTIVE/None" after 23 second wait
2025-02-20 15:06:45.044 63627 INFO tempest.lib.common.rest_client [req-5ea31b95-2de2-4a2c-8161-a3b71b9da538 req-5ea31b95-2de2-4a2c-8161-a3b71b9da538 ] Request (HostsAdminNegativeTestJSON:test_update_host_without_param): 400 PUT http://10.180.1.21/compute/v2.1/os-hosts/devstack 2.082s
2025-02-20 15:06:45.064 63669 INFO tempest.lib.common.rest_client [req-a0b1ef00-a0b5-41df-ae5a-5f8af5ddc6ec req-a0b1ef00-a0b5-41df-ae5a-5f8af5ddc6ec ] Request (ImagesDeleteNegativeTestJSON:test_delete_non_existent_image): 404 DELETE http://10.180.1.21/compute/v2.1/images/f6d10926-54c0-4863-b2d1-3271ea4bb700 2.073s
2025-02-20 15:06:45.085 63647 INFO tempest.lib.common.rest_client [req-6ef0c301-11eb-477a-8300-c72d7037fba9 req-6ef0c301-11eb-477a-8300-c72d7037fba9 ] Request (HostsAdminTestJSON:tearDownClass): 204 DELETE http://10.180.1.21/identity/v3/projects/4ccdd14a8eca40188ce7580caba1cd4a 0.189s
2025-02-20 15:06:45.085 63647 INFO tempest.lib.common.dynamic_creds [-] Deleting project and security group for project: 2470ff3f63aa490e8d197d07225c3957
2025-02-20 15:06:45.172 63689 INFO tempest.lib.common.rest_client [req-0730b48f-e3c9-4aa6-b8a7-9ed76e1bbd7a req-0730b48f-e3c9-4aa6-b8a7-9ed76e1bbd7a ] Request (ImagesTestJSON:setUpClass): 201 POST http://10.180.1.21:9696/networking/v2.0/networks 0.628s
2025-02-20 15:06:45.213 63669 INFO tempest.lib.common.rest_client [req-196638f8-5546-41d4-8b7c-552f64c9c620 req-196638f8-5546-41d4-8b7c-552f64c9c620 ] Request (ImagesDeleteNegativeTestJSON:tearDownClass): 204 DELETE http://10.180.1.21/identity/v3/users/35bf042c3acb42c8bd773a1bf33a5675 0.147s
2025-02-20 15:06:45.213 63669 INFO tempest.lib.common.dynamic_creds [-] Deleting project and security group for project: 0124c2b1717d4ea59dbe1d28a9a2e1f7
2025-02-20 15:06:45.227 63679 INFO tempest.lib.common.rest_client [req-bf2b725d-202f-4492-bbcd-c8a77cbb22b6 req-bf2b725d-202f-4492-bbcd-c8a77cbb22b6 ] Request (QuotasAdminNegativeTest:_run_cleanups): 200 PUT http://10.180.1.21/compute/v2.1/os-quota-sets/f3864d8f81e646cfa4a82668a6c91928 2.279s
2025-02-20 15:06:45.250 63647 INFO tempest.lib.common.rest_client [req-51f38d92-acbf-41d8-92e0-65d6edf1955a req-51f38d92-acbf-41d8-92e0-65d6edf1955a ] Request (HostsAdminTestJSON:tearDownClass): 200 GET http://10.180.1.21:9696/networking/v2.0/security-groups?tenant_id=2470ff3f63aa490e8d197d07225c3957&name=default 0.165s
2025-02-20 15:06:45.253 63661 INFO tempest.lib.common.rest_client [req-d31d8a96-a63c-4b32-82fa-8b2ad2823405 req-d31d8a96-a63c-4b32-82fa-8b2ad2823405 ] Request (ImagesNegativeTestJSON:test_create_image_from_deleted_server): 200 GET http://10.180.1.21/compute/v2.1/servers/e9accedf-e703-438e-b9ca-e8051ff062c0 2.158s
2025-02-20 15:06:45.296 63669 INFO tempest.lib.common.rest_client [req-793aadae-4b0f-469d-aae6-58c0de56a079 req-793aadae-4b0f-469d-aae6-58c0de56a079 ] Request (ImagesDeleteNegativeTestJSON:tearDownClass): 201 POST http://10.180.1.21/identity/v3/auth/tokens 0.082s
2025-02-20 15:06:45.369 63643 INFO tempest.lib.common.rest_client [req-e206a610-0739-44a0-b531-baed51814246 req-e206a610-0739-44a0-b531-baed51814246 ] Request (ServersTestBootFromVolume:setUpClass): 200 POST http://10.180.1.21/compute/v2.1/os-keypairs 2.166s
2025-02-20 15:06:45.392 63677 INFO tempest.lib.common.rest_client [req-bb44e7af-1547-4516-b0e8-b52d0be4cf20 req-bb44e7af-1547-4516-b0e8-b52d0be4cf20 ] Request (KeyPairsV22TestJSON:_run_cleanups): 204 DELETE http://10.180.1.21/compute/v2.1/os-keypairs/tempest-keypair-1294327738 2.031s
2025-02-20 15:06:45.400 63685 INFO tempest.lib.common.rest_client [req-f49c3a61-733b-4702-941c-c59b5de5af52 req-f49c3a61-733b-4702-941c-c59b5de5af52 ] Request (QuotasAdminTestJSON:test_delete_quota): 200 GET http://10.180.1.21/compute/v2.1/os-quota-sets/e6fb2b6fb33a496cb69637a53dc17d68 2.045s
2025-02-20 15:06:45.419 63647 INFO tempest.lib.common.rest_client [req-f5cea1be-cad8-43f4-8d25-8b64ae7f690f req-f5cea1be-cad8-43f4-8d25-8b64ae7f690f ] Request (HostsAdminTestJSON:tearDownClass): 204 DELETE http://10.180.1.21:9696/networking/v2.0/security-groups/6bcfd033-ac3c-43c4-abd6-17dacb6c2665 0.169s
2025-02-20 15:06:45.485 63685 INFO tempest.lib.common.rest_client [req-d93f8bb4-b447-466c-9f67-e68447910465 req-d93f8bb4-b447-466c-9f67-e68447910465 ] Request (QuotasAdminTestJSON:_run_cleanups): 204 DELETE http://10.180.1.21/identity/v3/projects/e6fb2b6fb33a496cb69637a53dc17d68 0.082s
2025-02-20 15:06:45.541 63643 INFO tempest.lib.common.rest_client [req-dfff11fc-9ea6-48f5-96b3-4b4976599885 req-dfff11fc-9ea6-48f5-96b3-4b4976599885 ] Request (ServersTestBootFromVolume:setUpClass): 201 POST http://10.180.1.21:9696/networking/v2.0/security-groups 0.170s
2025-02-20 15:06:45.560 63689 INFO tempest.lib.common.rest_client [req-d3045c8f-d83c-4491-9e98-b8867be5ba0d req-d3045c8f-d83c-4491-9e98-b8867be5ba0d ] Request (ImagesTestJSON:setUpClass): 201 POST http://10.180.1.21:9696/networking/v2.0/subnets 0.388s
2025-02-20 15:06:45.601 63647 INFO tempest.lib.common.rest_client [req-1743b03d-d3bb-4dbb-83ac-1fa7bda41a7d req-1743b03d-d3bb-4dbb-83ac-1fa7bda41a7d ] Request (HostsAdminTestJSON:tearDownClass): 204 DELETE http://10.180.1.21/identity/v3/projects/2470ff3f63aa490e8d197d07225c3957 0.182s
2025-02-20 15:06:45.611 63669 INFO tempest.lib.common.rest_client [req-b9b9ea6c-7f53-433b-aeb8-a2577602e726 req-b9b9ea6c-7f53-433b-aeb8-a2577602e726 ] Request (ImagesDeleteNegativeTestJSON:tearDownClass): 200 GET http://10.180.1.21:9696/networking/v2.0/security-groups?tenant_id=0124c2b1717d4ea59dbe1d28a9a2e1f7&name=default 0.315s
2025-02-20 15:06:45.633 63655 INFO tempest.lib.common.rest_client [req-0de1e299-c964-40f8-aab4-5fcf236527fb req-0de1e299-c964-40f8-aab4-5fcf236527fb ] Request (ServerPasswordTestJSON:setUpClass): 200 GET http://10.180.1.21/compute/v2.1/servers/f454a4c2-3812-4923-9f20-3e97d021b449 2.219s
2025-02-20 15:06:45.647 63654 INFO tempest.lib.common.rest_client [req-e340208d-1039-45a4-b721-ea8457f9b763 req-e340208d-1039-45a4-b721-ea8457f9b763 ] Request (FlavorsAdminTestJSON:test_create_list_flavor_without_extra_data): 200 GET http://10.180.1.21/compute/v2.1/flavors/1752788325 1.921s
2025-02-20 15:06:45.689 63647 INFO tempest.lib.common.rest_client [req-2a33c37a-5aeb-4654-a76a-86a70a7328d2 req-2a33c37a-5aeb-4654-a76a-86a70a7328d2 ] Request (ImagesOneServerNegativeTestJSON:setUpClass): 201 POST http://10.180.1.21/identity/v3/auth/tokens 0.086s
2025-02-20 15:06:45.726 63647 INFO tempest.lib.common.rest_client [req-69018a88-77a0-4b04-9624-91b2e5d81ba4 req-69018a88-77a0-4b04-9624-91b2e5d81ba4 ] Request (ImagesOneServerNegativeTestJSON:setUpClass): 201 POST http://10.180.1.21/identity/v3/auth/tokens 0.035s
2025-02-20 15:06:45.756 63647 INFO tempest.lib.common.rest_client [req-18866407-9aa0-4b86-b683-0a7797ea4ad6 req-18866407-9aa0-4b86-b683-0a7797ea4ad6 ] Request (ImagesOneServerNegativeTestJSON:setUpClass): 200 GET http://10.180.1.21/identity/v3/domains?name=Default 0.029s
2025-02-20 15:06:45.796 63647 INFO tempest.lib.common.rest_client [req-b03f2a7e-adc4-4b02-9470-3f83e297f6fe req-b03f2a7e-adc4-4b02-9470-3f83e297f6fe ] Request (ImagesOneServerNegativeTestJSON:setUpClass): 201 POST http://10.180.1.21/identity/v3/projects 0.039s
2025-02-20 15:06:45.861 63647 INFO tempest.lib.common.rest_client [req-2b257f29-45f1-4d14-8443-8c4e091ad52e req-2b257f29-45f1-4d14-8443-8c4e091ad52e ] Request (ImagesOneServerNegativeTestJSON:setUpClass): 201 POST http://10.180.1.21/identity/v3/users 0.065s
2025-02-20 15:06:45.865 63637 INFO tempest.lib.common.rest_client [req-95661f39-fa35-4c16-a538-4ba94749d84d req-95661f39-fa35-4c16-a538-4ba94749d84d ] Request (ImagesOneServerTestJSON:setUpClass): 202 POST http://10.180.1.21/compute/v2.1/servers 2.340s
2025-02-20 15:06:45.882 63643 INFO tempest.lib.common.rest_client [req-32ed5ac7-947c-4add-8407-27b2c9cfa64a req-32ed5ac7-947c-4add-8407-27b2c9cfa64a ] Request (ServersTestBootFromVolume:setUpClass): 201 POST http://10.180.1.21:9696/networking/v2.0/security-group-rules 0.340s
2025-02-20 15:06:45.884 63645 INFO tempest.lib.common.rest_client [req-00c0142b-05c2-4260-9147-b93b139f987e req-00c0142b-05c2-4260-9147-b93b139f987e ] Request (FlavorsV2TestJSON:test_list_flavors_using_marker): 200 GET http://10.180.1.21/compute/v2.1/flavors/42 2.135s
2025-02-20 15:06:45.887 63647 INFO tempest.lib.common.rest_client [req-9631d0c5-8dd7-44b9-8d80-fccf88cb4d5f req-9631d0c5-8dd7-44b9-8d80-fccf88cb4d5f ] Request (ImagesOneServerNegativeTestJSON:setUpClass): 200 GET http://10.180.1.21/identity/v3/roles 0.026s
2025-02-20 15:06:45.909 63631 INFO tempest.lib.common.rest_client [req-5037e253-87ac-49cf-bbcf-f8797b6117e6 req-5037e253-87ac-49cf-bbcf-f8797b6117e6 ] Request (FlavorsExtraSpecsTestJSON:tearDownClass): 200 GET http://10.180.1.21/compute/v2.1/flavors/detail 2.158s
2025-02-20 15:06:45.919 63669 INFO tempest.lib.common.rest_client [req-b141f6e1-e3a4-49ee-918f-e2e2d977eaad req-b141f6e1-e3a4-49ee-918f-e2e2d977eaad ] Request (ImagesDeleteNegativeTestJSON:tearDownClass): 204 DELETE http://10.180.1.21:9696/networking/v2.0/security-groups/8200e486-00e4-463f-b416-d7cf71c7ea47 0.307s
2025-02-20 15:06:45.924 63647 INFO tempest.lib.common.rest_client [req-81473d63-bccc-4a8c-bfe6-1c98f19fe56b req-81473d63-bccc-4a8c-bfe6-1c98f19fe56b ] Request (ImagesOneServerNegativeTestJSON:setUpClass): 204 PUT http://10.180.1.21/identity/v3/projects/4082fae696c74e7f8fecf092924cff6b/users/65f403aa478343daa213d70b1d062979/roles/6297f0ab2a3a454ca120442ea8ac85a0 0.036s
2025-02-20 15:06:45.925 63647 INFO tempest.lib.common.dynamic_creds [-] Dynamic test user 65f403aa478343daa213d70b1d062979 is created with scope project and roles: ['member']
2025-02-20 15:06:45.925 63647 INFO tempest.lib.common.dynamic_creds [-] Acquired dynamic creds: credentials: Credentials: {'domain_id': 'default', 'domain_name': 'Default', 'username': 'tempest-ImagesOneServerNegativeTestJSON-506937236-project-member', 'project_domain_id': 'default', 'project_domain_name': 'Default', 'project_id': '4082fae696c74e7f8fecf092924cff6b', 'project_name': 'tempest-ImagesOneServerNegativeTestJSON-506937236', 'tenant_id': '4082fae696c74e7f8fecf092924cff6b', 'tenant_name': 'tempest-ImagesOneServerNegativeTestJSON-506937236', 'user_domain_id': 'default', 'user_domain_name': 'Default', 'user_id': '65f403aa478343daa213d70b1d062979', 'system': None}, Network: None, Subnet: None, Router: None
2025-02-20 15:06:45.961 63635 INFO tempest.lib.common.rest_client [req-109e724a-bcef-42af-81af-4985dc724006 req-109e724a-bcef-42af-81af-4985dc724006 ] Request (ListImageFiltersTestJSON:setUpClass): 200 GET http://10.180.1.21/compute/v2.1/images/d01cd1d7-8563-4f08-9cab-567aceb54ae1 2.153s
2025-02-20 15:06:45.970 63649 INFO tempest.lib.common.rest_client [req-cb6a01b8-0538-4ce2-bdde-4e7a2f6a19bd req-cb6a01b8-0538-4ce2-bdde-4e7a2f6a19bd ] Request (AggregatesAdminNegativeTestJSON:test_aggregate_create_aggregate_name_length_less_than_1): 400 POST http://10.180.1.21/compute/v2.1/os-aggregates 2.133s
2025-02-20 15:06:46.024 63631 INFO tempest.lib.common.rest_client [req-165eadaf-4b78-42da-b75d-4fbe9c2e2a78 req-165eadaf-4b78-42da-b75d-4fbe9c2e2a78 ] Request (FlavorsExtraSpecsTestJSON:tearDownClass): 204 DELETE http://10.180.1.21/identity/v3/users/2f7e651a09d84778b691d68bcc69785b 0.110s
2025-02-20 15:06:46.050 63669 INFO tempest.lib.common.rest_client [req-f9590c8d-9d6a-4855-903e-f890141866c4 req-f9590c8d-9d6a-4855-903e-f890141866c4 ] Request (ImagesDeleteNegativeTestJSON:tearDownClass): 204 DELETE http://10.180.1.21/identity/v3/projects/0124c2b1717d4ea59dbe1d28a9a2e1f7 0.130s
2025-02-20 15:06:46.067 63641 INFO tempest.lib.common.rest_client [req-b4309db8-ccc8-49e6-a729-ff04a7f78430 req-b4309db8-ccc8-49e6-a729-ff04a7f78430 ] Request (ServerDiagnosticsTest:tearDownClass): 200 GET http://10.180.1.21/compute/v2.1/servers/36c70e59-f58f-4ae3-bd59-9588865391d8 2.335s
2025-02-20 15:06:46.079 63647 INFO tempest.lib.common.rest_client [req-de517790-ac34-4247-a185-e2500dd54f34 req-de517790-ac34-4247-a185-e2500dd54f34 ] Request (ImagesOneServerNegativeTestJSON:setUpClass): 201 POST http://10.180.1.21/identity/v3/auth/tokens 0.153s
2025-02-20 15:06:46.107 63667 INFO tempest.lib.common.rest_client [req-cafb3dde-1f51-4fc2-8980-5270509e277c req-cafb3dde-1f51-4fc2-8980-5270509e277c ] Request (ServerExternalEventsTest:test_create_server_external_events): 200 GET http://10.180.1.21/compute/v2.1/servers/9cdd1898-b712-49fd-8e0f-83607a848fca 1.858s
2025-02-20 15:06:46.141 63631 INFO tempest.lib.common.rest_client [req-de2479bc-6178-4c22-ad31-ff5acc8fb049 req-de2479bc-6178-4c22-ad31-ff5acc8fb049 ] Request (FlavorsExtraSpecsTestJSON:tearDownClass): 204 DELETE http://10.180.1.21/identity/v3/users/05f39639d832408e8b5939649e6d9362 0.116s
2025-02-20 15:06:46.141 63631 INFO tempest.lib.common.dynamic_creds [-] Deleting project and security group for project: 6d7cf314dc6e4e62936497c6f33bcc6a
2025-02-20 15:06:46.164 63665 INFO tempest.lib.common.rest_client [req-212082d0-b945-418e-aaa3-286d83c34c2a req-212082d0-b945-418e-aaa3-286d83c34c2a ] Request (InstanceActionsNegativeTestJSON:setUpClass): 200 GET http://10.180.1.21/compute/v2.1/servers/a81d331d-a372-4b75-adea-cd324d89174f 1.863s
2025-02-20 15:06:46.177 63663 INFO tempest.lib.common.rest_client [req-dfe3b389-1378-4b33-a3f8-b1b6720681b1 req-dfe3b389-1378-4b33-a3f8-b1b6720681b1 ] Request (ServersWithSpecificFlavorTestJSON:test_verify_created_server_ephemeral_disk): 200 GET http://10.180.1.21/compute/v2.1/servers/753eb1b2-d48c-4d4b-8f31-d0f395991028 1.854s
2025-02-20 15:06:46.183 63669 INFO tempest.lib.common.rest_client [req-11312912-07cf-44bf-8047-6ac56fe9e98b req-11312912-07cf-44bf-8047-6ac56fe9e98b ] Request (AttachInterfacesV270Test:setUpClass): 201 POST http://10.180.1.21/identity/v3/auth/tokens 0.131s
2025-02-20 15:06:46.231 63643 INFO tempest.lib.common.rest_client [req-31ffcc3d-1dd8-4814-957e-913806c81522 req-31ffcc3d-1dd8-4814-957e-913806c81522 ] Request (ServersTestBootFromVolume:setUpClass): 201 POST http://10.180.1.21:9696/networking/v2.0/security-group-rules 0.347s
2025-02-20 15:06:46.242 63631 INFO tempest.lib.common.rest_client [req-5e81b34d-40d0-4275-9277-f7835b6fcd35 req-5e81b34d-40d0-4275-9277-f7835b6fcd35 ] Request (FlavorsExtraSpecsTestJSON:tearDownClass): 201 POST http://10.180.1.21/identity/v3/auth/tokens 0.101s
2025-02-20 15:06:46.253 63683 INFO tempest.lib.common.rest_client [req-20d26a0f-6995-4e75-8ed7-e90973325c9d req-20d26a0f-6995-4e75-8ed7-e90973325c9d ] Request (ServerDiagnosticsNegativeTest:test_get_server_diagnostics_by_non_admin): 200 GET http://10.180.1.21/compute/v2.1/servers/4e8b8b40-13fe-4874-9bec-63a68c599091 1.899s
2025-02-20 15:06:46.265 63669 INFO tempest.lib.common.rest_client [req-2a6995e2-cc34-4e66-a609-8a3c6138cccf req-2a6995e2-cc34-4e66-a609-8a3c6138cccf ] Request (AttachInterfacesV270Test:setUpClass): 201 POST http://10.180.1.21/identity/v3/auth/tokens 0.078s
2025-02-20 15:06:46.265 63683 INFO tempest.common.waiters [-] State transition "BUILD/scheduling" ==> "BUILD/None" after 7 second wait
2025-02-20 15:06:46.308 63669 INFO tempest.lib.common.rest_client [req-383080f5-d817-4ff3-8790-c89996232fe6 req-383080f5-d817-4ff3-8790-c89996232fe6 ] Request (AttachInterfacesV270Test:setUpClass): 200 GET http://10.180.1.21/identity/v3/domains?name=Default 0.042s
2025-02-20 15:06:46.339 63669 INFO tempest.lib.common.rest_client [req-3f276630-8f27-4ed8-a4a3-8b4da7b4f420 req-3f276630-8f27-4ed8-a4a3-8b4da7b4f420 ] Request (AttachInterfacesV270Test:setUpClass): 201 POST http://10.180.1.21/identity/v3/projects 0.030s
2025-02-20 15:06:46.404 63669 INFO tempest.lib.common.rest_client [req-d8f78225-f5a5-4cc9-94ad-6428d09f1ae0 req-d8f78225-f5a5-4cc9-94ad-6428d09f1ae0 ] Request (AttachInterfacesV270Test:setUpClass): 201 POST http://10.180.1.21/identity/v3/users 0.064s
2025-02-20 15:06:46.431 63635 INFO tempest.lib.common.rest_client [req-0d8150b0-6377-4936-bdf6-2d9a03e1c7ed req-0d8150b0-6377-4936-bdf6-2d9a03e1c7ed ] Request (ListImageFiltersTestJSON:setUpClass): 201 POST http://10.180.1.21/image/v2/images 0.462s
2025-02-20 15:06:46.438 63669 INFO tempest.lib.common.rest_client [req-e2cadd6a-583e-4693-a57e-d674d3588e00 req-e2cadd6a-583e-4693-a57e-d674d3588e00 ] Request (AttachInterfacesV270Test:setUpClass): 200 GET http://10.180.1.21/identity/v3/roles 0.034s
2025-02-20 15:06:46.453 63633 INFO tempest.lib.common.rest_client [req-b59d3721-cd32-4c76-8807-e94fded540ef req-b59d3721-cd32-4c76-8807-e94fded540ef ] Request (ListServersNegativeTestJSON:setUpClass): 200 GET http://10.180.1.21/compute/v2.1/servers/978dbc54-2c4e-45ec-8a0f-59c3f2409e59 2.100s
2025-02-20 15:06:46.465 63633 INFO tempest.common.waiters [-] State transition "BUILD/networking" ==> "BUILD/spawning" after 10 second wait
2025-02-20 15:06:46.488 63669 INFO tempest.lib.common.rest_client [req-9c58f7a0-7abb-403e-836c-d42571851605 req-9c58f7a0-7abb-403e-836c-d42571851605 ] Request (AttachInterfacesV270Test:setUpClass): 204 PUT http://10.180.1.21/identity/v3/projects/40e95f97ed9446928289630f50e8b589/users/3bed209bacd843f99d4834d7d2f13cd9/roles/6297f0ab2a3a454ca120442ea8ac85a0 0.049s
2025-02-20 15:06:46.489 63669 INFO tempest.lib.common.dynamic_creds [-] Dynamic test user 3bed209bacd843f99d4834d7d2f13cd9 is created with scope project and roles: ['member']
2025-02-20 15:06:46.489 63669 INFO tempest.lib.common.dynamic_creds [-] Acquired dynamic creds: credentials: Credentials: {'domain_id': 'default', 'domain_name': 'Default', 'username': 'tempest-AttachInterfacesV270Test-466530699-project-member', 'project_domain_id': 'default', 'project_domain_name': 'Default', 'project_id': '40e95f97ed9446928289630f50e8b589', 'project_name': 'tempest-AttachInterfacesV270Test-466530699', 'tenant_id': '40e95f97ed9446928289630f50e8b589', 'tenant_name': 'tempest-AttachInterfacesV270Test-466530699', 'user_domain_id': 'default', 'user_domain_name': 'Default', 'user_id': '3bed209bacd843f99d4834d7d2f13cd9', 'system': None}, Network: None, Subnet: None, Router: None
2025-02-20 15:06:46.518 63629 INFO tempest.lib.common.rest_client [req-99ab6ad4-e446-4c90-bb65-b7564c044909 req-99ab6ad4-e446-4c90-bb65-b7564c044909 ] Request (ServersAdminTestJSON:setUpClass): 200 GET http://10.180.1.21/compute/v2.1/servers/64ede278-e96e-485e-8a84-f2701d95aec3 1.890s
2025-02-20 15:06:46.573 63669 INFO tempest.lib.common.rest_client [req-6e303894-c455-4d58-bc3f-9ca96e96ac90 req-6e303894-c455-4d58-bc3f-9ca96e96ac90 ] Request (AttachInterfacesV270Test:setUpClass): 201 POST http://10.180.1.21/identity/v3/auth/tokens 0.083s
2025-02-20 15:06:46.620 63675 INFO tempest.lib.common.rest_client [req-41152639-2781-44ce-9018-d372f6157652 req-41152639-2781-44ce-9018-d372f6157652 ] Request (ServersTestFqdnHostnames:test_create_server_with_fqdn_name): 200 GET http://10.180.1.21/compute/v2.1/servers/78ccd719-ff4f-44fb-a789-3ed60b862ffb 1.920s
2025-02-20 15:06:46.653 63631 INFO tempest.lib.common.rest_client [req-172d5d1c-c9b4-4f26-88ef-68814d49d146 req-172d5d1c-c9b4-4f26-88ef-68814d49d146 ] Request (FlavorsExtraSpecsTestJSON:tearDownClass): 200 GET http://10.180.1.21:9696/networking/v2.0/security-groups?tenant_id=6d7cf314dc6e4e62936497c6f33bcc6a&name=default 0.410s
2025-02-20 15:06:46.722 63657 INFO tempest.lib.common.rest_client [req-60d9e2a8-fb08-4e5a-83ea-457ef715969b req-60d9e2a8-fb08-4e5a-83ea-457ef715969b ] Request (ServersAdminNegativeTestJSON:setUpClass): 200 GET http://10.180.1.21/compute/v2.1/servers/82b4b4cf-1a0b-45a5-accc-174b16151b7b 2.087s
2025-02-20 15:06:46.761 63671 INFO tempest.lib.common.rest_client [req-a1c9c94c-0fdd-4b21-8762-e5125f9008a4 req-a1c9c94c-0fdd-4b21-8762-e5125f9008a4 ] Request (ServicesAdminTestJSON:test_get_service_by_host_name): 200 GET http://10.180.1.21/compute/v2.1/os-services 2.001s
2025-02-20 15:06:46.834 63659 INFO tempest.lib.common.rest_client [req-50dc2b94-8dde-46c6-a5b3-3869a75542e4 req-50dc2b94-8dde-46c6-a5b3-3869a75542e4 ] Request (VolumesAssistedSnapshotsTest:test_volume_assisted_snapshot_create_delete): 200 GET http://10.180.1.21/compute/v2.1/servers/3481b312-c716-41b4-a9f4-8992ce7fc1fc 1.994s
2025-02-20 15:06:46.834 63688 INFO tempest.lib.common.rest_client [req-5ce8cc3f-2ee9-41d7-8fae-aa9eee5a5c88 req-5ce8cc3f-2ee9-41d7-8fae-aa9eee5a5c88 ] Request (ServerActionsTestOtherA:setUpClass): 200 GET http://10.180.1.21/compute/v2.1/servers/4d6d05e5-ba16-49ba-8c3c-4888bf3a63b8 2.057s
2025-02-20 15:06:46.873 63631 INFO tempest.lib.common.rest_client [req-d5cfa747-addb-47d1-928b-3e4ce2987fd2 req-d5cfa747-addb-47d1-928b-3e4ce2987fd2 ] Request (FlavorsExtraSpecsTestJSON:tearDownClass): 204 DELETE http://10.180.1.21:9696/networking/v2.0/security-groups/8fc5ca4d-7fd9-4c8e-8f08-eb6c2e1ba98b 0.220s
2025-02-20 15:06:46.909 63673 INFO tempest.lib.common.rest_client [req-4d7b9628-3be8-4a26-b9af-baac129a435c req-4d7b9628-3be8-4a26-b9af-baac129a435c ] Request (DeleteServersTestJSON:test_delete_active_server): 200 GET http://10.180.1.21/compute/v2.1/servers/f7641e0e-f7ad-4c83-af28-d86c20d65583 1.975s
2025-02-20 15:06:46.942 63631 INFO tempest.lib.common.rest_client [req-41b30bf7-7614-4f94-a1c0-f53305c38368 req-41b30bf7-7614-4f94-a1c0-f53305c38368 ] Request (FlavorsExtraSpecsTestJSON:tearDownClass): 204 DELETE http://10.180.1.21/identity/v3/projects/6d7cf314dc6e4e62936497c6f33bcc6a 0.068s
2025-02-20 15:06:46.942 63631 INFO tempest.lib.common.dynamic_creds [-] Deleting project and security group for project: e3ef2b66567f4f119b23126312ee4a11
2025-02-20 15:06:46.975 63647 INFO tempest.lib.common.rest_client [req-b363068d-56b6-4d00-8f17-4810cf0c1867 req-b363068d-56b6-4d00-8f17-4810cf0c1867 ] Request (ImagesOneServerNegativeTestJSON:setUpClass): 201 POST http://10.180.1.21:9696/networking/v2.0/networks 0.896s
2025-02-20 15:06:47.114 63631 INFO tempest.lib.common.rest_client [req-0e807249-b0f7-439a-b58d-534f425bb671 req-0e807249-b0f7-439a-b58d-534f425bb671 ] Request (FlavorsExtraSpecsTestJSON:tearDownClass): 200 GET http://10.180.1.21:9696/networking/v2.0/security-groups?tenant_id=e3ef2b66567f4f119b23126312ee4a11&name=default 0.172s
2025-02-20 15:06:47.133 63651 INFO tempest.lib.common.rest_client [req-963a8cfe-4301-4002-8be2-f19c05612cbc req-963a8cfe-4301-4002-8be2-f19c05612cbc ] Request (DeleteServersAdminTestJSON:test_admin_delete_servers_of_others): 204 DELETE http://10.180.1.21/compute/v2.1/servers/86c5a0f3-a14d-4a20-b09f-21ae76715a2d 2.087s
2025-02-20 15:06:47.146 63627 INFO tempest.lib.common.rest_client [req-39c03eb2-7eb0-464c-b523-55f1986b25b9 req-39c03eb2-7eb0-464c-b523-55f1986b25b9 ] Request (HostsAdminNegativeTestJSON:test_update_nonexistent_host): 404 PUT http://10.180.1.21/compute/v2.1/os-hosts/nonexistent_hostname 2.101s
2025-02-20 15:06:47.153 63679 INFO tempest.lib.common.rest_client [req-7d852e9e-28ef-4f13-976c-e24a9eebc943 req-7d852e9e-28ef-4f13-976c-e24a9eebc943 ] Request (QuotasAdminNegativeTest:test_update_quota_normal_user): 403 PUT http://10.180.1.21/compute/v2.1/os-quota-sets/f3864d8f81e646cfa4a82668a6c91928 1.922s
2025-02-20 15:06:47.189 63677 INFO tempest.lib.common.rest_client [req-063bbb68-f194-446d-bdd7-b3b1055c9a16 req-063bbb68-f194-446d-bdd7-b3b1055c9a16 ] Request (KeyPairsV22TestJSON:test_keypair_create_delete): 201 POST http://10.180.1.21/compute/v2.1/os-keypairs 1.795s
2025-02-20 15:06:47.250 63631 INFO tempest.lib.common.rest_client [req-4128ede9-b8bc-4b6e-9dcb-e6b0c40889a8 req-4128ede9-b8bc-4b6e-9dcb-e6b0c40889a8 ] Request (FlavorsExtraSpecsTestJSON:tearDownClass): 204 DELETE http://10.180.1.21:9696/networking/v2.0/security-groups/0f71fc9a-2da6-47b4-ad02-42e93151ff87 0.135s
2025-02-20 15:06:47.250 63669 INFO tempest.lib.common.rest_client [req-79141e03-3180-4632-b7a7-5717c8ff0e99 req-79141e03-3180-4632-b7a7-5717c8ff0e99 ] Request (AttachInterfacesV270Test:setUpClass): 201 POST http://10.180.1.21:9696/networking/v2.0/networks 0.677s
2025-02-20 15:06:47.285 63679 INFO tempest.lib.common.rest_client [req-ef3b3f13-0922-40b6-8dcf-b98ef3c3eb94 req-ef3b3f13-0922-40b6-8dcf-b98ef3c3eb94 ] Request (QuotasAdminNegativeTest:tearDownClass): 204 DELETE http://10.180.1.21/identity/v3/users/bf2670cd3ad74e008a95082de6c54163 0.131s
2025-02-20 15:06:47.290 63627 INFO tempest.lib.common.rest_client [req-783336a7-654e-4c49-9faf-1ff574d10353 req-783336a7-654e-4c49-9faf-1ff574d10353 ] Request (HostsAdminNegativeTestJSON:tearDownClass): 204 DELETE http://10.180.1.21/identity/v3/users/0f56babc0a7847198148df09c86ca33f 0.143s
2025-02-20 15:06:47.357 63643 INFO tempest.lib.common.rest_client [req-c978bf1b-cb6e-4997-ac67-1bae82b341cb req-c978bf1b-cb6e-4997-ac67-1bae82b341cb ] Request (ServersTestBootFromVolume:setUpClass): 201 POST http://10.180.1.21:9696/networking/v2.0/floatingips 1.126s
2025-02-20 15:06:47.405 63631 INFO tempest.lib.common.rest_client [req-b465fc8c-2a11-4fce-99f3-e65fac335bc6 req-b465fc8c-2a11-4fce-99f3-e65fac335bc6 ] Request (FlavorsExtraSpecsTestJSON:tearDownClass): 204 DELETE http://10.180.1.21/identity/v3/projects/e3ef2b66567f4f119b23126312ee4a11 0.153s
2025-02-20 15:06:47.435 63689 INFO tempest.lib.common.rest_client [req-6bc2aa3d-c337-47f3-8886-5995f194ddb6 req-6bc2aa3d-c337-47f3-8886-5995f194ddb6 ] Request (ImagesTestJSON:setUpClass): 201 POST http://10.180.1.21:9696/networking/v2.0/routers 1.874s
2025-02-20 15:06:47.454 63685 INFO tempest.lib.common.rest_client [req-3ca31d45-300b-4c97-a4dd-c9abc0da9f9d req-3ca31d45-300b-4c97-a4dd-c9abc0da9f9d ] Request (QuotasAdminTestJSON:test_get_default_quotas): 200 GET http://10.180.1.21/compute/v2.1/os-quota-sets/acbeafe2bb574673beebc36890f72a6f/defaults 1.967s
2025-02-20 15:06:47.476 63647 INFO tempest.lib.common.rest_client [req-85a9bf2a-0432-4c9c-9ba5-6d9bebdb6d06 req-85a9bf2a-0432-4c9c-9ba5-6d9bebdb6d06 ] Request (ImagesOneServerNegativeTestJSON:setUpClass): 201 POST http://10.180.1.21:9696/networking/v2.0/subnets 0.500s
