2025-02-20 15:06:26.624 63657 INFO tempest.lib.common.rest_client [req-339da66e-0293-4089-8420-d514386b89d4 req-339da66e-0293-4089-8420-d514386b89d4 ] Request (QuotasAdminTestV257:tearDownClass): 204 DELETE http://10.180.1.21/identity/v3/users/f0880edf9b8247209d8732bf9ab1d8cc 0.121s
2025-02-20 15:06:26.706 63635 INFO tempest.lib.common.rest_client [req-9f8ba0a3-007f-4eb7-85da-ca890e7349a8 req-9f8ba0a3-007f-4eb7-85da-ca890e7349a8 ] Request (QuotaClassesAdminTestJSON:setUpClass): 201 POST http://10.180.1.21/identity/v3/auth/tokens 0.165s
2025-02-20 15:06:26.735 63673 INFO tempest.lib.common.rest_client [req-ce329cac-cd2f-4eef-9e6b-cfb4a4803406 req-ce329cac-cd2f-4eef-9e6b-cfb4a4803406 ] Request (HypervisorAdminUnderV252Test:tearDownClass): 200 GET http://10.180.1.21:9696/networking/v2.0/security-groups?tenant_id=cb1cbf531205447b8bee3100d45406f2&name=default 0.636s
2025-02-20 15:06:26.735 63679 INFO tempest.lib.common.rest_client [req-e99aa81b-d661-44d5-b39f-2b6c1beba7ee req-e99aa81b-d661-44d5-b39f-2b6c1beba7ee ] Request (QuotasAdminNegativeTest:_run_cleanups): 200 PUT http://10.180.1.21/compute/v2.1/os-quota-sets/f3864d8f81e646cfa4a82668a6c91928 1.502s
2025-02-20 15:06:26.759 63685 INFO tempest.lib.common.rest_client [req-79702b9c-662e-412f-9fcb-4dcc95818eb3 req-79702b9c-662e-412f-9fcb-4dcc95818eb3 ] Request (FlavorsV261TestJSON:_run_cleanups): 202 DELETE http://10.180.1.21/compute/v2.1/flavors/722792063 1.522s
2025-02-20 15:06:26.775 63654 INFO tempest.lib.common.rest_client [req-19c4379b-7155-4b06-ad98-1276dad526ed req-19c4379b-7155-4b06-ad98-1276dad526ed ] Request (FlavorsAdminTestJSON:_run_cleanups): 202 DELETE http://10.180.1.21/compute/v2.1/flavors/1658705196 1.529s
2025-02-20 15:06:26.798 63647 INFO tempest.lib.common.rest_client [req-132d4648-a053-475a-ba08-2932324cffa1 req-132d4648-a053-475a-ba08-2932324cffa1 ] Request (FlavorMetadataValidation:tearDownClass): 204 DELETE http://10.180.1.21:9696/networking/v2.0/security-groups/9ddfacb8-f0c7-422e-91f0-065f52e54c3d 0.397s
2025-02-20 15:06:26.806 63657 INFO tempest.lib.common.rest_client [req-3ebbff1b-57d0-4e9e-8c10-37d1deae674f req-3ebbff1b-57d0-4e9e-8c10-37d1deae674f ] Request (QuotasAdminTestV257:tearDownClass): 204 DELETE http://10.180.1.21/identity/v3/users/2be8e3a5cd1645e7bf98a27c737bfe40 0.182s
2025-02-20 15:06:26.806 63657 INFO tempest.lib.common.dynamic_creds [-] Deleting project and security group for project: 23983bfb182c47ebbde75aa3efb0ad91
2025-02-20 15:06:26.810 63645 INFO tempest.lib.common.rest_client [req-840cd57a-b49d-415e-8e00-f6a210c8bfa6 req-840cd57a-b49d-415e-8e00-f6a210c8bfa6 ] Request (FlavorsV2TestJSON:test_list_flavors_detailed_filter_by_min_ram): 200 GET http://10.180.1.21/compute/v2.1/flavors/detail?minRam=193 1.561s
2025-02-20 15:06:26.816 63671 INFO tempest.lib.common.rest_client [req-b6c4e019-b4e2-42cf-9a32-aa97dfb10821 req-b6c4e019-b4e2-42cf-9a32-aa97dfb10821 ] Request (FlavorsExtraSpecsNegativeTestJSON:test_flavor_non_admin_unset_keys): 403 DELETE http://10.180.1.21/compute/v2.1/flavors/1981553817/os-extra_specs/hw:numa_nodes 1.509s
2025-02-20 15:06:26.866 63637 INFO tempest.lib.common.rest_client [req-9576cf14-75fe-446d-877c-33de134c4bc2 req-9576cf14-75fe-446d-877c-33de134c4bc2 ] Request (FloatingIPsTestJSON:_run_cleanups): 404 DELETE http://10.180.1.21/compute/v2.1/os-floating-ips/6a5dea99-f311-4d96-b460-9b99286bec3a 1.556s
2025-02-20 15:06:26.877 63657 INFO tempest.lib.common.rest_client [req-9c547162-5511-4b02-a177-d06054b70a0f req-9c547162-5511-4b02-a177-d06054b70a0f ] Request (QuotasAdminTestV257:tearDownClass): 201 POST http://10.180.1.21/identity/v3/auth/tokens 0.071s
2025-02-20 15:06:26.885 63631 INFO tempest.lib.common.rest_client [req-57a8d3e4-179b-47a9-a339-cc306eae0c71 req-57a8d3e4-179b-47a9-a339-cc306eae0c71 ] Request (FlavorsExtraSpecsTestJSON:test_flavor_non_admin_get_specific_key): 200 GET http://10.180.1.21/compute/v2.1/flavors/809596667/os-extra_specs/hw:numa_nodes 1.556s
2025-02-20 15:06:26.928 63647 INFO tempest.lib.common.rest_client [req-e145679d-4dda-4c12-8eab-b4ab1dd35455 req-e145679d-4dda-4c12-8eab-b4ab1dd35455 ] Request (FlavorMetadataValidation:tearDownClass): 204 DELETE http://10.180.1.21/identity/v3/projects/a567b1853add4c5785b4109dc4bd3d8f 0.130s
2025-02-20 15:06:26.929 63647 INFO tempest.lib.common.dynamic_creds [-] Deleting project and security group for project: a94b881ad5f74d33a5b51a5d95a34d15
2025-02-20 15:06:26.999 63665 INFO tempest.lib.common.rest_client [req-fd2bcdfb-6e8d-4c5a-9e59-0785f7428537 req-fd2bcdfb-6e8d-4c5a-9e59-0785f7428537 ] Request (InstanceActionsNegativeTestJSON:setUpClass): 201 POST http://10.180.1.21:9696/networking/v2.0/subnets 0.802s
2025-02-20 15:06:27.034 63673 INFO tempest.lib.common.rest_client [req-806bbd00-9d14-4011-9765-3d93bb1b93d2 req-806bbd00-9d14-4011-9765-3d93bb1b93d2 ] Request (HypervisorAdminUnderV252Test:tearDownClass): 204 DELETE http://10.180.1.21:9696/networking/v2.0/security-groups/bd466b88-da43-44a2-a0a4-dce05c8b7c75 0.299s
2025-02-20 15:06:27.116 63673 INFO tempest.lib.common.rest_client [req-eb3fa03d-e8d7-49b4-930a-b99b9ff7286b req-eb3fa03d-e8d7-49b4-930a-b99b9ff7286b ] Request (HypervisorAdminUnderV252Test:tearDownClass): 204 DELETE http://10.180.1.21/identity/v3/projects/cb1cbf531205447b8bee3100d45406f2 0.080s
2025-02-20 15:06:27.116 63673 INFO tempest.lib.common.dynamic_creds [-] Deleting project and security group for project: edd5780f36a04139822f6f549ee56349
2025-02-20 15:06:27.244 63641 INFO tempest.lib.common.rest_client [req-6715b797-7536-434a-ba17-6d6c10cf9748 req-6715b797-7536-434a-ba17-6d6c10cf9748 ] Request (ServerDiagnosticsTest:test_get_server_diagnostics): 200 GET http://10.180.1.21/compute/v2.1/servers/36c70e59-f58f-4ae3-bd59-9588865391d8 1.834s
2025-02-20 15:06:27.517 63647 INFO tempest.lib.common.rest_client [req-739c8946-f109-4761-82aa-413ad8425312 req-739c8946-f109-4761-82aa-413ad8425312 ] Request (FlavorMetadataValidation:tearDownClass): 200 GET http://10.180.1.21:9696/networking/v2.0/security-groups?tenant_id=a94b881ad5f74d33a5b51a5d95a34d15&name=default 0.588s
2025-02-20 15:06:27.603 63655 INFO tempest.lib.common.rest_client [req-76554802-2cd7-4296-8d6b-d0bf6b7bb74c req-76554802-2cd7-4296-8d6b-d0bf6b7bb74c ] Request (ServerPasswordTestJSON:setUpClass): 200 PUT http://10.180.1.21:9696/networking/v2.0/routers/d209f8cb-4115-481b-8531-c0414de41b98/add_router_interface 3.016s
2025-02-20 15:06:27.604 63655 INFO tempest.lib.common.dynamic_creds [-] Created isolated network resources for: credentials: Credentials: {'domain_id': 'default', 'domain_name': 'Default', 'username': 'tempest-ServerPasswordTestJSON-1318284380-project-member', 'project_domain_id': 'default', 'project_domain_name': 'Default', 'project_id': '4ea1d2a286cb41f6955e434f9485b266', 'project_name': 'tempest-ServerPasswordTestJSON-1318284380', 'tenant_id': '4ea1d2a286cb41f6955e434f9485b266', 'tenant_name': 'tempest-ServerPasswordTestJSON-1318284380', 'user_domain_id': 'default', 'user_domain_name': 'Default', 'user_id': '21f1eaae7cb34306b953f1f823badbe0', 'system': None}, Network: {'id': '7e954757-9e97-4c65-911d-99787e2922e7', 'name': 'tempest-ServerPasswordTestJSON-1639696506-network', 'tenant_id': '4ea1d2a286cb41f6955e434f9485b266', 'admin_state_up': True, 'mtu': 8950, 'status': 'ACTIVE', 'subnets': [], 'shared': False, 'project_id': '4ea1d2a286cb41f6955e434f9485b266', 'port_security_enabled': True, 'router:external': False, 'provider:network_type': 'vlan', 'provider:physical_network': 'default', 'provider:segmentation_id': 607, 'availability_zone_hints': [], 'availability_zones': [], 'ipv4_address_scope': None, 'ipv6_address_scope': None, 'description': '', 'tags': [], 'created_at': '2025-02-20T15:06:21Z', 'updated_at': '2025-02-20T15:06:21Z', 'revision_number': 1}, Subnet: {'id': 'c518c3c6-4be1-4683-9996-5ba535a0e614', 'name': 'tempest-ServerPasswordTestJSON-1639696506-subnet', 'tenant_id': '4ea1d2a286cb41f6955e434f9485b266', 'network_id': '7e954757-9e97-4c65-911d-99787e2922e7', 'ip_version': 4, 'subnetpool_id': None, 'enable_dhcp': True, 'ipv6_ra_mode': None, 'ipv6_address_mode': None, 'gateway_ip': '192.168.128.1', 'cidr': '192.168.128.0/28', 'allocation_pools': [{'start': '192.168.128.2', 'end': '192.168.128.14'}], 'host_routes': [], 'dns_nameservers': [], 'description': '', 'router:external': False, 'service_types': [], 'tags': [], 'created_at': '2025-02-20T15:06:21Z', 'updated_at': '2025-02-20T15:06:21Z', 'revision_number': 0, 'project_id': '4ea1d2a286cb41f6955e434f9485b266'}, Router: {'id': 'd209f8cb-4115-481b-8531-c0414de41b98', 'name': 'tempest-ServerPasswordTestJSON-1639696506-router', 'tenant_id': '4ea1d2a286cb41f6955e434f9485b266', 'admin_state_up': True, 'status': 'ACTIVE', 'external_gateway_info': {'network_id': '1fd258a7-bf7c-4c1e-bd22-52c7ef8a3fc4', 'external_fixed_ips': [{'subnet_id': '33e32a84-3281-444f-9caf-797a0e66a143', 'ip_address': '10.180.180.213'}], 'enable_snat': True}, 'description': '', 'availability_zones': [], 'distributed': False, 'ha': False, 'availability_zone_hints': [], 'routes': [], 'flavor_id': None, 'tags': [], 'created_at': '2025-02-20T15:06:22Z', 'updated_at': '2025-02-20T15:06:23Z', 'revision_number': 2, 'project_id': '4ea1d2a286cb41f6955e434f9485b266'}
2025-02-20 15:06:27.631 63673 INFO tempest.lib.common.rest_client [req-ab6f8649-e9c5-4878-bacf-6b52e789ba42 req-ab6f8649-e9c5-4878-bacf-6b52e789ba42 ] Request (HypervisorAdminUnderV252Test:tearDownClass): 200 GET http://10.180.1.21:9696/networking/v2.0/security-groups?tenant_id=edd5780f36a04139822f6f549ee56349&name=default 0.514s
2025-02-20 15:06:27.698 63661 INFO tempest.lib.common.rest_client [req-bdf917fa-f9fe-45b0-9d6c-5479c7eb05aa req-bdf917fa-f9fe-45b0-9d6c-5479c7eb05aa ] Request (ImagesNegativeTestJSON:test_create_image_from_deleted_server): 200 GET http://10.180.1.21/compute/v2.1/servers/e9accedf-e703-438e-b9ca-e8051ff062c0 2.164s
2025-02-20 15:06:27.708 63661 INFO tempest.common.waiters [-] State transition "BUILD/networking" ==> "BUILD/spawning" after 6 second wait
2025-02-20 15:06:27.717 63655 INFO tempest.lib.common.rest_client [req-470245d6-8e9f-4b59-bd95-70e91aa2a85d req-470245d6-8e9f-4b59-bd95-70e91aa2a85d ] Request (ServerPasswordTestJSON:setUpClass): 201 POST http://10.180.1.21/identity/v3/auth/tokens 0.107s
2025-02-20 15:06:27.757 63655 INFO tempest.lib.common.rest_client [req-bc1c8368-e695-49c8-895f-5b05c2c2fb1b req-bc1c8368-e695-49c8-895f-5b05c2c2fb1b ] Request (ServerPasswordTestJSON:setUpClass): 201 POST http://10.180.1.21/identity/v3/auth/tokens 0.036s
2025-02-20 15:06:27.758 63655 INFO tempest.lib.common.fixed_network [-] (ServerPasswordTestJSON:setUpClass) Found network {'id': '7e954757-9e97-4c65-911d-99787e2922e7', 'name': 'tempest-ServerPasswordTestJSON-1639696506-network', 'tenant_id': '4ea1d2a286cb41f6955e434f9485b266', 'admin_state_up': True, 'mtu': 8950, 'status': 'ACTIVE', 'subnets': [], 'shared': False, 'project_id': '4ea1d2a286cb41f6955e434f9485b266', 'port_security_enabled': True, 'router:external': False, 'provider:network_type': 'vlan', 'provider:physical_network': 'default', 'provider:segmentation_id': 607, 'availability_zone_hints': [], 'availability_zones': [], 'ipv4_address_scope': None, 'ipv6_address_scope': None, 'description': '', 'tags': [], 'created_at': '2025-02-20T15:06:21Z', 'updated_at': '2025-02-20T15:06:21Z', 'revision_number': 1} available for tenant
2025-02-20 15:06:27.852 63673 INFO tempest.lib.common.rest_client [req-bac07a89-ace6-45de-867b-de20da71780e req-bac07a89-ace6-45de-867b-de20da71780e ] Request (HypervisorAdminUnderV252Test:tearDownClass): 204 DELETE http://10.180.1.21:9696/networking/v2.0/security-groups/08fcaddf-b199-453c-be8c-81d251660a8f 0.221s
2025-02-20 15:06:27.854 63657 INFO tempest.lib.common.rest_client [req-7a31476b-e67c-439f-9d91-77e8299a6acf req-7a31476b-e67c-439f-9d91-77e8299a6acf ] Request (QuotasAdminTestV257:tearDownClass): 200 GET http://10.180.1.21:9696/networking/v2.0/security-groups?tenant_id=23983bfb182c47ebbde75aa3efb0ad91&name=default 0.976s
2025-02-20 15:06:27.972 63673 INFO tempest.lib.common.rest_client [req-15fafe04-31ab-4b4d-b764-5fe7164cf75b req-15fafe04-31ab-4b4d-b764-5fe7164cf75b ] Request (HypervisorAdminUnderV252Test:tearDownClass): 204 DELETE http://10.180.1.21/identity/v3/projects/edd5780f36a04139822f6f549ee56349 0.119s
2025-02-20 15:06:27.974 63673 INFO tempest.test [-] raised in UnshelveToHostMultiNodesTest.setUpClass. Invoking tearDownClass.
2025-02-20 15:06:27.995 63649 INFO tempest.lib.common.rest_client [req-20fddce6-a8f5-4108-9819-f425c4a8edf2 req-20fddce6-a8f5-4108-9819-f425c4a8edf2 ] Request (AggregatesAdminNegativeTestJSON:_run_cleanups): 200 POST http://10.180.1.21/compute/v2.1/os-aggregates/1/action 2.325s
2025-02-20 15:06:28.021 63669 INFO tempest.lib.common.rest_client [req-ae7fcc53-2d64-4165-b929-df38247ddeff req-ae7fcc53-2d64-4165-b929-df38247ddeff ] Request (HypervisorAdminTestJSON:test_get_hypervisor_show_details): 200 GET http://10.180.1.21/compute/v2.1/os-hypervisors/1 2.306s
2025-02-20 15:06:28.029 63677 INFO tempest.lib.common.rest_client [req-448cef47-a4d2-4223-bdde-4bd2c3697715 req-448cef47-a4d2-4223-bdde-4bd2c3697715 ] Request (HypervisorAdminNegativeTestJSON:test_get_hypervisor_uptime_with_non_admin_user): 403 GET http://10.180.1.21/compute/v2.1/os-hypervisors/1/uptime 2.156s
2025-02-20 15:06:28.036 63688 INFO tempest.lib.common.rest_client [req-014e4358-8e30-4b8e-b8e6-64461fdb7979 req-014e4358-8e30-4b8e-b8e6-64461fdb7979 ] Request (HypervisorAdminNegativeUnderV252Test:test_show_servers_with_non_admin_user): 403 GET http://10.180.1.21/compute/v2.1/os-hypervisors/1/servers 2.138s
2025-02-20 15:06:28.045 63673 INFO tempest.lib.common.rest_client [req-19d32664-6704-4c1f-9f21-fa7aa5b11211 req-19d32664-6704-4c1f-9f21-fa7aa5b11211 ] Request (DeleteServersTestJSON:setUpClass): 201 POST http://10.180.1.21/identity/v3/auth/tokens 0.067s
2025-02-20 15:06:28.051 63633 INFO tempest.lib.common.rest_client [req-a2ec8277-322f-4166-917c-e8b913d4b234 req-a2ec8277-322f-4166-917c-e8b913d4b234 ] Request (ListServersNegativeTestJSON:setUpClass): 200 PUT http://10.180.1.21:9696/networking/v2.0/routers/d674fb0c-ac20-439a-84a2-bfdfc08e4452/add_router_interface 2.559s
2025-02-20 15:06:28.051 63633 INFO tempest.lib.common.dynamic_creds [-] Created isolated network resources for: credentials: Credentials: {'domain_id': 'default', 'domain_name': 'Default', 'username': 'tempest-ListServersNegativeTestJSON-1705179919-project-member', 'project_domain_id': 'default', 'project_domain_name': 'Default', 'project_id': 'af6f2ab6c5fb44798b957221ea23cb8d', 'project_name': 'tempest-ListServersNegativeTestJSON-1705179919', 'tenant_id': 'af6f2ab6c5fb44798b957221ea23cb8d', 'tenant_name': 'tempest-ListServersNegativeTestJSON-1705179919', 'user_domain_id': 'default', 'user_domain_name': 'Default', 'user_id': 'ab8156d763fd40cebc28580f27166ea0', 'system': None}, Network: {'id': 'aed3c6d5-bb51-4a68-8689-abf7ff453a01', 'name': 'tempest-ListServersNegativeTestJSON-1141683196-network', 'tenant_id': 'af6f2ab6c5fb44798b957221ea23cb8d', 'admin_state_up': True, 'mtu': 8950, 'status': 'ACTIVE', 'subnets': [], 'shared': False, 'project_id': 'af6f2ab6c5fb44798b957221ea23cb8d', 'port_security_enabled': True, 'router:external': False, 'provider:network_type': 'vlan', 'provider:physical_network': 'default', 'provider:segmentation_id': 416, 'availability_zone_hints': [], 'availability_zones': [], 'ipv4_address_scope': None, 'ipv6_address_scope': None, 'description': '', 'tags': [], 'created_at': '2025-02-20T15:06:22Z', 'updated_at': '2025-02-20T15:06:22Z', 'revision_number': 1}, Subnet: {'id': '16ba1115-6224-472a-b7c2-1ef25a260a99', 'name': 'tempest-ListServersNegativeTestJSON-1141683196-subnet', 'tenant_id': 'af6f2ab6c5fb44798b957221ea23cb8d', 'network_id': 'aed3c6d5-bb51-4a68-8689-abf7ff453a01', 'ip_version': 4, 'subnetpool_id': None, 'enable_dhcp': True, 'ipv6_ra_mode': None, 'ipv6_address_mode': None, 'gateway_ip': '192.168.128.1', 'cidr': '192.168.128.0/28', 'allocation_pools': [{'start': '192.168.128.2', 'end': '192.168.128.14'}], 'host_routes': [], 'dns_nameservers': [], 'description': '', 'router:external': False, 'service_types': [], 'tags': [], 'created_at': '2025-02-20T15:06:22Z', 'updated_at': '2025-02-20T15:06:22Z', 'revision_number': 0, 'project_id': 'af6f2ab6c5fb44798b957221ea23cb8d'}, Router: {'id': 'd674fb0c-ac20-439a-84a2-bfdfc08e4452', 'name': 'tempest-ListServersNegativeTestJSON-1141683196-router', 'tenant_id': 'af6f2ab6c5fb44798b957221ea23cb8d', 'admin_state_up': True, 'status': 'ACTIVE', 'external_gateway_info': {'network_id': '1fd258a7-bf7c-4c1e-bd22-52c7ef8a3fc4', 'external_fixed_ips': [{'subnet_id': '33e32a84-3281-444f-9caf-797a0e66a143', 'ip_address': '10.180.180.169'}], 'enable_snat': True}, 'description': '', 'availability_zones': [], 'distributed': False, 'ha': False, 'availability_zone_hints': [], 'routes': [], 'flavor_id': None, 'tags': [], 'created_at': '2025-02-20T15:06:22Z', 'updated_at': '2025-02-20T15:06:24Z', 'revision_number': 2, 'project_id': 'af6f2ab6c5fb44798b957221ea23cb8d'}
2025-02-20 15:06:28.084 63673 INFO tempest.lib.common.rest_client [req-eef527aa-d5b9-4864-a47c-2573f2eab4b6 req-eef527aa-d5b9-4864-a47c-2573f2eab4b6 ] Request (DeleteServersTestJSON:setUpClass): 201 POST http://10.180.1.21/identity/v3/auth/tokens 0.037s
2025-02-20 15:06:28.108 63673 INFO tempest.lib.common.rest_client [req-5a3cf50f-0e19-40d5-b9cd-45e7fa95a822 req-5a3cf50f-0e19-40d5-b9cd-45e7fa95a822 ] Request (DeleteServersTestJSON:setUpClass): 200 GET http://10.180.1.21/identity/v3/domains?name=Default 0.023s
2025-02-20 15:06:28.115 63629 INFO tempest.lib.common.rest_client [req-243b2a83-a51d-450c-ab96-541a613072fe req-243b2a83-a51d-450c-ab96-541a613072fe ] Request (ServersAdminTestJSON:setUpClass): 200 GET http://10.180.1.21/compute/v2.1/servers/64ede278-e96e-485e-8a84-f2701d95aec3 2.142s
2025-02-20 15:06:28.139 63633 INFO tempest.lib.common.rest_client [req-f83b9f9f-a4fc-4dfa-b4d7-658a42e427de req-f83b9f9f-a4fc-4dfa-b4d7-658a42e427de ] Request (ListServersNegativeTestJSON:setUpClass): 201 POST http://10.180.1.21/identity/v3/auth/tokens 0.080s
2025-02-20 15:06:28.143 63647 INFO tempest.lib.common.rest_client [req-67b37918-dcb5-4319-842e-fda05dbae360 req-67b37918-dcb5-4319-842e-fda05dbae360 ] Request (FlavorMetadataValidation:tearDownClass): 204 DELETE http://10.180.1.21:9696/networking/v2.0/security-groups/e1437eea-30ab-42ae-a52e-5f3e7a1dce9e 0.626s
2025-02-20 15:06:28.156 63673 INFO tempest.lib.common.rest_client [req-fb27e678-838f-4842-ac10-ea89475b4da8 req-fb27e678-838f-4842-ac10-ea89475b4da8 ] Request (DeleteServersTestJSON:setUpClass): 201 POST http://10.180.1.21/identity/v3/projects 0.047s
2025-02-20 15:06:28.247 63647 INFO tempest.lib.common.rest_client [req-8b87a291-a5ee-4419-b6de-b55e5dcdf743 req-8b87a291-a5ee-4419-b6de-b55e5dcdf743 ] Request (FlavorMetadataValidation:tearDownClass): 204 DELETE http://10.180.1.21/identity/v3/projects/a94b881ad5f74d33a5b51a5d95a34d15 0.103s
2025-02-20 15:06:28.252 63657 INFO tempest.lib.common.rest_client [req-388bb284-dc06-4280-9e22-62c58923816d req-388bb284-dc06-4280-9e22-62c58923816d ] Request (QuotasAdminTestV257:tearDownClass): 204 DELETE http://10.180.1.21:9696/networking/v2.0/security-groups/26607666-c4e3-4edf-86c6-e9260cd8c9fa 0.398s
2025-02-20 15:06:28.293 63633 INFO tempest.lib.common.rest_client [req-d3868a10-d4d9-4d00-a6ef-8bbe5603221f req-d3868a10-d4d9-4d00-a6ef-8bbe5603221f ] Request (ListServersNegativeTestJSON:setUpClass): 201 POST http://10.180.1.21/identity/v3/auth/tokens 0.148s
2025-02-20 15:06:28.293 63633 INFO tempest.lib.common.fixed_network [-] (ListServersNegativeTestJSON:setUpClass) Found network {'id': 'aed3c6d5-bb51-4a68-8689-abf7ff453a01', 'name': 'tempest-ListServersNegativeTestJSON-1141683196-network', 'tenant_id': 'af6f2ab6c5fb44798b957221ea23cb8d', 'admin_state_up': True, 'mtu': 8950, 'status': 'ACTIVE', 'subnets': [], 'shared': False, 'project_id': 'af6f2ab6c5fb44798b957221ea23cb8d', 'port_security_enabled': True, 'router:external': False, 'provider:network_type': 'vlan', 'provider:physical_network': 'default', 'provider:segmentation_id': 416, 'availability_zone_hints': [], 'availability_zones': [], 'ipv4_address_scope': None, 'ipv6_address_scope': None, 'description': '', 'tags': [], 'created_at': '2025-02-20T15:06:22Z', 'updated_at': '2025-02-20T15:06:22Z', 'revision_number': 1} available for tenant
2025-02-20 15:06:28.295 63663 INFO tempest.lib.common.rest_client [req-b67a5b55-8398-4984-9702-2d67a471eab6 req-b67a5b55-8398-4984-9702-2d67a471eab6 ] Request (ServersWithSpecificFlavorTestJSON:test_verify_created_server_ephemeral_disk): 200 POST http://10.180.1.21/compute/v2.1/flavors 2.125s
2025-02-20 15:06:28.318 63647 INFO tempest.lib.common.rest_client [req-2feb3962-c658-4ae3-aece-0ec7e182a6f9 req-2feb3962-c658-4ae3-aece-0ec7e182a6f9 ] Request (HostsAdminTestJSON:setUpClass): 201 POST http://10.180.1.21/identity/v3/auth/tokens 0.068s
2025-02-20 15:06:28.324 63689 INFO tempest.lib.common.rest_client [req-d69750c6-10c9-472b-ae6f-963355697b73 req-d69750c6-10c9-472b-ae6f-963355697b73 ] Request (FlavorsV255TestJSON:test_crud_flavor): 200 GET http://10.180.1.21/compute/v2.1/flavors 2.122s
2025-02-20 15:06:28.327 63673 INFO tempest.lib.common.rest_client [req-71d34190-87c6-42d8-ad07-3cef1677da8f req-71d34190-87c6-42d8-ad07-3cef1677da8f ] Request (DeleteServersTestJSON:setUpClass): 201 POST http://10.180.1.21/identity/v3/users 0.171s
2025-02-20 15:06:28.333 63665 INFO tempest.lib.common.rest_client [req-b2a47d45-543a-4e9b-9b44-86fb057651be req-b2a47d45-543a-4e9b-9b44-86fb057651be ] Request (InstanceActionsNegativeTestJSON:setUpClass): 201 POST http://10.180.1.21:9696/networking/v2.0/routers 1.334s
2025-02-20 15:06:28.343 63683 INFO tempest.lib.common.rest_client [req-cc326af9-5538-4baa-a77e-57c26221f792 req-cc326af9-5538-4baa-a77e-57c26221f792 ] Request (FlavorsAccessTestJSON:_run_cleanups): 202 DELETE http://10.180.1.21/compute/v2.1/flavors/107404709 2.001s
2025-02-20 15:06:28.347 63643 INFO tempest.lib.common.rest_client [req-742e840d-ac38-4747-bfca-81f920e97b01 req-742e840d-ac38-4747-bfca-81f920e97b01 ] Request (KeyPairsNegativeTestJSON:test_create_keypair_with_long_keynames): 400 POST http://10.180.1.21/compute/v2.1/os-keypairs 1.974s
2025-02-20 15:06:28.359 63627 INFO tempest.lib.common.rest_client [req-46b49b2f-eddb-43e9-bf2d-48bfa338fd6f req-46b49b2f-eddb-43e9-bf2d-48bfa338fd6f ] Request (HostsAdminNegativeTestJSON:test_show_host_detail_with_nonexistent_hostname): 404 GET http://10.180.1.21/compute/v2.1/os-hosts/nonexistent_hostname 1.979s
2025-02-20 15:06:28.364 63647 INFO tempest.lib.common.rest_client [req-544ae9ad-3676-4ea8-9357-7b80da761bf5 req-544ae9ad-3676-4ea8-9357-7b80da761bf5 ] Request (HostsAdminTestJSON:setUpClass): 201 POST http://10.180.1.21/identity/v3/auth/tokens 0.043s
2025-02-20 15:06:28.384 63657 INFO tempest.lib.common.rest_client [req-10e1b922-bf70-46f4-a514-9ba1d9728170 req-10e1b922-bf70-46f4-a514-9ba1d9728170 ] Request (QuotasAdminTestV257:tearDownClass): 204 DELETE http://10.180.1.21/identity/v3/projects/23983bfb182c47ebbde75aa3efb0ad91 0.132s
2025-02-20 15:06:28.385 63657 INFO tempest.lib.common.dynamic_creds [-] Deleting project and security group for project: 25811986e1da4ea1bcfd333ae6fce72c
2025-02-20 15:06:28.438 63673 INFO tempest.lib.common.rest_client [req-e78b16be-10a3-4490-b125-29515a9a82ac req-e78b16be-10a3-4490-b125-29515a9a82ac ] Request (DeleteServersTestJSON:setUpClass): 200 GET http://10.180.1.21/identity/v3/roles 0.109s
2025-02-20 15:06:28.445 63639 INFO tempest.lib.common.rest_client [req-994808f8-2a94-4c92-b249-9ac2a7ca9738 req-994808f8-2a94-4c92-b249-9ac2a7ca9738 ] Request (ServerDiagnosticsV248Test:test_get_server_diagnostics): 200 GET http://10.180.1.21/compute/v2.1/servers/f5291147-c37e-4400-8a4f-9694049e55a8 1.949s
2025-02-20 15:06:28.457 63647 INFO tempest.lib.common.rest_client [req-47265e8f-a27f-486d-a7a3-7dc732b25f58 req-47265e8f-a27f-486d-a7a3-7dc732b25f58 ] Request (HostsAdminTestJSON:setUpClass): 200 GET http://10.180.1.21/identity/v3/domains?name=Default 0.093s
2025-02-20 15:06:28.465 63639 INFO tempest.common.waiters [-] State transition "BUILD/None" ==> "BUILD/spawning" after 6 second wait
2025-02-20 15:06:28.494 63673 INFO tempest.lib.common.rest_client [req-6e48dd76-a729-4653-b91a-6a24950665ff req-6e48dd76-a729-4653-b91a-6a24950665ff ] Request (DeleteServersTestJSON:setUpClass): 204 PUT http://10.180.1.21/identity/v3/projects/d8ede1c995fa48d1b5b23266b015ca05/users/3bc61e9384e94396bb9c7f0c52349a4e/roles/6297f0ab2a3a454ca120442ea8ac85a0 0.056s
2025-02-20 15:06:28.495 63673 INFO tempest.lib.common.dynamic_creds [-] Dynamic test user 3bc61e9384e94396bb9c7f0c52349a4e is created with scope project and roles: ['member']
2025-02-20 15:06:28.495 63673 INFO tempest.lib.common.dynamic_creds [-] Acquired dynamic creds: credentials: Credentials: {'domain_id': 'default', 'domain_name': 'Default', 'username': 'tempest-DeleteServersTestJSON-523348470-project-member', 'project_domain_id': 'default', 'project_domain_name': 'Default', 'project_id': 'd8ede1c995fa48d1b5b23266b015ca05', 'project_name': 'tempest-DeleteServersTestJSON-523348470', 'tenant_id': 'd8ede1c995fa48d1b5b23266b015ca05', 'tenant_name': 'tempest-DeleteServersTestJSON-523348470', 'user_domain_id': 'default', 'user_domain_name': 'Default', 'user_id': '3bc61e9384e94396bb9c7f0c52349a4e', 'system': None}, Network: None, Subnet: None, Router: None
2025-02-20 15:06:28.510 63647 INFO tempest.lib.common.rest_client [req-4cdbb97a-8af6-4141-ac57-e21acabf3449 req-4cdbb97a-8af6-4141-ac57-e21acabf3449 ] Request (HostsAdminTestJSON:setUpClass): 201 POST http://10.180.1.21/identity/v3/projects 0.052s
2025-02-20 15:06:28.522 63651 INFO tempest.lib.common.rest_client [req-339e7235-3c0a-4c05-9d1e-446fe01148ab req-339e7235-3c0a-4c05-9d1e-446fe01148ab ] Request (DeleteServersAdminTestJSON:test_admin_delete_servers_of_others): 200 GET http://10.180.1.21/compute/v2.1/servers/86c5a0f3-a14d-4a20-b09f-21ae76715a2d 1.909s
2025-02-20 15:06:28.591 63673 INFO tempest.lib.common.rest_client [req-e71e07a2-d024-4456-8a39-0ab21c19cfae req-e71e07a2-d024-4456-8a39-0ab21c19cfae ] Request (DeleteServersTestJSON:setUpClass): 201 POST http://10.180.1.21/identity/v3/auth/tokens 0.096s
2025-02-20 15:06:28.604 63647 INFO tempest.lib.common.rest_client [req-b98a6360-a4dd-4bb3-a787-780b66205d96 req-b98a6360-a4dd-4bb3-a787-780b66205d96 ] Request (HostsAdminTestJSON:setUpClass): 201 POST http://10.180.1.21/identity/v3/users 0.093s
2025-02-20 15:06:28.690 63647 INFO tempest.lib.common.rest_client [req-2fc4400c-9d8e-4761-85f5-5d077a50ecd5 req-2fc4400c-9d8e-4761-85f5-5d077a50ecd5 ] Request (HostsAdminTestJSON:setUpClass): 200 GET http://10.180.1.21/identity/v3/roles 0.086s
2025-02-20 15:06:28.735 63647 INFO tempest.lib.common.rest_client [req-1a9d5fdc-def1-458b-ab7b-cd060989adc2 req-1a9d5fdc-def1-458b-ab7b-cd060989adc2 ] Request (HostsAdminTestJSON:setUpClass): 204 PUT http://10.180.1.21/identity/v3/projects/2470ff3f63aa490e8d197d07225c3957/users/fee3817cab8349c5a6cdcf2454a2d8fe/roles/6297f0ab2a3a454ca120442ea8ac85a0 0.044s
2025-02-20 15:06:28.735 63647 INFO tempest.lib.common.dynamic_creds [-] Dynamic test user fee3817cab8349c5a6cdcf2454a2d8fe is created with scope project and roles: ['member']
2025-02-20 15:06:28.736 63647 INFO tempest.lib.common.dynamic_creds [-] Acquired dynamic creds: credentials: Credentials: {'domain_id': 'default', 'domain_name': 'Default', 'username': 'tempest-HostsAdminTestJSON-1806544243-project-member', 'project_domain_id': 'default', 'project_domain_name': 'Default', 'project_id': '2470ff3f63aa490e8d197d07225c3957', 'project_name': 'tempest-HostsAdminTestJSON-1806544243', 'tenant_id': '2470ff3f63aa490e8d197d07225c3957', 'tenant_name': 'tempest-HostsAdminTestJSON-1806544243', 'user_domain_id': 'default', 'user_domain_name': 'Default', 'user_id': 'fee3817cab8349c5a6cdcf2454a2d8fe', 'system': None}, Network: None, Subnet: None, Router: None
2025-02-20 15:06:28.736 63647 INFO tempest.lib.common.dynamic_creds [-] Created isolated network resources for: credentials: Credentials: {'domain_id': 'default', 'domain_name': 'Default', 'username': 'tempest-HostsAdminTestJSON-1806544243-project-member', 'project_domain_id': 'default', 'project_domain_name': 'Default', 'project_id': '2470ff3f63aa490e8d197d07225c3957', 'project_name': 'tempest-HostsAdminTestJSON-1806544243', 'tenant_id': '2470ff3f63aa490e8d197d07225c3957', 'tenant_name': 'tempest-HostsAdminTestJSON-1806544243', 'user_domain_id': 'default', 'user_domain_name': 'Default', 'user_id': 'fee3817cab8349c5a6cdcf2454a2d8fe', 'system': None}, Network: None, Subnet: None, Router: None
2025-02-20 15:06:28.742 63635 INFO tempest.lib.common.rest_client [req-ebec1d9f-6c4a-4806-968a-0d1e0ec84c4d req-ebec1d9f-6c4a-4806-968a-0d1e0ec84c4d ] Request (QuotaClassesAdminTestJSON:test_update_default_quotas): 200 GET http://10.180.1.21/compute/v2.1/os-quota-class-sets/default 2.033s
2025-02-20 15:06:28.819 63647 INFO tempest.lib.common.rest_client [req-ce364e44-50d7-4d89-8da6-c7b66788c1a6 req-ce364e44-50d7-4d89-8da6-c7b66788c1a6 ] Request (HostsAdminTestJSON:setUpClass): 201 POST http://10.180.1.21/identity/v3/auth/tokens 0.078s
2025-02-20 15:06:28.881 63679 INFO tempest.lib.common.rest_client [req-bd412e52-cb79-4cb1-a4f1-96545684378e req-bd412e52-cb79-4cb1-a4f1-96545684378e ] Request (QuotasAdminNegativeTest:test_create_server_when_instances_quota_is_full): 200 GET http://10.180.1.21/compute/v2.1/os-quota-sets/f3864d8f81e646cfa4a82668a6c91928 2.142s
2025-02-20 15:06:28.893 63647 INFO tempest.lib.common.rest_client [req-d7fcda09-2fac-4838-a168-4c0eeb114c58 req-d7fcda09-2fac-4838-a168-4c0eeb114c58 ] Request (HostsAdminTestJSON:setUpClass): 201 POST http://10.180.1.21/identity/v3/projects 0.074s
2025-02-20 15:06:28.908 63685 INFO tempest.lib.common.rest_client [req-4debfa2a-bb24-44bb-83ca-f8952cabe2f0 req-4debfa2a-bb24-44bb-83ca-f8952cabe2f0 ] Request (FlavorsV261TestJSON:_run_cleanups): 200 GET http://10.180.1.21/compute/v2.1/flavors/detail 2.148s
2025-02-20 15:06:28.915 63657 INFO tempest.lib.common.rest_client [req-49badaf9-c9cd-4d87-b6d9-07342676a66b req-49badaf9-c9cd-4d87-b6d9-07342676a66b ] Request (QuotasAdminTestV257:tearDownClass): 200 GET http://10.180.1.21:9696/networking/v2.0/security-groups?tenant_id=25811986e1da4ea1bcfd333ae6fce72c&name=default 0.530s
2025-02-20 15:06:28.951 63654 INFO tempest.lib.common.rest_client [req-e33620b1-0dc4-429e-b301-3a5b7b457b1e req-e33620b1-0dc4-429e-b301-3a5b7b457b1e ] Request (FlavorsAdminTestJSON:_run_cleanups): 200 GET http://10.180.1.21/compute/v2.1/flavors/detail 2.175s
2025-02-20 15:06:29.003 63647 INFO tempest.lib.common.rest_client [req-1869f575-5787-4be9-9bd3-b7a6755f4290 req-1869f575-5787-4be9-9bd3-b7a6755f4290 ] Request (HostsAdminTestJSON:setUpClass): 201 POST http://10.180.1.21/identity/v3/users 0.109s
2025-02-20 15:06:29.073 63685 INFO tempest.lib.common.rest_client [req-023e6407-be39-43bc-b4a1-b27e9036a7dd req-023e6407-be39-43bc-b4a1-b27e9036a7dd ] Request (FlavorsV261TestJSON:tearDownClass): 204 DELETE http://10.180.1.21/identity/v3/users/4cde6885261a4c759bd58bd0ec4d2005 0.144s
2025-02-20 15:06:29.103 63673 INFO tempest.lib.common.rest_client [req-10feb2c7-33a1-40bd-9305-d0d72946d916 req-10feb2c7-33a1-40bd-9305-d0d72946d916 ] Request (DeleteServersTestJSON:setUpClass): 201 POST http://10.180.1.21:9696/networking/v2.0/networks 0.512s
2025-02-20 15:06:29.129 63647 INFO tempest.lib.common.rest_client [req-09a3aa12-bf6a-4d23-bdcc-d97f4009c0c8 req-09a3aa12-bf6a-4d23-bdcc-d97f4009c0c8 ] Request (HostsAdminTestJSON:setUpClass): 200 GET http://10.180.1.21/identity/v3/roles 0.125s
2025-02-20 15:06:29.151 63657 INFO tempest.lib.common.rest_client [req-c97ab8ad-9b38-4efb-9018-e7fd5c3d8c13 req-c97ab8ad-9b38-4efb-9018-e7fd5c3d8c13 ] Request (QuotasAdminTestV257:tearDownClass): 204 DELETE http://10.180.1.21:9696/networking/v2.0/security-groups/d3aa0354-2d4e-478d-9dc9-8c97b287381c 0.235s
2025-02-20 15:06:29.166 63647 INFO tempest.lib.common.rest_client [req-1b1e7c5f-48cf-4bc6-9550-7c842e1c604d req-1b1e7c5f-48cf-4bc6-9550-7c842e1c604d ] Request (HostsAdminTestJSON:setUpClass): 204 PUT http://10.180.1.21/identity/v3/projects/4ccdd14a8eca40188ce7580caba1cd4a/users/1a8fefb9eaa84a4c9415f6a7075591af/roles/9867ee18a78c4bd1948d383b80f71d95 0.036s
2025-02-20 15:06:29.180 63671 INFO tempest.lib.common.rest_client [req-3a57cb65-38ce-4c7b-9dea-752aeabd04f0 req-3a57cb65-38ce-4c7b-9dea-752aeabd04f0 ] Request (FlavorsExtraSpecsNegativeTestJSON:test_flavor_non_admin_update_specific_key): 200 POST http://10.180.1.21/compute/v2.1/flavors/1981553817/os-extra_specs 2.361s
2025-02-20 15:06:29.182 63685 INFO tempest.lib.common.rest_client [req-43b608dc-4113-4623-977b-751ae6c23230 req-43b608dc-4113-4623-977b-751ae6c23230 ] Request (FlavorsV261TestJSON:tearDownClass): 204 DELETE http://10.180.1.21/identity/v3/users/f78fd040c76f49b0a5d108c8a2c83888 0.109s
2025-02-20 15:06:29.182 63685 INFO tempest.lib.common.dynamic_creds [-] Deleting project and security group for project: d6ed85e98f0e4a899a8a5e9b7dc3dbe0
2025-02-20 15:06:29.197 63645 INFO tempest.lib.common.rest_client [req-c581d755-be3b-40aa-9d9a-c33f0b1b1929 req-c581d755-be3b-40aa-9d9a-c33f0b1b1929 ] Request (FlavorsV2TestJSON:test_list_flavors_detailed_limit_results): 200 GET http://10.180.1.21/compute/v2.1/flavors/detail?limit=1 2.375s
2025-02-20 15:06:29.215 63631 INFO tempest.lib.common.rest_client [req-4b2b5591-c933-48a5-aaa0-da30b1805638 req-4b2b5591-c933-48a5-aaa0-da30b1805638 ] Request (FlavorsExtraSpecsTestJSON:test_flavor_set_get_update_show_unset_keys): 200 POST http://10.180.1.21/compute/v2.1/flavors/809596667/os-extra_specs 2.329s
2025-02-20 15:06:29.250 63647 INFO tempest.lib.common.rest_client [req-31c5e82f-4211-4251-9246-28598a168a1c req-31c5e82f-4211-4251-9246-28598a168a1c ] Request (HostsAdminTestJSON:setUpClass): 200 GET http://10.180.1.21/identity/v3/roles 0.082s
2025-02-20 15:06:29.250 63681 INFO tempest.lib.common.rest_client [req-4212575a-b4a7-4426-9f96-d4d9c3ce4fc8 req-4212575a-b4a7-4426-9f96-d4d9c3ce4fc8 ] Request (FloatingIPDetailsTestJSON:setUpClass): 200 POST http://10.180.1.21/compute/v2.1/os-floating-ips 4.100s
2025-02-20 15:06:29.279 63685 INFO tempest.lib.common.rest_client [req-6f0a5c90-bb0c-4e95-b6bb-2c54549ff4c7 req-6f0a5c90-bb0c-4e95-b6bb-2c54549ff4c7 ] Request (FlavorsV261TestJSON:tearDownClass): 201 POST http://10.180.1.21/identity/v3/auth/tokens 0.096s
2025-02-20 15:06:29.294 63647 INFO tempest.lib.common.rest_client [req-f1c2b43b-6cb6-477b-890a-39fc4a1c56ee req-f1c2b43b-6cb6-477b-890a-39fc4a1c56ee ] Request (HostsAdminTestJSON:setUpClass): 204 PUT http://10.180.1.21/identity/v3/projects/4ccdd14a8eca40188ce7580caba1cd4a/users/1a8fefb9eaa84a4c9415f6a7075591af/roles/9867ee18a78c4bd1948d383b80f71d95 0.043s
2025-02-20 15:06:29.294 63647 INFO tempest.lib.common.dynamic_creds [-] Dynamic test user 1a8fefb9eaa84a4c9415f6a7075591af is created with scope project and roles: ['admin']
2025-02-20 15:06:29.294 63647 INFO tempest.lib.common.dynamic_creds [-] Acquired dynamic creds: credentials: Credentials: {'domain_id': 'default', 'domain_name': 'Default', 'username': 'tempest-HostsAdminTestJSON-1466075756-project-admin', 'project_domain_id': 'default', 'project_domain_name': 'Default', 'project_id': '4ccdd14a8eca40188ce7580caba1cd4a', 'project_name': 'tempest-HostsAdminTestJSON-1466075756', 'tenant_id': '4ccdd14a8eca40188ce7580caba1cd4a', 'tenant_name': 'tempest-HostsAdminTestJSON-1466075756', 'user_domain_id': 'default', 'user_domain_name': 'Default', 'user_id': '1a8fefb9eaa84a4c9415f6a7075591af', 'system': None}, Network: None, Subnet: None, Router: None
2025-02-20 15:06:29.294 63647 INFO tempest.lib.common.dynamic_creds [-] Created isolated network resources for: credentials: Credentials: {'domain_id': 'default', 'domain_name': 'Default', 'username': 'tempest-HostsAdminTestJSON-1466075756-project-admin', 'project_domain_id': 'default', 'project_domain_name': 'Default', 'project_id': '4ccdd14a8eca40188ce7580caba1cd4a', 'project_name': 'tempest-HostsAdminTestJSON-1466075756', 'tenant_id': '4ccdd14a8eca40188ce7580caba1cd4a', 'tenant_name': 'tempest-HostsAdminTestJSON-1466075756', 'user_domain_id': 'default', 'user_domain_name': 'Default', 'user_id': '1a8fefb9eaa84a4c9415f6a7075591af', 'system': None}, Network: None, Subnet: None, Router: None
2025-02-20 15:06:29.321 63657 INFO tempest.lib.common.rest_client [req-5c5082c3-325f-4467-9624-1433830cd236 req-5c5082c3-325f-4467-9624-1433830cd236 ] Request (QuotasAdminTestV257:tearDownClass): 204 DELETE http://10.180.1.21/identity/v3/projects/25811986e1da4ea1bcfd333ae6fce72c 0.170s
2025-02-20 15:06:29.404 63647 INFO tempest.lib.common.rest_client [req-0adc06db-7fdd-4272-9f2b-fa821cde112f req-0adc06db-7fdd-4272-9f2b-fa821cde112f ] Request (HostsAdminTestJSON:setUpClass): 201 POST http://10.180.1.21/identity/v3/auth/tokens 0.107s
2025-02-20 15:06:29.456 63667 INFO tempest.lib.common.rest_client [req-3fe535b9-a03a-4318-9716-c0c6a17b8b3d req-3fe535b9-a03a-4318-9716-c0c6a17b8b3d ] Request (ServerExternalEventsTest:test_create_server_external_events): 200 GET http://10.180.1.21/compute/v2.1/servers/9cdd1898-b712-49fd-8e0f-83607a848fca 2.126s
2025-02-20 15:06:29.470 63657 INFO tempest.lib.common.rest_client [req-83b214ed-234d-45b1-8666-a646226e61ca req-83b214ed-234d-45b1-8666-a646226e61ca ] Request (ServersAdminNegativeTestJSON:setUpClass): 201 POST http://10.180.1.21/identity/v3/auth/tokens 0.147s
2025-02-20 15:06:29.488 63649 INFO tempest.lib.common.rest_client [req-85341492-d591-44d8-8c93-d72a4888fae5 req-85341492-d591-44d8-8c93-d72a4888fae5 ] Request (AggregatesAdminNegativeTestJSON:_run_cleanups): 200 DELETE http://10.180.1.21/compute/v2.1/os-aggregates/1 1.491s
2025-02-20 15:06:29.510 63669 INFO tempest.lib.common.rest_client [req-bb268ce3-df5b-4b17-9526-63a00bf04c69 req-bb268ce3-df5b-4b17-9526-63a00bf04c69 ] Request (HypervisorAdminTestJSON:test_get_hypervisor_stats): 200 GET http://10.180.1.21/compute/v2.1/os-hypervisors/statistics 1.483s
2025-02-20 15:06:29.523 63677 INFO tempest.lib.common.rest_client [req-c2ac2629-413b-45fa-b0e9-75dc036e15f2 req-c2ac2629-413b-45fa-b0e9-75dc036e15f2 ] Request (HypervisorAdminNegativeTestJSON:test_get_nonexistent_hypervisor_uptime): 404 GET http://10.180.1.21/compute/v2.1/os-hypervisors/08b57714-4c8d-4185-8da4-5cd182276a3c/uptime 1.491s
2025-02-20 15:06:29.529 63657 INFO tempest.lib.common.rest_client [req-da873a94-60ef-4f71-b6ae-d38a0ec76992 req-da873a94-60ef-4f71-b6ae-d38a0ec76992 ] Request (ServersAdminNegativeTestJSON:setUpClass): 201 POST http://10.180.1.21/identity/v3/auth/tokens 0.057s
2025-02-20 15:06:29.532 63688 INFO tempest.lib.common.rest_client [req-adc48fd9-c5cf-4763-800c-586133a787bb req-adc48fd9-c5cf-4763-800c-586133a787bb ] Request (HypervisorAdminNegativeUnderV252Test:test_show_servers_with_nonexistent_hypervisor): 404 GET http://10.180.1.21/compute/v2.1/os-hypervisors/e6e70e02-f4ee-4fed-af98-11a53aa7bc35/servers 1.494s
2025-02-20 15:06:29.579 63657 INFO tempest.lib.common.rest_client [req-2651eedd-1448-4b54-a9b6-12c279ed89e8 req-2651eedd-1448-4b54-a9b6-12c279ed89e8 ] Request (ServersAdminNegativeTestJSON:setUpClass): 200 GET http://10.180.1.21/identity/v3/domains?name=Default 0.049s
2025-02-20 15:06:29.594 63675 INFO tempest.lib.common.rest_client [req-37db3156-9859-426d-981a-2d5ed4fe1cfc req-37db3156-9859-426d-981a-2d5ed4fe1cfc ] Request (ServersTestFqdnHostnames:setUpClass): 201 POST http://10.180.1.21:9696/networking/v2.0/routers 3.995s
2025-02-20 15:06:29.637 63669 INFO tempest.lib.common.rest_client [req-6bb22c42-3945-414e-b18e-07de3ba37afa req-6bb22c42-3945-414e-b18e-07de3ba37afa ] Request (HypervisorAdminTestJSON:tearDownClass): 204 DELETE http://10.180.1.21/identity/v3/users/da8d9c8417124c12955afd88d167c8a9 0.122s
2025-02-20 15:06:29.697 63688 INFO tempest.lib.common.rest_client [req-c9a97cc3-e581-4e1c-851e-b12c42fc1575 req-c9a97cc3-e581-4e1c-851e-b12c42fc1575 ] Request (HypervisorAdminNegativeUnderV252Test:tearDownClass): 204 DELETE http://10.180.1.21/identity/v3/users/61699bf0bd60446c95df3c3cd877d6b7 0.164s
2025-02-20 15:06:29.751 63641 INFO tempest.lib.common.rest_client [req-4904de6c-6c0c-44e7-818f-520ddeaecf7d req-4904de6c-6c0c-44e7-818f-520ddeaecf7d ] Request (ServerDiagnosticsTest:test_get_server_diagnostics): 200 GET http://10.180.1.21/compute/v2.1/servers/36c70e59-f58f-4ae3-bd59-9588865391d8 1.497s
2025-02-20 15:06:29.779 63657 INFO tempest.lib.common.rest_client [req-cda5f231-6413-4105-868b-56ef904e45a9 req-cda5f231-6413-4105-868b-56ef904e45a9 ] Request (ServersAdminNegativeTestJSON:setUpClass): 201 POST http://10.180.1.21/identity/v3/projects 0.200s
2025-02-20 15:06:29.805 63673 INFO tempest.lib.common.rest_client [req-da09b641-ba0b-4a16-9210-5ea926d6c78c req-da09b641-ba0b-4a16-9210-5ea926d6c78c ] Request (DeleteServersTestJSON:setUpClass): 201 POST http://10.180.1.21:9696/networking/v2.0/subnets 0.702s
2025-02-20 15:06:29.806 63669 INFO tempest.lib.common.rest_client [req-544c00d1-9d39-494a-b243-c9ddcfc7bc4b req-544c00d1-9d39-494a-b243-c9ddcfc7bc4b ] Request (HypervisorAdminTestJSON:tearDownClass): 204 DELETE http://10.180.1.21/identity/v3/users/3675a4ba24124f41971aba72824630b5 0.169s
2025-02-20 15:06:29.806 63669 INFO tempest.lib.common.dynamic_creds [-] Deleting project and security group for project: a706928dc8be4b7d8a1543aba1b13d25
2025-02-20 15:06:29.914 63657 INFO tempest.lib.common.rest_client [req-ff13c786-8cfe-4950-a4bf-e4615cddd772 req-ff13c786-8cfe-4950-a4bf-e4615cddd772 ] Request (ServersAdminNegativeTestJSON:setUpClass): 201 POST http://10.180.1.21/identity/v3/users 0.134s
2025-02-20 15:06:29.964 63669 INFO tempest.lib.common.rest_client [req-3daa112a-d31f-4a37-a90e-63a4651fb2b2 req-3daa112a-d31f-4a37-a90e-63a4651fb2b2 ] Request (HypervisorAdminTestJSON:tearDownClass): 201 POST http://10.180.1.21/identity/v3/auth/tokens 0.158s
2025-02-20 15:06:29.972 63688 INFO tempest.lib.common.rest_client [req-27ecf392-a6d1-404a-a5a6-f2f6416529a9 req-27ecf392-a6d1-404a-a5a6-f2f6416529a9 ] Request (HypervisorAdminNegativeUnderV252Test:tearDownClass): 204 DELETE http://10.180.1.21/identity/v3/users/828e1fec66a34111927adf93cdc9a520 0.274s
2025-02-20 15:06:29.972 63688 INFO tempest.lib.common.dynamic_creds [-] Deleting project and security group for project: 5c63991b75c94e149942f25eab578725
2025-02-20 15:06:30.016 63685 INFO tempest.lib.common.rest_client [req-cee9c841-fc0c-4ccc-82d6-f9eebfbd0405 req-cee9c841-fc0c-4ccc-82d6-f9eebfbd0405 ] Request (FlavorsV261TestJSON:tearDownClass): 200 GET http://10.180.1.21:9696/networking/v2.0/security-groups?tenant_id=d6ed85e98f0e4a899a8a5e9b7dc3dbe0&name=default 0.737s
2025-02-20 15:06:30.017 63657 INFO tempest.lib.common.rest_client [req-f2fd2f75-f71a-44b0-9dcd-5094cb478e58 req-f2fd2f75-f71a-44b0-9dcd-5094cb478e58 ] Request (ServersAdminNegativeTestJSON:setUpClass): 200 GET http://10.180.1.21/identity/v3/roles 0.100s
2025-02-20 15:06:30.040 63688 INFO tempest.lib.common.rest_client [req-d8379b71-1dc2-4056-adc6-3aa57ec9a5f5 req-d8379b71-1dc2-4056-adc6-3aa57ec9a5f5 ] Request (HypervisorAdminNegativeUnderV252Test:tearDownClass): 201 POST http://10.180.1.21/identity/v3/auth/tokens 0.067s
2025-02-20 15:06:30.069 63657 INFO tempest.lib.common.rest_client [req-9a7ca566-bc7b-450c-9987-22412b7b394f req-9a7ca566-bc7b-450c-9987-22412b7b394f ] Request (ServersAdminNegativeTestJSON:setUpClass): 204 PUT http://10.180.1.21/identity/v3/projects/7d48069cfa8943d3997e3acc09227fde/users/0cd5dc3427374c28ba32bcd54e677498/roles/6297f0ab2a3a454ca120442ea8ac85a0 0.052s
2025-02-20 15:06:30.070 63657 INFO tempest.lib.common.dynamic_creds [-] Dynamic test user 0cd5dc3427374c28ba32bcd54e677498 is created with scope project and roles: ['member']
2025-02-20 15:06:30.070 63657 INFO tempest.lib.common.dynamic_creds [-] Acquired dynamic creds: credentials: Credentials: {'domain_id': 'default', 'domain_name': 'Default', 'username': 'tempest-ServersAdminNegativeTestJSON-73351143-project-member', 'project_domain_id': 'default', 'project_domain_name': 'Default', 'project_id': '7d48069cfa8943d3997e3acc09227fde', 'project_name': 'tempest-ServersAdminNegativeTestJSON-73351143', 'tenant_id': '7d48069cfa8943d3997e3acc09227fde', 'tenant_name': 'tempest-ServersAdminNegativeTestJSON-73351143', 'user_domain_id': 'default', 'user_domain_name': 'Default', 'user_id': '0cd5dc3427374c28ba32bcd54e677498', 'system': None}, Network: None, Subnet: None, Router: None
2025-02-20 15:06:30.070 63657 INFO tempest.lib.common.dynamic_creds [-] Created isolated network resources for: credentials: Credentials: {'domain_id': 'default', 'domain_name': 'Default', 'username': 'tempest-ServersAdminNegativeTestJSON-73351143-project-member', 'project_domain_id': 'default', 'project_domain_name': 'Default', 'project_id': '7d48069cfa8943d3997e3acc09227fde', 'project_name': 'tempest-ServersAdminNegativeTestJSON-73351143', 'tenant_id': '7d48069cfa8943d3997e3acc09227fde', 'tenant_name': 'tempest-ServersAdminNegativeTestJSON-73351143', 'user_domain_id': 'default', 'user_domain_name': 'Default', 'user_id': '0cd5dc3427374c28ba32bcd54e677498', 'system': None}, Network: None, Subnet: None, Router: None
2025-02-20 15:06:30.151 63657 INFO tempest.lib.common.rest_client [req-a22f4107-c32f-4a19-b949-35ca258ac847 req-a22f4107-c32f-4a19-b949-35ca258ac847 ] Request (ServersAdminNegativeTestJSON:setUpClass): 201 POST http://10.180.1.21/identity/v3/auth/tokens 0.073s
2025-02-20 15:06:30.183 63657 INFO tempest.lib.common.rest_client [req-a9ddb44c-f32a-45da-b19a-bc1e37df5543 req-a9ddb44c-f32a-45da-b19a-bc1e37df5543 ] Request (ServersAdminNegativeTestJSON:setUpClass): 201 POST http://10.180.1.21/identity/v3/projects 0.031s
2025-02-20 15:06:30.245 63657 INFO tempest.lib.common.rest_client [req-a0dfdee1-6eac-484c-94bd-1609e4c700af req-a0dfdee1-6eac-484c-94bd-1609e4c700af ] Request (ServersAdminNegativeTestJSON:setUpClass): 201 POST http://10.180.1.21/identity/v3/users 0.061s
2025-02-20 15:06:30.262 63655 INFO tempest.lib.common.rest_client [req-82814c28-14ab-4f0d-a736-ab8f54ed82ff req-82814c28-14ab-4f0d-a736-ab8f54ed82ff ] Request (ServerPasswordTestJSON:setUpClass): 202 POST http://10.180.1.21/compute/v2.1/servers 2.503s
2025-02-20 15:06:30.275 63657 INFO tempest.lib.common.rest_client [req-ebe66f30-840e-463e-b7fa-97857e5c3ebe req-ebe66f30-840e-463e-b7fa-97857e5c3ebe ] Request (ServersAdminNegativeTestJSON:setUpClass): 200 GET http://10.180.1.21/identity/v3/roles 0.030s
2025-02-20 15:06:30.276 63663 INFO tempest.lib.common.rest_client [req-663b79a1-f395-4e0d-926f-6be473bd332a req-663b79a1-f395-4e0d-926f-6be473bd332a ] Request (ServersWithSpecificFlavorTestJSON:test_verify_created_server_ephemeral_disk): 200 GET http://10.180.1.21/compute/v2.1/flavors/42/os-extra_specs 1.978s
2025-02-20 15:06:30.300 63689 INFO tempest.lib.common.rest_client [req-c1dcfb89-4b48-4118-ba57-88f295dbcf85 req-c1dcfb89-4b48-4118-ba57-88f295dbcf85 ] Request (FlavorsV255TestJSON:_run_cleanups): 202 DELETE http://10.180.1.21/compute/v2.1/flavors/899454545 1.970s
2025-02-20 15:06:30.325 63657 INFO tempest.lib.common.rest_client [req-fb09921a-a461-4c99-8ea5-a590a1a95677 req-fb09921a-a461-4c99-8ea5-a590a1a95677 ] Request (ServersAdminNegativeTestJSON:setUpClass): 204 PUT http://10.180.1.21/identity/v3/projects/e724aa11786e49bbb2b8bf8f78cfeb5c/users/f8ebb726dea340beb0b098f4fa268035/roles/9867ee18a78c4bd1948d383b80f71d95 0.048s
2025-02-20 15:06:30.330 63683 INFO tempest.lib.common.rest_client [req-eabcffcc-41e1-45c2-87e4-141c3e3b46f9 req-eabcffcc-41e1-45c2-87e4-141c3e3b46f9 ] Request (FlavorsAccessTestJSON:_run_cleanups): 200 GET http://10.180.1.21/compute/v2.1/flavors/detail 1.986s
2025-02-20 15:06:30.368 63643 INFO tempest.lib.common.rest_client [req-f1fd55a9-681c-4431-82cf-6490d8002386 req-f1fd55a9-681c-4431-82cf-6490d8002386 ] Request (KeyPairsNegativeTestJSON:test_keypair_create_with_invalid_pub_key): 400 POST http://10.180.1.21/compute/v2.1/os-keypairs 2.018s
2025-02-20 15:06:30.376 63627 INFO tempest.lib.common.rest_client [req-aa04c418-3ff5-440c-9b91-4ef812211c7d req-aa04c418-3ff5-440c-9b91-4ef812211c7d ] Request (HostsAdminNegativeTestJSON:test_shutdown_host_with_non_admin_user): 403 GET http://10.180.1.21/compute/v2.1/os-hosts/devstack/shutdown 2.015s
2025-02-20 15:06:30.406 63665 INFO tempest.lib.common.rest_client [req-c659c07c-48a3-4f64-a721-94ab9843f809 req-c659c07c-48a3-4f64-a721-94ab9843f809 ] Request (InstanceActionsNegativeTestJSON:setUpClass): 200 PUT http://10.180.1.21:9696/networking/v2.0/routers/da25ad1a-5d77-4798-b10a-8cf06d36c6e3/add_router_interface 2.072s
