2025-02-20 15:08:01.966 63689 INFO tempest.lib.common.rest_client [req-dc997994-5617-4e61-a8ec-908599c073cc req-dc997994-5617-4e61-a8ec-908599c073cc ] Request (ImagesTestJSON:test_create_image_from_stopped_server): 200 GET http://10.180.1.21/compute/v2.1/images/f39dd41a-91af-4a46-8e07-647eee545313 0.682s
2025-02-20 15:08:02.018 63685 INFO tempest.lib.common.rest_client [req-1e82a990-fc72-48d9-a421-71c0af40158f req-1e82a990-fc72-48d9-a421-71c0af40158f ] Request (ServersNegativeTestMultiTenantJSON:setUpClass): 200 GET http://10.180.1.21/compute/v2.1/servers/090d4a37-b802-4dc6-909f-9abd1cd31bb2 0.675s
2025-02-20 15:08:02.027 63685 INFO tempest.common.waiters [-] State transition "BUILD/scheduling" ==> "BUILD/None" after 46 second wait
2025-02-20 15:08:02.068 63649 INFO tempest.lib.common.rest_client [req-cec77fc2-31ce-42fb-a9f4-8e1ad9de97ea req-cec77fc2-31ce-42fb-a9f4-8e1ad9de97ea ] Request (ServerMetadataNegativeTestJSON:setUpClass): 200 GET http://10.180.1.21/compute/v2.1/servers/1a8ea490-d495-4aec-8618-d450300c95bd 0.674s
2025-02-20 15:08:02.100 63637 INFO tempest.lib.common.rest_client [req-3d32166f-8aea-4575-81d9-5bca65da53ed req-3d32166f-8aea-4575-81d9-5bca65da53ed ] Request (ImagesOneServerTestJSON:test_create_image_specify_multibyte_character_image_name): 200 GET http://10.180.1.21/compute/v2.1/images/cb190bcd-b451-4b6e-b990-6f70d87abf99 0.683s
2025-02-20 15:08:02.176 63679 INFO tempest.lib.common.rest_client [req-1c67300e-090a-4037-9c50-a45a7f4f89d0 req-1c67300e-090a-4037-9c50-a45a7f4f89d0 ] Request (ServersAdmin275Test:_run_cleanups): 200 GET http://10.180.1.21/compute/v2.1/servers/aed994a0-1568-47e7-84d2-2bbdd70b7fbf 0.754s
2025-02-20 15:08:02.242 63645 INFO tempest.lib.common.rest_client [req-95cc1c49-3f9d-4da2-b4e3-73792a37fcfb req-95cc1c49-3f9d-4da2-b4e3-73792a37fcfb ] Request (SecurityGroupsTestJSON:test_list_security_groups_by_server): 200 GET http://10.180.1.21/compute/v2.1/servers/159ca879-6987-4172-ba28-5bc3592daded 0.760s
2025-02-20 15:08:02.293 63633 INFO tempest.lib.common.rest_client [req-30e0cab6-685e-4ca4-a33e-b48267555007 req-30e0cab6-685e-4ca4-a33e-b48267555007 ] Request (ListServersNegativeTestJSON:tearDownClass): 200 GET http://10.180.1.21/compute/v2.1/servers/d4213b95-e4c2-42e4-94f9-f3b1848bf783 0.742s
2025-02-20 15:08:02.310 63673 INFO tempest.lib.common.rest_client [req-603df297-2128-4125-8f86-f155ddd971fe req-603df297-2128-4125-8f86-f155ddd971fe ] Request (DeleteServersTestJSON:test_delete_active_server): 404 GET http://10.180.1.21/compute/v2.1/servers/f7641e0e-f7ad-4c83-af28-d86c20d65583 0.693s
2025-02-20 15:08:02.356 63683 INFO tempest.lib.common.rest_client [req-142cb278-08ae-4bda-b562-a3c4ad39236a req-142cb278-08ae-4bda-b562-a3c4ad39236a ] Request (MultipleCreateTestJSON:test_multiple_create): 200 GET http://10.180.1.21/compute/v2.1/servers/7e4dfe48-66be-458e-a142-b5d039d1306a 0.682s
2025-02-20 15:08:02.371 63673 INFO tempest.lib.common.rest_client [req-46dcd46d-0a0e-482b-a68e-17d56388e2dd req-46dcd46d-0a0e-482b-a68e-17d56388e2dd ] Request (DeleteServersTestJSON:test_delete_server_while_in_attached_volume): 201 POST http://10.180.1.21/identity/v3/auth/tokens 0.055s
2025-02-20 15:08:02.371 63673 INFO tempest.lib.common.fixed_network [-] (DeleteServersTestJSON:test_delete_server_while_in_attached_volume) Found network {'id': '7acf80af-8ada-40b4-ba9d-e5aaff4c19e2', 'name': 'tempest-DeleteServersTestJSON-641377778-network', 'tenant_id': 'd8ede1c995fa48d1b5b23266b015ca05', 'admin_state_up': True, 'mtu': 8950, 'status': 'ACTIVE', 'subnets': [], 'shared': False, 'project_id': 'd8ede1c995fa48d1b5b23266b015ca05', 'port_security_enabled': True, 'router:external': False, 'provider:network_type': 'vlan', 'provider:physical_network': 'default', 'provider:segmentation_id': 271, 'availability_zone_hints': [], 'availability_zones': [], 'ipv4_address_scope': None, 'ipv6_address_scope': None, 'description': '', 'tags': [], 'created_at': '2025-02-20T15:06:28Z', 'updated_at': '2025-02-20T15:06:28Z', 'revision_number': 1} available for tenant
2025-02-20 15:08:02.442 63669 INFO tempest.lib.common.rest_client [req-c1b267ef-8dde-404e-bde3-3ec12278698e req-c1b267ef-8dde-404e-bde3-3ec12278698e ] Request (AttachInterfacesV270Test:test_create_get_list_interfaces): 400 POST http://10.180.1.21/compute/v2.1/servers/e326a358-f9de-48db-a7ef-a11636ec7c07/os-interface 3.039s
2025-02-20 15:08:02.443 63647 INFO tempest.lib.common.rest_client [req-1fb169df-da05-4234-9e29-a9beaf10bd39 req-1fb169df-da05-4234-9e29-a9beaf10bd39 ] Request (ImagesOneServerNegativeTestJSON:setUpClass): 200 GET http://10.180.1.21/compute/v2.1/servers/f84492b5-d1ea-4ef0-983e-7e5039fcb3fe 0.669s
2025-02-20 15:08:02.451 63647 INFO tempest.common.waiters [-] State transition "BUILD/spawning" ==> "ACTIVE/None" after 66 second wait
2025-02-20 15:08:02.492 63639 INFO tempest.lib.common.rest_client [req-f8043d14-26f0-489a-b75a-0c6b00fd5edd req-f8043d14-26f0-489a-b75a-0c6b00fd5edd ] Request (VolumesAdminNegativeTest:test_update_attached_volume_with_nonexistent_volume_in_body): 200 GET http://10.180.1.21/compute/v2.1/servers/43daa061-8ca8-4e4f-9c12-44eedd288acd 0.668s
2025-02-20 15:08:02.546 63631 INFO tempest.lib.common.rest_client [req-16c302ed-d158-42dd-8b9b-38dce5a7aaeb req-16c302ed-d158-42dd-8b9b-38dce5a7aaeb ] Request (AttachVolumeShelveTestJSON:test_attach_volume_shelved_or_offload_server): 200 GET http://10.180.1.21/compute/v2.1/servers/feb7d9ed-c1d5-40c6-8f6c-c5e138b58269 0.521s
2025-02-20 15:08:02.551 63627 INFO tempest.lib.common.rest_client [req-0db578b4-f236-4700-b965-5f98ed8f620c req-0db578b4-f236-4700-b965-5f98ed8f620c ] Request (MigrationsAdminTest:test_list_migrations_in_flavor_resize_situation): 200 GET http://10.180.1.21/compute/v2.1/servers/f712100c-2d2a-45b7-aa3c-5855baa58a77 0.583s
2025-02-20 15:08:02.594 63635 INFO tempest.lib.common.rest_client [req-30e18b40-d2e5-4ed3-a6f2-1050b0bd7fde req-30e18b40-d2e5-4ed3-a6f2-1050b0bd7fde ] Request (ListImageFiltersTestJSON:setUpClass): 200 GET http://10.180.1.21/compute/v2.1/servers/e2d1e14a-adc0-4dd8-8ce4-9844717d10d7 0.518s
2025-02-20 15:08:02.672 63669 INFO tempest.lib.common.rest_client [req-c03fb49e-e713-4058-855a-9ebbd71006ee req-c03fb49e-e713-4058-855a-9ebbd71006ee ] Request (AttachInterfacesV270Test:tearDownClass): 204 DELETE http://10.180.1.21/compute/v2.1/servers/e326a358-f9de-48db-a7ef-a11636ec7c07 0.223s
2025-02-20 15:08:02.798 63647 INFO tempest.lib.common.rest_client [req-a7c85f80-9568-4f9b-9e20-7a31af6f1d91 req-a7c85f80-9568-4f9b-9e20-7a31af6f1d91 ] Request (ImagesOneServerNegativeTestJSON:setUp): 200 GET http://10.180.1.21/compute/v2.1/servers/f84492b5-d1ea-4ef0-983e-7e5039fcb3fe 0.346s
2025-02-20 15:08:02.855 63681 INFO tempest.lib.common.rest_client [req-d9dbd068-4f99-4b56-a10c-8930c9cf0efa req-d9dbd068-4f99-4b56-a10c-8930c9cf0efa ] Request (ServersV294TestFqdnHostnames:setUpClass): 200 GET http://10.180.1.21/compute/v2.1/servers/5115d225-d919-423e-a06a-abda789c9728 0.375s
2025-02-20 15:08:02.907 63657 INFO tempest.lib.common.rest_client [req-8391cf6a-28a8-4fd6-b1a6-e47c59805ec0 req-8391cf6a-28a8-4fd6-b1a6-e47c59805ec0 ] Request (ServersAdminNegativeTestJSON:test_migrate_server_invalid_state): 200 GET http://10.180.1.21/compute/v2.1/servers/b77d178a-2937-4dac-a312-ce924b4f3f36 0.365s
2025-02-20 15:08:02.964 63661 INFO tempest.lib.common.rest_client [req-8e14b11c-ea42-46ca-9a08-77f9a16f99fa req-8e14b11c-ea42-46ca-9a08-77f9a16f99fa ] Request (ServersTestJSON:test_create_server_specify_multibyte_character_name): 200 GET http://10.180.1.21/compute/v2.1/servers/c95e9301-0004-4ed7-a2da-1cba22371eaf 0.371s
2025-02-20 15:08:02.970 63673 INFO tempest.lib.common.rest_client [req-7bf4f2de-ffa3-4a0e-83cd-16ac83d1a59a req-7bf4f2de-ffa3-4a0e-83cd-16ac83d1a59a ] Request (DeleteServersTestJSON:test_delete_server_while_in_attached_volume): 202 POST http://10.180.1.21/compute/v2.1/servers 0.598s
2025-02-20 15:08:03.093 63629 INFO tempest.lib.common.rest_client [req-222d1371-2113-4921-a585-32b7a1088b07 req-222d1371-2113-4921-a585-32b7a1088b07 ] Request (ServersAdminTestJSON:test_create_server_with_scheduling_hint): 200 GET http://10.180.1.21/compute/v2.1/servers/5bbd2152-efa9-4c21-aa2a-d4df4ae4891d 0.377s
2025-02-20 15:08:03.150 63669 INFO tempest.lib.common.rest_client [req-874a4dc9-fd9d-4720-8ede-a5afa1a15ab1 req-874a4dc9-fd9d-4720-8ede-a5afa1a15ab1 ] Request (AttachInterfacesV270Test:tearDownClass): 200 GET http://10.180.1.21/compute/v2.1/servers/e326a358-f9de-48db-a7ef-a11636ec7c07 0.478s
2025-02-20 15:08:03.150 63655 INFO tempest.lib.common.rest_client [req-21ec3baf-dae3-4d74-849e-ac0fc11239e8 req-21ec3baf-dae3-4d74-849e-ac0fc11239e8 ] Request (ServerRescueTestJSONUnderV235:setUpClass): 200 GET http://10.180.1.21/compute/v2.1/servers/02942cf6-fe72-4f77-9d87-ac9287527317 0.373s
2025-02-20 15:08:03.156 63647 INFO tempest.lib.common.rest_client [req-ea0cb5e2-7933-4022-8464-9f3b375483d1 req-ea0cb5e2-7933-4022-8464-9f3b375483d1 ] Request (ImagesOneServerNegativeTestJSON:test_create_image_specify_invalid_metadata): 400 POST http://10.180.1.21/compute/v2.1/servers/f84492b5-d1ea-4ef0-983e-7e5039fcb3fe/action 0.348s
2025-02-20 15:08:03.204 63651 INFO tempest.lib.common.rest_client [req-6570dca7-53ea-4f6c-ab1a-70de4fbb549b req-6570dca7-53ea-4f6c-ab1a-70de4fbb549b ] Request (DeleteServersAdminTestJSON:test_delete_server_while_in_error_state): 200 GET http://10.180.1.21/compute/v2.1/servers/a1bb506c-b8ca-4887-bf41-f59b5bdd96c7 0.377s
2025-02-20 15:08:03.209 63654 INFO tempest.lib.common.rest_client [req-b5a65aa4-0421-468f-9e97-3e1b62527772 req-b5a65aa4-0421-468f-9e97-3e1b62527772 ] Request (FloatingIPsAssociationNegativeTestJSON:setUpClass): 200 GET http://10.180.1.21/compute/v2.1/servers/986ddb2d-7aeb-457d-9b8a-da57829421f7 0.317s
2025-02-20 15:08:03.240 63689 INFO tempest.lib.common.rest_client [req-062697f0-2051-41f6-9882-317226fa7844 req-062697f0-2051-41f6-9882-317226fa7844 ] Request (ImagesTestJSON:test_create_image_from_stopped_server): 200 GET http://10.180.1.21/compute/v2.1/images/f39dd41a-91af-4a46-8e07-647eee545313 0.269s
2025-02-20 15:08:03.258 63643 INFO tempest.lib.common.rest_client [req-8c4be17d-b56b-4d53-86ae-5a36ad7d5032 req-8c4be17d-b56b-4d53-86ae-5a36ad7d5032 ] Request (ServersTestBootFromVolume:setUpClass): 200 GET http://10.180.1.21/compute/v2.1/servers/1bdd687f-a5ad-435e-a659-46c35becc981 0.316s
2025-02-20 15:08:03.298 63673 INFO tempest.lib.common.rest_client [req-11090e9e-c29b-4f43-92f3-cffec9b7a794 req-11090e9e-c29b-4f43-92f3-cffec9b7a794 ] Request (DeleteServersTestJSON:test_delete_server_while_in_attached_volume): 200 GET http://10.180.1.21/compute/v2.1/servers/f30e9f63-42de-49b6-8384-09a8ba917d28 0.324s
2025-02-20 15:08:03.308 63685 INFO tempest.lib.common.rest_client [req-86a36486-422d-4bd9-b8c1-9cfdc0bbea35 req-86a36486-422d-4bd9-b8c1-9cfdc0bbea35 ] Request (ServersNegativeTestMultiTenantJSON:setUpClass): 200 GET http://10.180.1.21/compute/v2.1/servers/090d4a37-b802-4dc6-909f-9abd1cd31bb2 0.279s
2025-02-20 15:08:03.337 63637 INFO tempest.lib.common.rest_client [req-d84803f5-a5a3-46a7-8707-760640bd645e req-d84803f5-a5a3-46a7-8707-760640bd645e ] Request (ImagesOneServerTestJSON:test_create_image_specify_multibyte_character_image_name): 200 GET http://10.180.1.21/compute/v2.1/images/cb190bcd-b451-4b6e-b990-6f70d87abf99 0.233s
2025-02-20 15:08:03.345 63649 INFO tempest.lib.common.rest_client [req-d6468514-7bb9-4713-b718-95986e4eb583 req-d6468514-7bb9-4713-b718-95986e4eb583 ] Request (ServerMetadataNegativeTestJSON:setUpClass): 200 GET http://10.180.1.21/compute/v2.1/servers/1a8ea490-d495-4aec-8618-d450300c95bd 0.269s
2025-02-20 15:08:03.418 63679 INFO tempest.lib.common.rest_client [req-9461e2f8-c978-40df-a437-cf199a726a4a req-9461e2f8-c978-40df-a437-cf199a726a4a ] Request (ServersAdmin275Test:_run_cleanups): 200 GET http://10.180.1.21/compute/v2.1/servers/aed994a0-1568-47e7-84d2-2bbdd70b7fbf 0.231s
2025-02-20 15:08:03.448 63647 INFO tempest.lib.common.rest_client [req-7ca6c4d7-6013-4f35-8a00-555f411639d1 req-7ca6c4d7-6013-4f35-8a00-555f411639d1 ] Request (ImagesOneServerNegativeTestJSON:tearDown): 200 GET http://10.180.1.21/compute/v2.1/servers/f84492b5-d1ea-4ef0-983e-7e5039fcb3fe 0.290s
2025-02-20 15:08:03.470 63645 INFO tempest.lib.common.rest_client [req-3bb1303f-6a30-4f7d-a999-23942a5e2fd2 req-3bb1303f-6a30-4f7d-a999-23942a5e2fd2 ] Request (SecurityGroupsTestJSON:test_list_security_groups_by_server): 200 GET http://10.180.1.21/compute/v2.1/servers/159ca879-6987-4172-ba28-5bc3592daded 0.219s
2025-02-20 15:08:03.517 63633 INFO tempest.lib.common.rest_client [req-b2086477-6eae-42f6-9529-6798ae2c422b req-b2086477-6eae-42f6-9529-6798ae2c422b ] Request (ListServersNegativeTestJSON:tearDownClass): 200 GET http://10.180.1.21/compute/v2.1/servers/d4213b95-e4c2-42e4-94f9-f3b1848bf783 0.217s
2025-02-20 15:08:03.530 63683 INFO tempest.lib.common.rest_client [req-ae96df9c-4226-4a36-b321-6733cd3f02c6 req-ae96df9c-4226-4a36-b321-6733cd3f02c6 ] Request (MultipleCreateTestJSON:test_multiple_create): 200 GET http://10.180.1.21/compute/v2.1/servers/7e4dfe48-66be-458e-a142-b5d039d1306a 0.167s
2025-02-20 15:08:03.588 63639 INFO tempest.lib.common.rest_client [req-b5230a7d-af4d-438b-b1bc-807bc5bdf9e8 req-b5230a7d-af4d-438b-b1bc-807bc5bdf9e8 ] Request (VolumesAdminNegativeTest:test_update_attached_volume_with_nonexistent_volume_in_body): 200 GET http://10.180.1.21/compute/v2.1/servers/43daa061-8ca8-4e4f-9c12-44eedd288acd 0.088s
2025-02-20 15:08:03.631 63647 INFO tempest.lib.common.rest_client [req-1dcde194-826f-41f8-a3a6-6d39fc7cf57c req-1dcde194-826f-41f8-a3a6-6d39fc7cf57c ] Request (ImagesOneServerNegativeTestJSON:setUp): 200 GET http://10.180.1.21/compute/v2.1/servers/f84492b5-d1ea-4ef0-983e-7e5039fcb3fe 0.175s
2025-02-20 15:08:03.645 63631 INFO tempest.lib.common.rest_client [req-6f723970-61b7-47d3-a47e-befbe2d83f18 req-6f723970-61b7-47d3-a47e-befbe2d83f18 ] Request (AttachVolumeShelveTestJSON:test_attach_volume_shelved_or_offload_server): 200 GET http://10.180.1.21/compute/v2.1/servers/feb7d9ed-c1d5-40c6-8f6c-c5e138b58269 0.089s
2025-02-20 15:08:03.696 63635 INFO tempest.lib.common.rest_client [req-64e026fb-4638-4453-9699-09e0453351cb req-64e026fb-4638-4453-9699-09e0453351cb ] Request (ListImageFiltersTestJSON:setUpClass): 200 GET http://10.180.1.21/compute/v2.1/servers/e2d1e14a-adc0-4dd8-8ce4-9844717d10d7 0.093s
2025-02-20 15:08:03.703 63647 INFO tempest.lib.common.rest_client [req-9067be49-df67-48cf-ba50-785c1a4c6da1 req-9067be49-df67-48cf-ba50-785c1a4c6da1 ] Request (ImagesOneServerNegativeTestJSON:test_create_image_specify_metadata_over_limits): 400 POST http://10.180.1.21/compute/v2.1/servers/f84492b5-d1ea-4ef0-983e-7e5039fcb3fe/action 0.064s
2025-02-20 15:08:03.765 63627 INFO tempest.lib.common.rest_client [req-1b10a975-f1d9-4877-a8bc-d7037455298f req-1b10a975-f1d9-4877-a8bc-d7037455298f ] Request (MigrationsAdminTest:test_list_migrations_in_flavor_resize_situation): 200 GET http://10.180.1.21/compute/v2.1/servers/f712100c-2d2a-45b7-aa3c-5855baa58a77 0.206s
2025-02-20 15:08:03.810 63647 INFO tempest.lib.common.rest_client [req-d61d99da-07f8-4583-ba77-7739e28b81a7 req-d61d99da-07f8-4583-ba77-7739e28b81a7 ] Request (ImagesOneServerNegativeTestJSON:tearDown): 200 GET http://10.180.1.21/compute/v2.1/servers/f84492b5-d1ea-4ef0-983e-7e5039fcb3fe 0.106s
2025-02-20 15:08:03.919 63647 INFO tempest.lib.common.rest_client [req-33671879-fb36-4253-bc32-73fa3d99ae0a req-33671879-fb36-4253-bc32-73fa3d99ae0a ] Request (ImagesOneServerNegativeTestJSON:setUp): 200 GET http://10.180.1.21/compute/v2.1/servers/f84492b5-d1ea-4ef0-983e-7e5039fcb3fe 0.101s
2025-02-20 15:08:03.931 63681 INFO tempest.lib.common.rest_client [req-c2f2bf06-b401-49d7-bd01-e11b1870874d req-c2f2bf06-b401-49d7-bd01-e11b1870874d ] Request (ServersV294TestFqdnHostnames:setUpClass): 200 GET http://10.180.1.21/compute/v2.1/servers/5115d225-d919-423e-a06a-abda789c9728 0.063s
2025-02-20 15:08:03.936 63647 INFO tempest.lib.common.rest_client [req-8a0da6b0-cbad-416d-9498-46ea0cee0171 req-8a0da6b0-cbad-416d-9498-46ea0cee0171 ] Request (ImagesOneServerNegativeTestJSON:test_create_image_specify_name_over_character_limit): 400 POST http://10.180.1.21/compute/v2.1/servers/f84492b5-d1ea-4ef0-983e-7e5039fcb3fe/action 0.008s
2025-02-20 15:08:03.970 63657 INFO tempest.lib.common.rest_client [req-f520ef83-50a1-4b64-88d6-95382ab4a09d req-f520ef83-50a1-4b64-88d6-95382ab4a09d ] Request (ServersAdminNegativeTestJSON:test_migrate_server_invalid_state): 200 GET http://10.180.1.21/compute/v2.1/servers/b77d178a-2937-4dac-a312-ce924b4f3f36 0.054s
2025-02-20 15:08:03.977 63657 INFO tempest.common.waiters [-] State transition "BUILD/scheduling" ==> "BUILD/None" after 46 second wait
2025-02-20 15:08:04.025 63647 INFO tempest.lib.common.rest_client [req-16667ede-559f-4fd2-a24b-213d149121e9 req-16667ede-559f-4fd2-a24b-213d149121e9 ] Request (ImagesOneServerNegativeTestJSON:tearDown): 200 GET http://10.180.1.21/compute/v2.1/servers/f84492b5-d1ea-4ef0-983e-7e5039fcb3fe 0.089s
2025-02-20 15:08:04.026 63661 INFO tempest.lib.common.rest_client [req-fc6be55b-5a0f-4eae-8258-ed1e73691141 req-fc6be55b-5a0f-4eae-8258-ed1e73691141 ] Request (ServersTestJSON:test_create_server_specify_multibyte_character_name): 200 GET http://10.180.1.21/compute/v2.1/servers/c95e9301-0004-4ed7-a2da-1cba22371eaf 0.050s
2025-02-20 15:08:04.138 63647 INFO tempest.lib.common.rest_client [req-a002d43a-093d-4eed-981b-0d382e181f10 req-a002d43a-093d-4eed-981b-0d382e181f10 ] Request (ImagesOneServerNegativeTestJSON:setUp): 200 GET http://10.180.1.21/compute/v2.1/servers/f84492b5-d1ea-4ef0-983e-7e5039fcb3fe 0.099s
2025-02-20 15:08:04.202 63629 INFO tempest.lib.common.rest_client [req-c37bab03-ef44-4bf4-a0b8-002717366205 req-c37bab03-ef44-4bf4-a0b8-002717366205 ] Request (ServersAdminTestJSON:test_create_server_with_scheduling_hint): 200 GET http://10.180.1.21/compute/v2.1/servers/5bbd2152-efa9-4c21-aa2a-d4df4ae4891d 0.100s
2025-02-20 15:08:04.254 63655 INFO tempest.lib.common.rest_client [req-fb9eb084-e68b-471f-9dc1-071cb0908246 req-fb9eb084-e68b-471f-9dc1-071cb0908246 ] Request (ServerRescueTestJSONUnderV235:setUpClass): 200 GET http://10.180.1.21/compute/v2.1/servers/02942cf6-fe72-4f77-9d87-ac9287527317 0.094s
2025-02-20 15:08:04.373 63669 INFO tempest.lib.common.rest_client [req-97d314a7-c5b1-4635-9107-2f78180c26e3 req-97d314a7-c5b1-4635-9107-2f78180c26e3 ] Request (AttachInterfacesV270Test:tearDownClass): 200 GET http://10.180.1.21/compute/v2.1/servers/e326a358-f9de-48db-a7ef-a11636ec7c07 0.209s
2025-02-20 15:08:04.441 63654 INFO tempest.lib.common.rest_client [req-2ebbdb74-53f1-40c9-b613-02061a461980 req-2ebbdb74-53f1-40c9-b613-02061a461980 ] Request (FloatingIPsAssociationNegativeTestJSON:setUpClass): 200 GET http://10.180.1.21/compute/v2.1/servers/986ddb2d-7aeb-457d-9b8a-da57829421f7 0.223s
2025-02-20 15:08:04.490 63651 INFO tempest.lib.common.rest_client [req-87c41901-7070-4918-8c74-d77282228b34 req-87c41901-7070-4918-8c74-d77282228b34 ] Request (DeleteServersAdminTestJSON:test_delete_server_while_in_error_state): 200 GET http://10.180.1.21/compute/v2.1/servers/a1bb506c-b8ca-4887-bf41-f59b5bdd96c7 0.272s
2025-02-20 15:08:04.559 63689 INFO tempest.lib.common.rest_client [req-3950e187-cabb-4ab9-9f98-2b430e3f14d9 req-3950e187-cabb-4ab9-9f98-2b430e3f14d9 ] Request (ImagesTestJSON:test_create_image_from_stopped_server): 200 GET http://10.180.1.21/compute/v2.1/images/f39dd41a-91af-4a46-8e07-647eee545313 0.314s
2025-02-20 15:08:04.572 63647 INFO tempest.lib.common.rest_client [req-fbf6d85e-3c1d-4910-a6fc-f7e431229be6 req-fbf6d85e-3c1d-4910-a6fc-f7e431229be6 ] Request (ImagesOneServerNegativeTestJSON:test_create_second_image_when_first_image_is_being_saved): 202 POST http://10.180.1.21/compute/v2.1/servers/f84492b5-d1ea-4ef0-983e-7e5039fcb3fe/action 0.426s
2025-02-20 15:08:04.613 63643 INFO tempest.lib.common.rest_client [req-43b4df97-5411-43ab-995e-d4c1aecaca34 req-43b4df97-5411-43ab-995e-d4c1aecaca34 ] Request (ServersTestBootFromVolume:setUpClass): 200 GET http://10.180.1.21/compute/v2.1/servers/1bdd687f-a5ad-435e-a659-46c35becc981 0.346s
2025-02-20 15:08:04.624 63673 INFO tempest.lib.common.rest_client [req-183be5c0-e555-4ffc-a070-32ec75ad51fb req-183be5c0-e555-4ffc-a070-32ec75ad51fb ] Request (DeleteServersTestJSON:test_delete_server_while_in_attached_volume): 200 GET http://10.180.1.21/compute/v2.1/servers/f30e9f63-42de-49b6-8384-09a8ba917d28 0.317s
2025-02-20 15:08:04.655 63637 INFO tempest.lib.common.rest_client [req-1105778f-e265-4ebf-9bc8-c6f474d34c17 req-1105778f-e265-4ebf-9bc8-c6f474d34c17 ] Request (ImagesOneServerTestJSON:test_create_image_specify_multibyte_character_image_name): 200 GET http://10.180.1.21/compute/v2.1/images/cb190bcd-b451-4b6e-b990-6f70d87abf99 0.313s
2025-02-20 15:08:04.664 63685 INFO tempest.lib.common.rest_client [req-fbc4a90d-a7d2-4612-aaa0-b2b10baf643d req-fbc4a90d-a7d2-4612-aaa0-b2b10baf643d ] Request (ServersNegativeTestMultiTenantJSON:setUpClass): 200 GET http://10.180.1.21/compute/v2.1/servers/090d4a37-b802-4dc6-909f-9abd1cd31bb2 0.347s
2025-02-20 15:08:04.704 63649 INFO tempest.lib.common.rest_client [req-bcbde243-7ccd-48ac-bc1b-a288fbacf8e6 req-bcbde243-7ccd-48ac-bc1b-a288fbacf8e6 ] Request (ServerMetadataNegativeTestJSON:setUpClass): 200 GET http://10.180.1.21/compute/v2.1/servers/1a8ea490-d495-4aec-8618-d450300c95bd 0.350s
2025-02-20 15:08:04.721 63679 INFO tempest.lib.common.rest_client [req-1d714b17-5e0f-4314-9f97-0bdf7e092709 req-1d714b17-5e0f-4314-9f97-0bdf7e092709 ] Request (ServersAdmin275Test:_run_cleanups): 200 GET http://10.180.1.21/compute/v2.1/servers/aed994a0-1568-47e7-84d2-2bbdd70b7fbf 0.293s
2025-02-20 15:08:04.732 63679 INFO tempest.common.waiters [-] State transition "REBUILD/rebuilding" ==> "REBUILD/rebuild_spawning" after 2 second wait
2025-02-20 15:08:04.754 63645 INFO tempest.lib.common.rest_client [req-0eee9d1a-c561-4631-b311-05437fdb07f2 req-0eee9d1a-c561-4631-b311-05437fdb07f2 ] Request (SecurityGroupsTestJSON:test_list_security_groups_by_server): 200 GET http://10.180.1.21/compute/v2.1/servers/159ca879-6987-4172-ba28-5bc3592daded 0.276s
2025-02-20 15:08:04.780 63633 INFO tempest.lib.common.rest_client [req-43e13169-800f-419f-a352-1bc87c7fdb56 req-43e13169-800f-419f-a352-1bc87c7fdb56 ] Request (ListServersNegativeTestJSON:tearDownClass): 200 GET http://10.180.1.21/compute/v2.1/servers/d4213b95-e4c2-42e4-94f9-f3b1848bf783 0.254s
2025-02-20 15:08:04.805 63683 INFO tempest.lib.common.rest_client [req-46ffe5be-0216-4315-a9ab-5560c36b824d req-46ffe5be-0216-4315-a9ab-5560c36b824d ] Request (MultipleCreateTestJSON:test_multiple_create): 200 GET http://10.180.1.21/compute/v2.1/servers/7e4dfe48-66be-458e-a142-b5d039d1306a 0.266s
2025-02-20 15:08:04.813 63647 INFO tempest.lib.common.rest_client [req-879b14b8-0fc3-45c7-9e58-62e38079fafb req-879b14b8-0fc3-45c7-9e58-62e38079fafb ] Request (ImagesOneServerNegativeTestJSON:test_create_second_image_when_first_image_is_being_saved): 409 POST http://10.180.1.21/compute/v2.1/servers/f84492b5-d1ea-4ef0-983e-7e5039fcb3fe/action 0.239s
2025-02-20 15:08:04.867 63639 INFO tempest.lib.common.rest_client [req-dac74c18-9150-4712-aceb-1fdc8fae7bd3 req-dac74c18-9150-4712-aceb-1fdc8fae7bd3 ] Request (VolumesAdminNegativeTest:test_update_attached_volume_with_nonexistent_volume_in_body): 200 GET http://10.180.1.21/compute/v2.1/servers/43daa061-8ca8-4e4f-9c12-44eedd288acd 0.271s
2025-02-20 15:08:04.869 63631 INFO tempest.lib.common.rest_client [req-289f6a98-a497-4765-9a5c-a69396df411c req-289f6a98-a497-4765-9a5c-a69396df411c ] Request (AttachVolumeShelveTestJSON:test_attach_volume_shelved_or_offload_server): 200 GET http://10.180.1.21/compute/v2.1/servers/feb7d9ed-c1d5-40c6-8f6c-c5e138b58269 0.213s
2025-02-20 15:08:04.923 63635 INFO tempest.lib.common.rest_client [req-7974cee3-dae7-4f30-9d66-acc6007c79fe req-7974cee3-dae7-4f30-9d66-acc6007c79fe ] Request (ListImageFiltersTestJSON:setUpClass): 200 GET http://10.180.1.21/compute/v2.1/servers/e2d1e14a-adc0-4dd8-8ce4-9844717d10d7 0.218s
2025-02-20 15:08:05.005 63647 INFO tempest.lib.common.rest_client [req-26451a14-d4cc-48aa-8388-0210ff2243d7 req-26451a14-d4cc-48aa-8388-0210ff2243d7 ] Request (ImagesOneServerNegativeTestJSON:test_create_second_image_when_first_image_is_being_saved): 204 DELETE http://10.180.1.21/compute/v2.1/images/574a7f81-6289-4031-81b7-224ea232d5b0 0.192s
2025-02-20 15:08:05.021 63627 INFO tempest.lib.common.rest_client [req-201bbeb1-4cc8-45e7-94da-720f69bf3d55 req-201bbeb1-4cc8-45e7-94da-720f69bf3d55 ] Request (MigrationsAdminTest:test_list_migrations_in_flavor_resize_situation): 200 GET http://10.180.1.21/compute/v2.1/servers/f712100c-2d2a-45b7-aa3c-5855baa58a77 0.247s
2025-02-20 15:08:05.076 63681 INFO tempest.lib.common.rest_client [req-cba19537-7b99-472a-8014-7f54489af366 req-cba19537-7b99-472a-8014-7f54489af366 ] Request (ServersV294TestFqdnHostnames:setUpClass): 200 GET http://10.180.1.21/compute/v2.1/servers/5115d225-d919-423e-a06a-abda789c9728 0.135s
2025-02-20 15:08:05.091 63657 INFO tempest.lib.common.rest_client [req-f503387e-9eb6-4dcf-b01b-a2b14a098146 req-f503387e-9eb6-4dcf-b01b-a2b14a098146 ] Request (ServersAdminNegativeTestJSON:test_migrate_server_invalid_state): 200 GET http://10.180.1.21/compute/v2.1/servers/b77d178a-2937-4dac-a312-ce924b4f3f36 0.113s
2025-02-20 15:08:05.160 63661 INFO tempest.lib.common.rest_client [req-323e249a-d58a-455d-b022-f531ffb0bf44 req-323e249a-d58a-455d-b022-f531ffb0bf44 ] Request (ServersTestJSON:test_create_server_specify_multibyte_character_name): 200 GET http://10.180.1.21/compute/v2.1/servers/c95e9301-0004-4ed7-a2da-1cba22371eaf 0.125s
2025-02-20 15:08:05.209 63647 INFO tempest.lib.common.rest_client [req-d9d50628-6684-4759-bfe9-2e5ab644a451 req-d9d50628-6684-4759-bfe9-2e5ab644a451 ] Request (ImagesOneServerNegativeTestJSON:tearDown): 200 GET http://10.180.1.21/compute/v2.1/servers/f84492b5-d1ea-4ef0-983e-7e5039fcb3fe 0.203s
2025-02-20 15:08:05.332 63655 INFO tempest.lib.common.rest_client [req-dbebaa7a-d9b3-4b5f-bb11-ac64c475953e req-dbebaa7a-d9b3-4b5f-bb11-ac64c475953e ] Request (ServerRescueTestJSONUnderV235:setUpClass): 200 GET http://10.180.1.21/compute/v2.1/servers/02942cf6-fe72-4f77-9d87-ac9287527317 0.068s
2025-02-20 15:08:05.353 63629 INFO tempest.lib.common.rest_client [req-dc4d803b-a429-4cc6-be54-a6fa02348162 req-dc4d803b-a429-4cc6-be54-a6fa02348162 ] Request (ServersAdminTestJSON:test_create_server_with_scheduling_hint): 200 GET http://10.180.1.21/compute/v2.1/servers/5bbd2152-efa9-4c21-aa2a-d4df4ae4891d 0.143s
2025-02-20 15:08:05.363 63663 WARNING tempest.lib.common.ssh [-] Failed to establish authenticated ssh connection to cirros@10.180.180.240 ([Errno None] Unable to connect to port 22 on 10.180.180.240). Number attempts: 5. Retry after 6 seconds.: paramiko.ssh_exception.NoValidConnectionsError: [Errno None] Unable to connect to port 22 on 10.180.180.240
2025-02-20 15:08:05.451 63669 INFO tempest.lib.common.rest_client [req-34964962-36bf-40e4-8059-fafc0e3bd781 req-34964962-36bf-40e4-8059-fafc0e3bd781 ] Request (AttachInterfacesV270Test:tearDownClass): 200 GET http://10.180.1.21/compute/v2.1/servers/e326a358-f9de-48db-a7ef-a11636ec7c07 0.067s
2025-02-20 15:08:05.513 63654 INFO tempest.lib.common.rest_client [req-25a9c749-99e8-4e0a-bc54-435f2aa47d6f req-25a9c749-99e8-4e0a-bc54-435f2aa47d6f ] Request (FloatingIPsAssociationNegativeTestJSON:setUpClass): 200 GET http://10.180.1.21/compute/v2.1/servers/986ddb2d-7aeb-457d-9b8a-da57829421f7 0.063s
2025-02-20 15:08:05.557 63651 INFO tempest.lib.common.rest_client [req-dfe2f56d-9a73-4281-a626-512e20b2106c req-dfe2f56d-9a73-4281-a626-512e20b2106c ] Request (DeleteServersAdminTestJSON:test_delete_server_while_in_error_state): 200 GET http://10.180.1.21/compute/v2.1/servers/a1bb506c-b8ca-4887-bf41-f59b5bdd96c7 0.058s
2025-02-20 15:08:05.606 63689 INFO tempest.lib.common.rest_client [req-6a597eda-b47c-4bfe-bc25-fe5f0665f78d req-6a597eda-b47c-4bfe-bc25-fe5f0665f78d ] Request (ImagesTestJSON:test_create_image_from_stopped_server): 200 GET http://10.180.1.21/compute/v2.1/images/f39dd41a-91af-4a46-8e07-647eee545313 0.043s
2025-02-20 15:08:05.694 63643 INFO tempest.lib.common.rest_client [req-054e8f5a-123f-425b-aa55-111bb8263d3d req-054e8f5a-123f-425b-aa55-111bb8263d3d ] Request (ServersTestBootFromVolume:setUpClass): 200 GET http://10.180.1.21/compute/v2.1/servers/1bdd687f-a5ad-435e-a659-46c35becc981 0.073s
2025-02-20 15:08:05.699 63673 INFO tempest.lib.common.rest_client [req-19d47ed5-cbf4-42db-a016-7ed9eaaab34e req-19d47ed5-cbf4-42db-a016-7ed9eaaab34e ] Request (DeleteServersTestJSON:test_delete_server_while_in_attached_volume): 200 GET http://10.180.1.21/compute/v2.1/servers/f30e9f63-42de-49b6-8384-09a8ba917d28 0.066s
2025-02-20 15:08:05.750 63685 INFO tempest.lib.common.rest_client [req-0737c961-7665-450f-a6c4-c59f3929bed1 req-0737c961-7665-450f-a6c4-c59f3929bed1 ] Request (ServersNegativeTestMultiTenantJSON:setUpClass): 200 GET http://10.180.1.21/compute/v2.1/servers/090d4a37-b802-4dc6-909f-9abd1cd31bb2 0.077s
2025-02-20 15:08:05.805 63649 INFO tempest.lib.common.rest_client [req-6befa99b-00c2-4920-8a27-4c7f69b1606c req-6befa99b-00c2-4920-8a27-4c7f69b1606c ] Request (ServerMetadataNegativeTestJSON:setUpClass): 200 GET http://10.180.1.21/compute/v2.1/servers/1a8ea490-d495-4aec-8618-d450300c95bd 0.094s
2025-02-20 15:08:05.865 63679 INFO tempest.lib.common.rest_client [req-eeccfd37-05f4-4307-b027-eb08747c8c5c req-eeccfd37-05f4-4307-b027-eb08747c8c5c ] Request (ServersAdmin275Test:_run_cleanups): 200 GET http://10.180.1.21/compute/v2.1/servers/aed994a0-1568-47e7-84d2-2bbdd70b7fbf 0.132s
2025-02-20 15:08:05.918 63645 INFO tempest.lib.common.rest_client [req-ec00bd22-660e-483f-b1f9-4d3dc3c805ca req-ec00bd22-660e-483f-b1f9-4d3dc3c805ca ] Request (SecurityGroupsTestJSON:test_list_security_groups_by_server): 200 GET http://10.180.1.21/compute/v2.1/servers/159ca879-6987-4172-ba28-5bc3592daded 0.155s
2025-02-20 15:08:05.992 63633 INFO tempest.lib.common.rest_client [req-d7dc736d-8c36-46a0-9538-f499ea48e84c req-d7dc736d-8c36-46a0-9538-f499ea48e84c ] Request (ListServersNegativeTestJSON:tearDownClass): 200 GET http://10.180.1.21/compute/v2.1/servers/d4213b95-e4c2-42e4-94f9-f3b1848bf783 0.200s
2025-02-20 15:08:06.041 63683 INFO tempest.lib.common.rest_client [req-196cc195-4844-4d1d-833f-8f772982e241 req-196cc195-4844-4d1d-833f-8f772982e241 ] Request (MultipleCreateTestJSON:test_multiple_create): 200 GET http://10.180.1.21/compute/v2.1/servers/7e4dfe48-66be-458e-a142-b5d039d1306a 0.225s
2025-02-20 15:08:06.089 63639 INFO tempest.lib.common.rest_client [req-752d77a0-89db-4888-9e3d-1037c015def4 req-752d77a0-89db-4888-9e3d-1037c015def4 ] Request (VolumesAdminNegativeTest:test_update_attached_volume_with_nonexistent_volume_in_body): 200 GET http://10.180.1.21/compute/v2.1/servers/43daa061-8ca8-4e4f-9c12-44eedd288acd 0.214s
2025-02-20 15:08:06.140 63631 INFO tempest.lib.common.rest_client [req-a261d21b-7f15-4294-95ec-5e7649b79cbf req-a261d21b-7f15-4294-95ec-5e7649b79cbf ] Request (AttachVolumeShelveTestJSON:test_attach_volume_shelved_or_offload_server): 200 GET http://10.180.1.21/compute/v2.1/servers/feb7d9ed-c1d5-40c6-8f6c-c5e138b58269 0.262s
2025-02-20 15:08:06.190 63635 INFO tempest.lib.common.rest_client [req-5430f68c-4d51-4347-9753-6b8bc353a8bd req-5430f68c-4d51-4347-9753-6b8bc353a8bd ] Request (ListImageFiltersTestJSON:setUpClass): 200 GET http://10.180.1.21/compute/v2.1/servers/e2d1e14a-adc0-4dd8-8ce4-9844717d10d7 0.258s
2025-02-20 15:08:06.288 63627 INFO tempest.lib.common.rest_client [req-f5712362-1e00-4680-9599-f49d772ec68e req-f5712362-1e00-4680-9599-f49d772ec68e ] Request (MigrationsAdminTest:test_list_migrations_in_flavor_resize_situation): 200 GET http://10.180.1.21/compute/v2.1/servers/f712100c-2d2a-45b7-aa3c-5855baa58a77 0.253s
2025-02-20 15:08:06.343 63681 INFO tempest.lib.common.rest_client [req-6bde25e7-d0d9-46f9-9deb-d12b1f662882 req-6bde25e7-d0d9-46f9-9deb-d12b1f662882 ] Request (ServersV294TestFqdnHostnames:setUpClass): 200 GET http://10.180.1.21/compute/v2.1/servers/5115d225-d919-423e-a06a-abda789c9728 0.249s
2025-02-20 15:08:06.401 63657 INFO tempest.lib.common.rest_client [req-e8b09f4a-b920-4c8d-a11a-3c8c12dad447 req-e8b09f4a-b920-4c8d-a11a-3c8c12dad447 ] Request (ServersAdminNegativeTestJSON:test_migrate_server_invalid_state): 200 GET http://10.180.1.21/compute/v2.1/servers/b77d178a-2937-4dac-a312-ce924b4f3f36 0.298s
2025-02-20 15:08:06.455 63661 INFO tempest.lib.common.rest_client [req-94841ffe-8a91-4e77-8b02-cb672eae04c6 req-94841ffe-8a91-4e77-8b02-cb672eae04c6 ] Request (ServersTestJSON:test_create_server_specify_multibyte_character_name): 200 GET http://10.180.1.21/compute/v2.1/servers/c95e9301-0004-4ed7-a2da-1cba22371eaf 0.287s
2025-02-20 15:08:06.569 63647 INFO tempest.lib.common.rest_client [req-78279c41-6624-4e51-91e4-9cbddefd89d4 req-78279c41-6624-4e51-91e4-9cbddefd89d4 ] Request (ImagesOneServerNegativeTestJSON:tearDown): 200 GET http://10.180.1.21/compute/v2.1/servers/f84492b5-d1ea-4ef0-983e-7e5039fcb3fe 0.348s
2025-02-20 15:08:06.576 63647 INFO tempest.common.waiters [-] State transition "ACTIVE/image_snapshot_pending" ==> "ACTIVE/image_pending_upload" after 1 second wait
2025-02-20 15:08:06.633 63655 INFO tempest.lib.common.rest_client [req-c9296cdb-21a9-4e62-8634-fabec47f8a1c req-c9296cdb-21a9-4e62-8634-fabec47f8a1c ] Request (ServerRescueTestJSONUnderV235:setUpClass): 200 GET http://10.180.1.21/compute/v2.1/servers/02942cf6-fe72-4f77-9d87-ac9287527317 0.289s
2025-02-20 15:08:06.752 63629 INFO tempest.lib.common.rest_client [req-1d4bf497-7b7d-4875-b492-51d6789b531b req-1d4bf497-7b7d-4875-b492-51d6789b531b ] Request (ServersAdminTestJSON:test_create_server_with_scheduling_hint): 200 GET http://10.180.1.21/compute/v2.1/servers/5bbd2152-efa9-4c21-aa2a-d4df4ae4891d 0.390s
2025-02-20 15:08:06.838 63669 INFO tempest.lib.common.rest_client [req-f9d65984-73dd-4ea1-90fd-d5dce60f3d10 req-f9d65984-73dd-4ea1-90fd-d5dce60f3d10 ] Request (AttachInterfacesV270Test:tearDownClass): 200 GET http://10.180.1.21/compute/v2.1/servers/e326a358-f9de-48db-a7ef-a11636ec7c07 0.375s
2025-02-20 15:08:06.849 63669 INFO tempest.common.waiters [-] State transition "ACTIVE/deleting" ==> "DELETED/None" after 3 second wait
2025-02-20 15:08:06.884 63654 INFO tempest.lib.common.rest_client [req-87d717e9-8423-4fb0-828f-3b679307e0d0 req-87d717e9-8423-4fb0-828f-3b679307e0d0 ] Request (FloatingIPsAssociationNegativeTestJSON:setUpClass): 200 GET http://10.180.1.21/compute/v2.1/servers/986ddb2d-7aeb-457d-9b8a-da57829421f7 0.363s
2025-02-20 15:08:06.947 63651 INFO tempest.lib.common.rest_client [req-c9fa5c43-fbf6-4ae1-bbb6-b1e6634fb5f2 req-c9fa5c43-fbf6-4ae1-bbb6-b1e6634fb5f2 ] Request (DeleteServersAdminTestJSON:test_delete_server_while_in_error_state): 200 GET http://10.180.1.21/compute/v2.1/servers/a1bb506c-b8ca-4887-bf41-f59b5bdd96c7 0.380s
2025-02-20 15:08:07.218 63659 WARNING tempest.lib.common.ssh [-] Failed to establish authenticated ssh connection to cirros@10.180.180.190 ([Errno None] Unable to connect to port 22 on 10.180.180.190). Number attempts: 5. Retry after 6 seconds.: paramiko.ssh_exception.NoValidConnectionsError: [Errno None] Unable to connect to port 22 on 10.180.180.190
2025-02-20 15:08:07.602 63688 WARNING tempest.lib.common.ssh [-] Failed to establish authenticated ssh connection to cirros@10.180.180.159 ([Errno None] Unable to connect to port 22 on 10.180.180.159). Number attempts: 4. Retry after 5 seconds.: paramiko.ssh_exception.NoValidConnectionsError: [Errno None] Unable to connect to port 22 on 10.180.180.159
2025-02-20 15:08:09.075 63675 WARNING tempest.lib.common.ssh [-] Failed to establish authenticated ssh connection to cirros@10.180.180.166 ([Errno None] Unable to connect to port 22 on 10.180.180.166). Number attempts: 6. Retry after 7 seconds.: paramiko.ssh_exception.NoValidConnectionsError: [Errno None] Unable to connect to port 22 on 10.180.180.166
2025-02-20 15:08:09.790 63637 INFO tempest.lib.common.rest_client [req-69cbac41-0ae6-46b1-a882-005914599897 req-69cbac41-0ae6-46b1-a882-005914599897 ] Request (ImagesOneServerTestJSON:test_create_image_specify_multibyte_character_image_name): 200 GET http://10.180.1.21/compute/v2.1/images/cb190bcd-b451-4b6e-b990-6f70d87abf99 4.131s
2025-02-20 15:08:09.799 63689 INFO tempest.lib.common.rest_client [req-cc9967fb-d7b5-417d-81d9-5d795856ccdd req-cc9967fb-d7b5-417d-81d9-5d795856ccdd ] Request (ImagesTestJSON:test_create_image_from_stopped_server): 200 GET http://10.180.1.21/compute/v2.1/images/f39dd41a-91af-4a46-8e07-647eee545313 3.188s
2025-02-20 15:08:09.877 63643 INFO tempest.lib.common.rest_client [req-e18f2ad9-5725-4b76-9023-d0e143d85012 req-e18f2ad9-5725-4b76-9023-d0e143d85012 ] Request (ServersTestBootFromVolume:setUpClass): 200 GET http://10.180.1.21/compute/v2.1/servers/1bdd687f-a5ad-435e-a659-46c35becc981 3.175s
2025-02-20 15:08:09.882 63673 INFO tempest.lib.common.rest_client [req-f445f28b-27e8-40ae-a756-d0d00876390f req-f445f28b-27e8-40ae-a756-d0d00876390f ] Request (DeleteServersTestJSON:test_delete_server_while_in_attached_volume): 200 GET http://10.180.1.21/compute/v2.1/servers/f30e9f63-42de-49b6-8384-09a8ba917d28 3.175s
2025-02-20 15:08:09.932 63685 INFO tempest.lib.common.rest_client [req-59358eeb-cc99-4655-ba04-48d37e427e39 req-59358eeb-cc99-4655-ba04-48d37e427e39 ] Request (ServersNegativeTestMultiTenantJSON:setUpClass): 200 GET http://10.180.1.21/compute/v2.1/servers/090d4a37-b802-4dc6-909f-9abd1cd31bb2 3.172s
2025-02-20 15:08:09.956 63649 INFO tempest.lib.common.rest_client [req-a34d1d9b-f723-4552-884f-60d493a97a06 req-a34d1d9b-f723-4552-884f-60d493a97a06 ] Request (ServerMetadataNegativeTestJSON:setUpClass): 200 GET http://10.180.1.21/compute/v2.1/servers/1a8ea490-d495-4aec-8618-d450300c95bd 3.142s
2025-02-20 15:08:09.989 63679 INFO tempest.lib.common.rest_client [req-9121bdee-361c-4a10-aaca-1263c9a22897 req-9121bdee-361c-4a10-aaca-1263c9a22897 ] Request (ServersAdmin275Test:_run_cleanups): 200 GET http://10.180.1.21/compute/v2.1/servers/aed994a0-1568-47e7-84d2-2bbdd70b7fbf 3.110s
2025-02-20 15:08:10.016 63645 INFO tempest.lib.common.rest_client [req-ade48379-77c8-4eb0-a475-8f3bda5dba4e req-ade48379-77c8-4eb0-a475-8f3bda5dba4e ] Request (SecurityGroupsTestJSON:test_list_security_groups_by_server): 200 GET http://10.180.1.21/compute/v2.1/servers/159ca879-6987-4172-ba28-5bc3592daded 3.088s
2025-02-20 15:08:10.023 63645 INFO tempest.common.waiters [-] State transition "BUILD/None" ==> "BUILD/networking" after 70 second wait
2025-02-20 15:08:10.055 63633 INFO tempest.lib.common.rest_client [req-bcc2e2ac-9e3e-4c65-856d-05579544262c req-bcc2e2ac-9e3e-4c65-856d-05579544262c ] Request (ListServersNegativeTestJSON:tearDownClass): 200 GET http://10.180.1.21/compute/v2.1/servers/d4213b95-e4c2-42e4-94f9-f3b1848bf783 3.055s
2025-02-20 15:08:10.077 63683 INFO tempest.lib.common.rest_client [req-7993c81c-eb6f-494c-8dae-b3fbabcf3bb2 req-7993c81c-eb6f-494c-8dae-b3fbabcf3bb2 ] Request (MultipleCreateTestJSON:test_multiple_create): 200 GET http://10.180.1.21/compute/v2.1/servers/7e4dfe48-66be-458e-a142-b5d039d1306a 3.026s
2025-02-20 15:08:10.107 63639 INFO tempest.lib.common.rest_client [req-a2e144ed-be1b-48e0-8b88-2c86fd6dc6c4 req-a2e144ed-be1b-48e0-8b88-2c86fd6dc6c4 ] Request (VolumesAdminNegativeTest:test_update_attached_volume_with_nonexistent_volume_in_body): 200 GET http://10.180.1.21/compute/v2.1/servers/43daa061-8ca8-4e4f-9c12-44eedd288acd 3.008s
2025-02-20 15:08:10.142 63631 INFO tempest.lib.common.rest_client [req-266ebdef-4305-4919-8ef2-3fe7a64d2139 req-266ebdef-4305-4919-8ef2-3fe7a64d2139 ] Request (AttachVolumeShelveTestJSON:test_attach_volume_shelved_or_offload_server): 200 GET http://10.180.1.21/compute/v2.1/servers/feb7d9ed-c1d5-40c6-8f6c-c5e138b58269 2.992s
2025-02-20 15:08:10.229 63635 INFO tempest.lib.common.rest_client [req-f866b85a-b2d7-4e00-912d-b929b625b2cd req-f866b85a-b2d7-4e00-912d-b929b625b2cd ] Request (ListImageFiltersTestJSON:setUpClass): 200 GET http://10.180.1.21/compute/v2.1/servers/e2d1e14a-adc0-4dd8-8ce4-9844717d10d7 3.031s
2025-02-20 15:08:10.237 63635 INFO tempest.common.waiters [-] State transition "BUILD/None" ==> "BUILD/spawning" after 71 second wait
2025-02-20 15:08:10.264 63627 INFO tempest.lib.common.rest_client [req-99b2fb62-7c53-44be-9c0b-44927be0ab4d req-99b2fb62-7c53-44be-9c0b-44927be0ab4d ] Request (MigrationsAdminTest:test_list_migrations_in_flavor_resize_situation): 200 GET http://10.180.1.21/compute/v2.1/servers/f712100c-2d2a-45b7-aa3c-5855baa58a77 2.965s
2025-02-20 15:08:10.271 63627 INFO tempest.common.waiters [-] State transition "BUILD/spawning" ==> "ACTIVE/None" after 74 second wait
2025-02-20 15:08:10.295 63681 INFO tempest.lib.common.rest_client [req-6835469f-c629-4009-a587-10bca5dc748f req-6835469f-c629-4009-a587-10bca5dc748f ] Request (ServersV294TestFqdnHostnames:setUpClass): 200 GET http://10.180.1.21/compute/v2.1/servers/5115d225-d919-423e-a06a-abda789c9728 2.939s
2025-02-20 15:08:10.319 63657 INFO tempest.lib.common.rest_client [req-76113b5c-ecfb-4f2f-be3d-a9a43268a213 req-76113b5c-ecfb-4f2f-be3d-a9a43268a213 ] Request (ServersAdminNegativeTestJSON:test_migrate_server_invalid_state): 200 GET http://10.180.1.21/compute/v2.1/servers/b77d178a-2937-4dac-a312-ce924b4f3f36 2.908s
2025-02-20 15:08:10.356 63661 INFO tempest.lib.common.rest_client [req-6f4bc132-7cf0-4836-ada3-b10693de0e2e req-6f4bc132-7cf0-4836-ada3-b10693de0e2e ] Request (ServersTestJSON:test_create_server_specify_multibyte_character_name): 200 GET http://10.180.1.21/compute/v2.1/servers/c95e9301-0004-4ed7-a2da-1cba22371eaf 2.890s
2025-02-20 15:08:10.412 63655 INFO tempest.lib.common.rest_client [req-3ca2da23-8693-47fc-bffd-897647c2951d req-3ca2da23-8693-47fc-bffd-897647c2951d ] Request (ServerRescueTestJSONUnderV235:setUpClass): 200 GET http://10.180.1.21/compute/v2.1/servers/02942cf6-fe72-4f77-9d87-ac9287527317 2.771s
2025-02-20 15:08:10.541 63647 INFO tempest.lib.common.rest_client [req-82ad260e-8224-478d-a9fc-eb4c2fc8fcd7 req-82ad260e-8224-478d-a9fc-eb4c2fc8fcd7 ] Request (ImagesOneServerNegativeTestJSON:tearDown): 200 GET http://10.180.1.21/compute/v2.1/servers/f84492b5-d1ea-4ef0-983e-7e5039fcb3fe 2.964s
2025-02-20 15:08:10.553 63647 INFO tempest.common.waiters [-] State transition "ACTIVE/image_pending_upload" ==> "ACTIVE/image_uploading" after 5 second wait
2025-02-20 15:08:10.596 63629 INFO tempest.lib.common.rest_client [req-b0b79d2d-53a2-4c48-92a4-285bc9ebabd5 req-b0b79d2d-53a2-4c48-92a4-285bc9ebabd5 ] Request (ServersAdminTestJSON:test_create_server_with_scheduling_hint): 200 GET http://10.180.1.21/compute/v2.1/servers/5bbd2152-efa9-4c21-aa2a-d4df4ae4891d 2.835s
2025-02-20 15:08:10.605 63629 INFO tempest.common.waiters [-] State transition "BUILD/spawning" ==> "ACTIVE/None" after 72 second wait
2025-02-20 15:08:10.623 63669 INFO tempest.lib.common.rest_client [req-0d4cd838-789a-499f-9724-5534fb4f3445 req-0d4cd838-789a-499f-9724-5534fb4f3445 ] Request (AttachInterfacesV270Test:tearDownClass): 200 GET http://10.180.1.21/compute/v2.1/servers/e326a358-f9de-48db-a7ef-a11636ec7c07 2.772s
2025-02-20 15:08:10.663 63654 INFO tempest.lib.common.rest_client [req-ff39440a-06ab-4148-86b7-9da0cfcea0fc req-ff39440a-06ab-4148-86b7-9da0cfcea0fc ] Request (FloatingIPsAssociationNegativeTestJSON:setUpClass): 200 GET http://10.180.1.21/compute/v2.1/servers/986ddb2d-7aeb-457d-9b8a-da57829421f7 2.768s
2025-02-20 15:08:10.671 63654 INFO tempest.common.waiters [-] State transition "BUILD/scheduling" ==> "BUILD/None" after 52 second wait
2025-02-20 15:08:10.684 63651 INFO tempest.lib.common.rest_client [req-0c60401a-49c2-4816-aac4-5fc5f0f97167 req-0c60401a-49c2-4816-aac4-5fc5f0f97167 ] Request (DeleteServersAdminTestJSON:test_delete_server_while_in_error_state): 200 GET http://10.180.1.21/compute/v2.1/servers/a1bb506c-b8ca-4887-bf41-f59b5bdd96c7 2.728s
2025-02-20 15:08:10.699 63689 INFO tempest.lib.common.rest_client [req-28a769c3-7b04-4d2d-8ade-af2c673d480d req-28a769c3-7b04-4d2d-8ade-af2c673d480d ] Request (ImagesTestJSON:test_create_image_from_stopped_server): 200 GET http://10.180.1.21/compute/v2.1/images/f39dd41a-91af-4a46-8e07-647eee545313 0.897s
2025-02-20 15:08:10.701 63629 INFO tempest.lib.common.rest_client [req-522061e7-d0ec-4fe6-851a-dae06090ed07 req-522061e7-d0ec-4fe6-851a-dae06090ed07 ] Request (ServersAdminTestJSON:test_inject_network_info): 201 POST http://10.180.1.21/identity/v3/auth/tokens 0.091s
2025-02-20 15:08:10.701 63629 INFO tempest.lib.common.fixed_network [-] (ServersAdminTestJSON:test_inject_network_info) Found network {'id': 'ee73567a-8d78-44a8-ab04-19ce7624a637', 'name': 'tempest-ServersAdminTestJSON-1702488605-network', 'tenant_id': 'c44e309795e24039ae6f8ad8b2d8a8b4', 'admin_state_up': True, 'mtu': 8950, 'status': 'ACTIVE', 'subnets': [], 'shared': False, 'project_id': 'c44e309795e24039ae6f8ad8b2d8a8b4', 'port_security_enabled': True, 'router:external': False, 'provider:network_type': 'vlan', 'provider:physical_network': 'default', 'provider:segmentation_id': 942, 'availability_zone_hints': [], 'availability_zones': [], 'ipv4_address_scope': None, 'ipv6_address_scope': None, 'description': '', 'tags': [], 'created_at': '2025-02-20T15:06:13Z', 'updated_at': '2025-02-20T15:06:13Z', 'revision_number': 1} available for tenant
2025-02-20 15:08:10.732 63689 INFO tempest.lib.common.rest_client [req-6ceaa94f-9643-4e34-936e-4f6464d1490c req-6ceaa94f-9643-4e34-936e-4f6464d1490c ] Request (ImagesTestJSON:test_create_image_from_stopped_server): 200 GET http://10.180.1.21/image/v2/images/f39dd41a-91af-4a46-8e07-647eee545313/tasks 0.028s
2025-02-20 15:08:10.885 63627 INFO tempest.lib.common.rest_client [req-92967fe1-c558-41ee-b912-f1efe90d4c68 req-92967fe1-c558-41ee-b912-f1efe90d4c68 ] Request (MigrationsAdminTest:test_list_migrations_in_flavor_resize_situation): 202 POST http://10.180.1.21/compute/v2.1/servers/f712100c-2d2a-45b7-aa3c-5855baa58a77/action 0.614s
2025-02-20 15:08:10.995 63689 INFO tempest.lib.common.rest_client [req-5b6dccb9-cb85-4055-8463-b72025309a0d req-5b6dccb9-cb85-4055-8463-b72025309a0d ] Request (ImagesTestJSON:_run_cleanups): 204 DELETE http://10.180.1.21/compute/v2.1/images/f39dd41a-91af-4a46-8e07-647eee545313 0.262s
2025-02-20 15:08:11.030 63637 INFO tempest.lib.common.rest_client [req-121b6cd0-d91b-4051-9b6b-0c752553ae5b req-121b6cd0-d91b-4051-9b6b-0c752553ae5b ] Request (ImagesOneServerTestJSON:test_create_image_specify_multibyte_character_image_name): 200 GET http://10.180.1.21/compute/v2.1/images/cb190bcd-b451-4b6e-b990-6f70d87abf99 0.231s
2025-02-20 15:08:11.080 63629 INFO tempest.lib.common.rest_client [req-11602355-950e-4143-8673-dcf9c6e40f7f req-11602355-950e-4143-8673-dcf9c6e40f7f ] Request (ServersAdminTestJSON:test_inject_network_info): 202 POST http://10.180.1.21/compute/v2.1/servers 0.378s
2025-02-20 15:08:11.109 63643 INFO tempest.lib.common.rest_client [req-88716ad7-0768-4657-9f09-1a5573f2c337 req-88716ad7-0768-4657-9f09-1a5573f2c337 ] Request (ServersTestBootFromVolume:setUpClass): 200 GET http://10.180.1.21/compute/v2.1/servers/1bdd687f-a5ad-435e-a659-46c35becc981 0.225s
2025-02-20 15:08:11.236 63627 INFO tempest.lib.common.rest_client [req-30222b8c-4dae-4cd6-a539-17914fdac3eb req-30222b8c-4dae-4cd6-a539-17914fdac3eb ] Request (MigrationsAdminTest:test_list_migrations_in_flavor_resize_situation): 200 GET http://10.180.1.21/compute/v2.1/servers/f712100c-2d2a-45b7-aa3c-5855baa58a77 0.350s
2025-02-20 15:08:11.292 63685 INFO tempest.lib.common.rest_client [req-70389cd0-3b3f-420b-8987-9636f67ff942 req-70389cd0-3b3f-420b-8987-9636f67ff942 ] Request (ServersNegativeTestMultiTenantJSON:setUpClass): 200 GET http://10.180.1.21/compute/v2.1/servers/090d4a37-b802-4dc6-909f-9abd1cd31bb2 0.351s
2025-02-20 15:08:11.348 63649 INFO tempest.lib.common.rest_client [req-de07c78c-288f-4430-bb5f-992316d4fd92 req-de07c78c-288f-4430-bb5f-992316d4fd92 ] Request (ServerMetadataNegativeTestJSON:setUpClass): 200 GET http://10.180.1.21/compute/v2.1/servers/1a8ea490-d495-4aec-8618-d450300c95bd 0.379s
2025-02-20 15:08:11.400 63673 INFO tempest.lib.common.rest_client [req-2585317e-f96c-4e59-a4f6-c7dee7b76971 req-2585317e-f96c-4e59-a4f6-c7dee7b76971 ] Request (DeleteServersTestJSON:test_delete_server_while_in_attached_volume): 200 GET http://10.180.1.21/compute/v2.1/servers/f30e9f63-42de-49b6-8384-09a8ba917d28 0.511s
2025-02-20 15:08:11.432 63689 INFO tempest.lib.common.rest_client [req-466bf59a-9268-4ce5-99ab-35206299f6c6 req-466bf59a-9268-4ce5-99ab-35206299f6c6 ] Request (ImagesTestJSON:_run_cleanups): 204 DELETE http://10.180.1.21/compute/v2.1/servers/2ff32205-b658-4fe8-bd8a-6aad504ad3e1 0.437s
2025-02-20 15:08:11.458 63679 INFO tempest.lib.common.rest_client [req-b5610a10-518b-45a6-b792-1ca4af10ceb6 req-b5610a10-518b-45a6-b792-1ca4af10ceb6 ] Request (ServersAdmin275Test:_run_cleanups): 200 GET http://10.180.1.21/compute/v2.1/servers/aed994a0-1568-47e7-84d2-2bbdd70b7fbf 0.455s
2025-02-20 15:08:11.467 63679 INFO tempest.common.waiters [-] State transition "REBUILD/rebuild_spawning" ==> "ACTIVE/None" after 9 second wait
2025-02-20 15:08:11.502 63689 INFO tempest.lib.common.rest_client [req-6cdfd1d4-7443-4219-869f-64cd723b2631 req-6cdfd1d4-7443-4219-869f-64cd723b2631 ] Request (ImagesTestJSON:test_create_image_from_suspended_server): 201 POST http://10.180.1.21/identity/v3/auth/tokens 0.063s
