2025-02-20 15:07:11.589 63631 INFO tempest.lib.common.rest_client [req-96ee6516-9439-46e1-bf6a-1d3bd7aede0e req-96ee6516-9439-46e1-bf6a-1d3bd7aede0e ] Request (SecurityGroupsTestAdminJSON:tearDownClass): 204 DELETE http://10.180.1.21/identity/v3/users/62c0c6449a8944eb91273b78627d9e7d 0.310s
2025-02-20 15:07:11.589 63631 INFO tempest.lib.common.dynamic_creds [-] Deleting project and security group for project: 8eb91a19f880487faba30a03e3eb62a3
2025-02-20 15:07:11.597 63654 INFO tempest.lib.common.rest_client [req-124f87f0-74fe-4f9f-9a2c-7010bf74a99c req-124f87f0-74fe-4f9f-9a2c-7010bf74a99c ] Request (FlavorsAdminTestJSON:tearDownClass): 204 DELETE http://10.180.1.21/identity/v3/projects/73a68c90281343f497b2c5bcf626ff27 0.152s
2025-02-20 15:07:11.628 63689 INFO tempest.lib.common.rest_client [req-87e6edc5-fa9b-4bfc-aa16-e3b4cc664913 req-87e6edc5-fa9b-4bfc-aa16-e3b4cc664913 ] Request (ImagesTestJSON:test_create_image_from_stopped_server): 200 GET http://10.180.1.21/compute/v2.1/servers/2ff32205-b658-4fe8-bd8a-6aad504ad3e1 0.922s
2025-02-20 15:07:11.703 63629 INFO tempest.lib.common.rest_client [req-e52fffba-cb05-4f73-8c40-f8acb695fbb9 req-e52fffba-cb05-4f73-8c40-f8acb695fbb9 ] Request (ServersAdminTestJSON:test_create_server_with_scheduling_hint): 200 GET http://10.180.1.21/compute/v2.1/servers/5bbd2152-efa9-4c21-aa2a-d4df4ae4891d 0.952s
2025-02-20 15:07:11.705 63631 INFO tempest.lib.common.rest_client [req-3c0b7c9b-2264-4699-9139-bb0b21618ce6 req-3c0b7c9b-2264-4699-9139-bb0b21618ce6 ] Request (SecurityGroupsTestAdminJSON:tearDownClass): 201 POST http://10.180.1.21/identity/v3/auth/tokens 0.116s
2025-02-20 15:07:11.724 63649 INFO tempest.lib.common.rest_client [req-e9b73dde-69df-437a-8eba-4cc635f15ce1 req-e9b73dde-69df-437a-8eba-4cc635f15ce1 ] Request (FlavorsV2NegativeTest:test_boot_with_low_ram): 400 POST http://10.180.1.21/compute/v2.1/servers 1.040s
2025-02-20 15:07:11.737 63654 INFO tempest.lib.common.rest_client [req-7dab5fd1-751e-4977-be78-c61dac6dc5a0 req-7dab5fd1-751e-4977-be78-c61dac6dc5a0 ] Request (FloatingIPsAssociationNegativeTestJSON:setUpClass): 201 POST http://10.180.1.21/identity/v3/auth/tokens 0.138s
2025-02-20 15:07:11.816 63643 INFO tempest.lib.common.rest_client [req-b22f7140-bae9-4235-875b-484a80402b62 req-b22f7140-bae9-4235-875b-484a80402b62 ] Request (ServersTestBootFromVolume:setUpClass): 200 GET http://10.180.1.21/compute/v2.1/servers/1bdd687f-a5ad-435e-a659-46c35becc981 0.981s
2025-02-20 15:07:11.845 63649 INFO tempest.lib.common.rest_client [req-261783d5-f72d-459b-abff-6bb0aa62e9d8 req-261783d5-f72d-459b-abff-6bb0aa62e9d8 ] Request (FlavorsV2NegativeTest:_run_cleanups): 204 DELETE http://10.180.1.21/image/v2/images/6d5a2b50-8890-4df7-9dbb-3171c2bb781e 0.120s
2025-02-20 15:07:11.911 63654 INFO tempest.lib.common.rest_client [req-f9d94bf4-a92a-4168-abda-f1f9d893f17c req-f9d94bf4-a92a-4168-abda-f1f9d893f17c ] Request (FloatingIPsAssociationNegativeTestJSON:setUpClass): 201 POST http://10.180.1.21/identity/v3/auth/tokens 0.171s
2025-02-20 15:07:11.944 63669 INFO tempest.lib.common.rest_client [req-7b7257bd-7050-49a6-9b9c-9b35bc7fc79b req-7b7257bd-7050-49a6-9b9c-9b35bc7fc79b ] Request (AttachInterfacesV270Test:test_create_get_list_interfaces): 200 GET http://10.180.1.21/compute/v2.1/servers/e326a358-f9de-48db-a7ef-a11636ec7c07 1.050s
2025-02-20 15:07:11.948 63631 INFO tempest.lib.common.rest_client [req-1e28b17f-37b7-4595-bb8a-4281a1b922de req-1e28b17f-37b7-4595-bb8a-4281a1b922de ] Request (SecurityGroupsTestAdminJSON:tearDownClass): 200 GET http://10.180.1.21:9696/networking/v2.0/security-groups?tenant_id=8eb91a19f880487faba30a03e3eb62a3&name=default 0.243s
2025-02-20 15:07:11.959 63683 INFO tempest.lib.common.rest_client [req-76e55d89-2e12-4079-98ea-84506c0ac6b8 req-76e55d89-2e12-4079-98ea-84506c0ac6b8 ] Request (ServerDiagnosticsNegativeTest:test_get_server_diagnostics_by_non_admin): 200 GET http://10.180.1.21/compute/v2.1/servers/4e8b8b40-13fe-4874-9bec-63a68c599091 1.112s
2025-02-20 15:07:12.016 63649 INFO tempest.lib.common.rest_client [req-13125420-b117-47e9-b9c5-a9a617f8da5d req-13125420-b117-47e9-b9c5-a9a617f8da5d ] Request (FlavorsV2NegativeTest:tearDownClass): 204 DELETE http://10.180.1.21/identity/v3/users/77125c64b76d498c914847bd36cd0bf3 0.168s
2025-02-20 15:07:12.016 63649 INFO tempest.lib.common.dynamic_creds [-] Deleting project and security group for project: 7dc990119d5a4867ade0e68cb5e28244
2025-02-20 15:07:12.029 63633 INFO tempest.lib.common.rest_client [req-0d345369-338b-49a0-ba7f-f6eb5e112485 req-0d345369-338b-49a0-ba7f-f6eb5e112485 ] Request (ListServersNegativeTestJSON:setUpClass): 200 GET http://10.180.1.21/compute/v2.1/servers/9a806382-53de-4fd4-933a-48407260a0e2 0.980s
2025-02-20 15:07:12.035 63679 INFO tempest.lib.common.rest_client [req-a684df51-c00e-4930-9d7b-9a5922a5294e req-a684df51-c00e-4930-9d7b-9a5922a5294e ] Request (ServersAdmin275Test:test_rebuild_update_server_275): 200 GET http://10.180.1.21/compute/v2.1/servers/aed994a0-1568-47e7-84d2-2bbdd70b7fbf 1.038s
2025-02-20 15:07:12.050 63679 INFO tempest.common.waiters [-] State transition "BUILD/scheduling" ==> "BUILD/None" after 16 second wait
2025-02-20 15:07:12.102 63647 INFO tempest.lib.common.rest_client [req-ad44445a-fd3c-45ea-be31-c89cabfcb7b5 req-ad44445a-fd3c-45ea-be31-c89cabfcb7b5 ] Request (ImagesOneServerNegativeTestJSON:setUpClass): 200 GET http://10.180.1.21/compute/v2.1/servers/f84492b5-d1ea-4ef0-983e-7e5039fcb3fe 0.888s
2025-02-20 15:07:12.114 63649 INFO tempest.lib.common.rest_client [req-2c8eb1e1-87e4-46db-aa4e-d06775489015 req-2c8eb1e1-87e4-46db-aa4e-d06775489015 ] Request (FlavorsV2NegativeTest:tearDownClass): 201 POST http://10.180.1.21/identity/v3/auth/tokens 0.098s
2025-02-20 15:07:12.119 63654 INFO tempest.lib.common.rest_client [req-04f682e7-73d9-4379-a473-b4a5afd404c3 req-04f682e7-73d9-4379-a473-b4a5afd404c3 ] Request (FloatingIPsAssociationNegativeTestJSON:setUpClass): 200 GET http://10.180.1.21/identity/v3/domains?name=Default 0.208s
2025-02-20 15:07:12.140 63631 INFO tempest.lib.common.rest_client [req-3f5ae728-6a6e-4b25-9952-2af20e37a82a req-3f5ae728-6a6e-4b25-9952-2af20e37a82a ] Request (SecurityGroupsTestAdminJSON:tearDownClass): 204 DELETE http://10.180.1.21:9696/networking/v2.0/security-groups/42d00c39-050a-4e93-8f29-4c377184c5c7 0.191s
2025-02-20 15:07:12.153 63654 INFO tempest.lib.common.rest_client [req-ff51cd1f-e062-4e37-85ec-1e506451102d req-ff51cd1f-e062-4e37-85ec-1e506451102d ] Request (FloatingIPsAssociationNegativeTestJSON:setUpClass): 201 POST http://10.180.1.21/identity/v3/projects 0.033s
2025-02-20 15:07:12.160 63657 INFO tempest.lib.common.rest_client [req-19f97c1f-ed96-4923-9250-8669532a7d65 req-19f97c1f-ed96-4923-9250-8669532a7d65 ] Request (ServersAdminNegativeTestJSON:setUpClass): 200 GET http://10.180.1.21/compute/v2.1/servers/82b4b4cf-1a0b-45a5-accc-174b16151b7b 1.006s
2025-02-20 15:07:12.164 63627 INFO tempest.lib.common.rest_client [req-3d8b22d5-8748-498a-9acd-c4a190bef5cf req-3d8b22d5-8748-498a-9acd-c4a190bef5cf ] Request (MigrationsAdminTest:test_list_migrations_in_flavor_resize_situation): 200 GET http://10.180.1.21/compute/v2.1/servers/f712100c-2d2a-45b7-aa3c-5855baa58a77 0.905s
2025-02-20 15:07:12.219 63688 INFO tempest.lib.common.rest_client [req-23a65b0f-0ecb-403a-9e20-f91d2224dd78 req-23a65b0f-0ecb-403a-9e20-f91d2224dd78 ] Request (ServerActionsTestOtherA:setUpClass): 200 GET http://10.180.1.21/compute/v2.1/servers/4d6d05e5-ba16-49ba-8c3c-4888bf3a63b8 0.882s
2025-02-20 15:07:12.243 63685 INFO tempest.lib.common.rest_client [req-f0752a66-81af-4734-9e30-51feb1a80280 req-f0752a66-81af-4734-9e30-51feb1a80280 ] Request (ServersNegativeTestMultiTenantJSON:setUpClass): 201 POST http://10.180.1.21:9696/networking/v2.0/routers 1.624s
2025-02-20 15:07:12.277 63654 INFO tempest.lib.common.rest_client [req-d63a637b-bbcc-48ea-98e5-de585df48e74 req-d63a637b-bbcc-48ea-98e5-de585df48e74 ] Request (FloatingIPsAssociationNegativeTestJSON:setUpClass): 201 POST http://10.180.1.21/identity/v3/users 0.123s
2025-02-20 15:07:12.281 63665 INFO tempest.lib.common.rest_client [req-9b827a04-cb4b-4f57-b474-294e8243798c req-9b827a04-cb4b-4f57-b474-294e8243798c ] Request (InstanceActionsNegativeTestJSON:tearDownClass): 200 GET http://10.180.1.21/compute/v2.1/servers/a81d331d-a372-4b75-adea-cd324d89174f 0.966s
2025-02-20 15:07:12.289 63631 INFO tempest.lib.common.rest_client [req-ef44f7a8-7f70-4d2a-8464-2e7c77fe5548 req-ef44f7a8-7f70-4d2a-8464-2e7c77fe5548 ] Request (SecurityGroupsTestAdminJSON:tearDownClass): 204 DELETE http://10.180.1.21/identity/v3/projects/8eb91a19f880487faba30a03e3eb62a3 0.148s
2025-02-20 15:07:12.290 63631 INFO tempest.lib.common.dynamic_creds [-] Deleting project and security group for project: 84a08c9a2c594118919e44c0b38148d0
2025-02-20 15:07:12.326 63659 INFO tempest.lib.common.rest_client [req-da3ae0fe-11b3-4958-af2e-4829b3daacdd req-da3ae0fe-11b3-4958-af2e-4829b3daacdd ] Request (VolumesAssistedSnapshotsTest:test_volume_assisted_snapshot_create_delete): 200 GET http://10.180.1.21/compute/v2.1/servers/3481b312-c716-41b4-a9f4-8992ce7fc1fc 0.933s
2025-02-20 15:07:12.335 63631 INFO tempest.lib.common.rest_client [req-4c782c59-ddad-47c3-84b6-bc80ab723861 req-4c782c59-ddad-47c3-84b6-bc80ab723861 ] Request (SecurityGroupsTestAdminJSON:tearDownClass): 200 GET http://10.180.1.21:9696/networking/v2.0/security-groups?tenant_id=84a08c9a2c594118919e44c0b38148d0&name=default 0.045s
2025-02-20 15:07:12.348 63673 INFO tempest.lib.common.rest_client [req-8c3ed28f-d891-4666-82f1-23bf5f0e2b9e req-8c3ed28f-d891-4666-82f1-23bf5f0e2b9e ] Request (DeleteServersTestJSON:test_delete_active_server): 200 GET http://10.180.1.21/compute/v2.1/servers/f7641e0e-f7ad-4c83-af28-d86c20d65583 0.433s
2025-02-20 15:07:12.371 63654 INFO tempest.lib.common.rest_client [req-02006500-6748-47a1-8b4c-013196f33f6d req-02006500-6748-47a1-8b4c-013196f33f6d ] Request (FloatingIPsAssociationNegativeTestJSON:setUpClass): 200 GET http://10.180.1.21/identity/v3/roles 0.094s
2025-02-20 15:07:12.411 63654 INFO tempest.lib.common.rest_client [req-4ea7786a-8acc-4f23-9730-25bf6cc8e007 req-4ea7786a-8acc-4f23-9730-25bf6cc8e007 ] Request (FloatingIPsAssociationNegativeTestJSON:setUpClass): 204 PUT http://10.180.1.21/identity/v3/projects/e5886e5a8a7f4a5ab208a4b193411fda/users/bdde90a72a4b43f29588674d5578d432/roles/6297f0ab2a3a454ca120442ea8ac85a0 0.039s
2025-02-20 15:07:12.411 63654 INFO tempest.lib.common.dynamic_creds [-] Dynamic test user bdde90a72a4b43f29588674d5578d432 is created with scope project and roles: ['member']
2025-02-20 15:07:12.411 63654 INFO tempest.lib.common.dynamic_creds [-] Acquired dynamic creds: credentials: Credentials: {'domain_id': 'default', 'domain_name': 'Default', 'username': 'tempest-FloatingIPsAssociationNegativeTestJSON-594740327-project-member', 'project_domain_id': 'default', 'project_domain_name': 'Default', 'project_id': 'e5886e5a8a7f4a5ab208a4b193411fda', 'project_name': 'tempest-FloatingIPsAssociationNegativeTestJSON-594740327', 'tenant_id': 'e5886e5a8a7f4a5ab208a4b193411fda', 'tenant_name': 'tempest-FloatingIPsAssociationNegativeTestJSON-594740327', 'user_domain_id': 'default', 'user_domain_name': 'Default', 'user_id': 'bdde90a72a4b43f29588674d5578d432', 'system': None}, Network: None, Subnet: None, Router: None
2025-02-20 15:07:12.432 63631 INFO tempest.lib.common.rest_client [req-7be51bf5-9044-4dc8-a637-de5b1d19af02 req-7be51bf5-9044-4dc8-a637-de5b1d19af02 ] Request (SecurityGroupsTestAdminJSON:tearDownClass): 204 DELETE http://10.180.1.21:9696/networking/v2.0/security-groups/6888925e-5d8f-41fa-a741-af91d98c31cd 0.096s
2025-02-20 15:07:12.435 63681 INFO tempest.lib.common.rest_client [req-0fcf4bdb-ab8c-4618-aabb-1a045fa4de00 req-0fcf4bdb-ab8c-4618-aabb-1a045fa4de00 ] Request (ServersV294TestFqdnHostnames:setUpClass): 200 GET http://10.180.1.21/compute/v2.1/servers/5115d225-d919-423e-a06a-abda789c9728 0.443s
2025-02-20 15:07:12.459 63645 INFO tempest.lib.common.rest_client [req-50db7279-d03e-42fb-87dd-29bd1ec5f1ee req-50db7279-d03e-42fb-87dd-29bd1ec5f1ee ] Request (SecurityGroupsTestJSON:test_list_security_groups_by_server): 200 GET http://10.180.1.21/compute/v2.1/servers/159ca879-6987-4172-ba28-5bc3592daded 0.536s
2025-02-20 15:07:12.493 63661 INFO tempest.lib.common.rest_client [req-40e6642d-2e6f-44ac-a832-999c9c9eb641 req-40e6642d-2e6f-44ac-a832-999c9c9eb641 ] Request (ImagesNegativeTestJSON:test_create_image_from_deleted_server): 404 GET http://10.180.1.21/compute/v2.1/servers/e9accedf-e703-438e-b9ca-e8051ff062c0 0.381s
2025-02-20 15:07:12.497 63654 INFO tempest.lib.common.rest_client [req-84ee5a29-dd17-415f-aaf5-30566bc7d09f req-84ee5a29-dd17-415f-aaf5-30566bc7d09f ] Request (FloatingIPsAssociationNegativeTestJSON:setUpClass): 201 POST http://10.180.1.21/identity/v3/auth/tokens 0.086s
2025-02-20 15:07:12.515 63649 INFO tempest.lib.common.rest_client [req-266c18f5-2fe3-4a86-b6e7-adc9cb738c72 req-266c18f5-2fe3-4a86-b6e7-adc9cb738c72 ] Request (FlavorsV2NegativeTest:tearDownClass): 200 GET http://10.180.1.21:9696/networking/v2.0/security-groups?tenant_id=7dc990119d5a4867ade0e68cb5e28244&name=default 0.400s
2025-02-20 15:07:12.536 63637 INFO tempest.lib.common.rest_client [req-713aafc6-8658-4f2a-b25f-9267c7a20c9a req-713aafc6-8658-4f2a-b25f-9267c7a20c9a ] Request (ImagesOneServerTestJSON:setUpClass): 200 GET http://10.180.1.21/compute/v2.1/servers/72ad0057-c02b-4a31-8d58-e33c0b085c9b 0.522s
2025-02-20 15:07:12.585 63641 INFO tempest.lib.common.rest_client [req-e8615764-e0d7-431f-957e-03da8c1e0197 req-e8615764-e0d7-431f-957e-03da8c1e0197 ] Request (ImagesMetadataTestJSON:setUpClass): 204 PUT http://10.180.1.21/image/v2/images/ab2e5e3c-458e-4c55-a465-493cddceb828/file 1.114s
2025-02-20 15:07:12.598 63631 INFO tempest.lib.common.rest_client [req-37b4d966-92ff-450f-99bd-eb7025432bc4 req-37b4d966-92ff-450f-99bd-eb7025432bc4 ] Request (SecurityGroupsTestAdminJSON:tearDownClass): 204 DELETE http://10.180.1.21/identity/v3/projects/84a08c9a2c594118919e44c0b38148d0 0.166s
2025-02-20 15:07:12.628 63655 INFO tempest.lib.common.rest_client [req-4ac6ff52-1a7d-45fd-89d1-55e014f76fe8 req-4ac6ff52-1a7d-45fd-89d1-55e014f76fe8 ] Request (ServerPasswordTestJSON:tearDownClass): 200 GET http://10.180.1.21/compute/v2.1/servers/f454a4c2-3812-4923-9f20-3e97d021b449 0.430s
2025-02-20 15:07:12.633 63667 INFO tempest.lib.common.rest_client [req-800ce9fb-98d0-4630-920f-bd32629c9bc5 req-800ce9fb-98d0-4630-920f-bd32629c9bc5 ] Request (ServerExternalEventsTest:tearDownClass): 200 GET http://10.180.1.21/compute/v2.1/servers/9cdd1898-b712-49fd-8e0f-83607a848fca 0.446s
2025-02-20 15:07:12.685 63631 INFO tempest.lib.common.rest_client [req-2c25ed4b-97c7-42c8-894f-4252f700d954 req-2c25ed4b-97c7-42c8-894f-4252f700d954 ] Request (QuotasTestJSON:setUpClass): 201 POST http://10.180.1.21/identity/v3/auth/tokens 0.085s
2025-02-20 15:07:12.717 63631 INFO tempest.lib.common.rest_client [req-e518cf48-69c6-4456-92fa-61afd420cd04 req-e518cf48-69c6-4456-92fa-61afd420cd04 ] Request (QuotasTestJSON:setUpClass): 201 POST http://10.180.1.21/identity/v3/auth/tokens 0.028s
2025-02-20 15:07:12.721 63639 INFO tempest.lib.common.rest_client [req-4084db4e-3967-4e51-bfea-90fc42117a75 req-4084db4e-3967-4e51-bfea-90fc42117a75 ] Request (ServerDiagnosticsV248Test:tearDownClass): 200 GET http://10.180.1.21/compute/v2.1/servers/f5291147-c37e-4400-8a4f-9694049e55a8 0.420s
2025-02-20 15:07:12.749 63631 INFO tempest.lib.common.rest_client [req-2074047d-782a-4078-9363-c003933074ee req-2074047d-782a-4078-9363-c003933074ee ] Request (QuotasTestJSON:setUpClass): 200 GET http://10.180.1.21/identity/v3/domains?name=Default 0.031s
2025-02-20 15:07:12.775 63635 INFO tempest.lib.common.rest_client [req-c48a42e8-d4e6-4888-bee2-41317a652075 req-c48a42e8-d4e6-4888-bee2-41317a652075 ] Request (ListImageFiltersTestJSON:setUpClass): 200 GET http://10.180.1.21/compute/v2.1/servers/e2d1e14a-adc0-4dd8-8ce4-9844717d10d7 0.337s
2025-02-20 15:07:12.790 63631 INFO tempest.lib.common.rest_client [req-1bf6ad71-a841-4330-8474-0f114ae91d50 req-1bf6ad71-a841-4330-8474-0f114ae91d50 ] Request (QuotasTestJSON:setUpClass): 201 POST http://10.180.1.21/identity/v3/projects 0.040s
2025-02-20 15:07:12.793 63651 INFO tempest.lib.common.rest_client [req-0eaf8bcd-53b9-406c-87ec-eb58eba95c01 req-0eaf8bcd-53b9-406c-87ec-eb58eba95c01 ] Request (DeleteServersAdminTestJSON:test_admin_delete_servers_of_others): 200 GET http://10.180.1.21/compute/v2.1/servers/86c5a0f3-a14d-4a20-b09f-21ae76715a2d 0.367s
2025-02-20 15:07:12.798 63661 INFO tempest.lib.common.rest_client [req-853b0672-746c-4912-a5c6-6884c842db33 req-853b0672-746c-4912-a5c6-6884c842db33 ] Request (ImagesNegativeTestJSON:test_create_image_from_deleted_server): 404 POST http://10.180.1.21/compute/v2.1/servers/e9accedf-e703-438e-b9ca-e8051ff062c0/action 0.304s
2025-02-20 15:07:12.861 63675 INFO tempest.lib.common.rest_client [req-99858ff2-36e9-498f-9f32-002e1815d3ea req-99858ff2-36e9-498f-9f32-002e1815d3ea ] Request (ServersTestFqdnHostnames:test_create_server_with_fqdn_name): 200 GET http://10.180.1.21/compute/v2.1/servers/78ccd719-ff4f-44fb-a789-3ed60b862ffb 0.326s
2025-02-20 15:07:12.863 63631 INFO tempest.lib.common.rest_client [req-5cec87b9-13e0-4051-b6be-05e0ba3ff536 req-5cec87b9-13e0-4051-b6be-05e0ba3ff536 ] Request (QuotasTestJSON:setUpClass): 201 POST http://10.180.1.21/identity/v3/users 0.073s
2025-02-20 15:07:12.885 63663 INFO tempest.lib.common.rest_client [req-cf3b2ad3-e063-4132-8476-b819927eaee0 req-cf3b2ad3-e063-4132-8476-b819927eaee0 ] Request (ServersWithSpecificFlavorTestJSON:test_verify_created_server_ephemeral_disk): 200 GET http://10.180.1.21/compute/v2.1/servers/753eb1b2-d48c-4d4b-8f31-d0f395991028 0.359s
2025-02-20 15:07:12.896 63649 INFO tempest.lib.common.rest_client [req-4936c709-f55a-499e-9767-f9c73f5bdfb6 req-4936c709-f55a-499e-9767-f9c73f5bdfb6 ] Request (FlavorsV2NegativeTest:tearDownClass): 204 DELETE http://10.180.1.21:9696/networking/v2.0/security-groups/a72ae69e-c3be-489d-b9e6-406ed2bb961f 0.380s
2025-02-20 15:07:12.897 63631 INFO tempest.lib.common.rest_client [req-ac6237d1-a4c2-49ca-a79b-3b1d2ad68176 req-ac6237d1-a4c2-49ca-a79b-3b1d2ad68176 ] Request (QuotasTestJSON:setUpClass): 200 GET http://10.180.1.21/identity/v3/roles 0.033s
2025-02-20 15:07:12.909 63641 INFO tempest.lib.common.rest_client [req-501deaba-eb99-42b9-ae45-083d7282df83 req-501deaba-eb99-42b9-ae45-083d7282df83 ] Request (ImagesMetadataTestJSON:setUpClass): 200 GET http://10.180.1.21/compute/v2.1/images/ab2e5e3c-458e-4c55-a465-493cddceb828 0.323s
2025-02-20 15:07:12.937 63631 INFO tempest.lib.common.rest_client [req-9a160176-4d74-4ec6-8a28-f693110d522c req-9a160176-4d74-4ec6-8a28-f693110d522c ] Request (QuotasTestJSON:setUpClass): 204 PUT http://10.180.1.21/identity/v3/projects/7eaf32df03ef4614b1b17b533aedc3fb/users/c7f58e034b774e78a78d5bb39eb3e249/roles/6297f0ab2a3a454ca120442ea8ac85a0 0.039s
2025-02-20 15:07:12.937 63631 INFO tempest.lib.common.dynamic_creds [-] Dynamic test user c7f58e034b774e78a78d5bb39eb3e249 is created with scope project and roles: ['member']
2025-02-20 15:07:12.938 63631 INFO tempest.lib.common.dynamic_creds [-] Acquired dynamic creds: credentials: Credentials: {'domain_id': 'default', 'domain_name': 'Default', 'username': 'tempest-QuotasTestJSON-476421033-project-member', 'project_domain_id': 'default', 'project_domain_name': 'Default', 'project_id': '7eaf32df03ef4614b1b17b533aedc3fb', 'project_name': 'tempest-QuotasTestJSON-476421033', 'tenant_id': '7eaf32df03ef4614b1b17b533aedc3fb', 'tenant_name': 'tempest-QuotasTestJSON-476421033', 'user_domain_id': 'default', 'user_domain_name': 'Default', 'user_id': 'c7f58e034b774e78a78d5bb39eb3e249', 'system': None}, Network: None, Subnet: None, Router: None
2025-02-20 15:07:12.938 63631 INFO tempest.lib.common.dynamic_creds [-] Created isolated network resources for: credentials: Credentials: {'domain_id': 'default', 'domain_name': 'Default', 'username': 'tempest-QuotasTestJSON-476421033-project-member', 'project_domain_id': 'default', 'project_domain_name': 'Default', 'project_id': '7eaf32df03ef4614b1b17b533aedc3fb', 'project_name': 'tempest-QuotasTestJSON-476421033', 'tenant_id': '7eaf32df03ef4614b1b17b533aedc3fb', 'tenant_name': 'tempest-QuotasTestJSON-476421033', 'user_domain_id': 'default', 'user_domain_name': 'Default', 'user_id': 'c7f58e034b774e78a78d5bb39eb3e249', 'system': None}, Network: None, Subnet: None, Router: None
2025-02-20 15:07:12.971 63629 INFO tempest.lib.common.rest_client [req-826888dd-f8db-4dd8-8fcc-0521bededda6 req-826888dd-f8db-4dd8-8fcc-0521bededda6 ] Request (ServersAdminTestJSON:test_create_server_with_scheduling_hint): 200 GET http://10.180.1.21/compute/v2.1/servers/5bbd2152-efa9-4c21-aa2a-d4df4ae4891d 0.254s
2025-02-20 15:07:12.973 63649 INFO tempest.lib.common.rest_client [req-5236fa05-6ef1-4349-8596-291ca8209f42 req-5236fa05-6ef1-4349-8596-291ca8209f42 ] Request (FlavorsV2NegativeTest:tearDownClass): 204 DELETE http://10.180.1.21/identity/v3/projects/7dc990119d5a4867ade0e68cb5e28244 0.077s
2025-02-20 15:07:12.977 63661 INFO tempest.lib.common.rest_client [req-b2a4d2b7-dcd6-47d8-bb71-3b87ff84eee3 req-b2a4d2b7-dcd6-47d8-bb71-3b87ff84eee3 ] Request (ImagesNegativeTestJSON:test_create_image_from_invalid_server): 404 POST http://10.180.1.21/compute/v2.1/servers/tempest-invalid-1146170654/action 0.171s
2025-02-20 15:07:12.988 63689 INFO tempest.lib.common.rest_client [req-de9eb04d-f44d-4b05-814e-23d4ed6f7ee1 req-de9eb04d-f44d-4b05-814e-23d4ed6f7ee1 ] Request (ImagesTestJSON:test_create_image_from_stopped_server): 200 GET http://10.180.1.21/compute/v2.1/servers/2ff32205-b658-4fe8-bd8a-6aad504ad3e1 0.343s
2025-02-20 15:07:13.035 63631 INFO tempest.lib.common.rest_client [req-a190a2cc-24f8-4116-bfd1-85de511d2f46 req-a190a2cc-24f8-4116-bfd1-85de511d2f46 ] Request (QuotasTestJSON:setUpClass): 201 POST http://10.180.1.21/identity/v3/auth/tokens 0.090s
2025-02-20 15:07:13.036 63631 WARNING tempest.lib.common.rest_client [-] Deprecated: "tenant_id" property is deprecated for removal, use "project_id" instead
2025-02-20 15:07:13.037 63643 INFO tempest.lib.common.rest_client [req-678b3f79-8f55-4404-8464-e198201134b7 req-678b3f79-8f55-4404-8464-e198201134b7 ] Request (ServersTestBootFromVolume:setUpClass): 200 GET http://10.180.1.21/compute/v2.1/servers/1bdd687f-a5ad-435e-a659-46c35becc981 0.201s
2025-02-20 15:07:13.055 63649 INFO tempest.lib.common.rest_client [req-94931bcd-03d2-4eba-96f2-8f43dd308b7d req-94931bcd-03d2-4eba-96f2-8f43dd308b7d ] Request (ServerMetadataNegativeTestJSON:setUpClass): 201 POST http://10.180.1.21/identity/v3/auth/tokens 0.080s
2025-02-20 15:07:13.093 63669 INFO tempest.lib.common.rest_client [req-fcd10a39-1b69-4b15-9374-06157d52690b req-fcd10a39-1b69-4b15-9374-06157d52690b ] Request (AttachInterfacesV270Test:test_create_get_list_interfaces): 200 GET http://10.180.1.21/compute/v2.1/servers/e326a358-f9de-48db-a7ef-a11636ec7c07 0.132s
2025-02-20 15:07:13.099 63649 INFO tempest.lib.common.rest_client [req-b026ac58-bfa3-4449-bdbf-8c802d1ae37f req-b026ac58-bfa3-4449-bdbf-8c802d1ae37f ] Request (ServerMetadataNegativeTestJSON:setUpClass): 201 POST http://10.180.1.21/identity/v3/auth/tokens 0.042s
2025-02-20 15:07:13.126 63649 INFO tempest.lib.common.rest_client [req-ce376958-bd71-4b8d-aeab-766fa5cd5803 req-ce376958-bd71-4b8d-aeab-766fa5cd5803 ] Request (ServerMetadataNegativeTestJSON:setUpClass): 200 GET http://10.180.1.21/identity/v3/domains?name=Default 0.026s
2025-02-20 15:07:13.165 63649 INFO tempest.lib.common.rest_client [req-9e343da3-9b82-4f32-b3e6-6575d7884778 req-9e343da3-9b82-4f32-b3e6-6575d7884778 ] Request (ServerMetadataNegativeTestJSON:setUpClass): 201 POST http://10.180.1.21/identity/v3/projects 0.038s
2025-02-20 15:07:13.200 63683 INFO tempest.lib.common.rest_client [req-050edcd1-5241-442c-95b1-bf1d7172742e req-050edcd1-5241-442c-95b1-bf1d7172742e ] Request (ServerDiagnosticsNegativeTest:test_get_server_diagnostics_by_non_admin): 200 GET http://10.180.1.21/compute/v2.1/servers/4e8b8b40-13fe-4874-9bec-63a68c599091 0.227s
2025-02-20 15:07:13.208 63661 INFO tempest.lib.common.rest_client [req-14f3a7a4-26ba-406d-95eb-a9da6bbf192d req-14f3a7a4-26ba-406d-95eb-a9da6bbf192d ] Request (ImagesNegativeTestJSON:test_create_image_specify_uuid_35_characters_or_less): 404 POST http://10.180.1.21/compute/v2.1/servers/aaaaaaaaaaaaaaaaaaaaaaaaaaaaaaaaaaa/action 0.230s
2025-02-20 15:07:13.211 63654 INFO tempest.lib.common.rest_client [req-8116d537-46cc-4ce5-ae43-9eb281139f08 req-8116d537-46cc-4ce5-ae43-9eb281139f08 ] Request (FloatingIPsAssociationNegativeTestJSON:setUpClass): 201 POST http://10.180.1.21:9696/networking/v2.0/networks 0.713s
2025-02-20 15:07:13.235 63649 INFO tempest.lib.common.rest_client [req-5f6a0795-2749-48a9-a160-e9ae9c1f0d33 req-5f6a0795-2749-48a9-a160-e9ae9c1f0d33 ] Request (ServerMetadataNegativeTestJSON:setUpClass): 201 POST http://10.180.1.21/identity/v3/users 0.070s
2025-02-20 15:07:13.238 63641 INFO tempest.lib.common.rest_client [req-db735581-b70f-48db-9f8a-6a74e9eb2162 req-db735581-b70f-48db-9f8a-6a74e9eb2162 ] Request (ImagesMetadataTestJSON:setUp): 200 PUT http://10.180.1.21/compute/v2.1/images/ab2e5e3c-458e-4c55-a465-493cddceb828/metadata 0.324s
2025-02-20 15:07:13.256 63649 INFO tempest.lib.common.rest_client [req-60ab3590-63ce-4877-b54c-1400f97dd3ca req-60ab3590-63ce-4877-b54c-1400f97dd3ca ] Request (ServerMetadataNegativeTestJSON:setUpClass): 200 GET http://10.180.1.21/identity/v3/roles 0.020s
2025-02-20 15:07:13.290 63649 INFO tempest.lib.common.rest_client [req-27c23448-c6da-4959-a368-39925622f58b req-27c23448-c6da-4959-a368-39925622f58b ] Request (ServerMetadataNegativeTestJSON:setUpClass): 204 PUT http://10.180.1.21/identity/v3/projects/763f0526d62c4b539139c786ea9634e0/users/af9ec4907ea3463a8ed24403206ccd4d/roles/6297f0ab2a3a454ca120442ea8ac85a0 0.033s
2025-02-20 15:07:13.290 63649 INFO tempest.lib.common.dynamic_creds [-] Dynamic test user af9ec4907ea3463a8ed24403206ccd4d is created with scope project and roles: ['member']
2025-02-20 15:07:13.290 63649 INFO tempest.lib.common.dynamic_creds [-] Acquired dynamic creds: credentials: Credentials: {'domain_id': 'default', 'domain_name': 'Default', 'username': 'tempest-ServerMetadataNegativeTestJSON-1339955508-project-member', 'project_domain_id': 'default', 'project_domain_name': 'Default', 'project_id': '763f0526d62c4b539139c786ea9634e0', 'project_name': 'tempest-ServerMetadataNegativeTestJSON-1339955508', 'tenant_id': '763f0526d62c4b539139c786ea9634e0', 'tenant_name': 'tempest-ServerMetadataNegativeTestJSON-1339955508', 'user_domain_id': 'default', 'user_domain_name': 'Default', 'user_id': 'af9ec4907ea3463a8ed24403206ccd4d', 'system': None}, Network: None, Subnet: None, Router: None
2025-02-20 15:07:13.339 63633 INFO tempest.lib.common.rest_client [req-f78fdd06-93f5-408a-b0e2-48f3e631eab4 req-f78fdd06-93f5-408a-b0e2-48f3e631eab4 ] Request (ListServersNegativeTestJSON:setUpClass): 200 GET http://10.180.1.21/compute/v2.1/servers/9a806382-53de-4fd4-933a-48407260a0e2 0.294s
2025-02-20 15:07:13.349 63633 INFO tempest.common.waiters [-] State transition "ACTIVE/deleting" ==> "DELETED/None" after 5 second wait
2025-02-20 15:07:13.379 63649 INFO tempest.lib.common.rest_client [req-41e495f9-bedc-47c8-b422-9cfe4d65d84b req-41e495f9-bedc-47c8-b422-9cfe4d65d84b ] Request (ServerMetadataNegativeTestJSON:setUpClass): 201 POST http://10.180.1.21/identity/v3/auth/tokens 0.088s
2025-02-20 15:07:13.412 63654 INFO tempest.lib.common.rest_client [req-15bcb429-4412-4485-86b8-4a72020aa67e req-15bcb429-4412-4485-86b8-4a72020aa67e ] Request (FloatingIPsAssociationNegativeTestJSON:setUpClass): 201 POST http://10.180.1.21:9696/networking/v2.0/subnets 0.200s
2025-02-20 15:07:13.426 63679 INFO tempest.lib.common.rest_client [req-a4e94086-b32a-4c1d-824a-cf69fdefb038 req-a4e94086-b32a-4c1d-824a-cf69fdefb038 ] Request (ServersAdmin275Test:test_rebuild_update_server_275): 200 GET http://10.180.1.21/compute/v2.1/servers/aed994a0-1568-47e7-84d2-2bbdd70b7fbf 0.374s
2025-02-20 15:07:13.451 63631 INFO tempest.lib.common.rest_client [req-668a79a9-f37d-473d-bdd8-e76c696642b1 req-668a79a9-f37d-473d-bdd8-e76c696642b1 ] Request (QuotasTestJSON:test_compare_tenant_quotas_with_default_quotas): 200 GET http://10.180.1.21/compute/v2.1/os-quota-sets/7eaf32df03ef4614b1b17b533aedc3fb/defaults 0.414s
2025-02-20 15:07:13.513 63647 INFO tempest.lib.common.rest_client [req-749f9729-1748-4e85-a826-72d0b730a069 req-749f9729-1748-4e85-a826-72d0b730a069 ] Request (ImagesOneServerNegativeTestJSON:setUpClass): 200 GET http://10.180.1.21/compute/v2.1/servers/f84492b5-d1ea-4ef0-983e-7e5039fcb3fe 0.400s
2025-02-20 15:07:13.581 63627 INFO tempest.lib.common.rest_client [req-e1ea48e6-254e-41ef-b4c0-b3eed320ed12 req-e1ea48e6-254e-41ef-b4c0-b3eed320ed12 ] Request (MigrationsAdminTest:test_list_migrations_in_flavor_resize_situation): 200 GET http://10.180.1.21/compute/v2.1/servers/f712100c-2d2a-45b7-aa3c-5855baa58a77 0.403s
2025-02-20 15:07:13.587 63661 INFO tempest.lib.common.rest_client [req-5428f35b-a1b5-4e69-b01b-de743aa4dd68 req-5428f35b-a1b5-4e69-b01b-de743aa4dd68 ] Request (ImagesNegativeTestJSON:test_create_image_specify_uuid_37_characters_or_more): 404 POST http://10.180.1.21/compute/v2.1/servers/aaaaaaaaaaaaaaaaaaaaaaaaaaaaaaaaaaaaa/action 0.377s
2025-02-20 15:07:13.658 63657 INFO tempest.lib.common.rest_client [req-2c7e82ae-d3eb-4d5f-921a-15d9fa18e4e3 req-2c7e82ae-d3eb-4d5f-921a-15d9fa18e4e3 ] Request (ServersAdminNegativeTestJSON:setUpClass): 200 GET http://10.180.1.21/compute/v2.1/servers/82b4b4cf-1a0b-45a5-accc-174b16151b7b 0.490s
2025-02-20 15:07:13.665 63688 INFO tempest.lib.common.rest_client [req-bb34df67-0b16-4a70-b86d-9d258e24b729 req-bb34df67-0b16-4a70-b86d-9d258e24b729 ] Request (ServerActionsTestOtherA:setUpClass): 200 GET http://10.180.1.21/compute/v2.1/servers/4d6d05e5-ba16-49ba-8c3c-4888bf3a63b8 0.436s
2025-02-20 15:07:13.857 63665 INFO tempest.lib.common.rest_client [req-17d21a12-8ac0-46a4-8208-96f794e52ed2 req-17d21a12-8ac0-46a4-8208-96f794e52ed2 ] Request (InstanceActionsNegativeTestJSON:tearDownClass): 200 GET http://10.180.1.21/compute/v2.1/servers/a81d331d-a372-4b75-adea-cd324d89174f 0.562s
2025-02-20 15:07:13.870 63641 INFO tempest.lib.common.rest_client [req-3842100b-084b-48a5-8726-07d23927642f req-3842100b-084b-48a5-8726-07d23927642f ] Request (ImagesMetadataTestJSON:test_delete_image_metadata_item): 204 DELETE http://10.180.1.21/compute/v2.1/images/ab2e5e3c-458e-4c55-a465-493cddceb828/metadata/os_version 0.631s
2025-02-20 15:07:13.937 63659 INFO tempest.lib.common.rest_client [req-b3d7d3b4-664e-4f8f-be10-8fee249f7162 req-b3d7d3b4-664e-4f8f-be10-8fee249f7162 ] Request (VolumesAssistedSnapshotsTest:test_volume_assisted_snapshot_create_delete): 200 GET http://10.180.1.21/compute/v2.1/servers/3481b312-c716-41b4-a9f4-8992ce7fc1fc 0.596s
2025-02-20 15:07:13.948 63673 INFO tempest.lib.common.rest_client [req-138ce504-ff5b-42a5-bc75-f590bfc71b99 req-138ce504-ff5b-42a5-bc75-f590bfc71b99 ] Request (DeleteServersTestJSON:test_delete_active_server): 200 GET http://10.180.1.21/compute/v2.1/servers/f7641e0e-f7ad-4c83-af28-d86c20d65583 0.585s
2025-02-20 15:07:13.987 63649 INFO tempest.lib.common.rest_client [req-e2db3f49-62e3-40fa-a840-864df049b7fc req-e2db3f49-62e3-40fa-a840-864df049b7fc ] Request (ServerMetadataNegativeTestJSON:setUpClass): 201 POST http://10.180.1.21:9696/networking/v2.0/networks 0.608s
2025-02-20 15:07:13.990 63631 INFO tempest.lib.common.rest_client [req-7e2ec906-f9fb-49d1-86bb-fe856bae4058 req-7e2ec906-f9fb-49d1-86bb-fe856bae4058 ] Request (QuotasTestJSON:test_compare_tenant_quotas_with_default_quotas): 200 GET http://10.180.1.21/compute/v2.1/os-quota-sets/7eaf32df03ef4614b1b17b533aedc3fb 0.535s
2025-02-20 15:07:14.030 63681 INFO tempest.lib.common.rest_client [req-4e5577fc-837f-46e3-b6c0-d96e10bf2828 req-4e5577fc-837f-46e3-b6c0-d96e10bf2828 ] Request (ServersV294TestFqdnHostnames:setUpClass): 200 GET http://10.180.1.21/compute/v2.1/servers/5115d225-d919-423e-a06a-abda789c9728 0.581s
2025-02-20 15:07:14.047 63645 INFO tempest.lib.common.rest_client [req-0a560869-ee47-4a5d-8f42-7afe43a7eade req-0a560869-ee47-4a5d-8f42-7afe43a7eade ] Request (SecurityGroupsTestJSON:test_list_security_groups_by_server): 200 GET http://10.180.1.21/compute/v2.1/servers/159ca879-6987-4172-ba28-5bc3592daded 0.576s
2025-02-20 15:07:14.070 63661 INFO tempest.lib.common.rest_client [req-ae5e37c1-037f-4167-8da3-6165203ed4c3 req-ae5e37c1-037f-4167-8da3-6165203ed4c3 ] Request (ImagesNegativeTestJSON:tearDownClass): 404 DELETE http://10.180.1.21/compute/v2.1/servers/e9accedf-e703-438e-b9ca-e8051ff062c0 0.481s
2025-02-20 15:07:14.089 63637 INFO tempest.lib.common.rest_client [req-7ad23ca6-1b01-4853-8281-fb12da8b3eec req-7ad23ca6-1b01-4853-8281-fb12da8b3eec ] Request (ImagesOneServerTestJSON:setUpClass): 200 GET http://10.180.1.21/compute/v2.1/servers/72ad0057-c02b-4a31-8d58-e33c0b085c9b 0.543s
2025-02-20 15:07:14.132 63655 INFO tempest.lib.common.rest_client [req-223ffa06-c34d-4d02-86b3-a05cdf71ec6b req-223ffa06-c34d-4d02-86b3-a05cdf71ec6b ] Request (ServerPasswordTestJSON:tearDownClass): 200 GET http://10.180.1.21/compute/v2.1/servers/f454a4c2-3812-4923-9f20-3e97d021b449 0.492s
2025-02-20 15:07:14.168 63667 INFO tempest.lib.common.rest_client [req-ca8fd90e-02e4-4afa-897e-30a9dd3e0089 req-ca8fd90e-02e4-4afa-897e-30a9dd3e0089 ] Request (ServerExternalEventsTest:tearDownClass): 200 GET http://10.180.1.21/compute/v2.1/servers/9cdd1898-b712-49fd-8e0f-83607a848fca 0.523s
2025-02-20 15:07:14.192 63639 INFO tempest.lib.common.rest_client [req-534902cf-6495-4536-a6fc-7a894c0db650 req-534902cf-6495-4536-a6fc-7a894c0db650 ] Request (ServerDiagnosticsV248Test:tearDownClass): 200 GET http://10.180.1.21/compute/v2.1/servers/f5291147-c37e-4400-8a4f-9694049e55a8 0.456s
2025-02-20 15:07:14.211 63654 INFO tempest.lib.common.rest_client [req-54df08cf-9004-4a23-b305-5e3a4f6440e2 req-54df08cf-9004-4a23-b305-5e3a4f6440e2 ] Request (FloatingIPsAssociationNegativeTestJSON:setUpClass): 201 POST http://10.180.1.21:9696/networking/v2.0/routers 0.799s
2025-02-20 15:07:14.212 63651 INFO tempest.lib.common.rest_client [req-7403d4fa-eb47-45de-850f-a668a3c46e3b req-7403d4fa-eb47-45de-850f-a668a3c46e3b ] Request (DeleteServersAdminTestJSON:test_admin_delete_servers_of_others): 404 GET http://10.180.1.21/compute/v2.1/servers/86c5a0f3-a14d-4a20-b09f-21ae76715a2d 0.410s
2025-02-20 15:07:14.230 63635 INFO tempest.lib.common.rest_client [req-c735eb45-2203-42a1-b5c0-cfb557f3ea23 req-c735eb45-2203-42a1-b5c0-cfb557f3ea23 ] Request (ListImageFiltersTestJSON:setUpClass): 200 GET http://10.180.1.21/compute/v2.1/servers/e2d1e14a-adc0-4dd8-8ce4-9844717d10d7 0.446s
2025-02-20 15:07:14.262 63641 INFO tempest.lib.common.rest_client [req-abfe206d-6141-459a-8112-146b8db781d0 req-abfe206d-6141-459a-8112-146b8db781d0 ] Request (ImagesMetadataTestJSON:test_delete_image_metadata_item): 200 GET http://10.180.1.21/compute/v2.1/images/ab2e5e3c-458e-4c55-a465-493cddceb828/metadata 0.391s
2025-02-20 15:07:14.286 63651 INFO tempest.lib.common.rest_client [req-2ead7fe3-c76d-442c-9632-33965d495710 req-2ead7fe3-c76d-442c-9632-33965d495710 ] Request (DeleteServersAdminTestJSON:test_delete_server_while_in_error_state): 201 POST http://10.180.1.21/identity/v3/auth/tokens 0.063s
2025-02-20 15:07:14.286 63651 INFO tempest.lib.common.fixed_network [-] (DeleteServersAdminTestJSON:test_delete_server_while_in_error_state) Found network None available for tenant
2025-02-20 15:07:14.298 63685 INFO tempest.lib.common.rest_client [req-8b4e7d6d-bc35-4a0d-bad5-5f01d561e7fa req-8b4e7d6d-bc35-4a0d-bad5-5f01d561e7fa ] Request (ServersNegativeTestMultiTenantJSON:setUpClass): 200 PUT http://10.180.1.21:9696/networking/v2.0/routers/165a3573-c677-4f8b-98a0-923032215681/add_router_interface 2.055s
2025-02-20 15:07:14.298 63685 INFO tempest.lib.common.dynamic_creds [-] Created isolated network resources for: credentials: Credentials: {'domain_id': 'default', 'domain_name': 'Default', 'username': 'tempest-ServersNegativeTestMultiTenantJSON-128153865-project-member', 'project_domain_id': 'default', 'project_domain_name': 'Default', 'project_id': '08d4a3c80e7d4795b60ac4d609ae135e', 'project_name': 'tempest-ServersNegativeTestMultiTenantJSON-128153865', 'tenant_id': '08d4a3c80e7d4795b60ac4d609ae135e', 'tenant_name': 'tempest-ServersNegativeTestMultiTenantJSON-128153865', 'user_domain_id': 'default', 'user_domain_name': 'Default', 'user_id': '8831c44b66db43adac743cbbe0db77c5', 'system': None}, Network: {'id': 'e24c1ee5-bfd0-4b20-ade0-7c7264ae695e', 'name': 'tempest-ServersNegativeTestMultiTenantJSON-338288454-network', 'tenant_id': '08d4a3c80e7d4795b60ac4d609ae135e', 'admin_state_up': True, 'mtu': 8950, 'status': 'ACTIVE', 'subnets': [], 'shared': False, 'project_id': '08d4a3c80e7d4795b60ac4d609ae135e', 'port_security_enabled': True, 'router:external': False, 'provider:network_type': 'vlan', 'provider:physical_network': 'default', 'provider:segmentation_id': 882, 'availability_zone_hints': [], 'availability_zones': [], 'ipv4_address_scope': None, 'ipv6_address_scope': None, 'description': '', 'tags': [], 'created_at': '2025-02-20T15:07:10Z', 'updated_at': '2025-02-20T15:07:10Z', 'revision_number': 1}, Subnet: {'id': 'b55571b0-24cd-43b6-95d4-05f4f6e43fe9', 'name': 'tempest-ServersNegativeTestMultiTenantJSON-338288454-subnet', 'tenant_id': '08d4a3c80e7d4795b60ac4d609ae135e', 'network_id': 'e24c1ee5-bfd0-4b20-ade0-7c7264ae695e', 'ip_version': 4, 'subnetpool_id': None, 'enable_dhcp': True, 'ipv6_ra_mode': None, 'ipv6_address_mode': None, 'gateway_ip': '192.168.128.1', 'cidr': '192.168.128.0/28', 'allocation_pools': [{'start': '192.168.128.2', 'end': '192.168.128.14'}], 'host_routes': [], 'dns_nameservers': [], 'description': '', 'router:external': False, 'service_types': [], 'tags': [], 'created_at': '2025-02-20T15:07:10Z', 'updated_at': '2025-02-20T15:07:10Z', 'revision_number': 0, 'project_id': '08d4a3c80e7d4795b60ac4d609ae135e'}, Router: {'id': '165a3573-c677-4f8b-98a0-923032215681', 'name': 'tempest-ServersNegativeTestMultiTenantJSON-338288454-router', 'tenant_id': '08d4a3c80e7d4795b60ac4d609ae135e', 'admin_state_up': True, 'status': 'ACTIVE', 'external_gateway_info': {'network_id': '1fd258a7-bf7c-4c1e-bd22-52c7ef8a3fc4', 'external_fixed_ips': [{'subnet_id': '33e32a84-3281-444f-9caf-797a0e66a143', 'ip_address': '10.180.180.187'}], 'enable_snat': True}, 'description': '', 'availability_zones': [], 'distributed': False, 'ha': False, 'availability_zone_hints': [], 'routes': [], 'flavor_id': None, 'tags': [], 'created_at': '2025-02-20T15:07:10Z', 'updated_at': '2025-02-20T15:07:11Z', 'revision_number': 2, 'project_id': '08d4a3c80e7d4795b60ac4d609ae135e'}
2025-02-20 15:07:14.336 63649 INFO tempest.lib.common.rest_client [req-a27b4539-46a4-4f71-a25d-0da4703710f9 req-a27b4539-46a4-4f71-a25d-0da4703710f9 ] Request (ServerMetadataNegativeTestJSON:setUpClass): 201 POST http://10.180.1.21:9696/networking/v2.0/subnets 0.348s
2025-02-20 15:07:14.341 63663 INFO tempest.lib.common.rest_client [req-1b28b0f3-bec8-43f7-b2ff-39a27d2aa72c req-1b28b0f3-bec8-43f7-b2ff-39a27d2aa72c ] Request (ServersWithSpecificFlavorTestJSON:test_verify_created_server_ephemeral_disk): 200 GET http://10.180.1.21/compute/v2.1/servers/753eb1b2-d48c-4d4b-8f31-d0f395991028 0.445s
2025-02-20 15:07:14.403 63685 INFO tempest.lib.common.rest_client [req-58e9f42e-e272-4df7-925d-e3d45d5a24f5 req-58e9f42e-e272-4df7-925d-e3d45d5a24f5 ] Request (ServersNegativeTestMultiTenantJSON:setUpClass): 201 POST http://10.180.1.21/identity/v3/auth/tokens 0.102s
2025-02-20 15:07:14.416 63629 INFO tempest.lib.common.rest_client [req-783bd010-c72b-4fca-920f-3a0df983cb0a req-783bd010-c72b-4fca-920f-3a0df983cb0a ] Request (ServersAdminTestJSON:test_create_server_with_scheduling_hint): 200 GET http://10.180.1.21/compute/v2.1/servers/5bbd2152-efa9-4c21-aa2a-d4df4ae4891d 0.435s
2025-02-20 15:07:14.467 63675 INFO tempest.lib.common.rest_client [req-3977e37b-a599-4492-93f7-dbecd03b67dd req-3977e37b-a599-4492-93f7-dbecd03b67dd ] Request (ServersTestFqdnHostnames:test_create_server_with_fqdn_name): 200 GET http://10.180.1.21/compute/v2.1/servers/78ccd719-ff4f-44fb-a789-3ed60b862ffb 0.596s
2025-02-20 15:07:14.474 63685 INFO tempest.lib.common.rest_client [req-c14eac13-afd2-48da-858d-cb16ff39c931 req-c14eac13-afd2-48da-858d-cb16ff39c931 ] Request (ServersNegativeTestMultiTenantJSON:setUpClass): 201 POST http://10.180.1.21/identity/v3/auth/tokens 0.068s
2025-02-20 15:07:14.475 63685 INFO tempest.lib.common.fixed_network [-] (ServersNegativeTestMultiTenantJSON:setUpClass) Found network {'id': '01bb2b7e-2600-48ec-a18b-410d9d55f4b7', 'name': 'tempest-ServersNegativeTestMultiTenantJSON-1056556593-network', 'tenant_id': 'dd6fda0ed3444986b23a03d6c37701ef', 'admin_state_up': True, 'mtu': 8950, 'status': 'ACTIVE', 'subnets': [], 'shared': False, 'project_id': 'dd6fda0ed3444986b23a03d6c37701ef', 'port_security_enabled': True, 'router:external': False, 'provider:network_type': 'vlan', 'provider:physical_network': 'default', 'provider:segmentation_id': 617, 'availability_zone_hints': [], 'availability_zones': [], 'ipv4_address_scope': None, 'ipv6_address_scope': None, 'description': '', 'tags': [], 'created_at': '2025-02-20T15:07:06Z', 'updated_at': '2025-02-20T15:07:06Z', 'revision_number': 1} available for tenant
2025-02-20 15:07:14.476 63631 INFO tempest.lib.common.rest_client [req-351b1712-8264-4718-a429-d76aec20d38f req-351b1712-8264-4718-a429-d76aec20d38f ] Request (QuotasTestJSON:test_get_default_quotas): 200 GET http://10.180.1.21/compute/v2.1/os-quota-sets/7eaf32df03ef4614b1b17b533aedc3fb/defaults 0.483s
2025-02-20 15:07:14.545 63689 INFO tempest.lib.common.rest_client [req-4f04f037-106a-42c0-b1fa-b5b92f0a6ea3 req-4f04f037-106a-42c0-b1fa-b5b92f0a6ea3 ] Request (ImagesTestJSON:test_create_image_from_stopped_server): 200 GET http://10.180.1.21/compute/v2.1/servers/2ff32205-b658-4fe8-bd8a-6aad504ad3e1 0.548s
2025-02-20 15:07:14.570 63661 INFO tempest.lib.common.rest_client [req-b533773e-dd6c-4c15-83d9-c4ec49ec116e req-b533773e-dd6c-4c15-83d9-c4ec49ec116e ] Request (ImagesNegativeTestJSON:tearDownClass): 404 GET http://10.180.1.21/compute/v2.1/servers/e9accedf-e703-438e-b9ca-e8051ff062c0 0.500s
2025-02-20 15:07:14.636 63643 INFO tempest.lib.common.rest_client [req-c35d5caa-50e6-4657-a2f8-a79a59341158 req-c35d5caa-50e6-4657-a2f8-a79a59341158 ] Request (ServersTestBootFromVolume:setUpClass): 200 GET http://10.180.1.21/compute/v2.1/servers/1bdd687f-a5ad-435e-a659-46c35becc981 0.589s
2025-02-20 15:07:14.652 63669 INFO tempest.lib.common.rest_client [req-9a5971d2-5d68-4461-af25-d45d4e9853dc req-9a5971d2-5d68-4461-af25-d45d4e9853dc ] Request (AttachInterfacesV270Test:test_create_get_list_interfaces): 200 GET http://10.180.1.21/compute/v2.1/servers/e326a358-f9de-48db-a7ef-a11636ec7c07 0.547s
2025-02-20 15:07:14.900 63683 INFO tempest.lib.common.rest_client [req-787a726c-6a6c-45dd-83e8-f3e6e7bd0b14 req-787a726c-6a6c-45dd-83e8-f3e6e7bd0b14 ] Request (ServerDiagnosticsNegativeTest:test_get_server_diagnostics_by_non_admin): 200 GET http://10.180.1.21/compute/v2.1/servers/4e8b8b40-13fe-4874-9bec-63a68c599091 0.692s
2025-02-20 15:07:14.926 63641 INFO tempest.lib.common.rest_client [req-e517b7c7-a673-40bb-bf51-3a110a91b560 req-e517b7c7-a673-40bb-bf51-3a110a91b560 ] Request (ImagesMetadataTestJSON:setUp): 200 PUT http://10.180.1.21/compute/v2.1/images/ab2e5e3c-458e-4c55-a465-493cddceb828/metadata 0.662s
2025-02-20 15:07:15.009 63633 INFO tempest.lib.common.rest_client [req-b7073ccd-d195-4688-9c72-b5e647769c22 req-b7073ccd-d195-4688-9c72-b5e647769c22 ] Request (ListServersNegativeTestJSON:setUpClass): 200 GET http://10.180.1.21/compute/v2.1/servers/9a806382-53de-4fd4-933a-48407260a0e2 0.658s
2025-02-20 15:07:15.092 63679 INFO tempest.lib.common.rest_client [req-15c86e0a-6823-4ec3-936b-32e067563cf8 req-15c86e0a-6823-4ec3-936b-32e067563cf8 ] Request (ServersAdmin275Test:test_rebuild_update_server_275): 200 GET http://10.180.1.21/compute/v2.1/servers/aed994a0-1568-47e7-84d2-2bbdd70b7fbf 0.651s
2025-02-20 15:07:15.153 63651 INFO tempest.lib.common.rest_client [req-f555c663-57f1-4bee-aaf5-28839755dbda req-f555c663-57f1-4bee-aaf5-28839755dbda ] Request (DeleteServersAdminTestJSON:test_delete_server_while_in_error_state): 202 POST http://10.180.1.21/compute/v2.1/servers 0.867s
2025-02-20 15:07:15.195 63631 INFO tempest.lib.common.rest_client [req-1268bcda-b5fc-48a8-81a0-3d96832132f1 req-1268bcda-b5fc-48a8-81a0-3d96832132f1 ] Request (QuotasTestJSON:test_get_quotas): 200 GET http://10.180.1.21/compute/v2.1/os-quota-sets/7eaf32df03ef4614b1b17b533aedc3fb 0.713s
2025-02-20 15:07:15.252 63647 INFO tempest.lib.common.rest_client [req-1306b3e6-b815-45e8-96ab-777cdad509e3 req-1306b3e6-b815-45e8-96ab-777cdad509e3 ] Request (ImagesOneServerNegativeTestJSON:setUpClass): 200 GET http://10.180.1.21/compute/v2.1/servers/f84492b5-d1ea-4ef0-983e-7e5039fcb3fe 0.730s
2025-02-20 15:07:15.306 63627 INFO tempest.lib.common.rest_client [req-be400770-fa6d-4912-834d-e14fe2c3fbc6 req-be400770-fa6d-4912-834d-e14fe2c3fbc6 ] Request (MigrationsAdminTest:test_list_migrations_in_flavor_resize_situation): 200 GET http://10.180.1.21/compute/v2.1/servers/f712100c-2d2a-45b7-aa3c-5855baa58a77 0.714s
2025-02-20 15:07:15.391 63688 INFO tempest.lib.common.rest_client [req-68179164-8bd8-416c-8e65-115408307959 req-68179164-8bd8-416c-8e65-115408307959 ] Request (ServerActionsTestOtherA:setUpClass): 200 GET http://10.180.1.21/compute/v2.1/servers/4d6d05e5-ba16-49ba-8c3c-4888bf3a63b8 0.718s
2025-02-20 15:07:15.427 63649 INFO tempest.lib.common.rest_client [req-546a26f2-a468-4d45-abad-cc802ee70a36 req-546a26f2-a468-4d45-abad-cc802ee70a36 ] Request (ServerMetadataNegativeTestJSON:setUpClass): 201 POST http://10.180.1.21:9696/networking/v2.0/routers 1.087s
2025-02-20 15:07:15.548 63657 INFO tempest.lib.common.rest_client [req-bdef6895-679a-466e-ba88-6f914415e11d req-bdef6895-679a-466e-ba88-6f914415e11d ] Request (ServersAdminNegativeTestJSON:setUpClass): 200 GET http://10.180.1.21/compute/v2.1/servers/82b4b4cf-1a0b-45a5-accc-174b16151b7b 0.874s
2025-02-20 15:07:15.556 63657 INFO tempest.common.waiters [-] State transition "BUILD/spawning" ==> "ACTIVE/None" after 39 second wait
2025-02-20 15:07:15.636 63665 INFO tempest.lib.common.rest_client [req-14b66b15-16e7-4afd-a2c1-a58012bff9b8 req-14b66b15-16e7-4afd-a2c1-a58012bff9b8 ] Request (InstanceActionsNegativeTestJSON:tearDownClass): 200 GET http://10.180.1.21/compute/v2.1/servers/a81d331d-a372-4b75-adea-cd324d89174f 0.768s
2025-02-20 15:07:15.643 63665 INFO tempest.common.waiters [-] State transition "ACTIVE/deleting" ==> "DELETED/None" after 3 second wait
2025-02-20 15:07:15.684 63641 INFO tempest.lib.common.rest_client [req-94197bfe-ef0a-4a91-990e-e7445a15dbbf req-94197bfe-ef0a-4a91-990e-e7445a15dbbf ] Request (ImagesMetadataTestJSON:test_get_image_metadata_item): 200 GET http://10.180.1.21/compute/v2.1/images/ab2e5e3c-458e-4c55-a465-493cddceb828/metadata/os_distro 0.757s
2025-02-20 15:07:15.712 63685 INFO tempest.lib.common.rest_client [req-b0c6beff-806e-4416-ae07-f643c0a72576 req-b0c6beff-806e-4416-ae07-f643c0a72576 ] Request (ServersNegativeTestMultiTenantJSON:setUpClass): 202 POST http://10.180.1.21/compute/v2.1/servers 1.237s
2025-02-20 15:07:15.756 63659 INFO tempest.lib.common.rest_client [req-98a1e98e-b023-4d95-8a14-b31c83a1ac0f req-98a1e98e-b023-4d95-8a14-b31c83a1ac0f ] Request (VolumesAssistedSnapshotsTest:test_volume_assisted_snapshot_create_delete): 200 GET http://10.180.1.21/compute/v2.1/servers/3481b312-c716-41b4-a9f4-8992ce7fc1fc 0.805s
2025-02-20 15:07:15.807 63673 INFO tempest.lib.common.rest_client [req-93871e94-033b-4d05-9783-b641bcabc6da req-93871e94-033b-4d05-9783-b641bcabc6da ] Request (DeleteServersTestJSON:test_delete_active_server): 200 GET http://10.180.1.21/compute/v2.1/servers/f7641e0e-f7ad-4c83-af28-d86c20d65583 0.849s
2025-02-20 15:07:15.869 63681 INFO tempest.lib.common.rest_client [req-e9e28eae-b88d-4c66-b117-6314bfdd5f5f req-e9e28eae-b88d-4c66-b117-6314bfdd5f5f ] Request (ServersV294TestFqdnHostnames:setUpClass): 200 GET http://10.180.1.21/compute/v2.1/servers/5115d225-d919-423e-a06a-abda789c9728 0.827s
2025-02-20 15:07:15.893 63645 INFO tempest.lib.common.rest_client [req-595ed838-324a-4e08-babc-bbbd0b223f15 req-595ed838-324a-4e08-babc-bbbd0b223f15 ] Request (SecurityGroupsTestJSON:test_list_security_groups_by_server): 200 GET http://10.180.1.21/compute/v2.1/servers/159ca879-6987-4172-ba28-5bc3592daded 0.836s
2025-02-20 15:07:15.932 63661 INFO tempest.lib.common.rest_client [req-32c4a13e-3663-4d9e-83d3-360e220752b3 req-32c4a13e-3663-4d9e-83d3-360e220752b3 ] Request (ImagesNegativeTestJSON:tearDownClass): 200 PUT http://10.180.1.21:9696/networking/v2.0/routers/6b7f5bbe-a6c8-45c6-a440-bb205dd39c29/remove_router_interface 1.358s
2025-02-20 15:07:15.940 63637 INFO tempest.lib.common.rest_client [req-46e8a693-8e45-4d87-ba6e-41f36de9752b req-46e8a693-8e45-4d87-ba6e-41f36de9752b ] Request (ImagesOneServerTestJSON:setUpClass): 200 GET http://10.180.1.21/compute/v2.1/servers/72ad0057-c02b-4a31-8d58-e33c0b085c9b 0.837s
2025-02-20 15:07:15.991 63655 INFO tempest.lib.common.rest_client [req-9d8222db-4a15-4246-b4d6-82f371b5885f req-9d8222db-4a15-4246-b4d6-82f371b5885f ] Request (ServerPasswordTestJSON:tearDownClass): 200 GET http://10.180.1.21/compute/v2.1/servers/f454a4c2-3812-4923-9f20-3e97d021b449 0.851s
2025-02-20 15:07:16.005 63654 INFO tempest.lib.common.rest_client [req-c2faae5a-06dd-4ed1-bb5e-5011d0443c53 req-c2faae5a-06dd-4ed1-bb5e-5011d0443c53 ] Request (FloatingIPsAssociationNegativeTestJSON:setUpClass): 200 PUT http://10.180.1.21:9696/networking/v2.0/routers/a71ba408-acf6-49de-8cd3-8eb8d40ac24a/add_router_interface 1.793s
