2025-11-19 05:25:01.735 67302 INFO tempest.lib.common.rest_client [req-2e3f3ecd-52e5-4d58-b65b-e6e0c92bbc6b req-2e3f3ecd-52e5-4d58-b65b-e6e0c92bbc6b ] Request (FlavorMetadataValidation:_run_cleanups): 202 DELETE http://10.180.1.21/compute/v2.1/flavors/1868634481 0.584s
2025-11-19 05:25:01.737 67300 INFO tempest.lib.common.rest_client [req-e3e8d13a-1bfc-4e10-ac49-8598ab919aff req-e3e8d13a-1bfc-4e10-ac49-8598ab919aff ] Request (KeyPairsV22TestJSON:tearDownClass): 204 DELETE http://10.180.1.21/networking/v2.0/security-groups/5a1dcb8e-c743-4898-b50f-676233644580 0.126s
2025-11-19 05:25:01.765 67288 INFO tempest.lib.common.rest_client [req-bf4330e6-5662-4110-8bbe-e8cefd86dd77 req-bf4330e6-5662-4110-8bbe-e8cefd86dd77 ] Request (ImagesOneServerNegativeTestJSON:_run_cleanups): 200 GET http://10.180.1.21/compute/v2.1/servers/b56a2a54-7e5d-48aa-b158-77cc1099f07a 0.635s
2025-11-19 05:25:01.766 67322 INFO tempest.lib.common.rest_client [req-4418094e-3666-4456-856d-e803d1521767 req-4418094e-3666-4456-856d-e803d1521767 ] Request (AttachInterfacesUnderV243Test:tearDownClass): 404 DELETE http://10.180.1.21/compute/v2.1/servers/43a65098-7ec6-4eb6-95aa-975eb754c810 0.609s
2025-11-19 05:25:01.799 67298 INFO tempest.lib.common.rest_client [req-8013ea8e-ce56-481c-b9ba-2a5b52efa2a5 req-8013ea8e-ce56-481c-b9ba-2a5b52efa2a5 ] Request (ServerMetadataNegativeTestJSON:tearDownClass): 404 GET http://10.180.1.21/compute/v2.1/servers/83ee9993-3077-4c2a-ac85-14a24a3c12b0 0.604s
2025-11-19 05:25:01.836 67300 INFO tempest.lib.common.rest_client [req-f3a45d8b-723c-4a53-a83b-84f99fdd613e req-f3a45d8b-723c-4a53-a83b-84f99fdd613e ] Request (KeyPairsV22TestJSON:tearDownClass): 204 DELETE http://10.180.1.21/identity/v3/projects/2a4fd5a6fed949ac98c0502f2135dd5f 0.099s
2025-11-19 05:25:01.891 67312 INFO tempest.lib.common.rest_client [req-e96d0411-8f8a-4cb0-a8b2-09564689c411 req-e96d0411-8f8a-4cb0-a8b2-09564689c411 ] Request (InstanceActionsV221TestJSON:test_get_list_deleted_instance_actions): 204 DELETE http://10.180.1.21/compute/v2.1/servers/5560f636-63b7-42e9-8a90-77353ae29ee9 0.655s
2025-11-19 05:25:01.901 67336 INFO tempest.lib.common.rest_client [req-381b7a07-6973-42ea-9f00-5b23e5d10688 req-381b7a07-6973-42ea-9f00-5b23e5d10688 ] Request (ServersNegativeTestMultiTenantJSON:setUpClass): 201 POST http://10.180.1.21/networking/v2.0/subnets 0.215s
2025-11-19 05:25:01.921 67300 INFO tempest.lib.common.rest_client [req-acca27f0-0d85-461c-99a1-21b225c9cdea req-acca27f0-0d85-461c-99a1-21b225c9cdea ] Request (ListServersNegativeTestJSON:setUpClass): 201 POST http://10.180.1.21/identity/v3/auth/tokens 0.083s
2025-11-19 05:25:01.952 67300 INFO tempest.lib.common.rest_client [req-bc738f9f-811b-442c-9cc1-f65155ea30f1 req-bc738f9f-811b-442c-9cc1-f65155ea30f1 ] Request (ListServersNegativeTestJSON:setUpClass): 201 POST http://10.180.1.21/identity/v3/auth/tokens 0.028s
2025-11-19 05:25:01.987 67300 INFO tempest.lib.common.rest_client [req-379e25a9-2a18-4c82-b4c2-18fda6c314ac req-379e25a9-2a18-4c82-b4c2-18fda6c314ac ] Request (ListServersNegativeTestJSON:setUpClass): 200 GET http://10.180.1.21/identity/v3/domains?name=Default 0.035s
2025-11-19 05:25:02.056 67300 INFO tempest.lib.common.rest_client [req-bfa0f8a8-fb7b-4c19-a967-1363fe480895 req-bfa0f8a8-fb7b-4c19-a967-1363fe480895 ] Request (ListServersNegativeTestJSON:setUpClass): 201 POST http://10.180.1.21/identity/v3/projects 0.068s
2025-11-19 05:25:02.122 67300 INFO tempest.lib.common.rest_client [req-33834e6f-3318-4c0c-94f7-f145d2dd13fc req-33834e6f-3318-4c0c-94f7-f145d2dd13fc ] Request (ListServersNegativeTestJSON:setUpClass): 201 POST http://10.180.1.21/identity/v3/users 0.066s
2025-11-19 05:25:02.144 67300 INFO tempest.lib.common.rest_client [req-6886a948-81df-4348-8f93-4d942084516e req-6886a948-81df-4348-8f93-4d942084516e ] Request (ListServersNegativeTestJSON:setUpClass): 200 GET http://10.180.1.21/identity/v3/roles 0.021s
2025-11-19 05:25:02.171 67300 INFO tempest.lib.common.rest_client [req-156065cc-8ba3-4918-89f3-76a49d40250b req-156065cc-8ba3-4918-89f3-76a49d40250b ] Request (ListServersNegativeTestJSON:setUpClass): 204 PUT http://10.180.1.21/identity/v3/projects/d3d76e23ee014f8b8f5ecb7de9998131/users/0e64587c97fa43c7a6e6be9cb13a65c4/roles/52fe05e1e5e54aafa1189da4d238ca5c 0.026s
2025-11-19 05:25:02.171 67300 INFO tempest.lib.common.dynamic_creds [-] Dynamic test user 0e64587c97fa43c7a6e6be9cb13a65c4 is created with scope project and roles: ['member']
2025-11-19 05:25:02.171 67300 INFO tempest.lib.common.dynamic_creds [-] Acquired dynamic creds: credentials: Credentials: {'domain_id': 'default', 'domain_name': 'Default', 'username': 'tempest-ListServersNegativeTestJSON-1212628042-project-member', 'project_domain_id': 'default', 'project_domain_name': 'Default', 'project_id': 'd3d76e23ee014f8b8f5ecb7de9998131', 'project_name': 'tempest-ListServersNegativeTestJSON-1212628042', 'tenant_id': 'd3d76e23ee014f8b8f5ecb7de9998131', 'tenant_name': 'tempest-ListServersNegativeTestJSON-1212628042', 'user_domain_id': 'default', 'user_domain_name': 'Default', 'user_id': '0e64587c97fa43c7a6e6be9cb13a65c4', 'system': None}, Network: None, Subnet: None, Router: None
2025-11-19 05:25:02.233 67300 INFO tempest.lib.common.rest_client [req-3a8fb24e-f777-4c80-8c11-08e5afc9288b req-3a8fb24e-f777-4c80-8c11-08e5afc9288b ] Request (ListServersNegativeTestJSON:setUpClass): 201 POST http://10.180.1.21/identity/v3/auth/tokens 0.061s
2025-11-19 05:25:02.591 67298 INFO tempest.lib.common.rest_client [req-44a8a3c7-6d8e-4c0b-9921-dda1dc8d389e req-44a8a3c7-6d8e-4c0b-9921-dda1dc8d389e ] Request (ServerMetadataNegativeTestJSON:tearDownClass): 200 PUT http://10.180.1.21/networking/v2.0/routers/ab85df6e-b482-44cc-ba50-585112431686/remove_router_interface 0.792s
2025-11-19 05:25:02.619 67328 INFO tempest.lib.common.rest_client [req-561752fe-f012-49d4-9a81-f5d58d8ca9d3 req-561752fe-f012-49d4-9a81-f5d58d8ca9d3 ] Request (ServerRescueTestJSON:test_rescue_unrescue_instance): 200 GET http://10.180.1.21/compute/v2.1/servers/dd9389c0-b8fe-45b6-ab02-e4cbf3882515 1.373s
2025-11-19 05:25:02.685 67320 INFO tempest.lib.common.rest_client [req-bf9963de-a261-425c-83cd-8e60d2137e22 req-bf9963de-a261-425c-83cd-8e60d2137e22 ] Request (ServersAdminTestJSON:test_create_server_with_scheduling_hint): 200 GET http://10.180.1.21/compute/v2.1/servers/4077d657-364d-4d93-bf87-99c0b5582589 1.496s
2025-11-19 05:25:02.690 67336 INFO tempest.lib.common.rest_client [req-670cc3a5-5cbb-41d6-933b-804cbd6aa8d7 req-670cc3a5-5cbb-41d6-933b-804cbd6aa8d7 ] Request (ServersNegativeTestMultiTenantJSON:setUpClass): 201 POST http://10.180.1.21/networking/v2.0/routers 0.788s
2025-11-19 05:25:02.952 67300 INFO tempest.lib.common.rest_client [req-1d0030ac-0ec2-4fe0-9571-15f563e98ee5 req-1d0030ac-0ec2-4fe0-9571-15f563e98ee5 ] Request (ListServersNegativeTestJSON:setUpClass): 201 POST http://10.180.1.21/networking/v2.0/networks 0.719s
2025-11-19 05:25:03.012 67324 INFO tempest.lib.common.rest_client [req-6b9dffcd-1752-490a-8b94-cdf855f010ae req-6b9dffcd-1752-490a-8b94-cdf855f010ae ] Request (ImagesOneServerTestJSON:tearDownClass): 200 GET http://10.180.1.21/compute/v2.1/servers/30fea201-a71f-405a-b64a-241e1ca5fa1c 1.754s
2025-11-19 05:25:03.190 67298 INFO tempest.lib.common.rest_client [req-34fe3836-e856-42f7-8dd8-202365af2d7c req-34fe3836-e856-42f7-8dd8-202365af2d7c ] Request (ServerMetadataNegativeTestJSON:tearDownClass): 204 DELETE http://10.180.1.21/networking/v2.0/routers/ab85df6e-b482-44cc-ba50-585112431686 0.598s
2025-11-19 05:25:03.212 67314 INFO tempest.lib.common.rest_client [req-a2ade23a-3a85-4ad0-9696-e83eff9767ac req-a2ade23a-3a85-4ad0-9696-e83eff9767ac ] Request (ServersWithSpecificFlavorTestJSON:test_verify_created_server_ephemeral_disk): 200 GET http://10.180.1.21/compute/v2.1/servers/9fed7b2c-b23b-4f3a-a031-d1e47d2c9491 1.887s
2025-11-19 05:25:03.255 67316 INFO tempest.lib.common.rest_client [req-1698e008-caa2-4261-a041-b142a11c7e53 req-1698e008-caa2-4261-a041-b142a11c7e53 ] Request (ServerDiskConfigTestJSON:test_rebuild_server_with_manual_disk_config): 202 POST http://10.180.1.21/compute/v2.1/servers/12dc581e-8f3f-4555-a6ed-8b766bda8192/action 1.889s
2025-11-19 05:25:03.404 67300 INFO tempest.lib.common.rest_client [req-9dfb6b8a-a033-41be-a730-fe80583ab45d req-9dfb6b8a-a033-41be-a730-fe80583ab45d ] Request (ListServersNegativeTestJSON:setUpClass): 201 POST http://10.180.1.21/networking/v2.0/subnets 0.451s
2025-11-19 05:25:03.550 67298 INFO tempest.lib.common.rest_client [req-eabd9e07-5138-45f5-a567-9ee3bf41ae1d req-eabd9e07-5138-45f5-a567-9ee3bf41ae1d ] Request (ServerMetadataNegativeTestJSON:tearDownClass): 204 DELETE http://10.180.1.21/networking/v2.0/subnets/b0e199f6-dc43-45f5-af04-66eead9b0bd7 0.360s
2025-11-19 05:25:03.581 67344 INFO tempest.lib.common.rest_client [req-0c22304f-a475-43c9-bd59-5cbf9dbb5a7c req-0c22304f-a475-43c9-bd59-5cbf9dbb5a7c ] Request (ServersListShow2100Test:test_list_show_rebuild_update_server_2100): 200 GET http://10.180.1.21/compute/v2.1/servers/356743aa-93fe-46b9-8b1e-522dc79570ab 2.208s
2025-11-19 05:25:03.588 67332 INFO tempest.lib.common.rest_client [req-338823b5-dfaf-4d5d-87cb-88d51a22f3f8 req-338823b5-dfaf-4d5d-87cb-88d51a22f3f8 ] Request (ServerRescueTestJSONUnderV235:setUpClass): 200 GET http://10.180.1.21/compute/v2.1/servers/cd1a36c2-33d4-4185-9653-a1e197f9f0aa 2.199s
2025-11-19 05:25:03.636 67326 INFO tempest.lib.common.rest_client [req-ba3ca036-e95e-4486-9d35-06aea05e5ce6 req-ba3ca036-e95e-4486-9d35-06aea05e5ce6 ] Request (ListServerFiltersTestJSON:test_list_servers_filtered_by_name_wildcard): 200 GET http://10.180.1.21/compute/v2.1/servers?name=t-ListServerFiltersTestJSON-instance-100546717 2.213s
2025-11-19 05:25:04.026 67336 INFO tempest.lib.common.rest_client [req-1a44ccb0-e661-496f-be9e-9b84db092d65 req-1a44ccb0-e661-496f-be9e-9b84db092d65 ] Request (ServersNegativeTestMultiTenantJSON:setUpClass): 200 PUT http://10.180.1.21/networking/v2.0/routers/c8c51d8c-4ba6-42dc-9f3c-af2fc0c5a44d/add_router_interface 1.336s
2025-11-19 05:25:04.027 67336 INFO tempest.lib.common.dynamic_creds [-] Created isolated network resources for: credentials: Credentials: {'domain_id': 'default', 'domain_name': 'Default', 'username': 'tempest-ServersNegativeTestMultiTenantJSON-1461238548-project-member', 'project_domain_id': 'default', 'project_domain_name': 'Default', 'project_id': '8641fd4c5f124ff1b9193eec219dedd2', 'project_name': 'tempest-ServersNegativeTestMultiTenantJSON-1461238548', 'tenant_id': '8641fd4c5f124ff1b9193eec219dedd2', 'tenant_name': 'tempest-ServersNegativeTestMultiTenantJSON-1461238548', 'user_domain_id': 'default', 'user_domain_name': 'Default', 'user_id': '86e0846e7b174ee8a88ecf854bbab938', 'system': None}, Network: {'id': 'eb057ad9-c545-43ac-8db6-56bc90449b69', 'name': 'tempest-ServersNegativeTestMultiTenantJSON-440320824-network', 'tenant_id': '8641fd4c5f124ff1b9193eec219dedd2', 'project_id': '8641fd4c5f124ff1b9193eec219dedd2', 'admin_state_up': True, 'mtu': 8950, 'status': 'ACTIVE', 'subnets': [], 'shared': False, 'port_security_enabled': True, 'router:external': False, 'provider:network_type': 'vlan', 'provider:physical_network': 'default', 'provider:segmentation_id': 423, 'availability_zone_hints': [], 'availability_zones': [], 'ipv4_address_scope': None, 'ipv6_address_scope': None, 'description': '', 'tags': [], 'created_at': '2025-11-19T05:25:01Z', 'updated_at': '2025-11-19T05:25:01Z', 'revision_number': 1}, Subnet: {'id': '07fe58f4-23c1-49b9-812b-d5fb1544e9d6', 'name': 'tempest-ServersNegativeTestMultiTenantJSON-440320824-subnet', 'tenant_id': '8641fd4c5f124ff1b9193eec219dedd2', 'network_id': 'eb057ad9-c545-43ac-8db6-56bc90449b69', 'ip_version': 4, 'subnetpool_id': None, 'enable_dhcp': True, 'ipv6_ra_mode': None, 'ipv6_address_mode': None, 'gateway_ip': '192.168.128.1', 'cidr': '192.168.128.0/28', 'allocation_pools': [{'start': '192.168.128.2', 'end': '192.168.128.14'}], 'host_routes': [], 'dns_nameservers': [], 'description': '', 'router:external': False, 'service_types': [], 'tags': [], 'created_at': '2025-11-19T05:25:01Z', 'updated_at': '2025-11-19T05:25:01Z', 'revision_number': 0, 'project_id': '8641fd4c5f124ff1b9193eec219dedd2'}, Router: {'id': 'c8c51d8c-4ba6-42dc-9f3c-af2fc0c5a44d', 'name': 'tempest-ServersNegativeTestMultiTenantJSON-440320824-router', 'tenant_id': '8641fd4c5f124ff1b9193eec219dedd2', 'admin_state_up': True, 'status': 'ACTIVE', 'external_gateway_info': {'network_id': '5beb6694-e7dc-412c-8110-4018b6d9738b', 'external_fixed_ips': [{'subnet_id': 'b6d4d349-d309-4ccf-aa8d-38fcb138e375', 'ip_address': '10.180.180.173'}], 'enable_snat': True}, 'description': '', 'availability_zones': [], 'distributed': False, 'ha': False, 'availability_zone_hints': [], 'routes': [], 'flavor_id': None, 'tags': [], 'created_at': '2025-11-19T05:25:01Z', 'updated_at': '2025-11-19T05:25:02Z', 'revision_number': 2, 'project_id': '8641fd4c5f124ff1b9193eec219dedd2'}
2025-11-19 05:25:04.127 67336 INFO tempest.lib.common.rest_client [req-3be70ccc-089f-4bad-a571-817643c68907 req-3be70ccc-089f-4bad-a571-817643c68907 ] Request (ServersNegativeTestMultiTenantJSON:setUpClass): 201 POST http://10.180.1.21/identity/v3/auth/tokens 0.093s
2025-11-19 05:25:04.168 67336 INFO tempest.lib.common.rest_client [req-328259a8-6c39-4542-a6c1-fd8947f12527 req-328259a8-6c39-4542-a6c1-fd8947f12527 ] Request (ServersNegativeTestMultiTenantJSON:setUpClass): 201 POST http://10.180.1.21/identity/v3/projects 0.041s
2025-11-19 05:25:04.266 67336 INFO tempest.lib.common.rest_client [req-209a4e0c-7bee-4313-b423-eac868343e24 req-209a4e0c-7bee-4313-b423-eac868343e24 ] Request (ServersNegativeTestMultiTenantJSON:setUpClass): 201 POST http://10.180.1.21/identity/v3/users 0.097s
2025-11-19 05:25:04.290 67336 INFO tempest.lib.common.rest_client [req-1731b8d1-3385-4345-bf5e-f4be4f66d15c req-1731b8d1-3385-4345-bf5e-f4be4f66d15c ] Request (ServersNegativeTestMultiTenantJSON:setUpClass): 200 GET http://10.180.1.21/identity/v3/roles 0.024s
2025-11-19 05:25:04.319 67298 INFO tempest.lib.common.rest_client [req-41c62a77-5796-4818-8288-6a87f26a91fc req-41c62a77-5796-4818-8288-6a87f26a91fc ] Request (ServerMetadataNegativeTestJSON:tearDownClass): 204 DELETE http://10.180.1.21/networking/v2.0/networks/b04ea699-629b-4e40-bdd9-df886cd3ea9f 0.768s
2025-11-19 05:25:04.329 67336 INFO tempest.lib.common.rest_client [req-da008529-1cf1-45ef-ad3a-1cc0968e0545 req-da008529-1cf1-45ef-ad3a-1cc0968e0545 ] Request (ServersNegativeTestMultiTenantJSON:setUpClass): 204 PUT http://10.180.1.21/identity/v3/projects/888128f37f51448fb7898b4a95db70bb/users/f7685b4adb1c44d6b2e9ac8a2d134962/roles/52fe05e1e5e54aafa1189da4d238ca5c 0.038s
2025-11-19 05:25:04.329 67336 INFO tempest.lib.common.dynamic_creds [-] Dynamic test user f7685b4adb1c44d6b2e9ac8a2d134962 is created with scope project and roles: ['member']
2025-11-19 05:25:04.329 67336 INFO tempest.lib.common.dynamic_creds [-] Acquired dynamic creds: credentials: Credentials: {'domain_id': 'default', 'domain_name': 'Default', 'username': 'tempest-ServersNegativeTestMultiTenantJSON-1112201169-project-member', 'project_domain_id': 'default', 'project_domain_name': 'Default', 'project_id': '888128f37f51448fb7898b4a95db70bb', 'project_name': 'tempest-ServersNegativeTestMultiTenantJSON-1112201169', 'tenant_id': '888128f37f51448fb7898b4a95db70bb', 'tenant_name': 'tempest-ServersNegativeTestMultiTenantJSON-1112201169', 'user_domain_id': 'default', 'user_domain_name': 'Default', 'user_id': 'f7685b4adb1c44d6b2e9ac8a2d134962', 'system': None}, Network: None, Subnet: None, Router: None
2025-11-19 05:25:04.346 67290 INFO tempest.lib.common.rest_client [req-78897667-8437-4b18-b827-e3d99fe98e62 req-78897667-8437-4b18-b827-e3d99fe98e62 ] Request (ServersAdminNegativeTestJSON:setUpClass): 200 GET http://10.180.1.21/compute/v2.1/servers/1f9c8a8f-549c-4cef-979f-b2f8a513228a 2.906s
2025-11-19 05:25:04.389 67340 INFO tempest.lib.common.rest_client [req-efa8a896-a5d5-42bf-8bf9-db41c335b507 req-efa8a896-a5d5-42bf-8bf9-db41c335b507 ] Request (DeleteServersTestJSON:test_delete_active_server): 200 GET http://10.180.1.21/compute/v2.1/servers/0432a314-2b00-4213-95e1-312f4235e065 2.935s
2025-11-19 05:25:04.413 67300 INFO tempest.lib.common.rest_client [req-0c2b6c22-d35b-41f4-9bd3-d5df3f8bf991 req-0c2b6c22-d35b-41f4-9bd3-d5df3f8bf991 ] Request (ListServersNegativeTestJSON:setUpClass): 201 POST http://10.180.1.21/networking/v2.0/routers 1.008s
2025-11-19 05:25:04.416 67292 INFO tempest.lib.common.rest_client [req-35ea144a-80ad-4c7e-bd0d-f494931659f5 req-35ea144a-80ad-4c7e-bd0d-f494931659f5 ] Request (ServersNegativeTestJSON:setUpClass): 404 GET http://10.180.1.21/compute/v2.1/servers/9a7a0cbe-e4e5-46a8-9ca5-fb6a52faa376 2.758s
2025-11-19 05:25:04.448 67302 INFO tempest.lib.common.rest_client [req-f4275aa1-3d26-45c3-9462-ae0e78313096 req-f4275aa1-3d26-45c3-9462-ae0e78313096 ] Request (FlavorMetadataValidation:_run_cleanups): 200 GET http://10.180.1.21/compute/v2.1/flavors/detail 2.712s
2025-11-19 05:25:04.470 67298 INFO tempest.lib.common.rest_client [req-27e2d32c-20c3-42cb-8ece-5a4b8297b272 req-27e2d32c-20c3-42cb-8ece-5a4b8297b272 ] Request (ServerMetadataNegativeTestJSON:tearDownClass): 204 DELETE http://10.180.1.21/identity/v3/users/e2c75ba57c0b446e94a30c8bd8315d62 0.151s
2025-11-19 05:25:04.471 67298 INFO tempest.lib.common.dynamic_creds [-] Deleting project and security group for project: d95b2ee2d7fd4362ae7289b19302ec9c
2025-11-19 05:25:04.482 67322 INFO tempest.lib.common.rest_client [req-0ea558e1-8621-4c14-989d-d8f986ad8988 req-0ea558e1-8621-4c14-989d-d8f986ad8988 ] Request (AttachInterfacesUnderV243Test:tearDownClass): 404 GET http://10.180.1.21/compute/v2.1/servers/43a65098-7ec6-4eb6-95aa-975eb754c810 2.716s
2025-11-19 05:25:04.597 67302 INFO tempest.lib.common.rest_client [req-001eb63d-6539-498c-8d95-1508d2843641 req-001eb63d-6539-498c-8d95-1508d2843641 ] Request (FlavorMetadataValidation:tearDownClass): 204 DELETE http://10.180.1.21/identity/v3/users/5370daddfb434d13a100d3bed8d85eb0 0.136s
2025-11-19 05:25:04.636 67336 INFO tempest.lib.common.rest_client [req-8fa6b082-6807-4d90-869b-f8ec12a8e96c req-8fa6b082-6807-4d90-869b-f8ec12a8e96c ] Request (ServersNegativeTestMultiTenantJSON:setUpClass): 201 POST http://10.180.1.21/networking/v2.0/networks 0.306s
2025-11-19 05:25:04.726 67302 INFO tempest.lib.common.rest_client [req-b6f3bd6c-c38f-4662-9e92-11cd6d2386b5 req-b6f3bd6c-c38f-4662-9e92-11cd6d2386b5 ] Request (FlavorMetadataValidation:tearDownClass): 204 DELETE http://10.180.1.21/identity/v3/users/a61ad08471fb4f82879c8a9f99fc6cac 0.128s
2025-11-19 05:25:04.726 67302 INFO tempest.lib.common.dynamic_creds [-] Deleting project and security group for project: 5afc6960abff46ffbd103916490679f4
2025-11-19 05:25:04.785 67302 INFO tempest.lib.common.rest_client [req-8b7f3609-9872-4cdf-9cb5-eea28e40f743 req-8b7f3609-9872-4cdf-9cb5-eea28e40f743 ] Request (FlavorMetadataValidation:tearDownClass): 201 POST http://10.180.1.21/identity/v3/auth/tokens 0.059s
2025-11-19 05:25:04.994 67298 INFO tempest.lib.common.rest_client [req-f1aa006a-c20c-42ca-a03c-1555ab4319be req-f1aa006a-c20c-42ca-a03c-1555ab4319be ] Request (ServerMetadataNegativeTestJSON:tearDownClass): 200 GET http://10.180.1.21/networking/v2.0/security-groups?tenant_id=d95b2ee2d7fd4362ae7289b19302ec9c&name=default 0.523s
2025-11-19 05:25:05.677 67300 INFO tempest.lib.common.rest_client [req-bf64581c-b4e5-4d63-9496-cbadd10f3c68 req-bf64581c-b4e5-4d63-9496-cbadd10f3c68 ] Request (ListServersNegativeTestJSON:setUpClass): 200 PUT http://10.180.1.21/networking/v2.0/routers/0fe27a29-8ef6-474e-a08b-d945d511b172/add_router_interface 1.263s
2025-11-19 05:25:05.677 67300 INFO tempest.lib.common.dynamic_creds [-] Created isolated network resources for: credentials: Credentials: {'domain_id': 'default', 'domain_name': 'Default', 'username': 'tempest-ListServersNegativeTestJSON-1212628042-project-member', 'project_domain_id': 'default', 'project_domain_name': 'Default', 'project_id': 'd3d76e23ee014f8b8f5ecb7de9998131', 'project_name': 'tempest-ListServersNegativeTestJSON-1212628042', 'tenant_id': 'd3d76e23ee014f8b8f5ecb7de9998131', 'tenant_name': 'tempest-ListServersNegativeTestJSON-1212628042', 'user_domain_id': 'default', 'user_domain_name': 'Default', 'user_id': '0e64587c97fa43c7a6e6be9cb13a65c4', 'system': None}, Network: {'id': '220bc3ad-b6dc-4471-b0c4-348cc6bbba92', 'name': 'tempest-ListServersNegativeTestJSON-263922372-network', 'tenant_id': 'd3d76e23ee014f8b8f5ecb7de9998131', 'project_id': 'd3d76e23ee014f8b8f5ecb7de9998131', 'admin_state_up': True, 'mtu': 8950, 'status': 'ACTIVE', 'subnets': [], 'shared': False, 'port_security_enabled': True, 'router:external': False, 'provider:network_type': 'vlan', 'provider:physical_network': 'default', 'provider:segmentation_id': 910, 'availability_zone_hints': [], 'availability_zones': [], 'ipv4_address_scope': None, 'ipv6_address_scope': None, 'description': '', 'tags': [], 'created_at': '2025-11-19T05:25:02Z', 'updated_at': '2025-11-19T05:25:02Z', 'revision_number': 1}, Subnet: {'id': 'f7472257-f468-4467-a756-64a96403e859', 'name': 'tempest-ListServersNegativeTestJSON-263922372-subnet', 'tenant_id': 'd3d76e23ee014f8b8f5ecb7de9998131', 'network_id': '220bc3ad-b6dc-4471-b0c4-348cc6bbba92', 'ip_version': 4, 'subnetpool_id': None, 'enable_dhcp': True, 'ipv6_ra_mode': None, 'ipv6_address_mode': None, 'gateway_ip': '192.168.128.1', 'cidr': '192.168.128.0/28', 'allocation_pools': [{'start': '192.168.128.2', 'end': '192.168.128.14'}], 'host_routes': [], 'dns_nameservers': [], 'description': '', 'router:external': False, 'service_types': [], 'tags': [], 'created_at': '2025-11-19T05:25:03Z', 'updated_at': '2025-11-19T05:25:03Z', 'revision_number': 0, 'project_id': 'd3d76e23ee014f8b8f5ecb7de9998131'}, Router: {'id': '0fe27a29-8ef6-474e-a08b-d945d511b172', 'name': 'tempest-ListServersNegativeTestJSON-263922372-router', 'tenant_id': 'd3d76e23ee014f8b8f5ecb7de9998131', 'admin_state_up': True, 'status': 'ACTIVE', 'external_gateway_info': {'network_id': '5beb6694-e7dc-412c-8110-4018b6d9738b', 'external_fixed_ips': [{'subnet_id': 'b6d4d349-d309-4ccf-aa8d-38fcb138e375', 'ip_address': '10.180.180.140'}], 'enable_snat': True}, 'description': '', 'availability_zones': [], 'distributed': False, 'ha': False, 'availability_zone_hints': [], 'routes': [], 'flavor_id': None, 'tags': [], 'created_at': '2025-11-19T05:25:03Z', 'updated_at': '2025-11-19T05:25:04Z', 'revision_number': 2, 'project_id': 'd3d76e23ee014f8b8f5ecb7de9998131'}
2025-11-19 05:25:05.701 67342 INFO tempest.lib.common.rest_client [req-7efbab29-308f-4190-a3b0-2cc022e784a5 req-7efbab29-308f-4190-a3b0-2cc022e784a5 ] Request (ServersTestFqdnHostnames:tearDownClass): 200 GET http://10.180.1.21/compute/v2.1/servers/de43ae42-da08-41d2-b90f-4140b4650b69 3.924s
2025-11-19 05:25:05.772 67300 INFO tempest.lib.common.rest_client [req-551e9c4b-fa9a-4cbd-b8d4-b43250787862 req-551e9c4b-fa9a-4cbd-b8d4-b43250787862 ] Request (ListServersNegativeTestJSON:setUpClass): 201 POST http://10.180.1.21/identity/v3/auth/tokens 0.092s
2025-11-19 05:25:05.808 67300 INFO tempest.lib.common.rest_client [req-6cce37cb-04a1-45ef-848a-f077aed86c80 req-6cce37cb-04a1-45ef-848a-f077aed86c80 ] Request (ListServersNegativeTestJSON:setUpClass): 201 POST http://10.180.1.21/identity/v3/auth/tokens 0.032s
2025-11-19 05:25:05.809 67300 INFO tempest.lib.common.fixed_network [-] (ListServersNegativeTestJSON:setUpClass) Found network {'id': '220bc3ad-b6dc-4471-b0c4-348cc6bbba92', 'name': 'tempest-ListServersNegativeTestJSON-263922372-network', 'tenant_id': 'd3d76e23ee014f8b8f5ecb7de9998131', 'project_id': 'd3d76e23ee014f8b8f5ecb7de9998131', 'admin_state_up': True, 'mtu': 8950, 'status': 'ACTIVE', 'subnets': [], 'shared': False, 'port_security_enabled': True, 'router:external': False, 'provider:network_type': 'vlan', 'provider:physical_network': 'default', 'provider:segmentation_id': 910, 'availability_zone_hints': [], 'availability_zones': [], 'ipv4_address_scope': None, 'ipv6_address_scope': None, 'description': '', 'tags': [], 'created_at': '2025-11-19T05:25:02Z', 'updated_at': '2025-11-19T05:25:02Z', 'revision_number': 1} available for tenant
2025-11-19 05:25:05.811 67322 INFO tempest.lib.common.rest_client [req-82e7cd67-e72f-43d3-962f-f034a5660371 req-82e7cd67-e72f-43d3-962f-f034a5660371 ] Request (AttachInterfacesUnderV243Test:tearDownClass): 200 PUT http://10.180.1.21/networking/v2.0/routers/348d8bae-9955-4e3e-8703-57b5c999c5ee/remove_router_interface 1.328s
2025-11-19 05:25:05.855 67346 INFO tempest.lib.common.rest_client [req-a832d75d-0714-41ca-b6ed-9850e7faf760 req-a832d75d-0714-41ca-b6ed-9850e7faf760 ] Request (FloatingIPsAssociationNegativeTestJSON:tearDownClass): 200 GET http://10.180.1.21/compute/v2.1/servers/9f2a2e80-3ac0-4cfe-9b4d-df621cce554e 4.325s
2025-11-19 05:25:05.893 67336 INFO tempest.lib.common.rest_client [req-5f61b0b1-dfa3-49e2-ad6b-015864c4b3ce req-5f61b0b1-dfa3-49e2-ad6b-015864c4b3ce ] Request (ServersNegativeTestMultiTenantJSON:setUpClass): 201 POST http://10.180.1.21/networking/v2.0/subnets 1.257s
2025-11-19 05:25:06.004 67298 INFO tempest.lib.common.rest_client [req-9a257ac9-e33b-42dc-b3b2-582b8bee25d1 req-9a257ac9-e33b-42dc-b3b2-582b8bee25d1 ] Request (ServerMetadataNegativeTestJSON:tearDownClass): 204 DELETE http://10.180.1.21/networking/v2.0/security-groups/1c70302e-70ac-434d-a62c-6cde4cb391fa 1.007s
2025-11-19 05:25:06.044 67296 INFO tempest.lib.common.rest_client [req-c10148d6-c08a-4582-86ed-f407b87211e8 req-c10148d6-c08a-4582-86ed-f407b87211e8 ] Request (VolumesAssistedSnapshotsTest:tearDownClass): 200 GET http://10.180.1.21/compute/v2.1/servers/1aadedce-2ee8-41af-8bc0-d67ab6356824 4.188s
2025-11-19 05:25:06.124 67298 INFO tempest.lib.common.rest_client [req-b45346be-037e-418e-a4e7-200ca043e718 req-b45346be-037e-418e-a4e7-200ca043e718 ] Request (ServerMetadataNegativeTestJSON:tearDownClass): 204 DELETE http://10.180.1.21/identity/v3/projects/d95b2ee2d7fd4362ae7289b19302ec9c 0.119s
2025-11-19 05:25:06.174 67302 INFO tempest.lib.common.rest_client [req-ce70b9c5-ff26-4494-a63e-c6266ce76ac4 req-ce70b9c5-ff26-4494-a63e-c6266ce76ac4 ] Request (FlavorMetadataValidation:tearDownClass): 200 GET http://10.180.1.21/networking/v2.0/security-groups?tenant_id=5afc6960abff46ffbd103916490679f4&name=default 1.388s
2025-11-19 05:25:06.205 67312 INFO tempest.lib.common.rest_client [req-0c8ad26b-cda2-4b98-90a3-f194f34a839f req-0c8ad26b-cda2-4b98-90a3-f194f34a839f ] Request (InstanceActionsV221TestJSON:test_get_list_deleted_instance_actions): 200 GET http://10.180.1.21/compute/v2.1/servers/5560f636-63b7-42e9-8a90-77353ae29ee9 4.313s
2025-11-19 05:25:06.206 67298 INFO tempest.lib.common.rest_client [req-2a7d6e01-c87d-47dc-b28f-884d6ece4895 req-2a7d6e01-c87d-47dc-b28f-884d6ece4895 ] Request (ServerRescueNegativeTestJSON:setUpClass): 201 POST http://10.180.1.21/identity/v3/auth/tokens 0.080s
2025-11-19 05:25:06.236 67298 INFO tempest.lib.common.rest_client [req-49b26795-d9f1-4d08-bb09-47dffd69bbc6 req-49b26795-d9f1-4d08-bb09-47dffd69bbc6 ] Request (ServerRescueNegativeTestJSON:setUpClass): 201 POST http://10.180.1.21/identity/v3/auth/tokens 0.027s
2025-11-19 05:25:06.259 67298 INFO tempest.lib.common.rest_client [req-387df30a-957e-4142-a40a-7396ce00167e req-387df30a-957e-4142-a40a-7396ce00167e ] Request (ServerRescueNegativeTestJSON:setUpClass): 200 GET http://10.180.1.21/identity/v3/domains?name=Default 0.023s
2025-11-19 05:25:06.287 67298 INFO tempest.lib.common.rest_client [req-b9dc5a4b-476a-479c-9f03-4d1060f05c7a req-b9dc5a4b-476a-479c-9f03-4d1060f05c7a ] Request (ServerRescueNegativeTestJSON:setUpClass): 201 POST http://10.180.1.21/identity/v3/projects 0.028s
2025-11-19 05:25:06.346 67298 INFO tempest.lib.common.rest_client [req-83debaa3-f629-431f-aaef-13d9d4a5cb95 req-83debaa3-f629-431f-aaef-13d9d4a5cb95 ] Request (ServerRescueNegativeTestJSON:setUpClass): 201 POST http://10.180.1.21/identity/v3/users 0.058s
2025-11-19 05:25:06.376 67298 INFO tempest.lib.common.rest_client [req-a40d0e52-4564-4c5a-a8e3-5c423a175b8f req-a40d0e52-4564-4c5a-a8e3-5c423a175b8f ] Request (ServerRescueNegativeTestJSON:setUpClass): 200 GET http://10.180.1.21/identity/v3/roles 0.029s
2025-11-19 05:25:06.406 67298 INFO tempest.lib.common.rest_client [req-a2184ded-720e-4577-94e2-d89c4f293421 req-a2184ded-720e-4577-94e2-d89c4f293421 ] Request (ServerRescueNegativeTestJSON:setUpClass): 204 PUT http://10.180.1.21/identity/v3/projects/b6b260365448478db6c923ebc2d8a1c2/users/26a73a4d83604ce8a5307df467344706/roles/52fe05e1e5e54aafa1189da4d238ca5c 0.029s
2025-11-19 05:25:06.406 67298 INFO tempest.lib.common.dynamic_creds [-] Dynamic test user 26a73a4d83604ce8a5307df467344706 is created with scope project and roles: ['member']
2025-11-19 05:25:06.406 67298 INFO tempest.lib.common.dynamic_creds [-] Acquired dynamic creds: credentials: Credentials: {'domain_id': 'default', 'domain_name': 'Default', 'username': 'tempest-ServerRescueNegativeTestJSON-2136640216-project-member', 'project_domain_id': 'default', 'project_domain_name': 'Default', 'project_id': 'b6b260365448478db6c923ebc2d8a1c2', 'project_name': 'tempest-ServerRescueNegativeTestJSON-2136640216', 'tenant_id': 'b6b260365448478db6c923ebc2d8a1c2', 'tenant_name': 'tempest-ServerRescueNegativeTestJSON-2136640216', 'user_domain_id': 'default', 'user_domain_name': 'Default', 'user_id': '26a73a4d83604ce8a5307df467344706', 'system': None}, Network: None, Subnet: None, Router: None
2025-11-19 05:25:06.487 67298 INFO tempest.lib.common.rest_client [req-c602d28b-169b-4bdb-b35d-ba3a957ad842 req-c602d28b-169b-4bdb-b35d-ba3a957ad842 ] Request (ServerRescueNegativeTestJSON:setUpClass): 201 POST http://10.180.1.21/identity/v3/auth/tokens 0.080s
2025-11-19 05:25:06.514 67322 INFO tempest.lib.common.rest_client [req-11145305-b449-4e18-b7fb-82b8eab3333d req-11145305-b449-4e18-b7fb-82b8eab3333d ] Request (AttachInterfacesUnderV243Test:tearDownClass): 204 DELETE http://10.180.1.21/networking/v2.0/routers/348d8bae-9955-4e3e-8703-57b5c999c5ee 0.702s
2025-11-19 05:25:06.549 67334 INFO tempest.lib.common.rest_client [req-fe8ad363-e42a-41e1-ad0f-1ec21bde14dd req-fe8ad363-e42a-41e1-ad0f-1ec21bde14dd ] Request (ImagesTestJSON:test_create_server_from_snapshot): 200 GET http://10.180.1.21/compute/v2.1/servers/19996a7d-eab2-4563-aa2b-824cb6894b22 4.593s
2025-11-19 05:25:06.656 67302 INFO tempest.lib.common.rest_client [req-102d29f4-63be-448c-b08d-a5de8730018a req-102d29f4-63be-448c-b08d-a5de8730018a ] Request (FlavorMetadataValidation:tearDownClass): 204 DELETE http://10.180.1.21/networking/v2.0/security-groups/386662e1-d238-45d4-8ee7-a8e2e8e50458 0.481s
2025-11-19 05:25:06.696 67304 INFO tempest.lib.common.rest_client [req-180303af-052a-4b19-a638-2175ca340aae req-180303af-052a-4b19-a638-2175ca340aae ] Request (MigrationsAdminTest:test_resize_server_revert_deleted_flavor): 200 GET http://10.180.1.21/compute/v2.1/servers/b4929a73-3817-4232-bdf0-4772e8b1c2eb 4.636s
2025-11-19 05:25:06.750 67302 INFO tempest.lib.common.rest_client [req-5c375837-b3c6-4c33-96f5-3814acb09542 req-5c375837-b3c6-4c33-96f5-3814acb09542 ] Request (FlavorMetadataValidation:tearDownClass): 204 DELETE http://10.180.1.21/identity/v3/projects/5afc6960abff46ffbd103916490679f4 0.093s
2025-11-19 05:25:06.750 67302 INFO tempest.lib.common.dynamic_creds [-] Deleting project and security group for project: ecc1e07cbf0546cb9fb71d269f969882
2025-11-19 05:25:06.959 67336 INFO tempest.lib.common.rest_client [req-229f2d75-1c71-4139-98cd-c469185db23f req-229f2d75-1c71-4139-98cd-c469185db23f ] Request (ServersNegativeTestMultiTenantJSON:setUpClass): 201 POST http://10.180.1.21/networking/v2.0/routers 1.065s
2025-11-19 05:25:07.047 67298 INFO tempest.lib.common.rest_client [req-e188d68f-b08c-4730-8c90-1ce7b4efa7ac req-e188d68f-b08c-4730-8c90-1ce7b4efa7ac ] Request (ServerRescueNegativeTestJSON:setUpClass): 201 POST http://10.180.1.21/networking/v2.0/networks 0.559s
2025-11-19 05:25:07.121 67322 INFO tempest.lib.common.rest_client [req-2e1bfff3-7c8a-4230-96df-2d0f0bd5dc8c req-2e1bfff3-7c8a-4230-96df-2d0f0bd5dc8c ] Request (AttachInterfacesUnderV243Test:tearDownClass): 204 DELETE http://10.180.1.21/networking/v2.0/subnets/4b8693ea-7fcf-42e6-9298-34ced7b0ac6c 0.607s
2025-11-19 05:25:07.141 67294 INFO tempest.lib.common.rest_client [req-1258eb4a-6914-4877-8af2-fcebefcee084 req-1258eb4a-6914-4877-8af2-fcebefcee084 ] Request (ServersTestJSON:test_create_server_with_ipv6_addr_only): 200 GET http://10.180.1.21/compute/v2.1/servers/7f288547-1eed-49f8-afe3-3437976d952e 4.749s
2025-11-19 05:25:07.245 67302 INFO tempest.lib.common.rest_client [req-65e1bd28-f23f-4d60-a7d5-bca7ae79627c req-65e1bd28-f23f-4d60-a7d5-bca7ae79627c ] Request (FlavorMetadataValidation:tearDownClass): 200 GET http://10.180.1.21/networking/v2.0/security-groups?tenant_id=ecc1e07cbf0546cb9fb71d269f969882&name=default 0.494s
2025-11-19 05:25:07.416 67298 INFO tempest.lib.common.rest_client [req-a0b5a18a-30d5-4981-b5ab-72e17e6341d4 req-a0b5a18a-30d5-4981-b5ab-72e17e6341d4 ] Request (ServerRescueNegativeTestJSON:setUpClass): 201 POST http://10.180.1.21/networking/v2.0/subnets 0.367s
2025-11-19 05:25:07.456 67310 INFO tempest.lib.common.rest_client [req-0a67398a-6f48-4aa7-8481-a87d2847d9c4 req-0a67398a-6f48-4aa7-8481-a87d2847d9c4 ] Request (AttachInterfacesV270Test:test_create_get_list_interfaces): 200 GET http://10.180.1.21/compute/v2.1/servers/81462696-e07e-4236-a5b2-c5e893afa56d 5.123s
2025-11-19 05:25:07.474 67310 INFO tempest.common.waiters [-] State transition "BUILD/spawning" ==> "ACTIVE/None" after 34 second wait
2025-11-19 05:25:07.680 67322 INFO tempest.lib.common.rest_client [req-bec9198a-5e3d-4d65-a108-a3ba313dc071 req-bec9198a-5e3d-4d65-a108-a3ba313dc071 ] Request (AttachInterfacesUnderV243Test:tearDownClass): 204 DELETE http://10.180.1.21/networking/v2.0/networks/95178ef3-25e4-4e6b-a250-81af0a3f048a 0.558s
2025-11-19 05:25:07.708 67338 INFO tempest.lib.common.rest_client [req-c25e7dd8-8f80-48f5-9e4f-ddd4ca259e9c req-c25e7dd8-8f80-48f5-9e4f-ddd4ca259e9c ] Request (ServerActionsTestOtherA:setUpClass): 200 GET http://10.180.1.21/compute/v2.1/servers/8c83d106-4a76-4695-ac47-215325370899 5.263s
2025-11-19 05:25:07.803 67302 INFO tempest.lib.common.rest_client [req-9f0d6b73-924e-4ac6-9cac-23c5a96c687b req-9f0d6b73-924e-4ac6-9cac-23c5a96c687b ] Request (FlavorMetadataValidation:tearDownClass): 204 DELETE http://10.180.1.21/networking/v2.0/security-groups/a3609adc-6234-4d2a-b7ed-8a54644e3e7f 0.557s
2025-11-19 05:25:07.815 67322 INFO tempest.lib.common.rest_client [req-88e16fb8-53ec-4a46-a243-adcbe0a6e57c req-88e16fb8-53ec-4a46-a243-adcbe0a6e57c ] Request (AttachInterfacesUnderV243Test:tearDownClass): 204 DELETE http://10.180.1.21/identity/v3/users/6aac532ec2ac46dcba2cf68e65c02508 0.134s
2025-11-19 05:25:07.815 67322 INFO tempest.lib.common.dynamic_creds [-] Deleting project and security group for project: c342a33cb554454794e4f30856d0b5c0
2025-11-19 05:25:07.912 67302 INFO tempest.lib.common.rest_client [req-d0ede0b4-aa7d-4026-867e-e08205531825 req-d0ede0b4-aa7d-4026-867e-e08205531825 ] Request (FlavorMetadataValidation:tearDownClass): 204 DELETE http://10.180.1.21/identity/v3/projects/ecc1e07cbf0546cb9fb71d269f969882 0.108s
2025-11-19 05:25:07.978 67302 INFO tempest.lib.common.rest_client [req-da69a8e3-866c-4a4a-a77b-3ad11977d963 req-da69a8e3-866c-4a4a-a77b-3ad11977d963 ] Request (KeyPairsV210TestJSON:setUpClass): 201 POST http://10.180.1.21/identity/v3/auth/tokens 0.064s
2025-11-19 05:25:08.004 67336 INFO tempest.lib.common.rest_client [req-4e6bebbb-167e-4235-96fb-59f144f61f1a req-4e6bebbb-167e-4235-96fb-59f144f61f1a ] Request (ServersNegativeTestMultiTenantJSON:setUpClass): 200 PUT http://10.180.1.21/networking/v2.0/routers/26fb5f0d-4d4a-4df6-a044-7f182d68f4f8/add_router_interface 1.045s
2025-11-19 05:25:08.005 67336 INFO tempest.lib.common.dynamic_creds [-] Created isolated network resources for: credentials: Credentials: {'domain_id': 'default', 'domain_name': 'Default', 'username': 'tempest-ServersNegativeTestMultiTenantJSON-1112201169-project-member', 'project_domain_id': 'default', 'project_domain_name': 'Default', 'project_id': '888128f37f51448fb7898b4a95db70bb', 'project_name': 'tempest-ServersNegativeTestMultiTenantJSON-1112201169', 'tenant_id': '888128f37f51448fb7898b4a95db70bb', 'tenant_name': 'tempest-ServersNegativeTestMultiTenantJSON-1112201169', 'user_domain_id': 'default', 'user_domain_name': 'Default', 'user_id': 'f7685b4adb1c44d6b2e9ac8a2d134962', 'system': None}, Network: {'id': 'a97d89cf-af92-4191-8d4c-f319829a3328', 'name': 'tempest-ServersNegativeTestMultiTenantJSON-52356159-network', 'tenant_id': '888128f37f51448fb7898b4a95db70bb', 'project_id': '888128f37f51448fb7898b4a95db70bb', 'admin_state_up': True, 'mtu': 8950, 'status': 'ACTIVE', 'subnets': [], 'shared': False, 'port_security_enabled': True, 'router:external': False, 'provider:network_type': 'vlan', 'provider:physical_network': 'default', 'provider:segmentation_id': 929, 'availability_zone_hints': [], 'availability_zones': [], 'ipv4_address_scope': None, 'ipv6_address_scope': None, 'description': '', 'tags': [], 'created_at': '2025-11-19T05:25:04Z', 'updated_at': '2025-11-19T05:25:04Z', 'revision_number': 1}, Subnet: {'id': '337754b1-10eb-40b4-bdbf-6cf1325991be', 'name': 'tempest-ServersNegativeTestMultiTenantJSON-52356159-subnet', 'tenant_id': '888128f37f51448fb7898b4a95db70bb', 'network_id': 'a97d89cf-af92-4191-8d4c-f319829a3328', 'ip_version': 4, 'subnetpool_id': None, 'enable_dhcp': True, 'ipv6_ra_mode': None, 'ipv6_address_mode': None, 'gateway_ip': '192.168.128.1', 'cidr': '192.168.128.0/28', 'allocation_pools': [{'start': '192.168.128.2', 'end': '192.168.128.14'}], 'host_routes': [], 'dns_nameservers': [], 'description': '', 'router:external': False, 'service_types': [], 'tags': [], 'created_at': '2025-11-19T05:25:05Z', 'updated_at': '2025-11-19T05:25:05Z', 'revision_number': 0, 'project_id': '888128f37f51448fb7898b4a95db70bb'}, Router: {'id': '26fb5f0d-4d4a-4df6-a044-7f182d68f4f8', 'name': 'tempest-ServersNegativeTestMultiTenantJSON-52356159-router', 'tenant_id': '888128f37f51448fb7898b4a95db70bb', 'admin_state_up': True, 'status': 'ACTIVE', 'external_gateway_info': {'network_id': '5beb6694-e7dc-412c-8110-4018b6d9738b', 'external_fixed_ips': [{'subnet_id': 'b6d4d349-d309-4ccf-aa8d-38fcb138e375', 'ip_address': '10.180.180.146'}], 'enable_snat': True}, 'description': '', 'availability_zones': [], 'distributed': False, 'ha': False, 'availability_zone_hints': [], 'routes': [], 'flavor_id': None, 'tags': [], 'created_at': '2025-11-19T05:25:06Z', 'updated_at': '2025-11-19T05:25:06Z', 'revision_number': 2, 'project_id': '888128f37f51448fb7898b4a95db70bb'}
2025-11-19 05:25:08.020 67302 INFO tempest.lib.common.rest_client [req-58a7de51-14c6-4e14-9643-ee18101664c8 req-58a7de51-14c6-4e14-9643-ee18101664c8 ] Request (KeyPairsV210TestJSON:setUpClass): 201 POST http://10.180.1.21/identity/v3/auth/tokens 0.038s
2025-11-19 05:25:08.035 67308 INFO tempest.lib.common.rest_client [req-56c96636-0975-4ff1-920f-06884a240dfd req-56c96636-0975-4ff1-920f-06884a240dfd ] Request (InstanceActionsNegativeTestJSON:tearDownClass): 200 GET http://10.180.1.21/compute/v2.1/servers/825ce62c-f34c-4013-98e0-de5c7a8a6b1b 5.386s
2025-11-19 05:25:08.052 67284 INFO tempest.lib.common.rest_client [req-9c517703-9c50-48e1-9c4e-4620395ae6e4 req-9c517703-9c50-48e1-9c4e-4620395ae6e4 ] Request (FloatingIPsAssociationTestJSON:tearDownClass): 200 GET http://10.180.1.21/compute/v2.1/servers/84eeeb4b-5416-47d7-97b6-5a21783528a4 5.393s
2025-11-19 05:25:08.073 67302 INFO tempest.lib.common.rest_client [req-da4b3580-3f69-4121-b058-889c55aa49fa req-da4b3580-3f69-4121-b058-889c55aa49fa ] Request (KeyPairsV210TestJSON:setUpClass): 200 GET http://10.180.1.21/identity/v3/domains?name=Default 0.053s
2025-11-19 05:25:08.085 67322 INFO tempest.lib.common.rest_client [req-d06a7bad-19ab-44fc-9e45-28859dbb695a req-d06a7bad-19ab-44fc-9e45-28859dbb695a ] Request (AttachInterfacesUnderV243Test:tearDownClass): 200 GET http://10.180.1.21/networking/v2.0/security-groups?tenant_id=c342a33cb554454794e4f30856d0b5c0&name=default 0.269s
2025-11-19 05:25:08.135 67302 INFO tempest.lib.common.rest_client [req-481a8362-22ea-45da-b234-3eeff6f3f61d req-481a8362-22ea-45da-b234-3eeff6f3f61d ] Request (KeyPairsV210TestJSON:setUpClass): 201 POST http://10.180.1.21/identity/v3/projects 0.060s
2025-11-19 05:25:08.142 67336 INFO tempest.lib.common.rest_client [req-fcb012f6-5959-42c6-9fb4-35f04220573f req-fcb012f6-5959-42c6-9fb4-35f04220573f ] Request (ServersNegativeTestMultiTenantJSON:setUpClass): 201 POST http://10.180.1.21/identity/v3/auth/tokens 0.132s
2025-11-19 05:25:08.225 67336 INFO tempest.lib.common.rest_client [req-63da6916-756b-4edc-968b-a51888e7e173 req-63da6916-756b-4edc-968b-a51888e7e173 ] Request (ServersNegativeTestMultiTenantJSON:setUpClass): 201 POST http://10.180.1.21/identity/v3/auth/tokens 0.080s
2025-11-19 05:25:08.227 67336 INFO tempest.lib.common.fixed_network [-] (ServersNegativeTestMultiTenantJSON:setUpClass) Found network {'id': 'eb057ad9-c545-43ac-8db6-56bc90449b69', 'name': 'tempest-ServersNegativeTestMultiTenantJSON-440320824-network', 'tenant_id': '8641fd4c5f124ff1b9193eec219dedd2', 'project_id': '8641fd4c5f124ff1b9193eec219dedd2', 'admin_state_up': True, 'mtu': 8950, 'status': 'ACTIVE', 'subnets': [], 'shared': False, 'port_security_enabled': True, 'router:external': False, 'provider:network_type': 'vlan', 'provider:physical_network': 'default', 'provider:segmentation_id': 423, 'availability_zone_hints': [], 'availability_zones': [], 'ipv4_address_scope': None, 'ipv6_address_scope': None, 'description': '', 'tags': [], 'created_at': '2025-11-19T05:25:01Z', 'updated_at': '2025-11-19T05:25:01Z', 'revision_number': 1} available for tenant
2025-11-19 05:25:08.234 67322 INFO tempest.lib.common.rest_client [req-9a6df550-aaef-4573-bd58-23999597318a req-9a6df550-aaef-4573-bd58-23999597318a ] Request (AttachInterfacesUnderV243Test:tearDownClass): 204 DELETE http://10.180.1.21/networking/v2.0/security-groups/fca50c4a-61a4-4d51-9c1f-85b76d4046cc 0.149s
2025-11-19 05:25:08.236 67302 INFO tempest.lib.common.rest_client [req-da0ca641-47d1-47dd-8b77-06f8c457e6df req-da0ca641-47d1-47dd-8b77-06f8c457e6df ] Request (KeyPairsV210TestJSON:setUpClass): 201 POST http://10.180.1.21/identity/v3/users 0.101s
2025-11-19 05:25:08.262 67302 INFO tempest.lib.common.rest_client [req-15be7ecb-ac1e-4222-81fd-f5981c98c639 req-15be7ecb-ac1e-4222-81fd-f5981c98c639 ] Request (KeyPairsV210TestJSON:setUpClass): 200 GET http://10.180.1.21/identity/v3/roles 0.025s
2025-11-19 05:25:08.271 67288 INFO tempest.lib.common.rest_client [req-279de6f3-c4ea-414d-b4b1-1201ae2146cb req-279de6f3-c4ea-414d-b4b1-1201ae2146cb ] Request (ImagesOneServerNegativeTestJSON:_run_cleanups): 200 GET http://10.180.1.21/compute/v2.1/servers/b56a2a54-7e5d-48aa-b158-77cc1099f07a 5.498s
2025-11-19 05:25:08.302 67302 INFO tempest.lib.common.rest_client [req-8949164d-bd38-4ab9-ad34-edd2f18adc7c req-8949164d-bd38-4ab9-ad34-edd2f18adc7c ] Request (KeyPairsV210TestJSON:setUpClass): 204 PUT http://10.180.1.21/identity/v3/projects/4c30d0f0a91741e7936ce32e05f73f34/users/2c1b599ee36f4e13ac1623d6f57cc1c4/roles/52fe05e1e5e54aafa1189da4d238ca5c 0.040s
2025-11-19 05:25:08.302 67302 INFO tempest.lib.common.dynamic_creds [-] Dynamic test user 2c1b599ee36f4e13ac1623d6f57cc1c4 is created with scope project and roles: ['member']
2025-11-19 05:25:08.302 67302 INFO tempest.lib.common.dynamic_creds [-] Acquired dynamic creds: credentials: Credentials: {'domain_id': 'default', 'domain_name': 'Default', 'username': 'tempest-KeyPairsV210TestJSON-909018963-project-member', 'project_domain_id': 'default', 'project_domain_name': 'Default', 'project_id': '4c30d0f0a91741e7936ce32e05f73f34', 'project_name': 'tempest-KeyPairsV210TestJSON-909018963', 'tenant_id': '4c30d0f0a91741e7936ce32e05f73f34', 'tenant_name': 'tempest-KeyPairsV210TestJSON-909018963', 'user_domain_id': 'default', 'user_domain_name': 'Default', 'user_id': '2c1b599ee36f4e13ac1623d6f57cc1c4', 'system': None}, Network: None, Subnet: None, Router: None
2025-11-19 05:25:08.302 67302 INFO tempest.lib.common.dynamic_creds [-] Created isolated network resources for: credentials: Credentials: {'domain_id': 'default', 'domain_name': 'Default', 'username': 'tempest-KeyPairsV210TestJSON-909018963-project-member', 'project_domain_id': 'default', 'project_domain_name': 'Default', 'project_id': '4c30d0f0a91741e7936ce32e05f73f34', 'project_name': 'tempest-KeyPairsV210TestJSON-909018963', 'tenant_id': '4c30d0f0a91741e7936ce32e05f73f34', 'tenant_name': 'tempest-KeyPairsV210TestJSON-909018963', 'user_domain_id': 'default', 'user_domain_name': 'Default', 'user_id': '2c1b599ee36f4e13ac1623d6f57cc1c4', 'system': None}, Network: None, Subnet: None, Router: None
2025-11-19 05:25:08.304 67330 INFO tempest.lib.common.rest_client [req-1f22dab8-ffb0-4c91-be7b-e85be485aeee req-1f22dab8-ffb0-4c91-be7b-e85be485aeee ] Request (ServersAdmin275Test:tearDownClass): 200 GET http://10.180.1.21/compute/v2.1/servers/4efafb7e-d48b-453b-9aba-95e585f38a85 5.576s
2025-11-19 05:25:08.342 67322 INFO tempest.lib.common.rest_client [req-cacfe48e-4800-4017-a89a-202365aa4d5c req-cacfe48e-4800-4017-a89a-202365aa4d5c ] Request (AttachInterfacesUnderV243Test:tearDownClass): 204 DELETE http://10.180.1.21/identity/v3/projects/c342a33cb554454794e4f30856d0b5c0 0.107s
2025-11-19 05:25:08.376 67302 INFO tempest.lib.common.rest_client [req-7171105f-d11e-41cc-89e7-efa0b8d0342c req-7171105f-d11e-41cc-89e7-efa0b8d0342c ] Request (KeyPairsV210TestJSON:setUpClass): 201 POST http://10.180.1.21/identity/v3/auth/tokens 0.071s
2025-11-19 05:25:08.401 67322 INFO tempest.lib.common.rest_client [req-6ea679c2-c046-4f90-99df-197adabdf588 req-6ea679c2-c046-4f90-99df-197adabdf588 ] Request (ServersTestManualDisk:setUpClass): 201 POST http://10.180.1.21/identity/v3/auth/tokens 0.058s
2025-11-19 05:25:08.422 67328 INFO tempest.lib.common.rest_client [req-ac1eab40-204c-42e6-91a2-6444d4756183 req-ac1eab40-204c-42e6-91a2-6444d4756183 ] Request (ServerRescueTestJSON:test_rescue_unrescue_instance): 200 GET http://10.180.1.21/compute/v2.1/servers/dd9389c0-b8fe-45b6-ab02-e4cbf3882515 4.792s
2025-11-19 05:25:08.430 67328 INFO tempest.common.waiters [-] State transition "BUILD/scheduling" ==> "BUILD/None" after 11 second wait
2025-11-19 05:25:08.444 67322 INFO tempest.lib.common.rest_client [req-9f3632ec-0768-4982-b110-9d7bd965cadd req-9f3632ec-0768-4982-b110-9d7bd965cadd ] Request (ServersTestManualDisk:setUpClass): 201 POST http://10.180.1.21/identity/v3/auth/tokens 0.040s
2025-11-19 05:25:08.448 67316 INFO tempest.lib.common.rest_client [req-71960f59-9436-4535-b5f4-83ca8f9611c7 req-71960f59-9436-4535-b5f4-83ca8f9611c7 ] Request (ServerDiskConfigTestJSON:test_rebuild_server_with_manual_disk_config): 200 GET http://10.180.1.21/compute/v2.1/servers/12dc581e-8f3f-4555-a6ed-8b766bda8192 5.182s
2025-11-19 05:25:08.458 67302 INFO tempest.lib.common.rest_client [req-9ca924d4-eb1e-49b9-b393-740ec7ed73df req-9ca924d4-eb1e-49b9-b393-740ec7ed73df ] Request (KeyPairsV210TestJSON:setUpClass): 201 POST http://10.180.1.21/identity/v3/projects 0.082s
2025-11-19 05:25:08.476 67322 INFO tempest.lib.common.rest_client [req-d0d66c04-75ec-41c8-adc3-1b00048b7bc0 req-d0d66c04-75ec-41c8-adc3-1b00048b7bc0 ] Request (ServersTestManualDisk:setUpClass): 200 GET http://10.180.1.21/identity/v3/domains?name=Default 0.031s
2025-11-19 05:25:08.516 67326 INFO tempest.lib.common.rest_client [req-c2abf2f4-1070-46f5-a44d-67910f3363a4 req-c2abf2f4-1070-46f5-a44d-67910f3363a4 ] Request (ListServerFiltersTestJSON:tearDownClass): 204 DELETE http://10.180.1.21/compute/v2.1/servers/c4d351c7-5d39-498f-9aa8-e04887e33ffb 4.876s
2025-11-19 05:25:08.526 67302 INFO tempest.lib.common.rest_client [req-25745b9c-cbdd-4851-b118-a10e9d29a89d req-25745b9c-cbdd-4851-b118-a10e9d29a89d ] Request (KeyPairsV210TestJSON:setUpClass): 201 POST http://10.180.1.21/identity/v3/users 0.068s
2025-11-19 05:25:08.546 67322 INFO tempest.lib.common.rest_client [req-7fd3df10-1bf9-45e3-b90a-d3b28a9e3f1e req-7fd3df10-1bf9-45e3-b90a-d3b28a9e3f1e ] Request (ServersTestManualDisk:setUpClass): 201 POST http://10.180.1.21/identity/v3/projects 0.069s
2025-11-19 05:25:08.548 67302 INFO tempest.lib.common.rest_client [req-004bc708-80f0-42ca-a451-72e326ce0bbb req-004bc708-80f0-42ca-a451-72e326ce0bbb ] Request (KeyPairsV210TestJSON:setUpClass): 200 GET http://10.180.1.21/identity/v3/roles 0.021s
2025-11-19 05:25:08.585 67320 INFO tempest.lib.common.rest_client [req-b00229ad-071a-4a93-9bb3-26882f4998c7 req-b00229ad-071a-4a93-9bb3-26882f4998c7 ] Request (ServersAdminTestJSON:test_create_server_with_scheduling_hint): 200 GET http://10.180.1.21/compute/v2.1/servers/4077d657-364d-4d93-bf87-99c0b5582589 4.891s
2025-11-19 05:25:08.596 67320 INFO tempest.common.waiters [-] State transition "BUILD/spawning" ==> "ACTIVE/None" after 34 second wait
2025-11-19 05:25:08.603 67324 INFO tempest.lib.common.rest_client [req-dfbbcd85-7f54-499d-b08b-eada8f7d00fb req-dfbbcd85-7f54-499d-b08b-eada8f7d00fb ] Request (ImagesOneServerTestJSON:tearDownClass): 200 GET http://10.180.1.21/compute/v2.1/servers/30fea201-a71f-405a-b64a-241e1ca5fa1c 4.582s
2025-11-19 05:25:08.615 67302 INFO tempest.lib.common.rest_client [req-9a72d1eb-6055-45a4-83a9-f39ed0378f3d req-9a72d1eb-6055-45a4-83a9-f39ed0378f3d ] Request (KeyPairsV210TestJSON:setUpClass): 204 PUT http://10.180.1.21/identity/v3/projects/52b90ade9e734c9cb0639302982e34e3/users/293ccec107e84eb79420093b363b49ff/roles/d7467982dfe2497bb33d12ae50ceb127 0.066s
2025-11-19 05:25:08.629 67322 INFO tempest.lib.common.rest_client [req-306dbb9a-e3bf-4000-9ac6-f3644eeff478 req-306dbb9a-e3bf-4000-9ac6-f3644eeff478 ] Request (ServersTestManualDisk:setUpClass): 201 POST http://10.180.1.21/identity/v3/users 0.083s
