2025-11-19 05:23:24.896 67322 INFO tempest.lib.common.rest_client [req-feff36b8-5909-4fc8-8941-d515cb2805db req-feff36b8-5909-4fc8-8941-d515cb2805db ] Request (AttachInterfacesUnderV243Test:test_add_remove_fixed_ip): 200 PUT http://10.180.1.21/networking/v2.0/floatingips/557aff9c-0aff-4815-9280-73eaf5ea97ef 0.852s
2025-11-19 05:23:24.928 67330 INFO tempest.lib.common.rest_client [req-14989684-81f5-45cd-8dbd-57632fd94eaf req-14989684-81f5-45cd-8dbd-57632fd94eaf ] Request (ServersAdmin275Test:setUpClass): 201 POST http://10.180.1.21/identity/v3/auth/tokens 0.113s
2025-11-19 05:23:25.034 67330 INFO tempest.lib.common.rest_client [req-978edd73-3c41-484d-a537-cc4a41b9d3f2 req-978edd73-3c41-484d-a537-cc4a41b9d3f2 ] Request (ServersAdmin275Test:setUpClass): 201 POST http://10.180.1.21/identity/v3/projects 0.105s
2025-11-19 05:23:25.094 67306 INFO tempest.lib.common.rest_client [req-d801b804-f66f-4d55-9dcb-733eb3686130 req-d801b804-f66f-4d55-9dcb-733eb3686130 ] Request (AttachInterfacesTestJSON:test_create_list_show_delete_interfaces_by_fixed_ip): 200 GET http://10.180.1.21/compute/v2.1/servers/a8687815-6c30-43e7-b1c1-0d365a189dac 4.066s
2025-11-19 05:23:25.101 67344 INFO tempest.lib.common.rest_client [req-be10dabb-640a-4757-b6f0-b7c3f9f30893 req-be10dabb-640a-4757-b6f0-b7c3f9f30893 ] Request (HostsAdminNegativeTestJSON:test_update_host_without_param): 400 PUT http://10.180.1.21/compute/v2.1/os-hosts/devstack 3.566s
2025-11-19 05:23:25.105 67306 INFO tempest.common.waiters [-] State transition "BUILD/spawning" ==> "ACTIVE/None" after 34 second wait
2025-11-19 05:23:25.122 67330 INFO tempest.lib.common.rest_client [req-cab30972-b7bd-43b2-821e-51b365a78ce2 req-cab30972-b7bd-43b2-821e-51b365a78ce2 ] Request (ServersAdmin275Test:setUpClass): 201 POST http://10.180.1.21/identity/v3/users 0.087s
2025-11-19 05:23:25.145 67330 INFO tempest.lib.common.rest_client [req-20dd1a0f-e446-40dd-a260-ef80c40806c9 req-20dd1a0f-e446-40dd-a260-ef80c40806c9 ] Request (ServersAdmin275Test:setUpClass): 200 GET http://10.180.1.21/identity/v3/roles 0.022s
2025-11-19 05:23:25.185 67342 INFO tempest.lib.common.rest_client [req-aa5e84a4-9358-4932-85e5-1a62e1861312 req-aa5e84a4-9358-4932-85e5-1a62e1861312 ] Request (ServersTestFqdnHostnames:test_create_server_with_fqdn_name): 200 GET http://10.180.1.21/compute/v2.1/servers/de43ae42-da08-41d2-b90f-4140b4650b69 4.126s
2025-11-19 05:23:25.186 67330 INFO tempest.lib.common.rest_client [req-9c9107a1-1daa-41aa-8ae0-30bb314e4d50 req-9c9107a1-1daa-41aa-8ae0-30bb314e4d50 ] Request (ServersAdmin275Test:setUpClass): 204 PUT http://10.180.1.21/identity/v3/projects/7361773bd4ef4696bdfce9e10d71a58d/users/dfc3adcf7ac34347960f4f3ebf985347/roles/d7467982dfe2497bb33d12ae50ceb127 0.040s
2025-11-19 05:23:25.264 67330 INFO tempest.lib.common.rest_client [req-16c94c36-9656-4c6c-b83a-dee09cf31378 req-16c94c36-9656-4c6c-b83a-dee09cf31378 ] Request (ServersAdmin275Test:setUpClass): 200 GET http://10.180.1.21/identity/v3/roles 0.078s
2025-11-19 05:23:25.298 67330 INFO tempest.lib.common.rest_client [req-faccfd76-2a14-42de-8313-e68475ebfb5b req-faccfd76-2a14-42de-8313-e68475ebfb5b ] Request (ServersAdmin275Test:setUpClass): 204 PUT http://10.180.1.21/identity/v3/projects/7361773bd4ef4696bdfce9e10d71a58d/users/dfc3adcf7ac34347960f4f3ebf985347/roles/d7467982dfe2497bb33d12ae50ceb127 0.033s
2025-11-19 05:23:25.299 67330 INFO tempest.lib.common.dynamic_creds [-] Dynamic test user dfc3adcf7ac34347960f4f3ebf985347 is created with scope project and roles: ['admin']
2025-11-19 05:23:25.299 67330 INFO tempest.lib.common.dynamic_creds [-] Acquired dynamic creds: credentials: Credentials: {'domain_id': 'default', 'domain_name': 'Default', 'username': 'tempest-ServersAdmin275Test-578747846-project-admin', 'project_domain_id': 'default', 'project_domain_name': 'Default', 'project_id': '7361773bd4ef4696bdfce9e10d71a58d', 'project_name': 'tempest-ServersAdmin275Test-578747846', 'tenant_id': '7361773bd4ef4696bdfce9e10d71a58d', 'tenant_name': 'tempest-ServersAdmin275Test-578747846', 'user_domain_id': 'default', 'user_domain_name': 'Default', 'user_id': 'dfc3adcf7ac34347960f4f3ebf985347', 'system': None}, Network: None, Subnet: None, Router: None
2025-11-19 05:23:25.299 67316 INFO tempest.lib.common.rest_client [req-b18eaf58-dac2-4c90-b740-fc0932268f15 req-b18eaf58-dac2-4c90-b740-fc0932268f15 ] Request (ServerDiskConfigTestJSON:setUpClass): 201 POST http://10.180.1.21/networking/v2.0/subnets 0.440s
2025-11-19 05:23:25.299 67330 INFO tempest.lib.common.dynamic_creds [-] Created isolated network resources for: credentials: Credentials: {'domain_id': 'default', 'domain_name': 'Default', 'username': 'tempest-ServersAdmin275Test-578747846-project-admin', 'project_domain_id': 'default', 'project_domain_name': 'Default', 'project_id': '7361773bd4ef4696bdfce9e10d71a58d', 'project_name': 'tempest-ServersAdmin275Test-578747846', 'tenant_id': '7361773bd4ef4696bdfce9e10d71a58d', 'tenant_name': 'tempest-ServersAdmin275Test-578747846', 'user_domain_id': 'default', 'user_domain_name': 'Default', 'user_id': 'dfc3adcf7ac34347960f4f3ebf985347', 'system': None}, Network: None, Subnet: None, Router: None
2025-11-19 05:23:25.308 67292 INFO tempest.lib.common.rest_client [req-b174c4b8-0d74-4430-bd7f-7b61ebc6b6c6 req-b174c4b8-0d74-4430-bd7f-7b61ebc6b6c6 ] Request (ServersNegativeTestJSON:setUpClass): 200 GET http://10.180.1.21/compute/v2.1/servers/85c884f0-f4bc-4327-852f-df618418c61c 2.697s
2025-11-19 05:23:25.337 67338 INFO tempest.lib.common.rest_client [req-7f340359-3f9c-4c95-abf3-8c7ed9603e3a req-7f340359-3f9c-4c95-abf3-8c7ed9603e3a ] Request (FlavorsExtraSpecsTestJSON:tearDownClass): 200 GET http://10.180.1.21/compute/v2.1/flavors/detail 2.703s
2025-11-19 05:23:25.338 67284 INFO tempest.lib.common.rest_client [req-c2a61a0c-ac7c-431b-aa99-838be8a8d98d req-c2a61a0c-ac7c-431b-aa99-838be8a8d98d ] Request (FloatingIPsAssociationTestJSON:test_associate_already_associated_floating_ip): 200 GET http://10.180.1.21/compute/v2.1/servers/12427cd4-804d-4aa8-9b55-2fa559dc1a61 2.804s
2025-11-19 05:23:25.351 67284 INFO tempest.common.waiters [-] State transition "BUILD/networking" ==> "BUILD/spawning" after 11 second wait
2025-11-19 05:23:25.373 67290 INFO tempest.lib.common.rest_client [req-4299445d-84d1-450b-9a53-ffd99abffe24 req-4299445d-84d1-450b-9a53-ffd99abffe24 ] Request (FlavorsAccessNegativeTestJSON:_run_cleanups): 200 GET http://10.180.1.21/compute/v2.1/flavors/detail 2.705s
2025-11-19 05:23:25.424 67330 INFO tempest.lib.common.rest_client [req-69817f54-269f-4e10-9845-fac1dc5daf04 req-69817f54-269f-4e10-9845-fac1dc5daf04 ] Request (ServersAdmin275Test:setUpClass): 201 POST http://10.180.1.21/identity/v3/auth/tokens 0.119s
2025-11-19 05:23:25.499 67338 INFO tempest.lib.common.rest_client [req-8c5e0de6-b61e-4232-9a5a-5cc8ec717104 req-8c5e0de6-b61e-4232-9a5a-5cc8ec717104 ] Request (FlavorsExtraSpecsTestJSON:tearDownClass): 204 DELETE http://10.180.1.21/identity/v3/users/34b09bad06764864837f1e24a065b27b 0.156s
2025-11-19 05:23:25.590 67330 INFO tempest.lib.common.rest_client [req-0c3f8d98-fd02-43f4-a408-24a6c51fe77b req-0c3f8d98-fd02-43f4-a408-24a6c51fe77b ] Request (ServersAdmin275Test:test_rebuild_update_server_275): 201 POST http://10.180.1.21/identity/v3/auth/tokens 0.161s
2025-11-19 05:23:25.591 67330 INFO tempest.lib.common.fixed_network [-] (ServersAdmin275Test:test_rebuild_update_server_275) Found network None available for tenant
2025-11-19 05:23:25.659 67310 INFO tempest.lib.common.rest_client [req-c95230f9-b6d8-4ebc-b519-f07f3f28b6f5 req-c95230f9-b6d8-4ebc-b519-f07f3f28b6f5 ] Request (SecurityGroupRulesTestJSON:test_security_group_rules_delete_when_peer_group_deleted): 200 POST http://10.180.1.21/compute/v2.1/os-security-group-rules 3.001s
2025-11-19 05:23:25.680 67318 INFO tempest.lib.common.rest_client [req-26c43487-9427-4f69-b248-60c67faa3bcd req-26c43487-9427-4f69-b248-60c67faa3bcd ] Request (FloatingIPDetailsNegativeTestJSON:test_get_nonexistent_floating_ip_details): 404 GET http://10.180.1.21/compute/v2.1/os-floating-ips/39ce78af-11e0-4b32-947e-96ac282744d8 2.947s
2025-11-19 05:23:25.716 67332 INFO tempest.lib.common.rest_client [req-13bfa8a8-b36f-4e5d-b08b-c62d1310ef73 req-13bfa8a8-b36f-4e5d-b08b-c62d1310ef73 ] Request (ServerMetadataTestJSON:test_list_server_metadata): 200 GET http://10.180.1.21/compute/v2.1/servers/5429622f-3f32-4a33-b63f-827c66ccab8e/metadata 2.944s
2025-11-19 05:23:25.776 67338 INFO tempest.lib.common.rest_client [req-119e8c82-a33e-424c-b4c0-6a25cb95b156 req-119e8c82-a33e-424c-b4c0-6a25cb95b156 ] Request (FlavorsExtraSpecsTestJSON:tearDownClass): 204 DELETE http://10.180.1.21/identity/v3/users/84a5e17fd7a74f239dc3aaca51580bbf 0.277s
2025-11-19 05:23:25.776 67338 INFO tempest.lib.common.dynamic_creds [-] Deleting project and security group for project: de76870d6f0948adb4a6f384c516875b
2025-11-19 05:23:25.841 67338 INFO tempest.lib.common.rest_client [req-45c92e04-6884-4eb1-b5ca-2fada7172d78 req-45c92e04-6884-4eb1-b5ca-2fada7172d78 ] Request (FlavorsExtraSpecsTestJSON:tearDownClass): 201 POST http://10.180.1.21/identity/v3/auth/tokens 0.064s
2025-11-19 05:23:26.053 67346 INFO tempest.lib.common.rest_client [req-fe6475f1-ac02-4bf2-8624-b3c39ece0892 req-fe6475f1-ac02-4bf2-8624-b3c39ece0892 ] Request (QuotasAdminTestJSON:test_get_updated_quotas): 200 PUT http://10.180.1.21/compute/v2.1/os-quota-sets/07ff3778e1bf42e2a471c63cff2aa09e 3.046s
2025-11-19 05:23:26.264 67316 INFO tempest.lib.common.rest_client [req-e74c9e16-e56d-4c41-8af0-70b20f10b8d3 req-e74c9e16-e56d-4c41-8af0-70b20f10b8d3 ] Request (ServerDiskConfigTestJSON:setUpClass): 201 POST http://10.180.1.21/networking/v2.0/routers 0.964s
2025-11-19 05:23:26.430 67308 INFO tempest.lib.common.rest_client [req-dca75c86-a88c-46a7-93a7-a0af1f5eaa01 req-dca75c86-a88c-46a7-93a7-a0af1f5eaa01 ] Request (SecurityGroupRulesNegativeTestJSON:test_create_security_group_rule_with_invalid_to_port): 200 POST http://10.180.1.21/compute/v2.1/os-security-groups 3.573s
2025-11-19 05:23:26.454 67302 INFO tempest.lib.common.rest_client [req-cd46b679-01fd-44fc-a052-efe42e794283 req-cd46b679-01fd-44fc-a052-efe42e794283 ] Request (FlavorsAdminTestJSON:_run_cleanups): 202 DELETE http://10.180.1.21/compute/v2.1/flavors/319641ec-5202-47fe-9cbc-072a39437ce7 3.278s
2025-11-19 05:23:26.490 67294 INFO tempest.lib.common.rest_client [req-b3b257f3-1499-4fa5-9ce7-884e1d0da402 req-b3b257f3-1499-4fa5-9ce7-884e1d0da402 ] Request (ImagesMetadataTestJSON:test_set_image_metadata_item): 200 GET http://10.180.1.21/compute/v2.1/images/f01b7d68-891a-423c-a7d6-39ae9d52558a/metadata 3.214s
2025-11-19 05:23:26.659 67318 INFO tempest.lib.common.rest_client [req-a261e6d6-85ea-49ea-b329-817e60bba782 req-a261e6d6-85ea-49ea-b329-817e60bba782 ] Request (FloatingIPDetailsNegativeTestJSON:tearDownClass): 200 PUT http://10.180.1.21/networking/v2.0/routers/a330318f-e7af-47a1-82a7-7073cda641c9/remove_router_interface 0.978s
2025-11-19 05:23:26.679 67338 INFO tempest.lib.common.rest_client [req-542db86b-cf57-4193-9757-0069037eb542 req-542db86b-cf57-4193-9757-0069037eb542 ] Request (FlavorsExtraSpecsTestJSON:tearDownClass): 200 GET http://10.180.1.21/networking/v2.0/security-groups?tenant_id=de76870d6f0948adb4a6f384c516875b&name=default 0.838s
2025-11-19 05:23:26.815 67312 INFO tempest.lib.common.rest_client [req-f30cb305-e794-4d62-ab06-3bd8586110bb req-f30cb305-e794-4d62-ab06-3bd8586110bb ] Request (ImagesNegativeTestJSON:test_create_image_from_deleted_server): 200 GET http://10.180.1.21/compute/v2.1/servers/826ceb36-64d6-4365-a96b-010d1f1b5e6d 3.329s
2025-11-19 05:23:26.825 67312 INFO tempest.common.waiters [-] State transition "BUILD/None" ==> "BUILD/networking" after 11 second wait
2025-11-19 05:23:26.861 67334 INFO tempest.lib.common.rest_client [req-fb2fe23e-48f5-44ca-9e2c-f2eddb089ead req-fb2fe23e-48f5-44ca-9e2c-f2eddb089ead ] Request (ImagesTestJSON:test_create_image_from_stopped_server): 200 GET http://10.180.1.21/compute/v2.1/images/d78a9e20-3606-411b-b147-ba1507f0d7f3 3.041s
2025-11-19 05:23:26.882 67328 INFO tempest.lib.common.rest_client [req-25d4ebfb-e624-4284-b286-a54b199d9347 req-25d4ebfb-e624-4284-b286-a54b199d9347 ] Request (ServerDiagnosticsTest:tearDownClass): 404 GET http://10.180.1.21/compute/v2.1/servers/d0284bab-d0b1-4916-a893-0e3870a98d9f 2.871s
2025-11-19 05:23:26.918 67320 INFO tempest.lib.common.rest_client [req-ff7283da-4655-4885-9a9b-9a2017b0d8b0 req-ff7283da-4655-4885-9a9b-9a2017b0d8b0 ] Request (HypervisorAdminUnderV252Test:test_search_hypervisor): 200 GET http://10.180.1.21/compute/v2.1/os-hypervisors 2.791s
2025-11-19 05:23:26.955 67314 INFO tempest.lib.common.rest_client [req-e981a98a-1bc0-47d8-a68e-c58c4c67cf7c req-e981a98a-1bc0-47d8-a68e-c58c4c67cf7c ] Request (AggregatesAdminNegativeTestJSON:test_aggregate_create_with_existent_aggregate_name): 200 POST http://10.180.1.21/compute/v2.1/os-aggregates 2.824s
2025-11-19 05:23:26.965 67298 INFO tempest.lib.common.rest_client [req-51923135-7f62-45e1-9be3-b0ea16f48169 req-51923135-7f62-45e1-9be3-b0ea16f48169 ] Request (ServerMetadataNegativeTestJSON:test_delete_metadata_non_existent_server): 404 DELETE http://10.180.1.21/compute/v2.1/servers/e1c69bc0-84eb-44c5-9e11-b9b10986bf65/metadata/d 2.825s
2025-11-19 05:23:27.000 67328 INFO tempest.lib.common.rest_client [req-12bb6538-7d96-48a9-aec2-8454b3a1e102 req-12bb6538-7d96-48a9-aec2-8454b3a1e102 ] Request (ServerDiagnosticsTest:tearDownClass): 204 DELETE http://10.180.1.21/identity/v3/users/4ac1a90d92d047bcaef2aab8169f38b2 0.118s
2025-11-19 05:23:27.014 67340 INFO tempest.lib.common.rest_client [req-72da9dd3-7d18-45df-bd5f-64d10eb1063c req-72da9dd3-7d18-45df-bd5f-64d10eb1063c ] Request (KeyPairsV2TestJSON:test_keypairs_create_list_delete): 200 POST http://10.180.1.21/compute/v2.1/os-keypairs 2.808s
2025-11-19 05:23:27.119 67328 INFO tempest.lib.common.rest_client [req-63fbbb5f-6ec2-4c73-a320-c3594b670a02 req-63fbbb5f-6ec2-4c73-a320-c3594b670a02 ] Request (ServerDiagnosticsTest:tearDownClass): 204 DELETE http://10.180.1.21/identity/v3/users/bb786229914344c992a79915ae9b33e0 0.117s
2025-11-19 05:23:27.119 67328 INFO tempest.lib.common.dynamic_creds [-] Deleting project and security group for project: 1acd0df8fad34624a3f59e61c669f07e
2025-11-19 05:23:27.209 67328 INFO tempest.lib.common.rest_client [req-72d8d074-28a4-4e4e-bee0-66eaf3773c19 req-72d8d074-28a4-4e4e-bee0-66eaf3773c19 ] Request (ServerDiagnosticsTest:tearDownClass): 201 POST http://10.180.1.21/identity/v3/auth/tokens 0.089s
2025-11-19 05:23:27.266 67286 INFO tempest.lib.common.rest_client [req-b6b063a8-bb53-4d8c-9590-650602aaa943 req-b6b063a8-bb53-4d8c-9590-650602aaa943 ] Request (QuotasAdminNegativeTest:test_create_server_when_memory_quota_is_full): 200 PUT http://10.180.1.21/compute/v2.1/os-quota-sets/cf47fd386cfa46339c20aa831f69a588 2.920s
2025-11-19 05:23:27.334 67286 INFO tempest.lib.common.rest_client [req-3d717456-99a7-4717-a967-bc1244c47742 req-3d717456-99a7-4717-a967-bc1244c47742 ] Request (QuotasAdminNegativeTest:test_create_server_when_memory_quota_is_full): 201 POST http://10.180.1.21/identity/v3/auth/tokens 0.063s
2025-11-19 05:23:27.335 67286 INFO tempest.lib.common.fixed_network [-] (QuotasAdminNegativeTest:test_create_server_when_memory_quota_is_full) Found network None available for tenant
2025-11-19 05:23:27.346 67318 INFO tempest.lib.common.rest_client [req-c321497c-4af0-4f95-be62-1a04e564c15a req-c321497c-4af0-4f95-be62-1a04e564c15a ] Request (FloatingIPDetailsNegativeTestJSON:tearDownClass): 204 DELETE http://10.180.1.21/networking/v2.0/routers/a330318f-e7af-47a1-82a7-7073cda641c9 0.686s
2025-11-19 05:23:27.444 67338 INFO tempest.lib.common.rest_client [req-41f35968-0f00-4df5-8d7a-987ce97ae142 req-41f35968-0f00-4df5-8d7a-987ce97ae142 ] Request (FlavorsExtraSpecsTestJSON:tearDownClass): 204 DELETE http://10.180.1.21/networking/v2.0/security-groups/22473b51-f9e1-4c29-9805-cf505fb940c0 0.764s
2025-11-19 05:23:27.529 67304 INFO tempest.lib.common.rest_client [req-9a1b3139-5a77-46e8-b80e-1523198eaf42 req-9a1b3139-5a77-46e8-b80e-1523198eaf42 ] Request (MigrationsAdminTest:test_list_migrations_in_flavor_resize_situation): 200 GET http://10.180.1.21/compute/v2.1/servers/02f559f5-7bb3-4d3d-9854-4f13b73e076c 4.390s
2025-11-19 05:23:27.543 67338 INFO tempest.lib.common.rest_client [req-33dd75f7-d20c-4d3b-aa21-140ec77e3058 req-33dd75f7-d20c-4d3b-aa21-140ec77e3058 ] Request (FlavorsExtraSpecsTestJSON:tearDownClass): 204 DELETE http://10.180.1.21/identity/v3/projects/de76870d6f0948adb4a6f384c516875b 0.098s
2025-11-19 05:23:27.543 67338 INFO tempest.lib.common.dynamic_creds [-] Deleting project and security group for project: 9eb2ef5a6f8041fe843e8590e8909947
2025-11-19 05:23:27.705 67316 INFO tempest.lib.common.rest_client [req-d62ccad4-3bb3-4215-8670-6d230ac824b2 req-d62ccad4-3bb3-4215-8670-6d230ac824b2 ] Request (ServerDiskConfigTestJSON:setUpClass): 200 PUT http://10.180.1.21/networking/v2.0/routers/53f56245-6888-4898-8ff6-36ae07ba117a/add_router_interface 1.441s
2025-11-19 05:23:27.705 67316 INFO tempest.lib.common.dynamic_creds [-] Created isolated network resources for: credentials: Credentials: {'domain_id': 'default', 'domain_name': 'Default', 'username': 'tempest-ServerDiskConfigTestJSON-1404479637-project-member', 'project_domain_id': 'default', 'project_domain_name': 'Default', 'project_id': '20be3d4fe7e74c28910b832282225e6d', 'project_name': 'tempest-ServerDiskConfigTestJSON-1404479637', 'tenant_id': '20be3d4fe7e74c28910b832282225e6d', 'tenant_name': 'tempest-ServerDiskConfigTestJSON-1404479637', 'user_domain_id': 'default', 'user_domain_name': 'Default', 'user_id': '3b4ad89f0be74e70b463226fa3532955', 'system': None}, Network: {'id': 'e9fdafcc-7d1e-4e72-827b-656f9194b146', 'name': 'tempest-ServerDiskConfigTestJSON-644910671-network', 'tenant_id': '20be3d4fe7e74c28910b832282225e6d', 'project_id': '20be3d4fe7e74c28910b832282225e6d', 'admin_state_up': True, 'mtu': 8950, 'status': 'ACTIVE', 'subnets': [], 'shared': False, 'port_security_enabled': True, 'router:external': False, 'provider:network_type': 'vlan', 'provider:physical_network': 'default', 'provider:segmentation_id': 561, 'availability_zone_hints': [], 'availability_zones': [], 'ipv4_address_scope': None, 'ipv6_address_scope': None, 'description': '', 'tags': [], 'created_at': '2025-11-19T05:23:24Z', 'updated_at': '2025-11-19T05:23:24Z', 'revision_number': 1}, Subnet: {'id': '42620e0d-9695-4570-ae01-ba4e835417cf', 'name': 'tempest-ServerDiskConfigTestJSON-644910671-subnet', 'tenant_id': '20be3d4fe7e74c28910b832282225e6d', 'network_id': 'e9fdafcc-7d1e-4e72-827b-656f9194b146', 'ip_version': 4, 'subnetpool_id': None, 'enable_dhcp': True, 'ipv6_ra_mode': None, 'ipv6_address_mode': None, 'gateway_ip': '192.168.128.1', 'cidr': '192.168.128.0/28', 'allocation_pools': [{'start': '192.168.128.2', 'end': '192.168.128.14'}], 'host_routes': [], 'dns_nameservers': [], 'description': '', 'router:external': False, 'service_types': [], 'tags': [], 'created_at': '2025-11-19T05:23:25Z', 'updated_at': '2025-11-19T05:23:25Z', 'revision_number': 0, 'project_id': '20be3d4fe7e74c28910b832282225e6d'}, Router: {'id': '53f56245-6888-4898-8ff6-36ae07ba117a', 'name': 'tempest-ServerDiskConfigTestJSON-644910671-router', 'tenant_id': '20be3d4fe7e74c28910b832282225e6d', 'admin_state_up': True, 'status': 'ACTIVE', 'external_gateway_info': {'network_id': '5beb6694-e7dc-412c-8110-4018b6d9738b', 'external_fixed_ips': [{'subnet_id': 'b6d4d349-d309-4ccf-aa8d-38fcb138e375', 'ip_address': '10.180.180.235'}], 'enable_snat': True}, 'description': '', 'availability_zones': [], 'distributed': False, 'ha': False, 'availability_zone_hints': [], 'routes': [], 'flavor_id': None, 'tags': [], 'created_at': '2025-11-19T05:23:25Z', 'updated_at': '2025-11-19T05:23:25Z', 'revision_number': 2, 'project_id': '20be3d4fe7e74c28910b832282225e6d'}
2025-11-19 05:23:27.812 67316 INFO tempest.lib.common.rest_client [req-d335fc41-f7fe-472e-b329-1f2c81e293fc req-d335fc41-f7fe-472e-b329-1f2c81e293fc ] Request (ServerDiskConfigTestJSON:setUpClass): 201 POST http://10.180.1.21/identity/v3/auth/tokens 0.102s
2025-11-19 05:23:27.858 67316 INFO tempest.lib.common.rest_client [req-884433d5-6c9b-4307-8069-173b7c94a379 req-884433d5-6c9b-4307-8069-173b7c94a379 ] Request (ServerDiskConfigTestJSON:test_rebuild_server_with_auto_disk_config): 201 POST http://10.180.1.21/identity/v3/auth/tokens 0.037s
2025-11-19 05:23:27.858 67316 INFO tempest.lib.common.fixed_network [-] (ServerDiskConfigTestJSON:test_rebuild_server_with_auto_disk_config) Found network {'id': 'e9fdafcc-7d1e-4e72-827b-656f9194b146', 'name': 'tempest-ServerDiskConfigTestJSON-644910671-network', 'tenant_id': '20be3d4fe7e74c28910b832282225e6d', 'project_id': '20be3d4fe7e74c28910b832282225e6d', 'admin_state_up': True, 'mtu': 8950, 'status': 'ACTIVE', 'subnets': [], 'shared': False, 'port_security_enabled': True, 'router:external': False, 'provider:network_type': 'vlan', 'provider:physical_network': 'default', 'provider:segmentation_id': 561, 'availability_zone_hints': [], 'availability_zones': [], 'ipv4_address_scope': None, 'ipv6_address_scope': None, 'description': '', 'tags': [], 'created_at': '2025-11-19T05:23:24Z', 'updated_at': '2025-11-19T05:23:24Z', 'revision_number': 1} available for tenant
2025-11-19 05:23:28.029 67328 INFO tempest.lib.common.rest_client [req-9bbaa6dd-c6ce-4917-9d4c-28f3d6ade3d3 req-9bbaa6dd-c6ce-4917-9d4c-28f3d6ade3d3 ] Request (ServerDiagnosticsTest:tearDownClass): 200 GET http://10.180.1.21/networking/v2.0/security-groups?tenant_id=1acd0df8fad34624a3f59e61c669f07e&name=default 0.819s
2025-11-19 05:23:28.126 67318 INFO tempest.lib.common.rest_client [req-054a828e-fcdd-4823-bad7-b219c9f9ecaa req-054a828e-fcdd-4823-bad7-b219c9f9ecaa ] Request (FloatingIPDetailsNegativeTestJSON:tearDownClass): 204 DELETE http://10.180.1.21/networking/v2.0/subnets/1d55071c-1690-452b-b2fe-c034758752f2 0.780s
2025-11-19 05:23:28.180 67338 INFO tempest.lib.common.rest_client [req-869639ba-ca38-4c31-8a36-a415e0cededd req-869639ba-ca38-4c31-8a36-a415e0cededd ] Request (FlavorsExtraSpecsTestJSON:tearDownClass): 200 GET http://10.180.1.21/networking/v2.0/security-groups?tenant_id=9eb2ef5a6f8041fe843e8590e8909947&name=default 0.637s
2025-11-19 05:23:28.258 67326 INFO tempest.lib.common.rest_client [req-8ccf8df4-82c3-43da-8c41-f30077178a1f req-8ccf8df4-82c3-43da-8c41-f30077178a1f ] Request (ListServerFiltersTestJSON:setUpClass): 200 GET http://10.180.1.21/compute/v2.1/servers/c4d351c7-5d39-498f-9aa8-e04887e33ffb 3.804s
2025-11-19 05:23:28.266 67326 INFO tempest.common.waiters [-] State transition "BUILD/spawning" ==> "ACTIVE/None" after 35 second wait
2025-11-19 05:23:28.442 67328 INFO tempest.lib.common.rest_client [req-d48a677a-8914-4f21-bbd1-abcee825d6a9 req-d48a677a-8914-4f21-bbd1-abcee825d6a9 ] Request (ServerDiagnosticsTest:tearDownClass): 204 DELETE http://10.180.1.21/networking/v2.0/security-groups/9a1fdc6a-87b5-45f9-aafc-45f307439e71 0.412s
2025-11-19 05:23:28.538 67328 INFO tempest.lib.common.rest_client [req-6cc2a8a2-ca6a-4a8d-ac3f-bd0ba8a1742d req-6cc2a8a2-ca6a-4a8d-ac3f-bd0ba8a1742d ] Request (ServerDiagnosticsTest:tearDownClass): 204 DELETE http://10.180.1.21/identity/v3/projects/1acd0df8fad34624a3f59e61c669f07e 0.095s
2025-11-19 05:23:28.538 67328 INFO tempest.lib.common.dynamic_creds [-] Deleting project and security group for project: 89d80906cc0645919ec892075439d4ad
2025-11-19 05:23:28.618 67318 INFO tempest.lib.common.rest_client [req-d0ec1de4-2a12-4f2a-afea-e448e9208e8c req-d0ec1de4-2a12-4f2a-afea-e448e9208e8c ] Request (FloatingIPDetailsNegativeTestJSON:tearDownClass): 204 DELETE http://10.180.1.21/networking/v2.0/networks/468836fa-8052-43fe-ac66-6a85ce427511 0.492s
2025-11-19 05:23:28.739 67338 INFO tempest.lib.common.rest_client [req-d04e5dc1-e0f7-44b9-bbb2-c96868e03887 req-d04e5dc1-e0f7-44b9-bbb2-c96868e03887 ] Request (FlavorsExtraSpecsTestJSON:tearDownClass): 204 DELETE http://10.180.1.21/networking/v2.0/security-groups/95ee945b-dfae-42f6-87f4-a6844b94effe 0.558s
2025-11-19 05:23:28.813 67318 INFO tempest.lib.common.rest_client [req-f97c4ab1-9d69-47ad-813e-06954bf723a5 req-f97c4ab1-9d69-47ad-813e-06954bf723a5 ] Request (FloatingIPDetailsNegativeTestJSON:tearDownClass): 204 DELETE http://10.180.1.21/identity/v3/users/aacd48a118054a458506797e4fcf586a 0.194s
2025-11-19 05:23:28.813 67318 INFO tempest.lib.common.dynamic_creds [-] Deleting project and security group for project: bd87c48bd75247b59be4382acb7e990a
2025-11-19 05:23:28.829 67324 INFO tempest.lib.common.rest_client [req-45942f05-a5a0-4ebe-b85a-870e74ca2f1b req-45942f05-a5a0-4ebe-b85a-870e74ca2f1b ] Request (ImagesOneServerTestJSON:setUpClass): 200 GET http://10.180.1.21/compute/v2.1/servers/30fea201-a71f-405a-b64a-241e1ca5fa1c 4.073s
2025-11-19 05:23:28.844 67324 INFO tempest.common.waiters [-] State transition "BUILD/spawning" ==> "ACTIVE/None" after 24 second wait
2025-11-19 05:23:28.847 67288 INFO tempest.lib.common.rest_client [req-6c40ee04-52cc-4bf8-ad4c-39d89663c968 req-6c40ee04-52cc-4bf8-ad4c-39d89663c968 ] Request (ImagesOneServerNegativeTestJSON:setUpClass): 200 GET http://10.180.1.21/compute/v2.1/servers/b56a2a54-7e5d-48aa-b158-77cc1099f07a 4.049s
2025-11-19 05:23:28.871 67338 INFO tempest.lib.common.rest_client [req-446a755c-d008-4831-8b2a-37fdaec00995 req-446a755c-d008-4831-8b2a-37fdaec00995 ] Request (FlavorsExtraSpecsTestJSON:tearDownClass): 204 DELETE http://10.180.1.21/identity/v3/projects/9eb2ef5a6f8041fe843e8590e8909947 0.131s
2025-11-19 05:23:28.901 67344 INFO tempest.lib.common.rest_client [req-ec605138-944c-4b5a-b7f7-d81042af7f71 req-ec605138-944c-4b5a-b7f7-d81042af7f71 ] Request (HostsAdminNegativeTestJSON:test_update_nonexistent_host): 404 PUT http://10.180.1.21/compute/v2.1/os-hosts/nonexistent_hostname 3.798s
2025-11-19 05:23:28.909 67328 INFO tempest.lib.common.rest_client [req-738fd74a-094a-47a2-b133-46a2a1b72261 req-738fd74a-094a-47a2-b133-46a2a1b72261 ] Request (ServerDiagnosticsTest:tearDownClass): 200 GET http://10.180.1.21/networking/v2.0/security-groups?tenant_id=89d80906cc0645919ec892075439d4ad&name=default 0.371s
2025-11-19 05:23:28.990 67338 INFO tempest.lib.common.rest_client [req-0e17f96d-7b37-443c-bc73-d3f124e9a4d3 req-0e17f96d-7b37-443c-bc73-d3f124e9a4d3 ] Request (ServerDiagnosticsV248Test:setUpClass): 201 POST http://10.180.1.21/identity/v3/auth/tokens 0.117s
2025-11-19 05:23:28.997 67318 INFO tempest.lib.common.rest_client [req-a08d0d41-a9de-476e-87a0-4ca835cdfb8c req-a08d0d41-a9de-476e-87a0-4ca835cdfb8c ] Request (FloatingIPDetailsNegativeTestJSON:tearDownClass): 200 GET http://10.180.1.21/networking/v2.0/security-groups?tenant_id=bd87c48bd75247b59be4382acb7e990a&name=default 0.183s
2025-11-19 05:23:29.025 67338 INFO tempest.lib.common.rest_client [req-a587790e-9b61-4ebd-a4a9-b630f1875a36 req-a587790e-9b61-4ebd-a4a9-b630f1875a36 ] Request (ServerDiagnosticsV248Test:setUpClass): 201 POST http://10.180.1.21/identity/v3/auth/tokens 0.031s
2025-11-19 05:23:29.062 67344 INFO tempest.lib.common.rest_client [req-4a2ea496-00f7-40a2-a6ca-3ce6b0462661 req-4a2ea496-00f7-40a2-a6ca-3ce6b0462661 ] Request (HostsAdminNegativeTestJSON:tearDownClass): 204 DELETE http://10.180.1.21/identity/v3/users/d66a2a05c7f34a11ad3f5dded01b8460 0.159s
2025-11-19 05:23:29.087 67338 INFO tempest.lib.common.rest_client [req-6a467c54-d524-42bc-a924-12aa0ae7af13 req-6a467c54-d524-42bc-a924-12aa0ae7af13 ] Request (ServerDiagnosticsV248Test:setUpClass): 200 GET http://10.180.1.21/identity/v3/domains?name=Default 0.061s
2025-11-19 05:23:29.141 67328 INFO tempest.lib.common.rest_client [req-d448667a-c6be-4198-8a9b-53bc96fa1d02 req-d448667a-c6be-4198-8a9b-53bc96fa1d02 ] Request (ServerDiagnosticsTest:tearDownClass): 204 DELETE http://10.180.1.21/networking/v2.0/security-groups/4689714c-abe3-425f-b780-ee3049d244c0 0.229s
2025-11-19 05:23:29.169 67338 INFO tempest.lib.common.rest_client [req-4677d1fa-5daa-421e-994c-d87e1053c558 req-4677d1fa-5daa-421e-994c-d87e1053c558 ] Request (ServerDiagnosticsV248Test:setUpClass): 201 POST http://10.180.1.21/identity/v3/projects 0.081s
2025-11-19 05:23:29.189 67344 INFO tempest.lib.common.rest_client [req-53a9bc78-9da2-4609-84f8-2b70bb593f24 req-53a9bc78-9da2-4609-84f8-2b70bb593f24 ] Request (HostsAdminNegativeTestJSON:tearDownClass): 204 DELETE http://10.180.1.21/identity/v3/users/9b5eb61645c046cda16202f43c6f4113 0.126s
2025-11-19 05:23:29.189 67344 INFO tempest.lib.common.dynamic_creds [-] Deleting project and security group for project: 2ba8a15e67814a4b9a3cc57c473dde38
2025-11-19 05:23:29.268 67338 INFO tempest.lib.common.rest_client [req-260f58f2-2321-4484-8453-736759dffc07 req-260f58f2-2321-4484-8453-736759dffc07 ] Request (ServerDiagnosticsV248Test:setUpClass): 201 POST http://10.180.1.21/identity/v3/users 0.099s
2025-11-19 05:23:29.320 67328 INFO tempest.lib.common.rest_client [req-480d3ecf-a4b5-474e-a3d1-bdedb514aab3 req-480d3ecf-a4b5-474e-a3d1-bdedb514aab3 ] Request (ServerDiagnosticsTest:tearDownClass): 204 DELETE http://10.180.1.21/identity/v3/projects/89d80906cc0645919ec892075439d4ad 0.179s
2025-11-19 05:23:29.323 67306 INFO tempest.lib.common.rest_client [req-62a55308-38b0-45cd-88d2-78dd7a18b234 req-62a55308-38b0-45cd-88d2-78dd7a18b234 ] Request (AttachInterfacesTestJSON:test_create_list_show_delete_interfaces_by_fixed_ip): 200 GET http://10.180.1.21/compute/v2.1/servers/a8687815-6c30-43e7-b1c1-0d365a189dac/os-interface 4.217s
2025-11-19 05:23:29.338 67344 INFO tempest.lib.common.rest_client [req-ece76f05-94c5-4475-8715-1aaf8b1c63d4 req-ece76f05-94c5-4475-8715-1aaf8b1c63d4 ] Request (HostsAdminNegativeTestJSON:tearDownClass): 201 POST http://10.180.1.21/identity/v3/auth/tokens 0.149s
2025-11-19 05:23:29.368 67328 INFO tempest.lib.common.rest_client [req-87fc49fa-3ad4-4306-b3c8-452e3d496989 req-87fc49fa-3ad4-4306-b3c8-452e3d496989 ] Request (ServicesAdminTestJSON:setUpClass): 201 POST http://10.180.1.21/identity/v3/auth/tokens 0.046s
2025-11-19 05:23:29.394 67338 INFO tempest.lib.common.rest_client [req-514609c6-0fb7-40f6-bc36-81b0056e99e5 req-514609c6-0fb7-40f6-bc36-81b0056e99e5 ] Request (ServerDiagnosticsV248Test:setUpClass): 200 GET http://10.180.1.21/identity/v3/roles 0.125s
2025-11-19 05:23:29.404 67328 INFO tempest.lib.common.rest_client [req-6c59cc76-a508-402d-90de-0f2056187f3b req-6c59cc76-a508-402d-90de-0f2056187f3b ] Request (ServicesAdminTestJSON:setUpClass): 201 POST http://10.180.1.21/identity/v3/auth/tokens 0.033s
2025-11-19 05:23:29.423 67338 INFO tempest.lib.common.rest_client [req-bb43e4c0-a60e-4a18-a29b-055819322721 req-bb43e4c0-a60e-4a18-a29b-055819322721 ] Request (ServerDiagnosticsV248Test:setUpClass): 204 PUT http://10.180.1.21/identity/v3/projects/7cd660e8c2df4deab7ddf400fab9cacb/users/adbf4548dceb4cbfa1a04f0fbd2afb80/roles/52fe05e1e5e54aafa1189da4d238ca5c 0.029s
2025-11-19 05:23:29.424 67338 INFO tempest.lib.common.dynamic_creds [-] Dynamic test user adbf4548dceb4cbfa1a04f0fbd2afb80 is created with scope project and roles: ['member']
2025-11-19 05:23:29.424 67338 INFO tempest.lib.common.dynamic_creds [-] Acquired dynamic creds: credentials: Credentials: {'domain_id': 'default', 'domain_name': 'Default', 'username': 'tempest-ServerDiagnosticsV248Test-308867944-project-member', 'project_domain_id': 'default', 'project_domain_name': 'Default', 'project_id': '7cd660e8c2df4deab7ddf400fab9cacb', 'project_name': 'tempest-ServerDiagnosticsV248Test-308867944', 'tenant_id': '7cd660e8c2df4deab7ddf400fab9cacb', 'tenant_name': 'tempest-ServerDiagnosticsV248Test-308867944', 'user_domain_id': 'default', 'user_domain_name': 'Default', 'user_id': 'adbf4548dceb4cbfa1a04f0fbd2afb80', 'system': None}, Network: None, Subnet: None, Router: None
2025-11-19 05:23:29.424 67338 INFO tempest.lib.common.dynamic_creds [-] Created isolated network resources for: credentials: Credentials: {'domain_id': 'default', 'domain_name': 'Default', 'username': 'tempest-ServerDiagnosticsV248Test-308867944-project-member', 'project_domain_id': 'default', 'project_domain_name': 'Default', 'project_id': '7cd660e8c2df4deab7ddf400fab9cacb', 'project_name': 'tempest-ServerDiagnosticsV248Test-308867944', 'tenant_id': '7cd660e8c2df4deab7ddf400fab9cacb', 'tenant_name': 'tempest-ServerDiagnosticsV248Test-308867944', 'user_domain_id': 'default', 'user_domain_name': 'Default', 'user_id': 'adbf4548dceb4cbfa1a04f0fbd2afb80', 'system': None}, Network: None, Subnet: None, Router: None
2025-11-19 05:23:29.434 67328 INFO tempest.lib.common.rest_client [req-233cf495-6481-4fca-b535-75d5ce265d0a req-233cf495-6481-4fca-b535-75d5ce265d0a ] Request (ServicesAdminTestJSON:setUpClass): 200 GET http://10.180.1.21/identity/v3/domains?name=Default 0.029s
2025-11-19 05:23:29.448 67318 INFO tempest.lib.common.rest_client [req-3d8fe185-8556-45cb-9bcb-fc68b1ff72df req-3d8fe185-8556-45cb-9bcb-fc68b1ff72df ] Request (FloatingIPDetailsNegativeTestJSON:tearDownClass): 204 DELETE http://10.180.1.21/networking/v2.0/security-groups/8b56b27d-e261-4ab4-912b-0deca98c2981 0.450s
2025-11-19 05:23:29.516 67328 INFO tempest.lib.common.rest_client [req-4f5478ff-20d2-4797-b9c5-6d6fcef0b4d5 req-4f5478ff-20d2-4797-b9c5-6d6fcef0b4d5 ] Request (ServicesAdminTestJSON:setUpClass): 201 POST http://10.180.1.21/identity/v3/projects 0.081s
2025-11-19 05:23:29.525 67338 INFO tempest.lib.common.rest_client [req-170d1084-3eb4-4486-a772-efda0bacf335 req-170d1084-3eb4-4486-a772-efda0bacf335 ] Request (ServerDiagnosticsV248Test:setUpClass): 201 POST http://10.180.1.21/identity/v3/auth/tokens 0.096s
2025-11-19 05:23:29.530 67322 INFO tempest.lib.common.rest_client [req-cbef5db3-2040-45d7-9aa8-d0cd9291d9a6 req-cbef5db3-2040-45d7-9aa8-d0cd9291d9a6 ] Request (AttachInterfacesUnderV243Test:test_add_remove_fixed_ip): 200 GET http://10.180.1.21/compute/v2.1/servers/43a65098-7ec6-4eb6-95aa-975eb754c810 4.634s
2025-11-19 05:23:29.539 67322 INFO tempest.lib.common.ssh [-] Creating ssh connection to '10.180.180.149:22' as 'cirros' with public key authentication
2025-11-19 05:23:29.556 67290 INFO tempest.lib.common.rest_client [req-4db80621-37e9-4971-b51b-2896ac03bad5 req-4db80621-37e9-4971-b51b-2896ac03bad5 ] Request (FlavorsAccessNegativeTestJSON:test_flavor_non_admin_remove): 200 POST http://10.180.1.21/compute/v2.1/flavors 4.167s
2025-11-19 05:23:29.585 67328 INFO tempest.lib.common.rest_client [req-46a79d8a-8924-422b-b891-5d24aa630427 req-46a79d8a-8924-422b-b891-5d24aa630427 ] Request (ServicesAdminTestJSON:setUpClass): 201 POST http://10.180.1.21/identity/v3/users 0.068s
2025-11-19 05:23:29.631 67338 INFO tempest.lib.common.rest_client [req-e3760703-960e-4a0f-922d-58c54b592b12 req-e3760703-960e-4a0f-922d-58c54b592b12 ] Request (ServerDiagnosticsV248Test:setUpClass): 201 POST http://10.180.1.21/identity/v3/projects 0.106s
2025-11-19 05:23:29.639 67318 INFO tempest.lib.common.rest_client [req-e14e9eae-7a2e-40a8-b53b-4ac7d2105fa8 req-e14e9eae-7a2e-40a8-b53b-4ac7d2105fa8 ] Request (FloatingIPDetailsNegativeTestJSON:tearDownClass): 204 DELETE http://10.180.1.21/identity/v3/projects/bd87c48bd75247b59be4382acb7e990a 0.191s
2025-11-19 05:23:29.759 67328 INFO tempest.lib.common.rest_client [req-dba38da6-f193-4c31-8883-0b2dba90b7ac req-dba38da6-f193-4c31-8883-0b2dba90b7ac ] Request (ServicesAdminTestJSON:setUpClass): 200 GET http://10.180.1.21/identity/v3/roles 0.173s
2025-11-19 05:23:29.794 67338 INFO tempest.lib.common.rest_client [req-80619a4d-4d58-471c-b579-d12b7aec10ab req-80619a4d-4d58-471c-b579-d12b7aec10ab ] Request (ServerDiagnosticsV248Test:setUpClass): 201 POST http://10.180.1.21/identity/v3/users 0.162s
2025-11-19 05:23:29.811 67318 INFO tempest.lib.common.rest_client [req-90cd8500-385d-4774-b317-c204192e4826 req-90cd8500-385d-4774-b317-c204192e4826 ] Request (AbsoluteLimitsTestJSON:setUpClass): 201 POST http://10.180.1.21/identity/v3/auth/tokens 0.170s
2025-11-19 05:23:29.822 67328 INFO tempest.lib.common.rest_client [req-290c0b96-6452-436c-8763-9d6b36d1d810 req-290c0b96-6452-436c-8763-9d6b36d1d810 ] Request (ServicesAdminTestJSON:setUpClass): 204 PUT http://10.180.1.21/identity/v3/projects/0a491d996d77466f9d36b4f399fe625e/users/aeb089cd820740f6b8524df66ba482e9/roles/52fe05e1e5e54aafa1189da4d238ca5c 0.062s
2025-11-19 05:23:29.822 67328 INFO tempest.lib.common.dynamic_creds [-] Dynamic test user aeb089cd820740f6b8524df66ba482e9 is created with scope project and roles: ['member']
2025-11-19 05:23:29.822 67328 INFO tempest.lib.common.dynamic_creds [-] Acquired dynamic creds: credentials: Credentials: {'domain_id': 'default', 'domain_name': 'Default', 'username': 'tempest-ServicesAdminTestJSON-2103741048-project-member', 'project_domain_id': 'default', 'project_domain_name': 'Default', 'project_id': '0a491d996d77466f9d36b4f399fe625e', 'project_name': 'tempest-ServicesAdminTestJSON-2103741048', 'tenant_id': '0a491d996d77466f9d36b4f399fe625e', 'tenant_name': 'tempest-ServicesAdminTestJSON-2103741048', 'user_domain_id': 'default', 'user_domain_name': 'Default', 'user_id': 'aeb089cd820740f6b8524df66ba482e9', 'system': None}, Network: None, Subnet: None, Router: None
2025-11-19 05:23:29.822 67328 INFO tempest.lib.common.dynamic_creds [-] Created isolated network resources for: credentials: Credentials: {'domain_id': 'default', 'domain_name': 'Default', 'username': 'tempest-ServicesAdminTestJSON-2103741048-project-member', 'project_domain_id': 'default', 'project_domain_name': 'Default', 'project_id': '0a491d996d77466f9d36b4f399fe625e', 'project_name': 'tempest-ServicesAdminTestJSON-2103741048', 'tenant_id': '0a491d996d77466f9d36b4f399fe625e', 'tenant_name': 'tempest-ServicesAdminTestJSON-2103741048', 'user_domain_id': 'default', 'user_domain_name': 'Default', 'user_id': 'aeb089cd820740f6b8524df66ba482e9', 'system': None}, Network: None, Subnet: None, Router: None
2025-11-19 05:23:29.837 67338 INFO tempest.lib.common.rest_client [req-48f90e38-43c7-4877-bd4f-1371df6021f9 req-48f90e38-43c7-4877-bd4f-1371df6021f9 ] Request (ServerDiagnosticsV248Test:setUpClass): 200 GET http://10.180.1.21/identity/v3/roles 0.042s
2025-11-19 05:23:29.911 67318 INFO tempest.lib.common.rest_client [req-a9a1b9d1-5525-410a-b52a-47123aef2f25 req-a9a1b9d1-5525-410a-b52a-47123aef2f25 ] Request (AbsoluteLimitsTestJSON:setUpClass): 201 POST http://10.180.1.21/identity/v3/auth/tokens 0.096s
2025-11-19 05:23:29.958 67338 INFO tempest.lib.common.rest_client [req-3024c0bf-4bcf-44a7-9bcb-6f0e467fc1f2 req-3024c0bf-4bcf-44a7-9bcb-6f0e467fc1f2 ] Request (ServerDiagnosticsV248Test:setUpClass): 204 PUT http://10.180.1.21/identity/v3/projects/ad2a8fe4181640f2966a4b8e5f6fd3e9/users/8ab5794fa79c4c65af8c608bf75748dd/roles/d7467982dfe2497bb33d12ae50ceb127 0.120s
2025-11-19 05:23:29.959 67330 INFO tempest.lib.common.rest_client [req-ea963ff2-c591-4884-b5e3-b7cd68646667 req-ea963ff2-c591-4884-b5e3-b7cd68646667 ] Request (ServersAdmin275Test:test_rebuild_update_server_275): 202 POST http://10.180.1.21/compute/v2.1/servers 4.367s
2025-11-19 05:23:30.000 67328 INFO tempest.lib.common.rest_client [req-3932f97a-4040-4e05-a6f9-df6eab184d30 req-3932f97a-4040-4e05-a6f9-df6eab184d30 ] Request (ServicesAdminTestJSON:setUpClass): 201 POST http://10.180.1.21/identity/v3/auth/tokens 0.173s
2025-11-19 05:23:30.032 67338 INFO tempest.lib.common.rest_client [req-ad884a4e-7438-482e-a9f3-eff9b1097d7f req-ad884a4e-7438-482e-a9f3-eff9b1097d7f ] Request (ServerDiagnosticsV248Test:setUpClass): 200 GET http://10.180.1.21/identity/v3/roles 0.073s
2025-11-19 05:23:30.036 67318 INFO tempest.lib.common.rest_client [req-4c3df798-4b9e-4715-9fc6-bfc3db2d8cb0 req-4c3df798-4b9e-4715-9fc6-bfc3db2d8cb0 ] Request (AbsoluteLimitsTestJSON:setUpClass): 200 GET http://10.180.1.21/identity/v3/domains?name=Default 0.124s
2025-11-19 05:23:30.059 67338 INFO tempest.lib.common.rest_client [req-f8486b2b-d6c5-4a36-ac6d-7d831493b7c8 req-f8486b2b-d6c5-4a36-ac6d-7d831493b7c8 ] Request (ServerDiagnosticsV248Test:setUpClass): 204 PUT http://10.180.1.21/identity/v3/projects/ad2a8fe4181640f2966a4b8e5f6fd3e9/users/8ab5794fa79c4c65af8c608bf75748dd/roles/d7467982dfe2497bb33d12ae50ceb127 0.026s
2025-11-19 05:23:30.059 67338 INFO tempest.lib.common.dynamic_creds [-] Dynamic test user 8ab5794fa79c4c65af8c608bf75748dd is created with scope project and roles: ['admin']
2025-11-19 05:23:30.059 67338 INFO tempest.lib.common.dynamic_creds [-] Acquired dynamic creds: credentials: Credentials: {'domain_id': 'default', 'domain_name': 'Default', 'username': 'tempest-ServerDiagnosticsV248Test-1653412906-project-admin', 'project_domain_id': 'default', 'project_domain_name': 'Default', 'project_id': 'ad2a8fe4181640f2966a4b8e5f6fd3e9', 'project_name': 'tempest-ServerDiagnosticsV248Test-1653412906', 'tenant_id': 'ad2a8fe4181640f2966a4b8e5f6fd3e9', 'tenant_name': 'tempest-ServerDiagnosticsV248Test-1653412906', 'user_domain_id': 'default', 'user_domain_name': 'Default', 'user_id': '8ab5794fa79c4c65af8c608bf75748dd', 'system': None}, Network: None, Subnet: None, Router: None
2025-11-19 05:23:30.059 67338 INFO tempest.lib.common.dynamic_creds [-] Created isolated network resources for: credentials: Credentials: {'domain_id': 'default', 'domain_name': 'Default', 'username': 'tempest-ServerDiagnosticsV248Test-1653412906-project-admin', 'project_domain_id': 'default', 'project_domain_name': 'Default', 'project_id': 'ad2a8fe4181640f2966a4b8e5f6fd3e9', 'project_name': 'tempest-ServerDiagnosticsV248Test-1653412906', 'tenant_id': 'ad2a8fe4181640f2966a4b8e5f6fd3e9', 'tenant_name': 'tempest-ServerDiagnosticsV248Test-1653412906', 'user_domain_id': 'default', 'user_domain_name': 'Default', 'user_id': '8ab5794fa79c4c65af8c608bf75748dd', 'system': None}, Network: None, Subnet: None, Router: None
2025-11-19 05:23:30.075 67328 INFO tempest.lib.common.rest_client [req-16732916-4d56-4f7a-ac06-d0fee2993b3a req-16732916-4d56-4f7a-ac06-d0fee2993b3a ] Request (ServicesAdminTestJSON:setUpClass): 201 POST http://10.180.1.21/identity/v3/projects 0.074s
2025-11-19 05:23:30.165 67318 INFO tempest.lib.common.rest_client [req-f8c2328d-1b5f-44c1-8ca0-3b6fa41e52d1 req-f8c2328d-1b5f-44c1-8ca0-3b6fa41e52d1 ] Request (AbsoluteLimitsTestJSON:setUpClass): 201 POST http://10.180.1.21/identity/v3/projects 0.128s
2025-11-19 05:23:30.170 67338 INFO tempest.lib.common.rest_client [req-d23f85e5-e246-4c8b-a3d5-af6aba040e41 req-d23f85e5-e246-4c8b-a3d5-af6aba040e41 ] Request (ServerDiagnosticsV248Test:setUpClass): 201 POST http://10.180.1.21/identity/v3/auth/tokens 0.107s
2025-11-19 05:23:30.233 67328 INFO tempest.lib.common.rest_client [req-5330cc29-9f3d-433e-a84e-194be9aab095 req-5330cc29-9f3d-433e-a84e-194be9aab095 ] Request (ServicesAdminTestJSON:setUpClass): 201 POST http://10.180.1.21/identity/v3/users 0.158s
2025-11-19 05:23:30.258 67318 INFO tempest.lib.common.rest_client [req-30c3445d-80b4-482f-a715-44aed4f10a98 req-30c3445d-80b4-482f-a715-44aed4f10a98 ] Request (AbsoluteLimitsTestJSON:setUpClass): 201 POST http://10.180.1.21/identity/v3/users 0.093s
2025-11-19 05:23:30.283 67328 INFO tempest.lib.common.rest_client [req-041b4664-b058-4c76-8b6b-90652c5ddce8 req-041b4664-b058-4c76-8b6b-90652c5ddce8 ] Request (ServicesAdminTestJSON:setUpClass): 200 GET http://10.180.1.21/identity/v3/roles 0.050s
2025-11-19 05:23:30.307 67318 INFO tempest.lib.common.rest_client [req-004bcb9b-ecf4-4e59-b800-2d48c3e0caa1 req-004bcb9b-ecf4-4e59-b800-2d48c3e0caa1 ] Request (AbsoluteLimitsTestJSON:setUpClass): 200 GET http://10.180.1.21/identity/v3/roles 0.049s
2025-11-19 05:23:30.319 67338 INFO tempest.lib.common.rest_client [req-45d6602c-21f0-47a3-999a-677d11ae541b req-45d6602c-21f0-47a3-999a-677d11ae541b ] Request (ServerDiagnosticsV248Test:test_get_server_diagnostics): 201 POST http://10.180.1.21/identity/v3/auth/tokens 0.143s
2025-11-19 05:23:30.320 67338 INFO tempest.lib.common.fixed_network [-] (ServerDiagnosticsV248Test:test_get_server_diagnostics) Found network None available for tenant
2025-11-19 05:23:30.340 67328 INFO tempest.lib.common.rest_client [req-34fcb157-948a-4abf-9dc7-fdec61bcde3a req-34fcb157-948a-4abf-9dc7-fdec61bcde3a ] Request (ServicesAdminTestJSON:setUpClass): 204 PUT http://10.180.1.21/identity/v3/projects/e267ce8954e04e518bbd88f105111378/users/d8de56534162425cbf0fca8b9b5a9190/roles/d7467982dfe2497bb33d12ae50ceb127 0.056s
2025-11-19 05:23:30.346 67318 INFO tempest.lib.common.rest_client [req-a3406dc6-6062-4547-b380-67fcdf8067bb req-a3406dc6-6062-4547-b380-67fcdf8067bb ] Request (AbsoluteLimitsTestJSON:setUpClass): 204 PUT http://10.180.1.21/identity/v3/projects/f883ea0617e043eb96a2974db273c43a/users/da839d265bab41e786a6eabb73e2046a/roles/52fe05e1e5e54aafa1189da4d238ca5c 0.037s
2025-11-19 05:23:30.346 67318 INFO tempest.lib.common.dynamic_creds [-] Dynamic test user da839d265bab41e786a6eabb73e2046a is created with scope project and roles: ['member']
2025-11-19 05:23:30.346 67318 INFO tempest.lib.common.dynamic_creds [-] Acquired dynamic creds: credentials: Credentials: {'domain_id': 'default', 'domain_name': 'Default', 'username': 'tempest-AbsoluteLimitsTestJSON-1888563048-project-member', 'project_domain_id': 'default', 'project_domain_name': 'Default', 'project_id': 'f883ea0617e043eb96a2974db273c43a', 'project_name': 'tempest-AbsoluteLimitsTestJSON-1888563048', 'tenant_id': 'f883ea0617e043eb96a2974db273c43a', 'tenant_name': 'tempest-AbsoluteLimitsTestJSON-1888563048', 'user_domain_id': 'default', 'user_domain_name': 'Default', 'user_id': 'da839d265bab41e786a6eabb73e2046a', 'system': None}, Network: None, Subnet: None, Router: None
2025-11-19 05:23:30.346 67318 INFO tempest.lib.common.dynamic_creds [-] Created isolated network resources for: credentials: Credentials: {'domain_id': 'default', 'domain_name': 'Default', 'username': 'tempest-AbsoluteLimitsTestJSON-1888563048-project-member', 'project_domain_id': 'default', 'project_domain_name': 'Default', 'project_id': 'f883ea0617e043eb96a2974db273c43a', 'project_name': 'tempest-AbsoluteLimitsTestJSON-1888563048', 'tenant_id': 'f883ea0617e043eb96a2974db273c43a', 'tenant_name': 'tempest-AbsoluteLimitsTestJSON-1888563048', 'user_domain_id': 'default', 'user_domain_name': 'Default', 'user_id': 'da839d265bab41e786a6eabb73e2046a', 'system': None}, Network: None, Subnet: None, Router: None
2025-11-19 05:23:30.382 67344 INFO tempest.lib.common.rest_client [req-0ca2d52c-d330-4efd-a829-bc75ad53e793 req-0ca2d52c-d330-4efd-a829-bc75ad53e793 ] Request (HostsAdminNegativeTestJSON:tearDownClass): 200 GET http://10.180.1.21/networking/v2.0/security-groups?tenant_id=2ba8a15e67814a4b9a3cc57c473dde38&name=default 1.043s
2025-11-19 05:23:30.424 67328 INFO tempest.lib.common.rest_client [req-1861a572-a71e-4a96-9f86-d24d2c893151 req-1861a572-a71e-4a96-9f86-d24d2c893151 ] Request (ServicesAdminTestJSON:setUpClass): 200 GET http://10.180.1.21/identity/v3/roles 0.084s
2025-11-19 05:23:30.438 67318 INFO tempest.lib.common.rest_client [req-0b35811f-8db1-4b51-9eb8-bb1262abd730 req-0b35811f-8db1-4b51-9eb8-bb1262abd730 ] Request (AbsoluteLimitsTestJSON:setUpClass): 201 POST http://10.180.1.21/identity/v3/auth/tokens 0.085s
2025-11-19 05:23:30.442 67328 INFO tempest.lib.common.rest_client [req-4fe3b7c9-8238-4f03-89a1-1bf1671abfa4 req-4fe3b7c9-8238-4f03-89a1-1bf1671abfa4 ] Request (ServicesAdminTestJSON:setUpClass): 204 PUT http://10.180.1.21/identity/v3/projects/e267ce8954e04e518bbd88f105111378/users/d8de56534162425cbf0fca8b9b5a9190/roles/d7467982dfe2497bb33d12ae50ceb127 0.018s
2025-11-19 05:23:30.442 67328 INFO tempest.lib.common.dynamic_creds [-] Dynamic test user d8de56534162425cbf0fca8b9b5a9190 is created with scope project and roles: ['admin']
2025-11-19 05:23:30.443 67328 INFO tempest.lib.common.dynamic_creds [-] Acquired dynamic creds: credentials: Credentials: {'domain_id': 'default', 'domain_name': 'Default', 'username': 'tempest-ServicesAdminTestJSON-2068965917-project-admin', 'project_domain_id': 'default', 'project_domain_name': 'Default', 'project_id': 'e267ce8954e04e518bbd88f105111378', 'project_name': 'tempest-ServicesAdminTestJSON-2068965917', 'tenant_id': 'e267ce8954e04e518bbd88f105111378', 'tenant_name': 'tempest-ServicesAdminTestJSON-2068965917', 'user_domain_id': 'default', 'user_domain_name': 'Default', 'user_id': 'd8de56534162425cbf0fca8b9b5a9190', 'system': None}, Network: None, Subnet: None, Router: None
2025-11-19 05:23:30.443 67328 INFO tempest.lib.common.dynamic_creds [-] Created isolated network resources for: credentials: Credentials: {'domain_id': 'default', 'domain_name': 'Default', 'username': 'tempest-ServicesAdminTestJSON-2068965917-project-admin', 'project_domain_id': 'default', 'project_domain_name': 'Default', 'project_id': 'e267ce8954e04e518bbd88f105111378', 'project_name': 'tempest-ServicesAdminTestJSON-2068965917', 'tenant_id': 'e267ce8954e04e518bbd88f105111378', 'tenant_name': 'tempest-ServicesAdminTestJSON-2068965917', 'user_domain_id': 'default', 'user_domain_name': 'Default', 'user_id': 'd8de56534162425cbf0fca8b9b5a9190', 'system': None}, Network: None, Subnet: None, Router: None
2025-11-19 05:23:30.550 67328 INFO tempest.lib.common.rest_client [req-05cd23df-e0d5-4cc4-8579-3690900efa11 req-05cd23df-e0d5-4cc4-8579-3690900efa11 ] Request (ServicesAdminTestJSON:setUpClass): 201 POST http://10.180.1.21/identity/v3/auth/tokens 0.104s
2025-11-19 05:23:30.569 67306 INFO tempest.lib.common.rest_client [req-80886249-c744-4f4e-9988-1732c80efc76 req-80886249-c744-4f4e-9988-1732c80efc76 ] Request (AttachInterfacesTestJSON:test_create_list_show_delete_interfaces_by_fixed_ip): 200 PUT http://10.180.1.21/networking/v2.0/floatingips/f76c487d-92a4-4561-8bda-37e0cddbcb28 1.244s
2025-11-19 05:23:30.995 67344 INFO tempest.lib.common.rest_client [req-50c67673-e404-429f-932a-482b684b703a req-50c67673-e404-429f-932a-482b684b703a ] Request (HostsAdminNegativeTestJSON:tearDownClass): 204 DELETE http://10.180.1.21/networking/v2.0/security-groups/60ce6923-4d77-40fe-a559-9379229b6f50 0.612s
2025-11-19 05:23:31.135 67344 INFO tempest.lib.common.rest_client [req-ddc49384-c15d-4ea5-ad30-9af32f2c7582 req-ddc49384-c15d-4ea5-ad30-9af32f2c7582 ] Request (HostsAdminNegativeTestJSON:tearDownClass): 204 DELETE http://10.180.1.21/identity/v3/projects/2ba8a15e67814a4b9a3cc57c473dde38 0.140s
