2025-11-19 05:24:24.408 67298 INFO tempest.lib.common.rest_client [req-d5233f23-56d7-428f-af27-3002b6748781 req-d5233f23-56d7-428f-af27-3002b6748781 ] Request (ServerMetadataNegativeTestJSON:test_update_metadata_with_blank_key): 400 POST http://10.180.1.21/compute/v2.1/servers/83ee9993-3077-4c2a-ac85-14a24a3c12b0/metadata 6.371s
2025-11-19 05:24:24.525 67336 INFO tempest.lib.common.rest_client [req-e8d6fef2-b570-490b-b4ce-4c1b38deefbf req-e8d6fef2-b570-490b-b4ce-4c1b38deefbf ] Request (QuotasAdminTestV236:_run_cleanups): 204 DELETE http://10.180.1.21/identity/v3/projects/aecb75edda2f42d8a360edc9525a169c 0.138s
2025-11-19 05:24:24.672 67336 INFO tempest.lib.common.rest_client [req-c1eb9641-4471-4666-b603-f39e9af3c7d3 req-c1eb9641-4471-4666-b603-f39e9af3c7d3 ] Request (QuotasAdminTestV236:tearDownClass): 204 DELETE http://10.180.1.21/identity/v3/users/1d23b60b62984e899b51828496370ce8 0.145s
2025-11-19 05:24:24.682 67312 INFO tempest.lib.common.rest_client [req-06068e12-99cd-4ee1-9c0b-48596946783a req-06068e12-99cd-4ee1-9c0b-48596946783a ] Request (InstanceActionsV221TestJSON:setUpClass): 201 POST http://10.180.1.21/networking/v2.0/subnets 0.311s
2025-11-19 05:24:24.781 67336 INFO tempest.lib.common.rest_client [req-83c052ce-a589-49fc-89ad-5e773dec4c94 req-83c052ce-a589-49fc-89ad-5e773dec4c94 ] Request (QuotasAdminTestV236:tearDownClass): 204 DELETE http://10.180.1.21/identity/v3/users/0d3e92d33978445789d9aa61a2a23ca1 0.108s
2025-11-19 05:24:24.782 67336 INFO tempest.lib.common.dynamic_creds [-] Deleting project and security group for project: 3cbac19cc8764f3ab22fbe6f74d78cc5
2025-11-19 05:24:24.844 67326 INFO tempest.lib.common.rest_client [req-ae9e4f6e-9de1-4d29-b336-c901f66616c3 req-ae9e4f6e-9de1-4d29-b336-c901f66616c3 ] Request (ListServerFiltersTestJSON:test_list_servers_filter_by_shutoff_status): 200 GET http://10.180.1.21/compute/v2.1/servers/bb47e7ef-aeaa-4006-9879-f6863101bbc8 6.819s
2025-11-19 05:24:24.867 67310 INFO tempest.lib.common.rest_client [req-12a77063-13de-42da-95e7-c97b4d2868ab req-12a77063-13de-42da-95e7-c97b4d2868ab ] Request (AttachInterfacesV270Test:setUpClass): 201 POST http://10.180.1.21/networking/v2.0/networks 0.616s
2025-11-19 05:24:24.883 67336 INFO tempest.lib.common.rest_client [req-ec404a05-c698-493f-8613-ff74c08d093c req-ec404a05-c698-493f-8613-ff74c08d093c ] Request (QuotasAdminTestV236:tearDownClass): 201 POST http://10.180.1.21/identity/v3/auth/tokens 0.101s
2025-11-19 05:24:24.904 67324 INFO tempest.lib.common.rest_client [req-1832b1a3-3a98-4bad-98a5-0110c5efb251 req-1832b1a3-3a98-4bad-98a5-0110c5efb251 ] Request (ImagesOneServerTestJSON:test_create_image_specify_multibyte_character_image_name): 200 GET http://10.180.1.21/compute/v2.1/images/e7fae597-ca80-4013-8afc-d14d95bc2230 6.619s
2025-11-19 05:24:24.908 67340 INFO tempest.lib.common.rest_client [req-16fa20cc-96c6-4ac6-80cb-412dc249194c req-16fa20cc-96c6-4ac6-80cb-412dc249194c ] Request (DeleteServersTestJSON:test_delete_active_server): 200 GET http://10.180.1.21/compute/v2.1/servers/0432a314-2b00-4213-95e1-312f4235e065 6.770s
2025-11-19 05:24:24.916 67340 INFO tempest.common.waiters [-] State transition "BUILD/spawning" ==> "ACTIVE/None" after 28 second wait
2025-11-19 05:24:25.174 67310 INFO tempest.lib.common.rest_client [req-8887c59c-4974-4a32-89dd-a7c90173c318 req-8887c59c-4974-4a32-89dd-a7c90173c318 ] Request (AttachInterfacesV270Test:setUpClass): 201 POST http://10.180.1.21/networking/v2.0/subnets 0.306s
2025-11-19 05:24:25.355 67336 INFO tempest.lib.common.rest_client [req-8441498e-86d4-45d1-a7c7-7724e075d513 req-8441498e-86d4-45d1-a7c7-7724e075d513 ] Request (QuotasAdminTestV236:tearDownClass): 200 GET http://10.180.1.21/networking/v2.0/security-groups?tenant_id=3cbac19cc8764f3ab22fbe6f74d78cc5&name=default 0.472s
2025-11-19 05:24:25.486 67344 INFO tempest.lib.common.rest_client [req-532ba9ab-365b-4f10-8ce4-969e146dae0d req-532ba9ab-365b-4f10-8ce4-969e146dae0d ] Request (ServerExternalEventsTest:tearDownClass): 200 GET http://10.180.1.21/compute/v2.1/servers/b3ecaaf7-c198-4c9c-965e-ead4abc9cead 7.032s
2025-11-19 05:24:25.494 67344 INFO tempest.common.waiters [-] State transition "ACTIVE/deleting" ==> "DELETED/None" after 8 second wait
2025-11-19 05:24:25.611 67306 WARNING tempest.lib.common.ssh [-] Failed to establish authenticated ssh connection to cirros@10.180.180.189 ([Errno None] Unable to connect to port 22 on 10.180.180.189). Number attempts: 7. Retry after 8 seconds.: paramiko.ssh_exception.NoValidConnectionsError: [Errno None] Unable to connect to port 22 on 10.180.180.189
2025-11-19 05:24:25.645 67312 INFO tempest.lib.common.rest_client [req-094f224f-a1d2-4c46-ba71-92f5595105a5 req-094f224f-a1d2-4c46-ba71-92f5595105a5 ] Request (InstanceActionsV221TestJSON:setUpClass): 201 POST http://10.180.1.21/networking/v2.0/routers 0.962s
2025-11-19 05:24:25.726 67336 INFO tempest.lib.common.rest_client [req-4f2070c2-6c62-44b4-81b5-c6418bf09edf req-4f2070c2-6c62-44b4-81b5-c6418bf09edf ] Request (QuotasAdminTestV236:tearDownClass): 204 DELETE http://10.180.1.21/networking/v2.0/security-groups/039d8cb3-1665-4059-b905-6b32ff8ed7d7 0.370s
2025-11-19 05:24:25.813 67336 INFO tempest.lib.common.rest_client [req-8fabe5a1-33a9-4675-9446-3c2b13418d45 req-8fabe5a1-33a9-4675-9446-3c2b13418d45 ] Request (QuotasAdminTestV236:tearDownClass): 204 DELETE http://10.180.1.21/identity/v3/projects/3cbac19cc8764f3ab22fbe6f74d78cc5 0.086s
2025-11-19 05:24:25.813 67336 INFO tempest.lib.common.dynamic_creds [-] Deleting project and security group for project: 2f87f4f80d914ab8837872835fc36968
2025-11-19 05:24:25.844 67320 INFO tempest.lib.common.rest_client [req-6ab826ae-639e-4fc5-9cc4-66d25b3d4ac8 req-6ab826ae-639e-4fc5-9cc4-66d25b3d4ac8 ] Request (ServersAdminTestJSON:setUpClass): 200 GET http://10.180.1.21/compute/v2.1/servers/9349f548-2328-439d-8cac-182214e169f8 7.363s
2025-11-19 05:24:25.854 67320 INFO tempest.common.waiters [-] State transition "BUILD/spawning" ==> "ACTIVE/None" after 30 second wait
2025-11-19 05:24:25.909 67328 INFO tempest.lib.common.rest_client [req-80b452bf-9751-4324-9f95-f18cfaa781da req-80b452bf-9751-4324-9f95-f18cfaa781da ] Request (ServerRescueTestJSON:setUpClass): 200 GET http://10.180.1.21/compute/v2.1/servers/89ce42de-c27c-4f22-a023-a714e6b54232 7.363s
2025-11-19 05:24:26.201 67310 INFO tempest.lib.common.rest_client [req-51622296-4625-43ae-8ef7-37349c1c3f61 req-51622296-4625-43ae-8ef7-37349c1c3f61 ] Request (AttachInterfacesV270Test:setUpClass): 201 POST http://10.180.1.21/networking/v2.0/routers 1.026s
2025-11-19 05:24:26.330 67336 INFO tempest.lib.common.rest_client [req-d9b2e280-f312-4b7a-b2aa-34f6e5249bcc req-d9b2e280-f312-4b7a-b2aa-34f6e5249bcc ] Request (QuotasAdminTestV236:tearDownClass): 200 GET http://10.180.1.21/networking/v2.0/security-groups?tenant_id=2f87f4f80d914ab8837872835fc36968&name=default 0.516s
2025-11-19 05:24:26.766 67312 INFO tempest.lib.common.rest_client [req-9b99e516-6627-4909-9572-3c08d185321b req-9b99e516-6627-4909-9572-3c08d185321b ] Request (InstanceActionsV221TestJSON:setUpClass): 200 PUT http://10.180.1.21/networking/v2.0/routers/be4cc73e-5d4f-4a43-a8cb-3f5b5c570a49/add_router_interface 1.120s
2025-11-19 05:24:26.766 67312 INFO tempest.lib.common.dynamic_creds [-] Created isolated network resources for: credentials: Credentials: {'domain_id': 'default', 'domain_name': 'Default', 'username': 'tempest-InstanceActionsV221TestJSON-1894487213-project-member', 'project_domain_id': 'default', 'project_domain_name': 'Default', 'project_id': '64765102fdde457bbe36c70285f27f23', 'project_name': 'tempest-InstanceActionsV221TestJSON-1894487213', 'tenant_id': '64765102fdde457bbe36c70285f27f23', 'tenant_name': 'tempest-InstanceActionsV221TestJSON-1894487213', 'user_domain_id': 'default', 'user_domain_name': 'Default', 'user_id': '8d8dca64c08d4fc2b24cc4a354baca38', 'system': None}, Network: {'id': '581dd837-41bb-4b5b-8433-e323de6c5373', 'name': 'tempest-InstanceActionsV221TestJSON-782498006-network', 'tenant_id': '64765102fdde457bbe36c70285f27f23', 'project_id': '64765102fdde457bbe36c70285f27f23', 'admin_state_up': True, 'mtu': 8950, 'status': 'ACTIVE', 'subnets': [], 'shared': False, 'port_security_enabled': True, 'router:external': False, 'provider:network_type': 'vlan', 'provider:physical_network': 'default', 'provider:segmentation_id': 564, 'availability_zone_hints': [], 'availability_zones': [], 'ipv4_address_scope': None, 'ipv6_address_scope': None, 'description': '', 'tags': [], 'created_at': '2025-11-19T05:24:24Z', 'updated_at': '2025-11-19T05:24:24Z', 'revision_number': 1}, Subnet: {'id': '37300efd-35af-4b82-8cff-2e2f0aa1d8b1', 'name': 'tempest-InstanceActionsV221TestJSON-782498006-subnet', 'tenant_id': '64765102fdde457bbe36c70285f27f23', 'network_id': '581dd837-41bb-4b5b-8433-e323de6c5373', 'ip_version': 4, 'subnetpool_id': None, 'enable_dhcp': True, 'ipv6_ra_mode': None, 'ipv6_address_mode': None, 'gateway_ip': '192.168.128.1', 'cidr': '192.168.128.0/28', 'allocation_pools': [{'start': '192.168.128.2', 'end': '192.168.128.14'}], 'host_routes': [], 'dns_nameservers': [], 'description': '', 'router:external': False, 'service_types': [], 'tags': [], 'created_at': '2025-11-19T05:24:24Z', 'updated_at': '2025-11-19T05:24:24Z', 'revision_number': 0, 'project_id': '64765102fdde457bbe36c70285f27f23'}, Router: {'id': 'be4cc73e-5d4f-4a43-a8cb-3f5b5c570a49', 'name': 'tempest-InstanceActionsV221TestJSON-782498006-router', 'tenant_id': '64765102fdde457bbe36c70285f27f23', 'admin_state_up': True, 'status': 'ACTIVE', 'external_gateway_info': {'network_id': '5beb6694-e7dc-412c-8110-4018b6d9738b', 'external_fixed_ips': [{'subnet_id': 'b6d4d349-d309-4ccf-aa8d-38fcb138e375', 'ip_address': '10.180.180.135'}], 'enable_snat': True}, 'description': '', 'availability_zones': [], 'distributed': False, 'ha': False, 'availability_zone_hints': [], 'routes': [], 'flavor_id': None, 'tags': [], 'created_at': '2025-11-19T05:24:24Z', 'updated_at': '2025-11-19T05:24:25Z', 'revision_number': 2, 'project_id': '64765102fdde457bbe36c70285f27f23'}
2025-11-19 05:24:26.853 67312 INFO tempest.lib.common.rest_client [req-cefe11ab-c08f-48ca-aa0a-f058496cc61c req-cefe11ab-c08f-48ca-aa0a-f058496cc61c ] Request (InstanceActionsV221TestJSON:setUpClass): 201 POST http://10.180.1.21/identity/v3/auth/tokens 0.078s
2025-11-19 05:24:26.882 67336 INFO tempest.lib.common.rest_client [req-e995d057-86ef-4884-95a7-b33a7dcedff8 req-e995d057-86ef-4884-95a7-b33a7dcedff8 ] Request (QuotasAdminTestV236:tearDownClass): 204 DELETE http://10.180.1.21/networking/v2.0/security-groups/48565e7c-449c-4939-996b-0b85b1d98fd7 0.551s
2025-11-19 05:24:26.894 67312 INFO tempest.lib.common.rest_client [req-f1ee7461-c461-42cf-b7ae-65f8153194b7 req-f1ee7461-c461-42cf-b7ae-65f8153194b7 ] Request (InstanceActionsV221TestJSON:test_get_list_deleted_instance_actions): 201 POST http://10.180.1.21/identity/v3/auth/tokens 0.038s
2025-11-19 05:24:26.895 67312 INFO tempest.lib.common.fixed_network [-] (InstanceActionsV221TestJSON:test_get_list_deleted_instance_actions) Found network {'id': '581dd837-41bb-4b5b-8433-e323de6c5373', 'name': 'tempest-InstanceActionsV221TestJSON-782498006-network', 'tenant_id': '64765102fdde457bbe36c70285f27f23', 'project_id': '64765102fdde457bbe36c70285f27f23', 'admin_state_up': True, 'mtu': 8950, 'status': 'ACTIVE', 'subnets': [], 'shared': False, 'port_security_enabled': True, 'router:external': False, 'provider:network_type': 'vlan', 'provider:physical_network': 'default', 'provider:segmentation_id': 564, 'availability_zone_hints': [], 'availability_zones': [], 'ipv4_address_scope': None, 'ipv6_address_scope': None, 'description': '', 'tags': [], 'created_at': '2025-11-19T05:24:24Z', 'updated_at': '2025-11-19T05:24:24Z', 'revision_number': 1} available for tenant
2025-11-19 05:24:26.978 67292 INFO tempest.lib.common.rest_client [req-afc1617d-e81d-4c10-91a5-a14dbc4435a5 req-afc1617d-e81d-4c10-91a5-a14dbc4435a5 ] Request (ServersNegativeTestJSON:setUpClass): 200 GET http://10.180.1.21/compute/v2.1/servers/9a7a0cbe-e4e5-46a8-9ca5-fb6a52faa376 8.376s
2025-11-19 05:24:26.988 67292 INFO tempest.common.waiters [-] State transition "BUILD/spawning" ==> "ACTIVE/None" after 31 second wait
2025-11-19 05:24:27.002 67346 INFO tempest.lib.common.rest_client [req-36e0e207-6b22-4247-ba73-5401ced5204f req-36e0e207-6b22-4247-ba73-5401ced5204f ] Request (FloatingIPsAssociationNegativeTestJSON:setUpClass): 200 GET http://10.180.1.21/compute/v2.1/servers/9f2a2e80-3ac0-4cfe-9b4d-df621cce554e 8.379s
2025-11-19 05:24:27.006 67336 INFO tempest.lib.common.rest_client [req-e2620590-83c6-4052-941f-73862351ec85 req-e2620590-83c6-4052-941f-73862351ec85 ] Request (QuotasAdminTestV236:tearDownClass): 204 DELETE http://10.180.1.21/identity/v3/projects/2f87f4f80d914ab8837872835fc36968 0.124s
2025-11-19 05:24:27.009 67346 INFO tempest.common.waiters [-] State transition "BUILD/None" ==> "BUILD/spawning" after 16 second wait
2025-11-19 05:24:27.108 67336 INFO tempest.lib.common.rest_client [req-e964e257-8423-4d30-bfb5-5697a54ec492 req-e964e257-8423-4d30-bfb5-5697a54ec492 ] Request (FlavorsV2TestJSON:setUpClass): 201 POST http://10.180.1.21/identity/v3/auth/tokens 0.100s
2025-11-19 05:24:27.151 67336 INFO tempest.lib.common.rest_client [req-75167f9e-c776-41f7-bd97-bcd42dac45f3 req-75167f9e-c776-41f7-bd97-bcd42dac45f3 ] Request (FlavorsV2TestJSON:setUpClass): 201 POST http://10.180.1.21/identity/v3/auth/tokens 0.037s
2025-11-19 05:24:27.180 67336 INFO tempest.lib.common.rest_client [req-c8ab372c-e914-42c0-8068-77d11228dcef req-c8ab372c-e914-42c0-8068-77d11228dcef ] Request (FlavorsV2TestJSON:setUpClass): 200 GET http://10.180.1.21/identity/v3/domains?name=Default 0.028s
2025-11-19 05:24:27.214 67296 INFO tempest.lib.common.rest_client [req-114cb52d-8981-41f0-9c75-b22dc6a5c9d4 req-114cb52d-8981-41f0-9c75-b22dc6a5c9d4 ] Request (VolumesAssistedSnapshotsTest:test_volume_assisted_snapshot_create_delete): 200 POST http://10.180.1.21/compute/v2.1/os-assisted-volume-snapshots 8.325s
2025-11-19 05:24:27.242 67336 INFO tempest.lib.common.rest_client [req-6e18901c-d802-4145-bc08-d316c574960f req-6e18901c-d802-4145-bc08-d316c574960f ] Request (FlavorsV2TestJSON:setUpClass): 201 POST http://10.180.1.21/identity/v3/projects 0.062s
2025-11-19 05:24:27.326 67336 INFO tempest.lib.common.rest_client [req-ff63197f-9379-4946-a773-7488c4244a4a req-ff63197f-9379-4946-a773-7488c4244a4a ] Request (FlavorsV2TestJSON:setUpClass): 201 POST http://10.180.1.21/identity/v3/users 0.083s
2025-11-19 05:24:27.351 67336 INFO tempest.lib.common.rest_client [req-431fb263-6d9a-4f41-9018-a2f237ad959a req-431fb263-6d9a-4f41-9018-a2f237ad959a ] Request (FlavorsV2TestJSON:setUpClass): 200 GET http://10.180.1.21/identity/v3/roles 0.025s
2025-11-19 05:24:27.388 67336 INFO tempest.lib.common.rest_client [req-e2e8fda4-af72-4162-a0f1-692f8e336e4c req-e2e8fda4-af72-4162-a0f1-692f8e336e4c ] Request (FlavorsV2TestJSON:setUpClass): 204 PUT http://10.180.1.21/identity/v3/projects/96686028ea6b4165801ccfe5db059893/users/74602db96c7a4bdb83452cb78b0c085d/roles/52fe05e1e5e54aafa1189da4d238ca5c 0.036s
2025-11-19 05:24:27.389 67336 INFO tempest.lib.common.dynamic_creds [-] Dynamic test user 74602db96c7a4bdb83452cb78b0c085d is created with scope project and roles: ['member']
2025-11-19 05:24:27.389 67336 INFO tempest.lib.common.dynamic_creds [-] Acquired dynamic creds: credentials: Credentials: {'domain_id': 'default', 'domain_name': 'Default', 'username': 'tempest-FlavorsV2TestJSON-2031989282-project-member', 'project_domain_id': 'default', 'project_domain_name': 'Default', 'project_id': '96686028ea6b4165801ccfe5db059893', 'project_name': 'tempest-FlavorsV2TestJSON-2031989282', 'tenant_id': '96686028ea6b4165801ccfe5db059893', 'tenant_name': 'tempest-FlavorsV2TestJSON-2031989282', 'user_domain_id': 'default', 'user_domain_name': 'Default', 'user_id': '74602db96c7a4bdb83452cb78b0c085d', 'system': None}, Network: None, Subnet: None, Router: None
2025-11-19 05:24:27.389 67336 INFO tempest.lib.common.dynamic_creds [-] Created isolated network resources for: credentials: Credentials: {'domain_id': 'default', 'domain_name': 'Default', 'username': 'tempest-FlavorsV2TestJSON-2031989282-project-member', 'project_domain_id': 'default', 'project_domain_name': 'Default', 'project_id': '96686028ea6b4165801ccfe5db059893', 'project_name': 'tempest-FlavorsV2TestJSON-2031989282', 'tenant_id': '96686028ea6b4165801ccfe5db059893', 'tenant_name': 'tempest-FlavorsV2TestJSON-2031989282', 'user_domain_id': 'default', 'user_domain_name': 'Default', 'user_id': '74602db96c7a4bdb83452cb78b0c085d', 'system': None}, Network: None, Subnet: None, Router: None
2025-11-19 05:24:27.478 67336 INFO tempest.lib.common.rest_client [req-fc303b7f-033a-4488-869b-29dd879c2a25 req-fc303b7f-033a-4488-869b-29dd879c2a25 ] Request (FlavorsV2TestJSON:setUpClass): 201 POST http://10.180.1.21/identity/v3/auth/tokens 0.085s
2025-11-19 05:24:27.658 67338 INFO tempest.lib.common.rest_client [req-3c4219fa-e5fc-4ff1-9bf5-0fb1c69319a5 req-3c4219fa-e5fc-4ff1-9bf5-0fb1c69319a5 ] Request (ServerDiagnosticsV248Test:tearDownClass): 200 GET http://10.180.1.21/compute/v2.1/servers/328a57bf-248c-4e32-b49f-817808dad892 8.847s
2025-11-19 05:24:27.672 67338 INFO tempest.common.waiters [-] State transition "ACTIVE/deleting" ==> "DELETED/None" after 10 second wait
2025-11-19 05:24:27.722 67304 INFO tempest.lib.common.rest_client [req-b878fdce-59a0-4def-b94c-7f4fc0376df6 req-b878fdce-59a0-4def-b94c-7f4fc0376df6 ] Request (MigrationsAdminTest:test_list_migrations_in_flavor_resize_situation): 200 POST http://10.180.1.21/compute/v2.1/os-keypairs 7.529s
2025-11-19 05:24:27.830 67310 INFO tempest.lib.common.rest_client [req-b816b239-1756-4201-ac66-c6a3ac5ab8a8 req-b816b239-1756-4201-ac66-c6a3ac5ab8a8 ] Request (AttachInterfacesV270Test:setUpClass): 200 PUT http://10.180.1.21/networking/v2.0/routers/d4c7c6d1-26ad-4313-896a-f6b08899aac1/add_router_interface 1.629s
2025-11-19 05:24:27.831 67310 INFO tempest.lib.common.dynamic_creds [-] Created isolated network resources for: credentials: Credentials: {'domain_id': 'default', 'domain_name': 'Default', 'username': 'tempest-AttachInterfacesV270Test-837607725-project-member', 'project_domain_id': 'default', 'project_domain_name': 'Default', 'project_id': '17cb901139294b70a937237ad136dca8', 'project_name': 'tempest-AttachInterfacesV270Test-837607725', 'tenant_id': '17cb901139294b70a937237ad136dca8', 'tenant_name': 'tempest-AttachInterfacesV270Test-837607725', 'user_domain_id': 'default', 'user_domain_name': 'Default', 'user_id': '657898bc0fef456a942bc90ab114521c', 'system': None}, Network: {'id': '7c0bf2bb-5411-4551-8dee-edcf84e63a2f', 'name': 'tempest-AttachInterfacesV270Test-739470713-network', 'tenant_id': '17cb901139294b70a937237ad136dca8', 'project_id': '17cb901139294b70a937237ad136dca8', 'admin_state_up': True, 'mtu': 8950, 'status': 'ACTIVE', 'subnets': [], 'shared': False, 'port_security_enabled': True, 'router:external': False, 'provider:network_type': 'vlan', 'provider:physical_network': 'default', 'provider:segmentation_id': 631, 'availability_zone_hints': [], 'availability_zones': [], 'ipv4_address_scope': None, 'ipv6_address_scope': None, 'description': '', 'tags': [], 'created_at': '2025-11-19T05:24:24Z', 'updated_at': '2025-11-19T05:24:24Z', 'revision_number': 1}, Subnet: {'id': '9ef3c61e-1171-4499-b6ec-dd7c989c8706', 'name': 'tempest-AttachInterfacesV270Test-739470713-subnet', 'tenant_id': '17cb901139294b70a937237ad136dca8', 'network_id': '7c0bf2bb-5411-4551-8dee-edcf84e63a2f', 'ip_version': 4, 'subnetpool_id': None, 'enable_dhcp': True, 'ipv6_ra_mode': None, 'ipv6_address_mode': None, 'gateway_ip': '192.168.128.1', 'cidr': '192.168.128.0/28', 'allocation_pools': [{'start': '192.168.128.2', 'end': '192.168.128.14'}], 'host_routes': [], 'dns_nameservers': [], 'description': '', 'router:external': False, 'service_types': [], 'tags': [], 'created_at': '2025-11-19T05:24:25Z', 'updated_at': '2025-11-19T05:24:25Z', 'revision_number': 0, 'project_id': '17cb901139294b70a937237ad136dca8'}, Router: {'id': 'd4c7c6d1-26ad-4313-896a-f6b08899aac1', 'name': 'tempest-AttachInterfacesV270Test-739470713-router', 'tenant_id': '17cb901139294b70a937237ad136dca8', 'admin_state_up': True, 'status': 'ACTIVE', 'external_gateway_info': {'network_id': '5beb6694-e7dc-412c-8110-4018b6d9738b', 'external_fixed_ips': [{'subnet_id': 'b6d4d349-d309-4ccf-aa8d-38fcb138e375', 'ip_address': '10.180.180.164'}], 'enable_snat': True}, 'description': '', 'availability_zones': [], 'distributed': False, 'ha': False, 'availability_zone_hints': [], 'routes': [], 'flavor_id': None, 'tags': [], 'created_at': '2025-11-19T05:24:25Z', 'updated_at': '2025-11-19T05:24:25Z', 'revision_number': 2, 'project_id': '17cb901139294b70a937237ad136dca8'}
2025-11-19 05:24:27.924 67310 INFO tempest.lib.common.rest_client [req-e405e196-b190-4901-82cc-abea94cfcad1 req-e405e196-b190-4901-82cc-abea94cfcad1 ] Request (AttachInterfacesV270Test:setUpClass): 201 POST http://10.180.1.21/identity/v3/auth/tokens 0.089s
2025-11-19 05:24:27.975 67310 INFO tempest.lib.common.rest_client [req-07c5a01e-7e26-4185-b019-88be8ac39033 req-07c5a01e-7e26-4185-b019-88be8ac39033 ] Request (AttachInterfacesV270Test:test_create_get_list_interfaces): 201 POST http://10.180.1.21/identity/v3/auth/tokens 0.047s
2025-11-19 05:24:27.975 67310 INFO tempest.lib.common.fixed_network [-] (AttachInterfacesV270Test:test_create_get_list_interfaces) Found network {'id': '7c0bf2bb-5411-4551-8dee-edcf84e63a2f', 'name': 'tempest-AttachInterfacesV270Test-739470713-network', 'tenant_id': '17cb901139294b70a937237ad136dca8', 'project_id': '17cb901139294b70a937237ad136dca8', 'admin_state_up': True, 'mtu': 8950, 'status': 'ACTIVE', 'subnets': [], 'shared': False, 'port_security_enabled': True, 'router:external': False, 'provider:network_type': 'vlan', 'provider:physical_network': 'default', 'provider:segmentation_id': 631, 'availability_zone_hints': [], 'availability_zones': [], 'ipv4_address_scope': None, 'ipv6_address_scope': None, 'description': '', 'tags': [], 'created_at': '2025-11-19T05:24:24Z', 'updated_at': '2025-11-19T05:24:24Z', 'revision_number': 1} available for tenant
2025-11-19 05:24:27.988 67334 INFO tempest.lib.common.rest_client [req-bb901837-f1a1-480a-8aea-743b3360e849 req-bb901837-f1a1-480a-8aea-743b3360e849 ] Request (ImagesTestJSON:test_create_image_from_suspended_server): 200 GET http://10.180.1.21/compute/v2.1/servers/f60fd43b-52db-4f41-826b-b16f71bddaa5 9.025s
2025-11-19 05:24:27.996 67334 INFO tempest.common.waiters [-] State transition "ACTIVE/suspending" ==> "SUSPENDED/None" after 10 second wait
2025-11-19 05:24:28.095 67304 INFO tempest.lib.common.rest_client [req-747274cc-4839-4108-9c6b-893efe24e804 req-747274cc-4839-4108-9c6b-893efe24e804 ] Request (MigrationsAdminTest:test_list_migrations_in_flavor_resize_situation): 201 POST http://10.180.1.21/networking/v2.0/security-groups 0.371s
2025-11-19 05:24:28.124 67332 INFO tempest.lib.common.rest_client [req-524a3fe9-3e73-4de7-9c4f-b4edd8e87e20 req-524a3fe9-3e73-4de7-9c4f-b4edd8e87e20 ] Request (ServerMetadataTestJSON:tearDownClass): 200 GET http://10.180.1.21/compute/v2.1/servers/5429622f-3f32-4a33-b63f-827c66ccab8e 6.970s
2025-11-19 05:24:28.132 67332 INFO tempest.common.waiters [-] State transition "ACTIVE/deleting" ==> "DELETED/None" after 8 second wait
2025-11-19 05:24:28.134 67308 INFO tempest.lib.common.rest_client [req-bf348d8a-7ba4-41ac-b302-6f22d2e1f053 req-bf348d8a-7ba4-41ac-b302-6f22d2e1f053 ] Request (InstanceActionsNegativeTestJSON:setUpClass): 200 GET http://10.180.1.21/compute/v2.1/servers/825ce62c-f34c-4013-98e0-de5c7a8a6b1b 5.824s
2025-11-19 05:24:28.161 67286 INFO tempest.lib.common.rest_client [-] Request (TestVersions:test_get_version_details): 200 GET http://10.180.1.21/compute/ 5.031s
2025-11-19 05:24:28.217 67304 INFO tempest.lib.common.rest_client [req-7a4edd57-0b7d-4e12-8f1a-a691885e6309 req-7a4edd57-0b7d-4e12-8f1a-a691885e6309 ] Request (MigrationsAdminTest:test_list_migrations_in_flavor_resize_situation): 201 POST http://10.180.1.21/networking/v2.0/security-group-rules 0.121s
2025-11-19 05:24:28.279 67330 INFO tempest.lib.common.rest_client [req-c5d05d98-bb7d-48c3-a16a-7e2cf4723e12 req-c5d05d98-bb7d-48c3-a16a-7e2cf4723e12 ] Request (ServersAdmin275Test:_run_cleanups): 200 GET http://10.180.1.21/compute/v2.1/servers/4efafb7e-d48b-453b-9aba-95e585f38a85 4.972s
2025-11-19 05:24:28.290 67330 INFO tempest.common.waiters [-] State transition "REBUILD/rebuild_spawning" ==> "ACTIVE/None" after 12 second wait
2025-11-19 05:24:28.365 67304 INFO tempest.lib.common.rest_client [req-f4e14576-c01e-4ef0-b158-708720aec607 req-f4e14576-c01e-4ef0-b158-708720aec607 ] Request (MigrationsAdminTest:test_list_migrations_in_flavor_resize_situation): 201 POST http://10.180.1.21/networking/v2.0/security-group-rules 0.147s
2025-11-19 05:24:28.547 67294 INFO tempest.lib.common.rest_client [req-c662bef9-d2ba-48b7-9283-488289a09242 req-c662bef9-d2ba-48b7-9283-488289a09242 ] Request (ServersTestJSON:_run_cleanups): 204 DELETE http://10.180.1.21/compute/v2.1/servers/237dc2ae-a1db-4378-95f2-911696673c91 5.103s
2025-11-19 05:24:28.927 67304 INFO tempest.lib.common.rest_client [req-44d11a21-5972-4cfc-8355-3f37fc50bad3 req-44d11a21-5972-4cfc-8355-3f37fc50bad3 ] Request (MigrationsAdminTest:test_list_migrations_in_flavor_resize_situation): 201 POST http://10.180.1.21/networking/v2.0/floatingips 0.562s
2025-11-19 05:24:29.001 67316 INFO tempest.lib.common.rest_client [req-bbd28a5b-3ffa-4cbf-84b5-8328f2fb1515 req-bbd28a5b-3ffa-4cbf-84b5-8328f2fb1515 ] Request (ServerDiskConfigTestJSON:test_rebuild_server_with_manual_disk_config): 200 GET http://10.180.1.21/compute/v2.1/servers/12dc581e-8f3f-4555-a6ed-8b766bda8192 5.134s
2025-11-19 05:24:29.379 67284 INFO tempest.lib.common.rest_client [req-ec280e78-66b0-4987-aee4-f7e3973f3964 req-ec280e78-66b0-4987-aee4-f7e3973f3964 ] Request (FloatingIPsAssociationTestJSON:tearDownClass): 202 DELETE http://10.180.1.21/compute/v2.1/os-floating-ips/c6210cb3-ce05-48bc-a5a6-89ea2ffab921 7.060s
2025-11-19 05:24:29.554 67288 INFO tempest.lib.common.rest_client [req-a5771057-805b-4d39-99e8-3f7f9a27916a req-a5771057-805b-4d39-99e8-3f7f9a27916a ] Request (ImagesOneServerNegativeTestJSON:test_create_second_image_when_first_image_is_being_saved): 202 POST http://10.180.1.21/compute/v2.1/servers/b56a2a54-7e5d-48aa-b158-77cc1099f07a/action 5.560s
2025-11-19 05:24:29.558 67300 INFO tempest.lib.common.rest_client [req-70df6f15-a665-42ae-88da-7cbf2a3359d7 req-70df6f15-a665-42ae-88da-7cbf2a3359d7 ] Request (KeyPairsV22TestJSON:test_get_keypair_detail): 201 POST http://10.180.1.21/compute/v2.1/os-keypairs 5.566s
2025-11-19 05:24:29.575 67302 INFO tempest.lib.common.rest_client [req-b4d3d3ba-f919-4924-b8e1-ca3feef11af4 req-b4d3d3ba-f919-4924-b8e1-ca3feef11af4 ] Request (FlavorsAdminTestJSON:test_is_public_string_variations): 200 GET http://10.180.1.21/compute/v2.1/flavors/detail?is_public=0 5.536s
2025-11-19 05:24:29.599 67314 INFO tempest.lib.common.rest_client [req-a057422b-c9be-4a72-ba53-11caa663fc44 req-a057422b-c9be-4a72-ba53-11caa663fc44 ] Request (AggregatesAdminNegativeTestJSON:_run_cleanups): 200 DELETE http://10.180.1.21/compute/v2.1/os-aggregates/7 5.191s
2025-11-19 05:24:29.646 67342 WARNING tempest.lib.common.ssh [-] Failed to establish authenticated ssh connection to cirros@10.180.180.186 ([Errno None] Unable to connect to port 22 on 10.180.180.186). Number attempts: 8. Retry after 9 seconds.: paramiko.ssh_exception.NoValidConnectionsError: [Errno None] Unable to connect to port 22 on 10.180.180.186
2025-11-19 05:24:29.659 67322 INFO tempest.lib.common.rest_client [req-132a803c-30e5-4ea1-ba64-9c3b36f1c95f req-132a803c-30e5-4ea1-ba64-9c3b36f1c95f ] Request (AttachInterfacesUnderV243Test:_run_cleanups): 204 DELETE http://10.180.1.21/compute/v2.1/servers/43a65098-7ec6-4eb6-95aa-975eb754c810 5.639s
2025-11-19 05:24:29.693 67298 INFO tempest.lib.common.rest_client [req-216a8104-7ab6-4e28-aa69-9897bd8be340 req-216a8104-7ab6-4e28-aa69-9897bd8be340 ] Request (ServerMetadataNegativeTestJSON:tearDownClass): 204 DELETE http://10.180.1.21/compute/v2.1/servers/83ee9993-3077-4c2a-ac85-14a24a3c12b0 5.284s
2025-11-19 05:24:29.728 67318 INFO tempest.lib.common.rest_client [req-98055ba6-a5d5-44ba-b673-c3847eded0d6 req-98055ba6-a5d5-44ba-b673-c3847eded0d6 ] Request (ServerAddressesNegativeTestJSON:tearDownClass): 200 GET http://10.180.1.21/compute/v2.1/servers/a3c60eda-70e5-4daf-a3ec-0ca48791bd31 5.090s
2025-11-19 05:24:29.785 67326 INFO tempest.lib.common.rest_client [req-0508f956-c768-4b80-80e1-20c271d97e02 req-0508f956-c768-4b80-80e1-20c271d97e02 ] Request (ListServerFiltersTestJSON:test_list_servers_filter_by_shutoff_status): 200 GET http://10.180.1.21/compute/v2.1/servers?status=shutoff 4.932s
2025-11-19 05:24:29.807 67340 INFO tempest.lib.common.rest_client [req-fba01ae9-ae16-43da-b821-c26795c3fc46 req-fba01ae9-ae16-43da-b821-c26795c3fc46 ] Request (DeleteServersTestJSON:test_delete_active_server): 204 DELETE http://10.180.1.21/compute/v2.1/servers/0432a314-2b00-4213-95e1-312f4235e065 4.890s
2025-11-19 05:24:29.841 67324 INFO tempest.lib.common.rest_client [req-3338b31f-741a-4c97-b72e-32485d23dc3e req-3338b31f-741a-4c97-b72e-32485d23dc3e ] Request (ImagesOneServerTestJSON:test_create_image_specify_multibyte_character_image_name): 200 GET http://10.180.1.21/compute/v2.1/images/e7fae597-ca80-4013-8afc-d14d95bc2230 3.932s
2025-11-19 05:24:29.892 67320 INFO tempest.lib.common.rest_client [req-52009f88-e55d-4b46-ae6b-779427b09595 req-52009f88-e55d-4b46-ae6b-779427b09595 ] Request (ServersAdminTestJSON:setUpClass): 200 GET http://10.180.1.21/compute/v2.1/servers/87d92e31-8cd6-4109-839b-786c6ffc9d50 4.036s
2025-11-19 05:24:29.895 67344 INFO tempest.lib.common.rest_client [req-80f76e7e-25c2-4363-a4a9-bf0a0a38e0ab req-80f76e7e-25c2-4363-a4a9-bf0a0a38e0ab ] Request (ServerExternalEventsTest:tearDownClass): 200 GET http://10.180.1.21/compute/v2.1/servers/b3ecaaf7-c198-4c9c-965e-ead4abc9cead 3.400s
2025-11-19 05:24:29.996 67320 INFO tempest.lib.common.rest_client [req-1e4d9766-f138-4c7e-9dc3-92d2ce92fbc2 req-1e4d9766-f138-4c7e-9dc3-92d2ce92fbc2 ] Request (ServersAdminTestJSON:test_create_server_with_scheduling_hint): 201 POST http://10.180.1.21/identity/v3/auth/tokens 0.092s
2025-11-19 05:24:29.997 67320 INFO tempest.lib.common.fixed_network [-] (ServersAdminTestJSON:test_create_server_with_scheduling_hint) Found network {'id': 'ec538911-7982-4be2-b7a4-d9b5b65ca6e2', 'name': 'tempest-ServersAdminTestJSON-1233372197-network', 'tenant_id': 'b7c52aaf486c49bd95be64ece729b0a4', 'project_id': 'b7c52aaf486c49bd95be64ece729b0a4', 'admin_state_up': True, 'mtu': 8950, 'status': 'ACTIVE', 'subnets': [], 'shared': False, 'port_security_enabled': True, 'router:external': False, 'provider:network_type': 'vlan', 'provider:physical_network': 'default', 'provider:segmentation_id': 12, 'availability_zone_hints': [], 'availability_zones': [], 'ipv4_address_scope': None, 'ipv6_address_scope': None, 'description': '', 'tags': [], 'created_at': '2025-11-19T05:23:34Z', 'updated_at': '2025-11-19T05:23:34Z', 'revision_number': 1} available for tenant
2025-11-19 05:24:30.027 67328 INFO tempest.lib.common.rest_client [req-96d77686-0b01-4dc0-96aa-eb9bfaf04483 req-96d77686-0b01-4dc0-96aa-eb9bfaf04483 ] Request (ServerRescueTestJSON:setUpClass): 200 GET http://10.180.1.21/compute/v2.1/servers/89ce42de-c27c-4f22-a023-a714e6b54232 3.107s
2025-11-19 05:24:30.037 67328 INFO tempest.common.waiters [-] State transition "BUILD/None" ==> "BUILD/spawning" after 15 second wait
2025-11-19 05:24:30.117 67292 INFO tempest.lib.common.rest_client [req-172a4c4b-7bb6-42a5-a975-ae79f810975c req-172a4c4b-7bb6-42a5-a975-ae79f810975c ] Request (ServersNegativeTestJSON:setUpClass): 204 DELETE http://10.180.1.21/compute/v2.1/servers/9a7a0cbe-e4e5-46a8-9ca5-fb6a52faa376 3.128s
2025-11-19 05:24:30.141 67296 INFO tempest.lib.common.rest_client [req-f69979f5-7cd7-47a1-9e72-3b370ad44ca7 req-f69979f5-7cd7-47a1-9e72-3b370ad44ca7 ] Request (VolumesAssistedSnapshotsTest:test_volume_assisted_snapshot_create_delete): 204 DELETE http://10.180.1.21/compute/v2.1/os-assisted-volume-snapshots/None?delete_info=%7B%22volume_id%22%3A+%22a5466c64-7c98-42cc-b82c-846d5864ba65%22%7D 2.927s
2025-11-19 05:24:30.182 67296 INFO tempest.lib.common.rest_client [req-5e5b8f23-096f-46b9-8f0c-a943a28a65d3 req-5e5b8f23-096f-46b9-8f0c-a943a28a65d3 ] Request (VolumesAssistedSnapshotsTest:_run_cleanups): 200 GET http://10.180.1.21/volume/v3/volumes/a5466c64-7c98-42cc-b82c-846d5864ba65 0.040s
2025-11-19 05:24:30.190 67336 INFO tempest.lib.common.rest_client [req-f9f1cb95-5836-4440-9131-09ad52ac043b req-f9f1cb95-5836-4440-9131-09ad52ac043b ] Request (FlavorsV2TestJSON:test_get_flavor): 200 GET http://10.180.1.21/compute/v2.1/flavors/42 2.709s
2025-11-19 05:24:30.338 67312 INFO tempest.lib.common.rest_client [req-f5225c5a-f95f-49dd-8bd3-300995f249ad req-f5225c5a-f95f-49dd-8bd3-300995f249ad ] Request (InstanceActionsV221TestJSON:test_get_list_deleted_instance_actions): 202 POST http://10.180.1.21/compute/v2.1/servers 3.442s
2025-11-19 05:24:30.559 67310 INFO tempest.lib.common.rest_client [req-c15e486e-6c6d-41fa-b415-7f4b506c882f req-c15e486e-6c6d-41fa-b415-7f4b506c882f ] Request (AttachInterfacesV270Test:test_create_get_list_interfaces): 202 POST http://10.180.1.21/compute/v2.1/servers 2.582s
2025-11-19 05:24:30.741 67346 INFO tempest.lib.common.rest_client [req-138e4ed3-87b8-4ea3-83ce-34fb35d5f6d8 req-138e4ed3-87b8-4ea3-83ce-34fb35d5f6d8 ] Request (FloatingIPsAssociationNegativeTestJSON:setUpClass): 200 GET http://10.180.1.21/compute/v2.1/servers/9f2a2e80-3ac0-4cfe-9b4d-df621cce554e 2.730s
2025-11-19 05:24:30.750 67286 INFO tempest.lib.common.rest_client [req-5b717fe4-a05d-4b1f-8ae7-e2d4bb3dde48 req-5b717fe4-a05d-4b1f-8ae7-e2d4bb3dde48 ] Request (TestVersions:test_get_version_details): 200 GET http://10.180.1.21/compute/v2/ 2.587s
2025-11-19 05:24:30.898 67330 INFO tempest.lib.common.rest_client [req-6144fe0d-962e-48ee-a929-ed7874bc715e req-6144fe0d-962e-48ee-a929-ed7874bc715e ] Request (ServersAdmin275Test:tearDownClass): 204 DELETE http://10.180.1.21/compute/v2.1/servers/4efafb7e-d48b-453b-9aba-95e585f38a85 2.607s
2025-11-19 05:24:30.936 67334 INFO tempest.lib.common.rest_client [req-e1b3d487-0539-4842-9f43-be4f98b3c0b6 req-e1b3d487-0539-4842-9f43-be4f98b3c0b6 ] Request (ImagesTestJSON:test_create_image_from_suspended_server): 202 POST http://10.180.1.21/compute/v2.1/servers/f60fd43b-52db-4f41-826b-b16f71bddaa5/action 2.940s
2025-11-19 05:24:30.944 67294 INFO tempest.lib.common.rest_client [req-59c13cbe-1e62-4782-a774-82de2e3417c7 req-59c13cbe-1e62-4782-a774-82de2e3417c7 ] Request (ServersTestJSON:_run_cleanups): 404 GET http://10.180.1.21/compute/v2.1/servers/237dc2ae-a1db-4378-95f2-911696673c91 2.396s
2025-11-19 05:24:30.976 67304 INFO tempest.lib.common.rest_client [req-b2935d7d-bb6f-454b-958e-231406a27467 req-b2935d7d-bb6f-454b-958e-231406a27467 ] Request (MigrationsAdminTest:test_list_migrations_in_flavor_resize_situation): 200 GET http://10.180.1.21/compute/v2.1/os-migrations 2.047s
2025-11-19 05:24:31.071 67338 INFO tempest.lib.common.rest_client [req-1dfd3a74-e5e6-469b-95f3-310dd9fbcd5c req-1dfd3a74-e5e6-469b-95f3-310dd9fbcd5c ] Request (ServerDiagnosticsV248Test:tearDownClass): 200 GET http://10.180.1.21/compute/v2.1/servers/328a57bf-248c-4e32-b49f-817808dad892 2.397s
2025-11-19 05:24:31.077 67294 INFO tempest.lib.common.rest_client [req-e9b6e95e-07cc-4d54-9de8-cf5e2bde8808 req-e9b6e95e-07cc-4d54-9de8-cf5e2bde8808 ] Request (ServersTestJSON:test_create_server_with_ipv6_addr_only): 201 POST http://10.180.1.21/identity/v3/auth/tokens 0.122s
2025-11-19 05:24:31.078 67294 INFO tempest.lib.common.fixed_network [-] (ServersTestJSON:test_create_server_with_ipv6_addr_only) Found network {'id': 'fbbf507e-a98d-4c0e-897d-85f6ba20af93', 'name': 'tempest-ServersTestJSON-281194137-network', 'tenant_id': '0ad6b399072e44998edcee45f162605c', 'project_id': '0ad6b399072e44998edcee45f162605c', 'admin_state_up': True, 'mtu': 8950, 'status': 'ACTIVE', 'subnets': [], 'shared': False, 'port_security_enabled': True, 'router:external': False, 'provider:network_type': 'vlan', 'provider:physical_network': 'default', 'provider:segmentation_id': 569, 'availability_zone_hints': [], 'availability_zones': [], 'ipv4_address_scope': None, 'ipv6_address_scope': None, 'description': '', 'tags': [], 'created_at': '2025-11-19T05:23:43Z', 'updated_at': '2025-11-19T05:23:43Z', 'revision_number': 1} available for tenant
2025-11-19 05:24:31.103 67332 INFO tempest.lib.common.rest_client [req-e58677a7-9893-4c73-9706-4ccfda3a41bf req-e58677a7-9893-4c73-9706-4ccfda3a41bf ] Request (ServerMetadataTestJSON:tearDownClass): 200 GET http://10.180.1.21/compute/v2.1/servers/5429622f-3f32-4a33-b63f-827c66ccab8e 1.970s
2025-11-19 05:24:31.208 67284 INFO tempest.lib.common.rest_client [req-d1611006-9126-4d44-aeb6-e258df150ba5 req-d1611006-9126-4d44-aeb6-e258df150ba5 ] Request (FloatingIPsAssociationTestJSON:tearDownClass): 204 DELETE http://10.180.1.21/compute/v2.1/servers/84eeeb4b-5416-47d7-97b6-5a21783528a4 1.828s
2025-11-19 05:24:31.232 67308 INFO tempest.lib.common.rest_client [req-790a096b-33ae-4bd7-bcf6-ae89555f7447 req-790a096b-33ae-4bd7-bcf6-ae89555f7447 ] Request (InstanceActionsNegativeTestJSON:setUpClass): 200 GET http://10.180.1.21/compute/v2.1/servers/825ce62c-f34c-4013-98e0-de5c7a8a6b1b 2.088s
2025-11-19 05:24:31.246 67308 INFO tempest.common.waiters [-] State transition "BUILD/None" ==> "BUILD/block_device_mapping" after 15 second wait
2025-11-19 05:24:31.258 67300 INFO tempest.lib.common.rest_client [req-1f797c73-b113-4ca1-8d28-49565ebfafe5 req-1f797c73-b113-4ca1-8d28-49565ebfafe5 ] Request (KeyPairsV22TestJSON:test_get_keypair_detail): 200 GET http://10.180.1.21/compute/v2.1/os-keypairs/tempest-keypair-73692494 1.697s
2025-11-19 05:24:31.264 67288 INFO tempest.lib.common.rest_client [req-1a05da45-aa83-4564-b644-47f3da13ae9e req-1a05da45-aa83-4564-b644-47f3da13ae9e ] Request (ImagesOneServerNegativeTestJSON:test_create_second_image_when_first_image_is_being_saved): 409 POST http://10.180.1.21/compute/v2.1/servers/b56a2a54-7e5d-48aa-b158-77cc1099f07a/action 1.708s
2025-11-19 05:24:31.291 67302 INFO tempest.lib.common.rest_client [req-6b440435-131e-403a-9729-13daa6e0d57f req-6b440435-131e-403a-9729-13daa6e0d57f ] Request (FlavorsAdminTestJSON:test_is_public_string_variations): 200 GET http://10.180.1.21/compute/v2.1/flavors/detail?is_public=t 1.712s
2025-11-19 05:24:31.302 67314 INFO tempest.lib.common.rest_client [req-8f2bb3f7-7ee3-4882-ad33-69c22e30ef72 req-8f2bb3f7-7ee3-4882-ad33-69c22e30ef72 ] Request (AggregatesAdminNegativeTestJSON:test_aggregate_remove_nonexistent_host): 200 POST http://10.180.1.21/compute/v2.1/os-aggregates 1.701s
2025-11-19 05:24:31.332 67290 INFO tempest.lib.common.rest_client [req-2c9da72a-b4fc-425e-b5df-b3d8c0916804 req-2c9da72a-b4fc-425e-b5df-b3d8c0916804 ] Request (HostsAdminTestJSON:test_list_hosts_with_zone): 200 GET http://10.180.1.21/compute/v2.1/os-hosts 1.650s
2025-11-19 05:24:31.553 67322 INFO tempest.lib.common.rest_client [req-0542f340-6a09-4f4b-81da-69f295eff6ae req-0542f340-6a09-4f4b-81da-69f295eff6ae ] Request (AttachInterfacesUnderV243Test:_run_cleanups): 200 GET http://10.180.1.21/compute/v2.1/servers/43a65098-7ec6-4eb6-95aa-975eb754c810 1.893s
2025-11-19 05:24:31.575 67298 INFO tempest.lib.common.rest_client [req-d53c0a53-b457-4443-a3f3-3d9e559dcd39 req-d53c0a53-b457-4443-a3f3-3d9e559dcd39 ] Request (ServerMetadataNegativeTestJSON:tearDownClass): 200 GET http://10.180.1.21/compute/v2.1/servers/83ee9993-3077-4c2a-ac85-14a24a3c12b0 1.882s
2025-11-19 05:24:31.616 67326 INFO tempest.lib.common.rest_client [req-f0856a29-9552-4e36-9b4b-25bfb8c10547 req-f0856a29-9552-4e36-9b4b-25bfb8c10547 ] Request (ListServerFiltersTestJSON:test_list_servers_filter_by_shutoff_status): 202 POST http://10.180.1.21/compute/v2.1/servers/bb47e7ef-aeaa-4006-9879-f6863101bbc8/action 1.829s
2025-11-19 05:24:31.797 67340 INFO tempest.lib.common.rest_client [req-fdccf0c9-cc14-42b5-9d03-b54c240ae97f req-fdccf0c9-cc14-42b5-9d03-b54c240ae97f ] Request (DeleteServersTestJSON:test_delete_active_server): 200 GET http://10.180.1.21/compute/v2.1/servers/0432a314-2b00-4213-95e1-312f4235e065 1.989s
2025-11-19 05:24:31.885 67316 INFO tempest.lib.common.rest_client [req-0b911d45-be1a-42bb-8e21-8bb81bcabe7a req-0b911d45-be1a-42bb-8e21-8bb81bcabe7a ] Request (ServerDiskConfigTestJSON:test_rebuild_server_with_manual_disk_config): 200 GET http://10.180.1.21/compute/v2.1/servers/12dc581e-8f3f-4555-a6ed-8b766bda8192 1.876s
2025-11-19 05:24:32.080 67320 INFO tempest.lib.common.rest_client [req-4128f492-7484-4314-82e4-adae61a3c543 req-4128f492-7484-4314-82e4-adae61a3c543 ] Request (ServersAdminTestJSON:test_create_server_with_scheduling_hint): 202 POST http://10.180.1.21/compute/v2.1/servers 2.082s
2025-11-19 05:24:32.318 67296 INFO tempest.lib.common.rest_client [req-a008d342-f07d-499c-ba5f-ad919c7e7e5c req-a008d342-f07d-499c-ba5f-ad919c7e7e5c ] Request (VolumesAssistedSnapshotsTest:_run_cleanups): 202 DELETE http://10.180.1.21/compute/v2.1/servers/1aadedce-2ee8-41af-8bc0-d67ab6356824/os-volume_attachments/a5466c64-7c98-42cc-b82c-846d5864ba65 2.127s
2025-11-19 05:24:32.343 67336 INFO tempest.lib.common.rest_client [req-3e99e94b-0df3-49a3-bf53-79f6e03e90ef req-3e99e94b-0df3-49a3-bf53-79f6e03e90ef ] Request (FlavorsV2TestJSON:test_list_flavors): 200 GET http://10.180.1.21/compute/v2.1/flavors 2.148s
2025-11-19 05:24:32.898 67292 INFO tempest.lib.common.rest_client [req-e23743dc-bca7-4a49-b295-9f3e8ae600b9 req-e23743dc-bca7-4a49-b295-9f3e8ae600b9 ] Request (ServersNegativeTestJSON:setUpClass): 200 GET http://10.180.1.21/compute/v2.1/servers/9a7a0cbe-e4e5-46a8-9ca5-fb6a52faa376 2.780s
2025-11-19 05:24:33.010 67312 INFO tempest.lib.common.rest_client [req-9724c4cc-afdf-494b-a7ed-f126d1b1d56e req-9724c4cc-afdf-494b-a7ed-f126d1b1d56e ] Request (InstanceActionsV221TestJSON:test_get_list_deleted_instance_actions): 200 GET http://10.180.1.21/compute/v2.1/servers/5560f636-63b7-42e9-8a90-77353ae29ee9 2.670s
2025-11-19 05:24:33.168 67310 INFO tempest.lib.common.rest_client [req-53c12ef2-42c4-4449-8432-ec92bc6f986f req-53c12ef2-42c4-4449-8432-ec92bc6f986f ] Request (AttachInterfacesV270Test:test_create_get_list_interfaces): 200 GET http://10.180.1.21/compute/v2.1/servers/81462696-e07e-4236-a5b2-c5e893afa56d 2.604s
2025-11-19 05:24:33.169 67286 INFO tempest.lib.common.rest_client [req-e6397f18-eb7d-4c67-9e77-1e3f4b9dbb7a req-e6397f18-eb7d-4c67-9e77-1e3f4b9dbb7a ] Request (TestVersions:test_get_version_details): 200 GET http://10.180.1.21/compute/v2.1/ 2.417s
2025-11-19 05:24:33.217 67324 INFO tempest.lib.common.rest_client [req-6555a439-dba0-4b23-8445-7dad34768023 req-6555a439-dba0-4b23-8445-7dad34768023 ] Request (ImagesOneServerTestJSON:test_create_image_specify_multibyte_character_image_name): 200 GET http://10.180.1.21/compute/v2.1/images/e7fae597-ca80-4013-8afc-d14d95bc2230 2.368s
2025-11-19 05:24:33.253 67318 INFO tempest.lib.common.rest_client [req-498663ee-1df5-4411-96fa-e098142ae040 req-498663ee-1df5-4411-96fa-e098142ae040 ] Request (ServerAddressesNegativeTestJSON:tearDownClass): 200 GET http://10.180.1.21/compute/v2.1/servers/a3c60eda-70e5-4daf-a3ec-0ca48791bd31 2.517s
2025-11-19 05:24:33.280 67344 INFO tempest.lib.common.rest_client [req-cfe415b4-8406-4071-9085-7f6dc9b68907 req-cfe415b4-8406-4071-9085-7f6dc9b68907 ] Request (ServerExternalEventsTest:tearDownClass): 404 GET http://10.180.1.21/compute/v2.1/servers/b3ecaaf7-c198-4c9c-965e-ead4abc9cead 2.376s
2025-11-19 05:24:33.328 67334 INFO tempest.lib.common.rest_client [req-35c13ff7-b5d8-41e2-961d-5429292442cc req-35c13ff7-b5d8-41e2-961d-5429292442cc ] Request (ImagesTestJSON:test_create_image_from_suspended_server): 200 GET http://10.180.1.21/compute/v2.1/images/5c59a4a4-cd6b-4510-9618-3ae2de130b07 2.386s
2025-11-19 05:24:33.351 67304 INFO tempest.lib.common.rest_client [req-ff6f416f-0959-482d-bd69-3eac54757326 req-ff6f416f-0959-482d-bd69-3eac54757326 ] Request (MigrationsAdminTest:test_resize_server_revert_deleted_flavor): 200 GET http://10.180.1.21/compute/v2.1/flavors/42 2.366s
2025-11-19 05:24:33.456 67344 INFO tempest.lib.common.rest_client [req-631910bf-99c7-4f2c-9b5a-3d13e874cde3 req-631910bf-99c7-4f2c-9b5a-3d13e874cde3 ] Request (ServerExternalEventsTest:tearDownClass): 204 DELETE http://10.180.1.21/identity/v3/users/3a70cf26273f46749bce959b5478bb9d 0.175s
2025-11-19 05:24:33.525 67330 INFO tempest.lib.common.rest_client [req-bcc01da2-53fc-4510-b382-ab9cd4235c41 req-bcc01da2-53fc-4510-b382-ab9cd4235c41 ] Request (ServersAdmin275Test:tearDownClass): 200 GET http://10.180.1.21/compute/v2.1/servers/4efafb7e-d48b-453b-9aba-95e585f38a85 2.626s
2025-11-19 05:24:33.621 67344 INFO tempest.lib.common.rest_client [req-e0d0e0c4-a79e-4b92-b364-86a57c320330 req-e0d0e0c4-a79e-4b92-b364-86a57c320330 ] Request (ServerExternalEventsTest:tearDownClass): 204 DELETE http://10.180.1.21/identity/v3/users/d4e531f02cc74a2ca071a3dbd09e4b88 0.164s
2025-11-19 05:24:33.690 67328 INFO tempest.lib.common.rest_client [req-0ebe7043-90af-4f9e-bf7e-ec6e8237a6b6 req-0ebe7043-90af-4f9e-bf7e-ec6e8237a6b6 ] Request (ServerRescueTestJSON:setUpClass): 200 GET http://10.180.1.21/compute/v2.1/servers/89ce42de-c27c-4f22-a023-a714e6b54232 2.651s
2025-11-19 05:24:33.771 67344 INFO tempest.lib.common.rest_client [req-eae1b064-9bd1-44da-bf05-e18557488b6a req-eae1b064-9bd1-44da-bf05-e18557488b6a ] Request (ServerExternalEventsTest:tearDownClass): 204 DELETE http://10.180.1.21/identity/v3/users/cb821f6ceaa6444c8f0aec80a58af49d 0.150s
2025-11-19 05:24:33.771 67344 INFO tempest.lib.common.dynamic_creds [-] Deleting project and security group for project: 37848693c0c5416690f40f2894f81d99
2025-11-19 05:24:33.866 67344 INFO tempest.lib.common.rest_client [req-f5eb8a66-484e-42cd-bb43-5c0af0b31031 req-f5eb8a66-484e-42cd-bb43-5c0af0b31031 ] Request (ServerExternalEventsTest:tearDownClass): 201 POST http://10.180.1.21/identity/v3/auth/tokens 0.094s
2025-11-19 05:24:33.918 67284 INFO tempest.lib.common.rest_client [req-b31f5c64-0bc3-4c8b-928e-430b5a467b55 req-b31f5c64-0bc3-4c8b-928e-430b5a467b55 ] Request (FloatingIPsAssociationTestJSON:tearDownClass): 200 GET http://10.180.1.21/compute/v2.1/servers/84eeeb4b-5416-47d7-97b6-5a21783528a4 2.709s
2025-11-19 05:24:33.959 67300 INFO tempest.lib.common.rest_client [req-6ba47ab1-2f42-4c93-890f-6b88c2d2bb2b req-6ba47ab1-2f42-4c93-890f-6b88c2d2bb2b ] Request (KeyPairsV22TestJSON:_run_cleanups): 204 DELETE http://10.180.1.21/compute/v2.1/os-keypairs/tempest-keypair-73692494 2.697s
2025-11-19 05:24:34.053 67344 INFO tempest.lib.common.rest_client [req-a9b608bc-e0e0-402e-b33a-5b3b0ccf2c8c req-a9b608bc-e0e0-402e-b33a-5b3b0ccf2c8c ] Request (ServerExternalEventsTest:tearDownClass): 200 GET http://10.180.1.21/networking/v2.0/security-groups?tenant_id=37848693c0c5416690f40f2894f81d99&name=default 0.187s
2025-11-19 05:24:34.093 67288 INFO tempest.lib.common.rest_client [req-657e78a0-f960-43ed-8a71-678ebdab954d req-657e78a0-f960-43ed-8a71-678ebdab954d ] Request (ImagesOneServerNegativeTestJSON:test_create_second_image_when_first_image_is_being_saved): 204 DELETE http://10.180.1.21/compute/v2.1/images/4cc6e849-d91f-4019-b2f3-e78ef5db282b 2.828s
2025-11-19 05:24:34.120 67302 INFO tempest.lib.common.rest_client [req-3fdf1aa4-2d56-449f-aa7b-bdfea7ea9932 req-3fdf1aa4-2d56-449f-aa7b-bdfea7ea9932 ] Request (FlavorsAdminTestJSON:test_is_public_string_variations): 200 GET http://10.180.1.21/compute/v2.1/flavors/detail?is_public=true 2.822s
2025-11-19 05:24:34.162 67314 INFO tempest.lib.common.rest_client [req-d756967e-304b-493a-b38a-af9cd1a6d31c req-d756967e-304b-493a-b38a-af9cd1a6d31c ] Request (AggregatesAdminNegativeTestJSON:test_aggregate_remove_nonexistent_host): 404 POST http://10.180.1.21/compute/v2.1/os-aggregates/8/action 2.855s
2025-11-19 05:24:34.191 67290 INFO tempest.lib.common.rest_client [req-a0a0f6aa-1f88-4ca8-9e7b-21d78cc20624 req-a0a0f6aa-1f88-4ca8-9e7b-21d78cc20624 ] Request (HostsAdminTestJSON:test_list_hosts_with_zone): 200 GET http://10.180.1.21/compute/v2.1/os-hosts?zone=internal 2.857s
2025-11-19 05:24:34.253 67344 INFO tempest.lib.common.rest_client [req-659ae155-6927-4700-8aaa-19e15b2529b0 req-659ae155-6927-4700-8aaa-19e15b2529b0 ] Request (ServerExternalEventsTest:tearDownClass): 204 DELETE http://10.180.1.21/networking/v2.0/security-groups/f224771b-3e74-478f-8e84-a05495ab099b 0.199s
2025-11-19 05:24:34.256 67294 INFO tempest.lib.common.rest_client [req-5d0b5961-d923-47b3-b0f8-5e656e2a8886 req-5d0b5961-d923-47b3-b0f8-5e656e2a8886 ] Request (ServersTestJSON:test_create_server_with_ipv6_addr_only): 202 POST http://10.180.1.21/compute/v2.1/servers 3.174s
2025-11-19 05:24:34.361 67344 INFO tempest.lib.common.rest_client [req-f1b4fe43-02aa-432d-affd-a8cb970aa7f4 req-f1b4fe43-02aa-432d-affd-a8cb970aa7f4 ] Request (ServerExternalEventsTest:tearDownClass): 204 DELETE http://10.180.1.21/identity/v3/projects/37848693c0c5416690f40f2894f81d99 0.108s
2025-11-19 05:24:34.361 67344 INFO tempest.lib.common.dynamic_creds [-] Deleting project and security group for project: 6a6f48e2a62f4c8982218cb7ef57c0de
2025-11-19 05:24:34.536 67326 INFO tempest.lib.common.rest_client [req-d02c2aa1-da06-4003-b226-d8f15ecdffde req-d02c2aa1-da06-4003-b226-d8f15ecdffde ] Request (ListServerFiltersTestJSON:test_list_servers_filter_by_shutoff_status): 200 GET http://10.180.1.21/compute/v2.1/servers/bb47e7ef-aeaa-4006-9879-f6863101bbc8 2.920s
2025-11-19 05:24:34.563 67346 INFO tempest.lib.common.rest_client [req-cda343c0-ed66-4966-a345-2c1395b5211c req-cda343c0-ed66-4966-a345-2c1395b5211c ] Request (FloatingIPsAssociationNegativeTestJSON:setUpClass): 200 GET http://10.180.1.21/compute/v2.1/servers/9f2a2e80-3ac0-4cfe-9b4d-df621cce554e 2.811s
