2025-11-19 05:25:52.691 67346 INFO tempest.lib.common.rest_client [req-1f86022f-83bb-4490-a027-da37e3ee35fc req-1f86022f-83bb-4490-a027-da37e3ee35fc ] Request (FloatingIPsAssociationNegativeTestJSON:tearDownClass): 200 GET http://10.180.1.21/compute/v2.1/servers/9f2a2e80-3ac0-4cfe-9b4d-df621cce554e 0.145s
2025-11-19 05:25:52.726 67336 INFO tempest.lib.common.rest_client [req-672666b5-3e81-4ee3-a751-87c9eb802d96 req-672666b5-3e81-4ee3-a751-87c9eb802d96 ] Request (ServersNegativeTestMultiTenantJSON:setUpClass): 200 GET http://10.180.1.21/compute/v2.1/servers/dd1fd305-c2a0-4ae6-9204-36966f572206 0.156s
2025-11-19 05:25:52.785 67330 INFO tempest.lib.common.rest_client [req-511bf261-8007-482f-9c19-6b14871395de req-511bf261-8007-482f-9c19-6b14871395de ] Request (ServerActionsTestOtherB:setUpClass): 200 GET http://10.180.1.21/compute/v2.1/servers/8e71c4b2-f2b6-4fb5-81c1-2f4137733e83 0.187s
2025-11-19 05:25:52.829 67292 INFO tempest.lib.common.rest_client [req-59d07863-453d-440e-8c53-a8c86505fc15 req-59d07863-453d-440e-8c53-a8c86505fc15 ] Request (ServersNegativeTestJSON:tearDown): 200 GET http://10.180.1.21/compute/v2.1/servers/85c884f0-f4bc-4327-852f-df618418c61c 0.253s
2025-11-19 05:25:52.848 67324 INFO tempest.lib.common.rest_client [req-385a5beb-5237-499f-9dc8-30f4052fad0d req-385a5beb-5237-499f-9dc8-30f4052fad0d ] Request (SecurityGroupsTestJSON:test_list_security_groups_by_server): 200 GET http://10.180.1.21/compute/v2.1/servers/4080e8c8-b166-419f-892d-097e1dc4c70d 0.218s
2025-11-19 05:25:52.879 67316 INFO tempest.lib.common.rest_client [req-243f89a3-a5f4-4349-9b18-524e4c61369f req-243f89a3-a5f4-4349-9b18-524e4c61369f ] Request (ServerDiskConfigTestJSON:test_resize_server_from_auto_to_manual): 200 GET http://10.180.1.21/compute/v2.1/servers/b5d6f43b-ba4d-414c-953c-e9f3c9b98a59 0.230s
2025-11-19 05:25:52.906 67308 INFO tempest.lib.common.rest_client [req-64ef6a62-9591-43ed-a04d-e77fb81d4821 req-64ef6a62-9591-43ed-a04d-e77fb81d4821 ] Request (ServerShowV254Test:test_rebuild_server): 200 GET http://10.180.1.21/compute/v2.1/servers/69bf2234-b166-44d1-bc16-fb295d6cca4d 0.220s
2025-11-19 05:25:52.930 67322 INFO tempest.lib.common.rest_client [req-6bf705a1-0f81-4e88-a3a6-e36f60667de3 req-6bf705a1-0f81-4e88-a3a6-e36f60667de3 ] Request (ServersTestManualDisk:setUpClass): 200 GET http://10.180.1.21/compute/v2.1/servers/d6572b42-c504-4906-a643-2120c5950c66 0.171s
2025-11-19 05:25:52.976 67320 INFO tempest.lib.common.rest_client [req-67d4fd67-921b-494f-8fdf-82a2d1f0f416 req-67d4fd67-921b-494f-8fdf-82a2d1f0f416 ] Request (ServersAdminTestJSON:test_inject_network_info): 200 GET http://10.180.1.21/compute/v2.1/servers/ddc30c51-f986-4387-874b-799a6b771163 0.158s
2025-11-19 05:25:53.083 67292 INFO tempest.lib.common.rest_client [req-468afb1e-96aa-4b37-9532-ec12125ee9fe req-468afb1e-96aa-4b37-9532-ec12125ee9fe ] Request (ServersNegativeTestJSON:setUp): 200 GET http://10.180.1.21/compute/v2.1/servers/85c884f0-f4bc-4327-852f-df618418c61c 0.244s
2025-11-19 05:25:53.160 67344 INFO tempest.lib.common.rest_client [req-b7dc0a88-38e7-46bf-a3cf-677ec9d546d8 req-b7dc0a88-38e7-46bf-a3cf-677ec9d546d8 ] Request (ServersListShow2100Test:test_list_show_rebuild_update_server_2100): 200 GET http://10.180.1.21/compute/v2.1/servers/356743aa-93fe-46b9-8b1e-522dc79570ab 0.294s
2025-11-19 05:25:53.238 67312 INFO tempest.lib.common.rest_client [req-6dc571f7-7d1c-43cf-88d8-d00ea169618c req-6dc571f7-7d1c-43cf-88d8-d00ea169618c ] Request (InstanceActionsV221TestJSON:test_get_list_deleted_instance_actions): 200 GET http://10.180.1.21/compute/v2.1/servers/5560f636-63b7-42e9-8a90-77353ae29ee9 0.309s
2025-11-19 05:25:53.390 67304 INFO tempest.lib.common.rest_client [req-f512c27a-09b0-4baa-ab8e-fbe270b4dc3c req-f512c27a-09b0-4baa-ab8e-fbe270b4dc3c ] Request (MigrationsAdminTest:test_resize_server_revert_deleted_flavor): 200 GET http://10.180.1.21/compute/v2.1/servers/b4929a73-3817-4232-bdf0-4772e8b1c2eb 0.436s
2025-11-19 05:25:53.418 67292 INFO tempest.lib.common.rest_client [req-26f12f3c-e759-4999-b4fd-2931dcccb5be req-26f12f3c-e759-4999-b4fd-2931dcccb5be ] Request (ServersNegativeTestJSON:test_resume_server_invalid_state): 409 POST http://10.180.1.21/compute/v2.1/servers/85c884f0-f4bc-4327-852f-df618418c61c/action 0.327s
2025-11-19 05:25:53.432 67334 INFO tempest.lib.common.rest_client [req-9dbbc3a1-b947-4f00-a560-d80b68157de4 req-9dbbc3a1-b947-4f00-a560-d80b68157de4 ] Request (ImagesTestJSON:test_create_server_from_snapshot): 200 GET http://10.180.1.21/compute/v2.1/servers/19996a7d-eab2-4563-aa2b-824cb6894b22 0.645s
2025-11-19 05:25:53.439 67334 INFO tempest.common.waiters [-] State transition "BUILD/block_device_mapping" ==> "BUILD/spawning" after 59 second wait
2025-11-19 05:25:53.491 67288 INFO tempest.lib.common.rest_client [req-f0c0258b-b222-4f03-9702-e59083558ba6 req-f0c0258b-b222-4f03-9702-e59083558ba6 ] Request (ImagesOneServerNegativeTestJSON:_run_cleanups): 200 GET http://10.180.1.21/compute/v2.1/servers/637a0814-951b-48fa-b87d-8baa01d6b3b8 0.318s
2025-11-19 05:25:53.526 67332 INFO tempest.lib.common.rest_client [req-ba24b75a-e30d-4880-bab0-b0840ee6676a req-ba24b75a-e30d-4880-bab0-b0840ee6676a ] Request (ServerRescueTestJSONUnderV235:setUpClass): 200 GET http://10.180.1.21/compute/v2.1/servers/cd1a36c2-33d4-4185-9653-a1e197f9f0aa 0.403s
2025-11-19 05:25:53.564 67310 INFO tempest.lib.common.rest_client [req-86a520f9-a2e1-423c-bfde-c1cf00d872d0 req-86a520f9-a2e1-423c-bfde-c1cf00d872d0 ] Request (AttachInterfacesV270Test:tearDownClass): 200 GET http://10.180.1.21/compute/v2.1/servers/81462696-e07e-4236-a5b2-c5e893afa56d 0.354s
2025-11-19 05:25:53.578 67340 INFO tempest.lib.common.rest_client [req-2030530a-8c0b-4522-be67-5aa087db1a42 req-2030530a-8c0b-4522-be67-5aa087db1a42 ] Request (DeleteServersTestJSON:test_delete_server_while_in_attached_volume): 200 GET http://10.180.1.21/compute/v2.1/servers/cce4526c-9e4e-41d5-867c-d1cd29bdee98 0.354s
2025-11-19 05:25:53.628 67326 INFO tempest.lib.common.rest_client [req-2103f758-34de-4e9b-a087-36070fec4620 req-2103f758-34de-4e9b-a087-36070fec4620 ] Request (ListServerFiltersTestJSON:tearDownClass): 200 GET http://10.180.1.21/compute/v2.1/servers/c4d351c7-5d39-498f-9aa8-e04887e33ffb 0.364s
2025-11-19 05:25:53.644 67302 INFO tempest.lib.common.rest_client [req-7e2377fe-edc5-416c-9a56-742e6de346c0 req-7e2377fe-edc5-416c-9a56-742e6de346c0 ] Request (TenantUsagesTestJSON:setUpClass): 200 GET http://10.180.1.21/compute/v2.1/servers/e553f289-9a6b-4461-89e8-d48cf81fcb8a 0.367s
2025-11-19 05:25:53.681 67300 INFO tempest.lib.common.rest_client [req-936110a0-1dc6-4662-a365-72ab5f793f1d req-936110a0-1dc6-4662-a365-72ab5f793f1d ] Request (ListServersNegativeTestJSON:setUpClass): 200 GET http://10.180.1.21/compute/v2.1/servers/03ad3074-dd20-4a8c-b2a3-93c0ccc817f4 0.371s
2025-11-19 05:25:53.696 67306 INFO tempest.lib.common.rest_client [req-c62d6a21-3131-4549-bf9a-e7734eaeefb4 req-c62d6a21-3131-4549-bf9a-e7734eaeefb4 ] Request (AttachInterfacesTestJSON:_run_cleanups): 200 GET http://10.180.1.21/compute/v2.1/servers/a8687815-6c30-43e7-b1c1-0d365a189dac 0.364s
2025-11-19 05:25:53.814 67314 INFO tempest.lib.common.rest_client [req-cf6cadd3-f11f-4ecd-851d-27f798f1929c req-cf6cadd3-f11f-4ecd-851d-27f798f1929c ] Request (ServersWithSpecificFlavorTestJSON:test_verify_created_server_ephemeral_disk): 200 GET http://10.180.1.21/compute/v2.1/servers/9fed7b2c-b23b-4f3a-a031-d1e47d2c9491 0.430s
2025-11-19 05:25:53.839 67328 INFO tempest.lib.common.rest_client [req-7672e898-f265-41f0-87fc-05134dd9f1e3 req-7672e898-f265-41f0-87fc-05134dd9f1e3 ] Request (ServerRescueTestJSON:test_rescue_unrescue_instance): 200 GET http://10.180.1.21/compute/v2.1/servers/dd9389c0-b8fe-45b6-ab02-e4cbf3882515 0.474s
2025-11-19 05:25:53.851 67328 INFO tempest.common.waiters [-] State transition "BUILD/None" ==> "BUILD/networking" after 56 second wait
2025-11-19 05:25:53.919 67298 INFO tempest.lib.common.rest_client [req-a96b430d-743c-41a4-b22e-248f4da04bf9 req-a96b430d-743c-41a4-b22e-248f4da04bf9 ] Request (ServerRescueNegativeTestJSON:setUpClass): 200 GET http://10.180.1.21/compute/v2.1/servers/a69ac999-856f-461e-8e23-b04676a2c5b1 0.462s
2025-11-19 05:25:53.977 67292 INFO tempest.lib.common.rest_client [req-dea22f02-8ec3-48c6-8ecf-1c35582c561b req-dea22f02-8ec3-48c6-8ecf-1c35582c561b ] Request (ServersNegativeTestJSON:tearDown): 200 GET http://10.180.1.21/compute/v2.1/servers/85c884f0-f4bc-4327-852f-df618418c61c 0.559s
2025-11-19 05:25:54.052 67294 INFO tempest.lib.common.rest_client [req-c2360d69-b9ae-4438-adc8-ca8108098bcb req-c2360d69-b9ae-4438-adc8-ca8108098bcb ] Request (ServersTestJSON:_run_cleanups): 200 GET http://10.180.1.21/compute/v2.1/servers/7f288547-1eed-49f8-afe3-3437976d952e 0.536s
2025-11-19 05:25:54.067 67290 INFO tempest.lib.common.rest_client [req-8b563694-c437-471c-a46b-a45a60b41cea req-8b563694-c437-471c-a46b-a45a60b41cea ] Request (ServersAdminNegativeTestJSON:test_migrate_server_invalid_state): 200 GET http://10.180.1.21/compute/v2.1/servers/af253425-b904-43e8-9cc8-26d29bf604ba 0.492s
2025-11-19 05:25:54.122 67284 INFO tempest.lib.common.rest_client [req-d18b623b-e45d-40a0-84a5-731deeec840e req-d18b623b-e45d-40a0-84a5-731deeec840e ] Request (ListImageFiltersTestJSON:setUpClass): 200 GET http://10.180.1.21/compute/v2.1/servers/0e28205c-1a4e-404f-9531-2a724b2577d2 0.484s
2025-11-19 05:25:54.216 67296 INFO tempest.lib.common.rest_client [req-d8c6f0bd-5a24-44c4-aff4-16260b9a8773 req-d8c6f0bd-5a24-44c4-aff4-16260b9a8773 ] Request (DeleteServersAdminTestJSON:test_admin_delete_servers_of_others): 200 GET http://10.180.1.21/compute/v2.1/servers/21e15241-5a96-4b49-9870-ada6bc031074 0.563s
2025-11-19 05:25:54.244 67338 INFO tempest.lib.common.rest_client [req-6ddeb442-405d-49fe-a9e5-87597b040520 req-6ddeb442-405d-49fe-a9e5-87597b040520 ] Request (ServerActionsTestOtherA:setUpClass): 200 GET http://10.180.1.21/compute/v2.1/servers/8c83d106-4a76-4695-ac47-215325370899 0.641s
2025-11-19 05:25:54.252 67338 INFO tempest.common.waiters [-] State transition "BUILD/spawning" ==> "ACTIVE/None" after 62 second wait
2025-11-19 05:25:54.278 67346 INFO tempest.lib.common.rest_client [req-b426e7c4-79dd-4c89-817b-863cb25edbec req-b426e7c4-79dd-4c89-817b-863cb25edbec ] Request (FloatingIPsAssociationNegativeTestJSON:tearDownClass): 200 GET http://10.180.1.21/compute/v2.1/servers/9f2a2e80-3ac0-4cfe-9b4d-df621cce554e 0.579s
2025-11-19 05:25:54.304 67336 INFO tempest.lib.common.rest_client [req-4863a775-aefc-46ac-b84c-10806e0039c4 req-4863a775-aefc-46ac-b84c-10806e0039c4 ] Request (ServersNegativeTestMultiTenantJSON:setUpClass): 200 GET http://10.180.1.21/compute/v2.1/servers/dd1fd305-c2a0-4ae6-9204-36966f572206 0.566s
2025-11-19 05:25:54.338 67330 INFO tempest.lib.common.rest_client [req-33ff22a1-9f8b-431e-be4f-124d93991c33 req-33ff22a1-9f8b-431e-be4f-124d93991c33 ] Request (ServerActionsTestOtherB:setUpClass): 200 GET http://10.180.1.21/compute/v2.1/servers/8e71c4b2-f2b6-4fb5-81c1-2f4137733e83 0.539s
2025-11-19 05:25:54.360 67324 INFO tempest.lib.common.rest_client [req-b6071958-743a-493f-afc2-f78b17270bad req-b6071958-743a-493f-afc2-f78b17270bad ] Request (SecurityGroupsTestJSON:test_list_security_groups_by_server): 200 GET http://10.180.1.21/compute/v2.1/servers/4080e8c8-b166-419f-892d-097e1dc4c70d 0.503s
2025-11-19 05:25:54.391 67316 INFO tempest.lib.common.rest_client [req-405d9597-a162-46a6-90ab-8ddd1e1ecbfb req-405d9597-a162-46a6-90ab-8ddd1e1ecbfb ] Request (ServerDiskConfigTestJSON:test_resize_server_from_auto_to_manual): 200 GET http://10.180.1.21/compute/v2.1/servers/b5d6f43b-ba4d-414c-953c-e9f3c9b98a59 0.503s
2025-11-19 05:25:54.412 67308 INFO tempest.lib.common.rest_client [req-2b9a40b9-b5d3-4931-977d-217892b4f130 req-2b9a40b9-b5d3-4931-977d-217892b4f130 ] Request (ServerShowV254Test:test_rebuild_server): 200 GET http://10.180.1.21/compute/v2.1/servers/69bf2234-b166-44d1-bc16-fb295d6cca4d 0.496s
2025-11-19 05:25:54.442 67322 INFO tempest.lib.common.rest_client [req-843819a9-930a-45a9-b300-720f29261769 req-843819a9-930a-45a9-b300-720f29261769 ] Request (ServersTestManualDisk:setUpClass): 200 GET http://10.180.1.21/compute/v2.1/servers/d6572b42-c504-4906-a643-2120c5950c66 0.505s
2025-11-19 05:25:54.467 67320 INFO tempest.lib.common.rest_client [req-e55f016b-9644-4b72-b5b8-53f03fac3f03 req-e55f016b-9644-4b72-b5b8-53f03fac3f03 ] Request (ServersAdminTestJSON:test_inject_network_info): 200 GET http://10.180.1.21/compute/v2.1/servers/ddc30c51-f986-4387-874b-799a6b771163 0.480s
2025-11-19 05:25:54.532 67344 INFO tempest.lib.common.rest_client [req-0701e24d-2876-45d1-a683-4bd8f43a5eda req-0701e24d-2876-45d1-a683-4bd8f43a5eda ] Request (ServersListShow2100Test:test_list_show_rebuild_update_server_2100): 200 GET http://10.180.1.21/compute/v2.1/servers/356743aa-93fe-46b9-8b1e-522dc79570ab 0.350s
2025-11-19 05:25:54.550 67292 INFO tempest.lib.common.rest_client [req-fbe99fb2-be86-41fe-939f-143cd2e479bf req-fbe99fb2-be86-41fe-939f-143cd2e479bf ] Request (ServersNegativeTestJSON:setUp): 200 GET http://10.180.1.21/compute/v2.1/servers/85c884f0-f4bc-4327-852f-df618418c61c 0.563s
2025-11-19 05:25:54.599 67312 INFO tempest.lib.common.rest_client [req-345cbb1c-bbbb-49ce-bb02-1672256d0928 req-345cbb1c-bbbb-49ce-bb02-1672256d0928 ] Request (InstanceActionsV221TestJSON:test_get_list_deleted_instance_actions): 200 GET http://10.180.1.21/compute/v2.1/servers/5560f636-63b7-42e9-8a90-77353ae29ee9 0.349s
2025-11-19 05:25:54.623 67338 INFO tempest.lib.common.rest_client [req-a9bc44dc-4d9f-473e-8685-34821e5b2d99 req-a9bc44dc-4d9f-473e-8685-34821e5b2d99 ] Request (ServerActionsTestOtherA:setUpClass): 200 GET http://10.180.1.21/compute/v2.1/servers/8c83d106-4a76-4695-ac47-215325370899/os-interface 0.371s
2025-11-19 05:25:54.697 67292 INFO tempest.lib.common.rest_client [req-fbc28ae2-e518-465e-a870-c65814f51191 req-fbc28ae2-e518-465e-a870-c65814f51191 ] Request (ServersNegativeTestJSON:test_server_name_blank): 201 POST http://10.180.1.21/identity/v3/auth/tokens 0.082s
2025-11-19 05:25:54.698 67292 INFO tempest.lib.common.fixed_network [-] (ServersNegativeTestJSON:test_server_name_blank) Found network {'id': '83e927da-5d64-4c32-a211-fc3e0b2d7b88', 'name': 'tempest-ServersNegativeTestJSON-1701504656-network', 'tenant_id': 'eae519aab2e8476ca86ac9512a5a8852', 'project_id': 'eae519aab2e8476ca86ac9512a5a8852', 'admin_state_up': True, 'mtu': 8950, 'status': 'ACTIVE', 'subnets': [], 'shared': False, 'port_security_enabled': True, 'router:external': False, 'provider:network_type': 'vlan', 'provider:physical_network': 'default', 'provider:segmentation_id': 588, 'availability_zone_hints': [], 'availability_zones': [], 'ipv4_address_scope': None, 'ipv6_address_scope': None, 'description': '', 'tags': [], 'created_at': '2025-11-19T05:23:11Z', 'updated_at': '2025-11-19T05:23:11Z', 'revision_number': 1} available for tenant
2025-11-19 05:25:55.135 67338 INFO tempest.lib.common.rest_client [req-705a0456-0a98-4eb5-b344-f4f174db6df4 req-705a0456-0a98-4eb5-b344-f4f174db6df4 ] Request (ServerActionsTestOtherA:setUpClass): 200 PUT http://10.180.1.21/networking/v2.0/floatingips/001f8cb2-8cb8-402b-a468-5da6b238be90 0.507s
2025-11-19 05:25:55.136 67338 INFO tempest.lib.common.ssh [-] Creating ssh connection to '10.180.180.213:22' as 'cirros' with public key authentication
2025-11-19 05:25:55.275 67304 INFO tempest.lib.common.rest_client [req-700a9a8d-943d-4bc4-a33c-8b6029e8fde1 req-700a9a8d-943d-4bc4-a33c-8b6029e8fde1 ] Request (MigrationsAdminTest:test_resize_server_revert_deleted_flavor): 200 GET http://10.180.1.21/compute/v2.1/servers/b4929a73-3817-4232-bdf0-4772e8b1c2eb 0.877s
2025-11-19 05:25:55.298 67334 INFO tempest.lib.common.rest_client [req-94809a18-746f-4584-bd57-e489d45bb9e5 req-94809a18-746f-4584-bd57-e489d45bb9e5 ] Request (ImagesTestJSON:test_create_server_from_snapshot): 200 GET http://10.180.1.21/compute/v2.1/servers/19996a7d-eab2-4563-aa2b-824cb6894b22 0.858s
2025-11-19 05:25:55.335 67288 INFO tempest.lib.common.rest_client [req-d54d4ded-0108-43ed-92fb-8486770832aa req-d54d4ded-0108-43ed-92fb-8486770832aa ] Request (ImagesOneServerNegativeTestJSON:_run_cleanups): 200 GET http://10.180.1.21/compute/v2.1/servers/637a0814-951b-48fa-b87d-8baa01d6b3b8 0.831s
2025-11-19 05:25:55.401 67332 INFO tempest.lib.common.rest_client [req-55aea1d5-7108-4120-b493-0e5720e4356d req-55aea1d5-7108-4120-b493-0e5720e4356d ] Request (ServerRescueTestJSONUnderV235:setUpClass): 200 GET http://10.180.1.21/compute/v2.1/servers/cd1a36c2-33d4-4185-9653-a1e197f9f0aa 0.867s
2025-11-19 05:25:55.418 67310 INFO tempest.lib.common.rest_client [req-212cf5fb-85be-4f7a-be1f-66baa0d1bbf7 req-212cf5fb-85be-4f7a-be1f-66baa0d1bbf7 ] Request (AttachInterfacesV270Test:tearDownClass): 200 GET http://10.180.1.21/compute/v2.1/servers/81462696-e07e-4236-a5b2-c5e893afa56d 0.845s
2025-11-19 05:25:55.457 67340 INFO tempest.lib.common.rest_client [req-b4c62bb8-205e-4f9f-88a0-c462911a7588 req-b4c62bb8-205e-4f9f-88a0-c462911a7588 ] Request (DeleteServersTestJSON:test_delete_server_while_in_attached_volume): 200 GET http://10.180.1.21/compute/v2.1/servers/cce4526c-9e4e-41d5-867c-d1cd29bdee98 0.869s
2025-11-19 05:25:55.482 67326 INFO tempest.lib.common.rest_client [req-2cf880bf-f424-4dcd-830d-3f5bb0efc8e6 req-2cf880bf-f424-4dcd-830d-3f5bb0efc8e6 ] Request (ListServerFiltersTestJSON:tearDownClass): 200 GET http://10.180.1.21/compute/v2.1/servers/c4d351c7-5d39-498f-9aa8-e04887e33ffb 0.846s
2025-11-19 05:25:55.507 67302 INFO tempest.lib.common.rest_client [req-d480e322-8f86-449e-b309-be8eb868f414 req-d480e322-8f86-449e-b309-be8eb868f414 ] Request (TenantUsagesTestJSON:setUpClass): 200 GET http://10.180.1.21/compute/v2.1/servers/e553f289-9a6b-4461-89e8-d48cf81fcb8a 0.855s
2025-11-19 05:25:55.513 67292 INFO tempest.lib.common.rest_client [req-ab0897fc-dc27-4d06-b1fa-250ef6372276 req-ab0897fc-dc27-4d06-b1fa-250ef6372276 ] Request (ServersNegativeTestJSON:test_server_name_blank): 400 POST http://10.180.1.21/compute/v2.1/servers 0.815s
2025-11-19 05:25:55.550 67300 INFO tempest.lib.common.rest_client [req-cce1908d-7885-4981-8f38-ec34f370c5f4 req-cce1908d-7885-4981-8f38-ec34f370c5f4 ] Request (ListServersNegativeTestJSON:setUpClass): 200 GET http://10.180.1.21/compute/v2.1/servers/03ad3074-dd20-4a8c-b2a3-93c0ccc817f4 0.859s
2025-11-19 05:25:55.573 67306 INFO tempest.lib.common.rest_client [req-2f7c3472-0f79-474f-ae9f-a0baf4365015 req-2f7c3472-0f79-474f-ae9f-a0baf4365015 ] Request (AttachInterfacesTestJSON:_run_cleanups): 200 GET http://10.180.1.21/compute/v2.1/servers/a8687815-6c30-43e7-b1c1-0d365a189dac 0.866s
2025-11-19 05:25:55.605 67314 INFO tempest.lib.common.rest_client [req-83f3a358-1b4b-46ad-8bb7-bc94183f3324 req-83f3a358-1b4b-46ad-8bb7-bc94183f3324 ] Request (ServersWithSpecificFlavorTestJSON:test_verify_created_server_ephemeral_disk): 200 GET http://10.180.1.21/compute/v2.1/servers/9fed7b2c-b23b-4f3a-a031-d1e47d2c9491 0.780s
2025-11-19 05:25:55.653 67298 INFO tempest.lib.common.rest_client [req-805eaf11-308e-44a3-8d79-f38246e19aaf req-805eaf11-308e-44a3-8d79-f38246e19aaf ] Request (ServerRescueNegativeTestJSON:setUpClass): 200 GET http://10.180.1.21/compute/v2.1/servers/a69ac999-856f-461e-8e23-b04676a2c5b1 0.726s
2025-11-19 05:25:55.664 67328 INFO tempest.lib.common.rest_client [req-6d189983-b584-4900-81bd-2c915397d965 req-6d189983-b584-4900-81bd-2c915397d965 ] Request (ServerRescueTestJSON:test_rescue_unrescue_instance): 200 GET http://10.180.1.21/compute/v2.1/servers/dd9389c0-b8fe-45b6-ab02-e4cbf3882515 0.812s
2025-11-19 05:25:55.672 67328 INFO tempest.common.waiters [-] State transition "BUILD/networking" ==> "BUILD/spawning" after 58 second wait
2025-11-19 05:25:55.711 67294 INFO tempest.lib.common.rest_client [req-90007b2a-529b-44a3-a762-2f319e061b82 req-90007b2a-529b-44a3-a762-2f319e061b82 ] Request (ServersTestJSON:_run_cleanups): 200 GET http://10.180.1.21/compute/v2.1/servers/7f288547-1eed-49f8-afe3-3437976d952e 0.644s
2025-11-19 05:25:55.713 67290 INFO tempest.lib.common.rest_client [req-fc0006e1-53d8-475b-8426-bd846106762e req-fc0006e1-53d8-475b-8426-bd846106762e ] Request (ServersAdminNegativeTestJSON:test_migrate_server_invalid_state): 200 GET http://10.180.1.21/compute/v2.1/servers/af253425-b904-43e8-9cc8-26d29bf604ba 0.638s
2025-11-19 05:25:55.757 67284 INFO tempest.lib.common.rest_client [req-64304ee4-2da3-479f-9a6f-467cdfb92fb7 req-64304ee4-2da3-479f-9a6f-467cdfb92fb7 ] Request (ListImageFiltersTestJSON:setUpClass): 200 GET http://10.180.1.21/compute/v2.1/servers/0e28205c-1a4e-404f-9531-2a724b2577d2 0.620s
2025-11-19 05:25:55.762 67296 INFO tempest.lib.common.rest_client [req-7a51c7c2-d15e-41e1-9d05-24028d8f0a31 req-7a51c7c2-d15e-41e1-9d05-24028d8f0a31 ] Request (DeleteServersAdminTestJSON:test_admin_delete_servers_of_others): 200 GET http://10.180.1.21/compute/v2.1/servers/21e15241-5a96-4b49-9870-ada6bc031074 0.536s
2025-11-19 05:25:55.822 67336 INFO tempest.lib.common.rest_client [req-9162aacf-5356-4433-a87e-8668d7edc175 req-9162aacf-5356-4433-a87e-8668d7edc175 ] Request (ServersNegativeTestMultiTenantJSON:setUpClass): 200 GET http://10.180.1.21/compute/v2.1/servers/dd1fd305-c2a0-4ae6-9204-36966f572206 0.511s
2025-11-19 05:25:55.826 67346 INFO tempest.lib.common.rest_client [req-bc569d41-d9a9-47a6-a6d1-f5101f6abf83 req-bc569d41-d9a9-47a6-a6d1-f5101f6abf83 ] Request (FloatingIPsAssociationNegativeTestJSON:tearDownClass): 200 GET http://10.180.1.21/compute/v2.1/servers/9f2a2e80-3ac0-4cfe-9b4d-df621cce554e 0.541s
2025-11-19 05:25:55.871 67330 INFO tempest.lib.common.rest_client [req-7a5aa2a8-76b8-4c8b-964a-9f3bcbfd5100 req-7a5aa2a8-76b8-4c8b-964a-9f3bcbfd5100 ] Request (ServerActionsTestOtherB:setUpClass): 200 GET http://10.180.1.21/compute/v2.1/servers/8e71c4b2-f2b6-4fb5-81c1-2f4137733e83 0.525s
2025-11-19 05:25:55.875 67324 INFO tempest.lib.common.rest_client [req-d6b54756-dd94-48d0-986a-a02462d169bd req-d6b54756-dd94-48d0-986a-a02462d169bd ] Request (SecurityGroupsTestJSON:test_list_security_groups_by_server): 200 GET http://10.180.1.21/compute/v2.1/servers/4080e8c8-b166-419f-892d-097e1dc4c70d 0.508s
2025-11-19 05:25:55.925 67316 INFO tempest.lib.common.rest_client [req-798655e4-aee1-4916-92de-d9bfbf970d86 req-798655e4-aee1-4916-92de-d9bfbf970d86 ] Request (ServerDiskConfigTestJSON:test_resize_server_from_auto_to_manual): 200 GET http://10.180.1.21/compute/v2.1/servers/b5d6f43b-ba4d-414c-953c-e9f3c9b98a59 0.524s
2025-11-19 05:25:55.932 67308 INFO tempest.lib.common.rest_client [req-ff5d871f-38fc-4880-ba66-f0025d9d7de2 req-ff5d871f-38fc-4880-ba66-f0025d9d7de2 ] Request (ServerShowV254Test:test_rebuild_server): 200 GET http://10.180.1.21/compute/v2.1/servers/69bf2234-b166-44d1-bc16-fb295d6cca4d 0.510s
2025-11-19 05:25:55.978 67322 INFO tempest.lib.common.rest_client [req-b7c03bab-413b-4427-96da-ff5a135ddd74 req-b7c03bab-413b-4427-96da-ff5a135ddd74 ] Request (ServersTestManualDisk:setUpClass): 200 GET http://10.180.1.21/compute/v2.1/servers/d6572b42-c504-4906-a643-2120c5950c66 0.526s
2025-11-19 05:25:55.983 67320 INFO tempest.lib.common.rest_client [req-4bb1e9cc-f69d-4e06-a9b0-c5cf7c292218 req-4bb1e9cc-f69d-4e06-a9b0-c5cf7c292218 ] Request (ServersAdminTestJSON:test_inject_network_info): 200 GET http://10.180.1.21/compute/v2.1/servers/ddc30c51-f986-4387-874b-799a6b771163 0.508s
2025-11-19 05:25:56.066 67344 INFO tempest.lib.common.rest_client [req-828cf609-152f-45f5-89ba-cb57d4f8a72b req-828cf609-152f-45f5-89ba-cb57d4f8a72b ] Request (ServersListShow2100Test:test_list_show_rebuild_update_server_2100): 200 GET http://10.180.1.21/compute/v2.1/servers/356743aa-93fe-46b9-8b1e-522dc79570ab 0.522s
2025-11-19 05:25:56.138 67292 INFO tempest.lib.common.rest_client [req-278809b9-c14f-466e-bfc2-80f8643168a9 req-278809b9-c14f-466e-bfc2-80f8643168a9 ] Request (ServersNegativeTestJSON:tearDown): 200 GET http://10.180.1.21/compute/v2.1/servers/85c884f0-f4bc-4327-852f-df618418c61c 0.624s
2025-11-19 05:25:56.154 67312 INFO tempest.lib.common.rest_client [req-f186fc58-e140-4a76-afa4-280e0da3b811 req-f186fc58-e140-4a76-afa4-280e0da3b811 ] Request (InstanceActionsV221TestJSON:test_get_list_deleted_instance_actions): 200 GET http://10.180.1.21/compute/v2.1/servers/5560f636-63b7-42e9-8a90-77353ae29ee9 0.545s
2025-11-19 05:25:56.248 67292 INFO tempest.lib.common.rest_client [req-8b8efd41-9e67-432c-96fe-28b4d4c1fd56 req-8b8efd41-9e67-432c-96fe-28b4d4c1fd56 ] Request (ServersNegativeTestJSON:setUp): 200 GET http://10.180.1.21/compute/v2.1/servers/85c884f0-f4bc-4327-852f-df618418c61c 0.102s
2025-11-19 05:25:56.266 67292 INFO tempest.lib.common.rest_client [req-8e064ac1-e314-483e-bfbd-54057dd9f4ef req-8e064ac1-e314-483e-bfbd-54057dd9f4ef ] Request (ServersNegativeTestJSON:test_shelve_non_existent_server): 404 POST http://10.180.1.21/compute/v2.1/servers/80f30947-cf94-46c3-9847-671a60956b2b/action 0.010s
2025-11-19 05:25:56.378 67292 INFO tempest.lib.common.rest_client [req-c1ae85df-c346-466a-b1fd-1649636094c3 req-c1ae85df-c346-466a-b1fd-1649636094c3 ] Request (ServersNegativeTestJSON:tearDown): 200 GET http://10.180.1.21/compute/v2.1/servers/85c884f0-f4bc-4327-852f-df618418c61c 0.111s
2025-11-19 05:25:56.400 67304 INFO tempest.lib.common.rest_client [req-40d99c4a-4dd8-477f-ae8d-f2c3661eb1f3 req-40d99c4a-4dd8-477f-ae8d-f2c3661eb1f3 ] Request (MigrationsAdminTest:test_resize_server_revert_deleted_flavor): 200 GET http://10.180.1.21/compute/v2.1/servers/b4929a73-3817-4232-bdf0-4772e8b1c2eb 0.117s
2025-11-19 05:25:56.495 67288 INFO tempest.lib.common.rest_client [req-842a81f4-864a-4ce6-afb1-6c71e282d53f req-842a81f4-864a-4ce6-afb1-6c71e282d53f ] Request (ImagesOneServerNegativeTestJSON:_run_cleanups): 200 GET http://10.180.1.21/compute/v2.1/servers/637a0814-951b-48fa-b87d-8baa01d6b3b8 0.149s
2025-11-19 05:25:56.521 67334 INFO tempest.lib.common.rest_client [req-88bd9af9-fcbf-4cfc-936c-d198b1e3b119 req-88bd9af9-fcbf-4cfc-936c-d198b1e3b119 ] Request (ImagesTestJSON:test_create_server_from_snapshot): 200 GET http://10.180.1.21/compute/v2.1/servers/19996a7d-eab2-4563-aa2b-824cb6894b22 0.212s
2025-11-19 05:25:56.643 67292 INFO tempest.lib.common.rest_client [req-19903c72-cd4a-4b2c-99f1-e9aecbec9b19 req-19903c72-cd4a-4b2c-99f1-e9aecbec9b19 ] Request (ServersNegativeTestJSON:setUp): 200 GET http://10.180.1.21/compute/v2.1/servers/85c884f0-f4bc-4327-852f-df618418c61c 0.255s
2025-11-19 05:25:56.679 67332 INFO tempest.lib.common.rest_client [req-e8875cce-039a-4fef-bd79-7c717faf99bb req-e8875cce-039a-4fef-bd79-7c717faf99bb ] Request (ServerRescueTestJSONUnderV235:setUpClass): 200 GET http://10.180.1.21/compute/v2.1/servers/cd1a36c2-33d4-4185-9653-a1e197f9f0aa 0.267s
2025-11-19 05:25:56.738 67310 INFO tempest.lib.common.rest_client [req-878744c6-8207-45d7-9488-77874c3e4a3d req-878744c6-8207-45d7-9488-77874c3e4a3d ] Request (AttachInterfacesV270Test:tearDownClass): 200 GET http://10.180.1.21/compute/v2.1/servers/81462696-e07e-4236-a5b2-c5e893afa56d 0.309s
2025-11-19 05:25:56.752 67340 INFO tempest.lib.common.rest_client [req-992c8810-1de5-4b02-9906-926fdf8739cb req-992c8810-1de5-4b02-9906-926fdf8739cb ] Request (DeleteServersTestJSON:test_delete_server_while_in_attached_volume): 200 GET http://10.180.1.21/compute/v2.1/servers/cce4526c-9e4e-41d5-867c-d1cd29bdee98 0.287s
2025-11-19 05:25:56.814 67326 INFO tempest.lib.common.rest_client [req-2b7da453-5bed-4859-a224-a8187e584b1e req-2b7da453-5bed-4859-a224-a8187e584b1e ] Request (ListServerFiltersTestJSON:tearDownClass): 200 GET http://10.180.1.21/compute/v2.1/servers/c4d351c7-5d39-498f-9aa8-e04887e33ffb 0.320s
2025-11-19 05:25:56.835 67302 INFO tempest.lib.common.rest_client [req-88dd54d8-978b-4f25-a39b-c73711040016 req-88dd54d8-978b-4f25-a39b-c73711040016 ] Request (TenantUsagesTestJSON:setUpClass): 200 GET http://10.180.1.21/compute/v2.1/servers/e553f289-9a6b-4461-89e8-d48cf81fcb8a 0.319s
2025-11-19 05:25:56.878 67300 INFO tempest.lib.common.rest_client [req-1dd58cf7-06f1-4d8f-afef-440cf5332d66 req-1dd58cf7-06f1-4d8f-afef-440cf5332d66 ] Request (ListServersNegativeTestJSON:setUpClass): 200 GET http://10.180.1.21/compute/v2.1/servers/03ad3074-dd20-4a8c-b2a3-93c0ccc817f4 0.319s
2025-11-19 05:25:56.909 67306 INFO tempest.lib.common.rest_client [req-a345b77b-2cc8-49a5-8ef5-f02fd8ccc710 req-a345b77b-2cc8-49a5-8ef5-f02fd8ccc710 ] Request (AttachInterfacesTestJSON:_run_cleanups): 200 GET http://10.180.1.21/compute/v2.1/servers/a8687815-6c30-43e7-b1c1-0d365a189dac 0.329s
2025-11-19 05:25:57.016 67314 INFO tempest.lib.common.rest_client [req-9517ef13-3830-45d3-8b55-fc80ccbee590 req-9517ef13-3830-45d3-8b55-fc80ccbee590 ] Request (ServersWithSpecificFlavorTestJSON:test_verify_created_server_ephemeral_disk): 200 GET http://10.180.1.21/compute/v2.1/servers/9fed7b2c-b23b-4f3a-a031-d1e47d2c9491 0.401s
2025-11-19 05:25:57.029 67314 INFO tempest.common.waiters [-] State transition "BUILD/None" ==> "BUILD/block_device_mapping" after 57 second wait
2025-11-19 05:25:57.075 67298 INFO tempest.lib.common.rest_client [req-e80c5b4d-3577-43f8-810d-1e902e351377 req-e80c5b4d-3577-43f8-810d-1e902e351377 ] Request (ServerRescueNegativeTestJSON:setUpClass): 200 GET http://10.180.1.21/compute/v2.1/servers/a69ac999-856f-461e-8e23-b04676a2c5b1 0.413s
2025-11-19 05:25:57.206 67328 INFO tempest.lib.common.rest_client [req-fc19eb9d-d000-4012-9db0-1af0f383d6e8 req-fc19eb9d-d000-4012-9db0-1af0f383d6e8 ] Request (ServerRescueTestJSON:test_rescue_unrescue_instance): 200 GET http://10.180.1.21/compute/v2.1/servers/dd9389c0-b8fe-45b6-ab02-e4cbf3882515 0.533s
2025-11-19 05:25:57.283 67294 INFO tempest.lib.common.rest_client [req-2e92b748-7fc1-4075-8668-4b6b947cf85d req-2e92b748-7fc1-4075-8668-4b6b947cf85d ] Request (ServersTestJSON:_run_cleanups): 200 GET http://10.180.1.21/compute/v2.1/servers/7f288547-1eed-49f8-afe3-3437976d952e 0.564s
2025-11-19 05:25:57.334 67290 INFO tempest.lib.common.rest_client [req-412b0c36-80af-43bb-9de9-8350b1560f44 req-412b0c36-80af-43bb-9de9-8350b1560f44 ] Request (ServersAdminNegativeTestJSON:test_migrate_server_invalid_state): 200 GET http://10.180.1.21/compute/v2.1/servers/af253425-b904-43e8-9cc8-26d29bf604ba 0.613s
2025-11-19 05:25:57.392 67284 INFO tempest.lib.common.rest_client [req-8f43b0ba-af0f-4527-8bf6-0500a927bd3a req-8f43b0ba-af0f-4527-8bf6-0500a927bd3a ] Request (ListImageFiltersTestJSON:setUpClass): 200 GET http://10.180.1.21/compute/v2.1/servers/0e28205c-1a4e-404f-9531-2a724b2577d2 0.627s
2025-11-19 05:25:57.441 67296 INFO tempest.lib.common.rest_client [req-babe81a2-7a5c-4c76-b998-b13848cddd99 req-babe81a2-7a5c-4c76-b998-b13848cddd99 ] Request (DeleteServersAdminTestJSON:test_admin_delete_servers_of_others): 200 GET http://10.180.1.21/compute/v2.1/servers/21e15241-5a96-4b49-9870-ada6bc031074 0.667s
2025-11-19 05:25:57.443 67292 INFO tempest.lib.common.rest_client [req-0233a05a-af70-4b2b-9d17-b59ef6a5300b req-0233a05a-af70-4b2b-9d17-b59ef6a5300b ] Request (ServersNegativeTestJSON:test_shelve_shelved_server): 202 POST http://10.180.1.21/compute/v2.1/servers/85c884f0-f4bc-4327-852f-df618418c61c/action 0.791s
2025-11-19 05:25:57.492 67336 INFO tempest.lib.common.rest_client [req-3d9bb759-07cb-411d-904f-87ab3127ff12 req-3d9bb759-07cb-411d-904f-87ab3127ff12 ] Request (ServersNegativeTestMultiTenantJSON:setUpClass): 200 GET http://10.180.1.21/compute/v2.1/servers/dd1fd305-c2a0-4ae6-9204-36966f572206 0.662s
2025-11-19 05:25:57.509 67346 INFO tempest.lib.common.rest_client [req-647ff683-a653-4d97-8752-751b43b99491 req-647ff683-a653-4d97-8752-751b43b99491 ] Request (FloatingIPsAssociationNegativeTestJSON:tearDownClass): 200 GET http://10.180.1.21/compute/v2.1/servers/9f2a2e80-3ac0-4cfe-9b4d-df621cce554e 0.674s
2025-11-19 05:25:57.542 67330 INFO tempest.lib.common.rest_client [req-d5cbd5ce-86a5-4c9b-a8d8-6d6dbde2d086 req-d5cbd5ce-86a5-4c9b-a8d8-6d6dbde2d086 ] Request (ServerActionsTestOtherB:setUpClass): 200 GET http://10.180.1.21/compute/v2.1/servers/8e71c4b2-f2b6-4fb5-81c1-2f4137733e83 0.663s
2025-11-19 05:25:57.560 67324 INFO tempest.lib.common.rest_client [req-938c0f8c-15df-4d2b-aa7c-e80c94c58819 req-938c0f8c-15df-4d2b-aa7c-e80c94c58819 ] Request (SecurityGroupsTestJSON:test_list_security_groups_by_server): 200 GET http://10.180.1.21/compute/v2.1/servers/4080e8c8-b166-419f-892d-097e1dc4c70d 0.676s
2025-11-19 05:25:57.600 67316 INFO tempest.lib.common.rest_client [req-4566acd7-e3ab-47d8-b712-086ae0c07d89 req-4566acd7-e3ab-47d8-b712-086ae0c07d89 ] Request (ServerDiskConfigTestJSON:test_resize_server_from_auto_to_manual): 200 GET http://10.180.1.21/compute/v2.1/servers/b5d6f43b-ba4d-414c-953c-e9f3c9b98a59 0.665s
2025-11-19 05:25:57.618 67308 INFO tempest.lib.common.rest_client [req-c100b420-077f-43c5-af2d-2284bf50d0ff req-c100b420-077f-43c5-af2d-2284bf50d0ff ] Request (ServerShowV254Test:test_rebuild_server): 200 GET http://10.180.1.21/compute/v2.1/servers/69bf2234-b166-44d1-bc16-fb295d6cca4d 0.673s
2025-11-19 05:25:57.650 67322 INFO tempest.lib.common.rest_client [req-126d4776-a78f-4c7d-8678-dab73975ac64 req-126d4776-a78f-4c7d-8678-dab73975ac64 ] Request (ServersTestManualDisk:setUpClass): 200 GET http://10.180.1.21/compute/v2.1/servers/d6572b42-c504-4906-a643-2120c5950c66 0.664s
2025-11-19 05:25:57.666 67320 INFO tempest.lib.common.rest_client [req-61a37b57-83c4-4b16-9d73-ab4ec42ee70c req-61a37b57-83c4-4b16-9d73-ab4ec42ee70c ] Request (ServersAdminTestJSON:test_inject_network_info): 200 GET http://10.180.1.21/compute/v2.1/servers/ddc30c51-f986-4387-874b-799a6b771163 0.673s
2025-11-19 05:25:57.721 67344 INFO tempest.lib.common.rest_client [req-efce940e-a1c8-432f-8afc-1c59735cfb77 req-efce940e-a1c8-432f-8afc-1c59735cfb77 ] Request (ServersListShow2100Test:test_list_show_rebuild_update_server_2100): 200 GET http://10.180.1.21/compute/v2.1/servers/356743aa-93fe-46b9-8b1e-522dc79570ab 0.636s
2025-11-19 05:25:57.729 67312 INFO tempest.lib.common.rest_client [req-14accc0e-d8c3-4638-a17b-37e909537f26 req-14accc0e-d8c3-4638-a17b-37e909537f26 ] Request (InstanceActionsV221TestJSON:test_get_list_deleted_instance_actions): 200 GET http://10.180.1.21/compute/v2.1/servers/5560f636-63b7-42e9-8a90-77353ae29ee9 0.566s
2025-11-19 05:25:57.733 67344 INFO tempest.common.waiters [-] State transition "REBUILD/rebuild_spawning" ==> "ACTIVE/None" after 12 second wait
2025-11-19 05:25:57.860 67304 INFO tempest.lib.common.rest_client [req-f407f27e-e76c-40b4-babc-47a43398b59e req-f407f27e-e76c-40b4-babc-47a43398b59e ] Request (MigrationsAdminTest:test_resize_server_revert_deleted_flavor): 200 GET http://10.180.1.21/compute/v2.1/servers/b4929a73-3817-4232-bdf0-4772e8b1c2eb 0.450s
2025-11-19 05:25:57.881 67292 INFO tempest.lib.common.rest_client [req-16e5191e-4a93-4c90-b65a-098bf96abf10 req-16e5191e-4a93-4c90-b65a-098bf96abf10 ] Request (ServersNegativeTestJSON:test_shelve_shelved_server): 200 GET http://10.180.1.21/compute/v2.1/servers/85c884f0-f4bc-4327-852f-df618418c61c 0.437s
2025-11-19 05:25:57.910 67288 INFO tempest.lib.common.rest_client [req-cd9aee68-049f-4151-80fd-7ad3782fb02c req-cd9aee68-049f-4151-80fd-7ad3782fb02c ] Request (ImagesOneServerNegativeTestJSON:_run_cleanups): 200 GET http://10.180.1.21/compute/v2.1/servers/637a0814-951b-48fa-b87d-8baa01d6b3b8 0.406s
2025-11-19 05:25:58.116 67334 INFO tempest.lib.common.rest_client [req-413628d7-16e0-4800-bd2d-f46980f1c1e6 req-413628d7-16e0-4800-bd2d-f46980f1c1e6 ] Request (ImagesTestJSON:test_create_server_from_snapshot): 200 GET http://10.180.1.21/compute/v2.1/servers/19996a7d-eab2-4563-aa2b-824cb6894b22 0.583s
2025-11-19 05:25:58.134 67332 INFO tempest.lib.common.rest_client [req-17abc0f0-33a5-4caa-9c17-46a39b3d5d58 req-17abc0f0-33a5-4caa-9c17-46a39b3d5d58 ] Request (ServerRescueTestJSONUnderV235:setUpClass): 200 GET http://10.180.1.21/compute/v2.1/servers/cd1a36c2-33d4-4185-9653-a1e197f9f0aa 0.447s
2025-11-19 05:25:58.141 67332 INFO tempest.common.waiters [-] State transition "ACTIVE/rescuing" ==> "RESCUE/None" after 10 second wait
2025-11-19 05:25:58.206 67310 INFO tempest.lib.common.rest_client [req-66dff136-957d-4e1b-8c07-c8a78236a8fe req-66dff136-957d-4e1b-8c07-c8a78236a8fe ] Request (AttachInterfacesV270Test:tearDownClass): 200 GET http://10.180.1.21/compute/v2.1/servers/81462696-e07e-4236-a5b2-c5e893afa56d 0.458s
2025-11-19 05:25:58.216 67344 INFO tempest.lib.common.rest_client [req-450709c2-869b-417b-817f-714acedbc963 req-450709c2-869b-417b-817f-714acedbc963 ] Request (ServersListShow2100Test:tearDownClass): 204 DELETE http://10.180.1.21/compute/v2.1/servers/356743aa-93fe-46b9-8b1e-522dc79570ab 0.478s
2025-11-19 05:25:58.261 67340 INFO tempest.lib.common.rest_client [req-11816f56-fd25-4180-abb3-ce72b54867e1 req-11816f56-fd25-4180-abb3-ce72b54867e1 ] Request (DeleteServersTestJSON:test_delete_server_while_in_attached_volume): 200 GET http://10.180.1.21/compute/v2.1/servers/cce4526c-9e4e-41d5-867c-d1cd29bdee98 0.496s
2025-11-19 05:25:58.307 67326 INFO tempest.lib.common.rest_client [req-d5e0f90c-808b-4769-9bc4-604484b6caad req-d5e0f90c-808b-4769-9bc4-604484b6caad ] Request (ListServerFiltersTestJSON:tearDownClass): 200 GET http://10.180.1.21/compute/v2.1/servers/c4d351c7-5d39-498f-9aa8-e04887e33ffb 0.485s
2025-11-19 05:25:58.325 67302 INFO tempest.lib.common.rest_client [req-f3eb2669-da72-4e65-8d01-d9c46ef80163 req-f3eb2669-da72-4e65-8d01-d9c46ef80163 ] Request (TenantUsagesTestJSON:setUpClass): 200 GET http://10.180.1.21/compute/v2.1/servers/e553f289-9a6b-4461-89e8-d48cf81fcb8a 0.482s
2025-11-19 05:25:58.371 67300 INFO tempest.lib.common.rest_client [req-50c632ae-14bf-4392-bf26-5d387f520376 req-50c632ae-14bf-4392-bf26-5d387f520376 ] Request (ListServersNegativeTestJSON:setUpClass): 200 GET http://10.180.1.21/compute/v2.1/servers/03ad3074-dd20-4a8c-b2a3-93c0ccc817f4 0.480s
2025-11-19 05:25:58.393 67306 INFO tempest.lib.common.rest_client [req-9b5f7695-ba1c-4d3f-a0df-afba38c4b177 req-9b5f7695-ba1c-4d3f-a0df-afba38c4b177 ] Request (AttachInterfacesTestJSON:_run_cleanups): 200 GET http://10.180.1.21/compute/v2.1/servers/a8687815-6c30-43e7-b1c1-0d365a189dac 0.476s
2025-11-19 05:25:58.454 67298 INFO tempest.lib.common.rest_client [req-acf789e1-86d8-43bc-890f-e5e6e0b351cb req-acf789e1-86d8-43bc-890f-e5e6e0b351cb ] Request (ServerRescueNegativeTestJSON:setUpClass): 200 GET http://10.180.1.21/compute/v2.1/servers/a69ac999-856f-461e-8e23-b04676a2c5b1 0.369s
2025-11-19 05:25:58.466 67314 INFO tempest.lib.common.rest_client [req-714c2ab8-f523-4284-acf1-690cc4007441 req-714c2ab8-f523-4284-acf1-690cc4007441 ] Request (ServersWithSpecificFlavorTestJSON:test_verify_created_server_ephemeral_disk): 200 GET http://10.180.1.21/compute/v2.1/servers/9fed7b2c-b23b-4f3a-a031-d1e47d2c9491 0.436s
2025-11-19 05:25:58.473 67314 INFO tempest.common.waiters [-] State transition "BUILD/block_device_mapping" ==> "BUILD/spawning" after 58 second wait
2025-11-19 05:25:58.557 67332 INFO tempest.lib.common.rest_client [req-e946ae57-4d0d-4fc2-8dfa-3f9fa14b3e9c req-e946ae57-4d0d-4fc2-8dfa-3f9fa14b3e9c ] Request (ServerRescueTestJSONUnderV235:test_rescued_vm_add_remove_security_group): 200 POST http://10.180.1.21/compute/v2.1/os-security-groups 0.415s
2025-11-19 05:25:58.584 67328 INFO tempest.lib.common.rest_client [req-bc71c69f-5016-4426-bbd6-493155f8bbfb req-bc71c69f-5016-4426-bbd6-493155f8bbfb ] Request (ServerRescueTestJSON:test_rescue_unrescue_instance): 200 GET http://10.180.1.21/compute/v2.1/servers/dd9389c0-b8fe-45b6-ab02-e4cbf3882515 0.370s
2025-11-19 05:25:58.622 67344 INFO tempest.lib.common.rest_client [req-54057f6e-50f5-4c79-874d-0ca73e3bb36e req-54057f6e-50f5-4c79-874d-0ca73e3bb36e ] Request (ServersListShow2100Test:tearDownClass): 200 GET http://10.180.1.21/compute/v2.1/servers/356743aa-93fe-46b9-8b1e-522dc79570ab 0.405s
2025-11-19 05:25:58.638 67294 INFO tempest.lib.common.rest_client [req-8cd03e34-c094-4368-8a45-2b3cd80f5a93 req-8cd03e34-c094-4368-8a45-2b3cd80f5a93 ] Request (ServersTestJSON:_run_cleanups): 200 GET http://10.180.1.21/compute/v2.1/servers/7f288547-1eed-49f8-afe3-3437976d952e 0.347s
2025-11-19 05:25:58.670 67290 INFO tempest.lib.common.rest_client [req-a2dd3011-b247-44af-94fb-4410e528ed39 req-a2dd3011-b247-44af-94fb-4410e528ed39 ] Request (ServersAdminNegativeTestJSON:test_migrate_server_invalid_state): 200 GET http://10.180.1.21/compute/v2.1/servers/af253425-b904-43e8-9cc8-26d29bf604ba 0.328s
2025-11-19 05:25:58.690 67284 INFO tempest.lib.common.rest_client [req-162a2fef-bd1d-4ef4-b64c-0333fd8ec77e req-162a2fef-bd1d-4ef4-b64c-0333fd8ec77e ] Request (ListImageFiltersTestJSON:setUpClass): 200 GET http://10.180.1.21/compute/v2.1/servers/0e28205c-1a4e-404f-9531-2a724b2577d2 0.290s
2025-11-19 05:25:58.719 67296 INFO tempest.lib.common.rest_client [req-fe0fc727-98b7-4f73-a4a8-c663a10f3b94 req-fe0fc727-98b7-4f73-a4a8-c663a10f3b94 ] Request (DeleteServersAdminTestJSON:test_admin_delete_servers_of_others): 200 GET http://10.180.1.21/compute/v2.1/servers/21e15241-5a96-4b49-9870-ada6bc031074 0.270s
2025-11-19 05:25:58.741 67346 INFO tempest.lib.common.rest_client [req-56ec33a7-b99e-4a99-99c5-12ef83fdff3e req-56ec33a7-b99e-4a99-99c5-12ef83fdff3e ] Request (FloatingIPsAssociationNegativeTestJSON:tearDownClass): 404 GET http://10.180.1.21/compute/v2.1/servers/9f2a2e80-3ac0-4cfe-9b4d-df621cce554e 0.224s
2025-11-19 05:25:58.745 67336 INFO tempest.lib.common.rest_client [req-3a2e899a-277a-490c-b8b9-c00984421989 req-3a2e899a-277a-490c-b8b9-c00984421989 ] Request (ServersNegativeTestMultiTenantJSON:setUpClass): 200 GET http://10.180.1.21/compute/v2.1/servers/dd1fd305-c2a0-4ae6-9204-36966f572206 0.244s
2025-11-19 05:25:58.864 67330 INFO tempest.lib.common.rest_client [req-50b68a38-d9ab-488e-bb18-2c8ce2607f4a req-50b68a38-d9ab-488e-bb18-2c8ce2607f4a ] Request (ServerActionsTestOtherB:setUpClass): 200 GET http://10.180.1.21/compute/v2.1/servers/8e71c4b2-f2b6-4fb5-81c1-2f4137733e83 0.314s
2025-11-19 05:25:58.968 67324 INFO tempest.lib.common.rest_client [req-4ee5900e-cb00-475c-b84f-6b6268f541e7 req-4ee5900e-cb00-475c-b84f-6b6268f541e7 ] Request (SecurityGroupsTestJSON:test_list_security_groups_by_server): 200 GET http://10.180.1.21/compute/v2.1/servers/4080e8c8-b166-419f-892d-097e1dc4c70d 0.400s
2025-11-19 05:25:59.246 67338 WARNING tempest.lib.common.ssh [-] Failed to establish authenticated ssh connection to cirros@10.180.180.213 ([Errno None] Unable to connect to port 22 on 10.180.180.213). Number attempts: 1. Retry after 2 seconds.: paramiko.ssh_exception.NoValidConnectionsError: [Errno None] Unable to connect to port 22 on 10.180.180.213
2025-11-19 05:25:59.272 67332 INFO tempest.lib.common.rest_client [req-c4364823-cb36-4896-9deb-b6e59203fbda req-c4364823-cb36-4896-9deb-b6e59203fbda ] Request (ServerRescueTestJSONUnderV235:test_rescued_vm_add_remove_security_group): 202 POST http://10.180.1.21/compute/v2.1/servers/cd1a36c2-33d4-4185-9653-a1e197f9f0aa/action 0.713s
2025-11-19 05:25:59.316 67316 INFO tempest.lib.common.rest_client [req-77aac73a-c2ff-41f1-8a99-3a3cc4719695 req-77aac73a-c2ff-41f1-8a99-3a3cc4719695 ] Request (ServerDiskConfigTestJSON:test_resize_server_from_auto_to_manual): 200 GET http://10.180.1.21/compute/v2.1/servers/b5d6f43b-ba4d-414c-953c-e9f3c9b98a59 0.708s
2025-11-19 05:25:59.346 67308 INFO tempest.lib.common.rest_client [req-732cf92e-1bab-4bc8-8e3d-ecef0d03d12e req-732cf92e-1bab-4bc8-8e3d-ecef0d03d12e ] Request (ServerShowV254Test:test_rebuild_server): 200 GET http://10.180.1.21/compute/v2.1/servers/69bf2234-b166-44d1-bc16-fb295d6cca4d 0.718s
2025-11-19 05:25:59.430 67322 INFO tempest.lib.common.rest_client [req-4f1c0709-ef4d-432b-8a7d-d6fe4e1334e6 req-4f1c0709-ef4d-432b-8a7d-d6fe4e1334e6 ] Request (ServersTestManualDisk:setUpClass): 200 GET http://10.180.1.21/compute/v2.1/servers/d6572b42-c504-4906-a643-2120c5950c66 0.773s
2025-11-19 05:25:59.447 67320 INFO tempest.lib.common.rest_client [req-b2e76dda-269f-4ca9-900e-46dd006bfa9a req-b2e76dda-269f-4ca9-900e-46dd006bfa9a ] Request (ServersAdminTestJSON:test_inject_network_info): 200 GET http://10.180.1.21/compute/v2.1/servers/ddc30c51-f986-4387-874b-799a6b771163 0.770s
2025-11-19 05:25:59.571 67346 INFO tempest.lib.common.rest_client [req-7fcab40b-fd50-4e7c-8702-b33ed664abf1 req-7fcab40b-fd50-4e7c-8702-b33ed664abf1 ] Request (FloatingIPsAssociationNegativeTestJSON:tearDownClass): 200 PUT http://10.180.1.21/networking/v2.0/routers/cd62cd58-903a-49b4-9522-2abef5f0dc0e/remove_router_interface 0.829s
2025-11-19 05:25:59.607 67312 INFO tempest.lib.common.rest_client [req-1a2a0e4f-8b25-4f26-b441-f7ae303cc17d req-1a2a0e4f-8b25-4f26-b441-f7ae303cc17d ] Request (InstanceActionsV221TestJSON:test_get_list_deleted_instance_actions): 200 GET http://10.180.1.21/compute/v2.1/servers/5560f636-63b7-42e9-8a90-77353ae29ee9 0.868s
2025-11-19 05:25:59.652 67304 INFO tempest.lib.common.rest_client [req-331609cd-553a-444c-b5be-31b0e89652e8 req-331609cd-553a-444c-b5be-31b0e89652e8 ] Request (MigrationsAdminTest:test_resize_server_revert_deleted_flavor): 200 GET http://10.180.1.21/compute/v2.1/servers/b4929a73-3817-4232-bdf0-4772e8b1c2eb 0.780s
2025-11-19 05:25:59.744 67288 INFO tempest.lib.common.rest_client [req-466366bd-2131-4575-8593-d8dcb3600046 req-466366bd-2131-4575-8593-d8dcb3600046 ] Request (ImagesOneServerNegativeTestJSON:_run_cleanups): 200 GET http://10.180.1.21/compute/v2.1/servers/637a0814-951b-48fa-b87d-8baa01d6b3b8 0.826s
2025-11-19 05:25:59.813 67292 INFO tempest.lib.common.rest_client [req-628e4c24-02d0-4d51-8d4d-fbaad3ced1d4 req-628e4c24-02d0-4d51-8d4d-fbaad3ced1d4 ] Request (ServersNegativeTestJSON:test_shelve_shelved_server): 200 GET http://10.180.1.21/compute/v2.1/servers/85c884f0-f4bc-4327-852f-df618418c61c 0.922s
2025-11-19 05:25:59.824 67292 INFO tempest.common.waiters [-] State transition "ACTIVE/shelving" ==> "ACTIVE/shelving_image_pending_upload" after 2 second wait
2025-11-19 05:25:59.904 67310 INFO tempest.lib.common.rest_client [req-177ca5a4-04c1-4d1d-82f6-71a0ce551c2d req-177ca5a4-04c1-4d1d-82f6-71a0ce551c2d ] Request (AttachInterfacesV270Test:tearDownClass): 200 GET http://10.180.1.21/compute/v2.1/servers/81462696-e07e-4236-a5b2-c5e893afa56d 0.688s
2025-11-19 05:25:59.937 67334 INFO tempest.lib.common.rest_client [req-182a5cb6-8936-4fa1-9eed-3c5423ffc4af req-182a5cb6-8936-4fa1-9eed-3c5423ffc4af ] Request (ImagesTestJSON:test_create_server_from_snapshot): 200 GET http://10.180.1.21/compute/v2.1/servers/19996a7d-eab2-4563-aa2b-824cb6894b22 0.809s
2025-11-19 05:25:59.998 67340 INFO tempest.lib.common.rest_client [req-ff6f542a-6b35-41ad-bd70-d338523d2cf6 req-ff6f542a-6b35-41ad-bd70-d338523d2cf6 ] Request (DeleteServersTestJSON:test_delete_server_while_in_attached_volume): 200 GET http://10.180.1.21/compute/v2.1/servers/cce4526c-9e4e-41d5-867c-d1cd29bdee98 0.729s
2025-11-19 05:26:00.040 67346 INFO tempest.lib.common.rest_client [req-582d1923-f50a-4051-a25d-4abd94aedf5b req-582d1923-f50a-4051-a25d-4abd94aedf5b ] Request (FloatingIPsAssociationNegativeTestJSON:tearDownClass): 204 DELETE http://10.180.1.21/networking/v2.0/routers/cd62cd58-903a-49b4-9522-2abef5f0dc0e 0.468s
2025-11-19 05:26:00.120 67326 INFO tempest.lib.common.rest_client [req-11a9cd43-ddf7-4213-b756-60772493f281 req-11a9cd43-ddf7-4213-b756-60772493f281 ] Request (ListServerFiltersTestJSON:tearDownClass): 200 GET http://10.180.1.21/compute/v2.1/servers/c4d351c7-5d39-498f-9aa8-e04887e33ffb 0.805s
2025-11-19 05:26:00.196 67346 INFO tempest.lib.common.rest_client [req-2f230bea-2850-42b3-b6c8-cd4c20be54e8 req-2f230bea-2850-42b3-b6c8-cd4c20be54e8 ] Request (FloatingIPsAssociationNegativeTestJSON:tearDownClass): 204 DELETE http://10.180.1.21/networking/v2.0/subnets/50add14f-c66d-4b60-84b7-1a31dfba4c17 0.156s
2025-11-19 05:26:00.217 67302 INFO tempest.lib.common.rest_client [req-98710116-e891-49a7-bb7b-ddbc0cc5fefb req-98710116-e891-49a7-bb7b-ddbc0cc5fefb ] Request (TenantUsagesTestJSON:setUpClass): 200 GET http://10.180.1.21/compute/v2.1/servers/e553f289-9a6b-4461-89e8-d48cf81fcb8a 0.883s
2025-11-19 05:26:00.375 67332 INFO tempest.lib.common.rest_client [req-6b93ccc4-d0a5-4260-94d9-3160955ab17f req-6b93ccc4-d0a5-4260-94d9-3160955ab17f ] Request (ServerRescueTestJSONUnderV235:test_rescued_vm_add_remove_security_group): 202 POST http://10.180.1.21/compute/v2.1/servers/cd1a36c2-33d4-4185-9653-a1e197f9f0aa/action 1.102s
2025-11-19 05:26:00.403 67300 INFO tempest.lib.common.rest_client [req-5c585e8c-8275-482b-b16b-4710d0fa51c5 req-5c585e8c-8275-482b-b16b-4710d0fa51c5 ] Request (ListServersNegativeTestJSON:setUpClass): 200 GET http://10.180.1.21/compute/v2.1/servers/03ad3074-dd20-4a8c-b2a3-93c0ccc817f4 1.024s
2025-11-19 05:26:00.476 67298 INFO tempest.lib.common.rest_client [req-2e823dcb-a8c0-448e-9863-1e4aa9326474 req-2e823dcb-a8c0-448e-9863-1e4aa9326474 ] Request (ServerRescueNegativeTestJSON:setUpClass): 200 GET http://10.180.1.21/compute/v2.1/servers/a69ac999-856f-461e-8e23-b04676a2c5b1 1.014s
2025-11-19 05:26:00.480 67346 INFO tempest.lib.common.rest_client [req-be444bff-5f8a-4d43-9e9b-a168a977af7c req-be444bff-5f8a-4d43-9e9b-a168a977af7c ] Request (FloatingIPsAssociationNegativeTestJSON:tearDownClass): 204 DELETE http://10.180.1.21/networking/v2.0/networks/f38d6ef5-9abf-49b9-b7c0-e0090f13af9a 0.283s
2025-11-19 05:26:00.492 67306 INFO tempest.lib.common.rest_client [req-85ec748a-4fa3-4454-8683-dfa9bde81699 req-85ec748a-4fa3-4454-8683-dfa9bde81699 ] Request (AttachInterfacesTestJSON:_run_cleanups): 200 GET http://10.180.1.21/compute/v2.1/servers/a8687815-6c30-43e7-b1c1-0d365a189dac 1.091s
2025-11-19 05:26:00.599 67314 INFO tempest.lib.common.rest_client [req-a5a419a9-647d-4f16-b35c-cd20fe59eae0 req-a5a419a9-647d-4f16-b35c-cd20fe59eae0 ] Request (ServersWithSpecificFlavorTestJSON:test_verify_created_server_ephemeral_disk): 200 GET http://10.180.1.21/compute/v2.1/servers/9fed7b2c-b23b-4f3a-a031-d1e47d2c9491 1.124s
2025-11-19 05:26:00.614 67346 INFO tempest.lib.common.rest_client [req-6a23f8b6-51fb-411e-a2ef-fee0230a20a4 req-6a23f8b6-51fb-411e-a2ef-fee0230a20a4 ] Request (FloatingIPsAssociationNegativeTestJSON:tearDownClass): 204 DELETE http://10.180.1.21/identity/v3/users/5e0b21018d0d4d0a99230658c65aeb91 0.133s
2025-11-19 05:26:00.614 67346 INFO tempest.lib.common.dynamic_creds [-] Deleting project and security group for project: 1693aa25f75b4a56b2f305d6f6555844
