2025-12-08 17:25:15.260 65843 INFO tempest.lib.common.rest_client [req-959321f8-6464-43d6-b645-7daf73288876 req-959321f8-6464-43d6-b645-7daf73288876 ] Request (ServersAdminNegativeTestJSON:tearDownClass): 204 DELETE http://10.180.1.21/networking/v2.0/security-groups/e33573b4-6e20-4958-b534-744277031b44 0.123s
2025-12-08 17:25:15.324 65839 INFO tempest.lib.common.rest_client [req-a3c37de1-a86e-4417-a446-8458b1806823 req-a3c37de1-a86e-4417-a446-8458b1806823 ] Request (VolumesAssistedSnapshotsTest:tearDownClass): 200 GET http://10.180.1.21/compute/v2.1/servers/b72f98f6-f233-4a51-b4ac-fef6364407f1 4.695s
2025-12-08 17:25:15.394 65843 INFO tempest.lib.common.rest_client [req-b9a6ec8c-51ce-4687-9302-2bd96c97da86 req-b9a6ec8c-51ce-4687-9302-2bd96c97da86 ] Request (ServersAdminNegativeTestJSON:tearDownClass): 204 DELETE http://10.180.1.21/identity/v3/projects/084f3b05a4bf4688bf8e385ebb69eb68 0.134s
2025-12-08 17:25:15.395 65843 INFO tempest.test [-] raised in SpiceDirectConsoleTestJSON.setUpClass. Invoking tearDownClass.
2025-12-08 17:25:15.396 65845 INFO tempest.lib.common.rest_client [req-4436c0f3-8e47-4bf1-b400-689e731980d2 req-4436c0f3-8e47-4bf1-b400-689e731980d2 ] Request (ServersTestFqdnHostnames:tearDownClass): 200 GET http://10.180.1.21/compute/v2.1/servers/d72d778b-dd55-4ac5-a55a-ffa2176f8aa1 4.524s
2025-12-08 17:25:15.397 65843 INFO tempest.test [-] raised in NoVNCConsoleTestJSON.setUpClass. Invoking tearDownClass.
2025-12-08 17:25:15.488 65843 INFO tempest.lib.common.rest_client [req-0365aabe-67d5-432d-9df4-4102fd8f1cf9 req-0365aabe-67d5-432d-9df4-4102fd8f1cf9 ] Request (ServerGroup264TestJSON:setUpClass): 201 POST http://10.180.1.21/identity/v3/auth/tokens 0.088s
2025-12-08 17:25:15.546 65843 INFO tempest.lib.common.rest_client [req-442e1498-1591-4987-a0c2-4257584bdf9e req-442e1498-1591-4987-a0c2-4257584bdf9e ] Request (ServerGroup264TestJSON:setUpClass): 201 POST http://10.180.1.21/identity/v3/auth/tokens 0.056s
2025-12-08 17:25:15.553 65865 WARNING tempest.lib.common.ssh [-] Failed to establish authenticated ssh connection to cirros@10.180.180.151 ([Errno None] Unable to connect to port 22 on 10.180.180.151). Number attempts: 5. Retry after 6 seconds.: paramiko.ssh_exception.NoValidConnectionsError: [Errno None] Unable to connect to port 22 on 10.180.180.151
2025-12-08 17:25:15.577 65843 INFO tempest.lib.common.rest_client [req-d0602bcb-9f2d-423b-bb5e-cd1aa77375a0 req-d0602bcb-9f2d-423b-bb5e-cd1aa77375a0 ] Request (ServerGroup264TestJSON:setUpClass): 200 GET http://10.180.1.21/identity/v3/domains?name=Default 0.030s
2025-12-08 17:25:15.605 65835 INFO tempest.lib.common.rest_client [req-230a10ed-d5f0-465e-91ec-95f6fc9fd5c5 req-230a10ed-d5f0-465e-91ec-95f6fc9fd5c5 ] Request (ListServerFiltersTestJSON:test_list_servers_filtered_by_ip_regex): 200 GET http://10.180.1.21/compute/v2.1/servers/afbf2157-90f8-4235-8f60-472d84ce9bd9 4.727s
2025-12-08 17:25:15.609 65843 INFO tempest.lib.common.rest_client [req-516ffd8b-e698-4dfe-bc44-1b344a89619c req-516ffd8b-e698-4dfe-bc44-1b344a89619c ] Request (ServerGroup264TestJSON:setUpClass): 201 POST http://10.180.1.21/identity/v3/projects 0.031s
2025-12-08 17:25:15.682 65829 INFO tempest.lib.common.rest_client [req-a2af9546-2e57-4b6d-981d-b34d3698e7a2 req-a2af9546-2e57-4b6d-981d-b34d3698e7a2 ] Request (AttachInterfacesTestJSON:test_create_list_show_delete_interfaces_by_fixed_ip): 202 POST http://10.180.1.21/compute/v2.1/servers 5.166s
2025-12-08 17:25:15.686 65843 INFO tempest.lib.common.rest_client [req-0bf16372-ebd8-4289-96d1-b4fadc0a1066 req-0bf16372-ebd8-4289-96d1-b4fadc0a1066 ] Request (ServerGroup264TestJSON:setUpClass): 201 POST http://10.180.1.21/identity/v3/users 0.076s
2025-12-08 17:25:15.696 65837 INFO tempest.lib.common.rest_client [req-04fb99f4-e81d-460e-a73d-0ba2ac822029 req-04fb99f4-e81d-460e-a73d-0ba2ac822029 ] Request (ListServersNegativeTestJSON:setUpClass): 200 GET http://10.180.1.21/compute/v2.1/servers/225f5425-83d8-441b-912c-7ca1815e531f 4.198s
2025-12-08 17:25:15.714 65843 INFO tempest.lib.common.rest_client [req-570a1507-044d-4e9f-a7f5-2ef99a67abbd req-570a1507-044d-4e9f-a7f5-2ef99a67abbd ] Request (ServerGroup264TestJSON:setUpClass): 200 GET http://10.180.1.21/identity/v3/roles 0.028s
2025-12-08 17:25:15.737 65827 INFO tempest.lib.common.rest_client [req-797a91e5-956f-43e9-a10b-75b5fd3872f8 req-797a91e5-956f-43e9-a10b-75b5fd3872f8 ] Request (ServerActionsTestOtherA:setUpClass): 200 GET http://10.180.1.21/compute/v2.1/servers/6ca5c62d-cf52-4f78-9e01-5623f4989442 4.136s
2025-12-08 17:25:15.744 65827 INFO tempest.common.waiters [-] State transition "BUILD/None" ==> "BUILD/networking" after 63 second wait
2025-12-08 17:25:15.751 65843 INFO tempest.lib.common.rest_client [req-a142c2a1-32aa-4e89-a9d3-579f7ca06cc9 req-a142c2a1-32aa-4e89-a9d3-579f7ca06cc9 ] Request (ServerGroup264TestJSON:setUpClass): 204 PUT http://10.180.1.21/identity/v3/projects/454b7752c3b14760a5585b2b40faf54b/users/ad85836e9b14475a821975338ffef874/roles/b3dd0e4209014f9fa504e1e8d33673a7 0.036s
2025-12-08 17:25:15.751 65843 INFO tempest.lib.common.dynamic_creds [-] Dynamic test user ad85836e9b14475a821975338ffef874 is created with scope project and roles: ['member']
2025-12-08 17:25:15.751 65843 INFO tempest.lib.common.dynamic_creds [-] Acquired dynamic creds: credentials: Credentials: {'domain_id': 'default', 'domain_name': 'Default', 'username': 'tempest-ServerGroup264TestJSON-307653441-project-member', 'project_domain_id': 'default', 'project_domain_name': 'Default', 'project_id': '454b7752c3b14760a5585b2b40faf54b', 'project_name': 'tempest-ServerGroup264TestJSON-307653441', 'tenant_id': '454b7752c3b14760a5585b2b40faf54b', 'tenant_name': 'tempest-ServerGroup264TestJSON-307653441', 'user_domain_id': 'default', 'user_domain_name': 'Default', 'user_id': 'ad85836e9b14475a821975338ffef874', 'system': None}, Network: None, Subnet: None, Router: None
2025-12-08 17:25:15.796 65849 INFO tempest.lib.common.rest_client [req-fea5db3b-aff8-4e8e-878d-bea19f1da313 req-fea5db3b-aff8-4e8e-878d-bea19f1da313 ] Request (SecurityGroupsTestJSON:test_server_security_groups): 200 GET http://10.180.1.21/compute/v2.1/servers/835213c0-7178-41ac-ab06-27e678ff73ec 4.093s
2025-12-08 17:25:15.831 65843 INFO tempest.lib.common.rest_client [req-d3d314cb-a7ff-4166-bbb2-5724b71e6d15 req-d3d314cb-a7ff-4166-bbb2-5724b71e6d15 ] Request (ServerGroup264TestJSON:setUpClass): 201 POST http://10.180.1.21/identity/v3/auth/tokens 0.079s
2025-12-08 17:25:15.869 65817 INFO tempest.lib.common.rest_client [req-89dc9988-c0c9-48fa-9991-2a169a952cc3 req-89dc9988-c0c9-48fa-9991-2a169a952cc3 ] Request (ServerActionsTestOtherB:test_create_backup): 200 GET http://10.180.1.21/compute/v2.1/servers/f0ae0ad7-7800-4f5a-a270-7749177b8675 4.203s
2025-12-08 17:25:15.877 65817 INFO tempest.common.waiters [-] State transition "ACTIVE/image_uploading" ==> "ACTIVE/None" after 5 second wait
2025-12-08 17:25:15.884 65805 INFO tempest.lib.common.rest_client [req-2732c3fa-a754-4294-9697-86825f8e3fd2 req-2732c3fa-a754-4294-9697-86825f8e3fd2 ] Request (ServersTestJSON:setUpClass): 200 GET http://10.180.1.21/compute/v2.1/servers/8f28d898-567e-409c-95bf-10e8000cdc4b 4.131s
2025-12-08 17:25:15.928 65821 INFO tempest.lib.common.rest_client [req-908fc8c4-9f69-4bc2-89bc-59ecc25f3798 req-908fc8c4-9f69-4bc2-89bc-59ecc25f3798 ] Request (ImagesTestJSON:test_create_image_from_stopped_server): 200 GET http://10.180.1.21/compute/v2.1/images/4cadbe75-259c-4503-9a4b-2436740ce8d3 3.106s
2025-12-08 17:25:15.933 65823 INFO tempest.lib.common.rest_client [req-b58da872-29ed-4529-8b4e-cf819a565486 req-b58da872-29ed-4529-8b4e-cf819a565486 ] Request (ListImageFiltersTestJSON:setUpClass): 200 GET http://10.180.1.21/compute/v2.1/images/20ee15cb-0879-459c-bb91-d1772d2dfd98 2.107s
2025-12-08 17:25:15.968 65821 INFO tempest.lib.common.rest_client [req-7ebab51d-000d-4420-ad58-f401988559dc req-7ebab51d-000d-4420-ad58-f401988559dc ] Request (ImagesTestJSON:test_create_image_from_stopped_server): 200 GET http://10.180.1.21/image/v2/images/4cadbe75-259c-4503-9a4b-2436740ce8d3/tasks 0.036s
2025-12-08 17:25:16.003 65833 INFO tempest.lib.common.rest_client [req-2e1a0c5d-5bc7-49f8-92c1-1841055743c8 req-2e1a0c5d-5bc7-49f8-92c1-1841055743c8 ] Request (AttachInterfacesUnderV243Test:test_add_remove_fixed_ip): 200 GET http://10.180.1.21/compute/v2.1/servers/f7259aaf-7b19-40d1-b05b-825f31a78756 1.981s
2025-12-08 17:25:16.023 65847 INFO tempest.lib.common.rest_client [req-a234faa8-9b42-4320-9075-9861549a9b2a req-a234faa8-9b42-4320-9075-9861549a9b2a ] Request (ServersListShow298Test:test_list_show_update_rebuild_server_298): 200 GET http://10.180.1.21/compute/v2.1/servers/5b08f3ba-7400-48f2-af8c-a0ea3ec59dc2 2.101s
2025-12-08 17:25:16.160 65831 INFO tempest.lib.common.rest_client [req-da02ed35-6175-48e4-b5af-55450d8643f0 req-da02ed35-6175-48e4-b5af-55450d8643f0 ] Request (ServerRescueTestJSONUnderV235:setUpClass): 200 GET http://10.180.1.21/compute/v2.1/servers/f7fb46f9-1425-4f94-bcf1-dd722c442144 2.069s
2025-12-08 17:25:16.169 65843 INFO tempest.lib.common.rest_client [req-42bf846d-ad9c-49e5-9ff5-2e14de859c12 req-42bf846d-ad9c-49e5-9ff5-2e14de859c12 ] Request (ServerGroup264TestJSON:setUpClass): 201 POST http://10.180.1.21/networking/v2.0/networks 0.337s
2025-12-08 17:25:16.203 65815 INFO tempest.lib.common.rest_client [req-921cd460-9dc9-4e1f-8309-b2d5bd027df1 req-921cd460-9dc9-4e1f-8309-b2d5bd027df1 ] Request (InstanceActionsTestJSON:setUpClass): 200 GET http://10.180.1.21/compute/v2.1/servers/81d406bb-f0e6-487c-841e-a13ae7736af0 2.146s
2025-12-08 17:25:16.213 65815 INFO tempest.common.waiters [-] State transition "BUILD/spawning" ==> "ACTIVE/None" after 69 second wait
2025-12-08 17:25:16.384 65843 INFO tempest.lib.common.rest_client [req-3c85bf56-f15b-4d03-b696-041e8061b5e6 req-3c85bf56-f15b-4d03-b696-041e8061b5e6 ] Request (ServerGroup264TestJSON:setUpClass): 201 POST http://10.180.1.21/networking/v2.0/subnets 0.213s
2025-12-08 17:25:16.408 65867 INFO tempest.lib.common.rest_client [req-976d63eb-5cc0-4009-a8ec-d61468b51d52 req-976d63eb-5cc0-4009-a8ec-d61468b51d52 ] Request (ServerRescueNegativeTestJSON:test_rescued_vm_detach_volume): 200 GET http://10.180.1.21/compute/v2.1/servers/f7468e7d-2bed-4b9a-a642-b7f628a95305 2.295s
2025-12-08 17:25:16.464 65859 INFO tempest.lib.common.rest_client [req-d9d2a836-f315-41d9-9a38-f2e944e31830 req-d9d2a836-f315-41d9-9a38-f2e944e31830 ] Request (ServerShowV254Test:test_rebuild_server): 200 GET http://10.180.1.21/compute/v2.1/servers/37a306f7-02f2-41cd-98db-fc3eb003b7a4 2.311s
2025-12-08 17:25:16.572 65863 INFO tempest.lib.common.rest_client [req-0801918e-4481-4181-9960-b6758356eb9b req-0801918e-4481-4181-9960-b6758356eb9b ] Request (ServersTestJSON:_run_cleanups): 200 GET http://10.180.1.21/compute/v2.1/servers/5eaf1535-4d97-4020-b2a5-4f37e21026e0 2.389s
2025-12-08 17:25:16.618 65855 INFO tempest.lib.common.rest_client [req-c853a93f-be92-4706-b284-0292c6754eb0 req-c853a93f-be92-4706-b284-0292c6754eb0 ] Request (MigrationsAdminTest:test_resize_server_revert_deleted_flavor): 200 GET http://10.180.1.21/compute/v2.1/servers/9322f1d0-3ffb-46c6-8974-7fe56a517f7f 2.412s
2025-12-08 17:25:17.199 65843 INFO tempest.lib.common.rest_client [req-2232ba19-2a80-475c-8652-19f812d6d554 req-2232ba19-2a80-475c-8652-19f812d6d554 ] Request (ServerGroup264TestJSON:setUpClass): 201 POST http://10.180.1.21/networking/v2.0/routers 0.815s
2025-12-08 17:25:17.262 65809 INFO tempest.lib.common.rest_client [req-637cd966-9a40-4892-9079-51fe9e7b88c2 req-637cd966-9a40-4892-9079-51fe9e7b88c2 ] Request (MultipleCreateTestJSON:_run_cleanups): 200 GET http://10.180.1.21/compute/v2.1/servers/a1383469-5eaa-41c0-950c-fc5b071d8f62 2.998s
2025-12-08 17:25:17.279 65807 INFO tempest.lib.common.rest_client [req-3c1eb327-3807-4a17-8138-f1d1022a5a7c req-3c1eb327-3807-4a17-8138-f1d1022a5a7c ] Request (InstanceActionsNegativeTestJSON:setUpClass): 200 GET http://10.180.1.21/compute/v2.1/servers/f523a556-180d-4c8f-be38-0f7f9110df7b 3.002s
2025-12-08 17:25:18.147 65843 INFO tempest.lib.common.rest_client [req-7681b522-1d6d-45cc-ad55-e5bc4104c7b2 req-7681b522-1d6d-45cc-ad55-e5bc4104c7b2 ] Request (ServerGroup264TestJSON:setUpClass): 200 PUT http://10.180.1.21/networking/v2.0/routers/01539e95-2f0a-4bb7-b0d2-7df543640852/add_router_interface 0.947s
2025-12-08 17:25:18.147 65843 INFO tempest.lib.common.dynamic_creds [-] Created isolated network resources for: credentials: Credentials: {'domain_id': 'default', 'domain_name': 'Default', 'username': 'tempest-ServerGroup264TestJSON-307653441-project-member', 'project_domain_id': 'default', 'project_domain_name': 'Default', 'project_id': '454b7752c3b14760a5585b2b40faf54b', 'project_name': 'tempest-ServerGroup264TestJSON-307653441', 'tenant_id': '454b7752c3b14760a5585b2b40faf54b', 'tenant_name': 'tempest-ServerGroup264TestJSON-307653441', 'user_domain_id': 'default', 'user_domain_name': 'Default', 'user_id': 'ad85836e9b14475a821975338ffef874', 'system': None}, Network: {'id': '9243bb1c-ccce-42e7-9873-a3794fc518a9', 'name': 'tempest-ServerGroup264TestJSON-1678011838-network', 'tenant_id': '454b7752c3b14760a5585b2b40faf54b', 'project_id': '454b7752c3b14760a5585b2b40faf54b', 'admin_state_up': True, 'mtu': 8950, 'status': 'ACTIVE', 'subnets': [], 'shared': False, 'port_security_enabled': True, 'router:external': False, 'provider:network_type': 'vlan', 'provider:physical_network': 'default', 'provider:segmentation_id': 162, 'availability_zone_hints': [], 'availability_zones': [], 'ipv4_address_scope': None, 'ipv6_address_scope': None, 'description': '', 'tags': [], 'created_at': '2025-12-08T17:25:16Z', 'updated_at': '2025-12-08T17:25:16Z', 'revision_number': 1}, Subnet: {'id': 'c7e40530-df0b-40f1-adfb-bc347741a07b', 'name': 'tempest-ServerGroup264TestJSON-1678011838-subnet', 'tenant_id': '454b7752c3b14760a5585b2b40faf54b', 'network_id': '9243bb1c-ccce-42e7-9873-a3794fc518a9', 'ip_version': 4, 'subnetpool_id': None, 'enable_dhcp': True, 'ipv6_ra_mode': None, 'ipv6_address_mode': None, 'gateway_ip': '192.168.128.1', 'cidr': '192.168.128.0/28', 'allocation_pools': [{'start': '192.168.128.2', 'end': '192.168.128.14'}], 'host_routes': [], 'dns_nameservers': [], 'description': '', 'router:external': False, 'service_types': [], 'tags': [], 'created_at': '2025-12-08T17:25:16Z', 'updated_at': '2025-12-08T17:25:16Z', 'revision_number': 0, 'project_id': '454b7752c3b14760a5585b2b40faf54b'}, Router: {'id': '01539e95-2f0a-4bb7-b0d2-7df543640852', 'name': 'tempest-ServerGroup264TestJSON-1678011838-router', 'tenant_id': '454b7752c3b14760a5585b2b40faf54b', 'admin_state_up': True, 'status': 'ACTIVE', 'external_gateway_info': {'network_id': 'd11f67c9-75e0-4f1a-a772-58e68e803477', 'external_fixed_ips': [{'subnet_id': '12929faa-3c88-46a1-84e2-4de6deaffccc', 'ip_address': '10.180.180.183'}], 'enable_snat': True}, 'description': '', 'availability_zones': [], 'distributed': False, 'ha': False, 'availability_zone_hints': [], 'routes': [], 'flavor_id': None, 'tags': [], 'created_at': '2025-12-08T17:25:16Z', 'updated_at': '2025-12-08T17:25:16Z', 'revision_number': 2, 'project_id': '454b7752c3b14760a5585b2b40faf54b'}
2025-12-08 17:25:18.258 65843 INFO tempest.lib.common.rest_client [req-7f45bfbf-8ee4-42e6-a87f-7f372138985d req-7f45bfbf-8ee4-42e6-a87f-7f372138985d ] Request (ServerGroup264TestJSON:setUpClass): 201 POST http://10.180.1.21/identity/v3/auth/tokens 0.107s
2025-12-08 17:25:18.320 65813 INFO tempest.lib.common.rest_client [req-dd3548b2-7e7a-42e6-a038-fa93481ee345 req-dd3548b2-7e7a-42e6-a038-fa93481ee345 ] Request (ServerDiskConfigTestJSON:test_rebuild_server_with_auto_disk_config): 200 GET http://10.180.1.21/compute/v2.1/servers/b3fef10e-1394-434b-b1b7-f239a27e182b 3.313s
2025-12-08 17:25:18.329 65813 INFO tempest.common.waiters [-] State transition "BUILD/networking" ==> "BUILD/spawning" after 70 second wait
2025-12-08 17:25:18.340 65841 INFO tempest.lib.common.rest_client [req-e4dde9b9-ecf8-4242-a632-f99560557639 req-e4dde9b9-ecf8-4242-a632-f99560557639 ] Request (ServersAdminTestJSON:test_rebuild_server_in_error_state): 200 GET http://10.180.1.21/compute/v2.1/servers/204b5f52-2264-4c23-8799-4b3f57682409 3.296s
2025-12-08 17:25:18.349 65841 INFO tempest.common.waiters [-] State transition "REBUILD/rebuild_spawning" ==> "ACTIVE/None" after 16 second wait
2025-12-08 17:25:18.481 65835 INFO tempest.lib.common.rest_client [req-dd550600-b98d-4fc6-8bb4-65703923d5d1 req-dd550600-b98d-4fc6-8bb4-65703923d5d1 ] Request (ListServerFiltersTestJSON:test_list_servers_filtered_by_ip_regex): 200 GET http://10.180.1.21/compute/v2.1/servers/ae260ff0-bb11-4322-a30e-47a4c88eb6d9 2.863s
2025-12-08 17:25:18.532 65829 INFO tempest.lib.common.rest_client [req-6593a015-f815-4dcb-ba56-80495fbd89f6 req-6593a015-f815-4dcb-ba56-80495fbd89f6 ] Request (AttachInterfacesTestJSON:test_create_list_show_delete_interfaces_by_fixed_ip): 200 GET http://10.180.1.21/compute/v2.1/servers/5e5a538b-8f59-45ca-bece-6a0cff169e0a 2.848s
2025-12-08 17:25:18.752 65861 INFO tempest.lib.common.rest_client [req-82f82ed6-e6e4-4fc4-904c-b1a371474929 req-82f82ed6-e6e4-4fc4-904c-b1a371474929 ] Request (ServerPasswordTestJSON:setUpClass): 202 POST http://10.180.1.21/compute/v2.1/servers 3.542s
2025-12-08 17:25:18.888 65821 INFO tempest.lib.common.rest_client [req-597e161d-685a-4d54-94cb-e967aea0a4da req-597e161d-685a-4d54-94cb-e967aea0a4da ] Request (ImagesTestJSON:_run_cleanups): 204 DELETE http://10.180.1.21/compute/v2.1/images/4cadbe75-259c-4503-9a4b-2436740ce8d3 2.919s
2025-12-08 17:25:18.969 65853 INFO tempest.lib.common.rest_client [req-a8c51e94-0277-4fdc-a125-77daad55d26a req-a8c51e94-0277-4fdc-a125-77daad55d26a ] Request (ImagesOneServerNegativeTestJSON:_run_cleanups): 200 GET http://10.180.1.21/compute/v2.1/servers/ac639d87-8ce8-4762-a056-b369ec2627b6 2.897s
2025-12-08 17:25:19.041 65811 INFO tempest.lib.common.rest_client [req-20fb2de0-8f50-44c0-8bc0-97a27c133815 req-20fb2de0-8f50-44c0-8bc0-97a27c133815 ] Request (ServersWithSpecificFlavorTestJSON:test_verify_created_server_ephemeral_disk): 200 GET http://10.180.1.21/compute/v2.1/servers/3086c559-35b8-4e79-8478-27151b6a985d 2.951s
2025-12-08 17:25:19.068 65817 INFO tempest.lib.common.rest_client [req-8c368274-8f5c-433d-8ae5-a3b965b16cea req-8c368274-8f5c-433d-8ae5-a3b965b16cea ] Request (ServerActionsTestOtherB:test_create_backup): 202 POST http://10.180.1.21/compute/v2.1/servers/f0ae0ad7-7800-4f5a-a270-7749177b8675/action 3.191s
2025-12-08 17:25:19.094 65815 INFO tempest.lib.common.rest_client [req-7394e17b-4556-4e5c-8a3f-03f387639061 req-7394e17b-4556-4e5c-8a3f-03f387639061 ] Request (InstanceActionsTestJSON:test_get_instance_action): 200 GET http://10.180.1.21/compute/v2.1/servers/81d406bb-f0e6-487c-841e-a13ae7736af0/os-instance-actions/req-156ac679-6eb9-4a36-8e59-fc976417a4af 2.880s
2025-12-08 17:25:19.102 65817 INFO tempest.lib.common.rest_client [req-14b8c591-c2b9-4fdd-aa90-4297fcf0f122 req-14b8c591-c2b9-4fdd-aa90-4297fcf0f122 ] Request (ServerActionsTestOtherB:test_create_backup): 200 GET http://10.180.1.21/image/v2/images/ab85855e-3d10-4278-98a8-146e238a2ea8/tasks 0.033s
2025-12-08 17:25:19.155 65839 INFO tempest.lib.common.rest_client [req-2236a8ab-ac38-4244-a598-fed2d1806367 req-2236a8ab-ac38-4244-a598-fed2d1806367 ] Request (VolumesAssistedSnapshotsTest:tearDownClass): 200 GET http://10.180.1.21/compute/v2.1/servers/b72f98f6-f233-4a51-b4ac-fef6364407f1 2.820s
2025-12-08 17:25:19.161 65845 INFO tempest.lib.common.rest_client [req-80ebc454-5f4f-4791-82e1-2162b9c96220 req-80ebc454-5f4f-4791-82e1-2162b9c96220 ] Request (ServersTestFqdnHostnames:tearDownClass): 200 GET http://10.180.1.21/compute/v2.1/servers/d72d778b-dd55-4ac5-a55a-ffa2176f8aa1 2.748s
2025-12-08 17:25:19.224 65837 INFO tempest.lib.common.rest_client [req-2940cce6-59ea-458b-8c8b-9a4d3f278781 req-2940cce6-59ea-458b-8c8b-9a4d3f278781 ] Request (ListServersNegativeTestJSON:setUpClass): 200 GET http://10.180.1.21/compute/v2.1/servers/225f5425-83d8-441b-912c-7ca1815e531f 2.519s
2025-12-08 17:25:19.288 65849 INFO tempest.lib.common.rest_client [req-2d1124da-d96c-4384-9e8d-1357abbe1558 req-2d1124da-d96c-4384-9e8d-1357abbe1558 ] Request (SecurityGroupsTestJSON:test_server_security_groups): 200 GET http://10.180.1.21/compute/v2.1/servers/835213c0-7178-41ac-ab06-27e678ff73ec 2.479s
2025-12-08 17:25:19.300 65827 INFO tempest.lib.common.rest_client [req-51483eb6-cfd8-4e80-a881-199139cf04f9 req-51483eb6-cfd8-4e80-a881-199139cf04f9 ] Request (ServerActionsTestOtherA:setUpClass): 200 GET http://10.180.1.21/compute/v2.1/servers/6ca5c62d-cf52-4f78-9e01-5623f4989442 2.554s
2025-12-08 17:25:19.308 65827 INFO tempest.common.waiters [-] State transition "BUILD/networking" ==> "BUILD/spawning" after 67 second wait
2025-12-08 17:25:19.342 65805 INFO tempest.lib.common.rest_client [req-a23d1e2e-d69f-4751-879d-c8861131405e req-a23d1e2e-d69f-4751-879d-c8861131405e ] Request (ServersTestJSON:setUpClass): 200 GET http://10.180.1.21/compute/v2.1/servers/8f28d898-567e-409c-95bf-10e8000cdc4b 2.449s
2025-12-08 17:25:19.349 65823 INFO tempest.lib.common.rest_client [req-d5eb23d9-e839-4b31-872a-d2882f0dffc3 req-d5eb23d9-e839-4b31-872a-d2882f0dffc3 ] Request (ListImageFiltersTestJSON:setUpClass): 200 GET http://10.180.1.21/compute/v2.1/images/20ee15cb-0879-459c-bb91-d1772d2dfd98 2.412s
2025-12-08 17:25:19.397 65833 INFO tempest.lib.common.rest_client [req-e61551f6-276c-4c2a-b41e-c3dd3a9c49b0 req-e61551f6-276c-4c2a-b41e-c3dd3a9c49b0 ] Request (AttachInterfacesUnderV243Test:test_add_remove_fixed_ip): 200 GET http://10.180.1.21/compute/v2.1/servers/f7259aaf-7b19-40d1-b05b-825f31a78756 2.385s
2025-12-08 17:25:19.422 65847 INFO tempest.lib.common.rest_client [req-62971d02-bd52-48e1-ad1b-81351fbdb0fa req-62971d02-bd52-48e1-ad1b-81351fbdb0fa ] Request (ServersListShow298Test:test_list_show_update_rebuild_server_298): 200 GET http://10.180.1.21/compute/v2.1/servers/5b08f3ba-7400-48f2-af8c-a0ea3ec59dc2 2.388s
2025-12-08 17:25:19.460 65831 INFO tempest.lib.common.rest_client [req-5b0f4230-d033-4821-9f11-7f9130f6e5e1 req-5b0f4230-d033-4821-9f11-7f9130f6e5e1 ] Request (ServerRescueTestJSONUnderV235:setUpClass): 200 GET http://10.180.1.21/compute/v2.1/servers/f7fb46f9-1425-4f94-bcf1-dd722c442144 2.286s
2025-12-08 17:25:19.487 65867 INFO tempest.lib.common.rest_client [req-a357cabf-9e36-4de9-b054-2491953a38bb req-a357cabf-9e36-4de9-b054-2491953a38bb ] Request (ServerRescueNegativeTestJSON:test_rescued_vm_detach_volume): 200 GET http://10.180.1.21/compute/v2.1/servers/f7468e7d-2bed-4b9a-a642-b7f628a95305 2.069s
2025-12-08 17:25:19.495 65867 INFO tempest.common.waiters [-] State transition "BUILD/scheduling" ==> "BUILD/None" after 26 second wait
2025-12-08 17:25:19.515 65859 INFO tempest.lib.common.rest_client [req-64c40568-f240-44d5-a1fd-4556f8afbe0a req-64c40568-f240-44d5-a1fd-4556f8afbe0a ] Request (ServerShowV254Test:test_rebuild_server): 200 GET http://10.180.1.21/compute/v2.1/servers/37a306f7-02f2-41cd-98db-fc3eb003b7a4 2.039s
2025-12-08 17:25:19.555 65863 INFO tempest.lib.common.rest_client [req-fdf8c960-3e89-4e05-b295-118b98bf221e req-fdf8c960-3e89-4e05-b295-118b98bf221e ] Request (ServersTestJSON:_run_cleanups): 200 GET http://10.180.1.21/compute/v2.1/servers/5eaf1535-4d97-4020-b2a5-4f37e21026e0 1.970s
2025-12-08 17:25:19.570 65855 INFO tempest.lib.common.rest_client [req-8194f26e-d2af-4917-87d3-41e5d66bbc60 req-8194f26e-d2af-4917-87d3-41e5d66bbc60 ] Request (MigrationsAdminTest:test_resize_server_revert_deleted_flavor): 200 GET http://10.180.1.21/compute/v2.1/servers/9322f1d0-3ffb-46c6-8974-7fe56a517f7f 1.939s
2025-12-08 17:25:19.587 65819 WARNING tempest.lib.common.ssh [-] Failed to establish authenticated ssh connection to cirros@10.180.180.179 ([Errno None] Unable to connect to port 22 on 10.180.180.179). Number attempts: 14. Retry after 15 seconds.: paramiko.ssh_exception.NoValidConnectionsError: [Errno None] Unable to connect to port 22 on 10.180.180.179
2025-12-08 17:25:19.645 65809 INFO tempest.lib.common.rest_client [req-5ea3f8c1-f0ef-4bf4-b0c7-c0da17919f86 req-5ea3f8c1-f0ef-4bf4-b0c7-c0da17919f86 ] Request (MultipleCreateTestJSON:_run_cleanups): 200 GET http://10.180.1.21/compute/v2.1/servers/a1383469-5eaa-41c0-950c-fc5b071d8f62 1.374s
2025-12-08 17:25:19.679 65843 INFO tempest.lib.common.rest_client [req-0f4ff465-9f24-48c3-82e1-c74d6fcb06b2 req-0f4ff465-9f24-48c3-82e1-c74d6fcb06b2 ] Request (ServerGroup264TestJSON:test_create_get_server_group): 200 POST http://10.180.1.21/compute/v2.1/os-server-groups 1.419s
2025-12-08 17:25:19.694 65807 INFO tempest.lib.common.rest_client [req-5952952f-3f46-4ecd-9ec4-fd73f5594781 req-5952952f-3f46-4ecd-9ec4-fd73f5594781 ] Request (InstanceActionsNegativeTestJSON:setUpClass): 200 GET http://10.180.1.21/compute/v2.1/servers/f523a556-180d-4c8f-be38-0f7f9110df7b 1.406s
2025-12-08 17:25:19.779 65841 INFO tempest.lib.common.rest_client [req-b669dc78-3ecd-4638-838d-91864687c870 req-b669dc78-3ecd-4638-838d-91864687c870 ] Request (ServersAdminTestJSON:test_rebuild_server_in_error_state): 200 GET http://10.180.1.21/compute/v2.1/servers/204b5f52-2264-4c23-8799-4b3f57682409 1.429s
2025-12-08 17:25:19.828 65861 INFO tempest.lib.common.rest_client [req-6742eb5c-d102-4e55-8fbe-fc879e80f281 req-6742eb5c-d102-4e55-8fbe-fc879e80f281 ] Request (ServerPasswordTestJSON:setUpClass): 200 GET http://10.180.1.21/compute/v2.1/servers/233af8b9-8f53-4e88-b316-ac6e2e2f85a1 1.074s
2025-12-08 17:25:19.833 65835 INFO tempest.lib.common.rest_client [req-c7bb059c-898f-469a-a519-046d8d994e37 req-c7bb059c-898f-469a-a519-046d8d994e37 ] Request (ListServerFiltersTestJSON:test_list_servers_filtered_by_ip_regex): 200 GET http://10.180.1.21/compute/v2.1/servers/detail 1.343s
2025-12-08 17:25:19.894 65815 INFO tempest.lib.common.rest_client [req-50cffc66-8c62-4ae5-8914-563c12366786 req-50cffc66-8c62-4ae5-8914-563c12366786 ] Request (InstanceActionsTestJSON:test_list_instance_actions): 202 POST http://10.180.1.21/compute/v2.1/servers/81d406bb-f0e6-487c-841e-a13ae7736af0/action 0.796s
2025-12-08 17:25:19.897 65821 INFO tempest.lib.common.rest_client [req-7e6ff493-3c00-4160-9cf2-b05000b6938c req-7e6ff493-3c00-4160-9cf2-b05000b6938c ] Request (ImagesTestJSON:_run_cleanups): 204 DELETE http://10.180.1.21/compute/v2.1/servers/4d62a820-fb2b-4101-9dbc-d7cf4a27961a 1.009s
2025-12-08 17:25:19.993 65821 INFO tempest.lib.common.rest_client [req-371186d1-35ca-4be2-ba92-8218a959e789 req-371186d1-35ca-4be2-ba92-8218a959e789 ] Request (ImagesTestJSON:test_create_image_from_suspended_server): 201 POST http://10.180.1.21/identity/v3/auth/tokens 0.090s
2025-12-08 17:25:19.993 65821 INFO tempest.lib.common.fixed_network [-] (ImagesTestJSON:test_create_image_from_suspended_server) Found network {'id': '6528ac8d-8c3e-4351-91ad-01014698df76', 'name': 'tempest-ImagesTestJSON-1716468686-network', 'tenant_id': '916343b5368a43deacc775f54aa9bc72', 'project_id': '916343b5368a43deacc775f54aa9bc72', 'admin_state_up': True, 'mtu': 8950, 'status': 'ACTIVE', 'subnets': [], 'shared': False, 'port_security_enabled': True, 'router:external': False, 'provider:network_type': 'vlan', 'provider:physical_network': 'default', 'provider:segmentation_id': 295, 'availability_zone_hints': [], 'availability_zones': [], 'ipv4_address_scope': None, 'ipv6_address_scope': None, 'description': '', 'tags': [], 'created_at': '2025-12-08T17:23:39Z', 'updated_at': '2025-12-08T17:23:39Z', 'revision_number': 1} available for tenant
2025-12-08 17:25:20.039 65817 INFO tempest.lib.common.rest_client [req-9b2c995e-4422-4598-8ff9-8593f825db7b req-9b2c995e-4422-4598-8ff9-8593f825db7b ] Request (ServerActionsTestOtherB:test_create_backup): 200 GET http://10.180.1.21/compute/v2.1/servers/f0ae0ad7-7800-4f5a-a270-7749177b8675 0.936s
2025-12-08 17:25:20.076 65813 INFO tempest.lib.common.rest_client [req-77e7b25d-2e8b-4d3c-a8b5-9b5c12a06603 req-77e7b25d-2e8b-4d3c-a8b5-9b5c12a06603 ] Request (ServerDiskConfigTestJSON:test_rebuild_server_with_auto_disk_config): 200 GET http://10.180.1.21/compute/v2.1/servers/b3fef10e-1394-434b-b1b7-f239a27e182b 0.746s
2025-12-08 17:25:20.085 65823 INFO tempest.lib.common.rest_client [req-0582e6bd-774a-4129-823c-7ad0e57020cc req-0582e6bd-774a-4129-823c-7ad0e57020cc ] Request (ListImageFiltersTestJSON:setUpClass): 200 GET http://10.180.1.21/compute/v2.1/images/20ee15cb-0879-459c-bb91-d1772d2dfd98 0.727s
2025-12-08 17:25:20.108 65843 INFO tempest.lib.common.rest_client [req-f6569ea2-ac60-4f45-8483-05565da98281 req-f6569ea2-ac60-4f45-8483-05565da98281 ] Request (ServerGroup264TestJSON:test_create_get_server_group): 200 GET http://10.180.1.21/compute/v2.1/os-server-groups 0.427s
2025-12-08 17:25:20.147 65829 INFO tempest.lib.common.rest_client [req-4251bc6c-e2cd-4385-b9d1-f7e716c6d623 req-4251bc6c-e2cd-4385-b9d1-f7e716c6d623 ] Request (AttachInterfacesTestJSON:test_create_list_show_delete_interfaces_by_fixed_ip): 200 GET http://10.180.1.21/compute/v2.1/servers/5e5a538b-8f59-45ca-bece-6a0cff169e0a 0.607s
2025-12-08 17:25:20.271 65835 INFO tempest.lib.common.rest_client [req-83262e66-5d1e-41b9-91ca-0809f980c3a5 req-83262e66-5d1e-41b9-91ca-0809f980c3a5 ] Request (ListServerFiltersTestJSON:test_list_servers_filtered_by_ip_regex): 200 GET http://10.180.1.21/compute/v2.1/servers?ip=192.168.128. 0.426s
2025-12-08 17:25:20.274 65841 INFO tempest.lib.common.rest_client [req-701d1b3a-7ed5-4cbc-b945-4ee1d907cd64 req-701d1b3a-7ed5-4cbc-b945-4ee1d907cd64 ] Request (ServersAdminTestJSON:_run_cleanups): 202 POST http://10.180.1.21/compute/v2.1/servers/204b5f52-2264-4c23-8799-4b3f57682409/action 0.488s
2025-12-08 17:25:20.327 65853 INFO tempest.lib.common.rest_client [req-921ecb7b-b1da-4d3a-bbcd-7109ba131fa9 req-921ecb7b-b1da-4d3a-bbcd-7109ba131fa9 ] Request (ImagesOneServerNegativeTestJSON:_run_cleanups): 200 GET http://10.180.1.21/compute/v2.1/servers/ac639d87-8ce8-4762-a056-b369ec2627b6 0.345s
2025-12-08 17:25:20.398 65815 INFO tempest.lib.common.rest_client [req-d9cf607e-2e09-4617-a1f8-33d49b1f24eb req-d9cf607e-2e09-4617-a1f8-33d49b1f24eb ] Request (InstanceActionsTestJSON:test_list_instance_actions): 200 GET http://10.180.1.21/compute/v2.1/servers/81d406bb-f0e6-487c-841e-a13ae7736af0 0.503s
2025-12-08 17:25:20.449 65811 INFO tempest.lib.common.rest_client [req-a1df857a-50b2-49b0-8238-c8158ebf2852 req-a1df857a-50b2-49b0-8238-c8158ebf2852 ] Request (ServersWithSpecificFlavorTestJSON:test_verify_created_server_ephemeral_disk): 200 GET http://10.180.1.21/compute/v2.1/servers/3086c559-35b8-4e79-8478-27151b6a985d 0.397s
2025-12-08 17:25:20.570 65823 INFO tempest.lib.common.rest_client [req-0d2d5f00-c9d9-480c-8dde-0596c34786e9 req-0d2d5f00-c9d9-480c-8dde-0596c34786e9 ] Request (ListImageFiltersTestJSON:setUpClass): 200 GET http://10.180.1.21/compute/v2.1/servers/223507ab-1bb6-4cc6-b81d-c5da765c01c0 0.477s
2025-12-08 17:25:20.604 65843 INFO tempest.lib.common.rest_client [req-86e0b399-7c3a-4600-852f-ff961db2196e req-86e0b399-7c3a-4600-852f-ff961db2196e ] Request (ServerGroup264TestJSON:test_create_get_server_group): 200 GET http://10.180.1.21/compute/v2.1/os-server-groups/3fd510af-3f72-4afa-b6bf-b73b19bef4c1 0.492s
2025-12-08 17:25:20.644 65821 INFO tempest.lib.common.rest_client [req-4a0aa83e-b020-4c33-aefb-684ef806255e req-4a0aa83e-b020-4c33-aefb-684ef806255e ] Request (ImagesTestJSON:test_create_image_from_suspended_server): 202 POST http://10.180.1.21/compute/v2.1/servers 0.648s
2025-12-08 17:25:20.679 65839 INFO tempest.lib.common.rest_client [req-2a098410-e544-4501-8a43-1357ac544281 req-2a098410-e544-4501-8a43-1357ac544281 ] Request (VolumesAssistedSnapshotsTest:tearDownClass): 200 GET http://10.180.1.21/compute/v2.1/servers/b72f98f6-f233-4a51-b4ac-fef6364407f1 0.515s
2025-12-08 17:25:20.722 65845 INFO tempest.lib.common.rest_client [req-05cf8fba-1d5d-41cb-8cce-d8d68b8cb3d3 req-05cf8fba-1d5d-41cb-8cce-d8d68b8cb3d3 ] Request (ServersTestFqdnHostnames:tearDownClass): 200 GET http://10.180.1.21/compute/v2.1/servers/d72d778b-dd55-4ac5-a55a-ffa2176f8aa1 0.550s
2025-12-08 17:25:20.762 65837 INFO tempest.lib.common.rest_client [req-3adef233-9b72-45e0-af5e-9a3ccaedbdda req-3adef233-9b72-45e0-af5e-9a3ccaedbdda ] Request (ListServersNegativeTestJSON:setUpClass): 200 GET http://10.180.1.21/compute/v2.1/servers/225f5425-83d8-441b-912c-7ca1815e531f 0.530s
2025-12-08 17:25:20.786 65835 INFO tempest.lib.common.rest_client [req-d481da79-a884-4983-9a39-630faad6a953 req-d481da79-a884-4983-9a39-630faad6a953 ] Request (ListServerFiltersTestJSON:test_list_servers_filtered_by_name_regex): 200 GET http://10.180.1.21/compute/v2.1/servers?name=%5E.%2A%5C-instance%5C-%5B0-9%5D%2B%24 0.510s
2025-12-08 17:25:20.838 65849 INFO tempest.lib.common.rest_client [req-15ad2c9f-10b7-4d46-a075-4f57c3a64ebb req-15ad2c9f-10b7-4d46-a075-4f57c3a64ebb ] Request (SecurityGroupsTestJSON:test_server_security_groups): 200 GET http://10.180.1.21/compute/v2.1/servers/835213c0-7178-41ac-ab06-27e678ff73ec 0.541s
2025-12-08 17:25:20.906 65841 INFO tempest.lib.common.rest_client [req-5bdbf658-be9a-4784-974b-a77a5eaf45a4 req-5bdbf658-be9a-4784-974b-a77a5eaf45a4 ] Request (ServersAdminTestJSON:_run_cleanups): 200 GET http://10.180.1.21/compute/v2.1/servers/204b5f52-2264-4c23-8799-4b3f57682409 0.626s
2025-12-08 17:25:20.948 65827 INFO tempest.lib.common.rest_client [req-8383a724-85b8-4176-901f-98a9e7963766 req-8383a724-85b8-4176-901f-98a9e7963766 ] Request (ServerActionsTestOtherA:setUpClass): 200 GET http://10.180.1.21/compute/v2.1/servers/6ca5c62d-cf52-4f78-9e01-5623f4989442 0.638s
2025-12-08 17:25:20.989 65805 INFO tempest.lib.common.rest_client [req-f436d3f4-8ff2-4086-89be-1a91536d222c req-f436d3f4-8ff2-4086-89be-1a91536d222c ] Request (ServersTestJSON:setUpClass): 200 GET http://10.180.1.21/compute/v2.1/servers/8f28d898-567e-409c-95bf-10e8000cdc4b 0.637s
2025-12-08 17:25:21.051 65833 INFO tempest.lib.common.rest_client [req-343bab82-f728-40b4-a85b-ee4d3505d86f req-343bab82-f728-40b4-a85b-ee4d3505d86f ] Request (AttachInterfacesUnderV243Test:test_add_remove_fixed_ip): 200 GET http://10.180.1.21/compute/v2.1/servers/f7259aaf-7b19-40d1-b05b-825f31a78756 0.641s
2025-12-08 17:25:21.064 65847 INFO tempest.lib.common.rest_client [req-ab24f428-013a-437d-9a46-e3b2f10f976d req-ab24f428-013a-437d-9a46-e3b2f10f976d ] Request (ServersListShow298Test:test_list_show_update_rebuild_server_298): 200 GET http://10.180.1.21/compute/v2.1/servers/5b08f3ba-7400-48f2-af8c-a0ea3ec59dc2 0.628s
2025-12-08 17:25:21.078 65847 INFO tempest.common.waiters [-] State transition "BUILD/None" ==> "BUILD/networking" after 67 second wait
2025-12-08 17:25:21.106 65831 INFO tempest.lib.common.rest_client [req-46640f77-58e6-4074-bc56-2cb4c4f212d8 req-46640f77-58e6-4074-bc56-2cb4c4f212d8 ] Request (ServerRescueTestJSONUnderV235:setUpClass): 200 GET http://10.180.1.21/compute/v2.1/servers/f7fb46f9-1425-4f94-bcf1-dd722c442144 0.638s
2025-12-08 17:25:21.120 65867 INFO tempest.lib.common.rest_client [req-bcbc1cde-9cff-49b4-bf9b-1b12a77b6b22 req-bcbc1cde-9cff-49b4-bf9b-1b12a77b6b22 ] Request (ServerRescueNegativeTestJSON:test_rescued_vm_detach_volume): 200 GET http://10.180.1.21/compute/v2.1/servers/f7468e7d-2bed-4b9a-a642-b7f628a95305 0.623s
2025-12-08 17:25:21.174 65859 INFO tempest.lib.common.rest_client [req-8e539932-785f-40aa-afb5-eab11ef4fdbb req-8e539932-785f-40aa-afb5-eab11ef4fdbb ] Request (ServerShowV254Test:test_rebuild_server): 200 GET http://10.180.1.21/compute/v2.1/servers/37a306f7-02f2-41cd-98db-fc3eb003b7a4 0.648s
2025-12-08 17:25:21.183 65863 INFO tempest.lib.common.rest_client [req-bfc6ae76-9e4b-4a20-ba65-520e919e30ca req-bfc6ae76-9e4b-4a20-ba65-520e919e30ca ] Request (ServersTestJSON:_run_cleanups): 200 GET http://10.180.1.21/compute/v2.1/servers/5eaf1535-4d97-4020-b2a5-4f37e21026e0 0.620s
2025-12-08 17:25:21.245 65855 INFO tempest.lib.common.rest_client [req-b28aa284-e79c-4b5d-819d-50ea97cc6961 req-b28aa284-e79c-4b5d-819d-50ea97cc6961 ] Request (MigrationsAdminTest:test_resize_server_revert_deleted_flavor): 200 GET http://10.180.1.21/compute/v2.1/servers/9322f1d0-3ffb-46c6-8974-7fe56a517f7f 0.666s
2025-12-08 17:25:21.250 65823 INFO tempest.lib.common.rest_client [req-dd35c4f7-781d-4857-a873-c51fd2b5d29a req-dd35c4f7-781d-4857-a873-c51fd2b5d29a ] Request (ListImageFiltersTestJSON:test_list_images_filter_by_changes_since): 200 GET http://10.180.1.21/compute/v2.1/images?changes-since=2025-12-08T17%3A22%3A57Z 0.672s
2025-12-08 17:25:21.272 65843 INFO tempest.lib.common.rest_client [req-05bfeb2f-6813-4224-974e-d4b604e56b66 req-05bfeb2f-6813-4224-974e-d4b604e56b66 ] Request (ServerGroup264TestJSON:_run_cleanups): 204 DELETE http://10.180.1.21/compute/v2.1/os-server-groups/3fd510af-3f72-4afa-b6bf-b73b19bef4c1 0.666s
2025-12-08 17:25:21.295 65821 INFO tempest.lib.common.rest_client [req-801697ae-07d5-4bce-9ee2-18612948ce6a req-801697ae-07d5-4bce-9ee2-18612948ce6a ] Request (ImagesTestJSON:test_create_image_from_suspended_server): 200 GET http://10.180.1.21/compute/v2.1/servers/d20826fc-879b-4538-88d5-9a69017c9d23 0.648s
2025-12-08 17:25:21.337 65809 INFO tempest.lib.common.rest_client [req-b48a754c-0e8c-4b34-a1c9-8bc6f4ada14d req-b48a754c-0e8c-4b34-a1c9-8bc6f4ada14d ] Request (MultipleCreateTestJSON:_run_cleanups): 200 GET http://10.180.1.21/compute/v2.1/servers/a1383469-5eaa-41c0-950c-fc5b071d8f62 0.684s
2025-12-08 17:25:21.342 65807 INFO tempest.lib.common.rest_client [req-8d44a904-8dc8-4bf1-af82-6ea13562f187 req-8d44a904-8dc8-4bf1-af82-6ea13562f187 ] Request (InstanceActionsNegativeTestJSON:setUpClass): 200 GET http://10.180.1.21/compute/v2.1/servers/f523a556-180d-4c8f-be38-0f7f9110df7b 0.640s
2025-12-08 17:25:21.397 65861 INFO tempest.lib.common.rest_client [req-3b123446-3569-4546-a201-1ffad4d664ed req-3b123446-3569-4546-a201-1ffad4d664ed ] Request (ServerPasswordTestJSON:setUpClass): 200 GET http://10.180.1.21/compute/v2.1/servers/233af8b9-8f53-4e88-b316-ac6e2e2f85a1 0.560s
2025-12-08 17:25:21.429 65835 INFO tempest.lib.common.rest_client [req-30cff3f9-ec25-47aa-a09d-3bfc59a82ced req-30cff3f9-ec25-47aa-a09d-3bfc59a82ced ] Request (ListServerFiltersTestJSON:test_list_servers_filtered_by_name_regex): 200 GET http://10.180.1.21/compute/v2.1/servers?name=%5E.%2A%5C-instance%5C-.%2A%24 0.640s
2025-12-08 17:25:21.576 65817 INFO tempest.lib.common.rest_client [req-4f95b946-9851-4b29-bc16-352bf659599b req-4f95b946-9851-4b29-bc16-352bf659599b ] Request (ServerActionsTestOtherB:test_create_backup): 200 GET http://10.180.1.21/compute/v2.1/servers/f0ae0ad7-7800-4f5a-a270-7749177b8675 0.525s
2025-12-08 17:25:21.583 65817 INFO tempest.common.waiters [-] State transition "ACTIVE/image_backup" ==> "ACTIVE/image_pending_upload" after 1 second wait
2025-12-08 17:25:21.603 65813 INFO tempest.lib.common.rest_client [req-52970d71-440f-41bd-909b-0031ab1b5b44 req-52970d71-440f-41bd-909b-0031ab1b5b44 ] Request (ServerDiskConfigTestJSON:test_rebuild_server_with_auto_disk_config): 200 GET http://10.180.1.21/compute/v2.1/servers/b3fef10e-1394-434b-b1b7-f239a27e182b 0.509s
2025-12-08 17:25:21.670 65829 INFO tempest.lib.common.rest_client [req-fb9258d5-23d6-46d2-8e7d-890a7bd343ce req-fb9258d5-23d6-46d2-8e7d-890a7bd343ce ] Request (AttachInterfacesTestJSON:test_create_list_show_delete_interfaces_by_fixed_ip): 200 GET http://10.180.1.21/compute/v2.1/servers/5e5a538b-8f59-45ca-bece-6a0cff169e0a 0.514s
2025-12-08 17:25:21.672 65823 INFO tempest.lib.common.rest_client [req-90a3a9e9-51f3-44a8-b294-9f2ea6bcb9f5 req-90a3a9e9-51f3-44a8-b294-9f2ea6bcb9f5 ] Request (ListImageFiltersTestJSON:test_list_images_filter_by_name): 200 GET http://10.180.1.21/compute/v2.1/images?name=tempest-ListImageFiltersTestJSON-image-364756472 0.417s
2025-12-08 17:25:21.686 65843 INFO tempest.lib.common.rest_client [req-48f636b4-d2a3-4b22-af83-951c6d2e3778 req-48f636b4-d2a3-4b22-af83-951c6d2e3778 ] Request (ServerGroup264TestJSON:tearDownClass): 404 DELETE http://10.180.1.21/compute/v2.1/os-server-groups/3fd510af-3f72-4afa-b6bf-b73b19bef4c1 0.412s
2025-12-08 17:25:21.933 65853 INFO tempest.lib.common.rest_client [req-db72670b-7539-48ec-b4ff-1dd2c27b7c05 req-db72670b-7539-48ec-b4ff-1dd2c27b7c05 ] Request (ImagesOneServerNegativeTestJSON:_run_cleanups): 200 GET http://10.180.1.21/compute/v2.1/servers/ac639d87-8ce8-4762-a056-b369ec2627b6 0.598s
2025-12-08 17:25:22.000 65835 INFO tempest.lib.common.rest_client [req-ca879bba-b56d-4fdf-9a99-992a4f52c6f2 req-ca879bba-b56d-4fdf-9a99-992a4f52c6f2 ] Request (ListServerFiltersTestJSON:test_list_servers_filtered_by_name_regex): 200 GET http://10.180.1.21/compute/v2.1/servers?name=ce-1552558 0.568s
2025-12-08 17:25:22.142 65815 INFO tempest.lib.common.rest_client [req-5b577def-15f8-44b2-aeb8-8aefd7de9bd4 req-5b577def-15f8-44b2-aeb8-8aefd7de9bd4 ] Request (InstanceActionsTestJSON:test_list_instance_actions): 200 GET http://10.180.1.21/compute/v2.1/servers/81d406bb-f0e6-487c-841e-a13ae7736af0 0.736s
2025-12-08 17:25:22.160 65811 INFO tempest.lib.common.rest_client [req-5090c208-76ab-450d-899b-63e40790f423 req-5090c208-76ab-450d-899b-63e40790f423 ] Request (ServersWithSpecificFlavorTestJSON:test_verify_created_server_ephemeral_disk): 200 GET http://10.180.1.21/compute/v2.1/servers/3086c559-35b8-4e79-8478-27151b6a985d 0.703s
2025-12-08 17:25:22.213 65823 INFO tempest.lib.common.rest_client [req-90b4437f-a0f3-4f98-851d-89759abc8cf8 req-90b4437f-a0f3-4f98-851d-89759abc8cf8 ] Request (ListImageFiltersTestJSON:test_list_images_filter_by_server_id): 200 GET http://10.180.1.21/compute/v2.1/images?server=223507ab-1bb6-4cc6-b81d-c5da765c01c0 0.532s
2025-12-08 17:25:22.255 65839 INFO tempest.lib.common.rest_client [req-55d5cf3a-ced2-441b-b68d-c6adff0070a8 req-55d5cf3a-ced2-441b-b68d-c6adff0070a8 ] Request (VolumesAssistedSnapshotsTest:tearDownClass): 200 GET http://10.180.1.21/compute/v2.1/servers/b72f98f6-f233-4a51-b4ac-fef6364407f1 0.567s
2025-12-08 17:25:22.310 65845 INFO tempest.lib.common.rest_client [req-5dc39cd5-7b70-415e-ae35-ddfb13b536aa req-5dc39cd5-7b70-415e-ae35-ddfb13b536aa ] Request (ServersTestFqdnHostnames:tearDownClass): 200 GET http://10.180.1.21/compute/v2.1/servers/d72d778b-dd55-4ac5-a55a-ffa2176f8aa1 0.578s
2025-12-08 17:25:22.342 65837 INFO tempest.lib.common.rest_client [req-def3f3fb-74bf-4a3b-9d51-814784d4b4d9 req-def3f3fb-74bf-4a3b-9d51-814784d4b4d9 ] Request (ListServersNegativeTestJSON:setUpClass): 200 GET http://10.180.1.21/compute/v2.1/servers/225f5425-83d8-441b-912c-7ca1815e531f 0.571s
2025-12-08 17:25:22.375 65849 INFO tempest.lib.common.rest_client [req-9528e998-f229-4ecb-b9db-fbddbc48c322 req-9528e998-f229-4ecb-b9db-fbddbc48c322 ] Request (SecurityGroupsTestJSON:test_server_security_groups): 200 GET http://10.180.1.21/compute/v2.1/servers/835213c0-7178-41ac-ab06-27e678ff73ec 0.529s
2025-12-08 17:25:22.534 65841 INFO tempest.lib.common.rest_client [req-513a9467-f6b9-4a23-9739-3014bc77111e req-513a9467-f6b9-4a23-9739-3014bc77111e ] Request (ServersAdminTestJSON:_run_cleanups): 200 GET http://10.180.1.21/compute/v2.1/servers/204b5f52-2264-4c23-8799-4b3f57682409 0.616s
2025-12-08 17:25:22.559 65827 INFO tempest.lib.common.rest_client [req-143ef366-d70e-4e22-93b1-ffd90394b379 req-143ef366-d70e-4e22-93b1-ffd90394b379 ] Request (ServerActionsTestOtherA:setUpClass): 200 GET http://10.180.1.21/compute/v2.1/servers/6ca5c62d-cf52-4f78-9e01-5623f4989442 0.602s
2025-12-08 17:25:22.602 65843 INFO tempest.lib.common.rest_client [req-7335cbdb-3363-4d1b-b888-3820498134e9 req-7335cbdb-3363-4d1b-b888-3820498134e9 ] Request (ServerGroup264TestJSON:tearDownClass): 200 PUT http://10.180.1.21/networking/v2.0/routers/01539e95-2f0a-4bb7-b0d2-7df543640852/remove_router_interface 0.916s
2025-12-08 17:25:22.608 65805 INFO tempest.lib.common.rest_client [req-c20ac4d2-f95e-430d-93c3-c5e4e0f231f6 req-c20ac4d2-f95e-430d-93c3-c5e4e0f231f6 ] Request (ServersTestJSON:setUpClass): 200 GET http://10.180.1.21/compute/v2.1/servers/8f28d898-567e-409c-95bf-10e8000cdc4b 0.610s
2025-12-08 17:25:22.621 65835 INFO tempest.lib.common.rest_client [req-87948703-d8bd-48f1-a7aa-85ba59ff9a92 req-87948703-d8bd-48f1-a7aa-85ba59ff9a92 ] Request (ListServerFiltersTestJSON:test_list_servers_filtered_by_name_wildcard): 200 GET http://10.180.1.21/compute/v2.1/servers?name=-instance 0.617s
2025-12-08 17:25:22.692 65833 INFO tempest.lib.common.rest_client [req-93e52347-42dd-47c7-9c0b-828e197e720a req-93e52347-42dd-47c7-9c0b-828e197e720a ] Request (AttachInterfacesUnderV243Test:test_add_remove_fixed_ip): 200 GET http://10.180.1.21/compute/v2.1/servers/f7259aaf-7b19-40d1-b05b-825f31a78756 0.630s
2025-12-08 17:25:22.755 65831 INFO tempest.lib.common.rest_client [req-a28ff44a-8161-49dd-8d78-c2f4f923725d req-a28ff44a-8161-49dd-8d78-c2f4f923725d ] Request (ServerRescueTestJSONUnderV235:setUpClass): 200 GET http://10.180.1.21/compute/v2.1/servers/f7fb46f9-1425-4f94-bcf1-dd722c442144 0.640s
2025-12-08 17:25:22.840 65867 INFO tempest.lib.common.rest_client [req-043b4a0d-c44c-4ec7-b4d8-433aaf52ce18 req-043b4a0d-c44c-4ec7-b4d8-433aaf52ce18 ] Request (ServerRescueNegativeTestJSON:test_rescued_vm_detach_volume): 200 GET http://10.180.1.21/compute/v2.1/servers/f7468e7d-2bed-4b9a-a642-b7f628a95305 0.712s
2025-12-08 17:25:22.921 65859 INFO tempest.lib.common.rest_client [req-10f53d3d-64ee-4d03-874c-7c046b1095b4 req-10f53d3d-64ee-4d03-874c-7c046b1095b4 ] Request (ServerShowV254Test:test_rebuild_server): 200 GET http://10.180.1.21/compute/v2.1/servers/37a306f7-02f2-41cd-98db-fc3eb003b7a4 0.737s
2025-12-08 17:25:23.014 65863 INFO tempest.lib.common.rest_client [req-c54f5c2d-6fd7-42c2-8642-466f2aae7d66 req-c54f5c2d-6fd7-42c2-8642-466f2aae7d66 ] Request (ServersTestJSON:_run_cleanups): 200 GET http://10.180.1.21/compute/v2.1/servers/5eaf1535-4d97-4020-b2a5-4f37e21026e0 0.818s
2025-12-08 17:25:23.033 65847 INFO tempest.lib.common.rest_client [req-499842c3-eb7b-4dbc-8738-5b87c78ebd00 req-499842c3-eb7b-4dbc-8738-5b87c78ebd00 ] Request (ServersListShow298Test:test_list_show_update_rebuild_server_298): 200 GET http://10.180.1.21/compute/v2.1/servers/5b08f3ba-7400-48f2-af8c-a0ea3ec59dc2 0.954s
2025-12-08 17:25:23.051 65847 INFO tempest.common.waiters [-] State transition "BUILD/networking" ==> "BUILD/spawning" after 69 second wait
2025-12-08 17:25:23.074 65823 INFO tempest.lib.common.rest_client [req-2a9d8c6d-f07d-4f9e-9763-e98f2a125423 req-2a9d8c6d-f07d-4f9e-9763-e98f2a125423 ] Request (ListImageFiltersTestJSON:test_list_images_filter_by_server_ref): 200 GET http://10.180.1.21/compute/v2.1/images?server=http%3A%2F%2F10.180.1.21%2Fcompute%2Fv2.1%2Fservers%2F3a95cfa3-d907-467b-9081-c8c5b4b9dd5a 0.851s
2025-12-08 17:25:23.113 65855 INFO tempest.lib.common.rest_client [req-be6aa11e-d640-4743-a595-292d6d33f2ca req-be6aa11e-d640-4743-a595-292d6d33f2ca ] Request (MigrationsAdminTest:test_resize_server_revert_deleted_flavor): 200 GET http://10.180.1.21/compute/v2.1/servers/9322f1d0-3ffb-46c6-8974-7fe56a517f7f 0.858s
2025-12-08 17:25:23.143 65821 INFO tempest.lib.common.rest_client [req-e21b5d74-1fa7-47ed-b536-c6aab29cf405 req-e21b5d74-1fa7-47ed-b536-c6aab29cf405 ] Request (ImagesTestJSON:test_create_image_from_suspended_server): 200 GET http://10.180.1.21/compute/v2.1/servers/d20826fc-879b-4538-88d5-9a69017c9d23 0.840s
2025-12-08 17:25:23.153 65843 INFO tempest.lib.common.rest_client [req-a97234f5-dd67-4c8a-b84a-abd7d785d8f7 req-a97234f5-dd67-4c8a-b84a-abd7d785d8f7 ] Request (ServerGroup264TestJSON:tearDownClass): 204 DELETE http://10.180.1.21/networking/v2.0/routers/01539e95-2f0a-4bb7-b0d2-7df543640852 0.551s
2025-12-08 17:25:23.201 65809 INFO tempest.lib.common.rest_client [req-aeeebec9-fcf7-4357-989a-4b28fb52a2cc req-aeeebec9-fcf7-4357-989a-4b28fb52a2cc ] Request (MultipleCreateTestJSON:_run_cleanups): 200 GET http://10.180.1.21/compute/v2.1/servers/a1383469-5eaa-41c0-950c-fc5b071d8f62 0.855s
2025-12-08 17:25:23.219 65807 INFO tempest.lib.common.rest_client [req-50305917-e4e0-41f1-9ef2-f2268bab45dc req-50305917-e4e0-41f1-9ef2-f2268bab45dc ] Request (InstanceActionsNegativeTestJSON:setUpClass): 200 GET http://10.180.1.21/compute/v2.1/servers/f523a556-180d-4c8f-be38-0f7f9110df7b 0.866s
2025-12-08 17:25:23.261 65861 INFO tempest.lib.common.rest_client [req-7ec8610e-01bf-486e-8df6-59d0d8f0379a req-7ec8610e-01bf-486e-8df6-59d0d8f0379a ] Request (ServerPasswordTestJSON:setUpClass): 200 GET http://10.180.1.21/compute/v2.1/servers/233af8b9-8f53-4e88-b316-ac6e2e2f85a1 0.850s
2025-12-08 17:25:23.281 65843 INFO tempest.lib.common.rest_client [req-82c394a0-d7fc-4cea-969f-ffcfa86d3f16 req-82c394a0-d7fc-4cea-969f-ffcfa86d3f16 ] Request (ServerGroup264TestJSON:tearDownClass): 204 DELETE http://10.180.1.21/networking/v2.0/subnets/c7e40530-df0b-40f1-adfb-bc347741a07b 0.127s
2025-12-08 17:25:23.367 65817 INFO tempest.lib.common.rest_client [req-fd8e3435-cade-4a9a-83b5-9bc7a760483c req-fd8e3435-cade-4a9a-83b5-9bc7a760483c ] Request (ServerActionsTestOtherB:test_create_backup): 200 GET http://10.180.1.21/compute/v2.1/servers/f0ae0ad7-7800-4f5a-a270-7749177b8675 0.783s
2025-12-08 17:25:23.379 65817 INFO tempest.common.waiters [-] State transition "ACTIVE/image_pending_upload" ==> "ACTIVE/image_uploading" after 3 second wait
2025-12-08 17:25:23.414 65843 INFO tempest.lib.common.rest_client [req-7c18f84b-698f-4415-82e4-3c508126d2c8 req-7c18f84b-698f-4415-82e4-3c508126d2c8 ] Request (ServerGroup264TestJSON:tearDownClass): 204 DELETE http://10.180.1.21/networking/v2.0/networks/9243bb1c-ccce-42e7-9873-a3794fc518a9 0.132s
2025-12-08 17:25:23.424 65813 INFO tempest.lib.common.rest_client [req-2b21895f-6029-48fe-aa58-51aeeb1c39df req-2b21895f-6029-48fe-aa58-51aeeb1c39df ] Request (ServerDiskConfigTestJSON:test_rebuild_server_with_auto_disk_config): 200 GET http://10.180.1.21/compute/v2.1/servers/b3fef10e-1394-434b-b1b7-f239a27e182b 0.812s
2025-12-08 17:25:23.435 65835 INFO tempest.lib.common.rest_client [req-827567c0-1c94-4422-8f6a-8fd860194910 req-827567c0-1c94-4422-8f6a-8fd860194910 ] Request (ListServerFiltersTestJSON:test_list_servers_filtered_by_name_wildcard): 200 GET http://10.180.1.21/compute/v2.1/servers?name=t-ListServerFiltersTestJSON-instance-155255 0.810s
