2025-12-08 17:25:45.661 65817 INFO tempest.lib.common.rest_client [req-a3289f30-f1ee-4110-96b6-a2d66decd495 req-a3289f30-f1ee-4110-96b6-a2d66decd495 ] Request (ServerActionsTestOtherB:test_resize_server_confirm_from_stopped): 200 GET http://10.180.1.21/compute/v2.1/servers/f0ae0ad7-7800-4f5a-a270-7749177b8675 0.312s
2025-12-08 17:25:45.711 65855 INFO tempest.lib.common.rest_client [req-995e4c0e-2235-4ee1-8359-deab6e37d10d req-995e4c0e-2235-4ee1-8359-deab6e37d10d ] Request (MigrationsAdminTest:test_resize_server_revert_deleted_flavor): 200 GET http://10.180.1.21/compute/v2.1/servers/9322f1d0-3ffb-46c6-8974-7fe56a517f7f 0.336s
2025-12-08 17:25:45.767 65805 INFO tempest.lib.common.rest_client [req-3f9d3b91-22fa-43e5-a2a5-d55dd10d2f73 req-3f9d3b91-22fa-43e5-a2a5-d55dd10d2f73 ] Request (ServersTestJSON:setUpClass): 200 GET http://10.180.1.21/compute/v2.1/servers/8f28d898-567e-409c-95bf-10e8000cdc4b 0.290s
2025-12-08 17:25:45.779 65839 INFO tempest.lib.common.rest_client [req-55a156b3-5282-464c-97d3-2a624df3f3c9 req-55a156b3-5282-464c-97d3-2a624df3f3c9 ] Request (FloatingIPsAssociationNegativeTestJSON:setUpClass): 201 POST http://10.180.1.21/networking/v2.0/subnets 0.185s
2025-12-08 17:25:45.794 65843 INFO tempest.lib.common.rest_client [req-4b759373-2312-4d09-a5ed-defc217eb3ec req-4b759373-2312-4d09-a5ed-defc217eb3ec ] Request (ServerMetadataNegativeTestJSON:setUpClass): 200 GET http://10.180.1.21/compute/v2.1/servers/b9eaa8ef-392c-449e-b441-5b5de9ddaf9e 0.307s
2025-12-08 17:25:45.801 65837 INFO tempest.lib.common.rest_client [req-e4a48eb4-677b-4707-bab5-da3efd1c34d7 req-e4a48eb4-677b-4707-bab5-da3efd1c34d7 ] Request (ListServersNegativeTestJSON:test_list_servers_status_non_existing): 200 GET http://10.180.1.21/compute/v2.1/servers?status=non_existing_status 0.259s
2025-12-08 17:25:45.841 65831 INFO tempest.lib.common.rest_client [req-1660fc9d-3533-464e-9267-3d183354ac74 req-1660fc9d-3533-464e-9267-3d183354ac74 ] Request (ServerRescueTestJSONUnderV235:setUpClass): 200 GET http://10.180.1.21/compute/v2.1/servers/f7fb46f9-1425-4f94-bcf1-dd722c442144 0.301s
2025-12-08 17:25:45.954 65867 INFO tempest.lib.common.rest_client [req-bf6631b8-d5ed-426d-8358-9dc0bc364511 req-bf6631b8-d5ed-426d-8358-9dc0bc364511 ] Request (ServerRescueNegativeTestJSON:test_rescued_vm_detach_volume): 200 GET http://10.180.1.21/compute/v2.1/servers/f7468e7d-2bed-4b9a-a642-b7f628a95305 0.311s
2025-12-08 17:25:45.982 65833 INFO tempest.lib.common.rest_client [req-92adab79-1058-429b-88d8-14158d4a1262 req-92adab79-1058-429b-88d8-14158d4a1262 ] Request (AttachInterfacesUnderV243Test:test_add_remove_fixed_ip): 200 GET http://10.180.1.21/compute/v2.1/servers/f7259aaf-7b19-40d1-b05b-825f31a78756 0.356s
2025-12-08 17:25:46.038 65837 INFO tempest.lib.common.rest_client [req-90ccbb73-22ac-48ac-b531-816980b7e613 req-90ccbb73-22ac-48ac-b531-816980b7e613 ] Request (ListServersNegativeTestJSON:test_list_servers_with_a_deleted_server): 200 GET http://10.180.1.21/compute/v2.1/servers 0.234s
2025-12-08 17:25:46.041 65859 INFO tempest.lib.common.rest_client [req-c2d05afd-e5f8-4e14-8017-71c3e230d912 req-c2d05afd-e5f8-4e14-8017-71c3e230d912 ] Request (ServerShowV254Test:test_rebuild_server): 200 GET http://10.180.1.21/compute/v2.1/servers/37a306f7-02f2-41cd-98db-fc3eb003b7a4 0.276s
2025-12-08 17:25:46.093 65813 INFO tempest.lib.common.rest_client [req-2cb10500-1b1a-47c0-84e5-cca352856fa9 req-2cb10500-1b1a-47c0-84e5-cca352856fa9 ] Request (ServerDiskConfigTestJSON:test_rebuild_server_with_manual_disk_config): 200 GET http://10.180.1.21/compute/v2.1/servers/208772b0-cc9f-4644-b440-54e638072b4e 0.274s
2025-12-08 17:25:46.107 65863 INFO tempest.lib.common.rest_client [req-662085f3-0a70-4049-872f-302924c78fd8 req-662085f3-0a70-4049-872f-302924c78fd8 ] Request (ServersTestJSON:_run_cleanups): 200 GET http://10.180.1.21/compute/v2.1/servers/5eaf1535-4d97-4020-b2a5-4f37e21026e0 0.258s
2025-12-08 17:25:46.157 65815 INFO tempest.lib.common.rest_client [req-e93e6b1c-ed85-43d2-98d2-aad87626f957 req-e93e6b1c-ed85-43d2-98d2-aad87626f957 ] Request (InstanceActionsTestJSON:tearDownClass): 200 GET http://10.180.1.21/compute/v2.1/servers/81d406bb-f0e6-487c-841e-a13ae7736af0 0.235s
2025-12-08 17:25:46.172 65841 INFO tempest.lib.common.rest_client [req-b83a10a8-74c7-403f-af47-8502867d8fe9 req-b83a10a8-74c7-403f-af47-8502867d8fe9 ] Request (ServersAdminTestJSON:tearDownClass): 200 GET http://10.180.1.21/compute/v2.1/servers/e6733991-a8fe-42b0-bd9c-098cd755e957 0.232s
2025-12-08 17:25:46.226 65835 INFO tempest.lib.common.rest_client [req-f33fcf74-4ce6-4f64-bba0-4e1c9fe786d4 req-f33fcf74-4ce6-4f64-bba0-4e1c9fe786d4 ] Request (ListServerFiltersTestJSON:tearDownClass): 200 GET http://10.180.1.21/compute/v2.1/servers/ae260ff0-bb11-4322-a30e-47a4c88eb6d9 0.188s
2025-12-08 17:25:46.260 65837 INFO tempest.lib.common.rest_client [req-28186cfc-1ad7-4b31-ba42-adea74f9d3bf req-28186cfc-1ad7-4b31-ba42-adea74f9d3bf ] Request (ListServersNegativeTestJSON:tearDownClass): 204 DELETE http://10.180.1.21/compute/v2.1/servers/fab0ffc2-fa16-4d13-b70c-dfaa41c981aa 0.218s
2025-12-08 17:25:46.331 65821 INFO tempest.lib.common.rest_client [req-471a71e7-eac2-491d-a33a-5cd6dcf0abeb req-471a71e7-eac2-491d-a33a-5cd6dcf0abeb ] Request (ImagesTestJSON:test_create_image_from_suspended_server): 200 GET http://10.180.1.21/compute/v2.1/servers/d20826fc-879b-4538-88d5-9a69017c9d23 0.224s
2025-12-08 17:25:46.355 65853 INFO tempest.lib.common.rest_client [req-18261288-474b-486f-851e-f5e50e599024 req-18261288-474b-486f-851e-f5e50e599024 ] Request (ImagesOneServerNegativeTestJSON:tearDown): 200 GET http://10.180.1.21/compute/v2.1/servers/ac639d87-8ce8-4762-a056-b369ec2627b6 0.275s
2025-12-08 17:25:46.416 65807 INFO tempest.lib.common.rest_client [req-21a30979-80cc-4247-b40c-679ff1de5c6a req-21a30979-80cc-4247-b40c-679ff1de5c6a ] Request (InstanceActionsNegativeTestJSON:setUpClass): 200 GET http://10.180.1.21/compute/v2.1/servers/f523a556-180d-4c8f-be38-0f7f9110df7b 0.270s
2025-12-08 17:25:46.429 65809 INFO tempest.lib.common.rest_client [req-1409b2e0-1c43-4020-a40f-f1e2c4019272 req-1409b2e0-1c43-4020-a40f-f1e2c4019272 ] Request (MultipleCreateTestJSON:_run_cleanups): 200 GET http://10.180.1.21/compute/v2.1/servers/a1383469-5eaa-41c0-950c-fc5b071d8f62 0.241s
2025-12-08 17:25:46.591 65839 INFO tempest.lib.common.rest_client [req-d8085e04-7930-4cd0-9495-55026e09babf req-d8085e04-7930-4cd0-9495-55026e09babf ] Request (FloatingIPsAssociationNegativeTestJSON:setUpClass): 201 POST http://10.180.1.21/networking/v2.0/routers 0.812s
2025-12-08 17:25:46.618 65861 INFO tempest.lib.common.rest_client [req-da9a664f-c449-4080-b7cd-ed179aadd635 req-da9a664f-c449-4080-b7cd-ed179aadd635 ] Request (ServerPasswordTestJSON:setUpClass): 200 GET http://10.180.1.21/compute/v2.1/servers/233af8b9-8f53-4e88-b316-ac6e2e2f85a1 0.416s
2025-12-08 17:25:46.630 65829 INFO tempest.lib.common.rest_client [req-267a5dbf-86b1-4862-8ed1-bce6f1fbdf7f req-267a5dbf-86b1-4862-8ed1-bce6f1fbdf7f ] Request (AttachInterfacesTestJSON:test_create_list_show_delete_interfaces_by_fixed_ip): 200 GET http://10.180.1.21/compute/v2.1/servers/5e5a538b-8f59-45ca-bece-6a0cff169e0a 0.371s
2025-12-08 17:25:46.739 65837 INFO tempest.lib.common.rest_client [req-66d02cea-ff96-4b09-b4cf-e58b0a4c0a2c req-66d02cea-ff96-4b09-b4cf-e58b0a4c0a2c ] Request (ListServersNegativeTestJSON:tearDownClass): 204 DELETE http://10.180.1.21/compute/v2.1/servers/5946b482-7074-4075-9188-728461718ab4 0.479s
2025-12-08 17:25:46.764 65823 INFO tempest.lib.common.rest_client [req-3297f9e4-06aa-482e-b940-6095d46040a2 req-3297f9e4-06aa-482e-b940-6095d46040a2 ] Request (ListImageFiltersTestJSON:tearDownClass): 200 GET http://10.180.1.21/compute/v2.1/servers/3a95cfa3-d907-467b-9081-c8c5b4b9dd5a 0.427s
2025-12-08 17:25:47.297 65865 WARNING tempest.lib.common.ssh [-] Failed to establish authenticated ssh connection to cirros@10.180.180.151 ([Errno None] Unable to connect to port 22 on 10.180.180.151). Number attempts: 8. Retry after 9 seconds.: paramiko.ssh_exception.NoValidConnectionsError: [Errno None] Unable to connect to port 22 on 10.180.180.151
2025-12-08 17:25:47.645 65839 INFO tempest.lib.common.rest_client [req-e31257e0-5777-4719-9a13-492ac22a157c req-e31257e0-5777-4719-9a13-492ac22a157c ] Request (FloatingIPsAssociationNegativeTestJSON:setUpClass): 200 PUT http://10.180.1.21/networking/v2.0/routers/c925dde4-19a1-480b-822b-16e285bb36f6/add_router_interface 1.053s
2025-12-08 17:25:47.646 65839 INFO tempest.lib.common.dynamic_creds [-] Created isolated network resources for: credentials: Credentials: {'domain_id': 'default', 'domain_name': 'Default', 'username': 'tempest-FloatingIPsAssociationNegativeTestJSON-2092950691-project-member', 'project_domain_id': 'default', 'project_domain_name': 'Default', 'project_id': 'dd40fc2235954c9a8f7845b5fd674c4b', 'project_name': 'tempest-FloatingIPsAssociationNegativeTestJSON-2092950691', 'tenant_id': 'dd40fc2235954c9a8f7845b5fd674c4b', 'tenant_name': 'tempest-FloatingIPsAssociationNegativeTestJSON-2092950691', 'user_domain_id': 'default', 'user_domain_name': 'Default', 'user_id': '6788ff9e9a5b4e45821c9c080caa494e', 'system': None}, Network: {'id': '74c3093f-c513-4f53-b8aa-1b473412a059', 'name': 'tempest-FloatingIPsAssociationNegativeTestJSON-1124718152-network', 'tenant_id': 'dd40fc2235954c9a8f7845b5fd674c4b', 'project_id': 'dd40fc2235954c9a8f7845b5fd674c4b', 'admin_state_up': True, 'mtu': 8950, 'status': 'ACTIVE', 'subnets': [], 'shared': False, 'port_security_enabled': True, 'router:external': False, 'provider:network_type': 'vlan', 'provider:physical_network': 'default', 'provider:segmentation_id': 513, 'availability_zone_hints': [], 'availability_zones': [], 'ipv4_address_scope': None, 'ipv6_address_scope': None, 'description': '', 'tags': [], 'created_at': '2025-12-08T17:25:45Z', 'updated_at': '2025-12-08T17:25:45Z', 'revision_number': 1}, Subnet: {'id': 'f2e1cbce-5aba-4680-ab3d-41360d9d3271', 'name': 'tempest-FloatingIPsAssociationNegativeTestJSON-1124718152-subnet', 'tenant_id': 'dd40fc2235954c9a8f7845b5fd674c4b', 'network_id': '74c3093f-c513-4f53-b8aa-1b473412a059', 'ip_version': 4, 'subnetpool_id': None, 'enable_dhcp': True, 'ipv6_ra_mode': None, 'ipv6_address_mode': None, 'gateway_ip': '192.168.128.1', 'cidr': '192.168.128.0/28', 'allocation_pools': [{'start': '192.168.128.2', 'end': '192.168.128.14'}], 'host_routes': [], 'dns_nameservers': [], 'description': '', 'router:external': False, 'service_types': [], 'tags': [], 'created_at': '2025-12-08T17:25:45Z', 'updated_at': '2025-12-08T17:25:45Z', 'revision_number': 0, 'project_id': 'dd40fc2235954c9a8f7845b5fd674c4b'}, Router: {'id': 'c925dde4-19a1-480b-822b-16e285bb36f6', 'name': 'tempest-FloatingIPsAssociationNegativeTestJSON-1124718152-router', 'tenant_id': 'dd40fc2235954c9a8f7845b5fd674c4b', 'admin_state_up': True, 'status': 'ACTIVE', 'external_gateway_info': {'network_id': 'd11f67c9-75e0-4f1a-a772-58e68e803477', 'external_fixed_ips': [{'subnet_id': '12929faa-3c88-46a1-84e2-4de6deaffccc', 'ip_address': '10.180.180.245'}], 'enable_snat': True}, 'description': '', 'availability_zones': [], 'distributed': False, 'ha': False, 'availability_zone_hints': [], 'routes': [], 'flavor_id': None, 'tags': [], 'created_at': '2025-12-08T17:25:45Z', 'updated_at': '2025-12-08T17:25:46Z', 'revision_number': 2, 'project_id': 'dd40fc2235954c9a8f7845b5fd674c4b'}
2025-12-08 17:25:47.755 65847 INFO tempest.lib.common.rest_client [req-6c5908dc-e223-445b-a66c-29339f04e451 req-6c5908dc-e223-445b-a66c-29339f04e451 ] Request (ServersListShow298Test:tearDownClass): 200 GET http://10.180.1.21/compute/v2.1/servers/5b08f3ba-7400-48f2-af8c-a0ea3ec59dc2 1.236s
2025-12-08 17:25:47.776 65839 INFO tempest.lib.common.rest_client [req-badc68d8-1f08-4f60-b10e-51249dd64139 req-badc68d8-1f08-4f60-b10e-51249dd64139 ] Request (FloatingIPsAssociationNegativeTestJSON:setUpClass): 201 POST http://10.180.1.21/identity/v3/auth/tokens 0.126s
2025-12-08 17:25:47.805 65849 INFO tempest.lib.common.rest_client [req-c812fdcf-d6fa-4a40-90bc-dbe2a067a5c4 req-c812fdcf-d6fa-4a40-90bc-dbe2a067a5c4 ] Request (SecurityGroupsTestJSON:test_server_security_groups): 200 GET http://10.180.1.21/compute/v2.1/servers/835213c0-7178-41ac-ab06-27e678ff73ec 1.407s
2025-12-08 17:25:47.814 65849 INFO tempest.common.waiters [-] State transition "BUILD/None" ==> "BUILD/networking" after 57 second wait
2025-12-08 17:25:47.829 65839 INFO tempest.lib.common.rest_client [req-5d041498-c866-470d-98dd-63d88ae6ac09 req-5d041498-c866-470d-98dd-63d88ae6ac09 ] Request (FloatingIPsAssociationNegativeTestJSON:setUpClass): 201 POST http://10.180.1.21/identity/v3/auth/tokens 0.049s
2025-12-08 17:25:47.829 65839 INFO tempest.lib.common.fixed_network [-] (FloatingIPsAssociationNegativeTestJSON:setUpClass) Found network {'id': '74c3093f-c513-4f53-b8aa-1b473412a059', 'name': 'tempest-FloatingIPsAssociationNegativeTestJSON-1124718152-network', 'tenant_id': 'dd40fc2235954c9a8f7845b5fd674c4b', 'project_id': 'dd40fc2235954c9a8f7845b5fd674c4b', 'admin_state_up': True, 'mtu': 8950, 'status': 'ACTIVE', 'subnets': [], 'shared': False, 'port_security_enabled': True, 'router:external': False, 'provider:network_type': 'vlan', 'provider:physical_network': 'default', 'provider:segmentation_id': 513, 'availability_zone_hints': [], 'availability_zones': [], 'ipv4_address_scope': None, 'ipv6_address_scope': None, 'description': '', 'tags': [], 'created_at': '2025-12-08T17:25:45Z', 'updated_at': '2025-12-08T17:25:45Z', 'revision_number': 1} available for tenant
2025-12-08 17:25:48.051 65817 INFO tempest.lib.common.rest_client [req-7eca0093-a9e1-40d1-81ee-04a40895af4f req-7eca0093-a9e1-40d1-81ee-04a40895af4f ] Request (ServerActionsTestOtherB:test_resize_server_confirm_from_stopped): 200 GET http://10.180.1.21/compute/v2.1/servers/f0ae0ad7-7800-4f5a-a270-7749177b8675 1.380s
2025-12-08 17:25:48.058 65817 INFO tempest.common.waiters [-] State transition "ACTIVE/powering-off" ==> "SHUTOFF/None" after 4 second wait
2025-12-08 17:25:48.075 65837 INFO tempest.lib.common.rest_client [req-e32985dd-5f11-48a9-a13d-079c8aa9cf1b req-e32985dd-5f11-48a9-a13d-079c8aa9cf1b ] Request (ListServersNegativeTestJSON:tearDownClass): 404 DELETE http://10.180.1.21/compute/v2.1/servers/225f5425-83d8-441b-912c-7ca1815e531f 1.333s
2025-12-08 17:25:48.078 65855 INFO tempest.lib.common.rest_client [req-16effdf5-dbc7-4e31-a8db-1cd2aab9f60b req-16effdf5-dbc7-4e31-a8db-1cd2aab9f60b ] Request (MigrationsAdminTest:test_resize_server_revert_deleted_flavor): 200 GET http://10.180.1.21/compute/v2.1/servers/9322f1d0-3ffb-46c6-8974-7fe56a517f7f 1.358s
2025-12-08 17:25:48.144 65843 INFO tempest.lib.common.rest_client [req-def20af8-55cb-489e-8c36-bbe2db414f95 req-def20af8-55cb-489e-8c36-bbe2db414f95 ] Request (ServerMetadataNegativeTestJSON:setUpClass): 200 GET http://10.180.1.21/compute/v2.1/servers/b9eaa8ef-392c-449e-b441-5b5de9ddaf9e 1.327s
2025-12-08 17:25:48.159 65805 INFO tempest.lib.common.rest_client [req-9bd6bf7a-ea22-40b3-9e67-4ab56ff32aae req-9bd6bf7a-ea22-40b3-9e67-4ab56ff32aae ] Request (ServersTestJSON:setUpClass): 200 GET http://10.180.1.21/compute/v2.1/servers/8f28d898-567e-409c-95bf-10e8000cdc4b 1.380s
2025-12-08 17:25:48.216 65831 INFO tempest.lib.common.rest_client [req-5c2694b7-4eaa-49c5-bfb4-6591db813d8d req-5c2694b7-4eaa-49c5-bfb4-6591db813d8d ] Request (ServerRescueTestJSONUnderV235:setUpClass): 200 GET http://10.180.1.21/compute/v2.1/servers/f7fb46f9-1425-4f94-bcf1-dd722c442144 1.361s
2025-12-08 17:25:48.235 65867 INFO tempest.lib.common.rest_client [req-773c3a66-852e-4335-8a16-fbdcc59e4b63 req-773c3a66-852e-4335-8a16-fbdcc59e4b63 ] Request (ServerRescueNegativeTestJSON:test_rescued_vm_detach_volume): 200 GET http://10.180.1.21/compute/v2.1/servers/f7468e7d-2bed-4b9a-a642-b7f628a95305 1.272s
2025-12-08 17:25:48.345 65859 INFO tempest.lib.common.rest_client [req-c33b1424-2dfb-4a89-81f1-ceef0fb8b62f req-c33b1424-2dfb-4a89-81f1-ceef0fb8b62f ] Request (ServerShowV254Test:test_rebuild_server): 200 GET http://10.180.1.21/compute/v2.1/servers/37a306f7-02f2-41cd-98db-fc3eb003b7a4 1.294s
2025-12-08 17:25:48.375 65833 INFO tempest.lib.common.rest_client [req-4051038b-9538-4764-ba4b-dc9aed26681f req-4051038b-9538-4764-ba4b-dc9aed26681f ] Request (AttachInterfacesUnderV243Test:test_add_remove_fixed_ip): 200 GET http://10.180.1.21/compute/v2.1/servers/f7259aaf-7b19-40d1-b05b-825f31a78756 1.385s
2025-12-08 17:25:48.410 65813 INFO tempest.lib.common.rest_client [req-5e084ea8-2afc-48cc-9692-efb3b9c4b520 req-5e084ea8-2afc-48cc-9692-efb3b9c4b520 ] Request (ServerDiskConfigTestJSON:test_rebuild_server_with_manual_disk_config): 200 GET http://10.180.1.21/compute/v2.1/servers/208772b0-cc9f-4644-b440-54e638072b4e 1.308s
2025-12-08 17:25:48.474 65863 INFO tempest.lib.common.rest_client [req-d26652c7-51a5-4fc9-8c45-f5deaf472422 req-d26652c7-51a5-4fc9-8c45-f5deaf472422 ] Request (ServersTestJSON:_run_cleanups): 200 GET http://10.180.1.21/compute/v2.1/servers/5eaf1535-4d97-4020-b2a5-4f37e21026e0 1.358s
2025-12-08 17:25:48.548 65815 INFO tempest.lib.common.rest_client [req-732eb0e2-fce8-4bca-ab89-a4ce0f6f05c7 req-732eb0e2-fce8-4bca-ab89-a4ce0f6f05c7 ] Request (InstanceActionsTestJSON:tearDownClass): 200 GET http://10.180.1.21/compute/v2.1/servers/81d406bb-f0e6-487c-841e-a13ae7736af0 1.383s
2025-12-08 17:25:48.557 65841 INFO tempest.lib.common.rest_client [req-6b897298-c285-4f81-b2ae-e3acf540af57 req-6b897298-c285-4f81-b2ae-e3acf540af57 ] Request (ServersAdminTestJSON:tearDownClass): 200 GET http://10.180.1.21/compute/v2.1/servers/e6733991-a8fe-42b0-bd9c-098cd755e957 1.376s
2025-12-08 17:25:48.632 65835 INFO tempest.lib.common.rest_client [req-405fa4b6-5455-45ef-8988-4dce54527f46 req-405fa4b6-5455-45ef-8988-4dce54527f46 ] Request (ListServerFiltersTestJSON:tearDownClass): 200 GET http://10.180.1.21/compute/v2.1/servers/ae260ff0-bb11-4322-a30e-47a4c88eb6d9 1.394s
2025-12-08 17:25:48.649 65821 INFO tempest.lib.common.rest_client [req-4f4f5f3f-b2f7-4f9a-9ebb-17223f2c1679 req-4f4f5f3f-b2f7-4f9a-9ebb-17223f2c1679 ] Request (ImagesTestJSON:test_create_image_from_suspended_server): 200 GET http://10.180.1.21/compute/v2.1/servers/d20826fc-879b-4538-88d5-9a69017c9d23 1.303s
2025-12-08 17:25:48.809 65807 INFO tempest.lib.common.rest_client [req-92cb413c-e6ea-414a-b2e0-dd0bdaf6aeec req-92cb413c-e6ea-414a-b2e0-dd0bdaf6aeec ] Request (InstanceActionsNegativeTestJSON:setUpClass): 200 GET http://10.180.1.21/compute/v2.1/servers/f523a556-180d-4c8f-be38-0f7f9110df7b 1.383s
2025-12-08 17:25:48.859 65853 INFO tempest.lib.common.rest_client [req-151b200a-92ac-4051-b018-c4dbb41646e4 req-151b200a-92ac-4051-b018-c4dbb41646e4 ] Request (ImagesOneServerNegativeTestJSON:tearDown): 200 GET http://10.180.1.21/compute/v2.1/servers/ac639d87-8ce8-4762-a056-b369ec2627b6 1.491s
2025-12-08 17:25:48.896 65809 INFO tempest.lib.common.rest_client [req-dd1f2b5c-dc79-4360-8dfa-31526a291168 req-dd1f2b5c-dc79-4360-8dfa-31526a291168 ] Request (MultipleCreateTestJSON:_run_cleanups): 200 GET http://10.180.1.21/compute/v2.1/servers/a1383469-5eaa-41c0-950c-fc5b071d8f62 1.458s
2025-12-08 17:25:48.921 65861 INFO tempest.lib.common.rest_client [req-71fdc542-df46-48d5-9cb3-f2c36125530a req-71fdc542-df46-48d5-9cb3-f2c36125530a ] Request (ServerPasswordTestJSON:setUpClass): 200 GET http://10.180.1.21/compute/v2.1/servers/233af8b9-8f53-4e88-b316-ac6e2e2f85a1 1.295s
2025-12-08 17:25:48.972 65829 INFO tempest.lib.common.rest_client [req-5d85d9d4-9e6d-42bc-a804-59764fdeceec req-5d85d9d4-9e6d-42bc-a804-59764fdeceec ] Request (AttachInterfacesTestJSON:test_create_list_show_delete_interfaces_by_fixed_ip): 200 GET http://10.180.1.21/compute/v2.1/servers/5e5a538b-8f59-45ca-bece-6a0cff169e0a 1.329s
2025-12-08 17:25:49.018 65823 INFO tempest.lib.common.rest_client [req-a419d03d-9d8c-4f19-9df7-304d7400ea5c req-a419d03d-9d8c-4f19-9df7-304d7400ea5c ] Request (ListImageFiltersTestJSON:tearDownClass): 200 GET http://10.180.1.21/compute/v2.1/servers/3a95cfa3-d907-467b-9081-c8c5b4b9dd5a 1.241s
2025-12-08 17:25:49.285 65817 INFO tempest.lib.common.rest_client [req-d61ce561-930c-404d-bcf3-4f95abd6fb6f req-d61ce561-930c-404d-bcf3-4f95abd6fb6f ] Request (ServerActionsTestOtherB:test_resize_server_confirm_from_stopped): 202 POST http://10.180.1.21/compute/v2.1/servers/f0ae0ad7-7800-4f5a-a270-7749177b8675/action 1.225s
2025-12-08 17:25:49.429 65837 INFO tempest.lib.common.rest_client [req-665f6110-a68e-4dba-9759-86efc67982af req-665f6110-a68e-4dba-9759-86efc67982af ] Request (ListServersNegativeTestJSON:tearDownClass): 200 GET http://10.180.1.21/compute/v2.1/servers/fab0ffc2-fa16-4d13-b70c-dfaa41c981aa 1.354s
2025-12-08 17:25:49.567 65839 INFO tempest.lib.common.rest_client [req-04d0e291-6313-4d72-ac39-d907d31c22d0 req-04d0e291-6313-4d72-ac39-d907d31c22d0 ] Request (FloatingIPsAssociationNegativeTestJSON:setUpClass): 202 POST http://10.180.1.21/compute/v2.1/servers 1.737s
2025-12-08 17:25:49.714 65847 INFO tempest.lib.common.rest_client [req-855f196f-24c2-4873-b0d9-85222e7a8e78 req-855f196f-24c2-4873-b0d9-85222e7a8e78 ] Request (ServersListShow298Test:tearDownClass): 200 GET http://10.180.1.21/compute/v2.1/servers/5b08f3ba-7400-48f2-af8c-a0ea3ec59dc2 0.937s
2025-12-08 17:25:50.103 65849 INFO tempest.lib.common.rest_client [req-ad0334bc-193a-491d-9440-754d164eb2d1 req-ad0334bc-193a-491d-9440-754d164eb2d1 ] Request (SecurityGroupsTestJSON:test_server_security_groups): 200 GET http://10.180.1.21/compute/v2.1/servers/835213c0-7178-41ac-ab06-27e678ff73ec 1.287s
2025-12-08 17:25:50.112 65849 INFO tempest.common.waiters [-] State transition "BUILD/networking" ==> "BUILD/spawning" after 60 second wait
2025-12-08 17:25:50.166 65855 INFO tempest.lib.common.rest_client [req-70b5181a-eb5c-4b97-9618-32fe48b5d4da req-70b5181a-eb5c-4b97-9618-32fe48b5d4da ] Request (MigrationsAdminTest:test_resize_server_revert_deleted_flavor): 200 GET http://10.180.1.21/compute/v2.1/servers/9322f1d0-3ffb-46c6-8974-7fe56a517f7f 1.078s
2025-12-08 17:25:50.215 65843 INFO tempest.lib.common.rest_client [req-8712b33a-f7ca-40d3-ac93-a5b0648b24fe req-8712b33a-f7ca-40d3-ac93-a5b0648b24fe ] Request (ServerMetadataNegativeTestJSON:setUpClass): 200 GET http://10.180.1.21/compute/v2.1/servers/b9eaa8ef-392c-449e-b441-5b5de9ddaf9e 1.062s
2025-12-08 17:25:50.399 65831 INFO tempest.lib.common.rest_client [req-78baef67-6d68-40bc-bbf5-c1e48167076a req-78baef67-6d68-40bc-bbf5-c1e48167076a ] Request (ServerRescueTestJSONUnderV235:setUpClass): 200 GET http://10.180.1.21/compute/v2.1/servers/f7fb46f9-1425-4f94-bcf1-dd722c442144 1.171s
2025-12-08 17:25:50.432 65805 INFO tempest.lib.common.rest_client [req-f0364ec9-060b-4d72-b123-8ece06eb2830 req-f0364ec9-060b-4d72-b123-8ece06eb2830 ] Request (ServersTestJSON:setUpClass): 200 GET http://10.180.1.21/compute/v2.1/servers/8f28d898-567e-409c-95bf-10e8000cdc4b 1.256s
2025-12-08 17:25:50.439 65805 INFO tempest.common.waiters [-] State transition "BUILD/None" ==> "BUILD/block_device_mapping" after 58 second wait
2025-12-08 17:25:50.466 65867 INFO tempest.lib.common.rest_client [req-63d687c4-4bf5-45d3-a2b8-9f5f5994a2eb req-63d687c4-4bf5-45d3-a2b8-9f5f5994a2eb ] Request (ServerRescueNegativeTestJSON:test_rescued_vm_detach_volume): 200 GET http://10.180.1.21/compute/v2.1/servers/f7468e7d-2bed-4b9a-a642-b7f628a95305 1.218s
2025-12-08 17:25:50.569 65859 INFO tempest.lib.common.rest_client [req-e24b17b1-3d5e-48c2-9f51-7f3150881620 req-e24b17b1-3d5e-48c2-9f51-7f3150881620 ] Request (ServerShowV254Test:test_rebuild_server): 200 GET http://10.180.1.21/compute/v2.1/servers/37a306f7-02f2-41cd-98db-fc3eb003b7a4 1.214s
2025-12-08 17:25:50.590 65817 INFO tempest.lib.common.rest_client [req-19f52b52-4c6f-4e75-85ee-1f8427f8fc8e req-19f52b52-4c6f-4e75-85ee-1f8427f8fc8e ] Request (ServerActionsTestOtherB:test_resize_server_confirm_from_stopped): 200 GET http://10.180.1.21/compute/v2.1/servers/f0ae0ad7-7800-4f5a-a270-7749177b8675 1.305s
2025-12-08 17:25:50.689 65813 INFO tempest.lib.common.rest_client [req-998f1fdf-e259-41aa-a88d-38ba8aef3c18 req-998f1fdf-e259-41aa-a88d-38ba8aef3c18 ] Request (ServerDiskConfigTestJSON:test_rebuild_server_with_manual_disk_config): 200 GET http://10.180.1.21/compute/v2.1/servers/208772b0-cc9f-4644-b440-54e638072b4e 1.267s
2025-12-08 17:25:50.720 65833 INFO tempest.lib.common.rest_client [req-b3897158-8350-4b2b-a338-ddce3287d31b req-b3897158-8350-4b2b-a338-ddce3287d31b ] Request (AttachInterfacesUnderV243Test:test_add_remove_fixed_ip): 200 GET http://10.180.1.21/compute/v2.1/servers/f7259aaf-7b19-40d1-b05b-825f31a78756 1.329s
2025-12-08 17:25:50.764 65863 INFO tempest.lib.common.rest_client [req-804c55f4-ebb8-40e3-800c-3c0582039f92 req-804c55f4-ebb8-40e3-800c-3c0582039f92 ] Request (ServersTestJSON:_run_cleanups): 200 GET http://10.180.1.21/compute/v2.1/servers/5eaf1535-4d97-4020-b2a5-4f37e21026e0 1.279s
2025-12-08 17:25:50.790 65815 INFO tempest.lib.common.rest_client [req-12e6f710-acde-4412-a34c-e6ccc1199ffa req-12e6f710-acde-4412-a34c-e6ccc1199ffa ] Request (InstanceActionsTestJSON:tearDownClass): 200 GET http://10.180.1.21/compute/v2.1/servers/81d406bb-f0e6-487c-841e-a13ae7736af0 1.233s
2025-12-08 17:25:50.817 65811 WARNING tempest.lib.common.ssh [-] Failed to establish authenticated ssh connection to cirros@10.180.180.145 ([Errno None] Unable to connect to port 22 on 10.180.180.145). Number attempts: 2. Retry after 3 seconds.: paramiko.ssh_exception.NoValidConnectionsError: [Errno None] Unable to connect to port 22 on 10.180.180.145
2025-12-08 17:25:50.835 65841 INFO tempest.lib.common.rest_client [req-84d45898-e8f6-4e5c-8329-73a531ddeb54 req-84d45898-e8f6-4e5c-8329-73a531ddeb54 ] Request (ServersAdminTestJSON:tearDownClass): 200 GET http://10.180.1.21/compute/v2.1/servers/e6733991-a8fe-42b0-bd9c-098cd755e957 1.267s
2025-12-08 17:25:50.850 65839 INFO tempest.lib.common.rest_client [req-32f412f5-8bf5-491b-936e-87ce9f194be2 req-32f412f5-8bf5-491b-936e-87ce9f194be2 ] Request (FloatingIPsAssociationNegativeTestJSON:setUpClass): 200 GET http://10.180.1.21/compute/v2.1/servers/e528a5f1-8251-4420-8660-8a7ec001ef7e 1.281s
2025-12-08 17:25:50.903 65835 INFO tempest.lib.common.rest_client [req-8cceca14-c129-4ecd-812e-056ce69cc7b5 req-8cceca14-c129-4ecd-812e-056ce69cc7b5 ] Request (ListServerFiltersTestJSON:tearDownClass): 200 GET http://10.180.1.21/compute/v2.1/servers/ae260ff0-bb11-4322-a30e-47a4c88eb6d9 1.258s
2025-12-08 17:25:50.915 65821 INFO tempest.lib.common.rest_client [req-3d61f1fc-5416-4c94-9c02-6b367824def4 req-3d61f1fc-5416-4c94-9c02-6b367824def4 ] Request (ImagesTestJSON:test_create_image_from_suspended_server): 200 GET http://10.180.1.21/compute/v2.1/servers/d20826fc-879b-4538-88d5-9a69017c9d23 1.254s
2025-12-08 17:25:50.967 65807 INFO tempest.lib.common.rest_client [req-d45bd0b1-681a-426d-9d90-02e569551621 req-d45bd0b1-681a-426d-9d90-02e569551621 ] Request (InstanceActionsNegativeTestJSON:setUpClass): 200 GET http://10.180.1.21/compute/v2.1/servers/f523a556-180d-4c8f-be38-0f7f9110df7b 1.146s
2025-12-08 17:25:51.105 65809 INFO tempest.lib.common.rest_client [req-c816efdc-db37-4bfd-892a-97eec6c5ff3a req-c816efdc-db37-4bfd-892a-97eec6c5ff3a ] Request (MultipleCreateTestJSON:_run_cleanups): 200 GET http://10.180.1.21/compute/v2.1/servers/a1383469-5eaa-41c0-950c-fc5b071d8f62 1.201s
2025-12-08 17:25:51.141 65853 INFO tempest.lib.common.rest_client [req-4d89d27a-847d-4259-b7ec-21e477a00684 req-4d89d27a-847d-4259-b7ec-21e477a00684 ] Request (ImagesOneServerNegativeTestJSON:tearDown): 200 GET http://10.180.1.21/compute/v2.1/servers/ac639d87-8ce8-4762-a056-b369ec2627b6 1.274s
2025-12-08 17:25:51.150 65853 INFO tempest.common.waiters [-] State transition "ACTIVE/image_uploading" ==> "ACTIVE/None" after 8 second wait
2025-12-08 17:25:51.183 65861 INFO tempest.lib.common.rest_client [req-3bab8ed2-2343-4a1a-861a-2f4875b68582 req-3bab8ed2-2343-4a1a-861a-2f4875b68582 ] Request (ServerPasswordTestJSON:setUpClass): 200 GET http://10.180.1.21/compute/v2.1/servers/233af8b9-8f53-4e88-b316-ac6e2e2f85a1 1.250s
2025-12-08 17:25:51.197 65829 INFO tempest.lib.common.rest_client [req-9a6c09de-e858-49e1-a213-cff2692126f4 req-9a6c09de-e858-49e1-a213-cff2692126f4 ] Request (AttachInterfacesTestJSON:test_create_list_show_delete_interfaces_by_fixed_ip): 200 GET http://10.180.1.21/compute/v2.1/servers/5e5a538b-8f59-45ca-bece-6a0cff169e0a 1.215s
2025-12-08 17:25:51.248 65823 INFO tempest.lib.common.rest_client [req-ee5b6e44-5a42-4f27-9696-f9e5ab1a8118 req-ee5b6e44-5a42-4f27-9696-f9e5ab1a8118 ] Request (ListImageFiltersTestJSON:tearDownClass): 200 GET http://10.180.1.21/compute/v2.1/servers/3a95cfa3-d907-467b-9081-c8c5b4b9dd5a 1.220s
2025-12-08 17:25:51.265 65837 INFO tempest.lib.common.rest_client [req-21d91eb6-1aad-4a01-ab83-2ecc1cc0af0d req-21d91eb6-1aad-4a01-ab83-2ecc1cc0af0d ] Request (ListServersNegativeTestJSON:tearDownClass): 200 GET http://10.180.1.21/compute/v2.1/servers/fab0ffc2-fa16-4d13-b70c-dfaa41c981aa 0.820s
2025-12-08 17:25:51.273 65837 INFO tempest.common.waiters [-] State transition "ACTIVE/deleting" ==> "DELETED/None" after 2 second wait
2025-12-08 17:25:51.331 65847 INFO tempest.lib.common.rest_client [req-9182e195-6729-41f6-90ee-e0d385fd4a27 req-9182e195-6729-41f6-90ee-e0d385fd4a27 ] Request (ServersListShow298Test:tearDownClass): 200 GET http://10.180.1.21/compute/v2.1/servers/5b08f3ba-7400-48f2-af8c-a0ea3ec59dc2 0.601s
2025-12-08 17:25:51.346 65847 INFO tempest.common.waiters [-] State transition "ACTIVE/deleting" ==> "DELETED/None" after 6 second wait
2025-12-08 17:25:51.389 65849 INFO tempest.lib.common.rest_client [req-aa99390d-cf28-4dca-aada-fa7fd23f479c req-aa99390d-cf28-4dca-aada-fa7fd23f479c ] Request (SecurityGroupsTestJSON:test_server_security_groups): 200 GET http://10.180.1.21/compute/v2.1/servers/835213c0-7178-41ac-ab06-27e678ff73ec 0.276s
2025-12-08 17:25:51.462 65853 INFO tempest.lib.common.rest_client [req-d6272f51-c7bc-4ce4-82e1-011e520e69e8 req-d6272f51-c7bc-4ce4-82e1-011e520e69e8 ] Request (ImagesOneServerNegativeTestJSON:_run_cleanups): 204 DELETE http://10.180.1.21/compute/v2.1/servers/ac639d87-8ce8-4762-a056-b369ec2627b6 0.311s
2025-12-08 17:25:51.503 65855 INFO tempest.lib.common.rest_client [req-f461ebb7-856f-4b26-855b-6d92a38bf3d8 req-f461ebb7-856f-4b26-855b-6d92a38bf3d8 ] Request (MigrationsAdminTest:test_resize_server_revert_deleted_flavor): 200 GET http://10.180.1.21/compute/v2.1/servers/9322f1d0-3ffb-46c6-8974-7fe56a517f7f 0.321s
2025-12-08 17:25:51.524 65843 INFO tempest.lib.common.rest_client [req-1f7626f2-15bb-4886-8cfd-1e07a0b7c060 req-1f7626f2-15bb-4886-8cfd-1e07a0b7c060 ] Request (ServerMetadataNegativeTestJSON:setUpClass): 200 GET http://10.180.1.21/compute/v2.1/servers/b9eaa8ef-392c-449e-b441-5b5de9ddaf9e 0.297s
2025-12-08 17:25:51.566 65831 INFO tempest.lib.common.rest_client [req-75cc9f07-c856-4bf4-8d7e-81d950e62b97 req-75cc9f07-c856-4bf4-8d7e-81d950e62b97 ] Request (ServerRescueTestJSONUnderV235:setUpClass): 200 GET http://10.180.1.21/compute/v2.1/servers/f7fb46f9-1425-4f94-bcf1-dd722c442144 0.152s
2025-12-08 17:25:51.630 65805 INFO tempest.lib.common.rest_client [req-cde792db-5edb-4601-b8ae-cc12de5f594f req-cde792db-5edb-4601-b8ae-cc12de5f594f ] Request (ServersTestJSON:setUpClass): 200 GET http://10.180.1.21/compute/v2.1/servers/8f28d898-567e-409c-95bf-10e8000cdc4b 0.189s
2025-12-08 17:25:51.640 65805 INFO tempest.common.waiters [-] State transition "BUILD/block_device_mapping" ==> "BUILD/spawning" after 59 second wait
2025-12-08 17:25:51.642 65819 INFO paramiko.transport [-] Connected (version 2.0, client dropbear_2020.81)
2025-12-08 17:25:51.693 65853 INFO tempest.lib.common.rest_client [req-a00912dd-dcd7-4725-bcac-4e9baf32400d req-a00912dd-dcd7-4725-bcac-4e9baf32400d ] Request (ImagesOneServerNegativeTestJSON:_run_cleanups): 200 GET http://10.180.1.21/compute/v2.1/servers/ac639d87-8ce8-4762-a056-b369ec2627b6 0.229s
2025-12-08 17:25:51.708 65867 INFO tempest.lib.common.rest_client [req-76ccb6a3-c2e9-46b5-8b38-62be4ad3bc4e req-76ccb6a3-c2e9-46b5-8b38-62be4ad3bc4e ] Request (ServerRescueNegativeTestJSON:test_rescued_vm_detach_volume): 200 GET http://10.180.1.21/compute/v2.1/servers/f7468e7d-2bed-4b9a-a642-b7f628a95305 0.234s
2025-12-08 17:25:51.752 65819 INFO paramiko.transport [-] Authentication (publickey) successful!
2025-12-08 17:25:51.752 65819 INFO tempest.lib.common.ssh [-] ssh connection to cirros@10.180.180.179 successfully created
2025-12-08 17:25:51.768 65859 INFO tempest.lib.common.rest_client [req-61eaa19a-e5ab-4169-9156-f438b74ec84d req-61eaa19a-e5ab-4169-9156-f438b74ec84d ] Request (ServerShowV254Test:test_rebuild_server): 200 GET http://10.180.1.21/compute/v2.1/servers/37a306f7-02f2-41cd-98db-fc3eb003b7a4 0.189s
2025-12-08 17:25:51.825 65813 INFO tempest.lib.common.rest_client [req-619f2c18-5dfc-4644-a11a-e19bd63267a6 req-619f2c18-5dfc-4644-a11a-e19bd63267a6 ] Request (ServerDiskConfigTestJSON:test_rebuild_server_with_manual_disk_config): 200 GET http://10.180.1.21/compute/v2.1/servers/208772b0-cc9f-4644-b440-54e638072b4e 0.129s
2025-12-08 17:25:51.844 65817 INFO tempest.lib.common.rest_client [req-38783372-7f98-417d-bbb1-cb6b6049ef01 req-38783372-7f98-417d-bbb1-cb6b6049ef01 ] Request (ServerActionsTestOtherB:test_resize_server_confirm_from_stopped): 200 GET http://10.180.1.21/compute/v2.1/servers/f0ae0ad7-7800-4f5a-a270-7749177b8675 0.243s
2025-12-08 17:25:51.872 65819 INFO tempest.lib.common.rest_client [req-573aaa26-f752-457a-8f7e-dc2335cfa3ad req-573aaa26-f752-457a-8f7e-dc2335cfa3ad ] Request (AttachVolumeNegativeTest:test_attach_attached_volume_to_different_server): 200 GET http://10.180.1.21/compute/v2.1/servers/6298b6d7-5892-48cc-b808-eeca3d91f57e/ips 0.119s
2025-12-08 17:25:51.931 65833 INFO tempest.lib.common.rest_client [req-ee153b43-c565-4c92-89dd-53bec396aa1b req-ee153b43-c565-4c92-89dd-53bec396aa1b ] Request (AttachInterfacesUnderV243Test:test_add_remove_fixed_ip): 200 GET http://10.180.1.21/compute/v2.1/servers/f7259aaf-7b19-40d1-b05b-825f31a78756 0.203s
2025-12-08 17:25:51.939 65833 INFO tempest.common.waiters [-] State transition "BUILD/spawning" ==> "ACTIVE/None" after 64 second wait
2025-12-08 17:25:51.940 65863 INFO tempest.lib.common.rest_client [req-9c75d4c4-f169-4d32-9e3d-76fe9bb2c92a req-9c75d4c4-f169-4d32-9e3d-76fe9bb2c92a ] Request (ServersTestJSON:_run_cleanups): 200 GET http://10.180.1.21/compute/v2.1/servers/5eaf1535-4d97-4020-b2a5-4f37e21026e0 0.166s
2025-12-08 17:25:51.998 65815 INFO tempest.lib.common.rest_client [req-5acb5280-9d8d-4732-b5d5-c60bc5c13bb3 req-5acb5280-9d8d-4732-b5d5-c60bc5c13bb3 ] Request (InstanceActionsTestJSON:tearDownClass): 200 GET http://10.180.1.21/compute/v2.1/servers/81d406bb-f0e6-487c-841e-a13ae7736af0 0.197s
2025-12-08 17:25:52.011 65841 INFO tempest.lib.common.rest_client [req-abe42cf0-64f4-4379-a959-7400986004ba req-abe42cf0-64f4-4379-a959-7400986004ba ] Request (ServersAdminTestJSON:tearDownClass): 200 GET http://10.180.1.21/compute/v2.1/servers/e6733991-a8fe-42b0-bd9c-098cd755e957 0.163s
2025-12-08 17:25:52.030 65819 INFO tempest.lib.common.rest_client [req-6802fe64-d08b-450f-bea7-eced4adf82ce req-6802fe64-d08b-450f-bea7-eced4adf82ce ] Request (AttachVolumeNegativeTest:test_attach_attached_volume_to_different_server): 202 POST http://10.180.1.21/volume/v3/volumes 0.155s
2025-12-08 17:25:52.053 65839 INFO tempest.lib.common.rest_client [req-73758be2-f33a-4494-a59f-92486277f906 req-73758be2-f33a-4494-a59f-92486277f906 ] Request (FloatingIPsAssociationNegativeTestJSON:setUpClass): 200 GET http://10.180.1.21/compute/v2.1/servers/e528a5f1-8251-4420-8660-8a7ec001ef7e 0.193s
2025-12-08 17:25:52.062 65819 INFO tempest.lib.common.rest_client [req-43281de0-72b2-4e11-b352-21d819d9f15c req-43281de0-72b2-4e11-b352-21d819d9f15c ] Request (AttachVolumeNegativeTest:test_attach_attached_volume_to_different_server): 200 GET http://10.180.1.21/volume/v3/volumes/ade72e98-0522-47ce-b314-757b2209a3f7 0.025s
2025-12-08 17:25:52.072 65835 INFO tempest.lib.common.rest_client [req-76a1ff3d-dfd7-4610-b855-b6d120ae04c5 req-76a1ff3d-dfd7-4610-b855-b6d120ae04c5 ] Request (ListServerFiltersTestJSON:tearDownClass): 200 GET http://10.180.1.21/compute/v2.1/servers/ae260ff0-bb11-4322-a30e-47a4c88eb6d9 0.159s
2025-12-08 17:25:52.105 65821 INFO tempest.lib.common.rest_client [req-cedb1b12-b60e-4f80-be11-3bde4fdbd52c req-cedb1b12-b60e-4f80-be11-3bde4fdbd52c ] Request (ImagesTestJSON:test_create_image_from_suspended_server): 200 GET http://10.180.1.21/compute/v2.1/servers/d20826fc-879b-4538-88d5-9a69017c9d23 0.181s
2025-12-08 17:25:52.145 65833 INFO tempest.lib.common.rest_client [req-0a485fb0-b145-4946-a18b-323c6b4cc9ff req-0a485fb0-b145-4946-a18b-323c6b4cc9ff ] Request (AttachInterfacesUnderV243Test:test_add_remove_fixed_ip): 200 GET http://10.180.1.21/compute/v2.1/servers/f7259aaf-7b19-40d1-b05b-825f31a78756/os-interface 0.205s
2025-12-08 17:25:52.167 65807 INFO tempest.lib.common.rest_client [req-0e003281-ed53-4c55-bb9d-55821fe5ef41 req-0e003281-ed53-4c55-bb9d-55821fe5ef41 ] Request (InstanceActionsNegativeTestJSON:setUpClass): 200 GET http://10.180.1.21/compute/v2.1/servers/f523a556-180d-4c8f-be38-0f7f9110df7b 0.190s
2025-12-08 17:25:52.221 65809 INFO tempest.lib.common.rest_client [req-e5d6d658-7500-4ca6-865e-36b493fa8b02 req-e5d6d658-7500-4ca6-865e-36b493fa8b02 ] Request (MultipleCreateTestJSON:_run_cleanups): 200 GET http://10.180.1.21/compute/v2.1/servers/a1383469-5eaa-41c0-950c-fc5b071d8f62 0.106s
2025-12-08 17:25:52.252 65861 INFO tempest.lib.common.rest_client [req-7feb0ab8-145b-47af-b5e7-4d27cc785b15 req-7feb0ab8-145b-47af-b5e7-4d27cc785b15 ] Request (ServerPasswordTestJSON:setUpClass): 200 GET http://10.180.1.21/compute/v2.1/servers/233af8b9-8f53-4e88-b316-ac6e2e2f85a1 0.059s
2025-12-08 17:25:52.298 65829 INFO tempest.lib.common.rest_client [req-6543b6e8-fbbf-41fe-a134-0b3332aa99f9 req-6543b6e8-fbbf-41fe-a134-0b3332aa99f9 ] Request (AttachInterfacesTestJSON:test_create_list_show_delete_interfaces_by_fixed_ip): 200 GET http://10.180.1.21/compute/v2.1/servers/5e5a538b-8f59-45ca-bece-6a0cff169e0a 0.092s
2025-12-08 17:25:52.356 65823 INFO tempest.lib.common.rest_client [req-5f8268c1-1750-47ba-b2f6-d4d8320bcfc7 req-5f8268c1-1750-47ba-b2f6-d4d8320bcfc7 ] Request (ListImageFiltersTestJSON:tearDownClass): 200 GET http://10.180.1.21/compute/v2.1/servers/3a95cfa3-d907-467b-9081-c8c5b4b9dd5a 0.095s
2025-12-08 17:25:52.376 65837 INFO tempest.lib.common.rest_client [req-666c4b3e-9d83-4880-ba26-4bc0ac1baa53 req-666c4b3e-9d83-4880-ba26-4bc0ac1baa53 ] Request (ListServersNegativeTestJSON:tearDownClass): 200 GET http://10.180.1.21/compute/v2.1/servers/fab0ffc2-fa16-4d13-b70c-dfaa41c981aa 0.102s
2025-12-08 17:25:52.442 65847 INFO tempest.lib.common.rest_client [req-7a794c85-c295-4678-babe-d6ebbad88054 req-7a794c85-c295-4678-babe-d6ebbad88054 ] Request (ServersListShow298Test:tearDownClass): 200 GET http://10.180.1.21/compute/v2.1/servers/5b08f3ba-7400-48f2-af8c-a0ea3ec59dc2 0.094s
2025-12-08 17:25:52.563 65849 INFO tempest.lib.common.rest_client [req-3b4d0760-e092-4a2b-a7df-2899739ec6b9 req-3b4d0760-e092-4a2b-a7df-2899739ec6b9 ] Request (SecurityGroupsTestJSON:test_server_security_groups): 200 GET http://10.180.1.21/compute/v2.1/servers/835213c0-7178-41ac-ab06-27e678ff73ec 0.164s
2025-12-08 17:25:52.669 65843 INFO tempest.lib.common.rest_client [req-6d24c571-ba31-477a-b489-3e4524412384 req-6d24c571-ba31-477a-b489-3e4524412384 ] Request (ServerMetadataNegativeTestJSON:setUpClass): 200 GET http://10.180.1.21/compute/v2.1/servers/b9eaa8ef-392c-449e-b441-5b5de9ddaf9e 0.130s
2025-12-08 17:25:52.723 65833 INFO tempest.lib.common.rest_client [req-ae5f9bcc-1569-4a3d-a9cb-802a05bccb01 req-ae5f9bcc-1569-4a3d-a9cb-802a05bccb01 ] Request (AttachInterfacesUnderV243Test:test_add_remove_fixed_ip): 200 PUT http://10.180.1.21/networking/v2.0/floatingips/876874bb-62b1-4a8f-9597-38cf3a1ef797 0.575s
2025-12-08 17:25:52.738 65855 INFO tempest.lib.common.rest_client [req-1c311379-69ea-4f25-9e8b-0802a30b12a2 req-1c311379-69ea-4f25-9e8b-0802a30b12a2 ] Request (MigrationsAdminTest:test_resize_server_revert_deleted_flavor): 200 GET http://10.180.1.21/compute/v2.1/servers/9322f1d0-3ffb-46c6-8974-7fe56a517f7f 0.224s
2025-12-08 17:25:52.757 65831 INFO tempest.lib.common.rest_client [req-6df9a811-69f4-428d-ade1-92c51002826a req-6df9a811-69f4-428d-ade1-92c51002826a ] Request (ServerRescueTestJSONUnderV235:setUpClass): 200 GET http://10.180.1.21/compute/v2.1/servers/f7fb46f9-1425-4f94-bcf1-dd722c442144 0.177s
2025-12-08 17:25:52.870 65805 INFO tempest.lib.common.rest_client [req-fa943f1f-b2bd-4a8d-af94-e5cdbd376cf7 req-fa943f1f-b2bd-4a8d-af94-e5cdbd376cf7 ] Request (ServersTestJSON:setUpClass): 200 GET http://10.180.1.21/compute/v2.1/servers/8f28d898-567e-409c-95bf-10e8000cdc4b 0.229s
2025-12-08 17:25:52.893 65853 INFO tempest.lib.common.rest_client [req-def31283-4cf7-4720-8140-34dbbf3a51e1 req-def31283-4cf7-4720-8140-34dbbf3a51e1 ] Request (ImagesOneServerNegativeTestJSON:_run_cleanups): 200 GET http://10.180.1.21/compute/v2.1/servers/ac639d87-8ce8-4762-a056-b369ec2627b6 0.191s
2025-12-08 17:25:52.929 65827 WARNING tempest.lib.common.ssh [-] Failed to establish authenticated ssh connection to cirros@10.180.180.178 ([Errno None] Unable to connect to port 22 on 10.180.180.178). Number attempts: 4. Retry after 5 seconds.: paramiko.ssh_exception.NoValidConnectionsError: [Errno None] Unable to connect to port 22 on 10.180.180.178
2025-12-08 17:25:52.940 65867 INFO tempest.lib.common.rest_client [req-7bc15b9e-0376-4e0b-a902-a3fdc824939b req-7bc15b9e-0376-4e0b-a902-a3fdc824939b ] Request (ServerRescueNegativeTestJSON:test_rescued_vm_detach_volume): 200 GET http://10.180.1.21/compute/v2.1/servers/f7468e7d-2bed-4b9a-a642-b7f628a95305 0.218s
2025-12-08 17:25:53.005 65859 INFO tempest.lib.common.rest_client [req-cca50255-b433-4669-b4f0-7316f3e8a9c1 req-cca50255-b433-4669-b4f0-7316f3e8a9c1 ] Request (ServerShowV254Test:test_rebuild_server): 200 GET http://10.180.1.21/compute/v2.1/servers/37a306f7-02f2-41cd-98db-fc3eb003b7a4 0.225s
2025-12-08 17:25:53.024 65833 INFO tempest.lib.common.rest_client [req-ec314b08-453d-4f10-8d61-9aff24c05007 req-ec314b08-453d-4f10-8d61-9aff24c05007 ] Request (AttachInterfacesUnderV243Test:test_add_remove_fixed_ip): 200 GET http://10.180.1.21/compute/v2.1/servers/f7259aaf-7b19-40d1-b05b-825f31a78756 0.300s
2025-12-08 17:25:53.032 65833 INFO tempest.lib.common.ssh [-] Creating ssh connection to '10.180.180.221:22' as 'cirros' with public key authentication
2025-12-08 17:25:53.072 65813 INFO tempest.lib.common.rest_client [req-56d2c628-07cc-48e1-9b8e-a9ef77b9b2d3 req-56d2c628-07cc-48e1-9b8e-a9ef77b9b2d3 ] Request (ServerDiskConfigTestJSON:test_rebuild_server_with_manual_disk_config): 200 GET http://10.180.1.21/compute/v2.1/servers/208772b0-cc9f-4644-b440-54e638072b4e 0.234s
2025-12-08 17:25:53.098 65863 INFO tempest.lib.common.rest_client [req-5145f888-cacc-419c-a0b4-6e4e856f67ee req-5145f888-cacc-419c-a0b4-6e4e856f67ee ] Request (ServersTestJSON:_run_cleanups): 404 GET http://10.180.1.21/compute/v2.1/servers/5eaf1535-4d97-4020-b2a5-4f37e21026e0 0.149s
2025-12-08 17:25:53.103 65819 INFO tempest.lib.common.rest_client [req-1f596de6-be94-48a8-bf61-4556fcb0a5b7 req-1f596de6-be94-48a8-bf61-4556fcb0a5b7 ] Request (AttachVolumeNegativeTest:test_attach_attached_volume_to_different_server): 200 GET http://10.180.1.21/volume/v3/volumes/ade72e98-0522-47ce-b314-757b2209a3f7 0.034s
2025-12-08 17:25:53.112 65819 INFO tempest.common.waiters [-] volume ade72e98-0522-47ce-b314-757b2209a3f7 reached available after waiting for 1.112438 seconds
2025-12-08 17:25:53.168 65815 INFO tempest.lib.common.rest_client [req-5644c13d-ae8c-4f3f-b760-b4a8e80a686e req-5644c13d-ae8c-4f3f-b760-b4a8e80a686e ] Request (InstanceActionsTestJSON:tearDownClass): 200 GET http://10.180.1.21/compute/v2.1/servers/81d406bb-f0e6-487c-841e-a13ae7736af0 0.157s
2025-12-08 17:25:53.173 65817 INFO tempest.lib.common.rest_client [req-24909efd-c59b-4bd6-86cc-3bce2037d90c req-24909efd-c59b-4bd6-86cc-3bce2037d90c ] Request (ServerActionsTestOtherB:test_resize_server_confirm_from_stopped): 200 GET http://10.180.1.21/compute/v2.1/servers/f0ae0ad7-7800-4f5a-a270-7749177b8675 0.321s
2025-12-08 17:25:53.245 65839 INFO tempest.lib.common.rest_client [req-81e6928a-e8f7-4d4d-955f-6a3395067292 req-81e6928a-e8f7-4d4d-955f-6a3395067292 ] Request (FloatingIPsAssociationNegativeTestJSON:setUpClass): 200 GET http://10.180.1.21/compute/v2.1/servers/e528a5f1-8251-4420-8660-8a7ec001ef7e 0.183s
2025-12-08 17:25:53.246 65841 INFO tempest.lib.common.rest_client [req-b5a3da4c-9a34-4811-a24b-5c515b8f6ed1 req-b5a3da4c-9a34-4811-a24b-5c515b8f6ed1 ] Request (ServersAdminTestJSON:tearDownClass): 200 GET http://10.180.1.21/compute/v2.1/servers/e6733991-a8fe-42b0-bd9c-098cd755e957 0.227s
2025-12-08 17:25:53.291 65863 INFO tempest.lib.common.rest_client [req-0250c837-fb2f-4c46-9b77-6207f2d8948f req-0250c837-fb2f-4c46-9b77-6207f2d8948f ] Request (ServersTestJSON:test_create_specify_keypair): 200 POST http://10.180.1.21/compute/v2.1/os-keypairs 0.189s
2025-12-08 17:25:53.318 65835 INFO tempest.lib.common.rest_client [req-7b3654da-c642-4b14-9169-2da86fefa97d req-7b3654da-c642-4b14-9169-2da86fefa97d ] Request (ListServerFiltersTestJSON:tearDownClass): 200 GET http://10.180.1.21/compute/v2.1/servers/ae260ff0-bb11-4322-a30e-47a4c88eb6d9 0.236s
2025-12-08 17:25:53.367 65821 INFO tempest.lib.common.rest_client [req-88707a89-8097-4b66-a492-8d490c4d8d85 req-88707a89-8097-4b66-a492-8d490c4d8d85 ] Request (ImagesTestJSON:test_create_image_from_suspended_server): 200 GET http://10.180.1.21/compute/v2.1/servers/d20826fc-879b-4538-88d5-9a69017c9d23 0.253s
2025-12-08 17:25:53.416 65807 INFO tempest.lib.common.rest_client [req-be2b8765-cf92-4a5a-bf8d-2e99ea90ffa4 req-be2b8765-cf92-4a5a-bf8d-2e99ea90ffa4 ] Request (InstanceActionsNegativeTestJSON:setUpClass): 200 GET http://10.180.1.21/compute/v2.1/servers/f523a556-180d-4c8f-be38-0f7f9110df7b 0.237s
2025-12-08 17:25:53.474 65809 INFO tempest.lib.common.rest_client [req-a77feda5-a268-4a2b-9251-cad659ae9ead req-a77feda5-a268-4a2b-9251-cad659ae9ead ] Request (MultipleCreateTestJSON:_run_cleanups): 200 GET http://10.180.1.21/compute/v2.1/servers/a1383469-5eaa-41c0-950c-fc5b071d8f62 0.245s
2025-12-08 17:25:53.523 65861 INFO tempest.lib.common.rest_client [req-ce8760f6-2731-4e1f-a428-f5d88ef297dc req-ce8760f6-2731-4e1f-a428-f5d88ef297dc ] Request (ServerPasswordTestJSON:setUpClass): 200 GET http://10.180.1.21/compute/v2.1/servers/233af8b9-8f53-4e88-b316-ac6e2e2f85a1 0.262s
2025-12-08 17:25:53.537 65863 INFO tempest.lib.common.rest_client [req-4268ca3f-09c2-48cc-b86c-8e6a3311f91e req-4268ca3f-09c2-48cc-b86c-8e6a3311f91e ] Request (ServersTestJSON:test_create_specify_keypair): 200 GET http://10.180.1.21/compute/v2.1/os-keypairs 0.244s
2025-12-08 17:25:53.592 65829 INFO tempest.lib.common.rest_client [req-2f415841-8877-48a9-a5f5-aee1493af123 req-2f415841-8877-48a9-a5f5-aee1493af123 ] Request (AttachInterfacesTestJSON:test_create_list_show_delete_interfaces_by_fixed_ip): 200 GET http://10.180.1.21/compute/v2.1/servers/5e5a538b-8f59-45ca-bece-6a0cff169e0a 0.282s
2025-12-08 17:25:53.619 65863 INFO tempest.lib.common.rest_client [req-2e4acbfd-d438-4ebd-a7cc-84a11af2d4e7 req-2e4acbfd-d438-4ebd-a7cc-84a11af2d4e7 ] Request (ServersTestJSON:test_create_specify_keypair): 201 POST http://10.180.1.21/identity/v3/auth/tokens 0.078s
2025-12-08 17:25:53.619 65863 INFO tempest.lib.common.fixed_network [-] (ServersTestJSON:test_create_specify_keypair) Found network {'id': '92aa873c-abd5-48af-9226-444e5584127a', 'name': 'tempest-ServersTestJSON-334056748-network', 'tenant_id': 'cd050f9067644c0db6e945683a3fcccc', 'project_id': 'cd050f9067644c0db6e945683a3fcccc', 'admin_state_up': True, 'mtu': 8950, 'status': 'ACTIVE', 'subnets': [], 'shared': False, 'port_security_enabled': True, 'router:external': False, 'provider:network_type': 'vlan', 'provider:physical_network': 'default', 'provider:segmentation_id': 676, 'availability_zone_hints': [], 'availability_zones': [], 'ipv4_address_scope': None, 'ipv6_address_scope': None, 'description': '', 'tags': [], 'created_at': '2025-12-08T17:22:52Z', 'updated_at': '2025-12-08T17:22:52Z', 'revision_number': 1} available for tenant
2025-12-08 17:25:53.660 65823 INFO tempest.lib.common.rest_client [req-f8ae8a29-16f5-4ea8-8bff-2047f95ce762 req-f8ae8a29-16f5-4ea8-8bff-2047f95ce762 ] Request (ListImageFiltersTestJSON:tearDownClass): 200 GET http://10.180.1.21/compute/v2.1/servers/3a95cfa3-d907-467b-9081-c8c5b4b9dd5a 0.295s
2025-12-08 17:25:53.728 65837 INFO tempest.lib.common.rest_client [req-2fce06ad-d555-4122-ab39-aa6ac5ab4978 req-2fce06ad-d555-4122-ab39-aa6ac5ab4978 ] Request (ListServersNegativeTestJSON:tearDownClass): 200 GET http://10.180.1.21/compute/v2.1/servers/fab0ffc2-fa16-4d13-b70c-dfaa41c981aa 0.343s
2025-12-08 17:25:53.831 65847 INFO tempest.lib.common.rest_client [req-a33a235c-2802-4dd1-8caf-68dc63c4df00 req-a33a235c-2802-4dd1-8caf-68dc63c4df00 ] Request (ServersListShow298Test:tearDownClass): 200 GET http://10.180.1.21/compute/v2.1/servers/5b08f3ba-7400-48f2-af8c-a0ea3ec59dc2 0.377s
2025-12-08 17:25:53.987 65849 INFO tempest.lib.common.rest_client [req-79770a4e-0475-417b-bbea-32a8beb3d345 req-79770a4e-0475-417b-bbea-32a8beb3d345 ] Request (SecurityGroupsTestJSON:test_server_security_groups): 200 GET http://10.180.1.21/compute/v2.1/servers/835213c0-7178-41ac-ab06-27e678ff73ec 0.415s
2025-12-08 17:25:54.325 65863 INFO tempest.lib.common.rest_client [req-c2c11ee9-14d4-4fd2-9dff-afc9b6c01489 req-c2c11ee9-14d4-4fd2-9dff-afc9b6c01489 ] Request (ServersTestJSON:test_create_specify_keypair): 202 POST http://10.180.1.21/compute/v2.1/servers 0.706s
2025-12-08 17:25:54.405 65843 INFO tempest.lib.common.rest_client [req-28340f1d-463f-4d48-9f18-f6f048ac4e97 req-28340f1d-463f-4d48-9f18-f6f048ac4e97 ] Request (ServerMetadataNegativeTestJSON:setUpClass): 200 GET http://10.180.1.21/compute/v2.1/servers/b9eaa8ef-392c-449e-b441-5b5de9ddaf9e 0.721s
2025-12-08 17:25:54.412 65843 INFO tempest.common.waiters [-] State transition "BUILD/scheduling" ==> "BUILD/None" after 25 second wait
