2025-12-08 17:23:11.586 65845 INFO tempest.lib.common.rest_client [req-f39552c5-f4a6-42c6-afc3-e49ef611a7a6 req-f39552c5-f4a6-42c6-afc3-e49ef611a7a6 ] Request (ServersTestFqdnHostnames:test_create_server_with_fqdn_name): 201 POST http://10.180.1.21/networking/v2.0/security-group-rules 0.203s
2025-12-08 17:23:11.638 65807 INFO tempest.lib.common.rest_client [req-525b1c2f-8662-44f5-8dae-d651914e3c4a req-525b1c2f-8662-44f5-8dae-d651914e3c4a ] Request (VolumesAdminNegativeTest:setUpClass): 201 POST http://10.180.1.21/networking/v2.0/subnets 0.295s
2025-12-08 17:23:11.652 65837 INFO tempest.lib.common.rest_client [req-0289e463-bfcd-4c6d-bdab-456791132e7e req-0289e463-bfcd-4c6d-bdab-456791132e7e ] Request (ServicesAdminTestJSON:setUpClass): 200 GET http://10.180.1.21/identity/v3/roles 0.084s
2025-12-08 17:23:11.666 65833 INFO tempest.lib.common.rest_client [req-6d15c069-4f5f-4325-94d2-769739fd85a1 req-6d15c069-4f5f-4325-94d2-769739fd85a1 ] Request (DeleteServersAdminTestJSON:test_delete_server_while_in_error_state): 200 GET http://10.180.1.21/compute/v2.1/servers/2e9f275f-c5e4-485d-abcc-48d411456e1f 3.583s
2025-12-08 17:23:11.693 65837 INFO tempest.lib.common.rest_client [req-3d103c8f-4d70-44a8-a651-f9c933fd69bb req-3d103c8f-4d70-44a8-a651-f9c933fd69bb ] Request (ServicesAdminTestJSON:setUpClass): 204 PUT http://10.180.1.21/identity/v3/projects/3779cf83315c4785880a61f763b5568e/users/6b596d0aabd74fa2835312c54b1fd723/roles/b3dd0e4209014f9fa504e1e8d33673a7 0.041s
2025-12-08 17:23:11.694 65837 INFO tempest.lib.common.dynamic_creds [-] Dynamic test user 6b596d0aabd74fa2835312c54b1fd723 is created with scope project and roles: ['member']
2025-12-08 17:23:11.694 65837 INFO tempest.lib.common.dynamic_creds [-] Acquired dynamic creds: credentials: Credentials: {'domain_id': 'default', 'domain_name': 'Default', 'username': 'tempest-ServicesAdminTestJSON-2090740558-project-member', 'project_domain_id': 'default', 'project_domain_name': 'Default', 'project_id': '3779cf83315c4785880a61f763b5568e', 'project_name': 'tempest-ServicesAdminTestJSON-2090740558', 'tenant_id': '3779cf83315c4785880a61f763b5568e', 'tenant_name': 'tempest-ServicesAdminTestJSON-2090740558', 'user_domain_id': 'default', 'user_domain_name': 'Default', 'user_id': '6b596d0aabd74fa2835312c54b1fd723', 'system': None}, Network: None, Subnet: None, Router: None
2025-12-08 17:23:11.694 65837 INFO tempest.lib.common.dynamic_creds [-] Created isolated network resources for: credentials: Credentials: {'domain_id': 'default', 'domain_name': 'Default', 'username': 'tempest-ServicesAdminTestJSON-2090740558-project-member', 'project_domain_id': 'default', 'project_domain_name': 'Default', 'project_id': '3779cf83315c4785880a61f763b5568e', 'project_name': 'tempest-ServicesAdminTestJSON-2090740558', 'tenant_id': '3779cf83315c4785880a61f763b5568e', 'tenant_name': 'tempest-ServicesAdminTestJSON-2090740558', 'user_domain_id': 'default', 'user_domain_name': 'Default', 'user_id': '6b596d0aabd74fa2835312c54b1fd723', 'system': None}, Network: None, Subnet: None, Router: None
2025-12-08 17:23:11.764 65813 INFO tempest.lib.common.rest_client [req-9d98cc90-fcd2-4bb9-a516-141df04b878d req-9d98cc90-fcd2-4bb9-a516-141df04b878d ] Request (ServersAdmin275Test:tearDownClass): 204 DELETE http://10.180.1.21/compute/v2.1/servers/101b6ef8-fab1-4626-9524-4e080c5ad298 3.502s
2025-12-08 17:23:11.782 65837 INFO tempest.lib.common.rest_client [req-8b25973a-ef9b-4e2e-a0f7-76cc20328961 req-8b25973a-ef9b-4e2e-a0f7-76cc20328961 ] Request (ServicesAdminTestJSON:setUpClass): 201 POST http://10.180.1.21/identity/v3/auth/tokens 0.083s
2025-12-08 17:23:11.877 65837 INFO tempest.lib.common.rest_client [req-70a5e52e-fb47-4a71-87df-bd3d522ee219 req-70a5e52e-fb47-4a71-87df-bd3d522ee219 ] Request (ServicesAdminTestJSON:setUpClass): 201 POST http://10.180.1.21/identity/v3/projects 0.094s
2025-12-08 17:23:11.943 65837 INFO tempest.lib.common.rest_client [req-a6ecc03a-92ba-4cf7-b315-0b8084b90c3d req-a6ecc03a-92ba-4cf7-b315-0b8084b90c3d ] Request (ServicesAdminTestJSON:setUpClass): 201 POST http://10.180.1.21/identity/v3/users 0.065s
2025-12-08 17:23:11.964 65837 INFO tempest.lib.common.rest_client [req-3cb34756-5616-4246-b3a4-82eb8762b5d0 req-3cb34756-5616-4246-b3a4-82eb8762b5d0 ] Request (ServicesAdminTestJSON:setUpClass): 200 GET http://10.180.1.21/identity/v3/roles 0.020s
2025-12-08 17:23:12.001 65837 INFO tempest.lib.common.rest_client [req-0b1889d7-1e4f-467d-81e5-60ad696b9274 req-0b1889d7-1e4f-467d-81e5-60ad696b9274 ] Request (ServicesAdminTestJSON:setUpClass): 204 PUT http://10.180.1.21/identity/v3/projects/1c4a380ba4f04932ae0a23a2c87232d5/users/6ed0c4d5b7ce4a4ab372a8bf097af61c/roles/f2f5e9156c614b9f990d126505a970b1 0.037s
2025-12-08 17:23:12.062 65837 INFO tempest.lib.common.rest_client [req-ae5f51b2-d4ed-4e1f-a2e5-4478c78b5ac5 req-ae5f51b2-d4ed-4e1f-a2e5-4478c78b5ac5 ] Request (ServicesAdminTestJSON:setUpClass): 200 GET http://10.180.1.21/identity/v3/roles 0.060s
2025-12-08 17:23:12.081 65837 INFO tempest.lib.common.rest_client [req-7b4728b1-e6c1-48df-8a26-2fe4426052de req-7b4728b1-e6c1-48df-8a26-2fe4426052de ] Request (ServicesAdminTestJSON:setUpClass): 204 PUT http://10.180.1.21/identity/v3/projects/1c4a380ba4f04932ae0a23a2c87232d5/users/6ed0c4d5b7ce4a4ab372a8bf097af61c/roles/f2f5e9156c614b9f990d126505a970b1 0.018s
2025-12-08 17:23:12.081 65837 INFO tempest.lib.common.dynamic_creds [-] Dynamic test user 6ed0c4d5b7ce4a4ab372a8bf097af61c is created with scope project and roles: ['admin']
2025-12-08 17:23:12.081 65837 INFO tempest.lib.common.dynamic_creds [-] Acquired dynamic creds: credentials: Credentials: {'domain_id': 'default', 'domain_name': 'Default', 'username': 'tempest-ServicesAdminTestJSON-775320387-project-admin', 'project_domain_id': 'default', 'project_domain_name': 'Default', 'project_id': '1c4a380ba4f04932ae0a23a2c87232d5', 'project_name': 'tempest-ServicesAdminTestJSON-775320387', 'tenant_id': '1c4a380ba4f04932ae0a23a2c87232d5', 'tenant_name': 'tempest-ServicesAdminTestJSON-775320387', 'user_domain_id': 'default', 'user_domain_name': 'Default', 'user_id': '6ed0c4d5b7ce4a4ab372a8bf097af61c', 'system': None}, Network: None, Subnet: None, Router: None
2025-12-08 17:23:12.081 65837 INFO tempest.lib.common.dynamic_creds [-] Created isolated network resources for: credentials: Credentials: {'domain_id': 'default', 'domain_name': 'Default', 'username': 'tempest-ServicesAdminTestJSON-775320387-project-admin', 'project_domain_id': 'default', 'project_domain_name': 'Default', 'project_id': '1c4a380ba4f04932ae0a23a2c87232d5', 'project_name': 'tempest-ServicesAdminTestJSON-775320387', 'tenant_id': '1c4a380ba4f04932ae0a23a2c87232d5', 'tenant_name': 'tempest-ServicesAdminTestJSON-775320387', 'user_domain_id': 'default', 'user_domain_name': 'Default', 'user_id': '6ed0c4d5b7ce4a4ab372a8bf097af61c', 'system': None}, Network: None, Subnet: None, Router: None
2025-12-08 17:23:12.155 65845 INFO tempest.lib.common.rest_client [req-75ff122d-3d0c-42b8-b4fd-290322b6ca54 req-75ff122d-3d0c-42b8-b4fd-290322b6ca54 ] Request (ServersTestFqdnHostnames:test_create_server_with_fqdn_name): 201 POST http://10.180.1.21/networking/v2.0/floatingips 0.569s
2025-12-08 17:23:12.202 65837 INFO tempest.lib.common.rest_client [req-4253f1e4-2099-4455-887a-97769d90f060 req-4253f1e4-2099-4455-887a-97769d90f060 ] Request (ServicesAdminTestJSON:setUpClass): 201 POST http://10.180.1.21/identity/v3/auth/tokens 0.118s
2025-12-08 17:23:12.223 65845 INFO tempest.lib.common.rest_client [req-59e2930f-ba97-421a-88d8-2a98693ede73 req-59e2930f-ba97-421a-88d8-2a98693ede73 ] Request (ServersTestFqdnHostnames:test_create_server_with_fqdn_name): 201 POST http://10.180.1.21/identity/v3/auth/tokens 0.064s
2025-12-08 17:23:12.223 65845 INFO tempest.lib.common.fixed_network [-] (ServersTestFqdnHostnames:test_create_server_with_fqdn_name) Found network {'id': '2932e802-07e5-440a-8a15-6f200c39e6c8', 'name': 'tempest-ServersTestFqdnHostnames-2140274310-network', 'tenant_id': '30ceb14ff460476ab237c06ee0fa9b8b', 'project_id': '30ceb14ff460476ab237c06ee0fa9b8b', 'admin_state_up': True, 'mtu': 8950, 'status': 'ACTIVE', 'subnets': [], 'shared': False, 'port_security_enabled': True, 'router:external': False, 'provider:network_type': 'vlan', 'provider:physical_network': 'default', 'provider:segmentation_id': 962, 'availability_zone_hints': [], 'availability_zones': [], 'ipv4_address_scope': None, 'ipv6_address_scope': None, 'description': '', 'tags': [], 'created_at': '2025-12-08T17:23:03Z', 'updated_at': '2025-12-08T17:23:03Z', 'revision_number': 1} available for tenant
2025-12-08 17:23:12.342 65835 INFO tempest.lib.common.rest_client [req-a94853e7-2618-46f8-9390-0208f021f9bd req-a94853e7-2618-46f8-9390-0208f021f9bd ] Request (ServerDiagnosticsNegativeTest:tearDownClass): 200 GET http://10.180.1.21/compute/v2.1/servers/2ceb8324-07de-45d9-bc39-b8661a6a35e4 3.816s
2025-12-08 17:23:12.512 65807 INFO tempest.lib.common.rest_client [req-a9634df6-6581-482d-831f-3a4d51a650cb req-a9634df6-6581-482d-831f-3a4d51a650cb ] Request (VolumesAdminNegativeTest:setUpClass): 201 POST http://10.180.1.21/networking/v2.0/routers 0.873s
2025-12-08 17:23:12.551 65853 INFO tempest.lib.common.rest_client [req-f550179b-cca3-44d7-84b9-ee64359948f7 req-f550179b-cca3-44d7-84b9-ee64359948f7 ] Request (ImagesOneServerNegativeTestJSON:setUp): 200 GET http://10.180.1.21/compute/v2.1/servers/576a1826-8e83-46fa-832d-87c62ff7d02e 3.986s
2025-12-08 17:23:12.588 65823 INFO tempest.lib.common.rest_client [req-86510b24-c0b3-4116-89e2-70aef5e704f2 req-86510b24-c0b3-4116-89e2-70aef5e704f2 ] Request (ListImageFiltersTestJSON:setUpClass): 202 POST http://10.180.1.21/compute/v2.1/servers 4.456s
2025-12-08 17:23:12.596 65865 INFO tempest.lib.common.rest_client [req-a9b07098-e85d-4f6c-8a1a-cd45de07338a req-a9b07098-e85d-4f6c-8a1a-cd45de07338a ] Request (KeyPairsV2TestJSON:test_keypairs_create_list_delete): 200 POST http://10.180.1.21/compute/v2.1/os-keypairs 4.021s
2025-12-08 17:23:12.662 65829 INFO tempest.lib.common.rest_client [req-2e630d21-8482-42ce-bfd4-5771d5a04e3b req-2e630d21-8482-42ce-bfd4-5771d5a04e3b ] Request (ImagesOneServerTestJSON:setUpClass): 200 GET http://10.180.1.21/compute/v2.1/servers/fb73de4f-982f-48b5-b0a6-febcf9a1f54e 4.009s
2025-12-08 17:23:12.679 65823 INFO tempest.lib.common.rest_client [req-9cc3ba51-3fc6-40da-b5a0-d93c9ebc9e95 req-9cc3ba51-3fc6-40da-b5a0-d93c9ebc9e95 ] Request (ListImageFiltersTestJSON:setUpClass): 201 POST http://10.180.1.21/identity/v3/auth/tokens 0.078s
2025-12-08 17:23:12.679 65823 INFO tempest.lib.common.fixed_network [-] (ListImageFiltersTestJSON:setUpClass) Found network None available for tenant
2025-12-08 17:23:12.692 65849 INFO tempest.lib.common.rest_client [req-325bc736-6d14-4a43-9f3b-965defaa2908 req-325bc736-6d14-4a43-9f3b-965defaa2908 ] Request (TenantUsagesTestJSON:tearDownClass): 404 GET http://10.180.1.21/compute/v2.1/servers/355e8336-6743-41dc-b678-3e8025295ba9 3.743s
2025-12-08 17:23:12.778 65809 INFO tempest.lib.common.rest_client [req-970c4a6b-dac3-423a-9b5e-a4288ca6c826 req-970c4a6b-dac3-423a-9b5e-a4288ca6c826 ] Request (FlavorsV2TestJSON:test_get_flavor): 200 GET http://10.180.1.21/compute/v2.1/flavors/42 4.051s
2025-12-08 17:23:12.943 65843 INFO tempest.lib.common.rest_client [req-80f3f6f8-f4a9-4468-9dde-89a1607a7145 req-80f3f6f8-f4a9-4468-9dde-89a1607a7145 ] Request (ServersAdminNegativeTestJSON:test_migrate_server_invalid_state): 202 POST http://10.180.1.21/compute/v2.1/servers/059f932f-aa5a-46ff-a179-9826341731db/action 3.647s
2025-12-08 17:23:12.969 65805 INFO tempest.lib.common.rest_client [req-28487448-b1aa-4e6b-bb37-0d6365e01cb3 req-28487448-b1aa-4e6b-bb37-0d6365e01cb3 ] Request (ServerDiagnosticsV248Test:test_get_server_diagnostics): 202 POST http://10.180.1.21/compute/v2.1/servers 3.981s
2025-12-08 17:23:12.969 65825 INFO tempest.lib.common.rest_client [req-8845d473-4984-4d4a-b730-d4bc75668be1 req-8845d473-4984-4d4a-b730-d4bc75668be1 ] Request (FlavorsAccessNegativeTestJSON:test_flavor_non_admin_remove): 200 POST http://10.180.1.21/compute/v2.1/flavors 3.616s
2025-12-08 17:23:12.995 65849 INFO tempest.lib.common.rest_client [req-9ccc9597-32e4-4fb3-b2f7-b3ad2de0d2ed req-9ccc9597-32e4-4fb3-b2f7-b3ad2de0d2ed ] Request (TenantUsagesTestJSON:tearDownClass): 204 DELETE http://10.180.1.21/identity/v3/users/e61862be769c4a17bc3297e04f6000b0 0.302s
2025-12-08 17:23:12.995 65831 INFO tempest.lib.common.rest_client [req-0e207cda-afa8-4ede-833c-fb43d581b545 req-0e207cda-afa8-4ede-833c-fb43d581b545 ] Request (FlavorsAdminTestJSON:_run_cleanups): 200 GET http://10.180.1.21/compute/v2.1/flavors/detail 3.628s
2025-12-08 17:23:13.122 65857 INFO tempest.lib.common.rest_client [req-cd826a7a-6639-4d93-a493-cf884961d5a7 req-cd826a7a-6639-4d93-a493-cf884961d5a7 ] Request (MultipleCreateNegativeTestJSON:test_max_count_less_than_min_count): 400 POST http://10.180.1.21/compute/v2.1/servers 3.515s
2025-12-08 17:23:13.192 65849 INFO tempest.lib.common.rest_client [req-aca4550b-5bf1-47c2-9cf7-2dfadd3b7d4b req-aca4550b-5bf1-47c2-9cf7-2dfadd3b7d4b ] Request (TenantUsagesTestJSON:tearDownClass): 204 DELETE http://10.180.1.21/identity/v3/users/4b26d5cdcc01495b837e653f7b9d709f 0.197s
2025-12-08 17:23:13.192 65849 INFO tempest.lib.common.dynamic_creds [-] Deleting project and security group for project: a808578606f64b4a89dcda5b1688ebca
2025-12-08 17:23:13.238 65857 INFO tempest.lib.common.rest_client [req-1f3069da-c1b5-45a1-8b96-01e473de63cc req-1f3069da-c1b5-45a1-8b96-01e473de63cc ] Request (MultipleCreateNegativeTestJSON:test_max_count_less_than_one): 201 POST http://10.180.1.21/identity/v3/auth/tokens 0.106s
2025-12-08 17:23:13.238 65857 INFO tempest.lib.common.fixed_network [-] (MultipleCreateNegativeTestJSON:test_max_count_less_than_one) Found network None available for tenant
2025-12-08 17:23:13.248 65839 WARNING tempest.lib.common.ssh [-] Failed to establish authenticated ssh connection to cirros@10.180.180.136 ([Errno None] Unable to connect to port 22 on 10.180.180.136). Number attempts: 3. Retry after 4 seconds.: paramiko.ssh_exception.NoValidConnectionsError: [Errno None] Unable to connect to port 22 on 10.180.180.136
2025-12-08 17:23:13.293 65849 INFO tempest.lib.common.rest_client [req-fe6e603f-ec7e-4de4-b214-1d67e3720f70 req-fe6e603f-ec7e-4de4-b214-1d67e3720f70 ] Request (TenantUsagesTestJSON:tearDownClass): 201 POST http://10.180.1.21/identity/v3/auth/tokens 0.100s
2025-12-08 17:23:13.296 65861 INFO tempest.lib.common.rest_client [req-2e4e4ec4-52be-41a8-86d8-a3435bc7557d req-2e4e4ec4-52be-41a8-86d8-a3435bc7557d ] Request (ServersTestBootFromVolume:setUpClass): 200 GET http://10.180.1.21/compute/v2.1/servers/fa53b330-ff80-4666-bf9e-1664d5c3d23e/os-interface 3.508s
2025-12-08 17:23:13.346 65859 INFO tempest.lib.common.rest_client [req-5924b40b-accd-4ea2-bd9a-ea66c3b72eb4 req-5924b40b-accd-4ea2-bd9a-ea66c3b72eb4 ] Request (FloatingIPsAssociationTestJSON:test_associate_already_associated_floating_ip): 200 GET http://10.180.1.21/compute/v2.1/servers/bde62422-6d7d-48dd-b3c8-a9c9091e23a7 3.608s
2025-12-08 17:23:13.477 65849 INFO tempest.lib.common.rest_client [req-9f816438-9de8-4727-b0b7-921dabee13df req-9f816438-9de8-4727-b0b7-921dabee13df ] Request (TenantUsagesTestJSON:tearDownClass): 200 GET http://10.180.1.21/networking/v2.0/security-groups?tenant_id=a808578606f64b4a89dcda5b1688ebca&name=default 0.183s
2025-12-08 17:23:13.710 65807 INFO tempest.lib.common.rest_client [req-9bc4a58e-c0ea-4979-a216-6d0b1da16ba4 req-9bc4a58e-c0ea-4979-a216-6d0b1da16ba4 ] Request (VolumesAdminNegativeTest:setUpClass): 200 PUT http://10.180.1.21/networking/v2.0/routers/52da3dc5-506e-4ffe-a7af-de9819eb8584/add_router_interface 1.195s
2025-12-08 17:23:13.711 65807 INFO tempest.lib.common.dynamic_creds [-] Created isolated network resources for: credentials: Credentials: {'domain_id': 'default', 'domain_name': 'Default', 'username': 'tempest-VolumesAdminNegativeTest-1869350700-project-member', 'project_domain_id': 'default', 'project_domain_name': 'Default', 'project_id': 'edccf958e50a4a3fabf300982a356a45', 'project_name': 'tempest-VolumesAdminNegativeTest-1869350700', 'tenant_id': 'edccf958e50a4a3fabf300982a356a45', 'tenant_name': 'tempest-VolumesAdminNegativeTest-1869350700', 'user_domain_id': 'default', 'user_domain_name': 'Default', 'user_id': 'f5918d213daa4f8bbd684ee3d3fd1eaf', 'system': None}, Network: {'id': '001e819f-cac7-4c63-b81d-b1dba5e8173a', 'name': 'tempest-VolumesAdminNegativeTest-794037527-network', 'tenant_id': 'edccf958e50a4a3fabf300982a356a45', 'project_id': 'edccf958e50a4a3fabf300982a356a45', 'admin_state_up': True, 'mtu': 8950, 'status': 'ACTIVE', 'subnets': [], 'shared': False, 'port_security_enabled': True, 'router:external': False, 'provider:network_type': 'vlan', 'provider:physical_network': 'default', 'provider:segmentation_id': 565, 'availability_zone_hints': [], 'availability_zones': [], 'ipv4_address_scope': None, 'ipv6_address_scope': None, 'description': '', 'tags': [], 'created_at': '2025-12-08T17:23:11Z', 'updated_at': '2025-12-08T17:23:11Z', 'revision_number': 1}, Subnet: {'id': '244153da-062d-46c8-acda-9878c96bbe7a', 'name': 'tempest-VolumesAdminNegativeTest-794037527-subnet', 'tenant_id': 'edccf958e50a4a3fabf300982a356a45', 'network_id': '001e819f-cac7-4c63-b81d-b1dba5e8173a', 'ip_version': 4, 'subnetpool_id': None, 'enable_dhcp': True, 'ipv6_ra_mode': None, 'ipv6_address_mode': None, 'gateway_ip': '192.168.128.1', 'cidr': '192.168.128.0/28', 'allocation_pools': [{'start': '192.168.128.2', 'end': '192.168.128.14'}], 'host_routes': [], 'dns_nameservers': [], 'description': '', 'router:external': False, 'service_types': [], 'tags': [], 'created_at': '2025-12-08T17:23:11Z', 'updated_at': '2025-12-08T17:23:11Z', 'revision_number': 0, 'project_id': 'edccf958e50a4a3fabf300982a356a45'}, Router: {'id': '52da3dc5-506e-4ffe-a7af-de9819eb8584', 'name': 'tempest-VolumesAdminNegativeTest-794037527-router', 'tenant_id': 'edccf958e50a4a3fabf300982a356a45', 'admin_state_up': True, 'status': 'ACTIVE', 'external_gateway_info': {'network_id': 'd11f67c9-75e0-4f1a-a772-58e68e803477', 'external_fixed_ips': [{'subnet_id': '12929faa-3c88-46a1-84e2-4de6deaffccc', 'ip_address': '10.180.180.242'}], 'enable_snat': True}, 'description': '', 'availability_zones': [], 'distributed': False, 'ha': False, 'availability_zone_hints': [], 'routes': [], 'flavor_id': None, 'tags': [], 'created_at': '2025-12-08T17:23:11Z', 'updated_at': '2025-12-08T17:23:12Z', 'revision_number': 2, 'project_id': 'edccf958e50a4a3fabf300982a356a45'}
2025-12-08 17:23:13.839 65807 INFO tempest.lib.common.rest_client [req-96fb253e-ad64-4631-ba07-20af7239fe03 req-96fb253e-ad64-4631-ba07-20af7239fe03 ] Request (VolumesAdminNegativeTest:setUpClass): 201 POST http://10.180.1.21/identity/v3/auth/tokens 0.124s
2025-12-08 17:23:13.897 65807 INFO tempest.lib.common.rest_client [req-e5aba6ae-1829-4d40-b054-f479e7ea29b5 req-e5aba6ae-1829-4d40-b054-f479e7ea29b5 ] Request (VolumesAdminNegativeTest:setUpClass): 201 POST http://10.180.1.21/identity/v3/projects 0.057s
2025-12-08 17:23:13.975 65807 INFO tempest.lib.common.rest_client [req-db9d4049-8aa3-49e2-b15d-ee99e661eca8 req-db9d4049-8aa3-49e2-b15d-ee99e661eca8 ] Request (VolumesAdminNegativeTest:setUpClass): 201 POST http://10.180.1.21/identity/v3/users 0.077s
2025-12-08 17:23:14.001 65807 INFO tempest.lib.common.rest_client [req-c27fe0ee-d53c-4b2d-a375-46fa49feae3b req-c27fe0ee-d53c-4b2d-a375-46fa49feae3b ] Request (VolumesAdminNegativeTest:setUpClass): 200 GET http://10.180.1.21/identity/v3/roles 0.025s
2025-12-08 17:23:14.020 65849 INFO tempest.lib.common.rest_client [req-ac24f87a-4553-4f8d-8c64-b4ad41c756a6 req-ac24f87a-4553-4f8d-8c64-b4ad41c756a6 ] Request (TenantUsagesTestJSON:tearDownClass): 204 DELETE http://10.180.1.21/networking/v2.0/security-groups/5fc7c7e4-ccff-4f6f-b071-841331d702a0 0.543s
2025-12-08 17:23:14.043 65807 INFO tempest.lib.common.rest_client [req-34c50c05-2863-4ecd-addd-3db18e0f8069 req-34c50c05-2863-4ecd-addd-3db18e0f8069 ] Request (VolumesAdminNegativeTest:setUpClass): 204 PUT http://10.180.1.21/identity/v3/projects/41f557f5f79e4f7baa93188e94f7e00a/users/82727a4a268d429f8a4948a100850513/roles/f2f5e9156c614b9f990d126505a970b1 0.042s
2025-12-08 17:23:14.062 65811 INFO tempest.lib.common.rest_client [req-628e2743-b465-4b22-ba48-e579ec429786 req-628e2743-b465-4b22-ba48-e579ec429786 ] Request (ServersWithSpecificFlavorTestJSON:test_verify_created_server_ephemeral_disk): 200 GET http://10.180.1.21/compute/v2.1/servers/01f0dfbf-a289-43df-8919-bf6141b87d2a 4.031s
2025-12-08 17:23:14.105 65807 INFO tempest.lib.common.rest_client [req-69563124-bd27-4942-b07f-b71d736245c9 req-69563124-bd27-4942-b07f-b71d736245c9 ] Request (VolumesAdminNegativeTest:setUpClass): 200 GET http://10.180.1.21/identity/v3/roles 0.061s
2025-12-08 17:23:14.143 65807 INFO tempest.lib.common.rest_client [req-9f7e601e-a3c9-43b8-9319-e28e3e7edfc0 req-9f7e601e-a3c9-43b8-9319-e28e3e7edfc0 ] Request (VolumesAdminNegativeTest:setUpClass): 204 PUT http://10.180.1.21/identity/v3/projects/41f557f5f79e4f7baa93188e94f7e00a/users/82727a4a268d429f8a4948a100850513/roles/f2f5e9156c614b9f990d126505a970b1 0.037s
2025-12-08 17:23:14.143 65807 INFO tempest.lib.common.dynamic_creds [-] Dynamic test user 82727a4a268d429f8a4948a100850513 is created with scope project and roles: ['admin']
2025-12-08 17:23:14.144 65807 INFO tempest.lib.common.dynamic_creds [-] Acquired dynamic creds: credentials: Credentials: {'domain_id': 'default', 'domain_name': 'Default', 'username': 'tempest-VolumesAdminNegativeTest-1709179861-project-admin', 'project_domain_id': 'default', 'project_domain_name': 'Default', 'project_id': '41f557f5f79e4f7baa93188e94f7e00a', 'project_name': 'tempest-VolumesAdminNegativeTest-1709179861', 'tenant_id': '41f557f5f79e4f7baa93188e94f7e00a', 'tenant_name': 'tempest-VolumesAdminNegativeTest-1709179861', 'user_domain_id': 'default', 'user_domain_name': 'Default', 'user_id': '82727a4a268d429f8a4948a100850513', 'system': None}, Network: None, Subnet: None, Router: None
2025-12-08 17:23:14.162 65849 INFO tempest.lib.common.rest_client [req-2f3b7069-cebc-480a-a609-9a7c432e60bb req-2f3b7069-cebc-480a-a609-9a7c432e60bb ] Request (TenantUsagesTestJSON:tearDownClass): 204 DELETE http://10.180.1.21/identity/v3/projects/a808578606f64b4a89dcda5b1688ebca 0.140s
2025-12-08 17:23:14.162 65849 INFO tempest.lib.common.dynamic_creds [-] Deleting project and security group for project: 78ab077d64bb439d883f578a3c278f9d
2025-12-08 17:23:14.169 65855 INFO tempest.lib.common.rest_client [req-321091fb-1ca4-4bc6-b8b4-032a906cb1df req-321091fb-1ca4-4bc6-b8b4-032a906cb1df ] Request (MigrationsAdminTest:test_list_migrations_in_flavor_resize_situation): 200 GET http://10.180.1.21/compute/v2.1/servers/b9df7ebd-a64a-4031-89f7-75a8aee3c74c 3.956s
2025-12-08 17:23:14.188 65867 INFO tempest.lib.common.rest_client [req-185de6ef-e26b-42a4-b9d9-8fce4c65e0f8 req-185de6ef-e26b-42a4-b9d9-8fce4c65e0f8 ] Request (ServerRescueNegativeTestJSON:setUpClass): 200 GET http://10.180.1.21/compute/v2.1/servers/f92de7cc-d52b-4a1d-821a-0212e37e9369 3.670s
2025-12-08 17:23:14.233 65861 INFO tempest.lib.common.rest_client [req-d6790dd0-81b0-4f0f-a469-5f515f527bc8 req-d6790dd0-81b0-4f0f-a469-5f515f527bc8 ] Request (ServersTestBootFromVolume:setUpClass): 200 PUT http://10.180.1.21/networking/v2.0/floatingips/4a928395-1750-429e-bd83-1e565e56e9dc 0.934s
2025-12-08 17:23:14.261 65827 INFO tempest.lib.common.rest_client [req-15b575c3-fe31-4751-8d32-0a45e3a5248e req-15b575c3-fe31-4751-8d32-0a45e3a5248e ] Request (ServerDiagnosticsTest:tearDownClass): 204 DELETE http://10.180.1.21/compute/v2.1/servers/d7335ae7-683b-4729-b771-29ac97585830 3.528s
2025-12-08 17:23:14.284 65867 INFO tempest.lib.common.rest_client [req-17d315d0-cdd2-4287-b756-8dfc6534cbeb req-17d315d0-cdd2-4287-b756-8dfc6534cbeb ] Request (ServerRescueNegativeTestJSON:setUpClass): 201 POST http://10.180.1.21/identity/v3/auth/tokens 0.083s
2025-12-08 17:23:14.284 65867 INFO tempest.lib.common.fixed_network [-] (ServerRescueNegativeTestJSON:setUpClass) Found network {'id': 'f27d2d9e-8ae7-4086-9161-47127b34dd20', 'name': 'tempest-ServerRescueNegativeTestJSON-248251098-network', 'tenant_id': 'c2a7a06e61d94624ba3b3a9d4f5d1e6f', 'project_id': 'c2a7a06e61d94624ba3b3a9d4f5d1e6f', 'admin_state_up': True, 'mtu': 8950, 'status': 'ACTIVE', 'subnets': [], 'shared': False, 'port_security_enabled': True, 'router:external': False, 'provider:network_type': 'vlan', 'provider:physical_network': 'default', 'provider:segmentation_id': 647, 'availability_zone_hints': [], 'availability_zones': [], 'ipv4_address_scope': None, 'ipv6_address_scope': None, 'description': '', 'tags': [], 'created_at': '2025-12-08T17:23:01Z', 'updated_at': '2025-12-08T17:23:01Z', 'revision_number': 1} available for tenant
2025-12-08 17:23:14.286 65847 INFO tempest.lib.common.rest_client [req-d87fcac8-2fb1-4f49-9e23-542950745822 req-d87fcac8-2fb1-4f49-9e23-542950745822 ] Request (AggregatesAdminNegativeTestJSON:test_aggregate_create_with_existent_aggregate_name): 200 POST http://10.180.1.21/compute/v2.1/os-aggregates 3.312s
2025-12-08 17:23:14.339 65849 INFO tempest.lib.common.rest_client [req-ca102a1f-f060-4eb7-8b35-400310b40d42 req-ca102a1f-f060-4eb7-8b35-400310b40d42 ] Request (TenantUsagesTestJSON:tearDownClass): 200 GET http://10.180.1.21/networking/v2.0/security-groups?tenant_id=78ab077d64bb439d883f578a3c278f9d&name=default 0.176s
2025-12-08 17:23:14.418 65807 INFO tempest.lib.common.rest_client [req-8287f48f-6549-4c7a-a544-3dd8c019c4e2 req-8287f48f-6549-4c7a-a544-3dd8c019c4e2 ] Request (VolumesAdminNegativeTest:setUpClass): 201 POST http://10.180.1.21/networking/v2.0/networks 0.274s
2025-12-08 17:23:14.448 65863 INFO tempest.lib.common.rest_client [req-ce62be8a-52af-4915-8122-8d8ab709bb87 req-ce62be8a-52af-4915-8122-8d8ab709bb87 ] Request (ServersTestJSON:test_create_server_specify_multibyte_character_name): 200 GET http://10.180.1.21/compute/v2.1/servers/ec4482b0-2919-48e3-a773-7013a9bb0899 3.359s
2025-12-08 17:23:14.547 65849 INFO tempest.lib.common.rest_client [req-a7f95e29-73a3-469d-b4b2-21366ca72ba2 req-a7f95e29-73a3-469d-b4b2-21366ca72ba2 ] Request (TenantUsagesTestJSON:tearDownClass): 204 DELETE http://10.180.1.21/networking/v2.0/security-groups/a7405741-969c-4177-a8c5-891b241022f7 0.208s
2025-12-08 17:23:14.606 65817 INFO tempest.lib.common.rest_client [req-b8387034-f7d0-44e8-a511-0eefad23b02e req-b8387034-f7d0-44e8-a511-0eefad23b02e ] Request (ServerActionsTestOtherB:setUpClass): 200 GET http://10.180.1.21/compute/v2.1/servers/f0ae0ad7-7800-4f5a-a270-7749177b8675 3.724s
2025-12-08 17:23:14.613 65817 INFO tempest.common.waiters [-] State transition "BUILD/spawning" ==> "ACTIVE/None" after 26 second wait
2025-12-08 17:23:14.619 65851 INFO tempest.lib.common.rest_client [req-a1adc05b-4324-4a62-bae1-0627087d4413 req-a1adc05b-4324-4a62-bae1-0627087d4413 ] Request (ServerAddressesTestJSON:setUpClass): 200 GET http://10.180.1.21/compute/v2.1/servers/42660aaa-81e2-47fe-949b-cbf7e599091d 3.113s
2025-12-08 17:23:14.676 65807 INFO tempest.lib.common.rest_client [req-6daf9668-e8df-423b-a10e-324e9216fb89 req-6daf9668-e8df-423b-a10e-324e9216fb89 ] Request (VolumesAdminNegativeTest:setUpClass): 201 POST http://10.180.1.21/networking/v2.0/subnets 0.257s
2025-12-08 17:23:14.681 65815 INFO tempest.lib.common.rest_client [req-c8408083-e78a-468c-90a6-4cb2b7630153 req-c8408083-e78a-468c-90a6-4cb2b7630153 ] Request (KeyPairsV22TestJSON:test_keypair_create_delete): 201 POST http://10.180.1.21/compute/v2.1/os-keypairs 3.154s
2025-12-08 17:23:14.770 65821 INFO tempest.lib.common.rest_client [req-2e3b4aa2-45e7-47ad-aa6a-01ce52051cc6 req-2e3b4aa2-45e7-47ad-aa6a-01ce52051cc6 ] Request (QuotasAdminTestJSON:test_get_default_quotas): 200 GET http://10.180.1.21/compute/v2.1/os-quota-sets/1ef84920852a49cb8b9bde0ab1d96d01/defaults 3.251s
2025-12-08 17:23:14.796 65813 INFO tempest.lib.common.rest_client [req-ad5f6b08-1dd5-4c01-839f-3a6c7ce78cb7 req-ad5f6b08-1dd5-4c01-839f-3a6c7ce78cb7 ] Request (ServersAdmin275Test:tearDownClass): 200 GET http://10.180.1.21/compute/v2.1/servers/101b6ef8-fab1-4626-9524-4e080c5ad298 3.032s
2025-12-08 17:23:14.849 65819 WARNING tempest.lib.common.ssh [-] Failed to establish authenticated ssh connection to cirros@10.180.180.179 ([Errno None] Unable to connect to port 22 on 10.180.180.179). Number attempts: 4. Retry after 5 seconds.: paramiko.ssh_exception.NoValidConnectionsError: [Errno None] Unable to connect to port 22 on 10.180.180.179
2025-12-08 17:23:14.855 65849 INFO tempest.lib.common.rest_client [req-4f0b14cd-4ed3-4b9d-b077-1baefacbdf82 req-4f0b14cd-4ed3-4b9d-b077-1baefacbdf82 ] Request (TenantUsagesTestJSON:tearDownClass): 204 DELETE http://10.180.1.21/identity/v3/projects/78ab077d64bb439d883f578a3c278f9d 0.307s
2025-12-08 17:23:14.879 65821 INFO tempest.lib.common.rest_client [req-64338752-ad9b-49a8-a69e-2a3d5876879a req-64338752-ad9b-49a8-a69e-2a3d5876879a ] Request (QuotasAdminTestJSON:test_get_updated_quotas): 200 GET http://10.180.1.21/identity/v3/domains?name=Default 0.104s
2025-12-08 17:23:14.972 65849 INFO tempest.lib.common.rest_client [req-8ac3ed3d-24d7-484e-b37a-675beba87fec req-8ac3ed3d-24d7-484e-b37a-675beba87fec ] Request (SecurityGroupsTestJSON:setUpClass): 201 POST http://10.180.1.21/identity/v3/auth/tokens 0.113s
2025-12-08 17:23:15.004 65821 INFO tempest.lib.common.rest_client [req-ecafc694-15e7-4721-af4e-5007fa5f580a req-ecafc694-15e7-4721-af4e-5007fa5f580a ] Request (QuotasAdminTestJSON:test_get_updated_quotas): 201 POST http://10.180.1.21/identity/v3/projects 0.124s
2025-12-08 17:23:15.034 65837 INFO tempest.lib.common.rest_client [req-d063eb10-df49-46cc-bbf1-66e4671de0e9 req-d063eb10-df49-46cc-bbf1-66e4671de0e9 ] Request (ServicesAdminTestJSON:test_get_service_by_host_name): 200 GET http://10.180.1.21/compute/v2.1/os-services 2.830s
2025-12-08 17:23:15.073 65821 INFO tempest.lib.common.rest_client [req-21c6585b-8a99-4fbe-9356-047f83f9b269 req-21c6585b-8a99-4fbe-9356-047f83f9b269 ] Request (QuotasAdminTestJSON:test_get_updated_quotas): 200 GET http://10.180.1.21/identity/v3/domains?name=Default 0.069s
2025-12-08 17:23:15.099 65849 INFO tempest.lib.common.rest_client [req-83aa13be-165e-4a05-b0a5-97b89cabdc7b req-83aa13be-165e-4a05-b0a5-97b89cabdc7b ] Request (SecurityGroupsTestJSON:setUpClass): 201 POST http://10.180.1.21/identity/v3/auth/tokens 0.123s
2025-12-08 17:23:15.133 65849 INFO tempest.lib.common.rest_client [req-9041ced7-0911-47ec-9f6f-fad9e0ed38c9 req-9041ced7-0911-47ec-9f6f-fad9e0ed38c9 ] Request (SecurityGroupsTestJSON:setUpClass): 200 GET http://10.180.1.21/identity/v3/domains?name=Default 0.034s
2025-12-08 17:23:15.144 65841 INFO tempest.lib.common.rest_client [req-6eddcc95-d5b2-4e5d-9c4e-12decf12706b req-6eddcc95-d5b2-4e5d-9c4e-12decf12706b ] Request (ServersAdminTestJSON:test_create_server_with_scheduling_hint): 200 GET http://10.180.1.21/compute/v2.1/servers/ad59f7b3-ae8f-4d9c-a7a0-c94d58009a94 2.845s
2025-12-08 17:23:15.150 65853 INFO tempest.lib.common.rest_client [req-6661f211-e9a6-4036-809c-723ed6347134 req-6661f211-e9a6-4036-809c-723ed6347134 ] Request (ImagesOneServerNegativeTestJSON:test_create_image_specify_invalid_metadata): 400 POST http://10.180.1.21/compute/v2.1/servers/576a1826-8e83-46fa-832d-87c62ff7d02e/action 2.590s
2025-12-08 17:23:15.170 65849 INFO tempest.lib.common.rest_client [req-2002c5bf-4a1a-4abb-8d1e-f925d32af216 req-2002c5bf-4a1a-4abb-8d1e-f925d32af216 ] Request (SecurityGroupsTestJSON:setUpClass): 201 POST http://10.180.1.21/identity/v3/projects 0.036s
2025-12-08 17:23:15.187 65865 INFO tempest.lib.common.rest_client [req-d78f9172-a72c-4fce-ba18-413a6e0f53e1 req-d78f9172-a72c-4fce-ba18-413a6e0f53e1 ] Request (KeyPairsV2TestJSON:test_keypairs_create_list_delete): 200 POST http://10.180.1.21/compute/v2.1/os-keypairs 2.584s
2025-12-08 17:23:15.268 65849 INFO tempest.lib.common.rest_client [req-cee68eae-e605-4d5f-8dae-d907008b7c6f req-cee68eae-e605-4d5f-8dae-d907008b7c6f ] Request (SecurityGroupsTestJSON:setUpClass): 201 POST http://10.180.1.21/identity/v3/users 0.097s
2025-12-08 17:23:15.310 65849 INFO tempest.lib.common.rest_client [req-8d591256-159f-45c4-9d5c-3215f2334e40 req-8d591256-159f-45c4-9d5c-3215f2334e40 ] Request (SecurityGroupsTestJSON:setUpClass): 200 GET http://10.180.1.21/identity/v3/roles 0.041s
2025-12-08 17:23:15.329 65833 INFO tempest.lib.common.rest_client [req-40a635e0-270b-482c-a336-0f754b28f374 req-40a635e0-270b-482c-a336-0f754b28f374 ] Request (DeleteServersAdminTestJSON:test_delete_server_while_in_error_state): 200 GET http://10.180.1.21/compute/v2.1/servers/2e9f275f-c5e4-485d-abcc-48d411456e1f 2.651s
2025-12-08 17:23:15.357 65849 INFO tempest.lib.common.rest_client [req-67552fd3-c5c8-49d4-8de3-084a4cff7c7d req-67552fd3-c5c8-49d4-8de3-084a4cff7c7d ] Request (SecurityGroupsTestJSON:setUpClass): 204 PUT http://10.180.1.21/identity/v3/projects/9d1cf9da4e3442eea40a764f302a4111/users/dbbb812528f24f34a6218c3a49dd017b/roles/b3dd0e4209014f9fa504e1e8d33673a7 0.047s
2025-12-08 17:23:15.358 65849 INFO tempest.lib.common.dynamic_creds [-] Dynamic test user dbbb812528f24f34a6218c3a49dd017b is created with scope project and roles: ['member']
2025-12-08 17:23:15.358 65849 INFO tempest.lib.common.dynamic_creds [-] Acquired dynamic creds: credentials: Credentials: {'domain_id': 'default', 'domain_name': 'Default', 'username': 'tempest-SecurityGroupsTestJSON-392670868-project-member', 'project_domain_id': 'default', 'project_domain_name': 'Default', 'project_id': '9d1cf9da4e3442eea40a764f302a4111', 'project_name': 'tempest-SecurityGroupsTestJSON-392670868', 'tenant_id': '9d1cf9da4e3442eea40a764f302a4111', 'tenant_name': 'tempest-SecurityGroupsTestJSON-392670868', 'user_domain_id': 'default', 'user_domain_name': 'Default', 'user_id': 'dbbb812528f24f34a6218c3a49dd017b', 'system': None}, Network: None, Subnet: None, Router: None
2025-12-08 17:23:15.393 65845 INFO tempest.lib.common.rest_client [req-8d451af9-ef14-4316-afd8-33b6cc20b087 req-8d451af9-ef14-4316-afd8-33b6cc20b087 ] Request (ServersTestFqdnHostnames:test_create_server_with_fqdn_name): 202 POST http://10.180.1.21/compute/v2.1/servers 3.169s
2025-12-08 17:23:15.419 65809 INFO tempest.lib.common.rest_client [req-9803b60a-84ed-488d-a8a8-96ee4e44b7c6 req-9803b60a-84ed-488d-a8a8-96ee4e44b7c6 ] Request (FlavorsV2TestJSON:test_list_flavors): 200 GET http://10.180.1.21/compute/v2.1/flavors 2.636s
2025-12-08 17:23:15.453 65849 INFO tempest.lib.common.rest_client [req-270a5218-8c54-4ae6-a753-1c58ae909353 req-270a5218-8c54-4ae6-a753-1c58ae909353 ] Request (SecurityGroupsTestJSON:setUpClass): 201 POST http://10.180.1.21/identity/v3/auth/tokens 0.094s
2025-12-08 17:23:15.698 65807 INFO tempest.lib.common.rest_client [req-8baf1815-77c2-4ba4-9b5c-776817ac92f9 req-8baf1815-77c2-4ba4-9b5c-776817ac92f9 ] Request (VolumesAdminNegativeTest:setUpClass): 201 POST http://10.180.1.21/networking/v2.0/routers 1.022s
2025-12-08 17:23:16.119 65849 INFO tempest.lib.common.rest_client [req-dae8f8b4-1c9c-4839-9204-e18e8dce1d15 req-dae8f8b4-1c9c-4839-9204-e18e8dce1d15 ] Request (SecurityGroupsTestJSON:setUpClass): 201 POST http://10.180.1.21/networking/v2.0/networks 0.666s
2025-12-08 17:23:16.710 65807 INFO tempest.lib.common.rest_client [req-03c785d3-52ae-4bf0-90fc-208160b1c493 req-03c785d3-52ae-4bf0-90fc-208160b1c493 ] Request (VolumesAdminNegativeTest:setUpClass): 200 PUT http://10.180.1.21/networking/v2.0/routers/27fd3c3b-2ab1-4e95-b54d-5cc54e57be03/add_router_interface 1.012s
2025-12-08 17:23:16.711 65807 INFO tempest.lib.common.dynamic_creds [-] Created isolated network resources for: credentials: Credentials: {'domain_id': 'default', 'domain_name': 'Default', 'username': 'tempest-VolumesAdminNegativeTest-1709179861-project-admin', 'project_domain_id': 'default', 'project_domain_name': 'Default', 'project_id': '41f557f5f79e4f7baa93188e94f7e00a', 'project_name': 'tempest-VolumesAdminNegativeTest-1709179861', 'tenant_id': '41f557f5f79e4f7baa93188e94f7e00a', 'tenant_name': 'tempest-VolumesAdminNegativeTest-1709179861', 'user_domain_id': 'default', 'user_domain_name': 'Default', 'user_id': '82727a4a268d429f8a4948a100850513', 'system': None}, Network: {'id': 'e05b4c5e-2798-40f7-bc2e-c2907fc22426', 'name': 'tempest-VolumesAdminNegativeTest-1255495512-network', 'tenant_id': '41f557f5f79e4f7baa93188e94f7e00a', 'project_id': '41f557f5f79e4f7baa93188e94f7e00a', 'admin_state_up': True, 'mtu': 8950, 'status': 'ACTIVE', 'subnets': [], 'shared': False, 'port_security_enabled': True, 'router:external': False, 'provider:network_type': 'vlan', 'provider:physical_network': 'default', 'provider:segmentation_id': 534, 'availability_zone_hints': [], 'availability_zones': [], 'ipv4_address_scope': None, 'ipv6_address_scope': None, 'description': '', 'tags': [], 'created_at': '2025-12-08T17:23:14Z', 'updated_at': '2025-12-08T17:23:14Z', 'revision_number': 1}, Subnet: {'id': 'c7d70b06-a973-4cb6-a671-92a10ab5cd44', 'name': 'tempest-VolumesAdminNegativeTest-1255495512-subnet', 'tenant_id': '41f557f5f79e4f7baa93188e94f7e00a', 'network_id': 'e05b4c5e-2798-40f7-bc2e-c2907fc22426', 'ip_version': 4, 'subnetpool_id': None, 'enable_dhcp': True, 'ipv6_ra_mode': None, 'ipv6_address_mode': None, 'gateway_ip': '192.168.128.1', 'cidr': '192.168.128.0/28', 'allocation_pools': [{'start': '192.168.128.2', 'end': '192.168.128.14'}], 'host_routes': [], 'dns_nameservers': [], 'description': '', 'router:external': False, 'service_types': [], 'tags': [], 'created_at': '2025-12-08T17:23:14Z', 'updated_at': '2025-12-08T17:23:14Z', 'revision_number': 0, 'project_id': '41f557f5f79e4f7baa93188e94f7e00a'}, Router: {'id': '27fd3c3b-2ab1-4e95-b54d-5cc54e57be03', 'name': 'tempest-VolumesAdminNegativeTest-1255495512-router', 'tenant_id': '41f557f5f79e4f7baa93188e94f7e00a', 'admin_state_up': True, 'status': 'ACTIVE', 'external_gateway_info': {'network_id': 'd11f67c9-75e0-4f1a-a772-58e68e803477', 'external_fixed_ips': [{'subnet_id': '12929faa-3c88-46a1-84e2-4de6deaffccc', 'ip_address': '10.180.180.196'}], 'enable_snat': True}, 'description': '', 'availability_zones': [], 'distributed': False, 'ha': False, 'availability_zone_hints': [], 'routes': [], 'flavor_id': None, 'tags': [], 'created_at': '2025-12-08T17:23:14Z', 'updated_at': '2025-12-08T17:23:15Z', 'revision_number': 2, 'project_id': '41f557f5f79e4f7baa93188e94f7e00a'}
2025-12-08 17:23:16.849 65807 INFO tempest.lib.common.rest_client [req-5036e688-1e6a-446f-adcc-f90875b732a2 req-5036e688-1e6a-446f-adcc-f90875b732a2 ] Request (VolumesAdminNegativeTest:setUpClass): 201 POST http://10.180.1.21/identity/v3/auth/tokens 0.136s
2025-12-08 17:23:16.905 65807 INFO tempest.lib.common.rest_client [req-93270081-b658-446c-a179-511a420ec32b req-93270081-b658-446c-a179-511a420ec32b ] Request (VolumesAdminNegativeTest:setUpClass): 201 POST http://10.180.1.21/identity/v3/projects 0.055s
2025-12-08 17:23:16.991 65807 INFO tempest.lib.common.rest_client [req-87e1a45c-80db-49f9-b3e6-d62cb7437af4 req-87e1a45c-80db-49f9-b3e6-d62cb7437af4 ] Request (VolumesAdminNegativeTest:setUpClass): 201 POST http://10.180.1.21/identity/v3/users 0.086s
2025-12-08 17:23:17.019 65843 INFO tempest.lib.common.rest_client [req-d604bf77-741c-4f58-ad9b-f59a221bf9c0 req-d604bf77-741c-4f58-ad9b-f59a221bf9c0 ] Request (ServersAdminNegativeTestJSON:test_migrate_server_invalid_state): 200 GET http://10.180.1.21/compute/v2.1/servers/059f932f-aa5a-46ff-a179-9826341731db 4.076s
2025-12-08 17:23:17.025 65807 INFO tempest.lib.common.rest_client [req-eab8ab01-479b-49d9-b6e5-89ca386429cc req-eab8ab01-479b-49d9-b6e5-89ca386429cc ] Request (VolumesAdminNegativeTest:setUpClass): 200 GET http://10.180.1.21/identity/v3/roles 0.033s
2025-12-08 17:23:17.069 65807 INFO tempest.lib.common.rest_client [req-fc993fd0-48b0-41d4-bf26-5fbb1d4ed117 req-fc993fd0-48b0-41d4-bf26-5fbb1d4ed117 ] Request (VolumesAdminNegativeTest:setUpClass): 204 PUT http://10.180.1.21/identity/v3/projects/90785210eed54661b33b4fbfe2077103/users/9f75b7e21cac4c4db81ff4e9ab76f6a8/roles/f2f5e9156c614b9f990d126505a970b1 0.043s
2025-12-08 17:23:17.141 65807 INFO tempest.lib.common.rest_client [req-64642df5-312b-4311-add1-41164bb987d0 req-64642df5-312b-4311-add1-41164bb987d0 ] Request (VolumesAdminNegativeTest:setUpClass): 200 GET http://10.180.1.21/identity/v3/roles 0.071s
2025-12-08 17:23:17.162 65807 INFO tempest.lib.common.rest_client [req-d3e3a70b-44e6-436d-8347-475dcfb74231 req-d3e3a70b-44e6-436d-8347-475dcfb74231 ] Request (VolumesAdminNegativeTest:setUpClass): 204 PUT http://10.180.1.21/identity/v3/projects/90785210eed54661b33b4fbfe2077103/users/9f75b7e21cac4c4db81ff4e9ab76f6a8/roles/4bad44f9344a4c589d9663c82a5ff038 0.020s
2025-12-08 17:23:17.162 65807 INFO tempest.lib.common.dynamic_creds [-] Dynamic test user 9f75b7e21cac4c4db81ff4e9ab76f6a8 is created with scope project and roles: ['admin', 'service']
2025-12-08 17:23:17.162 65807 INFO tempest.lib.common.dynamic_creds [-] Acquired dynamic creds: credentials: Credentials: {'domain_id': 'default', 'domain_name': 'Default', 'username': 'tempest-VolumesAdminNegativeTest-681195974-project', 'project_domain_id': 'default', 'project_domain_name': 'Default', 'project_id': '90785210eed54661b33b4fbfe2077103', 'project_name': 'tempest-VolumesAdminNegativeTest-681195974', 'tenant_id': '90785210eed54661b33b4fbfe2077103', 'tenant_name': 'tempest-VolumesAdminNegativeTest-681195974', 'user_domain_id': 'default', 'user_domain_name': 'Default', 'user_id': '9f75b7e21cac4c4db81ff4e9ab76f6a8', 'system': None}, Network: None, Subnet: None, Router: None
2025-12-08 17:23:17.171 65849 INFO tempest.lib.common.rest_client [req-142303ac-0340-4a34-916f-aef59ac66e30 req-142303ac-0340-4a34-916f-aef59ac66e30 ] Request (SecurityGroupsTestJSON:setUpClass): 201 POST http://10.180.1.21/networking/v2.0/subnets 1.051s
2025-12-08 17:23:17.275 65805 INFO tempest.lib.common.rest_client [req-719249a0-b898-4082-9c1c-0aa129c7282d req-719249a0-b898-4082-9c1c-0aa129c7282d ] Request (ServerDiagnosticsV248Test:test_get_server_diagnostics): 200 GET http://10.180.1.21/compute/v2.1/servers/563c9ae6-0834-4c9c-aad5-e72b367fb3a6 4.305s
2025-12-08 17:23:17.412 65825 INFO tempest.lib.common.rest_client [req-1ea6e290-3aa7-4f0a-8f3c-214c84785ebd req-1ea6e290-3aa7-4f0a-8f3c-214c84785ebd ] Request (FlavorsAccessNegativeTestJSON:test_flavor_non_admin_remove): 200 POST http://10.180.1.21/compute/v2.1/flavors/2023399512/action 4.440s
2025-12-08 17:23:17.430 65831 INFO tempest.lib.common.rest_client [req-97c8a860-6e37-467b-bff0-6e6f74c3a6e1 req-97c8a860-6e37-467b-bff0-6e6f74c3a6e1 ] Request (FlavorsAdminTestJSON:test_create_list_flavor_without_extra_data): 200 POST http://10.180.1.21/compute/v2.1/flavors 4.426s
2025-12-08 17:23:17.435 65857 INFO tempest.lib.common.rest_client [req-daa58919-1842-4674-8e27-965b90bc8b63 req-daa58919-1842-4674-8e27-965b90bc8b63 ] Request (MultipleCreateNegativeTestJSON:test_max_count_less_than_one): 400 POST http://10.180.1.21/compute/v2.1/servers 4.196s
2025-12-08 17:23:17.450 65807 INFO tempest.lib.common.rest_client [req-2e3e400f-61e6-4d54-bbc9-cc4a91198ac1 req-2e3e400f-61e6-4d54-bbc9-cc4a91198ac1 ] Request (VolumesAdminNegativeTest:setUpClass): 201 POST http://10.180.1.21/networking/v2.0/networks 0.288s
2025-12-08 17:23:17.671 65857 INFO tempest.lib.common.rest_client [req-db10d526-8a1c-438f-9294-b841293e4fca req-db10d526-8a1c-438f-9294-b841293e4fca ] Request (MultipleCreateNegativeTestJSON:test_max_count_non_integer): 201 POST http://10.180.1.21/identity/v3/auth/tokens 0.231s
2025-12-08 17:23:17.671 65857 INFO tempest.lib.common.fixed_network [-] (MultipleCreateNegativeTestJSON:test_max_count_non_integer) Found network None available for tenant
2025-12-08 17:23:17.758 65839 WARNING tempest.lib.common.ssh [-] Failed to establish authenticated ssh connection to cirros@10.180.180.136 ([Errno None] Unable to connect to port 22 on 10.180.180.136). Number attempts: 4. Retry after 5 seconds.: paramiko.ssh_exception.NoValidConnectionsError: [Errno None] Unable to connect to port 22 on 10.180.180.136
2025-12-08 17:23:17.899 65823 INFO tempest.lib.common.rest_client [req-8e2c12fb-0ad2-4eb9-9d2c-1a79214d2a56 req-8e2c12fb-0ad2-4eb9-9d2c-1a79214d2a56 ] Request (ListImageFiltersTestJSON:setUpClass): 202 POST http://10.180.1.21/compute/v2.1/servers 5.219s
2025-12-08 17:23:18.275 65807 INFO tempest.lib.common.rest_client [req-1a50daac-8503-4ab7-a70a-f0795b4f06c0 req-1a50daac-8503-4ab7-a70a-f0795b4f06c0 ] Request (VolumesAdminNegativeTest:setUpClass): 201 POST http://10.180.1.21/networking/v2.0/subnets 0.824s
2025-12-08 17:23:18.288 65849 INFO tempest.lib.common.rest_client [req-54cb0035-48cd-4427-afee-491f7839d978 req-54cb0035-48cd-4427-afee-491f7839d978 ] Request (SecurityGroupsTestJSON:setUpClass): 201 POST http://10.180.1.21/networking/v2.0/routers 1.116s
2025-12-08 17:23:18.309 65835 INFO tempest.lib.common.rest_client [req-c0e3a20b-a306-4bb4-ba4d-8c0ac5939269 req-c0e3a20b-a306-4bb4-ba4d-8c0ac5939269 ] Request (ServerDiagnosticsNegativeTest:tearDownClass): 200 GET http://10.180.1.21/compute/v2.1/servers/2ceb8324-07de-45d9-bc39-b8661a6a35e4 4.953s
2025-12-08 17:23:19.236 65807 INFO tempest.lib.common.rest_client [req-aee71e86-0c1a-4c3a-8e5c-a6e1f9545431 req-aee71e86-0c1a-4c3a-8e5c-a6e1f9545431 ] Request (VolumesAdminNegativeTest:setUpClass): 201 POST http://10.180.1.21/networking/v2.0/routers 0.961s
2025-12-08 17:23:19.596 65849 INFO tempest.lib.common.rest_client [req-61289080-f18d-4f45-a6a6-18edd8d401ba req-61289080-f18d-4f45-a6a6-18edd8d401ba ] Request (SecurityGroupsTestJSON:setUpClass): 200 PUT http://10.180.1.21/networking/v2.0/routers/a5acd2f4-e5ea-450d-9c23-edeee292d523/add_router_interface 1.307s
2025-12-08 17:23:19.596 65849 INFO tempest.lib.common.dynamic_creds [-] Created isolated network resources for: credentials: Credentials: {'domain_id': 'default', 'domain_name': 'Default', 'username': 'tempest-SecurityGroupsTestJSON-392670868-project-member', 'project_domain_id': 'default', 'project_domain_name': 'Default', 'project_id': '9d1cf9da4e3442eea40a764f302a4111', 'project_name': 'tempest-SecurityGroupsTestJSON-392670868', 'tenant_id': '9d1cf9da4e3442eea40a764f302a4111', 'tenant_name': 'tempest-SecurityGroupsTestJSON-392670868', 'user_domain_id': 'default', 'user_domain_name': 'Default', 'user_id': 'dbbb812528f24f34a6218c3a49dd017b', 'system': None}, Network: {'id': 'd16867b7-7e9f-4587-9a44-e83238a0b7db', 'name': 'tempest-SecurityGroupsTestJSON-1023219576-network', 'tenant_id': '9d1cf9da4e3442eea40a764f302a4111', 'project_id': '9d1cf9da4e3442eea40a764f302a4111', 'admin_state_up': True, 'mtu': 8950, 'status': 'ACTIVE', 'subnets': [], 'shared': False, 'port_security_enabled': True, 'router:external': False, 'provider:network_type': 'vlan', 'provider:physical_network': 'default', 'provider:segmentation_id': 205, 'availability_zone_hints': [], 'availability_zones': [], 'ipv4_address_scope': None, 'ipv6_address_scope': None, 'description': '', 'tags': [], 'created_at': '2025-12-08T17:23:16Z', 'updated_at': '2025-12-08T17:23:16Z', 'revision_number': 1}, Subnet: {'id': '915d2cb2-793d-405e-89eb-a08b2d190849', 'name': 'tempest-SecurityGroupsTestJSON-1023219576-subnet', 'tenant_id': '9d1cf9da4e3442eea40a764f302a4111', 'network_id': 'd16867b7-7e9f-4587-9a44-e83238a0b7db', 'ip_version': 4, 'subnetpool_id': None, 'enable_dhcp': True, 'ipv6_ra_mode': None, 'ipv6_address_mode': None, 'gateway_ip': '192.168.128.1', 'cidr': '192.168.128.0/28', 'allocation_pools': [{'start': '192.168.128.2', 'end': '192.168.128.14'}], 'host_routes': [], 'dns_nameservers': [], 'description': '', 'router:external': False, 'service_types': [], 'tags': [], 'created_at': '2025-12-08T17:23:17Z', 'updated_at': '2025-12-08T17:23:17Z', 'revision_number': 0, 'project_id': '9d1cf9da4e3442eea40a764f302a4111'}, Router: {'id': 'a5acd2f4-e5ea-450d-9c23-edeee292d523', 'name': 'tempest-SecurityGroupsTestJSON-1023219576-router', 'tenant_id': '9d1cf9da4e3442eea40a764f302a4111', 'admin_state_up': True, 'status': 'ACTIVE', 'external_gateway_info': {'network_id': 'd11f67c9-75e0-4f1a-a772-58e68e803477', 'external_fixed_ips': [{'subnet_id': '12929faa-3c88-46a1-84e2-4de6deaffccc', 'ip_address': '10.180.180.227'}], 'enable_snat': True}, 'description': '', 'availability_zones': [], 'distributed': False, 'ha': False, 'availability_zone_hints': [], 'routes': [], 'flavor_id': None, 'tags': [], 'created_at': '2025-12-08T17:23:17Z', 'updated_at': '2025-12-08T17:23:17Z', 'revision_number': 2, 'project_id': '9d1cf9da4e3442eea40a764f302a4111'}
2025-12-08 17:23:19.636 65829 INFO tempest.lib.common.rest_client [req-cd29768b-8119-4861-bb2b-c8b986857b00 req-cd29768b-8119-4861-bb2b-c8b986857b00 ] Request (ImagesOneServerTestJSON:setUpClass): 200 GET http://10.180.1.21/compute/v2.1/servers/fb73de4f-982f-48b5-b0a6-febcf9a1f54e 5.963s
2025-12-08 17:23:19.649 65829 INFO tempest.common.waiters [-] State transition "BUILD/None" ==> "BUILD/spawning" after 19 second wait
2025-12-08 17:23:19.703 65849 INFO tempest.lib.common.rest_client [req-51c49ee2-4cb0-4e57-82cf-7aa729899c0a req-51c49ee2-4cb0-4e57-82cf-7aa729899c0a ] Request (SecurityGroupsTestJSON:setUpClass): 201 POST http://10.180.1.21/identity/v3/auth/tokens 0.103s
2025-12-08 17:23:19.747 65861 INFO tempest.lib.common.rest_client [req-7f0f741e-f11b-491d-b632-dd6f5ab4a09e req-7f0f741e-f11b-491d-b632-dd6f5ab4a09e ] Request (ServersTestBootFromVolume:setUpClass): 200 GET http://10.180.1.21/compute/v2.1/servers/fa53b330-ff80-4666-bf9e-1664d5c3d23e 5.513s
2025-12-08 17:23:19.762 65861 INFO tempest.lib.common.ssh [-] Creating ssh connection to '10.180.180.209:22' as 'cirros' with public key authentication
2025-12-08 17:23:20.548 65807 INFO tempest.lib.common.rest_client [req-77b01355-51c6-4176-a17e-ed7c20932df7 req-77b01355-51c6-4176-a17e-ed7c20932df7 ] Request (VolumesAdminNegativeTest:setUpClass): 200 PUT http://10.180.1.21/networking/v2.0/routers/7c4c26c1-4214-4a02-b5b4-7ed21d4a2845/add_router_interface 1.311s
