2025-12-08 17:26:01.270 65819 INFO tempest.lib.common.rest_client [req-7867e504-3e3b-409d-881a-67bf290e6072 req-7867e504-3e3b-409d-881a-67bf290e6072 ] Request (AttachVolumeNegativeTest:test_attach_attached_volume_to_different_server): 200 GET http://10.180.1.21/volume/v3/volumes/ade72e98-0522-47ce-b314-757b2209a3f7 0.031s
2025-12-08 17:26:01.415 65855 INFO tempest.lib.common.rest_client [req-7814010f-0050-463e-bbda-6947ccda3bb3 req-7814010f-0050-463e-bbda-6947ccda3bb3 ] Request (MigrationsAdminTest:test_resize_server_revert_deleted_flavor): 200 GET http://10.180.1.21/compute/v2.1/servers/9322f1d0-3ffb-46c6-8974-7fe56a517f7f 0.101s
2025-12-08 17:26:01.427 65867 INFO tempest.lib.common.rest_client [req-58263b13-50f6-49eb-b742-bcd974544711 req-58263b13-50f6-49eb-b742-bcd974544711 ] Request (ServerRescueNegativeTestJSON:test_rescued_vm_detach_volume): 200 GET http://10.180.1.21/compute/v2.1/servers/f7468e7d-2bed-4b9a-a642-b7f628a95305 0.056s
2025-12-08 17:26:01.485 65859 INFO tempest.lib.common.rest_client [req-2e28c6d0-0c5f-45c6-8682-17e8b37eba41 req-2e28c6d0-0c5f-45c6-8682-17e8b37eba41 ] Request (ServerShowV254Test:test_rebuild_server): 200 GET http://10.180.1.21/compute/v2.1/servers/37a306f7-02f2-41cd-98db-fc3eb003b7a4 0.054s
2025-12-08 17:26:01.505 65827 WARNING tempest.lib.common.ssh [-] Failed to establish authenticated ssh connection to cirros@10.180.180.178 ([Errno None] Unable to connect to port 22 on 10.180.180.178). Number attempts: 5. Retry after 6 seconds.: paramiko.ssh_exception.NoValidConnectionsError: [Errno None] Unable to connect to port 22 on 10.180.180.178
2025-12-08 17:26:01.534 65813 INFO tempest.lib.common.rest_client [req-fd211802-bd53-4ad3-a75d-72b5af61293b req-fd211802-bd53-4ad3-a75d-72b5af61293b ] Request (ServerDiskConfigTestJSON:test_rebuild_server_with_manual_disk_config): 200 GET http://10.180.1.21/compute/v2.1/servers/208772b0-cc9f-4644-b440-54e638072b4e 0.050s
2025-12-08 17:26:01.610 65839 INFO tempest.lib.common.rest_client [req-d75a712d-d1e1-40ee-a88a-87ea877cb9f9 req-d75a712d-d1e1-40ee-a88a-87ea877cb9f9 ] Request (FloatingIPsAssociationNegativeTestJSON:setUpClass): 200 GET http://10.180.1.21/compute/v2.1/servers/e528a5f1-8251-4420-8660-8a7ec001ef7e 0.051s
2025-12-08 17:26:01.665 65863 INFO tempest.lib.common.rest_client [req-6550de8f-ca54-4305-9831-8a447914f387 req-6550de8f-ca54-4305-9831-8a447914f387 ] Request (ServersTestJSON:test_create_specify_keypair): 200 GET http://10.180.1.21/compute/v2.1/servers/a99b311d-836c-4385-9432-45b9765f5dac 0.052s
2025-12-08 17:26:01.720 65809 INFO tempest.lib.common.rest_client [req-a152be1d-b392-4bbb-a235-7134149c3a13 req-a152be1d-b392-4bbb-a235-7134149c3a13 ] Request (MultipleCreateTestJSON:test_multiple_create_with_reservation_return): 200 GET http://10.180.1.21/compute/v2.1/servers/7ffbee1e-54df-4aaf-8183-9b148c616b69 0.089s
2025-12-08 17:26:01.780 65841 INFO tempest.lib.common.rest_client [req-81b920d6-8ea6-4e1c-b486-a07be1d5b836 req-81b920d6-8ea6-4e1c-b486-a07be1d5b836 ] Request (ServersAdminTestJSON:tearDownClass): 200 GET http://10.180.1.21/compute/v2.1/servers/e6733991-a8fe-42b0-bd9c-098cd755e957 0.080s
2025-12-08 17:26:01.884 65835 INFO tempest.lib.common.rest_client [req-1266e6af-b760-470a-8c5a-7683fd273699 req-1266e6af-b760-470a-8c5a-7683fd273699 ] Request (ListServerFiltersTestJSON:tearDownClass): 200 GET http://10.180.1.21/compute/v2.1/servers/ae260ff0-bb11-4322-a30e-47a4c88eb6d9 0.062s
2025-12-08 17:26:01.992 65817 INFO tempest.lib.common.rest_client [req-9ec9a77f-e9e3-4dc3-8482-93422561e9db req-9ec9a77f-e9e3-4dc3-8482-93422561e9db ] Request (ServerActionsTestOtherB:test_resize_server_confirm_from_stopped): 200 GET http://10.180.1.21/compute/v2.1/servers/f0ae0ad7-7800-4f5a-a270-7749177b8675 0.117s
2025-12-08 17:26:02.026 65815 INFO tempest.lib.common.rest_client [req-7e9ba458-bf91-4807-896f-70507d319563 req-7e9ba458-bf91-4807-896f-70507d319563 ] Request (InstanceActionsTestJSON:tearDownClass): 200 GET http://10.180.1.21/compute/v2.1/servers/81d406bb-f0e6-487c-841e-a13ae7736af0 0.469s
2025-12-08 17:26:02.053 65821 INFO tempest.lib.common.rest_client [req-aa39859c-cff5-449e-be28-1ffbbff43678 req-aa39859c-cff5-449e-be28-1ffbbff43678 ] Request (ImagesTestJSON:test_create_image_from_suspended_server): 200 GET http://10.180.1.21/compute/v2.1/servers/d20826fc-879b-4538-88d5-9a69017c9d23 0.174s
2025-12-08 17:26:02.089 65807 INFO tempest.lib.common.rest_client [req-2a07f46a-d65b-443d-81d3-57ae29d9d345 req-2a07f46a-d65b-443d-81d3-57ae29d9d345 ] Request (InstanceActionsNegativeTestJSON:setUpClass): 200 GET http://10.180.1.21/compute/v2.1/servers/f523a556-180d-4c8f-be38-0f7f9110df7b 0.163s
2025-12-08 17:26:02.130 65861 INFO tempest.lib.common.rest_client [req-0291bc0b-05bc-478d-aedb-1dc7c9fd10f2 req-0291bc0b-05bc-478d-aedb-1dc7c9fd10f2 ] Request (ServerPasswordTestJSON:setUpClass): 200 GET http://10.180.1.21/compute/v2.1/servers/233af8b9-8f53-4e88-b316-ac6e2e2f85a1 0.184s
2025-12-08 17:26:02.154 65829 INFO tempest.lib.common.rest_client [req-caeac628-8d67-4ee5-9e44-960c5ea00e62 req-caeac628-8d67-4ee5-9e44-960c5ea00e62 ] Request (AttachInterfacesTestJSON:test_create_list_show_delete_interfaces_by_fixed_ip): 200 GET http://10.180.1.21/compute/v2.1/servers/5e5a538b-8f59-45ca-bece-6a0cff169e0a 0.159s
2025-12-08 17:26:02.211 65823 INFO tempest.lib.common.rest_client [req-bc687763-a204-40da-b293-ce1dfe2e7281 req-bc687763-a204-40da-b293-ce1dfe2e7281 ] Request (ListImageFiltersTestJSON:tearDownClass): 200 GET http://10.180.1.21/compute/v2.1/servers/3a95cfa3-d907-467b-9081-c8c5b4b9dd5a 0.187s
2025-12-08 17:26:02.213 65837 INFO tempest.lib.common.rest_client [req-c778b84d-6b6e-4563-a281-6a4093f9ea02 req-c778b84d-6b6e-4563-a281-6a4093f9ea02 ] Request (ListServersNegativeTestJSON:tearDownClass): 200 GET http://10.180.1.21/compute/v2.1/servers/fab0ffc2-fa16-4d13-b70c-dfaa41c981aa 0.129s
2025-12-08 17:26:02.259 65843 INFO tempest.lib.common.rest_client [req-c9a31149-65fc-401a-a884-5d54398a21a5 req-c9a31149-65fc-401a-a884-5d54398a21a5 ] Request (ServerMetadataNegativeTestJSON:setUpClass): 200 GET http://10.180.1.21/compute/v2.1/servers/b9eaa8ef-392c-449e-b441-5b5de9ddaf9e 0.107s
2025-12-08 17:26:02.279 65847 INFO tempest.lib.common.rest_client [req-3f11b89c-8992-492f-b309-1db1ee4a4afb req-3f11b89c-8992-492f-b309-1db1ee4a4afb ] Request (ServersListShow298Test:tearDownClass): 200 GET http://10.180.1.21/compute/v2.1/servers/5b08f3ba-7400-48f2-af8c-a0ea3ec59dc2 0.174s
2025-12-08 17:26:02.311 65819 INFO tempest.lib.common.rest_client [req-95198373-1888-491a-8909-71a7b6a2d513 req-95198373-1888-491a-8909-71a7b6a2d513 ] Request (AttachVolumeNegativeTest:test_attach_attached_volume_to_different_server): 200 GET http://10.180.1.21/volume/v3/volumes/ade72e98-0522-47ce-b314-757b2209a3f7 0.034s
2025-12-08 17:26:02.318 65819 INFO tempest.common.waiters [-] Attachment ce64ccc5-435a-4fd0-8434-c14e4ead9443 created for volume ade72e98-0522-47ce-b314-757b2209a3f7 to server 6298b6d7-5892-48cc-b808-eeca3d91f57e after waiting for 8.318049 seconds
2025-12-08 17:26:02.326 65831 INFO tempest.lib.common.rest_client [req-ac23bbf0-890a-4fc4-a719-c7454ecddec4 req-ac23bbf0-890a-4fc4-a719-c7454ecddec4 ] Request (ServerRescueTestJSONUnderV235:setUpClass): 200 GET http://10.180.1.21/compute/v2.1/servers/f7fb46f9-1425-4f94-bcf1-dd722c442144 0.123s
2025-12-08 17:26:02.345 65819 INFO tempest.lib.common.rest_client [req-b331d242-416a-417b-8b01-ce023306db8c req-b331d242-416a-417b-8b01-ce023306db8c ] Request (AttachVolumeNegativeTest:test_attach_attached_volume_to_different_server): 200 GET http://10.180.1.21/volume/v3/volumes/ade72e98-0522-47ce-b314-757b2209a3f7 0.027s
2025-12-08 17:26:02.352 65819 INFO tempest.common.waiters [-] volume ade72e98-0522-47ce-b314-757b2209a3f7 reached in-use after waiting for 0.352065 seconds
2025-12-08 17:26:02.366 65849 INFO tempest.lib.common.rest_client [req-33197d30-22cd-492a-af7f-929a533effde req-33197d30-22cd-492a-af7f-929a533effde ] Request (SecurityGroupsTestJSON:test_server_security_groups): 200 GET http://10.180.1.21/compute/v2.1/servers/835213c0-7178-41ac-ab06-27e678ff73ec 0.170s
2025-12-08 17:26:02.385 65853 INFO tempest.lib.common.rest_client [req-13d0a547-907f-4d38-94a4-50014b78cc21 req-13d0a547-907f-4d38-94a4-50014b78cc21 ] Request (ImagesOneServerNegativeTestJSON:_run_cleanups): 200 GET http://10.180.1.21/compute/v2.1/servers/ac639d87-8ce8-4762-a056-b369ec2627b6 0.115s
2025-12-08 17:26:02.407 65819 INFO tempest.lib.common.rest_client [req-840c572c-6bf8-46e6-8f3e-01b4e28b7d63 req-840c572c-6bf8-46e6-8f3e-01b4e28b7d63 ] Request (ValidationResourcesFixture:setUp): 200 POST http://10.180.1.21/compute/v2.1/os-keypairs 0.055s
2025-12-08 17:26:02.512 65819 INFO tempest.lib.common.rest_client [req-5f284133-0ec0-4313-bc13-70ff8833ff6b req-5f284133-0ec0-4313-bc13-70ff8833ff6b ] Request (ValidationResourcesFixture:setUp): 201 POST http://10.180.1.21/networking/v2.0/security-groups 0.103s
2025-12-08 17:26:02.536 65867 INFO tempest.lib.common.rest_client [req-b03ddc8b-7f93-4735-9c91-5d3178f23e71 req-b03ddc8b-7f93-4735-9c91-5d3178f23e71 ] Request (ServerRescueNegativeTestJSON:test_rescued_vm_detach_volume): 200 GET http://10.180.1.21/compute/v2.1/servers/f7468e7d-2bed-4b9a-a642-b7f628a95305 0.100s
2025-12-08 17:26:02.561 65855 INFO tempest.lib.common.rest_client [req-24ccb211-d454-4048-9053-13992d11730c req-24ccb211-d454-4048-9053-13992d11730c ] Request (MigrationsAdminTest:test_resize_server_revert_deleted_flavor): 200 GET http://10.180.1.21/compute/v2.1/servers/9322f1d0-3ffb-46c6-8974-7fe56a517f7f 0.137s
2025-12-08 17:26:02.595 65859 INFO tempest.lib.common.rest_client [req-d63ccde6-6bc9-4b4b-b78f-4c9d61fb4720 req-d63ccde6-6bc9-4b4b-b78f-4c9d61fb4720 ] Request (ServerShowV254Test:test_rebuild_server): 200 GET http://10.180.1.21/compute/v2.1/servers/37a306f7-02f2-41cd-98db-fc3eb003b7a4 0.100s
2025-12-08 17:26:02.613 65819 INFO tempest.lib.common.rest_client [req-30a61d83-7adb-4a30-8eb7-c53df95059b5 req-30a61d83-7adb-4a30-8eb7-c53df95059b5 ] Request (ValidationResourcesFixture:setUp): 201 POST http://10.180.1.21/networking/v2.0/security-group-rules 0.100s
2025-12-08 17:26:02.615 65813 INFO tempest.lib.common.rest_client [req-ff07e328-bc1b-44d7-855e-7409595b7e1e req-ff07e328-bc1b-44d7-855e-7409595b7e1e ] Request (ServerDiskConfigTestJSON:test_rebuild_server_with_manual_disk_config): 200 GET http://10.180.1.21/compute/v2.1/servers/208772b0-cc9f-4644-b440-54e638072b4e 0.070s
2025-12-08 17:26:02.676 65839 INFO tempest.lib.common.rest_client [req-37df344b-6a53-4fcc-b771-d433bc5da954 req-37df344b-6a53-4fcc-b771-d433bc5da954 ] Request (FloatingIPsAssociationNegativeTestJSON:setUpClass): 200 GET http://10.180.1.21/compute/v2.1/servers/e528a5f1-8251-4420-8660-8a7ec001ef7e 0.049s
2025-12-08 17:26:02.718 65819 INFO tempest.lib.common.rest_client [req-2f801469-aa7d-4540-b1bc-186ca8ab9cff req-2f801469-aa7d-4540-b1bc-186ca8ab9cff ] Request (ValidationResourcesFixture:setUp): 201 POST http://10.180.1.21/networking/v2.0/security-group-rules 0.104s
2025-12-08 17:26:02.730 65863 INFO tempest.lib.common.rest_client [req-a49e8c8a-eedb-421f-8faf-44ed9b03edb0 req-a49e8c8a-eedb-421f-8faf-44ed9b03edb0 ] Request (ServersTestJSON:test_create_specify_keypair): 200 GET http://10.180.1.21/compute/v2.1/servers/a99b311d-836c-4385-9432-45b9765f5dac 0.052s
2025-12-08 17:26:02.780 65809 INFO tempest.lib.common.rest_client [req-b3dae44b-0cf2-442a-b114-16ce6e8055ce req-b3dae44b-0cf2-442a-b114-16ce6e8055ce ] Request (MultipleCreateTestJSON:test_multiple_create_with_reservation_return): 200 GET http://10.180.1.21/compute/v2.1/servers/7ffbee1e-54df-4aaf-8183-9b148c616b69 0.050s
2025-12-08 17:26:02.870 65841 INFO tempest.lib.common.rest_client [req-33b0a1f3-9a6b-4ed2-b8ac-30cbcacb2af5 req-33b0a1f3-9a6b-4ed2-b8ac-30cbcacb2af5 ] Request (ServersAdminTestJSON:tearDownClass): 200 GET http://10.180.1.21/compute/v2.1/servers/e6733991-a8fe-42b0-bd9c-098cd755e957 0.082s
2025-12-08 17:26:02.955 65835 INFO tempest.lib.common.rest_client [req-2d99305a-b1d0-4a0e-9a1b-1a6d2fb55839 req-2d99305a-b1d0-4a0e-9a1b-1a6d2fb55839 ] Request (ListServerFiltersTestJSON:tearDownClass): 200 GET http://10.180.1.21/compute/v2.1/servers/ae260ff0-bb11-4322-a30e-47a4c88eb6d9 0.062s
2025-12-08 17:26:03.108 65805 WARNING tempest.lib.common.ssh [-] Failed to establish authenticated ssh connection to cirros@10.180.180.142 ([Errno None] Unable to connect to port 22 on 10.180.180.142). Number attempts: 1. Retry after 2 seconds.: paramiko.ssh_exception.NoValidConnectionsError: [Errno None] Unable to connect to port 22 on 10.180.180.142
2025-12-08 17:26:03.120 65815 INFO tempest.lib.common.rest_client [req-c0bfdecf-94ea-41dc-ae74-1da11bfb381f req-c0bfdecf-94ea-41dc-ae74-1da11bfb381f ] Request (InstanceActionsTestJSON:tearDownClass): 200 GET http://10.180.1.21/compute/v2.1/servers/81d406bb-f0e6-487c-841e-a13ae7736af0 0.085s
2025-12-08 17:26:03.135 65819 INFO tempest.lib.common.rest_client [req-9ea1e72c-859a-4f36-b140-e8fc02107c9b req-9ea1e72c-859a-4f36-b140-e8fc02107c9b ] Request (ValidationResourcesFixture:setUp): 201 POST http://10.180.1.21/networking/v2.0/floatingips 0.416s
2025-12-08 17:26:03.155 65817 INFO tempest.lib.common.rest_client [req-711d8eb7-55be-44f4-af8d-e0378e2b9b1f req-711d8eb7-55be-44f4-af8d-e0378e2b9b1f ] Request (ServerActionsTestOtherB:test_resize_server_confirm_from_stopped): 200 GET http://10.180.1.21/compute/v2.1/servers/f0ae0ad7-7800-4f5a-a270-7749177b8675 0.155s
2025-12-08 17:26:03.186 65821 INFO tempest.lib.common.rest_client [req-45524f3f-cd6a-47ec-a92a-e18a38dc1b0d req-45524f3f-cd6a-47ec-a92a-e18a38dc1b0d ] Request (ImagesTestJSON:test_create_image_from_suspended_server): 200 GET http://10.180.1.21/compute/v2.1/servers/d20826fc-879b-4538-88d5-9a69017c9d23 0.125s
2025-12-08 17:26:03.209 65807 INFO tempest.lib.common.rest_client [req-7d80e4c3-3b8b-46cb-a0cc-a2e892f87ddd req-7d80e4c3-3b8b-46cb-a0cc-a2e892f87ddd ] Request (InstanceActionsNegativeTestJSON:setUpClass): 200 GET http://10.180.1.21/compute/v2.1/servers/f523a556-180d-4c8f-be38-0f7f9110df7b 0.111s
2025-12-08 17:26:03.216 65819 INFO tempest.lib.common.rest_client [req-572c475d-1cb9-48b5-9dfd-d315b48463b9 req-572c475d-1cb9-48b5-9dfd-d315b48463b9 ] Request (AttachVolumeNegativeTest:test_attach_attached_volume_to_different_server): 201 POST http://10.180.1.21/identity/v3/auth/tokens 0.077s
2025-12-08 17:26:03.217 65819 INFO tempest.lib.common.fixed_network [-] (AttachVolumeNegativeTest:test_attach_attached_volume_to_different_server) Found network {'id': '76bce7a5-302f-47a8-9b20-9331c6891217', 'name': 'tempest-AttachVolumeNegativeTest-1202927429-network', 'tenant_id': 'dc9e8e59612c49a6b788080423997837', 'project_id': 'dc9e8e59612c49a6b788080423997837', 'admin_state_up': True, 'mtu': 8950, 'status': 'ACTIVE', 'subnets': [], 'shared': False, 'port_security_enabled': True, 'router:external': False, 'provider:network_type': 'vlan', 'provider:physical_network': 'default', 'provider:segmentation_id': 847, 'availability_zone_hints': [], 'availability_zones': [], 'ipv4_address_scope': None, 'ipv6_address_scope': None, 'description': '', 'tags': [], 'created_at': '2025-12-08T17:22:09Z', 'updated_at': '2025-12-08T17:22:09Z', 'revision_number': 1} available for tenant
2025-12-08 17:26:03.242 65861 INFO tempest.lib.common.rest_client [req-33f26976-88a5-4fa9-8a84-60558dbebb0c req-33f26976-88a5-4fa9-8a84-60558dbebb0c ] Request (ServerPasswordTestJSON:setUpClass): 200 GET http://10.180.1.21/compute/v2.1/servers/233af8b9-8f53-4e88-b316-ac6e2e2f85a1 0.093s
2025-12-08 17:26:03.267 65829 INFO tempest.lib.common.rest_client [req-9d93608b-9705-4967-aff5-b7516d71a4b8 req-9d93608b-9705-4967-aff5-b7516d71a4b8 ] Request (AttachInterfacesTestJSON:test_create_list_show_delete_interfaces_by_fixed_ip): 200 GET http://10.180.1.21/compute/v2.1/servers/5e5a538b-8f59-45ca-bece-6a0cff169e0a 0.105s
2025-12-08 17:26:03.331 65823 INFO tempest.lib.common.rest_client [req-6884af47-93f7-4d41-8c75-bb94cb1ccbaa req-6884af47-93f7-4d41-8c75-bb94cb1ccbaa ] Request (ListImageFiltersTestJSON:tearDownClass): 200 GET http://10.180.1.21/compute/v2.1/servers/3a95cfa3-d907-467b-9081-c8c5b4b9dd5a 0.112s
2025-12-08 17:26:03.385 65837 INFO tempest.lib.common.rest_client [req-dda96f69-0ce0-4867-a031-ecb1bbbfc3bc req-dda96f69-0ce0-4867-a031-ecb1bbbfc3bc ] Request (ListServersNegativeTestJSON:tearDownClass): 200 GET http://10.180.1.21/compute/v2.1/servers/fab0ffc2-fa16-4d13-b70c-dfaa41c981aa 0.164s
2025-12-08 17:26:03.436 65843 INFO tempest.lib.common.rest_client [req-315f9a55-d863-4653-993c-9b186f83d078 req-315f9a55-d863-4653-993c-9b186f83d078 ] Request (ServerMetadataNegativeTestJSON:setUpClass): 200 GET http://10.180.1.21/compute/v2.1/servers/b9eaa8ef-392c-449e-b441-5b5de9ddaf9e 0.167s
2025-12-08 17:26:03.504 65847 INFO tempest.lib.common.rest_client [req-34915e9c-262b-4ecd-8a1c-e0c8464a3b8c req-34915e9c-262b-4ecd-8a1c-e0c8464a3b8c ] Request (ServersListShow298Test:tearDownClass): 200 GET http://10.180.1.21/compute/v2.1/servers/5b08f3ba-7400-48f2-af8c-a0ea3ec59dc2 0.211s
2025-12-08 17:26:03.551 65831 INFO tempest.lib.common.rest_client [req-3cb155a3-88b4-4793-a967-ca197f754533 req-3cb155a3-88b4-4793-a967-ca197f754533 ] Request (ServerRescueTestJSONUnderV235:setUpClass): 200 GET http://10.180.1.21/compute/v2.1/servers/f7fb46f9-1425-4f94-bcf1-dd722c442144 0.215s
2025-12-08 17:26:03.585 65819 INFO tempest.lib.common.rest_client [req-dbc2d528-7ac5-4149-97f8-b2a7389a3d81 req-dbc2d528-7ac5-4149-97f8-b2a7389a3d81 ] Request (AttachVolumeNegativeTest:test_attach_attached_volume_to_different_server): 202 POST http://10.180.1.21/compute/v2.1/servers 0.368s
2025-12-08 17:26:03.652 65853 INFO tempest.lib.common.rest_client [req-f5e9724f-99e9-47b7-b5b5-d977f1cc2b23 req-f5e9724f-99e9-47b7-b5b5-d977f1cc2b23 ] Request (ImagesOneServerNegativeTestJSON:_run_cleanups): 200 GET http://10.180.1.21/compute/v2.1/servers/ac639d87-8ce8-4762-a056-b369ec2627b6 0.258s
2025-12-08 17:26:03.674 65849 INFO tempest.lib.common.rest_client [req-c1610803-2c61-429b-886f-284e93b0b715 req-c1610803-2c61-429b-886f-284e93b0b715 ] Request (SecurityGroupsTestJSON:test_server_security_groups): 200 GET http://10.180.1.21/compute/v2.1/servers/835213c0-7178-41ac-ab06-27e678ff73ec 0.298s
2025-12-08 17:26:03.681 65849 INFO tempest.common.waiters [-] State transition "HARD_REBOOT/rebooting_hard" ==> "HARD_REBOOT/reboot_started_hard" after 3 second wait
2025-12-08 17:26:03.705 65867 INFO tempest.lib.common.rest_client [req-c1c671d5-453c-4246-a862-496d1b18cb0c req-c1c671d5-453c-4246-a862-496d1b18cb0c ] Request (ServerRescueNegativeTestJSON:test_rescued_vm_detach_volume): 200 GET http://10.180.1.21/compute/v2.1/servers/f7468e7d-2bed-4b9a-a642-b7f628a95305 0.156s
2025-12-08 17:26:03.743 65819 INFO tempest.lib.common.rest_client [req-c6d2973b-0d21-477a-bf0f-8d5d6de53352 req-c6d2973b-0d21-477a-bf0f-8d5d6de53352 ] Request (AttachVolumeNegativeTest:test_attach_attached_volume_to_different_server): 200 GET http://10.180.1.21/compute/v2.1/servers/65f7a5e2-e42a-4a78-a9df-7bd5424ca2f2 0.156s
2025-12-08 17:26:03.792 65859 INFO tempest.lib.common.rest_client [req-c9c38ef9-4b1b-440e-a97e-46982ff0aff0 req-c9c38ef9-4b1b-440e-a97e-46982ff0aff0 ] Request (ServerShowV254Test:test_rebuild_server): 200 GET http://10.180.1.21/compute/v2.1/servers/37a306f7-02f2-41cd-98db-fc3eb003b7a4 0.185s
2025-12-08 17:26:03.801 65855 INFO tempest.lib.common.rest_client [req-a2f0bd1b-437f-451c-828b-c9809fe7aaca req-a2f0bd1b-437f-451c-828b-c9809fe7aaca ] Request (MigrationsAdminTest:test_resize_server_revert_deleted_flavor): 200 GET http://10.180.1.21/compute/v2.1/servers/9322f1d0-3ffb-46c6-8974-7fe56a517f7f 0.233s
2025-12-08 17:26:03.835 65813 INFO tempest.lib.common.rest_client [req-962ab68f-8983-4dea-ad16-a9fd8e1dde5b req-962ab68f-8983-4dea-ad16-a9fd8e1dde5b ] Request (ServerDiskConfigTestJSON:test_rebuild_server_with_manual_disk_config): 200 GET http://10.180.1.21/compute/v2.1/servers/208772b0-cc9f-4644-b440-54e638072b4e 0.204s
2025-12-08 17:26:03.849 65839 INFO tempest.lib.common.rest_client [req-7de4801c-495b-41c2-9782-47e236256af9 req-7de4801c-495b-41c2-9782-47e236256af9 ] Request (FloatingIPsAssociationNegativeTestJSON:setUpClass): 200 GET http://10.180.1.21/compute/v2.1/servers/e528a5f1-8251-4420-8660-8a7ec001ef7e 0.164s
2025-12-08 17:26:03.879 65863 INFO tempest.lib.common.rest_client [req-6b2e0a5f-5987-4bd3-a56e-d8b0e5b848a4 req-6b2e0a5f-5987-4bd3-a56e-d8b0e5b848a4 ] Request (ServersTestJSON:test_create_specify_keypair): 200 GET http://10.180.1.21/compute/v2.1/servers/a99b311d-836c-4385-9432-45b9765f5dac 0.141s
2025-12-08 17:26:03.892 65809 INFO tempest.lib.common.rest_client [req-6098eddc-c45c-48ed-9b52-0f970062b272 req-6098eddc-c45c-48ed-9b52-0f970062b272 ] Request (MultipleCreateTestJSON:test_multiple_create_with_reservation_return): 200 GET http://10.180.1.21/compute/v2.1/servers/7ffbee1e-54df-4aaf-8183-9b148c616b69 0.101s
2025-12-08 17:26:03.931 65841 INFO tempest.lib.common.rest_client [req-4d225e24-6709-481c-9a11-c7f942e461f9 req-4d225e24-6709-481c-9a11-c7f942e461f9 ] Request (ServersAdminTestJSON:tearDownClass): 200 GET http://10.180.1.21/compute/v2.1/servers/e6733991-a8fe-42b0-bd9c-098cd755e957 0.053s
2025-12-08 17:26:04.030 65835 INFO tempest.lib.common.rest_client [req-b5ca437f-f28a-4e27-8293-ba0f25c9e56a req-b5ca437f-f28a-4e27-8293-ba0f25c9e56a ] Request (ListServerFiltersTestJSON:tearDownClass): 200 GET http://10.180.1.21/compute/v2.1/servers/ae260ff0-bb11-4322-a30e-47a4c88eb6d9 0.065s
2025-12-08 17:26:04.200 65815 INFO tempest.lib.common.rest_client [req-a730d124-8ce4-418c-9061-46e48ff180c9 req-a730d124-8ce4-418c-9061-46e48ff180c9 ] Request (InstanceActionsTestJSON:tearDownClass): 200 GET http://10.180.1.21/compute/v2.1/servers/81d406bb-f0e6-487c-841e-a13ae7736af0 0.071s
2025-12-08 17:26:04.255 65821 INFO tempest.lib.common.rest_client [req-58959ac3-4318-418c-8ee7-587e632d523d req-58959ac3-4318-418c-8ee7-587e632d523d ] Request (ImagesTestJSON:test_create_image_from_suspended_server): 200 GET http://10.180.1.21/compute/v2.1/servers/d20826fc-879b-4538-88d5-9a69017c9d23 0.060s
2025-12-08 17:26:04.280 65817 INFO tempest.lib.common.rest_client [req-7512786f-5eb6-4fca-b31f-652522a24588 req-7512786f-5eb6-4fca-b31f-652522a24588 ] Request (ServerActionsTestOtherB:test_resize_server_confirm_from_stopped): 200 GET http://10.180.1.21/compute/v2.1/servers/f0ae0ad7-7800-4f5a-a270-7749177b8675 0.117s
2025-12-08 17:26:04.303 65807 INFO tempest.lib.common.rest_client [req-5acd302f-0bb6-4aef-a0ac-01d53caf539d req-5acd302f-0bb6-4aef-a0ac-01d53caf539d ] Request (InstanceActionsNegativeTestJSON:setUpClass): 200 GET http://10.180.1.21/compute/v2.1/servers/f523a556-180d-4c8f-be38-0f7f9110df7b 0.084s
2025-12-08 17:26:04.326 65861 INFO tempest.lib.common.rest_client [req-6bcadf7f-86f8-4752-89c5-ee8867bfedb0 req-6bcadf7f-86f8-4752-89c5-ee8867bfedb0 ] Request (ServerPasswordTestJSON:setUpClass): 200 GET http://10.180.1.21/compute/v2.1/servers/233af8b9-8f53-4e88-b316-ac6e2e2f85a1 0.075s
2025-12-08 17:26:04.348 65829 INFO tempest.lib.common.rest_client [req-967626db-736b-4d96-8bea-9b5aaf672803 req-967626db-736b-4d96-8bea-9b5aaf672803 ] Request (AttachInterfacesTestJSON:test_create_list_show_delete_interfaces_by_fixed_ip): 200 GET http://10.180.1.21/compute/v2.1/servers/5e5a538b-8f59-45ca-bece-6a0cff169e0a 0.073s
2025-12-08 17:26:04.399 65823 INFO tempest.lib.common.rest_client [req-e9fbd4bb-fd8d-41fb-a1d2-220b05621efc req-e9fbd4bb-fd8d-41fb-a1d2-220b05621efc ] Request (ListImageFiltersTestJSON:tearDownClass): 200 GET http://10.180.1.21/compute/v2.1/servers/3a95cfa3-d907-467b-9081-c8c5b4b9dd5a 0.058s
2025-12-08 17:26:04.455 65837 INFO tempest.lib.common.rest_client [req-f40a60fb-2df6-4fde-af8d-e2168061321a req-f40a60fb-2df6-4fde-af8d-e2168061321a ] Request (ListServersNegativeTestJSON:tearDownClass): 200 GET http://10.180.1.21/compute/v2.1/servers/fab0ffc2-fa16-4d13-b70c-dfaa41c981aa 0.062s
2025-12-08 17:26:04.494 65843 INFO tempest.lib.common.rest_client [req-a9920837-10ab-4c4b-9a00-dfaf8ff97615 req-a9920837-10ab-4c4b-9a00-dfaf8ff97615 ] Request (ServerMetadataNegativeTestJSON:setUpClass): 200 GET http://10.180.1.21/compute/v2.1/servers/b9eaa8ef-392c-449e-b441-5b5de9ddaf9e 0.049s
2025-12-08 17:26:04.585 65847 INFO tempest.lib.common.rest_client [req-7860cae4-c03e-4f42-8022-34fea195bd8e req-7860cae4-c03e-4f42-8022-34fea195bd8e ] Request (ServersListShow298Test:tearDownClass): 200 GET http://10.180.1.21/compute/v2.1/servers/5b08f3ba-7400-48f2-af8c-a0ea3ec59dc2 0.071s
2025-12-08 17:26:04.611 65831 INFO tempest.lib.common.rest_client [req-4e122cd3-d38e-4ff3-a196-73e74ed2aa3f req-4e122cd3-d38e-4ff3-a196-73e74ed2aa3f ] Request (ServerRescueTestJSONUnderV235:setUpClass): 200 GET http://10.180.1.21/compute/v2.1/servers/f7fb46f9-1425-4f94-bcf1-dd722c442144 0.053s
2025-12-08 17:26:04.722 65853 INFO tempest.lib.common.rest_client [req-c1b0c0c9-8268-4724-90fa-ea58fe0250cd req-c1b0c0c9-8268-4724-90fa-ea58fe0250cd ] Request (ImagesOneServerNegativeTestJSON:_run_cleanups): 200 GET http://10.180.1.21/compute/v2.1/servers/ac639d87-8ce8-4762-a056-b369ec2627b6 0.060s
2025-12-08 17:26:04.856 65849 INFO tempest.lib.common.rest_client [req-b51dbc02-2ddd-4bfd-8103-e53b80cc350e req-b51dbc02-2ddd-4bfd-8103-e53b80cc350e ] Request (SecurityGroupsTestJSON:test_server_security_groups): 200 GET http://10.180.1.21/compute/v2.1/servers/835213c0-7178-41ac-ab06-27e678ff73ec 0.174s
2025-12-08 17:26:04.865 65849 INFO tempest.common.waiters [-] State transition "HARD_REBOOT/reboot_started_hard" ==> "ACTIVE/None" after 4 second wait
2025-12-08 17:26:04.885 65867 INFO tempest.lib.common.rest_client [req-be7fcc6f-5ea5-4039-b54c-543c420f9085 req-be7fcc6f-5ea5-4039-b54c-543c420f9085 ] Request (ServerRescueNegativeTestJSON:test_rescued_vm_detach_volume): 200 GET http://10.180.1.21/compute/v2.1/servers/f7468e7d-2bed-4b9a-a642-b7f628a95305 0.170s
2025-12-08 17:26:04.895 65867 INFO tempest.common.waiters [-] State transition "BUILD/None" ==> "BUILD/networking" after 71 second wait
2025-12-08 17:26:04.909 65819 INFO tempest.lib.common.rest_client [req-86f3be2f-d708-4923-8847-59fdd606ac03 req-86f3be2f-d708-4923-8847-59fdd606ac03 ] Request (AttachVolumeNegativeTest:test_attach_attached_volume_to_different_server): 200 GET http://10.180.1.21/compute/v2.1/servers/65f7a5e2-e42a-4a78-a9df-7bd5424ca2f2 0.158s
2025-12-08 17:26:04.946 65859 INFO tempest.lib.common.rest_client [req-e8d1e87f-72e5-4838-b003-42ea285d9d62 req-e8d1e87f-72e5-4838-b003-42ea285d9d62 ] Request (ServerShowV254Test:test_rebuild_server): 200 GET http://10.180.1.21/compute/v2.1/servers/37a306f7-02f2-41cd-98db-fc3eb003b7a4 0.143s
2025-12-08 17:26:05.025 65811 WARNING tempest.lib.common.ssh [-] Failed to establish authenticated ssh connection to cirros@10.180.180.145 ([Errno None] Unable to connect to port 22 on 10.180.180.145). Number attempts: 4. Retry after 5 seconds.: paramiko.ssh_exception.NoValidConnectionsError: [Errno None] Unable to connect to port 22 on 10.180.180.145
2025-12-08 17:26:05.050 65813 INFO tempest.lib.common.rest_client [req-06a8d416-b09e-4c4c-b8c9-e9822059bead req-06a8d416-b09e-4c4c-b8c9-e9822059bead ] Request (ServerDiskConfigTestJSON:test_rebuild_server_with_manual_disk_config): 200 GET http://10.180.1.21/compute/v2.1/servers/208772b0-cc9f-4644-b440-54e638072b4e 0.206s
2025-12-08 17:26:05.077 65855 INFO tempest.lib.common.rest_client [req-06f0d3da-be66-48f2-9ad5-a1139102dc8c req-06f0d3da-be66-48f2-9ad5-a1139102dc8c ] Request (MigrationsAdminTest:test_resize_server_revert_deleted_flavor): 200 GET http://10.180.1.21/compute/v2.1/servers/9322f1d0-3ffb-46c6-8974-7fe56a517f7f 0.267s
2025-12-08 17:26:05.124 65839 INFO tempest.lib.common.rest_client [req-8c8bcec4-b2bf-471a-931b-5f3dcd0c438a req-8c8bcec4-b2bf-471a-931b-5f3dcd0c438a ] Request (FloatingIPsAssociationNegativeTestJSON:setUpClass): 200 GET http://10.180.1.21/compute/v2.1/servers/e528a5f1-8251-4420-8660-8a7ec001ef7e 0.268s
2025-12-08 17:26:05.210 65863 INFO tempest.lib.common.rest_client [req-2685609b-2356-4831-8a64-e7d2c46e049e req-2685609b-2356-4831-8a64-e7d2c46e049e ] Request (ServersTestJSON:test_create_specify_keypair): 200 GET http://10.180.1.21/compute/v2.1/servers/a99b311d-836c-4385-9432-45b9765f5dac 0.322s
2025-12-08 17:26:05.473 65849 INFO tempest.lib.common.rest_client [req-b9b0cc4d-6e99-45be-aabf-d4a2684fe779 req-b9b0cc4d-6e99-45be-aabf-d4a2684fe779 ] Request (SecurityGroupsTestJSON:test_server_security_groups): 202 POST http://10.180.1.21/compute/v2.1/servers/835213c0-7178-41ac-ab06-27e678ff73ec/action 0.607s
2025-12-08 17:26:05.508 65809 INFO tempest.lib.common.rest_client [req-0562863a-8b1f-465f-82cc-3c3cb6b01908 req-0562863a-8b1f-465f-82cc-3c3cb6b01908 ] Request (MultipleCreateTestJSON:test_multiple_create_with_reservation_return): 200 GET http://10.180.1.21/compute/v2.1/servers/7ffbee1e-54df-4aaf-8183-9b148c616b69 0.606s
2025-12-08 17:26:05.546 65841 INFO tempest.lib.common.rest_client [req-f9110777-a8a5-40f9-aa0d-f3e6d208ca14 req-f9110777-a8a5-40f9-aa0d-f3e6d208ca14 ] Request (ServersAdminTestJSON:tearDownClass): 200 GET http://10.180.1.21/compute/v2.1/servers/e6733991-a8fe-42b0-bd9c-098cd755e957 0.604s
2025-12-08 17:26:05.565 65835 INFO tempest.lib.common.rest_client [req-cf1b2457-4988-4671-89d5-a36fe040967f req-cf1b2457-4988-4671-89d5-a36fe040967f ] Request (ListServerFiltersTestJSON:tearDownClass): 200 GET http://10.180.1.21/compute/v2.1/servers/ae260ff0-bb11-4322-a30e-47a4c88eb6d9 0.527s
2025-12-08 17:26:05.606 65815 INFO tempest.lib.common.rest_client [req-ece9716e-1b43-40ba-a76f-d55f40a2cc89 req-ece9716e-1b43-40ba-a76f-d55f40a2cc89 ] Request (InstanceActionsTestJSON:tearDownClass): 200 GET http://10.180.1.21/compute/v2.1/servers/81d406bb-f0e6-487c-841e-a13ae7736af0 0.395s
2025-12-08 17:26:05.629 65821 INFO tempest.lib.common.rest_client [req-5ddebdc1-69f9-4469-9163-685ada744f84 req-5ddebdc1-69f9-4469-9163-685ada744f84 ] Request (ImagesTestJSON:test_create_image_from_suspended_server): 200 GET http://10.180.1.21/compute/v2.1/servers/d20826fc-879b-4538-88d5-9a69017c9d23 0.365s
2025-12-08 17:26:05.703 65807 INFO tempest.lib.common.rest_client [req-e08f521f-a209-4ae9-af62-fdd0b8211e7d req-e08f521f-a209-4ae9-af62-fdd0b8211e7d ] Request (InstanceActionsNegativeTestJSON:setUpClass): 200 GET http://10.180.1.21/compute/v2.1/servers/f523a556-180d-4c8f-be38-0f7f9110df7b 0.391s
2025-12-08 17:26:05.732 65817 INFO tempest.lib.common.rest_client [req-af5b8dda-52cd-4edb-9990-f0845e4457f6 req-af5b8dda-52cd-4edb-9990-f0845e4457f6 ] Request (ServerActionsTestOtherB:test_resize_server_confirm_from_stopped): 200 GET http://10.180.1.21/compute/v2.1/servers/f0ae0ad7-7800-4f5a-a270-7749177b8675 0.444s
2025-12-08 17:26:05.755 65861 INFO tempest.lib.common.rest_client [req-313a3a58-6a86-4a6b-85c6-f6a54da17e12 req-313a3a58-6a86-4a6b-85c6-f6a54da17e12 ] Request (ServerPasswordTestJSON:setUpClass): 200 GET http://10.180.1.21/compute/v2.1/servers/233af8b9-8f53-4e88-b316-ac6e2e2f85a1 0.421s
2025-12-08 17:26:05.783 65829 INFO tempest.lib.common.rest_client [req-d93d94b6-d9a0-4386-b333-33369d17f1d5 req-d93d94b6-d9a0-4386-b333-33369d17f1d5 ] Request (AttachInterfacesTestJSON:test_create_list_show_delete_interfaces_by_fixed_ip): 200 GET http://10.180.1.21/compute/v2.1/servers/5e5a538b-8f59-45ca-bece-6a0cff169e0a 0.427s
2025-12-08 17:26:05.810 65823 INFO tempest.lib.common.rest_client [req-2ceb0746-5b44-443a-8779-aa5a8a59b0c7 req-2ceb0746-5b44-443a-8779-aa5a8a59b0c7 ] Request (ListImageFiltersTestJSON:tearDownClass): 200 GET http://10.180.1.21/compute/v2.1/servers/3a95cfa3-d907-467b-9081-c8c5b4b9dd5a 0.404s
2025-12-08 17:26:05.840 65837 INFO tempest.lib.common.rest_client [req-b577103b-6274-4a2d-8410-557829a6523d req-b577103b-6274-4a2d-8410-557829a6523d ] Request (ListServersNegativeTestJSON:tearDownClass): 200 GET http://10.180.1.21/compute/v2.1/servers/fab0ffc2-fa16-4d13-b70c-dfaa41c981aa 0.376s
2025-12-08 17:26:05.887 65849 INFO tempest.lib.common.rest_client [req-cae06d27-49a9-4051-bfa7-212dd922355a req-cae06d27-49a9-4051-bfa7-212dd922355a ] Request (SecurityGroupsTestJSON:test_server_security_groups): 400 DELETE http://10.180.1.21/compute/v2.1/os-security-groups/6167d0aa-08da-4989-8f04-2f2aaa2c96bd 0.413s
2025-12-08 17:26:05.905 65843 INFO tempest.lib.common.rest_client [req-d9759382-cfbd-4f2d-b52c-e4e995b17bac req-d9759382-cfbd-4f2d-b52c-e4e995b17bac ] Request (ServerMetadataNegativeTestJSON:setUpClass): 200 GET http://10.180.1.21/compute/v2.1/servers/b9eaa8ef-392c-449e-b441-5b5de9ddaf9e 0.402s
2025-12-08 17:26:05.951 65847 INFO tempest.lib.common.rest_client [req-80ef5940-38ee-41b0-874d-9c2dfa26e178 req-80ef5940-38ee-41b0-874d-9c2dfa26e178 ] Request (ServersListShow298Test:tearDownClass): 200 GET http://10.180.1.21/compute/v2.1/servers/5b08f3ba-7400-48f2-af8c-a0ea3ec59dc2 0.355s
2025-12-08 17:26:05.961 65831 INFO tempest.lib.common.rest_client [req-5eb4273d-1522-4abc-976d-87694e66a3a9 req-5eb4273d-1522-4abc-976d-87694e66a3a9 ] Request (ServerRescueTestJSONUnderV235:setUpClass): 200 GET http://10.180.1.21/compute/v2.1/servers/f7fb46f9-1425-4f94-bcf1-dd722c442144 0.342s
2025-12-08 17:26:06.027 65853 INFO tempest.lib.common.rest_client [req-896b41fc-32b5-49ac-b965-cfc95c1958b2 req-896b41fc-32b5-49ac-b965-cfc95c1958b2 ] Request (ImagesOneServerNegativeTestJSON:_run_cleanups): 200 GET http://10.180.1.21/compute/v2.1/servers/ac639d87-8ce8-4762-a056-b369ec2627b6 0.296s
2025-12-08 17:26:06.061 65849 INFO tempest.lib.common.rest_client [req-05c1d071-e238-4c66-9c13-d950276734f3 req-05c1d071-e238-4c66-9c13-d950276734f3 ] Request (SecurityGroupsTestJSON:test_server_security_groups): 204 DELETE http://10.180.1.21/compute/v2.1/servers/835213c0-7178-41ac-ab06-27e678ff73ec 0.173s
2025-12-08 17:26:06.117 65819 INFO tempest.lib.common.rest_client [req-e3d605c5-38db-403d-a45c-c05563cad721 req-e3d605c5-38db-403d-a45c-c05563cad721 ] Request (AttachVolumeNegativeTest:test_attach_attached_volume_to_different_server): 200 GET http://10.180.1.21/compute/v2.1/servers/65f7a5e2-e42a-4a78-a9df-7bd5424ca2f2 0.198s
2025-12-08 17:26:06.146 65867 INFO tempest.lib.common.rest_client [req-3631af4a-ba8e-406c-94a4-5154e2d71bee req-3631af4a-ba8e-406c-94a4-5154e2d71bee ] Request (ServerRescueNegativeTestJSON:test_rescued_vm_detach_volume): 200 GET http://10.180.1.21/compute/v2.1/servers/f7468e7d-2bed-4b9a-a642-b7f628a95305 0.249s
2025-12-08 17:26:06.153 65867 INFO tempest.common.waiters [-] State transition "BUILD/networking" ==> "BUILD/spawning" after 73 second wait
2025-12-08 17:26:06.172 65859 INFO tempest.lib.common.rest_client [req-a075bf32-cb48-4333-a543-f63f8ffbd16a req-a075bf32-cb48-4333-a543-f63f8ffbd16a ] Request (ServerShowV254Test:test_rebuild_server): 200 GET http://10.180.1.21/compute/v2.1/servers/37a306f7-02f2-41cd-98db-fc3eb003b7a4 0.213s
2025-12-08 17:26:06.177 65805 WARNING tempest.lib.common.ssh [-] Failed to establish authenticated ssh connection to cirros@10.180.180.142 ([Errno None] Unable to connect to port 22 on 10.180.180.142). Number attempts: 2. Retry after 3 seconds.: paramiko.ssh_exception.NoValidConnectionsError: [Errno None] Unable to connect to port 22 on 10.180.180.142
2025-12-08 17:26:06.199 65813 INFO tempest.lib.common.rest_client [req-414ed8d3-bbbe-4d63-8343-359398841a9e req-414ed8d3-bbbe-4d63-8343-359398841a9e ] Request (ServerDiskConfigTestJSON:test_rebuild_server_with_manual_disk_config): 200 GET http://10.180.1.21/compute/v2.1/servers/208772b0-cc9f-4644-b440-54e638072b4e 0.140s
2025-12-08 17:26:06.301 65849 INFO tempest.lib.common.rest_client [req-8c39c41d-6ff7-4a5f-b4d7-c12794b2eede req-8c39c41d-6ff7-4a5f-b4d7-c12794b2eede ] Request (SecurityGroupsTestJSON:test_server_security_groups): 200 GET http://10.180.1.21/compute/v2.1/servers/835213c0-7178-41ac-ab06-27e678ff73ec 0.239s
2025-12-08 17:26:06.322 65855 INFO tempest.lib.common.rest_client [req-c4e14fe5-3cd9-444f-87ab-15d813ac8af5 req-c4e14fe5-3cd9-444f-87ab-15d813ac8af5 ] Request (MigrationsAdminTest:test_resize_server_revert_deleted_flavor): 200 GET http://10.180.1.21/compute/v2.1/servers/9322f1d0-3ffb-46c6-8974-7fe56a517f7f 0.234s
2025-12-08 17:26:06.353 65839 INFO tempest.lib.common.rest_client [req-937d482e-4fa5-49b3-af78-dd2e33d678e5 req-937d482e-4fa5-49b3-af78-dd2e33d678e5 ] Request (FloatingIPsAssociationNegativeTestJSON:setUpClass): 200 GET http://10.180.1.21/compute/v2.1/servers/e528a5f1-8251-4420-8660-8a7ec001ef7e 0.220s
2025-12-08 17:26:06.398 65863 INFO tempest.lib.common.rest_client [req-c7b3d404-a84e-41ff-89ea-402f145423ef req-c7b3d404-a84e-41ff-89ea-402f145423ef ] Request (ServersTestJSON:test_create_specify_keypair): 200 GET http://10.180.1.21/compute/v2.1/servers/a99b311d-836c-4385-9432-45b9765f5dac 0.180s
2025-12-08 17:26:06.568 65809 INFO tempest.lib.common.rest_client [req-e31c207d-6817-48b9-9b27-1fcb3e9625b8 req-e31c207d-6817-48b9-9b27-1fcb3e9625b8 ] Request (MultipleCreateTestJSON:test_multiple_create_with_reservation_return): 200 GET http://10.180.1.21/compute/v2.1/servers/7ffbee1e-54df-4aaf-8183-9b148c616b69 0.051s
2025-12-08 17:26:06.616 65841 INFO tempest.lib.common.rest_client [req-0124900e-34eb-445b-9ab3-68a612138cf0 req-0124900e-34eb-445b-9ab3-68a612138cf0 ] Request (ServersAdminTestJSON:tearDownClass): 200 GET http://10.180.1.21/compute/v2.1/servers/e6733991-a8fe-42b0-bd9c-098cd755e957 0.059s
2025-12-08 17:26:06.634 65835 INFO tempest.lib.common.rest_client [req-c7367102-f13b-4fe6-bb8c-bc92bac7cb4d req-c7367102-f13b-4fe6-bb8c-bc92bac7cb4d ] Request (ListServerFiltersTestJSON:tearDownClass): 200 GET http://10.180.1.21/compute/v2.1/servers/ae260ff0-bb11-4322-a30e-47a4c88eb6d9 0.060s
2025-12-08 17:26:06.671 65815 INFO tempest.lib.common.rest_client [req-6d840457-c38e-4ed5-aa97-065c1084dcd3 req-6d840457-c38e-4ed5-aa97-065c1084dcd3 ] Request (InstanceActionsTestJSON:tearDownClass): 200 GET http://10.180.1.21/compute/v2.1/servers/81d406bb-f0e6-487c-841e-a13ae7736af0 0.056s
2025-12-08 17:26:06.685 65821 INFO tempest.lib.common.rest_client [req-af2c2076-d1d4-4ad5-86ed-b6d1d977a42a req-af2c2076-d1d4-4ad5-86ed-b6d1d977a42a ] Request (ImagesTestJSON:test_create_image_from_suspended_server): 200 GET http://10.180.1.21/compute/v2.1/servers/d20826fc-879b-4538-88d5-9a69017c9d23 0.047s
2025-12-08 17:26:06.770 65807 INFO tempest.lib.common.rest_client [req-864dbed7-cd7c-4104-a640-bcd11bb6fdd2 req-864dbed7-cd7c-4104-a640-bcd11bb6fdd2 ] Request (InstanceActionsNegativeTestJSON:setUpClass): 200 GET http://10.180.1.21/compute/v2.1/servers/f523a556-180d-4c8f-be38-0f7f9110df7b 0.059s
2025-12-08 17:26:06.816 65833 WARNING tempest.lib.common.ssh [-] Failed to establish authenticated ssh connection to cirros@10.180.180.221 ([Errno None] Unable to connect to port 22 on 10.180.180.221). Number attempts: 3. Retry after 4 seconds.: paramiko.ssh_exception.NoValidConnectionsError: [Errno None] Unable to connect to port 22 on 10.180.180.221
2025-12-08 17:26:06.826 65861 INFO tempest.lib.common.rest_client [req-530ab528-3f0b-4b09-b64f-ed7bb5d4a5a7 req-530ab528-3f0b-4b09-b64f-ed7bb5d4a5a7 ] Request (ServerPasswordTestJSON:setUpClass): 200 GET http://10.180.1.21/compute/v2.1/servers/233af8b9-8f53-4e88-b316-ac6e2e2f85a1 0.063s
2025-12-08 17:26:06.847 65817 INFO tempest.lib.common.rest_client [req-96340161-c574-4ae4-a6b0-ca89e640505a req-96340161-c574-4ae4-a6b0-ca89e640505a ] Request (ServerActionsTestOtherB:test_resize_server_confirm_from_stopped): 200 GET http://10.180.1.21/compute/v2.1/servers/f0ae0ad7-7800-4f5a-a270-7749177b8675 0.106s
2025-12-08 17:26:06.878 65829 INFO tempest.lib.common.rest_client [req-d0efc61b-20f8-48e5-90ed-e70afe610bf2 req-d0efc61b-20f8-48e5-90ed-e70afe610bf2 ] Request (AttachInterfacesTestJSON:test_create_list_show_delete_interfaces_by_fixed_ip): 200 GET http://10.180.1.21/compute/v2.1/servers/5e5a538b-8f59-45ca-bece-6a0cff169e0a 0.085s
2025-12-08 17:26:06.905 65823 INFO tempest.lib.common.rest_client [req-b28d1572-d7fe-4fa5-a8a2-49ac013abbf1 req-b28d1572-d7fe-4fa5-a8a2-49ac013abbf1 ] Request (ListImageFiltersTestJSON:tearDownClass): 200 GET http://10.180.1.21/compute/v2.1/servers/3a95cfa3-d907-467b-9081-c8c5b4b9dd5a 0.086s
2025-12-08 17:26:06.932 65837 INFO tempest.lib.common.rest_client [req-4fdf3e61-b68c-4089-bb75-0fdb71202464 req-4fdf3e61-b68c-4089-bb75-0fdb71202464 ] Request (ListServersNegativeTestJSON:tearDownClass): 200 GET http://10.180.1.21/compute/v2.1/servers/fab0ffc2-fa16-4d13-b70c-dfaa41c981aa 0.085s
2025-12-08 17:26:06.970 65843 INFO tempest.lib.common.rest_client [req-2730f9f6-6e76-4833-b42a-ea980f6734e6 req-2730f9f6-6e76-4833-b42a-ea980f6734e6 ] Request (ServerMetadataNegativeTestJSON:setUpClass): 200 GET http://10.180.1.21/compute/v2.1/servers/b9eaa8ef-392c-449e-b441-5b5de9ddaf9e 0.058s
2025-12-08 17:26:07.031 65831 INFO tempest.lib.common.rest_client [req-bb423935-f71c-4579-b6d8-f5bf12c14805 req-bb423935-f71c-4579-b6d8-f5bf12c14805 ] Request (ServerRescueTestJSONUnderV235:setUpClass): 200 GET http://10.180.1.21/compute/v2.1/servers/f7fb46f9-1425-4f94-bcf1-dd722c442144 0.062s
2025-12-08 17:26:07.057 65847 INFO tempest.lib.common.rest_client [req-ff9b9364-ee8c-4416-a05b-5638f307c393 req-ff9b9364-ee8c-4416-a05b-5638f307c393 ] Request (ServersListShow298Test:tearDownClass): 200 GET http://10.180.1.21/compute/v2.1/servers/5b08f3ba-7400-48f2-af8c-a0ea3ec59dc2 0.093s
2025-12-08 17:26:07.100 65853 INFO tempest.lib.common.rest_client [req-3c1891bb-444f-450d-b788-0768867b5d14 req-3c1891bb-444f-450d-b788-0768867b5d14 ] Request (ImagesOneServerNegativeTestJSON:_run_cleanups): 200 GET http://10.180.1.21/compute/v2.1/servers/ac639d87-8ce8-4762-a056-b369ec2627b6 0.066s
2025-12-08 17:26:07.186 65819 INFO tempest.lib.common.rest_client [req-0866be91-233b-47b7-a253-a207ecd68ed1 req-0866be91-233b-47b7-a253-a207ecd68ed1 ] Request (AttachVolumeNegativeTest:test_attach_attached_volume_to_different_server): 200 GET http://10.180.1.21/compute/v2.1/servers/65f7a5e2-e42a-4a78-a9df-7bd5424ca2f2 0.056s
2025-12-08 17:26:07.244 65859 INFO tempest.lib.common.rest_client [req-4c87ddff-e9ee-473f-819f-660f9b96459f req-4c87ddff-e9ee-473f-819f-660f9b96459f ] Request (ServerShowV254Test:test_rebuild_server): 200 GET http://10.180.1.21/compute/v2.1/servers/37a306f7-02f2-41cd-98db-fc3eb003b7a4 0.061s
2025-12-08 17:26:07.272 65867 INFO tempest.lib.common.rest_client [req-bf487d8f-3c84-45cd-bd2d-6bc5dbf5f3f8 req-bf487d8f-3c84-45cd-bd2d-6bc5dbf5f3f8 ] Request (ServerRescueNegativeTestJSON:test_rescued_vm_detach_volume): 200 GET http://10.180.1.21/compute/v2.1/servers/f7468e7d-2bed-4b9a-a642-b7f628a95305 0.118s
2025-12-08 17:26:07.305 65813 INFO tempest.lib.common.rest_client [req-40b7a735-dad0-4f26-9b8b-714d8306b521 req-40b7a735-dad0-4f26-9b8b-714d8306b521 ] Request (ServerDiskConfigTestJSON:test_rebuild_server_with_manual_disk_config): 200 GET http://10.180.1.21/compute/v2.1/servers/208772b0-cc9f-4644-b440-54e638072b4e 0.096s
2025-12-08 17:26:07.323 65865 WARNING tempest.lib.common.ssh [-] Failed to establish authenticated ssh connection to cirros@10.180.180.151 ([Errno None] Unable to connect to port 22 on 10.180.180.151). Number attempts: 10. Retry after 11 seconds.: paramiko.ssh_exception.NoValidConnectionsError: [Errno None] Unable to connect to port 22 on 10.180.180.151
2025-12-08 17:26:07.418 65849 INFO tempest.lib.common.rest_client [req-0971a7d3-c831-483f-a898-f440b6d91697 req-0971a7d3-c831-483f-a898-f440b6d91697 ] Request (SecurityGroupsTestJSON:test_server_security_groups): 200 GET http://10.180.1.21/compute/v2.1/servers/835213c0-7178-41ac-ab06-27e678ff73ec 0.110s
2025-12-08 17:26:07.425 65855 INFO tempest.lib.common.rest_client [req-3595b9d7-4b97-425f-94c3-6a884dd97a23 req-3595b9d7-4b97-425f-94c3-6a884dd97a23 ] Request (MigrationsAdminTest:test_resize_server_revert_deleted_flavor): 200 GET http://10.180.1.21/compute/v2.1/servers/9322f1d0-3ffb-46c6-8974-7fe56a517f7f 0.096s
2025-12-08 17:26:07.473 65839 INFO tempest.lib.common.rest_client [req-7d4b084d-17fc-41cf-8396-afa18d86eeac req-7d4b084d-17fc-41cf-8396-afa18d86eeac ] Request (FloatingIPsAssociationNegativeTestJSON:setUpClass): 200 GET http://10.180.1.21/compute/v2.1/servers/e528a5f1-8251-4420-8660-8a7ec001ef7e 0.110s
2025-12-08 17:26:07.488 65863 INFO tempest.lib.common.rest_client [req-2c9a4bb4-1eaa-453d-b408-a631850fb410 req-2c9a4bb4-1eaa-453d-b408-a631850fb410 ] Request (ServersTestJSON:test_create_specify_keypair): 200 GET http://10.180.1.21/compute/v2.1/servers/a99b311d-836c-4385-9432-45b9765f5dac 0.081s
2025-12-08 17:26:07.637 65809 INFO tempest.lib.common.rest_client [req-b1c7dda9-b6e6-43d0-988f-27d6bc48fbda req-b1c7dda9-b6e6-43d0-988f-27d6bc48fbda ] Request (MultipleCreateTestJSON:test_multiple_create_with_reservation_return): 200 GET http://10.180.1.21/compute/v2.1/servers/7ffbee1e-54df-4aaf-8183-9b148c616b69 0.061s
2025-12-08 17:26:07.715 65835 INFO tempest.lib.common.rest_client [req-76fe8527-55a2-46bf-a117-15b64f5cb866 req-76fe8527-55a2-46bf-a117-15b64f5cb866 ] Request (ListServerFiltersTestJSON:tearDownClass): 200 GET http://10.180.1.21/compute/v2.1/servers/ae260ff0-bb11-4322-a30e-47a4c88eb6d9 0.073s
2025-12-08 17:26:07.717 65841 INFO tempest.lib.common.rest_client [req-26d43d37-de37-4fb5-8843-de952f1d1a42 req-26d43d37-de37-4fb5-8843-de952f1d1a42 ] Request (ServersAdminTestJSON:tearDownClass): 200 GET http://10.180.1.21/compute/v2.1/servers/e6733991-a8fe-42b0-bd9c-098cd755e957 0.091s
2025-12-08 17:26:07.792 65815 INFO tempest.lib.common.rest_client [req-86339ae1-dd8f-4144-ab47-1aa215acf8f6 req-86339ae1-dd8f-4144-ab47-1aa215acf8f6 ] Request (InstanceActionsTestJSON:tearDownClass): 200 GET http://10.180.1.21/compute/v2.1/servers/81d406bb-f0e6-487c-841e-a13ae7736af0 0.113s
2025-12-08 17:26:07.796 65821 INFO tempest.lib.common.rest_client [req-ff1f3e70-1538-436e-8c89-38d759f74f27 req-ff1f3e70-1538-436e-8c89-38d759f74f27 ] Request (ImagesTestJSON:test_create_image_from_suspended_server): 200 GET http://10.180.1.21/compute/v2.1/servers/d20826fc-879b-4538-88d5-9a69017c9d23 0.104s
2025-12-08 17:26:07.842 65807 INFO tempest.lib.common.rest_client [req-f8b452a0-2bfb-45a3-ad64-1dc70e21013e req-f8b452a0-2bfb-45a3-ad64-1dc70e21013e ] Request (InstanceActionsNegativeTestJSON:setUpClass): 200 GET http://10.180.1.21/compute/v2.1/servers/f523a556-180d-4c8f-be38-0f7f9110df7b 0.063s
2025-12-08 17:26:07.888 65861 INFO tempest.lib.common.rest_client [req-9b83ce89-2d60-41c3-a837-ee2e445b448e req-9b83ce89-2d60-41c3-a837-ee2e445b448e ] Request (ServerPasswordTestJSON:setUpClass): 200 GET http://10.180.1.21/compute/v2.1/servers/233af8b9-8f53-4e88-b316-ac6e2e2f85a1 0.054s
2025-12-08 17:26:07.937 65829 INFO tempest.lib.common.rest_client [req-9f013185-4c58-4b96-82ea-0b2559263246 req-9f013185-4c58-4b96-82ea-0b2559263246 ] Request (AttachInterfacesTestJSON:test_create_list_show_delete_interfaces_by_fixed_ip): 200 GET http://10.180.1.21/compute/v2.1/servers/5e5a538b-8f59-45ca-bece-6a0cff169e0a 0.051s
2025-12-08 17:26:07.957 65817 INFO tempest.lib.common.rest_client [req-649d15bf-5cc1-4f02-8665-22b6fe912999 req-649d15bf-5cc1-4f02-8665-22b6fe912999 ] Request (ServerActionsTestOtherB:test_resize_server_confirm_from_stopped): 200 GET http://10.180.1.21/compute/v2.1/servers/f0ae0ad7-7800-4f5a-a270-7749177b8675 0.100s
2025-12-08 17:26:07.992 65823 INFO tempest.lib.common.rest_client [req-31d23fb5-d562-4ba6-bd7d-5be3357e6c3a req-31d23fb5-d562-4ba6-bd7d-5be3357e6c3a ] Request (ListImageFiltersTestJSON:tearDownClass): 200 GET http://10.180.1.21/compute/v2.1/servers/3a95cfa3-d907-467b-9081-c8c5b4b9dd5a 0.080s
2025-12-08 17:26:08.013 65837 INFO tempest.lib.common.rest_client [req-d949177c-72e2-49b6-a604-bbe7de57cb03 req-d949177c-72e2-49b6-a604-bbe7de57cb03 ] Request (ListServersNegativeTestJSON:tearDownClass): 200 GET http://10.180.1.21/compute/v2.1/servers/fab0ffc2-fa16-4d13-b70c-dfaa41c981aa 0.073s
2025-12-08 17:26:08.044 65843 INFO tempest.lib.common.rest_client [req-ae797cc3-e4f8-4f35-99d9-929d9d97a182 req-ae797cc3-e4f8-4f35-99d9-929d9d97a182 ] Request (ServerMetadataNegativeTestJSON:setUpClass): 200 GET http://10.180.1.21/compute/v2.1/servers/b9eaa8ef-392c-449e-b441-5b5de9ddaf9e 0.065s
2025-12-08 17:26:08.097 65831 INFO tempest.lib.common.rest_client [req-614baab6-3ff7-46c2-84e6-526420dbce7b req-614baab6-3ff7-46c2-84e6-526420dbce7b ] Request (ServerRescueTestJSONUnderV235:setUpClass): 200 GET http://10.180.1.21/compute/v2.1/servers/f7fb46f9-1425-4f94-bcf1-dd722c442144 0.057s
2025-12-08 17:26:08.143 65847 INFO tempest.lib.common.rest_client [req-193f1c68-8da6-46bc-925c-5d8e9d9e7572 req-193f1c68-8da6-46bc-925c-5d8e9d9e7572 ] Request (ServersListShow298Test:tearDownClass): 200 GET http://10.180.1.21/compute/v2.1/servers/5b08f3ba-7400-48f2-af8c-a0ea3ec59dc2 0.073s
2025-12-08 17:26:08.173 65853 INFO tempest.lib.common.rest_client [req-df375fe2-f932-4374-b0cd-f1229d52aea0 req-df375fe2-f932-4374-b0cd-f1229d52aea0 ] Request (ImagesOneServerNegativeTestJSON:_run_cleanups): 200 GET http://10.180.1.21/compute/v2.1/servers/ac639d87-8ce8-4762-a056-b369ec2627b6 0.063s
2025-12-08 17:26:08.251 65819 INFO tempest.lib.common.rest_client [req-a3acc5d2-e64b-4484-898a-2404d19ad098 req-a3acc5d2-e64b-4484-898a-2404d19ad098 ] Request (AttachVolumeNegativeTest:test_attach_attached_volume_to_different_server): 200 GET http://10.180.1.21/compute/v2.1/servers/65f7a5e2-e42a-4a78-a9df-7bd5424ca2f2 0.057s
2025-12-08 17:26:08.315 65859 INFO tempest.lib.common.rest_client [req-2e636b4e-2010-4f4b-9f72-989ab7556d6f req-2e636b4e-2010-4f4b-9f72-989ab7556d6f ] Request (ServerShowV254Test:test_rebuild_server): 200 GET http://10.180.1.21/compute/v2.1/servers/37a306f7-02f2-41cd-98db-fc3eb003b7a4 0.060s
2025-12-08 17:26:08.372 65813 INFO tempest.lib.common.rest_client [req-9a01bfa0-cb48-41ad-a87a-3e35ca195ab1 req-9a01bfa0-cb48-41ad-a87a-3e35ca195ab1 ] Request (ServerDiskConfigTestJSON:test_rebuild_server_with_manual_disk_config): 200 GET http://10.180.1.21/compute/v2.1/servers/208772b0-cc9f-4644-b440-54e638072b4e 0.059s
