2025-12-08 17:24:55.474 65843 INFO tempest.lib.common.rest_client [req-576919f2-478a-4cce-90dc-6e8367630902 req-576919f2-478a-4cce-90dc-6e8367630902 ] Request (ServersAdminNegativeTestJSON:tearDownClass): 200 GET http://10.180.1.21/compute/v2.1/servers/7b76faba-15f3-4412-b5e7-5354a6bfd35f 0.362s
2025-12-08 17:24:55.509 65831 INFO tempest.lib.common.rest_client [req-ba682c52-90a4-4708-9ba2-99db4435d090 req-ba682c52-90a4-4708-9ba2-99db4435d090 ] Request (KeyPairsNegativeTestJSON:tearDownClass): 201 POST http://10.180.1.21/identity/v3/auth/tokens 0.071s
2025-12-08 17:24:55.942 65807 INFO tempest.lib.common.rest_client [req-d98ed3ea-d84a-494b-89dc-94d67d15e668 req-d98ed3ea-d84a-494b-89dc-94d67d15e668 ] Request (VolumesAdminNegativeTest:tearDownClass): 200 PUT http://10.180.1.21/networking/v2.0/routers/52da3dc5-506e-4ffe-a7af-de9819eb8584/remove_router_interface 0.861s
2025-12-08 17:24:55.973 65813 INFO tempest.lib.common.rest_client [req-83fbc103-f6e0-4871-9f90-7f655604dd71 req-83fbc103-f6e0-4871-9f90-7f655604dd71 ] Request (ServerDiskConfigTestJSON:test_rebuild_server_with_auto_disk_config): 200 GET http://10.180.1.21/compute/v2.1/servers/b3fef10e-1394-434b-b1b7-f239a27e182b 0.805s
2025-12-08 17:24:55.983 65853 INFO tempest.lib.common.rest_client [req-8642ddee-e989-454c-8a1b-46db065b8749 req-8642ddee-e989-454c-8a1b-46db065b8749 ] Request (ImagesOneServerNegativeTestJSON:_run_cleanups): 200 GET http://10.180.1.21/compute/v2.1/servers/ac639d87-8ce8-4762-a056-b369ec2627b6 0.802s
2025-12-08 17:24:56.043 65817 INFO tempest.lib.common.rest_client [req-6928ab92-3e61-4d33-8ced-5b61efd93295 req-6928ab92-3e61-4d33-8ced-5b61efd93295 ] Request (ServerActionsTestOtherB:test_create_backup): 200 GET http://10.180.1.21/image/v2/images/cae83d65-200b-40f2-a4d0-89c021c051f8 0.025s
2025-12-08 17:24:56.188 65831 INFO tempest.lib.common.rest_client [req-6806a1a7-afe9-4793-a781-a4281a5b378b req-6806a1a7-afe9-4793-a781-a4281a5b378b ] Request (KeyPairsNegativeTestJSON:tearDownClass): 200 GET http://10.180.1.21/networking/v2.0/security-groups?tenant_id=5529f145dff340f9ab72abf4b504e7b4&name=default 0.678s
2025-12-08 17:24:56.255 65859 INFO tempest.lib.common.rest_client [req-8700dbc2-c8ac-4c65-a401-333fba6a1e4f req-8700dbc2-c8ac-4c65-a401-333fba6a1e4f ] Request (ServerShowV254Test:test_rebuild_server): 202 POST http://10.180.1.21/compute/v2.1/servers 1.066s
2025-12-08 17:24:56.278 65839 INFO tempest.lib.common.rest_client [req-a4f9e4c8-f8c4-430e-9ea0-c868f0c3aa93 req-a4f9e4c8-f8c4-430e-9ea0-c868f0c3aa93 ] Request (VolumesAssistedSnapshotsTest:tearDownClass): 200 GET http://10.180.1.21/compute/v2.1/servers/b72f98f6-f233-4a51-b4ac-fef6364407f1 1.032s
2025-12-08 17:24:56.314 65841 INFO tempest.lib.common.rest_client [req-afa3d2b8-7b52-4636-89e2-faa0075735ec req-afa3d2b8-7b52-4636-89e2-faa0075735ec ] Request (ServersAdminTestJSON:test_list_servers_filter_by_exist_host): 200 GET http://10.180.1.21/compute/v2.1/servers?host=nonexistent_host&all_tenants=1 0.930s
2025-12-08 17:24:56.362 65831 INFO tempest.lib.common.rest_client [req-54577bb4-ec47-4e24-a078-0498b1608744 req-54577bb4-ec47-4e24-a078-0498b1608744 ] Request (KeyPairsNegativeTestJSON:tearDownClass): 204 DELETE http://10.180.1.21/networking/v2.0/security-groups/ad87b1e1-5b14-48e6-931e-8d6162df7386 0.173s
2025-12-08 17:24:56.456 65811 INFO tempest.lib.common.rest_client [req-1d389b48-8c04-46bf-87f0-a59b79d3b4ad req-1d389b48-8c04-46bf-87f0-a59b79d3b4ad ] Request (ServersWithSpecificFlavorTestJSON:test_verify_created_server_ephemeral_disk): 200 GET http://10.180.1.21/compute/v2.1/servers/3086c559-35b8-4e79-8478-27151b6a985d 1.124s
2025-12-08 17:24:56.469 65831 INFO tempest.lib.common.rest_client [req-206e9c1d-dff7-4052-87d4-97bfb016d5f2 req-206e9c1d-dff7-4052-87d4-97bfb016d5f2 ] Request (KeyPairsNegativeTestJSON:tearDownClass): 204 DELETE http://10.180.1.21/identity/v3/projects/5529f145dff340f9ab72abf4b504e7b4 0.106s
2025-12-08 17:24:56.473 65861 INFO tempest.lib.common.rest_client [req-4885fafe-57bd-4b89-b7d6-0189f0f2037a req-4885fafe-57bd-4b89-b7d6-0189f0f2037a ] Request (ServersTestBootFromVolume:tearDownClass): 200 GET http://10.180.1.21/compute/v2.1/servers/fa53b330-ff80-4666-bf9e-1664d5c3d23e 1.009s
2025-12-08 17:24:56.572 65807 INFO tempest.lib.common.rest_client [req-5b7482ab-ec5c-44eb-8869-e1f4c2e8dbba req-5b7482ab-ec5c-44eb-8869-e1f4c2e8dbba ] Request (VolumesAdminNegativeTest:tearDownClass): 204 DELETE http://10.180.1.21/networking/v2.0/routers/52da3dc5-506e-4ffe-a7af-de9819eb8584 0.629s
2025-12-08 17:24:56.599 65831 INFO tempest.lib.common.rest_client [req-e1e27f7c-ee03-4802-af6c-f8698ecbbc68 req-e1e27f7c-ee03-4802-af6c-f8698ecbbc68 ] Request (ServerRescueTestJSONUnderV235:setUpClass): 201 POST http://10.180.1.21/identity/v3/auth/tokens 0.129s
2025-12-08 17:24:56.638 65831 INFO tempest.lib.common.rest_client [req-20fbd491-5345-4e4c-a044-ce14962100c1 req-20fbd491-5345-4e4c-a044-ce14962100c1 ] Request (ServerRescueTestJSONUnderV235:setUpClass): 201 POST http://10.180.1.21/identity/v3/auth/tokens 0.036s
2025-12-08 17:24:56.641 65809 INFO tempest.lib.common.rest_client [req-1c6f0cd3-c602-415f-bd29-680e700f29ba req-1c6f0cd3-c602-415f-bd29-680e700f29ba ] Request (MultipleCreateTestJSON:test_multiple_create): 200 GET http://10.180.1.21/compute/v2.1/servers/564e79e0-e826-4ad7-83ec-f780b9cc5de7 1.162s
2025-12-08 17:24:56.673 65831 INFO tempest.lib.common.rest_client [req-5ea3cd66-32a7-4757-83ea-5fda72812aad req-5ea3cd66-32a7-4757-83ea-5fda72812aad ] Request (ServerRescueTestJSONUnderV235:setUpClass): 200 GET http://10.180.1.21/identity/v3/domains?name=Default 0.035s
2025-12-08 17:24:56.728 65831 INFO tempest.lib.common.rest_client [req-0b1f9d57-66a0-4764-b80a-111746bfc043 req-0b1f9d57-66a0-4764-b80a-111746bfc043 ] Request (ServerRescueTestJSONUnderV235:setUpClass): 201 POST http://10.180.1.21/identity/v3/projects 0.051s
2025-12-08 17:24:56.732 65807 INFO tempest.lib.common.rest_client [req-68994f98-bdfc-40d0-8888-152848e44170 req-68994f98-bdfc-40d0-8888-152848e44170 ] Request (VolumesAdminNegativeTest:tearDownClass): 204 DELETE http://10.180.1.21/networking/v2.0/subnets/244153da-062d-46c8-acda-9878c96bbe7a 0.160s
2025-12-08 17:24:56.737 65845 INFO tempest.lib.common.rest_client [req-c3ea8626-2cf2-4452-8652-31f1baa4f6b8 req-c3ea8626-2cf2-4452-8652-31f1baa4f6b8 ] Request (ServersTestFqdnHostnames:tearDownClass): 200 GET http://10.180.1.21/compute/v2.1/servers/d72d778b-dd55-4ac5-a55a-ffa2176f8aa1 1.193s
2025-12-08 17:24:56.807 65831 INFO tempest.lib.common.rest_client [req-7f08de3f-c7cd-4c08-bfbb-83d2c3d250ef req-7f08de3f-c7cd-4c08-bfbb-83d2c3d250ef ] Request (ServerRescueTestJSONUnderV235:setUpClass): 201 POST http://10.180.1.21/identity/v3/users 0.079s
2025-12-08 17:24:56.830 65831 INFO tempest.lib.common.rest_client [req-b30e1853-d943-4f99-a379-aefbdb161985 req-b30e1853-d943-4f99-a379-aefbdb161985 ] Request (ServerRescueTestJSONUnderV235:setUpClass): 200 GET http://10.180.1.21/identity/v3/roles 0.022s
2025-12-08 17:24:56.844 65837 INFO tempest.lib.common.rest_client [req-f4d4d9bb-33ac-4708-978b-19e56e9c1fae req-f4d4d9bb-33ac-4708-978b-19e56e9c1fae ] Request (ListServersNegativeTestJSON:setUpClass): 200 GET http://10.180.1.21/compute/v2.1/servers/225f5425-83d8-441b-912c-7ca1815e531f 1.262s
2025-12-08 17:24:56.855 65837 INFO tempest.common.waiters [-] State transition "ACTIVE/deleting" ==> "DELETED/None" after 4 second wait
2025-12-08 17:24:56.869 65831 INFO tempest.lib.common.rest_client [req-520b9d2b-ff6f-4cab-9927-119f8b777d2d req-520b9d2b-ff6f-4cab-9927-119f8b777d2d ] Request (ServerRescueTestJSONUnderV235:setUpClass): 204 PUT http://10.180.1.21/identity/v3/projects/5ab1468ac3bd4fefb709314546aaf89a/users/ea073accaeae495e926fb815a39244f7/roles/b3dd0e4209014f9fa504e1e8d33673a7 0.039s
2025-12-08 17:24:56.870 65831 INFO tempest.lib.common.dynamic_creds [-] Dynamic test user ea073accaeae495e926fb815a39244f7 is created with scope project and roles: ['member']
2025-12-08 17:24:56.870 65831 INFO tempest.lib.common.dynamic_creds [-] Acquired dynamic creds: credentials: Credentials: {'domain_id': 'default', 'domain_name': 'Default', 'username': 'tempest-ServerRescueTestJSONUnderV235-172963800-project-member', 'project_domain_id': 'default', 'project_domain_name': 'Default', 'project_id': '5ab1468ac3bd4fefb709314546aaf89a', 'project_name': 'tempest-ServerRescueTestJSONUnderV235-172963800', 'tenant_id': '5ab1468ac3bd4fefb709314546aaf89a', 'tenant_name': 'tempest-ServerRescueTestJSONUnderV235-172963800', 'user_domain_id': 'default', 'user_domain_name': 'Default', 'user_id': 'ea073accaeae495e926fb815a39244f7', 'system': None}, Network: None, Subnet: None, Router: None
2025-12-08 17:24:56.911 65827 INFO tempest.lib.common.rest_client [req-32f1dd7d-7468-4d32-beb6-109a98ab5e7a req-32f1dd7d-7468-4d32-beb6-109a98ab5e7a ] Request (ServerActionsTestOtherA:setUpClass): 200 GET http://10.180.1.21/compute/v2.1/servers/6ca5c62d-cf52-4f78-9e01-5623f4989442 1.271s
2025-12-08 17:24:56.978 65831 INFO tempest.lib.common.rest_client [req-90ae8391-f46d-40b1-968e-c17714f9ac2b req-90ae8391-f46d-40b1-968e-c17714f9ac2b ] Request (ServerRescueTestJSONUnderV235:setUpClass): 201 POST http://10.180.1.21/identity/v3/auth/tokens 0.108s
2025-12-08 17:24:57.071 65817 INFO tempest.lib.common.rest_client [req-b1570ea5-da64-48b3-b6c9-3bafb3a6dfb3 req-b1570ea5-da64-48b3-b6c9-3bafb3a6dfb3 ] Request (ServerActionsTestOtherB:test_create_backup): 200 GET http://10.180.1.21/image/v2/images/cae83d65-200b-40f2-a4d0-89c021c051f8 0.025s
2025-12-08 17:24:57.092 65821 INFO tempest.lib.common.rest_client [req-79a6b500-5bea-41a0-b067-9bda58b94042 req-79a6b500-5bea-41a0-b067-9bda58b94042 ] Request (ImagesTestJSON:test_create_image_from_stopped_server): 202 POST http://10.180.1.21/compute/v2.1/servers/4d62a820-fb2b-4101-9dbc-d7cf4a27961a/action 1.626s
2025-12-08 17:24:57.172 65807 INFO tempest.lib.common.rest_client [req-6761e999-01c1-4ca1-b293-e6609364f82e req-6761e999-01c1-4ca1-b293-e6609364f82e ] Request (VolumesAdminNegativeTest:tearDownClass): 204 DELETE http://10.180.1.21/networking/v2.0/networks/001e819f-cac7-4c63-b81d-b1dba5e8173a 0.439s
2025-12-08 17:24:57.242 65849 INFO tempest.lib.common.rest_client [req-e9bd248e-1cf5-4360-afc8-71358e199356 req-e9bd248e-1cf5-4360-afc8-71358e199356 ] Request (SecurityGroupsTestJSON:test_server_security_groups): 200 GET http://10.180.1.21/compute/v2.1/servers/835213c0-7178-41ac-ab06-27e678ff73ec 1.537s
2025-12-08 17:24:57.326 65831 INFO tempest.lib.common.rest_client [req-3d624470-933a-4389-8812-36d442cc003c req-3d624470-933a-4389-8812-36d442cc003c ] Request (ServerRescueTestJSONUnderV235:setUpClass): 201 POST http://10.180.1.21/networking/v2.0/networks 0.346s
2025-12-08 17:24:57.374 65835 INFO tempest.lib.common.rest_client [req-14dab534-6a62-41cc-b8d0-a3ab74c5c016 req-14dab534-6a62-41cc-b8d0-a3ab74c5c016 ] Request (ListServerFiltersTestJSON:test_list_servers_filter_by_shutoff_status): 200 GET http://10.180.1.21/compute/v2.1/servers/09225223-b8d1-43b9-ae8c-25d7f27ac233 1.679s
2025-12-08 17:24:57.383 65835 INFO tempest.common.waiters [-] State transition "SHUTOFF/powering-on" ==> "ACTIVE/None" after 5 second wait
2025-12-08 17:24:57.390 65805 INFO tempest.lib.common.rest_client [req-46efefe0-629e-4723-85f6-4fb6bc93ff5e req-46efefe0-629e-4723-85f6-4fb6bc93ff5e ] Request (ServersTestJSON:setUpClass): 200 GET http://10.180.1.21/compute/v2.1/servers/8f28d898-567e-409c-95bf-10e8000cdc4b 1.625s
2025-12-08 17:24:57.550 65831 INFO tempest.lib.common.rest_client [req-813ffcb3-2746-463f-94b4-dc31177101a5 req-813ffcb3-2746-463f-94b4-dc31177101a5 ] Request (ServerRescueTestJSONUnderV235:setUpClass): 201 POST http://10.180.1.21/networking/v2.0/subnets 0.224s
2025-12-08 17:24:57.577 65847 INFO tempest.lib.common.rest_client [req-eb33cd80-0120-4bf9-aa80-c1475d578772 req-eb33cd80-0120-4bf9-aa80-c1475d578772 ] Request (ServersListShow298Test:test_list_show_update_rebuild_server_298): 200 GET http://10.180.1.21/compute/v2.1/servers/5b08f3ba-7400-48f2-af8c-a0ea3ec59dc2 1.805s
2025-12-08 17:24:57.592 65815 INFO tempest.lib.common.rest_client [req-0fc24517-f8ba-4f2f-b53d-b30d5dfdd8f2 req-0fc24517-f8ba-4f2f-b53d-b30d5dfdd8f2 ] Request (InstanceActionsTestJSON:setUpClass): 200 GET http://10.180.1.21/compute/v2.1/servers/81d406bb-f0e6-487c-841e-a13ae7736af0 1.764s
2025-12-08 17:24:58.060 65807 INFO tempest.lib.common.rest_client [req-070b5331-b88d-4b4e-8f64-5e8949c3990e req-070b5331-b88d-4b4e-8f64-5e8949c3990e ] Request (VolumesAdminNegativeTest:tearDownClass): 200 PUT http://10.180.1.21/networking/v2.0/routers/27fd3c3b-2ab1-4e95-b54d-5cc54e57be03/remove_router_interface 0.888s
2025-12-08 17:24:58.091 65829 INFO tempest.lib.common.rest_client [req-b135c0b8-324b-4beb-a43e-1d7595be7210 req-b135c0b8-324b-4beb-a43e-1d7595be7210 ] Request (ImagesOneServerTestJSON:tearDownClass): 200 GET http://10.180.1.21/compute/v2.1/servers/fb73de4f-982f-48b5-b0a6-febcf9a1f54e 2.228s
2025-12-08 17:24:58.095 65817 INFO tempest.lib.common.rest_client [req-c9583a2e-96aa-4c0a-997c-290e34fe8842 req-c9583a2e-96aa-4c0a-997c-290e34fe8842 ] Request (ServerActionsTestOtherB:test_create_backup): 200 GET http://10.180.1.21/image/v2/images/cae83d65-200b-40f2-a4d0-89c021c051f8 0.023s
2025-12-08 17:24:58.111 65833 INFO tempest.lib.common.rest_client [req-c211e355-9c2d-4980-bdbc-0518e8267e14 req-c211e355-9c2d-4980-bdbc-0518e8267e14 ] Request (AttachInterfacesUnderV243Test:test_add_remove_fixed_ip): 200 GET http://10.180.1.21/compute/v2.1/servers/f7259aaf-7b19-40d1-b05b-825f31a78756 2.114s
2025-12-08 17:24:58.122 65833 INFO tempest.common.waiters [-] State transition "BUILD/scheduling" ==> "BUILD/None" after 11 second wait
2025-12-08 17:24:58.369 65831 INFO tempest.lib.common.rest_client [req-e06e86b1-d9b6-4694-b7ce-47f6b6b8ee24 req-e06e86b1-d9b6-4694-b7ce-47f6b6b8ee24 ] Request (ServerRescueTestJSONUnderV235:setUpClass): 201 POST http://10.180.1.21/networking/v2.0/routers 0.818s
2025-12-08 17:24:58.397 65867 INFO tempest.lib.common.rest_client [req-d19eee33-1cd8-4a25-b4ef-ed6e6de3ab1d req-d19eee33-1cd8-4a25-b4ef-ed6e6de3ab1d ] Request (ServerRescueNegativeTestJSON:test_rescued_vm_detach_volume): 200 GET http://10.180.1.21/compute/v2.1/servers/f7468e7d-2bed-4b9a-a642-b7f628a95305 2.334s
2025-12-08 17:24:58.527 65807 INFO tempest.lib.common.rest_client [req-f612518d-3d81-4d8d-9d19-d5f71b2928aa req-f612518d-3d81-4d8d-9d19-d5f71b2928aa ] Request (VolumesAdminNegativeTest:tearDownClass): 204 DELETE http://10.180.1.21/networking/v2.0/routers/27fd3c3b-2ab1-4e95-b54d-5cc54e57be03 0.466s
2025-12-08 17:24:58.571 65863 INFO tempest.lib.common.rest_client [req-cf9666ef-e238-429e-8f01-b22a88a2eeab req-cf9666ef-e238-429e-8f01-b22a88a2eeab ] Request (ServersTestJSON:test_create_server_with_ipv6_addr_only): 200 GET http://10.180.1.21/compute/v2.1/servers/5eaf1535-4d97-4020-b2a5-4f37e21026e0 2.330s
2025-12-08 17:24:58.580 65863 INFO tempest.common.waiters [-] State transition "BUILD/spawning" ==> "ACTIVE/None" after 69 second wait
2025-12-08 17:24:58.592 65859 INFO tempest.lib.common.rest_client [req-978d7b34-1747-4769-8bb9-197f11d0e9ea req-978d7b34-1747-4769-8bb9-197f11d0e9ea ] Request (ServerShowV254Test:test_rebuild_server): 200 GET http://10.180.1.21/compute/v2.1/servers/37a306f7-02f2-41cd-98db-fc3eb003b7a4 2.335s
2025-12-08 17:24:58.739 65807 INFO tempest.lib.common.rest_client [req-bb9d1529-48dd-48d0-9dfd-5e85d5760e2a req-bb9d1529-48dd-48d0-9dfd-5e85d5760e2a ] Request (VolumesAdminNegativeTest:tearDownClass): 204 DELETE http://10.180.1.21/networking/v2.0/subnets/c7d70b06-a973-4cb6-a671-92a10ab5cd44 0.212s
2025-12-08 17:24:58.835 65855 INFO tempest.lib.common.rest_client [req-f2c6b0eb-638c-489f-8448-2f243a52be7c req-f2c6b0eb-638c-489f-8448-2f243a52be7c ] Request (MigrationsAdminTest:test_resize_server_revert_deleted_flavor): 200 GET http://10.180.1.21/compute/v2.1/servers/9322f1d0-3ffb-46c6-8974-7fe56a517f7f 2.541s
2025-12-08 17:24:58.929 65841 INFO tempest.lib.common.rest_client [req-ce2f6b99-c696-4ac7-9cc4-5a7d6683a84a req-ce2f6b99-c696-4ac7-9cc4-5a7d6683a84a ] Request (ServersAdminTestJSON:test_rebuild_server_in_error_state): 202 POST http://10.180.1.21/compute/v2.1/servers/204b5f52-2264-4c23-8799-4b3f57682409/action 2.611s
2025-12-08 17:24:59.116 65817 INFO tempest.lib.common.rest_client [req-58d48738-7d15-40b8-84ea-f9fa6fd68067 req-58d48738-7d15-40b8-84ea-f9fa6fd68067 ] Request (ServerActionsTestOtherB:test_create_backup): 200 GET http://10.180.1.21/image/v2/images/cae83d65-200b-40f2-a4d0-89c021c051f8 0.020s
2025-12-08 17:24:59.137 65807 INFO tempest.lib.common.rest_client [req-22fd000f-4633-4bbf-9628-34a8c1b5bfc3 req-22fd000f-4633-4bbf-9628-34a8c1b5bfc3 ] Request (VolumesAdminNegativeTest:tearDownClass): 204 DELETE http://10.180.1.21/networking/v2.0/networks/e05b4c5e-2798-40f7-bc2e-c2907fc22426 0.397s
2025-12-08 17:24:59.182 65823 INFO tempest.lib.common.rest_client [req-8c9ebad5-e131-4136-84ea-d3b156509d77 req-8c9ebad5-e131-4136-84ea-d3b156509d77 ] Request (ListImageFiltersTestJSON:setUpClass): 200 GET http://10.180.1.21/compute/v2.1/servers/3a95cfa3-d907-467b-9081-c8c5b4b9dd5a 2.919s
2025-12-08 17:24:59.194 65823 INFO tempest.common.waiters [-] State transition "ACTIVE/image_uploading" ==> "ACTIVE/None" after 4 second wait
2025-12-08 17:24:59.209 65843 INFO tempest.lib.common.rest_client [req-1cb45311-4f51-4b1e-ac4a-e18cf64d7782 req-1cb45311-4f51-4b1e-ac4a-e18cf64d7782 ] Request (ServersAdminNegativeTestJSON:tearDownClass): 200 GET http://10.180.1.21/compute/v2.1/servers/7b76faba-15f3-4412-b5e7-5354a6bfd35f 2.723s
2025-12-08 17:24:59.361 65865 WARNING tempest.lib.common.ssh [-] Failed to establish authenticated ssh connection to cirros@10.180.180.151 ([Errno None] Unable to connect to port 22 on 10.180.180.151). Number attempts: 3. Retry after 4 seconds.: paramiko.ssh_exception.NoValidConnectionsError: [Errno None] Unable to connect to port 22 on 10.180.180.151
2025-12-08 17:24:59.417 65831 INFO tempest.lib.common.rest_client [req-2bc71a2c-274e-4388-a474-ab05688ee72b req-2bc71a2c-274e-4388-a474-ab05688ee72b ] Request (ServerRescueTestJSONUnderV235:setUpClass): 200 PUT http://10.180.1.21/networking/v2.0/routers/e039ed03-aebf-4201-aea2-d27c6d0cc523/add_router_interface 1.047s
2025-12-08 17:24:59.417 65831 INFO tempest.lib.common.dynamic_creds [-] Created isolated network resources for: credentials: Credentials: {'domain_id': 'default', 'domain_name': 'Default', 'username': 'tempest-ServerRescueTestJSONUnderV235-172963800-project-member', 'project_domain_id': 'default', 'project_domain_name': 'Default', 'project_id': '5ab1468ac3bd4fefb709314546aaf89a', 'project_name': 'tempest-ServerRescueTestJSONUnderV235-172963800', 'tenant_id': '5ab1468ac3bd4fefb709314546aaf89a', 'tenant_name': 'tempest-ServerRescueTestJSONUnderV235-172963800', 'user_domain_id': 'default', 'user_domain_name': 'Default', 'user_id': 'ea073accaeae495e926fb815a39244f7', 'system': None}, Network: {'id': 'ec92fbb8-e847-4618-8dcb-acc0d0927f2a', 'name': 'tempest-ServerRescueTestJSONUnderV235-1584526864-network', 'tenant_id': '5ab1468ac3bd4fefb709314546aaf89a', 'project_id': '5ab1468ac3bd4fefb709314546aaf89a', 'admin_state_up': True, 'mtu': 8950, 'status': 'ACTIVE', 'subnets': [], 'shared': False, 'port_security_enabled': True, 'router:external': False, 'provider:network_type': 'vlan', 'provider:physical_network': 'default', 'provider:segmentation_id': 322, 'availability_zone_hints': [], 'availability_zones': [], 'ipv4_address_scope': None, 'ipv6_address_scope': None, 'description': '', 'tags': [], 'created_at': '2025-12-08T17:24:57Z', 'updated_at': '2025-12-08T17:24:57Z', 'revision_number': 1}, Subnet: {'id': '11664025-48e6-42a7-bbc9-d3f2154ca176', 'name': 'tempest-ServerRescueTestJSONUnderV235-1584526864-subnet', 'tenant_id': '5ab1468ac3bd4fefb709314546aaf89a', 'network_id': 'ec92fbb8-e847-4618-8dcb-acc0d0927f2a', 'ip_version': 4, 'subnetpool_id': None, 'enable_dhcp': False, 'ipv6_ra_mode': None, 'ipv6_address_mode': None, 'gateway_ip': '192.168.128.1', 'cidr': '192.168.128.0/28', 'allocation_pools': [{'start': '192.168.128.2', 'end': '192.168.128.14'}], 'host_routes': [], 'dns_nameservers': [], 'description': '', 'router:external': False, 'service_types': [], 'tags': [], 'created_at': '2025-12-08T17:24:57Z', 'updated_at': '2025-12-08T17:24:57Z', 'revision_number': 0, 'project_id': '5ab1468ac3bd4fefb709314546aaf89a'}, Router: {'id': 'e039ed03-aebf-4201-aea2-d27c6d0cc523', 'name': 'tempest-ServerRescueTestJSONUnderV235-1584526864-router', 'tenant_id': '5ab1468ac3bd4fefb709314546aaf89a', 'admin_state_up': True, 'status': 'ACTIVE', 'external_gateway_info': {'network_id': 'd11f67c9-75e0-4f1a-a772-58e68e803477', 'external_fixed_ips': [{'subnet_id': '12929faa-3c88-46a1-84e2-4de6deaffccc', 'ip_address': '10.180.180.226'}], 'enable_snat': True}, 'description': '', 'availability_zones': [], 'distributed': False, 'ha': False, 'availability_zone_hints': [], 'routes': [], 'flavor_id': None, 'tags': [], 'created_at': '2025-12-08T17:24:57Z', 'updated_at': '2025-12-08T17:24:58Z', 'revision_number': 2, 'project_id': '5ab1468ac3bd4fefb709314546aaf89a'}
2025-12-08 17:24:59.445 65813 INFO tempest.lib.common.rest_client [req-efcecdac-5ef7-49cf-a8cc-2128261b088d req-efcecdac-5ef7-49cf-a8cc-2128261b088d ] Request (ServerDiskConfigTestJSON:test_rebuild_server_with_auto_disk_config): 200 GET http://10.180.1.21/compute/v2.1/servers/b3fef10e-1394-434b-b1b7-f239a27e182b 2.464s
2025-12-08 17:24:59.460 65853 INFO tempest.lib.common.rest_client [req-826dc6bf-aa78-41ae-841b-d8b1860c823a req-826dc6bf-aa78-41ae-841b-d8b1860c823a ] Request (ImagesOneServerNegativeTestJSON:_run_cleanups): 200 GET http://10.180.1.21/compute/v2.1/servers/ac639d87-8ce8-4762-a056-b369ec2627b6 2.467s
2025-12-08 17:24:59.490 65821 INFO tempest.lib.common.rest_client [req-9d790ad5-e6dc-4c9d-ab89-0b2237488b78 req-9d790ad5-e6dc-4c9d-ab89-0b2237488b78 ] Request (ImagesTestJSON:test_create_image_from_stopped_server): 200 GET http://10.180.1.21/compute/v2.1/images/4cadbe75-259c-4503-9a4b-2436740ce8d3 2.396s
2025-12-08 17:24:59.502 65835 INFO tempest.lib.common.rest_client [req-d2c87c5f-838b-4bb4-8df5-3de7a49df216 req-d2c87c5f-838b-4bb4-8df5-3de7a49df216 ] Request (ListServerFiltersTestJSON:test_list_servers_filter_by_zero_limit): 200 GET http://10.180.1.21/compute/v2.1/servers?limit=0 2.117s
2025-12-08 17:24:59.546 65831 INFO tempest.lib.common.rest_client [req-065cb2cb-fde4-4360-962a-55bb000e2766 req-065cb2cb-fde4-4360-962a-55bb000e2766 ] Request (ServerRescueTestJSONUnderV235:setUpClass): 201 POST http://10.180.1.21/identity/v3/auth/tokens 0.121s
2025-12-08 17:24:59.563 65839 INFO tempest.lib.common.rest_client [req-115200da-7805-42c6-983f-07505841cdbd req-115200da-7805-42c6-983f-07505841cdbd ] Request (VolumesAssistedSnapshotsTest:tearDownClass): 200 GET http://10.180.1.21/compute/v2.1/servers/b72f98f6-f233-4a51-b4ac-fef6364407f1 2.269s
2025-12-08 17:24:59.580 65811 INFO tempest.lib.common.rest_client [req-e580da5c-6110-4619-9036-f5dc7e47bad7 req-e580da5c-6110-4619-9036-f5dc7e47bad7 ] Request (ServersWithSpecificFlavorTestJSON:test_verify_created_server_ephemeral_disk): 200 GET http://10.180.1.21/compute/v2.1/servers/3086c559-35b8-4e79-8478-27151b6a985d 2.111s
2025-12-08 17:24:59.585 65831 INFO tempest.lib.common.rest_client [req-18712777-afe5-46a3-9c36-a4553dd7afbd req-18712777-afe5-46a3-9c36-a4553dd7afbd ] Request (ServerRescueTestJSONUnderV235:setUpClass): 201 POST http://10.180.1.21/identity/v3/auth/tokens 0.033s
2025-12-08 17:24:59.586 65831 INFO tempest.lib.common.fixed_network [-] (ServerRescueTestJSONUnderV235:setUpClass) Found network {'id': 'ec92fbb8-e847-4618-8dcb-acc0d0927f2a', 'name': 'tempest-ServerRescueTestJSONUnderV235-1584526864-network', 'tenant_id': '5ab1468ac3bd4fefb709314546aaf89a', 'project_id': '5ab1468ac3bd4fefb709314546aaf89a', 'admin_state_up': True, 'mtu': 8950, 'status': 'ACTIVE', 'subnets': [], 'shared': False, 'port_security_enabled': True, 'router:external': False, 'provider:network_type': 'vlan', 'provider:physical_network': 'default', 'provider:segmentation_id': 322, 'availability_zone_hints': [], 'availability_zones': [], 'ipv4_address_scope': None, 'ipv6_address_scope': None, 'description': '', 'tags': [], 'created_at': '2025-12-08T17:24:57Z', 'updated_at': '2025-12-08T17:24:57Z', 'revision_number': 1} available for tenant
2025-12-08 17:24:59.650 65861 INFO tempest.lib.common.rest_client [req-9357d2f8-07eb-4261-adf2-30fe06f966ec req-9357d2f8-07eb-4261-adf2-30fe06f966ec ] Request (ServersTestBootFromVolume:tearDownClass): 200 GET http://10.180.1.21/compute/v2.1/servers/fa53b330-ff80-4666-bf9e-1664d5c3d23e 2.170s
2025-12-08 17:24:59.735 65845 INFO tempest.lib.common.rest_client [req-4a22e833-ce60-4968-8737-fe1e4e0a32a7 req-4a22e833-ce60-4968-8737-fe1e4e0a32a7 ] Request (ServersTestFqdnHostnames:tearDownClass): 200 GET http://10.180.1.21/compute/v2.1/servers/d72d778b-dd55-4ac5-a55a-ffa2176f8aa1 1.988s
2025-12-08 17:24:59.774 65809 INFO tempest.lib.common.rest_client [req-315106a5-aeea-4905-aa05-71780b9d6363 req-315106a5-aeea-4905-aa05-71780b9d6363 ] Request (MultipleCreateTestJSON:test_multiple_create): 200 GET http://10.180.1.21/compute/v2.1/servers/564e79e0-e826-4ad7-83ec-f780b9cc5de7 2.121s
2025-12-08 17:24:59.782 65809 INFO tempest.common.waiters [-] State transition "BUILD/spawning" ==> "ACTIVE/None" after 51 second wait
2025-12-08 17:24:59.827 65837 INFO tempest.lib.common.rest_client [req-75476da7-361b-4a85-87dc-6b1caca9cd9f req-75476da7-361b-4a85-87dc-6b1caca9cd9f ] Request (ListServersNegativeTestJSON:setUpClass): 200 GET http://10.180.1.21/compute/v2.1/servers/225f5425-83d8-441b-912c-7ca1815e531f 1.971s
2025-12-08 17:24:59.845 65827 INFO tempest.lib.common.rest_client [req-0918bd7c-07c5-495a-aeb4-bc681bf38098 req-0918bd7c-07c5-495a-aeb4-bc681bf38098 ] Request (ServerActionsTestOtherA:setUpClass): 200 GET http://10.180.1.21/compute/v2.1/servers/6ca5c62d-cf52-4f78-9e01-5623f4989442 1.922s
2025-12-08 17:24:59.896 65849 INFO tempest.lib.common.rest_client [req-15f6a687-7245-431a-b94b-052a7f493b2d req-15f6a687-7245-431a-b94b-052a7f493b2d ] Request (SecurityGroupsTestJSON:test_server_security_groups): 200 GET http://10.180.1.21/compute/v2.1/servers/835213c0-7178-41ac-ab06-27e678ff73ec 1.645s
2025-12-08 17:24:59.911 65849 INFO tempest.common.waiters [-] State transition "BUILD/scheduling" ==> "BUILD/None" after 9 second wait
2025-12-08 17:24:59.943 65805 INFO tempest.lib.common.rest_client [req-0af13832-074c-467f-8415-e6123f5a7576 req-0af13832-074c-467f-8415-e6123f5a7576 ] Request (ServersTestJSON:setUpClass): 200 GET http://10.180.1.21/compute/v2.1/servers/8f28d898-567e-409c-95bf-10e8000cdc4b 1.543s
2025-12-08 17:25:00.057 65847 INFO tempest.lib.common.rest_client [req-2db0a022-c55c-42af-90e4-7ac23f19a0cf req-2db0a022-c55c-42af-90e4-7ac23f19a0cf ] Request (ServersListShow298Test:test_list_show_update_rebuild_server_298): 200 GET http://10.180.1.21/compute/v2.1/servers/5b08f3ba-7400-48f2-af8c-a0ea3ec59dc2 1.464s
2025-12-08 17:25:00.147 65817 INFO tempest.lib.common.rest_client [req-0f240de0-25fa-417b-9019-34c6b0550435 req-0f240de0-25fa-417b-9019-34c6b0550435 ] Request (ServerActionsTestOtherB:test_create_backup): 200 GET http://10.180.1.21/image/v2/images/cae83d65-200b-40f2-a4d0-89c021c051f8 0.029s
2025-12-08 17:25:00.146 65815 INFO tempest.lib.common.rest_client [req-e470b07f-8d8c-4798-bf26-67ee3510e27c req-e470b07f-8d8c-4798-bf26-67ee3510e27c ] Request (InstanceActionsTestJSON:setUpClass): 200 GET http://10.180.1.21/compute/v2.1/servers/81d406bb-f0e6-487c-841e-a13ae7736af0 1.543s
2025-12-08 17:25:00.177 65807 INFO tempest.lib.common.rest_client [req-512ebd66-9914-409b-ab16-4f6545a27a0c req-512ebd66-9914-409b-ab16-4f6545a27a0c ] Request (VolumesAdminNegativeTest:tearDownClass): 200 PUT http://10.180.1.21/networking/v2.0/routers/7c4c26c1-4214-4a02-b5b4-7ed21d4a2845/remove_router_interface 1.039s
2025-12-08 17:25:00.282 65863 INFO tempest.lib.common.rest_client [req-a27974b6-f902-41ff-940a-3e470f8fa893 req-a27974b6-f902-41ff-940a-3e470f8fa893 ] Request (ServersTestJSON:test_create_server_with_ipv6_addr_only): 200 GET http://10.180.1.21/compute/v2.1/servers/5eaf1535-4d97-4020-b2a5-4f37e21026e0 1.701s
2025-12-08 17:25:00.307 65829 INFO tempest.lib.common.rest_client [req-07591d39-da0f-43f2-a826-4831643341ec req-07591d39-da0f-43f2-a826-4831643341ec ] Request (ImagesOneServerTestJSON:tearDownClass): 404 GET http://10.180.1.21/compute/v2.1/servers/fb73de4f-982f-48b5-b0a6-febcf9a1f54e 1.204s
2025-12-08 17:25:00.383 65841 INFO tempest.lib.common.rest_client [req-f42920c2-b5d1-4588-a654-2c6ea74bf042 req-f42920c2-b5d1-4588-a654-2c6ea74bf042 ] Request (ServersAdminTestJSON:test_rebuild_server_in_error_state): 202 POST http://10.180.1.21/compute/v2.1/servers/204b5f52-2264-4c23-8799-4b3f57682409/action 1.453s
2025-12-08 17:25:00.657 65807 INFO tempest.lib.common.rest_client [req-67eea63c-841a-4bc1-a028-15e273c925e2 req-67eea63c-841a-4bc1-a028-15e273c925e2 ] Request (VolumesAdminNegativeTest:tearDownClass): 204 DELETE http://10.180.1.21/networking/v2.0/routers/7c4c26c1-4214-4a02-b5b4-7ed21d4a2845 0.480s
2025-12-08 17:25:00.691 65833 INFO tempest.lib.common.rest_client [req-6182f2af-b4f2-4134-8f5f-d73f6974f87b req-6182f2af-b4f2-4134-8f5f-d73f6974f87b ] Request (AttachInterfacesUnderV243Test:test_add_remove_fixed_ip): 200 GET http://10.180.1.21/compute/v2.1/servers/f7259aaf-7b19-40d1-b05b-825f31a78756 1.568s
2025-12-08 17:25:00.818 65807 INFO tempest.lib.common.rest_client [req-1294ac73-940e-44b7-8e53-917de0902b80 req-1294ac73-940e-44b7-8e53-917de0902b80 ] Request (VolumesAdminNegativeTest:tearDownClass): 204 DELETE http://10.180.1.21/networking/v2.0/subnets/4795a41b-fa24-4495-aaf4-d2fe85a87238 0.160s
2025-12-08 17:25:00.847 65867 INFO tempest.lib.common.rest_client [req-fd0eea1a-062f-4f90-a9e9-b398f7907f0e req-fd0eea1a-062f-4f90-a9e9-b398f7907f0e ] Request (ServerRescueNegativeTestJSON:test_rescued_vm_detach_volume): 200 GET http://10.180.1.21/compute/v2.1/servers/f7468e7d-2bed-4b9a-a642-b7f628a95305 1.440s
2025-12-08 17:25:00.963 65823 INFO tempest.lib.common.rest_client [req-99d91f50-0075-4f07-8e6e-55cfb9d67b73 req-99d91f50-0075-4f07-8e6e-55cfb9d67b73 ] Request (ListImageFiltersTestJSON:setUpClass): 202 POST http://10.180.1.21/compute/v2.1/servers/223507ab-1bb6-4cc6-b81d-c5da765c01c0/action 1.769s
2025-12-08 17:25:01.169 65817 INFO tempest.lib.common.rest_client [req-36a609a7-4cd7-46fe-b043-ed79fd863f22 req-36a609a7-4cd7-46fe-b043-ed79fd863f22 ] Request (ServerActionsTestOtherB:test_create_backup): 200 GET http://10.180.1.21/image/v2/images/cae83d65-200b-40f2-a4d0-89c021c051f8 0.020s
2025-12-08 17:25:01.261 65807 INFO tempest.lib.common.rest_client [req-07e155ca-6227-4ee3-abb6-cb8dac16c762 req-07e155ca-6227-4ee3-abb6-cb8dac16c762 ] Request (VolumesAdminNegativeTest:tearDownClass): 204 DELETE http://10.180.1.21/networking/v2.0/networks/c8f68cf5-e67c-4586-9eba-7523a8a38d67 0.443s
2025-12-08 17:25:01.377 65807 INFO tempest.lib.common.rest_client [req-abf6b9f5-7591-4c97-9392-c7b26a107552 req-abf6b9f5-7591-4c97-9392-c7b26a107552 ] Request (VolumesAdminNegativeTest:tearDownClass): 204 DELETE http://10.180.1.21/identity/v3/users/f5918d213daa4f8bbd684ee3d3fd1eaf 0.116s
2025-12-08 17:25:01.383 65829 INFO tempest.lib.common.rest_client [req-dbed47fe-14b7-4545-a1ea-e7c1ef19f2d5 req-dbed47fe-14b7-4545-a1ea-e7c1ef19f2d5 ] Request (ImagesOneServerTestJSON:tearDownClass): 200 PUT http://10.180.1.21/networking/v2.0/routers/2c915f76-89ad-4747-8be0-8c5bb56d437e/remove_router_interface 1.076s
2025-12-08 17:25:01.434 65835 INFO tempest.lib.common.rest_client [req-29ea3cfd-bf35-450a-a28e-59ddf8825853 req-29ea3cfd-bf35-450a-a28e-59ddf8825853 ] Request (ListServerFiltersTestJSON:test_list_servers_filtered_by_ip): 200 GET http://10.180.1.21/compute/v2.1/servers/09225223-b8d1-43b9-ae8c-25d7f27ac233 1.929s
2025-12-08 17:25:01.558 65807 INFO tempest.lib.common.rest_client [req-0770482d-c5b6-45a1-a862-7ba89bf7f147 req-0770482d-c5b6-45a1-a862-7ba89bf7f147 ] Request (VolumesAdminNegativeTest:tearDownClass): 204 DELETE http://10.180.1.21/identity/v3/users/82727a4a268d429f8a4948a100850513 0.178s
2025-12-08 17:25:01.616 65859 INFO tempest.lib.common.rest_client [req-d1a51fb9-867f-4fb0-a8d4-df57a084693e req-d1a51fb9-867f-4fb0-a8d4-df57a084693e ] Request (ServerShowV254Test:test_rebuild_server): 200 GET http://10.180.1.21/compute/v2.1/servers/37a306f7-02f2-41cd-98db-fc3eb003b7a4 2.005s
2025-12-08 17:25:01.698 65807 INFO tempest.lib.common.rest_client [req-db8e2758-045b-4e75-955e-a6b178a29781 req-db8e2758-045b-4e75-955e-a6b178a29781 ] Request (VolumesAdminNegativeTest:tearDownClass): 204 DELETE http://10.180.1.21/identity/v3/users/9f75b7e21cac4c4db81ff4e9ab76f6a8 0.139s
2025-12-08 17:25:01.698 65807 INFO tempest.lib.common.dynamic_creds [-] Deleting project and security group for project: 90785210eed54661b33b4fbfe2077103
2025-12-08 17:25:01.812 65831 INFO tempest.lib.common.rest_client [req-1d53cd89-5618-41bf-ba22-cc7ecff9e36f req-1d53cd89-5618-41bf-ba22-cc7ecff9e36f ] Request (ServerRescueTestJSONUnderV235:setUpClass): 202 POST http://10.180.1.21/compute/v2.1/servers 2.225s
2025-12-08 17:25:01.813 65807 INFO tempest.lib.common.rest_client [req-ed5ec9f8-6acc-4eac-aac3-7adbed3e6206 req-ed5ec9f8-6acc-4eac-aac3-7adbed3e6206 ] Request (VolumesAdminNegativeTest:tearDownClass): 200 GET http://10.180.1.21/networking/v2.0/security-groups?tenant_id=90785210eed54661b33b4fbfe2077103&name=default 0.114s
2025-12-08 17:25:01.865 65809 INFO tempest.lib.common.rest_client [req-dba74601-d55d-4592-8d77-b1ab13aa1f1c req-dba74601-d55d-4592-8d77-b1ab13aa1f1c ] Request (MultipleCreateTestJSON:test_multiple_create): 200 GET http://10.180.1.21/compute/v2.1/servers/a1383469-5eaa-41c0-950c-fc5b071d8f62 2.082s
2025-12-08 17:25:01.974 65829 INFO tempest.lib.common.rest_client [req-b358d413-927a-4702-898b-e9f4a9fcc002 req-b358d413-927a-4702-898b-e9f4a9fcc002 ] Request (ImagesOneServerTestJSON:tearDownClass): 204 DELETE http://10.180.1.21/networking/v2.0/routers/2c915f76-89ad-4747-8be0-8c5bb56d437e 0.589s
2025-12-08 17:25:01.980 65807 INFO tempest.lib.common.rest_client [req-a4351048-e828-4feb-b0a3-053748d187ba req-a4351048-e828-4feb-b0a3-053748d187ba ] Request (VolumesAdminNegativeTest:tearDownClass): 204 DELETE http://10.180.1.21/networking/v2.0/security-groups/f1aae17c-475a-4ad6-bf69-b4175cdb484c 0.166s
2025-12-08 17:25:02.014 65855 INFO tempest.lib.common.rest_client [req-738d1fd5-07c9-46c8-aa25-912bb60d8ccf req-738d1fd5-07c9-46c8-aa25-912bb60d8ccf ] Request (MigrationsAdminTest:test_resize_server_revert_deleted_flavor): 200 GET http://10.180.1.21/compute/v2.1/servers/9322f1d0-3ffb-46c6-8974-7fe56a517f7f 2.169s
2025-12-08 17:25:02.015 65843 INFO tempest.lib.common.rest_client [req-b6fc5347-578a-483c-8479-b18d31fed97f req-b6fc5347-578a-483c-8479-b18d31fed97f ] Request (ServersAdminNegativeTestJSON:tearDownClass): 200 GET http://10.180.1.21/compute/v2.1/servers/7b76faba-15f3-4412-b5e7-5354a6bfd35f 1.793s
2025-12-08 17:25:02.153 65807 INFO tempest.lib.common.rest_client [req-ea64f9c3-38ba-48b5-80f3-1e610c1fbaf5 req-ea64f9c3-38ba-48b5-80f3-1e610c1fbaf5 ] Request (VolumesAdminNegativeTest:tearDownClass): 204 DELETE http://10.180.1.21/identity/v3/projects/90785210eed54661b33b4fbfe2077103 0.173s
2025-12-08 17:25:02.154 65807 INFO tempest.lib.common.dynamic_creds [-] Deleting project and security group for project: edccf958e50a4a3fabf300982a356a45
2025-12-08 17:25:02.161 65863 INFO tempest.lib.common.rest_client [req-1ba887e2-283e-4b26-87b9-24122cb6c27f req-1ba887e2-283e-4b26-87b9-24122cb6c27f ] Request (ServersTestJSON:_run_cleanups): 204 DELETE http://10.180.1.21/compute/v2.1/servers/5eaf1535-4d97-4020-b2a5-4f37e21026e0 1.869s
2025-12-08 17:25:02.182 65829 INFO tempest.lib.common.rest_client [req-922d5a6a-ea3a-45b5-8f1c-6c072236a48b req-922d5a6a-ea3a-45b5-8f1c-6c072236a48b ] Request (ImagesOneServerTestJSON:tearDownClass): 204 DELETE http://10.180.1.21/networking/v2.0/subnets/5148abe1-fac1-4635-972a-d9a482fc962c 0.208s
2025-12-08 17:25:02.195 65807 INFO tempest.lib.common.rest_client [req-444325c6-bad6-460b-a2a3-c9e3b42b5555 req-444325c6-bad6-460b-a2a3-c9e3b42b5555 ] Request (VolumesAdminNegativeTest:tearDownClass): 200 GET http://10.180.1.21/networking/v2.0/security-groups?tenant_id=edccf958e50a4a3fabf300982a356a45&name=default 0.040s
2025-12-08 17:25:02.200 65817 INFO tempest.lib.common.rest_client [req-e6e011e5-ee19-46cc-affd-e9798d343a0d req-e6e011e5-ee19-46cc-affd-e9798d343a0d ] Request (ServerActionsTestOtherB:test_create_backup): 200 GET http://10.180.1.21/image/v2/images/cae83d65-200b-40f2-a4d0-89c021c051f8 0.029s
2025-12-08 17:25:02.225 65841 INFO tempest.lib.common.rest_client [req-a6fc0c68-2d8a-4291-a17d-b7d72d4a4f05 req-a6fc0c68-2d8a-4291-a17d-b7d72d4a4f05 ] Request (ServersAdminTestJSON:test_rebuild_server_in_error_state): 200 GET http://10.180.1.21/compute/v2.1/servers/204b5f52-2264-4c23-8799-4b3f57682409 1.832s
2025-12-08 17:25:02.315 65807 INFO tempest.lib.common.rest_client [req-ef90f27d-60c0-4760-924f-38d3bfdf7778 req-ef90f27d-60c0-4760-924f-38d3bfdf7778 ] Request (VolumesAdminNegativeTest:tearDownClass): 204 DELETE http://10.180.1.21/networking/v2.0/security-groups/eb18cd6e-092e-4f1e-972b-3476700e4c4d 0.120s
2025-12-08 17:25:02.339 65813 INFO tempest.lib.common.rest_client [req-16d7be12-c19c-4e7c-8413-862e1b7d22ef req-16d7be12-c19c-4e7c-8413-862e1b7d22ef ] Request (ServerDiskConfigTestJSON:test_rebuild_server_with_auto_disk_config): 200 GET http://10.180.1.21/compute/v2.1/servers/b3fef10e-1394-434b-b1b7-f239a27e182b 1.879s
2025-12-08 17:25:02.359 65853 INFO tempest.lib.common.rest_client [req-4ce064ee-e1ba-4d8a-9a21-30f069937012 req-4ce064ee-e1ba-4d8a-9a21-30f069937012 ] Request (ImagesOneServerNegativeTestJSON:_run_cleanups): 200 GET http://10.180.1.21/compute/v2.1/servers/ac639d87-8ce8-4762-a056-b369ec2627b6 1.888s
2025-12-08 17:25:02.395 65821 INFO tempest.lib.common.rest_client [req-357bbc01-76c2-4536-b160-e51c403e5865 req-357bbc01-76c2-4536-b160-e51c403e5865 ] Request (ImagesTestJSON:test_create_image_from_stopped_server): 200 GET http://10.180.1.21/compute/v2.1/images/4cadbe75-259c-4503-9a4b-2436740ce8d3 1.897s
2025-12-08 17:25:02.491 65807 INFO tempest.lib.common.rest_client [req-5066e590-60c7-480b-9798-8c919a69c0ae req-5066e590-60c7-480b-9798-8c919a69c0ae ] Request (VolumesAdminNegativeTest:tearDownClass): 204 DELETE http://10.180.1.21/identity/v3/projects/edccf958e50a4a3fabf300982a356a45 0.175s
2025-12-08 17:25:02.491 65807 INFO tempest.lib.common.dynamic_creds [-] Deleting project and security group for project: 41f557f5f79e4f7baa93188e94f7e00a
2025-12-08 17:25:02.496 65811 INFO tempest.lib.common.rest_client [req-76b67a04-7e50-4cb6-940d-f44431656267 req-76b67a04-7e50-4cb6-940d-f44431656267 ] Request (ServersWithSpecificFlavorTestJSON:test_verify_created_server_ephemeral_disk): 200 GET http://10.180.1.21/compute/v2.1/servers/3086c559-35b8-4e79-8478-27151b6a985d 1.904s
2025-12-08 17:25:02.516 65839 INFO tempest.lib.common.rest_client [req-1ddf0b87-64fa-40a8-9f1e-22dc1ba91209 req-1ddf0b87-64fa-40a8-9f1e-22dc1ba91209 ] Request (VolumesAssistedSnapshotsTest:tearDownClass): 200 GET http://10.180.1.21/compute/v2.1/servers/b72f98f6-f233-4a51-b4ac-fef6364407f1 1.943s
2025-12-08 17:25:02.589 65807 INFO tempest.lib.common.rest_client [req-9041ce61-79be-422c-9b91-9a157e8dbd37 req-9041ce61-79be-422c-9b91-9a157e8dbd37 ] Request (VolumesAdminNegativeTest:tearDownClass): 200 GET http://10.180.1.21/networking/v2.0/security-groups?tenant_id=41f557f5f79e4f7baa93188e94f7e00a&name=default 0.097s
2025-12-08 17:25:02.619 65829 INFO tempest.lib.common.rest_client [req-7a4a965f-f60d-442a-92cc-6e0fb66c091c req-7a4a965f-f60d-442a-92cc-6e0fb66c091c ] Request (ImagesOneServerTestJSON:tearDownClass): 204 DELETE http://10.180.1.21/networking/v2.0/networks/077e2863-aec7-435e-9a72-322ced57b44e 0.435s
2025-12-08 17:25:02.621 65861 INFO tempest.lib.common.rest_client [req-0f0210e7-a64b-408e-9c01-46388e4afe89 req-0f0210e7-a64b-408e-9c01-46388e4afe89 ] Request (ServersTestBootFromVolume:tearDownClass): 200 GET http://10.180.1.21/compute/v2.1/servers/fa53b330-ff80-4666-bf9e-1664d5c3d23e 1.962s
2025-12-08 17:25:02.636 65845 INFO tempest.lib.common.rest_client [req-7eb29eb2-c87e-423e-96df-d9d0ae4dd914 req-7eb29eb2-c87e-423e-96df-d9d0ae4dd914 ] Request (ServersTestFqdnHostnames:tearDownClass): 200 GET http://10.180.1.21/compute/v2.1/servers/d72d778b-dd55-4ac5-a55a-ffa2176f8aa1 1.887s
2025-12-08 17:25:02.706 65837 INFO tempest.lib.common.rest_client [req-22ed575a-eaf4-471f-bcaa-949dd3add691 req-22ed575a-eaf4-471f-bcaa-949dd3add691 ] Request (ListServersNegativeTestJSON:setUpClass): 200 GET http://10.180.1.21/compute/v2.1/servers/225f5425-83d8-441b-912c-7ca1815e531f 1.865s
2025-12-08 17:25:02.726 65807 INFO tempest.lib.common.rest_client [req-0954953d-584d-4e2e-b1b2-119b6e754388 req-0954953d-584d-4e2e-b1b2-119b6e754388 ] Request (VolumesAdminNegativeTest:tearDownClass): 204 DELETE http://10.180.1.21/networking/v2.0/security-groups/874e3414-0814-4a1f-9465-766ded745fe3 0.137s
2025-12-08 17:25:02.737 65827 INFO tempest.lib.common.rest_client [req-989e9f41-8ac4-4324-9c11-8db4832e4e2f req-989e9f41-8ac4-4324-9c11-8db4832e4e2f ] Request (ServerActionsTestOtherA:setUpClass): 200 GET http://10.180.1.21/compute/v2.1/servers/6ca5c62d-cf52-4f78-9e01-5623f4989442 1.878s
2025-12-08 17:25:02.779 65849 INFO tempest.lib.common.rest_client [req-7beea190-5a89-46e8-ad5a-38c89b1689a0 req-7beea190-5a89-46e8-ad5a-38c89b1689a0 ] Request (SecurityGroupsTestJSON:test_server_security_groups): 200 GET http://10.180.1.21/compute/v2.1/servers/835213c0-7178-41ac-ab06-27e678ff73ec 1.861s
2025-12-08 17:25:02.799 65829 INFO tempest.lib.common.rest_client [req-689e438f-6c0e-45c5-8cc7-f0d792dc3dc3 req-689e438f-6c0e-45c5-8cc7-f0d792dc3dc3 ] Request (ImagesOneServerTestJSON:tearDownClass): 204 DELETE http://10.180.1.21/identity/v3/users/e4f83b05267a47a99ae7a4d70663a11b 0.179s
2025-12-08 17:25:02.799 65829 INFO tempest.lib.common.dynamic_creds [-] Deleting project and security group for project: f141af3620974f54b33ca052a13f1a09
2025-12-08 17:25:02.815 65807 INFO tempest.lib.common.rest_client [req-18d1cf86-917b-49b5-9a8a-b1b643984c46 req-18d1cf86-917b-49b5-9a8a-b1b643984c46 ] Request (VolumesAdminNegativeTest:tearDownClass): 204 DELETE http://10.180.1.21/identity/v3/projects/41f557f5f79e4f7baa93188e94f7e00a 0.088s
2025-12-08 17:25:02.822 65805 INFO tempest.lib.common.rest_client [req-ce3d65a4-5ba4-4e25-ae65-987365560075 req-ce3d65a4-5ba4-4e25-ae65-987365560075 ] Request (ServersTestJSON:setUpClass): 200 GET http://10.180.1.21/compute/v2.1/servers/8f28d898-567e-409c-95bf-10e8000cdc4b 1.866s
2025-12-08 17:25:02.837 65805 INFO tempest.common.waiters [-] State transition "BUILD/scheduling" ==> "BUILD/None" after 10 second wait
2025-12-08 17:25:02.838 65829 INFO tempest.lib.common.rest_client [req-b74d66fd-f3bc-4bb3-9509-febc5515a6ad req-b74d66fd-f3bc-4bb3-9509-febc5515a6ad ] Request (ImagesOneServerTestJSON:tearDownClass): 200 GET http://10.180.1.21/networking/v2.0/security-groups?tenant_id=f141af3620974f54b33ca052a13f1a09&name=default 0.038s
2025-12-08 17:25:02.839 65823 INFO tempest.lib.common.rest_client [req-8ae570b2-5b1c-4c50-aac1-143f8621616b req-8ae570b2-5b1c-4c50-aac1-143f8621616b ] Request (ListImageFiltersTestJSON:setUpClass): 200 GET http://10.180.1.21/compute/v2.1/images/20ee15cb-0879-459c-bb91-d1772d2dfd98 1.872s
2025-12-08 17:25:02.925 65807 INFO tempest.lib.common.rest_client [req-84f36074-069e-4e17-b0fa-ba0c26fc2a3a req-84f36074-069e-4e17-b0fa-ba0c26fc2a3a ] Request (InstanceActionsNegativeTestJSON:setUpClass): 201 POST http://10.180.1.21/identity/v3/auth/tokens 0.108s
2025-12-08 17:25:02.931 65847 INFO tempest.lib.common.rest_client [req-d84cc6ca-5252-40ba-adcb-e5eca552d9ff req-d84cc6ca-5252-40ba-adcb-e5eca552d9ff ] Request (ServersListShow298Test:test_list_show_update_rebuild_server_298): 200 GET http://10.180.1.21/compute/v2.1/servers/5b08f3ba-7400-48f2-af8c-a0ea3ec59dc2 1.853s
2025-12-08 17:25:02.941 65815 INFO tempest.lib.common.rest_client [req-be2e1a83-c3e6-4f99-8f96-3cd736706d44 req-be2e1a83-c3e6-4f99-8f96-3cd736706d44 ] Request (InstanceActionsTestJSON:setUpClass): 200 GET http://10.180.1.21/compute/v2.1/servers/81d406bb-f0e6-487c-841e-a13ae7736af0 1.781s
2025-12-08 17:25:02.954 65815 INFO tempest.common.waiters [-] State transition "BUILD/None" ==> "BUILD/networking" after 55 second wait
2025-12-08 17:25:02.977 65807 INFO tempest.lib.common.rest_client [req-c8795602-69e6-48ce-be0c-a7f49dbef28a req-c8795602-69e6-48ce-be0c-a7f49dbef28a ] Request (InstanceActionsNegativeTestJSON:setUpClass): 201 POST http://10.180.1.21/identity/v3/auth/tokens 0.047s
2025-12-08 17:25:03.008 65829 INFO tempest.lib.common.rest_client [req-c5f6cae6-1d18-4916-a18a-a885591b25e6 req-c5f6cae6-1d18-4916-a18a-a885591b25e6 ] Request (ImagesOneServerTestJSON:tearDownClass): 204 DELETE http://10.180.1.21/networking/v2.0/security-groups/f9c98539-6490-4aa2-80d1-381c6299bd04 0.169s
2025-12-08 17:25:03.015 65807 INFO tempest.lib.common.rest_client [req-961889fc-91d3-43ed-aff9-38ac84bbb174 req-961889fc-91d3-43ed-aff9-38ac84bbb174 ] Request (InstanceActionsNegativeTestJSON:setUpClass): 200 GET http://10.180.1.21/identity/v3/domains?name=Default 0.037s
2025-12-08 17:25:03.035 65833 INFO tempest.lib.common.rest_client [req-3185469f-734b-4ece-870e-677861903424 req-3185469f-734b-4ece-870e-677861903424 ] Request (AttachInterfacesUnderV243Test:test_add_remove_fixed_ip): 200 GET http://10.180.1.21/compute/v2.1/servers/f7259aaf-7b19-40d1-b05b-825f31a78756 1.333s
2025-12-08 17:25:03.052 65807 INFO tempest.lib.common.rest_client [req-3a36f9ef-cad0-452b-8ef4-85d13350f48f req-3a36f9ef-cad0-452b-8ef4-85d13350f48f ] Request (InstanceActionsNegativeTestJSON:setUpClass): 201 POST http://10.180.1.21/identity/v3/projects 0.036s
2025-12-08 17:25:03.088 65835 INFO tempest.lib.common.rest_client [req-2f167578-c814-4635-bb5a-9fb47dbe4fe3 req-2f167578-c814-4635-bb5a-9fb47dbe4fe3 ] Request (ListServerFiltersTestJSON:test_list_servers_filtered_by_ip): 200 GET http://10.180.1.21/compute/v2.1/servers/afbf2157-90f8-4235-8f60-472d84ce9bd9 1.641s
2025-12-08 17:25:03.108 65829 INFO tempest.lib.common.rest_client [req-d85323e3-ae21-4f71-ba12-f63173e07aa4 req-d85323e3-ae21-4f71-ba12-f63173e07aa4 ] Request (ImagesOneServerTestJSON:tearDownClass): 204 DELETE http://10.180.1.21/identity/v3/projects/f141af3620974f54b33ca052a13f1a09 0.099s
2025-12-08 17:25:03.120 65831 INFO tempest.lib.common.rest_client [req-cece8d60-0413-4b51-9751-b98f7ee4797d req-cece8d60-0413-4b51-9751-b98f7ee4797d ] Request (ServerRescueTestJSONUnderV235:setUpClass): 200 GET http://10.180.1.21/compute/v2.1/servers/f7fb46f9-1425-4f94-bcf1-dd722c442144 1.306s
2025-12-08 17:25:03.172 65807 INFO tempest.lib.common.rest_client [req-aaab6ca6-05c0-4164-9200-652f6e79ec92 req-aaab6ca6-05c0-4164-9200-652f6e79ec92 ] Request (InstanceActionsNegativeTestJSON:setUpClass): 201 POST http://10.180.1.21/identity/v3/users 0.120s
2025-12-08 17:25:03.177 65867 INFO tempest.lib.common.rest_client [req-4f646ff1-f1df-4277-970e-0272a6ab1524 req-4f646ff1-f1df-4277-970e-0272a6ab1524 ] Request (ServerRescueNegativeTestJSON:test_rescued_vm_detach_volume): 200 GET http://10.180.1.21/compute/v2.1/servers/f7468e7d-2bed-4b9a-a642-b7f628a95305 1.316s
2025-12-08 17:25:03.186 65829 INFO tempest.lib.common.rest_client [req-5106525c-61dd-47ed-9e13-cf284a757e1b req-5106525c-61dd-47ed-9e13-cf284a757e1b ] Request (AttachInterfacesTestJSON:setUpClass): 201 POST http://10.180.1.21/identity/v3/auth/tokens 0.074s
2025-12-08 17:25:03.238 65817 INFO tempest.lib.common.rest_client [req-9969f1b0-5202-4c8d-afb1-3a78d9119796 req-9969f1b0-5202-4c8d-afb1-3a78d9119796 ] Request (ServerActionsTestOtherB:test_create_backup): 200 GET http://10.180.1.21/image/v2/images/cae83d65-200b-40f2-a4d0-89c021c051f8 0.035s
2025-12-08 17:25:03.238 65809 INFO tempest.lib.common.rest_client [req-093856b5-eb69-40bc-9da2-233a2ecaaada req-093856b5-eb69-40bc-9da2-233a2ecaaada ] Request (MultipleCreateTestJSON:_run_cleanups): 204 DELETE http://10.180.1.21/compute/v2.1/servers/a1383469-5eaa-41c0-950c-fc5b071d8f62 1.364s
2025-12-08 17:25:03.240 65807 INFO tempest.lib.common.rest_client [req-d5010d69-2e97-4114-81df-4f38ad3f9849 req-d5010d69-2e97-4114-81df-4f38ad3f9849 ] Request (InstanceActionsNegativeTestJSON:setUpClass): 200 GET http://10.180.1.21/identity/v3/roles 0.066s
2025-12-08 17:25:03.245 65829 INFO tempest.lib.common.rest_client [req-3a7e1ca5-7841-4c7e-934e-e5e9082ad18d req-3a7e1ca5-7841-4c7e-934e-e5e9082ad18d ] Request (AttachInterfacesTestJSON:setUpClass): 201 POST http://10.180.1.21/identity/v3/auth/tokens 0.055s
2025-12-08 17:25:03.280 65807 INFO tempest.lib.common.rest_client [req-f168824a-153a-4daf-9a7d-7e41db2ebcd4 req-f168824a-153a-4daf-9a7d-7e41db2ebcd4 ] Request (InstanceActionsNegativeTestJSON:setUpClass): 204 PUT http://10.180.1.21/identity/v3/projects/7a20bc2b3e774ff09e79bed6c9d619dd/users/23a9ef1decac4e5ca102ab7f4216f457/roles/b3dd0e4209014f9fa504e1e8d33673a7 0.039s
2025-12-08 17:25:03.280 65807 INFO tempest.lib.common.dynamic_creds [-] Dynamic test user 23a9ef1decac4e5ca102ab7f4216f457 is created with scope project and roles: ['member']
2025-12-08 17:25:03.280 65807 INFO tempest.lib.common.dynamic_creds [-] Acquired dynamic creds: credentials: Credentials: {'domain_id': 'default', 'domain_name': 'Default', 'username': 'tempest-InstanceActionsNegativeTestJSON-382423160-project-member', 'project_domain_id': 'default', 'project_domain_name': 'Default', 'project_id': '7a20bc2b3e774ff09e79bed6c9d619dd', 'project_name': 'tempest-InstanceActionsNegativeTestJSON-382423160', 'tenant_id': '7a20bc2b3e774ff09e79bed6c9d619dd', 'tenant_name': 'tempest-InstanceActionsNegativeTestJSON-382423160', 'user_domain_id': 'default', 'user_domain_name': 'Default', 'user_id': '23a9ef1decac4e5ca102ab7f4216f457', 'system': None}, Network: None, Subnet: None, Router: None
