2025-12-08 17:22:13.140 65839 INFO tempest.lib.common.rest_client [req-abf28d17-319f-45e6-9c39-4370d27a316e req-abf28d17-319f-45e6-9c39-4370d27a316e ] Request (VolumesAssistedSnapshotsTest:setUpClass): 201 POST http://10.180.1.21/networking/v2.0/networks 0.626s
2025-12-08 17:22:13.177 65815 INFO tempest.lib.common.rest_client [req-2e79e0b2-046d-49fb-864b-a10ad33673d7 req-2e79e0b2-046d-49fb-864b-a10ad33673d7 ] Request (HypervisorAdminUnderV252Test:tearDownClass): 204 DELETE http://10.180.1.21/identity/v3/projects/55b0aff2a7a447ae87128a497fa4f27b 0.139s
2025-12-08 17:22:13.177 65815 INFO tempest.lib.common.dynamic_creds [-] Deleting project and security group for project: 79e8e46380654c27a1fc8603828a4096
2025-12-08 17:22:13.324 65805 INFO tempest.lib.common.rest_client [req-f7643c20-a357-45c8-b007-fe12d2468a9b req-f7643c20-a357-45c8-b007-fe12d2468a9b ] Request (AZAdminNegativeTestJSON:tearDownClass): 204 DELETE http://10.180.1.21/networking/v2.0/security-groups/5075d8ee-1cc3-4ce8-8382-ed3fa5a741a5 0.389s
2025-12-08 17:22:13.421 65805 INFO tempest.lib.common.rest_client [req-53d849cf-3703-4f81-b8e0-e51204370d03 req-53d849cf-3703-4f81-b8e0-e51204370d03 ] Request (AZAdminNegativeTestJSON:tearDownClass): 204 DELETE http://10.180.1.21/identity/v3/projects/d634ee35cfa64d06bc7fb025dc6f5dc0 0.096s
2025-12-08 17:22:13.473 65839 INFO tempest.lib.common.rest_client [req-8cb9b772-c67a-4855-8289-f0885d229bd6 req-8cb9b772-c67a-4855-8289-f0885d229bd6 ] Request (VolumesAssistedSnapshotsTest:setUpClass): 201 POST http://10.180.1.21/networking/v2.0/subnets 0.333s
2025-12-08 17:22:13.488 65805 INFO tempest.lib.common.rest_client [req-0ea5155f-a486-4a52-9a39-33bce6188571 req-0ea5155f-a486-4a52-9a39-33bce6188571 ] Request (FlavorsExtraSpecsNegativeTestJSON:setUpClass): 201 POST http://10.180.1.21/identity/v3/auth/tokens 0.066s
2025-12-08 17:22:13.522 65805 INFO tempest.lib.common.rest_client [req-7b5bb380-8dc0-4e60-84f8-2977083ccd1c req-7b5bb380-8dc0-4e60-84f8-2977083ccd1c ] Request (FlavorsExtraSpecsNegativeTestJSON:setUpClass): 201 POST http://10.180.1.21/identity/v3/auth/tokens 0.031s
2025-12-08 17:22:13.565 65805 INFO tempest.lib.common.rest_client [req-8bdc251d-b5df-4895-a2a3-9e2e301adc22 req-8bdc251d-b5df-4895-a2a3-9e2e301adc22 ] Request (FlavorsExtraSpecsNegativeTestJSON:setUpClass): 200 GET http://10.180.1.21/identity/v3/domains?name=Default 0.042s
2025-12-08 17:22:13.600 65805 INFO tempest.lib.common.rest_client [req-4135b692-28c7-4e42-b95d-eed0190d48ed req-4135b692-28c7-4e42-b95d-eed0190d48ed ] Request (FlavorsExtraSpecsNegativeTestJSON:setUpClass): 201 POST http://10.180.1.21/identity/v3/projects 0.035s
2025-12-08 17:22:13.630 65843 INFO tempest.lib.common.rest_client [req-dfe0688e-255b-4b3f-a7b4-27baeff883ce req-dfe0688e-255b-4b3f-a7b4-27baeff883ce ] Request (ServersAdminNegativeTestJSON:setUpClass): 202 POST http://10.180.1.21/compute/v2.1/servers 5.747s
2025-12-08 17:22:13.647 65815 INFO tempest.lib.common.rest_client [req-b4c9efdb-4506-4768-afbd-a8579a49507e req-b4c9efdb-4506-4768-afbd-a8579a49507e ] Request (HypervisorAdminUnderV252Test:tearDownClass): 200 GET http://10.180.1.21/networking/v2.0/security-groups?tenant_id=79e8e46380654c27a1fc8603828a4096&name=default 0.469s
2025-12-08 17:22:13.711 65805 INFO tempest.lib.common.rest_client [req-6bc65910-4292-4131-b759-7abf406e02a5 req-6bc65910-4292-4131-b759-7abf406e02a5 ] Request (FlavorsExtraSpecsNegativeTestJSON:setUpClass): 201 POST http://10.180.1.21/identity/v3/users 0.110s
2025-12-08 17:22:13.742 65805 INFO tempest.lib.common.rest_client [req-dafde706-3745-422c-a1e5-8aa87b53b6f7 req-dafde706-3745-422c-a1e5-8aa87b53b6f7 ] Request (FlavorsExtraSpecsNegativeTestJSON:setUpClass): 200 GET http://10.180.1.21/identity/v3/roles 0.026s
2025-12-08 17:22:13.793 65805 INFO tempest.lib.common.rest_client [req-9657e596-c6b1-4842-8b05-c33c4992b870 req-9657e596-c6b1-4842-8b05-c33c4992b870 ] Request (FlavorsExtraSpecsNegativeTestJSON:setUpClass): 204 PUT http://10.180.1.21/identity/v3/projects/498bc63e2bf7478fb5fd65277da96f4f/users/b59885202fb5425394bd64cd993f4f7f/roles/b3dd0e4209014f9fa504e1e8d33673a7 0.050s
2025-12-08 17:22:13.793 65805 INFO tempest.lib.common.dynamic_creds [-] Dynamic test user b59885202fb5425394bd64cd993f4f7f is created with scope project and roles: ['member']
2025-12-08 17:22:13.795 65805 INFO tempest.lib.common.dynamic_creds [-] Acquired dynamic creds: credentials: Credentials: {'domain_id': 'default', 'domain_name': 'Default', 'username': 'tempest-FlavorsExtraSpecsNegativeTestJSON-1543805877-project-member', 'project_domain_id': 'default', 'project_domain_name': 'Default', 'project_id': '498bc63e2bf7478fb5fd65277da96f4f', 'project_name': 'tempest-FlavorsExtraSpecsNegativeTestJSON-1543805877', 'tenant_id': '498bc63e2bf7478fb5fd65277da96f4f', 'tenant_name': 'tempest-FlavorsExtraSpecsNegativeTestJSON-1543805877', 'user_domain_id': 'default', 'user_domain_name': 'Default', 'user_id': 'b59885202fb5425394bd64cd993f4f7f', 'system': None}, Network: None, Subnet: None, Router: None
2025-12-08 17:22:13.795 65805 INFO tempest.lib.common.dynamic_creds [-] Created isolated network resources for: credentials: Credentials: {'domain_id': 'default', 'domain_name': 'Default', 'username': 'tempest-FlavorsExtraSpecsNegativeTestJSON-1543805877-project-member', 'project_domain_id': 'default', 'project_domain_name': 'Default', 'project_id': '498bc63e2bf7478fb5fd65277da96f4f', 'project_name': 'tempest-FlavorsExtraSpecsNegativeTestJSON-1543805877', 'tenant_id': '498bc63e2bf7478fb5fd65277da96f4f', 'tenant_name': 'tempest-FlavorsExtraSpecsNegativeTestJSON-1543805877', 'user_domain_id': 'default', 'user_domain_name': 'Default', 'user_id': 'b59885202fb5425394bd64cd993f4f7f', 'system': None}, Network: None, Subnet: None, Router: None
2025-12-08 17:22:13.878 65841 INFO tempest.lib.common.rest_client [req-89c09c98-4df6-4e4c-94f3-b082d8f08d6f req-89c09c98-4df6-4e4c-94f3-b082d8f08d6f ] Request (ServersAdminTestJSON:setUpClass): 201 POST http://10.180.1.21/networking/v2.0/routers 1.098s
2025-12-08 17:22:13.913 65805 INFO tempest.lib.common.rest_client [req-db4b56be-80d8-4606-be79-1a67a9d982ce req-db4b56be-80d8-4606-be79-1a67a9d982ce ] Request (FlavorsExtraSpecsNegativeTestJSON:setUpClass): 201 POST http://10.180.1.21/identity/v3/auth/tokens 0.114s
2025-12-08 17:22:13.985 65805 INFO tempest.lib.common.rest_client [req-e279e28f-b82b-4394-99b0-1ac5f71b4ac7 req-e279e28f-b82b-4394-99b0-1ac5f71b4ac7 ] Request (FlavorsExtraSpecsNegativeTestJSON:setUpClass): 201 POST http://10.180.1.21/identity/v3/projects 0.071s
2025-12-08 17:22:14.058 65805 INFO tempest.lib.common.rest_client [req-973e1be2-f2eb-474e-8e7e-514b148fa241 req-973e1be2-f2eb-474e-8e7e-514b148fa241 ] Request (FlavorsExtraSpecsNegativeTestJSON:setUpClass): 201 POST http://10.180.1.21/identity/v3/users 0.073s
2025-12-08 17:22:14.098 65805 INFO tempest.lib.common.rest_client [req-4cedb26f-75aa-49b6-ac2b-1f965daf7789 req-4cedb26f-75aa-49b6-ac2b-1f965daf7789 ] Request (FlavorsExtraSpecsNegativeTestJSON:setUpClass): 200 GET http://10.180.1.21/identity/v3/roles 0.039s
2025-12-08 17:22:14.135 65805 INFO tempest.lib.common.rest_client [req-1fb7dbf9-e4da-4d10-afd3-2c111c6928d1 req-1fb7dbf9-e4da-4d10-afd3-2c111c6928d1 ] Request (FlavorsExtraSpecsNegativeTestJSON:setUpClass): 204 PUT http://10.180.1.21/identity/v3/projects/e6efc0b24630474588c68ec39138a361/users/8eee7a20cda34b678c362caa5547b695/roles/f2f5e9156c614b9f990d126505a970b1 0.036s
2025-12-08 17:22:14.194 65805 INFO tempest.lib.common.rest_client [req-90bb1b1b-73e4-4d83-a39e-1a5922e84e6d req-90bb1b1b-73e4-4d83-a39e-1a5922e84e6d ] Request (FlavorsExtraSpecsNegativeTestJSON:setUpClass): 200 GET http://10.180.1.21/identity/v3/roles 0.059s
2025-12-08 17:22:14.220 65805 INFO tempest.lib.common.rest_client [req-7f482465-723c-406a-a2ee-c79351ee09b2 req-7f482465-723c-406a-a2ee-c79351ee09b2 ] Request (FlavorsExtraSpecsNegativeTestJSON:setUpClass): 204 PUT http://10.180.1.21/identity/v3/projects/e6efc0b24630474588c68ec39138a361/users/8eee7a20cda34b678c362caa5547b695/roles/f2f5e9156c614b9f990d126505a970b1 0.025s
2025-12-08 17:22:14.220 65805 INFO tempest.lib.common.dynamic_creds [-] Dynamic test user 8eee7a20cda34b678c362caa5547b695 is created with scope project and roles: ['admin']
2025-12-08 17:22:14.220 65805 INFO tempest.lib.common.dynamic_creds [-] Acquired dynamic creds: credentials: Credentials: {'domain_id': 'default', 'domain_name': 'Default', 'username': 'tempest-FlavorsExtraSpecsNegativeTestJSON-2074075694-project-admin', 'project_domain_id': 'default', 'project_domain_name': 'Default', 'project_id': 'e6efc0b24630474588c68ec39138a361', 'project_name': 'tempest-FlavorsExtraSpecsNegativeTestJSON-2074075694', 'tenant_id': 'e6efc0b24630474588c68ec39138a361', 'tenant_name': 'tempest-FlavorsExtraSpecsNegativeTestJSON-2074075694', 'user_domain_id': 'default', 'user_domain_name': 'Default', 'user_id': '8eee7a20cda34b678c362caa5547b695', 'system': None}, Network: None, Subnet: None, Router: None
2025-12-08 17:22:14.220 65805 INFO tempest.lib.common.dynamic_creds [-] Created isolated network resources for: credentials: Credentials: {'domain_id': 'default', 'domain_name': 'Default', 'username': 'tempest-FlavorsExtraSpecsNegativeTestJSON-2074075694-project-admin', 'project_domain_id': 'default', 'project_domain_name': 'Default', 'project_id': 'e6efc0b24630474588c68ec39138a361', 'project_name': 'tempest-FlavorsExtraSpecsNegativeTestJSON-2074075694', 'tenant_id': 'e6efc0b24630474588c68ec39138a361', 'tenant_name': 'tempest-FlavorsExtraSpecsNegativeTestJSON-2074075694', 'user_domain_id': 'default', 'user_domain_name': 'Default', 'user_id': '8eee7a20cda34b678c362caa5547b695', 'system': None}, Network: None, Subnet: None, Router: None
2025-12-08 17:22:14.316 65805 INFO tempest.lib.common.rest_client [req-ff5aa5aa-fa29-494e-99e7-c262f6ec0c0f req-ff5aa5aa-fa29-494e-99e7-c262f6ec0c0f ] Request (FlavorsExtraSpecsNegativeTestJSON:setUpClass): 201 POST http://10.180.1.21/identity/v3/auth/tokens 0.093s
2025-12-08 17:22:14.494 65839 INFO tempest.lib.common.rest_client [req-da61f3f4-de76-469b-836e-4474f95fe7ef req-da61f3f4-de76-469b-836e-4474f95fe7ef ] Request (VolumesAssistedSnapshotsTest:setUpClass): 201 POST http://10.180.1.21/networking/v2.0/routers 1.021s
2025-12-08 17:22:14.531 65815 INFO tempest.lib.common.rest_client [req-77bbd220-4382-4d93-974b-b6e07306d770 req-77bbd220-4382-4d93-974b-b6e07306d770 ] Request (HypervisorAdminUnderV252Test:tearDownClass): 204 DELETE http://10.180.1.21/networking/v2.0/security-groups/c020f7dc-0246-476a-ad6e-1373c2509466 0.884s
2025-12-08 17:22:14.561 65813 INFO tempest.lib.common.rest_client [req-44ac77e2-816a-428a-b2b5-e90336dd1ec0 req-44ac77e2-816a-428a-b2b5-e90336dd1ec0 ] Request (ServersAdmin275Test:test_rebuild_update_server_275): 200 PUT http://10.180.1.21/compute/v2.1/servers/101b6ef8-fab1-4626-9524-4e080c5ad298 5.933s
2025-12-08 17:22:14.645 65815 INFO tempest.lib.common.rest_client [req-94c0c2e6-a601-491b-a452-6dc542004c93 req-94c0c2e6-a601-491b-a452-6dc542004c93 ] Request (HypervisorAdminUnderV252Test:tearDownClass): 204 DELETE http://10.180.1.21/identity/v3/projects/79e8e46380654c27a1fc8603828a4096 0.113s
2025-12-08 17:22:14.701 65815 INFO tempest.lib.common.rest_client [req-11b92ca4-ff7c-4078-ae64-bf01caa344c0 req-11b92ca4-ff7c-4078-ae64-bf01caa344c0 ] Request (ServicesAdminNegativeV253TestJSON:setUpClass): 201 POST http://10.180.1.21/identity/v3/auth/tokens 0.054s
2025-12-08 17:22:14.746 65825 INFO tempest.lib.common.rest_client [req-a44f3a44-f298-4dae-aa81-200dd21f5bc1 req-a44f3a44-f298-4dae-aa81-200dd21f5bc1 ] Request (FlavorsAccessNegativeTestJSON:test_add_flavor_access_duplicate): 200 POST http://10.180.1.21/compute/v2.1/flavors 5.887s
2025-12-08 17:22:14.751 65815 INFO tempest.lib.common.rest_client [req-6e556b02-eba7-4558-ab62-7e532b6383c5 req-6e556b02-eba7-4558-ab62-7e532b6383c5 ] Request (ServicesAdminNegativeV253TestJSON:setUpClass): 201 POST http://10.180.1.21/identity/v3/auth/tokens 0.044s
2025-12-08 17:22:14.781 65815 INFO tempest.lib.common.rest_client [req-0d2225a6-62c3-46f2-aad4-52fc38709f1f req-0d2225a6-62c3-46f2-aad4-52fc38709f1f ] Request (ServicesAdminNegativeV253TestJSON:setUpClass): 200 GET http://10.180.1.21/identity/v3/domains?name=Default 0.030s
2025-12-08 17:22:14.821 65815 INFO tempest.lib.common.rest_client [req-d8cc82c0-4760-46b0-be53-dc820e5d6070 req-d8cc82c0-4760-46b0-be53-dc820e5d6070 ] Request (ServicesAdminNegativeV253TestJSON:setUpClass): 201 POST http://10.180.1.21/identity/v3/projects 0.039s
2025-12-08 17:22:14.899 65815 INFO tempest.lib.common.rest_client [req-47e9a361-2010-4378-94e6-b0a407480c67 req-47e9a361-2010-4378-94e6-b0a407480c67 ] Request (ServicesAdminNegativeV253TestJSON:setUpClass): 201 POST http://10.180.1.21/identity/v3/users 0.078s
2025-12-08 17:22:14.922 65815 INFO tempest.lib.common.rest_client [req-00188f0e-71df-4bd7-bcd3-78338265cd4b req-00188f0e-71df-4bd7-bcd3-78338265cd4b ] Request (ServicesAdminNegativeV253TestJSON:setUpClass): 200 GET http://10.180.1.21/identity/v3/roles 0.022s
2025-12-08 17:22:14.952 65815 INFO tempest.lib.common.rest_client [req-4b8f85b5-394f-4523-9863-8facefb2dcb5 req-4b8f85b5-394f-4523-9863-8facefb2dcb5 ] Request (ServicesAdminNegativeV253TestJSON:setUpClass): 204 PUT http://10.180.1.21/identity/v3/projects/398b5156f0574582b4ef34bc19ced4e0/users/9899d00116724964b72bf6125d3e2903/roles/b3dd0e4209014f9fa504e1e8d33673a7 0.030s
2025-12-08 17:22:14.952 65815 INFO tempest.lib.common.dynamic_creds [-] Dynamic test user 9899d00116724964b72bf6125d3e2903 is created with scope project and roles: ['member']
2025-12-08 17:22:14.953 65815 INFO tempest.lib.common.dynamic_creds [-] Acquired dynamic creds: credentials: Credentials: {'domain_id': 'default', 'domain_name': 'Default', 'username': 'tempest-ServicesAdminNegativeV253TestJSON-1050605753-project-member', 'project_domain_id': 'default', 'project_domain_name': 'Default', 'project_id': '398b5156f0574582b4ef34bc19ced4e0', 'project_name': 'tempest-ServicesAdminNegativeV253TestJSON-1050605753', 'tenant_id': '398b5156f0574582b4ef34bc19ced4e0', 'tenant_name': 'tempest-ServicesAdminNegativeV253TestJSON-1050605753', 'user_domain_id': 'default', 'user_domain_name': 'Default', 'user_id': '9899d00116724964b72bf6125d3e2903', 'system': None}, Network: None, Subnet: None, Router: None
2025-12-08 17:22:14.953 65815 INFO tempest.lib.common.dynamic_creds [-] Created isolated network resources for: credentials: Credentials: {'domain_id': 'default', 'domain_name': 'Default', 'username': 'tempest-ServicesAdminNegativeV253TestJSON-1050605753-project-member', 'project_domain_id': 'default', 'project_domain_name': 'Default', 'project_id': '398b5156f0574582b4ef34bc19ced4e0', 'project_name': 'tempest-ServicesAdminNegativeV253TestJSON-1050605753', 'tenant_id': '398b5156f0574582b4ef34bc19ced4e0', 'tenant_name': 'tempest-ServicesAdminNegativeV253TestJSON-1050605753', 'user_domain_id': 'default', 'user_domain_name': 'Default', 'user_id': '9899d00116724964b72bf6125d3e2903', 'system': None}, Network: None, Subnet: None, Router: None
2025-12-08 17:22:15.032 65815 INFO tempest.lib.common.rest_client [req-1c53bf27-4fbb-4bbd-8d2d-602412395274 req-1c53bf27-4fbb-4bbd-8d2d-602412395274 ] Request (ServicesAdminNegativeV253TestJSON:setUpClass): 201 POST http://10.180.1.21/identity/v3/auth/tokens 0.076s
2025-12-08 17:22:15.095 65815 INFO tempest.lib.common.rest_client [req-1e27934e-81fd-4ef6-9410-8b9962dd3ff1 req-1e27934e-81fd-4ef6-9410-8b9962dd3ff1 ] Request (ServicesAdminNegativeV253TestJSON:setUpClass): 201 POST http://10.180.1.21/identity/v3/projects 0.063s
2025-12-08 17:22:15.152 65815 INFO tempest.lib.common.rest_client [req-eb9d0959-0e98-4fc0-8921-a0ba2a8fd365 req-eb9d0959-0e98-4fc0-8921-a0ba2a8fd365 ] Request (ServicesAdminNegativeV253TestJSON:setUpClass): 201 POST http://10.180.1.21/identity/v3/users 0.056s
2025-12-08 17:22:15.178 65815 INFO tempest.lib.common.rest_client [req-49c7dc04-f98e-40aa-853a-bd1e7438c4f7 req-49c7dc04-f98e-40aa-853a-bd1e7438c4f7 ] Request (ServicesAdminNegativeV253TestJSON:setUpClass): 200 GET http://10.180.1.21/identity/v3/roles 0.026s
2025-12-08 17:22:15.206 65815 INFO tempest.lib.common.rest_client [req-eaa03dfb-2d90-4558-9be3-3dd653daae51 req-eaa03dfb-2d90-4558-9be3-3dd653daae51 ] Request (ServicesAdminNegativeV253TestJSON:setUpClass): 204 PUT http://10.180.1.21/identity/v3/projects/9a98116cebb645ebb4e71790450d7348/users/8f1a8e367b7c4f6097349032ddc3843e/roles/f2f5e9156c614b9f990d126505a970b1 0.027s
2025-12-08 17:22:15.261 65815 INFO tempest.lib.common.rest_client [req-e404d0a3-2aee-4d74-abfc-3c43b923f094 req-e404d0a3-2aee-4d74-abfc-3c43b923f094 ] Request (ServicesAdminNegativeV253TestJSON:setUpClass): 200 GET http://10.180.1.21/identity/v3/roles 0.054s
2025-12-08 17:22:15.281 65815 INFO tempest.lib.common.rest_client [req-2c6ccc87-92d5-43ac-9243-e89b1baeb09e req-2c6ccc87-92d5-43ac-9243-e89b1baeb09e ] Request (ServicesAdminNegativeV253TestJSON:setUpClass): 204 PUT http://10.180.1.21/identity/v3/projects/9a98116cebb645ebb4e71790450d7348/users/8f1a8e367b7c4f6097349032ddc3843e/roles/f2f5e9156c614b9f990d126505a970b1 0.020s
2025-12-08 17:22:15.281 65815 INFO tempest.lib.common.dynamic_creds [-] Dynamic test user 8f1a8e367b7c4f6097349032ddc3843e is created with scope project and roles: ['admin']
2025-12-08 17:22:15.281 65815 INFO tempest.lib.common.dynamic_creds [-] Acquired dynamic creds: credentials: Credentials: {'domain_id': 'default', 'domain_name': 'Default', 'username': 'tempest-ServicesAdminNegativeV253TestJSON-851748850-project-admin', 'project_domain_id': 'default', 'project_domain_name': 'Default', 'project_id': '9a98116cebb645ebb4e71790450d7348', 'project_name': 'tempest-ServicesAdminNegativeV253TestJSON-851748850', 'tenant_id': '9a98116cebb645ebb4e71790450d7348', 'tenant_name': 'tempest-ServicesAdminNegativeV253TestJSON-851748850', 'user_domain_id': 'default', 'user_domain_name': 'Default', 'user_id': '8f1a8e367b7c4f6097349032ddc3843e', 'system': None}, Network: None, Subnet: None, Router: None
2025-12-08 17:22:15.281 65815 INFO tempest.lib.common.dynamic_creds [-] Created isolated network resources for: credentials: Credentials: {'domain_id': 'default', 'domain_name': 'Default', 'username': 'tempest-ServicesAdminNegativeV253TestJSON-851748850-project-admin', 'project_domain_id': 'default', 'project_domain_name': 'Default', 'project_id': '9a98116cebb645ebb4e71790450d7348', 'project_name': 'tempest-ServicesAdminNegativeV253TestJSON-851748850', 'tenant_id': '9a98116cebb645ebb4e71790450d7348', 'tenant_name': 'tempest-ServicesAdminNegativeV253TestJSON-851748850', 'user_domain_id': 'default', 'user_domain_name': 'Default', 'user_id': '8f1a8e367b7c4f6097349032ddc3843e', 'system': None}, Network: None, Subnet: None, Router: None
2025-12-08 17:22:15.320 65839 INFO tempest.lib.common.rest_client [req-3b74ed08-bfb9-4871-b4c2-9bd05068944d req-3b74ed08-bfb9-4871-b4c2-9bd05068944d ] Request (VolumesAssistedSnapshotsTest:setUpClass): 200 PUT http://10.180.1.21/networking/v2.0/routers/ca1dc325-6d03-4e1c-ba9b-bc618bd1d7d3/add_router_interface 0.825s
2025-12-08 17:22:15.320 65839 INFO tempest.lib.common.dynamic_creds [-] Created isolated network resources for: credentials: Credentials: {'domain_id': 'default', 'domain_name': 'Default', 'username': 'tempest-VolumesAssistedSnapshotsTest-1198680760-project', 'project_domain_id': 'default', 'project_domain_name': 'Default', 'project_id': '467b05e2f79d49099d17984c0fd9150e', 'project_name': 'tempest-VolumesAssistedSnapshotsTest-1198680760', 'tenant_id': '467b05e2f79d49099d17984c0fd9150e', 'tenant_name': 'tempest-VolumesAssistedSnapshotsTest-1198680760', 'user_domain_id': 'default', 'user_domain_name': 'Default', 'user_id': '0b2d26d236114a10899afa8c040b1a95', 'system': None}, Network: {'id': '397f95de-7033-4e32-88d5-4f19e2780051', 'name': 'tempest-VolumesAssistedSnapshotsTest-1213860601-network', 'tenant_id': '467b05e2f79d49099d17984c0fd9150e', 'project_id': '467b05e2f79d49099d17984c0fd9150e', 'admin_state_up': True, 'mtu': 8950, 'status': 'ACTIVE', 'subnets': [], 'shared': False, 'port_security_enabled': True, 'router:external': False, 'provider:network_type': 'vlan', 'provider:physical_network': 'default', 'provider:segmentation_id': 450, 'availability_zone_hints': [], 'availability_zones': [], 'ipv4_address_scope': None, 'ipv6_address_scope': None, 'description': '', 'tags': [], 'created_at': '2025-12-08T17:22:13Z', 'updated_at': '2025-12-08T17:22:13Z', 'revision_number': 1}, Subnet: {'id': '0ed7abed-03be-443c-a06f-577cb131c154', 'name': 'tempest-VolumesAssistedSnapshotsTest-1213860601-subnet', 'tenant_id': '467b05e2f79d49099d17984c0fd9150e', 'network_id': '397f95de-7033-4e32-88d5-4f19e2780051', 'ip_version': 4, 'subnetpool_id': None, 'enable_dhcp': True, 'ipv6_ra_mode': None, 'ipv6_address_mode': None, 'gateway_ip': '192.168.128.1', 'cidr': '192.168.128.0/28', 'allocation_pools': [{'start': '192.168.128.2', 'end': '192.168.128.14'}], 'host_routes': [], 'dns_nameservers': [], 'description': '', 'router:external': False, 'service_types': [], 'tags': [], 'created_at': '2025-12-08T17:22:13Z', 'updated_at': '2025-12-08T17:22:13Z', 'revision_number': 0, 'project_id': '467b05e2f79d49099d17984c0fd9150e'}, Router: {'id': 'ca1dc325-6d03-4e1c-ba9b-bc618bd1d7d3', 'name': 'tempest-VolumesAssistedSnapshotsTest-1213860601-router', 'tenant_id': '467b05e2f79d49099d17984c0fd9150e', 'admin_state_up': True, 'status': 'ACTIVE', 'external_gateway_info': {'network_id': 'd11f67c9-75e0-4f1a-a772-58e68e803477', 'external_fixed_ips': [{'subnet_id': '12929faa-3c88-46a1-84e2-4de6deaffccc', 'ip_address': '10.180.180.144'}], 'enable_snat': True}, 'description': '', 'availability_zones': [], 'distributed': False, 'ha': False, 'availability_zone_hints': [], 'routes': [], 'flavor_id': None, 'tags': [], 'created_at': '2025-12-08T17:22:13Z', 'updated_at': '2025-12-08T17:22:14Z', 'revision_number': 2, 'project_id': '467b05e2f79d49099d17984c0fd9150e'}
2025-12-08 17:22:15.351 65841 INFO tempest.lib.common.rest_client [req-e827c02a-6c1c-4583-b205-15b4fd68b260 req-e827c02a-6c1c-4583-b205-15b4fd68b260 ] Request (ServersAdminTestJSON:setUpClass): 200 PUT http://10.180.1.21/networking/v2.0/routers/01a7a691-5c82-40dc-8665-8e2c905270f6/add_router_interface 1.472s
2025-12-08 17:22:15.351 65841 INFO tempest.lib.common.dynamic_creds [-] Created isolated network resources for: credentials: Credentials: {'domain_id': 'default', 'domain_name': 'Default', 'username': 'tempest-ServersAdminTestJSON-1596753585-project-member', 'project_domain_id': 'default', 'project_domain_name': 'Default', 'project_id': '151b52486680497ab0313e8770e10757', 'project_name': 'tempest-ServersAdminTestJSON-1596753585', 'tenant_id': '151b52486680497ab0313e8770e10757', 'tenant_name': 'tempest-ServersAdminTestJSON-1596753585', 'user_domain_id': 'default', 'user_domain_name': 'Default', 'user_id': '738970e41bff40daac2416a23d00b5a0', 'system': None}, Network: {'id': '393d9495-0694-4789-b85f-11c1ee142a7b', 'name': 'tempest-ServersAdminTestJSON-818279425-network', 'tenant_id': '151b52486680497ab0313e8770e10757', 'project_id': '151b52486680497ab0313e8770e10757', 'admin_state_up': True, 'mtu': 8950, 'status': 'ACTIVE', 'subnets': [], 'shared': False, 'port_security_enabled': True, 'router:external': False, 'provider:network_type': 'vlan', 'provider:physical_network': 'default', 'provider:segmentation_id': 120, 'availability_zone_hints': [], 'availability_zones': [], 'ipv4_address_scope': None, 'ipv6_address_scope': None, 'description': '', 'tags': [], 'created_at': '2025-12-08T17:22:12Z', 'updated_at': '2025-12-08T17:22:12Z', 'revision_number': 1}, Subnet: {'id': '596f98fa-6c7f-403b-a0c2-389a3a6a454c', 'name': 'tempest-ServersAdminTestJSON-818279425-subnet', 'tenant_id': '151b52486680497ab0313e8770e10757', 'network_id': '393d9495-0694-4789-b85f-11c1ee142a7b', 'ip_version': 4, 'subnetpool_id': None, 'enable_dhcp': True, 'ipv6_ra_mode': None, 'ipv6_address_mode': None, 'gateway_ip': '192.168.128.1', 'cidr': '192.168.128.0/28', 'allocation_pools': [{'start': '192.168.128.2', 'end': '192.168.128.14'}], 'host_routes': [], 'dns_nameservers': [], 'description': '', 'router:external': False, 'service_types': [], 'tags': [], 'created_at': '2025-12-08T17:22:12Z', 'updated_at': '2025-12-08T17:22:12Z', 'revision_number': 0, 'project_id': '151b52486680497ab0313e8770e10757'}, Router: {'id': '01a7a691-5c82-40dc-8665-8e2c905270f6', 'name': 'tempest-ServersAdminTestJSON-818279425-router', 'tenant_id': '151b52486680497ab0313e8770e10757', 'admin_state_up': True, 'status': 'ACTIVE', 'external_gateway_info': {'network_id': 'd11f67c9-75e0-4f1a-a772-58e68e803477', 'external_fixed_ips': [{'subnet_id': '12929faa-3c88-46a1-84e2-4de6deaffccc', 'ip_address': '10.180.180.248'}], 'enable_snat': True}, 'description': '', 'availability_zones': [], 'distributed': False, 'ha': False, 'availability_zone_hints': [], 'routes': [], 'flavor_id': None, 'tags': [], 'created_at': '2025-12-08T17:22:13Z', 'updated_at': '2025-12-08T17:22:13Z', 'revision_number': 2, 'project_id': '151b52486680497ab0313e8770e10757'}
2025-12-08 17:22:15.371 65815 INFO tempest.lib.common.rest_client [req-30deec11-f370-4a01-9ec7-1d12fefd12b8 req-30deec11-f370-4a01-9ec7-1d12fefd12b8 ] Request (ServicesAdminNegativeV253TestJSON:setUpClass): 201 POST http://10.180.1.21/identity/v3/auth/tokens 0.085s
2025-12-08 17:22:15.414 65839 INFO tempest.lib.common.rest_client [req-ebc13589-efee-4cf7-bfcd-ed134c25bb34 req-ebc13589-efee-4cf7-bfcd-ed134c25bb34 ] Request (VolumesAssistedSnapshotsTest:setUpClass): 201 POST http://10.180.1.21/identity/v3/auth/tokens 0.091s
2025-12-08 17:22:15.470 65859 INFO tempest.lib.common.rest_client [req-b704cb1b-5293-4930-91a9-1c3cd2e6a308 req-b704cb1b-5293-4930-91a9-1c3cd2e6a308 ] Request (FloatingIPsAssociationTestJSON:setUpClass): 202 POST http://10.180.1.21/compute/v2.1/servers 7.086s
2025-12-08 17:22:15.533 65841 INFO tempest.lib.common.rest_client [req-d83a0a65-c1de-41bc-a89a-fe7681e9438a req-d83a0a65-c1de-41bc-a89a-fe7681e9438a ] Request (ServersAdminTestJSON:setUpClass): 201 POST http://10.180.1.21/identity/v3/auth/tokens 0.179s
2025-12-08 17:22:15.538 65837 INFO tempest.lib.common.rest_client [req-69b2a735-7e01-40f4-a4c6-81531c1151bc req-69b2a735-7e01-40f4-a4c6-81531c1151bc ] Request (ServerExternalEventsTest:test_create_server_external_events): 202 POST http://10.180.1.21/compute/v2.1/servers 6.442s
2025-12-08 17:22:15.574 65821 INFO tempest.lib.common.rest_client [req-d40330a3-7ea3-424e-a5bd-4e0cac7fb545 req-d40330a3-7ea3-424e-a5bd-4e0cac7fb545 ] Request (HostsAdminTestJSON:test_list_hosts_with_a_blank_zone): 200 GET http://10.180.1.21/compute/v2.1/os-hosts?zone= 6.183s
2025-12-08 17:22:15.608 65853 INFO tempest.lib.common.rest_client [req-7c0541cf-7f41-4fe3-ad97-1105b2498bc6 req-7c0541cf-7f41-4fe3-ad97-1105b2498bc6 ] Request (AZAdminV2TestJSON:test_get_availability_zone_list_detail): 200 GET http://10.180.1.21/compute/v2.1/os-availability-zone/detail 6.073s
2025-12-08 17:22:15.619 65829 INFO tempest.lib.common.rest_client [req-f5415250-75f4-4ef8-97bc-fcef764f9e6e req-f5415250-75f4-4ef8-97bc-fcef764f9e6e ] Request (FloatingIPsTestJSON:test_allocate_floating_ip): 200 GET http://10.180.1.21/compute/v2.1/os-floating-ips/629588f0-aca6-40e7-baa3-297fc0a27b67 6.409s
2025-12-08 17:22:15.641 65841 INFO tempest.lib.common.rest_client [req-3868e080-9f90-43b8-a947-99c11e815231 req-3868e080-9f90-43b8-a947-99c11e815231 ] Request (ServersAdminTestJSON:setUpClass): 201 POST http://10.180.1.21/identity/v3/projects 0.108s
2025-12-08 17:22:15.649 65809 INFO tempest.lib.common.rest_client [req-a2c9a957-cae1-4bd6-8711-c2d7b6254858 req-a2c9a957-cae1-4bd6-8711-c2d7b6254858 ] Request (FlavorsExtraSpecsTestJSON:test_flavor_non_admin_get_all_keys): 200 POST http://10.180.1.21/compute/v2.1/flavors/498528722/os-extra_specs 6.035s
2025-12-08 17:22:15.717 65853 INFO tempest.lib.common.rest_client [req-931fab17-f09e-4fb0-b193-cd3786ed6dc4 req-931fab17-f09e-4fb0-b193-cd3786ed6dc4 ] Request (AZAdminV2TestJSON:tearDownClass): 204 DELETE http://10.180.1.21/identity/v3/users/9d86f75b165c41dda0127de939700219 0.104s
2025-12-08 17:22:15.774 65833 INFO tempest.lib.common.rest_client [req-3e4d2b19-e793-47c4-b663-74df2cfe9faa req-3e4d2b19-e793-47c4-b663-74df2cfe9faa ] Request (DeleteServersAdminTestJSON:test_admin_delete_servers_of_others): 200 GET http://10.180.1.21/compute/v2.1/servers/12878a90-86d2-4609-80aa-de0d1bdb64c0 5.195s
2025-12-08 17:22:15.816 65841 INFO tempest.lib.common.rest_client [req-eb765c49-971d-49c1-b111-308c97e05f0c req-eb765c49-971d-49c1-b111-308c97e05f0c ] Request (ServersAdminTestJSON:setUpClass): 201 POST http://10.180.1.21/identity/v3/users 0.174s
2025-12-08 17:22:15.854 65811 INFO tempest.lib.common.rest_client [req-d441c9ba-4516-4026-8ba7-be65f0717608 req-d441c9ba-4516-4026-8ba7-be65f0717608 ] Request (ServersWithSpecificFlavorTestJSON:test_verify_created_server_ephemeral_disk): 200 POST http://10.180.1.21/compute/v2.1/flavors 6.172s
2025-12-08 17:22:15.892 65827 INFO tempest.lib.common.rest_client [req-1799e12e-22e8-4980-ac84-a69b219c2d58 req-1799e12e-22e8-4980-ac84-a69b219c2d58 ] Request (FlavorMetadataValidation:test_flavor_update_with_custom_namespace): 200 POST http://10.180.1.21/compute/v2.1/flavors/1831021050/os-extra_specs 5.264s
2025-12-08 17:22:15.914 65841 INFO tempest.lib.common.rest_client [req-61643446-0849-4e3f-a340-8d9e9e49aa39 req-61643446-0849-4e3f-a340-8d9e9e49aa39 ] Request (ServersAdminTestJSON:setUpClass): 200 GET http://10.180.1.21/identity/v3/roles 0.096s
2025-12-08 17:22:15.918 65851 INFO tempest.lib.common.rest_client [req-77af77e9-6a6b-4ec2-91e5-9d1ca3b78873 req-77af77e9-6a6b-4ec2-91e5-9d1ca3b78873 ] Request (HypervisorAdminTestJSON:test_get_hypervisor_list_details): 200 GET http://10.180.1.21/compute/v2.1/os-hypervisors/detail 4.945s
2025-12-08 17:22:15.923 65839 INFO tempest.lib.common.rest_client [req-0e8b6a25-39de-40cc-b8f9-d57d18dec150 req-0e8b6a25-39de-40cc-b8f9-d57d18dec150 ] Request (VolumesAssistedSnapshotsTest:test_volume_assisted_snapshot_create_delete): 202 POST http://10.180.1.21/volume/v3/volumes 0.506s
2025-12-08 17:22:15.939 65831 INFO tempest.lib.common.rest_client [req-e73b8fea-a073-4d2a-8617-030e60ccc1f5 req-e73b8fea-a073-4d2a-8617-030e60ccc1f5 ] Request (FlavorsAdminTestJSON:_run_cleanups): 202 DELETE http://10.180.1.21/compute/v2.1/flavors/2121804417 4.799s
2025-12-08 17:22:15.956 65853 INFO tempest.lib.common.rest_client [req-61601631-87f1-45a8-b423-d85b9c0db475 req-61601631-87f1-45a8-b423-d85b9c0db475 ] Request (AZAdminV2TestJSON:tearDownClass): 204 DELETE http://10.180.1.21/identity/v3/users/7a42aa75a22044ff977defcb2e98fb2f 0.239s
2025-12-08 17:22:15.956 65853 INFO tempest.lib.common.dynamic_creds [-] Deleting project and security group for project: 9959ba02bc134811907c8563b2ce4171
2025-12-08 17:22:16.001 65845 INFO tempest.lib.common.rest_client [req-d44708ea-6cfb-4ba7-879b-ea7a41de031c req-d44708ea-6cfb-4ba7-879b-ea7a41de031c ] Request (HypervisorAdminV253TestBase:test_list_show_detail_hypervisors): 200 GET http://10.180.1.21/compute/v2.1/os-hypervisors?with_servers=True 4.696s
2025-12-08 17:22:16.007 65839 INFO tempest.lib.common.rest_client [req-591366cb-1bf2-481c-9b6f-fa3037830b55 req-591366cb-1bf2-481c-9b6f-fa3037830b55 ] Request (VolumesAssistedSnapshotsTest:test_volume_assisted_snapshot_create_delete): 200 GET http://10.180.1.21/volume/v3/volumes/98a4c369-4b6c-4da9-8f61-3a2d2a709ac5 0.077s
2025-12-08 17:22:16.057 65841 INFO tempest.lib.common.rest_client [req-5802c3e6-b2fe-4df3-a4c4-32131d330c29 req-5802c3e6-b2fe-4df3-a4c4-32131d330c29 ] Request (ServersAdminTestJSON:setUpClass): 204 PUT http://10.180.1.21/identity/v3/projects/89619871110a46a7abc8338132dc0393/users/f4ae2cff093144c69d30e1940e4201a0/roles/f2f5e9156c614b9f990d126505a970b1 0.143s
2025-12-08 17:22:16.069 65863 INFO tempest.lib.common.rest_client [req-7cdccab5-8876-4567-a62f-2edf7964c4e7 req-7cdccab5-8876-4567-a62f-2edf7964c4e7 ] Request (FlavorsV261TestJSON:test_crud_flavor): 200 GET http://10.180.1.21/compute/v2.1/flavors/2011015012 5.251s
2025-12-08 17:22:16.111 65853 INFO tempest.lib.common.rest_client [req-54a132a4-f9b1-478c-85ef-fd5dfb794417 req-54a132a4-f9b1-478c-85ef-fd5dfb794417 ] Request (AZAdminV2TestJSON:tearDownClass): 201 POST http://10.180.1.21/identity/v3/auth/tokens 0.155s
2025-12-08 17:22:16.115 65841 INFO tempest.lib.common.rest_client [req-697afc31-434e-4d92-bf2d-8a6755b02530 req-697afc31-434e-4d92-bf2d-8a6755b02530 ] Request (ServersAdminTestJSON:setUpClass): 200 GET http://10.180.1.21/identity/v3/roles 0.058s
2025-12-08 17:22:16.193 65841 INFO tempest.lib.common.rest_client [req-3c9b7d29-9183-44fd-9f13-2dd41ff49284 req-3c9b7d29-9183-44fd-9f13-2dd41ff49284 ] Request (ServersAdminTestJSON:setUpClass): 204 PUT http://10.180.1.21/identity/v3/projects/89619871110a46a7abc8338132dc0393/users/f4ae2cff093144c69d30e1940e4201a0/roles/f2f5e9156c614b9f990d126505a970b1 0.076s
2025-12-08 17:22:16.193 65841 INFO tempest.lib.common.dynamic_creds [-] Dynamic test user f4ae2cff093144c69d30e1940e4201a0 is created with scope project and roles: ['admin']
2025-12-08 17:22:16.194 65841 INFO tempest.lib.common.dynamic_creds [-] Acquired dynamic creds: credentials: Credentials: {'domain_id': 'default', 'domain_name': 'Default', 'username': 'tempest-ServersAdminTestJSON-429719097-project-admin', 'project_domain_id': 'default', 'project_domain_name': 'Default', 'project_id': '89619871110a46a7abc8338132dc0393', 'project_name': 'tempest-ServersAdminTestJSON-429719097', 'tenant_id': '89619871110a46a7abc8338132dc0393', 'tenant_name': 'tempest-ServersAdminTestJSON-429719097', 'user_domain_id': 'default', 'user_domain_name': 'Default', 'user_id': 'f4ae2cff093144c69d30e1940e4201a0', 'system': None}, Network: None, Subnet: None, Router: None
2025-12-08 17:22:16.278 65853 INFO tempest.lib.common.rest_client [req-51eaad18-8725-4547-96b6-fb5206cb46ad req-51eaad18-8725-4547-96b6-fb5206cb46ad ] Request (AZAdminV2TestJSON:tearDownClass): 200 GET http://10.180.1.21/networking/v2.0/security-groups?tenant_id=9959ba02bc134811907c8563b2ce4171&name=default 0.166s
2025-12-08 17:22:16.313 65849 INFO tempest.lib.common.rest_client [req-db896894-c96f-4179-b153-81acf5520f9d req-db896894-c96f-4179-b153-81acf5520f9d ] Request (TenantUsagesTestJSON:setUpClass): 200 GET http://10.180.1.21/compute/v2.1/servers/355e8336-6743-41dc-b678-3e8025295ba9 4.885s
2025-12-08 17:22:16.321 65849 INFO tempest.common.waiters [-] State transition "BUILD/None" ==> "BUILD/spawning" after 6 second wait
2025-12-08 17:22:16.358 65847 INFO tempest.lib.common.rest_client [req-69f9cfde-efa1-4211-b0c5-ccbd9e0fa2a8 req-69f9cfde-efa1-4211-b0c5-ccbd9e0fa2a8 ] Request (AggregatesAdminNegativeTestJSON:test_aggregate_add_existent_host): 200 POST http://10.180.1.21/compute/v2.1/os-aggregates 4.891s
2025-12-08 17:22:16.493 65841 INFO tempest.lib.common.rest_client [req-8a074591-be02-4682-bdca-48870552c073 req-8a074591-be02-4682-bdca-48870552c073 ] Request (ServersAdminTestJSON:setUpClass): 201 POST http://10.180.1.21/networking/v2.0/networks 0.299s
2025-12-08 17:22:16.496 65819 INFO tempest.lib.common.rest_client [req-b390d3b2-67d0-46c4-8e51-12475830da88 req-b390d3b2-67d0-46c4-8e51-12475830da88 ] Request (ValidationResourcesFixture:setUp): 200 POST http://10.180.1.21/compute/v2.1/os-keypairs 4.929s
2025-12-08 17:22:16.653 65857 INFO tempest.lib.common.rest_client [req-d811d1e9-9aac-4292-8681-664aa8834c5e req-d811d1e9-9aac-4292-8681-664aa8834c5e ] Request (QuotasAdminNegativeTest:test_create_server_when_cpu_quota_is_full): 200 PUT http://10.180.1.21/compute/v2.1/os-quota-sets/eefdf8bd6a004c0c8786aec13f35465a 5.072s
2025-12-08 17:22:16.743 65857 INFO tempest.lib.common.rest_client [req-a7fead0f-9e7c-4fe3-8fb5-b22d50d076c5 req-a7fead0f-9e7c-4fe3-8fb5-b22d50d076c5 ] Request (QuotasAdminNegativeTest:test_create_server_when_cpu_quota_is_full): 201 POST http://10.180.1.21/identity/v3/auth/tokens 0.082s
2025-12-08 17:22:16.743 65857 INFO tempest.lib.common.fixed_network [-] (QuotasAdminNegativeTest:test_create_server_when_cpu_quota_is_full) Found network None available for tenant
2025-12-08 17:22:16.913 65853 INFO tempest.lib.common.rest_client [req-94b79a9d-0ca4-47fe-834a-1e79a4e76b5a req-94b79a9d-0ca4-47fe-834a-1e79a4e76b5a ] Request (AZAdminV2TestJSON:tearDownClass): 204 DELETE http://10.180.1.21/networking/v2.0/security-groups/1ac71239-078c-46e9-be15-d918786341f5 0.634s
2025-12-08 17:22:17.048 65853 INFO tempest.lib.common.rest_client [req-f46d0edf-3463-4045-8237-eea69c75a196 req-f46d0edf-3463-4045-8237-eea69c75a196 ] Request (AZAdminV2TestJSON:tearDownClass): 204 DELETE http://10.180.1.21/identity/v3/projects/9959ba02bc134811907c8563b2ce4171 0.134s
2025-12-08 17:22:17.048 65853 INFO tempest.lib.common.dynamic_creds [-] Deleting project and security group for project: be159718c45a414e96c4aee1e796df76
2025-12-08 17:22:17.060 65839 INFO tempest.lib.common.rest_client [req-aed5c277-0025-449f-baaa-33486b644052 req-aed5c277-0025-449f-baaa-33486b644052 ] Request (VolumesAssistedSnapshotsTest:test_volume_assisted_snapshot_create_delete): 200 GET http://10.180.1.21/volume/v3/volumes/98a4c369-4b6c-4da9-8f61-3a2d2a709ac5 0.041s
2025-12-08 17:22:17.068 65839 INFO tempest.common.waiters [-] volume 98a4c369-4b6c-4da9-8f61-3a2d2a709ac5 reached available after waiting for 1.067989 seconds
2025-12-08 17:22:17.087 65841 INFO tempest.lib.common.rest_client [req-a2e0b8b8-cd15-43e6-ba6f-6537c9cb8b4c req-a2e0b8b8-cd15-43e6-ba6f-6537c9cb8b4c ] Request (ServersAdminTestJSON:setUpClass): 201 POST http://10.180.1.21/networking/v2.0/subnets 0.593s
2025-12-08 17:22:17.189 65819 INFO tempest.lib.common.rest_client [req-799d44c2-ae1a-4618-83ec-f5a1c2c7c123 req-799d44c2-ae1a-4618-83ec-f5a1c2c7c123 ] Request (ValidationResourcesFixture:setUp): 201 POST http://10.180.1.21/networking/v2.0/security-groups 0.690s
2025-12-08 17:22:17.283 65867 INFO tempest.lib.common.rest_client [req-f58e1cd0-2c09-45de-b709-4ba676357b0f req-f58e1cd0-2c09-45de-b709-4ba676357b0f ] Request (SecurityGroupsTestAdminJSON:test_list_security_groups_list_all_tenants_filter): 200 POST http://10.180.1.21/compute/v2.1/os-security-groups 5.581s
2025-12-08 17:22:17.319 65823 INFO tempest.lib.common.rest_client [req-7a5f2cd3-7815-4429-a149-44675073bd36 req-7a5f2cd3-7815-4429-a149-44675073bd36 ] Request (HypervisorAdminV228Test:test_get_list_hypervisor_details): 200 GET http://10.180.1.21/compute/v2.1/os-hypervisors/1 5.494s
2025-12-08 17:22:17.349 65817 INFO tempest.lib.common.rest_client [req-c93b3c97-4cee-4471-8cf9-db78484b24d7 req-c93b3c97-4cee-4471-8cf9-db78484b24d7 ] Request (FlavorsV255TestJSON:test_crud_flavor): 200 GET http://10.180.1.21/compute/v2.1/flavors/detail 5.493s
2025-12-08 17:22:17.413 65853 INFO tempest.lib.common.rest_client [req-bff94811-c001-435f-a36e-5f571df963e8 req-bff94811-c001-435f-a36e-5f571df963e8 ] Request (AZAdminV2TestJSON:tearDownClass): 200 GET http://10.180.1.21/networking/v2.0/security-groups?tenant_id=be159718c45a414e96c4aee1e796df76&name=default 0.365s
2025-12-08 17:22:17.437 65823 INFO tempest.lib.common.rest_client [req-9057bcae-7c74-4cec-a0ea-a4cfa74fde31 req-9057bcae-7c74-4cec-a0ea-a4cfa74fde31 ] Request (HypervisorAdminV228Test:tearDownClass): 204 DELETE http://10.180.1.21/identity/v3/users/694a241713f448f0a9bef5a6afb44764 0.107s
2025-12-08 17:22:17.470 65835 INFO tempest.lib.common.rest_client [req-dff41ab9-dcff-4529-805d-c79ba8dbad7f req-dff41ab9-dcff-4529-805d-c79ba8dbad7f ] Request (QuotasAdminTestV236:test_get_updated_quotas): 200 GET http://10.180.1.21/compute/v2.1/os-quota-sets/56452038a1eb4578b8d7019704c7b330?user_id=0eb4bf96a5684ae29fa9e6c2b3d13192 5.521s
2025-12-08 17:22:17.523 65865 INFO tempest.lib.common.rest_client [req-a17fc9a5-93c6-4c18-b198-b6426a82aed2 req-a17fc9a5-93c6-4c18-b198-b6426a82aed2 ] Request (KeyPairsV210TestJSON:test_admin_manage_keypairs_for_other_users): 201 POST http://10.180.1.21/compute/v2.1/os-keypairs 5.555s
2025-12-08 17:22:17.524 65819 INFO tempest.lib.common.rest_client [req-25a91094-2b2e-4fb7-989e-5524d9418fde req-25a91094-2b2e-4fb7-989e-5524d9418fde ] Request (ValidationResourcesFixture:setUp): 201 POST http://10.180.1.21/networking/v2.0/security-group-rules 0.335s
2025-12-08 17:22:17.529 65807 INFO tempest.lib.common.rest_client [req-d29b20b7-4755-456b-a44f-ad0451448e48 req-d29b20b7-4755-456b-a44f-ad0451448e48 ] Request (HostsAdminNegativeTestJSON:test_reboot_host_with_non_admin_user): 403 GET http://10.180.1.21/compute/v2.1/os-hosts/devstack/reboot 5.440s
2025-12-08 17:22:17.566 65823 INFO tempest.lib.common.rest_client [req-7dd7f70e-f69f-4ec7-ab54-ce1841caec5a req-7dd7f70e-f69f-4ec7-ab54-ce1841caec5a ] Request (HypervisorAdminV228Test:tearDownClass): 204 DELETE http://10.180.1.21/identity/v3/users/46e5eb7ef463467fb53ec72f13a05fdc 0.129s
2025-12-08 17:22:17.567 65823 INFO tempest.lib.common.dynamic_creds [-] Deleting project and security group for project: 5939f6ab76994d419c3aff485e647816
2025-12-08 17:22:17.649 65835 INFO tempest.lib.common.rest_client [req-3c4d8d4f-6570-494d-b9ec-34c3d11c44f2 req-3c4d8d4f-6570-494d-b9ec-34c3d11c44f2 ] Request (QuotasAdminTestV236:_run_cleanups): 204 DELETE http://10.180.1.21/identity/v3/users/0eb4bf96a5684ae29fa9e6c2b3d13192 0.177s
2025-12-08 17:22:17.684 65853 INFO tempest.lib.common.rest_client [req-65ed5099-20e0-4d4a-aec0-493f26f8ffd3 req-65ed5099-20e0-4d4a-aec0-493f26f8ffd3 ] Request (AZAdminV2TestJSON:tearDownClass): 204 DELETE http://10.180.1.21/networking/v2.0/security-groups/89cae5d5-2913-466f-8788-6c0f6e3c069a 0.270s
2025-12-08 17:22:17.721 65823 INFO tempest.lib.common.rest_client [req-52944403-93f5-475d-82b7-b3e43d9b39be req-52944403-93f5-475d-82b7-b3e43d9b39be ] Request (HypervisorAdminV228Test:tearDownClass): 201 POST http://10.180.1.21/identity/v3/auth/tokens 0.154s
2025-12-08 17:22:17.803 65861 INFO tempest.lib.common.rest_client [req-ddd13590-d681-4149-82f1-5ca5062e9767 req-ddd13590-d681-4149-82f1-5ca5062e9767 ] Request (ServersTestBootFromVolume:setUpClass): 200 POST http://10.180.1.21/compute/v2.1/os-keypairs 4.753s
2025-12-08 17:22:17.818 65819 INFO tempest.lib.common.rest_client [req-a040078a-e890-435d-9c3c-06de4ed82c6f req-a040078a-e890-435d-9c3c-06de4ed82c6f ] Request (ValidationResourcesFixture:setUp): 201 POST http://10.180.1.21/networking/v2.0/security-group-rules 0.293s
2025-12-08 17:22:17.891 65835 INFO tempest.lib.common.rest_client [req-d5fbb7bb-ac7b-402e-b7d4-eee99af7dfca req-d5fbb7bb-ac7b-402e-b7d4-eee99af7dfca ] Request (QuotasAdminTestV236:_run_cleanups): 204 DELETE http://10.180.1.21/identity/v3/projects/56452038a1eb4578b8d7019704c7b330 0.241s
2025-12-08 17:22:17.896 65853 INFO tempest.lib.common.rest_client [req-35d9b833-7e96-4ad8-ba8f-c5cec8f837d0 req-35d9b833-7e96-4ad8-ba8f-c5cec8f837d0 ] Request (AZAdminV2TestJSON:tearDownClass): 204 DELETE http://10.180.1.21/identity/v3/projects/be159718c45a414e96c4aee1e796df76 0.212s
2025-12-08 17:22:17.975 65853 INFO tempest.lib.common.rest_client [req-902b3391-1ea4-49f0-b41f-bde81550079f req-902b3391-1ea4-49f0-b41f-bde81550079f ] Request (NetworksTest:setUpClass): 201 POST http://10.180.1.21/identity/v3/auth/tokens 0.077s
2025-12-08 17:22:18.014 65853 INFO tempest.lib.common.rest_client [req-45f2f6bd-16d4-4ca1-bd28-de4876367443 req-45f2f6bd-16d4-4ca1-bd28-de4876367443 ] Request (NetworksTest:setUpClass): 201 POST http://10.180.1.21/identity/v3/auth/tokens 0.035s
2025-12-08 17:22:18.057 65835 INFO tempest.lib.common.rest_client [req-a2bb95fb-3a2e-429f-a0e8-fa7160f13300 req-a2bb95fb-3a2e-429f-a0e8-fa7160f13300 ] Request (QuotasAdminTestV236:tearDownClass): 204 DELETE http://10.180.1.21/identity/v3/users/c5cf9fa91d68433b9b4bf261c5aacdf7 0.161s
2025-12-08 17:22:18.077 65853 INFO tempest.lib.common.rest_client [req-1f055f96-fb9b-41d8-b26e-bebbc2cc77fd req-1f055f96-fb9b-41d8-b26e-bebbc2cc77fd ] Request (NetworksTest:setUpClass): 200 GET http://10.180.1.21/identity/v3/domains?name=Default 0.062s
2025-12-08 17:22:18.149 65853 INFO tempest.lib.common.rest_client [req-367f1523-b237-402e-ace5-2108308fe47f req-367f1523-b237-402e-ace5-2108308fe47f ] Request (NetworksTest:setUpClass): 201 POST http://10.180.1.21/identity/v3/projects 0.072s
2025-12-08 17:22:18.176 65835 INFO tempest.lib.common.rest_client [req-ab288724-0240-4fdb-b391-7ec192772ae0 req-ab288724-0240-4fdb-b391-7ec192772ae0 ] Request (QuotasAdminTestV236:tearDownClass): 204 DELETE http://10.180.1.21/identity/v3/users/1d16967c10f041fa9773b89e71a95851 0.118s
2025-12-08 17:22:18.176 65835 INFO tempest.lib.common.dynamic_creds [-] Deleting project and security group for project: 13dc2c60aecd42238db8ed294f70cbcf
2025-12-08 17:22:18.216 65841 INFO tempest.lib.common.rest_client [req-2a78ca22-9a49-4b95-9838-6e90719d2efe req-2a78ca22-9a49-4b95-9838-6e90719d2efe ] Request (ServersAdminTestJSON:setUpClass): 201 POST http://10.180.1.21/networking/v2.0/routers 1.128s
2025-12-08 17:22:18.249 65835 INFO tempest.lib.common.rest_client [req-9b59e08a-03c0-44b5-8730-359948369d37 req-9b59e08a-03c0-44b5-8730-359948369d37 ] Request (QuotasAdminTestV236:tearDownClass): 201 POST http://10.180.1.21/identity/v3/auth/tokens 0.072s
2025-12-08 17:22:18.275 65853 INFO tempest.lib.common.rest_client [req-1c3aa845-1071-4683-b0c8-7ee1a5c4d466 req-1c3aa845-1071-4683-b0c8-7ee1a5c4d466 ] Request (NetworksTest:setUpClass): 201 POST http://10.180.1.21/identity/v3/users 0.125s
2025-12-08 17:22:18.298 65853 INFO tempest.lib.common.rest_client [req-c51fbe2a-f422-4b0f-8a3b-61483ae3b805 req-c51fbe2a-f422-4b0f-8a3b-61483ae3b805 ] Request (NetworksTest:setUpClass): 200 GET http://10.180.1.21/identity/v3/roles 0.022s
2025-12-08 17:22:18.319 65855 INFO tempest.lib.common.rest_client [req-2ed03384-3dc6-406d-82dd-565429702188 req-2ed03384-3dc6-406d-82dd-565429702188 ] Request (MigrationsAdminTest:test_list_migrations_in_flavor_resize_situation): 202 POST http://10.180.1.21/compute/v2.1/servers 6.873s
2025-12-08 17:22:18.327 65853 INFO tempest.lib.common.rest_client [req-126602bf-1355-4df1-8db1-4c921bb2f75d req-126602bf-1355-4df1-8db1-4c921bb2f75d ] Request (NetworksTest:setUpClass): 204 PUT http://10.180.1.21/identity/v3/projects/f4abe34db0a94f2986ab18f7f0de43cd/users/5dc2bad56d464cc6a8479d7229262f57/roles/b3dd0e4209014f9fa504e1e8d33673a7 0.028s
2025-12-08 17:22:18.327 65853 INFO tempest.lib.common.dynamic_creds [-] Dynamic test user 5dc2bad56d464cc6a8479d7229262f57 is created with scope project and roles: ['member']
2025-12-08 17:22:18.327 65853 INFO tempest.lib.common.dynamic_creds [-] Acquired dynamic creds: credentials: Credentials: {'domain_id': 'default', 'domain_name': 'Default', 'username': 'tempest-NetworksTest-887192925-project-member', 'project_domain_id': 'default', 'project_domain_name': 'Default', 'project_id': 'f4abe34db0a94f2986ab18f7f0de43cd', 'project_name': 'tempest-NetworksTest-887192925', 'tenant_id': 'f4abe34db0a94f2986ab18f7f0de43cd', 'tenant_name': 'tempest-NetworksTest-887192925', 'user_domain_id': 'default', 'user_domain_name': 'Default', 'user_id': '5dc2bad56d464cc6a8479d7229262f57', 'system': None}, Network: None, Subnet: None, Router: None
2025-12-08 17:22:18.327 65853 INFO tempest.lib.common.dynamic_creds [-] Created isolated network resources for: credentials: Credentials: {'domain_id': 'default', 'domain_name': 'Default', 'username': 'tempest-NetworksTest-887192925-project-member', 'project_domain_id': 'default', 'project_domain_name': 'Default', 'project_id': 'f4abe34db0a94f2986ab18f7f0de43cd', 'project_name': 'tempest-NetworksTest-887192925', 'tenant_id': 'f4abe34db0a94f2986ab18f7f0de43cd', 'tenant_name': 'tempest-NetworksTest-887192925', 'user_domain_id': 'default', 'user_domain_name': 'Default', 'user_id': '5dc2bad56d464cc6a8479d7229262f57', 'system': None}, Network: None, Subnet: None, Router: None
2025-12-08 17:22:18.409 65861 INFO tempest.lib.common.rest_client [req-a30358cb-b71b-445f-8d57-b0e8efa60ea5 req-a30358cb-b71b-445f-8d57-b0e8efa60ea5 ] Request (ServersTestBootFromVolume:setUpClass): 201 POST http://10.180.1.21/networking/v2.0/security-groups 0.602s
2025-12-08 17:22:18.427 65853 INFO tempest.lib.common.rest_client [req-6538211d-0b70-479d-b377-bdcb7ab32f18 req-6538211d-0b70-479d-b377-bdcb7ab32f18 ] Request (NetworksTest:setUpClass): 201 POST http://10.180.1.21/identity/v3/auth/tokens 0.087s
2025-12-08 17:22:18.453 65823 INFO tempest.lib.common.rest_client [req-ffe347a7-0ccb-4bad-955c-1395ad7943d4 req-ffe347a7-0ccb-4bad-955c-1395ad7943d4 ] Request (HypervisorAdminV228Test:tearDownClass): 200 GET http://10.180.1.21/networking/v2.0/security-groups?tenant_id=5939f6ab76994d419c3aff485e647816&name=default 0.731s
2025-12-08 17:22:18.486 65843 INFO tempest.lib.common.rest_client [req-17297769-a1b7-4d2a-b104-5229a353d401 req-17297769-a1b7-4d2a-b104-5229a353d401 ] Request (ServersAdminNegativeTestJSON:setUpClass): 200 GET http://10.180.1.21/compute/v2.1/servers/7b76faba-15f3-4412-b5e7-5354a6bfd35f 4.854s
2025-12-08 17:22:18.500 65853 INFO tempest.lib.common.rest_client [req-bbd194f6-5ad3-40f9-af62-35f2b2474f04 req-bbd194f6-5ad3-40f9-af62-35f2b2474f04 ] Request (NetworksTest:setUpClass): 201 POST http://10.180.1.21/identity/v3/projects 0.072s
2025-12-08 17:22:18.511 65805 INFO tempest.lib.common.rest_client [req-212fc09c-b7d2-4b3e-b92b-567e117fc9be req-212fc09c-b7d2-4b3e-b92b-567e117fc9be ] Request (FlavorsExtraSpecsNegativeTestJSON:setUpClass): 200 POST http://10.180.1.21/compute/v2.1/flavors 4.194s
2025-12-08 17:22:18.576 65853 INFO tempest.lib.common.rest_client [req-b3169d18-167f-491b-bc4c-e660fdb073cc req-b3169d18-167f-491b-bc4c-e660fdb073cc ] Request (NetworksTest:setUpClass): 201 POST http://10.180.1.21/identity/v3/users 0.075s
2025-12-08 17:22:18.602 65853 INFO tempest.lib.common.rest_client [req-49f10008-1dc1-4ef0-9dac-ba51a27ae23e req-49f10008-1dc1-4ef0-9dac-ba51a27ae23e ] Request (NetworksTest:setUpClass): 200 GET http://10.180.1.21/identity/v3/roles 0.025s
