2025-12-08 17:26:30.073 65859 INFO tempest.lib.common.rest_client [req-a23a1b6b-eb51-43cd-a27a-e746badde73a req-a23a1b6b-eb51-43cd-a27a-e746badde73a ] Request (ServerShowV254Test:tearDownClass): 204 DELETE http://10.180.1.21/compute/v2.1/servers/37a306f7-02f2-41cd-98db-fc3eb003b7a4 0.301s
2025-12-08 17:26:30.127 65847 INFO tempest.lib.common.rest_client [req-6995e9a8-fc71-4299-b2fa-449c362c3bdf req-6995e9a8-fc71-4299-b2fa-449c362c3bdf ] Request (ServersListShow298Test:tearDownClass): 200 GET http://10.180.1.21/compute/v2.1/servers/5b08f3ba-7400-48f2-af8c-a0ea3ec59dc2 0.327s
2025-12-08 17:26:30.137 65819 INFO tempest.lib.common.rest_client [req-f27bf52e-8f4e-4b89-b4a6-1a2065b9629b req-f27bf52e-8f4e-4b89-b4a6-1a2065b9629b ] Request (AttachVolumeNegativeTest:test_attach_attached_volume_to_different_server): 200 GET http://10.180.1.21/compute/v2.1/servers/65f7a5e2-e42a-4a78-a9df-7bd5424ca2f2 0.315s
2025-12-08 17:26:30.188 65813 INFO tempest.lib.common.rest_client [req-a07d3a8f-8cde-4fbd-b578-7de216ab7bc2 req-a07d3a8f-8cde-4fbd-b578-7de216ab7bc2 ] Request (ServerDiskConfigTestJSON:test_rebuild_server_with_manual_disk_config): 200 GET http://10.180.1.21/compute/v2.1/servers/208772b0-cc9f-4644-b440-54e638072b4e 0.330s
2025-12-08 17:26:30.203 65839 INFO tempest.lib.common.rest_client [req-cbf1cebb-1d45-4156-8c88-3dfe0cec31e8 req-cbf1cebb-1d45-4156-8c88-3dfe0cec31e8 ] Request (FloatingIPsAssociationNegativeTestJSON:setUpClass): 200 GET http://10.180.1.21/compute/v2.1/servers/e528a5f1-8251-4420-8660-8a7ec001ef7e 0.327s
2025-12-08 17:26:30.244 65815 INFO tempest.lib.common.rest_client [req-f8772c07-57d5-4a9f-a9b1-72e0193541f3 req-f8772c07-57d5-4a9f-a9b1-72e0193541f3 ] Request (ServerShowV247Test:test_update_rebuild_list_server): 200 GET http://10.180.1.21/compute/v2.1/servers/43ff9c8f-c282-4680-ab94-659f088e79a0 0.329s
2025-12-08 17:26:30.267 65849 INFO tempest.lib.common.rest_client [req-0a24c5b1-7dfe-45dd-94bb-96af41febbef req-0a24c5b1-7dfe-45dd-94bb-96af41febbef ] Request (SecurityGroupsTestJSON:test_server_security_groups): 200 GET http://10.180.1.21/compute/v2.1/servers/835213c0-7178-41ac-ab06-27e678ff73ec 0.323s
2025-12-08 17:26:30.293 65863 INFO tempest.lib.common.rest_client [req-4eaa2754-718b-4701-ad39-a3eda02acee8 req-4eaa2754-718b-4701-ad39-a3eda02acee8 ] Request (ServersTestJSON:test_create_specify_keypair): 200 GET http://10.180.1.21/compute/v2.1/servers/a99b311d-836c-4385-9432-45b9765f5dac 0.318s
2025-12-08 17:26:30.319 65859 INFO tempest.lib.common.rest_client [req-4d8d016c-f705-4edf-b502-f09d3b40ba88 req-4d8d016c-f705-4edf-b502-f09d3b40ba88 ] Request (ServerShowV254Test:tearDownClass): 200 GET http://10.180.1.21/compute/v2.1/servers/37a306f7-02f2-41cd-98db-fc3eb003b7a4 0.245s
2025-12-08 17:26:30.388 65809 INFO tempest.lib.common.rest_client [req-f81c5600-4dd3-41e2-8365-744bccf62071 req-f81c5600-4dd3-41e2-8365-744bccf62071 ] Request (MultipleCreateTestJSON:test_multiple_create_with_reservation_return): 200 GET http://10.180.1.21/compute/v2.1/servers/7ffbee1e-54df-4aaf-8183-9b148c616b69 0.188s
2025-12-08 17:26:30.424 65807 INFO tempest.lib.common.rest_client [req-df634635-a7a1-431c-ab7a-ef783f2ec0b2 req-df634635-a7a1-431c-ab7a-ef783f2ec0b2 ] Request (InstanceActionsNegativeTestJSON:tearDownClass): 200 GET http://10.180.1.21/compute/v2.1/servers/f523a556-180d-4c8f-be38-0f7f9110df7b 0.282s
2025-12-08 17:26:30.488 65841 INFO tempest.lib.common.rest_client [req-a9bddd31-3e1b-449f-ad0c-69742650a296 req-a9bddd31-3e1b-449f-ad0c-69742650a296 ] Request (ServersAdminTestJSON:tearDownClass): 200 GET http://10.180.1.21/compute/v2.1/servers/e6733991-a8fe-42b0-bd9c-098cd755e957 0.144s
2025-12-08 17:26:30.515 65817 INFO tempest.lib.common.rest_client [req-ca39c80d-c6c7-4a4e-be47-693e34dedd58 req-ca39c80d-c6c7-4a4e-be47-693e34dedd58 ] Request (ServerActionsTestOtherB:test_resize_server_confirm_from_stopped): 200 GET http://10.180.1.21/compute/v2.1/servers/f0ae0ad7-7800-4f5a-a270-7749177b8675 0.204s
2025-12-08 17:26:30.557 65821 INFO tempest.lib.common.rest_client [req-42b6af2c-758a-456f-8d79-2b119478c0b4 req-42b6af2c-758a-456f-8d79-2b119478c0b4 ] Request (ImagesTestJSON:test_create_image_from_suspended_server): 200 GET http://10.180.1.21/compute/v2.1/servers/d20826fc-879b-4538-88d5-9a69017c9d23 0.131s
2025-12-08 17:26:30.659 65831 INFO tempest.lib.common.rest_client [req-756be94f-9de7-47d8-b64a-e02c9cd92111 req-756be94f-9de7-47d8-b64a-e02c9cd92111 ] Request (ServerRescueTestJSONUnderV235:setUpClass): 200 GET http://10.180.1.21/compute/v2.1/servers/f7fb46f9-1425-4f94-bcf1-dd722c442144 0.207s
2025-12-08 17:26:30.711 65811 WARNING tempest.lib.common.ssh [-] Failed to establish authenticated ssh connection to cirros@10.180.180.145 ([Errno None] Unable to connect to port 22 on 10.180.180.145). Number attempts: 7. Retry after 8 seconds.: paramiko.ssh_exception.NoValidConnectionsError: [Errno None] Unable to connect to port 22 on 10.180.180.145
2025-12-08 17:26:30.826 65861 INFO tempest.lib.common.rest_client [req-6b540134-a1fe-4688-9367-a4224ea762d5 req-6b540134-a1fe-4688-9367-a4224ea762d5 ] Request (ServerPasswordTestJSON:setUpClass): 200 GET http://10.180.1.21/compute/v2.1/servers/233af8b9-8f53-4e88-b316-ac6e2e2f85a1 0.245s
2025-12-08 17:26:30.833 65861 INFO tempest.common.waiters [-] State transition "BUILD/block_device_mapping" ==> "BUILD/spawning" after 71 second wait
2025-12-08 17:26:30.921 65829 INFO tempest.lib.common.rest_client [req-efa3ee7f-d17e-4760-892c-cfb816f34526 req-efa3ee7f-d17e-4760-892c-cfb816f34526 ] Request (AttachInterfacesTestJSON:test_create_list_show_delete_interfaces_by_fixed_ip): 200 GET http://10.180.1.21/compute/v2.1/servers/5e5a538b-8f59-45ca-bece-6a0cff169e0a 0.165s
2025-12-08 17:26:30.951 65855 INFO tempest.lib.common.rest_client [req-3a2ead87-eebe-4234-9847-66f951c15632 req-3a2ead87-eebe-4234-9847-66f951c15632 ] Request (MigrationsAdminTest:test_resize_server_revert_deleted_flavor): 200 GET http://10.180.1.21/compute/v2.1/servers/9322f1d0-3ffb-46c6-8974-7fe56a517f7f 0.153s
2025-12-08 17:26:30.980 65823 INFO tempest.lib.common.rest_client [req-806f6b15-9d56-4760-93ab-7bf9f3e67348 req-806f6b15-9d56-4760-93ab-7bf9f3e67348 ] Request (ListImageFiltersTestJSON:tearDownClass): 404 GET http://10.180.1.21/compute/v2.1/servers/3a95cfa3-d907-467b-9081-c8c5b4b9dd5a 0.082s
2025-12-08 17:26:30.991 65835 INFO tempest.lib.common.rest_client [req-0a027dcf-e04b-4089-b117-d38522d6a524 req-0a027dcf-e04b-4089-b117-d38522d6a524 ] Request (ListServerFiltersTestJSON:tearDownClass): 200 GET http://10.180.1.21/compute/v2.1/servers/afbf2157-90f8-4235-8f60-472d84ce9bd9 0.119s
2025-12-08 17:26:31.041 65843 INFO tempest.lib.common.rest_client [req-ab173d2a-ea47-4624-99ab-7724feeb41b4 req-ab173d2a-ea47-4624-99ab-7724feeb41b4 ] Request (ServerMetadataNegativeTestJSON:setUpClass): 200 GET http://10.180.1.21/compute/v2.1/servers/b9eaa8ef-392c-449e-b441-5b5de9ddaf9e 0.073s
2025-12-08 17:26:31.058 65837 INFO tempest.lib.common.rest_client [req-27d1d448-cc80-4537-b4be-e929867f7714 req-27d1d448-cc80-4537-b4be-e929867f7714 ] Request (ListServersNegativeTestJSON:tearDownClass): 200 GET http://10.180.1.21/compute/v2.1/servers/fab0ffc2-fa16-4d13-b70c-dfaa41c981aa 0.080s
2025-12-08 17:26:31.137 65823 INFO tempest.lib.common.rest_client [req-a7eea15a-24c8-49e0-afeb-aea8928ea570 req-a7eea15a-24c8-49e0-afeb-aea8928ea570 ] Request (ListImageFiltersTestJSON:tearDownClass): 204 DELETE http://10.180.1.21/compute/v2.1/servers/223507ab-1bb6-4cc6-b81d-c5da765c01c0 0.156s
2025-12-08 17:26:31.175 65853 INFO tempest.lib.common.rest_client [req-4e276950-52c4-4d01-8414-d7174b9599d2 req-4e276950-52c4-4d01-8414-d7174b9599d2 ] Request (ImagesOneServerNegativeTestJSON:_run_cleanups): 200 GET http://10.180.1.21/compute/v2.1/servers/ac639d87-8ce8-4762-a056-b369ec2627b6 0.118s
2025-12-08 17:26:31.220 65847 INFO tempest.lib.common.rest_client [req-0f6c1b41-8299-4ba0-86e3-a15f1c3697eb req-0f6c1b41-8299-4ba0-86e3-a15f1c3697eb ] Request (ServersListShow298Test:tearDownClass): 200 GET http://10.180.1.21/compute/v2.1/servers/5b08f3ba-7400-48f2-af8c-a0ea3ec59dc2 0.083s
2025-12-08 17:26:31.274 65819 INFO tempest.lib.common.rest_client [req-1170d8b0-607d-47ca-93e7-aa51af7c5dab req-1170d8b0-607d-47ca-93e7-aa51af7c5dab ] Request (AttachVolumeNegativeTest:test_attach_attached_volume_to_different_server): 200 GET http://10.180.1.21/compute/v2.1/servers/65f7a5e2-e42a-4a78-a9df-7bd5424ca2f2 0.128s
2025-12-08 17:26:31.299 65823 INFO tempest.lib.common.rest_client [req-5692aeee-0d8b-421a-a787-f05159243e4b req-5692aeee-0d8b-421a-a787-f05159243e4b ] Request (ListImageFiltersTestJSON:tearDownClass): 200 GET http://10.180.1.21/compute/v2.1/servers/223507ab-1bb6-4cc6-b81d-c5da765c01c0 0.161s
2025-12-08 17:26:31.334 65813 INFO tempest.lib.common.rest_client [req-8945ff5c-3f98-468f-89dc-672d6d7960ad req-8945ff5c-3f98-468f-89dc-672d6d7960ad ] Request (ServerDiskConfigTestJSON:test_rebuild_server_with_manual_disk_config): 200 GET http://10.180.1.21/compute/v2.1/servers/208772b0-cc9f-4644-b440-54e638072b4e 0.138s
2025-12-08 17:26:31.365 65865 INFO paramiko.transport [-] Connected (version 2.0, client dropbear_2020.81)
2025-12-08 17:26:31.367 65839 INFO tempest.lib.common.rest_client [req-50127209-0122-4563-b956-8558f911b72a req-50127209-0122-4563-b956-8558f911b72a ] Request (FloatingIPsAssociationNegativeTestJSON:setUpClass): 200 GET http://10.180.1.21/compute/v2.1/servers/e528a5f1-8251-4420-8660-8a7ec001ef7e 0.155s
2025-12-08 17:26:31.399 65815 INFO tempest.lib.common.rest_client [req-de415ed8-913f-4ac3-80df-5aed170b80e7 req-de415ed8-913f-4ac3-80df-5aed170b80e7 ] Request (ServerShowV247Test:test_update_rebuild_list_server): 200 GET http://10.180.1.21/compute/v2.1/servers/43ff9c8f-c282-4680-ab94-659f088e79a0 0.145s
2025-12-08 17:26:31.439 65849 INFO tempest.lib.common.rest_client [req-2e2776db-71f3-4c75-a74f-3b6b01dcfda9 req-2e2776db-71f3-4c75-a74f-3b6b01dcfda9 ] Request (SecurityGroupsTestJSON:test_server_security_groups): 200 GET http://10.180.1.21/compute/v2.1/servers/835213c0-7178-41ac-ab06-27e678ff73ec 0.164s
2025-12-08 17:26:31.455 65863 INFO tempest.lib.common.rest_client [req-cb17f85e-422b-4e2b-ae1e-e541552628ad req-cb17f85e-422b-4e2b-ae1e-e541552628ad ] Request (ServersTestJSON:test_create_specify_keypair): 200 GET http://10.180.1.21/compute/v2.1/servers/a99b311d-836c-4385-9432-45b9765f5dac 0.152s
2025-12-08 17:26:31.477 65865 INFO paramiko.transport [-] Authentication (publickey) successful!
2025-12-08 17:26:31.478 65865 INFO tempest.lib.common.ssh [-] ssh connection to cirros@10.180.180.151 successfully created
2025-12-08 17:26:31.497 65859 INFO tempest.lib.common.rest_client [req-006e3d44-97d9-4060-8142-4148f1863f8a req-006e3d44-97d9-4060-8142-4148f1863f8a ] Request (ServerShowV254Test:tearDownClass): 200 GET http://10.180.1.21/compute/v2.1/servers/37a306f7-02f2-41cd-98db-fc3eb003b7a4 0.169s
2025-12-08 17:26:31.515 65809 INFO tempest.lib.common.rest_client [req-ccbb2cb8-38a1-4e64-82c5-606d73386045 req-ccbb2cb8-38a1-4e64-82c5-606d73386045 ] Request (MultipleCreateTestJSON:test_multiple_create_with_reservation_return): 200 GET http://10.180.1.21/compute/v2.1/servers/7ffbee1e-54df-4aaf-8183-9b148c616b69 0.116s
2025-12-08 17:26:31.554 65807 INFO tempest.lib.common.rest_client [req-e636ebfd-ecfb-4a88-8ef2-b1587d521f1d req-e636ebfd-ecfb-4a88-8ef2-b1587d521f1d ] Request (InstanceActionsNegativeTestJSON:tearDownClass): 200 GET http://10.180.1.21/compute/v2.1/servers/f523a556-180d-4c8f-be38-0f7f9110df7b 0.121s
2025-12-08 17:26:31.575 65865 INFO tempest.lib.common.rest_client [req-d6ac4972-df3c-4d9d-9a50-ca152c3d91e5 req-d6ac4972-df3c-4d9d-9a50-ca152c3d91e5 ] Request (ServersTestManualDisk:test_list_servers): 200 GET http://10.180.1.21/compute/v2.1/servers 0.087s
2025-12-08 17:26:31.628 65841 INFO tempest.lib.common.rest_client [req-18ba20fc-4340-4617-a8db-5bebb1e750e9 req-18ba20fc-4340-4617-a8db-5bebb1e750e9 ] Request (ServersAdminTestJSON:tearDownClass): 200 GET http://10.180.1.21/compute/v2.1/servers/e6733991-a8fe-42b0-bd9c-098cd755e957 0.132s
2025-12-08 17:26:31.680 65821 INFO tempest.lib.common.rest_client [req-f9a9654a-51e9-499a-bc69-ec17285c4a85 req-f9a9654a-51e9-499a-bc69-ec17285c4a85 ] Request (ImagesTestJSON:test_create_image_from_suspended_server): 200 GET http://10.180.1.21/compute/v2.1/servers/d20826fc-879b-4538-88d5-9a69017c9d23 0.115s
2025-12-08 17:26:31.714 65817 INFO tempest.lib.common.rest_client [req-9093bdc5-0f3b-46e2-8da0-90e02436b570 req-9093bdc5-0f3b-46e2-8da0-90e02436b570 ] Request (ServerActionsTestOtherB:test_resize_server_confirm_from_stopped): 200 GET http://10.180.1.21/compute/v2.1/servers/f0ae0ad7-7800-4f5a-a270-7749177b8675 0.191s
2025-12-08 17:26:31.816 65831 INFO tempest.lib.common.rest_client [req-f81cbf82-c1e3-4fa4-aa61-3aa6ffbea883 req-f81cbf82-c1e3-4fa4-aa61-3aa6ffbea883 ] Request (ServerRescueTestJSONUnderV235:setUpClass): 200 GET http://10.180.1.21/compute/v2.1/servers/f7fb46f9-1425-4f94-bcf1-dd722c442144 0.145s
2025-12-08 17:26:31.836 65865 INFO tempest.lib.common.rest_client [req-c00e738a-1d09-477e-bf6e-1babf441b8f2 req-c00e73