2025-12-08 17:22:41.407 65863 INFO tempest.lib.common.rest_client [req-d091fec4-e1d9-4363-a74e-297c95c96ae1 req-d091fec4-e1d9-4363-a74e-297c95c96ae1 ] Request (FlavorsV261TestJSON:tearDownClass): 204 DELETE http://10.180.1.21/networking/v2.0/security-groups/ff65dba3-7d94-4b8b-9b8b-2c9f966d25a6 0.263s
2025-12-08 17:22:41.526 65861 INFO tempest.lib.common.rest_client [req-053079fb-176f-4b34-b5c9-ab9706acde67 req-053079fb-176f-4b34-b5c9-ab9706acde67 ] Request (ServersTestBootFromVolume:setUpClass): 200 GET http://10.180.1.21/volume/v3/volumes/80f3c122-a4fa-4863-8156-3f1ec258eb24 0.031s
2025-12-08 17:22:41.533 65861 INFO tempest.common.waiters [-] volume 80f3c122-a4fa-4863-8156-3f1ec258eb24 reached available after waiting for 20.533210 seconds
2025-12-08 17:22:41.541 65863 INFO tempest.lib.common.rest_client [req-b3ea3615-7d26-4476-b8f0-a57472e75a91 req-b3ea3615-7d26-4476-b8f0-a57472e75a91 ] Request (FlavorsV261TestJSON:tearDownClass): 204 DELETE http://10.180.1.21/identity/v3/projects/ea3894993eb44c0cbf8c784a2665fb18 0.133s
2025-12-08 17:22:41.608 65863 INFO tempest.lib.common.rest_client [req-33bf749b-1e96-49a6-806f-499098412cd4 req-33bf749b-1e96-49a6-806f-499098412cd4 ] Request (InstanceUsageAuditLogTestJSON:setUpClass): 201 POST http://10.180.1.21/identity/v3/auth/tokens 0.065s
2025-12-08 17:22:41.608 65817 INFO tempest.lib.common.rest_client [req-711300ec-7076-4bb2-8123-935674782f86 req-711300ec-7076-4bb2-8123-935674782f86 ] Request (ServerActionsTestOtherB:setUpClass): 201 POST http://10.180.1.21/networking/v2.0/security-group-rules 0.283s
2025-12-08 17:22:41.644 65863 INFO tempest.lib.common.rest_client [req-88929dfc-e283-453e-a05f-8ad79d33126b req-88929dfc-e283-453e-a05f-8ad79d33126b ] Request (InstanceUsageAuditLogTestJSON:setUpClass): 201 POST http://10.180.1.21/identity/v3/auth/tokens 0.032s
2025-12-08 17:22:41.671 65863 INFO tempest.lib.common.rest_client [req-afeb2017-37a5-4f9e-8778-fe0c07d16c48 req-afeb2017-37a5-4f9e-8778-fe0c07d16c48 ] Request (InstanceUsageAuditLogTestJSON:setUpClass): 200 GET http://10.180.1.21/identity/v3/domains?name=Default 0.027s
2025-12-08 17:22:41.706 65863 INFO tempest.lib.common.rest_client [req-b2600f84-103e-4386-826d-703e33bb697c req-b2600f84-103e-4386-826d-703e33bb697c ] Request (InstanceUsageAuditLogTestJSON:setUpClass): 201 POST http://10.180.1.21/identity/v3/projects 0.034s
2025-12-08 17:22:41.726 65817 INFO tempest.lib.common.rest_client [req-c863ab91-eea8-41d9-b998-8d046aee8050 req-c863ab91-eea8-41d9-b998-8d046aee8050 ] Request (ServerActionsTestOtherB:setUpClass): 201 POST http://10.180.1.21/networking/v2.0/security-group-rules 0.118s
2025-12-08 17:22:41.788 65863 INFO tempest.lib.common.rest_client [req-ba76465d-f44d-4814-9cd5-ca2dfc6ef7fe req-ba76465d-f44d-4814-9cd5-ca2dfc6ef7fe ] Request (InstanceUsageAuditLogTestJSON:setUpClass): 201 POST http://10.180.1.21/identity/v3/users 0.082s
2025-12-08 17:22:41.820 65863 INFO tempest.lib.common.rest_client [req-bdab6f75-4e98-46ee-8350-7e69a40bb8b4 req-bdab6f75-4e98-46ee-8350-7e69a40bb8b4 ] Request (InstanceUsageAuditLogTestJSON:setUpClass): 200 GET http://10.180.1.21/identity/v3/roles 0.031s
2025-12-08 17:22:41.879 65863 INFO tempest.lib.common.rest_client [req-cc8bc84a-9971-4d5e-b74d-4092c92a5ec1 req-cc8bc84a-9971-4d5e-b74d-4092c92a5ec1 ] Request (InstanceUsageAuditLogTestJSON:setUpClass): 204 PUT http://10.180.1.21/identity/v3/projects/8439567990504c1dab9e352626ceb6d3/users/e0a155afb2f347f490d10705d3f77982/roles/b3dd0e4209014f9fa504e1e8d33673a7 0.059s
2025-12-08 17:22:41.879 65863 INFO tempest.lib.common.dynamic_creds [-] Dynamic test user e0a155afb2f347f490d10705d3f77982 is created with scope project and roles: ['member']
2025-12-08 17:22:41.880 65863 INFO tempest.lib.common.dynamic_creds [-] Acquired dynamic creds: credentials: Credentials: {'domain_id': 'default', 'domain_name': 'Default', 'username': 'tempest-InstanceUsageAuditLogTestJSON-1533077441-project-member', 'project_domain_id': 'default', 'project_domain_name': 'Default', 'project_id': '8439567990504c1dab9e352626ceb6d3', 'project_name': 'tempest-InstanceUsageAuditLogTestJSON-1533077441', 'tenant_id': '8439567990504c1dab9e352626ceb6d3', 'tenant_name': 'tempest-InstanceUsageAuditLogTestJSON-1533077441', 'user_domain_id': 'default', 'user_domain_name': 'Default', 'user_id': 'e0a155afb2f347f490d10705d3f77982', 'system': None}, Network: None, Subnet: None, Router: None
2025-12-08 17:22:41.880 65863 INFO tempest.lib.common.dynamic_creds [-] Created isolated network resources for: credentials: Credentials: {'domain_id': 'default', 'domain_name': 'Default', 'username': 'tempest-InstanceUsageAuditLogTestJSON-1533077441-project-member', 'project_domain_id': 'default', 'project_domain_name': 'Default', 'project_id': '8439567990504c1dab9e352626ceb6d3', 'project_name': 'tempest-InstanceUsageAuditLogTestJSON-1533077441', 'tenant_id': '8439567990504c1dab9e352626ceb6d3', 'tenant_name': 'tempest-InstanceUsageAuditLogTestJSON-1533077441', 'user_domain_id': 'default', 'user_domain_name': 'Default', 'user_id': 'e0a155afb2f347f490d10705d3f77982', 'system': None}, Network: None, Subnet: None, Router: None
2025-12-08 17:22:41.962 65857 INFO tempest.lib.common.rest_client [req-546d45ec-c57e-4279-a469-2168816885c4 req-546d45ec-c57e-4279-a469-2168816885c4 ] Request (QuotasAdminNegativeTest:test_create_server_when_instances_quota_is_full): 403 POST http://10.180.1.21/compute/v2.1/servers 4.686s
2025-12-08 17:22:41.986 65863 INFO tempest.lib.common.rest_client [req-5974299a-b1e0-4b11-a23d-b2f1294c6e0d req-5974299a-b1e0-4b11-a23d-b2f1294c6e0d ] Request (InstanceUsageAuditLogTestJSON:setUpClass): 201 POST http://10.180.1.21/identity/v3/auth/tokens 0.102s
2025-12-08 17:22:42.065 65863 INFO tempest.lib.common.rest_client [req-d8610113-df79-4a38-9e09-74eef27eb77d req-d8610113-df79-4a38-9e09-74eef27eb77d ] Request (InstanceUsageAuditLogTestJSON:setUpClass): 201 POST http://10.180.1.21/identity/v3/projects 0.079s
2025-12-08 17:22:42.092 65843 INFO tempest.lib.common.rest_client [req-4a00933f-8402-4eca-bf6f-5c042a77c962 req-4a00933f-8402-4eca-bf6f-5c042a77c962 ] Request (ServersAdminNegativeTestJSON:test_migrate_non_existent_server): 404 POST http://10.180.1.21/compute/v2.1/servers/70dd562b-9a0f-492e-a745-c1d3e2a89288/action 4.156s
2025-12-08 17:22:42.142 65863 INFO tempest.lib.common.rest_client [req-d2b885a0-2e70-4145-90be-00f3b18d7353 req-d2b885a0-2e70-4145-90be-00f3b18d7353 ] Request (InstanceUsageAuditLogTestJSON:setUpClass): 201 POST http://10.180.1.21/identity/v3/users 0.076s
2025-12-08 17:22:42.162 65843 INFO tempest.lib.common.rest_client [req-f5919deb-c60e-47ad-a49f-bb6ad70d57e4 req-f5919deb-c60e-47ad-a49f-bb6ad70d57e4 ] Request (ServersAdminNegativeTestJSON:test_migrate_server_invalid_state): 201 POST http://10.180.1.21/identity/v3/auth/tokens 0.060s
2025-12-08 17:22:42.163 65843 INFO tempest.lib.common.fixed_network [-] (ServersAdminNegativeTestJSON:test_migrate_server_invalid_state) Found network None available for tenant
2025-12-08 17:22:42.165 65863 INFO tempest.lib.common.rest_client [req-fe26477a-a813-444e-b155-d580ce34cf64 req-fe26477a-a813-444e-b155-d580ce34cf64 ] Request (InstanceUsageAuditLogTestJSON:setUpClass): 200 GET http://10.180.1.21/identity/v3/roles 0.023s
2025-12-08 17:22:42.197 65863 INFO tempest.lib.common.rest_client [req-06d2c28e-8745-459e-93c2-d632d673dd28 req-06d2c28e-8745-459e-93c2-d632d673dd28 ] Request (InstanceUsageAuditLogTestJSON:setUpClass): 204 PUT http://10.180.1.21/identity/v3/projects/832448934efd4f76a73b1d4d77651795/users/cf0108ea181d4fe9884b28726a77ce5f/roles/f2f5e9156c614b9f990d126505a970b1 0.031s
2025-12-08 17:22:42.254 65863 INFO tempest.lib.common.rest_client [req-f35d2448-68d7-4912-9f5c-054db1f6e1c4 req-f35d2448-68d7-4912-9f5c-054db1f6e1c4 ] Request (InstanceUsageAuditLogTestJSON:setUpClass): 200 GET http://10.180.1.21/identity/v3/roles 0.056s
2025-12-08 17:22:42.275 65863 INFO tempest.lib.common.rest_client [req-ef6fde28-185d-49ef-a864-8b62e3539095 req-ef6fde28-185d-49ef-a864-8b62e3539095 ] Request (InstanceUsageAuditLogTestJSON:setUpClass): 204 PUT http://10.180.1.21/identity/v3/projects/832448934efd4f76a73b1d4d77651795/users/cf0108ea181d4fe9884b28726a77ce5f/roles/f2f5e9156c614b9f990d126505a970b1 0.020s
2025-12-08 17:22:42.275 65863 INFO tempest.lib.common.dynamic_creds [-] Dynamic test user cf0108ea181d4fe9884b28726a77ce5f is created with scope project and roles: ['admin']
2025-12-08 17:22:42.275 65863 INFO tempest.lib.common.dynamic_creds [-] Acquired dynamic creds: credentials: Credentials: {'domain_id': 'default', 'domain_name': 'Default', 'username': 'tempest-InstanceUsageAuditLogTestJSON-1733375895-project-admin', 'project_domain_id': 'default', 'project_domain_name': 'Default', 'project_id': '832448934efd4f76a73b1d4d77651795', 'project_name': 'tempest-InstanceUsageAuditLogTestJSON-1733375895', 'tenant_id': '832448934efd4f76a73b1d4d77651795', 'tenant_name': 'tempest-InstanceUsageAuditLogTestJSON-1733375895', 'user_domain_id': 'default', 'user_domain_name': 'Default', 'user_id': 'cf0108ea181d4fe9884b28726a77ce5f', 'system': None}, Network: None, Subnet: None, Router: None
2025-12-08 17:22:42.275 65863 INFO tempest.lib.common.dynamic_creds [-] Created isolated network resources for: credentials: Credentials: {'domain_id': 'default', 'domain_name': 'Default', 'username': 'tempest-InstanceUsageAuditLogTestJSON-1733375895-project-admin', 'project_domain_id': 'default', 'project_domain_name': 'Default', 'project_id': '832448934efd4f76a73b1d4d77651795', 'project_name': 'tempest-InstanceUsageAuditLogTestJSON-1733375895', 'tenant_id': '832448934efd4f76a73b1d4d77651795', 'tenant_name': 'tempest-InstanceUsageAuditLogTestJSON-1733375895', 'user_domain_id': 'default', 'user_domain_name': 'Default', 'user_id': 'cf0108ea181d4fe9884b28726a77ce5f', 'system': None}, Network: None, Subnet: None, Router: None
2025-12-08 17:22:42.354 65863 INFO tempest.lib.common.rest_client [req-84f21e2b-4dc7-4eb5-bd68-2d030edc90df req-84f21e2b-4dc7-4eb5-bd68-2d030edc90df ] Request (InstanceUsageAuditLogTestJSON:setUpClass): 201 POST http://10.180.1.21/identity/v3/auth/tokens 0.076s
2025-12-08 17:22:42.357 65817 INFO tempest.lib.common.rest_client [req-93bc1490-5fb0-4ebe-b59e-7482a9072b5a req-93bc1490-5fb0-4ebe-b59e-7482a9072b5a ] Request (ServerActionsTestOtherB:setUpClass): 201 POST http://10.180.1.21/networking/v2.0/floatingips 0.630s
2025-12-08 17:22:42.423 65817 INFO tempest.lib.common.rest_client [req-20e9acdd-981d-49da-ac35-8f504896b6fb req-20e9acdd-981d-49da-ac35-8f504896b6fb ] Request (ServerActionsTestOtherB:setUpClass): 201 POST http://10.180.1.21/identity/v3/auth/tokens 0.058s
2025-12-08 17:22:42.423 65817 INFO tempest.lib.common.fixed_network [-] (ServerActionsTestOtherB:setUpClass) Found network {'id': '6fa83dea-1d83-4041-ae56-d9e5e5278559', 'name': 'tempest-ServerActionsTestOtherB-78264896-network', 'tenant_id': 'a4a79f75fe9f47d4a1cca9aa9f9c3901', 'project_id': 'a4a79f75fe9f47d4a1cca9aa9f9c3901', 'admin_state_up': True, 'mtu': 8950, 'status': 'ACTIVE', 'subnets': [], 'shared': False, 'port_security_enabled': True, 'router:external': False, 'provider:network_type': 'vlan', 'provider:physical_network': 'default', 'provider:segmentation_id': 535, 'availability_zone_hints': [], 'availability_zones': [], 'ipv4_address_scope': None, 'ipv6_address_scope': None, 'description': '', 'tags': [], 'created_at': '2025-12-08T17:22:33Z', 'updated_at': '2025-12-08T17:22:33Z', 'revision_number': 1} available for tenant
2025-12-08 17:22:42.541 65819 INFO tempest.lib.common.rest_client [req-8ab47c40-0ffb-40f5-a882-659990e02cd4 req-8ab47c40-0ffb-40f5-a882-659990e02cd4 ] Request (AttachVolumeNegativeTest:test_attach_attached_volume_to_different_server): 200 GET http://10.180.1.21/compute/v2.1/servers/6298b6d7-5892-48cc-b808-eeca3d91f57e 4.532s
2025-12-08 17:22:42.564 65851 INFO tempest.lib.common.rest_client [req-e790efc8-d17d-4fa7-a056-a494b26fe202 req-e790efc8-d17d-4fa7-a056-a494b26fe202 ] Request (ServicesAdminNegativeTestJSON:test_get_service_by_invalid_params): 200 GET http://10.180.1.21/compute/v2.1/os-services?xxx=nova-compute 4.493s
2025-12-08 17:22:42.598 65853 INFO tempest.lib.common.rest_client [req-dfdd0f9c-fc1c-4222-9d49-2643013986c3 req-dfdd0f9c-fc1c-4222-9d49-2643013986c3 ] Request (ImagesOneServerNegativeTestJSON:setUpClass): 202 POST http://10.180.1.21/compute/v2.1/servers 4.830s
2025-12-08 17:22:42.629 65829 INFO tempest.lib.common.rest_client [req-44b43d2a-ecd4-414f-a4e2-b3b0ab2ff6d7 req-44b43d2a-ecd4-414f-a4e2-b3b0ab2ff6d7 ] Request (FloatingIPsTestJSON:test_delete_floating_ip): 404 GET http://10.180.1.21/compute/v2.1/os-floating-ips/0d24a859-230b-431c-b238-cf9b5226092e 3.852s
2025-12-08 17:22:42.642 65807 INFO tempest.lib.common.rest_client [req-c352b9f7-ce06-44ad-a0af-001fcd73f01e req-c352b9f7-ce06-44ad-a0af-001fcd73f01e ] Request (HostsAdminNegativeTestJSON:test_shutdown_nonexistent_host): 404 GET http://10.180.1.21/compute/v2.1/os-hosts/nonexistent_hostname/shutdown 3.836s
2025-12-08 17:22:42.668 65805 INFO tempest.lib.common.rest_client [req-1f3b06b5-6f6f-4763-9a9e-0fea3db121be req-1f3b06b5-6f6f-4763-9a9e-0fea3db121be ] Request (FlavorsExtraSpecsNegativeTestJSON:test_flavor_non_admin_update_specific_key): 200 POST http://10.180.1.21/compute/v2.1/flavors/487587116/os-extra_specs 3.859s
2025-12-08 17:22:42.694 65813 INFO tempest.lib.common.rest_client [req-2784bc0a-4fa5-46d4-b6fa-27476248fd73 req-2784bc0a-4fa5-46d4-b6fa-27476248fd73 ] Request (ServersAdmin275Test:test_rebuild_update_server_275): 200 GET http://10.180.1.21/compute/v2.1/servers/101b6ef8-fab1-4626-9524-4e080c5ad298 4.000s
2025-12-08 17:22:42.699 65815 INFO tempest.lib.common.rest_client [req-69aa17fe-a6b3-47b8-a75a-d0d2cb1bf3b7 req-69aa17fe-a6b3-47b8-a75a-d0d2cb1bf3b7 ] Request (ServicesAdminNegativeV253TestJSON:test_get_service_by_invalid_service_and_valid_host): 200 GET http://10.180.1.21/compute/v2.1/os-services 3.869s
2025-12-08 17:22:42.729 65825 INFO tempest.lib.common.rest_client [req-3f5cc0a2-c7b2-470f-bf41-ca36ede199b5 req-3f5cc0a2-c7b2-470f-bf41-ca36ede199b5 ] Request (FlavorsAccessNegativeTestJSON:test_flavor_access_list_with_public_flavor): 200 POST http://10.180.1.21/compute/v2.1/flavors 3.862s
2025-12-08 17:22:42.789 65809 INFO tempest.lib.common.rest_client [req-9c058dc0-331b-4bf2-a0e3-374fc128cf6c req-9c058dc0-331b-4bf2-a0e3-374fc128cf6c ] Request (FlavorsExtraSpecsTestJSON:test_flavor_set_get_update_show_unset_keys): 200 PUT http://10.180.1.21/compute/v2.1/flavors/498528722/os-extra_specs/hw:numa_nodes 3.449s
2025-12-08 17:22:42.827 65811 INFO tempest.lib.common.rest_client [req-48898785-1699-45a2-b2a0-1a16f92aae82 req-48898785-1699-45a2-b2a0-1a16f92aae82 ] Request (ValidationResourcesFixture:setUp): 200 POST http://10.180.1.21/compute/v2.1/os-keypairs 3.464s
2025-12-08 17:22:42.850 65845 INFO tempest.lib.common.rest_client [req-6539b514-a351-4f62-9123-38ad4336d3fc req-6539b514-a351-4f62-9123-38ad4336d3fc ] Request (HypervisorAdminNegativeTestJSON:test_get_hypervisor_uptime_with_non_admin_user): 200 GET http://10.180.1.21/compute/v2.1/os-hypervisors 4.016s
2025-12-08 17:22:42.864 65831 INFO tempest.lib.common.rest_client [req-7876c660-b6c9-4dc4-b3c1-b9802201e04b req-7876c660-b6c9-4dc4-b3c1-b9802201e04b ] Request (FlavorsAdminTestJSON:test_create_flavor_with_int_id): 200 POST http://10.180.1.21/compute/v2.1/flavors 3.240s
2025-12-08 17:22:42.955 65811 INFO tempest.lib.common.rest_client [req-3dfe729d-628a-42f4-8229-1fd2d65e1370 req-3dfe729d-628a-42f4-8229-1fd2d65e1370 ] Request (ValidationResourcesFixture:setUp): 201 POST http://10.180.1.21/networking/v2.0/security-groups 0.127s
2025-12-08 17:22:43.129 65811 INFO tempest.lib.common.rest_client [req-757fafc8-59b4-4c47-bc8b-486da5a876fb req-757fafc8-59b4-4c47-bc8b-486da5a876fb ] Request (ValidationResourcesFixture:setUp): 201 POST http://10.180.1.21/networking/v2.0/security-group-rules 0.173s
2025-12-08 17:22:43.373 65811 INFO tempest.lib.common.rest_client [req-567011e3-c3f8-4d10-b02e-2da6f11e5c4b req-567011e3-c3f8-4d10-b02e-2da6f11e5c4b ] Request (ValidationResourcesFixture:setUp): 201 POST http://10.180.1.21/networking/v2.0/security-group-rules 0.243s
2025-12-08 17:22:43.409 65867 INFO tempest.lib.common.rest_client [req-0e78ecc1-7a43-45c9-8fbc-7f52987f2c78 req-0e78ecc1-7a43-45c9-8fbc-7f52987f2c78 ] Request (SecurityGroupsTestAdminJSON:test_list_security_groups_list_all_tenants_filter): 200 GET http://10.180.1.21/compute/v2.1/os-security-groups?all_tenants=true 3.667s
2025-12-08 17:22:43.515 65837 INFO tempest.lib.common.rest_client [req-b5112f2b-448c-4003-aa5c-c2a77ea8c58e req-b5112f2b-448c-4003-aa5c-c2a77ea8c58e ] Request (ServerExternalEventsTest:test_create_server_external_events): 200 POST http://10.180.1.21/compute/v2.1/os-server-external-events 3.653s
2025-12-08 17:22:43.581 65847 INFO tempest.lib.common.rest_client [req-d44f4e3b-0d06-4e14-bee7-274d68fa5d0b req-d44f4e3b-0d06-4e14-bee7-274d68fa5d0b ] Request (AggregatesAdminNegativeTestJSON:test_aggregate_add_host_as_user): 403 POST http://10.180.1.21/compute/v2.1/os-aggregates/2/action 3.341s
2025-12-08 17:22:43.602 65821 INFO tempest.lib.common.rest_client [req-01836a73-1ad0-464b-b3f7-a1632f6eabe6 req-01836a73-1ad0-464b-b3f7-a1632f6eabe6 ] Request (HostsAdminTestJSON:test_list_hosts_with_zone): 200 GET http://10.180.1.21/compute/v2.1/os-hosts?zone=internal 3.335s
2025-12-08 17:22:43.791 65859 INFO tempest.lib.common.rest_client [req-89f8772c-5658-4c6a-b3f5-01c960ed280f req-89f8772c-5658-4c6a-b3f5-01c960ed280f ] Request (FloatingIPsAssociationTestJSON:setUpClass): 200 POST http://10.180.1.21/compute/v2.1/os-floating-ips 4.193s
2025-12-08 17:22:43.827 65811 INFO tempest.lib.common.rest_client [req-20cab49a-ac8a-4ee3-9758-9cc07ed9347b req-20cab49a-ac8a-4ee3-9758-9cc07ed9347b ] Request (ValidationResourcesFixture:setUp): 201 POST http://10.180.1.21/networking/v2.0/floatingips 0.453s
2025-12-08 17:22:43.836 65835 INFO tempest.lib.common.rest_client [req-931c1ddd-3d69-4578-95bd-f2290b235016 req-931c1ddd-3d69-4578-95bd-f2290b235016 ] Request (ServerDiagnosticsNegativeTest:test_get_server_diagnostics_by_non_admin): 200 GET http://10.180.1.21/compute/v2.1/servers/2ceb8324-07de-45d9-bc39-b8661a6a35e4 3.500s
2025-12-08 17:22:43.837 65823 INFO tempest.lib.common.rest_client [req-a225b127-7ba4-4d7c-a5f3-243469b96b15 req-a225b127-7ba4-4d7c-a5f3-243469b96b15 ] Request (ListImageFiltersTestJSON:setUpClass): 200 GET http://10.180.1.21/compute/v2.1/images/1cc2a759-75a3-4d5e-b16b-12ad830962d4 3.284s
2025-12-08 17:22:43.877 65849 INFO tempest.lib.common.rest_client [req-e29260b5-21d8-4740-8e28-558e145b6d2d req-e29260b5-21d8-4740-8e28-558e145b6d2d ] Request (TenantUsagesTestJSON:test_get_usage_tenant_with_non_admin_user): 200 GET http://10.180.1.21/compute/v2.1/os-simple-tenant-usage/a808578606f64b4a89dcda5b1688ebca?start=2025-12-07T17%3A22%3A34.463482&end=2025-12-09T17%3A22%3A34.463482 3.084s
2025-12-08 17:22:43.891 65859 INFO tempest.lib.common.rest_client [req-356dd0a1-43b7-4022-94ef-5b6091c4f3b8 req-356dd0a1-43b7-4022-94ef-5b6091c4f3b8 ] Request (FloatingIPsAssociationTestJSON:test_associate_already_associated_floating_ip): 201 POST http://10.180.1.21/identity/v3/auth/tokens 0.092s
2025-12-08 17:22:43.892 65859 INFO tempest.lib.common.fixed_network [-] (FloatingIPsAssociationTestJSON:test_associate_already_associated_floating_ip) Found network {'id': '826f617c-9058-47a8-9ab9-dc3c74f75320', 'name': 'tempest-FloatingIPsAssociationTestJSON-381840079-network', 'tenant_id': 'd16e453e4fe34602943010b8b42c43cb', 'project_id': 'd16e453e4fe34602943010b8b42c43cb', 'admin_state_up': True, 'mtu': 8950, 'status': 'ACTIVE', 'subnets': [], 'shared': False, 'port_security_enabled': True, 'router:external': False, 'provider:network_type': 'vlan', 'provider:physical_network': 'default', 'provider:segmentation_id': 221, 'availability_zone_hints': [], 'availability_zones': [], 'ipv4_address_scope': None, 'ipv6_address_scope': None, 'description': '', 'tags': [], 'created_at': '2025-12-08T17:22:04Z', 'updated_at': '2025-12-08T17:22:04Z', 'revision_number': 1} available for tenant
2025-12-08 17:22:43.913 65811 INFO tempest.lib.common.rest_client [req-e13ca038-1500-4eed-9c15-0d2a4c666706 req-e13ca038-1500-4eed-9c15-0d2a4c666706 ] Request (ServersWithSpecificFlavorTestJSON:test_verify_created_server_ephemeral_disk): 201 POST http://10.180.1.21/identity/v3/auth/tokens 0.082s
2025-12-08 17:22:43.914 65811 INFO tempest.lib.common.fixed_network [-] (ServersWithSpecificFlavorTestJSON:test_verify_created_server_ephemeral_disk) Found network {'id': '5d545434-8a0b-4c58-969a-3aaba5203c8a', 'name': 'tempest-ServersWithSpecificFlavorTestJSON-77448742-network', 'tenant_id': 'caa6b5f69be14085ad92afab48d5509a', 'project_id': 'caa6b5f69be14085ad92afab48d5509a', 'admin_state_up': True, 'mtu': 8950, 'status': 'ACTIVE', 'subnets': [], 'shared': False, 'port_security_enabled': True, 'router:external': False, 'provider:network_type': 'vlan', 'provider:physical_network': 'default', 'provider:segmentation_id': 300, 'availability_zone_hints': [], 'availability_zones': [], 'ipv4_address_scope': None, 'ipv6_address_scope': None, 'description': '', 'tags': [], 'created_at': '2025-12-08T17:21:55Z', 'updated_at': '2025-12-08T17:21:55Z', 'revision_number': 1} available for tenant
2025-12-08 17:22:43.998 65865 INFO tempest.lib.common.rest_client [req-444d6ae1-017a-402b-80e4-c3142093f339 req-444d6ae1-017a-402b-80e4-c3142093f339 ] Request (KeyPairsV2TestJSON:test_get_keypair_detail): 200 POST http://10.180.1.21/compute/v2.1/os-keypairs 3.292s
2025-12-08 17:22:44.074 65827 INFO tempest.lib.common.rest_client [req-50f61785-f59a-4971-9988-a441eec29ec0 req-50f61785-f59a-4971-9988-a441eec29ec0 ] Request (ServerDiagnosticsTest:test_get_server_diagnostics): 200 GET http://10.180.1.21/compute/v2.1/servers/d7335ae7-683b-4729-b771-29ac97585830 2.856s
2025-12-08 17:22:44.167 65833 INFO tempest.lib.common.rest_client [req-bb874bd3-5ca3-4a9d-a071-66b53a969ac8 req-bb874bd3-5ca3-4a9d-a071-66b53a969ac8 ] Request (DeleteServersAdminTestJSON:test_admin_delete_servers_of_others): 204 DELETE http://10.180.1.21/compute/v2.1/servers/12878a90-86d2-4609-80aa-de0d1bdb64c0 3.338s
2025-12-08 17:22:44.219 65839 INFO tempest.lib.common.rest_client [req-d4d7bd60-44e3-4e8d-88c2-1a798b6d642f req-d4d7bd60-44e3-4e8d-88c2-1a798b6d642f ] Request (VolumesAssistedSnapshotsTest:test_volume_assisted_snapshot_create_delete): 200 GET http://10.180.1.21/compute/v2.1/servers/b72f98f6-f233-4a51-b4ac-fef6364407f1 2.701s
2025-12-08 17:22:44.295 65823 INFO tempest.lib.common.rest_client [req-21ecdf55-f862-4f22-8f48-92b45e235e17 req-21ecdf55-f862-4f22-8f48-92b45e235e17 ] Request (ListImageFiltersTestJSON:setUpClass): 201 POST http://10.180.1.21/image/v2/images 0.453s
2025-12-08 17:22:44.389 65841 INFO tempest.lib.common.rest_client [req-2296e3cc-8d6a-4de8-b54d-431ea9133e43 req-2296e3cc-8d6a-4de8-b54d-431ea9133e43 ] Request (ServersAdminTestJSON:setUpClass): 200 GET http://10.180.1.21/compute/v2.1/servers/cd954db3-685f-4f7b-8ef4-c9d0dca58eef 2.428s
2025-12-08 17:22:44.397 65841 INFO tempest.common.waiters [-] State transition "BUILD/networking" ==> "BUILD/spawning" after 9 second wait
2025-12-08 17:22:44.518 65857 INFO tempest.lib.common.rest_client [req-eca4d710-d6e0-434c-a917-84bf01fa1480 req-eca4d710-d6e0-434c-a917-84bf01fa1480 ] Request (QuotasAdminNegativeTest:_run_cleanups): 200 PUT http://10.180.1.21/compute/v2.1/os-quota-sets/eefdf8bd6a004c0c8786aec13f35465a 2.555s
2025-12-08 17:22:44.724 65861 INFO tempest.lib.common.rest_client [req-9a3330e8-9a1f-470c-9cac-af6cb30dca7e req-9a3330e8-9a1f-470c-9cac-af6cb30dca7e ] Request (ServersTestBootFromVolume:setUpClass): 202 POST http://10.180.1.21/compute/v2.1/servers 3.191s
2025-12-08 17:22:44.763 65843 INFO tempest.lib.common.rest_client [req-3e701d02-e80f-4fa6-b3f9-19509ba03b72 req-3e701d02-e80f-4fa6-b3f9-19509ba03b72 ] Request (ServersAdminNegativeTestJSON:test_migrate_server_invalid_state): 202 POST http://10.180.1.21/compute/v2.1/servers 2.599s
2025-12-08 17:22:44.809 65863 INFO tempest.lib.common.rest_client [req-a96e577c-29c7-40d2-9de9-27a49d5df3bb req-a96e577c-29c7-40d2-9de9-27a49d5df3bb ] Request (InstanceUsageAuditLogTestJSON:test_get_instance_usage_audit_log): 200 GET http://10.180.1.21/compute/v2.1/os-instance_usage_audit_log/2025-12-08%2017%3A22%3A42 2.453s
2025-12-08 17:22:44.891 65855 INFO tempest.lib.common.rest_client [req-81f65130-55ec-4606-bef5-bcb1e486b7b9 req-81f65130-55ec-4606-bef5-bcb1e486b7b9 ] Request (MigrationsAdminTest:test_list_migrations_in_flavor_resize_situation): 200 GET http://10.180.1.21/compute/v2.1/servers/b9df7ebd-a64a-4031-89f7-75a8aee3c74c 2.699s
2025-12-08 17:22:44.902 65855 INFO tempest.common.waiters [-] State transition "BUILD/spawning" ==> "ACTIVE/None" after 21 second wait
2025-12-08 17:22:44.910 65851 INFO tempest.lib.common.rest_client [req-d4737ef7-efd3-4e3e-8693-c8b6581aa89a req-d4737ef7-efd3-4e3e-8693-c8b6581aa89a ] Request (ServicesAdminNegativeTestJSON:test_get_service_by_invalid_service_and_valid_host): 200 GET http://10.180.1.21/compute/v2.1/os-services 2.336s
2025-12-08 17:22:44.963 65853 INFO tempest.lib.common.rest_client [req-fd47a386-19b3-4766-abdb-627b7f6b31b8 req-fd47a386-19b3-4766-abdb-627b7f6b31b8 ] Request (ImagesOneServerNegativeTestJSON:setUpClass): 200 GET http://10.180.1.21/compute/v2.1/servers/576a1826-8e83-46fa-832d-87c62ff7d02e 2.363s
2025-12-08 17:22:44.993 65829 INFO tempest.lib.common.rest_client [req-d2c976cb-5b80-435d-a8b3-dda979214924 req-d2c976cb-5b80-435d-a8b3-dda979214924 ] Request (FloatingIPsTestJSON:_run_cleanups): 404 DELETE http://10.180.1.21/compute/v2.1/os-floating-ips/0d24a859-230b-431c-b238-cf9b5226092e 2.364s
2025-12-08 17:22:45.001 65807 INFO tempest.lib.common.rest_client [req-f0e54504-4b59-4e3b-8aef-f6a14755673d req-f0e54504-4b59-4e3b-8aef-f6a14755673d ] Request (HostsAdminNegativeTestJSON:test_startup_host_with_non_admin_user): 403 GET http://10.180.1.21/compute/v2.1/os-hosts/devstack/startup 2.358s
2025-12-08 17:22:45.006 65805 INFO tempest.lib.common.rest_client [req-562f4682-5810-4d93-9c4a-ec34d2f7817c req-562f4682-5810-4d93-9c4a-ec34d2f7817c ] Request (FlavorsExtraSpecsNegativeTestJSON:test_flavor_non_admin_update_specific_key): 403 PUT http://10.180.1.21/compute/v2.1/flavors/487587116/os-extra_specs/hw:numa_nodes 2.337s
2025-12-08 17:22:45.031 65815 INFO tempest.lib.common.rest_client [req-a15674e7-e498-4ed9-b05b-219bfe19d43f req-a15674e7-e498-4ed9-b05b-219bfe19d43f ] Request (ServicesAdminNegativeV253TestJSON:test_get_service_by_invalid_service_and_valid_host): 200 GET http://10.180.1.21/compute/v2.1/os-services?host=devstack&binary=xxx 2.329s
2025-12-08 17:22:45.041 65825 INFO tempest.lib.common.rest_client [req-322dd33d-9ff7-411f-9dd0-756fc57b9e04 req-322dd33d-9ff7-411f-9dd0-756fc57b9e04 ] Request (FlavorsAccessNegativeTestJSON:test_flavor_access_list_with_public_flavor): 404 GET http://10.180.1.21/compute/v2.1/flavors/2037599541/os-flavor-access 2.309s
2025-12-08 17:22:45.052 65809 INFO tempest.lib.common.rest_client [req-978a6c43-d125-474a-95ac-56730f2af62f req-978a6c43-d125-474a-95ac-56730f2af62f ] Request (FlavorsExtraSpecsTestJSON:test_flavor_set_get_update_show_unset_keys): 200 GET http://10.180.1.21/compute/v2.1/flavors/498528722/os-extra_specs 2.261s
2025-12-08 17:22:45.056 65845 INFO tempest.lib.common.rest_client [req-f67ceef6-aafa-4aec-a1ca-ef25d1f72932 req-f67ceef6-aafa-4aec-a1ca-ef25d1f72932 ] Request (HypervisorAdminNegativeTestJSON:test_get_hypervisor_uptime_with_non_admin_user): 403 GET http://10.180.1.21/compute/v2.1/os-hypervisors/1/uptime 2.205s
2025-12-08 17:22:45.074 65831 INFO tempest.lib.common.rest_client [req-11823e7e-11b6-4874-93d7-b6857ee261f9 req-11823e7e-11b6-4874-93d7-b6857ee261f9 ] Request (FlavorsAdminTestJSON:_run_cleanups): 202 DELETE http://10.180.1.21/compute/v2.1/flavors/366690279 2.208s
2025-12-08 17:22:45.200 65817 INFO tempest.lib.common.rest_client [req-e735187a-3026-4105-a1c8-c74721d67c28 req-e735187a-3026-4105-a1c8-c74721d67c28 ] Request (ServerActionsTestOtherB:setUpClass): 202 POST http://10.180.1.21/compute/v2.1/servers 2.775s
2025-12-08 17:22:45.367 65837 INFO tempest.lib.common.rest_client [req-e342c656-d1a2-4015-86c8-2bf87707ad20 req-e342c656-d1a2-4015-86c8-2bf87707ad20 ] Request (ServerExternalEventsTest:tearDownClass): 204 DELETE http://10.180.1.21/compute/v2.1/servers/a2724af1-294c-4358-9aa3-938b7d8db7d4 1.844s
2025-12-08 17:22:45.410 65867 INFO tempest.lib.common.rest_client [req-539537ec-7777-4b98-9f26-15c9d5d67aff req-539537ec-7777-4b98-9f26-15c9d5d67aff ] Request (SecurityGroupsTestAdminJSON:_run_cleanups): 202 DELETE http://10.180.1.21/compute/v2.1/os-security-groups/0552259d-630d-49b9-9933-5da364fe34c0 1.996s
2025-12-08 17:22:45.448 65847 INFO tempest.lib.common.rest_client [req-b8b420f0-f148-4db2-b259-7f05713aa3fa req-b8b420f0-f148-4db2-b259-7f05713aa3fa ] Request (AggregatesAdminNegativeTestJSON:_run_cleanups): 200 DELETE http://10.180.1.21/compute/v2.1/os-aggregates/2 1.866s
2025-12-08 17:22:45.485 65821 INFO tempest.lib.common.rest_client [req-ebaf100d-caa9-4776-bddf-f38672e9af64 req-ebaf100d-caa9-4776-bddf-f38672e9af64 ] Request (HostsAdminTestJSON:test_show_host_detail): 200 GET http://10.180.1.21/compute/v2.1/os-hosts 1.881s
2025-12-08 17:22:46.001 65829 INFO tempest.lib.common.rest_client [req-22a98485-6cbe-4d36-9620-4201551063c9 req-22a98485-6cbe-4d36-9620-4201551063c9 ] Request (FloatingIPsTestJSON:tearDownClass): 200 PUT http://10.180.1.21/networking/v2.0/routers/24924958-bc9d-468f-9f22-ff2283d0c11f/remove_router_interface 1.006s
2025-12-08 17:22:46.035 65813 INFO tempest.lib.common.rest_client [req-28f7bd1c-8279-421d-a6dc-8ae172c9d29c req-28f7bd1c-8279-421d-a6dc-8ae172c9d29c ] Request (ServersAdmin275Test:test_rebuild_update_server_275): 200 GET http://10.180.1.21/compute/v2.1/servers/101b6ef8-fab1-4626-9524-4e080c5ad298 2.326s
2025-12-08 17:22:46.046 65813 INFO tempest.common.waiters [-] State transition "REBUILD/rebuild_spawning" ==> "ACTIVE/None" after 9 second wait
2025-12-08 17:22:46.058 65819 INFO tempest.lib.common.rest_client [req-0ccb9df5-76f1-4346-90ba-26e00f246296 req-0ccb9df5-76f1-4346-90ba-26e00f246296 ] Request (AttachVolumeNegativeTest:test_attach_attached_volume_to_different_server): 200 GET http://10.180.1.21/compute/v2.1/servers/6298b6d7-5892-48cc-b808-eeca3d91f57e 2.509s
2025-12-08 17:22:46.072 65819 INFO tempest.common.waiters [-] State transition "BUILD/spawning" ==> "ACTIVE/None" after 19 second wait
2025-12-08 17:22:46.088 65849 INFO tempest.lib.common.rest_client [req-b2c8dd41-0e78-48bd-99cc-f3552072ede3 req-b2c8dd41-0e78-48bd-99cc-f3552072ede3 ] Request (TenantUsagesTestJSON:test_list_usage_all_tenants): 200 GET http://10.180.1.21/compute/v2.1/os-simple-tenant-usage?start=2025-12-07T17%3A22%3A34.463482&end=2025-12-09T17%3A22%3A34.463482&detailed=1 2.203s
2025-12-08 17:22:46.185 65823 INFO tempest.lib.common.rest_client [req-fe51a8e1-1977-46d8-b1b9-2a53c2f0e1da req-fe51a8e1-1977-46d8-b1b9-2a53c2f0e1da ] Request (ListImageFiltersTestJSON:setUpClass): 204 PUT http://10.180.1.21/image/v2/images/e226774f-be29-4d93-b7f3-6666c073fad9/file 0.889s
2025-12-08 17:22:46.969 65829 INFO tempest.lib.common.rest_client [req-a611fd1c-9fed-4475-a18f-b942672638a8 req-a611fd1c-9fed-4475-a18f-b942672638a8 ] Request (FloatingIPsTestJSON:tearDownClass): 204 DELETE http://10.180.1.21/networking/v2.0/routers/24924958-bc9d-468f-9f22-ff2283d0c11f 0.967s
2025-12-08 17:22:47.412 65829 INFO tempest.lib.common.rest_client [req-e6654b03-3cc6-4288-8582-79762fa0122a req-e6654b03-3cc6-4288-8582-79762fa0122a ] Request (FloatingIPsTestJSON:tearDownClass): 204 DELETE http://10.180.1.21/networking/v2.0/subnets/d17cd5fc-fe8d-4723-97b2-286b89c7013b 0.443s
2025-12-08 17:22:48.067 65829 INFO tempest.lib.common.rest_client [req-49eac441-dd21-418f-b11b-5e18386fb400 req-49eac441-dd21-418f-b11b-5e18386fb400 ] Request (FloatingIPsTestJSON:tearDownClass): 204 DELETE http://10.180.1.21/networking/v2.0/networks/c1588e4a-ce40-4cb4-8e5b-487678aa7265 0.655s
2025-12-08 17:22:48.112 65859 INFO tempest.lib.common.rest_client [req-c1698801-4324-4eda-bbc0-bbfbb2063f20 req-c1698801-4324-4eda-bbc0-bbfbb2063f20 ] Request (FloatingIPsAssociationTestJSON:test_associate_already_associated_floating_ip): 202 POST http://10.180.1.21/compute/v2.1/servers 4.219s
2025-12-08 17:22:48.124 65865 INFO tempest.lib.common.rest_client [req-91c7099b-cfc9-4d9a-84c6-f252d85e375e req-91c7099b-cfc9-4d9a-84c6-f252d85e375e ] Request (KeyPairsV2TestJSON:test_get_keypair_detail): 200 GET http://10.180.1.21/compute/v2.1/os-keypairs/tempest-keypair-1324702696 4.124s
2025-12-08 17:22:48.192 65811 INFO tempest.lib.common.rest_client [req-76c28507-cb82-4398-8ec8-740d2fe091d4 req-76c28507-cb82-4398-8ec8-740d2fe091d4 ] Request (ServersWithSpecificFlavorTestJSON:test_verify_created_server_ephemeral_disk): 202 POST http://10.180.1.21/compute/v2.1/servers 4.277s
2025-12-08 17:22:48.196 65829 INFO tempest.lib.common.rest_client [req-c946430e-e047-42fa-a2ea-a412c674aad3 req-c946430e-e047-42fa-a2ea-a412c674aad3 ] Request (FloatingIPsTestJSON:tearDownClass): 204 DELETE http://10.180.1.21/identity/v3/users/2066807285fb4e7e967e0faf2636369d 0.128s
2025-12-08 17:22:48.196 65829 INFO tempest.lib.common.dynamic_creds [-] Deleting project and security group for project: 498837b80e094ff29159edfbb0cc31ca
2025-12-08 17:22:48.207 65833 INFO tempest.lib.common.rest_client [req-62c82c81-856b-44c6-a9dc-602ea55f546d req-62c82c81-856b-44c6-a9dc-602ea55f546d ] Request (DeleteServersAdminTestJSON:test_admin_delete_servers_of_others): 200 GET http://10.180.1.21/compute/v2.1/servers/12878a90-86d2-4609-80aa-de0d1bdb64c0 4.040s
2025-12-08 17:22:48.250 65829 INFO tempest.lib.common.rest_client [req-7443d819-a678-4676-a9e4-e8482b65f046 req-7443d819-a678-4676-a9e4-e8482b65f046 ] Request (FloatingIPsTestJSON:tearDownClass): 200 GET http://10.180.1.21/networking/v2.0/security-groups?tenant_id=498837b80e094ff29159edfbb0cc31ca&name=default 0.053s
2025-12-08 17:22:48.304 65861 INFO tempest.lib.common.rest_client [req-29fe5e71-9af7-4314-be38-1325c20dd1ee req-29fe5e71-9af7-4314-be38-1325c20dd1ee ] Request (ServersTestBootFromVolume:setUpClass): 200 GET http://10.180.1.21/compute/v2.1/servers/fa53b330-ff80-4666-bf9e-1664d5c3d23e 3.578s
2025-12-08 17:22:48.337 65857 INFO tempest.lib.common.rest_client [req-0e1d46d4-8836-4535-be50-b24c0028310e req-0e1d46d4-8836-4535-be50-b24c0028310e ] Request (QuotasAdminNegativeTest:test_create_server_when_memory_quota_is_full): 200 GET http://10.180.1.21/compute/v2.1/os-quota-sets/eefdf8bd6a004c0c8786aec13f35465a 3.816s
2025-12-08 17:22:48.351 65863 INFO tempest.lib.common.rest_client [req-991da709-c7d8-4261-8b75-8af51a6bcfbf req-991da709-c7d8-4261-8b75-8af51a6bcfbf ] Request (InstanceUsageAuditLogTestJSON:test_list_instance_usage_audit_logs): 200 GET http://10.180.1.21/compute/v2.1/os-instance_usage_audit_log 3.538s
2025-12-08 17:22:48.358 65829 INFO tempest.lib.common.rest_client [req-0bde1ce1-4fce-492c-a6d7-35384c41589e req-0bde1ce1-4fce-492c-a6d7-35384c41589e ] Request (FloatingIPsTestJSON:tearDownClass): 204 DELETE http://10.180.1.21/networking/v2.0/security-groups/b0a929a7-a537-48f4-82f6-d4e119129af4 0.104s
2025-12-08 17:22:48.367 65843 INFO tempest.lib.common.rest_client [req-104f947a-7197-4b29-ba68-79500767c0cc req-104f947a-7197-4b29-ba68-79500767c0cc ] Request (ServersAdminNegativeTestJSON:test_migrate_server_invalid_state): 200 GET http://10.180.1.21/compute/v2.1/servers/059f932f-aa5a-46ff-a179-9826341731db 3.601s
2025-12-08 17:22:48.499 65835 INFO tempest.lib.common.rest_client [req-f3346729-d2d7-4ccb-ac45-e82671839093 req-f3346729-d2d7-4ccb-ac45-e82671839093 ] Request (ServerDiagnosticsNegativeTest:test_get_server_diagnostics_by_non_admin): 200 GET http://10.180.1.21/compute/v2.1/servers/2ceb8324-07de-45d9-bc39-b8661a6a35e4 3.655s
2025-12-08 17:22:48.516 65829 INFO tempest.lib.common.rest_client [req-fb96d002-6a79-4ccf-bfd7-5b178f47b106 req-fb96d002-6a79-4ccf-bfd7-5b178f47b106 ] Request (FloatingIPsTestJSON:tearDownClass): 204 DELETE http://10.180.1.21/identity/v3/projects/498837b80e094ff29159edfbb0cc31ca 0.155s
2025-12-08 17:22:48.537 65863 INFO tempest.lib.common.rest_client [req-7ae23b34-e86c-40bc-a475-db7acec5eaf4 req-7ae23b34-e86c-40bc-a475-db7acec5eaf4 ] Request (InstanceUsageAuditLogTestJSON:tearDownClass): 204 DELETE http://10.180.1.21/identity/v3/users/e0a155afb2f347f490d10705d3f77982 0.181s
2025-12-08 17:22:48.569 65851 INFO tempest.lib.common.rest_client [req-d99a5302-ba15-411d-95a0-5801ce92f5ad req-d99a5302-ba15-411d-95a0-5801ce92f5ad ] Request (ServicesAdminNegativeTestJSON:test_get_service_by_invalid_service_and_valid_host): 200 GET http://10.180.1.21/compute/v2.1/os-services?host=devstack&binary=xxx 3.656s
2025-12-08 17:22:48.581 65807 INFO tempest.lib.common.rest_client [req-ddaada82-c4b1-43f3-b0b4-437e988e1d45 req-ddaada82-c4b1-43f3-b0b4-437e988e1d45 ] Request (HostsAdminNegativeTestJSON:test_startup_nonexistent_host): 404 GET http://10.180.1.21/compute/v2.1/os-hosts/nonexistent_hostname/startup 3.579s
2025-12-08 17:22:48.588 65805 INFO tempest.lib.common.rest_client [req-2b679ef5-67cc-4899-9f05-9d25761b4ae0 req-2b679ef5-67cc-4899-9f05-9d25761b4ae0 ] Request (FlavorsExtraSpecsNegativeTestJSON:test_flavor_unset_nonexistent_key): 404 DELETE http://10.180.1.21/compute/v2.1/flavors/487587116/os-extra_specs/hw:cpu_thread_policy 3.580s
2025-12-08 17:22:48.608 65829 INFO tempest.lib.common.rest_client [req-6eca1f95-232a-412c-8123-8c8a585b23f1 req-6eca1f95-232a-412c-8123-8c8a585b23f1 ] Request (ImagesOneServerTestJSON:setUpClass): 201 POST http://10.180.1.21/identity/v3/auth/tokens 0.091s
2025-12-08 17:22:48.616 65815 INFO tempest.lib.common.rest_client [req-169dbd5b-933d-4c7b-a6be-3b6d80e332b7 req-169dbd5b-933d-4c7b-a6be-3b6d80e332b7 ] Request (ServicesAdminNegativeV253TestJSON:test_get_service_with_valid_service_and_invalid_host): 200 GET http://10.180.1.21/compute/v2.1/os-services 3.581s
2025-12-08 17:22:48.635 65825 INFO tempest.lib.common.rest_client [req-227196c8-f187-4d0f-9744-ec448e4e0ff7 req-227196c8-f187-4d0f-9744-ec448e4e0ff7 ] Request (FlavorsAccessNegativeTestJSON:_run_cleanups): 202 DELETE http://10.180.1.21/compute/v2.1/flavors/2037599541 3.593s
2025-12-08 17:22:48.646 65829 INFO tempest.lib.common.rest_client [req-9f03e0ee-bfdf-452d-bd07-0d2f7be6ae0b req-9f03e0ee-bfdf-452d-bd07-0d2f7be6ae0b ] Request (ImagesOneServerTestJSON:setUpClass): 201 POST http://10.180.1.21/identity/v3/auth/tokens 0.035s
2025-12-08 17:22:48.656 65855 INFO tempest.lib.common.rest_client [req-f144d2a8-4943-453b-8745-44868ac6bedf req-f144d2a8-4943-453b-8745-44868ac6bedf ] Request (MigrationsAdminTest:test_list_migrations_in_flavor_resize_situation): 202 POST http://10.180.1.21/compute/v2.1/servers/b9df7ebd-a64a-4031-89f7-75a8aee3c74c/action 3.753s
2025-12-08 17:22:48.661 65809 INFO tempest.lib.common.rest_client [req-959abfb1-169b-41e5-a7c0-8a4cfb6ab942 req-959abfb1-169b-41e5-a7c0-8a4cfb6ab942 ] Request (FlavorsExtraSpecsTestJSON:test_flavor_set_get_update_show_unset_keys): 200 DELETE http://10.180.1.21/compute/v2.1/flavors/498528722/os-extra_specs/hw:numa_nodes 3.608s
2025-12-08 17:22:48.666 65845 INFO tempest.lib.common.rest_client [req-be84eb80-b5cc-479e-a021-c133448d5729 req-be84eb80-b5cc-479e-a021-c133448d5729 ] Request (HypervisorAdminNegativeTestJSON:test_get_nonexistent_hypervisor_uptime): 404 GET http://10.180.1.21/compute/v2.1/os-hypervisors/30101f16-a74d-4e5d-be17-2506e8281308/uptime 3.608s
2025-12-08 17:22:48.686 65831 INFO tempest.lib.common.rest_client [req-69821df4-65ec-4c69-81d0-fc75aeab3095 req-69821df4-65ec-4c69-81d0-fc75aeab3095 ] Request (FlavorsAdminTestJSON:_run_cleanups): 200 GET http://10.180.1.21/compute/v2.1/flavors/detail 3.611s
2025-12-08 17:22:48.689 65863 INFO tempest.lib.common.rest_client [req-0438ac53-909e-46a5-88ed-ee579c13d93d req-0438ac53-909e-46a5-88ed-ee579c13d93d ] Request (InstanceUsageAuditLogTestJSON:tearDownClass): 204 DELETE http://10.180.1.21/identity/v3/users/cf0108ea181d4fe9884b28726a77ce5f 0.151s
2025-12-08 17:22:48.689 65863 INFO tempest.lib.common.dynamic_creds [-] Deleting project and security group for project: 8439567990504c1dab9e352626ceb6d3
2025-12-08 17:22:48.761 65829 INFO tempest.lib.common.rest_client [req-32792776-2c91-4b92-88bc-ac47c32a2aa9 req-32792776-2c91-4b92-88bc-ac47c32a2aa9 ] Request (ImagesOneServerTestJSON:setUpClass): 200 GET http://10.180.1.21/identity/v3/domains?name=Default 0.114s
2025-12-08 17:22:48.775 65863 INFO tempest.lib.common.rest_client [req-13655ba3-8fea-4041-baa4-57960f6dbbb1 req-13655ba3-8fea-4041-baa4-57960f6dbbb1 ] Request (InstanceUsageAuditLogTestJSON:tearDownClass): 201 POST http://10.180.1.21/identity/v3/auth/tokens 0.085s
2025-12-08 17:22:48.852 65829 INFO tempest.lib.common.rest_client [req-ddba6031-8ec4-4376-a1f3-0df1af82369b req-ddba6031-8ec4-4376-a1f3-0df1af82369b ] Request (ImagesOneServerTestJSON:setUpClass): 201 POST http://10.180.1.21/identity/v3/projects 0.091s
2025-12-08 17:22:48.894 65817 INFO tempest.lib.common.rest_client [req-dc67c2bf-f86d-40fb-840c-48ce216583a8 req-dc67c2bf-f86d-40fb-840c-48ce216583a8 ] Request (ServerActionsTestOtherB:setUpClass): 200 GET http://10.180.1.21/compute/v2.1/servers/f0ae0ad7-7800-4f5a-a270-7749177b8675 3.692s
2025-12-08 17:22:48.951 65829 INFO tempest.lib.common.rest_client [req-525622e4-4cf2-4fb9-8c1f-316243dbc707 req-525622e4-4cf2-4fb9-8c1f-316243dbc707 ] Request (ImagesOneServerTestJSON:setUpClass): 201 POST http://10.180.1.21/identity/v3/users 0.097s
2025-12-08 17:22:48.982 65829 INFO tempest.lib.common.rest_client [req-c55832fc-f133-4152-9ccf-dd892dfaa24e req-c55832fc-f133-4152-9ccf-dd892dfaa24e ] Request (ImagesOneServerTestJSON:setUpClass): 200 GET http://10.180.1.21/identity/v3/roles 0.030s
2025-12-08 17:22:49.021 65829 INFO tempest.lib.common.rest_client [req-38e3959f-59dd-4405-9849-ee306b22915a req-38e3959f-59dd-4405-9849-ee306b22915a ] Request (ImagesOneServerTestJSON:setUpClass): 204 PUT http://10.180.1.21/identity/v3/projects/f141af3620974f54b33ca052a13f1a09/users/e4f83b05267a47a99ae7a4d70663a11b/roles/b3dd0e4209014f9fa504e1e8d33673a7 0.038s
2025-12-08 17:22:49.021 65829 INFO tempest.lib.common.dynamic_creds [-] Dynamic test user e4f83b05267a47a99ae7a4d70663a11b is created with scope project and roles: ['member']
2025-12-08 17:22:49.021 65829 INFO tempest.lib.common.dynamic_creds [-] Acquired dynamic creds: credentials: Credentials: {'domain_id': 'default', 'domain_name': 'Default', 'username': 'tempest-ImagesOneServerTestJSON-1207735951-project-member', 'project_domain_id': 'default', 'project_domain_name': 'Default', 'project_id': 'f141af3620974f54b33ca052a13f1a09', 'project_name': 'tempest-ImagesOneServerTestJSON-1207735951', 'tenant_id': 'f141af3620974f54b33ca052a13f1a09', 'tenant_name': 'tempest-ImagesOneServerTestJSON-1207735951', 'user_domain_id': 'default', 'user_domain_name': 'Default', 'user_id': 'e4f83b05267a47a99ae7a4d70663a11b', 'system': None}, Network: None, Subnet: None, Router: None
2025-12-08 17:22:49.115 65829 INFO tempest.lib.common.rest_client [req-0de299b0-6c53-499c-b0c2-d3d73d40c818 req-0de299b0-6c53-499c-b0c2-d3d73d40c818 ] Request (ImagesOneServerTestJSON:setUpClass): 201 POST http://10.180.1.21/identity/v3/auth/tokens 0.093s
2025-12-08 17:22:49.233 65863 INFO tempest.lib.common.rest_client [req-c0704059-3b20-46d9-ad27-75f3e5dda575 req-c0704059-3b20-46d9-ad27-75f3e5dda575 ] Request (InstanceUsageAuditLogTestJSON:tearDownClass): 200 GET http://10.180.1.21/networking/v2.0/security-groups?tenant_id=8439567990504c1dab9e352626ceb6d3&name=default 0.458s
2025-12-08 17:22:49.266 65827 INFO tempest.lib.common.rest_client [req-4e002f94-b375-4b6b-a2cd-0a5afd13708e req-4e002f94-b375-4b6b-a2cd-0a5afd13708e ] Request (ServerDiagnosticsTest:test_get_server_diagnostics): 200 GET http://10.180.1.21/compute/v2.1/servers/d7335ae7-683b-4729-b771-29ac97585830 4.183s
2025-12-08 17:22:49.274 65827 INFO tempest.common.waiters [-] State transition "BUILD/None" ==> "BUILD/spawning" after 9 second wait
2025-12-08 17:22:49.556 65863 INFO tempest.lib.common.rest_client [req-e983d36a-ce61-4545-aed9-911e3247b05d req-e983d36a-ce61-4545-aed9-911e3247b05d ] Request (InstanceUsageAuditLogTestJSON:tearDownClass): 204 DELETE http://10.180.1.21/networking/v2.0/security-groups/b8ed61d0-30b6-41ef-81ea-f48d6c04f277 0.323s
2025-12-08 17:22:49.632 65829 INFO tempest.lib.common.rest_client [req-8f0162de-acef-46f4-b589-739a1fa2988f req-8f0162de-acef-46f4-b589-739a1fa2988f ] Request (ImagesOneServerTestJSON:setUpClass): 201 POST http://10.180.1.21/networking/v2.0/networks 0.516s
2025-12-08 17:22:49.649 65863 INFO tempest.lib.common.rest_client [req-0aa998ba-98d3-4b55-8e45-a0bd39396076 req-0aa998ba-98d3-4b55-8e45-a0bd39396076 ] Request (InstanceUsageAuditLogTestJSON:tearDownClass): 204 DELETE http://10.180.1.21/identity/v3/projects/8439567990504c1dab9e352626ceb6d3 0.092s
2025-12-08 17:22:49.649 65863 INFO tempest.lib.common.dynamic_creds [-] Deleting project and security group for project: 832448934efd4f76a73b1d4d77651795
2025-12-08 17:22:49.672 65837 INFO tempest.lib.common.rest_client [req-f61c98d1-a92d-4e53-8bbb-2e7791d10b26 req-f61c98d1-a92d-4e53-8bbb-2e7791d10b26 ] Request (ServerExternalEventsTest:tearDownClass): 200 GET http://10.180.1.21/compute/v2.1/servers/a2724af1-294c-4358-9aa3-938b7d8db7d4 4.305s
2025-12-08 17:22:49.703 65839 INFO tempest.lib.common.rest_client [req-30ed5e6f-8a86-4cdb-8ae9-8800ee6a89ac req-30ed5e6f-8a86-4cdb-8ae9-8800ee6a89ac ] Request (VolumesAssistedSnapshotsTest:test_volume_assisted_snapshot_create_delete): 200 GET http://10.180.1.21/compute/v2.1/servers/b72f98f6-f233-4a51-b4ac-fef6364407f1 4.475s
2025-12-08 17:22:49.959 65829 INFO tempest.lib.common.rest_client [req-b2f7a703-8593-4c62-830d-50b45fbef1a8 req-b2f7a703-8593-4c62-830d-50b45fbef1a8 ] Request (ImagesOneServerTestJSON:setUpClass): 201 POST http://10.180.1.21/networking/v2.0/subnets 0.326s
2025-12-08 17:22:50.129 65863 INFO tempest.lib.common.rest_client [req-fc8c5a22-bfcc-491d-a2f9-0fc3880564bb req-fc8c5a22-bfcc-491d-a2f9-0fc3880564bb ] Request (InstanceUsageAuditLogTestJSON:tearDownClass): 200 GET http://10.180.1.21/networking/v2.0/security-groups?tenant_id=832448934efd4f76a73b1d4d77651795&name=default 0.479s
2025-12-08 17:22:50.949 65829 INFO tempest.lib.common.rest_client [req-04ccc909-2d7b-4119-8d6e-5743d5e448a5 req-04ccc909-2d7b-4119-8d6e-5743d5e448a5 ] Request (ImagesOneServerTestJSON:setUpClass): 201 POST http://10.180.1.21/networking/v2.0/routers 0.989s
2025-12-08 17:22:51.046 65863 INFO tempest.lib.common.rest_client [req-6a3c7ade-f573-4ef3-8ab4-ff4e9fa6f05c req-6a3c7ade-f573-4ef3-8ab4-ff4e9fa6f05c ] Request (InstanceUsageAuditLogTestJSON:tearDownClass): 204 DELETE http://10.180.1.21/networking/v2.0/security-groups/5a8ad6ce-f046-4f2d-8970-a090c7171cb2 0.917s
2025-12-08 17:22:51.212 65863 INFO tempest.lib.common.rest_client [req-6033e214-790d-40f4-85ce-ffafdf2342c2 req-6033e214-790d-40f4-85ce-ffafdf2342c2 ] Request (InstanceUsageAuditLogTestJSON:tearDownClass): 204 DELETE http://10.180.1.21/identity/v3/projects/832448934efd4f76a73b1d4d77651795 0.166s
2025-12-08 17:22:51.221 65841 INFO tempest.lib.common.rest_client [req-0798c01f-8341-475f-ae21-5e4e4916f0ff req-0798c01f-8341-475f-ae21-5e4e4916f0ff ] Request (ServersAdminTestJSON:setUpClass): 200 GET http://10.180.1.21/compute/v2.1/servers/cd954db3-685f-4f7b-8ef4-c9d0dca58eef 5.823s
2025-12-08 17:22:51.256 65847 INFO tempest.lib.common.rest_client [req-5cff17d0-b720-432c-a53a-73f9a11c7083 req-5cff17d0-b720-432c-a53a-73f9a11c7083 ] Request (AggregatesAdminNegativeTestJSON:test_aggregate_add_non_exist_host): 200 POST http://10.180.1.21/compute/v2.1/os-aggregates 5.806s
2025-12-08 17:22:51.292 65867 INFO tempest.lib.common.rest_client [req-562453a2-478d-492e-869c-acfefab2c10b req-562453a2-478d-492e-869c-acfefab2c10b ] Request (SecurityGroupsTestAdminJSON:_run_cleanups): 202 DELETE http://10.180.1.21/compute/v2.1/os-security-groups/ad9c333f-5f11-4416-afa6-aedece9b2660 5.880s
2025-12-08 17:22:51.305 65863 INFO tempest.lib.common.rest_client [req-bc8eda26-dcd7-450e-a2b6-89cf8792d5a8 req-bc8eda26-dcd7-450e-a2b6-89cf8792d5a8 ] Request (ServersTestJSON:setUpClass): 201 POST http://10.180.1.21/identity/v3/auth/tokens 0.091s
2025-12-08 17:22:51.349 65821 INFO tempest.lib.common.rest_client [req-7d654502-887c-4d39-9c3a-cb8433e8fd68 req-7d654502-887c-4d39-9c3a-cb8433e8fd68 ] Request (HostsAdminTestJSON:test_show_host_detail): 200 GET http://10.180.1.21/compute/v2.1/os-hosts/cpu-1 5.862s
2025-12-08 17:22:51.378 65863 INFO tempest.lib.common.rest_client [req-4e5c1025-4e4e-422c-b860-4395fa300aef req-4e5c1025-4e4e-422c-b860-4395fa300aef ] Request (ServersTestJSON:setUpClass): 201 POST http://10.180.1.21/identity/v3/auth/tokens 0.069s
2025-12-08 17:22:51.480 65821 INFO tempest.lib.common.rest_client [req-bb045df6-2146-41a7-850d-e77912aef0e8 req-bb045df6-2146-41a7-850d-e77912aef0e8 ] Request (HostsAdminTestJSON:tearDownClass): 204 DELETE http://10.180.1.21/identity/v3/users/b9b83f3dcd3a4bd79934b791ec0337a2 0.129s
2025-12-08 17:22:51.543 65863 INFO tempest.lib.common.rest_client [req-3f59863a-3d26-4b95-8c1b-dce28852190d req-3f59863a-3d26-4b95-8c1b-dce28852190d ] Request (ServersTestJSON:setUpClass): 200 GET http://10.180.1.21/identity/v3/domains?name=Default 0.164s
2025-12-08 17:22:51.603 65863 INFO tempest.lib.common.rest_client [req-247b80f2-4316-429a-8204-87c0dd04b7db req-247b80f2-4316-429a-8204-87c0dd04b7db ] Request (ServersTestJSON:setUpClass): 201 POST http://10.180.1.21/identity/v3/projects 0.059s
2025-12-08 17:22:51.659 65821 INFO tempest.lib.common.rest_client [req-9420493b-f915-4c9f-8837-e90d8b1e1f7b req-9420493b-f915-4c9f-8837-e90d8b1e1f7b ] Request (HostsAdminTestJSON:tearDownClass): 204 DELETE http://10.180.1.21/identity/v3/users/b7f206fa8bc64d93a450efa1f54ea3c7 0.178s
2025-12-08 17:22:51.659 65821 INFO tempest.lib.common.dynamic_creds [-] Deleting project and security group for project: bc845bb3e29d4461828ba75c8f4ff361
