2025-12-08 17:25:23.492 65829 INFO tempest.lib.common.rest_client [req-ecfa0ac4-cdd0-4b7f-95a1-576a64483ca1 req-ecfa0ac4-cdd0-4b7f-95a1-576a64483ca1 ] Request (AttachInterfacesTestJSON:test_create_list_show_delete_interfaces_by_fixed_ip): 200 GET http://10.180.1.21/compute/v2.1/servers/5e5a538b-8f59-45ca-bece-6a0cff169e0a 0.812s
2025-12-08 17:25:23.507 65843 INFO tempest.lib.common.rest_client [req-5f80429a-e946-4a6a-a370-ccb29a61a39c req-5f80429a-e946-4a6a-a370-ccb29a61a39c ] Request (ServerGroup264TestJSON:tearDownClass): 204 DELETE http://10.180.1.21/identity/v3/users/ad85836e9b14475a821975338ffef874 0.092s
2025-12-08 17:25:23.507 65843 INFO tempest.lib.common.dynamic_creds [-] Deleting project and security group for project: 454b7752c3b14760a5585b2b40faf54b
2025-12-08 17:25:23.511 65853 INFO tempest.lib.common.rest_client [req-87c5f3ab-aa85-4301-b2a7-e8c19222c70c req-87c5f3ab-aa85-4301-b2a7-e8c19222c70c ] Request (ImagesOneServerNegativeTestJSON:_run_cleanups): 200 GET http://10.180.1.21/compute/v2.1/servers/ac639d87-8ce8-4762-a056-b369ec2627b6 0.564s
2025-12-08 17:25:23.538 65843 INFO tempest.lib.common.rest_client [req-13870a8e-90fe-4d57-a1bf-643d41ec2119 req-13870a8e-90fe-4d57-a1bf-643d41ec2119 ] Request (ServerGroup264TestJSON:tearDownClass): 200 GET http://10.180.1.21/networking/v2.0/security-groups?tenant_id=454b7752c3b14760a5585b2b40faf54b&name=default 0.031s
2025-12-08 17:25:23.574 65823 INFO tempest.lib.common.rest_client [req-df510050-349a-4567-86c9-d80052ed21af req-df510050-349a-4567-86c9-d80052ed21af ] Request (ListImageFiltersTestJSON:test_list_images_filter_by_server_ref): 200 GET http://10.180.1.21/compute/v2.1/images?server=http%3A%2F%2F10.180.1.21%2Fcompute%2Fservers%2F3a95cfa3-d907-467b-9081-c8c5b4b9dd5a 0.498s
2025-12-08 17:25:23.644 65843 INFO tempest.lib.common.rest_client [req-1576766f-21e8-4628-a57d-cc327cfc2e46 req-1576766f-21e8-4628-a57d-cc327cfc2e46 ] Request (ServerGroup264TestJSON:tearDownClass): 204 DELETE http://10.180.1.21/networking/v2.0/security-groups/d41856cb-d0f4-483e-ac09-8edb6c37a305 0.104s
2025-12-08 17:25:23.677 65811 INFO tempest.lib.common.rest_client [req-006e5ed0-055b-483f-8a2a-f26c76dcd09e req-006e5ed0-055b-483f-8a2a-f26c76dcd09e ] Request (ServersWithSpecificFlavorTestJSON:test_verify_created_server_ephemeral_disk): 200 GET http://10.180.1.21/compute/v2.1/servers/3086c559-35b8-4e79-8478-27151b6a985d 0.506s
2025-12-08 17:25:23.693 65815 INFO tempest.lib.common.rest_client [req-28c645c1-d0cf-409d-83bc-4b572e2de3d9 req-28c645c1-d0cf-409d-83bc-4b572e2de3d9 ] Request (InstanceActionsTestJSON:test_list_instance_actions): 200 GET http://10.180.1.21/compute/v2.1/servers/81d406bb-f0e6-487c-841e-a13ae7736af0 0.539s
2025-12-08 17:25:23.701 65815 INFO tempest.common.waiters [-] State transition "HARD_REBOOT/rebooting_hard" ==> "HARD_REBOOT/reboot_pending_hard" after 3 second wait
2025-12-08 17:25:23.771 65839 INFO tempest.lib.common.rest_client [req-ad81c424-ff51-4ff6-8651-10ccb7468db6 req-ad81c424-ff51-4ff6-8651-10ccb7468db6 ] Request (VolumesAssistedSnapshotsTest:tearDownClass): 200 GET http://10.180.1.21/compute/v2.1/servers/b72f98f6-f233-4a51-b4ac-fef6364407f1 0.502s
2025-12-08 17:25:23.775 65845 INFO tempest.lib.common.rest_client [req-4d80a809-5e05-45d3-9061-e5165d3bd37e req-4d80a809-5e05-45d3-9061-e5165d3bd37e ] Request (ServersTestFqdnHostnames:tearDownClass): 200 GET http://10.180.1.21/compute/v2.1/servers/d72d778b-dd55-4ac5-a55a-ffa2176f8aa1 0.456s
2025-12-08 17:25:23.800 65843 INFO tempest.lib.common.rest_client [req-3f8d16fa-14c5-494f-bd91-923c4eb44433 req-3f8d16fa-14c5-494f-bd91-923c4eb44433 ] Request (ServerGroup264TestJSON:tearDownClass): 204 DELETE http://10.180.1.21/identity/v3/projects/454b7752c3b14760a5585b2b40faf54b 0.156s
2025-12-08 17:25:23.831 65849 INFO tempest.lib.common.rest_client [req-c5462435-f35e-40e7-8225-06324fde8ed2 req-c5462435-f35e-40e7-8225-06324fde8ed2 ] Request (SecurityGroupsTestJSON:test_server_security_groups): 200 GET http://10.180.1.21/compute/v2.1/servers/835213c0-7178-41ac-ab06-27e678ff73ec 0.444s
2025-12-08 17:25:23.842 65837 INFO tempest.lib.common.rest_client [req-96d40959-dc96-4ee3-b095-48fe3cf9dc8e req-96d40959-dc96-4ee3-b095-48fe3cf9dc8e ] Request (ListServersNegativeTestJSON:setUpClass): 200 GET http://10.180.1.21/compute/v2.1/servers/225f5425-83d8-441b-912c-7ca1815e531f 0.490s
2025-12-08 17:25:23.874 65843 INFO tempest.lib.common.rest_client [req-206cc950-33a9-41b9-85d2-df382a05579c req-206cc950-33a9-41b9-85d2-df382a05579c ] Request (ServerMetadataNegativeTestJSON:setUpClass): 201 POST http://10.180.1.21/identity/v3/auth/tokens 0.072s
2025-12-08 17:25:23.906 65843 INFO tempest.lib.common.rest_client [req-439feade-ae5d-488e-a1bc-130494c38363 req-439feade-ae5d-488e-a1bc-130494c38363 ] Request (ServerMetadataNegativeTestJSON:setUpClass): 201 POST http://10.180.1.21/identity/v3/auth/tokens 0.029s
2025-12-08 17:25:23.918 65835 INFO tempest.lib.common.rest_client [req-35e780dd-baf9-488a-890b-72bcf82f51a0 req-35e780dd-baf9-488a-890b-72bcf82f51a0 ] Request (ListServerFiltersTestJSON:tearDownClass): 204 DELETE http://10.180.1.21/compute/v2.1/servers/ae260ff0-bb11-4322-a30e-47a4c88eb6d9 0.479s
2025-12-08 17:25:23.936 65843 INFO tempest.lib.common.rest_client [req-77b5a935-3fa5-4e8f-8467-ad4b068f73d4 req-77b5a935-3fa5-4e8f-8467-ad4b068f73d4 ] Request (ServerMetadataNegativeTestJSON:setUpClass): 200 GET http://10.180.1.21/identity/v3/domains?name=Default 0.029s
2025-12-08 17:25:23.960 65841 INFO tempest.lib.common.rest_client [req-7e19f635-a195-4cd1-9dc1-581dd135d2a2 req-7e19f635-a195-4cd1-9dc1-581dd135d2a2 ] Request (ServersAdminTestJSON:_run_cleanups): 200 GET http://10.180.1.21/compute/v2.1/servers/204b5f52-2264-4c23-8799-4b3f57682409 0.413s
2025-12-08 17:25:23.967 65841 INFO tempest.common.waiters [-] State transition "REBUILD/rebuilding" ==> "REBUILD/rebuild_spawning" after 3 second wait
2025-12-08 17:25:23.975 65843 INFO tempest.lib.common.rest_client [req-9e2da2b4-0f14-4194-870f-c15e7c62a854 req-9e2da2b4-0f14-4194-870f-c15e7c62a854 ] Request (ServerMetadataNegativeTestJSON:setUpClass): 201 POST http://10.180.1.21/identity/v3/projects 0.037s
2025-12-08 17:25:24.043 65823 INFO tempest.lib.common.rest_client [req-32786c1e-c10d-4a0b-b423-42c58d3cbdcc req-32786c1e-c10d-4a0b-b423-42c58d3cbdcc ] Request (ListImageFiltersTestJSON:test_list_images_filter_by_status): 200 GET http://10.180.1.21/compute/v2.1/images?status=ACTIVE 0.462s
2025-12-08 17:25:24.051 65843 INFO tempest.lib.common.rest_client [req-56710db9-208c-437f-b9f3-4b8065045aef req-56710db9-208c-437f-b9f3-4b8065045aef ] Request (ServerMetadataNegativeTestJSON:setUpClass): 201 POST http://10.180.1.21/identity/v3/users 0.075s
2025-12-08 17:25:24.052 65827 INFO tempest.lib.common.rest_client [req-6a9e1175-b71d-46d4-8b03-96cd1ff50214 req-6a9e1175-b71d-46d4-8b03-96cd1ff50214 ] Request (ServerActionsTestOtherA:setUpClass): 200 GET http://10.180.1.21/compute/v2.1/servers/6ca5c62d-cf52-4f78-9e01-5623f4989442 0.483s
2025-12-08 17:25:24.079 65843 INFO tempest.lib.common.rest_client [req-8bd449d8-eadd-465a-964f-d25d31635871 req-8bd449d8-eadd-465a-964f-d25d31635871 ] Request (ServerMetadataNegativeTestJSON:setUpClass): 200 GET http://10.180.1.21/identity/v3/roles 0.027s
2025-12-08 17:25:24.108 65843 INFO tempest.lib.common.rest_client [req-b4bf4e6f-f565-4769-a525-d20a5d1874a0 req-b4bf4e6f-f565-4769-a525-d20a5d1874a0 ] Request (ServerMetadataNegativeTestJSON:setUpClass): 204 PUT http://10.180.1.21/identity/v3/projects/b8b99aecae054856a41cac622ee1d88e/users/874872b237324a8da3836e58330be639/roles/b3dd0e4209014f9fa504e1e8d33673a7 0.029s
2025-12-08 17:25:24.108 65843 INFO tempest.lib.common.dynamic_creds [-] Dynamic test user 874872b237324a8da3836e58330be639 is created with scope project and roles: ['member']
2025-12-08 17:25:24.109 65843 INFO tempest.lib.common.dynamic_creds [-] Acquired dynamic creds: credentials: Credentials: {'domain_id': 'default', 'domain_name': 'Default', 'username': 'tempest-ServerMetadataNegativeTestJSON-2090714491-project-member', 'project_domain_id': 'default', 'project_domain_name': 'Default', 'project_id': 'b8b99aecae054856a41cac622ee1d88e', 'project_name': 'tempest-ServerMetadataNegativeTestJSON-2090714491', 'tenant_id': 'b8b99aecae054856a41cac622ee1d88e', 'tenant_name': 'tempest-ServerMetadataNegativeTestJSON-2090714491', 'user_domain_id': 'default', 'user_domain_name': 'Default', 'user_id': '874872b237324a8da3836e58330be639', 'system': None}, Network: None, Subnet: None, Router: None
2025-12-08 17:25:24.113 65833 INFO tempest.lib.common.rest_client [req-fc94db4c-12ed-4e33-9a40-c89a8e0016b0 req-fc94db4c-12ed-4e33-9a40-c89a8e0016b0 ] Request (AttachInterfacesUnderV243Test:test_add_remove_fixed_ip): 200 GET http://10.180.1.21/compute/v2.1/servers/f7259aaf-7b19-40d1-b05b-825f31a78756 0.410s
2025-12-08 17:25:24.114 65805 INFO tempest.lib.common.rest_client [req-07cf2d76-f986-4f38-a356-35411d98516e req-07cf2d76-f986-4f38-a356-35411d98516e ] Request (ServersTestJSON:setUpClass): 200 GET http://10.180.1.21/compute/v2.1/servers/8f28d898-567e-409c-95bf-10e8000cdc4b 0.495s
2025-12-08 17:25:24.166 65831 INFO tempest.lib.common.rest_client [req-88d0dae1-c183-43a8-8ae6-e2866c9d9bcb req-88d0dae1-c183-43a8-8ae6-e2866c9d9bcb ] Request (ServerRescueTestJSONUnderV235:setUpClass): 200 GET http://10.180.1.21/compute/v2.1/servers/f7fb46f9-1425-4f94-bcf1-dd722c442144 0.398s
2025-12-08 17:25:24.173 65867 INFO tempest.lib.common.rest_client [req-48804361-8ae7-43ca-9c2f-1f5ba8e17d01 req-48804361-8ae7-43ca-9c2f-1f5ba8e17d01 ] Request (ServerRescueNegativeTestJSON:test_rescued_vm_detach_volume): 200 GET http://10.180.1.21/compute/v2.1/servers/f7468e7d-2bed-4b9a-a642-b7f628a95305 0.322s
2025-12-08 17:25:24.190 65843 INFO tempest.lib.common.rest_client [req-022b1913-7658-4669-8d37-58cca031db6e req-022b1913-7658-4669-8d37-58cca031db6e ] Request (ServerMetadataNegativeTestJSON:setUpClass): 201 POST http://10.180.1.21/identity/v3/auth/tokens 0.081s
2025-12-08 17:25:24.356 65859 INFO tempest.lib.common.rest_client [req-9872d7a8-7c05-4533-997b-e0c5f11188e3 req-9872d7a8-7c05-4533-997b-e0c5f11188e3 ] Request (ServerShowV254Test:test_rebuild_server): 200 GET http://10.180.1.21/compute/v2.1/servers/37a306f7-02f2-41cd-98db-fc3eb003b7a4 0.419s
2025-12-08 17:25:24.486 65843 INFO tempest.lib.common.rest_client [req-ac4d2edc-8575-4a03-a7c7-4155f4cbb4cb req-ac4d2edc-8575-4a03-a7c7-4155f4cbb4cb ] Request (ServerMetadataNegativeTestJSON:setUpClass): 201 POST http://10.180.1.21/networking/v2.0/networks 0.296s
2025-12-08 17:25:24.516 65835 INFO tempest.lib.common.rest_client [req-00956c6f-e410-41a1-9707-ad8e212d0900 req-00956c6f-e410-41a1-9707-ad8e212d0900 ] Request (ListServerFiltersTestJSON:tearDownClass): 200 GET http://10.180.1.21/compute/v2.1/servers/ae260ff0-bb11-4322-a30e-47a4c88eb6d9 0.598s
2025-12-08 17:25:24.532 65863 INFO tempest.lib.common.rest_client [req-91f223c0-a21e-45a4-981f-245fa2a7a69d req-91f223c0-a21e-45a4-981f-245fa2a7a69d ] Request (ServersTestJSON:_run_cleanups): 200 GET http://10.180.1.21/compute/v2.1/servers/5eaf1535-4d97-4020-b2a5-4f37e21026e0 0.509s
2025-12-08 17:25:24.568 65823 INFO tempest.lib.common.rest_client [req-3b4e6f15-aba7-4e1d-9271-f99c1fa81ad7 req-3b4e6f15-aba7-4e1d-9271-f99c1fa81ad7 ] Request (ListImageFiltersTestJSON:test_list_images_filter_by_type): 200 GET http://10.180.1.21/compute/v2.1/images?type=snapshot 0.521s
2025-12-08 17:25:24.679 65843 INFO tempest.lib.common.rest_client [req-4e488c7f-1560-41a0-9652-e03b9a01b933 req-4e488c7f-1560-41a0-9652-e03b9a01b933 ] Request (ServerMetadataNegativeTestJSON:setUpClass): 201 POST http://10.180.1.21/networking/v2.0/subnets 0.192s
2025-12-08 17:25:24.713 65847 INFO tempest.lib.common.rest_client [req-c7f96e48-4d72-4850-a6e7-fc8820d6c3fb req-c7f96e48-4d72-4850-a6e7-fc8820d6c3fb ] Request (ServersListShow298Test:test_list_show_update_rebuild_server_298): 200 GET http://10.180.1.21/compute/v2.1/servers/5b08f3ba-7400-48f2-af8c-a0ea3ec59dc2 0.661s
2025-12-08 17:25:25.152 65865 WARNING tempest.lib.common.ssh [-] Failed to establish authenticated ssh connection to cirros@10.180.180.151 ([Errno None] Unable to connect to port 22 on 10.180.180.151). Number attempts: 6. Retry after 7 seconds.: paramiko.ssh_exception.NoValidConnectionsError: [Errno None] Unable to connect to port 22 on 10.180.180.151
2025-12-08 17:25:25.990 65843 INFO tempest.lib.common.rest_client [req-b67941c3-5b6e-4710-8868-73cf492c60b4 req-b67941c3-5b6e-4710-8868-73cf492c60b4 ] Request (ServerMetadataNegativeTestJSON:setUpClass): 201 POST http://10.180.1.21/networking/v2.0/routers 1.310s
2025-12-08 17:25:26.037 65855 INFO tempest.lib.common.rest_client [req-4bf1ec30-8b25-49b1-86a2-e3e3fa7d5d07 req-4bf1ec30-8b25-49b1-86a2-e3e3fa7d5d07 ] Request (MigrationsAdminTest:test_resize_server_revert_deleted_flavor): 200 GET http://10.180.1.21/compute/v2.1/servers/9322f1d0-3ffb-46c6-8974-7fe56a517f7f 1.915s
2025-12-08 17:25:26.046 65855 INFO tempest.common.waiters [-] State transition "BUILD/None" ==> "BUILD/networking" after 69 second wait
2025-12-08 17:25:26.053 65821 INFO tempest.lib.common.rest_client [req-2d91a045-38f7-4243-862b-414fae5cc65d req-2d91a045-38f7-4243-862b-414fae5cc65d ] Request (ImagesTestJSON:test_create_image_from_suspended_server): 200 GET http://10.180.1.21/compute/v2.1/servers/d20826fc-879b-4538-88d5-9a69017c9d23 1.896s
2025-12-08 17:25:26.468 65807 INFO tempest.lib.common.rest_client [req-e986ee7e-1643-42bd-9686-05e5786e50a9 req-e986ee7e-1643-42bd-9686-05e5786e50a9 ] Request (InstanceActionsNegativeTestJSON:setUpClass): 200 GET http://10.180.1.21/compute/v2.1/servers/f523a556-180d-4c8f-be38-0f7f9110df7b 2.239s
2025-12-08 17:25:26.489 65809 INFO tempest.lib.common.rest_client [req-dca870c6-72ab-45b5-a994-ca71e3142293 req-dca870c6-72ab-45b5-a994-ca71e3142293 ] Request (MultipleCreateTestJSON:_run_cleanups): 200 GET http://10.180.1.21/compute/v2.1/servers/a1383469-5eaa-41c0-950c-fc5b071d8f62 2.276s
2025-12-08 17:25:26.553 65861 INFO tempest.lib.common.rest_client [req-4e2f5912-ced5-4bf7-a86b-0b07cbd534ee req-4e2f5912-ced5-4bf7-a86b-0b07cbd534ee ] Request (ServerPasswordTestJSON:setUpClass): 200 GET http://10.180.1.21/compute/v2.1/servers/233af8b9-8f53-4e88-b316-ac6e2e2f85a1 2.282s
2025-12-08 17:25:26.979 65817 INFO tempest.lib.common.rest_client [req-6a299132-a96b-4472-a6aa-7beb768b2096 req-6a299132-a96b-4472-a6aa-7beb768b2096 ] Request (ServerActionsTestOtherB:test_create_backup): 200 GET http://10.180.1.21/compute/v2.1/servers/f0ae0ad7-7800-4f5a-a270-7749177b8675 2.599s
2025-12-08 17:25:27.002 65813 INFO tempest.lib.common.rest_client [req-38c1e871-28be-4133-abfe-b8c763a19c5b req-38c1e871-28be-4133-abfe-b8c763a19c5b ] Request (ServerDiskConfigTestJSON:test_rebuild_server_with_auto_disk_config): 200 GET http://10.180.1.21/compute/v2.1/servers/b3fef10e-1394-434b-b1b7-f239a27e182b 2.569s
2025-12-08 17:25:27.012 65813 INFO tempest.common.waiters [-] State transition "BUILD/spawning" ==> "ACTIVE/None" after 79 second wait
2025-12-08 17:25:27.041 65843 INFO tempest.lib.common.rest_client [req-5b534e8e-67b6-436a-a84f-1be37e924fe3 req-5b534e8e-67b6-436a-a84f-1be37e924fe3 ] Request (ServerMetadataNegativeTestJSON:setUpClass): 200 PUT http://10.180.1.21/networking/v2.0/routers/694af037-a55b-4435-b7ba-42416776f073/add_router_interface 1.050s
2025-12-08 17:25:27.042 65843 INFO tempest.lib.common.dynamic_creds [-] Created isolated network resources for: credentials: Credentials: {'domain_id': 'default', 'domain_name': 'Default', 'username': 'tempest-ServerMetadataNegativeTestJSON-2090714491-project-member', 'project_domain_id': 'default', 'project_domain_name': 'Default', 'project_id': 'b8b99aecae054856a41cac622ee1d88e', 'project_name': 'tempest-ServerMetadataNegativeTestJSON-2090714491', 'tenant_id': 'b8b99aecae054856a41cac622ee1d88e', 'tenant_name': 'tempest-ServerMetadataNegativeTestJSON-2090714491', 'user_domain_id': 'default', 'user_domain_name': 'Default', 'user_id': '874872b237324a8da3836e58330be639', 'system': None}, Network: {'id': 'b20a30fc-cc59-4b03-9514-6cded3e1a277', 'name': 'tempest-ServerMetadataNegativeTestJSON-1653159546-network', 'tenant_id': 'b8b99aecae054856a41cac622ee1d88e', 'project_id': 'b8b99aecae054856a41cac622ee1d88e', 'admin_state_up': True, 'mtu': 8950, 'status': 'ACTIVE', 'subnets': [], 'shared': False, 'port_security_enabled': True, 'router:external': False, 'provider:network_type': 'vlan', 'provider:physical_network': 'default', 'provider:segmentation_id': 232, 'availability_zone_hints': [], 'availability_zones': [], 'ipv4_address_scope': None, 'ipv6_address_scope': None, 'description': '', 'tags': [], 'created_at': '2025-12-08T17:25:24Z', 'updated_at': '2025-12-08T17:25:24Z', 'revision_number': 1}, Subnet: {'id': '88f9467c-cdf8-4e95-8b6c-bfd272c35e13', 'name': 'tempest-ServerMetadataNegativeTestJSON-1653159546-subnet', 'tenant_id': 'b8b99aecae054856a41cac622ee1d88e', 'network_id': 'b20a30fc-cc59-4b03-9514-6cded3e1a277', 'ip_version': 4, 'subnetpool_id': None, 'enable_dhcp': True, 'ipv6_ra_mode': None, 'ipv6_address_mode': None, 'gateway_ip': '192.168.128.1', 'cidr': '192.168.128.0/28', 'allocation_pools': [{'start': '192.168.128.2', 'end': '192.168.128.14'}], 'host_routes': [], 'dns_nameservers': [], 'description': '', 'router:external': False, 'service_types': [], 'tags': [], 'created_at': '2025-12-08T17:25:24Z', 'updated_at': '2025-12-08T17:25:24Z', 'revision_number': 0, 'project_id': 'b8b99aecae054856a41cac622ee1d88e'}, Router: {'id': '694af037-a55b-4435-b7ba-42416776f073', 'name': 'tempest-ServerMetadataNegativeTestJSON-1653159546-router', 'tenant_id': 'b8b99aecae054856a41cac622ee1d88e', 'admin_state_up': True, 'status': 'ACTIVE', 'external_gateway_info': {'network_id': 'd11f67c9-75e0-4f1a-a772-58e68e803477', 'external_fixed_ips': [{'subnet_id': '12929faa-3c88-46a1-84e2-4de6deaffccc', 'ip_address': '10.180.180.229'}], 'enable_snat': True}, 'description': '', 'availability_zones': [], 'distributed': False, 'ha': False, 'availability_zone_hints': [], 'routes': [], 'flavor_id': None, 'tags': [], 'created_at': '2025-12-08T17:25:24Z', 'updated_at': '2025-12-08T17:25:25Z', 'revision_number': 2, 'project_id': 'b8b99aecae054856a41cac622ee1d88e'}
2025-12-08 17:25:27.052 65829 INFO tempest.lib.common.rest_client [req-71fd68bb-6f10-42ea-aa27-9eef8d0c8b9d req-71fd68bb-6f10-42ea-aa27-9eef8d0c8b9d ] Request (AttachInterfacesTestJSON:test_create_list_show_delete_interfaces_by_fixed_ip): 200 GET http://10.180.1.21/compute/v2.1/servers/5e5a538b-8f59-45ca-bece-6a0cff169e0a 2.551s
2025-12-08 17:25:27.069 65853 INFO tempest.lib.common.rest_client [req-b9f8b0b4-cced-47bb-af0e-b08aad9c3bff req-b9f8b0b4-cced-47bb-af0e-b08aad9c3bff ] Request (ImagesOneServerNegativeTestJSON:_run_cleanups): 200 GET http://10.180.1.21/compute/v2.1/servers/ac639d87-8ce8-4762-a056-b369ec2627b6 2.550s
2025-12-08 17:25:27.076 65853 INFO tempest.common.waiters [-] State transition "BUILD/None" ==> "BUILD/networking" after 52 second wait
2025-12-08 17:25:27.111 65823 INFO tempest.lib.common.rest_client [req-cae248bd-7755-4e90-93b6-4b89df5d1d12 req-cae248bd-7755-4e90-93b6-4b89df5d1d12 ] Request (ListImageFiltersTestJSON:test_list_images_limit_results): 200 GET http://10.180.1.21/compute/v2.1/images?limit=1 2.540s
2025-12-08 17:25:27.125 65811 INFO tempest.lib.common.rest_client [req-50be1f51-461c-48f0-8a3f-c45c8a42fb54 req-50be1f51-461c-48f0-8a3f-c45c8a42fb54 ] Request (ServersWithSpecificFlavorTestJSON:test_verify_created_server_ephemeral_disk): 200 GET http://10.180.1.21/compute/v2.1/servers/3086c559-35b8-4e79-8478-27151b6a985d 2.437s
2025-12-08 17:25:27.147 65843 INFO tempest.lib.common.rest_client [req-022c8aa0-bad1-4a78-8732-f509f0331105 req-022c8aa0-bad1-4a78-8732-f509f0331105 ] Request (ServerMetadataNegativeTestJSON:setUpClass): 201 POST http://10.180.1.21/identity/v3/auth/tokens 0.102s
2025-12-08 17:25:27.181 65843 INFO tempest.lib.common.rest_client [req-be417fa5-cfed-4e9f-984a-da4eec92751c req-be417fa5-cfed-4e9f-984a-da4eec92751c ] Request (ServerMetadataNegativeTestJSON:setUpClass): 201 POST http://10.180.1.21/identity/v3/auth/tokens 0.028s
2025-12-08 17:25:27.181 65843 INFO tempest.lib.common.fixed_network [-] (ServerMetadataNegativeTestJSON:setUpClass) Found network {'id': 'b20a30fc-cc59-4b03-9514-6cded3e1a277', 'name': 'tempest-ServerMetadataNegativeTestJSON-1653159546-network', 'tenant_id': 'b8b99aecae054856a41cac622ee1d88e', 'project_id': 'b8b99aecae054856a41cac622ee1d88e', 'admin_state_up': True, 'mtu': 8950, 'status': 'ACTIVE', 'subnets': [], 'shared': False, 'port_security_enabled': True, 'router:external': False, 'provider:network_type': 'vlan', 'provider:physical_network': 'default', 'provider:segmentation_id': 232, 'availability_zone_hints': [], 'availability_zones': [], 'ipv4_address_scope': None, 'ipv6_address_scope': None, 'description': '', 'tags': [], 'created_at': '2025-12-08T17:25:24Z', 'updated_at': '2025-12-08T17:25:24Z', 'revision_number': 1} available for tenant
2025-12-08 17:25:27.189 65839 INFO tempest.lib.common.rest_client [req-ae61e0eb-bb19-400b-8e65-b931370f0603 req-ae61e0eb-bb19-400b-8e65-b931370f0603 ] Request (VolumesAssistedSnapshotsTest:tearDownClass): 200 GET http://10.180.1.21/compute/v2.1/servers/b72f98f6-f233-4a51-b4ac-fef6364407f1 2.409s
2025-12-08 17:25:27.246 65815 INFO tempest.lib.common.rest_client [req-5fbe25d1-a872-4137-9710-223e6ece9285 req-5fbe25d1-a872-4137-9710-223e6ece9285 ] Request (InstanceActionsTestJSON:test_list_instance_actions): 200 GET http://10.180.1.21/compute/v2.1/servers/81d406bb-f0e6-487c-841e-a13ae7736af0 2.543s
2025-12-08 17:25:27.249 65845 INFO tempest.lib.common.rest_client [req-3877f0d8-bf3e-474c-a0d5-7a4fa4908ca6 req-3877f0d8-bf3e-474c-a0d5-7a4fa4908ca6 ] Request (ServersTestFqdnHostnames:tearDownClass): 200 GET http://10.180.1.21/compute/v2.1/servers/d72d778b-dd55-4ac5-a55a-ffa2176f8aa1 2.466s
2025-12-08 17:25:27.254 65815 INFO tempest.common.waiters [-] State transition "HARD_REBOOT/reboot_pending_hard" ==> "ACTIVE/None" after 7 second wait
2025-12-08 17:25:27.297 65849 INFO tempest.lib.common.rest_client [req-890b25b1-7cdd-44b0-a8a3-aadeb4bdeacd req-890b25b1-7cdd-44b0-a8a3-aadeb4bdeacd ] Request (SecurityGroupsTestJSON:test_server_security_groups): 200 GET http://10.180.1.21/compute/v2.1/servers/835213c0-7178-41ac-ab06-27e678ff73ec 2.457s
2025-12-08 17:25:27.308 65837 INFO tempest.lib.common.rest_client [req-8ddc1128-9510-4b22-9e3c-546a9aaf67c3 req-8ddc1128-9510-4b22-9e3c-546a9aaf67c3 ] Request (ListServersNegativeTestJSON:setUpClass): 200 GET http://10.180.1.21/compute/v2.1/servers/225f5425-83d8-441b-912c-7ca1815e531f 2.457s
2025-12-08 17:25:27.546 65841 INFO tempest.lib.common.rest_client [req-7896cf5a-471a-4fd4-b9b8-885ffbe293c3 req-7896cf5a-471a-4fd4-b9b8-885ffbe293c3 ] Request (ServersAdminTestJSON:_run_cleanups): 200 GET http://10.180.1.21/compute/v2.1/servers/204b5f52-2264-4c23-8799-4b3f57682409 2.578s
2025-12-08 17:25:27.575 65827 INFO tempest.lib.common.rest_client [req-900dbfb0-e485-40f4-bd07-9f4f646e1675 req-900dbfb0-e485-40f4-bd07-9f4f646e1675 ] Request (ServerActionsTestOtherA:setUpClass): 200 GET http://10.180.1.21/compute/v2.1/servers/6ca5c62d-cf52-4f78-9e01-5623f4989442 2.512s
2025-12-08 17:25:27.635 65805 INFO tempest.lib.common.rest_client [req-c78a698a-455e-4af9-adc5-6a4620196486 req-c78a698a-455e-4af9-adc5-6a4620196486 ] Request (ServersTestJSON:setUpClass): 200 GET http://10.180.1.21/compute/v2.1/servers/8f28d898-567e-409c-95bf-10e8000cdc4b 2.513s
2025-12-08 17:25:27.654 65833 INFO tempest.lib.common.rest_client [req-f3bc9b89-8bc7-47c3-86fe-9d3a13e60439 req-f3bc9b89-8bc7-47c3-86fe-9d3a13e60439 ] Request (AttachInterfacesUnderV243Test:test_add_remove_fixed_ip): 200 GET http://10.180.1.21/compute/v2.1/servers/f7259aaf-7b19-40d1-b05b-825f31a78756 2.532s
2025-12-08 17:25:27.699 65831 INFO tempest.lib.common.rest_client [req-bef510ed-b2e1-424b-a0b6-6ef8fc51d0ef req-bef510ed-b2e1-424b-a0b6-6ef8fc51d0ef ] Request (ServerRescueTestJSONUnderV235:setUpClass): 200 GET http://10.180.1.21/compute/v2.1/servers/f7fb46f9-1425-4f94-bcf1-dd722c442144 2.525s
2025-12-08 17:25:27.753 65867 INFO tempest.lib.common.rest_client [req-afe36714-418f-4295-9a1c-4c69ce09e485 req-afe36714-418f-4295-9a1c-4c69ce09e485 ] Request (ServerRescueNegativeTestJSON:test_rescued_vm_detach_volume): 200 GET http://10.180.1.21/compute/v2.1/servers/f7468e7d-2bed-4b9a-a642-b7f628a95305 2.570s
2025-12-08 17:25:27.810 65859 INFO tempest.lib.common.rest_client [req-5f30efbe-4acf-48c5-8dd6-44afad3daf56 req-5f30efbe-4acf-48c5-8dd6-44afad3daf56 ] Request (ServerShowV254Test:test_rebuild_server): 200 GET http://10.180.1.21/compute/v2.1/servers/37a306f7-02f2-41cd-98db-fc3eb003b7a4 2.437s
2025-12-08 17:25:27.825 65835 INFO tempest.lib.common.rest_client [req-3c2229e9-837e-4900-a2f3-440d2a7f6c4d req-3c2229e9-837e-4900-a2f3-440d2a7f6c4d ] Request (ListServerFiltersTestJSON:tearDownClass): 200 GET http://10.180.1.21/compute/v2.1/servers/ae260ff0-bb11-4322-a30e-47a4c88eb6d9 2.300s
2025-12-08 17:25:27.894 65863 INFO tempest.lib.common.rest_client [req-5e5a0466-68f1-4ff9-801c-68c773170528 req-5e5a0466-68f1-4ff9-801c-68c773170528 ] Request (ServersTestJSON:_run_cleanups): 200 GET http://10.180.1.21/compute/v2.1/servers/5eaf1535-4d97-4020-b2a5-4f37e21026e0 2.352s
2025-12-08 17:25:27.918 65847 INFO tempest.lib.common.rest_client [req-f8af6913-c69b-4ad6-9b2d-7c01597c4225 req-f8af6913-c69b-4ad6-9b2d-7c01597c4225 ] Request (ServersListShow298Test:test_list_show_update_rebuild_server_298): 200 GET http://10.180.1.21/compute/v2.1/servers/5b08f3ba-7400-48f2-af8c-a0ea3ec59dc2 2.193s
2025-12-08 17:25:28.091 65813 INFO tempest.lib.common.rest_client [req-877e6c28-7c3e-4f78-ba20-856f6005d406 req-877e6c28-7c3e-4f78-ba20-856f6005d406 ] Request (ServerDiskConfigTestJSON:test_rebuild_server_with_auto_disk_config): 200 GET http://10.180.1.21/compute/v2.1/servers/b3fef10e-1394-434b-b1b7-f239a27e182b 1.079s
2025-12-08 17:25:28.122 65855 INFO tempest.lib.common.rest_client [req-a0cf814a-1578-4f68-a4cf-eff877a64fbf req-a0cf814a-1578-4f68-a4cf-eff877a64fbf ] Request (MigrationsAdminTest:test_resize_server_revert_deleted_flavor): 200 GET http://10.180.1.21/compute/v2.1/servers/9322f1d0-3ffb-46c6-8974-7fe56a517f7f 1.074s
2025-12-08 17:25:28.130 65855 INFO tempest.common.waiters [-] State transition "BUILD/networking" ==> "BUILD/spawning" after 71 second wait
2025-12-08 17:25:28.158 65821 INFO tempest.lib.common.rest_client [req-5c2d7e9c-2114-4f21-a0f5-cb2c409bb100 req-5c2d7e9c-2114-4f21-a0f5-cb2c409bb100 ] Request (ImagesTestJSON:test_create_image_from_suspended_server): 200 GET http://10.180.1.21/compute/v2.1/servers/d20826fc-879b-4538-88d5-9a69017c9d23 1.093s
2025-12-08 17:25:28.192 65823 INFO tempest.lib.common.rest_client [req-49f81fce-1cc3-4b20-b8a5-6263e0c69678 req-49f81fce-1cc3-4b20-b8a5-6263e0c69678 ] Request (ListImageFiltersTestJSON:test_list_images_with_detail_filter_by_changes_since): 200 GET http://10.180.1.21/compute/v2.1/images/detail?changes-since=2025-12-08T17%3A22%3A32Z 1.076s
2025-12-08 17:25:28.231 65815 INFO tempest.lib.common.rest_client [req-7efa6519-a849-4c92-87f4-aa09ebf1468a req-7efa6519-a849-4c92-87f4-aa09ebf1468a ] Request (InstanceActionsTestJSON:test_list_instance_actions): 200 GET http://10.180.1.21/compute/v2.1/servers/81d406bb-f0e6-487c-841e-a13ae7736af0/os-instance-actions 0.977s
2025-12-08 17:25:28.284 65807 INFO tempest.lib.common.rest_client [req-b3154bf5-bde5-488b-8cf5-736bcafd1982 req-b3154bf5-bde5-488b-8cf5-736bcafd1982 ] Request (InstanceActionsNegativeTestJSON:setUpClass): 200 GET http://10.180.1.21/compute/v2.1/servers/f523a556-180d-4c8f-be38-0f7f9110df7b 0.807s
2025-12-08 17:25:28.385 65809 INFO tempest.lib.common.rest_client [req-563146ad-d3c2-4816-a4fa-69da53020ffe req-563146ad-d3c2-4816-a4fa-69da53020ffe ] Request (MultipleCreateTestJSON:_run_cleanups): 200 GET http://10.180.1.21/compute/v2.1/servers/a1383469-5eaa-41c0-950c-fc5b071d8f62 0.888s
2025-12-08 17:25:28.482 65861 INFO tempest.lib.common.rest_client [req-9d94a27c-6686-47ec-9e99-64e2b04716b1 req-9d94a27c-6686-47ec-9e99-64e2b04716b1 ] Request (ServerPasswordTestJSON:setUpClass): 200 GET http://10.180.1.21/compute/v2.1/servers/233af8b9-8f53-4e88-b316-ac6e2e2f85a1 0.918s
2025-12-08 17:25:28.646 65817 INFO tempest.lib.common.rest_client [req-d17d38d4-cf39-4ec5-bc16-541f93661466 req-d17d38d4-cf39-4ec5-bc16-541f93661466 ] Request (ServerActionsTestOtherB:test_create_backup): 200 GET http://10.180.1.21/compute/v2.1/servers/f0ae0ad7-7800-4f5a-a270-7749177b8675 0.655s
2025-12-08 17:25:28.653 65843 INFO tempest.lib.common.rest_client [req-d2323d28-98e4-462f-b487-ee93630e27f2 req-d2323d28-98e4-462f-b487-ee93630e27f2 ] Request (ServerMetadataNegativeTestJSON:setUpClass): 202 POST http://10.180.1.21/compute/v2.1/servers 1.471s
2025-12-08 17:25:28.732 65829 INFO tempest.lib.common.rest_client [req-4c78b9d6-2107-4954-a724-7159bd802c7c req-4c78b9d6-2107-4954-a724-7159bd802c7c ] Request (AttachInterfacesTestJSON:test_create_list_show_delete_interfaces_by_fixed_ip): 200 GET http://10.180.1.21/compute/v2.1/servers/5e5a538b-8f59-45ca-bece-6a0cff169e0a 0.671s
2025-12-08 17:25:28.888 65853 INFO tempest.lib.common.rest_client [req-2bc36d42-c1b6-4bbb-88af-8c51aa93a206 req-2bc36d42-c1b6-4bbb-88af-8c51aa93a206 ] Request (ImagesOneServerNegativeTestJSON:_run_cleanups): 200 GET http://10.180.1.21/compute/v2.1/servers/ac639d87-8ce8-4762-a056-b369ec2627b6 0.811s
2025-12-08 17:25:28.897 65853 INFO tempest.common.waiters [-] State transition "BUILD/networking" ==> "BUILD/spawning" after 53 second wait
2025-12-08 17:25:28.953 65811 INFO tempest.lib.common.rest_client [req-30158880-11a3-471b-b98f-fb3ac40acb17 req-30158880-11a3-471b-b98f-fb3ac40acb17 ] Request (ServersWithSpecificFlavorTestJSON:test_verify_created_server_ephemeral_disk): 200 GET http://10.180.1.21/compute/v2.1/servers/3086c559-35b8-4e79-8478-27151b6a985d 0.820s
2025-12-08 17:25:28.957 65813 INFO tempest.lib.common.rest_client [req-38aa647d-2913-4f79-9958-f5d8571bd99b req-38aa647d-2913-4f79-9958-f5d8571bd99b ] Request (ServerDiskConfigTestJSON:test_rebuild_server_with_auto_disk_config): 202 POST http://10.180.1.21/compute/v2.1/servers/b3fef10e-1394-434b-b1b7-f239a27e182b/action 0.858s
2025-12-08 17:25:29.007 65823 INFO tempest.lib.common.rest_client [req-07a6c67c-b86e-4187-8e4f-727d38141ffb req-07a6c67c-b86e-4187-8e4f-727d38141ffb ] Request (ListImageFiltersTestJSON:test_list_images_with_detail_filter_by_name): 200 GET http://10.180.1.21/compute/v2.1/images/detail?name=tempest-ListImageFiltersTestJSON-image-364756472 0.808s
2025-12-08 17:25:29.031 65839 INFO tempest.lib.common.rest_client [req-3259b17f-ab7f-4ed5-a72a-04576aa572f1 req-3259b17f-ab7f-4ed5-a72a-04576aa572f1 ] Request (VolumesAssistedSnapshotsTest:tearDownClass): 200 GET http://10.180.1.21/compute/v2.1/servers/b72f98f6-f233-4a51-b4ac-fef6364407f1 0.834s
2025-12-08 17:25:29.103 65845 INFO tempest.lib.common.rest_client [req-f56d401e-127d-43ed-8531-48ea8f1b84aa req-f56d401e-127d-43ed-8531-48ea8f1b84aa ] Request (ServersTestFqdnHostnames:tearDownClass): 200 GET http://10.180.1.21/compute/v2.1/servers/d72d778b-dd55-4ac5-a55a-ffa2176f8aa1 0.846s
2025-12-08 17:25:29.117 65815 INFO tempest.lib.common.rest_client [req-487737f4-3f14-4c2e-bf94-992a4369609c req-487737f4-3f14-4c2e-bf94-992a4369609c ] Request (InstanceActionsTestJSON:tearDownClass): 204 DELETE http://10.180.1.21/compute/v2.1/servers/81d406bb-f0e6-487c-841e-a13ae7736af0 0.881s
2025-12-08 17:25:29.153 65849 INFO tempest.lib.common.rest_client [req-203079f1-17a1-4786-9cd6-3e4a184996a4 req-203079f1-17a1-4786-9cd6-3e4a184996a4 ] Request (SecurityGroupsTestJSON:test_server_security_groups): 200 GET http://10.180.1.21/compute/v2.1/servers/835213c0-7178-41ac-ab06-27e678ff73ec 0.847s
2025-12-08 17:25:29.211 65837 INFO tempest.lib.common.rest_client [req-4ee59892-b666-4826-a1ff-d289c164aef5 req-4ee59892-b666-4826-a1ff-d289c164aef5 ] Request (ListServersNegativeTestJSON:setUpClass): 200 GET http://10.180.1.21/compute/v2.1/servers/225f5425-83d8-441b-912c-7ca1815e531f 0.894s
2025-12-08 17:25:29.274 65841 INFO tempest.lib.common.rest_client [req-f878947a-1c64-469d-9392-c1e0dfdaf46c req-f878947a-1c64-469d-9392-c1e0dfdaf46c ] Request (ServersAdminTestJSON:_run_cleanups): 200 GET http://10.180.1.21/compute/v2.1/servers/204b5f52-2264-4c23-8799-4b3f57682409 0.716s
2025-12-08 17:25:29.334 65805 INFO tempest.lib.common.rest_client [req-1eae42b0-b4e1-4b9d-85c2-688e12bfed49 req-1eae42b0-b4e1-4b9d-85c2-688e12bfed49 ] Request (ServersTestJSON:setUpClass): 200 GET http://10.180.1.21/compute/v2.1/servers/8f28d898-567e-409c-95bf-10e8000cdc4b 0.686s
2025-12-08 17:25:29.346 65827 INFO tempest.lib.common.rest_client [req-0c26fd83-6e1e-4302-b04f-d3c3dc754c47 req-0c26fd83-6e1e-4302-b04f-d3c3dc754c47 ] Request (ServerActionsTestOtherA:setUpClass): 200 GET http://10.180.1.21/compute/v2.1/servers/6ca5c62d-cf52-4f78-9e01-5623f4989442 0.752s
2025-12-08 17:25:29.355 65827 INFO tempest.common.waiters [-] State transition "BUILD/spawning" ==> "ACTIVE/None" after 77 second wait
2025-12-08 17:25:29.392 65843 INFO tempest.lib.common.rest_client [req-346613e9-05b2-4a45-8072-b85c01da77b4 req-346613e9-05b2-4a45-8072-b85c01da77b4 ] Request (ServerMetadataNegativeTestJSON:setUpClass): 200 GET http://10.180.1.21/compute/v2.1/servers/b9eaa8ef-392c-449e-b441-5b5de9ddaf9e 0.735s
2025-12-08 17:25:29.405 65833 INFO tempest.lib.common.rest_client [req-51026e99-60e1-4c1c-abdc-da7d90b39fc6 req-51026e99-60e1-4c1c-abdc-da7d90b39fc6 ] Request (AttachInterfacesUnderV243Test:test_add_remove_fixed_ip): 200 GET http://10.180.1.21/compute/v2.1/servers/f7259aaf-7b19-40d1-b05b-825f31a78756 0.739s
2025-12-08 17:25:29.442 65831 INFO tempest.lib.common.rest_client [req-99928244-de82-479e-8ea0-74b98d8e5a23 req-99928244-de82-479e-8ea0-74b98d8e5a23 ] Request (ServerRescueTestJSONUnderV235:setUpClass): 200 GET http://10.180.1.21/compute/v2.1/servers/f7fb46f9-1425-4f94-bcf1-dd722c442144 0.733s
2025-12-08 17:25:29.454 65867 INFO tempest.lib.common.rest_client [req-89af3789-e207-4987-84db-0c79d18d3a9c req-89af3789-e207-4987-84db-0c79d18d3a9c ] Request (ServerRescueNegativeTestJSON:test_rescued_vm_detach_volume): 200 GET http://10.180.1.21/compute/v2.1/servers/f7468e7d-2bed-4b9a-a642-b7f628a95305 0.688s
2025-12-08 17:25:29.504 65859 INFO tempest.lib.common.rest_client [req-2637fb20-ad13-4b90-b683-d85f4a59b93e req-2637fb20-ad13-4b90-b683-d85f4a59b93e ] Request (ServerShowV254Test:test_rebuild_server): 200 GET http://10.180.1.21/compute/v2.1/servers/37a306f7-02f2-41cd-98db-fc3eb003b7a4 0.679s
2025-12-08 17:25:29.522 65859 INFO tempest.common.waiters [-] State transition "BUILD/scheduling" ==> "BUILD/None" after 31 second wait
2025-12-08 17:25:29.526 65835 INFO tempest.lib.common.rest_client [req-93739e44-2a78-49c0-ac68-36f2eadbb67a req-93739e44-2a78-49c0-ac68-36f2eadbb67a ] Request (ListServerFiltersTestJSON:tearDownClass): 200 GET http://10.180.1.21/compute/v2.1/servers/ae260ff0-bb11-4322-a30e-47a4c88eb6d9 0.692s
2025-12-08 17:25:29.535 65835 INFO tempest.common.waiters [-] State transition "ACTIVE/deleting" ==> "DELETED/None" after 5 second wait
2025-12-08 17:25:29.587 65863 INFO tempest.lib.common.rest_client [req-4731a8ac-f37d-4a78-b356-5fc77a4ac38f req-4731a8ac-f37d-4a78-b356-5fc77a4ac38f ] Request (ServersTestJSON:_run_cleanups): 200 GET http://10.180.1.21/compute/v2.1/servers/5eaf1535-4d97-4020-b2a5-4f37e21026e0 0.682s
2025-12-08 17:25:29.591 65847 INFO tempest.lib.common.rest_client [req-c48233ed-7c90-44ae-b874-0cb60c35aaa5 req-c48233ed-7c90-44ae-b874-0cb60c35aaa5 ] Request (ServersListShow298Test:test_list_show_update_rebuild_server_298): 200 GET http://10.180.1.21/compute/v2.1/servers/5b08f3ba-7400-48f2-af8c-a0ea3ec59dc2 0.656s
2025-12-08 17:25:29.604 65847 INFO tempest.common.waiters [-] State transition "BUILD/spawning" ==> "ACTIVE/None" after 75 second wait
2025-12-08 17:25:29.634 65823 INFO tempest.lib.common.rest_client [req-e84c1654-aa60-4804-8cc0-d99246c93f53 req-e84c1654-aa60-4804-8cc0-d99246c93f53 ] Request (ListImageFiltersTestJSON:test_list_images_with_detail_filter_by_server_ref): 200 GET http://10.180.1.21/compute/v2.1/images/detail?server=http%3A%2F%2F10.180.1.21%2Fcompute%2Fv2.1%2Fservers%2F3a95cfa3-d907-467b-9081-c8c5b4b9dd5a 0.619s
2025-12-08 17:25:29.692 65813 INFO tempest.lib.common.rest_client [req-f0e50e02-e58d-4732-8094-1ffa6228776d req-f0e50e02-e58d-4732-8094-1ffa6228776d ] Request (ServerDiskConfigTestJSON:test_rebuild_server_with_auto_disk_config): 200 GET http://10.180.1.21/compute/v2.1/servers/b3fef10e-1394-434b-b1b7-f239a27e182b 0.727s
2025-12-08 17:25:29.771 65815 INFO tempest.lib.common.rest_client [req-de5b938c-c36c-4ed2-945d-7f44ed91327a req-de5b938c-c36c-4ed2-945d-7f44ed91327a ] Request (InstanceActionsTestJSON:tearDownClass): 200 GET http://10.180.1.21/compute/v2.1/servers/81d406bb-f0e6-487c-841e-a13ae7736af0 0.654s
2025-12-08 17:25:29.849 65855 INFO tempest.lib.common.rest_client [req-ab745199-7ecc-4c82-84c7-ae1e3afc858b req-ab745199-7ecc-4c82-84c7-ae1e3afc858b ] Request (MigrationsAdminTest:test_resize_server_revert_deleted_flavor): 200 GET http://10.180.1.21/compute/v2.1/servers/9322f1d0-3ffb-46c6-8974-7fe56a517f7f 0.718s
2025-12-08 17:25:29.866 65821 INFO tempest.lib.common.rest_client [req-c0acd4e7-1c50-4e28-a9d6-bce162a56874 req-c0acd4e7-1c50-4e28-a9d6-bce162a56874 ] Request (ImagesTestJSON:test_create_image_from_suspended_server): 200 GET http://10.180.1.21/compute/v2.1/servers/d20826fc-879b-4538-88d5-9a69017c9d23 0.699s
2025-12-08 17:25:29.908 65807 INFO tempest.lib.common.rest_client [req-06ea8f9c-26d5-470a-adf8-d442f1400f0e req-06ea8f9c-26d5-470a-adf8-d442f1400f0e ] Request (InstanceActionsNegativeTestJSON:setUpClass): 200 GET http://10.180.1.21/compute/v2.1/servers/f523a556-180d-4c8f-be38-0f7f9110df7b 0.616s
2025-12-08 17:25:29.979 65827 INFO tempest.lib.common.rest_client [req-99f6f7b1-e9be-4f0d-97af-531cd58edcbd req-99f6f7b1-e9be-4f0d-97af-531cd58edcbd ] Request (ServerActionsTestOtherA:setUpClass): 200 GET http://10.180.1.21/compute/v2.1/servers/6ca5c62d-cf52-4f78-9e01-5623f4989442/os-interface 0.623s
2025-12-08 17:25:29.979 65809 INFO tempest.lib.common.rest_client [req-5db55939-6467-468a-b717-9c56df7e39ff req-5db55939-6467-468a-b717-9c56df7e39ff ] Request (MultipleCreateTestJSON:_run_cleanups): 200 GET http://10.180.1.21/compute/v2.1/servers/a1383469-5eaa-41c0-950c-fc5b071d8f62 0.584s
2025-12-08 17:25:30.049 65861 INFO tempest.lib.common.rest_client [req-6a6724d0-6b8c-4f54-b3b4-09b8aeed7237 req-6a6724d0-6b8c-4f54-b3b4-09b8aeed7237 ] Request (ServerPasswordTestJSON:setUpClass): 200 GET http://10.180.1.21/compute/v2.1/servers/233af8b9-8f53-4e88-b316-ac6e2e2f85a1 0.552s
2025-12-08 17:25:30.112 65823 INFO tempest.lib.common.rest_client [req-5ccdb579-a6d5-4cb9-a863-6d9bd6bd6b42 req-5ccdb579-a6d5-4cb9-a863-6d9bd6bd6b42 ] Request (ListImageFiltersTestJSON:test_list_images_with_detail_filter_by_server_ref): 200 GET http://10.180.1.21/compute/v2.1/images/detail?server=http%3A%2F%2F10.180.1.21%2Fcompute%2Fservers%2F3a95cfa3-d907-467b-9081-c8c5b4b9dd5a 0.474s
2025-12-08 17:25:30.193 65847 INFO tempest.lib.common.rest_client [req-267d8ddc-221c-4dca-abb5-a23b6ceff275 req-267d8ddc-221c-4dca-abb5-a23b6ceff275 ] Request (ServersListShow298Test:test_list_show_update_rebuild_server_298): 200 GET http://10.180.1.21/compute/v2.1/servers/detail 0.588s
2025-12-08 17:25:30.306 65829 INFO tempest.lib.common.rest_client [req-4a9ceaae-6987-4fdf-a1dc-f7b2be9a0039 req-4a9ceaae-6987-4fdf-a1dc-f7b2be9a0039 ] Request (AttachInterfacesTestJSON:test_create_list_show_delete_interfaces_by_fixed_ip): 200 GET http://10.180.1.21/compute/v2.1/servers/5e5a538b-8f59-45ca-bece-6a0cff169e0a 0.566s
2025-12-08 17:25:30.330 65817 INFO tempest.lib.common.rest_client [req-e578b94a-63d7-4775-a61a-afa2251f0f76 req-e578b94a-63d7-4775-a61a-afa2251f0f76 ] Request (ServerActionsTestOtherB:test_create_backup): 200 GET http://10.180.1.21/compute/v2.1/servers/f0ae0ad7-7800-4f5a-a270-7749177b8675 0.676s
2025-12-08 17:25:30.537 65827 INFO tempest.lib.common.rest_client [req-0c87c9a0-ed90-4b90-95c5-de7730ccf15c req-0c87c9a0-ed90-4b90-95c5-de7730ccf15c ] Request (ServerActionsTestOtherA:setUpClass): 200 PUT http://10.180.1.21/networking/v2.0/floatingips/fb6bf28e-20b2-48fd-a3bf-f98c3079361e 0.555s
2025-12-08 17:25:30.538 65827 INFO tempest.lib.common.ssh [-] Creating ssh connection to '10.180.180.178:22' as 'cirros' with public key authentication
2025-12-08 17:25:30.701 65853 INFO tempest.lib.common.rest_client [req-427bced4-e98c-4953-8f90-37e5933371d0 req-427bced4-e98c-4953-8f90-37e5933371d0 ] Request (ImagesOneServerNegativeTestJSON:_run_cleanups): 200 GET http://10.180.1.21/compute/v2.1/servers/ac639d87-8ce8-4762-a056-b369ec2627b6 0.803s
2025-12-08 17:25:30.742 65811 INFO tempest.lib.common.rest_client [req-c44ed467-95b3-4956-94ac-d2f7fd9987e1 req-c44ed467-95b3-4956-94ac-d2f7fd9987e1 ] Request (ServersWithSpecificFlavorTestJSON:test_verify_created_server_ephemeral_disk): 200 GET http://10.180.1.21/compute/v2.1/servers/3086c559-35b8-4e79-8478-27151b6a985d 0.778s
2025-12-08 17:25:30.759 65811 INFO tempest.common.waiters [-] State transition "BUILD/None" ==> "BUILD/networking" after 49 second wait
2025-12-08 17:25:30.798 65839 INFO tempest.lib.common.rest_client [req-1ca7a584-6d6e-4ebf-863f-a1df83546936 req-1ca7a584-6d6e-4ebf-863f-a1df83546936 ] Request (VolumesAssistedSnapshotsTest:tearDownClass): 200 GET http://10.180.1.21/compute/v2.1/servers/b72f98f6-f233-4a51-b4ac-fef6364407f1 0.759s
2025-12-08 17:25:30.865 65845 INFO tempest.lib.common.rest_client [req-a445649a-eb3f-489f-afe4-547d8e590917 req-a445649a-eb3f-489f-afe4-547d8e590917 ] Request (ServersTestFqdnHostnames:tearDownClass): 200 GET http://10.180.1.21/compute/v2.1/servers/d72d778b-dd55-4ac5-a55a-ffa2176f8aa1 0.753s
2025-12-08 17:25:30.884 65823 INFO tempest.lib.common.rest_client [req-cc55d6d9-44b2-417f-a91c-94081f75b1fe req-cc55d6d9-44b2-417f-a91c-94081f75b1fe ] Request (ListImageFiltersTestJSON:test_list_images_with_detail_filter_by_status): 200 GET http://10.180.1.21/compute/v2.1/images/detail?status=ACTIVE 0.762s
2025-12-08 17:25:30.965 65849 INFO tempest.lib.common.rest_client [req-5fdb853a-c390-499b-987a-acc176040948 req-5fdb853a-c390-499b-987a-acc176040948 ] Request (SecurityGroupsTestJSON:test_server_security_groups): 200 GET http://10.180.1.21/compute/v2.1/servers/835213c0-7178-41ac-ab06-27e678ff73ec 0.803s
2025-12-08 17:25:30.991 65847 INFO tempest.lib.common.rest_client [req-d3d1c0ca-ddb6-4f25-b659-9bd365ebab47 req-d3d1c0ca-ddb6-4f25-b659-9bd365ebab47 ] Request (ServersListShow298Test:test_list_show_update_rebuild_server_298): 200 GET http://10.180.1.21/compute/v2.1/servers/5b08f3ba-7400-48f2-af8c-a0ea3ec59dc2 0.785s
2025-12-08 17:25:31.057 65837 INFO tempest.lib.common.rest_client [req-656c0319-1987-4198-85cf-d7e00b2f03a8 req-656c0319-1987-4198-85cf-d7e00b2f03a8 ] Request (ListServersNegativeTestJSON:setUpClass): 200 GET http://10.180.1.21/compute/v2.1/servers/225f5425-83d8-441b-912c-7ca1815e531f 0.831s
2025-12-08 17:25:31.188 65805 INFO tempest.lib.common.rest_client [req-ce9a857b-65bb-4faf-b890-cb858067299c req-ce9a857b-65bb-4faf-b890-cb858067299c ] Request (ServersTestJSON:setUpClass): 200 GET http://10.180.1.21/compute/v2.1/servers/8f28d898-567e-409c-95bf-10e8000cdc4b 0.846s
2025-12-08 17:25:31.232 65841 INFO tempest.lib.common.rest_client [req-93c9fdec-eca6-445b-b3c3-aef9435fcdc9 req-93c9fdec-eca6-445b-b3c3-aef9435fcdc9 ] Request (ServersAdminTestJSON:_run_cleanups): 200 GET http://10.180.1.21/compute/v2.1/servers/204b5f52-2264-4c23-8799-4b3f57682409 0.942s
2025-12-08 17:25:31.281 65843 INFO tempest.lib.common.rest_client [req-ebeecb4c-a8a6-40e6-b8e5-1b9d208e9dcf req-ebeecb4c-a8a6-40e6-b8e5-1b9d208e9dcf ] Request (ServerMetadataNegativeTestJSON:setUpClass): 200 GET http://10.180.1.21/compute/v2.1/servers/b9eaa8ef-392c-449e-b441-5b5de9ddaf9e 0.880s
2025-12-08 17:25:31.337 65833 INFO tempest.lib.common.rest_client [req-c765886a-3eac-4384-acfd-a0ba4466cfdf req-c765886a-3eac-4384-acfd-a0ba4466cfdf ] Request (AttachInterfacesUnderV243Test:test_add_remove_fixed_ip): 200 GET http://10.180.1.21/compute/v2.1/servers/f7259aaf-7b19-40d1-b05b-825f31a78756 0.921s
2025-12-08 17:25:31.351 65831 INFO tempest.lib.common.rest_client [req-ce3ca33e-a8ff-4cd8-a10d-bf0e8b174705 req-ce3ca33e-a8ff-4cd8-a10d-bf0e8b174705 ] Request (ServerRescueTestJSONUnderV235:setUpClass): 200 GET http://10.180.1.21/compute/v2.1/servers/f7fb46f9-1425-4f94-bcf1-dd722c442144 0.901s
2025-12-08 17:25:31.359 65831 INFO tempest.common.waiters [-] State transition "BUILD/scheduling" ==> "BUILD/None" after 28 second wait
2025-12-08 17:25:31.403 65867 INFO tempest.lib.common.rest_client [req-3fb1f3ef-d3e6-40cc-9178-db73bf1591d0 req-3fb1f3ef-d3e6-40cc-9178-db73bf1591d0 ] Request (ServerRescueNegativeTestJSON:test_rescued_vm_detach_volume): 200 GET http://10.180.1.21/compute/v2.1/servers/f7468e7d-2bed-4b9a-a642-b7f628a95305 0.940s
2025-12-08 17:25:31.421 65859 INFO tempest.lib.common.rest_client [req-416ffe60-4e60-4a2f-9287-fec37155c8d7 req-416ffe60-4e60-4a2f-9287-fec37155c8d7 ] Request (ServerShowV254Test:test_rebuild_server): 200 GET http://10.180.1.21/compute/v2.1/servers/37a306f7-02f2-41cd-98db-fc3eb003b7a4 0.898s
2025-12-08 17:25:31.467 65835 INFO tempest.lib.common.rest_client [req-b9ae4ae3-1c08-4d4a-ad74-9daf5d9fc45d req-b9ae4ae3-1c08-4d4a-ad74-9daf5d9fc45d ] Request (ListServerFiltersTestJSON:tearDownClass): 200 GET http://10.180.1.21/compute/v2.1/servers/ae260ff0-bb11-4322-a30e-47a4c88eb6d9 0.931s
2025-12-08 17:25:31.486 65863 INFO tempest.lib.common.rest_client [req-07b89e5f-8c99-4ae0-ba62-812365184248 req-07b89e5f-8c99-4ae0-ba62-812365184248 ] Request (ServersTestJSON:_run_cleanups): 200 GET http://10.180.1.21/compute/v2.1/servers/5eaf1535-4d97-4020-b2a5-4f37e21026e0 0.890s
2025-12-08 17:25:31.626 65813 INFO tempest.lib.common.rest_client [req-7cfc1197-9c48-4f82-835f-335ed99b7637 req-7cfc1197-9c48-4f82-835f-335ed99b7637 ] Request (ServerDiskConfigTestJSON:test_rebuild_server_with_auto_disk_config): 200 GET http://10.180.1.21/compute/v2.1/servers/b3fef10e-1394-434b-b1b7-f239a27e182b 0.926s
2025-12-08 17:25:31.656 65815 INFO tempest.lib.common.rest_client [req-68774778-131c-4d2c-b133-223c3c760ab8 req-68774778-131c-4d2c-b133-223c3c760ab8 ] Request (InstanceActionsTestJSON:tearDownClass): 200 GET http://10.180.1.21/compute/v2.1/servers/81d406bb-f0e6-487c-841e-a13ae7736af0 0.874s
2025-12-08 17:25:31.728 65821 INFO tempest.lib.common.rest_client [req-d06a9fc2-18c9-4880-9ced-9d5de1e53061 req-d06a9fc2-18c9-4880-9ced-9d5de1e53061 ] Request (ImagesTestJSON:test_create_image_from_suspended_server): 200 GET http://10.180.1.21/compute/v2.1/servers/d20826fc-879b-4538-88d5-9a69017c9d23 0.852s
2025-12-08 17:25:31.763 65855 INFO tempest.lib.common.rest_client [req-82b8ef99-0aa1-49c0-9f2a-3eb8dee91ce7 req-82b8ef99-0aa1-49c0-9f2a-3eb8dee91ce7 ] Request (MigrationsAdminTest:test_resize_server_revert_deleted_flavor): 200 GET http://10.180.1.21/compute/v2.1/servers/9322f1d0-3ffb-46c6-8974-7fe56a517f7f 0.901s
2025-12-08 17:25:31.790 65823 INFO tempest.lib.common.rest_client [req-3054b9fe-9786-4189-9683-37dad1e06d14 req-3054b9fe-9786-4189-9683-37dad1e06d14 ] Request (ListImageFiltersTestJSON:test_list_images_with_detail_filter_by_type): 200 GET http://10.180.1.21/compute/v2.1/images/detail?type=snapshot 0.891s
2025-12-08 17:25:31.824 65807 INFO tempest.lib.common.rest_client [req-1b7d10d5-cbd9-495a-af1b-0ca3c60e9d6b req-1b7d10d5-cbd9-495a-af1b-0ca3c60e9d6b ] Request (InstanceActionsNegativeTestJSON:setUpClass): 200 GET http://10.180.1.21/compute/v2.1/servers/f523a556-180d-4c8f-be38-0f7f9110df7b 0.905s
2025-12-08 17:25:31.832 65807 INFO tempest.common.waiters [-] State transition "BUILD/scheduling" ==> "BUILD/None" after 18 second wait
2025-12-08 17:25:31.852 65809 INFO tempest.lib.common.rest_client [req-71722713-849d-4bdf-8bde-dba252439211 req-71722713-849d-4bdf-8bde-dba252439211 ] Request (MultipleCreateTestJSON:_run_cleanups): 200 GET http://10.180.1.21/compute/v2.1/servers/a1383469-5eaa-41c0-950c-fc5b071d8f62 0.861s
2025-12-08 17:25:31.908 65861 INFO tempest.lib.common.rest_client [req-461fe88c-12cf-4101-8748-25055d59bc7d req-461fe88c-12cf-4101-8748-25055d59bc7d ] Request (ServerPasswordTestJSON:setUpClass): 200 GET http://10.180.1.21/compute/v2.1/servers/233af8b9-8f53-4e88-b316-ac6e2e2f85a1 0.848s
2025-12-08 17:25:31.933 65847 INFO tempest.lib.common.rest_client [req-e3a2fba1-7b8f-433a-8e9d-c7243d0b19fe req-e3a2fba1-7b8f-433a-8e9d-c7243d0b19fe ] Request (ServersListShow298Test:test_list_show_update_rebuild_server_298): 200 PUT http://10.180.1.21/compute/v2.1/servers/5b08f3ba-7400-48f2-af8c-a0ea3ec59dc2 0.925s
2025-12-08 17:25:31.977 65829 INFO tempest.lib.common.rest_client [req-0148ed8d-173d-49a8-a50c-057006bf9796 req-0148ed8d-173d-49a8-a50c-057006bf9796 ] Request (AttachInterfacesTestJSON:test_create_list_show_delete_interfaces_by_fixed_ip): 200 GET http://10.180.1.21/compute/v2.1/servers/5e5a538b-8f59-45ca-bece-6a0cff169e0a 0.661s
2025-12-08 17:25:32.112 65817 INFO tempest.lib.common.rest_client [req-c7b9ed30-282e-4b12-abee-3dbf7f7b6185 req-c7b9ed30-282e-4b12-abee-3dbf7f7b6185 ] Request (ServerActionsTestOtherB:test_create_backup): 200 GET http://10.180.1.21/compute/v2.1/servers/f0ae0ad7-7800-4f5a-a270-7749177b8675 0.772s
2025-12-08 17:25:32.134 65853 INFO tempest.lib.common.rest_client [req-26923b33-7e6a-4d0e-8ae7-ad08350204e4 req-26923b33-7e6a-4d0e-8ae7-ad08350204e4 ] Request (ImagesOneServerNegativeTestJSON:_run_cleanups): 200 GET http://10.180.1.21/compute/v2.1/servers/ac639d87-8ce8-4762-a056-b369ec2627b6 0.421s
2025-12-08 17:25:32.182 65823 INFO tempest.lib.common.rest_client [req-fd7af81d-c77d-414f-b3e3-dda95a331f86 req-fd7af81d-c77d-414f-b3e3-dda95a331f86 ] Request (ListImageFiltersTestJSON:test_list_images_with_detail_filter_by_type): 200 GET http://10.180.1.21/compute/v2.1/images/50fb366d-48e6-424f-9c20-bc83d77be76a 0.387s
