2025-12-08 17:22:31.399 65811 INFO tempest.lib.common.rest_client [req-541b6199-e7f0-4e90-8225-5b618705f8e0 req-541b6199-e7f0-4e90-8225-5b618705f8e0 ] Request (ServersWithSpecificFlavorTestJSON:test_verify_created_server_ephemeral_disk): 200 GET http://10.180.1.21/compute/v2.1/flavors/42/os-extra_specs 3.380s
2025-12-08 17:22:31.429 65823 INFO tempest.lib.common.rest_client [req-7141f939-cd30-49bf-b541-1e4dc42a2f6a req-7141f939-cd30-49bf-b541-1e4dc42a2f6a ] Request (ListImageFiltersTestJSON:setUpClass): 201 POST http://10.180.1.21/identity/v3/projects 0.032s
2025-12-08 17:22:31.434 65853 INFO tempest.lib.common.rest_client [req-bbdb5582-4d95-4877-a415-67c19d9d5d0b req-bbdb5582-4d95-4877-a415-67c19d9d5d0b ] Request (NetworksTest:tearDownClass): 204 DELETE http://10.180.1.21/identity/v3/users/5dc2bad56d464cc6a8479d7229262f57 0.070s
2025-12-08 17:22:31.507 65823 INFO tempest.lib.common.rest_client [req-ce9dbce7-8178-4b5b-a91c-4a6a73a76157 req-ce9dbce7-8178-4b5b-a91c-4a6a73a76157 ] Request (ListImageFiltersTestJSON:setUpClass): 201 POST http://10.180.1.21/identity/v3/users 0.078s
2025-12-08 17:22:31.545 65853 INFO tempest.lib.common.rest_client [req-13112069-7de2-47fc-a21a-7ebff1f12f33 req-13112069-7de2-47fc-a21a-7ebff1f12f33 ] Request (NetworksTest:tearDownClass): 204 DELETE http://10.180.1.21/identity/v3/users/6e495a5e0a3045149ffe2644bcb1b158 0.111s
2025-12-08 17:22:31.545 65853 INFO tempest.lib.common.dynamic_creds [-] Deleting project and security group for project: 179aa78162fe46b1bdde1d01d42c8750
2025-12-08 17:22:31.597 65823 INFO tempest.lib.common.rest_client [req-4393a77d-b104-4a43-aba6-b3aeb26ec81b req-4393a77d-b104-4a43-aba6-b3aeb26ec81b ] Request (ListImageFiltersTestJSON:setUpClass): 200 GET http://10.180.1.21/identity/v3/roles 0.089s
2025-12-08 17:22:31.624 65853 INFO tempest.lib.common.rest_client [req-43e6b3cc-0ff2-494e-9ab2-bfd53890e0a1 req-43e6b3cc-0ff2-494e-9ab2-bfd53890e0a1 ] Request (NetworksTest:tearDownClass): 201 POST http://10.180.1.21/identity/v3/auth/tokens 0.078s
2025-12-08 17:22:31.624 65823 INFO tempest.lib.common.rest_client [req-812e0efa-4650-46ae-8e19-11977e8b3b7a req-812e0efa-4650-46ae-8e19-11977e8b3b7a ] Request (ListImageFiltersTestJSON:setUpClass): 204 PUT http://10.180.1.21/identity/v3/projects/59c42804054740c48c7e57900be9a060/users/ef99873f6af24dd7b200a19fd7d06862/roles/b3dd0e4209014f9fa504e1e8d33673a7 0.026s
2025-12-08 17:22:31.624 65823 INFO tempest.lib.common.dynamic_creds [-] Dynamic test user ef99873f6af24dd7b200a19fd7d06862 is created with scope project and roles: ['member']
2025-12-08 17:22:31.624 65823 INFO tempest.lib.common.dynamic_creds [-] Acquired dynamic creds: credentials: Credentials: {'domain_id': 'default', 'domain_name': 'Default', 'username': 'tempest-ListImageFiltersTestJSON-1965178563-project-member', 'project_domain_id': 'default', 'project_domain_name': 'Default', 'project_id': '59c42804054740c48c7e57900be9a060', 'project_name': 'tempest-ListImageFiltersTestJSON-1965178563', 'tenant_id': '59c42804054740c48c7e57900be9a060', 'tenant_name': 'tempest-ListImageFiltersTestJSON-1965178563', 'user_domain_id': 'default', 'user_domain_name': 'Default', 'user_id': 'ef99873f6af24dd7b200a19fd7d06862', 'system': None}, Network: None, Subnet: None, Router: None
2025-12-08 17:22:31.624 65823 INFO tempest.lib.common.dynamic_creds [-] Created isolated network resources for: credentials: Credentials: {'domain_id': 'default', 'domain_name': 'Default', 'username': 'tempest-ListImageFiltersTestJSON-1965178563-project-member', 'project_domain_id': 'default', 'project_domain_name': 'Default', 'project_id': '59c42804054740c48c7e57900be9a060', 'project_name': 'tempest-ListImageFiltersTestJSON-1965178563', 'tenant_id': '59c42804054740c48c7e57900be9a060', 'tenant_name': 'tempest-ListImageFiltersTestJSON-1965178563', 'user_domain_id': 'default', 'user_domain_name': 'Default', 'user_id': 'ef99873f6af24dd7b200a19fd7d06862', 'system': None}, Network: None, Subnet: None, Router: None
2025-12-08 17:22:31.689 65817 INFO tempest.lib.common.rest_client [req-dc53c7bf-fe4d-4009-a450-0b52d83c2ccf req-dc53c7bf-fe4d-4009-a450-0b52d83c2ccf ] Request (FlavorsV255TestJSON:tearDownClass): 200 GET http://10.180.1.21/networking/v2.0/security-groups?tenant_id=bf41f0b74dda491a9b2a75b31a89a53e&name=default 0.432s
2025-12-08 17:22:31.714 65823 INFO tempest.lib.common.rest_client [req-2b620604-ef7f-4616-abff-e488ea0f02f7 req-2b620604-ef7f-4616-abff-e488ea0f02f7 ] Request (ListImageFiltersTestJSON:setUpClass): 201 POST http://10.180.1.21/identity/v3/auth/tokens 0.085s
2025-12-08 17:22:31.777 65839 INFO tempest.lib.common.rest_client [req-eb01983b-d0a0-4b0f-898d-2ba22f0d9201 req-eb01983b-d0a0-4b0f-898d-2ba22f0d9201 ] Request (VolumesAssistedSnapshotsTest:test_volume_assisted_snapshot_create_delete): 200 GET http://10.180.1.21/compute/v2.1/servers/b72f98f6-f233-4a51-b4ac-fef6364407f1 3.495s
2025-12-08 17:22:31.799 65831 INFO tempest.lib.common.rest_client [req-58fde2de-790b-4518-adfc-62348779fcad req-58fde2de-790b-4518-adfc-62348779fcad ] Request (FlavorsAdminTestJSON:_run_cleanups): 202 DELETE http://10.180.1.21/compute/v2.1/flavors/2109914391 3.481s
2025-12-08 17:22:31.817 65863 INFO tempest.lib.common.rest_client [req-fa59563b-fa30-4d92-aee0-8a016cf7c6fa req-fa59563b-fa30-4d92-aee0-8a016cf7c6fa ] Request (FlavorsV261TestJSON:_run_cleanups): 202 DELETE http://10.180.1.21/compute/v2.1/flavors/2011015012 3.473s
2025-12-08 17:22:32.037 65853 INFO tempest.lib.common.rest_client [req-4cd2f0b4-dcb6-433c-a540-26be25971b9a req-4cd2f0b4-dcb6-433c-a540-26be25971b9a ] Request (NetworksTest:tearDownClass): 200 GET http://10.180.1.21/networking/v2.0/security-groups?tenant_id=179aa78162fe46b1bdde1d01d42c8750&name=default 0.413s
2025-12-08 17:22:32.110 65861 INFO tempest.lib.common.rest_client [req-0aaa7744-4f23-4905-a4d9-a378987680ae req-0aaa7744-4f23-4905-a4d9-a378987680ae ] Request (ServersTestBootFromVolume:setUpClass): 200 GET http://10.180.1.21/volume/v3/volumes/80f3c122-a4fa-4863-8156-3f1ec258eb24 0.032s
2025-12-08 17:22:32.149 65817 INFO tempest.lib.common.rest_client [req-28920edb-f5da-473e-ae3d-8652217206c4 req-28920edb-f5da-473e-ae3d-8652217206c4 ] Request (FlavorsV255TestJSON:tearDownClass): 204 DELETE http://10.180.1.21/networking/v2.0/security-groups/09ec194b-e590-49ac-aa36-7ee783d6ee49 0.459s
2025-12-08 17:22:32.198 65823 INFO tempest.lib.common.rest_client [req-a0db23c8-9006-477d-a7d8-56336d00759f req-a0db23c8-9006-477d-a7d8-56336d00759f ] Request (ListImageFiltersTestJSON:setUpClass): 201 POST http://10.180.1.21/image/v2/images 0.483s
2025-12-08 17:22:32.245 65817 INFO tempest.lib.common.rest_client [req-00fadbcc-bf9c-41a5-a19d-e67d0be38936 req-00fadbcc-bf9c-41a5-a19d-e67d0be38936 ] Request (FlavorsV255TestJSON:tearDownClass): 204 DELETE http://10.180.1.21/identity/v3/projects/bf41f0b74dda491a9b2a75b31a89a53e 0.095s
2025-12-08 17:22:32.245 65817 INFO tempest.lib.common.dynamic_creds [-] Deleting project and security group for project: 07d3706e7d704efcb0ecc459aadf7f9c
2025-12-08 17:22:32.248 65853 INFO tempest.lib.common.rest_client [req-fc48103b-690c-41c9-905b-b69b11249687 req-fc48103b-690c-41c9-905b-b69b11249687 ] Request (NetworksTest:tearDownClass): 204 DELETE http://10.180.1.21/networking/v2.0/security-groups/a7fc0d35-e7d3-492c-97a7-4df0249b4c4a 0.211s
2025-12-08 17:22:32.340 65833 INFO tempest.lib.common.rest_client [req-6b85f909-b1c1-4209-b54b-98fa12da36dd req-6b85f909-b1c1-4209-b54b-98fa12da36dd ] Request (DeleteServersAdminTestJSON:test_admin_delete_servers_of_others): 200 GET http://10.180.1.21/compute/v2.1/servers/12878a90-86d2-4609-80aa-de0d1bdb64c0 3.891s
2025-12-08 17:22:32.353 65853 INFO tempest.lib.common.rest_client [req-30447ee0-7017-43f2-85a2-d94f58dc5276 req-30447ee0-7017-43f2-85a2-d94f58dc5276 ] Request (NetworksTest:tearDownClass): 204 DELETE http://10.180.1.21/identity/v3/projects/179aa78162fe46b1bdde1d01d42c8750 0.105s
2025-12-08 17:22:32.354 65853 INFO tempest.lib.common.dynamic_creds [-] Deleting project and security group for project: f4abe34db0a94f2986ab18f7f0de43cd
2025-12-08 17:22:32.456 65817 INFO tempest.lib.common.rest_client [req-293d129f-be1b-4e8c-97d9-64beb14c4682 req-293d129f-be1b-4e8c-97d9-64beb14c4682 ] Request (FlavorsV255TestJSON:tearDownClass): 200 GET http://10.180.1.21/networking/v2.0/security-groups?tenant_id=07d3706e7d704efcb0ecc459aadf7f9c&name=default 0.211s
2025-12-08 17:22:32.657 65817 INFO tempest.lib.common.rest_client [req-d8291561-55d1-4428-8d7c-82ff5614605b req-d8291561-55d1-4428-8d7c-82ff5614605b ] Request (FlavorsV255TestJSON:tearDownClass): 204 DELETE http://10.180.1.21/networking/v2.0/security-groups/2d97284e-c190-4cd2-a435-b952d49638b2 0.200s
2025-12-08 17:22:32.696 65853 INFO tempest.lib.common.rest_client [req-c6d118d2-29f4-4147-8c53-100205439164 req-c6d118d2-29f4-4147-8c53-100205439164 ] Request (NetworksTest:tearDownClass): 200 GET http://10.180.1.21/networking/v2.0/security-groups?tenant_id=f4abe34db0a94f2986ab18f7f0de43cd&name=default 0.342s
2025-12-08 17:22:32.823 65817 INFO tempest.lib.common.rest_client [req-bb5f2c65-0669-4360-a3a5-7a09df6ea381 req-bb5f2c65-0669-4360-a3a5-7a09df6ea381 ] Request (FlavorsV255TestJSON:tearDownClass): 204 DELETE http://10.180.1.21/identity/v3/projects/07d3706e7d704efcb0ecc459aadf7f9c 0.165s
2025-12-08 17:22:32.890 65853 INFO tempest.lib.common.rest_client [req-d820408a-0fae-4a38-a179-5eb5c7839aa1 req-d820408a-0fae-4a38-a179-5eb5c7839aa1 ] Request (NetworksTest:tearDownClass): 204 DELETE http://10.180.1.21/networking/v2.0/security-groups/03deebae-3209-4b03-819e-b04e5a97c7d9 0.193s
2025-12-08 17:22:32.923 65817 INFO tempest.lib.common.rest_client [req-76f3fbd9-4c18-4397-9622-573a980a92d8 req-76f3fbd9-4c18-4397-9622-573a980a92d8 ] Request (ServerActionsTestOtherB:setUpClass): 201 POST http://10.180.1.21/identity/v3/auth/tokens 0.098s
2025-12-08 17:22:32.960 65817 INFO tempest.lib.common.rest_client [req-43f29d66-315c-422e-8840-6de031dc7a9c req-43f29d66-315c-422e-8840-6de031dc7a9c ] Request (ServerActionsTestOtherB:setUpClass): 201 POST http://10.180.1.21/identity/v3/auth/tokens 0.033s
2025-12-08 17:22:32.987 65817 INFO tempest.lib.common.rest_client [req-bed9eff7-c6bf-4112-8e91-d3cf44b58543 req-bed9eff7-c6bf-4112-8e91-d3cf44b58543 ] Request (ServerActionsTestOtherB:setUpClass): 200 GET http://10.180.1.21/identity/v3/domains?name=Default 0.026s
2025-12-08 17:22:33.022 65853 INFO tempest.lib.common.rest_client [req-231f2cd4-d9b8-49e0-ab34-54c6157135a4 req-231f2cd4-d9b8-49e0-ab34-54c6157135a4 ] Request (NetworksTest:tearDownClass): 204 DELETE http://10.180.1.21/identity/v3/projects/f4abe34db0a94f2986ab18f7f0de43cd 0.131s
2025-12-08 17:22:33.060 65853 INFO tempest.lib.common.rest_client [req-47aa9962-c91b-4d0f-9cb3-319dc9e7f3f4 req-47aa9962-c91b-4d0f-9cb3-319dc9e7f3f4 ] Request (ImagesOneServerNegativeTestJSON:setUpClass): 201 POST http://10.180.1.21/identity/v3/auth/tokens 0.036s
2025-12-08 17:22:33.073 65817 INFO tempest.lib.common.rest_client [req-b6dc813d-234b-4a7f-a45a-8e1320554136 req-b6dc813d-234b-4a7f-a45a-8e1320554136 ] Request (ServerActionsTestOtherB:setUpClass): 201 POST http://10.180.1.21/identity/v3/projects 0.085s
2025-12-08 17:22:33.147 65853 INFO tempest.lib.common.rest_client [req-b7df8400-4965-4da7-8607-2d82f51b785a req-b7df8400-4965-4da7-8607-2d82f51b785a ] Request (ImagesOneServerNegativeTestJSON:setUpClass): 201 POST http://10.180.1.21/identity/v3/auth/tokens 0.081s
2025-12-08 17:22:33.184 65853 INFO tempest.lib.common.rest_client [req-517cbe11-d279-4b6e-8a79-29eff19a80a8 req-517cbe11-d279-4b6e-8a79-29eff19a80a8 ] Request (ImagesOneServerNegativeTestJSON:setUpClass): 200 GET http://10.180.1.21/identity/v3/domains?name=Default 0.036s
2025-12-08 17:22:33.197 65861 INFO tempest.lib.common.rest_client [req-ccb30363-5e47-4f87-af52-e160fa8c6ebb req-ccb30363-5e47-4f87-af52-e160fa8c6ebb ] Request (ServersTestBootFromVolume:setUpClass): 200 GET http://10.180.1.21/volume/v3/volumes/80f3c122-a4fa-4863-8156-3f1ec258eb24 0.080s
2025-12-08 17:22:33.213 65827 INFO tempest.lib.common.rest_client [req-6bfc65b5-2c0a-4edd-8f6d-18928b65c53c req-6bfc65b5-2c0a-4edd-8f6d-18928b65c53c ] Request (ServerDiagnosticsTest:test_get_server_diagnostics): 202 POST http://10.180.1.21/compute/v2.1/servers 4.639s
2025-12-08 17:22:33.213 65817 INFO tempest.lib.common.rest_client [req-77dcbd78-1aa2-46b3-b12a-c6b7ec246229 req-77dcbd78-1aa2-46b3-b12a-c6b7ec246229 ] Request (ServerActionsTestOtherB:setUpClass): 201 POST http://10.180.1.21/identity/v3/users 0.139s
2025-12-08 17:22:33.228 65853 INFO tempest.lib.common.rest_client [req-00b8fcdf-0d09-4373-9606-9c7eb42c1c68 req-00b8fcdf-0d09-4373-9606-9c7eb42c1c68 ] Request (ImagesOneServerNegativeTestJSON:setUpClass): 201 POST http://10.180.1.21/identity/v3/projects 0.043s
2025-12-08 17:22:33.249 65847 INFO tempest.lib.common.rest_client [req-606befec-f28f-4f28-be22-92e57a7a27c0 req-606befec-f28f-4f28-be22-92e57a7a27c0 ] Request (AggregatesAdminNegativeTestJSON:_run_cleanups): 200 DELETE http://10.180.1.21/compute/v2.1/os-aggregates/1 4.497s
2025-12-08 17:22:33.293 65817 INFO tempest.lib.common.rest_client [req-7c7dc469-1540-4876-90ff-b85d344a6a95 req-7c7dc469-1540-4876-90ff-b85d344a6a95 ] Request (ServerActionsTestOtherB:setUpClass): 200 GET http://10.180.1.21/identity/v3/roles 0.080s
2025-12-08 17:22:33.331 65853 INFO tempest.lib.common.rest_client [req-c72dfaa6-7138-4c0b-8910-01678292f6d3 req-c72dfaa6-7138-4c0b-8910-01678292f6d3 ] Request (ImagesOneServerNegativeTestJSON:setUpClass): 201 POST http://10.180.1.21/identity/v3/users 0.103s
2025-12-08 17:22:33.354 65817 INFO tempest.lib.common.rest_client [req-50a39eae-9800-4f21-9fca-cac8835d35ba req-50a39eae-9800-4f21-9fca-cac8835d35ba ] Request (ServerActionsTestOtherB:setUpClass): 204 PUT http://10.180.1.21/identity/v3/projects/a4a79f75fe9f47d4a1cca9aa9f9c3901/users/a278319122f4493e8edb16186f0372bc/roles/b3dd0e4209014f9fa504e1e8d33673a7 0.060s
2025-12-08 17:22:33.354 65817 INFO tempest.lib.common.dynamic_creds [-] Dynamic test user a278319122f4493e8edb16186f0372bc is created with scope project and roles: ['member']
2025-12-08 17:22:33.354 65817 INFO tempest.lib.common.dynamic_creds [-] Acquired dynamic creds: credentials: Credentials: {'domain_id': 'default', 'domain_name': 'Default', 'username': 'tempest-ServerActionsTestOtherB-885041878-project-member', 'project_domain_id': 'default', 'project_domain_name': 'Default', 'project_id': 'a4a79f75fe9f47d4a1cca9aa9f9c3901', 'project_name': 'tempest-ServerActionsTestOtherB-885041878', 'tenant_id': 'a4a79f75fe9f47d4a1cca9aa9f9c3901', 'tenant_name': 'tempest-ServerActionsTestOtherB-885041878', 'user_domain_id': 'default', 'user_domain_name': 'Default', 'user_id': 'a278319122f4493e8edb16186f0372bc', 'system': None}, Network: None, Subnet: None, Router: None
2025-12-08 17:22:33.412 65853 INFO tempest.lib.common.rest_client [req-af7801e7-1ff4-4f58-b54a-a8f7ea92d855 req-af7801e7-1ff4-4f58-b54a-a8f7ea92d855 ] Request (ImagesOneServerNegativeTestJSON:setUpClass): 200 GET http://10.180.1.21/identity/v3/roles 0.080s
2025-12-08 17:22:33.423 65817 INFO tempest.lib.common.rest_client [req-3ba53021-aa9f-4608-b2c8-0eba4d8a55f8 req-3ba53021-aa9f-4608-b2c8-0eba4d8a55f8 ] Request (ServerActionsTestOtherB:setUpClass): 201 POST http://10.180.1.21/identity/v3/auth/tokens 0.068s
2025-12-08 17:22:33.447 65853 INFO tempest.lib.common.rest_client [req-02946314-faa9-4d81-9033-d532973cbc64 req-02946314-faa9-4d81-9033-d532973cbc64 ] Request (ImagesOneServerNegativeTestJSON:setUpClass): 204 PUT http://10.180.1.21/identity/v3/projects/a1c40ba76251447a8ca380d4b19e86f1/users/2373a25b30784b0c9624aae02bd48ff2/roles/b3dd0e4209014f9fa504e1e8d33673a7 0.034s
2025-12-08 17:22:33.447 65853 INFO tempest.lib.common.dynamic_creds [-] Dynamic test user 2373a25b30784b0c9624aae02bd48ff2 is created with scope project and roles: ['member']
2025-12-08 17:22:33.447 65853 INFO tempest.lib.common.dynamic_creds [-] Acquired dynamic creds: credentials: Credentials: {'domain_id': 'default', 'domain_name': 'Default', 'username': 'tempest-ImagesOneServerNegativeTestJSON-410701669-project-member', 'project_domain_id': 'default', 'project_domain_name': 'Default', 'project_id': 'a1c40ba76251447a8ca380d4b19e86f1', 'project_name': 'tempest-ImagesOneServerNegativeTestJSON-410701669', 'tenant_id': 'a1c40ba76251447a8ca380d4b19e86f1', 'tenant_name': 'tempest-ImagesOneServerNegativeTestJSON-410701669', 'user_domain_id': 'default', 'user_domain_name': 'Default', 'user_id': '2373a25b30784b0c9624aae02bd48ff2', 'system': None}, Network: None, Subnet: None, Router: None
2025-12-08 17:22:33.509 65853 INFO tempest.lib.common.rest_client [req-09b0a6b0-7ab4-42b7-b051-f94d5e2b65c7 req-09b0a6b0-7ab4-42b7-b051-f94d5e2b65c7 ] Request (ImagesOneServerNegativeTestJSON:setUpClass): 201 POST http://10.180.1.21/identity/v3/auth/tokens 0.061s
2025-12-08 17:22:33.511 65855 INFO tempest.lib.common.rest_client [req-7cdce981-5d45-42f2-b66a-51e3a4301371 req-7cdce981-5d45-42f2-b66a-51e3a4301371 ] Request (MigrationsAdminTest:test_list_migrations_in_flavor_resize_situation): 200 GET http://10.180.1.21/compute/v2.1/servers/b9df7ebd-a64a-4031-89f7-75a8aee3c74c 4.757s
2025-12-08 17:22:33.518 65855 INFO tempest.common.waiters [-] State transition "BUILD/None" ==> "BUILD/spawning" after 10 second wait
2025-12-08 17:22:33.775 65817 INFO tempest.lib.common.rest_client [req-1ba0f2a5-04b6-4e75-a9e1-7dfb8d935e6e req-1ba0f2a5-04b6-4e75-a9e1-7dfb8d935e6e ] Request (ServerActionsTestOtherB:setUpClass): 201 POST http://10.180.1.21/networking/v2.0/networks 0.351s
2025-12-08 17:22:33.911 65823 INFO tempest.lib.common.rest_client [req-572098a7-411a-492f-b171-b59aa4782fa1 req-572098a7-411a-492f-b171-b59aa4782fa1 ] Request (ListImageFiltersTestJSON:setUpClass): 204 PUT http://10.180.1.21/image/v2/images/1cc2a759-75a3-4d5e-b16b-12ad830962d4/file 0.711s
2025-12-08 17:22:34.063 65853 INFO tempest.lib.common.rest_client [req-a9bd44ab-7029-43c6-919d-9b8bfe4d2e24 req-a9bd44ab-7029-43c6-919d-9b8bfe4d2e24 ] Request (ImagesOneServerNegativeTestJSON:setUpClass): 201 POST http://10.180.1.21/networking/v2.0/networks 0.554s
2025-12-08 17:22:34.234 65861 INFO tempest.lib.common.rest_client [req-4b00f66a-6a0d-4267-bc8b-e74d5b4b4617 req-4b00f66a-6a0d-4267-bc8b-e74d5b4b4617 ] Request (ServersTestBootFromVolume:setUpClass): 200 GET http://10.180.1.21/volume/v3/volumes/80f3c122-a4fa-4863-8156-3f1ec258eb24 0.027s
2025-12-08 17:22:34.306 65817 INFO tempest.lib.common.rest_client [req-29883b29-f9ef-430d-a9cf-46e840456a5d req-29883b29-f9ef-430d-a9cf-46e840456a5d ] Request (ServerActionsTestOtherB:setUpClass): 201 POST http://10.180.1.21/networking/v2.0/subnets 0.530s
2025-12-08 17:22:34.451 65849 INFO tempest.lib.common.rest_client [req-0a99ae3f-4917-455f-ab6e-0dc9cad4a144 req-0a99ae3f-4917-455f-ab6e-0dc9cad4a144 ] Request (TenantUsagesTestJSON:setUpClass): 200 GET http://10.180.1.21/compute/v2.1/servers/355e8336-6743-41dc-b678-3e8025295ba9 5.660s
2025-12-08 17:22:34.463 65849 INFO tempest.common.waiters [-] State transition "BUILD/spawning" ==> "ACTIVE/None" after 24 second wait
2025-12-08 17:22:34.558 65853 INFO tempest.lib.common.rest_client [req-33f890f0-7bb1-40d0-b445-7cd1bcbb0134 req-33f890f0-7bb1-40d0-b445-7cd1bcbb0134 ] Request (ImagesOneServerNegativeTestJSON:setUpClass): 201 POST http://10.180.1.21/networking/v2.0/subnets 0.494s
2025-12-08 17:22:34.997 65841 INFO tempest.lib.common.rest_client [req-62f0b1cd-e5d6-4d3e-9c9c-9d21c6d1fe98 req-62f0b1cd-e5d6-4d3e-9c9c-9d21c6d1fe98 ] Request (ServersAdminTestJSON:setUpClass): 200 GET http://10.180.1.21/compute/v2.1/servers/cd954db3-685f-4f7b-8ef4-c9d0dca58eef 6.001s
2025-12-08 17:22:35.246 65817 INFO tempest.lib.common.rest_client [req-8e5be3a3-2a0c-4ebd-828b-bf687ae3c4e6 req-8e5be3a3-2a0c-4ebd-828b-bf687ae3c4e6 ] Request (ServerActionsTestOtherB:setUpClass): 201 POST http://10.180.1.21/networking/v2.0/routers 0.939s
2025-12-08 17:22:35.276 65861 INFO tempest.lib.common.rest_client [req-db4ee682-d177-41f3-aa23-5fb68d67d689 req-db4ee682-d177-41f3-aa23-5fb68d67d689 ] Request (ServersTestBootFromVolume:setUpClass): 200 GET http://10.180.1.21/volume/v3/volumes/80f3c122-a4fa-4863-8156-3f1ec258eb24 0.032s
2025-12-08 17:22:35.747 65853 INFO tempest.lib.common.rest_client [req-21668e83-81c8-4c6b-905b-7b04945afc7e req-21668e83-81c8-4c6b-905b-7b04945afc7e ] Request (ImagesOneServerNegativeTestJSON:setUpClass): 201 POST http://10.180.1.21/networking/v2.0/routers 1.189s
2025-12-08 17:22:36.316 65861 INFO tempest.lib.common.rest_client [req-4f2f3864-5fdf-4958-a267-f6591bbc1d75 req-4f2f3864-5fdf-4958-a267-f6591bbc1d75 ] Request (ServersTestBootFromVolume:setUpClass): 200 GET http://10.180.1.21/volume/v3/volumes/80f3c122-a4fa-4863-8156-3f1ec258eb24 0.031s
2025-12-08 17:22:36.658 65817 INFO tempest.lib.common.rest_client [req-7bc6d235-3cef-43be-9a12-b096b35e721f req-7bc6d235-3cef-43be-9a12-b096b35e721f ] Request (ServerActionsTestOtherB:setUpClass): 200 PUT http://10.180.1.21/networking/v2.0/routers/d52081d4-e4bf-4a5d-8c42-f9c428fa352a/add_router_interface 1.412s
2025-12-08 17:22:36.658 65817 INFO tempest.lib.common.dynamic_creds [-] Created isolated network resources for: credentials: Credentials: {'domain_id': 'default', 'domain_name': 'Default', 'username': 'tempest-ServerActionsTestOtherB-885041878-project-member', 'project_domain_id': 'default', 'project_domain_name': 'Default', 'project_id': 'a4a79f75fe9f47d4a1cca9aa9f9c3901', 'project_name': 'tempest-ServerActionsTestOtherB-885041878', 'tenant_id': 'a4a79f75fe9f47d4a1cca9aa9f9c3901', 'tenant_name': 'tempest-ServerActionsTestOtherB-885041878', 'user_domain_id': 'default', 'user_domain_name': 'Default', 'user_id': 'a278319122f4493e8edb16186f0372bc', 'system': None}, Network: {'id': '6fa83dea-1d83-4041-ae56-d9e5e5278559', 'name': 'tempest-ServerActionsTestOtherB-78264896-network', 'tenant_id': 'a4a79f75fe9f47d4a1cca9aa9f9c3901', 'project_id': 'a4a79f75fe9f47d4a1cca9aa9f9c3901', 'admin_state_up': True, 'mtu': 8950, 'status': 'ACTIVE', 'subnets': [], 'shared': False, 'port_security_enabled': True, 'router:external': False, 'provider:network_type': 'vlan', 'provider:physical_network': 'default', 'provider:segmentation_id': 535, 'availability_zone_hints': [], 'availability_zones': [], 'ipv4_address_scope': None, 'ipv6_address_scope': None, 'description': '', 'tags': [], 'created_at': '2025-12-08T17:22:33Z', 'updated_at': '2025-12-08T17:22:33Z', 'revision_number': 1}, Subnet: {'id': '531c2040-ddc1-4e15-8139-216241210e6c', 'name': 'tempest-ServerActionsTestOtherB-78264896-subnet', 'tenant_id': 'a4a79f75fe9f47d4a1cca9aa9f9c3901', 'network_id': '6fa83dea-1d83-4041-ae56-d9e5e5278559', 'ip_version': 4, 'subnetpool_id': None, 'enable_dhcp': True, 'ipv6_ra_mode': None, 'ipv6_address_mode': None, 'gateway_ip': '192.168.128.1', 'cidr': '192.168.128.0/28', 'allocation_pools': [{'start': '192.168.128.2', 'end': '192.168.128.14'}], 'host_routes': [], 'dns_nameservers': [], 'description': '', 'router:external': False, 'service_types': [], 'tags': [], 'created_at': '2025-12-08T17:22:34Z', 'updated_at': '2025-12-08T17:22:34Z', 'revision_number': 0, 'project_id': 'a4a79f75fe9f47d4a1cca9aa9f9c3901'}, Router: {'id': 'd52081d4-e4bf-4a5d-8c42-f9c428fa352a', 'name': 'tempest-ServerActionsTestOtherB-78264896-router', 'tenant_id': 'a4a79f75fe9f47d4a1cca9aa9f9c3901', 'admin_state_up': True, 'status': 'ACTIVE', 'external_gateway_info': {'network_id': 'd11f67c9-75e0-4f1a-a772-58e68e803477', 'external_fixed_ips': [{'subnet_id': '12929faa-3c88-46a1-84e2-4de6deaffccc', 'ip_address': '10.180.180.174'}], 'enable_snat': True}, 'description': '', 'availability_zones': [], 'distributed': False, 'ha': False, 'availability_zone_hints': [], 'routes': [], 'flavor_id': None, 'tags': [], 'created_at': '2025-12-08T17:22:34Z', 'updated_at': '2025-12-08T17:22:34Z', 'revision_number': 2, 'project_id': 'a4a79f75fe9f47d4a1cca9aa9f9c3901'}
2025-12-08 17:22:36.782 65817 INFO tempest.lib.common.rest_client [req-da65470f-702f-49e1-a5f2-6b3bc1612efa req-da65470f-702f-49e1-a5f2-6b3bc1612efa ] Request (ServerActionsTestOtherB:setUpClass): 201 POST http://10.180.1.21/identity/v3/auth/tokens 0.117s
2025-12-08 17:22:36.994 65819 INFO tempest.lib.common.rest_client [req-394a20d6-17fe-480b-9472-ff8ef8e181ce req-394a20d6-17fe-480b-9472-ff8ef8e181ce ] Request (AttachVolumeNegativeTest:test_attach_attached_volume_to_different_server): 200 GET http://10.180.1.21/compute/v2.1/servers/6298b6d7-5892-48cc-b808-eeca3d91f57e 7.999s
2025-12-08 17:22:37.007 65819 INFO tempest.common.waiters [-] State transition "BUILD/None" ==> "BUILD/spawning" after 10 second wait
2025-12-08 17:22:37.185 65857 INFO tempest.lib.common.rest_client [req-b43e31ab-d83a-42d1-9a35-5b8e89ca5edc req-b43e31ab-d83a-42d1-9a35-5b8e89ca5edc ] Request (QuotasAdminNegativeTest:test_create_server_when_instances_quota_is_full): 200 PUT http://10.180.1.21/compute/v2.1/os-quota-sets/eefdf8bd6a004c0c8786aec13f35465a 7.710s
2025-12-08 17:22:37.275 65857 INFO tempest.lib.common.rest_client [req-eca750db-ab50-4701-896e-42dd34819c13 req-eca750db-ab50-4701-896e-42dd34819c13 ] Request (QuotasAdminNegativeTest:test_create_server_when_instances_quota_is_full): 201 POST http://10.180.1.21/identity/v3/auth/tokens 0.085s
2025-12-08 17:22:37.276 65857 INFO tempest.lib.common.fixed_network [-] (QuotasAdminNegativeTest:test_create_server_when_instances_quota_is_full) Found network None available for tenant
2025-12-08 17:22:37.350 65861 INFO tempest.lib.common.rest_client [req-277499d5-052c-449e-998f-6ca97b75722f req-277499d5-052c-449e-998f-6ca97b75722f ] Request (ServersTestBootFromVolume:setUpClass): 200 GET http://10.180.1.21/volume/v3/volumes/80f3c122-a4fa-4863-8156-3f1ec258eb24 0.026s
2025-12-08 17:22:37.622 65853 INFO tempest.lib.common.rest_client [req-d56c1c2c-a617-41db-9ff5-e546606aca58 req-d56c1c2c-a617-41db-9ff5-e546606aca58 ] Request (ImagesOneServerNegativeTestJSON:setUpClass): 200 PUT http://10.180.1.21/networking/v2.0/routers/34e02a1b-d4dc-42d8-a511-50c1c2f9ef47/add_router_interface 1.874s
2025-12-08 17:22:37.623 65853 INFO tempest.lib.common.dynamic_creds [-] Created isolated network resources for: credentials: Credentials: {'domain_id': 'default', 'domain_name': 'Default', 'username': 'tempest-ImagesOneServerNegativeTestJSON-410701669-project-member', 'project_domain_id': 'default', 'project_domain_name': 'Default', 'project_id': 'a1c40ba76251447a8ca380d4b19e86f1', 'project_name': 'tempest-ImagesOneServerNegativeTestJSON-410701669', 'tenant_id': 'a1c40ba76251447a8ca380d4b19e86f1', 'tenant_name': 'tempest-ImagesOneServerNegativeTestJSON-410701669', 'user_domain_id': 'default', 'user_domain_name': 'Default', 'user_id': '2373a25b30784b0c9624aae02bd48ff2', 'system': None}, Network: {'id': 'c649567f-d921-41c8-98ba-cb5f7c9d90fb', 'name': 'tempest-ImagesOneServerNegativeTestJSON-1099123601-network', 'tenant_id': 'a1c40ba76251447a8ca380d4b19e86f1', 'project_id': 'a1c40ba76251447a8ca380d4b19e86f1', 'admin_state_up': True, 'mtu': 8950, 'status': 'ACTIVE', 'subnets': [], 'shared': False, 'port_security_enabled': True, 'router:external': False, 'provider:network_type': 'vlan', 'provider:physical_network': 'default', 'provider:segmentation_id': 310, 'availability_zone_hints': [], 'availability_zones': [], 'ipv4_address_scope': None, 'ipv6_address_scope': None, 'description': '', 'tags': [], 'created_at': '2025-12-08T17:22:33Z', 'updated_at': '2025-12-08T17:22:34Z', 'revision_number': 1}, Subnet: {'id': '5d385a09-f45b-43f8-8b61-562a37efb400', 'name': 'tempest-ImagesOneServerNegativeTestJSON-1099123601-subnet', 'tenant_id': 'a1c40ba76251447a8ca380d4b19e86f1', 'network_id': 'c649567f-d921-41c8-98ba-cb5f7c9d90fb', 'ip_version': 4, 'subnetpool_id': None, 'enable_dhcp': True, 'ipv6_ra_mode': None, 'ipv6_address_mode': None, 'gateway_ip': '192.168.128.1', 'cidr': '192.168.128.0/28', 'allocation_pools': [{'start': '192.168.128.2', 'end': '192.168.128.14'}], 'host_routes': [], 'dns_nameservers': [], 'description': '', 'router:external': False, 'service_types': [], 'tags': [], 'created_at': '2025-12-08T17:22:34Z', 'updated_at': '2025-12-08T17:22:34Z', 'revision_number': 0, 'project_id': 'a1c40ba76251447a8ca380d4b19e86f1'}, Router: {'id': '34e02a1b-d4dc-42d8-a511-50c1c2f9ef47', 'name': 'tempest-ImagesOneServerNegativeTestJSON-1099123601-router', 'tenant_id': 'a1c40ba76251447a8ca380d4b19e86f1', 'admin_state_up': True, 'status': 'ACTIVE', 'external_gateway_info': {'network_id': 'd11f67c9-75e0-4f1a-a772-58e68e803477', 'external_fixed_ips': [{'subnet_id': '12929faa-3c88-46a1-84e2-4de6deaffccc', 'ip_address': '10.180.180.148'}], 'enable_snat': True}, 'description': '', 'availability_zones': [], 'distributed': False, 'ha': False, 'availability_zone_hints': [], 'routes': [], 'flavor_id': None, 'tags': [], 'created_at': '2025-12-08T17:22:35Z', 'updated_at': '2025-12-08T17:22:35Z', 'revision_number': 2, 'project_id': 'a1c40ba76251447a8ca380d4b19e86f1'}
2025-12-08 17:22:37.681 65813 INFO tempest.lib.common.rest_client [req-0155c529-a568-4936-8ab1-65d00c2bf5da req-0155c529-a568-4936-8ab1-65d00c2bf5da ] Request (ServersAdmin275Test:test_rebuild_update_server_275): 200 GET http://10.180.1.21/compute/v2.1/servers/101b6ef8-fab1-4626-9524-4e080c5ad298 8.076s
2025-12-08 17:22:37.716 65853 INFO tempest.lib.common.rest_client [req-952b124b-e9a8-423b-ab28-7ef0b1d40889 req-952b124b-e9a8-423b-ab28-7ef0b1d40889 ] Request (ImagesOneServerNegativeTestJSON:setUpClass): 201 POST http://10.180.1.21/identity/v3/auth/tokens 0.090s
2025-12-08 17:22:37.766 65853 INFO tempest.lib.common.rest_client [req-c2761a1e-e23f-4ddd-ba4b-bd2989195b70 req-c2761a1e-e23f-4ddd-ba4b-bd2989195b70 ] Request (ImagesOneServerNegativeTestJSON:setUpClass): 201 POST http://10.180.1.21/identity/v3/auth/tokens 0.045s
2025-12-08 17:22:37.766 65853 INFO tempest.lib.common.fixed_network [-] (ImagesOneServerNegativeTestJSON:setUpClass) Found network {'id': 'c649567f-d921-41c8-98ba-cb5f7c9d90fb', 'name': 'tempest-ImagesOneServerNegativeTestJSON-1099123601-network', 'tenant_id': 'a1c40ba76251447a8ca380d4b19e86f1', 'project_id': 'a1c40ba76251447a8ca380d4b19e86f1', 'admin_state_up': True, 'mtu': 8950, 'status': 'ACTIVE', 'subnets': [], 'shared': False, 'port_security_enabled': True, 'router:external': False, 'provider:network_type': 'vlan', 'provider:physical_network': 'default', 'provider:segmentation_id': 310, 'availability_zone_hints': [], 'availability_zones': [], 'ipv4_address_scope': None, 'ipv6_address_scope': None, 'description': '', 'tags': [], 'created_at': '2025-12-08T17:22:33Z', 'updated_at': '2025-12-08T17:22:34Z', 'revision_number': 1} available for tenant
2025-12-08 17:22:37.926 65843 INFO tempest.lib.common.rest_client [req-e27e05fc-132a-4d35-8726-452d5810ad4d req-e27e05fc-132a-4d35-8726-452d5810ad4d ] Request (ServersAdminNegativeTestJSON:setUpClass): 200 GET http://10.180.1.21/compute/v2.1/servers/7b76faba-15f3-4412-b5e7-5354a6bfd35f 7.595s
2025-12-08 17:22:37.935 65843 INFO tempest.common.waiters [-] State transition "BUILD/spawning" ==> "ACTIVE/None" after 19 second wait
2025-12-08 17:22:38.064 65851 INFO tempest.lib.common.rest_client [req-019ebe78-42d5-4394-b03f-9fce082c7e7c req-019ebe78-42d5-4394-b03f-9fce082c7e7c ] Request (ServicesAdminNegativeTestJSON:test_get_service_by_invalid_params): 200 GET http://10.180.1.21/compute/v2.1/os-services 7.485s
2025-12-08 17:22:38.396 65861 INFO tempest.lib.common.rest_client [req-576a599a-6ba1-4d49-a5b0-6f4d9669f697 req-576a599a-6ba1-4d49-a5b0-6f4d9669f697 ] Request (ServersTestBootFromVolume:setUpClass): 200 GET http://10.180.1.21/volume/v3/volumes/80f3c122-a4fa-4863-8156-3f1ec258eb24 0.034s
2025-12-08 17:22:38.776 65829 INFO tempest.lib.common.rest_client [req-67d8f993-53d5-416c-9aa3-4bfc9cd21d93 req-67d8f993-53d5-416c-9aa3-4bfc9cd21d93 ] Request (FloatingIPsTestJSON:test_delete_floating_ip): 202 DELETE http://10.180.1.21/compute/v2.1/os-floating-ips/0d24a859-230b-431c-b238-cf9b5226092e 7.904s
2025-12-08 17:22:38.798 65865 INFO tempest.lib.common.rest_client [req-be3616c0-11b0-4067-84e3-46ef4c96464b req-be3616c0-11b0-4067-84e3-46ef4c96464b ] Request (KeyPairsV210TestJSON:_run_cleanups): 204 DELETE http://10.180.1.21/compute/v2.1/os-keypairs/tempest-keypair-693564031?user_id=18ad3f1513f7486d9aeb60bf28e9d4ba 7.872s
2025-12-08 17:22:38.804 65807 INFO tempest.lib.common.rest_client [req-24693e5b-45c0-44f0-82b4-e729863c10c9 req-24693e5b-45c0-44f0-82b4-e729863c10c9 ] Request (HostsAdminNegativeTestJSON:test_shutdown_host_with_non_admin_user): 403 GET http://10.180.1.21/compute/v2.1/os-hosts/devstack/shutdown 7.865s
2025-12-08 17:22:38.808 65805 INFO tempest.lib.common.rest_client [req-05b6667a-a819-495f-ade3-1839f4b260e0 req-05b6667a-a819-495f-ade3-1839f4b260e0 ] Request (FlavorsExtraSpecsNegativeTestJSON:test_flavor_non_admin_unset_keys): 403 DELETE http://10.180.1.21/compute/v2.1/flavors/487587116/os-extra_specs/hw:numa_nodes 7.787s
2025-12-08 17:22:38.827 65815 INFO tempest.lib.common.rest_client [req-29fbbe4d-5f13-459b-a3b3-7816a50bc484 req-29fbbe4d-5f13-459b-a3b3-7816a50bc484 ] Request (ServicesAdminNegativeV253TestJSON:test_get_service_by_invalid_params): 200 GET http://10.180.1.21/compute/v2.1/os-services?xxx=nova-compute 7.782s
2025-12-08 17:22:38.832 65845 INFO tempest.lib.common.rest_client [req-c2dadec7-cd85-4ac3-b7a6-72cdf1d912dc req-c2dadec7-cd85-4ac3-b7a6-72cdf1d912dc ] Request (HypervisorAdminNegativeTestJSON:test_get_hypervisor_stats_with_non_admin_user): 403 GET http://10.180.1.21/compute/v2.1/os-hypervisors/statistics 7.781s
2025-12-08 17:22:38.856 65825 INFO tempest.lib.common.rest_client [req-6009a19e-c2dd-464b-9eec-714487baba3b req-6009a19e-c2dd-464b-9eec-714487baba3b ] Request (FlavorsAccessNegativeTestJSON:_run_cleanups): 200 GET http://10.180.1.21/compute/v2.1/flavors/detail 7.786s
2025-12-08 17:22:38.903 65865 INFO tempest.lib.common.rest_client [req-d401d278-a9bc-41dc-8799-e27fc7e3b3e0 req-d401d278-a9bc-41dc-8799-e27fc7e3b3e0 ] Request (KeyPairsV210TestJSON:tearDownClass): 204 DELETE http://10.180.1.21/identity/v3/users/18ad3f1513f7486d9aeb60bf28e9d4ba 0.098s
2025-12-08 17:22:39.023 65865 INFO tempest.lib.common.rest_client [req-1c44045c-fa56-4da8-acb5-98033667de7f req-1c44045c-fa56-4da8-acb5-98033667de7f ] Request (KeyPairsV210TestJSON:tearDownClass): 204 DELETE http://10.180.1.21/identity/v3/users/5aa24f3b8ef64620889c7f54d794201a 0.120s
2025-12-08 17:22:39.024 65865 INFO tempest.lib.common.dynamic_creds [-] Deleting project and security group for project: 2badd71ef5904bc9b65d29fa20e2dd5a
2025-12-08 17:22:39.106 65865 INFO tempest.lib.common.rest_client [req-7c53df0a-9689-471b-ad62-008a5a67b5a6 req-7c53df0a-9689-471b-ad62-008a5a67b5a6 ] Request (KeyPairsV210TestJSON:tearDownClass): 201 POST http://10.180.1.21/identity/v3/auth/tokens 0.082s
2025-12-08 17:22:39.327 65835 INFO tempest.lib.common.rest_client [req-c60522c2-b828-4f22-86df-6a2f60d9085c req-c60522c2-b828-4f22-86df-6a2f60d9085c ] Request (ServerDiagnosticsNegativeTest:test_get_server_diagnostics_by_non_admin): 200 GET http://10.180.1.21/compute/v2.1/servers/2ceb8324-07de-45d9-bc39-b8661a6a35e4 8.254s
2025-12-08 17:22:39.334 65835 INFO tempest.common.waiters [-] State transition "BUILD/None" ==> "BUILD/spawning" after 9 second wait
2025-12-08 17:22:39.339 65809 INFO tempest.lib.common.rest_client [req-7550ca1d-a458-4e1a-bd53-d59c1e7cc869 req-7550ca1d-a458-4e1a-bd53-d59c1e7cc869 ] Request (FlavorsExtraSpecsTestJSON:test_flavor_set_get_update_show_unset_keys): 200 GET http://10.180.1.21/compute/v2.1/flavors/498528722/os-extra_specs 7.951s
2025-12-08 17:22:39.361 65811 INFO tempest.lib.common.rest_client [req-3d5366b9-9c02-463b-ae6b-b012165e2369 req-3d5366b9-9c02-463b-ae6b-b012165e2369 ] Request (ServersWithSpecificFlavorTestJSON:test_verify_created_server_ephemeral_disk): 200 POST http://10.180.1.21/compute/v2.1/flavors/2127238493/os-extra_specs 7.960s
2025-12-08 17:22:39.433 65861 INFO tempest.lib.common.rest_client [req-c13eb55c-9b4b-4b07-9484-1c04684bd356 req-c13eb55c-9b4b-4b07-9484-1c04684bd356 ] Request (ServersTestBootFromVolume:setUpClass): 200 GET http://10.180.1.21/volume/v3/volumes/80f3c122-a4fa-4863-8156-3f1ec258eb24 0.029s
2025-12-08 17:22:39.533 65865 INFO tempest.lib.common.rest_client [req-309f7d40-38b9-4d8d-b657-163a409978f6 req-309f7d40-38b9-4d8d-b657-163a409978f6 ] Request (KeyPairsV210TestJSON:tearDownClass): 200 GET http://10.180.1.21/networking/v2.0/security-groups?tenant_id=2badd71ef5904bc9b65d29fa20e2dd5a&name=default 0.425s
2025-12-08 17:22:39.586 65859 INFO tempest.lib.common.rest_client [req-25b9ba6c-f3d6-4624-a265-e7456525d359 req-25b9ba6c-f3d6-4624-a265-e7456525d359 ] Request (FloatingIPsAssociationTestJSON:setUpClass): 200 GET http://10.180.1.21/compute/v2.1/servers/98934034-6202-43e2-8c37-cbde37e0cf78 7.802s
2025-12-08 17:22:39.596 65859 INFO tempest.common.waiters [-] State transition "BUILD/spawning" ==> "ACTIVE/None" after 20 second wait
2025-12-08 17:22:39.616 65831 INFO tempest.lib.common.rest_client [req-1cf1e17f-e989-457e-b6e2-d6d6543fbb0d req-1cf1e17f-e989-457e-b6e2-d6d6543fbb0d ] Request (FlavorsAdminTestJSON:_run_cleanups): 200 GET http://10.180.1.21/compute/v2.1/flavors/detail 7.817s
2025-12-08 17:22:39.644 65863 INFO tempest.lib.common.rest_client [req-dd252152-17aa-4b57-b8d1-2d91f7c75ffe req-dd252152-17aa-4b57-b8d1-2d91f7c75ffe ] Request (FlavorsV261TestJSON:_run_cleanups): 200 GET http://10.180.1.21/compute/v2.1/flavors/detail 7.827s
2025-12-08 17:22:39.692 65865 INFO tempest.lib.common.rest_client [req-eb2172bd-1a9f-4033-865d-8d6306284a5f req-eb2172bd-1a9f-4033-865d-8d6306284a5f ] Request (KeyPairsV210TestJSON:tearDownClass): 204 DELETE http://10.180.1.21/networking/v2.0/security-groups/6f47c76d-81b7-4cde-a7fb-269f5b2acd66 0.159s
2025-12-08 17:22:39.729 65867 INFO tempest.lib.common.rest_client [req-4303fade-6430-4c0e-b13d-03ab333e85e8 req-4303fade-6430-4c0e-b13d-03ab333e85e8 ] Request (SecurityGroupsTestAdminJSON:test_list_security_groups_list_all_tenants_filter): 200 GET http://10.180.1.21/compute/v2.1/os-security-groups?all_tenants=true 12.246s
2025-12-08 17:22:39.765 65863 INFO tempest.lib.common.rest_client [req-27575ea3-3bde-4bab-8a9c-f726a73cb712 req-27575ea3-3bde-4bab-8a9c-f726a73cb712 ] Request (FlavorsV261TestJSON:tearDownClass): 204 DELETE http://10.180.1.21/identity/v3/users/172362cecc9c45d79c78a56410668677 0.109s
2025-12-08 17:22:39.846 65865 INFO tempest.lib.common.rest_client [req-305c1421-bf9e-4a72-a1fa-662fe11c8a75 req-305c1421-bf9e-4a72-a1fa-662fe11c8a75 ] Request (KeyPairsV210TestJSON:tearDownClass): 204 DELETE http://10.180.1.21/identity/v3/projects/2badd71ef5904bc9b65d29fa20e2dd5a 0.154s
2025-12-08 17:22:39.846 65865 INFO tempest.lib.common.dynamic_creds [-] Deleting project and security group for project: 09c48a57e4ab49cf91a0fc8849305d23
2025-12-08 17:22:39.854 65837 INFO tempest.lib.common.rest_client [req-1307235d-0b8c-4aa4-acff-781e10077a35 req-1307235d-0b8c-4aa4-acff-781e10077a35 ] Request (ServerExternalEventsTest:test_create_server_external_events): 200 GET http://10.180.1.21/compute/v2.1/servers/a2724af1-294c-4358-9aa3-938b7d8db7d4 7.849s
2025-12-08 17:22:39.862 65837 INFO tempest.common.waiters [-] State transition "BUILD/spawning" ==> "ACTIVE/None" after 20 second wait
2025-12-08 17:22:39.969 65863 INFO tempest.lib.common.rest_client [req-6d880e1f-f741-4302-8452-bd7aa0d884f1 req-6d880e1f-f741-4302-8452-bd7aa0d884f1 ] Request (FlavorsV261TestJSON:tearDownClass): 204 DELETE http://10.180.1.21/identity/v3/users/eb7c47de445a41cbb1867068a7e3ee38 0.203s
2025-12-08 17:22:39.969 65863 INFO tempest.lib.common.dynamic_creds [-] Deleting project and security group for project: bfcbe05cd9e4470eb3be461a3220fb65
2025-12-08 17:22:39.981 65865 INFO tempest.lib.common.rest_client [req-08da2f24-9180-4163-8c22-ac86b3ea0116 req-08da2f24-9180-4163-8c22-ac86b3ea0116 ] Request (KeyPairsV210TestJSON:tearDownClass): 200 GET http://10.180.1.21/networking/v2.0/security-groups?tenant_id=09c48a57e4ab49cf91a0fc8849305d23&name=default 0.134s
2025-12-08 17:22:40.055 65863 INFO tempest.lib.common.rest_client [req-0de32744-b073-409d-8938-e5dd97997a48 req-0de32744-b073-409d-8938-e5dd97997a48 ] Request (FlavorsV261TestJSON:tearDownClass): 201 POST http://10.180.1.21/identity/v3/auth/tokens 0.086s
2025-12-08 17:22:40.181 65865 INFO tempest.lib.common.rest_client [req-cda3a3ca-05fc-4080-93fd-c474efdfc109 req-cda3a3ca-05fc-4080-93fd-c474efdfc109 ] Request (KeyPairsV210TestJSON:tearDownClass): 204 DELETE http://10.180.1.21/networking/v2.0/security-groups/f3a7a204-29bd-473c-8df0-4d10f8261c4f 0.199s
2025-12-08 17:22:40.210 65827 INFO tempest.lib.common.rest_client [req-42ac8701-49a0-4fa1-b01d-aa9b6e9fd366 req-42ac8701-49a0-4fa1-b01d-aa9b6e9fd366 ] Request (ServerDiagnosticsTest:test_get_server_diagnostics): 200 GET http://10.180.1.21/compute/v2.1/servers/d7335ae7-683b-4729-b771-29ac97585830 6.994s
2025-12-08 17:22:40.237 65847 INFO tempest.lib.common.rest_client [req-79a18509-6185-48df-a650-4d08cd6b6ff9 req-79a18509-6185-48df-a650-4d08cd6b6ff9 ] Request (AggregatesAdminNegativeTestJSON:test_aggregate_add_host_as_user): 200 POST http://10.180.1.21/compute/v2.1/os-aggregates 6.981s
2025-12-08 17:22:40.258 65865 INFO tempest.lib.common.rest_client [req-000e8298-4555-4f5f-9ec8-8fba1bf8780a req-000e8298-4555-4f5f-9ec8-8fba1bf8780a ] Request (KeyPairsV210TestJSON:tearDownClass): 204 DELETE http://10.180.1.21/identity/v3/projects/09c48a57e4ab49cf91a0fc8849305d23 0.076s
2025-12-08 17:22:40.265 65821 INFO tempest.lib.common.rest_client [req-480355f3-f3f0-4f05-941b-b465cd470c60 req-480355f3-f3f0-4f05-941b-b465cd470c60 ] Request (HostsAdminTestJSON:test_list_hosts_with_zone): 200 GET http://10.180.1.21/compute/v2.1/os-hosts 6.959s
2025-12-08 17:22:40.340 65865 INFO tempest.lib.common.rest_client [req-c56d6b66-a5e2-48be-8924-d3c330e371a4 req-c56d6b66-a5e2-48be-8924-d3c330e371a4 ] Request (KeyPairsV2TestJSON:setUpClass): 201 POST http://10.180.1.21/identity/v3/auth/tokens 0.081s
2025-12-08 17:22:40.372 65865 INFO tempest.lib.common.rest_client [req-b0c7dfee-1060-4688-b864-c0fd08c8397e req-b0c7dfee-1060-4688-b864-c0fd08c8397e ] Request (KeyPairsV2TestJSON:setUpClass): 201 POST http://10.180.1.21/identity/v3/auth/tokens 0.028s
2025-12-08 17:22:40.406 65865 INFO tempest.lib.common.rest_client [req-391e2424-eb28-41e1-929b-ad6fdd17dd68 req-391e2424-eb28-41e1-929b-ad6fdd17dd68 ] Request (KeyPairsV2TestJSON:setUpClass): 200 GET http://10.180.1.21/identity/v3/domains?name=Default 0.033s
2025-12-08 17:22:40.435 65865 INFO tempest.lib.common.rest_client [req-97b2e41e-b4f3-43b6-8b60-278a38d2a769 req-97b2e41e-b4f3-43b6-8b60-278a38d2a769 ] Request (KeyPairsV2TestJSON:setUpClass): 201 POST http://10.180.1.21/identity/v3/projects 0.029s
2025-12-08 17:22:40.456 65863 INFO tempest.lib.common.rest_client [req-061e1f74-41d7-40c2-9662-168c32d9d5b3 req-061e1f74-41d7-40c2-9662-168c32d9d5b3 ] Request (FlavorsV261TestJSON:tearDownClass): 200 GET http://10.180.1.21/networking/v2.0/security-groups?tenant_id=bfcbe05cd9e4470eb3be461a3220fb65&name=default 0.400s
2025-12-08 17:22:40.477 65861 INFO tempest.lib.common.rest_client [req-20de4f0b-4d59-4b4a-978e-e950bec8df79 req-20de4f0b-4d59-4b4a-978e-e950bec8df79 ] Request (ServersTestBootFromVolume:setUpClass): 200 GET http://10.180.1.21/volume/v3/volumes/80f3c122-a4fa-4863-8156-3f1ec258eb24 0.036s
2025-12-08 17:22:40.500 65839 INFO tempest.lib.common.rest_client [req-0b786815-6e65-4181-80c5-94697dd55151 req-0b786815-6e65-4181-80c5-94697dd55151 ] Request (VolumesAssistedSnapshotsTest:test_volume_assisted_snapshot_create_delete): 200 GET http://10.180.1.21/compute/v2.1/servers/b72f98f6-f233-4a51-b4ac-fef6364407f1 7.714s
2025-12-08 17:22:40.516 65839 INFO tempest.common.waiters [-] State transition "BUILD/None" ==> "BUILD/spawning" after 9 second wait
2025-12-08 17:22:40.547 65823 INFO tempest.lib.common.rest_client [req-b2c99ed1-ace8-4c29-833d-8a506e1b311f req-b2c99ed1-ace8-4c29-833d-8a506e1b311f ] Request (ListImageFiltersTestJSON:setUpClass): 200 GET http://10.180.1.21/compute/v2.1/images/1cc2a759-75a3-4d5e-b16b-12ad830962d4 6.635s
2025-12-08 17:22:40.549 65865 INFO tempest.lib.common.rest_client [req-fcf4827e-f2d3-405e-9dc5-d457acf91f5f req-fcf4827e-f2d3-405e-9dc5-d457acf91f5f ] Request (KeyPairsV2TestJSON:setUpClass): 201 POST http://10.180.1.21/identity/v3/users 0.113s
2025-12-08 17:22:40.584 65865 INFO tempest.lib.common.rest_client [req-b7f52f5d-0ef9-4d05-a2c3-396ad78fd82f req-b7f52f5d-0ef9-4d05-a2c3-396ad78fd82f ] Request (KeyPairsV2TestJSON:setUpClass): 200 GET http://10.180.1.21/identity/v3/roles 0.032s
2025-12-08 17:22:40.615 65865 INFO tempest.lib.common.rest_client [req-e5166595-524e-4b8b-b85d-c7aca84ca375 req-e5166595-524e-4b8b-b85d-c7aca84ca375 ] Request (KeyPairsV2TestJSON:setUpClass): 204 PUT http://10.180.1.21/identity/v3/projects/5fdc2c7e91c04ad095da495f8dc62e34/users/fa12c0ca43fd4657871a8d350c727358/roles/b3dd0e4209014f9fa504e1e8d33673a7 0.031s
2025-12-08 17:22:40.615 65865 INFO tempest.lib.common.dynamic_creds [-] Dynamic test user fa12c0ca43fd4657871a8d350c727358 is created with scope project and roles: ['member']
2025-12-08 17:22:40.616 65865 INFO tempest.lib.common.dynamic_creds [-] Acquired dynamic creds: credentials: Credentials: {'domain_id': 'default', 'domain_name': 'Default', 'username': 'tempest-KeyPairsV2TestJSON-2044906456-project-member', 'project_domain_id': 'default', 'project_domain_name': 'Default', 'project_id': '5fdc2c7e91c04ad095da495f8dc62e34', 'project_name': 'tempest-KeyPairsV2TestJSON-2044906456', 'tenant_id': '5fdc2c7e91c04ad095da495f8dc62e34', 'tenant_name': 'tempest-KeyPairsV2TestJSON-2044906456', 'user_domain_id': 'default', 'user_domain_name': 'Default', 'user_id': 'fa12c0ca43fd4657871a8d350c727358', 'system': None}, Network: None, Subnet: None, Router: None
2025-12-08 17:22:40.616 65865 INFO tempest.lib.common.dynamic_creds [-] Created isolated network resources for: credentials: Credentials: {'domain_id': 'default', 'domain_name': 'Default', 'username': 'tempest-KeyPairsV2TestJSON-2044906456-project-member', 'project_domain_id': 'default', 'project_domain_name': 'Default', 'project_id': '5fdc2c7e91c04ad095da495f8dc62e34', 'project_name': 'tempest-KeyPairsV2TestJSON-2044906456', 'tenant_id': '5fdc2c7e91c04ad095da495f8dc62e34', 'tenant_name': 'tempest-KeyPairsV2TestJSON-2044906456', 'user_domain_id': 'default', 'user_domain_name': 'Default', 'user_id': 'fa12c0ca43fd4657871a8d350c727358', 'system': None}, Network: None, Subnet: None, Router: None
2025-12-08 17:22:40.702 65865 INFO tempest.lib.common.rest_client [req-64bfa002-b4c9-4e6e-83b9-6d4f344f10fc req-64bfa002-b4c9-4e6e-83b9-6d4f344f10fc ] Request (KeyPairsV2TestJSON:setUpClass): 201 POST http://10.180.1.21/identity/v3/auth/tokens 0.082s
2025-12-08 17:22:40.751 65863 INFO tempest.lib.common.rest_client [req-b97603ee-1b82-45b4-9119-3ac2894e9815 req-b97603ee-1b82-45b4-9119-3ac2894e9815 ] Request (FlavorsV261TestJSON:tearDownClass): 204 DELETE http://10.180.1.21/networking/v2.0/security-groups/86374d4a-8bda-49de-a9f8-af6ed7e64a12 0.294s
2025-12-08 17:22:40.785 65849 INFO tempest.lib.common.rest_client [req-722ffa72-a6b0-43bc-bc02-a0c0169016e8 req-722ffa72-a6b0-43bc-bc02-a0c0169016e8 ] Request (TenantUsagesTestJSON:test_get_usage_tenant): 200 GET http://10.180.1.21/compute/v2.1/os-simple-tenant-usage/a808578606f64b4a89dcda5b1688ebca?start=2025-12-07T17%3A22%3A34.463482&end=2025-12-09T17%3A22%3A34.463482 6.321s
2025-12-08 17:22:40.815 65833 INFO tempest.lib.common.rest_client [req-6080d4bf-e169-4bae-ba09-688301c90eab req-6080d4bf-e169-4bae-ba09-688301c90eab ] Request (DeleteServersAdminTestJSON:test_admin_delete_servers_of_others): 200 GET http://10.180.1.21/compute/v2.1/servers/12878a90-86d2-4609-80aa-de0d1bdb64c0 7.466s
2025-12-08 17:22:40.827 65833 INFO tempest.common.waiters [-] State transition "BUILD/spawning" ==> "ACTIVE/None" after 25 second wait
2025-12-08 17:22:40.908 65863 INFO tempest.lib.common.rest_client [req-9c4afb45-c87b-4e26-8c98-eb5fd290aad3 req-9c4afb45-c87b-4e26-8c98-eb5fd290aad3 ] Request (FlavorsV261TestJSON:tearDownClass): 204 DELETE http://10.180.1.21/identity/v3/projects/bfcbe05cd9e4470eb3be461a3220fb65 0.157s
2025-12-08 17:22:40.909 65863 INFO tempest.lib.common.dynamic_creds [-] Deleting project and security group for project: ea3894993eb44c0cbf8c784a2665fb18
2025-12-08 17:22:40.952 65841 INFO tempest.lib.common.rest_client [req-c64eeb66-f5af-4bdc-9725-c4b5ca565bff req-c64eeb66-f5af-4bdc-9725-c4b5ca565bff ] Request (ServersAdminTestJSON:setUpClass): 200 GET http://10.180.1.21/compute/v2.1/servers/cd954db3-685f-4f7b-8ef4-c9d0dca58eef 4.945s
2025-12-08 17:22:40.960 65841 INFO tempest.common.waiters [-] State transition "BUILD/None" ==> "BUILD/networking" after 5 second wait
2025-12-08 17:22:41.100 65817 INFO tempest.lib.common.rest_client [req-a8f7086a-00b2-4977-9f7a-4aad46b2f8d2 req-a8f7086a-00b2-4977-9f7a-4aad46b2f8d2 ] Request (ServerActionsTestOtherB:setUpClass): 200 POST http://10.180.1.21/compute/v2.1/os-keypairs 4.316s
2025-12-08 17:22:41.144 65863 INFO tempest.lib.common.rest_client [req-3adeefba-6a7d-4a1f-9476-6186c932e57d req-3adeefba-6a7d-4a1f-9476-6186c932e57d ] Request (FlavorsV261TestJSON:tearDownClass): 200 GET http://10.180.1.21/networking/v2.0/security-groups?tenant_id=ea3894993eb44c0cbf8c784a2665fb18&name=default 0.234s
2025-12-08 17:22:41.179 65855 INFO tempest.lib.common.rest_client [req-46e885fe-30cd-4359-aa1c-da52d039e85b req-46e885fe-30cd-4359-aa1c-da52d039e85b ] Request (MigrationsAdminTest:test_list_migrations_in_flavor_resize_situation): 200 GET http://10.180.1.21/compute/v2.1/servers/b9df7ebd-a64a-4031-89f7-75a8aee3c74c 6.660s
2025-12-08 17:22:41.325 65817 INFO tempest.lib.common.rest_client [req-69a44738-f897-4136-8748-43c253d57c27 req-69a44738-f897-4136-8748-43c253d57c27 ] Request (ServerActionsTestOtherB:setUpClass): 201 POST http://10.180.1.21/networking/v2.0/security-groups 0.223s
