2025-12-08 17:22:59.055 65815 INFO tempest.lib.common.rest_client [req-579ca4cb-2359-43b2-959d-495063961329 req-579ca4cb-2359-43b2-959d-495063961329 ] Request (KeyPairsV22TestJSON:setUpClass): 204 PUT http://10.180.1.21/identity/v3/projects/7330b9a114a042f0bae30ab4e6fb1192/users/4b57f80a16a14ae58577d79915761065/roles/b3dd0e4209014f9fa504e1e8d33673a7 0.040s
2025-12-08 17:22:59.055 65815 INFO tempest.lib.common.dynamic_creds [-] Dynamic test user 4b57f80a16a14ae58577d79915761065 is created with scope project and roles: ['member']
2025-12-08 17:22:59.055 65815 INFO tempest.lib.common.dynamic_creds [-] Acquired dynamic creds: credentials: Credentials: {'domain_id': 'default', 'domain_name': 'Default', 'username': 'tempest-KeyPairsV22TestJSON-2071453474-project-member', 'project_domain_id': 'default', 'project_domain_name': 'Default', 'project_id': '7330b9a114a042f0bae30ab4e6fb1192', 'project_name': 'tempest-KeyPairsV22TestJSON-2071453474', 'tenant_id': '7330b9a114a042f0bae30ab4e6fb1192', 'tenant_name': 'tempest-KeyPairsV22TestJSON-2071453474', 'user_domain_id': 'default', 'user_domain_name': 'Default', 'user_id': '4b57f80a16a14ae58577d79915761065', 'system': None}, Network: None, Subnet: None, Router: None
2025-12-08 17:22:59.055 65815 INFO tempest.lib.common.dynamic_creds [-] Created isolated network resources for: credentials: Credentials: {'domain_id': 'default', 'domain_name': 'Default', 'username': 'tempest-KeyPairsV22TestJSON-2071453474-project-member', 'project_domain_id': 'default', 'project_domain_name': 'Default', 'project_id': '7330b9a114a042f0bae30ab4e6fb1192', 'project_name': 'tempest-KeyPairsV22TestJSON-2071453474', 'tenant_id': '7330b9a114a042f0bae30ab4e6fb1192', 'tenant_name': 'tempest-KeyPairsV22TestJSON-2071453474', 'user_domain_id': 'default', 'user_domain_name': 'Default', 'user_id': '4b57f80a16a14ae58577d79915761065', 'system': None}, Network: None, Subnet: None, Router: None
2025-12-08 17:22:59.155 65815 INFO tempest.lib.common.rest_client [req-1ce012d0-c665-4bef-ae01-881a6cb41ec4 req-1ce012d0-c665-4bef-ae01-881a6cb41ec4 ] Request (KeyPairsV22TestJSON:setUpClass): 201 POST http://10.180.1.21/identity/v3/auth/tokens 0.095s
2025-12-08 17:22:59.185 65823 INFO tempest.lib.common.rest_client [req-4fc5b5e7-c081-43a9-9224-8f036dba2786 req-4fc5b5e7-c081-43a9-9224-8f036dba2786 ] Request (ListImageFiltersTestJSON:setUpClass): 204 PUT http://10.180.1.21/image/v2/images/6bc97385-14cc-4a0e-bf69-ac856063b7c0/file 0.940s
2025-12-08 17:22:59.499 65839 INFO tempest.lib.common.rest_client [req-43ccbe86-aed3-448e-8894-e829216a4344 req-43ccbe86-aed3-448e-8894-e829216a4344 ] Request (VolumesAssistedSnapshotsTest:test_volume_assisted_snapshot_create_delete): 200 PUT http://10.180.1.21/networking/v2.0/floatingips/e1f076be-2be5-49fa-aa7c-eda08c9b5520 0.807s
2025-12-08 17:22:59.501 65839 INFO tempest.lib.common.ssh [-] Creating ssh connection to '10.180.180.136:22' as 'cirros' with public key authentication
2025-12-08 17:22:59.560 65827 INFO tempest.lib.common.rest_client [req-47e335b5-7f1f-4ebe-895d-b7a8d5992dc8 req-47e335b5-7f1f-4ebe-895d-b7a8d5992dc8 ] Request (ServerDiagnosticsTest:test_get_server_diagnostics): 200 GET http://10.180.1.21/compute/v2.1/servers/d7335ae7-683b-4729-b771-29ac97585830 2.997s
2025-12-08 17:22:59.694 65867 INFO tempest.lib.common.rest_client [req-fd4167d1-4684-4dc9-8401-21023d5bdee7 req-fd4167d1-4684-4dc9-8401-21023d5bdee7 ] Request (SecurityGroupsTestAdminJSON:_run_cleanups): 202 DELETE http://10.180.1.21/compute/v2.1/os-security-groups/1efb6035-e371-4996-af4f-37db18d0c608 3.090s
2025-12-08 17:22:59.717 65865 INFO tempest.lib.common.rest_client [req-df7cedbb-f40a-4b30-918e-33070e122634 req-df7cedbb-f40a-4b30-918e-33070e122634 ] Request (KeyPairsV2TestJSON:_run_cleanups): 202 DELETE http://10.180.1.21/compute/v2.1/os-keypairs/tempest-keypair-101274685 2.851s
2025-12-08 17:22:59.863 65841 INFO tempest.lib.common.rest_client [req-5dd6e3f3-7a26-41ad-98dc-6d0fe656d88c req-5dd6e3f3-7a26-41ad-98dc-6d0fe656d88c ] Request (ServersAdminTestJSON:setUpClass): 200 GET http://10.180.1.21/compute/v2.1/servers/204b5f52-2264-4c23-8799-4b3f57682409 3.039s
2025-12-08 17:22:59.887 65867 INFO tempest.lib.common.rest_client [req-68c80eff-1dfa-49a4-a958-2ffc9130b48a req-68c80eff-1dfa-49a4-a958-2ffc9130b48a ] Request (SecurityGroupsTestAdminJSON:tearDownClass): 204 DELETE http://10.180.1.21/identity/v3/users/bc72220ba52e456eb7eaed6338e697f7 0.189s
2025-12-08 17:22:59.980 65841 INFO tempest.lib.common.rest_client [req-c93b12d6-2613-4b73-bc4c-a899ba2d65eb req-c93b12d6-2613-4b73-bc4c-a899ba2d65eb ] Request (ServersAdminTestJSON:test_create_server_with_scheduling_hint): 201 POST http://10.180.1.21/identity/v3/auth/tokens 0.102s
2025-12-08 17:22:59.980 65841 INFO tempest.lib.common.fixed_network [-] (ServersAdminTestJSON:test_create_server_with_scheduling_hint) Found network {'id': '393d9495-0694-4789-b85f-11c1ee142a7b', 'name': 'tempest-ServersAdminTestJSON-818279425-network', 'tenant_id': '151b52486680497ab0313e8770e10757', 'project_id': '151b52486680497ab0313e8770e10757', 'admin_state_up': True, 'mtu': 8950, 'status': 'ACTIVE', 'subnets': [], 'shared': False, 'port_security_enabled': True, 'router:external': False, 'provider:network_type': 'vlan', 'provider:physical_network': 'default', 'provider:segmentation_id': 120, 'availability_zone_hints': [], 'availability_zones': [], 'ipv4_address_scope': None, 'ipv6_address_scope': None, 'description': '', 'tags': [], 'created_at': '2025-12-08T17:22:12Z', 'updated_at': '2025-12-08T17:22:12Z', 'revision_number': 1} available for tenant
2025-12-08 17:23:00.070 65851 INFO tempest.lib.common.rest_client [req-5f4502d8-fac6-4b84-a44a-d7cd3da3b50f req-5f4502d8-fac6-4b84-a44a-d7cd3da3b50f ] Request (ServicesAdminNegativeTestJSON:test_list_services_with_non_admin_user): 403 GET http://10.180.1.21/compute/v2.1/os-services 2.981s
2025-12-08 17:23:00.077 65807 INFO tempest.lib.common.rest_client [req-4f7fc108-8f21-4a3c-8efd-3cd4c5e606f5 req-4f7fc108-8f21-4a3c-8efd-3cd4c5e606f5 ] Request (HostsAdminNegativeTestJSON:test_update_host_with_non_admin_user): 403 PUT http://10.180.1.21/compute/v2.1/os-hosts/devstack 2.981s
2025-12-08 17:23:00.099 65805 INFO tempest.lib.common.rest_client [req-643ad5b2-3489-40a8-84a4-4fbeff76c0b5 req-643ad5b2-3489-40a8-84a4-4fbeff76c0b5 ] Request (FlavorsExtraSpecsNegativeTestJSON:tearDownClass): 202 DELETE http://10.180.1.21/compute/v2.1/flavors/487587116 2.993s
2025-12-08 17:23:00.139 65867 INFO tempest.lib.common.rest_client [req-ac54e088-3d7c-45e1-946b-512d1fa4721e req-ac54e088-3d7c-45e1-946b-512d1fa4721e ] Request (SecurityGroupsTestAdminJSON:tearDownClass): 204 DELETE http://10.180.1.21/identity/v3/users/e2ea98193dbd4f2d8c38e3fff75787d3 0.252s
2025-12-08 17:23:00.140 65867 INFO tempest.lib.common.dynamic_creds [-] Deleting project and security group for project: 7d1398c2a9c540d794de2254d0f5bc33
2025-12-08 17:23:00.156 65851 INFO tempest.lib.common.rest_client [req-ea482b3d-fdc4-4d02-a5b7-ec10cd2e4550 req-ea482b3d-fdc4-4d02-a5b7-ec10cd2e4550 ] Request (ServicesAdminNegativeTestJSON:tearDownClass): 204 DELETE http://10.180.1.21/identity/v3/users/0726cfc3d06c472b9172b749640d7e69 0.083s
2025-12-08 17:23:00.227 65867 INFO tempest.lib.common.rest_client [req-f13fe48d-7011-428b-be69-c7758e40f41e req-f13fe48d-7011-428b-be69-c7758e40f41e ] Request (SecurityGroupsTestAdminJSON:tearDownClass): 201 POST http://10.180.1.21/identity/v3/auth/tokens 0.086s
2025-12-08 17:23:00.291 65863 INFO tempest.lib.common.rest_client [req-8447b26b-8af1-4ef6-8044-50176788a44e req-8447b26b-8af1-4ef6-8044-50176788a44e ] Request (ServersTestJSON:test_create_server_specify_multibyte_character_name): 202 POST http://10.180.1.21/compute/v2.1/servers 3.413s
2025-12-08 17:23:00.301 65851 INFO tempest.lib.common.rest_client [req-8ad74912-8880-4c2e-9339-81b5d41c5504 req-8ad74912-8880-4c2e-9339-81b5d41c5504 ] Request (ServicesAdminNegativeTestJSON:tearDownClass): 204 DELETE http://10.180.1.21/identity/v3/users/3f990047ba9c4e0ca3c35e0b323f2bfa 0.145s
2025-12-08 17:23:00.302 65851 INFO tempest.lib.common.dynamic_creds [-] Deleting project and security group for project: daef7b1bc89e4999abb328f8b8fb08eb
2025-12-08 17:23:00.313 65809 INFO tempest.lib.common.rest_client [req-d162d0a8-c037-4c43-b2e8-8691be025b00 req-d162d0a8-c037-4c43-b2e8-8691be025b00 ] Request (FlavorsExtraSpecsTestJSON:tearDownClass): 202 DELETE http://10.180.1.21/compute/v2.1/flavors/498528722 3.090s
2025-12-08 17:23:00.316 65825 INFO tempest.lib.common.rest_client [req-2050181e-fbbb-41a5-8133-434b04129b58 req-2050181e-fbbb-41a5-8133-434b04129b58 ] Request (FlavorsAccessNegativeTestJSON:test_flavor_non_admin_add): 403 POST http://10.180.1.21/compute/v2.1/flavors/694351721/action 3.111s
2025-12-08 17:23:00.321 65845 INFO tempest.lib.common.rest_client [req-d1447554-51ce-4653-ace6-bcace4258803 req-d1447554-51ce-4653-ace6-bcace4258803 ] Request (HypervisorAdminNegativeTestJSON:test_show_nonexistent_hypervisor): 404 GET http://10.180.1.21/compute/v2.1/os-hypervisors/091f032a-83ad-4469-915c-29e8dc637480 3.093s
2025-12-08 17:23:00.352 65831 INFO tempest.lib.common.rest_client [req-60714703-e9eb-4122-b470-55c245bb542d req-60714703-e9eb-4122-b470-55c245bb542d ] Request (FlavorsAdminTestJSON:_run_cleanups): 200 GET http://10.180.1.21/compute/v2.1/flavors/detail 3.103s
2025-12-08 17:23:00.370 65851 INFO tempest.lib.common.rest_client [req-065b664f-40fa-46fa-99e4-4ac938cf17b4 req-065b664f-40fa-46fa-99e4-4ac938cf17b4 ] Request (ServicesAdminNegativeTestJSON:tearDownClass): 201 POST http://10.180.1.21/identity/v3/auth/tokens 0.068s
2025-12-08 17:23:00.464 65867 INFO tempest.lib.common.rest_client [req-00051476-42c8-4e69-85fb-620a8763d911 req-00051476-42c8-4e69-85fb-620a8763d911 ] Request (SecurityGroupsTestAdminJSON:tearDownClass): 200 GET http://10.180.1.21/networking/v2.0/security-groups?tenant_id=7d1398c2a9c540d794de2254d0f5bc33&name=default 0.236s
2025-12-08 17:23:00.464 65845 INFO tempest.lib.common.rest_client [req-60b0b2aa-abfc-47fa-ac74-0bc54facea6b req-60b0b2aa-abfc-47fa-ac74-0bc54facea6b ] Request (HypervisorAdminNegativeTestJSON:tearDownClass): 204 DELETE http://10.180.1.21/identity/v3/users/78a8303519034f99b350984c0d2d1699 0.132s
2025-12-08 17:23:00.496 65829 INFO tempest.lib.common.rest_client [req-8bc0412e-2713-41e0-86ce-623ae9bcf7e7 req-8bc0412e-2713-41e0-86ce-623ae9bcf7e7 ] Request (ImagesOneServerTestJSON:setUpClass): 200 GET http://10.180.1.21/compute/v2.1/servers/fb73de4f-982f-48b5-b0a6-febcf9a1f54e 3.156s
2025-12-08 17:23:00.609 65867 INFO tempest.lib.common.rest_client [req-311334ae-4ef7-4b40-82a0-a901b7d63d45 req-311334ae-4ef7-4b40-82a0-a901b7d63d45 ] Request (SecurityGroupsTestAdminJSON:tearDownClass): 204 DELETE http://10.180.1.21/networking/v2.0/security-groups/5322d2d0-4960-4b9c-9f01-a2ec7edbbe90 0.145s
2025-12-08 17:23:00.619 65835 INFO tempest.lib.common.rest_client [req-1cb87946-dc77-4f59-a183-99545a20fed7 req-1cb87946-dc77-4f59-a183-99545a20fed7 ] Request (ServerDiagnosticsNegativeTest:tearDownClass): 204 DELETE http://10.180.1.21/compute/v2.1/servers/2ceb8324-07de-45d9-bc39-b8661a6a35e4 3.071s
2025-12-08 17:23:00.626 65847 INFO tempest.lib.common.rest_client [req-c1de710e-4b6d-46e1-904a-70b2a082f48e req-c1de710e-4b6d-46e1-904a-70b2a082f48e ] Request (AggregatesAdminNegativeTestJSON:test_aggregate_create_aggregate_name_length_exceeds_255): 400 POST http://10.180.1.21/compute/v2.1/os-aggregates 2.862s
2025-12-08 17:23:00.640 65819 WARNING tempest.lib.common.ssh [-] Failed to establish authenticated ssh connection to cirros@10.180.180.179 ([Errno None] Unable to connect to port 22 on 10.180.180.179). Number attempts: 2. Retry after 3 seconds.: paramiko.ssh_exception.NoValidConnectionsError: [Errno None] Unable to connect to port 22 on 10.180.180.179
2025-12-08 17:23:00.673 65857 INFO tempest.lib.common.rest_client [req-3aaffbc5-e661-4afa-bf47-8a59b70ded02 req-3aaffbc5-e661-4afa-bf47-8a59b70ded02 ] Request (QuotasAdminNegativeTest:_run_cleanups): 200 PUT http://10.180.1.21/compute/v2.1/os-quota-sets/eefdf8bd6a004c0c8786aec13f35465a 3.200s
2025-12-08 17:23:00.698 65845 INFO tempest.lib.common.rest_client [req-0c00423c-4bfa-465c-8462-143efcb24b50 req-0c00423c-4bfa-465c-8462-143efcb24b50 ] Request (HypervisorAdminNegativeTestJSON:tearDownClass): 204 DELETE http://10.180.1.21/identity/v3/users/17c75f76d654458fa502b3ee1e562bc3 0.233s
2025-12-08 17:23:00.698 65845 INFO tempest.lib.common.dynamic_creds [-] Deleting project and security group for project: 9404a4b956a846b5979723358f3c5d7f
2025-12-08 17:23:00.717 65867 INFO tempest.lib.common.rest_client [req-d3013893-cede-41f2-ab8a-154584df1398 req-d3013893-cede-41f2-ab8a-154584df1398 ] Request (SecurityGroupsTestAdminJSON:tearDownClass): 204 DELETE http://10.180.1.21/identity/v3/projects/7d1398c2a9c540d794de2254d0f5bc33 0.108s
2025-12-08 17:23:00.718 65867 INFO tempest.lib.common.dynamic_creds [-] Deleting project and security group for project: 1469d05f6a2545d798849184dcfc4f38
2025-12-08 17:23:00.757 65851 INFO tempest.lib.common.rest_client [req-fdcaecd6-fd6b-4418-bfda-c98ba74f4f37 req-fdcaecd6-fd6b-4418-bfda-c98ba74f4f37 ] Request (ServicesAdminNegativeTestJSON:tearDownClass): 200 GET http://10.180.1.21/networking/v2.0/security-groups?tenant_id=daef7b1bc89e4999abb328f8b8fb08eb&name=default 0.387s
2025-12-08 17:23:00.763 65867 INFO tempest.lib.common.rest_client [req-c40c4887-1710-4c19-aecf-11f0e6a7422f req-c40c4887-1710-4c19-aecf-11f0e6a7422f ] Request (SecurityGroupsTestAdminJSON:tearDownClass): 200 GET http://10.180.1.21/networking/v2.0/security-groups?tenant_id=1469d05f6a2545d798849184dcfc4f38&name=default 0.044s
2025-12-08 17:23:00.782 65845 INFO tempest.lib.common.rest_client [req-d592cde1-a2f4-420c-a602-80ebac1cfbcb req-d592cde1-a2f4-420c-a602-80ebac1cfbcb ] Request (HypervisorAdminNegativeTestJSON:tearDownClass): 201 POST http://10.180.1.21/identity/v3/auth/tokens 0.084s
2025-12-08 17:23:00.792 65849 INFO tempest.lib.common.rest_client [req-f69e685e-9492-4ede-ab81-0245b22f8a48 req-f69e685e-9492-4ede-ab81-0245b22f8a48 ] Request (TenantUsagesTestJSON:tearDownClass): 200 GET http://10.180.1.21/compute/v2.1/servers/355e8336-6743-41dc-b678-3e8025295ba9 2.895s
2025-12-08 17:23:00.897 65851 INFO tempest.lib.common.rest_client [req-a9731450-1b5e-4caf-a920-86f0c169d8b2 req-a9731450-1b5e-4caf-a920-86f0c169d8b2 ] Request (ServicesAdminNegativeTestJSON:tearDownClass): 204 DELETE http://10.180.1.21/networking/v2.0/security-groups/0049666a-5469-4ee6-bd87-6e23162d91f9 0.139s
2025-12-08 17:23:00.898 65867 INFO tempest.lib.common.rest_client [req-d895b8a7-ca20-454a-9704-799017dde7b9 req-d895b8a7-ca20-454a-9704-799017dde7b9 ] Request (SecurityGroupsTestAdminJSON:tearDownClass): 204 DELETE http://10.180.1.21/networking/v2.0/security-groups/2883bd2e-be33-41c0-940d-613ed842b885 0.134s
2025-12-08 17:23:00.992 65867 INFO tempest.lib.common.rest_client [req-99ed3810-2fea-4f5a-8c0e-c5c3df80c7fb req-99ed3810-2fea-4f5a-8c0e-c5c3df80c7fb ] Request (SecurityGroupsTestAdminJSON:tearDownClass): 204 DELETE http://10.180.1.21/identity/v3/projects/1469d05f6a2545d798849184dcfc4f38 0.094s
2025-12-08 17:23:01.092 65851 INFO tempest.lib.common.rest_client [req-4b8aafae-1a7d-48d9-a11e-0c3b14bc71d7 req-4b8aafae-1a7d-48d9-a11e-0c3b14bc71d7 ] Request (ServicesAdminNegativeTestJSON:tearDownClass): 204 DELETE http://10.180.1.21/identity/v3/projects/daef7b1bc89e4999abb328f8b8fb08eb 0.194s
2025-12-08 17:23:01.092 65851 INFO tempest.lib.common.dynamic_creds [-] Deleting project and security group for project: f3db7f3fb07f4c41a88bc78b3b299f6c
2025-12-08 17:23:01.121 65813 INFO tempest.lib.common.rest_client [req-b5044976-0400-4310-8c7d-66561abfc56f req-b5044976-0400-4310-8c7d-66561abfc56f ] Request (ServersAdmin275Test:_run_cleanups): 200 GET http://10.180.1.21/compute/v2.1/servers/101b6ef8-fab1-4626-9524-4e080c5ad298 3.325s
2025-12-08 17:23:01.129 65867 INFO tempest.lib.common.rest_client [req-96ef9279-a81e-425d-b651-3cd4e22fe69b req-96ef9279-a81e-425d-b651-3cd4e22fe69b ] Request (ServerRescueNegativeTestJSON:setUpClass): 201 POST http://10.180.1.21/identity/v3/auth/tokens 0.136s
2025-12-08 17:23:01.171 65867 INFO tempest.lib.common.rest_client [req-49879bcd-6f73-44f0-9be0-dc54a3071d03 req-49879bcd-6f73-44f0-9be0-dc54a3071d03 ] Request (ServerRescueNegativeTestJSON:setUpClass): 201 POST http://10.180.1.21/identity/v3/auth/tokens 0.034s
2025-12-08 17:23:01.175 65853 INFO tempest.lib.common.rest_client [req-6cb35f52-4ee5-4d1d-bad6-233f6e66b7bd req-6cb35f52-4ee5-4d1d-bad6-233f6e66b7bd ] Request (ImagesOneServerNegativeTestJSON:setUpClass): 200 GET http://10.180.1.21/compute/v2.1/servers/576a1826-8e83-46fa-832d-87c62ff7d02e 3.097s
2025-12-08 17:23:01.185 65845 INFO tempest.lib.common.rest_client [req-c2158728-01f0-4440-b195-04cf92441565 req-c2158728-01f0-4440-b195-04cf92441565 ] Request (HypervisorAdminNegativeTestJSON:tearDownClass): 200 GET http://10.180.1.21/networking/v2.0/security-groups?tenant_id=9404a4b956a846b5979723358f3c5d7f&name=default 0.403s
2025-12-08 17:23:01.204 65867 INFO tempest.lib.common.rest_client [req-71311888-e5e3-481f-9000-d7666f9dc24f req-71311888-e5e3-481f-9000-d7666f9dc24f ] Request (ServerRescueNegativeTestJSON:setUpClass): 200 GET http://10.180.1.21/identity/v3/domains?name=Default 0.033s
2025-12-08 17:23:01.237 65867 INFO tempest.lib.common.rest_client [req-56258105-9455-4907-acc5-d06bcefd5949 req-56258105-9455-4907-acc5-d06bcefd5949 ] Request (ServerRescueNegativeTestJSON:setUpClass): 201 POST http://10.180.1.21/identity/v3/projects 0.032s
2025-12-08 17:23:01.300 65867 INFO tempest.lib.common.rest_client [req-60185094-01c6-4e39-807f-411e524e01f0 req-60185094-01c6-4e39-807f-411e524e01f0 ] Request (ServerRescueNegativeTestJSON:setUpClass): 201 POST http://10.180.1.21/identity/v3/users 0.063s
2025-12-08 17:23:01.325 65851 INFO tempest.lib.common.rest_client [req-c424df5d-6235-4c75-846a-84a66e1e5d16 req-c424df5d-6235-4c75-846a-84a66e1e5d16 ] Request (ServicesAdminNegativeTestJSON:tearDownClass): 200 GET http://10.180.1.21/networking/v2.0/security-groups?tenant_id=f3db7f3fb07f4c41a88bc78b3b299f6c&name=default 0.232s
2025-12-08 17:23:01.327 65867 INFO tempest.lib.common.rest_client [req-08003e11-e145-40fe-9da3-ee488a8b94e3 req-08003e11-e145-40fe-9da3-ee488a8b94e3 ] Request (ServerRescueNegativeTestJSON:setUpClass): 200 GET http://10.180.1.21/identity/v3/roles 0.026s
2025-12-08 17:23:01.342 65845 INFO tempest.lib.common.rest_client [req-affede53-01bf-4be1-8b13-056b9d8e7132 req-affede53-01bf-4be1-8b13-056b9d8e7132 ] Request (HypervisorAdminNegativeTestJSON:tearDownClass): 204 DELETE http://10.180.1.21/networking/v2.0/security-groups/15464614-fcc2-467c-bd5d-358310317bb1 0.156s
2025-12-08 17:23:01.354 65859 INFO tempest.lib.common.rest_client [req-59365f28-d5af-439b-94d1-19b89d2ab3af req-59365f28-d5af-439b-94d1-19b89d2ab3af ] Request (FloatingIPsAssociationTestJSON:test_associate_already_associated_floating_ip): 200 GET http://10.180.1.21/compute/v2.1/servers/bde62422-6d7d-48dd-b3c8-a9c9091e23a7 2.929s
2025-12-08 17:23:01.372 65867 INFO tempest.lib.common.rest_client [req-2e06c4fd-2208-4ca5-a5cd-423570050996 req-2e06c4fd-2208-4ca5-a5cd-423570050996 ] Request (ServerRescueNegativeTestJSON:setUpClass): 204 PUT http://10.180.1.21/identity/v3/projects/c2a7a06e61d94624ba3b3a9d4f5d1e6f/users/01710b1994744039b6e121c7d5195b25/roles/b3dd0e4209014f9fa504e1e8d33673a7 0.044s
2025-12-08 17:23:01.373 65867 INFO tempest.lib.common.dynamic_creds [-] Dynamic test user 01710b1994744039b6e121c7d5195b25 is created with scope project and roles: ['member']
2025-12-08 17:23:01.373 65867 INFO tempest.lib.common.dynamic_creds [-] Acquired dynamic creds: credentials: Credentials: {'domain_id': 'default', 'domain_name': 'Default', 'username': 'tempest-ServerRescueNegativeTestJSON-310292183-project-member', 'project_domain_id': 'default', 'project_domain_name': 'Default', 'project_id': 'c2a7a06e61d94624ba3b3a9d4f5d1e6f', 'project_name': 'tempest-ServerRescueNegativeTestJSON-310292183', 'tenant_id': 'c2a7a06e61d94624ba3b3a9d4f5d1e6f', 'tenant_name': 'tempest-ServerRescueNegativeTestJSON-310292183', 'user_domain_id': 'default', 'user_domain_name': 'Default', 'user_id': '01710b1994744039b6e121c7d5195b25', 'system': None}, Network: None, Subnet: None, Router: None
2025-12-08 17:23:01.376 65821 INFO tempest.lib.common.rest_client [req-5d7b5a60-dc39-48d9-984c-e3d8e42bd1f3 req-5d7b5a60-dc39-48d9-984c-e3d8e42bd1f3 ] Request (QuotasAdminTestJSON:test_delete_quota): 200 PUT http://10.180.1.21/compute/v2.1/os-quota-sets/447c0efa22d74238a97ce41c36f07505 2.973s
2025-12-08 17:23:01.403 65833 INFO tempest.lib.common.rest_client [req-8d541f10-179d-403b-a74d-9d87fe76347b req-8d541f10-179d-403b-a74d-9d87fe76347b ] Request (DeleteServersAdminTestJSON:test_admin_delete_servers_of_others): 404 GET http://10.180.1.21/compute/v2.1/servers/12878a90-86d2-4609-80aa-de0d1bdb64c0 2.657s
2025-12-08 17:23:01.446 65845 INFO tempest.lib.common.rest_client [req-3f2c430b-bf88-437c-8a33-e342d55ef3ef req-3f2c430b-bf88-437c-8a33-e342d55ef3ef ] Request (HypervisorAdminNegativeTestJSON:tearDownClass): 204 DELETE http://10.180.1.21/identity/v3/projects/9404a4b956a846b5979723358f3c5d7f 0.103s
2025-12-08 17:23:01.446 65845 INFO tempest.lib.common.dynamic_creds [-] Deleting project and security group for project: a0215ff077b2466385352e7e3a43e31f
2025-12-08 17:23:01.449 65867 INFO tempest.lib.common.rest_client [req-95dc98c6-e93a-4cfd-acf9-52ffff3fba4f req-95dc98c6-e93a-4cfd-acf9-52ffff3fba4f ] Request (ServerRescueNegativeTestJSON:setUpClass): 201 POST http://10.180.1.21/identity/v3/auth/tokens 0.076s
2025-12-08 17:23:01.481 65811 INFO tempest.lib.common.rest_client [req-033c90cc-559a-41ae-9fdc-191f0e4bb9eb req-033c90cc-559a-41ae-9fdc-191f0e4bb9eb ] Request (ServersWithSpecificFlavorTestJSON:test_verify_created_server_ephemeral_disk): 200 GET http://10.180.1.21/compute/v2.1/servers/01f0dfbf-a289-43df-8919-bf6141b87d2a 2.966s
2025-12-08 17:23:01.511 65833 INFO tempest.lib.common.rest_client [req-67ef528c-c11d-44c9-bad4-fa67070c0125 req-67ef528c-c11d-44c9-bad4-fa67070c0125 ] Request (DeleteServersAdminTestJSON:test_delete_server_while_in_error_state): 201 POST http://10.180.1.21/identity/v3/auth/tokens 0.092s
2025-12-08 17:23:01.511 65833 INFO tempest.lib.common.fixed_network [-] (DeleteServersAdminTestJSON:test_delete_server_while_in_error_state) Found network None available for tenant
2025-12-08 17:23:01.529 65851 INFO tempest.lib.common.rest_client [req-72e913d6-84da-4a28-a7ad-06fd8cd4960a req-72e913d6-84da-4a28-a7ad-06fd8cd4960a ] Request (ServicesAdminNegativeTestJSON:tearDownClass): 204 DELETE http://10.180.1.21/networking/v2.0/security-groups/d018ffc8-a789-4579-a5b4-4b1e2c147685 0.204s
2025-12-08 17:23:01.658 65845 INFO tempest.lib.common.rest_client [req-f74bcdaa-5824-4be7-aebd-f74b1eaaf809 req-f74bcdaa-5824-4be7-aebd-f74b1eaaf809 ] Request (HypervisorAdminNegativeTestJSON:tearDownClass): 200 GET http://10.180.1.21/networking/v2.0/security-groups?tenant_id=a0215ff077b2466385352e7e3a43e31f&name=default 0.212s
2025-12-08 17:23:01.677 65851 INFO tempest.lib.common.rest_client [req-f51f1702-2129-43f7-970d-81d242a0aef4 req-f51f1702-2129-43f7-970d-81d242a0aef4 ] Request (ServicesAdminNegativeTestJSON:tearDownClass): 204 DELETE http://10.180.1.21/identity/v3/projects/f3db7f3fb07f4c41a88bc78b3b299f6c 0.147s
2025-12-08 17:23:01.679 65851 INFO tempest.test [-] raised in UpdateMultiattachVolumeNegativeTest.setUpClass. Invoking tearDownClass.
2025-12-08 17:23:01.762 65851 INFO tempest.lib.common.rest_client [req-d541dad6-f4b4-42ab-82b8-254d9f5a9b30 req-d541dad6-f4b4-42ab-82b8-254d9f5a9b30 ] Request (ServerAddressesTestJSON:setUpClass): 201 POST http://10.180.1.21/identity/v3/auth/tokens 0.080s
2025-12-08 17:23:01.814 65851 INFO tempest.lib.common.rest_client [req-1e90654f-9b01-4ec0-b41f-f5cebb49f16e req-1e90654f-9b01-4ec0-b41f-f5cebb49f16e ] Request (ServerAddressesTestJSON:setUpClass): 201 POST http://10.180.1.21/identity/v3/auth/tokens 0.046s
2025-12-08 17:23:01.855 65851 INFO tempest.lib.common.rest_client [req-ad5b6163-ebe8-4025-8357-933f9fe1e7b3 req-ad5b6163-ebe8-4025-8357-933f9fe1e7b3 ] Request (ServerAddressesTestJSON:setUpClass): 200 GET http://10.180.1.21/identity/v3/domains?name=Default 0.040s
2025-12-08 17:23:01.880 65867 INFO tempest.lib.common.rest_client [req-3ddd9f91-de43-4099-988c-6022b01e53b8 req-3ddd9f91-de43-4099-988c-6022b01e53b8 ] Request (ServerRescueNegativeTestJSON:setUpClass): 201 POST http://10.180.1.21/networking/v2.0/networks 0.431s
2025-12-08 17:23:01.901 65855 INFO tempest.lib.common.rest_client [req-4629c855-2d8a-4442-931e-b617409598c8 req-4629c855-2d8a-4442-931e-b617409598c8 ] Request (MigrationsAdminTest:test_list_migrations_in_flavor_resize_situation): 200 GET http://10.180.1.21/compute/v2.1/servers/b9df7ebd-a64a-4031-89f7-75a8aee3c74c 2.994s
2025-12-08 17:23:01.904 65851 INFO tempest.lib.common.rest_client [req-d045f633-0bac-4edb-991c-541c1a9c222d req-d045f633-0bac-4edb-991c-541c1a9c222d ] Request (ServerAddressesTestJSON:setUpClass): 201 POST http://10.180.1.21/identity/v3/projects 0.048s
2025-12-08 17:23:01.962 65843 INFO tempest.lib.common.rest_client [req-406753dd-f66d-423c-a7f6-a78a70d8ac46 req-406753dd-f66d-423c-a7f6-a78a70d8ac46 ] Request (ServersAdminNegativeTestJSON:test_migrate_server_invalid_state): 200 GET http://10.180.1.21/compute/v2.1/servers/059f932f-aa5a-46ff-a179-9826341731db 2.818s
2025-12-08 17:23:01.988 65851 INFO tempest.lib.common.rest_client [req-72486c90-7c78-49b6-b4fa-4622c7a361b7 req-72486c90-7c78-49b6-b4fa-4622c7a361b7 ] Request (ServerAddressesTestJSON:setUpClass): 201 POST http://10.180.1.21/identity/v3/users 0.083s
2025-12-08 17:23:01.996 65845 INFO tempest.lib.common.rest_client [req-4e44d0c3-aaab-4b9f-96a3-67ee7fb5e8aa req-4e44d0c3-aaab-4b9f-96a3-67ee7fb5e8aa ] Request (HypervisorAdminNegativeTestJSON:tearDownClass): 204 DELETE http://10.180.1.21/networking/v2.0/security-groups/25c19081-86c6-43d8-9176-e840cde44f0e 0.337s
2025-12-08 17:23:02.009 65823 INFO tempest.lib.common.rest_client [req-4f02c808-7921-4193-bfe3-e5e0c12496b1 req-4f02c808-7921-4193-bfe3-e5e0c12496b1 ] Request (ListImageFiltersTestJSON:setUpClass): 200 GET http://10.180.1.21/compute/v2.1/images/6bc97385-14cc-4a0e-bf69-ac856063b7c0 2.823s
2025-12-08 17:23:02.013 65851 INFO tempest.lib.common.rest_client [req-e43350ab-f092-4772-b56f-84ec69075ec6 req-e43350ab-f092-4772-b56f-84ec69075ec6 ] Request (ServerAddressesTestJSON:setUpClass): 200 GET http://10.180.1.21/identity/v3/roles 0.025s
2025-12-08 17:23:02.097 65845 INFO tempest.lib.common.rest_client [req-31e62276-9764-4b13-a11f-25a7426ab646 req-31e62276-9764-4b13-a11f-25a7426ab646 ] Request (HypervisorAdminNegativeTestJSON:tearDownClass): 204 DELETE http://10.180.1.21/identity/v3/projects/a0215ff077b2466385352e7e3a43e31f 0.100s
2025-12-08 17:23:02.153 65861 INFO tempest.lib.common.rest_client [req-64816de6-b34c-4f7a-84ab-8d7bf9fe7d63 req-64816de6-b34c-4f7a-84ab-8d7bf9fe7d63 ] Request (ServersTestBootFromVolume:setUpClass): 200 GET http://10.180.1.21/compute/v2.1/servers/fa53b330-ff80-4666-bf9e-1664d5c3d23e 2.942s
2025-12-08 17:23:02.156 65815 INFO tempest.lib.common.rest_client [req-b8ed79d7-23e2-4aed-bdfe-b88cffa866aa req-b8ed79d7-23e2-4aed-bdfe-b88cffa866aa ] Request (KeyPairsV22TestJSON:test_get_keypair_detail): 201 POST http://10.180.1.21/compute/v2.1/os-keypairs 2.999s
2025-12-08 17:23:02.166 65851 INFO tempest.lib.common.rest_client [req-c63fe8e3-fb39-4b8f-a703-c2ff620f9418 req-c63fe8e3-fb39-4b8f-a703-c2ff620f9418 ] Request (ServerAddressesTestJSON:setUpClass): 204 PUT http://10.180.1.21/identity/v3/projects/255fd5baca73448fab00eb69206a9233/users/8ec70e96fa8349e08adeadc7dad3beea/roles/b3dd0e4209014f9fa504e1e8d33673a7 0.152s
2025-12-08 17:23:02.167 65851 INFO tempest.lib.common.dynamic_creds [-] Dynamic test user 8ec70e96fa8349e08adeadc7dad3beea is created with scope project and roles: ['member']
2025-12-08 17:23:02.167 65851 INFO tempest.lib.common.dynamic_creds [-] Acquired dynamic creds: credentials: Credentials: {'domain_id': 'default', 'domain_name': 'Default', 'username': 'tempest-ServerAddressesTestJSON-297973440-project-member', 'project_domain_id': 'default', 'project_domain_name': 'Default', 'project_id': '255fd5baca73448fab00eb69206a9233', 'project_name': 'tempest-ServerAddressesTestJSON-297973440', 'tenant_id': '255fd5baca73448fab00eb69206a9233', 'tenant_name': 'tempest-ServerAddressesTestJSON-297973440', 'user_domain_id': 'default', 'user_domain_name': 'Default', 'user_id': '8ec70e96fa8349e08adeadc7dad3beea', 'system': None}, Network: None, Subnet: None, Router: None
2025-12-08 17:23:02.182 65845 INFO tempest.lib.common.rest_client [req-a3184787-ff93-4380-8f2f-dbb789257845 req-a3184787-ff93-4380-8f2f-dbb789257845 ] Request (ServersTestFqdnHostnames:setUpClass): 201 POST http://10.180.1.21/identity/v3/auth/tokens 0.083s
2025-12-08 17:23:02.195 65867 INFO tempest.lib.common.rest_client [req-31892bd8-bb25-4167-9180-7d06b424c7d3 req-31892bd8-bb25-4167-9180-7d06b424c7d3 ] Request (ServerRescueNegativeTestJSON:setUpClass): 201 POST http://10.180.1.21/networking/v2.0/subnets 0.314s
2025-12-08 17:23:02.249 65851 INFO tempest.lib.common.rest_client [req-c632d6f1-5314-4a8b-9ea4-7875e37b58ec req-c632d6f1-5314-4a8b-9ea4-7875e37b58ec ] Request (ServerAddressesTestJSON:setUpClass): 201 POST http://10.180.1.21/identity/v3/auth/tokens 0.082s
2025-12-08 17:23:02.264 65845 INFO tempest.lib.common.rest_client [req-e65e8ba1-7238-4bfa-89df-ad5ac717c490 req-e65e8ba1-7238-4bfa-89df-ad5ac717c490 ] Request (ServersTestFqdnHostnames:setUpClass): 201 POST http://10.180.1.21/identity/v3/auth/tokens 0.079s
2025-12-08 17:23:02.290 65845 INFO tempest.lib.common.rest_client [req-929a739d-c999-4a43-8e6e-d9154637e663 req-929a739d-c999-4a43-8e6e-d9154637e663 ] Request (ServersTestFqdnHostnames:setUpClass): 200 GET http://10.180.1.21/identity/v3/domains?name=Default 0.026s
2025-12-08 17:23:02.335 65845 INFO tempest.lib.common.rest_client [req-fb87257d-5406-4586-81c9-63fcc29139ac req-fb87257d-5406-4586-81c9-63fcc29139ac ] Request (ServersTestFqdnHostnames:setUpClass): 201 POST http://10.180.1.21/identity/v3/projects 0.044s
2025-12-08 17:23:02.339 65837 INFO tempest.lib.common.rest_client [req-b5456479-55f4-40c3-85c7-d903fada1b1c req-b5456479-55f4-40c3-85c7-d903fada1b1c ] Request (ServerExternalEventsTest:tearDownClass): 200 GET http://10.180.1.21/compute/v2.1/servers/a2724af1-294c-4358-9aa3-938b7d8db7d4 2.748s
2025-12-08 17:23:02.400 65845 INFO tempest.lib.common.rest_client [req-f5854f4c-fe11-44e7-99c9-7a3aedd07aba req-f5854f4c-fe11-44e7-99c9-7a3aedd07aba ] Request (ServersTestFqdnHostnames:setUpClass): 201 POST http://10.180.1.21/identity/v3/users 0.065s
2025-12-08 17:23:02.407 65865 INFO tempest.lib.common.rest_client [req-2894cca6-2a6f-45ba-8cd4-0da9d2a32c0c req-2894cca6-2a6f-45ba-8cd4-0da9d2a32c0c ] Request (KeyPairsV2TestJSON:test_keypair_create_with_pub_key): 200 POST http://10.180.1.21/compute/v2.1/os-keypairs 2.682s
2025-12-08 17:23:02.426 65845 INFO tempest.lib.common.rest_client [req-734afdbd-01ba-45d9-8d98-8409df2100fb req-734afdbd-01ba-45d9-8d98-8409df2100fb ] Request (ServersTestFqdnHostnames:setUpClass): 200 GET http://10.180.1.21/identity/v3/roles 0.025s
2025-12-08 17:23:02.458 65845 INFO tempest.lib.common.rest_client [req-6806473b-e133-4892-aa6f-686ac220e8ba req-6806473b-e133-4892-aa6f-686ac220e8ba ] Request (ServersTestFqdnHostnames:setUpClass): 204 PUT http://10.180.1.21/identity/v3/projects/30ceb14ff460476ab237c06ee0fa9b8b/users/2187e9b2337c455ca6e1d37f6a221b4f/roles/b3dd0e4209014f9fa504e1e8d33673a7 0.031s
2025-12-08 17:23:02.459 65845 INFO tempest.lib.common.dynamic_creds [-] Dynamic test user 2187e9b2337c455ca6e1d37f6a221b4f is created with scope project and roles: ['member']
2025-12-08 17:23:02.459 65845 INFO tempest.lib.common.dynamic_creds [-] Acquired dynamic creds: credentials: Credentials: {'domain_id': 'default', 'domain_name': 'Default', 'username': 'tempest-ServersTestFqdnHostnames-1972796060-project-member', 'project_domain_id': 'default', 'project_domain_name': 'Default', 'project_id': '30ceb14ff460476ab237c06ee0fa9b8b', 'project_name': 'tempest-ServersTestFqdnHostnames-1972796060', 'tenant_id': '30ceb14ff460476ab237c06ee0fa9b8b', 'tenant_name': 'tempest-ServersTestFqdnHostnames-1972796060', 'user_domain_id': 'default', 'user_domain_name': 'Default', 'user_id': '2187e9b2337c455ca6e1d37f6a221b4f', 'system': None}, Network: None, Subnet: None, Router: None
2025-12-08 17:23:02.526 65845 INFO tempest.lib.common.rest_client [req-6b6a0432-2a00-4d1e-9f3e-8d1f3a30948d req-6b6a0432-2a00-4d1e-9f3e-8d1f3a30948d ] Request (ServersTestFqdnHostnames:setUpClass): 201 POST http://10.180.1.21/identity/v3/auth/tokens 0.066s
2025-12-08 17:23:02.663 65851 INFO tempest.lib.common.rest_client [req-cc4aa1b3-3d9a-46ab-a6e9-493b6d3ef709 req-cc4aa1b3-3d9a-46ab-a6e9-493b6d3ef709 ] Request (ServerAddressesTestJSON:setUpClass): 201 POST http://10.180.1.21/networking/v2.0/networks 0.413s
2025-12-08 17:23:02.704 65817 INFO tempest.lib.common.rest_client [req-d2289988-6e68-4f5d-9d80-30242b73f5ef req-d2289988-6e68-4f5d-9d80-30242b73f5ef ] Request (ServerActionsTestOtherB:setUpClass): 200 GET http://10.180.1.21/compute/v2.1/servers/f0ae0ad7-7800-4f5a-a270-7749177b8675 3.132s
2025-12-08 17:23:02.712 65807 INFO tempest.lib.common.rest_client [req-613fa542-f6d3-4812-8ca1-e87461ff4ff6 req-613fa542-f6d3-4812-8ca1-e87461ff4ff6 ] Request (HostsAdminNegativeTestJSON:test_update_host_without_param): 400 PUT http://10.180.1.21/compute/v2.1/os-hosts/devstack 2.633s
2025-12-08 17:23:02.713 65817 INFO tempest.common.waiters [-] State transition "BUILD/block_device_mapping" ==> "BUILD/spawning" after 14 second wait
2025-12-08 17:23:02.742 65805 INFO tempest.lib.common.rest_client [req-fa42ebfa-3972-4dbc-9397-d7448e60998f req-fa42ebfa-3972-4dbc-9397-d7448e60998f ] Request (FlavorsExtraSpecsNegativeTestJSON:tearDownClass): 200 GET http://10.180.1.21/compute/v2.1/flavors/detail 2.642s
2025-12-08 17:23:02.862 65805 INFO tempest.lib.common.rest_client [req-164ecfcc-c17c-440f-afbe-0e91c101e040 req-164ecfcc-c17c-440f-afbe-0e91c101e040 ] Request (FlavorsExtraSpecsNegativeTestJSON:tearDownClass): 204 DELETE http://10.180.1.21/identity/v3/users/b59885202fb5425394bd64cd993f4f7f 0.112s
2025-12-08 17:23:02.983 65805 INFO tempest.lib.common.rest_client [req-f57e5327-07a6-4558-9d91-37b4b43210d5 req-f57e5327-07a6-4558-9d91-37b4b43210d5 ] Request (FlavorsExtraSpecsNegativeTestJSON:tearDownClass): 204 DELETE http://10.180.1.21/identity/v3/users/8eee7a20cda34b678c362caa5547b695 0.121s
2025-12-08 17:23:02.984 65805 INFO tempest.lib.common.dynamic_creds [-] Deleting project and security group for project: e6efc0b24630474588c68ec39138a361
2025-12-08 17:23:03.048 65805 INFO tempest.lib.common.rest_client [req-df1bbc2b-574a-4f25-955e-e84c5e3e734c req-df1bbc2b-574a-4f25-955e-e84c5e3e734c ] Request (FlavorsExtraSpecsNegativeTestJSON:tearDownClass): 201 POST http://10.180.1.21/identity/v3/auth/tokens 0.064s
2025-12-08 17:23:03.149 65845 INFO tempest.lib.common.rest_client [req-03467506-b9a6-45a6-9e3a-b4431f8934a4 req-03467506-b9a6-45a6-9e3a-b4431f8934a4 ] Request (ServersTestFqdnHostnames:setUpClass): 201 POST http://10.180.1.21/networking/v2.0/networks 0.622s
2025-12-08 17:23:03.312 65851 INFO tempest.lib.common.rest_client [req-2e33bf75-fed9-4257-ae2b-5ddd395949a8 req-2e33bf75-fed9-4257-ae2b-5ddd395949a8 ] Request (ServerAddressesTestJSON:setUpClass): 201 POST http://10.180.1.21/networking/v2.0/subnets 0.648s
2025-12-08 17:23:03.433 65867 INFO tempest.lib.common.rest_client [req-8924f077-71e5-48d6-89d6-810fe71bd73f req-8924f077-71e5-48d6-89d6-810fe71bd73f ] Request (ServerRescueNegativeTestJSON:setUpClass): 201 POST http://10.180.1.21/networking/v2.0/routers 1.237s
2025-12-08 17:23:03.454 65863 INFO tempest.lib.common.rest_client [req-5b939750-8fa7-451a-8981-b74606c0250d req-5b939750-8fa7-451a-8981-b74606c0250d ] Request (ServersTestJSON:test_create_server_specify_multibyte_character_name): 200 GET http://10.180.1.21/compute/v2.1/servers/ec4482b0-2919-48e3-a773-7013a9bb0899 3.161s
2025-12-08 17:23:03.480 65809 INFO tempest.lib.common.rest_client [req-d884a57f-b0ba-484d-ba80-07a50da41b0b req-d884a57f-b0ba-484d-ba80-07a50da41b0b ] Request (FlavorsExtraSpecsTestJSON:tearDownClass): 200 GET http://10.180.1.21/compute/v2.1/flavors/detail 3.167s
2025-12-08 17:23:03.496 65825 INFO tempest.lib.common.rest_client [req-26164ad2-7b9a-4124-83f3-03027eac7330 req-26164ad2-7b9a-4124-83f3-03027eac7330 ] Request (FlavorsAccessNegativeTestJSON:_run_cleanups): 202 DELETE http://10.180.1.21/compute/v2.1/flavors/694351721 3.179s
2025-12-08 17:23:03.512 65831 INFO tempest.lib.common.rest_client [req-4a247eb6-cf80-4be9-8398-d56df5385f3c req-4a247eb6-cf80-4be9-8398-d56df5385f3c ] Request (FlavorsAdminTestJSON:test_create_flavor_with_uuid_id): 200 POST http://10.180.1.21/compute/v2.1/flavors 3.148s
2025-12-08 17:23:03.576 65809 INFO tempest.lib.common.rest_client [req-1f637787-7759-4b58-bb31-d9bb6ed3b8b5 req-1f637787-7759-4b58-bb31-d9bb6ed3b8b5 ] Request (FlavorsExtraSpecsTestJSON:tearDownClass): 204 DELETE http://10.180.1.21/identity/v3/users/2ba91fb7af214d94ac4df764c42b9664 0.090s
2025-12-08 17:23:03.590 65839 WARNING tempest.lib.common.ssh [-] Failed to establish authenticated ssh connection to cirros@10.180.180.136 ([Errno None] Unable to connect to port 22 on 10.180.180.136). Number attempts: 1. Retry after 2 seconds.: paramiko.ssh_exception.NoValidConnectionsError: [Errno None] Unable to connect to port 22 on 10.180.180.136
2025-12-08 17:23:03.622 65805 INFO tempest.lib.common.rest_client [req-b8e69ee3-7f5b-4e23-9737-5fd59d6e74f8 req-b8e69ee3-7f5b-4e23-9737-5fd59d6e74f8 ] Request (FlavorsExtraSpecsNegativeTestJSON:tearDownClass): 200 GET http://10.180.1.21/networking/v2.0/security-groups?tenant_id=e6efc0b24630474588c68ec39138a361&name=default 0.574s
2025-12-08 17:23:03.625 65845 INFO tempest.lib.common.rest_client [req-cd151574-2129-4d24-853b-0cb73bdd585c req-cd151574-2129-4d24-853b-0cb73bdd585c ] Request (ServersTestFqdnHostnames:setUpClass): 201 POST http://10.180.1.21/networking/v2.0/subnets 0.476s
2025-12-08 17:23:03.688 65809 INFO tempest.lib.common.rest_client [req-998bb6da-ce65-4f51-bd01-37409824da80 req-998bb6da-ce65-4f51-bd01-37409824da80 ] Request (FlavorsExtraSpecsTestJSON:tearDownClass): 204 DELETE http://10.180.1.21/identity/v3/users/abec2d6118f0423f9b3dbe0a8f9d8ee5 0.112s
2025-12-08 17:23:03.689 65809 INFO tempest.lib.common.dynamic_creds [-] Deleting project and security group for project: 4eeb2dd0074a40988bd4f1fae7523bb1
2025-12-08 17:23:03.758 65809 INFO tempest.lib.common.rest_client [req-ac166c1c-7dc1-4b00-9d1e-432a643a7f85 req-ac166c1c-7dc1-4b00-9d1e-432a643a7f85 ] Request (FlavorsExtraSpecsTestJSON:tearDownClass): 201 POST http://10.180.1.21/identity/v3/auth/tokens 0.070s
2025-12-08 17:23:04.399 65851 INFO tempest.lib.common.rest_client [req-b9a45ebf-afb4-42e9-9ac5-7b54c94746bb req-b9a45ebf-afb4-42e9-9ac5-7b54c94746bb ] Request (ServerAddressesTestJSON:setUpClass): 201 POST http://10.180.1.21/networking/v2.0/routers 1.086s
2025-12-08 17:23:04.568 65805 INFO tempest.lib.common.rest_client [req-0748219b-cb62-4cf0-beab-b60f8dfb4eed req-0748219b-cb62-4cf0-beab-b60f8dfb4eed ] Request (FlavorsExtraSpecsNegativeTestJSON:tearDownClass): 204 DELETE http://10.180.1.21/networking/v2.0/security-groups/d3a8d754-bb4c-4145-bf42-7be18bc643b2 0.946s
2025-12-08 17:23:04.690 65805 INFO tempest.lib.common.rest_client [req-89fb191b-de5b-468b-9374-60cfba82912b req-89fb191b-de5b-468b-9374-60cfba82912b ] Request (FlavorsExtraSpecsNegativeTestJSON:tearDownClass): 204 DELETE http://10.180.1.21/identity/v3/projects/e6efc0b24630474588c68ec39138a361 0.122s
2025-12-08 17:23:04.691 65805 INFO tempest.lib.common.dynamic_creds [-] Deleting project and security group for project: 498bc63e2bf7478fb5fd65277da96f4f
2025-12-08 17:23:04.903 65867 INFO tempest.lib.common.rest_client [req-8d8c4190-5da9-459a-9547-56fda0813a52 req-8d8c4190-5da9-459a-9547-56fda0813a52 ] Request (ServerRescueNegativeTestJSON:setUpClass): 200 PUT http://10.180.1.21/networking/v2.0/routers/b599360e-af11-4cef-8bd7-8bbd14159574/add_router_interface 1.469s
2025-12-08 17:23:04.903 65867 INFO tempest.lib.common.dynamic_creds [-] Created isolated network resources for: credentials: Credentials: {'domain_id': 'default', 'domain_name': 'Default', 'username': 'tempest-ServerRescueNegativeTestJSON-310292183-project-member', 'project_domain_id': 'default', 'project_domain_name': 'Default', 'project_id': 'c2a7a06e61d94624ba3b3a9d4f5d1e6f', 'project_name': 'tempest-ServerRescueNegativeTestJSON-310292183', 'tenant_id': 'c2a7a06e61d94624ba3b3a9d4f5d1e6f', 'tenant_name': 'tempest-ServerRescueNegativeTestJSON-310292183', 'user_domain_id': 'default', 'user_domain_name': 'Default', 'user_id': '01710b1994744039b6e121c7d5195b25', 'system': None}, Network: {'id': 'f27d2d9e-8ae7-4086-9161-47127b34dd20', 'name': 'tempest-ServerRescueNegativeTestJSON-248251098-network', 'tenant_id': 'c2a7a06e61d94624ba3b3a9d4f5d1e6f', 'project_id': 'c2a7a06e61d94624ba3b3a9d4f5d1e6f', 'admin_state_up': True, 'mtu': 8950, 'status': 'ACTIVE', 'subnets': [], 'shared': False, 'port_security_enabled': True, 'router:external': False, 'provider:network_type': 'vlan', 'provider:physical_network': 'default', 'provider:segmentation_id': 647, 'availability_zone_hints': [], 'availability_zones': [], 'ipv4_address_scope': None, 'ipv6_address_scope': None, 'description': '', 'tags': [], 'created_at': '2025-12-08T17:23:01Z', 'updated_at': '2025-12-08T17:23:01Z', 'revision_number': 1}, Subnet: {'id': '681b33e7-bfc3-42df-8b6a-301c9fcf8339', 'name': 'tempest-ServerRescueNegativeTestJSON-248251098-subnet', 'tenant_id': 'c2a7a06e61d94624ba3b3a9d4f5d1e6f', 'network_id': 'f27d2d9e-8ae7-4086-9161-47127b34dd20', 'ip_version': 4, 'subnetpool_id': None, 'enable_dhcp': True, 'ipv6_ra_mode': None, 'ipv6_address_mode': None, 'gateway_ip': '192.168.128.1', 'cidr': '192.168.128.0/28', 'allocation_pools': [{'start': '192.168.128.2', 'end': '192.168.128.14'}], 'host_routes': [], 'dns_nameservers': [], 'description': '', 'router:external': False, 'service_types': [], 'tags': [], 'created_at': '2025-12-08T17:23:02Z', 'updated_at': '2025-12-08T17:23:02Z', 'revision_number': 0, 'project_id': 'c2a7a06e61d94624ba3b3a9d4f5d1e6f'}, Router: {'id': 'b599360e-af11-4cef-8bd7-8bbd14159574', 'name': 'tempest-ServerRescueNegativeTestJSON-248251098-router', 'tenant_id': 'c2a7a06e61d94624ba3b3a9d4f5d1e6f', 'admin_state_up': True, 'status': 'ACTIVE', 'external_gateway_info': {'network_id': 'd11f67c9-75e0-4f1a-a772-58e68e803477', 'external_fixed_ips': [{'subnet_id': '12929faa-3c88-46a1-84e2-4de6deaffccc', 'ip_address': '10.180.180.143'}], 'enable_snat': True}, 'description': '', 'availability_zones': [], 'distributed': False, 'ha': False, 'availability_zone_hints': [], 'routes': [], 'flavor_id': None, 'tags': [], 'created_at': '2025-12-08T17:23:02Z', 'updated_at': '2025-12-08T17:23:03Z', 'revision_number': 2, 'project_id': 'c2a7a06e61d94624ba3b3a9d4f5d1e6f'}
2025-12-08 17:23:04.986 65867 INFO tempest.lib.common.rest_client [req-9e3f9194-bfd9-45e8-ab21-5548818ade97 req-9e3f9194-bfd9-45e8-ab21-5548818ade97 ] Request (ServerRescueNegativeTestJSON:setUpClass): 201 POST http://10.180.1.21/identity/v3/auth/tokens 0.079s
2025-12-08 17:23:05.019 65867 INFO tempest.lib.common.rest_client [req-301987dd-0a59-4efe-8039-c8768a72fa80 req-301987dd-0a59-4efe-8039-c8768a72fa80 ] Request (ServerRescueNegativeTestJSON:setUpClass): 201 POST http://10.180.1.21/identity/v3/auth/tokens 0.030s
2025-12-08 17:23:05.020 65867 INFO tempest.lib.common.fixed_network [-] (ServerRescueNegativeTestJSON:setUpClass) Found network {'id': 'f27d2d9e-8ae7-4086-9161-47127b34dd20', 'name': 'tempest-ServerRescueNegativeTestJSON-248251098-network', 'tenant_id': 'c2a7a06e61d94624ba3b3a9d4f5d1e6f', 'project_id': 'c2a7a06e61d94624ba3b3a9d4f5d1e6f', 'admin_state_up': True, 'mtu': 8950, 'status': 'ACTIVE', 'subnets': [], 'shared': False, 'port_security_enabled': True, 'router:external': False, 'provider:network_type': 'vlan', 'provider:physical_network': 'default', 'provider:segmentation_id': 647, 'availability_zone_hints': [], 'availability_zones': [], 'ipv4_address_scope': None, 'ipv6_address_scope': None, 'description': '', 'tags': [], 'created_at': '2025-12-08T17:23:01Z', 'updated_at': '2025-12-08T17:23:01Z', 'revision_number': 1} available for tenant
2025-12-08 17:23:05.340 65845 INFO tempest.lib.common.rest_client [req-d548c269-2d79-463b-80c1-94cd3db88864 req-d548c269-2d79-463b-80c1-94cd3db88864 ] Request (ServersTestFqdnHostnames:setUpClass): 201 POST http://10.180.1.21/networking/v2.0/routers 1.714s
2025-12-08 17:23:05.434 65809 INFO tempest.lib.common.rest_client [req-cc0c640d-9ef2-44f9-b1ce-b4d5f5fd483b req-cc0c640d-9ef2-44f9-b1ce-b4d5f5fd483b ] Request (FlavorsExtraSpecsTestJSON:tearDownClass): 200 GET http://10.180.1.21/networking/v2.0/security-groups?tenant_id=4eeb2dd0074a40988bd4f1fae7523bb1&name=default 1.675s
2025-12-08 17:23:05.538 65827 INFO tempest.lib.common.rest_client [req-4c40d892-aafd-42a5-814a-16df5a08d5c1 req-4c40d892-aafd-42a5-814a-16df5a08d5c1 ] Request (ServerDiagnosticsTest:test_get_server_diagnostics): 200 GET http://10.180.1.21/compute/v2.1/servers/d7335ae7-683b-4729-b771-29ac97585830 4.967s
2025-12-08 17:23:05.555 65827 INFO tempest.common.waiters [-] State transition "BUILD/spawning" ==> "ACTIVE/None" after 25 second wait
2025-12-08 17:23:05.669 65805 INFO tempest.lib.common.rest_client [req-2400a8ca-85b0-46f9-bcf6-3d04ea825518 req-2400a8ca-85b0-46f9-bcf6-3d04ea825518 ] Request (FlavorsExtraSpecsNegativeTestJSON:tearDownClass): 200 GET http://10.180.1.21/networking/v2.0/security-groups?tenant_id=498bc63e2bf7478fb5fd65277da96f4f&name=default 0.978s
2025-12-08 17:23:06.285 65851 INFO tempest.lib.common.rest_client [req-e3cf2db2-e244-43c8-9f03-805b173f3654 req-e3cf2db2-e244-43c8-9f03-805b173f3654 ] Request (ServerAddressesTestJSON:setUpClass): 200 PUT http://10.180.1.21/networking/v2.0/routers/7f78c92e-e53e-42bb-af29-c5fa4ea8fcec/add_router_interface 1.885s
2025-12-08 17:23:06.286 65851 INFO tempest.lib.common.dynamic_creds [-] Created isolated network resources for: credentials: Credentials: {'domain_id': 'default', 'domain_name': 'Default', 'username': 'tempest-ServerAddressesTestJSON-297973440-project-member', 'project_domain_id': 'default', 'project_domain_name': 'Default', 'project_id': '255fd5baca73448fab00eb69206a9233', 'project_name': 'tempest-ServerAddressesTestJSON-297973440', 'tenant_id': '255fd5baca73448fab00eb69206a9233', 'tenant_name': 'tempest-ServerAddressesTestJSON-297973440', 'user_domain_id': 'default', 'user_domain_name': 'Default', 'user_id': '8ec70e96fa8349e08adeadc7dad3beea', 'system': None}, Network: {'id': '398bfbbf-5ef3-45fe-a3ae-723c1d496cd1', 'name': 'tempest-ServerAddressesTestJSON-1922048126-network', 'tenant_id': '255fd5baca73448fab00eb69206a9233', 'project_id': '255fd5baca73448fab00eb69206a9233', 'admin_state_up': True, 'mtu': 8950, 'status': 'ACTIVE', 'subnets': [], 'shared': False, 'port_security_enabled': True, 'router:external': False, 'provider:network_type': 'vlan', 'provider:physical_network': 'default', 'provider:segmentation_id': 454, 'availability_zone_hints': [], 'availability_zones': [], 'ipv4_address_scope': None, 'ipv6_address_scope': None, 'description': '', 'tags': [], 'created_at': '2025-12-08T17:23:02Z', 'updated_at': '2025-12-08T17:23:02Z', 'revision_number': 1}, Subnet: {'id': '933088b4-0ff1-481f-8622-1b2075e2bf80', 'name': 'tempest-ServerAddressesTestJSON-1922048126-subnet', 'tenant_id': '255fd5baca73448fab00eb69206a9233', 'network_id': '398bfbbf-5ef3-45fe-a3ae-723c1d496cd1', 'ip_version': 4, 'subnetpool_id': None, 'enable_dhcp': True, 'ipv6_ra_mode': None, 'ipv6_address_mode': None, 'gateway_ip': '192.168.128.1', 'cidr': '192.168.128.0/28', 'allocation_pools': [{'start': '192.168.128.2', 'end': '192.168.128.14'}], 'host_routes': [], 'dns_nameservers': [], 'description': '', 'router:external': False, 'service_types': [], 'tags': [], 'created_at': '2025-12-08T17:23:03Z', 'updated_at': '2025-12-08T17:23:03Z', 'revision_number': 0, 'project_id': '255fd5baca73448fab00eb69206a9233'}, Router: {'id': '7f78c92e-e53e-42bb-af29-c5fa4ea8fcec', 'name': 'tempest-ServerAddressesTestJSON-1922048126-router', 'tenant_id': '255fd5baca73448fab00eb69206a9233', 'admin_state_up': True, 'status': 'ACTIVE', 'external_gateway_info': {'network_id': 'd11f67c9-75e0-4f1a-a772-58e68e803477', 'external_fixed_ips': [{'subnet_id': '12929faa-3c88-46a1-84e2-4de6deaffccc', 'ip_address': '10.180.180.208'}], 'enable_snat': True}, 'description': '', 'availability_zones': [], 'distributed': False, 'ha': False, 'availability_zone_hints': [], 'routes': [], 'flavor_id': None, 'tags': [], 'created_at': '2025-12-08T17:23:03Z', 'updated_at': '2025-12-08T17:23:04Z', 'revision_number': 2, 'project_id': '255fd5baca73448fab00eb69206a9233'}
2025-12-08 17:23:06.401 65851 INFO tempest.lib.common.rest_client [req-feae93b9-c679-4484-8e37-11facb2ab4cd req-feae93b9-c679-4484-8e37-11facb2ab4cd ] Request (ServerAddressesTestJSON:setUpClass): 201 POST http://10.180.1.21/identity/v3/auth/tokens 0.112s
2025-12-08 17:23:06.435 65851 INFO tempest.lib.common.rest_client [req-0daa8337-083a-4a7c-b816-2ed1e8b7dc60 req-0daa8337-083a-4a7c-b816-2ed1e8b7dc60 ] Request (ServerAddressesTestJSON:setUpClass): 201 POST http://10.180.1.21/identity/v3/auth/tokens 0.031s
