2025-11-23 03:59:12.420 67644 INFO tempest.lib.common.rest_client [req-d27f4848-b03b-46d4-89b9-b9c5d05c32f0 req-d27f4848-b03b-46d4-89b9-b9c5d05c32f0 ] Request (ImagesNegativeTestJSON:setUpClass): 201 POST http://10.180.1.21/identity/v3/users 0.066s
2025-11-23 03:59:12.453 67644 INFO tempest.lib.common.rest_client [req-eb0ac22f-5a31-4efe-bb80-6944ea3856a5 req-eb0ac22f-5a31-4efe-bb80-6944ea3856a5 ] Request (ImagesNegativeTestJSON:setUpClass): 200 GET http://10.180.1.21/identity/v3/roles 0.032s
2025-11-23 03:59:12.475 67690 INFO tempest.lib.common.rest_client [req-fab478f1-ceed-4276-90de-e9ce3bdaff80 req-fab478f1-ceed-4276-90de-e9ce3bdaff80 ] Request (MigrationsAdminTest:test_list_migrations_in_flavor_resize_situation): 200 GET http://10.180.1.21/compute/v2.1/servers/00eb52c2-6033-4317-840b-9cd00a020882 5.540s
2025-11-23 03:59:12.484 67644 INFO tempest.lib.common.rest_client [req-52dc8023-7b63-4850-9e38-9aab4331d614 req-52dc8023-7b63-4850-9e38-9aab4331d614 ] Request (ImagesNegativeTestJSON:setUpClass): 204 PUT http://10.180.1.21/identity/v3/projects/8ac2140e57fb47b5bac015649c2ff673/users/1ab771ccd6864a3598f118fa20133254/roles/59b39857c73c4d0b99fc9d43a7df1cde 0.031s
2025-11-23 03:59:12.485 67644 INFO tempest.lib.common.dynamic_creds [-] Dynamic test user 1ab771ccd6864a3598f118fa20133254 is created with scope project and roles: ['member']
2025-11-23 03:59:12.486 67644 INFO tempest.lib.common.dynamic_creds [-] Acquired dynamic creds: credentials: Credentials: {'domain_id': 'default', 'domain_name': 'Default', 'username': 'tempest-ImagesNegativeTestJSON-84512469-project-member', 'project_domain_id': 'default', 'project_domain_name': 'Default', 'project_id': '8ac2140e57fb47b5bac015649c2ff673', 'project_name': 'tempest-ImagesNegativeTestJSON-84512469', 'tenant_id': '8ac2140e57fb47b5bac015649c2ff673', 'tenant_name': 'tempest-ImagesNegativeTestJSON-84512469', 'user_domain_id': 'default', 'user_domain_name': 'Default', 'user_id': '1ab771ccd6864a3598f118fa20133254', 'system': None}, Network: None, Subnet: None, Router: None
2025-11-23 03:59:12.559 67644 INFO tempest.lib.common.rest_client [req-0b17b96f-784e-4b15-a350-5d6ca7182804 req-0b17b96f-784e-4b15-a350-5d6ca7182804 ] Request (ImagesNegativeTestJSON:setUpClass): 201 POST http://10.180.1.21/identity/v3/auth/tokens 0.072s
2025-11-23 03:59:12.856 67676 INFO tempest.lib.common.rest_client [req-cf1efe99-e35d-4fe8-9ddc-f4075d085f52 req-cf1efe99-e35d-4fe8-9ddc-f4075d085f52 ] Request (ValidationResourcesFixture:setUp): 201 POST http://10.180.1.21/networking/v2.0/floatingips 0.574s
2025-11-23 03:59:12.883 67660 INFO tempest.lib.common.rest_client [req-f087e5ba-69a7-4316-b80f-c4e191617c9b req-f087e5ba-69a7-4316-b80f-c4e191617c9b ] Request (ServersAdminNegativeTestJSON:setUpClass): 200 GET http://10.180.1.21/compute/v2.1/servers/24644971-9aba-456c-9f40-0b0aad291af4 5.165s
2025-11-23 03:59:12.949 67676 INFO tempest.lib.common.rest_client [req-1dc6019e-7658-4fb5-8ddd-7e3b3b73bfcc req-1dc6019e-7658-4fb5-8ddd-7e3b3b73bfcc ] Request (ServersWithSpecificFlavorTestJSON:test_verify_created_server_ephemeral_disk): 201 POST http://10.180.1.21/identity/v3/auth/tokens 0.088s
2025-11-23 03:59:12.949 67676 INFO tempest.lib.common.fixed_network [-] (ServersWithSpecificFlavorTestJSON:test_verify_created_server_ephemeral_disk) Found network {'id': 'a0817d0c-c316-4113-a5a6-531fc924d728', 'name': 'tempest-ServersWithSpecificFlavorTestJSON-2085269397-network', 'tenant_id': 'ac9964c3b0c7451ba7cdf25e7f783755', 'project_id': 'ac9964c3b0c7451ba7cdf25e7f783755', 'admin_state_up': True, 'mtu': 8950, 'status': 'ACTIVE', 'subnets': [], 'shared': False, 'port_security_enabled': True, 'router:external': False, 'provider:network_type': 'vlan', 'provider:physical_network': 'default', 'provider:segmentation_id': 229, 'availability_zone_hints': [], 'availability_zones': [], 'ipv4_address_scope': None, 'ipv6_address_scope': None, 'description': '', 'tags': [], 'created_at': '2025-11-23T03:58:41Z', 'updated_at': '2025-11-23T03:58:41Z', 'revision_number': 1} available for tenant
2025-11-23 03:59:13.180 67662 INFO tempest.lib.common.rest_client [req-d59f8e63-a985-47bb-82ae-9c29e3c14d38 req-d59f8e63-a985-47bb-82ae-9c29e3c14d38 ] Request (ServerActionsTestOtherB:setUpClass): 200 PUT http://10.180.1.21/networking/v2.0/routers/4fb1ccd2-2dc8-4f26-81cc-fb8711aaa5cc/add_router_interface 1.298s
2025-11-23 03:59:13.180 67662 INFO tempest.lib.common.dynamic_creds [-] Created isolated network resources for: credentials: Credentials: {'domain_id': 'default', 'domain_name': 'Default', 'username': 'tempest-ServerActionsTestOtherB-350996486-project-member', 'project_domain_id': 'default', 'project_domain_name': 'Default', 'project_id': '0870cd6e0c274ac6a4e0dd75715265e8', 'project_name': 'tempest-ServerActionsTestOtherB-350996486', 'tenant_id': '0870cd6e0c274ac6a4e0dd75715265e8', 'tenant_name': 'tempest-ServerActionsTestOtherB-350996486', 'user_domain_id': 'default', 'user_domain_name': 'Default', 'user_id': '689707f1c67245faa8b654ed31d5ca6c', 'system': None}, Network: {'id': 'f4e8ffce-301c-4ac9-a34d-751b465b1bd9', 'name': 'tempest-ServerActionsTestOtherB-1008260155-network', 'tenant_id': '0870cd6e0c274ac6a4e0dd75715265e8', 'project_id': '0870cd6e0c274ac6a4e0dd75715265e8', 'admin_state_up': True, 'mtu': 8950, 'status': 'ACTIVE', 'subnets': [], 'shared': False, 'port_security_enabled': True, 'router:external': False, 'provider:network_type': 'vlan', 'provider:physical_network': 'default', 'provider:segmentation_id': 753, 'availability_zone_hints': [], 'availability_zones': [], 'ipv4_address_scope': None, 'ipv6_address_scope': None, 'description': '', 'tags': [], 'created_at': '2025-11-23T03:59:09Z', 'updated_at': '2025-11-23T03:59:09Z', 'revision_number': 1}, Subnet: {'id': 'ac7833a7-1a06-4029-a407-1384b0e9c69f', 'name': 'tempest-ServerActionsTestOtherB-1008260155-subnet', 'tenant_id': '0870cd6e0c274ac6a4e0dd75715265e8', 'network_id': 'f4e8ffce-301c-4ac9-a34d-751b465b1bd9', 'ip_version': 4, 'subnetpool_id': None, 'enable_dhcp': True, 'ipv6_ra_mode': None, 'ipv6_address_mode': None, 'gateway_ip': '192.168.128.1', 'cidr': '192.168.128.0/28', 'allocation_pools': [{'start': '192.168.128.2', 'end': '192.168.128.14'}], 'host_routes': [], 'dns_nameservers': [], 'description': '', 'router:external': False, 'service_types': [], 'tags': [], 'created_at': '2025-11-23T03:59:10Z', 'updated_at': '2025-11-23T03:59:10Z', 'revision_number': 0, 'project_id': '0870cd6e0c274ac6a4e0dd75715265e8'}, Router: {'id': '4fb1ccd2-2dc8-4f26-81cc-fb8711aaa5cc', 'name': 'tempest-ServerActionsTestOtherB-1008260155-router', 'tenant_id': '0870cd6e0c274ac6a4e0dd75715265e8', 'admin_state_up': True, 'status': 'ACTIVE', 'external_gateway_info': {'network_id': '8a828a6d-470f-478f-aa8e-8badc78c8101', 'external_fixed_ips': [{'subnet_id': 'c75dfa05-98cf-4f24-ae00-e2f883a0abc5', 'ip_address': '10.180.180.128'}], 'enable_snat': True}, 'description': '', 'availability_zones': [], 'distributed': False, 'ha': False, 'availability_zone_hints': [], 'routes': [], 'flavor_id': None, 'tags': [], 'created_at': '2025-11-23T03:59:11Z', 'updated_at': '2025-11-23T03:59:11Z', 'revision_number': 2, 'project_id': '0870cd6e0c274ac6a4e0dd75715265e8'}
2025-11-23 03:59:13.257 67632 INFO tempest.lib.common.rest_client [req-0e89781a-75b1-4d36-b885-d7fece73ca00 req-0e89781a-75b1-4d36-b885-d7fece73ca00 ] Request (SecurityGroupsNegativeTestJSON:tearDownClass): 204 DELETE http://10.180.1.21/networking/v2.0/networks/2a04ed3d-d47c-44c2-866c-f97ccfd0aacd 0.874s
2025-11-23 03:59:13.298 67662 INFO tempest.lib.common.rest_client [req-3b487ac5-ecf4-43f5-9790-996179fdc1c4 req-3b487ac5-ecf4-43f5-9790-996179fdc1c4 ] Request (ServerActionsTestOtherB:setUpClass): 201 POST http://10.180.1.21/identity/v3/auth/tokens 0.113s
2025-11-23 03:59:13.382 67632 INFO tempest.lib.common.rest_client [req-1a61f659-1809-4ddb-8c58-59f7f65c7e01 req-1a61f659-1809-4ddb-8c58-59f7f65c7e01 ] Request (SecurityGroupsNegativeTestJSON:tearDownClass): 204 DELETE http://10.180.1.21/identity/v3/users/8f29eaf5c8d64938ba4a60b804cd6025 0.124s
2025-11-23 03:59:13.382 67632 INFO tempest.lib.common.dynamic_creds [-] Deleting project and security group for project: 3f3c7305cf3d4e069a26ca1710360dd8
2025-11-23 03:59:13.573 67644 INFO tempest.lib.common.rest_client [req-1814ae95-3a9a-44c8-93d7-68eb451aad01 req-1814ae95-3a9a-44c8-93d7-68eb451aad01 ] Request (ImagesNegativeTestJSON:setUpClass): 201 POST http://10.180.1.21/networking/v2.0/networks 1.013s
2025-11-23 03:59:13.643 67632 INFO tempest.lib.common.rest_client [req-29a81e2b-b60e-4f74-8538-d91eacd9c633 req-29a81e2b-b60e-4f74-8538-d91eacd9c633 ] Request (SecurityGroupsNegativeTestJSON:tearDownClass): 200 GET http://10.180.1.21/networking/v2.0/security-groups?tenant_id=3f3c7305cf3d4e069a26ca1710360dd8&name=default 0.261s
2025-11-23 03:59:13.832 67644 INFO tempest.lib.common.rest_client [req-3f96e13a-5888-442d-987a-6e6c139f0953 req-3f96e13a-5888-442d-987a-6e6c139f0953 ] Request (ImagesNegativeTestJSON:setUpClass): 201 POST http://10.180.1.21/networking/v2.0/subnets 0.259s
2025-11-23 03:59:14.046 67632 INFO tempest.lib.common.rest_client [req-1ff89834-808a-4f57-8364-2fb8a177bd29 req-1ff89834-808a-4f57-8364-2fb8a177bd29 ] Request (SecurityGroupsNegativeTestJSON:tearDownClass): 204 DELETE http://10.180.1.21/networking/v2.0/security-groups/de38e725-b680-4475-aa68-2ea19311f286 0.402s
2025-11-23 03:59:14.149 67632 INFO tempest.lib.common.rest_client [req-377b6d1c-e11a-4948-9988-e314fa269688 req-377b6d1c-e11a-4948-9988-e314fa269688 ] Request (SecurityGroupsNegativeTestJSON:tearDownClass): 204 DELETE http://10.180.1.21/identity/v3/projects/3f3c7305cf3d4e069a26ca1710360dd8 0.103s
2025-11-23 03:59:14.211 67632 INFO tempest.lib.common.rest_client [req-94d197d9-fc9b-4185-8466-47fc8e55fe64 req-94d197d9-fc9b-4185-8466-47fc8e55fe64 ] Request (ServersTestJSON:setUpClass): 201 POST http://10.180.1.21/identity/v3/auth/tokens 0.060s
2025-11-23 03:59:14.241 67632 INFO tempest.lib.common.rest_client [req-cbe14565-ba50-4179-9776-9e467f5b163e req-cbe14565-ba50-4179-9776-9e467f5b163e ] Request (ServersTestJSON:setUpClass): 201 POST http://10.180.1.21/identity/v3/auth/tokens 0.027s
2025-11-23 03:59:14.266 67632 INFO tempest.lib.common.rest_client [req-af273ec8-9a53-46ec-bba9-881685238410 req-af273ec8-9a53-46ec-bba9-881685238410 ] Request (ServersTestJSON:setUpClass): 200 GET http://10.180.1.21/identity/v3/domains?name=Default 0.024s
2025-11-23 03:59:14.294 67632 INFO tempest.lib.common.rest_client [req-6f687e3d-d21f-4d8c-ab0c-9a0ab9df4a87 req-6f687e3d-d21f-4d8c-ab0c-9a0ab9df4a87 ] Request (ServersTestJSON:setUpClass): 201 POST http://10.180.1.21/identity/v3/projects 0.028s
2025-11-23 03:59:14.352 67632 INFO tempest.lib.common.rest_client [req-7a969588-d285-46f9-9502-ac5fe34f4c36 req-7a969588-d285-46f9-9502-ac5fe34f4c36 ] Request (ServersTestJSON:setUpClass): 201 POST http://10.180.1.21/identity/v3/users 0.058s
2025-11-23 03:59:14.377 67632 INFO tempest.lib.common.rest_client [req-b418ff27-176f-4ea4-bd90-645965dea711 req-b418ff27-176f-4ea4-bd90-645965dea711 ] Request (ServersTestJSON:setUpClass): 200 GET http://10.180.1.21/identity/v3/roles 0.025s
2025-11-23 03:59:14.416 67632 INFO tempest.lib.common.rest_client [req-6879182f-e3af-4be2-87cf-c454f959d41e req-6879182f-e3af-4be2-87cf-c454f959d41e ] Request (ServersTestJSON:setUpClass): 204 PUT http://10.180.1.21/identity/v3/projects/a7b3fdcb069245ff9ba0dbce449e48ec/users/4fee6938a0874e899b9819250fe2dc43/roles/59b39857c73c4d0b99fc9d43a7df1cde 0.038s
2025-11-23 03:59:14.416 67632 INFO tempest.lib.common.dynamic_creds [-] Dynamic test user 4fee6938a0874e899b9819250fe2dc43 is created with scope project and roles: ['member']
2025-11-23 03:59:14.417 67632 INFO tempest.lib.common.dynamic_creds [-] Acquired dynamic creds: credentials: Credentials: {'domain_id': 'default', 'domain_name': 'Default', 'username': 'tempest-ServersTestJSON-439708670-project-member', 'project_domain_id': 'default', 'project_domain_name': 'Default', 'project_id': 'a7b3fdcb069245ff9ba0dbce449e48ec', 'project_name': 'tempest-ServersTestJSON-439708670', 'tenant_id': 'a7b3fdcb069245ff9ba0dbce449e48ec', 'tenant_name': 'tempest-ServersTestJSON-439708670', 'user_domain_id': 'default', 'user_domain_name': 'Default', 'user_id': '4fee6938a0874e899b9819250fe2dc43', 'system': None}, Network: None, Subnet: None, Router: None
2025-11-23 03:59:14.495 67632 INFO tempest.lib.common.rest_client [req-067d0e80-5f0f-4b9e-b30f-d94be3abaf7e req-067d0e80-5f0f-4b9e-b30f-d94be3abaf7e ] Request (ServersTestJSON:setUpClass): 201 POST http://10.180.1.21/identity/v3/auth/tokens 0.078s
2025-11-23 03:59:14.773 67644 INFO tempest.lib.common.rest_client [req-bcb922be-6a1e-424e-9b0a-fe0d1ce72947 req-bcb922be-6a1e-424e-9b0a-fe0d1ce72947 ] Request (ImagesNegativeTestJSON:setUpClass): 201 POST http://10.180.1.21/networking/v2.0/routers 0.941s
2025-11-23 03:59:15.533 67632 INFO tempest.lib.common.rest_client [req-5c6d786e-b263-4de2-b1e5-0be2338f9c32 req-5c6d786e-b263-4de2-b1e5-0be2338f9c32 ] Request (ServersTestJSON:setUpClass): 201 POST http://10.180.1.21/networking/v2.0/networks 1.038s
2025-11-23 03:59:15.806 67632 INFO tempest.lib.common.rest_client [req-53b415f6-f611-49ed-a03f-96468a7af8bc req-53b415f6-f611-49ed-a03f-96468a7af8bc ] Request (ServersTestJSON:setUpClass): 201 POST http://10.180.1.21/networking/v2.0/subnets 0.272s
2025-11-23 03:59:16.401 67644 INFO tempest.lib.common.rest_client [req-46dce67a-6b98-4ee6-91b6-bf3dca949c3a req-46dce67a-6b98-4ee6-91b6-bf3dca949c3a ] Request (ImagesNegativeTestJSON:setUpClass): 200 PUT http://10.180.1.21/networking/v2.0/routers/a235ec42-3410-4687-9a12-93d53da98787/add_router_interface 1.627s
2025-11-23 03:59:16.401 67644 INFO tempest.lib.common.dynamic_creds [-] Created isolated network resources for: credentials: Credentials: {'domain_id': 'default', 'domain_name': 'Default', 'username': 'tempest-ImagesNegativeTestJSON-84512469-project-member', 'project_domain_id': 'default', 'project_domain_name': 'Default', 'project_id': '8ac2140e57fb47b5bac015649c2ff673', 'project_name': 'tempest-ImagesNegativeTestJSON-84512469', 'tenant_id': '8ac2140e57fb47b5bac015649c2ff673', 'tenant_name': 'tempest-ImagesNegativeTestJSON-84512469', 'user_domain_id': 'default', 'user_domain_name': 'Default', 'user_id': '1ab771ccd6864a3598f118fa20133254', 'system': None}, Network: {'id': '156dc022-76bb-4811-96ea-a50d4d8f3160', 'name': 'tempest-ImagesNegativeTestJSON-1260341201-network', 'tenant_id': '8ac2140e57fb47b5bac015649c2ff673', 'project_id': '8ac2140e57fb47b5bac015649c2ff673', 'admin_state_up': True, 'mtu': 8950, 'status': 'ACTIVE', 'subnets': [], 'shared': False, 'port_security_enabled': True, 'router:external': False, 'provider:network_type': 'vlan', 'provider:physical_network': 'default', 'provider:segmentation_id': 718, 'availability_zone_hints': [], 'availability_zones': [], 'ipv4_address_scope': None, 'ipv6_address_scope': None, 'description': '', 'tags': [], 'created_at': '2025-11-23T03:59:13Z', 'updated_at': '2025-11-23T03:59:13Z', 'revision_number': 1}, Subnet: {'id': '72764216-e352-409e-9040-3dcb8a34851f', 'name': 'tempest-ImagesNegativeTestJSON-1260341201-subnet', 'tenant_id': '8ac2140e57fb47b5bac015649c2ff673', 'network_id': '156dc022-76bb-4811-96ea-a50d4d8f3160', 'ip_version': 4, 'subnetpool_id': None, 'enable_dhcp': True, 'ipv6_ra_mode': None, 'ipv6_address_mode': None, 'gateway_ip': '192.168.128.1', 'cidr': '192.168.128.0/28', 'allocation_pools': [{'start': '192.168.128.2', 'end': '192.168.128.14'}], 'host_routes': [], 'dns_nameservers': [], 'description': '', 'router:external': False, 'service_types': [], 'tags': [], 'created_at': '2025-11-23T03:59:13Z', 'updated_at': '2025-11-23T03:59:13Z', 'revision_number': 0, 'project_id': '8ac2140e57fb47b5bac015649c2ff673'}, Router: {'id': 'a235ec42-3410-4687-9a12-93d53da98787', 'name': 'tempest-ImagesNegativeTestJSON-1260341201-router', 'tenant_id': '8ac2140e57fb47b5bac015649c2ff673', 'admin_state_up': True, 'status': 'ACTIVE', 'external_gateway_info': {'network_id': '8a828a6d-470f-478f-aa8e-8badc78c8101', 'external_fixed_ips': [{'subnet_id': 'c75dfa05-98cf-4f24-ae00-e2f883a0abc5', 'ip_address': '10.180.180.148'}], 'enable_snat': True}, 'description': '', 'availability_zones': [], 'distributed': False, 'ha': False, 'availability_zone_hints': [], 'routes': [], 'flavor_id': None, 'tags': [], 'created_at': '2025-11-23T03:59:14Z', 'updated_at': '2025-11-23T03:59:14Z', 'revision_number': 2, 'project_id': '8ac2140e57fb47b5bac015649c2ff673'}
2025-11-23 03:59:16.507 67644 INFO tempest.lib.common.rest_client [req-5e18bbce-e5ff-4b3c-a2d1-0cfc86643b73 req-5e18bbce-e5ff-4b3c-a2d1-0cfc86643b73 ] Request (ImagesNegativeTestJSON:setUpClass): 201 POST http://10.180.1.21/identity/v3/auth/tokens 0.103s
2025-11-23 03:59:16.547 67644 INFO tempest.lib.common.rest_client [req-dc29e821-4480-4afb-90e2-091d33860967 req-dc29e821-4480-4afb-90e2-091d33860967 ] Request (ImagesNegativeTestJSON:test_create_image_from_deleted_server): 201 POST http://10.180.1.21/identity/v3/auth/tokens 0.035s
2025-11-23 03:59:16.547 67644 INFO tempest.lib.common.fixed_network [-] (ImagesNegativeTestJSON:test_create_image_from_deleted_server) Found network {'id': '156dc022-76bb-4811-96ea-a50d4d8f3160', 'name': 'tempest-ImagesNegativeTestJSON-1260341201-network', 'tenant_id': '8ac2140e57fb47b5bac015649c2ff673', 'project_id': '8ac2140e57fb47b5bac015649c2ff673', 'admin_state_up': True, 'mtu': 8950, 'status': 'ACTIVE', 'subnets': [], 'shared': False, 'port_security_enabled': True, 'router:external': False, 'provider:network_type': 'vlan', 'provider:physical_network': 'default', 'provider:segmentation_id': 718, 'availability_zone_hints': [], 'availability_zones': [], 'ipv4_address_scope': None, 'ipv6_address_scope': None, 'description': '', 'tags': [], 'created_at': '2025-11-23T03:59:13Z', 'updated_at': '2025-11-23T03:59:13Z', 'revision_number': 1} available for tenant
2025-11-23 03:59:16.611 67656 INFO tempest.lib.common.rest_client [req-83e6960a-dcca-4579-a6b0-37f5b504390b req-83e6960a-dcca-4579-a6b0-37f5b504390b ] Request (ListServersNegativeTestJSON:setUpClass): 202 POST http://10.180.1.21/compute/v2.1/servers 8.613s
2025-11-23 03:59:16.630 67630 INFO tempest.lib.common.rest_client [req-84f37e4f-9726-4bf0-9d4a-ef8a7c4a52ed req-84f37e4f-9726-4bf0-9d4a-ef8a7c4a52ed ] Request (FlavorsAccessNegativeTestJSON:_run_cleanups): 202 DELETE http://10.180.1.21/compute/v2.1/flavors/413350757 8.251s
2025-11-23 03:59:16.661 67682 INFO tempest.lib.common.rest_client [req-7b543f10-0506-4e72-b86f-a3608c9854aa req-7b543f10-0506-4e72-b86f-a3608c9854aa ] Request (KeyPairsV210TestJSON:test_admin_manage_keypairs_for_other_users): 201 POST http://10.180.1.21/compute/v2.1/os-keypairs 8.257s
2025-11-23 03:59:16.673 67628 INFO tempest.lib.common.rest_client [req-9e6dc063-f848-4563-8cfc-25ae3c919b3e req-9e6dc063-f848-4563-8cfc-25ae3c919b3e ] Request (FlavorsExtraSpecsTestJSON:test_flavor_set_get_update_show_unset_keys): 200 DELETE http://10.180.1.21/compute/v2.1/flavors/1001227318/os-extra_specs/hw:cpu_policy 8.245s
2025-11-23 03:59:16.684 67658 INFO tempest.lib.common.rest_client [req-e739e4ab-1823-4d46-8980-0825ae1a6fd0 req-e739e4ab-1823-4d46-8980-0825ae1a6fd0 ] Request (HostsAdminNegativeTestJSON:test_startup_nonexistent_host): 404 GET http://10.180.1.21/compute/v2.1/os-hosts/nonexistent_hostname/startup 8.245s
2025-11-23 03:59:16.691 67654 INFO tempest.lib.common.rest_client [req-9e540ae9-b2bd-49c5-8064-a15a75b27752 req-9e540ae9-b2bd-49c5-8064-a15a75b27752 ] Request (HypervisorAdminNegativeTestJSON:test_show_hypervisor_with_non_admin_user): 403 GET http://10.180.1.21/compute/v2.1/os-hypervisors/1 8.183s
2025-11-23 03:59:16.723 67674 INFO tempest.lib.common.rest_client [req-cd267189-9ce6-4bba-a99a-52422c5f3a0f req-cd267189-9ce6-4bba-a99a-52422c5f3a0f ] Request (AggregatesAdminNegativeTestJSON:test_aggregate_add_non_exist_host): 404 POST http://10.180.1.21/compute/v2.1/os-aggregates/3/action 8.175s
2025-11-23 03:59:16.733 67664 INFO tempest.lib.common.rest_client [req-7deef6bc-a60b-4fb8-934c-0bbe907d6c1e req-7deef6bc-a60b-4fb8-934c-0bbe907d6c1e ] Request (FlavorsExtraSpecsNegativeTestJSON:test_flavor_update_more_key): 400 PUT http://10.180.1.21/compute/v2.1/flavors/1049810667/os-extra_specs/hw:numa_nodes 8.182s
2025-11-23 03:59:16.758 67650 INFO tempest.lib.common.rest_client [req-4974524f-a519-4369-ba58-249d207e121d req-4974524f-a519-4369-ba58-249d207e121d ] Request (ServicesAdminNegativeV253TestJSON:test_get_service_by_invalid_params): 200 GET http://10.180.1.21/compute/v2.1/os-services?xxx=nova-compute 8.175s
2025-11-23 03:59:17.509 67632 INFO tempest.lib.common.rest_client [req-2be9c208-139b-4056-83b8-a2e46b2cfc89 req-2be9c208-139b-4056-83b8-a2e46b2cfc89 ] Request (ServersTestJSON:setUpClass): 201 POST http://10.180.1.21/networking/v2.0/routers 1.702s
2025-11-23 03:59:17.513 67686 INFO tempest.lib.common.rest_client [req-5e58f563-70ce-47d4-9a1e-c2ecb23d5491 req-5e58f563-70ce-47d4-9a1e-c2ecb23d5491 ] Request (FloatingIPsTestJSON:_run_cleanups): 404 DELETE http://10.180.1.21/compute/v2.1/os-floating-ips/d6f9c67a-be6a-4425-988d-2678d1b50bfe 8.463s
2025-11-23 03:59:17.547 67670 INFO tempest.lib.common.rest_client [req-39e0b1c4-755a-49a2-b3b3-3b3110d88e1a req-39e0b1c4-755a-49a2-b3b3-3b3110d88e1a ] Request (FlavorsAdminTestJSON:_run_cleanups): 200 GET http://10.180.1.21/compute/v2.1/flavors/detail 8.469s
2025-11-23 03:59:17.578 67642 INFO tempest.lib.common.rest_client [req-3a6e28fc-530b-4f04-817f-d72c5ca978c6 req-3a6e28fc-530b-4f04-817f-d72c5ca978c6 ] Request (FlavorsV2TestJSON:test_list_flavors_detailed_filter_by_min_disk): 200 GET http://10.180.1.21/compute/v2.1/flavors/detail?minDisk=2 8.484s
2025-11-23 03:59:17.588 67646 INFO tempest.lib.common.rest_client [req-344bb50b-f818-4442-9c90-77ef73c92786 req-344bb50b-f818-4442-9c90-77ef73c92786 ] Request (ServersAdminTestJSON:setUpClass): 202 POST http://10.180.1.21/compute/v2.1/servers 9.694s
2025-11-23 03:59:17.598 67640 INFO tempest.lib.common.rest_client [req-55680313-62f6-4402-a91d-efdc454049e8 req-55680313-62f6-4402-a91d-efdc454049e8 ] Request (FlavorsAccessTestJSON:test_flavor_access_list_with_private_flavor): 200 GET http://10.180.1.21/compute/v2.1/flavors/650583592/os-flavor-access 8.485s
2025-11-23 03:59:17.699 67646 INFO tempest.lib.common.rest_client [req-d4f47027-8924-491e-9560-7f09a7b7dd69 req-d4f47027-8924-491e-9560-7f09a7b7dd69 ] Request (ServersAdminTestJSON:setUpClass): 201 POST http://10.180.1.21/identity/v3/auth/tokens 0.104s
2025-11-23 03:59:17.700 67646 INFO tempest.lib.common.fixed_network [-] (ServersAdminTestJSON:setUpClass) Found network {'id': '3415f81f-a2cf-4378-9309-4e2e638388b6', 'name': 'tempest-ServersAdminTestJSON-1682358401-network', 'tenant_id': '997dfc2b0adf4a03886200b88c7da054', 'project_id': '997dfc2b0adf4a03886200b88c7da054', 'admin_state_up': True, 'mtu': 8950, 'status': 'ACTIVE', 'subnets': [], 'shared': False, 'port_security_enabled': True, 'router:external': False, 'provider:network_type': 'vlan', 'provider:physical_network': 'default', 'provider:segmentation_id': 245, 'availability_zone_hints': [], 'availability_zones': [], 'ipv4_address_scope': None, 'ipv6_address_scope': None, 'description': '', 'tags': [], 'created_at': '2025-11-23T03:59:01Z', 'updated_at': '2025-11-23T03:59:01Z', 'revision_number': 1} available for tenant
2025-11-23 03:59:18.335 67686 INFO tempest.lib.common.rest_client [req-c49d6f70-ebb0-4943-bfd5-694526a50647 req-c49d6f70-ebb0-4943-bfd5-694526a50647 ] Request (FloatingIPsTestJSON:tearDownClass): 200 PUT http://10.180.1.21/networking/v2.0/routers/af5b37cb-c967-4508-8f57-f3a5d58b6993/remove_router_interface 0.820s
2025-11-23 03:59:18.469 67632 INFO tempest.lib.common.rest_client [req-eb10c1db-56db-4e70-8ca2-5a54eff9f70e req-eb10c1db-56db-4e70-8ca2-5a54eff9f70e ] Request (ServersTestJSON:setUpClass): 200 PUT http://10.180.1.21/networking/v2.0/routers/af528e43-fb91-47c6-b5c6-51ec79de0200/add_router_interface 0.959s
2025-11-23 03:59:18.469 67632 INFO tempest.lib.common.dynamic_creds [-] Created isolated network resources for: credentials: Credentials: {'domain_id': 'default', 'domain_name': 'Default', 'username': 'tempest-ServersTestJSON-439708670-project-member', 'project_domain_id': 'default', 'project_domain_name': 'Default', 'project_id': 'a7b3fdcb069245ff9ba0dbce449e48ec', 'project_name': 'tempest-ServersTestJSON-439708670', 'tenant_id': 'a7b3fdcb069245ff9ba0dbce449e48ec', 'tenant_name': 'tempest-ServersTestJSON-439708670', 'user_domain_id': 'default', 'user_domain_name': 'Default', 'user_id': '4fee6938a0874e899b9819250fe2dc43', 'system': None}, Network: {'id': 'feaff320-673b-411c-956d-36a5302e0b2c', 'name': 'tempest-ServersTestJSON-150130869-network', 'tenant_id': 'a7b3fdcb069245ff9ba0dbce449e48ec', 'project_id': 'a7b3fdcb069245ff9ba0dbce449e48ec', 'admin_state_up': True, 'mtu': 8950, 'status': 'ACTIVE', 'subnets': [], 'shared': False, 'port_security_enabled': True, 'router:external': False, 'provider:network_type': 'vlan', 'provider:physical_network': 'default', 'provider:segmentation_id': 918, 'availability_zone_hints': [], 'availability_zones': [], 'ipv4_address_scope': None, 'ipv6_address_scope': None, 'description': '', 'tags': [], 'created_at': '2025-11-23T03:59:15Z', 'updated_at': '2025-11-23T03:59:15Z', 'revision_number': 1}, Subnet: {'id': '19dc7ecf-065a-46c0-816b-ca74b170d661', 'name': 'tempest-ServersTestJSON-150130869-subnet', 'tenant_id': 'a7b3fdcb069245ff9ba0dbce449e48ec', 'network_id': 'feaff320-673b-411c-956d-36a5302e0b2c', 'ip_version': 4, 'subnetpool_id': None, 'enable_dhcp': True, 'ipv6_ra_mode': None, 'ipv6_address_mode': None, 'gateway_ip': '192.168.128.1', 'cidr': '192.168.128.0/28', 'allocation_pools': [{'start': '192.168.128.2', 'end': '192.168.128.14'}], 'host_routes': [], 'dns_nameservers': [], 'description': '', 'router:external': False, 'service_types': [], 'tags': [], 'created_at': '2025-11-23T03:59:15Z', 'updated_at': '2025-11-23T03:59:15Z', 'revision_number': 0, 'project_id': 'a7b3fdcb069245ff9ba0dbce449e48ec'}, Router: {'id': 'af528e43-fb91-47c6-b5c6-51ec79de0200', 'name': 'tempest-ServersTestJSON-150130869-router', 'tenant_id': 'a7b3fdcb069245ff9ba0dbce449e48ec', 'admin_state_up': True, 'status': 'ACTIVE', 'external_gateway_info': {'network_id': '8a828a6d-470f-478f-aa8e-8badc78c8101', 'external_fixed_ips': [{'subnet_id': 'c75dfa05-98cf-4f24-ae00-e2f883a0abc5', 'ip_address': '10.180.180.158'}], 'enable_snat': True}, 'description': '', 'availability_zones': [], 'distributed': False, 'ha': False, 'availability_zone_hints': [], 'routes': [], 'flavor_id': None, 'tags': [], 'created_at': '2025-11-23T03:59:16Z', 'updated_at': '2025-11-23T03:59:17Z', 'revision_number': 2, 'project_id': 'a7b3fdcb069245ff9ba0dbce449e48ec'}
2025-11-23 03:59:18.578 67632 INFO tempest.lib.common.rest_client [req-edab8ac0-fa41-49d0-984f-75996a8978b6 req-edab8ac0-fa41-49d0-984f-75996a8978b6 ] Request (ServersTestJSON:setUpClass): 201 POST http://10.180.1.21/identity/v3/auth/tokens 0.104s
2025-11-23 03:59:18.625 67688 INFO tempest.lib.common.rest_client [req-ec44432b-50dc-4bd6-93f7-06ba480664d3 req-ec44432b-50dc-4bd6-93f7-06ba480664d3 ] Request (DeleteServersAdminTestJSON:test_admin_delete_servers_of_others): 200 GET http://10.180.1.21/compute/v2.1/servers/d43be129-9138-4f2b-9639-9d6ce753f4ce 9.249s
2025-11-23 03:59:18.635 67688 INFO tempest.common.waiters [-] State transition "BUILD/spawning" ==> "ACTIVE/None" after 25 second wait
2025-11-23 03:59:18.656 67636 INFO tempest.lib.common.rest_client [req-db719887-94c6-4dba-b41a-6e59784ece6f req-db719887-94c6-4dba-b41a-6e59784ece6f ] Request (ServersTestFqdnHostnames:test_create_server_with_fqdn_name): 200 GET http://10.180.1.21/compute/v2.1/servers/f5b8d911-b7fe-446a-8cb3-f74c245d7285 9.249s
2025-11-23 03:59:18.794 67634 INFO tempest.lib.common.rest_client [req-d38d42f2-7564-4667-ab47-663f6c7c556b req-d38d42f2-7564-4667-ab47-663f6c7c556b ] Request (TenantUsagesTestJSON:test_get_usage_tenant): 200 GET http://10.180.1.21/compute/v2.1/os-simple-tenant-usage/0dad8a216ce341ee8093f758fe96b9a6?start=2025-11-22T03%3A59%3A11.303966&end=2025-11-24T03%3A59%3A11.303966 7.490s
2025-11-23 03:59:18.827 67666 INFO tempest.lib.common.rest_client [req-da7dd197-2c9c-46cf-833d-bfbffda0d82a req-da7dd197-2c9c-46cf-833d-bfbffda0d82a ] Request (QuotaClassesAdminTestJSON:test_update_default_quotas): 200 GET http://10.180.1.21/compute/v2.1/os-quota-class-sets/default 7.373s
2025-11-23 03:59:19.018 67686 INFO tempest.lib.common.rest_client [req-74380b80-dfd6-47c2-aa68-12842ba9371d req-74380b80-dfd6-47c2-aa68-12842ba9371d ] Request (FloatingIPsTestJSON:tearDownClass): 204 DELETE http://10.180.1.21/networking/v2.0/routers/af5b37cb-c967-4508-8f57-f3a5d58b6993 0.682s
2025-11-23 03:59:19.056 67672 INFO tempest.lib.common.rest_client [req-b9ede538-ede0-4a68-ba57-aa0d8bdd300c req-b9ede538-ede0-4a68-ba57-aa0d8bdd300c ] Request (ServersAdmin275Test:test_rebuild_update_server_275): 202 POST http://10.180.1.21/compute/v2.1/servers/e36225aa-586b-4e04-8dd1-e0b09b3da2f4/action 9.475s
2025-11-23 03:59:19.120 67678 INFO tempest.lib.common.rest_client [req-59529397-628f-4d18-ae8d-c0808ab0b59b req-59529397-628f-4d18-ae8d-c0808ab0b59b ] Request (FloatingIPsAssociationTestJSON:setUpClass): 200 GET http://10.180.1.21/compute/v2.1/servers/9f4eeaa7-8ddd-4222-a997-4c2d3ca7130e 7.127s
2025-11-23 03:59:19.134 67678 INFO tempest.common.waiters [-] State transition "BUILD/spawning" ==> "ACTIVE/None" after 25 second wait
2025-11-23 03:59:19.189 67684 INFO tempest.lib.common.rest_client [req-50cf51eb-7eb5-491d-9d43-512eeec76ba9 req-50cf51eb-7eb5-491d-9d43-512eeec76ba9 ] Request (ValidationResourcesFixture:setUp): 200 POST http://10.180.1.21/compute/v2.1/os-keypairs 6.855s
2025-11-23 03:59:19.202 67686 INFO tempest.lib.common.rest_client [req-4ae1b471-62ad-4a0d-a3fc-3c452daa09a3 req-4ae1b471-62ad-4a0d-a3fc-3c452daa09a3 ] Request (FloatingIPsTestJSON:tearDownClass): 204 DELETE http://10.180.1.21/networking/v2.0/subnets/7ac3de6a-0cf4-48bd-86f6-d66e11715c64 0.183s
2025-11-23 03:59:19.296 67662 INFO tempest.lib.common.rest_client [req-fef7841f-a883-4770-983a-b7a5229c2211 req-fef7841f-a883-4770-983a-b7a5229c2211 ] Request (ServerActionsTestOtherB:setUpClass): 200 POST http://10.180.1.21/compute/v2.1/os-keypairs 5.996s
2025-11-23 03:59:19.308 67684 INFO tempest.lib.common.rest_client [req-52fffef4-99e7-4d6e-b433-3cd86a1bf876 req-52fffef4-99e7-4d6e-b433-3cd86a1bf876 ] Request (ValidationResourcesFixture:setUp): 201 POST http://10.180.1.21/networking/v2.0/security-groups 0.116s
2025-11-23 03:59:19.473 67662 INFO tempest.lib.common.rest_client [req-6fb3123a-7e93-41af-bd64-d11ac98e7f07 req-6fb3123a-7e93-41af-bd64-d11ac98e7f07 ] Request (ServerActionsTestOtherB:setUpClass): 201 POST http://10.180.1.21/networking/v2.0/security-groups 0.176s
2025-11-23 03:59:19.502 67686 INFO tempest.lib.common.rest_client [req-bf03a4e9-2df6-4737-9a69-f6f9cfa78e84 req-bf03a4e9-2df6-4737-9a69-f6f9cfa78e84 ] Request (FloatingIPsTestJSON:tearDownClass): 204 DELETE http://10.180.1.21/networking/v2.0/networks/9672b0aa-2149-45ea-bf38-1b94cc653803 0.300s
2025-11-23 03:59:19.597 67684 INFO tempest.lib.common.rest_client [req-390c0e5a-0525-4a56-b446-c7303d26d61b req-390c0e5a-0525-4a56-b446-c7303d26d61b ] Request (ValidationResourcesFixture:setUp): 201 POST http://10.180.1.21/networking/v2.0/security-group-rules 0.288s
2025-11-23 03:59:19.615 67686 INFO tempest.lib.common.rest_client [req-09d24feb-ba87-48fb-b4a9-57084c0c7612 req-09d24feb-ba87-48fb-b4a9-57084c0c7612 ] Request (FloatingIPsTestJSON:tearDownClass): 204 DELETE http://10.180.1.21/identity/v3/users/0ed5864453164e55a698d489d44277ab 0.112s
2025-11-23 03:59:19.615 67686 INFO tempest.lib.common.dynamic_creds [-] Deleting project and security group for project: 9730583d942f46319c31d1871aa61509
2025-11-23 03:59:19.662 67668 INFO tempest.lib.common.rest_client [req-acce4805-f678-475c-a2b8-73183e867f6e req-acce4805-f678-475c-a2b8-73183e867f6e ] Request (VolumesAssistedSnapshotsTest:test_volume_assisted_snapshot_create_delete): 200 GET http://10.180.1.21/compute/v2.1/servers/68f35ef2-d7f3-44fe-8aa3-2fe6ec45c425 6.340s
2025-11-23 03:59:19.671 67668 INFO tempest.common.waiters [-] State transition "BUILD/networking" ==> "BUILD/spawning" after 18 second wait
2025-11-23 03:59:19.693 67662 INFO tempest.lib.common.rest_client [req-6aa6f6f0-7d16-495f-84ae-f9e2f1c8baf2 req-6aa6f6f0-7d16-495f-84ae-f9e2f1c8baf2 ] Request (ServerActionsTestOtherB:setUpClass): 201 POST http://10.180.1.21/networking/v2.0/security-group-rules 0.219s
2025-11-23 03:59:19.734 67686 INFO tempest.lib.common.rest_client [req-3dada770-7cf8-435c-8331-8565c9d01796 req-3dada770-7cf8-435c-8331-8565c9d01796 ] Request (FloatingIPsTestJSON:tearDownClass): 200 GET http://10.180.1.21/networking/v2.0/security-groups?tenant_id=9730583d942f46319c31d1871aa61509&name=default 0.118s
2025-11-23 03:59:19.783 67684 INFO tempest.lib.common.rest_client [req-48b1d6b0-db5e-4f37-a564-a30c3124a86a req-48b1d6b0-db5e-4f37-a564-a30c3124a86a ] Request (ValidationResourcesFixture:setUp): 201 POST http://10.180.1.21/networking/v2.0/security-group-rules 0.185s
2025-11-23 03:59:19.889 67662 INFO tempest.lib.common.rest_client [req-aee967b4-cd10-4c8f-80af-997c4741ff83 req-aee967b4-cd10-4c8f-80af-997c4741ff83 ] Request (ServerActionsTestOtherB:setUpClass): 201 POST http://10.180.1.21/networking/v2.0/security-group-rules 0.196s
2025-11-23 03:59:19.984 67686 INFO tempest.lib.common.rest_client [req-193f3eb6-c179-475a-ba6f-1529ef4a06a9 req-193f3eb6-c179-475a-ba6f-1529ef4a06a9 ] Request (FloatingIPsTestJSON:tearDownClass): 204 DELETE http://10.180.1.21/networking/v2.0/security-groups/2de0c6b2-057f-4e2d-b0cc-a6de4a0ee0ac 0.250s
2025-11-23 03:59:20.030 67690 INFO tempest.lib.common.rest_client [req-38cafa28-2d2b-4d08-a403-aa16a8361c94 req-38cafa28-2d2b-4d08-a403-aa16a8361c94 ] Request (MigrationsAdminTest:test_list_migrations_in_flavor_resize_situation): 200 GET http://10.180.1.21/compute/v2.1/servers/00eb52c2-6033-4317-840b-9cd00a020882 6.544s
2025-11-23 03:59:20.041 67690 INFO tempest.common.waiters [-] State transition "BUILD/spawning" ==> "ACTIVE/None" after 25 second wait
2025-11-23 03:59:20.130 67686 INFO tempest.lib.common.rest_client [req-95a91c0a-8411-4e1e-9441-a59e49e5bdd1 req-95a91c0a-8411-4e1e-9441-a59e49e5bdd1 ] Request (FloatingIPsTestJSON:tearDownClass): 204 DELETE http://10.180.1.21/identity/v3/projects/9730583d942f46319c31d1871aa61509 0.146s
2025-11-23 03:59:20.199 67686 INFO tempest.lib.common.rest_client [req-d0b24e1e-5291-464c-9fda-e9ff36aff202 req-d0b24e1e-5291-464c-9fda-e9ff36aff202 ] Request (ImagesMetadataTestJSON:setUpClass): 201 POST http://10.180.1.21/identity/v3/auth/tokens 0.067s
2025-11-23 03:59:20.243 67686 INFO tempest.lib.common.rest_client [req-ec6714ca-5dcf-4506-9127-e335c41197d7 req-ec6714ca-5dcf-4506-9127-e335c41197d7 ] Request (ImagesMetadataTestJSON:setUpClass): 201 POST http://10.180.1.21/identity/v3/auth/tokens 0.042s
2025-11-23 03:59:20.268 67686 INFO tempest.lib.common.rest_client [req-fba9000a-de38-45da-b827-e9646313490f req-fba9000a-de38-45da-b827-e9646313490f ] Request (ImagesMetadataTestJSON:setUpClass): 200 GET http://10.180.1.21/identity/v3/domains?name=Default 0.025s
2025-11-23 03:59:20.308 67686 INFO tempest.lib.common.rest_client [req-fbe08e69-de26-4339-9f71-dbf70593762c req-fbe08e69-de26-4339-9f71-dbf70593762c ] Request (ImagesMetadataTestJSON:setUpClass): 201 POST http://10.180.1.21/identity/v3/projects 0.039s
2025-11-23 03:59:20.329 67684 INFO tempest.lib.common.rest_client [req-f1309fd7-3f7e-4f4a-8433-fe0cfeef3aa3 req-f1309fd7-3f7e-4f4a-8433-fe0cfeef3aa3 ] Request (ValidationResourcesFixture:setUp): 201 POST http://10.180.1.21/networking/v2.0/floatingips 0.546s
2025-11-23 03:59:20.384 67686 INFO tempest.lib.common.rest_client [req-2645f877-5afe-490a-ae79-384bbc117880 req-2645f877-5afe-490a-ae79-384bbc117880 ] Request (ImagesMetadataTestJSON:setUpClass): 201 POST http://10.180.1.21/identity/v3/users 0.075s
2025-11-23 03:59:20.393 67684 INFO tempest.lib.common.rest_client [req-76358937-8c87-4467-a5f1-86e4e00a2542 req-76358937-8c87-4467-a5f1-86e4e00a2542 ] Request (AttachInterfacesUnderV243Test:test_add_remove_fixed_ip): 201 POST http://10.180.1.21/identity/v3/auth/tokens 0.060s
2025-11-23 03:59:20.394 67684 INFO tempest.lib.common.fixed_network [-] (AttachInterfacesUnderV243Test:test_add_remove_fixed_ip) Found network {'id': '0c2eaa10-748f-4127-a119-dbdc83a96de4', 'name': 'tempest-AttachInterfacesUnderV243Test-1458667168-network', 'tenant_id': '0950b1945d5647af8171ae5c7dafd2ad', 'project_id': '0950b1945d5647af8171ae5c7dafd2ad', 'admin_state_up': True, 'mtu': 8950, 'status': 'ACTIVE', 'subnets': [], 'shared': False, 'port_security_enabled': True, 'router:external': False, 'provider:network_type': 'vlan', 'provider:physical_network': 'default', 'provider:segmentation_id': 379, 'availability_zone_hints': [], 'availability_zones': [], 'ipv4_address_scope': None, 'ipv6_address_scope': None, 'description': '', 'tags': [], 'created_at': '2025-11-23T03:59:08Z', 'updated_at': '2025-11-23T03:59:08Z', 'revision_number': 1} available for tenant
2025-11-23 03:59:20.409 67686 INFO tempest.lib.common.rest_client [req-74a11e88-31fd-498e-8dbe-67b1850c4670 req-74a11e88-31fd-498e-8dbe-67b1850c4670 ] Request (ImagesMetadataTestJSON:setUpClass): 200 GET http://10.180.1.21/identity/v3/roles 0.024s
2025-11-23 03:59:20.450 67686 INFO tempest.lib.common.rest_client [req-1f106c51-8089-4002-85e7-6fc504c99cf5 req-1f106c51-8089-4002-85e7-6fc504c99cf5 ] Request (ImagesMetadataTestJSON:setUpClass): 204 PUT http://10.180.1.21/identity/v3/projects/7326b77f5bac4e069c819b25d3bb506c/users/07544512722c40d4a6848d1ce5c829ab/roles/59b39857c73c4d0b99fc9d43a7df1cde 0.041s
2025-11-23 03:59:20.450 67686 INFO tempest.lib.common.dynamic_creds [-] Dynamic test user 07544512722c40d4a6848d1ce5c829ab is created with scope project and roles: ['member']
2025-11-23 03:59:20.451 67686 INFO tempest.lib.common.dynamic_creds [-] Acquired dynamic creds: credentials: Credentials: {'domain_id': 'default', 'domain_name': 'Default', 'username': 'tempest-ImagesMetadataTestJSON-774018038-project-member', 'project_domain_id': 'default', 'project_domain_name': 'Default', 'project_id': '7326b77f5bac4e069c819b25d3bb506c', 'project_name': 'tempest-ImagesMetadataTestJSON-774018038', 'tenant_id': '7326b77f5bac4e069c819b25d3bb506c', 'tenant_name': 'tempest-ImagesMetadataTestJSON-774018038', 'user_domain_id': 'default', 'user_domain_name': 'Default', 'user_id': '07544512722c40d4a6848d1ce5c829ab', 'system': None}, Network: None, Subnet: None, Router: None
2025-11-23 03:59:20.451 67686 INFO tempest.lib.common.dynamic_creds [-] Created isolated network resources for: credentials: Credentials: {'domain_id': 'default', 'domain_name': 'Default', 'username': 'tempest-ImagesMetadataTestJSON-774018038-project-member', 'project_domain_id': 'default', 'project_domain_name': 'Default', 'project_id': '7326b77f5bac4e069c819b25d3bb506c', 'project_name': 'tempest-ImagesMetadataTestJSON-774018038', 'tenant_id': '7326b77f5bac4e069c819b25d3bb506c', 'tenant_name': 'tempest-ImagesMetadataTestJSON-774018038', 'user_domain_id': 'default', 'user_domain_name': 'Default', 'user_id': '07544512722c40d4a6848d1ce5c829ab', 'system': None}, Network: None, Subnet: None, Router: None
2025-11-23 03:59:20.455 67676 INFO tempest.lib.common.rest_client [req-7fe452fa-ee9e-4912-9a10-c6a0215dbb27 req-7fe452fa-ee9e-4912-9a10-c6a0215dbb27 ] Request (ServersWithSpecificFlavorTestJSON:test_verify_created_server_ephemeral_disk): 202 POST http://10.180.1.21/compute/v2.1/servers 7.504s
2025-11-23 03:59:20.463 67662 INFO tempest.lib.common.rest_client [req-7881c546-6983-46fb-bbba-b0b81c254567 req-7881c546-6983-46fb-bbba-b0b81c254567 ] Request (ServerActionsTestOtherB:setUpClass): 201 POST http://10.180.1.21/networking/v2.0/floatingips 0.573s
2025-11-23 03:59:20.492 67660 INFO tempest.lib.common.rest_client [req-729c0a33-e9a4-471a-84ce-c20bc97d1753 req-729c0a33-e9a4-471a-84ce-c20bc97d1753 ] Request (ServersAdminNegativeTestJSON:setUpClass): 200 GET http://10.180.1.21/compute/v2.1/servers/24644971-9aba-456c-9f40-0b0aad291af4 6.598s
2025-11-23 03:59:20.499 67660 INFO tempest.common.waiters [-] State transition "BUILD/None" ==> "BUILD/spawning" after 19 second wait
2025-11-23 03:59:20.551 67686 INFO tempest.lib.common.rest_client [req-77fdcbdb-6f9d-4b3e-bec4-58556688ab64 req-77fdcbdb-6f9d-4b3e-bec4-58556688ab64 ] Request (ImagesMetadataTestJSON:setUpClass): 201 POST http://10.180.1.21/identity/v3/auth/tokens 0.092s
2025-11-23 03:59:20.640 67662 INFO tempest.lib.common.rest_client [req-fcc3f88d-dabb-4837-8eba-33df1f442099 req-fcc3f88d-dabb-4837-8eba-33df1f442099 ] Request (ServerActionsTestOtherB:setUpClass): 201 POST http://10.180.1.21/identity/v3/auth/tokens 0.172s
2025-11-23 03:59:20.640 67662 INFO tempest.lib.common.fixed_network [-] (ServerActionsTestOtherB:setUpClass) Found network {'id': 'f4e8ffce-301c-4ac9-a34d-751b465b1bd9', 'name': 'tempest-ServerActionsTestOtherB-1008260155-network', 'tenant_id': '0870cd6e0c274ac6a4e0dd75715265e8', 'project_id': '0870cd6e0c274ac6a4e0dd75715265e8', 'admin_state_up': True, 'mtu': 8950, 'status': 'ACTIVE', 'subnets': [], 'shared': False, 'port_security_enabled': True, 'router:external': False, 'provider:network_type': 'vlan', 'provider:physical_network': 'default', 'provider:segmentation_id': 753, 'availability_zone_hints': [], 'availability_zones': [], 'ipv4_address_scope': None, 'ipv6_address_scope': None, 'description': '', 'tags': [], 'created_at': '2025-11-23T03:59:09Z', 'updated_at': '2025-11-23T03:59:09Z', 'revision_number': 1} available for tenant
2025-11-23 03:59:20.657 67656 INFO tempest.lib.common.rest_client [req-5de89014-04e2-49e7-894c-769d25ea6ab8 req-5de89014-04e2-49e7-894c-769d25ea6ab8 ] Request (ListServersNegativeTestJSON:setUpClass): 200 GET http://10.180.1.21/compute/v2.1/servers 4.043s
2025-11-23 03:59:20.682 67630 INFO tempest.lib.common.rest_client [req-6d010ef6-4ca8-49f4-ad0b-ce1b0cabc63e req-6d010ef6-4ca8-49f4-ad0b-ce1b0cabc63e ] Request (FlavorsAccessNegativeTestJSON:_run_cleanups): 200 GET http://10.180.1.21/compute/v2.1/flavors/detail 4.051s
2025-11-23 03:59:20.697 67682 INFO tempest.lib.common.rest_client [req-cb2873df-f80e-4fe7-becc-e34c85c40780 req-cb2873df-f80e-4fe7-becc-e34c85c40780 ] Request (KeyPairsV210TestJSON:test_admin_manage_keypairs_for_other_users): 200 GET http://10.180.1.21/compute/v2.1/os-keypairs?user_id=cd167612a32a4cfe8ad8586960444459 4.034s
2025-11-23 03:59:20.707 67628 INFO tempest.lib.common.rest_client [req-22057a22-8f6a-4c3f-9a7d-14f75a5f2ffa req-22057a22-8f6a-4c3f-9a7d-14f75a5f2ffa ] Request (FlavorsExtraSpecsTestJSON:test_flavor_set_get_update_show_unset_keys): 200 GET http://10.180.1.21/compute/v2.1/flavors/1001227318/os-extra_specs 4.033s
2025-11-23 03:59:20.715 67658 INFO tempest.lib.common.rest_client [req-28fde859-5566-44fd-9736-ada75d99edc6 req-28fde859-5566-44fd-9736-ada75d99edc6 ] Request (HostsAdminNegativeTestJSON:test_update_host_with_invalid_maintenance_mode): 400 PUT http://10.180.1.21/compute/v2.1/os-hosts/devstack 4.030s
2025-11-23 03:59:20.723 67654 INFO tempest.lib.common.rest_client [req-97b382d9-8986-4e22-a736-cc3295e8f9ff req-97b382d9-8986-4e22-a736-cc3295e8f9ff ] Request (HypervisorAdminNegativeTestJSON:test_show_nonexistent_hypervisor): 404 GET http://10.180.1.21/compute/v2.1/os-hypervisors/5834fed0-89ed-4865-b076-71ab8bca26af 4.028s
2025-11-23 03:59:20.748 67674 INFO tempest.lib.common.rest_client [req-caa9311f-2995-4ed2-8107-d408b004cd12 req-caa9311f-2995-4ed2-8107-d408b004cd12 ] Request (AggregatesAdminNegativeTestJSON:_run_cleanups): 200 DELETE http://10.180.1.21/compute/v2.1/os-aggregates/3 4.024s
2025-11-23 03:59:20.767 67664 INFO tempest.lib.common.rest_client [req-10504bd9-9a5a-4008-b981-0f861d64c9cb req-10504bd9-9a5a-4008-b981-0f861d64c9cb ] Request (FlavorsExtraSpecsNegativeTestJSON:tearDownClass): 202 DELETE http://10.180.1.21/compute/v2.1/flavors/1049810667 4.031s
2025-11-23 03:59:20.798 67650 INFO tempest.lib.common.rest_client [req-b81668eb-929f-40d6-8b8d-c309c310afed req-b81668eb-929f-40d6-8b8d-c309c310afed ] Request (ServicesAdminNegativeV253TestJSON:test_get_service_by_invalid_service_and_valid_host): 200 GET http://10.180.1.21/compute/v2.1/os-services 4.034s
2025-11-23 03:59:20.831 67670 INFO tempest.lib.common.rest_client [req-95443174-4759-420c-95f0-50be1c349202 req-95443174-4759-420c-95f0-50be1c349202 ] Request (FlavorsAdminTestJSON:test_create_flavor_with_none_id): 200 POST http://10.180.1.21/compute/v2.1/flavors 3.274s
2025-11-23 03:59:20.860 67642 INFO tempest.lib.common.rest_client [req-b516eaa6-ec23-4664-b842-c2c7fb732e8d req-b516eaa6-ec23-4664-b842-c2c7fb732e8d ] Request (FlavorsV2TestJSON:test_list_flavors_detailed_filter_by_min_ram): 200 GET http://10.180.1.21/compute/v2.1/flavors/42 3.273s
2025-11-23 03:59:20.884 67640 INFO tempest.lib.common.rest_client [req-21870935-997e-4286-b2ac-442a2af4218d req-21870935-997e-4286-b2ac-442a2af4218d ] Request (FlavorsAccessTestJSON:_run_cleanups): 202 DELETE http://10.180.1.21/compute/v2.1/flavors/650583592 3.285s
2025-11-23 03:59:20.890 67654 INFO tempest.lib.common.rest_client [req-bd2edcb0-2e69-452f-825c-01f5ba381bf2 req-bd2edcb0-2e69-452f-825c-01f5ba381bf2 ] Request (HypervisorAdminNegativeTestJSON:tearDownClass): 204 DELETE http://10.180.1.21/identity/v3/users/c615871fb1c644568b9a3a5250a25017 0.166s
2025-11-23 03:59:21.012 67654 INFO tempest.lib.common.rest_client [req-d7b693c8-0ea5-48a8-9f35-1e4694c28379 req-d7b693c8-0ea5-48a8-9f35-1e4694c28379 ] Request (HypervisorAdminNegativeTestJSON:tearDownClass): 204 DELETE http://10.180.1.21/identity/v3/users/4380fa1c63624e9788449e28943a5945 0.121s
2025-11-23 03:59:21.013 67654 INFO tempest.lib.common.dynamic_creds [-] Deleting project and security group for project: 264be4430c324bb5a9286d815a51ac62
2025-11-23 03:59:21.084 67654 INFO tempest.lib.common.rest_client [req-aea62c16-2b7c-4630-a9f2-f398e73e7524 req-aea62c16-2b7c-4630-a9f2-f398e73e7524 ] Request (HypervisorAdminNegativeTestJSON:tearDownClass): 201 POST http://10.180.1.21/identity/v3/auth/tokens 0.071s
2025-11-23 03:59:21.140 67644 INFO tempest.lib.common.rest_client [req-51e29774-0151-4f13-9664-c19e2269f008 req-51e29774-0151-4f13-9664-c19e2269f008 ] Request (ImagesNegativeTestJSON:test_create_image_from_deleted_server): 202 POST http://10.180.1.21/compute/v2.1/servers 4.592s
2025-11-23 03:59:21.241 67686 INFO tempest.lib.common.rest_client [req-d0658ec9-3155-4c06-a211-06366b5d6acd req-d0658ec9-3155-4c06-a211-06366b5d6acd ] Request (ImagesMetadataTestJSON:setUpClass): 201 POST http://10.180.1.21/image/v2/images 0.689s
2025-11-23 03:59:21.290 67654 INFO tempest.lib.common.rest_client [req-0422e3e4-0796-4623-88c9-1e5ca1d86359 req-0422e3e4-0796-4623-88c9-1e5ca1d86359 ] Request (HypervisorAdminNegativeTestJSON:tearDownClass): 200 GET http://10.180.1.21/networking/v2.0/security-groups?tenant_id=264be4430c324bb5a9286d815a51ac62&name=default 0.205s
2025-11-23 03:59:21.299 67646 INFO tempest.lib.common.rest_client [req-041a4e7c-e2b6-46e6-8a19-c34e378c854e req-041a4e7c-e2b6-46e6-8a19-c34e378c854e ] Request (ServersAdminTestJSON:setUpClass): 202 POST http://10.180.1.21/compute/v2.1/servers 3.598s
2025-11-23 03:59:21.318 67632 INFO tempest.lib.common.rest_client [req-533563b9-90d5-48ae-bd08-bb76fc31561c req-533563b9-90d5-48ae-bd08-bb76fc31561c ] Request (ServersTestJSON:setUpClass): 200 POST http://10.180.1.21/compute/v2.1/os-keypairs 2.739s
2025-11-23 03:59:21.359 67634 INFO tempest.lib.common.rest_client [req-c93fa3ed-761b-4bec-8f08-28d29fc47d88 req-c93fa3ed-761b-4bec-8f08-28d29fc47d88 ] Request (TenantUsagesTestJSON:test_get_usage_tenant_with_non_admin_user): 200 GET http://10.180.1.21/compute/v2.1/os-simple-tenant-usage/0dad8a216ce341ee8093f758fe96b9a6?start=2025-11-22T03%3A59%3A11.303966&end=2025-11-24T03%3A59%3A11.303966 2.549s
2025-11-23 03:59:21.413 67654 INFO tempest.lib.common.rest_client [req-1e9e3ee7-fc25-4917-99b4-a7254f73b089 req-1e9e3ee7-fc25-4917-99b4-a7254f73b089 ] Request (HypervisorAdminNegativeTestJSON:tearDownClass): 204 DELETE http://10.180.1.21/networking/v2.0/security-groups/1444424d-9871-4258-b58b-b7856abec588 0.122s
2025-11-23 03:59:21.449 67666 INFO tempest.lib.common.rest_client [req-a8df09d6-109f-44af-a409-b79f4535008b req-a8df09d6-109f-44af-a409-b79f4535008b ] Request (QuotaClassesAdminTestJSON:_run_cleanups): 200 PUT http://10.180.1.21/compute/v2.1/os-quota-class-sets/default 2.617s
2025-11-23 03:59:21.534 67654 INFO tempest.lib.common.rest_client [req-e53c6add-aa81-431c-a12a-b9bc35e74c4f req-e53c6add-aa81-431c-a12a-b9bc35e74c4f ] Request (HypervisorAdminNegativeTestJSON:tearDownClass): 204 DELETE http://10.180.1.21/identity/v3/projects/264be4430c324bb5a9286d815a51ac62 0.120s
2025-11-23 03:59:21.534 67654 INFO tempest.lib.common.dynamic_creds [-] Deleting project and security group for project: f88d9eb09edd445383361a2fe7166fbc
2025-11-23 03:59:21.570 67688 INFO tempest.lib.common.rest_client [req-8866cf61-da19-402e-997b-cae96b8fcef1 req-8866cf61-da19-402e-997b-cae96b8fcef1 ] Request (DeleteServersAdminTestJSON:test_admin_delete_servers_of_others): 204 DELETE http://10.180.1.21/compute/v2.1/servers/d43be129-9138-4f2b-9639-9d6ce753f4ce 2.934s
2025-11-23 03:59:21.576 67632 INFO tempest.lib.common.rest_client [req-f36ba11e-7972-4727-b8f8-cc209b93f848 req-f36ba11e-7972-4727-b8f8-cc209b93f848 ] Request (ServersTestJSON:setUpClass): 201 POST http://10.180.1.21/networking/v2.0/security-groups 0.254s
2025-11-23 03:59:21.596 67652 INFO tempest.lib.common.rest_client [req-094e95f3-195c-4e90-a7a7-c98f69735325 req-094e95f3-195c-4e90-a7a7-c98f69735325 ] Request (QuotasAdminTestV236:test_get_updated_quotas): 200 GET http://10.180.1.21/identity/v3/domains?name=Default 0.113s
