2025-11-23 03:59:42.892 67628 INFO tempest.lib.common.rest_client [req-4db32b60-0000-4775-8317-9d843ae0db9b req-4db32b60-0000-4775-8317-9d843ae0db9b ] Request (InstanceUsageAuditLogTestJSON:tearDownClass): 204 DELETE http://10.180.1.21/networking/v2.0/security-groups/1a42304c-b83b-4c77-b1a2-b33ff0bfb76f 0.181s
2025-11-23 03:59:42.924 67634 INFO tempest.lib.common.rest_client [req-e77e1cd8-a7cb-4310-87ec-8bab6ac77fec req-e77e1cd8-a7cb-4310-87ec-8bab6ac77fec ] Request (TenantUsagesTestJSON:tearDownClass): 200 GET http://10.180.1.21/compute/v2.1/servers/d58452a8-98ec-4168-9cce-16ee72be564a 3.624s
2025-11-23 03:59:43.027 67628 INFO tempest.lib.common.rest_client [req-d0c84287-5c93-4696-bed2-2b42b5af99e6 req-d0c84287-5c93-4696-bed2-2b42b5af99e6 ] Request (InstanceUsageAuditLogTestJSON:tearDownClass): 204 DELETE http://10.180.1.21/identity/v3/projects/04038ea705954fc0953ade594b6f6cd8 0.134s
2025-11-23 03:59:43.057 67684 INFO tempest.lib.common.rest_client [req-7ec4ffae-39f4-45d9-887d-8f6ea2317897 req-7ec4ffae-39f4-45d9-887d-8f6ea2317897 ] Request (AttachInterfacesUnderV243Test:test_add_remove_fixed_ip): 200 GET http://10.180.1.21/compute/v2.1/servers/e16a3c41-6588-4b77-a2a2-79f6bde8a238 3.723s
2025-11-23 03:59:43.069 67684 INFO tempest.common.waiters [-] State transition "BUILD/None" ==> "BUILD/networking" after 14 second wait
2025-11-23 03:59:43.102 67628 INFO tempest.lib.common.rest_client [req-8050d7b9-e8c5-448e-b384-3bcfd79c2ace req-8050d7b9-e8c5-448e-b384-3bcfd79c2ace ] Request (ImagesOneServerNegativeTestJSON:setUpClass): 201 POST http://10.180.1.21/identity/v3/auth/tokens 0.073s
2025-11-23 03:59:43.160 67628 INFO tempest.lib.common.rest_client [req-66dc5c3c-396b-4346-b768-1491c7e2650d req-66dc5c3c-396b-4346-b768-1491c7e2650d ] Request (ImagesOneServerNegativeTestJSON:setUpClass): 201 POST http://10.180.1.21/identity/v3/auth/tokens 0.056s
2025-11-23 03:59:43.192 67628 INFO tempest.lib.common.rest_client [req-19f9a477-6423-459c-9399-bbe606f62f47 req-19f9a477-6423-459c-9399-bbe606f62f47 ] Request (ImagesOneServerNegativeTestJSON:setUpClass): 200 GET http://10.180.1.21/identity/v3/domains?name=Default 0.031s
2025-11-23 03:59:43.194 67660 INFO tempest.lib.common.rest_client [req-879d2c45-8331-427c-a55f-046a30bdd227 req-879d2c45-8331-427c-a55f-046a30bdd227 ] Request (ServersAdminNegativeTestJSON:test_migrate_server_invalid_state): 200 GET http://10.180.1.21/compute/v2.1/servers/760d6e9c-057c-4d7b-8a21-cdc939c1fa19 3.319s
2025-11-23 03:59:43.205 67660 INFO tempest.common.waiters [-] State transition "BUILD/scheduling" ==> "BUILD/None" after 5 second wait
2025-11-23 03:59:43.227 67628 INFO tempest.lib.common.rest_client [req-a4da7379-8e8e-438b-b902-9e4a60311c52 req-a4da7379-8e8e-438b-b902-9e4a60311c52 ] Request (ImagesOneServerNegativeTestJSON:setUpClass): 201 POST http://10.180.1.21/identity/v3/projects 0.034s
2025-11-23 03:59:43.309 67628 INFO tempest.lib.common.rest_client [req-0a45c763-c26b-41f3-9e36-306fca732a4a req-0a45c763-c26b-41f3-9e36-306fca732a4a ] Request (ImagesOneServerNegativeTestJSON:setUpClass): 201 POST http://10.180.1.21/identity/v3/users 0.081s
2025-11-23 03:59:43.335 67628 INFO tempest.lib.common.rest_client [req-3c0334b9-5974-499e-9df7-043541ecac18 req-3c0334b9-5974-499e-9df7-043541ecac18 ] Request (ImagesOneServerNegativeTestJSON:setUpClass): 200 GET http://10.180.1.21/identity/v3/roles 0.026s
2025-11-23 03:59:43.369 67628 INFO tempest.lib.common.rest_client [req-0d20da07-5fc4-4772-b7c0-bc91425e72ba req-0d20da07-5fc4-4772-b7c0-bc91425e72ba ] Request (ImagesOneServerNegativeTestJSON:setUpClass): 204 PUT http://10.180.1.21/identity/v3/projects/04a5bc2c7f824707aded3aa3ee914397/users/e438468ce8b74e578aa89123a85952a2/roles/59b39857c73c4d0b99fc9d43a7df1cde 0.033s
2025-11-23 03:59:43.369 67628 INFO tempest.lib.common.dynamic_creds [-] Dynamic test user e438468ce8b74e578aa89123a85952a2 is created with scope project and roles: ['member']
2025-11-23 03:59:43.370 67628 INFO tempest.lib.common.dynamic_creds [-] Acquired dynamic creds: credentials: Credentials: {'domain_id': 'default', 'domain_name': 'Default', 'username': 'tempest-ImagesOneServerNegativeTestJSON-894013560-project-member', 'project_domain_id': 'default', 'project_domain_name': 'Default', 'project_id': '04a5bc2c7f824707aded3aa3ee914397', 'project_name': 'tempest-ImagesOneServerNegativeTestJSON-894013560', 'tenant_id': '04a5bc2c7f824707aded3aa3ee914397', 'tenant_name': 'tempest-ImagesOneServerNegativeTestJSON-894013560', 'user_domain_id': 'default', 'user_domain_name': 'Default', 'user_id': 'e438468ce8b74e578aa89123a85952a2', 'system': None}, Network: None, Subnet: None, Router: None
2025-11-23 03:59:43.413 67656 INFO tempest.lib.common.rest_client [req-507176aa-f260-4c90-afed-d4cf574136cc req-507176aa-f260-4c90-afed-d4cf574136cc ] Request (ListServersNegativeTestJSON:setUpClass): 200 GET http://10.180.1.21/compute/v2.1/servers/f3acca71-67e3-4cd7-922b-8431fefa8ab6 2.450s
2025-11-23 03:59:43.438 67674 INFO tempest.lib.common.rest_client [req-61a25e33-417c-4dfa-9186-5510dcbeb002 req-61a25e33-417c-4dfa-9186-5510dcbeb002 ] Request (AggregatesAdminNegativeTestJSON:_run_cleanups): 200 DELETE http://10.180.1.21/compute/v2.1/os-aggregates/4 2.466s
2025-11-23 03:59:43.463 67628 INFO tempest.lib.common.rest_client [req-5f3c1354-92f7-42e4-a6b0-20ba30ab6c24 req-5f3c1354-92f7-42e4-a6b0-20ba30ab6c24 ] Request (ImagesOneServerNegativeTestJSON:setUpClass): 201 POST http://10.180.1.21/identity/v3/auth/tokens 0.093s
2025-11-23 03:59:43.604 67630 INFO tempest.lib.common.rest_client [req-19faed35-b318-4150-ae46-b06968f0a49b req-19faed35-b318-4150-ae46-b06968f0a49b ] Request (FlavorsAccessNegativeTestJSON:test_flavor_non_admin_remove): 200 POST http://10.180.1.21/compute/v2.1/flavors/1456180693/action 2.611s
2025-11-23 03:59:43.642 67670 INFO tempest.lib.common.rest_client [req-2ac4e6bb-1ef9-42fd-971b-ddf1ec8ceebc req-2ac4e6bb-1ef9-42fd-971b-ddf1ec8ceebc ] Request (FlavorsAdminTestJSON:test_create_list_flavor_without_extra_data): 200 POST http://10.180.1.21/compute/v2.1/flavors 2.620s
2025-11-23 03:59:43.675 67640 INFO tempest.lib.common.rest_client [req-cca0b6d0-5c30-4251-8a0c-05a807270321 req-cca0b6d0-5c30-4251-8a0c-05a807270321 ] Request (HypervisorAdminTestJSON:test_get_hypervisor_show_details): 200 GET http://10.180.1.21/compute/v2.1/os-hypervisors/1 2.634s
2025-11-23 03:59:43.707 67642 INFO tempest.lib.common.rest_client [req-e82ac8b7-70b8-4680-915a-3e0f40477d36 req-e82ac8b7-70b8-4680-915a-3e0f40477d36 ] Request (FlavorsV2TestJSON:test_list_flavors_filter_by_min_disk): 200 GET http://10.180.1.21/compute/v2.1/flavors?minDisk=2 2.664s
2025-11-23 03:59:43.825 67668 WARNING tempest.lib.common.ssh [-] Failed to establish authenticated ssh connection to cirros@10.180.180.159 ([Errno None] Unable to connect to port 22 on 10.180.180.159). Number attempts: 2. Retry after 3 seconds.: paramiko.ssh_exception.NoValidConnectionsError: [Errno None] Unable to connect to port 22 on 10.180.180.159
2025-11-23 03:59:43.863 67628 INFO tempest.lib.common.rest_client [req-6fe4530c-3399-4132-8b17-868ccaefce14 req-6fe4530c-3399-4132-8b17-868ccaefce14 ] Request (ImagesOneServerNegativeTestJSON:setUpClass): 201 POST http://10.180.1.21/networking/v2.0/networks 0.400s
2025-11-23 03:59:44.144 67628 INFO tempest.lib.common.rest_client [req-04745089-b9a0-4a00-9769-7cc509585a29 req-04745089-b9a0-4a00-9769-7cc509585a29 ] Request (ImagesOneServerNegativeTestJSON:setUpClass): 201 POST http://10.180.1.21/networking/v2.0/subnets 0.280s
2025-11-23 03:59:44.256 67690 INFO tempest.lib.common.rest_client [req-7b95adeb-1f9c-4138-909e-b6c53e1d2716 req-7b95adeb-1f9c-4138-909e-b6c53e1d2716 ] Request (MigrationsAdminTest:test_list_migrations_in_flavor_resize_situation): 200 GET http://10.180.1.21/compute/v2.1/servers/00eb52c2-6033-4317-840b-9cd00a020882 2.956s
2025-11-23 03:59:44.861 67636 WARNING tempest.lib.common.ssh [-] Failed to establish authenticated ssh connection to cirros@10.180.180.132 ([Errno None] Unable to connect to port 22 on 10.180.180.132). Number attempts: 4. Retry after 5 seconds.: paramiko.ssh_exception.NoValidConnectionsError: [Errno None] Unable to connect to port 22 on 10.180.180.132
2025-11-23 03:59:44.957 67628 INFO tempest.lib.common.rest_client [req-9277b318-1a28-481d-8823-c5ab38228ac0 req-9277b318-1a28-481d-8823-c5ab38228ac0 ] Request (ImagesOneServerNegativeTestJSON:setUpClass): 201 POST http://10.180.1.21/networking/v2.0/routers 0.812s
2025-11-23 03:59:45.200 67676 INFO tempest.lib.common.rest_client [req-7d0651c7-810d-4ad2-b3f5-aebda6b8e7c8 req-7d0651c7-810d-4ad2-b3f5-aebda6b8e7c8 ] Request (ServersWithSpecificFlavorTestJSON:test_verify_created_server_ephemeral_disk): 200 GET http://10.180.1.21/compute/v2.1/servers/4b81f2cc-f07e-4b90-a878-8121c1cf24fd 3.870s
2025-11-23 03:59:45.214 67676 INFO tempest.common.waiters [-] State transition "BUILD/spawning" ==> "ACTIVE/None" after 22 second wait
2025-11-23 03:59:45.246 67686 INFO tempest.lib.common.rest_client [req-53d8e9db-3e3b-466c-b810-cce53691afe2 req-53d8e9db-3e3b-466c-b810-cce53691afe2 ] Request (ImagesMetadataTestJSON:test_get_image_metadata_item): 200 GET http://10.180.1.21/compute/v2.1/images/f49104d1-77c5-4806-ab78-9211c3a89d0f/metadata/os_distro 3.722s
2025-11-23 03:59:45.365 67666 INFO tempest.lib.common.rest_client [req-77455c97-bdd5-451c-a992-06ce40a1d694 req-77455c97-bdd5-451c-a992-06ce40a1d694 ] Request (AbsoluteLimitsTestJSON:test_absLimits_get): 200 GET http://10.180.1.21/compute/v2.1/limits 3.759s
2025-11-23 03:59:45.488 67666 INFO tempest.lib.common.rest_client [req-db83b462-5b0e-4889-b721-ac3007ea4112 req-db83b462-5b0e-4889-b721-ac3007ea4112 ] Request (AbsoluteLimitsTestJSON:tearDownClass): 204 DELETE http://10.180.1.21/identity/v3/users/20ab0665ab3349b5a3fc011c1e5d6260 0.114s
2025-11-23 03:59:45.490 67666 INFO tempest.lib.common.dynamic_creds [-] Deleting project and security group for project: 479fd51e60a049629cfa50fdb8855afa
2025-11-23 03:59:45.575 67666 INFO tempest.lib.common.rest_client [req-5fdec4d1-5ce7-4650-bf6d-aaebb0a6c435 req-5fdec4d1-5ce7-4650-bf6d-aaebb0a6c435 ] Request (AbsoluteLimitsTestJSON:tearDownClass): 201 POST http://10.180.1.21/identity/v3/auth/tokens 0.084s
2025-11-23 03:59:45.612 67682 INFO tempest.lib.common.rest_client [req-5dfb2c56-9515-43c4-b016-a54890bd5ee8 req-5dfb2c56-9515-43c4-b016-a54890bd5ee8 ] Request (SecurityGroupRulesNegativeTestJSON:test_create_security_group_rule_duplicate): 200 POST http://10.180.1.21/compute/v2.1/os-security-group-rules 3.940s
2025-11-23 03:59:45.862 67666 INFO tempest.lib.common.rest_client [req-c20e1e19-e4ba-4390-96fe-2cfcb90099de req-c20e1e19-e4ba-4390-96fe-2cfcb90099de ] Request (AbsoluteLimitsTestJSON:tearDownClass): 200 GET http://10.180.1.21/networking/v2.0/security-groups?tenant_id=479fd51e60a049629cfa50fdb8855afa&name=default 0.287s
2025-11-23 03:59:45.938 67672 INFO tempest.lib.common.rest_client [req-4e5bae90-9e64-4a76-800f-fa585fe8d1f4 req-4e5bae90-9e64-4a76-800f-fa585fe8d1f4 ] Request (ServersAdmin275Test:_run_cleanups): 200 GET http://10.180.1.21/compute/v2.1/servers/e36225aa-586b-4e04-8dd1-e0b09b3da2f4 4.224s
2025-11-23 03:59:45.950 67672 INFO tempest.common.waiters [-] State transition "REBUILD/rebuild_spawning" ==> "ACTIVE/None" after 5 second wait
2025-11-23 03:59:46.022 67666 INFO tempest.lib.common.rest_client [req-c984cb6c-ca3d-4341-878d-9ead685ef49d req-c984cb6c-ca3d-4341-878d-9ead685ef49d ] Request (AbsoluteLimitsTestJSON:tearDownClass): 204 DELETE http://10.180.1.21/networking/v2.0/security-groups/8f882603-10e3-4c78-8c71-26109ee121ea 0.159s
2025-11-23 03:59:46.134 67666 INFO tempest.lib.common.rest_client [req-cedd36d5-8179-4131-8fd1-777b48733e7b req-cedd36d5-8179-4131-8fd1-777b48733e7b ] Request (AbsoluteLimitsTestJSON:tearDownClass): 204 DELETE http://10.180.1.21/identity/v3/projects/479fd51e60a049629cfa50fdb8855afa 0.112s
2025-11-23 03:59:46.141 67628 INFO tempest.lib.common.rest_client [req-891dd598-44d2-49ee-8c95-9562d24f09a8 req-891dd598-44d2-49ee-8c95-9562d24f09a8 ] Request (ImagesOneServerNegativeTestJSON:setUpClass): 200 PUT http://10.180.1.21/networking/v2.0/routers/be45d529-83d1-48e7-b6a6-785352e473cb/add_router_interface 1.183s
2025-11-23 03:59:46.141 67628 INFO tempest.lib.common.dynamic_creds [-] Created isolated network resources for: credentials: Credentials: {'domain_id': 'default', 'domain_name': 'Default', 'username': 'tempest-ImagesOneServerNegativeTestJSON-894013560-project-member', 'project_domain_id': 'default', 'project_domain_name': 'Default', 'project_id': '04a5bc2c7f824707aded3aa3ee914397', 'project_name': 'tempest-ImagesOneServerNegativeTestJSON-894013560', 'tenant_id': '04a5bc2c7f824707aded3aa3ee914397', 'tenant_name': 'tempest-ImagesOneServerNegativeTestJSON-894013560', 'user_domain_id': 'default', 'user_domain_name': 'Default', 'user_id': 'e438468ce8b74e578aa89123a85952a2', 'system': None}, Network: {'id': '57823c82-187b-4e37-8995-540e1f8cfc88', 'name': 'tempest-ImagesOneServerNegativeTestJSON-1861666667-network', 'tenant_id': '04a5bc2c7f824707aded3aa3ee914397', 'project_id': '04a5bc2c7f824707aded3aa3ee914397', 'admin_state_up': True, 'mtu': 8950, 'status': 'ACTIVE', 'subnets': [], 'shared': False, 'port_security_enabled': True, 'router:external': False, 'provider:network_type': 'vlan', 'provider:physical_network': 'default', 'provider:segmentation_id': 391, 'availability_zone_hints': [], 'availability_zones': [], 'ipv4_address_scope': None, 'ipv6_address_scope': None, 'description': '', 'tags': [], 'created_at': '2025-11-23T03:59:43Z', 'updated_at': '2025-11-23T03:59:43Z', 'revision_number': 1}, Subnet: {'id': '453aba32-25e9-4310-ad98-26789a01e96f', 'name': 'tempest-ImagesOneServerNegativeTestJSON-1861666667-subnet', 'tenant_id': '04a5bc2c7f824707aded3aa3ee914397', 'network_id': '57823c82-187b-4e37-8995-540e1f8cfc88', 'ip_version': 4, 'subnetpool_id': None, 'enable_dhcp': True, 'ipv6_ra_mode': None, 'ipv6_address_mode': None, 'gateway_ip': '192.168.128.1', 'cidr': '192.168.128.0/28', 'allocation_pools': [{'start': '192.168.128.2', 'end': '192.168.128.14'}], 'host_routes': [], 'dns_nameservers': [], 'description': '', 'router:external': False, 'service_types': [], 'tags': [], 'created_at': '2025-11-23T03:59:44Z', 'updated_at': '2025-11-23T03:59:44Z', 'revision_number': 0, 'project_id': '04a5bc2c7f824707aded3aa3ee914397'}, Router: {'id': 'be45d529-83d1-48e7-b6a6-785352e473cb', 'name': 'tempest-ImagesOneServerNegativeTestJSON-1861666667-router', 'tenant_id': '04a5bc2c7f824707aded3aa3ee914397', 'admin_state_up': True, 'status': 'ACTIVE', 'external_gateway_info': {'network_id': '8a828a6d-470f-478f-aa8e-8badc78c8101', 'external_fixed_ips': [{'subnet_id': 'c75dfa05-98cf-4f24-ae00-e2f883a0abc5', 'ip_address': '10.180.180.190'}], 'enable_snat': True}, 'description': '', 'availability_zones': [], 'distributed': False, 'ha': False, 'availability_zone_hints': [], 'routes': [], 'flavor_id': None, 'tags': [], 'created_at': '2025-11-23T03:59:44Z', 'updated_at': '2025-11-23T03:59:44Z', 'revision_number': 2, 'project_id': '04a5bc2c7f824707aded3aa3ee914397'}
2025-11-23 03:59:46.233 67666 INFO tempest.lib.common.rest_client [req-b433281c-6d6a-45b8-852e-598633259f21 req-b433281c-6d6a-45b8-852e-598633259f21 ] Request (SecurityGroupRulesTestJSON:setUpClass): 201 POST http://10.180.1.21/identity/v3/auth/tokens 0.093s
2025-11-23 03:59:46.249 67628 INFO tempest.lib.common.rest_client [req-9abb975c-859d-4373-9779-0b287bdc2753 req-9abb975c-859d-4373-9779-0b287bdc2753 ] Request (ImagesOneServerNegativeTestJSON:setUpClass): 201 POST http://10.180.1.21/identity/v3/auth/tokens 0.104s
2025-11-23 03:59:46.277 67666 INFO tempest.lib.common.rest_client [req-4e55eb48-da48-4d72-9445-a5a45a6682e4 req-4e55eb48-da48-4d72-9445-a5a45a6682e4 ] Request (SecurityGroupRulesTestJSON:setUpClass): 201 POST http://10.180.1.21/identity/v3/auth/tokens 0.042s
2025-11-23 03:59:46.291 67628 INFO tempest.lib.common.rest_client [req-f01993e8-c8f0-42cd-854f-a93f6f9de93f req-f01993e8-c8f0-42cd-854f-a93f6f9de93f ] Request (ImagesOneServerNegativeTestJSON:setUpClass): 201 POST http://10.180.1.21/identity/v3/auth/tokens 0.036s
2025-11-23 03:59:46.292 67628 INFO tempest.lib.common.fixed_network [-] (ImagesOneServerNegativeTestJSON:setUpClass) Found network {'id': '57823c82-187b-4e37-8995-540e1f8cfc88', 'name': 'tempest-ImagesOneServerNegativeTestJSON-1861666667-network', 'tenant_id': '04a5bc2c7f824707aded3aa3ee914397', 'project_id': '04a5bc2c7f824707aded3aa3ee914397', 'admin_state_up': True, 'mtu': 8950, 'status': 'ACTIVE', 'subnets': [], 'shared': False, 'port_security_enabled': True, 'router:external': False, 'provider:network_type': 'vlan', 'provider:physical_network': 'default', 'provider:segmentation_id': 391, 'availability_zone_hints': [], 'availability_zones': [], 'ipv4_address_scope': None, 'ipv6_address_scope': None, 'description': '', 'tags': [], 'created_at': '2025-11-23T03:59:43Z', 'updated_at': '2025-11-23T03:59:43Z', 'revision_number': 1} available for tenant
2025-11-23 03:59:46.304 67666 INFO tempest.lib.common.rest_client [req-6b9c5861-0e39-4c95-8e2d-c7e1c16821b0 req-6b9c5861-0e39-4c95-8e2d-c7e1c16821b0 ] Request (SecurityGroupRulesTestJSON:setUpClass): 200 GET http://10.180.1.21/identity/v3/domains?name=Default 0.026s
2025-11-23 03:59:46.344 67666 INFO tempest.lib.common.rest_client [req-3c09ea46-c436-4bf5-951f-1e57d9f58429 req-3c09ea46-c436-4bf5-951f-1e57d9f58429 ] Request (SecurityGroupRulesTestJSON:setUpClass): 201 POST http://10.180.1.21/identity/v3/projects 0.039s
2025-11-23 03:59:46.400 67688 INFO tempest.lib.common.rest_client [req-0b32ecc5-fab8-4241-bee3-a6791898988c req-0b32ecc5-fab8-4241-bee3-a6791898988c ] Request (DeleteServersAdminTestJSON:test_delete_server_while_in_error_state): 202 POST http://10.180.1.21/compute/v2.1/servers 4.606s
2025-11-23 03:59:46.421 67666 INFO tempest.lib.common.rest_client [req-c571897a-1a52-4d60-8cba-4b0d780b5a4c req-c571897a-1a52-4d60-8cba-4b0d780b5a4c ] Request (SecurityGroupRulesTestJSON:setUpClass): 201 POST http://10.180.1.21/identity/v3/users 0.076s
2025-11-23 03:59:46.448 67666 INFO tempest.lib.common.rest_client [req-2fdd2d02-e28f-44c6-9552-b02e89eac42a req-2fdd2d02-e28f-44c6-9552-b02e89eac42a ] Request (SecurityGroupRulesTestJSON:setUpClass): 200 GET http://10.180.1.21/identity/v3/roles 0.026s
2025-11-23 03:59:46.480 67666 INFO tempest.lib.common.rest_client [req-2b0d074b-b5f5-4e61-a580-7b44eb62eb5d req-2b0d074b-b5f5-4e61-a580-7b44eb62eb5d ] Request (SecurityGroupRulesTestJSON:setUpClass): 204 PUT http://10.180.1.21/identity/v3/projects/ea688f2cd84648b1b512c86a63141205/users/6e81f1ed9dba4acd86768947d18b926b/roles/59b39857c73c4d0b99fc9d43a7df1cde 0.032s
2025-11-23 03:59:46.480 67666 INFO tempest.lib.common.dynamic_creds [-] Dynamic test user 6e81f1ed9dba4acd86768947d18b926b is created with scope project and roles: ['member']
2025-11-23 03:59:46.481 67666 INFO tempest.lib.common.dynamic_creds [-] Acquired dynamic creds: credentials: Credentials: {'domain_id': 'default', 'domain_name': 'Default', 'username': 'tempest-SecurityGroupRulesTestJSON-953987356-project-member', 'project_domain_id': 'default', 'project_domain_name': 'Default', 'project_id': 'ea688f2cd84648b1b512c86a63141205', 'project_name': 'tempest-SecurityGroupRulesTestJSON-953987356', 'tenant_id': 'ea688f2cd84648b1b512c86a63141205', 'tenant_name': 'tempest-SecurityGroupRulesTestJSON-953987356', 'user_domain_id': 'default', 'user_domain_name': 'Default', 'user_id': '6e81f1ed9dba4acd86768947d18b926b', 'system': None}, Network: None, Subnet: None, Router: None
2025-11-23 03:59:46.488 67662 INFO tempest.lib.common.rest_client [req-cb0545cf-868f-43c6-b977-b20f812561e4 req-cb0545cf-868f-43c6-b977-b20f812561e4 ] Request (ServerActionsTestOtherB:setUpClass): 200 GET http://10.180.1.21/compute/v2.1/servers/5040248c-fe52-445a-9358-8994da9cc905 4.458s
2025-11-23 03:59:46.564 67666 INFO tempest.lib.common.rest_client [req-df8d8818-a6a0-49de-aa35-4df5f3775951 req-df8d8818-a6a0-49de-aa35-4df5f3775951 ] Request (SecurityGroupRulesTestJSON:setUpClass): 201 POST http://10.180.1.21/identity/v3/auth/tokens 0.083s
2025-11-23 03:59:46.663 67638 INFO tempest.lib.common.rest_client [req-efc098a7-0d66-42b2-9f34-d155af45dc67 req-efc098a7-0d66-42b2-9f34-d155af45dc67 ] Request (QuotasAdminTestJSON:test_get_updated_quotas): 200 GET http://10.180.1.21/compute/v2.1/os-quota-sets/d7405c80b79844db9dc10fb5d65277d5/detail 4.582s
2025-11-23 03:59:46.695 67638 INFO tempest.lib.common.rest_client [req-276f8ba5-f549-406a-8e42-09c609dc2dce req-276f8ba5-f549-406a-8e42-09c609dc2dce ] Request (QuotasAdminTestJSON:test_get_updated_quotas): 200 GET http://10.180.1.21/identity/v3/domains?name=Default 0.026s
2025-11-23 03:59:46.728 67638 INFO tempest.lib.common.rest_client [req-eccb4055-1256-46c8-a6f6-99aed31d0be9 req-eccb4055-1256-46c8-a6f6-99aed31d0be9 ] Request (QuotasAdminTestJSON:test_get_updated_quotas): 201 POST http://10.180.1.21/identity/v3/users 0.032s
2025-11-23 03:59:46.762 67638 INFO tempest.lib.common.rest_client [req-fd0bdb8c-f89b-4a6a-8c58-1127b0f9d455 req-fd0bdb8c-f89b-4a6a-8c58-1127b0f9d455 ] Request (QuotasAdminTestJSON:test_get_updated_quotas): 200 GET http://10.180.1.21/identity/v3/domains?name=Default 0.034s
2025-11-23 03:59:46.803 67664 INFO tempest.lib.common.rest_client [req-2abcb1c5-0eab-4a9b-bad1-a9b348adcb19 req-2abcb1c5-0eab-4a9b-bad1-a9b348adcb19 ] Request (ServerDiagnosticsNegativeTest:test_get_server_diagnostics_by_non_admin): 200 GET http://10.180.1.21/compute/v2.1/servers/449319bb-3528-4ffa-9348-cc9e3304499b 4.547s
2025-11-23 03:59:46.963 67666 INFO tempest.lib.common.rest_client [req-4cebd5c2-93eb-4932-825a-d132aa922003 req-4cebd5c2-93eb-4932-825a-d132aa922003 ] Request (SecurityGroupRulesTestJSON:setUpClass): 201 POST http://10.180.1.21/networking/v2.0/networks 0.399s
2025-11-23 03:59:47.110 67646 INFO tempest.lib.common.rest_client [req-78ba852f-66c8-4780-8512-7102a737c1c7 req-78ba852f-66c8-4780-8512-7102a737c1c7 ] Request (ServersAdminTestJSON:setUpClass): 200 GET http://10.180.1.21/compute/v2.1/servers/a5692ef0-d6ca-4326-a5d8-b2e53fb496a4 4.764s
2025-11-23 03:59:47.196 67666 INFO tempest.lib.common.rest_client [req-6db68cd3-b8bb-41a3-923c-752ee896ff43 req-6db68cd3-b8bb-41a3-923c-752ee896ff43 ] Request (SecurityGroupRulesTestJSON:setUpClass): 201 POST http://10.180.1.21/networking/v2.0/subnets 0.232s
2025-11-23 03:59:47.313 67644 INFO tempest.lib.common.rest_client [req-684357ec-69f4-495a-917b-8be9401bb047 req-684357ec-69f4-495a-917b-8be9401bb047 ] Request (ImagesNegativeTestJSON:test_create_image_from_deleted_server): 200 GET http://10.180.1.21/compute/v2.1/servers/4c4017e4-65c6-4834-971b-de752ec18bfc 4.573s
2025-11-23 03:59:47.320 67650 INFO tempest.lib.common.rest_client [req-c93a4395-b8a8-4c7b-ae42-c6de72647ee9 req-c93a4395-b8a8-4c7b-ae42-c6de72647ee9 ] Request (MultipleCreateNegativeTestJSON:test_max_count_less_than_one): 400 POST http://10.180.1.21/compute/v2.1/servers 4.538s
2025-11-23 03:59:47.331 67668 WARNING tempest.lib.common.ssh [-] Failed to establish authenticated ssh connection to cirros@10.180.180.159 ([Errno None] Unable to connect to port 22 on 10.180.180.159). Number attempts: 3. Retry after 4 seconds.: paramiko.ssh_exception.NoValidConnectionsError: [Errno None] Unable to connect to port 22 on 10.180.180.159
2025-11-23 03:59:47.387 67650 INFO tempest.lib.common.rest_client [req-b075c0e2-2d29-4fd7-8fa9-78ff35b470d6 req-b075c0e2-2d29-4fd7-8fa9-78ff35b470d6 ] Request (MultipleCreateNegativeTestJSON:test_max_count_non_integer): 201 POST http://10.180.1.21/identity/v3/auth/tokens 0.063s
2025-11-23 03:59:47.387 67650 INFO tempest.lib.common.fixed_network [-] (MultipleCreateNegativeTestJSON:test_max_count_non_integer) Found network None available for tenant
2025-11-23 03:59:47.448 67658 INFO tempest.lib.common.rest_client [req-06d97def-fbe3-4277-8320-1ba6ac5ba2a0 req-06d97def-fbe3-4277-8320-1ba6ac5ba2a0 ] Request (ServersTestManualDisk:setUpClass): 200 POST http://10.180.1.21/compute/v2.1/os-keypairs 4.660s
2025-11-23 03:59:47.579 67658 INFO tempest.lib.common.rest_client [req-584895ad-1d40-4cc0-b6d2-6bafb472214a req-584895ad-1d40-4cc0-b6d2-6bafb472214a ] Request (ServersTestManualDisk:setUpClass): 201 POST http://10.180.1.21/networking/v2.0/security-groups 0.128s
2025-11-23 03:59:47.644 67648 INFO tempest.lib.common.rest_client [req-dbcd35ce-c291-4e32-9a84-d8475ce9926c req-dbcd35ce-c291-4e32-9a84-d8475ce9926c ] Request (ServerDiagnosticsV248Test:tearDownClass): 200 GET http://10.180.1.21/compute/v2.1/servers/116530e1-e0f0-4f27-8f30-180a5b5fe967 4.831s
2025-11-23 03:59:47.777 67658 INFO tempest.lib.common.rest_client [req-b0b7cadf-39da-4c9d-8b01-3d447aab7266 req-b0b7cadf-39da-4c9d-8b01-3d447aab7266 ] Request (ServersTestManualDisk:setUpClass): 201 POST http://10.180.1.21/networking/v2.0/security-group-rules 0.197s
2025-11-23 03:59:47.785 67656 INFO tempest.lib.common.rest_client [req-a516f776-c423-4048-9632-92dbe77594a3 req-a516f776-c423-4048-9632-92dbe77594a3 ] Request (ListServersNegativeTestJSON:setUpClass): 204 DELETE http://10.180.1.21/compute/v2.1/servers/4c2d1132-5148-4c5d-8778-c3f5963ba1fe 4.361s
2025-11-23 03:59:47.820 67654 INFO tempest.lib.common.rest_client [req-58225ced-b109-430d-861b-1b39b41c981c req-58225ced-b109-430d-861b-1b39b41c981c ] Request (SecurityGroupsTestAdminJSON:test_list_security_groups_list_all_tenants_filter): 200 GET http://10.180.1.21/compute/v2.1/os-security-groups?all_tenants=true 9.011s
2025-11-23 03:59:47.821 67674 INFO tempest.lib.common.rest_client [req-c7c455d1-fd40-46fc-86e1-67df442d5b71 req-c7c455d1-fd40-46fc-86e1-67df442d5b71 ] Request (AggregatesAdminNegativeTestJSON:test_aggregate_delete_as_user): 200 POST http://10.180.1.21/compute/v2.1/os-aggregates 4.382s
2025-11-23 03:59:47.986 67658 INFO tempest.lib.common.rest_client [req-a2d0dbfb-9589-4c02-b833-d7c3f3627987 req-a2d0dbfb-9589-4c02-b833-d7c3f3627987 ] Request (ServersTestManualDisk:setUpClass): 201 POST http://10.180.1.21/networking/v2.0/security-group-rules 0.207s
2025-11-23 03:59:48.015 67678 INFO tempest.lib.common.rest_client [req-4a9b5e14-cbff-4941-a184-51fec1562dd5 req-4a9b5e14-cbff-4941-a184-51fec1562dd5 ] Request (FloatingIPsAssociationTestJSON:test_associate_already_associated_floating_ip): 200 GET http://10.180.1.21/compute/v2.1/servers/86fab598-d985-48c5-bb9f-5934ae6f6e47 4.442s
2025-11-23 03:59:48.022 67630 INFO tempest.lib.common.rest_client [req-ba9da4d5-167a-4753-948b-955d5edb311d req-ba9da4d5-167a-4753-948b-955d5edb311d ] Request (FlavorsAccessNegativeTestJSON:test_flavor_non_admin_remove): 403 POST http://10.180.1.21/compute/v2.1/flavors/1456180693/action 4.417s
2025-11-23 03:59:48.028 67632 INFO tempest.lib.common.rest_client [req-66564fb8-a6c7-4b55-be92-bc30cac244d3 req-66564fb8-a6c7-4b55-be92-bc30cac244d3 ] Request (ServersTestJSON:setUpClass): 200 GET http://10.180.1.21/compute/v2.1/servers/421b4165-005f-42bc-9031-96df22da2909 4.538s
2025-11-23 03:59:48.039 67670 INFO tempest.lib.common.rest_client [req-af34b688-85f8-44a4-933d-3547b480aa3d req-af34b688-85f8-44a4-933d-3547b480aa3d ] Request (FlavorsAdminTestJSON:test_create_list_flavor_without_extra_data): 200 GET http://10.180.1.21/compute/v2.1/flavors/128521341 4.393s
2025-11-23 03:59:48.049 67666 INFO tempest.lib.common.rest_client [req-71c46849-6ab4-4377-aaa4-b9c3353cb86d req-71c46849-6ab4-4377-aaa4-b9c3353cb86d ] Request (SecurityGroupRulesTestJSON:setUpClass): 201 POST http://10.180.1.21/networking/v2.0/routers 0.853s
2025-11-23 03:59:48.056 67642 INFO tempest.lib.common.rest_client [req-9783bbe0-7b6e-44ba-aeb4-026bc94e49e3 req-9783bbe0-7b6e-44ba-aeb4-026bc94e49e3 ] Request (FlavorsV2TestJSON:test_list_flavors_filter_by_min_ram): 200 GET http://10.180.1.21/compute/v2.1/flavors/42 4.343s
2025-11-23 03:59:48.059 67640 INFO tempest.lib.common.rest_client [req-04e9a1c7-246d-4236-bae6-29956c027e30 req-04e9a1c7-246d-4236-bae6-29956c027e30 ] Request (HypervisorAdminTestJSON:test_get_hypervisor_stats): 200 GET http://10.180.1.21/compute/v2.1/os-hypervisors/statistics 4.373s
2025-11-23 03:59:48.178 67640 INFO tempest.lib.common.rest_client [req-384137f5-838b-468d-bf6f-c425745fca19 req-384137f5-838b-468d-bf6f-c425745fca19 ] Request (HypervisorAdminTestJSON:tearDownClass): 204 DELETE http://10.180.1.21/identity/v3/users/9bfe61e05f6d434b92901b15de9e5bfc 0.114s
2025-11-23 03:59:48.308 67640 INFO tempest.lib.common.rest_client [req-99ff326f-3d71-4e3b-bf12-b839a43ea9a9 req-99ff326f-3d71-4e3b-bf12-b839a43ea9a9 ] Request (HypervisorAdminTestJSON:tearDownClass): 204 DELETE http://10.180.1.21/identity/v3/users/eb47870e75694a139c3436d1ac5af5dd 0.129s
2025-11-23 03:59:48.308 67640 INFO tempest.lib.common.dynamic_creds [-] Deleting project and security group for project: 67a0cc75e64d4517a93354f9faa64a26
2025-11-23 03:59:48.405 67640 INFO tempest.lib.common.rest_client [req-dc54ab83-a9b7-4d33-9423-763ac2eb81eb req-dc54ab83-a9b7-4d33-9423-763ac2eb81eb ] Request (HypervisorAdminTestJSON:tearDownClass): 201 POST http://10.180.1.21/identity/v3/auth/tokens 0.096s
2025-11-23 03:59:48.534 67658 INFO tempest.lib.common.rest_client [req-c867fef9-88f8-4e9e-b792-20aab6ac3348 req-c867fef9-88f8-4e9e-b792-20aab6ac3348 ] Request (ServersTestManualDisk:setUpClass): 201 POST http://10.180.1.21/networking/v2.0/floatingips 0.548s
2025-11-23 03:59:48.605 67658 INFO tempest.lib.common.rest_client [req-100814ee-1475-4b5d-a5fa-714933e3d19b req-100814ee-1475-4b5d-a5fa-714933e3d19b ] Request (ServersTestManualDisk:setUpClass): 201 POST http://10.180.1.21/identity/v3/auth/tokens 0.067s
2025-11-23 03:59:48.606 67658 INFO tempest.lib.common.fixed_network [-] (ServersTestManualDisk:setUpClass) Found network {'id': '82751de3-874d-453e-baf0-13c19d00730c', 'name': 'tempest-ServersTestManualDisk-1981645881-network', 'tenant_id': '9a3fa9d0adb2435b84318c1854e2de1d', 'project_id': '9a3fa9d0adb2435b84318c1854e2de1d', 'admin_state_up': True, 'mtu': 8950, 'status': 'ACTIVE', 'subnets': [], 'shared': False, 'port_security_enabled': True, 'router:external': False, 'provider:network_type': 'vlan', 'provider:physical_network': 'default', 'provider:segmentation_id': 975, 'availability_zone_hints': [], 'availability_zones': [], 'ipv4_address_scope': None, 'ipv6_address_scope': None, 'description': '', 'tags': [], 'created_at': '2025-11-23T03:59:39Z', 'updated_at': '2025-11-23T03:59:39Z', 'revision_number': 1} available for tenant
2025-11-23 03:59:48.905 67634 INFO tempest.lib.common.rest_client [req-f9cdff5d-e4b2-4918-b087-4a51c38474f7 req-f9cdff5d-e4b2-4918-b087-4a51c38474f7 ] Request (TenantUsagesTestJSON:tearDownClass): 200 GET http://10.180.1.21/compute/v2.1/servers/d58452a8-98ec-4168-9cce-16ee72be564a 4.972s
2025-11-23 03:59:49.005 67666 INFO tempest.lib.common.rest_client [req-7d624846-80cd-4260-9e15-63f98a39c5c9 req-7d624846-80cd-4260-9e15-63f98a39c5c9 ] Request (SecurityGroupRulesTestJSON:setUpClass): 200 PUT http://10.180.1.21/networking/v2.0/routers/73f60913-7c89-4db7-ba4a-29e4a6477cef/add_router_interface 0.956s
2025-11-23 03:59:49.006 67666 INFO tempest.lib.common.dynamic_creds [-] Created isolated network resources for: credentials: Credentials: {'domain_id': 'default', 'domain_name': 'Default', 'username': 'tempest-SecurityGroupRulesTestJSON-953987356-project-member', 'project_domain_id': 'default', 'project_domain_name': 'Default', 'project_id': 'ea688f2cd84648b1b512c86a63141205', 'project_name': 'tempest-SecurityGroupRulesTestJSON-953987356', 'tenant_id': 'ea688f2cd84648b1b512c86a63141205', 'tenant_name': 'tempest-SecurityGroupRulesTestJSON-953987356', 'user_domain_id': 'default', 'user_domain_name': 'Default', 'user_id': '6e81f1ed9dba4acd86768947d18b926b', 'system': None}, Network: {'id': 'e85819f5-a4dc-408d-b259-5b6af5476cde', 'name': 'tempest-SecurityGroupRulesTestJSON-1723235626-network', 'tenant_id': 'ea688f2cd84648b1b512c86a63141205', 'project_id': 'ea688f2cd84648b1b512c86a63141205', 'admin_state_up': True, 'mtu': 8950, 'status': 'ACTIVE', 'subnets': [], 'shared': False, 'port_security_enabled': True, 'router:external': False, 'provider:network_type': 'vlan', 'provider:physical_network': 'default', 'provider:segmentation_id': 889, 'availability_zone_hints': [], 'availability_zones': [], 'ipv4_address_scope': None, 'ipv6_address_scope': None, 'description': '', 'tags': [], 'created_at': '2025-11-23T03:59:46Z', 'updated_at': '2025-11-23T03:59:46Z', 'revision_number': 1}, Subnet: {'id': '48467041-5d48-4694-9322-8d474c76f980', 'name': 'tempest-SecurityGroupRulesTestJSON-1723235626-subnet', 'tenant_id': 'ea688f2cd84648b1b512c86a63141205', 'network_id': 'e85819f5-a4dc-408d-b259-5b6af5476cde', 'ip_version': 4, 'subnetpool_id': None, 'enable_dhcp': True, 'ipv6_ra_mode': None, 'ipv6_address_mode': None, 'gateway_ip': '192.168.128.1', 'cidr': '192.168.128.0/28', 'allocation_pools': [{'start': '192.168.128.2', 'end': '192.168.128.14'}], 'host_routes': [], 'dns_nameservers': [], 'description': '', 'router:external': False, 'service_types': [], 'tags': [], 'created_at': '2025-11-23T03:59:47Z', 'updated_at': '2025-11-23T03:59:47Z', 'revision_number': 0, 'project_id': 'ea688f2cd84648b1b512c86a63141205'}, Router: {'id': '73f60913-7c89-4db7-ba4a-29e4a6477cef', 'name': 'tempest-SecurityGroupRulesTestJSON-1723235626-router', 'tenant_id': 'ea688f2cd84648b1b512c86a63141205', 'admin_state_up': True, 'status': 'ACTIVE', 'external_gateway_info': {'network_id': '8a828a6d-470f-478f-aa8e-8badc78c8101', 'external_fixed_ips': [{'subnet_id': 'c75dfa05-98cf-4f24-ae00-e2f883a0abc5', 'ip_address': '10.180.180.217'}], 'enable_snat': True}, 'description': '', 'availability_zones': [], 'distributed': False, 'ha': False, 'availability_zone_hints': [], 'routes': [], 'flavor_id': None, 'tags': [], 'created_at': '2025-11-23T03:59:47Z', 'updated_at': '2025-11-23T03:59:47Z', 'revision_number': 2, 'project_id': 'ea688f2cd84648b1b512c86a63141205'}
2025-11-23 03:59:49.102 67666 INFO tempest.lib.common.rest_client [req-f3b70e8a-51a3-41e9-9f1d-e8fb08752665 req-f3b70e8a-51a3-41e9-9f1d-e8fb08752665 ] Request (SecurityGroupRulesTestJSON:setUpClass): 201 POST http://10.180.1.21/identity/v3/auth/tokens 0.092s
2025-11-23 03:59:49.183 67640 INFO tempest.lib.common.rest_client [req-36ca89aa-6b76-4d1d-bc27-239fd7436f8a req-36ca89aa-6b76-4d1d-bc27-239fd7436f8a ] Request (HypervisorAdminTestJSON:tearDownClass): 200 GET http://10.180.1.21/networking/v2.0/security-groups?tenant_id=67a0cc75e64d4517a93354f9faa64a26&name=default 0.778s
2025-11-23 03:59:49.209 67660 INFO tempest.lib.common.rest_client [req-78919305-3e7a-485b-85a9-531914d446c5 req-78919305-3e7a-485b-85a9-531914d446c5 ] Request (ServersAdminNegativeTestJSON:test_migrate_server_invalid_state): 200 GET http://10.180.1.21/compute/v2.1/servers/760d6e9c-057c-4d7b-8a21-cdc939c1fa19 5.002s
2025-11-23 03:59:49.237 67684 INFO tempest.lib.common.rest_client [req-13c81222-d8f3-4b99-ac27-0309e733785c req-13c81222-d8f3-4b99-ac27-0309e733785c ] Request (AttachInterfacesUnderV243Test:test_add_remove_fixed_ip): 200 GET http://10.180.1.21/compute/v2.1/servers/e16a3c41-6588-4b77-a2a2-79f6bde8a238 5.166s
2025-11-23 03:59:49.246 67684 INFO tempest.common.waiters [-] State transition "BUILD/networking" ==> "BUILD/spawning" after 20 second wait
2025-11-23 03:59:49.394 67640 INFO tempest.lib.common.rest_client [req-15711049-2c83-406b-a0c0-4ee62a76e73f req-15711049-2c83-406b-a0c0-4ee62a76e73f ] Request (HypervisorAdminTestJSON:tearDownClass): 204 DELETE http://10.180.1.21/networking/v2.0/security-groups/45ff15ee-fdf3-4514-9734-f8d51d71161f 0.210s
2025-11-23 03:59:49.440 67676 INFO tempest.lib.common.rest_client [req-bfcae871-7371-4ca2-9e7c-40a044b2e728 req-bfcae871-7371-4ca2-9e7c-40a044b2e728 ] Request (ServersWithSpecificFlavorTestJSON:test_verify_created_server_ephemeral_disk): 200 GET http://10.180.1.21/compute/v2.1/servers/4b81f2cc-f07e-4b90-a878-8121c1cf24fd/os-interface 4.225s
2025-11-23 03:59:49.448 67686 INFO tempest.lib.common.rest_client [req-c723daff-0874-45e3-9c0e-5fe659945041 req-c723daff-0874-45e3-9c0e-5fe659945041 ] Request (ImagesMetadataTestJSON:setUp): 200 PUT http://10.180.1.21/compute/v2.1/images/f49104d1-77c5-4806-ab78-9211c3a89d0f/metadata 4.198s
2025-11-23 03:59:49.492 67640 INFO tempest.lib.common.rest_client [req-cf232f5b-ad62-4534-8b30-c24c60aae16e req-cf232f5b-ad62-4534-8b30-c24c60aae16e ] Request (HypervisorAdminTestJSON:tearDownClass): 204 DELETE http://10.180.1.21/identity/v3/projects/67a0cc75e64d4517a93354f9faa64a26 0.098s
2025-11-23 03:59:49.493 67640 INFO tempest.lib.common.dynamic_creds [-] Deleting project and security group for project: 729d69fadfb349418b97b774cbf22ab0
2025-11-23 03:59:49.990 67676 INFO tempest.lib.common.rest_client [req-5aef517f-d9c3-4be9-b25e-a7d4dab858fa req-5aef517f-d9c3-4be9-b25e-a7d4dab858fa ] Request (ServersWithSpecificFlavorTestJSON:test_verify_created_server_ephemeral_disk): 200 PUT http://10.180.1.21/networking/v2.0/floatingips/a6e200c3-ca6d-4cbf-9b48-e5e947995028 0.547s
2025-11-23 03:59:50.074 67682 INFO tempest.lib.common.rest_client [req-5bf426a2-f9dc-4d83-8fa1-5afa66fbf188 req-5bf426a2-f9dc-4d83-8fa1-5afa66fbf188 ] Request (SecurityGroupRulesNegativeTestJSON:test_create_security_group_rule_duplicate): 400 POST http://10.180.1.21/compute/v2.1/os-security-group-rules 4.459s
2025-11-23 03:59:50.194 67672 INFO tempest.lib.common.rest_client [req-f7d60fb5-88af-487a-9f80-a9e453958864 req-f7d60fb5-88af-487a-9f80-a9e453958864 ] Request (ServersAdmin275Test:tearDownClass): 204 DELETE http://10.180.1.21/compute/v2.1/servers/e36225aa-586b-4e04-8dd1-e0b09b3da2f4 4.241s
2025-11-23 03:59:50.288 67640 INFO tempest.lib.common.rest_client [req-de4570ca-a839-42e4-a47d-28b603fc78d5 req-de4570ca-a839-42e4-a47d-28b603fc78d5 ] Request (HypervisorAdminTestJSON:tearDownClass): 200 GET http://10.180.1.21/networking/v2.0/security-groups?tenant_id=729d69fadfb349418b97b774cbf22ab0&name=default 0.795s
2025-11-23 03:59:50.368 67636 WARNING tempest.lib.common.ssh [-] Failed to establish authenticated ssh connection to cirros@10.180.180.132 ([Errno None] Unable to connect to port 22 on 10.180.180.132). Number attempts: 5. Retry after 6 seconds.: paramiko.ssh_exception.NoValidConnectionsError: [Errno None] Unable to connect to port 22 on 10.180.180.132
2025-11-23 03:59:50.446 67690 INFO tempest.lib.common.rest_client [req-2364b0b9-9b30-4b1d-b806-cdfb3bcb1204 req-2364b0b9-9b30-4b1d-b806-cdfb3bcb1204 ] Request (MigrationsAdminTest:test_list_migrations_in_flavor_resize_situation): 200 GET http://10.180.1.21/compute/v2.1/servers/00eb52c2-6033-4317-840b-9cd00a020882 5.176s
2025-11-23 03:59:50.459 67690 INFO tempest.common.waiters [-] State transition "RESIZE/resize_prep" ==> "RESIZE/resize_migrating" after 20 second wait
2025-11-23 03:59:50.538 67640 INFO tempest.lib.common.rest_client [req-ade5ed29-ed47-4a75-8d2c-7dea1d465a6d req-ade5ed29-ed47-4a75-8d2c-7dea1d465a6d ] Request (HypervisorAdminTestJSON:tearDownClass): 204 DELETE http://10.180.1.21/networking/v2.0/security-groups/3b356bfb-e824-4148-80bc-2eaae8e10a84 0.249s
2025-11-23 03:59:50.662 67640 INFO tempest.lib.common.rest_client [req-689a7a78-bad5-4677-b38d-16a3c360c6f4 req-689a7a78-bad5-4677-b38d-16a3c360c6f4 ] Request (HypervisorAdminTestJSON:tearDownClass): 204 DELETE http://10.180.1.21/identity/v3/projects/729d69fadfb349418b97b774cbf22ab0 0.124s
2025-11-23 03:59:50.751 67640 INFO tempest.lib.common.rest_client [req-6974f490-fca1-465a-9ab5-10586d855085 req-6974f490-fca1-465a-9ab5-10586d855085 ] Request (HypervisorAdminUnderV252Test:setUpClass): 201 POST http://10.180.1.21/identity/v3/auth/tokens 0.087s
2025-11-23 03:59:50.788 67640 INFO tempest.lib.common.rest_client [req-3bedc164-5914-4c66-bc8b-44619a06201b req-3bedc164-5914-4c66-bc8b-44619a06201b ] Request (HypervisorAdminUnderV252Test:setUpClass): 201 POST http://10.180.1.21/identity/v3/auth/tokens 0.034s
2025-11-23 03:59:50.814 67640 INFO tempest.lib.common.rest_client [req-82ef7fac-0e98-4471-9da9-c35da66b6b9c req-82ef7fac-0e98-4471-9da9-c35da66b6b9c ] Request (HypervisorAdminUnderV252Test:setUpClass): 200 GET http://10.180.1.21/identity/v3/domains?name=Default 0.026s
2025-11-23 03:59:50.842 67688 INFO tempest.lib.common.rest_client [req-d07a3996-2b91-46cb-843f-d0bbfb06e34e req-d07a3996-2b91-46cb-843f-d0bbfb06e34e ] Request (DeleteServersAdminTestJSON:test_delete_server_while_in_error_state): 200 GET http://10.180.1.21/compute/v2.1/servers/259782cd-e0ba-4463-9424-9134ff2b0f0c 4.440s
2025-11-23 03:59:50.851 67640 INFO tempest.lib.common.rest_client [req-306d073a-929a-4305-87ac-22176522d9bb req-306d073a-929a-4305-87ac-22176522d9bb ] Request (HypervisorAdminUnderV252Test:setUpClass): 201 POST http://10.180.1.21/identity/v3/projects 0.036s
2025-11-23 03:59:50.935 67640 INFO tempest.lib.common.rest_client [req-652ccbd3-3f3a-4120-aac1-8665049f6e4a req-652ccbd3-3f3a-4120-aac1-8665049f6e4a ] Request (HypervisorAdminUnderV252Test:setUpClass): 201 POST http://10.180.1.21/identity/v3/users 0.083s
2025-11-23 03:59:50.965 67640 INFO tempest.lib.common.rest_client [req-1121d321-2899-4223-9a71-865f05c04bc6 req-1121d321-2899-4223-9a71-865f05c04bc6 ] Request (HypervisorAdminUnderV252Test:setUpClass): 200 GET http://10.180.1.21/identity/v3/roles 0.029s
2025-11-23 03:59:50.999 67640 INFO tempest.lib.common.rest_client [req-3431c585-60a3-4023-9d46-f826888326f4 req-3431c585-60a3-4023-9d46-f826888326f4 ] Request (HypervisorAdminUnderV252Test:setUpClass): 204 PUT http://10.180.1.21/identity/v3/projects/1789a889775f428b9d0bc533099204e1/users/4013b5838aa248ea976b8ccc6dfc3d61/roles/59b39857c73c4d0b99fc9d43a7df1cde 0.034s
2025-11-23 03:59:51.000 67640 INFO tempest.lib.common.dynamic_creds [-] Dynamic test user 4013b5838aa248ea976b8ccc6dfc3d61 is created with scope project and roles: ['member']
2025-11-23 03:59:51.000 67640 INFO tempest.lib.common.dynamic_creds [-] Acquired dynamic creds: credentials: Credentials: {'domain_id': 'default', 'domain_name': 'Default', 'username': 'tempest-HypervisorAdminUnderV252Test-1466776117-project-member', 'project_domain_id': 'default', 'project_domain_name': 'Default', 'project_id': '1789a889775f428b9d0bc533099204e1', 'project_name': 'tempest-HypervisorAdminUnderV252Test-1466776117', 'tenant_id': '1789a889775f428b9d0bc533099204e1', 'tenant_name': 'tempest-HypervisorAdminUnderV252Test-1466776117', 'user_domain_id': 'default', 'user_domain_name': 'Default', 'user_id': '4013b5838aa248ea976b8ccc6dfc3d61', 'system': None}, Network: None, Subnet: None, Router: None
2025-11-23 03:59:51.000 67640 INFO tempest.lib.common.dynamic_creds [-] Created isolated network resources for: credentials: Credentials: {'domain_id': 'default', 'domain_name': 'Default', 'username': 'tempest-HypervisorAdminUnderV252Test-1466776117-project-member', 'project_domain_id': 'default', 'project_domain_name': 'Default', 'project_id': '1789a889775f428b9d0bc533099204e1', 'project_name': 'tempest-HypervisorAdminUnderV252Test-1466776117', 'tenant_id': '1789a889775f428b9d0bc533099204e1', 'tenant_name': 'tempest-HypervisorAdminUnderV252Test-1466776117', 'user_domain_id': 'default', 'user_domain_name': 'Default', 'user_id': '4013b5838aa248ea976b8ccc6dfc3d61', 'system': None}, Network: None, Subnet: None, Router: None
2025-11-23 03:59:51.050 67638 INFO tempest.lib.common.rest_client [req-72a531dc-404a-44ef-8263-72d7d9cb7967 req-72a531dc-404a-44ef-8263-72d7d9cb7967 ] Request (QuotasAdminTestJSON:test_get_updated_quotas): 200 PUT http://10.180.1.21/compute/v2.1/os-quota-sets/d7405c80b79844db9dc10fb5d65277d5?user_id=44f54aa707ce4d40ab3b6fdc63dada10 4.286s
2025-11-23 03:59:51.056 67650 INFO tempest.lib.common.rest_client [req-c0c84b22-5813-4063-950b-e9072e0c6937 req-c0c84b22-5813-4063-950b-e9072e0c6937 ] Request (MultipleCreateNegativeTestJSON:test_max_count_non_integer): 400 POST http://10.180.1.21/compute/v2.1/servers 3.668s
2025-11-23 03:59:51.084 67640 INFO tempest.lib.common.rest_client [req-53b4fd25-cc1f-47f9-83f7-261db6ff98d7 req-53b4fd25-cc1f-47f9-83f7-261db6ff98d7 ] Request (HypervisorAdminUnderV252Test:setUpClass): 201 POST http://10.180.1.21/identity/v3/auth/tokens 0.080s
2025-11-23 03:59:51.120 67650 INFO tempest.lib.common.rest_client [req-a2ad19bf-dc86-44b7-b832-f38252b3b319 req-a2ad19bf-dc86-44b7-b832-f38252b3b319 ] Request (MultipleCreateNegativeTestJSON:test_min_count_less_than_one): 201 POST http://10.180.1.21/identity/v3/auth/tokens 0.059s
2025-11-23 03:59:51.120 67650 INFO tempest.lib.common.fixed_network [-] (MultipleCreateNegativeTestJSON:test_min_count_less_than_one) Found network None available for tenant
2025-11-23 03:59:51.147 67628 INFO tempest.lib.common.rest_client [req-f718ae4d-b7c5-4428-9091-ebc02d67d9c6 req-f718ae4d-b7c5-4428-9091-ebc02d67d9c6 ] Request (ImagesOneServerNegativeTestJSON:setUpClass): 202 POST http://10.180.1.21/compute/v2.1/servers 4.855s
2025-11-23 03:59:51.218 67656 INFO tempest.lib.common.rest_client [req-80cfd784-efe5-4c12-919d-a029c5e9ba0b req-80cfd784-efe5-4c12-919d-a029c5e9ba0b ] Request (ListServersNegativeTestJSON:setUpClass): 200 GET http://10.180.1.21/compute/v2.1/servers/4c2d1132-5148-4c5d-8778-c3f5963ba1fe 3.432s
2025-11-23 03:59:51.222 67662 INFO tempest.lib.common.rest_client [req-377c51f2-1ced-4cdf-ba4a-d570affd1963 req-377c51f2-1ced-4cdf-ba4a-d570affd1963 ] Request (ServerActionsTestOtherB:setUpClass): 200 GET http://10.180.1.21/compute/v2.1/servers/5040248c-fe52-445a-9358-8994da9cc905 3.720s
2025-11-23 03:59:51.228 67674 INFO tempest.lib.common.rest_client [req-f493a0c3-3dbb-42a5-b002-51e1c0ad02c5 req-f493a0c3-3dbb-42a5-b002-51e1c0ad02c5 ] Request (AggregatesAdminNegativeTestJSON:test_aggregate_delete_as_user): 403 DELETE http://10.180.1.21/compute/v2.1/os-aggregates/5 3.405s
2025-11-23 03:59:51.229 67662 INFO tempest.common.waiters [-] State transition "BUILD/None" ==> "BUILD/spawning" after 21 second wait
2025-11-23 03:59:51.275 67664 INFO tempest.lib.common.rest_client [req-7eb00b30-23c0-40c0-a8c4-c9d806a8e594 req-7eb00b30-23c0-40c0-a8c4-c9d806a8e594 ] Request (ServerDiagnosticsNegativeTest:test_get_server_diagnostics_by_non_admin): 200 GET http://10.180.1.21/compute/v2.1/servers/449319bb-3528-4ffa-9348-cc9e3304499b 3.465s
2025-11-23 03:59:51.299 67640 INFO tempest.lib.common.rest_client [req-9bed3fa2-7ec8-42aa-8d39-705dc941374e req-9bed3fa2-7ec8-42aa-8d39-705dc941374e ] Request (HypervisorAdminUnderV252Test:setUpClass): 201 POST http://10.180.1.21/identity/v3/projects 0.214s
2025-11-23 03:59:51.352 67654 INFO tempest.lib.common.rest_client [req-76023b39-6710-46f3-b246-ece23ac00489 req-76023b39-6710-46f3-b246-ece23ac00489 ] Request (SecurityGroupsTestAdminJSON:test_list_security_groups_list_all_tenants_filter): 200 GET http://10.180.1.21/compute/v2.1/os-security-groups?all_tenants=true 3.511s
2025-11-23 03:59:51.369 67640 INFO tempest.lib.common.rest_client [req-4ebc0fa7-0f2e-4eff-ae91-9068d4c74304 req-4ebc0fa7-0f2e-4eff-ae91-9068d4c74304 ] Request (HypervisorAdminUnderV252Test:setUpClass): 201 POST http://10.180.1.21/identity/v3/users 0.069s
2025-11-23 03:59:51.502 67640 INFO tempest.lib.common.rest_client [req-3d3d0425-482f-42bd-bade-d238e05a258f req-3d3d0425-482f-42bd-bade-d238e05a258f ] Request (HypervisorAdminUnderV252Test:setUpClass): 200 GET http://10.180.1.21/identity/v3/roles 0.133s
2025-11-23 03:59:51.513 67670 INFO tempest.lib.common.rest_client [req-ccb30711-f09d-4046-a6ff-1db6307511f5 req-ccb30711-f09d-4046-a6ff-1db6307511f5 ] Request (FlavorsAdminTestJSON:test_create_list_flavor_without_extra_data): 200 GET http://10.180.1.21/compute/v2.1/flavors/detail 3.471s
2025-11-23 03:59:51.540 67640 INFO tempest.lib.common.rest_client [req-1b49da9f-33a3-424a-abd0-4ca3d0d684b1 req-1b49da9f-33a3-424a-abd0-4ca3d0d684b1 ] Request (HypervisorAdminUnderV252Test:setUpClass): 204 PUT http://10.180.1.21/identity/v3/projects/6899dcd65b204f6b8a566948c5b59a3b/users/38d07111bc284470b0122eda6cc334b8/roles/5bdf2d5cb6634b6c8829aec8b6a9f650 0.037s
2025-11-23 03:59:51.546 67642 INFO tempest.lib.common.rest_client [req-3fddc911-9999-4f34-97f2-75a7e857144e req-3fddc911-9999-4f34-97f2-75a7e857144e ] Request (FlavorsV2TestJSON:test_list_flavors_filter_by_min_ram): 200 GET http://10.180.1.21/compute/v2.1/flavors?minRam=193 3.488s
2025-11-23 03:59:51.548 67630 INFO tempest.lib.common.rest_client [req-e752ed93-525d-463b-8942-89074013956a req-e752ed93-525d-463b-8942-89074013956a ] Request (FlavorsAccessNegativeTestJSON:_run_cleanups): 200 POST http://10.180.1.21/compute/v2.1/flavors/1456180693/action 3.525s
2025-11-23 03:59:51.616 67640 INFO tempest.lib.common.rest_client [req-0ac1d75e-2f1b-463a-9622-4a7fd733515e req-0ac1d75e-2f1b-463a-9622-4a7fd733515e ] Request (HypervisorAdminUnderV252Test:setUpClass): 200 GET http://10.180.1.21/identity/v3/roles 0.074s
2025-11-23 03:59:51.641 67640 INFO tempest.lib.common.rest_client [req-34adfc6f-b59c-4b72-9a57-e2433c453857 req-34adfc6f-b59c-4b72-9a57-e2433c453857 ] Request (HypervisorAdminUnderV252Test:setUpClass): 204 PUT http://10.180.1.21/identity/v3/projects/6899dcd65b204f6b8a566948c5b59a3b/users/38d07111bc284470b0122eda6cc334b8/roles/5bdf2d5cb6634b6c8829aec8b6a9f650 0.025s
2025-11-23 03:59:51.642 67640 INFO tempest.lib.common.dynamic_creds [-] Dynamic test user 38d07111bc284470b0122eda6cc334b8 is created with scope project and roles: ['admin']
2025-11-23 03:59:51.642 67640 INFO tempest.lib.common.dynamic_creds [-] Acquired dynamic creds: credentials: Credentials: {'domain_id': 'default', 'domain_name': 'Default', 'username': 'tempest-HypervisorAdminUnderV252Test-1827778306-project-admin', 'project_domain_id': 'default', 'project_domain_name': 'Default', 'project_id': '6899dcd65b204f6b8a566948c5b59a3b', 'project_name': 'tempest-HypervisorAdminUnderV252Test-1827778306', 'tenant_id': '6899dcd65b204f6b8a566948c5b59a3b', 'tenant_name': 'tempest-HypervisorAdminUnderV252Test-1827778306', 'user_domain_id': 'default', 'user_domain_name': 'Default', 'user_id': '38d07111bc284470b0122eda6cc334b8', 'system': None}, Network: None, Subnet: None, Router: None
