2025-11-23 04:02:47.956 67634 INFO tempest.lib.common.rest_client [req-1ed11aaf-93ad-4446-afc2-1dc0c7f2e36f req-1ed11aaf-93ad-4446-afc2-1dc0c7f2e36f ] Request (ServersTestBootFromVolume:tearDownClass): 200 PUT http://10.180.1.21/networking/v2.0/routers/96564868-f64e-4776-b64f-dc70ca861ae9/remove_router_interface 1.030s
2025-11-23 04:02:47.984 67680 INFO tempest.lib.common.rest_client [req-c4e12730-1e2e-4ce4-ab6b-5c86076cb401 req-c4e12730-1e2e-4ce4-ab6b-5c86076cb401 ] Request (ServerShowV247Test:test_update_rebuild_list_server): 200 GET http://10.180.1.21/compute/v2.1/servers/40d51692-e4c4-41a3-8f10-8d9bbf67828c 0.534s
2025-11-23 04:02:48.010 67658 INFO tempest.lib.common.rest_client [req-115889f4-947f-425d-933e-d1ba23862f0a req-115889f4-947f-425d-933e-d1ba23862f0a ] Request (ServerDiskConfigTestJSON:test_rebuild_server_with_auto_disk_config): 200 GET http://10.180.1.21/compute/v2.1/servers/5a7fd448-46d7-44b6-8cd7-6725bd923be0 0.550s
2025-11-23 04:02:48.343 67648 INFO tempest.lib.common.rest_client [req-55601093-4f84-461e-8108-836107168a96 req-55601093-4f84-461e-8108-836107168a96 ] Request (AttachInterfacesV270Test:tearDownClass): 200 GET http://10.180.1.21/compute/v2.1/servers/c80bd973-b925-4e76-802d-440adde0ca11 0.730s
2025-11-23 04:02:48.422 67634 INFO tempest.lib.common.rest_client [req-ed9304ad-be50-495d-936a-7150d974dcd5 req-ed9304ad-be50-495d-936a-7150d974dcd5 ] Request (ServersTestBootFromVolume:tearDownClass): 204 DELETE http://10.180.1.21/networking/v2.0/routers/96564868-f64e-4776-b64f-dc70ca861ae9 0.466s
2025-11-23 04:02:48.458 67632 INFO tempest.lib.common.rest_client [req-d5613558-e927-407e-9a1f-40ab76016648 req-d5613558-e927-407e-9a1f-40ab76016648 ] Request (ListServerFiltersTestJSON:setUpClass): 200 GET http://10.180.1.21/compute/v2.1/servers/cd1e6d4a-e042-4ebe-9eb0-2d31b70cdf0a 0.875s
2025-11-23 04:02:48.510 67630 INFO tempest.lib.common.rest_client [req-5d981f36-dd6d-41cd-8e7f-65fcee1520ab req-5d981f36-dd6d-41cd-8e7f-65fcee1520ab ] Request (ImagesTestJSON:test_create_image_from_suspended_server): 200 GET http://10.180.1.21/compute/v2.1/images/a7def661-d986-44dc-a4eb-932c72dcca03 0.858s
2025-11-23 04:02:48.644 67634 INFO tempest.lib.common.rest_client [req-059419eb-d83b-428d-aa45-3174b83c03b3 req-059419eb-d83b-428d-aa45-3174b83c03b3 ] Request (ServersTestBootFromVolume:tearDownClass): 204 DELETE http://10.180.1.21/networking/v2.0/subnets/9740786e-d0fb-4e1e-a596-cb35738a12f3 0.221s
2025-11-23 04:02:48.678 67678 INFO tempest.lib.common.rest_client [req-64d464dc-218b-4546-8930-302f92339acd req-64d464dc-218b-4546-8930-302f92339acd ] Request (SecurityGroupsTestJSON:test_list_security_groups_by_server): 200 GET http://10.180.1.21/compute/v2.1/servers/9991d7a6-20bf-42e4-8430-139fdc2adc56 1.034s
2025-11-23 04:02:48.685 67678 INFO tempest.common.waiters [-] State transition "BUILD/None" ==> "BUILD/block_device_mapping" after 51 second wait
2025-11-23 04:02:48.696 67666 INFO tempest.lib.common.rest_client [req-ac56adf3-9aaf-4bbc-8677-106497b29aac req-ac56adf3-9aaf-4bbc-8677-106497b29aac ] Request (ServersListShow296Test:tearDownClass): 200 GET http://10.180.1.21/compute/v2.1/servers/ff85d10a-dc1c-41a7-8e61-5a7ab26c65f2 0.873s
2025-11-23 04:02:48.914 67634 INFO tempest.lib.common.rest_client [req-367f74ab-7529-46da-baa4-bd374c26c2df req-367f74ab-7529-46da-baa4-bd374c26c2df ] Request (ServersTestBootFromVolume:tearDownClass): 204 DELETE http://10.180.1.21/networking/v2.0/networks/0d45a866-1e47-4097-8f0c-86d84907a55c 0.270s
2025-11-23 04:02:49.020 67668 INFO tempest.lib.common.rest_client [req-56a5ffb0-a522-4cc4-a03a-9ff8879f52a8 req-56a5ffb0-a522-4cc4-a03a-9ff8879f52a8 ] Request (ServerDiagnosticsTest:tearDownClass): 200 GET http://10.180.1.21/compute/v2.1/servers/f8c77991-b47c-4e06-a029-680bad0088f9 1.036s
2025-11-23 04:02:49.066 67662 INFO tempest.lib.common.rest_client [req-049ffafb-f313-4ff5-a6a3-6e3d6ad04282 req-049ffafb-f313-4ff5-a6a3-6e3d6ad04282 ] Request (ServerActionsTestOtherB:test_resize_server_confirm_from_stopped): 200 GET http://10.180.1.21/compute/v2.1/servers/5040248c-fe52-445a-9358-8994da9cc905 1.094s
2025-11-23 04:02:49.085 67634 INFO tempest.lib.common.rest_client [req-157218a7-bd4f-4b54-95dc-45e40763d4a7 req-157218a7-bd4f-4b54-95dc-45e40763d4a7 ] Request (ServersTestBootFromVolume:tearDownClass): 204 DELETE http://10.180.1.21/identity/v3/users/b538b94c338a446eb72421c4acadabf3 0.170s
2025-11-23 04:02:49.085 67634 INFO tempest.lib.common.dynamic_creds [-] Deleting project and security group for project: 3bcd70c4daff4f9d8c4a841bc82d65f2
2025-11-23 04:02:49.208 67634 INFO tempest.lib.common.rest_client [req-acf45952-cb08-41c2-9371-2087401949a7 req-acf45952-cb08-41c2-9371-2087401949a7 ] Request (ServersTestBootFromVolume:tearDownClass): 200 GET http://10.180.1.21/networking/v2.0/security-groups?tenant_id=3bcd70c4daff4f9d8c4a841bc82d65f2&name=default 0.122s
2025-11-23 04:02:49.240 67670 INFO tempest.lib.common.rest_client [req-684f3219-45f9-455f-96d3-242dc7d416c2 req-684f3219-45f9-455f-96d3-242dc7d416c2 ] Request (ServerActionsV293TestJSON:setUpClass): 200 GET http://10.180.1.21/compute/v2.1/servers/05c77f87-c9d4-4ddb-bfe4-1d5609767291 0.827s
2025-11-23 04:02:49.292 67690 INFO tempest.lib.common.rest_client [req-64a27e51-0c15-432f-b97b-d99c514a0e2e req-64a27e51-0c15-432f-b97b-d99c514a0e2e ] Request (MigrationsAdminTest:test_resize_server_revert_deleted_flavor): 200 GET http://10.180.1.21/compute/v2.1/servers/716423b8-b60c-41f4-9cae-d16d7394f232 1.010s
2025-11-23 04:02:49.372 67634 INFO tempest.lib.common.rest_client [req-9a73f617-4619-4a7f-b63b-998939a841f7 req-9a73f617-4619-4a7f-b63b-998939a841f7 ] Request (ServersTestBootFromVolume:tearDownClass): 204 DELETE http://10.180.1.21/networking/v2.0/security-groups/8d068c9f-442a-4697-862e-632fdcd7b2a2 0.163s
2025-11-23 04:02:49.409 67636 INFO tempest.lib.common.rest_client [req-a8e43430-5af3-446e-82f5-0b1272aa40c1 req-a8e43430-5af3-446e-82f5-0b1272aa40c1 ] Request (ServersNegativeTestJSON:setUpClass): 200 GET http://10.180.1.21/compute/v2.1/servers/126043ce-30da-4bc5-bc8d-98d3c8809c4c 0.991s
2025-11-23 04:02:49.422 67660 INFO tempest.lib.common.rest_client [req-ab2a3259-99bf-43fd-91a0-4e109eb07821 req-ab2a3259-99bf-43fd-91a0-4e109eb07821 ] Request (VolumesAdminNegativeTest:test_update_attached_volume_with_nonexistent_volume_in_uri): 200 GET http://10.180.1.21/compute/v2.1/servers/e5bea2df-df08-4c1b-99ca-6f9974b998ec 0.939s
2025-11-23 04:02:49.470 67634 INFO tempest.lib.common.rest_client [req-0a81c843-f71e-472b-b0d7-c7bb5c1c205a req-0a81c843-f71e-472b-b0d7-c7bb5c1c205a ] Request (ServersTestBootFromVolume:tearDownClass): 204 DELETE http://10.180.1.21/identity/v3/projects/3bcd70c4daff4f9d8c4a841bc82d65f2 0.097s
2025-11-23 04:02:49.473 67646 INFO tempest.lib.common.rest_client [req-9255fa5a-e4db-46bd-8af0-02f00b1c107e req-9255fa5a-e4db-46bd-8af0-02f00b1c107e ] Request (ServersAdminTestJSON:tearDownClass): 200 GET http://10.180.1.21/compute/v2.1/servers/54bf008f-fc47-4f81-84c6-1ed3d6333f6e 0.969s
2025-11-23 04:02:49.483 67628 INFO tempest.lib.common.rest_client [req-286c8be5-efd4-412c-b673-fc55a487f924 req-286c8be5-efd4-412c-b673-fc55a487f924 ] Request (ImagesOneServerNegativeTestJSON:_run_cleanups): 200 GET http://10.180.1.21/compute/v2.1/servers/d00d58f0-5297-4c00-a14d-59a92da588ea 0.935s
2025-11-23 04:02:49.540 67686 INFO tempest.lib.common.rest_client [req-98c488a9-74d2-420f-bd7e-843e451abdf3 req-98c488a9-74d2-420f-bd7e-843e451abdf3 ] Request (ServersV294TestFqdnHostnames:tearDownClass): 200 GET http://10.180.1.21/compute/v2.1/servers/fabdcef7-2cd8-4138-bd67-f0d962fcde2d 0.952s
2025-11-23 04:02:49.543 67634 INFO tempest.lib.common.rest_client [req-b2d5d0a3-3006-4d95-b611-61feab57b8bb req-b2d5d0a3-3006-4d95-b611-61feab57b8bb ] Request (InstanceActionsTestJSON:setUpClass): 201 POST http://10.180.1.21/identity/v3/auth/tokens 0.072s
2025-11-23 04:02:49.580 67634 INFO tempest.lib.common.rest_client [req-72297b14-7f07-45bb-83fa-f38d1516da0b req-72297b14-7f07-45bb-83fa-f38d1516da0b ] Request (InstanceActionsTestJSON:setUpClass): 201 POST http://10.180.1.21/identity/v3/auth/tokens 0.034s
2025-11-23 04:02:49.582 67644 INFO tempest.lib.common.rest_client [req-629e4e99-21ae-486d-a931-9df0b07dbd7a req-629e4e99-21ae-486d-a931-9df0b07dbd7a ] Request (ServersTestMultiNic:_run_cleanups): 200 GET http://10.180.1.21/compute/v2.1/servers/8760dbb9-dd86-45b1-9a1d-e5e421c4be89 0.961s
2025-11-23 04:02:49.602 67672 INFO tempest.lib.common.rest_client [req-5cdaeec9-8cb3-4f74-b543-ed057176d7e2 req-5cdaeec9-8cb3-4f74-b543-ed057176d7e2 ] Request (AttachVolumeTestJSON:test_attach_detach_volume): 200 GET http://10.180.1.21/compute/v2.1/servers/79b4b563-549a-43fd-a928-d9a423a25567 0.960s
2025-11-23 04:02:49.607 67634 INFO tempest.lib.common.rest_client [req-0460f149-3309-4611-a68b-a7667912ede9 req-0460f149-3309-4611-a68b-a7667912ede9 ] Request (InstanceActionsTestJSON:setUpClass): 200 GET http://10.180.1.21/identity/v3/domains?name=Default 0.026s
2025-11-23 04:02:49.631 67652 INFO tempest.lib.common.rest_client [req-1c67ac1a-e1a2-4d9c-9bb0-75d3d9323937 req-1c67ac1a-e1a2-4d9c-9bb0-75d3d9323937 ] Request (DeleteServersTestJSON:test_delete_server_while_in_attached_volume): 200 GET http://10.180.1.21/compute/v2.1/servers/652fb816-0195-48d5-879f-1900a526d674 0.944s
2025-11-23 04:02:49.635 67634 INFO tempest.lib.common.rest_client [req-5f4fcbe0-5a9f-463d-b96d-60938b21bf5b req-5f4fcbe0-5a9f-463d-b96d-60938b21bf5b ] Request (InstanceActionsTestJSON:setUpClass): 201 POST http://10.180.1.21/identity/v3/projects 0.028s
2025-11-23 04:02:49.664 67638 INFO tempest.lib.common.rest_client [req-85f58de8-5b48-4035-bb6f-cbab63d1c7e7 req-85f58de8-5b48-4035-bb6f-cbab63d1c7e7 ] Request (MultipleCreateTestJSON:test_multiple_create_with_reservation_return): 200 GET http://10.180.1.21/compute/v2.1/servers/2f3bf8e1-0c62-4e0b-a38c-5bb8fd0b1b10 0.961s
2025-11-23 04:02:49.709 67642 INFO tempest.lib.common.rest_client [req-d3044d33-ba13-439a-b95f-4e274c5a847e req-d3044d33-ba13-439a-b95f-4e274c5a847e ] Request (ImagesOneServerTestJSON:tearDownClass): 200 GET http://10.180.1.21/compute/v2.1/servers/fa471957-e4d2-4ef8-9172-82d1b9d6a737 0.907s
2025-11-23 04:02:49.719 67634 INFO tempest.lib.common.rest_client [req-adf4404b-b684-4527-ac5e-a59a37b37255 req-adf4404b-b684-4527-ac5e-a59a37b37255 ] Request (InstanceActionsTestJSON:setUpClass): 201 POST http://10.180.1.21/identity/v3/users 0.083s
2025-11-23 04:02:49.733 67688 INFO tempest.lib.common.rest_client [req-535e9bd2-78e3-4f94-8da8-69879364c340 req-535e9bd2-78e3-4f94-8da8-69879364c340 ] Request (InstanceActionsV221TestJSON:test_get_list_deleted_instance_actions): 200 GET http://10.180.1.21/compute/v2.1/servers/be0127ec-20f8-49ee-b301-d650036c3051 0.823s
2025-11-23 04:02:49.743 67634 INFO tempest.lib.common.rest_client [req-b529b093-e7cb-4838-817a-a0374bf83918 req-b529b093-e7cb-4838-817a-a0374bf83918 ] Request (InstanceActionsTestJSON:setUpClass): 200 GET http://10.180.1.21/identity/v3/roles 0.023s
2025-11-23 04:02:49.770 67684 INFO tempest.lib.common.rest_client [req-aeb1e7da-644a-4534-bd5c-0ad27b37ff52 req-aeb1e7da-644a-4534-bd5c-0ad27b37ff52 ] Request (AttachVolumeNegativeTest:test_attach_attached_volume_to_different_server): 200 GET http://10.180.1.21/compute/v2.1/servers/fcef74b7-3143-4dfd-b0d9-d48fa347e831 0.849s
2025-11-23 04:02:49.779 67634 INFO tempest.lib.common.rest_client [req-b9ded797-37bc-48e3-86c0-ca82cf809798 req-b9ded797-37bc-48e3-86c0-ca82cf809798 ] Request (InstanceActionsTestJSON:setUpClass): 204 PUT http://10.180.1.21/identity/v3/projects/66423241b9d34f2ab999939f8006be03/users/e79ffd9c21c74176903eaeb88492aa8e/roles/59b39857c73c4d0b99fc9d43a7df1cde 0.036s
2025-11-23 04:02:49.779 67634 INFO tempest.lib.common.dynamic_creds [-] Dynamic test user e79ffd9c21c74176903eaeb88492aa8e is created with scope project and roles: ['member']
2025-11-23 04:02:49.779 67634 INFO tempest.lib.common.dynamic_creds [-] Acquired dynamic creds: credentials: Credentials: {'domain_id': 'default', 'domain_name': 'Default', 'username': 'tempest-InstanceActionsTestJSON-1644997033-project-member', 'project_domain_id': 'default', 'project_domain_name': 'Default', 'project_id': '66423241b9d34f2ab999939f8006be03', 'project_name': 'tempest-InstanceActionsTestJSON-1644997033', 'tenant_id': '66423241b9d34f2ab999939f8006be03', 'tenant_name': 'tempest-InstanceActionsTestJSON-1644997033', 'user_domain_id': 'default', 'user_domain_name': 'Default', 'user_id': 'e79ffd9c21c74176903eaeb88492aa8e', 'system': None}, Network: None, Subnet: None, Router: None
2025-11-23 04:02:49.789 67680 INFO tempest.lib.common.rest_client [req-d93f9ec2-b66a-4095-b60a-383593d89122 req-d93f9ec2-b66a-4095-b60a-383593d89122 ] Request (ServerShowV247Test:test_update_rebuild_list_server): 200 GET http://10.180.1.21/compute/v2.1/servers/40d51692-e4c4-41a3-8f10-8d9bbf67828c 0.786s
2025-11-23 04:02:49.800 67680 INFO tempest.common.waiters [-] State transition "REBUILD/rebuilding" ==> "REBUILD/rebuild_spawning" after 3 second wait
2025-11-23 04:02:49.831 67658 INFO tempest.lib.common.rest_client [req-c379b78d-93bc-4718-827e-0329fc7e6348 req-c379b78d-93bc-4718-827e-0329fc7e6348 ] Request (ServerDiskConfigTestJSON:test_rebuild_server_with_auto_disk_config): 200 GET http://10.180.1.21/compute/v2.1/servers/5a7fd448-46d7-44b6-8cd7-6725bd923be0 0.805s
2025-11-23 04:02:49.846 67634 INFO tempest.lib.common.rest_client [req-217c926c-f7f9-4e86-9ea0-1c5196614c8a req-217c926c-f7f9-4e86-9ea0-1c5196614c8a ] Request (InstanceActionsTestJSON:setUpClass): 201 POST http://10.180.1.21/identity/v3/auth/tokens 0.066s
2025-11-23 04:02:49.858 67648 INFO tempest.lib.common.rest_client [req-a28ac2d2-2db0-4274-af4b-8cdcd38642eb req-a28ac2d2-2db0-4274-af4b-8cdcd38642eb ] Request (AttachInterfacesV270Test:tearDownClass): 200 GET http://10.180.1.21/compute/v2.1/servers/c80bd973-b925-4e76-802d-440adde0ca11 0.505s
2025-11-23 04:02:49.890 67630 INFO tempest.lib.common.rest_client [req-18c9c9f4-118a-4d7a-96cd-4e61a69cdca1 req-18c9c9f4-118a-4d7a-96cd-4e61a69cdca1 ] Request (ImagesTestJSON:test_create_image_from_suspended_server): 200 GET http://10.180.1.21/compute/v2.1/images/a7def661-d986-44dc-a4eb-932c72dcca03 0.376s
2025-11-23 04:02:50.093 67632 INFO tempest.lib.common.rest_client [req-1a2f34e7-c287-440c-98d3-c38d98d9cda1 req-1a2f34e7-c287-440c-98d3-c38d98d9cda1 ] Request (ListServerFiltersTestJSON:setUpClass): 200 GET http://10.180.1.21/compute/v2.1/servers/cd1e6d4a-e042-4ebe-9eb0-2d31b70cdf0a 0.625s
2025-11-23 04:02:50.121 67678 INFO tempest.lib.common.rest_client [req-c8043714-8be5-4adb-b078-9ada9f904ff9 req-c8043714-8be5-4adb-b078-9ada9f904ff9 ] Request (SecurityGroupsTestJSON:test_list_security_groups_by_server): 200 GET http://10.180.1.21/compute/v2.1/servers/9991d7a6-20bf-42e4-8430-139fdc2adc56 0.433s
2025-11-23 04:02:50.128 67678 INFO tempest.common.waiters [-] State transition "BUILD/block_device_mapping" ==> "BUILD/spawning" after 53 second wait
2025-11-23 04:02:50.152 67634 INFO tempest.lib.common.rest_client [req-ad1abd45-0eef-4fc8-8335-f79474388352 req-ad1abd45-0eef-4fc8-8335-f79474388352 ] Request (InstanceActionsTestJSON:setUpClass): 201 POST http://10.180.1.21/networking/v2.0/networks 0.305s
2025-11-23 04:02:50.184 67666 INFO tempest.lib.common.rest_client [req-a564f6cf-07ce-4ac1-a152-9b3385bf6ab5 req-a564f6cf-07ce-4ac1-a152-9b3385bf6ab5 ] Request (ServersListShow296Test:tearDownClass): 200 GET http://10.180.1.21/compute/v2.1/servers/ff85d10a-dc1c-41a7-8e61-5a7ab26c65f2 0.473s
2025-11-23 04:02:50.197 67630 INFO tempest.lib.common.rest_client [req-7d41de08-a80c-42bd-b3cb-a6b5112c9140 req-7d41de08-a80c-42bd-b3cb-a6b5112c9140 ] Request (ImagesTestJSON:test_create_image_from_suspended_server): 200 GET http://10.180.1.21/compute/v2.1/images/a7def661-d986-44dc-a4eb-932c72dcca03 0.303s
2025-11-23 04:02:50.226 67630 INFO tempest.lib.common.rest_client [req-91b8f132-54f8-4655-af53-d451728da23d req-91b8f132-54f8-4655-af53-d451728da23d ] Request (ImagesTestJSON:test_create_image_from_suspended_server): 200 GET http://10.180.1.21/image/v2/images/a7def661-d986-44dc-a4eb-932c72dcca03/tasks 0.024s
2025-11-23 04:02:50.301 67668 INFO tempest.lib.common.rest_client [req-ca658a4f-2fca-49e8-8230-37d7cd584d28 req-ca658a4f-2fca-49e8-8230-37d7cd584d28 ] Request (ServerDiagnosticsTest:tearDownClass): 200 GET http://10.180.1.21/compute/v2.1/servers/f8c77991-b47c-4e06-a029-680bad0088f9 0.267s
2025-11-23 04:02:50.329 67634 INFO tempest.lib.common.rest_client [req-958f310f-50d9-4ba2-a2a8-b579c3c775d1 req-958f310f-50d9-4ba2-a2a8-b579c3c775d1 ] Request (InstanceActionsTestJSON:setUpClass): 201 POST http://10.180.1.21/networking/v2.0/subnets 0.176s
2025-11-23 04:02:50.332 67662 INFO tempest.lib.common.rest_client [req-11887908-56b2-440e-b8f5-507ccea3ae60 req-11887908-56b2-440e-b8f5-507ccea3ae60 ] Request (ServerActionsTestOtherB:test_resize_server_confirm_from_stopped): 200 GET http://10.180.1.21/compute/v2.1/servers/5040248c-fe52-445a-9358-8994da9cc905 0.256s
2025-11-23 04:02:50.392 67670 INFO tempest.lib.common.rest_client [req-a2fbe01c-5243-4856-9717-1fcbcef02ec2 req-a2fbe01c-5243-4856-9717-1fcbcef02ec2 ] Request (ServerActionsV293TestJSON:setUpClass): 200 GET http://10.180.1.21/compute/v2.1/servers/05c77f87-c9d4-4ddb-bfe4-1d5609767291 0.139s
2025-11-23 04:02:50.406 67630 INFO tempest.lib.common.rest_client [req-5c1e6d11-0596-4b13-8a74-79cda95152db req-5c1e6d11-0596-4b13-8a74-79cda95152db ] Request (ImagesTestJSON:_run_cleanups): 204 DELETE http://10.180.1.21/compute/v2.1/images/a7def661-d986-44dc-a4eb-932c72dcca03 0.179s
2025-11-23 04:02:50.507 67690 INFO tempest.lib.common.rest_client [req-747d9e3f-97d4-4784-bd7f-b0b714829cfa req-747d9e3f-97d4-4784-bd7f-b0b714829cfa ] Request (MigrationsAdminTest:test_resize_server_revert_deleted_flavor): 200 GET http://10.180.1.21/compute/v2.1/servers/716423b8-b60c-41f4-9cae-d16d7394f232 0.205s
2025-11-23 04:02:50.510 67630 INFO tempest.lib.common.rest_client [req-4f287ff1-1967-403c-afff-04f00c669de2 req-4f287ff1-1967-403c-afff-04f00c669de2 ] Request (ImagesTestJSON:_run_cleanups): 204 DELETE http://10.180.1.21/compute/v2.1/servers/91fe1a38-9c3e-44ce-b4d7-fd39660de2b9 0.103s
2025-11-23 04:02:50.580 67660 INFO tempest.lib.common.rest_client [req-d0b02626-6b7c-464e-af4c-3d6faf3800f6 req-d0b02626-6b7c-464e-af4c-3d6faf3800f6 ] Request (VolumesAdminNegativeTest:test_update_attached_volume_with_nonexistent_volume_in_uri): 200 GET http://10.180.1.21/compute/v2.1/servers/e5bea2df-df08-4c1b-99ca-6f9974b998ec 0.150s
2025-11-23 04:02:50.591 67630 INFO tempest.lib.common.rest_client [req-0fa8e328-7665-4bdf-a1f5-ee7d2cad161b req-0fa8e328-7665-4bdf-a1f5-ee7d2cad161b ] Request (ImagesTestJSON:test_create_server_from_snapshot): 201 POST http://10.180.1.21/identity/v3/auth/tokens 0.077s
2025-11-23 04:02:50.591 67630 INFO tempest.lib.common.fixed_network [-] (ImagesTestJSON:test_create_server_from_snapshot) Found network {'id': 'c47233be-90c3-4195-a4a2-2e6a90b49ff9', 'name': 'tempest-ImagesTestJSON-1699118056-network', 'tenant_id': '63395ccf3e1e49d08db987a06b3bb352', 'project_id': '63395ccf3e1e49d08db987a06b3bb352', 'admin_state_up': True, 'mtu': 8950, 'status': 'ACTIVE', 'subnets': [], 'shared': False, 'port_security_enabled': True, 'router:external': False, 'provider:network_type': 'vlan', 'provider:physical_network': 'default', 'provider:segmentation_id': 21, 'availability_zone_hints': [], 'availability_zones': [], 'ipv4_address_scope': None, 'ipv6_address_scope': None, 'description': '', 'tags': [], 'created_at': '2025-11-23T04:00:07Z', 'updated_at': '2025-11-23T04:00:07Z', 'revision_number': 1} available for tenant
2025-11-23 04:02:50.596 67636 INFO tempest.lib.common.rest_client [req-f368fb7d-9ae7-4682-899c-ed3ca88f4c1b req-f368fb7d-9ae7-4682-899c-ed3ca88f4c1b ] Request (ServersNegativeTestJSON:setUpClass): 200 GET http://10.180.1.21/compute/v2.1/servers/126043ce-30da-4bc5-bc8d-98d3c8809c4c 0.177s
2025-11-23 04:02:50.654 67646 INFO tempest.lib.common.rest_client [req-92cf375d-4774-496c-92e1-8b97f588d687 req-92cf375d-4774-496c-92e1-8b97f588d687 ] Request (ServersAdminTestJSON:tearDownClass): 200 GET http://10.180.1.21/compute/v2.1/servers/54bf008f-fc47-4f81-84c6-1ed3d6333f6e 0.174s
2025-11-23 04:02:50.670 67628 INFO tempest.lib.common.rest_client [req-f7b083ee-fd75-43f3-a43d-c29f54b9db0d req-f7b083ee-fd75-43f3-a43d-c29f54b9db0d ] Request (ImagesOneServerNegativeTestJSON:_run_cleanups): 200 GET http://10.180.1.21/compute/v2.1/servers/d00d58f0-5297-4c00-a14d-59a92da588ea 0.178s
2025-11-23 04:02:50.723 67686 INFO tempest.lib.common.rest_client [req-5c686c63-d5eb-488a-bd96-1a7a08ab8d71 req-5c686c63-d5eb-488a-bd96-1a7a08ab8d71 ] Request (ServersV294TestFqdnHostnames:tearDownClass): 200 GET http://10.180.1.21/compute/v2.1/servers/fabdcef7-2cd8-4138-bd67-f0d962fcde2d 0.170s
2025-11-23 04:02:50.734 67644 INFO tempest.lib.common.rest_client [req-567eada8-f6fc-463f-8605-3b019f7e83f1 req-567eada8-f6fc-463f-8605-3b019f7e83f1 ] Request (ServersTestMultiNic:_run_cleanups): 200 GET http://10.180.1.21/compute/v2.1/servers/8760dbb9-dd86-45b1-9a1d-e5e421c4be89 0.145s
2025-11-23 04:02:50.785 67672 INFO tempest.lib.common.rest_client [req-16bab764-335b-403d-bf4e-720c5e506eb8 req-16bab764-335b-403d-bf4e-720c5e506eb8 ] Request (AttachVolumeTestJSON:test_attach_detach_volume): 200 GET http://10.180.1.21/compute/v2.1/servers/79b4b563-549a-43fd-a928-d9a423a25567 0.175s
2025-11-23 04:02:50.833 67652 INFO tempest.lib.common.rest_client [req-17ff10e9-b118-4b3c-9ff9-d3c635387a52 req-17ff10e9-b118-4b3c-9ff9-d3c635387a52 ] Request (DeleteServersTestJSON:test_delete_server_while_in_attached_volume): 200 GET http://10.180.1.21/compute/v2.1/servers/652fb816-0195-48d5-879f-1900a526d674 0.193s
2025-11-23 04:02:50.909 67638 INFO tempest.lib.common.rest_client [req-6aa767c5-9457-47c1-8744-4d7b10187fef req-6aa767c5-9457-47c1-8744-4d7b10187fef ] Request (MultipleCreateTestJSON:test_multiple_create_with_reservation_return): 200 GET http://10.180.1.21/compute/v2.1/servers/2f3bf8e1-0c62-4e0b-a38c-5bb8fd0b1b10 0.233s
2025-11-23 04:02:50.990 67642 INFO tempest.lib.common.rest_client [req-1852d771-6ec7-4668-80d6-34b5ac54bd49 req-1852d771-6ec7-4668-80d6-34b5ac54bd49 ] Request (ImagesOneServerTestJSON:tearDownClass): 200 GET http://10.180.1.21/compute/v2.1/servers/fa471957-e4d2-4ef8-9172-82d1b9d6a737 0.272s
2025-11-23 04:02:51.053 67634 INFO tempest.lib.common.rest_client [req-aac76e5b-dcde-48f9-b05d-b1500abf6be2 req-aac76e5b-dcde-48f9-b05d-b1500abf6be2 ] Request (InstanceActionsTestJSON:setUpClass): 201 POST http://10.180.1.21/networking/v2.0/routers 0.724s
2025-11-23 04:02:51.080 67688 INFO tempest.lib.common.rest_client [req-a15ece05-bbf6-4568-ab81-6e6a4500b1c6 req-a15ece05-bbf6-4568-ab81-6e6a4500b1c6 ] Request (InstanceActionsV221TestJSON:test_get_list_deleted_instance_actions): 200 GET http://10.180.1.21/compute/v2.1/servers/be0127ec-20f8-49ee-b301-d650036c3051 0.335s
2025-11-23 04:02:51.084 67630 INFO tempest.lib.common.rest_client [req-95806bd1-966a-4839-9d6f-8f9063633cf8 req-95806bd1-966a-4839-9d6f-8f9063633cf8 ] Request (ImagesTestJSON:test_create_server_from_snapshot): 202 POST http://10.180.1.21/compute/v2.1/servers 0.492s
2025-11-23 04:02:51.199 67684 INFO tempest.lib.common.rest_client [req-b7bb7c58-2b79-4b33-a4ec-a6f5d5dab58f req-b7bb7c58-2b79-4b33-a4ec-a6f5d5dab58f ] Request (AttachVolumeNegativeTest:test_attach_attached_volume_to_different_server): 200 GET http://10.180.1.21/compute/v2.1/servers/fcef74b7-3143-4dfd-b0d9-d48fa347e831 0.420s
2025-11-23 04:02:51.218 67680 INFO tempest.lib.common.rest_client [req-efcb027c-fca3-43ff-9bc0-8042095dddcb req-efcb027c-fca3-43ff-9bc0-8042095dddcb ] Request (ServerShowV247Test:test_update_rebuild_list_server): 200 GET http://10.180.1.21/compute/v2.1/servers/40d51692-e4c4-41a3-8f10-8d9bbf67828c 0.417s
2025-11-23 04:02:51.303 67658 INFO tempest.lib.common.rest_client [req-c02a2b92-7c20-469f-b009-10eb243f201f req-c02a2b92-7c20-469f-b009-10eb243f201f ] Request (ServerDiskConfigTestJSON:test_rebuild_server_with_auto_disk_config): 200 GET http://10.180.1.21/compute/v2.1/servers/5a7fd448-46d7-44b6-8cd7-6725bd923be0 0.460s
2025-11-23 04:02:51.352 67648 INFO tempest.lib.common.rest_client [req-dd92e25a-8db1-4a6d-b670-2064c58245ab req-dd92e25a-8db1-4a6d-b670-2064c58245ab ] Request (AttachInterfacesV270Test:tearDownClass): 200 GET http://10.180.1.21/compute/v2.1/servers/c80bd973-b925-4e76-802d-440adde0ca11 0.483s
2025-11-23 04:02:51.385 67630 INFO tempest.lib.common.rest_client [req-47dc0cb2-f6ab-4bf3-8350-08a6d545a14d req-47dc0cb2-f6ab-4bf3-8350-08a6d545a14d ] Request (ImagesTestJSON:test_create_server_from_snapshot): 200 GET http://10.180.1.21/compute/v2.1/servers/e7497ae6-f003-4b07-ab49-0a35dfe94961 0.299s
2025-11-23 04:02:51.598 67632 INFO tempest.lib.common.rest_client [req-9f4c1211-7039-42a9-9ffd-0b3f93cb7649 req-9f4c1211-7039-42a9-9ffd-0b3f93cb7649 ] Request (ListServerFiltersTestJSON:setUpClass): 200 GET http://10.180.1.21/compute/v2.1/servers/cd1e6d4a-e042-4ebe-9eb0-2d31b70cdf0a 0.495s
2025-11-23 04:02:51.674 67678 INFO tempest.lib.common.rest_client [req-80cdc47c-0803-49ee-b865-ed14a945ab54 req-80cdc47c-0803-49ee-b865-ed14a945ab54 ] Request (SecurityGroupsTestJSON:test_list_security_groups_by_server): 200 GET http://10.180.1.21/compute/v2.1/servers/9991d7a6-20bf-42e4-8430-139fdc2adc56 0.545s
2025-11-23 04:02:51.728 67666 INFO tempest.lib.common.rest_client [req-7e40f288-9d2e-4472-b4a8-d3ddd6105de6 req-7e40f288-9d2e-4472-b4a8-d3ddd6105de6 ] Request (ServersListShow296Test:tearDownClass): 200 GET http://10.180.1.21/compute/v2.1/servers/ff85d10a-dc1c-41a7-8e61-5a7ab26c65f2 0.533s
2025-11-23 04:02:51.778 67668 INFO tempest.lib.common.rest_client [req-764776f5-fb08-4d9f-b9b3-04bf6d80a2cc req-764776f5-fb08-4d9f-b9b3-04bf6d80a2cc ] Request (ServerDiagnosticsTest:tearDownClass): 200 GET http://10.180.1.21/compute/v2.1/servers/f8c77991-b47c-4e06-a029-680bad0088f9 0.468s
2025-11-23 04:02:51.849 67670 INFO tempest.lib.common.rest_client [req-af5d9267-205d-46b8-8772-91c0a97f8c37 req-af5d9267-205d-46b8-8772-91c0a97f8c37 ] Request (ServerActionsV293TestJSON:setUpClass): 200 GET http://10.180.1.21/compute/v2.1/servers/05c77f87-c9d4-4ddb-bfe4-1d5609767291 0.448s
2025-11-23 04:02:51.882 67662 INFO tempest.lib.common.rest_client [req-7e0f927f-f9d5-4815-92fe-c92a06894cdf req-7e0f927f-f9d5-4815-92fe-c92a06894cdf ] Request (ServerActionsTestOtherB:test_resize_server_confirm_from_stopped): 200 GET http://10.180.1.21/compute/v2.1/servers/5040248c-fe52-445a-9358-8994da9cc905 0.539s
2025-11-23 04:02:51.978 67660 INFO tempest.lib.common.rest_client [req-140e5784-3666-48dc-a772-dfb6d403897d req-140e5784-3666-48dc-a772-dfb6d403897d ] Request (VolumesAdminNegativeTest:test_update_attached_volume_with_nonexistent_volume_in_uri): 200 GET http://10.180.1.21/compute/v2.1/servers/e5bea2df-df08-4c1b-99ca-6f9974b998ec 0.389s
2025-11-23 04:02:52.005 67690 INFO tempest.lib.common.rest_client [req-db29f691-1e0c-4320-b131-570dd6ba7a46 req-db29f691-1e0c-4320-b131-570dd6ba7a46 ] Request (MigrationsAdminTest:test_resize_server_revert_deleted_flavor): 200 GET http://10.180.1.21/compute/v2.1/servers/716423b8-b60c-41f4-9cae-d16d7394f232 0.490s
2025-11-23 04:02:52.079 67636 INFO tempest.lib.common.rest_client [req-77ba3f6d-4786-4119-9940-e653bd30f9a3 req-77ba3f6d-4786-4119-9940-e653bd30f9a3 ] Request (ServersNegativeTestJSON:setUpClass): 200 GET http://10.180.1.21/compute/v2.1/servers/126043ce-30da-4bc5-bc8d-98d3c8809c4c 0.475s
2025-11-23 04:02:52.095 67646 INFO tempest.lib.common.rest_client [req-3fd3739c-cb26-40b4-9078-ed8392395343 req-3fd3739c-cb26-40b4-9078-ed8392395343 ] Request (ServersAdminTestJSON:tearDownClass): 200 GET http://10.180.1.21/compute/v2.1/servers/54bf008f-fc47-4f81-84c6-1ed3d6333f6e 0.431s
2025-11-23 04:02:52.161 67628 INFO tempest.lib.common.rest_client [req-56b560e0-a561-485f-841a-35b365cb97a0 req-56b560e0-a561-485f-841a-35b365cb97a0 ] Request (ImagesOneServerNegativeTestJSON:_run_cleanups): 200 GET http://10.180.1.21/compute/v2.1/servers/d00d58f0-5297-4c00-a14d-59a92da588ea 0.479s
2025-11-23 04:02:52.183 67686 INFO tempest.lib.common.rest_client [req-e8eb39ea-4261-49e8-b44f-f6296f265fe1 req-e8eb39ea-4261-49e8-b44f-f6296f265fe1 ] Request (ServersV294TestFqdnHostnames:tearDownClass): 200 GET http://10.180.1.21/compute/v2.1/servers/fabdcef7-2cd8-4138-bd67-f0d962fcde2d 0.449s
2025-11-23 04:02:52.250 67644 INFO tempest.lib.common.rest_client [req-6a506a4d-875c-49c8-a6ea-2df69a648d79 req-6a506a4d-875c-49c8-a6ea-2df69a648d79 ] Request (ServersTestMultiNic:_run_cleanups): 200 GET http://10.180.1.21/compute/v2.1/servers/8760dbb9-dd86-45b1-9a1d-e5e421c4be89 0.507s
2025-11-23 04:02:52.266 67672 INFO tempest.lib.common.rest_client [req-af170a04-af69-473d-ac79-02117cc4a337 req-af170a04-af69-473d-ac79-02117cc4a337 ] Request (AttachVolumeTestJSON:test_attach_detach_volume): 200 GET http://10.180.1.21/compute/v2.1/servers/79b4b563-549a-43fd-a928-d9a423a25567 0.471s
2025-11-23 04:02:52.363 67664 INFO paramiko.transport [-] Connected (version 2.0, client dropbear_2020.81)
2025-11-23 04:02:52.426 67664 INFO paramiko.transport [-] Authentication (publickey) successful!
2025-11-23 04:02:52.427 67664 INFO tempest.lib.common.ssh [-] ssh connection to cirros@10.180.180.232 successfully created
2025-11-23 04:02:52.507 67652 INFO tempest.lib.common.rest_client [req-dc6f7d87-5404-4790-a6a9-b5497732eaff req-dc6f7d87-5404-4790-a6a9-b5497732eaff ] Request (DeleteServersTestJSON:test_delete_server_while_in_attached_volume): 200 GET http://10.180.1.21/compute/v2.1/servers/652fb816-0195-48d5-879f-1900a526d674 0.665s
2025-11-23 04:02:52.520 67638 INFO tempest.lib.common.rest_client [req-c976890a-af79-49b0-ba71-023c3a907cbe req-c976890a-af79-49b0-ba71-023c3a907cbe ] Request (MultipleCreateTestJSON:test_multiple_create_with_reservation_return): 200 GET http://10.180.1.21/compute/v2.1/servers/2f3bf8e1-0c62-4e0b-a38c-5bb8fd0b1b10 0.603s
2025-11-23 04:02:52.538 67634 INFO tempest.lib.common.rest_client [req-8094492a-cf82-4d7e-ac0c-73ce9fa6b333 req-8094492a-cf82-4d7e-ac0c-73ce9fa6b333 ] Request (InstanceActionsTestJSON:setUpClass): 200 PUT http://10.180.1.21/networking/v2.0/routers/95d9a69c-4127-4874-98f8-2b15a3cd26a1/add_router_interface 1.485s
2025-11-23 04:02:52.539 67634 INFO tempest.lib.common.dynamic_creds [-] Created isolated network resources for: credentials: Credentials: {'domain_id': 'default', 'domain_name': 'Default', 'username': 'tempest-InstanceActionsTestJSON-1644997033-project-member', 'project_domain_id': 'default', 'project_domain_name': 'Default', 'project_id': '66423241b9d34f2ab999939f8006be03', 'project_name': 'tempest-InstanceActionsTestJSON-1644997033', 'tenant_id': '66423241b9d34f2ab999939f8006be03', 'tenant_name': 'tempest-InstanceActionsTestJSON-1644997033', 'user_domain_id': 'default', 'user_domain_name': 'Default', 'user_id': 'e79ffd9c21c74176903eaeb88492aa8e', 'system': None}, Network: {'id': 'c232e079-52f5-4539-85b6-84fbb2703ec5', 'name': 'tempest-InstanceActionsTestJSON-1382730106-network', 'tenant_id': '66423241b9d34f2ab999939f8006be03', 'project_id': '66423241b9d34f2ab999939f8006be03', 'admin_state_up': True, 'mtu': 8950, 'status': 'ACTIVE', 'subnets': [], 'shared': False, 'port_security_enabled': True, 'router:external': False, 'provider:network_type': 'vlan', 'provider:physical_network': 'default', 'provider:segmentation_id': 397, 'availability_zone_hints': [], 'availability_zones': [], 'ipv4_address_scope': None, 'ipv6_address_scope': None, 'description': '', 'tags': [], 'created_at': '2025-11-23T04:02:50Z', 'updated_at': '2025-11-23T04:02:50Z', 'revision_number': 1}, Subnet: {'id': '340eb41c-1a41-4207-9e64-bf5bdd7e39ec', 'name': 'tempest-InstanceActionsTestJSON-1382730106-subnet', 'tenant_id': '66423241b9d34f2ab999939f8006be03', 'network_id': 'c232e079-52f5-4539-85b6-84fbb2703ec5', 'ip_version': 4, 'subnetpool_id': None, 'enable_dhcp': True, 'ipv6_ra_mode': None, 'ipv6_address_mode': None, 'gateway_ip': '192.168.128.1', 'cidr': '192.168.128.0/28', 'allocation_pools': [{'start': '192.168.128.2', 'end': '192.168.128.14'}], 'host_routes': [], 'dns_nameservers': [], 'description': '', 'router:external': False, 'service_types': [], 'tags': [], 'created_at': '2025-11-23T04:02:50Z', 'updated_at': '2025-11-23T04:02:50Z', 'revision_number': 0, 'project_id': '66423241b9d34f2ab999939f8006be03'}, Router: {'id': '95d9a69c-4127-4874-98f8-2b15a3cd26a1', 'name': 'tempest-InstanceActionsTestJSON-1382730106-router', 'tenant_id': '66423241b9d34f2ab999939f8006be03', 'admin_state_up': True, 'status': 'ACTIVE', 'external_gateway_info': {'network_id': '8a828a6d-470f-478f-aa8e-8badc78c8101', 'external_fixed_ips': [{'subnet_id': 'c75dfa05-98cf-4f24-ae00-e2f883a0abc5', 'ip_address': '10.180.180.213'}], 'enable_snat': True}, 'description': '', 'availability_zones': [], 'distributed': False, 'ha': False, 'availability_zone_hints': [], 'routes': [], 'flavor_id': None, 'tags': [], 'created_at': '2025-11-23T04:02:50Z', 'updated_at': '2025-11-23T04:02:50Z', 'revision_number': 2, 'project_id': '66423241b9d34f2ab999939f8006be03'}
2025-11-23 04:02:52.578 67642 INFO tempest.lib.common.rest_client [req-0dd5dd6e-faa0-459f-b046-dce4350f51c8 req-0dd5dd6e-faa0-459f-b046-dce4350f51c8 ] Request (ImagesOneServerTestJSON:tearDownClass): 200 GET http://10.180.1.21/compute/v2.1/servers/fa471957-e4d2-4ef8-9172-82d1b9d6a737 0.579s
2025-11-23 04:02:52.581 67688 INFO tempest.lib.common.rest_client [req-47e1e806-c6b5-4f65-85a7-f58841ded59e req-47e1e806-c6b5-4f65-85a7-f58841ded59e ] Request (InstanceActionsV221TestJSON:test_get_list_deleted_instance_actions): 200 GET http://10.180.1.21/compute/v2.1/servers/be0127ec-20f8-49ee-b301-d650036c3051 0.490s
2025-11-23 04:02:52.636 67684 INFO tempest.lib.common.rest_client [req-c68acb76-585b-4d20-b33b-5fd5f40b76a3 req-c68acb76-585b-4d20-b33b-5fd5f40b76a3 ] Request (AttachVolumeNegativeTest:test_attach_attached_volume_to_different_server): 200 GET http://10.180.1.21/compute/v2.1/servers/fcef74b7-3143-4dfd-b0d9-d48fa347e831 0.421s
2025-11-23 04:02:52.643 67680 INFO tempest.lib.common.rest_client [req-b768062d-2b53-4339-b658-64bfd5326e03 req-b768062d-2b53-4339-b658-64bfd5326e03 ] Request (ServerShowV247Test:test_update_rebuild_list_server): 200 GET http://10.180.1.21/compute/v2.1/servers/40d51692-e4c4-41a3-8f10-8d9bbf67828c 0.416s
2025-11-23 04:02:52.652 67634 INFO tempest.lib.common.rest_client [req-c43b1c15-83a3-4e05-a959-55a7457e8bd5 req-c43b1c15-83a3-4e05-a959-55a7457e8bd5 ] Request (InstanceActionsTestJSON:setUpClass): 201 POST http://10.180.1.21/identity/v3/auth/tokens 0.110s
2025-11-23 04:02:52.686 67634 INFO tempest.lib.common.rest_client [req-943a9aa5-57de-41ac-bbfc-a2a0fdffd100 req-943a9aa5-57de-41ac-bbfc-a2a0fdffd100 ] Request (InstanceActionsTestJSON:setUpClass): 201 POST http://10.180.1.21/identity/v3/auth/tokens 0.030s
2025-11-23 04:02:52.686 67634 INFO tempest.lib.common.fixed_network [-] (InstanceActionsTestJSON:setUpClass) Found network {'id': 'c232e079-52f5-4539-85b6-84fbb2703ec5', 'name': 'tempest-InstanceActionsTestJSON-1382730106-network', 'tenant_id': '66423241b9d34f2ab999939f8006be03', 'project_id': '66423241b9d34f2ab999939f8006be03', 'admin_state_up': True, 'mtu': 8950, 'status': 'ACTIVE', 'subnets': [], 'shared': False, 'port_security_enabled': True, 'router:external': False, 'provider:network_type': 'vlan', 'provider:physical_network': 'default', 'provider:segmentation_id': 397, 'availability_zone_hints': [], 'availability_zones': [], 'ipv4_address_scope': None, 'ipv6_address_scope': None, 'description': '', 'tags': [], 'created_at': '2025-11-23T04:02:50Z', 'updated_at': '2025-11-23T04:02:50Z', 'revision_number': 1} available for tenant
2025-11-23 04:02:52.690 67658 INFO tempest.lib.common.rest_client [req-8c91bf12-0b8a-4bbe-a379-f41bff88a509 req-8c91bf12-0b8a-4bbe-a379-f41bff88a509 ] Request (ServerDiskConfigTestJSON:test_rebuild_server_with_auto_disk_config): 200 GET http://10.180.1.21/compute/v2.1/servers/5a7fd448-46d7-44b6-8cd7-6725bd923be0 0.379s
2025-11-23 04:02:52.727 67648 INFO tempest.lib.common.rest_client [req-9b4abf42-319f-4174-b37d-ec21a21c0f64 req-9b4abf42-319f-4174-b37d-ec21a21c0f64 ] Request (AttachInterfacesV270Test:tearDownClass): 200 GET http://10.180.1.21/compute/v2.1/servers/c80bd973-b925-4e76-802d-440adde0ca11 0.360s
2025-11-23 04:02:52.744 67630 INFO tempest.lib.common.rest_client [req-1195b4db-2453-473e-815b-198793c55bfd req-1195b4db-2453-473e-815b-198793c55bfd ] Request (ImagesTestJSON:test_create_server_from_snapshot): 200 GET http://10.180.1.21/compute/v2.1/servers/e7497ae6-f003-4b07-ab49-0a35dfe94961 0.347s
2025-11-23 04:02:52.821 67664 INFO tempest.lib.common.rest_client [req-2077237e-4b97-4998-9053-4c686a851aca req-2077237e-4b97-4998-9053-4c686a851aca ] Request (AttachInterfacesTestJSON:test_create_list_show_delete_interfaces_by_fixed_ip): 200 GET http://10.180.1.21/compute/v2.1/servers/5017d249-a05d-4df8-8d4e-67c07ea8e4d2/os-interface 0.394s
2025-11-23 04:02:52.872 67632 INFO tempest.lib.common.rest_client [req-8522f287-43db-4a7b-b60f-bdecdb18c818 req-8522f287-43db-4a7b-b60f-bdecdb18c818 ] Request (ListServerFiltersTestJSON:setUpClass): 200 GET http://10.180.1.21/compute/v2.1/servers/cd1e6d4a-e042-4ebe-9eb0-2d31b70cdf0a 0.263s
2025-11-23 04:02:52.927 67678 INFO tempest.lib.common.rest_client [req-d63bed11-76b8-4cfc-bda8-239d023196b7 req-d63bed11-76b8-4cfc-bda8-239d023196b7 ] Request (SecurityGroupsTestJSON:test_list_security_groups_by_server): 200 GET http://10.180.1.21/compute/v2.1/servers/9991d7a6-20bf-42e4-8430-139fdc2adc56 0.245s
2025-11-23 04:02:53.011 67666 INFO tempest.lib.common.rest_client [req-f36c864b-cf2c-4ebe-ad20-9abdaab30142 req-f36c864b-cf2c-4ebe-ad20-9abdaab30142 ] Request (ServersListShow296Test:tearDownClass): 200 GET http://10.180.1.21/compute/v2.1/servers/ff85d10a-dc1c-41a7-8e61-5a7ab26c65f2 0.263s
2025-11-23 04:02:53.095 67668 INFO tempest.lib.common.rest_client [req-1e2d36ec-28ec-493d-b9a4-efb5d5fffc8c req-1e2d36ec-28ec-493d-b9a4-efb5d5fffc8c ] Request (ServerDiagnosticsTest:tearDownClass): 200 GET http://10.180.1.21/compute/v2.1/servers/f8c77991-b47c-4e06-a029-680bad0088f9 0.308s
2025-11-23 04:02:53.190 67664 INFO tempest.lib.common.rest_client [req-0077973b-87cb-49d5-b569-50f4dd7f8d7d req-0077973b-87cb-49d5-b569-50f4dd7f8d7d ] Request (AttachInterfacesTestJSON:test_create_list_show_delete_interfaces_by_fixed_ip): 200 GET http://10.180.1.21/compute/v2.1/servers/5017d249-a05d-4df8-8d4e-67c07ea8e4d2/os-interface/a2416967-201c-4888-bd65-5dc0f6ad4ccb 0.366s
2025-11-23 04:02:53.274 67664 INFO tempest.lib.common.rest_client [req-2a0f54fd-21c2-4d82-9b31-d8f1034a4c2b req-2a0f54fd-21c2-4d82-9b31-d8f1034a4c2b ] Request (AttachInterfacesTestJSON:test_create_list_show_delete_interfaces_by_fixed_ip): 200 GET http://10.180.1.21/networking/v2.0/ports?network_id=4cf95268-ac81-4be9-9ea2-2de77c9fbd56 0.080s
2025-11-23 04:02:53.311 67670 INFO tempest.lib.common.rest_client [req-b1ea90a7-dddc-42e3-a9b2-2fb3dd14654f req-b1ea90a7-dddc-42e3-a9b2-2fb3dd14654f ] Request (ServerActionsV293TestJSON:setUpClass): 200 GET http://10.180.1.21/compute/v2.1/servers/05c77f87-c9d4-4ddb-bfe4-1d5609767291 0.443s
2025-11-23 04:02:53.317 67664 INFO tempest.lib.common.rest_client [req-afdbbe95-3c32-4546-9c40-c2f12f320c4b req-afdbbe95-3c32-4546-9c40-c2f12f320c4b ] Request (AttachInterfacesTestJSON:test_create_list_show_delete_interfaces_by_fixed_ip): 200 GET http://10.180.1.21/networking/v2.0/subnets/a32a1a02-63f8-4813-ac10-6ae3862d1b8c 0.042s
2025-11-23 04:02:53.355 67634 INFO tempest.lib.common.rest_client [req-c2bb18b4-d253-4751-b5b1-751626857334 req-c2bb18b4-d253-4751-b5b1-751626857334 ] Request (InstanceActionsTestJSON:setUpClass): 202 POST http://10.180.1.21/compute/v2.1/servers 0.668s
2025-11-23 04:02:53.418 67660 INFO tempest.lib.common.rest_client [req-c2b56df1-4b5a-42f3-a71c-60e09b909530 req-c2b56df1-4b5a-42f3-a71c-60e09b909530 ] Request (VolumesAdminNegativeTest:test_update_attached_volume_with_nonexistent_volume_in_uri): 200 GET http://10.180.1.21/compute/v2.1/servers/e5bea2df-df08-4c1b-99ca-6f9974b998ec 0.427s
2025-11-23 04:02:53.467 67662 INFO tempest.lib.common.rest_client [req-f7867e28-cc5b-4c92-9396-abdf78b7ea68 req-f7867e28-cc5b-4c92-9396-abdf78b7ea68 ] Request (ServerActionsTestOtherB:test_resize_server_confirm_from_stopped): 200 GET http://10.180.1.21/compute/v2.1/servers/5040248c-fe52-445a-9358-8994da9cc905 0.572s
2025-11-23 04:02:53.475 67662 INFO tempest.common.waiters [-] State transition "RESIZE/resize_prep" ==> "RESIZE/resize_migrating" after 47 second wait
2025-11-23 04:02:53.530 67690 INFO tempest.lib.common.rest_client [req-eea9dd42-9f1e-405a-b599-5744a85ee325 req-eea9dd42-9f1e-405a-b599-5744a85ee325 ] Request (MigrationsAdminTest:test_resize_server_revert_deleted_flavor): 200 GET http://10.180.1.21/compute/v2.1/servers/716423b8-b60c-41f4-9cae-d16d7394f232 0.515s
2025-11-23 04:02:53.560 67636 INFO tempest.lib.common.rest_client [req-e082aeab-915c-4530-8439-a98428575e52 req-e082aeab-915c-4530-8439-a98428575e52 ] Request (ServersNegativeTestJSON:setUpClass): 200 GET http://10.180.1.21/compute/v2.1/servers/126043ce-30da-4bc5-bc8d-98d3c8809c4c 0.471s
2025-11-23 04:02:53.619 67628 INFO tempest.lib.common.rest_client [req-29071305-ea67-4b89-b3cb-de96c44d996c req-29071305-ea67-4b89-b3cb-de96c44d996c ] Request (ImagesOneServerNegativeTestJSON:_run_cleanups): 200 GET http://10.180.1.21/compute/v2.1/servers/d00d58f0-5297-4c00-a14d-59a92da588ea 0.448s
2025-11-23 04:02:53.621 67646 INFO tempest.lib.common.rest_client [req-2de4bade-d591-4d99-b46e-8f5aec1b3226 req-2de4bade-d591-4d99-b46e-8f5aec1b3226 ] Request (ServersAdminTestJSON:tearDownClass): 200 GET http://10.180.1.21/compute/v2.1/servers/54bf008f-fc47-4f81-84c6-1ed3d6333f6e 0.512s
2025-11-23 04:02:53.697 67644 INFO tempest.lib.common.rest_client [req-2f565326-c2ba-46fd-b14a-c3e204dd4337 req-2f565326-c2ba-46fd-b14a-c3e204dd4337 ] Request (ServersTestMultiNic:_run_cleanups): 200 GET http://10.180.1.21/compute/v2.1/servers/8760dbb9-dd86-45b1-9a1d-e5e421c4be89 0.437s
2025-11-23 04:02:53.717 67686 INFO tempest.lib.common.rest_client [req-7f1efb1a-adaf-49c6-a439-5b8cf1eb630b req-7f1efb1a-adaf-49c6-a439-5b8cf1eb630b ] Request (ServersV294TestFqdnHostnames:tearDownClass): 200 GET http://10.180.1.21/compute/v2.1/servers/fabdcef7-2cd8-4138-bd67-f0d962fcde2d 0.522s
2025-11-23 04:02:53.754 67672 INFO tempest.lib.common.rest_client [req-1b355149-3644-4148-9857-40e9a083edc2 req-1b355149-3644-4148-9857-40e9a083edc2 ] Request (AttachVolumeTestJSON:test_attach_detach_volume): 200 GET http://10.180.1.21/compute/v2.1/servers/79b4b563-549a-43fd-a928-d9a423a25567 0.475s
2025-11-23 04:02:53.795 67634 INFO tempest.lib.common.rest_client [req-be9b1e70-cd40-4f00-82e1-64bb5e98858d req-be9b1e70-cd40-4f00-82e1-64bb5e98858d ] Request (InstanceActionsTestJSON:setUpClass): 200 GET http://10.180.1.21/compute/v2.1/servers/1d885a21-f33a-4d21-ae33-99454f6098a3 0.439s
2025-11-23 04:02:53.858 67652 INFO tempest.lib.common.rest_client [req-f181cd5e-09f2-4dba-aadf-3a8a70781988 req-f181cd5e-09f2-4dba-aadf-3a8a70781988 ] Request (DeleteServersTestJSON:test_delete_server_while_in_attached_volume): 200 GET http://10.180.1.21/compute/v2.1/servers/652fb816-0195-48d5-879f-1900a526d674 0.341s
2025-11-23 04:02:53.916 67638 INFO tempest.lib.common.rest_client [req-581052e4-2f58-4e77-a7a8-ca81004b3d68 req-581052e4-2f58-4e77-a7a8-ca81004b3d68 ] Request (MultipleCreateTestJSON:test_multiple_create_with_reservation_return): 200 GET http://10.180.1.21/compute/v2.1/servers/2f3bf8e1-0c62-4e0b-a38c-5bb8fd0b1b10 0.388s
2025-11-23 04:02:53.988 67642 INFO tempest.lib.common.rest_client [req-617d5507-315d-438f-af24-6b1969901a1e req-617d5507-315d-438f-af24-6b1969901a1e ] Request (ImagesOneServerTestJSON:tearDownClass): 200 GET http://10.180.1.21/compute/v2.1/servers/fa471957-e4d2-4ef8-9172-82d1b9d6a737 0.401s
2025-11-23 04:02:54.049 67688 INFO tempest.lib.common.rest_client [req-93dfb47a-566f-4d0d-92ed-87992e91a609 req-93dfb47a-566f-4d0d-92ed-87992e91a609 ] Request (InstanceActionsV221TestJSON:test_get_list_deleted_instance_actions): 200 GET http://10.180.1.21/compute/v2.1/servers/be0127ec-20f8-49ee-b301-d650036c3051 0.458s
2025-11-23 04:02:54.111 67684 INFO tempest.lib.common.rest_client [req-bd2e3dab-dbed-43fd-aa3b-69e288e09c18 req-bd2e3dab-dbed-43fd-aa3b-69e288e09c18 ] Request (AttachVolumeNegativeTest:test_attach_attached_volume_to_different_server): 200 GET http://10.180.1.21/compute/v2.1/servers/fcef74b7-3143-4dfd-b0d9-d48fa347e831 0.466s
2025-11-23 04:02:54.170 67680 INFO tempest.lib.common.rest_client [req-0962d91d-003d-402b-b43c-c4aabe63ce34 req-0962d91d-003d-402b-b43c-c4aabe63ce34 ] Request (ServerShowV247Test:test_update_rebuild_list_server): 200 GET http://10.180.1.21/compute/v2.1/servers/40d51692-e4c4-41a3-8f10-8d9bbf67828c 0.514s
2025-11-23 04:02:54.224 67658 INFO tempest.lib.common.rest_client [req-b016cdd5-36be-45f2-8202-00262c6865eb req-b016cdd5-36be-45f2-8202-00262c6865eb ] Request (ServerDiskConfigTestJSON:test_rebuild_server_with_auto_disk_config): 200 GET http://10.180.1.21/compute/v2.1/servers/5a7fd448-46d7-44b6-8cd7-6725bd923be0 0.526s
2025-11-23 04:02:54.289 67648 INFO tempest.lib.common.rest_client [req-a6b0576c-9758-41e1-ad8b-043b7228e026 req-a6b0576c-9758-41e1-ad8b-043b7228e026 ] Request (AttachInterfacesV270Test:tearDownClass): 200 GET http://10.180.1.21/compute/v2.1/servers/c80bd973-b925-4e76-802d-440adde0ca11 0.551s
2025-11-23 04:02:54.336 67630 INFO tempest.lib.common.rest_client [req-7b858cd4-84dd-4ea6-bcfc-32d96c4eb368 req-7b858cd4-84dd-4ea6-bcfc-32d96c4eb368 ] Request (ImagesTestJSON:test_create_server_from_snapshot): 200 GET http://10.180.1.21/compute/v2.1/servers/e7497ae6-f003-4b07-ab49-0a35dfe94961 0.583s
2025-11-23 04:02:54.429 67632 INFO tempest.lib.common.rest_client [req-e17418b2-083d-492f-b7ba-09550539d3d2 req-e17418b2-083d-492f-b7ba-09550539d3d2 ] Request (ListServerFiltersTestJSON:setUpClass): 200 GET http://10.180.1.21/compute/v2.1/servers/cd1e6d4a-e042-4ebe-9eb0-2d31b70cdf0a 0.548s
2025-11-23 04:02:54.436 67632 INFO tempest.common.waiters [-] State transition "BUILD/spawning" ==> "ACTIVE/None" after 58 second wait
2025-11-23 04:02:54.545 67678 INFO tempest.lib.common.rest_client [req-a23e78c9-2352-455a-97e2-1e67943af5be req-a23e78c9-2352-455a-97e2-1e67943af5be ] Request (SecurityGroupsTestJSON:test_list_security_groups_by_server): 200 GET http://10.180.1.21/compute/v2.1/servers/9991d7a6-20bf-42e4-8430-139fdc2adc56 0.609s
2025-11-23 04:02:54.612 67666 INFO tempest.lib.common.rest_client [req-709f62db-d56f-4920-8d18-c493df42ee6c req-709f62db-d56f-4920-8d18-c493df42ee6c ] Request (ServersListShow296Test:tearDownClass): 200 GET http://10.180.1.21/compute/v2.1/servers/ff85d10a-dc1c-41a7-8e61-5a7ab26c65f2 0.584s
2025-11-23 04:02:54.674 67668 INFO tempest.lib.common.rest_client [req-884413b9-f30c-4a08-8e97-3ff9d08890c9 req-884413b9-f30c-4a08-8e97-3ff9d08890c9 ] Request (ServerDiagnosticsTest:tearDownClass): 200 GET http://10.180.1.21/compute/v2.1/servers/f8c77991-b47c-4e06-a029-680bad0088f9 0.565s
2025-11-23 04:02:54.728 67670 INFO tempest.lib.common.rest_client [req-e40f8489-8633-46f3-ad0d-f386972a8798 req-e40f8489-8633-46f3-ad0d-f386972a8798 ] Request (ServerActionsV293TestJSON:setUpClass): 200 GET http://10.180.1.21/compute/v2.1/servers/05c77f87-c9d4-4ddb-bfe4-1d5609767291 0.402s
2025-11-23 04:02:54.775 67660 INFO tempest.lib.common.rest_client [req-ade07ae2-5e14-4451-9adb-f92f561a93a8 req-ade07ae2-5e14-4451-9adb-f92f561a93a8 ] Request (VolumesAdminNegativeTest:test_update_attached_volume_with_nonexistent_volume_in_uri): 200 GET http://10.180.1.21/compute/v2.1/servers/e5bea2df-df08-4c1b-99ca-6f9974b998ec 0.346s
2025-11-23 04:02:54.863 67632 INFO tempest.lib.common.rest_client [req-2e23fe85-e3eb-431f-9008-f136ad9370c5 req-2e23fe85-e3eb-431f-9008-f136ad9370c5 ] Request (ListServerFiltersTestJSON:setUpClass): 200 GET http://10.180.1.21/compute/v2.1/servers/e919a5a3-1d31-4ef9-8055-a52debcc89dd 0.427s
2025-11-23 04:02:54.951 67662 INFO tempest.lib.common.rest_client [req-3d3d21ff-db11-44f9-ac65-2e76254d6247 req-3d3d21ff-db11-44f9-ac65-2e76254d6247 ] Request (ServerActionsTestOtherB:test_resize_server_confirm_from_stopped): 200 GET http://10.180.1.21/compute/v2.1/servers/5040248c-fe52-445a-9358-8994da9cc905 0.475s
2025-11-23 04:02:55.086 67690 INFO tempest.lib.common.rest_client [req-179e88a0-bb14-4965-949d-6b0d5e04109a req-179e88a0-bb14-4965-949d-6b0d5e04109a ] Request (MigrationsAdminTest:test_resize_server_revert_deleted_flavor): 200 GET http://10.180.1.21/compute/v2.1/servers/716423b8-b60c-41f4-9cae-d16d7394f232 0.548s
2025-11-23 04:02:55.155 67636 INFO tempest.lib.common.rest_client [req-ea50ae40-3a4e-4709-9eff-570760773022 req-ea50ae40-3a4e-4709-9eff-570760773022 ] Request (ServersNegativeTestJSON:setUpClass): 200 GET http://10.180.1.21/compute/v2.1/servers/126043ce-30da-4bc5-bc8d-98d3c8809c4c 0.586s
2025-11-23 04:02:55.206 67628 INFO tempest.lib.common.rest_client [req-e87e73e3-9062-4d91-9608-b27060843c8f req-e87e73e3-9062-4d91-9608-b27060843c8f ] Request (ImagesOneServerNegativeTestJSON:_run_cleanups): 200 GET http://10.180.1.21/compute/v2.1/servers/d00d58f0-5297-4c00-a14d-59a92da588ea 0.578s
2025-11-23 04:02:55.268 67646 INFO tempest.lib.common.rest_client [req-9a72bbb7-1954-4f95-abd4-5c0b21834e84 req-9a72bbb7-1954-4f95-abd4-5c0b21834e84 ] Request (ServersAdminTestJSON:tearDownClass): 200 GET http://10.180.1.21/compute/v2.1/servers/54bf008f-fc47-4f81-84c6-1ed3d6333f6e 0.633s
2025-11-23 04:02:55.341 67644 INFO tempest.lib.common.rest_client [req-64455071-6431-43bc-9084-624c5f558543 req-64455071-6431-43bc-9084-624c5f558543 ] Request (ServersTestMultiNic:_run_cleanups): 200 GET http://10.180.1.21/compute/v2.1/servers/8760dbb9-dd86-45b1-9a1d-e5e421c4be89 0.628s
2025-11-23 04:02:55.410 67686 INFO tempest.lib.common.rest_client [req-60ae2c5f-069e-461b-ae21-229607b178c1 req-60ae2c5f-069e-461b-ae21-229607b178c1 ] Request (ServersV294TestFqdnHostnames:tearDownClass): 200 GET http://10.180.1.21/compute/v2.1/servers/fabdcef7-2cd8-4138-bd67-f0d962fcde2d 0.680s
