2025-11-23 04:00:03.780 67634 INFO tempest.lib.common.dynamic_creds [-] Created isolated network resources for: credentials: Credentials: {'domain_id': 'default', 'domain_name': 'Default', 'username': 'tempest-ServersTestBootFromVolume-2050677516-project-member', 'project_domain_id': 'default', 'project_domain_name': 'Default', 'project_id': '3bcd70c4daff4f9d8c4a841bc82d65f2', 'project_name': 'tempest-ServersTestBootFromVolume-2050677516', 'tenant_id': '3bcd70c4daff4f9d8c4a841bc82d65f2', 'tenant_name': 'tempest-ServersTestBootFromVolume-2050677516', 'user_domain_id': 'default', 'user_domain_name': 'Default', 'user_id': 'b538b94c338a446eb72421c4acadabf3', 'system': None}, Network: {'id': '0d45a866-1e47-4097-8f0c-86d84907a55c', 'name': 'tempest-ServersTestBootFromVolume-1387017206-network', 'tenant_id': '3bcd70c4daff4f9d8c4a841bc82d65f2', 'project_id': '3bcd70c4daff4f9d8c4a841bc82d65f2', 'admin_state_up': True, 'mtu': 8950, 'status': 'ACTIVE', 'subnets': [], 'shared': False, 'port_security_enabled': True, 'router:external': False, 'provider:network_type': 'vlan', 'provider:physical_network': 'default', 'provider:segmentation_id': 34, 'availability_zone_hints': [], 'availability_zones': [], 'ipv4_address_scope': None, 'ipv6_address_scope': None, 'description': '', 'tags': [], 'created_at': '2025-11-23T04:00:00Z', 'updated_at': '2025-11-23T04:00:00Z', 'revision_number': 1}, Subnet: {'id': '9740786e-d0fb-4e1e-a596-cb35738a12f3', 'name': 'tempest-ServersTestBootFromVolume-1387017206-subnet', 'tenant_id': '3bcd70c4daff4f9d8c4a841bc82d65f2', 'network_id': '0d45a866-1e47-4097-8f0c-86d84907a55c', 'ip_version': 4, 'subnetpool_id': None, 'enable_dhcp': True, 'ipv6_ra_mode': None, 'ipv6_address_mode': None, 'gateway_ip': '192.168.128.1', 'cidr': '192.168.128.0/28', 'allocation_pools': [{'start': '192.168.128.2', 'end': '192.168.128.14'}], 'host_routes': [], 'dns_nameservers': [], 'description': '', 'router:external': False, 'service_types': [], 'tags': [], 'created_at': '2025-11-23T04:00:01Z', 'updated_at': '2025-11-23T04:00:01Z', 'revision_number': 0, 'project_id': '3bcd70c4daff4f9d8c4a841bc82d65f2'}, Router: {'id': '96564868-f64e-4776-b64f-dc70ca861ae9', 'name': 'tempest-ServersTestBootFromVolume-1387017206-router', 'tenant_id': '3bcd70c4daff4f9d8c4a841bc82d65f2', 'admin_state_up': True, 'status': 'ACTIVE', 'external_gateway_info': {'network_id': '8a828a6d-470f-478f-aa8e-8badc78c8101', 'external_fixed_ips': [{'subnet_id': 'c75dfa05-98cf-4f24-ae00-e2f883a0abc5', 'ip_address': '10.180.180.165'}], 'enable_snat': True}, 'description': '', 'availability_zones': [], 'distributed': False, 'ha': False, 'availability_zone_hints': [], 'routes': [], 'flavor_id': None, 'tags': [], 'created_at': '2025-11-23T04:00:01Z', 'updated_at': '2025-11-23T04:00:01Z', 'revision_number': 2, 'project_id': '3bcd70c4daff4f9d8c4a841bc82d65f2'}
2025-11-23 04:00:03.796 67684 WARNING tempest.lib.common.ssh [-] Failed to establish authenticated ssh connection to cirros@10.180.180.233 ([Errno None] Unable to connect to port 22 on 10.180.180.233). Number attempts: 1. Retry after 2 seconds.: paramiko.ssh_exception.NoValidConnectionsError: [Errno None] Unable to connect to port 22 on 10.180.180.233
2025-11-23 04:00:03.809 67660 INFO tempest.lib.common.rest_client [req-7c005c37-6d85-45ce-b074-0329ec79a936 req-7c005c37-6d85-45ce-b074-0329ec79a936 ] Request (ServersAdminNegativeTestJSON:test_migrate_server_invalid_state): 200 GET http://10.180.1.21/compute/v2.1/servers/760d6e9c-057c-4d7b-8a21-cdc939c1fa19 4.648s
2025-11-23 04:00:03.841 67630 INFO tempest.lib.common.rest_client [req-49f16e2e-0a90-4348-ae5e-6c78d9ae9dac req-49f16e2e-0a90-4348-ae5e-6c78d9ae9dac ] Request (FlavorsAccessNegativeTestJSON:_run_cleanups): 200 GET http://10.180.1.21/compute/v2.1/flavors/detail 4.223s
2025-11-23 04:00:03.841 67672 INFO tempest.lib.common.rest_client [req-5f772e2f-a0a4-44ec-9b57-4d8a6a03580d req-5f772e2f-a0a4-44ec-9b57-4d8a6a03580d ] Request (ServersAdmin275Test:tearDownClass): 200 GET http://10.180.1.21/compute/v2.1/servers/e36225aa-586b-4e04-8dd1-e0b09b3da2f4 4.551s
2025-11-23 04:00:03.852 67668 WARNING tempest.lib.common.ssh [-] Failed to establish authenticated ssh connection to cirros@10.180.180.159 ([Errno None] Unable to connect to port 22 on 10.180.180.159). Number attempts: 6. Retry after 7 seconds.: paramiko.ssh_exception.NoValidConnectionsError: [Errno None] Unable to connect to port 22 on 10.180.180.159
2025-11-23 04:00:03.943 67634 INFO tempest.lib.common.rest_client [req-71e1751c-32e8-4a2c-a377-8424dddaebfa req-71e1751c-32e8-4a2c-a377-8424dddaebfa ] Request (ServersTestBootFromVolume:setUpClass): 201 POST http://10.180.1.21/identity/v3/auth/tokens 0.158s
2025-11-23 04:00:03.995 67630 INFO tempest.lib.common.rest_client [req-a345cd9e-658d-4f22-a8f1-f5a0aefbf0a5 req-a345cd9e-658d-4f22-a8f1-f5a0aefbf0a5 ] Request (FlavorsAccessNegativeTestJSON:tearDownClass): 204 DELETE http://10.180.1.21/identity/v3/users/df7e88fa7e864a57a94947ddf7c57852 0.146s
2025-11-23 04:00:04.112 67630 INFO tempest.lib.common.rest_client [req-16e1eafd-562b-4692-932d-1dc1ae99e9b2 req-16e1eafd-562b-4692-932d-1dc1ae99e9b2 ] Request (FlavorsAccessNegativeTestJSON:tearDownClass): 204 DELETE http://10.180.1.21/identity/v3/users/b64abb9aa6724b5bb5301ce5f9ea1f22 0.116s
2025-11-23 04:00:04.222 67630 INFO tempest.lib.common.rest_client [req-f349d00c-0535-432c-8a86-f5ab5c456d9a req-f349d00c-0535-432c-8a86-f5ab5c456d9a ] Request (FlavorsAccessNegativeTestJSON:tearDownClass): 204 DELETE http://10.180.1.21/identity/v3/users/f601db20d8204f6cb2e494b1749ee9c8 0.110s
2025-11-23 04:00:04.223 67630 INFO tempest.lib.common.dynamic_creds [-] Deleting project and security group for project: 3332e47a7da848139bdc699253ae2122
2025-11-23 04:00:04.259 67628 INFO tempest.lib.common.rest_client [req-a5f19181-a3e9-4e61-bea5-2632eaf42819 req-a5f19181-a3e9-4e61-bea5-2632eaf42819 ] Request (ImagesOneServerNegativeTestJSON:setUpClass): 200 GET http://10.180.1.21/compute/v2.1/servers/fd935873-2707-4fb1-bc45-88373a16590a 4.313s
2025-11-23 04:00:04.292 67630 INFO tempest.lib.common.rest_client [req-ff15acf0-74a1-4be1-9895-3441f10fd748 req-ff15acf0-74a1-4be1-9895-3441f10fd748 ] Request (FlavorsAccessNegativeTestJSON:tearDownClass): 201 POST http://10.180.1.21/identity/v3/auth/tokens 0.069s
2025-11-23 04:00:04.680 67642 INFO tempest.lib.common.rest_client [req-dfe5bd8d-2089-4712-ac31-4288b562c87a req-dfe5bd8d-2089-4712-ac31-4288b562c87a ] Request (ImagesOneServerTestJSON:setUpClass): 201 POST http://10.180.1.21/networking/v2.0/routers 1.895s
2025-11-23 04:00:04.727 67636 INFO tempest.lib.common.rest_client [req-b5924fa9-e16e-4664-83f1-b7a76b63c808 req-b5924fa9-e16e-4664-83f1-b7a76b63c808 ] Request (ServersTestFqdnHostnames:tearDownClass): 200 GET http://10.180.1.21/compute/v2.1/servers/f5b8d911-b7fe-446a-8cb3-f74c245d7285 4.989s
2025-11-23 04:00:04.935 67630 INFO tempest.lib.common.rest_client [req-4c4a398c-361c-4ce8-ad1e-154038455993 req-4c4a398c-361c-4ce8-ad1e-154038455993 ] Request (FlavorsAccessNegativeTestJSON:tearDownClass): 200 GET http://10.180.1.21/networking/v2.0/security-groups?tenant_id=3332e47a7da848139bdc699253ae2122&name=default 0.643s
2025-11-23 04:00:04.964 67648 INFO tempest.lib.common.rest_client [req-8a3896cf-5ac6-4fac-b018-74c34e2b3eaf req-8a3896cf-5ac6-4fac-b018-74c34e2b3eaf ] Request (ServerExternalEventsTest:test_create_server_external_events): 200 GET http://10.180.1.21/compute/v2.1/servers/5014b17f-6b7e-46a3-a8db-0dbf8ca4fc35 4.885s
2025-11-23 04:00:05.363 67688 INFO tempest.lib.common.rest_client [req-91f61c34-9f8e-4b09-a9e6-4a9b84a35f05 req-91f61c34-9f8e-4b09-a9e6-4a9b84a35f05 ] Request (DeleteServersAdminTestJSON:test_delete_server_while_in_error_state): 200 GET http://10.180.1.21/compute/v2.1/servers/259782cd-e0ba-4463-9424-9134ff2b0f0c 4.983s
2025-11-23 04:00:05.459 67676 WARNING tempest.lib.common.ssh [-] Failed to establish authenticated ssh connection to cirros@10.180.180.137 ([Errno None] Unable to connect to port 22 on 10.180.180.137). Number attempts: 3. Retry after 4 seconds.: paramiko.ssh_exception.NoValidConnectionsError: [Errno None] Unable to connect to port 22 on 10.180.180.137
2025-11-23 04:00:05.471 67630 INFO tempest.lib.common.rest_client [req-31b5d560-58d7-4155-bd90-e5af646c234a req-31b5d560-58d7-4155-bd90-e5af646c234a ] Request (FlavorsAccessNegativeTestJSON:tearDownClass): 204 DELETE http://10.180.1.21/networking/v2.0/security-groups/e91c7559-2aca-4c54-8cfc-3039c466f272 0.535s
2025-11-23 04:00:05.603 67630 INFO tempest.lib.common.rest_client [req-4c6e04d1-2c9c-4ea9-8115-15e1d195a582 req-4c6e04d1-2c9c-4ea9-8115-15e1d195a582 ] Request (FlavorsAccessNegativeTestJSON:tearDownClass): 204 DELETE http://10.180.1.21/identity/v3/projects/3332e47a7da848139bdc699253ae2122 0.132s
2025-11-23 04:00:05.604 67630 INFO tempest.lib.common.dynamic_creds [-] Deleting project and security group for project: 2c8219ee4fb4450cb2d6339cb0f93fcd
2025-11-23 04:00:05.864 67642 INFO tempest.lib.common.rest_client [req-dc78d13f-c88c-4248-b24b-f33c92d2059e req-dc78d13f-c88c-4248-b24b-f33c92d2059e ] Request (ImagesOneServerTestJSON:setUpClass): 200 PUT http://10.180.1.21/networking/v2.0/routers/01b6f262-9a41-443f-9e62-0e4737871612/add_router_interface 1.183s
2025-11-23 04:00:05.864 67642 INFO tempest.lib.common.dynamic_creds [-] Created isolated network resources for: credentials: Credentials: {'domain_id': 'default', 'domain_name': 'Default', 'username': 'tempest-ImagesOneServerTestJSON-1002051227-project-member', 'project_domain_id': 'default', 'project_domain_name': 'Default', 'project_id': '4fe69ba617b542e6a83ffebfd06ba612', 'project_name': 'tempest-ImagesOneServerTestJSON-1002051227', 'tenant_id': '4fe69ba617b542e6a83ffebfd06ba612', 'tenant_name': 'tempest-ImagesOneServerTestJSON-1002051227', 'user_domain_id': 'default', 'user_domain_name': 'Default', 'user_id': '63f3f67d927049b78a0d8cbfb506517b', 'system': None}, Network: {'id': 'ee5602da-a13a-49a3-a18c-e4b350c31af9', 'name': 'tempest-ImagesOneServerTestJSON-1337576136-network', 'tenant_id': '4fe69ba617b542e6a83ffebfd06ba612', 'project_id': '4fe69ba617b542e6a83ffebfd06ba612', 'admin_state_up': True, 'mtu': 8950, 'status': 'ACTIVE', 'subnets': [], 'shared': False, 'port_security_enabled': True, 'router:external': False, 'provider:network_type': 'vlan', 'provider:physical_network': 'default', 'provider:segmentation_id': 497, 'availability_zone_hints': [], 'availability_zones': [], 'ipv4_address_scope': None, 'ipv6_address_scope': None, 'description': '', 'tags': [], 'created_at': '2025-11-23T04:00:02Z', 'updated_at': '2025-11-23T04:00:02Z', 'revision_number': 1}, Subnet: {'id': '97bf0f1b-43a7-47b2-bf94-3b20fa8ded58', 'name': 'tempest-ImagesOneServerTestJSON-1337576136-subnet', 'tenant_id': '4fe69ba617b542e6a83ffebfd06ba612', 'network_id': 'ee5602da-a13a-49a3-a18c-e4b350c31af9', 'ip_version': 4, 'subnetpool_id': None, 'enable_dhcp': True, 'ipv6_ra_mode': None, 'ipv6_address_mode': None, 'gateway_ip': '192.168.128.1', 'cidr': '192.168.128.0/28', 'allocation_pools': [{'start': '192.168.128.2', 'end': '192.168.128.14'}], 'host_routes': [], 'dns_nameservers': [], 'description': '', 'router:external': False, 'service_types': [], 'tags': [], 'created_at': '2025-11-23T04:00:02Z', 'updated_at': '2025-11-23T04:00:02Z', 'revision_number': 0, 'project_id': '4fe69ba617b542e6a83ffebfd06ba612'}, Router: {'id': '01b6f262-9a41-443f-9e62-0e4737871612', 'name': 'tempest-ImagesOneServerTestJSON-1337576136-router', 'tenant_id': '4fe69ba617b542e6a83ffebfd06ba612', 'admin_state_up': True, 'status': 'ACTIVE', 'external_gateway_info': {'network_id': '8a828a6d-470f-478f-aa8e-8badc78c8101', 'external_fixed_ips': [{'subnet_id': 'c75dfa05-98cf-4f24-ae00-e2f883a0abc5', 'ip_address': '10.180.180.167'}], 'enable_snat': True}, 'description': '', 'availability_zones': [], 'distributed': False, 'ha': False, 'availability_zone_hints': [], 'routes': [], 'flavor_id': None, 'tags': [], 'created_at': '2025-11-23T04:00:03Z', 'updated_at': '2025-11-23T04:00:04Z', 'revision_number': 2, 'project_id': '4fe69ba617b542e6a83ffebfd06ba612'}
2025-11-23 04:00:05.939 67656 INFO tempest.lib.common.rest_client [req-02f1bc10-2ff0-4984-9cb2-cf41198aa79a req-02f1bc10-2ff0-4984-9cb2-cf41198aa79a ] Request (ListServersNegativeTestJSON:setUpClass): 200 GET http://10.180.1.21/compute/v2.1/servers/4c2d1132-5148-4c5d-8778-c3f5963ba1fe 5.332s
2025-11-23 04:00:05.963 67690 INFO tempest.lib.common.rest_client [req-8e7e8265-aa3a-4b88-b340-2ab0e689caaa req-8e7e8265-aa3a-4b88-b340-2ab0e689caaa ] Request (MigrationsAdminTest:test_list_migrations_in_flavor_resize_situation): 200 GET http://10.180.1.21/compute/v2.1/servers/00eb52c2-6033-4317-840b-9cd00a020882 5.551s
2025-11-23 04:00:05.973 67642 INFO tempest.lib.common.rest_client [req-a9da488d-eb8d-43f5-ae86-5a12baf0fe19 req-a9da488d-eb8d-43f5-ae86-5a12baf0fe19 ] Request (ImagesOneServerTestJSON:setUpClass): 201 POST http://10.180.1.21/identity/v3/auth/tokens 0.104s
2025-11-23 04:00:05.973 67690 INFO tempest.common.waiters [-] State transition "RESIZE/resize_migrated" ==> "VERIFY_RESIZE/None" after 35 second wait
2025-11-23 04:00:06.006 67642 INFO tempest.lib.common.rest_client [req-c787ecc4-375e-4dd3-b2b3-62c8224709e2 req-c787ecc4-375e-4dd3-b2b3-62c8224709e2 ] Request (ImagesOneServerTestJSON:setUpClass): 201 POST http://10.180.1.21/identity/v3/auth/tokens 0.030s
2025-11-23 04:00:06.007 67642 INFO tempest.lib.common.fixed_network [-] (ImagesOneServerTestJSON:setUpClass) Found network {'id': 'ee5602da-a13a-49a3-a18c-e4b350c31af9', 'name': 'tempest-ImagesOneServerTestJSON-1337576136-network', 'tenant_id': '4fe69ba617b542e6a83ffebfd06ba612', 'project_id': '4fe69ba617b542e6a83ffebfd06ba612', 'admin_state_up': True, 'mtu': 8950, 'status': 'ACTIVE', 'subnets': [], 'shared': False, 'port_security_enabled': True, 'router:external': False, 'provider:network_type': 'vlan', 'provider:physical_network': 'default', 'provider:segmentation_id': 497, 'availability_zone_hints': [], 'availability_zones': [], 'ipv4_address_scope': None, 'ipv6_address_scope': None, 'description': '', 'tags': [], 'created_at': '2025-11-23T04:00:02Z', 'updated_at': '2025-11-23T04:00:02Z', 'revision_number': 1} available for tenant
2025-11-23 04:00:06.090 67654 INFO tempest.lib.common.rest_client [req-aef166c9-db8a-4bd9-abe8-30cded87af8f req-aef166c9-db8a-4bd9-abe8-30cded87af8f ] Request (ImagesMetadataNegativeTestJSON:test_delete_nonexistent_image_metadata_item): 404 DELETE http://10.180.1.21/compute/v2.1/images/d9528194-a402-4b7c-8d1b-9fd67b0aa191/metadata/os_distro 5.155s
2025-11-23 04:00:06.114 67630 INFO tempest.lib.common.rest_client [req-7592e959-5a09-4ee2-8468-3a7cdb697357 req-7592e959-5a09-4ee2-8468-3a7cdb697357 ] Request (FlavorsAccessNegativeTestJSON:tearDownClass): 200 GET http://10.180.1.21/networking/v2.0/security-groups?tenant_id=2c8219ee4fb4450cb2d6339cb0f93fcd&name=default 0.510s
2025-11-23 04:00:06.131 67686 INFO tempest.lib.common.rest_client [req-7e979bb2-39c9-4b18-9f0a-c3d2d8599d15 req-7e979bb2-39c9-4b18-9f0a-c3d2d8599d15 ] Request (ImagesMetadataTestJSON:test_set_image_metadata_item): 200 GET http://10.180.1.21/compute/v2.1/images/f49104d1-77c5-4806-ab78-9211c3a89d0f/metadata 5.021s
2025-11-23 04:00:06.137 67674 INFO tempest.lib.common.rest_client [req-36235b40-00b1-4ba7-ad41-cbae0cefbe74 req-36235b40-00b1-4ba7-ad41-cbae0cefbe74 ] Request (AggregatesAdminNegativeTestJSON:test_aggregate_list_as_user): 403 GET http://10.180.1.21/compute/v2.1/os-aggregates 5.015s
2025-11-23 04:00:06.302 67630 INFO tempest.lib.common.rest_client [req-e4492426-18cc-4f60-ab66-7cbea2c974b4 req-e4492426-18cc-4f60-ab66-7cbea2c974b4 ] Request (FlavorsAccessNegativeTestJSON:tearDownClass): 204 DELETE http://10.180.1.21/networking/v2.0/security-groups/3375f4ed-3ff6-4648-9070-cb34d949a2c7 0.187s
2025-11-23 04:00:06.356 67658 INFO tempest.lib.common.rest_client [req-91412e06-35db-4478-b66a-cbad5ccd2cae req-91412e06-35db-4478-b66a-cbad5ccd2cae ] Request (ServersTestManualDisk:setUpClass): 200 GET http://10.180.1.21/compute/v2.1/servers/f032f60d-2b48-44d0-8c20-3cb1f2e95420 5.109s
2025-11-23 04:00:06.387 67664 INFO tempest.lib.common.rest_client [req-c37837d7-2228-4819-90c8-c4509b3fb862 req-c37837d7-2228-4819-90c8-c4509b3fb862 ] Request (ServerDiagnosticsNegativeTest:test_get_server_diagnostics_by_non_admin): 200 GET http://10.180.1.21/compute/v2.1/servers/449319bb-3528-4ffa-9348-cc9e3304499b 5.377s
2025-11-23 04:00:06.396 67664 INFO tempest.common.waiters [-] State transition "BUILD/None" ==> "BUILD/spawning" after 30 second wait
2025-11-23 04:00:06.410 67630 INFO tempest.lib.common.rest_client [req-9bb5b18a-df04-46cd-b4f6-c36d4cab0a51 req-9bb5b18a-df04-46cd-b4f6-c36d4cab0a51 ] Request (FlavorsAccessNegativeTestJSON:tearDownClass): 204 DELETE http://10.180.1.21/identity/v3/projects/2c8219ee4fb4450cb2d6339cb0f93fcd 0.108s
2025-11-23 04:00:06.411 67630 INFO tempest.lib.common.dynamic_creds [-] Deleting project and security group for project: c50ab8e10124492191e7bed0c7513790
2025-11-23 04:00:06.447 67680 INFO tempest.lib.common.rest_client [req-c4e77a61-3e7b-4f4d-92bf-7105d5312098 req-c4e77a61-3e7b-4f4d-92bf-7105d5312098 ] Request (QuotaClassesAdmin257Test:test_update_default_quotas): 200 PUT http://10.180.1.21/compute/v2.1/os-quota-class-sets/default 5.141s
2025-11-23 04:00:06.552 67630 INFO tempest.lib.common.rest_client [req-39ecc317-b375-4c17-be19-021600037b5a req-39ecc317-b375-4c17-be19-021600037b5a ] Request (FlavorsAccessNegativeTestJSON:tearDownClass): 200 GET http://10.180.1.21/networking/v2.0/security-groups?tenant_id=c50ab8e10124492191e7bed0c7513790&name=default 0.141s
2025-11-23 04:00:06.674 67646 INFO tempest.lib.common.rest_client [req-074434cc-1ba6-4aa3-947c-9ba2367f84a5 req-074434cc-1ba6-4aa3-947c-9ba2367f84a5 ] Request (ServersAdminTestJSON:test_create_server_with_scheduling_hint): 200 GET http://10.180.1.21/compute/v2.1/servers/b3761e65-9f2b-40a6-abf5-c8d5c8bd0b14 5.293s
2025-11-23 04:00:06.749 67630 INFO tempest.lib.common.rest_client [req-ff3cd25f-fa3f-4429-a4e0-95979e6d5ab1 req-ff3cd25f-fa3f-4429-a4e0-95979e6d5ab1 ] Request (FlavorsAccessNegativeTestJSON:tearDownClass): 204 DELETE http://10.180.1.21/networking/v2.0/security-groups/88caf510-5e35-42df-b0c0-9698514e01a7 0.197s
2025-11-23 04:00:06.783 67662 INFO tempest.lib.common.rest_client [req-e20dfd27-c36a-4ca8-8412-7126a77ac5cc req-e20dfd27-c36a-4ca8-8412-7126a77ac5cc ] Request (ServerActionsTestOtherB:setUpClass): 200 GET http://10.180.1.21/compute/v2.1/servers/5040248c-fe52-445a-9358-8994da9cc905 5.415s
2025-11-23 04:00:06.792 67662 INFO tempest.common.waiters [-] State transition "BUILD/spawning" ==> "ACTIVE/None" after 36 second wait
2025-11-23 04:00:06.932 67630 INFO tempest.lib.common.rest_client [req-61a5b10d-0ade-44c6-a5e1-468b5f518d58 req-61a5b10d-0ade-44c6-a5e1-468b5f518d58 ] Request (FlavorsAccessNegativeTestJSON:tearDownClass): 204 DELETE http://10.180.1.21/identity/v3/projects/c50ab8e10124492191e7bed0c7513790 0.182s
2025-11-23 04:00:07.006 67632 INFO tempest.lib.common.rest_client [req-d13f0672-dc6e-4df2-b06a-d0ff392227e6 req-d13f0672-dc6e-4df2-b06a-d0ff392227e6 ] Request (ServersTestJSON:setUpClass): 200 GET http://10.180.1.21/compute/v2.1/servers/421b4165-005f-42bc-9031-96df22da2909 5.492s
2025-11-23 04:00:07.009 67630 INFO tempest.lib.common.rest_client [req-2145cd54-f279-4b81-8d52-fbca2d7a187c req-2145cd54-f279-4b81-8d52-fbca2d7a187c ] Request (ImagesTestJSON:setUpClass): 201 POST http://10.180.1.21/identity/v3/auth/tokens 0.075s
2025-11-23 04:00:07.033 67678 INFO tempest.lib.common.rest_client [req-fc6d92d7-b289-48ad-aea9-73911a1719d8 req-fc6d92d7-b289-48ad-aea9-73911a1719d8 ] Request (FloatingIPsAssociationTestJSON:test_associate_already_associated_floating_ip): 200 GET http://10.180.1.21/compute/v2.1/servers/86fab598-d985-48c5-bb9f-5934ae6f6e47 5.474s
2025-11-23 04:00:07.041 67678 INFO tempest.common.waiters [-] State transition "BUILD/spawning" ==> "ACTIVE/None" after 36 second wait
2025-11-23 04:00:07.049 67630 INFO tempest.lib.common.rest_client [req-5ad75b6b-e0f2-45e3-894c-f56e1de645f3 req-5ad75b6b-e0f2-45e3-894c-f56e1de645f3 ] Request (ImagesTestJSON:setUpClass): 201 POST http://10.180.1.21/identity/v3/auth/tokens 0.037s
2025-11-23 04:00:07.086 67630 INFO tempest.lib.common.rest_client [req-5d0183e0-97c2-4cd6-a5ea-cff6f27358f3 req-5d0183e0-97c2-4cd6-a5ea-cff6f27358f3 ] Request (ImagesTestJSON:setUpClass): 200 GET http://10.180.1.21/identity/v3/domains?name=Default 0.036s
2025-11-23 04:00:07.125 67630 INFO tempest.lib.common.rest_client [req-40d716e2-02ff-4c88-aff6-846997bead18 req-40d716e2-02ff-4c88-aff6-846997bead18 ] Request (ImagesTestJSON:setUpClass): 201 POST http://10.180.1.21/identity/v3/projects 0.039s
2025-11-23 04:00:07.193 67630 INFO tempest.lib.common.rest_client [req-403a9ec4-bd5e-4736-934f-a4da63518dfa req-403a9ec4-bd5e-4736-934f-a4da63518dfa ] Request (ImagesTestJSON:setUpClass): 201 POST http://10.180.1.21/identity/v3/users 0.067s
2025-11-23 04:00:07.197 67682 INFO tempest.lib.common.rest_client [req-f8a05e5e-6f86-4311-bdd8-1cbbdc18bece req-f8a05e5e-6f86-4311-bdd8-1cbbdc18bece ] Request (SecurityGroupRulesNegativeTestJSON:test_create_security_group_rule_with_invalid_port_range): 200 POST http://10.180.1.21/compute/v2.1/os-security-groups 5.252s
2025-11-23 04:00:07.220 67638 INFO tempest.lib.common.rest_client [req-9ff05c2a-3a6e-4d03-ab3b-7e53975e606a req-9ff05c2a-3a6e-4d03-ab3b-7e53975e606a ] Request (ServicesAdminNegativeTestJSON:test_get_service_by_invalid_params): 200 GET http://10.180.1.21/compute/v2.1/os-services 5.597s
2025-11-23 04:00:07.241 67630 INFO tempest.lib.common.rest_client [req-a6d90eb2-8c71-47bf-9f6d-a39421c70368 req-a6d90eb2-8c71-47bf-9f6d-a39421c70368 ] Request (ImagesTestJSON:setUpClass): 200 GET http://10.180.1.21/identity/v3/roles 0.048s
2025-11-23 04:00:07.251 67684 WARNING tempest.lib.common.ssh [-] Failed to establish authenticated ssh connection to cirros@10.180.180.233 ([Errno None] Unable to connect to port 22 on 10.180.180.233). Number attempts: 2. Retry after 3 seconds.: paramiko.ssh_exception.NoValidConnectionsError: [Errno None] Unable to connect to port 22 on 10.180.180.233
2025-11-23 04:00:07.271 67630 INFO tempest.lib.common.rest_client [req-be15d3be-6ced-4a7e-acc7-8a0c045d78f1 req-be15d3be-6ced-4a7e-acc7-8a0c045d78f1 ] Request (ImagesTestJSON:setUpClass): 204 PUT http://10.180.1.21/identity/v3/projects/63395ccf3e1e49d08db987a06b3bb352/users/21b6dadb8f194eff81de05c7ea2c1e5a/roles/59b39857c73c4d0b99fc9d43a7df1cde 0.029s
2025-11-23 04:00:07.272 67630 INFO tempest.lib.common.dynamic_creds [-] Dynamic test user 21b6dadb8f194eff81de05c7ea2c1e5a is created with scope project and roles: ['member']
2025-11-23 04:00:07.272 67630 INFO tempest.lib.common.dynamic_creds [-] Acquired dynamic creds: credentials: Credentials: {'domain_id': 'default', 'domain_name': 'Default', 'username': 'tempest-ImagesTestJSON-1520802003-project-member', 'project_domain_id': 'default', 'project_domain_name': 'Default', 'project_id': '63395ccf3e1e49d08db987a06b3bb352', 'project_name': 'tempest-ImagesTestJSON-1520802003', 'tenant_id': '63395ccf3e1e49d08db987a06b3bb352', 'tenant_name': 'tempest-ImagesTestJSON-1520802003', 'user_domain_id': 'default', 'user_domain_name': 'Default', 'user_id': '21b6dadb8f194eff81de05c7ea2c1e5a', 'system': None}, Network: None, Subnet: None, Router: None
2025-11-23 04:00:07.290 67650 INFO tempest.lib.common.rest_client [req-c6fa9d21-78e5-4267-ad7e-13dc45328867 req-c6fa9d21-78e5-4267-ad7e-13dc45328867 ] Request (ServerAddressesNegativeTestJSON:setUpClass): 200 GET http://10.180.1.21/compute/v2.1/servers/01dfb527-4ebb-4833-94a2-df6bc2de85f6 5.210s
2025-11-23 04:00:07.318 67670 INFO tempest.lib.common.rest_client [req-668642da-2ef5-4004-bfc7-741a63837ac4 req-668642da-2ef5-4004-bfc7-741a63837ac4 ] Request (FlavorsAdminTestJSON:test_is_public_string_variations): 200 POST http://10.180.1.21/compute/v2.1/flavors 4.682s
2025-11-23 04:00:07.374 67630 INFO tempest.lib.common.rest_client [req-1d0746e2-0ad0-45de-a6a3-c8f7f7de5a12 req-1d0746e2-0ad0-45de-a6a3-c8f7f7de5a12 ] Request (ImagesTestJSON:setUpClass): 201 POST http://10.180.1.21/identity/v3/auth/tokens 0.102s
2025-11-23 04:00:07.499 67666 INFO tempest.lib.common.rest_client [req-91711611-9dcb-4747-b010-61a3610df234 req-91711611-9dcb-4747-b010-61a3610df234 ] Request (SecurityGroupRulesTestJSON:test_security_group_rules_create_with_optional_group_id): 200 POST http://10.180.1.21/compute/v2.1/os-security-group-rules 4.891s
2025-11-23 04:00:07.502 67666 WARNING tempest.lib.common.rest_client [-] Deprecated: "tenant_id" property is deprecated for removal, use "project_id" instead
2025-11-23 04:00:07.647 67634 INFO tempest.lib.common.rest_client [req-a583e16c-a1a6-4998-a4ae-49b414086efa req-a583e16c-a1a6-4998-a4ae-49b414086efa ] Request (ServersTestBootFromVolume:setUpClass): 200 POST http://10.180.1.21/compute/v2.1/os-keypairs 3.702s
2025-11-23 04:00:07.669 67644 INFO tempest.lib.common.rest_client [req-dcfeb297-e74d-4678-accc-405b15c9e2dd req-dcfeb297-e74d-4678-accc-405b15c9e2dd ] Request (ImagesNegativeTestJSON:test_create_image_from_deleted_server): 200 GET http://10.180.1.21/compute/v2.1/servers/4c4017e4-65c6-4834-971b-de752ec18bfc 4.150s
2025-11-23 04:00:07.818 67630 INFO tempest.lib.common.rest_client [req-7e0044ef-9500-4c11-b53c-17653bc4958c req-7e0044ef-9500-4c11-b53c-17653bc4958c ] Request (ImagesTestJSON:setUpClass): 201 POST http://10.180.1.21/networking/v2.0/networks 0.443s
2025-11-23 04:00:07.920 67634 INFO tempest.lib.common.rest_client [req-a79a5c20-aa61-42f0-9b1b-3e0620acf53c req-a79a5c20-aa61-42f0-9b1b-3e0620acf53c ] Request (ServersTestBootFromVolume:setUpClass): 201 POST http://10.180.1.21/networking/v2.0/security-groups 0.271s
2025-11-23 04:00:07.976 67672 INFO tempest.lib.common.rest_client [req-588ca000-d613-46c7-b5a3-66e4e126308c req-588ca000-d613-46c7-b5a3-66e4e126308c ] Request (ServersAdmin275Test:tearDownClass): 200 GET http://10.180.1.21/compute/v2.1/servers/e36225aa-586b-4e04-8dd1-e0b09b3da2f4 3.118s
2025-11-23 04:00:08.141 67630 INFO tempest.lib.common.rest_client [req-7673343e-715a-47b1-b1e9-182bc4d43e0b req-7673343e-715a-47b1-b1e9-182bc4d43e0b ] Request (ImagesTestJSON:setUpClass): 201 POST http://10.180.1.21/networking/v2.0/subnets 0.322s
2025-11-23 04:00:08.285 67634 INFO tempest.lib.common.rest_client [req-90ce6460-b7c6-488f-ad54-b611ea30cac6 req-90ce6460-b7c6-488f-ad54-b611ea30cac6 ] Request (ServersTestBootFromVolume:setUpClass): 201 POST http://10.180.1.21/networking/v2.0/security-group-rules 0.363s
2025-11-23 04:00:08.317 67660 INFO tempest.lib.common.rest_client [req-3d883dcd-0562-4329-a87b-7f42a642794e req-3d883dcd-0562-4329-a87b-7f42a642794e ] Request (ServersAdminNegativeTestJSON:test_migrate_server_invalid_state): 200 GET http://10.180.1.21/compute/v2.1/servers/760d6e9c-057c-4d7b-8a21-cdc939c1fa19 3.496s
2025-11-23 04:00:08.326 67660 INFO tempest.common.waiters [-] State transition "BUILD/None" ==> "BUILD/spawning" after 30 second wait
2025-11-23 04:00:08.332 67628 INFO tempest.lib.common.rest_client [req-e673ffd8-04d1-402d-8698-50a0ea3b1911 req-e673ffd8-04d1-402d-8698-50a0ea3b1911 ] Request (ImagesOneServerNegativeTestJSON:setUpClass): 200 GET http://10.180.1.21/compute/v2.1/servers/fd935873-2707-4fb1-bc45-88373a16590a 3.063s
2025-11-23 04:00:08.399 67690 INFO tempest.lib.common.rest_client [req-d6859edd-fd56-4fc8-9942-b4af898e7733 req-d6859edd-fd56-4fc8-9942-b4af898e7733 ] Request (MigrationsAdminTest:test_list_migrations_in_flavor_resize_situation): 204 POST http://10.180.1.21/compute/v2.1/servers/00eb52c2-6033-4317-840b-9cd00a020882/action 2.426s
2025-11-23 04:00:09.093 67630 INFO tempest.lib.common.rest_client [req-9805460e-f011-48bf-8063-8cc6a33eb143 req-9805460e-f011-48bf-8063-8cc6a33eb143 ] Request (ImagesTestJSON:setUpClass): 201 POST http://10.180.1.21/networking/v2.0/routers 0.952s
2025-11-23 04:00:09.283 67634 INFO tempest.lib.common.rest_client [req-245c7923-db07-4015-b2b4-bf38e2984be8 req-245c7923-db07-4015-b2b4-bf38e2984be8 ] Request (ServersTestBootFromVolume:setUpClass): 201 POST http://10.180.1.21/networking/v2.0/security-group-rules 0.998s
2025-11-23 04:00:09.310 67636 INFO tempest.lib.common.rest_client [req-58ef0898-f03b-4c75-a7e2-a376c7451329 req-58ef0898-f03b-4c75-a7e2-a376c7451329 ] Request (ServersTestFqdnHostnames:tearDownClass): 200 GET http://10.180.1.21/compute/v2.1/servers/f5b8d911-b7fe-446a-8cb3-f74c245d7285 3.573s
2025-11-23 04:00:09.322 67636 INFO tempest.common.waiters [-] State transition "ACTIVE/deleting" ==> "DELETED/None" after 5 second wait
2025-11-23 04:00:09.327 67648 INFO tempest.lib.common.rest_client [req-8b9f02bb-ba2a-4166-9446-6607fb45ca95 req-8b9f02bb-ba2a-4166-9446-6607fb45ca95 ] Request (ServerExternalEventsTest:test_create_server_external_events): 200 GET http://10.180.1.21/compute/v2.1/servers/5014b17f-6b7e-46a3-a8db-0dbf8ca4fc35 3.349s
2025-11-23 04:00:09.355 67654 INFO tempest.lib.common.rest_client [req-9ce4575a-3d5a-4657-b130-de6ccbd9061c req-9ce4575a-3d5a-4657-b130-de6ccbd9061c ] Request (ImagesMetadataNegativeTestJSON:test_get_nonexistent_image_metadata_item): 404 GET http://10.180.1.21/compute/v2.1/images/a121486e-b607-4ff2-be77-82f3b2c5cf3f/metadata/os_version 3.264s
2025-11-23 04:00:09.586 67686 INFO tempest.lib.common.rest_client [req-8916df78-ea7b-435f-81ea-73a5a4abbe6a req-8916df78-ea7b-435f-81ea-73a5a4abbe6a ] Request (ImagesMetadataTestJSON:setUp): 200 PUT http://10.180.1.21/compute/v2.1/images/f49104d1-77c5-4806-ab78-9211c3a89d0f/metadata 3.453s
2025-11-23 04:00:09.616 67674 INFO tempest.lib.common.rest_client [req-7b336dfb-0097-4b64-a82f-270991407777 req-7b336dfb-0097-4b64-a82f-270991407777 ] Request (AggregatesAdminNegativeTestJSON:test_aggregate_remove_host_as_user): 200 POST http://10.180.1.21/compute/v2.1/os-aggregates 3.477s
2025-11-23 04:00:09.891 67634 INFO tempest.lib.common.rest_client [req-464dc4a2-6871-492e-b820-e02048b5ff96 req-464dc4a2-6871-492e-b820-e02048b5ff96 ] Request (ServersTestBootFromVolume:setUpClass): 201 POST http://10.180.1.21/networking/v2.0/floatingips 0.607s
2025-11-23 04:00:09.930 67634 INFO tempest.lib.common.rest_client [req-9f3f123f-77bb-4f5d-8f46-4ac405d7ba33 req-9f3f123f-77bb-4f5d-8f46-4ac405d7ba33 ] Request (ServersTestBootFromVolume:setUpClass): 201 POST http://10.180.1.21/identity/v3/auth/tokens 0.034s
2025-11-23 04:00:09.931 67634 INFO tempest.lib.common.fixed_network [-] (ServersTestBootFromVolume:setUpClass) Found network {'id': '0d45a866-1e47-4097-8f0c-86d84907a55c', 'name': 'tempest-ServersTestBootFromVolume-1387017206-network', 'tenant_id': '3bcd70c4daff4f9d8c4a841bc82d65f2', 'project_id': '3bcd70c4daff4f9d8c4a841bc82d65f2', 'admin_state_up': True, 'mtu': 8950, 'status': 'ACTIVE', 'subnets': [], 'shared': False, 'port_security_enabled': True, 'router:external': False, 'provider:network_type': 'vlan', 'provider:physical_network': 'default', 'provider:segmentation_id': 34, 'availability_zone_hints': [], 'availability_zones': [], 'ipv4_address_scope': None, 'ipv6_address_scope': None, 'description': '', 'tags': [], 'created_at': '2025-11-23T04:00:00Z', 'updated_at': '2025-11-23T04:00:00Z', 'revision_number': 1} available for tenant
2025-11-23 04:00:09.966 67676 WARNING tempest.lib.common.ssh [-] Failed to establish authenticated ssh connection to cirros@10.180.180.137 ([Errno None] Unable to connect to port 22 on 10.180.180.137). Number attempts: 4. Retry after 5 seconds.: paramiko.ssh_exception.NoValidConnectionsError: [Errno None] Unable to connect to port 22 on 10.180.180.137
2025-11-23 04:00:10.318 67688 INFO tempest.lib.common.rest_client [req-a18881cf-fb84-4130-824e-a50b44cd567f req-a18881cf-fb84-4130-824e-a50b44cd567f ] Request (DeleteServersAdminTestJSON:test_delete_server_while_in_error_state): 200 GET http://10.180.1.21/compute/v2.1/servers/259782cd-e0ba-4463-9424-9134ff2b0f0c 3.943s
2025-11-23 04:00:10.329 67688 INFO tempest.common.waiters [-] State transition "BUILD/None" ==> "BUILD/spawning" after 20 second wait
2025-11-23 04:00:10.330 67680 INFO tempest.lib.common.rest_client [req-1f57abd1-0c1c-4e14-bf02-f10307ab2553 req-1f57abd1-0c1c-4e14-bf02-f10307ab2553 ] Request (QuotaClassesAdmin257Test:test_update_default_quotas): 200 GET http://10.180.1.21/compute/v2.1/os-quota-class-sets/default 3.881s
2025-11-23 04:00:10.407 67630 INFO tempest.lib.common.rest_client [req-ab08e187-bb19-4961-b80a-600916625e17 req-ab08e187-bb19-4961-b80a-600916625e17 ] Request (ImagesTestJSON:setUpClass): 200 PUT http://10.180.1.21/networking/v2.0/routers/7b4836cd-d6ff-4969-ad3e-7f4dfc7d6a47/add_router_interface 1.313s
2025-11-23 04:00:10.408 67630 INFO tempest.lib.common.dynamic_creds [-] Created isolated network resources for: credentials: Credentials: {'domain_id': 'default', 'domain_name': 'Default', 'username': 'tempest-ImagesTestJSON-1520802003-project-member', 'project_domain_id': 'default', 'project_domain_name': 'Default', 'project_id': '63395ccf3e1e49d08db987a06b3bb352', 'project_name': 'tempest-ImagesTestJSON-1520802003', 'tenant_id': '63395ccf3e1e49d08db987a06b3bb352', 'tenant_name': 'tempest-ImagesTestJSON-1520802003', 'user_domain_id': 'default', 'user_domain_name': 'Default', 'user_id': '21b6dadb8f194eff81de05c7ea2c1e5a', 'system': None}, Network: {'id': 'c47233be-90c3-4195-a4a2-2e6a90b49ff9', 'name': 'tempest-ImagesTestJSON-1699118056-network', 'tenant_id': '63395ccf3e1e49d08db987a06b3bb352', 'project_id': '63395ccf3e1e49d08db987a06b3bb352', 'admin_state_up': True, 'mtu': 8950, 'status': 'ACTIVE', 'subnets': [], 'shared': False, 'port_security_enabled': True, 'router:external': False, 'provider:network_type': 'vlan', 'provider:physical_network': 'default', 'provider:segmentation_id': 21, 'availability_zone_hints': [], 'availability_zones': [], 'ipv4_address_scope': None, 'ipv6_address_scope': None, 'description': '', 'tags': [], 'created_at': '2025-11-23T04:00:07Z', 'updated_at': '2025-11-23T04:00:07Z', 'revision_number': 1}, Subnet: {'id': '5e3dda63-9347-4755-9abc-93e7cbf2526b', 'name': 'tempest-ImagesTestJSON-1699118056-subnet', 'tenant_id': '63395ccf3e1e49d08db987a06b3bb352', 'network_id': 'c47233be-90c3-4195-a4a2-2e6a90b49ff9', 'ip_version': 4, 'subnetpool_id': None, 'enable_dhcp': True, 'ipv6_ra_mode': None, 'ipv6_address_mode': None, 'gateway_ip': '192.168.128.1', 'cidr': '192.168.128.0/28', 'allocation_pools': [{'start': '192.168.128.2', 'end': '192.168.128.14'}], 'host_routes': [], 'dns_nameservers': [], 'description': '', 'router:external': False, 'service_types': [], 'tags': [], 'created_at': '2025-11-23T04:00:08Z', 'updated_at': '2025-11-23T04:00:08Z', 'revision_number': 0, 'project_id': '63395ccf3e1e49d08db987a06b3bb352'}, Router: {'id': '7b4836cd-d6ff-4969-ad3e-7f4dfc7d6a47', 'name': 'tempest-ImagesTestJSON-1699118056-router', 'tenant_id': '63395ccf3e1e49d08db987a06b3bb352', 'admin_state_up': True, 'status': 'ACTIVE', 'external_gateway_info': {'network_id': '8a828a6d-470f-478f-aa8e-8badc78c8101', 'external_fixed_ips': [{'subnet_id': 'c75dfa05-98cf-4f24-ae00-e2f883a0abc5', 'ip_address': '10.180.180.185'}], 'enable_snat': True}, 'description': '', 'availability_zones': [], 'distributed': False, 'ha': False, 'availability_zone_hints': [], 'routes': [], 'flavor_id': None, 'tags': [], 'created_at': '2025-11-23T04:00:08Z', 'updated_at': '2025-11-23T04:00:08Z', 'revision_number': 2, 'project_id': '63395ccf3e1e49d08db987a06b3bb352'}
2025-11-23 04:00:10.487 67662 INFO tempest.lib.common.rest_client [req-2176247f-d563-42f5-8431-6dc7104601c7 req-2176247f-d563-42f5-8431-6dc7104601c7 ] Request (ServerActionsTestOtherB:setUpClass): 200 GET http://10.180.1.21/compute/v2.1/servers/5040248c-fe52-445a-9358-8994da9cc905/os-interface 3.694s
2025-11-23 04:00:10.518 67656 INFO tempest.lib.common.rest_client [req-52e39242-2394-4bd2-8e44-246dd7c818cb req-52e39242-2394-4bd2-8e44-246dd7c818cb ] Request (ListServersNegativeTestJSON:setUpClass): 404 GET http://10.180.1.21/compute/v2.1/servers/4c2d1132-5148-4c5d-8778-c3f5963ba1fe 3.565s
2025-11-23 04:00:10.529 67630 INFO tempest.lib.common.rest_client [req-9524d161-74c6-425b-aa8f-51a8f5d50411 req-9524d161-74c6-425b-aa8f-51a8f5d50411 ] Request (ImagesTestJSON:setUpClass): 201 POST http://10.180.1.21/identity/v3/auth/tokens 0.118s
2025-11-23 04:00:10.581 67630 INFO tempest.lib.common.rest_client [req-baabdf45-9c0d-439e-9511-33664af0a63d req-baabdf45-9c0d-439e-9511-33664af0a63d ] Request (ImagesTestJSON:test_create_image_from_stopped_server): 201 POST http://10.180.1.21/identity/v3/auth/tokens 0.041s
2025-11-23 04:00:10.582 67630 INFO tempest.lib.common.fixed_network [-] (ImagesTestJSON:test_create_image_from_stopped_server) Found network {'id': 'c47233be-90c3-4195-a4a2-2e6a90b49ff9', 'name': 'tempest-ImagesTestJSON-1699118056-network', 'tenant_id': '63395ccf3e1e49d08db987a06b3bb352', 'project_id': '63395ccf3e1e49d08db987a06b3bb352', 'admin_state_up': True, 'mtu': 8950, 'status': 'ACTIVE', 'subnets': [], 'shared': False, 'port_security_enabled': True, 'router:external': False, 'provider:network_type': 'vlan', 'provider:physical_network': 'default', 'provider:segmentation_id': 21, 'availability_zone_hints': [], 'availability_zones': [], 'ipv4_address_scope': None, 'ipv6_address_scope': None, 'description': '', 'tags': [], 'created_at': '2025-11-23T04:00:07Z', 'updated_at': '2025-11-23T04:00:07Z', 'revision_number': 1} available for tenant
2025-11-23 04:00:10.654 67634 INFO tempest.lib.common.rest_client [req-0dc477ca-ae30-4819-ae68-ddd66ef7499d req-0dc477ca-ae30-4819-ae68-ddd66ef7499d ] Request (ServersTestBootFromVolume:setUpClass): 202 POST http://10.180.1.21/volume/v3/volumes 0.722s
2025-11-23 04:00:10.704 67642 INFO tempest.lib.common.rest_client [req-fec4d317-a157-44d9-bc66-e2fc72543474 req-fec4d317-a157-44d9-bc66-e2fc72543474 ] Request (ImagesOneServerTestJSON:setUpClass): 202 POST http://10.180.1.21/compute/v2.1/servers 4.696s
2025-11-23 04:00:10.759 67684 WARNING tempest.lib.common.ssh [-] Failed to establish authenticated ssh connection to cirros@10.180.180.233 ([Errno None] Unable to connect to port 22 on 10.180.180.233). Number attempts: 3. Retry after 4 seconds.: paramiko.ssh_exception.NoValidConnectionsError: [Errno None] Unable to connect to port 22 on 10.180.180.233
2025-11-23 04:00:10.881 67634 INFO tempest.lib.common.rest_client [req-a2472058-c4c5-4b11-a4e4-cd301a156f51 req-a2472058-c4c5-4b11-a4e4-cd301a156f51 ] Request (ServersTestBootFromVolume:setUpClass): 200 GET http://10.180.1.21/volume/v3/volumes/d826ab07-666f-4329-810c-dc54ac0de143 0.221s
2025-11-23 04:00:10.938 67682 INFO tempest.lib.common.rest_client [req-d0cd3166-fe6e-4678-b0a0-aab8a70b6647 req-d0cd3166-fe6e-4678-b0a0-aab8a70b6647 ] Request (SecurityGroupRulesNegativeTestJSON:test_create_security_group_rule_with_invalid_port_range): 400 POST http://10.180.1.21/compute/v2.1/os-security-group-rules 3.737s
2025-11-23 04:00:10.985 67638 INFO tempest.lib.common.rest_client [req-bc5f77d4-3cf2-4aad-a7cf-ce139d2721b2 req-bc5f77d4-3cf2-4aad-a7cf-ce139d2721b2 ] Request (ServicesAdminNegativeTestJSON:test_get_service_by_invalid_params): 200 GET http://10.180.1.21/compute/v2.1/os-services?xxx=nova-compute 3.759s
2025-11-23 04:00:11.010 67670 INFO tempest.lib.common.rest_client [req-2441d3f7-25be-4821-a8ef-e0000608eb8e req-2441d3f7-25be-4821-a8ef-e0000608eb8e ] Request (FlavorsAdminTestJSON:test_is_public_string_variations): 200 POST http://10.180.1.21/compute/v2.1/flavors 3.688s
2025-11-23 04:00:11.185 67662 INFO tempest.lib.common.rest_client [req-5362ed8d-8b5a-41f0-a365-df8783753845 req-5362ed8d-8b5a-41f0-a365-df8783753845 ] Request (ServerActionsTestOtherB:setUpClass): 200 PUT http://10.180.1.21/networking/v2.0/floatingips/4b5cd93d-eac5-4e5c-9576-536ae531fc2f 0.695s
2025-11-23 04:00:11.187 67662 INFO tempest.lib.common.ssh [-] Creating ssh connection to '10.180.180.225:22' as 'cirros' with public key authentication
2025-11-23 04:00:11.208 67658 INFO tempest.lib.common.rest_client [req-b27fd550-97d5-43a4-9bf0-9e023b974cd9 req-b27fd550-97d5-43a4-9bf0-9e023b974cd9 ] Request (ServersTestManualDisk:setUpClass): 200 GET http://10.180.1.21/compute/v2.1/servers/f032f60d-2b48-44d0-8c20-3cb1f2e95420 3.844s
2025-11-23 04:00:11.363 67668 INFO paramiko.transport [-] Connected (version 2.0, client dropbear_2020.81)
2025-11-23 04:00:11.396 67664 INFO tempest.lib.common.rest_client [req-b3e99065-9ce2-471e-95cf-de591bb7a0df req-b3e99065-9ce2-471e-95cf-de591bb7a0df ] Request (ServerDiagnosticsNegativeTest:test_get_server_diagnostics_by_non_admin): 200 GET http://10.180.1.21/compute/v2.1/servers/449319bb-3528-4ffa-9348-cc9e3304499b 3.997s
2025-11-23 04:00:11.474 67668 INFO paramiko.transport [-] Authentication (publickey) successful!
2025-11-23 04:00:11.474 67668 INFO tempest.lib.common.ssh [-] ssh connection to cirros@10.180.180.159 successfully created
2025-11-23 04:00:11.527 67666 INFO tempest.lib.common.rest_client [req-f98114b4-a64b-4023-890d-0f6a325fadec req-f98114b4-a64b-4023-890d-0f6a325fadec ] Request (SecurityGroupRulesTestJSON:test_security_group_rules_delete_when_peer_group_deleted): 200 POST http://10.180.1.21/compute/v2.1/os-security-groups 4.023s
2025-11-23 04:00:11.593 67646 INFO tempest.lib.common.rest_client [req-56dedb06-582e-48a4-8c16-ebcb9045e138 req-56dedb06-582e-48a4-8c16-ebcb9045e138 ] Request (ServersAdminTestJSON:test_create_server_with_scheduling_hint): 200 GET http://10.180.1.21/compute/v2.1/servers/b3761e65-9f2b-40a6-abf5-c8d5c8bd0b14 3.911s
2025-11-23 04:00:11.754 67632 INFO tempest.lib.common.rest_client [req-681d7537-21b9-48e4-93e6-a4e4c54d69d9 req-681d7537-21b9-48e4-93e6-a4e4c54d69d9 ] Request (ServersTestJSON:setUpClass): 200 GET http://10.180.1.21/compute/v2.1/servers/421b4165-005f-42bc-9031-96df22da2909 3.740s
2025-11-23 04:00:11.763 67632 INFO tempest.common.waiters [-] State transition "BUILD/spawning" ==> "ACTIVE/None" after 40 second wait
2025-11-23 04:00:11.831 67650 INFO tempest.lib.common.rest_client [req-0fdf5b6c-732d-417d-b504-d809397ed70b req-0fdf5b6c-732d-417d-b504-d809397ed70b ] Request (ServerAddressesNegativeTestJSON:setUpClass): 200 GET http://10.180.1.21/compute/v2.1/servers/01dfb527-4ebb-4833-94a2-df6bc2de85f6 3.527s
2025-11-23 04:00:11.926 67634 INFO tempest.lib.common.rest_client [req-8a7992e0-bdc4-4bd6-99a3-d7311b68bbe1 req-8a7992e0-bdc4-4bd6-99a3-d7311b68bbe1 ] Request (ServersTestBootFromVolume:setUpClass): 200 GET http://10.180.1.21/volume/v3/volumes/d826ab07-666f-4329-810c-dc54ac0de143 0.037s
2025-11-23 04:00:12.016 67678 INFO tempest.lib.common.rest_client [req-a9f45e56-4866-40eb-a75f-db4dc2e5c207 req-a9f45e56-4866-40eb-a75f-db4dc2e5c207 ] Request (FloatingIPsAssociationTestJSON:test_associate_already_associated_floating_ip): 202 POST http://10.180.1.21/compute/v2.1/servers/9f4eeaa7-8ddd-4222-a997-4c2d3ca7130e/action 4.975s
2025-11-23 04:00:12.030 67690 INFO tempest.lib.common.rest_client [req-35d69086-3689-4ac1-9b00-544096f9ca6b req-35d69086-3689-4ac1-9b00-544096f9ca6b ] Request (MigrationsAdminTest:test_list_migrations_in_flavor_resize_situation): 200 GET http://10.180.1.21/compute/v2.1/servers/00eb52c2-6033-4317-840b-9cd00a020882 3.630s
2025-11-23 04:00:12.101 67644 INFO tempest.lib.common.rest_client [req-9077cdd1-0a7e-43d9-b51e-26f8583513bc req-9077cdd1-0a7e-43d9-b51e-26f8583513bc ] Request (ImagesNegativeTestJSON:test_create_image_from_deleted_server): 200 GET http://10.180.1.21/compute/v2.1/servers/4c4017e4-65c6-4834-971b-de752ec18bfc 3.423s
2025-11-23 04:00:12.131 67672 INFO tempest.lib.common.rest_client [req-ed509ae4-2a9f-4f22-9695-33dab1eff208 req-ed509ae4-2a9f-4f22-9695-33dab1eff208 ] Request (ServersAdmin275Test:tearDownClass): 200 GET http://10.180.1.21/compute/v2.1/servers/e36225aa-586b-4e04-8dd1-e0b09b3da2f4 3.143s
2025-11-23 04:00:12.204 67628 INFO tempest.lib.common.rest_client [req-f0a58ad8-7647-4e4d-ba1d-9286376b89a7 req-f0a58ad8-7647-4e4d-ba1d-9286376b89a7 ] Request (ImagesOneServerNegativeTestJSON:setUpClass): 200 GET http://10.180.1.21/compute/v2.1/servers/fd935873-2707-4fb1-bc45-88373a16590a 2.860s
2025-11-23 04:00:12.210 67628 INFO tempest.common.waiters [-] State transition "BUILD/None" ==> "BUILD/networking" after 19 second wait
2025-11-23 04:00:12.226 67660 INFO tempest.lib.common.rest_client [req-dbf64023-44ec-47e2-890b-6914b3cbef48 req-dbf64023-44ec-47e2-890b-6914b3cbef48 ] Request (ServersAdminNegativeTestJSON:test_migrate_server_invalid_state): 200 GET http://10.180.1.21/compute/v2.1/servers/760d6e9c-057c-4d7b-8a21-cdc939c1fa19 2.898s
2025-11-23 04:00:12.250 67654 INFO tempest.lib.common.rest_client [req-74340e18-c6b2-4ed0-ab1e-88b99c0845e9 req-74340e18-c6b2-4ed0-ab1e-88b99c0845e9 ] Request (ImagesMetadataNegativeTestJSON:test_list_nonexistent_image_metadata): 404 GET http://10.180.1.21/compute/v2.1/images/5fec962f-19ad-4829-b7ac-9b08d42721ba/metadata 2.893s
2025-11-23 04:00:12.503 67686 INFO tempest.lib.common.rest_client [req-ed600ec5-3749-4224-ab49-08f3b0283857 req-ed600ec5-3749-4224-ab49-08f3b0283857 ] Request (ImagesMetadataTestJSON:test_update_image_metadata): 200 POST http://10.180.1.21/compute/v2.1/images/f49104d1-77c5-4806-ab78-9211c3a89d0f/metadata 2.915s
2025-11-23 04:00:12.522 67674 INFO tempest.lib.common.rest_client [req-40a73181-de38-40fd-a9c3-34e4472f081c req-40a73181-de38-40fd-a9c3-34e4472f081c ] Request (AggregatesAdminNegativeTestJSON:test_aggregate_remove_host_as_user): 200 POST http://10.180.1.21/compute/v2.1/os-aggregates/7/action 2.904s
2025-11-23 04:00:12.567 67680 INFO tempest.lib.common.rest_client [req-8e4d1479-7cf4-448d-bf65-05b82a973f84 req-8e4d1479-7cf4-448d-bf65-05b82a973f84 ] Request (QuotaClassesAdmin257Test:_run_cleanups): 200 PUT http://10.180.1.21/compute/v2.1/os-quota-class-sets/default 2.234s
2025-11-23 04:00:12.591 67636 INFO tempest.lib.common.rest_client [req-8abd2e38-90cf-48ec-8014-14ff59202f38 req-8abd2e38-90cf-48ec-8014-14ff59202f38 ] Request (ServersTestFqdnHostnames:tearDownClass): 200 GET http://10.180.1.21/compute/v2.1/servers/f5b8d911-b7fe-446a-8cb3-f74c245d7285 2.265s
2025-11-23 04:00:12.643 67648 INFO tempest.lib.common.rest_client [req-fddd543a-a9ed-45f8-b641-79b0ae15ccf2 req-fddd543a-a9ed-45f8-b641-79b0ae15ccf2 ] Request (ServerExternalEventsTest:test_create_server_external_events): 200 GET http://10.180.1.21/compute/v2.1/servers/5014b17f-6b7e-46a3-a8db-0dbf8ca4fc35 2.305s
2025-11-23 04:00:12.669 67656 INFO tempest.lib.common.rest_client [req-8fb31328-3074-459d-9f04-e2faa009f0d6 req-8fb31328-3074-459d-9f04-e2faa009f0d6 ] Request (ListServersNegativeTestJSON:test_list_servers_by_changes_since_future_date): 200 GET http://10.180.1.21/compute/v2.1/servers?changes-since=2051-01-01T12%3A34%3A00Z&status=ACTIVE 2.149s
2025-11-23 04:00:12.688 67680 INFO tempest.lib.common.rest_client [req-1df4d7c0-45d2-40ae-b103-50e5f412b4a0 req-1df4d7c0-45d2-40ae-b103-50e5f412b4a0 ] Request (QuotaClassesAdmin257Test:tearDownClass): 204 DELETE http://10.180.1.21/identity/v3/users/c68abdafb3ab481d942a169a264933b8 0.117s
2025-11-23 04:00:12.753 67652 INFO tempest.lib.common.rest_client [req-f610e938-fd3f-4c46-9521-1cd8306bc561 req-f610e938-fd3f-4c46-9521-1cd8306bc561 ] Request (QuotasAdminTestV257:test_get_updated_quotas): 200 GET http://10.180.1.21/identity/v3/domains?name=Default 0.103s
2025-11-23 04:00:12.754 67642 INFO tempest.lib.common.rest_client [req-fce16abb-a73a-4826-ad4a-75217b6035a0 req-fce16abb-a73a-4826-ad4a-75217b6035a0 ] Request (ImagesOneServerTestJSON:setUpClass): 200 GET http://10.180.1.21/compute/v2.1/servers/fa471957-e4d2-4ef8-9172-82d1b9d6a737 2.047s
2025-11-23 04:00:12.850 67652 INFO tempest.lib.common.rest_client [req-fcfd340d-7367-4817-a8e0-93be94f78f9a req-fcfd340d-7367-4817-a8e0-93be94f78f9a ] Request (QuotasAdminTestV257:test_get_updated_quotas): 201 POST http://10.180.1.21/identity/v3/projects 0.093s
2025-11-23 04:00:12.932 67680 INFO tempest.lib.common.rest_client [req-ca08f8b9-65a9-4483-b923-533318412f3b req-ca08f8b9-65a9-4483-b923-533318412f3b ] Request (QuotaClassesAdmin257Test:tearDownClass): 204 DELETE http://10.180.1.21/identity/v3/users/6d7927117dc44313980abf4de10a9724 0.242s
2025-11-23 04:00:12.932 67680 INFO tempest.lib.common.dynamic_creds [-] Deleting project and security group for project: 0ed689ba252d4242bb99220637e38870
2025-11-23 04:00:12.979 67682 INFO tempest.lib.common.rest_client [req-0334c016-f78e-46db-ae8d-a20154be3ddd req-0334c016-f78e-46db-ae8d-a20154be3ddd ] Request (SecurityGroupRulesNegativeTestJSON:test_create_security_group_rule_with_invalid_to_port): 200 POST http://10.180.1.21/compute/v2.1/os-security-groups 2.038s
2025-11-23 04:00:12.982 67634 INFO tempest.lib.common.rest_client [req-0960d9d9-8cba-4689-98ad-b0a8dc24e0c2 req-0960d9d9-8cba-4689-98ad-b0a8dc24e0c2 ] Request (ServersTestBootFromVolume:setUpClass): 200 GET http://10.180.1.21/volume/v3/volumes/d826ab07-666f-4329-810c-dc54ac0de143 0.046s
2025-11-23 04:00:12.985 67652 INFO tempest.lib.common.rest_client [req-1e591591-43cf-423d-b7db-686b45c25e47 req-1e591591-43cf-423d-b7db-686b45c25e47 ] Request (QuotasAdminTestV257:test_get_updated_quotas): 200 GET http://10.180.1.21/identity/v3/domains?name=Default 0.134s
2025-11-23 04:00:13.007 67638 INFO tempest.lib.common.rest_client [req-b438ccf4-e152-422e-bc96-2d119b109347 req-b438ccf4-e152-422e-bc96-2d119b109347 ] Request (ServicesAdminNegativeTestJSON:test_get_service_by_invalid_service_and_valid_host): 200 GET http://10.180.1.21/compute/v2.1/os-services 2.019s
2025-11-23 04:00:13.031 67670 INFO tempest.lib.common.rest_client [req-008e5ea8-5a0f-46bb-995e-ea10d958d99a req-008e5ea8-5a0f-46bb-995e-ea10d958d99a ] Request (FlavorsAdminTestJSON:test_is_public_string_variations): 200 GET http://10.180.1.21/compute/v2.1/flavors/detail?is_public=f 2.016s
2025-11-23 04:00:13.045 67680 INFO tempest.lib.common.rest_client [req-a6980450-a2b9-4ab9-8048-baa33cd2f9dd req-a6980450-a2b9-4ab9-8048-baa33cd2f9dd ] Request (QuotaClassesAdmin257Test:tearDownClass): 201 POST http://10.180.1.21/identity/v3/auth/tokens 0.112s
