2025-11-23 04:03:11.320 67634 INFO tempest.lib.common.rest_client [req-098271ab-4363-44aa-b495-da4ddabc6068 req-098271ab-4363-44aa-b495-da4ddabc6068 ] Request (InstanceActionsTestJSON:setUpClass): 200 GET http://10.180.1.21/compute/v2.1/servers/1d885a21-f33a-4d21-ae33-99454f6098a3 0.048s
2025-11-23 04:03:11.382 67642 INFO tempest.lib.common.rest_client [req-c02e44ec-a3bc-4951-98e4-5e9139611d0e req-c02e44ec-a3bc-4951-98e4-5e9139611d0e ] Request (ServerAddressesTestJSON:setUpClass): 200 GET http://10.180.1.21/compute/v2.1/servers/da2ec598-2675-4818-a6eb-74db2385b9d1 0.056s
2025-11-23 04:03:11.394 67638 INFO tempest.lib.common.rest_client [req-14e0443e-e3e1-4afe-83d8-c74940b4b8dc req-14e0443e-e3e1-4afe-83d8-c74940b4b8dc ] Request (MultipleCreateTestJSON:test_multiple_create_with_reservation_return): 200 GET http://10.180.1.21/compute/v2.1/servers/2f3bf8e1-0c62-4e0b-a38c-5bb8fd0b1b10 0.052s
2025-11-23 04:03:11.443 67688 INFO tempest.lib.common.rest_client [req-e51f85b2-3a9c-442a-a3a3-4c7223d963d0 req-e51f85b2-3a9c-442a-a3a3-4c7223d963d0 ] Request (InstanceActionsV221TestJSON:test_get_list_deleted_instance_actions): 200 GET http://10.180.1.21/compute/v2.1/servers/be0127ec-20f8-49ee-b301-d650036c3051 0.049s
2025-11-23 04:03:11.483 67664 INFO tempest.lib.common.rest_client [req-ebde1c58-5d00-4653-a9c5-d975654d4b17 req-ebde1c58-5d00-4653-a9c5-d975654d4b17 ] Request (AttachInterfacesTestJSON:test_create_list_show_delete_interfaces_by_fixed_ip): 200 GET http://10.180.1.21/compute/v2.1/servers/5017d249-a05d-4df8-8d4e-67c07ea8e4d2/os-interface 0.100s
2025-11-23 04:03:11.583 67632 INFO tempest.lib.common.rest_client [req-049cf5d3-b5dd-413f-9534-1786e7130c96 req-049cf5d3-b5dd-413f-9534-1786e7130c96 ] Request (ListServerFiltersTestJSON:test_list_servers_filter_by_shutoff_status): 200 GET http://10.180.1.21/compute/v2.1/servers/e919a5a3-1d31-4ef9-8055-a52debcc89dd 0.098s
2025-11-23 04:03:11.591 67684 INFO tempest.lib.common.rest_client [req-2097de3e-7e65-4ac7-9d12-8205027bad18 req-2097de3e-7e65-4ac7-9d12-8205027bad18 ] Request (AttachVolumeNegativeTest:test_attach_attached_volume_to_different_server): 200 GET http://10.180.1.21/compute/v2.1/servers/fcef74b7-3143-4dfd-b0d9-d48fa347e831 0.050s
2025-11-23 04:03:11.663 67658 INFO tempest.lib.common.rest_client [req-da3ed0dc-c46d-421d-8870-d6c715928ee8 req-da3ed0dc-c46d-421d-8870-d6c715928ee8 ] Request (ServerDiskConfigTestJSON:test_rebuild_server_with_auto_disk_config): 200 GET http://10.180.1.21/compute/v2.1/servers/5a7fd448-46d7-44b6-8cd7-6725bd923be0 0.048s
2025-11-23 04:03:11.813 67690 INFO tempest.lib.common.rest_client [req-b4d00aa6-2ac5-4ad9-b508-57a8cd225ab1 req-b4d00aa6-2ac5-4ad9-b508-57a8cd225ab1 ] Request (MigrationsAdminTest:test_resize_server_revert_deleted_flavor): 200 GET http://10.180.1.21/compute/v2.1/servers/716423b8-b60c-41f4-9cae-d16d7394f232 0.098s
2025-11-23 04:03:11.821 67630 INFO tempest.lib.common.rest_client [req-6791f0cc-4e72-4463-a3bd-c2c7da418b82 req-6791f0cc-4e72-4463-a3bd-c2c7da418b82 ] Request (ImagesTestJSON:test_create_server_from_snapshot): 200 GET http://10.180.1.21/compute/v2.1/servers/e7497ae6-f003-4b07-ab49-0a35dfe94961 0.054s
2025-11-23 04:03:11.900 67648 INFO tempest.lib.common.rest_client [req-0b196833-b12d-4e0c-b192-0031d966d75e req-0b196833-b12d-4e0c-b192-0031d966d75e ] Request (AttachInterfacesV270Test:tearDownClass): 200 GET http://10.180.1.21/compute/v2.1/servers/c80bd973-b925-4e76-802d-440adde0ca11 0.063s
2025-11-23 04:03:11.911 67652 INFO tempest.lib.common.rest_client [req-d47e69f8-95d1-48d1-9fed-577ef39aa3a5 req-d47e69f8-95d1-48d1-9fed-577ef39aa3a5 ] Request (DeleteServersTestJSON:test_delete_server_while_in_attached_volume): 200 GET http://10.180.1.21/compute/v2.1/servers/652fb816-0195-48d5-879f-1900a526d674 0.100s
2025-11-23 04:03:11.944 67678 INFO tempest.lib.common.rest_client [req-8bef20c4-29f0-422a-8c9e-74ea1dd48c98 req-8bef20c4-29f0-422a-8c9e-74ea1dd48c98 ] Request (SecurityGroupsTestJSON:test_server_security_groups): 200 GET http://10.180.1.21/compute/v2.1/servers/1e5d9ea5-b2f0-4054-8179-dbb2a9e2e224 0.069s
2025-11-23 04:03:11.972 67666 INFO tempest.lib.common.rest_client [req-7cb9b981-c841-41e6-b655-718a12704b14 req-7cb9b981-c841-41e6-b655-718a12704b14 ] Request (ServersListShow296Test:tearDownClass): 200 GET http://10.180.1.21/compute/v2.1/servers/ff85d10a-dc1c-41a7-8e61-5a7ab26c65f2 0.085s
2025-11-23 04:03:11.997 67668 INFO tempest.lib.common.rest_client [req-8bcc5df4-8c70-4f2b-ae89-a0ce5567b3c7 req-8bcc5df4-8c70-4f2b-ae89-a0ce5567b3c7 ] Request (ServerDiagnosticsTest:tearDownClass): 200 GET http://10.180.1.21/compute/v2.1/servers/f8c77991-b47c-4e06-a029-680bad0088f9 0.057s
2025-11-23 04:03:12.059 67670 INFO tempest.lib.common.rest_client [req-e01712cd-2149-460d-ba86-3bbe68fb8025 req-e01712cd-2149-460d-ba86-3bbe68fb8025 ] Request (ServerActionsV293TestJSON:setUpClass): 200 GET http://10.180.1.21/compute/v2.1/servers/05c77f87-c9d4-4ddb-bfe4-1d5609767291 0.066s
2025-11-23 04:03:12.111 67660 INFO tempest.lib.common.rest_client [req-0251c854-c500-484b-b4ce-0078a09b28bd req-0251c854-c500-484b-b4ce-0078a09b28bd ] Request (VolumesAdminNegativeTest:test_update_attached_volume_with_nonexistent_volume_in_uri): 200 GET http://10.180.1.21/compute/v2.1/servers/e5bea2df-df08-4c1b-99ca-6f9974b998ec 0.087s
2025-11-23 04:03:12.136 67662 INFO tempest.lib.common.rest_client [req-2363e3cd-878c-451c-916e-ea66de798ac4 req-2363e3cd-878c-451c-916e-ea66de798ac4 ] Request (ServerActionsTestOtherB:test_resize_server_confirm_from_stopped): 200 GET http://10.180.1.21/compute/v2.1/servers/5040248c-fe52-445a-9358-8994da9cc905 0.160s
2025-11-23 04:03:12.173 67680 INFO tempest.lib.common.rest_client [req-83f00149-72d2-48bf-a8ff-f419152e3e87 req-83f00149-72d2-48bf-a8ff-f419152e3e87 ] Request (ServerShowV247Test:tearDownClass): 200 GET http://10.180.1.21/compute/v2.1/servers/40d51692-e4c4-41a3-8f10-8d9bbf67828c 0.116s
2025-11-23 04:03:12.192 67636 INFO tempest.lib.common.rest_client [req-6c053a93-5733-4de0-85cf-82ab79bd5535 req-6c053a93-5733-4de0-85cf-82ab79bd5535 ] Request (ServersNegativeTestJSON:setUpClass): 200 GET http://10.180.1.21/compute/v2.1/servers/126043ce-30da-4bc5-bc8d-98d3c8809c4c 0.101s
2025-11-23 04:03:12.222 67628 INFO tempest.lib.common.rest_client [req-6d5b6509-ffef-4a75-bea3-6b72db67a03c req-6d5b6509-ffef-4a75-bea3-6b72db67a03c ] Request (ImagesOneServerNegativeTestJSON:_run_cleanups): 200 GET http://10.180.1.21/compute/v2.1/servers/d00d58f0-5297-4c00-a14d-59a92da588ea 0.109s
2025-11-23 04:03:12.247 67646 INFO tempest.lib.common.rest_client [req-61a3bcdd-c022-4bfe-b2b3-7cf8aa476cba req-61a3bcdd-c022-4bfe-b2b3-7cf8aa476cba ] Request (ServersAdminTestJSON:tearDownClass): 200 GET http://10.180.1.21/compute/v2.1/servers/54bf008f-fc47-4f81-84c6-1ed3d6333f6e 0.080s
2025-11-23 04:03:12.268 67644 INFO tempest.lib.common.rest_client [req-47f2b901-88cd-4090-9c88-3a557890b5bd req-47f2b901-88cd-4090-9c88-3a557890b5bd ] Request (ServersTestMultiNic:test_verify_multiple_nics_order): 200 GET http://10.180.1.21/compute/v2.1/servers/02aa5661-8eaa-435a-8d08-da458742abd0 0.050s
2025-11-23 04:03:12.322 67672 INFO tempest.lib.common.rest_client [req-f9cc739a-7bda-4d2c-95ea-66e3309018a1 req-f9cc739a-7bda-4d2c-95ea-66e3309018a1 ] Request (AttachVolumeTestJSON:test_attach_detach_volume): 200 GET http://10.180.1.21/compute/v2.1/servers/79b4b563-549a-43fd-a928-d9a423a25567 0.049s
2025-11-23 04:03:12.383 67634 INFO tempest.lib.common.rest_client [req-b9995d05-4a38-4a58-ad70-3dc8bf9c6dc8 req-b9995d05-4a38-4a58-ad70-3dc8bf9c6dc8 ] Request (InstanceActionsTestJSON:setUpClass): 200 GET http://10.180.1.21/compute/v2.1/servers/1d885a21-f33a-4d21-ae33-99454f6098a3 0.053s
2025-11-23 04:03:12.445 67642 INFO tempest.lib.common.rest_client [req-e71cfa91-e1a8-449c-9563-0d9d11984886 req-e71cfa91-e1a8-449c-9563-0d9d11984886 ] Request (ServerAddressesTestJSON:setUpClass): 200 GET http://10.180.1.21/compute/v2.1/servers/da2ec598-2675-4818-a6eb-74db2385b9d1 0.055s
2025-11-23 04:03:12.461 67638 INFO tempest.lib.common.rest_client [req-5b4d1cbc-9eec-4b98-ad03-fff814c255ca req-5b4d1cbc-9eec-4b98-ad03-fff814c255ca ] Request (MultipleCreateTestJSON:test_multiple_create_with_reservation_return): 200 GET http://10.180.1.21/compute/v2.1/servers/2f3bf8e1-0c62-4e0b-a38c-5bb8fd0b1b10 0.059s
2025-11-23 04:03:12.501 67688 INFO tempest.lib.common.rest_client [req-a5059280-fe86-44f7-bcbb-a2f1ada2e7aa req-a5059280-fe86-44f7-bcbb-a2f1ada2e7aa ] Request (InstanceActionsV221TestJSON:test_get_list_deleted_instance_actions): 200 GET http://10.180.1.21/compute/v2.1/servers/be0127ec-20f8-49ee-b301-d650036c3051 0.049s
2025-11-23 04:03:12.559 67664 INFO tempest.lib.common.rest_client [req-c1492c99-a309-414c-8036-ac61093a5f8b req-c1492c99-a309-414c-8036-ac61093a5f8b ] Request (AttachInterfacesTestJSON:test_create_list_show_delete_interfaces_by_fixed_ip): 200 GET http://10.180.1.21/compute/v2.1/servers/5017d249-a05d-4df8-8d4e-67c07ea8e4d2/os-interface 0.073s
2025-11-23 04:03:12.656 67684 INFO tempest.lib.common.rest_client [req-a4cc4859-1c7a-479e-a421-d04eba4db464 req-a4cc4859-1c7a-479e-a421-d04eba4db464 ] Request (AttachVolumeNegativeTest:test_attach_attached_volume_to_different_server): 200 GET http://10.180.1.21/compute/v2.1/servers/fcef74b7-3143-4dfd-b0d9-d48fa347e831 0.056s
2025-11-23 04:03:12.705 67632 INFO tempest.lib.common.rest_client [req-9242f888-e874-4d58-976e-788691fa238e req-9242f888-e874-4d58-976e-788691fa238e ] Request (ListServerFiltersTestJSON:test_list_servers_filter_by_shutoff_status): 200 GET http://10.180.1.21/compute/v2.1/servers/e919a5a3-1d31-4ef9-8055-a52debcc89dd 0.113s
2025-11-23 04:03:12.726 67658 INFO tempest.lib.common.rest_client [req-0b0057ee-cfd7-4cc1-8ac4-0e6e1dfae93f req-0b0057ee-cfd7-4cc1-8ac4-0e6e1dfae93f ] Request (ServerDiskConfigTestJSON:test_rebuild_server_with_auto_disk_config): 200 GET http://10.180.1.21/compute/v2.1/servers/5a7fd448-46d7-44b6-8cd7-6725bd923be0 0.056s
2025-11-23 04:03:12.903 67630 INFO tempest.lib.common.rest_client [req-dd85a81f-96df-46c3-88ee-7af5d4cd4e16 req-dd85a81f-96df-46c3-88ee-7af5d4cd4e16 ] Request (ImagesTestJSON:test_create_server_from_snapshot): 200 GET http://10.180.1.21/compute/v2.1/servers/e7497ae6-f003-4b07-ab49-0a35dfe94961 0.074s
2025-11-23 04:03:12.995 67648 INFO tempest.lib.common.rest_client [req-bfe9b9eb-45a3-4077-a06e-6d7ed7a504fc req-bfe9b9eb-45a3-4077-a06e-6d7ed7a504fc ] Request (AttachInterfacesV270Test:tearDownClass): 200 GET http://10.180.1.21/compute/v2.1/servers/c80bd973-b925-4e76-802d-440adde0ca11 0.086s
2025-11-23 04:03:13.053 67690 INFO tempest.lib.common.rest_client [req-e48499a0-aeab-427a-a865-689a8211e9d5 req-e48499a0-aeab-427a-a865-689a8211e9d5 ] Request (MigrationsAdminTest:test_resize_server_revert_deleted_flavor): 200 GET http://10.180.1.21/compute/v2.1/servers/716423b8-b60c-41f4-9cae-d16d7394f232 0.230s
2025-11-23 04:03:13.109 67678 INFO tempest.lib.common.rest_client [req-8ab5e793-c585-49f6-830e-9a601304e03e req-8ab5e793-c585-49f6-830e-9a601304e03e ] Request (SecurityGroupsTestJSON:test_server_security_groups): 200 GET http://10.180.1.21/compute/v2.1/servers/1e5d9ea5-b2f0-4054-8179-dbb2a9e2e224 0.157s
2025-11-23 04:03:13.144 67652 INFO tempest.lib.common.rest_client [req-3cd0b871-d13c-49a9-8b6b-1c3c571525db req-3cd0b871-d13c-49a9-8b6b-1c3c571525db ] Request (DeleteServersTestJSON:test_delete_server_while_in_attached_volume): 200 GET http://10.180.1.21/compute/v2.1/servers/652fb816-0195-48d5-879f-1900a526d674 0.226s
2025-11-23 04:03:13.152 67652 INFO tempest.common.waiters [-] State transition "BUILD/spawning" ==> "ACTIVE/None" after 70 second wait
2025-11-23 04:03:13.189 67666 INFO tempest.lib.common.rest_client [req-29ef35da-45f6-4cf4-a288-84645156b263 req-29ef35da-45f6-4cf4-a288-84645156b263 ] Request (ServersListShow296Test:tearDownClass): 200 GET http://10.180.1.21/compute/v2.1/servers/ff85d10a-dc1c-41a7-8e61-5a7ab26c65f2 0.205s
2025-11-23 04:03:13.204 67668 INFO tempest.lib.common.rest_client [req-0c9fd660-2892-439d-a4fa-16a61c82c392 req-0c9fd660-2892-439d-a4fa-16a61c82c392 ] Request (ServerDiagnosticsTest:tearDownClass): 200 GET http://10.180.1.21/compute/v2.1/servers/f8c77991-b47c-4e06-a029-680bad0088f9 0.199s
2025-11-23 04:03:13.248 67670 INFO tempest.lib.common.rest_client [req-fae43cdb-e910-4834-8c23-4181883a0f40 req-fae43cdb-e910-4834-8c23-4181883a0f40 ] Request (ServerActionsV293TestJSON:setUpClass): 200 GET http://10.180.1.21/compute/v2.1/servers/05c77f87-c9d4-4ddb-bfe4-1d5609767291 0.178s
2025-11-23 04:03:13.259 67660 INFO tempest.lib.common.rest_client [req-072f4b6e-45af-4c49-aa7a-b09737958854 req-072f4b6e-45af-4c49-aa7a-b09737958854 ] Request (VolumesAdminNegativeTest:test_update_attached_volume_with_nonexistent_volume_in_uri): 200 GET http://10.180.1.21/compute/v2.1/servers/e5bea2df-df08-4c1b-99ca-6f9974b998ec 0.140s
2025-11-23 04:03:13.332 67652 INFO tempest.lib.common.rest_client [req-e9a017de-1ed4-47b9-bb0a-14a5a39a221b req-e9a017de-1ed4-47b9-bb0a-14a5a39a221b ] Request (DeleteServersTestJSON:test_delete_server_while_in_attached_volume): 202 POST http://10.180.1.21/volume/v3/volumes 0.179s
2025-11-23 04:03:13.364 67680 INFO tempest.lib.common.rest_client [req-227844da-02c0-4147-93d1-90d5421c46d6 req-227844da-02c0-4147-93d1-90d5421c46d6 ] Request (ServerShowV247Test:tearDownClass): 200 GET http://10.180.1.21/compute/v2.1/servers/40d51692-e4c4-41a3-8f10-8d9bbf67828c 0.182s
2025-11-23 04:03:13.369 67652 INFO tempest.lib.common.rest_client [req-2556f2ca-2a9c-4013-8687-2442faf58719 req-2556f2ca-2a9c-4013-8687-2442faf58719 ] Request (DeleteServersTestJSON:test_delete_server_while_in_attached_volume): 200 GET http://10.180.1.21/volume/v3/volumes/595b8a3a-301e-4e76-8f31-7073a29146d5 0.030s
2025-11-23 04:03:13.408 67662 INFO tempest.lib.common.rest_client [req-483e1bac-bd54-4cee-af4a-f99707f1c840 req-483e1bac-bd54-4cee-af4a-f99707f1c840 ] Request (ServerActionsTestOtherB:test_resize_server_confirm_from_stopped): 200 GET http://10.180.1.21/compute/v2.1/servers/5040248c-fe52-445a-9358-8994da9cc905 0.263s
2025-11-23 04:03:13.436 67636 INFO tempest.lib.common.rest_client [req-4bf270c1-3d22-4631-b4b1-1467823983e0 req-4bf270c1-3d22-4631-b4b1-1467823983e0 ] Request (ServersNegativeTestJSON:setUpClass): 200 GET http://10.180.1.21/compute/v2.1/servers/126043ce-30da-4bc5-bc8d-98d3c8809c4c 0.237s
2025-11-23 04:03:13.469 67628 INFO tempest.lib.common.rest_client [req-e58e30bd-c7ff-432e-a2ed-1c7bed2e7823 req-e58e30bd-c7ff-432e-a2ed-1c7bed2e7823 ] Request (ImagesOneServerNegativeTestJSON:_run_cleanups): 200 GET http://10.180.1.21/compute/v2.1/servers/d00d58f0-5297-4c00-a14d-59a92da588ea 0.239s
2025-11-23 04:03:13.507 67646 INFO tempest.lib.common.rest_client [req-3fa5439b-a2cb-4d0d-acb0-b406c714bb79 req-3fa5439b-a2cb-4d0d-acb0-b406c714bb79 ] Request (ServersAdminTestJSON:tearDownClass): 200 GET http://10.180.1.21/compute/v2.1/servers/54bf008f-fc47-4f81-84c6-1ed3d6333f6e 0.252s
2025-11-23 04:03:13.524 67644 INFO tempest.lib.common.rest_client [req-fb07cd07-2d6b-4dd8-8868-57955e10e526 req-fb07cd07-2d6b-4dd8-8868-57955e10e526 ] Request (ServersTestMultiNic:test_verify_multiple_nics_order): 200 GET http://10.180.1.21/compute/v2.1/servers/02aa5661-8eaa-435a-8d08-da458742abd0 0.249s
2025-11-23 04:03:13.555 67672 INFO tempest.lib.common.rest_client [req-8e87ec00-e37e-4bdc-9a59-ef3e837405f5 req-8e87ec00-e37e-4bdc-9a59-ef3e837405f5 ] Request (AttachVolumeTestJSON:test_attach_detach_volume): 200 GET http://10.180.1.21/compute/v2.1/servers/79b4b563-549a-43fd-a928-d9a423a25567 0.225s
2025-11-23 04:03:13.572 67634 INFO tempest.lib.common.rest_client [req-942705b6-648f-4f26-9830-43b0f032f963 req-942705b6-648f-4f26-9830-43b0f032f963 ] Request (InstanceActionsTestJSON:setUpClass): 200 GET http://10.180.1.21/compute/v2.1/servers/1d885a21-f33a-4d21-ae33-99454f6098a3 0.181s
2025-11-23 04:03:13.619 67642 INFO tempest.lib.common.rest_client [req-02fe1b22-6b22-4eec-8288-8f2c8a1be73c req-02fe1b22-6b22-4eec-8288-8f2c8a1be73c ] Request (ServerAddressesTestJSON:setUpClass): 200 GET http://10.180.1.21/compute/v2.1/servers/da2ec598-2675-4818-a6eb-74db2385b9d1 0.166s
2025-11-23 04:03:13.623 67638 INFO tempest.lib.common.rest_client [req-aa09a8d2-93a8-4961-900c-08b76b150e1a req-aa09a8d2-93a8-4961-900c-08b76b150e1a ] Request (MultipleCreateTestJSON:test_multiple_create_with_reservation_return): 200 GET http://10.180.1.21/compute/v2.1/servers/2f3bf8e1-0c62-4e0b-a38c-5bb8fd0b1b10 0.151s
2025-11-23 04:03:13.670 67688 INFO tempest.lib.common.rest_client [req-7329d79f-3c6a-4543-9e96-62b54fc77b6b req-7329d79f-3c6a-4543-9e96-62b54fc77b6b ] Request (InstanceActionsV221TestJSON:test_get_list_deleted_instance_actions): 200 GET http://10.180.1.21/compute/v2.1/servers/be0127ec-20f8-49ee-b301-d650036c3051 0.160s
2025-11-23 04:03:13.693 67664 INFO tempest.lib.common.rest_client [req-018c4b83-8031-483e-83fb-5a04c28b1d8c req-018c4b83-8031-483e-83fb-5a04c28b1d8c ] Request (AttachInterfacesTestJSON:test_create_list_show_delete_interfaces_by_fixed_ip): 200 GET http://10.180.1.21/compute/v2.1/servers/5017d249-a05d-4df8-8d4e-67c07ea8e4d2/os-interface 0.131s
2025-11-23 04:03:13.714 67664 INFO tempest.lib.common.rest_client [req-3e1d20d2-4819-42bd-959d-14bcd761a595 req-3e1d20d2-4819-42bd-959d-14bcd761a595 ] Request (AttachInterfacesTestJSON:_run_cleanups): 404 DELETE http://10.180.1.21/networking/v2.0/ports/b1c88b74-995e-4dc6-8668-b28fdcb45bd6 0.017s
2025-11-23 04:03:13.723 67684 INFO tempest.lib.common.rest_client [req-dc412774-3909-41f6-b716-dca43c1dcbc6 req-dc412774-3909-41f6-b716-dca43c1dcbc6 ] Request (AttachVolumeNegativeTest:test_attach_attached_volume_to_different_server): 200 GET http://10.180.1.21/compute/v2.1/servers/fcef74b7-3143-4dfd-b0d9-d48fa347e831 0.058s
2025-11-23 04:03:13.792 67664 INFO tempest.lib.common.rest_client [req-a45423d5-fcda-4f15-94c6-1e8daabb1f10 req-a45423d5-fcda-4f15-94c6-1e8daabb1f10 ] Request (AttachInterfacesTestJSON:_run_cleanups): 204 DELETE http://10.180.1.21/compute/v2.1/servers/5017d249-a05d-4df8-8d4e-67c07ea8e4d2 0.077s
2025-11-23 04:03:13.839 67658 INFO tempest.lib.common.rest_client [req-43905286-a63c-4458-9801-c8b7cfc9e8a8 req-43905286-a63c-4458-9801-c8b7cfc9e8a8 ] Request (ServerDiskConfigTestJSON:test_rebuild_server_with_auto_disk_config): 200 GET http://10.180.1.21/compute/v2.1/servers/5a7fd448-46d7-44b6-8cd7-6725bd923be0 0.103s
2025-11-23 04:03:13.844 67632 INFO tempest.lib.common.rest_client [req-6db5429c-d9dc-4e4e-9b0f-861966bb6014 req-6db5429c-d9dc-4e4e-9b0f-861966bb6014 ] Request (ListServerFiltersTestJSON:test_list_servers_filter_by_shutoff_status): 200 GET http://10.180.1.21/compute/v2.1/servers/e919a5a3-1d31-4ef9-8055-a52debcc89dd 0.130s
2025-11-23 04:03:13.932 67664 INFO tempest.lib.common.rest_client [req-c866abf2-2ea4-4b7a-9708-4711afc0c466 req-c866abf2-2ea4-4b7a-9708-4711afc0c466 ] Request (AttachInterfacesTestJSON:_run_cleanups): 200 GET http://10.180.1.21/compute/v2.1/servers/5017d249-a05d-4df8-8d4e-67c07ea8e4d2 0.140s
2025-11-23 04:03:13.960 67630 INFO tempest.lib.common.rest_client [req-96aebaa4-01f2-4b7c-b49d-b548bf52e98a req-96aebaa4-01f2-4b7c-b49d-b548bf52e98a ] Request (ImagesTestJSON:test_create_server_from_snapshot): 200 GET http://10.180.1.21/compute/v2.1/servers/e7497ae6-f003-4b07-ab49-0a35dfe94961 0.050s
2025-11-23 04:03:13.968 67630 INFO tempest.common.waiters [-] State transition "BUILD/scheduling" ==> "BUILD/None" after 22 second wait
2025-11-23 04:03:14.044 67648 INFO tempest.lib.common.rest_client [req-ac18d846-e8bf-4850-ae79-df4229b555eb req-ac18d846-e8bf-4850-ae79-df4229b555eb ] Request (AttachInterfacesV270Test:tearDownClass): 404 GET http://10.180.1.21/compute/v2.1/servers/c80bd973-b925-4e76-802d-440adde0ca11 0.033s
2025-11-23 04:03:14.181 67678 INFO tempest.lib.common.rest_client [req-3008b130-b3a7-44fb-b91c-a4c291760018 req-3008b130-b3a7-44fb-b91c-a4c291760018 ] Request (SecurityGroupsTestJSON:test_server_security_groups): 200 GET http://10.180.1.21/compute/v2.1/servers/1e5d9ea5-b2f0-4054-8179-dbb2a9e2e224 0.063s
2025-11-23 04:03:14.212 67690 INFO tempest.lib.common.rest_client [req-99ff4ead-583c-41d1-a986-97f7d8dc1ba1 req-99ff4ead-583c-41d1-a986-97f7d8dc1ba1 ] Request (MigrationsAdminTest:test_resize_server_revert_deleted_flavor): 200 GET http://10.180.1.21/compute/v2.1/servers/716423b8-b60c-41f4-9cae-d16d7394f232 0.151s
2025-11-23 04:03:14.284 67666 INFO tempest.lib.common.rest_client [req-1e2f652d-896b-43da-953a-14905ae1d42e req-1e2f652d-896b-43da-953a-14905ae1d42e ] Request (ServersListShow296Test:tearDownClass): 200 GET http://10.180.1.21/compute/v2.1/servers/ff85d10a-dc1c-41a7-8e61-5a7ab26c65f2 0.083s
2025-11-23 04:03:14.298 67668 INFO tempest.lib.common.rest_client [req-5b94ff86-1c7f-4424-9f15-44e64fc0e026 req-5b94ff86-1c7f-4424-9f15-44e64fc0e026 ] Request (ServerDiagnosticsTest:tearDownClass): 200 GET http://10.180.1.21/compute/v2.1/servers/f8c77991-b47c-4e06-a029-680bad0088f9 0.085s
2025-11-23 04:03:14.347 67670 INFO tempest.lib.common.rest_client [req-dc5fec02-d68a-450b-b3a7-774cc778c658 req-dc5fec02-d68a-450b-b3a7-774cc778c658 ] Request (ServerActionsV293TestJSON:setUpClass): 200 GET http://10.180.1.21/compute/v2.1/servers/05c77f87-c9d4-4ddb-bfe4-1d5609767291 0.087s
2025-11-23 04:03:14.362 67660 INFO tempest.lib.common.rest_client [req-6a78122a-4eba-4595-a4b4-fc2a72c18d75 req-6a78122a-4eba-4595-a4b4-fc2a72c18d75 ] Request (VolumesAdminNegativeTest:test_update_attached_volume_with_nonexistent_volume_in_uri): 200 GET http://10.180.1.21/compute/v2.1/servers/e5bea2df-df08-4c1b-99ca-6f9974b998ec 0.092s
2025-11-23 04:03:14.408 67652 INFO tempest.lib.common.rest_client [req-e9a36ce6-ddeb-4ab4-ad8f-4c8d498b4412 req-e9a36ce6-ddeb-4ab4-ad8f-4c8d498b4412 ] Request (DeleteServersTestJSON:test_delete_server_while_in_attached_volume): 200 GET http://10.180.1.21/volume/v3/volumes/595b8a3a-301e-4e76-8f31-7073a29146d5 0.030s
2025-11-23 04:03:14.415 67652 INFO tempest.common.waiters [-] volume 595b8a3a-301e-4e76-8f31-7073a29146d5 reached available after waiting for 1.415581 seconds
2025-11-23 04:03:14.712 67680 INFO tempest.lib.common.rest_client [req-1218881c-63eb-41a4-bf04-806d88bffd2b req-1218881c-63eb-41a4-bf04-806d88bffd2b ] Request (ServerShowV247Test:tearDownClass): 200 GET http://10.180.1.21/compute/v2.1/servers/40d51692-e4c4-41a3-8f10-8d9bbf67828c 0.339s
2025-11-23 04:03:14.792 67648 INFO tempest.lib.common.rest_client [req-a5bf93cf-ab7d-426a-8a64-3f535ee20899 req-a5bf93cf-ab7d-426a-8a64-3f535ee20899 ] Request (AttachInterfacesV270Test:tearDownClass): 200 PUT http://10.180.1.21/networking/v2.0/routers/cd8f8232-350a-45ae-813c-3ce0fac5467b/remove_router_interface 0.748s
2025-11-23 04:03:14.845 67662 INFO tempest.lib.common.rest_client [req-0d5a561a-e460-4ebf-ae0a-951f4f733ba1 req-0d5a561a-e460-4ebf-ae0a-951f4f733ba1 ] Request (ServerActionsTestOtherB:test_resize_server_confirm_from_stopped): 200 GET http://10.180.1.21/compute/v2.1/servers/5040248c-fe52-445a-9358-8994da9cc905 0.428s
2025-11-23 04:03:14.921 67636 INFO tempest.lib.common.rest_client [req-266500ed-1b5f-411f-9a90-07425d641a48 req-266500ed-1b5f-411f-9a90-07425d641a48 ] Request (ServersNegativeTestJSON:setUpClass): 200 GET http://10.180.1.21/compute/v2.1/servers/126043ce-30da-4bc5-bc8d-98d3c8809c4c 0.469s
2025-11-23 04:03:15.051 67628 INFO tempest.lib.common.rest_client [req-e083d334-3d02-4f98-a07f-b3216d4edb33 req-e083d334-3d02-4f98-a07f-b3216d4edb33 ] Request (ImagesOneServerNegativeTestJSON:_run_cleanups): 200 GET http://10.180.1.21/compute/v2.1/servers/d00d58f0-5297-4c00-a14d-59a92da588ea 0.573s
2025-11-23 04:03:15.054 67682 WARNING tempest.lib.common.ssh [-] Failed to establish authenticated ssh connection to cirros@10.180.180.193 ([Errno None] Unable to connect to port 22 on 10.180.180.193). Number attempts: 5. Retry after 6 seconds.: paramiko.ssh_exception.NoValidConnectionsError: [Errno None] Unable to connect to port 22 on 10.180.180.193
2025-11-23 04:03:15.171 67646 INFO tempest.lib.common.rest_client [req-bcc3ce77-e0ef-4f8d-acf1-cb6f8ccdb39f req-bcc3ce77-e0ef-4f8d-acf1-cb6f8ccdb39f ] Request (ServersAdminTestJSON:tearDownClass): 200 GET http://10.180.1.21/compute/v2.1/servers/54bf008f-fc47-4f81-84c6-1ed3d6333f6e 0.657s
2025-11-23 04:03:15.243 67644 INFO tempest.lib.common.rest_client [req-0c019f37-09da-4d71-82ee-41f1f66ab653 req-0c019f37-09da-4d71-82ee-41f1f66ab653 ] Request (ServersTestMultiNic:test_verify_multiple_nics_order): 200 GET http://10.180.1.21/compute/v2.1/servers/02aa5661-8eaa-435a-8d08-da458742abd0 0.711s
2025-11-23 04:03:15.330 67648 INFO tempest.lib.common.rest_client [req-efcf97d6-e55b-4e94-8d8e-45c99bd49435 req-efcf97d6-e55b-4e94-8d8e-45c99bd49435 ] Request (AttachInterfacesV270Test:tearDownClass): 204 DELETE http://10.180.1.21/networking/v2.0/routers/cd8f8232-350a-45ae-813c-3ce0fac5467b 0.537s
2025-11-23 04:03:15.332 67672 INFO tempest.lib.common.rest_client [req-9276a7e2-9a3a-43ce-8703-0d50df2dc67c req-9276a7e2-9a3a-43ce-8703-0d50df2dc67c ] Request (AttachVolumeTestJSON:test_attach_detach_volume): 200 GET http://10.180.1.21/compute/v2.1/servers/79b4b563-549a-43fd-a928-d9a423a25567 0.769s
2025-11-23 04:03:15.386 67634 INFO tempest.lib.common.rest_client [req-636a9063-e83f-4658-b02d-b9948bb1a075 req-636a9063-e83f-4658-b02d-b9948bb1a075 ] Request (InstanceActionsTestJSON:setUpClass): 200 GET http://10.180.1.21/compute/v2.1/servers/1d885a21-f33a-4d21-ae33-99454f6098a3 0.804s
2025-11-23 04:03:15.445 67642 INFO tempest.lib.common.rest_client [req-14519653-1c27-4a88-b91b-13469df7c418 req-14519653-1c27-4a88-b91b-13469df7c418 ] Request (ServerAddressesTestJSON:setUpClass): 200 GET http://10.180.1.21/compute/v2.1/servers/da2ec598-2675-4818-a6eb-74db2385b9d1 0.817s
2025-11-23 04:03:15.471 67648 INFO tempest.lib.common.rest_client [req-093077db-2bfa-405f-ad98-0a7e6e82f8a5 req-093077db-2bfa-405f-ad98-0a7e6e82f8a5 ] Request (AttachInterfacesV270Test:tearDownClass): 204 DELETE http://10.180.1.21/networking/v2.0/subnets/ea00f149-9300-407c-a630-114a3636631c 0.140s
2025-11-23 04:03:15.500 67638 INFO tempest.lib.common.rest_client [req-2dee430f-13a7-42ab-b5e5-d3ad2794f811 req-2dee430f-13a7-42ab-b5e5-d3ad2794f811 ] Request (MultipleCreateTestJSON:test_multiple_create_with_reservation_return): 200 GET http://10.180.1.21/compute/v2.1/servers/2f3bf8e1-0c62-4e0b-a38c-5bb8fd0b1b10 0.870s
2025-11-23 04:03:15.553 67688 INFO tempest.lib.common.rest_client [req-bf426e6c-6945-41ed-9270-0878132b6cea req-bf426e6c-6945-41ed-9270-0878132b6cea ] Request (InstanceActionsV221TestJSON:test_get_list_deleted_instance_actions): 200 GET http://10.180.1.21/compute/v2.1/servers/be0127ec-20f8-49ee-b301-d650036c3051 0.874s
2025-11-23 04:03:15.616 67684 INFO tempest.lib.common.rest_client [req-ae43c32e-0dd0-407f-8d38-85517965b1e5 req-ae43c32e-0dd0-407f-8d38-85517965b1e5 ] Request (AttachVolumeNegativeTest:test_attach_attached_volume_to_different_server): 200 GET http://10.180.1.21/compute/v2.1/servers/fcef74b7-3143-4dfd-b0d9-d48fa347e831 0.885s
2025-11-23 04:03:15.623 67684 INFO tempest.common.waiters [-] State transition "BUILD/None" ==> "BUILD/networking" after 67 second wait
2025-11-23 04:03:15.669 67658 INFO tempest.lib.common.rest_client [req-232cc301-a733-45e4-a5cf-03b2c65499fe req-232cc301-a733-45e4-a5cf-03b2c65499fe ] Request (ServerDiskConfigTestJSON:test_rebuild_server_with_auto_disk_config): 200 GET http://10.180.1.21/compute/v2.1/servers/5a7fd448-46d7-44b6-8cd7-6725bd923be0 0.821s
2025-11-23 04:03:15.735 67648 INFO tempest.lib.common.rest_client [req-b4c90b6d-0cb8-45d8-b86a-eb1e44eff424 req-b4c90b6d-0cb8-45d8-b86a-eb1e44eff424 ] Request (AttachInterfacesV270Test:tearDownClass): 204 DELETE http://10.180.1.21/networking/v2.0/networks/a11c06f4-9560-49e6-94a2-5dfb1bd9d0a5 0.264s
2025-11-23 04:03:15.797 67632 INFO tempest.lib.common.rest_client [req-29b9c0b1-3d7a-4a61-820f-29647ae528d9 req-29b9c0b1-3d7a-4a61-820f-29647ae528d9 ] Request (ListServerFiltersTestJSON:test_list_servers_filter_by_shutoff_status): 200 GET http://10.180.1.21/compute/v2.1/servers/e919a5a3-1d31-4ef9-8055-a52debcc89dd 0.946s
2025-11-23 04:03:15.808 67632 INFO tempest.common.waiters [-] State transition "SHUTOFF/powering-on" ==> "ACTIVE/None" after 5 second wait
2025-11-23 04:03:15.888 67648 INFO tempest.lib.common.rest_client [req-3bb4c71f-8e7b-4b9b-b736-c73822203527 req-3bb4c71f-8e7b-4b9b-b736-c73822203527 ] Request (AttachInterfacesV270Test:tearDownClass): 204 DELETE http://10.180.1.21/identity/v3/users/cac7abe3f9e44146840922d751557d60 0.152s
2025-11-23 04:03:15.888 67648 INFO tempest.lib.common.dynamic_creds [-] Deleting project and security group for project: 641a58513053463cbe11a7a51fa27376
2025-11-23 04:03:15.896 67664 INFO tempest.lib.common.rest_client [req-ba2bff52-1ffc-4b68-9f9b-b28964f49656 req-ba2bff52-1ffc-4b68-9f9b-b28964f49656 ] Request (AttachInterfacesTestJSON:_run_cleanups): 200 GET http://10.180.1.21/compute/v2.1/servers/5017d249-a05d-4df8-8d4e-67c07ea8e4d2 0.956s
2025-11-23 04:03:15.916 67648 INFO tempest.lib.common.rest_client [req-9e124639-0425-444d-af2b-6b5f9cc15baa req-9e124639-0425-444d-af2b-6b5f9cc15baa ] Request (AttachInterfacesV270Test:tearDownClass): 200 GET http://10.180.1.21/networking/v2.0/security-groups?tenant_id=641a58513053463cbe11a7a51fa27376&name=default 0.028s
2025-11-23 04:03:16.011 67648 INFO tempest.lib.common.rest_client [req-58073d62-70dc-4f59-a86a-85a25f35296c req-58073d62-70dc-4f59-a86a-85a25f35296c ] Request (AttachInterfacesV270Test:tearDownClass): 204 DELETE http://10.180.1.21/networking/v2.0/security-groups/43818875-dddd-43f6-8287-4133a7963db6 0.094s
2025-11-23 04:03:16.040 67630 INFO tempest.lib.common.rest_client [req-9a97cb88-f870-4c83-8ecb-1afa380ac089 req-9a97cb88-f870-4c83-8ecb-1afa380ac089 ] Request (ImagesTestJSON:test_create_server_from_snapshot): 200 GET http://10.180.1.21/compute/v2.1/servers/e7497ae6-f003-4b07-ab49-0a35dfe94961 1.072s
2025-11-23 04:03:16.107 67652 INFO tempest.lib.common.rest_client [req-93cdaf90-eed7-4f7f-8820-552dbfc32665 req-93cdaf90-eed7-4f7f-8820-552dbfc32665 ] Request (DeleteServersTestJSON:test_delete_server_while_in_attached_volume): 200 POST http://10.180.1.21/compute/v2.1/servers/652fb816-0195-48d5-879f-1900a526d674/os-volume_attachments 1.691s
2025-11-23 04:03:16.119 67678 INFO tempest.lib.common.rest_client [req-9665b23b-88cf-46b6-b45f-2647eb3cae18 req-9665b23b-88cf-46b6-b45f-2647eb3cae18 ] Request (SecurityGroupsTestJSON:test_server_security_groups): 200 GET http://10.180.1.21/compute/v2.1/servers/1e5d9ea5-b2f0-4054-8179-dbb2a9e2e224 0.930s
2025-11-23 04:03:16.149 67648 INFO tempest.lib.common.rest_client [req-2542d07a-1585-4715-89fd-2d51a88cfdc0 req-2542d07a-1585-4715-89fd-2d51a88cfdc0 ] Request (AttachInterfacesV270Test:tearDownClass): 204 DELETE http://10.180.1.21/identity/v3/projects/641a58513053463cbe11a7a51fa27376 0.137s
2025-11-23 04:03:16.152 67666 INFO tempest.lib.common.rest_client [req-15d57ebd-e506-4c0d-8199-f1a4ee75412c req-15d57ebd-e506-4c0d-8199-f1a4ee75412c ] Request (ServersListShow296Test:tearDownClass): 404 GET http://10.180.1.21/compute/v2.1/servers/ff85d10a-dc1c-41a7-8e61-5a7ab26c65f2 0.856s
2025-11-23 04:03:16.154 67652 INFO tempest.lib.common.rest_client [req-08f55152-1897-45eb-b931-dbdd14c128d2 req-08f55152-1897-45eb-b931-dbdd14c128d2 ] Request (DeleteServersTestJSON:test_delete_server_while_in_attached_volume): 200 GET http://10.180.1.21/volume/v3/volumes/595b8a3a-301e-4e76-8f31-7073a29146d5 0.045s
2025-11-23 04:03:16.231 67648 INFO tempest.lib.common.rest_client [req-336ba4db-bb3b-4ec2-be4a-411e984b751d req-336ba4db-bb3b-4ec2-be4a-411e984b751d ] Request (ServerRescueTestJSONUnderV235:setUpClass): 201 POST http://10.180.1.21/identity/v3/auth/tokens 0.080s
2025-11-23 04:03:16.269 67666 INFO tempest.lib.common.rest_client [req-f859ef75-4f16-4e3d-889a-e5d5d8ba4748 req-f859ef75-4f16-4e3d-889a-e5d5d8ba4748 ] Request (ServersListShow296Test:tearDownClass): 204 DELETE http://10.180.1.21/identity/v3/users/56ab0111634b4458955caf4a680c786f 0.116s
2025-11-23 04:03:16.269 67666 INFO tempest.lib.common.dynamic_creds [-] Deleting project and security group for project: a90b576b4e3b4f17b68d9456ca240f34
2025-11-23 04:03:16.306 67648 INFO tempest.lib.common.rest_client [req-6b677fa2-0298-4cd2-9dcb-2ed619451ffc req-6b677fa2-0298-4cd2-9dcb-2ed619451ffc ] Request (ServerRescueTestJSONUnderV235:setUpClass): 201 POST http://10.180.1.21/identity/v3/auth/tokens 0.072s
2025-11-23 04:03:16.316 67668 INFO tempest.lib.common.rest_client [req-ed387dde-6565-4461-a394-1f23856d10a7 req-ed387dde-6565-4461-a394-1f23856d10a7 ] Request (ServerDiagnosticsTest:tearDownClass): 200 GET http://10.180.1.21/compute/v2.1/servers/f8c77991-b47c-4e06-a029-680bad0088f9 1.008s
2025-11-23 04:03:16.330 67666 INFO tempest.lib.common.rest_client [req-84cd84b4-028e-4cb6-b8b3-8cc3c2349dba req-84cd84b4-028e-4cb6-b8b3-8cc3c2349dba ] Request (ServersListShow296Test:tearDownClass): 201 POST http://10.180.1.21/identity/v3/auth/tokens 0.060s
2025-11-23 04:03:16.383 67648 INFO tempest.lib.common.rest_client [req-8b4e0fc0-4473-41b1-a535-2d037ba6fa5d req-8b4e0fc0-4473-41b1-a535-2d037ba6fa5d ] Request (ServerRescueTestJSONUnderV235:setUpClass): 200 GET http://10.180.1.21/identity/v3/domains?name=Default 0.077s
2025-11-23 04:03:16.429 67648 INFO tempest.lib.common.rest_client [req-758733d4-9e13-416d-ba7a-854943a6ae6f req-758733d4-9e13-416d-ba7a-854943a6ae6f ] Request (ServerRescueTestJSONUnderV235:setUpClass): 201 POST http://10.180.1.21/identity/v3/projects 0.045s
2025-11-23 04:03:16.498 67648 INFO tempest.lib.common.rest_client [req-ed2ea810-158b-450b-8cba-cdb2400b1277 req-ed2ea810-158b-450b-8cba-cdb2400b1277 ] Request (ServerRescueTestJSONUnderV235:setUpClass): 201 POST http://10.180.1.21/identity/v3/users 0.068s
2025-11-23 04:03:16.520 67648 INFO tempest.lib.common.rest_client [req-c03de467-f3f0-426c-9492-4a980035b118 req-c03de467-f3f0-426c-9492-4a980035b118 ] Request (ServerRescueTestJSONUnderV235:setUpClass): 200 GET http://10.180.1.21/identity/v3/roles 0.022s
2025-11-23 04:03:16.547 67648 INFO tempest.lib.common.rest_client [req-67ed3362-a8be-4cfd-a8c7-ec6b05b4b101 req-67ed3362-a8be-4cfd-a8c7-ec6b05b4b101 ] Request (ServerRescueTestJSONUnderV235:setUpClass): 204 PUT http://10.180.1.21/identity/v3/projects/102705d6cec44bcb91117a4c3f4413e3/users/0fcb8018e83a43ac815742debb504457/roles/59b39857c73c4d0b99fc9d43a7df1cde 0.026s
2025-11-23 04:03:16.547 67648 INFO tempest.lib.common.dynamic_creds [-] Dynamic test user 0fcb8018e83a43ac815742debb504457 is created with scope project and roles: ['member']
2025-11-23 04:03:16.547 67648 INFO tempest.lib.common.dynamic_creds [-] Acquired dynamic creds: credentials: Credentials: {'domain_id': 'default', 'domain_name': 'Default', 'username': 'tempest-ServerRescueTestJSONUnderV235-1571070739-project-member', 'project_domain_id': 'default', 'project_domain_name': 'Default', 'project_id': '102705d6cec44bcb91117a4c3f4413e3', 'project_name': 'tempest-ServerRescueTestJSONUnderV235-1571070739', 'tenant_id': '102705d6cec44bcb91117a4c3f4413e3', 'tenant_name': 'tempest-ServerRescueTestJSONUnderV235-1571070739', 'user_domain_id': 'default', 'user_domain_name': 'Default', 'user_id': '0fcb8018e83a43ac815742debb504457', 'system': None}, Network: None, Subnet: None, Router: None
2025-11-23 04:03:16.610 67648 INFO tempest.lib.common.rest_client [req-447b1e58-2f49-4220-8e39-ae76c53240ad req-447b1e58-2f49-4220-8e39-ae76c53240ad ] Request (ServerRescueTestJSONUnderV235:setUpClass): 201 POST http://10.180.1.21/identity/v3/auth/tokens 0.062s
2025-11-23 04:03:17.093 67690 INFO tempest.lib.common.rest_client [req-47423086-f178-4d85-9a07-21320c5ad688 req-47423086-f178-4d85-9a07-21320c5ad688 ] Request (MigrationsAdminTest:test_resize_server_revert_deleted_flavor): 200 GET http://10.180.1.21/compute/v2.1/servers/716423b8-b60c-41f4-9cae-d16d7394f232 1.873s
2025-11-23 04:03:17.197 67652 INFO tempest.lib.common.rest_client [req-a07c09cb-af44-45d9-b50d-db2e881a8434 req-a07c09cb-af44-45d9-b50d-db2e881a8434 ] Request (DeleteServersTestJSON:test_delete_server_while_in_attached_volume): 200 GET http://10.180.1.21/volume/v3/volumes/595b8a3a-301e-4e76-8f31-7073a29146d5 0.035s
2025-11-23 04:03:17.289 67666 INFO tempest.lib.common.rest_client [req-60cf3d55-0043-4ef0-9b3f-3c323649ce17 req-60cf3d55-0043-4ef0-9b3f-3c323649ce17 ] Request (ServersListShow296Test:tearDownClass): 200 GET http://10.180.1.21/networking/v2.0/security-groups?tenant_id=a90b576b4e3b4f17b68d9456ca240f34&name=default 0.959s
2025-11-23 04:03:17.321 67670 INFO tempest.lib.common.rest_client [req-c50d8d5a-c550-4a85-b158-e7a4fe2bdf8b req-c50d8d5a-c550-4a85-b158-e7a4fe2bdf8b ] Request (ServerActionsV293TestJSON:setUpClass): 200 GET http://10.180.1.21/compute/v2.1/servers/05c77f87-c9d4-4ddb-bfe4-1d5609767291 1.962s
2025-11-23 04:03:17.529 67648 INFO tempest.lib.common.rest_client [req-1b2ff5e7-f97c-490c-bf95-474f687b47c7 req-1b2ff5e7-f97c-490c-bf95-474f687b47c7 ] Request (ServerRescueTestJSONUnderV235:setUpClass): 201 POST http://10.180.1.21/networking/v2.0/networks 0.918s
2025-11-23 04:03:17.555 67660 INFO tempest.lib.common.rest_client [req-0b1077c4-2dd6-4b58-8211-2adfec66a299 req-0b1077c4-2dd6-4b58-8211-2adfec66a299 ] Request (VolumesAdminNegativeTest:test_update_attached_volume_with_nonexistent_volume_in_uri): 200 GET http://10.180.1.21/compute/v2.1/servers/e5bea2df-df08-4c1b-99ca-6f9974b998ec 2.184s
2025-11-23 04:03:17.567 67632 INFO tempest.lib.common.rest_client [req-6b7b830d-991d-4dc0-bfa4-0801e48b3f75 req-6b7b830d-991d-4dc0-bfa4-0801e48b3f75 ] Request (ListServerFiltersTestJSON:test_list_servers_filter_by_zero_limit): 200 GET http://10.180.1.21/compute/v2.1/servers?limit=0 1.757s
2025-11-23 04:03:17.637 67666 INFO tempest.lib.common.rest_client [req-980c31ae-4057-4bf5-a829-b94d5b857adf req-980c31ae-4057-4bf5-a829-b94d5b857adf ] Request (ServersListShow296Test:tearDownClass): 204 DELETE http://10.180.1.21/networking/v2.0/security-groups/cf03569e-cf33-434f-a184-a1aa9c02ae99 0.347s
2025-11-23 04:03:17.661 67680 INFO tempest.lib.common.rest_client [req-35c25ad4-39f2-4686-bb32-cec30310522e req-35c25ad4-39f2-4686-bb32-cec30310522e ] Request (ServerShowV247Test:tearDownClass): 200 GET http://10.180.1.21/compute/v2.1/servers/40d51692-e4c4-41a3-8f10-8d9bbf67828c 1.938s
2025-11-23 04:03:17.691 67636 INFO tempest.lib.common.rest_client [req-28c39d8f-d1cd-4104-a4c1-0b61b315304b req-28c39d8f-d1cd-4104-a4c1-0b61b315304b ] Request (ServersNegativeTestJSON:setUpClass): 404 GET http://10.180.1.21/compute/v2.1/servers/126043ce-30da-4bc5-bc8d-98d3c8809c4c 1.763s
2025-11-23 04:03:17.741 67666 INFO tempest.lib.common.rest_client [req-4740136a-e09e-4851-8a9e-28f2ff95ce0f req-4740136a-e09e-4851-8a9e-28f2ff95ce0f ] Request (ServersListShow296Test:tearDownClass): 204 DELETE http://10.180.1.21/identity/v3/projects/a90b576b4e3b4f17b68d9456ca240f34 0.104s
2025-11-23 04:03:17.865 67648 INFO tempest.lib.common.rest_client [req-6d3a8c23-74a1-4f84-9c64-6ffdf2862e89 req-6d3a8c23-74a1-4f84-9c64-6ffdf2862e89 ] Request (ServerRescueTestJSONUnderV235:setUpClass): 201 POST http://10.180.1.21/networking/v2.0/subnets 0.335s
2025-11-23 04:03:17.947 67628 INFO tempest.lib.common.rest_client [req-4254cfd3-a3f3-4ea5-af13-056f3cc6ab18 req-4254cfd3-a3f3-4ea5-af13-056f3cc6ab18 ] Request (ImagesOneServerNegativeTestJSON:_run_cleanups): 200 GET http://10.180.1.21/compute/v2.1/servers/d00d58f0-5297-4c00-a14d-59a92da588ea 1.886s
2025-11-23 04:03:17.969 67646 INFO tempest.lib.common.rest_client [req-3a660030-f6ae-4fe5-be7b-e2fd265dc249 req-3a660030-f6ae-4fe5-be7b-e2fd265dc249 ] Request (ServersAdminTestJSON:tearDownClass): 404 GET http://10.180.1.21/compute/v2.1/servers/54bf008f-fc47-4f81-84c6-1ed3d6333f6e 1.790s
2025-11-23 04:03:17.976 67662 INFO tempest.lib.common.rest_client [req-d98682b5-63d7-4bca-8949-3b6752df3f16 req-d98682b5-63d7-4bca-8949-3b6752df3f16 ] Request (ServerActionsTestOtherB:test_resize_server_confirm_from_stopped): 200 GET http://10.180.1.21/compute/v2.1/servers/5040248c-fe52-445a-9358-8994da9cc905 2.119s
2025-11-23 04:03:18.025 67644 INFO tempest.lib.common.rest_client [req-4ad6bb7d-0e98-4fad-924b-281f49614eee req-4ad6bb7d-0e98-4fad-924b-281f49614eee ] Request (ServersTestMultiNic:test_verify_multiple_nics_order): 200 GET http://10.180.1.21/compute/v2.1/servers/02aa5661-8eaa-435a-8d08-da458742abd0 1.774s
2025-11-23 04:03:18.052 67672 INFO tempest.lib.common.rest_client [req-4c712710-bb30-4911-a0cc-e36d6d627f59 req-4c712710-bb30-4911-a0cc-e36d6d627f59 ] Request (AttachVolumeTestJSON:test_attach_detach_volume): 200 GET http://10.180.1.21/compute/v2.1/servers/79b4b563-549a-43fd-a928-d9a423a25567 1.709s
2025-11-23 04:03:18.096 67634 INFO tempest.lib.common.rest_client [req-a5b0dca3-6e26-45cf-9959-870196dd7686 req-a5b0dca3-6e26-45cf-9959-870196dd7686 ] Request (InstanceActionsTestJSON:setUpClass): 200 GET http://10.180.1.21/compute/v2.1/servers/1d885a21-f33a-4d21-ae33-99454f6098a3 1.703s
2025-11-23 04:03:18.110 67642 INFO tempest.lib.common.rest_client [req-081333ae-5534-4b36-8ed2-f73074ea791a req-081333ae-5534-4b36-8ed2-f73074ea791a ] Request (ServerAddressesTestJSON:setUpClass): 200 GET http://10.180.1.21/compute/v2.1/servers/da2ec598-2675-4818-a6eb-74db2385b9d1 1.654s
2025-11-23 04:03:18.153 67638 INFO tempest.lib.common.rest_client [req-c5b217e2-71ca-4558-9263-4beefdef059d req-c5b217e2-71ca-4558-9263-4beefdef059d ] Request (MultipleCreateTestJSON:test_multiple_create_with_reservation_return): 200 GET http://10.180.1.21/compute/v2.1/servers/2f3bf8e1-0c62-4e0b-a38c-5bb8fd0b1b10 1.644s
2025-11-23 04:03:18.168 67688 INFO tempest.lib.common.rest_client [req-023826bb-4f28-40b0-9df9-9f8bece37ded req-023826bb-4f28-40b0-9df9-9f8bece37ded ] Request (InstanceActionsV221TestJSON:test_get_list_deleted_instance_actions): 200 GET http://10.180.1.21/compute/v2.1/servers/be0127ec-20f8-49ee-b301-d650036c3051 1.606s
2025-11-23 04:03:18.240 67652 INFO tempest.lib.common.rest_client [req-7306067f-d071-4c5b-8809-eac592c371d1 req-7306067f-d071-4c5b-8809-eac592c371d1 ] Request (DeleteServersTestJSON:test_delete_server_while_in_attached_volume): 200 GET http://10.180.1.21/volume/v3/volumes/595b8a3a-301e-4e76-8f31-7073a29146d5 0.035s
2025-11-23 04:03:18.268 67658 INFO tempest.lib.common.rest_client [req-d32ee640-76f9-4f8b-9093-f9b42b6532ee req-d32ee640-76f9-4f8b-9093-f9b42b6532ee ] Request (ServerDiskConfigTestJSON:test_rebuild_server_with_auto_disk_config): 200 GET http://10.180.1.21/compute/v2.1/servers/5a7fd448-46d7-44b6-8cd7-6725bd923be0 1.591s
2025-11-23 04:03:18.306 67684 INFO tempest.lib.common.rest_client [req-4b0adde7-a0ae-4bdb-8e68-dd9b01273e05 req-4b0adde7-a0ae-4bdb-8e68-dd9b01273e05 ] Request (AttachVolumeNegativeTest:test_attach_attached_volume_to_different_server): 200 GET http://10.180.1.21/compute/v2.1/servers/fcef74b7-3143-4dfd-b0d9-d48fa347e831 1.681s
2025-11-23 04:03:18.314 67684 INFO tempest.common.waiters [-] State transition "BUILD/networking" ==> "BUILD/spawning" after 70 second wait
2025-11-23 04:03:18.344 67664 INFO tempest.lib.common.rest_client [req-2d264e71-b035-4a84-bdaf-a0e0687bb62b req-2d264e71-b035-4a84-bdaf-a0e0687bb62b ] Request (AttachInterfacesTestJSON:_run_cleanups): 200 GET http://10.180.1.21/compute/v2.1/servers/5017d249-a05d-4df8-8d4e-67c07ea8e4d2 1.440s
2025-11-23 04:03:18.351 67664 INFO tempest.common.waiters [-] State transition "ACTIVE/deleting" ==> "DELETED/None" after 5 second wait
2025-11-23 04:03:18.357 67630 INFO tempest.lib.common.rest_client [req-8549d485-42fd-42c0-a9e5-b2ab0d844cde req-8549d485-42fd-42c0-a9e5-b2ab0d844cde ] Request (ImagesTestJSON:test_create_server_from_snapshot): 200 GET http://10.180.1.21/compute/v2.1/servers/e7497ae6-f003-4b07-ab49-0a35dfe94961 1.304s
2025-11-23 04:03:18.405 67678 INFO tempest.lib.common.rest_client [req-fd72291a-0ff1-4e17-ab1f-fe413c31b449 req-fd72291a-0ff1-4e17-ab1f-fe413c31b449 ] Request (SecurityGroupsTestJSON:test_server_security_groups): 200 GET http://10.180.1.21/compute/v2.1/servers/1e5d9ea5-b2f0-4054-8179-dbb2a9e2e224 1.275s
2025-11-23 04:03:18.425 67668 INFO tempest.lib.common.rest_client [req-d42a01eb-840e-4683-a9b6-8ea8934db88e req-d42a01eb-840e-4683-a9b6-8ea8934db88e ] Request (ServerDiagnosticsTest:tearDownClass): 200 GET http://10.180.1.21/compute/v2.1/servers/f8c77991-b47c-4e06-a029-680bad0088f9 1.096s
2025-11-23 04:03:18.552 67632 INFO tempest.lib.common.rest_client [req-e13f7435-c46a-44e2-bd1c-f73ced77daf4 req-e13f7435-c46a-44e2-bd1c-f73ced77daf4 ] Request (ListServerFiltersTestJSON:test_list_servers_filtered_by_ip): 200 GET http://10.180.1.21/compute/v2.1/servers/e919a5a3-1d31-4ef9-8055-a52debcc89dd 0.981s
2025-11-23 04:03:18.575 67636 INFO tempest.lib.common.rest_client [req-5ccfba74-c0fe-4aea-b5b1-3bc6dbe2bc26 req-5ccfba74-c0fe-4aea-b5b1-3bc6dbe2bc26 ] Request (ServersNegativeTestJSON:setUp): 200 GET http://10.180.1.21/compute/v2.1/servers/fb18b83a-807a-43af-b832-f6236f0a30eb 0.882s
2025-11-23 04:03:18.660 67636 INFO tempest.lib.common.rest_client [req-f0313396-b041-4c78-9311-f0b72adebed9 req-f0313396-b041-4c78-9311-f0b72adebed9 ] Request (ServersNegativeTestJSON:test_create_numeric_server_name): 201 POST http://10.180.1.21/identity/v3/auth/tokens 0.072s
2025-11-23 04:03:18.661 67636 INFO tempest.lib.common.fixed_network [-] (ServersNegativeTestJSON:test_create_numeric_server_name) Found network {'id': '5cd7cb44-9a08-4f8a-a3e5-cf7678d63cc7', 'name': 'tempest-ServersNegativeTestJSON-389893376-network', 'tenant_id': '50a699fb72144b70a62c53738303f9ee', 'project_id': '50a699fb72144b70a62c53738303f9ee', 'admin_state_up': True, 'mtu': 8950, 'status': 'ACTIVE', 'subnets': [], 'shared': False, 'port_security_enabled': True, 'router:external': False, 'provider:network_type': 'vlan', 'provider:physical_network': 'default', 'provider:segmentation_id': 278, 'availability_zone_hints': [], 'availability_zones': [], 'ipv4_address_scope': None, 'ipv6_address_scope': None, 'description': '', 'tags': [], 'created_at': '2025-11-23T04:00:41Z', 'updated_at': '2025-11-23T04:00:41Z', 'revision_number': 1} available for tenant
2025-11-23 04:03:18.663 67646 INFO tempest.lib.common.rest_client [req-a2bf8a72-8465-4caf-8002-1619672b7e8f req-a2bf8a72-8465-4caf-8002-1619672b7e8f ] Request (ServersAdminTestJSON:tearDownClass): 204 DELETE http://10.180.1.21/compute/v2.1/servers/b3761e65-9f2b-40a6-abf5-c8d5c8bd0b14 0.693s
2025-11-23 04:03:18.702 67690 INFO tempest.lib.common.rest_client [req-2fb1931c-0633-4639-b8c6-055e1b673bb7 req-2fb1931c-0633-4639-b8c6-055e1b673bb7 ] Request (MigrationsAdminTest:test_resize_server_revert_deleted_flavor): 200 GET http://10.180.1.21/compute/v2.1/servers/716423b8-b60c-41f4-9cae-d16d7394f232 0.601s
2025-11-23 04:03:18.720 67670 INFO tempest.lib.common.rest_client [req-e62f6467-3968-4b33-b0aa-9993eb6b0cfb req-e62f6467-3968-4b33-b0aa-9993eb6b0cfb ] Request (ServerActionsV293TestJSON:setUpClass): 200 GET http://10.180.1.21/compute/v2.1/servers/05c77f87-c9d4-4ddb-bfe4-1d5609767291 0.386s
2025-11-23 04:03:18.766 67648 INFO tempest.lib.common.rest_client [req-9f7b5cb5-c2a2-4d31-aa7f-0b47aada763f req-9f7b5cb5-c2a2-4d31-aa7f-0b47aada763f ] Request (ServerRescueTestJSONUnderV235:setUpClass): 201 POST http://10.180.1.21/networking/v2.0/routers 0.901s
2025-11-23 04:03:18.787 67660 INFO tempest.lib.common.rest_client [req-e89cd7e1-1541-454f-86bd-cd4f4660ae36 req-e89cd7e1-1541-454f-86bd-cd4f4660ae36 ] Request (VolumesAdminNegativeTest:test_update_attached_volume_with_nonexistent_volume_in_uri): 200 GET http://10.180.1.21/compute/v2.1/servers/e5bea2df-df08-4c1b-99ca-6f9974b998ec 0.220s
2025-11-23 04:03:18.795 67636 INFO tempest.lib.common.rest_client [req-134aa1a9-1bdb-4e75-818c-ebe4f957503b req-134aa1a9-1bdb-4e75-818c-ebe4f957503b ] Request (ServersNegativeTestJSON:test_create_numeric_server_name): 400 POST http://10.180.1.21/compute/v2.1/servers 0.133s
2025-11-23 04:03:18.797 67632 INFO tempest.lib.common.rest_client [req-9ee99780-e356-4749-a646-97557918aa95 req-9ee99780-e356-4749-a646-97557918aa95 ] Request (ListServerFiltersTestJSON:test_list_servers_filtered_by_ip): 200 GET http://10.180.1.21/compute/v2.1/servers/b99fc60f-5719-4328-92a5-7da72bd07069 0.237s
2025-11-23 04:03:18.908 67680 INFO tempest.lib.common.rest_client [req-27287557-77b3-405b-a429-2075ab042793 req-27287557-77b3-405b-a429-2075ab042793 ] Request (ServerShowV247Test:tearDownClass): 200 GET http://10.180.1.21/compute/v2.1/servers/40d51692-e4c4-41a3-8f10-8d9bbf67828c 0.232s
2025-11-23 04:03:18.928 67646 INFO tempest.lib.common.rest_client [req-30d966ac-154d-499f-ae56-a7ab4897f3df req-30d966ac-154d-499f-ae56-a7ab4897f3df ] Request (ServersAdminTestJSON:tearDownClass): 200 GET http://10.180.1.21/compute/v2.1/servers/b3761e65-9f2b-40a6-abf5-c8d5c8bd0b14 0.265s
2025-11-23 04:03:19.153 67636 INFO tempest.lib.common.rest_client [req-c3308998-a8b3-463a-91db-4975dea7783b req-c3308998-a8b3-463a-91db-4975dea7783b ] Request (ServersNegativeTestJSON:tearDown): 200 GET http://10.180.1.21/compute/v2.1/servers/fb18b83a-807a-43af-b832-f6236f0a30eb 0.357s
2025-11-23 04:03:19.179 67632 INFO tempest.lib.common.rest_client [req-75da9cd9-55b4-4a1e-af6e-94b40def18a6 req-75da9cd9-55b4-4a1e-af6e-94b40def18a6 ] Request (ListServerFiltersTestJSON:test_list_servers_filtered_by_ip): 200 GET http://10.180.1.21/compute/v2.1/servers/cd1e6d4a-e042-4ebe-9eb0-2d31b70cdf0a 0.374s
2025-11-23 04:03:19.234 67628 INFO tempest.lib.common.rest_client [req-04522a81-10d9-462f-bb2e-0243250f89db req-04522a81-10d9-462f-bb2e-0243250f89db ] Request (ImagesOneServerNegativeTestJSON:_run_cleanups): 200 GET http://10.180.1.21/compute/v2.1/servers/d00d58f0-5297-4c00-a14d-59a92da588ea 0.277s
2025-11-23 04:03:19.284 67652 INFO tempest.lib.common.rest_client [req-7cc31826-4b6f-42a8-b5dd-a973899ada37 req-7cc31826-4b6f-42a8-b5dd-a973899ada37 ] Request (DeleteServersTestJSON:test_delete_server_while_in_attached_volume): 200 GET http://10.180.1.21/volume/v3/volumes/595b8a3a-301e-4e76-8f31-7073a29146d5 0.035s
