2025-11-23 04:03:05.097 67642 INFO tempest.lib.common.fixed_network [-] (ServerAddressesTestJSON:setUpClass) Found network {'id': 'be269e4b-3d79-404a-835b-5aaf5143940e', 'name': 'tempest-ServerAddressesTestJSON-538855829-network', 'tenant_id': '99d66fceba5545eabfa130a57c21aa64', 'project_id': '99d66fceba5545eabfa130a57c21aa64', 'admin_state_up': True, 'mtu': 8950, 'status': 'ACTIVE', 'subnets': [], 'shared': False, 'port_security_enabled': True, 'router:external': False, 'provider:network_type': 'vlan', 'provider:physical_network': 'default', 'provider:segmentation_id': 379, 'availability_zone_hints': [], 'availability_zones': [], 'ipv4_address_scope': None, 'ipv6_address_scope': None, 'description': '', 'tags': [], 'created_at': '2025-11-23T04:03:02Z', 'updated_at': '2025-11-23T04:03:02Z', 'revision_number': 1} available for tenant
2025-11-23 04:03:05.121 67662 INFO tempest.lib.common.rest_client [req-e75940c9-dbe7-473d-8512-6a9d18d83711 req-e75940c9-dbe7-473d-8512-6a9d18d83711 ] Request (ServerActionsTestOtherB:test_resize_server_confirm_from_stopped): 204 POST http://10.180.1.21/compute/v2.1/servers/5040248c-fe52-445a-9358-8994da9cc905/action 0.660s
2025-11-23 04:03:05.136 67652 INFO tempest.lib.common.rest_client [req-08258431-7fb0-49e9-88ab-3a59bc9a31f1 req-08258431-7fb0-49e9-88ab-3a59bc9a31f1 ] Request (DeleteServersTestJSON:test_delete_server_while_in_attached_volume): 200 GET http://10.180.1.21/compute/v2.1/servers/652fb816-0195-48d5-879f-1900a526d674 0.831s
2025-11-23 04:03:05.144 67652 INFO tempest.common.waiters [-] State transition "BUILD/block_device_mapping" ==> "BUILD/spawning" after 62 second wait
2025-11-23 04:03:05.193 67678 INFO tempest.lib.common.rest_client [req-ca36137c-f3fc-4aaf-9de3-05e9a4a92300 req-ca36137c-f3fc-4aaf-9de3-05e9a4a92300 ] Request (SecurityGroupsTestJSON:test_security_group_create_get_delete): 200 GET http://10.180.1.21/compute/v2.1/os-security-groups/f446afec-6fcb-429f-99a0-ab37a3e31b1f 0.382s
2025-11-23 04:03:05.199 67684 INFO tempest.lib.common.rest_client [req-8c5fb1fb-bf96-4f46-be3e-969081049fae req-8c5fb1fb-bf96-4f46-be3e-969081049fae ] Request (AttachVolumeNegativeTest:test_attach_attached_volume_to_different_server): 200 GET http://10.180.1.21/compute/v2.1/servers/fcef74b7-3143-4dfd-b0d9-d48fa347e831 0.393s
2025-11-23 04:03:05.249 67658 INFO tempest.lib.common.rest_client [req-5944be4b-e44a-41cf-9e6c-6b581a553e47 req-5944be4b-e44a-41cf-9e6c-6b581a553e47 ] Request (ServerDiskConfigTestJSON:test_rebuild_server_with_auto_disk_config): 200 GET http://10.180.1.21/compute/v2.1/servers/5a7fd448-46d7-44b6-8cd7-6725bd923be0 0.378s
2025-11-23 04:03:05.279 67664 INFO tempest.lib.common.rest_client [req-281ce2d7-9573-411f-a5d8-9bf36ee96888 req-281ce2d7-9573-411f-a5d8-9bf36ee96888 ] Request (AttachInterfacesTestJSON:test_create_list_show_delete_interfaces_by_fixed_ip): 200 GET http://10.180.1.21/compute/v2.1/servers/5017d249-a05d-4df8-8d4e-67c07ea8e4d2/os-interface/a2416967-201c-4888-bd65-5dc0f6ad4ccb 0.414s
2025-11-23 04:03:05.354 67632 INFO tempest.lib.common.rest_client [req-83004ad0-752b-483e-85ac-01c4715186e0 req-83004ad0-752b-483e-85ac-01c4715186e0 ] Request (ListServerFiltersTestJSON:test_list_servers_filter_by_flavor): 200 GET http://10.180.1.21/compute/v2.1/servers?flavor=84 0.419s
2025-11-23 04:03:05.356 67648 INFO tempest.lib.common.rest_client [req-fd603b2a-75d0-4a7f-9496-fb0b354f8837 req-fd603b2a-75d0-4a7f-9496-fb0b354f8837 ] Request (AttachInterfacesV270Test:tearDownClass): 200 GET http://10.180.1.21/compute/v2.1/servers/c80bd973-b925-4e76-802d-440adde0ca11 0.339s
2025-11-23 04:03:05.408 67630 INFO tempest.lib.common.rest_client [req-dfbeda3f-55a9-4d91-ae50-151370aa0be7 req-dfbeda3f-55a9-4d91-ae50-151370aa0be7 ] Request (ImagesTestJSON:test_create_server_from_snapshot): 200 GET http://10.180.1.21/compute/v2.1/servers/e7497ae6-f003-4b07-ab49-0a35dfe94961 0.319s
2025-11-23 04:03:05.549 67662 INFO tempest.lib.common.rest_client [req-2a829fce-0a73-469f-8b97-f074ee0a7d31 req-2a829fce-0a73-469f-8b97-f074ee0a7d31 ] Request (ServerActionsTestOtherB:test_resize_server_confirm_from_stopped): 200 GET http://10.180.1.21/compute/v2.1/servers/5040248c-fe52-445a-9358-8994da9cc905 0.427s
2025-11-23 04:03:05.621 67666 INFO tempest.lib.common.rest_client [req-249e5833-e72a-43d5-bf52-76b7f8722011 req-249e5833-e72a-43d5-bf52-76b7f8722011 ] Request (ServersListShow296Test:tearDownClass): 200 GET http://10.180.1.21/compute/v2.1/servers/ff85d10a-dc1c-41a7-8e61-5a7ab26c65f2 0.453s
2025-11-23 04:03:05.691 67668 INFO tempest.lib.common.rest_client [req-1e46d49f-b5c3-4e1d-a9d4-840a66a650a1 req-1e46d49f-b5c3-4e1d-a9d4-840a66a650a1 ] Request (ServerDiagnosticsTest:tearDownClass): 200 GET http://10.180.1.21/compute/v2.1/servers/f8c77991-b47c-4e06-a029-680bad0088f9 0.516s
2025-11-23 04:03:05.740 67642 INFO tempest.lib.common.rest_client [req-d7a68c89-7841-4ac2-881c-09d6eb77cb43 req-d7a68c89-7841-4ac2-881c-09d6eb77cb43 ] Request (ServerAddressesTestJSON:setUpClass): 202 POST http://10.180.1.21/compute/v2.1/servers 0.642s
2025-11-23 04:03:05.823 67670 INFO tempest.lib.common.rest_client [req-7009545b-027a-4ff7-b39a-b4461b02d33b req-7009545b-027a-4ff7-b39a-b4461b02d33b ] Request (ServerActionsV293TestJSON:setUpClass): 200 GET http://10.180.1.21/compute/v2.1/servers/05c77f87-c9d4-4ddb-bfe4-1d5609767291 0.582s
2025-11-23 04:03:05.826 67678 INFO tempest.lib.common.rest_client [req-56f87e1b-b150-4dc7-b175-5ffea75ae36e req-56f87e1b-b150-4dc7-b175-5ffea75ae36e ] Request (SecurityGroupsTestJSON:test_security_group_create_get_delete): 202 DELETE http://10.180.1.21/compute/v2.1/os-security-groups/f446afec-6fcb-429f-99a0-ab37a3e31b1f 0.630s
2025-11-23 04:03:05.886 67660 INFO tempest.lib.common.rest_client [req-4a69e288-cc92-4b95-b8b4-23fb693108a8 req-4a69e288-cc92-4b95-b8b4-23fb693108a8 ] Request (VolumesAdminNegativeTest:test_update_attached_volume_with_nonexistent_volume_in_uri): 200 GET http://10.180.1.21/compute/v2.1/servers/e5bea2df-df08-4c1b-99ca-6f9974b998ec 0.638s
2025-11-23 04:03:05.892 67664 INFO tempest.lib.common.rest_client [req-78ae4fd8-0415-46bd-9215-c50bc802a05a req-78ae4fd8-0415-46bd-9215-c50bc802a05a ] Request (AttachInterfacesTestJSON:test_create_list_show_delete_interfaces_by_fixed_ip): 202 DELETE http://10.180.1.21/compute/v2.1/servers/5017d249-a05d-4df8-8d4e-67c07ea8e4d2/os-interface/b1c88b74-995e-4dc6-8668-b28fdcb45bd6 0.611s
2025-11-23 04:03:05.927 67632 INFO tempest.lib.common.rest_client [req-c743598a-5c35-454a-8ab3-a61906b64b8f req-c743598a-5c35-454a-8ab3-a61906b64b8f ] Request (ListServerFiltersTestJSON:test_list_servers_filter_by_limit): 200 GET http://10.180.1.21/compute/v2.1/servers?limit=1 0.570s
2025-11-23 04:03:05.974 67680 INFO tempest.lib.common.rest_client [req-bf22faed-60bf-4154-a9f8-5777faa3c546 req-bf22faed-60bf-4154-a9f8-5777faa3c546 ] Request (ServerShowV247Test:tearDownClass): 200 GET http://10.180.1.21/compute/v2.1/servers/40d51692-e4c4-41a3-8f10-8d9bbf67828c 0.663s
2025-11-23 04:03:05.995 67636 INFO tempest.lib.common.rest_client [req-3bad4f3f-b6e6-4dcf-927f-285363e532a1 req-3bad4f3f-b6e6-4dcf-927f-285363e532a1 ] Request (ServersNegativeTestJSON:setUpClass): 200 GET http://10.180.1.21/compute/v2.1/servers/126043ce-30da-4bc5-bc8d-98d3c8809c4c 0.558s
2025-11-23 04:03:06.036 67628 INFO tempest.lib.common.rest_client [req-81db5548-5e7e-49f8-a1ba-8b403379f236 req-81db5548-5e7e-49f8-a1ba-8b403379f236 ] Request (ImagesOneServerNegativeTestJSON:_run_cleanups): 200 GET http://10.180.1.21/compute/v2.1/servers/d00d58f0-5297-4c00-a14d-59a92da588ea 0.503s
2025-11-23 04:03:06.118 67646 INFO tempest.lib.common.rest_client [req-3a486e38-4a8e-4998-8f16-20d138ca7841 req-3a486e38-4a8e-4998-8f16-20d138ca7841 ] Request (ServersAdminTestJSON:tearDownClass): 200 GET http://10.180.1.21/compute/v2.1/servers/54bf008f-fc47-4f81-84c6-1ed3d6333f6e 0.522s
2025-11-23 04:03:06.137 67686 INFO tempest.lib.common.rest_client [req-92fa0c3a-f6cd-4374-8252-39210493ab85 req-92fa0c3a-f6cd-4374-8252-39210493ab85 ] Request (ServersV294TestFqdnHostnames:tearDownClass): 404 GET http://10.180.1.21/compute/v2.1/servers/fabdcef7-2cd8-4138-bd67-f0d962fcde2d 0.501s
2025-11-23 04:03:06.157 67690 INFO tempest.lib.common.rest_client [req-5a642ca2-ed02-4a59-ad17-0c771781c371 req-5a642ca2-ed02-4a59-ad17-0c771781c371 ] Request (MigrationsAdminTest:test_resize_server_revert_deleted_flavor): 200 GET http://10.180.1.21/compute/v2.1/servers/716423b8-b60c-41f4-9cae-d16d7394f232 0.596s
2025-11-23 04:03:06.167 67690 INFO tempest.common.waiters [-] State transition "RESIZE/resize_migrated" ==> "RESIZE/resize_finish" after 58 second wait
2025-11-23 04:03:06.190 67644 INFO tempest.lib.common.rest_client [req-69430012-383a-4884-83db-45e2d9c4b06c req-69430012-383a-4884-83db-45e2d9c4b06c ] Request (ServersTestMultiNic:test_verify_multiple_nics_order): 200 GET http://10.180.1.21/compute/v2.1/servers/02aa5661-8eaa-435a-8d08-da458742abd0 0.538s
2025-11-23 04:03:06.210 67672 INFO tempest.lib.common.rest_client [req-15908529-f0de-4967-9871-725ae47dc19b req-15908529-f0de-4967-9871-725ae47dc19b ] Request (AttachVolumeTestJSON:test_attach_detach_volume): 200 GET http://10.180.1.21/compute/v2.1/servers/79b4b563-549a-43fd-a928-d9a423a25567 0.525s
2025-11-23 04:03:06.243 67634 INFO tempest.lib.common.rest_client [req-24f66866-465c-4dac-8003-8dc84b9752a9 req-24f66866-465c-4dac-8003-8dc84b9752a9 ] Request (InstanceActionsTestJSON:setUpClass): 200 GET http://10.180.1.21/compute/v2.1/servers/1d885a21-f33a-4d21-ae33-99454f6098a3 0.533s
2025-11-23 04:03:06.256 67642 INFO tempest.lib.common.rest_client [req-23d7e403-3628-40c4-9081-7c11e7681d3c req-23d7e403-3628-40c4-9081-7c11e7681d3c ] Request (ServerAddressesTestJSON:setUpClass): 200 GET http://10.180.1.21/compute/v2.1/servers/da2ec598-2675-4818-a6eb-74db2385b9d1 0.514s
2025-11-23 04:03:06.262 67678 INFO tempest.lib.common.rest_client [req-28b69068-ccfa-4d08-8d24-9a65d5306267 req-28b69068-ccfa-4d08-8d24-9a65d5306267 ] Request (SecurityGroupsTestJSON:test_security_group_create_get_delete): 404 GET http://10.180.1.21/compute/v2.1/os-security-groups/f446afec-6fcb-429f-99a0-ab37a3e31b1f 0.435s
2025-11-23 04:03:06.325 67638 INFO tempest.lib.common.rest_client [req-27de382a-815b-4edb-b3f7-2bfcfe96e79d req-27de382a-815b-4edb-b3f7-2bfcfe96e79d ] Request (MultipleCreateTestJSON:test_multiple_create_with_reservation_return): 200 GET http://10.180.1.21/compute/v2.1/servers/2f3bf8e1-0c62-4e0b-a38c-5bb8fd0b1b10 0.393s
2025-11-23 04:03:06.339 67664 INFO tempest.lib.common.rest_client [req-7e8ca665-b784-46b6-876f-fe595950ec62 req-7e8ca665-b784-46b6-876f-fe595950ec62 ] Request (AttachInterfacesTestJSON:test_create_list_show_delete_interfaces_by_fixed_ip): 200 GET http://10.180.1.21/compute/v2.1/servers/5017d249-a05d-4df8-8d4e-67c07ea8e4d2/os-interface 0.446s
2025-11-23 04:03:06.392 67632 INFO tempest.lib.common.rest_client [req-d90d8db0-73f7-49af-878c-b4c26a2e22e0 req-d90d8db0-73f7-49af-878c-b4c26a2e22e0 ] Request (ListServerFiltersTestJSON:test_list_servers_filter_by_server_name): 200 GET http://10.180.1.21/compute/v2.1/servers?name=tempest-ListServerFiltersTestJSON-instance-752587061 0.460s
2025-11-23 04:03:06.397 67688 INFO tempest.lib.common.rest_client [req-c9e18cac-d881-446b-b1a1-32aed1282c99 req-c9e18cac-d881-446b-b1a1-32aed1282c99 ] Request (InstanceActionsV221TestJSON:test_get_list_deleted_instance_actions): 200 GET http://10.180.1.21/compute/v2.1/servers/be0127ec-20f8-49ee-b301-d650036c3051 0.340s
2025-11-23 04:03:06.407 67686 INFO tempest.lib.common.rest_client [req-70a24aa1-e231-44c8-99b8-6ac900f50e70 req-70a24aa1-e231-44c8-99b8-6ac900f50e70 ] Request (ServersV294TestFqdnHostnames:tearDownClass): 204 DELETE http://10.180.1.21/compute/v2.1/os-keypairs/tempest-keypair-1598583214 0.269s
2025-11-23 04:03:06.475 67684 INFO tempest.lib.common.rest_client [req-fe21da2c-4edf-41c5-97a3-7bc9340bf034 req-fe21da2c-4edf-41c5-97a3-7bc9340bf034 ] Request (AttachVolumeNegativeTest:test_attach_attached_volume_to_different_server): 200 GET http://10.180.1.21/compute/v2.1/servers/fcef74b7-3143-4dfd-b0d9-d48fa347e831 0.266s
2025-11-23 04:03:06.513 67686 INFO tempest.lib.common.rest_client [req-1320126c-0eb9-4b08-8df3-f12d1016ca9f req-1320126c-0eb9-4b08-8df3-f12d1016ca9f ] Request (ServersV294TestFqdnHostnames:tearDownClass): 204 DELETE http://10.180.1.21/networking/v2.0/security-groups/3e66637a-d682-4882-98f8-43ffc317f453 0.105s
2025-11-23 04:03:06.514 67652 INFO tempest.lib.common.rest_client [req-e48dc591-1b08-49ff-ad6f-55c5ab3e195c req-e48dc591-1b08-49ff-ad6f-55c5ab3e195c ] Request (DeleteServersTestJSON:test_delete_server_while_in_attached_volume): 200 GET http://10.180.1.21/compute/v2.1/servers/652fb816-0195-48d5-879f-1900a526d674 0.369s
2025-11-23 04:03:06.523 67686 INFO tempest.lib.common.rest_client [req-ae0d23b3-1597-400b-aa35-21e44b2c83e8 req-ae0d23b3-1597-400b-aa35-21e44b2c83e8 ] Request (ServersV294TestFqdnHostnames:tearDownClass): 404 GET http://10.180.1.21/networking/v2.0/security-groups/3e66637a-d682-4882-98f8-43ffc317f453 0.009s
2025-11-23 04:03:06.537 67658 INFO tempest.lib.common.rest_client [req-e91d0164-a5e8-4413-8b6d-dfbe5cb4ea0d req-e91d0164-a5e8-4413-8b6d-dfbe5cb4ea0d ] Request (ServerDiskConfigTestJSON:test_rebuild_server_with_auto_disk_config): 200 GET http://10.180.1.21/compute/v2.1/servers/5a7fd448-46d7-44b6-8cd7-6725bd923be0 0.278s
2025-11-23 04:03:06.622 67678 INFO tempest.lib.common.rest_client [req-e442133f-a08a-49b9-b790-283960f0ab07 req-e442133f-a08a-49b9-b790-283960f0ab07 ] Request (SecurityGroupsTestJSON:test_security_groups_create_list_delete): 200 POST http://10.180.1.21/compute/v2.1/os-security-groups 0.358s
2025-11-23 04:03:06.646 67648 INFO tempest.lib.common.rest_client [req-1c70d20d-ba61-4a14-98fb-fea43724f8b4 req-1c70d20d-ba61-4a14-98fb-fea43724f8b4 ] Request (AttachInterfacesV270Test:tearDownClass): 200 GET http://10.180.1.21/compute/v2.1/servers/c80bd973-b925-4e76-802d-440adde0ca11 0.279s
2025-11-23 04:03:06.670 67632 INFO tempest.lib.common.rest_client [req-2bd3f69a-ff05-43a4-8ede-9a316d33ee6b req-2bd3f69a-ff05-43a4-8ede-9a316d33ee6b ] Request (ListServerFiltersTestJSON:test_list_servers_filter_by_shutoff_status): 202 POST http://10.180.1.21/compute/v2.1/servers/e919a5a3-1d31-4ef9-8055-a52debcc89dd/action 0.275s
2025-11-23 04:03:06.698 67630 INFO tempest.lib.common.rest_client [req-b54193db-64d7-4951-b94e-bd899afcdbfe req-b54193db-64d7-4951-b94e-bd899afcdbfe ] Request (ImagesTestJSON:test_create_server_from_snapshot): 200 GET http://10.180.1.21/compute/v2.1/servers/e7497ae6-f003-4b07-ab49-0a35dfe94961 0.282s
2025-11-23 04:03:06.729 67686 INFO tempest.lib.common.rest_client [req-63bc78b5-dad5-490a-b1ab-01ad87199cc6 req-63bc78b5-dad5-490a-b1ab-01ad87199cc6 ] Request (ServersV294TestFqdnHostnames:tearDownClass): 204 DELETE http://10.180.1.21/networking/v2.0/floatingips/3dc786d3-1f56-4e1c-9c90-3ad772d8d965 0.206s
2025-11-23 04:03:06.822 67678 INFO tempest.lib.common.rest_client [req-57ad6803-03a3-43a8-8411-d2be9383389c req-57ad6803-03a3-43a8-8411-d2be9383389c ] Request (SecurityGroupsTestJSON:test_security_groups_create_list_delete): 200 POST http://10.180.1.21/compute/v2.1/os-security-groups 0.196s
2025-11-23 04:03:06.849 67662 INFO tempest.lib.common.rest_client [req-bcb858ae-4f81-48d9-8b03-df85de5db58e req-bcb858ae-4f81-48d9-8b03-df85de5db58e ] Request (ServerActionsTestOtherB:test_resize_server_confirm_from_stopped): 200 GET http://10.180.1.21/compute/v2.1/servers/5040248c-fe52-445a-9358-8994da9cc905 0.292s
2025-11-23 04:03:06.960 67666 INFO tempest.lib.common.rest_client [req-ba586e7d-2702-47e2-b333-8a1e8246a44f req-ba586e7d-2702-47e2-b333-8a1e8246a44f ] Request (ServersListShow296Test:tearDownClass): 200 GET http://10.180.1.21/compute/v2.1/servers/ff85d10a-dc1c-41a7-8e61-5a7ab26c65f2 0.325s
2025-11-23 04:03:07.046 67668 INFO tempest.lib.common.rest_client [req-a23e92a3-95d5-4b15-ac88-b5ec6828e769 req-a23e92a3-95d5-4b15-ac88-b5ec6828e769 ] Request (ServerDiagnosticsTest:tearDownClass): 200 GET http://10.180.1.21/compute/v2.1/servers/f8c77991-b47c-4e06-a029-680bad0088f9 0.342s
2025-11-23 04:03:07.082 67632 INFO tempest.lib.common.rest_client [req-0a3589dd-89df-474b-8477-441e73ee527f req-0a3589dd-89df-474b-8477-441e73ee527f ] Request (ListServerFiltersTestJSON:test_list_servers_filter_by_shutoff_status): 200 GET http://10.180.1.21/compute/v2.1/servers/e919a5a3-1d31-4ef9-8055-a52debcc89dd 0.411s
2025-11-23 04:03:07.226 67678 INFO tempest.lib.common.rest_client [req-f63b5c41-b5b8-4924-bd09-178af2dda3af req-f63b5c41-b5b8-4924-bd09-178af2dda3af ] Request (SecurityGroupsTestJSON:test_security_groups_create_list_delete): 200 POST http://10.180.1.21/compute/v2.1/os-security-groups 0.400s
2025-11-23 04:03:07.284 67670 INFO tempest.lib.common.rest_client [req-322f7c62-1a6c-4b63-9f75-b7431f3daf3c req-322f7c62-1a6c-4b63-9f75-b7431f3daf3c ] Request (ServerActionsV293TestJSON:setUpClass): 200 GET http://10.180.1.21/compute/v2.1/servers/05c77f87-c9d4-4ddb-bfe4-1d5609767291 0.446s
2025-11-23 04:03:07.349 67660 INFO tempest.lib.common.rest_client [req-b93228b2-6c5e-4024-acfb-8c1508348156 req-b93228b2-6c5e-4024-acfb-8c1508348156 ] Request (VolumesAdminNegativeTest:test_update_attached_volume_with_nonexistent_volume_in_uri): 200 GET http://10.180.1.21/compute/v2.1/servers/e5bea2df-df08-4c1b-99ca-6f9974b998ec 0.452s
2025-11-23 04:03:07.398 67680 INFO tempest.lib.common.rest_client [req-47bc1e1a-2daa-4083-9f77-762cd185f46c req-47bc1e1a-2daa-4083-9f77-762cd185f46c ] Request (ServerShowV247Test:tearDownClass): 200 GET http://10.180.1.21/compute/v2.1/servers/40d51692-e4c4-41a3-8f10-8d9bbf67828c 0.415s
2025-11-23 04:03:07.495 67636 INFO tempest.lib.common.rest_client [req-9ede33b1-0ec9-42da-9fa7-dcfc890b9a17 req-9ede33b1-0ec9-42da-9fa7-dcfc890b9a17 ] Request (ServersNegativeTestJSON:setUpClass): 200 GET http://10.180.1.21/compute/v2.1/servers/126043ce-30da-4bc5-bc8d-98d3c8809c4c 0.490s
2025-11-23 04:03:07.505 67628 INFO tempest.lib.common.rest_client [req-071db267-5570-472e-b31c-fa51846f24ec req-071db267-5570-472e-b31c-fa51846f24ec ] Request (ImagesOneServerNegativeTestJSON:_run_cleanups): 200 GET http://10.180.1.21/compute/v2.1/servers/d00d58f0-5297-4c00-a14d-59a92da588ea 0.459s
2025-11-23 04:03:07.556 67686 INFO tempest.lib.common.rest_client [req-d296cec7-aaad-45fd-95fd-fbc9cd1c10cf req-d296cec7-aaad-45fd-95fd-fbc9cd1c10cf ] Request (ServersV294TestFqdnHostnames:tearDownClass): 200 PUT http://10.180.1.21/networking/v2.0/routers/7f50f03e-01aa-400e-a037-db29b401b770/remove_router_interface 0.826s
2025-11-23 04:03:07.572 67646 INFO tempest.lib.common.rest_client [req-6d70a2ab-9150-4b65-9480-611704edd9f2 req-6d70a2ab-9150-4b65-9480-611704edd9f2 ] Request (ServersAdminTestJSON:tearDownClass): 200 GET http://10.180.1.21/compute/v2.1/servers/54bf008f-fc47-4f81-84c6-1ed3d6333f6e 0.446s
2025-11-23 04:03:07.677 67644 INFO tempest.lib.common.rest_client [req-6469cd79-ecad-4ae3-bb0b-d7da39b9cce9 req-6469cd79-ecad-4ae3-bb0b-d7da39b9cce9 ] Request (ServersTestMultiNic:test_verify_multiple_nics_order): 200 GET http://10.180.1.21/compute/v2.1/servers/02aa5661-8eaa-435a-8d08-da458742abd0 0.480s
2025-11-23 04:03:07.713 67690 INFO tempest.lib.common.rest_client [req-040f9d96-e76e-4973-9a30-b6b13688abd4 req-040f9d96-e76e-4973-9a30-b6b13688abd4 ] Request (MigrationsAdminTest:test_resize_server_revert_deleted_flavor): 200 GET http://10.180.1.21/compute/v2.1/servers/716423b8-b60c-41f4-9cae-d16d7394f232 0.545s
2025-11-23 04:03:07.752 67672 INFO tempest.lib.common.rest_client [req-16e52a00-474f-4dce-bf6f-a36dc08158dc req-16e52a00-474f-4dce-bf6f-a36dc08158dc ] Request (AttachVolumeTestJSON:test_attach_detach_volume): 200 GET http://10.180.1.21/compute/v2.1/servers/79b4b563-549a-43fd-a928-d9a423a25567 0.534s
2025-11-23 04:03:07.811 67634 INFO tempest.lib.common.rest_client [req-67fdbe29-0b0c-45cf-aad3-a7d4caf57ef3 req-67fdbe29-0b0c-45cf-aad3-a7d4caf57ef3 ] Request (InstanceActionsTestJSON:setUpClass): 200 GET http://10.180.1.21/compute/v2.1/servers/1d885a21-f33a-4d21-ae33-99454f6098a3 0.556s
2025-11-23 04:03:07.872 67678 INFO tempest.lib.common.rest_client [req-f8a26b1b-4e8d-4dde-9657-39da0cbce56f req-f8a26b1b-4e8d-4dde-9657-39da0cbce56f ] Request (SecurityGroupsTestJSON:test_security_groups_create_list_delete): 200 GET http://10.180.1.21/compute/v2.1/os-security-groups 0.643s
2025-11-23 04:03:07.899 67642 INFO tempest.lib.common.rest_client [req-8418d15c-2ea8-4c6b-a342-9764ce0da657 req-8418d15c-2ea8-4c6b-a342-9764ce0da657 ] Request (ServerAddressesTestJSON:setUpClass): 200 GET http://10.180.1.21/compute/v2.1/servers/da2ec598-2675-4818-a6eb-74db2385b9d1 0.632s
2025-11-23 04:03:07.935 67638 INFO tempest.lib.common.rest_client [req-0db6848e-0a7a-427a-a639-a70446393a0d req-0db6848e-0a7a-427a-a639-a70446393a0d ] Request (MultipleCreateTestJSON:test_multiple_create_with_reservation_return): 200 GET http://10.180.1.21/compute/v2.1/servers/2f3bf8e1-0c62-4e0b-a38c-5bb8fd0b1b10 0.599s
2025-11-23 04:03:07.997 67664 INFO tempest.lib.common.rest_client [req-0b7daf8a-1f44-49de-b9fa-e1e3e5cf9b9f req-0b7daf8a-1f44-49de-b9fa-e1e3e5cf9b9f ] Request (AttachInterfacesTestJSON:test_create_list_show_delete_interfaces_by_fixed_ip): 200 GET http://10.180.1.21/compute/v2.1/servers/5017d249-a05d-4df8-8d4e-67c07ea8e4d2/os-interface 0.656s
2025-11-23 04:03:08.023 67688 INFO tempest.lib.common.rest_client [req-11aff053-60d8-4d01-906e-280e9097ea40 req-11aff053-60d8-4d01-906e-280e9097ea40 ] Request (InstanceActionsV221TestJSON:test_get_list_deleted_instance_actions): 200 GET http://10.180.1.21/compute/v2.1/servers/be0127ec-20f8-49ee-b301-d650036c3051 0.616s
2025-11-23 04:03:08.035 67686 INFO tempest.lib.common.rest_client [req-4b73eafa-2ff4-4eee-a1cc-bd33d3431cf1 req-4b73eafa-2ff4-4eee-a1cc-bd33d3431cf1 ] Request (ServersV294TestFqdnHostnames:tearDownClass): 204 DELETE http://10.180.1.21/networking/v2.0/routers/7f50f03e-01aa-400e-a037-db29b401b770 0.477s
2025-11-23 04:03:08.084 67684 INFO tempest.lib.common.rest_client [req-cc2221f3-54ac-4d05-905f-ab5fa973c442 req-cc2221f3-54ac-4d05-905f-ab5fa973c442 ] Request (AttachVolumeNegativeTest:test_attach_attached_volume_to_different_server): 200 GET http://10.180.1.21/compute/v2.1/servers/fcef74b7-3143-4dfd-b0d9-d48fa347e831 0.600s
2025-11-23 04:03:08.192 67658 INFO tempest.lib.common.rest_client [req-825185f2-596c-4e6b-b996-863bbd762ad4 req-825185f2-596c-4e6b-b996-863bbd762ad4 ] Request (ServerDiskConfigTestJSON:test_rebuild_server_with_auto_disk_config): 200 GET http://10.180.1.21/compute/v2.1/servers/5a7fd448-46d7-44b6-8cd7-6725bd923be0 0.647s
2025-11-23 04:03:08.223 67686 INFO tempest.lib.common.rest_client [req-72b9bc22-d6c2-4a5a-8841-b62ba64b8af1 req-72b9bc22-d6c2-4a5a-8841-b62ba64b8af1 ] Request (ServersV294TestFqdnHostnames:tearDownClass): 204 DELETE http://10.180.1.21/networking/v2.0/subnets/e8f2f6d2-495d-4f09-a233-433a3128d946 0.187s
2025-11-23 04:03:08.225 67652 INFO tempest.lib.common.rest_client [req-153f98a2-2403-498c-b1a0-1baa3fb248b1 req-153f98a2-2403-498c-b1a0-1baa3fb248b1 ] Request (DeleteServersTestJSON:test_delete_server_while_in_attached_volume): 200 GET http://10.180.1.21/compute/v2.1/servers/652fb816-0195-48d5-879f-1900a526d674 0.702s
2025-11-23 04:03:08.290 67630 INFO tempest.lib.common.rest_client [req-d43f811b-a528-4a99-b161-4971c83e3b87 req-d43f811b-a528-4a99-b161-4971c83e3b87 ] Request (ImagesTestJSON:test_create_server_from_snapshot): 200 GET http://10.180.1.21/compute/v2.1/servers/e7497ae6-f003-4b07-ab49-0a35dfe94961 0.578s
2025-11-23 04:03:08.308 67648 INFO tempest.lib.common.rest_client [req-bbd558bb-b19a-4327-a593-57ffc5600046 req-bbd558bb-b19a-4327-a593-57ffc5600046 ] Request (AttachInterfacesV270Test:tearDownClass): 200 GET http://10.180.1.21/compute/v2.1/servers/c80bd973-b925-4e76-802d-440adde0ca11 0.652s
2025-11-23 04:03:08.458 67678 INFO tempest.lib.common.rest_client [req-a2c8a670-e960-4975-844b-cce08c304921 req-a2c8a670-e960-4975-844b-cce08c304921 ] Request (SecurityGroupsTestJSON:test_security_groups_create_list_delete): 202 DELETE http://10.180.1.21/compute/v2.1/os-security-groups/0667e7b9-825d-4956-9342-818defeea3ea 0.580s
2025-11-23 04:03:08.489 67662 INFO tempest.lib.common.rest_client [req-ca6e2850-47ab-49d1-891d-9ca379e7613d req-ca6e2850-47ab-49d1-891d-9ca379e7613d ] Request (ServerActionsTestOtherB:test_resize_server_confirm_from_stopped): 200 GET http://10.180.1.21/compute/v2.1/servers/5040248c-fe52-445a-9358-8994da9cc905 0.627s
2025-11-23 04:03:08.532 67666 INFO tempest.lib.common.rest_client [req-c4b93a8c-8d0f-47ac-991d-635686d9fbba req-c4b93a8c-8d0f-47ac-991d-635686d9fbba ] Request (ServersListShow296Test:tearDownClass): 200 GET http://10.180.1.21/compute/v2.1/servers/ff85d10a-dc1c-41a7-8e61-5a7ab26c65f2 0.558s
2025-11-23 04:03:08.543 67686 INFO tempest.lib.common.rest_client [req-42910ab3-36d2-420f-85a0-7f4d77d97a04 req-42910ab3-36d2-420f-85a0-7f4d77d97a04 ] Request (ServersV294TestFqdnHostnames:tearDownClass): 204 DELETE http://10.180.1.21/networking/v2.0/networks/fbd23233-d1a3-413b-a93e-755608e51dec 0.319s
2025-11-23 04:03:08.564 67668 INFO tempest.lib.common.rest_client [req-2864cf9a-82d9-478e-bd16-7fe958e17485 req-2864cf9a-82d9-478e-bd16-7fe958e17485 ] Request (ServerDiagnosticsTest:tearDownClass): 200 GET http://10.180.1.21/compute/v2.1/servers/f8c77991-b47c-4e06-a029-680bad0088f9 0.509s
2025-11-23 04:03:08.629 67670 INFO tempest.lib.common.rest_client [req-a064a637-754d-4fd9-be24-40608a21d69d req-a064a637-754d-4fd9-be24-40608a21d69d ] Request (ServerActionsV293TestJSON:setUpClass): 200 GET http://10.180.1.21/compute/v2.1/servers/05c77f87-c9d4-4ddb-bfe4-1d5609767291 0.333s
2025-11-23 04:03:08.641 67686 INFO tempest.lib.common.rest_client [req-90e912e4-da9c-432e-a7a9-5ecdd5e58c72 req-90e912e4-da9c-432e-a7a9-5ecdd5e58c72 ] Request (ServersV294TestFqdnHostnames:tearDownClass): 204 DELETE http://10.180.1.21/identity/v3/users/5d79dea8b0fe47eebc3cdbbcaedc4fcd 0.097s
2025-11-23 04:03:08.641 67686 INFO tempest.lib.common.dynamic_creds [-] Deleting project and security group for project: 59812530f95c499e9aa640ef9986ed6e
2025-11-23 04:03:08.684 67686 INFO tempest.lib.common.rest_client [req-91f3776b-1157-40a0-94e1-38ba4d369782 req-91f3776b-1157-40a0-94e1-38ba4d369782 ] Request (ServersV294TestFqdnHostnames:tearDownClass): 200 GET http://10.180.1.21/networking/v2.0/security-groups?tenant_id=59812530f95c499e9aa640ef9986ed6e&name=default 0.042s
2025-11-23 04:03:08.704 67632 INFO tempest.lib.common.rest_client [req-576d2f09-d2aa-4b1e-a97c-d5ce573d6734 req-576d2f09-d2aa-4b1e-a97c-d5ce573d6734 ] Request (ListServerFiltersTestJSON:test_list_servers_filter_by_shutoff_status): 200 GET http://10.180.1.21/compute/v2.1/servers/e919a5a3-1d31-4ef9-8055-a52debcc89dd 0.614s
2025-11-23 04:03:08.706 67660 INFO tempest.lib.common.rest_client [req-dcef4328-b07a-44f5-810b-88b8cc40fc47 req-dcef4328-b07a-44f5-810b-88b8cc40fc47 ] Request (VolumesAdminNegativeTest:test_update_attached_volume_with_nonexistent_volume_in_uri): 200 GET http://10.180.1.21/compute/v2.1/servers/e5bea2df-df08-4c1b-99ca-6f9974b998ec 0.348s
2025-11-23 04:03:08.726 67678 INFO tempest.lib.common.rest_client [req-eb1a3c82-6949-4f18-a4ad-4cf75462e583 req-eb1a3c82-6949-4f18-a4ad-4cf75462e583 ] Request (SecurityGroupsTestJSON:test_security_groups_create_list_delete): 404 GET http://10.180.1.21/compute/v2.1/os-security-groups/0667e7b9-825d-4956-9342-818defeea3ea 0.268s
2025-11-23 04:03:08.777 67680 INFO tempest.lib.common.rest_client [req-94475673-0f62-4581-82e2-f87e18812060 req-94475673-0f62-4581-82e2-f87e18812060 ] Request (ServerShowV247Test:tearDownClass): 200 GET http://10.180.1.21/compute/v2.1/servers/40d51692-e4c4-41a3-8f10-8d9bbf67828c 0.361s
2025-11-23 04:03:08.786 67686 INFO tempest.lib.common.rest_client [req-95edf9e3-b5a3-4e70-a2a9-9b8297855393 req-95edf9e3-b5a3-4e70-a2a9-9b8297855393 ] Request (ServersV294TestFqdnHostnames:tearDownClass): 204 DELETE http://10.180.1.21/networking/v2.0/security-groups/b8dbf1ad-b56b-4634-9e67-22331f3d9f79 0.102s
2025-11-23 04:03:08.791 67636 INFO tempest.lib.common.rest_client [req-27fd80a2-9f91-49c6-b7d0-677027d4c62f req-27fd80a2-9f91-49c6-b7d0-677027d4c62f ] Request (ServersNegativeTestJSON:setUpClass): 200 GET http://10.180.1.21/compute/v2.1/servers/126043ce-30da-4bc5-bc8d-98d3c8809c4c 0.283s
2025-11-23 04:03:08.829 67628 INFO tempest.lib.common.rest_client [req-c810bee1-e23a-4776-a9c8-591efc85b9dd req-c810bee1-e23a-4776-a9c8-591efc85b9dd ] Request (ImagesOneServerNegativeTestJSON:_run_cleanups): 200 GET http://10.180.1.21/compute/v2.1/servers/d00d58f0-5297-4c00-a14d-59a92da588ea 0.315s
2025-11-23 04:03:08.852 67646 INFO tempest.lib.common.rest_client [req-d35122c5-b895-4572-82ed-c276cf50a6e7 req-d35122c5-b895-4572-82ed-c276cf50a6e7 ] Request (ServersAdminTestJSON:tearDownClass): 200 GET http://10.180.1.21/compute/v2.1/servers/54bf008f-fc47-4f81-84c6-1ed3d6333f6e 0.266s
2025-11-23 04:03:08.879 67644 INFO tempest.lib.common.rest_client [req-b34a2c68-77ca-4b37-af2c-87436afcee46 req-b34a2c68-77ca-4b37-af2c-87436afcee46 ] Request (ServersTestMultiNic:test_verify_multiple_nics_order): 200 GET http://10.180.1.21/compute/v2.1/servers/02aa5661-8eaa-435a-8d08-da458742abd0 0.188s
2025-11-23 04:03:08.904 67686 INFO tempest.lib.common.rest_client [req-773c7922-c0f1-49be-a9c1-8f046cd0c133 req-773c7922-c0f1-49be-a9c1-8f046cd0c133 ] Request (ServersV294TestFqdnHostnames:tearDownClass): 204 DELETE http://10.180.1.21/identity/v3/projects/59812530f95c499e9aa640ef9986ed6e 0.117s
2025-11-23 04:03:08.962 67690 INFO tempest.lib.common.rest_client [req-0badd496-19be-4c31-89f2-201020b3c64b req-0badd496-19be-4c31-89f2-201020b3c64b ] Request (MigrationsAdminTest:test_resize_server_revert_deleted_flavor): 200 GET http://10.180.1.21/compute/v2.1/servers/716423b8-b60c-41f4-9cae-d16d7394f232 0.239s
2025-11-23 04:03:08.969 67690 INFO tempest.common.waiters [-] State transition "RESIZE/resize_finish" ==> "VERIFY_RESIZE/None" after 60 second wait
2025-11-23 04:03:08.982 67678 INFO tempest.lib.common.rest_client [req-a99d825e-b565-4b9b-a7dc-ca83c425b1ef req-a99d825e-b565-4b9b-a7dc-ca83c425b1ef ] Request (SecurityGroupsTestJSON:test_security_groups_create_list_delete): 202 DELETE http://10.180.1.21/compute/v2.1/os-security-groups/413c090a-be33-4d42-8d0f-f2081b26ca1a 0.255s
2025-11-23 04:03:09.043 67672 INFO tempest.lib.common.rest_client [req-632132a1-d0ce-4439-9956-989cfabc6606 req-632132a1-d0ce-4439-9956-989cfabc6606 ] Request (AttachVolumeTestJSON:test_attach_detach_volume): 200 GET http://10.180.1.21/compute/v2.1/servers/79b4b563-549a-43fd-a928-d9a423a25567 0.282s
2025-11-23 04:03:09.056 67634 INFO tempest.lib.common.rest_client [req-ac0b5324-b5b3-4a6e-ae3b-a109d191d1d9 req-ac0b5324-b5b3-4a6e-ae3b-a109d191d1d9 ] Request (InstanceActionsTestJSON:setUpClass): 200 GET http://10.180.1.21/compute/v2.1/servers/1d885a21-f33a-4d21-ae33-99454f6098a3 0.230s
2025-11-23 04:03:09.118 67642 INFO tempest.lib.common.rest_client [req-44bcc29d-b8d8-4472-8465-b8761b36c716 req-44bcc29d-b8d8-4472-8465-b8761b36c716 ] Request (ServerAddressesTestJSON:setUpClass): 200 GET http://10.180.1.21/compute/v2.1/servers/da2ec598-2675-4818-a6eb-74db2385b9d1 0.209s
2025-11-23 04:03:09.121 67638 INFO tempest.lib.common.rest_client [req-737f2c58-5e67-4ba9-87cc-6b2acbe2ff68 req-737f2c58-5e67-4ba9-87cc-6b2acbe2ff68 ] Request (MultipleCreateTestJSON:test_multiple_create_with_reservation_return): 200 GET http://10.180.1.21/compute/v2.1/servers/2f3bf8e1-0c62-4e0b-a38c-5bb8fd0b1b10 0.174s
2025-11-23 04:03:09.140 67678 INFO tempest.lib.common.rest_client [req-2aaa1896-6175-417a-8021-c441b7ec7588 req-2aaa1896-6175-417a-8021-c441b7ec7588 ] Request (SecurityGroupsTestJSON:test_security_groups_create_list_delete): 404 GET http://10.180.1.21/compute/v2.1/os-security-groups/413c090a-be33-4d42-8d0f-f2081b26ca1a 0.158s
2025-11-23 04:03:09.217 67664 INFO tempest.lib.common.rest_client [req-79c1a502-f454-494c-91c6-a755af590fb5 req-79c1a502-f454-494c-91c6-a755af590fb5 ] Request (AttachInterfacesTestJSON:test_create_list_show_delete_interfaces_by_fixed_ip): 200 GET http://10.180.1.21/compute/v2.1/servers/5017d249-a05d-4df8-8d4e-67c07ea8e4d2/os-interface 0.216s
2025-11-23 04:03:09.241 67690 INFO tempest.lib.common.rest_client [req-e0970ea8-34e1-4ff0-be96-a01812d5134a req-e0970ea8-34e1-4ff0-be96-a01812d5134a ] Request (MigrationsAdminTest:test_resize_server_revert_deleted_flavor): 202 POST http://10.180.1.21/compute/v2.1/servers/716423b8-b60c-41f4-9cae-d16d7394f232/action 0.272s
2025-11-23 04:03:09.273 67688 INFO tempest.lib.common.rest_client [req-b9bca612-dbee-452c-86ec-27196475d8b2 req-b9bca612-dbee-452c-86ec-27196475d8b2 ] Request (InstanceActionsV221TestJSON:test_get_list_deleted_instance_actions): 200 GET http://10.180.1.21/compute/v2.1/servers/be0127ec-20f8-49ee-b301-d650036c3051 0.241s
2025-11-23 04:03:09.315 67684 INFO tempest.lib.common.rest_client [req-4c6e7f46-e1d5-44b0-9a4a-b53226b4f0c5 req-4c6e7f46-e1d5-44b0-9a4a-b53226b4f0c5 ] Request (AttachVolumeNegativeTest:test_attach_attached_volume_to_different_server): 200 GET http://10.180.1.21/compute/v2.1/servers/fcef74b7-3143-4dfd-b0d9-d48fa347e831 0.223s
2025-11-23 04:03:09.372 67658 INFO tempest.lib.common.rest_client [req-18581e61-8cfb-45db-9147-03c320e12871 req-18581e61-8cfb-45db-9147-03c320e12871 ] Request (ServerDiskConfigTestJSON:test_rebuild_server_with_auto_disk_config): 200 GET http://10.180.1.21/compute/v2.1/servers/5a7fd448-46d7-44b6-8cd7-6725bd923be0 0.171s
2025-11-23 04:03:09.393 67678 INFO tempest.lib.common.rest_client [req-f2254dac-f08a-4ebc-84cf-a83062844f46 req-f2254dac-f08a-4ebc-84cf-a83062844f46 ] Request (SecurityGroupsTestJSON:test_security_groups_create_list_delete): 202 DELETE http://10.180.1.21/compute/v2.1/os-security-groups/7ec11d46-4086-4117-a2b3-5cb7143bf3db 0.252s
2025-11-23 04:03:09.500 67690 INFO tempest.lib.common.rest_client [req-e77382b0-8dfc-4420-a008-3e7aef0f11a8 req-e77382b0-8dfc-4420-a008-3e7aef0f11a8 ] Request (MigrationsAdminTest:test_resize_server_revert_deleted_flavor): 200 GET http://10.180.1.21/compute/v2.1/servers/716423b8-b60c-41f4-9cae-d16d7394f232 0.258s
2025-11-23 04:03:09.511 67652 INFO tempest.lib.common.rest_client [req-5bef1e35-ffea-45c4-bfc5-a2fa87bbe88c req-5bef1e35-ffea-45c4-bfc5-a2fa87bbe88c ] Request (DeleteServersTestJSON:test_delete_server_while_in_attached_volume): 200 GET http://10.180.1.21/compute/v2.1/servers/652fb816-0195-48d5-879f-1900a526d674 0.276s
2025-11-23 04:03:09.545 67682 WARNING tempest.lib.common.ssh [-] Failed to establish authenticated ssh connection to cirros@10.180.180.193 ([Errno None] Unable to connect to port 22 on 10.180.180.193). Number attempts: 4. Retry after 5 seconds.: paramiko.ssh_exception.NoValidConnectionsError: [Errno None] Unable to connect to port 22 on 10.180.180.193
2025-11-23 04:03:09.554 67630 INFO tempest.lib.common.rest_client [req-958b522c-d66f-45a0-90d7-981e8d3d3470 req-958b522c-d66f-45a0-90d7-981e8d3d3470 ] Request (ImagesTestJSON:test_create_server_from_snapshot): 200 GET http://10.180.1.21/compute/v2.1/servers/e7497ae6-f003-4b07-ab49-0a35dfe94961 0.251s
2025-11-23 04:03:09.574 67648 INFO tempest.lib.common.rest_client [req-32d780f5-b971-44ba-ae1b-8ee4dd358cd0 req-32d780f5-b971-44ba-ae1b-8ee4dd358cd0 ] Request (AttachInterfacesV270Test:tearDownClass): 200 GET http://10.180.1.21/compute/v2.1/servers/c80bd973-b925-4e76-802d-440adde0ca11 0.253s
2025-11-23 04:03:09.574 67678 INFO tempest.lib.common.rest_client [req-3253141f-e469-472a-8aae-144c278e4b9f req-3253141f-e469-472a-8aae-144c278e4b9f ] Request (SecurityGroupsTestJSON:test_security_groups_create_list_delete): 404 GET http://10.180.1.21/compute/v2.1/os-security-groups/7ec11d46-4086-4117-a2b3-5cb7143bf3db 0.181s
2025-11-23 04:03:09.585 67676 WARNING tempest.lib.common.ssh [-] Failed to establish authenticated ssh connection to cirros@10.180.180.137 ([Errno None] Unable to connect to port 22 on 10.180.180.137). Number attempts: 10. Retry after 11 seconds.: paramiko.ssh_exception.NoValidConnectionsError: [Errno None] Unable to connect to port 22 on 10.180.180.137
2025-11-23 04:03:09.637 67666 INFO tempest.lib.common.rest_client [req-b6130fd2-efad-45b5-8ee0-bf0aac6bc96e req-b6130fd2-efad-45b5-8ee0-bf0aac6bc96e ] Request (ServersListShow296Test:tearDownClass): 200 GET http://10.180.1.21/compute/v2.1/servers/ff85d10a-dc1c-41a7-8e61-5a7ab26c65f2 0.093s
2025-11-23 04:03:09.694 67662 INFO tempest.lib.common.rest_client [req-1922975b-cdf6-4ec1-92ce-a79675ebf01f req-1922975b-cdf6-4ec1-92ce-a79675ebf01f ] Request (ServerActionsTestOtherB:test_resize_server_confirm_from_stopped): 200 GET http://10.180.1.21/compute/v2.1/servers/5040248c-fe52-445a-9358-8994da9cc905 0.194s
2025-11-23 04:03:09.739 67678 INFO tempest.lib.common.rest_client [req-e4eaceb2-3def-4f74-947f-cfc00432845a req-e4eaceb2-3def-4f74-947f-cfc00432845a ] Request (SecurityGroupsTestJSON:test_security_groups_create_list_delete): 200 GET http://10.180.1.21/compute/v2.1/os-security-groups 0.164s
2025-11-23 04:03:09.754 67668 INFO tempest.lib.common.rest_client [req-4aa988b6-c536-4a63-a87f-d7bfee07ed44 req-4aa988b6-c536-4a63-a87f-d7bfee07ed44 ] Request (ServerDiagnosticsTest:tearDownClass): 200 GET http://10.180.1.21/compute/v2.1/servers/f8c77991-b47c-4e06-a029-680bad0088f9 0.178s
2025-11-23 04:03:09.796 67670 INFO tempest.lib.common.rest_client [req-6689350f-7c9c-4212-9cee-27d8d0d98e2b req-6689350f-7c9c-4212-9cee-27d8d0d98e2b ] Request (ServerActionsV293TestJSON:setUpClass): 200 GET http://10.180.1.21/compute/v2.1/servers/05c77f87-c9d4-4ddb-bfe4-1d5609767291 0.157s
2025-11-23 04:03:09.862 67632 INFO tempest.lib.common.rest_client [req-d610483a-c263-4082-96ad-83bf5b16a8f5 req-d610483a-c263-4082-96ad-83bf5b16a8f5 ] Request (ListServerFiltersTestJSON:test_list_servers_filter_by_shutoff_status): 200 GET http://10.180.1.21/compute/v2.1/servers/e919a5a3-1d31-4ef9-8055-a52debcc89dd 0.148s
2025-11-23 04:03:09.869 67632 INFO tempest.common.waiters [-] State transition "ACTIVE/powering-off" ==> "SHUTOFF/None" after 2 second wait
2025-11-23 04:03:09.874 67660 INFO tempest.lib.common.rest_client [req-e0ad6592-f411-4625-94e8-73a3f3c8013b req-e0ad6592-f411-4625-94e8-73a3f3c8013b ] Request (VolumesAdminNegativeTest:test_update_attached_volume_with_nonexistent_volume_in_uri): 200 GET http://10.180.1.21/compute/v2.1/servers/e5bea2df-df08-4c1b-99ca-6f9974b998ec 0.160s
2025-11-23 04:03:09.935 67680 INFO tempest.lib.common.rest_client [req-1a8afdac-fd83-4588-8569-89ebbd647441 req-1a8afdac-fd83-4588-8569-89ebbd647441 ] Request (ServerShowV247Test:tearDownClass): 200 GET http://10.180.1.21/compute/v2.1/servers/40d51692-e4c4-41a3-8f10-8d9bbf67828c 0.147s
2025-11-23 04:03:09.973 67678 INFO tempest.lib.common.rest_client [req-91110e8f-a396-41a7-be7d-e89f79a9dcee req-91110e8f-a396-41a7-be7d-e89f79a9dcee ] Request (SecurityGroupsTestJSON:test_server_security_groups): 200 POST http://10.180.1.21/compute/v2.1/os-security-groups 0.229s
2025-11-23 04:03:10.005 67636 INFO tempest.lib.common.rest_client [req-0a950e38-9f58-49de-a7e8-14b6edb823d0 req-0a950e38-9f58-49de-a7e8-14b6edb823d0 ] Request (ServersNegativeTestJSON:setUpClass): 200 GET http://10.180.1.21/compute/v2.1/servers/126043ce-30da-4bc5-bc8d-98d3c8809c4c 0.202s
2025-11-23 04:03:10.043 67628 INFO tempest.lib.common.rest_client [req-dbbd193b-fdb6-4a65-9723-ad872bd6ac3c req-dbbd193b-fdb6-4a65-9723-ad872bd6ac3c ] Request (ImagesOneServerNegativeTestJSON:_run_cleanups): 200 GET http://10.180.1.21/compute/v2.1/servers/d00d58f0-5297-4c00-a14d-59a92da588ea 0.207s
2025-11-23 04:03:10.088 67646 INFO tempest.lib.common.rest_client [req-03ada72c-96c6-401e-b92d-c346ca3fe02c req-03ada72c-96c6-401e-b92d-c346ca3fe02c ] Request (ServersAdminTestJSON:tearDownClass): 200 GET http://10.180.1.21/compute/v2.1/servers/54bf008f-fc47-4f81-84c6-1ed3d6333f6e 0.229s
2025-11-23 04:03:10.100 67632 INFO tempest.lib.common.rest_client [req-608f618d-5469-4d8b-9761-511aafdbae97 req-608f618d-5469-4d8b-9761-511aafdbae97 ] Request (ListServerFiltersTestJSON:test_list_servers_filter_by_shutoff_status): 200 GET http://10.180.1.21/compute/v2.1/servers?status=shutoff 0.230s
2025-11-23 04:03:10.144 67644 INFO tempest.lib.common.rest_client [req-9fe2b765-9ee3-4237-b92e-7b4aaab98a3f req-9fe2b765-9ee3-4237-b92e-7b4aaab98a3f ] Request (ServersTestMultiNic:test_verify_multiple_nics_order): 200 GET http://10.180.1.21/compute/v2.1/servers/02aa5661-8eaa-435a-8d08-da458742abd0 0.257s
2025-11-23 04:03:10.205 67672 INFO tempest.lib.common.rest_client [req-92641d3c-7eb4-4dc9-8e7e-eb66e3fa7fcd req-92641d3c-7eb4-4dc9-8e7e-eb66e3fa7fcd ] Request (AttachVolumeTestJSON:test_attach_detach_volume): 200 GET http://10.180.1.21/compute/v2.1/servers/79b4b563-549a-43fd-a928-d9a423a25567 0.150s
2025-11-23 04:03:10.223 67678 INFO tempest.lib.common.rest_client [req-09ef5f2d-e0cd-433e-8844-de2deac8a047 req-09ef5f2d-e0cd-433e-8844-de2deac8a047 ] Request (SecurityGroupsTestJSON:test_server_security_groups): 200 POST http://10.180.1.21/compute/v2.1/os-security-groups 0.247s
2025-11-23 04:03:10.264 67634 INFO tempest.lib.common.rest_client [req-4dd16898-21c1-4ff6-b03a-8b61c4de9195 req-4dd16898-21c1-4ff6-b03a-8b61c4de9195 ] Request (InstanceActionsTestJSON:setUpClass): 200 GET http://10.180.1.21/compute/v2.1/servers/1d885a21-f33a-4d21-ae33-99454f6098a3 0.188s
2025-11-23 04:03:10.285 67632 INFO tempest.lib.common.rest_client [req-c0ddc1be-bbb6-4f7d-858a-4925ba39fa5d req-c0ddc1be-bbb6-4f7d-858a-4925ba39fa5d ] Request (ListServerFiltersTestJSON:test_list_servers_filter_by_shutoff_status): 202 POST http://10.180.1.21/compute/v2.1/servers/e919a5a3-1d31-4ef9-8055-a52debcc89dd/action 0.183s
2025-11-23 04:03:10.306 67678 INFO tempest.lib.common.rest_client [req-2ce9c240-9b08-4c44-9e9b-54f85069f61d req-2ce9c240-9b08-4c44-9e9b-54f85069f61d ] Request (SecurityGroupsTestJSON:test_server_security_groups): 201 POST http://10.180.1.21/identity/v3/auth/tokens 0.077s
2025-11-23 04:03:10.306 67678 INFO tempest.lib.common.fixed_network [-] (SecurityGroupsTestJSON:test_server_security_groups) Found network {'id': 'c314e9b7-6702-4033-b25b-d5eda229021e', 'name': 'tempest-SecurityGroupsTestJSON-1108690286-network', 'tenant_id': '596465ab6a6749689d0ae2c399f355e9', 'project_id': '596465ab6a6749689d0ae2c399f355e9', 'admin_state_up': True, 'mtu': 8950, 'status': 'ACTIVE', 'subnets': [], 'shared': False, 'port_security_enabled': True, 'router:external': False, 'provider:network_type': 'vlan', 'provider:physical_network': 'default', 'provider:segmentation_id': 175, 'availability_zone_hints': [], 'availability_zones': [], 'ipv4_address_scope': None, 'ipv6_address_scope': None, 'description': '', 'tags': [], 'created_at': '2025-11-23T04:01:43Z', 'updated_at': '2025-11-23T04:01:43Z', 'revision_number': 1} available for tenant
2025-11-23 04:03:10.316 67642 INFO tempest.lib.common.rest_client [req-a60e51f7-117e-47ad-9f5b-a14760e0314a req-a60e51f7-117e-47ad-9f5b-a14760e0314a ] Request (ServerAddressesTestJSON:setUpClass): 200 GET http://10.180.1.21/compute/v2.1/servers/da2ec598-2675-4818-a6eb-74db2385b9d1 0.191s
2025-11-23 04:03:10.335 67638 INFO tempest.lib.common.rest_client [req-2849fc1c-bc6f-40ac-a7d4-8cbd9a88f37e req-2849fc1c-bc6f-40ac-a7d4-8cbd9a88f37e ] Request (MultipleCreateTestJSON:test_multiple_create_with_reservation_return): 200 GET http://10.180.1.21/compute/v2.1/servers/2f3bf8e1-0c62-4e0b-a38c-5bb8fd0b1b10 0.206s
2025-11-23 04:03:10.380 67664 INFO tempest.lib.common.rest_client [req-1b86f01a-a791-40cc-b768-a55edd055479 req-1b86f01a-a791-40cc-b768-a55edd055479 ] Request (AttachInterfacesTestJSON:test_create_list_show_delete_interfaces_by_fixed_ip): 200 GET http://10.180.1.21/compute/v2.1/servers/5017d249-a05d-4df8-8d4e-67c07ea8e4d2/os-interface 0.160s
2025-11-23 04:03:10.385 67688 INFO tempest.lib.common.rest_client [req-5acecda0-b49a-4e8d-ac2c-d8be4df82f52 req-5acecda0-b49a-4e8d-ac2c-d8be4df82f52 ] Request (InstanceActionsV221TestJSON:test_get_list_deleted_instance_actions): 200 GET http://10.180.1.21/compute/v2.1/servers/be0127ec-20f8-49ee-b301-d650036c3051 0.101s
2025-11-23 04:03:10.475 67632 INFO tempest.lib.common.rest_client [req-89abbce3-f602-4d19-9109-e123869379ae req-89abbce3-f602-4d19-9109-e123869379ae ] Request (ListServerFiltersTestJSON:test_list_servers_filter_by_shutoff_status): 200 GET http://10.180.1.21/compute/v2.1/servers/e919a5a3-1d31-4ef9-8055-a52debcc89dd 0.190s
2025-11-23 04:03:10.533 67684 INFO tempest.lib.common.rest_client [req-b9045e66-730a-46ff-aaf5-24463c18f82d req-b9045e66-730a-46ff-aaf5-24463c18f82d ] Request (AttachVolumeNegativeTest:test_attach_attached_volume_to_different_server): 200 GET http://10.180.1.21/compute/v2.1/servers/fcef74b7-3143-4dfd-b0d9-d48fa347e831 0.207s
2025-11-23 04:03:10.608 67658 INFO tempest.lib.common.rest_client [req-77075dae-93e3-44b1-b2ce-567dcf55dfc7 req-77075dae-93e3-44b1-b2ce-567dcf55dfc7 ] Request (ServerDiskConfigTestJSON:test_rebuild_server_with_auto_disk_config): 200 GET http://10.180.1.21/compute/v2.1/servers/5a7fd448-46d7-44b6-8cd7-6725bd923be0 0.225s
2025-11-23 04:03:10.698 67678 INFO tempest.lib.common.rest_client [req-d0e60f68-7d8b-45df-ac7f-caa0a8483bf8 req-d0e60f68-7d8b-45df-ac7f-caa0a8483bf8 ] Request (SecurityGroupsTestJSON:test_server_security_groups): 202 POST http://10.180.1.21/compute/v2.1/servers 0.391s
2025-11-23 04:03:10.707 67690 INFO tempest.lib.common.rest_client [req-34a67b03-5eb5-4964-ace3-69e9f5a3b1d1 req-34a67b03-5eb5-4964-ace3-69e9f5a3b1d1 ] Request (MigrationsAdminTest:test_resize_server_revert_deleted_flavor): 200 GET http://10.180.1.21/compute/v2.1/servers/716423b8-b60c-41f4-9cae-d16d7394f232 0.199s
2025-11-23 04:03:10.758 67630 INFO tempest.lib.common.rest_client [req-d64721d5-a1cc-490c-9560-b9174da95b13 req-d64721d5-a1cc-490c-9560-b9174da95b13 ] Request (ImagesTestJSON:test_create_server_from_snapshot): 200 GET http://10.180.1.21/compute/v2.1/servers/e7497ae6-f003-4b07-ab49-0a35dfe94961 0.195s
2025-11-23 04:03:10.802 67652 INFO tempest.lib.common.rest_client [req-fe611700-afdb-41de-8057-6aa841ae587a req-fe611700-afdb-41de-8057-6aa841ae587a ] Request (DeleteServersTestJSON:test_delete_server_while_in_attached_volume): 200 GET http://10.180.1.21/compute/v2.1/servers/652fb816-0195-48d5-879f-1900a526d674 0.283s
2025-11-23 04:03:10.826 67648 INFO tempest.lib.common.rest_client [req-b55de79a-9e0f-4d60-b6a2-d14a994c6d5f req-b55de79a-9e0f-4d60-b6a2-d14a994c6d5f ] Request (AttachInterfacesV270Test:tearDownClass): 200 GET http://10.180.1.21/compute/v2.1/servers/c80bd973-b925-4e76-802d-440adde0ca11 0.241s
2025-11-23 04:03:10.867 67678 INFO tempest.lib.common.rest_client [req-b4c17de4-adc8-4847-9487-c8fd2c8baf6f req-b4c17de4-adc8-4847-9487-c8fd2c8baf6f ] Request (SecurityGroupsTestJSON:test_server_security_groups): 200 GET http://10.180.1.21/compute/v2.1/servers/1e5d9ea5-b2f0-4054-8179-dbb2a9e2e224 0.167s
2025-11-23 04:03:10.873 67666 INFO tempest.lib.common.rest_client [req-58bd1389-7fed-4be2-9587-ba1395e12170 req-58bd1389-7fed-4be2-9587-ba1395e12170 ] Request (ServersListShow296Test:tearDownClass): 200 GET http://10.180.1.21/compute/v2.1/servers/ff85d10a-dc1c-41a7-8e61-5a7ab26c65f2 0.225s
2025-11-23 04:03:10.932 67668 INFO tempest.lib.common.rest_client [req-2455552e-bd3f-4565-ac07-c0ac00c72ea6 req-2455552e-bd3f-4565-ac07-c0ac00c72ea6 ] Request (ServerDiagnosticsTest:tearDownClass): 200 GET http://10.180.1.21/compute/v2.1/servers/f8c77991-b47c-4e06-a029-680bad0088f9 0.170s
2025-11-23 04:03:10.967 67662 INFO tempest.lib.common.rest_client [req-7580c80d-3c87-470f-8e27-2364b5b3d5d8 req-7580c80d-3c87-470f-8e27-2364b5b3d5d8 ] Request (ServerActionsTestOtherB:test_resize_server_confirm_from_stopped): 200 GET http://10.180.1.21/compute/v2.1/servers/5040248c-fe52-445a-9358-8994da9cc905 0.263s
2025-11-23 04:03:10.983 67670 INFO tempest.lib.common.rest_client [req-7d735135-f668-4bc3-82d3-4a5dc214b76e req-7d735135-f668-4bc3-82d3-4a5dc214b76e ] Request (ServerActionsV293TestJSON:setUpClass): 200 GET http://10.180.1.21/compute/v2.1/servers/05c77f87-c9d4-4ddb-bfe4-1d5609767291 0.173s
2025-11-23 04:03:11.015 67660 INFO tempest.lib.common.rest_client [req-8685257d-d346-457e-9688-5966920260e8 req-8685257d-d346-457e-9688-5966920260e8 ] Request (VolumesAdminNegativeTest:test_update_attached_volume_with_nonexistent_volume_in_uri): 200 GET http://10.180.1.21/compute/v2.1/servers/e5bea2df-df08-4c1b-99ca-6f9974b998ec 0.131s
2025-11-23 04:03:11.047 67680 INFO tempest.lib.common.rest_client [req-f2f58088-c648-4a3d-a74e-4c7a7ac899ff req-f2f58088-c648-4a3d-a74e-4c7a7ac899ff ] Request (ServerShowV247Test:tearDownClass): 200 GET http://10.180.1.21/compute/v2.1/servers/40d51692-e4c4-41a3-8f10-8d9bbf67828c 0.100s
2025-11-23 04:03:11.084 67636 INFO tempest.lib.common.rest_client [req-6c73d685-20c1-4818-b273-fef0cdaeb4dc req-6c73d685-20c1-4818-b273-fef0cdaeb4dc ] Request (ServersNegativeTestJSON:setUpClass): 200 GET http://10.180.1.21/compute/v2.1/servers/126043ce-30da-4bc5-bc8d-98d3c8809c4c 0.071s
2025-11-23 04:03:11.105 67628 INFO tempest.lib.common.rest_client [req-5ffa6009-61ce-4187-b0c5-086705e3fd02 req-5ffa6009-61ce-4187-b0c5-086705e3fd02 ] Request (ImagesOneServerNegativeTestJSON:_run_cleanups): 200 GET http://10.180.1.21/compute/v2.1/servers/d00d58f0-5297-4c00-a14d-59a92da588ea 0.050s
2025-11-23 04:03:11.157 67646 INFO tempest.lib.common.rest_client [req-ad964058-e5c6-49e0-8273-968130c8e32e req-ad964058-e5c6-49e0-8273-968130c8e32e ] Request (ServersAdminTestJSON:tearDownClass): 200 GET http://10.180.1.21/compute/v2.1/servers/54bf008f-fc47-4f81-84c6-1ed3d6333f6e 0.060s
2025-11-23 04:03:11.209 67644 INFO tempest.lib.common.rest_client [req-117e2193-4492-4428-99d9-a2cdcee82892 req-117e2193-4492-4428-99d9-a2cdcee82892 ] Request (ServersTestMultiNic:test_verify_multiple_nics_order): 200 GET http://10.180.1.21/compute/v2.1/servers/02aa5661-8eaa-435a-8d08-da458742abd0 0.053s
2025-11-23 04:03:11.265 67672 INFO tempest.lib.common.rest_client [req-a38ce60e-74a9-493b-b251-0efd4f85c182 req-a38ce60e-74a9-493b-b251-0efd4f85c182 ] Request (AttachVolumeTestJSON:test_attach_detach_volume): 200 GET http://10.180.1.21/compute/v2.1/servers/79b4b563-549a-43fd-a928-d9a423a25567 0.052s
