2025-11-23 04:01:37.032 67688 INFO tempest.lib.common.dynamic_creds [-] Acquired dynamic creds: credentials: Credentials: {'domain_id': 'default', 'domain_name': 'Default', 'username': 'tempest-QuotasAdminNegativeTest-1687890678-project-admin', 'project_domain_id': 'default', 'project_domain_name': 'Default', 'project_id': '0fa134de51274813b3986e386af31a08', 'project_name': 'tempest-QuotasAdminNegativeTest-1687890678', 'tenant_id': '0fa134de51274813b3986e386af31a08', 'tenant_name': 'tempest-QuotasAdminNegativeTest-1687890678', 'user_domain_id': 'default', 'user_domain_name': 'Default', 'user_id': '88302d623a464a68a57796851807646e', 'system': None}, Network: None, Subnet: None, Router: None
2025-11-23 04:01:37.032 67688 INFO tempest.lib.common.dynamic_creds [-] Created isolated network resources for: credentials: Credentials: {'domain_id': 'default', 'domain_name': 'Default', 'username': 'tempest-QuotasAdminNegativeTest-1687890678-project-admin', 'project_domain_id': 'default', 'project_domain_name': 'Default', 'project_id': '0fa134de51274813b3986e386af31a08', 'project_name': 'tempest-QuotasAdminNegativeTest-1687890678', 'tenant_id': '0fa134de51274813b3986e386af31a08', 'tenant_name': 'tempest-QuotasAdminNegativeTest-1687890678', 'user_domain_id': 'default', 'user_domain_name': 'Default', 'user_id': '88302d623a464a68a57796851807646e', 'system': None}, Network: None, Subnet: None, Router: None
2025-11-23 04:01:37.032 67668 INFO tempest.lib.common.rest_client [req-79b93313-452f-4e3c-8d83-3b6ccbe2c140 req-79b93313-452f-4e3c-8d83-3b6ccbe2c140 ] Request (ServerDiagnosticsTest:setUpClass): 200 GET http://10.180.1.21/identity/v3/roles 0.068s
2025-11-23 04:01:37.094 67668 INFO tempest.lib.common.rest_client [req-440d3312-8b9c-4f80-bc21-2ba9b3eb80c1 req-440d3312-8b9c-4f80-bc21-2ba9b3eb80c1 ] Request (ServerDiagnosticsTest:setUpClass): 204 PUT http://10.180.1.21/identity/v3/projects/aa4e58e411fd459e9d6e8017a114b68a/users/67ac58b1bda8469792e08657f0e4a9b7/roles/5bdf2d5cb6634b6c8829aec8b6a9f650 0.061s
2025-11-23 04:01:37.094 67668 INFO tempest.lib.common.dynamic_creds [-] Dynamic test user 67ac58b1bda8469792e08657f0e4a9b7 is created with scope project and roles: ['admin']
2025-11-23 04:01:37.094 67668 INFO tempest.lib.common.dynamic_creds [-] Acquired dynamic creds: credentials: Credentials: {'domain_id': 'default', 'domain_name': 'Default', 'username': 'tempest-ServerDiagnosticsTest-636295117-project-admin', 'project_domain_id': 'default', 'project_domain_name': 'Default', 'project_id': 'aa4e58e411fd459e9d6e8017a114b68a', 'project_name': 'tempest-ServerDiagnosticsTest-636295117', 'tenant_id': 'aa4e58e411fd459e9d6e8017a114b68a', 'tenant_name': 'tempest-ServerDiagnosticsTest-636295117', 'user_domain_id': 'default', 'user_domain_name': 'Default', 'user_id': '67ac58b1bda8469792e08657f0e4a9b7', 'system': None}, Network: None, Subnet: None, Router: None
2025-11-23 04:01:37.094 67668 INFO tempest.lib.common.dynamic_creds [-] Created isolated network resources for: credentials: Credentials: {'domain_id': 'default', 'domain_name': 'Default', 'username': 'tempest-ServerDiagnosticsTest-636295117-project-admin', 'project_domain_id': 'default', 'project_domain_name': 'Default', 'project_id': 'aa4e58e411fd459e9d6e8017a114b68a', 'project_name': 'tempest-ServerDiagnosticsTest-636295117', 'tenant_id': 'aa4e58e411fd459e9d6e8017a114b68a', 'tenant_name': 'tempest-ServerDiagnosticsTest-636295117', 'user_domain_id': 'default', 'user_domain_name': 'Default', 'user_id': '67ac58b1bda8469792e08657f0e4a9b7', 'system': None}, Network: None, Subnet: None, Router: None
2025-11-23 04:01:37.118 67648 INFO tempest.lib.common.rest_client [req-b4873eec-f5c6-4c66-b6f6-019b7ff19909 req-b4873eec-f5c6-4c66-b6f6-019b7ff19909 ] Request (AttachInterfacesV270Test:test_create_get_list_interfaces): 200 GET http://10.180.1.21/compute/v2.1/servers/c80bd973-b925-4e76-802d-440adde0ca11 1.976s
2025-11-23 04:01:37.140 67688 INFO tempest.lib.common.rest_client [req-363bd3b4-c034-415c-9ea7-7c16ca14cb8f req-363bd3b4-c034-415c-9ea7-7c16ca14cb8f ] Request (QuotasAdminNegativeTest:setUpClass): 201 POST http://10.180.1.21/identity/v3/auth/tokens 0.106s
2025-11-23 04:01:37.141 67688 WARNING tempest.lib.common.rest_client [-] Deprecated: "tenant_id" property is deprecated for removal, use "project_id" instead
2025-11-23 04:01:37.182 67668 INFO tempest.lib.common.rest_client [req-fbbcabd2-d97f-4d52-a23e-b6541460be9a req-fbbcabd2-d97f-4d52-a23e-b6541460be9a ] Request (ServerDiagnosticsTest:setUpClass): 201 POST http://10.180.1.21/identity/v3/auth/tokens 0.085s
2025-11-23 04:01:37.199 67674 INFO tempest.lib.common.rest_client [req-bbefd4ce-ff02-4892-bc8b-09a00357fab7 req-bbefd4ce-ff02-4892-bc8b-09a00357fab7 ] Request (FloatingIPsAssociationNegativeTestJSON:test_associate_ip_to_server_with_floating_ip): 200 POST http://10.180.1.21/compute/v2.1/os-floating-ips 2.369s
2025-11-23 04:01:37.221 67658 INFO tempest.lib.common.rest_client [req-3b8aba82-3d5b-4f3c-8649-dd6736803e14 req-3b8aba82-3d5b-4f3c-8649-dd6736803e14 ] Request (ServersTestManualDisk:tearDownClass): 204 DELETE http://10.180.1.21/compute/v2.1/servers/f032f60d-2b48-44d0-8c20-3cb1f2e95420 1.925s
2025-11-23 04:01:37.246 67668 INFO tempest.lib.common.rest_client [req-8eb3f55c-3dbe-40cc-8f25-9470da5c40a8 req-8eb3f55c-3dbe-40cc-8f25-9470da5c40a8 ] Request (ServerDiagnosticsTest:test_get_server_diagnostics): 201 POST http://10.180.1.21/identity/v3/auth/tokens 0.058s
2025-11-23 04:01:37.246 67668 INFO tempest.lib.common.fixed_network [-] (ServerDiagnosticsTest:test_get_server_diagnostics) Found network None available for tenant
2025-11-23 04:01:37.274 67656 INFO tempest.lib.common.rest_client [req-9c05d1f8-4732-4df9-8328-d925a3acbe96 req-9c05d1f8-4732-4df9-8328-d925a3acbe96 ] Request (ListServersNegativeTestJSON:tearDownClass): 200 PUT http://10.180.1.21/networking/v2.0/routers/6b5f3176-a42d-44e1-acb3-efa80ee6112d/remove_router_interface 0.829s
2025-11-23 04:01:37.330 67680 INFO tempest.lib.common.rest_client [req-62a1e393-6d07-4ed1-9d85-b8619b52066c req-62a1e393-6d07-4ed1-9d85-b8619b52066c ] Request (InstanceActionsNegativeTestJSON:tearDownClass): 200 GET http://10.180.1.21/compute/v2.1/servers/c39caaae-a615-4abc-a6ab-9c637e8ed4d8 2.007s
2025-11-23 04:01:37.385 67628 INFO tempest.lib.common.rest_client [req-85e4e46a-140c-4ca7-8b2b-85c31f3d6d20 req-85e4e46a-140c-4ca7-8b2b-85c31f3d6d20 ] Request (ImagesOneServerNegativeTestJSON:_run_cleanups): 200 GET http://10.180.1.21/compute/v2.1/servers/fd935873-2707-4fb1-bc45-88373a16590a 2.062s
2025-11-23 04:01:37.472 67630 INFO tempest.lib.common.rest_client [req-aea67e03-733b-45da-98b6-5ffc66b869e2 req-aea67e03-733b-45da-98b6-5ffc66b869e2 ] Request (ImagesTestJSON:_run_cleanups): 204 DELETE http://10.180.1.21/compute/v2.1/servers/44fbd555-7ece-49b4-83e7-4a568bd1ad26 1.662s
2025-11-23 04:01:37.537 67630 INFO tempest.lib.common.rest_client [req-e1e4b570-bacf-4374-a77b-19b24b6b7983 req-e1e4b570-bacf-4374-a77b-19b24b6b7983 ] Request (ImagesTestJSON:test_create_image_from_suspended_server): 201 POST http://10.180.1.21/identity/v3/auth/tokens 0.061s
2025-11-23 04:01:37.538 67630 INFO tempest.lib.common.fixed_network [-] (ImagesTestJSON:test_create_image_from_suspended_server) Found network {'id': 'c47233be-90c3-4195-a4a2-2e6a90b49ff9', 'name': 'tempest-ImagesTestJSON-1699118056-network', 'tenant_id': '63395ccf3e1e49d08db987a06b3bb352', 'project_id': '63395ccf3e1e49d08db987a06b3bb352', 'admin_state_up': True, 'mtu': 8950, 'status': 'ACTIVE', 'subnets': [], 'shared': False, 'port_security_enabled': True, 'router:external': False, 'provider:network_type': 'vlan', 'provider:physical_network': 'default', 'provider:segmentation_id': 21, 'availability_zone_hints': [], 'availability_zones': [], 'ipv4_address_scope': None, 'ipv6_address_scope': None, 'description': '', 'tags': [], 'created_at': '2025-11-23T04:00:07Z', 'updated_at': '2025-11-23T04:00:07Z', 'revision_number': 1} available for tenant
2025-11-23 04:01:37.650 67676 INFO tempest.lib.common.rest_client [req-123d9edc-1d08-4bc7-b1a5-5c12c4e1c9c1 req-123d9edc-1d08-4bc7-b1a5-5c12c4e1c9c1 ] Request (ServersWithSpecificFlavorTestJSON:test_verify_created_server_ephemeral_disk): 200 GET http://10.180.1.21/compute/v2.1/servers/4db1282d-00c1-462c-a021-4aebb5bc8ce3/os-interface 2.107s
2025-11-23 04:01:37.668 67632 INFO tempest.lib.common.rest_client [req-18618c6c-c0b9-43bf-84ae-09fdb9e19529 req-18618c6c-c0b9-43bf-84ae-09fdb9e19529 ] Request (ServersTestJSON:tearDownClass): 202 DELETE http://10.180.1.21/compute/v2.1/os-keypairs/tempest-keypair-1523628566 1.633s
2025-11-23 04:01:37.716 67656 INFO tempest.lib.common.rest_client [req-49428ede-3aee-4096-b863-fee70a9f3817 req-49428ede-3aee-4096-b863-fee70a9f3817 ] Request (ListServersNegativeTestJSON:tearDownClass): 204 DELETE http://10.180.1.21/networking/v2.0/routers/6b5f3176-a42d-44e1-acb3-efa80ee6112d 0.441s
2025-11-23 04:01:37.848 67632 INFO tempest.lib.common.rest_client [req-106a6f7d-b0e9-453b-83d1-34c10f1eccf3 req-106a6f7d-b0e9-453b-83d1-34c10f1eccf3 ] Request (ServersTestJSON:tearDownClass): 204 DELETE http://10.180.1.21/networking/v2.0/security-groups/6876f33a-0b60-4fe1-886b-4f6478aaa7ec 0.180s
2025-11-23 04:01:38.008 67656 INFO tempest.lib.common.rest_client [req-3e0c99f7-0d07-447a-9854-84801ebb3bae req-3e0c99f7-0d07-447a-9854-84801ebb3bae ] Request (ListServersNegativeTestJSON:tearDownClass): 204 DELETE http://10.180.1.21/networking/v2.0/subnets/2bbfe6da-bb52-45a5-9786-650b6c8fbc85 0.291s
2025-11-23 04:01:38.235 67676 INFO tempest.lib.common.rest_client [req-68dbb41f-a596-4265-8aed-ac7e04c64b8c req-68dbb41f-a596-4265-8aed-ac7e04c64b8c ] Request (ServersWithSpecificFlavorTestJSON:test_verify_created_server_ephemeral_disk): 200 PUT http://10.180.1.21/networking/v2.0/floatingips/a6e200c3-ca6d-4cbf-9b48-e5e947995028 0.583s
2025-11-23 04:01:38.263 67632 INFO tempest.lib.common.rest_client [req-6c06cf1b-c7e2-4ca5-aa50-7e830a8a5d47 req-6c06cf1b-c7e2-4ca5-aa50-7e830a8a5d47 ] Request (ServersTestJSON:tearDownClass): 404 GET http://10.180.1.21/networking/v2.0/security-groups/6876f33a-0b60-4fe1-886b-4f6478aaa7ec 0.414s
2025-11-23 04:01:38.280 67662 INFO tempest.lib.common.rest_client [req-98f41f0c-69ad-4201-86d6-7556ff03079d req-98f41f0c-69ad-4201-86d6-7556ff03079d ] Request (ServerActionsTestOtherB:test_create_backup): 200 GET http://10.180.1.21/compute/v2.1/servers/5040248c-fe52-445a-9358-8994da9cc905 2.467s
2025-11-23 04:01:38.520 67632 INFO tempest.lib.common.rest_client [req-9708bb15-320f-4c8b-aee6-15acc04e56ac req-9708bb15-320f-4c8b-aee6-15acc04e56ac ] Request (ServersTestJSON:tearDownClass): 204 DELETE http://10.180.1.21/networking/v2.0/floatingips/a56ef652-cfdb-42da-928e-72625778aabc 0.256s
2025-11-23 04:01:38.576 67656 INFO tempest.lib.common.rest_client [req-04cafb09-305e-4981-991c-4999f01b6249 req-04cafb09-305e-4981-991c-4999f01b6249 ] Request (ListServersNegativeTestJSON:tearDownClass): 204 DELETE http://10.180.1.21/networking/v2.0/networks/9e2b7b26-b213-4730-a4e4-7f55549b0e8b 0.568s
2025-11-23 04:01:38.610 67664 INFO tempest.lib.common.rest_client [req-7fb747f5-b78a-4129-a9f7-ec3563fe827d req-7fb747f5-b78a-4129-a9f7-ec3563fe827d ] Request (AttachInterfacesTestJSON:test_create_list_show_delete_interfaces_by_fixed_ip): 200 GET http://10.180.1.21/compute/v2.1/servers/5017d249-a05d-4df8-8d4e-67c07ea8e4d2 2.390s
2025-11-23 04:01:38.775 67660 INFO tempest.lib.common.rest_client [req-5db19fd9-1d99-4139-8f25-a1de50ce1495 req-5db19fd9-1d99-4139-8f25-a1de50ce1495 ] Request (ServersAdminNegativeTestJSON:tearDownClass): 200 GET http://10.180.1.21/compute/v2.1/servers/760d6e9c-057c-4d7b-8a21-cdc939c1fa19 2.552s
2025-11-23 04:01:38.787 67656 INFO tempest.lib.common.rest_client [req-5f7237fb-ce6e-4dbd-aae4-eae7b54ec8ba req-5f7237fb-ce6e-4dbd-aae4-eae7b54ec8ba ] Request (ListServersNegativeTestJSON:tearDownClass): 204 DELETE http://10.180.1.21/identity/v3/users/011236f5f6e046de87e55b39977adda5 0.211s
2025-11-23 04:01:38.787 67656 INFO tempest.lib.common.dynamic_creds [-] Deleting project and security group for project: 327dbb210a6f47949fbc1ba4c6ec07fc
2025-11-23 04:01:38.841 67656 INFO tempest.lib.common.rest_client [req-749bb605-5e58-4ded-80a7-e2862bf12661 req-749bb605-5e58-4ded-80a7-e2862bf12661 ] Request (ListServersNegativeTestJSON:tearDownClass): 200 GET http://10.180.1.21/networking/v2.0/security-groups?tenant_id=327dbb210a6f47949fbc1ba4c6ec07fc&name=default 0.053s
2025-11-23 04:01:38.859 67636 INFO tempest.lib.common.rest_client [req-53fd99c3-e6fb-4be6-9551-4f00ad1976c9 req-53fd99c3-e6fb-4be6-9551-4f00ad1976c9 ] Request (ServersNegativeTestJSON:setUpClass): 202 POST http://10.180.1.21/compute/v2.1/servers 2.648s
2025-11-23 04:01:39.009 67642 INFO tempest.lib.common.rest_client [req-9cd3570f-a44a-43e2-ba4a-2a5e4d638e0f req-9cd3570f-a44a-43e2-ba4a-2a5e4d638e0f ] Request (ImagesOneServerTestJSON:test_create_delete_image): 204 DELETE http://10.180.1.21/compute/v2.1/images/2bb2b9a0-1ad3-4779-95e4-f221a3582dd4 2.662s
2025-11-23 04:01:39.022 67656 INFO tempest.lib.common.rest_client [req-f1f21a22-a742-4224-bfeb-09f4732f06fe req-f1f21a22-a742-4224-bfeb-09f4732f06fe ] Request (ListServersNegativeTestJSON:tearDownClass): 204 DELETE http://10.180.1.21/networking/v2.0/security-groups/ac703ef9-44bd-4c2e-a4e2-b3a4760bd9f7 0.180s
2025-11-23 04:01:39.074 67670 INFO tempest.lib.common.rest_client [req-b7c98095-f71e-4842-a02c-bbd1b1574413 req-b7c98095-f71e-4842-a02c-bbd1b1574413 ] Request (ListImagesTestJSON:test_list_images_with_detail): 200 GET http://10.180.1.21/compute/v2.1/images/detail 2.647s
2025-11-23 04:01:39.127 67646 INFO tempest.lib.common.rest_client [req-0d2725f7-898e-4cf2-b578-39fda4625d71 req-0d2725f7-898e-4cf2-b578-39fda4625d71 ] Request (ServersAdminTestJSON:test_list_servers_by_admin_with_specified_tenant): 200 GET http://10.180.1.21/compute/v2.1/servers/detail?all_tenants=&tenant_id=997dfc2b0adf4a03886200b88c7da054 2.768s
2025-11-23 04:01:39.138 67672 INFO tempest.lib.common.rest_client [req-67182528-7d36-4139-854c-22d8e05c429e req-67182528-7d36-4139-854c-22d8e05c429e ] Request (ServerMetadataNegativeTestJSON:test_server_metadata_non_existent_server): 404 GET http://10.180.1.21/compute/v2.1/servers/65fc06f4-75f9-4254-bead-b109d95e63dd/metadata/test2 2.165s
2025-11-23 04:01:39.169 67656 INFO tempest.lib.common.rest_client [req-ebd6b142-2d58-471b-a171-d623abc97a84 req-ebd6b142-2d58-471b-a171-d623abc97a84 ] Request (ListServersNegativeTestJSON:tearDownClass): 204 DELETE http://10.180.1.21/identity/v3/projects/327dbb210a6f47949fbc1ba4c6ec07fc 0.146s
2025-11-23 04:01:39.225 67670 INFO tempest.lib.common.rest_client [req-3097c7ff-e98d-4c79-9ad3-9edf7a3e70c9 req-3097c7ff-e98d-4c79-9ad3-9edf7a3e70c9 ] Request (ListImagesTestJSON:tearDownClass): 204 DELETE http://10.180.1.21/identity/v3/users/9118bde7616148989f5cc58f9b96ab1b 0.146s
2025-11-23 04:01:39.226 67670 INFO tempest.lib.common.dynamic_creds [-] Deleting project and security group for project: d5559e6a43fb4a0aa14ee83a18403f5b
2025-11-23 04:01:39.266 67656 INFO tempest.lib.common.rest_client [req-e184e242-7c93-4fad-83dd-5f780ef6dee2 req-e184e242-7c93-4fad-83dd-5f780ef6dee2 ] Request (QuotasTestJSON:setUpClass): 201 POST http://10.180.1.21/identity/v3/auth/tokens 0.095s
2025-11-23 04:01:39.311 67670 INFO tempest.lib.common.rest_client [req-29f6b6f3-2650-415a-af66-1dbe172a3095 req-29f6b6f3-2650-415a-af66-1dbe172a3095 ] Request (ListImagesTestJSON:tearDownClass): 201 POST http://10.180.1.21/identity/v3/auth/tokens 0.085s
2025-11-23 04:01:39.316 67690 INFO tempest.lib.common.rest_client [req-69326f84-7f9d-4adf-ba2b-8a66d091b96a req-69326f84-7f9d-4adf-ba2b-8a66d091b96a ] Request (MigrationsAdminTest:test_resize_server_revert_deleted_flavor): 200 GET http://10.180.1.21/compute/v2.1/servers/716423b8-b60c-41f4-9cae-d16d7394f232 2.327s
2025-11-23 04:01:39.341 67656 INFO tempest.lib.common.rest_client [req-907f4c49-2279-4239-b09d-b5273ebba553 req-907f4c49-2279-4239-b09d-b5273ebba553 ] Request (QuotasTestJSON:setUpClass): 201 POST http://10.180.1.21/identity/v3/auth/tokens 0.070s
2025-11-23 04:01:39.352 67682 INFO tempest.lib.common.rest_client [req-0471de96-50ed-4256-b6aa-ad166a2eccc0 req-0471de96-50ed-4256-b6aa-ad166a2eccc0 ] Request (ServerActionsTestJSON:setUpClass): 200 GET http://10.180.1.21/compute/v2.1/servers/0ceafe47-f6b0-495a-9c60-4d1a40c65cf9 2.648s
2025-11-23 04:01:39.373 67656 INFO tempest.lib.common.rest_client [req-30d9779b-99f2-4b9f-a225-d273702d2909 req-30d9779b-99f2-4b9f-a225-d273702d2909 ] Request (QuotasTestJSON:setUpClass): 200 GET http://10.180.1.21/identity/v3/domains?name=Default 0.031s
2025-11-23 04:01:39.376 67678 INFO tempest.lib.common.rest_client [req-f361aed9-d0e3-4ec5-9e15-e27c4ce48f56 req-f361aed9-d0e3-4ec5-9e15-e27c4ce48f56 ] Request (FloatingIPsAssociationTestJSON:tearDownClass): 404 GET http://10.180.1.21/compute/v2.1/servers/9f4eeaa7-8ddd-4222-a997-4c2d3ca7130e 2.224s
2025-11-23 04:01:39.422 67656 INFO tempest.lib.common.rest_client [req-4d6d5c6f-c703-4038-a55a-76a3cd8f480d req-4d6d5c6f-c703-4038-a55a-76a3cd8f480d ] Request (QuotasTestJSON:setUpClass): 201 POST http://10.180.1.21/identity/v3/projects 0.049s
2025-11-23 04:01:39.502 67656 INFO tempest.lib.common.rest_client [req-c3014278-f0a7-49cc-8b0d-bfd60b1f0c26 req-c3014278-f0a7-49cc-8b0d-bfd60b1f0c26 ] Request (QuotasTestJSON:setUpClass): 201 POST http://10.180.1.21/identity/v3/users 0.079s
2025-11-23 04:01:39.529 67656 INFO tempest.lib.common.rest_client [req-c625ff58-834b-49fc-a546-3e2c58149602 req-c625ff58-834b-49fc-a546-3e2c58149602 ] Request (QuotasTestJSON:setUpClass): 200 GET http://10.180.1.21/identity/v3/roles 0.026s
2025-11-23 04:01:39.579 67656 INFO tempest.lib.common.rest_client [req-7dcea9e5-9983-461f-b3ca-ea8a194a1d73 req-7dcea9e5-9983-461f-b3ca-ea8a194a1d73 ] Request (QuotasTestJSON:setUpClass): 204 PUT http://10.180.1.21/identity/v3/projects/e69e0df8768649c68b81b771a8273aa7/users/8f64ec21593f46799476d5a3950a9a83/roles/59b39857c73c4d0b99fc9d43a7df1cde 0.049s
2025-11-23 04:01:39.580 67656 INFO tempest.lib.common.dynamic_creds [-] Dynamic test user 8f64ec21593f46799476d5a3950a9a83 is created with scope project and roles: ['member']
2025-11-23 04:01:39.580 67656 INFO tempest.lib.common.dynamic_creds [-] Acquired dynamic creds: credentials: Credentials: {'domain_id': 'default', 'domain_name': 'Default', 'username': 'tempest-QuotasTestJSON-362905730-project-member', 'project_domain_id': 'default', 'project_domain_name': 'Default', 'project_id': 'e69e0df8768649c68b81b771a8273aa7', 'project_name': 'tempest-QuotasTestJSON-362905730', 'tenant_id': 'e69e0df8768649c68b81b771a8273aa7', 'tenant_name': 'tempest-QuotasTestJSON-362905730', 'user_domain_id': 'default', 'user_domain_name': 'Default', 'user_id': '8f64ec21593f46799476d5a3950a9a83', 'system': None}, Network: None, Subnet: None, Router: None
2025-11-23 04:01:39.580 67656 INFO tempest.lib.common.dynamic_creds [-] Created isolated network resources for: credentials: Credentials: {'domain_id': 'default', 'domain_name': 'Default', 'username': 'tempest-QuotasTestJSON-362905730-project-member', 'project_domain_id': 'default', 'project_domain_name': 'Default', 'project_id': 'e69e0df8768649c68b81b771a8273aa7', 'project_name': 'tempest-QuotasTestJSON-362905730', 'tenant_id': 'e69e0df8768649c68b81b771a8273aa7', 'tenant_name': 'tempest-QuotasTestJSON-362905730', 'user_domain_id': 'default', 'user_domain_name': 'Default', 'user_id': '8f64ec21593f46799476d5a3950a9a83', 'system': None}, Network: None, Subnet: None, Router: None
2025-11-23 04:01:39.596 67688 INFO tempest.lib.common.rest_client [req-458a68d6-1f09-4139-ae62-de44b6d2fbff req-458a68d6-1f09-4139-ae62-de44b6d2fbff ] Request (QuotasAdminNegativeTest:test_create_server_when_cpu_quota_is_full): 200 GET http://10.180.1.21/compute/v2.1/os-quota-sets/e1b16bb4009040a89ff519ae08d5c9cd 2.454s
2025-11-23 04:01:39.690 67656 INFO tempest.lib.common.rest_client [req-312d4834-2bdd-4d90-b630-9a2480f3fb50 req-312d4834-2bdd-4d90-b630-9a2480f3fb50 ] Request (QuotasTestJSON:setUpClass): 201 POST http://10.180.1.21/identity/v3/auth/tokens 0.106s
2025-11-23 04:01:39.691 67656 WARNING tempest.lib.common.rest_client [-] Deprecated: "tenant_id" property is deprecated for removal, use "project_id" instead
2025-11-23 04:01:39.699 67632 INFO tempest.lib.common.rest_client [req-3df989a9-d615-4d53-8212-2f249cedcdff req-3df989a9-d615-4d53-8212-2f249cedcdff ] Request (ServersTestJSON:tearDownClass): 200 PUT http://10.180.1.21/networking/v2.0/routers/af528e43-fb91-47c6-b5c6-51ec79de0200/remove_router_interface 1.179s
2025-11-23 04:01:39.894 67670 INFO tempest.lib.common.rest_client [req-518c071a-bd3b-4954-8e83-63bc44fe5e54 req-518c071a-bd3b-4954-8e83-63bc44fe5e54 ] Request (ListImagesTestJSON:tearDownClass): 200 GET http://10.180.1.21/networking/v2.0/security-groups?tenant_id=d5559e6a43fb4a0aa14ee83a18403f5b&name=default 0.582s
2025-11-23 04:01:40.281 67634 WARNING tempest.lib.common.ssh [-] Failed to establish authenticated ssh connection to cirros@10.180.180.228 ([Errno None] Unable to connect to port 22 on 10.180.180.228). Number attempts: 5. Retry after 6 seconds.: paramiko.ssh_exception.NoValidConnectionsError: [Errno None] Unable to connect to port 22 on 10.180.180.228
2025-11-23 04:01:40.480 67632 INFO tempest.lib.common.rest_client [req-b52cfd06-f478-45f4-81fe-038d5d7146b6 req-b52cfd06-f478-45f4-81fe-038d5d7146b6 ] Request (ServersTestJSON:tearDownClass): 204 DELETE http://10.180.1.21/networking/v2.0/routers/af528e43-fb91-47c6-b5c6-51ec79de0200 0.781s
2025-11-23 04:01:40.508 67678 INFO tempest.lib.common.rest_client [req-5cc2a68e-215e-42dd-972b-9b658849d793 req-5cc2a68e-215e-42dd-972b-9b658849d793 ] Request (FloatingIPsAssociationTestJSON:tearDownClass): 200 PUT http://10.180.1.21/networking/v2.0/routers/3f6d9eb8-ec1d-43f5-b1e6-b7f1f6c41325/remove_router_interface 1.132s
2025-11-23 04:01:40.585 67670 INFO tempest.lib.common.rest_client [req-2b1252fc-886b-4b94-9108-d1c8c21a90f2 req-2b1252fc-886b-4b94-9108-d1c8c21a90f2 ] Request (ListImagesTestJSON:tearDownClass): 204 DELETE http://10.180.1.21/networking/v2.0/security-groups/dfba2324-9d58-45f9-8402-db07b4e12e11 0.691s
2025-11-23 04:01:40.663 67658 INFO tempest.lib.common.rest_client [req-017307c4-1a44-4672-899d-a98b81a9bdf5 req-017307c4-1a44-4672-899d-a98b81a9bdf5 ] Request (ServersTestManualDisk:tearDownClass): 200 GET http://10.180.1.21/compute/v2.1/servers/f032f60d-2b48-44d0-8c20-3cb1f2e95420 3.440s
2025-11-23 04:01:40.706 67670 INFO tempest.lib.common.rest_client [req-b1aacd16-76f1-48a6-b3a9-2a10eaf9f6eb req-b1aacd16-76f1-48a6-b3a9-2a10eaf9f6eb ] Request (ListImagesTestJSON:tearDownClass): 204 DELETE http://10.180.1.21/identity/v3/projects/d5559e6a43fb4a0aa14ee83a18403f5b 0.120s
2025-11-23 04:01:40.775 67670 INFO tempest.lib.common.rest_client [req-1be100f9-967b-41a1-ac21-4433231f7ff4 req-1be100f9-967b-41a1-ac21-4433231f7ff4 ] Request (ServerActionsV293TestJSON:setUpClass): 201 POST http://10.180.1.21/identity/v3/auth/tokens 0.066s
2025-11-23 04:01:40.784 67632 INFO tempest.lib.common.rest_client [req-6c13393f-783f-41cd-86de-ee769c90244a req-6c13393f-783f-41cd-86de-ee769c90244a ] Request (ServersTestJSON:tearDownClass): 204 DELETE http://10.180.1.21/networking/v2.0/subnets/19dc7ecf-065a-46c0-816b-ca74b170d661 0.304s
2025-11-23 04:01:40.810 67670 INFO tempest.lib.common.rest_client [req-bfc0ebe8-8939-42c6-b390-85563aa74a0b req-bfc0ebe8-8939-42c6-b390-85563aa74a0b ] Request (ServerActionsV293TestJSON:setUpClass): 201 POST http://10.180.1.21/identity/v3/auth/tokens 0.033s
2025-11-23 04:01:40.837 67670 INFO tempest.lib.common.rest_client [req-3d0099d0-013a-41c3-927a-bd0fc871a97d req-3d0099d0-013a-41c3-927a-bd0fc871a97d ] Request (ServerActionsV293TestJSON:setUpClass): 200 GET http://10.180.1.21/identity/v3/domains?name=Default 0.026s
2025-11-23 04:01:40.883 67670 INFO tempest.lib.common.rest_client [req-a783113a-f69a-4f70-b743-c78410dba6e2 req-a783113a-f69a-4f70-b743-c78410dba6e2 ] Request (ServerActionsV293TestJSON:setUpClass): 201 POST http://10.180.1.21/identity/v3/projects 0.045s
2025-11-23 04:01:41.006 67670 INFO tempest.lib.common.rest_client [req-f1178824-3e97-4cc6-b172-a105cdde02c7 req-f1178824-3e97-4cc6-b172-a105cdde02c7 ] Request (ServerActionsV293TestJSON:setUpClass): 201 POST http://10.180.1.21/identity/v3/users 0.121s
2025-11-23 04:01:41.034 67670 INFO tempest.lib.common.rest_client [req-a009780c-f23a-4c26-acd4-a5fda10240bb req-a009780c-f23a-4c26-acd4-a5fda10240bb ] Request (ServerActionsV293TestJSON:setUpClass): 200 GET http://10.180.1.21/identity/v3/roles 0.028s
2025-11-23 04:01:41.068 67670 INFO tempest.lib.common.rest_client [req-f33b38a6-e447-48f8-8611-f3b33c9015fa req-f33b38a6-e447-48f8-8611-f3b33c9015fa ] Request (ServerActionsV293TestJSON:setUpClass): 204 PUT http://10.180.1.21/identity/v3/projects/6c474da1fb2c42efbe78a19719d7295f/users/7f47791c76034490aa63ead6bbf711aa/roles/59b39857c73c4d0b99fc9d43a7df1cde 0.033s
2025-11-23 04:01:41.068 67670 INFO tempest.lib.common.dynamic_creds [-] Dynamic test user 7f47791c76034490aa63ead6bbf711aa is created with scope project and roles: ['member']
2025-11-23 04:01:41.068 67670 INFO tempest.lib.common.dynamic_creds [-] Acquired dynamic creds: credentials: Credentials: {'domain_id': 'default', 'domain_name': 'Default', 'username': 'tempest-ServerActionsV293TestJSON-671197323-project-member', 'project_domain_id': 'default', 'project_domain_name': 'Default', 'project_id': '6c474da1fb2c42efbe78a19719d7295f', 'project_name': 'tempest-ServerActionsV293TestJSON-671197323', 'tenant_id': '6c474da1fb2c42efbe78a19719d7295f', 'tenant_name': 'tempest-ServerActionsV293TestJSON-671197323', 'user_domain_id': 'default', 'user_domain_name': 'Default', 'user_id': '7f47791c76034490aa63ead6bbf711aa', 'system': None}, Network: None, Subnet: None, Router: None
2025-11-23 04:01:41.161 67670 INFO tempest.lib.common.rest_client [req-f62a0655-2f4e-45c0-987d-2efae810547c req-f62a0655-2f4e-45c0-987d-2efae810547c ] Request (ServerActionsV293TestJSON:setUpClass): 201 POST http://10.180.1.21/identity/v3/auth/tokens 0.092s
2025-11-23 04:01:41.208 67674 INFO tempest.lib.common.rest_client [req-42bf6c3a-bd7a-476b-92a8-b9e61e93a3b1 req-42bf6c3a-bd7a-476b-92a8-b9e61e93a3b1 ] Request (FloatingIPsAssociationNegativeTestJSON:test_associate_ip_to_server_with_floating_ip): 400 POST http://10.180.1.21/compute/v2.1/servers/aa539fc2-d01f-4cdf-ad4e-cc7f03394dab/action 4.007s
2025-11-23 04:01:41.321 67678 INFO tempest.lib.common.rest_client [req-0ca9b57f-c33a-410b-998b-fdd0055ef400 req-0ca9b57f-c33a-410b-998b-fdd0055ef400 ] Request (FloatingIPsAssociationTestJSON:tearDownClass): 204 DELETE http://10.180.1.21/networking/v2.0/routers/3f6d9eb8-ec1d-43f5-b1e6-b7f1f6c41325 0.812s
2025-11-23 04:01:41.477 67632 INFO tempest.lib.common.rest_client [req-78570118-4f57-466b-ab8e-c9b25f68f12d req-78570118-4f57-466b-ab8e-c9b25f68f12d ] Request (ServersTestJSON:tearDownClass): 204 DELETE http://10.180.1.21/networking/v2.0/networks/feaff320-673b-411c-956d-36a5302e0b2c 0.693s
2025-11-23 04:01:41.531 67666 INFO tempest.lib.common.rest_client [req-59d6fa34-0e58-4813-9f03-66bb46203356 req-59d6fa34-0e58-4813-9f03-66bb46203356 ] Request (ServersListShow296Test:test_list_show_update_rebuild_server_296): 200 GET http://10.180.1.21/compute/v2.1/servers/ff85d10a-dc1c-41a7-8e61-5a7ab26c65f2 4.282s
2025-11-23 04:01:41.596 67632 INFO tempest.lib.common.rest_client [req-2000c5cf-40de-47f8-88e0-e1e3f8d4d7af req-2000c5cf-40de-47f8-88e0-e1e3f8d4d7af ] Request (ServersTestJSON:tearDownClass): 204 DELETE http://10.180.1.21/identity/v3/users/4fee6938a0874e899b9819250fe2dc43 0.118s
2025-11-23 04:01:41.597 67632 INFO tempest.lib.common.dynamic_creds [-] Deleting project and security group for project: a7b3fdcb069245ff9ba0dbce449e48ec
2025-11-23 04:01:41.666 67678 INFO tempest.lib.common.rest_client [req-40c8361c-1f06-460d-a8bd-2d996d8b21f4 req-40c8361c-1f06-460d-a8bd-2d996d8b21f4 ] Request (FloatingIPsAssociationTestJSON:tearDownClass): 204 DELETE http://10.180.1.21/networking/v2.0/subnets/3e574457-1d4a-48a7-bc00-3f4d73545b02 0.345s
2025-11-23 04:01:41.685 67670 INFO tempest.lib.common.rest_client [req-77b40d1e-d810-4b21-9dcb-35cadb2d79cf req-77b40d1e-d810-4b21-9dcb-35cadb2d79cf ] Request (ServerActionsV293TestJSON:setUpClass): 201 POST http://10.180.1.21/networking/v2.0/networks 0.524s
2025-11-23 04:01:41.720 67652 INFO tempest.lib.common.rest_client [req-15e3841b-fb46-4b38-b38c-5addaf2730c3 req-15e3841b-fb46-4b38-b38c-5addaf2730c3 ] Request (DeleteServersTestJSON:test_delete_active_server): 200 GET http://10.180.1.21/compute/v2.1/servers/8a517315-2e92-40e5-99bc-9902b90b6b6a 4.464s
2025-11-23 04:01:41.734 67632 INFO tempest.lib.common.rest_client [req-a8cbc627-f6c7-4e17-a28c-aed39d5da0bd req-a8cbc627-f6c7-4e17-a28c-aed39d5da0bd ] Request (ServersTestJSON:tearDownClass): 200 GET http://10.180.1.21/networking/v2.0/security-groups?tenant_id=a7b3fdcb069245ff9ba0dbce449e48ec&name=default 0.137s
2025-11-23 04:01:41.880 67670 INFO tempest.lib.common.rest_client [req-514513c7-0153-4e88-a199-fe2c4c90d784 req-514513c7-0153-4e88-a199-fe2c4c90d784 ] Request (ServerActionsV293TestJSON:setUpClass): 201 POST http://10.180.1.21/networking/v2.0/subnets 0.194s
2025-11-23 04:01:41.992 67678 INFO tempest.lib.common.rest_client [req-0358c59e-bb55-4ea9-8950-369142e7d88b req-0358c59e-bb55-4ea9-8950-369142e7d88b ] Request (FloatingIPsAssociationTestJSON:tearDownClass): 204 DELETE http://10.180.1.21/networking/v2.0/networks/c8c53de7-8c7b-474a-a5c2-63543e2d38c9 0.325s
2025-11-23 04:01:42.003 67632 INFO tempest.lib.common.rest_client [req-51c51b79-26bb-4d10-94be-15aa2e93cfa6 req-51c51b79-26bb-4d10-94be-15aa2e93cfa6 ] Request (ServersTestJSON:tearDownClass): 204 DELETE http://10.180.1.21/networking/v2.0/security-groups/cec4cde5-f081-4bae-aa04-aeedd30e2e6e 0.268s
2025-11-23 04:01:42.024 67684 INFO tempest.lib.common.rest_client [req-46ba4100-c9fb-453c-937e-30dcb61d53cf req-46ba4100-c9fb-453c-937e-30dcb61d53cf ] Request (AttachInterfacesUnderV243Test:_run_cleanups): 200 GET http://10.180.1.21/compute/v2.1/servers/e16a3c41-6588-4b77-a2a2-79f6bde8a238 4.709s
2025-11-23 04:01:42.102 67644 INFO tempest.lib.common.rest_client [req-8592ceb9-10ad-4060-a6b4-d41ee38dbe74 req-8592ceb9-10ad-4060-a6b4-d41ee38dbe74 ] Request (ServersTestMultiNic:test_verify_duplicate_network_nics): 200 GET http://10.180.1.21/compute/v2.1/servers/8760dbb9-dd86-45b1-9a1d-e5e421c4be89 4.770s
2025-11-23 04:01:42.119 67668 INFO tempest.lib.common.rest_client [req-8f48d7d5-16e0-4d18-9887-bd9e9770db2f req-8f48d7d5-16e0-4d18-9887-bd9e9770db2f ] Request (ServerDiagnosticsTest:test_get_server_diagnostics): 202 POST http://10.180.1.21/compute/v2.1/servers 4.872s
2025-11-23 04:01:42.186 67678 INFO tempest.lib.common.rest_client [req-bf3e9758-a6d8-43a2-841b-8bda9ef8241e req-bf3e9758-a6d8-43a2-841b-8bda9ef8241e ] Request (FloatingIPsAssociationTestJSON:tearDownClass): 204 DELETE http://10.180.1.21/identity/v3/users/3d0dd02fc9ae4b06b0e2d36303cff49a 0.194s
2025-11-23 04:01:42.187 67678 INFO tempest.lib.common.dynamic_creds [-] Deleting project and security group for project: 3ece8b355b8f4b4995d76c081c3a28d5
2025-11-23 04:01:42.202 67632 INFO tempest.lib.common.rest_client [req-d7760949-2554-4a9c-8d61-1790ba97bb54 req-d7760949-2554-4a9c-8d61-1790ba97bb54 ] Request (ServersTestJSON:tearDownClass): 204 DELETE http://10.180.1.21/identity/v3/projects/a7b3fdcb069245ff9ba0dbce449e48ec 0.198s
2025-11-23 04:01:42.221 67638 INFO tempest.lib.common.rest_client [req-5382f2a2-1d48-4491-b47a-44177a3c56d3 req-5382f2a2-1d48-4491-b47a-44177a3c56d3 ] Request (MultipleCreateTestJSON:_run_cleanups): 200 GET http://10.180.1.21/compute/v2.1/servers/cb92bf29-6700-4539-a450-9cc66d1a23ba 4.249s
2025-11-23 04:01:42.294 67678 INFO tempest.lib.common.rest_client [req-b93af4af-3008-4ae3-9ec2-e704b68417ab req-b93af4af-3008-4ae3-9ec2-e704b68417ab ] Request (FloatingIPsAssociationTestJSON:tearDownClass): 200 GET http://10.180.1.21/networking/v2.0/security-groups?tenant_id=3ece8b355b8f4b4995d76c081c3a28d5&name=default 0.105s
2025-11-23 04:01:42.302 67632 INFO tempest.lib.common.rest_client [req-0e445f5f-fb35-4800-9e94-c93b782d6a7c req-0e445f5f-fb35-4800-9e94-c93b782d6a7c ] Request (ListServerFiltersTestJSON:setUpClass): 201 POST http://10.180.1.21/identity/v3/auth/tokens 0.099s
2025-11-23 04:01:42.359 67632 INFO tempest.lib.common.rest_client [req-71dcfa26-f04f-40a0-9b48-4f9cb701313f req-71dcfa26-f04f-40a0-9b48-4f9cb701313f ] Request (ListServerFiltersTestJSON:setUpClass): 201 POST http://10.180.1.21/identity/v3/auth/tokens 0.051s
2025-11-23 04:01:42.397 67632 INFO tempest.lib.common.rest_client [req-f38f2f05-0423-43eb-90d8-790a5f1f804b req-f38f2f05-0423-43eb-90d8-790a5f1f804b ] Request (ListServerFiltersTestJSON:setUpClass): 200 GET http://10.180.1.21/identity/v3/domains?name=Default 0.038s
2025-11-23 04:01:42.424 67678 INFO tempest.lib.common.rest_client [req-51b089e5-19ce-4420-98d8-25751b57ffec req-51b089e5-19ce-4420-98d8-25751b57ffec ] Request (FloatingIPsAssociationTestJSON:tearDownClass): 204 DELETE http://10.180.1.21/networking/v2.0/security-groups/f452a37f-2052-4f91-9419-cc330152f0a5 0.130s
2025-11-23 04:01:42.433 67632 INFO tempest.lib.common.rest_client [req-1385f1cc-6c8d-46b9-b141-27aa5c03812f req-1385f1cc-6c8d-46b9-b141-27aa5c03812f ] Request (ListServerFiltersTestJSON:setUpClass): 201 POST http://10.180.1.21/identity/v3/projects 0.035s
2025-11-23 04:01:42.509 67648 INFO tempest.lib.common.rest_client [req-1b04d085-12ac-44df-b389-d1bbbf49bd66 req-1b04d085-12ac-44df-b389-d1bbbf49bd66 ] Request (AttachInterfacesV270Test:test_create_get_list_interfaces): 200 GET http://10.180.1.21/compute/v2.1/servers/c80bd973-b925-4e76-802d-440adde0ca11 4.379s
2025-11-23 04:01:42.513 67632 INFO tempest.lib.common.rest_client [req-bd36e363-300a-4202-977b-b14cbfb66558 req-bd36e363-300a-4202-977b-b14cbfb66558 ] Request (ListServerFiltersTestJSON:setUpClass): 201 POST http://10.180.1.21/identity/v3/users 0.079s
2025-11-23 04:01:42.536 67678 INFO tempest.lib.common.rest_client [req-d34da1be-de03-4fcd-b592-3953a7c19128 req-d34da1be-de03-4fcd-b592-3953a7c19128 ] Request (FloatingIPsAssociationTestJSON:tearDownClass): 204 DELETE http://10.180.1.21/identity/v3/projects/3ece8b355b8f4b4995d76c081c3a28d5 0.112s
2025-11-23 04:01:42.595 67632 INFO tempest.lib.common.rest_client [req-82487d3d-b15d-4da2-b85f-98a37a67caf6 req-82487d3d-b15d-4da2-b85f-98a37a67caf6 ] Request (ListServerFiltersTestJSON:setUpClass): 200 GET http://10.180.1.21/identity/v3/roles 0.082s
2025-11-23 04:01:42.635 67678 INFO tempest.lib.common.rest_client [req-17a46543-70bf-463c-8dde-cff207e12a11 req-17a46543-70bf-463c-8dde-cff207e12a11 ] Request (SecurityGroupsTestJSON:setUpClass): 201 POST http://10.180.1.21/identity/v3/auth/tokens 0.096s
2025-11-23 04:01:42.648 67632 INFO tempest.lib.common.rest_client [req-55b68b63-13f1-4f1e-b1ed-8bcad384f02b req-55b68b63-13f1-4f1e-b1ed-8bcad384f02b ] Request (ListServerFiltersTestJSON:setUpClass): 204 PUT http://10.180.1.21/identity/v3/projects/f745a9f2e3d54fbfaf05510f69519fa1/users/f70defd42477432e8f8ad601648cd559/roles/59b39857c73c4d0b99fc9d43a7df1cde 0.050s
2025-11-23 04:01:42.648 67632 INFO tempest.lib.common.dynamic_creds [-] Dynamic test user f70defd42477432e8f8ad601648cd559 is created with scope project and roles: ['member']
2025-11-23 04:01:42.648 67632 INFO tempest.lib.common.dynamic_creds [-] Acquired dynamic creds: credentials: Credentials: {'domain_id': 'default', 'domain_name': 'Default', 'username': 'tempest-ListServerFiltersTestJSON-205465944-project-member', 'project_domain_id': 'default', 'project_domain_name': 'Default', 'project_id': 'f745a9f2e3d54fbfaf05510f69519fa1', 'project_name': 'tempest-ListServerFiltersTestJSON-205465944', 'tenant_id': 'f745a9f2e3d54fbfaf05510f69519fa1', 'tenant_name': 'tempest-ListServerFiltersTestJSON-205465944', 'user_domain_id': 'default', 'user_domain_name': 'Default', 'user_id': 'f70defd42477432e8f8ad601648cd559', 'system': None}, Network: None, Subnet: None, Router: None
2025-11-23 04:01:42.680 67630 INFO tempest.lib.common.rest_client [req-d7a01c10-d99a-4508-a683-d6b8c08ddcd3 req-d7a01c10-d99a-4508-a683-d6b8c08ddcd3 ] Request (ImagesTestJSON:test_create_image_from_suspended_server): 202 POST http://10.180.1.21/compute/v2.1/servers 5.140s
2025-11-23 04:01:42.707 67680 INFO tempest.lib.common.rest_client [req-79b83c00-e44a-4556-8e57-e5323c070aca req-79b83c00-e44a-4556-8e57-e5323c070aca ] Request (InstanceActionsNegativeTestJSON:tearDownClass): 404 GET http://10.180.1.21/compute/v2.1/servers/c39caaae-a615-4abc-a6ab-9c637e8ed4d8 4.366s
2025-11-23 04:01:42.721 67678 INFO tempest.lib.common.rest_client [req-736e2490-1317-468c-ad09-250ca08dd455 req-736e2490-1317-468c-ad09-250ca08dd455 ] Request (SecurityGroupsTestJSON:setUpClass): 201 POST http://10.180.1.21/identity/v3/auth/tokens 0.083s
2025-11-23 04:01:42.724 67632 INFO tempest.lib.common.rest_client [req-5c80c147-6526-45d5-abef-18b117378cd9 req-5c80c147-6526-45d5-abef-18b117378cd9 ] Request (ListServerFiltersTestJSON:setUpClass): 201 POST http://10.180.1.21/identity/v3/auth/tokens 0.075s
2025-11-23 04:01:42.730 67676 INFO tempest.lib.common.rest_client [req-1cb37ad7-bf9a-4872-abfb-055a5851df2e req-1cb37ad7-bf9a-4872-abfb-055a5851df2e ] Request (ServersWithSpecificFlavorTestJSON:test_verify_created_server_ephemeral_disk): 200 GET http://10.180.1.21/compute/v2.1/servers/4db1282d-00c1-462c-a021-4aebb5bc8ce3 4.494s
2025-11-23 04:01:42.739 67676 INFO tempest.lib.common.ssh [-] Creating ssh connection to '10.180.180.137:22' as 'cirros' with public key authentication
2025-11-23 04:01:42.774 67678 INFO tempest.lib.common.rest_client [req-d3f8da36-72cf-4467-a295-a313d9933785 req-d3f8da36-72cf-4467-a295-a313d9933785 ] Request (SecurityGroupsTestJSON:setUpClass): 200 GET http://10.180.1.21/identity/v3/domains?name=Default 0.053s
2025-11-23 04:01:42.811 67678 INFO tempest.lib.common.rest_client [req-abb51b09-705f-463a-9844-d458c7e88c2c req-abb51b09-705f-463a-9844-d458c7e88c2c ] Request (SecurityGroupsTestJSON:setUpClass): 201 POST http://10.180.1.21/identity/v3/projects 0.036s
2025-11-23 04:01:42.876 67678 INFO tempest.lib.common.rest_client [req-0f60a088-c41a-496e-9a02-afcabbe1325c req-0f60a088-c41a-496e-9a02-afcabbe1325c ] Request (SecurityGroupsTestJSON:setUpClass): 201 POST http://10.180.1.21/identity/v3/users 0.064s
2025-11-23 04:01:42.899 67678 INFO tempest.lib.common.rest_client [req-7f671f64-a9b6-401b-a1d2-39749700f7de req-7f671f64-a9b6-401b-a1d2-39749700f7de ] Request (SecurityGroupsTestJSON:setUpClass): 200 GET http://10.180.1.21/identity/v3/roles 0.022s
2025-11-23 04:01:42.938 67678 INFO tempest.lib.common.rest_client [req-22e27647-75bf-4d60-a049-555a0ad43d59 req-22e27647-75bf-4d60-a049-555a0ad43d59 ] Request (SecurityGroupsTestJSON:setUpClass): 204 PUT http://10.180.1.21/identity/v3/projects/596465ab6a6749689d0ae2c399f355e9/users/5197fbc15d9047f9aeefe7aeb7662971/roles/59b39857c73c4d0b99fc9d43a7df1cde 0.038s
2025-11-23 04:01:42.938 67678 INFO tempest.lib.common.dynamic_creds [-] Dynamic test user 5197fbc15d9047f9aeefe7aeb7662971 is created with scope project and roles: ['member']
2025-11-23 04:01:42.939 67678 INFO tempest.lib.common.dynamic_creds [-] Acquired dynamic creds: credentials: Credentials: {'domain_id': 'default', 'domain_name': 'Default', 'username': 'tempest-SecurityGroupsTestJSON-346655069-project-member', 'project_domain_id': 'default', 'project_domain_name': 'Default', 'project_id': '596465ab6a6749689d0ae2c399f355e9', 'project_name': 'tempest-SecurityGroupsTestJSON-346655069', 'tenant_id': '596465ab6a6749689d0ae2c399f355e9', 'tenant_name': 'tempest-SecurityGroupsTestJSON-346655069', 'user_domain_id': 'default', 'user_domain_name': 'Default', 'user_id': '5197fbc15d9047f9aeefe7aeb7662971', 'system': None}, Network: None, Subnet: None, Router: None
2025-11-23 04:01:42.980 67670 INFO tempest.lib.common.rest_client [req-c2bd6469-d2c1-45ae-a42d-60a16eb16efa req-c2bd6469-d2c1-45ae-a42d-60a16eb16efa ] Request (ServerActionsV293TestJSON:setUpClass): 201 POST http://10.180.1.21/networking/v2.0/routers 1.097s
2025-11-23 04:01:43.042 67678 INFO tempest.lib.common.rest_client [req-55298e35-66e8-42ac-b4f0-04333594b3be req-55298e35-66e8-42ac-b4f0-04333594b3be ] Request (SecurityGroupsTestJSON:setUpClass): 201 POST http://10.180.1.21/identity/v3/auth/tokens 0.102s
2025-11-23 04:01:43.352 67632 INFO tempest.lib.common.rest_client [req-de928cc0-c43f-41ba-a35f-e49fffde2b08 req-de928cc0-c43f-41ba-a35f-e49fffde2b08 ] Request (ListServerFiltersTestJSON:setUpClass): 201 POST http://10.180.1.21/networking/v2.0/networks 0.628s
2025-11-23 04:01:43.413 67628 INFO tempest.lib.common.rest_client [req-7d4b95a6-42a6-4784-8fa6-d4c6c633a6e7 req-7d4b95a6-42a6-4784-8fa6-d4c6c633a6e7 ] Request (ImagesOneServerNegativeTestJSON:_run_cleanups): 200 GET http://10.180.1.21/compute/v2.1/servers/fd935873-2707-4fb1-bc45-88373a16590a 5.015s
2025-11-23 04:01:43.421 67628 INFO tempest.common.waiters [-] State transition "ACTIVE/deleting" ==> "DELETED/None" after 6 second wait
2025-11-23 04:01:43.427 67636 INFO tempest.lib.common.rest_client [req-f79f2230-5dab-4f7f-b7c3-c7ad4d0058d8 req-f79f2230-5dab-4f7f-b7c3-c7ad4d0058d8 ] Request (ServersNegativeTestJSON:setUpClass): 200 GET http://10.180.1.21/compute/v2.1/servers/126043ce-30da-4bc5-bc8d-98d3c8809c4c 4.567s
2025-11-23 04:01:43.449 67642 INFO tempest.lib.common.rest_client [req-34890a5c-8bfe-4667-b18a-19ed867ece67 req-34890a5c-8bfe-4667-b18a-19ed867ece67 ] Request (ImagesOneServerTestJSON:test_create_delete_image): 404 GET http://10.180.1.21/compute/v2.1/images/2bb2b9a0-1ad3-4779-95e4-f221a3582dd4 4.440s
2025-11-23 04:01:43.465 67672 INFO tempest.lib.common.rest_client [req-859e25eb-3573-4514-830f-1ba5fd340700 req-859e25eb-3573-4514-830f-1ba5fd340700 ] Request (ServerMetadataNegativeTestJSON:test_set_metadata_invalid_key): 400 PUT http://10.180.1.21/compute/v2.1/servers/12b6b2cb-f292-4bfb-b3cf-4b043b532444/metadata/key 4.325s
2025-11-23 04:01:43.500 67646 INFO tempest.lib.common.rest_client [req-c2352cd7-e999-4782-a244-66d8cb82de1a req-c2352cd7-e999-4782-a244-66d8cb82de1a ] Request (ServersAdminTestJSON:test_list_servers_by_admin_with_specified_tenant): 200 GET http://10.180.1.21/compute/v2.1/servers/detail?all_tenants=&tenant_id=904ef78d34994e64943a8838d536be34 4.358s
2025-11-23 04:01:43.698 67688 INFO tempest.lib.common.rest_client [req-e95f79f9-3d28-40c8-8a93-2642538099a8 req-e95f79f9-3d28-40c8-8a93-2642538099a8 ] Request (QuotasAdminNegativeTest:test_create_server_when_cpu_quota_is_full): 200 PUT http://10.180.1.21/compute/v2.1/os-quota-sets/e1b16bb4009040a89ff519ae08d5c9cd 4.099s
2025-11-23 04:01:43.728 67680 INFO tempest.lib.common.rest_client [req-1455b685-8333-4259-8357-e0036f60712d req-1455b685-8333-4259-8357-e0036f60712d ] Request (InstanceActionsNegativeTestJSON:tearDownClass): 200 PUT http://10.180.1.21/networking/v2.0/routers/c8311491-d8da-4328-bc71-1a236db50a9d/remove_router_interface 1.021s
2025-11-23 04:01:43.777 67688 INFO tempest.lib.common.rest_client [req-6d1d23ed-e406-4133-ae4f-84cb2ec3ea7d req-6d1d23ed-e406-4133-ae4f-84cb2ec3ea7d ] Request (QuotasAdminNegativeTest:test_create_server_when_cpu_quota_is_full): 201 POST http://10.180.1.21/identity/v3/auth/tokens 0.070s
2025-11-23 04:01:43.778 67688 INFO tempest.lib.common.fixed_network [-] (QuotasAdminNegativeTest:test_create_server_when_cpu_quota_is_full) Found network None available for tenant
2025-11-23 04:01:44.037 67678 INFO tempest.lib.common.rest_client [req-89ae3344-db83-45a6-9bd2-5bf5e9faa962 req-89ae3344-db83-45a6-9bd2-5bf5e9faa962 ] Request (SecurityGroupsTestJSON:setUpClass): 201 POST http://10.180.1.21/networking/v2.0/networks 0.995s
2025-11-23 04:01:44.250 67632 INFO tempest.lib.common.rest_client [req-67b68b86-ef74-496f-9cf1-6b044d061557 req-67b68b86-ef74-496f-9cf1-6b044d061557 ] Request (ListServerFiltersTestJSON:setUpClass): 201 POST http://10.180.1.21/networking/v2.0/subnets 0.897s
2025-11-23 04:01:44.250 67632 INFO tempest.lib.common.dynamic_creds [-] Created isolated network resources for: credentials: Credentials: {'domain_id': 'default', 'domain_name': 'Default', 'username': 'tempest-ListServerFiltersTestJSON-205465944-project-member', 'project_domain_id': 'default', 'project_domain_name': 'Default', 'project_id': 'f745a9f2e3d54fbfaf05510f69519fa1', 'project_name': 'tempest-ListServerFiltersTestJSON-205465944', 'tenant_id': 'f745a9f2e3d54fbfaf05510f69519fa1', 'tenant_name': 'tempest-ListServerFiltersTestJSON-205465944', 'user_domain_id': 'default', 'user_domain_name': 'Default', 'user_id': 'f70defd42477432e8f8ad601648cd559', 'system': None}, Network: {'id': '1bd6b83b-cc36-4218-97db-b01d0f9919a7', 'name': 'tempest-ListServerFiltersTestJSON-850302988-network', 'tenant_id': 'f745a9f2e3d54fbfaf05510f69519fa1', 'project_id': 'f745a9f2e3d54fbfaf05510f69519fa1', 'admin_state_up': True, 'mtu': 8950, 'status': 'ACTIVE', 'subnets': [], 'shared': False, 'port_security_enabled': True, 'router:external': False, 'provider:network_type': 'vlan', 'provider:physical_network': 'default', 'provider:segmentation_id': 290, 'availability_zone_hints': [], 'availability_zones': [], 'ipv4_address_scope': None, 'ipv6_address_scope': None, 'description': '', 'tags': [], 'created_at': '2025-11-23T04:01:43Z', 'updated_at': '2025-11-23T04:01:43Z', 'revision_number': 1}, Subnet: {'id': '302b0617-d0b8-4f58-966a-a3d373887197', 'name': 'tempest-ListServerFiltersTestJSON-850302988-subnet', 'tenant_id': 'f745a9f2e3d54fbfaf05510f69519fa1', 'network_id': '1bd6b83b-cc36-4218-97db-b01d0f9919a7', 'ip_version': 4, 'subnetpool_id': None, 'enable_dhcp': True, 'ipv6_ra_mode': None, 'ipv6_address_mode': None, 'gateway_ip': '192.168.128.1', 'cidr': '192.168.128.0/28', 'allocation_pools': [{'start': '192.168.128.2', 'end': '192.168.128.14'}], 'host_routes': [], 'dns_nameservers': [], 'description': '', 'router:external': False, 'service_types': [], 'tags': [], 'created_at': '2025-11-23T04:01:44Z', 'updated_at': '2025-11-23T04:01:44Z', 'revision_number': 0, 'project_id': 'f745a9f2e3d54fbfaf05510f69519fa1'}, Router: None
2025-11-23 04:01:44.375 67632 INFO tempest.lib.common.rest_client [req-4f5b3b78-ed06-4b74-b5ee-51bf7fdd8c12 req-4f5b3b78-ed06-4b74-b5ee-51bf7fdd8c12 ] Request (ListServerFiltersTestJSON:setUpClass): 201 POST http://10.180.1.21/identity/v3/auth/tokens 0.121s
2025-11-23 04:01:44.411 67632 INFO tempest.lib.common.rest_client [req-397ce3b6-6a95-4603-8d17-9deed5b4a5d8 req-397ce3b6-6a95-4603-8d17-9deed5b4a5d8 ] Request (ListServerFiltersTestJSON:setUpClass): 201 POST http://10.180.1.21/identity/v3/auth/tokens 0.032s
2025-11-23 04:01:44.412 67632 INFO tempest.lib.common.fixed_network [-] (ListServerFiltersTestJSON:setUpClass) Found network {'id': '1bd6b83b-cc36-4218-97db-b01d0f9919a7', 'name': 'tempest-ListServerFiltersTestJSON-850302988-network', 'tenant_id': 'f745a9f2e3d54fbfaf05510f69519fa1', 'project_id': 'f745a9f2e3d54fbfaf05510f69519fa1', 'admin_state_up': True, 'mtu': 8950, 'status': 'ACTIVE', 'subnets': [], 'shared': False, 'port_security_enabled': True, 'router:external': False, 'provider:network_type': 'vlan', 'provider:physical_network': 'default', 'provider:segmentation_id': 290, 'availability_zone_hints': [], 'availability_zones': [], 'ipv4_address_scope': None, 'ipv6_address_scope': None, 'description': '', 'tags': [], 'created_at': '2025-11-23T04:01:43Z', 'updated_at': '2025-11-23T04:01:43Z', 'revision_number': 1} available for tenant
2025-11-23 04:01:44.446 67632 INFO tempest.lib.common.rest_client [req-ba90fc76-c35c-4ec4-9e23-f114ed938bbf req-ba90fc76-c35c-4ec4-9e23-f114ed938bbf ] Request (ListServerFiltersTestJSON:setUpClass): 201 POST http://10.180.1.21/identity/v3/auth/tokens 0.032s
2025-11-23 04:01:44.447 67632 INFO tempest.lib.common.fixed_network [-] (ListServerFiltersTestJSON:setUpClass) Found network {'id': '1bd6b83b-cc36-4218-97db-b01d0f9919a7', 'name': 'tempest-ListServerFiltersTestJSON-850302988-network', 'tenant_id': 'f745a9f2e3d54fbfaf05510f69519fa1', 'project_id': 'f745a9f2e3d54fbfaf05510f69519fa1', 'admin_state_up': True, 'mtu': 8950, 'status': 'ACTIVE', 'subnets': [], 'shared': False, 'port_security_enabled': True, 'router:external': False, 'provider:network_type': 'vlan', 'provider:physical_network': 'default', 'provider:segmentation_id': 290, 'availability_zone_hints': [], 'availability_zones': [], 'ipv4_address_scope': None, 'ipv6_address_scope': None, 'description': '', 'tags': [], 'created_at': '2025-11-23T04:01:43Z', 'updated_at': '2025-11-23T04:01:43Z', 'revision_number': 1} available for tenant
2025-11-23 04:01:44.594 67686 WARNING tempest.lib.common.ssh [-] Failed to establish authenticated ssh connection to cirros@10.180.180.219 ([Errno None] Unable to connect to port 22 on 10.180.180.219). Number attempts: 4. Retry after 5 seconds.: paramiko.ssh_exception.NoValidConnectionsError: [Errno None] Unable to connect to port 22 on 10.180.180.219
2025-11-23 04:01:44.766 67680 INFO tempest.lib.common.rest_client [req-3126e018-3b37-409d-922d-91fcac951572 req-3126e018-3b37-409d-922d-91fcac951572 ] Request (InstanceActionsNegativeTestJSON:tearDownClass): 204 DELETE http://10.180.1.21/networking/v2.0/routers/c8311491-d8da-4328-bc71-1a236db50a9d 1.037s
2025-11-23 04:01:44.800 67664 INFO tempest.lib.common.rest_client [req-530d9eb7-8d47-446a-80c5-6729097d60b3 req-530d9eb7-8d47-446a-80c5-6729097d60b3 ] Request (AttachInterfacesTestJSON:test_create_list_show_delete_interfaces_by_fixed_ip): 200 GET http://10.180.1.21/compute/v2.1/servers/5017d249-a05d-4df8-8d4e-67c07ea8e4d2 5.181s
2025-11-23 04:01:44.820 67670 INFO tempest.lib.common.rest_client [req-fc7df1f4-d042-4bb6-9ec5-c8e246c1d930 req-fc7df1f4-d042-4bb6-9ec5-c8e246c1d930 ] Request (ServerActionsV293TestJSON:setUpClass): 200 PUT http://10.180.1.21/networking/v2.0/routers/0f740f34-b8b3-4326-8dbe-97695b9cb9d2/add_router_interface 1.840s
