2025-04-16 19:18:49.241 68472 INFO tempest.lib.common.rest_client [req-824e0a41-5d4f-4507-96e2-bff4adaba6fc req-824e0a41-5d4f-4507-96e2-bff4adaba6fc ] Request (ServersWithSpecificFlavorTestJSON:test_verify_created_server_ephemeral_disk): 200 GET http://10.180.1.21/compute/v2.1/servers/c0708080-3a59-4def-b90b-1c5959d317fb 0.106s
2025-04-16 19:18:49.292 68480 INFO tempest.lib.common.rest_client [req-02934c61-4766-47e4-a6ad-ea9de093b654 req-02934c61-4766-47e4-a6ad-ea9de093b654 ] Request (ServersTestBootFromVolume:setUpClass): 200 GET http://10.180.1.21/compute/v2.1/servers/faf174e0-4af8-4f58-be5d-2f8915b0d58b 0.154s
2025-04-16 19:18:49.295 68514 INFO tempest.lib.common.rest_client [req-5ba6e020-d9df-4f4a-bbfa-0bc68a4d3238 req-5ba6e020-d9df-4f4a-bbfa-0bc68a4d3238 ] Request (ImagesOneServerTestJSON:setUpClass): 200 GET http://10.180.1.21/compute/v2.1/servers/10df4090-9ec0-4876-8925-23e585344a3b 0.207s
2025-04-16 19:18:49.349 68524 INFO tempest.lib.common.rest_client [req-5aacd49e-d19c-48ce-ac32-e318c2840472 req-5aacd49e-d19c-48ce-ac32-e318c2840472 ] Request (ImagesOneServerNegativeTestJSON:setUpClass): 200 GET http://10.180.1.21/compute/v2.1/servers/f1235b58-9673-4d54-ad1d-c48d4ff584e2 0.161s
2025-04-16 19:18:49.355 68532 INFO tempest.lib.common.rest_client [req-db4dd3e5-bae1-43c5-99e9-17c436f3b890 req-db4dd3e5-bae1-43c5-99e9-17c436f3b890 ] Request (ServerGroupTestJSON:test_create_server_with_scheduler_hint_group): 200 GET http://10.180.1.21/compute/v2.1/servers/edfef42a-a968-4c36-92a4-e608037eab3f 0.166s
2025-04-16 19:18:49.431 68526 INFO tempest.lib.common.rest_client [req-748976bd-a1eb-4737-9038-9ea88dd49da3 req-748976bd-a1eb-4737-9038-9ea88dd49da3 ] Request (ServerDiagnosticsV248Test:test_get_server_diagnostics): 200 GET http://10.180.1.21/compute/v2.1/servers/dcdac63e-b5bb-4e53-ad3f-956a8b928e2c 0.063s
2025-04-16 19:18:49.440 68497 INFO tempest.lib.common.rest_client [req-565c8e69-4a12-44dd-bb04-c03c072ca4d6 req-565c8e69-4a12-44dd-bb04-c03c072ca4d6 ] Request (VolumesAssistedSnapshotsTest:test_volume_assisted_snapshot_create_delete): 200 GET http://10.180.1.21/compute/v2.1/servers/0db07fdf-30c1-4367-999d-d9e8e9763b45 0.076s
2025-04-16 19:18:49.480 68490 INFO tempest.lib.common.rest_client [req-c1d98333-95d2-4aa4-a3f4-c7931ef8584f req-c1d98333-95d2-4aa4-a3f4-c7931ef8584f ] Request (MultipleCreateTestJSON:test_multiple_create): 200 GET http://10.180.1.21/compute/v2.1/servers/afe91255-b954-4518-b0ca-a1f4ddcfd9ba 0.065s
2025-04-16 19:18:49.500 68504 INFO tempest.lib.common.rest_client [req-9f28c008-6f60-4388-b916-e15851e1232a req-9f28c008-6f60-4388-b916-e15851e1232a ] Request (ServerRescueTestJSON:setUpClass): 200 GET http://10.180.1.21/compute/v2.1/servers/e2e34a7a-d419-4fc8-ae82-ff5874aa23d1 0.082s
2025-04-16 19:18:49.564 68530 INFO tempest.lib.common.rest_client [req-850773cb-8e5c-410e-8e8a-4122a6b85d5f req-850773cb-8e5c-410e-8e8a-4122a6b85d5f ] Request (ServersAdmin275Test:test_rebuild_update_server_275): 200 GET http://10.180.1.21/compute/v2.1/servers/a390ced6-9e41-46f3-a330-72d745aeab91 0.093s
2025-04-16 19:18:49.571 68508 INFO tempest.lib.common.rest_client [req-1f6013c7-a238-408e-81ce-cf9501a3ea67 req-1f6013c7-a238-408e-81ce-cf9501a3ea67 ] Request (ServerDiagnosticsNegativeTest:test_get_server_diagnostics_by_non_admin): 200 GET http://10.180.1.21/compute/v2.1/servers/108001a3-ff36-475b-a7a5-8e0e197c62a8 0.098s
2025-04-16 19:18:49.574 68530 INFO tempest.common.waiters [-] State transition "BUILD/spawning" ==> "ERROR/None" after 136 second wait
2025-04-16 19:18:49.614 68499 INFO tempest.lib.common.rest_client [req-fadf08ad-e56c-42d8-b293-79ff2b017887 req-fadf08ad-e56c-42d8-b293-79ff2b017887 ] Request (AttachInterfacesUnderV243Test:test_add_remove_fixed_ip): 200 GET http://10.180.1.21/compute/v2.1/servers/bcaa671a-38d8-45a5-b772-7d856594f700 0.086s
2025-04-16 19:18:49.668 68500 INFO tempest.lib.common.rest_client [req-36f8d579-2923-400e-8fda-da3ce136fe62 req-36f8d579-2923-400e-8fda-da3ce136fe62 ] Request (ServerActionsTestOtherA:setUpClass): 200 GET http://10.180.1.21/compute/v2.1/servers/cef5dc8e-1a5c-4248-9bac-ff25880588ed 0.085s
2025-04-16 19:18:49.675 68500 INFO tempest.common.waiters [-] State transition "BUILD/scheduling" ==> "BUILD/None" after 104 second wait
2025-04-16 19:18:49.792 68520 INFO tempest.lib.common.rest_client [req-eda21514-8270-45d2-8347-fb3bb4af01ef req-eda21514-8270-45d2-8347-fb3bb4af01ef ] Request (FloatingIPsAssociationNegativeTestJSON:setUpClass): 200 GET http://10.180.1.21/compute/v2.1/servers/4d692986-413f-4c9b-b5cc-de43d2ca498d 0.169s
2025-04-16 19:18:49.842 68476 INFO tempest.lib.common.rest_client [req-303e0342-5f6b-405b-b61e-a0f1c0167008 req-303e0342-5f6b-405b-b61e-a0f1c0167008 ] Request (SecurityGroupsTestJSON:test_list_security_groups_by_server): 200 GET http://10.180.1.21/compute/v2.1/servers/0156b780-3e46-4283-829c-9439698f3c8a 0.203s
2025-04-16 19:18:49.848 68530 INFO tempest.lib.common.rest_client [req-9e8bf886-d2f0-4c60-8daa-43510becda67 req-9e8bf886-d2f0-4c60-8daa-43510becda67 ] Request (ServersAdmin275Test:tearDownClass): 204 DELETE http://10.180.1.21/compute/v2.1/servers/a390ced6-9e41-46f3-a330-72d745aeab91 0.268s
2025-04-16 19:18:49.910 68510 INFO tempest.lib.common.rest_client [req-02d093b1-276f-47af-9794-35150945a3aa req-02d093b1-276f-47af-9794-35150945a3aa ] Request (AttachInterfacesV270Test:test_create_get_list_interfaces): 200 GET http://10.180.1.21/compute/v2.1/servers/d9b69c9f-9ad6-4605-a7b5-54eed2035cc0 0.217s
2025-04-16 19:18:49.964 68528 INFO tempest.lib.common.rest_client [req-dc332b4c-ad3e-4521-9004-021fd2fad04e req-dc332b4c-ad3e-4521-9004-021fd2fad04e ] Request (InstanceActionsNegativeTestJSON:setUpClass): 200 GET http://10.180.1.21/compute/v2.1/servers/6b13d579-06d7-4bd4-a632-0cd978074902 0.226s
2025-04-16 19:18:49.969 68474 INFO tempest.lib.common.rest_client [req-dbb3d065-b9aa-4894-9af0-150ce2028e70 req-dbb3d065-b9aa-4894-9af0-150ce2028e70 ] Request (DeleteServersAdminTestJSON:test_admin_delete_servers_of_others): 200 GET http://10.180.1.21/compute/v2.1/servers/3c6604f4-4be4-45e5-9ff7-fe9ac96693ae 0.232s
2025-04-16 19:18:49.986 68530 INFO tempest.lib.common.rest_client [req-28ff0308-bb4e-4cf6-8bcd-9b29c8ea76d5 req-28ff0308-bb4e-4cf6-8bcd-9b29c8ea76d5 ] Request (ServersAdmin275Test:tearDownClass): 404 GET http://10.180.1.21/compute/v2.1/servers/a390ced6-9e41-46f3-a330-72d745aeab91 0.138s
2025-04-16 19:18:50.020 68486 INFO tempest.lib.common.rest_client [req-93d2b637-df1f-45f1-9c75-52186b113a23 req-93d2b637-df1f-45f1-9c75-52186b113a23 ] Request (ServerDiskConfigTestJSON:test_rebuild_server_with_auto_disk_config): 200 GET http://10.180.1.21/compute/v2.1/servers/2243c245-bbb3-43b7-89a9-fb727d452885 0.225s
2025-04-16 19:18:50.037 68484 INFO tempest.lib.common.rest_client [req-69082d6b-0464-46a4-8ae0-21dc1c9ead15 req-69082d6b-0464-46a4-8ae0-21dc1c9ead15 ] Request (ServerShowV254Test:test_rebuild_server): 200 GET http://10.180.1.21/compute/v2.1/servers/d2e2cf0b-1028-4df3-9170-dc616a04fdc3 0.185s
2025-04-16 19:18:50.088 68492 INFO tempest.lib.common.rest_client [req-46aa0cbc-d9f7-49eb-8fb5-04f4fbfcb883 req-46aa0cbc-d9f7-49eb-8fb5-04f4fbfcb883 ] Request (ServersTestFqdnHostnames:test_create_server_with_fqdn_name): 200 GET http://10.180.1.21/compute/v2.1/servers/a5d1581e-4152-47fd-801b-e88f94dd0546 0.177s
2025-04-16 19:18:50.104 68530 INFO tempest.lib.common.rest_client [req-08f51fd7-b34b-4690-9515-c3c897970edb req-08f51fd7-b34b-4690-9515-c3c897970edb ] Request (ServersAdmin275Test:tearDownClass): 204 DELETE http://10.180.1.21/identity/v3/users/0da9c7b40ffa4f46bf8448b6672070c4 0.117s
2025-04-16 19:18:50.142 68482 INFO tempest.lib.common.rest_client [req-4e06209c-0697-4fc2-9a4f-9bde2f775688 req-4e06209c-0697-4fc2-9a4f-9bde2f775688 ] Request (ImagesNegativeTestJSON:test_create_image_from_deleted_server): 200 GET http://10.180.1.21/compute/v2.1/servers/3d27a0be-599b-4bb4-89db-ff79d33047c8 0.283s
2025-04-16 19:18:50.199 68530 INFO tempest.lib.common.rest_client [req-f4bbe80f-2a61-446e-826e-6b69f5a2c632 req-f4bbe80f-2a61-446e-826e-6b69f5a2c632 ] Request (ServersAdmin275Test:tearDownClass): 204 DELETE http://10.180.1.21/identity/v3/users/4f4a299fec0f4832a2306fedb2fbc77f 0.095s
2025-04-16 19:18:50.199 68530 INFO tempest.lib.common.dynamic_creds [-] Deleting project and security group for project: ee6134cfaef34b748c0bc083f39eff99
2025-04-16 19:18:50.203 68488 INFO tempest.lib.common.rest_client [req-fc0224ef-5f54-4c27-86cf-047a85e0d076 req-fc0224ef-5f54-4c27-86cf-047a85e0d076 ] Request (MigrationsAdminTest:test_list_migrations_in_flavor_resize_situation): 200 GET http://10.180.1.21/compute/v2.1/servers/b8aaf064-e8a6-444a-83cd-6a7e02b82f33 0.250s
2025-04-16 19:18:50.203 68518 INFO tempest.lib.common.rest_client [req-c5bfec0b-e253-438c-944b-f1a8bfc5a625 req-c5bfec0b-e253-438c-944b-f1a8bfc5a625 ] Request (ServersV294TestFqdnHostnames:setUpClass): 200 GET http://10.180.1.21/compute/v2.1/servers/0702f4fa-2d01-4be3-abe8-faa32566d65d 0.237s
2025-04-16 19:18:50.259 68478 INFO tempest.lib.common.rest_client [req-1f297c43-52ac-411c-9d03-efe4181bdb21 req-1f297c43-52ac-411c-9d03-efe4181bdb21 ] Request (ServerActionsV293TestJSON:setUpClass): 200 GET http://10.180.1.21/compute/v2.1/servers/a6920ad4-bf1c-4daa-9b9a-81e782c88a20 0.256s
2025-04-16 19:18:50.263 68530 INFO tempest.lib.common.rest_client [req-060b2dce-a222-403e-8636-05fe04dd375d req-060b2dce-a222-403e-8636-05fe04dd375d ] Request (ServersAdmin275Test:tearDownClass): 201 POST http://10.180.1.21/identity/v3/auth/tokens 0.064s
2025-04-16 19:18:50.404 68502 INFO tempest.lib.common.rest_client [req-be81a231-0cc2-4a3b-8a2c-40ddbe5e65ca req-be81a231-0cc2-4a3b-8a2c-40ddbe5e65ca ] Request (ServerExternalEventsTest:test_create_server_external_events): 200 GET http://10.180.1.21/compute/v2.1/servers/046c6f49-9cbd-4e5a-8a26-d0bc11a57d51 0.226s
2025-04-16 19:18:50.423 68522 INFO tempest.lib.common.rest_client [req-9c58b641-8179-41d8-a4e0-d176c6c8a404 req-9c58b641-8179-41d8-a4e0-d176c6c8a404 ] Request (InstanceActionsV221TestJSON:test_get_list_deleted_instance_actions): 200 GET http://10.180.1.21/compute/v2.1/servers/e575e1c7-7f35-41de-96e7-0771a4137bf5 0.343s
2025-04-16 19:18:50.494 68472 INFO tempest.lib.common.rest_client [req-0426ed8a-548a-48f8-81eb-4b9d4814a4ab req-0426ed8a-548a-48f8-81eb-4b9d4814a4ab ] Request (ServersWithSpecificFlavorTestJSON:test_verify_created_server_ephemeral_disk): 200 GET http://10.180.1.21/compute/v2.1/servers/c0708080-3a59-4def-b90b-1c5959d317fb 0.245s
2025-04-16 19:18:50.554 68530 INFO tempest.lib.common.rest_client [req-ab0f6b2c-1be8-43b3-8500-e1246c063d7d req-ab0f6b2c-1be8-43b3-8500-e1246c063d7d ] Request (ServersAdmin275Test:tearDownClass): 200 GET http://10.180.1.21:9696/networking/v2.0/security-groups?tenant_id=ee6134cfaef34b748c0bc083f39eff99&name=default 0.290s
2025-04-16 19:18:50.578 68480 INFO tempest.lib.common.rest_client [req-9f9f0f07-ba81-40f7-9f9d-b96d79551fc8 req-9f9f0f07-ba81-40f7-9f9d-b96d79551fc8 ] Request (ServersTestBootFromVolume:setUpClass): 200 GET http://10.180.1.21/compute/v2.1/servers/faf174e0-4af8-4f58-be5d-2f8915b0d58b 0.276s
2025-04-16 19:18:50.659 68534 INFO tempest.lib.common.rest_client [req-afa44155-d8c6-4939-b8e7-93e8e81c456b req-afa44155-d8c6-4939-b8e7-93e8e81c456b ] Request (ServersNegativeTestJSON:setUpClass): 200 GET http://10.180.1.21/compute/v2.1/servers/fe79ae03-c408-4d18-914e-e64065998663 0.461s
2025-04-16 19:18:50.723 68524 INFO tempest.lib.common.rest_client [req-f9b9df80-00f4-4efd-a99e-94a8a7e37223 req-f9b9df80-00f4-4efd-a99e-94a8a7e37223 ] Request (ImagesOneServerNegativeTestJSON:setUpClass): 200 GET http://10.180.1.21/compute/v2.1/servers/f1235b58-9673-4d54-ad1d-c48d4ff584e2 0.364s
2025-04-16 19:18:50.738 68530 INFO tempest.lib.common.rest_client [req-55b5a1e4-ab0f-4def-af3e-72662b07e006 req-55b5a1e4-ab0f-4def-af3e-72662b07e006 ] Request (ServersAdmin275Test:tearDownClass): 204 DELETE http://10.180.1.21:9696/networking/v2.0/security-groups/89837ff1-5df9-434c-a7bd-c377c5843b6e 0.183s
2025-04-16 19:18:50.779 68532 INFO tempest.lib.common.rest_client [req-44d338c4-dbe8-475d-9aee-48bd30c8a30b req-44d338c4-dbe8-475d-9aee-48bd30c8a30b ] Request (ServerGroupTestJSON:test_create_server_with_scheduler_hint_group): 200 GET http://10.180.1.21/compute/v2.1/servers/edfef42a-a968-4c36-92a4-e608037eab3f 0.411s
2025-04-16 19:18:50.801 68514 INFO tempest.lib.common.rest_client [req-b0f289ef-7194-4d68-9432-fcfc88786b0c req-b0f289ef-7194-4d68-9432-fcfc88786b0c ] Request (ImagesOneServerTestJSON:setUpClass): 200 GET http://10.180.1.21/compute/v2.1/servers/10df4090-9ec0-4876-8925-23e585344a3b 0.499s
2025-04-16 19:18:50.817 68530 INFO tempest.lib.common.rest_client [req-3aa4987c-4224-4b4a-8236-306cbefe49b0 req-3aa4987c-4224-4b4a-8236-306cbefe49b0 ] Request (ServersAdmin275Test:tearDownClass): 204 DELETE http://10.180.1.21/identity/v3/projects/ee6134cfaef34b748c0bc083f39eff99 0.078s
2025-04-16 19:18:50.817 68530 INFO tempest.lib.common.dynamic_creds [-] Deleting project and security group for project: c73010960a77441f95e7f985e8f35393
2025-04-16 19:18:50.842 68526 INFO tempest.lib.common.rest_client [req-ec1e9871-ecb1-4f0a-9932-c3afbe192f49 req-ec1e9871-ecb1-4f0a-9932-c3afbe192f49 ] Request (ServerDiagnosticsV248Test:test_get_server_diagnostics): 200 GET http://10.180.1.21/compute/v2.1/servers/dcdac63e-b5bb-4e53-ad3f-956a8b928e2c 0.396s
2025-04-16 19:18:50.863 68497 INFO tempest.lib.common.rest_client [req-a4131632-5900-4848-95de-2205ebc2503a req-a4131632-5900-4848-95de-2205ebc2503a ] Request (VolumesAssistedSnapshotsTest:test_volume_assisted_snapshot_create_delete): 200 GET http://10.180.1.21/compute/v2.1/servers/0db07fdf-30c1-4367-999d-d9e8e9763b45 0.415s
2025-04-16 19:18:50.897 68490 INFO tempest.lib.common.rest_client [req-b5b4f149-0cdb-4d8f-b516-e056f44582f2 req-b5b4f149-0cdb-4d8f-b516-e056f44582f2 ] Request (MultipleCreateTestJSON:test_multiple_create): 200 GET http://10.180.1.21/compute/v2.1/servers/afe91255-b954-4518-b0ca-a1f4ddcfd9ba 0.409s
2025-04-16 19:18:50.921 68504 INFO tempest.lib.common.rest_client [req-6a17d709-42bd-4854-a1b2-6da99e46c9fa req-6a17d709-42bd-4854-a1b2-6da99e46c9fa ] Request (ServerRescueTestJSON:setUpClass): 200 GET http://10.180.1.21/compute/v2.1/servers/e2e34a7a-d419-4fc8-ae82-ff5874aa23d1 0.413s
2025-04-16 19:18:50.952 68508 INFO tempest.lib.common.rest_client [req-5e1da6f1-edd0-40c6-9a64-6811afc50e0c req-5e1da6f1-edd0-40c6-9a64-6811afc50e0c ] Request (ServerDiagnosticsNegativeTest:test_get_server_diagnostics_by_non_admin): 200 GET http://10.180.1.21/compute/v2.1/servers/108001a3-ff36-475b-a7a5-8e0e197c62a8 0.372s
2025-04-16 19:18:50.959 68530 INFO tempest.lib.common.rest_client [req-807bb51e-abb6-4c6d-b9e3-4e5849457e5a req-807bb51e-abb6-4c6d-b9e3-4e5849457e5a ] Request (ServersAdmin275Test:tearDownClass): 200 GET http://10.180.1.21:9696/networking/v2.0/security-groups?tenant_id=c73010960a77441f95e7f985e8f35393&name=default 0.141s
2025-04-16 19:18:50.973 68499 INFO tempest.lib.common.rest_client [req-b4005511-e6e8-4ab4-9c8c-329c307f384a req-b4005511-e6e8-4ab4-9c8c-329c307f384a ] Request (AttachInterfacesUnderV243Test:test_add_remove_fixed_ip): 200 GET http://10.180.1.21/compute/v2.1/servers/bcaa671a-38d8-45a5-b772-7d856594f700 0.351s
2025-04-16 19:18:51.115 68530 INFO tempest.lib.common.rest_client [req-95dbe207-c763-4ef3-8684-e7cd593fc9d3 req-95dbe207-c763-4ef3-8684-e7cd593fc9d3 ] Request (ServersAdmin275Test:tearDownClass): 204 DELETE http://10.180.1.21:9696/networking/v2.0/security-groups/cb7d72c1-fa0c-4a3a-ade4-90da1e037873 0.155s
2025-04-16 19:18:51.118 68520 INFO tempest.lib.common.rest_client [req-c6c21633-4304-4337-87ca-84d47d2f0c50 req-c6c21633-4304-4337-87ca-84d47d2f0c50 ] Request (FloatingIPsAssociationNegativeTestJSON:setUpClass): 200 GET http://10.180.1.21/compute/v2.1/servers/4d692986-413f-4c9b-b5cc-de43d2ca498d 0.318s
2025-04-16 19:18:51.145 68500 INFO tempest.lib.common.rest_client [req-e96e577e-7afd-4024-bac5-81796f56bd43 req-e96e577e-7afd-4024-bac5-81796f56bd43 ] Request (ServerActionsTestOtherA:setUpClass): 200 GET http://10.180.1.21/compute/v2.1/servers/cef5dc8e-1a5c-4248-9bac-ff25880588ed 0.468s
2025-04-16 19:18:51.152 68500 INFO tempest.common.waiters [-] State transition "BUILD/None" ==> "BUILD/spawning" after 106 second wait
2025-04-16 19:18:51.176 68476 INFO tempest.lib.common.rest_client [req-b93e4c28-8581-4a5f-8494-06d39885ce38 req-b93e4c28-8581-4a5f-8494-06d39885ce38 ] Request (SecurityGroupsTestJSON:test_list_security_groups_by_server): 200 GET http://10.180.1.21/compute/v2.1/servers/0156b780-3e46-4283-829c-9439698f3c8a 0.326s
2025-04-16 19:18:51.229 68530 INFO tempest.lib.common.rest_client [req-120bfe35-ce4d-4b12-9c71-16ceb19e2c55 req-120bfe35-ce4d-4b12-9c71-16ceb19e2c55 ] Request (ServersAdmin275Test:tearDownClass): 204 DELETE http://10.180.1.21/identity/v3/projects/c73010960a77441f95e7f985e8f35393 0.114s
2025-04-16 19:18:51.235 68510 INFO tempest.lib.common.rest_client [req-767de884-f67d-4525-a5ad-b34c73d072f9 req-767de884-f67d-4525-a5ad-b34c73d072f9 ] Request (AttachInterfacesV270Test:test_create_get_list_interfaces): 200 GET http://10.180.1.21/compute/v2.1/servers/d9b69c9f-9ad6-4605-a7b5-54eed2035cc0 0.312s
2025-04-16 19:18:51.238 68528 INFO tempest.lib.common.rest_client [req-a1f2a36c-0c85-4064-8048-2fd6d142fe71 req-a1f2a36c-0c85-4064-8048-2fd6d142fe71 ] Request (InstanceActionsNegativeTestJSON:setUpClass): 200 GET http://10.180.1.21/compute/v2.1/servers/6b13d579-06d7-4bd4-a632-0cd978074902 0.261s
2025-04-16 19:18:51.285 68486 INFO tempest.lib.common.rest_client [req-96b15827-3f86-44d0-98ca-0b2e854527db req-96b15827-3f86-44d0-98ca-0b2e854527db ] Request (ServerDiskConfigTestJSON:test_rebuild_server_with_auto_disk_config): 200 GET http://10.180.1.21/compute/v2.1/servers/2243c245-bbb3-43b7-89a9-fb727d452885 0.257s
2025-04-16 19:18:51.286 68530 INFO tempest.lib.common.rest_client [req-80b88ac5-4a08-4c97-a0a0-477bae4cabd8 req-80b88ac5-4a08-4c97-a0a0-477bae4cabd8 ] Request (ServersAdminNegativeTestJSON:setUpClass): 201 POST http://10.180.1.21/identity/v3/auth/tokens 0.055s
2025-04-16 19:18:51.313 68530 INFO tempest.lib.common.rest_client [req-ef02d460-f4ea-4bd7-aa60-643ababa7b65 req-ef02d460-f4ea-4bd7-aa60-643ababa7b65 ] Request (ServersAdminNegativeTestJSON:setUpClass): 201 POST http://10.180.1.21/identity/v3/auth/tokens 0.025s
2025-04-16 19:18:51.334 68530 INFO tempest.lib.common.rest_client [req-74a931df-9c18-4962-aefd-6c615af1e82a req-74a931df-9c18-4962-aefd-6c615af1e82a ] Request (ServersAdminNegativeTestJSON:setUpClass): 200 GET http://10.180.1.21/identity/v3/domains?name=Default 0.020s
2025-04-16 19:18:51.339 68484 INFO tempest.lib.common.rest_client [req-2939735f-5831-4295-808d-4e0598c98e1d req-2939735f-5831-4295-808d-4e0598c98e1d ] Request (ServerShowV254Test:test_rebuild_server): 200 GET http://10.180.1.21/compute/v2.1/servers/d2e2cf0b-1028-4df3-9170-dc616a04fdc3 0.293s
2025-04-16 19:18:51.351 68474 INFO tempest.lib.common.rest_client [req-34f71ecb-6f32-4e7f-b173-4bdb1ecb5d7b req-34f71ecb-6f32-4e7f-b173-4bdb1ecb5d7b ] Request (DeleteServersAdminTestJSON:test_admin_delete_servers_of_others): 200 GET http://10.180.1.21/compute/v2.1/servers/3c6604f4-4be4-45e5-9ff7-fe9ac96693ae 0.369s
2025-04-16 19:18:51.363 68530 INFO tempest.lib.common.rest_client [req-a61260a0-5664-4b88-badb-ca38b08cb32f req-a61260a0-5664-4b88-badb-ca38b08cb32f ] Request (ServersAdminNegativeTestJSON:setUpClass): 201 POST http://10.180.1.21/identity/v3/projects 0.028s
2025-04-16 19:18:51.386 68492 INFO tempest.lib.common.rest_client [req-140dc9e8-b7da-4a0f-8d77-b08b36865a31 req-140dc9e8-b7da-4a0f-8d77-b08b36865a31 ] Request (ServersTestFqdnHostnames:test_create_server_with_fqdn_name): 200 GET http://10.180.1.21/compute/v2.1/servers/a5d1581e-4152-47fd-801b-e88f94dd0546 0.291s
2025-04-16 19:18:51.419 68530 INFO tempest.lib.common.rest_client [req-027ce5b3-ef83-4d1a-ba07-af515ea16b59 req-027ce5b3-ef83-4d1a-ba07-af515ea16b59 ] Request (ServersAdminNegativeTestJSON:setUpClass): 201 POST http://10.180.1.21/identity/v3/users 0.056s
2025-04-16 19:18:51.440 68530 INFO tempest.lib.common.rest_client [req-bcd0c5ee-b491-44a2-867d-52f866347265 req-bcd0c5ee-b491-44a2-867d-52f866347265 ] Request (ServersAdminNegativeTestJSON:setUpClass): 200 GET http://10.180.1.21/identity/v3/roles 0.020s
2025-04-16 19:18:51.466 68530 INFO tempest.lib.common.rest_client [req-99c50a65-3792-47a8-b801-3a431c068dcb req-99c50a65-3792-47a8-b801-3a431c068dcb ] Request (ServersAdminNegativeTestJSON:setUpClass): 204 PUT http://10.180.1.21/identity/v3/projects/b7d3b30153ba4f4d80444b94b680407f/users/c0f73c2608bb4cde8965d08111c0182a/roles/acc2f069418e4c669206f41e81619339 0.026s
2025-04-16 19:18:51.466 68530 INFO tempest.lib.common.dynamic_creds [-] Dynamic test user c0f73c2608bb4cde8965d08111c0182a is created with scope project and roles: ['member']
2025-04-16 19:18:51.466 68530 INFO tempest.lib.common.dynamic_creds [-] Acquired dynamic creds: credentials: Credentials: {'domain_id': 'default', 'domain_name': 'Default', 'username': 'tempest-ServersAdminNegativeTestJSON-1209826617-project-member', 'project_domain_id': 'default', 'project_domain_name': 'Default', 'project_id': 'b7d3b30153ba4f4d80444b94b680407f', 'project_name': 'tempest-ServersAdminNegativeTestJSON-1209826617', 'tenant_id': 'b7d3b30153ba4f4d80444b94b680407f', 'tenant_name': 'tempest-ServersAdminNegativeTestJSON-1209826617', 'user_domain_id': 'default', 'user_domain_name': 'Default', 'user_id': 'c0f73c2608bb4cde8965d08111c0182a', 'system': None}, Network: None, Subnet: None, Router: None
2025-04-16 19:18:51.467 68530 INFO tempest.lib.common.dynamic_creds [-] Created isolated network resources for: credentials: Credentials: {'domain_id': 'default', 'domain_name': 'Default', 'username': 'tempest-ServersAdminNegativeTestJSON-1209826617-project-member', 'project_domain_id': 'default', 'project_domain_name': 'Default', 'project_id': 'b7d3b30153ba4f4d80444b94b680407f', 'project_name': 'tempest-ServersAdminNegativeTestJSON-1209826617', 'tenant_id': 'b7d3b30153ba4f4d80444b94b680407f', 'tenant_name': 'tempest-ServersAdminNegativeTestJSON-1209826617', 'user_domain_id': 'default', 'user_domain_name': 'Default', 'user_id': 'c0f73c2608bb4cde8965d08111c0182a', 'system': None}, Network: None, Subnet: None, Router: None
2025-04-16 19:18:51.537 68530 INFO tempest.lib.common.rest_client [req-2e63af97-b24a-4b81-a56e-22771a81a0c7 req-2e63af97-b24a-4b81-a56e-22771a81a0c7 ] Request (ServersAdminNegativeTestJSON:setUpClass): 201 POST http://10.180.1.21/identity/v3/auth/tokens 0.068s
2025-04-16 19:18:51.598 68530 INFO tempest.lib.common.rest_client [req-a770a307-2903-41ad-9c3c-d51655507de6 req-a770a307-2903-41ad-9c3c-d51655507de6 ] Request (ServersAdminNegativeTestJSON:setUpClass): 201 POST http://10.180.1.21/identity/v3/projects 0.060s
2025-04-16 19:18:51.619 68482 INFO tempest.lib.common.rest_client [req-06efa10d-6bcc-40c2-ba16-09a33419f003 req-06efa10d-6bcc-40c2-ba16-09a33419f003 ] Request (ImagesNegativeTestJSON:test_create_image_from_deleted_server): 200 GET http://10.180.1.21/compute/v2.1/servers/3d27a0be-599b-4bb4-89db-ff79d33047c8 0.468s
2025-04-16 19:18:51.647 68488 INFO tempest.lib.common.rest_client [req-c3fcf679-5da3-4040-baba-08e0d8b5acc7 req-c3fcf679-5da3-4040-baba-08e0d8b5acc7 ] Request (MigrationsAdminTest:test_list_migrations_in_flavor_resize_situation): 200 GET http://10.180.1.21/compute/v2.1/servers/b8aaf064-e8a6-444a-83cd-6a7e02b82f33 0.435s
2025-04-16 19:18:51.654 68530 INFO tempest.lib.common.rest_client [req-1c1dcc96-ff0a-4eac-b761-f89bebf7b3b4 req-1c1dcc96-ff0a-4eac-b761-f89bebf7b3b4 ] Request (ServersAdminNegativeTestJSON:setUpClass): 201 POST http://10.180.1.21/identity/v3/users 0.055s
2025-04-16 19:18:51.674 68518 INFO tempest.lib.common.rest_client [req-86a3cb1b-b0a5-4dbc-8cd1-a815afa6f3c1 req-86a3cb1b-b0a5-4dbc-8cd1-a815afa6f3c1 ] Request (ServersV294TestFqdnHostnames:setUpClass): 200 GET http://10.180.1.21/compute/v2.1/servers/0702f4fa-2d01-4be3-abe8-faa32566d65d 0.459s
2025-04-16 19:18:51.676 68530 INFO tempest.lib.common.rest_client [req-af287ef1-434f-4a7d-ba04-e72268019ffc req-af287ef1-434f-4a7d-ba04-e72268019ffc ] Request (ServersAdminNegativeTestJSON:setUpClass): 200 GET http://10.180.1.21/identity/v3/roles 0.022s
2025-04-16 19:18:51.704 68478 INFO tempest.lib.common.rest_client [req-4fbd5531-a7f3-477a-bdd3-2db3b9075a7f req-4fbd5531-a7f3-477a-bdd3-2db3b9075a7f ] Request (ServerActionsV293TestJSON:setUpClass): 200 GET http://10.180.1.21/compute/v2.1/servers/a6920ad4-bf1c-4daa-9b9a-81e782c88a20 0.433s
2025-04-16 19:18:51.704 68530 INFO tempest.lib.common.rest_client [req-e261de4b-cc21-43db-b243-c10065dc39c4 req-e261de4b-cc21-43db-b243-c10065dc39c4 ] Request (ServersAdminNegativeTestJSON:setUpClass): 204 PUT http://10.180.1.21/identity/v3/projects/378af81cc70c4d97b9b1b0a3bed16b43/users/534a578fed934345ab9a0972e19622e7/roles/e5878d3fbe2e4c3f98ee05579d9cc138 0.027s
2025-04-16 19:18:51.755 68530 INFO tempest.lib.common.rest_client [req-d72f967b-c114-4dce-8511-e76f1f615b42 req-d72f967b-c114-4dce-8511-e76f1f615b42 ] Request (ServersAdminNegativeTestJSON:setUpClass): 200 GET http://10.180.1.21/identity/v3/roles 0.051s
2025-04-16 19:18:51.774 68530 INFO tempest.lib.common.rest_client [req-f0d7e337-e3f1-43e1-bdcf-61b90cd2ee12 req-f0d7e337-e3f1-43e1-bdcf-61b90cd2ee12 ] Request (ServersAdminNegativeTestJSON:setUpClass): 204 PUT http://10.180.1.21/identity/v3/projects/378af81cc70c4d97b9b1b0a3bed16b43/users/534a578fed934345ab9a0972e19622e7/roles/e5878d3fbe2e4c3f98ee05579d9cc138 0.018s
2025-04-16 19:18:51.774 68530 INFO tempest.lib.common.dynamic_creds [-] Dynamic test user 534a578fed934345ab9a0972e19622e7 is created with scope project and roles: ['admin']
2025-04-16 19:18:51.774 68530 INFO tempest.lib.common.dynamic_creds [-] Acquired dynamic creds: credentials: Credentials: {'domain_id': 'default', 'domain_name': 'Default', 'username': 'tempest-ServersAdminNegativeTestJSON-58372281-project-admin', 'project_domain_id': 'default', 'project_domain_name': 'Default', 'project_id': '378af81cc70c4d97b9b1b0a3bed16b43', 'project_name': 'tempest-ServersAdminNegativeTestJSON-58372281', 'tenant_id': '378af81cc70c4d97b9b1b0a3bed16b43', 'tenant_name': 'tempest-ServersAdminNegativeTestJSON-58372281', 'user_domain_id': 'default', 'user_domain_name': 'Default', 'user_id': '534a578fed934345ab9a0972e19622e7', 'system': None}, Network: None, Subnet: None, Router: None
2025-04-16 19:18:51.775 68530 INFO tempest.lib.common.dynamic_creds [-] Created isolated network resources for: credentials: Credentials: {'domain_id': 'default', 'domain_name': 'Default', 'username': 'tempest-ServersAdminNegativeTestJSON-58372281-project-admin', 'project_domain_id': 'default', 'project_domain_name': 'Default', 'project_id': '378af81cc70c4d97b9b1b0a3bed16b43', 'project_name': 'tempest-ServersAdminNegativeTestJSON-58372281', 'tenant_id': '378af81cc70c4d97b9b1b0a3bed16b43', 'tenant_name': 'tempest-ServersAdminNegativeTestJSON-58372281', 'user_domain_id': 'default', 'user_domain_name': 'Default', 'user_id': '534a578fed934345ab9a0972e19622e7', 'system': None}, Network: None, Subnet: None, Router: None
2025-04-16 19:18:51.792 68502 INFO tempest.lib.common.rest_client [req-48cdaf21-e5b2-490a-8393-00275857fc97 req-48cdaf21-e5b2-490a-8393-00275857fc97 ] Request (ServerExternalEventsTest:test_create_server_external_events): 200 GET http://10.180.1.21/compute/v2.1/servers/046c6f49-9cbd-4e5a-8a26-d0bc11a57d51 0.379s
2025-04-16 19:18:51.825 68522 INFO tempest.lib.common.rest_client [req-0812cb79-fb6a-4969-812b-d9747ad8db51 req-0812cb79-fb6a-4969-812b-d9747ad8db51 ] Request (InstanceActionsV221TestJSON:test_get_list_deleted_instance_actions): 200 GET http://10.180.1.21/compute/v2.1/servers/e575e1c7-7f35-41de-96e7-0771a4137bf5 0.383s
2025-04-16 19:18:51.846 68530 INFO tempest.lib.common.rest_client [req-18e596e2-31e5-4852-b38c-8170292241c7 req-18e596e2-31e5-4852-b38c-8170292241c7 ] Request (ServersAdminNegativeTestJSON:setUpClass): 201 POST http://10.180.1.21/identity/v3/auth/tokens 0.068s
2025-04-16 19:18:51.847 68472 INFO tempest.lib.common.rest_client [req-563cbc4d-f962-4a80-9266-906f0b344948 req-563cbc4d-f962-4a80-9266-906f0b344948 ] Request (ServersWithSpecificFlavorTestJSON:test_verify_created_server_ephemeral_disk): 200 GET http://10.180.1.21/compute/v2.1/servers/c0708080-3a59-4def-b90b-1c5959d317fb 0.343s
2025-04-16 19:18:51.847 68530 WARNING tempest.lib.common.rest_client [-] Deprecated: "tenant_id" property is deprecated for removal, use "project_id" instead
2025-04-16 19:18:51.869 68480 INFO tempest.lib.common.rest_client [req-5c6ea015-0881-47cd-97fd-22bc328e65fc req-5c6ea015-0881-47cd-97fd-22bc328e65fc ] Request (ServersTestBootFromVolume:setUpClass): 200 GET http://10.180.1.21/compute/v2.1/servers/faf174e0-4af8-4f58-be5d-2f8915b0d58b 0.281s
2025-04-16 19:18:51.898 68530 INFO tempest.lib.common.rest_client [req-cb6a73c0-abd6-4c45-8452-b2efd011988a req-cb6a73c0-abd6-4c45-8452-b2efd011988a ] Request (ServersAdminNegativeTestJSON:setUpClass): 201 POST http://10.180.1.21/identity/v3/auth/tokens 0.048s
2025-04-16 19:18:51.898 68530 INFO tempest.lib.common.fixed_network [-] (ServersAdminNegativeTestJSON:setUpClass) Found network None available for tenant
2025-04-16 19:18:51.919 68524 INFO tempest.lib.common.rest_client [req-dc40cfa6-ff21-4212-96e2-d2578c12a93b req-dc40cfa6-ff21-4212-96e2-d2578c12a93b ] Request (ImagesOneServerNegativeTestJSON:setUpClass): 200 GET http://10.180.1.21/compute/v2.1/servers/f1235b58-9673-4d54-ad1d-c48d4ff584e2 0.186s
2025-04-16 19:18:51.939 68534 INFO tempest.lib.common.rest_client [req-f8b0f487-2792-457f-89a2-c68bea8c1606 req-f8b0f487-2792-457f-89a2-c68bea8c1606 ] Request (ServersNegativeTestJSON:setUpClass): 200 GET http://10.180.1.21/compute/v2.1/servers/fe79ae03-c408-4d18-914e-e64065998663 0.268s
2025-04-16 19:18:51.961 68532 INFO tempest.lib.common.rest_client [req-2b3034c0-607e-4368-8b87-ec8f5f93c9c2 req-2b3034c0-607e-4368-8b87-ec8f5f93c9c2 ] Request (ServerGroupTestJSON:test_create_server_with_scheduler_hint_group): 200 GET http://10.180.1.21/compute/v2.1/servers/edfef42a-a968-4c36-92a4-e608037eab3f 0.170s
2025-04-16 19:18:52.012 68526 INFO tempest.lib.common.rest_client [req-531b36f1-a9a8-428e-bfdc-5098fa0fd7ae req-531b36f1-a9a8-428e-bfdc-5098fa0fd7ae ] Request (ServerDiagnosticsV248Test:test_get_server_diagnostics): 200 GET http://10.180.1.21/compute/v2.1/servers/dcdac63e-b5bb-4e53-ad3f-956a8b928e2c 0.161s
2025-04-16 19:18:52.033 68514 INFO tempest.lib.common.rest_client [req-b1073aa0-4c71-4044-9755-151e45a8a50a req-b1073aa0-4c71-4044-9755-151e45a8a50a ] Request (ImagesOneServerTestJSON:setUpClass): 200 GET http://10.180.1.21/compute/v2.1/servers/10df4090-9ec0-4876-8925-23e585344a3b 0.220s
2025-04-16 19:18:52.054 68497 INFO tempest.lib.common.rest_client [req-d8569c97-b1fd-4929-a9c0-dc83ba9c28fb req-d8569c97-b1fd-4929-a9c0-dc83ba9c28fb ] Request (VolumesAssistedSnapshotsTest:test_volume_assisted_snapshot_create_delete): 200 GET http://10.180.1.21/compute/v2.1/servers/0db07fdf-30c1-4367-999d-d9e8e9763b45 0.182s
2025-04-16 19:18:52.096 68490 INFO tempest.lib.common.rest_client [req-cccf187b-23b0-4d64-9c78-090d30fd9cd2 req-cccf187b-23b0-4d64-9c78-090d30fd9cd2 ] Request (MultipleCreateTestJSON:test_multiple_create): 200 GET http://10.180.1.21/compute/v2.1/servers/afe91255-b954-4518-b0ca-a1f4ddcfd9ba 0.191s
2025-04-16 19:18:52.144 68504 INFO tempest.lib.common.rest_client [req-9cd9950f-0c72-47cc-87a1-d2c57f77959b req-9cd9950f-0c72-47cc-87a1-d2c57f77959b ] Request (ServerRescueTestJSON:setUpClass): 200 GET http://10.180.1.21/compute/v2.1/servers/e2e34a7a-d419-4fc8-ae82-ff5874aa23d1 0.212s
2025-04-16 19:18:52.198 68508 INFO tempest.lib.common.rest_client [req-a6e4c139-96fc-410b-bcd5-06f27505fee9 req-a6e4c139-96fc-410b-bcd5-06f27505fee9 ] Request (ServerDiagnosticsNegativeTest:test_get_server_diagnostics_by_non_admin): 200 GET http://10.180.1.21/compute/v2.1/servers/108001a3-ff36-475b-a7a5-8e0e197c62a8 0.238s
2025-04-16 19:18:52.241 68499 INFO tempest.lib.common.rest_client [req-688b79ae-d98e-42ee-a306-63d38da90649 req-688b79ae-d98e-42ee-a306-63d38da90649 ] Request (AttachInterfacesUnderV243Test:test_add_remove_fixed_ip): 200 GET http://10.180.1.21/compute/v2.1/servers/bcaa671a-38d8-45a5-b772-7d856594f700 0.257s
2025-04-16 19:18:52.313 68530 INFO tempest.lib.common.rest_client [req-971e1162-cdd2-4066-a25b-20c0cf282055 req-971e1162-cdd2-4066-a25b-20c0cf282055 ] Request (ServersAdminNegativeTestJSON:setUpClass): 202 POST http://10.180.1.21/compute/v2.1/servers 0.414s
2025-04-16 19:18:52.329 68520 INFO tempest.lib.common.rest_client [req-41f171d4-36bf-45a3-8e3d-727a2480ea28 req-41f171d4-36bf-45a3-8e3d-727a2480ea28 ] Request (FloatingIPsAssociationNegativeTestJSON:setUpClass): 200 GET http://10.180.1.21/compute/v2.1/servers/4d692986-413f-4c9b-b5cc-de43d2ca498d 0.198s
2025-04-16 19:18:52.379 68476 INFO tempest.lib.common.rest_client [req-a553716f-09e3-472e-8f17-2b83842ded54 req-a553716f-09e3-472e-8f17-2b83842ded54 ] Request (SecurityGroupsTestJSON:test_list_security_groups_by_server): 200 GET http://10.180.1.21/compute/v2.1/servers/0156b780-3e46-4283-829c-9439698f3c8a 0.194s
2025-04-16 19:18:52.418 68500 INFO tempest.lib.common.rest_client [req-476a98c9-15f7-446a-bcc6-44e043864a0c req-476a98c9-15f7-446a-bcc6-44e043864a0c ] Request (ServerActionsTestOtherA:setUpClass): 200 GET http://10.180.1.21/compute/v2.1/servers/cef5dc8e-1a5c-4248-9bac-ff25880588ed 0.265s
2025-04-16 19:18:52.429 68528 INFO tempest.lib.common.rest_client [req-33dc9d6e-9c8e-46fe-b969-db71c9621021 req-33dc9d6e-9c8e-46fe-b969-db71c9621021 ] Request (InstanceActionsNegativeTestJSON:setUpClass): 200 GET http://10.180.1.21/compute/v2.1/servers/6b13d579-06d7-4bd4-a632-0cd978074902 0.177s
2025-04-16 19:18:52.469 68510 INFO tempest.lib.common.rest_client [req-292400bb-0f4e-4765-8cd7-24790e81b8ea req-292400bb-0f4e-4765-8cd7-24790e81b8ea ] Request (AttachInterfacesV270Test:test_create_get_list_interfaces): 200 GET http://10.180.1.21/compute/v2.1/servers/d9b69c9f-9ad6-4605-a7b5-54eed2035cc0 0.217s
2025-04-16 19:18:52.481 68486 INFO tempest.lib.common.rest_client [req-7d4069e6-26fb-4498-ad89-d99f5a11b323 req-7d4069e6-26fb-4498-ad89-d99f5a11b323 ] Request (ServerDiskConfigTestJSON:test_rebuild_server_with_auto_disk_config): 200 GET http://10.180.1.21/compute/v2.1/servers/2243c245-bbb3-43b7-89a9-fb727d452885 0.188s
2025-04-16 19:18:52.502 68530 INFO tempest.lib.common.rest_client [req-1c4ec243-f81a-484e-80df-7afec8365b96 req-1c4ec243-f81a-484e-80df-7afec8365b96 ] Request (ServersAdminNegativeTestJSON:setUpClass): 200 GET http://10.180.1.21/compute/v2.1/servers/ff16d7c1-a601-4ac6-be52-823727c8b843 0.187s
2025-04-16 19:18:52.528 68484 INFO tempest.lib.common.rest_client [req-088d1299-4ae3-4bda-9ad8-57ea1f7e2437 req-088d1299-4ae3-4bda-9ad8-57ea1f7e2437 ] Request (ServerShowV254Test:test_rebuild_server): 200 GET http://10.180.1.21/compute/v2.1/servers/d2e2cf0b-1028-4df3-9170-dc616a04fdc3 0.179s
2025-04-16 19:18:52.584 68492 INFO tempest.lib.common.rest_client [req-f80c14dd-0c5c-4c2d-884c-f956add138df req-f80c14dd-0c5c-4c2d-884c-f956add138df ] Request (ServersTestFqdnHostnames:test_create_server_with_fqdn_name): 200 GET http://10.180.1.21/compute/v2.1/servers/a5d1581e-4152-47fd-801b-e88f94dd0546 0.188s
2025-04-16 19:18:52.600 68474 INFO tempest.lib.common.rest_client [req-30ef5c8f-3b41-49f7-bac3-fa564faf399b req-30ef5c8f-3b41-49f7-bac3-fa564faf399b ] Request (DeleteServersAdminTestJSON:test_admin_delete_servers_of_others): 200 GET http://10.180.1.21/compute/v2.1/servers/3c6604f4-4be4-45e5-9ff7-fe9ac96693ae 0.240s
2025-04-16 19:18:52.782 68488 INFO tempest.lib.common.rest_client [req-03945919-f293-426e-b24c-d742a3afe67e req-03945919-f293-426e-b24c-d742a3afe67e ] Request (MigrationsAdminTest:test_list_migrations_in_flavor_resize_situation): 200 GET http://10.180.1.21/compute/v2.1/servers/b8aaf064-e8a6-444a-83cd-6a7e02b82f33 0.127s
2025-04-16 19:18:52.804 68482 INFO tempest.lib.common.rest_client [req-bcf7b73a-09ce-463f-935d-05bc2fafd2c9 req-bcf7b73a-09ce-463f-935d-05bc2fafd2c9 ] Request (ImagesNegativeTestJSON:test_create_image_from_deleted_server): 200 GET http://10.180.1.21/compute/v2.1/servers/3d27a0be-599b-4bb4-89db-ff79d33047c8 0.177s
2025-04-16 19:18:52.833 68518 INFO tempest.lib.common.rest_client [req-ae81e888-24ff-4ebe-92d6-bbd89ff4d339 req-ae81e888-24ff-4ebe-92d6-bbd89ff4d339 ] Request (ServersV294TestFqdnHostnames:setUpClass): 200 GET http://10.180.1.21/compute/v2.1/servers/0702f4fa-2d01-4be3-abe8-faa32566d65d 0.146s
2025-04-16 19:18:52.854 68478 INFO tempest.lib.common.rest_client [req-8a8bd32d-d615-4119-8250-1d20d4022d70 req-8a8bd32d-d615-4119-8250-1d20d4022d70 ] Request (ServerActionsV293TestJSON:setUpClass): 200 GET http://10.180.1.21/compute/v2.1/servers/a6920ad4-bf1c-4daa-9b9a-81e782c88a20 0.140s
2025-04-16 19:18:52.936 68502 INFO tempest.lib.common.rest_client [req-a817ad1b-6414-41f0-a456-3f364c67cd34 req-a817ad1b-6414-41f0-a456-3f364c67cd34 ] Request (ServerExternalEventsTest:test_create_server_external_events): 200 GET http://10.180.1.21/compute/v2.1/servers/046c6f49-9cbd-4e5a-8a26-d0bc11a57d51 0.136s
2025-04-16 19:18:52.962 68522 INFO tempest.lib.common.rest_client [req-4e7582a8-54af-4252-a734-4599567cd7b4 req-4e7582a8-54af-4252-a734-4599567cd7b4 ] Request (InstanceActionsV221TestJSON:test_get_list_deleted_instance_actions): 200 GET http://10.180.1.21/compute/v2.1/servers/e575e1c7-7f35-41de-96e7-0771a4137bf5 0.128s
2025-04-16 19:18:52.980 68472 INFO tempest.lib.common.rest_client [req-2011ec59-1b2e-4d66-b0de-4a6f65d6f350 req-2011ec59-1b2e-4d66-b0de-4a6f65d6f350 ] Request (ServersWithSpecificFlavorTestJSON:test_verify_created_server_ephemeral_disk): 200 GET http://10.180.1.21/compute/v2.1/servers/c0708080-3a59-4def-b90b-1c5959d317fb 0.126s
2025-04-16 19:18:53.007 68480 INFO tempest.lib.common.rest_client [req-ae3e3b58-ae6a-4247-a4c0-305fc03e9b33 req-ae3e3b58-ae6a-4247-a4c0-305fc03e9b33 ] Request (ServersTestBootFromVolume:setUpClass): 200 GET http://10.180.1.21/compute/v2.1/servers/faf174e0-4af8-4f58-be5d-2f8915b0d58b 0.129s
2025-04-16 19:18:53.021 68524 INFO tempest.lib.common.rest_client [req-70b9b2d8-d2ca-4812-a119-1ff0f1679c26 req-70b9b2d8-d2ca-4812-a119-1ff0f1679c26 ] Request (ImagesOneServerNegativeTestJSON:setUpClass): 200 GET http://10.180.1.21/compute/v2.1/servers/f1235b58-9673-4d54-ad1d-c48d4ff584e2 0.093s
2025-04-16 19:18:53.068 68532 INFO tempest.lib.common.rest_client [req-7f54878c-47fa-40eb-ac32-5f9bbe2fc6da req-7f54878c-47fa-40eb-ac32-5f9bbe2fc6da ] Request (ServerGroupTestJSON:test_create_server_with_scheduler_hint_group): 200 GET http://10.180.1.21/compute/v2.1/servers/edfef42a-a968-4c36-92a4-e608037eab3f 0.098s
2025-04-16 19:18:53.115 68526 INFO tempest.lib.common.rest_client [req-c6656573-f663-4171-b58a-30014066cde3 req-c6656573-f663-4171-b58a-30014066cde3 ] Request (ServerDiagnosticsV248Test:test_get_server_diagnostics): 200 GET http://10.180.1.21/compute/v2.1/servers/dcdac63e-b5bb-4e53-ad3f-956a8b928e2c 0.093s
2025-04-16 19:18:53.117 68534 INFO tempest.lib.common.rest_client [req-c0fdbb51-9b27-4399-b99f-d09b85522a13 req-c0fdbb51-9b27-4399-b99f-d09b85522a13 ] Request (ServersNegativeTestJSON:setUpClass): 200 GET http://10.180.1.21/compute/v2.1/servers/fe79ae03-c408-4d18-914e-e64065998663 0.170s
2025-04-16 19:18:53.170 68497 INFO tempest.lib.common.rest_client [req-40501737-8e80-4345-9620-b227977e996b req-40501737-8e80-4345-9620-b227977e996b ] Request (VolumesAssistedSnapshotsTest:test_volume_assisted_snapshot_create_delete): 200 GET http://10.180.1.21/compute/v2.1/servers/0db07fdf-30c1-4367-999d-d9e8e9763b45 0.108s
2025-04-16 19:18:53.216 68490 INFO tempest.lib.common.rest_client [req-1566ec93-b6d8-480f-97ec-4be733287c1c req-1566ec93-b6d8-480f-97ec-4be733287c1c ] Request (MultipleCreateTestJSON:test_multiple_create): 200 GET http://10.180.1.21/compute/v2.1/servers/afe91255-b954-4518-b0ca-a1f4ddcfd9ba 0.112s
2025-04-16 19:18:53.225 68514 INFO tempest.lib.common.rest_client [req-f28bcab9-4593-43ed-8fe5-f40438ae9c0c req-f28bcab9-4593-43ed-8fe5-f40438ae9c0c ] Request (ImagesOneServerTestJSON:setUpClass): 200 GET http://10.180.1.21/compute/v2.1/servers/10df4090-9ec0-4876-8925-23e585344a3b 0.184s
2025-04-16 19:18:53.261 68504 INFO tempest.lib.common.rest_client [req-3059ee41-8f60-4a03-81da-1da68c305d2c req-3059ee41-8f60-4a03-81da-1da68c305d2c ] Request (ServerRescueTestJSON:setUpClass): 200 GET http://10.180.1.21/compute/v2.1/servers/e2e34a7a-d419-4fc8-ae82-ff5874aa23d1 0.108s
2025-04-16 19:18:53.288 68508 INFO tempest.lib.common.rest_client [req-2fe83ebe-268a-49c1-a026-c11335bef52b req-2fe83ebe-268a-49c1-a026-c11335bef52b ] Request (ServerDiagnosticsNegativeTest:test_get_server_diagnostics_by_non_admin): 200 GET http://10.180.1.21/compute/v2.1/servers/108001a3-ff36-475b-a7a5-8e0e197c62a8 0.083s
2025-04-16 19:18:53.304 68499 INFO tempest.lib.common.rest_client [req-5e820583-210f-49b6-b54d-e7bb3a6f4d8a req-5e820583-210f-49b6-b54d-e7bb3a6f4d8a ] Request (AttachInterfacesUnderV243Test:test_add_remove_fixed_ip): 200 GET http://10.180.1.21/compute/v2.1/servers/bcaa671a-38d8-45a5-b772-7d856594f700 0.054s
2025-04-16 19:18:53.435 68476 INFO tempest.lib.common.rest_client [req-f643a4d5-527e-4dae-acb4-1e3015b8db33 req-f643a4d5-527e-4dae-acb4-1e3015b8db33 ] Request (SecurityGroupsTestJSON:test_list_security_groups_by_server): 200 GET http://10.180.1.21/compute/v2.1/servers/0156b780-3e46-4283-829c-9439698f3c8a 0.048s
2025-04-16 19:18:53.443 68520 INFO tempest.lib.common.rest_client [req-beacbb05-7b60-4859-9440-8ee3418deb98 req-beacbb05-7b60-4859-9440-8ee3418deb98 ] Request (FloatingIPsAssociationNegativeTestJSON:setUpClass): 200 GET http://10.180.1.21/compute/v2.1/servers/4d692986-413f-4c9b-b5cc-de43d2ca498d 0.108s
2025-04-16 19:18:53.495 68528 INFO tempest.lib.common.rest_client [req-89df517b-a1b1-4469-8df4-497a13ed131a req-89df517b-a1b1-4469-8df4-497a13ed131a ] Request (InstanceActionsNegativeTestJSON:setUpClass): 200 GET http://10.180.1.21/compute/v2.1/servers/6b13d579-06d7-4bd4-a632-0cd978074902 0.056s
2025-04-16 19:18:53.535 68500 INFO tempest.lib.common.rest_client [req-1a9883f5-47cc-4859-9f4c-b8e27e8251d0 req-1a9883f5-47cc-4859-9f4c-b8e27e8251d0 ] Request (ServerActionsTestOtherA:setUpClass): 200 GET http://10.180.1.21/compute/v2.1/servers/cef5dc8e-1a5c-4248-9bac-ff25880588ed 0.109s
2025-04-16 19:18:53.551 68510 INFO tempest.lib.common.rest_client [req-93a29a09-40e2-45fe-84fa-cf5dc8b29d3f req-93a29a09-40e2-45fe-84fa-cf5dc8b29d3f ] Request (AttachInterfacesV270Test:test_create_get_list_interfaces): 200 GET http://10.180.1.21/compute/v2.1/servers/d9b69c9f-9ad6-4605-a7b5-54eed2035cc0 0.071s
2025-04-16 19:18:53.585 68486 INFO tempest.lib.common.rest_client [req-b2cb68d3-87f2-4307-8f86-07c7af8984bb req-b2cb68d3-87f2-4307-8f86-07c7af8984bb ] Request (ServerDiskConfigTestJSON:test_rebuild_server_with_auto_disk_config): 200 GET http://10.180.1.21/compute/v2.1/servers/2243c245-bbb3-43b7-89a9-fb727d452885 0.096s
2025-04-16 19:18:53.598 68530 INFO tempest.lib.common.rest_client [req-c3024f00-d7fb-4a30-b805-ea49e523b1c2 req-c3024f00-d7fb-4a30-b805-ea49e523b1c2 ] Request (ServersAdminNegativeTestJSON:setUpClass): 200 GET http://10.180.1.21/compute/v2.1/servers/ff16d7c1-a601-4ac6-be52-823727c8b843 0.088s
2025-04-16 19:18:53.635 68484 INFO tempest.lib.common.rest_client [req-ba382efd-966d-420a-acae-9379c515c3e7 req-ba382efd-966d-420a-acae-9379c515c3e7 ] Request (ServerShowV254Test:test_rebuild_server): 200 GET http://10.180.1.21/compute/v2.1/servers/d2e2cf0b-1028-4df3-9170-dc616a04fdc3 0.097s
2025-04-16 19:18:53.647 68492 INFO tempest.lib.common.rest_client [req-82d4f8ee-7970-4d7c-8b4b-c76c064df4b4 req-82d4f8ee-7970-4d7c-8b4b-c76c064df4b4 ] Request (ServersTestFqdnHostnames:test_create_server_with_fqdn_name): 200 GET http://10.180.1.21/compute/v2.1/servers/a5d1581e-4152-47fd-801b-e88f94dd0546 0.055s
2025-04-16 19:18:53.722 68474 INFO tempest.lib.common.rest_client [req-efb93d71-6d3f-4303-b561-5c660340468b req-efb93d71-6d3f-4303-b561-5c660340468b ] Request (DeleteServersAdminTestJSON:test_admin_delete_servers_of_others): 200 GET http://10.180.1.21/compute/v2.1/servers/3c6604f4-4be4-45e5-9ff7-fe9ac96693ae 0.114s
2025-04-16 19:18:53.914 68488 INFO tempest.lib.common.rest_client [req-54f41ee5-d28c-4e52-8e63-c48dafb397a1 req-54f41ee5-d28c-4e52-8e63-c48dafb397a1 ] Request (MigrationsAdminTest:test_list_migrations_in_flavor_resize_situation): 200 GET http://10.180.1.21/compute/v2.1/servers/b8aaf064-e8a6-444a-83cd-6a7e02b82f33 0.123s
2025-04-16 19:18:53.924 68482 INFO tempest.lib.common.rest_client [req-cebe6475-e0a7-48b4-aa0c-a19e83420f93 req-cebe6475-e0a7-48b4-aa0c-a19e83420f93 ] Request (ImagesNegativeTestJSON:test_create_image_from_deleted_server): 200 GET http://10.180.1.21/compute/v2.1/servers/3d27a0be-599b-4bb4-89db-ff79d33047c8 0.112s
2025-04-16 19:18:53.961 68518 INFO tempest.lib.common.rest_client [req-d58d8221-3b8c-4bd6-9bcd-f8b68d2d87e4 req-d58d8221-3b8c-4bd6-9bcd-f8b68d2d87e4 ] Request (ServersV294TestFqdnHostnames:setUpClass): 200 GET http://10.180.1.21/compute/v2.1/servers/0702f4fa-2d01-4be3-abe8-faa32566d65d 0.118s
2025-04-16 19:18:53.975 68478 INFO tempest.lib.common.rest_client [req-61f6428a-417a-4ac4-84c7-0e3a4bce6275 req-61f6428a-417a-4ac4-84c7-0e3a4bce6275 ] Request (ServerActionsV293TestJSON:setUpClass): 200 GET http://10.180.1.21/compute/v2.1/servers/a6920ad4-bf1c-4daa-9b9a-81e782c88a20 0.111s
2025-04-16 19:18:54.075 68502 INFO tempest.lib.common.rest_client [req-390936da-7d93-4519-9f91-a75de22ca2e7 req-390936da-7d93-4519-9f91-a75de22ca2e7 ] Request (ServerExternalEventsTest:test_create_server_external_events): 200 GET http://10.180.1.21/compute/v2.1/servers/046c6f49-9cbd-4e5a-8a26-d0bc11a57d51 0.130s
2025-04-16 19:18:54.088 68522 INFO tempest.lib.common.rest_client [req-365e7521-912e-45ed-933a-82f1bdc07904 req-365e7521-912e-45ed-933a-82f1bdc07904 ] Request (InstanceActionsV221TestJSON:test_get_list_deleted_instance_actions): 200 GET http://10.180.1.21/compute/v2.1/servers/e575e1c7-7f35-41de-96e7-0771a4137bf5 0.116s
2025-04-16 19:18:54.117 68472 INFO tempest.lib.common.rest_client [req-ef1ef54e-e0b2-4d72-83c1-9f54c900ab83 req-ef1ef54e-e0b2-4d72-83c1-9f54c900ab83 ] Request (ServersWithSpecificFlavorTestJSON:test_verify_created_server_ephemeral_disk): 200 GET http://10.180.1.21/compute/v2.1/servers/c0708080-3a59-4def-b90b-1c5959d317fb 0.130s
2025-04-16 19:18:54.131 68480 INFO tempest.lib.common.rest_client [req-3f190b38-ed9d-429b-9079-349955e921f3 req-3f190b38-ed9d-429b-9079-349955e921f3 ] Request (ServersTestBootFromVolume:setUpClass): 200 GET http://10.180.1.21/compute/v2.1/servers/faf174e0-4af8-4f58-be5d-2f8915b0d58b 0.117s
2025-04-16 19:18:54.161 68524 INFO tempest.lib.common.rest_client [req-aadd4a35-1772-4532-b99e-a44302e90530 req-aadd4a35-1772-4532-b99e-a44302e90530 ] Request (ImagesOneServerNegativeTestJSON:setUpClass): 200 GET http://10.180.1.21/compute/v2.1/servers/f1235b58-9673-4d54-ad1d-c48d4ff584e2 0.132s
2025-04-16 19:18:54.172 68532 INFO tempest.lib.common.rest_client [req-38f6f7ba-1e50-464a-b1a4-aa023380d6b5 req-38f6f7ba-1e50-464a-b1a4-aa023380d6b5 ] Request (ServerGroupTestJSON:test_create_server_with_scheduler_hint_group): 200 GET http://10.180.1.21/compute/v2.1/servers/edfef42a-a968-4c36-92a4-e608037eab3f 0.094s
2025-04-16 19:18:54.219 68526 INFO tempest.lib.common.rest_client [req-47e642cf-e614-4ec9-aac0-771c0128bec3 req-47e642cf-e614-4ec9-aac0-771c0128bec3 ] Request (ServerDiagnosticsV248Test:test_get_server_diagnostics): 200 GET http://10.180.1.21/compute/v2.1/servers/dcdac63e-b5bb-4e53-ad3f-956a8b928e2c 0.094s
2025-04-16 19:18:54.259 68534 INFO tempest.lib.common.rest_client [req-fea85bbb-c2cd-4a5c-8046-8c54895de017 req-fea85bbb-c2cd-4a5c-8046-8c54895de017 ] Request (ServersNegativeTestJSON:setUpClass): 200 GET http://10.180.1.21/compute/v2.1/servers/fe79ae03-c408-4d18-914e-e64065998663 0.134s
2025-04-16 19:18:54.264 68497 INFO tempest.lib.common.rest_client [req-5d4146f7-1d5e-419c-b626-0eaeb720cd06 req-5d4146f7-1d5e-419c-b626-0eaeb720cd06 ] Request (VolumesAssistedSnapshotsTest:test_volume_assisted_snapshot_create_delete): 200 GET http://10.180.1.21/compute/v2.1/servers/0db07fdf-30c1-4367-999d-d9e8e9763b45 0.086s
2025-04-16 19:18:54.305 68490 INFO tempest.lib.common.rest_client [req-f54a7ce2-26fe-4939-a095-2cf035aac94c req-f54a7ce2-26fe-4939-a095-2cf035aac94c ] Request (MultipleCreateTestJSON:test_multiple_create): 200 GET http://10.180.1.21/compute/v2.1/servers/afe91255-b954-4518-b0ca-a1f4ddcfd9ba 0.080s
2025-04-16 19:18:54.354 68504 INFO tempest.lib.common.rest_client [req-db52d17d-e110-446c-967e-bd9e18b0e4dc req-db52d17d-e110-446c-967e-bd9e18b0e4dc ] Request (ServerRescueTestJSON:setUpClass): 200 GET http://10.180.1.21/compute/v2.1/servers/e2e34a7a-d419-4fc8-ae82-ff5874aa23d1 0.085s
2025-04-16 19:18:54.365 68514 INFO tempest.lib.common.rest_client [req-015a4d6d-cc84-4840-b573-2abb03a9fbca req-015a4d6d-cc84-4840-b573-2abb03a9fbca ] Request (ImagesOneServerTestJSON:setUpClass): 200 GET http://10.180.1.21/compute/v2.1/servers/10df4090-9ec0-4876-8925-23e585344a3b 0.133s
2025-04-16 19:18:54.399 68508 INFO tempest.lib.common.rest_client [req-a7d86356-a948-4de4-a5d4-baa000c88397 req-a7d86356-a948-4de4-a5d4-baa000c88397 ] Request (ServerDiagnosticsNegativeTest:test_get_server_diagnostics_by_non_admin): 200 GET http://10.180.1.21/compute/v2.1/servers/108001a3-ff36-475b-a7a5-8e0e197c62a8 0.104s
2025-04-16 19:18:54.411 68499 INFO tempest.lib.common.rest_client [req-82ba9cd1-bb98-4da3-92ec-f2cbb82ff36c req-82ba9cd1-bb98-4da3-92ec-f2cbb82ff36c ] Request (AttachInterfacesUnderV243Test:test_add_remove_fixed_ip): 200 GET http://10.180.1.21/compute/v2.1/servers/bcaa671a-38d8-45a5-b772-7d856594f700 0.097s
2025-04-16 19:18:54.489 68476 INFO tempest.lib.common.rest_client [req-78d286ed-2b25-447e-b8c4-13a65a48d0d2 req-78d286ed-2b25-447e-b8c4-13a65a48d0d2 ] Request (SecurityGroupsTestJSON:test_list_security_groups_by_server): 200 GET http://10.180.1.21/compute/v2.1/servers/0156b780-3e46-4283-829c-9439698f3c8a 0.046s
