2025-04-16 19:19:21.475 68488 INFO tempest.lib.common.rest_client [req-65f266d4-2959-4eb3-97da-0b2b2cc20f1f req-65f266d4-2959-4eb3-97da-0b2b2cc20f1f ] Request (MigrationsAdminTest:test_list_migrations_in_flavor_resize_situation): 200 GET http://10.180.1.21/compute/v2.1/servers/b8aaf064-e8a6-444a-83cd-6a7e02b82f33 0.096s
2025-04-16 19:19:21.485 68478 INFO tempest.lib.common.rest_client [req-e393b0ca-c409-40af-9ccc-48c6f9f978b6 req-e393b0ca-c409-40af-9ccc-48c6f9f978b6 ] Request (ServerActionsV293TestJSON:setUpClass): 200 GET http://10.180.1.21/compute/v2.1/servers/a6920ad4-bf1c-4daa-9b9a-81e782c88a20 0.051s
2025-04-16 19:19:21.538 68480 INFO tempest.lib.common.rest_client [req-4c6d10d9-3412-49a8-8fce-90a69124ba5f req-4c6d10d9-3412-49a8-8fce-90a69124ba5f ] Request (ServersTestBootFromVolume:setUpClass): 200 GET http://10.180.1.21/compute/v2.1/servers/faf174e0-4af8-4f58-be5d-2f8915b0d58b 0.052s
2025-04-16 19:19:21.576 68474 INFO tempest.lib.common.rest_client [req-2c2599a5-787e-4d72-9203-c7f2d29a914e req-2c2599a5-787e-4d72-9203-c7f2d29a914e ] Request (DeleteServersAdminTestJSON:test_admin_delete_servers_of_others): 200 GET http://10.180.1.21/compute/v2.1/servers/3c6604f4-4be4-45e5-9ff7-fe9ac96693ae 0.139s
2025-04-16 19:19:21.588 68518 INFO tempest.lib.common.rest_client [req-9ff0945c-39a9-42a4-ac96-9b15771bbc42 req-9ff0945c-39a9-42a4-ac96-9b15771bbc42 ] Request (ServersV294TestFqdnHostnames:setUpClass): 200 GET http://10.180.1.21/compute/v2.1/servers/0702f4fa-2d01-4be3-abe8-faa32566d65d 0.098s
2025-04-16 19:19:21.624 68472 INFO tempest.lib.common.rest_client [req-eb960f2c-f20a-4268-b46a-bf1e05dbba35 req-eb960f2c-f20a-4268-b46a-bf1e05dbba35 ] Request (ServersWithSpecificFlavorTestJSON:test_verify_created_server_ephemeral_disk): 200 GET http://10.180.1.21/compute/v2.1/servers/c0708080-3a59-4def-b90b-1c5959d317fb 0.087s
2025-04-16 19:19:21.630 68532 INFO tempest.lib.common.rest_client [req-19168d1e-6d7f-40cd-b747-59d96abc2d26 req-19168d1e-6d7f-40cd-b747-59d96abc2d26 ] Request (ServerGroupTestJSON:test_create_server_with_scheduler_hint_group): 200 GET http://10.180.1.21/compute/v2.1/servers/edfef42a-a968-4c36-92a4-e608037eab3f 0.089s
2025-04-16 19:19:21.678 68524 INFO tempest.lib.common.rest_client [req-14b6b9e1-b7e1-4f33-8f6a-e00d607b52f4 req-14b6b9e1-b7e1-4f33-8f6a-e00d607b52f4 ] Request (ImagesOneServerNegativeTestJSON:setUpClass): 200 GET http://10.180.1.21/compute/v2.1/servers/f1235b58-9673-4d54-ad1d-c48d4ff584e2 0.092s
2025-04-16 19:19:21.678 68526 INFO tempest.lib.common.rest_client [req-f3e413bd-32d4-4e21-98cf-d6379c2f73e9 req-f3e413bd-32d4-4e21-98cf-d6379c2f73e9 ] Request (ServerDiagnosticsV248Test:test_get_server_diagnostics): 200 GET http://10.180.1.21/compute/v2.1/servers/dcdac63e-b5bb-4e53-ad3f-956a8b928e2c 0.083s
2025-04-16 19:19:21.728 68490 INFO tempest.lib.common.rest_client [req-c34f0c5b-fad1-42eb-b8c9-3dec4b73bb61 req-c34f0c5b-fad1-42eb-b8c9-3dec4b73bb61 ] Request (MultipleCreateTestJSON:test_multiple_create): 200 GET http://10.180.1.21/compute/v2.1/servers/afe91255-b954-4518-b0ca-a1f4ddcfd9ba 0.086s
2025-04-16 19:19:21.729 68497 INFO tempest.lib.common.rest_client [req-ced3ca0d-0cab-46fc-9726-abb6d3c127a7 req-ced3ca0d-0cab-46fc-9726-abb6d3c127a7 ] Request (VolumesAssistedSnapshotsTest:test_volume_assisted_snapshot_create_delete): 200 GET http://10.180.1.21/compute/v2.1/servers/0db07fdf-30c1-4367-999d-d9e8e9763b45 0.101s
2025-04-16 19:19:21.782 68504 INFO tempest.lib.common.rest_client [req-f3813709-64c8-425a-b83f-f9f5b04cd54e req-f3813709-64c8-425a-b83f-f9f5b04cd54e ] Request (ServerRescueTestJSON:setUpClass): 200 GET http://10.180.1.21/compute/v2.1/servers/e2e34a7a-d419-4fc8-ae82-ff5874aa23d1 0.112s
2025-04-16 19:19:21.783 68508 INFO tempest.lib.common.rest_client [req-bd5c18e0-e04f-474b-8eeb-6ecb908e14e1 req-bd5c18e0-e04f-474b-8eeb-6ecb908e14e1 ] Request (ServerDiagnosticsNegativeTest:test_get_server_diagnostics_by_non_admin): 200 GET http://10.180.1.21/compute/v2.1/servers/108001a3-ff36-475b-a7a5-8e0e197c62a8 0.102s
2025-04-16 19:19:21.837 68499 INFO tempest.lib.common.rest_client [req-e1e61ca9-d32c-45c9-aa59-fe18507a9a28 req-e1e61ca9-d32c-45c9-aa59-fe18507a9a28 ] Request (AttachInterfacesUnderV243Test:test_add_remove_fixed_ip): 200 GET http://10.180.1.21/compute/v2.1/servers/bcaa671a-38d8-45a5-b772-7d856594f700 0.126s
2025-04-16 19:19:21.840 68476 INFO tempest.lib.common.rest_client [req-ba87a913-742c-48ce-a142-df8ad5fc8a9d req-ba87a913-742c-48ce-a142-df8ad5fc8a9d ] Request (SecurityGroupsTestJSON:test_list_security_groups_by_server): 200 GET http://10.180.1.21/compute/v2.1/servers/0156b780-3e46-4283-829c-9439698f3c8a 0.078s
2025-04-16 19:19:21.891 68528 INFO tempest.lib.common.rest_client [req-e6314744-d7b6-4f18-a09d-4f191f9203c6 req-e6314744-d7b6-4f18-a09d-4f191f9203c6 ] Request (InstanceActionsNegativeTestJSON:setUpClass): 200 GET http://10.180.1.21/compute/v2.1/servers/6b13d579-06d7-4bd4-a632-0cd978074902 0.085s
2025-04-16 19:19:21.967 68482 INFO tempest.lib.common.rest_client [req-2043b83c-a5cf-4896-b0ed-2e0bba8d652c req-2043b83c-a5cf-4896-b0ed-2e0bba8d652c ] Request (ImagesNegativeTestJSON:test_create_image_from_deleted_server): 200 GET http://10.180.1.21/compute/v2.1/servers/3d27a0be-599b-4bb4-89db-ff79d33047c8 0.193s
2025-04-16 19:19:22.139 68522 INFO tempest.lib.common.rest_client [req-e5a897f7-8dcc-45db-b608-6dca65140965 req-e5a897f7-8dcc-45db-b608-6dca65140965 ] Request (InstanceActionsV221TestJSON:test_get_list_deleted_instance_actions): 200 GET http://10.180.1.21/compute/v2.1/servers/e575e1c7-7f35-41de-96e7-0771a4137bf5 0.123s
2025-04-16 19:19:22.153 68502 INFO tempest.lib.common.rest_client [req-6c2d491b-4890-4caa-9e9b-596753ba2915 req-6c2d491b-4890-4caa-9e9b-596753ba2915 ] Request (ServerExternalEventsTest:test_create_server_external_events): 200 GET http://10.180.1.21/compute/v2.1/servers/046c6f49-9cbd-4e5a-8a26-d0bc11a57d51 0.162s
2025-04-16 19:19:22.304 68534 INFO tempest.lib.common.rest_client [req-642a5771-a6d8-45b5-bac8-05f04d0761c3 req-642a5771-a6d8-45b5-bac8-05f04d0761c3 ] Request (ServersNegativeTestJSON:setUpClass): 200 GET http://10.180.1.21/compute/v2.1/servers/fe79ae03-c408-4d18-914e-e64065998663 0.123s
2025-04-16 19:19:22.310 68514 INFO tempest.lib.common.rest_client [req-72f5edec-6986-4be2-8785-592cf7bc3ce1 req-72f5edec-6986-4be2-8785-592cf7bc3ce1 ] Request (ImagesOneServerTestJSON:setUpClass): 200 GET http://10.180.1.21/compute/v2.1/servers/10df4090-9ec0-4876-8925-23e585344a3b 0.118s
2025-04-16 19:19:22.352 68530 INFO tempest.lib.common.rest_client [req-3db863ed-8162-49ae-beea-437e0c75b075 req-3db863ed-8162-49ae-beea-437e0c75b075 ] Request (ServersAdminNegativeTestJSON:setUpClass): 200 GET http://10.180.1.21/compute/v2.1/servers/ff16d7c1-a601-4ac6-be52-823727c8b843 0.132s
2025-04-16 19:19:22.361 68510 INFO tempest.lib.common.rest_client [req-e2a8cfc9-12c3-4b73-b1a5-f6b5337bc2ae req-e2a8cfc9-12c3-4b73-b1a5-f6b5337bc2ae ] Request (AttachInterfacesV270Test:test_create_get_list_interfaces): 200 GET http://10.180.1.21/compute/v2.1/servers/d9b69c9f-9ad6-4605-a7b5-54eed2035cc0 0.124s
2025-04-16 19:19:22.399 68486 INFO tempest.lib.common.rest_client [req-46f8c77c-8cdc-4a25-8639-d4b5f2eade9f req-46f8c77c-8cdc-4a25-8639-d4b5f2eade9f ] Request (ServerDiskConfigTestJSON:test_rebuild_server_with_auto_disk_config): 200 GET http://10.180.1.21/compute/v2.1/servers/2243c245-bbb3-43b7-89a9-fb727d452885 0.138s
2025-04-16 19:19:22.408 68484 INFO tempest.lib.common.rest_client [req-fd021ac2-045c-4a1c-ad2e-c6e13ba8d1af req-fd021ac2-045c-4a1c-ad2e-c6e13ba8d1af ] Request (ServerShowV254Test:test_rebuild_server): 200 GET http://10.180.1.21/compute/v2.1/servers/d2e2cf0b-1028-4df3-9170-dc616a04fdc3 0.130s
2025-04-16 19:19:22.448 68492 INFO tempest.lib.common.rest_client [req-f4029a2f-5d4b-4fa4-bcde-6b2265480487 req-f4029a2f-5d4b-4fa4-bcde-6b2265480487 ] Request (ServersTestFqdnHostnames:test_create_server_with_fqdn_name): 200 GET http://10.180.1.21/compute/v2.1/servers/a5d1581e-4152-47fd-801b-e88f94dd0546 0.147s
2025-04-16 19:19:22.508 68520 INFO tempest.lib.common.rest_client [req-132aa1d8-33e2-4e30-9350-f304f0300a2a req-132aa1d8-33e2-4e30-9350-f304f0300a2a ] Request (FloatingIPsAssociationNegativeTestJSON:setUpClass): 200 GET http://10.180.1.21/compute/v2.1/servers/4d692986-413f-4c9b-b5cc-de43d2ca498d 0.130s
2025-04-16 19:19:22.538 68500 INFO tempest.lib.common.rest_client [req-d35374ea-18b0-4756-9a04-fb70910e52ef req-d35374ea-18b0-4756-9a04-fb70910e52ef ] Request (ServerActionsTestOtherA:setUpClass): 200 GET http://10.180.1.21/compute/v2.1/servers/cef5dc8e-1a5c-4248-9bac-ff25880588ed 0.096s
2025-04-16 19:19:22.590 68478 INFO tempest.lib.common.rest_client [req-95d286fe-439e-4f51-8620-2fae8192dbb1 req-95d286fe-439e-4f51-8620-2fae8192dbb1 ] Request (ServerActionsV293TestJSON:setUpClass): 200 GET http://10.180.1.21/compute/v2.1/servers/a6920ad4-bf1c-4daa-9b9a-81e782c88a20 0.095s
2025-04-16 19:19:22.600 68488 INFO tempest.lib.common.rest_client [req-999737c8-f8b1-486e-9c68-e9ac588e16cd req-999737c8-f8b1-486e-9c68-e9ac588e16cd ] Request (MigrationsAdminTest:test_list_migrations_in_flavor_resize_situation): 200 GET http://10.180.1.21/compute/v2.1/servers/b8aaf064-e8a6-444a-83cd-6a7e02b82f33 0.117s
2025-04-16 19:19:22.633 68480 INFO tempest.lib.common.rest_client [req-e65d00db-fb15-4f80-92c1-8e4ee0aba818 req-e65d00db-fb15-4f80-92c1-8e4ee0aba818 ] Request (ServersTestBootFromVolume:setUpClass): 200 GET http://10.180.1.21/compute/v2.1/servers/faf174e0-4af8-4f58-be5d-2f8915b0d58b 0.087s
2025-04-16 19:19:22.686 68518 INFO tempest.lib.common.rest_client [req-278a7ba1-d6f2-477b-a192-d644b7cc2c2f req-278a7ba1-d6f2-477b-a192-d644b7cc2c2f ] Request (ServersV294TestFqdnHostnames:setUpClass): 200 GET http://10.180.1.21/compute/v2.1/servers/0702f4fa-2d01-4be3-abe8-faa32566d65d 0.087s
2025-04-16 19:19:22.698 68474 INFO tempest.lib.common.rest_client [req-459abb97-f1f8-41dd-b95a-cddaa4110692 req-459abb97-f1f8-41dd-b95a-cddaa4110692 ] Request (DeleteServersAdminTestJSON:test_admin_delete_servers_of_others): 200 GET http://10.180.1.21/compute/v2.1/servers/3c6604f4-4be4-45e5-9ff7-fe9ac96693ae 0.113s
2025-04-16 19:19:22.728 68472 INFO tempest.lib.common.rest_client [req-bc7a465d-e202-4848-86c4-490c7a6a8ae4 req-bc7a465d-e202-4848-86c4-490c7a6a8ae4 ] Request (ServersWithSpecificFlavorTestJSON:test_verify_created_server_ephemeral_disk): 200 GET http://10.180.1.21/compute/v2.1/servers/c0708080-3a59-4def-b90b-1c5959d317fb 0.097s
2025-04-16 19:19:22.740 68532 INFO tempest.lib.common.rest_client [req-ae9be163-6737-42e3-b0a2-e1234d158f8d req-ae9be163-6737-42e3-b0a2-e1234d158f8d ] Request (ServerGroupTestJSON:test_create_server_with_scheduler_hint_group): 200 GET http://10.180.1.21/compute/v2.1/servers/edfef42a-a968-4c36-92a4-e608037eab3f 0.102s
2025-04-16 19:19:22.777 68524 INFO tempest.lib.common.rest_client [req-6af50886-ffd3-4472-affb-9d7eeb60bdd3 req-6af50886-ffd3-4472-affb-9d7eeb60bdd3 ] Request (ImagesOneServerNegativeTestJSON:setUpClass): 200 GET http://10.180.1.21/compute/v2.1/servers/f1235b58-9673-4d54-ad1d-c48d4ff584e2 0.092s
2025-04-16 19:19:22.786 68526 INFO tempest.lib.common.rest_client [req-fc0c9f78-8853-429d-9950-b2556e56d113 req-fc0c9f78-8853-429d-9950-b2556e56d113 ] Request (ServerDiagnosticsV248Test:test_get_server_diagnostics): 200 GET http://10.180.1.21/compute/v2.1/servers/dcdac63e-b5bb-4e53-ad3f-956a8b928e2c 0.099s
2025-04-16 19:19:22.823 68490 INFO tempest.lib.common.rest_client [req-7a3319b1-dc77-40a3-b6a8-3f4076813e67 req-7a3319b1-dc77-40a3-b6a8-3f4076813e67 ] Request (MultipleCreateTestJSON:test_multiple_create): 200 GET http://10.180.1.21/compute/v2.1/servers/afe91255-b954-4518-b0ca-a1f4ddcfd9ba 0.087s
2025-04-16 19:19:22.835 68497 INFO tempest.lib.common.rest_client [req-e88c08b2-1c98-4f6d-90f3-8629268cb542 req-e88c08b2-1c98-4f6d-90f3-8629268cb542 ] Request (VolumesAssistedSnapshotsTest:test_volume_assisted_snapshot_create_delete): 200 GET http://10.180.1.21/compute/v2.1/servers/0db07fdf-30c1-4367-999d-d9e8e9763b45 0.097s
2025-04-16 19:19:22.866 68504 INFO tempest.lib.common.rest_client [req-ea7d17d0-9c36-4431-98e0-18d099dd9e39 req-ea7d17d0-9c36-4431-98e0-18d099dd9e39 ] Request (ServerRescueTestJSON:setUpClass): 200 GET http://10.180.1.21/compute/v2.1/servers/e2e34a7a-d419-4fc8-ae82-ff5874aa23d1 0.077s
2025-04-16 19:19:22.879 68508 INFO tempest.lib.common.rest_client [req-6cdb3fbb-adc9-4d6f-8176-310c1ea32875 req-6cdb3fbb-adc9-4d6f-8176-310c1ea32875 ] Request (ServerDiagnosticsNegativeTest:test_get_server_diagnostics_by_non_admin): 200 GET http://10.180.1.21/compute/v2.1/servers/108001a3-ff36-475b-a7a5-8e0e197c62a8 0.088s
2025-04-16 19:19:22.914 68499 INFO tempest.lib.common.rest_client [req-c5c42d65-725a-4ff5-bd43-8828ff0af8c0 req-c5c42d65-725a-4ff5-bd43-8828ff0af8c0 ] Request (AttachInterfacesUnderV243Test:test_add_remove_fixed_ip): 200 GET http://10.180.1.21/compute/v2.1/servers/bcaa671a-38d8-45a5-b772-7d856594f700 0.069s
2025-04-16 19:19:22.922 68476 INFO tempest.lib.common.rest_client [req-c8e4d8a4-40f4-4520-b8f0-f84da2f693a6 req-c8e4d8a4-40f4-4520-b8f0-f84da2f693a6 ] Request (SecurityGroupsTestJSON:test_list_security_groups_by_server): 200 GET http://10.180.1.21/compute/v2.1/servers/0156b780-3e46-4283-829c-9439698f3c8a 0.074s
2025-04-16 19:19:22.957 68528 INFO tempest.lib.common.rest_client [req-078debff-169b-41c5-ba38-0d43bb5811a4 req-078debff-169b-41c5-ba38-0d43bb5811a4 ] Request (InstanceActionsNegativeTestJSON:setUpClass): 200 GET http://10.180.1.21/compute/v2.1/servers/6b13d579-06d7-4bd4-a632-0cd978074902 0.058s
2025-04-16 19:19:23.059 68482 INFO tempest.lib.common.rest_client [req-90c9cb4c-6f43-465c-a4e5-621989346116 req-90c9cb4c-6f43-465c-a4e5-621989346116 ] Request (ImagesNegativeTestJSON:test_create_image_from_deleted_server): 200 GET http://10.180.1.21/compute/v2.1/servers/3d27a0be-599b-4bb4-89db-ff79d33047c8 0.083s
2025-04-16 19:19:23.407 68522 INFO tempest.lib.common.rest_client [req-0ce0a4ac-8e70-4204-995c-03f11eace570 req-0ce0a4ac-8e70-4204-995c-03f11eace570 ] Request (InstanceActionsV221TestJSON:test_get_list_deleted_instance_actions): 200 GET http://10.180.1.21/compute/v2.1/servers/e575e1c7-7f35-41de-96e7-0771a4137bf5 0.259s
2025-04-16 19:19:23.411 68502 INFO tempest.lib.common.rest_client [req-195c9e3d-f392-4ba8-9586-802f60ae8359 req-195c9e3d-f392-4ba8-9586-802f60ae8359 ] Request (ServerExternalEventsTest:test_create_server_external_events): 200 GET http://10.180.1.21/compute/v2.1/servers/046c6f49-9cbd-4e5a-8a26-d0bc11a57d51 0.250s
2025-04-16 19:19:23.523 68534 INFO tempest.lib.common.rest_client [req-11bfe2f8-ca25-4833-a20f-ab37eae0fc7c req-11bfe2f8-ca25-4833-a20f-ab37eae0fc7c ] Request (ServersNegativeTestJSON:setUpClass): 200 GET http://10.180.1.21/compute/v2.1/servers/fe79ae03-c408-4d18-914e-e64065998663 0.211s
2025-04-16 19:19:23.530 68514 INFO tempest.lib.common.rest_client [req-cc6667a5-81da-4476-91dd-2c72643fbf9f req-cc6667a5-81da-4476-91dd-2c72643fbf9f ] Request (ImagesOneServerTestJSON:setUpClass): 200 GET http://10.180.1.21/compute/v2.1/servers/10df4090-9ec0-4876-8925-23e585344a3b 0.212s
2025-04-16 19:19:23.574 68530 INFO tempest.lib.common.rest_client [req-fbac06ee-057a-4ba6-97cc-daedab1e56a0 req-fbac06ee-057a-4ba6-97cc-daedab1e56a0 ] Request (ServersAdminNegativeTestJSON:setUpClass): 200 GET http://10.180.1.21/compute/v2.1/servers/ff16d7c1-a601-4ac6-be52-823727c8b843 0.214s
2025-04-16 19:19:23.582 68510 INFO tempest.lib.common.rest_client [req-bf23ad08-e265-4b24-902a-1307dfbf2f08 req-bf23ad08-e265-4b24-902a-1307dfbf2f08 ] Request (AttachInterfacesV270Test:test_create_get_list_interfaces): 200 GET http://10.180.1.21/compute/v2.1/servers/d9b69c9f-9ad6-4605-a7b5-54eed2035cc0 0.210s
2025-04-16 19:19:23.616 68486 INFO tempest.lib.common.rest_client [req-61800679-74d9-4e43-a433-168bea3050f4 req-61800679-74d9-4e43-a433-168bea3050f4 ] Request (ServerDiskConfigTestJSON:test_rebuild_server_with_auto_disk_config): 200 GET http://10.180.1.21/compute/v2.1/servers/2243c245-bbb3-43b7-89a9-fb727d452885 0.208s
2025-04-16 19:19:23.630 68484 INFO tempest.lib.common.rest_client [req-6b9f4a78-a2de-4a39-8161-c174e90a6562 req-6b9f4a78-a2de-4a39-8161-c174e90a6562 ] Request (ServerShowV254Test:test_rebuild_server): 200 GET http://10.180.1.21/compute/v2.1/servers/d2e2cf0b-1028-4df3-9170-dc616a04fdc3 0.211s
2025-04-16 19:19:23.658 68492 INFO tempest.lib.common.rest_client [req-dc9d9435-de89-49e2-8d48-96608223db09 req-dc9d9435-de89-49e2-8d48-96608223db09 ] Request (ServersTestFqdnHostnames:test_create_server_with_fqdn_name): 200 GET http://10.180.1.21/compute/v2.1/servers/a5d1581e-4152-47fd-801b-e88f94dd0546 0.202s
2025-04-16 19:19:23.772 68500 INFO tempest.lib.common.rest_client [req-01aa8b3c-40b5-4c76-b41c-28cce3b328cb req-01aa8b3c-40b5-4c76-b41c-28cce3b328cb ] Request (ServerActionsTestOtherA:setUpClass): 200 GET http://10.180.1.21/compute/v2.1/servers/cef5dc8e-1a5c-4248-9bac-ff25880588ed 0.226s
2025-04-16 19:19:23.785 68520 INFO tempest.lib.common.rest_client [req-41bca8f9-6e54-4c9c-9eac-3fdfb2e91b63 req-41bca8f9-6e54-4c9c-9eac-3fdfb2e91b63 ] Request (FloatingIPsAssociationNegativeTestJSON:setUpClass): 200 GET http://10.180.1.21/compute/v2.1/servers/4d692986-413f-4c9b-b5cc-de43d2ca498d 0.267s
2025-04-16 19:19:23.826 68478 INFO tempest.lib.common.rest_client [req-aba654ea-e84f-46be-b1f4-b1085f7ca99e req-aba654ea-e84f-46be-b1f4-b1085f7ca99e ] Request (ServerActionsV293TestJSON:setUpClass): 200 GET http://10.180.1.21/compute/v2.1/servers/a6920ad4-bf1c-4daa-9b9a-81e782c88a20 0.226s
2025-04-16 19:19:23.870 68480 INFO tempest.lib.common.rest_client [req-bfb8a88e-3aea-49cc-853c-85f4459f88b0 req-bfb8a88e-3aea-49cc-853c-85f4459f88b0 ] Request (ServersTestBootFromVolume:setUpClass): 200 GET http://10.180.1.21/compute/v2.1/servers/faf174e0-4af8-4f58-be5d-2f8915b0d58b 0.230s
2025-04-16 19:19:23.883 68488 INFO tempest.lib.common.rest_client [req-42bc783a-5cc7-4719-933d-b17973546c48 req-42bc783a-5cc7-4719-933d-b17973546c48 ] Request (MigrationsAdminTest:test_list_migrations_in_flavor_resize_situation): 200 GET http://10.180.1.21/compute/v2.1/servers/b8aaf064-e8a6-444a-83cd-6a7e02b82f33 0.274s
2025-04-16 19:19:23.922 68518 INFO tempest.lib.common.rest_client [req-75252d32-76f2-4379-82dd-8729241aafb0 req-75252d32-76f2-4379-82dd-8729241aafb0 ] Request (ServersV294TestFqdnHostnames:setUpClass): 200 GET http://10.180.1.21/compute/v2.1/servers/0702f4fa-2d01-4be3-abe8-faa32566d65d 0.224s
2025-04-16 19:19:23.968 68472 INFO tempest.lib.common.rest_client [req-a8a26131-5928-423b-b16e-040cff9109b2 req-a8a26131-5928-423b-b16e-040cff9109b2 ] Request (ServersWithSpecificFlavorTestJSON:test_verify_created_server_ephemeral_disk): 200 GET http://10.180.1.21/compute/v2.1/servers/c0708080-3a59-4def-b90b-1c5959d317fb 0.232s
2025-04-16 19:19:23.980 68474 INFO tempest.lib.common.rest_client [req-15a8792f-2431-4ea6-a3d3-334c64eced2e req-15a8792f-2431-4ea6-a3d3-334c64eced2e ] Request (DeleteServersAdminTestJSON:test_admin_delete_servers_of_others): 200 GET http://10.180.1.21/compute/v2.1/servers/3c6604f4-4be4-45e5-9ff7-fe9ac96693ae 0.275s
2025-04-16 19:19:24.016 68532 INFO tempest.lib.common.rest_client [req-cda719c9-1d31-41b5-8634-7e89cc3c08f3 req-cda719c9-1d31-41b5-8634-7e89cc3c08f3 ] Request (ServerGroupTestJSON:test_create_server_with_scheduler_hint_group): 200 GET http://10.180.1.21/compute/v2.1/servers/edfef42a-a968-4c36-92a4-e608037eab3f 0.264s
2025-04-16 19:19:24.027 68524 INFO tempest.lib.common.rest_client [req-857eb51b-afed-4ef1-84f4-253153f701c1 req-857eb51b-afed-4ef1-84f4-253153f701c1 ] Request (ImagesOneServerNegativeTestJSON:setUpClass): 200 GET http://10.180.1.21/compute/v2.1/servers/f1235b58-9673-4d54-ad1d-c48d4ff584e2 0.242s
2025-04-16 19:19:24.061 68526 INFO tempest.lib.common.rest_client [req-b3ed9c8b-121a-4a4b-a7ef-b9154eb83bb8 req-b3ed9c8b-121a-4a4b-a7ef-b9154eb83bb8 ] Request (ServerDiagnosticsV248Test:test_get_server_diagnostics): 200 GET http://10.180.1.21/compute/v2.1/servers/dcdac63e-b5bb-4e53-ad3f-956a8b928e2c 0.265s
2025-04-16 19:19:24.071 68490 INFO tempest.lib.common.rest_client [req-f8fc9c48-2c86-4aac-b8d0-ce394f65bbf0 req-f8fc9c48-2c86-4aac-b8d0-ce394f65bbf0 ] Request (MultipleCreateTestJSON:test_multiple_create): 200 GET http://10.180.1.21/compute/v2.1/servers/afe91255-b954-4518-b0ca-a1f4ddcfd9ba 0.240s
2025-04-16 19:19:24.109 68497 INFO tempest.lib.common.rest_client [req-1ff5bbff-c2cb-4164-bdb6-7cb6d6fe9585 req-1ff5bbff-c2cb-4164-bdb6-7cb6d6fe9585 ] Request (VolumesAssistedSnapshotsTest:test_volume_assisted_snapshot_create_delete): 200 GET http://10.180.1.21/compute/v2.1/servers/0db07fdf-30c1-4367-999d-d9e8e9763b45 0.267s
2025-04-16 19:19:24.124 68504 INFO tempest.lib.common.rest_client [req-6ff772f2-9d9a-45d0-a1f6-5f2df33aa1cb req-6ff772f2-9d9a-45d0-a1f6-5f2df33aa1cb ] Request (ServerRescueTestJSON:setUpClass): 200 GET http://10.180.1.21/compute/v2.1/servers/e2e34a7a-d419-4fc8-ae82-ff5874aa23d1 0.250s
2025-04-16 19:19:24.152 68508 INFO tempest.lib.common.rest_client [req-afc102f1-56c7-4c32-8b15-f9c8447aac83 req-afc102f1-56c7-4c32-8b15-f9c8447aac83 ] Request (ServerDiagnosticsNegativeTest:test_get_server_diagnostics_by_non_admin): 200 GET http://10.180.1.21/compute/v2.1/servers/108001a3-ff36-475b-a7a5-8e0e197c62a8 0.265s
2025-04-16 19:19:24.164 68499 INFO tempest.lib.common.rest_client [req-1e6d40ba-3769-41a1-ac59-ffdcdf2b99b1 req-1e6d40ba-3769-41a1-ac59-ffdcdf2b99b1 ] Request (AttachInterfacesUnderV243Test:test_add_remove_fixed_ip): 200 GET http://10.180.1.21/compute/v2.1/servers/bcaa671a-38d8-45a5-b772-7d856594f700 0.242s
2025-04-16 19:19:24.208 68528 INFO tempest.lib.common.rest_client [req-8a6a26f8-2f08-49c1-b376-14597cee4731 req-8a6a26f8-2f08-49c1-b376-14597cee4731 ] Request (InstanceActionsNegativeTestJSON:setUpClass): 200 GET http://10.180.1.21/compute/v2.1/servers/6b13d579-06d7-4bd4-a632-0cd978074902 0.244s
2025-04-16 19:19:24.292 68482 INFO tempest.lib.common.rest_client [req-31d0cbd3-f4b8-433c-8d93-a51a092d8e46 req-31d0cbd3-f4b8-433c-8d93-a51a092d8e46 ] Request (ImagesNegativeTestJSON:test_create_image_from_deleted_server): 200 GET http://10.180.1.21/compute/v2.1/servers/3d27a0be-599b-4bb4-89db-ff79d33047c8 0.225s
2025-04-16 19:19:24.367 68476 INFO tempest.lib.common.rest_client [req-fb80d6d9-4664-4e42-9ed2-c6083bb964cf req-fb80d6d9-4664-4e42-9ed2-c6083bb964cf ] Request (SecurityGroupsTestJSON:test_list_security_groups_by_server): 200 GET http://10.180.1.21/compute/v2.1/servers/0156b780-3e46-4283-829c-9439698f3c8a 0.437s
2025-04-16 19:19:24.552 68522 INFO tempest.lib.common.rest_client [req-91462b6b-7e61-4c4d-bafe-8cf010e197b5 req-91462b6b-7e61-4c4d-bafe-8cf010e197b5 ] Request (InstanceActionsV221TestJSON:test_get_list_deleted_instance_actions): 200 GET http://10.180.1.21/compute/v2.1/servers/e575e1c7-7f35-41de-96e7-0771a4137bf5 0.136s
2025-04-16 19:19:24.554 68502 INFO tempest.lib.common.rest_client [req-21a5f3a5-aa85-40a5-8fb3-760ece67d2ad req-21a5f3a5-aa85-40a5-8fb3-760ece67d2ad ] Request (ServerExternalEventsTest:test_create_server_external_events): 200 GET http://10.180.1.21/compute/v2.1/servers/046c6f49-9cbd-4e5a-8a26-d0bc11a57d51 0.135s
2025-04-16 19:19:24.679 68534 INFO tempest.lib.common.rest_client [req-8e8059cf-0bce-4f27-8793-bc7a89a323ab req-8e8059cf-0bce-4f27-8793-bc7a89a323ab ] Request (ServersNegativeTestJSON:setUpClass): 200 GET http://10.180.1.21/compute/v2.1/servers/fe79ae03-c408-4d18-914e-e64065998663 0.148s
2025-04-16 19:19:24.681 68514 INFO tempest.lib.common.rest_client [req-a90e39d3-b880-4247-aaea-95d4edd0f53c req-a90e39d3-b880-4247-aaea-95d4edd0f53c ] Request (ImagesOneServerTestJSON:setUpClass): 200 GET http://10.180.1.21/compute/v2.1/servers/10df4090-9ec0-4876-8925-23e585344a3b 0.143s
2025-04-16 19:19:24.737 68510 INFO tempest.lib.common.rest_client [req-b4dac224-6723-4a26-adef-bf740c9c7f9a req-b4dac224-6723-4a26-adef-bf740c9c7f9a ] Request (AttachInterfacesV270Test:test_create_get_list_interfaces): 200 GET http://10.180.1.21/compute/v2.1/servers/d9b69c9f-9ad6-4605-a7b5-54eed2035cc0 0.145s
2025-04-16 19:19:24.737 68530 INFO tempest.lib.common.rest_client [req-4a873be2-da2c-4993-9a52-eff6b6681e4d req-4a873be2-da2c-4993-9a52-eff6b6681e4d ] Request (ServersAdminNegativeTestJSON:setUpClass): 200 GET http://10.180.1.21/compute/v2.1/servers/ff16d7c1-a601-4ac6-be52-823727c8b843 0.155s
2025-04-16 19:19:24.782 68486 INFO tempest.lib.common.rest_client [req-8deb89d7-ad59-45ef-8f66-95ce1b1856fb req-8deb89d7-ad59-45ef-8f66-95ce1b1856fb ] Request (ServerDiskConfigTestJSON:test_rebuild_server_with_auto_disk_config): 200 GET http://10.180.1.21/compute/v2.1/servers/2243c245-bbb3-43b7-89a9-fb727d452885 0.157s
2025-04-16 19:19:24.792 68484 INFO tempest.lib.common.rest_client [req-b9220fcb-941d-4834-8aae-14f9d09d4df2 req-b9220fcb-941d-4834-8aae-14f9d09d4df2 ] Request (ServerShowV254Test:test_rebuild_server): 200 GET http://10.180.1.21/compute/v2.1/servers/d2e2cf0b-1028-4df3-9170-dc616a04fdc3 0.152s
2025-04-16 19:19:24.833 68492 INFO tempest.lib.common.rest_client [req-b3e2d664-ef69-4d06-a0b8-5a6639c8bc67 req-b3e2d664-ef69-4d06-a0b8-5a6639c8bc67 ] Request (ServersTestFqdnHostnames:test_create_server_with_fqdn_name): 200 GET http://10.180.1.21/compute/v2.1/servers/a5d1581e-4152-47fd-801b-e88f94dd0546 0.167s
2025-04-16 19:19:24.898 68500 INFO tempest.lib.common.rest_client [req-553870cf-6708-4bd1-ae9a-275cdb5e262f req-553870cf-6708-4bd1-ae9a-275cdb5e262f ] Request (ServerActionsTestOtherA:setUpClass): 200 GET http://10.180.1.21/compute/v2.1/servers/cef5dc8e-1a5c-4248-9bac-ff25880588ed 0.115s
2025-04-16 19:19:24.926 68520 INFO tempest.lib.common.rest_client [req-59e5c1e3-5d99-4efc-b40e-3ba83c9d2b2c req-59e5c1e3-5d99-4efc-b40e-3ba83c9d2b2c ] Request (FloatingIPsAssociationNegativeTestJSON:setUpClass): 200 GET http://10.180.1.21/compute/v2.1/servers/4d692986-413f-4c9b-b5cc-de43d2ca498d 0.133s
2025-04-16 19:19:24.943 68478 INFO tempest.lib.common.rest_client [req-bf583277-28d3-4b82-a5ac-2e38baa61a2e req-bf583277-28d3-4b82-a5ac-2e38baa61a2e ] Request (ServerActionsV293TestJSON:setUpClass): 200 GET http://10.180.1.21/compute/v2.1/servers/a6920ad4-bf1c-4daa-9b9a-81e782c88a20 0.107s
2025-04-16 19:19:24.970 68480 INFO tempest.lib.common.rest_client [req-d762b219-5df4-4f31-8c83-6c804bf76de7 req-d762b219-5df4-4f31-8c83-6c804bf76de7 ] Request (ServersTestBootFromVolume:setUpClass): 200 GET http://10.180.1.21/compute/v2.1/servers/faf174e0-4af8-4f58-be5d-2f8915b0d58b 0.091s
2025-04-16 19:19:25.021 68518 INFO tempest.lib.common.rest_client [req-e5378342-5915-4922-8791-a7d19f8aa3ce req-e5378342-5915-4922-8791-a7d19f8aa3ce ] Request (ServersV294TestFqdnHostnames:setUpClass): 200 GET http://10.180.1.21/compute/v2.1/servers/0702f4fa-2d01-4be3-abe8-faa32566d65d 0.089s
2025-04-16 19:19:25.031 68488 INFO tempest.lib.common.rest_client [req-31cb09b6-6a71-4404-9d0f-9ac29b656c81 req-31cb09b6-6a71-4404-9d0f-9ac29b656c81 ] Request (MigrationsAdminTest:test_list_migrations_in_flavor_resize_situation): 200 GET http://10.180.1.21/compute/v2.1/servers/b8aaf064-e8a6-444a-83cd-6a7e02b82f33 0.140s
2025-04-16 19:19:25.066 68472 INFO tempest.lib.common.rest_client [req-41ccec19-cfbf-4518-9172-9bfdb38fbbc9 req-41ccec19-cfbf-4518-9172-9bfdb38fbbc9 ] Request (ServersWithSpecificFlavorTestJSON:test_verify_created_server_ephemeral_disk): 200 GET http://10.180.1.21/compute/v2.1/servers/c0708080-3a59-4def-b90b-1c5959d317fb 0.090s
2025-04-16 19:19:25.111 68532 INFO tempest.lib.common.rest_client [req-1225d8a7-16ec-47af-b9b4-0676dcce61a0 req-1225d8a7-16ec-47af-b9b4-0676dcce61a0 ] Request (ServerGroupTestJSON:test_create_server_with_scheduler_hint_group): 200 GET http://10.180.1.21/compute/v2.1/servers/edfef42a-a968-4c36-92a4-e608037eab3f 0.086s
2025-04-16 19:19:25.125 68474 INFO tempest.lib.common.rest_client [req-c84de7e6-4174-4c62-a3db-8481979bb157 req-c84de7e6-4174-4c62-a3db-8481979bb157 ] Request (DeleteServersAdminTestJSON:test_admin_delete_servers_of_others): 200 GET http://10.180.1.21/compute/v2.1/servers/3c6604f4-4be4-45e5-9ff7-fe9ac96693ae 0.136s
2025-04-16 19:19:25.151 68524 INFO tempest.lib.common.rest_client [req-fbd5196d-529f-46bd-92ef-9a1d832e28ef req-fbd5196d-529f-46bd-92ef-9a1d832e28ef ] Request (ImagesOneServerNegativeTestJSON:setUpClass): 200 GET http://10.180.1.21/compute/v2.1/servers/f1235b58-9673-4d54-ad1d-c48d4ff584e2 0.115s
2025-04-16 19:19:25.170 68526 INFO tempest.lib.common.rest_client [req-a418eaa0-724e-4f94-b710-19e3148fef93 req-a418eaa0-724e-4f94-b710-19e3148fef93 ] Request (ServerDiagnosticsV248Test:test_get_server_diagnostics): 200 GET http://10.180.1.21/compute/v2.1/servers/dcdac63e-b5bb-4e53-ad3f-956a8b928e2c 0.100s
2025-04-16 19:19:25.194 68490 INFO tempest.lib.common.rest_client [req-8403c946-0596-49b7-a10a-2f042b577759 req-8403c946-0596-49b7-a10a-2f042b577759 ] Request (MultipleCreateTestJSON:test_multiple_create): 200 GET http://10.180.1.21/compute/v2.1/servers/afe91255-b954-4518-b0ca-a1f4ddcfd9ba 0.115s
2025-04-16 19:19:25.210 68497 INFO tempest.lib.common.rest_client [req-219b2fae-292a-44d3-929b-8ba7ca9d8822 req-219b2fae-292a-44d3-929b-8ba7ca9d8822 ] Request (VolumesAssistedSnapshotsTest:test_volume_assisted_snapshot_create_delete): 200 GET http://10.180.1.21/compute/v2.1/servers/0db07fdf-30c1-4367-999d-d9e8e9763b45 0.093s
2025-04-16 19:19:25.234 68504 INFO tempest.lib.common.rest_client [req-1292dd59-404c-4685-a6e7-9ac17b390ddd req-1292dd59-404c-4685-a6e7-9ac17b390ddd ] Request (ServerRescueTestJSON:setUpClass): 200 GET http://10.180.1.21/compute/v2.1/servers/e2e34a7a-d419-4fc8-ae82-ff5874aa23d1 0.103s
2025-04-16 19:19:25.247 68508 INFO tempest.lib.common.rest_client [req-5976b193-56fd-4871-aed2-8d4922bc2077 req-5976b193-56fd-4871-aed2-8d4922bc2077 ] Request (ServerDiagnosticsNegativeTest:test_get_server_diagnostics_by_non_admin): 200 GET http://10.180.1.21/compute/v2.1/servers/108001a3-ff36-475b-a7a5-8e0e197c62a8 0.088s
2025-04-16 19:19:25.284 68499 INFO tempest.lib.common.rest_client [req-7f695624-846a-40e9-90e5-c020a5ed9305 req-7f695624-846a-40e9-90e5-c020a5ed9305 ] Request (AttachInterfacesUnderV243Test:test_add_remove_fixed_ip): 200 GET http://10.180.1.21/compute/v2.1/servers/bcaa671a-38d8-45a5-b772-7d856594f700 0.112s
2025-04-16 19:19:25.293 68528 INFO tempest.lib.common.rest_client [req-70479b23-44f4-4819-b3e2-8b00421f32aa req-70479b23-44f4-4819-b3e2-8b00421f32aa ] Request (InstanceActionsNegativeTestJSON:setUpClass): 200 GET http://10.180.1.21/compute/v2.1/servers/6b13d579-06d7-4bd4-a632-0cd978074902 0.078s
2025-04-16 19:19:25.384 68482 INFO tempest.lib.common.rest_client [req-31a4d289-8e8b-45bb-834d-2d3086756dd0 req-31a4d289-8e8b-45bb-834d-2d3086756dd0 ] Request (ImagesNegativeTestJSON:test_create_image_from_deleted_server): 200 GET http://10.180.1.21/compute/v2.1/servers/3d27a0be-599b-4bb4-89db-ff79d33047c8 0.085s
2025-04-16 19:19:25.420 68476 INFO tempest.lib.common.rest_client [req-48d5351e-b5f2-49a7-a7c5-efb03ef8a0a1 req-48d5351e-b5f2-49a7-a7c5-efb03ef8a0a1 ] Request (SecurityGroupsTestJSON:test_list_security_groups_by_server): 200 GET http://10.180.1.21/compute/v2.1/servers/0156b780-3e46-4283-829c-9439698f3c8a 0.046s
2025-04-16 19:19:25.695 68502 INFO tempest.lib.common.rest_client [req-ac1d74c3-0aeb-45dd-86db-e07abc11e510 req-ac1d74c3-0aeb-45dd-86db-e07abc11e510 ] Request (ServerExternalEventsTest:test_create_server_external_events): 200 GET http://10.180.1.21/compute/v2.1/servers/046c6f49-9cbd-4e5a-8a26-d0bc11a57d51 0.133s
2025-04-16 19:19:25.728 68522 INFO tempest.lib.common.rest_client [req-7ced1d1e-31ee-4dc3-ae3f-1922476408ad req-7ced1d1e-31ee-4dc3-ae3f-1922476408ad ] Request (InstanceActionsV221TestJSON:test_get_list_deleted_instance_actions): 200 GET http://10.180.1.21/compute/v2.1/servers/e575e1c7-7f35-41de-96e7-0771a4137bf5 0.167s
2025-04-16 19:19:25.864 68534 INFO tempest.lib.common.rest_client [req-e6bc629e-7d0a-4f48-946e-fbf96adbc6ac req-e6bc629e-7d0a-4f48-946e-fbf96adbc6ac ] Request (ServersNegativeTestJSON:setUpClass): 200 GET http://10.180.1.21/compute/v2.1/servers/fe79ae03-c408-4d18-914e-e64065998663 0.177s
2025-04-16 19:19:25.897 68514 INFO tempest.lib.common.rest_client [req-e029f660-f014-4681-95ca-9a32d7c5f3b8 req-e029f660-f014-4681-95ca-9a32d7c5f3b8 ] Request (ImagesOneServerTestJSON:setUpClass): 200 GET http://10.180.1.21/compute/v2.1/servers/10df4090-9ec0-4876-8925-23e585344a3b 0.208s
2025-04-16 19:19:25.908 68530 INFO tempest.lib.common.rest_client [req-4e0e1021-de50-475b-bc64-820ae018318b req-4e0e1021-de50-475b-bc64-820ae018318b ] Request (ServersAdminNegativeTestJSON:setUpClass): 200 GET http://10.180.1.21/compute/v2.1/servers/ff16d7c1-a601-4ac6-be52-823727c8b843 0.163s
2025-04-16 19:19:25.957 68486 INFO tempest.lib.common.rest_client [req-6143a33a-c697-4c25-82ab-16a14d5cc4b4 req-6143a33a-c697-4c25-82ab-16a14d5cc4b4 ] Request (ServerDiskConfigTestJSON:test_rebuild_server_with_auto_disk_config): 200 GET http://10.180.1.21/compute/v2.1/servers/2243c245-bbb3-43b7-89a9-fb727d452885 0.167s
2025-04-16 19:19:25.958 68510 INFO tempest.lib.common.rest_client [req-74f8b9a5-0f51-453c-8a1d-86b6bd8ad9a4 req-74f8b9a5-0f51-453c-8a1d-86b6bd8ad9a4 ] Request (AttachInterfacesV270Test:test_create_get_list_interfaces): 200 GET http://10.180.1.21/compute/v2.1/servers/d9b69c9f-9ad6-4605-a7b5-54eed2035cc0 0.211s
2025-04-16 19:19:26.011 68492 INFO tempest.lib.common.rest_client [req-557eb62a-f322-4871-b0da-6bebb875d4ae req-557eb62a-f322-4871-b0da-6bebb875d4ae ] Request (ServersTestFqdnHostnames:test_create_server_with_fqdn_name): 200 GET http://10.180.1.21/compute/v2.1/servers/a5d1581e-4152-47fd-801b-e88f94dd0546 0.170s
2025-04-16 19:19:26.011 68484 INFO tempest.lib.common.rest_client [req-8efba483-53b8-465d-b4c6-d0dfb0581818 req-8efba483-53b8-465d-b4c6-d0dfb0581818 ] Request (ServerShowV254Test:test_rebuild_server): 200 GET http://10.180.1.21/compute/v2.1/servers/d2e2cf0b-1028-4df3-9170-dc616a04fdc3 0.208s
2025-04-16 19:19:26.130 68520 INFO tempest.lib.common.rest_client [req-819d1b5c-a97e-4803-8f2c-e957db2fbd9f req-819d1b5c-a97e-4803-8f2c-e957db2fbd9f ] Request (FloatingIPsAssociationNegativeTestJSON:setUpClass): 200 GET http://10.180.1.21/compute/v2.1/servers/4d692986-413f-4c9b-b5cc-de43d2ca498d 0.196s
2025-04-16 19:19:26.179 68478 INFO tempest.lib.common.rest_client [req-be659a05-03e7-4630-927c-6dda7368e7c2 req-be659a05-03e7-4630-927c-6dda7368e7c2 ] Request (ServerActionsV293TestJSON:setUpClass): 200 GET http://10.180.1.21/compute/v2.1/servers/a6920ad4-bf1c-4daa-9b9a-81e782c88a20 0.225s
2025-04-16 19:19:26.183 68500 INFO tempest.lib.common.rest_client [req-a9d7414d-a0bc-41ad-bc12-1b83539c68d0 req-a9d7414d-a0bc-41ad-bc12-1b83539c68d0 ] Request (ServerActionsTestOtherA:setUpClass): 200 GET http://10.180.1.21/compute/v2.1/servers/cef5dc8e-1a5c-4248-9bac-ff25880588ed 0.277s
2025-04-16 19:19:26.227 68480 INFO tempest.lib.common.rest_client [req-4a778643-51ae-4e6b-8a4e-3095333dcb9f req-4a778643-51ae-4e6b-8a4e-3095333dcb9f ] Request (ServersTestBootFromVolume:setUpClass): 200 GET http://10.180.1.21/compute/v2.1/servers/faf174e0-4af8-4f58-be5d-2f8915b0d58b 0.249s
2025-04-16 19:19:26.237 68518 INFO tempest.lib.common.rest_client [req-e8904c38-bea1-4e7f-9042-7fc06ff8fb87 req-e8904c38-bea1-4e7f-9042-7fc06ff8fb87 ] Request (ServersV294TestFqdnHostnames:setUpClass): 200 GET http://10.180.1.21/compute/v2.1/servers/0702f4fa-2d01-4be3-abe8-faa32566d65d 0.205s
2025-04-16 19:19:26.285 68472 INFO tempest.lib.common.rest_client [req-2e0ba028-b8f5-4e5a-ae38-9be7e5ee1044 req-2e0ba028-b8f5-4e5a-ae38-9be7e5ee1044 ] Request (ServersWithSpecificFlavorTestJSON:test_verify_created_server_ephemeral_disk): 200 GET http://10.180.1.21/compute/v2.1/servers/c0708080-3a59-4def-b90b-1c5959d317fb 0.211s
2025-04-16 19:19:26.318 68488 INFO tempest.lib.common.rest_client [req-61ece3b5-66db-4751-93e6-46427b2be939 req-61ece3b5-66db-4751-93e6-46427b2be939 ] Request (MigrationsAdminTest:test_list_migrations_in_flavor_resize_situation): 200 GET http://10.180.1.21/compute/v2.1/servers/b8aaf064-e8a6-444a-83cd-6a7e02b82f33 0.279s
2025-04-16 19:19:26.330 68532 INFO tempest.lib.common.rest_client [req-0e9fb658-5466-4cb6-bb1f-25cc27590170 req-0e9fb658-5466-4cb6-bb1f-25cc27590170 ] Request (ServerGroupTestJSON:test_create_server_with_scheduler_hint_group): 200 GET http://10.180.1.21/compute/v2.1/servers/edfef42a-a968-4c36-92a4-e608037eab3f 0.210s
2025-04-16 19:19:26.375 68524 INFO tempest.lib.common.rest_client [req-039d1c03-e319-4dd9-a50b-279b875c4329 req-039d1c03-e319-4dd9-a50b-279b875c4329 ] Request (ImagesOneServerNegativeTestJSON:setUpClass): 200 GET http://10.180.1.21/compute/v2.1/servers/f1235b58-9673-4d54-ad1d-c48d4ff584e2 0.215s
2025-04-16 19:19:26.417 68474 INFO tempest.lib.common.rest_client [req-b8bfa186-b7f5-44e6-93ad-61cd3c5ffafe req-b8bfa186-b7f5-44e6-93ad-61cd3c5ffafe ] Request (DeleteServersAdminTestJSON:test_admin_delete_servers_of_others): 200 GET http://10.180.1.21/compute/v2.1/servers/3c6604f4-4be4-45e5-9ff7-fe9ac96693ae 0.280s
2025-04-16 19:19:26.419 68526 INFO tempest.lib.common.rest_client [req-e1e08142-f201-4be3-a986-f2cb937cc3c9 req-e1e08142-f201-4be3-a986-f2cb937cc3c9 ] Request (ServerDiagnosticsV248Test:test_get_server_diagnostics): 200 GET http://10.180.1.21/compute/v2.1/servers/dcdac63e-b5bb-4e53-ad3f-956a8b928e2c 0.240s
2025-04-16 19:19:26.469 68497 INFO tempest.lib.common.rest_client [req-d6a9b487-8b37-4007-be1b-1d9218b0ec8f req-d6a9b487-8b37-4007-be1b-1d9218b0ec8f ] Request (VolumesAssistedSnapshotsTest:test_volume_assisted_snapshot_create_delete): 200 GET http://10.180.1.21/compute/v2.1/servers/0db07fdf-30c1-4367-999d-d9e8e9763b45 0.251s
2025-04-16 19:19:26.470 68490 INFO tempest.lib.common.rest_client [req-cac82481-ddf1-4ad3-be33-53371238c38c req-cac82481-ddf1-4ad3-be33-53371238c38c ] Request (MultipleCreateTestJSON:test_multiple_create): 200 GET http://10.180.1.21/compute/v2.1/servers/afe91255-b954-4518-b0ca-a1f4ddcfd9ba 0.268s
2025-04-16 19:19:26.514 68504 INFO tempest.lib.common.rest_client [req-1be97fe4-eb9a-4c70-b9e2-47882bdcde7c req-1be97fe4-eb9a-4c70-b9e2-47882bdcde7c ] Request (ServerRescueTestJSON:setUpClass): 200 GET http://10.180.1.21/compute/v2.1/servers/e2e34a7a-d419-4fc8-ae82-ff5874aa23d1 0.272s
2025-04-16 19:19:26.521 68508 INFO tempest.lib.common.rest_client [req-9f182842-6ec4-4e20-944e-48cd08a5373f req-9f182842-6ec4-4e20-944e-48cd08a5373f ] Request (ServerDiagnosticsNegativeTest:test_get_server_diagnostics_by_non_admin): 200 GET http://10.180.1.21/compute/v2.1/servers/108001a3-ff36-475b-a7a5-8e0e197c62a8 0.265s
2025-04-16 19:19:26.555 68499 INFO tempest.lib.common.rest_client [req-391100c5-1834-4a10-bb3a-f9d554ceaf46 req-391100c5-1834-4a10-bb3a-f9d554ceaf46 ] Request (AttachInterfacesUnderV243Test:test_add_remove_fixed_ip): 200 GET http://10.180.1.21/compute/v2.1/servers/bcaa671a-38d8-45a5-b772-7d856594f700 0.263s
2025-04-16 19:19:26.567 68528 INFO tempest.lib.common.rest_client [req-b3ef6a80-3ade-4474-ae63-0ee9b0360e30 req-b3ef6a80-3ade-4474-ae63-0ee9b0360e30 ] Request (InstanceActionsNegativeTestJSON:setUpClass): 200 GET http://10.180.1.21/compute/v2.1/servers/6b13d579-06d7-4bd4-a632-0cd978074902 0.266s
2025-04-16 19:19:26.615 68476 INFO tempest.lib.common.rest_client [req-ef578c17-82f4-436e-9b09-deff53836c2a req-ef578c17-82f4-436e-9b09-deff53836c2a ] Request (SecurityGroupsTestJSON:test_list_security_groups_by_server): 200 GET http://10.180.1.21/compute/v2.1/servers/0156b780-3e46-4283-829c-9439698f3c8a 0.187s
2025-04-16 19:19:26.648 68482 INFO tempest.lib.common.rest_client [req-0eddd159-7c64-46d8-8de7-38ee86a327d9 req-0eddd159-7c64-46d8-8de7-38ee86a327d9 ] Request (ImagesNegativeTestJSON:test_create_image_from_deleted_server): 200 GET http://10.180.1.21/compute/v2.1/servers/3d27a0be-599b-4bb4-89db-ff79d33047c8 0.255s
2025-04-16 19:19:26.814 68502 INFO tempest.lib.common.rest_client [req-c6db10f1-c239-4803-8c9d-2c933a2c582e req-c6db10f1-c239-4803-8c9d-2c933a2c582e ] Request (ServerExternalEventsTest:test_create_server_external_events): 200 GET http://10.180.1.21/compute/v2.1/servers/046c6f49-9cbd-4e5a-8a26-d0bc11a57d51 0.111s
2025-04-16 19:19:26.838 68522 INFO tempest.lib.common.rest_client [req-3c237dc2-e1fd-40a7-841c-21c0ef1c91e8 req-3c237dc2-e1fd-40a7-841c-21c0ef1c91e8 ] Request (InstanceActionsV221TestJSON:test_get_list_deleted_instance_actions): 200 GET http://10.180.1.21/compute/v2.1/servers/e575e1c7-7f35-41de-96e7-0771a4137bf5 0.101s
2025-04-16 19:19:26.982 68534 INFO tempest.lib.common.rest_client [req-f45a6de6-ccef-40b3-bb93-c54de8d9df85 req-f45a6de6-ccef-40b3-bb93-c54de8d9df85 ] Request (ServersNegativeTestJSON:setUpClass): 200 GET http://10.180.1.21/compute/v2.1/servers/fe79ae03-c408-4d18-914e-e64065998663 0.110s
2025-04-16 19:19:27.006 68514 INFO tempest.lib.common.rest_client [req-e0945589-8e03-4cde-857b-6bf8600baa43 req-e0945589-8e03-4cde-857b-6bf8600baa43 ] Request (ImagesOneServerTestJSON:setUpClass): 200 GET http://10.180.1.21/compute/v2.1/servers/10df4090-9ec0-4876-8925-23e585344a3b 0.099s
2025-04-16 19:19:27.023 68530 INFO tempest.lib.common.rest_client [req-8374b8ce-ac53-42dd-9dab-9586cce48e42 req-8374b8ce-ac53-42dd-9dab-9586cce48e42 ] Request (ServersAdminNegativeTestJSON:setUpClass): 200 GET http://10.180.1.21/compute/v2.1/servers/ff16d7c1-a601-4ac6-be52-823727c8b843 0.107s
2025-04-16 19:19:27.045 68486 INFO tempest.lib.common.rest_client [req-17a3a80a-8c48-43e7-964d-1bfc9cfaca4a req-17a3a80a-8c48-43e7-964d-1bfc9cfaca4a ] Request (ServerDiskConfigTestJSON:test_rebuild_server_with_auto_disk_config): 200 GET http://10.180.1.21/compute/v2.1/servers/2243c245-bbb3-43b7-89a9-fb727d452885 0.080s
2025-04-16 19:19:27.064 68510 INFO tempest.lib.common.rest_client [req-b0527a6a-575f-4b43-8301-66c4f8f6e31b req-b0527a6a-575f-4b43-8301-66c4f8f6e31b ] Request (AttachInterfacesV270Test:test_create_get_list_interfaces): 200 GET http://10.180.1.21/compute/v2.1/servers/d9b69c9f-9ad6-4605-a7b5-54eed2035cc0 0.096s
2025-04-16 19:19:27.086 68492 INFO tempest.lib.common.rest_client [req-ca8605c1-449c-4b4d-b13c-cefdf8b67034 req-ca8605c1-449c-4b4d-b13c-cefdf8b67034 ] Request (ServersTestFqdnHostnames:test_create_server_with_fqdn_name): 200 GET http://10.180.1.21/compute/v2.1/servers/a5d1581e-4152-47fd-801b-e88f94dd0546 0.067s
2025-04-16 19:19:27.237 68484 INFO tempest.lib.common.rest_client [req-2a844f36-48eb-4eae-9791-672c618846ae req-2a844f36-48eb-4eae-9791-672c618846ae ] Request (ServerShowV254Test:test_rebuild_server): 200 GET http://10.180.1.21/compute/v2.1/servers/d2e2cf0b-1028-4df3-9170-dc616a04fdc3 0.217s
2025-04-16 19:19:27.288 68478 INFO tempest.lib.common.rest_client [req-309e0794-dff0-4a9d-b99f-d7a248630741 req-309e0794-dff0-4a9d-b99f-d7a248630741 ] Request (ServerActionsV293TestJSON:setUpClass): 200 GET http://10.180.1.21/compute/v2.1/servers/a6920ad4-bf1c-4daa-9b9a-81e782c88a20 0.099s
2025-04-16 19:19:27.298 68520 INFO tempest.lib.common.rest_client [req-6ec4922e-4d78-4dd8-8fe4-7f848ad91bcf req-6ec4922e-4d78-4dd8-8fe4-7f848ad91bcf ] Request (FloatingIPsAssociationNegativeTestJSON:setUpClass): 200 GET http://10.180.1.21/compute/v2.1/servers/4d692986-413f-4c9b-b5cc-de43d2ca498d 0.158s
2025-04-16 19:19:27.345 68480 INFO tempest.lib.common.rest_client [req-c4699604-37ca-42e5-9d96-cc2cbf1f3899 req-c4699604-37ca-42e5-9d96-cc2cbf1f3899 ] Request (ServersTestBootFromVolume:setUpClass): 200 GET http://10.180.1.21/compute/v2.1/servers/faf174e0-4af8-4f58-be5d-2f8915b0d58b 0.112s
2025-04-16 19:19:27.383 68500 INFO tempest.lib.common.rest_client [req-21ddb6f5-be7a-4bfa-afcc-ee21045b48bc req-21ddb6f5-be7a-4bfa-afcc-ee21045b48bc ] Request (ServerActionsTestOtherA:setUpClass): 200 GET http://10.180.1.21/compute/v2.1/servers/cef5dc8e-1a5c-4248-9bac-ff25880588ed 0.190s
2025-04-16 19:19:27.395 68518 INFO tempest.lib.common.rest_client [req-70d69399-5068-4dea-bb4d-c89d93a062a9 req-70d69399-5068-4dea-bb4d-c89d93a062a9 ] Request (ServersV294TestFqdnHostnames:setUpClass): 200 GET http://10.180.1.21/compute/v2.1/servers/0702f4fa-2d01-4be3-abe8-faa32566d65d 0.148s
2025-04-16 19:19:27.423 68472 INFO tempest.lib.common.rest_client [req-da27b6a6-4ae8-4509-848a-25725b31baa9 req-da27b6a6-4ae8-4509-848a-25725b31baa9 ] Request (ServersWithSpecificFlavorTestJSON:test_verify_created_server_ephemeral_disk): 200 GET http://10.180.1.21/compute/v2.1/servers/c0708080-3a59-4def-b90b-1c5959d317fb 0.130s
2025-04-16 19:19:27.470 68532 INFO tempest.lib.common.rest_client [req-4b683782-8fb7-4346-8f5e-61b316781084 req-4b683782-8fb7-4346-8f5e-61b316781084 ] Request (ServerGroupTestJSON:test_create_server_with_scheduler_hint_group): 200 GET http://10.180.1.21/compute/v2.1/servers/edfef42a-a968-4c36-92a4-e608037eab3f 0.132s
2025-04-16 19:19:27.515 68524 INFO tempest.lib.common.rest_client [req-8b729d45-93b2-4c15-b6e2-49fb9be9bd7d req-8b729d45-93b2-4c15-b6e2-49fb9be9bd7d ] Request (ImagesOneServerNegativeTestJSON:setUpClass): 200 GET http://10.180.1.21/compute/v2.1/servers/f1235b58-9673-4d54-ad1d-c48d4ff584e2 0.133s
2025-04-16 19:19:27.538 68488 INFO tempest.lib.common.rest_client [req-e0b2423e-9fc1-46a7-a0b6-b550f3b2a1f7 req-e0b2423e-9fc1-46a7-a0b6-b550f3b2a1f7 ] Request (MigrationsAdminTest:test_list_migrations_in_flavor_resize_situation): 200 GET http://10.180.1.21/compute/v2.1/servers/b8aaf064-e8a6-444a-83cd-6a7e02b82f33 0.213s
2025-04-16 19:19:27.592 68526 INFO tempest.lib.common.rest_client [req-a390d951-62ab-42d2-a5c9-f0d6d78e538e req-a390d951-62ab-42d2-a5c9-f0d6d78e538e ] Request (ServerDiagnosticsV248Test:test_get_server_diagnostics): 200 GET http://10.180.1.21/compute/v2.1/servers/dcdac63e-b5bb-4e53-ad3f-956a8b928e2c 0.164s
2025-04-16 19:19:27.606 68474 INFO tempest.lib.common.rest_client [req-f666e13f-a1f5-41ba-8106-bf3d52426325 req-f666e13f-a1f5-41ba-8106-bf3d52426325 ] Request (DeleteServersAdminTestJSON:test_admin_delete_servers_of_others): 200 GET http://10.180.1.21/compute/v2.1/servers/3c6604f4-4be4-45e5-9ff7-fe9ac96693ae 0.182s
2025-04-16 19:19:27.642 68497 INFO tempest.lib.common.rest_client [req-f6fa82b4-4592-44ec-8e01-94d252843c16 req-f6fa82b4-4592-44ec-8e01-94d252843c16 ] Request (VolumesAssistedSnapshotsTest:test_volume_assisted_snapshot_create_delete): 200 GET http://10.180.1.21/compute/v2.1/servers/0db07fdf-30c1-4367-999d-d9e8e9763b45 0.164s
2025-04-16 19:19:27.648 68490 INFO tempest.lib.common.rest_client [req-ceadb485-f482-4723-9482-6a911f40051a req-ceadb485-f482-4723-9482-6a911f40051a ] Request (MultipleCreateTestJSON:test_multiple_create): 200 GET http://10.180.1.21/compute/v2.1/servers/afe91255-b954-4518-b0ca-a1f4ddcfd9ba 0.170s
2025-04-16 19:19:27.689 68504 INFO tempest.lib.common.rest_client [req-d634abf2-3ff4-443e-a3ca-b0123cb8d059 req-d634abf2-3ff4-443e-a3ca-b0123cb8d059 ] Request (ServerRescueTestJSON:setUpClass): 200 GET http://10.180.1.21/compute/v2.1/servers/e2e34a7a-d419-4fc8-ae82-ff5874aa23d1 0.167s
2025-04-16 19:19:27.695 68508 INFO tempest.lib.common.rest_client [req-84aee19d-6d55-4e7b-b739-381325169c0d req-84aee19d-6d55-4e7b-b739-381325169c0d ] Request (ServerDiagnosticsNegativeTest:test_get_server_diagnostics_by_non_admin): 200 GET http://10.180.1.21/compute/v2.1/servers/108001a3-ff36-475b-a7a5-8e0e197c62a8 0.167s
2025-04-16 19:19:27.734 68499 INFO tempest.lib.common.rest_client [req-6e6b2fdb-b073-48df-b561-b19420343e6b req-6e6b2fdb-b073-48df-b561-b19420343e6b ] Request (AttachInterfacesUnderV243Test:test_add_remove_fixed_ip): 200 GET http://10.180.1.21/compute/v2.1/servers/bcaa671a-38d8-45a5-b772-7d856594f700 0.168s
2025-04-16 19:19:27.741 68528 INFO tempest.lib.common.rest_client [req-70d7a7ec-6479-4206-9335-dfdc7fb5ad7e req-70d7a7ec-6479-4206-9335-dfdc7fb5ad7e ] Request (InstanceActionsNegativeTestJSON:setUpClass): 200 GET http://10.180.1.21/compute/v2.1/servers/6b13d579-06d7-4bd4-a632-0cd978074902 0.166s
2025-04-16 19:19:27.783 68476 INFO tempest.lib.common.rest_client [req-06e8abbf-b3e7-4452-b64d-2bce0ee575e1 req-06e8abbf-b3e7-4452-b64d-2bce0ee575e1 ] Request (SecurityGroupsTestJSON:test_list_security_groups_by_server): 200 GET http://10.180.1.21/compute/v2.1/servers/0156b780-3e46-4283-829c-9439698f3c8a 0.161s
2025-04-16 19:19:27.889 68482 INFO tempest.lib.common.rest_client [req-90d6b2f3-99f7-4d9f-8301-78d32e8c0da6 req-90d6b2f3-99f7-4d9f-8301-78d32e8c0da6 ] Request (ImagesNegativeTestJSON:test_create_image_from_deleted_server): 200 GET http://10.180.1.21/compute/v2.1/servers/3d27a0be-599b-4bb4-89db-ff79d33047c8 0.234s
2025-04-16 19:19:27.918 68502 INFO tempest.lib.common.rest_client [req-aba1cb5f-467e-4c76-96c9-c953459c829f req-aba1cb5f-467e-4c76-96c9-c953459c829f ] Request (ServerExternalEventsTest:test_create_server_external_events): 200 GET http://10.180.1.21/compute/v2.1/servers/046c6f49-9cbd-4e5a-8a26-d0bc11a57d51 0.096s
2025-04-16 19:19:27.974 68522 INFO tempest.lib.common.rest_client [req-f7ef5e4e-e765-422d-81ed-b7d7ca89d837 req-f7ef5e4e-e765-422d-81ed-b7d7ca89d837 ] Request (InstanceActionsV221TestJSON:test_get_list_deleted_instance_actions): 200 GET http://10.180.1.21/compute/v2.1/servers/e575e1c7-7f35-41de-96e7-0771a4137bf5 0.127s
2025-04-16 19:19:28.102 68534 INFO tempest.lib.common.rest_client [req-41b19b7d-ec36-4167-a79d-04779d983a5a req-41b19b7d-ec36-4167-a79d-04779d983a5a ] Request (ServersNegativeTestJSON:setUpClass): 200 GET http://10.180.1.21/compute/v2.1/servers/fe79ae03-c408-4d18-914e-e64065998663 0.111s
2025-04-16 19:19:28.117 68514 INFO tempest.lib.common.rest_client [req-b008a3ae-1f91-4186-968f-38a50b498c9f req-b008a3ae-1f91-4186-968f-38a50b498c9f ] Request (ImagesOneServerTestJSON:setUpClass): 200 GET http://10.180.1.21/compute/v2.1/servers/10df4090-9ec0-4876-8925-23e585344a3b 0.103s
2025-04-16 19:19:28.142 68530 INFO tempest.lib.common.rest_client [req-b72cb360-6817-459c-b9b4-a3a8a0e2607c req-b72cb360-6817-459c-b9b4-a3a8a0e2607c ] Request (ServersAdminNegativeTestJSON:setUpClass): 200 GET http://10.180.1.21/compute/v2.1/servers/ff16d7c1-a601-4ac6-be52-823727c8b843 0.111s
2025-04-16 19:19:28.158 68486 INFO tempest.lib.common.rest_client [req-477c0d7c-c6b6-4a6a-a308-663367f77ac3 req-477c0d7c-c6b6-4a6a-a308-663367f77ac3 ] Request (ServerDiskConfigTestJSON:test_rebuild_server_with_auto_disk_config): 200 GET http://10.180.1.21/compute/v2.1/servers/2243c245-bbb3-43b7-89a9-fb727d452885 0.106s
