2025-04-16 19:17:20.477 68522 INFO tempest.lib.common.rest_client [req-45ac5ad6-a0c2-4aae-9d0e-e3cba59eca7f req-45ac5ad6-a0c2-4aae-9d0e-e3cba59eca7f ] Request (InstanceActionsV221TestJSON:test_get_list_deleted_instance_actions): 200 GET http://10.180.1.21/compute/v2.1/servers/e575e1c7-7f35-41de-96e7-0771a4137bf5 0.755s
2025-04-16 19:17:20.499 68510 INFO tempest.lib.common.rest_client [req-cec6b595-b536-4bfd-acaf-40dbacdf7d07 req-cec6b595-b536-4bfd-acaf-40dbacdf7d07 ] Request (AttachInterfacesV270Test:setUpClass): 201 POST http://10.180.1.21/identity/v3/auth/tokens 0.060s
2025-04-16 19:17:20.507 68490 INFO tempest.lib.common.rest_client [req-7c12cc87-7c41-4dac-9ef5-d4fef244aae8 req-7c12cc87-7c41-4dac-9ef5-d4fef244aae8 ] Request (MultipleCreateTestJSON:setUpClass): 200 GET http://10.180.1.21/identity/v3/domains?name=Default 0.032s
2025-04-16 19:17:20.529 68510 INFO tempest.lib.common.rest_client [req-ffe62b63-2ee5-4ed1-9e49-bee19ebf6a90 req-ffe62b63-2ee5-4ed1-9e49-bee19ebf6a90 ] Request (AttachInterfacesV270Test:setUpClass): 201 POST http://10.180.1.21/identity/v3/auth/tokens 0.027s
2025-04-16 19:17:20.543 68490 INFO tempest.lib.common.rest_client [req-4afe0c65-5bff-4d51-9b0e-c6f6de1b4462 req-4afe0c65-5bff-4d51-9b0e-c6f6de1b4462 ] Request (MultipleCreateTestJSON:setUpClass): 201 POST http://10.180.1.21/identity/v3/projects 0.035s
2025-04-16 19:17:20.549 68510 INFO tempest.lib.common.rest_client [req-5b82e2da-58c4-4892-ad42-2151b0b2c810 req-5b82e2da-58c4-4892-ad42-2151b0b2c810 ] Request (AttachInterfacesV270Test:setUpClass): 200 GET http://10.180.1.21/identity/v3/domains?name=Default 0.020s
2025-04-16 19:17:20.613 68490 INFO tempest.lib.common.rest_client [req-ddd7e285-88ff-48d3-97f8-a224e3db2561 req-ddd7e285-88ff-48d3-97f8-a224e3db2561 ] Request (MultipleCreateTestJSON:setUpClass): 201 POST http://10.180.1.21/identity/v3/users 0.069s
2025-04-16 19:17:20.619 68510 INFO tempest.lib.common.rest_client [req-ef9677dc-de9b-4a93-9045-aa66e664ba14 req-ef9677dc-de9b-4a93-9045-aa66e664ba14 ] Request (AttachInterfacesV270Test:setUpClass): 201 POST http://10.180.1.21/identity/v3/projects 0.069s
2025-04-16 19:17:20.673 68490 INFO tempest.lib.common.rest_client [req-1c6c3b32-1ba1-4da7-9c6d-3fc1313cbbbf req-1c6c3b32-1ba1-4da7-9c6d-3fc1313cbbbf ] Request (MultipleCreateTestJSON:setUpClass): 200 GET http://10.180.1.21/identity/v3/roles 0.060s
2025-04-16 19:17:20.687 68510 INFO tempest.lib.common.rest_client [req-a900dca4-ef27-40cd-b5b9-c3d5294eb3c0 req-a900dca4-ef27-40cd-b5b9-c3d5294eb3c0 ] Request (AttachInterfacesV270Test:setUpClass): 201 POST http://10.180.1.21/identity/v3/users 0.067s
2025-04-16 19:17:20.707 68490 INFO tempest.lib.common.rest_client [req-da102888-9b4f-4375-9003-20fe5ad3dd31 req-da102888-9b4f-4375-9003-20fe5ad3dd31 ] Request (MultipleCreateTestJSON:setUpClass): 204 PUT http://10.180.1.21/identity/v3/projects/b8eee40e115c497a905d26916a8a1b7d/users/29640c9ab4334662aab91d7950cc7e8a/roles/acc2f069418e4c669206f41e81619339 0.033s
2025-04-16 19:17:20.707 68490 INFO tempest.lib.common.dynamic_creds [-] Dynamic test user 29640c9ab4334662aab91d7950cc7e8a is created with scope project and roles: ['member']
2025-04-16 19:17:20.707 68490 INFO tempest.lib.common.dynamic_creds [-] Acquired dynamic creds: credentials: Credentials: {'domain_id': 'default', 'domain_name': 'Default', 'username': 'tempest-MultipleCreateTestJSON-367536536-project-member', 'project_domain_id': 'default', 'project_domain_name': 'Default', 'project_id': 'b8eee40e115c497a905d26916a8a1b7d', 'project_name': 'tempest-MultipleCreateTestJSON-367536536', 'tenant_id': 'b8eee40e115c497a905d26916a8a1b7d', 'tenant_name': 'tempest-MultipleCreateTestJSON-367536536', 'user_domain_id': 'default', 'user_domain_name': 'Default', 'user_id': '29640c9ab4334662aab91d7950cc7e8a', 'system': None}, Network: None, Subnet: None, Router: None
2025-04-16 19:17:20.712 68510 INFO tempest.lib.common.rest_client [req-84a186a9-518c-4451-9f7a-05dbf7c37b4a req-84a186a9-518c-4451-9f7a-05dbf7c37b4a ] Request (AttachInterfacesV270Test:setUpClass): 200 GET http://10.180.1.21/identity/v3/roles 0.024s
2025-04-16 19:17:20.723 68480 INFO tempest.lib.common.rest_client [req-c8371a90-a33a-4814-9714-c169df82e973 req-c8371a90-a33a-4814-9714-c169df82e973 ] Request (ServersTestBootFromVolume:setUpClass): 200 GET http://10.180.1.21/volume/v3/8c8195890bf94e55a12f30e765aa3d55/volumes/5ba5887a-d0a9-46c2-9ed5-b648ed86bed0 0.042s
2025-04-16 19:17:20.777 68490 INFO tempest.lib.common.rest_client [req-65d0b9e7-a081-4244-b20f-6f8be02be5d8 req-65d0b9e7-a081-4244-b20f-6f8be02be5d8 ] Request (MultipleCreateTestJSON:setUpClass): 201 POST http://10.180.1.21/identity/v3/auth/tokens 0.069s
2025-04-16 19:17:20.787 68510 INFO tempest.lib.common.rest_client [req-38f2fab1-ef57-4afb-93c9-9375efbe9837 req-38f2fab1-ef57-4afb-93c9-9375efbe9837 ] Request (AttachInterfacesV270Test:setUpClass): 204 PUT http://10.180.1.21/identity/v3/projects/8bbfa55080bb4768a0f9754bdec18108/users/10876e8f9fac48e688e849e28431eaec/roles/acc2f069418e4c669206f41e81619339 0.075s
2025-04-16 19:17:20.788 68510 INFO tempest.lib.common.dynamic_creds [-] Dynamic test user 10876e8f9fac48e688e849e28431eaec is created with scope project and roles: ['member']
2025-04-16 19:17:20.788 68510 INFO tempest.lib.common.dynamic_creds [-] Acquired dynamic creds: credentials: Credentials: {'domain_id': 'default', 'domain_name': 'Default', 'username': 'tempest-AttachInterfacesV270Test-476421757-project-member', 'project_domain_id': 'default', 'project_domain_name': 'Default', 'project_id': '8bbfa55080bb4768a0f9754bdec18108', 'project_name': 'tempest-AttachInterfacesV270Test-476421757', 'tenant_id': '8bbfa55080bb4768a0f9754bdec18108', 'tenant_name': 'tempest-AttachInterfacesV270Test-476421757', 'user_domain_id': 'default', 'user_domain_name': 'Default', 'user_id': '10876e8f9fac48e688e849e28431eaec', 'system': None}, Network: None, Subnet: None, Router: None
2025-04-16 19:17:20.807 68488 INFO tempest.lib.common.rest_client [req-3c48341a-f74a-45a4-a4ea-abeb84adca0a req-3c48341a-f74a-45a4-a4ea-abeb84adca0a ] Request (MigrationsAdminTest:test_list_migrations_in_flavor_resize_situation): 200 GET http://10.180.1.21/compute/v2.1/servers/b8aaf064-e8a6-444a-83cd-6a7e02b82f33 0.815s
2025-04-16 19:17:20.820 68474 INFO tempest.lib.common.rest_client [req-4c4a5beb-5e25-49c4-bb5b-67aa829bc237 req-4c4a5beb-5e25-49c4-bb5b-67aa829bc237 ] Request (DeleteServersAdminTestJSON:test_admin_delete_servers_of_others): 200 GET http://10.180.1.21/compute/v2.1/servers/3c6604f4-4be4-45e5-9ff7-fe9ac96693ae 0.791s
2025-04-16 19:17:20.871 68510 INFO tempest.lib.common.rest_client [req-497d529a-836a-44f7-b57d-1dc1e6368c11 req-497d529a-836a-44f7-b57d-1dc1e6368c11 ] Request (AttachInterfacesV270Test:setUpClass): 201 POST http://10.180.1.21/identity/v3/auth/tokens 0.083s
2025-04-16 19:17:20.902 68504 INFO tempest.lib.common.rest_client [req-aaf9d2a8-b2ff-427b-bfaa-78a786364db5 req-aaf9d2a8-b2ff-427b-bfaa-78a786364db5 ] Request (ServerRescueTestJSON:setUpClass): 201 POST http://10.180.1.21:9696/networking/v2.0/routers 1.898s
2025-04-16 19:17:20.911 68500 INFO tempest.lib.common.rest_client [req-d9b8fa77-f52b-4839-baad-44e0ff04453f req-d9b8fa77-f52b-4839-baad-44e0ff04453f ] Request (ServerActionsTestOtherA:setUpClass): 200 GET http://10.180.1.21/compute/v2.1/servers/cef5dc8e-1a5c-4248-9bac-ff25880588ed 0.838s
2025-04-16 19:17:20.975 68532 INFO tempest.lib.common.rest_client [req-82708556-adbd-455d-a7f8-ea2a8ca41451 req-82708556-adbd-455d-a7f8-ea2a8ca41451 ] Request (ServerGroupTestJSON:setUpClass): 200 PUT http://10.180.1.21:9696/networking/v2.0/routers/166fdd4f-8dd8-4deb-a1d3-3f71e24d0f4e/add_router_interface 1.221s
2025-04-16 19:17:20.975 68532 INFO tempest.lib.common.dynamic_creds [-] Created isolated network resources for: credentials: Credentials: {'domain_id': 'default', 'domain_name': 'Default', 'username': 'tempest-ServerGroupTestJSON-627746257-project-member', 'project_domain_id': 'default', 'project_domain_name': 'Default', 'project_id': 'f73727f689a848e0acac815d5520789f', 'project_name': 'tempest-ServerGroupTestJSON-627746257', 'tenant_id': 'f73727f689a848e0acac815d5520789f', 'tenant_name': 'tempest-ServerGroupTestJSON-627746257', 'user_domain_id': 'default', 'user_domain_name': 'Default', 'user_id': 'c79b5f97f5c4419696c91730ca8823f3', 'system': None}, Network: {'id': '8c25bb86-686b-4a7d-97c7-4ee352809f1a', 'name': 'tempest-ServerGroupTestJSON-1012153356-network', 'tenant_id': 'f73727f689a848e0acac815d5520789f', 'admin_state_up': True, 'mtu': 8950, 'status': 'ACTIVE', 'subnets': [], 'shared': False, 'project_id': 'f73727f689a848e0acac815d5520789f', 'port_security_enabled': True, 'router:external': False, 'provider:network_type': 'vlan', 'provider:physical_network': 'default', 'provider:segmentation_id': 399, 'is_default': False, 'availability_zone_hints': [], 'availability_zones': [], 'ipv4_address_scope': None, 'ipv6_address_scope': None, 'description': '', 'tags': [], 'created_at': '2025-04-16T19:17:18Z', 'updated_at': '2025-04-16T19:17:18Z', 'revision_number': 1}, Subnet: {'id': '2c5826ef-0080-432d-83ba-f8e0ad63f08d', 'name': 'tempest-ServerGroupTestJSON-1012153356-subnet', 'tenant_id': 'f73727f689a848e0acac815d5520789f', 'network_id': '8c25bb86-686b-4a7d-97c7-4ee352809f1a', 'ip_version': 4, 'subnetpool_id': None, 'enable_dhcp': True, 'ipv6_ra_mode': None, 'ipv6_address_mode': None, 'gateway_ip': '192.168.128.1', 'cidr': '192.168.128.0/28', 'allocation_pools': [{'start': '192.168.128.2', 'end': '192.168.128.14'}], 'host_routes': [], 'dns_nameservers': [], 'description': '', 'service_types': [], 'tags': [], 'created_at': '2025-04-16T19:17:18Z', 'updated_at': '2025-04-16T19:17:18Z', 'revision_number': 0, 'project_id': 'f73727f689a848e0acac815d5520789f'}, Router: {'id': '166fdd4f-8dd8-4deb-a1d3-3f71e24d0f4e', 'name': 'tempest-ServerGroupTestJSON-1012153356-router', 'tenant_id': 'f73727f689a848e0acac815d5520789f', 'admin_state_up': True, 'status': 'ACTIVE', 'external_gateway_info': {'network_id': 'fb7b0e01-7830-4ebb-85f7-c902304b43de', 'external_fixed_ips': [{'subnet_id': 'aa4bf107-21f1-44f4-98c6-30a9113cad48', 'ip_address': '10.180.180.209'}], 'enable_snat': True}, 'description': '', 'availability_zones': [], 'distributed': False, 'ha': False, 'availability_zone_hints': [], 'routes': [], 'flavor_id': None, 'tags': [], 'created_at': '2025-04-16T19:17:18Z', 'updated_at': '2025-04-16T19:17:19Z', 'revision_number': 2, 'project_id': 'f73727f689a848e0acac815d5520789f'}
2025-04-16 19:17:20.992 68486 INFO tempest.lib.common.rest_client [req-f5ec4ddb-d961-46b0-ac45-0ec867ad10ab req-f5ec4ddb-d961-46b0-ac45-0ec867ad10ab ] Request (ServerDiskConfigTestJSON:test_rebuild_server_with_auto_disk_config): 200 GET http://10.180.1.21/compute/v2.1/servers/2243c245-bbb3-43b7-89a9-fb727d452885 0.846s
2025-04-16 19:17:21.005 68478 INFO tempest.lib.common.rest_client [req-2ef27ca3-f217-4c19-8f63-d77163e0771b req-2ef27ca3-f217-4c19-8f63-d77163e0771b ] Request (FlavorsAdminTestJSON:test_is_public_string_variations): 200 GET http://10.180.1.21/compute/v2.1/flavors/detail?is_public=0 0.766s
2025-04-16 19:17:21.031 68494 INFO tempest.lib.common.rest_client [req-bc293531-40f7-48d4-b813-73247bdab4a1 req-bc293531-40f7-48d4-b813-73247bdab4a1 ] Request (AggregatesAdminNegativeTestJSON:_run_cleanups): 200 DELETE http://10.180.1.21/compute/v2.1/os-aggregates/7 0.761s
2025-04-16 19:17:21.083 68532 INFO tempest.lib.common.rest_client [req-6c7eff7a-dd46-4e05-8089-18ea706dd7a7 req-6c7eff7a-dd46-4e05-8089-18ea706dd7a7 ] Request (ServerGroupTestJSON:setUpClass): 201 POST http://10.180.1.21/identity/v3/auth/tokens 0.102s
2025-04-16 19:17:21.132 68510 INFO tempest.lib.common.rest_client [req-8fb0f256-afc8-4b9a-a782-4bddca9afe1d req-8fb0f256-afc8-4b9a-a782-4bddca9afe1d ] Request (AttachInterfacesV270Test:setUpClass): 201 POST http://10.180.1.21:9696/networking/v2.0/networks 0.261s
2025-04-16 19:17:21.167 68499 INFO tempest.lib.common.rest_client [req-251316f8-f52f-4195-a778-3f9dc3ca08c5 req-251316f8-f52f-4195-a778-3f9dc3ca08c5 ] Request (SecurityGroupRulesNegativeTestJSON:tearDownClass): 202 DELETE http://10.180.1.21/compute/v2.1/os-security-groups/bef62014-3d7a-4cf8-9706-ff8eb80f3a06 1.097s
2025-04-16 19:17:21.262 68484 INFO tempest.lib.common.rest_client [req-1d9a13fa-43ad-45ab-9fb3-98ffebeedd1d req-1d9a13fa-43ad-45ab-9fb3-98ffebeedd1d ] Request (FloatingIPsAssociationTestJSON:setUpClass): 200 GET http://10.180.1.21/compute/v2.1/servers/f1fe2c36-316b-46e8-86d2-a71f018861f0 0.904s
2025-04-16 19:17:21.265 68518 INFO tempest.lib.common.rest_client [req-f31e488c-70f4-46ba-a58e-02793aea98f1 req-f31e488c-70f4-46ba-a58e-02793aea98f1 ] Request (ServersV294TestFqdnHostnames:setUpClass): 200 GET http://10.180.1.21/compute/v2.1/servers/0702f4fa-2d01-4be3-abe8-faa32566d65d 0.892s
2025-04-16 19:17:21.286 68506 INFO tempest.lib.common.rest_client [req-36816d4d-0019-4169-9d74-1d012955e349 req-36816d4d-0019-4169-9d74-1d012955e349 ] Request (KeyPairsV22TestJSON:_run_cleanups): 204 DELETE http://10.180.1.21/compute/v2.1/os-keypairs/tempest-KeyPairsV22TestJSON-keypair-1781439832 0.854s
2025-04-16 19:17:21.326 68510 INFO tempest.lib.common.rest_client [req-63c50e0f-38b8-4d1b-838b-56c0b9baf1c1 req-63c50e0f-38b8-4d1b-838b-56c0b9baf1c1 ] Request (AttachInterfacesV270Test:setUpClass): 201 POST http://10.180.1.21:9696/networking/v2.0/subnets 0.193s
2025-04-16 19:17:21.343 68528 INFO tempest.lib.common.rest_client [req-474783d4-2b0c-4480-b1fd-49b28d170d93 req-474783d4-2b0c-4480-b1fd-49b28d170d93 ] Request (InstanceActionsNegativeTestJSON:setUpClass): 200 GET http://10.180.1.21/compute/v2.1/servers/6b13d579-06d7-4bd4-a632-0cd978074902 0.929s
2025-04-16 19:17:21.363 68476 INFO tempest.lib.common.rest_client [req-a7beb530-bc15-4abb-a35d-39167cc54516 req-a7beb530-bc15-4abb-a35d-39167cc54516 ] Request (SecurityGroupsTestJSON:test_list_security_groups_by_server): 200 GET http://10.180.1.21/compute/v2.1/servers/0156b780-3e46-4283-829c-9439698f3c8a 0.909s
2025-04-16 19:17:21.413 68490 INFO tempest.lib.common.rest_client [req-6b3ddec3-7c6e-40a3-b49b-6941ac9ba28c req-6b3ddec3-7c6e-40a3-b49b-6941ac9ba28c ] Request (MultipleCreateTestJSON:setUpClass): 201 POST http://10.180.1.21:9696/networking/v2.0/networks 0.636s
2025-04-16 19:17:21.431 68526 INFO tempest.lib.common.rest_client [req-b5c0c7ac-5f69-49fc-a344-28f39a3341fb req-b5c0c7ac-5f69-49fc-a344-28f39a3341fb ] Request (ServerDiagnosticsV248Test:test_get_server_diagnostics): 200 GET http://10.180.1.21/compute/v2.1/servers/dcdac63e-b5bb-4e53-ad3f-956a8b928e2c 0.946s
2025-04-16 19:17:21.448 68492 INFO tempest.lib.common.rest_client [req-e300d0df-02a8-41a0-b06a-65e192f542bc req-e300d0df-02a8-41a0-b06a-65e192f542bc ] Request (ServersTestFqdnHostnames:test_create_server_with_fqdn_name): 200 GET http://10.180.1.21/compute/v2.1/servers/a5d1581e-4152-47fd-801b-e88f94dd0546 0.886s
2025-04-16 19:17:21.513 68472 INFO tempest.lib.common.rest_client [req-ea4125d5-4561-4b9d-a5f0-812784920f3c req-ea4125d5-4561-4b9d-a5f0-812784920f3c ] Request (ServersWithSpecificFlavorTestJSON:test_verify_created_server_ephemeral_disk): 200 GET http://10.180.1.21/compute/v2.1/servers/c0708080-3a59-4def-b90b-1c5959d317fb 0.763s
2025-04-16 19:17:21.615 68514 INFO tempest.lib.common.rest_client [req-f7f0607d-7360-4a89-8e45-87fdc581b078 req-f7f0607d-7360-4a89-8e45-87fdc581b078 ] Request (ImagesOneServerTestJSON:setUpClass): 200 GET http://10.180.1.21/compute/v2.1/servers/10df4090-9ec0-4876-8925-23e585344a3b 0.989s
2025-04-16 19:17:21.675 68482 INFO tempest.lib.common.rest_client [req-6484ad72-15d8-4c08-a16c-fee2d010e19c req-6484ad72-15d8-4c08-a16c-fee2d010e19c ] Request (ImagesNegativeTestJSON:test_create_image_from_deleted_server): 200 GET http://10.180.1.21/compute/v2.1/servers/3d27a0be-599b-4bb4-89db-ff79d33047c8 0.881s
2025-04-16 19:17:21.686 68524 INFO tempest.lib.common.rest_client [req-934e4e81-fb78-40e2-ac90-508d235464ec req-934e4e81-fb78-40e2-ac90-508d235464ec ] Request (ImagesOneServerNegativeTestJSON:setUpClass): 200 GET http://10.180.1.21/compute/v2.1/servers/f1235b58-9673-4d54-ad1d-c48d4ff584e2 0.848s
2025-04-16 19:17:21.690 68478 INFO tempest.lib.common.rest_client [req-bab6df53-307f-441a-b803-ab8aa05c0f38 req-bab6df53-307f-441a-b803-ab8aa05c0f38 ] Request (FlavorsAdminTestJSON:test_is_public_string_variations): 200 GET http://10.180.1.21/compute/v2.1/flavors/detail?is_public=t 0.681s
2025-04-16 19:17:21.713 68494 INFO tempest.lib.common.rest_client [req-2c9b76d9-82a5-4222-a3cf-70050c1d379e req-2c9b76d9-82a5-4222-a3cf-70050c1d379e ] Request (AggregatesAdminNegativeTestJSON:test_aggregate_remove_nonexistent_host): 200 POST http://10.180.1.21/compute/v2.1/os-aggregates 0.680s
2025-04-16 19:17:21.762 68480 INFO tempest.lib.common.rest_client [req-72603cce-91cf-4858-8e79-b5a5990ea7a2 req-72603cce-91cf-4858-8e79-b5a5990ea7a2 ] Request (ServersTestBootFromVolume:setUpClass): 200 GET http://10.180.1.21/volume/v3/8c8195890bf94e55a12f30e765aa3d55/volumes/5ba5887a-d0a9-46c2-9ed5-b648ed86bed0 0.029s
2025-04-16 19:17:21.841 68502 INFO tempest.lib.common.rest_client [req-2f015b34-a1aa-49d6-b6ae-783a2df8a739 req-2f015b34-a1aa-49d6-b6ae-783a2df8a739 ] Request (ServerExternalEventsTest:test_create_server_external_events): 200 GET http://10.180.1.21/compute/v2.1/servers/046c6f49-9cbd-4e5a-8a26-d0bc11a57d51 0.808s
2025-04-16 19:17:21.866 68532 INFO tempest.lib.common.rest_client [req-8b5b3a27-37cd-4799-8552-fb0c0001d2ed req-8b5b3a27-37cd-4799-8552-fb0c0001d2ed ] Request (ServerGroupTestJSON:setUp): 200 POST http://10.180.1.21/compute/v2.1/os-server-groups 0.781s
2025-04-16 19:17:21.908 68530 INFO tempest.lib.common.rest_client [req-1bf71e19-817b-414d-9a8b-7e6de7351397 req-1bf71e19-817b-414d-9a8b-7e6de7351397 ] Request (ServersAdmin275Test:test_rebuild_update_server_275): 200 GET http://10.180.1.21/compute/v2.1/servers/a390ced6-9e41-46f3-a330-72d745aeab91 0.743s
2025-04-16 19:17:21.964 68490 INFO tempest.lib.common.rest_client [req-491f52cb-bacb-47be-8bd1-b2535c2a73ab req-491f52cb-bacb-47be-8bd1-b2535c2a73ab ] Request (MultipleCreateTestJSON:setUpClass): 201 POST http://10.180.1.21:9696/networking/v2.0/subnets 0.550s
2025-04-16 19:17:22.282 68520 INFO tempest.lib.common.rest_client [req-6c84f989-09bd-4a1a-91de-eda4331759c3 req-6c84f989-09bd-4a1a-91de-eda4331759c3 ] Request (FloatingIPsAssociationNegativeTestJSON:setUpClass): 200 GET http://10.180.1.21/compute/v2.1/servers/4d692986-413f-4c9b-b5cc-de43d2ca498d 1.051s
2025-04-16 19:17:22.299 68506 INFO tempest.lib.common.rest_client [req-c3a8faff-b5f6-48ea-8a54-4b35eda0e376 req-c3a8faff-b5f6-48ea-8a54-4b35eda0e376 ] Request (KeyPairsV22TestJSON:_run_cleanups): 204 DELETE http://10.180.1.21/compute/v2.1/os-keypairs/tempest-KeyPairsV22TestJSON-keypair-765788313 1.009s
2025-04-16 19:17:22.333 68499 INFO tempest.lib.common.rest_client [req-f2535998-a853-4556-8fb8-dbf7e92c88c8 req-f2535998-a853-4556-8fb8-dbf7e92c88c8 ] Request (SecurityGroupRulesNegativeTestJSON:tearDownClass): 202 DELETE http://10.180.1.21/compute/v2.1/os-security-groups/0cba1749-03e7-4dd5-bb68-faf04b63554a 1.166s
2025-04-16 19:17:22.371 68510 INFO tempest.lib.common.rest_client [req-5e1c731a-f184-40b3-b506-c8a1afd7c6a3 req-5e1c731a-f184-40b3-b506-c8a1afd7c6a3 ] Request (AttachInterfacesV270Test:setUpClass): 201 POST http://10.180.1.21:9696/networking/v2.0/routers 1.044s
2025-04-16 19:17:22.411 68497 INFO tempest.lib.common.rest_client [req-82d102ef-3161-41f2-bf46-8004891dade2 req-82d102ef-3161-41f2-bf46-8004891dade2 ] Request (VolumesAssistedSnapshotsTest:test_volume_assisted_snapshot_create_delete): 200 GET http://10.180.1.21/compute/v2.1/servers/0db07fdf-30c1-4367-999d-d9e8e9763b45 1.081s
2025-04-16 19:17:22.440 68534 INFO tempest.lib.common.rest_client [req-018fdc96-ffd5-4f7f-a13e-e9c75560b1c3 req-018fdc96-ffd5-4f7f-a13e-e9c75560b1c3 ] Request (ServersNegativeTestJSON:setUpClass): 200 GET http://10.180.1.21/compute/v2.1/servers/fe79ae03-c408-4d18-914e-e64065998663 1.101s
2025-04-16 19:17:22.487 68508 INFO tempest.lib.common.rest_client [req-bf038d16-8c43-4d06-aa22-61d086190bb7 req-bf038d16-8c43-4d06-aa22-61d086190bb7 ] Request (ServerDiagnosticsNegativeTest:test_get_server_diagnostics_by_non_admin): 200 GET http://10.180.1.21/compute/v2.1/servers/108001a3-ff36-475b-a7a5-8e0e197c62a8 1.062s
2025-04-16 19:17:22.511 68478 INFO tempest.lib.common.rest_client [req-f95b1673-af09-4542-88bc-bdddd05ce4e8 req-f95b1673-af09-4542-88bc-bdddd05ce4e8 ] Request (FlavorsAdminTestJSON:test_is_public_string_variations): 200 GET http://10.180.1.21/compute/v2.1/flavors/detail?is_public=true 0.813s
2025-04-16 19:17:22.544 68494 INFO tempest.lib.common.rest_client [req-fc957473-f579-4736-8adc-3f6fe4a936bd req-fc957473-f579-4736-8adc-3f6fe4a936bd ] Request (AggregatesAdminNegativeTestJSON:test_aggregate_remove_nonexistent_host): 404 POST http://10.180.1.21/compute/v2.1/os-aggregates/8/action 0.828s
2025-04-16 19:17:22.797 68480 INFO tempest.lib.common.rest_client [req-3dddce40-54b0-486e-a527-2e537e747823 req-3dddce40-54b0-486e-a527-2e537e747823 ] Request (ServersTestBootFromVolume:setUpClass): 200 GET http://10.180.1.21/volume/v3/8c8195890bf94e55a12f30e765aa3d55/volumes/5ba5887a-d0a9-46c2-9ed5-b648ed86bed0 0.027s
2025-04-16 19:17:22.817 68488 INFO tempest.lib.common.rest_client [req-0d19e277-664b-4015-a394-41d8ac54c78c req-0d19e277-664b-4015-a394-41d8ac54c78c ] Request (MigrationsAdminTest:test_list_migrations_in_flavor_resize_situation): 200 GET http://10.180.1.21/compute/v2.1/servers/b8aaf064-e8a6-444a-83cd-6a7e02b82f33 0.992s
2025-04-16 19:17:22.833 68522 INFO tempest.lib.common.rest_client [req-befbe24c-0c9e-4626-b0bb-5c395f536e0b req-befbe24c-0c9e-4626-b0bb-5c395f536e0b ] Request (InstanceActionsV221TestJSON:test_get_list_deleted_instance_actions): 200 GET http://10.180.1.21/compute/v2.1/servers/e575e1c7-7f35-41de-96e7-0771a4137bf5 1.345s
2025-04-16 19:17:22.907 68532 INFO tempest.lib.common.rest_client [req-81e20c12-4923-4cd6-ba02-f275e052c864 req-81e20c12-4923-4cd6-ba02-f275e052c864 ] Request (ServerGroupTestJSON:test_create_delete_multiple_server_groups_with_same_name_policy): 200 POST http://10.180.1.21/compute/v2.1/os-server-groups 1.039s
2025-04-16 19:17:22.991 68500 INFO tempest.lib.common.rest_client [req-9f6c9fce-1b49-4573-ace9-fe784c5f94d7 req-9f6c9fce-1b49-4573-ace9-fe784c5f94d7 ] Request (ServerActionsTestOtherA:setUpClass): 200 GET http://10.180.1.21/compute/v2.1/servers/cef5dc8e-1a5c-4248-9bac-ff25880588ed 1.066s
2025-04-16 19:17:23.033 68474 INFO tempest.lib.common.rest_client [req-55a11524-422f-4757-ac7c-dcb99ae484ff req-55a11524-422f-4757-ac7c-dcb99ae484ff ] Request (DeleteServersAdminTestJSON:test_admin_delete_servers_of_others): 200 GET http://10.180.1.21/compute/v2.1/servers/3c6604f4-4be4-45e5-9ff7-fe9ac96693ae 1.204s
2025-04-16 19:17:23.078 68486 INFO tempest.lib.common.rest_client [req-d837f354-91ca-4e09-bdb3-1bcf09203916 req-d837f354-91ca-4e09-bdb3-1bcf09203916 ] Request (ServerDiskConfigTestJSON:test_rebuild_server_with_auto_disk_config): 200 GET http://10.180.1.21/compute/v2.1/servers/2243c245-bbb3-43b7-89a9-fb727d452885 1.074s
2025-04-16 19:17:23.156 68518 INFO tempest.lib.common.rest_client [req-2d22fe01-7aa3-4bfe-9b93-dd8258986bc9 req-2d22fe01-7aa3-4bfe-9b93-dd8258986bc9 ] Request (ServersV294TestFqdnHostnames:setUpClass): 200 GET http://10.180.1.21/compute/v2.1/servers/0702f4fa-2d01-4be3-abe8-faa32566d65d 0.871s
2025-04-16 19:17:23.197 68506 INFO tempest.lib.common.rest_client [req-374ec8e7-39b9-4422-b075-7061a59887e0 req-374ec8e7-39b9-4422-b075-7061a59887e0 ] Request (KeyPairsV22TestJSON:test_keypairsv22_create_list_show): 201 POST http://10.180.1.21/compute/v2.1/os-keypairs 0.896s
2025-04-16 19:17:23.522 68510 INFO tempest.lib.common.rest_client [req-8f396747-6256-4d32-ac30-7aa2b65e92c0 req-8f396747-6256-4d32-ac30-7aa2b65e92c0 ] Request (AttachInterfacesV270Test:setUpClass): 200 PUT http://10.180.1.21:9696/networking/v2.0/routers/4da46bed-dc0f-4063-9de9-c9e46889d925/add_router_interface 1.151s
2025-04-16 19:17:23.522 68510 INFO tempest.lib.common.dynamic_creds [-] Created isolated network resources for: credentials: Credentials: {'domain_id': 'default', 'domain_name': 'Default', 'username': 'tempest-AttachInterfacesV270Test-476421757-project-member', 'project_domain_id': 'default', 'project_domain_name': 'Default', 'project_id': '8bbfa55080bb4768a0f9754bdec18108', 'project_name': 'tempest-AttachInterfacesV270Test-476421757', 'tenant_id': '8bbfa55080bb4768a0f9754bdec18108', 'tenant_name': 'tempest-AttachInterfacesV270Test-476421757', 'user_domain_id': 'default', 'user_domain_name': 'Default', 'user_id': '10876e8f9fac48e688e849e28431eaec', 'system': None}, Network: {'id': '510f4526-c9a5-4927-8da4-fa98083283c2', 'name': 'tempest-AttachInterfacesV270Test-1535109773-network', 'tenant_id': '8bbfa55080bb4768a0f9754bdec18108', 'admin_state_up': True, 'mtu': 8950, 'status': 'ACTIVE', 'subnets': [], 'shared': False, 'project_id': '8bbfa55080bb4768a0f9754bdec18108', 'port_security_enabled': True, 'router:external': False, 'provider:network_type': 'vlan', 'provider:physical_network': 'default', 'provider:segmentation_id': 909, 'is_default': False, 'availability_zone_hints': [], 'availability_zones': [], 'ipv4_address_scope': None, 'ipv6_address_scope': None, 'description': '', 'tags': [], 'created_at': '2025-04-16T19:17:21Z', 'updated_at': '2025-04-16T19:17:21Z', 'revision_number': 1}, Subnet: {'id': '5c9b0566-9857-40c1-b2d1-0f135467f95d', 'name': 'tempest-AttachInterfacesV270Test-1535109773-subnet', 'tenant_id': '8bbfa55080bb4768a0f9754bdec18108', 'network_id': '510f4526-c9a5-4927-8da4-fa98083283c2', 'ip_version': 4, 'subnetpool_id': None, 'enable_dhcp': True, 'ipv6_ra_mode': None, 'ipv6_address_mode': None, 'gateway_ip': '192.168.128.1', 'cidr': '192.168.128.0/28', 'allocation_pools': [{'start': '192.168.128.2', 'end': '192.168.128.14'}], 'host_routes': [], 'dns_nameservers': [], 'description': '', 'service_types': [], 'tags': [], 'created_at': '2025-04-16T19:17:21Z', 'updated_at': '2025-04-16T19:17:21Z', 'revision_number': 0, 'project_id': '8bbfa55080bb4768a0f9754bdec18108'}, Router: {'id': '4da46bed-dc0f-4063-9de9-c9e46889d925', 'name': 'tempest-AttachInterfacesV270Test-1535109773-router', 'tenant_id': '8bbfa55080bb4768a0f9754bdec18108', 'admin_state_up': True, 'status': 'ACTIVE', 'external_gateway_info': {'network_id': 'fb7b0e01-7830-4ebb-85f7-c902304b43de', 'external_fixed_ips': [{'subnet_id': 'aa4bf107-21f1-44f4-98c6-30a9113cad48', 'ip_address': '10.180.180.173'}], 'enable_snat': True}, 'description': '', 'availability_zones': [], 'distributed': False, 'ha': False, 'availability_zone_hints': [], 'routes': [], 'flavor_id': None, 'tags': [], 'created_at': '2025-04-16T19:17:21Z', 'updated_at': '2025-04-16T19:17:22Z', 'revision_number': 2, 'project_id': '8bbfa55080bb4768a0f9754bdec18108'}
2025-04-16 19:17:23.583 68484 INFO tempest.lib.common.rest_client [req-d44ec1a4-3dfe-4356-a07d-aa8938b70f84 req-d44ec1a4-3dfe-4356-a07d-aa8938b70f84 ] Request (FloatingIPsAssociationTestJSON:setUpClass): 200 GET http://10.180.1.21/compute/v2.1/servers/f1fe2c36-316b-46e8-86d2-a71f018861f0 1.310s
2025-04-16 19:17:23.609 68504 INFO tempest.lib.common.rest_client [req-8a210ee7-ba0b-4e55-b19d-5a2f3f473fea req-8a210ee7-ba0b-4e55-b19d-5a2f3f473fea ] Request (ServerRescueTestJSON:setUpClass): 200 PUT http://10.180.1.21:9696/networking/v2.0/routers/640d5a38-375d-454a-84f4-4bc2a3fcfb9d/add_router_interface 2.707s
2025-04-16 19:17:23.610 68504 INFO tempest.lib.common.dynamic_creds [-] Created isolated network resources for: credentials: Credentials: {'domain_id': 'default', 'domain_name': 'Default', 'username': 'tempest-ServerRescueTestJSON-1260696433-project-member', 'project_domain_id': 'default', 'project_domain_name': 'Default', 'project_id': '86465888ae2c493a9e774efec92f9fa4', 'project_name': 'tempest-ServerRescueTestJSON-1260696433', 'tenant_id': '86465888ae2c493a9e774efec92f9fa4', 'tenant_name': 'tempest-ServerRescueTestJSON-1260696433', 'user_domain_id': 'default', 'user_domain_name': 'Default', 'user_id': '5e0d56a2dff04c69886103b0b032a9df', 'system': None}, Network: {'id': '0b593b03-6cca-4f17-9bdf-c1ce171edf99', 'name': 'tempest-ServerRescueTestJSON-352313756-network', 'tenant_id': '86465888ae2c493a9e774efec92f9fa4', 'admin_state_up': True, 'mtu': 8950, 'status': 'ACTIVE', 'subnets': [], 'shared': False, 'project_id': '86465888ae2c493a9e774efec92f9fa4', 'port_security_enabled': True, 'router:external': False, 'provider:network_type': 'vlan', 'provider:physical_network': 'default', 'provider:segmentation_id': 111, 'is_default': False, 'availability_zone_hints': [], 'availability_zones': [], 'ipv4_address_scope': None, 'ipv6_address_scope': None, 'description': '', 'tags': [], 'created_at': '2025-04-16T19:17:18Z', 'updated_at': '2025-04-16T19:17:18Z', 'revision_number': 1}, Subnet: {'id': '1eb7bbec-90f4-428e-9215-bd40fcc76751', 'name': 'tempest-ServerRescueTestJSON-352313756-subnet', 'tenant_id': '86465888ae2c493a9e774efec92f9fa4', 'network_id': '0b593b03-6cca-4f17-9bdf-c1ce171edf99', 'ip_version': 4, 'subnetpool_id': None, 'enable_dhcp': False, 'ipv6_ra_mode': None, 'ipv6_address_mode': None, 'gateway_ip': '192.168.128.1', 'cidr': '192.168.128.0/28', 'allocation_pools': [{'start': '192.168.128.2', 'end': '192.168.128.14'}], 'host_routes': [], 'dns_nameservers': [], 'description': '', 'service_types': [], 'tags': [], 'created_at': '2025-04-16T19:17:18Z', 'updated_at': '2025-04-16T19:17:18Z', 'revision_number': 0, 'project_id': '86465888ae2c493a9e774efec92f9fa4'}, Router: {'id': '640d5a38-375d-454a-84f4-4bc2a3fcfb9d', 'name': 'tempest-ServerRescueTestJSON-352313756-router', 'tenant_id': '86465888ae2c493a9e774efec92f9fa4', 'admin_state_up': True, 'status': 'ACTIVE', 'external_gateway_info': {'network_id': 'fb7b0e01-7830-4ebb-85f7-c902304b43de', 'external_fixed_ips': [{'subnet_id': 'aa4bf107-21f1-44f4-98c6-30a9113cad48', 'ip_address': '10.180.180.220'}], 'enable_snat': True}, 'description': '', 'availability_zones': [], 'distributed': False, 'ha': False, 'availability_zone_hints': [], 'routes': [], 'flavor_id': None, 'tags': [], 'created_at': '2025-04-16T19:17:19Z', 'updated_at': '2025-04-16T19:17:19Z', 'revision_number': 2, 'project_id': '86465888ae2c493a9e774efec92f9fa4'}
2025-04-16 19:17:23.614 68510 INFO tempest.lib.common.rest_client [req-0b204d9c-0180-4346-83d7-ec9099200fc5 req-0b204d9c-0180-4346-83d7-ec9099200fc5 ] Request (AttachInterfacesV270Test:setUpClass): 201 POST http://10.180.1.21/identity/v3/auth/tokens 0.087s
2025-04-16 19:17:23.647 68510 INFO tempest.lib.common.rest_client [req-aa8bba6c-b438-41e4-88c9-158b800a7c33 req-aa8bba6c-b438-41e4-88c9-158b800a7c33 ] Request (AttachInterfacesV270Test:test_create_get_list_interfaces): 201 POST http://10.180.1.21/identity/v3/auth/tokens 0.026s
2025-04-16 19:17:23.647 68510 INFO tempest.lib.common.fixed_network [-] (AttachInterfacesV270Test:test_create_get_list_interfaces) Found network {'id': '510f4526-c9a5-4927-8da4-fa98083283c2', 'name': 'tempest-AttachInterfacesV270Test-1535109773-network', 'tenant_id': '8bbfa55080bb4768a0f9754bdec18108', 'admin_state_up': True, 'mtu': 8950, 'status': 'ACTIVE', 'subnets': [], 'shared': False, 'project_id': '8bbfa55080bb4768a0f9754bdec18108', 'port_security_enabled': True, 'router:external': False, 'provider:network_type': 'vlan', 'provider:physical_network': 'default', 'provider:segmentation_id': 909, 'is_default': False, 'availability_zone_hints': [], 'availability_zones': [], 'ipv4_address_scope': None, 'ipv6_address_scope': None, 'description': '', 'tags': [], 'created_at': '2025-04-16T19:17:21Z', 'updated_at': '2025-04-16T19:17:21Z', 'revision_number': 1} available for tenant
2025-04-16 19:17:23.680 68528 INFO tempest.lib.common.rest_client [req-2e128b8d-ef8d-4487-9980-39a8aa57046a req-2e128b8d-ef8d-4487-9980-39a8aa57046a ] Request (InstanceActionsNegativeTestJSON:setUpClass): 200 GET http://10.180.1.21/compute/v2.1/servers/6b13d579-06d7-4bd4-a632-0cd978074902 1.324s
2025-04-16 19:17:23.714 68504 INFO tempest.lib.common.rest_client [req-845b0ce1-22b7-4f23-94c5-6444e7f9d0e2 req-845b0ce1-22b7-4f23-94c5-6444e7f9d0e2 ] Request (ServerRescueTestJSON:setUpClass): 201 POST http://10.180.1.21/identity/v3/auth/tokens 0.100s
2025-04-16 19:17:23.715 68499 INFO tempest.lib.common.rest_client [req-145d3acc-db06-42f1-bc3e-243f54ecda24 req-145d3acc-db06-42f1-bc3e-243f54ecda24 ] Request (SecurityGroupRulesNegativeTestJSON:tearDownClass): 202 DELETE http://10.180.1.21/compute/v2.1/os-security-groups/df6541b2-418d-4228-8d02-ca58ee6da2bf 1.381s
2025-04-16 19:17:23.762 68504 INFO tempest.lib.common.rest_client [req-31b1740f-e784-470d-9b5a-15eaeadda27e req-31b1740f-e784-470d-9b5a-15eaeadda27e ] Request (ServerRescueTestJSON:setUpClass): 201 POST http://10.180.1.21/identity/v3/auth/tokens 0.043s
2025-04-16 19:17:23.763 68504 INFO tempest.lib.common.fixed_network [-] (ServerRescueTestJSON:setUpClass) Found network {'id': '0b593b03-6cca-4f17-9bdf-c1ce171edf99', 'name': 'tempest-ServerRescueTestJSON-352313756-network', 'tenant_id': '86465888ae2c493a9e774efec92f9fa4', 'admin_state_up': True, 'mtu': 8950, 'status': 'ACTIVE', 'subnets': [], 'shared': False, 'project_id': '86465888ae2c493a9e774efec92f9fa4', 'port_security_enabled': True, 'router:external': False, 'provider:network_type': 'vlan', 'provider:physical_network': 'default', 'provider:segmentation_id': 111, 'is_default': False, 'availability_zone_hints': [], 'availability_zones': [], 'ipv4_address_scope': None, 'ipv6_address_scope': None, 'description': '', 'tags': [], 'created_at': '2025-04-16T19:17:18Z', 'updated_at': '2025-04-16T19:17:18Z', 'revision_number': 1} available for tenant
2025-04-16 19:17:23.797 68476 INFO tempest.lib.common.rest_client [req-04a32f16-1bfb-4bd6-983a-88bdfbc4e40a req-04a32f16-1bfb-4bd6-983a-88bdfbc4e40a ] Request (SecurityGroupsTestJSON:test_list_security_groups_by_server): 200 GET http://10.180.1.21/compute/v2.1/servers/0156b780-3e46-4283-829c-9439698f3c8a 1.420s
2025-04-16 19:17:23.800 68526 INFO tempest.lib.common.rest_client [req-00088f03-21c1-4a3e-b053-fb85bd085d40 req-00088f03-21c1-4a3e-b053-fb85bd085d40 ] Request (ServerDiagnosticsV248Test:test_get_server_diagnostics): 200 GET http://10.180.1.21/compute/v2.1/servers/dcdac63e-b5bb-4e53-ad3f-956a8b928e2c 1.356s
2025-04-16 19:17:23.823 68478 INFO tempest.lib.common.rest_client [req-c6bc82ee-fe13-417c-a7ca-9fc2c997cd42 req-c6bc82ee-fe13-417c-a7ca-9fc2c997cd42 ] Request (FlavorsAdminTestJSON:test_is_public_string_variations): 200 GET http://10.180.1.21/compute/v2.1/flavors/detail?is_public=yes 1.307s
2025-04-16 19:17:23.848 68480 INFO tempest.lib.common.rest_client [req-69524918-a58a-42d3-97c7-e3e689f497aa req-69524918-a58a-42d3-97c7-e3e689f497aa ] Request (ServersTestBootFromVolume:setUpClass): 200 GET http://10.180.1.21/volume/v3/8c8195890bf94e55a12f30e765aa3d55/volumes/5ba5887a-d0a9-46c2-9ed5-b648ed86bed0 0.035s
2025-04-16 19:17:23.858 68492 INFO tempest.lib.common.rest_client [req-72ace577-9642-4996-9843-3011ca11050c req-72ace577-9642-4996-9843-3011ca11050c ] Request (ServersTestFqdnHostnames:test_create_server_with_fqdn_name): 200 GET http://10.180.1.21/compute/v2.1/servers/a5d1581e-4152-47fd-801b-e88f94dd0546 1.398s
2025-04-16 19:17:23.879 68472 INFO tempest.lib.common.rest_client [req-6cdcb443-2d0e-4919-a91d-072b52e23650 req-6cdcb443-2d0e-4919-a91d-072b52e23650 ] Request (ServersWithSpecificFlavorTestJSON:test_verify_created_server_ephemeral_disk): 200 GET http://10.180.1.21/compute/v2.1/servers/c0708080-3a59-4def-b90b-1c5959d317fb 1.354s
2025-04-16 19:17:23.879 68494 INFO tempest.lib.common.rest_client [req-37171e6f-e7c5-4d5f-964b-d784346c1207 req-37171e6f-e7c5-4d5f-964b-d784346c1207 ] Request (AggregatesAdminNegativeTestJSON:_run_cleanups): 200 DELETE http://10.180.1.21/compute/v2.1/os-aggregates/8 1.335s
2025-04-16 19:17:23.978 68494 INFO tempest.lib.common.rest_client [req-cfed4f47-5a66-4e73-bd35-6371eb188ee6 req-cfed4f47-5a66-4e73-bd35-6371eb188ee6 ] Request (AggregatesAdminNegativeTestJSON:tearDownClass): 204 DELETE http://10.180.1.21/identity/v3/users/0db055b1141b46af8e93919c72022706 0.098s
2025-04-16 19:17:24.088 68494 INFO tempest.lib.common.rest_client [req-22771972-7660-42a4-9ce6-6f3cf184b117 req-22771972-7660-42a4-9ce6-6f3cf184b117 ] Request (AggregatesAdminNegativeTestJSON:tearDownClass): 204 DELETE http://10.180.1.21/identity/v3/users/ad3c5eddf7cc497e9d931cbf0ab96348 0.108s
2025-04-16 19:17:24.088 68494 INFO tempest.lib.common.dynamic_creds [-] Deleting project and security group for project: 0c92fa59dd604cfda8515c7f2d33c7bf
2025-04-16 19:17:24.164 68494 INFO tempest.lib.common.rest_client [req-58d59973-c491-4b92-86fd-b16e2781e51f req-58d59973-c491-4b92-86fd-b16e2781e51f ] Request (AggregatesAdminNegativeTestJSON:tearDownClass): 201 POST http://10.180.1.21/identity/v3/auth/tokens 0.076s
2025-04-16 19:17:24.198 68482 INFO tempest.lib.common.rest_client [req-20563dea-6b8b-4011-8f26-3ed9efa97ed6 req-20563dea-6b8b-4011-8f26-3ed9efa97ed6 ] Request (ImagesNegativeTestJSON:test_create_image_from_deleted_server): 200 GET http://10.180.1.21/compute/v2.1/servers/3d27a0be-599b-4bb4-89db-ff79d33047c8 1.510s
2025-04-16 19:17:24.203 68514 INFO tempest.lib.common.rest_client [req-451bf2e9-5550-4bbf-9bd2-aa63724eaf9e req-451bf2e9-5550-4bbf-9bd2-aa63724eaf9e ] Request (ImagesOneServerTestJSON:setUpClass): 200 GET http://10.180.1.21/compute/v2.1/servers/10df4090-9ec0-4876-8925-23e585344a3b 1.577s
2025-04-16 19:17:24.228 68490 INFO tempest.lib.common.rest_client [req-ecfa16f3-d0db-414d-a8bf-dde8208970fe req-ecfa16f3-d0db-414d-a8bf-dde8208970fe ] Request (MultipleCreateTestJSON:setUpClass): 201 POST http://10.180.1.21:9696/networking/v2.0/routers 2.263s
2025-04-16 19:17:24.295 68524 INFO tempest.lib.common.rest_client [req-27f6f149-9cde-45ec-9d36-acb94fe1b4e0 req-27f6f149-9cde-45ec-9d36-acb94fe1b4e0 ] Request (ImagesOneServerNegativeTestJSON:setUpClass): 200 GET http://10.180.1.21/compute/v2.1/servers/f1235b58-9673-4d54-ad1d-c48d4ff584e2 1.600s
2025-04-16 19:17:24.364 68494 INFO tempest.lib.common.rest_client [req-d87ebf51-7537-47d7-88c4-7faf89f4e0b5 req-d87ebf51-7537-47d7-88c4-7faf89f4e0b5 ] Request (AggregatesAdminNegativeTestJSON:tearDownClass): 200 GET http://10.180.1.21:9696/networking/v2.0/security-groups?tenant_id=0c92fa59dd604cfda8515c7f2d33c7bf&name=default 0.199s
2025-04-16 19:17:24.375 68532 INFO tempest.lib.common.rest_client [req-0ab617f8-d808-4eae-ac48-714d34941e38 req-0ab617f8-d808-4eae-ac48-714d34941e38 ] Request (ServerGroupTestJSON:test_create_delete_multiple_server_groups_with_same_name_policy): 200 POST http://10.180.1.21/compute/v2.1/os-server-groups 1.466s
2025-04-16 19:17:24.642 68530 INFO tempest.lib.common.rest_client [req-8511280d-6ff6-4e27-a8ee-805fcef11f18 req-8511280d-6ff6-4e27-a8ee-805fcef11f18 ] Request (ServersAdmin275Test:test_rebuild_update_server_275): 200 GET http://10.180.1.21/compute/v2.1/servers/a390ced6-9e41-46f3-a330-72d745aeab91 1.716s
2025-04-16 19:17:24.656 68506 INFO tempest.lib.common.rest_client [req-9a1f2b13-5e89-4989-8f7f-c1701d8265cc req-9a1f2b13-5e89-4989-8f7f-c1701d8265cc ] Request (KeyPairsV22TestJSON:test_keypairsv22_create_list_show): 200 GET http://10.180.1.21/compute/v2.1/os-keypairs/tempest-keypair-821767605 1.455s
2025-04-16 19:17:24.750 68502 INFO tempest.lib.common.rest_client [req-91706b3c-4f96-4aa8-9fc0-7af089d58847 req-91706b3c-4f96-4aa8-9fc0-7af089d58847 ] Request (ServerExternalEventsTest:test_create_server_external_events): 200 GET http://10.180.1.21/compute/v2.1/servers/046c6f49-9cbd-4e5a-8a26-d0bc11a57d51 1.900s
2025-04-16 19:17:24.830 68497 INFO tempest.lib.common.rest_client [req-4814e816-0da4-4a96-9376-191e58027007 req-4814e816-0da4-4a96-9376-191e58027007 ] Request (VolumesAssistedSnapshotsTest:test_volume_assisted_snapshot_create_delete): 200 GET http://10.180.1.21/compute/v2.1/servers/0db07fdf-30c1-4367-999d-d9e8e9763b45 1.411s
2025-04-16 19:17:24.834 68494 INFO tempest.lib.common.rest_client [req-54c35981-941c-4025-aab0-45b9e8e5d39d req-54c35981-941c-4025-aab0-45b9e8e5d39d ] Request (AggregatesAdminNegativeTestJSON:tearDownClass): 204 DELETE http://10.180.1.21:9696/networking/v2.0/security-groups/ce2d7f71-b4be-4a6d-8862-7c4d804dcc69 0.469s
2025-04-16 19:17:24.898 68480 INFO tempest.lib.common.rest_client [req-da128a38-824f-44e7-aada-4fbcf06eeb80 req-da128a38-824f-44e7-aada-4fbcf06eeb80 ] Request (ServersTestBootFromVolume:setUpClass): 200 GET http://10.180.1.21/volume/v3/8c8195890bf94e55a12f30e765aa3d55/volumes/5ba5887a-d0a9-46c2-9ed5-b648ed86bed0 0.041s
2025-04-16 19:17:24.913 68534 INFO tempest.lib.common.rest_client [req-a8ea3372-9fec-48b2-b530-39a5a228ddf3 req-a8ea3372-9fec-48b2-b530-39a5a228ddf3 ] Request (ServersNegativeTestJSON:setUpClass): 200 GET http://10.180.1.21/compute/v2.1/servers/fe79ae03-c408-4d18-914e-e64065998663 1.465s
2025-04-16 19:17:24.960 68494 INFO tempest.lib.common.rest_client [req-09503891-be4c-4e55-a150-da2204cfb82d req-09503891-be4c-4e55-a150-da2204cfb82d ] Request (AggregatesAdminNegativeTestJSON:tearDownClass): 204 DELETE http://10.180.1.21/identity/v3/projects/0c92fa59dd604cfda8515c7f2d33c7bf 0.126s
2025-04-16 19:17:24.961 68494 INFO tempest.lib.common.dynamic_creds [-] Deleting project and security group for project: 2cb1ba89e72a4832b36812e785b2ce09
2025-04-16 19:17:24.980 68508 INFO tempest.lib.common.rest_client [req-0040fbe5-e56f-4939-8143-1609a6c14d8d req-0040fbe5-e56f-4939-8143-1609a6c14d8d ] Request (ServerDiagnosticsNegativeTest:test_get_server_diagnostics_by_non_admin): 200 GET http://10.180.1.21/compute/v2.1/servers/108001a3-ff36-475b-a7a5-8e0e197c62a8 1.480s
2025-04-16 19:17:24.990 68520 INFO tempest.lib.common.rest_client [req-0884585e-01de-40fe-9539-03b3da408dea req-0884585e-01de-40fe-9539-03b3da408dea ] Request (FloatingIPsAssociationNegativeTestJSON:setUpClass): 200 GET http://10.180.1.21/compute/v2.1/servers/4d692986-413f-4c9b-b5cc-de43d2ca498d 1.698s
2025-04-16 19:17:25.086 68494 INFO tempest.lib.common.rest_client [req-8db2a0f0-905c-4694-92aa-be306cb1b87b req-8db2a0f0-905c-4694-92aa-be306cb1b87b ] Request (AggregatesAdminNegativeTestJSON:tearDownClass): 200 GET http://10.180.1.21:9696/networking/v2.0/security-groups?tenant_id=2cb1ba89e72a4832b36812e785b2ce09&name=default 0.125s
2025-04-16 19:17:25.175 68499 INFO tempest.lib.common.rest_client [req-8f99f5de-1f09-4af4-bc61-b886b1fe156b req-8f99f5de-1f09-4af4-bc61-b886b1fe156b ] Request (SecurityGroupRulesNegativeTestJSON:tearDownClass): 202 DELETE http://10.180.1.21/compute/v2.1/os-security-groups/0a28e84a-4e8c-47df-8940-c55ad9414d0c 1.459s
2025-04-16 19:17:25.185 68494 INFO tempest.lib.common.rest_client [req-dc653b7a-0f3d-40fc-a806-76acc57860d6 req-dc653b7a-0f3d-40fc-a806-76acc57860d6 ] Request (AggregatesAdminNegativeTestJSON:tearDownClass): 204 DELETE http://10.180.1.21:9696/networking/v2.0/security-groups/f4ad3da3-c905-42c4-b623-421b37434a3a 0.098s
2025-04-16 19:17:25.312 68494 INFO tempest.lib.common.rest_client [req-3e3bdb31-b7a6-4af2-8d2a-0c35a5efa4d1 req-3e3bdb31-b7a6-4af2-8d2a-0c35a5efa4d1 ] Request (AggregatesAdminNegativeTestJSON:tearDownClass): 204 DELETE http://10.180.1.21/identity/v3/projects/2cb1ba89e72a4832b36812e785b2ce09 0.125s
2025-04-16 19:17:25.379 68494 INFO tempest.lib.common.rest_client [req-521a4dc7-21ac-4372-8544-47cb18c72f53 req-521a4dc7-21ac-4372-8544-47cb18c72f53 ] Request (AZAdminV2TestJSON:setUpClass): 201 POST http://10.180.1.21/identity/v3/auth/tokens 0.066s
2025-04-16 19:17:25.412 68494 INFO tempest.lib.common.rest_client [req-ef74ea52-366e-4969-820c-bd8aa5eb3714 req-ef74ea52-366e-4969-820c-bd8aa5eb3714 ] Request (AZAdminV2TestJSON:setUpClass): 201 POST http://10.180.1.21/identity/v3/auth/tokens 0.029s
2025-04-16 19:17:25.434 68494 INFO tempest.lib.common.rest_client [req-cc7a4938-e323-4db8-9ce5-fdec0224545a req-cc7a4938-e323-4db8-9ce5-fdec0224545a ] Request (AZAdminV2TestJSON:setUpClass): 200 GET http://10.180.1.21/identity/v3/domains?name=Default 0.021s
2025-04-16 19:17:25.467 68494 INFO tempest.lib.common.rest_client [req-85f8eba7-e01a-4ed2-93cc-00ad9bb47042 req-85f8eba7-e01a-4ed2-93cc-00ad9bb47042 ] Request (AZAdminV2TestJSON:setUpClass): 201 POST http://10.180.1.21/identity/v3/projects 0.032s
2025-04-16 19:17:25.537 68494 INFO tempest.lib.common.rest_client [req-ee2e2605-a3d7-4f10-b950-7d81f6f84088 req-ee2e2605-a3d7-4f10-b950-7d81f6f84088 ] Request (AZAdminV2TestJSON:setUpClass): 201 POST http://10.180.1.21/identity/v3/users 0.070s
2025-04-16 19:17:25.561 68494 INFO tempest.lib.common.rest_client [req-4bd92e5e-4610-427c-bf89-a6f308636e8d req-4bd92e5e-4610-427c-bf89-a6f308636e8d ] Request (AZAdminV2TestJSON:setUpClass): 200 GET http://10.180.1.21/identity/v3/roles 0.024s
2025-04-16 19:17:25.602 68494 INFO tempest.lib.common.rest_client [req-922770e0-5230-4f44-9dd1-cb498d303e44 req-922770e0-5230-4f44-9dd1-cb498d303e44 ] Request (AZAdminV2TestJSON:setUpClass): 204 PUT http://10.180.1.21/identity/v3/projects/4a4247e97f9147d8839a02896db30c36/users/9cb86d42c90e458cb2de536248e83628/roles/acc2f069418e4c669206f41e81619339 0.040s
2025-04-16 19:17:25.603 68494 INFO tempest.lib.common.dynamic_creds [-] Dynamic test user 9cb86d42c90e458cb2de536248e83628 is created with scope project and roles: ['member']
2025-04-16 19:17:25.603 68494 INFO tempest.lib.common.dynamic_creds [-] Acquired dynamic creds: credentials: Credentials: {'domain_id': 'default', 'domain_name': 'Default', 'username': 'tempest-AZAdminV2TestJSON-1647565884-project-member', 'project_domain_id': 'default', 'project_domain_name': 'Default', 'project_id': '4a4247e97f9147d8839a02896db30c36', 'project_name': 'tempest-AZAdminV2TestJSON-1647565884', 'tenant_id': '4a4247e97f9147d8839a02896db30c36', 'tenant_name': 'tempest-AZAdminV2TestJSON-1647565884', 'user_domain_id': 'default', 'user_domain_name': 'Default', 'user_id': '9cb86d42c90e458cb2de536248e83628', 'system': None}, Network: None, Subnet: None, Router: None
2025-04-16 19:17:25.603 68494 INFO tempest.lib.common.dynamic_creds [-] Created isolated network resources for: credentials: Credentials: {'domain_id': 'default', 'domain_name': 'Default', 'username': 'tempest-AZAdminV2TestJSON-1647565884-project-member', 'project_domain_id': 'default', 'project_domain_name': 'Default', 'project_id': '4a4247e97f9147d8839a02896db30c36', 'project_name': 'tempest-AZAdminV2TestJSON-1647565884', 'tenant_id': '4a4247e97f9147d8839a02896db30c36', 'tenant_name': 'tempest-AZAdminV2TestJSON-1647565884', 'user_domain_id': 'default', 'user_domain_name': 'Default', 'user_id': '9cb86d42c90e458cb2de536248e83628', 'system': None}, Network: None, Subnet: None, Router: None
2025-04-16 19:17:25.696 68494 INFO tempest.lib.common.rest_client [req-2d0b50f0-8e74-4c09-811c-792ed7e5d261 req-2d0b50f0-8e74-4c09-811c-792ed7e5d261 ] Request (AZAdminV2TestJSON:setUpClass): 201 POST http://10.180.1.21/identity/v3/auth/tokens 0.087s
2025-04-16 19:17:25.766 68494 INFO tempest.lib.common.rest_client [req-9e5bc8e1-a990-4595-82ff-291542de775d req-9e5bc8e1-a990-4595-82ff-291542de775d ] Request (AZAdminV2TestJSON:setUpClass): 201 POST http://10.180.1.21/identity/v3/projects 0.069s
2025-04-16 19:17:25.854 68494 INFO tempest.lib.common.rest_client [req-189bf4de-20b9-4c21-9657-ef3879781f64 req-189bf4de-20b9-4c21-9657-ef3879781f64 ] Request (AZAdminV2TestJSON:setUpClass): 201 POST http://10.180.1.21/identity/v3/users 0.087s
2025-04-16 19:17:25.886 68494 INFO tempest.lib.common.rest_client [req-9e3369b3-f896-421b-837d-33b8c7357946 req-9e3369b3-f896-421b-837d-33b8c7357946 ] Request (AZAdminV2TestJSON:setUpClass): 200 GET http://10.180.1.21/identity/v3/roles 0.031s
2025-04-16 19:17:25.927 68494 INFO tempest.lib.common.rest_client [req-c9bf4d94-8e90-491f-b400-75762936f28a req-c9bf4d94-8e90-491f-b400-75762936f28a ] Request (AZAdminV2TestJSON:setUpClass): 204 PUT http://10.180.1.21/identity/v3/projects/dacaeec4975d4c7f9d44ba65f3d64922/users/4b2db13a7fc3423c94abed4995f4745e/roles/e5878d3fbe2e4c3f98ee05579d9cc138 0.041s
2025-04-16 19:17:25.947 68480 INFO tempest.lib.common.rest_client [req-4d935cf1-fbf8-4edf-b2c7-18664b54b0fd req-4d935cf1-fbf8-4edf-b2c7-18664b54b0fd ] Request (ServersTestBootFromVolume:setUpClass): 200 GET http://10.180.1.21/volume/v3/8c8195890bf94e55a12f30e765aa3d55/volumes/5ba5887a-d0a9-46c2-9ed5-b648ed86bed0 0.037s
2025-04-16 19:17:25.950 68504 INFO tempest.lib.common.rest_client [req-2b643a34-2c87-40bb-8b75-03c00a0e959f req-2b643a34-2c87-40bb-8b75-03c00a0e959f ] Request (ServerRescueTestJSON:setUpClass): 202 POST http://10.180.1.21/compute/v2.1/servers 2.187s
2025-04-16 19:17:25.956 68510 INFO tempest.lib.common.rest_client [req-1218b793-1eb3-4678-8d4c-bb645b0c9ed2 req-1218b793-1eb3-4678-8d4c-bb645b0c9ed2 ] Request (AttachInterfacesV270Test:test_create_get_list_interfaces): 202 POST http://10.180.1.21/compute/v2.1/servers 2.308s
2025-04-16 19:17:25.977 68478 INFO tempest.lib.common.rest_client [req-79b91bda-54c6-40cc-921f-e2b47ccfead8 req-79b91bda-54c6-40cc-921f-e2b47ccfead8 ] Request (FlavorsAdminTestJSON:test_is_public_string_variations): 200 GET http://10.180.1.21/compute/v2.1/flavors/detail?is_public=1 2.149s
2025-04-16 19:17:26.003 68494 INFO tempest.lib.common.rest_client [req-6413ecc4-2052-44c6-9ead-c846ce0585d2 req-6413ecc4-2052-44c6-9ead-c846ce0585d2 ] Request (AZAdminV2TestJSON:setUpClass): 200 GET http://10.180.1.21/identity/v3/roles 0.076s
2025-04-16 19:17:26.026 68494 INFO tempest.lib.common.rest_client [req-338ca710-3be0-4fd8-9a65-73415f270afe req-338ca710-3be0-4fd8-9a65-73415f270afe ] Request (AZAdminV2TestJSON:setUpClass): 204 PUT http://10.180.1.21/identity/v3/projects/dacaeec4975d4c7f9d44ba65f3d64922/users/4b2db13a7fc3423c94abed4995f4745e/roles/e5878d3fbe2e4c3f98ee05579d9cc138 0.023s
2025-04-16 19:17:26.027 68494 INFO tempest.lib.common.dynamic_creds [-] Dynamic test user 4b2db13a7fc3423c94abed4995f4745e is created with scope project and roles: ['admin']
