2025-04-16 20:02:15.866 70118 INFO tempest.lib.common.rest_client [req-1062198b-b9e6-48c7-bffa-334d9e74532c req-1062198b-b9e6-48c7-bffa-334d9e74532c ] Request (DeleteServersTestJSON:test_delete_active_server): 200 GET http://10.180.1.21/compute/v2.1/servers/28e32097-d536-442f-bcb4-f93b64cb64e4 0.126s
2025-04-16 20:02:15.872 70072 INFO tempest.lib.common.rest_client [req-a4ca60cb-7d25-4c5d-bfcb-24565d24aaba req-a4ca60cb-7d25-4c5d-bfcb-24565d24aaba ] Request (AttachInterfacesTestJSON:test_create_list_show_delete_interfaces_by_fixed_ip): 200 GET http://10.180.1.21/compute/v2.1/servers/c1f8b9b1-de4f-47b2-8465-81b7c7139b38 0.090s
2025-04-16 20:02:15.910 70098 INFO tempest.lib.common.rest_client [req-86407dda-c268-4ef0-85b5-f882dbd4b7fc req-86407dda-c268-4ef0-85b5-f882dbd4b7fc ] Request (ServersWithSpecificFlavorTestJSON:test_verify_created_server_ephemeral_disk): 200 GET http://10.180.1.21/compute/v2.1/servers/ecec531e-41d9-47e3-b447-bc658edaea69 0.097s
2025-04-16 20:02:15.917 70078 INFO tempest.lib.common.rest_client [req-6cbf7cda-570d-4f4d-85bb-e5d971f95ddd req-6cbf7cda-570d-4f4d-85bb-e5d971f95ddd ] Request (InstanceActionsTestJSON:setUpClass): 200 GET http://10.180.1.21/compute/v2.1/servers/2a8374bd-e901-4b1e-b9ee-e599bd8efed5 0.078s
2025-04-16 20:02:16.000 70062 INFO tempest.lib.common.rest_client [req-f273e1eb-e394-4c32-ac26-ef7d4c774992 req-f273e1eb-e394-4c32-ac26-ef7d4c774992 ] Request (DeleteServersAdminTestJSON:test_admin_delete_servers_of_others): 200 GET http://10.180.1.21/compute/v2.1/servers/cec4f0d1-1b7d-4189-aadf-6f801f52d9bb 0.084s
2025-04-16 20:02:16.069 70064 INFO tempest.lib.common.rest_client [req-75e07404-329b-4750-baeb-0de1d8165e10 req-75e07404-329b-4750-baeb-0de1d8165e10 ] Request (ServersAdminTestJSON:setUpClass): 200 GET http://10.180.1.21/compute/v2.1/servers/dc7d9de6-30f9-4f58-9142-6d36e42a3b99 0.045s
2025-04-16 20:02:16.112 70080 INFO tempest.lib.common.rest_client [req-8eb1256b-d591-4474-96e7-3fe42aef025c req-8eb1256b-d591-4474-96e7-3fe42aef025c ] Request (ServerExternalEventsTest:test_create_server_external_events): 200 GET http://10.180.1.21/compute/v2.1/servers/c16f7920-23d4-4d77-b70f-118887cc9ff7 0.089s
2025-04-16 20:02:16.116 70112 INFO tempest.lib.common.rest_client [req-60d05db5-8a9f-4a7b-b594-2fb4d32cf2d2 req-60d05db5-8a9f-4a7b-b594-2fb4d32cf2d2 ] Request (ServersTestBootFromVolume:setUpClass): 200 GET http://10.180.1.21/compute/v2.1/servers/54f60014-0a24-45c5-ab1e-14ab2b3fd8b6 0.049s
2025-04-16 20:02:16.155 70086 INFO tempest.lib.common.rest_client [req-4c09b415-da0c-4dbb-8064-3f1aeb5e8bb0 req-4c09b415-da0c-4dbb-8064-3f1aeb5e8bb0 ] Request (TenantUsagesTestJSON:setUpClass): 200 GET http://10.180.1.21/compute/v2.1/servers/471a1543-ff95-4010-84f9-206730770b1f 0.088s
2025-04-16 20:02:16.177 70070 INFO tempest.lib.common.rest_client [req-cde63f31-3980-488f-9db7-7bce54e659c5 req-cde63f31-3980-488f-9db7-7bce54e659c5 ] Request (ServerActionsV293TestJSON:setUpClass): 200 GET http://10.180.1.21/compute/v2.1/servers/b5ebb553-9d00-4791-b563-8ddaa325dc88 0.053s
2025-04-16 20:02:16.207 70120 INFO tempest.lib.common.rest_client [req-2f879379-49e6-4e6f-b36d-253a75f7f5eb req-2f879379-49e6-4e6f-b36d-253a75f7f5eb ] Request (VolumesAssistedSnapshotsTest:test_volume_assisted_snapshot_create_delete): 200 GET http://10.180.1.21/compute/v2.1/servers/f27a066f-307a-4213-b4d3-a861068f4867 0.044s
2025-04-16 20:02:16.256 70068 INFO tempest.lib.common.rest_client [req-a4490184-bfcf-4062-8fcc-971e622bc5f4 req-a4490184-bfcf-4062-8fcc-971e622bc5f4 ] Request (MultipleCreateTestJSON:test_multiple_create): 200 GET http://10.180.1.21/compute/v2.1/servers/cf2e6054-e94c-48ab-9142-34475d17d2f1 0.045s
2025-04-16 20:02:16.292 70110 INFO tempest.lib.common.rest_client [req-3535e131-089c-481d-895f-7558533f4d71 req-3535e131-089c-481d-895f-7558533f4d71 ] Request (MigrationsAdminTest:test_list_migrations_in_flavor_resize_situation): 200 GET http://10.180.1.21/compute/v2.1/servers/a927e0ff-6c39-47fd-a082-88d41eb54015 0.085s
2025-04-16 20:02:16.298 70096 INFO tempest.lib.common.rest_client [req-d876e387-05ae-401b-bcab-d42b123aeab7 req-d876e387-05ae-401b-bcab-d42b123aeab7 ] Request (ListServerFiltersTestJSON:setUpClass): 200 GET http://10.180.1.21/compute/v2.1/servers/d6a9f02a-3d21-4adc-b598-b0586d7e54de 0.044s
2025-04-16 20:02:16.339 70108 INFO tempest.lib.common.rest_client [req-1052a1f1-7750-4e86-806d-2307c337d769 req-1052a1f1-7750-4e86-806d-2307c337d769 ] Request (ImagesTestJSON:test_create_image_from_stopped_server): 200 GET http://10.180.1.21/compute/v2.1/servers/dc623e72-8e80-4aaa-8a0c-363481141255 0.043s
2025-04-16 20:02:16.377 70104 INFO tempest.lib.common.rest_client [req-e1b3e2b2-394a-44cb-8154-72fa33a14e55 req-e1b3e2b2-394a-44cb-8154-72fa33a14e55 ] Request (ServerDiagnosticsTest:test_get_server_diagnostics): 200 GET http://10.180.1.21/compute/v2.1/servers/150d9f3b-b338-4810-ad32-7c8609131ce4 0.086s
2025-04-16 20:02:16.536 70094 INFO tempest.lib.common.rest_client [req-f4671bb6-8f2c-43bb-bb4c-fa613a6aa13d req-f4671bb6-8f2c-43bb-bb4c-fa613a6aa13d ] Request (ServersV294TestFqdnHostnames:setUpClass): 200 GET http://10.180.1.21/compute/v2.1/servers/14daabdf-7839-4dfb-bbc9-f4ea90e8db8e 0.050s
2025-04-16 20:02:16.553 70090 INFO tempest.lib.common.rest_client [req-f2a77b84-0e4d-487b-9b9f-f57b77bf9380 req-f2a77b84-0e4d-487b-9b9f-f57b77bf9380 ] Request (ImagesOneServerNegativeTestJSON:setUpClass): 200 GET http://10.180.1.21/compute/v2.1/servers/15e3e0f5-1967-4f7d-b45f-954845c3dc75 0.087s
2025-04-16 20:02:16.579 70124 INFO tempest.lib.common.rest_client [req-9350a0f5-8b1e-4b19-9c7c-6a9fb65cdf42 req-9350a0f5-8b1e-4b19-9c7c-6a9fb65cdf42 ] Request (ServerShowV247Test:test_update_rebuild_list_server): 200 GET http://10.180.1.21/compute/v2.1/servers/f0fd2350-cdac-4782-80c6-97c022f26711 0.051s
2025-04-16 20:02:16.616 70076 INFO tempest.lib.common.rest_client [req-af2dbd78-c5b4-44f6-9412-63b1234d2ed9 req-af2dbd78-c5b4-44f6-9412-63b1234d2ed9 ] Request (ImagesOneServerTestJSON:setUpClass): 200 GET http://10.180.1.21/compute/v2.1/servers/c17163a5-f93c-4899-943a-59f3862eee07 0.048s
2025-04-16 20:02:16.670 70074 INFO tempest.lib.common.rest_client [req-c7764855-b323-458d-aef5-f89e0a30e5e0 req-c7764855-b323-458d-aef5-f89e0a30e5e0 ] Request (ServersAdmin275Test:test_rebuild_update_server_275): 200 GET http://10.180.1.21/compute/v2.1/servers/9369b20b-7027-47de-8495-a503ddfb69bd 0.049s
2025-04-16 20:02:16.676 70066 INFO tempest.lib.common.rest_client [req-e5f3d51d-fa8c-46d9-9844-fee6b9af07fc req-e5f3d51d-fa8c-46d9-9844-fee6b9af07fc ] Request (ListServersNegativeTestJSON:setUpClass): 200 GET http://10.180.1.21/compute/v2.1/servers/0d0d1503-5522-4c0d-9096-2f25ed0fd7df 0.087s
2025-04-16 20:02:16.712 70106 INFO tempest.lib.common.rest_client [req-9919bcda-f437-476a-a5b7-1b3e1aefd3cb req-9919bcda-f437-476a-a5b7-1b3e1aefd3cb ] Request (FloatingIPsAssociationNegativeTestJSON:setUpClass): 200 GET http://10.180.1.21/compute/v2.1/servers/88d2f936-18bb-4b40-8c72-fb6372c447c5 0.055s
2025-04-16 20:02:16.753 70092 INFO tempest.lib.common.rest_client [req-6d6fc2ac-fb35-4634-bf90-1028939f5b60 req-6d6fc2ac-fb35-4634-bf90-1028939f5b60 ] Request (VolumesAdminNegativeTest:test_update_attached_volume_with_nonexistent_volume_in_body): 200 GET http://10.180.1.21/compute/v2.1/servers/9b67f788-cf36-4bb3-bdc0-575d2a2178ca 0.050s
2025-04-16 20:02:16.793 70122 INFO tempest.lib.common.rest_client [req-e9905a21-707e-4d8c-89f7-7e61f1026cdc req-e9905a21-707e-4d8c-89f7-7e61f1026cdc ] Request (FloatingIPsAssociationTestJSON:setUpClass): 200 GET http://10.180.1.21/compute/v2.1/servers/54d12624-7c76-433d-8f1f-3f9bb451e451 0.089s
2025-04-16 20:02:16.794 70100 INFO tempest.lib.common.rest_client [req-0c9feb05-2ebd-4288-b782-f3d7520382e2 req-0c9feb05-2ebd-4288-b782-f3d7520382e2 ] Request (ImagesNegativeTestJSON:test_create_image_from_deleted_server): 200 GET http://10.180.1.21/compute/v2.1/servers/1fd4b343-4e5e-42c3-aa86-33c9866c5f6e 0.046s
2025-04-16 20:02:16.840 70084 INFO tempest.lib.common.rest_client [req-f39a5c34-98ec-4a28-9da2-1b3970a501ca req-f39a5c34-98ec-4a28-9da2-1b3970a501ca ] Request (ServerDiagnosticsV248Test:test_get_server_diagnostics): 200 GET http://10.180.1.21/compute/v2.1/servers/6e54dcb2-6760-4403-8711-75bda2e053a3 0.051s
2025-04-16 20:02:16.887 70082 INFO tempest.lib.common.rest_client [req-5ae797e1-568b-4977-ac17-e22b533a6020 req-5ae797e1-568b-4977-ac17-e22b533a6020 ] Request (ServerPasswordTestJSON:setUpClass): 200 GET http://10.180.1.21/compute/v2.1/servers/c68ee659-716d-47cc-a6a1-d4c18fa5664f 0.046s
2025-04-16 20:02:16.928 70072 INFO tempest.lib.common.rest_client [req-ca780233-66b8-4c12-8c03-6fbe381b5c48 req-ca780233-66b8-4c12-8c03-6fbe381b5c48 ] Request (AttachInterfacesTestJSON:test_create_list_show_delete_interfaces_by_fixed_ip): 200 GET http://10.180.1.21/compute/v2.1/servers/c1f8b9b1-de4f-47b2-8465-81b7c7139b38 0.049s
2025-04-16 20:02:16.964 70118 INFO tempest.lib.common.rest_client [req-4faefe58-577c-4b55-8384-e1bca0faeefd req-4faefe58-577c-4b55-8384-e1bca0faeefd ] Request (DeleteServersTestJSON:test_delete_active_server): 200 GET http://10.180.1.21/compute/v2.1/servers/28e32097-d536-442f-bcb4-f93b64cb64e4 0.090s
2025-04-16 20:02:16.971 70098 INFO tempest.lib.common.rest_client [req-0e4748f9-69f5-46ed-a673-89d0bbbc2c31 req-0e4748f9-69f5-46ed-a673-89d0bbbc2c31 ] Request (ServersWithSpecificFlavorTestJSON:test_verify_created_server_ephemeral_disk): 200 GET http://10.180.1.21/compute/v2.1/servers/ecec531e-41d9-47e3-b447-bc658edaea69 0.053s
2025-04-16 20:02:17.007 70078 INFO tempest.lib.common.rest_client [req-aa55e352-96b9-41a7-ac82-a04464d53574 req-aa55e352-96b9-41a7-ac82-a04464d53574 ] Request (InstanceActionsTestJSON:setUpClass): 200 GET http://10.180.1.21/compute/v2.1/servers/2a8374bd-e901-4b1e-b9ee-e599bd8efed5 0.082s
2025-04-16 20:02:17.095 70062 INFO tempest.lib.common.rest_client [req-aa642aa4-8772-49c3-9270-ee76fbb553eb req-aa642aa4-8772-49c3-9270-ee76fbb553eb ] Request (DeleteServersAdminTestJSON:test_admin_delete_servers_of_others): 200 GET http://10.180.1.21/compute/v2.1/servers/cec4f0d1-1b7d-4189-aadf-6f801f52d9bb 0.087s
2025-04-16 20:02:17.124 70064 INFO tempest.lib.common.rest_client [req-24dbfce4-385b-4ee4-a992-0a87e1a32212 req-24dbfce4-385b-4ee4-a992-0a87e1a32212 ] Request (ServersAdminTestJSON:setUpClass): 200 GET http://10.180.1.21/compute/v2.1/servers/dc7d9de6-30f9-4f58-9142-6d36e42a3b99 0.046s
2025-04-16 20:02:17.168 70112 INFO tempest.lib.common.rest_client [req-058483f9-a7fe-4ac4-a566-5ff0ea7d5007 req-058483f9-a7fe-4ac4-a566-5ff0ea7d5007 ] Request (ServersTestBootFromVolume:setUpClass): 200 GET http://10.180.1.21/compute/v2.1/servers/54f60014-0a24-45c5-ab1e-14ab2b3fd8b6 0.044s
2025-04-16 20:02:17.206 70080 INFO tempest.lib.common.rest_client [req-26ad6c23-0708-4030-9332-c445135c283e req-26ad6c23-0708-4030-9332-c445135c283e ] Request (ServerExternalEventsTest:test_create_server_external_events): 200 GET http://10.180.1.21/compute/v2.1/servers/c16f7920-23d4-4d77-b70f-118887cc9ff7 0.086s
2025-04-16 20:02:17.212 70086 INFO tempest.lib.common.rest_client [req-cfe1165b-f374-4f71-84e6-078a19dcad73 req-cfe1165b-f374-4f71-84e6-078a19dcad73 ] Request (TenantUsagesTestJSON:setUpClass): 200 GET http://10.180.1.21/compute/v2.1/servers/471a1543-ff95-4010-84f9-206730770b1f 0.049s
2025-04-16 20:02:17.253 70070 INFO tempest.lib.common.rest_client [req-aa1d2927-599d-47e8-bc8f-e3525230a05d req-aa1d2927-599d-47e8-bc8f-e3525230a05d ] Request (ServerActionsV293TestJSON:setUpClass): 200 GET http://10.180.1.21/compute/v2.1/servers/b5ebb553-9d00-4791-b563-8ddaa325dc88 0.065s
2025-04-16 20:02:17.258 70120 INFO tempest.lib.common.rest_client [req-d7ce9671-7fc6-42d7-ae50-d10a89f69871 req-d7ce9671-7fc6-42d7-ae50-d10a89f69871 ] Request (VolumesAssistedSnapshotsTest:test_volume_assisted_snapshot_create_delete): 200 GET http://10.180.1.21/compute/v2.1/servers/f27a066f-307a-4213-b4d3-a861068f4867 0.044s
2025-04-16 20:02:17.307 70068 INFO tempest.lib.common.rest_client [req-3c156ac2-356f-4466-bca4-b0be364789a5 req-3c156ac2-356f-4466-bca4-b0be364789a5 ] Request (MultipleCreateTestJSON:test_multiple_create): 200 GET http://10.180.1.21/compute/v2.1/servers/cf2e6054-e94c-48ab-9142-34475d17d2f1 0.044s
2025-04-16 20:02:17.354 70096 INFO tempest.lib.common.rest_client [req-cbf21405-8eb1-4fce-b541-c884b987a8fd req-cbf21405-8eb1-4fce-b541-c884b987a8fd ] Request (ListServerFiltersTestJSON:setUpClass): 200 GET http://10.180.1.21/compute/v2.1/servers/d6a9f02a-3d21-4adc-b598-b0586d7e54de 0.048s
2025-04-16 20:02:17.398 70108 INFO tempest.lib.common.rest_client [req-3b5fffb9-c766-44e6-a5b8-9211dd4dba98 req-3b5fffb9-c766-44e6-a5b8-9211dd4dba98 ] Request (ImagesTestJSON:test_create_image_from_stopped_server): 200 GET http://10.180.1.21/compute/v2.1/servers/dc623e72-8e80-4aaa-8a0c-363481141255 0.052s
2025-04-16 20:02:17.428 70110 INFO tempest.lib.common.rest_client [req-a86ee86a-c71d-43e7-8c5a-5a73bc554358 req-a86ee86a-c71d-43e7-8c5a-5a73bc554358 ] Request (MigrationsAdminTest:test_list_migrations_in_flavor_resize_situation): 200 GET http://10.180.1.21/compute/v2.1/servers/a927e0ff-6c39-47fd-a082-88d41eb54015 0.128s
2025-04-16 20:02:17.480 70104 INFO tempest.lib.common.rest_client [req-7f2758e9-1a6e-40d2-af43-53de386103a3 req-7f2758e9-1a6e-40d2-af43-53de386103a3 ] Request (ServerDiagnosticsTest:test_get_server_diagnostics): 200 GET http://10.180.1.21/compute/v2.1/servers/150d9f3b-b338-4810-ad32-7c8609131ce4 0.096s
2025-04-16 20:02:17.597 70094 INFO tempest.lib.common.rest_client [req-aff64069-061b-4226-907c-00843ffb24c1 req-aff64069-061b-4226-907c-00843ffb24c1 ] Request (ServersV294TestFqdnHostnames:setUpClass): 200 GET http://10.180.1.21/compute/v2.1/servers/14daabdf-7839-4dfb-bbc9-f4ea90e8db8e 0.051s
2025-04-16 20:02:17.642 70124 INFO tempest.lib.common.rest_client [req-c072c1fb-6434-4305-a5aa-dd9196a93e33 req-c072c1fb-6434-4305-a5aa-dd9196a93e33 ] Request (ServerShowV247Test:test_update_rebuild_list_server): 200 GET http://10.180.1.21/compute/v2.1/servers/f0fd2350-cdac-4782-80c6-97c022f26711 0.053s
2025-04-16 20:02:17.652 70090 INFO tempest.lib.common.rest_client [req-996c730a-32df-416f-86b2-caaca8a718fd req-996c730a-32df-416f-86b2-caaca8a718fd ] Request (ImagesOneServerNegativeTestJSON:setUpClass): 200 GET http://10.180.1.21/compute/v2.1/servers/15e3e0f5-1967-4f7d-b45f-954845c3dc75 0.091s
2025-04-16 20:02:17.684 70076 INFO tempest.lib.common.rest_client [req-cbbad844-9583-45ea-9a33-4be4a55151cd req-cbbad844-9583-45ea-9a33-4be4a55151cd ] Request (ImagesOneServerTestJSON:setUpClass): 200 GET http://10.180.1.21/compute/v2.1/servers/c17163a5-f93c-4899-943a-59f3862eee07 0.060s
2025-04-16 20:02:17.729 70074 INFO tempest.lib.common.rest_client [req-ba6516f5-a337-49c8-93d2-2815628c30b1 req-ba6516f5-a337-49c8-93d2-2815628c30b1 ] Request (ServersAdmin275Test:test_rebuild_update_server_275): 200 GET http://10.180.1.21/compute/v2.1/servers/9369b20b-7027-47de-8495-a503ddfb69bd 0.050s
2025-04-16 20:02:17.770 70106 INFO tempest.lib.common.rest_client [req-b8ca1ec5-77c0-4e02-88a3-f014627f962f req-b8ca1ec5-77c0-4e02-88a3-f014627f962f ] Request (FloatingIPsAssociationNegativeTestJSON:setUpClass): 200 GET http://10.180.1.21/compute/v2.1/servers/88d2f936-18bb-4b40-8c72-fb6372c447c5 0.050s
2025-04-16 20:02:17.806 70066 INFO tempest.lib.common.rest_client [req-77a7e012-be89-4c7e-9660-da4de6a089ca req-77a7e012-be89-4c7e-9660-da4de6a089ca ] Request (ListServersNegativeTestJSON:setUpClass): 200 GET http://10.180.1.21/compute/v2.1/servers/0d0d1503-5522-4c0d-9096-2f25ed0fd7df 0.121s
2025-04-16 20:02:17.811 70092 INFO tempest.lib.common.rest_client [req-7a44e932-c699-4dfb-bf03-6eecca972168 req-7a44e932-c699-4dfb-bf03-6eecca972168 ] Request (VolumesAdminNegativeTest:test_update_attached_volume_with_nonexistent_volume_in_body): 200 GET http://10.180.1.21/compute/v2.1/servers/9b67f788-cf36-4bb3-bdc0-575d2a2178ca 0.050s
2025-04-16 20:02:17.853 70100 INFO tempest.lib.common.rest_client [req-6db4a551-4f3e-42d4-ba21-7aca71bab0b4 req-6db4a551-4f3e-42d4-ba21-7aca71bab0b4 ] Request (ImagesNegativeTestJSON:test_create_image_from_deleted_server): 200 GET http://10.180.1.21/compute/v2.1/servers/1fd4b343-4e5e-42c3-aa86-33c9866c5f6e 0.051s
2025-04-16 20:02:17.896 70084 INFO tempest.lib.common.rest_client [req-4941fc46-7f61-4b6b-9378-85a3d1dc77b7 req-4941fc46-7f61-4b6b-9378-85a3d1dc77b7 ] Request (ServerDiagnosticsV248Test:test_get_server_diagnostics): 200 GET http://10.180.1.21/compute/v2.1/servers/6e54dcb2-6760-4403-8711-75bda2e053a3 0.045s
2025-04-16 20:02:17.930 70122 INFO tempest.lib.common.rest_client [req-a21b67a9-9529-43b1-84e7-2be4cebce996 req-a21b67a9-9529-43b1-84e7-2be4cebce996 ] Request (FloatingIPsAssociationTestJSON:setUpClass): 200 GET http://10.180.1.21/compute/v2.1/servers/54d12624-7c76-433d-8f1f-3f9bb451e451 0.129s
2025-04-16 20:02:17.940 70082 INFO tempest.lib.common.rest_client [req-5593def1-4abb-4645-968c-c639d6f3695b req-5593def1-4abb-4645-968c-c639d6f3695b ] Request (ServerPasswordTestJSON:setUpClass): 200 GET http://10.180.1.21/compute/v2.1/servers/c68ee659-716d-47cc-a6a1-d4c18fa5664f 0.046s
2025-04-16 20:02:17.980 70072 INFO tempest.lib.common.rest_client [req-368dc34e-180d-4088-9730-1319cbd86c3f req-368dc34e-180d-4088-9730-1319cbd86c3f ] Request (AttachInterfacesTestJSON:test_create_list_show_delete_interfaces_by_fixed_ip): 200 GET http://10.180.1.21/compute/v2.1/servers/c1f8b9b1-de4f-47b2-8465-81b7c7139b38 0.045s
2025-04-16 20:02:18.024 70098 INFO tempest.lib.common.rest_client [req-0b4f6427-0a09-425d-90bd-230bb93734d6 req-0b4f6427-0a09-425d-90bd-230bb93734d6 ] Request (ServersWithSpecificFlavorTestJSON:test_verify_created_server_ephemeral_disk): 200 GET http://10.180.1.21/compute/v2.1/servers/ecec531e-41d9-47e3-b447-bc658edaea69 0.045s
2025-04-16 20:02:18.059 70118 INFO tempest.lib.common.rest_client [req-97ea62cd-803e-4a75-aea4-d31d58becf7d req-97ea62cd-803e-4a75-aea4-d31d58becf7d ] Request (DeleteServersTestJSON:test_delete_active_server): 200 GET http://10.180.1.21/compute/v2.1/servers/28e32097-d536-442f-bcb4-f93b64cb64e4 0.087s
2025-04-16 20:02:18.066 70078 INFO tempest.lib.common.rest_client [req-54cfefa7-ab71-4544-a5a8-c264176a3c4a req-54cfefa7-ab71-4544-a5a8-c264176a3c4a ] Request (InstanceActionsTestJSON:setUpClass): 200 GET http://10.180.1.21/compute/v2.1/servers/2a8374bd-e901-4b1e-b9ee-e599bd8efed5 0.052s
2025-04-16 20:02:18.178 70064 INFO tempest.lib.common.rest_client [req-86712d68-27c3-42f4-98d1-ef57f78a7e29 req-86712d68-27c3-42f4-98d1-ef57f78a7e29 ] Request (ServersAdminTestJSON:setUpClass): 200 GET http://10.180.1.21/compute/v2.1/servers/dc7d9de6-30f9-4f58-9142-6d36e42a3b99 0.046s
2025-04-16 20:02:18.188 70062 INFO tempest.lib.common.rest_client [req-3f49a059-4ff9-42a6-8d3c-19e6c5257049 req-3f49a059-4ff9-42a6-8d3c-19e6c5257049 ] Request (DeleteServersAdminTestJSON:test_admin_delete_servers_of_others): 200 GET http://10.180.1.21/compute/v2.1/servers/cec4f0d1-1b7d-4189-aadf-6f801f52d9bb 0.084s
2025-04-16 20:02:18.223 70112 INFO tempest.lib.common.rest_client [req-e469158b-6708-4f2e-ac07-15635908be52 req-e469158b-6708-4f2e-ac07-15635908be52 ] Request (ServersTestBootFromVolume:setUpClass): 200 GET http://10.180.1.21/compute/v2.1/servers/54f60014-0a24-45c5-ab1e-14ab2b3fd8b6 0.048s
2025-04-16 20:02:18.264 70086 INFO tempest.lib.common.rest_client [req-9594258f-1225-4e57-bbc0-ace97bff84cb req-9594258f-1225-4e57-bbc0-ace97bff84cb ] Request (TenantUsagesTestJSON:setUpClass): 200 GET http://10.180.1.21/compute/v2.1/servers/471a1543-ff95-4010-84f9-206730770b1f 0.045s
2025-04-16 20:02:18.304 70080 INFO tempest.lib.common.rest_client [req-69528837-5d8b-4fdf-9dc5-1874fea97cda req-69528837-5d8b-4fdf-9dc5-1874fea97cda ] Request (ServerExternalEventsTest:test_create_server_external_events): 200 GET http://10.180.1.21/compute/v2.1/servers/c16f7920-23d4-4d77-b70f-118887cc9ff7 0.090s
2025-04-16 20:02:18.313 70070 INFO tempest.lib.common.rest_client [req-cc569f01-913d-4a80-aa6d-1128f50669dd req-cc569f01-913d-4a80-aa6d-1128f50669dd ] Request (ServerActionsV293TestJSON:setUpClass): 200 GET http://10.180.1.21/compute/v2.1/servers/b5ebb553-9d00-4791-b563-8ddaa325dc88 0.049s
2025-04-16 20:02:18.349 70120 INFO tempest.lib.common.rest_client [req-6fff103b-0fca-4503-bdc7-0c3183f805a7 req-6fff103b-0fca-4503-bdc7-0c3183f805a7 ] Request (VolumesAssistedSnapshotsTest:test_volume_assisted_snapshot_create_delete): 200 GET http://10.180.1.21/compute/v2.1/servers/f27a066f-307a-4213-b4d3-a861068f4867 0.084s
2025-04-16 20:02:18.361 70068 INFO tempest.lib.common.rest_client [req-6eaa24f3-6407-4e39-9ada-3f4ae6ddf850 req-6eaa24f3-6407-4e39-9ada-3f4ae6ddf850 ] Request (MultipleCreateTestJSON:test_multiple_create): 200 GET http://10.180.1.21/compute/v2.1/servers/cf2e6054-e94c-48ab-9142-34475d17d2f1 0.046s
2025-04-16 20:02:18.423 70096 INFO tempest.lib.common.rest_client [req-d7cef6c4-410d-47ca-a60e-90833615049d req-d7cef6c4-410d-47ca-a60e-90833615049d ] Request (ListServerFiltersTestJSON:setUpClass): 200 GET http://10.180.1.21/compute/v2.1/servers/d6a9f02a-3d21-4adc-b598-b0586d7e54de 0.059s
2025-04-16 20:02:18.453 70108 INFO tempest.lib.common.rest_client [req-8397ff3f-b4b7-40a6-a813-a7fd7c0b4b5c req-8397ff3f-b4b7-40a6-a813-a7fd7c0b4b5c ] Request (ImagesTestJSON:test_create_image_from_stopped_server): 200 GET http://10.180.1.21/compute/v2.1/servers/dc623e72-8e80-4aaa-8a0c-363481141255 0.046s
2025-04-16 20:02:18.522 70110 INFO tempest.lib.common.rest_client [req-28674fab-440e-4890-96cb-d7d62c4e7b17 req-28674fab-440e-4890-96cb-d7d62c4e7b17 ] Request (MigrationsAdminTest:test_list_migrations_in_flavor_resize_situation): 200 GET http://10.180.1.21/compute/v2.1/servers/a927e0ff-6c39-47fd-a082-88d41eb54015 0.086s
2025-04-16 20:02:18.573 70104 INFO tempest.lib.common.rest_client [req-640ba7ad-e495-4927-b0fe-29a7f8795e97 req-640ba7ad-e495-4927-b0fe-29a7f8795e97 ] Request (ServerDiagnosticsTest:test_get_server_diagnostics): 200 GET http://10.180.1.21/compute/v2.1/servers/150d9f3b-b338-4810-ad32-7c8609131ce4 0.085s
2025-04-16 20:02:18.659 70094 INFO tempest.lib.common.rest_client [req-322e038b-2ef5-496c-ab10-99b1dc3d01e5 req-322e038b-2ef5-496c-ab10-99b1dc3d01e5 ] Request (ServersV294TestFqdnHostnames:setUpClass): 200 GET http://10.180.1.21/compute/v2.1/servers/14daabdf-7839-4dfb-bbc9-f4ea90e8db8e 0.052s
2025-04-16 20:02:18.699 70124 INFO tempest.lib.common.rest_client [req-990e8201-b9c7-4dad-a6aa-2a4dab210de0 req-990e8201-b9c7-4dad-a6aa-2a4dab210de0 ] Request (ServerShowV247Test:test_update_rebuild_list_server): 200 GET http://10.180.1.21/compute/v2.1/servers/f0fd2350-cdac-4782-80c6-97c022f26711 0.049s
2025-04-16 20:02:18.744 70076 INFO tempest.lib.common.rest_client [req-5a1b592c-5706-4ed3-a186-1364b3f61ca6 req-5a1b592c-5706-4ed3-a186-1364b3f61ca6 ] Request (ImagesOneServerTestJSON:setUpClass): 200 GET http://10.180.1.21/compute/v2.1/servers/c17163a5-f93c-4899-943a-59f3862eee07 0.051s
2025-04-16 20:02:18.745 70090 INFO tempest.lib.common.rest_client [req-56cd266d-fb90-41db-85dd-42ad068ec181 req-56cd266d-fb90-41db-85dd-42ad068ec181 ] Request (ImagesOneServerNegativeTestJSON:setUpClass): 200 GET http://10.180.1.21/compute/v2.1/servers/15e3e0f5-1967-4f7d-b45f-954845c3dc75 0.086s
2025-04-16 20:02:18.793 70074 INFO tempest.lib.common.rest_client [req-578e9710-22ff-4b99-ac80-5844e2f5b42e req-578e9710-22ff-4b99-ac80-5844e2f5b42e ] Request (ServersAdmin275Test:test_rebuild_update_server_275): 200 GET http://10.180.1.21/compute/v2.1/servers/9369b20b-7027-47de-8495-a503ddfb69bd 0.052s
2025-04-16 20:02:18.827 70106 INFO tempest.lib.common.rest_client [req-87dd537e-b39f-45db-aa59-dcbc41de76f2 req-87dd537e-b39f-45db-aa59-dcbc41de76f2 ] Request (FloatingIPsAssociationNegativeTestJSON:setUpClass): 200 GET http://10.180.1.21/compute/v2.1/servers/88d2f936-18bb-4b40-8c72-fb6372c447c5 0.049s
2025-04-16 20:02:18.870 70092 INFO tempest.lib.common.rest_client [req-8859acd0-1739-45e0-a2bd-717f3e77a521 req-8859acd0-1739-45e0-a2bd-717f3e77a521 ] Request (VolumesAdminNegativeTest:test_update_attached_volume_with_nonexistent_volume_in_body): 200 GET http://10.180.1.21/compute/v2.1/servers/9b67f788-cf36-4bb3-bdc0-575d2a2178ca 0.051s
2025-04-16 20:02:18.904 70066 INFO tempest.lib.common.rest_client [req-605877c0-0b3c-4cc3-b27a-e30bd9027dc9 req-605877c0-0b3c-4cc3-b27a-e30bd9027dc9 ] Request (ListServersNegativeTestJSON:setUpClass): 200 GET http://10.180.1.21/compute/v2.1/servers/0d0d1503-5522-4c0d-9096-2f25ed0fd7df 0.090s
2025-04-16 20:02:18.914 70100 INFO tempest.lib.common.rest_client [req-12fba92b-13f8-42f7-9dc8-80e98f93b323 req-12fba92b-13f8-42f7-9dc8-80e98f93b323 ] Request (ImagesNegativeTestJSON:test_create_image_from_deleted_server): 200 GET http://10.180.1.21/compute/v2.1/servers/1fd4b343-4e5e-42c3-aa86-33c9866c5f6e 0.052s
2025-04-16 20:02:18.953 70084 INFO tempest.lib.common.rest_client [req-ba44704f-46bb-4e07-be5e-dc41a424c596 req-ba44704f-46bb-4e07-be5e-dc41a424c596 ] Request (ServerDiagnosticsV248Test:test_get_server_diagnostics): 200 GET http://10.180.1.21/compute/v2.1/servers/6e54dcb2-6760-4403-8711-75bda2e053a3 0.047s
2025-04-16 20:02:18.995 70082 INFO tempest.lib.common.rest_client [req-4cc0662e-37e0-4853-bd4f-55bb573f1f29 req-4cc0662e-37e0-4853-bd4f-55bb573f1f29 ] Request (ServerPasswordTestJSON:setUpClass): 200 GET http://10.180.1.21/compute/v2.1/servers/c68ee659-716d-47cc-a6a1-d4c18fa5664f 0.047s
2025-04-16 20:02:19.036 70072 INFO tempest.lib.common.rest_client [req-f6eeef8a-0ad2-4d6d-999f-2da3e7146ede req-f6eeef8a-0ad2-4d6d-999f-2da3e7146ede ] Request (AttachInterfacesTestJSON:test_create_list_show_delete_interfaces_by_fixed_ip): 200 GET http://10.180.1.21/compute/v2.1/servers/c1f8b9b1-de4f-47b2-8465-81b7c7139b38 0.047s
2025-04-16 20:02:19.061 70122 INFO tempest.lib.common.rest_client [req-40def068-c153-4684-a91f-52f0c3428585 req-40def068-c153-4684-a91f-52f0c3428585 ] Request (FloatingIPsAssociationTestJSON:setUpClass): 200 GET http://10.180.1.21/compute/v2.1/servers/54d12624-7c76-433d-8f1f-3f9bb451e451 0.124s
2025-04-16 20:02:19.075 70098 INFO tempest.lib.common.rest_client [req-8fbc24e7-f023-429e-b33b-7d928a450857 req-8fbc24e7-f023-429e-b33b-7d928a450857 ] Request (ServersWithSpecificFlavorTestJSON:test_verify_created_server_ephemeral_disk): 200 GET http://10.180.1.21/compute/v2.1/servers/ecec531e-41d9-47e3-b447-bc658edaea69 0.044s
2025-04-16 20:02:19.118 70078 INFO tempest.lib.common.rest_client [req-a7415f5a-0a84-43e9-8b03-2c577bf5598c req-a7415f5a-0a84-43e9-8b03-2c577bf5598c ] Request (InstanceActionsTestJSON:setUpClass): 200 GET http://10.180.1.21/compute/v2.1/servers/2a8374bd-e901-4b1e-b9ee-e599bd8efed5 0.045s
2025-04-16 20:02:19.153 70118 INFO tempest.lib.common.rest_client [req-d6b01bc8-a1a0-451f-b198-bd1d935adb0b req-d6b01bc8-a1a0-451f-b198-bd1d935adb0b ] Request (DeleteServersTestJSON:test_delete_active_server): 200 GET http://10.180.1.21/compute/v2.1/servers/28e32097-d536-442f-bcb4-f93b64cb64e4 0.086s
2025-04-16 20:02:19.234 70064 INFO tempest.lib.common.rest_client [req-f81533e3-280a-4a38-9fa7-b7ff0d719c7a req-f81533e3-280a-4a38-9fa7-b7ff0d719c7a ] Request (ServersAdminTestJSON:setUpClass): 200 GET http://10.180.1.21/compute/v2.1/servers/dc7d9de6-30f9-4f58-9142-6d36e42a3b99 0.049s
2025-04-16 20:02:19.278 70112 INFO tempest.lib.common.rest_client [req-90a2f7fb-d91e-42c2-8e31-ffb609db93e7 req-90a2f7fb-d91e-42c2-8e31-ffb609db93e7 ] Request (ServersTestBootFromVolume:setUpClass): 200 GET http://10.180.1.21/compute/v2.1/servers/54f60014-0a24-45c5-ab1e-14ab2b3fd8b6 0.048s
2025-04-16 20:02:19.324 70086 INFO tempest.lib.common.rest_client [req-4140e2c8-ca66-48fe-b87f-ecc2331cf594 req-4140e2c8-ca66-48fe-b87f-ecc2331cf594 ] Request (TenantUsagesTestJSON:setUpClass): 200 GET http://10.180.1.21/compute/v2.1/servers/471a1543-ff95-4010-84f9-206730770b1f 0.051s
2025-04-16 20:02:19.324 70062 INFO tempest.lib.common.rest_client [req-07d66f95-2ebb-4677-893d-38482b4c1987 req-07d66f95-2ebb-4677-893d-38482b4c1987 ] Request (DeleteServersAdminTestJSON:test_admin_delete_servers_of_others): 200 GET http://10.180.1.21/compute/v2.1/servers/cec4f0d1-1b7d-4189-aadf-6f801f52d9bb 0.129s
2025-04-16 20:02:19.383 70070 INFO tempest.lib.common.rest_client [req-a3062a3d-c626-4b76-a958-cbd216b5f192 req-a3062a3d-c626-4b76-a958-cbd216b5f192 ] Request (ServerActionsV293TestJSON:setUpClass): 200 GET http://10.180.1.21/compute/v2.1/servers/b5ebb553-9d00-4791-b563-8ddaa325dc88 0.060s
2025-04-16 20:02:19.426 70080 INFO tempest.lib.common.rest_client [req-08710948-0f29-4c65-877e-e044f384d501 req-08710948-0f29-4c65-877e-e044f384d501 ] Request (ServerExternalEventsTest:test_create_server_external_events): 200 GET http://10.180.1.21/compute/v2.1/servers/c16f7920-23d4-4d77-b70f-118887cc9ff7 0.115s
2025-04-16 20:02:19.429 70120 INFO tempest.lib.common.rest_client [req-e158b635-d359-4d4f-9625-fabc1c740036 req-e158b635-d359-4d4f-9625-fabc1c740036 ] Request (VolumesAssistedSnapshotsTest:test_volume_assisted_snapshot_create_delete): 200 GET http://10.180.1.21/compute/v2.1/servers/f27a066f-307a-4213-b4d3-a861068f4867 0.072s
2025-04-16 20:02:19.473 70068 INFO tempest.lib.common.rest_client [req-38e813d9-ab33-45c1-a2a9-3346a2908a07 req-38e813d9-ab33-45c1-a2a9-3346a2908a07 ] Request (MultipleCreateTestJSON:test_multiple_create): 200 GET http://10.180.1.21/compute/v2.1/servers/cf2e6054-e94c-48ab-9142-34475d17d2f1 0.104s
2025-04-16 20:02:19.476 70096 INFO tempest.lib.common.rest_client [req-454908a7-9165-48f8-abcc-823e1bdc1bc3 req-454908a7-9165-48f8-abcc-823e1bdc1bc3 ] Request (ListServerFiltersTestJSON:setUpClass): 200 GET http://10.180.1.21/compute/v2.1/servers/d6a9f02a-3d21-4adc-b598-b0586d7e54de 0.046s
2025-04-16 20:02:19.515 70108 INFO tempest.lib.common.rest_client [req-8d255dd1-1b00-47f3-b1ad-b1adf4b6dc62 req-8d255dd1-1b00-47f3-b1ad-b1adf4b6dc62 ] Request (ImagesTestJSON:test_create_image_from_stopped_server): 200 GET http://10.180.1.21/compute/v2.1/servers/dc623e72-8e80-4aaa-8a0c-363481141255 0.054s
2025-04-16 20:02:19.622 70110 INFO tempest.lib.common.rest_client [req-100d0d69-a6e8-495a-b228-8ded75e069cc req-100d0d69-a6e8-495a-b228-8ded75e069cc ] Request (MigrationsAdminTest:test_list_migrations_in_flavor_resize_situation): 200 GET http://10.180.1.21/compute/v2.1/servers/a927e0ff-6c39-47fd-a082-88d41eb54015 0.092s
2025-04-16 20:02:19.672 70104 INFO tempest.lib.common.rest_client [req-ca7c2685-8670-4ffa-946c-b243642becb5 req-ca7c2685-8670-4ffa-946c-b243642becb5 ] Request (ServerDiagnosticsTest:test_get_server_diagnostics): 200 GET http://10.180.1.21/compute/v2.1/servers/150d9f3b-b338-4810-ad32-7c8609131ce4 0.092s
2025-04-16 20:02:19.720 70094 INFO tempest.lib.common.rest_client [req-65f000e8-3d19-4131-88c4-9703a68dc032 req-65f000e8-3d19-4131-88c4-9703a68dc032 ] Request (ServersV294TestFqdnHostnames:setUpClass): 200 GET http://10.180.1.21/compute/v2.1/servers/14daabdf-7839-4dfb-bbc9-f4ea90e8db8e 0.051s
2025-04-16 20:02:19.756 70124 INFO tempest.lib.common.rest_client [req-c62793ba-2df1-4367-bdf6-ff14470072ca req-c62793ba-2df1-4367-bdf6-ff14470072ca ] Request (ServerShowV247Test:test_update_rebuild_list_server): 200 GET http://10.180.1.21/compute/v2.1/servers/f0fd2350-cdac-4782-80c6-97c022f26711 0.047s
2025-04-16 20:02:19.802 70076 INFO tempest.lib.common.rest_client [req-b82660a1-0415-47a1-bf96-ba8cc9210e32 req-b82660a1-0415-47a1-bf96-ba8cc9210e32 ] Request (ImagesOneServerTestJSON:setUpClass): 200 GET http://10.180.1.21/compute/v2.1/servers/c17163a5-f93c-4899-943a-59f3862eee07 0.050s
2025-04-16 20:02:19.853 70074 INFO tempest.lib.common.rest_client [req-34a13bee-920a-43fa-8ca6-e5e345b691ae req-34a13bee-920a-43fa-8ca6-e5e345b691ae ] Request (ServersAdmin275Test:test_rebuild_update_server_275): 200 GET http://10.180.1.21/compute/v2.1/servers/9369b20b-7027-47de-8495-a503ddfb69bd 0.051s
2025-04-16 20:02:19.884 70090 INFO tempest.lib.common.rest_client [req-f11c218a-7214-4cf2-bd1f-3207c4120da8 req-f11c218a-7214-4cf2-bd1f-3207c4120da8 ] Request (ImagesOneServerNegativeTestJSON:setUpClass): 200 GET http://10.180.1.21/compute/v2.1/servers/15e3e0f5-1967-4f7d-b45f-954845c3dc75 0.129s
2025-04-16 20:02:19.896 70106 INFO tempest.lib.common.rest_client [req-83de9d1c-d8ab-4a4e-8690-068d7b9b3963 req-83de9d1c-d8ab-4a4e-8690-068d7b9b3963 ] Request (FloatingIPsAssociationNegativeTestJSON:setUpClass): 200 GET http://10.180.1.21/compute/v2.1/servers/88d2f936-18bb-4b40-8c72-fb6372c447c5 0.062s
2025-04-16 20:02:19.927 70092 INFO tempest.lib.common.rest_client [req-8ea47304-a574-4c86-9563-e791fdfd0866 req-8ea47304-a574-4c86-9563-e791fdfd0866 ] Request (VolumesAdminNegativeTest:test_update_attached_volume_with_nonexistent_volume_in_body): 200 GET http://10.180.1.21/compute/v2.1/servers/9b67f788-cf36-4bb3-bdc0-575d2a2178ca 0.049s
2025-04-16 20:02:19.970 70100 INFO tempest.lib.common.rest_client [req-1dcfb4ac-91d0-40c0-865f-c55383ecba00 req-1dcfb4ac-91d0-40c0-865f-c55383ecba00 ] Request (ImagesNegativeTestJSON:test_create_image_from_deleted_server): 200 GET http://10.180.1.21/compute/v2.1/servers/1fd4b343-4e5e-42c3-aa86-33c9866c5f6e 0.048s
2025-04-16 20:02:20.019 70084 INFO tempest.lib.common.rest_client [req-ca3b9cb8-aa09-41b6-b3d6-c466a15554a5 req-ca3b9cb8-aa09-41b6-b3d6-c466a15554a5 ] Request (ServerDiagnosticsV248Test:test_get_server_diagnostics): 200 GET http://10.180.1.21/compute/v2.1/servers/6e54dcb2-6760-4403-8711-75bda2e053a3 0.057s
2025-04-16 20:02:20.066 70082 INFO tempest.lib.common.rest_client [req-cd45971f-72a4-4039-bb08-0fde33a360ab req-cd45971f-72a4-4039-bb08-0fde33a360ab ] Request (ServerPasswordTestJSON:setUpClass): 200 GET http://10.180.1.21/compute/v2.1/servers/c68ee659-716d-47cc-a6a1-d4c18fa5664f 0.062s
2025-04-16 20:02:20.119 70072 INFO tempest.lib.common.rest_client [req-18793ff7-c266-48fa-bc31-91498585f0e1 req-18793ff7-c266-48fa-bc31-91498585f0e1 ] Request (AttachInterfacesTestJSON:test_create_list_show_delete_interfaces_by_fixed_ip): 200 GET http://10.180.1.21/compute/v2.1/servers/c1f8b9b1-de4f-47b2-8465-81b7c7139b38 0.075s
2025-04-16 20:02:20.215 70122 INFO tempest.lib.common.rest_client [req-c07d60b1-ebe0-43e0-9108-51756c30af3a req-c07d60b1-ebe0-43e0-9108-51756c30af3a ] Request (FloatingIPsAssociationTestJSON:setUpClass): 200 GET http://10.180.1.21/compute/v2.1/servers/54d12624-7c76-433d-8f1f-3f9bb451e451 0.146s
2025-04-16 20:02:20.236 70066 INFO tempest.lib.common.rest_client [req-61cc079e-69f7-42e4-b16d-24acc1042776 req-61cc079e-69f7-42e4-b16d-24acc1042776 ] Request (ListServersNegativeTestJSON:setUpClass): 200 GET http://10.180.1.21/compute/v2.1/servers/0d0d1503-5522-4c0d-9096-2f25ed0fd7df 0.324s
2025-04-16 20:02:20.265 70098 INFO tempest.lib.common.rest_client [req-efc0bc50-4c53-49ac-add6-d450785ecb29 req-efc0bc50-4c53-49ac-add6-d450785ecb29 ] Request (ServersWithSpecificFlavorTestJSON:test_verify_created_server_ephemeral_disk): 200 GET http://10.180.1.21/compute/v2.1/servers/ecec531e-41d9-47e3-b447-bc658edaea69 0.182s
2025-04-16 20:02:20.296 70078 INFO tempest.lib.common.rest_client [req-9fb4fe04-8517-40c1-acb0-1cecc2a3b32c req-9fb4fe04-8517-40c1-acb0-1cecc2a3b32c ] Request (InstanceActionsTestJSON:setUpClass): 200 GET http://10.180.1.21/compute/v2.1/servers/2a8374bd-e901-4b1e-b9ee-e599bd8efed5 0.169s
2025-04-16 20:02:20.348 70064 INFO tempest.lib.common.rest_client [req-7ebbe5d7-aa38-4bf4-a2cc-099311e8d837 req-7ebbe5d7-aa38-4bf4-a2cc-099311e8d837 ] Request (ServersAdminTestJSON:setUpClass): 200 GET http://10.180.1.21/compute/v2.1/servers/dc7d9de6-30f9-4f58-9142-6d36e42a3b99 0.106s
2025-04-16 20:02:20.407 70112 INFO tempest.lib.common.rest_client [req-0601e72d-2f72-4c70-91b9-c2b92d7f3c2f req-0601e72d-2f72-4c70-91b9-c2b92d7f3c2f ] Request (ServersTestBootFromVolume:setUpClass): 200 GET http://10.180.1.21/compute/v2.1/servers/54f60014-0a24-45c5-ab1e-14ab2b3fd8b6 0.122s
2025-04-16 20:02:20.510 70062 INFO tempest.lib.common.rest_client [req-9bf396b0-3e1b-4722-9c68-aba48a01b471 req-9bf396b0-3e1b-4722-9c68-aba48a01b471 ] Request (DeleteServersAdminTestJSON:test_admin_delete_servers_of_others): 200 GET http://10.180.1.21/compute/v2.1/servers/cec4f0d1-1b7d-4189-aadf-6f801f52d9bb 0.179s
2025-04-16 20:02:20.542 70118 INFO tempest.lib.common.rest_client [req-caa2abcf-8eda-45d5-9f4b-07fcf22164c0 req-caa2abcf-8eda-45d5-9f4b-07fcf22164c0 ] Request (DeleteServersTestJSON:test_delete_active_server): 200 GET http://10.180.1.21/compute/v2.1/servers/28e32097-d536-442f-bcb4-f93b64cb64e4 0.380s
2025-04-16 20:02:20.558 70086 INFO tempest.lib.common.rest_client [req-2ba5c754-b595-4bc2-972f-c582147dab8a req-2ba5c754-b595-4bc2-972f-c582147dab8a ] Request (TenantUsagesTestJSON:setUpClass): 200 GET http://10.180.1.21/compute/v2.1/servers/471a1543-ff95-4010-84f9-206730770b1f 0.223s
2025-04-16 20:02:20.595 70070 INFO tempest.lib.common.rest_client [req-c100fa63-01d1-4c9b-a85c-99554268f58c req-c100fa63-01d1-4c9b-a85c-99554268f58c ] Request (ServerActionsV293TestJSON:setUpClass): 200 GET http://10.180.1.21/compute/v2.1/servers/b5ebb553-9d00-4791-b563-8ddaa325dc88 0.198s
2025-04-16 20:02:20.642 70120 INFO tempest.lib.common.rest_client [req-4e9a5df2-1a17-4b53-a37d-47254789528e req-4e9a5df2-1a17-4b53-a37d-47254789528e ] Request (VolumesAssistedSnapshotsTest:test_volume_assisted_snapshot_create_delete): 200 GET http://10.180.1.21/compute/v2.1/servers/f27a066f-307a-4213-b4d3-a861068f4867 0.205s
2025-04-16 20:02:20.682 70080 INFO tempest.lib.common.rest_client [req-4d6636bc-773c-407c-9137-702450f437e2 req-4d6636bc-773c-407c-9137-702450f437e2 ] Request (ServerExternalEventsTest:test_create_server_external_events): 200 GET http://10.180.1.21/compute/v2.1/servers/c16f7920-23d4-4d77-b70f-118887cc9ff7 0.248s
2025-04-16 20:02:20.686 70068 INFO tempest.lib.common.rest_client [req-45ec6be7-b2d9-44f5-9eea-2aaf7f093626 req-45ec6be7-b2d9-44f5-9eea-2aaf7f093626 ] Request (MultipleCreateTestJSON:test_multiple_create): 200 GET http://10.180.1.21/compute/v2.1/servers/cf2e6054-e94c-48ab-9142-34475d17d2f1 0.203s
2025-04-16 20:02:20.729 70108 INFO tempest.lib.common.rest_client [req-76bf1cdd-0173-4091-b51f-b4f1a34ece71 req-76bf1cdd-0173-4091-b51f-b4f1a34ece71 ] Request (ImagesTestJSON:test_create_image_from_stopped_server): 200 GET http://10.180.1.21/compute/v2.1/servers/dc623e72-8e80-4aaa-8a0c-363481141255 0.206s
2025-04-16 20:02:20.730 70096 INFO tempest.lib.common.rest_client [req-3122ce62-06e6-45a8-b2a4-8a1aee206fbe req-3122ce62-06e6-45a8-b2a4-8a1aee206fbe ] Request (ListServerFiltersTestJSON:setUpClass): 200 GET http://10.180.1.21/compute/v2.1/servers/d6a9f02a-3d21-4adc-b598-b0586d7e54de 0.245s
2025-04-16 20:02:20.814 70110 INFO tempest.lib.common.rest_client [req-8d589818-2e44-4b90-b910-02049ca5d015 req-8d589818-2e44-4b90-b910-02049ca5d015 ] Request (MigrationsAdminTest:test_list_migrations_in_flavor_resize_situation): 200 GET http://10.180.1.21/compute/v2.1/servers/a927e0ff-6c39-47fd-a082-88d41eb54015 0.185s
2025-04-16 20:02:20.818 70104 INFO tempest.lib.common.rest_client [req-39cf5120-10b6-4089-9aa7-abb77dc0c295 req-39cf5120-10b6-4089-9aa7-abb77dc0c295 ] Request (ServerDiagnosticsTest:test_get_server_diagnostics): 200 GET http://10.180.1.21/compute/v2.1/servers/150d9f3b-b338-4810-ad32-7c8609131ce4 0.138s
2025-04-16 20:02:20.862 70094 INFO tempest.lib.common.rest_client [req-08e0c131-2674-44ef-a739-6823a198755a req-08e0c131-2674-44ef-a739-6823a198755a ] Request (ServersV294TestFqdnHostnames:setUpClass): 200 GET http://10.180.1.21/compute/v2.1/servers/14daabdf-7839-4dfb-bbc9-f4ea90e8db8e 0.133s
2025-04-16 20:02:20.864 70124 INFO tempest.lib.common.rest_client [req-c62f3044-1adc-49b4-93fa-378b1dd6b4b8 req-c62f3044-1adc-49b4-93fa-378b1dd6b4b8 ] Request (ServerShowV247Test:test_update_rebuild_list_server): 200 GET http://10.180.1.21/compute/v2.1/servers/f0fd2350-cdac-4782-80c6-97c022f26711 0.100s
2025-04-16 20:02:20.910 70076 INFO tempest.lib.common.rest_client [req-37d5163a-4fb8-4cc8-869c-996422cf3715 req-37d5163a-4fb8-4cc8-869c-996422cf3715 ] Request (ImagesOneServerTestJSON:setUpClass): 200 GET http://10.180.1.21/compute/v2.1/servers/c17163a5-f93c-4899-943a-59f3862eee07 0.100s
2025-04-16 20:02:20.921 70074 INFO tempest.lib.common.rest_client [req-18487f6d-d7c1-47a6-a15e-d6a09c1ee609 req-18487f6d-d7c1-47a6-a15e-d6a09c1ee609 ] Request (ServersAdmin275Test:test_rebuild_update_server_275): 200 GET http://10.180.1.21/compute/v2.1/servers/9369b20b-7027-47de-8495-a503ddfb69bd 0.057s
2025-04-16 20:02:20.930 70074 INFO tempest.common.waiters [-] State transition "BUILD/scheduling" ==> "BUILD/None" after 74 second wait
2025-04-16 20:02:20.965 70106 INFO tempest.lib.common.rest_client [req-259a63dc-ab76-486e-acea-50fdb44e2813 req-259a63dc-ab76-486e-acea-50fdb44e2813 ] Request (FloatingIPsAssociationNegativeTestJSON:setUpClass): 200 GET http://10.180.1.21/compute/v2.1/servers/88d2f936-18bb-4b40-8c72-fb6372c447c5 0.061s
2025-04-16 20:02:20.995 70090 INFO tempest.lib.common.rest_client [req-5c2ea5a3-d77e-4b52-b4e2-56b77eea1426 req-5c2ea5a3-d77e-4b52-b4e2-56b77eea1426 ] Request (ImagesOneServerNegativeTestJSON:setUpClass): 200 GET http://10.180.1.21/compute/v2.1/servers/15e3e0f5-1967-4f7d-b45f-954845c3dc75 0.104s
2025-04-16 20:02:21.007 70092 INFO tempest.lib.common.rest_client [req-52dc657e-ddd9-4686-9aeb-65c65206e3b2 req-52dc657e-ddd9-4686-9aeb-65c65206e3b2 ] Request (VolumesAdminNegativeTest:test_update_attached_volume_with_nonexistent_volume_in_body): 200 GET http://10.180.1.21/compute/v2.1/servers/9b67f788-cf36-4bb3-bdc0-575d2a2178ca 0.072s
2025-04-16 20:02:21.039 70100 INFO tempest.lib.common.rest_client [req-cc07f74c-7285-4fd8-95bc-9dbddab92ea7 req-cc07f74c-7285-4fd8-95bc-9dbddab92ea7 ] Request (ImagesNegativeTestJSON:test_create_image_from_deleted_server): 200 GET http://10.180.1.21/compute/v2.1/servers/1fd4b343-4e5e-42c3-aa86-33c9866c5f6e 0.062s
2025-04-16 20:02:21.080 70084 INFO tempest.lib.common.rest_client [req-0aac830a-17bc-4628-9358-a0aadbca5e2b req-0aac830a-17bc-4628-9358-a0aadbca5e2b ] Request (ServerDiagnosticsV248Test:test_get_server_diagnostics): 200 GET http://10.180.1.21/compute/v2.1/servers/6e54dcb2-6760-4403-8711-75bda2e053a3 0.052s
2025-04-16 20:02:21.121 70082 INFO tempest.lib.common.rest_client [req-20f67802-0c76-482f-addc-29dee5763e2e req-20f67802-0c76-482f-addc-29dee5763e2e ] Request (ServerPasswordTestJSON:setUpClass): 200 GET http://10.180.1.21/compute/v2.1/servers/c68ee659-716d-47cc-a6a1-d4c18fa5664f 0.047s
2025-04-16 20:02:21.174 70072 INFO tempest.lib.common.rest_client [req-0abd927b-6f3c-45cf-8cf9-28e0952f21ce req-0abd927b-6f3c-45cf-8cf9-28e0952f21ce ] Request (AttachInterfacesTestJSON:test_create_list_show_delete_interfaces_by_fixed_ip): 200 GET http://10.180.1.21/compute/v2.1/servers/c1f8b9b1-de4f-47b2-8465-81b7c7139b38 0.048s
2025-04-16 20:02:21.277 70122 INFO tempest.lib.common.rest_client [req-afa0c2b0-5dc0-4300-b294-7212cb48d521 req-afa0c2b0-5dc0-4300-b294-7212cb48d521 ] Request (FloatingIPsAssociationTestJSON:setUpClass): 200 GET http://10.180.1.21/compute/v2.1/servers/54d12624-7c76-433d-8f1f-3f9bb451e451 0.054s
2025-04-16 20:02:21.284 70122 INFO tempest.common.waiters [-] State transition "BUILD/spawning" ==> "ERROR/None" after 104 second wait
2025-04-16 20:02:21.323 70098 INFO tempest.lib.common.rest_client [req-a99f2d55-6ef9-45b0-957c-278ab2c24e6c req-a99f2d55-6ef9-45b0-957c-278ab2c24e6c ] Request (ServersWithSpecificFlavorTestJSON:test_verify_created_server_ephemeral_disk): 200 GET http://10.180.1.21/compute/v2.1/servers/ecec531e-41d9-47e3-b447-bc658edaea69 0.050s
2025-04-16 20:02:21.343 70066 INFO tempest.lib.common.rest_client [req-65c8bdd2-71a8-476d-9c6a-45fe20fcba39 req-65c8bdd2-71a8-476d-9c6a-45fe20fcba39 ] Request (ListServersNegativeTestJSON:setUpClass): 200 GET http://10.180.1.21/compute/v2.1/servers/0d0d1503-5522-4c0d-9096-2f25ed0fd7df 0.099s
2025-04-16 20:02:21.387 70078 INFO tempest.lib.common.rest_client [req-9120bd01-8b28-4b0a-9787-86438132e6cd req-9120bd01-8b28-4b0a-9787-86438132e6cd ] Request (InstanceActionsTestJSON:setUpClass): 200 GET http://10.180.1.21/compute/v2.1/servers/2a8374bd-e901-4b1e-b9ee-e599bd8efed5 0.083s
2025-04-16 20:02:21.434 70064 INFO tempest.lib.common.rest_client [req-eae9330d-687f-4844-831e-57951895781e req-eae9330d-687f-4844-831e-57951895781e ] Request (ServersAdminTestJSON:setUpClass): 200 GET http://10.180.1.21/compute/v2.1/servers/dc7d9de6-30f9-4f58-9142-6d36e42a3b99 0.078s
2025-04-16 20:02:21.479 70112 INFO tempest.lib.common.rest_client [req-9b2a9d23-93bd-4df9-987a-14dc1dabf967 req-9b2a9d23-93bd-4df9-987a-14dc1dabf967 ] Request (ServersTestBootFromVolume:setUpClass): 200 GET http://10.180.1.21/compute/v2.1/servers/54f60014-0a24-45c5-ab1e-14ab2b3fd8b6 0.064s
2025-04-16 20:02:21.565 70122 INFO tempest.lib.common.rest_client [req-53299299-04a4-4cf8-b1d2-2f8781e2aedf req-53299299-04a4-4cf8-b1d2-2f8781e2aedf ] Request (FloatingIPsAssociationTestJSON:setUpClass): 204 DELETE http://10.180.1.21/compute/v2.1/servers/54d12624-7c76-433d-8f1f-3f9bb451e451 0.280s
2025-04-16 20:02:21.622 70062 INFO tempest.lib.common.rest_client [req-f608fa2c-9df5-4c2a-a980-1442b330a7a7 req-f608fa2c-9df5-4c2a-a980-1442b330a7a7 ] Request (DeleteServersAdminTestJSON:test_admin_delete_servers_of_others): 200 GET http://10.180.1.21/compute/v2.1/servers/cec4f0d1-1b7d-4189-aadf-6f801f52d9bb 0.103s
2025-04-16 20:02:21.639 70122 INFO tempest.lib.common.rest_client [req-d4833eb6-aade-4e67-a7da-cb9720adbe8c req-d4833eb6-aade-4e67-a7da-cb9720adbe8c ] Request (FloatingIPsAssociationTestJSON:setUpClass): 404 GET http://10.180.1.21/compute/v2.1/servers/54d12624-7c76-433d-8f1f-3f9bb451e451 0.073s
2025-04-16 20:02:21.639 70122 INFO tempest.test [-] raised in FloatingIPsAssociationTestJSON.setUpClass. Invoking tearDownClass.
2025-04-16 20:02:21.685 70086 INFO tempest.lib.common.rest_client [req-baab9dc9-912c-40ff-87b2-c5add75af948 req-baab9dc9-912c-40ff-87b2-c5add75af948 ] Request (TenantUsagesTestJSON:setUpClass): 200 GET http://10.180.1.21/compute/v2.1/servers/471a1543-ff95-4010-84f9-206730770b1f 0.119s
2025-04-16 20:02:21.734 70070 INFO tempest.lib.common.rest_client [req-19ef95e1-938a-42ab-87e6-21ed8d1bc708 req-19ef95e1-938a-42ab-87e6-21ed8d1bc708 ] Request (ServerActionsV293TestJSON:setUpClass): 200 GET http://10.180.1.21/compute/v2.1/servers/b5ebb553-9d00-4791-b563-8ddaa325dc88 0.129s
2025-04-16 20:02:21.788 70120 INFO tempest.lib.common.rest_client [req-704c160b-07ce-4bdc-a1b0-5182b88c5676 req-704c160b-07ce-4bdc-a1b0-5182b88c5676 ] Request (VolumesAssistedSnapshotsTest:test_volume_assisted_snapshot_create_delete): 200 GET http://10.180.1.21/compute/v2.1/servers/f27a066f-307a-4213-b4d3-a861068f4867 0.139s
2025-04-16 20:02:21.800 70118 INFO tempest.lib.common.rest_client [req-3b43e5cb-fff6-4e9b-a728-1be86d4143f7 req-3b43e5cb-fff6-4e9b-a728-1be86d4143f7 ] Request (DeleteServersTestJSON:test_delete_active_server): 200 GET http://10.180.1.21/compute/v2.1/servers/28e32097-d536-442f-bcb4-f93b64cb64e4 0.250s
2025-04-16 20:02:21.850 70068 INFO tempest.lib.common.rest_client [req-981a4b9c-15fa-46da-b58e-d111b1aa9011 req-981a4b9c-15fa-46da-b58e-d111b1aa9011 ] Request (MultipleCreateTestJSON:test_multiple_create): 200 GET http://10.180.1.21/compute/v2.1/servers/cf2e6054-e94c-48ab-9142-34475d17d2f1 0.156s
2025-04-16 20:02:21.881 70080 INFO tempest.lib.common.rest_client [req-8fe30fbc-3132-46c3-8ed8-137251136691 req-8fe30fbc-3132-46c3-8ed8-137251136691 ] Request (ServerExternalEventsTest:test_create_server_external_events): 200 GET http://10.180.1.21/compute/v2.1/servers/c16f7920-23d4-4d77-b70f-118887cc9ff7 0.191s
2025-04-16 20:02:21.910 70108 INFO tempest.lib.common.rest_client [req-5a0f5276-e250-4f4e-910b-2da8421d0b53 req-5a0f5276-e250-4f4e-910b-2da8421d0b53 ] Request (ImagesTestJSON:test_create_image_from_stopped_server): 200 GET http://10.180.1.21/compute/v2.1/servers/dc623e72-8e80-4aaa-8a0c-363481141255 0.173s
2025-04-16 20:02:21.926 70096 INFO tempest.lib.common.rest_client [req-588358b2-904f-494b-b59f-cad07b09f1d4 req-588358b2-904f-494b-b59f-cad07b09f1d4 ] Request (ListServerFiltersTestJSON:setUpClass): 200 GET http://10.180.1.21/compute/v2.1/servers/d6a9f02a-3d21-4adc-b598-b0586d7e54de 0.188s
2025-04-16 20:02:22.009 70104 INFO tempest.lib.common.rest_client [req-b5e31ab5-8a10-4a0c-9ec3-677bc312cd7c req-b5e31ab5-8a10-4a0c-9ec3-677bc312cd7c ] Request (ServerDiagnosticsTest:test_get_server_diagnostics): 200 GET http://10.180.1.21/compute/v2.1/servers/150d9f3b-b338-4810-ad32-7c8609131ce4 0.183s
2025-04-16 20:02:22.054 70110 INFO tempest.lib.common.rest_client [req-1f9210a7-effc-4db6-8319-436fd9dd924b req-1f9210a7-effc-4db6-8319-436fd9dd924b ] Request (MigrationsAdminTest:test_list_migrations_in_flavor_resize_situation): 200 GET http://10.180.1.21/compute/v2.1/servers/a927e0ff-6c39-47fd-a082-88d41eb54015 0.232s
2025-04-16 20:02:22.062 70094 INFO tempest.lib.common.rest_client [req-f3516d9b-684e-4287-8a38-090083716741 req-f3516d9b-684e-4287-8a38-090083716741 ] Request (ServersV294TestFqdnHostnames:setUpClass): 200 GET http://10.180.1.21/compute/v2.1/servers/14daabdf-7839-4dfb-bbc9-f4ea90e8db8e 0.189s
2025-04-16 20:02:22.106 70076 INFO tempest.lib.common.rest_client [req-3f693183-844d-4860-8c99-914afb399bc1 req-3f693183-844d-4860-8c99-914afb399bc1 ] Request (ImagesOneServerTestJSON:setUpClass): 200 GET http://10.180.1.21/compute/v2.1/servers/c17163a5-f93c-4899-943a-59f3862eee07 0.187s
2025-04-16 20:02:22.110 70124 INFO tempest.lib.common.rest_client [req-3aa7c307-785c-45ca-9f8f-4b22443cd9b8 req-3aa7c307-785c-45ca-9f8f-4b22443cd9b8 ] Request (ServerShowV247Test:test_update_rebuild_list_server): 200 GET http://10.180.1.21/compute/v2.1/servers/f0fd2350-cdac-4782-80c6-97c022f26711 0.237s
2025-04-16 20:02:22.157 70074 INFO tempest.lib.common.rest_client [req-7b167760-fe69-46f8-a846-ea77ea8d3a79 req-7b167760-fe69-46f8-a846-ea77ea8d3a79 ] Request (ServersAdmin275Test:test_rebuild_update_server_275): 200 GET http://10.180.1.21/compute/v2.1/servers/9369b20b-7027-47de-8495-a503ddfb69bd 0.226s
2025-04-16 20:02:22.161 70106 INFO tempest.lib.common.rest_client [req-5778e413-39d7-40da-9915-956f09f3a58b req-5778e413-39d7-40da-9915-956f09f3a58b ] Request (FloatingIPsAssociationNegativeTestJSON:setUpClass): 200 GET http://10.180.1.21/compute/v2.1/servers/88d2f936-18bb-4b40-8c72-fb6372c447c5 0.187s
