2025-04-16 20:01:45.858 70072 INFO tempest.lib.common.rest_client [req-c2901d08-1674-4886-a391-6fa32f328938 req-c2901d08-1674-4886-a391-6fa32f328938 ] Request (FlavorsV2NegativeTest:setUpClass): 201 POST http://10.180.1.21/identity/v3/projects 0.030s
2025-04-16 20:01:45.863 70068 INFO tempest.lib.common.rest_client [req-5281f1f2-a975-4e52-95b2-be5a8dae76a5 req-5281f1f2-a975-4e52-95b2-be5a8dae76a5 ] Request (QuotasSecurityGroupAdminNegativeTest:tearDownClass): 200 GET http://10.180.1.21:9696/networking/v2.0/security-groups?tenant_id=932f5216711c45a2843f82b49bdd492a&name=default 0.258s
2025-04-16 20:01:45.887 70108 INFO tempest.lib.common.rest_client [req-6b7f9575-4912-4433-9eb0-dd3f46a70db1 req-6b7f9575-4912-4433-9eb0-dd3f46a70db1 ] Request (ImagesTestJSON:test_create_image_from_stopped_server): 200 GET http://10.180.1.21/compute/v2.1/servers/dc623e72-8e80-4aaa-8a0c-363481141255 0.176s
2025-04-16 20:01:45.891 70074 INFO tempest.lib.common.rest_client [req-def7da1e-0e07-495b-bb70-45f12b242f1b req-def7da1e-0e07-495b-bb70-45f12b242f1b ] Request (ServersAdmin275Test:test_rebuild_update_server_275): 200 GET http://10.180.1.21/compute/v2.1/servers/9369b20b-7027-47de-8495-a503ddfb69bd 0.148s
2025-04-16 20:01:45.917 70072 INFO tempest.lib.common.rest_client [req-15359848-4a94-4a04-b169-30ec2ad19ce6 req-15359848-4a94-4a04-b169-30ec2ad19ce6 ] Request (FlavorsV2NegativeTest:setUpClass): 201 POST http://10.180.1.21/identity/v3/users 0.058s
2025-04-16 20:01:45.939 70076 INFO tempest.lib.common.rest_client [req-cd2fab1c-b290-4099-94db-cbb38f203350 req-cd2fab1c-b290-4099-94db-cbb38f203350 ] Request (ImagesOneServerTestJSON:setUpClass): 200 GET http://10.180.1.21/compute/v2.1/servers/c17163a5-f93c-4899-943a-59f3862eee07 0.172s
2025-04-16 20:01:45.941 70072 INFO tempest.lib.common.rest_client [req-29e979a4-d264-4364-bf7a-e1b5fc2dc3be req-29e979a4-d264-4364-bf7a-e1b5fc2dc3be ] Request (FlavorsV2NegativeTest:setUpClass): 200 GET http://10.180.1.21/identity/v3/roles 0.023s
2025-04-16 20:01:45.943 70124 INFO tempest.lib.common.rest_client [req-9f43c943-0d91-473c-a801-cb8704f63a34 req-9f43c943-0d91-473c-a801-cb8704f63a34 ] Request (ServerShowV247Test:test_update_rebuild_list_server): 200 GET http://10.180.1.21/compute/v2.1/servers/f0fd2350-cdac-4782-80c6-97c022f26711 0.156s
2025-04-16 20:01:45.961 70068 INFO tempest.lib.common.rest_client [req-c69a8925-2dbf-43b8-a3de-9b98e31fe81e req-c69a8925-2dbf-43b8-a3de-9b98e31fe81e ] Request (QuotasSecurityGroupAdminNegativeTest:tearDownClass): 204 DELETE http://10.180.1.21:9696/networking/v2.0/security-groups/12b68a8a-fec6-4b2a-858e-46c8203058ec 0.098s
2025-04-16 20:01:45.981 70072 INFO tempest.lib.common.rest_client [req-8014074f-d53e-446a-8b4e-bca1dc6e52c1 req-8014074f-d53e-446a-8b4e-bca1dc6e52c1 ] Request (FlavorsV2NegativeTest:setUpClass): 204 PUT http://10.180.1.21/identity/v3/projects/a48658f177554a5c9b698eed2d2d7b75/users/ef2b6db31b814c1087c5ede2c4c3a6db/roles/ed0005f285c14c28ab96b8ec00e999f1 0.039s
2025-04-16 20:01:45.981 70072 INFO tempest.lib.common.dynamic_creds [-] Dynamic test user ef2b6db31b814c1087c5ede2c4c3a6db is created with scope project and roles: ['member']
2025-04-16 20:01:45.982 70072 INFO tempest.lib.common.dynamic_creds [-] Acquired dynamic creds: credentials: Credentials: {'domain_id': 'default', 'domain_name': 'Default', 'username': 'tempest-FlavorsV2NegativeTest-1635313892-project-member', 'project_domain_id': 'default', 'project_domain_name': 'Default', 'project_id': 'a48658f177554a5c9b698eed2d2d7b75', 'project_name': 'tempest-FlavorsV2NegativeTest-1635313892', 'tenant_id': 'a48658f177554a5c9b698eed2d2d7b75', 'tenant_name': 'tempest-FlavorsV2NegativeTest-1635313892', 'user_domain_id': 'default', 'user_domain_name': 'Default', 'user_id': 'ef2b6db31b814c1087c5ede2c4c3a6db', 'system': None}, Network: None, Subnet: None, Router: None
2025-04-16 20:01:45.982 70072 INFO tempest.lib.common.dynamic_creds [-] Created isolated network resources for: credentials: Credentials: {'domain_id': 'default', 'domain_name': 'Default', 'username': 'tempest-FlavorsV2NegativeTest-1635313892-project-member', 'project_domain_id': 'default', 'project_domain_name': 'Default', 'project_id': 'a48658f177554a5c9b698eed2d2d7b75', 'project_name': 'tempest-FlavorsV2NegativeTest-1635313892', 'tenant_id': 'a48658f177554a5c9b698eed2d2d7b75', 'tenant_name': 'tempest-FlavorsV2NegativeTest-1635313892', 'user_domain_id': 'default', 'user_domain_name': 'Default', 'user_id': 'ef2b6db31b814c1087c5ede2c4c3a6db', 'system': None}, Network: None, Subnet: None, Router: None
2025-04-16 20:01:46.034 70068 INFO tempest.lib.common.rest_client [req-9e8a3120-27a0-4fdf-a18f-a6b80a0d7bd0 req-9e8a3120-27a0-4fdf-a18f-a6b80a0d7bd0 ] Request (QuotasSecurityGroupAdminNegativeTest:tearDownClass): 204 DELETE http://10.180.1.21/identity/v3/projects/932f5216711c45a2843f82b49bdd492a 0.072s
2025-04-16 20:01:46.034 70068 INFO tempest.lib.common.dynamic_creds [-] Deleting project and security group for project: 560cbbb3ffaa44e89b3a9bd1d8a8ab46
2025-04-16 20:01:46.037 70104 INFO tempest.lib.common.rest_client [req-26dcf58f-7081-411d-bf52-52fa3a22589c req-26dcf58f-7081-411d-bf52-52fa3a22589c ] Request (ServerDiagnosticsTest:test_get_server_diagnostics): 200 GET http://10.180.1.21/compute/v2.1/servers/150d9f3b-b338-4810-ad32-7c8609131ce4 0.162s
2025-04-16 20:01:46.054 70110 INFO tempest.lib.common.rest_client [req-4d442df1-8367-4c85-bcb9-92f1365c87e8 req-4d442df1-8367-4c85-bcb9-92f1365c87e8 ] Request (MigrationsAdminTest:test_list_migrations_in_flavor_resize_situation): 200 GET http://10.180.1.21/compute/v2.1/servers/a927e0ff-6c39-47fd-a082-88d41eb54015 0.104s
2025-04-16 20:01:46.060 70072 INFO tempest.lib.common.rest_client [req-876a6024-6309-479c-9bc4-9b385a4fd58f req-876a6024-6309-479c-9bc4-9b385a4fd58f ] Request (FlavorsV2NegativeTest:setUpClass): 201 POST http://10.180.1.21/identity/v3/auth/tokens 0.074s
2025-04-16 20:01:46.098 70094 INFO tempest.lib.common.rest_client [req-74061c82-7876-413f-9d1b-9726f62b16da req-74061c82-7876-413f-9d1b-9726f62b16da ] Request (ServersV294TestFqdnHostnames:setUpClass): 200 GET http://10.180.1.21/compute/v2.1/servers/14daabdf-7839-4dfb-bbc9-f4ea90e8db8e 0.114s
2025-04-16 20:01:46.107 70106 INFO tempest.lib.common.rest_client [req-bb909036-c2cd-4612-8cb7-b68ce0c8cef5 req-bb909036-c2cd-4612-8cb7-b68ce0c8cef5 ] Request (FloatingIPsAssociationNegativeTestJSON:setUpClass): 200 GET http://10.180.1.21/compute/v2.1/servers/88d2f936-18bb-4b40-8c72-fb6372c447c5 0.067s
2025-04-16 20:01:46.142 70068 INFO tempest.lib.common.rest_client [req-d6403810-8102-478d-ae56-c4e9ebba6567 req-d6403810-8102-478d-ae56-c4e9ebba6567 ] Request (QuotasSecurityGroupAdminNegativeTest:tearDownClass): 200 GET http://10.180.1.21:9696/networking/v2.0/security-groups?tenant_id=560cbbb3ffaa44e89b3a9bd1d8a8ab46&name=default 0.107s
2025-04-16 20:01:46.171 70072 INFO tempest.lib.common.rest_client [req-c54a5a4f-d7c6-4dba-bc8f-dc217d8e839d req-c54a5a4f-d7c6-4dba-bc8f-dc217d8e839d ] Request (FlavorsV2NegativeTest:test_boot_with_low_ram): 200 GET http://10.180.1.21/compute/v2.1/flavors/42 0.109s
2025-04-16 20:01:46.175 70092 INFO tempest.lib.common.rest_client [req-1885e691-99d9-43fb-b6a5-e387603b4b15 req-1885e691-99d9-43fb-b6a5-e387603b4b15 ] Request (VolumesAdminNegativeTest:test_update_attached_volume_with_nonexistent_volume_in_body): 200 GET http://10.180.1.21/compute/v2.1/servers/9b67f788-cf36-4bb3-bdc0-575d2a2178ca 0.058s
2025-04-16 20:01:46.220 70068 INFO tempest.lib.common.rest_client [req-f082b335-bf6d-473b-8c5c-95697b0046cc req-f082b335-bf6d-473b-8c5c-95697b0046cc ] Request (QuotasSecurityGroupAdminNegativeTest:tearDownClass): 204 DELETE http://10.180.1.21:9696/networking/v2.0/security-groups/e5d6f854-bc98-4612-9100-d86b2f09a91d 0.077s
2025-04-16 20:01:46.232 70100 INFO tempest.lib.common.rest_client [req-1310dd25-ad44-4af9-a433-e4a216e0bb86 req-1310dd25-ad44-4af9-a433-e4a216e0bb86 ] Request (ImagesNegativeTestJSON:test_create_image_from_deleted_server): 200 GET http://10.180.1.21/compute/v2.1/servers/1fd4b343-4e5e-42c3-aa86-33c9866c5f6e 0.058s
2025-04-16 20:01:46.289 70090 INFO tempest.lib.common.rest_client [req-5d1be134-6651-4a9b-93f6-c782c3543d36 req-5d1be134-6651-4a9b-93f6-c782c3543d36 ] Request (ImagesOneServerNegativeTestJSON:setUpClass): 200 GET http://10.180.1.21/compute/v2.1/servers/15e3e0f5-1967-4f7d-b45f-954845c3dc75 0.165s
2025-04-16 20:01:46.318 70068 INFO tempest.lib.common.rest_client [req-24f8c9d8-325b-4b01-9c44-c16da598e43b req-24f8c9d8-325b-4b01-9c44-c16da598e43b ] Request (QuotasSecurityGroupAdminNegativeTest:tearDownClass): 204 DELETE http://10.180.1.21/identity/v3/projects/560cbbb3ffaa44e89b3a9bd1d8a8ab46 0.098s
2025-04-16 20:01:46.373 70068 INFO tempest.lib.common.rest_client [req-e45a19d3-d6fc-4a38-80fe-8ec2ca543695 req-e45a19d3-d6fc-4a38-80fe-8ec2ca543695 ] Request (MultipleCreateTestJSON:setUpClass): 201 POST http://10.180.1.21/identity/v3/auth/tokens 0.053s
2025-04-16 20:01:46.387 70066 INFO tempest.lib.common.rest_client [req-4bd8c804-48c9-41d2-94a8-7f0703c5fd9f req-4bd8c804-48c9-41d2-94a8-7f0703c5fd9f ] Request (ListServersNegativeTestJSON:setUpClass): 200 GET http://10.180.1.21/compute/v2.1/servers/0d0d1503-5522-4c0d-9096-2f25ed0fd7df 0.158s
2025-04-16 20:01:46.400 70068 INFO tempest.lib.common.rest_client [req-59965ef6-25ee-4e5c-801a-dab2db1fd3ed req-59965ef6-25ee-4e5c-801a-dab2db1fd3ed ] Request (MultipleCreateTestJSON:setUpClass): 201 POST http://10.180.1.21/identity/v3/auth/tokens 0.025s
2025-04-16 20:01:46.417 70068 INFO tempest.lib.common.rest_client [req-305b1b38-5d5b-4b8b-b7b8-3dc0b082f672 req-305b1b38-5d5b-4b8b-b7b8-3dc0b082f672 ] Request (MultipleCreateTestJSON:setUpClass): 200 GET http://10.180.1.21/identity/v3/domains?name=Default 0.017s
2025-04-16 20:01:46.442 70068 INFO tempest.lib.common.rest_client [req-939ba6af-3635-4a20-a244-f41bb538f813 req-939ba6af-3635-4a20-a244-f41bb538f813 ] Request (MultipleCreateTestJSON:setUpClass): 201 POST http://10.180.1.21/identity/v3/projects 0.024s
2025-04-16 20:01:46.444 70084 INFO tempest.lib.common.rest_client [req-c3c59f0a-165c-4816-b8d3-8318a4cb805c req-c3c59f0a-165c-4816-b8d3-8318a4cb805c ] Request (ServerDiagnosticsV248Test:test_get_server_diagnostics): 200 GET http://10.180.1.21/compute/v2.1/servers/6e54dcb2-6760-4403-8711-75bda2e053a3 0.051s
2025-04-16 20:01:46.460 70118 INFO tempest.lib.common.rest_client [req-1322bd3e-a885-42b1-9725-30f65fa490a5 req-1322bd3e-a885-42b1-9725-30f65fa490a5 ] Request (DeleteServersTestJSON:test_delete_active_server): 200 GET http://10.180.1.21/compute/v2.1/servers/28e32097-d536-442f-bcb4-f93b64cb64e4 0.128s
2025-04-16 20:01:46.493 70072 INFO tempest.lib.common.rest_client [req-bfda19da-d06f-49af-ba8c-c028bb890ac1 req-bfda19da-d06f-49af-ba8c-c028bb890ac1 ] Request (FlavorsV2NegativeTest:test_boot_with_low_ram): 201 POST http://10.180.1.21/image/v2/images 0.315s
2025-04-16 20:01:46.495 70068 INFO tempest.lib.common.rest_client [req-0dfda5a7-f469-4f88-9d33-4c2d0f86fecd req-0dfda5a7-f469-4f88-9d33-4c2d0f86fecd ] Request (MultipleCreateTestJSON:setUpClass): 201 POST http://10.180.1.21/identity/v3/users 0.053s
2025-04-16 20:01:46.515 70068 INFO tempest.lib.common.rest_client [req-f8b19af9-d5af-429d-8069-e143afd3f049 req-f8b19af9-d5af-429d-8069-e143afd3f049 ] Request (MultipleCreateTestJSON:setUpClass): 200 GET http://10.180.1.21/identity/v3/roles 0.020s
2025-04-16 20:01:46.530 70122 INFO tempest.lib.common.rest_client [req-72bbc830-e27d-4741-9538-0b7f11ab0631 req-72bbc830-e27d-4741-9538-0b7f11ab0631 ] Request (FloatingIPsAssociationTestJSON:setUpClass): 200 GET http://10.180.1.21/compute/v2.1/servers/54d12624-7c76-433d-8f1f-3f9bb451e451 0.088s
2025-04-16 20:01:46.539 70068 INFO tempest.lib.common.rest_client [req-f38a4df1-50d5-4b9c-b1bc-9f636baf2662 req-f38a4df1-50d5-4b9c-b1bc-9f636baf2662 ] Request (MultipleCreateTestJSON:setUpClass): 204 PUT http://10.180.1.21/identity/v3/projects/1ce8300c17cb45558c2bd7781889b5b5/users/65a44c0f11bc4861b444de945b1f548a/roles/ed0005f285c14c28ab96b8ec00e999f1 0.023s
2025-04-16 20:01:46.539 70068 INFO tempest.lib.common.dynamic_creds [-] Dynamic test user 65a44c0f11bc4861b444de945b1f548a is created with scope project and roles: ['member']
2025-04-16 20:01:46.539 70068 INFO tempest.lib.common.dynamic_creds [-] Acquired dynamic creds: credentials: Credentials: {'domain_id': 'default', 'domain_name': 'Default', 'username': 'tempest-MultipleCreateTestJSON-1744311742-project-member', 'project_domain_id': 'default', 'project_domain_name': 'Default', 'project_id': '1ce8300c17cb45558c2bd7781889b5b5', 'project_name': 'tempest-MultipleCreateTestJSON-1744311742', 'tenant_id': '1ce8300c17cb45558c2bd7781889b5b5', 'tenant_name': 'tempest-MultipleCreateTestJSON-1744311742', 'user_domain_id': 'default', 'user_domain_name': 'Default', 'user_id': '65a44c0f11bc4861b444de945b1f548a', 'system': None}, Network: None, Subnet: None, Router: None
2025-04-16 20:01:46.586 70098 INFO tempest.lib.common.rest_client [req-c14089fa-45be-4945-a51a-99404c818448 req-c14089fa-45be-4945-a51a-99404c818448 ] Request (ServersWithSpecificFlavorTestJSON:test_verify_created_server_ephemeral_disk): 200 GET http://10.180.1.21/compute/v2.1/servers/ecec531e-41d9-47e3-b447-bc658edaea69 0.051s
2025-04-16 20:01:46.588 70068 INFO tempest.lib.common.rest_client [req-94ac66bf-0f0e-4095-88b1-72b887af12cc req-94ac66bf-0f0e-4095-88b1-72b887af12cc ] Request (MultipleCreateTestJSON:setUpClass): 201 POST http://10.180.1.21/identity/v3/auth/tokens 0.049s
2025-04-16 20:01:46.670 70082 INFO tempest.lib.common.rest_client [req-d4a7d6eb-498f-49e0-a41e-9aa3cf35913e req-d4a7d6eb-498f-49e0-a41e-9aa3cf35913e ] Request (ServerPasswordTestJSON:setUpClass): 200 GET http://10.180.1.21/compute/v2.1/servers/c68ee659-716d-47cc-a6a1-d4c18fa5664f 0.052s
2025-04-16 20:01:46.717 70062 INFO tempest.lib.common.rest_client [req-5d4501cd-9aed-47d3-8f3a-0dba9c6feb24 req-5d4501cd-9aed-47d3-8f3a-0dba9c6feb24 ] Request (DeleteServersAdminTestJSON:test_admin_delete_servers_of_others): 200 GET http://10.180.1.21/compute/v2.1/servers/cec4f0d1-1b7d-4189-aadf-6f801f52d9bb 0.092s
2025-04-16 20:01:46.723 70064 INFO tempest.lib.common.rest_client [req-3d4b27c6-01e8-438d-94de-06c1a40ab86d req-3d4b27c6-01e8-438d-94de-06c1a40ab86d ] Request (ServersAdminTestJSON:setUpClass): 200 GET http://10.180.1.21/compute/v2.1/servers/dc7d9de6-30f9-4f58-9142-6d36e42a3b99 0.053s
2025-04-16 20:01:46.772 70070 INFO tempest.lib.common.rest_client [req-98a2d3d7-75b5-4c77-be8b-1622572dad55 req-98a2d3d7-75b5-4c77-be8b-1622572dad55 ] Request (ServerActionsV293TestJSON:setUpClass): 200 GET http://10.180.1.21/volume/v3/15793b0e0c694c07980a0ac94e241d52/volumes/09c1fc64-64a6-4f46-8b82-0e446be1670e 0.027s
2025-04-16 20:01:46.783 70078 INFO tempest.lib.common.rest_client [req-70117f07-0052-4efd-955c-5f2ab00abe00 req-70117f07-0052-4efd-955c-5f2ab00abe00 ] Request (InstanceActionsTestJSON:setUpClass): 200 GET http://10.180.1.21/compute/v2.1/servers/2a8374bd-e901-4b1e-b9ee-e599bd8efed5 0.106s
2025-04-16 20:01:46.787 70112 INFO tempest.lib.common.rest_client [req-3828cd48-1a09-47af-b949-17aa4cef93b5 req-3828cd48-1a09-47af-b949-17aa4cef93b5 ] Request (ServersTestBootFromVolume:setUpClass): 200 GET http://10.180.1.21/compute/v2.1/servers/54f60014-0a24-45c5-ab1e-14ab2b3fd8b6 0.064s
2025-04-16 20:01:46.839 70086 INFO tempest.lib.common.rest_client [req-b3ebedac-9020-4dd8-9f20-1ea4fc1c8642 req-b3ebedac-9020-4dd8-9f20-1ea4fc1c8642 ] Request (TenantUsagesTestJSON:setUpClass): 200 GET http://10.180.1.21/compute/v2.1/servers/471a1543-ff95-4010-84f9-206730770b1f 0.055s
2025-04-16 20:01:46.847 70068 INFO tempest.lib.common.rest_client [req-a571cfb2-ccd2-4068-82b7-26544817b15a req-a571cfb2-ccd2-4068-82b7-26544817b15a ] Request (MultipleCreateTestJSON:setUpClass): 201 POST http://10.180.1.21:9696/networking/v2.0/networks 0.258s
2025-04-16 20:01:46.902 70120 INFO tempest.lib.common.rest_client [req-b3e74d63-427c-45bc-b3ca-6fe62c9e5c7e req-b3e74d63-427c-45bc-b3ca-6fe62c9e5c7e ] Request (VolumesAssistedSnapshotsTest:test_volume_assisted_snapshot_create_delete): 200 GET http://10.180.1.21/compute/v2.1/servers/f27a066f-307a-4213-b4d3-a861068f4867 0.061s
2025-04-16 20:01:46.914 70080 INFO tempest.lib.common.rest_client [req-b29efad8-d2ba-4582-91af-595375ad6cbc req-b29efad8-d2ba-4582-91af-595375ad6cbc ] Request (ServerExternalEventsTest:test_create_server_external_events): 200 GET http://10.180.1.21/compute/v2.1/servers/c16f7920-23d4-4d77-b70f-118887cc9ff7 0.129s
2025-04-16 20:01:46.962 70096 INFO tempest.lib.common.rest_client [req-564a5340-07d5-4f8a-bd19-a40d64e6796e req-564a5340-07d5-4f8a-bd19-a40d64e6796e ] Request (ListServerFiltersTestJSON:setUpClass): 200 GET http://10.180.1.21/compute/v2.1/servers/d6a9f02a-3d21-4adc-b598-b0586d7e54de 0.119s
2025-04-16 20:01:46.966 70108 INFO tempest.lib.common.rest_client [req-26509217-27e2-435b-b24f-982be1511567 req-26509217-27e2-435b-b24f-982be1511567 ] Request (ImagesTestJSON:test_create_image_from_stopped_server): 200 GET http://10.180.1.21/compute/v2.1/servers/dc623e72-8e80-4aaa-8a0c-363481141255 0.071s
2025-04-16 20:01:47.013 70076 INFO tempest.lib.common.rest_client [req-4ccccf87-3ea9-49da-a89a-aa0e3657bbc9 req-4ccccf87-3ea9-49da-a89a-aa0e3657bbc9 ] Request (ImagesOneServerTestJSON:setUpClass): 200 GET http://10.180.1.21/compute/v2.1/servers/c17163a5-f93c-4899-943a-59f3862eee07 0.060s
2025-04-16 20:01:47.023 70074 INFO tempest.lib.common.rest_client [req-9cb4493a-074b-41a9-9fd3-596baf3d63a9 req-9cb4493a-074b-41a9-9fd3-596baf3d63a9 ] Request (ServersAdmin275Test:test_rebuild_update_server_275): 200 GET http://10.180.1.21/compute/v2.1/servers/9369b20b-7027-47de-8495-a503ddfb69bd 0.121s
2025-04-16 20:01:47.058 70072 INFO tempest.lib.common.rest_client [req-8586ec24-3d1e-4516-abc3-4a68a2779693 req-8586ec24-3d1e-4516-abc3-4a68a2779693 ] Request (FlavorsV2NegativeTest:test_boot_with_low_ram): 204 PUT http://10.180.1.21/image/v2/images/ffbcc2fc-f576-487c-aace-47006f230c66/file 0.565s
2025-04-16 20:01:47.074 70124 INFO tempest.lib.common.rest_client [req-91c20f9d-f3fd-420e-93dd-42009d8d45d0 req-91c20f9d-f3fd-420e-93dd-42009d8d45d0 ] Request (ServerShowV247Test:test_update_rebuild_list_server): 200 GET http://10.180.1.21/compute/v2.1/servers/f0fd2350-cdac-4782-80c6-97c022f26711 0.119s
2025-04-16 20:01:47.116 70068 INFO tempest.lib.common.rest_client [req-0cf922df-2a4c-43e8-808b-6dac2e640dab req-0cf922df-2a4c-43e8-808b-6dac2e640dab ] Request (MultipleCreateTestJSON:setUpClass): 201 POST http://10.180.1.21:9696/networking/v2.0/subnets 0.268s
2025-04-16 20:01:47.143 70072 INFO tempest.lib.common.rest_client [req-181912b5-3aab-4bd7-ad7b-620ed6bc15aa req-181912b5-3aab-4bd7-ad7b-620ed6bc15aa ] Request (FlavorsV2NegativeTest:test_boot_with_low_ram): 201 POST http://10.180.1.21/identity/v3/auth/tokens 0.081s
2025-04-16 20:01:47.143 70072 INFO tempest.lib.common.fixed_network [-] (FlavorsV2NegativeTest:test_boot_with_low_ram) Found network None available for tenant
2025-04-16 20:01:47.276 70110 INFO tempest.lib.common.rest_client [req-2402f630-f98d-41d3-a95d-ab1402582b7c req-2402f630-f98d-41d3-a95d-ab1402582b7c ] Request (MigrationsAdminTest:test_list_migrations_in_flavor_resize_situation): 200 GET http://10.180.1.21/compute/v2.1/servers/a927e0ff-6c39-47fd-a082-88d41eb54015 0.212s
2025-04-16 20:01:47.367 70094 INFO tempest.lib.common.rest_client [req-9db0c3bd-6906-4bc0-aeda-5c7f1ee27fe1 req-9db0c3bd-6906-4bc0-aeda-5c7f1ee27fe1 ] Request (ServersV294TestFqdnHostnames:setUpClass): 200 GET http://10.180.1.21/compute/v2.1/servers/14daabdf-7839-4dfb-bbc9-f4ea90e8db8e 0.257s
2025-04-16 20:01:47.414 70106 INFO tempest.lib.common.rest_client [req-db8aaed0-20aa-4826-b13c-7b0d5c623ee8 req-db8aaed0-20aa-4826-b13c-7b0d5c623ee8 ] Request (FloatingIPsAssociationNegativeTestJSON:setUpClass): 200 GET http://10.180.1.21/compute/v2.1/servers/88d2f936-18bb-4b40-8c72-fb6372c447c5 0.300s
2025-04-16 20:01:47.438 70104 INFO tempest.lib.common.rest_client [req-2ab672d1-d4c2-4583-b6c6-8c6e50f57e8f req-2ab672d1-d4c2-4583-b6c6-8c6e50f57e8f ] Request (ServerDiagnosticsTest:test_get_server_diagnostics): 200 GET http://10.180.1.21/compute/v2.1/servers/150d9f3b-b338-4810-ad32-7c8609131ce4 0.394s
2025-04-16 20:01:47.505 70092 INFO tempest.lib.common.rest_client [req-0ad9a14f-0da9-40fe-a41b-dafe3e1953db req-0ad9a14f-0da9-40fe-a41b-dafe3e1953db ] Request (VolumesAdminNegativeTest:test_update_attached_volume_with_nonexistent_volume_in_body): 200 GET http://10.180.1.21/compute/v2.1/servers/9b67f788-cf36-4bb3-bdc0-575d2a2178ca 0.321s
2025-04-16 20:01:47.554 70100 INFO tempest.lib.common.rest_client [req-f0dd83b7-7971-4707-8a98-44edbd75503a req-f0dd83b7-7971-4707-8a98-44edbd75503a ] Request (ImagesNegativeTestJSON:test_create_image_from_deleted_server): 200 GET http://10.180.1.21/compute/v2.1/servers/1fd4b343-4e5e-42c3-aa86-33c9866c5f6e 0.311s
2025-04-16 20:01:47.566 70072 INFO tempest.lib.common.rest_client [req-dac5c68c-c821-499e-ae33-893fca5b7b81 req-dac5c68c-c821-499e-ae33-893fca5b7b81 ] Request (FlavorsV2NegativeTest:test_boot_with_low_ram): 400 POST http://10.180.1.21/compute/v2.1/servers 0.421s
2025-04-16 20:01:47.635 70072 INFO tempest.lib.common.rest_client [req-9a232c68-f886-4672-90bf-a51aafc7ab32 req-9a232c68-f886-4672-90bf-a51aafc7ab32 ] Request (FlavorsV2NegativeTest:_run_cleanups): 204 DELETE http://10.180.1.21/image/v2/images/ffbcc2fc-f576-487c-aace-47006f230c66 0.068s
2025-04-16 20:01:47.685 70066 INFO tempest.lib.common.rest_client [req-bcc01b16-833e-4439-8145-fa858d96c69b req-bcc01b16-833e-4439-8145-fa858d96c69b ] Request (ListServersNegativeTestJSON:setUpClass): 200 GET http://10.180.1.21/compute/v2.1/servers/0d0d1503-5522-4c0d-9096-2f25ed0fd7df 0.291s
2025-04-16 20:01:47.694 70090 INFO tempest.lib.common.rest_client [req-a8c1b991-d115-45f6-802e-76f55d3c19e2 req-a8c1b991-d115-45f6-802e-76f55d3c19e2 ] Request (ImagesOneServerNegativeTestJSON:setUpClass): 200 GET http://10.180.1.21/compute/v2.1/servers/15e3e0f5-1967-4f7d-b45f-954845c3dc75 0.396s
2025-04-16 20:01:47.748 70084 INFO tempest.lib.common.rest_client [req-fa0a0c88-0f1d-4a65-b2ca-ef961e0af099 req-fa0a0c88-0f1d-4a65-b2ca-ef961e0af099 ] Request (ServerDiagnosticsV248Test:test_get_server_diagnostics): 200 GET http://10.180.1.21/compute/v2.1/servers/6e54dcb2-6760-4403-8711-75bda2e053a3 0.294s
2025-04-16 20:01:47.749 70072 INFO tempest.lib.common.rest_client [req-a370381b-aef8-47a1-a3be-71ae041ebb58 req-a370381b-aef8-47a1-a3be-71ae041ebb58 ] Request (FlavorsV2NegativeTest:tearDownClass): 204 DELETE http://10.180.1.21/identity/v3/users/ef2b6db31b814c1087c5ede2c4c3a6db 0.112s
2025-04-16 20:01:47.749 70072 INFO tempest.lib.common.dynamic_creds [-] Deleting project and security group for project: a48658f177554a5c9b698eed2d2d7b75
2025-04-16 20:01:47.819 70070 INFO tempest.lib.common.rest_client [req-64412a02-3535-47dd-b39e-4d6d2d6efb7f req-64412a02-3535-47dd-b39e-4d6d2d6efb7f ] Request (ServerActionsV293TestJSON:setUpClass): 200 GET http://10.180.1.21/volume/v3/15793b0e0c694c07980a0ac94e241d52/volumes/09c1fc64-64a6-4f46-8b82-0e446be1670e 0.037s
2025-04-16 20:01:47.825 70072 INFO tempest.lib.common.rest_client [req-71865f2b-b2d2-4bec-8e05-5c9da60dc584 req-71865f2b-b2d2-4bec-8e05-5c9da60dc584 ] Request (FlavorsV2NegativeTest:tearDownClass): 201 POST http://10.180.1.21/identity/v3/auth/tokens 0.076s
2025-04-16 20:01:47.850 70122 INFO tempest.lib.common.rest_client [req-bea467cf-e7b7-4cca-9485-a0734077da57 req-bea467cf-e7b7-4cca-9485-a0734077da57 ] Request (FloatingIPsAssociationTestJSON:setUpClass): 200 GET http://10.180.1.21/compute/v2.1/servers/54d12624-7c76-433d-8f1f-3f9bb451e451 0.307s
2025-04-16 20:01:47.866 70118 INFO tempest.lib.common.rest_client [req-8ae7fdc9-db7d-447c-98db-973b4af48666 req-8ae7fdc9-db7d-447c-98db-973b4af48666 ] Request (DeleteServersTestJSON:test_delete_active_server): 200 GET http://10.180.1.21/compute/v2.1/servers/28e32097-d536-442f-bcb4-f93b64cb64e4 0.394s
2025-04-16 20:01:47.905 70098 INFO tempest.lib.common.rest_client [req-db451e83-6d60-4bd1-b635-fdae31646df6 req-db451e83-6d60-4bd1-b635-fdae31646df6 ] Request (ServersWithSpecificFlavorTestJSON:test_verify_created_server_ephemeral_disk): 200 GET http://10.180.1.21/compute/v2.1/servers/ecec531e-41d9-47e3-b447-bc658edaea69 0.312s
2025-04-16 20:01:47.931 70082 INFO tempest.lib.common.rest_client [req-bed18e04-2cdf-433e-b02a-b95195f1f7b4 req-bed18e04-2cdf-433e-b02a-b95195f1f7b4 ] Request (ServerPasswordTestJSON:setUpClass): 200 GET http://10.180.1.21/compute/v2.1/servers/c68ee659-716d-47cc-a6a1-d4c18fa5664f 0.254s
2025-04-16 20:01:48.018 70062 INFO tempest.lib.common.rest_client [req-2ef065c1-5b1f-45b6-88f1-14ad266bc568 req-2ef065c1-5b1f-45b6-88f1-14ad266bc568 ] Request (DeleteServersAdminTestJSON:test_admin_delete_servers_of_others): 200 GET http://10.180.1.21/compute/v2.1/servers/cec4f0d1-1b7d-4189-aadf-6f801f52d9bb 0.293s
2025-04-16 20:01:48.076 70078 INFO tempest.lib.common.rest_client [req-20ad36f5-b2a0-4f33-b6ca-a93a056e1c89 req-20ad36f5-b2a0-4f33-b6ca-a93a056e1c89 ] Request (InstanceActionsTestJSON:setUpClass): 200 GET http://10.180.1.21/compute/v2.1/servers/2a8374bd-e901-4b1e-b9ee-e599bd8efed5 0.282s
2025-04-16 20:01:48.133 70112 INFO tempest.lib.common.rest_client [req-5289d4dd-f25a-4451-a0a7-d61f036b47e6 req-5289d4dd-f25a-4451-a0a7-d61f036b47e6 ] Request (ServersTestBootFromVolume:setUpClass): 200 GET http://10.180.1.21/compute/v2.1/servers/54f60014-0a24-45c5-ab1e-14ab2b3fd8b6 0.337s
2025-04-16 20:01:48.190 70064 INFO tempest.lib.common.rest_client [req-ab2f61bb-180e-4afe-a4e0-f01d8b75f50d req-ab2f61bb-180e-4afe-a4e0-f01d8b75f50d ] Request (ServersAdminTestJSON:setUpClass): 200 GET http://10.180.1.21/compute/v2.1/servers/dc7d9de6-30f9-4f58-9142-6d36e42a3b99 0.459s
2025-04-16 20:01:48.191 70086 INFO tempest.lib.common.rest_client [req-c19c203f-bbc7-4b74-a3b2-6d72b44e8f6c req-c19c203f-bbc7-4b74-a3b2-6d72b44e8f6c ] Request (TenantUsagesTestJSON:setUpClass): 200 GET http://10.180.1.21/compute/v2.1/servers/471a1543-ff95-4010-84f9-206730770b1f 0.340s
2025-04-16 20:01:48.254 70120 INFO tempest.lib.common.rest_client [req-467e9e1a-0970-4f04-bd00-27f6fd6111e3 req-467e9e1a-0970-4f04-bd00-27f6fd6111e3 ] Request (VolumesAssistedSnapshotsTest:test_volume_assisted_snapshot_create_delete): 200 GET http://10.180.1.21/compute/v2.1/servers/f27a066f-307a-4213-b4d3-a861068f4867 0.340s
2025-04-16 20:01:48.276 70072 INFO tempest.lib.common.rest_client [req-707d92a5-fc09-4e9e-8dc1-6cdc92c379a4 req-707d92a5-fc09-4e9e-8dc1-6cdc92c379a4 ] Request (FlavorsV2NegativeTest:tearDownClass): 200 GET http://10.180.1.21:9696/networking/v2.0/security-groups?tenant_id=a48658f177554a5c9b698eed2d2d7b75&name=default 0.450s
2025-04-16 20:01:48.315 70080 INFO tempest.lib.common.rest_client [req-80ca2d49-0ca8-4b48-9eb8-8165d8eeffb6 req-80ca2d49-0ca8-4b48-9eb8-8165d8eeffb6 ] Request (ServerExternalEventsTest:test_create_server_external_events): 200 GET http://10.180.1.21/compute/v2.1/servers/c16f7920-23d4-4d77-b70f-118887cc9ff7 0.389s
2025-04-16 20:01:48.320 70096 INFO tempest.lib.common.rest_client [req-e1191d90-d4fa-4726-967e-c2df40c913d7 req-e1191d90-d4fa-4726-967e-c2df40c913d7 ] Request (ListServerFiltersTestJSON:setUpClass): 200 GET http://10.180.1.21/compute/v2.1/servers/d6a9f02a-3d21-4adc-b598-b0586d7e54de 0.348s
2025-04-16 20:01:48.373 70108 INFO tempest.lib.common.rest_client [req-aa97c6b7-53d9-485f-9d33-9ec261c97723 req-aa97c6b7-53d9-485f-9d33-9ec261c97723 ] Request (ImagesTestJSON:test_create_image_from_stopped_server): 200 GET http://10.180.1.21/compute/v2.1/servers/dc623e72-8e80-4aaa-8a0c-363481141255 0.397s
2025-04-16 20:01:48.386 70076 INFO tempest.lib.common.rest_client [req-b7124466-55a7-42ee-8f83-0b0676a3d81f req-b7124466-55a7-42ee-8f83-0b0676a3d81f ] Request (ImagesOneServerTestJSON:setUpClass): 200 GET http://10.180.1.21/compute/v2.1/servers/c17163a5-f93c-4899-943a-59f3862eee07 0.365s
2025-04-16 20:01:48.390 70072 INFO tempest.lib.common.rest_client [req-1313b3a5-a54f-4c9d-92d2-ef188cd48b50 req-1313b3a5-a54f-4c9d-92d2-ef188cd48b50 ] Request (FlavorsV2NegativeTest:tearDownClass): 204 DELETE http://10.180.1.21:9696/networking/v2.0/security-groups/b18e19a5-6187-4f4b-8b96-e71099b3a10f 0.114s
2025-04-16 20:01:48.429 70074 INFO tempest.lib.common.rest_client [req-293e8bf7-343f-4863-ab39-9af1601533bf req-293e8bf7-343f-4863-ab39-9af1601533bf ] Request (ServersAdmin275Test:test_rebuild_update_server_275): 200 GET http://10.180.1.21/compute/v2.1/servers/9369b20b-7027-47de-8495-a503ddfb69bd 0.396s
2025-04-16 20:01:48.445 70124 INFO tempest.lib.common.rest_client [req-4b3b1f04-c769-4a6f-93ef-8972b761bd00 req-4b3b1f04-c769-4a6f-93ef-8972b761bd00 ] Request (ServerShowV247Test:test_update_rebuild_list_server): 200 GET http://10.180.1.21/compute/v2.1/servers/f0fd2350-cdac-4782-80c6-97c022f26711 0.360s
2025-04-16 20:01:48.484 70072 INFO tempest.lib.common.rest_client [req-50fd7a05-6e40-4ee1-bcb0-75725756e382 req-50fd7a05-6e40-4ee1-bcb0-75725756e382 ] Request (FlavorsV2NegativeTest:tearDownClass): 204 DELETE http://10.180.1.21/identity/v3/projects/a48658f177554a5c9b698eed2d2d7b75 0.093s
2025-04-16 20:01:48.521 70094 INFO tempest.lib.common.rest_client [req-a35c3cb2-5a6d-447f-9627-4cfb9a76ae82 req-a35c3cb2-5a6d-447f-9627-4cfb9a76ae82 ] Request (ServersV294TestFqdnHostnames:setUpClass): 200 GET http://10.180.1.21/compute/v2.1/servers/14daabdf-7839-4dfb-bbc9-f4ea90e8db8e 0.144s
2025-04-16 20:01:48.527 70110 INFO tempest.lib.common.rest_client [req-47c1bd44-b1ec-42a4-8174-5a5ae2918df0 req-47c1bd44-b1ec-42a4-8174-5a5ae2918df0 ] Request (MigrationsAdminTest:test_list_migrations_in_flavor_resize_situation): 200 GET http://10.180.1.21/compute/v2.1/servers/a927e0ff-6c39-47fd-a082-88d41eb54015 0.241s
2025-04-16 20:01:48.532 70068 INFO tempest.lib.common.rest_client [req-349927ad-b5eb-490b-b568-29d511fe6496 req-349927ad-b5eb-490b-b568-29d511fe6496 ] Request (MultipleCreateTestJSON:setUpClass): 201 POST http://10.180.1.21:9696/networking/v2.0/routers 1.414s
2025-04-16 20:01:48.562 70072 INFO tempest.lib.common.rest_client [req-88b709f4-5770-4477-81bb-c146f80d73a2 req-88b709f4-5770-4477-81bb-c146f80d73a2 ] Request (AttachInterfacesTestJSON:setUpClass): 201 POST http://10.180.1.21/identity/v3/auth/tokens 0.077s
2025-04-16 20:01:48.582 70106 INFO tempest.lib.common.rest_client [req-f58adc66-0298-4625-bd23-2f4f60760358 req-f58adc66-0298-4625-bd23-2f4f60760358 ] Request (FloatingIPsAssociationNegativeTestJSON:setUpClass): 200 GET http://10.180.1.21/compute/v2.1/servers/88d2f936-18bb-4b40-8c72-fb6372c447c5 0.158s
2025-04-16 20:01:48.596 70072 INFO tempest.lib.common.rest_client [req-03fece94-7591-4e96-a695-c5099964e685 req-03fece94-7591-4e96-a695-c5099964e685 ] Request (AttachInterfacesTestJSON:setUpClass): 201 POST http://10.180.1.21/identity/v3/auth/tokens 0.030s
2025-04-16 20:01:48.624 70072 INFO tempest.lib.common.rest_client [req-9b40435a-d4ad-4011-b3d9-28aa47a73a57 req-9b40435a-d4ad-4011-b3d9-28aa47a73a57 ] Request (AttachInterfacesTestJSON:setUpClass): 200 GET http://10.180.1.21/identity/v3/domains?name=Default 0.028s
2025-04-16 20:01:48.627 70104 INFO tempest.lib.common.rest_client [req-dc0127ce-a3d2-44fb-a32b-5491a3969335 req-dc0127ce-a3d2-44fb-a32b-5491a3969335 ] Request (ServerDiagnosticsTest:test_get_server_diagnostics): 200 GET http://10.180.1.21/compute/v2.1/servers/150d9f3b-b338-4810-ad32-7c8609131ce4 0.179s
2025-04-16 20:01:48.652 70092 INFO tempest.lib.common.rest_client [req-c18ab890-3b01-40ce-8b72-f9ad7a905976 req-c18ab890-3b01-40ce-8b72-f9ad7a905976 ] Request (VolumesAdminNegativeTest:test_update_attached_volume_with_nonexistent_volume_in_body): 200 GET http://10.180.1.21/compute/v2.1/servers/9b67f788-cf36-4bb3-bdc0-575d2a2178ca 0.135s
2025-04-16 20:01:48.678 70072 INFO tempest.lib.common.rest_client [req-d6174806-675b-4c64-a18d-ed251559bc35 req-d6174806-675b-4c64-a18d-ed251559bc35 ] Request (AttachInterfacesTestJSON:setUpClass): 201 POST http://10.180.1.21/identity/v3/projects 0.053s
2025-04-16 20:01:48.680 70100 INFO tempest.lib.common.rest_client [req-5a6cc208-6b6b-4edb-9fb4-158e58f08457 req-5a6cc208-6b6b-4edb-9fb4-158e58f08457 ] Request (ImagesNegativeTestJSON:test_create_image_from_deleted_server): 200 GET http://10.180.1.21/compute/v2.1/servers/1fd4b343-4e5e-42c3-aa86-33c9866c5f6e 0.114s
2025-04-16 20:01:48.748 70072 INFO tempest.lib.common.rest_client [req-16d6304b-58d1-4d87-bdf6-3cd6cca5f03d req-16d6304b-58d1-4d87-bdf6-3cd6cca5f03d ] Request (AttachInterfacesTestJSON:setUpClass): 201 POST http://10.180.1.21/identity/v3/users 0.069s
2025-04-16 20:01:48.771 70072 INFO tempest.lib.common.rest_client [req-220dd4b8-66b7-4b4d-bbb8-8f4ad2939672 req-220dd4b8-66b7-4b4d-bbb8-8f4ad2939672 ] Request (AttachInterfacesTestJSON:setUpClass): 200 GET http://10.180.1.21/identity/v3/roles 0.023s
2025-04-16 20:01:48.808 70072 INFO tempest.lib.common.rest_client [req-2fd0a233-6b56-4135-b182-063700bd653f req-2fd0a233-6b56-4135-b182-063700bd653f ] Request (AttachInterfacesTestJSON:setUpClass): 204 PUT http://10.180.1.21/identity/v3/projects/63adaf74da8f499e91ae124816860564/users/c0a5cb7239f14bc39be6876a143e8434/roles/ed0005f285c14c28ab96b8ec00e999f1 0.037s
2025-04-16 20:01:48.809 70072 INFO tempest.lib.common.dynamic_creds [-] Dynamic test user c0a5cb7239f14bc39be6876a143e8434 is created with scope project and roles: ['member']
2025-04-16 20:01:48.809 70072 INFO tempest.lib.common.dynamic_creds [-] Acquired dynamic creds: credentials: Credentials: {'domain_id': 'default', 'domain_name': 'Default', 'username': 'tempest-AttachInterfacesTestJSON-1468351673-project-member', 'project_domain_id': 'default', 'project_domain_name': 'Default', 'project_id': '63adaf74da8f499e91ae124816860564', 'project_name': 'tempest-AttachInterfacesTestJSON-1468351673', 'tenant_id': '63adaf74da8f499e91ae124816860564', 'tenant_name': 'tempest-AttachInterfacesTestJSON-1468351673', 'user_domain_id': 'default', 'user_domain_name': 'Default', 'user_id': 'c0a5cb7239f14bc39be6876a143e8434', 'system': None}, Network: None, Subnet: None, Router: None
2025-04-16 20:01:48.838 70090 INFO tempest.lib.common.rest_client [req-2369a24d-c464-46bf-9e74-a209505dd145 req-2369a24d-c464-46bf-9e74-a209505dd145 ] Request (ImagesOneServerNegativeTestJSON:setUpClass): 200 GET http://10.180.1.21/compute/v2.1/servers/15e3e0f5-1967-4f7d-b45f-954845c3dc75 0.128s
2025-04-16 20:01:48.866 70070 INFO tempest.lib.common.rest_client [req-e9b290d3-b063-4028-91dc-a755c0cba211 req-e9b290d3-b063-4028-91dc-a755c0cba211 ] Request (ServerActionsV293TestJSON:setUpClass): 200 GET http://10.180.1.21/volume/v3/15793b0e0c694c07980a0ac94e241d52/volumes/09c1fc64-64a6-4f46-8b82-0e446be1670e 0.038s
2025-04-16 20:01:48.887 70072 INFO tempest.lib.common.rest_client [req-26b32e4d-8ed3-42bd-a274-1c3e4013b9b7 req-26b32e4d-8ed3-42bd-a274-1c3e4013b9b7 ] Request (AttachInterfacesTestJSON:setUpClass): 201 POST http://10.180.1.21/identity/v3/auth/tokens 0.077s
2025-04-16 20:01:48.897 70084 INFO tempest.lib.common.rest_client [req-828974aa-e3ac-47e4-9525-5fca2ac0fc52 req-828974aa-e3ac-47e4-9525-5fca2ac0fc52 ] Request (ServerDiagnosticsV248Test:test_get_server_diagnostics): 200 GET http://10.180.1.21/compute/v2.1/servers/6e54dcb2-6760-4403-8711-75bda2e053a3 0.135s
2025-04-16 20:01:48.910 70066 INFO tempest.lib.common.rest_client [req-7d860cb0-79df-4ae3-9a35-b4699fb29ae9 req-7d860cb0-79df-4ae3-9a35-b4699fb29ae9 ] Request (ListServersNegativeTestJSON:setUpClass): 200 GET http://10.180.1.21/compute/v2.1/servers/0d0d1503-5522-4c0d-9096-2f25ed0fd7df 0.213s
2025-04-16 20:01:49.008 70122 INFO tempest.lib.common.rest_client [req-61382ceb-ab03-487d-9f87-4e44f5789e73 req-61382ceb-ab03-487d-9f87-4e44f5789e73 ] Request (FloatingIPsAssociationTestJSON:setUpClass): 200 GET http://10.180.1.21/compute/v2.1/servers/54d12624-7c76-433d-8f1f-3f9bb451e451 0.149s
2025-04-16 20:01:49.038 70118 INFO tempest.lib.common.rest_client [req-9822f8b4-1947-40d7-9bfb-966b0dc8d146 req-9822f8b4-1947-40d7-9bfb-966b0dc8d146 ] Request (DeleteServersTestJSON:test_delete_active_server): 200 GET http://10.180.1.21/compute/v2.1/servers/28e32097-d536-442f-bcb4-f93b64cb64e4 0.165s
2025-04-16 20:01:49.071 70098 INFO tempest.lib.common.rest_client [req-7e4d330e-7523-4f8d-9eff-3eefc1e948e4 req-7e4d330e-7523-4f8d-9eff-3eefc1e948e4 ] Request (ServersWithSpecificFlavorTestJSON:test_verify_created_server_ephemeral_disk): 200 GET http://10.180.1.21/compute/v2.1/servers/ecec531e-41d9-47e3-b447-bc658edaea69 0.153s
2025-04-16 20:01:49.095 70082 INFO tempest.lib.common.rest_client [req-04626c2c-8834-44e5-9cfa-64ead5b2b8b1 req-04626c2c-8834-44e5-9cfa-64ead5b2b8b1 ] Request (ServerPasswordTestJSON:setUpClass): 200 GET http://10.180.1.21/compute/v2.1/servers/c68ee659-716d-47cc-a6a1-d4c18fa5664f 0.148s
2025-04-16 20:01:49.160 70078 INFO tempest.lib.common.rest_client [req-ff0da0ad-b106-45cb-98ba-b5f4f557ab17 req-ff0da0ad-b106-45cb-98ba-b5f4f557ab17 ] Request (InstanceActionsTestJSON:setUpClass): 200 GET http://10.180.1.21/compute/v2.1/servers/2a8374bd-e901-4b1e-b9ee-e599bd8efed5 0.074s
2025-04-16 20:01:49.227 70112 INFO tempest.lib.common.rest_client [req-2fb13530-b079-4823-b061-9f40ca772b80 req-2fb13530-b079-4823-b061-9f40ca772b80 ] Request (ServersTestBootFromVolume:setUpClass): 200 GET http://10.180.1.21/compute/v2.1/servers/54f60014-0a24-45c5-ab1e-14ab2b3fd8b6 0.086s
2025-04-16 20:01:49.245 70072 INFO tempest.lib.common.rest_client [req-13490746-4b2d-45b0-8b40-9aaed6bacbee req-13490746-4b2d-45b0-8b40-9aaed6bacbee ] Request (AttachInterfacesTestJSON:setUpClass): 201 POST http://10.180.1.21:9696/networking/v2.0/networks 0.358s
2025-04-16 20:01:49.278 70062 INFO tempest.lib.common.rest_client [req-dc01a61d-5fa6-40eb-911d-8c3d54f71751 req-dc01a61d-5fa6-40eb-911d-8c3d54f71751 ] Request (DeleteServersAdminTestJSON:test_admin_delete_servers_of_others): 200 GET http://10.180.1.21/compute/v2.1/servers/cec4f0d1-1b7d-4189-aadf-6f801f52d9bb 0.250s
2025-04-16 20:01:49.304 70064 INFO tempest.lib.common.rest_client [req-ff567fcd-d259-4da5-acd0-2a7cd6fe939f req-ff567fcd-d259-4da5-acd0-2a7cd6fe939f ] Request (ServersAdminTestJSON:setUpClass): 200 GET http://10.180.1.21/compute/v2.1/servers/dc7d9de6-30f9-4f58-9142-6d36e42a3b99 0.104s
2025-04-16 20:01:49.346 70086 INFO tempest.lib.common.rest_client [req-dfe1a1a8-cced-4211-8ba0-75169781f84e req-dfe1a1a8-cced-4211-8ba0-75169781f84e ] Request (TenantUsagesTestJSON:setUpClass): 200 GET http://10.180.1.21/compute/v2.1/servers/471a1543-ff95-4010-84f9-206730770b1f 0.145s
2025-04-16 20:01:49.375 70120 INFO tempest.lib.common.rest_client [req-bf5bd909-561f-4ce5-8e11-32bc30430210 req-bf5bd909-561f-4ce5-8e11-32bc30430210 ] Request (VolumesAssistedSnapshotsTest:test_volume_assisted_snapshot_create_delete): 200 GET http://10.180.1.21/compute/v2.1/servers/f27a066f-307a-4213-b4d3-a861068f4867 0.113s
2025-04-16 20:01:49.446 70080 INFO tempest.lib.common.rest_client [req-f1758c2a-d659-4129-baf8-1fa86c47a432 req-f1758c2a-d659-4129-baf8-1fa86c47a432 ] Request (ServerExternalEventsTest:test_create_server_external_events): 200 GET http://10.180.1.21/compute/v2.1/servers/c16f7920-23d4-4d77-b70f-118887cc9ff7 0.123s
2025-04-16 20:01:49.473 70096 INFO tempest.lib.common.rest_client [req-16b95c09-55e9-4ba4-82c7-01d29fc67198 req-16b95c09-55e9-4ba4-82c7-01d29fc67198 ] Request (ListServerFiltersTestJSON:setUpClass): 200 GET http://10.180.1.21/compute/v2.1/servers/d6a9f02a-3d21-4adc-b598-b0586d7e54de 0.145s
2025-04-16 20:01:49.499 70108 INFO tempest.lib.common.rest_client [req-fc7f722a-c600-48cb-8c43-a9e6cc3c534a req-fc7f722a-c600-48cb-8c43-a9e6cc3c534a ] Request (ImagesTestJSON:test_create_image_from_stopped_server): 200 GET http://10.180.1.21/compute/v2.1/servers/dc623e72-8e80-4aaa-8a0c-363481141255 0.118s
2025-04-16 20:01:49.575 70074 INFO tempest.lib.common.rest_client [req-8f09bb1e-3b50-421b-b81d-60bc7d72364f req-8f09bb1e-3b50-421b-b81d-60bc7d72364f ] Request (ServersAdmin275Test:test_rebuild_update_server_275): 200 GET http://10.180.1.21/compute/v2.1/servers/9369b20b-7027-47de-8495-a503ddfb69bd 0.130s
2025-04-16 20:01:49.651 70124 INFO tempest.lib.common.rest_client [req-493907b7-f601-48e6-a664-c96a376907f6 req-493907b7-f601-48e6-a664-c96a376907f6 ] Request (ServerShowV247Test:test_update_rebuild_list_server): 200 GET http://10.180.1.21/compute/v2.1/servers/f0fd2350-cdac-4782-80c6-97c022f26711 0.193s
2025-04-16 20:01:49.728 70094 INFO tempest.lib.common.rest_client [req-2fef5605-3d6a-469a-bf6d-438b727a2dbc req-2fef5605-3d6a-469a-bf6d-438b727a2dbc ] Request (ServersV294TestFqdnHostnames:setUpClass): 200 GET http://10.180.1.21/compute/v2.1/servers/14daabdf-7839-4dfb-bbc9-f4ea90e8db8e 0.196s
2025-04-16 20:01:49.792 70076 INFO tempest.lib.common.rest_client [req-513cb2fa-b521-4bf2-ad72-95027016f6db req-513cb2fa-b521-4bf2-ad72-95027016f6db ] Request (ImagesOneServerTestJSON:setUpClass): 200 GET http://10.180.1.21/compute/v2.1/servers/c17163a5-f93c-4899-943a-59f3862eee07 0.390s
2025-04-16 20:01:49.841 70110 INFO tempest.lib.common.rest_client [req-633a9e42-3618-46df-9535-909907a1bfb3 req-633a9e42-3618-46df-9535-909907a1bfb3 ] Request (MigrationsAdminTest:test_list_migrations_in_flavor_resize_situation): 200 GET http://10.180.1.21/compute/v2.1/servers/a927e0ff-6c39-47fd-a082-88d41eb54015 0.304s
2025-04-16 20:01:49.860 70106 INFO tempest.lib.common.rest_client [req-f8cd8608-3293-41e4-81da-668319f0c8e5 req-f8cd8608-3293-41e4-81da-668319f0c8e5 ] Request (FloatingIPsAssociationNegativeTestJSON:setUpClass): 200 GET http://10.180.1.21/compute/v2.1/servers/88d2f936-18bb-4b40-8c72-fb6372c447c5 0.269s
2025-04-16 20:01:49.907 70070 INFO tempest.lib.common.rest_client [req-34f66ee9-0306-408c-b41b-bb66df35b169 req-34f66ee9-0306-408c-b41b-bb66df35b169 ] Request (ServerActionsV293TestJSON:setUpClass): 200 GET http://10.180.1.21/volume/v3/15793b0e0c694c07980a0ac94e241d52/volumes/09c1fc64-64a6-4f46-8b82-0e446be1670e 0.031s
2025-04-16 20:01:49.941 70092 INFO tempest.lib.common.rest_client [req-705dbf96-e5ff-47b6-8e45-fd57ae865c61 req-705dbf96-e5ff-47b6-8e45-fd57ae865c61 ] Request (VolumesAdminNegativeTest:test_update_attached_volume_with_nonexistent_volume_in_body): 200 GET http://10.180.1.21/compute/v2.1/servers/9b67f788-cf36-4bb3-bdc0-575d2a2178ca 0.275s
2025-04-16 20:01:49.945 70072 INFO tempest.lib.common.rest_client [req-5996a56a-fd50-40ac-b99d-be22418fb2ba req-5996a56a-fd50-40ac-b99d-be22418fb2ba ] Request (AttachInterfacesTestJSON:setUpClass): 201 POST http://10.180.1.21:9696/networking/v2.0/subnets 0.699s
2025-04-16 20:01:49.952 70104 INFO tempest.lib.common.rest_client [req-3a540a9b-d64a-4619-9ea4-ded96d39fa48 req-3a540a9b-d64a-4619-9ea4-ded96d39fa48 ] Request (ServerDiagnosticsTest:test_get_server_diagnostics): 200 GET http://10.180.1.21/compute/v2.1/servers/150d9f3b-b338-4810-ad32-7c8609131ce4 0.313s
2025-04-16 20:01:50.014 70100 INFO tempest.lib.common.rest_client [req-932b5a46-5483-4c5d-a77a-608c0efda611 req-932b5a46-5483-4c5d-a77a-608c0efda611 ] Request (ImagesNegativeTestJSON:test_create_image_from_deleted_server): 200 GET http://10.180.1.21/compute/v2.1/servers/1fd4b343-4e5e-42c3-aa86-33c9866c5f6e 0.326s
2025-04-16 20:01:50.083 70084 INFO tempest.lib.common.rest_client [req-ca73f59a-2ea5-4c94-bbde-f472d7c44e6b req-ca73f59a-2ea5-4c94-bbde-f472d7c44e6b ] Request (ServerDiagnosticsV248Test:test_get_server_diagnostics): 200 GET http://10.180.1.21/compute/v2.1/servers/6e54dcb2-6760-4403-8711-75bda2e053a3 0.176s
2025-04-16 20:01:50.125 70090 INFO tempest.lib.common.rest_client [req-e990ef53-f1b6-4bf4-a732-afebaf2f86a3 req-e990ef53-f1b6-4bf4-a732-afebaf2f86a3 ] Request (ImagesOneServerNegativeTestJSON:setUpClass): 200 GET http://10.180.1.21/compute/v2.1/servers/15e3e0f5-1967-4f7d-b45f-954845c3dc75 0.276s
2025-04-16 20:01:50.251 70066 INFO tempest.lib.common.rest_client [req-030373fd-8ccf-4a75-9b43-470b00c082c6 req-030373fd-8ccf-4a75-9b43-470b00c082c6 ] Request (ListServersNegativeTestJSON:setUpClass): 200 GET http://10.180.1.21/compute/v2.1/servers/0d0d1503-5522-4c0d-9096-2f25ed0fd7df 0.332s
2025-04-16 20:01:50.261 70068 INFO tempest.lib.common.rest_client [req-1a4668e3-9d0b-483c-a80c-028f874d0e01 req-1a4668e3-9d0b-483c-a80c-028f874d0e01 ] Request (MultipleCreateTestJSON:setUpClass): 200 PUT http://10.180.1.21:9696/networking/v2.0/routers/d893da86-dd95-4308-9b83-7a99a509702a/add_router_interface 1.728s
2025-04-16 20:01:50.261 70068 INFO tempest.lib.common.dynamic_creds [-] Created isolated network resources for: credentials: Credentials: {'domain_id': 'default', 'domain_name': 'Default', 'username': 'tempest-MultipleCreateTestJSON-1744311742-project-member', 'project_domain_id': 'default', 'project_domain_name': 'Default', 'project_id': '1ce8300c17cb45558c2bd7781889b5b5', 'project_name': 'tempest-MultipleCreateTestJSON-1744311742', 'tenant_id': '1ce8300c17cb45558c2bd7781889b5b5', 'tenant_name': 'tempest-MultipleCreateTestJSON-1744311742', 'user_domain_id': 'default', 'user_domain_name': 'Default', 'user_id': '65a44c0f11bc4861b444de945b1f548a', 'system': None}, Network: {'id': '304cf2a2-3420-4502-97f6-46328c619dbc', 'name': 'tempest-MultipleCreateTestJSON-1462439362-network', 'tenant_id': '1ce8300c17cb45558c2bd7781889b5b5', 'admin_state_up': True, 'mtu': 8950, 'status': 'ACTIVE', 'subnets': [], 'shared': False, 'project_id': '1ce8300c17cb45558c2bd7781889b5b5', 'port_security_enabled': True, 'router:external': False, 'provider:network_type': 'vlan', 'provider:physical_network': 'default', 'provider:segmentation_id': 958, 'is_default': False, 'availability_zone_hints': [], 'availability_zones': [], 'ipv4_address_scope': None, 'ipv6_address_scope': None, 'description': '', 'tags': [], 'created_at': '2025-04-16T20:01:46Z', 'updated_at': '2025-04-16T20:01:46Z', 'revision_number': 1}, Subnet: {'id': 'c24923bf-a79e-40ab-b507-1e66ad4a1250', 'name': 'tempest-MultipleCreateTestJSON-1462439362-subnet', 'tenant_id': '1ce8300c17cb45558c2bd7781889b5b5', 'network_id': '304cf2a2-3420-4502-97f6-46328c619dbc', 'ip_version': 4, 'subnetpool_id': None, 'enable_dhcp': True, 'ipv6_ra_mode': None, 'ipv6_address_mode': None, 'gateway_ip': '192.168.128.1', 'cidr': '192.168.128.0/28', 'allocation_pools': [{'start': '192.168.128.2', 'end': '192.168.128.14'}], 'host_routes': [], 'dns_nameservers': [], 'description': '', 'service_types': [], 'tags': [], 'created_at': '2025-04-16T20:01:46Z', 'updated_at': '2025-04-16T20:01:46Z', 'revision_number': 0, 'project_id': '1ce8300c17cb45558c2bd7781889b5b5'}, Router: {'id': 'd893da86-dd95-4308-9b83-7a99a509702a', 'name': 'tempest-MultipleCreateTestJSON-1462439362-router', 'tenant_id': '1ce8300c17cb45558c2bd7781889b5b5', 'admin_state_up': True, 'status': 'ACTIVE', 'external_gateway_info': {'network_id': 'a5602db0-3301-4327-b37e-fe21451129e2', 'external_fixed_ips': [{'subnet_id': '2fb7d9f8-83be-48f8-aefc-ef50787fe347', 'ip_address': '10.180.180.179'}], 'enable_snat': True}, 'description': '', 'availability_zones': [], 'distributed': False, 'ha': False, 'availability_zone_hints': [], 'routes': [], 'flavor_id': None, 'tags': [], 'created_at': '2025-04-16T20:01:47Z', 'updated_at': '2025-04-16T20:01:47Z', 'revision_number': 2, 'project_id': '1ce8300c17cb45558c2bd7781889b5b5'}
2025-04-16 20:01:50.358 70122 INFO tempest.lib.common.rest_client [req-815f47e6-3cdd-4cd0-a5c2-b89defe44d02 req-815f47e6-3cdd-4cd0-a5c2-b89defe44d02 ] Request (FloatingIPsAssociationTestJSON:setUpClass): 200 GET http://10.180.1.21/compute/v2.1/servers/54d12624-7c76-433d-8f1f-3f9bb451e451 0.341s
2025-04-16 20:01:50.370 70118 INFO tempest.lib.common.rest_client [req-c5eea406-e9b2-468d-b2a0-b42dd17a5978 req-c5eea406-e9b2-468d-b2a0-b42dd17a5978 ] Request (DeleteServersTestJSON:test_delete_active_server): 200 GET http://10.180.1.21/compute/v2.1/servers/28e32097-d536-442f-bcb4-f93b64cb64e4 0.323s
2025-04-16 20:01:50.373 70068 INFO tempest.lib.common.rest_client [req-f0c3d373-9eac-435f-a2ad-26faade75c1b req-f0c3d373-9eac-435f-a2ad-26faade75c1b ] Request (MultipleCreateTestJSON:setUpClass): 201 POST http://10.180.1.21/identity/v3/auth/tokens 0.106s
2025-04-16 20:01:50.409 70068 INFO tempest.lib.common.rest_client [req-933c22e1-7f61-4d6c-bcae-019b58dd1208 req-933c22e1-7f61-4d6c-bcae-019b58dd1208 ] Request (MultipleCreateTestJSON:test_multiple_create): 201 POST http://10.180.1.21/identity/v3/auth/tokens 0.032s
2025-04-16 20:01:50.410 70068 INFO tempest.lib.common.fixed_network [-] (MultipleCreateTestJSON:test_multiple_create) Found network {'id': '304cf2a2-3420-4502-97f6-46328c619dbc', 'name': 'tempest-MultipleCreateTestJSON-1462439362-network', 'tenant_id': '1ce8300c17cb45558c2bd7781889b5b5', 'admin_state_up': True, 'mtu': 8950, 'status': 'ACTIVE', 'subnets': [], 'shared': False, 'project_id': '1ce8300c17cb45558c2bd7781889b5b5', 'port_security_enabled': True, 'router:external': False, 'provider:network_type': 'vlan', 'provider:physical_network': 'default', 'provider:segmentation_id': 958, 'is_default': False, 'availability_zone_hints': [], 'availability_zones': [], 'ipv4_address_scope': None, 'ipv6_address_scope': None, 'description': '', 'tags': [], 'created_at': '2025-04-16T20:01:46Z', 'updated_at': '2025-04-16T20:01:46Z', 'revision_number': 1} available for tenant
2025-04-16 20:01:50.429 70082 INFO tempest.lib.common.rest_client [req-2318635d-5acf-45a9-9ccf-cffdea0e25b5 req-2318635d-5acf-45a9-9ccf-cffdea0e25b5 ] Request (ServerPasswordTestJSON:setUpClass): 200 GET http://10.180.1.21/compute/v2.1/servers/c68ee659-716d-47cc-a6a1-d4c18fa5664f 0.323s
2025-04-16 20:01:50.430 70098 INFO tempest.lib.common.rest_client [req-fdde4228-d927-4747-8acb-af39c7cece9f req-fdde4228-d927-4747-8acb-af39c7cece9f ] Request (ServersWithSpecificFlavorTestJSON:test_verify_created_server_ephemeral_disk): 200 GET http://10.180.1.21/compute/v2.1/servers/ecec531e-41d9-47e3-b447-bc658edaea69 0.349s
2025-04-16 20:01:50.502 70112 INFO tempest.lib.common.rest_client [req-a411b9db-bbbc-4eac-ae5c-dbb4d41cd474 req-a411b9db-bbbc-4eac-ae5c-dbb4d41cd474 ] Request (ServersTestBootFromVolume:setUpClass): 200 GET http://10.180.1.21/compute/v2.1/servers/54f60014-0a24-45c5-ab1e-14ab2b3fd8b6 0.266s
