2025-04-16 20:01:21.211 70084 INFO tempest.lib.common.rest_client [req-ff581050-91a9-42c1-abaa-9dd586e3055d req-ff581050-91a9-42c1-abaa-9dd586e3055d ] Request (ServerDiagnosticsV248Test:test_get_server_diagnostics): 200 GET http://10.180.1.21/compute/v2.1/servers/6e54dcb2-6760-4403-8711-75bda2e053a3 1.279s
2025-04-16 20:01:21.244 70100 INFO tempest.lib.common.rest_client [req-18b079ee-ab39-46ba-8280-f6c36e6c93e9 req-18b079ee-ab39-46ba-8280-f6c36e6c93e9 ] Request (ImagesMetadataNegativeTestJSON:setUpClass): 201 POST http://10.180.1.21/identity/v3/auth/tokens 0.102s
2025-04-16 20:01:21.381 70090 INFO tempest.lib.common.rest_client [req-518101ce-27f5-45fd-97a4-5710c956899c req-518101ce-27f5-45fd-97a4-5710c956899c ] Request (ImagesOneServerNegativeTestJSON:setUpClass): 200 GET http://10.180.1.21/compute/v2.1/servers/15e3e0f5-1967-4f7d-b45f-954845c3dc75 1.317s
2025-04-16 20:01:21.381 70076 INFO tempest.lib.common.rest_client [req-707a2fe0-362f-4640-8641-772f1a1c48aa req-707a2fe0-362f-4640-8641-772f1a1c48aa ] Request (FloatingIPsTestJSON:test_delete_floating_ip): 202 DELETE http://10.180.1.21/compute/v2.1/os-floating-ips/749034ad-c09f-43e4-8df5-815798a8fc39 1.516s
2025-04-16 20:01:21.437 70098 INFO tempest.lib.common.rest_client [req-631c0215-4c69-4b2b-81ef-53d910b9334c req-631c0215-4c69-4b2b-81ef-53d910b9334c ] Request (ServersWithSpecificFlavorTestJSON:test_verify_created_server_ephemeral_disk): 200 GET http://10.180.1.21/compute/v2.1/servers/ecec531e-41d9-47e3-b447-bc658edaea69 1.315s
2025-04-16 20:01:21.483 70112 INFO tempest.lib.common.rest_client [req-cbfda4d7-45bc-4d27-991e-93f3ce3f2c5f req-cbfda4d7-45bc-4d27-991e-93f3ce3f2c5f ] Request (ServersTestBootFromVolume:setUpClass): 200 GET http://10.180.1.21/volume/v3/253132c610844884a2d7ddb0ce25b271/volumes/baaec78c-0ab8-4172-a0d3-95d32e7322d5 0.030s
2025-04-16 20:01:21.501 70082 INFO tempest.lib.common.rest_client [req-ad9bf0ac-2d44-4b13-99b6-80526d9da1fb req-ad9bf0ac-2d44-4b13-99b6-80526d9da1fb ] Request (ServerPasswordTestJSON:setUpClass): 200 GET http://10.180.1.21/compute/v2.1/servers/c68ee659-716d-47cc-a6a1-d4c18fa5664f 1.370s
2025-04-16 20:01:21.505 70088 INFO tempest.lib.common.rest_client [req-3c56d839-e51c-4cc2-ae13-f280136e5a29 req-3c56d839-e51c-4cc2-ae13-f280136e5a29 ] Request (ExtensionsTest:test_list_extensions): 200 GET http://10.180.1.21/compute/v2.1/extensions 1.355s
2025-04-16 20:01:21.555 70078 INFO tempest.lib.common.rest_client [req-8f961686-f1f3-49c3-b637-eb7cf121c58e req-8f961686-f1f3-49c3-b637-eb7cf121c58e ] Request (InstanceActionsTestJSON:setUpClass): 200 GET http://10.180.1.21/compute/v2.1/servers/2a8374bd-e901-4b1e-b9ee-e599bd8efed5 1.357s
2025-04-16 20:01:21.594 70066 INFO tempest.lib.common.rest_client [req-72af964c-0897-437f-bdc0-d3976c56f7ff req-72af964c-0897-437f-bdc0-d3976c56f7ff ] Request (ListServersNegativeTestJSON:setUpClass): 200 GET http://10.180.1.21/compute/v2.1/servers/0d0d1503-5522-4c0d-9096-2f25ed0fd7df 1.521s
2025-04-16 20:01:21.643 70088 INFO tempest.lib.common.rest_client [req-0752da38-7b77-4380-b3f0-0ac9e663db61 req-0752da38-7b77-4380-b3f0-0ac9e663db61 ] Request (ExtensionsTest:tearDownClass): 204 DELETE http://10.180.1.21/identity/v3/users/dc4523a0b31b422d93e9f3a43a06eb95 0.127s
2025-04-16 20:01:21.643 70088 INFO tempest.lib.common.dynamic_creds [-] Deleting project and security group for project: b6286418e1c94830a0c883646f7bab92
2025-04-16 20:01:21.707 70124 INFO tempest.lib.common.rest_client [req-c12ebd54-d7ab-4558-b116-74a8b051c439 req-c12ebd54-d7ab-4558-b116-74a8b051c439 ] Request (ServersTestFqdnHostnames:test_create_server_with_fqdn_name): 200 GET http://10.180.1.21/compute/v2.1/servers/e2045977-fc76-4694-b233-ee747d1a1837 1.444s
2025-04-16 20:01:21.710 70088 INFO tempest.lib.common.rest_client [req-91a5c93b-53b0-466d-b48f-3627197195c9 req-91a5c93b-53b0-466d-b48f-3627197195c9 ] Request (ExtensionsTest:tearDownClass): 201 POST http://10.180.1.21/identity/v3/auth/tokens 0.066s
2025-04-16 20:01:21.769 70086 INFO tempest.lib.common.rest_client [req-72634cbf-6add-493f-a446-7e270abcad52 req-72634cbf-6add-493f-a446-7e270abcad52 ] Request (TenantUsagesTestJSON:setUpClass): 200 GET http://10.180.1.21/compute/v2.1/servers/471a1543-ff95-4010-84f9-206730770b1f 1.370s
2025-04-16 20:01:21.796 70114 INFO tempest.lib.common.rest_client [req-68fc15a5-8b37-4a5b-a150-8560d93196ed req-68fc15a5-8b37-4a5b-a150-8560d93196ed ] Request (QuotasAdminTestJSON:test_get_updated_quotas): 200 GET http://10.180.1.21/compute/v2.1/os-quota-sets/29351014a9ba4fa5ae3759af6c3b0128?user_id=17c8a5cba1374e64952f2ac8239e6aa1 1.508s
2025-04-16 20:01:21.847 70120 INFO tempest.lib.common.rest_client [req-84ea8d05-3ca4-4844-87c7-dc11c8648bc4 req-84ea8d05-3ca4-4844-87c7-dc11c8648bc4 ] Request (VolumesAssistedSnapshotsTest:test_volume_assisted_snapshot_create_delete): 200 GET http://10.180.1.21/compute/v2.1/servers/f27a066f-307a-4213-b4d3-a861068f4867 1.398s
2025-04-16 20:01:21.886 70074 INFO tempest.lib.common.rest_client [req-ee4cb2f1-fa0a-420f-8ac5-84e9f43f722e req-ee4cb2f1-fa0a-420f-8ac5-84e9f43f722e ] Request (ServersAdmin275Test:test_rebuild_update_server_275): 200 GET http://10.180.1.21/compute/v2.1/servers/9369b20b-7027-47de-8495-a503ddfb69bd 1.225s
2025-04-16 20:01:21.895 70114 INFO tempest.lib.common.rest_client [req-ebf95e3b-de43-45d7-843e-fdaac75de110 req-ebf95e3b-de43-45d7-843e-fdaac75de110 ] Request (QuotasAdminTestJSON:_run_cleanups): 204 DELETE http://10.180.1.21/identity/v3/users/17c8a5cba1374e64952f2ac8239e6aa1 0.097s
2025-04-16 20:01:21.904 70088 INFO tempest.lib.common.rest_client [req-9e374304-962d-4f8b-9371-a8bf775831e6 req-9e374304-962d-4f8b-9371-a8bf775831e6 ] Request (ExtensionsTest:tearDownClass): 200 GET http://10.180.1.21:9696/networking/v2.0/security-groups?tenant_id=b6286418e1c94830a0c883646f7bab92&name=default 0.190s
2025-04-16 20:01:21.992 70114 INFO tempest.lib.common.rest_client [req-5224f91d-d20d-491c-9bdc-1cda9a95341f req-5224f91d-d20d-491c-9bdc-1cda9a95341f ] Request (QuotasAdminTestJSON:_run_cleanups): 204 DELETE http://10.180.1.21/identity/v3/projects/29351014a9ba4fa5ae3759af6c3b0128 0.097s
2025-04-16 20:01:22.002 70064 INFO tempest.lib.common.rest_client [req-2640d6f4-a88c-4572-9db4-434b18ea9f73 req-2640d6f4-a88c-4572-9db4-434b18ea9f73 ] Request (ServersAdminTestJSON:setUpClass): 200 PUT http://10.180.1.21:9696/networking/v2.0/routers/54d73b89-f1b9-4e85-aea8-41013e2677b2/add_router_interface 1.328s
2025-04-16 20:01:22.002 70064 INFO tempest.lib.common.dynamic_creds [-] Created isolated network resources for: credentials: Credentials: {'domain_id': 'default', 'domain_name': 'Default', 'username': 'tempest-ServersAdminTestJSON-1040070182-project-admin', 'project_domain_id': 'default', 'project_domain_name': 'Default', 'project_id': '0fd400799f97495b8838d1ea10de0caa', 'project_name': 'tempest-ServersAdminTestJSON-1040070182', 'tenant_id': '0fd400799f97495b8838d1ea10de0caa', 'tenant_name': 'tempest-ServersAdminTestJSON-1040070182', 'user_domain_id': 'default', 'user_domain_name': 'Default', 'user_id': 'e80b67f1a4694d78bc7d14616c297833', 'system': None}, Network: {'id': '4f7fe0dc-c307-4502-8637-5d3a73d886f0', 'name': 'tempest-ServersAdminTestJSON-337227807-network', 'tenant_id': '0fd400799f97495b8838d1ea10de0caa', 'admin_state_up': True, 'mtu': 8950, 'status': 'ACTIVE', 'subnets': [], 'shared': False, 'project_id': '0fd400799f97495b8838d1ea10de0caa', 'port_security_enabled': True, 'router:external': False, 'provider:network_type': 'vlan', 'provider:physical_network': 'default', 'provider:segmentation_id': 338, 'is_default': False, 'availability_zone_hints': [], 'availability_zones': [], 'ipv4_address_scope': None, 'ipv6_address_scope': None, 'description': '', 'tags': [], 'created_at': '2025-04-16T20:01:19Z', 'updated_at': '2025-04-16T20:01:19Z', 'revision_number': 1}, Subnet: {'id': 'ca43e1c2-197d-4807-bb90-661c6e938092', 'name': 'tempest-ServersAdminTestJSON-337227807-subnet', 'tenant_id': '0fd400799f97495b8838d1ea10de0caa', 'network_id': '4f7fe0dc-c307-4502-8637-5d3a73d886f0', 'ip_version': 4, 'subnetpool_id': None, 'enable_dhcp': True, 'ipv6_ra_mode': None, 'ipv6_address_mode': None, 'gateway_ip': '192.168.128.1', 'cidr': '192.168.128.0/28', 'allocation_pools': [{'start': '192.168.128.2', 'end': '192.168.128.14'}], 'host_routes': [], 'dns_nameservers': [], 'description': '', 'service_types': [], 'tags': [], 'created_at': '2025-04-16T20:01:19Z', 'updated_at': '2025-04-16T20:01:19Z', 'revision_number': 0, 'project_id': '0fd400799f97495b8838d1ea10de0caa'}, Router: {'id': '54d73b89-f1b9-4e85-aea8-41013e2677b2', 'name': 'tempest-ServersAdminTestJSON-337227807-router', 'tenant_id': '0fd400799f97495b8838d1ea10de0caa', 'admin_state_up': True, 'status': 'ACTIVE', 'external_gateway_info': {'network_id': 'a5602db0-3301-4327-b37e-fe21451129e2', 'external_fixed_ips': [{'subnet_id': '2fb7d9f8-83be-48f8-aefc-ef50787fe347', 'ip_address': '10.180.180.208'}], 'enable_snat': True}, 'description': '', 'availability_zones': [], 'distributed': False, 'ha': False, 'availability_zone_hints': [], 'routes': [], 'flavor_id': None, 'tags': [], 'created_at': '2025-04-16T20:01:19Z', 'updated_at': '2025-04-16T20:01:20Z', 'revision_number': 2, 'project_id': '0fd400799f97495b8838d1ea10de0caa'}
2025-04-16 20:01:22.039 70070 INFO tempest.lib.common.rest_client [req-a46814a3-4542-445d-9a55-6a7a121d330d req-a46814a3-4542-445d-9a55-6a7a121d330d ] Request (SecurityGroupRulesNegativeTestJSON:test_create_security_group_rule_with_invalid_to_port): 200 POST http://10.180.1.21/compute/v2.1/os-security-groups 1.134s
2025-04-16 20:01:22.052 70102 INFO tempest.lib.common.rest_client [req-817d0470-6726-4942-8693-dd67daee1df9 req-817d0470-6726-4942-8693-dd67daee1df9 ] Request (AggregatesAdminNegativeTestJSON:test_aggregate_delete_with_invalid_id): 404 DELETE http://10.180.1.21/compute/v2.1/os-aggregates/-1 1.126s
2025-04-16 20:01:22.058 70088 INFO tempest.lib.common.rest_client [req-4dd0d7ff-3566-41a7-811c-4c62d8f3f2e5 req-4dd0d7ff-3566-41a7-811c-4c62d8f3f2e5 ] Request (ExtensionsTest:tearDownClass): 204 DELETE http://10.180.1.21:9696/networking/v2.0/security-groups/37a5b445-dff7-4687-92e3-aef30d12a884 0.153s
2025-04-16 20:01:22.095 70064 INFO tempest.lib.common.rest_client [req-b184741d-c4d9-48ea-b1cf-b5898210281b req-b184741d-c4d9-48ea-b1cf-b5898210281b ] Request (ServersAdminTestJSON:setUpClass): 201 POST http://10.180.1.21/identity/v3/auth/tokens 0.091s
2025-04-16 20:01:22.191 70068 INFO tempest.lib.common.rest_client [req-12208796-3c7b-4943-928d-f096f76fff4b req-12208796-3c7b-4943-928d-f096f76fff4b ] Request (FlavorsAdminTestJSON:test_create_list_flavor_without_extra_data): 200 GET http://10.180.1.21/compute/v2.1/flavors/detail 1.255s
2025-04-16 20:01:22.214 70088 INFO tempest.lib.common.rest_client [req-d681423d-93e2-4038-9a70-53c333e65382 req-d681423d-93e2-4038-9a70-53c333e65382 ] Request (ExtensionsTest:tearDownClass): 204 DELETE http://10.180.1.21/identity/v3/projects/b6286418e1c94830a0c883646f7bab92 0.156s
2025-04-16 20:01:22.225 70064 INFO tempest.lib.common.rest_client [req-1662496d-8a4f-4c0d-b46e-98ffc0baa3a4 req-1662496d-8a4f-4c0d-b46e-98ffc0baa3a4 ] Request (ServersAdminTestJSON:setUpClass): 201 POST http://10.180.1.21/identity/v3/auth/tokens 0.126s
2025-04-16 20:01:22.225 70064 INFO tempest.lib.common.fixed_network [-] (ServersAdminTestJSON:setUpClass) Found network {'id': 'c37974ed-41c9-4ef4-9822-36b9b16805da', 'name': 'tempest-ServersAdminTestJSON-561852939-network', 'tenant_id': '959efbe376154e8997a0d7a5975f1b48', 'admin_state_up': True, 'mtu': 8950, 'status': 'ACTIVE', 'subnets': [], 'shared': False, 'project_id': '959efbe376154e8997a0d7a5975f1b48', 'port_security_enabled': True, 'router:external': False, 'provider:network_type': 'vlan', 'provider:physical_network': 'default', 'provider:segmentation_id': 800, 'is_default': False, 'availability_zone_hints': [], 'availability_zones': [], 'ipv4_address_scope': None, 'ipv6_address_scope': None, 'description': '', 'tags': [], 'created_at': '2025-04-16T20:01:15Z', 'updated_at': '2025-04-16T20:01:15Z', 'revision_number': 1} available for tenant
2025-04-16 20:01:22.270 70088 INFO tempest.lib.common.rest_client [req-3396753a-fe0b-4f70-9c05-423098dbff70 req-3396753a-fe0b-4f70-9c05-423098dbff70 ] Request (TestVersions:setUpClass): 201 POST http://10.180.1.21/identity/v3/auth/tokens 0.054s
2025-04-16 20:01:22.306 70088 INFO tempest.lib.common.rest_client [req-d792ed80-7090-4a0c-81b2-6d2d0798483c req-d792ed80-7090-4a0c-81b2-6d2d0798483c ] Request (TestVersions:setUpClass): 201 POST http://10.180.1.21/identity/v3/auth/tokens 0.034s
2025-04-16 20:01:22.329 70088 INFO tempest.lib.common.rest_client [req-2d17b068-566e-480a-a95c-a33ffb7a44e7 req-2d17b068-566e-480a-a95c-a33ffb7a44e7 ] Request (TestVersions:setUpClass): 200 GET http://10.180.1.21/identity/v3/domains?name=Default 0.023s
2025-04-16 20:01:22.349 70110 INFO tempest.lib.common.rest_client [req-e0299f60-25fa-4dfe-b1e0-0183ab5265fe req-e0299f60-25fa-4dfe-b1e0-0183ab5265fe ] Request (MigrationsAdminTest:test_list_migrations_in_flavor_resize_situation): 200 GET http://10.180.1.21/compute/v2.1/servers/a927e0ff-6c39-47fd-a082-88d41eb54015 1.308s
2025-04-16 20:01:22.363 70088 INFO tempest.lib.common.rest_client [req-c42a3aab-367d-403c-851f-9abbb23e33f8 req-c42a3aab-367d-403c-851f-9abbb23e33f8 ] Request (TestVersions:setUpClass): 201 POST http://10.180.1.21/identity/v3/projects 0.033s
2025-04-16 20:01:22.420 70088 INFO tempest.lib.common.rest_client [req-bb2d0119-b1cf-4486-ad9b-3a8221c18459 req-bb2d0119-b1cf-4486-ad9b-3a8221c18459 ] Request (TestVersions:setUpClass): 201 POST http://10.180.1.21/identity/v3/users 0.057s
2025-04-16 20:01:22.439 70088 INFO tempest.lib.common.rest_client [req-05b58c2f-7599-4364-8168-30083328114b req-05b58c2f-7599-4364-8168-30083328114b ] Request (TestVersions:setUpClass): 200 GET http://10.180.1.21/identity/v3/roles 0.019s
2025-04-16 20:01:22.465 70088 INFO tempest.lib.common.rest_client [req-cbc6f4b5-8b67-45dc-8b94-ac400de0b88e req-cbc6f4b5-8b67-45dc-8b94-ac400de0b88e ] Request (TestVersions:setUpClass): 204 PUT http://10.180.1.21/identity/v3/projects/9d70f0eec16748c088cb042046ee1792/users/cdd43ce5a5b244b8a6620e2ebabbb798/roles/ed0005f285c14c28ab96b8ec00e999f1 0.025s
2025-04-16 20:01:22.466 70088 INFO tempest.lib.common.dynamic_creds [-] Dynamic test user cdd43ce5a5b244b8a6620e2ebabbb798 is created with scope project and roles: ['member']
2025-04-16 20:01:22.466 70088 INFO tempest.lib.common.dynamic_creds [-] Acquired dynamic creds: credentials: Credentials: {'domain_id': 'default', 'domain_name': 'Default', 'username': 'tempest-TestVersions-883125687-project-member', 'project_domain_id': 'default', 'project_domain_name': 'Default', 'project_id': '9d70f0eec16748c088cb042046ee1792', 'project_name': 'tempest-TestVersions-883125687', 'tenant_id': '9d70f0eec16748c088cb042046ee1792', 'tenant_name': 'tempest-TestVersions-883125687', 'user_domain_id': 'default', 'user_domain_name': 'Default', 'user_id': 'cdd43ce5a5b244b8a6620e2ebabbb798', 'system': None}, Network: None, Subnet: None, Router: None
2025-04-16 20:01:22.466 70088 INFO tempest.lib.common.dynamic_creds [-] Created isolated network resources for: credentials: Credentials: {'domain_id': 'default', 'domain_name': 'Default', 'username': 'tempest-TestVersions-883125687-project-member', 'project_domain_id': 'default', 'project_domain_name': 'Default', 'project_id': '9d70f0eec16748c088cb042046ee1792', 'project_name': 'tempest-TestVersions-883125687', 'tenant_id': '9d70f0eec16748c088cb042046ee1792', 'tenant_name': 'tempest-TestVersions-883125687', 'user_domain_id': 'default', 'user_domain_name': 'Default', 'user_id': 'cdd43ce5a5b244b8a6620e2ebabbb798', 'system': None}, Network: None, Subnet: None, Router: None
2025-04-16 20:01:22.467 70072 INFO tempest.lib.common.rest_client [req-33b56235-7e69-425e-8b79-dc6b6e7a7a0c req-33b56235-7e69-425e-8b79-dc6b6e7a7a0c ] Request (FlavorsAccessNegativeTestJSON:test_remove_flavor_access_not_found): 404 POST http://10.180.1.21/compute/v2.1/flavors/1769389262/action 1.379s
2025-04-16 20:01:22.532 70112 INFO tempest.lib.common.rest_client [req-5953007f-f3ba-4533-a6e9-bd09c70d448b req-5953007f-f3ba-4533-a6e9-bd09c70d448b ] Request (ServersTestBootFromVolume:setUpClass): 200 GET http://10.180.1.21/volume/v3/253132c610844884a2d7ddb0ce25b271/volumes/baaec78c-0ab8-4172-a0d3-95d32e7322d5 0.035s
2025-04-16 20:01:22.533 70096 INFO tempest.lib.common.rest_client [req-e1888e71-1d96-4ef3-bca3-5caa4712355b req-e1888e71-1d96-4ef3-bca3-5caa4712355b ] Request (FloatingIPDetailsTestJSON:tearDownClass): 202 DELETE http://10.180.1.21/compute/v2.1/os-floating-ips/a09f110c-5da2-4f3b-99c0-132bbb59b313 1.850s
2025-04-16 20:01:22.537 70088 INFO tempest.lib.common.rest_client [req-3cd33e33-fab0-4aa3-b8ec-5307bf969fc3 req-3cd33e33-fab0-4aa3-b8ec-5307bf969fc3 ] Request (TestVersions:setUpClass): 201 POST http://10.180.1.21/identity/v3/auth/tokens 0.068s
2025-04-16 20:01:22.577 70118 INFO tempest.lib.common.rest_client [req-73421464-7dac-49f2-b1b8-1fbcee955838 req-73421464-7dac-49f2-b1b8-1fbcee955838 ] Request (DeleteServersTestJSON:test_delete_active_server): 200 GET http://10.180.1.21/compute/v2.1/servers/28e32097-d536-442f-bcb4-f93b64cb64e4 1.438s
2025-04-16 20:01:22.601 70076 INFO tempest.lib.common.rest_client [req-39dc88a9-8417-4daf-ac7f-8ca742df9647 req-39dc88a9-8417-4daf-ac7f-8ca742df9647 ] Request (FloatingIPsTestJSON:test_delete_floating_ip): 404 GET http://10.180.1.21/compute/v2.1/os-floating-ips/749034ad-c09f-43e4-8df5-815798a8fc39 1.219s
2025-04-16 20:01:22.638 70100 INFO tempest.lib.common.rest_client [req-62a58f59-b16b-4692-9278-7b9a4e9a19c6 req-62a58f59-b16b-4692-9278-7b9a4e9a19c6 ] Request (ImagesMetadataNegativeTestJSON:test_delete_nonexistent_image_metadata_item): 404 DELETE http://10.180.1.21/compute/v2.1/images/643b67cb-d3e0-4ac3-bef0-b10e854292b2/metadata/os_distro 1.392s
2025-04-16 20:01:22.653 70094 INFO tempest.lib.common.rest_client [req-99fb3c86-2fd8-4352-969a-0d2f698c653c req-99fb3c86-2fd8-4352-969a-0d2f698c653c ] Request (ServersV294TestFqdnHostnames:setUpClass): 200 GET http://10.180.1.21/compute/v2.1/servers/14daabdf-7839-4dfb-bbc9-f4ea90e8db8e 1.153s
2025-04-16 20:01:22.687 70108 INFO tempest.lib.common.rest_client [req-029a5fb1-75f5-4704-9543-92abb18c866e req-029a5fb1-75f5-4704-9543-92abb18c866e ] Request (ImagesTestJSON:test_create_image_from_stopped_server): 200 GET http://10.180.1.21/compute/v2.1/servers/dc623e72-8e80-4aaa-8a0c-363481141255 1.121s
2025-04-16 20:01:22.701 70092 INFO tempest.lib.common.rest_client [req-62cb2589-3c24-4403-a473-c2d87a3d1068 req-62cb2589-3c24-4403-a473-c2d87a3d1068 ] Request (VolumesAdminNegativeTest:test_update_attached_volume_with_nonexistent_volume_in_body): 200 GET http://10.180.1.21/compute/v2.1/servers/9b67f788-cf36-4bb3-bdc0-575d2a2178ca 1.078s
2025-04-16 20:01:22.776 70062 INFO tempest.lib.common.rest_client [req-06daae54-2a75-4ba6-8e0d-608308e66ca1 req-06daae54-2a75-4ba6-8e0d-608308e66ca1 ] Request (DeleteServersAdminTestJSON:test_admin_delete_servers_of_others): 200 GET http://10.180.1.21/compute/v2.1/servers/cec4f0d1-1b7d-4189-aadf-6f801f52d9bb 0.971s
2025-04-16 20:01:22.794 70122 INFO tempest.lib.common.rest_client [req-98cf0b6c-b41d-47b8-ac7d-531cdfec2cd8 req-98cf0b6c-b41d-47b8-ac7d-531cdfec2cd8 ] Request (FloatingIPsAssociationTestJSON:setUpClass): 200 GET http://10.180.1.21/compute/v2.1/servers/54d12624-7c76-433d-8f1f-3f9bb451e451 0.943s
2025-04-16 20:01:22.860 70114 INFO tempest.lib.common.rest_client [req-d94caf38-6edf-41db-986e-f1dce7d76237 req-d94caf38-6edf-41db-986e-f1dce7d76237 ] Request (QuotasAdminTestJSON:test_update_all_quota_resources_for_tenant): 200 GET http://10.180.1.21/compute/v2.1/os-quota-sets/d19ca902b6d74cb49f62adb721b997dc/defaults 0.865s
2025-04-16 20:01:22.867 70080 INFO tempest.lib.common.rest_client [req-bcf5660d-f5fc-4a9e-979a-6e623b82adf4 req-bcf5660d-f5fc-4a9e-979a-6e623b82adf4 ] Request (ServerExternalEventsTest:test_create_server_external_events): 200 GET http://10.180.1.21/compute/v2.1/servers/c16f7920-23d4-4d77-b70f-118887cc9ff7 0.938s
2025-04-16 20:01:22.888 70102 INFO tempest.lib.common.rest_client [req-3cfd792a-05b9-4cd2-b3d4-bf22d0f959c7 req-3cfd792a-05b9-4cd2-b3d4-bf22d0f959c7 ] Request (AggregatesAdminNegativeTestJSON:test_aggregate_get_details_as_user): 200 POST http://10.180.1.21/compute/v2.1/os-aggregates 0.835s
2025-04-16 20:01:22.891 70070 INFO tempest.lib.common.rest_client [req-ec1ef553-ec9b-4114-9a02-5d55df4d46ce req-ec1ef553-ec9b-4114-9a02-5d55df4d46ce ] Request (SecurityGroupRulesNegativeTestJSON:test_create_security_group_rule_with_invalid_to_port): 400 POST http://10.180.1.21/compute/v2.1/os-security-group-rules 0.847s
2025-04-16 20:01:22.910 70068 INFO tempest.lib.common.rest_client [req-792a5e0c-b91c-4898-b783-8bb4d7d6cac5 req-792a5e0c-b91c-4898-b783-8bb4d7d6cac5 ] Request (FlavorsAdminTestJSON:_run_cleanups): 202 DELETE http://10.180.1.21/compute/v2.1/flavors/1393884591 0.713s
2025-04-16 20:01:22.954 70084 INFO tempest.lib.common.rest_client [req-535213be-8e9a-4b28-9ff0-b52f6de9c66f req-535213be-8e9a-4b28-9ff0-b52f6de9c66f ] Request (ServerDiagnosticsV248Test:test_get_server_diagnostics): 200 GET http://10.180.1.21/compute/v2.1/servers/6e54dcb2-6760-4403-8711-75bda2e053a3 0.731s
2025-04-16 20:01:22.972 70104 INFO tempest.lib.common.rest_client [req-385ddbc9-918a-464a-b9cd-87e336ea0360 req-385ddbc9-918a-464a-b9cd-87e336ea0360 ] Request (ServerDiagnosticsTest:test_get_server_diagnostics): 200 GET http://10.180.1.21/compute/v2.1/servers/150d9f3b-b338-4810-ad32-7c8609131ce4 0.904s
2025-04-16 20:01:23.110 70090 INFO tempest.lib.common.rest_client [req-13334b63-6e43-4815-ba8a-9a00c7523eb3 req-13334b63-6e43-4815-ba8a-9a00c7523eb3 ] Request (ImagesOneServerNegativeTestJSON:setUpClass): 200 GET http://10.180.1.21/compute/v2.1/servers/15e3e0f5-1967-4f7d-b45f-954845c3dc75 0.720s
2025-04-16 20:01:23.161 70098 INFO tempest.lib.common.rest_client [req-0d9e71e0-2f75-43e2-93af-ec7182215ada req-0d9e71e0-2f75-43e2-93af-ec7182215ada ] Request (ServersWithSpecificFlavorTestJSON:test_verify_created_server_ephemeral_disk): 200 GET http://10.180.1.21/compute/v2.1/servers/ecec531e-41d9-47e3-b447-bc658edaea69 0.716s
2025-04-16 20:01:23.174 70072 INFO tempest.lib.common.rest_client [req-957632d8-1ac4-400f-9a1b-e60de62d7fe5 req-957632d8-1ac4-400f-9a1b-e60de62d7fe5 ] Request (FlavorsAccessNegativeTestJSON:_run_cleanups): 202 DELETE http://10.180.1.21/compute/v2.1/flavors/1769389262 0.707s
2025-04-16 20:01:23.222 70082 INFO tempest.lib.common.rest_client [req-2e08cfad-b83f-44ab-ac59-f7d302ab130a req-2e08cfad-b83f-44ab-ac59-f7d302ab130a ] Request (ServerPasswordTestJSON:setUpClass): 200 GET http://10.180.1.21/compute/v2.1/servers/c68ee659-716d-47cc-a6a1-d4c18fa5664f 0.712s
2025-04-16 20:01:23.358 70088 INFO tempest.lib.common.rest_client [-] Request (TestVersions:test_get_version_details): 200 GET http://10.180.1.21/compute/ 0.819s
2025-04-16 20:01:23.359 70064 INFO tempest.lib.common.rest_client [req-8d59fb99-922f-4714-955f-8645325f2347 req-8d59fb99-922f-4714-955f-8645325f2347 ] Request (ServersAdminTestJSON:setUpClass): 202 POST http://10.180.1.21/compute/v2.1/servers 1.132s
2025-04-16 20:01:23.397 70064 INFO tempest.lib.common.rest_client [req-02473545-7a5e-40d4-9880-a28dd0b5131c req-02473545-7a5e-40d4-9880-a28dd0b5131c ] Request (ServersAdminTestJSON:setUpClass): 201 POST http://10.180.1.21/identity/v3/auth/tokens 0.033s
2025-04-16 20:01:23.397 70064 INFO tempest.lib.common.fixed_network [-] (ServersAdminTestJSON:setUpClass) Found network {'id': 'c37974ed-41c9-4ef4-9822-36b9b16805da', 'name': 'tempest-ServersAdminTestJSON-561852939-network', 'tenant_id': '959efbe376154e8997a0d7a5975f1b48', 'admin_state_up': True, 'mtu': 8950, 'status': 'ACTIVE', 'subnets': [], 'shared': False, 'project_id': '959efbe376154e8997a0d7a5975f1b48', 'port_security_enabled': True, 'router:external': False, 'provider:network_type': 'vlan', 'provider:physical_network': 'default', 'provider:segmentation_id': 800, 'is_default': False, 'availability_zone_hints': [], 'availability_zones': [], 'ipv4_address_scope': None, 'ipv6_address_scope': None, 'description': '', 'tags': [], 'created_at': '2025-04-16T20:01:15Z', 'updated_at': '2025-04-16T20:01:15Z', 'revision_number': 1} available for tenant
2025-04-16 20:01:23.415 70078 INFO tempest.lib.common.rest_client [req-8ad24003-0b1d-4b30-8ea5-a1038eea0f12 req-8ad24003-0b1d-4b30-8ea5-a1038eea0f12 ] Request (InstanceActionsTestJSON:setUpClass): 200 GET http://10.180.1.21/compute/v2.1/servers/2a8374bd-e901-4b1e-b9ee-e599bd8efed5 0.852s
2025-04-16 20:01:23.453 70076 INFO tempest.lib.common.rest_client [req-1708c81b-2a26-4a43-bdd6-13840c7f8c91 req-1708c81b-2a26-4a43-bdd6-13840c7f8c91 ] Request (FloatingIPsTestJSON:_run_cleanups): 404 DELETE http://10.180.1.21/compute/v2.1/os-floating-ips/749034ad-c09f-43e4-8df5-815798a8fc39 0.851s
2025-04-16 20:01:23.576 70112 INFO tempest.lib.common.rest_client [req-ea7d018a-91f9-40a9-b998-0e5b4261313b req-ea7d018a-91f9-40a9-b998-0e5b4261313b ] Request (ServersTestBootFromVolume:setUpClass): 200 GET http://10.180.1.21/volume/v3/253132c610844884a2d7ddb0ce25b271/volumes/baaec78c-0ab8-4172-a0d3-95d32e7322d5 0.035s
2025-04-16 20:01:23.600 70066 INFO tempest.lib.common.rest_client [req-b1babf4b-5d4c-441f-9907-0a363056994b req-b1babf4b-5d4c-441f-9907-0a363056994b ] Request (ListServersNegativeTestJSON:setUpClass): 200 GET http://10.180.1.21/compute/v2.1/servers/0d0d1503-5522-4c0d-9096-2f25ed0fd7df 0.996s
2025-04-16 20:01:23.614 70096 INFO tempest.lib.common.rest_client [req-d126aea2-853c-4a0f-aa49-2570e49c0002 req-d126aea2-853c-4a0f-aa49-2570e49c0002 ] Request (FloatingIPDetailsTestJSON:tearDownClass): 202 DELETE http://10.180.1.21/compute/v2.1/os-floating-ips/4c466e2f-0282-4787-bda1-8aa8948761f0 1.080s
2025-04-16 20:01:23.620 70100 INFO tempest.lib.common.rest_client [req-8169afed-5515-4096-8305-1833dbc795fd req-8169afed-5515-4096-8305-1833dbc795fd ] Request (ImagesMetadataNegativeTestJSON:test_get_nonexistent_image_metadata_item): 404 GET http://10.180.1.21/compute/v2.1/images/2825eba8-cb48-405d-9554-636b6e921749/metadata/os_version 0.981s
2025-04-16 20:01:23.776 70124 INFO tempest.lib.common.rest_client [req-30f82889-ac30-4bb8-920f-9e82a4e21abb req-30f82889-ac30-4bb8-920f-9e82a4e21abb ] Request (ServersTestFqdnHostnames:test_create_server_with_fqdn_name): 200 GET http://10.180.1.21/compute/v2.1/servers/e2045977-fc76-4694-b233-ee747d1a1837 1.062s
2025-04-16 20:01:23.820 70086 INFO tempest.lib.common.rest_client [req-f67fe459-4e88-4ee6-8a21-aaeffa996a72 req-f67fe459-4e88-4ee6-8a21-aaeffa996a72 ] Request (TenantUsagesTestJSON:setUpClass): 200 GET http://10.180.1.21/compute/v2.1/servers/471a1543-ff95-4010-84f9-206730770b1f 1.039s
2025-04-16 20:01:23.837 70120 INFO tempest.lib.common.rest_client [req-178a6623-b4c6-4255-8df2-544f2d0e4f80 req-178a6623-b4c6-4255-8df2-544f2d0e4f80 ] Request (VolumesAssistedSnapshotsTest:test_volume_assisted_snapshot_create_delete): 200 GET http://10.180.1.21/compute/v2.1/servers/f27a066f-307a-4213-b4d3-a861068f4867 0.974s
2025-04-16 20:01:23.844 70102 INFO tempest.lib.common.rest_client [req-a8169721-691a-4903-9d28-16382e45087d req-a8169721-691a-4903-9d28-16382e45087d ] Request (AggregatesAdminNegativeTestJSON:test_aggregate_get_details_as_user): 403 GET http://10.180.1.21/compute/v2.1/os-aggregates/6 0.954s
2025-04-16 20:01:23.867 70070 INFO tempest.lib.common.rest_client [req-29ebaa02-aa45-4c89-85fe-8a8d94cee41f req-29ebaa02-aa45-4c89-85fe-8a8d94cee41f ] Request (SecurityGroupRulesNegativeTestJSON:test_create_security_group_rule_with_non_existent_id): 404 POST http://10.180.1.21/compute/v2.1/os-security-group-rules 0.974s
2025-04-16 20:01:23.939 70074 INFO tempest.lib.common.rest_client [req-28499b74-242e-4da5-98f7-db2c2702b4bf req-28499b74-242e-4da5-98f7-db2c2702b4bf ] Request (ServersAdmin275Test:test_rebuild_update_server_275): 200 GET http://10.180.1.21/compute/v2.1/servers/9369b20b-7027-47de-8495-a503ddfb69bd 1.041s
2025-04-16 20:01:23.954 70068 INFO tempest.lib.common.rest_client [req-135af16e-cf76-4b87-b090-29959976e68e req-135af16e-cf76-4b87-b090-29959976e68e ] Request (FlavorsAdminTestJSON:_run_cleanups): 200 GET http://10.180.1.21/compute/v2.1/flavors/detail 1.043s
2025-04-16 20:01:23.966 70072 INFO tempest.lib.common.rest_client [req-155e0caf-caa2-4a86-8839-304041d4d44c req-155e0caf-caa2-4a86-8839-304041d4d44c ] Request (FlavorsAccessNegativeTestJSON:_run_cleanups): 200 GET http://10.180.1.21/compute/v2.1/flavors/detail 0.791s
2025-04-16 20:01:23.966 70114 INFO tempest.lib.common.rest_client [req-a40a3a99-99bf-4897-9ef3-ad2940a52bf4 req-a40a3a99-99bf-4897-9ef3-ad2940a52bf4 ] Request (QuotasAdminTestJSON:test_update_all_quota_resources_for_tenant): 200 PUT http://10.180.1.21/compute/v2.1/os-quota-sets/d19ca902b6d74cb49f62adb721b997dc 1.104s
2025-04-16 20:01:23.968 70088 INFO tempest.lib.common.rest_client [req-315ae8a6-fbf5-4d8f-866e-7976325e2c06 req-315ae8a6-fbf5-4d8f-866e-7976325e2c06 ] Request (TestVersions:test_get_version_details): 200 GET http://10.180.1.21/compute/v2/ 0.608s
2025-04-16 20:01:24.102 70072 INFO tempest.lib.common.rest_client [req-177635b0-f267-448d-8a6d-09b57a05d30b req-177635b0-f267-448d-8a6d-09b57a05d30b ] Request (FlavorsAccessNegativeTestJSON:tearDownClass): 204 DELETE http://10.180.1.21/identity/v3/users/59c29a1574d4470b8514d208dd943432 0.130s
2025-04-16 20:01:24.108 70110 INFO tempest.lib.common.rest_client [req-0142a19f-5324-471e-bccc-10f943ca3674 req-0142a19f-5324-471e-bccc-10f943ca3674 ] Request (MigrationsAdminTest:test_list_migrations_in_flavor_resize_situation): 200 GET http://10.180.1.21/compute/v2.1/servers/a927e0ff-6c39-47fd-a082-88d41eb54015 0.751s
2025-04-16 20:01:24.202 70072 INFO tempest.lib.common.rest_client [req-619a106e-35b2-4202-9081-34d4b3e1b7b5 req-619a106e-35b2-4202-9081-34d4b3e1b7b5 ] Request (FlavorsAccessNegativeTestJSON:tearDownClass): 204 DELETE http://10.180.1.21/identity/v3/users/b26dce3d768446a3800c83eb150acd62 0.100s
2025-04-16 20:01:24.295 70072 INFO tempest.lib.common.rest_client [req-e657ede5-041f-4280-8223-b9087c1b4e18 req-e657ede5-041f-4280-8223-b9087c1b4e18 ] Request (FlavorsAccessNegativeTestJSON:tearDownClass): 204 DELETE http://10.180.1.21/identity/v3/users/b51583eed4704af1a23a5b047d5e90f6 0.092s
2025-04-16 20:01:24.295 70072 INFO tempest.lib.common.dynamic_creds [-] Deleting project and security group for project: d30756d44907442d9a5ab1f282b71098
2025-04-16 20:01:24.308 70118 INFO tempest.lib.common.rest_client [req-05540298-ce82-4017-8bdd-c0c0c4446757 req-05540298-ce82-4017-8bdd-c0c0c4446757 ] Request (DeleteServersTestJSON:test_delete_active_server): 200 GET http://10.180.1.21/compute/v2.1/servers/28e32097-d536-442f-bcb4-f93b64cb64e4 0.723s
2025-04-16 20:01:24.327 70100 INFO tempest.lib.common.rest_client [req-17af07cd-6ab2-4afd-9cfc-b6073b368771 req-17af07cd-6ab2-4afd-9cfc-b6073b368771 ] Request (ImagesMetadataNegativeTestJSON:test_list_nonexistent_image_metadata): 404 GET http://10.180.1.21/compute/v2.1/images/0390373e-c3ce-44dc-b19e-d55c2b51fd7b/metadata 0.705s
2025-04-16 20:01:24.385 70072 INFO tempest.lib.common.rest_client [req-bf4ce3b2-ae7d-461b-b05a-9694c0c053db req-bf4ce3b2-ae7d-461b-b05a-9694c0c053db ] Request (FlavorsAccessNegativeTestJSON:tearDownClass): 201 POST http://10.180.1.21/identity/v3/auth/tokens 0.090s
2025-04-16 20:01:24.402 70094 INFO tempest.lib.common.rest_client [req-da0e551a-8c2c-42e0-a72e-90099e8abbc9 req-da0e551a-8c2c-42e0-a72e-90099e8abbc9 ] Request (ServersV294TestFqdnHostnames:setUpClass): 200 GET http://10.180.1.21/compute/v2.1/servers/14daabdf-7839-4dfb-bbc9-f4ea90e8db8e 0.739s
2025-04-16 20:01:24.443 70064 INFO tempest.lib.common.rest_client [req-86636d14-3fa8-449f-b6c5-82710a9f174f req-86636d14-3fa8-449f-b6c5-82710a9f174f ] Request (ServersAdminTestJSON:setUpClass): 202 POST http://10.180.1.21/compute/v2.1/servers 1.044s
2025-04-16 20:01:24.470 70108 INFO tempest.lib.common.rest_client [req-c0febb80-9880-4dcd-8e04-0beb65107ba2 req-c0febb80-9880-4dcd-8e04-0beb65107ba2 ] Request (ImagesTestJSON:test_create_image_from_stopped_server): 200 GET http://10.180.1.21/compute/v2.1/servers/dc623e72-8e80-4aaa-8a0c-363481141255 0.775s
2025-04-16 20:01:24.512 70092 INFO tempest.lib.common.rest_client [req-e0364f0c-6127-4ac7-9b3f-32f687fe0d88 req-e0364f0c-6127-4ac7-9b3f-32f687fe0d88 ] Request (VolumesAdminNegativeTest:test_update_attached_volume_with_nonexistent_volume_in_body): 200 GET http://10.180.1.21/compute/v2.1/servers/9b67f788-cf36-4bb3-bdc0-575d2a2178ca 0.803s
2025-04-16 20:01:24.613 70112 INFO tempest.lib.common.rest_client [req-e206406c-284d-48b3-a1bb-50fbed2cb0eb req-e206406c-284d-48b3-a1bb-50fbed2cb0eb ] Request (ServersTestBootFromVolume:setUpClass): 200 GET http://10.180.1.21/volume/v3/253132c610844884a2d7ddb0ce25b271/volumes/baaec78c-0ab8-4172-a0d3-95d32e7322d5 0.030s
2025-04-16 20:01:24.620 70112 INFO tempest.common.waiters [-] volume baaec78c-0ab8-4172-a0d3-95d32e7322d5 reached available after waiting for 19.620922 seconds
2025-04-16 20:01:24.681 70122 INFO tempest.lib.common.rest_client [req-2a5335c7-faa5-4c75-93ca-3e4a784425d7 req-2a5335c7-faa5-4c75-93ca-3e4a784425d7 ] Request (FloatingIPsAssociationTestJSON:setUpClass): 200 GET http://10.180.1.21/compute/v2.1/servers/54d12624-7c76-433d-8f1f-3f9bb451e451 0.878s
2025-04-16 20:01:24.685 70072 INFO tempest.lib.common.rest_client [req-7123d7c1-add9-4359-814c-d7a43aad4b44 req-7123d7c1-add9-4359-814c-d7a43aad4b44 ] Request (FlavorsAccessNegativeTestJSON:tearDownClass): 200 GET http://10.180.1.21:9696/networking/v2.0/security-groups?tenant_id=d30756d44907442d9a5ab1f282b71098&name=default 0.299s
2025-04-16 20:01:24.700 70102 INFO tempest.lib.common.rest_client [req-59d5f2a1-adda-487a-b711-72546b69fa59 req-59d5f2a1-adda-487a-b711-72546b69fa59 ] Request (AggregatesAdminNegativeTestJSON:_run_cleanups): 200 DELETE http://10.180.1.21/compute/v2.1/os-aggregates/6 0.855s
2025-04-16 20:01:24.727 70070 INFO tempest.lib.common.rest_client [req-5622f493-aaf6-47b6-8326-912bdf0fbce8 req-5622f493-aaf6-47b6-8326-912bdf0fbce8 ] Request (SecurityGroupRulesNegativeTestJSON:test_delete_security_group_rule_with_non_existent_id): 404 DELETE http://10.180.1.21/compute/v2.1/os-security-group-rules/78767706-545a-4b75-94aa-a67cb14798fd 0.859s
2025-04-16 20:01:24.794 70062 INFO tempest.lib.common.rest_client [req-085dfbdc-560f-4e9e-bff9-bfde55fbee83 req-085dfbdc-560f-4e9e-bff9-bfde55fbee83 ] Request (DeleteServersAdminTestJSON:test_admin_delete_servers_of_others): 200 GET http://10.180.1.21/compute/v2.1/servers/cec4f0d1-1b7d-4189-aadf-6f801f52d9bb 1.011s
2025-04-16 20:01:24.796 70076 INFO tempest.lib.common.rest_client [req-3bbac86c-f362-4568-8dd3-cf85900c043d req-3bbac86c-f362-4568-8dd3-cf85900c043d ] Request (FloatingIPsTestJSON:tearDownClass): 200 PUT http://10.180.1.21:9696/networking/v2.0/routers/28db46a6-10da-4240-bf03-1348e0d6a165/remove_router_interface 1.342s
2025-04-16 20:01:24.811 70068 INFO tempest.lib.common.rest_client [req-deeb709b-2514-4426-8ec5-b446ea005479 req-deeb709b-2514-4426-8ec5-b446ea005479 ] Request (FlavorsAdminTestJSON:test_create_server_with_non_public_flavor): 200 POST http://10.180.1.21/compute/v2.1/flavors 0.850s
2025-04-16 20:01:24.851 70080 INFO tempest.lib.common.rest_client [req-50883ea6-33e8-4e9f-8898-a2d1143f9abf req-50883ea6-33e8-4e9f-8898-a2d1143f9abf ] Request (ServerExternalEventsTest:test_create_server_external_events): 200 GET http://10.180.1.21/compute/v2.1/servers/c16f7920-23d4-4d77-b70f-118887cc9ff7 0.976s
2025-04-16 20:01:24.856 70072 INFO tempest.lib.common.rest_client [req-0b2160f4-6218-4063-9808-eabd7d33da83 req-0b2160f4-6218-4063-9808-eabd7d33da83 ] Request (FlavorsAccessNegativeTestJSON:tearDownClass): 204 DELETE http://10.180.1.21:9696/networking/v2.0/security-groups/9a1f55f3-1408-4e7a-a468-fc3289b3df80 0.170s
2025-04-16 20:01:24.918 70084 INFO tempest.lib.common.rest_client [req-9b0e78f5-3828-4af0-baef-05390953aaee req-9b0e78f5-3828-4af0-baef-05390953aaee ] Request (ServerDiagnosticsV248Test:test_get_server_diagnostics): 200 GET http://10.180.1.21/compute/v2.1/servers/6e54dcb2-6760-4403-8711-75bda2e053a3 0.955s
2025-04-16 20:01:24.920 70088 INFO tempest.lib.common.rest_client [req-d14a3b16-fe73-4fa0-8a3f-c076da5415e9 req-d14a3b16-fe73-4fa0-8a3f-c076da5415e9 ] Request (TestVersions:test_get_version_details): 200 GET http://10.180.1.21/compute/v2.1/ 0.949s
2025-04-16 20:01:24.943 70096 INFO tempest.lib.common.rest_client [req-2d23547d-deef-47d9-8981-a7f77ff1f692 req-2d23547d-deef-47d9-8981-a7f77ff1f692 ] Request (FloatingIPDetailsTestJSON:tearDownClass): 200 PUT http://10.180.1.21:9696/networking/v2.0/routers/279e9bdc-a4b9-4a04-9eeb-20eda8b43426/remove_router_interface 1.328s
2025-04-16 20:01:24.953 70072 INFO tempest.lib.common.rest_client [req-80329d9c-4b96-40e0-bfc9-80e83dbfaf43 req-80329d9c-4b96-40e0-bfc9-80e83dbfaf43 ] Request (FlavorsAccessNegativeTestJSON:tearDownClass): 204 DELETE http://10.180.1.21/identity/v3/projects/d30756d44907442d9a5ab1f282b71098 0.097s
2025-04-16 20:01:24.954 70072 INFO tempest.lib.common.dynamic_creds [-] Deleting project and security group for project: ebf85a59c79c4d3a9a99e0e2adf3b2ac
2025-04-16 20:01:25.150 70072 INFO tempest.lib.common.rest_client [req-75346c86-9976-44c7-b260-4588cc446dc5 req-75346c86-9976-44c7-b260-4588cc446dc5 ] Request (FlavorsAccessNegativeTestJSON:tearDownClass): 200 GET http://10.180.1.21:9696/networking/v2.0/security-groups?tenant_id=ebf85a59c79c4d3a9a99e0e2adf3b2ac&name=default 0.196s
2025-04-16 20:01:25.178 70104 INFO tempest.lib.common.rest_client [req-8ede6d8a-ede4-43a1-98c5-c85085ef2ef0 req-8ede6d8a-ede4-43a1-98c5-c85085ef2ef0 ] Request (ServerDiagnosticsTest:test_get_server_diagnostics): 200 GET http://10.180.1.21/compute/v2.1/servers/150d9f3b-b338-4810-ad32-7c8609131ce4 1.197s
2025-04-16 20:01:25.209 70114 INFO tempest.lib.common.rest_client [req-5a3c16e3-f684-4860-9c68-0ad68008976f req-5a3c16e3-f684-4860-9c68-0ad68008976f ] Request (QuotasAdminTestJSON:_run_cleanups): 200 PUT http://10.180.1.21/compute/v2.1/os-quota-sets/d19ca902b6d74cb49f62adb721b997dc 1.241s
2025-04-16 20:01:25.272 70098 INFO tempest.lib.common.rest_client [req-0560c954-048c-4800-a4c5-d2ee487db7ab req-0560c954-048c-4800-a4c5-d2ee487db7ab ] Request (ServersWithSpecificFlavorTestJSON:test_verify_created_server_ephemeral_disk): 200 GET http://10.180.1.21/compute/v2.1/servers/ecec531e-41d9-47e3-b447-bc658edaea69 1.103s
2025-04-16 20:01:25.326 70082 INFO tempest.lib.common.rest_client [req-2713451f-e9d1-4f40-88b9-00a5ed09327d req-2713451f-e9d1-4f40-88b9-00a5ed09327d ] Request (ServerPasswordTestJSON:setUpClass): 200 GET http://10.180.1.21/compute/v2.1/servers/c68ee659-716d-47cc-a6a1-d4c18fa5664f 1.094s
2025-04-16 20:01:25.332 70090 INFO tempest.lib.common.rest_client [req-858e3c7e-4515-4d50-b94f-568b14fa462e req-858e3c7e-4515-4d50-b94f-568b14fa462e ] Request (ImagesOneServerNegativeTestJSON:setUpClass): 200 GET http://10.180.1.21/compute/v2.1/servers/15e3e0f5-1967-4f7d-b45f-954845c3dc75 1.212s
2025-04-16 20:01:25.357 70100 INFO tempest.lib.common.rest_client [req-88a08e75-1ab1-4de5-bf6c-6afe1b8dce39 req-88a08e75-1ab1-4de5-bf6c-6afe1b8dce39 ] Request (ImagesMetadataNegativeTestJSON:test_set_nonexistent_image_metadata): 404 PUT http://10.180.1.21/compute/v2.1/images/1657eb3a-3c06-499b-9755-5e684e08d99a/metadata 1.029s
2025-04-16 20:01:25.366 70072 INFO tempest.lib.common.rest_client [req-a5f78daa-5eb7-473a-936f-57085c3eeb8f req-a5f78daa-5eb7-473a-936f-57085c3eeb8f ] Request (FlavorsAccessNegativeTestJSON:tearDownClass): 204 DELETE http://10.180.1.21:9696/networking/v2.0/security-groups/cf7699c2-d4c7-4e9f-9c76-868993dd17b7 0.215s
2025-04-16 20:01:25.404 70114 INFO tempest.lib.common.rest_client [req-fd429ad5-7066-4406-b02a-d707f80d5a62 req-fd429ad5-7066-4406-b02a-d707f80d5a62 ] Request (QuotasAdminTestJSON:tearDownClass): 204 DELETE http://10.180.1.21/identity/v3/users/399bb3fa98ba426d8a30a9594674e680 0.191s
2025-04-16 20:01:25.417 70078 INFO tempest.lib.common.rest_client [req-aa1b3306-86a5-4b10-8510-77ba49cd9e03 req-aa1b3306-86a5-4b10-8510-77ba49cd9e03 ] Request (InstanceActionsTestJSON:setUpClass): 200 GET http://10.180.1.21/compute/v2.1/servers/2a8374bd-e901-4b1e-b9ee-e599bd8efed5 0.986s
2025-04-16 20:01:25.421 70064 INFO tempest.lib.common.rest_client [req-936837ec-3f62-4848-a8aa-1d0fa6f05726 req-936837ec-3f62-4848-a8aa-1d0fa6f05726 ] Request (ServersAdminTestJSON:setUpClass): 200 GET http://10.180.1.21/compute/v2.1/servers/dc7d9de6-30f9-4f58-9142-6d36e42a3b99 0.975s
2025-04-16 20:01:25.493 70072 INFO tempest.lib.common.rest_client [req-1e73c164-57bc-49a2-af5f-479c04aa2cc4 req-1e73c164-57bc-49a2-af5f-479c04aa2cc4 ] Request (FlavorsAccessNegativeTestJSON:tearDownClass): 204 DELETE http://10.180.1.21/identity/v3/projects/ebf85a59c79c4d3a9a99e0e2adf3b2ac 0.126s
2025-04-16 20:01:25.493 70072 INFO tempest.lib.common.dynamic_creds [-] Deleting project and security group for project: e650d6904a4c493f8635641b93b0f878
2025-04-16 20:01:25.556 70114 INFO tempest.lib.common.rest_client [req-dc70a6b2-7874-4ffb-b27a-735eb040f4b7 req-dc70a6b2-7874-4ffb-b27a-735eb040f4b7 ] Request (QuotasAdminTestJSON:tearDownClass): 204 DELETE http://10.180.1.21/identity/v3/users/c3fdbdcf2d044f26b51b7428a62ac6ce 0.152s
2025-04-16 20:01:25.556 70114 INFO tempest.lib.common.dynamic_creds [-] Deleting project and security group for project: b2600702e78f4a61877c3741293af6b8
2025-04-16 20:01:25.583 70076 INFO tempest.lib.common.rest_client [req-242674b3-995e-4396-96b4-9bcd6847c907 req-242674b3-995e-4396-96b4-9bcd6847c907 ] Request (FloatingIPsTestJSON:tearDownClass): 204 DELETE http://10.180.1.21:9696/networking/v2.0/routers/28db46a6-10da-4240-bf03-1348e0d6a165 0.786s
2025-04-16 20:01:25.588 70096 INFO tempest.lib.common.rest_client [req-aed18868-769c-49de-a8e9-439650b95d99 req-aed18868-769c-49de-a8e9-439650b95d99 ] Request (FloatingIPDetailsTestJSON:tearDownClass): 204 DELETE http://10.180.1.21:9696/networking/v2.0/routers/279e9bdc-a4b9-4a04-9eeb-20eda8b43426 0.644s
2025-04-16 20:01:25.644 70114 INFO tempest.lib.common.rest_client [req-6bc622d0-4b3c-4013-91a4-4f6145ea1704 req-6bc622d0-4b3c-4013-91a4-4f6145ea1704 ] Request (QuotasAdminTestJSON:tearDownClass): 201 POST http://10.180.1.21/identity/v3/auth/tokens 0.087s
2025-04-16 20:01:25.681 70066 INFO tempest.lib.common.rest_client [req-1a78c3a4-faea-44da-b57b-4bcf151ac77b req-1a78c3a4-faea-44da-b57b-4bcf151ac77b ] Request (ListServersNegativeTestJSON:setUpClass): 200 GET http://10.180.1.21/compute/v2.1/servers/0d0d1503-5522-4c0d-9096-2f25ed0fd7df 1.073s
2025-04-16 20:01:25.696 70102 INFO tempest.lib.common.rest_client [req-83410852-4256-471e-99ca-426968c9da55 req-83410852-4256-471e-99ca-426968c9da55 ] Request (AggregatesAdminNegativeTestJSON:test_aggregate_get_details_with_invalid_id): 404 GET http://10.180.1.21/compute/v2.1/os-aggregates/-1 0.995s
2025-04-16 20:01:25.827 70076 INFO tempest.lib.common.rest_client [req-ec778149-e24a-402b-8be9-1b75092a55d0 req-ec778149-e24a-402b-8be9-1b75092a55d0 ] Request (FloatingIPsTestJSON:tearDownClass): 204 DELETE http://10.180.1.21:9696/networking/v2.0/subnets/bef02dc4-b7cb-4783-a1e1-108190965ce4 0.243s
2025-04-16 20:01:25.923 70072 INFO tempest.lib.common.rest_client [req-93b84f50-f7f8-43ab-90a5-44007fae865a req-93b84f50-f7f8-43ab-90a5-44007fae865a ] Request (FlavorsAccessNegativeTestJSON:tearDownClass): 200 GET http://10.180.1.21:9696/networking/v2.0/security-groups?tenant_id=e650d6904a4c493f8635641b93b0f878&name=default 0.430s
2025-04-16 20:01:25.925 70070 INFO tempest.lib.common.rest_client [req-660ab47e-c539-42c3-8955-19c6c217f356 req-660ab47e-c539-42c3-8955-19c6c217f356 ] Request (SecurityGroupRulesNegativeTestJSON:tearDownClass): 202 DELETE http://10.180.1.21/compute/v2.1/os-security-groups/0c84517f-bcd5-468f-800e-df5fbb66e319 1.197s
2025-04-16 20:01:25.938 70114 INFO tempest.lib.common.rest_client [req-3cd43cee-20dc-4f83-b71d-66e3670e051e req-3cd43cee-20dc-4f83-b71d-66e3670e051e ] Request (QuotasAdminTestJSON:tearDownClass): 200 GET http://10.180.1.21:9696/networking/v2.0/security-groups?tenant_id=b2600702e78f4a61877c3741293af6b8&name=default 0.294s
2025-04-16 20:01:26.123 70096 INFO tempest.lib.common.rest_client [req-9cd61caf-70ab-4adc-98c1-377389f7ebd0 req-9cd61caf-70ab-4adc-98c1-377389f7ebd0 ] Request (FloatingIPDetailsTestJSON:tearDownClass): 204 DELETE http://10.180.1.21:9696/networking/v2.0/subnets/bb39b59b-b3aa-4e4e-a5a6-1f5ce28fd489 0.535s
2025-04-16 20:01:26.125 70124 INFO tempest.lib.common.rest_client [req-d9804668-16d0-4cd0-911e-0271f8f46389 req-d9804668-16d0-4cd0-911e-0271f8f46389 ] Request (ServersTestFqdnHostnames:test_create_server_with_fqdn_name): 200 GET http://10.180.1.21/compute/v2.1/servers/e2045977-fc76-4694-b233-ee747d1a1837 1.341s
2025-04-16 20:01:26.130 70114 INFO tempest.lib.common.rest_client [req-94ca643a-f70a-46e9-9a24-a03ef4193e79 req-94ca643a-f70a-46e9-9a24-a03ef4193e79 ] Request (QuotasAdminTestJSON:tearDownClass): 204 DELETE http://10.180.1.21:9696/networking/v2.0/security-groups/77116c26-fcd4-429f-8bb3-4791929b36cb 0.191s
2025-04-16 20:01:26.154 70068 INFO tempest.lib.common.rest_client [req-d7f10a12-6944-41cd-a40d-c1dad9c9ae62 req-d7f10a12-6944-41cd-a40d-c1dad9c9ae62 ] Request (FlavorsAdminTestJSON:test_create_server_with_non_public_flavor): 400 POST http://10.180.1.21/compute/v2.1/servers 1.341s
2025-04-16 20:01:26.323 70072 INFO tempest.lib.common.rest_client [req-6b482010-92f7-487f-a9de-4934679088cf req-6b482010-92f7-487f-a9de-4934679088cf ] Request (FlavorsAccessNegativeTestJSON:tearDownClass): 204 DELETE http://10.180.1.21:9696/networking/v2.0/security-groups/f5b7037e-ac0e-4c9d-a855-9e5f7da7342c 0.399s
2025-04-16 20:01:26.367 70086 INFO tempest.lib.common.rest_client [req-57941969-019a-45db-9885-8e0de1344a61 req-57941969-019a-45db-9885-8e0de1344a61 ] Request (TenantUsagesTestJSON:setUpClass): 200 GET http://10.180.1.21/compute/v2.1/servers/471a1543-ff95-4010-84f9-206730770b1f 1.535s
2025-04-16 20:01:26.378 70114 INFO tempest.lib.common.rest_client [req-689ed55f-8d77-4bde-b299-996b77659539 req-689ed55f-8d77-4bde-b299-996b77659539 ] Request (QuotasAdminTestJSON:tearDownClass): 204 DELETE http://10.180.1.21/identity/v3/projects/b2600702e78f4a61877c3741293af6b8 0.247s
2025-04-16 20:01:26.378 70114 INFO tempest.lib.common.dynamic_creds [-] Deleting project and security group for project: d19ca902b6d74cb49f62adb721b997dc
2025-04-16 20:01:26.398 70072 INFO tempest.lib.common.rest_client [req-0f7a3fc0-5086-49b7-9a2a-daaadd62653c req-0f7a3fc0-5086-49b7-9a2a-daaadd62653c ] Request (FlavorsAccessNegativeTestJSON:tearDownClass): 204 DELETE http://10.180.1.21/identity/v3/projects/e650d6904a4c493f8635641b93b0f878 0.075s
2025-04-16 20:01:26.428 70120 INFO tempest.lib.common.rest_client [req-ae228b93-1aad-41c1-99dc-65b27feb68d0 req-ae228b93-1aad-41c1-99dc-65b27feb68d0 ] Request (VolumesAssistedSnapshotsTest:test_volume_assisted_snapshot_create_delete): 200 GET http://10.180.1.21/compute/v2.1/servers/f27a066f-307a-4213-b4d3-a861068f4867 1.584s
2025-04-16 20:01:26.429 70088 INFO tempest.lib.common.rest_client [-] Request (TestVersions:test_list_api_versions): 200 GET http://10.180.1.21/compute/ 1.505s
2025-04-16 20:01:26.469 70072 INFO tempest.lib.common.rest_client [req-f950f45d-3c4f-45c9-916f-f7034bbe5b6a req-f950f45d-3c4f-45c9-916f-f7034bbe5b6a ] Request (FlavorsExtraSpecsNegativeTestJSON:setUpClass): 201 POST http://10.180.1.21/identity/v3/auth/tokens 0.069s
2025-04-16 20:01:26.500 70072 INFO tempest.lib.common.rest_client [req-b8e3abf5-6c46-44ba-8822-10cc9c586692 req-b8e3abf5-6c46-44ba-8822-10cc9c586692 ] Request (FlavorsExtraSpecsNegativeTestJSON:setUpClass): 201 POST http://10.180.1.21/identity/v3/auth/tokens 0.028s
2025-04-16 20:01:26.521 70072 INFO tempest.lib.common.rest_client [req-faf42e3b-576a-4669-a8ae-6740a3f09c1e req-faf42e3b-576a-4669-a8ae-6740a3f09c1e ] Request (FlavorsExtraSpecsNegativeTestJSON:setUpClass): 200 GET http://10.180.1.21/identity/v3/domains?name=Default 0.020s
2025-04-16 20:01:26.523 70074 INFO tempest.lib.common.rest_client [req-1f5b6888-bfaf-47b1-89e2-ae13dd1168bf req-1f5b6888-bfaf-47b1-89e2-ae13dd1168bf ] Request (ServersAdmin275Test:test_rebuild_update_server_275): 200 GET http://10.180.1.21/compute/v2.1/servers/9369b20b-7027-47de-8495-a503ddfb69bd 1.568s
2025-04-16 20:01:26.543 70076 INFO tempest.lib.common.rest_client [req-fd05dd48-29d7-4557-95b5-cfc309b635dd req-fd05dd48-29d7-4557-95b5-cfc309b635dd ] Request (FloatingIPsTestJSON:tearDownClass): 204 DELETE http://10.180.1.21:9696/networking/v2.0/networks/1c1b66aa-ff4c-4bee-a63f-e83d75d0639c 0.716s
2025-04-16 20:01:26.553 70114 INFO tempest.lib.common.rest_client [req-20bcdbb4-2cd8-45f0-8da1-55b784121cbc req-20bcdbb4-2cd8-45f0-8da1-55b784121cbc ] Request (QuotasAdminTestJSON:tearDownClass): 200 GET http://10.180.1.21:9696/networking/v2.0/security-groups?tenant_id=d19ca902b6d74cb49f62adb721b997dc&name=default 0.175s
2025-04-16 20:01:26.568 70088 INFO tempest.lib.common.rest_client [req-449fac64-87db-401d-a70b-f29dd267e230 req-449fac64-87db-401d-a70b-f29dd267e230 ] Request (TestVersions:tearDownClass): 204 DELETE http://10.180.1.21/identity/v3/users/cdd43ce5a5b244b8a6620e2ebabbb798 0.135s
2025-04-16 20:01:26.568 70088 INFO tempest.lib.common.dynamic_creds [-] Deleting project and security group for project: 9d70f0eec16748c088cb042046ee1792
2025-04-16 20:01:26.583 70072 INFO tempest.lib.common.rest_client [req-dde11b80-fd73-47e6-a88c-0923aae6e466 req-dde11b80-fd73-47e6-a88c-0923aae6e466 ] Request (FlavorsExtraSpecsNegativeTestJSON:setUpClass): 201 POST http://10.180.1.21/identity/v3/projects 0.062s
2025-04-16 20:01:26.636 70110 INFO tempest.lib.common.rest_client [req-babd7deb-74aa-484e-80c5-c14450500a2a req-babd7deb-74aa-484e-80c5-c14450500a2a ] Request (MigrationsAdminTest:test_list_migrations_in_flavor_resize_situation): 200 GET http://10.180.1.21/compute/v2.1/servers/a927e0ff-6c39-47fd-a082-88d41eb54015 1.520s
