2025-04-16 20:00:47.479 70070 INFO tempest.lib.common.rest_client [req-a8b8f914-2126-4d2d-b9be-9c58a1f4471e req-a8b8f914-2126-4d2d-b9be-9c58a1f4471e ] Request (SecurityGroupRulesNegativeTestJSON:setUpClass): 201 POST http://10.180.1.21/identity/v3/users 0.055s
2025-04-16 20:00:47.501 70070 INFO tempest.lib.common.rest_client [req-c565fb0d-eaa7-4192-b2af-e47086f894f4 req-c565fb0d-eaa7-4192-b2af-e47086f894f4 ] Request (SecurityGroupRulesNegativeTestJSON:setUpClass): 200 GET http://10.180.1.21/identity/v3/roles 0.021s
2025-04-16 20:00:47.529 70070 INFO tempest.lib.common.rest_client [req-22fe0cce-9506-4a3b-8fcc-0e76ab990dd3 req-22fe0cce-9506-4a3b-8fcc-0e76ab990dd3 ] Request (SecurityGroupRulesNegativeTestJSON:setUpClass): 204 PUT http://10.180.1.21/identity/v3/projects/ad3383acc6bf4361b343235737ca3c8e/users/182d96fabc194eb0a53fdf9c48f183d5/roles/ed0005f285c14c28ab96b8ec00e999f1 0.028s
2025-04-16 20:00:47.529 70070 INFO tempest.lib.common.dynamic_creds [-] Dynamic test user 182d96fabc194eb0a53fdf9c48f183d5 is created with scope project and roles: ['member']
2025-04-16 20:00:47.529 70070 INFO tempest.lib.common.dynamic_creds [-] Acquired dynamic creds: credentials: Credentials: {'domain_id': 'default', 'domain_name': 'Default', 'username': 'tempest-SecurityGroupRulesNegativeTestJSON-456705089-project-member', 'project_domain_id': 'default', 'project_domain_name': 'Default', 'project_id': 'ad3383acc6bf4361b343235737ca3c8e', 'project_name': 'tempest-SecurityGroupRulesNegativeTestJSON-456705089', 'tenant_id': 'ad3383acc6bf4361b343235737ca3c8e', 'tenant_name': 'tempest-SecurityGroupRulesNegativeTestJSON-456705089', 'user_domain_id': 'default', 'user_domain_name': 'Default', 'user_id': '182d96fabc194eb0a53fdf9c48f183d5', 'system': None}, Network: None, Subnet: None, Router: None
2025-04-16 20:00:47.587 70070 INFO tempest.lib.common.rest_client [req-f35b5b74-5d4d-46e7-9910-36d604d462c1 req-f35b5b74-5d4d-46e7-9910-36d604d462c1 ] Request (SecurityGroupRulesNegativeTestJSON:setUpClass): 201 POST http://10.180.1.21/identity/v3/auth/tokens 0.058s
2025-04-16 20:00:47.710 70096 INFO tempest.lib.common.rest_client [req-b70fcf4d-95e7-4e54-9cd4-83e613c8a11a req-b70fcf4d-95e7-4e54-9cd4-83e613c8a11a ] Request (HypervisorAdminTestJSON:tearDownClass): 200 GET http://10.180.1.21:9696/networking/v2.0/security-groups?tenant_id=82457fb642bf49ca9129c3c965aaef25&name=default 0.457s
2025-04-16 20:00:47.849 70090 INFO tempest.lib.common.rest_client [req-9385208e-1e4e-452c-a9d0-f45a31584d0c req-9385208e-1e4e-452c-a9d0-f45a31584d0c ] Request (ImagesOneServerNegativeTestJSON:setUpClass): 200 GET http://10.180.1.21/compute/v2.1/servers/15e3e0f5-1967-4f7d-b45f-954845c3dc75 2.606s
2025-04-16 20:00:47.866 70074 INFO tempest.lib.common.rest_client [req-057c3686-1130-4d65-8081-1ec8fc09886b req-057c3686-1130-4d65-8081-1ec8fc09886b ] Request (FlavorsV261TestJSON:_run_cleanups): 202 DELETE http://10.180.1.21/compute/v2.1/flavors/952321130 2.423s
2025-04-16 20:00:47.872 70082 INFO tempest.lib.common.rest_client [req-44f5e9ec-89e1-4499-97b4-6567a71da394 req-44f5e9ec-89e1-4499-97b4-6567a71da394 ] Request (MultipleCreateNegativeTestJSON:test_min_count_non_integer): 400 POST http://10.180.1.21/compute/v2.1/servers 2.249s
2025-04-16 20:00:47.929 70078 INFO tempest.lib.common.rest_client [req-e8a20f3f-3073-4516-b3bb-1268e18086df req-e8a20f3f-3073-4516-b3bb-1268e18086df ] Request (SecurityGroupsNegativeTestJSON:test_update_non_existent_security_group): 404 PUT http://10.180.1.21/compute/v2.1/os-security-groups/fc1cbf2d-c101-4009-9ba6-b15a5bfd7bdf 2.286s
2025-04-16 20:00:47.949 70082 INFO tempest.lib.common.rest_client [req-822df0ba-b70a-4a69-9c4e-fb705c26c7c1 req-822df0ba-b70a-4a69-9c4e-fb705c26c7c1 ] Request (MultipleCreateNegativeTestJSON:tearDownClass): 204 DELETE http://10.180.1.21/identity/v3/users/c8c3708f360a475aa4c9db4b95584429 0.076s
2025-04-16 20:00:47.950 70082 INFO tempest.lib.common.dynamic_creds [-] Deleting project and security group for project: f9ec19a990484b0eb8d5e6bc58225dfc
2025-04-16 20:00:47.989 70112 INFO tempest.lib.common.rest_client [req-6963577b-8075-47ae-ab51-0eeb47380658 req-6963577b-8075-47ae-ab51-0eeb47380658 ] Request (ServersTestBootFromVolume:setUpClass): 201 POST http://10.180.1.21:9696/networking/v2.0/subnets 0.892s
2025-04-16 20:00:48.020 70082 INFO tempest.lib.common.rest_client [req-20a70088-287d-4dea-9128-b886dae6db23 req-20a70088-287d-4dea-9128-b886dae6db23 ] Request (MultipleCreateNegativeTestJSON:tearDownClass): 201 POST http://10.180.1.21/identity/v3/auth/tokens 0.070s
2025-04-16 20:00:48.162 70120 INFO tempest.lib.common.rest_client [req-c3ccb0b2-677c-402f-99bf-763ccc0aeae2 req-c3ccb0b2-677c-402f-99bf-763ccc0aeae2 ] Request (VolumesAssistedSnapshotsTest:setUpClass): 201 POST http://10.180.1.21:9696/networking/v2.0/routers 2.404s
2025-04-16 20:00:48.262 70096 INFO tempest.lib.common.rest_client [req-87351a83-81e2-4119-beb9-2cca5fb611e6 req-87351a83-81e2-4119-beb9-2cca5fb611e6 ] Request (HypervisorAdminTestJSON:tearDownClass): 204 DELETE http://10.180.1.21:9696/networking/v2.0/security-groups/433cf4df-fa04-42dc-8c80-37d505b0bcf2 0.552s
2025-04-16 20:00:48.343 70096 INFO tempest.lib.common.rest_client [req-35cc77f3-30c4-461b-b2b3-11ce52dd5983 req-35cc77f3-30c4-461b-b2b3-11ce52dd5983 ] Request (HypervisorAdminTestJSON:tearDownClass): 204 DELETE http://10.180.1.21/identity/v3/projects/82457fb642bf49ca9129c3c965aaef25 0.080s
2025-04-16 20:00:48.411 70096 INFO tempest.lib.common.rest_client [req-78e8c6d2-047a-4b18-a968-6c384418d51e req-78e8c6d2-047a-4b18-a968-6c384418d51e ] Request (FloatingIPDetailsTestJSON:setUpClass): 201 POST http://10.180.1.21/identity/v3/auth/tokens 0.066s
2025-04-16 20:00:48.441 70096 INFO tempest.lib.common.rest_client [req-ef8fcc59-f232-45f9-bf08-a94bc53f37e3 req-ef8fcc59-f232-45f9-bf08-a94bc53f37e3 ] Request (FloatingIPDetailsTestJSON:setUpClass): 201 POST http://10.180.1.21/identity/v3/auth/tokens 0.027s
2025-04-16 20:00:48.465 70096 INFO tempest.lib.common.rest_client [req-18b0eb63-cb48-4404-914e-1ae99f967658 req-18b0eb63-cb48-4404-914e-1ae99f967658 ] Request (FloatingIPDetailsTestJSON:setUpClass): 200 GET http://10.180.1.21/identity/v3/domains?name=Default 0.023s
2025-04-16 20:00:48.494 70096 INFO tempest.lib.common.rest_client [req-80542f2b-a8d1-4ac2-80a2-adc6b10107f7 req-80542f2b-a8d1-4ac2-80a2-adc6b10107f7 ] Request (FloatingIPDetailsTestJSON:setUpClass): 201 POST http://10.180.1.21/identity/v3/projects 0.028s
2025-04-16 20:00:48.558 70096 INFO tempest.lib.common.rest_client [req-362e2e36-0865-4d19-acce-d2368fb2a0b4 req-362e2e36-0865-4d19-acce-d2368fb2a0b4 ] Request (FloatingIPDetailsTestJSON:setUpClass): 201 POST http://10.180.1.21/identity/v3/users 0.064s
2025-04-16 20:00:48.563 70070 INFO tempest.lib.common.rest_client [req-084ed0f0-67f5-477e-8cdd-95fec924b0a0 req-084ed0f0-67f5-477e-8cdd-95fec924b0a0 ] Request (SecurityGroupRulesNegativeTestJSON:setUpClass): 201 POST http://10.180.1.21:9696/networking/v2.0/networks 0.975s
2025-04-16 20:00:48.579 70080 INFO tempest.lib.common.rest_client [req-f197cf71-cec7-45ad-8242-ea0fa3db83fe req-f197cf71-cec7-45ad-8242-ea0fa3db83fe ] Request (ServerExternalEventsTest:test_create_server_external_events): 202 POST http://10.180.1.21/compute/v2.1/servers 2.732s
2025-04-16 20:00:48.586 70096 INFO tempest.lib.common.rest_client [req-7e9d14f0-c13e-4dfb-8ae3-9f0a5de9b4a6 req-7e9d14f0-c13e-4dfb-8ae3-9f0a5de9b4a6 ] Request (FloatingIPDetailsTestJSON:setUpClass): 200 GET http://10.180.1.21/identity/v3/roles 0.027s
2025-04-16 20:00:48.623 70096 INFO tempest.lib.common.rest_client [req-5c2da78b-5d6e-44b5-a985-3e1893667c5e req-5c2da78b-5d6e-44b5-a985-3e1893667c5e ] Request (FloatingIPDetailsTestJSON:setUpClass): 204 PUT http://10.180.1.21/identity/v3/projects/2d95fc49b4cc4ff6b09a19e5f7fa1b62/users/19de39f477d940dcb14ea097e715d91d/roles/ed0005f285c14c28ab96b8ec00e999f1 0.037s
2025-04-16 20:00:48.624 70096 INFO tempest.lib.common.dynamic_creds [-] Dynamic test user 19de39f477d940dcb14ea097e715d91d is created with scope project and roles: ['member']
2025-04-16 20:00:48.624 70096 INFO tempest.lib.common.dynamic_creds [-] Acquired dynamic creds: credentials: Credentials: {'domain_id': 'default', 'domain_name': 'Default', 'username': 'tempest-FloatingIPDetailsTestJSON-1300708290-project-member', 'project_domain_id': 'default', 'project_domain_name': 'Default', 'project_id': '2d95fc49b4cc4ff6b09a19e5f7fa1b62', 'project_name': 'tempest-FloatingIPDetailsTestJSON-1300708290', 'tenant_id': '2d95fc49b4cc4ff6b09a19e5f7fa1b62', 'tenant_name': 'tempest-FloatingIPDetailsTestJSON-1300708290', 'user_domain_id': 'default', 'user_domain_name': 'Default', 'user_id': '19de39f477d940dcb14ea097e715d91d', 'system': None}, Network: None, Subnet: None, Router: None
2025-04-16 20:00:48.715 70096 INFO tempest.lib.common.rest_client [req-88f4a3cf-e037-4622-8905-b1ab405cc6a9 req-88f4a3cf-e037-4622-8905-b1ab405cc6a9 ] Request (FloatingIPDetailsTestJSON:setUpClass): 201 POST http://10.180.1.21/identity/v3/auth/tokens 0.091s
2025-04-16 20:00:48.797 70082 INFO tempest.lib.common.rest_client [req-30935d17-cf4a-4e9d-97bc-0af9a8acbe3d req-30935d17-cf4a-4e9d-97bc-0af9a8acbe3d ] Request (MultipleCreateNegativeTestJSON:tearDownClass): 200 GET http://10.180.1.21:9696/networking/v2.0/security-groups?tenant_id=f9ec19a990484b0eb8d5e6bc58225dfc&name=default 0.777s
2025-04-16 20:00:48.923 70122 INFO tempest.lib.common.rest_client [req-69e91e85-1232-4e57-a1cf-d1c6133487cc req-69e91e85-1232-4e57-a1cf-d1c6133487cc ] Request (FloatingIPsAssociationTestJSON:setUpClass): 200 GET http://10.180.1.21/compute/v2.1/servers/54d12624-7c76-433d-8f1f-3f9bb451e451 2.960s
2025-04-16 20:00:48.945 70068 INFO tempest.lib.common.rest_client [req-3c4ab2ed-a2b3-4b50-b1c1-3a8adc2d85ca req-3c4ab2ed-a2b3-4b50-b1c1-3a8adc2d85ca ] Request (FlavorsAdminTestJSON:_run_cleanups): 200 GET http://10.180.1.21/compute/v2.1/flavors/detail 2.944s
2025-04-16 20:00:48.974 70088 INFO tempest.lib.common.rest_client [req-3c309642-68e4-4fab-a9e2-d1d1506f61af req-3c309642-68e4-4fab-a9e2-d1d1506f61af ] Request (FlavorsExtraSpecsTestJSON:test_flavor_set_get_update_show_unset_keys): 200 POST http://10.180.1.21/compute/v2.1/flavors/1425182167/os-extra_specs 2.957s
2025-04-16 20:00:49.019 70102 INFO tempest.lib.common.rest_client [req-324bb704-8015-4060-8b25-c2fdee05f5cb req-324bb704-8015-4060-8b25-c2fdee05f5cb ] Request (AggregatesAdminNegativeTestJSON:_run_cleanups): 200 DELETE http://10.180.1.21/compute/v2.1/os-aggregates/1 2.882s
2025-04-16 20:00:49.421 70116 INFO tempest.lib.common.rest_client [req-c4aa9293-42b5-461b-809d-7f37d6fadb08 req-c4aa9293-42b5-461b-809d-7f37d6fadb08 ] Request (FloatingIPsNegativeTestJSON:setUpClass): 200 GET http://10.180.1.21/compute/v2.1/os-floating-ips 3.062s
2025-04-16 20:00:49.447 70082 INFO tempest.lib.common.rest_client [req-a700d846-6ca3-4d59-a431-c975c5721209 req-a700d846-6ca3-4d59-a431-c975c5721209 ] Request (MultipleCreateNegativeTestJSON:tearDownClass): 204 DELETE http://10.180.1.21:9696/networking/v2.0/security-groups/b75cf71f-cc05-4b47-95b3-8b8185adb0fd 0.649s
2025-04-16 20:00:49.554 70082 INFO tempest.lib.common.rest_client [req-e369b422-8d29-485c-9db9-629e849964d4 req-e369b422-8d29-485c-9db9-629e849964d4 ] Request (MultipleCreateNegativeTestJSON:tearDownClass): 204 DELETE http://10.180.1.21/identity/v3/projects/f9ec19a990484b0eb8d5e6bc58225dfc 0.107s
2025-04-16 20:00:49.639 70082 INFO tempest.lib.common.rest_client [req-78b44e6c-321a-41e0-95ca-6e1fb52fdb51 req-78b44e6c-321a-41e0-95ca-6e1fb52fdb51 ] Request (ServerPasswordTestJSON:setUpClass): 201 POST http://10.180.1.21/identity/v3/auth/tokens 0.083s
2025-04-16 20:00:49.690 70082 INFO tempest.lib.common.rest_client [req-843f3362-2734-48ab-94da-f5ccb045842a req-843f3362-2734-48ab-94da-f5ccb045842a ] Request (ServerPasswordTestJSON:setUpClass): 201 POST http://10.180.1.21/identity/v3/auth/tokens 0.049s
2025-04-16 20:00:49.720 70082 INFO tempest.lib.common.rest_client [req-050151ac-ff79-4b7c-ae86-e9462b3c0cd3 req-050151ac-ff79-4b7c-ae86-e9462b3c0cd3 ] Request (ServerPasswordTestJSON:setUpClass): 200 GET http://10.180.1.21/identity/v3/domains?name=Default 0.029s
2025-04-16 20:00:49.763 70082 INFO tempest.lib.common.rest_client [req-b2e8f095-ec87-4f72-8b2d-1a03f3519166 req-b2e8f095-ec87-4f72-8b2d-1a03f3519166 ] Request (ServerPasswordTestJSON:setUpClass): 201 POST http://10.180.1.21/identity/v3/projects 0.042s
2025-04-16 20:00:49.818 70096 INFO tempest.lib.common.rest_client [req-c81c6d6d-1afb-4e3e-a471-7281e3e09b80 req-c81c6d6d-1afb-4e3e-a471-7281e3e09b80 ] Request (FloatingIPDetailsTestJSON:setUpClass): 201 POST http://10.180.1.21:9696/networking/v2.0/networks 1.103s
2025-04-16 20:00:49.859 70070 INFO tempest.lib.common.rest_client [req-e4293c7d-fc69-48c9-a31b-b770bd612430 req-e4293c7d-fc69-48c9-a31b-b770bd612430 ] Request (SecurityGroupRulesNegativeTestJSON:setUpClass): 201 POST http://10.180.1.21:9696/networking/v2.0/subnets 1.296s
2025-04-16 20:00:49.938 70082 INFO tempest.lib.common.rest_client [req-d0aa4038-1f08-4681-9557-71d82e99a83a req-d0aa4038-1f08-4681-9557-71d82e99a83a ] Request (ServerPasswordTestJSON:setUpClass): 201 POST http://10.180.1.21/identity/v3/users 0.174s
2025-04-16 20:00:49.948 70118 INFO tempest.lib.common.rest_client [req-73824328-f743-45b5-a737-4db035a11944 req-73824328-f743-45b5-a737-4db035a11944 ] Request (DeleteServersTestJSON:test_delete_active_server): 200 GET http://10.180.1.21/compute/v2.1/servers/28e32097-d536-442f-bcb4-f93b64cb64e4 3.522s
2025-04-16 20:00:49.992 70066 INFO tempest.lib.common.rest_client [req-b9dc4ed9-636a-4769-a707-b66fbf421df8 req-b9dc4ed9-636a-4769-a707-b66fbf421df8 ] Request (ListServersNegativeTestJSON:setUpClass): 201 POST http://10.180.1.21:9696/networking/v2.0/routers 3.431s
2025-04-16 20:00:49.999 70082 INFO tempest.lib.common.rest_client [req-f0f9e8f2-ff97-4452-bae9-2799c0732f8b req-f0f9e8f2-ff97-4452-bae9-2799c0732f8b ] Request (ServerPasswordTestJSON:setUpClass): 200 GET http://10.180.1.21/identity/v3/roles 0.060s
2025-04-16 20:00:49.999 70086 INFO tempest.lib.common.rest_client [req-b2999f95-07c3-4156-b2f0-1f4610c2394d req-b2999f95-07c3-4156-b2f0-1f4610c2394d ] Request (FlavorsAccessTestJSON:test_flavor_access_add_remove): 200 GET http://10.180.1.21/compute/v2.1/flavors/detail 3.430s
2025-04-16 20:00:50.072 70082 INFO tempest.lib.common.rest_client [req-aa06b8a3-00f1-4745-881f-b3870d5045f2 req-aa06b8a3-00f1-4745-881f-b3870d5045f2 ] Request (ServerPasswordTestJSON:setUpClass): 204 PUT http://10.180.1.21/identity/v3/projects/48568998d67246f388c977ebbc10f62f/users/fb9b943ba0034e5ab471df825d92c889/roles/ed0005f285c14c28ab96b8ec00e999f1 0.073s
2025-04-16 20:00:50.072 70082 INFO tempest.lib.common.dynamic_creds [-] Dynamic test user fb9b943ba0034e5ab471df825d92c889 is created with scope project and roles: ['member']
2025-04-16 20:00:50.072 70082 INFO tempest.lib.common.dynamic_creds [-] Acquired dynamic creds: credentials: Credentials: {'domain_id': 'default', 'domain_name': 'Default', 'username': 'tempest-ServerPasswordTestJSON-32163534-project-member', 'project_domain_id': 'default', 'project_domain_name': 'Default', 'project_id': '48568998d67246f388c977ebbc10f62f', 'project_name': 'tempest-ServerPasswordTestJSON-32163534', 'tenant_id': '48568998d67246f388c977ebbc10f62f', 'tenant_name': 'tempest-ServerPasswordTestJSON-32163534', 'user_domain_id': 'default', 'user_domain_name': 'Default', 'user_id': 'fb9b943ba0034e5ab471df825d92c889', 'system': None}, Network: None, Subnet: None, Router: None
2025-04-16 20:00:50.178 70082 INFO tempest.lib.common.rest_client [req-6ca8d465-c938-4cf2-b790-c67aaeb03eae req-6ca8d465-c938-4cf2-b790-c67aaeb03eae ] Request (ServerPasswordTestJSON:setUpClass): 201 POST http://10.180.1.21/identity/v3/auth/tokens 0.105s
2025-04-16 20:00:50.528 70092 INFO tempest.lib.common.rest_client [req-c95c7787-be0a-4490-b266-dd754700c2dd req-c95c7787-be0a-4490-b266-dd754700c2dd ] Request (VolumesAdminNegativeTest:setUpClass): 201 POST http://10.180.1.21:9696/networking/v2.0/routers 3.430s
2025-04-16 20:00:50.881 70110 INFO tempest.lib.common.rest_client [req-56ea77ac-30ea-454c-baba-b6105d2c6d6c req-56ea77ac-30ea-454c-baba-b6105d2c6d6c ] Request (MigrationsAdminTest:test_list_migrations_in_flavor_resize_situation): 200 GET http://10.180.1.21/compute/v2.1/servers/a927e0ff-6c39-47fd-a082-88d41eb54015 4.309s
2025-04-16 20:00:51.055 70108 INFO tempest.lib.common.rest_client [req-7cfea9f5-9387-4a64-8165-0f6dc62bc556 req-7cfea9f5-9387-4a64-8165-0f6dc62bc556 ] Request (KeyPairsV210TestJSON:test_admin_manage_keypairs_for_other_users): 201 POST http://10.180.1.21/compute/v2.1/os-keypairs 4.343s
2025-04-16 20:00:51.342 70082 INFO tempest.lib.common.rest_client [req-c33f6624-f6b1-47c1-ab7d-05730577984c req-c33f6624-f6b1-47c1-ab7d-05730577984c ] Request (ServerPasswordTestJSON:setUpClass): 201 POST http://10.180.1.21:9696/networking/v2.0/networks 1.163s
2025-04-16 20:00:51.545 70100 INFO tempest.lib.common.rest_client [req-8b30abeb-e71f-4198-ae34-86c104b99806 req-8b30abeb-e71f-4198-ae34-86c104b99806 ] Request (SecurityGroupsTestAdminJSON:test_list_security_groups_list_all_tenants_filter): 200 GET http://10.180.1.21/compute/v2.1/os-security-groups?all_tenants=true 8.008s
2025-04-16 20:00:51.583 70094 INFO tempest.lib.common.rest_client [req-049a0825-179a-4fe2-8f36-b0eeb83f92d4 req-049a0825-179a-4fe2-8f36-b0eeb83f92d4 ] Request (AbsoluteLimitsNegativeTestJSON:test_max_metadata_exceed_limit): 403 POST http://10.180.1.21/compute/v2.1/servers 4.822s
2025-04-16 20:00:51.606 70098 INFO tempest.lib.common.rest_client [req-5b9605d7-d398-4ae4-939b-8508a9d4673c req-5b9605d7-d398-4ae4-939b-8508a9d4673c ] Request (ServersWithSpecificFlavorTestJSON:test_verify_created_server_ephemeral_disk): 200 POST http://10.180.1.21/compute/v2.1/flavors 4.754s
2025-04-16 20:00:51.674 70064 INFO tempest.lib.common.rest_client [req-177a59d2-aaae-42cb-92bb-fd61bd416192 req-177a59d2-aaae-42cb-92bb-fd61bd416192 ] Request (QuotasAdminNegativeTest:test_create_server_when_instances_quota_is_full): 200 GET http://10.180.1.21/compute/v2.1/os-quota-sets/b65538b696a44954a93e431813a9e0d3 4.838s
2025-04-16 20:00:51.692 70072 INFO tempest.lib.common.rest_client [req-1e165c07-c39b-4550-8066-831bee914527 req-1e165c07-c39b-4550-8066-831bee914527 ] Request (FlavorsAccessNegativeTestJSON:_run_cleanups): 200 GET http://10.180.1.21/compute/v2.1/flavors/detail 4.377s
2025-04-16 20:00:51.700 70094 INFO tempest.lib.common.rest_client [req-2de146d4-fca3-480b-996f-1e92c683cf2a req-2de146d4-fca3-480b-996f-1e92c683cf2a ] Request (AbsoluteLimitsNegativeTestJSON:tearDownClass): 204 DELETE http://10.180.1.21/identity/v3/users/aa6ca2ca5ef84b51af0e6826d4739f28 0.115s
2025-04-16 20:00:51.700 70094 INFO tempest.lib.common.dynamic_creds [-] Deleting project and security group for project: 0cd66acde5be41bbb3addb310f14447f
2025-04-16 20:00:51.705 70096 INFO tempest.lib.common.rest_client [req-ed93996b-430d-42c6-90e4-c8dfd99f3db4 req-ed93996b-430d-42c6-90e4-c8dfd99f3db4 ] Request (FloatingIPDetailsTestJSON:setUpClass): 201 POST http://10.180.1.21:9696/networking/v2.0/subnets 1.886s
2025-04-16 20:00:51.768 70076 INFO tempest.lib.common.rest_client [req-d06a48e6-814c-4310-9c94-15cca5301c1f req-d06a48e6-814c-4310-9c94-15cca5301c1f ] Request (QuotasAdminTestV257:test_get_updated_quotas): 200 GET http://10.180.1.21/identity/v3/domains?name=Default 0.180s
2025-04-16 20:00:51.777 70094 INFO tempest.lib.common.rest_client [req-87904124-4839-4a29-877c-f088f7a4d1cc req-87904124-4839-4a29-877c-f088f7a4d1cc ] Request (AbsoluteLimitsNegativeTestJSON:tearDownClass): 201 POST http://10.180.1.21/identity/v3/auth/tokens 0.076s
2025-04-16 20:00:51.801 70076 INFO tempest.lib.common.rest_client [req-37d19633-9edf-4a83-8512-95b8696130da req-37d19633-9edf-4a83-8512-95b8696130da ] Request (QuotasAdminTestV257:test_get_updated_quotas): 201 POST http://10.180.1.21/identity/v3/projects 0.032s
2025-04-16 20:00:51.868 70076 INFO tempest.lib.common.rest_client [req-a9093ed2-00ec-4bc8-9219-44dfea076e73 req-a9093ed2-00ec-4bc8-9219-44dfea076e73 ] Request (QuotasAdminTestV257:test_get_updated_quotas): 200 GET http://10.180.1.21/identity/v3/domains?name=Default 0.066s
2025-04-16 20:00:52.111 70112 INFO tempest.lib.common.rest_client [req-6ae03aa8-4ece-425e-86e3-197618f70bbc req-6ae03aa8-4ece-425e-86e3-197618f70bbc ] Request (ServersTestBootFromVolume:setUpClass): 201 POST http://10.180.1.21:9696/networking/v2.0/routers 4.121s
2025-04-16 20:00:52.149 70104 INFO tempest.lib.common.rest_client [req-e637cedc-11a6-46e3-a603-00aaf95d4566 req-e637cedc-11a6-46e3-a603-00aaf95d4566 ] Request (ServerDiagnosticsTest:test_get_server_diagnostics): 200 GET http://10.180.1.21/compute/v2.1/servers/150d9f3b-b338-4810-ad32-7c8609131ce4 5.175s
2025-04-16 20:00:52.168 70074 INFO tempest.lib.common.rest_client [req-17b200ab-8765-4ed3-b3e9-2a3128f71e5d req-17b200ab-8765-4ed3-b3e9-2a3128f71e5d ] Request (FlavorsV261TestJSON:_run_cleanups): 200 GET http://10.180.1.21/compute/v2.1/flavors/detail 4.301s
2025-04-16 20:00:52.281 70074 INFO tempest.lib.common.rest_client [req-ff4eb676-48f4-46b8-9ee9-70fd86a8bbca req-ff4eb676-48f4-46b8-9ee9-70fd86a8bbca ] Request (FlavorsV261TestJSON:tearDownClass): 204 DELETE http://10.180.1.21/identity/v3/users/bc1517faa7574df48f0aea7d74307d9c 0.099s
2025-04-16 20:00:52.295 70062 INFO tempest.lib.common.rest_client [req-e82e1326-4fa5-4f28-b4f6-6d8a03c710a9 req-e82e1326-4fa5-4f28-b4f6-6d8a03c710a9 ] Request (DeleteServersAdminTestJSON:test_admin_delete_servers_of_others): 200 GET http://10.180.1.21/compute/v2.1/servers/cec4f0d1-1b7d-4189-aadf-6f801f52d9bb 4.869s
2025-04-16 20:00:52.382 70074 INFO tempest.lib.common.rest_client [req-b7e1fce5-483f-4772-a976-6744ce874e10 req-b7e1fce5-483f-4772-a976-6744ce874e10 ] Request (FlavorsV261TestJSON:tearDownClass): 204 DELETE http://10.180.1.21/identity/v3/users/2768ef1cc0164e27b549dc5e97c24a8e 0.101s
2025-04-16 20:00:52.382 70074 INFO tempest.lib.common.dynamic_creds [-] Deleting project and security group for project: fdc055ea97634437985545f93862b4c9
2025-04-16 20:00:52.442 70074 INFO tempest.lib.common.rest_client [req-c4a37706-8854-4277-95fe-0ff5af8ccf04 req-c4a37706-8854-4277-95fe-0ff5af8ccf04 ] Request (FlavorsV261TestJSON:tearDownClass): 201 POST http://10.180.1.21/identity/v3/auth/tokens 0.059s
2025-04-16 20:00:52.551 70082 INFO tempest.lib.common.rest_client [req-e03af926-1f7a-470f-a688-30fa0a001554 req-e03af926-1f7a-470f-a688-30fa0a001554 ] Request (ServerPasswordTestJSON:setUpClass): 201 POST http://10.180.1.21:9696/networking/v2.0/subnets 1.209s
2025-04-16 20:00:52.595 70080 INFO tempest.lib.common.rest_client [req-086dbca3-d2e4-43c2-8005-57f0ed07dbe1 req-086dbca3-d2e4-43c2-8005-57f0ed07dbe1 ] Request (ServerExternalEventsTest:test_create_server_external_events): 200 GET http://10.180.1.21/compute/v2.1/servers/c16f7920-23d4-4d77-b70f-118887cc9ff7 4.014s
2025-04-16 20:00:52.642 70094 INFO tempest.lib.common.rest_client [req-5cfb9d0d-d516-4129-a0d9-626a3f0d9abd req-5cfb9d0d-d516-4129-a0d9-626a3f0d9abd ] Request (AbsoluteLimitsNegativeTestJSON:tearDownClass): 200 GET http://10.180.1.21:9696/networking/v2.0/security-groups?tenant_id=0cd66acde5be41bbb3addb310f14447f&name=default 0.865s
2025-04-16 20:00:52.774 70078 INFO tempest.lib.common.rest_client [req-3729b584-33d7-402d-8e39-6294efa2413c req-3729b584-33d7-402d-8e39-6294efa2413c ] Request (SecurityGroupsNegativeTestJSON:tearDownClass): 200 PUT http://10.180.1.21:9696/networking/v2.0/routers/daf65993-dd84-4b7f-8f13-73a5911029b1/remove_router_interface 4.843s
2025-04-16 20:00:52.868 70124 INFO tempest.lib.common.rest_client [req-e748c8f8-babf-4ac9-a12b-d8c00b895531 req-e748c8f8-babf-4ac9-a12b-d8c00b895531 ] Request (ServersTestFqdnHostnames:test_create_server_with_fqdn_name): 200 GET http://10.180.1.21/compute/v2.1/servers/e2045977-fc76-4694-b233-ee747d1a1837 4.566s
2025-04-16 20:00:52.892 70068 INFO tempest.lib.common.rest_client [req-d384e73d-d0c5-4839-9149-7292bc892612 req-d384e73d-d0c5-4839-9149-7292bc892612 ] Request (FlavorsAdminTestJSON:test_create_flavor_verify_entry_in_list_details): 200 POST http://10.180.1.21/compute/v2.1/flavors 3.940s
2025-04-16 20:00:52.922 70088 INFO tempest.lib.common.rest_client [req-38651eac-2414-4c9e-85d1-37b397275442 req-38651eac-2414-4c9e-85d1-37b397275442 ] Request (FlavorsExtraSpecsTestJSON:test_flavor_set_get_update_show_unset_keys): 200 GET http://10.180.1.21/compute/v2.1/flavors/1425182167/os-extra_specs 3.947s
2025-04-16 20:00:52.948 70102 INFO tempest.lib.common.rest_client [req-1320c862-d3e2-4316-97fa-562f4fbb0995 req-1320c862-d3e2-4316-97fa-562f4fbb0995 ] Request (AggregatesAdminNegativeTestJSON:test_aggregate_add_host_as_user): 200 POST http://10.180.1.21/compute/v2.1/os-aggregates 3.923s
2025-04-16 20:00:52.968 70106 INFO tempest.lib.common.rest_client [req-fcfb4510-f7ca-45d5-82fb-376fd1dde5eb req-fcfb4510-f7ca-45d5-82fb-376fd1dde5eb ] Request (HostsAdminTestJSON:test_list_hosts_with_zone): 200 GET http://10.180.1.21/compute/v2.1/os-hosts 3.940s
2025-04-16 20:00:53.233 70090 INFO tempest.lib.common.rest_client [req-36e105fb-6975-4149-a002-994a4fb8950a req-36e105fb-6975-4149-a002-994a4fb8950a ] Request (ImagesOneServerNegativeTestJSON:setUpClass): 200 GET http://10.180.1.21/compute/v2.1/servers/15e3e0f5-1967-4f7d-b45f-954845c3dc75 4.370s
2025-04-16 20:00:53.265 70116 INFO tempest.lib.common.rest_client [req-7afa01b7-1e5f-4458-a4dc-862b436acd39 req-7afa01b7-1e5f-4458-a4dc-862b436acd39 ] Request (FloatingIPsNegativeTestJSON:test_allocate_floating_ip_from_nonexistent_pool): 404 POST http://10.180.1.21/compute/v2.1/os-floating-ips 3.838s
2025-04-16 20:00:53.284 70086 INFO tempest.lib.common.rest_client [req-7722032f-a663-4d7d-815f-f656b35ee511 req-7722032f-a663-4d7d-815f-f656b35ee511 ] Request (FlavorsAccessTestJSON:_run_cleanups): 202 DELETE http://10.180.1.21/compute/v2.1/flavors/1394317570 3.279s
2025-04-16 20:00:53.361 70074 INFO tempest.lib.common.rest_client [req-c0069716-bd2b-48f6-8a74-46e94c4abe7f req-c0069716-bd2b-48f6-8a74-46e94c4abe7f ] Request (FlavorsV261TestJSON:tearDownClass): 200 GET http://10.180.1.21:9696/networking/v2.0/security-groups?tenant_id=fdc055ea97634437985545f93862b4c9&name=default 0.919s
2025-04-16 20:00:53.481 70094 INFO tempest.lib.common.rest_client [req-7b297446-9b9f-43df-881f-da1beb7f5382 req-7b297446-9b9f-43df-881f-da1beb7f5382 ] Request (AbsoluteLimitsNegativeTestJSON:tearDownClass): 204 DELETE http://10.180.1.21:9696/networking/v2.0/security-groups/3266c441-d9e7-4a2f-8748-894cb5d8e466 0.838s
2025-04-16 20:00:53.576 70094 INFO tempest.lib.common.rest_client [req-62dc1eb1-ae9b-40d9-90bb-2161ce7a8be4 req-62dc1eb1-ae9b-40d9-90bb-2161ce7a8be4 ] Request (AbsoluteLimitsNegativeTestJSON:tearDownClass): 204 DELETE http://10.180.1.21/identity/v3/projects/0cd66acde5be41bbb3addb310f14447f 0.095s
2025-04-16 20:00:53.652 70094 INFO tempest.lib.common.rest_client [req-e642cbd2-53a4-4804-9a53-50b7bb7f77fd req-e642cbd2-53a4-4804-9a53-50b7bb7f77fd ] Request (ServersV294TestFqdnHostnames:setUpClass): 201 POST http://10.180.1.21/identity/v3/auth/tokens 0.074s
2025-04-16 20:00:53.672 70118 INFO tempest.lib.common.rest_client [req-f8a3e9b7-cee0-4e21-aad6-917a86c8bf36 req-f8a3e9b7-cee0-4e21-aad6-917a86c8bf36 ] Request (DeleteServersTestJSON:test_delete_active_server): 200 GET http://10.180.1.21/compute/v2.1/servers/28e32097-d536-442f-bcb4-f93b64cb64e4 2.707s
2025-04-16 20:00:53.693 70094 INFO tempest.lib.common.rest_client [req-2805999e-9f69-4597-b8d5-38e3725f75c0 req-2805999e-9f69-4597-b8d5-38e3725f75c0 ] Request (ServersV294TestFqdnHostnames:setUpClass): 201 POST http://10.180.1.21/identity/v3/auth/tokens 0.039s
2025-04-16 20:00:53.724 70108 INFO tempest.lib.common.rest_client [req-06f01df8-0204-472c-9fe5-d75ef6be7551 req-06f01df8-0204-472c-9fe5-d75ef6be7551 ] Request (KeyPairsV210TestJSON:test_admin_manage_keypairs_for_other_users): 201 POST http://10.180.1.21/compute/v2.1/os-keypairs 2.666s
2025-04-16 20:00:53.726 70094 INFO tempest.lib.common.rest_client [req-bc8ac182-4279-4894-a715-e5adf8339c91 req-bc8ac182-4279-4894-a715-e5adf8339c91 ] Request (ServersV294TestFqdnHostnames:setUpClass): 200 GET http://10.180.1.21/identity/v3/domains?name=Default 0.032s
2025-04-16 20:00:53.758 70094 INFO tempest.lib.common.rest_client [req-687bbac5-9912-4f5e-bd83-bf7ced01728e req-687bbac5-9912-4f5e-bd83-bf7ced01728e ] Request (ServersV294TestFqdnHostnames:setUpClass): 201 POST http://10.180.1.21/identity/v3/projects 0.031s
2025-04-16 20:00:53.826 70094 INFO tempest.lib.common.rest_client [req-b6dc2700-bb31-487b-a6c4-84404e565769 req-b6dc2700-bb31-487b-a6c4-84404e565769 ] Request (ServersV294TestFqdnHostnames:setUpClass): 201 POST http://10.180.1.21/identity/v3/users 0.068s
2025-04-16 20:00:53.855 70094 INFO tempest.lib.common.rest_client [req-fdf484bc-8135-4bc4-848e-b45fbe6a6acb req-fdf484bc-8135-4bc4-848e-b45fbe6a6acb ] Request (ServersV294TestFqdnHostnames:setUpClass): 200 GET http://10.180.1.21/identity/v3/roles 0.028s
2025-04-16 20:00:53.896 70094 INFO tempest.lib.common.rest_client [req-e0d49a46-bda6-44cb-875c-46fa7fe45c7d req-e0d49a46-bda6-44cb-875c-46fa7fe45c7d ] Request (ServersV294TestFqdnHostnames:setUpClass): 204 PUT http://10.180.1.21/identity/v3/projects/83b3ddf82c39449292b380cc246e2334/users/2a294dc51d564e75a40b96470ab29c89/roles/ed0005f285c14c28ab96b8ec00e999f1 0.040s
2025-04-16 20:00:53.897 70094 INFO tempest.lib.common.dynamic_creds [-] Dynamic test user 2a294dc51d564e75a40b96470ab29c89 is created with scope project and roles: ['member']
2025-04-16 20:00:53.897 70094 INFO tempest.lib.common.dynamic_creds [-] Acquired dynamic creds: credentials: Credentials: {'domain_id': 'default', 'domain_name': 'Default', 'username': 'tempest-ServersV294TestFqdnHostnames-388572063-project-member', 'project_domain_id': 'default', 'project_domain_name': 'Default', 'project_id': '83b3ddf82c39449292b380cc246e2334', 'project_name': 'tempest-ServersV294TestFqdnHostnames-388572063', 'tenant_id': '83b3ddf82c39449292b380cc246e2334', 'tenant_name': 'tempest-ServersV294TestFqdnHostnames-388572063', 'user_domain_id': 'default', 'user_domain_name': 'Default', 'user_id': '2a294dc51d564e75a40b96470ab29c89', 'system': None}, Network: None, Subnet: None, Router: None
2025-04-16 20:00:53.971 70094 INFO tempest.lib.common.rest_client [req-2260f1a6-7fa9-490b-ad3d-9f50ae060cea req-2260f1a6-7fa9-490b-ad3d-9f50ae060cea ] Request (ServersV294TestFqdnHostnames:setUpClass): 201 POST http://10.180.1.21/identity/v3/auth/tokens 0.074s
2025-04-16 20:00:54.034 70122 INFO tempest.lib.common.rest_client [req-ea1cacdd-31d8-4085-9929-70ffcbf5ca2d req-ea1cacdd-31d8-4085-9929-70ffcbf5ca2d ] Request (FloatingIPsAssociationTestJSON:setUpClass): 200 GET http://10.180.1.21/compute/v2.1/servers/54d12624-7c76-433d-8f1f-3f9bb451e451 4.102s
2025-04-16 20:00:54.053 70098 INFO tempest.lib.common.rest_client [req-c6deb154-0163-4ac0-906e-c5b8457ecca8 req-c6deb154-0163-4ac0-906e-c5b8457ecca8 ] Request (ServersWithSpecificFlavorTestJSON:test_verify_created_server_ephemeral_disk): 200 GET http://10.180.1.21/compute/v2.1/flavors/42/os-extra_specs 2.445s
2025-04-16 20:00:54.069 70074 INFO tempest.lib.common.rest_client [req-ea041a11-b8e4-466d-bc32-3fbe1a462d66 req-ea041a11-b8e4-466d-bc32-3fbe1a462d66 ] Request (FlavorsV261TestJSON:tearDownClass): 204 DELETE http://10.180.1.21:9696/networking/v2.0/security-groups/cdfb2be9-d1d7-444d-bc21-a0aa490c09a2 0.707s
2025-04-16 20:00:54.085 70070 INFO tempest.lib.common.rest_client [req-963db006-0bc3-4606-934e-62e265f222ba req-963db006-0bc3-4606-934e-62e265f222ba ] Request (SecurityGroupRulesNegativeTestJSON:setUpClass): 201 POST http://10.180.1.21:9696/networking/v2.0/routers 4.225s
2025-04-16 20:00:54.173 70074 INFO tempest.lib.common.rest_client [req-4ed5c427-39c0-450f-9419-37f42f5bebab req-4ed5c427-39c0-450f-9419-37f42f5bebab ] Request (FlavorsV261TestJSON:tearDownClass): 204 DELETE http://10.180.1.21/identity/v3/projects/fdc055ea97634437985545f93862b4c9 0.104s
2025-04-16 20:00:54.174 70074 INFO tempest.lib.common.dynamic_creds [-] Deleting project and security group for project: 2871c5f60b0f46ff88f472e2012b84bb
2025-04-16 20:00:54.242 70120 INFO tempest.lib.common.rest_client [req-cae334f1-266a-4a45-a871-339a77deca19 req-cae334f1-266a-4a45-a871-339a77deca19 ] Request (VolumesAssistedSnapshotsTest:setUpClass): 200 PUT http://10.180.1.21:9696/networking/v2.0/routers/74000fcf-a05d-4335-8c82-710be826f03e/add_router_interface 6.079s
2025-04-16 20:00:54.243 70120 INFO tempest.lib.common.dynamic_creds [-] Created isolated network resources for: credentials: Credentials: {'domain_id': 'default', 'domain_name': 'Default', 'username': 'tempest-VolumesAssistedSnapshotsTest-1913996522-project', 'project_domain_id': 'default', 'project_domain_name': 'Default', 'project_id': '86cb155e916646a29aa279c8703dc30f', 'project_name': 'tempest-VolumesAssistedSnapshotsTest-1913996522', 'tenant_id': '86cb155e916646a29aa279c8703dc30f', 'tenant_name': 'tempest-VolumesAssistedSnapshotsTest-1913996522', 'user_domain_id': 'default', 'user_domain_name': 'Default', 'user_id': 'e47274c1e2dc4f55981c5b5a46d9556c', 'system': None}, Network: {'id': '0c9d69e0-63c6-4d50-bbee-7ba7c5064e72', 'name': 'tempest-VolumesAssistedSnapshotsTest-23591586-network', 'tenant_id': '86cb155e916646a29aa279c8703dc30f', 'admin_state_up': True, 'mtu': 8950, 'status': 'ACTIVE', 'subnets': [], 'shared': False, 'project_id': '86cb155e916646a29aa279c8703dc30f', 'port_security_enabled': True, 'router:external': False, 'provider:network_type': 'vlan', 'provider:physical_network': 'default', 'provider:segmentation_id': 934, 'is_default': False, 'availability_zone_hints': [], 'availability_zones': [], 'ipv4_address_scope': None, 'ipv6_address_scope': None, 'description': '', 'tags': [], 'created_at': '2025-04-16T20:00:44Z', 'updated_at': '2025-04-16T20:00:44Z', 'revision_number': 1}, Subnet: {'id': '6928bfa4-8edf-4021-b8f7-83c67353407c', 'name': 'tempest-VolumesAssistedSnapshotsTest-23591586-subnet', 'tenant_id': '86cb155e916646a29aa279c8703dc30f', 'network_id': '0c9d69e0-63c6-4d50-bbee-7ba7c5064e72', 'ip_version': 4, 'subnetpool_id': None, 'enable_dhcp': True, 'ipv6_ra_mode': None, 'ipv6_address_mode': None, 'gateway_ip': '192.168.128.1', 'cidr': '192.168.128.0/28', 'allocation_pools': [{'start': '192.168.128.2', 'end': '192.168.128.14'}], 'host_routes': [], 'dns_nameservers': [], 'description': '', 'service_types': [], 'tags': [], 'created_at': '2025-04-16T20:00:44Z', 'updated_at': '2025-04-16T20:00:44Z', 'revision_number': 0, 'project_id': '86cb155e916646a29aa279c8703dc30f'}, Router: {'id': '74000fcf-a05d-4335-8c82-710be826f03e', 'name': 'tempest-VolumesAssistedSnapshotsTest-23591586-router', 'tenant_id': '86cb155e916646a29aa279c8703dc30f', 'admin_state_up': True, 'status': 'ACTIVE', 'external_gateway_info': {'network_id': 'a5602db0-3301-4327-b37e-fe21451129e2', 'external_fixed_ips': [{'subnet_id': '2fb7d9f8-83be-48f8-aefc-ef50787fe347', 'ip_address': '10.180.180.182'}], 'enable_snat': True}, 'description': '', 'availability_zones': [], 'distributed': False, 'ha': False, 'availability_zone_hints': [], 'routes': [], 'flavor_id': None, 'tags': [], 'created_at': '2025-04-16T20:00:45Z', 'updated_at': '2025-04-16T20:00:47Z', 'revision_number': 2, 'project_id': '86cb155e916646a29aa279c8703dc30f'}
2025-04-16 20:00:54.244 70064 INFO tempest.lib.common.rest_client [req-149662bf-861c-4a17-a1ae-c8a2f531bb5e req-149662bf-861c-4a17-a1ae-c8a2f531bb5e ] Request (QuotasAdminNegativeTest:test_create_server_when_instances_quota_is_full): 200 PUT http://10.180.1.21/compute/v2.1/os-quota-sets/b65538b696a44954a93e431813a9e0d3 2.567s
2025-04-16 20:00:54.261 70072 INFO tempest.lib.common.rest_client [req-4bbb283e-3879-499d-ba39-d0e57b9997be req-4bbb283e-3879-499d-ba39-d0e57b9997be ] Request (FlavorsAccessNegativeTestJSON:test_flavor_access_list_with_public_flavor): 200 POST http://10.180.1.21/compute/v2.1/flavors 2.550s
2025-04-16 20:00:54.327 70064 INFO tempest.lib.common.rest_client [req-e898b7fe-e230-45c8-9001-6c7757b02bd5 req-e898b7fe-e230-45c8-9001-6c7757b02bd5 ] Request (QuotasAdminNegativeTest:test_create_server_when_instances_quota_is_full): 201 POST http://10.180.1.21/identity/v3/auth/tokens 0.069s
2025-04-16 20:00:54.327 70064 INFO tempest.lib.common.fixed_network [-] (QuotasAdminNegativeTest:test_create_server_when_instances_quota_is_full) Found network None available for tenant
2025-04-16 20:00:54.328 70120 INFO tempest.lib.common.rest_client [req-bb1fe731-ae65-4edd-8875-0255f82367fb req-bb1fe731-ae65-4edd-8875-0255f82367fb ] Request (VolumesAssistedSnapshotsTest:setUpClass): 201 POST http://10.180.1.21/identity/v3/auth/tokens 0.082s
2025-04-16 20:00:54.433 70100 INFO tempest.lib.common.rest_client [req-e8fde02b-7837-4b7f-bef4-a21c2a620a96 req-e8fde02b-7837-4b7f-bef4-a21c2a620a96 ] Request (SecurityGroupsTestAdminJSON:test_list_security_groups_list_all_tenants_filter): 200 GET http://10.180.1.21/compute/v2.1/os-security-groups?all_tenants=true 2.880s
2025-04-16 20:00:54.541 70076 INFO tempest.lib.common.rest_client [req-995826a5-605b-4065-9840-a8e229d70ad6 req-995826a5-605b-4065-9840-a8e229d70ad6 ] Request (QuotasAdminTestV257:test_get_updated_quotas): 200 PUT http://10.180.1.21/compute/v2.1/os-quota-sets/67a01c2fa79e4ad1b90815c16d63dfd1 2.673s
2025-04-16 20:00:54.557 70068 INFO tempest.lib.common.rest_client [req-9de24c80-e008-40ff-9cab-ea9b68fb0735 req-9de24c80-e008-40ff-9cab-ea9b68fb0735 ] Request (FlavorsAdminTestJSON:test_create_flavor_verify_entry_in_list_details): 200 GET http://10.180.1.21/compute/v2.1/flavors/detail 1.663s
2025-04-16 20:00:54.581 70088 INFO tempest.lib.common.rest_client [req-0c71fa4f-a801-4e2b-885e-625c29f10226 req-0c71fa4f-a801-4e2b-885e-625c29f10226 ] Request (FlavorsExtraSpecsTestJSON:test_flavor_set_get_update_show_unset_keys): 200 PUT http://10.180.1.21/compute/v2.1/flavors/1425182167/os-extra_specs/hw:numa_nodes 1.657s
2025-04-16 20:00:54.689 70102 INFO tempest.lib.common.rest_client [req-f8bfdc6b-14d6-4664-a5c2-2b28859dcbd4 req-f8bfdc6b-14d6-4664-a5c2-2b28859dcbd4 ] Request (AggregatesAdminNegativeTestJSON:test_aggregate_add_host_as_user): 403 POST http://10.180.1.21/compute/v2.1/os-aggregates/2/action 1.739s
2025-04-16 20:00:54.716 70106 INFO tempest.lib.common.rest_client [req-31fdd381-3802-4b73-9e6d-fbe4f0bf47fe req-31fdd381-3802-4b73-9e6d-fbe4f0bf47fe ] Request (HostsAdminTestJSON:test_list_hosts_with_zone): 200 GET http://10.180.1.21/compute/v2.1/os-hosts?zone=internal 1.746s
2025-04-16 20:00:54.783 70120 INFO tempest.lib.common.rest_client [req-2dbc06e3-82ed-457d-938a-dce9e737c7e2 req-2dbc06e3-82ed-457d-938a-dce9e737c7e2 ] Request (VolumesAssistedSnapshotsTest:test_volume_assisted_snapshot_create_delete): 202 POST http://10.180.1.21/volume/v3/aacc9bdb3e944cec9b3abb941a7ac79a/volumes 0.453s
2025-04-16 20:00:54.801 70110 INFO tempest.lib.common.rest_client [req-fbade002-3442-4f3a-9182-68a01e5dbad3 req-fbade002-3442-4f3a-9182-68a01e5dbad3 ] Request (MigrationsAdminTest:test_list_migrations_in_flavor_resize_situation): 200 GET http://10.180.1.21/compute/v2.1/servers/a927e0ff-6c39-47fd-a082-88d41eb54015 2.911s
2025-04-16 20:00:54.849 70120 INFO tempest.lib.common.rest_client [req-41f5cb02-bcf5-45b1-853b-77406becb515 req-41f5cb02-bcf5-45b1-853b-77406becb515 ] Request (VolumesAssistedSnapshotsTest:test_volume_assisted_snapshot_create_delete): 200 GET http://10.180.1.21/volume/v3/aacc9bdb3e944cec9b3abb941a7ac79a/volumes/38645c12-5e51-48f1-86f2-6e4a0efca252 0.058s
2025-04-16 20:00:54.909 70074 INFO tempest.lib.common.rest_client [req-0f2e7424-a488-40a9-9591-3536d7301164 req-0f2e7424-a488-40a9-9591-3536d7301164 ] Request (FlavorsV261TestJSON:tearDownClass): 200 GET http://10.180.1.21:9696/networking/v2.0/security-groups?tenant_id=2871c5f60b0f46ff88f472e2012b84bb&name=default 0.735s
2025-04-16 20:00:54.938 70116 INFO tempest.lib.common.rest_client [req-d9759017-076f-432c-b436-c23719b9b0f0 req-d9759017-076f-432c-b436-c23719b9b0f0 ] Request (FloatingIPsNegativeTestJSON:test_delete_nonexistent_floating_ip): 404 DELETE http://10.180.1.21/compute/v2.1/os-floating-ips/e2aeb37a-eb11-4276-8554-771b4689a05e 1.671s
2025-04-16 20:00:54.962 70086 INFO tempest.lib.common.rest_client [req-f0bc515b-75f4-4eb7-b249-18661b50f4ab req-f0bc515b-75f4-4eb7-b249-18661b50f4ab ] Request (FlavorsAccessTestJSON:_run_cleanups): 200 GET http://10.180.1.21/compute/v2.1/flavors/detail 1.677s
2025-04-16 20:00:55.201 70104 INFO tempest.lib.common.rest_client [req-764ae0cc-1da9-44d0-a881-57fda131db16 req-764ae0cc-1da9-44d0-a881-57fda131db16 ] Request (ServerDiagnosticsTest:test_get_server_diagnostics): 200 GET http://10.180.1.21/compute/v2.1/servers/150d9f3b-b338-4810-ad32-7c8609131ce4 2.041s
2025-04-16 20:00:55.325 70078 INFO tempest.lib.common.rest_client [req-6c99d8d8-130e-4b66-addf-7e0030b4aca1 req-6c99d8d8-130e-4b66-addf-7e0030b4aca1 ] Request (SecurityGroupsNegativeTestJSON:tearDownClass): 204 DELETE http://10.180.1.21:9696/networking/v2.0/routers/daf65993-dd84-4b7f-8f13-73a5911029b1 2.550s
2025-04-16 20:00:55.443 70094 INFO tempest.lib.common.rest_client [req-b8da30da-01f7-4711-b6cc-b82d144f7238 req-b8da30da-01f7-4711-b6cc-b82d144f7238 ] Request (ServersV294TestFqdnHostnames:setUpClass): 201 POST http://10.180.1.21:9696/networking/v2.0/networks 1.470s
2025-04-16 20:00:55.527 70066 INFO tempest.lib.common.rest_client [req-7aa5439e-f176-48c3-9a6e-7bc300fce15c req-7aa5439e-f176-48c3-9a6e-7bc300fce15c ] Request (ListServersNegativeTestJSON:setUpClass): 200 PUT http://10.180.1.21:9696/networking/v2.0/routers/9618e30d-6c48-4de3-a49c-ee3fffaf6aec/add_router_interface 5.535s
2025-04-16 20:00:55.528 70066 INFO tempest.lib.common.dynamic_creds [-] Created isolated network resources for: credentials: Credentials: {'domain_id': 'default', 'domain_name': 'Default', 'username': 'tempest-ListServersNegativeTestJSON-593172322-project-member', 'project_domain_id': 'default', 'project_domain_name': 'Default', 'project_id': 'a661683342d34a0eb49a0fa3e979028b', 'project_name': 'tempest-ListServersNegativeTestJSON-593172322', 'tenant_id': 'a661683342d34a0eb49a0fa3e979028b', 'tenant_name': 'tempest-ListServersNegativeTestJSON-593172322', 'user_domain_id': 'default', 'user_domain_name': 'Default', 'user_id': '83eed4c4733d4a15803de5acdbc3a679', 'system': None}, Network: {'id': 'f48f61be-e364-4493-9d88-88e91dc124a7', 'name': 'tempest-ListServersNegativeTestJSON-1610168610-network', 'tenant_id': 'a661683342d34a0eb49a0fa3e979028b', 'admin_state_up': True, 'mtu': 8950, 'status': 'ACTIVE', 'subnets': [], 'shared': False, 'project_id': 'a661683342d34a0eb49a0fa3e979028b', 'port_security_enabled': True, 'router:external': False, 'provider:network_type': 'vlan', 'provider:physical_network': 'default', 'provider:segmentation_id': 681, 'is_default': False, 'availability_zone_hints': [], 'availability_zones': [], 'ipv4_address_scope': None, 'ipv6_address_scope': None, 'description': '', 'tags': [], 'created_at': '2025-04-16T20:00:45Z', 'updated_at': '2025-04-16T20:00:45Z', 'revision_number': 1}, Subnet: {'id': '2e2a8b72-b7cc-4dda-90ca-f50f5c877929', 'name': 'tempest-ListServersNegativeTestJSON-1610168610-subnet', 'tenant_id': 'a661683342d34a0eb49a0fa3e979028b', 'network_id': 'f48f61be-e364-4493-9d88-88e91dc124a7', 'ip_version': 4, 'subnetpool_id': None, 'enable_dhcp': True, 'ipv6_ra_mode': None, 'ipv6_address_mode': None, 'gateway_ip': '192.168.128.1', 'cidr': '192.168.128.0/28', 'allocation_pools': [{'start': '192.168.128.2', 'end': '192.168.128.14'}], 'host_routes': [], 'dns_nameservers': [], 'description': '', 'service_types': [], 'tags': [], 'created_at': '2025-04-16T20:00:46Z', 'updated_at': '2025-04-16T20:00:46Z', 'revision_number': 0, 'project_id': 'a661683342d34a0eb49a0fa3e979028b'}, Router: {'id': '9618e30d-6c48-4de3-a49c-ee3fffaf6aec', 'name': 'tempest-ListServersNegativeTestJSON-1610168610-router', 'tenant_id': 'a661683342d34a0eb49a0fa3e979028b', 'admin_state_up': True, 'status': 'ACTIVE', 'external_gateway_info': {'network_id': 'a5602db0-3301-4327-b37e-fe21451129e2', 'external_fixed_ips': [{'subnet_id': '2fb7d9f8-83be-48f8-aefc-ef50787fe347', 'ip_address': '10.180.180.231'}], 'enable_snat': True}, 'description': '', 'availability_zones': [], 'distributed': False, 'ha': False, 'availability_zone_hints': [], 'routes': [], 'flavor_id': None, 'tags': [], 'created_at': '2025-04-16T20:00:46Z', 'updated_at': '2025-04-16T20:00:48Z', 'revision_number': 2, 'project_id': 'a661683342d34a0eb49a0fa3e979028b'}
2025-04-16 20:00:55.617 70080 INFO tempest.lib.common.rest_client [req-14487273-b512-41c8-80ac-eccfef3c9459 req-14487273-b512-41c8-80ac-eccfef3c9459 ] Request (ServerExternalEventsTest:test_create_server_external_events): 200 GET http://10.180.1.21/compute/v2.1/servers/c16f7920-23d4-4d77-b70f-118887cc9ff7 2.008s
2025-04-16 20:00:55.630 70066 INFO tempest.lib.common.rest_client [req-c6947c8b-cf40-4e86-b89a-62f7ebd29023 req-c6947c8b-cf40-4e86-b89a-62f7ebd29023 ] Request (ListServersNegativeTestJSON:setUpClass): 201 POST http://10.180.1.21/identity/v3/auth/tokens 0.099s
2025-04-16 20:00:55.634 70108 INFO tempest.lib.common.rest_client [req-c4fc2598-7b77-41b2-a79b-30d4b64bbf47 req-c4fc2598-7b77-41b2-a79b-30d4b64bbf47 ] Request (KeyPairsV210TestJSON:test_admin_manage_keypairs_for_other_users): 200 GET http://10.180.1.21/compute/v2.1/os-keypairs/tempest-keypair-1474452959?user_id=e122aace6d0e413cb1e8ed9674995544 1.906s
2025-04-16 20:00:55.668 70066 INFO tempest.lib.common.rest_client [req-9efc471d-c1a1-4074-9d8a-90b6e66b18e8 req-9efc471d-c1a1-4074-9d8a-90b6e66b18e8 ] Request (ListServersNegativeTestJSON:setUpClass): 201 POST http://10.180.1.21/identity/v3/auth/tokens 0.034s
2025-04-16 20:00:55.669 70066 INFO tempest.lib.common.fixed_network [-] (ListServersNegativeTestJSON:setUpClass) Found network {'id': 'f48f61be-e364-4493-9d88-88e91dc124a7', 'name': 'tempest-ListServersNegativeTestJSON-1610168610-network', 'tenant_id': 'a661683342d34a0eb49a0fa3e979028b', 'admin_state_up': True, 'mtu': 8950, 'status': 'ACTIVE', 'subnets': [], 'shared': False, 'project_id': 'a661683342d34a0eb49a0fa3e979028b', 'port_security_enabled': True, 'router:external': False, 'provider:network_type': 'vlan', 'provider:physical_network': 'default', 'provider:segmentation_id': 681, 'is_default': False, 'availability_zone_hints': [], 'availability_zones': [], 'ipv4_address_scope': None, 'ipv6_address_scope': None, 'description': '', 'tags': [], 'created_at': '2025-04-16T20:00:45Z', 'updated_at': '2025-04-16T20:00:45Z', 'revision_number': 1} available for tenant
2025-04-16 20:00:55.672 70062 INFO tempest.lib.common.rest_client [req-f23f52c9-ee48-449c-95ca-4b8982972354 req-f23f52c9-ee48-449c-95ca-4b8982972354 ] Request (DeleteServersAdminTestJSON:test_admin_delete_servers_of_others): 200 GET http://10.180.1.21/compute/v2.1/servers/cec4f0d1-1b7d-4189-aadf-6f801f52d9bb 2.364s
2025-04-16 20:00:55.701 70098 INFO tempest.lib.common.rest_client [req-a112df06-3003-44f1-b194-ba8ffde8513f req-a112df06-3003-44f1-b194-ba8ffde8513f ] Request (ServersWithSpecificFlavorTestJSON:test_verify_created_server_ephemeral_disk): 200 POST http://10.180.1.21/compute/v2.1/flavors/56128026/os-extra_specs 1.648s
2025-04-16 20:00:55.725 70074 INFO tempest.lib.common.rest_client [req-08730be5-59b6-4896-8def-7ec88c4e28d0 req-08730be5-59b6-4896-8def-7ec88c4e28d0 ] Request (FlavorsV261TestJSON:tearDownClass): 204 DELETE http://10.180.1.21:9696/networking/v2.0/security-groups/ea220ba3-d0b3-4d9d-97dd-01533d7eee11 0.815s
2025-04-16 20:00:55.870 70074 INFO tempest.lib.common.rest_client [req-aa590c65-e6b2-4640-a5e2-58452323376d req-aa590c65-e6b2-4640-a5e2-58452323376d ] Request (FlavorsV261TestJSON:tearDownClass): 204 DELETE http://10.180.1.21/identity/v3/projects/2871c5f60b0f46ff88f472e2012b84bb 0.145s
2025-04-16 20:00:55.897 70120 INFO tempest.lib.common.rest_client [req-de3c4d9c-facd-4a5c-96ff-b11382966173 req-de3c4d9c-facd-4a5c-96ff-b11382966173 ] Request (VolumesAssistedSnapshotsTest:test_volume_assisted_snapshot_create_delete): 200 GET http://10.180.1.21/volume/v3/aacc9bdb3e944cec9b3abb941a7ac79a/volumes/38645c12-5e51-48f1-86f2-6e4a0efca252 0.039s
2025-04-16 20:00:55.907 70120 INFO tempest.common.waiters [-] volume 38645c12-5e51-48f1-86f2-6e4a0efca252 reached available after waiting for 1.907375 seconds
2025-04-16 20:00:55.954 70074 INFO tempest.lib.common.rest_client [req-3ea1a3e6-e07f-4ecc-baac-89a50314151e req-3ea1a3e6-e07f-4ecc-baac-89a50314151e ] Request (ServersAdmin275Test:setUpClass): 201 POST http://10.180.1.21/identity/v3/auth/tokens 0.082s
2025-04-16 20:00:55.991 70074 INFO tempest.lib.common.rest_client [req-f91037ef-b1b7-4647-bbac-4c53185c08f5 req-f91037ef-b1b7-4647-bbac-4c53185c08f5 ] Request (ServersAdmin275Test:setUpClass): 201 POST http://10.180.1.21/identity/v3/auth/tokens 0.035s
2025-04-16 20:00:56.016 70074 INFO tempest.lib.common.rest_client [req-9e5481aa-6441-4365-9c9f-adae74cb599a req-9e5481aa-6441-4365-9c9f-adae74cb599a ] Request (ServersAdmin275Test:setUpClass): 200 GET http://10.180.1.21/identity/v3/domains?name=Default 0.024s
2025-04-16 20:00:56.061 70074 INFO tempest.lib.common.rest_client [req-e286d406-e37a-4c74-856c-05d40d6c3a5a req-e286d406-e37a-4c74-856c-05d40d6c3a5a ] Request (ServersAdmin275Test:setUpClass): 201 POST http://10.180.1.21/identity/v3/projects 0.044s
2025-04-16 20:00:56.149 70074 INFO tempest.lib.common.rest_client [req-3012bf91-43ae-43b8-b831-d5709414918a req-3012bf91-43ae-43b8-b831-d5709414918a ] Request (ServersAdmin275Test:setUpClass): 201 POST http://10.180.1.21/identity/v3/users 0.088s
2025-04-16 20:00:56.175 70074 INFO tempest.lib.common.rest_client [req-e7279caf-72b0-4939-abca-87fa82c45a7f req-e7279caf-72b0-4939-abca-87fa82c45a7f ] Request (ServersAdmin275Test:setUpClass): 200 GET http://10.180.1.21/identity/v3/roles 0.025s
