2025-04-16 20:44:52.233 68117 INFO tempest.lib.common.rest_client [req-b9421384-00fa-499e-b905-50bb1f5a3a66 req-b9421384-00fa-499e-b905-50bb1f5a3a66 ] Request (AttachInterfacesUnderV243Test:setUpClass): 201 POST http://10.180.1.21:9696/networking/v2.0/routers 2.277s
2025-04-16 20:44:52.252 68111 INFO tempest.lib.common.rest_client [req-61d8034d-4542-40ca-81e0-0a5a205891f4 req-61d8034d-4542-40ca-81e0-0a5a205891f4 ] Request (ImagesOneServerNegativeTestJSON:setUpClass): 200 GET http://10.180.1.21/compute/v2.1/servers/1cc3b207-a628-4fe5-8908-6879483806b9 0.858s
2025-04-16 20:44:52.255 68125 INFO tempest.lib.common.rest_client [req-a12d4f97-2edb-49b3-af5e-5934270731d8 req-a12d4f97-2edb-49b3-af5e-5934270731d8 ] Request (FloatingIPsAssociationNegativeTestJSON:setUpClass): 201 POST http://10.180.1.21/identity/v3/auth/tokens 0.081s
2025-04-16 20:44:52.264 68155 INFO tempest.lib.common.rest_client [req-e0a68a15-b897-47b2-95d7-024042965fd7 req-e0a68a15-b897-47b2-95d7-024042965fd7 ] Request (AggregatesAdminNegativeTestJSON:tearDownClass): 204 DELETE http://10.180.1.21/identity/v3/users/35a58e5c992a44aabd9ca81f6152e4aa 0.113s
2025-04-16 20:44:52.264 68155 INFO tempest.lib.common.dynamic_creds [-] Deleting project and security group for project: 40fce48f0bbf41d5a51e662004d22be3
2025-04-16 20:44:52.282 68099 INFO tempest.lib.common.rest_client [req-f2867aa0-ea01-4f70-b3cb-cecd18a79a3a req-f2867aa0-ea01-4f70-b3cb-cecd18a79a3a ] Request (ServersTestJSON:setUpClass): 200 GET http://10.180.1.21/compute/v2.1/servers/91d81e24-4166-4135-9a3b-fe117bdf9c2d 0.787s
2025-04-16 20:44:52.328 68125 INFO tempest.lib.common.rest_client [req-4caf45da-1b59-4dbe-b207-28233c80568b req-4caf45da-1b59-4dbe-b207-28233c80568b ] Request (FloatingIPsAssociationNegativeTestJSON:setUpClass): 201 POST http://10.180.1.21/identity/v3/auth/tokens 0.069s
2025-04-16 20:44:52.329 68125 INFO tempest.lib.common.fixed_network [-] (FloatingIPsAssociationNegativeTestJSON:setUpClass) Found network {'id': 'd69fd72d-5aa0-42e0-8720-ea068b5a908e', 'name': 'tempest-FloatingIPsAssociationNegativeTestJSON-220266452-network', 'tenant_id': '0193d6bfe1964186a039ac4ba2bf0517', 'admin_state_up': True, 'mtu': 8950, 'status': 'ACTIVE', 'subnets': [], 'shared': False, 'project_id': '0193d6bfe1964186a039ac4ba2bf0517', 'port_security_enabled': True, 'router:external': False, 'provider:network_type': 'vlan', 'provider:physical_network': 'default', 'provider:segmentation_id': 497, 'is_default': False, 'availability_zone_hints': [], 'availability_zones': [], 'ipv4_address_scope': None, 'ipv6_address_scope': None, 'description': '', 'tags': [], 'created_at': '2025-04-16T20:44:46Z', 'updated_at': '2025-04-16T20:44:46Z', 'revision_number': 1} available for tenant
2025-04-16 20:44:52.334 68155 INFO tempest.lib.common.rest_client [req-2cc57e3b-67f8-4d49-8ea6-8508d3dedfcb req-2cc57e3b-67f8-4d49-8ea6-8508d3dedfcb ] Request (AggregatesAdminNegativeTestJSON:tearDownClass): 201 POST http://10.180.1.21/identity/v3/auth/tokens 0.070s
2025-04-16 20:44:52.358 68141 INFO tempest.lib.common.rest_client [req-ac1303dc-c299-49fb-b6c0-028a93546917 req-ac1303dc-c299-49fb-b6c0-028a93546917 ] Request (ImagesNegativeTestJSON:test_create_image_from_deleted_server): 200 GET http://10.180.1.21/compute/v2.1/servers/906c40dd-b6d6-492a-aa51-58901959a60d 0.717s
2025-04-16 20:44:52.482 68123 INFO tempest.lib.common.rest_client [req-acc5a783-2f08-40a9-9584-5ffa6fcc5b09 req-acc5a783-2f08-40a9-9584-5ffa6fcc5b09 ] Request (ServersTestBootFromVolume:setUpClass): 200 GET http://10.180.1.21/volume/v3/c0690866c8bf417cb1de12ca51d2c0ea/volumes/461be141-0a7d-4edb-a2a3-efbd18f6165c 0.034s
2025-04-16 20:44:52.507 68151 INFO tempest.lib.common.rest_client [req-f63f4286-82eb-454b-9c80-57d05711ff1b req-f63f4286-82eb-454b-9c80-57d05711ff1b ] Request (DeleteServersAdminTestJSON:test_admin_delete_servers_of_others): 200 GET http://10.180.1.21/compute/v2.1/servers/0421f92d-8c91-4a60-beb9-f1a799e6d1b4 0.732s
2025-04-16 20:44:52.515 68157 INFO tempest.lib.common.rest_client [req-b653cf06-154c-4809-bf3f-239632a6dbfe req-b653cf06-154c-4809-bf3f-239632a6dbfe ] Request (ServersTestFqdnHostnames:test_create_server_with_fqdn_name): 200 GET http://10.180.1.21/compute/v2.1/servers/80f480dc-9bb8-4764-9b6b-793c0954962e 0.961s
2025-04-16 20:44:52.588 68131 INFO tempest.lib.common.rest_client [req-9b8d6982-2b6c-4849-81cd-88c810acf945 req-9b8d6982-2b6c-4849-81cd-88c810acf945 ] Request (ServersAdminTestJSON:setUpClass): 200 GET http://10.180.1.21/compute/v2.1/servers/da533036-7e32-4078-9060-6ee7680cba5f 0.760s
2025-04-16 20:44:52.615 68148 INFO tempest.lib.common.rest_client [req-a64a8e8f-a53f-4831-a1c8-5bf578eddd97 req-a64a8e8f-a53f-4831-a1c8-5bf578eddd97 ] Request (ServersV294TestFqdnHostnames:setUpClass): 200 GET http://10.180.1.21/compute/v2.1/servers/ffe8063c-5dae-4e58-beca-f3a883d5d8df 0.725s
2025-04-16 20:44:52.618 68149 INFO tempest.lib.common.rest_client [req-d9be5009-485c-484b-baa2-7690cf63e158 req-d9be5009-485c-484b-baa2-7690cf63e158 ] Request (VolumesNegativeTest:test_delete_volume_without_passing_volume_id): 404 DELETE http://10.180.1.21/compute/v2.1/os-volumes/ 0.625s
2025-04-16 20:44:52.622 68155 INFO tempest.lib.common.rest_client [req-c53c59eb-c834-4757-a2e2-37b131260928 req-c53c59eb-c834-4757-a2e2-37b131260928 ] Request (AggregatesAdminNegativeTestJSON:tearDownClass): 200 GET http://10.180.1.21:9696/networking/v2.0/security-groups?tenant_id=40fce48f0bbf41d5a51e662004d22be3&name=default 0.287s
2025-04-16 20:44:52.667 68101 INFO tempest.lib.common.rest_client [req-3bda9231-7ad9-47f8-a099-014a070ca8a8 req-3bda9231-7ad9-47f8-a099-014a070ca8a8 ] Request (VolumesAssistedSnapshotsTest:test_volume_assisted_snapshot_create_delete): 200 GET http://10.180.1.21/compute/v2.1/servers/39420619-61c5-4e52-8236-d3abc3ef6f0f 0.721s
2025-04-16 20:44:52.688 68135 INFO tempest.lib.common.rest_client [req-ee10e8d9-a6ab-485e-88c5-2a6de0f87f81 req-ee10e8d9-a6ab-485e-88c5-2a6de0f87f81 ] Request (ServersWithSpecificFlavorTestJSON:test_verify_created_server_ephemeral_disk): 200 GET http://10.180.1.21/compute/v2.1/servers/7fc2bae2-34a4-472a-a097-f93245de32bd 0.692s
2025-04-16 20:44:52.814 68115 INFO tempest.lib.common.rest_client [req-77042c75-a809-4b7c-ade9-f66347bcdd80 req-77042c75-a809-4b7c-ade9-f66347bcdd80 ] Request (DeleteServersTestJSON:test_delete_active_server): 200 GET http://10.180.1.21/compute/v2.1/servers/d08e77ae-af85-4dfe-86e7-60f850369485 0.808s
2025-04-16 20:44:52.835 68155 INFO tempest.lib.common.rest_client [req-e5b83f31-7872-40bd-b1ec-a235c1ea37c1 req-e5b83f31-7872-40bd-b1ec-a235c1ea37c1 ] Request (AggregatesAdminNegativeTestJSON:tearDownClass): 204 DELETE http://10.180.1.21:9696/networking/v2.0/security-groups/e8f36fe4-92b5-4273-9887-7114bca54005 0.213s
2025-04-16 20:44:52.840 68159 INFO tempest.lib.common.rest_client [req-1af491b5-f3eb-478b-bb88-6fa26350c9fb req-1af491b5-f3eb-478b-bb88-6fa26350c9fb ] Request (ServerExternalEventsTest:test_create_server_external_events): 200 GET http://10.180.1.21/compute/v2.1/servers/573a28e3-bfc4-4b08-919b-65acbca79c7b 0.733s
2025-04-16 20:44:52.888 68103 INFO tempest.lib.common.rest_client [req-5c140803-f0c5-4d21-b1a2-f2294995b5aa req-5c140803-f0c5-4d21-b1a2-f2294995b5aa ] Request (ServersAdminNegativeTestJSON:setUpClass): 200 GET http://10.180.1.21/compute/v2.1/servers/8909b0c9-f236-4d22-b3f1-3bf15b82aa0e 0.728s
2025-04-16 20:44:52.916 68155 INFO tempest.lib.common.rest_client [req-6da100b4-36fe-45ac-bf84-69e4e9498dcc req-6da100b4-36fe-45ac-bf84-69e4e9498dcc ] Request (AggregatesAdminNegativeTestJSON:tearDownClass): 204 DELETE http://10.180.1.21/identity/v3/projects/40fce48f0bbf41d5a51e662004d22be3 0.080s
2025-04-16 20:44:52.916 68155 INFO tempest.lib.common.dynamic_creds [-] Deleting project and security group for project: 2782038124514de18a76733faa76e2d7
2025-04-16 20:44:53.004 68109 INFO tempest.lib.common.rest_client [req-618070be-e1b5-4cce-9c6a-769cd28441b9 req-618070be-e1b5-4cce-9c6a-769cd28441b9 ] Request (ValidationResourcesFixture:setUp): 201 POST http://10.180.1.21:9696/networking/v2.0/floatingips 0.862s
2025-04-16 20:44:53.062 68155 INFO tempest.lib.common.rest_client [req-f5103a6a-18dd-4ef7-9aec-66a251beb214 req-f5103a6a-18dd-4ef7-9aec-66a251beb214 ] Request (AggregatesAdminNegativeTestJSON:tearDownClass): 200 GET http://10.180.1.21:9696/networking/v2.0/security-groups?tenant_id=2782038124514de18a76733faa76e2d7&name=default 0.146s
2025-04-16 20:44:53.074 68145 INFO tempest.lib.common.rest_client [req-463bf623-ebbd-4be0-bb78-c813df52d127 req-463bf623-ebbd-4be0-bb78-c813df52d127 ] Request (SecurityGroupRulesNegativeTestJSON:tearDownClass): 202 DELETE http://10.180.1.21/compute/v2.1/os-security-groups/5a36de1e-8d6b-4606-a1e9-c96143da9682 0.877s
2025-04-16 20:44:53.079 68109 INFO tempest.lib.common.rest_client [req-1ebd071f-6282-4c93-a519-17dc65db474d req-1ebd071f-6282-4c93-a519-17dc65db474d ] Request (AttachVolumeTestJSON:test_attach_detach_volume): 201 POST http://10.180.1.21/identity/v3/auth/tokens 0.071s
2025-04-16 20:44:53.079 68109 INFO tempest.lib.common.fixed_network [-] (AttachVolumeTestJSON:test_attach_detach_volume) Found network {'id': '3de801af-b502-4c80-a02e-c44d4888543f', 'name': 'tempest-AttachVolumeTestJSON-1641095946-network', 'tenant_id': 'e42d51548dea4fdf95eed8fd65a83200', 'admin_state_up': True, 'mtu': 8950, 'status': 'ACTIVE', 'subnets': [], 'shared': False, 'project_id': 'e42d51548dea4fdf95eed8fd65a83200', 'port_security_enabled': True, 'router:external': False, 'provider:network_type': 'vlan', 'provider:physical_network': 'default', 'provider:segmentation_id': 489, 'is_default': False, 'availability_zone_hints': [], 'availability_zones': [], 'ipv4_address_scope': None, 'ipv6_address_scope': None, 'description': '', 'tags': [], 'created_at': '2025-04-16T20:44:45Z', 'updated_at': '2025-04-16T20:44:45Z', 'revision_number': 1} available for tenant
2025-04-16 20:44:53.149 68105 INFO tempest.lib.common.rest_client [req-5211ed62-0569-4984-8618-92780b1b1168 req-5211ed62-0569-4984-8618-92780b1b1168 ] Request (ServersAdmin275Test:test_rebuild_update_server_275): 200 GET http://10.180.1.21/compute/v2.1/servers/3ed56b60-f2a0-4ada-ace0-3b85d93693f1 0.919s
2025-04-16 20:44:53.225 68155 INFO tempest.lib.common.rest_client [req-36605a93-f36a-4d84-b7d7-cd14e2678fd9 req-36605a93-f36a-4d84-b7d7-cd14e2678fd9 ] Request (AggregatesAdminNegativeTestJSON:tearDownClass): 204 DELETE http://10.180.1.21:9696/networking/v2.0/security-groups/6e64362d-39d9-451e-85c1-4eb440394df3 0.162s
2025-04-16 20:44:53.289 68127 INFO tempest.lib.common.rest_client [req-3a3704a5-5fc8-4a65-ab67-3e2b26c9cf12 req-3a3704a5-5fc8-4a65-ab67-3e2b26c9cf12 ] Request (ListServersNegativeTestJSON:setUpClass): 200 GET http://10.180.1.21/compute/v2.1/servers/939b4cbc-aa1c-4995-9675-4c3d1f4dce55 0.955s
2025-04-16 20:44:53.347 68155 INFO tempest.lib.common.rest_client [req-3defc7ca-1ad5-44ec-993b-83f0afd714b8 req-3defc7ca-1ad5-44ec-993b-83f0afd714b8 ] Request (AggregatesAdminNegativeTestJSON:tearDownClass): 204 DELETE http://10.180.1.21/identity/v3/projects/2782038124514de18a76733faa76e2d7 0.122s
2025-04-16 20:44:53.353 68133 INFO tempest.lib.common.rest_client [req-363e7a1d-384f-4053-88db-4ca2766b4b77 req-363e7a1d-384f-4053-88db-4ca2766b4b77 ] Request (ServerShowV247Test:test_update_rebuild_list_server): 200 GET http://10.180.1.21/compute/v2.1/servers/6c978d86-e29b-4fd6-99e6-1ac37678871d 0.825s
2025-04-16 20:44:53.410 68153 INFO tempest.lib.common.rest_client [req-3044ec73-f7cb-4c8b-82ac-6c8481a61373 req-3044ec73-f7cb-4c8b-82ac-6c8481a61373 ] Request (ImagesTestJSON:test_create_image_from_stopped_server): 200 GET http://10.180.1.21/compute/v2.1/servers/ed58f91c-e284-4877-8d7c-f1f9e9f1add8 0.823s
2025-04-16 20:44:53.416 68149 INFO tempest.lib.common.rest_client [req-60110e13-7536-4674-b758-e4db6d58e2dd req-60110e13-7536-4674-b758-e4db6d58e2dd ] Request (VolumesNegativeTest:test_get_volume_without_passing_volume_id): 404 GET http://10.180.1.21/compute/v2.1/os-volumes/ 0.796s
2025-04-16 20:44:53.421 68155 INFO tempest.lib.common.rest_client [req-f35fe4a0-1ff7-457c-9364-6739b0c9bfbe req-f35fe4a0-1ff7-457c-9364-6739b0c9bfbe ] Request (ServerDiagnosticsTest:setUpClass): 201 POST http://10.180.1.21/identity/v3/auth/tokens 0.073s
2025-04-16 20:44:53.457 68155 INFO tempest.lib.common.rest_client [req-68ba8f0f-6e9f-4c52-a09f-4a3e2b693c66 req-68ba8f0f-6e9f-4c52-a09f-4a3e2b693c66 ] Request (ServerDiagnosticsTest:setUpClass): 201 POST http://10.180.1.21/identity/v3/auth/tokens 0.033s
2025-04-16 20:44:53.493 68155 INFO tempest.lib.common.rest_client [req-b7b8a5e3-9e9d-4ae3-969d-fdfabc06474c req-b7b8a5e3-9e9d-4ae3-969d-fdfabc06474c ] Request (ServerDiagnosticsTest:setUpClass): 200 GET http://10.180.1.21/identity/v3/domains?name=Default 0.036s
2025-04-16 20:44:53.518 68123 INFO tempest.lib.common.rest_client [req-29457ce6-8faf-44f1-bcbc-3ad550fb84c5 req-29457ce6-8faf-44f1-bcbc-3ad550fb84c5 ] Request (ServersTestBootFromVolume:setUpClass): 200 GET http://10.180.1.21/volume/v3/c0690866c8bf417cb1de12ca51d2c0ea/volumes/461be141-0a7d-4edb-a2a3-efbd18f6165c 0.029s
2025-04-16 20:44:53.526 68155 INFO tempest.lib.common.rest_client [req-294c36ba-e7d7-401f-a330-c3c72723c331 req-294c36ba-e7d7-401f-a330-c3c72723c331 ] Request (ServerDiagnosticsTest:setUpClass): 201 POST http://10.180.1.21/identity/v3/projects 0.032s
2025-04-16 20:44:53.620 68155 INFO tempest.lib.common.rest_client [req-dfc7f9a8-f82f-4bd7-af55-93cdea374ed8 req-dfc7f9a8-f82f-4bd7-af55-93cdea374ed8 ] Request (ServerDiagnosticsTest:setUpClass): 201 POST http://10.180.1.21/identity/v3/users 0.094s
2025-04-16 20:44:53.641 68119 INFO tempest.lib.common.rest_client [req-d3a611fd-678e-4d80-9ad4-a61be47d5ebe req-d3a611fd-678e-4d80-9ad4-a61be47d5ebe ] Request (FloatingIPsAssociationTestJSON:setUpClass): 200 GET http://10.180.1.21/compute/v2.1/servers/14478951-d2c1-4472-af0c-354757e0bb0b 0.956s
2025-04-16 20:44:53.653 68155 INFO tempest.lib.common.rest_client [req-0d550a7b-9076-4ee0-aa3e-2f5938f71481 req-0d550a7b-9076-4ee0-aa3e-2f5938f71481 ] Request (ServerDiagnosticsTest:setUpClass): 200 GET http://10.180.1.21/identity/v3/roles 0.033s
2025-04-16 20:44:53.701 68155 INFO tempest.lib.common.rest_client [req-c8cc3870-4f42-4e40-a11f-13ccf138aab5 req-c8cc3870-4f42-4e40-a11f-13ccf138aab5 ] Request (ServerDiagnosticsTest:setUpClass): 204 PUT http://10.180.1.21/identity/v3/projects/852f04826f3c4328a0884af41a663194/users/aaa3460b889f417d82767c9b7a3ee029/roles/987455a1118d41839e48b69f823effd5 0.047s
2025-04-16 20:44:53.701 68155 INFO tempest.lib.common.dynamic_creds [-] Dynamic test user aaa3460b889f417d82767c9b7a3ee029 is created with scope project and roles: ['member']
2025-04-16 20:44:53.701 68155 INFO tempest.lib.common.dynamic_creds [-] Acquired dynamic creds: credentials: Credentials: {'domain_id': 'default', 'domain_name': 'Default', 'username': 'tempest-ServerDiagnosticsTest-1880289301-project-member', 'project_domain_id': 'default', 'project_domain_name': 'Default', 'project_id': '852f04826f3c4328a0884af41a663194', 'project_name': 'tempest-ServerDiagnosticsTest-1880289301', 'tenant_id': '852f04826f3c4328a0884af41a663194', 'tenant_name': 'tempest-ServerDiagnosticsTest-1880289301', 'user_domain_id': 'default', 'user_domain_name': 'Default', 'user_id': 'aaa3460b889f417d82767c9b7a3ee029', 'system': None}, Network: None, Subnet: None, Router: None
2025-04-16 20:44:53.701 68155 INFO tempest.lib.common.dynamic_creds [-] Created isolated network resources for: credentials: Credentials: {'domain_id': 'default', 'domain_name': 'Default', 'username': 'tempest-ServerDiagnosticsTest-1880289301-project-member', 'project_domain_id': 'default', 'project_domain_name': 'Default', 'project_id': '852f04826f3c4328a0884af41a663194', 'project_name': 'tempest-ServerDiagnosticsTest-1880289301', 'tenant_id': '852f04826f3c4328a0884af41a663194', 'tenant_name': 'tempest-ServerDiagnosticsTest-1880289301', 'user_domain_id': 'default', 'user_domain_name': 'Default', 'user_id': 'aaa3460b889f417d82767c9b7a3ee029', 'system': None}, Network: None, Subnet: None, Router: None
2025-04-16 20:44:53.738 68125 INFO tempest.lib.common.rest_client [req-b752fbe6-46ca-44b6-b052-b77aa50af329 req-b752fbe6-46ca-44b6-b052-b77aa50af329 ] Request (FloatingIPsAssociationNegativeTestJSON:setUpClass): 202 POST http://10.180.1.21/compute/v2.1/servers 1.408s
2025-04-16 20:44:53.802 68155 INFO tempest.lib.common.rest_client [req-78df0078-2799-4c06-ba01-6138b71b03b3 req-78df0078-2799-4c06-ba01-6138b71b03b3 ] Request (ServerDiagnosticsTest:setUpClass): 201 POST http://10.180.1.21/identity/v3/auth/tokens 0.096s
2025-04-16 20:44:53.877 68155 INFO tempest.lib.common.rest_client [req-6635b16f-5f91-4576-b08a-d29749df7492 req-6635b16f-5f91-4576-b08a-d29749df7492 ] Request (ServerDiagnosticsTest:setUpClass): 201 POST http://10.180.1.21/identity/v3/projects 0.075s
2025-04-16 20:44:53.933 68117 INFO tempest.lib.common.rest_client [req-0b33e424-4c9d-4254-932c-205ec3342b3c req-0b33e424-4c9d-4254-932c-205ec3342b3c ] Request (AttachInterfacesUnderV243Test:setUpClass): 200 PUT http://10.180.1.21:9696/networking/v2.0/routers/e7ec5c3a-b9d7-4618-ae8b-dab7efc8dce6/add_router_interface 1.699s
2025-04-16 20:44:53.933 68117 INFO tempest.lib.common.dynamic_creds [-] Created isolated network resources for: credentials: Credentials: {'domain_id': 'default', 'domain_name': 'Default', 'username': 'tempest-AttachInterfacesUnderV243Test-989850202-project-member', 'project_domain_id': 'default', 'project_domain_name': 'Default', 'project_id': '744f37fd7ead4f90bde4f3ec6ffd553e', 'project_name': 'tempest-AttachInterfacesUnderV243Test-989850202', 'tenant_id': '744f37fd7ead4f90bde4f3ec6ffd553e', 'tenant_name': 'tempest-AttachInterfacesUnderV243Test-989850202', 'user_domain_id': 'default', 'user_domain_name': 'Default', 'user_id': 'bcafd98361be463ead081991cbb65418', 'system': None}, Network: {'id': '0a10d3c6-322c-483b-bdc7-ae2c4498b08e', 'name': 'tempest-AttachInterfacesUnderV243Test-1682845099-network', 'tenant_id': '744f37fd7ead4f90bde4f3ec6ffd553e', 'admin_state_up': True, 'mtu': 8950, 'status': 'ACTIVE', 'subnets': [], 'shared': False, 'project_id': '744f37fd7ead4f90bde4f3ec6ffd553e', 'port_security_enabled': True, 'router:external': False, 'provider:network_type': 'vlan', 'provider:physical_network': 'default', 'provider:segmentation_id': 717, 'is_default': False, 'availability_zone_hints': [], 'availability_zones': [], 'ipv4_address_scope': None, 'ipv6_address_scope': None, 'description': '', 'tags': [], 'created_at': '2025-04-16T20:44:48Z', 'updated_at': '2025-04-16T20:44:49Z', 'revision_number': 1}, Subnet: {'id': 'ec0bd70c-937b-43c8-ad4c-111f5117ec76', 'name': 'tempest-AttachInterfacesUnderV243Test-1682845099-subnet', 'tenant_id': '744f37fd7ead4f90bde4f3ec6ffd553e', 'network_id': '0a10d3c6-322c-483b-bdc7-ae2c4498b08e', 'ip_version': 4, 'subnetpool_id': None, 'enable_dhcp': True, 'ipv6_ra_mode': None, 'ipv6_address_mode': None, 'gateway_ip': '192.168.128.1', 'cidr': '192.168.128.0/28', 'allocation_pools': [{'start': '192.168.128.2', 'end': '192.168.128.14'}], 'host_routes': [], 'dns_nameservers': [], 'description': '', 'service_types': [], 'tags': [], 'created_at': '2025-04-16T20:44:49Z', 'updated_at': '2025-04-16T20:44:49Z', 'revision_number': 0, 'project_id': '744f37fd7ead4f90bde4f3ec6ffd553e'}, Router: {'id': 'e7ec5c3a-b9d7-4618-ae8b-dab7efc8dce6', 'name': 'tempest-AttachInterfacesUnderV243Test-1682845099-router', 'tenant_id': '744f37fd7ead4f90bde4f3ec6ffd553e', 'admin_state_up': True, 'status': 'ACTIVE', 'external_gateway_info': {'network_id': 'ce16ed24-ad0c-4ac2-8a26-52c632aae352', 'external_fixed_ips': [{'subnet_id': '6b122d19-d52b-400d-a3ad-548e7d071deb', 'ip_address': '10.180.180.216'}], 'enable_snat': True}, 'description': '', 'availability_zones': [], 'distributed': False, 'ha': False, 'availability_zone_hints': [], 'routes': [], 'flavor_id': None, 'tags': [], 'created_at': '2025-04-16T20:44:49Z', 'updated_at': '2025-04-16T20:44:51Z', 'revision_number': 2, 'project_id': '744f37fd7ead4f90bde4f3ec6ffd553e'}
2025-04-16 20:44:53.954 68107 INFO tempest.lib.common.rest_client [req-0c18a54e-8eb2-4885-9f69-887dff0b02a2 req-0c18a54e-8eb2-4885-9f69-887dff0b02a2 ] Request (ServerDiagnosticsNegativeTest:test_get_server_diagnostics_by_non_admin): 200 GET http://10.180.1.21/compute/v2.1/servers/d41bef54-918d-4a67-9666-4beb8bd1d1dc 1.193s
2025-04-16 20:44:53.961 68139 INFO tempest.lib.common.rest_client [req-332fbfef-29c9-450e-a304-98398309f713 req-332fbfef-29c9-450e-a304-98398309f713 ] Request (TenantUsagesTestJSON:setUpClass): 200 GET http://10.180.1.21/compute/v2.1/servers/be35d888-f649-44e4-af23-341b8bfc81f6 1.234s
2025-04-16 20:44:53.976 68155 INFO tempest.lib.common.rest_client [req-18c92ad2-193b-4ce9-93e9-652ff188bcef req-18c92ad2-193b-4ce9-93e9-652ff188bcef ] Request (ServerDiagnosticsTest:setUpClass): 201 POST http://10.180.1.21/identity/v3/users 0.098s
2025-04-16 20:44:54.007 68155 INFO tempest.lib.common.rest_client [req-0f5894dd-734c-44f3-a4a2-666301020b6a req-0f5894dd-734c-44f3-a4a2-666301020b6a ] Request (ServerDiagnosticsTest:setUpClass): 200 GET http://10.180.1.21/identity/v3/roles 0.030s
2025-04-16 20:44:54.041 68113 INFO tempest.lib.common.rest_client [req-d544de67-59dc-4a19-b4ba-f059fb645ccc req-d544de67-59dc-4a19-b4ba-f059fb645ccc ] Request (ListImageFiltersTestJSON:setUpClass): 200 GET http://10.180.1.21/compute/v2.1/servers/b566340c-f89b-43e3-afae-83b67d4b169c 1.229s
2025-04-16 20:44:54.049 68117 INFO tempest.lib.common.rest_client [req-3b818419-518f-49e0-b0fa-e1c543838d9a req-3b818419-518f-49e0-b0fa-e1c543838d9a ] Request (AttachInterfacesUnderV243Test:setUpClass): 201 POST http://10.180.1.21/identity/v3/auth/tokens 0.113s
2025-04-16 20:44:54.051 68155 INFO tempest.lib.common.rest_client [req-b77aca0f-1fd0-4e57-a0b1-dd1b326a33fc req-b77aca0f-1fd0-4e57-a0b1-dd1b326a33fc ] Request (ServerDiagnosticsTest:setUpClass): 204 PUT http://10.180.1.21/identity/v3/projects/8fd5cd68fefe49268c037796ed188438/users/47a55dc41d9e4057bb1f68f53fd55c10/roles/5bc33e1805ed4ea195d0d953d45823a9 0.043s
2025-04-16 20:44:54.105 68143 INFO tempest.lib.common.rest_client [req-b609a92b-52c5-4b61-ab15-038d849c8052 req-b609a92b-52c5-4b61-ab15-038d849c8052 ] Request (MigrationsAdminTest:test_list_migrations_in_flavor_resize_situation): 200 GET http://10.180.1.21/compute/v2.1/servers/ca9f607c-cde9-459e-aa9e-4b060bc8a68b 1.188s
2025-04-16 20:44:54.112 68161 INFO tempest.lib.common.rest_client [req-02dadf3d-1f7d-4c8c-ab50-df46c3410f79 req-02dadf3d-1f7d-4c8c-ab50-df46c3410f79 ] Request (ImagesOneServerTestJSON:setUpClass): 200 GET http://10.180.1.21/compute/v2.1/servers/08b4411d-6ed5-453a-92f2-1dd0b1ee2140 1.142s
2025-04-16 20:44:54.135 68155 INFO tempest.lib.common.rest_client [req-a1707907-dc1c-4fa5-b34f-8681404ce476 req-a1707907-dc1c-4fa5-b34f-8681404ce476 ] Request (ServerDiagnosticsTest:setUpClass): 200 GET http://10.180.1.21/identity/v3/roles 0.082s
2025-04-16 20:44:54.167 68137 INFO tempest.lib.common.rest_client [req-c28030e5-0316-43a3-9318-e9efd6088a5c req-c28030e5-0316-43a3-9318-e9efd6088a5c ] Request (ServerRescueTestJSON:setUpClass): 200 GET http://10.180.1.21/compute/v2.1/servers/2c2c96a0-fd0e-4d48-8c3e-6fe66fc555f3 1.191s
2025-04-16 20:44:54.168 68155 INFO tempest.lib.common.rest_client [req-fdca90ee-abcd-4b16-9b5d-50e8d8ccac71 req-fdca90ee-abcd-4b16-9b5d-50e8d8ccac71 ] Request (ServerDiagnosticsTest:setUpClass): 204 PUT http://10.180.1.21/identity/v3/projects/8fd5cd68fefe49268c037796ed188438/users/47a55dc41d9e4057bb1f68f53fd55c10/roles/5bc33e1805ed4ea195d0d953d45823a9 0.032s
2025-04-16 20:44:54.168 68155 INFO tempest.lib.common.dynamic_creds [-] Dynamic test user 47a55dc41d9e4057bb1f68f53fd55c10 is created with scope project and roles: ['admin']
2025-04-16 20:44:54.168 68155 INFO tempest.lib.common.dynamic_creds [-] Acquired dynamic creds: credentials: Credentials: {'domain_id': 'default', 'domain_name': 'Default', 'username': 'tempest-ServerDiagnosticsTest-1997541188-project-admin', 'project_domain_id': 'default', 'project_domain_name': 'Default', 'project_id': '8fd5cd68fefe49268c037796ed188438', 'project_name': 'tempest-ServerDiagnosticsTest-1997541188', 'tenant_id': '8fd5cd68fefe49268c037796ed188438', 'tenant_name': 'tempest-ServerDiagnosticsTest-1997541188', 'user_domain_id': 'default', 'user_domain_name': 'Default', 'user_id': '47a55dc41d9e4057bb1f68f53fd55c10', 'system': None}, Network: None, Subnet: None, Router: None
2025-04-16 20:44:54.168 68155 INFO tempest.lib.common.dynamic_creds [-] Created isolated network resources for: credentials: Credentials: {'domain_id': 'default', 'domain_name': 'Default', 'username': 'tempest-ServerDiagnosticsTest-1997541188-project-admin', 'project_domain_id': 'default', 'project_domain_name': 'Default', 'project_id': '8fd5cd68fefe49268c037796ed188438', 'project_name': 'tempest-ServerDiagnosticsTest-1997541188', 'tenant_id': '8fd5cd68fefe49268c037796ed188438', 'tenant_name': 'tempest-ServerDiagnosticsTest-1997541188', 'user_domain_id': 'default', 'user_domain_name': 'Default', 'user_id': '47a55dc41d9e4057bb1f68f53fd55c10', 'system': None}, Network: None, Subnet: None, Router: None
2025-04-16 20:44:54.175 68129 INFO tempest.lib.common.rest_client [req-dbd728d0-a7cf-4e5b-b481-19fb57544919 req-dbd728d0-a7cf-4e5b-b481-19fb57544919 ] Request (ServerRescueNegativeTestJSON:setUpClass): 200 GET http://10.180.1.21/compute/v2.1/servers/87d3ff6f-df3e-4fbe-98b3-98878945da63 1.132s
2025-04-16 20:44:54.273 68155 INFO tempest.lib.common.rest_client [req-0efe3258-fffb-41ce-93c1-0f87f0f1f52f req-0efe3258-fffb-41ce-93c1-0f87f0f1f52f ] Request (ServerDiagnosticsTest:setUpClass): 201 POST http://10.180.1.21/identity/v3/auth/tokens 0.101s
2025-04-16 20:44:54.335 68111 INFO tempest.lib.common.rest_client [req-586c94d8-18fd-4e52-920d-e6cdc9862577 req-586c94d8-18fd-4e52-920d-e6cdc9862577 ] Request (ImagesOneServerNegativeTestJSON:setUpClass): 200 GET http://10.180.1.21/compute/v2.1/servers/1cc3b207-a628-4fe5-8908-6879483806b9 1.074s
2025-04-16 20:44:54.337 68155 INFO tempest.lib.common.rest_client [req-81ec4d56-6c54-4d16-8986-34b62ea347fe req-81ec4d56-6c54-4d16-8986-34b62ea347fe ] Request (ServerDiagnosticsTest:test_get_server_diagnostics): 201 POST http://10.180.1.21/identity/v3/auth/tokens 0.060s
2025-04-16 20:44:54.337 68155 INFO tempest.lib.common.fixed_network [-] (ServerDiagnosticsTest:test_get_server_diagnostics) Found network None available for tenant
2025-04-16 20:44:54.388 68099 INFO tempest.lib.common.rest_client [req-b28c4158-e01b-45f7-89e7-2a9067495ce5 req-b28c4158-e01b-45f7-89e7-2a9067495ce5 ] Request (ServersTestJSON:setUpClass): 200 GET http://10.180.1.21/compute/v2.1/servers/91d81e24-4166-4135-9a3b-fe117bdf9c2d 1.096s
2025-04-16 20:44:54.444 68141 INFO tempest.lib.common.rest_client [req-85434f2d-fb74-4673-bccc-7260bee230a4 req-85434f2d-fb74-4673-bccc-7260bee230a4 ] Request (ImagesNegativeTestJSON:test_create_image_from_deleted_server): 200 GET http://10.180.1.21/compute/v2.1/servers/906c40dd-b6d6-492a-aa51-58901959a60d 1.076s
2025-04-16 20:44:54.479 68149 INFO tempest.lib.common.rest_client [req-50f516a9-d860-4fdc-bd89-2cf2fc9cd9b6 req-50f516a9-d860-4fdc-bd89-2cf2fc9cd9b6 ] Request (VolumesNegativeTest:test_volume_delete_nonexistent_volume_id): 404 DELETE http://10.180.1.21/compute/v2.1/os-volumes/5a4986fe-8994-4b1d-bff0-5d59b6a8ca40 1.062s
2025-04-16 20:44:54.501 68145 INFO tempest.lib.common.rest_client [req-f0cac8fb-b10b-42c3-a417-dec559d5f382 req-f0cac8fb-b10b-42c3-a417-dec559d5f382 ] Request (SecurityGroupRulesNegativeTestJSON:tearDownClass): 200 PUT http://10.180.1.21:9696/networking/v2.0/routers/7e0e434c-dc93-4b1a-9a92-b183809844c2/remove_router_interface 1.426s
2025-04-16 20:44:54.564 68123 INFO tempest.lib.common.rest_client [req-817a35fe-190a-461d-a409-ef1690b680ab req-817a35fe-190a-461d-a409-ef1690b680ab ] Request (ServersTestBootFromVolume:setUpClass): 200 GET http://10.180.1.21/volume/v3/c0690866c8bf417cb1de12ca51d2c0ea/volumes/461be141-0a7d-4edb-a2a3-efbd18f6165c 0.038s
2025-04-16 20:44:54.571 68123 INFO tempest.common.waiters [-] volume 461be141-0a7d-4edb-a2a3-efbd18f6165c reached available after waiting for 19.571774 seconds
2025-04-16 20:44:54.625 68109 INFO tempest.lib.common.rest_client [req-e207ec3d-d65a-4446-9f8f-4d954dd4a000 req-e207ec3d-d65a-4446-9f8f-4d954dd4a000 ] Request (AttachVolumeTestJSON:test_attach_detach_volume): 202 POST http://10.180.1.21/compute/v2.1/servers 1.545s
2025-04-16 20:44:54.672 68151 INFO tempest.lib.common.rest_client [req-a0e09048-9506-4cba-9866-d24255e1f9aa req-a0e09048-9506-4cba-9866-d24255e1f9aa ] Request (DeleteServersAdminTestJSON:test_admin_delete_servers_of_others): 200 GET http://10.180.1.21/compute/v2.1/servers/0421f92d-8c91-4a60-beb9-f1a799e6d1b4 1.152s
2025-04-16 20:44:54.732 68157 INFO tempest.lib.common.rest_client [req-4f643d80-9e67-4589-b1b8-993b750cbcc8 req-4f643d80-9e67-4589-b1b8-993b750cbcc8 ] Request (ServersTestFqdnHostnames:test_create_server_with_fqdn_name): 200 GET http://10.180.1.21/compute/v2.1/servers/80f480dc-9bb8-4764-9b6b-793c0954962e 1.209s
2025-04-16 20:44:54.749 68131 INFO tempest.lib.common.rest_client [req-de11fa43-1d3b-4678-b0d9-0f2a796bb9cd req-de11fa43-1d3b-4678-b0d9-0f2a796bb9cd ] Request (ServersAdminTestJSON:setUpClass): 200 GET http://10.180.1.21/compute/v2.1/servers/da533036-7e32-4078-9060-6ee7680cba5f 1.148s
2025-04-16 20:44:54.794 68148 INFO tempest.lib.common.rest_client [req-7a2624e1-fc30-49df-9530-3429d21f9c96 req-7a2624e1-fc30-49df-9530-3429d21f9c96 ] Request (ServersV294TestFqdnHostnames:setUpClass): 200 GET http://10.180.1.21/compute/v2.1/servers/ffe8063c-5dae-4e58-beca-f3a883d5d8df 1.167s
2025-04-16 20:44:54.821 68101 INFO tempest.lib.common.rest_client [req-3181c237-b87a-483c-bf25-b92703530ac2 req-3181c237-b87a-483c-bf25-b92703530ac2 ] Request (VolumesAssistedSnapshotsTest:test_volume_assisted_snapshot_create_delete): 200 GET http://10.180.1.21/compute/v2.1/servers/39420619-61c5-4e52-8236-d3abc3ef6f0f 1.140s
2025-04-16 20:44:54.843 68135 INFO tempest.lib.common.rest_client [req-e616c285-3fab-4223-9335-202d946aac17 req-e616c285-3fab-4223-9335-202d946aac17 ] Request (ServersWithSpecificFlavorTestJSON:test_verify_created_server_ephemeral_disk): 200 GET http://10.180.1.21/compute/v2.1/servers/7fc2bae2-34a4-472a-a097-f93245de32bd 1.143s
2025-04-16 20:44:54.874 68125 INFO tempest.lib.common.rest_client [req-f0f0cc7a-161f-4fed-8cde-dc1f2ff73c2e req-f0f0cc7a-161f-4fed-8cde-dc1f2ff73c2e ] Request (FloatingIPsAssociationNegativeTestJSON:setUpClass): 200 GET http://10.180.1.21/compute/v2.1/servers/4e356219-fa88-474c-97fe-6f6a6ef0c90d 1.134s
2025-04-16 20:44:55.009 68115 INFO tempest.lib.common.rest_client [req-64e83bd6-45c9-4a69-a766-953e3aa0ed62 req-64e83bd6-45c9-4a69-a766-953e3aa0ed62 ] Request (DeleteServersTestJSON:test_delete_active_server): 200 GET http://10.180.1.21/compute/v2.1/servers/d08e77ae-af85-4dfe-86e7-60f850369485 1.185s
2025-04-16 20:44:55.058 68103 INFO tempest.lib.common.rest_client [req-a8d51ffe-3885-4874-8d3f-7600fec6f237 req-a8d51ffe-3885-4874-8d3f-7600fec6f237 ] Request (ServersAdminNegativeTestJSON:setUpClass): 200 GET http://10.180.1.21/compute/v2.1/servers/8909b0c9-f236-4d22-b3f1-3bf15b82aa0e 1.153s
2025-04-16 20:44:55.065 68159 INFO tempest.lib.common.rest_client [req-70584b86-7809-4e91-ac02-7b175a58b0d2 req-70584b86-7809-4e91-ac02-7b175a58b0d2 ] Request (ServerExternalEventsTest:test_create_server_external_events): 200 GET http://10.180.1.21/compute/v2.1/servers/573a28e3-bfc4-4b08-919b-65acbca79c7b 1.212s
2025-04-16 20:44:55.092 68145 INFO tempest.lib.common.rest_client [req-6339c41d-ce7e-4aa0-b85c-33a1ba217ccf req-6339c41d-ce7e-4aa0-b85c-33a1ba217ccf ] Request (SecurityGroupRulesNegativeTestJSON:tearDownClass): 204 DELETE http://10.180.1.21:9696/networking/v2.0/routers/7e0e434c-dc93-4b1a-9a92-b183809844c2 0.591s
2025-04-16 20:44:55.137 68105 INFO tempest.lib.common.rest_client [req-a43a1f95-2b8c-4ea0-881e-2085607ddadc req-a43a1f95-2b8c-4ea0-881e-2085607ddadc ] Request (ServersAdmin275Test:test_rebuild_update_server_275): 200 GET http://10.180.1.21/compute/v2.1/servers/3ed56b60-f2a0-4ada-ace0-3b85d93693f1 0.975s
2025-04-16 20:44:55.220 68117 INFO tempest.lib.common.rest_client [req-426c4413-91d2-42a2-9ce5-3a2782bc519c req-426c4413-91d2-42a2-9ce5-3a2782bc519c ] Request (ValidationResourcesFixture:setUp): 200 POST http://10.180.1.21/compute/v2.1/os-keypairs 1.166s
2025-04-16 20:44:55.300 68145 INFO tempest.lib.common.rest_client [req-ea6871be-a533-4592-9afa-e64eca9ab059 req-ea6871be-a533-4592-9afa-e64eca9ab059 ] Request (SecurityGroupRulesNegativeTestJSON:tearDownClass): 204 DELETE http://10.180.1.21:9696/networking/v2.0/subnets/01985423-8fa2-4652-a9f2-0ba581960008 0.207s
2025-04-16 20:44:55.326 68117 INFO tempest.lib.common.rest_client [req-9047276b-47c5-47a1-980e-f8bd4d779f3d req-9047276b-47c5-47a1-980e-f8bd4d779f3d ] Request (ValidationResourcesFixture:setUp): 201 POST http://10.180.1.21:9696/networking/v2.0/security-groups 0.104s
2025-04-16 20:44:55.348 68127 INFO tempest.lib.common.rest_client [req-3a483470-4cf6-4fb0-b257-730d6544ed4c req-3a483470-4cf6-4fb0-b257-730d6544ed4c ] Request (ListServersNegativeTestJSON:setUpClass): 200 GET http://10.180.1.21/compute/v2.1/servers/939b4cbc-aa1c-4995-9675-4c3d1f4dce55 1.049s
2025-04-16 20:44:55.417 68133 INFO tempest.lib.common.rest_client [req-52670d63-a4ec-4308-ac76-d78b1dc16193 req-52670d63-a4ec-4308-ac76-d78b1dc16193 ] Request (ServerShowV247Test:test_update_rebuild_list_server): 200 GET http://10.180.1.21/compute/v2.1/servers/6c978d86-e29b-4fd6-99e6-1ac37678871d 1.051s
2025-04-16 20:44:55.481 68117 INFO tempest.lib.common.rest_client [req-6c03b830-0180-49be-8308-6b63fa8b16ea req-6c03b830-0180-49be-8308-6b63fa8b16ea ] Request (ValidationResourcesFixture:setUp): 201 POST http://10.180.1.21:9696/networking/v2.0/security-group-rules 0.155s
2025-04-16 20:44:55.484 68153 INFO tempest.lib.common.rest_client [req-85b1a073-da35-41f2-bf16-c77615e75972 req-85b1a073-da35-41f2-bf16-c77615e75972 ] Request (ImagesTestJSON:test_create_image_from_stopped_server): 200 GET http://10.180.1.21/compute/v2.1/servers/ed58f91c-e284-4877-8d7c-f1f9e9f1add8 1.064s
2025-04-16 20:44:55.513 68149 INFO tempest.lib.common.rest_client [req-88acc72a-d900-492d-915e-03d9a3373ffc req-88acc72a-d900-492d-915e-03d9a3373ffc ] Request (VolumesNegativeTest:test_volume_get_nonexistent_volume_id): 404 GET http://10.180.1.21/compute/v2.1/os-volumes/813dec57-50c1-4e72-bfff-5e935a9cce6e 1.031s
2025-04-16 20:44:55.562 68155 INFO tempest.lib.common.rest_client [req-d90fef5e-1cf7-4482-bbf5-b798e9a0355a req-d90fef5e-1cf7-4482-bbf5-b798e9a0355a ] Request (ServerDiagnosticsTest:test_get_server_diagnostics): 202 POST http://10.180.1.21/compute/v2.1/servers 1.224s
2025-04-16 20:44:55.636 68109 INFO tempest.lib.common.rest_client [req-609be79b-4850-4ba7-9ce9-1096f308abe7 req-609be79b-4850-4ba7-9ce9-1096f308abe7 ] Request (AttachVolumeTestJSON:test_attach_detach_volume): 200 GET http://10.180.1.21/compute/v2.1/servers/454a0392-c614-4ca8-903e-48efa44be22f 1.009s
2025-04-16 20:44:55.642 68149 INFO tempest.lib.common.rest_client [req-26127a31-7840-4268-a0e7-2e9ad90808d4 req-26127a31-7840-4268-a0e7-2e9ad90808d4 ] Request (VolumesNegativeTest:tearDownClass): 204 DELETE http://10.180.1.21/identity/v3/users/6fbe96fcfa6449878821ae6dfdd0adfe 0.122s
2025-04-16 20:44:55.642 68149 INFO tempest.lib.common.dynamic_creds [-] Deleting project and security group for project: a0055d75d0be47bb90a9e1664afa08d2
2025-04-16 20:44:55.679 68117 INFO tempest.lib.common.rest_client [req-1b939e3a-4fbd-4b4f-9500-836097251515 req-1b939e3a-4fbd-4b4f-9500-836097251515 ] Request (ValidationResourcesFixture:setUp): 201 POST http://10.180.1.21:9696/networking/v2.0/security-group-rules 0.197s
2025-04-16 20:44:55.717 68149 INFO tempest.lib.common.rest_client [req-7abb60c5-341c-4966-a957-df5930038134 req-7abb60c5-341c-4966-a957-df5930038134 ] Request (VolumesNegativeTest:tearDownClass): 201 POST http://10.180.1.21/identity/v3/auth/tokens 0.074s
2025-04-16 20:44:55.733 68145 INFO tempest.lib.common.rest_client [req-a3f89868-e0b8-42cf-9111-1f91ebba5904 req-a3f89868-e0b8-42cf-9111-1f91ebba5904 ] Request (SecurityGroupRulesNegativeTestJSON:tearDownClass): 204 DELETE http://10.180.1.21:9696/networking/v2.0/networks/1959c296-304a-421a-953a-9b67508ea28d 0.433s
2025-04-16 20:44:55.794 68119 INFO tempest.lib.common.rest_client [req-5105735f-4caf-4889-af91-3b11c947d5ab req-5105735f-4caf-4889-af91-3b11c947d5ab ] Request (FloatingIPsAssociationTestJSON:setUpClass): 200 GET http://10.180.1.21/compute/v2.1/servers/14478951-d2c1-4472-af0c-354757e0bb0b 1.138s
2025-04-16 20:44:55.806 68145 INFO tempest.lib.common.rest_client [req-0e3eca32-6e8d-4cd8-bab7-f12e021f52c8 req-0e3eca32-6e8d-4cd8-bab7-f12e021f52c8 ] Request (SecurityGroupRulesNegativeTestJSON:tearDownClass): 204 DELETE http://10.180.1.21/identity/v3/users/b5ad8bc584ff4f6398fb32edbea5771e 0.073s
2025-04-16 20:44:55.806 68145 INFO tempest.lib.common.dynamic_creds [-] Deleting project and security group for project: ddbaa1a7856d445e88bca45056d8ef96
2025-04-16 20:44:55.858 68145 INFO tempest.lib.common.rest_client [req-afdae45d-7a4d-48ed-99d8-54230dc2cbc8 req-afdae45d-7a4d-48ed-99d8-54230dc2cbc8 ] Request (SecurityGroupRulesNegativeTestJSON:tearDownClass): 200 GET http://10.180.1.21:9696/networking/v2.0/security-groups?tenant_id=ddbaa1a7856d445e88bca45056d8ef96&name=default 0.051s
2025-04-16 20:44:55.866 68107 INFO tempest.lib.common.rest_client [req-1602add5-f3e6-4276-a34b-4d783c28aa5c req-1602add5-f3e6-4276-a34b-4d783c28aa5c ] Request (ServerDiagnosticsNegativeTest:test_get_server_diagnostics_by_non_admin): 200 GET http://10.180.1.21/compute/v2.1/servers/d41bef54-918d-4a67-9666-4beb8bd1d1dc 0.903s
2025-04-16 20:44:55.996 68139 INFO tempest.lib.common.rest_client [req-4e1d9e36-ea02-45d0-9cb9-c037039d935a req-4e1d9e36-ea02-45d0-9cb9-c037039d935a ] Request (TenantUsagesTestJSON:setUpClass): 200 GET http://10.180.1.21/compute/v2.1/servers/be35d888-f649-44e4-af23-341b8bfc81f6 1.025s
2025-04-16 20:44:56.022 68145 INFO tempest.lib.common.rest_client [req-123e8268-deb3-45ce-8dd8-372fc8469c1c req-123e8268-deb3-45ce-8dd8-372fc8469c1c ] Request (SecurityGroupRulesNegativeTestJSON:tearDownClass): 204 DELETE http://10.180.1.21:9696/networking/v2.0/security-groups/1ba366bc-eae6-4c5a-ba81-c34174bb4c37 0.163s
2025-04-16 20:44:56.062 68113 INFO tempest.lib.common.rest_client [req-0876deec-0c6f-48f4-be37-74803dfb16ea req-0876deec-0c6f-48f4-be37-74803dfb16ea ] Request (ListImageFiltersTestJSON:setUpClass): 200 GET http://10.180.1.21/compute/v2.1/servers/b566340c-f89b-43e3-afae-83b67d4b169c 1.007s
2025-04-16 20:44:56.066 68149 INFO tempest.lib.common.rest_client [req-49cd2b71-e03d-4351-a061-f73bfdd99a3f req-49cd2b71-e03d-4351-a061-f73bfdd99a3f ] Request (VolumesNegativeTest:tearDownClass): 200 GET http://10.180.1.21:9696/networking/v2.0/security-groups?tenant_id=a0055d75d0be47bb90a9e1664afa08d2&name=default 0.348s
2025-04-16 20:44:56.140 68145 INFO tempest.lib.common.rest_client [req-63b718ac-f042-4239-bec3-e9a7b4450867 req-63b718ac-f042-4239-bec3-e9a7b4450867 ] Request (SecurityGroupRulesNegativeTestJSON:tearDownClass): 204 DELETE http://10.180.1.21/identity/v3/projects/ddbaa1a7856d445e88bca45056d8ef96 0.118s
2025-04-16 20:44:56.228 68143 INFO tempest.lib.common.rest_client [req-a5dbe6d3-1c5f-49d9-b376-87f1827f1d2c req-a5dbe6d3-1c5f-49d9-b376-87f1827f1d2c ] Request (MigrationsAdminTest:test_list_migrations_in_flavor_resize_situation): 200 GET http://10.180.1.21/compute/v2.1/servers/ca9f607c-cde9-459e-aa9e-4b060bc8a68b 1.112s
2025-04-16 20:44:56.244 68149 INFO tempest.lib.common.rest_client [req-dfbd3d70-883d-4d13-a6bf-5de3bada41c4 req-dfbd3d70-883d-4d13-a6bf-5de3bada41c4 ] Request (VolumesNegativeTest:tearDownClass): 204 DELETE http://10.180.1.21:9696/networking/v2.0/security-groups/e1444604-2412-489d-ba43-1b5724f94a9d 0.177s
2025-04-16 20:44:56.285 68161 INFO tempest.lib.common.rest_client [req-eef4aa34-7e0c-4134-b38e-36f21afe1b83 req-eef4aa34-7e0c-4134-b38e-36f21afe1b83 ] Request (ImagesOneServerTestJSON:setUpClass): 200 GET http://10.180.1.21/compute/v2.1/servers/08b4411d-6ed5-453a-92f2-1dd0b1ee2140 1.165s
2025-04-16 20:44:56.293 68123 INFO tempest.lib.common.rest_client [req-8fa02df1-30a7-4ecb-9dac-48e772013f76 req-8fa02df1-30a7-4ecb-9dac-48e772013f76 ] Request (ServersTestBootFromVolume:setUpClass): 202 POST http://10.180.1.21/compute/v2.1/servers 1.721s
2025-04-16 20:44:56.338 68137 INFO tempest.lib.common.rest_client [req-03ab99a6-2fe5-4f85-ae71-6dd6d8f36df3 req-03ab99a6-2fe5-4f85-ae71-6dd6d8f36df3 ] Request (ServerRescueTestJSON:setUpClass): 200 GET http://10.180.1.21/compute/v2.1/servers/2c2c96a0-fd0e-4d48-8c3e-6fe66fc555f3 1.161s
2025-04-16 20:44:56.350 68149 INFO tempest.lib.common.rest_client [req-b037383e-2803-4b85-8191-edbb8fdb2b36 req-b037383e-2803-4b85-8191-edbb8fdb2b36 ] Request (VolumesNegativeTest:tearDownClass): 204 DELETE http://10.180.1.21/identity/v3/projects/a0055d75d0be47bb90a9e1664afa08d2 0.106s
2025-04-16 20:44:56.355 68129 INFO tempest.lib.common.rest_client [req-29902364-b203-4e79-9945-9f065f39eb2e req-29902364-b203-4e79-9945-9f065f39eb2e ] Request (ServerRescueNegativeTestJSON:setUpClass): 200 GET http://10.180.1.21/compute/v2.1/servers/87d3ff6f-df3e-4fbe-98b3-98878945da63 1.173s
2025-04-16 20:44:56.393 68117 INFO tempest.lib.common.rest_client [req-84c8b27c-0912-4bcf-84da-087cb1fe2c91 req-84c8b27c-0912-4bcf-84da-087cb1fe2c91 ] Request (ValidationResourcesFixture:setUp): 201 POST http://10.180.1.21:9696/networking/v2.0/floatingips 0.713s
2025-04-16 20:44:56.418 68099 INFO tempest.lib.common.rest_client [req-19c55ba3-af72-4a5b-8f79-fbeaa97b8150 req-19c55ba3-af72-4a5b-8f79-fbeaa97b8150 ] Request (ServersTestJSON:setUpClass): 200 GET http://10.180.1.21/compute/v2.1/servers/91d81e24-4166-4135-9a3b-fe117bdf9c2d 1.022s
2025-04-16 20:44:56.462 68117 INFO tempest.lib.common.rest_client [req-29f6cd02-765e-40c8-bf4e-81c2f603fb34 req-29f6cd02-765e-40c8-bf4e-81c2f603fb34 ] Request (AttachInterfacesUnderV243Test:test_add_remove_fixed_ip): 201 POST http://10.180.1.21/identity/v3/auth/tokens 0.065s
2025-04-16 20:44:56.462 68117 INFO tempest.lib.common.fixed_network [-] (AttachInterfacesUnderV243Test:test_add_remove_fixed_ip) Found network {'id': '0a10d3c6-322c-483b-bdc7-ae2c4498b08e', 'name': 'tempest-AttachInterfacesUnderV243Test-1682845099-network', 'tenant_id': '744f37fd7ead4f90bde4f3ec6ffd553e', 'admin_state_up': True, 'mtu': 8950, 'status': 'ACTIVE', 'subnets': [], 'shared': False, 'project_id': '744f37fd7ead4f90bde4f3ec6ffd553e', 'port_security_enabled': True, 'router:external': False, 'provider:network_type': 'vlan', 'provider:physical_network': 'default', 'provider:segmentation_id': 717, 'is_default': False, 'availability_zone_hints': [], 'availability_zones': [], 'ipv4_address_scope': None, 'ipv6_address_scope': None, 'description': '', 'tags': [], 'created_at': '2025-04-16T20:44:48Z', 'updated_at': '2025-04-16T20:44:49Z', 'revision_number': 1} available for tenant
2025-04-16 20:44:56.488 68141 INFO tempest.lib.common.rest_client [req-59c2f3d4-82b2-42ce-9caa-2348a16effa1 req-59c2f3d4-82b2-42ce-9caa-2348a16effa1 ] Request (ImagesNegativeTestJSON:test_create_image_from_deleted_server): 200 GET http://10.180.1.21/compute/v2.1/servers/906c40dd-b6d6-492a-aa51-58901959a60d 1.034s
2025-04-16 20:44:56.490 68111 INFO tempest.lib.common.rest_client [req-4bea4074-7a63-4a75-86fd-38b6d5862700 req-4bea4074-7a63-4a75-86fd-38b6d5862700 ] Request (ImagesOneServerNegativeTestJSON:setUpClass): 200 GET http://10.180.1.21/compute/v2.1/servers/1cc3b207-a628-4fe5-8908-6879483806b9 1.147s
2025-04-16 20:44:56.539 68155 INFO tempest.lib.common.rest_client [req-311c6460-35da-43b2-bc0a-baf2207bd63d req-311c6460-35da-43b2-bc0a-baf2207bd63d ] Request (ServerDiagnosticsTest:test_get_server_diagnostics): 200 GET http://10.180.1.21/compute/v2.1/servers/90319a68-5613-4b18-91d3-b606d258ced9 0.975s
2025-04-16 20:44:56.601 68151 INFO tempest.lib.common.rest_client [req-fc8003bb-9f8a-47b7-90ae-9144226ac2e4 req-fc8003bb-9f8a-47b7-90ae-9144226ac2e4 ] Request (DeleteServersAdminTestJSON:test_admin_delete_servers_of_others): 200 GET http://10.180.1.21/compute/v2.1/servers/0421f92d-8c91-4a60-beb9-f1a799e6d1b4 0.916s
2025-04-16 20:44:56.629 68157 INFO tempest.lib.common.rest_client [req-088fe97f-4458-4ac5-8d35-3130452680e0 req-088fe97f-4458-4ac5-8d35-3130452680e0 ] Request (ServersTestFqdnHostnames:test_create_server_with_fqdn_name): 200 GET http://10.180.1.21/compute/v2.1/servers/80f480dc-9bb8-4764-9b6b-793c0954962e 0.890s
2025-04-16 20:44:56.646 68131 INFO tempest.lib.common.rest_client [req-be7e1639-c31f-4f80-9006-a9f8bb6c9beb req-be7e1639-c31f-4f80-9006-a9f8bb6c9beb ] Request (ServersAdminTestJSON:setUpClass): 200 GET http://10.180.1.21/compute/v2.1/servers/da533036-7e32-4078-9060-6ee7680cba5f 0.888s
2025-04-16 20:44:56.680 68148 INFO tempest.lib.common.rest_client [req-58296290-6257-4f24-973d-0ad351e2de14 req-58296290-6257-4f24-973d-0ad351e2de14 ] Request (ServersV294TestFqdnHostnames:setUpClass): 200 GET http://10.180.1.21/compute/v2.1/servers/ffe8063c-5dae-4e58-beca-f3a883d5d8df 0.874s
2025-04-16 20:44:56.693 68101 INFO tempest.lib.common.rest_client [req-29678c39-a6b9-4a2e-becc-dec34533dfd4 req-29678c39-a6b9-4a2e-becc-dec34533dfd4 ] Request (VolumesAssistedSnapshotsTest:test_volume_assisted_snapshot_create_delete): 200 GET http://10.180.1.21/compute/v2.1/servers/39420619-61c5-4e52-8236-d3abc3ef6f0f 0.860s
2025-04-16 20:44:56.726 68135 INFO tempest.lib.common.rest_client [req-9916e5b4-dd74-4897-996c-82a41da28fed req-9916e5b4-dd74-4897-996c-82a41da28fed ] Request (ServersWithSpecificFlavorTestJSON:test_verify_created_server_ephemeral_disk): 200 GET http://10.180.1.21/compute/v2.1/servers/7fc2bae2-34a4-472a-a097-f93245de32bd 0.869s
2025-04-16 20:44:56.739 68125 INFO tempest.lib.common.rest_client [req-f3141617-f7e6-45e8-beb4-577812b7818f req-f3141617-f7e6-45e8-beb4-577812b7818f ] Request (FloatingIPsAssociationNegativeTestJSON:setUpClass): 200 GET http://10.180.1.21/compute/v2.1/servers/4e356219-fa88-474c-97fe-6f6a6ef0c90d 0.851s
2025-04-16 20:44:56.781 68103 INFO tempest.lib.common.rest_client [req-0ae18bbf-85d4-4a41-bdfb-91e0c1fd71b0 req-0ae18bbf-85d4-4a41-bdfb-91e0c1fd71b0 ] Request (ServersAdminNegativeTestJSON:setUpClass): 200 GET http://10.180.1.21/compute/v2.1/servers/8909b0c9-f236-4d22-b3f1-3bf15b82aa0e 0.711s
2025-04-16 20:44:56.856 68115 INFO tempest.lib.common.rest_client [req-6a7a8920-30bd-4eb5-9236-db86da78c0b3 req-6a7a8920-30bd-4eb5-9236-db86da78c0b3 ] Request (DeleteServersTestJSON:test_delete_active_server): 200 GET http://10.180.1.21/compute/v2.1/servers/d08e77ae-af85-4dfe-86e7-60f850369485 0.838s
2025-04-16 20:44:56.908 68105 INFO tempest.lib.common.rest_client [req-0ee9f160-c172-42fa-99ae-74047aecfce2 req-0ee9f160-c172-42fa-99ae-74047aecfce2 ] Request (ServersAdmin275Test:test_rebuild_update_server_275): 200 GET http://10.180.1.21/compute/v2.1/servers/3ed56b60-f2a0-4ada-ace0-3b85d93693f1 0.759s
2025-04-16 20:44:56.950 68123 INFO tempest.lib.common.rest_client [req-7731ec5b-4c6f-4877-97ba-dc22bbf5f7fa req-7731ec5b-4c6f-4877-97ba-dc22bbf5f7fa ] Request (ServersTestBootFromVolume:setUpClass): 200 GET http://10.180.1.21/compute/v2.1/servers/b80e4804-6f23-4059-8e9c-bf8ecdc2efc2 0.656s
2025-04-16 20:44:57.040 68127 INFO tempest.lib.common.rest_client [req-9507f745-a297-4fcf-964b-0275a036f88f req-9507f745-a297-4fcf-964b-0275a036f88f ] Request (ListServersNegativeTestJSON:setUpClass): 200 GET http://10.180.1.21/compute/v2.1/servers/939b4cbc-aa1c-4995-9675-4c3d1f4dce55 0.683s
2025-04-16 20:44:57.043 68159 INFO tempest.lib.common.rest_client [req-5e029246-88a5-47a1-b783-8f176caffcf8 req-5e029246-88a5-47a1-b783-8f176caffcf8 ] Request (ServerExternalEventsTest:test_create_server_external_events): 200 GET http://10.180.1.21/compute/v2.1/servers/573a28e3-bfc4-4b08-919b-65acbca79c7b 0.967s
2025-04-16 20:44:57.089 68133 INFO tempest.lib.common.rest_client [req-ca031cbe-7b05-4312-9d90-fd345b2fc29a req-ca031cbe-7b05-4312-9d90-fd345b2fc29a ] Request (ServerShowV247Test:test_update_rebuild_list_server): 200 GET http://10.180.1.21/compute/v2.1/servers/6c978d86-e29b-4fd6-99e6-1ac37678871d 0.661s
2025-04-16 20:44:57.133 68153 INFO tempest.lib.common.rest_client [req-298163e7-9bd1-46bf-afa9-07d9dcb3a026 req-298163e7-9bd1-46bf-afa9-07d9dcb3a026 ] Request (ImagesTestJSON:test_create_image_from_stopped_server): 200 GET http://10.180.1.21/compute/v2.1/servers/ed58f91c-e284-4877-8d7c-f1f9e9f1add8 0.636s
2025-04-16 20:44:57.177 68109 INFO tempest.lib.common.rest_client [req-30686904-6654-4a14-b3ef-cfe03dced2d5 req-30686904-6654-4a14-b3ef-cfe03dced2d5 ] Request (AttachVolumeTestJSON:test_attach_detach_volume): 200 GET http://10.180.1.21/compute/v2.1/servers/454a0392-c614-4ca8-903e-48efa44be22f 0.532s
2025-04-16 20:44:57.297 68119 INFO tempest.lib.common.rest_client [req-ec17029b-374d-4eb6-9b3c-cb44e3e72c35 req-ec17029b-374d-4eb6-9b3c-cb44e3e72c35 ] Request (FloatingIPsAssociationTestJSON:setUpClass): 200 GET http://10.180.1.21/compute/v2.1/servers/14478951-d2c1-4472-af0c-354757e0bb0b 0.492s
2025-04-16 20:44:57.345 68107 INFO tempest.lib.common.rest_client [req-47a1f4d9-b747-46e0-b08c-13715d4d4dc4 req-47a1f4d9-b747-46e0-b08c-13715d4d4dc4 ] Request (ServerDiagnosticsNegativeTest:test_get_server_diagnostics_by_non_admin): 200 GET http://10.180.1.21/compute/v2.1/servers/d41bef54-918d-4a67-9666-4beb8bd1d1dc 0.469s
2025-04-16 20:44:57.395 68117 INFO tempest.lib.common.rest_client [req-f5d236fa-aa9c-424f-be60-c88fc95baa29 req-f5d236fa-aa9c-424f-be60-c88fc95baa29 ] Request (AttachInterfacesUnderV243Test:test_add_remove_fixed_ip): 202 POST http://10.180.1.21/compute/v2.1/servers 0.932s
2025-04-16 20:44:57.447 68113 INFO tempest.lib.common.rest_client [req-800ff9a8-bdfc-477f-a318-86b6827905dd req-800ff9a8-bdfc-477f-a318-86b6827905dd ] Request (ListImageFiltersTestJSON:setUpClass): 200 GET http://10.180.1.21/compute/v2.1/servers/b566340c-f89b-43e3-afae-83b67d4b169c 0.373s
