2025-04-16 21:28:33.062 68895 INFO tempest.lib.common.rest_client [req-161d9366-3803-4494-814d-401f06ab63b0 req-161d9366-3803-4494-814d-401f06ab63b0 ] Request (MultipleCreateTestJSON:test_multiple_create): 200 GET http://10.180.1.21/compute/v2.1/servers/7a350ebc-61e6-4e4d-99bc-adb67b518395 0.165s
2025-04-16 21:28:33.076 68881 INFO tempest.lib.common.rest_client [req-730d310f-96a7-4613-b8ec-89e97a789b84 req-730d310f-96a7-4613-b8ec-89e97a789b84 ] Request (SecurityGroupsTestJSON:test_list_security_groups_by_server): 200 GET http://10.180.1.21/compute/v2.1/servers/e1e0f1fc-a1b7-47ff-8f78-4ad09d2a005e 0.202s
2025-04-16 21:28:33.104 68847 INFO tempest.lib.common.rest_client [req-4edf2461-de28-48a9-88c8-b7a0bd0e8b0f req-4edf2461-de28-48a9-88c8-b7a0bd0e8b0f ] Request (ServersWithSpecificFlavorTestJSON:test_verify_created_server_ephemeral_disk): 200 GET http://10.180.1.21/compute/v2.1/servers/0be1ddd3-e07f-49b3-a5a7-df32b5262c30 0.189s
2025-04-16 21:28:33.184 68863 INFO tempest.lib.common.rest_client [req-912c6ce5-eaba-400a-931f-8610aa0c174c req-912c6ce5-eaba-400a-931f-8610aa0c174c ] Request (MigrationsAdminTest:test_list_migrations_in_flavor_resize_situation): 200 GET http://10.180.1.21/compute/v2.1/servers/f3b237f4-6e23-4474-b841-aa3ca8c1486f 0.158s
2025-04-16 21:28:33.237 68865 INFO tempest.lib.common.rest_client [req-1d0d734f-4d18-45c4-943b-e694fa0fe8a9 req-1d0d734f-4d18-45c4-943b-e694fa0fe8a9 ] Request (VolumesAssistedSnapshotsTest:test_volume_assisted_snapshot_create_delete): 200 GET http://10.180.1.21/compute/v2.1/servers/c962c9c7-04a4-46ec-a46f-fac13caa6a1e 0.152s
2025-04-16 21:28:33.260 68869 INFO tempest.lib.common.rest_client [req-41d591b7-3551-46e1-831c-05ca49b5ebe9 req-41d591b7-3551-46e1-831c-05ca49b5ebe9 ] Request (ServerDiskConfigTestJSON:test_rebuild_server_with_auto_disk_config): 200 GET http://10.180.1.21/compute/v2.1/servers/cf2dc0a3-47fe-4fa6-b7f0-3e03328c1cb9 0.228s
2025-04-16 21:28:33.309 68849 INFO tempest.lib.common.rest_client [req-fdb03c4c-dbca-463d-bcdd-31bc55c8b87c req-fdb03c4c-dbca-463d-bcdd-31bc55c8b87c ] Request (ServersTestJSON:test_create_server_specify_multibyte_character_name): 200 GET http://10.180.1.21/compute/v2.1/servers/47ab9428-5860-4c42-a5ec-a9ff608790e9 0.179s
2025-04-16 21:28:33.328 68867 INFO tempest.lib.common.rest_client [req-7f43a15e-fc96-425b-a54c-7a28b66ae2b0 req-7f43a15e-fc96-425b-a54c-7a28b66ae2b0 ] Request (ServerExternalEventsTest:test_create_server_external_events): 200 GET http://10.180.1.21/compute/v2.1/servers/e49a885d-c0d2-414b-b1f0-bfc3a710e9ad 0.198s
2025-04-16 21:28:33.351 68871 INFO tempest.lib.common.rest_client [req-4a109afd-e0e9-4565-8399-7d055fa5ff98 req-4a109afd-e0e9-4565-8399-7d055fa5ff98 ] Request (InstanceActionsV221TestJSON:test_get_list_deleted_instance_actions): 200 GET http://10.180.1.21/compute/v2.1/servers/95bc8fb9-032a-41d7-b925-dc9b60d21735 0.170s
2025-04-16 21:28:33.377 68843 INFO tempest.lib.common.rest_client [req-b819025d-f248-474c-8b2b-c85d1e040c05 req-b819025d-f248-474c-8b2b-c85d1e040c05 ] Request (ServersAdmin275Test:test_rebuild_update_server_275): 200 GET http://10.180.1.21/compute/v2.1/servers/8c30562a-4a81-4007-923c-3bc0b922f01c 0.185s
2025-04-16 21:28:33.395 68857 INFO tempest.lib.common.rest_client [req-a4d3ee5a-e515-43cd-bd8b-d5fa2eb0b32b req-a4d3ee5a-e515-43cd-bd8b-d5fa2eb0b32b ] Request (ServerDiagnosticsTest:test_get_server_diagnostics): 200 GET http://10.180.1.21/compute/v2.1/servers/a6eac04c-996e-4733-a37e-d1ba61762409 0.164s
2025-04-16 21:28:33.419 68855 INFO tempest.lib.common.rest_client [req-2da5a026-5d6e-456d-91de-2077283faaa2 req-2da5a026-5d6e-456d-91de-2077283faaa2 ] Request (ImagesOneServerTestJSON:setUpClass): 200 GET http://10.180.1.21/compute/v2.1/servers/a91a0cd6-a014-43c7-8723-55825c0c8662 0.176s
2025-04-16 21:28:33.473 68841 INFO tempest.lib.common.rest_client [req-4f7680f4-b92e-4031-b2e1-e54e7c3d9e9c req-4f7680f4-b92e-4031-b2e1-e54e7c3d9e9c ] Request (ServerActionsV293TestJSON:setUpClass): 200 GET http://10.180.1.21/compute/v2.1/servers/ccd1b692-f511-43c8-8b3d-ce92ef27670f 0.084s
2025-04-16 21:28:33.485 68891 INFO tempest.lib.common.rest_client [req-ddfacbf9-8703-45cd-8a84-8b6d770c2ea6 req-ddfacbf9-8703-45cd-8a84-8b6d770c2ea6 ] Request (DeleteServersAdminTestJSON:test_admin_delete_servers_of_others): 200 GET http://10.180.1.21/compute/v2.1/servers/0eae5e9a-258a-44e5-9b4f-53100f15aa7a 0.150s
2025-04-16 21:28:33.523 68839 INFO tempest.lib.common.rest_client [req-61a6a637-d1db-4418-80db-44bf42413e81 req-61a6a637-d1db-4418-80db-44bf42413e81 ] Request (ServersTestFqdnHostnames:test_create_server_with_fqdn_name): 200 GET http://10.180.1.21/compute/v2.1/servers/ee0a3514-6892-4ee8-bad7-9b2867ba439e 0.094s
2025-04-16 21:28:33.530 68901 INFO tempest.lib.common.rest_client [req-3cd737d5-e8f4-47eb-9088-7ca1d35b0f7e req-3cd737d5-e8f4-47eb-9088-7ca1d35b0f7e ] Request (ImagesTestJSON:test_create_image_from_stopped_server): 200 GET http://10.180.1.21/compute/v2.1/servers/6894c90c-cbfb-4226-a0b5-e195f923c8e0 0.084s
2025-04-16 21:28:33.575 68853 INFO tempest.lib.common.rest_client [req-c9ddd9ee-7f27-4275-9c89-891fce585844 req-c9ddd9ee-7f27-4275-9c89-891fce585844 ] Request (ServerMetadataTestJSON:setUpClass): 200 GET http://10.180.1.21/compute/v2.1/servers/ef53dbb8-20d3-4b5c-be29-ce75cc6c0233 0.086s
2025-04-16 21:28:33.576 68851 INFO tempest.lib.common.rest_client [req-98e89038-2a3a-48e7-b942-b96a3b9f81f0 req-98e89038-2a3a-48e7-b942-b96a3b9f81f0 ] Request (TenantUsagesTestJSON:setUpClass): 200 GET http://10.180.1.21/compute/v2.1/servers/52ef7a21-6254-4ac1-a3c0-93f1ac70dd9c 0.099s
2025-04-16 21:28:33.685 68889 INFO tempest.lib.common.rest_client [req-992ce2b1-ecea-46f7-be62-09d35b35435d req-992ce2b1-ecea-46f7-be62-09d35b35435d ] Request (ImagesOneServerNegativeTestJSON:setUpClass): 200 GET http://10.180.1.21/compute/v2.1/servers/ee103d2f-8513-4e3a-af13-bfb3b5a7fbd2 0.086s
2025-04-16 21:28:33.909 68859 INFO tempest.lib.common.rest_client [req-137092fc-e242-4c5d-b66a-5ecbbe599e7e req-137092fc-e242-4c5d-b66a-5ecbbe599e7e ] Request (ServersAdminTestJSON:setUpClass): 200 GET http://10.180.1.21/compute/v2.1/servers/15eb6744-4b26-4d7a-8639-cb3bd13e3726 0.121s
2025-04-16 21:28:33.924 68899 INFO tempest.lib.common.rest_client [req-3520e236-da7f-4ebb-a06a-63d58d7d7560 req-3520e236-da7f-4ebb-a06a-63d58d7d7560 ] Request (ServerAddressesNegativeTestJSON:setUpClass): 200 GET http://10.180.1.21/compute/v2.1/servers/4a43ba00-1df6-4f10-a4ce-37c4ae353cc2 0.103s
2025-04-16 21:28:33.962 68875 INFO tempest.lib.common.rest_client [req-37c47965-4152-4a72-9ea7-3e8e9a99bf76 req-37c47965-4152-4a72-9ea7-3e8e9a99bf76 ] Request (InstanceActionsNegativeTestJSON:setUpClass): 200 GET http://10.180.1.21/compute/v2.1/servers/25f17a16-f752-4927-a2a5-73f1f18e5c8c 0.129s
2025-04-16 21:28:33.970 68879 INFO tempest.lib.common.rest_client [req-1c2e4277-5770-4eb0-8a90-57d06ee9f7df req-1c2e4277-5770-4eb0-8a90-57d06ee9f7df ] Request (AttachInterfacesTestJSON:test_create_list_show_delete_interfaces_by_fixed_ip): 200 GET http://10.180.1.21/compute/v2.1/servers/78ce800c-1f8e-496e-9be2-24675657acb2 0.106s
2025-04-16 21:28:34.011 68883 INFO tempest.lib.common.rest_client [req-970c8531-c7f2-44ee-bbee-9a495354b6b3 req-970c8531-c7f2-44ee-bbee-9a495354b6b3 ] Request (ServerRescueNegativeTestJSON:setUpClass): 200 GET http://10.180.1.21/compute/v2.1/servers/1ed21e6d-6b5a-4e6e-9466-b5beceda09e1 0.135s
2025-04-16 21:28:34.022 68873 INFO tempest.lib.common.rest_client [req-2ed31a8a-b481-4f54-b641-53c74d56ed8b req-2ed31a8a-b481-4f54-b641-53c74d56ed8b ] Request (ServersV294TestFqdnHostnames:setUpClass): 200 GET http://10.180.1.21/compute/v2.1/servers/7ff5aa4a-0f8a-4ed8-a918-ef2fe3410455 0.102s
2025-04-16 21:28:34.056 68861 INFO tempest.lib.common.rest_client [req-64fd8b4b-0fa8-4db8-a085-d695f1194a55 req-64fd8b4b-0fa8-4db8-a085-d695f1194a55 ] Request (ImagesNegativeTestJSON:test_create_image_from_deleted_server): 200 GET http://10.180.1.21/compute/v2.1/servers/7a000e36-e100-4c79-a170-8cf86a4244d7 0.136s
2025-04-16 21:28:34.068 68893 INFO tempest.lib.common.rest_client [req-80e66185-16cd-4c9d-8cf4-33ba8625c3e2 req-80e66185-16cd-4c9d-8cf4-33ba8625c3e2 ] Request (ServerAddressesTestJSON:setUpClass): 200 GET http://10.180.1.21/compute/v2.1/servers/db77f64d-5b6c-4a88-aa1c-2622832b3f58 0.096s
2025-04-16 21:28:34.105 68845 INFO tempest.lib.common.rest_client [req-4ae07c47-89a2-4df9-91c6-7d72a20bcae6 req-4ae07c47-89a2-4df9-91c6-7d72a20bcae6 ] Request (AttachInterfacesV270Test:test_create_get_list_interfaces): 200 GET http://10.180.1.21/compute/v2.1/servers/244ba708-279e-440e-bc18-8c6ee7b83250 0.128s
2025-04-16 21:28:34.115 68877 INFO tempest.lib.common.rest_client [req-4a4dde75-f485-42f5-855d-c746b681391e req-4a4dde75-f485-42f5-855d-c746b681391e ] Request (ServerDiagnosticsNegativeTest:test_get_server_diagnostics_by_non_admin): 200 GET http://10.180.1.21/compute/v2.1/servers/3adaf481-5844-45ac-8dc9-eb396a47ed1c 0.093s
2025-04-16 21:28:34.149 68895 INFO tempest.lib.common.rest_client [req-5c20f713-96ef-4123-8d37-bd08f629c78f req-5c20f713-96ef-4123-8d37-bd08f629c78f ] Request (MultipleCreateTestJSON:test_multiple_create): 200 GET http://10.180.1.21/compute/v2.1/servers/7a350ebc-61e6-4e4d-99bc-adb67b518395 0.079s
2025-04-16 21:28:34.199 68847 INFO tempest.lib.common.rest_client [req-0116432a-0849-45d4-b347-7467ef0eb235 req-0116432a-0849-45d4-b347-7467ef0eb235 ] Request (ServersWithSpecificFlavorTestJSON:test_verify_created_server_ephemeral_disk): 200 GET http://10.180.1.21/compute/v2.1/servers/0be1ddd3-e07f-49b3-a5a7-df32b5262c30 0.086s
2025-04-16 21:28:34.214 68881 INFO tempest.lib.common.rest_client [req-3c5228a1-d678-4cdc-b673-aeb159364171 req-3c5228a1-d678-4cdc-b673-aeb159364171 ] Request (SecurityGroupsTestJSON:test_list_security_groups_by_server): 200 GET http://10.180.1.21/compute/v2.1/servers/e1e0f1fc-a1b7-47ff-8f78-4ad09d2a005e 0.130s
2025-04-16 21:28:34.287 68863 INFO tempest.lib.common.rest_client [req-f5662b75-cc81-450f-9625-b065964c65ae req-f5662b75-cc81-450f-9625-b065964c65ae ] Request (MigrationsAdminTest:test_list_migrations_in_flavor_resize_situation): 200 GET http://10.180.1.21/compute/v2.1/servers/f3b237f4-6e23-4474-b841-aa3ca8c1486f 0.092s
2025-04-16 21:28:34.294 68865 INFO tempest.lib.common.rest_client [req-dbea1b8e-1a96-47a1-9608-ef4681c00ae7 req-dbea1b8e-1a96-47a1-9608-ef4681c00ae7 ] Request (VolumesAssistedSnapshotsTest:test_volume_assisted_snapshot_create_delete): 200 GET http://10.180.1.21/compute/v2.1/servers/c962c9c7-04a4-46ec-a46f-fac13caa6a1e 0.050s
2025-04-16 21:28:34.370 68849 INFO tempest.lib.common.rest_client [req-a7419241-8aa9-4ed5-913e-4e9eb6f4184b req-a7419241-8aa9-4ed5-913e-4e9eb6f4184b ] Request (ServersTestJSON:test_create_server_specify_multibyte_character_name): 200 GET http://10.180.1.21/compute/v2.1/servers/47ab9428-5860-4c42-a5ec-a9ff608790e9 0.054s
2025-04-16 21:28:34.385 68869 INFO tempest.lib.common.rest_client [req-00beb517-e069-472d-8879-27483847376c req-00beb517-e069-472d-8879-27483847376c ] Request (ServerDiskConfigTestJSON:test_rebuild_server_with_auto_disk_config): 200 GET http://10.180.1.21/compute/v2.1/servers/cf2dc0a3-47fe-4fa6-b7f0-3e03328c1cb9 0.117s
2025-04-16 21:28:34.436 68871 INFO tempest.lib.common.rest_client [req-74c5fad6-4360-4a7b-9ff1-e02251ecf236 req-74c5fad6-4360-4a7b-9ff1-e02251ecf236 ] Request (InstanceActionsV221TestJSON:test_get_list_deleted_instance_actions): 200 GET http://10.180.1.21/compute/v2.1/servers/95bc8fb9-032a-41d7-b925-dc9b60d21735 0.075s
2025-04-16 21:28:34.466 68867 INFO tempest.lib.common.rest_client [req-8fa8f14e-8330-4490-bb61-3533cc83b531 req-8fa8f14e-8330-4490-bb61-3533cc83b531 ] Request (ServerExternalEventsTest:test_create_server_external_events): 200 GET http://10.180.1.21/compute/v2.1/servers/e49a885d-c0d2-414b-b1f0-bfc3a710e9ad 0.129s
2025-04-16 21:28:34.484 68843 INFO tempest.lib.common.rest_client [req-6e55e2b8-fa54-4d50-8354-de72c2a4a80e req-6e55e2b8-fa54-4d50-8354-de72c2a4a80e ] Request (ServersAdmin275Test:test_rebuild_update_server_275): 200 GET http://10.180.1.21/compute/v2.1/servers/8c30562a-4a81-4007-923c-3bc0b922f01c 0.098s
2025-04-16 21:28:34.510 68857 INFO tempest.lib.common.rest_client [req-2b711f56-239a-47ab-a28a-0f80cf564028 req-2b711f56-239a-47ab-a28a-0f80cf564028 ] Request (ServerDiagnosticsTest:test_get_server_diagnostics): 200 GET http://10.180.1.21/compute/v2.1/servers/a6eac04c-996e-4733-a37e-d1ba61762409 0.108s
2025-04-16 21:28:34.525 68855 INFO tempest.lib.common.rest_client [req-67579d9b-7308-4443-ab01-6bcacd75e644 req-67579d9b-7308-4443-ab01-6bcacd75e644 ] Request (ImagesOneServerTestJSON:setUpClass): 200 GET http://10.180.1.21/compute/v2.1/servers/a91a0cd6-a014-43c7-8723-55825c0c8662 0.099s
2025-04-16 21:28:34.556 68841 INFO tempest.lib.common.rest_client [req-c1310901-85ab-43f2-9dc4-669c08a4720c req-c1310901-85ab-43f2-9dc4-669c08a4720c ] Request (ServerActionsV293TestJSON:setUpClass): 200 GET http://10.180.1.21/compute/v2.1/servers/ccd1b692-f511-43c8-8b3d-ce92ef27670f 0.073s
2025-04-16 21:28:34.606 68839 INFO tempest.lib.common.rest_client [req-a44f19d9-f832-411d-8efa-5b84389f5a99 req-a44f19d9-f832-411d-8efa-5b84389f5a99 ] Request (ServersTestFqdnHostnames:test_create_server_with_fqdn_name): 200 GET http://10.180.1.21/compute/v2.1/servers/ee0a3514-6892-4ee8-bad7-9b2867ba439e 0.075s
2025-04-16 21:28:34.621 68891 INFO tempest.lib.common.rest_client [req-98d98ce5-c739-496d-b24a-ab2befeeb4a2 req-98d98ce5-c739-496d-b24a-ab2befeeb4a2 ] Request (DeleteServersAdminTestJSON:test_admin_delete_servers_of_others): 200 GET http://10.180.1.21/compute/v2.1/servers/0eae5e9a-258a-44e5-9b4f-53100f15aa7a 0.128s
2025-04-16 21:28:34.648 68901 INFO tempest.lib.common.rest_client [req-29111ab9-4afb-4643-b905-f1af2e599e64 req-29111ab9-4afb-4643-b905-f1af2e599e64 ] Request (ImagesTestJSON:test_create_image_from_stopped_server): 200 GET http://10.180.1.21/compute/v2.1/servers/6894c90c-cbfb-4226-a0b5-e195f923c8e0 0.110s
2025-04-16 21:28:34.661 68853 INFO tempest.lib.common.rest_client [req-c1bd17a3-919c-4d30-9121-39a8367c0f42 req-c1bd17a3-919c-4d30-9121-39a8367c0f42 ] Request (ServerMetadataTestJSON:setUpClass): 200 GET http://10.180.1.21/compute/v2.1/servers/ef53dbb8-20d3-4b5c-be29-ce75cc6c0233 0.079s
2025-04-16 21:28:34.690 68851 INFO tempest.lib.common.rest_client [req-64790f23-c2ef-4fcd-9868-76a3c1feeb3d req-64790f23-c2ef-4fcd-9868-76a3c1feeb3d ] Request (TenantUsagesTestJSON:setUpClass): 200 GET http://10.180.1.21/compute/v2.1/servers/52ef7a21-6254-4ac1-a3c0-93f1ac70dd9c 0.106s
2025-04-16 21:28:34.777 68889 INFO tempest.lib.common.rest_client [req-be9bd85e-7cf4-47a8-87ec-ad95c2352b13 req-be9bd85e-7cf4-47a8-87ec-ad95c2352b13 ] Request (ImagesOneServerNegativeTestJSON:setUpClass): 200 GET http://10.180.1.21/compute/v2.1/servers/ee103d2f-8513-4e3a-af13-bfb3b5a7fbd2 0.084s
2025-04-16 21:28:35.067 68899 INFO tempest.lib.common.rest_client [req-93d28a60-55af-4ba6-8905-7b59be680fd0 req-93d28a60-55af-4ba6-8905-7b59be680fd0 ] Request (ServerAddressesNegativeTestJSON:setUpClass): 200 GET http://10.180.1.21/compute/v2.1/servers/4a43ba00-1df6-4f10-a4ce-37c4ae353cc2 0.134s
2025-04-16 21:28:35.096 68859 INFO tempest.lib.common.rest_client [req-6fec4663-5bd0-4740-aaaf-364b45cd8a65 req-6fec4663-5bd0-4740-aaaf-364b45cd8a65 ] Request (ServersAdminTestJSON:setUpClass): 200 GET http://10.180.1.21/compute/v2.1/servers/15eb6744-4b26-4d7a-8639-cb3bd13e3726 0.179s
2025-04-16 21:28:35.109 68875 INFO tempest.lib.common.rest_client [req-d52d1c22-b7b0-4c49-9dca-0fd3119b483d req-d52d1c22-b7b0-4c49-9dca-0fd3119b483d ] Request (InstanceActionsNegativeTestJSON:setUpClass): 200 GET http://10.180.1.21/compute/v2.1/servers/25f17a16-f752-4927-a2a5-73f1f18e5c8c 0.138s
2025-04-16 21:28:35.138 68879 INFO tempest.lib.common.rest_client [req-3587826e-8e4d-428e-8c31-c2b9fbed2cb9 req-3587826e-8e4d-428e-8c31-c2b9fbed2cb9 ] Request (AttachInterfacesTestJSON:test_create_list_show_delete_interfaces_by_fixed_ip): 200 GET http://10.180.1.21/compute/v2.1/servers/78ce800c-1f8e-496e-9be2-24675657acb2 0.161s
2025-04-16 21:28:35.151 68883 INFO tempest.lib.common.rest_client [req-c3e6de76-b05b-420a-ad10-1b4bbcbbc95a req-c3e6de76-b05b-420a-ad10-1b4bbcbbc95a ] Request (ServerRescueNegativeTestJSON:setUpClass): 200 GET http://10.180.1.21/compute/v2.1/servers/1ed21e6d-6b5a-4e6e-9466-b5beceda09e1 0.131s
2025-04-16 21:28:35.199 68873 INFO tempest.lib.common.rest_client [req-ec0784fe-58e2-4a4d-a501-3e0bcd295ca5 req-ec0784fe-58e2-4a4d-a501-3e0bcd295ca5 ] Request (ServersV294TestFqdnHostnames:setUpClass): 200 GET http://10.180.1.21/compute/v2.1/servers/7ff5aa4a-0f8a-4ed8-a918-ef2fe3410455 0.167s
2025-04-16 21:28:35.201 68861 INFO tempest.lib.common.rest_client [req-b31f9b8a-ee46-4fb7-a679-394e6530e17a req-b31f9b8a-ee46-4fb7-a679-394e6530e17a ] Request (ImagesNegativeTestJSON:test_create_image_from_deleted_server): 200 GET http://10.180.1.21/compute/v2.1/servers/7a000e36-e100-4c79-a170-8cf86a4244d7 0.138s
2025-04-16 21:28:35.246 68893 INFO tempest.lib.common.rest_client [req-f76a8ac5-3f65-4b07-85f3-6a3d68f8a23c req-f76a8ac5-3f65-4b07-85f3-6a3d68f8a23c ] Request (ServerAddressesTestJSON:setUpClass): 200 GET http://10.180.1.21/compute/v2.1/servers/db77f64d-5b6c-4a88-aa1c-2622832b3f58 0.170s
2025-04-16 21:28:35.255 68845 INFO tempest.lib.common.rest_client [req-b822b8ee-5f29-4e90-8896-ef5dacfecf23 req-b822b8ee-5f29-4e90-8896-ef5dacfecf23 ] Request (AttachInterfacesV270Test:test_create_get_list_interfaces): 200 GET http://10.180.1.21/compute/v2.1/servers/244ba708-279e-440e-bc18-8c6ee7b83250 0.140s
2025-04-16 21:28:35.289 68877 INFO tempest.lib.common.rest_client [req-0e2e1509-39be-471f-bc80-38c96b28dd2d req-0e2e1509-39be-471f-bc80-38c96b28dd2d ] Request (ServerDiagnosticsNegativeTest:test_get_server_diagnostics_by_non_admin): 200 GET http://10.180.1.21/compute/v2.1/servers/3adaf481-5844-45ac-8dc9-eb396a47ed1c 0.166s
2025-04-16 21:28:35.301 68895 INFO tempest.lib.common.rest_client [req-3de5fa58-55bc-4b2f-be4f-6a4775c775c3 req-3de5fa58-55bc-4b2f-be4f-6a4775c775c3 ] Request (MultipleCreateTestJSON:test_multiple_create): 200 GET http://10.180.1.21/compute/v2.1/servers/7a350ebc-61e6-4e4d-99bc-adb67b518395 0.144s
2025-04-16 21:28:35.332 68847 INFO tempest.lib.common.rest_client [req-2af15fa4-eb15-478e-9c61-f75f28b5201d req-2af15fa4-eb15-478e-9c61-f75f28b5201d ] Request (ServersWithSpecificFlavorTestJSON:test_verify_created_server_ephemeral_disk): 200 GET http://10.180.1.21/compute/v2.1/servers/0be1ddd3-e07f-49b3-a5a7-df32b5262c30 0.127s
2025-04-16 21:28:35.448 68863 INFO tempest.lib.common.rest_client [req-470a19f0-d297-4269-8ced-6da44dfa9121 req-470a19f0-d297-4269-8ced-6da44dfa9121 ] Request (MigrationsAdminTest:test_list_migrations_in_flavor_resize_situation): 200 GET http://10.180.1.21/compute/v2.1/servers/f3b237f4-6e23-4474-b841-aa3ca8c1486f 0.153s
2025-04-16 21:28:35.460 68881 INFO tempest.lib.common.rest_client [req-b200603c-c7f3-4eb4-84a8-9e99e3e423b8 req-b200603c-c7f3-4eb4-84a8-9e99e3e423b8 ] Request (SecurityGroupsTestJSON:test_list_security_groups_by_server): 200 GET http://10.180.1.21/compute/v2.1/servers/e1e0f1fc-a1b7-47ff-8f78-4ad09d2a005e 0.238s
2025-04-16 21:28:35.495 68865 INFO tempest.lib.common.rest_client [req-11c4f760-27cd-43ab-89c9-5c83a684695f req-11c4f760-27cd-43ab-89c9-5c83a684695f ] Request (VolumesAssistedSnapshotsTest:test_volume_assisted_snapshot_create_delete): 200 GET http://10.180.1.21/compute/v2.1/servers/c962c9c7-04a4-46ec-a46f-fac13caa6a1e 0.193s
2025-04-16 21:28:35.508 68849 INFO tempest.lib.common.rest_client [req-b5ca740a-40a4-4c2a-b291-101b5931921e req-b5ca740a-40a4-4c2a-b291-101b5931921e ] Request (ServersTestJSON:test_create_server_specify_multibyte_character_name): 200 GET http://10.180.1.21/compute/v2.1/servers/47ab9428-5860-4c42-a5ec-a9ff608790e9 0.129s
2025-04-16 21:28:35.560 68871 INFO tempest.lib.common.rest_client [req-2a344c3a-23a5-4908-b483-3750e710df67 req-2a344c3a-23a5-4908-b483-3750e710df67 ] Request (InstanceActionsV221TestJSON:test_get_list_deleted_instance_actions): 200 GET http://10.180.1.21/compute/v2.1/servers/95bc8fb9-032a-41d7-b925-dc9b60d21735 0.115s
2025-04-16 21:28:35.592 68869 INFO tempest.lib.common.rest_client [req-4e0eb864-0795-43af-8f53-e5e585ea9175 req-4e0eb864-0795-43af-8f53-e5e585ea9175 ] Request (ServerDiskConfigTestJSON:test_rebuild_server_with_auto_disk_config): 200 GET http://10.180.1.21/compute/v2.1/servers/cf2dc0a3-47fe-4fa6-b7f0-3e03328c1cb9 0.199s
2025-04-16 21:28:35.642 68843 INFO tempest.lib.common.rest_client [req-11add27a-51f1-4390-b4bf-0545f8645991 req-11add27a-51f1-4390-b4bf-0545f8645991 ] Request (ServersAdmin275Test:test_rebuild_update_server_275): 200 GET http://10.180.1.21/compute/v2.1/servers/8c30562a-4a81-4007-923c-3bc0b922f01c 0.147s
2025-04-16 21:28:35.656 68867 INFO tempest.lib.common.rest_client [req-f322b8a3-2351-478a-a7ab-caadc3aedf9e req-f322b8a3-2351-478a-a7ab-caadc3aedf9e ] Request (ServerExternalEventsTest:test_create_server_external_events): 200 GET http://10.180.1.21/compute/v2.1/servers/e49a885d-c0d2-414b-b1f0-bfc3a710e9ad 0.184s
2025-04-16 21:28:35.687 68857 INFO tempest.lib.common.rest_client [req-25a05ab1-9496-4d0b-b2ae-b7750aaf9629 req-25a05ab1-9496-4d0b-b2ae-b7750aaf9629 ] Request (ServerDiagnosticsTest:test_get_server_diagnostics): 200 GET http://10.180.1.21/compute/v2.1/servers/a6eac04c-996e-4733-a37e-d1ba61762409 0.169s
2025-04-16 21:28:35.700 68855 INFO tempest.lib.common.rest_client [req-9deca753-6e33-4680-9724-a6e282579812 req-9deca753-6e33-4680-9724-a6e282579812 ] Request (ImagesOneServerTestJSON:setUpClass): 200 GET http://10.180.1.21/compute/v2.1/servers/a91a0cd6-a014-43c7-8723-55825c0c8662 0.167s
2025-04-16 21:28:35.733 68841 INFO tempest.lib.common.rest_client [req-10a0d153-bed3-46e9-aab8-7ec2b462ae78 req-10a0d153-bed3-46e9-aab8-7ec2b462ae78 ] Request (ServerActionsV293TestJSON:setUpClass): 200 GET http://10.180.1.21/compute/v2.1/servers/ccd1b692-f511-43c8-8b3d-ce92ef27670f 0.166s
2025-04-16 21:28:35.742 68839 INFO tempest.lib.common.rest_client [req-522867c1-1032-4d22-9442-845926b2d0e9 req-522867c1-1032-4d22-9442-845926b2d0e9 ] Request (ServersTestFqdnHostnames:test_create_server_with_fqdn_name): 200 GET http://10.180.1.21/compute/v2.1/servers/ee0a3514-6892-4ee8-bad7-9b2867ba439e 0.129s
2025-04-16 21:28:35.795 68901 INFO tempest.lib.common.rest_client [req-96c44ff8-dffd-4f30-87fb-47a0e21cf1a0 req-96c44ff8-dffd-4f30-87fb-47a0e21cf1a0 ] Request (ImagesTestJSON:test_create_image_from_stopped_server): 200 GET http://10.180.1.21/compute/v2.1/servers/6894c90c-cbfb-4226-a0b5-e195f923c8e0 0.139s
2025-04-16 21:28:35.842 68853 INFO tempest.lib.common.rest_client [req-dcc5a3c9-1747-4c00-a2e2-eedf8c684237 req-dcc5a3c9-1747-4c00-a2e2-eedf8c684237 ] Request (ServerMetadataTestJSON:setUpClass): 200 GET http://10.180.1.21/compute/v2.1/servers/ef53dbb8-20d3-4b5c-be29-ce75cc6c0233 0.173s
2025-04-16 21:28:35.886 68851 INFO tempest.lib.common.rest_client [req-2de18524-ff79-4be9-b1ef-7e59b8f21900 req-2de18524-ff79-4be9-b1ef-7e59b8f21900 ] Request (TenantUsagesTestJSON:setUpClass): 200 GET http://10.180.1.21/compute/v2.1/servers/52ef7a21-6254-4ac1-a3c0-93f1ac70dd9c 0.188s
2025-04-16 21:28:35.889 68891 INFO tempest.lib.common.rest_client [req-89034d13-f586-4306-943b-ca733d2649b6 req-89034d13-f586-4306-943b-ca733d2649b6 ] Request (DeleteServersAdminTestJSON:test_admin_delete_servers_of_others): 200 GET http://10.180.1.21/compute/v2.1/servers/0eae5e9a-258a-44e5-9b4f-53100f15aa7a 0.259s
2025-04-16 21:28:35.963 68889 INFO tempest.lib.common.rest_client [req-cceb37c8-1e91-47cd-90f2-bc952d288b1c req-cceb37c8-1e91-47cd-90f2-bc952d288b1c ] Request (ImagesOneServerNegativeTestJSON:setUpClass): 200 GET http://10.180.1.21/compute/v2.1/servers/ee103d2f-8513-4e3a-af13-bfb3b5a7fbd2 0.178s
2025-04-16 21:28:36.191 68899 INFO tempest.lib.common.rest_client [req-182fc222-b73c-4025-8ba4-17bf3b1acee6 req-182fc222-b73c-4025-8ba4-17bf3b1acee6 ] Request (ServerAddressesNegativeTestJSON:setUpClass): 200 GET http://10.180.1.21/compute/v2.1/servers/4a43ba00-1df6-4f10-a4ce-37c4ae353cc2 0.116s
2025-04-16 21:28:36.205 68859 INFO tempest.lib.common.rest_client [req-0bb3c79b-1844-4362-8d6e-88fe23f7fa30 req-0bb3c79b-1844-4362-8d6e-88fe23f7fa30 ] Request (ServersAdminTestJSON:setUpClass): 200 GET http://10.180.1.21/compute/v2.1/servers/15eb6744-4b26-4d7a-8639-cb3bd13e3726 0.102s
2025-04-16 21:28:36.232 68875 INFO tempest.lib.common.rest_client [req-eb72ac85-431e-4168-953b-d6138b3f3621 req-eb72ac85-431e-4168-953b-d6138b3f3621 ] Request (InstanceActionsNegativeTestJSON:setUpClass): 200 GET http://10.180.1.21/compute/v2.1/servers/25f17a16-f752-4927-a2a5-73f1f18e5c8c 0.115s
2025-04-16 21:28:36.247 68879 INFO tempest.lib.common.rest_client [req-493b683c-28fe-45d8-afae-730d55ca9478 req-493b683c-28fe-45d8-afae-730d55ca9478 ] Request (AttachInterfacesTestJSON:test_create_list_show_delete_interfaces_by_fixed_ip): 200 GET http://10.180.1.21/compute/v2.1/servers/78ce800c-1f8e-496e-9be2-24675657acb2 0.101s
2025-04-16 21:28:36.275 68883 INFO tempest.lib.common.rest_client [req-1a8b38cb-1a71-48b2-9929-855456e0b64b req-1a8b38cb-1a71-48b2-9929-855456e0b64b ] Request (ServerRescueNegativeTestJSON:setUpClass): 200 GET http://10.180.1.21/compute/v2.1/servers/1ed21e6d-6b5a-4e6e-9466-b5beceda09e1 0.116s
2025-04-16 21:28:36.440 68861 INFO tempest.lib.common.rest_client [req-daa8c2bf-94a8-4bbd-ac98-ab087325cc16 req-daa8c2bf-94a8-4bbd-ac98-ab087325cc16 ] Request (ImagesNegativeTestJSON:test_create_image_from_deleted_server): 200 GET http://10.180.1.21/compute/v2.1/servers/7a000e36-e100-4c79-a170-8cf86a4244d7 0.230s
2025-04-16 21:28:36.457 68873 INFO tempest.lib.common.rest_client [req-d3575b14-70d4-46b3-9a6a-f7e051d7d175 req-d3575b14-70d4-46b3-9a6a-f7e051d7d175 ] Request (ServersV294TestFqdnHostnames:setUpClass): 200 GET http://10.180.1.21/compute/v2.1/servers/7ff5aa4a-0f8a-4ed8-a918-ef2fe3410455 0.246s
2025-04-16 21:28:36.484 68893 INFO tempest.lib.common.rest_client [req-46cd5a3e-6ccc-4b0f-b1a5-1ac7826b173d req-46cd5a3e-6ccc-4b0f-b1a5-1ac7826b173d ] Request (ServerAddressesTestJSON:setUpClass): 200 GET http://10.180.1.21/compute/v2.1/servers/db77f64d-5b6c-4a88-aa1c-2622832b3f58 0.230s
2025-04-16 21:28:36.500 68845 INFO tempest.lib.common.rest_client [req-182b9628-5af4-404f-bd36-03bfffba03b2 req-182b9628-5af4-404f-bd36-03bfffba03b2 ] Request (AttachInterfacesV270Test:test_create_get_list_interfaces): 200 GET http://10.180.1.21/compute/v2.1/servers/244ba708-279e-440e-bc18-8c6ee7b83250 0.234s
2025-04-16 21:28:36.526 68877 INFO tempest.lib.common.rest_client [req-cbaceed0-8961-4cb3-b9ca-81d52560dd2e req-cbaceed0-8961-4cb3-b9ca-81d52560dd2e ] Request (ServerDiagnosticsNegativeTest:test_get_server_diagnostics_by_non_admin): 200 GET http://10.180.1.21/compute/v2.1/servers/3adaf481-5844-45ac-8dc9-eb396a47ed1c 0.229s
2025-04-16 21:28:36.543 68895 INFO tempest.lib.common.rest_client [req-9070f0e7-56fb-45a1-8890-fc9d6a2fa77f req-9070f0e7-56fb-45a1-8890-fc9d6a2fa77f ] Request (MultipleCreateTestJSON:test_multiple_create): 200 GET http://10.180.1.21/compute/v2.1/servers/7a350ebc-61e6-4e4d-99bc-adb67b518395 0.233s
2025-04-16 21:28:36.567 68847 INFO tempest.lib.common.rest_client [req-14edf4a9-9049-4e38-96cc-e40b56589e95 req-14edf4a9-9049-4e38-96cc-e40b56589e95 ] Request (ServersWithSpecificFlavorTestJSON:test_verify_created_server_ephemeral_disk): 200 GET http://10.180.1.21/compute/v2.1/servers/0be1ddd3-e07f-49b3-a5a7-df32b5262c30 0.227s
2025-04-16 21:28:36.657 68863 INFO tempest.lib.common.rest_client [req-d1383088-e0be-4b1b-b48e-fe0dec538433 req-d1383088-e0be-4b1b-b48e-fe0dec538433 ] Request (MigrationsAdminTest:test_list_migrations_in_flavor_resize_situation): 200 GET http://10.180.1.21/compute/v2.1/servers/f3b237f4-6e23-4474-b841-aa3ca8c1486f 0.201s
2025-04-16 21:28:36.668 68881 INFO tempest.lib.common.rest_client [req-d0527109-16f2-4e53-987b-9b5a2ae0129e req-d0527109-16f2-4e53-987b-9b5a2ae0129e ] Request (SecurityGroupsTestJSON:test_list_security_groups_by_server): 200 GET http://10.180.1.21/compute/v2.1/servers/e1e0f1fc-a1b7-47ff-8f78-4ad09d2a005e 0.200s
2025-04-16 21:28:36.701 68865 INFO tempest.lib.common.rest_client [req-7ae38efb-1325-4966-a7ec-dc5b274a2066 req-7ae38efb-1325-4966-a7ec-dc5b274a2066 ] Request (VolumesAssistedSnapshotsTest:test_volume_assisted_snapshot_create_delete): 200 GET http://10.180.1.21/compute/v2.1/servers/c962c9c7-04a4-46ec-a46f-fac13caa6a1e 0.196s
2025-04-16 21:28:36.712 68849 INFO tempest.lib.common.rest_client [req-c7d45c31-d214-4925-ab3d-279348c59de2 req-c7d45c31-d214-4925-ab3d-279348c59de2 ] Request (ServersTestJSON:test_create_server_specify_multibyte_character_name): 200 GET http://10.180.1.21/compute/v2.1/servers/47ab9428-5860-4c42-a5ec-a9ff608790e9 0.195s
2025-04-16 21:28:36.743 68871 INFO tempest.lib.common.rest_client [req-9eead8f4-c043-453a-8cb7-503145e766f6 req-9eead8f4-c043-453a-8cb7-503145e766f6 ] Request (InstanceActionsV221TestJSON:test_get_list_deleted_instance_actions): 200 GET http://10.180.1.21/compute/v2.1/servers/95bc8fb9-032a-41d7-b925-dc9b60d21735 0.172s
2025-04-16 21:28:36.796 68843 INFO tempest.lib.common.rest_client [req-4931fba2-46b9-410d-bf1e-3c1dbd599021 req-4931fba2-46b9-410d-bf1e-3c1dbd599021 ] Request (ServersAdmin275Test:test_rebuild_update_server_275): 200 GET http://10.180.1.21/compute/v2.1/servers/8c30562a-4a81-4007-923c-3bc0b922f01c 0.144s
2025-04-16 21:28:36.808 68869 INFO tempest.lib.common.rest_client [req-165ff9fd-346f-4966-90d3-1858072eaa57 req-165ff9fd-346f-4966-90d3-1858072eaa57 ] Request (ServerDiskConfigTestJSON:test_rebuild_server_with_auto_disk_config): 200 GET http://10.180.1.21/compute/v2.1/servers/cf2dc0a3-47fe-4fa6-b7f0-3e03328c1cb9 0.209s
2025-04-16 21:28:36.856 68857 INFO tempest.lib.common.rest_client [req-3d18cf14-9c10-4ec4-a070-d2c1faa9c7e3 req-3d18cf14-9c10-4ec4-a070-d2c1faa9c7e3 ] Request (ServerDiagnosticsTest:test_get_server_diagnostics): 200 GET http://10.180.1.21/compute/v2.1/servers/a6eac04c-996e-4733-a37e-d1ba61762409 0.161s
2025-04-16 21:28:36.901 68855 INFO tempest.lib.common.rest_client [req-a10e3681-5c42-45a6-bfd6-ae1571d66d06 req-a10e3681-5c42-45a6-bfd6-ae1571d66d06 ] Request (ImagesOneServerTestJSON:setUpClass): 200 GET http://10.180.1.21/compute/v2.1/servers/a91a0cd6-a014-43c7-8723-55825c0c8662 0.192s
2025-04-16 21:28:36.904 68867 INFO tempest.lib.common.rest_client [req-7307e495-b98d-49b1-ab4e-052ad4e7af30 req-7307e495-b98d-49b1-ab4e-052ad4e7af30 ] Request (ServerExternalEventsTest:test_create_server_external_events): 200 GET http://10.180.1.21/compute/v2.1/servers/e49a885d-c0d2-414b-b1f0-bfc3a710e9ad 0.240s
2025-04-16 21:28:36.951 68841 INFO tempest.lib.common.rest_client [req-01eb43a3-3f8b-4f0a-82be-ff32c9fabd2c req-01eb43a3-3f8b-4f0a-82be-ff32c9fabd2c ] Request (ServerActionsV293TestJSON:setUpClass): 200 GET http://10.180.1.21/compute/v2.1/servers/ccd1b692-f511-43c8-8b3d-ce92ef27670f 0.208s
2025-04-16 21:28:36.954 68839 INFO tempest.lib.common.rest_client [req-47f48651-2c79-4458-bf57-18bbdd2e0a12 req-47f48651-2c79-4458-bf57-18bbdd2e0a12 ] Request (ServersTestFqdnHostnames:test_create_server_with_fqdn_name): 200 GET http://10.180.1.21/compute/v2.1/servers/ee0a3514-6892-4ee8-bad7-9b2867ba439e 0.204s
2025-04-16 21:28:36.996 68901 INFO tempest.lib.common.rest_client [req-b6639b5c-606b-4015-827c-20fc770b52d5 req-b6639b5c-606b-4015-827c-20fc770b52d5 ] Request (ImagesTestJSON:test_create_image_from_stopped_server): 200 GET http://10.180.1.21/compute/v2.1/servers/6894c90c-cbfb-4226-a0b5-e195f923c8e0 0.194s
2025-04-16 21:28:37.005 68853 INFO tempest.lib.common.rest_client [req-378ead91-6136-4719-99ba-014349aa003b req-378ead91-6136-4719-99ba-014349aa003b ] Request (ServerMetadataTestJSON:setUpClass): 200 GET http://10.180.1.21/compute/v2.1/servers/ef53dbb8-20d3-4b5c-be29-ce75cc6c0233 0.154s
2025-04-16 21:28:37.042 68851 INFO tempest.lib.common.rest_client [req-5ce23ace-a75b-49ed-9faf-1dcf1a8fff09 req-5ce23ace-a75b-49ed-9faf-1dcf1a8fff09 ] Request (TenantUsagesTestJSON:setUpClass): 200 GET http://10.180.1.21/compute/v2.1/servers/52ef7a21-6254-4ac1-a3c0-93f1ac70dd9c 0.148s
2025-04-16 21:28:37.104 68891 INFO tempest.lib.common.rest_client [req-9ae82e64-fc5c-4dd4-8d5b-6c4aa38cf045 req-9ae82e64-fc5c-4dd4-8d5b-6c4aa38cf045 ] Request (DeleteServersAdminTestJSON:test_admin_delete_servers_of_others): 200 GET http://10.180.1.21/compute/v2.1/servers/0eae5e9a-258a-44e5-9b4f-53100f15aa7a 0.207s
2025-04-16 21:28:37.135 68889 INFO tempest.lib.common.rest_client [req-f515f976-c9bf-48a0-8eea-800bd4975d12 req-f515f976-c9bf-48a0-8eea-800bd4975d12 ] Request (ImagesOneServerNegativeTestJSON:setUpClass): 200 GET http://10.180.1.21/compute/v2.1/servers/ee103d2f-8513-4e3a-af13-bfb3b5a7fbd2 0.164s
2025-04-16 21:28:37.326 68899 INFO tempest.lib.common.rest_client [req-9e3dd3c7-cdd6-4e19-b431-d7c3675e8482 req-9e3dd3c7-cdd6-4e19-b431-d7c3675e8482 ] Request (ServerAddressesNegativeTestJSON:setUpClass): 200 GET http://10.180.1.21/compute/v2.1/servers/4a43ba00-1df6-4f10-a4ce-37c4ae353cc2 0.127s
2025-04-16 21:28:37.326 68859 INFO tempest.lib.common.rest_client [req-fdb2ca23-27ed-4ad0-881f-6c8b18004e5b req-fdb2ca23-27ed-4ad0-881f-6c8b18004e5b ] Request (ServersAdminTestJSON:setUpClass): 200 GET http://10.180.1.21/compute/v2.1/servers/15eb6744-4b26-4d7a-8639-cb3bd13e3726 0.112s
2025-04-16 21:28:37.374 68875 INFO tempest.lib.common.rest_client [req-e5b01288-f84e-47cd-94e9-7dc30c5d188a req-e5b01288-f84e-47cd-94e9-7dc30c5d188a ] Request (InstanceActionsNegativeTestJSON:setUpClass): 200 GET http://10.180.1.21/compute/v2.1/servers/25f17a16-f752-4927-a2a5-73f1f18e5c8c 0.133s
2025-04-16 21:28:37.381 68879 INFO tempest.lib.common.rest_client [req-ed1f256b-5f36-4df1-81ed-b1560f126f0b req-ed1f256b-5f36-4df1-81ed-b1560f126f0b ] Request (AttachInterfacesTestJSON:test_create_list_show_delete_interfaces_by_fixed_ip): 200 GET http://10.180.1.21/compute/v2.1/servers/78ce800c-1f8e-496e-9be2-24675657acb2 0.126s
2025-04-16 21:28:37.415 68883 INFO tempest.lib.common.rest_client [req-c965650b-79a1-4123-985c-a3bc17d841b7 req-c965650b-79a1-4123-985c-a3bc17d841b7 ] Request (ServerRescueNegativeTestJSON:setUpClass): 200 GET http://10.180.1.21/compute/v2.1/servers/1ed21e6d-6b5a-4e6e-9466-b5beceda09e1 0.132s
2025-04-16 21:28:37.494 68861 INFO tempest.lib.common.rest_client [req-4f2e3fac-dc0f-4b3e-b4b7-ee0444732e9b req-4f2e3fac-dc0f-4b3e-b4b7-ee0444732e9b ] Request (ImagesNegativeTestJSON:test_create_image_from_deleted_server): 200 GET http://10.180.1.21/compute/v2.1/servers/7a000e36-e100-4c79-a170-8cf86a4244d7 0.045s
2025-04-16 21:28:37.517 68873 INFO tempest.lib.common.rest_client [req-321bf8d7-4249-4396-8b99-d9ce068e9fa9 req-321bf8d7-4249-4396-8b99-d9ce068e9fa9 ] Request (ServersV294TestFqdnHostnames:setUpClass): 200 GET http://10.180.1.21/compute/v2.1/servers/7ff5aa4a-0f8a-4ed8-a918-ef2fe3410455 0.049s
2025-04-16 21:28:37.537 68893 INFO tempest.lib.common.rest_client [req-07eb7f3d-4f2f-41da-bffe-eb751237c51e req-07eb7f3d-4f2f-41da-bffe-eb751237c51e ] Request (ServerAddressesTestJSON:setUpClass): 200 GET http://10.180.1.21/compute/v2.1/servers/db77f64d-5b6c-4a88-aa1c-2622832b3f58 0.046s
2025-04-16 21:28:37.559 68845 INFO tempest.lib.common.rest_client [req-18b5be75-d3d6-4b99-ad3a-0608353315b2 req-18b5be75-d3d6-4b99-ad3a-0608353315b2 ] Request (AttachInterfacesV270Test:test_create_get_list_interfaces): 200 GET http://10.180.1.21/compute/v2.1/servers/244ba708-279e-440e-bc18-8c6ee7b83250 0.050s
2025-04-16 21:28:37.577 68877 INFO tempest.lib.common.rest_client [req-7550199d-d9e0-490c-9e0b-7125a2a4c310 req-7550199d-d9e0-490c-9e0b-7125a2a4c310 ] Request (ServerDiagnosticsNegativeTest:test_get_server_diagnostics_by_non_admin): 200 GET http://10.180.1.21/compute/v2.1/servers/3adaf481-5844-45ac-8dc9-eb396a47ed1c 0.043s
2025-04-16 21:28:37.602 68895 INFO tempest.lib.common.rest_client [req-0587dd52-c553-4a0a-8f28-0996d855262b req-0587dd52-c553-4a0a-8f28-0996d855262b ] Request (MultipleCreateTestJSON:test_multiple_create): 200 GET http://10.180.1.21/compute/v2.1/servers/7a350ebc-61e6-4e4d-99bc-adb67b518395 0.052s
2025-04-16 21:28:37.619 68847 INFO tempest.lib.common.rest_client [req-7b2084f2-3241-43ee-a5c9-90ba8d6a8c07 req-7b2084f2-3241-43ee-a5c9-90ba8d6a8c07 ] Request (ServersWithSpecificFlavorTestJSON:test_verify_created_server_ephemeral_disk): 200 GET http://10.180.1.21/compute/v2.1/servers/0be1ddd3-e07f-49b3-a5a7-df32b5262c30 0.044s
2025-04-16 21:28:37.784 68863 INFO tempest.lib.common.rest_client [req-dcdca939-d34a-44cf-bfc0-7b80d17b920e req-dcdca939-d34a-44cf-bfc0-7b80d17b920e ] Request (MigrationsAdminTest:test_list_migrations_in_flavor_resize_situation): 200 GET http://10.180.1.21/compute/v2.1/servers/f3b237f4-6e23-4474-b841-aa3ca8c1486f 0.119s
2025-04-16 21:28:37.789 68881 INFO tempest.lib.common.rest_client [req-30534da9-a1ab-42a1-b9ae-00a6b2d49ddb req-30534da9-a1ab-42a1-b9ae-00a6b2d49ddb ] Request (SecurityGroupsTestJSON:test_list_security_groups_by_server): 200 GET http://10.180.1.21/compute/v2.1/servers/e1e0f1fc-a1b7-47ff-8f78-4ad09d2a005e 0.112s
2025-04-16 21:28:37.834 68865 INFO tempest.lib.common.rest_client [req-efdeb11f-43fc-43d5-82ef-0dd60c61c995 req-efdeb11f-43fc-43d5-82ef-0dd60c61c995 ] Request (VolumesAssistedSnapshotsTest:test_volume_assisted_snapshot_create_delete): 200 GET http://10.180.1.21/compute/v2.1/servers/c962c9c7-04a4-46ec-a46f-fac13caa6a1e 0.125s
2025-04-16 21:28:37.840 68849 INFO tempest.lib.common.rest_client [req-d3aea7c3-a91c-44ae-b4ea-6d33181cabc9 req-d3aea7c3-a91c-44ae-b4ea-6d33181cabc9 ] Request (ServersTestJSON:test_create_server_specify_multibyte_character_name): 200 GET http://10.180.1.21/compute/v2.1/servers/47ab9428-5860-4c42-a5ec-a9ff608790e9 0.120s
2025-04-16 21:28:37.883 68871 INFO tempest.lib.common.rest_client [req-4bf99535-fcce-491d-8b2d-a88415859e0b req-4bf99535-fcce-491d-8b2d-a88415859e0b ] Request (InstanceActionsV221TestJSON:test_get_list_deleted_instance_actions): 200 GET http://10.180.1.21/compute/v2.1/servers/95bc8fb9-032a-41d7-b925-dc9b60d21735 0.131s
2025-04-16 21:28:37.893 68843 INFO tempest.lib.common.rest_client [req-8a212676-2b8b-405c-8dd1-11956a998b8d req-8a212676-2b8b-405c-8dd1-11956a998b8d ] Request (ServersAdmin275Test:test_rebuild_update_server_275): 200 GET http://10.180.1.21/compute/v2.1/servers/8c30562a-4a81-4007-923c-3bc0b922f01c 0.087s
2025-04-16 21:28:37.942 68857 INFO tempest.lib.common.rest_client [req-9143eefa-e387-48c5-8444-b11c7337f3ae req-9143eefa-e387-48c5-8444-b11c7337f3ae ] Request (ServerDiagnosticsTest:test_get_server_diagnostics): 200 GET http://10.180.1.21/compute/v2.1/servers/a6eac04c-996e-4733-a37e-d1ba61762409 0.079s
2025-04-16 21:28:37.989 68855 INFO tempest.lib.common.rest_client [req-12c20469-9313-4782-837a-87feeebdc340 req-12c20469-9313-4782-837a-87feeebdc340 ] Request (ImagesOneServerTestJSON:setUpClass): 200 GET http://10.180.1.21/compute/v2.1/servers/a91a0cd6-a014-43c7-8723-55825c0c8662 0.081s
2025-04-16 21:28:37.989 68869 INFO tempest.lib.common.rest_client [req-6f7e1e19-123c-4b41-abc6-00134b917f91 req-6f7e1e19-123c-4b41-abc6-00134b917f91 ] Request (ServerDiskConfigTestJSON:test_rebuild_server_with_auto_disk_config): 200 GET http://10.180.1.21/compute/v2.1/servers/cf2dc0a3-47fe-4fa6-b7f0-3e03328c1cb9 0.173s
2025-04-16 21:28:38.036 68839 INFO tempest.lib.common.rest_client [req-becdceff-e376-4fd6-b5c8-32f7875a7d66 req-becdceff-e376-4fd6-b5c8-32f7875a7d66 ] Request (ServersTestFqdnHostnames:test_create_server_with_fqdn_name): 200 GET http://10.180.1.21/compute/v2.1/servers/ee0a3514-6892-4ee8-bad7-9b2867ba439e 0.075s
2025-04-16 21:28:38.085 68841 INFO tempest.lib.common.rest_client [req-2fa0ae8d-af40-4ee3-b560-34c58f798d83 req-2fa0ae8d-af40-4ee3-b560-34c58f798d83 ] Request (ServerActionsV293TestJSON:setUpClass): 200 GET http://10.180.1.21/compute/v2.1/servers/ccd1b692-f511-43c8-8b3d-ce92ef27670f 0.124s
2025-04-16 21:28:38.093 68867 INFO tempest.lib.common.rest_client [req-6a82d22f-3df7-400f-af7d-5bfc4f769723 req-6a82d22f-3df7-400f-af7d-5bfc4f769723 ] Request (ServerExternalEventsTest:test_create_server_external_events): 200 GET http://10.180.1.21/compute/v2.1/servers/e49a885d-c0d2-414b-b1f0-bfc3a710e9ad 0.181s
2025-04-16 21:28:38.129 68901 INFO tempest.lib.common.rest_client [req-00e540b4-9e60-47f7-8c3b-c40e5d05bf28 req-00e540b4-9e60-47f7-8c3b-c40e5d05bf28 ] Request (ImagesTestJSON:test_create_image_from_stopped_server): 200 GET http://10.180.1.21/compute/v2.1/servers/6894c90c-cbfb-4226-a0b5-e195f923c8e0 0.125s
2025-04-16 21:28:38.140 68853 INFO tempest.lib.common.rest_client [req-53c38331-b250-4cb7-8399-97baf2573d8f req-53c38331-b250-4cb7-8399-97baf2573d8f ] Request (ServerMetadataTestJSON:setUpClass): 200 GET http://10.180.1.21/compute/v2.1/servers/ef53dbb8-20d3-4b5c-be29-ce75cc6c0233 0.127s
2025-04-16 21:28:38.170 68851 INFO tempest.lib.common.rest_client [req-2b724fcf-e808-458e-83ef-5a23f711b1e3 req-2b724fcf-e808-458e-83ef-5a23f711b1e3 ] Request (TenantUsagesTestJSON:setUpClass): 200 GET http://10.180.1.21/compute/v2.1/servers/52ef7a21-6254-4ac1-a3c0-93f1ac70dd9c 0.120s
2025-04-16 21:28:38.251 68891 INFO tempest.lib.common.rest_client [req-56575557-a119-4c92-b5c5-b045cd02640c req-56575557-a119-4c92-b5c5-b045cd02640c ] Request (DeleteServersAdminTestJSON:test_admin_delete_servers_of_others): 200 GET http://10.180.1.21/compute/v2.1/servers/0eae5e9a-258a-44e5-9b4f-53100f15aa7a 0.139s
2025-04-16 21:28:38.302 68889 INFO tempest.lib.common.rest_client [req-96d1937c-d767-4d16-8064-c1d46e4e9ef4 req-96d1937c-d767-4d16-8064-c1d46e4e9ef4 ] Request (ImagesOneServerNegativeTestJSON:setUpClass): 200 GET http://10.180.1.21/compute/v2.1/servers/ee103d2f-8513-4e3a-af13-bfb3b5a7fbd2 0.159s
2025-04-16 21:28:38.467 68859 INFO tempest.lib.common.rest_client [req-d736b57e-067a-4374-9739-0841a6ef9d4d req-d736b57e-067a-4374-9739-0841a6ef9d4d ] Request (ServersAdminTestJSON:setUpClass): 200 GET http://10.180.1.21/compute/v2.1/servers/15eb6744-4b26-4d7a-8639-cb3bd13e3726 0.133s
2025-04-16 21:28:38.504 68899 INFO tempest.lib.common.rest_client [req-9da873ed-edf8-4af6-a8ac-eb3fe0ab70e2 req-9da873ed-edf8-4af6-a8ac-eb3fe0ab70e2 ] Request (ServerAddressesNegativeTestJSON:setUpClass): 200 GET http://10.180.1.21/compute/v2.1/servers/4a43ba00-1df6-4f10-a4ce-37c4ae353cc2 0.171s
2025-04-16 21:28:38.510 68875 INFO tempest.lib.common.rest_client [req-ed5bb2d9-02a6-45f8-b953-bf65c157bb2d req-ed5bb2d9-02a6-45f8-b953-bf65c157bb2d ] Request (InstanceActionsNegativeTestJSON:setUpClass): 200 GET http://10.180.1.21/compute/v2.1/servers/25f17a16-f752-4927-a2a5-73f1f18e5c8c 0.128s
2025-04-16 21:28:38.553 68879 INFO tempest.lib.common.rest_client [req-b6f8a531-9487-4856-8805-a7ce17afbf37 req-b6f8a531-9487-4856-8805-a7ce17afbf37 ] Request (AttachInterfacesTestJSON:test_create_list_show_delete_interfaces_by_fixed_ip): 200 GET http://10.180.1.21/compute/v2.1/servers/78ce800c-1f8e-496e-9be2-24675657acb2 0.164s
2025-04-16 21:28:38.560 68883 INFO tempest.lib.common.rest_client [req-8c234347-f74e-434b-a617-5b048d59d956 req-8c234347-f74e-434b-a617-5b048d59d956 ] Request (ServerRescueNegativeTestJSON:setUpClass): 200 GET http://10.180.1.21/compute/v2.1/servers/1ed21e6d-6b5a-4e6e-9466-b5beceda09e1 0.136s
2025-04-16 21:28:38.597 68861 INFO tempest.lib.common.rest_client [req-8dc1d71e-4eb0-4c17-8e3e-0b1237eb4e88 req-8dc1d71e-4eb0-4c17-8e3e-0b1237eb4e88 ] Request (ImagesNegativeTestJSON:test_create_image_from_deleted_server): 200 GET http://10.180.1.21/compute/v2.1/servers/7a000e36-e100-4c79-a170-8cf86a4244d7 0.096s
2025-04-16 21:28:38.615 68873 INFO tempest.lib.common.rest_client [req-31b1d8ee-1b07-4f48-b602-9d4383ca6957 req-31b1d8ee-1b07-4f48-b602-9d4383ca6957 ] Request (ServersV294TestFqdnHostnames:setUpClass): 200 GET http://10.180.1.21/compute/v2.1/servers/7ff5aa4a-0f8a-4ed8-a918-ef2fe3410455 0.088s
2025-04-16 21:28:38.640 68893 INFO tempest.lib.common.rest_client [req-5aed63ff-9683-4847-bed7-a27628c1cdad req-5aed63ff-9683-4847-bed7-a27628c1cdad ] Request (ServerAddressesTestJSON:setUpClass): 200 GET http://10.180.1.21/compute/v2.1/servers/db77f64d-5b6c-4a88-aa1c-2622832b3f58 0.095s
2025-04-16 21:28:38.659 68845 INFO tempest.lib.common.rest_client [req-8f75d6a7-d66f-4a7c-96c3-a83f95918dbe req-8f75d6a7-d66f-4a7c-96c3-a83f95918dbe ] Request (AttachInterfacesV270Test:test_create_get_list_interfaces): 200 GET http://10.180.1.21/compute/v2.1/servers/244ba708-279e-440e-bc18-8c6ee7b83250 0.089s
2025-04-16 21:28:38.681 68877 INFO tempest.lib.common.rest_client [req-baca23a0-8ad2-4d21-913e-70539d1f39d5 req-baca23a0-8ad2-4d21-913e-70539d1f39d5 ] Request (ServerDiagnosticsNegativeTest:test_get_server_diagnostics_by_non_admin): 200 GET http://10.180.1.21/compute/v2.1/servers/3adaf481-5844-45ac-8dc9-eb396a47ed1c 0.096s
2025-04-16 21:28:38.700 68895 INFO tempest.lib.common.rest_client [req-f2a0bc4a-6cdb-4fe1-8dcf-e344480dd397 req-f2a0bc4a-6cdb-4fe1-8dcf-e344480dd397 ] Request (MultipleCreateTestJSON:test_multiple_create): 200 GET http://10.180.1.21/compute/v2.1/servers/7a350ebc-61e6-4e4d-99bc-adb67b518395 0.089s
2025-04-16 21:28:38.720 68847 INFO tempest.lib.common.rest_client [req-d231fa9d-ac4c-435d-814d-4a6e1bc328ef req-d231fa9d-ac4c-435d-814d-4a6e1bc328ef ] Request (ServersWithSpecificFlavorTestJSON:test_verify_created_server_ephemeral_disk): 200 GET http://10.180.1.21/compute/v2.1/servers/0be1ddd3-e07f-49b3-a5a7-df32b5262c30 0.094s
2025-04-16 21:28:38.906 68863 INFO tempest.lib.common.rest_client [req-ce26f2bc-ac36-4324-b77b-7437ffc8c7e2 req-ce26f2bc-ac36-4324-b77b-7437ffc8c7e2 ] Request (MigrationsAdminTest:test_list_migrations_in_flavor_resize_situation): 200 GET http://10.180.1.21/compute/v2.1/servers/f3b237f4-6e23-4474-b841-aa3ca8c1486f 0.114s
2025-04-16 21:28:38.918 68881 INFO tempest.lib.common.rest_client [req-1798186f-7aaf-40ab-952f-93424f944b7e req-1798186f-7aaf-40ab-952f-93424f944b7e ] Request (SecurityGroupsTestJSON:test_list_security_groups_by_server): 200 GET http://10.180.1.21/compute/v2.1/servers/e1e0f1fc-a1b7-47ff-8f78-4ad09d2a005e 0.122s
2025-04-16 21:28:38.950 68865 INFO tempest.lib.common.rest_client [req-ca978703-cda3-4c38-8cc1-97042e21c9e0 req-ca978703-cda3-4c38-8cc1-97042e21c9e0 ] Request (VolumesAssistedSnapshotsTest:test_volume_assisted_snapshot_create_delete): 200 GET http://10.180.1.21/compute/v2.1/servers/c962c9c7-04a4-46ec-a46f-fac13caa6a1e 0.107s
2025-04-16 21:28:38.961 68849 INFO tempest.lib.common.rest_client [req-2fe57631-b5c7-4009-bed5-dbc24cef1d6f req-2fe57631-b5c7-4009-bed5-dbc24cef1d6f ] Request (ServersTestJSON:test_create_server_specify_multibyte_character_name): 200 GET http://10.180.1.21/compute/v2.1/servers/47ab9428-5860-4c42-a5ec-a9ff608790e9 0.113s
2025-04-16 21:28:38.994 68871 INFO tempest.lib.common.rest_client [req-130d61e1-bc81-43a6-9365-92e5e7e1b6a6 req-130d61e1-bc81-43a6-9365-92e5e7e1b6a6 ] Request (InstanceActionsV221TestJSON:test_get_list_deleted_instance_actions): 200 GET http://10.180.1.21/compute/v2.1/servers/95bc8fb9-032a-41d7-b925-dc9b60d21735 0.102s
2025-04-16 21:28:39.008 68843 INFO tempest.lib.common.rest_client [req-a3d218ea-5fb4-49a2-8058-920adb3bbffb req-a3d218ea-5fb4-49a2-8058-920adb3bbffb ] Request (ServersAdmin275Test:test_rebuild_update_server_275): 200 GET http://10.180.1.21/compute/v2.1/servers/8c30562a-4a81-4007-923c-3bc0b922f01c 0.105s
2025-04-16 21:28:39.037 68857 INFO tempest.lib.common.rest_client [req-e672fd15-805a-4551-b945-c879a971a10c req-e672fd15-805a-4551-b945-c879a971a10c ] Request (ServerDiagnosticsTest:test_get_server_diagnostics): 200 GET http://10.180.1.21/compute/v2.1/servers/a6eac04c-996e-4733-a37e-d1ba61762409 0.088s
2025-04-16 21:28:39.086 68855 INFO tempest.lib.common.rest_client [req-59ec624f-fbf4-4885-92e1-f1147b833f9f req-59ec624f-fbf4-4885-92e1-f1147b833f9f ] Request (ImagesOneServerTestJSON:setUpClass): 200 GET http://10.180.1.21/compute/v2.1/servers/a91a0cd6-a014-43c7-8723-55825c0c8662 0.088s
2025-04-16 21:28:39.132 68839 INFO tempest.lib.common.rest_client [req-96bcf2dc-5233-472b-a92a-44ee5bb2eaa2 req-96bcf2dc-5233-472b-a92a-44ee5bb2eaa2 ] Request (ServersTestFqdnHostnames:test_create_server_with_fqdn_name): 200 GET http://10.180.1.21/compute/v2.1/servers/ee0a3514-6892-4ee8-bad7-9b2867ba439e 0.088s
2025-04-16 21:28:39.152 68869 INFO tempest.lib.common.rest_client [req-227b75fb-99c2-4755-b4b5-0f821e0dd492 req-227b75fb-99c2-4755-b4b5-0f821e0dd492 ] Request (ServerDiskConfigTestJSON:test_rebuild_server_with_auto_disk_config): 200 GET http://10.180.1.21/compute/v2.1/servers/cf2dc0a3-47fe-4fa6-b7f0-3e03328c1cb9 0.155s
2025-04-16 21:28:39.181 68841 INFO tempest.lib.common.rest_client [req-4358d5b3-7105-4edf-87ad-34699c922093 req-4358d5b3-7105-4edf-87ad-34699c922093 ] Request (ServerActionsV293TestJSON:setUpClass): 200 GET http://10.180.1.21/compute/v2.1/servers/ccd1b692-f511-43c8-8b3d-ce92ef27670f 0.085s
2025-04-16 21:28:39.224 68901 INFO tempest.lib.common.rest_client [req-26ee0149-b953-4a86-a979-e72415fc49ba req-26ee0149-b953-4a86-a979-e72415fc49ba ] Request (ImagesTestJSON:test_create_image_from_stopped_server): 200 GET http://10.180.1.21/compute/v2.1/servers/6894c90c-cbfb-4226-a0b5-e195f923c8e0 0.088s
2025-04-16 21:28:39.245 68867 INFO tempest.lib.common.rest_client [req-31211010-916b-4469-97b0-b41f33073584 req-31211010-916b-4469-97b0-b41f33073584 ] Request (ServerExternalEventsTest:test_create_server_external_events): 200 GET http://10.180.1.21/compute/v2.1/servers/e49a885d-c0d2-414b-b1f0-bfc3a710e9ad 0.145s
2025-04-16 21:28:39.265 68853 INFO tempest.lib.common.rest_client [req-ad11e37f-adac-4727-85e6-7e553128b0b8 req-ad11e37f-adac-4727-85e6-7e553128b0b8 ] Request (ServerMetadataTestJSON:setUpClass): 200 GET http://10.180.1.21/compute/v2.1/servers/ef53dbb8-20d3-4b5c-be29-ce75cc6c0233 0.117s
2025-04-16 21:28:39.286 68851 INFO tempest.lib.common.rest_client [req-fe9fc344-0365-403d-a9b6-55ff699d1004 req-fe9fc344-0365-403d-a9b6-55ff699d1004 ] Request (TenantUsagesTestJSON:setUpClass): 200 GET http://10.180.1.21/compute/v2.1/servers/52ef7a21-6254-4ac1-a3c0-93f1ac70dd9c 0.108s
