2025-04-16 21:26:59.886 68893 INFO tempest.lib.common.rest_client [req-1412a03d-378c-4817-9428-fbe2b43cefca req-1412a03d-378c-4817-9428-fbe2b43cefca ] Request (ServerAddressesTestJSON:setUpClass): 201 POST http://10.180.1.21/identity/v3/auth/tokens 0.032s
2025-04-16 21:26:59.894 68851 INFO tempest.lib.common.rest_client [req-cba0c5ef-a5e7-46be-bbd0-43b872ee6b6e req-cba0c5ef-a5e7-46be-bbd0-43b872ee6b6e ] Request (HypervisorAdminV228Test:setUpClass): 204 PUT http://10.180.1.21/identity/v3/projects/127094e285e24de19702e9f5c2d5bea2/users/0d2def2b1ba44ef5baf656d02541adfa/roles/a8452c997ae942ccab3ee19d69970e0b 0.066s
2025-04-16 21:26:59.894 68851 INFO tempest.lib.common.dynamic_creds [-] Dynamic test user 0d2def2b1ba44ef5baf656d02541adfa is created with scope project and roles: ['member']
2025-04-16 21:26:59.894 68851 INFO tempest.lib.common.dynamic_creds [-] Acquired dynamic creds: credentials: Credentials: {'domain_id': 'default', 'domain_name': 'Default', 'username': 'tempest-HypervisorAdminV228Test-1142248338-project-member', 'project_domain_id': 'default', 'project_domain_name': 'Default', 'project_id': '127094e285e24de19702e9f5c2d5bea2', 'project_name': 'tempest-HypervisorAdminV228Test-1142248338', 'tenant_id': '127094e285e24de19702e9f5c2d5bea2', 'tenant_name': 'tempest-HypervisorAdminV228Test-1142248338', 'user_domain_id': 'default', 'user_domain_name': 'Default', 'user_id': '0d2def2b1ba44ef5baf656d02541adfa', 'system': None}, Network: None, Subnet: None, Router: None
2025-04-16 21:26:59.895 68851 INFO tempest.lib.common.dynamic_creds [-] Created isolated network resources for: credentials: Credentials: {'domain_id': 'default', 'domain_name': 'Default', 'username': 'tempest-HypervisorAdminV228Test-1142248338-project-member', 'project_domain_id': 'default', 'project_domain_name': 'Default', 'project_id': '127094e285e24de19702e9f5c2d5bea2', 'project_name': 'tempest-HypervisorAdminV228Test-1142248338', 'tenant_id': '127094e285e24de19702e9f5c2d5bea2', 'tenant_name': 'tempest-HypervisorAdminV228Test-1142248338', 'user_domain_id': 'default', 'user_domain_name': 'Default', 'user_id': '0d2def2b1ba44ef5baf656d02541adfa', 'system': None}, Network: None, Subnet: None, Router: None
2025-04-16 21:26:59.949 68893 INFO tempest.lib.common.rest_client [req-d9ef71ec-0030-4130-9d3c-20e422e3e294 req-d9ef71ec-0030-4130-9d3c-20e422e3e294 ] Request (ServerAddressesTestJSON:setUpClass): 201 POST http://10.180.1.21/identity/v3/auth/tokens 0.061s
2025-04-16 21:26:59.969 68893 INFO tempest.lib.common.rest_client [req-ccf7136e-6e17-482a-9090-c7e7af9f7936 req-ccf7136e-6e17-482a-9090-c7e7af9f7936 ] Request (ServerAddressesTestJSON:setUpClass): 200 GET http://10.180.1.21/identity/v3/domains?name=Default 0.019s
2025-04-16 21:26:59.978 68851 INFO tempest.lib.common.rest_client [req-07134e2a-1f54-4a6d-ab0d-bc3dba60021d req-07134e2a-1f54-4a6d-ab0d-bc3dba60021d ] Request (HypervisorAdminV228Test:setUpClass): 201 POST http://10.180.1.21/identity/v3/auth/tokens 0.080s
2025-04-16 21:27:00.000 68893 INFO tempest.lib.common.rest_client [req-59503ec3-4f09-45bf-bde7-551b63a17cb0 req-59503ec3-4f09-45bf-bde7-551b63a17cb0 ] Request (ServerAddressesTestJSON:setUpClass): 201 POST http://10.180.1.21/identity/v3/projects 0.031s
2025-04-16 21:27:00.024 68851 INFO tempest.lib.common.rest_client [req-a6413ecb-88db-44c2-ba63-84d6e41d9e5b req-a6413ecb-88db-44c2-ba63-84d6e41d9e5b ] Request (HypervisorAdminV228Test:setUpClass): 201 POST http://10.180.1.21/identity/v3/projects 0.045s
2025-04-16 21:27:00.065 68885 INFO tempest.lib.common.rest_client [req-6fd945b8-0231-44e1-8719-a619138f5bd2 req-6fd945b8-0231-44e1-8719-a619138f5bd2 ] Request (FloatingIPsTestJSON:test_allocate_floating_ip): 200 GET http://10.180.1.21/compute/v2.1/os-floating-ips 1.986s
2025-04-16 21:27:00.080 68855 INFO tempest.lib.common.rest_client [req-513540bf-f93e-4ac5-9b2c-0f77719ad1e7 req-513540bf-f93e-4ac5-9b2c-0f77719ad1e7 ] Request (TenantUsagesNegativeTestJSON:test_get_usage_tenant_with_invalid_date): 400 GET http://10.180.1.21/compute/v2.1/os-simple-tenant-usage/0a6157e710b64742832d7ea61b5b24f4?start=2025-04-17T21%3A26%3A56.759569&end=2025-04-15T21%3A26%3A56.759569 1.799s
2025-04-16 21:27:00.092 68851 INFO tempest.lib.common.rest_client [req-f0187214-1733-476c-9a3c-325e5c68be42 req-f0187214-1733-476c-9a3c-325e5c68be42 ] Request (HypervisorAdminV228Test:setUpClass): 201 POST http://10.180.1.21/identity/v3/users 0.067s
2025-04-16 21:27:00.107 68861 INFO tempest.lib.common.rest_client [req-e7f9d3fd-d3a8-401f-8c07-83c696f5c2c1 req-e7f9d3fd-d3a8-401f-8c07-83c696f5c2c1 ] Request (SecurityGroupsTestAdminJSON:tearDownClass): 200 GET http://10.180.1.21:9696/networking/v2.0/security-groups?tenant_id=ea52ca8b1f0e464faa242a6cfbcca5bf&name=default 0.339s
2025-04-16 21:27:00.117 68893 INFO tempest.lib.common.rest_client [req-b121a807-e37a-4c4d-98a4-852e8cae4bd1 req-b121a807-e37a-4c4d-98a4-852e8cae4bd1 ] Request (ServerAddressesTestJSON:setUpClass): 201 POST http://10.180.1.21/identity/v3/users 0.117s
2025-04-16 21:27:00.123 68851 INFO tempest.lib.common.rest_client [req-6fa37778-327f-4bb9-b346-0ef96687424d req-6fa37778-327f-4bb9-b346-0ef96687424d ] Request (HypervisorAdminV228Test:setUpClass): 200 GET http://10.180.1.21/identity/v3/roles 0.030s
2025-04-16 21:27:00.137 68893 INFO tempest.lib.common.rest_client [req-2ce85768-c0cb-4f84-8178-3b67b417562c req-2ce85768-c0cb-4f84-8178-3b67b417562c ] Request (ServerAddressesTestJSON:setUpClass): 200 GET http://10.180.1.21/identity/v3/roles 0.019s
2025-04-16 21:27:00.141 68845 INFO tempest.lib.common.rest_client [req-693dfd8f-8159-4ae9-964a-764315f8a125 req-693dfd8f-8159-4ae9-964a-764315f8a125 ] Request (ServersAdminNegativeTestJSON:setUpClass): 200 GET http://10.180.1.21/compute/v2.1/servers/c4d97b3b-ab8b-4d2a-85e7-4d3c46e74471 1.952s
2025-04-16 21:27:00.169 68893 INFO tempest.lib.common.rest_client [req-9a732889-3d7b-4172-a6c9-418f1859a1c0 req-9a732889-3d7b-4172-a6c9-418f1859a1c0 ] Request (ServerAddressesTestJSON:setUpClass): 204 PUT http://10.180.1.21/identity/v3/projects/59e4811436a0430a9e44cee6e43ef840/users/c74d0823f2fb4f31807a0407945256bd/roles/a8452c997ae942ccab3ee19d69970e0b 0.031s
2025-04-16 21:27:00.169 68893 INFO tempest.lib.common.dynamic_creds [-] Dynamic test user c74d0823f2fb4f31807a0407945256bd is created with scope project and roles: ['member']
2025-04-16 21:27:00.169 68893 INFO tempest.lib.common.dynamic_creds [-] Acquired dynamic creds: credentials: Credentials: {'domain_id': 'default', 'domain_name': 'Default', 'username': 'tempest-ServerAddressesTestJSON-1231908386-project-member', 'project_domain_id': 'default', 'project_domain_name': 'Default', 'project_id': '59e4811436a0430a9e44cee6e43ef840', 'project_name': 'tempest-ServerAddressesTestJSON-1231908386', 'tenant_id': '59e4811436a0430a9e44cee6e43ef840', 'tenant_name': 'tempest-ServerAddressesTestJSON-1231908386', 'user_domain_id': 'default', 'user_domain_name': 'Default', 'user_id': 'c74d0823f2fb4f31807a0407945256bd', 'system': None}, Network: None, Subnet: None, Router: None
2025-04-16 21:27:00.172 68851 INFO tempest.lib.common.rest_client [req-47118645-ff58-4342-822e-09ef0f9f1876 req-47118645-ff58-4342-822e-09ef0f9f1876 ] Request (HypervisorAdminV228Test:setUpClass): 204 PUT http://10.180.1.21/identity/v3/projects/cafaf2ae6c904cdf902243ffc131191b/users/0a9de6a9724642e99e739b13b443e9c4/roles/ad98f9cbf9a2488c8bf505a586e56122 0.048s
2025-04-16 21:27:00.194 68883 INFO tempest.lib.common.rest_client [req-02e4784d-2e94-452b-8fac-fd795d92e730 req-02e4784d-2e94-452b-8fac-fd795d92e730 ] Request (KeyPairsV22TestJSON:test_keypairs_create_list_delete): 201 POST http://10.180.1.21/compute/v2.1/os-keypairs 1.817s
2025-04-16 21:27:00.212 68897 INFO tempest.lib.common.rest_client [req-bbd635ce-09c5-485c-9d2c-5d4f392b466c req-bbd635ce-09c5-485c-9d2c-5d4f392b466c ] Request (FlavorsV2TestJSON:test_list_flavors_detailed_limit_results): 200 GET http://10.180.1.21/compute/v2.1/flavors/detail?limit=1 1.812s
2025-04-16 21:27:00.225 68893 INFO tempest.lib.common.rest_client [req-b0064592-603c-490a-9951-61d2991f50af req-b0064592-603c-490a-9951-61d2991f50af ] Request (ServerAddressesTestJSON:setUpClass): 201 POST http://10.180.1.21/identity/v3/auth/tokens 0.055s
2025-04-16 21:27:00.235 68851 INFO tempest.lib.common.rest_client [req-d4b05cef-747c-4736-8bb5-25b59dc7aa1d req-d4b05cef-747c-4736-8bb5-25b59dc7aa1d ] Request (HypervisorAdminV228Test:setUpClass): 200 GET http://10.180.1.21/identity/v3/roles 0.062s
2025-04-16 21:27:00.261 68851 INFO tempest.lib.common.rest_client [req-c4d250b0-1b3a-4914-8e7f-ac42d1dfab5d req-c4d250b0-1b3a-4914-8e7f-ac42d1dfab5d ] Request (HypervisorAdminV228Test:setUpClass): 204 PUT http://10.180.1.21/identity/v3/projects/cafaf2ae6c904cdf902243ffc131191b/users/0a9de6a9724642e99e739b13b443e9c4/roles/ad98f9cbf9a2488c8bf505a586e56122 0.025s
2025-04-16 21:27:00.261 68851 INFO tempest.lib.common.dynamic_creds [-] Dynamic test user 0a9de6a9724642e99e739b13b443e9c4 is created with scope project and roles: ['admin']
2025-04-16 21:27:00.262 68851 INFO tempest.lib.common.dynamic_creds [-] Acquired dynamic creds: credentials: Credentials: {'domain_id': 'default', 'domain_name': 'Default', 'username': 'tempest-HypervisorAdminV228Test-962123264-project-admin', 'project_domain_id': 'default', 'project_domain_name': 'Default', 'project_id': 'cafaf2ae6c904cdf902243ffc131191b', 'project_name': 'tempest-HypervisorAdminV228Test-962123264', 'tenant_id': 'cafaf2ae6c904cdf902243ffc131191b', 'tenant_name': 'tempest-HypervisorAdminV228Test-962123264', 'user_domain_id': 'default', 'user_domain_name': 'Default', 'user_id': '0a9de6a9724642e99e739b13b443e9c4', 'system': None}, Network: None, Subnet: None, Router: None
2025-04-16 21:27:00.262 68851 INFO tempest.lib.common.dynamic_creds [-] Created isolated network resources for: credentials: Credentials: {'domain_id': 'default', 'domain_name': 'Default', 'username': 'tempest-HypervisorAdminV228Test-962123264-project-admin', 'project_domain_id': 'default', 'project_domain_name': 'Default', 'project_id': 'cafaf2ae6c904cdf902243ffc131191b', 'project_name': 'tempest-HypervisorAdminV228Test-962123264', 'tenant_id': 'cafaf2ae6c904cdf902243ffc131191b', 'tenant_name': 'tempest-HypervisorAdminV228Test-962123264', 'user_domain_id': 'default', 'user_domain_name': 'Default', 'user_id': '0a9de6a9724642e99e739b13b443e9c4', 'system': None}, Network: None, Subnet: None, Router: None
2025-04-16 21:27:00.279 68849 INFO tempest.lib.common.rest_client [req-38ba10aa-c1d3-48cd-8f3d-fb2b72f81f9b req-38ba10aa-c1d3-48cd-8f3d-fb2b72f81f9b ] Request (QuotaClassesAdminTestJSON:_run_cleanups): 200 PUT http://10.180.1.21/compute/v2.1/os-quota-class-sets/default 1.867s
2025-04-16 21:27:00.341 68873 INFO tempest.lib.common.rest_client [req-53171015-32a8-4659-a651-878e1f0f6ca0 req-53171015-32a8-4659-a651-878e1f0f6ca0 ] Request (ServersV294TestFqdnHostnames:setUpClass): 201 POST http://10.180.1.21:9696/networking/v2.0/routers 1.970s
2025-04-16 21:27:00.352 68851 INFO tempest.lib.common.rest_client [req-2445579d-2570-45a6-84de-cbfd8cd4048f req-2445579d-2570-45a6-84de-cbfd8cd4048f ] Request (HypervisorAdminV228Test:setUpClass): 201 POST http://10.180.1.21/identity/v3/auth/tokens 0.088s
2025-04-16 21:27:00.430 68849 INFO tempest.lib.common.rest_client [req-7744d44e-c9b9-48c8-b6cc-f7d797fab9df req-7744d44e-c9b9-48c8-b6cc-f7d797fab9df ] Request (QuotaClassesAdminTestJSON:tearDownClass): 204 DELETE http://10.180.1.21/identity/v3/users/487cc4ca11b84adcba1e58afadfb5075 0.147s
2025-04-16 21:27:00.448 68859 INFO tempest.lib.common.rest_client [req-7213b6de-3b81-4c64-b6df-c3dff3d60987 req-7213b6de-3b81-4c64-b6df-c3dff3d60987 ] Request (ServersAdminTestJSON:setUpClass): 200 GET http://10.180.1.21/compute/v2.1/servers/15eb6744-4b26-4d7a-8639-cb3bd13e3726 2.076s
2025-04-16 21:27:00.450 68879 INFO tempest.lib.common.rest_client [req-231bb9ec-2557-4698-a86b-23a2970a7f8c req-231bb9ec-2557-4698-a86b-23a2970a7f8c ] Request (QuotasAdminTestJSON:test_delete_quota): 200 GET http://10.180.1.21/identity/v3/domains?name=Default 0.140s
2025-04-16 21:27:00.497 68881 INFO tempest.lib.common.rest_client [req-c6ffb214-07ca-4f66-b200-df77e862c804 req-c6ffb214-07ca-4f66-b200-df77e862c804 ] Request (SecurityGroupsTestJSON:test_list_security_groups_by_server): 200 GET http://10.180.1.21/compute/v2.1/servers/e1e0f1fc-a1b7-47ff-8f78-4ad09d2a005e 1.779s
2025-04-16 21:27:00.541 68841 INFO tempest.lib.common.rest_client [req-ec91ccf2-570e-4921-a52a-0cc08a34653f req-ec91ccf2-570e-4921-a52a-0cc08a34653f ] Request (ServerActionsV293TestJSON:setUpClass): 200 GET http://10.180.1.21/compute/v2.1/servers/ccd1b692-f511-43c8-8b3d-ce92ef27670f 1.734s
2025-04-16 21:27:00.546 68879 INFO tempest.lib.common.rest_client [req-1e977883-db69-449d-8344-761c24fcc80e req-1e977883-db69-449d-8344-761c24fcc80e ] Request (QuotasAdminTestJSON:test_delete_quota): 201 POST http://10.180.1.21/identity/v3/projects 0.095s
2025-04-16 21:27:00.551 68861 INFO tempest.lib.common.rest_client [req-c2b4f47b-31f8-4fdf-94e6-e093c3f5864b req-c2b4f47b-31f8-4fdf-94e6-e093c3f5864b ] Request (SecurityGroupsTestAdminJSON:tearDownClass): 204 DELETE http://10.180.1.21:9696/networking/v2.0/security-groups/9878584b-3787-453e-b901-ae11f8b90ad8 0.443s
2025-04-16 21:27:00.578 68849 INFO tempest.lib.common.rest_client [req-46d067ac-bd2a-444f-b1ad-3ed7d097ae1b req-46d067ac-bd2a-444f-b1ad-3ed7d097ae1b ] Request (QuotaClassesAdminTestJSON:tearDownClass): 204 DELETE http://10.180.1.21/identity/v3/users/cef5ce291de640d6b3f2d66896881fce 0.147s
2025-04-16 21:27:00.578 68849 INFO tempest.lib.common.dynamic_creds [-] Deleting project and security group for project: a5d5f9ac55eb4cef866acd28426ebd41
2025-04-16 21:27:00.626 68865 INFO tempest.lib.common.rest_client [req-e0779f92-b303-4035-86d3-9a78f0bc63e1 req-e0779f92-b303-4035-86d3-9a78f0bc63e1 ] Request (VolumesAssistedSnapshotsTest:test_volume_assisted_snapshot_create_delete): 200 GET http://10.180.1.21/compute/v2.1/servers/c962c9c7-04a4-46ec-a46f-fac13caa6a1e 1.728s
2025-04-16 21:27:00.650 68889 INFO tempest.lib.common.rest_client [req-e2c58d22-fe29-4591-bbb3-5f06dfbb6472 req-e2c58d22-fe29-4591-bbb3-5f06dfbb6472 ] Request (ImagesOneServerNegativeTestJSON:setUpClass): 200 GET http://10.180.1.21/compute/v2.1/servers/ee103d2f-8513-4e3a-af13-bfb3b5a7fbd2 1.572s
2025-04-16 21:27:00.684 68879 INFO tempest.lib.common.rest_client [req-231db440-abf9-412d-b538-c00556f0172d req-231db440-abf9-412d-b538-c00556f0172d ] Request (QuotasAdminTestJSON:test_delete_quota): 200 GET http://10.180.1.21/identity/v3/domains?name=Default 0.135s
2025-04-16 21:27:00.712 68849 INFO tempest.lib.common.rest_client [req-2bb6d81d-c832-44f4-8660-f92fc3ef7a9f req-2bb6d81d-c832-44f4-8660-f92fc3ef7a9f ] Request (QuotaClassesAdminTestJSON:tearDownClass): 201 POST http://10.180.1.21/identity/v3/auth/tokens 0.134s
2025-04-16 21:27:00.756 68861 INFO tempest.lib.common.rest_client [req-94c135f1-666e-4630-8da5-e243ab39fdc8 req-94c135f1-666e-4630-8da5-e243ab39fdc8 ] Request (SecurityGroupsTestAdminJSON:tearDownClass): 204 DELETE http://10.180.1.21/identity/v3/projects/ea52ca8b1f0e464faa242a6cfbcca5bf 0.201s
2025-04-16 21:27:00.846 68853 INFO tempest.lib.common.rest_client [req-781a6dd6-dc72-4b5e-a224-a3b07aba5be2 req-781a6dd6-dc72-4b5e-a224-a3b07aba5be2 ] Request (SecurityGroupsNegativeTestJSON:setUpClass): 200 PUT http://10.180.1.21:9696/networking/v2.0/routers/3e0cd77f-ba62-458f-b3fc-5f9e97101b9f/add_router_interface 2.290s
2025-04-16 21:27:00.847 68853 INFO tempest.lib.common.dynamic_creds [-] Created isolated network resources for: credentials: Credentials: {'domain_id': 'default', 'domain_name': 'Default', 'username': 'tempest-SecurityGroupsNegativeTestJSON-1903002643-project-member', 'project_domain_id': 'default', 'project_domain_name': 'Default', 'project_id': '2747776e0be142879d772496fd21162b', 'project_name': 'tempest-SecurityGroupsNegativeTestJSON-1903002643', 'tenant_id': '2747776e0be142879d772496fd21162b', 'tenant_name': 'tempest-SecurityGroupsNegativeTestJSON-1903002643', 'user_domain_id': 'default', 'user_domain_name': 'Default', 'user_id': '245a0a8276ab47ed9b0e9cbeaf7663d3', 'system': None}, Network: {'id': 'b47a5099-cb27-4e4e-8529-ced46965ac8b', 'name': 'tempest-SecurityGroupsNegativeTestJSON-590257774-network', 'tenant_id': '2747776e0be142879d772496fd21162b', 'admin_state_up': True, 'mtu': 8950, 'status': 'ACTIVE', 'subnets': [], 'shared': False, 'project_id': '2747776e0be142879d772496fd21162b', 'port_security_enabled': True, 'router:external': False, 'provider:network_type': 'vlan', 'provider:physical_network': 'default', 'provider:segmentation_id': 80, 'is_default': False, 'availability_zone_hints': [], 'availability_zones': [], 'ipv4_address_scope': None, 'ipv6_address_scope': None, 'description': '', 'tags': [], 'created_at': '2025-04-16T21:26:57Z', 'updated_at': '2025-04-16T21:26:57Z', 'revision_number': 1}, Subnet: {'id': '2940011b-1168-40cb-81fa-4d6af3df0aeb', 'name': 'tempest-SecurityGroupsNegativeTestJSON-590257774-subnet', 'tenant_id': '2747776e0be142879d772496fd21162b', 'network_id': 'b47a5099-cb27-4e4e-8529-ced46965ac8b', 'ip_version': 4, 'subnetpool_id': None, 'enable_dhcp': True, 'ipv6_ra_mode': None, 'ipv6_address_mode': None, 'gateway_ip': '192.168.128.1', 'cidr': '192.168.128.0/28', 'allocation_pools': [{'start': '192.168.128.2', 'end': '192.168.128.14'}], 'host_routes': [], 'dns_nameservers': [], 'description': '', 'service_types': [], 'tags': [], 'created_at': '2025-04-16T21:26:57Z', 'updated_at': '2025-04-16T21:26:57Z', 'revision_number': 0, 'project_id': '2747776e0be142879d772496fd21162b'}, Router: {'id': '3e0cd77f-ba62-458f-b3fc-5f9e97101b9f', 'name': 'tempest-SecurityGroupsNegativeTestJSON-590257774-router', 'tenant_id': '2747776e0be142879d772496fd21162b', 'admin_state_up': True, 'status': 'ACTIVE', 'external_gateway_info': {'network_id': '545f6e42-7d78-439e-b25c-7c4db313365c', 'external_fixed_ips': [{'subnet_id': 'fe58fa59-6df9-419a-89ff-57e00a00ecd1', 'ip_address': '10.180.180.137'}], 'enable_snat': True}, 'description': '', 'availability_zones': [], 'distributed': False, 'ha': False, 'availability_zone_hints': [], 'routes': [], 'flavor_id': None, 'tags': [], 'created_at': '2025-04-16T21:26:57Z', 'updated_at': '2025-04-16T21:26:57Z', 'revision_number': 2, 'project_id': '2747776e0be142879d772496fd21162b'}
2025-04-16 21:27:00.887 68893 INFO tempest.lib.common.rest_client [req-3b0b4501-4e29-4ac4-a4cb-cda0023cefc2 req-3b0b4501-4e29-4ac4-a4cb-cda0023cefc2 ] Request (ServerAddressesTestJSON:setUpClass): 201 POST http://10.180.1.21:9696/networking/v2.0/networks 0.662s
2025-04-16 21:27:00.907 68861 INFO tempest.lib.common.rest_client [req-d78f4ff5-4a3a-44e8-bad6-dcb1fd5e30d7 req-d78f4ff5-4a3a-44e8-bad6-dcb1fd5e30d7 ] Request (ImagesNegativeTestJSON:setUpClass): 201 POST http://10.180.1.21/identity/v3/auth/tokens 0.149s
2025-04-16 21:27:00.934 68875 INFO tempest.lib.common.rest_client [req-e758415b-1ba7-4af4-85f3-35b85bd35451 req-e758415b-1ba7-4af4-85f3-35b85bd35451 ] Request (QuotasAdminNegativeTest:test_create_server_when_cpu_quota_is_full): 200 PUT http://10.180.1.21/compute/v2.1/os-quota-sets/aff44567d7524036aa756bcf741ddbcc 1.651s
2025-04-16 21:27:00.945 68861 INFO tempest.lib.common.rest_client [req-3ae46b78-ff90-4b46-91b3-a915c035b654 req-3ae46b78-ff90-4b46-91b3-a915c035b654 ] Request (ImagesNegativeTestJSON:setUpClass): 201 POST http://10.180.1.21/identity/v3/auth/tokens 0.034s
2025-04-16 21:27:00.954 68857 INFO tempest.lib.common.rest_client [req-334dd077-4d38-472f-8c47-69a3670eaf2f req-334dd077-4d38-472f-8c47-69a3670eaf2f ] Request (FlavorsAccessNegativeTestJSON:_run_cleanups): 202 DELETE http://10.180.1.21/compute/v2.1/flavors/1719932134 1.562s
2025-04-16 21:27:00.960 68869 INFO tempest.lib.common.rest_client [req-ca2ee0fe-8d1a-499e-847f-0f77c09f3c0d req-ca2ee0fe-8d1a-499e-847f-0f77c09f3c0d ] Request (ServerDiskConfigTestJSON:test_rebuild_server_with_auto_disk_config): 200 GET http://10.180.1.21/compute/v2.1/servers/cf2dc0a3-47fe-4fa6-b7f0-3e03328c1cb9 1.604s
2025-04-16 21:27:00.969 68839 INFO tempest.lib.common.rest_client [req-9a57a04b-06a6-4b18-9435-026f603d4af5 req-9a57a04b-06a6-4b18-9435-026f603d4af5 ] Request (AggregatesAdminNegativeTestJSON:test_aggregate_create_aggregate_name_length_less_than_1): 400 POST http://10.180.1.21/compute/v2.1/os-aggregates 1.563s
2025-04-16 21:27:00.976 68853 INFO tempest.lib.common.rest_client [req-c00baa18-9386-4872-b333-f6e3d47319d3 req-c00baa18-9386-4872-b333-f6e3d47319d3 ] Request (SecurityGroupsNegativeTestJSON:setUpClass): 201 POST http://10.180.1.21/identity/v3/auth/tokens 0.125s
2025-04-16 21:27:00.986 68871 INFO tempest.lib.common.rest_client [req-0f05e766-8ebb-4bda-99ec-a80c6e256769 req-0f05e766-8ebb-4bda-99ec-a80c6e256769 ] Request (FlavorsAdminTestJSON:test_create_flavor_with_uuid_id): 200 POST http://10.180.1.21/compute/v2.1/flavors 1.591s
2025-04-16 21:27:00.995 68861 INFO tempest.lib.common.rest_client [req-dae491d0-7096-4a16-b299-a651524e5bc5 req-dae491d0-7096-4a16-b299-a651524e5bc5 ] Request (ImagesNegativeTestJSON:setUpClass): 200 GET http://10.180.1.21/identity/v3/domains?name=Default 0.050s
2025-04-16 21:27:01.004 68875 INFO tempest.lib.common.rest_client [req-40d8a32e-b16a-4448-8b8b-edcf2542504d req-40d8a32e-b16a-4448-8b8b-edcf2542504d ] Request (QuotasAdminNegativeTest:test_create_server_when_cpu_quota_is_full): 201 POST http://10.180.1.21/identity/v3/auth/tokens 0.064s
2025-04-16 21:27:01.004 68875 INFO tempest.lib.common.fixed_network [-] (QuotasAdminNegativeTest:test_create_server_when_cpu_quota_is_full) Found network None available for tenant
2025-04-16 21:27:01.038 68861 INFO tempest.lib.common.rest_client [req-3222774e-5bdf-4943-b214-b2eb15dbb567 req-3222774e-5bdf-4943-b214-b2eb15dbb567 ] Request (ImagesNegativeTestJSON:setUpClass): 201 POST http://10.180.1.21/identity/v3/projects 0.042s
2025-04-16 21:27:01.072 68895 INFO tempest.lib.common.rest_client [req-b3944e14-b0c8-44a7-af1d-e3be929e9c8d req-b3944e14-b0c8-44a7-af1d-e3be929e9c8d ] Request (ServerDiagnosticsV248Test:test_get_server_diagnostics): 200 GET http://10.180.1.21/compute/v2.1/servers/4c5c97bc-4a9f-413b-a75f-a197270103a2 1.150s
2025-04-16 21:27:01.081 68849 INFO tempest.lib.common.rest_client [req-99dd968f-a18d-4096-a610-0c0c980366c6 req-99dd968f-a18d-4096-a610-0c0c980366c6 ] Request (QuotaClassesAdminTestJSON:tearDownClass): 200 GET http://10.180.1.21:9696/networking/v2.0/security-groups?tenant_id=a5d5f9ac55eb4cef866acd28426ebd41&name=default 0.368s
2025-04-16 21:27:01.108 68861 INFO tempest.lib.common.rest_client [req-846817e0-53e1-4d23-9e65-167ffe5a640f req-846817e0-53e1-4d23-9e65-167ffe5a640f ] Request (ImagesNegativeTestJSON:setUpClass): 201 POST http://10.180.1.21/identity/v3/users 0.070s
2025-04-16 21:27:01.132 68861 INFO tempest.lib.common.rest_client [req-dc525962-07b5-42cb-af40-fa51ed5c1351 req-dc525962-07b5-42cb-af40-fa51ed5c1351 ] Request (ImagesNegativeTestJSON:setUpClass): 200 GET http://10.180.1.21/identity/v3/roles 0.024s
2025-04-16 21:27:01.165 68861 INFO tempest.lib.common.rest_client [req-441e97d7-6bb2-482c-966a-4f2ccacfa02d req-441e97d7-6bb2-482c-966a-4f2ccacfa02d ] Request (ImagesNegativeTestJSON:setUpClass): 204 PUT http://10.180.1.21/identity/v3/projects/e6de2af5f6dc4fbfac110f813b5bbf4c/users/55167e7f374d4d128139fba3f1e5f317/roles/a8452c997ae942ccab3ee19d69970e0b 0.033s
2025-04-16 21:27:01.165 68861 INFO tempest.lib.common.dynamic_creds [-] Dynamic test user 55167e7f374d4d128139fba3f1e5f317 is created with scope project and roles: ['member']
2025-04-16 21:27:01.166 68861 INFO tempest.lib.common.dynamic_creds [-] Acquired dynamic creds: credentials: Credentials: {'domain_id': 'default', 'domain_name': 'Default', 'username': 'tempest-ImagesNegativeTestJSON-1202359250-project-member', 'project_domain_id': 'default', 'project_domain_name': 'Default', 'project_id': 'e6de2af5f6dc4fbfac110f813b5bbf4c', 'project_name': 'tempest-ImagesNegativeTestJSON-1202359250', 'tenant_id': 'e6de2af5f6dc4fbfac110f813b5bbf4c', 'tenant_name': 'tempest-ImagesNegativeTestJSON-1202359250', 'user_domain_id': 'default', 'user_domain_name': 'Default', 'user_id': '55167e7f374d4d128139fba3f1e5f317', 'system': None}, Network: None, Subnet: None, Router: None
2025-04-16 21:27:01.222 68861 INFO tempest.lib.common.rest_client [req-7213110b-518a-4891-a851-23c4387b908c req-7213110b-518a-4891-a851-23c4387b908c ] Request (ImagesNegativeTestJSON:setUpClass): 201 POST http://10.180.1.21/identity/v3/auth/tokens 0.056s
2025-04-16 21:27:01.224 68849 INFO tempest.lib.common.rest_client [req-582b4112-7327-41df-876a-993c1caf0c01 req-582b4112-7327-41df-876a-993c1caf0c01 ] Request (QuotaClassesAdminTestJSON:tearDownClass): 204 DELETE http://10.180.1.21:9696/networking/v2.0/security-groups/f0bfce53-fa42-444e-ade9-27f0c4adcabf 0.143s
2025-04-16 21:27:01.257 68863 INFO tempest.lib.common.rest_client [req-de5151b2-fdae-4a97-ab54-5e4e191ca607 req-de5151b2-fdae-4a97-ab54-5e4e191ca607 ] Request (MigrationsAdminTest:test_list_migrations_in_flavor_resize_situation): 200 GET http://10.180.1.21/compute/v2.1/servers/f3b237f4-6e23-4474-b841-aa3ca8c1486f 1.286s
2025-04-16 21:27:01.310 68849 INFO tempest.lib.common.rest_client [req-7bf587f5-4bed-46a0-9333-99ce56c4f967 req-7bf587f5-4bed-46a0-9333-99ce56c4f967 ] Request (QuotaClassesAdminTestJSON:tearDownClass): 204 DELETE http://10.180.1.21/identity/v3/projects/a5d5f9ac55eb4cef866acd28426ebd41 0.085s
2025-04-16 21:27:01.310 68849 INFO tempest.lib.common.dynamic_creds [-] Deleting project and security group for project: dffaec2a044749259353aaba6bf80a9e
2025-04-16 21:27:01.423 68855 INFO tempest.lib.common.rest_client [req-96113401-a479-42b7-a676-cc2dd48b942c req-96113401-a479-42b7-a676-cc2dd48b942c ] Request (TenantUsagesNegativeTestJSON:test_list_usage_all_tenants_with_non_admin_user): 403 GET http://10.180.1.21/compute/v2.1/os-simple-tenant-usage?start=2025-04-15T21%3A26%3A56.759569&end=2025-04-17T21%3A26%3A56.759569&detailed=1 1.342s
2025-04-16 21:27:01.468 68883 INFO tempest.lib.common.rest_client [req-7f051561-d590-404a-b426-f2dd0cbe1937 req-7f051561-d590-404a-b426-f2dd0cbe1937 ] Request (KeyPairsV22TestJSON:test_keypairs_create_list_delete): 201 POST http://10.180.1.21/compute/v2.1/os-keypairs 1.268s
2025-04-16 21:27:01.469 68893 INFO tempest.lib.common.rest_client [req-64311aee-62cb-4f04-9911-58ae650f2865 req-64311aee-62cb-4f04-9911-58ae650f2865 ] Request (ServerAddressesTestJSON:setUpClass): 201 POST http://10.180.1.21:9696/networking/v2.0/subnets 0.581s
2025-04-16 21:27:01.498 68855 INFO tempest.lib.common.rest_client [req-60fc0d25-8de8-4fb3-883e-c4e165eb1dbd req-60fc0d25-8de8-4fb3-883e-c4e165eb1dbd ] Request (TenantUsagesNegativeTestJSON:tearDownClass): 204 DELETE http://10.180.1.21/identity/v3/users/8d2a0893caa144269b735eaf4808cc70 0.073s
2025-04-16 21:27:01.542 68849 INFO tempest.lib.common.rest_client [req-63ce81da-5dec-4775-8f03-8b6b99522946 req-63ce81da-5dec-4775-8f03-8b6b99522946 ] Request (QuotaClassesAdminTestJSON:tearDownClass): 200 GET http://10.180.1.21:9696/networking/v2.0/security-groups?tenant_id=dffaec2a044749259353aaba6bf80a9e&name=default 0.230s
2025-04-16 21:27:01.627 68855 INFO tempest.lib.common.rest_client [req-032a1f49-9caa-48df-a953-a4eb8a478d41 req-032a1f49-9caa-48df-a953-a4eb8a478d41 ] Request (TenantUsagesNegativeTestJSON:tearDownClass): 204 DELETE http://10.180.1.21/identity/v3/users/2036fb89cbe5411ba78fca9e75c2ae4f 0.128s
2025-04-16 21:27:01.628 68855 INFO tempest.lib.common.dynamic_creds [-] Deleting project and security group for project: 13fa3b707b534635a40f55e197aec1f1
2025-04-16 21:27:01.716 68855 INFO tempest.lib.common.rest_client [req-0e10a6f2-77fa-4caf-ae35-d463343eb6ee req-0e10a6f2-77fa-4caf-ae35-d463343eb6ee ] Request (TenantUsagesNegativeTestJSON:tearDownClass): 201 POST http://10.180.1.21/identity/v3/auth/tokens 0.088s
2025-04-16 21:27:01.728 68867 INFO tempest.lib.common.rest_client [req-f80914ed-c471-4c5e-82c7-d1b5db3e9665 req-f80914ed-c471-4c5e-82c7-d1b5db3e9665 ] Request (ServerExternalEventsTest:test_create_server_external_events): 200 GET http://10.180.1.21/compute/v2.1/servers/e49a885d-c0d2-414b-b1f0-bfc3a710e9ad 1.523s
2025-04-16 21:27:01.742 68897 INFO tempest.lib.common.rest_client [req-65ecb884-85c9-4c0d-8300-3addf1a85f35 req-65ecb884-85c9-4c0d-8300-3addf1a85f35 ] Request (FlavorsV2TestJSON:test_list_flavors_detailed_using_marker): 200 GET http://10.180.1.21/compute/v2.1/flavors/42 1.526s
2025-04-16 21:27:01.795 68861 INFO tempest.lib.common.rest_client [req-4d2fd002-6172-48e9-afa2-327d544a80d0 req-4d2fd002-6172-48e9-afa2-327d544a80d0 ] Request (ImagesNegativeTestJSON:setUpClass): 201 POST http://10.180.1.21:9696/networking/v2.0/networks 0.573s
2025-04-16 21:27:01.804 68849 INFO tempest.lib.common.rest_client [req-57a7ddf8-093c-4a78-96f2-e5122ffa7822 req-57a7ddf8-093c-4a78-96f2-e5122ffa7822 ] Request (QuotaClassesAdminTestJSON:tearDownClass): 204 DELETE http://10.180.1.21:9696/networking/v2.0/security-groups/15155b61-5ff5-4c64-87a4-fb9f9b529699 0.262s
2025-04-16 21:27:01.870 68849 INFO tempest.lib.common.rest_client [req-9ddd708e-ac8c-4409-99d1-21460d20c430 req-9ddd708e-ac8c-4409-99d1-21460d20c430 ] Request (QuotaClassesAdminTestJSON:tearDownClass): 204 DELETE http://10.180.1.21/identity/v3/projects/dffaec2a044749259353aaba6bf80a9e 0.065s
2025-04-16 21:27:01.937 68849 INFO tempest.lib.common.rest_client [req-4218097a-6448-4b3a-873e-ffa26187f033 req-4218097a-6448-4b3a-873e-ffa26187f033 ] Request (ServersTestJSON:setUpClass): 201 POST http://10.180.1.21/identity/v3/auth/tokens 0.065s
2025-04-16 21:27:01.967 68849 INFO tempest.lib.common.rest_client [req-7b14ed5d-f048-43d6-8370-df4302023e51 req-7b14ed5d-f048-43d6-8370-df4302023e51 ] Request (ServersTestJSON:setUpClass): 201 POST http://10.180.1.21/identity/v3/auth/tokens 0.028s
2025-04-16 21:27:01.986 68849 INFO tempest.lib.common.rest_client [req-7232a7cd-9d6b-4841-8d98-ba1365eb8116 req-7232a7cd-9d6b-4841-8d98-ba1365eb8116 ] Request (ServersTestJSON:setUpClass): 200 GET http://10.180.1.21/identity/v3/domains?name=Default 0.019s
2025-04-16 21:27:02.016 68847 INFO tempest.lib.common.rest_client [req-92fa081d-894d-4951-87bb-b141e13182b2 req-92fa081d-894d-4951-87bb-b141e13182b2 ] Request (ServersWithSpecificFlavorTestJSON:test_verify_created_server_ephemeral_disk): 200 GET http://10.180.1.21/compute/v2.1/servers/0be1ddd3-e07f-49b3-a5a7-df32b5262c30 1.716s
2025-04-16 21:27:02.024 68849 INFO tempest.lib.common.rest_client [req-bc7d2847-b550-4315-81c2-fb8698831f7c req-bc7d2847-b550-4315-81c2-fb8698831f7c ] Request (ServersTestJSON:setUpClass): 201 POST http://10.180.1.21/identity/v3/projects 0.037s
2025-04-16 21:27:02.095 68849 INFO tempest.lib.common.rest_client [req-683d2f6f-571c-40fd-b9ae-876545cc6c41 req-683d2f6f-571c-40fd-b9ae-876545cc6c41 ] Request (ServersTestJSON:setUpClass): 201 POST http://10.180.1.21/identity/v3/users 0.071s
2025-04-16 21:27:02.120 68849 INFO tempest.lib.common.rest_client [req-4c9c13b1-3b92-453a-be92-28be127ef25c req-4c9c13b1-3b92-453a-be92-28be127ef25c ] Request (ServersTestJSON:setUpClass): 200 GET http://10.180.1.21/identity/v3/roles 0.024s
2025-04-16 21:27:02.158 68849 INFO tempest.lib.common.rest_client [req-af9a82d5-0305-47f3-8517-4c7b1b7abc34 req-af9a82d5-0305-47f3-8517-4c7b1b7abc34 ] Request (ServersTestJSON:setUpClass): 204 PUT http://10.180.1.21/identity/v3/projects/e7abc16f11794107bc45dfbe74a5a7ca/users/2748e40bf2f64ac6a0816dd0e9767a3b/roles/a8452c997ae942ccab3ee19d69970e0b 0.037s
2025-04-16 21:27:02.158 68849 INFO tempest.lib.common.dynamic_creds [-] Dynamic test user 2748e40bf2f64ac6a0816dd0e9767a3b is created with scope project and roles: ['member']
2025-04-16 21:27:02.158 68849 INFO tempest.lib.common.dynamic_creds [-] Acquired dynamic creds: credentials: Credentials: {'domain_id': 'default', 'domain_name': 'Default', 'username': 'tempest-ServersTestJSON-1811012872-project-member', 'project_domain_id': 'default', 'project_domain_name': 'Default', 'project_id': 'e7abc16f11794107bc45dfbe74a5a7ca', 'project_name': 'tempest-ServersTestJSON-1811012872', 'tenant_id': 'e7abc16f11794107bc45dfbe74a5a7ca', 'tenant_name': 'tempest-ServersTestJSON-1811012872', 'user_domain_id': 'default', 'user_domain_name': 'Default', 'user_id': '2748e40bf2f64ac6a0816dd0e9767a3b', 'system': None}, Network: None, Subnet: None, Router: None
2025-04-16 21:27:02.167 68851 INFO tempest.lib.common.rest_client [req-2fd9357f-fba1-4d71-8b22-e1c5e0c7e319 req-2fd9357f-fba1-4d71-8b22-e1c5e0c7e319 ] Request (HypervisorAdminV228Test:test_get_list_hypervisor_details): 200 GET http://10.180.1.21/compute/v2.1/os-hypervisors 1.812s
2025-04-16 21:27:02.225 68849 INFO tempest.lib.common.rest_client [req-0b2cb436-bfbb-4545-aa80-bba9483b821d req-0b2cb436-bfbb-4545-aa80-bba9483b821d ] Request (ServersTestJSON:setUpClass): 201 POST http://10.180.1.21/identity/v3/auth/tokens 0.066s
2025-04-16 21:27:02.241 68877 INFO tempest.lib.common.rest_client [req-3319515b-66a4-4cba-aa9f-2e4f29f6b76c req-3319515b-66a4-4cba-aa9f-2e4f29f6b76c ] Request (ServerDiagnosticsNegativeTest:test_get_server_diagnostics_by_non_admin): 200 GET http://10.180.1.21/compute/v2.1/servers/3adaf481-5844-45ac-8dc9-eb396a47ed1c 1.856s
2025-04-16 21:27:02.326 68861 INFO tempest.lib.common.rest_client [req-9bdedee2-7f83-432f-bd7e-be9f2421d904 req-9bdedee2-7f83-432f-bd7e-be9f2421d904 ] Request (ImagesNegativeTestJSON:setUpClass): 201 POST http://10.180.1.21:9696/networking/v2.0/subnets 0.530s
2025-04-16 21:27:02.331 68843 INFO tempest.lib.common.rest_client [req-02522c7f-e8c0-4946-abda-9bdf4a18fad4 req-02522c7f-e8c0-4946-abda-9bdf4a18fad4 ] Request (ServersAdmin275Test:test_rebuild_update_server_275): 200 GET http://10.180.1.21/compute/v2.1/servers/8c30562a-4a81-4007-923c-3bc0b922f01c 1.818s
2025-04-16 21:27:02.338 68873 INFO tempest.lib.common.rest_client [req-fd549028-5f5d-463e-a4ef-04f04c25d019 req-fd549028-5f5d-463e-a4ef-04f04c25d019 ] Request (ServersV294TestFqdnHostnames:setUpClass): 200 PUT http://10.180.1.21:9696/networking/v2.0/routers/cbb2f6b9-b50a-4885-8075-ffa7c23ad4e3/add_router_interface 1.997s
2025-04-16 21:27:02.338 68873 INFO tempest.lib.common.dynamic_creds [-] Created isolated network resources for: credentials: Credentials: {'domain_id': 'default', 'domain_name': 'Default', 'username': 'tempest-ServersV294TestFqdnHostnames-789885078-project-member', 'project_domain_id': 'default', 'project_domain_name': 'Default', 'project_id': '651174e1726e454e9e21cf0c1b88ee8b', 'project_name': 'tempest-ServersV294TestFqdnHostnames-789885078', 'tenant_id': '651174e1726e454e9e21cf0c1b88ee8b', 'tenant_name': 'tempest-ServersV294TestFqdnHostnames-789885078', 'user_domain_id': 'default', 'user_domain_name': 'Default', 'user_id': '981f76202296467492aea2f6867381e5', 'system': None}, Network: {'id': '9ea98779-ecf8-4fbf-9c61-75424521b048', 'name': 'tempest-ServersV294TestFqdnHostnames-464864252-network', 'tenant_id': '651174e1726e454e9e21cf0c1b88ee8b', 'admin_state_up': True, 'mtu': 8950, 'status': 'ACTIVE', 'subnets': [], 'shared': False, 'project_id': '651174e1726e454e9e21cf0c1b88ee8b', 'port_security_enabled': True, 'router:external': False, 'provider:network_type': 'vlan', 'provider:physical_network': 'default', 'provider:segmentation_id': 479, 'is_default': False, 'availability_zone_hints': [], 'availability_zones': [], 'ipv4_address_scope': None, 'ipv6_address_scope': None, 'description': '', 'tags': [], 'created_at': '2025-04-16T21:26:57Z', 'updated_at': '2025-04-16T21:26:57Z', 'revision_number': 1}, Subnet: {'id': 'cfa2e2c4-942c-47cf-b975-1fee5cf8e177', 'name': 'tempest-ServersV294TestFqdnHostnames-464864252-subnet', 'tenant_id': '651174e1726e454e9e21cf0c1b88ee8b', 'network_id': '9ea98779-ecf8-4fbf-9c61-75424521b048', 'ip_version': 4, 'subnetpool_id': None, 'enable_dhcp': True, 'ipv6_ra_mode': None, 'ipv6_address_mode': None, 'gateway_ip': '192.168.128.1', 'cidr': '192.168.128.0/28', 'allocation_pools': [{'start': '192.168.128.2', 'end': '192.168.128.14'}], 'host_routes': [], 'dns_nameservers': [], 'description': '', 'service_types': [], 'tags': [], 'created_at': '2025-04-16T21:26:58Z', 'updated_at': '2025-04-16T21:26:58Z', 'revision_number': 0, 'project_id': '651174e1726e454e9e21cf0c1b88ee8b'}, Router: {'id': 'cbb2f6b9-b50a-4885-8075-ffa7c23ad4e3', 'name': 'tempest-ServersV294TestFqdnHostnames-464864252-router', 'tenant_id': '651174e1726e454e9e21cf0c1b88ee8b', 'admin_state_up': True, 'status': 'ACTIVE', 'external_gateway_info': {'network_id': '545f6e42-7d78-439e-b25c-7c4db313365c', 'external_fixed_ips': [{'subnet_id': 'fe58fa59-6df9-419a-89ff-57e00a00ecd1', 'ip_address': '10.180.180.178'}], 'enable_snat': True}, 'description': '', 'availability_zones': [], 'distributed': False, 'ha': False, 'availability_zone_hints': [], 'routes': [], 'flavor_id': None, 'tags': [], 'created_at': '2025-04-16T21:26:58Z', 'updated_at': '2025-04-16T21:26:59Z', 'revision_number': 2, 'project_id': '651174e1726e454e9e21cf0c1b88ee8b'}
2025-04-16 21:27:02.371 68855 INFO tempest.lib.common.rest_client [req-81243ca3-175a-4c78-a41f-a558a83c6665 req-81243ca3-175a-4c78-a41f-a558a83c6665 ] Request (TenantUsagesNegativeTestJSON:tearDownClass): 200 GET http://10.180.1.21:9696/networking/v2.0/security-groups?tenant_id=13fa3b707b534635a40f55e197aec1f1&name=default 0.655s
2025-04-16 21:27:02.417 68873 INFO tempest.lib.common.rest_client [req-b1b6e629-a9e7-4128-81c6-d40d78486411 req-b1b6e629-a9e7-4128-81c6-d40d78486411 ] Request (ServersV294TestFqdnHostnames:setUpClass): 201 POST http://10.180.1.21/identity/v3/auth/tokens 0.073s
2025-04-16 21:27:02.431 68899 INFO tempest.lib.common.rest_client [req-eb548749-9ff9-45d8-99d5-542e61977a4d req-eb548749-9ff9-45d8-99d5-542e61977a4d ] Request (ServerAddressesNegativeTestJSON:setUpClass): 200 GET http://10.180.1.21/compute/v2.1/servers/4a43ba00-1df6-4f10-a4ce-37c4ae353cc2 1.843s
2025-04-16 21:27:02.438 68885 INFO tempest.lib.common.rest_client [req-af7ab1ca-9dea-4375-8613-d52d7fb49d23 req-af7ab1ca-9dea-4375-8613-d52d7fb49d23 ] Request (FloatingIPsTestJSON:_run_cleanups): 202 DELETE http://10.180.1.21/compute/v2.1/os-floating-ips/bb40782f-07e9-4702-9460-1aed96943372 2.370s
2025-04-16 21:27:02.581 68879 INFO tempest.lib.common.rest_client [req-1c080bfc-45c5-4e44-8b8b-efab2bdbeccd req-1c080bfc-45c5-4e44-8b8b-efab2bdbeccd ] Request (QuotasAdminTestJSON:test_delete_quota): 200 GET http://10.180.1.21/compute/v2.1/os-quota-sets/401619edc40e491f86e6d09c990d17f4 1.896s
2025-04-16 21:27:02.597 68855 INFO tempest.lib.common.rest_client [req-75e71170-cc2b-4347-8c9b-4b3f5aea008f req-75e71170-cc2b-4347-8c9b-4b3f5aea008f ] Request (TenantUsagesNegativeTestJSON:tearDownClass): 204 DELETE http://10.180.1.21:9696/networking/v2.0/security-groups/1118c3f3-d685-4cb4-9b26-c4cc64ec11f4 0.224s
2025-04-16 21:27:02.609 68901 INFO tempest.lib.common.rest_client [req-05589aa0-86e8-49d4-9a85-c2539a0f695a req-05589aa0-86e8-49d4-9a85-c2539a0f695a ] Request (ImagesTestJSON:setUpClass): 200 PUT http://10.180.1.21:9696/networking/v2.0/routers/8be77ee4-d079-4f79-99d5-a944d8fb1fa0/add_router_interface 3.187s
2025-04-16 21:27:02.610 68901 INFO tempest.lib.common.dynamic_creds [-] Created isolated network resources for: credentials: Credentials: {'domain_id': 'default', 'domain_name': 'Default', 'username': 'tempest-ImagesTestJSON-1315536367-project-member', 'project_domain_id': 'default', 'project_domain_name': 'Default', 'project_id': '55315ac5ba0a44099f1f06f669643e04', 'project_name': 'tempest-ImagesTestJSON-1315536367', 'tenant_id': '55315ac5ba0a44099f1f06f669643e04', 'tenant_name': 'tempest-ImagesTestJSON-1315536367', 'user_domain_id': 'default', 'user_domain_name': 'Default', 'user_id': '341fbf2a67474ec991c1dc204caa6de6', 'system': None}, Network: {'id': '87749b96-ae9a-4042-af9c-feb736230021', 'name': 'tempest-ImagesTestJSON-1044905172-network', 'tenant_id': '55315ac5ba0a44099f1f06f669643e04', 'admin_state_up': True, 'mtu': 8950, 'status': 'ACTIVE', 'subnets': [], 'shared': False, 'project_id': '55315ac5ba0a44099f1f06f669643e04', 'port_security_enabled': True, 'router:external': False, 'provider:network_type': 'vlan', 'provider:physical_network': 'default', 'provider:segmentation_id': 291, 'is_default': False, 'availability_zone_hints': [], 'availability_zones': [], 'ipv4_address_scope': None, 'ipv6_address_scope': None, 'description': '', 'tags': [], 'created_at': '2025-04-16T21:26:56Z', 'updated_at': '2025-04-16T21:26:56Z', 'revision_number': 1}, Subnet: {'id': '77fa7fb1-5792-4c38-93d0-1d2b291fd91a', 'name': 'tempest-ImagesTestJSON-1044905172-subnet', 'tenant_id': '55315ac5ba0a44099f1f06f669643e04', 'network_id': '87749b96-ae9a-4042-af9c-feb736230021', 'ip_version': 4, 'subnetpool_id': None, 'enable_dhcp': True, 'ipv6_ra_mode': None, 'ipv6_address_mode': None, 'gateway_ip': '192.168.128.1', 'cidr': '192.168.128.0/28', 'allocation_pools': [{'start': '192.168.128.2', 'end': '192.168.128.14'}], 'host_routes': [], 'dns_nameservers': [], 'description': '', 'service_types': [], 'tags': [], 'created_at': '2025-04-16T21:26:57Z', 'updated_at': '2025-04-16T21:26:57Z', 'revision_number': 0, 'project_id': '55315ac5ba0a44099f1f06f669643e04'}, Router: {'id': '8be77ee4-d079-4f79-99d5-a944d8fb1fa0', 'name': 'tempest-ImagesTestJSON-1044905172-router', 'tenant_id': '55315ac5ba0a44099f1f06f669643e04', 'admin_state_up': True, 'status': 'ACTIVE', 'external_gateway_info': {'network_id': '545f6e42-7d78-439e-b25c-7c4db313365c', 'external_fixed_ips': [{'subnet_id': 'fe58fa59-6df9-419a-89ff-57e00a00ecd1', 'ip_address': '10.180.180.204'}], 'enable_snat': True}, 'description': '', 'availability_zones': [], 'distributed': False, 'ha': False, 'availability_zone_hints': [], 'routes': [], 'flavor_id': None, 'tags': [], 'created_at': '2025-04-16T21:26:57Z', 'updated_at': '2025-04-16T21:26:58Z', 'revision_number': 2, 'project_id': '55315ac5ba0a44099f1f06f669643e04'}
2025-04-16 21:27:02.614 68857 INFO tempest.lib.common.rest_client [req-aaceafae-fe10-40c4-8e91-14557a17921a req-aaceafae-fe10-40c4-8e91-14557a17921a ] Request (FlavorsAccessNegativeTestJSON:_run_cleanups): 200 GET http://10.180.1.21/compute/v2.1/flavors/detail 1.659s
2025-04-16 21:27:02.620 68839 INFO tempest.lib.common.rest_client [req-bbd339ac-e917-4934-a2ba-1dea4d440c92 req-bbd339ac-e917-4934-a2ba-1dea4d440c92 ] Request (AggregatesAdminNegativeTestJSON:test_aggregate_create_as_user): 403 POST http://10.180.1.21/compute/v2.1/os-aggregates 1.645s
2025-04-16 21:27:02.633 68891 INFO tempest.lib.common.rest_client [req-920755d8-397c-4c41-9e5b-7de0bb5c42ce req-920755d8-397c-4c41-9e5b-7de0bb5c42ce ] Request (DeleteServersAdminTestJSON:test_admin_delete_servers_of_others): 200 GET http://10.180.1.21/compute/v2.1/servers/0eae5e9a-258a-44e5-9b4f-53100f15aa7a 1.967s
2025-04-16 21:27:02.661 68871 INFO tempest.lib.common.rest_client [req-46f08bc4-820e-4019-90e0-4bf7872da7f6 req-46f08bc4-820e-4019-90e0-4bf7872da7f6 ] Request (FlavorsAdminTestJSON:_run_cleanups): 202 DELETE http://10.180.1.21/compute/v2.1/flavors/7440c84b-044b-466f-8dbd-b2f79848b818 1.671s
2025-04-16 21:27:02.714 68855 INFO tempest.lib.common.rest_client [req-65d583d6-2865-49e6-9f19-1043029a249c req-65d583d6-2865-49e6-9f19-1043029a249c ] Request (TenantUsagesNegativeTestJSON:tearDownClass): 204 DELETE http://10.180.1.21/identity/v3/projects/13fa3b707b534635a40f55e197aec1f1 0.116s
2025-04-16 21:27:02.714 68855 INFO tempest.lib.common.dynamic_creds [-] Deleting project and security group for project: 0a6157e710b64742832d7ea61b5b24f4
2025-04-16 21:27:02.727 68901 INFO tempest.lib.common.rest_client [req-0533cc30-7fea-45f3-8667-9f0dd0187604 req-0533cc30-7fea-45f3-8667-9f0dd0187604 ] Request (ImagesTestJSON:setUpClass): 201 POST http://10.180.1.21/identity/v3/auth/tokens 0.112s
2025-04-16 21:27:02.803 68849 INFO tempest.lib.common.rest_client [req-ffab400d-9e05-428a-a635-db2db5ac22af req-ffab400d-9e05-428a-a635-db2db5ac22af ] Request (ServersTestJSON:setUpClass): 201 POST http://10.180.1.21:9696/networking/v2.0/networks 0.578s
2025-04-16 21:27:02.879 68901 INFO tempest.lib.common.rest_client [req-c04d36da-6702-43f6-b103-4358514f3ad0 req-c04d36da-6702-43f6-b103-4358514f3ad0 ] Request (ImagesTestJSON:test_create_image_from_stopped_server): 201 POST http://10.180.1.21/identity/v3/auth/tokens 0.143s
2025-04-16 21:27:02.880 68901 INFO tempest.lib.common.fixed_network [-] (ImagesTestJSON:test_create_image_from_stopped_server) Found network {'id': '87749b96-ae9a-4042-af9c-feb736230021', 'name': 'tempest-ImagesTestJSON-1044905172-network', 'tenant_id': '55315ac5ba0a44099f1f06f669643e04', 'admin_state_up': True, 'mtu': 8950, 'status': 'ACTIVE', 'subnets': [], 'shared': False, 'project_id': '55315ac5ba0a44099f1f06f669643e04', 'port_security_enabled': True, 'router:external': False, 'provider:network_type': 'vlan', 'provider:physical_network': 'default', 'provider:segmentation_id': 291, 'is_default': False, 'availability_zone_hints': [], 'availability_zones': [], 'ipv4_address_scope': None, 'ipv6_address_scope': None, 'description': '', 'tags': [], 'created_at': '2025-04-16T21:26:56Z', 'updated_at': '2025-04-16T21:26:56Z', 'revision_number': 1} available for tenant
2025-04-16 21:27:02.900 68853 INFO tempest.lib.common.rest_client [req-afa49bf1-81bf-4e6a-a1e5-3c4698b1771f req-afa49bf1-81bf-4e6a-a1e5-3c4698b1771f ] Request (SecurityGroupsNegativeTestJSON:test_delete_nonexistent_security_group): 404 DELETE http://10.180.1.21/compute/v2.1/os-security-groups/8db1aa9a-5728-4151-8e5b-5bb294717441 1.923s
2025-04-16 21:27:02.954 68855 INFO tempest.lib.common.rest_client [req-0e248479-6d9d-45e5-af7d-b64a93b24d51 req-0e248479-6d9d-45e5-af7d-b64a93b24d51 ] Request (TenantUsagesNegativeTestJSON:tearDownClass): 200 GET http://10.180.1.21:9696/networking/v2.0/security-groups?tenant_id=0a6157e710b64742832d7ea61b5b24f4&name=default 0.240s
2025-04-16 21:27:03.113 68855 INFO tempest.lib.common.rest_client [req-4956efa4-b95c-4983-964d-ca4d6ea472bd req-4956efa4-b95c-4983-964d-ca4d6ea472bd ] Request (TenantUsagesNegativeTestJSON:tearDownClass): 204 DELETE http://10.180.1.21:9696/networking/v2.0/security-groups/bd01c6f1-d798-420b-ae21-a725cabeb675 0.158s
2025-04-16 21:27:03.237 68855 INFO tempest.lib.common.rest_client [req-6225067e-8d5c-4b1e-96ee-9d042ca00e0e req-6225067e-8d5c-4b1e-96ee-9d042ca00e0e ] Request (TenantUsagesNegativeTestJSON:tearDownClass): 204 DELETE http://10.180.1.21/identity/v3/projects/0a6157e710b64742832d7ea61b5b24f4 0.123s
2025-04-16 21:27:03.308 68855 INFO tempest.lib.common.rest_client [req-ca292433-a22e-4968-841c-5a54c4cb685b req-ca292433-a22e-4968-841c-5a54c4cb685b ] Request (ImagesOneServerTestJSON:setUpClass): 201 POST http://10.180.1.21/identity/v3/auth/tokens 0.069s
2025-04-16 21:27:03.344 68855 INFO tempest.lib.common.rest_client [req-b2fec239-28a4-4d58-a824-c9288ed020d1 req-b2fec239-28a4-4d58-a824-c9288ed020d1 ] Request (ImagesOneServerTestJSON:setUpClass): 201 POST http://10.180.1.21/identity/v3/auth/tokens 0.034s
2025-04-16 21:27:03.376 68855 INFO tempest.lib.common.rest_client [req-28aaa6ed-29da-4309-8686-9f7585615e71 req-28aaa6ed-29da-4309-8686-9f7585615e71 ] Request (ImagesOneServerTestJSON:setUpClass): 200 GET http://10.180.1.21/identity/v3/domains?name=Default 0.031s
2025-04-16 21:27:03.386 68845 INFO tempest.lib.common.rest_client [req-34385f64-96f8-44cd-a78f-b8613d386c1e req-34385f64-96f8-44cd-a78f-b8613d386c1e ] Request (ServersAdminNegativeTestJSON:setUpClass): 200 GET http://10.180.1.21/compute/v2.1/servers/c4d97b3b-ab8b-4d2a-85e7-4d3c46e74471 2.235s
2025-04-16 21:27:03.422 68855 INFO tempest.lib.common.rest_client [req-4a7c81b9-420d-4534-949f-96c4df97de26 req-4a7c81b9-420d-4534-949f-96c4df97de26 ] Request (ImagesOneServerTestJSON:setUpClass): 201 POST http://10.180.1.21/identity/v3/projects 0.044s
2025-04-16 21:27:03.464 68875 INFO tempest.lib.common.rest_client [req-a4965fba-73b3-47f2-a4c0-b66a7b09d918 req-a4965fba-73b3-47f2-a4c0-b66a7b09d918 ] Request (QuotasAdminNegativeTest:test_create_server_when_cpu_quota_is_full): 403 POST http://10.180.1.21/compute/v2.1/servers 2.459s
2025-04-16 21:27:03.490 68883 INFO tempest.lib.common.rest_client [req-e177fcbc-380a-41cf-9e2f-94b380d88528 req-e177fcbc-380a-41cf-9e2f-94b380d88528 ] Request (KeyPairsV22TestJSON:test_keypairs_create_list_delete): 200 GET http://10.180.1.21/compute/v2.1/os-keypairs 2.020s
2025-04-16 21:27:03.523 68849 INFO tempest.lib.common.rest_client [req-7344ea3e-3e43-474e-8f34-ab4fb411ad93 req-7344ea3e-3e43-474e-8f34-ab4fb411ad93 ] Request (ServersTestJSON:setUpClass): 201 POST http://10.180.1.21:9696/networking/v2.0/subnets 0.719s
2025-04-16 21:27:03.522 68855 INFO tempest.lib.common.rest_client [req-8889f6ec-07a2-4302-9097-7b3bf6a302fb req-8889f6ec-07a2-4302-9097-7b3bf6a302fb ] Request (ImagesOneServerTestJSON:setUpClass): 201 POST http://10.180.1.21/identity/v3/users 0.100s
2025-04-16 21:27:03.547 68855 INFO tempest.lib.common.rest_client [req-3a63182c-0bed-4f0e-8513-48d32d3740e3 req-3a63182c-0bed-4f0e-8513-48d32d3740e3 ] Request (ImagesOneServerTestJSON:setUpClass): 200 GET http://10.180.1.21/identity/v3/roles 0.023s
2025-04-16 21:27:03.576 68855 INFO tempest.lib.common.rest_client [req-f7f3c751-8d76-4177-ae79-17902d4fb492 req-f7f3c751-8d76-4177-ae79-17902d4fb492 ] Request (ImagesOneServerTestJSON:setUpClass): 204 PUT http://10.180.1.21/identity/v3/projects/f32514bd074c480b9ed3f488e689f7a0/users/80c44bb2786148caaf6e567401b2c30c/roles/a8452c997ae942ccab3ee19d69970e0b 0.028s
2025-04-16 21:27:03.576 68855 INFO tempest.lib.common.dynamic_creds [-] Dynamic test user 80c44bb2786148caaf6e567401b2c30c is created with scope project and roles: ['member']
