2025-04-16 21:27:15.102 68843 INFO tempest.lib.common.rest_client [req-970d9b4c-016a-4ecc-91f4-d79935603f09 req-970d9b4c-016a-4ecc-91f4-d79935603f09 ] Request (ServersAdmin275Test:test_rebuild_update_server_275): 200 GET http://10.180.1.21/compute/v2.1/servers/8c30562a-4a81-4007-923c-3bc0b922f01c 0.563s
2025-04-16 21:27:15.120 68853 INFO tempest.lib.common.rest_client [req-464a1842-06c9-460f-b182-784348bf4d4c req-464a1842-06c9-460f-b182-784348bf4d4c ] Request (ServerMetadataTestJSON:setUpClass): 200 GET http://10.180.1.21/identity/v3/domains?name=Default 0.118s
2025-04-16 21:27:15.153 68885 INFO tempest.lib.common.rest_client [req-8199507c-a40b-46da-a551-cd3c930f639c req-8199507c-a40b-46da-a551-cd3c930f639c ] Request (FloatingIPsTestJSON:tearDownClass): 204 DELETE http://10.180.1.21/identity/v3/projects/482451c2d4ff4f5e8983d49318b80c8a 0.142s
2025-04-16 21:27:15.170 68897 INFO tempest.lib.common.rest_client [req-82c1190e-51c3-4e0d-9728-450ea6fb8ebd req-82c1190e-51c3-4e0d-9728-450ea6fb8ebd ] Request (FlavorsV2TestJSON:tearDownClass): 201 POST http://10.180.1.21/identity/v3/auth/tokens 0.104s
2025-04-16 21:27:15.200 68853 INFO tempest.lib.common.rest_client [req-4d606c7a-0748-4020-8274-c8c5d5c91793 req-4d606c7a-0748-4020-8274-c8c5d5c91793 ] Request (ServerMetadataTestJSON:setUpClass): 201 POST http://10.180.1.21/identity/v3/projects 0.079s
2025-04-16 21:27:15.236 68857 INFO tempest.lib.common.rest_client [req-65ad5af9-bcb5-45f9-bf1c-e528d488d36d req-65ad5af9-bcb5-45f9-bf1c-e528d488d36d ] Request (FlavorsAccessNegativeTestJSON:tearDownClass): 204 DELETE http://10.180.1.21/identity/v3/users/8e4df77392024ae5ae77ff43030ea0ec 0.164s
2025-04-16 21:27:15.249 68885 INFO tempest.lib.common.rest_client [req-1d538a1a-e30a-4e9d-85c4-1e26c9ee6e39 req-1d538a1a-e30a-4e9d-85c4-1e26c9ee6e39 ] Request (ImagesMetadataNegativeTestJSON:setUpClass): 201 POST http://10.180.1.21/identity/v3/auth/tokens 0.094s
2025-04-16 21:27:15.303 68853 INFO tempest.lib.common.rest_client [req-510198cc-1512-4c08-9481-6c3a29ba23fe req-510198cc-1512-4c08-9481-6c3a29ba23fe ] Request (ServerMetadataTestJSON:setUpClass): 201 POST http://10.180.1.21/identity/v3/users 0.103s
2025-04-16 21:27:15.337 68885 INFO tempest.lib.common.rest_client [req-45ee8874-0403-480f-94e8-fd56902f733d req-45ee8874-0403-480f-94e8-fd56902f733d ] Request (ImagesMetadataNegativeTestJSON:setUpClass): 201 POST http://10.180.1.21/identity/v3/auth/tokens 0.086s
2025-04-16 21:27:15.372 68857 INFO tempest.lib.common.rest_client [req-61a712d7-e140-488b-8a44-44d5dd9a7b4a req-61a712d7-e140-488b-8a44-44d5dd9a7b4a ] Request (FlavorsAccessNegativeTestJSON:tearDownClass): 204 DELETE http://10.180.1.21/identity/v3/users/3a8cea24e64347539b67d471673eb6b4 0.136s
2025-04-16 21:27:15.373 68857 INFO tempest.lib.common.dynamic_creds [-] Deleting project and security group for project: 2c91a1b5228247f39d63b4519a5f3cd8
2025-04-16 21:27:15.391 68853 INFO tempest.lib.common.rest_client [req-9449e2ff-5e0c-4696-a321-9e70a968f748 req-9449e2ff-5e0c-4696-a321-9e70a968f748 ] Request (ServerMetadataTestJSON:setUpClass): 200 GET http://10.180.1.21/identity/v3/roles 0.086s
2025-04-16 21:27:15.411 68857 INFO tempest.lib.common.rest_client [req-8a385a24-3fb8-492f-847c-6b1462294a28 req-8a385a24-3fb8-492f-847c-6b1462294a28 ] Request (FlavorsAccessNegativeTestJSON:tearDownClass): 201 POST http://10.180.1.21/identity/v3/auth/tokens 0.038s
2025-04-16 21:27:15.422 68891 INFO tempest.lib.common.rest_client [req-1c317ad5-c5f5-41d1-b75c-e6564bbe9fd5 req-1c317ad5-c5f5-41d1-b75c-e6564bbe9fd5 ] Request (DeleteServersAdminTestJSON:test_admin_delete_servers_of_others): 200 GET http://10.180.1.21/compute/v2.1/servers/0eae5e9a-258a-44e5-9b4f-53100f15aa7a 0.736s
2025-04-16 21:27:15.422 68897 INFO tempest.lib.common.rest_client [req-4af52104-d881-4417-b692-71f4f17da561 req-4af52104-d881-4417-b692-71f4f17da561 ] Request (FlavorsV2TestJSON:tearDownClass): 200 GET http://10.180.1.21:9696/networking/v2.0/security-groups?tenant_id=7396f1a41bbe4ca5a952af839943debb&name=default 0.252s
2025-04-16 21:27:15.424 68885 INFO tempest.lib.common.rest_client [req-bb7f393e-6abb-4eff-9a25-5bb7ed57b98c req-bb7f393e-6abb-4eff-9a25-5bb7ed57b98c ] Request (ImagesMetadataNegativeTestJSON:setUpClass): 200 GET http://10.180.1.21/identity/v3/domains?name=Default 0.086s
2025-04-16 21:27:15.437 68845 INFO tempest.lib.common.rest_client [req-e35db26d-a7f4-495d-b6c4-5bb199b8d77c req-e35db26d-a7f4-495d-b6c4-5bb199b8d77c ] Request (ServersAdminNegativeTestJSON:setUpClass): 200 GET http://10.180.1.21/compute/v2.1/servers/c4d97b3b-ab8b-4d2a-85e7-4d3c46e74471 0.712s
2025-04-16 21:27:15.442 68853 INFO tempest.lib.common.rest_client [req-8efd6f26-035c-497d-b839-b9fd181c5642 req-8efd6f26-035c-497d-b839-b9fd181c5642 ] Request (ServerMetadataTestJSON:setUpClass): 204 PUT http://10.180.1.21/identity/v3/projects/222daa7a7b2941e6b43e47fbac0fbe18/users/d699600d93fe4bdda4d733030dc5ed0a/roles/a8452c997ae942ccab3ee19d69970e0b 0.051s
2025-04-16 21:27:15.442 68853 INFO tempest.lib.common.dynamic_creds [-] Dynamic test user d699600d93fe4bdda4d733030dc5ed0a is created with scope project and roles: ['member']
2025-04-16 21:27:15.442 68853 INFO tempest.lib.common.dynamic_creds [-] Acquired dynamic creds: credentials: Credentials: {'domain_id': 'default', 'domain_name': 'Default', 'username': 'tempest-ServerMetadataTestJSON-517122474-project-member', 'project_domain_id': 'default', 'project_domain_name': 'Default', 'project_id': '222daa7a7b2941e6b43e47fbac0fbe18', 'project_name': 'tempest-ServerMetadataTestJSON-517122474', 'tenant_id': '222daa7a7b2941e6b43e47fbac0fbe18', 'tenant_name': 'tempest-ServerMetadataTestJSON-517122474', 'user_domain_id': 'default', 'user_domain_name': 'Default', 'user_id': 'd699600d93fe4bdda4d733030dc5ed0a', 'system': None}, Network: None, Subnet: None, Router: None
2025-04-16 21:27:15.494 68885 INFO tempest.lib.common.rest_client [req-3500a812-6039-4029-9147-2ac0072716be req-3500a812-6039-4029-9147-2ac0072716be ] Request (ImagesMetadataNegativeTestJSON:setUpClass): 201 POST http://10.180.1.21/identity/v3/projects 0.069s
2025-04-16 21:27:15.495 68897 INFO tempest.lib.common.rest_client [req-c59c7fc9-8735-4c0b-b01a-7a1699a70d8a req-c59c7fc9-8735-4c0b-b01a-7a1699a70d8a ] Request (FlavorsV2TestJSON:tearDownClass): 204 DELETE http://10.180.1.21:9696/networking/v2.0/security-groups/547d4214-f3fb-492b-94ee-af41cd2b143b 0.072s
2025-04-16 21:27:15.500 68841 INFO tempest.lib.common.rest_client [req-86ce65f7-3ded-4c92-8fd1-f337916fed03 req-86ce65f7-3ded-4c92-8fd1-f337916fed03 ] Request (ServerActionsV293TestJSON:setUpClass): 200 GET http://10.180.1.21/compute/v2.1/servers/ccd1b692-f511-43c8-8b3d-ce92ef27670f 0.702s
2025-04-16 21:27:15.545 68853 INFO tempest.lib.common.rest_client [req-0c8afce0-c8cf-4cc4-ba44-8d67a4184727 req-0c8afce0-c8cf-4cc4-ba44-8d67a4184727 ] Request (ServerMetadataTestJSON:setUpClass): 201 POST http://10.180.1.21/identity/v3/auth/tokens 0.102s
2025-04-16 21:27:15.550 68865 INFO tempest.lib.common.rest_client [req-78b42f6d-6006-4bd2-b39a-d2b1a31f4ad0 req-78b42f6d-6006-4bd2-b39a-d2b1a31f4ad0 ] Request (VolumesAssistedSnapshotsTest:test_volume_assisted_snapshot_create_delete): 200 GET http://10.180.1.21/compute/v2.1/servers/c962c9c7-04a4-46ec-a46f-fac13caa6a1e 0.748s
2025-04-16 21:27:15.553 68885 INFO tempest.lib.common.rest_client [req-0bb85bb4-5a0e-43a6-a970-aac8a9250158 req-0bb85bb4-5a0e-43a6-a970-aac8a9250158 ] Request (ImagesMetadataNegativeTestJSON:setUpClass): 201 POST http://10.180.1.21/identity/v3/users 0.058s
2025-04-16 21:27:15.595 68897 INFO tempest.lib.common.rest_client [req-3aeb3d59-d3e5-4da9-8080-151f1d19cf85 req-3aeb3d59-d3e5-4da9-8080-151f1d19cf85 ] Request (FlavorsV2TestJSON:tearDownClass): 204 DELETE http://10.180.1.21/identity/v3/projects/7396f1a41bbe4ca5a952af839943debb 0.100s
2025-04-16 21:27:15.683 68885 INFO tempest.lib.common.rest_client [req-ffcb2aa4-a566-4dee-8c45-3761941911c0 req-ffcb2aa4-a566-4dee-8c45-3761941911c0 ] Request (ImagesMetadataNegativeTestJSON:setUpClass): 200 GET http://10.180.1.21/identity/v3/roles 0.130s
2025-04-16 21:27:15.689 68897 INFO tempest.lib.common.rest_client [req-95a9eecf-9205-4e16-b116-59defdec3c02 req-95a9eecf-9205-4e16-b116-59defdec3c02 ] Request (AbsoluteLimitsNegativeTestJSON:setUpClass): 201 POST http://10.180.1.21/identity/v3/auth/tokens 0.092s
2025-04-16 21:27:15.716 68885 INFO tempest.lib.common.rest_client [req-142db518-bb8a-4bab-8c1d-858d6b1fcffc req-142db518-bb8a-4bab-8c1d-858d6b1fcffc ] Request (ImagesMetadataNegativeTestJSON:setUpClass): 204 PUT http://10.180.1.21/identity/v3/projects/0e01a9b6ddf145b7b23551960769b2d9/users/87152528d5344f01afecb7e0e84edc76/roles/a8452c997ae942ccab3ee19d69970e0b 0.032s
2025-04-16 21:27:15.716 68885 INFO tempest.lib.common.dynamic_creds [-] Dynamic test user 87152528d5344f01afecb7e0e84edc76 is created with scope project and roles: ['member']
2025-04-16 21:27:15.716 68885 INFO tempest.lib.common.dynamic_creds [-] Acquired dynamic creds: credentials: Credentials: {'domain_id': 'default', 'domain_name': 'Default', 'username': 'tempest-ImagesMetadataNegativeTestJSON-1134763823-project-member', 'project_domain_id': 'default', 'project_domain_name': 'Default', 'project_id': '0e01a9b6ddf145b7b23551960769b2d9', 'project_name': 'tempest-ImagesMetadataNegativeTestJSON-1134763823', 'tenant_id': '0e01a9b6ddf145b7b23551960769b2d9', 'tenant_name': 'tempest-ImagesMetadataNegativeTestJSON-1134763823', 'user_domain_id': 'default', 'user_domain_name': 'Default', 'user_id': '87152528d5344f01afecb7e0e84edc76', 'system': None}, Network: None, Subnet: None, Router: None
2025-04-16 21:27:15.716 68885 INFO tempest.lib.common.dynamic_creds [-] Created isolated network resources for: credentials: Credentials: {'domain_id': 'default', 'domain_name': 'Default', 'username': 'tempest-ImagesMetadataNegativeTestJSON-1134763823-project-member', 'project_domain_id': 'default', 'project_domain_name': 'Default', 'project_id': '0e01a9b6ddf145b7b23551960769b2d9', 'project_name': 'tempest-ImagesMetadataNegativeTestJSON-1134763823', 'tenant_id': '0e01a9b6ddf145b7b23551960769b2d9', 'tenant_name': 'tempest-ImagesMetadataNegativeTestJSON-1134763823', 'user_domain_id': 'default', 'user_domain_name': 'Default', 'user_id': '87152528d5344f01afecb7e0e84edc76', 'system': None}, Network: None, Subnet: None, Router: None
2025-04-16 21:27:15.731 68857 INFO tempest.lib.common.rest_client [req-961f3d60-cee8-4daa-ab8b-ebc5089036d2 req-961f3d60-cee8-4daa-ab8b-ebc5089036d2 ] Request (FlavorsAccessNegativeTestJSON:tearDownClass): 200 GET http://10.180.1.21:9696/networking/v2.0/security-groups?tenant_id=2c91a1b5228247f39d63b4519a5f3cd8&name=default 0.320s
2025-04-16 21:27:15.770 68897 INFO tempest.lib.common.rest_client [req-4f9867a5-bef2-42f6-a51b-5687a7b68fdc req-4f9867a5-bef2-42f6-a51b-5687a7b68fdc ] Request (AbsoluteLimitsNegativeTestJSON:setUpClass): 201 POST http://10.180.1.21/identity/v3/auth/tokens 0.079s
2025-04-16 21:27:15.786 68879 INFO tempest.lib.common.rest_client [req-707d8563-17a2-415c-b828-28caeb486441 req-707d8563-17a2-415c-b828-28caeb486441 ] Request (QuotasAdminTestJSON:test_update_all_quota_resources_for_tenant): 200 PUT http://10.180.1.21/compute/v2.1/os-quota-sets/69679e288e384a27a1d8d72ac0f1695c 1.035s
2025-04-16 21:27:15.801 68857 INFO tempest.lib.common.rest_client [req-0b146a50-2775-4593-86f2-92aba601ce64 req-0b146a50-2775-4593-86f2-92aba601ce64 ] Request (FlavorsAccessNegativeTestJSON:tearDownClass): 204 DELETE http://10.180.1.21:9696/networking/v2.0/security-groups/7a2e3ce4-c8ad-415d-9197-24447dafc20b 0.069s
2025-04-16 21:27:15.809 68897 INFO tempest.lib.common.rest_client [req-259820db-a374-4ed0-80d1-fa7e1f3c1894 req-259820db-a374-4ed0-80d1-fa7e1f3c1894 ] Request (AbsoluteLimitsNegativeTestJSON:setUpClass): 200 GET http://10.180.1.21/identity/v3/domains?name=Default 0.039s
2025-04-16 21:27:15.838 68889 INFO tempest.lib.common.rest_client [req-e7fd3a9f-e105-43c2-a8b0-05a443ccdc2c req-e7fd3a9f-e105-43c2-a8b0-05a443ccdc2c ] Request (ImagesOneServerNegativeTestJSON:setUpClass): 200 GET http://10.180.1.21/compute/v2.1/servers/ee103d2f-8513-4e3a-af13-bfb3b5a7fbd2 0.965s
2025-04-16 21:27:15.848 68885 INFO tempest.lib.common.rest_client [req-b79e04cb-be19-4f63-b684-8f65666b790c req-b79e04cb-be19-4f63-b684-8f65666b790c ] Request (ImagesMetadataNegativeTestJSON:setUpClass): 201 POST http://10.180.1.21/identity/v3/auth/tokens 0.126s
2025-04-16 21:27:15.848 68839 INFO tempest.lib.common.rest_client [req-ab816fc0-4561-498b-9d92-97666c88f4e8 req-ab816fc0-4561-498b-9d92-97666c88f4e8 ] Request (AggregatesAdminNegativeTestJSON:test_aggregate_get_details_with_invalid_id): 404 GET http://10.180.1.21/compute/v2.1/os-aggregates/-1 0.929s
2025-04-16 21:27:15.860 68875 INFO tempest.lib.common.rest_client [req-932d6d1e-b151-4642-a8e3-a8297ca86be2 req-932d6d1e-b151-4642-a8e3-a8297ca86be2 ] Request (QuotasAdminNegativeTest:_run_cleanups): 200 PUT http://10.180.1.21/compute/v2.1/os-quota-sets/aff44567d7524036aa756bcf741ddbcc 1.034s
2025-04-16 21:27:15.879 68857 INFO tempest.lib.common.rest_client [req-8f503c60-40bc-40d8-b1a4-0e2210dd786b req-8f503c60-40bc-40d8-b1a4-0e2210dd786b ] Request (FlavorsAccessNegativeTestJSON:tearDownClass): 204 DELETE http://10.180.1.21/identity/v3/projects/2c91a1b5228247f39d63b4519a5f3cd8 0.077s
2025-04-16 21:27:15.879 68857 INFO tempest.lib.common.dynamic_creds [-] Deleting project and security group for project: 2e4b6c132b1d4ff6bfe7032a97de5044
2025-04-16 21:27:15.883 68871 INFO tempest.lib.common.rest_client [req-9e7e4026-615b-40bb-8065-a8724175883e req-9e7e4026-615b-40bb-8065-a8724175883e ] Request (FlavorsAdminTestJSON:test_is_public_string_variations): 200 POST http://10.180.1.21/compute/v2.1/flavors 0.917s
2025-04-16 21:27:15.888 68853 INFO tempest.lib.common.rest_client [req-af7c6d70-28f3-46ed-be83-c58256148e8b req-af7c6d70-28f3-46ed-be83-c58256148e8b ] Request (ServerMetadataTestJSON:setUpClass): 201 POST http://10.180.1.21:9696/networking/v2.0/networks 0.342s
2025-04-16 21:27:15.933 68895 INFO tempest.lib.common.rest_client [req-1b5471bc-6bd7-4ecb-86d4-0a4e645b63b8 req-1b5471bc-6bd7-4ecb-86d4-0a4e645b63b8 ] Request (ServerDiagnosticsV248Test:test_get_server_diagnostics): 200 GET http://10.180.1.21/compute/v2.1/servers/4c5c97bc-4a9f-413b-a75f-a197270103a2 0.992s
2025-04-16 21:27:15.935 68897 INFO tempest.lib.common.rest_client [req-68f402cf-5bba-44ac-97b7-e9fe2a007a7e req-68f402cf-5bba-44ac-97b7-e9fe2a007a7e ] Request (AbsoluteLimitsNegativeTestJSON:setUpClass): 201 POST http://10.180.1.21/identity/v3/projects 0.125s
2025-04-16 21:27:15.942 68883 INFO tempest.lib.common.rest_client [req-36daf210-d865-43fd-bf67-9745ff9f72bf req-36daf210-d865-43fd-bf67-9745ff9f72bf ] Request (KeyPairsV22TestJSON:test_keypairsv22_create_list_show_with_type): 200 GET http://10.180.1.21/compute/v2.1/os-keypairs 0.893s
2025-04-16 21:27:16.007 68855 INFO tempest.lib.common.rest_client [req-2d75dd4f-162a-4559-b181-c6aa31fb42d9 req-2d75dd4f-162a-4559-b181-c6aa31fb42d9 ] Request (ImagesOneServerTestJSON:setUpClass): 200 GET http://10.180.1.21/compute/v2.1/servers/a91a0cd6-a014-43c7-8723-55825c0c8662 0.883s
2025-04-16 21:27:16.009 68897 INFO tempest.lib.common.rest_client [req-61e0010e-48c2-4056-aa92-65e4863011fc req-61e0010e-48c2-4056-aa92-65e4863011fc ] Request (AbsoluteLimitsNegativeTestJSON:setUpClass): 201 POST http://10.180.1.21/identity/v3/users 0.074s
2025-04-16 21:27:16.032 68897 INFO tempest.lib.common.rest_client [req-ec704022-7b77-49c8-b16a-0887a86f8784 req-ec704022-7b77-49c8-b16a-0887a86f8784 ] Request (AbsoluteLimitsNegativeTestJSON:setUpClass): 200 GET http://10.180.1.21/identity/v3/roles 0.022s
2025-04-16 21:27:16.040 68859 INFO tempest.lib.common.rest_client [req-c8a75fd7-f930-41e6-922e-dfe9e3d87594 req-c8a75fd7-f930-41e6-922e-dfe9e3d87594 ] Request (ServersAdminTestJSON:setUpClass): 200 GET http://10.180.1.21/compute/v2.1/servers/15eb6744-4b26-4d7a-8639-cb3bd13e3726 0.994s
2025-04-16 21:27:16.061 68897 INFO tempest.lib.common.rest_client [req-bac821e0-b21f-4f77-a19c-8a979b398025 req-bac821e0-b21f-4f77-a19c-8a979b398025 ] Request (AbsoluteLimitsNegativeTestJSON:setUpClass): 204 PUT http://10.180.1.21/identity/v3/projects/e725eed4faa042aa9f554127ee4c370a/users/21064d0fce844179bd8fb1814ff96823/roles/a8452c997ae942ccab3ee19d69970e0b 0.028s
2025-04-16 21:27:16.061 68897 INFO tempest.lib.common.dynamic_creds [-] Dynamic test user 21064d0fce844179bd8fb1814ff96823 is created with scope project and roles: ['member']
2025-04-16 21:27:16.061 68897 INFO tempest.lib.common.dynamic_creds [-] Acquired dynamic creds: credentials: Credentials: {'domain_id': 'default', 'domain_name': 'Default', 'username': 'tempest-AbsoluteLimitsNegativeTestJSON-235333769-project-member', 'project_domain_id': 'default', 'project_domain_name': 'Default', 'project_id': 'e725eed4faa042aa9f554127ee4c370a', 'project_name': 'tempest-AbsoluteLimitsNegativeTestJSON-235333769', 'tenant_id': 'e725eed4faa042aa9f554127ee4c370a', 'tenant_name': 'tempest-AbsoluteLimitsNegativeTestJSON-235333769', 'user_domain_id': 'default', 'user_domain_name': 'Default', 'user_id': '21064d0fce844179bd8fb1814ff96823', 'system': None}, Network: None, Subnet: None, Router: None
2025-04-16 21:27:16.061 68897 INFO tempest.lib.common.dynamic_creds [-] Created isolated network resources for: credentials: Credentials: {'domain_id': 'default', 'domain_name': 'Default', 'username': 'tempest-AbsoluteLimitsNegativeTestJSON-235333769-project-member', 'project_domain_id': 'default', 'project_domain_name': 'Default', 'project_id': 'e725eed4faa042aa9f554127ee4c370a', 'project_name': 'tempest-AbsoluteLimitsNegativeTestJSON-235333769', 'tenant_id': 'e725eed4faa042aa9f554127ee4c370a', 'tenant_name': 'tempest-AbsoluteLimitsNegativeTestJSON-235333769', 'user_domain_id': 'default', 'user_domain_name': 'Default', 'user_id': '21064d0fce844179bd8fb1814ff96823', 'system': None}, Network: None, Subnet: None, Router: None
2025-04-16 21:27:16.064 68857 INFO tempest.lib.common.rest_client [req-a6f0ed99-4348-47b6-86ba-4893afc530df req-a6f0ed99-4348-47b6-86ba-4893afc530df ] Request (FlavorsAccessNegativeTestJSON:tearDownClass): 200 GET http://10.180.1.21:9696/networking/v2.0/security-groups?tenant_id=2e4b6c132b1d4ff6bfe7032a97de5044&name=default 0.185s
2025-04-16 21:27:16.112 68853 INFO tempest.lib.common.rest_client [req-dea8ab48-9e4a-4bcd-af34-926015b85745 req-dea8ab48-9e4a-4bcd-af34-926015b85745 ] Request (ServerMetadataTestJSON:setUpClass): 201 POST http://10.180.1.21:9696/networking/v2.0/subnets 0.223s
2025-04-16 21:27:16.131 68897 INFO tempest.lib.common.rest_client [req-aaa84a87-f89c-425a-9f02-dea3916b8b7f req-aaa84a87-f89c-425a-9f02-dea3916b8b7f ] Request (AbsoluteLimitsNegativeTestJSON:setUpClass): 201 POST http://10.180.1.21/identity/v3/auth/tokens 0.066s
2025-04-16 21:27:16.148 68857 INFO tempest.lib.common.rest_client [req-3c84be27-cf09-43cb-9ec5-52f06926e77a req-3c84be27-cf09-43cb-9ec5-52f06926e77a ] Request (FlavorsAccessNegativeTestJSON:tearDownClass): 204 DELETE http://10.180.1.21:9696/networking/v2.0/security-groups/00965b42-8992-4e4f-b7d1-54ee1c2ccc3b 0.084s
2025-04-16 21:27:16.246 68857 INFO tempest.lib.common.rest_client [req-b7512b66-28e8-4b23-87f0-5e297c3edc18 req-b7512b66-28e8-4b23-87f0-5e297c3edc18 ] Request (FlavorsAccessNegativeTestJSON:tearDownClass): 204 DELETE http://10.180.1.21/identity/v3/projects/2e4b6c132b1d4ff6bfe7032a97de5044 0.098s
2025-04-16 21:27:16.247 68857 INFO tempest.lib.common.dynamic_creds [-] Deleting project and security group for project: c99bc2f3917e4ee688f4ae0f551ae16e
2025-04-16 21:27:16.267 68881 INFO tempest.lib.common.rest_client [req-f8448ae6-4146-40c0-b9eb-d4d9a6327b25 req-f8448ae6-4146-40c0-b9eb-d4d9a6327b25 ] Request (SecurityGroupsTestJSON:test_list_security_groups_by_server): 200 GET http://10.180.1.21/compute/v2.1/servers/e1e0f1fc-a1b7-47ff-8f78-4ad09d2a005e 1.021s
2025-04-16 21:27:16.295 68869 INFO tempest.lib.common.rest_client [req-66782ee0-7c49-40ef-8ef1-301d061b4568 req-66782ee0-7c49-40ef-8ef1-301d061b4568 ] Request (ServerDiskConfigTestJSON:test_rebuild_server_with_auto_disk_config): 200 GET http://10.180.1.21/compute/v2.1/servers/cf2dc0a3-47fe-4fa6-b7f0-3e03328c1cb9 1.038s
2025-04-16 21:27:16.323 68857 INFO tempest.lib.common.rest_client [req-4a8d62af-21f3-4731-972c-96660766bb00 req-4a8d62af-21f3-4731-972c-96660766bb00 ] Request (FlavorsAccessNegativeTestJSON:tearDownClass): 200 GET http://10.180.1.21:9696/networking/v2.0/security-groups?tenant_id=c99bc2f3917e4ee688f4ae0f551ae16e&name=default 0.076s
2025-04-16 21:27:16.334 68901 INFO tempest.lib.common.rest_client [req-68061306-f86f-40b3-bb26-493131273b45 req-68061306-f86f-40b3-bb26-493131273b45 ] Request (ImagesTestJSON:test_create_image_from_stopped_server): 200 GET http://10.180.1.21/compute/v2.1/servers/6894c90c-cbfb-4226-a0b5-e195f923c8e0 0.998s
2025-04-16 21:27:16.381 68857 INFO tempest.lib.common.rest_client [req-d3abde3a-a8b7-412f-a1c3-d57604d69f07 req-d3abde3a-a8b7-412f-a1c3-d57604d69f07 ] Request (FlavorsAccessNegativeTestJSON:tearDownClass): 204 DELETE http://10.180.1.21:9696/networking/v2.0/security-groups/79ac4a1d-5aca-450c-9a3c-97f98bd554b1 0.058s
2025-04-16 21:27:16.472 68857 INFO tempest.lib.common.rest_client [req-95db60a8-7062-4c7f-b469-a23f95d8b356 req-95db60a8-7062-4c7f-b469-a23f95d8b356 ] Request (FlavorsAccessNegativeTestJSON:tearDownClass): 204 DELETE http://10.180.1.21/identity/v3/projects/c99bc2f3917e4ee688f4ae0f551ae16e 0.090s
2025-04-16 21:27:16.481 68863 INFO tempest.lib.common.rest_client [req-90d66d85-f148-4ac0-9153-943c149dd6f1 req-90d66d85-f148-4ac0-9153-943c149dd6f1 ] Request (MigrationsAdminTest:test_list_migrations_in_flavor_resize_situation): 200 GET http://10.180.1.21/compute/v2.1/servers/f3b237f4-6e23-4474-b841-aa3ca8c1486f 1.009s
2025-04-16 21:27:16.512 68867 INFO tempest.lib.common.rest_client [req-4b37c743-52c8-46ad-9850-f78e67c5d092 req-4b37c743-52c8-46ad-9850-f78e67c5d092 ] Request (ServerExternalEventsTest:test_create_server_external_events): 200 GET http://10.180.1.21/compute/v2.1/servers/e49a885d-c0d2-414b-b1f0-bfc3a710e9ad 0.950s
2025-04-16 21:27:16.538 68857 INFO tempest.lib.common.rest_client [req-09727958-1680-4194-b079-0b73e256f316 req-09727958-1680-4194-b079-0b73e256f316 ] Request (ServerDiagnosticsTest:setUpClass): 201 POST http://10.180.1.21/identity/v3/auth/tokens 0.065s
2025-04-16 21:27:16.549 68873 INFO tempest.lib.common.rest_client [req-a716fbc1-f012-4a18-bbbc-9f25ea5ae1d8 req-a716fbc1-f012-4a18-bbbc-9f25ea5ae1d8 ] Request (ServersV294TestFqdnHostnames:setUpClass): 200 GET http://10.180.1.21/compute/v2.1/servers/7ff5aa4a-0f8a-4ed8-a918-ef2fe3410455 0.889s
2025-04-16 21:27:16.568 68857 INFO tempest.lib.common.rest_client [req-362a412c-44c8-4762-8a52-ab0e895c2f41 req-362a412c-44c8-4762-8a52-ab0e895c2f41 ] Request (ServerDiagnosticsTest:setUpClass): 201 POST http://10.180.1.21/identity/v3/auth/tokens 0.027s
2025-04-16 21:27:16.586 68857 INFO tempest.lib.common.rest_client [req-a5c7da21-5072-41f4-b6f5-c22b977dd72e req-a5c7da21-5072-41f4-b6f5-c22b977dd72e ] Request (ServerDiagnosticsTest:setUpClass): 200 GET http://10.180.1.21/identity/v3/domains?name=Default 0.017s
2025-04-16 21:27:16.605 68851 INFO tempest.lib.common.rest_client [req-593a2204-59e0-4527-84ed-3e799943a551 req-593a2204-59e0-4527-84ed-3e799943a551 ] Request (TenantUsagesTestJSON:setUpClass): 200 GET http://10.180.1.21/compute/v2.1/servers/52ef7a21-6254-4ac1-a3c0-93f1ac70dd9c 0.779s
2025-04-16 21:27:16.613 68839 INFO tempest.lib.common.rest_client [req-466ac45c-b1e6-4d4f-ae72-59c9c25963b0 req-466ac45c-b1e6-4d4f-ae72-59c9c25963b0 ] Request (AggregatesAdminNegativeTestJSON:test_aggregate_list_as_user): 403 GET http://10.180.1.21/compute/v2.1/os-aggregates 0.762s
2025-04-16 21:27:16.622 68857 INFO tempest.lib.common.rest_client [req-ed9c56f6-6c2e-4388-8857-f450044c4bb2 req-ed9c56f6-6c2e-4388-8857-f450044c4bb2 ] Request (ServerDiagnosticsTest:setUpClass): 201 POST http://10.180.1.21/identity/v3/projects 0.035s
2025-04-16 21:27:16.694 68857 INFO tempest.lib.common.rest_client [req-dd098022-f1df-4a33-a56a-775c51c9f8a3 req-dd098022-f1df-4a33-a56a-775c51c9f8a3 ] Request (ServerDiagnosticsTest:setUpClass): 201 POST http://10.180.1.21/identity/v3/users 0.072s
2025-04-16 21:27:16.718 68857 INFO tempest.lib.common.rest_client [req-f7e38fb0-5441-4b6b-9629-d75399f30692 req-f7e38fb0-5441-4b6b-9629-d75399f30692 ] Request (ServerDiagnosticsTest:setUpClass): 200 GET http://10.180.1.21/identity/v3/roles 0.023s
2025-04-16 21:27:16.728 68885 INFO tempest.lib.common.rest_client [req-faa95c5e-daea-4edc-9f50-67876f7d642e req-faa95c5e-daea-4edc-9f50-67876f7d642e ] Request (ImagesMetadataNegativeTestJSON:test_delete_nonexistent_image_metadata_item): 404 DELETE http://10.180.1.21/compute/v2.1/images/9ea70343-685d-4c26-9dde-67d00de3e623/metadata/os_distro 0.875s
2025-04-16 21:27:16.733 68875 INFO tempest.lib.common.rest_client [req-92338b73-2fb3-4e7f-bf0a-569bdd9eaaf8 req-92338b73-2fb3-4e7f-bf0a-569bdd9eaaf8 ] Request (QuotasAdminNegativeTest:test_update_quota_normal_user): 403 PUT http://10.180.1.21/compute/v2.1/os-quota-sets/aff44567d7524036aa756bcf741ddbcc 0.867s
2025-04-16 21:27:16.758 68857 INFO tempest.lib.common.rest_client [req-1476239e-5c78-46fe-ad5d-86ccb1f39936 req-1476239e-5c78-46fe-ad5d-86ccb1f39936 ] Request (ServerDiagnosticsTest:setUpClass): 204 PUT http://10.180.1.21/identity/v3/projects/698c58ca31d3443f8673377857c07d73/users/96daa164b18d481ab57b67c264b88299/roles/a8452c997ae942ccab3ee19d69970e0b 0.039s
2025-04-16 21:27:16.758 68857 INFO tempest.lib.common.dynamic_creds [-] Dynamic test user 96daa164b18d481ab57b67c264b88299 is created with scope project and roles: ['member']
2025-04-16 21:27:16.758 68857 INFO tempest.lib.common.dynamic_creds [-] Acquired dynamic creds: credentials: Credentials: {'domain_id': 'default', 'domain_name': 'Default', 'username': 'tempest-ServerDiagnosticsTest-1371719933-project-member', 'project_domain_id': 'default', 'project_domain_name': 'Default', 'project_id': '698c58ca31d3443f8673377857c07d73', 'project_name': 'tempest-ServerDiagnosticsTest-1371719933', 'tenant_id': '698c58ca31d3443f8673377857c07d73', 'tenant_name': 'tempest-ServerDiagnosticsTest-1371719933', 'user_domain_id': 'default', 'user_domain_name': 'Default', 'user_id': '96daa164b18d481ab57b67c264b88299', 'system': None}, Network: None, Subnet: None, Router: None
2025-04-16 21:27:16.759 68857 INFO tempest.lib.common.dynamic_creds [-] Created isolated network resources for: credentials: Credentials: {'domain_id': 'default', 'domain_name': 'Default', 'username': 'tempest-ServerDiagnosticsTest-1371719933-project-member', 'project_domain_id': 'default', 'project_domain_name': 'Default', 'project_id': '698c58ca31d3443f8673377857c07d73', 'project_name': 'tempest-ServerDiagnosticsTest-1371719933', 'tenant_id': '698c58ca31d3443f8673377857c07d73', 'tenant_name': 'tempest-ServerDiagnosticsTest-1371719933', 'user_domain_id': 'default', 'user_domain_name': 'Default', 'user_id': '96daa164b18d481ab57b67c264b88299', 'system': None}, Network: None, Subnet: None, Router: None
2025-04-16 21:27:16.761 68871 INFO tempest.lib.common.rest_client [req-7552d9f8-5e93-4285-bdc2-cb59442ad0c0 req-7552d9f8-5e93-4285-bdc2-cb59442ad0c0 ] Request (FlavorsAdminTestJSON:test_is_public_string_variations): 200 POST http://10.180.1.21/compute/v2.1/flavors 0.872s
2025-04-16 21:27:16.819 68875 INFO tempest.lib.common.rest_client [req-cd52795d-82e6-49ba-891b-2a9e84dd1297 req-cd52795d-82e6-49ba-891b-2a9e84dd1297 ] Request (QuotasAdminNegativeTest:tearDownClass): 204 DELETE http://10.180.1.21/identity/v3/users/22dff395c11f4609bfb187188eaf7820 0.084s
2025-04-16 21:27:16.829 68893 INFO tempest.lib.common.rest_client [req-eb248108-e105-4d86-8a00-bc28653bd0e4 req-eb248108-e105-4d86-8a00-bc28653bd0e4 ] Request (ServerAddressesTestJSON:setUpClass): 200 GET http://10.180.1.21/compute/v2.1/servers/db77f64d-5b6c-4a88-aa1c-2622832b3f58 0.937s
2025-04-16 21:27:16.833 68879 INFO tempest.lib.common.rest_client [req-71cfc3cf-8d38-4c48-9455-f37a9fe15acc req-71cfc3cf-8d38-4c48-9455-f37a9fe15acc ] Request (QuotasAdminTestJSON:_run_cleanups): 200 PUT http://10.180.1.21/compute/v2.1/os-quota-sets/69679e288e384a27a1d8d72ac0f1695c 1.045s
2025-04-16 21:27:16.851 68857 INFO tempest.lib.common.rest_client [req-6a059fc7-a1ac-4987-aba6-de4a9c0a227e req-6a059fc7-a1ac-4987-aba6-de4a9c0a227e ] Request (ServerDiagnosticsTest:setUpClass): 201 POST http://10.180.1.21/identity/v3/auth/tokens 0.089s
2025-04-16 21:27:16.858 68883 INFO tempest.lib.common.rest_client [req-3561fd36-dfc4-4642-a61a-3f93dca10999 req-3561fd36-dfc4-4642-a61a-3f93dca10999 ] Request (KeyPairsV22TestJSON:_run_cleanups): 204 DELETE http://10.180.1.21/compute/v2.1/os-keypairs/tempest-keypair-51978706 0.914s
2025-04-16 21:27:16.925 68847 INFO tempest.lib.common.rest_client [req-b1fa3ccd-65ad-4bb6-ab44-141ea844bbd8 req-b1fa3ccd-65ad-4bb6-ab44-141ea844bbd8 ] Request (ServersWithSpecificFlavorTestJSON:test_verify_created_server_ephemeral_disk): 200 GET http://10.180.1.21/compute/v2.1/servers/0be1ddd3-e07f-49b3-a5a7-df32b5262c30 1.027s
2025-04-16 21:27:16.931 68861 INFO tempest.lib.common.rest_client [req-040adc54-3913-4d74-a06e-83c84cd05c34 req-040adc54-3913-4d74-a06e-83c84cd05c34 ] Request (ImagesNegativeTestJSON:test_create_image_from_deleted_server): 200 GET http://10.180.1.21/compute/v2.1/servers/7a000e36-e100-4c79-a170-8cf86a4244d7 0.982s
2025-04-16 21:27:16.951 68875 INFO tempest.lib.common.rest_client [req-ce3dda88-8651-4af0-953f-61f938fcf5bd req-ce3dda88-8651-4af0-953f-61f938fcf5bd ] Request (QuotasAdminNegativeTest:tearDownClass): 204 DELETE http://10.180.1.21/identity/v3/users/816e1fdf5cc84df69201d447e756b3c9 0.132s
2025-04-16 21:27:16.951 68879 INFO tempest.lib.common.rest_client [req-1a5f2803-0bfd-43e2-9008-c53dc39cc40e req-1a5f2803-0bfd-43e2-9008-c53dc39cc40e ] Request (QuotasAdminTestJSON:tearDownClass): 204 DELETE http://10.180.1.21/identity/v3/users/a0eade62111c41b5a55cd20c2697d0be 0.113s
2025-04-16 21:27:16.952 68875 INFO tempest.lib.common.dynamic_creds [-] Deleting project and security group for project: 764de9f99b88457ca56056c74dc134be
2025-04-16 21:27:17.004 68899 INFO tempest.lib.common.rest_client [req-dc263760-98e1-4404-8f40-3dc0f0fed9be req-dc263760-98e1-4404-8f40-3dc0f0fed9be ] Request (ServerAddressesNegativeTestJSON:setUpClass): 200 GET http://10.180.1.21/compute/v2.1/servers/4a43ba00-1df6-4f10-a4ce-37c4ae353cc2 0.958s
2025-04-16 21:27:17.006 68877 INFO tempest.lib.common.rest_client [req-b4c3850d-cb97-4216-8f86-bf6ea7ae02af req-b4c3850d-cb97-4216-8f86-bf6ea7ae02af ] Request (ServerDiagnosticsNegativeTest:test_get_server_diagnostics_by_non_admin): 200 GET http://10.180.1.21/compute/v2.1/servers/3adaf481-5844-45ac-8dc9-eb396a47ed1c 1.030s
2025-04-16 21:27:17.012 68857 INFO tempest.lib.common.rest_client [req-afa1aefa-ec73-4f91-a3c2-34dedcd5540f req-afa1aefa-ec73-4f91-a3c2-34dedcd5540f ] Request (ServerDiagnosticsTest:setUpClass): 201 POST http://10.180.1.21/identity/v3/projects 0.159s
2025-04-16 21:27:17.053 68883 INFO tempest.lib.common.rest_client [req-4812e137-d14f-4e90-8332-0e2136a3821d req-4812e137-d14f-4e90-8332-0e2136a3821d ] Request (KeyPairsV22TestJSON:tearDownClass): 204 DELETE http://10.180.1.21/identity/v3/users/266eed7d30554ceca2b23541759b6d63 0.194s
2025-04-16 21:27:17.053 68883 INFO tempest.lib.common.dynamic_creds [-] Deleting project and security group for project: 79801692a84b4e608ce93c1f5b3f5a82
2025-04-16 21:27:17.069 68875 INFO tempest.lib.common.rest_client [req-0923a0ff-529f-4283-b4c8-1526ab2fcefd req-0923a0ff-529f-4283-b4c8-1526ab2fcefd ] Request (QuotasAdminNegativeTest:tearDownClass): 201 POST http://10.180.1.21/identity/v3/auth/tokens 0.117s
2025-04-16 21:27:17.125 68857 INFO tempest.lib.common.rest_client [req-51375aa3-183f-48ad-808d-a10cd166170f req-51375aa3-183f-48ad-808d-a10cd166170f ] Request (ServerDiagnosticsTest:setUpClass): 201 POST http://10.180.1.21/identity/v3/users 0.112s
2025-04-16 21:27:17.143 68879 INFO tempest.lib.common.rest_client [req-bb7cf655-ca33-4b2b-80b7-8d5023e3c2e2 req-bb7cf655-ca33-4b2b-80b7-8d5023e3c2e2 ] Request (QuotasAdminTestJSON:tearDownClass): 204 DELETE http://10.180.1.21/identity/v3/users/56a4bead00e64b04bdc0d45fbb047569 0.191s
2025-04-16 21:27:17.143 68879 INFO tempest.lib.common.dynamic_creds [-] Deleting project and security group for project: 8bcc0a165799494d9eb3d48a51151208
2025-04-16 21:27:17.174 68883 INFO tempest.lib.common.rest_client [req-735fe876-a3d9-42fe-8995-4868bcb463a5 req-735fe876-a3d9-42fe-8995-4868bcb463a5 ] Request (KeyPairsV22TestJSON:tearDownClass): 201 POST http://10.180.1.21/identity/v3/auth/tokens 0.121s
2025-04-16 21:27:17.191 68857 INFO tempest.lib.common.rest_client [req-16597b06-8c83-4a79-a698-d2b8b1d5a23d req-16597b06-8c83-4a79-a698-d2b8b1d5a23d ] Request (ServerDiagnosticsTest:setUpClass): 200 GET http://10.180.1.21/identity/v3/roles 0.066s
2025-04-16 21:27:17.212 68879 INFO tempest.lib.common.rest_client [req-f62756c5-e6ea-427b-b75b-b0cbf4b5a481 req-f62756c5-e6ea-427b-b75b-b0cbf4b5a481 ] Request (QuotasAdminTestJSON:tearDownClass): 201 POST http://10.180.1.21/identity/v3/auth/tokens 0.068s
2025-04-16 21:27:17.235 68857 INFO tempest.lib.common.rest_client [req-06b70644-9735-4715-b587-3c362eaf4f73 req-06b70644-9735-4715-b587-3c362eaf4f73 ] Request (ServerDiagnosticsTest:setUpClass): 204 PUT http://10.180.1.21/identity/v3/projects/a87e6c73ab984c068fb08bc568599a1c/users/874e847a688840478e7eabdc0ecea3b7/roles/ad98f9cbf9a2488c8bf505a586e56122 0.043s
2025-04-16 21:27:17.252 68849 INFO tempest.lib.common.rest_client [req-e362d6a5-ec55-4fc4-9bc6-c92aa649447e req-e362d6a5-ec55-4fc4-9bc6-c92aa649447e ] Request (ServersTestJSON:test_create_server_specify_multibyte_character_name): 200 GET http://10.180.1.21/compute/v2.1/servers/47ab9428-5860-4c42-a5ec-a9ff608790e9 1.202s
2025-04-16 21:27:17.269 68843 INFO tempest.lib.common.rest_client [req-bc7b2f2d-a13e-496c-9685-5339628f2aef req-bc7b2f2d-a13e-496c-9685-5339628f2aef ] Request (ServersAdmin275Test:test_rebuild_update_server_275): 200 GET http://10.180.1.21/compute/v2.1/servers/8c30562a-4a81-4007-923c-3bc0b922f01c 1.155s
2025-04-16 21:27:17.291 68857 INFO tempest.lib.common.rest_client [req-8c29eb4e-d90e-4944-8568-33f6f4944e75 req-8c29eb4e-d90e-4944-8568-33f6f4944e75 ] Request (ServerDiagnosticsTest:setUpClass): 200 GET http://10.180.1.21/identity/v3/roles 0.056s
2025-04-16 21:27:17.311 68857 INFO tempest.lib.common.rest_client [req-8e0936d2-a3a3-4778-adfb-8989b7b92478 req-8e0936d2-a3a3-4778-adfb-8989b7b92478 ] Request (ServerDiagnosticsTest:setUpClass): 204 PUT http://10.180.1.21/identity/v3/projects/a87e6c73ab984c068fb08bc568599a1c/users/874e847a688840478e7eabdc0ecea3b7/roles/ad98f9cbf9a2488c8bf505a586e56122 0.020s
2025-04-16 21:27:17.312 68857 INFO tempest.lib.common.dynamic_creds [-] Dynamic test user 874e847a688840478e7eabdc0ecea3b7 is created with scope project and roles: ['admin']
2025-04-16 21:27:17.312 68857 INFO tempest.lib.common.dynamic_creds [-] Acquired dynamic creds: credentials: Credentials: {'domain_id': 'default', 'domain_name': 'Default', 'username': 'tempest-ServerDiagnosticsTest-552681546-project-admin', 'project_domain_id': 'default', 'project_domain_name': 'Default', 'project_id': 'a87e6c73ab984c068fb08bc568599a1c', 'project_name': 'tempest-ServerDiagnosticsTest-552681546', 'tenant_id': 'a87e6c73ab984c068fb08bc568599a1c', 'tenant_name': 'tempest-ServerDiagnosticsTest-552681546', 'user_domain_id': 'default', 'user_domain_name': 'Default', 'user_id': '874e847a688840478e7eabdc0ecea3b7', 'system': None}, Network: None, Subnet: None, Router: None
2025-04-16 21:27:17.312 68857 INFO tempest.lib.common.dynamic_creds [-] Created isolated network resources for: credentials: Credentials: {'domain_id': 'default', 'domain_name': 'Default', 'username': 'tempest-ServerDiagnosticsTest-552681546-project-admin', 'project_domain_id': 'default', 'project_domain_name': 'Default', 'project_id': 'a87e6c73ab984c068fb08bc568599a1c', 'project_name': 'tempest-ServerDiagnosticsTest-552681546', 'tenant_id': 'a87e6c73ab984c068fb08bc568599a1c', 'tenant_name': 'tempest-ServerDiagnosticsTest-552681546', 'user_domain_id': 'default', 'user_domain_name': 'Default', 'user_id': '874e847a688840478e7eabdc0ecea3b7', 'system': None}, Network: None, Subnet: None, Router: None
2025-04-16 21:27:17.337 68875 INFO tempest.lib.common.rest_client [req-0e33186a-bc1a-45d5-ab95-eac64eb7ea3c req-0e33186a-bc1a-45d5-ab95-eac64eb7ea3c ] Request (QuotasAdminNegativeTest:tearDownClass): 200 GET http://10.180.1.21:9696/networking/v2.0/security-groups?tenant_id=764de9f99b88457ca56056c74dc134be&name=default 0.267s
2025-04-16 21:27:17.385 68857 INFO tempest.lib.common.rest_client [req-9780f150-8fd2-44b7-a1e2-2ef3eccd34ea req-9780f150-8fd2-44b7-a1e2-2ef3eccd34ea ] Request (ServerDiagnosticsTest:setUpClass): 201 POST http://10.180.1.21/identity/v3/auth/tokens 0.071s
2025-04-16 21:27:17.389 68883 INFO tempest.lib.common.rest_client [req-0344f723-f786-4da0-ba1c-00f9934f58c9 req-0344f723-f786-4da0-ba1c-00f9934f58c9 ] Request (KeyPairsV22TestJSON:tearDownClass): 200 GET http://10.180.1.21:9696/networking/v2.0/security-groups?tenant_id=79801692a84b4e608ce93c1f5b3f5a82&name=default 0.214s
2025-04-16 21:27:17.425 68891 INFO tempest.lib.common.rest_client [req-e8762fd7-5c6a-4c75-a0d5-8cbddfe00210 req-e8762fd7-5c6a-4c75-a0d5-8cbddfe00210 ] Request (DeleteServersAdminTestJSON:test_admin_delete_servers_of_others): 200 GET http://10.180.1.21/compute/v2.1/servers/0eae5e9a-258a-44e5-9b4f-53100f15aa7a 0.993s
2025-04-16 21:27:17.435 68845 INFO tempest.lib.common.rest_client [req-f540dbea-7574-48bd-a901-4dd93401b425 req-f540dbea-7574-48bd-a901-4dd93401b425 ] Request (ServersAdminNegativeTestJSON:setUpClass): 200 GET http://10.180.1.21/compute/v2.1/servers/c4d97b3b-ab8b-4d2a-85e7-4d3c46e74471 0.990s
2025-04-16 21:27:17.451 68857 INFO tempest.lib.common.rest_client [req-d9d3d19e-8b3d-46a8-8f1b-5edf36407f44 req-d9d3d19e-8b3d-46a8-8f1b-5edf36407f44 ] Request (ServerDiagnosticsTest:test_get_server_diagnostics): 201 POST http://10.180.1.21/identity/v3/auth/tokens 0.062s
2025-04-16 21:27:17.451 68857 INFO tempest.lib.common.fixed_network [-] (ServerDiagnosticsTest:test_get_server_diagnostics) Found network None available for tenant
2025-04-16 21:27:17.499 68853 INFO tempest.lib.common.rest_client [req-c6381a15-f546-4b1e-9493-9b96d7816953 req-c6381a15-f546-4b1e-9493-9b96d7816953 ] Request (ServerMetadataTestJSON:setUpClass): 201 POST http://10.180.1.21:9696/networking/v2.0/routers 1.387s
2025-04-16 21:27:17.503 68865 INFO tempest.lib.common.rest_client [req-d0f236da-7d5f-4175-9384-0be9a415160c req-d0f236da-7d5f-4175-9384-0be9a415160c ] Request (VolumesAssistedSnapshotsTest:test_volume_assisted_snapshot_create_delete): 200 GET http://10.180.1.21/compute/v2.1/servers/c962c9c7-04a4-46ec-a46f-fac13caa6a1e 0.941s
2025-04-16 21:27:17.507 68841 INFO tempest.lib.common.rest_client [req-67d9a19b-ed2a-4a90-8a6c-329173c11f28 req-67d9a19b-ed2a-4a90-8a6c-329173c11f28 ] Request (ServerActionsV293TestJSON:setUpClass): 200 GET http://10.180.1.21/compute/v2.1/servers/ccd1b692-f511-43c8-8b3d-ce92ef27670f 0.998s
2025-04-16 21:27:17.525 68885 INFO tempest.lib.common.rest_client [req-c7c81279-0c59-4eaf-9d4b-82127ae654f8 req-c7c81279-0c59-4eaf-9d4b-82127ae654f8 ] Request (ImagesMetadataNegativeTestJSON:test_get_nonexistent_image_metadata_item): 404 GET http://10.180.1.21/compute/v2.1/images/f2826790-f636-4fef-9167-93a8d6931eb8/metadata/os_version 0.794s
2025-04-16 21:27:17.525 68879 INFO tempest.lib.common.rest_client [req-c609458f-5824-4d3a-a368-2f36ed098258 req-c609458f-5824-4d3a-a368-2f36ed098258 ] Request (QuotasAdminTestJSON:tearDownClass): 200 GET http://10.180.1.21:9696/networking/v2.0/security-groups?tenant_id=8bcc0a165799494d9eb3d48a51151208&name=default 0.312s
2025-04-16 21:27:17.534 68839 INFO tempest.lib.common.rest_client [req-0c6b5866-bbc9-4b27-b5ab-c280221d4d58 req-0c6b5866-bbc9-4b27-b5ab-c280221d4d58 ] Request (AggregatesAdminNegativeTestJSON:test_aggregate_remove_host_as_user): 200 POST http://10.180.1.21/compute/v2.1/os-aggregates 0.920s
2025-04-16 21:27:17.544 68871 INFO tempest.lib.common.rest_client [req-eed0bf9e-fe4b-4f20-ab36-b5b6426eba20 req-eed0bf9e-fe4b-4f20-ab36-b5b6426eba20 ] Request (FlavorsAdminTestJSON:test_is_public_string_variations): 200 GET http://10.180.1.21/compute/v2.1/flavors/detail?is_public=f 0.781s
2025-04-16 21:27:17.546 68875 INFO tempest.lib.common.rest_client [req-a13de1cf-ccb1-4f57-98f9-557648e27dc6 req-a13de1cf-ccb1-4f57-98f9-557648e27dc6 ] Request (QuotasAdminNegativeTest:tearDownClass): 204 DELETE http://10.180.1.21:9696/networking/v2.0/security-groups/03cb088f-9e1d-4061-a558-04e84ccdb95b 0.209s
2025-04-16 21:27:17.563 68883 INFO tempest.lib.common.rest_client [req-7dba2a10-c5ef-4b00-8943-21e84cb29228 req-7dba2a10-c5ef-4b00-8943-21e84cb29228 ] Request (KeyPairsV22TestJSON:tearDownClass): 204 DELETE http://10.180.1.21:9696/networking/v2.0/security-groups/a2d42af4-f8be-48d4-9539-8996817fea1d 0.173s
2025-04-16 21:27:17.606 68889 INFO tempest.lib.common.rest_client [req-1900cf3b-c64e-4e1c-bc8a-2f724ab5090e req-1900cf3b-c64e-4e1c-bc8a-2f724ab5090e ] Request (ImagesOneServerNegativeTestJSON:setUpClass): 200 GET http://10.180.1.21/compute/v2.1/servers/ee103d2f-8513-4e3a-af13-bfb3b5a7fbd2 0.760s
2025-04-16 21:27:17.613 68879 INFO tempest.lib.common.rest_client [req-9d5ca826-316b-46da-890a-4d613c694f6d req-9d5ca826-316b-46da-890a-4d613c694f6d ] Request (QuotasAdminTestJSON:tearDownClass): 204 DELETE http://10.180.1.21:9696/networking/v2.0/security-groups/359cfe42-b015-4693-b0ec-90f1172e6acc 0.087s
2025-04-16 21:27:17.643 68875 INFO tempest.lib.common.rest_client [req-7840a633-abff-4957-bb3d-fda65cbd8c91 req-7840a633-abff-4957-bb3d-fda65cbd8c91 ] Request (QuotasAdminNegativeTest:tearDownClass): 204 DELETE http://10.180.1.21/identity/v3/projects/764de9f99b88457ca56056c74dc134be 0.096s
2025-04-16 21:27:17.644 68875 INFO tempest.lib.common.dynamic_creds [-] Deleting project and security group for project: aff44567d7524036aa756bcf741ddbcc
2025-04-16 21:27:17.658 68888 INFO tempest.lib.common.rest_client [req-7d0a2f19-fe86-4fd5-ba37-803ca76c1592 req-7d0a2f19-fe86-4fd5-ba37-803ca76c1592 ] Request (QuotaClassesAdmin257Test:test_update_default_quotas): 200 GET http://10.180.1.21/compute/v2.1/os-quota-class-sets/default 0.806s
2025-04-16 21:27:17.675 68895 INFO tempest.lib.common.rest_client [req-8e331d84-458c-4b3f-9fff-841238d8b276 req-8e331d84-458c-4b3f-9fff-841238d8b276 ] Request (ServerDiagnosticsV248Test:test_get_server_diagnostics): 200 GET http://10.180.1.21/compute/v2.1/servers/4c5c97bc-4a9f-413b-a75f-a197270103a2 0.730s
2025-04-16 21:27:17.720 68855 INFO tempest.lib.common.rest_client [req-01802b75-e60e-48e5-8eea-4fc15160558b req-01802b75-e60e-48e5-8eea-4fc15160558b ] Request (ImagesOneServerTestJSON:setUpClass): 200 GET http://10.180.1.21/compute/v2.1/servers/a91a0cd6-a014-43c7-8723-55825c0c8662 0.702s
2025-04-16 21:27:17.725 68875 INFO tempest.lib.common.rest_client [req-17b68965-385e-41bc-8147-a09172297dae req-17b68965-385e-41bc-8147-a09172297dae ] Request (QuotasAdminNegativeTest:tearDownClass): 200 GET http://10.180.1.21:9696/networking/v2.0/security-groups?tenant_id=aff44567d7524036aa756bcf741ddbcc&name=default 0.081s
2025-04-16 21:27:17.738 68883 INFO tempest.lib.common.rest_client [req-3fbc449c-f599-4750-882f-42abb73c0971 req-3fbc449c-f599-4750-882f-42abb73c0971 ] Request (KeyPairsV22TestJSON:tearDownClass): 204 DELETE http://10.180.1.21/identity/v3/projects/79801692a84b4e608ce93c1f5b3f5a82 0.174s
2025-04-16 21:27:17.742 68879 INFO tempest.lib.common.rest_client [req-a5dff2ad-92ce-4b97-affb-d6ebc4a9196c req-a5dff2ad-92ce-4b97-affb-d6ebc4a9196c ] Request (QuotasAdminTestJSON:tearDownClass): 204 DELETE http://10.180.1.21/identity/v3/projects/8bcc0a165799494d9eb3d48a51151208 0.129s
2025-04-16 21:27:17.743 68879 INFO tempest.lib.common.dynamic_creds [-] Deleting project and security group for project: 69679e288e384a27a1d8d72ac0f1695c
2025-04-16 21:27:17.800 68883 INFO tempest.lib.common.rest_client [req-891731e8-f7a6-4250-81e1-c85c7646d7a4 req-891731e8-f7a6-4250-81e1-c85c7646d7a4 ] Request (AbsoluteLimitsTestJSON:setUpClass): 201 POST http://10.180.1.21/identity/v3/auth/tokens 0.060s
2025-04-16 21:27:17.825 68879 INFO tempest.lib.common.rest_client [req-85f65530-d493-40d9-8433-c7a48ccd80a6 req-85f65530-d493-40d9-8433-c7a48ccd80a6 ] Request (QuotasAdminTestJSON:tearDownClass): 200 GET http://10.180.1.21:9696/networking/v2.0/security-groups?tenant_id=69679e288e384a27a1d8d72ac0f1695c&name=default 0.082s
2025-04-16 21:27:17.835 68883 INFO tempest.lib.common.rest_client [req-55c6cb25-f239-4627-94fe-a81053e16495 req-55c6cb25-f239-4627-94fe-a81053e16495 ] Request (AbsoluteLimitsTestJSON:setUpClass): 201 POST http://10.180.1.21/identity/v3/auth/tokens 0.031s
2025-04-16 21:27:17.856 68883 INFO tempest.lib.common.rest_client [req-f65849c4-d0f9-4912-b0bd-6a0c45237bdb req-f65849c4-d0f9-4912-b0bd-6a0c45237bdb ] Request (AbsoluteLimitsTestJSON:setUpClass): 200 GET http://10.180.1.21/identity/v3/domains?name=Default 0.020s
2025-04-16 21:27:17.883 68883 INFO tempest.lib.common.rest_client [req-a0a18f8f-b77b-4f30-9490-69972580f6d4 req-a0a18f8f-b77b-4f30-9490-69972580f6d4 ] Request (AbsoluteLimitsTestJSON:setUpClass): 201 POST http://10.180.1.21/identity/v3/projects 0.027s
2025-04-16 21:27:17.894 68879 INFO tempest.lib.common.rest_client [req-e75311e1-52f7-4b0a-b6d3-86580e2d272e req-e75311e1-52f7-4b0a-b6d3-86580e2d272e ] Request (QuotasAdminTestJSON:tearDownClass): 204 DELETE http://10.180.1.21:9696/networking/v2.0/security-groups/b487f8cb-3d2c-4827-abc8-ace83de1170c 0.069s
2025-04-16 21:27:17.944 68881 INFO tempest.lib.common.rest_client [req-b22a3650-15f7-4714-9dbc-4495f3b45a25 req-b22a3650-15f7-4714-9dbc-4495f3b45a25 ] Request (SecurityGroupsTestJSON:test_list_security_groups_by_server): 200 GET http://10.180.1.21/compute/v2.1/servers/e1e0f1fc-a1b7-47ff-8f78-4ad09d2a005e 0.669s
2025-04-16 21:27:17.950 68883 INFO tempest.lib.common.rest_client [req-a9a29148-597b-45f6-b42e-c8b661ca2a26 req-a9a29148-597b-45f6-b42e-c8b661ca2a26 ] Request (AbsoluteLimitsTestJSON:setUpClass): 201 POST http://10.180.1.21/identity/v3/users 0.066s
2025-04-16 21:27:17.972 68883 INFO tempest.lib.common.rest_client [req-f2ebed97-ad61-42bc-9292-6a139616e0c0 req-f2ebed97-ad61-42bc-9292-6a139616e0c0 ] Request (AbsoluteLimitsTestJSON:setUpClass): 200 GET http://10.180.1.21/identity/v3/roles 0.021s
2025-04-16 21:27:17.980 68875 INFO tempest.lib.common.rest_client [req-108152df-a419-445b-8e46-f55d00884388 req-108152df-a419-445b-8e46-f55d00884388 ] Request (QuotasAdminNegativeTest:tearDownClass): 204 DELETE http://10.180.1.21:9696/networking/v2.0/security-groups/e1e78a7f-141e-45fe-ab9b-50148eef65af 0.255s
2025-04-16 21:27:17.984 68859 INFO tempest.lib.common.rest_client [req-42196a38-98bd-41e2-9e09-e66079338ff5 req-42196a38-98bd-41e2-9e09-e66079338ff5 ] Request (ServersAdminTestJSON:setUpClass): 200 GET http://10.180.1.21/compute/v2.1/servers/15eb6744-4b26-4d7a-8639-cb3bd13e3726 0.933s
2025-04-16 21:27:17.997 68879 INFO tempest.lib.common.rest_client [req-22ec22b8-9ca1-4ff1-aea6-f75628b6a928 req-22ec22b8-9ca1-4ff1-aea6-f75628b6a928 ] Request (QuotasAdminTestJSON:tearDownClass): 204 DELETE http://10.180.1.21/identity/v3/projects/69679e288e384a27a1d8d72ac0f1695c 0.103s
2025-04-16 21:27:18.054 68901 INFO tempest.lib.common.rest_client [req-b2d002d8-20a5-4f9b-ac94-4fa3b4c3b20a req-b2d002d8-20a5-4f9b-ac94-4fa3b4c3b20a ] Request (ImagesTestJSON:test_create_image_from_stopped_server): 200 GET http://10.180.1.21/compute/v2.1/servers/6894c90c-cbfb-4226-a0b5-e195f923c8e0 0.712s
2025-04-16 21:27:18.057 68883 INFO tempest.lib.common.rest_client [req-a8c1cf30-f1d7-435c-b501-2aa2222bf233 req-a8c1cf30-f1d7-435c-b501-2aa2222bf233 ] Request (AbsoluteLimitsTestJSON:setUpClass): 204 PUT http://10.180.1.21/identity/v3/projects/7baf63bd2dda424a91f30ee451f088dc/users/f3a651ccd9024b13b8f9fece225c5acc/roles/a8452c997ae942ccab3ee19d69970e0b 0.084s
2025-04-16 21:27:18.057 68883 INFO tempest.lib.common.dynamic_creds [-] Dynamic test user f3a651ccd9024b13b8f9fece225c5acc is created with scope project and roles: ['member']
2025-04-16 21:27:18.058 68883 INFO tempest.lib.common.dynamic_creds [-] Acquired dynamic creds: credentials: Credentials: {'domain_id': 'default', 'domain_name': 'Default', 'username': 'tempest-AbsoluteLimitsTestJSON-701195876-project-member', 'project_domain_id': 'default', 'project_domain_name': 'Default', 'project_id': '7baf63bd2dda424a91f30ee451f088dc', 'project_name': 'tempest-AbsoluteLimitsTestJSON-701195876', 'tenant_id': '7baf63bd2dda424a91f30ee451f088dc', 'tenant_name': 'tempest-AbsoluteLimitsTestJSON-701195876', 'user_domain_id': 'default', 'user_domain_name': 'Default', 'user_id': 'f3a651ccd9024b13b8f9fece225c5acc', 'system': None}, Network: None, Subnet: None, Router: None
2025-04-16 21:27:18.058 68883 INFO tempest.lib.common.dynamic_creds [-] Created isolated network resources for: credentials: Credentials: {'domain_id': 'default', 'domain_name': 'Default', 'username': 'tempest-AbsoluteLimitsTestJSON-701195876-project-member', 'project_domain_id': 'default', 'project_domain_name': 'Default', 'project_id': '7baf63bd2dda424a91f30ee451f088dc', 'project_name': 'tempest-AbsoluteLimitsTestJSON-701195876', 'tenant_id': '7baf63bd2dda424a91f30ee451f088dc', 'tenant_name': 'tempest-AbsoluteLimitsTestJSON-701195876', 'user_domain_id': 'default', 'user_domain_name': 'Default', 'user_id': 'f3a651ccd9024b13b8f9fece225c5acc', 'system': None}, Network: None, Subnet: None, Router: None
2025-04-16 21:27:18.098 68875 INFO tempest.lib.common.rest_client [req-949c66b1-fc82-4643-9d08-02438c7c1a59 req-949c66b1-fc82-4643-9d08-02438c7c1a59 ] Request (QuotasAdminNegativeTest:tearDownClass): 204 DELETE http://10.180.1.21/identity/v3/projects/aff44567d7524036aa756bcf741ddbcc 0.117s
