2025-04-16 21:27:03.577 68855 INFO tempest.lib.common.dynamic_creds [-] Acquired dynamic creds: credentials: Credentials: {'domain_id': 'default', 'domain_name': 'Default', 'username': 'tempest-ImagesOneServerTestJSON-2111796249-project-member', 'project_domain_id': 'default', 'project_domain_name': 'Default', 'project_id': 'f32514bd074c480b9ed3f488e689f7a0', 'project_name': 'tempest-ImagesOneServerTestJSON-2111796249', 'tenant_id': 'f32514bd074c480b9ed3f488e689f7a0', 'tenant_name': 'tempest-ImagesOneServerTestJSON-2111796249', 'user_domain_id': 'default', 'user_domain_name': 'Default', 'user_id': '80c44bb2786148caaf6e567401b2c30c', 'system': None}, Network: None, Subnet: None, Router: None
2025-04-16 21:27:03.597 68859 INFO tempest.lib.common.rest_client [req-bd735bd6-13e9-4747-9517-1023a6b5ea5d req-bd735bd6-13e9-4747-9517-1023a6b5ea5d ] Request (ServersAdminTestJSON:setUpClass): 200 GET http://10.180.1.21/compute/v2.1/servers/15eb6744-4b26-4d7a-8639-cb3bd13e3726 2.141s
2025-04-16 21:27:03.630 68855 INFO tempest.lib.common.rest_client [req-f7d7c32f-c105-4b75-8c7c-6997b92c2d10 req-f7d7c32f-c105-4b75-8c7c-6997b92c2d10 ] Request (ImagesOneServerTestJSON:setUpClass): 201 POST http://10.180.1.21/identity/v3/auth/tokens 0.052s
2025-04-16 21:27:03.685 68841 INFO tempest.lib.common.rest_client [req-4f66f9fa-9353-4df2-892d-dd1e618470d7 req-4f66f9fa-9353-4df2-892d-dd1e618470d7 ] Request (ServerActionsV293TestJSON:setUpClass): 200 GET http://10.180.1.21/compute/v2.1/servers/ccd1b692-f511-43c8-8b3d-ce92ef27670f 2.124s
2025-04-16 21:27:03.753 68865 INFO tempest.lib.common.rest_client [req-693f114c-453d-4a74-bc69-948d0c7bdcaa req-693f114c-453d-4a74-bc69-948d0c7bdcaa ] Request (VolumesAssistedSnapshotsTest:test_volume_assisted_snapshot_create_delete): 200 GET http://10.180.1.21/compute/v2.1/servers/c962c9c7-04a4-46ec-a46f-fac13caa6a1e 2.108s
2025-04-16 21:27:03.765 68881 INFO tempest.lib.common.rest_client [req-c9c91369-a5e7-4873-90c7-d798a4a6ca98 req-c9c91369-a5e7-4873-90c7-d798a4a6ca98 ] Request (SecurityGroupsTestJSON:test_list_security_groups_by_server): 200 GET http://10.180.1.21/compute/v2.1/servers/e1e0f1fc-a1b7-47ff-8f78-4ad09d2a005e 2.251s
2025-04-16 21:27:03.778 68893 INFO tempest.lib.common.rest_client [req-811b780d-3961-4a0c-b8ae-ffa3c5284648 req-811b780d-3961-4a0c-b8ae-ffa3c5284648 ] Request (ServerAddressesTestJSON:setUpClass): 201 POST http://10.180.1.21:9696/networking/v2.0/routers 2.308s
2025-04-16 21:27:03.805 68897 INFO tempest.lib.common.rest_client [req-7ded38d4-daf9-4897-a287-ca43298ee96e req-7ded38d4-daf9-4897-a287-ca43298ee96e ] Request (FlavorsV2TestJSON:test_list_flavors_detailed_using_marker): 200 GET http://10.180.1.21/compute/v2.1/flavors/detail?marker=42 2.058s
2025-04-16 21:27:03.817 68889 INFO tempest.lib.common.rest_client [req-72872fbc-54dd-4d5d-8276-c7145e53b238 req-72872fbc-54dd-4d5d-8276-c7145e53b238 ] Request (ImagesOneServerNegativeTestJSON:setUpClass): 200 GET http://10.180.1.21/compute/v2.1/servers/ee103d2f-8513-4e3a-af13-bfb3b5a7fbd2 2.157s
2025-04-16 21:27:03.890 68895 INFO tempest.lib.common.rest_client [req-d404e9a7-26ca-45b2-8bb2-948926061ebe req-d404e9a7-26ca-45b2-8bb2-948926061ebe ] Request (ServerDiagnosticsV248Test:test_get_server_diagnostics): 200 GET http://10.180.1.21/compute/v2.1/servers/4c5c97bc-4a9f-413b-a75f-a197270103a2 1.807s
2025-04-16 21:27:03.913 68851 INFO tempest.lib.common.rest_client [req-9d587f4b-4a7f-4d7b-950c-650da7918355 req-9d587f4b-4a7f-4d7b-950c-650da7918355 ] Request (HypervisorAdminV228Test:test_get_list_hypervisor_details): 200 GET http://10.180.1.21/compute/v2.1/os-hypervisors/1 1.744s
2025-04-16 21:27:03.917 68861 INFO tempest.lib.common.rest_client [req-ba1bd58a-8951-478e-b095-8ee7d6f671f3 req-ba1bd58a-8951-478e-b095-8ee7d6f671f3 ] Request (ImagesNegativeTestJSON:setUpClass): 201 POST http://10.180.1.21:9696/networking/v2.0/routers 1.591s
2025-04-16 21:27:04.000 68851 INFO tempest.lib.common.rest_client [req-7cb279a5-75aa-405f-986a-9e5478de2d4e req-7cb279a5-75aa-405f-986a-9e5478de2d4e ] Request (HypervisorAdminV228Test:tearDownClass): 204 DELETE http://10.180.1.21/identity/v3/users/0d2def2b1ba44ef5baf656d02541adfa 0.077s
2025-04-16 21:27:04.076 68855 INFO tempest.lib.common.rest_client [req-ca4e5621-0260-4a9f-ad8e-a00098e70a00 req-ca4e5621-0260-4a9f-ad8e-a00098e70a00 ] Request (ImagesOneServerTestJSON:setUpClass): 201 POST http://10.180.1.21:9696/networking/v2.0/networks 0.446s
2025-04-16 21:27:04.099 68851 INFO tempest.lib.common.rest_client [req-df1def31-9083-4eaf-90bd-a21aa2f2ed4e req-df1def31-9083-4eaf-90bd-a21aa2f2ed4e ] Request (HypervisorAdminV228Test:tearDownClass): 204 DELETE http://10.180.1.21/identity/v3/users/0a9de6a9724642e99e739b13b443e9c4 0.099s
2025-04-16 21:27:04.099 68851 INFO tempest.lib.common.dynamic_creds [-] Deleting project and security group for project: 127094e285e24de19702e9f5c2d5bea2
2025-04-16 21:27:04.128 68869 INFO tempest.lib.common.rest_client [req-40645536-0622-48cc-a0c0-96229bbb1b48 req-40645536-0622-48cc-a0c0-96229bbb1b48 ] Request (ServerDiskConfigTestJSON:test_rebuild_server_with_auto_disk_config): 200 GET http://10.180.1.21/compute/v2.1/servers/cf2dc0a3-47fe-4fa6-b7f0-3e03328c1cb9 2.152s
2025-04-16 21:27:04.162 68851 INFO tempest.lib.common.rest_client [req-faa525ec-2a60-4883-accb-1b6cf64d396f req-faa525ec-2a60-4883-accb-1b6cf64d396f ] Request (HypervisorAdminV228Test:tearDownClass): 201 POST http://10.180.1.21/identity/v3/auth/tokens 0.062s
2025-04-16 21:27:04.194 68863 INFO tempest.lib.common.rest_client [req-c07d2407-7eb5-4b8c-8c0d-4eca40cc5c2f req-c07d2407-7eb5-4b8c-8c0d-4eca40cc5c2f ] Request (MigrationsAdminTest:test_list_migrations_in_flavor_resize_situation): 200 GET http://10.180.1.21/compute/v2.1/servers/f3b237f4-6e23-4474-b841-aa3ca8c1486f 1.926s
2025-04-16 21:27:04.270 68873 INFO tempest.lib.common.rest_client [req-5750d6b7-03a6-402e-884e-3f63cc9a89a5 req-5750d6b7-03a6-402e-884e-3f63cc9a89a5 ] Request (ServersV294TestFqdnHostnames:setUpClass): 201 POST http://10.180.1.21/compute/v2.1/os-keypairs 1.851s
2025-04-16 21:27:04.397 68879 INFO tempest.lib.common.rest_client [req-b3a685be-1a8c-424b-9e61-8e26a507d406 req-b3a685be-1a8c-424b-9e61-8e26a507d406 ] Request (QuotasAdminTestJSON:test_delete_quota): 200 PUT http://10.180.1.21/compute/v2.1/os-quota-sets/401619edc40e491f86e6d09c990d17f4 1.813s
2025-04-16 21:27:04.424 68839 INFO tempest.lib.common.rest_client [req-36783632-3def-4602-a31c-f584b5ad295d req-36783632-3def-4602-a31c-f584b5ad295d ] Request (AggregatesAdminNegativeTestJSON:test_aggregate_create_with_existent_aggregate_name): 200 POST http://10.180.1.21/compute/v2.1/os-aggregates 1.803s
2025-04-16 21:27:04.448 68857 INFO tempest.lib.common.rest_client [req-879a26a9-503b-497f-9c22-a5b231f55149 req-879a26a9-503b-497f-9c22-a5b231f55149 ] Request (FlavorsAccessNegativeTestJSON:test_flavor_non_admin_remove): 200 POST http://10.180.1.21/compute/v2.1/flavors 1.826s
2025-04-16 21:27:04.465 68871 INFO tempest.lib.common.rest_client [req-e542149a-ea44-417b-8899-718cb4700e62 req-e542149a-ea44-417b-8899-718cb4700e62 ] Request (FlavorsAdminTestJSON:_run_cleanups): 200 GET http://10.180.1.21/compute/v2.1/flavors/detail 1.804s
2025-04-16 21:27:04.552 68851 INFO tempest.lib.common.rest_client [req-e59c4f7d-f30a-4230-ba37-25ab8cf637fe req-e59c4f7d-f30a-4230-ba37-25ab8cf637fe ] Request (HypervisorAdminV228Test:tearDownClass): 200 GET http://10.180.1.21:9696/networking/v2.0/security-groups?tenant_id=127094e285e24de19702e9f5c2d5bea2&name=default 0.389s
2025-04-16 21:27:04.639 68873 INFO tempest.lib.common.rest_client [req-d377cd44-fac8-4995-a219-a72d10eec417 req-d377cd44-fac8-4995-a219-a72d10eec417 ] Request (ServersV294TestFqdnHostnames:setUpClass): 201 POST http://10.180.1.21:9696/networking/v2.0/security-groups 0.366s
2025-04-16 21:27:04.689 68855 INFO tempest.lib.common.rest_client [req-f1809374-5706-4225-8153-70353282862d req-f1809374-5706-4225-8153-70353282862d ] Request (ImagesOneServerTestJSON:setUpClass): 201 POST http://10.180.1.21:9696/networking/v2.0/subnets 0.613s
2025-04-16 21:27:04.731 68867 INFO tempest.lib.common.rest_client [req-1d51c473-1110-4054-a59e-d058a40f2e3e req-1d51c473-1110-4054-a59e-d058a40f2e3e ] Request (ServerExternalEventsTest:test_create_server_external_events): 200 GET http://10.180.1.21/compute/v2.1/servers/e49a885d-c0d2-414b-b1f0-bfc3a710e9ad 1.995s
2025-04-16 21:27:04.899 68851 INFO tempest.lib.common.rest_client [req-461c7d8f-95d7-41cb-81a8-d18680dd6dfc req-461c7d8f-95d7-41cb-81a8-d18680dd6dfc ] Request (HypervisorAdminV228Test:tearDownClass): 204 DELETE http://10.180.1.21:9696/networking/v2.0/security-groups/21105587-9c92-45f1-9ef8-2d02e7d55d5c 0.346s
2025-04-16 21:27:04.984 68851 INFO tempest.lib.common.rest_client [req-548d5952-738c-4c5d-90bf-1c7bf07796c6 req-548d5952-738c-4c5d-90bf-1c7bf07796c6 ] Request (HypervisorAdminV228Test:tearDownClass): 204 DELETE http://10.180.1.21/identity/v3/projects/127094e285e24de19702e9f5c2d5bea2 0.084s
2025-04-16 21:27:04.984 68851 INFO tempest.lib.common.dynamic_creds [-] Deleting project and security group for project: cafaf2ae6c904cdf902243ffc131191b
2025-04-16 21:27:05.034 68873 INFO tempest.lib.common.rest_client [req-557f0e8b-85f8-4003-a6d2-9a06e7ae28db req-557f0e8b-85f8-4003-a6d2-9a06e7ae28db ] Request (ServersV294TestFqdnHostnames:setUpClass): 201 POST http://10.180.1.21:9696/networking/v2.0/security-group-rules 0.395s
2025-04-16 21:27:05.426 68851 INFO tempest.lib.common.rest_client [req-8ac1605c-22fc-4242-a8a0-54b85c0c7d8b req-8ac1605c-22fc-4242-a8a0-54b85c0c7d8b ] Request (HypervisorAdminV228Test:tearDownClass): 200 GET http://10.180.1.21:9696/networking/v2.0/security-groups?tenant_id=cafaf2ae6c904cdf902243ffc131191b&name=default 0.441s
2025-04-16 21:27:05.463 68873 INFO tempest.lib.common.rest_client [req-93a90df3-38ee-48e3-84ac-2283424a82e2 req-93a90df3-38ee-48e3-84ac-2283424a82e2 ] Request (ServersV294TestFqdnHostnames:setUpClass): 201 POST http://10.180.1.21:9696/networking/v2.0/security-group-rules 0.428s
2025-04-16 21:27:05.844 68851 INFO tempest.lib.common.rest_client [req-c8096a14-474b-409c-819e-7fd01a7af353 req-c8096a14-474b-409c-819e-7fd01a7af353 ] Request (HypervisorAdminV228Test:tearDownClass): 204 DELETE http://10.180.1.21:9696/networking/v2.0/security-groups/4ef84168-4c06-4766-bf6c-da58b15cc7dd 0.417s
2025-04-16 21:27:05.924 68901 INFO tempest.lib.common.rest_client [req-f2c55328-3980-4dbe-bf30-b32cc1b2dd1c req-f2c55328-3980-4dbe-bf30-b32cc1b2dd1c ] Request (ImagesTestJSON:test_create_image_from_stopped_server): 202 POST http://10.180.1.21/compute/v2.1/servers 3.044s
2025-04-16 21:27:05.932 68853 INFO tempest.lib.common.rest_client [req-19434d5e-6235-4e06-b001-0e0c718a6c12 req-19434d5e-6235-4e06-b001-0e0c718a6c12 ] Request (SecurityGroupsNegativeTestJSON:test_delete_security_group_without_passing_id): 404 DELETE http://10.180.1.21/compute/v2.1/os-security-groups/ 3.030s
2025-04-16 21:27:06.010 68851 INFO tempest.lib.common.rest_client [req-093f8111-663e-4300-a964-0c444e9fe032 req-093f8111-663e-4300-a964-0c444e9fe032 ] Request (HypervisorAdminV228Test:tearDownClass): 204 DELETE http://10.180.1.21/identity/v3/projects/cafaf2ae6c904cdf902243ffc131191b 0.166s
2025-04-16 21:27:06.011 68851 INFO tempest.test [-] raised in UnshelveToHostMultiNodesTest.setUpClass. Invoking tearDownClass.
2025-04-16 21:27:06.021 68849 INFO tempest.lib.common.rest_client [req-17cd896a-f412-4cf7-9e7a-24036ebc7761 req-17cd896a-f412-4cf7-9e7a-24036ebc7761 ] Request (ServersTestJSON:setUpClass): 201 POST http://10.180.1.21:9696/networking/v2.0/routers 2.498s
2025-04-16 21:27:06.049 68847 INFO tempest.lib.common.rest_client [req-59ebfe34-b8b3-4f8e-86a9-f5ad4742a09a req-59ebfe34-b8b3-4f8e-86a9-f5ad4742a09a ] Request (ServersWithSpecificFlavorTestJSON:test_verify_created_server_ephemeral_disk): 200 GET http://10.180.1.21/compute/v2.1/servers/0be1ddd3-e07f-49b3-a5a7-df32b5262c30 3.020s
2025-04-16 21:27:06.111 68851 INFO tempest.lib.common.rest_client [req-bca941fe-a881-4e72-8150-3002e9a13b13 req-bca941fe-a881-4e72-8150-3002e9a13b13 ] Request (TenantUsagesTestJSON:setUpClass): 201 POST http://10.180.1.21/identity/v3/auth/tokens 0.098s
2025-04-16 21:27:06.146 68877 INFO tempest.lib.common.rest_client [req-7d4ea8f6-aba1-47e5-b9af-1b551d473837 req-7d4ea8f6-aba1-47e5-b9af-1b551d473837 ] Request (ServerDiagnosticsNegativeTest:test_get_server_diagnostics_by_non_admin): 200 GET http://10.180.1.21/compute/v2.1/servers/3adaf481-5844-45ac-8dc9-eb396a47ed1c 2.894s
2025-04-16 21:27:06.150 68885 INFO tempest.lib.common.rest_client [req-2d685b1e-b4f1-46e3-b31e-80ec985ea9a4 req-2d685b1e-b4f1-46e3-b31e-80ec985ea9a4 ] Request (FloatingIPsTestJSON:test_delete_floating_ip): 200 POST http://10.180.1.21/compute/v2.1/os-floating-ips 3.710s
2025-04-16 21:27:06.153 68851 INFO tempest.lib.common.rest_client [req-5b8158cc-69db-4785-b151-baf3777cdd94 req-5b8158cc-69db-4785-b151-baf3777cdd94 ] Request (TenantUsagesTestJSON:setUpClass): 201 POST http://10.180.1.21/identity/v3/auth/tokens 0.040s
2025-04-16 21:27:06.176 68851 INFO tempest.lib.common.rest_client [req-f543046a-87e6-4f1a-9ac8-008f63e4618f req-f543046a-87e6-4f1a-9ac8-008f63e4618f ] Request (TenantUsagesTestJSON:setUpClass): 200 GET http://10.180.1.21/identity/v3/domains?name=Default 0.022s
2025-04-16 21:27:06.213 68851 INFO tempest.lib.common.rest_client [req-62039797-75d5-4fd4-a4b8-4bd2772797fc req-62039797-75d5-4fd4-a4b8-4bd2772797fc ] Request (TenantUsagesTestJSON:setUpClass): 201 POST http://10.180.1.21/identity/v3/projects 0.036s
2025-04-16 21:27:06.225 68899 INFO tempest.lib.common.rest_client [req-8c0f7c44-e74e-41e6-8eb8-917afd14d050 req-8c0f7c44-e74e-41e6-8eb8-917afd14d050 ] Request (ServerAddressesNegativeTestJSON:setUpClass): 200 GET http://10.180.1.21/compute/v2.1/servers/4a43ba00-1df6-4f10-a4ce-37c4ae353cc2 2.785s
2025-04-16 21:27:06.240 68843 INFO tempest.lib.common.rest_client [req-7d8eacfd-a652-4e74-b7a0-e129de783313 req-7d8eacfd-a652-4e74-b7a0-e129de783313 ] Request (ServersAdmin275Test:test_rebuild_update_server_275): 200 GET http://10.180.1.21/compute/v2.1/servers/8c30562a-4a81-4007-923c-3bc0b922f01c 2.899s
2025-04-16 21:27:06.266 68883 INFO tempest.lib.common.rest_client [req-8ca9192a-8ed5-4340-9aaf-62f2f7867bc7 req-8ca9192a-8ed5-4340-9aaf-62f2f7867bc7 ] Request (KeyPairsV22TestJSON:_run_cleanups): 204 DELETE http://10.180.1.21/compute/v2.1/os-keypairs/tempest-KeyPairsV22TestJSON-keypair-1075440973 2.774s
2025-04-16 21:27:06.304 68851 INFO tempest.lib.common.rest_client [req-f709269b-be7e-48b1-94d9-ebee709b83a5 req-f709269b-be7e-48b1-94d9-ebee709b83a5 ] Request (TenantUsagesTestJSON:setUpClass): 201 POST http://10.180.1.21/identity/v3/users 0.091s
2025-04-16 21:27:06.325 68851 INFO tempest.lib.common.rest_client [req-76371050-95df-401a-9570-78fdd6ac4bcf req-76371050-95df-401a-9570-78fdd6ac4bcf ] Request (TenantUsagesTestJSON:setUpClass): 200 GET http://10.180.1.21/identity/v3/roles 0.020s
2025-04-16 21:27:06.353 68851 INFO tempest.lib.common.rest_client [req-fcee1027-cabe-4952-996d-b8fa84eef582 req-fcee1027-cabe-4952-996d-b8fa84eef582 ] Request (TenantUsagesTestJSON:setUpClass): 204 PUT http://10.180.1.21/identity/v3/projects/595beb3de3594c2a9b4eb1b4a15bbeca/users/14544cdebf434400b86e6db7fbb3a0f3/roles/a8452c997ae942ccab3ee19d69970e0b 0.028s
2025-04-16 21:27:06.353 68851 INFO tempest.lib.common.dynamic_creds [-] Dynamic test user 14544cdebf434400b86e6db7fbb3a0f3 is created with scope project and roles: ['member']
2025-04-16 21:27:06.353 68851 INFO tempest.lib.common.dynamic_creds [-] Acquired dynamic creds: credentials: Credentials: {'domain_id': 'default', 'domain_name': 'Default', 'username': 'tempest-TenantUsagesTestJSON-1278198306-project-member', 'project_domain_id': 'default', 'project_domain_name': 'Default', 'project_id': '595beb3de3594c2a9b4eb1b4a15bbeca', 'project_name': 'tempest-TenantUsagesTestJSON-1278198306', 'tenant_id': '595beb3de3594c2a9b4eb1b4a15bbeca', 'tenant_name': 'tempest-TenantUsagesTestJSON-1278198306', 'user_domain_id': 'default', 'user_domain_name': 'Default', 'user_id': '14544cdebf434400b86e6db7fbb3a0f3', 'system': None}, Network: None, Subnet: None, Router: None
2025-04-16 21:27:06.354 68851 INFO tempest.lib.common.dynamic_creds [-] Created isolated network resources for: credentials: Credentials: {'domain_id': 'default', 'domain_name': 'Default', 'username': 'tempest-TenantUsagesTestJSON-1278198306-project-member', 'project_domain_id': 'default', 'project_domain_name': 'Default', 'project_id': '595beb3de3594c2a9b4eb1b4a15bbeca', 'project_name': 'tempest-TenantUsagesTestJSON-1278198306', 'tenant_id': '595beb3de3594c2a9b4eb1b4a15bbeca', 'tenant_name': 'tempest-TenantUsagesTestJSON-1278198306', 'user_domain_id': 'default', 'user_domain_name': 'Default', 'user_id': '14544cdebf434400b86e6db7fbb3a0f3', 'system': None}, Network: None, Subnet: None, Router: None
2025-04-16 21:27:06.393 68875 INFO tempest.lib.common.rest_client [req-ca12ce99-6b44-4d03-8289-98ab4924672a req-ca12ce99-6b44-4d03-8289-98ab4924672a ] Request (QuotasAdminNegativeTest:_run_cleanups): 200 PUT http://10.180.1.21/compute/v2.1/os-quota-sets/aff44567d7524036aa756bcf741ddbcc 2.928s
2025-04-16 21:27:06.404 68897 INFO tempest.lib.common.rest_client [req-2667e5d5-37b7-4a6a-8e26-fdca397f20ea req-2667e5d5-37b7-4a6a-8e26-fdca397f20ea ] Request (FlavorsV2TestJSON:test_list_flavors_filter_by_min_disk): 200 GET http://10.180.1.21/compute/v2.1/flavors/42 2.593s
2025-04-16 21:27:06.430 68851 INFO tempest.lib.common.rest_client [req-d6d28833-0e4f-4ad3-b105-4387696e59ed req-d6d28833-0e4f-4ad3-b105-4387696e59ed ] Request (TenantUsagesTestJSON:setUpClass): 201 POST http://10.180.1.21/identity/v3/auth/tokens 0.072s
2025-04-16 21:27:06.488 68851 INFO tempest.lib.common.rest_client [req-58e43189-3128-415f-9066-d510b1dd7873 req-58e43189-3128-415f-9066-d510b1dd7873 ] Request (TenantUsagesTestJSON:setUpClass): 201 POST http://10.180.1.21/identity/v3/projects 0.057s
2025-04-16 21:27:06.554 68851 INFO tempest.lib.common.rest_client [req-08314b8f-dd04-4536-bd49-ea546f10412c req-08314b8f-dd04-4536-bd49-ea546f10412c ] Request (TenantUsagesTestJSON:setUpClass): 201 POST http://10.180.1.21/identity/v3/users 0.065s
2025-04-16 21:27:06.582 68851 INFO tempest.lib.common.rest_client [req-c1381ad3-0c50-4b2b-87bb-b0c1c8e83595 req-c1381ad3-0c50-4b2b-87bb-b0c1c8e83595 ] Request (TenantUsagesTestJSON:setUpClass): 200 GET http://10.180.1.21/identity/v3/roles 0.028s
2025-04-16 21:27:06.633 68851 INFO tempest.lib.common.rest_client [req-87ad835e-4a68-4936-a884-d7287d61afb1 req-87ad835e-4a68-4936-a884-d7287d61afb1 ] Request (TenantUsagesTestJSON:setUpClass): 204 PUT http://10.180.1.21/identity/v3/projects/08e08f0213914e4b9182ecf283ccaa95/users/6e23bafcccd84263a735705f71571c05/roles/ad98f9cbf9a2488c8bf505a586e56122 0.049s
2025-04-16 21:27:06.688 68891 INFO tempest.lib.common.rest_client [req-f52c9ae1-6d7c-41df-9575-91a6ac9eff97 req-f52c9ae1-6d7c-41df-9575-91a6ac9eff97 ] Request (DeleteServersAdminTestJSON:test_admin_delete_servers_of_others): 200 GET http://10.180.1.21/compute/v2.1/servers/0eae5e9a-258a-44e5-9b4f-53100f15aa7a 3.041s
2025-04-16 21:27:06.703 68879 INFO tempest.lib.common.rest_client [req-b6216f13-88a9-4108-8a9e-2ff25c8d1653 req-b6216f13-88a9-4108-8a9e-2ff25c8d1653 ] Request (QuotasAdminTestJSON:test_delete_quota): 202 DELETE http://10.180.1.21/compute/v2.1/os-quota-sets/401619edc40e491f86e6d09c990d17f4 2.304s
2025-04-16 21:27:06.714 68851 INFO tempest.lib.common.rest_client [req-fa683584-6857-4c82-ba89-e1bae2cb2555 req-fa683584-6857-4c82-ba89-e1bae2cb2555 ] Request (TenantUsagesTestJSON:setUpClass): 200 GET http://10.180.1.21/identity/v3/roles 0.081s
2025-04-16 21:27:06.723 68839 INFO tempest.lib.common.rest_client [req-772fba0b-2dd1-49dc-9af1-f1fb5680a8f2 req-772fba0b-2dd1-49dc-9af1-f1fb5680a8f2 ] Request (AggregatesAdminNegativeTestJSON:test_aggregate_create_with_existent_aggregate_name): 409 POST http://10.180.1.21/compute/v2.1/os-aggregates 2.296s
2025-04-16 21:27:06.744 68851 INFO tempest.lib.common.rest_client [req-4243f981-2b0a-4c55-a8f5-ef09a58e1a35 req-4243f981-2b0a-4c55-a8f5-ef09a58e1a35 ] Request (TenantUsagesTestJSON:setUpClass): 204 PUT http://10.180.1.21/identity/v3/projects/08e08f0213914e4b9182ecf283ccaa95/users/6e23bafcccd84263a735705f71571c05/roles/ad98f9cbf9a2488c8bf505a586e56122 0.030s
2025-04-16 21:27:06.745 68851 INFO tempest.lib.common.dynamic_creds [-] Dynamic test user 6e23bafcccd84263a735705f71571c05 is created with scope project and roles: ['admin']
2025-04-16 21:27:06.745 68851 INFO tempest.lib.common.dynamic_creds [-] Acquired dynamic creds: credentials: Credentials: {'domain_id': 'default', 'domain_name': 'Default', 'username': 'tempest-TenantUsagesTestJSON-1319398681-project-admin', 'project_domain_id': 'default', 'project_domain_name': 'Default', 'project_id': '08e08f0213914e4b9182ecf283ccaa95', 'project_name': 'tempest-TenantUsagesTestJSON-1319398681', 'tenant_id': '08e08f0213914e4b9182ecf283ccaa95', 'tenant_name': 'tempest-TenantUsagesTestJSON-1319398681', 'user_domain_id': 'default', 'user_domain_name': 'Default', 'user_id': '6e23bafcccd84263a735705f71571c05', 'system': None}, Network: None, Subnet: None, Router: None
2025-04-16 21:27:06.745 68851 INFO tempest.lib.common.dynamic_creds [-] Created isolated network resources for: credentials: Credentials: {'domain_id': 'default', 'domain_name': 'Default', 'username': 'tempest-TenantUsagesTestJSON-1319398681-project-admin', 'project_domain_id': 'default', 'project_domain_name': 'Default', 'project_id': '08e08f0213914e4b9182ecf283ccaa95', 'project_name': 'tempest-TenantUsagesTestJSON-1319398681', 'tenant_id': '08e08f0213914e4b9182ecf283ccaa95', 'tenant_name': 'tempest-TenantUsagesTestJSON-1319398681', 'user_domain_id': 'default', 'user_domain_name': 'Default', 'user_id': '6e23bafcccd84263a735705f71571c05', 'system': None}, Network: None, Subnet: None, Router: None
2025-04-16 21:27:06.776 68845 INFO tempest.lib.common.rest_client [req-3391fed1-bc58-4291-8fd0-b68f23c44421 req-3391fed1-bc58-4291-8fd0-b68f23c44421 ] Request (ServersAdminNegativeTestJSON:setUpClass): 200 GET http://10.180.1.21/compute/v2.1/servers/c4d97b3b-ab8b-4d2a-85e7-4d3c46e74471 2.379s
2025-04-16 21:27:06.808 68871 INFO tempest.lib.common.rest_client [req-48ac0aa6-ebc1-4644-b224-0c7c139ff548 req-48ac0aa6-ebc1-4644-b224-0c7c139ff548 ] Request (FlavorsAdminTestJSON:test_create_list_flavor_without_extra_data): 200 POST http://10.180.1.21/compute/v2.1/flavors 2.337s
2025-04-16 21:27:06.858 68851 INFO tempest.lib.common.rest_client [req-42b55c4f-b348-4e71-860c-8adeb1057fa2 req-42b55c4f-b348-4e71-860c-8adeb1057fa2 ] Request (TenantUsagesTestJSON:setUpClass): 201 POST http://10.180.1.21/identity/v3/auth/tokens 0.110s
2025-04-16 21:27:06.861 68851 WARNING tempest.lib.common.rest_client [-] Deprecated: "tenant_id" property is deprecated for removal, use "project_id" instead
2025-04-16 21:27:06.878 68873 INFO tempest.lib.common.rest_client [req-7f31118c-a4a1-447f-9a14-2caf74194631 req-7f31118c-a4a1-447f-9a14-2caf74194631 ] Request (ServersV294TestFqdnHostnames:setUpClass): 201 POST http://10.180.1.21:9696/networking/v2.0/floatingips 1.413s
2025-04-16 21:27:06.901 68857 INFO tempest.lib.common.rest_client [req-bebe4239-471f-457c-8591-46b6ad8796ee req-bebe4239-471f-457c-8591-46b6ad8796ee ] Request (FlavorsAccessNegativeTestJSON:test_flavor_non_admin_remove): 200 POST http://10.180.1.21/compute/v2.1/flavors/1445056334/action 2.451s
2025-04-16 21:27:06.945 68873 INFO tempest.lib.common.rest_client [req-5d62f1b8-b24e-4950-95c4-2e5c4b7ed5b3 req-5d62f1b8-b24e-4950-95c4-2e5c4b7ed5b3 ] Request (ServersV294TestFqdnHostnames:setUpClass): 201 POST http://10.180.1.21/identity/v3/auth/tokens 0.064s
2025-04-16 21:27:06.946 68873 INFO tempest.lib.common.fixed_network [-] (ServersV294TestFqdnHostnames:setUpClass) Found network {'id': '9ea98779-ecf8-4fbf-9c61-75424521b048', 'name': 'tempest-ServersV294TestFqdnHostnames-464864252-network', 'tenant_id': '651174e1726e454e9e21cf0c1b88ee8b', 'admin_state_up': True, 'mtu': 8950, 'status': 'ACTIVE', 'subnets': [], 'shared': False, 'project_id': '651174e1726e454e9e21cf0c1b88ee8b', 'port_security_enabled': True, 'router:external': False, 'provider:network_type': 'vlan', 'provider:physical_network': 'default', 'provider:segmentation_id': 479, 'is_default': False, 'availability_zone_hints': [], 'availability_zones': [], 'ipv4_address_scope': None, 'ipv6_address_scope': None, 'description': '', 'tags': [], 'created_at': '2025-04-16T21:26:57Z', 'updated_at': '2025-04-16T21:26:57Z', 'revision_number': 1} available for tenant
2025-04-16 21:27:06.948 68851 INFO tempest.lib.common.rest_client [req-77cd1eb5-fbd5-4aaf-8303-767a9c29c15d req-77cd1eb5-fbd5-4aaf-8303-767a9c29c15d ] Request (TenantUsagesTestJSON:setUpClass): 201 POST http://10.180.1.21/identity/v3/auth/tokens 0.082s
2025-04-16 21:27:06.948 68851 INFO tempest.lib.common.fixed_network [-] (TenantUsagesTestJSON:setUpClass) Found network None available for tenant
2025-04-16 21:27:06.996 68841 INFO tempest.lib.common.rest_client [req-2f2d2865-7783-4a28-9a8b-2c3891cb929d req-2f2d2865-7783-4a28-9a8b-2c3891cb929d ] Request (ServerActionsV293TestJSON:setUpClass): 200 GET http://10.180.1.21/compute/v2.1/servers/ccd1b692-f511-43c8-8b3d-ce92ef27670f 2.298s
2025-04-16 21:27:07.085 68865 INFO tempest.lib.common.rest_client [req-93211672-af69-4fb5-9893-168f7b07c00e req-93211672-af69-4fb5-9893-168f7b07c00e ] Request (VolumesAssistedSnapshotsTest:test_volume_assisted_snapshot_create_delete): 200 GET http://10.180.1.21/compute/v2.1/servers/c962c9c7-04a4-46ec-a46f-fac13caa6a1e 2.320s
2025-04-16 21:27:07.136 68859 INFO tempest.lib.common.rest_client [req-da1f58b7-bf4f-4bf8-a95d-55a90b1c977d req-da1f58b7-bf4f-4bf8-a95d-55a90b1c977d ] Request (ServersAdminTestJSON:setUpClass): 200 GET http://10.180.1.21/compute/v2.1/servers/15eb6744-4b26-4d7a-8639-cb3bd13e3726 2.529s
2025-04-16 21:27:07.193 68855 INFO tempest.lib.common.rest_client [req-af10179d-1648-4eb1-bccd-b723e93f536a req-af10179d-1648-4eb1-bccd-b723e93f536a ] Request (ImagesOneServerTestJSON:setUpClass): 201 POST http://10.180.1.21:9696/networking/v2.0/routers 2.503s
2025-04-16 21:27:07.205 68889 INFO tempest.lib.common.rest_client [req-e8e99994-d018-4d11-b8df-1e34ec8846dc req-e8e99994-d018-4d11-b8df-1e34ec8846dc ] Request (ImagesOneServerNegativeTestJSON:setUpClass): 200 GET http://10.180.1.21/compute/v2.1/servers/ee103d2f-8513-4e3a-af13-bfb3b5a7fbd2 2.378s
2025-04-16 21:27:07.286 68895 INFO tempest.lib.common.rest_client [req-e16c996a-0ddf-41da-b181-0550505c1ce6 req-e16c996a-0ddf-41da-b181-0550505c1ce6 ] Request (ServerDiagnosticsV248Test:test_get_server_diagnostics): 200 GET http://10.180.1.21/compute/v2.1/servers/4c5c97bc-4a9f-413b-a75f-a197270103a2 2.383s
2025-04-16 21:27:07.297 68881 INFO tempest.lib.common.rest_client [req-365a9eef-7296-4a39-84f1-92a13c854064 req-365a9eef-7296-4a39-84f1-92a13c854064 ] Request (SecurityGroupsTestJSON:test_list_security_groups_by_server): 200 GET http://10.180.1.21/compute/v2.1/servers/e1e0f1fc-a1b7-47ff-8f78-4ad09d2a005e 2.518s
2025-04-16 21:27:07.321 68861 INFO tempest.lib.common.rest_client [req-8b758a1c-89e5-4638-8c0f-bf0cb48444a9 req-8b758a1c-89e5-4638-8c0f-bf0cb48444a9 ] Request (ImagesNegativeTestJSON:setUpClass): 200 PUT http://10.180.1.21:9696/networking/v2.0/routers/a3805e07-417f-4546-a697-e6a6781c0382/add_router_interface 3.403s
2025-04-16 21:27:07.322 68861 INFO tempest.lib.common.dynamic_creds [-] Created isolated network resources for: credentials: Credentials: {'domain_id': 'default', 'domain_name': 'Default', 'username': 'tempest-ImagesNegativeTestJSON-1202359250-project-member', 'project_domain_id': 'default', 'project_domain_name': 'Default', 'project_id': 'e6de2af5f6dc4fbfac110f813b5bbf4c', 'project_name': 'tempest-ImagesNegativeTestJSON-1202359250', 'tenant_id': 'e6de2af5f6dc4fbfac110f813b5bbf4c', 'tenant_name': 'tempest-ImagesNegativeTestJSON-1202359250', 'user_domain_id': 'default', 'user_domain_name': 'Default', 'user_id': '55167e7f374d4d128139fba3f1e5f317', 'system': None}, Network: {'id': '237fdd2d-24c4-4611-a28c-ba4779964f51', 'name': 'tempest-ImagesNegativeTestJSON-1047200773-network', 'tenant_id': 'e6de2af5f6dc4fbfac110f813b5bbf4c', 'admin_state_up': True, 'mtu': 8950, 'status': 'ACTIVE', 'subnets': [], 'shared': False, 'project_id': 'e6de2af5f6dc4fbfac110f813b5bbf4c', 'port_security_enabled': True, 'router:external': False, 'provider:network_type': 'vlan', 'provider:physical_network': 'default', 'provider:segmentation_id': 51, 'is_default': False, 'availability_zone_hints': [], 'availability_zones': [], 'ipv4_address_scope': None, 'ipv6_address_scope': None, 'description': '', 'tags': [], 'created_at': '2025-04-16T21:27:01Z', 'updated_at': '2025-04-16T21:27:01Z', 'revision_number': 1}, Subnet: {'id': '93bd0e60-b542-4705-a84b-001720f0e153', 'name': 'tempest-ImagesNegativeTestJSON-1047200773-subnet', 'tenant_id': 'e6de2af5f6dc4fbfac110f813b5bbf4c', 'network_id': '237fdd2d-24c4-4611-a28c-ba4779964f51', 'ip_version': 4, 'subnetpool_id': None, 'enable_dhcp': True, 'ipv6_ra_mode': None, 'ipv6_address_mode': None, 'gateway_ip': '192.168.128.1', 'cidr': '192.168.128.0/28', 'allocation_pools': [{'start': '192.168.128.2', 'end': '192.168.128.14'}], 'host_routes': [], 'dns_nameservers': [], 'description': '', 'service_types': [], 'tags': [], 'created_at': '2025-04-16T21:27:02Z', 'updated_at': '2025-04-16T21:27:02Z', 'revision_number': 0, 'project_id': 'e6de2af5f6dc4fbfac110f813b5bbf4c'}, Router: {'id': 'a3805e07-417f-4546-a697-e6a6781c0382', 'name': 'tempest-ImagesNegativeTestJSON-1047200773-router', 'tenant_id': 'e6de2af5f6dc4fbfac110f813b5bbf4c', 'admin_state_up': True, 'status': 'ACTIVE', 'external_gateway_info': {'network_id': '545f6e42-7d78-439e-b25c-7c4db313365c', 'external_fixed_ips': [{'subnet_id': 'fe58fa59-6df9-419a-89ff-57e00a00ecd1', 'ip_address': '10.180.180.130'}], 'enable_snat': True}, 'description': '', 'availability_zones': [], 'distributed': False, 'ha': False, 'availability_zone_hints': [], 'routes': [], 'flavor_id': None, 'tags': [], 'created_at': '2025-04-16T21:27:02Z', 'updated_at': '2025-04-16T21:27:03Z', 'revision_number': 2, 'project_id': 'e6de2af5f6dc4fbfac110f813b5bbf4c'}
2025-04-16 21:27:07.326 68893 INFO tempest.lib.common.rest_client [req-07392147-2917-425c-b91c-20ab018a590b req-07392147-2917-425c-b91c-20ab018a590b ] Request (ServerAddressesTestJSON:setUpClass): 200 PUT http://10.180.1.21:9696/networking/v2.0/routers/b7ba86a8-b4cb-4592-b3ce-92408c5417bf/add_router_interface 3.547s
2025-04-16 21:27:07.327 68893 INFO tempest.lib.common.dynamic_creds [-] Created isolated network resources for: credentials: Credentials: {'domain_id': 'default', 'domain_name': 'Default', 'username': 'tempest-ServerAddressesTestJSON-1231908386-project-member', 'project_domain_id': 'default', 'project_domain_name': 'Default', 'project_id': '59e4811436a0430a9e44cee6e43ef840', 'project_name': 'tempest-ServerAddressesTestJSON-1231908386', 'tenant_id': '59e4811436a0430a9e44cee6e43ef840', 'tenant_name': 'tempest-ServerAddressesTestJSON-1231908386', 'user_domain_id': 'default', 'user_domain_name': 'Default', 'user_id': 'c74d0823f2fb4f31807a0407945256bd', 'system': None}, Network: {'id': 'f11b6ab0-6a64-49af-83cc-9d41deca9718', 'name': 'tempest-ServerAddressesTestJSON-302274409-network', 'tenant_id': '59e4811436a0430a9e44cee6e43ef840', 'admin_state_up': True, 'mtu': 8950, 'status': 'ACTIVE', 'subnets': [], 'shared': False, 'project_id': '59e4811436a0430a9e44cee6e43ef840', 'port_security_enabled': True, 'router:external': False, 'provider:network_type': 'vlan', 'provider:physical_network': 'default', 'provider:segmentation_id': 35, 'is_default': False, 'availability_zone_hints': [], 'availability_zones': [], 'ipv4_address_scope': None, 'ipv6_address_scope': None, 'description': '', 'tags': [], 'created_at': '2025-04-16T21:27:00Z', 'updated_at': '2025-04-16T21:27:00Z', 'revision_number': 1}, Subnet: {'id': '68ac8139-c186-4ba0-b2d4-93d1fc0be173', 'name': 'tempest-ServerAddressesTestJSON-302274409-subnet', 'tenant_id': '59e4811436a0430a9e44cee6e43ef840', 'network_id': 'f11b6ab0-6a64-49af-83cc-9d41deca9718', 'ip_version': 4, 'subnetpool_id': None, 'enable_dhcp': True, 'ipv6_ra_mode': None, 'ipv6_address_mode': None, 'gateway_ip': '192.168.128.1', 'cidr': '192.168.128.0/28', 'allocation_pools': [{'start': '192.168.128.2', 'end': '192.168.128.14'}], 'host_routes': [], 'dns_nameservers': [], 'description': '', 'service_types': [], 'tags': [], 'created_at': '2025-04-16T21:27:01Z', 'updated_at': '2025-04-16T21:27:01Z', 'revision_number': 0, 'project_id': '59e4811436a0430a9e44cee6e43ef840'}, Router: {'id': 'b7ba86a8-b4cb-4592-b3ce-92408c5417bf', 'name': 'tempest-ServerAddressesTestJSON-302274409-router', 'tenant_id': '59e4811436a0430a9e44cee6e43ef840', 'admin_state_up': True, 'status': 'ACTIVE', 'external_gateway_info': {'network_id': '545f6e42-7d78-439e-b25c-7c4db313365c', 'external_fixed_ips': [{'subnet_id': 'fe58fa59-6df9-419a-89ff-57e00a00ecd1', 'ip_address': '10.180.180.223'}], 'enable_snat': True}, 'description': '', 'availability_zones': [], 'distributed': False, 'ha': False, 'availability_zone_hints': [], 'routes': [], 'flavor_id': None, 'tags': [], 'created_at': '2025-04-16T21:27:01Z', 'updated_at': '2025-04-16T21:27:02Z', 'revision_number': 2, 'project_id': '59e4811436a0430a9e44cee6e43ef840'}
2025-04-16 21:27:07.450 68861 INFO tempest.lib.common.rest_client [req-c006c331-7bfc-4857-83e9-03191df6e440 req-c006c331-7bfc-4857-83e9-03191df6e440 ] Request (ImagesNegativeTestJSON:setUpClass): 201 POST http://10.180.1.21/identity/v3/auth/tokens 0.124s
2025-04-16 21:27:07.450 68893 INFO tempest.lib.common.rest_client [req-17c9d696-cac9-4ebe-8561-eea58fcd9e06 req-17c9d696-cac9-4ebe-8561-eea58fcd9e06 ] Request (ServerAddressesTestJSON:setUpClass): 201 POST http://10.180.1.21/identity/v3/auth/tokens 0.118s
2025-04-16 21:27:07.479 68869 INFO tempest.lib.common.rest_client [req-e1bb8535-86da-4454-b0ac-0c7f3a054688 req-e1bb8535-86da-4454-b0ac-0c7f3a054688 ] Request (ServerDiskConfigTestJSON:test_rebuild_server_with_auto_disk_config): 200 GET http://10.180.1.21/compute/v2.1/servers/cf2dc0a3-47fe-4fa6-b7f0-3e03328c1cb9 2.338s
2025-04-16 21:27:07.488 68861 INFO tempest.lib.common.rest_client [req-a4b16edf-ffba-4da2-a643-28e493d49267 req-a4b16edf-ffba-4da2-a643-28e493d49267 ] Request (ImagesNegativeTestJSON:test_create_image_from_deleted_server): 201 POST http://10.180.1.21/identity/v3/auth/tokens 0.033s
2025-04-16 21:27:07.489 68861 INFO tempest.lib.common.fixed_network [-] (ImagesNegativeTestJSON:test_create_image_from_deleted_server) Found network {'id': '237fdd2d-24c4-4611-a28c-ba4779964f51', 'name': 'tempest-ImagesNegativeTestJSON-1047200773-network', 'tenant_id': 'e6de2af5f6dc4fbfac110f813b5bbf4c', 'admin_state_up': True, 'mtu': 8950, 'status': 'ACTIVE', 'subnets': [], 'shared': False, 'project_id': 'e6de2af5f6dc4fbfac110f813b5bbf4c', 'port_security_enabled': True, 'router:external': False, 'provider:network_type': 'vlan', 'provider:physical_network': 'default', 'provider:segmentation_id': 51, 'is_default': False, 'availability_zone_hints': [], 'availability_zones': [], 'ipv4_address_scope': None, 'ipv6_address_scope': None, 'description': '', 'tags': [], 'created_at': '2025-04-16T21:27:01Z', 'updated_at': '2025-04-16T21:27:01Z', 'revision_number': 1} available for tenant
2025-04-16 21:27:07.489 68893 INFO tempest.lib.common.rest_client [req-5360a387-69fa-4193-8a03-c9f5811a9251 req-5360a387-69fa-4193-8a03-c9f5811a9251 ] Request (ServerAddressesTestJSON:setUpClass): 201 POST http://10.180.1.21/identity/v3/auth/tokens 0.036s
2025-04-16 21:27:07.490 68893 INFO tempest.lib.common.fixed_network [-] (ServerAddressesTestJSON:setUpClass) Found network {'id': 'f11b6ab0-6a64-49af-83cc-9d41deca9718', 'name': 'tempest-ServerAddressesTestJSON-302274409-network', 'tenant_id': '59e4811436a0430a9e44cee6e43ef840', 'admin_state_up': True, 'mtu': 8950, 'status': 'ACTIVE', 'subnets': [], 'shared': False, 'project_id': '59e4811436a0430a9e44cee6e43ef840', 'port_security_enabled': True, 'router:external': False, 'provider:network_type': 'vlan', 'provider:physical_network': 'default', 'provider:segmentation_id': 35, 'is_default': False, 'availability_zone_hints': [], 'availability_zones': [], 'ipv4_address_scope': None, 'ipv6_address_scope': None, 'description': '', 'tags': [], 'created_at': '2025-04-16T21:27:00Z', 'updated_at': '2025-04-16T21:27:00Z', 'revision_number': 1} available for tenant
2025-04-16 21:27:07.513 68863 INFO tempest.lib.common.rest_client [req-95a4f95c-0e42-4f91-b248-ba9ef3ea0471 req-95a4f95c-0e42-4f91-b248-ba9ef3ea0471 ] Request (MigrationsAdminTest:test_list_migrations_in_flavor_resize_situation): 200 GET http://10.180.1.21/compute/v2.1/servers/f3b237f4-6e23-4474-b841-aa3ca8c1486f 2.308s
2025-04-16 21:27:07.571 68901 INFO tempest.lib.common.rest_client [req-70e2904a-e51d-4740-815e-b75420e7fa66 req-70e2904a-e51d-4740-815e-b75420e7fa66 ] Request (ImagesTestJSON:test_create_image_from_stopped_server): 200 GET http://10.180.1.21/compute/v2.1/servers/6894c90c-cbfb-4226-a0b5-e195f923c8e0 1.644s
2025-04-16 21:27:07.651 68867 INFO tempest.lib.common.rest_client [req-ea808b1c-87af-4615-b3d4-8670a8076c3f req-ea808b1c-87af-4615-b3d4-8670a8076c3f ] Request (ServerExternalEventsTest:test_create_server_external_events): 200 GET http://10.180.1.21/compute/v2.1/servers/e49a885d-c0d2-414b-b1f0-bfc3a710e9ad 1.905s
2025-04-16 21:27:07.793 68853 INFO tempest.lib.common.rest_client [req-4968e24f-4b49-46fc-a903-aa2b631a15ee req-4968e24f-4b49-46fc-a903-aa2b631a15ee ] Request (SecurityGroupsNegativeTestJSON:test_delete_the_default_security_group): 200 GET http://10.180.1.21/compute/v2.1/os-security-groups 1.859s
2025-04-16 21:27:07.815 68883 INFO tempest.lib.common.rest_client [req-dc381986-f2fc-4d30-915a-4460db09b7d1 req-dc381986-f2fc-4d30-915a-4460db09b7d1 ] Request (KeyPairsV22TestJSON:_run_cleanups): 204 DELETE http://10.180.1.21/compute/v2.1/os-keypairs/tempest-KeyPairsV22TestJSON-keypair-1371975007 1.548s
2025-04-16 21:27:07.894 68849 INFO tempest.lib.common.rest_client [req-4ca3a882-b8d0-4774-9006-4913bc95972a req-4ca3a882-b8d0-4774-9006-4913bc95972a ] Request (ServersTestJSON:setUpClass): 200 PUT http://10.180.1.21:9696/networking/v2.0/routers/152a4ba5-3043-4e08-92fe-491ff65047ee/add_router_interface 1.872s
2025-04-16 21:27:07.895 68849 INFO tempest.lib.common.dynamic_creds [-] Created isolated network resources for: credentials: Credentials: {'domain_id': 'default', 'domain_name': 'Default', 'username': 'tempest-ServersTestJSON-1811012872-project-member', 'project_domain_id': 'default', 'project_domain_name': 'Default', 'project_id': 'e7abc16f11794107bc45dfbe74a5a7ca', 'project_name': 'tempest-ServersTestJSON-1811012872', 'tenant_id': 'e7abc16f11794107bc45dfbe74a5a7ca', 'tenant_name': 'tempest-ServersTestJSON-1811012872', 'user_domain_id': 'default', 'user_domain_name': 'Default', 'user_id': '2748e40bf2f64ac6a0816dd0e9767a3b', 'system': None}, Network: {'id': '9eb5305a-a3b6-4b85-bd01-e69176fec6da', 'name': 'tempest-ServersTestJSON-89491618-network', 'tenant_id': 'e7abc16f11794107bc45dfbe74a5a7ca', 'admin_state_up': True, 'mtu': 8950, 'status': 'ACTIVE', 'subnets': [], 'shared': False, 'project_id': 'e7abc16f11794107bc45dfbe74a5a7ca', 'port_security_enabled': True, 'router:external': False, 'provider:network_type': 'vlan', 'provider:physical_network': 'default', 'provider:segmentation_id': 515, 'is_default': False, 'availability_zone_hints': [], 'availability_zones': [], 'ipv4_address_scope': None, 'ipv6_address_scope': None, 'description': '', 'tags': [], 'created_at': '2025-04-16T21:27:02Z', 'updated_at': '2025-04-16T21:27:02Z', 'revision_number': 1}, Subnet: {'id': '0965ef90-0608-4a1b-a928-3b9583797f81', 'name': 'tempest-ServersTestJSON-89491618-subnet', 'tenant_id': 'e7abc16f11794107bc45dfbe74a5a7ca', 'network_id': '9eb5305a-a3b6-4b85-bd01-e69176fec6da', 'ip_version': 4, 'subnetpool_id': None, 'enable_dhcp': True, 'ipv6_ra_mode': None, 'ipv6_address_mode': None, 'gateway_ip': '192.168.128.1', 'cidr': '192.168.128.0/28', 'allocation_pools': [{'start': '192.168.128.2', 'end': '192.168.128.14'}], 'host_routes': [], 'dns_nameservers': [], 'description': '', 'service_types': [], 'tags': [], 'created_at': '2025-04-16T21:27:02Z', 'updated_at': '2025-04-16T21:27:02Z', 'revision_number': 0, 'project_id': 'e7abc16f11794107bc45dfbe74a5a7ca'}, Router: {'id': '152a4ba5-3043-4e08-92fe-491ff65047ee', 'name': 'tempest-ServersTestJSON-89491618-router', 'tenant_id': 'e7abc16f11794107bc45dfbe74a5a7ca', 'admin_state_up': True, 'status': 'ACTIVE', 'external_gateway_info': {'network_id': '545f6e42-7d78-439e-b25c-7c4db313365c', 'external_fixed_ips': [{'subnet_id': 'fe58fa59-6df9-419a-89ff-57e00a00ecd1', 'ip_address': '10.180.180.170'}], 'enable_snat': True}, 'description': '', 'availability_zones': [], 'distributed': False, 'ha': False, 'availability_zone_hints': [], 'routes': [], 'flavor_id': None, 'tags': [], 'created_at': '2025-04-16T21:27:03Z', 'updated_at': '2025-04-16T21:27:04Z', 'revision_number': 2, 'project_id': 'e7abc16f11794107bc45dfbe74a5a7ca'}
2025-04-16 21:27:07.932 68875 INFO tempest.lib.common.rest_client [req-63ef29a6-e3cd-461a-a874-343b40022eda req-63ef29a6-e3cd-461a-a874-343b40022eda ] Request (QuotasAdminNegativeTest:test_create_server_when_instances_quota_is_full): 200 GET http://10.180.1.21/compute/v2.1/os-quota-sets/aff44567d7524036aa756bcf741ddbcc 1.536s
2025-04-16 21:27:07.954 68897 INFO tempest.lib.common.rest_client [req-7d60343d-a9ea-44f0-95e1-918c919e1d7d req-7d60343d-a9ea-44f0-95e1-918c919e1d7d ] Request (FlavorsV2TestJSON:test_list_flavors_filter_by_min_disk): 200 GET http://10.180.1.21/compute/v2.1/flavors?minDisk=2 1.548s
2025-04-16 21:27:07.977 68849 INFO tempest.lib.common.rest_client [req-e061bb09-2177-435e-9bb9-4f49bdc9573b req-e061bb09-2177-435e-9bb9-4f49bdc9573b ] Request (ServersTestJSON:setUpClass): 201 POST http://10.180.1.21/identity/v3/auth/tokens 0.078s
2025-04-16 21:27:08.038 68849 INFO tempest.lib.common.rest_client [req-c9078de2-f98d-4bde-9583-811147b2a01b req-c9078de2-f98d-4bde-9583-811147b2a01b ] Request (ServersTestJSON:setUpClass): 200 GET http://10.180.1.21/identity/v3/projects/e7abc16f11794107bc45dfbe74a5a7ca 0.061s
2025-04-16 21:27:08.039 68849 INFO tempest.lib.common.dynamic_creds [-] Using the existing project e7abc16f11794107bc45dfbe74a5a7ca for scope project and roles: ['reader']
2025-04-16 21:27:08.049 68879 INFO tempest.lib.common.rest_client [req-53a0ff62-93ea-4795-8abe-2a9a26a78d2d req-53a0ff62-93ea-4795-8abe-2a9a26a78d2d ] Request (QuotasAdminTestJSON:test_delete_quota): 200 GET http://10.180.1.21/compute/v2.1/os-quota-sets/401619edc40e491f86e6d09c990d17f4 1.345s
2025-04-16 21:27:08.087 68849 INFO tempest.lib.common.rest_client [req-0a79fe89-9f9c-4a3a-8612-fd3d677b2248 req-0a79fe89-9f9c-4a3a-8612-fd3d677b2248 ] Request (ServersTestJSON:setUpClass): 201 POST http://10.180.1.21/identity/v3/users 0.048s
2025-04-16 21:27:08.091 68839 INFO tempest.lib.common.rest_client [req-d8528cd5-0356-4c5f-a1ff-b2aecebe86c0 req-d8528cd5-0356-4c5f-a1ff-b2aecebe86c0 ] Request (AggregatesAdminNegativeTestJSON:_run_cleanups): 200 DELETE http://10.180.1.21/compute/v2.1/os-aggregates/4 1.367s
2025-04-16 21:27:08.104 68871 INFO tempest.lib.common.rest_client [req-105b47cc-2f89-4bda-93ba-0b77acab6bf6 req-105b47cc-2f89-4bda-93ba-0b77acab6bf6 ] Request (FlavorsAdminTestJSON:test_create_list_flavor_without_extra_data): 200 GET http://10.180.1.21/compute/v2.1/flavors/312665205 1.289s
2025-04-16 21:27:08.108 68857 INFO tempest.lib.common.rest_client [req-7a808096-f076-4689-a119-a76f829d720b req-7a808096-f076-4689-a119-a76f829d720b ] Request (FlavorsAccessNegativeTestJSON:test_flavor_non_admin_remove): 403 POST http://10.180.1.21/compute/v2.1/flavors/1445056334/action 1.206s
2025-04-16 21:27:08.158 68879 INFO tempest.lib.common.rest_client [req-2fc47c2a-e750-4698-bf88-1a6f8144dd46 req-2fc47c2a-e750-4698-bf88-1a6f8144dd46 ] Request (QuotasAdminTestJSON:_run_cleanups): 204 DELETE http://10.180.1.21/identity/v3/projects/401619edc40e491f86e6d09c990d17f4 0.106s
2025-04-16 21:27:08.177 68849 INFO tempest.lib.common.rest_client [req-d508a679-4a96-4d26-a6e9-b5f78f9a13d9 req-d508a679-4a96-4d26-a6e9-b5f78f9a13d9 ] Request (ServersTestJSON:setUpClass): 200 GET http://10.180.1.21/identity/v3/roles 0.089s
2025-04-16 21:27:08.233 68849 INFO tempest.lib.common.rest_client [req-fb946c4e-e3f8-4c60-9b4b-c05f7ab11446 req-fb946c4e-e3f8-4c60-9b4b-c05f7ab11446 ] Request (ServersTestJSON:setUpClass): 204 PUT http://10.180.1.21/identity/v3/projects/e7abc16f11794107bc45dfbe74a5a7ca/users/0ae5ade2429f497788ff10374e894eea/roles/243ce6dbb64d4730b126e820cd36c092 0.056s
2025-04-16 21:27:08.233 68849 INFO tempest.lib.common.dynamic_creds [-] Dynamic test user 0ae5ade2429f497788ff10374e894eea is created with scope project and roles: ['reader']
2025-04-16 21:27:08.234 68849 INFO tempest.lib.common.dynamic_creds [-] Acquired dynamic creds: credentials: Credentials: {'domain_id': 'default', 'domain_name': 'Default', 'username': 'tempest-ServersTestJSON-1811012872-project-reader', 'project_domain_id': 'default', 'project_domain_name': 'Default', 'project_id': 'e7abc16f11794107bc45dfbe74a5a7ca', 'project_name': 'tempest-ServersTestJSON-1811012872', 'tenant_id': 'e7abc16f11794107bc45dfbe74a5a7ca', 'tenant_name': 'tempest-ServersTestJSON-1811012872', 'user_domain_id': 'default', 'user_domain_name': 'Default', 'user_id': '0ae5ade2429f497788ff10374e894eea', 'system': None}, Network: None, Subnet: None, Router: None
2025-04-16 21:27:08.234 68849 INFO tempest.lib.common.dynamic_creds [-] Network resources are not created for requested scope: project and credentials: Credentials: {'domain_id': 'default', 'domain_name': 'Default', 'username': 'tempest-ServersTestJSON-1811012872-project-reader', 'project_domain_id': 'default', 'project_domain_name': 'Default', 'project_id': 'e7abc16f11794107bc45dfbe74a5a7ca', 'project_name': 'tempest-ServersTestJSON-1811012872', 'tenant_id': 'e7abc16f11794107bc45dfbe74a5a7ca', 'tenant_name': 'tempest-ServersTestJSON-1811012872', 'user_domain_id': 'default', 'user_domain_name': 'Default', 'user_id': '0ae5ade2429f497788ff10374e894eea', 'system': None}, Network: None, Subnet: None, Router: None
2025-04-16 21:27:08.320 68849 INFO tempest.lib.common.rest_client [req-614df938-6f53-4451-8bbc-1f47f4403e18 req-614df938-6f53-4451-8bbc-1f47f4403e18 ] Request (ServersTestJSON:setUpClass): 201 POST http://10.180.1.21/identity/v3/auth/tokens 0.084s
2025-04-16 21:27:08.397 68849 INFO tempest.lib.common.rest_client [req-e8c9d76a-f46e-4114-8580-e3aeaf63b71d req-e8c9d76a-f46e-4114-8580-e3aeaf63b71d ] Request (ServersTestJSON:test_create_server_specify_multibyte_character_name): 201 POST http://10.180.1.21/identity/v3/auth/tokens 0.073s
2025-04-16 21:27:08.398 68849 INFO tempest.lib.common.fixed_network [-] (ServersTestJSON:test_create_server_specify_multibyte_character_name) Found network {'id': '9eb5305a-a3b6-4b85-bd01-e69176fec6da', 'name': 'tempest-ServersTestJSON-89491618-network', 'tenant_id': 'e7abc16f11794107bc45dfbe74a5a7ca', 'admin_state_up': True, 'mtu': 8950, 'status': 'ACTIVE', 'subnets': [], 'shared': False, 'project_id': 'e7abc16f11794107bc45dfbe74a5a7ca', 'port_security_enabled': True, 'router:external': False, 'provider:network_type': 'vlan', 'provider:physical_network': 'default', 'provider:segmentation_id': 515, 'is_default': False, 'availability_zone_hints': [], 'availability_zones': [], 'ipv4_address_scope': None, 'ipv6_address_scope': None, 'description': '', 'tags': [], 'created_at': '2025-04-16T21:27:02Z', 'updated_at': '2025-04-16T21:27:02Z', 'revision_number': 1} available for tenant
2025-04-16 21:27:08.689 68885 INFO tempest.lib.common.rest_client [req-74aead6a-dbf3-48c6-bc2d-5a6455bfb4e5 req-74aead6a-dbf3-48c6-bc2d-5a6455bfb4e5 ] Request (FloatingIPsTestJSON:test_delete_floating_ip): 202 DELETE http://10.180.1.21/compute/v2.1/os-floating-ips/879c31a9-7be5-404e-bb01-b45355423db0 2.536s
2025-04-16 21:27:08.928 68873 INFO tempest.lib.common.rest_client [req-37114a01-3f73-48b5-b0ca-ae97ed1a5b26 req-37114a01-3f73-48b5-b0ca-ae97ed1a5b26 ] Request (ServersV294TestFqdnHostnames:setUpClass): 202 POST http://10.180.1.21/compute/v2.1/servers 1.981s
2025-04-16 21:27:09.017 68847 INFO tempest.lib.common.rest_client [req-943c5b9a-c4d4-4bdc-b215-7f7e99a9176a req-943c5b9a-c4d4-4bdc-b215-7f7e99a9176a ] Request (ServersWithSpecificFlavorTestJSON:test_verify_created_server_ephemeral_disk): 200 GET http://10.180.1.21/compute/v2.1/servers/0be1ddd3-e07f-49b3-a5a7-df32b5262c30 1.956s
2025-04-16 21:27:09.082 68877 INFO tempest.lib.common.rest_client [req-663434d1-79a4-4d37-822d-8033d56423da req-663434d1-79a4-4d37-822d-8033d56423da ] Request (ServerDiagnosticsNegativeTest:test_get_server_diagnostics_by_non_admin): 200 GET http://10.180.1.21/compute/v2.1/servers/3adaf481-5844-45ac-8dc9-eb396a47ed1c 1.926s
2025-04-16 21:27:09.137 68899 INFO tempest.lib.common.rest_client [req-276cfff9-2724-4eba-a465-ef9d3c259632 req-276cfff9-2724-4eba-a465-ef9d3c259632 ] Request (ServerAddressesNegativeTestJSON:setUpClass): 200 GET http://10.180.1.21/compute/v2.1/servers/4a43ba00-1df6-4f10-a4ce-37c4ae353cc2 1.900s
2025-04-16 21:27:09.185 68851 INFO tempest.lib.common.rest_client [req-10a1a04a-478e-409f-97c4-00b1e9598ad3 req-10a1a04a-478e-409f-97c4-00b1e9598ad3 ] Request (TenantUsagesTestJSON:setUpClass): 202 POST http://10.180.1.21/compute/v2.1/servers 2.236s
2025-04-16 21:27:09.205 68843 INFO tempest.lib.common.rest_client [req-34cbc604-054b-414f-92d7-0c1a41d577ca req-34cbc604-054b-414f-92d7-0c1a41d577ca ] Request (ServersAdmin275Test:test_rebuild_update_server_275): 200 GET http://10.180.1.21/compute/v2.1/servers/8c30562a-4a81-4007-923c-3bc0b922f01c 1.949s
