2025-04-16 21:26:32.032 68895 INFO tempest.lib.common.dynamic_creds [-] Acquired dynamic creds: credentials: Credentials: {'domain_id': 'default', 'domain_name': 'Default', 'username': 'tempest-ServerDiagnosticsV248Test-53976135-project-admin', 'project_domain_id': 'default', 'project_domain_name': 'Default', 'project_id': 'd4ea230ca6cf4f429a5c5b92e6254f8d', 'project_name': 'tempest-ServerDiagnosticsV248Test-53976135', 'tenant_id': 'd4ea230ca6cf4f429a5c5b92e6254f8d', 'tenant_name': 'tempest-ServerDiagnosticsV248Test-53976135', 'user_domain_id': 'default', 'user_domain_name': 'Default', 'user_id': '7b95be77f7cc4ef18b8b9cbec7897b05', 'system': None}, Network: None, Subnet: None, Router: None
2025-04-16 21:26:32.032 68895 INFO tempest.lib.common.dynamic_creds [-] Created isolated network resources for: credentials: Credentials: {'domain_id': 'default', 'domain_name': 'Default', 'username': 'tempest-ServerDiagnosticsV248Test-53976135-project-admin', 'project_domain_id': 'default', 'project_domain_name': 'Default', 'project_id': 'd4ea230ca6cf4f429a5c5b92e6254f8d', 'project_name': 'tempest-ServerDiagnosticsV248Test-53976135', 'tenant_id': 'd4ea230ca6cf4f429a5c5b92e6254f8d', 'tenant_name': 'tempest-ServerDiagnosticsV248Test-53976135', 'user_domain_id': 'default', 'user_domain_name': 'Default', 'user_id': '7b95be77f7cc4ef18b8b9cbec7897b05', 'system': None}, Network: None, Subnet: None, Router: None
2025-04-16 21:26:32.205 68869 INFO tempest.lib.common.rest_client [req-8f1aefb5-42a9-46a7-b515-111f5a77f53e req-8f1aefb5-42a9-46a7-b515-111f5a77f53e ] Request (AZAdminNegativeTestJSON:test_get_availability_zone_list_detail_with_non_admin_user): 403 GET http://10.180.1.21/compute/v2.1/os-availability-zone/detail 2.879s
2025-04-16 21:26:32.212 68841 INFO tempest.lib.common.rest_client [req-a245671a-452d-4dfc-9794-c26f1454745a req-a245671a-452d-4dfc-9794-c26f1454745a ] Request (ServerActionsV293TestJSON:setUpClass): 201 POST http://10.180.1.21:9696/networking/v2.0/floatingips 1.299s
2025-04-16 21:26:32.224 68859 INFO tempest.lib.common.rest_client [req-913d2a7a-a10b-4d6a-81ad-47513b0c4f73 req-913d2a7a-a10b-4d6a-81ad-47513b0c4f73 ] Request (ServersAdminTestJSON:setUpClass): 200 PUT http://10.180.1.21:9696/networking/v2.0/routers/4a93707b-cd0a-4b7d-95e3-2c6a475052d5/add_router_interface 2.418s
2025-04-16 21:26:32.231 68859 INFO tempest.lib.common.dynamic_creds [-] Created isolated network resources for: credentials: Credentials: {'domain_id': 'default', 'domain_name': 'Default', 'username': 'tempest-ServersAdminTestJSON-141591449-project-admin', 'project_domain_id': 'default', 'project_domain_name': 'Default', 'project_id': '29878df588ff44fda86951d5c17db79c', 'project_name': 'tempest-ServersAdminTestJSON-141591449', 'tenant_id': '29878df588ff44fda86951d5c17db79c', 'tenant_name': 'tempest-ServersAdminTestJSON-141591449', 'user_domain_id': 'default', 'user_domain_name': 'Default', 'user_id': 'cbf5c30b963342f09ce9bd4ae4f5c109', 'system': None}, Network: {'id': 'cd89ef95-ead2-4311-926f-a901b39fc03f', 'name': 'tempest-ServersAdminTestJSON-1306753414-network', 'tenant_id': '29878df588ff44fda86951d5c17db79c', 'admin_state_up': True, 'mtu': 8950, 'status': 'ACTIVE', 'subnets': [], 'shared': False, 'project_id': '29878df588ff44fda86951d5c17db79c', 'port_security_enabled': True, 'router:external': False, 'provider:network_type': 'vlan', 'provider:physical_network': 'default', 'provider:segmentation_id': 665, 'is_default': False, 'availability_zone_hints': [], 'availability_zones': [], 'ipv4_address_scope': None, 'ipv6_address_scope': None, 'description': '', 'tags': [], 'created_at': '2025-04-16T21:26:26Z', 'updated_at': '2025-04-16T21:26:26Z', 'revision_number': 1}, Subnet: {'id': '07411d0b-fbd2-4457-b5fc-6219a3e7ae24', 'name': 'tempest-ServersAdminTestJSON-1306753414-subnet', 'tenant_id': '29878df588ff44fda86951d5c17db79c', 'network_id': 'cd89ef95-ead2-4311-926f-a901b39fc03f', 'ip_version': 4, 'subnetpool_id': None, 'enable_dhcp': True, 'ipv6_ra_mode': None, 'ipv6_address_mode': None, 'gateway_ip': '192.168.128.1', 'cidr': '192.168.128.0/28', 'allocation_pools': [{'start': '192.168.128.2', 'end': '192.168.128.14'}], 'host_routes': [], 'dns_nameservers': [], 'description': '', 'service_types': [], 'tags': [], 'created_at': '2025-04-16T21:26:27Z', 'updated_at': '2025-04-16T21:26:27Z', 'revision_number': 0, 'project_id': '29878df588ff44fda86951d5c17db79c'}, Router: {'id': '4a93707b-cd0a-4b7d-95e3-2c6a475052d5', 'name': 'tempest-ServersAdminTestJSON-1306753414-router', 'tenant_id': '29878df588ff44fda86951d5c17db79c', 'admin_state_up': True, 'status': 'ACTIVE', 'external_gateway_info': {'network_id': '545f6e42-7d78-439e-b25c-7c4db313365c', 'external_fixed_ips': [{'subnet_id': 'fe58fa59-6df9-419a-89ff-57e00a00ecd1', 'ip_address': '10.180.180.225'}], 'enable_snat': True}, 'description': '', 'availability_zones': [], 'distributed': False, 'ha': False, 'availability_zone_hints': [], 'routes': [], 'flavor_id': None, 'tags': [], 'created_at': '2025-04-16T21:26:27Z', 'updated_at': '2025-04-16T21:26:28Z', 'revision_number': 2, 'project_id': '29878df588ff44fda86951d5c17db79c'}
2025-04-16 21:26:32.259 68843 INFO tempest.lib.common.rest_client [req-7f9ffd37-fa9f-40c6-9c10-b79f1bb9c9c9 req-7f9ffd37-fa9f-40c6-9c10-b79f1bb9c9c9 ] Request (ServersAdmin275Test:setUpClass): 201 POST http://10.180.1.21/identity/v3/auth/tokens 0.281s
2025-04-16 21:26:32.318 68895 INFO tempest.lib.common.rest_client [req-716f35d6-7be3-4cba-9b7e-52a235a72c9f req-716f35d6-7be3-4cba-9b7e-52a235a72c9f ] Request (ServerDiagnosticsV248Test:setUpClass): 201 POST http://10.180.1.21/identity/v3/auth/tokens 0.283s
2025-04-16 21:26:32.408 68859 INFO tempest.lib.common.rest_client [req-81539bba-e487-4c16-8b6a-a1eb2288ca80 req-81539bba-e487-4c16-8b6a-a1eb2288ca80 ] Request (ServersAdminTestJSON:setUpClass): 201 POST http://10.180.1.21/identity/v3/auth/tokens 0.171s
2025-04-16 21:26:32.448 68869 INFO tempest.lib.common.rest_client [req-18f86358-4e7c-4d62-9e65-3dfc9bc664ef req-18f86358-4e7c-4d62-9e65-3dfc9bc664ef ] Request (AZAdminNegativeTestJSON:tearDownClass): 204 DELETE http://10.180.1.21/identity/v3/users/40b00635accb4f68905f088a1e1f147e 0.234s
2025-04-16 21:26:32.459 68843 INFO tempest.lib.common.rest_client [req-a7eb4b01-1a87-41a6-876e-f1a6acbb4fba req-a7eb4b01-1a87-41a6-876e-f1a6acbb4fba ] Request (ServersAdmin275Test:setUpClass): 201 POST http://10.180.1.21/identity/v3/auth/tokens 0.197s
2025-04-16 21:26:32.512 68895 INFO tempest.lib.common.rest_client [req-1e932237-a0f0-488e-b47a-4b610b261f67 req-1e932237-a0f0-488e-b47a-4b610b261f67 ] Request (ServerDiagnosticsV248Test:test_get_server_diagnostics): 201 POST http://10.180.1.21/identity/v3/auth/tokens 0.189s
2025-04-16 21:26:32.513 68895 INFO tempest.lib.common.fixed_network [-] (ServerDiagnosticsV248Test:test_get_server_diagnostics) Found network None available for tenant
2025-04-16 21:26:32.525 68841 INFO tempest.lib.common.rest_client [req-9809e2ec-b6f9-4be8-a5c3-e928523eaf7d req-9809e2ec-b6f9-4be8-a5c3-e928523eaf7d ] Request (ServerActionsV293TestJSON:setUpClass): 201 POST http://10.180.1.21/identity/v3/auth/tokens 0.244s
2025-04-16 21:26:32.526 68841 INFO tempest.lib.common.fixed_network [-] (ServerActionsV293TestJSON:setUpClass) Found network {'id': '6c249714-cde3-43c8-9f93-1cc6dba49eef', 'name': 'tempest-ServerActionsV293TestJSON-575203170-network', 'tenant_id': 'b8e068f9c390406892fe822978985780', 'admin_state_up': True, 'mtu': 8950, 'status': 'ACTIVE', 'subnets': [], 'shared': False, 'project_id': 'b8e068f9c390406892fe822978985780', 'port_security_enabled': True, 'router:external': False, 'provider:network_type': 'vlan', 'provider:physical_network': 'default', 'provider:segmentation_id': 722, 'is_default': False, 'availability_zone_hints': [], 'availability_zones': [], 'ipv4_address_scope': None, 'ipv6_address_scope': None, 'description': '', 'tags': [], 'created_at': '2025-04-16T21:26:23Z', 'updated_at': '2025-04-16T21:26:23Z', 'revision_number': 1} available for tenant
2025-04-16 21:26:32.560 68859 INFO tempest.lib.common.rest_client [req-29626cb9-bfbf-41bb-8973-8145e5038f27 req-29626cb9-bfbf-41bb-8973-8145e5038f27 ] Request (ServersAdminTestJSON:setUpClass): 201 POST http://10.180.1.21/identity/v3/auth/tokens 0.147s
2025-04-16 21:26:32.561 68859 INFO tempest.lib.common.fixed_network [-] (ServersAdminTestJSON:setUpClass) Found network {'id': 'f609005f-44c4-41e6-8e8f-4af16581eb6d', 'name': 'tempest-ServersAdminTestJSON-680917518-network', 'tenant_id': '08c02345327245a99a5bb11408b51c6d', 'admin_state_up': True, 'mtu': 8950, 'status': 'ACTIVE', 'subnets': [], 'shared': False, 'project_id': '08c02345327245a99a5bb11408b51c6d', 'port_security_enabled': True, 'router:external': False, 'provider:network_type': 'vlan', 'provider:physical_network': 'default', 'provider:segmentation_id': 166, 'is_default': False, 'availability_zone_hints': [], 'availability_zones': [], 'ipv4_address_scope': None, 'ipv6_address_scope': None, 'description': '', 'tags': [], 'created_at': '2025-04-16T21:26:18Z', 'updated_at': '2025-04-16T21:26:18Z', 'revision_number': 1} available for tenant
2025-04-16 21:26:32.617 68843 INFO tempest.lib.common.rest_client [req-e86bbaf9-894e-4ff0-b038-ae624b85caf4 req-e86bbaf9-894e-4ff0-b038-ae624b85caf4 ] Request (ServersAdmin275Test:setUpClass): 200 GET http://10.180.1.21/identity/v3/domains?name=Default 0.158s
2025-04-16 21:26:32.645 68869 INFO tempest.lib.common.rest_client [req-c43aa5ec-045d-45a2-b16f-7f6bc13eb8ef req-c43aa5ec-045d-45a2-b16f-7f6bc13eb8ef ] Request (AZAdminNegativeTestJSON:tearDownClass): 204 DELETE http://10.180.1.21/identity/v3/users/a5851071b6cc4c85b202c5cd5e243974 0.197s
2025-04-16 21:26:32.647 68869 INFO tempest.lib.common.dynamic_creds [-] Deleting project and security group for project: 991d405b467b4aadbfdcba313cf755bf
2025-04-16 21:26:32.680 68843 INFO tempest.lib.common.rest_client [req-527a9821-a0da-4bec-9005-ce98a6e56cdf req-527a9821-a0da-4bec-9005-ce98a6e56cdf ] Request (ServersAdmin275Test:setUpClass): 201 POST http://10.180.1.21/identity/v3/projects 0.062s
2025-04-16 21:26:32.680 68875 INFO tempest.lib.common.rest_client [req-f712aac4-17c6-4408-bc5b-21763cab02cf req-f712aac4-17c6-4408-bc5b-21763cab02cf ] Request (InstanceUsageAuditLogNegativeTestJSON:tearDownClass): 200 GET http://10.180.1.21:9696/networking/v2.0/security-groups?tenant_id=4dabec7b724b4890a35666acbce0ec61&name=default 0.916s
2025-04-16 21:26:32.682 68845 INFO tempest.lib.common.rest_client [req-1cbea77b-0d7b-450f-bce5-3275b6333819 req-1cbea77b-0d7b-450f-bce5-3275b6333819 ] Request (ServersAdminNegativeTestJSON:setUpClass): 202 POST http://10.180.1.21/compute/v2.1/servers 3.331s
2025-04-16 21:26:32.726 68879 INFO tempest.lib.common.rest_client [req-7f865d6e-5773-4e9c-ae01-4e51bbd71bdf req-7f865d6e-5773-4e9c-ae01-4e51bbd71bdf ] Request (HostsAdminTestJSON:test_list_hosts_with_a_blank_zone): 200 GET http://10.180.1.21/compute/v2.1/os-hosts?zone= 3.154s
2025-04-16 21:26:32.770 68869 INFO tempest.lib.common.rest_client [req-407b369c-8f19-47d4-835d-8873e208bc00 req-407b369c-8f19-47d4-835d-8873e208bc00 ] Request (AZAdminNegativeTestJSON:tearDownClass): 201 POST http://10.180.1.21/identity/v3/auth/tokens 0.123s
2025-04-16 21:26:32.789 68843 INFO tempest.lib.common.rest_client [req-cce46770-8fd2-419e-ae3a-6af43b27c576 req-cce46770-8fd2-419e-ae3a-6af43b27c576 ] Request (ServersAdmin275Test:setUpClass): 201 POST http://10.180.1.21/identity/v3/users 0.109s
2025-04-16 21:26:32.891 68843 INFO tempest.lib.common.rest_client [req-b59e8fca-8ddb-4e7d-89d2-47c416382321 req-b59e8fca-8ddb-4e7d-89d2-47c416382321 ] Request (ServersAdmin275Test:setUpClass): 200 GET http://10.180.1.21/identity/v3/roles 0.102s
2025-04-16 21:26:32.959 68843 INFO tempest.lib.common.rest_client [req-16a9e944-1af9-4bf3-8886-ef6f0b3e3067 req-16a9e944-1af9-4bf3-8886-ef6f0b3e3067 ] Request (ServersAdmin275Test:setUpClass): 204 PUT http://10.180.1.21/identity/v3/projects/5b00f1d6e8d3409f8cc056b449cee391/users/78dbddb954394559a736483c6feacce2/roles/a8452c997ae942ccab3ee19d69970e0b 0.066s
2025-04-16 21:26:32.959 68843 INFO tempest.lib.common.dynamic_creds [-] Dynamic test user 78dbddb954394559a736483c6feacce2 is created with scope project and roles: ['member']
2025-04-16 21:26:32.959 68843 INFO tempest.lib.common.dynamic_creds [-] Acquired dynamic creds: credentials: Credentials: {'domain_id': 'default', 'domain_name': 'Default', 'username': 'tempest-ServersAdmin275Test-1844452862-project-member', 'project_domain_id': 'default', 'project_domain_name': 'Default', 'project_id': '5b00f1d6e8d3409f8cc056b449cee391', 'project_name': 'tempest-ServersAdmin275Test-1844452862', 'tenant_id': '5b00f1d6e8d3409f8cc056b449cee391', 'tenant_name': 'tempest-ServersAdmin275Test-1844452862', 'user_domain_id': 'default', 'user_domain_name': 'Default', 'user_id': '78dbddb954394559a736483c6feacce2', 'system': None}, Network: None, Subnet: None, Router: None
2025-04-16 21:26:32.961 68843 INFO tempest.lib.common.dynamic_creds [-] Created isolated network resources for: credentials: Credentials: {'domain_id': 'default', 'domain_name': 'Default', 'username': 'tempest-ServersAdmin275Test-1844452862-project-member', 'project_domain_id': 'default', 'project_domain_name': 'Default', 'project_id': '5b00f1d6e8d3409f8cc056b449cee391', 'project_name': 'tempest-ServersAdmin275Test-1844452862', 'tenant_id': '5b00f1d6e8d3409f8cc056b449cee391', 'tenant_name': 'tempest-ServersAdmin275Test-1844452862', 'user_domain_id': 'default', 'user_domain_name': 'Default', 'user_id': '78dbddb954394559a736483c6feacce2', 'system': None}, Network: None, Subnet: None, Router: None
2025-04-16 21:26:33.038 68861 INFO tempest.lib.common.rest_client [req-e7cb5422-69b8-4918-9535-3d4110f0e8e3 req-e7cb5422-69b8-4918-9535-3d4110f0e8e3 ] Request (SecurityGroupsTestAdminJSON:test_list_security_groups_list_all_tenants_filter): 200 POST http://10.180.1.21/compute/v2.1/os-security-groups 3.610s
2025-04-16 21:26:33.040 68883 INFO tempest.lib.common.rest_client [req-7c092666-2b65-44c5-b56a-45d8376a5497 req-7c092666-2b65-44c5-b56a-45d8376a5497 ] Request (FloatingIPDetailsNegativeTestJSON:test_get_nonexistent_floating_ip_details): 404 GET http://10.180.1.21/compute/v2.1/os-floating-ips/45b57c63-3a83-485d-b058-650928832326 3.262s
2025-04-16 21:26:33.065 68875 INFO tempest.lib.common.rest_client [req-2bd97eac-b309-4fc1-8c5c-309e2ce7cecf req-2bd97eac-b309-4fc1-8c5c-309e2ce7cecf ] Request (InstanceUsageAuditLogNegativeTestJSON:tearDownClass): 204 DELETE http://10.180.1.21:9696/networking/v2.0/security-groups/dd80452e-af4c-4917-b318-7a3d84b84373 0.385s
2025-04-16 21:26:33.093 68843 INFO tempest.lib.common.rest_client [req-125a290f-9513-467a-9971-b10a3f5c7f1f req-125a290f-9513-467a-9971-b10a3f5c7f1f ] Request (ServersAdmin275Test:setUpClass): 201 POST http://10.180.1.21/identity/v3/auth/tokens 0.125s
2025-04-16 21:26:33.095 68841 INFO tempest.lib.common.rest_client [req-db434eeb-bbd8-4ba2-a2ff-dc10d71e5bcc req-db434eeb-bbd8-4ba2-a2ff-dc10d71e5bcc ] Request (ServerActionsV293TestJSON:setUpClass): 202 POST http://10.180.1.21/volume/v3/b8e068f9c390406892fe822978985780/volumes 0.568s
2025-04-16 21:26:33.119 68869 INFO tempest.lib.common.rest_client [req-60e89c24-8aab-405a-a1d5-b463f7ba4de5 req-60e89c24-8aab-405a-a1d5-b463f7ba4de5 ] Request (AZAdminNegativeTestJSON:tearDownClass): 200 GET http://10.180.1.21:9696/networking/v2.0/security-groups?tenant_id=991d405b467b4aadbfdcba313cf755bf&name=default 0.348s
2025-04-16 21:26:33.180 68851 INFO tempest.lib.common.rest_client [req-3e7d0c4f-5316-4b15-9393-ded0c85bc685 req-3e7d0c4f-5316-4b15-9393-ded0c85bc685 ] Request (FlavorsExtraSpecsTestJSON:test_flavor_non_admin_get_all_keys): 200 GET http://10.180.1.21/compute/v2.1/flavors/278066209/os-extra_specs 3.357s
2025-04-16 21:26:33.191 68841 INFO tempest.lib.common.rest_client [req-8127a6dd-6919-4e11-b167-414d6573f263 req-8127a6dd-6919-4e11-b167-414d6573f263 ] Request (ServerActionsV293TestJSON:setUpClass): 200 GET http://10.180.1.21/volume/v3/b8e068f9c390406892fe822978985780/volumes/7451f85f-ba63-4b63-8e08-4ec8061213ed 0.078s
2025-04-16 21:26:33.227 68847 INFO tempest.lib.common.rest_client [req-f0aa7744-2c73-421d-8413-d8a3c9afe844 req-f0aa7744-2c73-421d-8413-d8a3c9afe844 ] Request (ServersWithSpecificFlavorTestJSON:setUpClass): 200 PUT http://10.180.1.21:9696/networking/v2.0/routers/081f40d6-cce8-43da-8c9a-a9d97cb2b04c/add_router_interface 2.059s
2025-04-16 21:26:33.227 68847 INFO tempest.lib.common.dynamic_creds [-] Created isolated network resources for: credentials: Credentials: {'domain_id': 'default', 'domain_name': 'Default', 'username': 'tempest-ServersWithSpecificFlavorTestJSON-942678794-project-admin', 'project_domain_id': 'default', 'project_domain_name': 'Default', 'project_id': '7fd7bdb7f5a14eec9cf1617bf90992da', 'project_name': 'tempest-ServersWithSpecificFlavorTestJSON-942678794', 'tenant_id': '7fd7bdb7f5a14eec9cf1617bf90992da', 'tenant_name': 'tempest-ServersWithSpecificFlavorTestJSON-942678794', 'user_domain_id': 'default', 'user_domain_name': 'Default', 'user_id': 'd4d5898a117c4312827bf2492e6da9e4', 'system': None}, Network: {'id': 'dbb9d43d-ff97-4e81-b0b3-909d38cb2e70', 'name': 'tempest-ServersWithSpecificFlavorTestJSON-350257340-network', 'tenant_id': '7fd7bdb7f5a14eec9cf1617bf90992da', 'admin_state_up': True, 'mtu': 8950, 'status': 'ACTIVE', 'subnets': [], 'shared': False, 'project_id': '7fd7bdb7f5a14eec9cf1617bf90992da', 'port_security_enabled': True, 'router:external': False, 'provider:network_type': 'vlan', 'provider:physical_network': 'default', 'provider:segmentation_id': 525, 'is_default': False, 'availability_zone_hints': [], 'availability_zones': [], 'ipv4_address_scope': None, 'ipv6_address_scope': None, 'description': '', 'tags': [], 'created_at': '2025-04-16T21:26:28Z', 'updated_at': '2025-04-16T21:26:28Z', 'revision_number': 1}, Subnet: {'id': '4e9df418-e084-4946-85d2-3aa30e23d4e6', 'name': 'tempest-ServersWithSpecificFlavorTestJSON-350257340-subnet', 'tenant_id': '7fd7bdb7f5a14eec9cf1617bf90992da', 'network_id': 'dbb9d43d-ff97-4e81-b0b3-909d38cb2e70', 'ip_version': 4, 'subnetpool_id': None, 'enable_dhcp': True, 'ipv6_ra_mode': None, 'ipv6_address_mode': None, 'gateway_ip': '192.168.128.1', 'cidr': '192.168.128.0/28', 'allocation_pools': [{'start': '192.168.128.2', 'end': '192.168.128.14'}], 'host_routes': [], 'dns_nameservers': [], 'description': '', 'service_types': [], 'tags': [], 'created_at': '2025-04-16T21:26:28Z', 'updated_at': '2025-04-16T21:26:28Z', 'revision_number': 0, 'project_id': '7fd7bdb7f5a14eec9cf1617bf90992da'}, Router: {'id': '081f40d6-cce8-43da-8c9a-a9d97cb2b04c', 'name': 'tempest-ServersWithSpecificFlavorTestJSON-350257340-router', 'tenant_id': '7fd7bdb7f5a14eec9cf1617bf90992da', 'admin_state_up': True, 'status': 'ACTIVE', 'external_gateway_info': {'network_id': '545f6e42-7d78-439e-b25c-7c4db313365c', 'external_fixed_ips': [{'subnet_id': 'fe58fa59-6df9-419a-89ff-57e00a00ecd1', 'ip_address': '10.180.180.187'}], 'enable_snat': True}, 'description': '', 'availability_zones': [], 'distributed': False, 'ha': False, 'availability_zone_hints': [], 'routes': [], 'flavor_id': None, 'tags': [], 'created_at': '2025-04-16T21:26:29Z', 'updated_at': '2025-04-16T21:26:30Z', 'revision_number': 2, 'project_id': '7fd7bdb7f5a14eec9cf1617bf90992da'}
2025-04-16 21:26:33.254 68843 INFO tempest.lib.common.rest_client [req-deb7acd7-aee6-477e-8799-3e254b546e6a req-deb7acd7-aee6-477e-8799-3e254b546e6a ] Request (ServersAdmin275Test:setUpClass): 201 POST http://10.180.1.21/identity/v3/projects 0.160s
2025-04-16 21:26:33.277 68875 INFO tempest.lib.common.rest_client [req-6fdf3513-7b85-4bac-808d-b3adfb3bf8d9 req-6fdf3513-7b85-4bac-808d-b3adfb3bf8d9 ] Request (InstanceUsageAuditLogNegativeTestJSON:tearDownClass): 204 DELETE http://10.180.1.21/identity/v3/projects/4dabec7b724b4890a35666acbce0ec61 0.211s
2025-04-16 21:26:33.277 68875 INFO tempest.lib.common.dynamic_creds [-] Deleting project and security group for project: bf041529858b454db4f1494749751f36
2025-04-16 21:26:33.377 68873 INFO tempest.lib.common.rest_client [req-409da162-e97a-4365-826b-7a4165e3ff2b req-409da162-e97a-4365-826b-7a4165e3ff2b ] Request (FlavorsAccessTestJSON:test_flavor_access_add_remove): 200 POST http://10.180.1.21/compute/v2.1/flavors/1830687885/action 3.589s
2025-04-16 21:26:33.380 68855 INFO tempest.lib.common.rest_client [req-5c10707c-8cd9-4c42-a246-1d6485989d21 req-5c10707c-8cd9-4c42-a246-1d6485989d21 ] Request (HypervisorAdminNegativeTestJSON:test_get_hypervisor_list_with_non_admin_user): 403 GET http://10.180.1.21/compute/v2.1/os-hypervisors 3.220s
2025-04-16 21:26:33.428 68875 INFO tempest.lib.common.rest_client [req-33a73701-870b-444e-92ca-130c9afff472 req-33a73701-870b-444e-92ca-130c9afff472 ] Request (InstanceUsageAuditLogNegativeTestJSON:tearDownClass): 200 GET http://10.180.1.21:9696/networking/v2.0/security-groups?tenant_id=bf041529858b454db4f1494749751f36&name=default 0.151s
2025-04-16 21:26:33.459 68843 INFO tempest.lib.common.rest_client [req-bd2cd117-9628-452c-8072-3143a116c0e4 req-bd2cd117-9628-452c-8072-3143a116c0e4 ] Request (ServersAdmin275Test:setUpClass): 201 POST http://10.180.1.21/identity/v3/users 0.204s
2025-04-16 21:26:33.532 68875 INFO tempest.lib.common.rest_client [req-b3abb35d-40b2-49a4-adab-812046a14c3b req-b3abb35d-40b2-49a4-adab-812046a14c3b ] Request (InstanceUsageAuditLogNegativeTestJSON:tearDownClass): 204 DELETE http://10.180.1.21:9696/networking/v2.0/security-groups/8228eecb-5a00-42c9-ab3b-82f1ba4ed51b 0.103s
2025-04-16 21:26:33.546 68869 INFO tempest.lib.common.rest_client [req-03b4a5c7-64a2-45d7-a3df-61973ca99e0f req-03b4a5c7-64a2-45d7-a3df-61973ca99e0f ] Request (AZAdminNegativeTestJSON:tearDownClass): 204 DELETE http://10.180.1.21:9696/networking/v2.0/security-groups/fd3589da-885b-40ba-8fa1-efb9bdb85e31 0.427s
2025-04-16 21:26:33.552 68847 INFO tempest.lib.common.rest_client [req-b40bfb8a-62e4-4ea6-b9ef-8d6055e37814 req-b40bfb8a-62e4-4ea6-b9ef-8d6055e37814 ] Request (ServersWithSpecificFlavorTestJSON:setUpClass): 201 POST http://10.180.1.21/identity/v3/auth/tokens 0.269s
2025-04-16 21:26:33.578 68843 INFO tempest.lib.common.rest_client [req-f613e8a1-2b54-42b7-a3c9-13f395c1e260 req-f613e8a1-2b54-42b7-a3c9-13f395c1e260 ] Request (ServersAdmin275Test:setUpClass): 200 GET http://10.180.1.21/identity/v3/roles 0.118s
2025-04-16 21:26:33.660 68875 INFO tempest.lib.common.rest_client [req-341b7861-06df-4659-a22f-9140eb628156 req-341b7861-06df-4659-a22f-9140eb628156 ] Request (InstanceUsageAuditLogNegativeTestJSON:tearDownClass): 204 DELETE http://10.180.1.21/identity/v3/projects/bf041529858b454db4f1494749751f36 0.128s
2025-04-16 21:26:33.673 68869 INFO tempest.lib.common.rest_client [req-ab58568f-cc48-4e2c-ad77-98c44b32a0a3 req-ab58568f-cc48-4e2c-ad77-98c44b32a0a3 ] Request (AZAdminNegativeTestJSON:tearDownClass): 204 DELETE http://10.180.1.21/identity/v3/projects/991d405b467b4aadbfdcba313cf755bf 0.125s
2025-04-16 21:26:33.673 68869 INFO tempest.lib.common.dynamic_creds [-] Deleting project and security group for project: 09a7d33dfba54021aec6e07b4f57323e
2025-04-16 21:26:33.770 68843 INFO tempest.lib.common.rest_client [req-127cb118-d232-4a76-81f6-04fe26e91bd3 req-127cb118-d232-4a76-81f6-04fe26e91bd3 ] Request (ServersAdmin275Test:setUpClass): 204 PUT http://10.180.1.21/identity/v3/projects/2cc422b78fda49e286148b40e0a84770/users/a0cf04f419da478d8a54ea31aa3f82c3/roles/ad98f9cbf9a2488c8bf505a586e56122 0.192s
2025-04-16 21:26:33.796 68869 INFO tempest.lib.common.rest_client [req-48e45063-c491-4312-8ba9-e0c2c5d4b83a req-48e45063-c491-4312-8ba9-e0c2c5d4b83a ] Request (AZAdminNegativeTestJSON:tearDownClass): 200 GET http://10.180.1.21:9696/networking/v2.0/security-groups?tenant_id=09a7d33dfba54021aec6e07b4f57323e&name=default 0.123s
2025-04-16 21:26:33.829 68875 INFO tempest.lib.common.rest_client [req-c3585682-64c0-4219-b53f-a1d92dd88352 req-c3585682-64c0-4219-b53f-a1d92dd88352 ] Request (KeyPairsV210TestJSON:setUpClass): 201 POST http://10.180.1.21/identity/v3/auth/tokens 0.167s
2025-04-16 21:26:33.839 68885 INFO tempest.lib.common.rest_client [req-040d4aab-acf5-4058-b444-57318cda74e3 req-040d4aab-acf5-4058-b444-57318cda74e3 ] Request (QuotasAdminTestV236:test_get_updated_quotas): 200 PUT http://10.180.1.21/compute/v2.1/os-quota-sets/50e7d63b4c964196976657a8e734c1d2 3.701s
2025-04-16 21:26:33.863 68875 INFO tempest.lib.common.rest_client [req-fa2384b2-b231-4ded-b824-61d0c63b7ba9 req-fa2384b2-b231-4ded-b824-61d0c63b7ba9 ] Request (KeyPairsV210TestJSON:setUpClass): 201 POST http://10.180.1.21/identity/v3/auth/tokens 0.031s
2025-04-16 21:26:33.867 68843 INFO tempest.lib.common.rest_client [req-8632fa53-68f9-4e2a-bd6e-3323b0a4ff0d req-8632fa53-68f9-4e2a-bd6e-3323b0a4ff0d ] Request (ServersAdmin275Test:setUpClass): 200 GET http://10.180.1.21/identity/v3/roles 0.096s
2025-04-16 21:26:33.898 68875 INFO tempest.lib.common.rest_client [req-1c938bb3-d2ec-4986-a6c8-adbe13f9c66f req-1c938bb3-d2ec-4986-a6c8-adbe13f9c66f ] Request (KeyPairsV210TestJSON:setUpClass): 200 GET http://10.180.1.21/identity/v3/domains?name=Default 0.034s
2025-04-16 21:26:33.922 68843 INFO tempest.lib.common.rest_client [req-8ceafc2f-d1af-4a5b-93b1-72651d628a82 req-8ceafc2f-d1af-4a5b-93b1-72651d628a82 ] Request (ServersAdmin275Test:setUpClass): 204 PUT http://10.180.1.21/identity/v3/projects/2cc422b78fda49e286148b40e0a84770/users/a0cf04f419da478d8a54ea31aa3f82c3/roles/ad98f9cbf9a2488c8bf505a586e56122 0.054s
2025-04-16 21:26:33.922 68843 INFO tempest.lib.common.dynamic_creds [-] Dynamic test user a0cf04f419da478d8a54ea31aa3f82c3 is created with scope project and roles: ['admin']
2025-04-16 21:26:33.922 68843 INFO tempest.lib.common.dynamic_creds [-] Acquired dynamic creds: credentials: Credentials: {'domain_id': 'default', 'domain_name': 'Default', 'username': 'tempest-ServersAdmin275Test-782554608-project-admin', 'project_domain_id': 'default', 'project_domain_name': 'Default', 'project_id': '2cc422b78fda49e286148b40e0a84770', 'project_name': 'tempest-ServersAdmin275Test-782554608', 'tenant_id': '2cc422b78fda49e286148b40e0a84770', 'tenant_name': 'tempest-ServersAdmin275Test-782554608', 'user_domain_id': 'default', 'user_domain_name': 'Default', 'user_id': 'a0cf04f419da478d8a54ea31aa3f82c3', 'system': None}, Network: None, Subnet: None, Router: None
2025-04-16 21:26:33.922 68843 INFO tempest.lib.common.dynamic_creds [-] Created isolated network resources for: credentials: Credentials: {'domain_id': 'default', 'domain_name': 'Default', 'username': 'tempest-ServersAdmin275Test-782554608-project-admin', 'project_domain_id': 'default', 'project_domain_name': 'Default', 'project_id': '2cc422b78fda49e286148b40e0a84770', 'project_name': 'tempest-ServersAdmin275Test-782554608', 'tenant_id': '2cc422b78fda49e286148b40e0a84770', 'tenant_name': 'tempest-ServersAdmin275Test-782554608', 'user_domain_id': 'default', 'user_domain_name': 'Default', 'user_id': 'a0cf04f419da478d8a54ea31aa3f82c3', 'system': None}, Network: None, Subnet: None, Router: None
2025-04-16 21:26:33.997 68875 INFO tempest.lib.common.rest_client [req-83b002a0-9a1e-43d6-8a33-eef949116eae req-83b002a0-9a1e-43d6-8a33-eef949116eae ] Request (KeyPairsV210TestJSON:setUpClass): 201 POST http://10.180.1.21/identity/v3/projects 0.099s
2025-04-16 21:26:34.010 68869 INFO tempest.lib.common.rest_client [req-a8e9d8ad-a90d-49f1-b7c2-a34865d2d5f9 req-a8e9d8ad-a90d-49f1-b7c2-a34865d2d5f9 ] Request (AZAdminNegativeTestJSON:tearDownClass): 204 DELETE http://10.180.1.21:9696/networking/v2.0/security-groups/e21e8da6-0481-4fb5-87bc-4a57993acbf7 0.213s
2025-04-16 21:26:34.042 68843 INFO tempest.lib.common.rest_client [req-dbac916f-8da8-4f68-a7e2-8f55641aaead req-dbac916f-8da8-4f68-a7e2-8f55641aaead ] Request (ServersAdmin275Test:setUpClass): 201 POST http://10.180.1.21/identity/v3/auth/tokens 0.116s
2025-04-16 21:26:34.057 68875 INFO tempest.lib.common.rest_client [req-ddeba506-1c5f-4d80-9453-03749f4f6956 req-ddeba506-1c5f-4d80-9453-03749f4f6956 ] Request (KeyPairsV210TestJSON:setUpClass): 201 POST http://10.180.1.21/identity/v3/users 0.059s
2025-04-16 21:26:34.099 68869 INFO tempest.lib.common.rest_client [req-4b8d55b3-2813-4039-ac8c-7a44172723c8 req-4b8d55b3-2813-4039-ac8c-7a44172723c8 ] Request (AZAdminNegativeTestJSON:tearDownClass): 204 DELETE http://10.180.1.21/identity/v3/projects/09a7d33dfba54021aec6e07b4f57323e 0.089s
2025-04-16 21:26:34.105 68843 INFO tempest.lib.common.rest_client [req-be3327c5-1e64-4844-854a-0fbdeb4c53c0 req-be3327c5-1e64-4844-854a-0fbdeb4c53c0 ] Request (ServersAdmin275Test:test_rebuild_update_server_275): 201 POST http://10.180.1.21/identity/v3/auth/tokens 0.059s
2025-04-16 21:26:34.106 68843 INFO tempest.lib.common.fixed_network [-] (ServersAdmin275Test:test_rebuild_update_server_275) Found network None available for tenant
2025-04-16 21:26:34.148 68875 INFO tempest.lib.common.rest_client [req-fb372276-9e20-489e-ac24-3aa898292959 req-fb372276-9e20-489e-ac24-3aa898292959 ] Request (KeyPairsV210TestJSON:setUpClass): 200 GET http://10.180.1.21/identity/v3/roles 0.091s
2025-04-16 21:26:34.159 68869 INFO tempest.lib.common.rest_client [req-71592906-5dfb-4133-9d6c-3d5aa8dedd06 req-71592906-5dfb-4133-9d6c-3d5aa8dedd06 ] Request (ServerDiskConfigTestJSON:setUpClass): 201 POST http://10.180.1.21/identity/v3/auth/tokens 0.058s
2025-04-16 21:26:34.178 68875 INFO tempest.lib.common.rest_client [req-fc5e8da7-7e03-4698-889a-8c1e13df72e1 req-fc5e8da7-7e03-4698-889a-8c1e13df72e1 ] Request (KeyPairsV210TestJSON:setUpClass): 204 PUT http://10.180.1.21/identity/v3/projects/c06b22cf56ad465f9112f491871d007d/users/497cd29295404a379e9bd6ca371fe67c/roles/a8452c997ae942ccab3ee19d69970e0b 0.029s
2025-04-16 21:26:34.178 68875 INFO tempest.lib.common.dynamic_creds [-] Dynamic test user 497cd29295404a379e9bd6ca371fe67c is created with scope project and roles: ['member']
2025-04-16 21:26:34.179 68875 INFO tempest.lib.common.dynamic_creds [-] Acquired dynamic creds: credentials: Credentials: {'domain_id': 'default', 'domain_name': 'Default', 'username': 'tempest-KeyPairsV210TestJSON-183097432-project-member', 'project_domain_id': 'default', 'project_domain_name': 'Default', 'project_id': 'c06b22cf56ad465f9112f491871d007d', 'project_name': 'tempest-KeyPairsV210TestJSON-183097432', 'tenant_id': 'c06b22cf56ad465f9112f491871d007d', 'tenant_name': 'tempest-KeyPairsV210TestJSON-183097432', 'user_domain_id': 'default', 'user_domain_name': 'Default', 'user_id': '497cd29295404a379e9bd6ca371fe67c', 'system': None}, Network: None, Subnet: None, Router: None
2025-04-16 21:26:34.179 68875 INFO tempest.lib.common.dynamic_creds [-] Created isolated network resources for: credentials: Credentials: {'domain_id': 'default', 'domain_name': 'Default', 'username': 'tempest-KeyPairsV210TestJSON-183097432-project-member', 'project_domain_id': 'default', 'project_domain_name': 'Default', 'project_id': 'c06b22cf56ad465f9112f491871d007d', 'project_name': 'tempest-KeyPairsV210TestJSON-183097432', 'tenant_id': 'c06b22cf56ad465f9112f491871d007d', 'tenant_name': 'tempest-KeyPairsV210TestJSON-183097432', 'user_domain_id': 'default', 'user_domain_name': 'Default', 'user_id': '497cd29295404a379e9bd6ca371fe67c', 'system': None}, Network: None, Subnet: None, Router: None
2025-04-16 21:26:34.224 68869 INFO tempest.lib.common.rest_client [req-03302cd1-bef2-4ae8-8251-3d293612e377 req-03302cd1-bef2-4ae8-8251-3d293612e377 ] Request (ServerDiskConfigTestJSON:setUpClass): 201 POST http://10.180.1.21/identity/v3/auth/tokens 0.063s
2025-04-16 21:26:34.244 68869 INFO tempest.lib.common.rest_client [req-7e9dad21-2f2f-4a64-b32c-844dd41880d3 req-7e9dad21-2f2f-4a64-b32c-844dd41880d3 ] Request (ServerDiskConfigTestJSON:setUpClass): 200 GET http://10.180.1.21/identity/v3/domains?name=Default 0.020s
2025-04-16 21:26:34.246 68841 INFO tempest.lib.common.rest_client [req-fd016810-0529-4422-bfef-f808320b3ddd req-fd016810-0529-4422-bfef-f808320b3ddd ] Request (ServerActionsV293TestJSON:setUpClass): 200 GET http://10.180.1.21/volume/v3/b8e068f9c390406892fe822978985780/volumes/7451f85f-ba63-4b63-8e08-4ec8061213ed 0.040s
2025-04-16 21:26:34.255 68881 INFO tempest.lib.common.rest_client [req-039aa364-08fe-4131-888a-0bd04a925600 req-039aa364-08fe-4131-888a-0bd04a925600 ] Request (SecurityGroupsTestJSON:test_list_security_groups_by_server): 200 POST http://10.180.1.21/compute/v2.1/os-security-groups 3.953s
2025-04-16 21:26:34.255 68875 INFO tempest.lib.common.rest_client [req-7482d6e1-e5a4-4a6c-a700-e4e50975a97f req-7482d6e1-e5a4-4a6c-a700-e4e50975a97f ] Request (KeyPairsV210TestJSON:setUpClass): 201 POST http://10.180.1.21/identity/v3/auth/tokens 0.071s
2025-04-16 21:26:34.274 68869 INFO tempest.lib.common.rest_client [req-21e10d69-581b-4378-a429-986a588eb9ce req-21e10d69-581b-4378-a429-986a588eb9ce ] Request (ServerDiskConfigTestJSON:setUpClass): 201 POST http://10.180.1.21/identity/v3/projects 0.029s
2025-04-16 21:26:34.284 68839 INFO tempest.lib.common.rest_client [req-218ee9cc-9e98-410d-b271-f122af215434 req-218ee9cc-9e98-410d-b271-f122af215434 ] Request (AggregatesAdminNegativeTestJSON:test_aggregate_add_existent_host): 200 POST http://10.180.1.21/compute/v2.1/os-aggregates 3.662s
2025-04-16 21:26:34.292 68875 INFO tempest.lib.common.rest_client [req-80446f71-d02c-4e03-b131-6219322cebb2 req-80446f71-d02c-4e03-b131-6219322cebb2 ] Request (KeyPairsV210TestJSON:setUpClass): 201 POST http://10.180.1.21/identity/v3/projects 0.036s
2025-04-16 21:26:34.375 68869 INFO tempest.lib.common.rest_client [req-6e084042-e3a7-4137-a40d-04d6cc0681b4 req-6e084042-e3a7-4137-a40d-04d6cc0681b4 ] Request (ServerDiskConfigTestJSON:setUpClass): 201 POST http://10.180.1.21/identity/v3/users 0.099s
2025-04-16 21:26:34.402 68875 INFO tempest.lib.common.rest_client [req-e9b973d1-51ed-4624-9fcf-63abc649644b req-e9b973d1-51ed-4624-9fcf-63abc649644b ] Request (KeyPairsV210TestJSON:setUpClass): 201 POST http://10.180.1.21/identity/v3/users 0.109s
2025-04-16 21:26:34.411 68857 INFO tempest.lib.common.rest_client [req-99ca309e-0cc6-4f4d-9982-ec23970922a8 req-99ca309e-0cc6-4f4d-9982-ec23970922a8 ] Request (FlavorsAccessNegativeTestJSON:test_add_flavor_access_duplicate): 200 POST http://10.180.1.21/compute/v2.1/flavors 3.766s
2025-04-16 21:26:34.412 68869 INFO tempest.lib.common.rest_client [req-deb8a987-8346-40b5-a654-8d32a8134449 req-deb8a987-8346-40b5-a654-8d32a8134449 ] Request (ServerDiskConfigTestJSON:setUpClass): 200 GET http://10.180.1.21/identity/v3/roles 0.036s
2025-04-16 21:26:34.431 68875 INFO tempest.lib.common.rest_client [req-4c2b94cd-9b57-4ca4-a16d-02347ee04703 req-4c2b94cd-9b57-4ca4-a16d-02347ee04703 ] Request (KeyPairsV210TestJSON:setUpClass): 200 GET http://10.180.1.21/identity/v3/roles 0.028s
2025-04-16 21:26:34.434 68871 INFO tempest.lib.common.rest_client [req-35a20c00-c721-4cf3-93de-0c7b2d3b4b06 req-35a20c00-c721-4cf3-93de-0c7b2d3b4b06 ] Request (FlavorsAdminTestJSON:_run_cleanups): 202 DELETE http://10.180.1.21/compute/v2.1/flavors/2078508778 3.537s
2025-04-16 21:26:34.444 68869 INFO tempest.lib.common.rest_client [req-20f168fa-f7ee-4673-979f-02a10b086f41 req-20f168fa-f7ee-4673-979f-02a10b086f41 ] Request (ServerDiskConfigTestJSON:setUpClass): 204 PUT http://10.180.1.21/identity/v3/projects/290427ab03f446ce9297ea393c083ff9/users/d34e5361b36c4dc5824b0f42a37e6bb8/roles/a8452c997ae942ccab3ee19d69970e0b 0.032s
2025-04-16 21:26:34.444 68869 INFO tempest.lib.common.dynamic_creds [-] Dynamic test user d34e5361b36c4dc5824b0f42a37e6bb8 is created with scope project and roles: ['member']
2025-04-16 21:26:34.445 68869 INFO tempest.lib.common.dynamic_creds [-] Acquired dynamic creds: credentials: Credentials: {'domain_id': 'default', 'domain_name': 'Default', 'username': 'tempest-ServerDiskConfigTestJSON-670880793-project-member', 'project_domain_id': 'default', 'project_domain_name': 'Default', 'project_id': '290427ab03f446ce9297ea393c083ff9', 'project_name': 'tempest-ServerDiskConfigTestJSON-670880793', 'tenant_id': '290427ab03f446ce9297ea393c083ff9', 'tenant_name': 'tempest-ServerDiskConfigTestJSON-670880793', 'user_domain_id': 'default', 'user_domain_name': 'Default', 'user_id': 'd34e5361b36c4dc5824b0f42a37e6bb8', 'system': None}, Network: None, Subnet: None, Router: None
2025-04-16 21:26:34.496 68875 INFO tempest.lib.common.rest_client [req-16c7a0a6-ad68-499c-97d1-6378428345a0 req-16c7a0a6-ad68-499c-97d1-6378428345a0 ] Request (KeyPairsV210TestJSON:setUpClass): 204 PUT http://10.180.1.21/identity/v3/projects/7e28865e76694edba799d758a2c5b4f5/users/573115a706c24aeeae8d8f20f77c7136/roles/ad98f9cbf9a2488c8bf505a586e56122 0.064s
2025-04-16 21:26:34.511 68863 INFO tempest.lib.common.rest_client [req-28aa34c1-bc67-48de-a95c-e4e0e8218050 req-28aa34c1-bc67-48de-a95c-e4e0e8218050 ] Request (MigrationsAdminTest:test_list_migrations_in_flavor_resize_situation): 202 POST http://10.180.1.21/compute/v2.1/servers 3.933s
2025-04-16 21:26:34.571 68869 INFO tempest.lib.common.rest_client [req-de15d1d0-4698-4c2e-ad0f-1800a784f8a0 req-de15d1d0-4698-4c2e-ad0f-1800a784f8a0 ] Request (ServerDiskConfigTestJSON:setUpClass): 201 POST http://10.180.1.21/identity/v3/auth/tokens 0.126s
2025-04-16 21:26:34.587 68875 INFO tempest.lib.common.rest_client [req-eca6e250-b0ee-45b1-b750-4357bc7d8753 req-eca6e250-b0ee-45b1-b750-4357bc7d8753 ] Request (KeyPairsV210TestJSON:setUpClass): 200 GET http://10.180.1.21/identity/v3/roles 0.091s
2025-04-16 21:26:34.609 68875 INFO tempest.lib.common.rest_client [req-96cc7e2c-2be9-4c5b-adf1-c36bdf66c765 req-96cc7e2c-2be9-4c5b-adf1-c36bdf66c765 ] Request (KeyPairsV210TestJSON:setUpClass): 204 PUT http://10.180.1.21/identity/v3/projects/7e28865e76694edba799d758a2c5b4f5/users/573115a706c24aeeae8d8f20f77c7136/roles/ad98f9cbf9a2488c8bf505a586e56122 0.022s
2025-04-16 21:26:34.610 68875 INFO tempest.lib.common.dynamic_creds [-] Dynamic test user 573115a706c24aeeae8d8f20f77c7136 is created with scope project and roles: ['admin']
2025-04-16 21:26:34.610 68875 INFO tempest.lib.common.dynamic_creds [-] Acquired dynamic creds: credentials: Credentials: {'domain_id': 'default', 'domain_name': 'Default', 'username': 'tempest-KeyPairsV210TestJSON-1670080159-project-admin', 'project_domain_id': 'default', 'project_domain_name': 'Default', 'project_id': '7e28865e76694edba799d758a2c5b4f5', 'project_name': 'tempest-KeyPairsV210TestJSON-1670080159', 'tenant_id': '7e28865e76694edba799d758a2c5b4f5', 'tenant_name': 'tempest-KeyPairsV210TestJSON-1670080159', 'user_domain_id': 'default', 'user_domain_name': 'Default', 'user_id': '573115a706c24aeeae8d8f20f77c7136', 'system': None}, Network: None, Subnet: None, Router: None
2025-04-16 21:26:34.610 68875 INFO tempest.lib.common.dynamic_creds [-] Created isolated network resources for: credentials: Credentials: {'domain_id': 'default', 'domain_name': 'Default', 'username': 'tempest-KeyPairsV210TestJSON-1670080159-project-admin', 'project_domain_id': 'default', 'project_domain_name': 'Default', 'project_id': '7e28865e76694edba799d758a2c5b4f5', 'project_name': 'tempest-KeyPairsV210TestJSON-1670080159', 'tenant_id': '7e28865e76694edba799d758a2c5b4f5', 'tenant_name': 'tempest-KeyPairsV210TestJSON-1670080159', 'user_domain_id': 'default', 'user_domain_name': 'Default', 'user_id': '573115a706c24aeeae8d8f20f77c7136', 'system': None}, Network: None, Subnet: None, Router: None
2025-04-16 21:26:34.728 68875 INFO tempest.lib.common.rest_client [req-82d9e231-d1a0-45cc-b0fe-8f8e97af5e69 req-82d9e231-d1a0-45cc-b0fe-8f8e97af5e69 ] Request (KeyPairsV210TestJSON:setUpClass): 201 POST http://10.180.1.21/identity/v3/auth/tokens 0.115s
2025-04-16 21:26:34.947 68853 INFO tempest.lib.common.rest_client [req-d4386b6e-e3ab-458a-a1f0-dda69cfd8364 req-d4386b6e-e3ab-458a-a1f0-dda69cfd8364 ] Request (NetworksTest:test_list_all_networks): 200 GET http://10.180.1.21/compute/v2.1/os-networks 3.996s
2025-04-16 21:26:34.985 68849 INFO tempest.lib.common.rest_client [req-a9ff8208-e58c-4ed0-92bc-627b60ac3e3f req-a9ff8208-e58c-4ed0-92bc-627b60ac3e3f ] Request (HypervisorAdminV253TestBase:test_list_show_detail_hypervisors): 200 GET http://10.180.1.21/compute/v2.1/os-hypervisors/00d803b3-09f1-4a26-8896-bee0c6f9c5dd 4.024s
2025-04-16 21:26:35.076 68853 INFO tempest.lib.common.rest_client [req-a9a6b287-ae1a-4f78-a2de-9a49d2cb63c6 req-a9a6b287-ae1a-4f78-a2de-9a49d2cb63c6 ] Request (NetworksTest:tearDownClass): 204 DELETE http://10.180.1.21/identity/v3/users/965cff4936054c1ab644c112d0bdcff7 0.127s
2025-04-16 21:26:35.080 68869 INFO tempest.lib.common.rest_client [req-3573a404-f6e0-4fdd-9217-faa81af8172b req-3573a404-f6e0-4fdd-9217-faa81af8172b ] Request (ServerDiskConfigTestJSON:setUpClass): 201 POST http://10.180.1.21:9696/networking/v2.0/networks 0.509s
2025-04-16 21:26:35.202 68877 INFO tempest.lib.common.rest_client [req-98e7259f-f42b-4492-87de-714e189adf72 req-98e7259f-f42b-4492-87de-714e189adf72 ] Request (FlavorsV261TestJSON:test_crud_flavor): 200 GET http://10.180.1.21/compute/v2.1/flavors/1560664606 4.103s
2025-04-16 21:26:35.229 68849 INFO tempest.lib.common.rest_client [req-ad0d7764-88cb-45f3-ab39-e4386cacb437 req-ad0d7764-88cb-45f3-ab39-e4386cacb437 ] Request (HypervisorAdminV253TestBase:tearDownClass): 204 DELETE http://10.180.1.21/identity/v3/users/71aafed2a00e4d90a75f13b282919868 0.226s
2025-04-16 21:26:35.274 68853 INFO tempest.lib.common.rest_client [req-176164ad-7e9d-46ef-8801-2aab4112286d req-176164ad-7e9d-46ef-8801-2aab4112286d ] Request (NetworksTest:tearDownClass): 204 DELETE http://10.180.1.21/identity/v3/users/77aab7af405741f890930b1a1c9eb51d 0.197s
2025-04-16 21:26:35.274 68853 INFO tempest.lib.common.dynamic_creds [-] Deleting project and security group for project: 6cbe28f0f07242b689d0e4e9f875b878
2025-04-16 21:26:35.315 68841 INFO tempest.lib.common.rest_client [req-0f728e93-b03c-45ae-a0a0-e3ccebb4c355 req-0f728e93-b03c-45ae-a0a0-e3ccebb4c355 ] Request (ServerActionsV293TestJSON:setUpClass): 200 GET http://10.180.1.21/volume/v3/b8e068f9c390406892fe822978985780/volumes/7451f85f-ba63-4b63-8e08-4ec8061213ed 0.058s
2025-04-16 21:26:35.318 68888 INFO tempest.lib.common.rest_client [req-796aceb0-b907-418f-b75e-2bfaa18746b8 req-796aceb0-b907-418f-b75e-2bfaa18746b8 ] Request (FlavorMetadataValidation:test_flavor_update_with_custom_namespace): 200 POST http://10.180.1.21/compute/v2.1/flavors/537271698/os-extra_specs 3.975s
2025-04-16 21:26:35.331 68865 INFO tempest.lib.common.rest_client [req-eefe364c-e030-479c-9d58-918017ba14e2 req-eefe364c-e030-479c-9d58-918017ba14e2 ] Request (VolumesAssistedSnapshotsTest:setUpClass): 201 POST http://10.180.1.21:9696/networking/v2.0/routers 3.322s
2025-04-16 21:26:35.338 68867 INFO tempest.lib.common.rest_client [req-53eb5515-cc0f-45f2-8d60-f837ed56f645 req-53eb5515-cc0f-45f2-8d60-f837ed56f645 ] Request (ServerExternalEventsTest:test_create_server_external_events): 202 POST http://10.180.1.21/compute/v2.1/servers 4.402s
2025-04-16 21:26:35.355 68853 INFO tempest.lib.common.rest_client [req-fa250640-255d-4f19-b9f5-a656148dde32 req-fa250640-255d-4f19-b9f5-a656148dde32 ] Request (NetworksTest:tearDownClass): 201 POST http://10.180.1.21/identity/v3/auth/tokens 0.080s
2025-04-16 21:26:35.357 68899 INFO tempest.lib.common.rest_client [req-aee05c77-ae65-415c-b193-d074b6f4e36c req-aee05c77-ae65-415c-b193-d074b6f4e36c ] Request (InstanceUsageAuditLogTestJSON:test_list_instance_usage_audit_logs): 200 GET http://10.180.1.21/compute/v2.1/os-instance_usage_audit_log 3.731s
2025-04-16 21:26:35.431 68897 INFO tempest.lib.common.rest_client [req-92e03943-5f7f-4997-9042-ed9760e62dd1 req-92e03943-5f7f-4997-9042-ed9760e62dd1 ] Request (HypervisorAdminUnderV252Test:test_get_hypervisor_show_servers): 200 GET http://10.180.1.21/compute/v2.1/os-hypervisors/domain-c8.fc996f14-c53b-4953-92e3-bdfa48f5cc28/servers 3.701s
2025-04-16 21:26:35.473 68849 INFO tempest.lib.common.rest_client [req-ea809568-ba3c-46be-9254-f74bf60bcd7e req-ea809568-ba3c-46be-9254-f74bf60bcd7e ] Request (HypervisorAdminV253TestBase:tearDownClass): 204 DELETE http://10.180.1.21/identity/v3/users/3d8a37a866d444768a03f81cc3c87bd0 0.243s
2025-04-16 21:26:35.473 68849 INFO tempest.lib.common.dynamic_creds [-] Deleting project and security group for project: 6175b516fe464f82b34d3828238969d7
2025-04-16 21:26:35.643 68899 INFO tempest.lib.common.rest_client [req-9870f7e7-e3a4-437f-8ce9-1b013f85be6f req-9870f7e7-e3a4-437f-8ce9-1b013f85be6f ] Request (InstanceUsageAuditLogTestJSON:tearDownClass): 204 DELETE http://10.180.1.21/identity/v3/users/94560a1696ba4e2fb7c42ce98ab5d026 0.278s
2025-04-16 21:26:35.645 68893 INFO tempest.lib.common.rest_client [req-4aa38dc4-0714-4652-ac71-5dbb71e41782 req-4aa38dc4-0714-4652-ac71-5dbb71e41782 ] Request (FlavorsExtraSpecsNegativeTestJSON:test_flavor_get_nonexistent_key): 404 GET http://10.180.1.21/compute/v2.1/flavors/1147346626/os-extra_specs/hw:cpu_thread_policy 3.720s
2025-04-16 21:26:35.690 68889 INFO tempest.lib.common.rest_client [req-871f8809-0bfa-41f0-8468-b1c505e3b37f req-871f8809-0bfa-41f0-8468-b1c505e3b37f ] Request (AZAdminV2TestJSON:test_get_availability_zone_list_detail): 200 GET http://10.180.1.21/compute/v2.1/os-availability-zone/detail 3.759s
2025-04-16 21:26:35.751 68849 INFO tempest.lib.common.rest_client [req-be8bcd2c-6905-4b2a-a8c1-b4f95a9f2619 req-be8bcd2c-6905-4b2a-a8c1-b4f95a9f2619 ] Request (HypervisorAdminV253TestBase:tearDownClass): 201 POST http://10.180.1.21/identity/v3/auth/tokens 0.277s
2025-04-16 21:26:35.767 68869 INFO tempest.lib.common.rest_client [req-8185eb5d-3bbf-4b31-821a-d763636d8a09 req-8185eb5d-3bbf-4b31-821a-d763636d8a09 ] Request (ServerDiskConfigTestJSON:setUpClass): 201 POST http://10.180.1.21:9696/networking/v2.0/subnets 0.685s
2025-04-16 21:26:35.843 68899 INFO tempest.lib.common.rest_client [req-de967afd-617a-4016-9fd3-2a6c63813dc6 req-de967afd-617a-4016-9fd3-2a6c63813dc6 ] Request (InstanceUsageAuditLogTestJSON:tearDownClass): 204 DELETE http://10.180.1.21/identity/v3/users/c675af9d10ef4de88343213040780ebf 0.199s
2025-04-16 21:26:35.843 68899 INFO tempest.lib.common.dynamic_creds [-] Deleting project and security group for project: 98a75a4b28a44a9f9a329d107d278ce7
2025-04-16 21:26:35.886 68853 INFO tempest.lib.common.rest_client [req-2f78b9e2-5f92-44da-82a1-a057b37f9a2e req-2f78b9e2-5f92-44da-82a1-a057b37f9a2e ] Request (NetworksTest:tearDownClass): 200 GET http://10.180.1.21:9696/networking/v2.0/security-groups?tenant_id=6cbe28f0f07242b689d0e4e9f875b878&name=default 0.531s
2025-04-16 21:26:36.046 68889 INFO tempest.lib.common.rest_client [req-b4f58088-d8c6-470e-b051-4209508499c9 req-b4f58088-d8c6-470e-b051-4209508499c9 ] Request (AZAdminV2TestJSON:tearDownClass): 204 DELETE http://10.180.1.21/identity/v3/users/0b1c0c41ee8444259ac7c4766ce6e0d5 0.347s
2025-04-16 21:26:36.172 68899 INFO tempest.lib.common.rest_client [req-9acf9d6a-3c0e-4a85-87ad-1987176425fa req-9acf9d6a-3c0e-4a85-87ad-1987176425fa ] Request (InstanceUsageAuditLogTestJSON:tearDownClass): 201 POST http://10.180.1.21/identity/v3/auth/tokens 0.329s
2025-04-16 21:26:36.197 68895 INFO tempest.lib.common.rest_client [req-a18440b7-1936-4dc5-990b-e5fd49c4456f req-a18440b7-1936-4dc5-990b-e5fd49c4456f ] Request (ServerDiagnosticsV248Test:test_get_server_diagnostics): 202 POST http://10.180.1.21/compute/v2.1/servers 3.683s
2025-04-16 21:26:36.286 68891 INFO tempest.lib.common.rest_client [req-73cdb1d8-1ec0-422d-bfcb-906c5444fa95 req-73cdb1d8-1ec0-422d-bfcb-906c5444fa95 ] Request (DeleteServersAdminTestJSON:test_admin_delete_servers_of_others): 200 GET http://10.180.1.21/compute/v2.1/servers/0eae5e9a-258a-44e5-9b4f-53100f15aa7a 4.786s
2025-04-16 21:26:36.295 68889 INFO tempest.lib.common.rest_client [req-e8fd3abb-061b-4544-9a94-e3687257aa4c req-e8fd3abb-061b-4544-9a94-e3687257aa4c ] Request (AZAdminV2TestJSON:tearDownClass): 204 DELETE http://10.180.1.21/identity/v3/users/b4642419bd4b41a7b465fef57dda85f0 0.249s
2025-04-16 21:26:36.295 68889 INFO tempest.lib.common.dynamic_creds [-] Deleting project and security group for project: f056c3a85ba54448ad1e4241b5f7afdc
2025-04-16 21:26:36.381 68841 INFO tempest.lib.common.rest_client [req-68f37264-b886-4730-9682-549c72f8a2a7 req-68f37264-b886-4730-9682-549c72f8a2a7 ] Request (ServerActionsV293TestJSON:setUpClass): 200 GET http://10.180.1.21/volume/v3/b8e068f9c390406892fe822978985780/volumes/7451f85f-ba63-4b63-8e08-4ec8061213ed 0.054s
2025-04-16 21:26:36.406 68853 INFO tempest.lib.common.rest_client [req-b161f68a-39bc-456f-acc4-96ad0d2c3e45 req-b161f68a-39bc-456f-acc4-96ad0d2c3e45 ] Request (NetworksTest:tearDownClass): 204 DELETE http://10.180.1.21:9696/networking/v2.0/security-groups/9887b7ff-e8e0-4fb5-a4a4-592a1497102c 0.519s
2025-04-16 21:26:36.508 68889 INFO tempest.lib.common.rest_client [req-cec9d790-92c0-4796-ac0a-a14325ca027d req-cec9d790-92c0-4796-ac0a-a14325ca027d ] Request (AZAdminV2TestJSON:tearDownClass): 201 POST http://10.180.1.21/identity/v3/auth/tokens 0.212s
2025-04-16 21:26:36.589 68853 INFO tempest.lib.common.rest_client [req-7ea17728-2b74-414c-a072-433858d186dc req-7ea17728-2b74-414c-a072-433858d186dc ] Request (NetworksTest:tearDownClass): 204 DELETE http://10.180.1.21/identity/v3/projects/6cbe28f0f07242b689d0e4e9f875b878 0.183s
2025-04-16 21:26:36.589 68853 INFO tempest.lib.common.dynamic_creds [-] Deleting project and security group for project: ab19aa2d9f82474383962011b156eefb
2025-04-16 21:26:37.044 68853 INFO tempest.lib.common.rest_client [req-057d5270-46ed-4c55-b590-97d7a657cae5 req-057d5270-46ed-4c55-b590-97d7a657cae5 ] Request (NetworksTest:tearDownClass): 200 GET http://10.180.1.21:9696/networking/v2.0/security-groups?tenant_id=ab19aa2d9f82474383962011b156eefb&name=default 0.454s
2025-04-16 21:26:37.087 68845 INFO tempest.lib.common.rest_client [req-a18f4dea-8db9-4c4c-8964-dc1f78d13f0e req-a18f4dea-8db9-4c4c-8964-dc1f78d13f0e ] Request (ServersAdminNegativeTestJSON:setUpClass): 200 GET http://10.180.1.21/compute/v2.1/servers/c4d97b3b-ab8b-4d2a-85e7-4d3c46e74471 4.398s
