2025-04-16 21:26:56.383 68879 INFO tempest.lib.common.rest_client [req-4252eec4-e388-4917-9783-421be144e102 req-4252eec4-e388-4917-9783-421be144e102 ] Request (QuotasAdminTestJSON:setUpClass): 200 GET http://10.180.1.21/identity/v3/domains?name=Default 0.110s
2025-04-16 21:26:56.391 68855 INFO tempest.lib.common.rest_client [req-4791302b-ba1a-4509-827d-742f3b786faf req-4791302b-ba1a-4509-827d-742f3b786faf ] Request (TenantUsagesNegativeTestJSON:setUpClass): 204 PUT http://10.180.1.21/identity/v3/projects/13fa3b707b534635a40f55e197aec1f1/users/2036fb89cbe5411ba78fca9e75c2ae4f/roles/ad98f9cbf9a2488c8bf505a586e56122 0.183s
2025-04-16 21:26:56.403 68839 INFO tempest.lib.common.rest_client [req-023fe3bc-545d-4912-b417-68b61986ab39 req-023fe3bc-545d-4912-b417-68b61986ab39 ] Request (AggregatesAdminNegativeTestJSON:test_aggregate_add_non_exist_host): 404 POST http://10.180.1.21/compute/v2.1/os-aggregates/3/action 1.868s
2025-04-16 21:26:56.415 68851 INFO tempest.lib.common.rest_client [req-deb6d290-2838-47f2-b17c-aeb1b80aa6fd req-deb6d290-2838-47f2-b17c-aeb1b80aa6fd ] Request (FlavorsExtraSpecsTestJSON:tearDownClass): 202 DELETE http://10.180.1.21/compute/v2.1/flavors/278066209 1.858s
2025-04-16 21:26:56.418 68873 INFO tempest.lib.common.rest_client [req-ef3f7cf8-7e31-4a3c-bea4-92ae12482d24 req-ef3f7cf8-7e31-4a3c-bea4-92ae12482d24 ] Request (FlavorsAccessTestJSON:tearDownClass): 200 GET http://10.180.1.21:9696/networking/v2.0/security-groups?tenant_id=b72c97cadf4a4f7a968db90ea14e72d6&name=default 0.169s
2025-04-16 21:26:56.430 68863 INFO tempest.lib.common.rest_client [req-e5644c13-f374-4c15-b4f0-3fee7a6e0dd3 req-e5644c13-f374-4c15-b4f0-3fee7a6e0dd3 ] Request (MigrationsAdminTest:test_list_migrations_in_flavor_resize_situation): 200 GET http://10.180.1.21/compute/v2.1/servers/f3b237f4-6e23-4474-b841-aa3ca8c1486f 1.944s
2025-04-16 21:26:56.448 68901 INFO tempest.lib.common.rest_client [req-1023e5c1-13df-40fb-b0e8-8bad4eec14ca req-1023e5c1-13df-40fb-b0e8-8bad4eec14ca ] Request (ImagesTestJSON:setUpClass): 201 POST http://10.180.1.21/identity/v3/users 0.157s
2025-04-16 21:26:56.449 68853 INFO tempest.lib.common.rest_client [req-364040ea-9f96-4dc9-8b1e-b9c660f098b8 req-364040ea-9f96-4dc9-8b1e-b9c660f098b8 ] Request (SecurityGroupsNegativeTestJSON:setUpClass): 201 POST http://10.180.1.21/identity/v3/users 0.138s
2025-04-16 21:26:56.468 68875 INFO tempest.lib.common.rest_client [req-5bc7a2c5-1631-4f02-8c61-4766755060e4 req-5bc7a2c5-1631-4f02-8c61-4766755060e4 ] Request (QuotasAdminNegativeTest:setUpClass): 200 GET http://10.180.1.21/identity/v3/domains?name=Default 0.104s
2025-04-16 21:26:56.480 68895 INFO tempest.lib.common.rest_client [req-333f604a-2676-477f-afc1-5b96d501ff2a req-333f604a-2676-477f-afc1-5b96d501ff2a ] Request (ServerDiagnosticsV248Test:test_get_server_diagnostics): 200 GET http://10.180.1.21/compute/v2.1/servers/4c5c97bc-4a9f-413b-a75f-a197270103a2 1.913s
2025-04-16 21:26:56.486 68879 INFO tempest.lib.common.rest_client [req-9ad63a18-7ed2-45ac-bf6b-9039dd2097be req-9ad63a18-7ed2-45ac-bf6b-9039dd2097be ] Request (QuotasAdminTestJSON:setUpClass): 201 POST http://10.180.1.21/identity/v3/projects 0.102s
2025-04-16 21:26:56.491 68855 INFO tempest.lib.common.rest_client [req-b119b089-eeae-418c-a96c-e9cdb029daa0 req-b119b089-eeae-418c-a96c-e9cdb029daa0 ] Request (TenantUsagesNegativeTestJSON:setUpClass): 200 GET http://10.180.1.21/identity/v3/roles 0.099s
2025-04-16 21:26:56.528 68901 INFO tempest.lib.common.rest_client [req-5007883c-8b9f-440a-a972-9caa5aea7d6a req-5007883c-8b9f-440a-a972-9caa5aea7d6a ] Request (ImagesTestJSON:setUpClass): 200 GET http://10.180.1.21/identity/v3/roles 0.080s
2025-04-16 21:26:56.542 68853 INFO tempest.lib.common.rest_client [req-e0d6d884-4b55-4d89-a059-455e5495888a req-e0d6d884-4b55-4d89-a059-455e5495888a ] Request (SecurityGroupsNegativeTestJSON:setUpClass): 200 GET http://10.180.1.21/identity/v3/roles 0.092s
2025-04-16 21:26:56.560 68875 INFO tempest.lib.common.rest_client [req-3109f485-aadd-4b2f-8df4-d55bf185f297 req-3109f485-aadd-4b2f-8df4-d55bf185f297 ] Request (QuotasAdminNegativeTest:setUpClass): 201 POST http://10.180.1.21/identity/v3/projects 0.091s
2025-04-16 21:26:56.567 68879 INFO tempest.lib.common.rest_client [req-3a88d4a1-80ee-48a3-97f5-2a72e5b14fe1 req-3a88d4a1-80ee-48a3-97f5-2a72e5b14fe1 ] Request (QuotasAdminTestJSON:setUpClass): 201 POST http://10.180.1.21/identity/v3/users 0.079s
2025-04-16 21:26:56.607 68855 INFO tempest.lib.common.rest_client [req-3622ba7a-1d95-4868-9d22-424160bb0147 req-3622ba7a-1d95-4868-9d22-424160bb0147 ] Request (TenantUsagesNegativeTestJSON:setUpClass): 204 PUT http://10.180.1.21/identity/v3/projects/13fa3b707b534635a40f55e197aec1f1/users/2036fb89cbe5411ba78fca9e75c2ae4f/roles/ad98f9cbf9a2488c8bf505a586e56122 0.116s
2025-04-16 21:26:56.607 68855 INFO tempest.lib.common.dynamic_creds [-] Dynamic test user 2036fb89cbe5411ba78fca9e75c2ae4f is created with scope project and roles: ['admin']
2025-04-16 21:26:56.608 68855 INFO tempest.lib.common.dynamic_creds [-] Acquired dynamic creds: credentials: Credentials: {'domain_id': 'default', 'domain_name': 'Default', 'username': 'tempest-TenantUsagesNegativeTestJSON-571122787-project-admin', 'project_domain_id': 'default', 'project_domain_name': 'Default', 'project_id': '13fa3b707b534635a40f55e197aec1f1', 'project_name': 'tempest-TenantUsagesNegativeTestJSON-571122787', 'tenant_id': '13fa3b707b534635a40f55e197aec1f1', 'tenant_name': 'tempest-TenantUsagesNegativeTestJSON-571122787', 'user_domain_id': 'default', 'user_domain_name': 'Default', 'user_id': '2036fb89cbe5411ba78fca9e75c2ae4f', 'system': None}, Network: None, Subnet: None, Router: None
2025-04-16 21:26:56.608 68855 INFO tempest.lib.common.dynamic_creds [-] Created isolated network resources for: credentials: Credentials: {'domain_id': 'default', 'domain_name': 'Default', 'username': 'tempest-TenantUsagesNegativeTestJSON-571122787-project-admin', 'project_domain_id': 'default', 'project_domain_name': 'Default', 'project_id': '13fa3b707b534635a40f55e197aec1f1', 'project_name': 'tempest-TenantUsagesNegativeTestJSON-571122787', 'tenant_id': '13fa3b707b534635a40f55e197aec1f1', 'tenant_name': 'tempest-TenantUsagesNegativeTestJSON-571122787', 'user_domain_id': 'default', 'user_domain_name': 'Default', 'user_id': '2036fb89cbe5411ba78fca9e75c2ae4f', 'system': None}, Network: None, Subnet: None, Router: None
2025-04-16 21:26:56.617 68901 INFO tempest.lib.common.rest_client [req-dbba0637-8088-4ec3-8c25-e7f5a9814904 req-dbba0637-8088-4ec3-8c25-e7f5a9814904 ] Request (ImagesTestJSON:setUpClass): 204 PUT http://10.180.1.21/identity/v3/projects/55315ac5ba0a44099f1f06f669643e04/users/341fbf2a67474ec991c1dc204caa6de6/roles/a8452c997ae942ccab3ee19d69970e0b 0.088s
2025-04-16 21:26:56.617 68901 INFO tempest.lib.common.dynamic_creds [-] Dynamic test user 341fbf2a67474ec991c1dc204caa6de6 is created with scope project and roles: ['member']
2025-04-16 21:26:56.617 68901 INFO tempest.lib.common.dynamic_creds [-] Acquired dynamic creds: credentials: Credentials: {'domain_id': 'default', 'domain_name': 'Default', 'username': 'tempest-ImagesTestJSON-1315536367-project-member', 'project_domain_id': 'default', 'project_domain_name': 'Default', 'project_id': '55315ac5ba0a44099f1f06f669643e04', 'project_name': 'tempest-ImagesTestJSON-1315536367', 'tenant_id': '55315ac5ba0a44099f1f06f669643e04', 'tenant_name': 'tempest-ImagesTestJSON-1315536367', 'user_domain_id': 'default', 'user_domain_name': 'Default', 'user_id': '341fbf2a67474ec991c1dc204caa6de6', 'system': None}, Network: None, Subnet: None, Router: None
2025-04-16 21:26:56.664 68875 INFO tempest.lib.common.rest_client [req-caf9ab4a-3a0e-451a-8889-cdc9ae012a70 req-caf9ab4a-3a0e-451a-8889-cdc9ae012a70 ] Request (QuotasAdminNegativeTest:setUpClass): 201 POST http://10.180.1.21/identity/v3/users 0.103s
2025-04-16 21:26:56.683 68879 INFO tempest.lib.common.rest_client [req-03431555-7219-47e3-a616-c68c46eab980 req-03431555-7219-47e3-a616-c68c46eab980 ] Request (QuotasAdminTestJSON:setUpClass): 200 GET http://10.180.1.21/identity/v3/roles 0.115s
2025-04-16 21:26:56.686 68853 INFO tempest.lib.common.rest_client [req-ded69975-8a02-44c8-a87c-a7eec87a22fd req-ded69975-8a02-44c8-a87c-a7eec87a22fd ] Request (SecurityGroupsNegativeTestJSON:setUpClass): 204 PUT http://10.180.1.21/identity/v3/projects/2747776e0be142879d772496fd21162b/users/245a0a8276ab47ed9b0e9cbeaf7663d3/roles/a8452c997ae942ccab3ee19d69970e0b 0.143s
2025-04-16 21:26:56.686 68853 INFO tempest.lib.common.dynamic_creds [-] Dynamic test user 245a0a8276ab47ed9b0e9cbeaf7663d3 is created with scope project and roles: ['member']
2025-04-16 21:26:56.686 68853 INFO tempest.lib.common.dynamic_creds [-] Acquired dynamic creds: credentials: Credentials: {'domain_id': 'default', 'domain_name': 'Default', 'username': 'tempest-SecurityGroupsNegativeTestJSON-1903002643-project-member', 'project_domain_id': 'default', 'project_domain_name': 'Default', 'project_id': '2747776e0be142879d772496fd21162b', 'project_name': 'tempest-SecurityGroupsNegativeTestJSON-1903002643', 'tenant_id': '2747776e0be142879d772496fd21162b', 'tenant_name': 'tempest-SecurityGroupsNegativeTestJSON-1903002643', 'user_domain_id': 'default', 'user_domain_name': 'Default', 'user_id': '245a0a8276ab47ed9b0e9cbeaf7663d3', 'system': None}, Network: None, Subnet: None, Router: None
2025-04-16 21:26:56.739 68901 INFO tempest.lib.common.rest_client [req-99a6ab1a-699d-4cd5-856a-82fbd277e5b1 req-99a6ab1a-699d-4cd5-856a-82fbd277e5b1 ] Request (ImagesTestJSON:setUpClass): 201 POST http://10.180.1.21/identity/v3/auth/tokens 0.122s
2025-04-16 21:26:56.748 68873 INFO tempest.lib.common.rest_client [req-f5744b3b-152a-4aaa-b077-e2b523ba2bb8 req-f5744b3b-152a-4aaa-b077-e2b523ba2bb8 ] Request (FlavorsAccessTestJSON:tearDownClass): 204 DELETE http://10.180.1.21:9696/networking/v2.0/security-groups/8fb30aec-ac11-495c-8e24-e01acaea3537 0.329s
2025-04-16 21:26:56.755 68875 INFO tempest.lib.common.rest_client [req-1f4a1b4a-f954-459f-b211-452367bb8f5a req-1f4a1b4a-f954-459f-b211-452367bb8f5a ] Request (QuotasAdminNegativeTest:setUpClass): 200 GET http://10.180.1.21/identity/v3/roles 0.090s
2025-04-16 21:26:56.758 68855 INFO tempest.lib.common.rest_client [req-f6d6f6b5-8f48-4292-9eda-ce5635796dd0 req-f6d6f6b5-8f48-4292-9eda-ce5635796dd0 ] Request (TenantUsagesNegativeTestJSON:setUpClass): 201 POST http://10.180.1.21/identity/v3/auth/tokens 0.148s
2025-04-16 21:26:56.772 68867 INFO tempest.lib.common.rest_client [req-ebaa1c69-14f5-4e3f-bdea-5f04233d15d6 req-ebaa1c69-14f5-4e3f-bdea-5f04233d15d6 ] Request (ServerExternalEventsTest:test_create_server_external_events): 200 GET http://10.180.1.21/compute/v2.1/servers/e49a885d-c0d2-414b-b1f0-bfc3a710e9ad 1.713s
2025-04-16 21:26:56.777 68861 INFO tempest.lib.common.rest_client [req-50c59b61-4f2d-4b57-aee0-0768ded547d9 req-50c59b61-4f2d-4b57-aee0-0768ded547d9 ] Request (SecurityGroupsTestAdminJSON:_run_cleanups): 202 DELETE http://10.180.1.21/compute/v2.1/os-security-groups/85882323-fa69-4113-b4a8-a1ddec3ccc7c 1.753s
2025-04-16 21:26:56.779 68879 INFO tempest.lib.common.rest_client [req-37b94fb5-9041-4fab-8464-b924d1299c20 req-37b94fb5-9041-4fab-8464-b924d1299c20 ] Request (QuotasAdminTestJSON:setUpClass): 204 PUT http://10.180.1.21/identity/v3/projects/69679e288e384a27a1d8d72ac0f1695c/users/a0eade62111c41b5a55cd20c2697d0be/roles/a8452c997ae942ccab3ee19d69970e0b 0.096s
2025-04-16 21:26:56.780 68879 INFO tempest.lib.common.dynamic_creds [-] Dynamic test user a0eade62111c41b5a55cd20c2697d0be is created with scope project and roles: ['member']
2025-04-16 21:26:56.780 68879 INFO tempest.lib.common.dynamic_creds [-] Acquired dynamic creds: credentials: Credentials: {'domain_id': 'default', 'domain_name': 'Default', 'username': 'tempest-QuotasAdminTestJSON-1363037409-project-member', 'project_domain_id': 'default', 'project_domain_name': 'Default', 'project_id': '69679e288e384a27a1d8d72ac0f1695c', 'project_name': 'tempest-QuotasAdminTestJSON-1363037409', 'tenant_id': '69679e288e384a27a1d8d72ac0f1695c', 'tenant_name': 'tempest-QuotasAdminTestJSON-1363037409', 'user_domain_id': 'default', 'user_domain_name': 'Default', 'user_id': 'a0eade62111c41b5a55cd20c2697d0be', 'system': None}, Network: None, Subnet: None, Router: None
2025-04-16 21:26:56.780 68879 INFO tempest.lib.common.dynamic_creds [-] Created isolated network resources for: credentials: Credentials: {'domain_id': 'default', 'domain_name': 'Default', 'username': 'tempest-QuotasAdminTestJSON-1363037409-project-member', 'project_domain_id': 'default', 'project_domain_name': 'Default', 'project_id': '69679e288e384a27a1d8d72ac0f1695c', 'project_name': 'tempest-QuotasAdminTestJSON-1363037409', 'tenant_id': '69679e288e384a27a1d8d72ac0f1695c', 'tenant_name': 'tempest-QuotasAdminTestJSON-1363037409', 'user_domain_id': 'default', 'user_domain_name': 'Default', 'user_id': 'a0eade62111c41b5a55cd20c2697d0be', 'system': None}, Network: None, Subnet: None, Router: None
2025-04-16 21:26:56.792 68883 INFO tempest.lib.common.rest_client [req-59dbb777-510e-48f6-9fd2-b9a5cee0001a req-59dbb777-510e-48f6-9fd2-b9a5cee0001a ] Request (KeyPairsV22TestJSON:_run_cleanups): 204 DELETE http://10.180.1.21/compute/v2.1/os-keypairs/tempest-keypair-2009944249 1.715s
2025-04-16 21:26:56.808 68897 INFO tempest.lib.common.rest_client [req-e936ea66-0547-4b8b-aae2-986db7880c42 req-e936ea66-0547-4b8b-aae2-986db7880c42 ] Request (FlavorsV2TestJSON:test_list_flavors_detailed_filter_by_min_ram): 200 GET http://10.180.1.21/compute/v2.1/flavors/42 1.631s
2025-04-16 21:26:56.825 68853 INFO tempest.lib.common.rest_client [req-4113d2b4-04d0-469f-9238-3b549c877a5f req-4113d2b4-04d0-469f-9238-3b549c877a5f ] Request (SecurityGroupsNegativeTestJSON:setUpClass): 201 POST http://10.180.1.21/identity/v3/auth/tokens 0.137s
2025-04-16 21:26:56.838 68877 INFO tempest.lib.common.rest_client [req-eb6f27d2-3950-47fc-b827-2a8d1af1d31d req-eb6f27d2-3950-47fc-b827-2a8d1af1d31d ] Request (ServerDiagnosticsNegativeTest:test_get_server_diagnostics_by_non_admin): 200 GET http://10.180.1.21/compute/v2.1/servers/3adaf481-5844-45ac-8dc9-eb396a47ed1c 1.685s
2025-04-16 21:26:56.890 68875 INFO tempest.lib.common.rest_client [req-091ecd79-946d-48b3-9542-26ee96552844 req-091ecd79-946d-48b3-9542-26ee96552844 ] Request (QuotasAdminNegativeTest:setUpClass): 204 PUT http://10.180.1.21/identity/v3/projects/aff44567d7524036aa756bcf741ddbcc/users/22dff395c11f4609bfb187188eaf7820/roles/a8452c997ae942ccab3ee19d69970e0b 0.134s
2025-04-16 21:26:56.890 68875 INFO tempest.lib.common.dynamic_creds [-] Dynamic test user 22dff395c11f4609bfb187188eaf7820 is created with scope project and roles: ['member']
2025-04-16 21:26:56.890 68875 INFO tempest.lib.common.dynamic_creds [-] Acquired dynamic creds: credentials: Credentials: {'domain_id': 'default', 'domain_name': 'Default', 'username': 'tempest-QuotasAdminNegativeTest-152524794-project-member', 'project_domain_id': 'default', 'project_domain_name': 'Default', 'project_id': 'aff44567d7524036aa756bcf741ddbcc', 'project_name': 'tempest-QuotasAdminNegativeTest-152524794', 'tenant_id': 'aff44567d7524036aa756bcf741ddbcc', 'tenant_name': 'tempest-QuotasAdminNegativeTest-152524794', 'user_domain_id': 'default', 'user_domain_name': 'Default', 'user_id': '22dff395c11f4609bfb187188eaf7820', 'system': None}, Network: None, Subnet: None, Router: None
2025-04-16 21:26:56.890 68875 INFO tempest.lib.common.dynamic_creds [-] Created isolated network resources for: credentials: Credentials: {'domain_id': 'default', 'domain_name': 'Default', 'username': 'tempest-QuotasAdminNegativeTest-152524794-project-member', 'project_domain_id': 'default', 'project_domain_name': 'Default', 'project_id': 'aff44567d7524036aa756bcf741ddbcc', 'project_name': 'tempest-QuotasAdminNegativeTest-152524794', 'tenant_id': 'aff44567d7524036aa756bcf741ddbcc', 'tenant_name': 'tempest-QuotasAdminNegativeTest-152524794', 'user_domain_id': 'default', 'user_domain_name': 'Default', 'user_id': '22dff395c11f4609bfb187188eaf7820', 'system': None}, Network: None, Subnet: None, Router: None
2025-04-16 21:26:56.894 68873 INFO tempest.lib.common.rest_client [req-326eeb31-b50e-4b93-b367-2a5be5a4bb82 req-326eeb31-b50e-4b93-b367-2a5be5a4bb82 ] Request (FlavorsAccessTestJSON:tearDownClass): 204 DELETE http://10.180.1.21/identity/v3/projects/b72c97cadf4a4f7a968db90ea14e72d6 0.146s
2025-04-16 21:26:56.951 68891 INFO tempest.lib.common.rest_client [req-a6caf115-fbd2-43af-8af1-65b7b323130d req-a6caf115-fbd2-43af-8af1-65b7b323130d ] Request (DeleteServersAdminTestJSON:test_admin_delete_servers_of_others): 200 GET http://10.180.1.21/compute/v2.1/servers/0eae5e9a-258a-44e5-9b4f-53100f15aa7a 1.576s
2025-04-16 21:26:56.956 68879 INFO tempest.lib.common.rest_client [req-696a6b7a-b37d-42f8-be70-792a12a22b25 req-696a6b7a-b37d-42f8-be70-792a12a22b25 ] Request (QuotasAdminTestJSON:setUpClass): 201 POST http://10.180.1.21/identity/v3/auth/tokens 0.172s
2025-04-16 21:26:56.981 68849 INFO tempest.lib.common.rest_client [req-beb914e9-667a-4909-bdbb-32ac6198a11e req-beb914e9-667a-4909-bdbb-32ac6198a11e ] Request (QuotaClassesAdminTestJSON:test_update_default_quotas): 200 PUT http://10.180.1.21/compute/v2.1/os-quota-class-sets/default 1.619s
2025-04-16 21:26:57.003 68901 INFO tempest.lib.common.rest_client [req-c5312cf4-6644-4c58-9529-48ec1750a215 req-c5312cf4-6644-4c58-9529-48ec1750a215 ] Request (ImagesTestJSON:setUpClass): 201 POST http://10.180.1.21:9696/networking/v2.0/networks 0.263s
2025-04-16 21:26:57.010 68843 INFO tempest.lib.common.rest_client [req-91a1813a-b231-4687-8fb7-9b710f5fb0bd req-91a1813a-b231-4687-8fb7-9b710f5fb0bd ] Request (ServersAdmin275Test:test_rebuild_update_server_275): 200 GET http://10.180.1.21/compute/v2.1/servers/8c30562a-4a81-4007-923c-3bc0b922f01c 1.628s
2025-04-16 21:26:57.015 68875 INFO tempest.lib.common.rest_client [req-f0c2acee-d6a4-469c-aaaa-765c2e9d5ee1 req-f0c2acee-d6a4-469c-aaaa-765c2e9d5ee1 ] Request (QuotasAdminNegativeTest:setUpClass): 201 POST http://10.180.1.21/identity/v3/auth/tokens 0.120s
2025-04-16 21:26:57.025 68873 INFO tempest.lib.common.rest_client [req-1aae1586-628c-4b5c-b893-ca1c344a88c3 req-1aae1586-628c-4b5c-b893-ca1c344a88c3 ] Request (ServersV294TestFqdnHostnames:setUpClass): 201 POST http://10.180.1.21/identity/v3/auth/tokens 0.129s
2025-04-16 21:26:57.037 68899 INFO tempest.lib.common.rest_client [req-730bba9e-4226-42fc-9b79-a74fe01113f1 req-730bba9e-4226-42fc-9b79-a74fe01113f1 ] Request (ServerAddressesNegativeTestJSON:setUpClass): 200 GET http://10.180.1.21/compute/v2.1/servers/4a43ba00-1df6-4f10-a4ce-37c4ae353cc2 1.598s
2025-04-16 21:26:57.047 68879 INFO tempest.lib.common.rest_client [req-922d48e0-3773-42a8-a02b-d1e93f95a67b req-922d48e0-3773-42a8-a02b-d1e93f95a67b ] Request (QuotasAdminTestJSON:setUpClass): 201 POST http://10.180.1.21/identity/v3/projects 0.090s
2025-04-16 21:26:57.059 68875 INFO tempest.lib.common.rest_client [req-9fb0fe91-7ed9-406f-bc27-97443cf8bb07 req-9fb0fe91-7ed9-406f-bc27-97443cf8bb07 ] Request (QuotasAdminNegativeTest:setUpClass): 201 POST http://10.180.1.21/identity/v3/projects 0.043s
2025-04-16 21:26:57.111 68873 INFO tempest.lib.common.rest_client [req-e6bf2b05-d6f5-4cb3-b6c0-3bf5772b1488 req-e6bf2b05-d6f5-4cb3-b6c0-3bf5772b1488 ] Request (ServersV294TestFqdnHostnames:setUpClass): 201 POST http://10.180.1.21/identity/v3/auth/tokens 0.077s
2025-04-16 21:26:57.126 68879 INFO tempest.lib.common.rest_client [req-373782f5-d9d6-406c-89ac-8f83bd8a137a req-373782f5-d9d6-406c-89ac-8f83bd8a137a ] Request (QuotasAdminTestJSON:setUpClass): 201 POST http://10.180.1.21/identity/v3/users 0.077s
2025-04-16 21:26:57.134 68875 INFO tempest.lib.common.rest_client [req-8292dea8-8847-4853-a9bd-3c6c453a46d2 req-8292dea8-8847-4853-a9bd-3c6c453a46d2 ] Request (QuotasAdminNegativeTest:setUpClass): 201 POST http://10.180.1.21/identity/v3/users 0.075s
2025-04-16 21:26:57.144 68873 INFO tempest.lib.common.rest_client [req-573efc00-2074-4b80-a874-ebb23f27e623 req-573efc00-2074-4b80-a874-ebb23f27e623 ] Request (ServersV294TestFqdnHostnames:setUpClass): 200 GET http://10.180.1.21/identity/v3/domains?name=Default 0.033s
2025-04-16 21:26:57.151 68879 INFO tempest.lib.common.rest_client [req-5c799fe2-2e80-4e48-9025-c7cefab09ac2 req-5c799fe2-2e80-4e48-9025-c7cefab09ac2 ] Request (QuotasAdminTestJSON:setUpClass): 200 GET http://10.180.1.21/identity/v3/roles 0.024s
2025-04-16 21:26:57.157 68875 INFO tempest.lib.common.rest_client [req-f4c191f8-5817-4aaa-8bd8-15c29b5b7100 req-f4c191f8-5817-4aaa-8bd8-15c29b5b7100 ] Request (QuotasAdminNegativeTest:setUpClass): 200 GET http://10.180.1.21/identity/v3/roles 0.022s
2025-04-16 21:26:57.169 68853 INFO tempest.lib.common.rest_client [req-e29d6932-164f-415d-a66d-a8256cd243fa req-e29d6932-164f-415d-a66d-a8256cd243fa ] Request (SecurityGroupsNegativeTestJSON:setUpClass): 201 POST http://10.180.1.21:9696/networking/v2.0/networks 0.344s
2025-04-16 21:26:57.181 68845 INFO tempest.lib.common.rest_client [req-b95e0609-2486-4009-a72f-3e56151398f3 req-b95e0609-2486-4009-a72f-3e56151398f3 ] Request (ServersAdminNegativeTestJSON:setUpClass): 200 GET http://10.180.1.21/compute/v2.1/servers/c4d97b3b-ab8b-4d2a-85e7-4d3c46e74471 1.656s
2025-04-16 21:26:57.181 68873 INFO tempest.lib.common.rest_client [req-ddaa61a6-29b5-4a9d-9eb9-81d9721f571b req-ddaa61a6-29b5-4a9d-9eb9-81d9721f571b ] Request (ServersV294TestFqdnHostnames:setUpClass): 201 POST http://10.180.1.21/identity/v3/projects 0.037s
2025-04-16 21:26:57.184 68879 INFO tempest.lib.common.rest_client [req-e5311da5-b374-4669-999a-0e339e5d6329 req-e5311da5-b374-4669-999a-0e339e5d6329 ] Request (QuotasAdminTestJSON:setUpClass): 204 PUT http://10.180.1.21/identity/v3/projects/8bcc0a165799494d9eb3d48a51151208/users/56a4bead00e64b04bdc0d45fbb047569/roles/ad98f9cbf9a2488c8bf505a586e56122 0.032s
2025-04-16 21:26:57.245 68873 INFO tempest.lib.common.rest_client [req-8f4b2e9f-6ab8-4a5e-9ee0-dc12b81bc3f1 req-8f4b2e9f-6ab8-4a5e-9ee0-dc12b81bc3f1 ] Request (ServersV294TestFqdnHostnames:setUpClass): 201 POST http://10.180.1.21/identity/v3/users 0.063s
2025-04-16 21:26:57.260 68879 INFO tempest.lib.common.rest_client [req-c6ccc0f8-9dae-4504-9fab-5c74ac3e58fd req-c6ccc0f8-9dae-4504-9fab-5c74ac3e58fd ] Request (QuotasAdminTestJSON:setUpClass): 200 GET http://10.180.1.21/identity/v3/roles 0.075s
2025-04-16 21:26:57.267 68875 INFO tempest.lib.common.rest_client [req-338899a6-e4e3-4a81-8cc9-8d1ef4237921 req-338899a6-e4e3-4a81-8cc9-8d1ef4237921 ] Request (QuotasAdminNegativeTest:setUpClass): 204 PUT http://10.180.1.21/identity/v3/projects/764de9f99b88457ca56056c74dc134be/users/816e1fdf5cc84df69201d447e756b3c9/roles/ad98f9cbf9a2488c8bf505a586e56122 0.110s
2025-04-16 21:26:57.305 68873 INFO tempest.lib.common.rest_client [req-49757650-1c5e-4aa0-9e85-8f8ccb47fa00 req-49757650-1c5e-4aa0-9e85-8f8ccb47fa00 ] Request (ServersV294TestFqdnHostnames:setUpClass): 200 GET http://10.180.1.21/identity/v3/roles 0.059s
2025-04-16 21:26:57.317 68879 INFO tempest.lib.common.rest_client [req-37389bc3-43ef-421c-a4af-a07b8e1812eb req-37389bc3-43ef-421c-a4af-a07b8e1812eb ] Request (QuotasAdminTestJSON:setUpClass): 204 PUT http://10.180.1.21/identity/v3/projects/8bcc0a165799494d9eb3d48a51151208/users/56a4bead00e64b04bdc0d45fbb047569/roles/ad98f9cbf9a2488c8bf505a586e56122 0.056s
2025-04-16 21:26:57.317 68879 INFO tempest.lib.common.dynamic_creds [-] Dynamic test user 56a4bead00e64b04bdc0d45fbb047569 is created with scope project and roles: ['admin']
2025-04-16 21:26:57.317 68879 INFO tempest.lib.common.dynamic_creds [-] Acquired dynamic creds: credentials: Credentials: {'domain_id': 'default', 'domain_name': 'Default', 'username': 'tempest-QuotasAdminTestJSON-1694597703-project-admin', 'project_domain_id': 'default', 'project_domain_name': 'Default', 'project_id': '8bcc0a165799494d9eb3d48a51151208', 'project_name': 'tempest-QuotasAdminTestJSON-1694597703', 'tenant_id': '8bcc0a165799494d9eb3d48a51151208', 'tenant_name': 'tempest-QuotasAdminTestJSON-1694597703', 'user_domain_id': 'default', 'user_domain_name': 'Default', 'user_id': '56a4bead00e64b04bdc0d45fbb047569', 'system': None}, Network: None, Subnet: None, Router: None
2025-04-16 21:26:57.317 68879 INFO tempest.lib.common.dynamic_creds [-] Created isolated network resources for: credentials: Credentials: {'domain_id': 'default', 'domain_name': 'Default', 'username': 'tempest-QuotasAdminTestJSON-1694597703-project-admin', 'project_domain_id': 'default', 'project_domain_name': 'Default', 'project_id': '8bcc0a165799494d9eb3d48a51151208', 'project_name': 'tempest-QuotasAdminTestJSON-1694597703', 'tenant_id': '8bcc0a165799494d9eb3d48a51151208', 'tenant_name': 'tempest-QuotasAdminTestJSON-1694597703', 'user_domain_id': 'default', 'user_domain_name': 'Default', 'user_id': '56a4bead00e64b04bdc0d45fbb047569', 'system': None}, Network: None, Subnet: None, Router: None
2025-04-16 21:26:57.319 68875 INFO tempest.lib.common.rest_client [req-db79ff87-2b3d-436b-80f8-1efde48b81b4 req-db79ff87-2b3d-436b-80f8-1efde48b81b4 ] Request (QuotasAdminNegativeTest:setUpClass): 200 GET http://10.180.1.21/identity/v3/roles 0.051s
2025-04-16 21:26:57.337 68853 INFO tempest.lib.common.rest_client [req-4cca3dde-e12f-47c3-a3e7-0b320603a130 req-4cca3dde-e12f-47c3-a3e7-0b320603a130 ] Request (SecurityGroupsNegativeTestJSON:setUpClass): 201 POST http://10.180.1.21:9696/networking/v2.0/subnets 0.167s
2025-04-16 21:26:57.360 68859 INFO tempest.lib.common.rest_client [req-b2d87e44-b69a-4978-a5a5-2a81451bcf92 req-b2d87e44-b69a-4978-a5a5-2a81451bcf92 ] Request (ServersAdminTestJSON:setUpClass): 200 GET http://10.180.1.21/compute/v2.1/servers/15eb6744-4b26-4d7a-8639-cb3bd13e3726 1.680s
2025-04-16 21:26:57.374 68875 INFO tempest.lib.common.rest_client [req-881c775b-ba84-49dc-bc5e-7ce3f173d630 req-881c775b-ba84-49dc-bc5e-7ce3f173d630 ] Request (QuotasAdminNegativeTest:setUpClass): 204 PUT http://10.180.1.21/identity/v3/projects/764de9f99b88457ca56056c74dc134be/users/816e1fdf5cc84df69201d447e756b3c9/roles/ad98f9cbf9a2488c8bf505a586e56122 0.055s
2025-04-16 21:26:57.375 68875 INFO tempest.lib.common.dynamic_creds [-] Dynamic test user 816e1fdf5cc84df69201d447e756b3c9 is created with scope project and roles: ['admin']
2025-04-16 21:26:57.375 68875 INFO tempest.lib.common.dynamic_creds [-] Acquired dynamic creds: credentials: Credentials: {'domain_id': 'default', 'domain_name': 'Default', 'username': 'tempest-QuotasAdminNegativeTest-236600026-project-admin', 'project_domain_id': 'default', 'project_domain_name': 'Default', 'project_id': '764de9f99b88457ca56056c74dc134be', 'project_name': 'tempest-QuotasAdminNegativeTest-236600026', 'tenant_id': '764de9f99b88457ca56056c74dc134be', 'tenant_name': 'tempest-QuotasAdminNegativeTest-236600026', 'user_domain_id': 'default', 'user_domain_name': 'Default', 'user_id': '816e1fdf5cc84df69201d447e756b3c9', 'system': None}, Network: None, Subnet: None, Router: None
2025-04-16 21:26:57.375 68875 INFO tempest.lib.common.dynamic_creds [-] Created isolated network resources for: credentials: Credentials: {'domain_id': 'default', 'domain_name': 'Default', 'username': 'tempest-QuotasAdminNegativeTest-236600026-project-admin', 'project_domain_id': 'default', 'project_domain_name': 'Default', 'project_id': '764de9f99b88457ca56056c74dc134be', 'project_name': 'tempest-QuotasAdminNegativeTest-236600026', 'tenant_id': '764de9f99b88457ca56056c74dc134be', 'tenant_name': 'tempest-QuotasAdminNegativeTest-236600026', 'user_domain_id': 'default', 'user_domain_name': 'Default', 'user_id': '816e1fdf5cc84df69201d447e756b3c9', 'system': None}, Network: None, Subnet: None, Router: None
2025-04-16 21:26:57.375 68873 INFO tempest.lib.common.rest_client [req-9d6da8e3-d09c-41b0-aa1e-86bd318721c4 req-9d6da8e3-d09c-41b0-aa1e-86bd318721c4 ] Request (ServersV294TestFqdnHostnames:setUpClass): 204 PUT http://10.180.1.21/identity/v3/projects/651174e1726e454e9e21cf0c1b88ee8b/users/981f76202296467492aea2f6867381e5/roles/a8452c997ae942ccab3ee19d69970e0b 0.070s
2025-04-16 21:26:57.375 68873 INFO tempest.lib.common.dynamic_creds [-] Dynamic test user 981f76202296467492aea2f6867381e5 is created with scope project and roles: ['member']
2025-04-16 21:26:57.376 68873 INFO tempest.lib.common.dynamic_creds [-] Acquired dynamic creds: credentials: Credentials: {'domain_id': 'default', 'domain_name': 'Default', 'username': 'tempest-ServersV294TestFqdnHostnames-789885078-project-member', 'project_domain_id': 'default', 'project_domain_name': 'Default', 'project_id': '651174e1726e454e9e21cf0c1b88ee8b', 'project_name': 'tempest-ServersV294TestFqdnHostnames-789885078', 'tenant_id': '651174e1726e454e9e21cf0c1b88ee8b', 'tenant_name': 'tempest-ServersV294TestFqdnHostnames-789885078', 'user_domain_id': 'default', 'user_domain_name': 'Default', 'user_id': '981f76202296467492aea2f6867381e5', 'system': None}, Network: None, Subnet: None, Router: None
2025-04-16 21:26:57.421 68901 INFO tempest.lib.common.rest_client [req-4934a8f0-46f2-4141-9e8a-809d22cd5e5f req-4934a8f0-46f2-4141-9e8a-809d22cd5e5f ] Request (ImagesTestJSON:setUpClass): 201 POST http://10.180.1.21:9696/networking/v2.0/subnets 0.417s
2025-04-16 21:26:57.442 68873 INFO tempest.lib.common.rest_client [req-e8f9b7f8-1213-4fc5-bfb4-deef68c5ddb9 req-e8f9b7f8-1213-4fc5-bfb4-deef68c5ddb9 ] Request (ServersV294TestFqdnHostnames:setUpClass): 201 POST http://10.180.1.21/identity/v3/auth/tokens 0.066s
2025-04-16 21:26:57.444 68879 INFO tempest.lib.common.rest_client [req-bb7135c9-f0bc-406b-8744-1e06b7478574 req-bb7135c9-f0bc-406b-8744-1e06b7478574 ] Request (QuotasAdminTestJSON:setUpClass): 201 POST http://10.180.1.21/identity/v3/auth/tokens 0.124s
2025-04-16 21:26:57.444 68879 WARNING tempest.lib.common.rest_client [-] Deprecated: "tenant_id" property is deprecated for removal, use "project_id" instead
2025-04-16 21:26:57.523 68875 INFO tempest.lib.common.rest_client [req-4a74e4cc-baa1-40a5-a5ba-75c9a234f007 req-4a74e4cc-baa1-40a5-a5ba-75c9a234f007 ] Request (QuotasAdminNegativeTest:setUpClass): 201 POST http://10.180.1.21/identity/v3/auth/tokens 0.144s
2025-04-16 21:26:57.524 68875 WARNING tempest.lib.common.rest_client [-] Deprecated: "tenant_id" property is deprecated for removal, use "project_id" instead
2025-04-16 21:26:57.708 68881 INFO tempest.lib.common.rest_client [req-2a0ab331-cd4e-4601-83a8-4802fe42bc62 req-2a0ab331-cd4e-4601-83a8-4802fe42bc62 ] Request (SecurityGroupsTestJSON:test_list_security_groups_by_server): 200 GET http://10.180.1.21/compute/v2.1/servers/e1e0f1fc-a1b7-47ff-8f78-4ad09d2a005e 1.899s
2025-04-16 21:26:57.797 68841 INFO tempest.lib.common.rest_client [req-a0b728c7-90fb-4872-a5f8-2235165afa38 req-a0b728c7-90fb-4872-a5f8-2235165afa38 ] Request (ServerActionsV293TestJSON:setUpClass): 200 GET http://10.180.1.21/compute/v2.1/servers/ccd1b692-f511-43c8-8b3d-ce92ef27670f 1.617s
2025-04-16 21:26:57.816 68847 INFO tempest.lib.common.rest_client [req-6153af01-7318-4b3f-a3ac-3e24e98334da req-6153af01-7318-4b3f-a3ac-3e24e98334da ] Request (ServersWithSpecificFlavorTestJSON:test_verify_created_server_ephemeral_disk): 202 POST http://10.180.1.21/compute/v2.1/servers 2.215s
2025-04-16 21:26:57.834 68857 INFO tempest.lib.common.rest_client [req-6758df92-aaba-4ec7-b637-5410fbd2c8c9 req-6758df92-aaba-4ec7-b637-5410fbd2c8c9 ] Request (FlavorsAccessNegativeTestJSON:test_flavor_non_admin_add): 200 POST http://10.180.1.21/compute/v2.1/flavors 1.542s
2025-04-16 21:26:57.889 68865 INFO tempest.lib.common.rest_client [req-3a3c07a0-4221-4e6f-bc98-4d927f2d2cbe req-3a3c07a0-4221-4e6f-bc98-4d927f2d2cbe ] Request (VolumesAssistedSnapshotsTest:test_volume_assisted_snapshot_create_delete): 200 GET http://10.180.1.21/compute/v2.1/servers/c962c9c7-04a4-46ec-a46f-fac13caa6a1e 1.618s
2025-04-16 21:26:57.909 68871 INFO tempest.lib.common.rest_client [req-4d3e0287-579d-4538-b318-aaeb996114cc req-4d3e0287-579d-4538-b318-aaeb996114cc ] Request (FlavorsAdminTestJSON:_run_cleanups): 202 DELETE http://10.180.1.21/compute/v2.1/flavors/5c8c44c3-c7ca-411a-bbe5-39ab15c1cac9 1.540s
2025-04-16 21:26:57.923 68893 INFO tempest.lib.common.rest_client [req-63c7ca15-b9d1-440b-accd-a27beb05d512 req-63c7ca15-b9d1-440b-accd-a27beb05d512 ] Request (FlavorsExtraSpecsNegativeTestJSON:tearDownClass): 200 GET http://10.180.1.21/compute/v2.1/flavors/detail 1.539s
2025-04-16 21:26:57.944 68839 INFO tempest.lib.common.rest_client [req-c762c2b6-2472-4bf8-bf16-56128483fd23 req-c762c2b6-2472-4bf8-bf16-56128483fd23 ] Request (AggregatesAdminNegativeTestJSON:_run_cleanups): 200 DELETE http://10.180.1.21/compute/v2.1/os-aggregates/3 1.540s
2025-04-16 21:26:57.960 68851 INFO tempest.lib.common.rest_client [req-d1f353da-5dd2-4a70-ac02-de63b184d373 req-d1f353da-5dd2-4a70-ac02-de63b184d373 ] Request (FlavorsExtraSpecsTestJSON:tearDownClass): 200 GET http://10.180.1.21/compute/v2.1/flavors/detail 1.545s
2025-04-16 21:26:58.017 68893 INFO tempest.lib.common.rest_client [req-f282ed10-61c5-4513-be2c-4c93ecbda8fd req-f282ed10-61c5-4513-be2c-4c93ecbda8fd ] Request (FlavorsExtraSpecsNegativeTestJSON:tearDownClass): 204 DELETE http://10.180.1.21/identity/v3/users/757b64e352d64f63943e99d3c4f286f4 0.088s
2025-04-16 21:26:58.021 68873 INFO tempest.lib.common.rest_client [req-2905590b-348d-4f08-8330-abe4238f74e7 req-2905590b-348d-4f08-8330-abe4238f74e7 ] Request (ServersV294TestFqdnHostnames:setUpClass): 201 POST http://10.180.1.21:9696/networking/v2.0/networks 0.578s
2025-04-16 21:26:58.043 68851 INFO tempest.lib.common.rest_client [req-db28194a-d1dd-46c9-b745-1175bdc15191 req-db28194a-d1dd-46c9-b745-1175bdc15191 ] Request (FlavorsExtraSpecsTestJSON:tearDownClass): 204 DELETE http://10.180.1.21/identity/v3/users/306de7a4cb3a4acc9433ee35463c0b46 0.078s
2025-04-16 21:26:58.067 68889 INFO tempest.lib.common.rest_client [req-faf4a8f0-c247-47bf-a3f5-3b790cc9b4d6 req-faf4a8f0-c247-47bf-a3f5-3b790cc9b4d6 ] Request (ImagesOneServerNegativeTestJSON:setUpClass): 200 GET http://10.180.1.21/compute/v2.1/servers/ee103d2f-8513-4e3a-af13-bfb3b5a7fbd2 1.564s
2025-04-16 21:26:58.077 68885 INFO tempest.lib.common.rest_client [req-a39d46de-6c19-402b-b666-76d8d43d3aae req-a39d46de-6c19-402b-b666-76d8d43d3aae ] Request (FloatingIPsTestJSON:test_allocate_floating_ip): 200 GET http://10.180.1.21/compute/v2.1/os-floating-ips/bb40782f-07e9-4702-9460-1aed96943372 1.737s
2025-04-16 21:26:58.154 68851 INFO tempest.lib.common.rest_client [req-d48cae3d-3136-42f4-aea9-36cfe5711597 req-d48cae3d-3136-42f4-aea9-36cfe5711597 ] Request (FlavorsExtraSpecsTestJSON:tearDownClass): 204 DELETE http://10.180.1.21/identity/v3/users/50277ea9cce44164b6f60c4b62f47729 0.110s
2025-04-16 21:26:58.155 68851 INFO tempest.lib.common.dynamic_creds [-] Deleting project and security group for project: 642a60da9e4e4d1b91618e22afe7df5a
2025-04-16 21:26:58.156 68893 INFO tempest.lib.common.rest_client [req-3e1d6b56-5573-4210-aee6-1eccae08f578 req-3e1d6b56-5573-4210-aee6-1eccae08f578 ] Request (FlavorsExtraSpecsNegativeTestJSON:tearDownClass): 204 DELETE http://10.180.1.21/identity/v3/users/2c4c43bd50a141b784f223ada7480ed5 0.138s
2025-04-16 21:26:58.157 68893 INFO tempest.lib.common.dynamic_creds [-] Deleting project and security group for project: d611ce36e0314be7828b8036c3ab331a
2025-04-16 21:26:58.211 68851 INFO tempest.lib.common.rest_client [req-d5a4fcf3-ee85-4cb9-b526-49f2e842d7d1 req-d5a4fcf3-ee85-4cb9-b526-49f2e842d7d1 ] Request (FlavorsExtraSpecsTestJSON:tearDownClass): 201 POST http://10.180.1.21/identity/v3/auth/tokens 0.055s
2025-04-16 21:26:58.237 68893 INFO tempest.lib.common.rest_client [req-e5f77af7-355f-4f8c-a4eb-1f4384b7d0c7 req-e5f77af7-355f-4f8c-a4eb-1f4384b7d0c7 ] Request (FlavorsExtraSpecsNegativeTestJSON:tearDownClass): 201 POST http://10.180.1.21/identity/v3/auth/tokens 0.080s
2025-04-16 21:26:58.279 68855 INFO tempest.lib.common.rest_client [req-e7ec0786-eda6-4221-b6e1-9d5ad1c2c8c3 req-e7ec0786-eda6-4221-b6e1-9d5ad1c2c8c3 ] Request (TenantUsagesNegativeTestJSON:test_get_usage_tenant_with_empty_tenant_id): 404 GET http://10.180.1.21/compute/v2.1/os-simple-tenant-usage/?start=2025-04-15T21%3A26%3A56.759569&end=2025-04-17T21%3A26%3A56.759569 1.519s
2025-04-16 21:26:58.280 68855 WARNING tempest.lib.common.rest_client [-] Deprecated: "tenant_id" property is deprecated for removal, use "project_id" instead
2025-04-16 21:26:58.342 68869 INFO tempest.lib.common.rest_client [req-0ce9cd8e-55cf-4c0e-b3da-3dff3123be4c req-0ce9cd8e-55cf-4c0e-b3da-3dff3123be4c ] Request (ServerDiskConfigTestJSON:test_rebuild_server_with_auto_disk_config): 200 GET http://10.180.1.21/compute/v2.1/servers/cf2dc0a3-47fe-4fa6-b7f0-3e03328c1cb9 1.673s
2025-04-16 21:26:58.370 68873 INFO tempest.lib.common.rest_client [req-8255b9b9-e136-4cab-902e-108e4917d382 req-8255b9b9-e136-4cab-902e-108e4917d382 ] Request (ServersV294TestFqdnHostnames:setUpClass): 201 POST http://10.180.1.21:9696/networking/v2.0/subnets 0.348s
2025-04-16 21:26:58.375 68883 INFO tempest.lib.common.rest_client [req-1c96b7a4-cda1-4f51-949f-e89ec9fbcbc3 req-1c96b7a4-cda1-4f51-949f-e89ec9fbcbc3 ] Request (KeyPairsV22TestJSON:test_keypairs_create_list_delete): 201 POST http://10.180.1.21/compute/v2.1/os-keypairs 1.580s
2025-04-16 21:26:58.394 68897 INFO tempest.lib.common.rest_client [req-611f81ba-078a-46dc-9b3c-0dcf03da462f req-611f81ba-078a-46dc-9b3c-0dcf03da462f ] Request (FlavorsV2TestJSON:test_list_flavors_detailed_filter_by_min_ram): 200 GET http://10.180.1.21/compute/v2.1/flavors/detail?minRam=129 1.584s
2025-04-16 21:26:58.409 68849 INFO tempest.lib.common.rest_client [req-5f4a8431-a7df-4804-ac53-95f1efe2231c req-5f4a8431-a7df-4804-ac53-95f1efe2231c ] Request (QuotaClassesAdminTestJSON:test_update_default_quotas): 200 GET http://10.180.1.21/compute/v2.1/os-quota-class-sets/default 1.426s
2025-04-16 21:26:58.467 68851 INFO tempest.lib.common.rest_client [req-834426a9-3e78-4317-a13b-b358b0d01cec req-834426a9-3e78-4317-a13b-b358b0d01cec ] Request (FlavorsExtraSpecsTestJSON:tearDownClass): 200 GET http://10.180.1.21:9696/networking/v2.0/security-groups?tenant_id=642a60da9e4e4d1b91618e22afe7df5a&name=default 0.255s
2025-04-16 21:26:58.556 68853 INFO tempest.lib.common.rest_client [req-ff24dfa6-8b71-467d-aa87-4162ae0d1619 req-ff24dfa6-8b71-467d-aa87-4162ae0d1619 ] Request (SecurityGroupsNegativeTestJSON:setUpClass): 201 POST http://10.180.1.21:9696/networking/v2.0/routers 1.218s
2025-04-16 21:26:58.754 68893 INFO tempest.lib.common.rest_client [req-16952935-a813-4f25-b515-7f7c840cede5 req-16952935-a813-4f25-b515-7f7c840cede5 ] Request (FlavorsExtraSpecsNegativeTestJSON:tearDownClass): 200 GET http://10.180.1.21:9696/networking/v2.0/security-groups?tenant_id=d611ce36e0314be7828b8036c3ab331a&name=default 0.516s
2025-04-16 21:26:58.756 68851 INFO tempest.lib.common.rest_client [req-0f5d3f51-5f0f-4936-8503-2f96373ff44a req-0f5d3f51-5f0f-4936-8503-2f96373ff44a ] Request (FlavorsExtraSpecsTestJSON:tearDownClass): 204 DELETE http://10.180.1.21:9696/networking/v2.0/security-groups/9a7218bd-bc2c-4faa-99b5-24b90d146052 0.289s
2025-04-16 21:26:58.797 68861 INFO tempest.lib.common.rest_client [req-cb469f2b-7a5e-41c9-a4fa-262a20f28c34 req-cb469f2b-7a5e-41c9-a4fa-262a20f28c34 ] Request (SecurityGroupsTestAdminJSON:_run_cleanups): 202 DELETE http://10.180.1.21/compute/v2.1/os-security-groups/99ce69f4-1b96-42bc-ba66-a771c00d13bd 2.020s
2025-04-16 21:26:58.880 68851 INFO tempest.lib.common.rest_client [req-bc9192d4-b5b5-49e7-9775-24ac73b79938 req-bc9192d4-b5b5-49e7-9775-24ac73b79938 ] Request (FlavorsExtraSpecsTestJSON:tearDownClass): 204 DELETE http://10.180.1.21/identity/v3/projects/642a60da9e4e4d1b91618e22afe7df5a 0.123s
2025-04-16 21:26:58.880 68851 INFO tempest.lib.common.dynamic_creds [-] Deleting project and security group for project: d8f8e783fbe24d39b8494518b4fc5a66
2025-04-16 21:26:58.910 68895 INFO tempest.lib.common.rest_client [req-3a9b93df-66f0-4fd2-8c5d-2b59a164edb1 req-3a9b93df-66f0-4fd2-8c5d-2b59a164edb1 ] Request (ServerDiagnosticsV248Test:test_get_server_diagnostics): 200 GET http://10.180.1.21/compute/v2.1/servers/4c5c97bc-4a9f-413b-a75f-a197270103a2 1.415s
2025-04-16 21:26:58.931 68861 INFO tempest.lib.common.rest_client [req-5f49ed12-5f00-4a21-93f7-1551be11101c req-5f49ed12-5f00-4a21-93f7-1551be11101c ] Request (SecurityGroupsTestAdminJSON:tearDownClass): 204 DELETE http://10.180.1.21/identity/v3/users/1320cb4045db46478f00d0b28177f94d 0.126s
2025-04-16 21:26:58.958 68863 INFO tempest.lib.common.rest_client [req-7662f21e-8fac-479c-83e6-51cdae4e8aac req-7662f21e-8fac-479c-83e6-51cdae4e8aac ] Request (MigrationsAdminTest:test_list_migrations_in_flavor_resize_situation): 200 GET http://10.180.1.21/compute/v2.1/servers/f3b237f4-6e23-4474-b841-aa3ca8c1486f 1.518s
2025-04-16 21:26:58.981 68893 INFO tempest.lib.common.rest_client [req-dda7daab-499c-44aa-9ad7-64001a5e72c1 req-dda7daab-499c-44aa-9ad7-64001a5e72c1 ] Request (FlavorsExtraSpecsNegativeTestJSON:tearDownClass): 204 DELETE http://10.180.1.21:9696/networking/v2.0/security-groups/96cbb9bd-5d63-4d43-b64f-babe97a784cc 0.226s
2025-04-16 21:26:59.066 68861 INFO tempest.lib.common.rest_client [req-3985fb0d-c47a-4a80-8edf-f780767724f7 req-3985fb0d-c47a-4a80-8edf-f780767724f7 ] Request (SecurityGroupsTestAdminJSON:tearDownClass): 204 DELETE http://10.180.1.21/identity/v3/users/37cc6857322c442e819386abd8fcf4ff 0.134s
2025-04-16 21:26:59.066 68861 INFO tempest.lib.common.dynamic_creds [-] Deleting project and security group for project: a20804dc7826498287ffb06bad10dd4c
2025-04-16 21:26:59.113 68861 INFO tempest.lib.common.rest_client [req-92198bb7-be9c-43ab-af73-f580d4ce9f71 req-92198bb7-be9c-43ab-af73-f580d4ce9f71 ] Request (SecurityGroupsTestAdminJSON:tearDownClass): 201 POST http://10.180.1.21/identity/v3/auth/tokens 0.046s
2025-04-16 21:26:59.160 68851 INFO tempest.lib.common.rest_client [req-2e967709-7aa2-4023-ab67-1693cef84616 req-2e967709-7aa2-4023-ab67-1693cef84616 ] Request (FlavorsExtraSpecsTestJSON:tearDownClass): 200 GET http://10.180.1.21:9696/networking/v2.0/security-groups?tenant_id=d8f8e783fbe24d39b8494518b4fc5a66&name=default 0.278s
2025-04-16 21:26:59.165 68893 INFO tempest.lib.common.rest_client [req-7db4f6a5-273c-49d5-a345-2942b1337d01 req-7db4f6a5-273c-49d5-a345-2942b1337d01 ] Request (FlavorsExtraSpecsNegativeTestJSON:tearDownClass): 204 DELETE http://10.180.1.21/identity/v3/projects/d611ce36e0314be7828b8036c3ab331a 0.183s
2025-04-16 21:26:59.166 68893 INFO tempest.lib.common.dynamic_creds [-] Deleting project and security group for project: b6c2f5d5b9f64062bafc706b910543c7
2025-04-16 21:26:59.192 68867 INFO tempest.lib.common.rest_client [req-c8b7ac64-f539-4990-b31a-6aa3f39f2712 req-c8b7ac64-f539-4990-b31a-6aa3f39f2712 ] Request (ServerExternalEventsTest:test_create_server_external_events): 200 GET http://10.180.1.21/compute/v2.1/servers/e49a885d-c0d2-414b-b1f0-bfc3a710e9ad 1.412s
2025-04-16 21:26:59.281 68875 INFO tempest.lib.common.rest_client [req-2cd46966-3774-4135-ac60-3762ae2420de req-2cd46966-3774-4135-ac60-3762ae2420de ] Request (QuotasAdminNegativeTest:test_create_server_when_cpu_quota_is_full): 200 GET http://10.180.1.21/compute/v2.1/os-quota-sets/aff44567d7524036aa756bcf741ddbcc 1.756s
2025-04-16 21:26:59.288 68847 INFO tempest.lib.common.rest_client [req-b07a9d88-19ea-42ce-8a75-a50ec63e11ed req-b07a9d88-19ea-42ce-8a75-a50ec63e11ed ] Request (ServersWithSpecificFlavorTestJSON:test_verify_created_server_ephemeral_disk): 200 GET http://10.180.1.21/compute/v2.1/servers/0be1ddd3-e07f-49b3-a5a7-df32b5262c30 1.470s
2025-04-16 21:26:59.342 68861 INFO tempest.lib.common.rest_client [req-f1e2c817-2cc3-488c-bf0e-3d23143d505a req-f1e2c817-2cc3-488c-bf0e-3d23143d505a ] Request (SecurityGroupsTestAdminJSON:tearDownClass): 200 GET http://10.180.1.21:9696/networking/v2.0/security-groups?tenant_id=a20804dc7826498287ffb06bad10dd4c&name=default 0.228s
2025-04-16 21:26:59.369 68877 INFO tempest.lib.common.rest_client [req-ce05e089-8d9d-49d2-92e3-05f11c4e8911 req-ce05e089-8d9d-49d2-92e3-05f11c4e8911 ] Request (ServerDiagnosticsNegativeTest:test_get_server_diagnostics_by_non_admin): 200 GET http://10.180.1.21/compute/v2.1/servers/3adaf481-5844-45ac-8dc9-eb396a47ed1c 1.521s
2025-04-16 21:26:59.389 68871 INFO tempest.lib.common.rest_client [req-b3d7bf76-21e7-4062-9881-8679ad64af5d req-b3d7bf76-21e7-4062-9881-8679ad64af5d ] Request (FlavorsAdminTestJSON:_run_cleanups): 200 GET http://10.180.1.21/compute/v2.1/flavors/detail 1.480s
2025-04-16 21:26:59.392 68857 INFO tempest.lib.common.rest_client [req-15f9f458-db7f-43d9-ba59-ad99dd3e757b req-15f9f458-db7f-43d9-ba59-ad99dd3e757b ] Request (FlavorsAccessNegativeTestJSON:test_flavor_non_admin_add): 403 POST http://10.180.1.21/compute/v2.1/flavors/1719932134/action 1.555s
2025-04-16 21:26:59.396 68839 INFO tempest.lib.common.rest_client [req-37dad15a-b958-45ba-b3e0-3eab97cc9f00 req-37dad15a-b958-45ba-b3e0-3eab97cc9f00 ] Request (AggregatesAdminNegativeTestJSON:test_aggregate_create_aggregate_name_length_exceeds_255): 400 POST http://10.180.1.21/compute/v2.1/os-aggregates 1.450s
2025-04-16 21:26:59.410 68851 INFO tempest.lib.common.rest_client [req-afd86588-ca28-4efb-8ee0-ca0b4c1f0113 req-afd86588-ca28-4efb-8ee0-ca0b4c1f0113 ] Request (FlavorsExtraSpecsTestJSON:tearDownClass): 204 DELETE http://10.180.1.21:9696/networking/v2.0/security-groups/91c92295-51ae-4b9f-a218-66f8ae9019de 0.250s
2025-04-16 21:26:59.421 68893 INFO tempest.lib.common.rest_client [req-8410e556-4f1e-4cb8-b9ce-66c1365526c0 req-8410e556-4f1e-4cb8-b9ce-66c1365526c0 ] Request (FlavorsExtraSpecsNegativeTestJSON:tearDownClass): 200 GET http://10.180.1.21:9696/networking/v2.0/security-groups?tenant_id=b6c2f5d5b9f64062bafc706b910543c7&name=default 0.255s
2025-04-16 21:26:59.421 68901 INFO tempest.lib.common.rest_client [req-2114982a-a75b-448c-927d-65689301240d req-2114982a-a75b-448c-927d-65689301240d ] Request (ImagesTestJSON:setUpClass): 201 POST http://10.180.1.21:9696/networking/v2.0/routers 2.000s
2025-04-16 21:26:59.476 68851 INFO tempest.lib.common.rest_client [req-a698f37a-3329-4f9b-819a-f60835e21ecf req-a698f37a-3329-4f9b-819a-f60835e21ecf ] Request (FlavorsExtraSpecsTestJSON:tearDownClass): 204 DELETE http://10.180.1.21/identity/v3/projects/d8f8e783fbe24d39b8494518b4fc5a66 0.066s
2025-04-16 21:26:59.498 68843 INFO tempest.lib.common.rest_client [req-ec472f0f-ddc4-45c6-82b5-cb8ab2e7ca20 req-ec472f0f-ddc4-45c6-82b5-cb8ab2e7ca20 ] Request (ServersAdmin275Test:test_rebuild_update_server_275): 200 GET http://10.180.1.21/compute/v2.1/servers/8c30562a-4a81-4007-923c-3bc0b922f01c 1.470s
2025-04-16 21:26:59.540 68851 INFO tempest.lib.common.rest_client [req-dc83cc43-4eb0-469b-965d-bd16527af9f6 req-dc83cc43-4eb0-469b-965d-bd16527af9f6 ] Request (HypervisorAdminV228Test:setUpClass): 201 POST http://10.180.1.21/identity/v3/auth/tokens 0.062s
2025-04-16 21:26:59.577 68899 INFO tempest.lib.common.rest_client [req-bd59dd43-7d08-4fc3-a1d2-d2164c7c7367 req-bd59dd43-7d08-4fc3-a1d2-d2164c7c7367 ] Request (ServerAddressesNegativeTestJSON:setUpClass): 200 GET http://10.180.1.21/compute/v2.1/servers/4a43ba00-1df6-4f10-a4ce-37c4ae353cc2 1.524s
2025-04-16 21:26:59.579 68851 INFO tempest.lib.common.rest_client [req-31c93b02-38ef-425c-ab2d-23ad5c6ec25c req-31c93b02-38ef-425c-ab2d-23ad5c6ec25c ] Request (HypervisorAdminV228Test:setUpClass): 201 POST http://10.180.1.21/identity/v3/auth/tokens 0.037s
2025-04-16 21:26:59.603 68851 INFO tempest.lib.common.rest_client [req-db450cc1-3920-41b8-8b3d-6bdd48a48779 req-db450cc1-3920-41b8-8b3d-6bdd48a48779 ] Request (HypervisorAdminV228Test:setUpClass): 200 GET http://10.180.1.21/identity/v3/domains?name=Default 0.023s
2025-04-16 21:26:59.641 68851 INFO tempest.lib.common.rest_client [req-d88f2945-2f9c-4311-ae45-20f2977aa8d5 req-d88f2945-2f9c-4311-ae45-20f2977aa8d5 ] Request (HypervisorAdminV228Test:setUpClass): 201 POST http://10.180.1.21/identity/v3/projects 0.037s
2025-04-16 21:26:59.641 68861 INFO tempest.lib.common.rest_client [req-5a13a1eb-37a3-4b34-9914-6336ba1c57cb req-5a13a1eb-37a3-4b34-9914-6336ba1c57cb ] Request (SecurityGroupsTestAdminJSON:tearDownClass): 204 DELETE http://10.180.1.21:9696/networking/v2.0/security-groups/8a5bc4e9-f9e8-4135-9d42-067d7c443ff0 0.298s
2025-04-16 21:26:59.655 68891 INFO tempest.lib.common.rest_client [req-793adf4f-c0f5-44f7-a5bb-ca6918015fb1 req-793adf4f-c0f5-44f7-a5bb-ca6918015fb1 ] Request (DeleteServersAdminTestJSON:test_admin_delete_servers_of_others): 200 GET http://10.180.1.21/compute/v2.1/servers/0eae5e9a-258a-44e5-9b4f-53100f15aa7a 1.693s
2025-04-16 21:26:59.672 68893 INFO tempest.lib.common.rest_client [req-6286685c-12f7-47a7-aabb-92bbb14651ff req-6286685c-12f7-47a7-aabb-92bbb14651ff ] Request (FlavorsExtraSpecsNegativeTestJSON:tearDownClass): 204 DELETE http://10.180.1.21:9696/networking/v2.0/security-groups/0e9a7f75-628a-4e8e-b48f-7b540e6830d6 0.251s
2025-04-16 21:26:59.729 68851 INFO tempest.lib.common.rest_client [req-1dace257-811e-4930-9f51-66817b89a52a req-1dace257-811e-4930-9f51-66817b89a52a ] Request (HypervisorAdminV228Test:setUpClass): 201 POST http://10.180.1.21/identity/v3/users 0.088s
2025-04-16 21:26:59.764 68861 INFO tempest.lib.common.rest_client [req-51c8e38b-4be7-4b01-a70e-a1b666e5b472 req-51c8e38b-4be7-4b01-a70e-a1b666e5b472 ] Request (SecurityGroupsTestAdminJSON:tearDownClass): 204 DELETE http://10.180.1.21/identity/v3/projects/a20804dc7826498287ffb06bad10dd4c 0.123s
2025-04-16 21:26:59.767 68861 INFO tempest.lib.common.dynamic_creds [-] Deleting project and security group for project: ea52ca8b1f0e464faa242a6cfbcca5bf
2025-04-16 21:26:59.827 68851 INFO tempest.lib.common.rest_client [req-fc51f273-28d7-448e-8319-562affe4e000 req-fc51f273-28d7-448e-8319-562affe4e000 ] Request (HypervisorAdminV228Test:setUpClass): 200 GET http://10.180.1.21/identity/v3/roles 0.098s
2025-04-16 21:26:59.852 68893 INFO tempest.lib.common.rest_client [req-ffc3dcff-bc3e-4a8f-b462-a6264ab125bc req-ffc3dcff-bc3e-4a8f-b462-a6264ab125bc ] Request (FlavorsExtraSpecsNegativeTestJSON:tearDownClass): 204 DELETE http://10.180.1.21/identity/v3/projects/b6c2f5d5b9f64062bafc706b910543c7 0.180s
