2025-04-16 21:27:22.166 68879 INFO tempest.lib.common.dynamic_creds [-] Created isolated network resources for: credentials: Credentials: {'domain_id': 'default', 'domain_name': 'Default', 'username': 'tempest-AttachInterfacesTestJSON-2026169319-project-member', 'project_domain_id': 'default', 'project_domain_name': 'Default', 'project_id': '4c170a67fc6f486288907d62dabda35a', 'project_name': 'tempest-AttachInterfacesTestJSON-2026169319', 'tenant_id': '4c170a67fc6f486288907d62dabda35a', 'tenant_name': 'tempest-AttachInterfacesTestJSON-2026169319', 'user_domain_id': 'default', 'user_domain_name': 'Default', 'user_id': '984837e179734104b202ecf3d862749c', 'system': None}, Network: {'id': '345c01e5-82e5-41f8-82b7-e6d7538e7d4f', 'name': 'tempest-AttachInterfacesTestJSON-2090074657-network', 'tenant_id': '4c170a67fc6f486288907d62dabda35a', 'admin_state_up': True, 'mtu': 8950, 'status': 'ACTIVE', 'subnets': [], 'shared': False, 'project_id': '4c170a67fc6f486288907d62dabda35a', 'port_security_enabled': True, 'router:external': False, 'provider:network_type': 'vlan', 'provider:physical_network': 'default', 'provider:segmentation_id': 847, 'is_default': False, 'availability_zone_hints': [], 'availability_zones': [], 'ipv4_address_scope': None, 'ipv6_address_scope': None, 'description': '', 'tags': [], 'created_at': '2025-04-16T21:27:18Z', 'updated_at': '2025-04-16T21:27:18Z', 'revision_number': 1}, Subnet: {'id': 'ac3f1301-894c-40ef-a4f1-03e90747783e', 'name': 'tempest-AttachInterfacesTestJSON-2090074657-subnet', 'tenant_id': '4c170a67fc6f486288907d62dabda35a', 'network_id': '345c01e5-82e5-41f8-82b7-e6d7538e7d4f', 'ip_version': 4, 'subnetpool_id': None, 'enable_dhcp': True, 'ipv6_ra_mode': None, 'ipv6_address_mode': None, 'gateway_ip': '192.168.128.1', 'cidr': '192.168.128.0/28', 'allocation_pools': [{'start': '192.168.128.2', 'end': '192.168.128.14'}], 'host_routes': [], 'dns_nameservers': [], 'description': '', 'service_types': [], 'tags': [], 'created_at': '2025-04-16T21:27:18Z', 'updated_at': '2025-04-16T21:27:18Z', 'revision_number': 0, 'project_id': '4c170a67fc6f486288907d62dabda35a'}, Router: {'id': 'b32425c2-acec-48f9-8a89-4abe26487eea', 'name': 'tempest-AttachInterfacesTestJSON-2090074657-router', 'tenant_id': '4c170a67fc6f486288907d62dabda35a', 'admin_state_up': True, 'status': 'ACTIVE', 'external_gateway_info': {'network_id': '545f6e42-7d78-439e-b25c-7c4db313365c', 'external_fixed_ips': [{'subnet_id': 'fe58fa59-6df9-419a-89ff-57e00a00ecd1', 'ip_address': '10.180.180.226'}], 'enable_snat': True}, 'description': '', 'availability_zones': [], 'distributed': False, 'ha': False, 'availability_zone_hints': [], 'routes': [], 'flavor_id': None, 'tags': [], 'created_at': '2025-04-16T21:27:19Z', 'updated_at': '2025-04-16T21:27:19Z', 'revision_number': 2, 'project_id': '4c170a67fc6f486288907d62dabda35a'}
2025-04-16 21:27:22.191 68888 INFO tempest.lib.common.rest_client [req-e28842e3-8124-4211-a160-f506814aaf81 req-e28842e3-8124-4211-a160-f506814aaf81 ] Request (QuotasSecurityGroupAdminNegativeTest:setUpClass): 201 POST http://10.180.1.21/identity/v3/projects 0.086s
2025-04-16 21:27:22.249 68901 INFO tempest.lib.common.rest_client [req-7b3d1082-14e3-49ff-b692-bc1545b63931 req-7b3d1082-14e3-49ff-b692-bc1545b63931 ] Request (ImagesTestJSON:test_create_image_from_stopped_server): 200 GET http://10.180.1.21/compute/v2.1/servers/6894c90c-cbfb-4226-a0b5-e195f923c8e0 1.525s
2025-04-16 21:27:22.262 68879 INFO tempest.lib.common.rest_client [req-a3ad3b09-dc93-40f7-8b9e-bdf7e13f273e req-a3ad3b09-dc93-40f7-8b9e-bdf7e13f273e ] Request (AttachInterfacesTestJSON:setUpClass): 201 POST http://10.180.1.21/identity/v3/auth/tokens 0.092s
2025-04-16 21:27:22.266 68888 INFO tempest.lib.common.rest_client [req-881f9a95-f9c4-4abb-aae5-59f74a663c6c req-881f9a95-f9c4-4abb-aae5-59f74a663c6c ] Request (QuotasSecurityGroupAdminNegativeTest:setUpClass): 201 POST http://10.180.1.21/identity/v3/users 0.074s
2025-04-16 21:27:22.286 68888 INFO tempest.lib.common.rest_client [req-57ccf3e6-d38f-40a7-b868-a4b3affca836 req-57ccf3e6-d38f-40a7-b868-a4b3affca836 ] Request (QuotasSecurityGroupAdminNegativeTest:setUpClass): 200 GET http://10.180.1.21/identity/v3/roles 0.019s
2025-04-16 21:27:22.320 68888 INFO tempest.lib.common.rest_client [req-ecbf7da9-53cd-4b9a-802c-cab2f82a553b req-ecbf7da9-53cd-4b9a-802c-cab2f82a553b ] Request (QuotasSecurityGroupAdminNegativeTest:setUpClass): 204 PUT http://10.180.1.21/identity/v3/projects/dba2c5669107469ba94b83d74c0f6159/users/4d5f6c52dd074dc9aa7782a946354d86/roles/ad98f9cbf9a2488c8bf505a586e56122 0.034s
2025-04-16 21:27:22.367 68888 INFO tempest.lib.common.rest_client [req-05014d56-aa98-46c2-bc4e-feb55c98df66 req-05014d56-aa98-46c2-bc4e-feb55c98df66 ] Request (QuotasSecurityGroupAdminNegativeTest:setUpClass): 200 GET http://10.180.1.21/identity/v3/roles 0.047s
2025-04-16 21:27:22.400 68888 INFO tempest.lib.common.rest_client [req-43523e82-d880-4ddc-b882-ea8c14a4470d req-43523e82-d880-4ddc-b882-ea8c14a4470d ] Request (QuotasSecurityGroupAdminNegativeTest:setUpClass): 204 PUT http://10.180.1.21/identity/v3/projects/dba2c5669107469ba94b83d74c0f6159/users/4d5f6c52dd074dc9aa7782a946354d86/roles/ad98f9cbf9a2488c8bf505a586e56122 0.032s
2025-04-16 21:27:22.401 68888 INFO tempest.lib.common.dynamic_creds [-] Dynamic test user 4d5f6c52dd074dc9aa7782a946354d86 is created with scope project and roles: ['admin']
2025-04-16 21:27:22.401 68888 INFO tempest.lib.common.dynamic_creds [-] Acquired dynamic creds: credentials: Credentials: {'domain_id': 'default', 'domain_name': 'Default', 'username': 'tempest-QuotasSecurityGroupAdminNegativeTest-1660652234-project-admin', 'project_domain_id': 'default', 'project_domain_name': 'Default', 'project_id': 'dba2c5669107469ba94b83d74c0f6159', 'project_name': 'tempest-QuotasSecurityGroupAdminNegativeTest-1660652234', 'tenant_id': 'dba2c5669107469ba94b83d74c0f6159', 'tenant_name': 'tempest-QuotasSecurityGroupAdminNegativeTest-1660652234', 'user_domain_id': 'default', 'user_domain_name': 'Default', 'user_id': '4d5f6c52dd074dc9aa7782a946354d86', 'system': None}, Network: None, Subnet: None, Router: None
2025-04-16 21:27:22.401 68888 INFO tempest.lib.common.dynamic_creds [-] Created isolated network resources for: credentials: Credentials: {'domain_id': 'default', 'domain_name': 'Default', 'username': 'tempest-QuotasSecurityGroupAdminNegativeTest-1660652234-project-admin', 'project_domain_id': 'default', 'project_domain_name': 'Default', 'project_id': 'dba2c5669107469ba94b83d74c0f6159', 'project_name': 'tempest-QuotasSecurityGroupAdminNegativeTest-1660652234', 'tenant_id': 'dba2c5669107469ba94b83d74c0f6159', 'tenant_name': 'tempest-QuotasSecurityGroupAdminNegativeTest-1660652234', 'user_domain_id': 'default', 'user_domain_name': 'Default', 'user_id': '4d5f6c52dd074dc9aa7782a946354d86', 'system': None}, Network: None, Subnet: None, Router: None
2025-04-16 21:27:22.487 68888 INFO tempest.lib.common.rest_client [req-08f41929-b771-4648-8670-7426a1db2e32 req-08f41929-b771-4648-8670-7426a1db2e32 ] Request (QuotasSecurityGroupAdminNegativeTest:setUpClass): 201 POST http://10.180.1.21/identity/v3/auth/tokens 0.084s
2025-04-16 21:27:22.488 68888 WARNING tempest.lib.common.rest_client [-] Deprecated: "tenant_id" property is deprecated for removal, use "project_id" instead
2025-04-16 21:27:22.512 68859 INFO tempest.lib.common.rest_client [req-2e9d8c84-d1ce-4cc0-b5ca-4b78b831c3a9 req-2e9d8c84-d1ce-4cc0-b5ca-4b78b831c3a9 ] Request (ServersAdminTestJSON:setUpClass): 200 GET http://10.180.1.21/compute/v2.1/servers/15eb6744-4b26-4d7a-8639-cb3bd13e3726 1.761s
2025-04-16 21:27:22.538 68881 INFO tempest.lib.common.rest_client [req-b26aaaae-4f14-48fd-b1cd-e2b3bc306d5c req-b26aaaae-4f14-48fd-b1cd-e2b3bc306d5c ] Request (SecurityGroupsTestJSON:test_list_security_groups_by_server): 200 GET http://10.180.1.21/compute/v2.1/servers/e1e0f1fc-a1b7-47ff-8f78-4ad09d2a005e 1.874s
2025-04-16 21:27:22.621 68888 INFO tempest.lib.common.rest_client [req-d26a82bf-640f-41c9-b5b4-58871f01cbe8 req-d26a82bf-640f-41c9-b5b4-58871f01cbe8 ] Request (QuotasSecurityGroupAdminNegativeTest:tearDownClass): 204 DELETE http://10.180.1.21/identity/v3/users/0f971fd7cc2a460a8a4f7504e88e5353 0.123s
2025-04-16 21:27:22.744 68888 INFO tempest.lib.common.rest_client [req-e5118cbd-7dcf-4a42-acc2-54d9167c6feb req-e5118cbd-7dcf-4a42-acc2-54d9167c6feb ] Request (QuotasSecurityGroupAdminNegativeTest:tearDownClass): 204 DELETE http://10.180.1.21/identity/v3/users/4d5f6c52dd074dc9aa7782a946354d86 0.122s
2025-04-16 21:27:22.744 68888 INFO tempest.lib.common.dynamic_creds [-] Deleting project and security group for project: 65e0fd53bfda4715a615ecfbababc8e4
2025-04-16 21:27:22.825 68888 INFO tempest.lib.common.rest_client [req-bf78c964-8d28-4727-ac8a-d4529bb232f2 req-bf78c964-8d28-4727-ac8a-d4529bb232f2 ] Request (QuotasSecurityGroupAdminNegativeTest:tearDownClass): 201 POST http://10.180.1.21/identity/v3/auth/tokens 0.080s
2025-04-16 21:27:22.836 68863 INFO tempest.lib.common.rest_client [req-27b4f8b5-9ea1-45cc-b49b-41b393a138a4 req-27b4f8b5-9ea1-45cc-b49b-41b393a138a4 ] Request (MigrationsAdminTest:test_list_migrations_in_flavor_resize_situation): 200 GET http://10.180.1.21/compute/v2.1/servers/f3b237f4-6e23-4474-b841-aa3ca8c1486f 1.873s
2025-04-16 21:27:22.856 68871 INFO tempest.lib.common.rest_client [req-6c1752e6-5218-4353-b623-a2eb5f4b4a3e req-6c1752e6-5218-4353-b623-a2eb5f4b4a3e ] Request (FlavorsAdminTestJSON:test_is_public_string_variations): 200 GET http://10.180.1.21/compute/v2.1/flavors/detail?is_public=true 1.894s
2025-04-16 21:27:22.888 68869 INFO tempest.lib.common.rest_client [req-2df35549-67e2-434e-accb-839daaa57148 req-2df35549-67e2-434e-accb-839daaa57148 ] Request (ServerDiskConfigTestJSON:test_rebuild_server_with_auto_disk_config): 200 GET http://10.180.1.21/compute/v2.1/servers/cf2dc0a3-47fe-4fa6-b7f0-3e03328c1cb9 1.934s
2025-04-16 21:27:22.889 68839 INFO tempest.lib.common.rest_client [req-40c077f8-5557-4d0b-8d30-07fb60ab1b41 req-40c077f8-5557-4d0b-8d30-07fb60ab1b41 ] Request (AggregatesAdminNegativeTestJSON:test_aggregate_remove_nonexistent_host): 200 POST http://10.180.1.21/compute/v2.1/os-aggregates 1.909s
2025-04-16 21:27:22.991 68853 INFO tempest.lib.common.rest_client [req-06ae77ed-dfb5-4c5f-82c0-62ca54c74c22 req-06ae77ed-dfb5-4c5f-82c0-62ca54c74c22 ] Request (ServerMetadataTestJSON:setUpClass): 200 GET http://10.180.1.21/compute/v2.1/servers/ef53dbb8-20d3-4b5c-be29-ce75cc6c0233 1.786s
2025-04-16 21:27:23.091 68873 INFO tempest.lib.common.rest_client [req-d968fded-a562-4e88-865b-1f3820a48c83 req-d968fded-a562-4e88-865b-1f3820a48c83 ] Request (ServersV294TestFqdnHostnames:setUpClass): 200 GET http://10.180.1.21/compute/v2.1/servers/7ff5aa4a-0f8a-4ed8-a918-ef2fe3410455 1.854s
2025-04-16 21:27:23.372 68867 INFO tempest.lib.common.rest_client [req-4cc85a78-b051-481b-9059-889c2ad17af6 req-4cc85a78-b051-481b-9059-889c2ad17af6 ] Request (ServerExternalEventsTest:test_create_server_external_events): 200 GET http://10.180.1.21/compute/v2.1/servers/e49a885d-c0d2-414b-b1f0-bfc3a710e9ad 2.232s
2025-04-16 21:27:23.376 68851 INFO tempest.lib.common.rest_client [req-8f8ca0ce-b526-4e85-973f-53b940717fb8 req-8f8ca0ce-b526-4e85-973f-53b940717fb8 ] Request (TenantUsagesTestJSON:setUpClass): 200 GET http://10.180.1.21/compute/v2.1/servers/52ef7a21-6254-4ac1-a3c0-93f1ac70dd9c 2.060s
2025-04-16 21:27:23.462 68893 INFO tempest.lib.common.rest_client [req-12ba470e-f907-4acf-a0c6-56a7dcaaedbf req-12ba470e-f907-4acf-a0c6-56a7dcaaedbf ] Request (ServerAddressesTestJSON:setUpClass): 200 GET http://10.180.1.21/compute/v2.1/servers/db77f64d-5b6c-4a88-aa1c-2622832b3f58 2.047s
2025-04-16 21:27:23.474 68888 INFO tempest.lib.common.rest_client [req-39455be9-a74e-4f11-93ed-c76812eb4965 req-39455be9-a74e-4f11-93ed-c76812eb4965 ] Request (QuotasSecurityGroupAdminNegativeTest:tearDownClass): 200 GET http://10.180.1.21:9696/networking/v2.0/security-groups?tenant_id=65e0fd53bfda4715a615ecfbababc8e4&name=default 0.649s
2025-04-16 21:27:23.540 68847 INFO tempest.lib.common.rest_client [req-082d9064-1990-44ea-b1ab-dbcd7af671ca req-082d9064-1990-44ea-b1ab-dbcd7af671ca ] Request (ServersWithSpecificFlavorTestJSON:test_verify_created_server_ephemeral_disk): 200 GET http://10.180.1.21/compute/v2.1/servers/0be1ddd3-e07f-49b3-a5a7-df32b5262c30 2.024s
2025-04-16 21:27:23.571 68888 INFO tempest.lib.common.rest_client [req-bfd5320f-8bef-42f7-b99d-91af537b6f78 req-bfd5320f-8bef-42f7-b99d-91af537b6f78 ] Request (QuotasSecurityGroupAdminNegativeTest:tearDownClass): 204 DELETE http://10.180.1.21:9696/networking/v2.0/security-groups/c249e82d-ca2f-4bc5-b62f-939633663128 0.096s
2025-04-16 21:27:23.615 68861 INFO tempest.lib.common.rest_client [req-b3d0f9fb-3c69-4991-9306-66f313f92871 req-b3d0f9fb-3c69-4991-9306-66f313f92871 ] Request (ImagesNegativeTestJSON:test_create_image_from_deleted_server): 200 GET http://10.180.1.21/compute/v2.1/servers/7a000e36-e100-4c79-a170-8cf86a4244d7 2.008s
2025-04-16 21:27:23.638 68888 INFO tempest.lib.common.rest_client [req-46875cf5-279c-41f1-900d-25ab972e70dd req-46875cf5-279c-41f1-900d-25ab972e70dd ] Request (QuotasSecurityGroupAdminNegativeTest:tearDownClass): 204 DELETE http://10.180.1.21/identity/v3/projects/65e0fd53bfda4715a615ecfbababc8e4 0.066s
2025-04-16 21:27:23.638 68888 INFO tempest.lib.common.dynamic_creds [-] Deleting project and security group for project: dba2c5669107469ba94b83d74c0f6159
2025-04-16 21:27:23.721 68897 INFO tempest.lib.common.rest_client [req-f6e56e90-5045-49b9-98e2-090997be5f3a req-f6e56e90-5045-49b9-98e2-090997be5f3a ] Request (AbsoluteLimitsNegativeTestJSON:test_max_metadata_exceed_limit): 403 POST http://10.180.1.21/compute/v2.1/servers 2.241s
2025-04-16 21:27:23.727 68888 INFO tempest.lib.common.rest_client [req-0e350657-a12b-44e1-855a-9d9dea2694eb req-0e350657-a12b-44e1-855a-9d9dea2694eb ] Request (QuotasSecurityGroupAdminNegativeTest:tearDownClass): 200 GET http://10.180.1.21:9696/networking/v2.0/security-groups?tenant_id=dba2c5669107469ba94b83d74c0f6159&name=default 0.088s
2025-04-16 21:27:23.764 68885 INFO tempest.lib.common.rest_client [req-55dcaff1-f86d-48d2-8870-bbde9e7d2e9d req-55dcaff1-f86d-48d2-8870-bbde9e7d2e9d ] Request (ListImageFiltersNegativeTestJSON:test_get_nonexistent_image): 404 GET http://10.180.1.21/compute/v2.1/images/98b0af7f-ce25-4821-8994-618eaf9972e1 1.990s
2025-04-16 21:27:23.801 68899 INFO tempest.lib.common.rest_client [req-6347dad8-d28c-40ca-9fce-cdb060968811 req-6347dad8-d28c-40ca-9fce-cdb060968811 ] Request (ServerAddressesNegativeTestJSON:setUpClass): 200 GET http://10.180.1.21/compute/v2.1/servers/4a43ba00-1df6-4f10-a4ce-37c4ae353cc2 1.936s
2025-04-16 21:27:23.813 68888 INFO tempest.lib.common.rest_client [req-d31901a3-e333-4235-bba1-31d68d1ee183 req-d31901a3-e333-4235-bba1-31d68d1ee183 ] Request (QuotasSecurityGroupAdminNegativeTest:tearDownClass): 204 DELETE http://10.180.1.21:9696/networking/v2.0/security-groups/e5dc374e-797a-4592-ba57-06a95de5f4f5 0.083s
2025-04-16 21:27:23.852 68877 INFO tempest.lib.common.rest_client [req-ce21bfa0-e61f-47d7-86a2-093d1ecce8e9 req-ce21bfa0-e61f-47d7-86a2-093d1ecce8e9 ] Request (ServerDiagnosticsNegativeTest:test_get_server_diagnostics_by_non_admin): 200 GET http://10.180.1.21/compute/v2.1/servers/3adaf481-5844-45ac-8dc9-eb396a47ed1c 1.901s
2025-04-16 21:27:23.860 68885 INFO tempest.lib.common.rest_client [req-54dfeb50-c500-4a77-9143-dfa0102f99bb req-54dfeb50-c500-4a77-9143-dfa0102f99bb ] Request (ListImageFiltersNegativeTestJSON:tearDownClass): 204 DELETE http://10.180.1.21/identity/v3/users/64d5c01c2b194529a1a293b129776d02 0.089s
2025-04-16 21:27:23.860 68885 INFO tempest.lib.common.dynamic_creds [-] Deleting project and security group for project: f0eddcbaec304e2d8709eecd8448b0c9
2025-04-16 21:27:23.861 68897 INFO tempest.lib.common.rest_client [req-fcb8e15d-81e5-4a88-8b6f-f080cd8b4839 req-fcb8e15d-81e5-4a88-8b6f-f080cd8b4839 ] Request (AbsoluteLimitsNegativeTestJSON:tearDownClass): 204 DELETE http://10.180.1.21/identity/v3/users/21064d0fce844179bd8fb1814ff96823 0.134s
2025-04-16 21:27:23.861 68897 INFO tempest.lib.common.dynamic_creds [-] Deleting project and security group for project: e725eed4faa042aa9f554127ee4c370a
2025-04-16 21:27:23.865 68883 INFO tempest.lib.common.rest_client [req-094f6765-334c-4529-93e1-a626b392b32e req-094f6765-334c-4529-93e1-a626b392b32e ] Request (ServerRescueNegativeTestJSON:setUpClass): 201 POST http://10.180.1.21:9696/networking/v2.0/routers 2.540s
2025-04-16 21:27:23.902 68849 INFO tempest.lib.common.rest_client [req-79b889cf-1c64-4d37-b6fe-bf3c9f161dd3 req-79b889cf-1c64-4d37-b6fe-bf3c9f161dd3 ] Request (ServersTestJSON:test_create_server_specify_multibyte_character_name): 200 GET http://10.180.1.21/compute/v2.1/servers/47ab9428-5860-4c42-a5ec-a9ff608790e9 1.816s
2025-04-16 21:27:23.921 68843 INFO tempest.lib.common.rest_client [req-21e6feee-1981-4197-81d7-59353902ea99 req-21e6feee-1981-4197-81d7-59353902ea99 ] Request (ServersAdmin275Test:test_rebuild_update_server_275): 200 GET http://10.180.1.21/compute/v2.1/servers/8c30562a-4a81-4007-923c-3bc0b922f01c 1.735s
2025-04-16 21:27:23.927 68885 INFO tempest.lib.common.rest_client [req-60fb4e05-0664-4372-b780-e861f42c8bbd req-60fb4e05-0664-4372-b780-e861f42c8bbd ] Request (ListImageFiltersNegativeTestJSON:tearDownClass): 201 POST http://10.180.1.21/identity/v3/auth/tokens 0.067s
2025-04-16 21:27:23.951 68897 INFO tempest.lib.common.rest_client [req-322875b9-0023-4153-a667-733d2a14879f req-322875b9-0023-4153-a667-733d2a14879f ] Request (AbsoluteLimitsNegativeTestJSON:tearDownClass): 201 POST http://10.180.1.21/identity/v3/auth/tokens 0.090s
2025-04-16 21:27:24.002 68888 INFO tempest.lib.common.rest_client [req-c5c8836e-6b33-48a6-b4a5-6b6bfb900852 req-c5c8836e-6b33-48a6-b4a5-6b6bfb900852 ] Request (QuotasSecurityGroupAdminNegativeTest:tearDownClass): 204 DELETE http://10.180.1.21/identity/v3/projects/dba2c5669107469ba94b83d74c0f6159 0.184s
2025-04-16 21:27:24.081 68891 INFO tempest.lib.common.rest_client [req-555bdd8f-6969-4d97-841a-a4ba89819586 req-555bdd8f-6969-4d97-841a-a4ba89819586 ] Request (DeleteServersAdminTestJSON:test_admin_delete_servers_of_others): 200 GET http://10.180.1.21/compute/v2.1/servers/0eae5e9a-258a-44e5-9b4f-53100f15aa7a 1.489s
2025-04-16 21:27:24.120 68875 INFO tempest.lib.common.rest_client [req-34fe47a1-6022-44d0-abc4-ab803bd3b67c req-34fe47a1-6022-44d0-abc4-ab803bd3b67c ] Request (InstanceActionsNegativeTestJSON:setUpClass): 200 PUT http://10.180.1.21:9696/networking/v2.0/routers/13f6be77-1742-43d7-b551-800d5651e856/add_router_interface 2.830s
2025-04-16 21:27:24.120 68875 INFO tempest.lib.common.dynamic_creds [-] Created isolated network resources for: credentials: Credentials: {'domain_id': 'default', 'domain_name': 'Default', 'username': 'tempest-InstanceActionsNegativeTestJSON-1280557668-project-member', 'project_domain_id': 'default', 'project_domain_name': 'Default', 'project_id': '113f621758c04b3ebb193c8148594123', 'project_name': 'tempest-InstanceActionsNegativeTestJSON-1280557668', 'tenant_id': '113f621758c04b3ebb193c8148594123', 'tenant_name': 'tempest-InstanceActionsNegativeTestJSON-1280557668', 'user_domain_id': 'default', 'user_domain_name': 'Default', 'user_id': 'd5740e66ac4d404e9f3d0800a0c3031a', 'system': None}, Network: {'id': 'b14e3442-9e0a-4819-9bbc-30331fc0eb82', 'name': 'tempest-InstanceActionsNegativeTestJSON-955615954-network', 'tenant_id': '113f621758c04b3ebb193c8148594123', 'admin_state_up': True, 'mtu': 8950, 'status': 'ACTIVE', 'subnets': [], 'shared': False, 'project_id': '113f621758c04b3ebb193c8148594123', 'port_security_enabled': True, 'router:external': False, 'provider:network_type': 'vlan', 'provider:physical_network': 'default', 'provider:segmentation_id': 179, 'is_default': False, 'availability_zone_hints': [], 'availability_zones': [], 'ipv4_address_scope': None, 'ipv6_address_scope': None, 'description': '', 'tags': [], 'created_at': '2025-04-16T21:27:18Z', 'updated_at': '2025-04-16T21:27:18Z', 'revision_number': 1}, Subnet: {'id': '7136ce47-8a86-4a5f-8f1d-813cbd65360e', 'name': 'tempest-InstanceActionsNegativeTestJSON-955615954-subnet', 'tenant_id': '113f621758c04b3ebb193c8148594123', 'network_id': 'b14e3442-9e0a-4819-9bbc-30331fc0eb82', 'ip_version': 4, 'subnetpool_id': None, 'enable_dhcp': True, 'ipv6_ra_mode': None, 'ipv6_address_mode': None, 'gateway_ip': '192.168.128.1', 'cidr': '192.168.128.0/28', 'allocation_pools': [{'start': '192.168.128.2', 'end': '192.168.128.14'}], 'host_routes': [], 'dns_nameservers': [], 'description': '', 'service_types': [], 'tags': [], 'created_at': '2025-04-16T21:27:19Z', 'updated_at': '2025-04-16T21:27:19Z', 'revision_number': 0, 'project_id': '113f621758c04b3ebb193c8148594123'}, Router: {'id': '13f6be77-1742-43d7-b551-800d5651e856', 'name': 'tempest-InstanceActionsNegativeTestJSON-955615954-router', 'tenant_id': '113f621758c04b3ebb193c8148594123', 'admin_state_up': True, 'status': 'ACTIVE', 'external_gateway_info': {'network_id': '545f6e42-7d78-439e-b25c-7c4db313365c', 'external_fixed_ips': [{'subnet_id': 'fe58fa59-6df9-419a-89ff-57e00a00ecd1', 'ip_address': '10.180.180.183'}], 'enable_snat': True}, 'description': '', 'availability_zones': [], 'distributed': False, 'ha': False, 'availability_zone_hints': [], 'routes': [], 'flavor_id': None, 'tags': [], 'created_at': '2025-04-16T21:27:19Z', 'updated_at': '2025-04-16T21:27:20Z', 'revision_number': 2, 'project_id': '113f621758c04b3ebb193c8148594123'}
2025-04-16 21:27:24.142 68888 INFO tempest.lib.common.rest_client [req-7fb607fb-8e84-4c91-9b27-2e9392819a05 req-7fb607fb-8e84-4c91-9b27-2e9392819a05 ] Request (SecurityGroupRulesNegativeTestJSON:setUpClass): 201 POST http://10.180.1.21/identity/v3/auth/tokens 0.136s
2025-04-16 21:27:24.160 68865 INFO tempest.lib.common.rest_client [req-413a964c-5459-4124-875e-5ac6cf5c8a87 req-413a964c-5459-4124-875e-5ac6cf5c8a87 ] Request (VolumesAssistedSnapshotsTest:test_volume_assisted_snapshot_create_delete): 200 GET http://10.180.1.21/compute/v2.1/servers/c962c9c7-04a4-46ec-a46f-fac13caa6a1e 1.471s
2025-04-16 21:27:24.169 68879 INFO tempest.lib.common.rest_client [req-18f8d3a0-e2fc-435b-9e75-271c3a668609 req-18f8d3a0-e2fc-435b-9e75-271c3a668609 ] Request (ValidationResourcesFixture:setUp): 200 POST http://10.180.1.21/compute/v2.1/os-keypairs 1.904s
2025-04-16 21:27:24.176 68888 INFO tempest.lib.common.rest_client [req-0999f41d-d548-43e4-a9da-1e70beb3a525 req-0999f41d-d548-43e4-a9da-1e70beb3a525 ] Request (SecurityGroupRulesNegativeTestJSON:setUpClass): 201 POST http://10.180.1.21/identity/v3/auth/tokens 0.031s
2025-04-16 21:27:24.187 68871 INFO tempest.lib.common.rest_client [req-d82c18fe-9f81-41a6-b565-a3e279df13c1 req-d82c18fe-9f81-41a6-b565-a3e279df13c1 ] Request (FlavorsAdminTestJSON:test_is_public_string_variations): 200 GET http://10.180.1.21/compute/v2.1/flavors/detail?is_public=yes 1.324s
2025-04-16 21:27:24.198 68888 INFO tempest.lib.common.rest_client [req-1e7d4d5a-87f8-4f5c-9f35-fcc72ba99bc8 req-1e7d4d5a-87f8-4f5c-9f35-fcc72ba99bc8 ] Request (SecurityGroupRulesNegativeTestJSON:setUpClass): 200 GET http://10.180.1.21/identity/v3/domains?name=Default 0.022s
2025-04-16 21:27:24.200 68839 INFO tempest.lib.common.rest_client [req-52d83cb2-df72-4287-85c4-c2a6016735d5 req-52d83cb2-df72-4287-85c4-c2a6016735d5 ] Request (AggregatesAdminNegativeTestJSON:test_aggregate_remove_nonexistent_host): 404 POST http://10.180.1.21/compute/v2.1/os-aggregates/8/action 1.308s
2025-04-16 21:27:24.201 68875 INFO tempest.lib.common.rest_client [req-52563051-74ff-4914-b5e1-d91f31d025fa req-52563051-74ff-4914-b5e1-d91f31d025fa ] Request (InstanceActionsNegativeTestJSON:setUpClass): 201 POST http://10.180.1.21/identity/v3/auth/tokens 0.076s
2025-04-16 21:27:24.230 68888 INFO tempest.lib.common.rest_client [req-5b200f73-a1bd-45da-9170-da7c51cfe2f5 req-5b200f73-a1bd-45da-9170-da7c51cfe2f5 ] Request (SecurityGroupRulesNegativeTestJSON:setUpClass): 201 POST http://10.180.1.21/identity/v3/projects 0.031s
2025-04-16 21:27:24.242 68885 INFO tempest.lib.common.rest_client [req-b68edf72-f616-400d-8953-b36a435d6dbd req-b68edf72-f616-400d-8953-b36a435d6dbd ] Request (ListImageFiltersNegativeTestJSON:tearDownClass): 200 GET http://10.180.1.21:9696/networking/v2.0/security-groups?tenant_id=f0eddcbaec304e2d8709eecd8448b0c9&name=default 0.314s
2025-04-16 21:27:24.260 68875 INFO tempest.lib.common.rest_client [req-f11a5a86-bacf-4052-8075-9800c3aff99b req-f11a5a86-bacf-4052-8075-9800c3aff99b ] Request (InstanceActionsNegativeTestJSON:setUpClass): 201 POST http://10.180.1.21/identity/v3/auth/tokens 0.055s
2025-04-16 21:27:24.260 68875 INFO tempest.lib.common.fixed_network [-] (InstanceActionsNegativeTestJSON:setUpClass) Found network {'id': 'b14e3442-9e0a-4819-9bbc-30331fc0eb82', 'name': 'tempest-InstanceActionsNegativeTestJSON-955615954-network', 'tenant_id': '113f621758c04b3ebb193c8148594123', 'admin_state_up': True, 'mtu': 8950, 'status': 'ACTIVE', 'subnets': [], 'shared': False, 'project_id': '113f621758c04b3ebb193c8148594123', 'port_security_enabled': True, 'router:external': False, 'provider:network_type': 'vlan', 'provider:physical_network': 'default', 'provider:segmentation_id': 179, 'is_default': False, 'availability_zone_hints': [], 'availability_zones': [], 'ipv4_address_scope': None, 'ipv6_address_scope': None, 'description': '', 'tags': [], 'created_at': '2025-04-16T21:27:18Z', 'updated_at': '2025-04-16T21:27:18Z', 'revision_number': 1} available for tenant
2025-04-16 21:27:24.281 68841 INFO tempest.lib.common.rest_client [req-e75b5355-3b8a-4306-b40c-7163805ce111 req-e75b5355-3b8a-4306-b40c-7163805ce111 ] Request (ServerActionsV293TestJSON:setUpClass): 200 GET http://10.180.1.21/compute/v2.1/servers/ccd1b692-f511-43c8-8b3d-ce92ef27670f 1.312s
2025-04-16 21:27:24.292 68888 INFO tempest.lib.common.rest_client [req-dc8a36e6-c6cb-4280-99c0-d4d2fd11623c req-dc8a36e6-c6cb-4280-99c0-d4d2fd11623c ] Request (SecurityGroupRulesNegativeTestJSON:setUpClass): 201 POST http://10.180.1.21/identity/v3/users 0.062s
2025-04-16 21:27:24.307 68897 INFO tempest.lib.common.rest_client [req-f698e2cd-e40c-4034-8113-207472bbf2a1 req-f698e2cd-e40c-4034-8113-207472bbf2a1 ] Request (AbsoluteLimitsNegativeTestJSON:tearDownClass): 200 GET http://10.180.1.21:9696/networking/v2.0/security-groups?tenant_id=e725eed4faa042aa9f554127ee4c370a&name=default 0.354s
2025-04-16 21:27:24.317 68888 INFO tempest.lib.common.rest_client [req-2bdc0627-d6b9-4f7e-84b0-413bed13d130 req-2bdc0627-d6b9-4f7e-84b0-413bed13d130 ] Request (SecurityGroupRulesNegativeTestJSON:setUpClass): 200 GET http://10.180.1.21/identity/v3/roles 0.024s
2025-04-16 21:27:24.345 68888 INFO tempest.lib.common.rest_client [req-18a47b1b-caaf-4193-960e-d265dc49b5e2 req-18a47b1b-caaf-4193-960e-d265dc49b5e2 ] Request (SecurityGroupRulesNegativeTestJSON:setUpClass): 204 PUT http://10.180.1.21/identity/v3/projects/680e7abf0216485f96a5da908161e27e/users/3ddca39ebe6e453db6de9ba8216598cc/roles/a8452c997ae942ccab3ee19d69970e0b 0.027s
2025-04-16 21:27:24.345 68888 INFO tempest.lib.common.dynamic_creds [-] Dynamic test user 3ddca39ebe6e453db6de9ba8216598cc is created with scope project and roles: ['member']
2025-04-16 21:27:24.346 68888 INFO tempest.lib.common.dynamic_creds [-] Acquired dynamic creds: credentials: Credentials: {'domain_id': 'default', 'domain_name': 'Default', 'username': 'tempest-SecurityGroupRulesNegativeTestJSON-832106156-project-member', 'project_domain_id': 'default', 'project_domain_name': 'Default', 'project_id': '680e7abf0216485f96a5da908161e27e', 'project_name': 'tempest-SecurityGroupRulesNegativeTestJSON-832106156', 'tenant_id': '680e7abf0216485f96a5da908161e27e', 'tenant_name': 'tempest-SecurityGroupRulesNegativeTestJSON-832106156', 'user_domain_id': 'default', 'user_domain_name': 'Default', 'user_id': '3ddca39ebe6e453db6de9ba8216598cc', 'system': None}, Network: None, Subnet: None, Router: None
2025-04-16 21:27:24.356 68857 INFO tempest.lib.common.rest_client [req-7831cb73-5ced-4832-9c3c-bd9c08dfe870 req-7831cb73-5ced-4832-9c3c-bd9c08dfe870 ] Request (ServerDiagnosticsTest:test_get_server_diagnostics): 200 GET http://10.180.1.21/compute/v2.1/servers/a6eac04c-996e-4733-a37e-d1ba61762409 1.299s
2025-04-16 21:27:24.384 68879 INFO tempest.lib.common.rest_client [req-b256e586-0d97-4a3b-a736-fbbc3dbdb9f8 req-b256e586-0d97-4a3b-a736-fbbc3dbdb9f8 ] Request (ValidationResourcesFixture:setUp): 201 POST http://10.180.1.21:9696/networking/v2.0/security-groups 0.214s
2025-04-16 21:27:24.394 68845 INFO tempest.lib.common.rest_client [req-8a38293e-7b14-4557-bc1d-41ee8aecb414 req-8a38293e-7b14-4557-bc1d-41ee8aecb414 ] Request (ServersAdminNegativeTestJSON:setUpClass): 200 GET http://10.180.1.21/compute/v2.1/servers/c4d97b3b-ab8b-4d2a-85e7-4d3c46e74471 1.440s
2025-04-16 21:27:24.420 68889 INFO tempest.lib.common.rest_client [req-67f48c0d-7584-485a-86fd-a067a0e9da67 req-67f48c0d-7584-485a-86fd-a067a0e9da67 ] Request (ImagesOneServerNegativeTestJSON:setUpClass): 200 GET http://10.180.1.21/compute/v2.1/servers/ee103d2f-8513-4e3a-af13-bfb3b5a7fbd2 1.350s
2025-04-16 21:27:24.431 68888 INFO tempest.lib.common.rest_client [req-20800041-814f-4e32-bc69-5fd4fefdb3f4 req-20800041-814f-4e32-bc69-5fd4fefdb3f4 ] Request (SecurityGroupRulesNegativeTestJSON:setUpClass): 201 POST http://10.180.1.21/identity/v3/auth/tokens 0.085s
2025-04-16 21:27:24.447 68885 INFO tempest.lib.common.rest_client [req-04be93eb-7fb5-46c9-8152-dfb8842c06b2 req-04be93eb-7fb5-46c9-8152-dfb8842c06b2 ] Request (ListImageFiltersNegativeTestJSON:tearDownClass): 204 DELETE http://10.180.1.21:9696/networking/v2.0/security-groups/d9c31111-6080-4763-852e-bccd9a68796d 0.204s
2025-04-16 21:27:24.468 68895 INFO tempest.lib.common.rest_client [req-5f2bcd51-8821-40bd-800a-8e2ad0a1c923 req-5f2bcd51-8821-40bd-800a-8e2ad0a1c923 ] Request (ServerDiagnosticsV248Test:test_get_server_diagnostics): 200 GET http://10.180.1.21/compute/v2.1/servers/4c5c97bc-4a9f-413b-a75f-a197270103a2 1.314s
2025-04-16 21:27:24.490 68855 INFO tempest.lib.common.rest_client [req-6805a6f5-b898-4c22-aa9b-7d807800e940 req-6805a6f5-b898-4c22-aa9b-7d807800e940 ] Request (ImagesOneServerTestJSON:setUpClass): 200 GET http://10.180.1.21/compute/v2.1/servers/a91a0cd6-a014-43c7-8723-55825c0c8662 1.328s
2025-04-16 21:27:24.512 68885 INFO tempest.lib.common.rest_client [req-23398cfe-fd3d-4bef-91ec-0aab4bbe4acd req-23398cfe-fd3d-4bef-91ec-0aab4bbe4acd ] Request (ListImageFiltersNegativeTestJSON:tearDownClass): 204 DELETE http://10.180.1.21/identity/v3/projects/f0eddcbaec304e2d8709eecd8448b0c9 0.064s
2025-04-16 21:27:24.543 68879 INFO tempest.lib.common.rest_client [req-3a69dd15-777e-43a3-93ce-dae0779d7ed0 req-3a69dd15-777e-43a3-93ce-dae0779d7ed0 ] Request (ValidationResourcesFixture:setUp): 201 POST http://10.180.1.21:9696/networking/v2.0/security-group-rules 0.158s
2025-04-16 21:27:24.557 68901 INFO tempest.lib.common.rest_client [req-efa6af6e-6ac2-4a81-85af-2a56ee34e2f4 req-efa6af6e-6ac2-4a81-85af-2a56ee34e2f4 ] Request (ImagesTestJSON:test_create_image_from_stopped_server): 200 GET http://10.180.1.21/compute/v2.1/servers/6894c90c-cbfb-4226-a0b5-e195f923c8e0 1.291s
2025-04-16 21:27:24.557 68897 INFO tempest.lib.common.rest_client [req-ed269db3-daeb-4b98-90ee-ba539aaae783 req-ed269db3-daeb-4b98-90ee-ba539aaae783 ] Request (AbsoluteLimitsNegativeTestJSON:tearDownClass): 204 DELETE http://10.180.1.21:9696/networking/v2.0/security-groups/d4d3f709-5b95-4e1a-9c02-e87dd830d799 0.249s
2025-04-16 21:27:24.647 68897 INFO tempest.lib.common.rest_client [req-73c3a89c-2057-4e7f-949a-dbc1460050db req-73c3a89c-2057-4e7f-949a-dbc1460050db ] Request (AbsoluteLimitsNegativeTestJSON:tearDownClass): 204 DELETE http://10.180.1.21/identity/v3/projects/e725eed4faa042aa9f554127ee4c370a 0.090s
2025-04-16 21:27:24.695 68881 INFO tempest.lib.common.rest_client [req-69d7b2b7-fad4-44f9-a1bf-445c359939b6 req-69d7b2b7-fad4-44f9-a1bf-445c359939b6 ] Request (SecurityGroupsTestJSON:test_list_security_groups_by_server): 200 GET http://10.180.1.21/compute/v2.1/servers/e1e0f1fc-a1b7-47ff-8f78-4ad09d2a005e 1.145s
2025-04-16 21:27:24.715 68859 INFO tempest.lib.common.rest_client [req-433c7f6b-055a-4b0d-a09a-bcab4c81a7de req-433c7f6b-055a-4b0d-a09a-bcab4c81a7de ] Request (ServersAdminTestJSON:setUpClass): 200 GET http://10.180.1.21/compute/v2.1/servers/15eb6744-4b26-4d7a-8639-cb3bd13e3726 1.193s
2025-04-16 21:27:24.818 68879 INFO tempest.lib.common.rest_client [req-a5cfb6e2-a820-4d9a-b891-3147399dce8b req-a5cfb6e2-a820-4d9a-b891-3147399dce8b ] Request (ValidationResourcesFixture:setUp): 201 POST http://10.180.1.21:9696/networking/v2.0/security-group-rules 0.274s
2025-04-16 21:27:24.854 68869 INFO tempest.lib.common.rest_client [req-e2492371-01d9-490c-9e59-210b3c4b14d2 req-e2492371-01d9-490c-9e59-210b3c4b14d2 ] Request (ServerDiskConfigTestJSON:test_rebuild_server_with_auto_disk_config): 200 GET http://10.180.1.21/compute/v2.1/servers/cf2dc0a3-47fe-4fa6-b7f0-3e03328c1cb9 0.957s
2025-04-16 21:27:24.868 68863 INFO tempest.lib.common.rest_client [req-47877256-a925-4704-9dcc-1b62ca52d74e req-47877256-a925-4704-9dcc-1b62ca52d74e ] Request (MigrationsAdminTest:test_list_migrations_in_flavor_resize_situation): 200 GET http://10.180.1.21/compute/v2.1/servers/f3b237f4-6e23-4474-b841-aa3ca8c1486f 1.023s
2025-04-16 21:27:24.933 68853 INFO tempest.lib.common.rest_client [req-694a7622-c72d-4ed4-aa07-88080c7917b3 req-694a7622-c72d-4ed4-aa07-88080c7917b3 ] Request (ServerMetadataTestJSON:setUpClass): 200 GET http://10.180.1.21/compute/v2.1/servers/ef53dbb8-20d3-4b5c-be29-ce75cc6c0233 0.934s
2025-04-16 21:27:24.937 68873 INFO tempest.lib.common.rest_client [req-c6bfd995-2f81-433d-b23c-8ee69a57d073 req-c6bfd995-2f81-433d-b23c-8ee69a57d073 ] Request (ServersV294TestFqdnHostnames:setUpClass): 200 GET http://10.180.1.21/compute/v2.1/servers/7ff5aa4a-0f8a-4ed8-a918-ef2fe3410455 0.834s
2025-04-16 21:27:24.959 68871 INFO tempest.lib.common.rest_client [req-cd612be0-57c8-474a-a4c1-619f2ea6323d req-cd612be0-57c8-474a-a4c1-619f2ea6323d ] Request (FlavorsAdminTestJSON:test_is_public_string_variations): 200 GET http://10.180.1.21/compute/v2.1/flavors/detail?is_public=1 0.765s
2025-04-16 21:27:24.969 68839 INFO tempest.lib.common.rest_client [req-e902321a-a961-46a1-a537-754f07f547ea req-e902321a-a961-46a1-a537-754f07f547ea ] Request (AggregatesAdminNegativeTestJSON:_run_cleanups): 200 DELETE http://10.180.1.21/compute/v2.1/os-aggregates/8 0.769s
2025-04-16 21:27:25.075 68888 INFO tempest.lib.common.rest_client [req-14e3917e-d143-4430-89f1-bb979d262c7e req-14e3917e-d143-4430-89f1-bb979d262c7e ] Request (SecurityGroupRulesNegativeTestJSON:setUpClass): 201 POST http://10.180.1.21:9696/networking/v2.0/networks 0.644s
2025-04-16 21:27:25.116 68867 INFO tempest.lib.common.rest_client [req-6250a36e-c565-40b9-afd4-a8e6fab412f2 req-6250a36e-c565-40b9-afd4-a8e6fab412f2 ] Request (ServerExternalEventsTest:test_create_server_external_events): 200 GET http://10.180.1.21/compute/v2.1/servers/e49a885d-c0d2-414b-b1f0-bfc3a710e9ad 0.736s
2025-04-16 21:27:25.118 68839 INFO tempest.lib.common.rest_client [req-73d64e07-8d06-40f5-94cf-ec9e480f58b8 req-73d64e07-8d06-40f5-94cf-ec9e480f58b8 ] Request (AggregatesAdminNegativeTestJSON:tearDownClass): 204 DELETE http://10.180.1.21/identity/v3/users/a7c34ca4176441e1a5738594d31b30eb 0.147s
2025-04-16 21:27:25.201 68851 INFO tempest.lib.common.rest_client [req-c596e47e-00c5-49eb-8785-6903bc2cd273 req-c596e47e-00c5-49eb-8785-6903bc2cd273 ] Request (TenantUsagesTestJSON:setUpClass): 200 GET http://10.180.1.21/compute/v2.1/servers/52ef7a21-6254-4ac1-a3c0-93f1ac70dd9c 0.814s
2025-04-16 21:27:25.228 68839 INFO tempest.lib.common.rest_client [req-28444084-515c-4827-9900-7d859d8b410e req-28444084-515c-4827-9900-7d859d8b410e ] Request (AggregatesAdminNegativeTestJSON:tearDownClass): 204 DELETE http://10.180.1.21/identity/v3/users/1a479fa918ed489abb3147107a79596e 0.110s
2025-04-16 21:27:25.229 68839 INFO tempest.lib.common.dynamic_creds [-] Deleting project and security group for project: 12a184525ae249b29e2e7e31c7016489
2025-04-16 21:27:25.284 68893 INFO tempest.lib.common.rest_client [req-f564b38a-f20d-4c78-9973-8c44e382fba5 req-f564b38a-f20d-4c78-9973-8c44e382fba5 ] Request (ServerAddressesTestJSON:setUpClass): 200 GET http://10.180.1.21/compute/v2.1/servers/db77f64d-5b6c-4a88-aa1c-2622832b3f58 0.814s
2025-04-16 21:27:25.313 68839 INFO tempest.lib.common.rest_client [req-d0df95ab-3671-45b4-8fe3-ff505bdc3432 req-d0df95ab-3671-45b4-8fe3-ff505bdc3432 ] Request (AggregatesAdminNegativeTestJSON:tearDownClass): 201 POST http://10.180.1.21/identity/v3/auth/tokens 0.084s
2025-04-16 21:27:25.379 68847 INFO tempest.lib.common.rest_client [req-d6f43585-a1d8-43df-9ec3-2725c7de6f29 req-d6f43585-a1d8-43df-9ec3-2725c7de6f29 ] Request (ServersWithSpecificFlavorTestJSON:test_verify_created_server_ephemeral_disk): 200 GET http://10.180.1.21/compute/v2.1/servers/0be1ddd3-e07f-49b3-a5a7-df32b5262c30 0.829s
2025-04-16 21:27:25.463 68861 INFO tempest.lib.common.rest_client [req-eac5fe06-984e-4ed1-ae2a-60c76be82836 req-eac5fe06-984e-4ed1-ae2a-60c76be82836 ] Request (ImagesNegativeTestJSON:test_create_image_from_deleted_server): 200 GET http://10.180.1.21/compute/v2.1/servers/7a000e36-e100-4c79-a170-8cf86a4244d7 0.835s
2025-04-16 21:27:25.486 68888 INFO tempest.lib.common.rest_client [req-bb63c380-9788-404e-af55-dc834e7eb0d0 req-bb63c380-9788-404e-af55-dc834e7eb0d0 ] Request (SecurityGroupRulesNegativeTestJSON:setUpClass): 201 POST http://10.180.1.21:9696/networking/v2.0/subnets 0.410s
2025-04-16 21:27:25.543 68899 INFO tempest.lib.common.rest_client [req-be26192b-e028-4169-b1fa-4e2b332ce8a3 req-be26192b-e028-4169-b1fa-4e2b332ce8a3 ] Request (ServerAddressesNegativeTestJSON:setUpClass): 200 GET http://10.180.1.21/compute/v2.1/servers/4a43ba00-1df6-4f10-a4ce-37c4ae353cc2 0.729s
2025-04-16 21:27:25.614 68877 INFO tempest.lib.common.rest_client [req-230b797d-824b-4888-b5b0-b6dbc0e48ebc req-230b797d-824b-4888-b5b0-b6dbc0e48ebc ] Request (ServerDiagnosticsNegativeTest:test_get_server_diagnostics_by_non_admin): 200 GET http://10.180.1.21/compute/v2.1/servers/3adaf481-5844-45ac-8dc9-eb396a47ed1c 0.750s
2025-04-16 21:27:25.635 68839 INFO tempest.lib.common.rest_client [req-745f548a-b45b-41ef-923a-f0305f877e19 req-745f548a-b45b-41ef-923a-f0305f877e19 ] Request (AggregatesAdminNegativeTestJSON:tearDownClass): 200 GET http://10.180.1.21:9696/networking/v2.0/security-groups?tenant_id=12a184525ae249b29e2e7e31c7016489&name=default 0.322s
2025-04-16 21:27:25.872 68839 INFO tempest.lib.common.rest_client [req-f1c92d14-2416-44f4-a0ae-073ff0206eb3 req-f1c92d14-2416-44f4-a0ae-073ff0206eb3 ] Request (AggregatesAdminNegativeTestJSON:tearDownClass): 204 DELETE http://10.180.1.21:9696/networking/v2.0/security-groups/cda1e831-4868-46cc-a0be-0e04676c17c1 0.236s
2025-04-16 21:27:25.874 68849 INFO tempest.lib.common.rest_client [req-4f21b2cc-e143-4061-84ee-b7039bf0ff67 req-4f21b2cc-e143-4061-84ee-b7039bf0ff67 ] Request (ServersTestJSON:test_create_server_specify_multibyte_character_name): 200 GET http://10.180.1.21/compute/v2.1/servers/47ab9428-5860-4c42-a5ec-a9ff608790e9 0.959s
2025-04-16 21:27:25.971 68839 INFO tempest.lib.common.rest_client [req-95944adb-ef9f-4bc4-8f55-8eb6f70276bf req-95944adb-ef9f-4bc4-8f55-8eb6f70276bf ] Request (AggregatesAdminNegativeTestJSON:tearDownClass): 204 DELETE http://10.180.1.21/identity/v3/projects/12a184525ae249b29e2e7e31c7016489 0.098s
2025-04-16 21:27:25.971 68843 INFO tempest.lib.common.rest_client [req-0bb4264a-9034-493e-9e51-ba67774d4969 req-0bb4264a-9034-493e-9e51-ba67774d4969 ] Request (ServersAdmin275Test:test_rebuild_update_server_275): 200 GET http://10.180.1.21/compute/v2.1/servers/8c30562a-4a81-4007-923c-3bc0b922f01c 1.033s
2025-04-16 21:27:25.971 68839 INFO tempest.lib.common.dynamic_creds [-] Deleting project and security group for project: e7790ae9055c4f2caa82a067e9df05fb
2025-04-16 21:27:25.992 68871 INFO tempest.lib.common.rest_client [req-20dc9621-aa27-40fe-b335-570a5316e11e req-20dc9621-aa27-40fe-b335-570a5316e11e ] Request (FlavorsAdminTestJSON:_run_cleanups): 202 DELETE http://10.180.1.21/compute/v2.1/flavors/1939637914 1.026s
2025-04-16 21:27:26.063 68875 INFO tempest.lib.common.rest_client [req-e4c4f3b6-5aff-4ea0-b560-a0e1b18a82b8 req-e4c4f3b6-5aff-4ea0-b560-a0e1b18a82b8 ] Request (InstanceActionsNegativeTestJSON:setUpClass): 202 POST http://10.180.1.21/compute/v2.1/servers 1.802s
2025-04-16 21:27:26.122 68883 INFO tempest.lib.common.rest_client [req-1f6a30b5-8d31-4209-84cb-106fd382d633 req-1f6a30b5-8d31-4209-84cb-106fd382d633 ] Request (ServerRescueNegativeTestJSON:setUpClass): 200 PUT http://10.180.1.21:9696/networking/v2.0/routers/9ec29585-42f2-4921-9889-fa1511c25c95/add_router_interface 2.256s
2025-04-16 21:27:26.122 68883 INFO tempest.lib.common.dynamic_creds [-] Created isolated network resources for: credentials: Credentials: {'domain_id': 'default', 'domain_name': 'Default', 'username': 'tempest-ServerRescueNegativeTestJSON-1109921790-project-member', 'project_domain_id': 'default', 'project_domain_name': 'Default', 'project_id': 'fa424406c96240bc8144ca4a3263b5ed', 'project_name': 'tempest-ServerRescueNegativeTestJSON-1109921790', 'tenant_id': 'fa424406c96240bc8144ca4a3263b5ed', 'tenant_name': 'tempest-ServerRescueNegativeTestJSON-1109921790', 'user_domain_id': 'default', 'user_domain_name': 'Default', 'user_id': 'fe8a2b3730684d8e84ac2b0b2cf7832b', 'system': None}, Network: {'id': 'f6c5037f-4b37-45b1-bdbd-120287211294', 'name': 'tempest-ServerRescueNegativeTestJSON-785061911-network', 'tenant_id': 'fa424406c96240bc8144ca4a3263b5ed', 'admin_state_up': True, 'mtu': 8950, 'status': 'ACTIVE', 'subnets': [], 'shared': False, 'project_id': 'fa424406c96240bc8144ca4a3263b5ed', 'port_security_enabled': True, 'router:external': False, 'provider:network_type': 'vlan', 'provider:physical_network': 'default', 'provider:segmentation_id': 593, 'is_default': False, 'availability_zone_hints': [], 'availability_zones': [], 'ipv4_address_scope': None, 'ipv6_address_scope': None, 'description': '', 'tags': [], 'created_at': '2025-04-16T21:27:20Z', 'updated_at': '2025-04-16T21:27:20Z', 'revision_number': 1}, Subnet: {'id': '89546a21-8861-4610-a23b-27dce7952374', 'name': 'tempest-ServerRescueNegativeTestJSON-785061911-subnet', 'tenant_id': 'fa424406c96240bc8144ca4a3263b5ed', 'network_id': 'f6c5037f-4b37-45b1-bdbd-120287211294', 'ip_version': 4, 'subnetpool_id': None, 'enable_dhcp': True, 'ipv6_ra_mode': None, 'ipv6_address_mode': None, 'gateway_ip': '192.168.128.1', 'cidr': '192.168.128.0/28', 'allocation_pools': [{'start': '192.168.128.2', 'end': '192.168.128.14'}], 'host_routes': [], 'dns_nameservers': [], 'description': '', 'service_types': [], 'tags': [], 'created_at': '2025-04-16T21:27:20Z', 'updated_at': '2025-04-16T21:27:20Z', 'revision_number': 0, 'project_id': 'fa424406c96240bc8144ca4a3263b5ed'}, Router: {'id': '9ec29585-42f2-4921-9889-fa1511c25c95', 'name': 'tempest-ServerRescueNegativeTestJSON-785061911-router', 'tenant_id': 'fa424406c96240bc8144ca4a3263b5ed', 'admin_state_up': True, 'status': 'ACTIVE', 'external_gateway_info': {'network_id': '545f6e42-7d78-439e-b25c-7c4db313365c', 'external_fixed_ips': [{'subnet_id': 'fe58fa59-6df9-419a-89ff-57e00a00ecd1', 'ip_address': '10.180.180.132'}], 'enable_snat': True}, 'description': '', 'availability_zones': [], 'distributed': False, 'ha': False, 'availability_zone_hints': [], 'routes': [], 'flavor_id': None, 'tags': [], 'created_at': '2025-04-16T21:27:21Z', 'updated_at': '2025-04-16T21:27:22Z', 'revision_number': 2, 'project_id': 'fa424406c96240bc8144ca4a3263b5ed'}
2025-04-16 21:27:26.137 68879 INFO tempest.lib.common.rest_client [req-514a157a-1792-4927-a001-501187b9b719 req-514a157a-1792-4927-a001-501187b9b719 ] Request (ValidationResourcesFixture:setUp): 201 POST http://10.180.1.21:9696/networking/v2.0/floatingips 1.318s
2025-04-16 21:27:26.148 68865 INFO tempest.lib.common.rest_client [req-3c008598-4f41-483f-b96d-6f99eff40b04 req-3c008598-4f41-483f-b96d-6f99eff40b04 ] Request (VolumesAssistedSnapshotsTest:test_volume_assisted_snapshot_create_delete): 200 GET http://10.180.1.21/compute/v2.1/servers/c962c9c7-04a4-46ec-a46f-fac13caa6a1e 0.975s
2025-04-16 21:27:26.196 68891 INFO tempest.lib.common.rest_client [req-57743762-2e65-411a-ac4d-b1260390c2f8 req-57743762-2e65-411a-ac4d-b1260390c2f8 ] Request (DeleteServersAdminTestJSON:test_admin_delete_servers_of_others): 200 GET http://10.180.1.21/compute/v2.1/servers/0eae5e9a-258a-44e5-9b4f-53100f15aa7a 1.093s
2025-04-16 21:27:26.243 68879 INFO tempest.lib.common.rest_client [req-83b59521-308b-4419-82a0-89bf2d3ecce3 req-83b59521-308b-4419-82a0-89bf2d3ecce3 ] Request (AttachInterfacesTestJSON:test_create_list_show_delete_interfaces_by_fixed_ip): 201 POST http://10.180.1.21/identity/v3/auth/tokens 0.103s
2025-04-16 21:27:26.243 68879 INFO tempest.lib.common.fixed_network [-] (AttachInterfacesTestJSON:test_create_list_show_delete_interfaces_by_fixed_ip) Found network {'id': '345c01e5-82e5-41f8-82b7-e6d7538e7d4f', 'name': 'tempest-AttachInterfacesTestJSON-2090074657-network', 'tenant_id': '4c170a67fc6f486288907d62dabda35a', 'admin_state_up': True, 'mtu': 8950, 'status': 'ACTIVE', 'subnets': [], 'shared': False, 'project_id': '4c170a67fc6f486288907d62dabda35a', 'port_security_enabled': True, 'router:external': False, 'provider:network_type': 'vlan', 'provider:physical_network': 'default', 'provider:segmentation_id': 847, 'is_default': False, 'availability_zone_hints': [], 'availability_zones': [], 'ipv4_address_scope': None, 'ipv6_address_scope': None, 'description': '', 'tags': [], 'created_at': '2025-04-16T21:27:18Z', 'updated_at': '2025-04-16T21:27:18Z', 'revision_number': 1} available for tenant
2025-04-16 21:27:26.245 68839 INFO tempest.lib.common.rest_client [req-da3db120-bef6-4cad-afb4-fba964008f22 req-da3db120-bef6-4cad-afb4-fba964008f22 ] Request (AggregatesAdminNegativeTestJSON:tearDownClass): 200 GET http://10.180.1.21:9696/networking/v2.0/security-groups?tenant_id=e7790ae9055c4f2caa82a067e9df05fb&name=default 0.274s
2025-04-16 21:27:26.256 68841 INFO tempest.lib.common.rest_client [req-d67a005a-bdd4-4563-97d1-a949b956d377 req-d67a005a-bdd4-4563-97d1-a949b956d377 ] Request (ServerActionsV293TestJSON:setUpClass): 200 GET http://10.180.1.21/compute/v2.1/servers/ccd1b692-f511-43c8-8b3d-ce92ef27670f 0.961s
2025-04-16 21:27:26.259 68883 INFO tempest.lib.common.rest_client [req-225498f3-bfa8-4b23-bf60-cdfc2bc59de2 req-225498f3-bfa8-4b23-bf60-cdfc2bc59de2 ] Request (ServerRescueNegativeTestJSON:setUpClass): 201 POST http://10.180.1.21/identity/v3/auth/tokens 0.133s
2025-04-16 21:27:26.294 68857 INFO tempest.lib.common.rest_client [req-bd680dbe-f0ef-4ccb-83eb-cfc8abfa7f2b req-bd680dbe-f0ef-4ccb-83eb-cfc8abfa7f2b ] Request (ServerDiagnosticsTest:test_get_server_diagnostics): 200 GET http://10.180.1.21/compute/v2.1/servers/a6eac04c-996e-4733-a37e-d1ba61762409 0.924s
2025-04-16 21:27:26.311 68883 INFO tempest.lib.common.rest_client [req-12970ec0-f620-44a6-b83e-3ca2b06294f5 req-12970ec0-f620-44a6-b83e-3ca2b06294f5 ] Request (ServerRescueNegativeTestJSON:setUpClass): 201 POST http://10.180.1.21/identity/v3/auth/tokens 0.044s
2025-04-16 21:27:26.312 68883 INFO tempest.lib.common.fixed_network [-] (ServerRescueNegativeTestJSON:setUpClass) Found network {'id': 'f6c5037f-4b37-45b1-bdbd-120287211294', 'name': 'tempest-ServerRescueNegativeTestJSON-785061911-network', 'tenant_id': 'fa424406c96240bc8144ca4a3263b5ed', 'admin_state_up': True, 'mtu': 8950, 'status': 'ACTIVE', 'subnets': [], 'shared': False, 'project_id': 'fa424406c96240bc8144ca4a3263b5ed', 'port_security_enabled': True, 'router:external': False, 'provider:network_type': 'vlan', 'provider:physical_network': 'default', 'provider:segmentation_id': 593, 'is_default': False, 'availability_zone_hints': [], 'availability_zones': [], 'ipv4_address_scope': None, 'ipv6_address_scope': None, 'description': '', 'tags': [], 'created_at': '2025-04-16T21:27:20Z', 'updated_at': '2025-04-16T21:27:20Z', 'revision_number': 1} available for tenant
2025-04-16 21:27:26.380 68889 INFO tempest.lib.common.rest_client [req-ed3db69f-0cbb-4d4d-a38b-30f6ecca17bd req-ed3db69f-0cbb-4d4d-a38b-30f6ecca17bd ] Request (ImagesOneServerNegativeTestJSON:setUpClass): 200 GET http://10.180.1.21/compute/v2.1/servers/ee103d2f-8513-4e3a-af13-bfb3b5a7fbd2 0.948s
2025-04-16 21:27:26.388 68889 INFO tempest.common.waiters [-] State transition "BUILD/scheduling" ==> "BUILD/None" after 33 second wait
2025-04-16 21:27:26.400 68839 INFO tempest.lib.common.rest_client [req-2237b940-6b81-4d1b-851f-e1049f7608fe req-2237b940-6b81-4d1b-851f-e1049f7608fe ] Request (AggregatesAdminNegativeTestJSON:tearDownClass): 204 DELETE http://10.180.1.21:9696/networking/v2.0/security-groups/175cfe8f-911f-40c9-a16e-10554c50e99e 0.154s
2025-04-16 21:27:26.441 68845 INFO tempest.lib.common.rest_client [req-660fd215-f724-443d-ad1e-b8dfb5eeb816 req-660fd215-f724-443d-ad1e-b8dfb5eeb816 ] Request (ServersAdminNegativeTestJSON:setUpClass): 200 GET http://10.180.1.21/compute/v2.1/servers/c4d97b3b-ab8b-4d2a-85e7-4d3c46e74471 1.037s
2025-04-16 21:27:26.478 68895 INFO tempest.lib.common.rest_client [req-fc5ea519-00f9-4776-92e7-77c1eb27bf1a req-fc5ea519-00f9-4776-92e7-77c1eb27bf1a ] Request (ServerDiagnosticsV248Test:test_get_server_diagnostics): 200 GET http://10.180.1.21/compute/v2.1/servers/4c5c97bc-4a9f-413b-a75f-a197270103a2 0.992s
2025-04-16 21:27:26.489 68895 INFO tempest.common.waiters [-] State transition "BUILD/spawning" ==> "ERROR/None" after 46 second wait
2025-04-16 21:27:26.511 68855 INFO tempest.lib.common.rest_client [req-1f1d5b88-7500-4f88-98bd-b882438521f1 req-1f1d5b88-7500-4f88-98bd-b882438521f1 ] Request (ImagesOneServerTestJSON:setUpClass): 200 GET http://10.180.1.21/compute/v2.1/servers/a91a0cd6-a014-43c7-8723-55825c0c8662 1.008s
