2025-04-16 22:10:08.288 68208 INFO tempest.lib.common.rest_client [req-7a3c156d-fd35-48db-9beb-6831a2fa96a8 req-7a3c156d-fd35-48db-9beb-6831a2fa96a8 ] Request (ServerDiagnosticsV248Test:setUpClass): 200 GET http://10.180.1.21/identity/v3/roles 0.057s
2025-04-16 22:10:08.309 68208 INFO tempest.lib.common.rest_client [req-bdc9b4f3-2f03-44a8-bc17-e5fd12c007cd req-bdc9b4f3-2f03-44a8-bc17-e5fd12c007cd ] Request (ServerDiagnosticsV248Test:setUpClass): 204 PUT http://10.180.1.21/identity/v3/projects/0413c8c28a324bd5a8b1ea9cf5ef96cd/users/dabad077527e481ba2f347dd48422d53/roles/ba1e7876f30f4045b69c18dab2635c17 0.021s
2025-04-16 22:10:08.311 68208 INFO tempest.lib.common.dynamic_creds [-] Dynamic test user dabad077527e481ba2f347dd48422d53 is created with scope project and roles: ['admin']
2025-04-16 22:10:08.311 68208 INFO tempest.lib.common.dynamic_creds [-] Acquired dynamic creds: credentials: Credentials: {'domain_id': 'default', 'domain_name': 'Default', 'username': 'tempest-ServerDiagnosticsV248Test-2067383350-project-admin', 'project_domain_id': 'default', 'project_domain_name': 'Default', 'project_id': '0413c8c28a324bd5a8b1ea9cf5ef96cd', 'project_name': 'tempest-ServerDiagnosticsV248Test-2067383350', 'tenant_id': '0413c8c28a324bd5a8b1ea9cf5ef96cd', 'tenant_name': 'tempest-ServerDiagnosticsV248Test-2067383350', 'user_domain_id': 'default', 'user_domain_name': 'Default', 'user_id': 'dabad077527e481ba2f347dd48422d53', 'system': None}, Network: None, Subnet: None, Router: None
2025-04-16 22:10:08.311 68208 INFO tempest.lib.common.dynamic_creds [-] Created isolated network resources for: credentials: Credentials: {'domain_id': 'default', 'domain_name': 'Default', 'username': 'tempest-ServerDiagnosticsV248Test-2067383350-project-admin', 'project_domain_id': 'default', 'project_domain_name': 'Default', 'project_id': '0413c8c28a324bd5a8b1ea9cf5ef96cd', 'project_name': 'tempest-ServerDiagnosticsV248Test-2067383350', 'tenant_id': '0413c8c28a324bd5a8b1ea9cf5ef96cd', 'tenant_name': 'tempest-ServerDiagnosticsV248Test-2067383350', 'user_domain_id': 'default', 'user_domain_name': 'Default', 'user_id': 'dabad077527e481ba2f347dd48422d53', 'system': None}, Network: None, Subnet: None, Router: None
2025-04-16 22:10:08.334 68204 INFO tempest.lib.common.rest_client [req-0750067b-b5ed-406d-aa83-2282300f4b1c req-0750067b-b5ed-406d-aa83-2282300f4b1c ] Request (ServersTestFqdnHostnames:setUpClass): 201 POST http://10.180.1.21:9696/networking/v2.0/networks 0.359s
2025-04-16 22:10:08.342 68178 INFO tempest.lib.common.rest_client [req-88fcedb6-0a11-495c-89af-f775406e92ad req-88fcedb6-0a11-495c-89af-f775406e92ad ] Request (ServerShowV254Test:test_rebuild_server): 202 POST http://10.180.1.21/compute/v2.1/servers 1.164s
2025-04-16 22:10:08.388 68208 INFO tempest.lib.common.rest_client [req-02d2ce43-d951-4055-abaa-84455cae9751 req-02d2ce43-d951-4055-abaa-84455cae9751 ] Request (ServerDiagnosticsV248Test:setUpClass): 201 POST http://10.180.1.21/identity/v3/auth/tokens 0.074s
2025-04-16 22:10:08.400 68184 INFO tempest.lib.common.rest_client [req-67a28bfe-60bd-4fc9-967e-e846eaf33a04 req-67a28bfe-60bd-4fc9-967e-e846eaf33a04 ] Request (ImagesNegativeTestJSON:test_create_image_from_deleted_server): 200 GET http://10.180.1.21/compute/v2.1/servers/84cbacaa-08d2-4297-8777-150f433e4c04 1.157s
2025-04-16 22:10:08.411 68224 INFO tempest.lib.common.rest_client [req-41083c22-53cc-46cb-bf8b-10926f204df6 req-41083c22-53cc-46cb-bf8b-10926f204df6 ] Request (ServerGroupTestJSON:test_create_delete_server_group_with_anti_affinity_policy): 200 POST http://10.180.1.21/compute/v2.1/os-server-groups 1.041s
2025-04-16 22:10:08.471 68208 INFO tempest.lib.common.rest_client [req-3cd95412-a4b4-4ca7-839a-fac6f8be89b3 req-3cd95412-a4b4-4ca7-839a-fac6f8be89b3 ] Request (ServerDiagnosticsV248Test:test_get_server_diagnostics): 201 POST http://10.180.1.21/identity/v3/auth/tokens 0.079s
2025-04-16 22:10:08.471 68208 INFO tempest.lib.common.fixed_network [-] (ServerDiagnosticsV248Test:test_get_server_diagnostics) Found network None available for tenant
2025-04-16 22:10:08.720 68204 INFO tempest.lib.common.rest_client [req-aa7ec3bb-e214-4fde-bb80-0f6b0fa0b0c7 req-aa7ec3bb-e214-4fde-bb80-0f6b0fa0b0c7 ] Request (ServersTestFqdnHostnames:setUpClass): 201 POST http://10.180.1.21:9696/networking/v2.0/subnets 0.386s
2025-04-16 22:10:09.069 68196 INFO tempest.lib.common.rest_client [req-84b4cd7b-730e-4d10-a439-50bc81630706 req-84b4cd7b-730e-4d10-a439-50bc81630706 ] Request (ServersTestManualDisk:setUpClass): 202 POST http://10.180.1.21/compute/v2.1/servers 1.550s
2025-04-16 22:10:09.074 68186 INFO tempest.lib.common.rest_client [req-12cc639d-89c2-4c96-8cfa-1dc41d597a59 req-12cc639d-89c2-4c96-8cfa-1dc41d597a59 ] Request (FloatingIPDetailsTestJSON:tearDownClass): 202 DELETE http://10.180.1.21/compute/v2.1/os-floating-ips/46035753-41f7-41dc-9ee2-7d79d85cf323 1.648s
2025-04-16 22:10:09.108 68220 INFO tempest.lib.common.rest_client [req-9ddb07c9-d3b2-4487-8dbf-5d3d5fc12949 req-9ddb07c9-d3b2-4487-8dbf-5d3d5fc12949 ] Request (VolumesAdminNegativeTest:setUpClass): 201 POST http://10.180.1.21:9696/networking/v2.0/routers 1.290s
2025-04-16 22:10:09.140 68212 INFO tempest.lib.common.rest_client [req-b380b1b2-8ae2-44c5-aa11-1007bd74bd13 req-b380b1b2-8ae2-44c5-aa11-1007bd74bd13 ] Request (ServersTestBootFromVolume:setUpClass): 200 GET http://10.180.1.21/compute/v2.1/servers/f935bfef-3ca7-41fc-89be-c5c4e070a401 1.550s
2025-04-16 22:10:09.153 68214 INFO tempest.lib.common.rest_client [req-33c11cf1-a191-4265-bfc6-a08a01d46dda req-33c11cf1-a191-4265-bfc6-a08a01d46dda ] Request (ServerDiskConfigTestJSON:test_rebuild_server_with_auto_disk_config): 200 GET http://10.180.1.21/compute/v2.1/servers/66d3ec66-244d-4ffa-bd6f-7067f8955e67 1.547s
2025-04-16 22:10:09.355 68238 INFO tempest.lib.common.rest_client [req-ff0a83c8-6ee4-40ec-a1bf-1210e17de923 req-ff0a83c8-6ee4-40ec-a1bf-1210e17de923 ] Request (QuotasAdminTestV236:test_get_updated_quotas): 200 PUT http://10.180.1.21/compute/v2.1/os-quota-sets/e0c93b4ee1424585b8bda0db82d29578?user_id=2a1f73df76784f548230d93d495241cc 1.702s
2025-04-16 22:10:09.538 68240 INFO tempest.lib.common.rest_client [req-a6cf2610-e56c-4cbf-8a70-31c171a3a1e8 req-a6cf2610-e56c-4cbf-8a70-31c171a3a1e8 ] Request (SecurityGroupRulesNegativeTestJSON:tearDownClass): 202 DELETE http://10.180.1.21/compute/v2.1/os-security-groups/cce939c4-11d0-4322-b4fc-e77197714045 1.920s
2025-04-16 22:10:09.560 68192 INFO tempest.lib.common.rest_client [req-0ca0b39f-7ab6-4b58-9e73-6896ebdaf25c req-0ca0b39f-7ab6-4b58-9e73-6896ebdaf25c ] Request (FlavorsAdminTestJSON:test_is_public_string_variations): 200 GET http://10.180.1.21/compute/v2.1/flavors/detail?is_public=f 1.833s
2025-04-16 22:10:09.591 68190 INFO tempest.lib.common.rest_client [req-de00bcd6-6370-4f52-b6f2-0f7bab8bbbf8 req-de00bcd6-6370-4f52-b6f2-0f7bab8bbbf8 ] Request (AggregatesAdminNegativeTestJSON:test_aggregate_remove_host_as_user): 200 POST http://10.180.1.21/compute/v2.1/os-aggregates 1.863s
2025-04-16 22:10:09.807 68232 INFO tempest.lib.common.rest_client [req-f4c5bde4-77ea-4905-b26b-cfc7a7acffab req-f4c5bde4-77ea-4905-b26b-cfc7a7acffab ] Request (AttachInterfacesUnderV243Test:test_add_remove_fixed_ip): 200 GET http://10.180.1.21/compute/v2.1/servers/7a19bcfd-5544-4688-8edb-e12c567979ae 2.075s
2025-04-16 22:10:09.879 68230 INFO tempest.lib.common.rest_client [req-ac1365d5-8c0f-4e92-9be7-1d837b9b7767 req-ac1365d5-8c0f-4e92-9be7-1d837b9b7767 ] Request (ServersAdmin275Test:test_rebuild_update_server_275): 200 GET http://10.180.1.21/compute/v2.1/servers/e1401ec0-00f4-42fc-b8e5-a3b45fae3bcf 2.072s
2025-04-16 22:10:09.906 68218 INFO tempest.lib.common.rest_client [req-9bf0d515-4cab-46fe-b178-c3ef350d68c5 req-9bf0d515-4cab-46fe-b178-c3ef350d68c5 ] Request (VolumesAssistedSnapshotsTest:test_volume_assisted_snapshot_create_delete): 200 GET http://10.180.1.21/compute/v2.1/servers/9085d0d1-bb7f-4bdd-b6a7-a550fe97ffda 2.185s
2025-04-16 22:10:09.938 68200 INFO tempest.lib.common.rest_client [req-41cd73b1-c627-45f2-87c3-03ddc2c91ab8 req-41cd73b1-c627-45f2-87c3-03ddc2c91ab8 ] Request (ServicesAdminNegativeV253TestJSON:test_get_service_by_invalid_service_and_valid_host): 200 GET http://10.180.1.21/compute/v2.1/os-services 1.862s
2025-04-16 22:10:10.023 68210 INFO tempest.lib.common.rest_client [req-fc7df9e8-152d-4cc7-b3dc-674c711a2558 req-fc7df9e8-152d-4cc7-b3dc-674c711a2558 ] Request (DeleteServersTestJSON:test_delete_active_server): 200 GET http://10.180.1.21/compute/v2.1/servers/4458efe7-18d4-4cfb-b131-e09d36124d68 1.917s
2025-04-16 22:10:10.047 68234 INFO tempest.lib.common.rest_client [req-3f55f4f2-82bb-4487-8846-7a1a938a6171 req-3f55f4f2-82bb-4487-8846-7a1a938a6171 ] Request (ImagesTestJSON:test_create_image_from_stopped_server): 200 GET http://10.180.1.21/compute/v2.1/servers/195a4a1e-3da7-4a69-a679-869346368195 2.021s
2025-04-16 22:10:10.143 68178 INFO tempest.lib.common.rest_client [req-db9b0302-286a-4643-b252-f327b1ce8a29 req-db9b0302-286a-4643-b252-f327b1ce8a29 ] Request (ServerShowV254Test:test_rebuild_server): 200 GET http://10.180.1.21/compute/v2.1/servers/786676eb-ac36-48f6-874a-ab1ca15f2a9a 1.797s
2025-04-16 22:10:10.173 68224 INFO tempest.lib.common.rest_client [req-c75fa5b5-26ed-435d-87b5-deb39cdc1c27 req-c75fa5b5-26ed-435d-87b5-deb39cdc1c27 ] Request (ServerGroupTestJSON:test_create_delete_server_group_with_anti_affinity_policy): 204 DELETE http://10.180.1.21/compute/v2.1/os-server-groups/e5e7046f-4240-4483-86d1-6620c0b74312 1.759s
2025-04-16 22:10:10.187 68222 INFO tempest.lib.common.rest_client [req-c21e5315-9d96-4db8-ad96-4a9ea84dad9b req-c21e5315-9d96-4db8-ad96-4a9ea84dad9b ] Request (ServersTestMultiNic:test_verify_duplicate_network_nics): 200 GET http://10.180.1.21/compute/v2.1/servers/c29ae4c5-cc93-480c-8d60-96f6acba4346 1.825s
2025-04-16 22:10:10.260 68226 INFO tempest.lib.common.rest_client [req-26a7ee5c-93f5-4100-81d7-c38de73b9ad0 req-26a7ee5c-93f5-4100-81d7-c38de73b9ad0 ] Request (ServersV294TestFqdnHostnames:setUpClass): 200 GET http://10.180.1.21/compute/v2.1/servers/bbed830d-aa53-4ea4-93f8-d4b198a333cd 1.747s
2025-04-16 22:10:10.334 68208 INFO tempest.lib.common.rest_client [req-97a39c26-6bb7-4c5d-8d9f-30d1a9b2c784 req-97a39c26-6bb7-4c5d-8d9f-30d1a9b2c784 ] Request (ServerDiagnosticsV248Test:test_get_server_diagnostics): 202 POST http://10.180.1.21/compute/v2.1/servers 1.862s
2025-04-16 22:10:10.340 68194 INFO tempest.lib.common.rest_client [req-05048283-8193-4cb8-bb24-35915787ce6a req-05048283-8193-4cb8-bb24-35915787ce6a ] Request (FloatingIPsAssociationNegativeTestJSON:setUpClass): 200 GET http://10.180.1.21/compute/v2.1/servers/793d6f98-ed1b-4a78-bcd5-cb796441d64b 1.737s
2025-04-16 22:10:10.351 68204 INFO tempest.lib.common.rest_client [req-66ca509b-548d-4847-a191-c260a5967dcf req-66ca509b-548d-4847-a191-c260a5967dcf ] Request (ServersTestFqdnHostnames:setUpClass): 201 POST http://10.180.1.21:9696/networking/v2.0/routers 1.630s
2025-04-16 22:10:10.496 68182 INFO tempest.lib.common.rest_client [req-72fe1fa3-d466-48b2-b0df-17da993ca2be req-72fe1fa3-d466-48b2-b0df-17da993ca2be ] Request (ServerDiagnosticsNegativeTest:test_get_server_diagnostics_by_non_admin): 200 GET http://10.180.1.21/compute/v2.1/servers/7c092e03-5f1d-4e4a-98ca-8e6abddb3cdb 1.781s
2025-04-16 22:10:10.652 68216 INFO tempest.lib.common.rest_client [req-e9c5ce19-8a3f-4fa8-909d-5d0315f08ed5 req-e9c5ce19-8a3f-4fa8-909d-5d0315f08ed5 ] Request (ServersAdminNegativeTestJSON:setUpClass): 200 GET http://10.180.1.21/compute/v2.1/servers/91d5024f-9eac-4a56-b08f-c0f6a7eda775 1.782s
2025-04-16 22:10:10.710 68186 INFO tempest.lib.common.rest_client [req-70f2142b-085e-4945-afa6-7091247394f0 req-70f2142b-085e-4945-afa6-7091247394f0 ] Request (FloatingIPDetailsTestJSON:tearDownClass): 200 PUT http://10.180.1.21:9696/networking/v2.0/routers/cef203a5-be27-4a2f-962b-57cdcc97f474/remove_router_interface 1.635s
2025-04-16 22:10:10.729 68206 INFO tempest.lib.common.rest_client [req-08aedca6-c4a4-4d24-a99d-df8eee2fdda4 req-08aedca6-c4a4-4d24-a99d-df8eee2fdda4 ] Request (ServersWithSpecificFlavorTestJSON:test_verify_created_server_ephemeral_disk): 200 GET http://10.180.1.21/compute/v2.1/servers/35b19ccb-4996-47a7-b1a7-6ffc9dd867ee 1.749s
2025-04-16 22:10:10.750 68188 INFO tempest.lib.common.rest_client [req-0ffa999f-1bb8-41dd-997a-794373386e5e req-0ffa999f-1bb8-41dd-997a-794373386e5e ] Request (InstanceActionsTestJSON:setUpClass): 200 GET http://10.180.1.21/compute/v2.1/servers/6b16f08c-a470-4a9b-8096-05cec2e960cf 1.849s
2025-04-16 22:10:10.866 68180 INFO tempest.lib.common.rest_client [req-ade78b48-b1c0-4384-8f1c-180b383e552a req-ade78b48-b1c0-4384-8f1c-180b383e552a ] Request (ServerDiagnosticsTest:test_get_server_diagnostics): 200 GET http://10.180.1.21/compute/v2.1/servers/55dfe829-2e96-40d7-bef8-8e7556cbdab3 1.805s
2025-04-16 22:10:10.913 68220 INFO tempest.lib.common.rest_client [req-b2aac7f2-bb0e-4ba1-aaf4-8d517f18c13b req-b2aac7f2-bb0e-4ba1-aaf4-8d517f18c13b ] Request (VolumesAdminNegativeTest:setUpClass): 200 PUT http://10.180.1.21:9696/networking/v2.0/routers/4ea41cdc-dafe-491e-bcfd-d7babb34ecae/add_router_interface 1.805s
2025-04-16 22:10:10.914 68220 INFO tempest.lib.common.dynamic_creds [-] Created isolated network resources for: credentials: Credentials: {'domain_id': 'default', 'domain_name': 'Default', 'username': 'tempest-VolumesAdminNegativeTest-1718927231-project-member', 'project_domain_id': 'default', 'project_domain_name': 'Default', 'project_id': '8da9d2d9645b4303b702f4a882844e35', 'project_name': 'tempest-VolumesAdminNegativeTest-1718927231', 'tenant_id': '8da9d2d9645b4303b702f4a882844e35', 'tenant_name': 'tempest-VolumesAdminNegativeTest-1718927231', 'user_domain_id': 'default', 'user_domain_name': 'Default', 'user_id': '3c760c89e0e54c989b654ee3af919c7b', 'system': None}, Network: {'id': '0eb40f03-d474-4f71-bf53-d1483759dd5a', 'name': 'tempest-VolumesAdminNegativeTest-1866817727-network', 'tenant_id': '8da9d2d9645b4303b702f4a882844e35', 'admin_state_up': True, 'mtu': 8950, 'status': 'ACTIVE', 'subnets': [], 'shared': False, 'project_id': '8da9d2d9645b4303b702f4a882844e35', 'port_security_enabled': True, 'router:external': False, 'provider:network_type': 'vlan', 'provider:physical_network': 'default', 'provider:segmentation_id': 346, 'is_default': False, 'availability_zone_hints': [], 'availability_zones': [], 'ipv4_address_scope': None, 'ipv6_address_scope': None, 'description': '', 'tags': [], 'created_at': '2025-04-16T22:10:07Z', 'updated_at': '2025-04-16T22:10:07Z', 'revision_number': 1}, Subnet: {'id': '7f42fa9a-8f7b-46e2-af40-8821989be2a8', 'name': 'tempest-VolumesAdminNegativeTest-1866817727-subnet', 'tenant_id': '8da9d2d9645b4303b702f4a882844e35', 'network_id': '0eb40f03-d474-4f71-bf53-d1483759dd5a', 'ip_version': 4, 'subnetpool_id': None, 'enable_dhcp': True, 'ipv6_ra_mode': None, 'ipv6_address_mode': None, 'gateway_ip': '192.168.128.1', 'cidr': '192.168.128.0/28', 'allocation_pools': [{'start': '192.168.128.2', 'end': '192.168.128.14'}], 'host_routes': [], 'dns_nameservers': [], 'description': '', 'service_types': [], 'tags': [], 'created_at': '2025-04-16T22:10:07Z', 'updated_at': '2025-04-16T22:10:07Z', 'revision_number': 0, 'project_id': '8da9d2d9645b4303b702f4a882844e35'}, Router: {'id': '4ea41cdc-dafe-491e-bcfd-d7babb34ecae', 'name': 'tempest-VolumesAdminNegativeTest-1866817727-router', 'tenant_id': '8da9d2d9645b4303b702f4a882844e35', 'admin_state_up': True, 'status': 'ACTIVE', 'external_gateway_info': {'network_id': 'e8acd2cb-098a-4992-80d8-39e6a9be71dd', 'external_fixed_ips': [{'subnet_id': 'ea6c966a-c5bb-46f5-814f-ae78de42b8ed', 'ip_address': '10.180.180.238'}], 'enable_snat': True}, 'description': '', 'availability_zones': [], 'distributed': False, 'ha': False, 'availability_zone_hints': [], 'routes': [], 'flavor_id': None, 'tags': [], 'created_at': '2025-04-16T22:10:07Z', 'updated_at': '2025-04-16T22:10:08Z', 'revision_number': 2, 'project_id': '8da9d2d9645b4303b702f4a882844e35'}
2025-04-16 22:10:10.939 68196 INFO tempest.lib.common.rest_client [req-14590d6a-521a-4494-9134-b5b41dabcf81 req-14590d6a-521a-4494-9134-b5b41dabcf81 ] Request (ServersTestManualDisk:setUpClass): 200 GET http://10.180.1.21/compute/v2.1/servers/4cd5b80b-d1f4-4142-83fb-235523464667 1.869s
2025-04-16 22:10:10.950 68198 INFO tempest.lib.common.rest_client [req-5d316cbe-e07a-4312-9346-6fcfb71bda4a req-5d316cbe-e07a-4312-9346-6fcfb71bda4a ] Request (FloatingIPsAssociationTestJSON:setUpClass): 200 GET http://10.180.1.21/compute/v2.1/servers/913c5652-c8af-41a8-94f1-c0eba08aacdd 1.925s
2025-04-16 22:10:11.026 68238 INFO tempest.lib.common.rest_client [req-537442a0-d026-4042-8e48-f34c33073203 req-537442a0-d026-4042-8e48-f34c33073203 ] Request (QuotasAdminTestV236:test_get_updated_quotas): 200 GET http://10.180.1.21/compute/v2.1/os-quota-sets/e0c93b4ee1424585b8bda0db82d29578?user_id=2a1f73df76784f548230d93d495241cc 1.670s
2025-04-16 22:10:11.032 68220 INFO tempest.lib.common.rest_client [req-c9e918fa-37b7-4e60-8767-89e86e4e0d1d req-c9e918fa-37b7-4e60-8767-89e86e4e0d1d ] Request (VolumesAdminNegativeTest:setUpClass): 201 POST http://10.180.1.21/identity/v3/auth/tokens 0.110s
2025-04-16 22:10:11.123 68220 INFO tempest.lib.common.rest_client [req-a9ebb9ae-9945-433d-b19a-e8bfad10e2f1 req-a9ebb9ae-9945-433d-b19a-e8bfad10e2f1 ] Request (VolumesAdminNegativeTest:setUpClass): 201 POST http://10.180.1.21/identity/v3/projects 0.091s
2025-04-16 22:10:11.131 68202 INFO tempest.lib.common.rest_client [req-2995e462-c5d2-45de-bf3c-3d749477c601 req-2995e462-c5d2-45de-bf3c-3d749477c601 ] Request (ServerExternalEventsTest:test_create_server_external_events): 200 GET http://10.180.1.21/compute/v2.1/servers/267a1016-410e-4097-9523-6fcafc5f4eb0 1.976s
2025-04-16 22:10:11.135 68238 INFO tempest.lib.common.rest_client [req-a0d589fa-5ce8-4b46-9c9c-1c8633a6e60e req-a0d589fa-5ce8-4b46-9c9c-1c8633a6e60e ] Request (QuotasAdminTestV236:_run_cleanups): 204 DELETE http://10.180.1.21/identity/v3/users/2a1f73df76784f548230d93d495241cc 0.106s
2025-04-16 22:10:11.213 68184 INFO tempest.lib.common.rest_client [req-5d2104d3-a8dd-4084-88c3-f89f63793db9 req-5d2104d3-a8dd-4084-88c3-f89f63793db9 ] Request (ImagesNegativeTestJSON:test_create_image_from_deleted_server): 200 GET http://10.180.1.21/compute/v2.1/servers/84cbacaa-08d2-4297-8777-150f433e4c04 1.803s
2025-04-16 22:10:11.225 68192 INFO tempest.lib.common.rest_client [req-a989fd6d-c7df-4c51-a335-3d6e075cdade req-a989fd6d-c7df-4c51-a335-3d6e075cdade ] Request (FlavorsAdminTestJSON:test_is_public_string_variations): 200 GET http://10.180.1.21/compute/v2.1/flavors/detail?is_public=false 1.661s
2025-04-16 22:10:11.238 68220 INFO tempest.lib.common.rest_client [req-fa8d505d-a9f0-4668-857c-0e87adaabb76 req-fa8d505d-a9f0-4668-857c-0e87adaabb76 ] Request (VolumesAdminNegativeTest:setUpClass): 201 POST http://10.180.1.21/identity/v3/users 0.114s
2025-04-16 22:10:11.244 68238 INFO tempest.lib.common.rest_client [req-f901e50e-b10b-4795-985d-7411e791b4c4 req-f901e50e-b10b-4795-985d-7411e791b4c4 ] Request (QuotasAdminTestV236:_run_cleanups): 204 DELETE http://10.180.1.21/identity/v3/projects/e0c93b4ee1424585b8bda0db82d29578 0.109s
2025-04-16 22:10:11.293 68220 INFO tempest.lib.common.rest_client [req-d17a90b0-b531-49b3-9752-9d676fa2cf45 req-d17a90b0-b531-49b3-9752-9d676fa2cf45 ] Request (VolumesAdminNegativeTest:setUpClass): 200 GET http://10.180.1.21/identity/v3/roles 0.054s
2025-04-16 22:10:11.325 68220 INFO tempest.lib.common.rest_client [req-63105dcc-c04d-4640-b218-81e62f46fe9b req-63105dcc-c04d-4640-b218-81e62f46fe9b ] Request (VolumesAdminNegativeTest:setUpClass): 204 PUT http://10.180.1.21/identity/v3/projects/ae6f2d449d014ec7a2eb01d8a5d99187/users/5d2b2a93f0fd4e2fbe95ca1a7f2dbf10/roles/ba1e7876f30f4045b69c18dab2635c17 0.032s
2025-04-16 22:10:11.383 68238 INFO tempest.lib.common.rest_client [req-6e5e51db-306b-4583-afc8-175e86c2dc9e req-6e5e51db-306b-4583-afc8-175e86c2dc9e ] Request (QuotasAdminTestV236:tearDownClass): 204 DELETE http://10.180.1.21/identity/v3/users/eefbd84737324fd68f3bb450302535cb 0.136s
2025-04-16 22:10:11.415 68220 INFO tempest.lib.common.rest_client [req-de1abd82-4a02-4002-87b9-7c94c40bcee1 req-de1abd82-4a02-4002-87b9-7c94c40bcee1 ] Request (VolumesAdminNegativeTest:setUpClass): 200 GET http://10.180.1.21/identity/v3/roles 0.089s
2025-04-16 22:10:11.517 68220 INFO tempest.lib.common.rest_client [req-5fcbe123-7c78-4c94-a731-ba5381c1e7c6 req-5fcbe123-7c78-4c94-a731-ba5381c1e7c6 ] Request (VolumesAdminNegativeTest:setUpClass): 204 PUT http://10.180.1.21/identity/v3/projects/ae6f2d449d014ec7a2eb01d8a5d99187/users/5d2b2a93f0fd4e2fbe95ca1a7f2dbf10/roles/ba1e7876f30f4045b69c18dab2635c17 0.102s
2025-04-16 22:10:11.518 68220 INFO tempest.lib.common.dynamic_creds [-] Dynamic test user 5d2b2a93f0fd4e2fbe95ca1a7f2dbf10 is created with scope project and roles: ['admin']
2025-04-16 22:10:11.518 68220 INFO tempest.lib.common.dynamic_creds [-] Acquired dynamic creds: credentials: Credentials: {'domain_id': 'default', 'domain_name': 'Default', 'username': 'tempest-VolumesAdminNegativeTest-951396360-project-admin', 'project_domain_id': 'default', 'project_domain_name': 'Default', 'project_id': 'ae6f2d449d014ec7a2eb01d8a5d99187', 'project_name': 'tempest-VolumesAdminNegativeTest-951396360', 'tenant_id': 'ae6f2d449d014ec7a2eb01d8a5d99187', 'tenant_name': 'tempest-VolumesAdminNegativeTest-951396360', 'user_domain_id': 'default', 'user_domain_name': 'Default', 'user_id': '5d2b2a93f0fd4e2fbe95ca1a7f2dbf10', 'system': None}, Network: None, Subnet: None, Router: None
2025-04-16 22:10:11.555 68238 INFO tempest.lib.common.rest_client [req-a49f16f0-5edb-4438-af30-0f98947e4d01 req-a49f16f0-5edb-4438-af30-0f98947e4d01 ] Request (QuotasAdminTestV236:tearDownClass): 204 DELETE http://10.180.1.21/identity/v3/users/bd6a2518472e4ba9989bc29110b81031 0.171s
2025-04-16 22:10:11.555 68238 INFO tempest.lib.common.dynamic_creds [-] Deleting project and security group for project: c3592eddd02e4295a404d94073c84d7c
2025-04-16 22:10:11.595 68186 INFO tempest.lib.common.rest_client [req-6f5d4a1d-f339-4a41-a3eb-7c1b692f767a req-6f5d4a1d-f339-4a41-a3eb-7c1b692f767a ] Request (FloatingIPDetailsTestJSON:tearDownClass): 204 DELETE http://10.180.1.21:9696/networking/v2.0/routers/cef203a5-be27-4a2f-962b-57cdcc97f474 0.885s
2025-04-16 22:10:11.623 68238 INFO tempest.lib.common.rest_client [req-fc516c23-53a3-4627-93d3-fc53bbf8dcac req-fc516c23-53a3-4627-93d3-fc53bbf8dcac ] Request (QuotasAdminTestV236:tearDownClass): 201 POST http://10.180.1.21/identity/v3/auth/tokens 0.068s
2025-04-16 22:10:11.636 68240 INFO tempest.lib.common.rest_client [req-01bb5fde-47e4-4a68-bc1b-5192ca680a0b req-01bb5fde-47e4-4a68-bc1b-5192ca680a0b ] Request (SecurityGroupRulesNegativeTestJSON:tearDownClass): 202 DELETE http://10.180.1.21/compute/v2.1/os-security-groups/3f695409-ca81-4ac1-ace8-e3559c7b62db 2.097s
2025-04-16 22:10:11.663 68200 INFO tempest.lib.common.rest_client [req-d65b627f-c559-485e-891f-4f277bf78138 req-d65b627f-c559-485e-891f-4f277bf78138 ] Request (ServicesAdminNegativeV253TestJSON:test_get_service_by_invalid_service_and_valid_host): 200 GET http://10.180.1.21/compute/v2.1/os-services?host=devstack&binary=xxx 1.722s
2025-04-16 22:10:11.704 68190 INFO tempest.lib.common.rest_client [req-6ab07a2e-5ed3-478c-b565-1f13d3252e85 req-6ab07a2e-5ed3-478c-b565-1f13d3252e85 ] Request (AggregatesAdminNegativeTestJSON:test_aggregate_remove_host_as_user): 200 POST http://10.180.1.21/compute/v2.1/os-aggregates/7/action 2.111s
2025-04-16 22:10:11.759 68212 INFO tempest.lib.common.rest_client [req-06be475a-6d08-4faf-9a67-c9052a2c908c req-06be475a-6d08-4faf-9a67-c9052a2c908c ] Request (ServersTestBootFromVolume:setUpClass): 200 GET http://10.180.1.21/compute/v2.1/servers/f935bfef-3ca7-41fc-89be-c5c4e070a401 1.609s
2025-04-16 22:10:11.779 68214 INFO tempest.lib.common.rest_client [req-f5aeb4f7-e4a7-40bf-b4f6-585e61f268af req-f5aeb4f7-e4a7-40bf-b4f6-585e61f268af ] Request (ServerDiskConfigTestJSON:test_rebuild_server_with_auto_disk_config): 200 GET http://10.180.1.21/compute/v2.1/servers/66d3ec66-244d-4ffa-bd6f-7067f8955e67 1.615s
2025-04-16 22:10:11.782 68224 INFO tempest.lib.common.rest_client [req-1f6daa9f-aa54-4f95-b884-82fea1230c57 req-1f6daa9f-aa54-4f95-b884-82fea1230c57 ] Request (ServerGroupTestJSON:test_create_delete_server_group_with_anti_affinity_policy): 200 GET http://10.180.1.21/compute/v2.1/os-server-groups 1.609s
2025-04-16 22:10:11.846 68220 INFO tempest.lib.common.rest_client [req-1318e7f7-ae09-441a-8a3f-12f5e7ceb395 req-1318e7f7-ae09-441a-8a3f-12f5e7ceb395 ] Request (VolumesAdminNegativeTest:setUpClass): 201 POST http://10.180.1.21:9696/networking/v2.0/networks 0.327s
2025-04-16 22:10:11.865 68224 INFO tempest.lib.common.rest_client [req-d4d67097-2486-4e8f-b151-39c90cb9af4b req-d4d67097-2486-4e8f-b151-39c90cb9af4b ] Request (ServerGroupTestJSON:test_create_server_with_scheduler_hint_group): 201 POST http://10.180.1.21/identity/v3/auth/tokens 0.075s
2025-04-16 22:10:11.866 68224 INFO tempest.lib.common.fixed_network [-] (ServerGroupTestJSON:test_create_server_with_scheduler_hint_group) Found network {'id': 'f567e1db-bb7d-48bf-961e-23363e0d5ac5', 'name': 'tempest-ServerGroupTestJSON-396701686-network', 'tenant_id': 'bdfccbbacf75498bb2d03fe33cc62e9b', 'admin_state_up': True, 'mtu': 8950, 'status': 'ACTIVE', 'subnets': [], 'shared': False, 'project_id': 'bdfccbbacf75498bb2d03fe33cc62e9b', 'port_security_enabled': True, 'router:external': False, 'provider:network_type': 'vlan', 'provider:physical_network': 'default', 'provider:segmentation_id': 444, 'is_default': False, 'availability_zone_hints': [], 'availability_zones': [], 'ipv4_address_scope': None, 'ipv6_address_scope': None, 'description': '', 'tags': [], 'created_at': '2025-04-16T22:09:44Z', 'updated_at': '2025-04-16T22:09:44Z', 'revision_number': 1} available for tenant
2025-04-16 22:10:11.877 68208 INFO tempest.lib.common.rest_client [req-09c1eac1-7cdf-4a1d-b233-2e0f56c657da req-09c1eac1-7cdf-4a1d-b233-2e0f56c657da ] Request (ServerDiagnosticsV248Test:test_get_server_diagnostics): 200 GET http://10.180.1.21/compute/v2.1/servers/1589188b-8540-4afd-8050-ab47633593c0 1.540s
2025-04-16 22:10:11.910 68186 INFO tempest.lib.common.rest_client [req-f5092630-2db0-48cb-84a7-fd3b44cb0e93 req-f5092630-2db0-48cb-84a7-fd3b44cb0e93 ] Request (FloatingIPDetailsTestJSON:tearDownClass): 204 DELETE http://10.180.1.21:9696/networking/v2.0/subnets/9ab9dc68-bf2c-421b-9380-3eb783b0e5e0 0.314s
2025-04-16 22:10:11.947 68230 INFO tempest.lib.common.rest_client [req-33a67376-efb1-48b5-9869-7f0819de1486 req-33a67376-efb1-48b5-9869-7f0819de1486 ] Request (ServersAdmin275Test:test_rebuild_update_server_275): 200 GET http://10.180.1.21/compute/v2.1/servers/e1401ec0-00f4-42fc-b8e5-a3b45fae3bcf 1.055s
2025-04-16 22:10:12.014 68238 INFO tempest.lib.common.rest_client [req-527f9ac4-faaa-4045-b61f-f51e563cc559 req-527f9ac4-faaa-4045-b61f-f51e563cc559 ] Request (QuotasAdminTestV236:tearDownClass): 200 GET http://10.180.1.21:9696/networking/v2.0/security-groups?tenant_id=c3592eddd02e4295a404d94073c84d7c&name=default 0.390s
2025-04-16 22:10:12.130 68232 INFO tempest.lib.common.rest_client [req-e67bd7ab-644e-4d25-a7b3-2527f698723c req-e67bd7ab-644e-4d25-a7b3-2527f698723c ] Request (AttachInterfacesUnderV243Test:test_add_remove_fixed_ip): 200 GET http://10.180.1.21/compute/v2.1/servers/7a19bcfd-5544-4688-8edb-e12c567979ae 1.315s
2025-04-16 22:10:12.194 68218 INFO tempest.lib.common.rest_client [req-8dfb5ec2-0d45-45ed-8f91-9e414a57f116 req-8dfb5ec2-0d45-45ed-8f91-9e414a57f116 ] Request (VolumesAssistedSnapshotsTest:test_volume_assisted_snapshot_create_delete): 200 GET http://10.180.1.21/compute/v2.1/servers/9085d0d1-bb7f-4bdd-b6a7-a550fe97ffda 1.273s
2025-04-16 22:10:12.215 68210 INFO tempest.lib.common.rest_client [req-7f805134-398d-4189-a2d1-efe85263cb74 req-7f805134-398d-4189-a2d1-efe85263cb74 ] Request (DeleteServersTestJSON:test_delete_active_server): 200 GET http://10.180.1.21/compute/v2.1/servers/4458efe7-18d4-4cfb-b131-e09d36124d68 1.181s
2025-04-16 22:10:12.293 68238 INFO tempest.lib.common.rest_client [req-f90dd5ca-2567-4163-89d1-40411c246975 req-f90dd5ca-2567-4163-89d1-40411c246975 ] Request (QuotasAdminTestV236:tearDownClass): 204 DELETE http://10.180.1.21:9696/networking/v2.0/security-groups/82a56a60-1e63-45dc-9d56-132945791453 0.278s
2025-04-16 22:10:12.301 68178 INFO tempest.lib.common.rest_client [req-866418f7-f4a7-4631-b7f4-52e51819831d req-866418f7-f4a7-4631-b7f4-52e51819831d ] Request (ServerShowV254Test:test_rebuild_server): 200 GET http://10.180.1.21/compute/v2.1/servers/786676eb-ac36-48f6-874a-ab1ca15f2a9a 1.147s
2025-04-16 22:10:12.303 68204 INFO tempest.lib.common.rest_client [req-496c69bd-16f9-4ba6-8991-fdcbfa9a42cf req-496c69bd-16f9-4ba6-8991-fdcbfa9a42cf ] Request (ServersTestFqdnHostnames:setUpClass): 200 PUT http://10.180.1.21:9696/networking/v2.0/routers/1ff04c19-90b3-49f7-b812-1f67dfa237f8/add_router_interface 1.951s
2025-04-16 22:10:12.303 68204 INFO tempest.lib.common.dynamic_creds [-] Created isolated network resources for: credentials: Credentials: {'domain_id': 'default', 'domain_name': 'Default', 'username': 'tempest-ServersTestFqdnHostnames-61628670-project-member', 'project_domain_id': 'default', 'project_domain_name': 'Default', 'project_id': '39f3f18b4d8d4f7286174fd7217b2d42', 'project_name': 'tempest-ServersTestFqdnHostnames-61628670', 'tenant_id': '39f3f18b4d8d4f7286174fd7217b2d42', 'tenant_name': 'tempest-ServersTestFqdnHostnames-61628670', 'user_domain_id': 'default', 'user_domain_name': 'Default', 'user_id': 'f582973e918246b0951860c4e1798bbe', 'system': None}, Network: {'id': '00f96a72-5051-4a3d-8e9c-1704f9265df2', 'name': 'tempest-ServersTestFqdnHostnames-2128137148-network', 'tenant_id': '39f3f18b4d8d4f7286174fd7217b2d42', 'admin_state_up': True, 'mtu': 8950, 'status': 'ACTIVE', 'subnets': [], 'shared': False, 'project_id': '39f3f18b4d8d4f7286174fd7217b2d42', 'port_security_enabled': True, 'router:external': False, 'provider:network_type': 'vlan', 'provider:physical_network': 'default', 'provider:segmentation_id': 606, 'is_default': False, 'availability_zone_hints': [], 'availability_zones': [], 'ipv4_address_scope': None, 'ipv6_address_scope': None, 'description': '', 'tags': [], 'created_at': '2025-04-16T22:10:08Z', 'updated_at': '2025-04-16T22:10:08Z', 'revision_number': 1}, Subnet: {'id': '58d42c25-4058-4f5d-9163-d50937ada681', 'name': 'tempest-ServersTestFqdnHostnames-2128137148-subnet', 'tenant_id': '39f3f18b4d8d4f7286174fd7217b2d42', 'network_id': '00f96a72-5051-4a3d-8e9c-1704f9265df2', 'ip_version': 4, 'subnetpool_id': None, 'enable_dhcp': True, 'ipv6_ra_mode': None, 'ipv6_address_mode': None, 'gateway_ip': '192.168.128.1', 'cidr': '192.168.128.0/28', 'allocation_pools': [{'start': '192.168.128.2', 'end': '192.168.128.14'}], 'host_routes': [], 'dns_nameservers': [], 'description': '', 'service_types': [], 'tags': [], 'created_at': '2025-04-16T22:10:08Z', 'updated_at': '2025-04-16T22:10:08Z', 'revision_number': 0, 'project_id': '39f3f18b4d8d4f7286174fd7217b2d42'}, Router: {'id': '1ff04c19-90b3-49f7-b812-1f67dfa237f8', 'name': 'tempest-ServersTestFqdnHostnames-2128137148-router', 'tenant_id': '39f3f18b4d8d4f7286174fd7217b2d42', 'admin_state_up': True, 'status': 'ACTIVE', 'external_gateway_info': {'network_id': 'e8acd2cb-098a-4992-80d8-39e6a9be71dd', 'external_fixed_ips': [{'subnet_id': 'ea6c966a-c5bb-46f5-814f-ae78de42b8ed', 'ip_address': '10.180.180.157'}], 'enable_snat': True}, 'description': '', 'availability_zones': [], 'distributed': False, 'ha': False, 'availability_zone_hints': [], 'routes': [], 'flavor_id': None, 'tags': [], 'created_at': '2025-04-16T22:10:08Z', 'updated_at': '2025-04-16T22:10:09Z', 'revision_number': 2, 'project_id': '39f3f18b4d8d4f7286174fd7217b2d42'}
2025-04-16 22:10:12.363 68234 INFO tempest.lib.common.rest_client [req-ed828820-3d9d-49e8-8b76-b59808c092ae req-ed828820-3d9d-49e8-8b76-b59808c092ae ] Request (ImagesTestJSON:test_create_image_from_stopped_server): 200 GET http://10.180.1.21/compute/v2.1/servers/195a4a1e-3da7-4a69-a679-869346368195 1.305s
2025-04-16 22:10:12.377 68192 INFO tempest.lib.common.rest_client [req-e0fa76a2-3078-4086-a6a3-368ce90fa85d req-e0fa76a2-3078-4086-a6a3-368ce90fa85d ] Request (FlavorsAdminTestJSON:test_is_public_string_variations): 200 GET http://10.180.1.21/compute/v2.1/flavors/detail?is_public=no 1.146s
2025-04-16 22:10:12.393 68204 INFO tempest.lib.common.rest_client [req-1c019226-0b65-45ec-a7f5-473aee344ed7 req-1c019226-0b65-45ec-a7f5-473aee344ed7 ] Request (ServersTestFqdnHostnames:setUpClass): 201 POST http://10.180.1.21/identity/v3/auth/tokens 0.084s
2025-04-16 22:10:12.394 68238 INFO tempest.lib.common.rest_client [req-700563c9-ca92-4f52-8eec-63f7507cf5de req-700563c9-ca92-4f52-8eec-63f7507cf5de ] Request (QuotasAdminTestV236:tearDownClass): 204 DELETE http://10.180.1.21/identity/v3/projects/c3592eddd02e4295a404d94073c84d7c 0.100s
2025-04-16 22:10:12.394 68238 INFO tempest.lib.common.dynamic_creds [-] Deleting project and security group for project: 9fda7299ac9c4a3ebc673ec503c16ba5
2025-04-16 22:10:12.413 68220 INFO tempest.lib.common.rest_client [req-af253c40-d3e5-4bcc-90b7-5a7ea875af88 req-af253c40-d3e5-4bcc-90b7-5a7ea875af88 ] Request (VolumesAdminNegativeTest:setUpClass): 201 POST http://10.180.1.21:9696/networking/v2.0/subnets 0.567s
2025-04-16 22:10:12.444 68226 INFO tempest.lib.common.rest_client [req-ca6a90e4-0b16-4626-be0c-957604004d16 req-ca6a90e4-0b16-4626-be0c-957604004d16 ] Request (ServersV294TestFqdnHostnames:setUpClass): 200 GET http://10.180.1.21/compute/v2.1/servers/bbed830d-aa53-4ea4-93f8-d4b198a333cd 1.168s
2025-04-16 22:10:12.492 68238 INFO tempest.lib.common.rest_client [req-1d98c819-389a-4a37-8adb-2efe06ab69ed req-1d98c819-389a-4a37-8adb-2efe06ab69ed ] Request (QuotasAdminTestV236:tearDownClass): 200 GET http://10.180.1.21:9696/networking/v2.0/security-groups?tenant_id=9fda7299ac9c4a3ebc673ec503c16ba5&name=default 0.097s
2025-04-16 22:10:12.561 68238 INFO tempest.lib.common.rest_client [req-8c28b071-2cc7-408c-99a2-67b680baa4c3 req-8c28b071-2cc7-408c-99a2-67b680baa4c3 ] Request (QuotasAdminTestV236:tearDownClass): 204 DELETE http://10.180.1.21:9696/networking/v2.0/security-groups/74c04452-1604-42ef-96a5-592fb2827e63 0.068s
2025-04-16 22:10:12.614 68237 INFO tempest.lib.common.rest_client [req-655a7277-295b-43dc-92a5-2c92780e61fe req-655a7277-295b-43dc-92a5-2c92780e61fe ] Request (AbsoluteLimitsNegativeTestJSON:test_max_metadata_exceed_limit): 200 GET http://10.180.1.21/compute/v2.1/limits 1.335s
2025-04-16 22:10:12.649 68237 INFO tempest.lib.common.rest_client [req-0e826c94-69a7-46e6-8ca6-75f0356c8ab7 req-0e826c94-69a7-46e6-8ca6-75f0356c8ab7 ] Request (AbsoluteLimitsNegativeTestJSON:test_max_metadata_exceed_limit): 201 POST http://10.180.1.21/identity/v3/auth/tokens 0.028s
2025-04-16 22:10:12.650 68237 INFO tempest.lib.common.fixed_network [-] (AbsoluteLimitsNegativeTestJSON:test_max_metadata_exceed_limit) Found network None available for tenant
2025-04-16 22:10:12.673 68194 INFO tempest.lib.common.rest_client [req-f65db671-5963-4fc9-9fee-25fdc5d7c79f req-f65db671-5963-4fc9-9fee-25fdc5d7c79f ] Request (FloatingIPsAssociationNegativeTestJSON:setUpClass): 200 GET http://10.180.1.21/compute/v2.1/servers/793d6f98-ed1b-4a78-bcd5-cb796441d64b 1.323s
2025-04-16 22:10:12.674 68238 INFO tempest.lib.common.rest_client [req-7784a4df-f323-417c-baed-36d6260950e6 req-7784a4df-f323-417c-baed-36d6260950e6 ] Request (QuotasAdminTestV236:tearDownClass): 204 DELETE http://10.180.1.21/identity/v3/projects/9fda7299ac9c4a3ebc673ec503c16ba5 0.113s
2025-04-16 22:10:12.684 68186 INFO tempest.lib.common.rest_client [req-f9801fb3-deec-4c8b-b51b-58cc78d19d17 req-f9801fb3-deec-4c8b-b51b-58cc78d19d17 ] Request (FloatingIPDetailsTestJSON:tearDownClass): 204 DELETE http://10.180.1.21:9696/networking/v2.0/networks/dab3d500-94ab-4d9a-845c-358762cdcab3 0.774s
2025-04-16 22:10:12.740 68238 INFO tempest.lib.common.rest_client [req-b003750a-ba7e-4b95-be22-0d1712d82ca9 req-b003750a-ba7e-4b95-be22-0d1712d82ca9 ] Request (AttachVolumeNegativeTest:setUpClass): 201 POST http://10.180.1.21/identity/v3/auth/tokens 0.064s
2025-04-16 22:10:12.750 68222 INFO tempest.lib.common.rest_client [req-d5cd911d-d88a-414f-9cc8-d7e7249e992c req-d5cd911d-d88a-414f-9cc8-d7e7249e992c ] Request (ServersTestMultiNic:test_verify_duplicate_network_nics): 200 GET http://10.180.1.21/compute/v2.1/servers/c29ae4c5-cc93-480c-8d60-96f6acba4346 1.551s
2025-04-16 22:10:12.779 68182 INFO tempest.lib.common.rest_client [req-6da9978f-b61f-46b4-bacb-49d3c6ab60bb req-6da9978f-b61f-46b4-bacb-49d3c6ab60bb ] Request (ServerDiagnosticsNegativeTest:test_get_server_diagnostics_by_non_admin): 200 GET http://10.180.1.21/compute/v2.1/servers/7c092e03-5f1d-4e4a-98ca-8e6abddb3cdb 1.269s
2025-04-16 22:10:12.794 68186 INFO tempest.lib.common.rest_client [req-6a47b22e-a8b4-43c4-b9bf-30f8588101bd req-6a47b22e-a8b4-43c4-b9bf-30f8588101bd ] Request (FloatingIPDetailsTestJSON:tearDownClass): 204 DELETE http://10.180.1.21/identity/v3/users/1210ad304b4b414cb009f09d2d4cb754 0.109s
2025-04-16 22:10:12.794 68186 INFO tempest.lib.common.dynamic_creds [-] Deleting project and security group for project: 4e69a509a7c5472eb73203db754b3dbe
2025-04-16 22:10:12.807 68238 INFO tempest.lib.common.rest_client [req-2a5d0000-6a4a-48a0-aafe-69dab9a78df2 req-2a5d0000-6a4a-48a0-aafe-69dab9a78df2 ] Request (AttachVolumeNegativeTest:setUpClass): 201 POST http://10.180.1.21/identity/v3/auth/tokens 0.064s
2025-04-16 22:10:12.841 68186 INFO tempest.lib.common.rest_client [req-c8ed58f8-ef40-4a7d-8be0-c9cb820b4106 req-c8ed58f8-ef40-4a7d-8be0-c9cb820b4106 ] Request (FloatingIPDetailsTestJSON:tearDownClass): 200 GET http://10.180.1.21:9696/networking/v2.0/security-groups?tenant_id=4e69a509a7c5472eb73203db754b3dbe&name=default 0.046s
2025-04-16 22:10:12.863 68238 INFO tempest.lib.common.rest_client [req-991a5c1d-3117-4fb9-97cd-6bc68ebca3f2 req-991a5c1d-3117-4fb9-97cd-6bc68ebca3f2 ] Request (AttachVolumeNegativeTest:setUpClass): 200 GET http://10.180.1.21/identity/v3/domains?name=Default 0.056s
2025-04-16 22:10:12.899 68238 INFO tempest.lib.common.rest_client [req-bd5728db-b5c7-4605-8658-fd722843c615 req-bd5728db-b5c7-4605-8658-fd722843c615 ] Request (AttachVolumeNegativeTest:setUpClass): 201 POST http://10.180.1.21/identity/v3/projects 0.036s
2025-04-16 22:10:12.911 68216 INFO tempest.lib.common.rest_client [req-8613c251-c261-4465-8d61-944b78962928 req-8613c251-c261-4465-8d61-944b78962928 ] Request (ServersAdminNegativeTestJSON:setUpClass): 200 GET http://10.180.1.21/compute/v2.1/servers/91d5024f-9eac-4a56-b08f-c0f6a7eda775 1.247s
2025-04-16 22:10:12.935 68200 INFO tempest.lib.common.rest_client [req-d6a4e53a-beb8-430a-bcb6-1ca254224d99 req-d6a4e53a-beb8-430a-bcb6-1ca254224d99 ] Request (ServicesAdminNegativeV253TestJSON:test_get_service_with_valid_service_and_invalid_host): 200 GET http://10.180.1.21/compute/v2.1/os-services 1.266s
2025-04-16 22:10:12.944 68190 INFO tempest.lib.common.rest_client [req-84c2b37d-3128-47aa-8e74-068cdf8ef7aa req-84c2b37d-3128-47aa-8e74-068cdf8ef7aa ] Request (AggregatesAdminNegativeTestJSON:test_aggregate_remove_host_as_user): 403 POST http://10.180.1.21/compute/v2.1/os-aggregates/7/action 1.238s
2025-04-16 22:10:12.945 68240 INFO tempest.lib.common.rest_client [req-2cf56d49-9f9c-47cd-9e3f-c4c878385ae5 req-2cf56d49-9f9c-47cd-9e3f-c4c878385ae5 ] Request (SecurityGroupRulesNegativeTestJSON:tearDownClass): 202 DELETE http://10.180.1.21/compute/v2.1/os-security-groups/45a5d9af-8bb8-4814-9388-43ec0275afe0 1.309s
2025-04-16 22:10:12.957 68186 INFO tempest.lib.common.rest_client [req-fd577e7c-a45e-4abd-8ba4-3c13de179204 req-fd577e7c-a45e-4abd-8ba4-3c13de179204 ] Request (FloatingIPDetailsTestJSON:tearDownClass): 204 DELETE http://10.180.1.21:9696/networking/v2.0/security-groups/b1b77631-d026-40e2-9bb3-35fccc9ce57b 0.116s
2025-04-16 22:10:12.989 68238 INFO tempest.lib.common.rest_client [req-c307824e-1f71-4a97-9c51-b844a4f87965 req-c307824e-1f71-4a97-9c51-b844a4f87965 ] Request (AttachVolumeNegativeTest:setUpClass): 201 POST http://10.180.1.21/identity/v3/users 0.089s
2025-04-16 22:10:13.016 68238 INFO tempest.lib.common.rest_client [req-26a42798-5508-46cd-9b48-7530dcb633f4 req-26a42798-5508-46cd-9b48-7530dcb633f4 ] Request (AttachVolumeNegativeTest:setUpClass): 200 GET http://10.180.1.21/identity/v3/roles 0.027s
2025-04-16 22:10:13.028 68206 INFO tempest.lib.common.rest_client [req-9970652e-898f-498c-8d43-068269acce21 req-9970652e-898f-498c-8d43-068269acce21 ] Request (ServersWithSpecificFlavorTestJSON:test_verify_created_server_ephemeral_disk): 200 GET http://10.180.1.21/compute/v2.1/servers/35b19ccb-4996-47a7-b1a7-6ffc9dd867ee 1.287s
2025-04-16 22:10:13.030 68186 INFO tempest.lib.common.rest_client [req-5b36f4d1-81e5-4968-b4f5-6beada1b0f3b req-5b36f4d1-81e5-4968-b4f5-6beada1b0f3b ] Request (FloatingIPDetailsTestJSON:tearDownClass): 204 DELETE http://10.180.1.21/identity/v3/projects/4e69a509a7c5472eb73203db754b3dbe 0.072s
2025-04-16 22:10:13.095 68238 INFO tempest.lib.common.rest_client [req-fb9a1af2-a7c0-427c-86b5-0c7278dd72ed req-fb9a1af2-a7c0-427c-86b5-0c7278dd72ed ] Request (AttachVolumeNegativeTest:setUpClass): 204 PUT http://10.180.1.21/identity/v3/projects/ebd16de8f22e474a8d1b4ad8574cd4d1/users/0574e99cf42e49a09b6117ddf51bb631/roles/0d1ae8353af043979e65e86787dfaa9c 0.079s
2025-04-16 22:10:13.095 68238 INFO tempest.lib.common.dynamic_creds [-] Dynamic test user 0574e99cf42e49a09b6117ddf51bb631 is created with scope project and roles: ['member']
2025-04-16 22:10:13.096 68238 INFO tempest.lib.common.dynamic_creds [-] Acquired dynamic creds: credentials: Credentials: {'domain_id': 'default', 'domain_name': 'Default', 'username': 'tempest-AttachVolumeNegativeTest-1960469577-project-member', 'project_domain_id': 'default', 'project_domain_name': 'Default', 'project_id': 'ebd16de8f22e474a8d1b4ad8574cd4d1', 'project_name': 'tempest-AttachVolumeNegativeTest-1960469577', 'tenant_id': 'ebd16de8f22e474a8d1b4ad8574cd4d1', 'tenant_name': 'tempest-AttachVolumeNegativeTest-1960469577', 'user_domain_id': 'default', 'user_domain_name': 'Default', 'user_id': '0574e99cf42e49a09b6117ddf51bb631', 'system': None}, Network: None, Subnet: None, Router: None
2025-04-16 22:10:13.099 68186 INFO tempest.lib.common.rest_client [req-e14f4dc8-3650-44e5-9f39-a48ad5ec5f15 req-e14f4dc8-3650-44e5-9f39-a48ad5ec5f15 ] Request (ServerAddressesTestJSON:setUpClass): 201 POST http://10.180.1.21/identity/v3/auth/tokens 0.066s
2025-04-16 22:10:13.138 68188 INFO tempest.lib.common.rest_client [req-ef668fd7-648d-4df5-9a55-ec91c6e1f06b req-ef668fd7-648d-4df5-9a55-ec91c6e1f06b ] Request (InstanceActionsTestJSON:setUpClass): 200 GET http://10.180.1.21/compute/v2.1/servers/6b16f08c-a470-4a9b-8096-05cec2e960cf 1.376s
2025-04-16 22:10:13.162 68238 INFO tempest.lib.common.rest_client [req-90513e81-6de8-4ad5-9dc0-2fc5dbfdbe30 req-90513e81-6de8-4ad5-9dc0-2fc5dbfdbe30 ] Request (AttachVolumeNegativeTest:setUpClass): 201 POST http://10.180.1.21/identity/v3/auth/tokens 0.066s
2025-04-16 22:10:13.164 68186 INFO tempest.lib.common.rest_client [req-94c0ce42-44aa-4add-9075-1e417d364089 req-94c0ce42-44aa-4add-9075-1e417d364089 ] Request (ServerAddressesTestJSON:setUpClass): 201 POST http://10.180.1.21/identity/v3/auth/tokens 0.062s
2025-04-16 22:10:13.187 68186 INFO tempest.lib.common.rest_client [req-660b4861-55e7-482d-95e7-d372473ee824 req-660b4861-55e7-482d-95e7-d372473ee824 ] Request (ServerAddressesTestJSON:setUpClass): 200 GET http://10.180.1.21/identity/v3/domains?name=Default 0.022s
2025-04-16 22:10:13.197 68180 INFO tempest.lib.common.rest_client [req-888ea77b-fb12-4eef-8d42-e6e3980d2ee5 req-888ea77b-fb12-4eef-8d42-e6e3980d2ee5 ] Request (ServerDiagnosticsTest:test_get_server_diagnostics): 200 GET http://10.180.1.21/compute/v2.1/servers/55dfe829-2e96-40d7-bef8-8e7556cbdab3 1.320s
2025-04-16 22:10:13.224 68186 INFO tempest.lib.common.rest_client [req-3cd092bd-3848-4c16-bbc0-425c76a68cea req-3cd092bd-3848-4c16-bbc0-425c76a68cea ] Request (ServerAddressesTestJSON:setUpClass): 201 POST http://10.180.1.21/identity/v3/projects 0.036s
2025-04-16 22:10:13.257 68196 INFO tempest.lib.common.rest_client [req-4ac79145-c605-4383-9902-cd34d78b11e2 req-4ac79145-c605-4383-9902-cd34d78b11e2 ] Request (ServersTestManualDisk:setUpClass): 200 GET http://10.180.1.21/compute/v2.1/servers/4cd5b80b-d1f4-4142-83fb-235523464667 1.298s
2025-04-16 22:10:13.284 68186 INFO tempest.lib.common.rest_client [req-e99f376b-8aae-4c86-b0ff-083be4c5fb26 req-e99f376b-8aae-4c86-b0ff-083be4c5fb26 ] Request (ServerAddressesTestJSON:setUpClass): 201 POST http://10.180.1.21/identity/v3/users 0.060s
2025-04-16 22:10:13.304 68186 INFO tempest.lib.common.rest_client [req-072ec0f8-3aae-4e98-8388-99cbcd834c81 req-072ec0f8-3aae-4e98-8388-99cbcd834c81 ] Request (ServerAddressesTestJSON:setUpClass): 200 GET http://10.180.1.21/identity/v3/roles 0.019s
2025-04-16 22:10:13.334 68186 INFO tempest.lib.common.rest_client [req-b61d973d-47dc-4f0a-9d16-cf467689e155 req-b61d973d-47dc-4f0a-9d16-cf467689e155 ] Request (ServerAddressesTestJSON:setUpClass): 204 PUT http://10.180.1.21/identity/v3/projects/71dc9d3cf7f043468337497e7e30ebac/users/d89d4a30f9f24895804f9085fc760d84/roles/0d1ae8353af043979e65e86787dfaa9c 0.030s
2025-04-16 22:10:13.334 68186 INFO tempest.lib.common.dynamic_creds [-] Dynamic test user d89d4a30f9f24895804f9085fc760d84 is created with scope project and roles: ['member']
2025-04-16 22:10:13.335 68186 INFO tempest.lib.common.dynamic_creds [-] Acquired dynamic creds: credentials: Credentials: {'domain_id': 'default', 'domain_name': 'Default', 'username': 'tempest-ServerAddressesTestJSON-560381368-project-member', 'project_domain_id': 'default', 'project_domain_name': 'Default', 'project_id': '71dc9d3cf7f043468337497e7e30ebac', 'project_name': 'tempest-ServerAddressesTestJSON-560381368', 'tenant_id': '71dc9d3cf7f043468337497e7e30ebac', 'tenant_name': 'tempest-ServerAddressesTestJSON-560381368', 'user_domain_id': 'default', 'user_domain_name': 'Default', 'user_id': 'd89d4a30f9f24895804f9085fc760d84', 'system': None}, Network: None, Subnet: None, Router: None
2025-04-16 22:10:13.398 68186 INFO tempest.lib.common.rest_client [req-a2dcc3b1-a705-4910-8909-b648d949e529 req-a2dcc3b1-a705-4910-8909-b648d949e529 ] Request (ServerAddressesTestJSON:setUpClass): 201 POST http://10.180.1.21/identity/v3/auth/tokens 0.063s
2025-04-16 22:10:13.401 68198 INFO tempest.lib.common.rest_client [req-fc33a01d-8ca1-46d1-a5cd-31b770e03a75 req-fc33a01d-8ca1-46d1-a5cd-31b770e03a75 ] Request (FloatingIPsAssociationTestJSON:setUpClass): 200 GET http://10.180.1.21/compute/v2.1/servers/913c5652-c8af-41a8-94f1-c0eba08aacdd 1.435s
2025-04-16 22:10:13.423 68238 INFO tempest.lib.common.rest_client [req-8c35e0bc-633c-4f57-a829-ca69de1ee0c3 req-8c35e0bc-633c-4f57-a829-ca69de1ee0c3 ] Request (AttachVolumeNegativeTest:setUpClass): 201 POST http://10.180.1.21:9696/networking/v2.0/networks 0.260s
2025-04-16 22:10:13.579 68202 INFO tempest.lib.common.rest_client [req-55c8c884-9825-4173-aa1d-0148f4758c50 req-55c8c884-9825-4173-aa1d-0148f4758c50 ] Request (ServerExternalEventsTest:test_create_server_external_events): 200 GET http://10.180.1.21/compute/v2.1/servers/267a1016-410e-4097-9523-6fcafc5f4eb0 1.440s
2025-04-16 22:10:13.829 68186 INFO tempest.lib.common.rest_client [req-2349ad8e-ddf4-477f-ab63-0fce0a82dad8 req-2349ad8e-ddf4-477f-ab63-0fce0a82dad8 ] Request (ServerAddressesTestJSON:setUpClass): 201 POST http://10.180.1.21:9696/networking/v2.0/networks 0.431s
2025-04-16 22:10:13.886 68184 INFO tempest.lib.common.rest_client [req-4d644a33-8bb3-44f5-ad26-a6ff51d77592 req-4d644a33-8bb3-44f5-ad26-a6ff51d77592 ] Request (ImagesNegativeTestJSON:test_create_image_from_deleted_server): 200 GET http://10.180.1.21/compute/v2.1/servers/84cbacaa-08d2-4297-8777-150f433e4c04 1.658s
2025-04-16 22:10:13.889 68224 INFO tempest.lib.common.rest_client [req-8927c821-393f-439d-a9bd-800d953f5117 req-8927c821-393f-439d-a9bd-800d953f5117 ] Request (ServerGroupTestJSON:test_create_server_with_scheduler_hint_group): 202 POST http://10.180.1.21/compute/v2.1/servers 2.022s
2025-04-16 22:10:13.891 68238 INFO tempest.lib.common.rest_client [req-6b08898c-3161-4dab-a6ea-3df59af7ea81 req-6b08898c-3161-4dab-a6ea-3df59af7ea81 ] Request (AttachVolumeNegativeTest:setUpClass): 201 POST http://10.180.1.21:9696/networking/v2.0/subnets 0.467s
2025-04-16 22:10:13.902 68220 INFO tempest.lib.common.rest_client [req-60155434-9f3f-406f-86e9-f04ec3c22c53 req-60155434-9f3f-406f-86e9-f04ec3c22c53 ] Request (VolumesAdminNegativeTest:setUpClass): 201 POST http://10.180.1.21:9696/networking/v2.0/routers 1.488s
2025-04-16 22:10:13.902 68192 INFO tempest.lib.common.rest_client [req-208a2c17-15e9-47fd-97cd-f82e8c1096da req-208a2c17-15e9-47fd-97cd-f82e8c1096da ] Request (FlavorsAdminTestJSON:test_is_public_string_variations): 200 GET http://10.180.1.21/compute/v2.1/flavors/detail?is_public=0 1.522s
2025-04-16 22:10:14.032 68186 INFO tempest.lib.common.rest_client [req-e09f300b-b5ed-45be-bf81-00a582e49962 req-e09f300b-b5ed-45be-bf81-00a582e49962 ] Request (ServerAddressesTestJSON:setUpClass): 201 POST http://10.180.1.21:9696/networking/v2.0/subnets 0.202s
2025-04-16 22:10:14.073 68204 INFO tempest.lib.common.rest_client [req-cf9ab846-675a-4aa9-8355-e744daafc075 req-cf9ab846-675a-4aa9-8355-e744daafc075 ] Request (ServersTestFqdnHostnames:test_create_server_with_fqdn_name): 200 POST http://10.180.1.21/compute/v2.1/os-keypairs 1.679s
2025-04-16 22:10:14.149 68212 INFO tempest.lib.common.rest_client [req-f7af4bc7-7510-4c29-9bb8-3aca7a4cde26 req-f7af4bc7-7510-4c29-9bb8-3aca7a4cde26 ] Request (ServersTestBootFromVolume:setUpClass): 200 GET http://10.180.1.21/compute/v2.1/servers/f935bfef-3ca7-41fc-89be-c5c4e070a401 1.382s
