2025-04-16 22:11:35.741 68240 INFO tempest.lib.common.rest_client [req-44c5fecf-e787-42c8-acde-f595f519227f req-44c5fecf-e787-42c8-acde-f595f519227f ] Request (AttachInterfacesV270Test:test_create_get_list_interfaces): 200 GET http://10.180.1.21/compute/v2.1/servers/4c281caa-f99d-40d5-b004-13e7856a29f5 0.046s
2025-04-16 22:11:35.779 68224 INFO tempest.lib.common.rest_client [req-d8999aa9-6457-45ef-91f1-53a29900e6c1 req-d8999aa9-6457-45ef-91f1-53a29900e6c1 ] Request (ServerGroupTestJSON:test_create_server_with_scheduler_hint_group): 200 GET http://10.180.1.21/compute/v2.1/servers/de1d5572-b82d-4edc-9c7e-a7e26c45a090 0.045s
2025-04-16 22:11:35.824 68206 INFO tempest.lib.common.rest_client [req-f5328e6c-9d02-4e0f-ac57-3aceeea2fe2d req-f5328e6c-9d02-4e0f-ac57-3aceeea2fe2d ] Request (ServersWithSpecificFlavorTestJSON:test_verify_created_server_ephemeral_disk): 200 GET http://10.180.1.21/compute/v2.1/servers/35b19ccb-4996-47a7-b1a7-6ffc9dd867ee 0.048s
2025-04-16 22:11:35.862 68232 INFO tempest.lib.common.rest_client [req-65449df0-60c1-4e8f-a60f-109d3d109043 req-65449df0-60c1-4e8f-a60f-109d3d109043 ] Request (AttachInterfacesUnderV243Test:test_add_remove_fixed_ip): 200 GET http://10.180.1.21/compute/v2.1/servers/7a19bcfd-5544-4688-8edb-e12c567979ae 0.091s
2025-04-16 22:11:35.867 68204 INFO tempest.lib.common.rest_client [req-2d5e2b00-a648-4a41-89cb-0a1bcd5a1767 req-2d5e2b00-a648-4a41-89cb-0a1bcd5a1767 ] Request (ServersTestFqdnHostnames:test_create_server_with_fqdn_name): 200 GET http://10.180.1.21/compute/v2.1/servers/8d2a9e20-82d3-44cf-a725-59804debe1cc 0.052s
2025-04-16 22:11:35.906 68196 INFO tempest.lib.common.rest_client [req-d115206f-2455-41bb-b3d8-7cfa97822348 req-d115206f-2455-41bb-b3d8-7cfa97822348 ] Request (ServersTestManualDisk:setUpClass): 200 GET http://10.180.1.21/compute/v2.1/servers/4cd5b80b-d1f4-4142-83fb-235523464667 0.050s
2025-04-16 22:11:35.947 68220 INFO tempest.lib.common.rest_client [req-468ce969-de22-4de5-a6b4-324b5110ce77 req-468ce969-de22-4de5-a6b4-324b5110ce77 ] Request (VolumesAdminNegativeTest:test_update_attached_volume_with_nonexistent_volume_in_body): 200 GET http://10.180.1.21/compute/v2.1/servers/96d79732-9076-4715-aa1e-60001ffb17fb 0.048s
2025-04-16 22:11:35.952 68218 INFO tempest.lib.common.rest_client [req-fe5ff527-3fac-4f53-8097-4c1adc175f65 req-fe5ff527-3fac-4f53-8097-4c1adc175f65 ] Request (VolumesAssistedSnapshotsTest:test_volume_assisted_snapshot_create_delete): 200 GET http://10.180.1.21/compute/v2.1/servers/9085d0d1-bb7f-4bdd-b6a7-a550fe97ffda 0.095s
2025-04-16 22:11:36.031 68216 INFO tempest.lib.common.rest_client [req-0a82fcd4-bfc9-475c-bb18-22f1f5e733de req-0a82fcd4-bfc9-475c-bb18-22f1f5e733de ] Request (ServersAdminNegativeTestJSON:setUpClass): 200 GET http://10.180.1.21/compute/v2.1/servers/91d5024f-9eac-4a56-b08f-c0f6a7eda775 0.090s
2025-04-16 22:11:36.147 68198 INFO tempest.lib.common.rest_client [req-056c227a-8c04-4013-9b63-fa33e2b48be4 req-056c227a-8c04-4013-9b63-fa33e2b48be4 ] Request (FloatingIPsAssociationTestJSON:setUpClass): 200 GET http://10.180.1.21/compute/v2.1/servers/913c5652-c8af-41a8-94f1-c0eba08aacdd 0.124s
2025-04-16 22:11:36.198 68234 INFO tempest.lib.common.rest_client [req-82e80139-4b3e-4f6a-bb60-9a99bd61c2e9 req-82e80139-4b3e-4f6a-bb60-9a99bd61c2e9 ] Request (ImagesTestJSON:test_create_image_from_stopped_server): 200 GET http://10.180.1.21/compute/v2.1/servers/195a4a1e-3da7-4a69-a679-869346368195 0.121s
2025-04-16 22:11:36.229 68184 INFO tempest.lib.common.rest_client [req-9424afed-2eaf-4c3a-b720-fc442dafe0b5 req-9424afed-2eaf-4c3a-b720-fc442dafe0b5 ] Request (ImagesNegativeTestJSON:test_create_image_from_deleted_server): 200 GET http://10.180.1.21/compute/v2.1/servers/84cbacaa-08d2-4297-8777-150f433e4c04 0.124s
2025-04-16 22:11:36.409 68194 INFO tempest.lib.common.rest_client [req-46df05fc-df0e-4d80-9637-795d12d78752 req-46df05fc-df0e-4d80-9637-795d12d78752 ] Request (FloatingIPsAssociationNegativeTestJSON:setUpClass): 200 GET http://10.180.1.21/compute/v2.1/servers/793d6f98-ed1b-4a78-bcd5-cb796441d64b 0.131s
2025-04-16 22:11:36.451 68237 INFO tempest.lib.common.rest_client [req-d1dadcda-7e4e-4e38-9a82-cc9af7496519 req-d1dadcda-7e4e-4e38-9a82-cc9af7496519 ] Request (ServerPasswordTestJSON:setUpClass): 200 GET http://10.180.1.21/compute/v2.1/servers/1505bcf5-f622-40ee-93c2-8dabf1dce8cb 0.131s
2025-04-16 22:11:36.476 68222 INFO tempest.lib.common.rest_client [req-c4dcd82b-b47f-477e-8f25-bde3919ac13a req-c4dcd82b-b47f-477e-8f25-bde3919ac13a ] Request (ServersTestMultiNic:test_verify_duplicate_network_nics): 200 GET http://10.180.1.21/compute/v2.1/servers/c29ae4c5-cc93-480c-8d60-96f6acba4346 0.171s
2025-04-16 22:11:36.495 68212 INFO tempest.lib.common.rest_client [req-1e676302-43bf-42e5-856a-58c91add1778 req-1e676302-43bf-42e5-856a-58c91add1778 ] Request (ServersTestBootFromVolume:setUpClass): 200 GET http://10.180.1.21/compute/v2.1/servers/f935bfef-3ca7-41fc-89be-c5c4e070a401 0.146s
2025-04-16 22:11:36.518 68214 INFO tempest.lib.common.rest_client [req-f900cdd1-ddd6-4479-a8ac-da5f282d93d7 req-f900cdd1-ddd6-4479-a8ac-da5f282d93d7 ] Request (ServerDiskConfigTestJSON:test_rebuild_server_with_auto_disk_config): 200 GET http://10.180.1.21/compute/v2.1/servers/66d3ec66-244d-4ffa-bd6f-7067f8955e67 0.156s
2025-04-16 22:11:36.536 68180 INFO tempest.lib.common.rest_client [req-a859fc1e-bf68-497e-82f9-907eca8f43db req-a859fc1e-bf68-497e-82f9-907eca8f43db ] Request (ServerDiagnosticsTest:test_get_server_diagnostics): 200 GET http://10.180.1.21/compute/v2.1/servers/55dfe829-2e96-40d7-bef8-8e7556cbdab3 0.146s
2025-04-16 22:11:36.559 68210 INFO tempest.lib.common.rest_client [req-60a6f0b0-2317-42c2-a70c-0b93e153609c req-60a6f0b0-2317-42c2-a70c-0b93e153609c ] Request (DeleteServersTestJSON:test_delete_active_server): 200 GET http://10.180.1.21/compute/v2.1/servers/4458efe7-18d4-4cfb-b131-e09d36124d68 0.154s
2025-04-16 22:11:36.579 68192 INFO tempest.lib.common.rest_client [req-753e20de-9715-4254-a03f-507375533726 req-753e20de-9715-4254-a03f-507375533726 ] Request (ServerRescueNegativeTestJSON:setUpClass): 200 GET http://10.180.1.21/compute/v2.1/servers/9842d097-f4f2-4f60-aea0-08896a47ff53 0.142s
2025-04-16 22:11:36.606 68208 INFO tempest.lib.common.rest_client [req-b067bb83-baa4-440a-a1e8-e7f6b5f411d9 req-b067bb83-baa4-440a-a1e8-e7f6b5f411d9 ] Request (ServerDiagnosticsV248Test:test_get_server_diagnostics): 200 GET http://10.180.1.21/compute/v2.1/servers/1589188b-8540-4afd-8050-ab47633593c0 0.114s
2025-04-16 22:11:36.622 68238 INFO tempest.lib.common.rest_client [req-b5bf2f38-af4c-497c-9500-5000ca1c1759 req-b5bf2f38-af4c-497c-9500-5000ca1c1759 ] Request (AttachVolumeNegativeTest:test_attach_attached_volume_to_different_server): 200 GET http://10.180.1.21/compute/v2.1/servers/f7888060-430b-4b16-b9ca-059020615dee 0.092s
2025-04-16 22:11:36.648 68186 INFO tempest.lib.common.rest_client [req-61021d2b-bd7c-4d38-bd35-0e1e77842bb5 req-61021d2b-bd7c-4d38-bd35-0e1e77842bb5 ] Request (ServerAddressesTestJSON:setUpClass): 200 GET http://10.180.1.21/compute/v2.1/servers/e42425fa-6c50-4e76-842b-0bfcccb011c0 0.077s
2025-04-16 22:11:36.691 68190 INFO tempest.lib.common.rest_client [req-9f78301f-0c2f-4d53-827c-8ac062ecd8ce req-9f78301f-0c2f-4d53-827c-8ac062ecd8ce ] Request (ServersAdminTestJSON:setUpClass): 200 GET http://10.180.1.21/compute/v2.1/servers/641b8e97-b9e6-4ef0-a819-42d3a29429de 0.080s
2025-04-16 22:11:36.736 68178 INFO tempest.lib.common.rest_client [req-1548ad42-fde4-44da-a219-c6a544bee2d9 req-1548ad42-fde4-44da-a219-c6a544bee2d9 ] Request (ServerShowV254Test:test_rebuild_server): 200 GET http://10.180.1.21/compute/v2.1/servers/786676eb-ac36-48f6-874a-ab1ca15f2a9a 0.081s
2025-04-16 22:11:36.746 68182 INFO tempest.lib.common.rest_client [req-e0168f8e-7310-47ae-b328-45319362cfeb req-e0168f8e-7310-47ae-b328-45319362cfeb ] Request (ServerDiagnosticsNegativeTest:test_get_server_diagnostics_by_non_admin): 200 GET http://10.180.1.21/compute/v2.1/servers/7c092e03-5f1d-4e4a-98ca-8e6abddb3cdb 0.139s
2025-04-16 22:11:36.779 68202 INFO tempest.lib.common.rest_client [req-43594746-e15c-4838-a752-811b33dbde17 req-43594746-e15c-4838-a752-811b33dbde17 ] Request (ServerShowV257Test:test_rebuild_server): 200 GET http://10.180.1.21/compute/v2.1/servers/bb97988e-9f7f-4e4f-9904-fc560d0912ee 0.125s
2025-04-16 22:11:36.788 68188 INFO tempest.lib.common.rest_client [req-814aab9f-97d0-4cd5-81cd-f504b410a321 req-814aab9f-97d0-4cd5-81cd-f504b410a321 ] Request (InstanceActionsNegativeTestJSON:setUpClass): 200 GET http://10.180.1.21/compute/v2.1/servers/aa6229be-c18c-4cf9-99a1-ca546b30d797 0.088s
2025-04-16 22:11:36.827 68226 INFO tempest.lib.common.rest_client [req-72ee2caf-55fa-4edb-bcaa-38029bd6f6b0 req-72ee2caf-55fa-4edb-bcaa-38029bd6f6b0 ] Request (ServersV294TestFqdnHostnames:setUpClass): 200 GET http://10.180.1.21/compute/v2.1/servers/bbed830d-aa53-4ea4-93f8-d4b198a333cd 0.127s
2025-04-16 22:11:36.835 68230 INFO tempest.lib.common.rest_client [req-9ed8dfcb-a35e-487d-8fd4-578df89683d3 req-9ed8dfcb-a35e-487d-8fd4-578df89683d3 ] Request (ServersAdmin275Test:test_rebuild_update_server_275): 200 GET http://10.180.1.21/compute/v2.1/servers/e1401ec0-00f4-42fc-b8e5-a3b45fae3bcf 0.088s
2025-04-16 22:11:36.874 68240 INFO tempest.lib.common.rest_client [req-3ee59026-caf5-4d6f-9945-ce0c4162d985 req-3ee59026-caf5-4d6f-9945-ce0c4162d985 ] Request (AttachInterfacesV270Test:test_create_get_list_interfaces): 200 GET http://10.180.1.21/compute/v2.1/servers/4c281caa-f99d-40d5-b004-13e7856a29f5 0.124s
2025-04-16 22:11:36.879 68224 INFO tempest.lib.common.rest_client [req-c4a3d864-6689-47b1-92e3-a1ef9f5f1e01 req-c4a3d864-6689-47b1-92e3-a1ef9f5f1e01 ] Request (ServerGroupTestJSON:test_create_server_with_scheduler_hint_group): 200 GET http://10.180.1.21/compute/v2.1/servers/de1d5572-b82d-4edc-9c7e-a7e26c45a090 0.093s
2025-04-16 22:11:36.915 68206 INFO tempest.lib.common.rest_client [req-b2d3303b-84ee-4703-83b3-159755a96c8e req-b2d3303b-84ee-4703-83b3-159755a96c8e ] Request (ServersWithSpecificFlavorTestJSON:test_verify_created_server_ephemeral_disk): 200 GET http://10.180.1.21/compute/v2.1/servers/35b19ccb-4996-47a7-b1a7-6ffc9dd867ee 0.084s
2025-04-16 22:11:36.959 68204 INFO tempest.lib.common.rest_client [req-e8c1d247-018c-4f90-957d-43ad0add082f req-e8c1d247-018c-4f90-957d-43ad0add082f ] Request (ServersTestFqdnHostnames:test_create_server_with_fqdn_name): 200 GET http://10.180.1.21/compute/v2.1/servers/8d2a9e20-82d3-44cf-a725-59804debe1cc 0.085s
2025-04-16 22:11:36.962 68232 INFO tempest.lib.common.rest_client [req-6e668247-4676-4ec8-9064-d7d00175b218 req-6e668247-4676-4ec8-9064-d7d00175b218 ] Request (AttachInterfacesUnderV243Test:test_add_remove_fixed_ip): 200 GET http://10.180.1.21/compute/v2.1/servers/7a19bcfd-5544-4688-8edb-e12c567979ae 0.092s
2025-04-16 22:11:37.002 68196 INFO tempest.lib.common.rest_client [req-40c9217a-f52e-45b6-8b90-e8c78839567c req-40c9217a-f52e-45b6-8b90-e8c78839567c ] Request (ServersTestManualDisk:setUpClass): 200 GET http://10.180.1.21/compute/v2.1/servers/4cd5b80b-d1f4-4142-83fb-235523464667 0.088s
2025-04-16 22:11:37.004 68220 INFO tempest.lib.common.rest_client [req-21dbbaae-adf6-4ebb-9ac3-43ce5fe3116d req-21dbbaae-adf6-4ebb-9ac3-43ce5fe3116d ] Request (VolumesAdminNegativeTest:test_update_attached_volume_with_nonexistent_volume_in_body): 200 GET http://10.180.1.21/compute/v2.1/servers/96d79732-9076-4715-aa1e-60001ffb17fb 0.050s
2025-04-16 22:11:37.086 68218 INFO tempest.lib.common.rest_client [req-4e4b5aab-1e85-4d75-a977-a39506092841 req-4e4b5aab-1e85-4d75-a977-a39506092841 ] Request (VolumesAssistedSnapshotsTest:test_volume_assisted_snapshot_create_delete): 200 GET http://10.180.1.21/compute/v2.1/servers/9085d0d1-bb7f-4bdd-b6a7-a550fe97ffda 0.127s
2025-04-16 22:11:37.129 68216 INFO tempest.lib.common.rest_client [req-36cefcf6-fc9c-4ce9-8ffd-e9019bc0673c req-36cefcf6-fc9c-4ce9-8ffd-e9019bc0673c ] Request (ServersAdminNegativeTestJSON:setUpClass): 200 GET http://10.180.1.21/compute/v2.1/servers/91d5024f-9eac-4a56-b08f-c0f6a7eda775 0.089s
2025-04-16 22:11:37.243 68198 INFO tempest.lib.common.rest_client [req-d086a861-6004-40cc-b172-b03849f6ebe5 req-d086a861-6004-40cc-b172-b03849f6ebe5 ] Request (FloatingIPsAssociationTestJSON:setUpClass): 200 GET http://10.180.1.21/compute/v2.1/servers/913c5652-c8af-41a8-94f1-c0eba08aacdd 0.088s
2025-04-16 22:11:37.295 68234 INFO tempest.lib.common.rest_client [req-931fc361-44cc-4686-b5bf-a8485f34daa6 req-931fc361-44cc-4686-b5bf-a8485f34daa6 ] Request (ImagesTestJSON:test_create_image_from_stopped_server): 200 GET http://10.180.1.21/compute/v2.1/servers/195a4a1e-3da7-4a69-a679-869346368195 0.090s
2025-04-16 22:11:37.364 68184 INFO tempest.lib.common.rest_client [req-63f76934-01d8-4c72-a456-4584fe67fb72 req-63f76934-01d8-4c72-a456-4584fe67fb72 ] Request (ImagesNegativeTestJSON:test_create_image_from_deleted_server): 200 GET http://10.180.1.21/compute/v2.1/servers/84cbacaa-08d2-4297-8777-150f433e4c04 0.128s
2025-04-16 22:11:37.502 68194 INFO tempest.lib.common.rest_client [req-eafcc785-ecfa-4fbb-8165-c0f2ed34f467 req-eafcc785-ecfa-4fbb-8165-c0f2ed34f467 ] Request (FloatingIPsAssociationNegativeTestJSON:setUpClass): 200 GET http://10.180.1.21/compute/v2.1/servers/793d6f98-ed1b-4a78-bcd5-cb796441d64b 0.085s
2025-04-16 22:11:37.508 68237 INFO tempest.lib.common.rest_client [req-1e70bb4a-68b6-4963-8aa1-f0a276b9692e req-1e70bb4a-68b6-4963-8aa1-f0a276b9692e ] Request (ServerPasswordTestJSON:setUpClass): 200 GET http://10.180.1.21/compute/v2.1/servers/1505bcf5-f622-40ee-93c2-8dabf1dce8cb 0.049s
2025-04-16 22:11:37.550 68212 INFO tempest.lib.common.rest_client [req-711e2b66-7320-4599-927d-3fc5ae7eaff3 req-711e2b66-7320-4599-927d-3fc5ae7eaff3 ] Request (ServersTestBootFromVolume:setUpClass): 200 GET http://10.180.1.21/compute/v2.1/servers/f935bfef-3ca7-41fc-89be-c5c4e070a401 0.047s
2025-04-16 22:11:37.590 68214 INFO tempest.lib.common.rest_client [req-4fa5c4ab-5ab0-45c2-9fbe-a2e088ae32cb req-4fa5c4ab-5ab0-45c2-9fbe-a2e088ae32cb ] Request (ServerDiskConfigTestJSON:test_rebuild_server_with_auto_disk_config): 200 GET http://10.180.1.21/compute/v2.1/servers/66d3ec66-244d-4ffa-bd6f-7067f8955e67 0.064s
2025-04-16 22:11:37.631 68180 INFO tempest.lib.common.rest_client [req-193bc89f-a96e-4883-8cf9-44cfbca83c0c req-193bc89f-a96e-4883-8cf9-44cfbca83c0c ] Request (ServerDiagnosticsTest:test_get_server_diagnostics): 200 GET http://10.180.1.21/compute/v2.1/servers/55dfe829-2e96-40d7-bef8-8e7556cbdab3 0.087s
2025-04-16 22:11:37.668 68222 INFO tempest.lib.common.rest_client [req-95f3cdfe-ad8c-428f-9a8a-67a74b4b65f0 req-95f3cdfe-ad8c-428f-9a8a-67a74b4b65f0 ] Request (ServersTestMultiNic:test_verify_duplicate_network_nics): 200 GET http://10.180.1.21/compute/v2.1/servers/c29ae4c5-cc93-480c-8d60-96f6acba4346 0.184s
2025-04-16 22:11:37.672 68210 INFO tempest.lib.common.rest_client [req-588e1be3-5a21-4dad-91c9-34db6665058e req-588e1be3-5a21-4dad-91c9-34db6665058e ] Request (DeleteServersTestJSON:test_delete_active_server): 200 GET http://10.180.1.21/compute/v2.1/servers/4458efe7-18d4-4cfb-b131-e09d36124d68 0.106s
2025-04-16 22:11:37.721 68208 INFO tempest.lib.common.rest_client [req-a2836d61-10f9-4857-a8bb-2d22002388a0 req-a2836d61-10f9-4857-a8bb-2d22002388a0 ] Request (ServerDiagnosticsV248Test:test_get_server_diagnostics): 200 GET http://10.180.1.21/compute/v2.1/servers/1589188b-8540-4afd-8050-ab47633593c0 0.107s
2025-04-16 22:11:37.768 68238 INFO tempest.lib.common.rest_client [req-39c8a88d-a117-4d98-8b30-4d2f783caaa9 req-39c8a88d-a117-4d98-8b30-4d2f783caaa9 ] Request (AttachVolumeNegativeTest:test_attach_attached_volume_to_different_server): 200 GET http://10.180.1.21/compute/v2.1/servers/f7888060-430b-4b16-b9ca-059020615dee 0.138s
2025-04-16 22:11:37.814 68186 INFO tempest.lib.common.rest_client [req-b40c4ffd-94cd-49b4-8d41-ab18109499a7 req-b40c4ffd-94cd-49b4-8d41-ab18109499a7 ] Request (ServerAddressesTestJSON:setUpClass): 200 GET http://10.180.1.21/compute/v2.1/servers/e42425fa-6c50-4e76-842b-0bfcccb011c0 0.158s
2025-04-16 22:11:37.858 68190 INFO tempest.lib.common.rest_client [req-edf8316b-af02-4460-aabd-1b62ec3dfe49 req-edf8316b-af02-4460-aabd-1b62ec3dfe49 ] Request (ServersAdminTestJSON:setUpClass): 200 GET http://10.180.1.21/compute/v2.1/servers/641b8e97-b9e6-4ef0-a819-42d3a29429de 0.159s
2025-04-16 22:11:37.886 68192 INFO tempest.lib.common.rest_client [req-c6ea8bf0-a4c6-4b08-9c1f-6d1456b18225 req-c6ea8bf0-a4c6-4b08-9c1f-6d1456b18225 ] Request (ServerRescueNegativeTestJSON:setUpClass): 200 GET http://10.180.1.21/compute/v2.1/servers/9842d097-f4f2-4f60-aea0-08896a47ff53 0.299s
2025-04-16 22:11:37.905 68178 INFO tempest.lib.common.rest_client [req-c2871f71-45a8-457e-8f29-67f8640b12b9 req-c2871f71-45a8-457e-8f29-67f8640b12b9 ] Request (ServerShowV254Test:test_rebuild_server): 200 GET http://10.180.1.21/compute/v2.1/servers/786676eb-ac36-48f6-874a-ab1ca15f2a9a 0.160s
2025-04-16 22:11:37.950 68202 INFO tempest.lib.common.rest_client [req-22567fdc-d027-4810-b700-15b819f52a9b req-22567fdc-d027-4810-b700-15b819f52a9b ] Request (ServerShowV257Test:test_rebuild_server): 200 GET http://10.180.1.21/compute/v2.1/servers/bb97988e-9f7f-4e4f-9904-fc560d0912ee 0.161s
2025-04-16 22:11:37.968 68182 INFO tempest.lib.common.rest_client [req-47f84c11-cae0-4725-975e-ad2a976e085d req-47f84c11-cae0-4725-975e-ad2a976e085d ] Request (ServerDiagnosticsNegativeTest:test_get_server_diagnostics_by_non_admin): 200 GET http://10.180.1.21/compute/v2.1/servers/7c092e03-5f1d-4e4a-98ca-8e6abddb3cdb 0.214s
2025-04-16 22:11:37.994 68188 INFO tempest.lib.common.rest_client [req-1ac63b3e-6225-4f6e-80c2-c3fd8ed71761 req-1ac63b3e-6225-4f6e-80c2-c3fd8ed71761 ] Request (InstanceActionsNegativeTestJSON:setUpClass): 200 GET http://10.180.1.21/compute/v2.1/servers/aa6229be-c18c-4cf9-99a1-ca546b30d797 0.199s
2025-04-16 22:11:38.015 68226 INFO tempest.lib.common.rest_client [req-c59e189f-41d1-45a5-81c3-090e7b40554b req-c59e189f-41d1-45a5-81c3-090e7b40554b ] Request (ServersV294TestFqdnHostnames:setUpClass): 200 GET http://10.180.1.21/compute/v2.1/servers/bbed830d-aa53-4ea4-93f8-d4b198a333cd 0.176s
2025-04-16 22:11:38.053 68230 INFO tempest.lib.common.rest_client [req-d48a4f56-eaf1-4801-ad98-41a7beb55fb7 req-d48a4f56-eaf1-4801-ad98-41a7beb55fb7 ] Request (ServersAdmin275Test:test_rebuild_update_server_275): 200 GET http://10.180.1.21/compute/v2.1/servers/e1401ec0-00f4-42fc-b8e5-a3b45fae3bcf 0.207s
2025-04-16 22:11:38.061 68240 INFO tempest.lib.common.rest_client [req-3733fd01-5f10-478b-a04b-bc0c53ce8909 req-3733fd01-5f10-478b-a04b-bc0c53ce8909 ] Request (AttachInterfacesV270Test:test_create_get_list_interfaces): 200 GET http://10.180.1.21/compute/v2.1/servers/4c281caa-f99d-40d5-b004-13e7856a29f5 0.177s
2025-04-16 22:11:38.097 68224 INFO tempest.lib.common.rest_client [req-baa7983f-fadc-4a25-b945-a56e96981924 req-baa7983f-fadc-4a25-b945-a56e96981924 ] Request (ServerGroupTestJSON:test_create_server_with_scheduler_hint_group): 200 GET http://10.180.1.21/compute/v2.1/servers/de1d5572-b82d-4edc-9c7e-a7e26c45a090 0.210s
2025-04-16 22:11:38.104 68206 INFO tempest.lib.common.rest_client [req-a75d358d-27c8-43aa-840b-7cc3a78c101f req-a75d358d-27c8-43aa-840b-7cc3a78c101f ] Request (ServersWithSpecificFlavorTestJSON:test_verify_created_server_ephemeral_disk): 200 GET http://10.180.1.21/compute/v2.1/servers/35b19ccb-4996-47a7-b1a7-6ffc9dd867ee 0.180s
2025-04-16 22:11:38.139 68204 INFO tempest.lib.common.rest_client [req-d587b662-25ed-4b61-b62e-b5403973b787 req-d587b662-25ed-4b61-b62e-b5403973b787 ] Request (ServersTestFqdnHostnames:test_create_server_with_fqdn_name): 200 GET http://10.180.1.21/compute/v2.1/servers/8d2a9e20-82d3-44cf-a725-59804debe1cc 0.172s
2025-04-16 22:11:38.181 68196 INFO tempest.lib.common.rest_client [req-f1045b94-ab40-43b1-bfb3-6d85220945a3 req-f1045b94-ab40-43b1-bfb3-6d85220945a3 ] Request (ServersTestManualDisk:setUpClass): 200 GET http://10.180.1.21/compute/v2.1/servers/4cd5b80b-d1f4-4142-83fb-235523464667 0.173s
2025-04-16 22:11:38.183 68232 INFO tempest.lib.common.rest_client [req-7aee6dba-7322-4973-81cc-52050b49c4a6 req-7aee6dba-7322-4973-81cc-52050b49c4a6 ] Request (AttachInterfacesUnderV243Test:test_add_remove_fixed_ip): 200 GET http://10.180.1.21/compute/v2.1/servers/7a19bcfd-5544-4688-8edb-e12c567979ae 0.214s
2025-04-16 22:11:38.222 68220 INFO tempest.lib.common.rest_client [req-2d66c899-65a1-4b37-98fc-ace42f517820 req-2d66c899-65a1-4b37-98fc-ace42f517820 ] Request (VolumesAdminNegativeTest:test_update_attached_volume_with_nonexistent_volume_in_body): 200 GET http://10.180.1.21/compute/v2.1/servers/96d79732-9076-4715-aa1e-60001ffb17fb 0.210s
2025-04-16 22:11:38.303 68218 INFO tempest.lib.common.rest_client [req-b3c67713-02e0-441f-8635-e2a43434e139 req-b3c67713-02e0-441f-8635-e2a43434e139 ] Request (VolumesAssistedSnapshotsTest:test_volume_assisted_snapshot_create_delete): 200 GET http://10.180.1.21/compute/v2.1/servers/9085d0d1-bb7f-4bdd-b6a7-a550fe97ffda 0.209s
2025-04-16 22:11:38.343 68216 INFO tempest.lib.common.rest_client [req-89953a13-6842-4b86-b476-0cc41832a8b3 req-89953a13-6842-4b86-b476-0cc41832a8b3 ] Request (ServersAdminNegativeTestJSON:setUpClass): 200 GET http://10.180.1.21/compute/v2.1/servers/91d5024f-9eac-4a56-b08f-c0f6a7eda775 0.206s
2025-04-16 22:11:38.385 68198 INFO tempest.lib.common.rest_client [req-a2b99ddf-8af6-4126-87ed-4206449c7ee0 req-a2b99ddf-8af6-4126-87ed-4206449c7ee0 ] Request (FloatingIPsAssociationTestJSON:setUpClass): 200 GET http://10.180.1.21/compute/v2.1/servers/913c5652-c8af-41a8-94f1-c0eba08aacdd 0.133s
2025-04-16 22:11:38.466 68234 INFO tempest.lib.common.rest_client [req-d3e27db2-cc48-4092-a4a7-f2a2dbe226f5 req-d3e27db2-cc48-4092-a4a7-f2a2dbe226f5 ] Request (ImagesTestJSON:test_create_image_from_stopped_server): 200 GET http://10.180.1.21/compute/v2.1/servers/195a4a1e-3da7-4a69-a679-869346368195 0.163s
2025-04-16 22:11:38.505 68184 INFO tempest.lib.common.rest_client [req-2b142ae7-8794-40c3-a673-0393921c96c1 req-2b142ae7-8794-40c3-a673-0393921c96c1 ] Request (ImagesNegativeTestJSON:test_create_image_from_deleted_server): 200 GET http://10.180.1.21/compute/v2.1/servers/84cbacaa-08d2-4297-8777-150f433e4c04 0.133s
2025-04-16 22:11:38.639 68194 INFO tempest.lib.common.rest_client [req-412b1e6a-b819-468a-aa09-3dd3b4f606d4 req-412b1e6a-b819-468a-aa09-3dd3b4f606d4 ] Request (FloatingIPsAssociationNegativeTestJSON:setUpClass): 200 GET http://10.180.1.21/compute/v2.1/servers/793d6f98-ed1b-4a78-bcd5-cb796441d64b 0.129s
2025-04-16 22:11:38.682 68212 INFO tempest.lib.common.rest_client [req-22f8dd3c-7c7b-4475-aa23-7a2b8eb4ad65 req-22f8dd3c-7c7b-4475-aa23-7a2b8eb4ad65 ] Request (ServersTestBootFromVolume:setUpClass): 200 GET http://10.180.1.21/compute/v2.1/servers/f935bfef-3ca7-41fc-89be-c5c4e070a401 0.124s
2025-04-16 22:11:38.723 68237 INFO tempest.lib.common.rest_client [req-e85d98dc-12e4-4af5-abd1-fee46d16dac2 req-e85d98dc-12e4-4af5-abd1-fee46d16dac2 ] Request (ServerPasswordTestJSON:setUpClass): 200 GET http://10.180.1.21/compute/v2.1/servers/1505bcf5-f622-40ee-93c2-8dabf1dce8cb 0.208s
2025-04-16 22:11:38.725 68214 INFO tempest.lib.common.rest_client [req-e112a822-0ae9-4f69-9cc5-18e5c3096651 req-e112a822-0ae9-4f69-9cc5-18e5c3096651 ] Request (ServerDiskConfigTestJSON:test_rebuild_server_with_auto_disk_config): 200 GET http://10.180.1.21/compute/v2.1/servers/66d3ec66-244d-4ffa-bd6f-7067f8955e67 0.127s
2025-04-16 22:11:38.766 68180 INFO tempest.lib.common.rest_client [req-72219a01-2514-4562-9fe4-55fc8929432e req-72219a01-2514-4562-9fe4-55fc8929432e ] Request (ServerDiagnosticsTest:test_get_server_diagnostics): 200 GET http://10.180.1.21/compute/v2.1/servers/55dfe829-2e96-40d7-bef8-8e7556cbdab3 0.128s
2025-04-16 22:11:38.807 68210 INFO tempest.lib.common.rest_client [req-3ff22996-ac3a-4433-8034-5bc73227297e req-3ff22996-ac3a-4433-8034-5bc73227297e ] Request (DeleteServersTestJSON:test_delete_active_server): 200 GET http://10.180.1.21/compute/v2.1/servers/4458efe7-18d4-4cfb-b131-e09d36124d68 0.127s
2025-04-16 22:11:38.816 68222 INFO tempest.lib.common.rest_client [req-be5e4880-20ea-4e24-ad6d-03f245faef62 req-be5e4880-20ea-4e24-ad6d-03f245faef62 ] Request (ServersTestMultiNic:test_verify_duplicate_network_nics): 200 GET http://10.180.1.21/compute/v2.1/servers/c29ae4c5-cc93-480c-8d60-96f6acba4346 0.138s
2025-04-16 22:11:38.851 68208 INFO tempest.lib.common.rest_client [req-1309fd15-b78f-4d28-b2e8-d749bff6cb9f req-1309fd15-b78f-4d28-b2e8-d749bff6cb9f ] Request (ServerDiagnosticsV248Test:test_get_server_diagnostics): 200 GET http://10.180.1.21/compute/v2.1/servers/1589188b-8540-4afd-8050-ab47633593c0 0.120s
2025-04-16 22:11:38.861 68238 INFO tempest.lib.common.rest_client [req-90ca930b-6caa-48d1-bdf9-e878ca3824a5 req-90ca930b-6caa-48d1-bdf9-e878ca3824a5 ] Request (AttachVolumeNegativeTest:test_attach_attached_volume_to_different_server): 200 GET http://10.180.1.21/compute/v2.1/servers/f7888060-430b-4b16-b9ca-059020615dee 0.085s
2025-04-16 22:11:38.894 68186 INFO tempest.lib.common.rest_client [req-c8f7414e-1d00-4194-88fa-04bb3338d6d9 req-c8f7414e-1d00-4194-88fa-04bb3338d6d9 ] Request (ServerAddressesTestJSON:setUpClass): 200 GET http://10.180.1.21/compute/v2.1/servers/e42425fa-6c50-4e76-842b-0bfcccb011c0 0.072s
2025-04-16 22:11:38.910 68190 INFO tempest.lib.common.rest_client [req-ad99d5a3-cc2c-41b3-afc5-f992399c62d5 req-ad99d5a3-cc2c-41b3-afc5-f992399c62d5 ] Request (ServersAdminTestJSON:setUpClass): 200 GET http://10.180.1.21/compute/v2.1/servers/641b8e97-b9e6-4ef0-a819-42d3a29429de 0.045s
2025-04-16 22:11:38.939 68192 INFO tempest.lib.common.rest_client [req-b3894bc0-5e82-4ee0-be59-9fc622a2c2e6 req-b3894bc0-5e82-4ee0-be59-9fc622a2c2e6 ] Request (ServerRescueNegativeTestJSON:setUpClass): 200 GET http://10.180.1.21/compute/v2.1/servers/9842d097-f4f2-4f60-aea0-08896a47ff53 0.045s
2025-04-16 22:11:38.965 68178 INFO tempest.lib.common.rest_client [req-790b8623-863b-45dc-a4c4-fcd402aa0720 req-790b8623-863b-45dc-a4c4-fcd402aa0720 ] Request (ServerShowV254Test:test_rebuild_server): 200 GET http://10.180.1.21/compute/v2.1/servers/786676eb-ac36-48f6-874a-ab1ca15f2a9a 0.050s
2025-04-16 22:11:39.006 68202 INFO tempest.lib.common.rest_client [req-0ee7808e-f3c6-40d1-9585-c2fe7d19f724 req-0ee7808e-f3c6-40d1-9585-c2fe7d19f724 ] Request (ServerShowV257Test:test_rebuild_server): 200 GET http://10.180.1.21/compute/v2.1/servers/bb97988e-9f7f-4e4f-9904-fc560d0912ee 0.046s
2025-04-16 22:11:39.053 68188 INFO tempest.lib.common.rest_client [req-8527b3ad-6eb4-4f73-b9f4-3f2acf7f04e2 req-8527b3ad-6eb4-4f73-b9f4-3f2acf7f04e2 ] Request (InstanceActionsNegativeTestJSON:setUpClass): 200 GET http://10.180.1.21/compute/v2.1/servers/aa6229be-c18c-4cf9-99a1-ca546b30d797 0.046s
2025-04-16 22:11:39.062 68182 INFO tempest.lib.common.rest_client [req-f207fcae-92a9-4c2f-bbac-08dece0e596a req-f207fcae-92a9-4c2f-bbac-08dece0e596a ] Request (ServerDiagnosticsNegativeTest:test_get_server_diagnostics_by_non_admin): 200 GET http://10.180.1.21/compute/v2.1/servers/7c092e03-5f1d-4e4a-98ca-8e6abddb3cdb 0.086s
2025-04-16 22:11:39.099 68226 INFO tempest.lib.common.rest_client [req-fdbd3fa0-49a5-4eb2-85c4-a14555cd130e req-fdbd3fa0-49a5-4eb2-85c4-a14555cd130e ] Request (ServersV294TestFqdnHostnames:setUpClass): 200 GET http://10.180.1.21/compute/v2.1/servers/bbed830d-aa53-4ea4-93f8-d4b198a333cd 0.075s
2025-04-16 22:11:39.113 68230 INFO tempest.lib.common.rest_client [req-65218eb9-789c-4876-b485-7bcb97b0584a req-65218eb9-789c-4876-b485-7bcb97b0584a ] Request (ServersAdmin275Test:test_rebuild_update_server_275): 200 GET http://10.180.1.21/compute/v2.1/servers/e1401ec0-00f4-42fc-b8e5-a3b45fae3bcf 0.050s
2025-04-16 22:11:39.142 68240 INFO tempest.lib.common.rest_client [req-d9596a48-65ba-4f0f-9ce4-145761eb24fe req-d9596a48-65ba-4f0f-9ce4-145761eb24fe ] Request (AttachInterfacesV270Test:test_create_get_list_interfaces): 200 GET http://10.180.1.21/compute/v2.1/servers/4c281caa-f99d-40d5-b004-13e7856a29f5 0.072s
2025-04-16 22:11:39.154 68224 INFO tempest.lib.common.rest_client [req-5dbc43b0-bcdd-4b4f-b6cd-cd85a6ed749b req-5dbc43b0-bcdd-4b4f-b6cd-cd85a6ed749b ] Request (ServerGroupTestJSON:test_create_server_with_scheduler_hint_group): 200 GET http://10.180.1.21/compute/v2.1/servers/de1d5572-b82d-4edc-9c7e-a7e26c45a090 0.050s
2025-04-16 22:11:39.185 68206 INFO tempest.lib.common.rest_client [req-0d59a60e-18ff-4279-8b5d-a0e5c7bc3ed5 req-0d59a60e-18ff-4279-8b5d-a0e5c7bc3ed5 ] Request (ServersWithSpecificFlavorTestJSON:test_verify_created_server_ephemeral_disk): 200 GET http://10.180.1.21/compute/v2.1/servers/35b19ccb-4996-47a7-b1a7-6ffc9dd867ee 0.074s
2025-04-16 22:11:39.197 68204 INFO tempest.lib.common.rest_client [req-bdac1857-769a-44a5-8352-cfb7707fc19a req-bdac1857-769a-44a5-8352-cfb7707fc19a ] Request (ServersTestFqdnHostnames:test_create_server_with_fqdn_name): 200 GET http://10.180.1.21/compute/v2.1/servers/8d2a9e20-82d3-44cf-a725-59804debe1cc 0.050s
2025-04-16 22:11:39.234 68196 INFO tempest.lib.common.rest_client [req-a2f6caf8-5f02-4e32-af9c-8abbd223204e req-a2f6caf8-5f02-4e32-af9c-8abbd223204e ] Request (ServersTestManualDisk:setUpClass): 200 GET http://10.180.1.21/compute/v2.1/servers/4cd5b80b-d1f4-4142-83fb-235523464667 0.045s
2025-04-16 22:11:39.275 68220 INFO tempest.lib.common.rest_client [req-3ca29649-05c2-4a12-ad68-e7d111645ef5 req-3ca29649-05c2-4a12-ad68-e7d111645ef5 ] Request (VolumesAdminNegativeTest:test_update_attached_volume_with_nonexistent_volume_in_body): 200 GET http://10.180.1.21/compute/v2.1/servers/96d79732-9076-4715-aa1e-60001ffb17fb 0.045s
2025-04-16 22:11:39.314 68232 INFO tempest.lib.common.rest_client [req-0a60a002-5126-4ff4-83eb-bbd1195563e8 req-0a60a002-5126-4ff4-83eb-bbd1195563e8 ] Request (AttachInterfacesUnderV243Test:test_add_remove_fixed_ip): 200 GET http://10.180.1.21/compute/v2.1/servers/7a19bcfd-5544-4688-8edb-e12c567979ae 0.122s
2025-04-16 22:11:39.398 68218 INFO tempest.lib.common.rest_client [req-ad17c893-b68a-4686-b7c1-33ca70d26c7a req-ad17c893-b68a-4686-b7c1-33ca70d26c7a ] Request (VolumesAssistedSnapshotsTest:test_volume_assisted_snapshot_create_delete): 200 GET http://10.180.1.21/compute/v2.1/servers/9085d0d1-bb7f-4bdd-b6a7-a550fe97ffda 0.087s
2025-04-16 22:11:39.439 68216 INFO tempest.lib.common.rest_client [req-b38cbc25-3762-4918-938a-8a85e00ca108 req-b38cbc25-3762-4918-938a-8a85e00ca108 ] Request (ServersAdminNegativeTestJSON:setUpClass): 200 GET http://10.180.1.21/compute/v2.1/servers/91d5024f-9eac-4a56-b08f-c0f6a7eda775 0.085s
2025-04-16 22:11:39.478 68198 INFO tempest.lib.common.rest_client [req-3758abf2-524c-4363-894f-113c3c39d5bc req-3758abf2-524c-4363-894f-113c3c39d5bc ] Request (FloatingIPsAssociationTestJSON:setUpClass): 200 GET http://10.180.1.21/compute/v2.1/servers/913c5652-c8af-41a8-94f1-c0eba08aacdd 0.085s
2025-04-16 22:11:39.559 68234 INFO tempest.lib.common.rest_client [req-51959eed-c56a-4a26-bd51-8f90bd842deb req-51959eed-c56a-4a26-bd51-8f90bd842deb ] Request (ImagesTestJSON:test_create_image_from_stopped_server): 200 GET http://10.180.1.21/compute/v2.1/servers/195a4a1e-3da7-4a69-a679-869346368195 0.085s
2025-04-16 22:11:39.598 68184 INFO tempest.lib.common.rest_client [req-463f6a8f-f995-473d-b387-fc1007138974 req-463f6a8f-f995-473d-b387-fc1007138974 ] Request (ImagesNegativeTestJSON:test_create_image_from_deleted_server): 200 GET http://10.180.1.21/compute/v2.1/servers/84cbacaa-08d2-4297-8777-150f433e4c04 0.085s
2025-04-16 22:11:39.731 68194 INFO tempest.lib.common.rest_client [req-a0cf34c6-2254-44e7-a13b-0a4e90d26914 req-a0cf34c6-2254-44e7-a13b-0a4e90d26914 ] Request (FloatingIPsAssociationNegativeTestJSON:setUpClass): 200 GET http://10.180.1.21/compute/v2.1/servers/793d6f98-ed1b-4a78-bcd5-cb796441d64b 0.084s
2025-04-16 22:11:39.737 68212 INFO tempest.lib.common.rest_client [req-35ecd002-e3d3-4b70-aad9-c5055c34da64 req-35ecd002-e3d3-4b70-aad9-c5055c34da64 ] Request (ServersTestBootFromVolume:setUpClass): 200 GET http://10.180.1.21/compute/v2.1/servers/f935bfef-3ca7-41fc-89be-c5c4e070a401 0.045s
2025-04-16 22:11:39.776 68237 INFO tempest.lib.common.rest_client [req-794d0f6b-0a98-466a-8b15-ad85cfe6b6e1 req-794d0f6b-0a98-466a-8b15-ad85cfe6b6e1 ] Request (ServerPasswordTestJSON:setUpClass): 200 GET http://10.180.1.21/compute/v2.1/servers/1505bcf5-f622-40ee-93c2-8dabf1dce8cb 0.045s
2025-04-16 22:11:39.779 68214 INFO tempest.lib.common.rest_client [req-50b6c7e5-a0e4-4320-bb1a-608ef8287838 req-50b6c7e5-a0e4-4320-bb1a-608ef8287838 ] Request (ServerDiskConfigTestJSON:test_rebuild_server_with_auto_disk_config): 200 GET http://10.180.1.21/compute/v2.1/servers/66d3ec66-244d-4ffa-bd6f-7067f8955e67 0.048s
2025-04-16 22:11:39.821 68180 INFO tempest.lib.common.rest_client [req-6021fa2b-a9aa-4d3d-a16e-9da8d88f4860 req-6021fa2b-a9aa-4d3d-a16e-9da8d88f4860 ] Request (ServerDiagnosticsTest:test_get_server_diagnostics): 200 GET http://10.180.1.21/compute/v2.1/servers/55dfe829-2e96-40d7-bef8-8e7556cbdab3 0.047s
2025-04-16 22:11:39.861 68210 INFO tempest.lib.common.rest_client [req-e32ced60-58fc-4a4a-980c-d4b142415fd1 req-e32ced60-58fc-4a4a-980c-d4b142415fd1 ] Request (DeleteServersTestJSON:test_delete_active_server): 200 GET http://10.180.1.21/compute/v2.1/servers/4458efe7-18d4-4cfb-b131-e09d36124d68 0.045s
2025-04-16 22:11:39.907 68208 INFO tempest.lib.common.rest_client [req-8752ac15-c215-4802-8b9e-bca0c3ce2268 req-8752ac15-c215-4802-8b9e-bca0c3ce2268 ] Request (ServerDiagnosticsV248Test:test_get_server_diagnostics): 200 GET http://10.180.1.21/compute/v2.1/servers/1589188b-8540-4afd-8050-ab47633593c0 0.045s
2025-04-16 22:11:39.916 68222 INFO tempest.lib.common.rest_client [req-fa2efbbb-d3f0-4378-8985-9851e158a091 req-fa2efbbb-d3f0-4378-8985-9851e158a091 ] Request (ServersTestMultiNic:test_verify_duplicate_network_nics): 200 GET http://10.180.1.21/compute/v2.1/servers/c29ae4c5-cc93-480c-8d60-96f6acba4346 0.093s
2025-04-16 22:11:39.950 68238 INFO tempest.lib.common.rest_client [req-aaab0b89-bd4c-4269-80b6-51a64804ca9f req-aaab0b89-bd4c-4269-80b6-51a64804ca9f ] Request (AttachVolumeNegativeTest:test_attach_attached_volume_to_different_server): 200 GET http://10.180.1.21/compute/v2.1/servers/f7888060-430b-4b16-b9ca-059020615dee 0.081s
2025-04-16 22:11:39.958 68186 INFO tempest.lib.common.rest_client [req-eabcc6d6-81eb-4e37-b608-dcc176ce0a0e req-eabcc6d6-81eb-4e37-b608-dcc176ce0a0e ] Request (ServerAddressesTestJSON:setUpClass): 200 GET http://10.180.1.21/compute/v2.1/servers/e42425fa-6c50-4e76-842b-0bfcccb011c0 0.056s
2025-04-16 22:11:39.995 68190 INFO tempest.lib.common.rest_client [req-fd1f59c6-84dd-462e-a1dd-1133cc882630 req-fd1f59c6-84dd-462e-a1dd-1133cc882630 ] Request (ServersAdminTestJSON:setUpClass): 200 GET http://10.180.1.21/compute/v2.1/servers/641b8e97-b9e6-4ef0-a819-42d3a29429de 0.078s
2025-04-16 22:11:40.000 68192 INFO tempest.lib.common.rest_client [req-a8fc5141-a2f9-4c66-a6eb-d50dc3bbcca8 req-a8fc5141-a2f9-4c66-a6eb-d50dc3bbcca8 ] Request (ServerRescueNegativeTestJSON:setUpClass): 200 GET http://10.180.1.21/compute/v2.1/servers/9842d097-f4f2-4f60-aea0-08896a47ff53 0.048s
2025-04-16 22:11:40.050 68178 INFO tempest.lib.common.rest_client [req-f6f35834-a944-4007-b6ac-c355d25ac362 req-f6f35834-a944-4007-b6ac-c355d25ac362 ] Request (ServerShowV254Test:test_rebuild_server): 200 GET http://10.180.1.21/compute/v2.1/servers/786676eb-ac36-48f6-874a-ab1ca15f2a9a 0.070s
2025-04-16 22:11:40.068 68202 INFO tempest.lib.common.rest_client [req-664723d0-556e-4dfc-a25e-ab7bf4bb1d29 req-664723d0-556e-4dfc-a25e-ab7bf4bb1d29 ] Request (ServerShowV257Test:test_rebuild_server): 200 GET http://10.180.1.21/compute/v2.1/servers/bb97988e-9f7f-4e4f-9904-fc560d0912ee 0.048s
2025-04-16 22:11:40.106 68188 INFO tempest.lib.common.rest_client [req-082b71d9-436f-4b43-8f7a-3cf6bdfc22fa req-082b71d9-436f-4b43-8f7a-3cf6bdfc22fa ] Request (InstanceActionsNegativeTestJSON:setUpClass): 200 GET http://10.180.1.21/compute/v2.1/servers/aa6229be-c18c-4cf9-99a1-ca546b30d797 0.046s
2025-04-16 22:11:40.155 68182 INFO tempest.lib.common.rest_client [req-f9bfbace-f348-4be1-9ae6-f601f5b1906a req-f9bfbace-f348-4be1-9ae6-f601f5b1906a ] Request (ServerDiagnosticsNegativeTest:test_get_server_diagnostics_by_non_admin): 200 GET http://10.180.1.21/compute/v2.1/servers/7c092e03-5f1d-4e4a-98ca-8e6abddb3cdb 0.085s
2025-04-16 22:11:40.157 68226 INFO tempest.lib.common.rest_client [req-490061c5-c022-4d83-afec-99e353195252 req-490061c5-c022-4d83-afec-99e353195252 ] Request (ServersV294TestFqdnHostnames:setUpClass): 200 GET http://10.180.1.21/compute/v2.1/servers/bbed830d-aa53-4ea4-93f8-d4b198a333cd 0.047s
2025-04-16 22:11:40.203 68240 INFO tempest.lib.common.rest_client [req-9cd4d71d-e16c-47cd-be41-479a495176a3 req-9cd4d71d-e16c-47cd-be41-479a495176a3 ] Request (AttachInterfacesV270Test:test_create_get_list_interfaces): 200 GET http://10.180.1.21/compute/v2.1/servers/4c281caa-f99d-40d5-b004-13e7856a29f5 0.051s
2025-04-16 22:11:40.207 68230 INFO tempest.lib.common.rest_client [req-2e84c516-8939-4e1f-906c-e075c88c374e req-2e84c516-8939-4e1f-906c-e075c88c374e ] Request (ServersAdmin275Test:test_rebuild_update_server_275): 200 GET http://10.180.1.21/compute/v2.1/servers/e1401ec0-00f4-42fc-b8e5-a3b45fae3bcf 0.084s
2025-04-16 22:11:40.245 68224 INFO tempest.lib.common.rest_client [req-6865dd2f-9e31-40a6-94af-72db239f05a5 req-6865dd2f-9e31-40a6-94af-72db239f05a5 ] Request (ServerGroupTestJSON:test_create_server_with_scheduler_hint_group): 200 GET http://10.180.1.21/compute/v2.1/servers/de1d5572-b82d-4edc-9c7e-a7e26c45a090 0.083s
2025-04-16 22:11:40.249 68206 INFO tempest.lib.common.rest_client [req-ae5f3523-6f9d-4e05-a821-e87e4b92d4cf req-ae5f3523-6f9d-4e05-a821-e87e4b92d4cf ] Request (ServersWithSpecificFlavorTestJSON:test_verify_created_server_ephemeral_disk): 200 GET http://10.180.1.21/compute/v2.1/servers/35b19ccb-4996-47a7-b1a7-6ffc9dd867ee 0.056s
2025-04-16 22:11:40.290 68204 INFO tempest.lib.common.rest_client [req-25930ba0-7577-45f5-8993-a5330471ace8 req-25930ba0-7577-45f5-8993-a5330471ace8 ] Request (ServersTestFqdnHostnames:test_create_server_with_fqdn_name): 200 GET http://10.180.1.21/compute/v2.1/servers/8d2a9e20-82d3-44cf-a725-59804debe1cc 0.086s
2025-04-16 22:11:40.291 68196 INFO tempest.lib.common.rest_client [req-14ff0acd-0a93-4cf2-8f2f-8a85083c8453 req-14ff0acd-0a93-4cf2-8f2f-8a85083c8453 ] Request (ServersTestManualDisk:setUpClass): 200 GET http://10.180.1.21/compute/v2.1/servers/4cd5b80b-d1f4-4142-83fb-235523464667 0.050s
2025-04-16 22:11:40.332 68220 INFO tempest.lib.common.rest_client [req-fdb617bc-0ed9-4570-ba44-7b5e7d64ee24 req-fdb617bc-0ed9-4570-ba44-7b5e7d64ee24 ] Request (VolumesAdminNegativeTest:test_update_attached_volume_with_nonexistent_volume_in_body): 200 GET http://10.180.1.21/compute/v2.1/servers/96d79732-9076-4715-aa1e-60001ffb17fb 0.049s
2025-04-16 22:11:40.407 68232 INFO tempest.lib.common.rest_client [req-c5fd4f31-2961-41b6-b288-e8f044c0eba7 req-c5fd4f31-2961-41b6-b288-e8f044c0eba7 ] Request (AttachInterfacesUnderV243Test:test_add_remove_fixed_ip): 200 GET http://10.180.1.21/compute/v2.1/servers/7a19bcfd-5544-4688-8edb-e12c567979ae 0.085s
2025-04-16 22:11:40.494 68218 INFO tempest.lib.common.rest_client [req-c3379a92-ffb4-499c-96f9-3b6a58a292ac req-c3379a92-ffb4-499c-96f9-3b6a58a292ac ] Request (VolumesAssistedSnapshotsTest:test_volume_assisted_snapshot_create_delete): 200 GET http://10.180.1.21/compute/v2.1/servers/9085d0d1-bb7f-4bdd-b6a7-a550fe97ffda 0.089s
2025-04-16 22:11:40.534 68216 INFO tempest.lib.common.rest_client [req-377afb5a-2342-4575-afa8-ac03beba0eb6 req-377afb5a-2342-4575-afa8-ac03beba0eb6 ] Request (ServersAdminNegativeTestJSON:setUpClass): 200 GET http://10.180.1.21/compute/v2.1/servers/91d5024f-9eac-4a56-b08f-c0f6a7eda775 0.088s
2025-04-16 22:11:40.615 68198 INFO tempest.lib.common.rest_client [req-93347ffa-0dc9-4eb4-aeae-207ec8288dad req-93347ffa-0dc9-4eb4-aeae-207ec8288dad ] Request (FloatingIPsAssociationTestJSON:setUpClass): 200 GET http://10.180.1.21/compute/v2.1/servers/913c5652-c8af-41a8-94f1-c0eba08aacdd 0.129s
2025-04-16 22:11:40.651 68234 INFO tempest.lib.common.rest_client [req-100672c5-d012-4b03-bace-0941218f0292 req-100672c5-d012-4b03-bace-0941218f0292 ] Request (ImagesTestJSON:test_create_image_from_stopped_server): 200 GET http://10.180.1.21/compute/v2.1/servers/195a4a1e-3da7-4a69-a679-869346368195 0.083s
2025-04-16 22:11:40.697 68184 INFO tempest.lib.common.rest_client [req-273f4648-206c-4b06-91f1-0b6b96a83039 req-273f4648-206c-4b06-91f1-0b6b96a83039 ] Request (ImagesNegativeTestJSON:test_create_image_from_deleted_server): 200 GET http://10.180.1.21/compute/v2.1/servers/84cbacaa-08d2-4297-8777-150f433e4c04 0.092s
2025-04-16 22:11:40.795 68212 INFO tempest.lib.common.rest_client [req-8b06679f-4fac-406b-abbf-f27d51339c72 req-8b06679f-4fac-406b-abbf-f27d51339c72 ] Request (ServersTestBootFromVolume:setUpClass): 200 GET http://10.180.1.21/compute/v2.1/servers/f935bfef-3ca7-41fc-89be-c5c4e070a401 0.050s
2025-04-16 22:11:40.833 68194 INFO tempest.lib.common.rest_client [req-4f2b44f5-5f53-4c30-bcd4-44e3f7ef6894 req-4f2b44f5-5f53-4c30-bcd4-44e3f7ef6894 ] Request (FloatingIPsAssociationNegativeTestJSON:setUpClass): 200 GET http://10.180.1.21/compute/v2.1/servers/793d6f98-ed1b-4a78-bcd5-cb796441d64b 0.094s
2025-04-16 22:11:40.836 68237 INFO tempest.lib.common.rest_client [req-530a09d5-6e23-45f1-a6ba-3461f8b05b61 req-530a09d5-6e23-45f1-a6ba-3461f8b05b61 ] Request (ServerPasswordTestJSON:setUpClass): 200 GET http://10.180.1.21/compute/v2.1/servers/1505bcf5-f622-40ee-93c2-8dabf1dce8cb 0.051s
2025-04-16 22:11:40.875 68214 INFO tempest.lib.common.rest_client [req-c9d02c1b-5522-4ddc-876d-aa1525682308 req-c9d02c1b-5522-4ddc-876d-aa1525682308 ] Request (ServerDiskConfigTestJSON:test_rebuild_server_with_auto_disk_config): 200 GET http://10.180.1.21/compute/v2.1/servers/66d3ec66-244d-4ffa-bd6f-7067f8955e67 0.088s
2025-04-16 22:11:40.877 68180 INFO tempest.lib.common.rest_client [req-0ca327e2-baa4-4ee0-a357-629c60cdfbf6 req-0ca327e2-baa4-4ee0-a357-629c60cdfbf6 ] Request (ServerDiagnosticsTest:test_get_server_diagnostics): 200 GET http://10.180.1.21/compute/v2.1/servers/55dfe829-2e96-40d7-bef8-8e7556cbdab3 0.048s
2025-04-16 22:11:40.916 68210 INFO tempest.lib.common.rest_client [req-0fe219f4-9acb-4f39-8abc-f6ff7b4d9fd8 req-0fe219f4-9acb-4f39-8abc-f6ff7b4d9fd8 ] Request (DeleteServersTestJSON:test_delete_active_server): 200 GET http://10.180.1.21/compute/v2.1/servers/4458efe7-18d4-4cfb-b131-e09d36124d68 0.048s
2025-04-16 22:11:40.964 68208 INFO tempest.lib.common.rest_client [req-d5b11427-3cfb-456f-bf63-d30d302a863e req-d5b11427-3cfb-456f-bf63-d30d302a863e ] Request (ServerDiagnosticsV248Test:test_get_server_diagnostics): 200 GET http://10.180.1.21/compute/v2.1/servers/1589188b-8540-4afd-8050-ab47633593c0 0.048s
2025-04-16 22:11:41.006 68238 INFO tempest.lib.common.rest_client [req-4597b228-1c04-4bc8-b9b0-d3c63ec15944 req-4597b228-1c04-4bc8-b9b0-d3c63ec15944 ] Request (AttachVolumeNegativeTest:test_attach_attached_volume_to_different_server): 200 GET http://10.180.1.21/compute/v2.1/servers/f7888060-430b-4b16-b9ca-059020615dee 0.049s
2025-04-16 22:11:41.050 68186 INFO tempest.lib.common.rest_client [req-62447814-4dc9-4135-84a0-39e66157d970 req-62447814-4dc9-4135-84a0-39e66157d970 ] Request (ServerAddressesTestJSON:setUpClass): 200 GET http://10.180.1.21/compute/v2.1/servers/e42425fa-6c50-4e76-842b-0bfcccb011c0 0.084s
2025-04-16 22:11:41.096 68190 INFO tempest.lib.common.rest_client [req-03e115c2-ec2e-4ffe-94e3-d41d91241a7e req-03e115c2-ec2e-4ffe-94e3-d41d91241a7e ] Request (ServersAdminTestJSON:setUpClass): 200 GET http://10.180.1.21/compute/v2.1/servers/641b8e97-b9e6-4ef0-a819-42d3a29429de 0.093s
2025-04-16 22:11:41.141 68192 INFO tempest.lib.common.rest_client [req-c6eee9c0-7691-4e51-8e59-08581201ceca req-c6eee9c0-7691-4e51-8e59-08581201ceca ] Request (ServerRescueNegativeTestJSON:setUpClass): 200 GET http://10.180.1.21/compute/v2.1/servers/9842d097-f4f2-4f60-aea0-08896a47ff53 0.133s
2025-04-16 22:11:41.187 68178 INFO tempest.lib.common.rest_client [req-edd1c007-8808-463e-882b-40b5c7690f4c req-edd1c007-8808-463e-882b-40b5c7690f4c ] Request (ServerShowV254Test:test_rebuild_server): 200 GET http://10.180.1.21/compute/v2.1/servers/786676eb-ac36-48f6-874a-ab1ca15f2a9a 0.128s
2025-04-16 22:11:41.192 68222 INFO tempest.lib.common.rest_client [req-623b051e-f9bb-4c3c-9eae-1519a75e5909 req-623b051e-f9bb-4c3c-9eae-1519a75e5909 ] Request (ServersTestMultiNic:test_verify_duplicate_network_nics): 200 GET http://10.180.1.21/compute/v2.1/servers/c29ae4c5-cc93-480c-8d60-96f6acba4346 0.268s
2025-04-16 22:11:41.234 68202 INFO tempest.lib.common.rest_client [req-020241c4-2339-4292-8439-de2d9b178b5d req-020241c4-2339-4292-8439-de2d9b178b5d ] Request (ServerShowV257Test:test_rebuild_server): 200 GET http://10.180.1.21/compute/v2.1/servers/bb97988e-9f7f-4e4f-9904-fc560d0912ee 0.153s
2025-04-16 22:11:41.234 68188 INFO tempest.lib.common.rest_client [req-c423e82c-0737-468e-864f-fc43d42aee56 req-c423e82c-0737-468e-864f-fc43d42aee56 ] Request (InstanceActionsNegativeTestJSON:setUpClass): 200 GET http://10.180.1.21/compute/v2.1/servers/aa6229be-c18c-4cf9-99a1-ca546b30d797 0.121s
2025-04-16 22:11:41.279 68226 INFO tempest.lib.common.rest_client [req-ccb153b4-b675-48b7-b808-0ba566ba73c0 req-ccb153b4-b675-48b7-b808-0ba566ba73c0 ] Request (ServersV294TestFqdnHostnames:setUpClass): 200 GET http://10.180.1.21/compute/v2.1/servers/bbed830d-aa53-4ea4-93f8-d4b198a333cd 0.111s
2025-04-16 22:11:41.317 68182 INFO tempest.lib.common.rest_client [req-43ac4146-7539-4f9d-a07f-593166fbc2d9 req-43ac4146-7539-4f9d-a07f-593166fbc2d9 ] Request (ServerDiagnosticsNegativeTest:test_get_server_diagnostics_by_non_admin): 200 GET http://10.180.1.21/compute/v2.1/servers/7c092e03-5f1d-4e4a-98ca-8e6abddb3cdb 0.155s
2025-04-16 22:11:41.325 68240 INFO tempest.lib.common.rest_client [req-dc2c6c55-36c7-4885-a2ca-7accbe0b90db req-dc2c6c55-36c7-4885-a2ca-7accbe0b90db ] Request (AttachInterfacesV270Test:test_create_get_list_interfaces): 200 GET http://10.180.1.21/compute/v2.1/servers/4c281caa-f99d-40d5-b004-13e7856a29f5 0.112s
2025-04-16 22:11:41.365 68230 INFO tempest.lib.common.rest_client [req-878c3eb8-b136-4953-a4d0-1dbcee999e01 req-878c3eb8-b136-4953-a4d0-1dbcee999e01 ] Request (ServersAdmin275Test:test_rebuild_update_server_275): 200 GET http://10.180.1.21/compute/v2.1/servers/e1401ec0-00f4-42fc-b8e5-a3b45fae3bcf 0.148s
2025-04-16 22:11:41.366 68224 INFO tempest.lib.common.rest_client [req-8065c53e-63a7-45fb-a532-7ef2387ec415 req-8065c53e-63a7-45fb-a532-7ef2387ec415 ] Request (ServerGroupTestJSON:test_create_server_with_scheduler_hint_group): 200 GET http://10.180.1.21/compute/v2.1/servers/de1d5572-b82d-4edc-9c7e-a7e26c45a090 0.114s
2025-04-16 22:11:41.406 68206 INFO tempest.lib.common.rest_client [req-2e0f3176-1c6d-4dd4-bd0b-03d19612c681 req-2e0f3176-1c6d-4dd4-bd0b-03d19612c681 ] Request (ServersWithSpecificFlavorTestJSON:test_verify_created_server_ephemeral_disk): 200 GET http://10.180.1.21/compute/v2.1/servers/35b19ccb-4996-47a7-b1a7-6ffc9dd867ee 0.149s
2025-04-16 22:11:41.410 68204 INFO tempest.lib.common.rest_client [req-a56afd27-1a39-4cb8-b74f-927890b7fa74 req-a56afd27-1a39-4cb8-b74f-927890b7fa74 ] Request (ServersTestFqdnHostnames:test_create_server_with_fqdn_name): 200 GET http://10.180.1.21/compute/v2.1/servers/8d2a9e20-82d3-44cf-a725-59804debe1cc 0.112s
2025-04-16 22:11:41.447 68196 INFO tempest.lib.common.rest_client [req-99472e6f-8854-49f8-be10-8db582875eb1 req-99472e6f-8854-49f8-be10-8db582875eb1 ] Request (ServersTestManualDisk:setUpClass): 200 GET http://10.180.1.21/compute/v2.1/servers/4cd5b80b-d1f4-4142-83fb-235523464667 0.148s
2025-04-16 22:11:41.452 68220 INFO tempest.lib.common.rest_client [req-ba5853e6-e29f-43b4-9bc6-1778b83d5178 req-ba5853e6-e29f-43b4-9bc6-1778b83d5178 ] Request (VolumesAdminNegativeTest:test_update_attached_volume_with_nonexistent_volume_in_body): 200 GET http://10.180.1.21/compute/v2.1/servers/96d79732-9076-4715-aa1e-60001ffb17fb 0.113s
2025-04-16 22:11:41.569 68232 INFO tempest.lib.common.rest_client [req-a479f595-3654-4d0b-bbae-e4e9659110f8 req-a479f595-3654-4d0b-bbae-e4e9659110f8 ] Request (AttachInterfacesUnderV243Test:test_add_remove_fixed_ip): 200 GET http://10.180.1.21/compute/v2.1/servers/7a19bcfd-5544-4688-8edb-e12c567979ae 0.154s
2025-04-16 22:11:41.630 68218 INFO tempest.lib.common.rest_client [req-cf474c52-9906-471f-9b10-449eea8ff489 req-cf474c52-9906-471f-9b10-449eea8ff489 ] Request (VolumesAssistedSnapshotsTest:test_volume_assisted_snapshot_create_delete): 200 GET http://10.180.1.21/compute/v2.1/servers/9085d0d1-bb7f-4bdd-b6a7-a550fe97ffda 0.127s
2025-04-16 22:11:41.652 68216 INFO tempest.lib.common.rest_client [req-c73836f1-0904-418d-8601-3a07d14dc789 req-c73836f1-0904-418d-8601-3a07d14dc789 ] Request (ServersAdminNegativeTestJSON:setUpClass): 200 GET http://10.180.1.21/compute/v2.1/servers/91d5024f-9eac-4a56-b08f-c0f6a7eda775 0.111s
2025-04-16 22:11:41.750 68198 INFO tempest.lib.common.rest_client [req-6dc8b427-00c5-46fb-a71c-8ede6573831e req-6dc8b427-00c5-46fb-a71c-8ede6573831e ] Request (FloatingIPsAssociationTestJSON:setUpClass): 200 GET http://10.180.1.21/compute/v2.1/servers/913c5652-c8af-41a8-94f1-c0eba08aacdd 0.126s
2025-04-16 22:11:41.779 68234 INFO tempest.lib.common.rest_client [req-538f7246-44f4-4a06-ab1a-5bab98c86bbd req-538f7246-44f4-4a06-ab1a-5bab98c86bbd ] Request (ImagesTestJSON:test_create_image_from_stopped_server): 200 GET http://10.180.1.21/compute/v2.1/servers/195a4a1e-3da7-4a69-a679-869346368195 0.120s
2025-04-16 22:11:41.835 68184 INFO tempest.lib.common.rest_client [req-9cd7a6d4-6c8a-453c-9436-6782fef99e49 req-9cd7a6d4-6c8a-453c-9436-6782fef99e49 ] Request (ImagesNegativeTestJSON:test_create_image_from_deleted_server): 200 GET http://10.180.1.21/compute/v2.1/servers/84cbacaa-08d2-4297-8777-150f433e4c04 0.129s
2025-04-16 22:11:41.848 68212 INFO tempest.lib.common.rest_client [req-f3619c50-a707-4102-b938-9fb39d69881b req-f3619c50-a707-4102-b938-9fb39d69881b ] Request (ServersTestBootFromVolume:setUpClass): 200 GET http://10.180.1.21/compute/v2.1/servers/f935bfef-3ca7-41fc-89be-c5c4e070a401 0.046s
