2025-04-16 22:11:07.942 68222 INFO tempest.lib.common.rest_client [req-d0dc4e54-f8f8-47e8-9033-a86563d808ad req-d0dc4e54-f8f8-47e8-9033-a86563d808ad ] Request (ServersTestMultiNic:test_verify_duplicate_network_nics): 200 GET http://10.180.1.21/compute/v2.1/servers/c29ae4c5-cc93-480c-8d60-96f6acba4346 0.124s
2025-04-16 22:11:07.972 68186 INFO tempest.lib.common.rest_client [req-a5340378-79ed-4a18-9eab-7c7c8a189756 req-a5340378-79ed-4a18-9eab-7c7c8a189756 ] Request (ServerAddressesTestJSON:setUpClass): 200 GET http://10.180.1.21/compute/v2.1/servers/e42425fa-6c50-4e76-842b-0bfcccb011c0 0.058s
2025-04-16 22:11:07.988 68202 INFO tempest.lib.common.rest_client [req-a7022f6c-a5aa-4446-b7fa-2bc522188580 req-a7022f6c-a5aa-4446-b7fa-2bc522188580 ] Request (ServerExternalEventsTest:tearDownClass): 200 GET http://10.180.1.21:9696/networking/v2.0/security-groups?tenant_id=419765d305514cfe8d6ac9af731f20c3&name=default 0.096s
2025-04-16 22:11:08.008 68190 INFO tempest.lib.common.rest_client [req-08ca1c0b-54f6-4772-913f-5a6722ec3c9e req-08ca1c0b-54f6-4772-913f-5a6722ec3c9e ] Request (ServersAdminTestJSON:setUpClass): 200 GET http://10.180.1.21/compute/v2.1/servers/641b8e97-b9e6-4ef0-a819-42d3a29429de 0.048s
2025-04-16 22:11:08.052 68226 INFO tempest.lib.common.rest_client [req-46e61737-0735-411e-96e7-53c8a7564306 req-46e61737-0735-411e-96e7-53c8a7564306 ] Request (ServersV294TestFqdnHostnames:setUpClass): 200 GET http://10.180.1.21/compute/v2.1/servers/bbed830d-aa53-4ea4-93f8-d4b198a333cd 0.059s
2025-04-16 22:11:08.067 68230 INFO tempest.lib.common.rest_client [req-90c510aa-c8a9-4d85-8fd3-13ce2a0c13cb req-90c510aa-c8a9-4d85-8fd3-13ce2a0c13cb ] Request (ServersAdmin275Test:test_rebuild_update_server_275): 200 GET http://10.180.1.21/compute/v2.1/servers/e1401ec0-00f4-42fc-b8e5-a3b45fae3bcf 0.055s
2025-04-16 22:11:08.073 68202 INFO tempest.lib.common.rest_client [req-e1f7f62b-1733-460b-bcb4-83cd8320810d req-e1f7f62b-1733-460b-bcb4-83cd8320810d ] Request (ServerExternalEventsTest:tearDownClass): 204 DELETE http://10.180.1.21:9696/networking/v2.0/security-groups/90d9f2d7-e9c1-45af-9774-4d08feb2975c 0.084s
2025-04-16 22:11:08.102 68188 INFO tempest.lib.common.rest_client [req-d91ca608-c0dd-4ce1-be1d-bca7b2fb1326 req-d91ca608-c0dd-4ce1-be1d-bca7b2fb1326 ] Request (InstanceActionsNegativeTestJSON:setUpClass): 200 GET http://10.180.1.21/compute/v2.1/servers/aa6229be-c18c-4cf9-99a1-ca546b30d797 0.066s
2025-04-16 22:11:08.119 68240 INFO tempest.lib.common.rest_client [req-9670ccf0-6511-4650-a4c9-e59e6d094541 req-9670ccf0-6511-4650-a4c9-e59e6d094541 ] Request (AttachInterfacesV270Test:test_create_get_list_interfaces): 200 GET http://10.180.1.21/compute/v2.1/servers/4c281caa-f99d-40d5-b004-13e7856a29f5 0.057s
2025-04-16 22:11:08.168 68202 INFO tempest.lib.common.rest_client [req-2f48326d-fad1-418c-b33d-e877a7fae9ea req-2f48326d-fad1-418c-b33d-e877a7fae9ea ] Request (ServerExternalEventsTest:tearDownClass): 204 DELETE http://10.180.1.21/identity/v3/projects/419765d305514cfe8d6ac9af731f20c3 0.094s
2025-04-16 22:11:08.224 68202 INFO tempest.lib.common.rest_client [req-f4db268f-db83-4dda-b287-2466f4c66894 req-f4db268f-db83-4dda-b287-2466f4c66894 ] Request (ListImagesTestJSON:setUpClass): 201 POST http://10.180.1.21/identity/v3/auth/tokens 0.054s
2025-04-16 22:11:08.251 68202 INFO tempest.lib.common.rest_client [req-d1be30cd-127a-4833-84f4-974af69be34f req-d1be30cd-127a-4833-84f4-974af69be34f ] Request (ListImagesTestJSON:setUpClass): 201 POST http://10.180.1.21/identity/v3/auth/tokens 0.024s
2025-04-16 22:11:08.271 68202 INFO tempest.lib.common.rest_client [req-0a008a12-7068-4ceb-b9c2-8468514417a8 req-0a008a12-7068-4ceb-b9c2-8468514417a8 ] Request (ListImagesTestJSON:setUpClass): 200 GET http://10.180.1.21/identity/v3/domains?name=Default 0.020s
2025-04-16 22:11:08.296 68202 INFO tempest.lib.common.rest_client [req-71c576fe-9e9a-4bb3-b7ca-a8041ab198d6 req-71c576fe-9e9a-4bb3-b7ca-a8041ab198d6 ] Request (ListImagesTestJSON:setUpClass): 201 POST http://10.180.1.21/identity/v3/projects 0.025s
2025-04-16 22:11:08.308 68234 INFO tempest.lib.common.rest_client [req-9e5ab8d7-f558-479f-8ed2-dfae1f0c0e95 req-9e5ab8d7-f558-479f-8ed2-dfae1f0c0e95 ] Request (ImagesTestJSON:test_create_image_from_stopped_server): 200 GET http://10.180.1.21/compute/v2.1/servers/195a4a1e-3da7-4a69-a679-869346368195 0.158s
2025-04-16 22:11:08.344 68194 INFO tempest.lib.common.rest_client [req-f8f4c73a-6bed-4dc3-bdac-005a1111ecae req-f8f4c73a-6bed-4dc3-bdac-005a1111ecae ] Request (FloatingIPsAssociationNegativeTestJSON:setUpClass): 200 GET http://10.180.1.21/compute/v2.1/servers/793d6f98-ed1b-4a78-bcd5-cb796441d64b 0.133s
2025-04-16 22:11:08.352 68202 INFO tempest.lib.common.rest_client [req-7af1658a-3791-46a5-9939-3b7410f1cf8e req-7af1658a-3791-46a5-9939-3b7410f1cf8e ] Request (ListImagesTestJSON:setUpClass): 201 POST http://10.180.1.21/identity/v3/users 0.055s
2025-04-16 22:11:08.371 68202 INFO tempest.lib.common.rest_client [req-91711858-c87b-4c73-bbf6-0d8a3b32f114 req-91711858-c87b-4c73-bbf6-0d8a3b32f114 ] Request (ListImagesTestJSON:setUpClass): 200 GET http://10.180.1.21/identity/v3/roles 0.019s
2025-04-16 22:11:08.397 68202 INFO tempest.lib.common.rest_client [req-d1ee36b3-b7ba-476a-8caf-47b24c2cb6cf req-d1ee36b3-b7ba-476a-8caf-47b24c2cb6cf ] Request (ListImagesTestJSON:setUpClass): 204 PUT http://10.180.1.21/identity/v3/projects/17f078550eb24e37a85c7a25f1030c3e/users/a8a59b8a9b5b49cf9ff2bdb7b649aa2b/roles/0d1ae8353af043979e65e86787dfaa9c 0.025s
2025-04-16 22:11:08.397 68202 INFO tempest.lib.common.dynamic_creds [-] Dynamic test user a8a59b8a9b5b49cf9ff2bdb7b649aa2b is created with scope project and roles: ['member']
2025-04-16 22:11:08.397 68202 INFO tempest.lib.common.dynamic_creds [-] Acquired dynamic creds: credentials: Credentials: {'domain_id': 'default', 'domain_name': 'Default', 'username': 'tempest-ListImagesTestJSON-1507479893-project-member', 'project_domain_id': 'default', 'project_domain_name': 'Default', 'project_id': '17f078550eb24e37a85c7a25f1030c3e', 'project_name': 'tempest-ListImagesTestJSON-1507479893', 'tenant_id': '17f078550eb24e37a85c7a25f1030c3e', 'tenant_name': 'tempest-ListImagesTestJSON-1507479893', 'user_domain_id': 'default', 'user_domain_name': 'Default', 'user_id': 'a8a59b8a9b5b49cf9ff2bdb7b649aa2b', 'system': None}, Network: None, Subnet: None, Router: None
2025-04-16 22:11:08.397 68202 INFO tempest.lib.common.dynamic_creds [-] Created isolated network resources for: credentials: Credentials: {'domain_id': 'default', 'domain_name': 'Default', 'username': 'tempest-ListImagesTestJSON-1507479893-project-member', 'project_domain_id': 'default', 'project_domain_name': 'Default', 'project_id': '17f078550eb24e37a85c7a25f1030c3e', 'project_name': 'tempest-ListImagesTestJSON-1507479893', 'tenant_id': '17f078550eb24e37a85c7a25f1030c3e', 'tenant_name': 'tempest-ListImagesTestJSON-1507479893', 'user_domain_id': 'default', 'user_domain_name': 'Default', 'user_id': 'a8a59b8a9b5b49cf9ff2bdb7b649aa2b', 'system': None}, Network: None, Subnet: None, Router: None
2025-04-16 22:11:08.465 68202 INFO tempest.lib.common.rest_client [req-c63034d5-4975-433d-b0b0-30a80377a031 req-c63034d5-4975-433d-b0b0-30a80377a031 ] Request (ListImagesTestJSON:setUpClass): 201 POST http://10.180.1.21/identity/v3/auth/tokens 0.065s
2025-04-16 22:11:08.476 68182 INFO tempest.lib.common.rest_client [req-931398d9-12b3-401c-8c49-d0f1bedc4010 req-931398d9-12b3-401c-8c49-d0f1bedc4010 ] Request (ServerDiagnosticsNegativeTest:test_get_server_diagnostics_by_non_admin): 200 GET http://10.180.1.21/compute/v2.1/servers/7c092e03-5f1d-4e4a-98ca-8e6abddb3cdb 0.176s
2025-04-16 22:11:08.525 68224 INFO tempest.lib.common.rest_client [req-26c323b8-bb0a-4eda-a858-15a1d5142350 req-26c323b8-bb0a-4eda-a858-15a1d5142350 ] Request (ServerGroupTestJSON:test_create_server_with_scheduler_hint_group): 200 GET http://10.180.1.21/compute/v2.1/servers/de1d5572-b82d-4edc-9c7e-a7e26c45a090 0.186s
2025-04-16 22:11:08.571 68204 INFO tempest.lib.common.rest_client [req-8cc51e9a-3ea1-47db-aee7-cfffd5c60c64 req-8cc51e9a-3ea1-47db-aee7-cfffd5c60c64 ] Request (ServersTestFqdnHostnames:test_create_server_with_fqdn_name): 200 GET http://10.180.1.21/compute/v2.1/servers/8d2a9e20-82d3-44cf-a725-59804debe1cc 0.227s
2025-04-16 22:11:08.579 68232 INFO tempest.lib.common.rest_client [req-60d2579c-bccc-4796-8879-a28f3517a7df req-60d2579c-bccc-4796-8879-a28f3517a7df ] Request (AttachInterfacesUnderV243Test:test_add_remove_fixed_ip): 200 GET http://10.180.1.21/compute/v2.1/servers/7a19bcfd-5544-4688-8edb-e12c567979ae 0.293s
2025-04-16 22:11:08.616 68206 INFO tempest.lib.common.rest_client [req-1ce55f10-7d98-45e6-87b9-725d7e4effc5 req-1ce55f10-7d98-45e6-87b9-725d7e4effc5 ] Request (ServersWithSpecificFlavorTestJSON:test_verify_created_server_ephemeral_disk): 200 GET http://10.180.1.21/compute/v2.1/servers/35b19ccb-4996-47a7-b1a7-6ffc9dd867ee 0.229s
2025-04-16 22:11:08.662 68202 INFO tempest.lib.common.rest_client [req-a8de44e4-6937-4911-b10c-8661b5e69a8a req-a8de44e4-6937-4911-b10c-8661b5e69a8a ] Request (ListImagesTestJSON:test_get_image): 200 GET http://10.180.1.21/compute/v2.1/images/c655a05a-4a40-4b3f-b609-3ba8116ad90f 0.196s
2025-04-16 22:11:08.700 68218 INFO tempest.lib.common.rest_client [req-be4c0d69-0157-4517-8b36-39e0ddea185a req-be4c0d69-0157-4517-8b36-39e0ddea185a ] Request (VolumesAssistedSnapshotsTest:test_volume_assisted_snapshot_create_delete): 200 GET http://10.180.1.21/compute/v2.1/servers/9085d0d1-bb7f-4bdd-b6a7-a550fe97ffda 0.228s
2025-04-16 22:11:08.748 68220 INFO tempest.lib.common.rest_client [req-c1817784-b7b5-4584-ab40-a97551aeb513 req-c1817784-b7b5-4584-ab40-a97551aeb513 ] Request (VolumesAdminNegativeTest:test_update_attached_volume_with_nonexistent_volume_in_body): 200 GET http://10.180.1.21/compute/v2.1/servers/96d79732-9076-4715-aa1e-60001ffb17fb 0.231s
2025-04-16 22:11:08.788 68216 INFO tempest.lib.common.rest_client [req-824d97a6-3b98-4e68-9dfb-aec4411bd587 req-824d97a6-3b98-4e68-9dfb-aec4411bd587 ] Request (ServersAdminNegativeTestJSON:setUpClass): 200 GET http://10.180.1.21/compute/v2.1/servers/91d5024f-9eac-4a56-b08f-c0f6a7eda775 0.299s
2025-04-16 22:11:08.794 68196 INFO tempest.lib.common.rest_client [req-ea53d442-226e-4359-930f-d5b1f11e4b9b req-ea53d442-226e-4359-930f-d5b1f11e4b9b ] Request (ServersTestManualDisk:setUpClass): 200 GET http://10.180.1.21/compute/v2.1/servers/4cd5b80b-d1f4-4142-83fb-235523464667 0.259s
2025-04-16 22:11:08.832 68237 INFO tempest.lib.common.rest_client [req-be017db3-a5eb-46e6-a25b-92379964344d req-be017db3-a5eb-46e6-a25b-92379964344d ] Request (ServerPasswordTestJSON:setUpClass): 200 GET http://10.180.1.21/compute/v2.1/servers/1505bcf5-f622-40ee-93c2-8dabf1dce8cb 0.268s
2025-04-16 22:11:08.836 68212 INFO tempest.lib.common.rest_client [req-8725bfb0-9cbe-4e4d-824d-0bf201b62700 req-8725bfb0-9cbe-4e4d-824d-0bf201b62700 ] Request (ServersTestBootFromVolume:setUpClass): 200 GET http://10.180.1.21/compute/v2.1/servers/f935bfef-3ca7-41fc-89be-c5c4e070a401 0.233s
2025-04-16 22:11:08.877 68180 INFO tempest.lib.common.rest_client [req-f2b426d8-2990-4ee1-a1ac-114dac632a78 req-f2b426d8-2990-4ee1-a1ac-114dac632a78 ] Request (ServerDiagnosticsTest:test_get_server_diagnostics): 200 GET http://10.180.1.21/compute/v2.1/servers/55dfe829-2e96-40d7-bef8-8e7556cbdab3 0.227s
2025-04-16 22:11:08.912 68198 INFO tempest.lib.common.rest_client [req-f48e4107-ae2f-4226-8a58-1d286761ad10 req-f48e4107-ae2f-4226-8a58-1d286761ad10 ] Request (FloatingIPsAssociationTestJSON:setUpClass): 200 GET http://10.180.1.21/compute/v2.1/servers/913c5652-c8af-41a8-94f1-c0eba08aacdd 0.267s
2025-04-16 22:11:08.919 68202 INFO tempest.lib.common.rest_client [req-1abbc761-fb40-4f86-b76f-7aedc6bebd3d req-1abbc761-fb40-4f86-b76f-7aedc6bebd3d ] Request (ListImagesTestJSON:test_list_images): 200 GET http://10.180.1.21/compute/v2.1/images 0.252s
2025-04-16 22:11:08.955 68214 INFO tempest.lib.common.rest_client [req-8a2bf661-a5ec-4baf-96c7-5a408a223e78 req-8a2bf661-a5ec-4baf-96c7-5a408a223e78 ] Request (ServerDiskConfigTestJSON:test_rebuild_server_with_auto_disk_config): 200 GET http://10.180.1.21/compute/v2.1/servers/66d3ec66-244d-4ffa-bd6f-7067f8955e67 0.261s
2025-04-16 22:11:08.966 68208 INFO tempest.lib.common.rest_client [req-a679da7d-aa33-4afb-8d37-75c7ec4e3c9e req-a679da7d-aa33-4afb-8d37-75c7ec4e3c9e ] Request (ServerDiagnosticsV248Test:test_get_server_diagnostics): 200 GET http://10.180.1.21/compute/v2.1/servers/1589188b-8540-4afd-8050-ab47633593c0 0.206s
2025-04-16 22:11:09.007 68192 INFO tempest.lib.common.rest_client [req-feee732d-5b5c-481a-9d65-ea6b7f0502f4 req-feee732d-5b5c-481a-9d65-ea6b7f0502f4 ] Request (ServerRescueNegativeTestJSON:setUpClass): 200 GET http://10.180.1.21/compute/v2.1/servers/9842d097-f4f2-4f60-aea0-08896a47ff53 0.187s
2025-04-16 22:11:09.052 68210 INFO tempest.lib.common.rest_client [req-6d464153-94c2-455d-9e51-c3456a753b6a req-6d464153-94c2-455d-9e51-c3456a753b6a ] Request (DeleteServersTestJSON:test_delete_active_server): 200 GET http://10.180.1.21/compute/v2.1/servers/4458efe7-18d4-4cfb-b131-e09d36124d68 0.195s
2025-04-16 22:11:09.079 68184 INFO tempest.lib.common.rest_client [req-9eb86991-5d79-4a4e-9e57-4ca93fbf8171 req-9eb86991-5d79-4a4e-9e57-4ca93fbf8171 ] Request (ImagesNegativeTestJSON:test_create_image_from_deleted_server): 200 GET http://10.180.1.21/compute/v2.1/servers/84cbacaa-08d2-4297-8777-150f433e4c04 0.268s
2025-04-16 22:11:09.099 68238 INFO tempest.lib.common.rest_client [req-e07ff035-9fb9-4d67-ba05-16800d4919e3 req-e07ff035-9fb9-4d67-ba05-16800d4919e3 ] Request (AttachVolumeNegativeTest:test_attach_attached_volume_to_different_server): 200 GET http://10.180.1.21/compute/v2.1/servers/f7888060-430b-4b16-b9ca-059020615dee 0.238s
2025-04-16 22:11:09.109 68202 INFO tempest.lib.common.rest_client [req-819401f2-3e20-4d9b-9322-c7a51b4def88 req-819401f2-3e20-4d9b-9322-c7a51b4def88 ] Request (ListImagesTestJSON:test_list_images_with_detail): 200 GET http://10.180.1.21/compute/v2.1/images/detail 0.187s
2025-04-16 22:11:09.149 68178 INFO tempest.lib.common.rest_client [req-cb26fc7b-c23a-4294-b9ea-84eff9015441 req-cb26fc7b-c23a-4294-b9ea-84eff9015441 ] Request (ServerShowV254Test:test_rebuild_server): 200 GET http://10.180.1.21/compute/v2.1/servers/786676eb-ac36-48f6-874a-ab1ca15f2a9a 0.216s
2025-04-16 22:11:09.191 68186 INFO tempest.lib.common.rest_client [req-b2349013-816c-4584-9c1a-cb95d9c6868c req-b2349013-816c-4584-9c1a-cb95d9c6868c ] Request (ServerAddressesTestJSON:setUpClass): 200 GET http://10.180.1.21/compute/v2.1/servers/e42425fa-6c50-4e76-842b-0bfcccb011c0 0.211s
2025-04-16 22:11:09.209 68202 INFO tempest.lib.common.rest_client [req-f446d974-1827-4ffb-b09f-15c9b8c089e9 req-f446d974-1827-4ffb-b09f-15c9b8c089e9 ] Request (ListImagesTestJSON:tearDownClass): 204 DELETE http://10.180.1.21/identity/v3/users/a8a59b8a9b5b49cf9ff2bdb7b649aa2b 0.095s
2025-04-16 22:11:09.209 68202 INFO tempest.lib.common.dynamic_creds [-] Deleting project and security group for project: 17f078550eb24e37a85c7a25f1030c3e
2025-04-16 22:11:09.216 68222 INFO tempest.lib.common.rest_client [req-05663314-393f-4e88-985f-1e69bbb8380d req-05663314-393f-4e88-985f-1e69bbb8380d ] Request (ServersTestMultiNic:test_verify_duplicate_network_nics): 200 GET http://10.180.1.21/compute/v2.1/servers/c29ae4c5-cc93-480c-8d60-96f6acba4346 0.267s
2025-04-16 22:11:09.235 68190 INFO tempest.lib.common.rest_client [req-06e5a8d1-6e61-4483-a8e2-4e7d821ac430 req-06e5a8d1-6e61-4483-a8e2-4e7d821ac430 ] Request (ServersAdminTestJSON:setUpClass): 200 GET http://10.180.1.21/compute/v2.1/servers/641b8e97-b9e6-4ef0-a819-42d3a29429de 0.219s
2025-04-16 22:11:09.266 68226 INFO tempest.lib.common.rest_client [req-bbf0e3b1-fb9c-4e78-921c-145ddc5c96f1 req-bbf0e3b1-fb9c-4e78-921c-145ddc5c96f1 ] Request (ServersV294TestFqdnHostnames:setUpClass): 200 GET http://10.180.1.21/compute/v2.1/servers/bbed830d-aa53-4ea4-93f8-d4b198a333cd 0.203s
2025-04-16 22:11:09.269 68202 INFO tempest.lib.common.rest_client [req-e3cf3563-cbbd-4c22-ab60-a41d3abc6e15 req-e3cf3563-cbbd-4c22-ab60-a41d3abc6e15 ] Request (ListImagesTestJSON:tearDownClass): 201 POST http://10.180.1.21/identity/v3/auth/tokens 0.060s
2025-04-16 22:11:09.289 68230 INFO tempest.lib.common.rest_client [req-7a528e6b-673f-4d59-a8cf-79032199abe1 req-7a528e6b-673f-4d59-a8cf-79032199abe1 ] Request (ServersAdmin275Test:test_rebuild_update_server_275): 200 GET http://10.180.1.21/compute/v2.1/servers/e1401ec0-00f4-42fc-b8e5-a3b45fae3bcf 0.209s
2025-04-16 22:11:09.313 68188 INFO tempest.lib.common.rest_client [req-b86f3ccd-db14-4660-87d8-6ab325600de2 req-b86f3ccd-db14-4660-87d8-6ab325600de2 ] Request (InstanceActionsNegativeTestJSON:setUpClass): 200 GET http://10.180.1.21/compute/v2.1/servers/aa6229be-c18c-4cf9-99a1-ca546b30d797 0.203s
2025-04-16 22:11:09.339 68240 INFO tempest.lib.common.rest_client [req-c98edacf-babf-409f-9b2f-002b6b6b1902 req-c98edacf-babf-409f-9b2f-002b6b6b1902 ] Request (AttachInterfacesV270Test:test_create_get_list_interfaces): 200 GET http://10.180.1.21/compute/v2.1/servers/4c281caa-f99d-40d5-b004-13e7856a29f5 0.210s
2025-04-16 22:11:09.435 68234 INFO tempest.lib.common.rest_client [req-13b6f58e-a607-451a-a163-0d2dc2826822 req-13b6f58e-a607-451a-a163-0d2dc2826822 ] Request (ImagesTestJSON:test_create_image_from_stopped_server): 200 GET http://10.180.1.21/compute/v2.1/servers/195a4a1e-3da7-4a69-a679-869346368195 0.118s
2025-04-16 22:11:09.439 68194 INFO tempest.lib.common.rest_client [req-5c00f35d-2e15-4c9b-a7ee-963f5b16e4c8 req-5c00f35d-2e15-4c9b-a7ee-963f5b16e4c8 ] Request (FloatingIPsAssociationNegativeTestJSON:setUpClass): 200 GET http://10.180.1.21/compute/v2.1/servers/793d6f98-ed1b-4a78-bcd5-cb796441d64b 0.087s
2025-04-16 22:11:09.440 68202 INFO tempest.lib.common.rest_client [req-95c2c147-add1-40f6-a530-b0632ebdcebb req-95c2c147-add1-40f6-a530-b0632ebdcebb ] Request (ListImagesTestJSON:tearDownClass): 200 GET http://10.180.1.21:9696/networking/v2.0/security-groups?tenant_id=17f078550eb24e37a85c7a25f1030c3e&name=default 0.170s
2025-04-16 22:11:09.508 68202 INFO tempest.lib.common.rest_client [req-30a42511-5162-47e4-9144-acd1dcf7992c req-30a42511-5162-47e4-9144-acd1dcf7992c ] Request (ListImagesTestJSON:tearDownClass): 204 DELETE http://10.180.1.21:9696/networking/v2.0/security-groups/cfb5e94b-6697-43ef-961f-b60127883ade 0.068s
2025-04-16 22:11:09.565 68202 INFO tempest.lib.common.rest_client [req-36e3f8f4-57c7-4611-9f87-3b7015787869 req-36e3f8f4-57c7-4611-9f87-3b7015787869 ] Request (ListImagesTestJSON:tearDownClass): 204 DELETE http://10.180.1.21/identity/v3/projects/17f078550eb24e37a85c7a25f1030c3e 0.056s
2025-04-16 22:11:09.571 68182 INFO tempest.lib.common.rest_client [req-5b660665-cb22-41d1-ba9b-6774e900f780 req-5b660665-cb22-41d1-ba9b-6774e900f780 ] Request (ServerDiagnosticsNegativeTest:test_get_server_diagnostics_by_non_admin): 200 GET http://10.180.1.21/compute/v2.1/servers/7c092e03-5f1d-4e4a-98ca-8e6abddb3cdb 0.088s
2025-04-16 22:11:09.580 68224 INFO tempest.lib.common.rest_client [req-d1aa77a5-13be-4e1c-bf51-1ad3191e46aa req-d1aa77a5-13be-4e1c-bf51-1ad3191e46aa ] Request (ServerGroupTestJSON:test_create_server_with_scheduler_hint_group): 200 GET http://10.180.1.21/compute/v2.1/servers/de1d5572-b82d-4edc-9c7e-a7e26c45a090 0.047s
2025-04-16 22:11:09.621 68202 INFO tempest.lib.common.rest_client [req-17b67b25-54a4-4118-9882-0cc6f2814043 req-17b67b25-54a4-4118-9882-0cc6f2814043 ] Request (MultipleCreateNegativeTestJSON:setUpClass): 201 POST http://10.180.1.21/identity/v3/auth/tokens 0.054s
2025-04-16 22:11:09.625 68204 INFO tempest.lib.common.rest_client [req-aa3e3a1d-c6de-4c0f-b2b2-2df330e79908 req-aa3e3a1d-c6de-4c0f-b2b2-2df330e79908 ] Request (ServersTestFqdnHostnames:test_create_server_with_fqdn_name): 200 GET http://10.180.1.21/compute/v2.1/servers/8d2a9e20-82d3-44cf-a725-59804debe1cc 0.046s
2025-04-16 22:11:09.648 68202 INFO tempest.lib.common.rest_client [req-0ede6dfe-b2c9-441b-abb0-e856f6a4d26f req-0ede6dfe-b2c9-441b-abb0-e856f6a4d26f ] Request (MultipleCreateNegativeTestJSON:setUpClass): 201 POST http://10.180.1.21/identity/v3/auth/tokens 0.024s
2025-04-16 22:11:09.667 68202 INFO tempest.lib.common.rest_client [req-5ef4c64b-26df-4e33-8a43-ec0d1d951b5e req-5ef4c64b-26df-4e33-8a43-ec0d1d951b5e ] Request (MultipleCreateNegativeTestJSON:setUpClass): 200 GET http://10.180.1.21/identity/v3/domains?name=Default 0.019s
2025-04-16 22:11:09.670 68206 INFO tempest.lib.common.rest_client [req-64b03ca9-012f-4b8e-8ee9-4110b2e1b0e2 req-64b03ca9-012f-4b8e-8ee9-4110b2e1b0e2 ] Request (ServersWithSpecificFlavorTestJSON:test_verify_created_server_ephemeral_disk): 200 GET http://10.180.1.21/compute/v2.1/servers/35b19ccb-4996-47a7-b1a7-6ffc9dd867ee 0.047s
2025-04-16 22:11:09.676 68232 INFO tempest.lib.common.rest_client [req-2654b489-b93e-424f-b38e-60b61b6d6577 req-2654b489-b93e-424f-b38e-60b61b6d6577 ] Request (AttachInterfacesUnderV243Test:test_add_remove_fixed_ip): 200 GET http://10.180.1.21/compute/v2.1/servers/7a19bcfd-5544-4688-8edb-e12c567979ae 0.090s
2025-04-16 22:11:09.694 68202 INFO tempest.lib.common.rest_client [req-18309fce-31a3-4318-85b8-6318b1a0b8ba req-18309fce-31a3-4318-85b8-6318b1a0b8ba ] Request (MultipleCreateNegativeTestJSON:setUpClass): 201 POST http://10.180.1.21/identity/v3/projects 0.027s
2025-04-16 22:11:09.747 68202 INFO tempest.lib.common.rest_client [req-fca18ce7-f83c-4c02-b861-e312ab8d694a req-fca18ce7-f83c-4c02-b861-e312ab8d694a ] Request (MultipleCreateNegativeTestJSON:setUpClass): 201 POST http://10.180.1.21/identity/v3/users 0.052s
2025-04-16 22:11:09.765 68202 INFO tempest.lib.common.rest_client [req-d094f086-1582-4162-9dc6-5c7ed8cf5496 req-d094f086-1582-4162-9dc6-5c7ed8cf5496 ] Request (MultipleCreateNegativeTestJSON:setUpClass): 200 GET http://10.180.1.21/identity/v3/roles 0.018s
2025-04-16 22:11:09.792 68202 INFO tempest.lib.common.rest_client [req-c99dca8d-f415-4984-86b7-9f5b4e6580d9 req-c99dca8d-f415-4984-86b7-9f5b4e6580d9 ] Request (MultipleCreateNegativeTestJSON:setUpClass): 204 PUT http://10.180.1.21/identity/v3/projects/235d870807724471a80aa668d0a983fe/users/7bbee2d45d734945a8739067029c1003/roles/0d1ae8353af043979e65e86787dfaa9c 0.026s
2025-04-16 22:11:09.792 68202 INFO tempest.lib.common.dynamic_creds [-] Dynamic test user 7bbee2d45d734945a8739067029c1003 is created with scope project and roles: ['member']
2025-04-16 22:11:09.792 68202 INFO tempest.lib.common.dynamic_creds [-] Acquired dynamic creds: credentials: Credentials: {'domain_id': 'default', 'domain_name': 'Default', 'username': 'tempest-MultipleCreateNegativeTestJSON-753409019-project-member', 'project_domain_id': 'default', 'project_domain_name': 'Default', 'project_id': '235d870807724471a80aa668d0a983fe', 'project_name': 'tempest-MultipleCreateNegativeTestJSON-753409019', 'tenant_id': '235d870807724471a80aa668d0a983fe', 'tenant_name': 'tempest-MultipleCreateNegativeTestJSON-753409019', 'user_domain_id': 'default', 'user_domain_name': 'Default', 'user_id': '7bbee2d45d734945a8739067029c1003', 'system': None}, Network: None, Subnet: None, Router: None
2025-04-16 22:11:09.792 68202 INFO tempest.lib.common.dynamic_creds [-] Created isolated network resources for: credentials: Credentials: {'domain_id': 'default', 'domain_name': 'Default', 'username': 'tempest-MultipleCreateNegativeTestJSON-753409019-project-member', 'project_domain_id': 'default', 'project_domain_name': 'Default', 'project_id': '235d870807724471a80aa668d0a983fe', 'project_name': 'tempest-MultipleCreateNegativeTestJSON-753409019', 'tenant_id': '235d870807724471a80aa668d0a983fe', 'tenant_name': 'tempest-MultipleCreateNegativeTestJSON-753409019', 'user_domain_id': 'default', 'user_domain_name': 'Default', 'user_id': '7bbee2d45d734945a8739067029c1003', 'system': None}, Network: None, Subnet: None, Router: None
2025-04-16 22:11:09.794 68218 INFO tempest.lib.common.rest_client [req-dfd0ad87-07b1-4bd8-b1db-c63e760c6b6d req-dfd0ad87-07b1-4bd8-b1db-c63e760c6b6d ] Request (VolumesAssistedSnapshotsTest:test_volume_assisted_snapshot_create_delete): 200 GET http://10.180.1.21/compute/v2.1/servers/9085d0d1-bb7f-4bdd-b6a7-a550fe97ffda 0.087s
2025-04-16 22:11:09.805 68220 INFO tempest.lib.common.rest_client [req-d17b5325-b19c-40cb-8c2a-77b420b4f215 req-d17b5325-b19c-40cb-8c2a-77b420b4f215 ] Request (VolumesAdminNegativeTest:test_update_attached_volume_with_nonexistent_volume_in_body): 200 GET http://10.180.1.21/compute/v2.1/servers/96d79732-9076-4715-aa1e-60001ffb17fb 0.049s
2025-04-16 22:11:09.850 68196 INFO tempest.lib.common.rest_client [req-80424212-436d-4ee6-ab41-bf62b658caed req-80424212-436d-4ee6-ab41-bf62b658caed ] Request (ServersTestManualDisk:setUpClass): 200 GET http://10.180.1.21/compute/v2.1/servers/4cd5b80b-d1f4-4142-83fb-235523464667 0.048s
2025-04-16 22:11:09.859 68202 INFO tempest.lib.common.rest_client [req-aae4741c-6caa-4096-bafe-b5ae6d3e781d req-aae4741c-6caa-4096-bafe-b5ae6d3e781d ] Request (MultipleCreateNegativeTestJSON:setUpClass): 201 POST http://10.180.1.21/identity/v3/auth/tokens 0.064s
2025-04-16 22:11:09.888 68216 INFO tempest.lib.common.rest_client [req-712f0971-b143-46c6-bebc-0117ed354191 req-712f0971-b143-46c6-bebc-0117ed354191 ] Request (ServersAdminNegativeTestJSON:setUpClass): 200 GET http://10.180.1.21/compute/v2.1/servers/91d5024f-9eac-4a56-b08f-c0f6a7eda775 0.092s
2025-04-16 22:11:09.888 68202 INFO tempest.lib.common.rest_client [req-68245b67-0eef-4990-a3ab-912f23f4e018 req-68245b67-0eef-4990-a3ab-912f23f4e018 ] Request (MultipleCreateNegativeTestJSON:test_max_count_less_than_min_count): 201 POST http://10.180.1.21/identity/v3/auth/tokens 0.024s
2025-04-16 22:11:09.889 68202 INFO tempest.lib.common.fixed_network [-] (MultipleCreateNegativeTestJSON:test_max_count_less_than_min_count) Found network None available for tenant
2025-04-16 22:11:09.899 68237 INFO tempest.lib.common.rest_client [req-7f6bfa78-e3d2-4a08-be66-e3c23c51bf44 req-7f6bfa78-e3d2-4a08-be66-e3c23c51bf44 ] Request (ServerPasswordTestJSON:setUpClass): 200 GET http://10.180.1.21/compute/v2.1/servers/1505bcf5-f622-40ee-93c2-8dabf1dce8cb 0.059s
2025-04-16 22:11:09.933 68212 INFO tempest.lib.common.rest_client [req-a04b20e3-a3d2-45ac-8e33-803eaab87be4 req-a04b20e3-a3d2-45ac-8e33-803eaab87be4 ] Request (ServersTestBootFromVolume:setUpClass): 200 GET http://10.180.1.21/compute/v2.1/servers/f935bfef-3ca7-41fc-89be-c5c4e070a401 0.088s
2025-04-16 22:11:09.942 68180 INFO tempest.lib.common.rest_client [req-c365e0fa-84be-46df-8d49-0c6f45317383 req-c365e0fa-84be-46df-8d49-0c6f45317383 ] Request (ServerDiagnosticsTest:test_get_server_diagnostics): 200 GET http://10.180.1.21/compute/v2.1/servers/55dfe829-2e96-40d7-bef8-8e7556cbdab3 0.056s
2025-04-16 22:11:09.995 68202 INFO tempest.lib.common.rest_client [req-932f7e34-8f1f-4c27-9a13-82689de7cf9c req-932f7e34-8f1f-4c27-9a13-82689de7cf9c ] Request (MultipleCreateNegativeTestJSON:test_max_count_less_than_min_count): 400 POST http://10.180.1.21/compute/v2.1/servers 0.105s
2025-04-16 22:11:10.022 68202 INFO tempest.lib.common.rest_client [req-f628a0d0-d010-4f40-8271-0ed4106d98d0 req-f628a0d0-d010-4f40-8271-0ed4106d98d0 ] Request (MultipleCreateNegativeTestJSON:test_max_count_less_than_one): 201 POST http://10.180.1.21/identity/v3/auth/tokens 0.024s
2025-04-16 22:11:10.023 68202 INFO tempest.lib.common.fixed_network [-] (MultipleCreateNegativeTestJSON:test_max_count_less_than_one) Found network None available for tenant
2025-04-16 22:11:10.041 68214 INFO tempest.lib.common.rest_client [req-db59cba4-127c-4079-88e9-acc7b20e9d60 req-db59cba4-127c-4079-88e9-acc7b20e9d60 ] Request (ServerDiskConfigTestJSON:test_rebuild_server_with_auto_disk_config): 200 GET http://10.180.1.21/compute/v2.1/servers/66d3ec66-244d-4ffa-bd6f-7067f8955e67 0.078s
2025-04-16 22:11:10.076 68198 INFO tempest.lib.common.rest_client [req-cd916938-2446-4de9-a212-5816528de1c9 req-cd916938-2446-4de9-a212-5816528de1c9 ] Request (FloatingIPsAssociationTestJSON:setUpClass): 200 GET http://10.180.1.21/compute/v2.1/servers/913c5652-c8af-41a8-94f1-c0eba08aacdd 0.155s
2025-04-16 22:11:10.091 68208 INFO tempest.lib.common.rest_client [req-78cdc5e1-006d-496b-944e-e182e8d49e31 req-78cdc5e1-006d-496b-944e-e182e8d49e31 ] Request (ServerDiagnosticsV248Test:test_get_server_diagnostics): 200 GET http://10.180.1.21/compute/v2.1/servers/1589188b-8540-4afd-8050-ab47633593c0 0.117s
2025-04-16 22:11:10.096 68202 INFO tempest.lib.common.rest_client [req-8b7f9e93-5f3b-4679-829e-996f9fc865be req-8b7f9e93-5f3b-4679-829e-996f9fc865be ] Request (MultipleCreateNegativeTestJSON:test_max_count_less_than_one): 400 POST http://10.180.1.21/compute/v2.1/servers 0.073s
2025-04-16 22:11:10.128 68202 INFO tempest.lib.common.rest_client [req-681c8044-b227-4766-83bf-56703e66ce4f req-681c8044-b227-4766-83bf-56703e66ce4f ] Request (MultipleCreateNegativeTestJSON:test_max_count_non_integer): 201 POST http://10.180.1.21/identity/v3/auth/tokens 0.028s
2025-04-16 22:11:10.128 68202 INFO tempest.lib.common.fixed_network [-] (MultipleCreateNegativeTestJSON:test_max_count_non_integer) Found network None available for tenant
2025-04-16 22:11:10.134 68192 INFO tempest.lib.common.rest_client [req-abea2c72-61ab-4717-ad16-1c9842674be6 req-abea2c72-61ab-4717-ad16-1c9842674be6 ] Request (ServerRescueNegativeTestJSON:setUpClass): 200 GET http://10.180.1.21/compute/v2.1/servers/9842d097-f4f2-4f60-aea0-08896a47ff53 0.119s
2025-04-16 22:11:10.149 68210 INFO tempest.lib.common.rest_client [req-a7913ad0-9bd3-4bcf-b386-e4119b1825e9 req-a7913ad0-9bd3-4bcf-b386-e4119b1825e9 ] Request (DeleteServersTestJSON:test_delete_active_server): 200 GET http://10.180.1.21/compute/v2.1/servers/4458efe7-18d4-4cfb-b131-e09d36124d68 0.089s
2025-04-16 22:11:10.195 68238 INFO tempest.lib.common.rest_client [req-bdaf9258-2302-4e67-ab04-69cabed74d63 req-bdaf9258-2302-4e67-ab04-69cabed74d63 ] Request (AttachVolumeNegativeTest:test_attach_attached_volume_to_different_server): 200 GET http://10.180.1.21/compute/v2.1/servers/f7888060-430b-4b16-b9ca-059020615dee 0.088s
2025-04-16 22:11:10.200 68202 INFO tempest.lib.common.rest_client [req-0f7b2ec4-4eec-40cc-9552-8b4a0a7aa284 req-0f7b2ec4-4eec-40cc-9552-8b4a0a7aa284 ] Request (MultipleCreateNegativeTestJSON:test_max_count_non_integer): 400 POST http://10.180.1.21/compute/v2.1/servers 0.071s
2025-04-16 22:11:10.229 68202 INFO tempest.lib.common.rest_client [req-1fc3d792-4327-4c68-8868-b1af3e308872 req-1fc3d792-4327-4c68-8868-b1af3e308872 ] Request (MultipleCreateNegativeTestJSON:test_min_count_less_than_one): 201 POST http://10.180.1.21/identity/v3/auth/tokens 0.024s
2025-04-16 22:11:10.229 68202 INFO tempest.lib.common.fixed_network [-] (MultipleCreateNegativeTestJSON:test_min_count_less_than_one) Found network None available for tenant
2025-04-16 22:11:10.235 68184 INFO tempest.lib.common.rest_client [req-b2becc2b-798e-4d52-adda-f79dcacffb68 req-b2becc2b-798e-4d52-adda-f79dcacffb68 ] Request (ImagesNegativeTestJSON:test_create_image_from_deleted_server): 200 GET http://10.180.1.21/compute/v2.1/servers/84cbacaa-08d2-4297-8777-150f433e4c04 0.148s
2025-04-16 22:11:10.246 68178 INFO tempest.lib.common.rest_client [req-0b0b8281-c6fc-4c55-a2f2-fecc41a7ad03 req-0b0b8281-c6fc-4c55-a2f2-fecc41a7ad03 ] Request (ServerShowV254Test:test_rebuild_server): 200 GET http://10.180.1.21/compute/v2.1/servers/786676eb-ac36-48f6-874a-ab1ca15f2a9a 0.087s
2025-04-16 22:11:10.278 68186 INFO tempest.lib.common.rest_client [req-5de38356-69ad-4d80-a284-75d72b77cae9 req-5de38356-69ad-4d80-a284-75d72b77cae9 ] Request (ServerAddressesTestJSON:setUpClass): 200 GET http://10.180.1.21/compute/v2.1/servers/e42425fa-6c50-4e76-842b-0bfcccb011c0 0.080s
2025-04-16 22:11:10.283 68202 INFO tempest.lib.common.rest_client [req-cc09b3ba-613e-4a4c-9ac0-e418e9207d1b req-cc09b3ba-613e-4a4c-9ac0-e418e9207d1b ] Request (MultipleCreateNegativeTestJSON:test_min_count_less_than_one): 400 POST http://10.180.1.21/compute/v2.1/servers 0.053s
2025-04-16 22:11:10.310 68202 INFO tempest.lib.common.rest_client [req-b48843dd-09f6-4c9e-a9b7-3f7336189471 req-b48843dd-09f6-4c9e-a9b7-3f7336189471 ] Request (MultipleCreateNegativeTestJSON:test_min_count_non_integer): 201 POST http://10.180.1.21/identity/v3/auth/tokens 0.023s
2025-04-16 22:11:10.310 68202 INFO tempest.lib.common.fixed_network [-] (MultipleCreateNegativeTestJSON:test_min_count_non_integer) Found network None available for tenant
2025-04-16 22:11:10.330 68190 INFO tempest.lib.common.rest_client [req-bf262b58-4bf5-4b81-ab46-2d88fb89ea13 req-bf262b58-4bf5-4b81-ab46-2d88fb89ea13 ] Request (ServersAdminTestJSON:setUpClass): 200 GET http://10.180.1.21/compute/v2.1/servers/641b8e97-b9e6-4ef0-a819-42d3a29429de 0.085s
2025-04-16 22:11:10.384 68226 INFO tempest.lib.common.rest_client [req-90ef82f9-fafb-4bbd-8dec-e3870d48ac31 req-90ef82f9-fafb-4bbd-8dec-e3870d48ac31 ] Request (ServersV294TestFqdnHostnames:setUpClass): 200 GET http://10.180.1.21/compute/v2.1/servers/bbed830d-aa53-4ea4-93f8-d4b198a333cd 0.109s
2025-04-16 22:11:10.419 68222 INFO tempest.lib.common.rest_client [req-db0768b2-0174-4895-962a-d39b2fa27c63 req-db0768b2-0174-4895-962a-d39b2fa27c63 ] Request (ServersTestMultiNic:test_verify_duplicate_network_nics): 200 GET http://10.180.1.21/compute/v2.1/servers/c29ae4c5-cc93-480c-8d60-96f6acba4346 0.196s
2025-04-16 22:11:10.424 68202 INFO tempest.lib.common.rest_client [req-d0b8a26a-b0e3-4baa-aa12-fe470908b2af req-d0b8a26a-b0e3-4baa-aa12-fe470908b2af ] Request (MultipleCreateNegativeTestJSON:test_min_count_non_integer): 400 POST http://10.180.1.21/compute/v2.1/servers 0.114s
2025-04-16 22:11:10.438 68230 INFO tempest.lib.common.rest_client [req-81feacdc-ff64-43da-814e-c4b9c9aed5a2 req-81feacdc-ff64-43da-814e-c4b9c9aed5a2 ] Request (ServersAdmin275Test:test_rebuild_update_server_275): 200 GET http://10.180.1.21/compute/v2.1/servers/e1401ec0-00f4-42fc-b8e5-a3b45fae3bcf 0.138s
2025-04-16 22:11:10.475 68188 INFO tempest.lib.common.rest_client [req-4d4fca55-64d3-4f76-bced-de557a949fe1 req-4d4fca55-64d3-4f76-bced-de557a949fe1 ] Request (InstanceActionsNegativeTestJSON:setUpClass): 200 GET http://10.180.1.21/compute/v2.1/servers/aa6229be-c18c-4cf9-99a1-ca546b30d797 0.154s
2025-04-16 22:11:10.491 68240 INFO tempest.lib.common.rest_client [req-040062c8-2363-4a27-bea3-d84bc2f2d495 req-040062c8-2363-4a27-bea3-d84bc2f2d495 ] Request (AttachInterfacesV270Test:test_create_get_list_interfaces): 200 GET http://10.180.1.21/compute/v2.1/servers/4c281caa-f99d-40d5-b004-13e7856a29f5 0.142s
2025-04-16 22:11:10.525 68202 INFO tempest.lib.common.rest_client [req-463738b8-6f23-4b7a-87d4-e13b019d3db9 req-463738b8-6f23-4b7a-87d4-e13b019d3db9 ] Request (MultipleCreateNegativeTestJSON:tearDownClass): 204 DELETE http://10.180.1.21/identity/v3/users/7bbee2d45d734945a8739067029c1003 0.099s
2025-04-16 22:11:10.525 68202 INFO tempest.lib.common.dynamic_creds [-] Deleting project and security group for project: 235d870807724471a80aa668d0a983fe
2025-04-16 22:11:10.564 68234 INFO tempest.lib.common.rest_client [req-c6459f68-2539-4f72-bacd-3e317425d99d req-c6459f68-2539-4f72-bacd-3e317425d99d ] Request (ImagesTestJSON:test_create_image_from_stopped_server): 200 GET http://10.180.1.21/compute/v2.1/servers/195a4a1e-3da7-4a69-a679-869346368195 0.120s
2025-04-16 22:11:10.578 68194 INFO tempest.lib.common.rest_client [req-01fbff6e-495b-4ae3-9036-508e8015b789 req-01fbff6e-495b-4ae3-9036-508e8015b789 ] Request (FloatingIPsAssociationNegativeTestJSON:setUpClass): 200 GET http://10.180.1.21/compute/v2.1/servers/793d6f98-ed1b-4a78-bcd5-cb796441d64b 0.129s
2025-04-16 22:11:10.579 68202 INFO tempest.lib.common.rest_client [req-46af3216-aa61-4e38-9e8e-8f3439f7e61f req-46af3216-aa61-4e38-9e8e-8f3439f7e61f ] Request (MultipleCreateNegativeTestJSON:tearDownClass): 201 POST http://10.180.1.21/identity/v3/auth/tokens 0.054s
2025-04-16 22:11:10.636 68224 INFO tempest.lib.common.rest_client [req-6b593614-b1c6-4f10-85df-3ab369fd841f req-6b593614-b1c6-4f10-85df-3ab369fd841f ] Request (ServerGroupTestJSON:test_create_server_with_scheduler_hint_group): 200 GET http://10.180.1.21/compute/v2.1/servers/de1d5572-b82d-4edc-9c7e-a7e26c45a090 0.048s
2025-04-16 22:11:10.678 68204 INFO tempest.lib.common.rest_client [req-8d01a6cc-e213-4ede-8e01-6319817d641c req-8d01a6cc-e213-4ede-8e01-6319817d641c ] Request (ServersTestFqdnHostnames:test_create_server_with_fqdn_name): 200 GET http://10.180.1.21/compute/v2.1/servers/8d2a9e20-82d3-44cf-a725-59804debe1cc 0.046s
2025-04-16 22:11:10.696 68182 INFO tempest.lib.common.rest_client [req-eec94837-cebe-4866-80b7-aff9df3e8ad3 req-eec94837-cebe-4866-80b7-aff9df3e8ad3 ] Request (ServerDiagnosticsNegativeTest:test_get_server_diagnostics_by_non_admin): 200 GET http://10.180.1.21/compute/v2.1/servers/7c092e03-5f1d-4e4a-98ca-8e6abddb3cdb 0.116s
2025-04-16 22:11:10.725 68206 INFO tempest.lib.common.rest_client [req-75d797cc-f4bf-41f2-88f7-63940f4ae6bb req-75d797cc-f4bf-41f2-88f7-63940f4ae6bb ] Request (ServersWithSpecificFlavorTestJSON:test_verify_created_server_ephemeral_disk): 200 GET http://10.180.1.21/compute/v2.1/servers/35b19ccb-4996-47a7-b1a7-6ffc9dd867ee 0.046s
2025-04-16 22:11:10.730 68202 INFO tempest.lib.common.rest_client [req-e425681e-d55f-4a88-988b-60ceb2486fe7 req-e425681e-d55f-4a88-988b-60ceb2486fe7 ] Request (MultipleCreateNegativeTestJSON:tearDownClass): 200 GET http://10.180.1.21:9696/networking/v2.0/security-groups?tenant_id=235d870807724471a80aa668d0a983fe&name=default 0.150s
2025-04-16 22:11:10.812 68202 INFO tempest.lib.common.rest_client [req-f52f72d5-0c8e-4960-919c-234537f096da req-f52f72d5-0c8e-4960-919c-234537f096da ] Request (MultipleCreateNegativeTestJSON:tearDownClass): 204 DELETE http://10.180.1.21:9696/networking/v2.0/security-groups/cb6cd33a-84d6-4485-a3e5-110dfc9c9338 0.081s
2025-04-16 22:11:10.838 68232 INFO tempest.lib.common.rest_client [req-27432830-86cc-4573-837d-9037fc4b807e req-27432830-86cc-4573-837d-9037fc4b807e ] Request (AttachInterfacesUnderV243Test:test_add_remove_fixed_ip): 200 GET http://10.180.1.21/compute/v2.1/servers/7a19bcfd-5544-4688-8edb-e12c567979ae 0.153s
2025-04-16 22:11:10.870 68202 INFO tempest.lib.common.rest_client [req-ad106c1f-ddc1-4a43-a510-b8f5e2fbc7c0 req-ad106c1f-ddc1-4a43-a510-b8f5e2fbc7c0 ] Request (MultipleCreateNegativeTestJSON:tearDownClass): 204 DELETE http://10.180.1.21/identity/v3/projects/235d870807724471a80aa668d0a983fe 0.058s
2025-04-16 22:11:10.871 68202 INFO tempest.test [-] raised in NoVNCConsoleTestJSON.setUpClass. Invoking tearDownClass.
2025-04-16 22:11:10.884 68220 INFO tempest.lib.common.rest_client [req-0f4c38ab-a0d1-4fe4-b41e-c39b8491b6c1 req-0f4c38ab-a0d1-4fe4-b41e-c39b8491b6c1 ] Request (VolumesAdminNegativeTest:test_update_attached_volume_with_nonexistent_volume_in_body): 200 GET http://10.180.1.21/compute/v2.1/servers/96d79732-9076-4715-aa1e-60001ffb17fb 0.071s
2025-04-16 22:11:10.895 68218 INFO tempest.lib.common.rest_client [req-05abb024-87c8-4373-a97c-870a3085d663 req-05abb024-87c8-4373-a97c-870a3085d663 ] Request (VolumesAssistedSnapshotsTest:test_volume_assisted_snapshot_create_delete): 200 GET http://10.180.1.21/compute/v2.1/servers/9085d0d1-bb7f-4bdd-b6a7-a550fe97ffda 0.093s
2025-04-16 22:11:10.929 68196 INFO tempest.lib.common.rest_client [req-ac1a3f82-5aaa-4fe9-8579-57dc9b5fe4f4 req-ac1a3f82-5aaa-4fe9-8579-57dc9b5fe4f4 ] Request (ServersTestManualDisk:setUpClass): 200 GET http://10.180.1.21/compute/v2.1/servers/4cd5b80b-d1f4-4142-83fb-235523464667 0.071s
2025-04-16 22:11:10.929 68202 INFO tempest.lib.common.rest_client [req-6ac79d2f-3a4d-42c3-af84-42954068d7d2 req-6ac79d2f-3a4d-42c3-af84-42954068d7d2 ] Request (ServerShowV257Test:setUpClass): 201 POST http://10.180.1.21/identity/v3/auth/tokens 0.056s
2025-04-16 22:11:10.956 68202 INFO tempest.lib.common.rest_client [req-3b046b8a-12cf-435e-a7fe-6753c32841e2 req-3b046b8a-12cf-435e-a7fe-6753c32841e2 ] Request (ServerShowV257Test:setUpClass): 201 POST http://10.180.1.21/identity/v3/auth/tokens 0.025s
2025-04-16 22:11:10.971 68237 INFO tempest.lib.common.rest_client [req-806a6bb1-08c5-4df6-9b73-e4e1c6286e02 req-806a6bb1-08c5-4df6-9b73-e4e1c6286e02 ] Request (ServerPasswordTestJSON:setUpClass): 200 GET http://10.180.1.21/compute/v2.1/servers/1505bcf5-f622-40ee-93c2-8dabf1dce8cb 0.065s
2025-04-16 22:11:10.975 68202 INFO tempest.lib.common.rest_client [req-bb81048d-3842-420f-a80f-fefc438188c8 req-bb81048d-3842-420f-a80f-fefc438188c8 ] Request (ServerShowV257Test:setUpClass): 200 GET http://10.180.1.21/identity/v3/domains?name=Default 0.018s
2025-04-16 22:11:10.993 68216 INFO tempest.lib.common.rest_client [req-785d7752-3c6a-4eb8-865e-dab4218be60d req-785d7752-3c6a-4eb8-865e-dab4218be60d ] Request (ServersAdminNegativeTestJSON:setUpClass): 200 GET http://10.180.1.21/compute/v2.1/servers/91d5024f-9eac-4a56-b08f-c0f6a7eda775 0.097s
2025-04-16 22:11:11.000 68202 INFO tempest.lib.common.rest_client [req-91988111-92d1-435a-951c-5b7885066201 req-91988111-92d1-435a-951c-5b7885066201 ] Request (ServerShowV257Test:setUpClass): 201 POST http://10.180.1.21/identity/v3/projects 0.025s
2025-04-16 22:11:11.022 68212 INFO tempest.lib.common.rest_client [req-9438ef90-bdf0-4197-961b-6f70e5b8168c req-9438ef90-bdf0-4197-961b-6f70e5b8168c ] Request (ServersTestBootFromVolume:setUpClass): 200 GET http://10.180.1.21/compute/v2.1/servers/f935bfef-3ca7-41fc-89be-c5c4e070a401 0.080s
2025-04-16 22:11:11.038 68180 INFO tempest.lib.common.rest_client [req-a3aa32e8-a237-4964-ab54-b7c79423a91e req-a3aa32e8-a237-4964-ab54-b7c79423a91e ] Request (ServerDiagnosticsTest:test_get_server_diagnostics): 200 GET http://10.180.1.21/compute/v2.1/servers/55dfe829-2e96-40d7-bef8-8e7556cbdab3 0.088s
2025-04-16 22:11:11.056 68202 INFO tempest.lib.common.rest_client [req-f9e5e0c3-0c12-4f86-98b0-b698472f8be1 req-f9e5e0c3-0c12-4f86-98b0-b698472f8be1 ] Request (ServerShowV257Test:setUpClass): 201 POST http://10.180.1.21/identity/v3/users 0.055s
2025-04-16 22:11:11.074 68202 INFO tempest.lib.common.rest_client [req-a6eb5e73-a052-4013-9ae4-e09119617854 req-a6eb5e73-a052-4013-9ae4-e09119617854 ] Request (ServerShowV257Test:setUpClass): 200 GET http://10.180.1.21/identity/v3/roles 0.018s
2025-04-16 22:11:11.102 68214 INFO tempest.lib.common.rest_client [req-1a70264e-c17e-4ae1-bd9b-2881e4ed3b31 req-1a70264e-c17e-4ae1-bd9b-2881e4ed3b31 ] Request (ServerDiskConfigTestJSON:test_rebuild_server_with_auto_disk_config): 200 GET http://10.180.1.21/compute/v2.1/servers/66d3ec66-244d-4ffa-bd6f-7067f8955e67 0.054s
2025-04-16 22:11:11.110 68202 INFO tempest.lib.common.rest_client [req-3bf8eddf-1365-47fc-8033-15bb26d463d6 req-3bf8eddf-1365-47fc-8033-15bb26d463d6 ] Request (ServerShowV257Test:setUpClass): 204 PUT http://10.180.1.21/identity/v3/projects/17d24f70b07244878758f128442b2e25/users/f38e038f2a9a428a85d8e2a3c3fd0e2f/roles/0d1ae8353af043979e65e86787dfaa9c 0.035s
2025-04-16 22:11:11.110 68202 INFO tempest.lib.common.dynamic_creds [-] Dynamic test user f38e038f2a9a428a85d8e2a3c3fd0e2f is created with scope project and roles: ['member']
2025-04-16 22:11:11.110 68202 INFO tempest.lib.common.dynamic_creds [-] Acquired dynamic creds: credentials: Credentials: {'domain_id': 'default', 'domain_name': 'Default', 'username': 'tempest-ServerShowV257Test-1183244838-project-member', 'project_domain_id': 'default', 'project_domain_name': 'Default', 'project_id': '17d24f70b07244878758f128442b2e25', 'project_name': 'tempest-ServerShowV257Test-1183244838', 'tenant_id': '17d24f70b07244878758f128442b2e25', 'tenant_name': 'tempest-ServerShowV257Test-1183244838', 'user_domain_id': 'default', 'user_domain_name': 'Default', 'user_id': 'f38e038f2a9a428a85d8e2a3c3fd0e2f', 'system': None}, Network: None, Subnet: None, Router: None
2025-04-16 22:11:11.111 68202 INFO tempest.lib.common.dynamic_creds [-] Created isolated network resources for: credentials: Credentials: {'domain_id': 'default', 'domain_name': 'Default', 'username': 'tempest-ServerShowV257Test-1183244838-project-member', 'project_domain_id': 'default', 'project_domain_name': 'Default', 'project_id': '17d24f70b07244878758f128442b2e25', 'project_name': 'tempest-ServerShowV257Test-1183244838', 'tenant_id': '17d24f70b07244878758f128442b2e25', 'tenant_name': 'tempest-ServerShowV257Test-1183244838', 'user_domain_id': 'default', 'user_domain_name': 'Default', 'user_id': 'f38e038f2a9a428a85d8e2a3c3fd0e2f', 'system': None}, Network: None, Subnet: None, Router: None
2025-04-16 22:11:11.157 68208 INFO tempest.lib.common.rest_client [req-f7c0bcc7-55ba-4d6a-8492-7f0dc0d025fc req-f7c0bcc7-55ba-4d6a-8492-7f0dc0d025fc ] Request (ServerDiagnosticsV248Test:test_get_server_diagnostics): 200 GET http://10.180.1.21/compute/v2.1/servers/1589188b-8540-4afd-8050-ab47633593c0 0.055s
2025-04-16 22:11:11.180 68202 INFO tempest.lib.common.rest_client [req-fe49afd2-9490-4e66-ae4c-11fe7d5118c7 req-fe49afd2-9490-4e66-ae4c-11fe7d5118c7 ] Request (ServerShowV257Test:setUpClass): 201 POST http://10.180.1.21/identity/v3/auth/tokens 0.066s
2025-04-16 22:11:11.202 68192 INFO tempest.lib.common.rest_client [req-a395f356-b136-4c8f-befe-cf8af915287e req-a395f356-b136-4c8f-befe-cf8af915287e ] Request (ServerRescueNegativeTestJSON:setUpClass): 200 GET http://10.180.1.21/compute/v2.1/servers/9842d097-f4f2-4f60-aea0-08896a47ff53 0.061s
2025-04-16 22:11:11.204 68198 INFO tempest.lib.common.rest_client [req-b660c924-8bf8-47e9-9918-f2083e111653 req-b660c924-8bf8-47e9-9918-f2083e111653 ] Request (FloatingIPsAssociationTestJSON:setUpClass): 200 GET http://10.180.1.21/compute/v2.1/servers/913c5652-c8af-41a8-94f1-c0eba08aacdd 0.120s
2025-04-16 22:11:11.207 68202 INFO tempest.lib.common.rest_client [req-7b83430e-1369-49e6-bfd5-34966504af18 req-7b83430e-1369-49e6-bfd5-34966504af18 ] Request (ServerShowV257Test:test_rebuild_server): 201 POST http://10.180.1.21/identity/v3/auth/tokens 0.023s
2025-04-16 22:11:11.208 68202 INFO tempest.lib.common.fixed_network [-] (ServerShowV257Test:test_rebuild_server) Found network None available for tenant
2025-04-16 22:11:11.244 68210 INFO tempest.lib.common.rest_client [req-5705df62-37bb-4de3-8ee7-c69293e826f8 req-5705df62-37bb-4de3-8ee7-c69293e826f8 ] Request (DeleteServersTestJSON:test_delete_active_server): 200 GET http://10.180.1.21/compute/v2.1/servers/4458efe7-18d4-4cfb-b131-e09d36124d68 0.086s
2025-04-16 22:11:11.248 68238 INFO tempest.lib.common.rest_client [req-913f528f-fcdd-4b78-bae8-07ab35ce5d5a req-913f528f-fcdd-4b78-bae8-07ab35ce5d5a ] Request (AttachVolumeNegativeTest:test_attach_attached_volume_to_different_server): 200 GET http://10.180.1.21/compute/v2.1/servers/f7888060-430b-4b16-b9ca-059020615dee 0.045s
2025-04-16 22:11:11.332 68184 INFO tempest.lib.common.rest_client [req-dd762d55-b270-4641-a963-c9b5faa84aaf req-dd762d55-b270-4641-a963-c9b5faa84aaf ] Request (ImagesNegativeTestJSON:test_create_image_from_deleted_server): 200 GET http://10.180.1.21/compute/v2.1/servers/84cbacaa-08d2-4297-8777-150f433e4c04 0.090s
2025-04-16 22:11:11.377 68178 INFO tempest.lib.common.rest_client [req-12982a24-f209-4b2b-8b8d-aeaa81ece9b4 req-12982a24-f209-4b2b-8b8d-aeaa81ece9b4 ] Request (ServerShowV254Test:test_rebuild_server): 200 GET http://10.180.1.21/compute/v2.1/servers/786676eb-ac36-48f6-874a-ab1ca15f2a9a 0.122s
2025-04-16 22:11:11.403 68202 INFO tempest.lib.common.rest_client [req-e7f4b054-51ad-4989-bc09-ccbf6811411e req-e7f4b054-51ad-4989-bc09-ccbf6811411e ] Request (ServerShowV257Test:test_rebuild_server): 202 POST http://10.180.1.21/compute/v2.1/servers 0.194s
2025-04-16 22:11:11.427 68186 INFO tempest.lib.common.rest_client [req-ebf42316-c8b8-4f2f-a125-fcdb1861052d req-ebf42316-c8b8-4f2f-a125-fcdb1861052d ] Request (ServerAddressesTestJSON:setUpClass): 200 GET http://10.180.1.21/compute/v2.1/servers/e42425fa-6c50-4e76-842b-0bfcccb011c0 0.141s
2025-04-16 22:11:11.449 68190 INFO tempest.lib.common.rest_client [req-7391f2a8-ff05-444e-93f9-042727002473 req-7391f2a8-ff05-444e-93f9-042727002473 ] Request (ServersAdminTestJSON:setUpClass): 200 GET http://10.180.1.21/compute/v2.1/servers/641b8e97-b9e6-4ef0-a819-42d3a29429de 0.112s
2025-04-16 22:11:11.476 68226 INFO tempest.lib.common.rest_client [req-b71e2297-d29a-4b76-95be-6f4e98ed4ee3 req-b71e2297-d29a-4b76-95be-6f4e98ed4ee3 ] Request (ServersV294TestFqdnHostnames:setUpClass): 200 GET http://10.180.1.21/compute/v2.1/servers/bbed830d-aa53-4ea4-93f8-d4b198a333cd 0.082s
2025-04-16 22:11:11.495 68202 INFO tempest.lib.common.rest_client [req-ca2bcd9a-7e14-4477-b36a-3514f7a99baf req-ca2bcd9a-7e14-4477-b36a-3514f7a99baf ] Request (ServerShowV257Test:test_rebuild_server): 200 GET http://10.180.1.21/compute/v2.1/servers/bb97988e-9f7f-4e4f-9904-fc560d0912ee 0.090s
2025-04-16 22:11:11.546 68230 INFO tempest.lib.common.rest_client [req-17357076-2a20-4e33-b770-d73e0b013d02 req-17357076-2a20-4e33-b770-d73e0b013d02 ] Request (ServersAdmin275Test:test_rebuild_update_server_275): 200 GET http://10.180.1.21/compute/v2.1/servers/e1401ec0-00f4-42fc-b8e5-a3b45fae3bcf 0.092s
2025-04-16 22:11:11.592 68188 INFO tempest.lib.common.rest_client [req-97b14e25-d892-48cf-936b-3860da76fccb req-97b14e25-d892-48cf-936b-3860da76fccb ] Request (InstanceActionsNegativeTestJSON:setUpClass): 200 GET http://10.180.1.21/compute/v2.1/servers/aa6229be-c18c-4cf9-99a1-ca546b30d797 0.109s
2025-04-16 22:11:11.641 68240 INFO tempest.lib.common.rest_client [req-7971dc46-499c-4897-9e0b-0a5e2dd1e9bc req-7971dc46-499c-4897-9e0b-0a5e2dd1e9bc ] Request (AttachInterfacesV270Test:test_create_get_list_interfaces): 200 GET http://10.180.1.21/compute/v2.1/servers/4c281caa-f99d-40d5-b004-13e7856a29f5 0.140s
2025-04-16 22:11:11.663 68222 INFO tempest.lib.common.rest_client [req-145d7ebd-9b98-4dbe-aed2-447001ee2d4f req-145d7ebd-9b98-4dbe-aed2-447001ee2d4f ] Request (ServersTestMultiNic:test_verify_duplicate_network_nics): 200 GET http://10.180.1.21/compute/v2.1/servers/c29ae4c5-cc93-480c-8d60-96f6acba4346 0.235s
2025-04-16 22:11:11.730 68234 INFO tempest.lib.common.rest_client [req-970f66d3-f0cf-4c1f-8293-a39bde3c74de req-970f66d3-f0cf-4c1f-8293-a39bde3c74de ] Request (ImagesTestJSON:test_create_image_from_stopped_server): 200 GET http://10.180.1.21/compute/v2.1/servers/195a4a1e-3da7-4a69-a679-869346368195 0.158s
