2025-04-16 22:09:14.396 68210 INFO tempest.lib.common.rest_client [req-b80084fb-4663-43b1-b124-bcf939edb439 req-b80084fb-4663-43b1-b124-bcf939edb439 ] Request (AZAdminV2TestJSON:tearDownClass): 201 POST http://10.180.1.21/identity/v3/auth/tokens 0.270s
2025-04-16 22:09:14.436 68224 INFO tempest.lib.common.rest_client [req-5eff0cea-5073-4cde-8b7d-ca4dfb6bc8be req-5eff0cea-5073-4cde-8b7d-ca4dfb6bc8be ] Request (HypervisorAdminNegativeUnderV252Test:test_search_hypervisor_with_non_admin_user): 403 GET http://10.180.1.21/compute/v2.1/os-hypervisors/domain-c8.fc996f14-c53b-4953-92e3-bdfa48f5cc28/search 3.297s
2025-04-16 22:09:14.452 68184 INFO tempest.lib.common.rest_client [req-018b44bc-5afb-4055-a4f1-eb5c5a8df320 req-018b44bc-5afb-4055-a4f1-eb5c5a8df320 ] Request (QuotasAdminTestV257:tearDownClass): 204 DELETE http://10.180.1.21/identity/v3/users/8ad50c6ac0774979a10a2f843355720b 0.135s
2025-04-16 22:09:14.452 68184 INFO tempest.lib.common.dynamic_creds [-] Deleting project and security group for project: b6c816c671d446068f4063c3a506e735
2025-04-16 22:09:14.499 68206 INFO tempest.lib.common.rest_client [req-590facf3-b147-4ffc-bcbd-43cfe8d4fd60 req-590facf3-b147-4ffc-bcbd-43cfe8d4fd60 ] Request (ServersWithSpecificFlavorTestJSON:setUpClass): 200 GET http://10.180.1.21/identity/v3/domains?name=Default 0.165s
2025-04-16 22:09:14.525 68222 INFO tempest.lib.common.rest_client [req-7b382997-1520-4ecf-8569-f54e8b4e883e req-7b382997-1520-4ecf-8569-f54e8b4e883e ] Request (FloatingIPDetailsNegativeTestJSON:tearDownClass): 204 DELETE http://10.180.1.21/identity/v3/projects/68782ad40c9b46a09d44ac8fb6783d39 0.201s
2025-04-16 22:09:14.677 68240 INFO tempest.lib.common.rest_client [req-857dec95-c4bc-436c-818a-7dadd17611d3 req-857dec95-c4bc-436c-818a-7dadd17611d3 ] Request (FlavorsV261TestJSON:test_crud_flavor): 200 GET http://10.180.1.21/compute/v2.1/flavors/989581532 3.534s
2025-04-16 22:09:14.690 68184 INFO tempest.lib.common.rest_client [req-6dd3f780-f90e-4c76-973f-b99f7af12b6c req-6dd3f780-f90e-4c76-973f-b99f7af12b6c ] Request (QuotasAdminTestV257:tearDownClass): 201 POST http://10.180.1.21/identity/v3/auth/tokens 0.237s
2025-04-16 22:09:14.693 68206 INFO tempest.lib.common.rest_client [req-2e20191f-3287-4e3d-b3f5-7afb8039e5c6 req-2e20191f-3287-4e3d-b3f5-7afb8039e5c6 ] Request (ServersWithSpecificFlavorTestJSON:setUpClass): 201 POST http://10.180.1.21/identity/v3/projects 0.193s
2025-04-16 22:09:14.778 68210 INFO tempest.lib.common.rest_client [req-b8e00877-f6ec-45d8-a726-28cfde16cd59 req-b8e00877-f6ec-45d8-a726-28cfde16cd59 ] Request (AZAdminV2TestJSON:tearDownClass): 200 GET http://10.180.1.21:9696/networking/v2.0/security-groups?tenant_id=b69edf773642480688be5ad1de2020b5&name=default 0.381s
2025-04-16 22:09:14.786 68222 INFO tempest.lib.common.rest_client [req-ffdd3313-854d-47c5-b48c-3e1c338605d7 req-ffdd3313-854d-47c5-b48c-3e1c338605d7 ] Request (ServersTestMultiNic:setUpClass): 201 POST http://10.180.1.21/identity/v3/auth/tokens 0.258s
2025-04-16 22:09:14.923 68210 INFO tempest.lib.common.rest_client [req-06510f7f-b167-4c14-936b-e5f67c7e306b req-06510f7f-b167-4c14-936b-e5f67c7e306b ] Request (AZAdminV2TestJSON:tearDownClass): 204 DELETE http://10.180.1.21:9696/networking/v2.0/security-groups/e657591b-b3e1-4edb-a45b-4ea00b131a89 0.145s
2025-04-16 22:09:14.994 68206 INFO tempest.lib.common.rest_client [req-9a4651d5-0d62-47b2-a191-90c82e9f1bd7 req-9a4651d5-0d62-47b2-a191-90c82e9f1bd7 ] Request (ServersWithSpecificFlavorTestJSON:setUpClass): 201 POST http://10.180.1.21/identity/v3/users 0.300s
2025-04-16 22:09:15.059 68222 INFO tempest.lib.common.rest_client [req-ae391551-ec54-40e3-a853-65780fc35d93 req-ae391551-ec54-40e3-a853-65780fc35d93 ] Request (ServersTestMultiNic:setUpClass): 201 POST http://10.180.1.21/identity/v3/auth/tokens 0.270s
2025-04-16 22:09:15.098 68232 INFO tempest.lib.common.rest_client [req-a664bac1-593d-4a08-8f21-27e71dddad28 req-a664bac1-593d-4a08-8f21-27e71dddad28 ] Request (ValidationResourcesFixture:setUp): 200 POST http://10.180.1.21/compute/v2.1/os-keypairs 3.903s
2025-04-16 22:09:15.158 68210 INFO tempest.lib.common.rest_client [req-0edec210-cd99-4c9c-aac8-f3b7382b0e33 req-0edec210-cd99-4c9c-aac8-f3b7382b0e33 ] Request (AZAdminV2TestJSON:tearDownClass): 204 DELETE http://10.180.1.21/identity/v3/projects/b69edf773642480688be5ad1de2020b5 0.234s
2025-04-16 22:09:15.158 68210 INFO tempest.lib.common.dynamic_creds [-] Deleting project and security group for project: 18ed1c41c04341df9f7249f9d2591f07
2025-04-16 22:09:15.196 68206 INFO tempest.lib.common.rest_client [req-b37ec7ed-558d-437c-952f-ea8128970963 req-b37ec7ed-558d-437c-952f-ea8128970963 ] Request (ServersWithSpecificFlavorTestJSON:setUpClass): 200 GET http://10.180.1.21/identity/v3/roles 0.201s
2025-04-16 22:09:15.245 68222 INFO tempest.lib.common.rest_client [req-ade468fd-b50d-47fa-833f-f88cede1314d req-ade468fd-b50d-47fa-833f-f88cede1314d ] Request (ServersTestMultiNic:setUpClass): 200 GET http://10.180.1.21/identity/v3/domains?name=Default 0.186s
2025-04-16 22:09:15.247 68206 INFO tempest.lib.common.rest_client [req-a2057dce-4391-43c3-92cf-d0814dd09660 req-a2057dce-4391-43c3-92cf-d0814dd09660 ] Request (ServersWithSpecificFlavorTestJSON:setUpClass): 204 PUT http://10.180.1.21/identity/v3/projects/8a8c0a55efd8416cb1e291da3dad237e/users/5836929e7e4b46428afa2814a4bb099c/roles/0d1ae8353af043979e65e86787dfaa9c 0.050s
2025-04-16 22:09:15.247 68206 INFO tempest.lib.common.dynamic_creds [-] Dynamic test user 5836929e7e4b46428afa2814a4bb099c is created with scope project and roles: ['member']
2025-04-16 22:09:15.247 68206 INFO tempest.lib.common.dynamic_creds [-] Acquired dynamic creds: credentials: Credentials: {'domain_id': 'default', 'domain_name': 'Default', 'username': 'tempest-ServersWithSpecificFlavorTestJSON-1910448084-project-member', 'project_domain_id': 'default', 'project_domain_name': 'Default', 'project_id': '8a8c0a55efd8416cb1e291da3dad237e', 'project_name': 'tempest-ServersWithSpecificFlavorTestJSON-1910448084', 'tenant_id': '8a8c0a55efd8416cb1e291da3dad237e', 'tenant_name': 'tempest-ServersWithSpecificFlavorTestJSON-1910448084', 'user_domain_id': 'default', 'user_domain_name': 'Default', 'user_id': '5836929e7e4b46428afa2814a4bb099c', 'system': None}, Network: None, Subnet: None, Router: None
2025-04-16 22:09:15.310 68222 INFO tempest.lib.common.rest_client [req-1d254584-3a86-4856-87a8-2240f966d958 req-1d254584-3a86-4856-87a8-2240f966d958 ] Request (ServersTestMultiNic:setUpClass): 201 POST http://10.180.1.21/identity/v3/projects 0.064s
2025-04-16 22:09:15.382 68206 INFO tempest.lib.common.rest_client [req-c83a63c0-d4a2-4dd5-aad5-f5fff8311918 req-c83a63c0-d4a2-4dd5-aad5-f5fff8311918 ] Request (ServersWithSpecificFlavorTestJSON:setUpClass): 201 POST http://10.180.1.21/identity/v3/auth/tokens 0.134s
2025-04-16 22:09:15.436 68222 INFO tempest.lib.common.rest_client [req-3395b353-8692-4fed-9fb2-1edf3bc83c1c req-3395b353-8692-4fed-9fb2-1edf3bc83c1c ] Request (ServersTestMultiNic:setUpClass): 201 POST http://10.180.1.21/identity/v3/users 0.124s
2025-04-16 22:09:15.473 68222 INFO tempest.lib.common.rest_client [req-ba71a22b-fd12-4d3b-85ab-a9985ee6df10 req-ba71a22b-fd12-4d3b-85ab-a9985ee6df10 ] Request (ServersTestMultiNic:setUpClass): 200 GET http://10.180.1.21/identity/v3/roles 0.036s
2025-04-16 22:09:15.484 68230 INFO tempest.lib.common.rest_client [req-1b0462bc-d2c9-4179-8129-6173999f7bd1 req-1b0462bc-d2c9-4179-8129-6173999f7bd1 ] Request (QuotasAdminNegativeTest:test_create_server_when_cpu_quota_is_full): 200 PUT http://10.180.1.21/compute/v2.1/os-quota-sets/17d54ba09e6947888b1bd21f35e8374c 3.953s
2025-04-16 22:09:15.487 68234 INFO tempest.lib.common.rest_client [req-4e823511-7455-43ab-874e-9acc64f4c5fe req-4e823511-7455-43ab-874e-9acc64f4c5fe ] Request (ImagesTestJSON:test_create_image_from_stopped_server): 202 POST http://10.180.1.21/compute/v2.1/servers 4.450s
2025-04-16 22:09:15.557 68222 INFO tempest.lib.common.rest_client [req-1cf67ffb-4e50-4b06-95f7-e52ac5e6499a req-1cf67ffb-4e50-4b06-95f7-e52ac5e6499a ] Request (ServersTestMultiNic:setUpClass): 204 PUT http://10.180.1.21/identity/v3/projects/970e538ebd0844ddaace0fc9e294f283/users/01878dd5bd734b4ab4dfc6eb6b19dbc7/roles/0d1ae8353af043979e65e86787dfaa9c 0.084s
2025-04-16 22:09:15.558 68222 INFO tempest.lib.common.dynamic_creds [-] Dynamic test user 01878dd5bd734b4ab4dfc6eb6b19dbc7 is created with scope project and roles: ['member']
2025-04-16 22:09:15.558 68222 INFO tempest.lib.common.dynamic_creds [-] Acquired dynamic creds: credentials: Credentials: {'domain_id': 'default', 'domain_name': 'Default', 'username': 'tempest-ServersTestMultiNic-1718995190-project-member', 'project_domain_id': 'default', 'project_domain_name': 'Default', 'project_id': '970e538ebd0844ddaace0fc9e294f283', 'project_name': 'tempest-ServersTestMultiNic-1718995190', 'tenant_id': '970e538ebd0844ddaace0fc9e294f283', 'tenant_name': 'tempest-ServersTestMultiNic-1718995190', 'user_domain_id': 'default', 'user_domain_name': 'Default', 'user_id': '01878dd5bd734b4ab4dfc6eb6b19dbc7', 'system': None}, Network: None, Subnet: None, Router: None
2025-04-16 22:09:15.568 68184 INFO tempest.lib.common.rest_client [req-1e4c5d98-86b0-41b1-a7ca-24f46b68bb42 req-1e4c5d98-86b0-41b1-a7ca-24f46b68bb42 ] Request (QuotasAdminTestV257:tearDownClass): 200 GET http://10.180.1.21:9696/networking/v2.0/security-groups?tenant_id=b6c816c671d446068f4063c3a506e735&name=default 0.877s
2025-04-16 22:09:15.587 68210 INFO tempest.lib.common.rest_client [req-63736819-be31-425d-9f54-b83581e30805 req-63736819-be31-425d-9f54-b83581e30805 ] Request (AZAdminV2TestJSON:tearDownClass): 200 GET http://10.180.1.21:9696/networking/v2.0/security-groups?tenant_id=18ed1c41c04341df9f7249f9d2591f07&name=default 0.427s
2025-04-16 22:09:15.612 68232 INFO tempest.lib.common.rest_client [req-8c73b6eb-0bc3-46fe-98aa-5d101ef330a3 req-8c73b6eb-0bc3-46fe-98aa-5d101ef330a3 ] Request (ValidationResourcesFixture:setUp): 201 POST http://10.180.1.21:9696/networking/v2.0/security-groups 0.512s
2025-04-16 22:09:15.620 68230 INFO tempest.lib.common.rest_client [req-17c48222-515c-496d-b9da-fdadedaca0b5 req-17c48222-515c-496d-b9da-fdadedaca0b5 ] Request (QuotasAdminNegativeTest:test_create_server_when_cpu_quota_is_full): 201 POST http://10.180.1.21/identity/v3/auth/tokens 0.127s
2025-04-16 22:09:15.621 68230 INFO tempest.lib.common.fixed_network [-] (QuotasAdminNegativeTest:test_create_server_when_cpu_quota_is_full) Found network None available for tenant
2025-04-16 22:09:15.699 68218 INFO tempest.lib.common.rest_client [req-68bce10e-2410-4d53-be54-04e038720845 req-68bce10e-2410-4d53-be54-04e038720845 ] Request (VolumesAssistedSnapshotsTest:setUpClass): 200 PUT http://10.180.1.21:9696/networking/v2.0/routers/30e0b94f-74a3-4150-8d69-83e2da96b150/add_router_interface 1.914s
2025-04-16 22:09:15.699 68218 INFO tempest.lib.common.dynamic_creds [-] Created isolated network resources for: credentials: Credentials: {'domain_id': 'default', 'domain_name': 'Default', 'username': 'tempest-VolumesAssistedSnapshotsTest-1853168474-project-admin', 'project_domain_id': 'default', 'project_domain_name': 'Default', 'project_id': '90dac3a9d1584cd7ae592fa74ec7e71f', 'project_name': 'tempest-VolumesAssistedSnapshotsTest-1853168474', 'tenant_id': '90dac3a9d1584cd7ae592fa74ec7e71f', 'tenant_name': 'tempest-VolumesAssistedSnapshotsTest-1853168474', 'user_domain_id': 'default', 'user_domain_name': 'Default', 'user_id': '37731c40f1d3435184fb395a990cf780', 'system': None}, Network: {'id': '399167aa-bfe7-4c8f-9ac1-1d5a99762f95', 'name': 'tempest-VolumesAssistedSnapshotsTest-1634057990-network', 'tenant_id': '90dac3a9d1584cd7ae592fa74ec7e71f', 'admin_state_up': True, 'mtu': 8950, 'status': 'ACTIVE', 'subnets': [], 'shared': False, 'project_id': '90dac3a9d1584cd7ae592fa74ec7e71f', 'port_security_enabled': True, 'router:external': False, 'provider:network_type': 'vlan', 'provider:physical_network': 'default', 'provider:segmentation_id': 68, 'is_default': False, 'availability_zone_hints': [], 'availability_zones': [], 'ipv4_address_scope': None, 'ipv6_address_scope': None, 'description': '', 'tags': [], 'created_at': '2025-04-16T22:09:11Z', 'updated_at': '2025-04-16T22:09:11Z', 'revision_number': 1}, Subnet: {'id': '847a4ee5-7055-4234-afc1-dccfb9dadce3', 'name': 'tempest-VolumesAssistedSnapshotsTest-1634057990-subnet', 'tenant_id': '90dac3a9d1584cd7ae592fa74ec7e71f', 'network_id': '399167aa-bfe7-4c8f-9ac1-1d5a99762f95', 'ip_version': 4, 'subnetpool_id': None, 'enable_dhcp': True, 'ipv6_ra_mode': None, 'ipv6_address_mode': None, 'gateway_ip': '192.168.128.1', 'cidr': '192.168.128.0/28', 'allocation_pools': [{'start': '192.168.128.2', 'end': '192.168.128.14'}], 'host_routes': [], 'dns_nameservers': [], 'description': '', 'service_types': [], 'tags': [], 'created_at': '2025-04-16T22:09:11Z', 'updated_at': '2025-04-16T22:09:11Z', 'revision_number': 0, 'project_id': '90dac3a9d1584cd7ae592fa74ec7e71f'}, Router: {'id': '30e0b94f-74a3-4150-8d69-83e2da96b150', 'name': 'tempest-VolumesAssistedSnapshotsTest-1634057990-router', 'tenant_id': '90dac3a9d1584cd7ae592fa74ec7e71f', 'admin_state_up': True, 'status': 'ACTIVE', 'external_gateway_info': {'network_id': 'e8acd2cb-098a-4992-80d8-39e6a9be71dd', 'external_fixed_ips': [{'subnet_id': 'ea6c966a-c5bb-46f5-814f-ae78de42b8ed', 'ip_address': '10.180.180.146'}], 'enable_snat': True}, 'description': '', 'availability_zones': [], 'distributed': False, 'ha': False, 'availability_zone_hints': [], 'routes': [], 'flavor_id': None, 'tags': [], 'created_at': '2025-04-16T22:09:12Z', 'updated_at': '2025-04-16T22:09:13Z', 'revision_number': 2, 'project_id': '90dac3a9d1584cd7ae592fa74ec7e71f'}
2025-04-16 22:09:15.715 68228 INFO tempest.lib.common.rest_client [req-8736f503-a88f-4e7e-b11f-f643cab96b4d req-8736f503-a88f-4e7e-b11f-f643cab96b4d ] Request (FlavorsAccessTestJSON:test_flavor_access_add_remove): 200 POST http://10.180.1.21/compute/v2.1/flavors/197001904/action 4.149s
2025-04-16 22:09:15.742 68222 INFO tempest.lib.common.rest_client [req-5bd97d12-f52e-4f7b-be20-628f4385e8c3 req-5bd97d12-f52e-4f7b-be20-628f4385e8c3 ] Request (ServersTestMultiNic:setUpClass): 201 POST http://10.180.1.21/identity/v3/auth/tokens 0.184s
2025-04-16 22:09:15.803 68208 INFO tempest.lib.common.rest_client [req-95f47020-57dd-4c5f-ac66-9eee3553bfa6 req-95f47020-57dd-4c5f-ac66-9eee3553bfa6 ] Request (HostsAdminNegativeTestJSON:test_list_hosts_with_non_admin_user): 403 GET http://10.180.1.21/compute/v2.1/os-hosts 4.062s
2025-04-16 22:09:15.871 68218 INFO tempest.lib.common.rest_client [req-550f0eaa-7122-49ce-9bd2-08e1aa887d13 req-550f0eaa-7122-49ce-9bd2-08e1aa887d13 ] Request (VolumesAssistedSnapshotsTest:setUpClass): 201 POST http://10.180.1.21/identity/v3/auth/tokens 0.112s
2025-04-16 22:09:15.909 68238 INFO tempest.lib.common.rest_client [req-8be65e54-1ebf-4870-a36f-81bc0dea29a9 req-8be65e54-1ebf-4870-a36f-81bc0dea29a9 ] Request (FlavorMetadataValidation:test_flavor_update_with_custom_namespace): 200 POST http://10.180.1.21/compute/v2.1/flavors/1248384100/os-extra_specs 4.077s
2025-04-16 22:09:15.934 68194 INFO tempest.lib.common.rest_client [req-e359cd88-5286-49c7-8503-e93278c3f0fa req-e359cd88-5286-49c7-8503-e93278c3f0fa ] Request (ServicesAdminNegativeTestJSON:test_get_service_by_invalid_params): 200 GET http://10.180.1.21/compute/v2.1/os-services?xxx=nova-compute 3.999s
2025-04-16 22:09:15.945 68218 INFO tempest.lib.common.rest_client [req-232103c6-dd8d-4c8f-bfe7-191553ea8740 req-232103c6-dd8d-4c8f-bfe7-191553ea8740 ] Request (VolumesAssistedSnapshotsTest:setUpClass): 201 POST http://10.180.1.21/identity/v3/projects 0.073s
2025-04-16 22:09:15.968 68210 INFO tempest.lib.common.rest_client [req-99b0a2a7-b377-492b-a69b-a73e9d27f218 req-99b0a2a7-b377-492b-a69b-a73e9d27f218 ] Request (AZAdminV2TestJSON:tearDownClass): 204 DELETE http://10.180.1.21:9696/networking/v2.0/security-groups/3657fa00-e3fd-4302-951c-8b69fd7f207b 0.381s
2025-04-16 22:09:15.969 68212 INFO tempest.lib.common.rest_client [req-f843dd35-f0c5-4fea-953e-1089ef84b8cb req-f843dd35-f0c5-4fea-953e-1089ef84b8cb ] Request (FlavorsV255TestJSON:test_crud_flavor): 200 PUT http://10.180.1.21/compute/v2.1/flavors/1165383086 3.946s
2025-04-16 22:09:15.985 68184 INFO tempest.lib.common.rest_client [req-a45c63ad-ad3c-41cb-89bc-938b9f144a42 req-a45c63ad-ad3c-41cb-89bc-938b9f144a42 ] Request (QuotasAdminTestV257:tearDownClass): 204 DELETE http://10.180.1.21:9696/networking/v2.0/security-groups/d02b9417-f485-4000-8817-e87a85c570cb 0.416s
2025-04-16 22:09:16.080 68218 INFO tempest.lib.common.rest_client [req-0db1cc3c-ffde-4675-b040-105dff425bb3 req-0db1cc3c-ffde-4675-b040-105dff425bb3 ] Request (VolumesAssistedSnapshotsTest:setUpClass): 201 POST http://10.180.1.21/identity/v3/users 0.134s
2025-04-16 22:09:16.198 68210 INFO tempest.lib.common.rest_client [req-137584ee-38e8-41f1-8b98-2f3162629a39 req-137584ee-38e8-41f1-8b98-2f3162629a39 ] Request (AZAdminV2TestJSON:tearDownClass): 204 DELETE http://10.180.1.21/identity/v3/projects/18ed1c41c04341df9f7249f9d2591f07 0.230s
2025-04-16 22:09:16.238 68218 INFO tempest.lib.common.rest_client [req-ab2e8fcc-1a99-4589-8629-6767b7d0d2ec req-ab2e8fcc-1a99-4589-8629-6767b7d0d2ec ] Request (VolumesAssistedSnapshotsTest:setUpClass): 200 GET http://10.180.1.21/identity/v3/roles 0.156s
2025-04-16 22:09:16.278 68184 INFO tempest.lib.common.rest_client [req-e83f94d4-cad7-402c-b969-956af7096bdd req-e83f94d4-cad7-402c-b969-956af7096bdd ] Request (QuotasAdminTestV257:tearDownClass): 204 DELETE http://10.180.1.21/identity/v3/projects/b6c816c671d446068f4063c3a506e735 0.293s
2025-04-16 22:09:16.278 68184 INFO tempest.lib.common.dynamic_creds [-] Deleting project and security group for project: 5719bc2d319e4478a9e3f6bf156dcea0
2025-04-16 22:09:16.313 68216 INFO tempest.lib.common.rest_client [req-bf507626-6d32-4364-96a2-22c95999107b req-bf507626-6d32-4364-96a2-22c95999107b ] Request (ServersAdminNegativeTestJSON:setUpClass): 200 GET http://10.180.1.21/compute/v2.1/servers/91d5024f-9eac-4a56-b08f-c0f6a7eda775 3.507s
2025-04-16 22:09:16.323 68210 INFO tempest.lib.common.rest_client [req-168a25f6-08cf-4555-9deb-788752df20d8 req-168a25f6-08cf-4555-9deb-788752df20d8 ] Request (SecurityGroupsTestAdminJSON:setUpClass): 201 POST http://10.180.1.21/identity/v3/auth/tokens 0.123s
2025-04-16 22:09:16.374 68218 INFO tempest.lib.common.rest_client [req-a36fc4b2-fe0c-4fa4-9dd3-c51533ec2609 req-a36fc4b2-fe0c-4fa4-9dd3-c51533ec2609 ] Request (VolumesAssistedSnapshotsTest:setUpClass): 204 PUT http://10.180.1.21/identity/v3/projects/4425b19049a643a3952039b27e623187/users/9c622597067e4716afcd69a56903c384/roles/25cfbfde210745d8bdebc7ce61476dc3 0.135s
2025-04-16 22:09:16.428 68210 INFO tempest.lib.common.rest_client [req-98ba4752-36ec-47b4-9aef-6f148d01e1fb req-98ba4752-36ec-47b4-9aef-6f148d01e1fb ] Request (SecurityGroupsTestAdminJSON:setUpClass): 201 POST http://10.180.1.21/identity/v3/auth/tokens 0.103s
2025-04-16 22:09:16.433 68218 INFO tempest.lib.common.rest_client [req-637004ae-1517-4ffc-a59d-3659354608ef req-637004ae-1517-4ffc-a59d-3659354608ef ] Request (VolumesAssistedSnapshotsTest:setUpClass): 200 GET http://10.180.1.21/identity/v3/roles 0.058s
2025-04-16 22:09:16.443 68182 INFO tempest.lib.common.rest_client [req-03ef6279-8954-44d8-92e9-a5a27e019f7f req-03ef6279-8954-44d8-92e9-a5a27e019f7f ] Request (ServerDiagnosticsNegativeTest:test_get_server_diagnostics_by_non_admin): 200 GET http://10.180.1.21/compute/v2.1/servers/7c092e03-5f1d-4e4a-98ca-8e6abddb3cdb 3.163s
2025-04-16 22:09:16.457 68218 INFO tempest.lib.common.rest_client [req-9a2c5e26-8715-4c0d-9b76-66d632463d27 req-9a2c5e26-8715-4c0d-9b76-66d632463d27 ] Request (VolumesAssistedSnapshotsTest:setUpClass): 204 PUT http://10.180.1.21/identity/v3/projects/4425b19049a643a3952039b27e623187/users/9c622597067e4716afcd69a56903c384/roles/ba1e7876f30f4045b69c18dab2635c17 0.023s
2025-04-16 22:09:16.457 68218 INFO tempest.lib.common.dynamic_creds [-] Dynamic test user 9c622597067e4716afcd69a56903c384 is created with scope project and roles: ['service', 'admin']
2025-04-16 22:09:16.457 68218 INFO tempest.lib.common.dynamic_creds [-] Acquired dynamic creds: credentials: Credentials: {'domain_id': 'default', 'domain_name': 'Default', 'username': 'tempest-VolumesAssistedSnapshotsTest-234487350-project', 'project_domain_id': 'default', 'project_domain_name': 'Default', 'project_id': '4425b19049a643a3952039b27e623187', 'project_name': 'tempest-VolumesAssistedSnapshotsTest-234487350', 'tenant_id': '4425b19049a643a3952039b27e623187', 'tenant_name': 'tempest-VolumesAssistedSnapshotsTest-234487350', 'user_domain_id': 'default', 'user_domain_name': 'Default', 'user_id': '9c622597067e4716afcd69a56903c384', 'system': None}, Network: None, Subnet: None, Router: None
2025-04-16 22:09:16.465 68200 INFO tempest.lib.common.rest_client [req-e769fdef-1192-4645-bbf2-fcf8826f8cac req-e769fdef-1192-4645-bbf2-fcf8826f8cac ] Request (FlavorsAccessNegativeTestJSON:_run_cleanups): 200 GET http://10.180.1.21/compute/v2.1/flavors/detail 3.163s
2025-04-16 22:09:16.469 68210 INFO tempest.lib.common.rest_client [req-dadbb029-f26d-4845-bb71-b54fe3526698 req-dadbb029-f26d-4845-bb71-b54fe3526698 ] Request (SecurityGroupsTestAdminJSON:setUpClass): 200 GET http://10.180.1.21/identity/v3/domains?name=Default 0.041s
2025-04-16 22:09:16.481 68232 INFO tempest.lib.common.rest_client [req-1991b035-6e7e-4f2c-8d58-4eb6be1a77ff req-1991b035-6e7e-4f2c-8d58-4eb6be1a77ff ] Request (ValidationResourcesFixture:setUp): 201 POST http://10.180.1.21:9696/networking/v2.0/security-group-rules 0.869s
2025-04-16 22:09:16.562 68210 INFO tempest.lib.common.rest_client [req-7092ea54-f4a0-4be6-9e01-019652649da7 req-7092ea54-f4a0-4be6-9e01-019652649da7 ] Request (SecurityGroupsTestAdminJSON:setUpClass): 201 POST http://10.180.1.21/identity/v3/projects 0.092s
2025-04-16 22:09:16.610 68198 INFO tempest.lib.common.rest_client [req-c3a46f9a-81f6-4c4f-9c1c-f8461f2db5d3 req-c3a46f9a-81f6-4c4f-9c1c-f8461f2db5d3 ] Request (HypervisorAdminNegativeTestJSON:test_get_hypervisor_uptime_with_non_admin_user): 200 GET http://10.180.1.21/compute/v2.1/os-hypervisors 3.302s
2025-04-16 22:09:16.620 68196 INFO tempest.lib.common.rest_client [req-d6ffd7b5-f917-494d-a840-6b9394702114 req-d6ffd7b5-f917-494d-a840-6b9394702114 ] Request (FlavorsV2TestJSON:test_list_flavors_detailed_using_marker): 200 GET http://10.180.1.21/compute/v2.1/flavors/42 3.294s
2025-04-16 22:09:16.629 68210 INFO tempest.lib.common.rest_client [req-256427ea-a35b-4303-bbf4-ce3f8e60de94 req-256427ea-a35b-4303-bbf4-ce3f8e60de94 ] Request (SecurityGroupsTestAdminJSON:setUpClass): 201 POST http://10.180.1.21/identity/v3/users 0.066s
2025-04-16 22:09:16.630 68206 INFO tempest.lib.common.rest_client [req-e4d8a09d-f329-41d9-b4a3-858086832aa7 req-e4d8a09d-f329-41d9-b4a3-858086832aa7 ] Request (ServersWithSpecificFlavorTestJSON:setUpClass): 201 POST http://10.180.1.21:9696/networking/v2.0/networks 1.247s
2025-04-16 22:09:16.650 68210 INFO tempest.lib.common.rest_client [req-00525dd5-27cc-4f48-9301-12b8af406363 req-00525dd5-27cc-4f48-9301-12b8af406363 ] Request (SecurityGroupsTestAdminJSON:setUpClass): 200 GET http://10.180.1.21/identity/v3/roles 0.020s
2025-04-16 22:09:16.691 68210 INFO tempest.lib.common.rest_client [req-95ec8130-1ba3-4595-a4a9-411675f0fe7d req-95ec8130-1ba3-4595-a4a9-411675f0fe7d ] Request (SecurityGroupsTestAdminJSON:setUpClass): 204 PUT http://10.180.1.21/identity/v3/projects/bdc32f63c4b242c9aadb4fa72c2632bf/users/dc01a7f2e7014477b461117f27583858/roles/0d1ae8353af043979e65e86787dfaa9c 0.040s
2025-04-16 22:09:16.691 68210 INFO tempest.lib.common.dynamic_creds [-] Dynamic test user dc01a7f2e7014477b461117f27583858 is created with scope project and roles: ['member']
2025-04-16 22:09:16.691 68210 INFO tempest.lib.common.dynamic_creds [-] Acquired dynamic creds: credentials: Credentials: {'domain_id': 'default', 'domain_name': 'Default', 'username': 'tempest-SecurityGroupsTestAdminJSON-1155900807-project-member', 'project_domain_id': 'default', 'project_domain_name': 'Default', 'project_id': 'bdc32f63c4b242c9aadb4fa72c2632bf', 'project_name': 'tempest-SecurityGroupsTestAdminJSON-1155900807', 'tenant_id': 'bdc32f63c4b242c9aadb4fa72c2632bf', 'tenant_name': 'tempest-SecurityGroupsTestAdminJSON-1155900807', 'user_domain_id': 'default', 'user_domain_name': 'Default', 'user_id': 'dc01a7f2e7014477b461117f27583858', 'system': None}, Network: None, Subnet: None, Router: None
2025-04-16 22:09:16.691 68210 INFO tempest.lib.common.dynamic_creds [-] Created isolated network resources for: credentials: Credentials: {'domain_id': 'default', 'domain_name': 'Default', 'username': 'tempest-SecurityGroupsTestAdminJSON-1155900807-project-member', 'project_domain_id': 'default', 'project_domain_name': 'Default', 'project_id': 'bdc32f63c4b242c9aadb4fa72c2632bf', 'project_name': 'tempest-SecurityGroupsTestAdminJSON-1155900807', 'tenant_id': 'bdc32f63c4b242c9aadb4fa72c2632bf', 'tenant_name': 'tempest-SecurityGroupsTestAdminJSON-1155900807', 'user_domain_id': 'default', 'user_domain_name': 'Default', 'user_id': 'dc01a7f2e7014477b461117f27583858', 'system': None}, Network: None, Subnet: None, Router: None
2025-04-16 22:09:16.775 68210 INFO tempest.lib.common.rest_client [req-4d7f99bd-c1d6-46c8-b558-7b033de2f2ba req-4d7f99bd-c1d6-46c8-b558-7b033de2f2ba ] Request (SecurityGroupsTestAdminJSON:setUpClass): 201 POST http://10.180.1.21/identity/v3/auth/tokens 0.078s
2025-04-16 22:09:16.854 68210 INFO tempest.lib.common.rest_client [req-dc7a0a92-747b-4da9-a9e6-a4417cdfe905 req-dc7a0a92-747b-4da9-a9e6-a4417cdfe905 ] Request (SecurityGroupsTestAdminJSON:setUpClass): 201 POST http://10.180.1.21/identity/v3/projects 0.079s
2025-04-16 22:09:16.918 68210 INFO tempest.lib.common.rest_client [req-19e145e6-c1a7-4f94-a834-6c62094dff3a req-19e145e6-c1a7-4f94-a834-6c62094dff3a ] Request (SecurityGroupsTestAdminJSON:setUpClass): 201 POST http://10.180.1.21/identity/v3/users 0.063s
2025-04-16 22:09:16.929 68184 INFO tempest.lib.common.rest_client [req-62fc5fde-8841-40c1-9f9a-efa6495db6ef req-62fc5fde-8841-40c1-9f9a-efa6495db6ef ] Request (QuotasAdminTestV257:tearDownClass): 200 GET http://10.180.1.21:9696/networking/v2.0/security-groups?tenant_id=5719bc2d319e4478a9e3f6bf156dcea0&name=default 0.650s
2025-04-16 22:09:16.944 68232 INFO tempest.lib.common.rest_client [req-6b4c54da-21f4-4506-84de-ea9c2e22d383 req-6b4c54da-21f4-4506-84de-ea9c2e22d383 ] Request (ValidationResourcesFixture:setUp): 201 POST http://10.180.1.21:9696/networking/v2.0/security-group-rules 0.462s
2025-04-16 22:09:16.945 68210 INFO tempest.lib.common.rest_client [req-0abebfa8-d80d-4a73-b8ec-1f371ab82eaf req-0abebfa8-d80d-4a73-b8ec-1f371ab82eaf ] Request (SecurityGroupsTestAdminJSON:setUpClass): 200 GET http://10.180.1.21/identity/v3/roles 0.026s
2025-04-16 22:09:16.988 68210 INFO tempest.lib.common.rest_client [req-266d1100-4ac8-44dc-b421-e5dd48e9a232 req-266d1100-4ac8-44dc-b421-e5dd48e9a232 ] Request (SecurityGroupsTestAdminJSON:setUpClass): 204 PUT http://10.180.1.21/identity/v3/projects/d6ea742d36f843bbb881b8c8c83884c1/users/4e484cdf88564aeaa7f82efa5036a800/roles/ba1e7876f30f4045b69c18dab2635c17 0.042s
2025-04-16 22:09:17.015 68188 INFO tempest.lib.common.rest_client [req-e7adee31-d64c-445b-9026-b5b11235cf94 req-e7adee31-d64c-445b-9026-b5b11235cf94 ] Request (InstanceActionsTestJSON:setUpClass): 200 GET http://10.180.1.21/compute/v2.1/servers/6b16f08c-a470-4a9b-8096-05cec2e960cf 3.602s
2025-04-16 22:09:17.019 68204 INFO tempest.lib.common.rest_client [req-43bf2e0d-027c-4ad1-a899-a7253249df20 req-43bf2e0d-027c-4ad1-a899-a7253249df20 ] Request (InstanceUsageAuditLogNegativeTestJSON:test_instance_usage_audit_logs_with_nonadmin_user): 403 GET http://10.180.1.21/compute/v2.1/os-instance_usage_audit_log/2025-04-16%2022%3A09%3A13 3.476s
2025-04-16 22:09:17.035 68192 INFO tempest.lib.common.rest_client [req-30f8efe5-9deb-4996-9fe8-c1e0f4f5e0b2 req-30f8efe5-9deb-4996-9fe8-c1e0f4f5e0b2 ] Request (FlavorsAdminTestJSON:_run_cleanups): 200 GET http://10.180.1.21/compute/v2.1/flavors/detail 3.486s
2025-04-16 22:09:17.053 68210 INFO tempest.lib.common.rest_client [req-426aaa94-8a78-4e5f-aefa-f0075673cc20 req-426aaa94-8a78-4e5f-aefa-f0075673cc20 ] Request (SecurityGroupsTestAdminJSON:setUpClass): 200 GET http://10.180.1.21/identity/v3/roles 0.064s
2025-04-16 22:09:17.065 68178 INFO tempest.lib.common.rest_client [req-9f0eb56b-e28e-44a8-96a0-f65f30700243 req-9f0eb56b-e28e-44a8-96a0-f65f30700243 ] Request (HypervisorAdminUnderV252Test:test_search_hypervisor): 200 GET http://10.180.1.21/compute/v2.1/os-hypervisors/domain-c8.fc996f14-c53b-4953-92e3-bdfa48f5cc28/search 3.491s
2025-04-16 22:09:17.071 68180 INFO tempest.lib.common.rest_client [req-58b472df-0305-4cc9-9155-ed1e3be9baec req-58b472df-0305-4cc9-9155-ed1e3be9baec ] Request (FlavorsExtraSpecsNegativeTestJSON:test_flavor_non_admin_set_keys): 403 POST http://10.180.1.21/compute/v2.1/flavors/64790031/os-extra_specs 3.408s
2025-04-16 22:09:17.091 68210 INFO tempest.lib.common.rest_client [req-69d9194a-79f2-4e41-a5b3-38e05f84eb08 req-69d9194a-79f2-4e41-a5b3-38e05f84eb08 ] Request (SecurityGroupsTestAdminJSON:setUpClass): 204 PUT http://10.180.1.21/identity/v3/projects/d6ea742d36f843bbb881b8c8c83884c1/users/4e484cdf88564aeaa7f82efa5036a800/roles/ba1e7876f30f4045b69c18dab2635c17 0.037s
2025-04-16 22:09:17.092 68210 INFO tempest.lib.common.dynamic_creds [-] Dynamic test user 4e484cdf88564aeaa7f82efa5036a800 is created with scope project and roles: ['admin']
2025-04-16 22:09:17.093 68210 INFO tempest.lib.common.dynamic_creds [-] Acquired dynamic creds: credentials: Credentials: {'domain_id': 'default', 'domain_name': 'Default', 'username': 'tempest-SecurityGroupsTestAdminJSON-1221354082-project-admin', 'project_domain_id': 'default', 'project_domain_name': 'Default', 'project_id': 'd6ea742d36f843bbb881b8c8c83884c1', 'project_name': 'tempest-SecurityGroupsTestAdminJSON-1221354082', 'tenant_id': 'd6ea742d36f843bbb881b8c8c83884c1', 'tenant_name': 'tempest-SecurityGroupsTestAdminJSON-1221354082', 'user_domain_id': 'default', 'user_domain_name': 'Default', 'user_id': '4e484cdf88564aeaa7f82efa5036a800', 'system': None}, Network: None, Subnet: None, Router: None
2025-04-16 22:09:17.093 68210 INFO tempest.lib.common.dynamic_creds [-] Created isolated network resources for: credentials: Credentials: {'domain_id': 'default', 'domain_name': 'Default', 'username': 'tempest-SecurityGroupsTestAdminJSON-1221354082-project-admin', 'project_domain_id': 'default', 'project_domain_name': 'Default', 'project_id': 'd6ea742d36f843bbb881b8c8c83884c1', 'project_name': 'tempest-SecurityGroupsTestAdminJSON-1221354082', 'tenant_id': 'd6ea742d36f843bbb881b8c8c83884c1', 'tenant_name': 'tempest-SecurityGroupsTestAdminJSON-1221354082', 'user_domain_id': 'default', 'user_domain_name': 'Default', 'user_id': '4e484cdf88564aeaa7f82efa5036a800', 'system': None}, Network: None, Subnet: None, Router: None
2025-04-16 22:09:17.140 68222 INFO tempest.lib.common.rest_client [req-4c4f0166-4cc6-46cc-bf92-037b2ec0c064 req-4c4f0166-4cc6-46cc-bf92-037b2ec0c064 ] Request (ServersTestMultiNic:setUpClass): 201 POST http://10.180.1.21:9696/networking/v2.0/networks 1.397s
2025-04-16 22:09:17.141 68204 INFO tempest.lib.common.rest_client [req-f5443ea1-6dec-474d-bfcb-6c21498dd076 req-f5443ea1-6dec-474d-bfcb-6c21498dd076 ] Request (InstanceUsageAuditLogNegativeTestJSON:tearDownClass): 204 DELETE http://10.180.1.21/identity/v3/users/8c7861bcb33440fbb42255f15ce0cbfa 0.120s
2025-04-16 22:09:17.211 68210 INFO tempest.lib.common.rest_client [req-21dad71e-b1de-49c5-85db-492d36969ae2 req-21dad71e-b1de-49c5-85db-492d36969ae2 ] Request (SecurityGroupsTestAdminJSON:setUpClass): 201 POST http://10.180.1.21/identity/v3/auth/tokens 0.116s
2025-04-16 22:09:17.240 68178 INFO tempest.lib.common.rest_client [req-96927d97-2350-468d-bfd5-51bd53396f95 req-96927d97-2350-468d-bfd5-51bd53396f95 ] Request (HypervisorAdminUnderV252Test:tearDownClass): 204 DELETE http://10.180.1.21/identity/v3/users/8dc550a73f4e48da82293f92a315d95e 0.172s
2025-04-16 22:09:17.351 68204 INFO tempest.lib.common.rest_client [req-f1549ec3-45f2-492b-9a37-b4e1e6a3078a req-f1549ec3-45f2-492b-9a37-b4e1e6a3078a ] Request (InstanceUsageAuditLogNegativeTestJSON:tearDownClass): 204 DELETE http://10.180.1.21/identity/v3/users/e4fdb96a8d5b4cf79eb7e994efdea213 0.210s
2025-04-16 22:09:17.352 68204 INFO tempest.lib.common.dynamic_creds [-] Deleting project and security group for project: 1a62dfe5941743019711404bf573ed50
2025-04-16 22:09:17.367 68178 INFO tempest.lib.common.rest_client [req-30b9530f-f67d-4908-8cbd-fbcb22ef7773 req-30b9530f-f67d-4908-8cbd-fbcb22ef7773 ] Request (HypervisorAdminUnderV252Test:tearDownClass): 204 DELETE http://10.180.1.21/identity/v3/users/f26c0d5fbdb248cdb260bbf3cb88c7f3 0.126s
2025-04-16 22:09:17.367 68178 INFO tempest.lib.common.dynamic_creds [-] Deleting project and security group for project: 0dd2cbb9be3b4cf5a5e5803c8851f2ed
2025-04-16 22:09:17.433 68204 INFO tempest.lib.common.rest_client [req-fafa446c-91c7-496b-9e87-1b7d159bc34d req-fafa446c-91c7-496b-9e87-1b7d159bc34d ] Request (InstanceUsageAuditLogNegativeTestJSON:tearDownClass): 201 POST http://10.180.1.21/identity/v3/auth/tokens 0.081s
2025-04-16 22:09:17.449 68184 INFO tempest.lib.common.rest_client [req-0dfb4a82-c1f4-4af5-9d8a-650495555bc7 req-0dfb4a82-c1f4-4af5-9d8a-650495555bc7 ] Request (QuotasAdminTestV257:tearDownClass): 204 DELETE http://10.180.1.21:9696/networking/v2.0/security-groups/e4e15969-06d3-4780-a328-c8d3e1b6915e 0.519s
2025-04-16 22:09:17.460 68178 INFO tempest.lib.common.rest_client [req-1413ab7d-1968-4625-86ce-aaa4f0670d72 req-1413ab7d-1968-4625-86ce-aaa4f0670d72 ] Request (HypervisorAdminUnderV252Test:tearDownClass): 201 POST http://10.180.1.21/identity/v3/auth/tokens 0.092s
2025-04-16 22:09:17.530 68184 INFO tempest.lib.common.rest_client [req-71308833-cd90-4f3a-bd06-045bcb7bad9d req-71308833-cd90-4f3a-bd06-045bcb7bad9d ] Request (QuotasAdminTestV257:tearDownClass): 204 DELETE http://10.180.1.21/identity/v3/projects/5719bc2d319e4478a9e3f6bf156dcea0 0.081s
2025-04-16 22:09:17.537 68190 INFO tempest.lib.common.rest_client [req-506b9ff9-356b-4bc9-b6e5-9f8d6b468be6 req-506b9ff9-356b-4bc9-b6e5-9f8d6b468be6 ] Request (AggregatesAdminNegativeTestJSON:test_aggregate_add_existent_host): 200 POST http://10.180.1.21/compute/v2.1/os-aggregates/1/action 3.839s
2025-04-16 22:09:17.645 68184 INFO tempest.lib.common.rest_client [req-b895009e-a5f3-41de-bc52-50e17d6d648a req-b895009e-a5f3-41de-bc52-50e17d6d648a ] Request (ImagesNegativeTestJSON:setUpClass): 201 POST http://10.180.1.21/identity/v3/auth/tokens 0.112s
2025-04-16 22:09:17.681 68218 INFO tempest.lib.common.rest_client [req-57ed09a5-445b-4cbc-947e-e1a137c4f6c4 req-57ed09a5-445b-4cbc-947e-e1a137c4f6c4 ] Request (VolumesAssistedSnapshotsTest:setUpClass): 201 POST http://10.180.1.21:9696/networking/v2.0/networks 1.223s
2025-04-16 22:09:17.689 68184 INFO tempest.lib.common.rest_client [req-d621ae80-2ad3-4394-95b7-aec5bacf71a5 req-d621ae80-2ad3-4394-95b7-aec5bacf71a5 ] Request (ImagesNegativeTestJSON:setUpClass): 201 POST http://10.180.1.21/identity/v3/auth/tokens 0.041s
2025-04-16 22:09:17.716 68184 INFO tempest.lib.common.rest_client [req-63699309-0b4c-4e02-8c09-81f904653988 req-63699309-0b4c-4e02-8c09-81f904653988 ] Request (ImagesNegativeTestJSON:setUpClass): 200 GET http://10.180.1.21/identity/v3/domains?name=Default 0.026s
2025-04-16 22:09:17.748 68184 INFO tempest.lib.common.rest_client [req-9b634811-54fc-4329-b889-18c243fdad9e req-9b634811-54fc-4329-b889-18c243fdad9e ] Request (ImagesNegativeTestJSON:setUpClass): 201 POST http://10.180.1.21/identity/v3/projects 0.030s
2025-04-16 22:09:17.765 68237 INFO tempest.lib.common.rest_client [req-14930e50-8aaf-4e03-8f58-574d58c75be1 req-14930e50-8aaf-4e03-8f58-574d58c75be1 ] Request (FlavorsExtraSpecsTestJSON:test_flavor_non_admin_get_all_keys): 200 GET http://10.180.1.21/compute/v2.1/flavors/878270818/os-extra_specs 4.031s
2025-04-16 22:09:17.812 68184 INFO tempest.lib.common.rest_client [req-00643bf7-633b-4767-9af0-ee23afe76c59 req-00643bf7-633b-4767-9af0-ee23afe76c59 ] Request (ImagesNegativeTestJSON:setUpClass): 201 POST http://10.180.1.21/identity/v3/users 0.063s
2025-04-16 22:09:17.839 68184 INFO tempest.lib.common.rest_client [req-1c4f09c9-e25c-4512-b317-0badae5dad1a req-1c4f09c9-e25c-4512-b317-0badae5dad1a ] Request (ImagesNegativeTestJSON:setUpClass): 200 GET http://10.180.1.21/identity/v3/roles 0.026s
2025-04-16 22:09:17.889 68184 INFO tempest.lib.common.rest_client [req-1a3d7abf-c059-4c62-a593-4f65b8dd046f req-1a3d7abf-c059-4c62-a593-4f65b8dd046f ] Request (ImagesNegativeTestJSON:setUpClass): 204 PUT http://10.180.1.21/identity/v3/projects/973f7550e4e84a51b7bde37eadcb6d38/users/c8a53f3f69eb4bb6aed6ada53b563c5c/roles/0d1ae8353af043979e65e86787dfaa9c 0.049s
2025-04-16 22:09:17.889 68184 INFO tempest.lib.common.dynamic_creds [-] Dynamic test user c8a53f3f69eb4bb6aed6ada53b563c5c is created with scope project and roles: ['member']
2025-04-16 22:09:17.889 68184 INFO tempest.lib.common.dynamic_creds [-] Acquired dynamic creds: credentials: Credentials: {'domain_id': 'default', 'domain_name': 'Default', 'username': 'tempest-ImagesNegativeTestJSON-1293308713-project-member', 'project_domain_id': 'default', 'project_domain_name': 'Default', 'project_id': '973f7550e4e84a51b7bde37eadcb6d38', 'project_name': 'tempest-ImagesNegativeTestJSON-1293308713', 'tenant_id': '973f7550e4e84a51b7bde37eadcb6d38', 'tenant_name': 'tempest-ImagesNegativeTestJSON-1293308713', 'user_domain_id': 'default', 'user_domain_name': 'Default', 'user_id': 'c8a53f3f69eb4bb6aed6ada53b563c5c', 'system': None}, Network: None, Subnet: None, Router: None
2025-04-16 22:09:17.925 68214 INFO tempest.lib.common.rest_client [req-154bde5b-3e07-4002-b61c-d6dc9f2894f0 req-154bde5b-3e07-4002-b61c-d6dc9f2894f0 ] Request (QuotaClassesAdmin257Test:test_update_default_quotas): 200 GET http://10.180.1.21/compute/v2.1/os-quota-class-sets/default 3.946s
2025-04-16 22:09:17.979 68206 INFO tempest.lib.common.rest_client [req-0c5277d5-840a-47f5-8e96-048f7dbd2f87 req-0c5277d5-840a-47f5-8e96-048f7dbd2f87 ] Request (ServersWithSpecificFlavorTestJSON:setUpClass): 201 POST http://10.180.1.21:9696/networking/v2.0/subnets 1.349s
2025-04-16 22:09:17.988 68184 INFO tempest.lib.common.rest_client [req-3693b07c-47c3-425e-bd0b-1189dc6f14a6 req-3693b07c-47c3-425e-bd0b-1189dc6f14a6 ] Request (ImagesNegativeTestJSON:setUpClass): 201 POST http://10.180.1.21/identity/v3/auth/tokens 0.098s
2025-04-16 22:09:18.422 68178 INFO tempest.lib.common.rest_client [req-e3ff5bc2-5d76-4012-8bfe-1335d954cf5f req-e3ff5bc2-5d76-4012-8bfe-1335d954cf5f ] Request (HypervisorAdminUnderV252Test:tearDownClass): 200 GET http://10.180.1.21:9696/networking/v2.0/security-groups?tenant_id=0dd2cbb9be3b4cf5a5e5803c8851f2ed&name=default 0.962s
2025-04-16 22:09:18.553 68222 INFO tempest.lib.common.rest_client [req-ecf5191d-e902-404f-99dc-de73f81bfd02 req-ecf5191d-e902-404f-99dc-de73f81bfd02 ] Request (ServersTestMultiNic:setUpClass): 201 POST http://10.180.1.21:9696/networking/v2.0/subnets 1.412s
2025-04-16 22:09:18.574 68204 INFO tempest.lib.common.rest_client [req-af6729f8-8f54-4822-9be9-054aead249ec req-af6729f8-8f54-4822-9be9-054aead249ec ] Request (InstanceUsageAuditLogNegativeTestJSON:tearDownClass): 200 GET http://10.180.1.21:9696/networking/v2.0/security-groups?tenant_id=1a62dfe5941743019711404bf573ed50&name=default 1.141s
2025-04-16 22:09:18.649 68202 INFO tempest.lib.common.rest_client [req-01de7e93-bb92-4b98-bcef-87ff5712717d req-01de7e93-bb92-4b98-bcef-87ff5712717d ] Request (ServerExternalEventsTest:test_create_server_external_events): 200 GET http://10.180.1.21/compute/v2.1/servers/267a1016-410e-4097-9523-6fcafc5f4eb0 4.571s
2025-04-16 22:09:18.660 68224 INFO tempest.lib.common.rest_client [req-63cbb582-ec85-46c5-a554-f500ef023d97 req-63cbb582-ec85-46c5-a554-f500ef023d97 ] Request (HypervisorAdminNegativeUnderV252Test:test_search_nonexistent_hypervisor): 404 GET http://10.180.1.21/compute/v2.1/os-hypervisors/nonexistent_hypervisor_name/search 4.217s
2025-04-16 22:09:18.681 68240 INFO tempest.lib.common.rest_client [req-537879c6-6c3e-4c38-9d65-26407d37bc65 req-537879c6-6c3e-4c38-9d65-26407d37bc65 ] Request (FlavorsV261TestJSON:test_crud_flavor): 200 PUT http://10.180.1.21/compute/v2.1/flavors/989581532 3.998s
2025-04-16 22:09:19.026 68226 INFO tempest.lib.common.rest_client [req-85326320-deb0-4eeb-b5e8-1c24304d762a req-85326320-deb0-4eeb-b5e8-1c24304d762a ] Request (FloatingIPsTestJSON:test_allocate_floating_ip): 200 POST http://10.180.1.21/compute/v2.1/os-floating-ips 7.415s
2025-04-16 22:09:19.104 68218 INFO tempest.lib.common.rest_client [req-f25456c4-23c9-4b2d-ae4d-9ec8a2679475 req-f25456c4-23c9-4b2d-ae4d-9ec8a2679475 ] Request (VolumesAssistedSnapshotsTest:setUpClass): 201 POST http://10.180.1.21:9696/networking/v2.0/subnets 1.423s
2025-04-16 22:09:19.155 68204 INFO tempest.lib.common.rest_client [req-747fbd90-9494-45f8-9017-1c08a485ab21 req-747fbd90-9494-45f8-9017-1c08a485ab21 ] Request (InstanceUsageAuditLogNegativeTestJSON:tearDownClass): 204 DELETE http://10.180.1.21:9696/networking/v2.0/security-groups/c02424fd-ef18-42f1-af9b-594e571330d6 0.580s
2025-04-16 22:09:19.233 68204 INFO tempest.lib.common.rest_client [req-18340ec0-0540-4880-ba90-641bb839a7a5 req-18340ec0-0540-4880-ba90-641bb839a7a5 ] Request (InstanceUsageAuditLogNegativeTestJSON:tearDownClass): 204 DELETE http://10.180.1.21/identity/v3/projects/1a62dfe5941743019711404bf573ed50 0.077s
2025-04-16 22:09:19.233 68204 INFO tempest.lib.common.dynamic_creds [-] Deleting project and security group for project: e6f44a7e329c423cbf55df8c0ea337e0
2025-04-16 22:09:19.327 68178 INFO tempest.lib.common.rest_client [req-3bac204b-8e53-4646-bb0e-78e74b7ed764 req-3bac204b-8e53-4646-bb0e-78e74b7ed764 ] Request (HypervisorAdminUnderV252Test:tearDownClass): 204 DELETE http://10.180.1.21:9696/networking/v2.0/security-groups/0c2b6e37-2a18-4b10-9ed9-ae4cc1c913d1 0.905s
2025-04-16 22:09:19.426 68178 INFO tempest.lib.common.rest_client [req-7d5d49dc-cd78-42da-b4f6-d9adf8695454 req-7d5d49dc-cd78-42da-b4f6-d9adf8695454 ] Request (HypervisorAdminUnderV252Test:tearDownClass): 204 DELETE http://10.180.1.21/identity/v3/projects/0dd2cbb9be3b4cf5a5e5803c8851f2ed 0.098s
2025-04-16 22:09:19.426 68178 INFO tempest.lib.common.dynamic_creds [-] Deleting project and security group for project: 647729dc51b046ac9747b99e94adb016
2025-04-16 22:09:19.508 68184 INFO tempest.lib.common.rest_client [req-b59a9011-8d18-4b1f-80a3-1025b57c2074 req-b59a9011-8d18-4b1f-80a3-1025b57c2074 ] Request (ImagesNegativeTestJSON:setUpClass): 201 POST http://10.180.1.21:9696/networking/v2.0/networks 1.519s
2025-04-16 22:09:19.582 68234 INFO tempest.lib.common.rest_client [req-aa898041-1d4e-4be3-acc8-e5146e84b390 req-aa898041-1d4e-4be3-acc8-e5146e84b390 ] Request (ImagesTestJSON:test_create_image_from_stopped_server): 200 GET http://10.180.1.21/compute/v2.1/servers/195a4a1e-3da7-4a69-a679-869346368195 4.092s
2025-04-16 22:09:19.750 68230 INFO tempest.lib.common.rest_client [req-5ef24ad1-a03e-4310-a86b-f82d6c0afa04 req-5ef24ad1-a03e-4310-a86b-f82d6c0afa04 ] Request (QuotasAdminNegativeTest:test_create_server_when_cpu_quota_is_full): 403 POST http://10.180.1.21/compute/v2.1/servers 4.129s
2025-04-16 22:09:19.758 68208 INFO tempest.lib.common.rest_client [req-904e7866-9139-4647-8d65-50cd646282fb req-904e7866-9139-4647-8d65-50cd646282fb ] Request (HostsAdminNegativeTestJSON:test_reboot_host_with_non_admin_user): 403 GET http://10.180.1.21/compute/v2.1/os-hosts/devstack/reboot 3.948s
2025-04-16 22:09:19.780 68204 INFO tempest.lib.common.rest_client [req-1c73a631-d6ef-493d-ab8f-c64b08bbb340 req-1c73a631-d6ef-493d-ab8f-c64b08bbb340 ] Request (InstanceUsageAuditLogNegativeTestJSON:tearDownClass): 200 GET http://10.180.1.21:9696/networking/v2.0/security-groups?tenant_id=e6f44a7e329c423cbf55df8c0ea337e0&name=default 0.547s
2025-04-16 22:09:19.791 68238 INFO tempest.lib.common.rest_client [req-fbac3cc0-c2bc-4159-99e5-cb275fef23b4 req-fbac3cc0-c2bc-4159-99e5-cb275fef23b4 ] Request (FlavorMetadataValidation:_run_cleanups): 202 DELETE http://10.180.1.21/compute/v2.1/flavors/1248384100 3.881s
2025-04-16 22:09:19.803 68228 INFO tempest.lib.common.rest_client [req-dc3ab225-b847-4fe5-a3c3-4b33dd69eb40 req-dc3ab225-b847-4fe5-a3c3-4b33dd69eb40 ] Request (FlavorsAccessTestJSON:test_flavor_access_add_remove): 200 GET http://10.180.1.21/compute/v2.1/flavors/detail 4.086s
2025-04-16 22:09:19.817 68232 INFO tempest.lib.common.rest_client [req-b80a3735-4b0b-433c-8849-2407b2d1a457 req-b80a3735-4b0b-433c-8849-2407b2d1a457 ] Request (ValidationResourcesFixture:setUp): 201 POST http://10.180.1.21:9696/networking/v2.0/floatingips 2.871s
2025-04-16 22:09:19.826 68194 INFO tempest.lib.common.rest_client [req-e6881d27-41a4-4656-82d8-5c17631422a4 req-e6881d27-41a4-4656-82d8-5c17631422a4 ] Request (ServicesAdminNegativeTestJSON:test_get_service_by_invalid_service_and_valid_host): 200 GET http://10.180.1.21/compute/v2.1/os-services 3.877s
2025-04-16 22:09:19.833 68212 INFO tempest.lib.common.rest_client [req-f5ceef5b-30f9-47ad-8bc4-a8a3d3f15ded req-f5ceef5b-30f9-47ad-8bc4-a8a3d3f15ded ] Request (FlavorsV255TestJSON:test_crud_flavor): 200 GET http://10.180.1.21/compute/v2.1/flavors/detail 3.860s
2025-04-16 22:09:19.834 68198 INFO tempest.lib.common.rest_client [req-5bbf7a41-08d8-48ee-9198-fc13a55118e0 req-5bbf7a41-08d8-48ee-9198-fc13a55118e0 ] Request (HypervisorAdminNegativeTestJSON:test_get_hypervisor_uptime_with_non_admin_user): 403 GET http://10.180.1.21/compute/v2.1/os-hypervisors/1/uptime 3.222s
2025-04-16 22:09:19.846 68200 INFO tempest.lib.common.rest_client [req-bf381057-7db1-420a-971b-d4281b9ebeec req-bf381057-7db1-420a-971b-d4281b9ebeec ] Request (FlavorsAccessNegativeTestJSON:test_flavor_access_list_with_public_flavor): 200 POST http://10.180.1.21/compute/v2.1/flavors 3.370s
2025-04-16 22:09:19.870 68196 INFO tempest.lib.common.rest_client [req-ceb49547-5d10-4446-89de-1da1a41d787e req-ceb49547-5d10-4446-89de-1da1a41d787e ] Request (FlavorsV2TestJSON:test_list_flavors_detailed_using_marker): 200 GET http://10.180.1.21/compute/v2.1/flavors/detail?marker=42 3.248s
2025-04-16 22:09:19.870 68192 INFO tempest.lib.common.rest_client [req-e8bf5097-063e-4f6d-9fbc-7dd292fba321 req-e8bf5097-063e-4f6d-9fbc-7dd292fba321 ] Request (FlavorsAdminTestJSON:test_create_flavor_verify_entry_in_list_details): 200 POST http://10.180.1.21/compute/v2.1/flavors 2.822s
2025-04-16 22:09:19.894 68180 INFO tempest.lib.common.rest_client [req-52670ed9-6cfd-4065-904c-fcb56a8113ba req-52670ed9-6cfd-4065-904c-fcb56a8113ba ] Request (FlavorsExtraSpecsNegativeTestJSON:test_flavor_non_admin_unset_keys): 200 POST http://10.180.1.21/compute/v2.1/flavors/64790031/os-extra_specs 2.822s
2025-04-16 22:09:19.932 68232 INFO tempest.lib.common.rest_client [req-46769b72-6d31-4fcf-bb19-fcfd7860a7af req-46769b72-6d31-4fcf-bb19-fcfd7860a7af ] Request (AttachInterfacesUnderV243Test:test_add_remove_fixed_ip): 201 POST http://10.180.1.21/identity/v3/auth/tokens 0.068s
2025-04-16 22:09:19.933 68232 INFO tempest.lib.common.fixed_network [-] (AttachInterfacesUnderV243Test:test_add_remove_fixed_ip) Found network {'id': 'ee680f55-4f5e-4b19-8b86-905c0110eca6', 'name': 'tempest-AttachInterfacesUnderV243Test-626501513-network', 'tenant_id': 'f54b1e55adf64b4c84219f033093c126', 'admin_state_up': True, 'mtu': 8950, 'status': 'ACTIVE', 'subnets': [], 'shared': False, 'project_id': 'f54b1e55adf64b4c84219f033093c126', 'port_security_enabled': True, 'router:external': False, 'provider:network_type': 'vlan', 'provider:physical_network': 'default', 'provider:segmentation_id': 465, 'is_default': False, 'availability_zone_hints': [], 'availability_zones': [], 'ipv4_address_scope': None, 'ipv6_address_scope': None, 'description': '', 'tags': [], 'created_at': '2025-04-16T22:09:06Z', 'updated_at': '2025-04-16T22:09:06Z', 'revision_number': 1} available for tenant
2025-04-16 22:09:20.158 68178 INFO tempest.lib.common.rest_client [req-4847fcdb-3391-4763-884e-d7b570dc2247 req-4847fcdb-3391-4763-884e-d7b570dc2247 ] Request (HypervisorAdminUnderV252Test:tearDownClass): 200 GET http://10.180.1.21:9696/networking/v2.0/security-groups?tenant_id=647729dc51b046ac9747b99e94adb016&name=default 0.731s
2025-04-16 22:09:20.462 68216 INFO tempest.lib.common.rest_client [req-1ba6b9a3-bcc3-43d8-9cd5-0eb60f7e3225 req-1ba6b9a3-bcc3-43d8-9cd5-0eb60f7e3225 ] Request (ServersAdminNegativeTestJSON:setUpClass): 200 GET http://10.180.1.21/compute/v2.1/servers/91d5024f-9eac-4a56-b08f-c0f6a7eda775 3.135s
2025-04-16 22:09:20.479 68204 INFO tempest.lib.common.rest_client [req-311c3cae-94a2-4117-ae9d-047c5bac8d21 req-311c3cae-94a2-4117-ae9d-047c5bac8d21 ] Request (InstanceUsageAuditLogNegativeTestJSON:tearDownClass): 204 DELETE http://10.180.1.21:9696/networking/v2.0/security-groups/c2b43e64-1e21-4c70-8d16-d9d96a946db4 0.698s
2025-04-16 22:09:20.607 68204 INFO tempest.lib.common.rest_client [req-857634cd-de5b-42fb-b9d2-e3542c9c8c67 req-857634cd-de5b-42fb-b9d2-e3542c9c8c67 ] Request (InstanceUsageAuditLogNegativeTestJSON:tearDownClass): 204 DELETE http://10.180.1.21/identity/v3/projects/e6f44a7e329c423cbf55df8c0ea337e0 0.128s
2025-04-16 22:09:20.677 68204 INFO tempest.lib.common.rest_client [req-8cab5648-ed35-40a1-99d3-37046de27e73 req-8cab5648-ed35-40a1-99d3-37046de27e73 ] Request (KeyPairsV22TestJSON:setUpClass): 201 POST http://10.180.1.21/identity/v3/auth/tokens 0.067s
2025-04-16 22:09:20.709 68204 INFO tempest.lib.common.rest_client [req-d9fea8c1-b221-45a9-99db-3eb92fc08790 req-d9fea8c1-b221-45a9-99db-3eb92fc08790 ] Request (KeyPairsV22TestJSON:setUpClass): 201 POST http://10.180.1.21/identity/v3/auth/tokens 0.027s
2025-04-16 22:09:20.741 68204 INFO tempest.lib.common.rest_client [req-f2d91c30-31ab-4cd5-8c8d-f42b5c5ba902 req-f2d91c30-31ab-4cd5-8c8d-f42b5c5ba902 ] Request (KeyPairsV22TestJSON:setUpClass): 200 GET http://10.180.1.21/identity/v3/domains?name=Default 0.031s
