2025-04-16 22:10:20.945 68220 INFO tempest.lib.common.fixed_network [-] (VolumesAdminNegativeTest:test_update_attached_volume_with_nonexistent_volume_in_body) Found network {'id': '0eb40f03-d474-4f71-bf53-d1483759dd5a', 'name': 'tempest-VolumesAdminNegativeTest-1866817727-network', 'tenant_id': '8da9d2d9645b4303b702f4a882844e35', 'admin_state_up': True, 'mtu': 8950, 'status': 'ACTIVE', 'subnets': [], 'shared': False, 'project_id': '8da9d2d9645b4303b702f4a882844e35', 'port_security_enabled': True, 'router:external': False, 'provider:network_type': 'vlan', 'provider:physical_network': 'default', 'provider:segmentation_id': 346, 'is_default': False, 'availability_zone_hints': [], 'availability_zones': [], 'ipv4_address_scope': None, 'ipv6_address_scope': None, 'description': '', 'tags': [], 'created_at': '2025-04-16T22:10:07Z', 'updated_at': '2025-04-16T22:10:07Z', 'revision_number': 1} available for tenant
2025-04-16 22:10:21.233 68188 INFO tempest.lib.common.rest_client [req-bd7efb35-b32d-4797-a30a-fbe63f726442 req-bd7efb35-b32d-4797-a30a-fbe63f726442 ] Request (InstanceActionsTestJSON:setUpClass): 204 DELETE http://10.180.1.21/compute/v2.1/servers/6b16f08c-a470-4a9b-8096-05cec2e960cf 1.868s
2025-04-16 22:10:21.302 68238 INFO tempest.lib.common.rest_client [req-e3a0fb65-59e5-4edc-965a-07ea52c4bbf1 req-e3a0fb65-59e5-4edc-965a-07ea52c4bbf1 ] Request (ValidationResourcesFixture:setUp): 200 POST http://10.180.1.21/compute/v2.1/os-keypairs 1.831s
2025-04-16 22:10:21.433 68182 INFO tempest.lib.common.rest_client [req-dedca288-a72c-49f5-b373-85190e234c66 req-dedca288-a72c-49f5-b373-85190e234c66 ] Request (ServerDiagnosticsNegativeTest:test_get_server_diagnostics_by_non_admin): 200 GET http://10.180.1.21/compute/v2.1/servers/7c092e03-5f1d-4e4a-98ca-8e6abddb3cdb 1.894s
2025-04-16 22:10:21.448 68238 INFO tempest.lib.common.rest_client [req-198cefb2-f8af-467b-bf46-cdf5f37cae84 req-198cefb2-f8af-467b-bf46-cdf5f37cae84 ] Request (ValidationResourcesFixture:setUp): 201 POST http://10.180.1.21:9696/networking/v2.0/security-groups 0.144s
2025-04-16 22:10:21.453 68192 INFO tempest.lib.common.rest_client [req-c18811fe-bda2-4540-958c-ea6fa5c7eaeb req-c18811fe-bda2-4540-958c-ea6fa5c7eaeb ] Request (FlavorsAdminTestJSON:test_is_public_string_variations): 200 GET http://10.180.1.21/compute/v2.1/flavors/detail?is_public=1 1.875s
2025-04-16 22:10:21.589 68238 INFO tempest.lib.common.rest_client [req-101c62fd-b7a3-4bb9-8f69-26e27224cfe6 req-101c62fd-b7a3-4bb9-8f69-26e27224cfe6 ] Request (ValidationResourcesFixture:setUp): 201 POST http://10.180.1.21:9696/networking/v2.0/security-group-rules 0.141s
2025-04-16 22:10:21.644 68218 INFO tempest.lib.common.rest_client [req-51070669-a239-4cd2-9caa-7202c9849749 req-51070669-a239-4cd2-9caa-7202c9849749 ] Request (VolumesAssistedSnapshotsTest:test_volume_assisted_snapshot_create_delete): 200 GET http://10.180.1.21/compute/v2.1/servers/9085d0d1-bb7f-4bdd-b6a7-a550fe97ffda 2.061s
2025-04-16 22:10:21.734 68224 INFO tempest.lib.common.rest_client [req-4fd33ba8-7ac9-4b58-95c3-1ec7f687f277 req-4fd33ba8-7ac9-4b58-95c3-1ec7f687f277 ] Request (ServerGroupTestJSON:test_create_server_with_scheduler_hint_group): 200 GET http://10.180.1.21/compute/v2.1/servers/de1d5572-b82d-4edc-9c7e-a7e26c45a090 2.123s
2025-04-16 22:10:21.738 68238 INFO tempest.lib.common.rest_client [req-683e3d97-e8de-4571-8384-55f60f8f11f5 req-683e3d97-e8de-4571-8384-55f60f8f11f5 ] Request (ValidationResourcesFixture:setUp): 201 POST http://10.180.1.21:9696/networking/v2.0/security-group-rules 0.148s
2025-04-16 22:10:21.818 68204 INFO tempest.lib.common.rest_client [req-7b072f76-43f7-4b64-ac81-c288c1291290 req-7b072f76-43f7-4b64-ac81-c288c1291290 ] Request (ServersTestFqdnHostnames:test_create_server_with_fqdn_name): 200 GET http://10.180.1.21/compute/v2.1/servers/8d2a9e20-82d3-44cf-a725-59804debe1cc 2.179s
2025-04-16 22:10:21.909 68186 INFO tempest.lib.common.rest_client [req-903b8c8a-e8bb-4076-a4c9-50cf6e2f6cbb req-903b8c8a-e8bb-4076-a4c9-50cf6e2f6cbb ] Request (ServerAddressesTestJSON:setUpClass): 202 POST http://10.180.1.21/compute/v2.1/servers 2.718s
2025-04-16 22:10:21.954 68240 INFO tempest.lib.common.rest_client [req-e89438d4-a762-4c0c-9052-067b6f97a965 req-e89438d4-a762-4c0c-9052-067b6f97a965 ] Request (SecurityGroupRulesNegativeTestJSON:tearDownClass): 204 DELETE http://10.180.1.21:9696/networking/v2.0/routers/70ed4364-ee76-48ac-92cd-d4f3379d328e 1.421s
2025-04-16 22:10:22.040 68206 INFO tempest.lib.common.rest_client [req-bd0cd3b0-1084-4e98-ad8b-d65ae1e5b789 req-bd0cd3b0-1084-4e98-ad8b-d65ae1e5b789 ] Request (ServersWithSpecificFlavorTestJSON:test_verify_created_server_ephemeral_disk): 200 GET http://10.180.1.21/compute/v2.1/servers/35b19ccb-4996-47a7-b1a7-6ffc9dd867ee 2.153s
2025-04-16 22:10:22.065 68190 INFO tempest.lib.common.rest_client [req-87ae5919-fe1d-4942-b695-0e2310e4a67d req-87ae5919-fe1d-4942-b695-0e2310e4a67d ] Request (AggregatesAdminNegativeTestJSON:_run_cleanups): 200 DELETE http://10.180.1.21/compute/v2.1/os-aggregates/8 2.155s
2025-04-16 22:10:22.110 68216 INFO tempest.lib.common.rest_client [req-7a3bda83-d0a0-4cd5-a3f8-b970e850fdce req-7a3bda83-d0a0-4cd5-a3f8-b970e850fdce ] Request (ServersAdminNegativeTestJSON:setUpClass): 200 GET http://10.180.1.21/compute/v2.1/servers/91d5024f-9eac-4a56-b08f-c0f6a7eda775 2.290s
2025-04-16 22:10:22.174 68196 INFO tempest.lib.common.rest_client [req-c145bb45-676a-44be-8a78-8961b25de8e2 req-c145bb45-676a-44be-8a78-8961b25de8e2 ] Request (ServersTestManualDisk:setUpClass): 200 GET http://10.180.1.21/compute/v2.1/servers/4cd5b80b-d1f4-4142-83fb-235523464667 2.104s
2025-04-16 22:10:22.211 68190 INFO tempest.lib.common.rest_client [req-42b0888c-71cf-4190-89e6-287aafca43d7 req-42b0888c-71cf-4190-89e6-287aafca43d7 ] Request (AggregatesAdminNegativeTestJSON:tearDownClass): 204 DELETE http://10.180.1.21/identity/v3/users/441c8e711a904f39b43de2b7fc574aa2 0.144s
2025-04-16 22:10:22.306 68190 INFO tempest.lib.common.rest_client [req-9e2a0fba-5d50-4ce8-a311-ac97aa8246a8 req-9e2a0fba-5d50-4ce8-a311-ac97aa8246a8 ] Request (AggregatesAdminNegativeTestJSON:tearDownClass): 204 DELETE http://10.180.1.21/identity/v3/users/4fb7211fcec94cf18ac32549019d80e6 0.095s
2025-04-16 22:10:22.307 68190 INFO tempest.lib.common.dynamic_creds [-] Deleting project and security group for project: cb152d7483c44b8cb15814b97ef2d160
2025-04-16 22:10:22.351 68180 INFO tempest.lib.common.rest_client [req-9c6dcb2e-4c33-4743-914a-ce773cb44209 req-9c6dcb2e-4c33-4743-914a-ce773cb44209 ] Request (ServerDiagnosticsTest:test_get_server_diagnostics): 200 GET http://10.180.1.21/compute/v2.1/servers/55dfe829-2e96-40d7-bef8-8e7556cbdab3 2.373s
2025-04-16 22:10:22.366 68190 INFO tempest.lib.common.rest_client [req-47948704-1ed4-4619-a7f9-79cb62829f10 req-47948704-1ed4-4619-a7f9-79cb62829f10 ] Request (AggregatesAdminNegativeTestJSON:tearDownClass): 201 POST http://10.180.1.21/identity/v3/auth/tokens 0.058s
2025-04-16 22:10:22.377 68200 INFO tempest.lib.common.rest_client [req-b2a310ac-8e34-4aae-9d1b-9cb6e8b7acc6 req-b2a310ac-8e34-4aae-9d1b-9cb6e8b7acc6 ] Request (ImagesDeleteNegativeTestJSON:test_delete_image_negative_image_id): 404 DELETE http://10.180.1.21/compute/v2.1/images/-1 1.904s
2025-04-16 22:10:22.467 68222 INFO tempest.lib.common.rest_client [req-5753a4c5-e996-40e2-a78e-72b762bff722 req-5753a4c5-e996-40e2-a78e-72b762bff722 ] Request (ServersTestMultiNic:test_verify_duplicate_network_nics): 200 GET http://10.180.1.21/compute/v2.1/servers/c29ae4c5-cc93-480c-8d60-96f6acba4346 2.233s
2025-04-16 22:10:22.583 68238 INFO tempest.lib.common.rest_client [req-9bb2ad7a-b3c2-42ee-bb4a-f011898694f7 req-9bb2ad7a-b3c2-42ee-bb4a-f011898694f7 ] Request (ValidationResourcesFixture:setUp): 201 POST http://10.180.1.21:9696/networking/v2.0/floatingips 0.844s
2025-04-16 22:10:22.597 68240 INFO tempest.lib.common.rest_client [req-f246d838-7313-47e0-8ad5-5b8b91caec42 req-f246d838-7313-47e0-8ad5-5b8b91caec42 ] Request (SecurityGroupRulesNegativeTestJSON:tearDownClass): 204 DELETE http://10.180.1.21:9696/networking/v2.0/subnets/aa03fe13-4cdc-466a-b4be-8dad38389dd8 0.642s
2025-04-16 22:10:22.622 68190 INFO tempest.lib.common.rest_client [req-cac22ed4-a23a-4a42-8405-6528a140db9b req-cac22ed4-a23a-4a42-8405-6528a140db9b ] Request (AggregatesAdminNegativeTestJSON:tearDownClass): 200 GET http://10.180.1.21:9696/networking/v2.0/security-groups?tenant_id=cb152d7483c44b8cb15814b97ef2d160&name=default 0.256s
2025-04-16 22:10:22.659 68238 INFO tempest.lib.common.rest_client [req-45cc75da-d51d-483a-bf82-a4a4f55177c9 req-45cc75da-d51d-483a-bf82-a4a4f55177c9 ] Request (AttachVolumeNegativeTest:test_attach_attached_volume_to_different_server): 201 POST http://10.180.1.21/identity/v3/auth/tokens 0.073s
2025-04-16 22:10:22.659 68238 INFO tempest.lib.common.fixed_network [-] (AttachVolumeNegativeTest:test_attach_attached_volume_to_different_server) Found network {'id': '198faf29-0459-40a4-a347-d262819d83a7', 'name': 'tempest-AttachVolumeNegativeTest-557201676-network', 'tenant_id': 'ebd16de8f22e474a8d1b4ad8574cd4d1', 'admin_state_up': True, 'mtu': 8950, 'status': 'ACTIVE', 'subnets': [], 'shared': False, 'project_id': 'ebd16de8f22e474a8d1b4ad8574cd4d1', 'port_security_enabled': True, 'router:external': False, 'provider:network_type': 'vlan', 'provider:physical_network': 'default', 'provider:segmentation_id': 658, 'is_default': False, 'availability_zone_hints': [], 'availability_zones': [], 'ipv4_address_scope': None, 'ipv6_address_scope': None, 'description': '', 'tags': [], 'created_at': '2025-04-16T22:10:13Z', 'updated_at': '2025-04-16T22:10:13Z', 'revision_number': 1} available for tenant
2025-04-16 22:10:22.736 68198 INFO tempest.lib.common.rest_client [req-b7adf97b-6a75-4b4b-a19c-3f418d5b1f98 req-b7adf97b-6a75-4b4b-a19c-3f418d5b1f98 ] Request (FloatingIPsAssociationTestJSON:setUpClass): 200 GET http://10.180.1.21/compute/v2.1/servers/913c5652-c8af-41a8-94f1-c0eba08aacdd 1.839s
2025-04-16 22:10:22.761 68190 INFO tempest.lib.common.rest_client [req-7377e0b3-efaf-434d-8b4a-2e43a94b02fb req-7377e0b3-efaf-434d-8b4a-2e43a94b02fb ] Request (AggregatesAdminNegativeTestJSON:tearDownClass): 204 DELETE http://10.180.1.21:9696/networking/v2.0/security-groups/404221a4-227c-48f3-a4d2-a7a68395d0af 0.139s
2025-04-16 22:10:22.853 68190 INFO tempest.lib.common.rest_client [req-b8cfd558-2e8b-41b3-8c12-ca9a05b4701a req-b8cfd558-2e8b-41b3-8c12-ca9a05b4701a ] Request (AggregatesAdminNegativeTestJSON:tearDownClass): 204 DELETE http://10.180.1.21/identity/v3/projects/cb152d7483c44b8cb15814b97ef2d160 0.091s
2025-04-16 22:10:22.853 68190 INFO tempest.lib.common.dynamic_creds [-] Deleting project and security group for project: a7f353ab9a17434bbfd4e32877ae8d7f
2025-04-16 22:10:22.974 68190 INFO tempest.lib.common.rest_client [req-4fde5f07-4901-4b06-b6d8-1a83c8c8d254 req-4fde5f07-4901-4b06-b6d8-1a83c8c8d254 ] Request (AggregatesAdminNegativeTestJSON:tearDownClass): 200 GET http://10.180.1.21:9696/networking/v2.0/security-groups?tenant_id=a7f353ab9a17434bbfd4e32877ae8d7f&name=default 0.120s
2025-04-16 22:10:23.017 68220 INFO tempest.lib.common.rest_client [req-06ca25cb-cd45-4102-b595-3289090f9f6e req-06ca25cb-cd45-4102-b595-3289090f9f6e ] Request (VolumesAdminNegativeTest:test_update_attached_volume_with_nonexistent_volume_in_body): 202 POST http://10.180.1.21/compute/v2.1/servers 2.071s
2025-04-16 22:10:23.083 68212 INFO tempest.lib.common.rest_client [req-e527a5ff-47b6-4c16-9aec-cf0550ba78e1 req-e527a5ff-47b6-4c16-9aec-cf0550ba78e1 ] Request (ServersTestBootFromVolume:setUpClass): 200 GET http://10.180.1.21/compute/v2.1/servers/f935bfef-3ca7-41fc-89be-c5c4e070a401 1.983s
2025-04-16 22:10:23.086 68202 INFO tempest.lib.common.rest_client [req-4727886e-eabb-41a1-b789-9f50fda21728 req-4727886e-eabb-41a1-b789-9f50fda21728 ] Request (ServerExternalEventsTest:test_create_server_external_events): 200 GET http://10.180.1.21/compute/v2.1/servers/267a1016-410e-4097-9523-6fcafc5f4eb0 2.088s
2025-04-16 22:10:23.107 68188 INFO tempest.lib.common.rest_client [req-a67479f0-c531-4355-9341-bf193257a2eb req-a67479f0-c531-4355-9341-bf193257a2eb ] Request (InstanceActionsTestJSON:setUpClass): 404 GET http://10.180.1.21/compute/v2.1/servers/6b16f08c-a470-4a9b-8096-05cec2e960cf 1.874s
2025-04-16 22:10:23.108 68188 INFO tempest.test [-] raised in InstanceActionsTestJSON.setUpClass. Invoking tearDownClass.
2025-04-16 22:10:23.155 68214 INFO tempest.lib.common.rest_client [req-454f0443-0cb6-45d8-824a-050da9252ef0 req-454f0443-0cb6-45d8-824a-050da9252ef0 ] Request (ServerDiskConfigTestJSON:test_rebuild_server_with_auto_disk_config): 200 GET http://10.180.1.21/compute/v2.1/servers/66d3ec66-244d-4ffa-bd6f-7067f8955e67 1.988s
2025-04-16 22:10:23.183 68208 INFO tempest.lib.common.rest_client [req-ffeb06fe-acce-4f76-9cea-73cd6c20ba81 req-ffeb06fe-acce-4f76-9cea-73cd6c20ba81 ] Request (ServerDiagnosticsV248Test:test_get_server_diagnostics): 200 GET http://10.180.1.21/compute/v2.1/servers/1589188b-8540-4afd-8050-ab47633593c0 1.921s
2025-04-16 22:10:23.201 68190 INFO tempest.lib.common.rest_client [req-723b06b3-31d1-4dde-aa42-08d70ae2abbc req-723b06b3-31d1-4dde-aa42-08d70ae2abbc ] Request (AggregatesAdminNegativeTestJSON:tearDownClass): 204 DELETE http://10.180.1.21:9696/networking/v2.0/security-groups/684af803-555e-449f-8b9b-2cd7e1a09945 0.227s
2025-04-16 22:10:23.256 68230 INFO tempest.lib.common.rest_client [req-ca05c3e1-0811-4934-b0a7-9086cc7c2a33 req-ca05c3e1-0811-4934-b0a7-9086cc7c2a33 ] Request (ServersAdmin275Test:test_rebuild_update_server_275): 200 GET http://10.180.1.21/compute/v2.1/servers/e1401ec0-00f4-42fc-b8e5-a3b45fae3bcf 1.902s
2025-04-16 22:10:23.327 68210 INFO tempest.lib.common.rest_client [req-b02eea23-eb54-496c-9cc2-5bcb58f9b889 req-b02eea23-eb54-496c-9cc2-5bcb58f9b889 ] Request (DeleteServersTestJSON:test_delete_active_server): 200 GET http://10.180.1.21/compute/v2.1/servers/4458efe7-18d4-4cfb-b131-e09d36124d68 1.888s
2025-04-16 22:10:23.346 68190 INFO tempest.lib.common.rest_client [req-28c8e5d2-0822-43e6-a14e-bc29e38e34d5 req-28c8e5d2-0822-43e6-a14e-bc29e38e34d5 ] Request (AggregatesAdminNegativeTestJSON:tearDownClass): 204 DELETE http://10.180.1.21/identity/v3/projects/a7f353ab9a17434bbfd4e32877ae8d7f 0.145s
2025-04-16 22:10:23.382 68240 INFO tempest.lib.common.rest_client [req-a64c26cd-2f30-4615-a979-0a9792e61907 req-a64c26cd-2f30-4615-a979-0a9792e61907 ] Request (SecurityGroupRulesNegativeTestJSON:tearDownClass): 204 DELETE http://10.180.1.21:9696/networking/v2.0/networks/239dcc61-0f3d-4f8b-9bb6-c8f1e2b211fb 0.784s
2025-04-16 22:10:23.386 68178 INFO tempest.lib.common.rest_client [req-e2363806-ef1d-4d9a-bfbf-d98c7caf19eb req-e2363806-ef1d-4d9a-bfbf-d98c7caf19eb ] Request (ServerShowV254Test:test_rebuild_server): 200 GET http://10.180.1.21/compute/v2.1/servers/786676eb-ac36-48f6-874a-ab1ca15f2a9a 1.942s
2025-04-16 22:10:23.412 68192 INFO tempest.lib.common.rest_client [req-6bc4bca1-b089-421f-9b08-b98bc3b3f86e req-6bc4bca1-b089-421f-9b08-b98bc3b3f86e ] Request (FlavorsAdminTestJSON:_run_cleanups): 202 DELETE http://10.180.1.21/compute/v2.1/flavors/120090970 1.954s
2025-04-16 22:10:23.422 68237 INFO tempest.lib.common.rest_client [req-a03d5d85-f1c6-4bab-8524-923ce4ebc410 req-a03d5d85-f1c6-4bab-8524-923ce4ebc410 ] Request (ServerPasswordTestJSON:setUpClass): 200 PUT http://10.180.1.21:9696/networking/v2.0/routers/a40e41e2-dbab-45fc-a1ab-f8ad12c48a91/add_router_interface 3.158s
2025-04-16 22:10:23.422 68237 INFO tempest.lib.common.dynamic_creds [-] Created isolated network resources for: credentials: Credentials: {'domain_id': 'default', 'domain_name': 'Default', 'username': 'tempest-ServerPasswordTestJSON-1822365130-project-member', 'project_domain_id': 'default', 'project_domain_name': 'Default', 'project_id': '187673eb5ba74497b61e0231b4699ea9', 'project_name': 'tempest-ServerPasswordTestJSON-1822365130', 'tenant_id': '187673eb5ba74497b61e0231b4699ea9', 'tenant_name': 'tempest-ServerPasswordTestJSON-1822365130', 'user_domain_id': 'default', 'user_domain_name': 'Default', 'user_id': '4207f997e8414014bcc7d81eb655d563', 'system': None}, Network: {'id': '90ae5e1d-af79-4af1-9dc7-4823bda1c917', 'name': 'tempest-ServerPasswordTestJSON-181676751-network', 'tenant_id': '187673eb5ba74497b61e0231b4699ea9', 'admin_state_up': True, 'mtu': 8950, 'status': 'ACTIVE', 'subnets': [], 'shared': False, 'project_id': '187673eb5ba74497b61e0231b4699ea9', 'port_security_enabled': True, 'router:external': False, 'provider:network_type': 'vlan', 'provider:physical_network': 'default', 'provider:segmentation_id': 646, 'is_default': False, 'availability_zone_hints': [], 'availability_zones': [], 'ipv4_address_scope': None, 'ipv6_address_scope': None, 'description': '', 'tags': [], 'created_at': '2025-04-16T22:10:16Z', 'updated_at': '2025-04-16T22:10:16Z', 'revision_number': 1}, Subnet: {'id': 'c22a541f-5f3d-4071-9b8b-5cf6f167ecb4', 'name': 'tempest-ServerPasswordTestJSON-181676751-subnet', 'tenant_id': '187673eb5ba74497b61e0231b4699ea9', 'network_id': '90ae5e1d-af79-4af1-9dc7-4823bda1c917', 'ip_version': 4, 'subnetpool_id': None, 'enable_dhcp': True, 'ipv6_ra_mode': None, 'ipv6_address_mode': None, 'gateway_ip': '192.168.128.1', 'cidr': '192.168.128.0/28', 'allocation_pools': [{'start': '192.168.128.2', 'end': '192.168.128.14'}], 'host_routes': [], 'dns_nameservers': [], 'description': '', 'service_types': [], 'tags': [], 'created_at': '2025-04-16T22:10:17Z', 'updated_at': '2025-04-16T22:10:17Z', 'revision_number': 0, 'project_id': '187673eb5ba74497b61e0231b4699ea9'}, Router: {'id': 'a40e41e2-dbab-45fc-a1ab-f8ad12c48a91', 'name': 'tempest-ServerPasswordTestJSON-181676751-router', 'tenant_id': '187673eb5ba74497b61e0231b4699ea9', 'admin_state_up': True, 'status': 'ACTIVE', 'external_gateway_info': {'network_id': 'e8acd2cb-098a-4992-80d8-39e6a9be71dd', 'external_fixed_ips': [{'subnet_id': 'ea6c966a-c5bb-46f5-814f-ae78de42b8ed', 'ip_address': '10.180.180.200'}], 'enable_snat': True}, 'description': '', 'availability_zones': [], 'distributed': False, 'ha': False, 'availability_zone_hints': [], 'routes': [], 'flavor_id': None, 'tags': [], 'created_at': '2025-04-16T22:10:17Z', 'updated_at': '2025-04-16T22:10:18Z', 'revision_number': 2, 'project_id': '187673eb5ba74497b61e0231b4699ea9'}
2025-04-16 22:10:23.431 68190 INFO tempest.lib.common.rest_client [req-ef41fd79-3ca0-43bf-a549-aec8736d010c req-ef41fd79-3ca0-43bf-a549-aec8736d010c ] Request (ServersAdminTestJSON:setUpClass): 201 POST http://10.180.1.21/identity/v3/auth/tokens 0.083s
2025-04-16 22:10:23.509 68184 INFO tempest.lib.common.rest_client [req-ca428f19-211d-4588-a6a9-217588be84d6 req-ca428f19-211d-4588-a6a9-217588be84d6 ] Request (ImagesNegativeTestJSON:test_create_image_from_deleted_server): 200 GET http://10.180.1.21/compute/v2.1/servers/84cbacaa-08d2-4297-8777-150f433e4c04 2.132s
2025-04-16 22:10:23.510 68240 INFO tempest.lib.common.rest_client [req-1be861ad-4303-4bbc-bfd1-319e49efd72e req-1be861ad-4303-4bbc-bfd1-319e49efd72e ] Request (SecurityGroupRulesNegativeTestJSON:tearDownClass): 204 DELETE http://10.180.1.21/identity/v3/users/e4ae0f43e73c423f9156feff71efe98c 0.128s
2025-04-16 22:10:23.510 68240 INFO tempest.lib.common.dynamic_creds [-] Deleting project and security group for project: 95f0acdd53c14ca0b155f130dc84ad0d
2025-04-16 22:10:23.514 68237 INFO tempest.lib.common.rest_client [req-bf2fc06f-d054-4baf-a409-d41e59196fc1 req-bf2fc06f-d054-4baf-a409-d41e59196fc1 ] Request (ServerPasswordTestJSON:setUpClass): 201 POST http://10.180.1.21/identity/v3/auth/tokens 0.084s
2025-04-16 22:10:23.567 68237 INFO tempest.lib.common.rest_client [req-75a6b67e-106a-4ab6-8df5-c172082d8f34 req-75a6b67e-106a-4ab6-8df5-c172082d8f34 ] Request (ServerPasswordTestJSON:setUpClass): 201 POST http://10.180.1.21/identity/v3/auth/tokens 0.049s
2025-04-16 22:10:23.567 68237 INFO tempest.lib.common.fixed_network [-] (ServerPasswordTestJSON:setUpClass) Found network {'id': '90ae5e1d-af79-4af1-9dc7-4823bda1c917', 'name': 'tempest-ServerPasswordTestJSON-181676751-network', 'tenant_id': '187673eb5ba74497b61e0231b4699ea9', 'admin_state_up': True, 'mtu': 8950, 'status': 'ACTIVE', 'subnets': [], 'shared': False, 'project_id': '187673eb5ba74497b61e0231b4699ea9', 'port_security_enabled': True, 'router:external': False, 'provider:network_type': 'vlan', 'provider:physical_network': 'default', 'provider:segmentation_id': 646, 'is_default': False, 'availability_zone_hints': [], 'availability_zones': [], 'ipv4_address_scope': None, 'ipv6_address_scope': None, 'description': '', 'tags': [], 'created_at': '2025-04-16T22:10:16Z', 'updated_at': '2025-04-16T22:10:16Z', 'revision_number': 1} available for tenant
2025-04-16 22:10:23.569 68240 INFO tempest.lib.common.rest_client [req-37f4c504-8a88-45fc-b2c9-28ceda137ea1 req-37f4c504-8a88-45fc-b2c9-28ceda137ea1 ] Request (SecurityGroupRulesNegativeTestJSON:tearDownClass): 200 GET http://10.180.1.21:9696/networking/v2.0/security-groups?tenant_id=95f0acdd53c14ca0b155f130dc84ad0d&name=default 0.059s
2025-04-16 22:10:23.570 68190 INFO tempest.lib.common.rest_client [req-75a81c0c-b248-4dc8-82b4-6c6bac053ea1 req-75a81c0c-b248-4dc8-82b4-6c6bac053ea1 ] Request (ServersAdminTestJSON:setUpClass): 201 POST http://10.180.1.21/identity/v3/auth/tokens 0.136s
2025-04-16 22:10:23.584 68226 INFO tempest.lib.common.rest_client [req-6b4c8b40-37bb-47f3-8cd4-eb31d63825ff req-6b4c8b40-37bb-47f3-8cd4-eb31d63825ff ] Request (ServersV294TestFqdnHostnames:setUpClass): 200 GET http://10.180.1.21/compute/v2.1/servers/bbed830d-aa53-4ea4-93f8-d4b198a333cd 1.868s
2025-04-16 22:10:23.591 68190 INFO tempest.lib.common.rest_client [req-8677322e-ea0f-40d8-a0c8-6b53eb7c1045 req-8677322e-ea0f-40d8-a0c8-6b53eb7c1045 ] Request (ServersAdminTestJSON:setUpClass): 200 GET http://10.180.1.21/identity/v3/domains?name=Default 0.020s
2025-04-16 22:10:23.615 68234 INFO tempest.lib.common.rest_client [req-48a5b559-59be-4369-98dc-c79446b4a261 req-48a5b559-59be-4369-98dc-c79446b4a261 ] Request (ImagesTestJSON:test_create_image_from_stopped_server): 200 GET http://10.180.1.21/compute/v2.1/servers/195a4a1e-3da7-4a69-a679-869346368195 1.978s
2025-04-16 22:10:23.626 68190 INFO tempest.lib.common.rest_client [req-4523c760-8101-419e-b142-f2ba6c12950f req-4523c760-8101-419e-b142-f2ba6c12950f ] Request (ServersAdminTestJSON:setUpClass): 201 POST http://10.180.1.21/identity/v3/projects 0.035s
2025-04-16 22:10:23.638 68186 INFO tempest.lib.common.rest_client [req-c0ca3493-d43e-4e19-b489-2f0ce25c79bb req-c0ca3493-d43e-4e19-b489-2f0ce25c79bb ] Request (ServerAddressesTestJSON:setUpClass): 200 GET http://10.180.1.21/compute/v2.1/servers/e42425fa-6c50-4e76-842b-0bfcccb011c0 1.728s
2025-04-16 22:10:23.689 68190 INFO tempest.lib.common.rest_client [req-d3cb48da-943a-407d-ba27-689940400e7d req-d3cb48da-943a-407d-ba27-689940400e7d ] Request (ServersAdminTestJSON:setUpClass): 201 POST http://10.180.1.21/identity/v3/users 0.062s
2025-04-16 22:10:23.712 68190 INFO tempest.lib.common.rest_client [req-abf9705e-0417-4706-8b5e-5b23ba619558 req-abf9705e-0417-4706-8b5e-5b23ba619558 ] Request (ServersAdminTestJSON:setUpClass): 200 GET http://10.180.1.21/identity/v3/roles 0.022s
2025-04-16 22:10:23.739 68190 INFO tempest.lib.common.rest_client [req-43cdf703-ebba-4f1c-b47d-4daf298c0277 req-43cdf703-ebba-4f1c-b47d-4daf298c0277 ] Request (ServersAdminTestJSON:setUpClass): 204 PUT http://10.180.1.21/identity/v3/projects/309698c9bd5e44779a27694f6c8b03f0/users/5e4c0e665cef4bc0aaa978570c5c9dda/roles/0d1ae8353af043979e65e86787dfaa9c 0.027s
2025-04-16 22:10:23.740 68190 INFO tempest.lib.common.dynamic_creds [-] Dynamic test user 5e4c0e665cef4bc0aaa978570c5c9dda is created with scope project and roles: ['member']
2025-04-16 22:10:23.740 68190 INFO tempest.lib.common.dynamic_creds [-] Acquired dynamic creds: credentials: Credentials: {'domain_id': 'default', 'domain_name': 'Default', 'username': 'tempest-ServersAdminTestJSON-374353603-project-member', 'project_domain_id': 'default', 'project_domain_name': 'Default', 'project_id': '309698c9bd5e44779a27694f6c8b03f0', 'project_name': 'tempest-ServersAdminTestJSON-374353603', 'tenant_id': '309698c9bd5e44779a27694f6c8b03f0', 'tenant_name': 'tempest-ServersAdminTestJSON-374353603', 'user_domain_id': 'default', 'user_domain_name': 'Default', 'user_id': '5e4c0e665cef4bc0aaa978570c5c9dda', 'system': None}, Network: None, Subnet: None, Router: None
2025-04-16 22:10:23.755 68240 INFO tempest.lib.common.rest_client [req-5a980673-ec5e-48d8-8e61-c04318d5538f req-5a980673-ec5e-48d8-8e61-c04318d5538f ] Request (SecurityGroupRulesNegativeTestJSON:tearDownClass): 204 DELETE http://10.180.1.21:9696/networking/v2.0/security-groups/88ca6b23-2490-4d6b-a988-3436ec7413c6 0.185s
2025-04-16 22:10:23.757 68232 INFO tempest.lib.common.rest_client [req-0168b33f-ec47-406f-99d6-76f81fead767 req-0168b33f-ec47-406f-99d6-76f81fead767 ] Request (AttachInterfacesUnderV243Test:test_add_remove_fixed_ip): 200 GET http://10.180.1.21/compute/v2.1/servers/7a19bcfd-5544-4688-8edb-e12c567979ae 1.820s
2025-04-16 22:10:23.777 68200 INFO tempest.lib.common.rest_client [req-85ba18c0-4c04-4176-bd29-56ca2a3b8bae req-85ba18c0-4c04-4176-bd29-56ca2a3b8bae ] Request (ImagesDeleteNegativeTestJSON:test_delete_image_non_hex_string_id): 404 DELETE http://10.180.1.21/compute/v2.1/images/acb876f3-73db-4b4e-b1d2-e5ddda54a8ej 1.398s
2025-04-16 22:10:23.788 68194 INFO tempest.lib.common.rest_client [req-84a9a913-a757-4b1b-8276-35479f108dd6 req-84a9a913-a757-4b1b-8276-35479f108dd6 ] Request (FloatingIPsAssociationNegativeTestJSON:setUpClass): 200 GET http://10.180.1.21/compute/v2.1/servers/793d6f98-ed1b-4a78-bcd5-cb796441d64b 1.850s
2025-04-16 22:10:23.815 68190 INFO tempest.lib.common.rest_client [req-54a709a5-4b80-451a-adf3-6a8733d867d2 req-54a709a5-4b80-451a-adf3-6a8733d867d2 ] Request (ServersAdminTestJSON:setUpClass): 201 POST http://10.180.1.21/identity/v3/auth/tokens 0.074s
2025-04-16 22:10:23.851 68240 INFO tempest.lib.common.rest_client [req-8dd104d0-a759-4e12-b0e5-039ba431d9b5 req-8dd104d0-a759-4e12-b0e5-039ba431d9b5 ] Request (SecurityGroupRulesNegativeTestJSON:tearDownClass): 204 DELETE http://10.180.1.21/identity/v3/projects/95f0acdd53c14ca0b155f130dc84ad0d 0.095s
2025-04-16 22:10:23.880 68182 INFO tempest.lib.common.rest_client [req-aafb738f-e700-442b-af74-ca6007a90fdb req-aafb738f-e700-442b-af74-ca6007a90fdb ] Request (ServerDiagnosticsNegativeTest:test_get_server_diagnostics_by_non_admin): 200 GET http://10.180.1.21/compute/v2.1/servers/7c092e03-5f1d-4e4a-98ca-8e6abddb3cdb 1.439s
2025-04-16 22:10:23.919 68240 INFO tempest.lib.common.rest_client [req-245872cb-bbde-4868-a9be-ccca7e49d012 req-245872cb-bbde-4868-a9be-ccca7e49d012 ] Request (AttachInterfacesV270Test:setUpClass): 201 POST http://10.180.1.21/identity/v3/auth/tokens 0.066s
2025-04-16 22:10:23.937 68218 INFO tempest.lib.common.rest_client [req-eb36a7a3-977a-4154-82e4-37d578e0300b req-eb36a7a3-977a-4154-82e4-37d578e0300b ] Request (VolumesAssistedSnapshotsTest:test_volume_assisted_snapshot_create_delete): 200 GET http://10.180.1.21/compute/v2.1/servers/9085d0d1-bb7f-4bdd-b6a7-a550fe97ffda 1.284s
2025-04-16 22:10:23.960 68240 INFO tempest.lib.common.rest_client [req-b9dfd05e-06cd-4744-8423-4fdf02fff3c1 req-b9dfd05e-06cd-4744-8423-4fdf02fff3c1 ] Request (AttachInterfacesV270Test:setUpClass): 201 POST http://10.180.1.21/identity/v3/auth/tokens 0.039s
2025-04-16 22:10:23.985 68240 INFO tempest.lib.common.rest_client [req-c256bf3b-fbfd-4a99-ba7d-7f8a53c93cf8 req-c256bf3b-fbfd-4a99-ba7d-7f8a53c93cf8 ] Request (AttachInterfacesV270Test:setUpClass): 200 GET http://10.180.1.21/identity/v3/domains?name=Default 0.024s
2025-04-16 22:10:24.010 68224 INFO tempest.lib.common.rest_client [req-75bb5fda-04cc-47da-91b4-c3cc05db52da req-75bb5fda-04cc-47da-91b4-c3cc05db52da ] Request (ServerGroupTestJSON:test_create_server_with_scheduler_hint_group): 200 GET http://10.180.1.21/compute/v2.1/servers/de1d5572-b82d-4edc-9c7e-a7e26c45a090 1.265s
2025-04-16 22:10:24.028 68240 INFO tempest.lib.common.rest_client [req-dbc336b4-41f3-46e5-a493-4b201832a930 req-dbc336b4-41f3-46e5-a493-4b201832a930 ] Request (AttachInterfacesV270Test:setUpClass): 201 POST http://10.180.1.21/identity/v3/projects 0.042s
2025-04-16 22:10:24.092 68204 INFO tempest.lib.common.rest_client [req-e4008e95-188e-476a-951a-d5c8c5399bb9 req-e4008e95-188e-476a-951a-d5c8c5399bb9 ] Request (ServersTestFqdnHostnames:test_create_server_with_fqdn_name): 200 GET http://10.180.1.21/compute/v2.1/servers/8d2a9e20-82d3-44cf-a725-59804debe1cc 1.264s
2025-04-16 22:10:24.115 68240 INFO tempest.lib.common.rest_client [req-952b677c-374e-4990-8516-1e3dde876e85 req-952b677c-374e-4990-8516-1e3dde876e85 ] Request (AttachInterfacesV270Test:setUpClass): 201 POST http://10.180.1.21/identity/v3/users 0.087s
2025-04-16 22:10:24.139 68240 INFO tempest.lib.common.rest_client [req-123d9426-a81f-488b-ae07-da5e915601ff req-123d9426-a81f-488b-ae07-da5e915601ff ] Request (AttachInterfacesV270Test:setUpClass): 200 GET http://10.180.1.21/identity/v3/roles 0.022s
2025-04-16 22:10:24.173 68240 INFO tempest.lib.common.rest_client [req-a48c73f2-6ea5-409d-a3b4-634c3a3a5ed8 req-a48c73f2-6ea5-409d-a3b4-634c3a3a5ed8 ] Request (AttachInterfacesV270Test:setUpClass): 204 PUT http://10.180.1.21/identity/v3/projects/e54eedee5f104dd28d5fb4d472f5e673/users/e398e8e1b5094c6197e0fd8143dad8d8/roles/0d1ae8353af043979e65e86787dfaa9c 0.034s
2025-04-16 22:10:24.174 68240 INFO tempest.lib.common.dynamic_creds [-] Dynamic test user e398e8e1b5094c6197e0fd8143dad8d8 is created with scope project and roles: ['member']
2025-04-16 22:10:24.174 68240 INFO tempest.lib.common.dynamic_creds [-] Acquired dynamic creds: credentials: Credentials: {'domain_id': 'default', 'domain_name': 'Default', 'username': 'tempest-AttachInterfacesV270Test-551286907-project-member', 'project_domain_id': 'default', 'project_domain_name': 'Default', 'project_id': 'e54eedee5f104dd28d5fb4d472f5e673', 'project_name': 'tempest-AttachInterfacesV270Test-551286907', 'tenant_id': 'e54eedee5f104dd28d5fb4d472f5e673', 'tenant_name': 'tempest-AttachInterfacesV270Test-551286907', 'user_domain_id': 'default', 'user_domain_name': 'Default', 'user_id': 'e398e8e1b5094c6197e0fd8143dad8d8', 'system': None}, Network: None, Subnet: None, Router: None
2025-04-16 22:10:24.179 68220 INFO tempest.lib.common.rest_client [req-8b49d808-48a3-457f-8621-678282b1b976 req-8b49d808-48a3-457f-8621-678282b1b976 ] Request (VolumesAdminNegativeTest:test_update_attached_volume_with_nonexistent_volume_in_body): 200 GET http://10.180.1.21/compute/v2.1/servers/96d79732-9076-4715-aa1e-60001ffb17fb 1.160s
2025-04-16 22:10:24.240 68240 INFO tempest.lib.common.rest_client [req-5742dc99-b9e4-4a22-9492-a629ad36f8fe req-5742dc99-b9e4-4a22-9492-a629ad36f8fe ] Request (AttachInterfacesV270Test:setUpClass): 201 POST http://10.180.1.21/identity/v3/auth/tokens 0.066s
2025-04-16 22:10:24.261 68206 INFO tempest.lib.common.rest_client [req-a6130adb-42a6-455c-a4a9-53b387c9b301 req-a6130adb-42a6-455c-a4a9-53b387c9b301 ] Request (ServersWithSpecificFlavorTestJSON:test_verify_created_server_ephemeral_disk): 200 GET http://10.180.1.21/compute/v2.1/servers/35b19ccb-4996-47a7-b1a7-6ffc9dd867ee 1.212s
2025-04-16 22:10:24.292 68190 INFO tempest.lib.common.rest_client [req-10f91160-b468-4c1e-a3f2-2fd20d2c0226 req-10f91160-b468-4c1e-a3f2-2fd20d2c0226 ] Request (ServersAdminTestJSON:setUpClass): 201 POST http://10.180.1.21:9696/networking/v2.0/networks 0.476s
2025-04-16 22:10:24.413 68216 INFO tempest.lib.common.rest_client [req-32fced22-a2bd-492d-aa58-b8a099118ee0 req-32fced22-a2bd-492d-aa58-b8a099118ee0 ] Request (ServersAdminNegativeTestJSON:setUpClass): 200 GET http://10.180.1.21/compute/v2.1/servers/91d5024f-9eac-4a56-b08f-c0f6a7eda775 1.293s
2025-04-16 22:10:24.429 68238 INFO tempest.lib.common.rest_client [req-4f014c71-1629-4992-b9cc-369400efe2b9 req-4f014c71-1629-4992-b9cc-369400efe2b9 ] Request (AttachVolumeNegativeTest:test_attach_attached_volume_to_different_server): 202 POST http://10.180.1.21/compute/v2.1/servers 1.769s
2025-04-16 22:10:24.483 68196 INFO tempest.lib.common.rest_client [req-135f1e33-3e1a-4f29-b1a4-16546cb3c742 req-135f1e33-3e1a-4f29-b1a4-16546cb3c742 ] Request (ServersTestManualDisk:setUpClass): 200 GET http://10.180.1.21/compute/v2.1/servers/4cd5b80b-d1f4-4142-83fb-235523464667 1.300s
2025-04-16 22:10:24.499 68192 INFO tempest.lib.common.rest_client [req-5d121673-5478-4c64-b74e-b63d94256a63 req-5d121673-5478-4c64-b74e-b63d94256a63 ] Request (FlavorsAdminTestJSON:_run_cleanups): 200 GET http://10.180.1.21/compute/v2.1/flavors/detail 1.086s
2025-04-16 22:10:24.593 68188 INFO tempest.lib.common.rest_client [req-101e93fb-7767-4418-bf87-b1e4b91a4aea req-101e93fb-7767-4418-bf87-b1e4b91a4aea ] Request (InstanceActionsTestJSON:tearDownClass): 200 PUT http://10.180.1.21:9696/networking/v2.0/routers/c0b39ad6-8ba1-40ea-938f-76523698e4a5/remove_router_interface 1.485s
2025-04-16 22:10:24.650 68180 INFO tempest.lib.common.rest_client [req-d87e1542-e198-448f-a18d-6790f5377137 req-d87e1542-e198-448f-a18d-6790f5377137 ] Request (ServerDiagnosticsTest:test_get_server_diagnostics): 200 GET http://10.180.1.21/compute/v2.1/servers/55dfe829-2e96-40d7-bef8-8e7556cbdab3 1.289s
2025-04-16 22:10:24.654 68222 INFO tempest.lib.common.rest_client [req-49368e6d-0f0b-4205-9187-620674ca97bf req-49368e6d-0f0b-4205-9187-620674ca97bf ] Request (ServersTestMultiNic:test_verify_duplicate_network_nics): 200 GET http://10.180.1.21/compute/v2.1/servers/c29ae4c5-cc93-480c-8d60-96f6acba4346 1.179s
2025-04-16 22:10:24.802 68198 INFO tempest.lib.common.rest_client [req-6d74eb9b-7e66-4038-bb07-db32e369749a req-6d74eb9b-7e66-4038-bb07-db32e369749a ] Request (FloatingIPsAssociationTestJSON:setUpClass): 200 GET http://10.180.1.21/compute/v2.1/servers/913c5652-c8af-41a8-94f1-c0eba08aacdd 1.057s
2025-04-16 22:10:24.819 68200 INFO tempest.lib.common.rest_client [req-70f7dec1-518d-42f4-822e-83f29a480877 req-70f7dec1-518d-42f4-822e-83f29a480877 ] Request (ImagesDeleteNegativeTestJSON:test_delete_image_with_id_over_character_limit): 404 DELETE http://10.180.1.21/compute/v2.1/images/73eeec84-dfc4-473a-abdd-9ac5ffdb91a51 1.040s
2025-04-16 22:10:24.829 68240 INFO tempest.lib.common.rest_client [req-c3821193-d51f-4b00-b0ed-ad3313b69a48 req-c3821193-d51f-4b00-b0ed-ad3313b69a48 ] Request (AttachInterfacesV270Test:setUpClass): 201 POST http://10.180.1.21:9696/networking/v2.0/networks 0.588s
2025-04-16 22:10:24.902 68190 INFO tempest.lib.common.rest_client [req-15784e12-9731-4f03-b8c6-d5e9bf7092d2 req-15784e12-9731-4f03-b8c6-d5e9bf7092d2 ] Request (ServersAdminTestJSON:setUpClass): 201 POST http://10.180.1.21:9696/networking/v2.0/subnets 0.610s
2025-04-16 22:10:25.021 68202 INFO tempest.lib.common.rest_client [req-29347732-96c9-4724-a13a-25ddae612b75 req-29347732-96c9-4724-a13a-25ddae612b75 ] Request (ServerExternalEventsTest:test_create_server_external_events): 200 GET http://10.180.1.21/compute/v2.1/servers/267a1016-410e-4097-9523-6fcafc5f4eb0 0.927s
2025-04-16 22:10:25.097 68212 INFO tempest.lib.common.rest_client [req-312ffef1-ad6e-4c5d-bd2c-5ed3b41d052f req-312ffef1-ad6e-4c5d-bd2c-5ed3b41d052f ] Request (ServersTestBootFromVolume:setUpClass): 200 GET http://10.180.1.21/compute/v2.1/servers/f935bfef-3ca7-41fc-89be-c5c4e070a401 1.001s
2025-04-16 22:10:25.325 68214 INFO tempest.lib.common.rest_client [req-2ace6b1c-fafa-4ca8-b1a9-a8c1bbe3beec req-2ace6b1c-fafa-4ca8-b1a9-a8c1bbe3beec ] Request (ServerDiskConfigTestJSON:test_rebuild_server_with_auto_disk_config): 200 GET http://10.180.1.21/compute/v2.1/servers/66d3ec66-244d-4ffa-bd6f-7067f8955e67 1.161s
2025-04-16 22:10:25.382 68208 INFO tempest.lib.common.rest_client [req-39e14a5f-970f-4453-80ea-b7a258d4ead2 req-39e14a5f-970f-4453-80ea-b7a258d4ead2 ] Request (ServerDiagnosticsV248Test:test_get_server_diagnostics): 200 GET http://10.180.1.21/compute/v2.1/servers/1589188b-8540-4afd-8050-ab47633593c0 1.187s
2025-04-16 22:10:25.394 68237 INFO tempest.lib.common.rest_client [req-35796b21-4216-449c-a9a9-9fe6ecab3f1b req-35796b21-4216-449c-a9a9-9fe6ecab3f1b ] Request (ServerPasswordTestJSON:setUpClass): 202 POST http://10.180.1.21/compute/v2.1/servers 1.826s
2025-04-16 22:10:25.404 68240 INFO tempest.lib.common.rest_client [req-b12dcc14-0b5f-4aad-ba03-6420491caef0 req-b12dcc14-0b5f-4aad-ba03-6420491caef0 ] Request (AttachInterfacesV270Test:setUpClass): 201 POST http://10.180.1.21:9696/networking/v2.0/subnets 0.575s
2025-04-16 22:10:25.471 68210 INFO tempest.lib.common.rest_client [req-f08b5269-b503-4dd3-955c-317887040389 req-f08b5269-b503-4dd3-955c-317887040389 ] Request (DeleteServersTestJSON:test_delete_active_server): 200 GET http://10.180.1.21/compute/v2.1/servers/4458efe7-18d4-4cfb-b131-e09d36124d68 1.133s
2025-04-16 22:10:25.493 68230 INFO tempest.lib.common.rest_client [req-c62f8a63-8f86-4009-8a92-549391d548b3 req-c62f8a63-8f86-4009-8a92-549391d548b3 ] Request (ServersAdmin275Test:test_rebuild_update_server_275): 200 GET http://10.180.1.21/compute/v2.1/servers/e1401ec0-00f4-42fc-b8e5-a3b45fae3bcf 1.221s
2025-04-16 22:10:25.543 68188 INFO tempest.lib.common.rest_client [req-737d5c7a-7833-4405-9d87-a03d4709cbdd req-737d5c7a-7833-4405-9d87-a03d4709cbdd ] Request (InstanceActionsTestJSON:tearDownClass): 204 DELETE http://10.180.1.21:9696/networking/v2.0/routers/c0b39ad6-8ba1-40ea-938f-76523698e4a5 0.950s
2025-04-16 22:10:25.549 68178 INFO tempest.lib.common.rest_client [req-c159e849-91d5-41c5-88af-2979d7b7f15c req-c159e849-91d5-41c5-88af-2979d7b7f15c ] Request (ServerShowV254Test:test_rebuild_server): 200 GET http://10.180.1.21/compute/v2.1/servers/786676eb-ac36-48f6-874a-ab1ca15f2a9a 1.154s
2025-04-16 22:10:25.567 68238 INFO tempest.lib.common.rest_client [req-a32cf2ac-44d6-408d-a68b-27b80ac99d52 req-a32cf2ac-44d6-408d-a68b-27b80ac99d52 ] Request (AttachVolumeNegativeTest:test_attach_attached_volume_to_different_server): 200 GET http://10.180.1.21/compute/v2.1/servers/f7888060-430b-4b16-b9ca-059020615dee 1.136s
2025-04-16 22:10:25.568 68192 INFO tempest.lib.common.rest_client [req-12877fd0-c676-46d5-8c98-4c8b09c35f8e req-12877fd0-c676-46d5-8c98-4c8b09c35f8e ] Request (FlavorsAdminTestJSON:_run_cleanups): 202 DELETE http://10.180.1.21/compute/v2.1/flavors/827108069 1.064s
2025-04-16 22:10:25.677 68226 INFO tempest.lib.common.rest_client [req-93231fb1-35bd-4068-8150-563254e8805b req-93231fb1-35bd-4068-8150-563254e8805b ] Request (ServersV294TestFqdnHostnames:setUpClass): 200 GET http://10.180.1.21/compute/v2.1/servers/bbed830d-aa53-4ea4-93f8-d4b198a333cd 1.079s
2025-04-16 22:10:25.851 68184 INFO tempest.lib.common.rest_client [req-844d2056-fee5-4eb4-8255-e9d84b7a9794 req-844d2056-fee5-4eb4-8255-e9d84b7a9794 ] Request (ImagesNegativeTestJSON:test_create_image_from_deleted_server): 200 GET http://10.180.1.21/compute/v2.1/servers/84cbacaa-08d2-4297-8777-150f433e4c04 1.328s
2025-04-16 22:10:25.868 68234 INFO tempest.lib.common.rest_client [req-12f2109b-c886-4f89-9f55-ef98243c8683 req-12f2109b-c886-4f89-9f55-ef98243c8683 ] Request (ImagesTestJSON:test_create_image_from_stopped_server): 200 GET http://10.180.1.21/compute/v2.1/servers/195a4a1e-3da7-4a69-a679-869346368195 1.245s
2025-04-16 22:10:25.924 68186 INFO tempest.lib.common.rest_client [req-43410da6-2379-4e23-b121-062268a353a7 req-43410da6-2379-4e23-b121-062268a353a7 ] Request (ServerAddressesTestJSON:setUpClass): 200 GET http://10.180.1.21/compute/v2.1/servers/e42425fa-6c50-4e76-842b-0bfcccb011c0 1.274s
2025-04-16 22:10:25.948 68188 INFO tempest.lib.common.rest_client [req-6f094a19-8928-47f0-a9ad-03c06129874b req-6f094a19-8928-47f0-a9ad-03c06129874b ] Request (InstanceActionsTestJSON:tearDownClass): 204 DELETE http://10.180.1.21:9696/networking/v2.0/subnets/e1a8f243-bd2f-439f-85f1-a569aead8c47 0.404s
2025-04-16 22:10:26.037 68232 INFO tempest.lib.common.rest_client [req-11711cef-ff88-4006-a9da-053d6af7b723 req-11711cef-ff88-4006-a9da-053d6af7b723 ] Request (AttachInterfacesUnderV243Test:test_add_remove_fixed_ip): 200 GET http://10.180.1.21/compute/v2.1/servers/7a19bcfd-5544-4688-8edb-e12c567979ae 1.272s
2025-04-16 22:10:26.061 68200 INFO tempest.lib.common.rest_client [req-fb7c56ff-37b3-4a4e-9ec2-cd919634aede req-fb7c56ff-37b3-4a4e-9ec2-cd919634aede ] Request (ImagesDeleteNegativeTestJSON:test_delete_image_with_invalid_image_id): 404 DELETE http://10.180.1.21/compute/v2.1/images/tempest-invalid-526194349 1.241s
2025-04-16 22:10:26.141 68190 INFO tempest.lib.common.rest_client [req-98271a73-3ef9-4ef6-a9ad-78e7946a130c req-98271a73-3ef9-4ef6-a9ad-78e7946a130c ] Request (ServersAdminTestJSON:setUpClass): 201 POST http://10.180.1.21:9696/networking/v2.0/routers 1.237s
2025-04-16 22:10:26.325 68194 INFO tempest.lib.common.rest_client [req-7e65d090-7374-4cb8-bffc-f1ca936ae1f3 req-7e65d090-7374-4cb8-bffc-f1ca936ae1f3 ] Request (FloatingIPsAssociationNegativeTestJSON:setUpClass): 200 GET http://10.180.1.21/compute/v2.1/servers/793d6f98-ed1b-4a78-bcd5-cb796441d64b 1.529s
2025-04-16 22:10:26.444 68182 INFO tempest.lib.common.rest_client [req-17b3a209-4890-4098-aa0b-d5f973a67c9e req-17b3a209-4890-4098-aa0b-d5f973a67c9e ] Request (ServerDiagnosticsNegativeTest:test_get_server_diagnostics_by_non_admin): 200 GET http://10.180.1.21/compute/v2.1/servers/7c092e03-5f1d-4e4a-98ca-8e6abddb3cdb 1.554s
2025-04-16 22:10:26.532 68224 INFO tempest.lib.common.rest_client [req-92e4c864-175d-4431-a853-73429757eb20 req-92e4c864-175d-4431-a853-73429757eb20 ] Request (ServerGroupTestJSON:test_create_server_with_scheduler_hint_group): 200 GET http://10.180.1.21/compute/v2.1/servers/de1d5572-b82d-4edc-9c7e-a7e26c45a090 1.509s
2025-04-16 22:10:26.586 68204 INFO tempest.lib.common.rest_client [req-ff56f2ac-96f1-498f-bdc5-f80972016a37 req-ff56f2ac-96f1-498f-bdc5-f80972016a37 ] Request (ServersTestFqdnHostnames:test_create_server_with_fqdn_name): 200 GET http://10.180.1.21/compute/v2.1/servers/8d2a9e20-82d3-44cf-a725-59804debe1cc 1.486s
2025-04-16 22:10:26.601 68218 INFO tempest.lib.common.rest_client [req-3b009bee-3096-4201-ad3b-b3a4c7a8e7bd req-3b009bee-3096-4201-ad3b-b3a4c7a8e7bd ] Request (VolumesAssistedSnapshotsTest:test_volume_assisted_snapshot_create_delete): 200 GET http://10.180.1.21/compute/v2.1/servers/9085d0d1-bb7f-4bdd-b6a7-a550fe97ffda 1.650s
2025-04-16 22:10:26.670 68206 INFO tempest.lib.common.rest_client [req-0e00ca57-3085-485f-848d-21512ed5efd9 req-0e00ca57-3085-485f-848d-21512ed5efd9 ] Request (ServersWithSpecificFlavorTestJSON:test_verify_created_server_ephemeral_disk): 200 GET http://10.180.1.21/compute/v2.1/servers/35b19ccb-4996-47a7-b1a7-6ffc9dd867ee 1.396s
2025-04-16 22:10:26.686 68220 INFO tempest.lib.common.rest_client [req-c54171d8-1419-44aa-bbce-5397928457a1 req-c54171d8-1419-44aa-bbce-5397928457a1 ] Request (VolumesAdminNegativeTest:test_update_attached_volume_with_nonexistent_volume_in_body): 200 GET http://10.180.1.21/compute/v2.1/servers/96d79732-9076-4715-aa1e-60001ffb17fb 1.493s
2025-04-16 22:10:26.816 68216 INFO tempest.lib.common.rest_client [req-ff942d15-b012-4017-9304-a9cf583d842a req-ff942d15-b012-4017-9304-a9cf583d842a ] Request (ServersAdminNegativeTestJSON:setUpClass): 200 GET http://10.180.1.21/compute/v2.1/servers/91d5024f-9eac-4a56-b08f-c0f6a7eda775 1.394s
2025-04-16 22:10:26.912 68196 INFO tempest.lib.common.rest_client [req-afded975-cd6f-428d-b600-d167edd47a38 req-afded975-cd6f-428d-b600-d167edd47a38 ] Request (ServersTestManualDisk:setUpClass): 200 GET http://10.180.1.21/compute/v2.1/servers/4cd5b80b-d1f4-4142-83fb-235523464667 1.417s
2025-04-16 22:10:26.924 68237 INFO tempest.lib.common.rest_client [req-f090fc0c-8bec-4b9a-997c-ac96da58ee40 req-f090fc0c-8bec-4b9a-997c-ac96da58ee40 ] Request (ServerPasswordTestJSON:setUpClass): 200 GET http://10.180.1.21/compute/v2.1/servers/1505bcf5-f622-40ee-93c2-8dabf1dce8cb 1.528s
2025-04-16 22:10:26.936 68192 INFO tempest.lib.common.rest_client [req-48fc21fd-8c28-4e7c-8874-b171f203e12c req-48fc21fd-8c28-4e7c-8874-b171f203e12c ] Request (FlavorsAdminTestJSON:_run_cleanups): 200 GET http://10.180.1.21/compute/v2.1/flavors/detail 1.367s
2025-04-16 22:10:26.964 68188 INFO tempest.lib.common.rest_client [req-3f8436ed-49a0-4f29-877b-528ad1888b6d req-3f8436ed-49a0-4f29-877b-528ad1888b6d ] Request (InstanceActionsTestJSON:tearDownClass): 204 DELETE http://10.180.1.21:9696/networking/v2.0/networks/dbaf0cef-1bfc-4edc-b865-01ffba1b9eba 1.015s
2025-04-16 22:10:26.995 68180 INFO tempest.lib.common.rest_client [req-7eb8d8ec-f1fc-43e8-9edf-5da1a3209071 req-7eb8d8ec-f1fc-43e8-9edf-5da1a3209071 ] Request (ServerDiagnosticsTest:test_get_server_diagnostics): 200 GET http://10.180.1.21/compute/v2.1/servers/55dfe829-2e96-40d7-bef8-8e7556cbdab3 1.338s
2025-04-16 22:10:27.173 68188 INFO tempest.lib.common.rest_client [req-8d087333-0c4b-4dc1-9f27-3d8a7597b32e req-8d087333-0c4b-4dc1-9f27-3d8a7597b32e ] Request (InstanceActionsTestJSON:tearDownClass): 204 DELETE http://10.180.1.21/identity/v3/users/74f219f6fb6e414cb8121d16b728d31c 0.209s
2025-04-16 22:10:27.174 68188 INFO tempest.lib.common.dynamic_creds [-] Deleting project and security group for project: a580c8dda76f4a63a2b5760345811296
2025-04-16 22:10:27.184 68240 INFO tempest.lib.common.rest_client [req-426f6b9f-f30a-4fe2-9a26-c02024385cf6 req-426f6b9f-f30a-4fe2-9a26-c02024385cf6 ] Request (AttachInterfacesV270Test:setUpClass): 201 POST http://10.180.1.21:9696/networking/v2.0/routers 1.779s
2025-04-16 22:10:27.222 68198 INFO tempest.lib.common.rest_client [req-1755d44f-bca4-48dd-ba66-3154aa4f745d req-1755d44f-bca4-48dd-ba66-3154aa4f745d ] Request (FloatingIPsAssociationTestJSON:setUpClass): 200 GET http://10.180.1.21/compute/v2.1/servers/913c5652-c8af-41a8-94f1-c0eba08aacdd 1.406s
2025-04-16 22:10:27.239 68188 INFO tempest.lib.common.rest_client [req-581729f4-76c7-4141-8419-075f15d79fb7 req-581729f4-76c7-4141-8419-075f15d79fb7 ] Request (InstanceActionsTestJSON:tearDownClass): 200 GET http://10.180.1.21:9696/networking/v2.0/security-groups?tenant_id=a580c8dda76f4a63a2b5760345811296&name=default 0.065s
2025-04-16 22:10:27.397 68222 INFO tempest.lib.common.rest_client [req-daf5dae1-75e9-4ed3-b4b7-eeeb631d7bc0 req-daf5dae1-75e9-4ed3-b4b7-eeeb631d7bc0 ] Request (ServersTestMultiNic:test_verify_duplicate_network_nics): 200 GET http://10.180.1.21/compute/v2.1/servers/c29ae4c5-cc93-480c-8d60-96f6acba4346 1.732s
2025-04-16 22:10:27.425 68200 INFO tempest.lib.common.rest_client [req-3b04f882-979a-42b7-8d47-a620a3509644 req-3b04f882-979a-42b7-8d47-a620a3509644 ] Request (ImagesDeleteNegativeTestJSON:test_delete_non_existent_image): 404 DELETE http://10.180.1.21/compute/v2.1/images/129de751-1d6e-4440-933c-997f6aab6550 1.361s
2025-04-16 22:10:27.502 68188 INFO tempest.lib.common.rest_client [req-2b3ae8d5-8fbf-488d-9c8c-ca927cd29660 req-2b3ae8d5-8fbf-488d-9c8c-ca927cd29660 ] Request (InstanceActionsTestJSON:tearDownClass): 204 DELETE http://10.180.1.21:9696/networking/v2.0/security-groups/471afca3-1917-4173-ab33-f616111eadce 0.263s
2025-04-16 22:10:27.513 68212 INFO tempest.lib.common.rest_client [req-effeb76c-b055-4246-8fcc-75bafa68c540 req-effeb76c-b055-4246-8fcc-75bafa68c540 ] Request (ServersTestBootFromVolume:setUpClass): 200 GET http://10.180.1.21/compute/v2.1/servers/f935bfef-3ca7-41fc-89be-c5c4e070a401 1.402s
2025-04-16 22:10:27.571 68202 INFO tempest.lib.common.rest_client [req-ba36072a-3c11-4962-af38-d70fa143a223 req-ba36072a-3c11-4962-af38-d70fa143a223 ] Request (ServerExternalEventsTest:test_create_server_external_events): 200 GET http://10.180.1.21/compute/v2.1/servers/267a1016-410e-4097-9523-6fcafc5f4eb0 1.538s
2025-04-16 22:10:27.593 68214 INFO tempest.lib.common.rest_client [req-8081a25c-f29d-4eff-bdf7-17ece5ea598d req-8081a25c-f29d-4eff-bdf7-17ece5ea598d ] Request (ServerDiskConfigTestJSON:test_rebuild_server_with_auto_disk_config): 200 GET http://10.180.1.21/compute/v2.1/servers/66d3ec66-244d-4ffa-bd6f-7067f8955e67 1.257s
2025-04-16 22:10:27.634 68208 INFO tempest.lib.common.rest_client [req-6d64cc77-12d4-4988-967a-8e31653df1e3 req-6d64cc77-12d4-4988-967a-8e31653df1e3 ] Request (ServerDiagnosticsV248Test:test_get_server_diagnostics): 200 GET http://10.180.1.21/compute/v2.1/servers/1589188b-8540-4afd-8050-ab47633593c0 1.236s
2025-04-16 22:10:27.657 68188 INFO tempest.lib.common.rest_client [req-04b53af0-8073-4604-8d73-16413664c4af req-04b53af0-8073-4604-8d73-16413664c4af ] Request (InstanceActionsTestJSON:tearDownClass): 204 DELETE http://10.180.1.21/identity/v3/projects/a580c8dda76f4a63a2b5760345811296 0.154s
2025-04-16 22:10:27.658 68200 INFO tempest.lib.common.rest_client [req-7b825afc-6fe4-4ec7-a051-d421ecac2b6a req-7b825afc-6fe4-4ec7-a051-d421ecac2b6a ] Request (ImagesDeleteNegativeTestJSON:tearDownClass): 204 DELETE http://10.180.1.21/identity/v3/users/0042ee4d1cb44ec0ba7d52368aed80b9 0.231s
2025-04-16 22:10:27.658 68200 INFO tempest.lib.common.dynamic_creds [-] Deleting project and security group for project: 4b5b0aa5a1f84057904f224d7b577185
2025-04-16 22:10:27.667 68210 INFO tempest.lib.common.rest_client [req-36c37af8-a753-4b7b-9baf-5fb0c37b0146 req-36c37af8-a753-4b7b-9baf-5fb0c37b0146 ] Request (DeleteServersTestJSON:test_delete_active_server): 200 GET http://10.180.1.21/compute/v2.1/servers/4458efe7-18d4-4cfb-b131-e09d36124d68 1.185s
2025-04-16 22:10:27.720 68230 INFO tempest.lib.common.rest_client [req-93d7523c-4be2-4153-8745-165c056f43cb req-93d7523c-4be2-4153-8745-165c056f43cb ] Request (ServersAdmin275Test:test_rebuild_update_server_275): 200 GET http://10.180.1.21/compute/v2.1/servers/e1401ec0-00f4-42fc-b8e5-a3b45fae3bcf 1.214s
2025-04-16 22:10:27.730 68200 INFO tempest.lib.common.rest_client [req-ecff5d21-029b-47b5-902f-f4ebebe310cd req-ecff5d21-029b-47b5-902f-f4ebebe310cd ] Request (ImagesDeleteNegativeTestJSON:tearDownClass): 201 POST http://10.180.1.21/identity/v3/auth/tokens 0.070s
2025-04-16 22:10:27.735 68188 INFO tempest.lib.common.rest_client [req-94dc463d-709a-48b0-acc0-8a7d71b49ae7 req-94dc463d-709a-48b0-acc0-8a7d71b49ae7 ] Request (InstanceActionsNegativeTestJSON:setUpClass): 201 POST http://10.180.1.21/identity/v3/auth/tokens 0.062s
