2025-04-16 22:10:44.102 68192 INFO tempest.lib.common.rest_client [req-59a8bff3-3a22-4f4e-b4f3-5e8968fb244c req-59a8bff3-3a22-4f4e-b4f3-5e8968fb244c ] Request (ServerRescueNegativeTestJSON:setUpClass): 202 POST http://10.180.1.21/compute/v2.1/servers 0.700s
2025-04-16 22:10:44.110 68214 INFO tempest.lib.common.rest_client [req-5c8ab52c-c607-4486-910f-b77f54d01164 req-5c8ab52c-c607-4486-910f-b77f54d01164 ] Request (ServerDiskConfigTestJSON:test_rebuild_server_with_auto_disk_config): 200 GET http://10.180.1.21/compute/v2.1/servers/66d3ec66-244d-4ffa-bd6f-7067f8955e67 0.404s
2025-04-16 22:10:44.159 68208 INFO tempest.lib.common.rest_client [req-6dad6c03-5174-4606-9352-3aad090b4c6d req-6dad6c03-5174-4606-9352-3aad090b4c6d ] Request (ServerDiagnosticsV248Test:test_get_server_diagnostics): 200 GET http://10.180.1.21/compute/v2.1/servers/1589188b-8540-4afd-8050-ab47633593c0 0.390s
2025-04-16 22:10:44.207 68210 INFO tempest.lib.common.rest_client [req-a123616e-7e1f-4deb-a37f-645f9cd746e7 req-a123616e-7e1f-4deb-a37f-645f9cd746e7 ] Request (DeleteServersTestJSON:test_delete_active_server): 200 GET http://10.180.1.21/compute/v2.1/servers/4458efe7-18d4-4cfb-b131-e09d36124d68 0.340s
2025-04-16 22:10:44.259 68182 INFO tempest.lib.common.rest_client [req-3a452e24-0809-419a-b40d-f8c13149d683 req-3a452e24-0809-419a-b40d-f8c13149d683 ] Request (ServerDiagnosticsNegativeTest:test_get_server_diagnostics_by_non_admin): 200 GET http://10.180.1.21/compute/v2.1/servers/7c092e03-5f1d-4e4a-98ca-8e6abddb3cdb 0.440s
2025-04-16 22:10:44.306 68218 INFO tempest.lib.common.rest_client [req-b7563e2f-6787-4182-abf6-870342aa0e8f req-b7563e2f-6787-4182-abf6-870342aa0e8f ] Request (VolumesAssistedSnapshotsTest:test_volume_assisted_snapshot_create_delete): 200 GET http://10.180.1.21/compute/v2.1/servers/9085d0d1-bb7f-4bdd-b6a7-a550fe97ffda 0.396s
2025-04-16 22:10:44.348 68216 INFO tempest.lib.common.rest_client [req-c7122cc2-fcda-4e70-85a7-441db1057bd4 req-c7122cc2-fcda-4e70-85a7-441db1057bd4 ] Request (ServersAdminNegativeTestJSON:setUpClass): 200 GET http://10.180.1.21/compute/v2.1/servers/91d5024f-9eac-4a56-b08f-c0f6a7eda775 0.380s
2025-04-16 22:10:44.370 68190 INFO tempest.lib.common.rest_client [req-9438deeb-6061-470a-86c9-545a0a47e381 req-9438deeb-6061-470a-86c9-545a0a47e381 ] Request (ServersAdminTestJSON:setUpClass): 200 GET http://10.180.1.21/compute/v2.1/servers/641b8e97-b9e6-4ef0-a819-42d3a29429de 0.382s
2025-04-16 22:10:44.403 68178 INFO tempest.lib.common.rest_client [req-b8bd6e31-637a-4900-8a3e-6747d07e4762 req-b8bd6e31-637a-4900-8a3e-6747d07e4762 ] Request (ServerShowV254Test:test_rebuild_server): 200 GET http://10.180.1.21/compute/v2.1/servers/786676eb-ac36-48f6-874a-ab1ca15f2a9a 0.352s
2025-04-16 22:10:44.411 68192 INFO tempest.lib.common.rest_client [req-576824d2-4ab6-4253-b1a5-0aa6331c4b9b req-576824d2-4ab6-4253-b1a5-0aa6331c4b9b ] Request (ServerRescueNegativeTestJSON:setUpClass): 200 GET http://10.180.1.21/compute/v2.1/servers/d0ceaa4e-9c87-48de-bcc2-8bb537827c0a 0.306s
2025-04-16 22:10:44.469 68226 INFO tempest.lib.common.rest_client [req-5558399b-3fde-47eb-b381-1dd8c97fac34 req-5558399b-3fde-47eb-b381-1dd8c97fac34 ] Request (ServersV294TestFqdnHostnames:setUpClass): 200 GET http://10.180.1.21/compute/v2.1/servers/bbed830d-aa53-4ea4-93f8-d4b198a333cd 0.348s
2025-04-16 22:10:44.476 68192 INFO tempest.lib.common.rest_client [req-c896a6ed-761c-4413-9ab7-2f78e5511671 req-c896a6ed-761c-4413-9ab7-2f78e5511671 ] Request (ServerRescueNegativeTestJSON:setUpClass): 201 POST http://10.180.1.21/identity/v3/auth/tokens 0.054s
2025-04-16 22:10:44.477 68192 INFO tempest.lib.common.fixed_network [-] (ServerRescueNegativeTestJSON:setUpClass) Found network {'id': '87f212e8-e529-45ae-b8fd-6e4fb405cbed', 'name': 'tempest-ServerRescueNegativeTestJSON-707974510-network', 'tenant_id': '563f41b674f8406a9185608ff1a15d7e', 'admin_state_up': True, 'mtu': 8950, 'status': 'ACTIVE', 'subnets': [], 'shared': False, 'project_id': '563f41b674f8406a9185608ff1a15d7e', 'port_security_enabled': True, 'router:external': False, 'provider:network_type': 'vlan', 'provider:physical_network': 'default', 'provider:segmentation_id': 565, 'is_default': False, 'availability_zone_hints': [], 'availability_zones': [], 'ipv4_address_scope': None, 'ipv6_address_scope': None, 'description': '', 'tags': [], 'created_at': '2025-04-16T22:10:40Z', 'updated_at': '2025-04-16T22:10:40Z', 'revision_number': 1} available for tenant
2025-04-16 22:10:44.520 68238 INFO tempest.lib.common.rest_client [req-6a8c4d8b-b7e7-4cb9-ab6b-f2ca84bbad5c req-6a8c4d8b-b7e7-4cb9-ab6b-f2ca84bbad5c ] Request (AttachVolumeNegativeTest:test_attach_attached_volume_to_different_server): 200 GET http://10.180.1.21/compute/v2.1/servers/f7888060-430b-4b16-b9ca-059020615dee 0.347s
2025-04-16 22:10:44.584 68230 INFO tempest.lib.common.rest_client [req-c7c50782-d5bc-45f4-8dd6-4c06c822e690 req-c7c50782-d5bc-45f4-8dd6-4c06c822e690 ] Request (ServersAdmin275Test:test_rebuild_update_server_275): 200 GET http://10.180.1.21/compute/v2.1/servers/e1401ec0-00f4-42fc-b8e5-a3b45fae3bcf 0.403s
2025-04-16 22:10:44.595 68198 INFO tempest.lib.common.rest_client [req-ef9148c3-a36a-4820-970a-da41e1107c7f req-ef9148c3-a36a-4820-970a-da41e1107c7f ] Request (FloatingIPsAssociationTestJSON:setUpClass): 200 GET http://10.180.1.21/compute/v2.1/servers/913c5652-c8af-41a8-94f1-c0eba08aacdd 0.481s
2025-04-16 22:10:44.640 68186 INFO tempest.lib.common.rest_client [req-69f0d056-9632-4a9b-83ad-3a55624174f7 req-69f0d056-9632-4a9b-83ad-3a55624174f7 ] Request (ServerAddressesTestJSON:setUpClass): 200 GET http://10.180.1.21/compute/v2.1/servers/e42425fa-6c50-4e76-842b-0bfcccb011c0 0.416s
2025-04-16 22:10:44.655 68188 INFO tempest.lib.common.rest_client [req-47e5072f-f986-4fd1-8b18-93541a811770 req-47e5072f-f986-4fd1-8b18-93541a811770 ] Request (InstanceActionsNegativeTestJSON:setUpClass): 200 GET http://10.180.1.21/compute/v2.1/servers/aa6229be-c18c-4cf9-99a1-ca546b30d797 0.388s
2025-04-16 22:10:44.700 68240 INFO tempest.lib.common.rest_client [req-b782633e-454a-4cd2-be20-4e8257e68291 req-b782633e-454a-4cd2-be20-4e8257e68291 ] Request (AttachInterfacesV270Test:test_create_get_list_interfaces): 200 GET http://10.180.1.21/compute/v2.1/servers/4c281caa-f99d-40d5-b004-13e7856a29f5 0.373s
2025-04-16 22:10:44.772 68222 INFO tempest.lib.common.rest_client [req-c1824f43-5472-4257-9ac3-3641da7f55c3 req-c1824f43-5472-4257-9ac3-3641da7f55c3 ] Request (ServersTestMultiNic:test_verify_duplicate_network_nics): 200 GET http://10.180.1.21/compute/v2.1/servers/c29ae4c5-cc93-480c-8d60-96f6acba4346 0.369s
2025-04-16 22:10:44.868 68184 INFO tempest.lib.common.rest_client [req-fd570469-dada-4201-8b8c-dc0a4b2c1ab7 req-fd570469-dada-4201-8b8c-dc0a4b2c1ab7 ] Request (ImagesNegativeTestJSON:test_create_image_from_deleted_server): 200 GET http://10.180.1.21/compute/v2.1/servers/84cbacaa-08d2-4297-8777-150f433e4c04 0.455s
2025-04-16 22:10:44.995 68202 INFO tempest.lib.common.rest_client [req-f7c88346-1f9a-41d9-8662-74626bae0594 req-f7c88346-1f9a-41d9-8662-74626bae0594 ] Request (ServerExternalEventsTest:test_create_server_external_events): 200 GET http://10.180.1.21/compute/v2.1/servers/267a1016-410e-4097-9523-6fcafc5f4eb0 0.509s
2025-04-16 22:10:45.081 68234 INFO tempest.lib.common.rest_client [req-f140d911-8b9b-4488-afcd-fb01b078bcc1 req-f140d911-8b9b-4488-afcd-fb01b078bcc1 ] Request (ImagesTestJSON:test_create_image_from_stopped_server): 200 GET http://10.180.1.21/compute/v2.1/servers/195a4a1e-3da7-4a69-a679-869346368195 0.538s
2025-04-16 22:10:45.129 68204 INFO tempest.lib.common.rest_client [req-60100706-008e-4aff-9719-c7f9296219f4 req-60100706-008e-4aff-9719-c7f9296219f4 ] Request (ServersTestFqdnHostnames:test_create_server_with_fqdn_name): 200 GET http://10.180.1.21/compute/v2.1/servers/8d2a9e20-82d3-44cf-a725-59804debe1cc 0.542s
2025-04-16 22:10:45.181 68192 INFO tempest.lib.common.rest_client [req-80443c34-53f4-4de0-af11-620e89f407a2 req-80443c34-53f4-4de0-af11-620e89f407a2 ] Request (ServerRescueNegativeTestJSON:setUpClass): 202 POST http://10.180.1.21/compute/v2.1/servers 0.703s
2025-04-16 22:10:45.231 68224 INFO tempest.lib.common.rest_client [req-c9235675-38c8-40ce-89d0-ee80f9e058a8 req-c9235675-38c8-40ce-89d0-ee80f9e058a8 ] Request (ServerGroupTestJSON:test_create_server_with_scheduler_hint_group): 200 GET http://10.180.1.21/compute/v2.1/servers/de1d5572-b82d-4edc-9c7e-a7e26c45a090 0.573s
2025-04-16 22:10:45.239 68194 INFO tempest.lib.common.rest_client [req-adb3ebfa-ce60-4f96-bab0-bb605f44095d req-adb3ebfa-ce60-4f96-bab0-bb605f44095d ] Request (FloatingIPsAssociationNegativeTestJSON:setUpClass): 200 GET http://10.180.1.21/compute/v2.1/servers/793d6f98-ed1b-4a78-bcd5-cb796441d64b 0.625s
2025-04-16 22:10:45.282 68206 INFO tempest.lib.common.rest_client [req-48997d14-0d27-462f-b5d0-0a725a8cfea5 req-48997d14-0d27-462f-b5d0-0a725a8cfea5 ] Request (ServersWithSpecificFlavorTestJSON:test_verify_created_server_ephemeral_disk): 200 GET http://10.180.1.21/compute/v2.1/servers/35b19ccb-4996-47a7-b1a7-6ffc9dd867ee 0.578s
2025-04-16 22:10:45.295 68220 INFO tempest.lib.common.rest_client [req-a028f0f6-0a56-4216-b3f1-6ea8856ece46 req-a028f0f6-0a56-4216-b3f1-6ea8856ece46 ] Request (VolumesAdminNegativeTest:test_update_attached_volume_with_nonexistent_volume_in_body): 200 GET http://10.180.1.21/compute/v2.1/servers/96d79732-9076-4715-aa1e-60001ffb17fb 0.543s
2025-04-16 22:10:45.330 68237 INFO tempest.lib.common.rest_client [req-33b03d87-3c33-4a86-85b1-d9af96e736cb req-33b03d87-3c33-4a86-85b1-d9af96e736cb ] Request (ServerPasswordTestJSON:setUpClass): 200 GET http://10.180.1.21/compute/v2.1/servers/1505bcf5-f622-40ee-93c2-8dabf1dce8cb 0.532s
2025-04-16 22:10:45.378 68196 INFO tempest.lib.common.rest_client [req-1a6d30bd-3959-4415-8d16-9e1818bae050 req-1a6d30bd-3959-4415-8d16-9e1818bae050 ] Request (ServersTestManualDisk:setUpClass): 200 GET http://10.180.1.21/compute/v2.1/servers/4cd5b80b-d1f4-4142-83fb-235523464667 0.488s
2025-04-16 22:10:45.442 68212 INFO tempest.lib.common.rest_client [req-fa6cb6d1-54a0-4332-b699-59df2bc3ff35 req-fa6cb6d1-54a0-4332-b699-59df2bc3ff35 ] Request (ServersTestBootFromVolume:setUpClass): 200 GET http://10.180.1.21/compute/v2.1/servers/f935bfef-3ca7-41fc-89be-c5c4e070a401 0.505s
2025-04-16 22:10:45.516 68180 INFO tempest.lib.common.rest_client [req-88330af5-db12-4a30-8dd1-ff1b6f2e9ee5 req-88330af5-db12-4a30-8dd1-ff1b6f2e9ee5 ] Request (ServerDiagnosticsTest:test_get_server_diagnostics): 200 GET http://10.180.1.21/compute/v2.1/servers/55dfe829-2e96-40d7-bef8-8e7556cbdab3 0.670s
2025-04-16 22:10:45.565 68214 INFO tempest.lib.common.rest_client [req-9299a198-b3bc-4fce-b94b-aa8fbcdd68f2 req-9299a198-b3bc-4fce-b94b-aa8fbcdd68f2 ] Request (ServerDiskConfigTestJSON:test_rebuild_server_with_auto_disk_config): 200 GET http://10.180.1.21/compute/v2.1/servers/66d3ec66-244d-4ffa-bd6f-7067f8955e67 0.444s
2025-04-16 22:10:45.608 68232 INFO tempest.lib.common.rest_client [req-69eb8e04-2aee-4a76-8476-984b038db89c req-69eb8e04-2aee-4a76-8476-984b038db89c ] Request (AttachInterfacesUnderV243Test:test_add_remove_fixed_ip): 200 GET http://10.180.1.21/compute/v2.1/servers/7a19bcfd-5544-4688-8edb-e12c567979ae 0.540s
2025-04-16 22:10:45.614 68208 INFO tempest.lib.common.rest_client [req-a22d1bad-f3a6-4c4b-8720-9a803e445407 req-a22d1bad-f3a6-4c4b-8720-9a803e445407 ] Request (ServerDiagnosticsV248Test:test_get_server_diagnostics): 200 GET http://10.180.1.21/compute/v2.1/servers/1589188b-8540-4afd-8050-ab47633593c0 0.444s
2025-04-16 22:10:45.652 68192 INFO tempest.lib.common.rest_client [req-6372b194-3e7c-42a7-9895-ae3b86935948 req-6372b194-3e7c-42a7-9895-ae3b86935948 ] Request (ServerRescueNegativeTestJSON:setUpClass): 200 GET http://10.180.1.21/compute/v2.1/servers/9842d097-f4f2-4f60-aea0-08896a47ff53 0.470s
2025-04-16 22:10:45.656 68210 INFO tempest.lib.common.rest_client [req-b6ab24c0-81ce-4412-8452-a4ec8fd5727b req-b6ab24c0-81ce-4412-8452-a4ec8fd5727b ] Request (DeleteServersTestJSON:test_delete_active_server): 200 GET http://10.180.1.21/compute/v2.1/servers/4458efe7-18d4-4cfb-b131-e09d36124d68 0.440s
2025-04-16 22:10:45.824 68218 INFO tempest.lib.common.rest_client [req-04c3eff1-1459-49ff-9214-ba52a29ae49d req-04c3eff1-1459-49ff-9214-ba52a29ae49d ] Request (VolumesAssistedSnapshotsTest:test_volume_assisted_snapshot_create_delete): 200 GET http://10.180.1.21/compute/v2.1/servers/9085d0d1-bb7f-4bdd-b6a7-a550fe97ffda 0.505s
2025-04-16 22:10:45.824 68182 INFO tempest.lib.common.rest_client [req-6ea484ae-2d89-40ed-a449-b4bcdb870791 req-6ea484ae-2d89-40ed-a449-b4bcdb870791 ] Request (ServerDiagnosticsNegativeTest:test_get_server_diagnostics_by_non_admin): 200 GET http://10.180.1.21/compute/v2.1/servers/7c092e03-5f1d-4e4a-98ca-8e6abddb3cdb 0.557s
2025-04-16 22:10:45.865 68190 INFO tempest.lib.common.rest_client [req-e05a55c8-a2fd-4412-82ec-a0a51e36b859 req-e05a55c8-a2fd-4412-82ec-a0a51e36b859 ] Request (ServersAdminTestJSON:setUpClass): 200 GET http://10.180.1.21/compute/v2.1/servers/641b8e97-b9e6-4ef0-a819-42d3a29429de 0.487s
2025-04-16 22:10:45.911 68178 INFO tempest.lib.common.rest_client [req-200fe83f-fb9a-45ba-8812-a1c4b4c2937f req-200fe83f-fb9a-45ba-8812-a1c4b4c2937f ] Request (ServerShowV254Test:test_rebuild_server): 200 GET http://10.180.1.21/compute/v2.1/servers/786676eb-ac36-48f6-874a-ab1ca15f2a9a 0.498s
2025-04-16 22:10:45.916 68216 INFO tempest.lib.common.rest_client [req-67f7bffd-fa6f-4ded-bca5-211ff224fdb7 req-67f7bffd-fa6f-4ded-bca5-211ff224fdb7 ] Request (ServersAdminNegativeTestJSON:setUpClass): 200 GET http://10.180.1.21/compute/v2.1/servers/91d5024f-9eac-4a56-b08f-c0f6a7eda775 0.559s
2025-04-16 22:10:45.958 68238 INFO tempest.lib.common.rest_client [req-a21dfc0d-0e44-4c71-821a-65f274fa5989 req-a21dfc0d-0e44-4c71-821a-65f274fa5989 ] Request (AttachVolumeNegativeTest:test_attach_attached_volume_to_different_server): 200 GET http://10.180.1.21/compute/v2.1/servers/f7888060-430b-4b16-b9ca-059020615dee 0.430s
2025-04-16 22:10:45.959 68226 INFO tempest.lib.common.rest_client [req-0d707672-f199-460d-9b7a-5fbe79dbaf1d req-0d707672-f199-460d-9b7a-5fbe79dbaf1d ] Request (ServersV294TestFqdnHostnames:setUpClass): 200 GET http://10.180.1.21/compute/v2.1/servers/bbed830d-aa53-4ea4-93f8-d4b198a333cd 0.480s
2025-04-16 22:10:46.003 68230 INFO tempest.lib.common.rest_client [req-310d7d2c-0dd4-44c3-9867-0b518c20a825 req-310d7d2c-0dd4-44c3-9867-0b518c20a825 ] Request (ServersAdmin275Test:test_rebuild_update_server_275): 200 GET http://10.180.1.21/compute/v2.1/servers/e1401ec0-00f4-42fc-b8e5-a3b45fae3bcf 0.409s
2025-04-16 22:10:46.044 68186 INFO tempest.lib.common.rest_client [req-d546ed5a-8b3c-4cca-88ec-d3c995637cbf req-d546ed5a-8b3c-4cca-88ec-d3c995637cbf ] Request (ServerAddressesTestJSON:setUpClass): 200 GET http://10.180.1.21/compute/v2.1/servers/e42425fa-6c50-4e76-842b-0bfcccb011c0 0.395s
2025-04-16 22:10:46.045 68198 INFO tempest.lib.common.rest_client [req-95d4138c-6739-425d-b053-7f50aef3fbb0 req-95d4138c-6739-425d-b053-7f50aef3fbb0 ] Request (FloatingIPsAssociationTestJSON:setUpClass): 200 GET http://10.180.1.21/compute/v2.1/servers/913c5652-c8af-41a8-94f1-c0eba08aacdd 0.439s
2025-04-16 22:10:46.087 68188 INFO tempest.lib.common.rest_client [req-72560c96-d972-4acf-aab1-1ad4c437db6a req-72560c96-d972-4acf-aab1-1ad4c437db6a ] Request (InstanceActionsNegativeTestJSON:setUpClass): 200 GET http://10.180.1.21/compute/v2.1/servers/aa6229be-c18c-4cf9-99a1-ca546b30d797 0.421s
2025-04-16 22:10:46.091 68240 INFO tempest.lib.common.rest_client [req-78f55e39-cbee-455d-a6c7-0e78cecc29d0 req-78f55e39-cbee-455d-a6c7-0e78cecc29d0 ] Request (AttachInterfacesV270Test:test_create_get_list_interfaces): 200 GET http://10.180.1.21/compute/v2.1/servers/4c281caa-f99d-40d5-b004-13e7856a29f5 0.382s
2025-04-16 22:10:46.217 68184 INFO tempest.lib.common.rest_client [req-80ee716c-53bb-44f0-9f75-952f6b0dcb79 req-80ee716c-53bb-44f0-9f75-952f6b0dcb79 ] Request (ImagesNegativeTestJSON:test_create_image_from_deleted_server): 200 GET http://10.180.1.21/compute/v2.1/servers/84cbacaa-08d2-4297-8777-150f433e4c04 0.341s
2025-04-16 22:10:46.258 68222 INFO tempest.lib.common.rest_client [req-15f31667-fcf5-47fe-bfff-15651f427e87 req-15f31667-fcf5-47fe-bfff-15651f427e87 ] Request (ServersTestMultiNic:test_verify_duplicate_network_nics): 200 GET http://10.180.1.21/compute/v2.1/servers/c29ae4c5-cc93-480c-8d60-96f6acba4346 0.479s
2025-04-16 22:10:46.303 68202 INFO tempest.lib.common.rest_client [req-f357c487-c544-4185-aa70-fd248ba7c7df req-f357c487-c544-4185-aa70-fd248ba7c7df ] Request (ServerExternalEventsTest:test_create_server_external_events): 200 GET http://10.180.1.21/compute/v2.1/servers/267a1016-410e-4097-9523-6fcafc5f4eb0 0.300s
2025-04-16 22:10:46.343 68234 INFO tempest.lib.common.rest_client [req-84f73c35-8225-4527-85d1-e87debc37c99 req-84f73c35-8225-4527-85d1-e87debc37c99 ] Request (ImagesTestJSON:test_create_image_from_stopped_server): 200 GET http://10.180.1.21/compute/v2.1/servers/195a4a1e-3da7-4a69-a679-869346368195 0.254s
2025-04-16 22:10:46.352 68204 INFO tempest.lib.common.rest_client [req-e4cf2508-65ab-43de-8438-3c5ac3fd2789 req-e4cf2508-65ab-43de-8438-3c5ac3fd2789 ] Request (ServersTestFqdnHostnames:test_create_server_with_fqdn_name): 200 GET http://10.180.1.21/compute/v2.1/servers/8d2a9e20-82d3-44cf-a725-59804debe1cc 0.209s
2025-04-16 22:10:46.385 68224 INFO tempest.lib.common.rest_client [req-8f2f3148-bf9b-4dd2-883b-1d4ad59728b6 req-8f2f3148-bf9b-4dd2-883b-1d4ad59728b6 ] Request (ServerGroupTestJSON:test_create_server_with_scheduler_hint_group): 200 GET http://10.180.1.21/compute/v2.1/servers/de1d5572-b82d-4edc-9c7e-a7e26c45a090 0.146s
2025-04-16 22:10:46.426 68206 INFO tempest.lib.common.rest_client [req-34247e1a-cbff-47d7-8e96-81fc3cb53927 req-34247e1a-cbff-47d7-8e96-81fc3cb53927 ] Request (ServersWithSpecificFlavorTestJSON:test_verify_created_server_ephemeral_disk): 200 GET http://10.180.1.21/compute/v2.1/servers/35b19ccb-4996-47a7-b1a7-6ffc9dd867ee 0.136s
2025-04-16 22:10:46.436 68194 INFO tempest.lib.common.rest_client [req-1bf6d5ac-a8d8-4e16-8d8f-5c3361a29c99 req-1bf6d5ac-a8d8-4e16-8d8f-5c3361a29c99 ] Request (FloatingIPsAssociationNegativeTestJSON:setUpClass): 200 GET http://10.180.1.21/compute/v2.1/servers/793d6f98-ed1b-4a78-bcd5-cb796441d64b 0.189s
2025-04-16 22:10:46.468 68220 INFO tempest.lib.common.rest_client [req-a9a7ec1a-7d9a-4265-8f1b-7a3fe969e131 req-a9a7ec1a-7d9a-4265-8f1b-7a3fe969e131 ] Request (VolumesAdminNegativeTest:test_update_attached_volume_with_nonexistent_volume_in_body): 200 GET http://10.180.1.21/compute/v2.1/servers/96d79732-9076-4715-aa1e-60001ffb17fb 0.166s
2025-04-16 22:10:46.480 68237 INFO tempest.lib.common.rest_client [req-9856736e-d0d3-4379-b04a-b3e42b08b16b req-9856736e-d0d3-4379-b04a-b3e42b08b16b ] Request (ServerPasswordTestJSON:setUpClass): 200 GET http://10.180.1.21/compute/v2.1/servers/1505bcf5-f622-40ee-93c2-8dabf1dce8cb 0.142s
2025-04-16 22:10:46.515 68196 INFO tempest.lib.common.rest_client [req-da91aae3-e475-4bd5-868a-38960de7fb3b req-da91aae3-e475-4bd5-868a-38960de7fb3b ] Request (ServersTestManualDisk:setUpClass): 200 GET http://10.180.1.21/compute/v2.1/servers/4cd5b80b-d1f4-4142-83fb-235523464667 0.127s
2025-04-16 22:10:46.521 68212 INFO tempest.lib.common.rest_client [req-0454abdf-297e-41cb-8509-83dd74d8b9c6 req-0454abdf-297e-41cb-8509-83dd74d8b9c6 ] Request (ServersTestBootFromVolume:setUpClass): 200 GET http://10.180.1.21/compute/v2.1/servers/f935bfef-3ca7-41fc-89be-c5c4e070a401 0.066s
2025-04-16 22:10:46.566 68180 INFO tempest.lib.common.rest_client [req-6c0ebce5-6fe5-470d-afdd-51c8f85c05d6 req-6c0ebce5-6fe5-470d-afdd-51c8f85c05d6 ] Request (ServerDiagnosticsTest:test_get_server_diagnostics): 200 GET http://10.180.1.21/compute/v2.1/servers/55dfe829-2e96-40d7-bef8-8e7556cbdab3 0.042s
2025-04-16 22:10:46.618 68214 INFO tempest.lib.common.rest_client [req-dd447b6e-02ff-4bea-b3f7-81b480351498 req-dd447b6e-02ff-4bea-b3f7-81b480351498 ] Request (ServerDiskConfigTestJSON:test_rebuild_server_with_auto_disk_config): 200 GET http://10.180.1.21/compute/v2.1/servers/66d3ec66-244d-4ffa-bd6f-7067f8955e67 0.045s
2025-04-16 22:10:46.668 68208 INFO tempest.lib.common.rest_client [req-720216ce-e9c0-4573-9676-5db7f0e1fa25 req-720216ce-e9c0-4573-9676-5db7f0e1fa25 ] Request (ServerDiagnosticsV248Test:test_get_server_diagnostics): 200 GET http://10.180.1.21/compute/v2.1/servers/1589188b-8540-4afd-8050-ab47633593c0 0.045s
2025-04-16 22:10:46.706 68232 INFO tempest.lib.common.rest_client [req-dc2738f4-b177-41b4-bd1d-9dfe61dc8bdc req-dc2738f4-b177-41b4-bd1d-9dfe61dc8bdc ] Request (AttachInterfacesUnderV243Test:test_add_remove_fixed_ip): 200 GET http://10.180.1.21/compute/v2.1/servers/7a19bcfd-5544-4688-8edb-e12c567979ae 0.090s
2025-04-16 22:10:46.715 68192 INFO tempest.lib.common.rest_client [req-73ae688d-e6c0-4a93-9234-132db6ed7eb0 req-73ae688d-e6c0-4a93-9234-132db6ed7eb0 ] Request (ServerRescueNegativeTestJSON:setUpClass): 200 GET http://10.180.1.21/compute/v2.1/servers/9842d097-f4f2-4f60-aea0-08896a47ff53 0.054s
2025-04-16 22:10:46.751 68210 INFO tempest.lib.common.rest_client [req-c8d9fee9-0233-4e93-8c94-f9655961382d req-c8d9fee9-0233-4e93-8c94-f9655961382d ] Request (DeleteServersTestJSON:test_delete_active_server): 200 GET http://10.180.1.21/compute/v2.1/servers/4458efe7-18d4-4cfb-b131-e09d36124d68 0.087s
2025-04-16 22:10:46.919 68182 INFO tempest.lib.common.rest_client [req-2bb418b6-6b2c-49c3-ad0c-f35a92fee567 req-2bb418b6-6b2c-49c3-ad0c-f35a92fee567 ] Request (ServerDiagnosticsNegativeTest:test_get_server_diagnostics_by_non_admin): 200 GET http://10.180.1.21/compute/v2.1/servers/7c092e03-5f1d-4e4a-98ca-8e6abddb3cdb 0.087s
2025-04-16 22:10:46.956 68218 INFO tempest.lib.common.rest_client [req-c4081b33-4b80-4bc5-bc3a-96f72c60181f req-c4081b33-4b80-4bc5-bc3a-96f72c60181f ] Request (VolumesAssistedSnapshotsTest:test_volume_assisted_snapshot_create_delete): 200 GET http://10.180.1.21/compute/v2.1/servers/9085d0d1-bb7f-4bdd-b6a7-a550fe97ffda 0.125s
2025-04-16 22:10:46.963 68190 INFO tempest.lib.common.rest_client [req-6e155820-4a4b-4883-8f6f-ab72c80e3972 req-6e155820-4a4b-4883-8f6f-ab72c80e3972 ] Request (ServersAdminTestJSON:setUpClass): 200 GET http://10.180.1.21/compute/v2.1/servers/641b8e97-b9e6-4ef0-a819-42d3a29429de 0.091s
2025-04-16 22:10:47.005 68178 INFO tempest.lib.common.rest_client [req-eb7a6f4b-06ff-456c-bce8-784f1166223b req-eb7a6f4b-06ff-456c-bce8-784f1166223b ] Request (ServerShowV254Test:test_rebuild_server): 200 GET http://10.180.1.21/compute/v2.1/servers/786676eb-ac36-48f6-874a-ab1ca15f2a9a 0.084s
2025-04-16 22:10:47.046 68216 INFO tempest.lib.common.rest_client [req-c94ae614-a9e8-4240-98c3-04a0ce20eab0 req-c94ae614-a9e8-4240-98c3-04a0ce20eab0 ] Request (ServersAdminNegativeTestJSON:setUpClass): 200 GET http://10.180.1.21/compute/v2.1/servers/91d5024f-9eac-4a56-b08f-c0f6a7eda775 0.122s
2025-04-16 22:10:47.047 68238 INFO tempest.lib.common.rest_client [req-de1edbf3-54b4-43e3-81b5-4df0937d268d req-de1edbf3-54b4-43e3-81b5-4df0937d268d ] Request (AttachVolumeNegativeTest:test_attach_attached_volume_to_different_server): 200 GET http://10.180.1.21/compute/v2.1/servers/f7888060-430b-4b16-b9ca-059020615dee 0.082s
2025-04-16 22:10:47.093 68230 INFO tempest.lib.common.rest_client [req-c9d2205e-3dc3-48f7-9ea4-92fbfb808dfb req-c9d2205e-3dc3-48f7-9ea4-92fbfb808dfb ] Request (ServersAdmin275Test:test_rebuild_update_server_275): 200 GET http://10.180.1.21/compute/v2.1/servers/e1401ec0-00f4-42fc-b8e5-a3b45fae3bcf 0.080s
2025-04-16 22:10:47.093 68226 INFO tempest.lib.common.rest_client [req-35101190-9c1a-4177-8fb5-55cf74f842d3 req-35101190-9c1a-4177-8fb5-55cf74f842d3 ] Request (ServersV294TestFqdnHostnames:setUpClass): 200 GET http://10.180.1.21/compute/v2.1/servers/bbed830d-aa53-4ea4-93f8-d4b198a333cd 0.124s
2025-04-16 22:10:47.137 68186 INFO tempest.lib.common.rest_client [req-537b8226-e9cd-4304-9a13-215dfc771688 req-537b8226-e9cd-4304-9a13-215dfc771688 ] Request (ServerAddressesTestJSON:setUpClass): 200 GET http://10.180.1.21/compute/v2.1/servers/e42425fa-6c50-4e76-842b-0bfcccb011c0 0.085s
2025-04-16 22:10:47.180 68188 INFO tempest.lib.common.rest_client [req-62f0b529-7378-431e-b667-9213e98368e0 req-62f0b529-7378-431e-b667-9213e98368e0 ] Request (InstanceActionsNegativeTestJSON:setUpClass): 200 GET http://10.180.1.21/compute/v2.1/servers/aa6229be-c18c-4cf9-99a1-ca546b30d797 0.086s
2025-04-16 22:10:47.220 68198 INFO tempest.lib.common.rest_client [req-ccf55f3e-d471-4bd9-ad56-e3384ef1cf42 req-ccf55f3e-d471-4bd9-ad56-e3384ef1cf42 ] Request (FloatingIPsAssociationTestJSON:setUpClass): 200 GET http://10.180.1.21/compute/v2.1/servers/913c5652-c8af-41a8-94f1-c0eba08aacdd 0.167s
2025-04-16 22:10:47.225 68240 INFO tempest.lib.common.rest_client [req-ef6414f6-d358-472f-937b-822c7a1e309c req-ef6414f6-d358-472f-937b-822c7a1e309c ] Request (AttachInterfacesV270Test:test_create_get_list_interfaces): 200 GET http://10.180.1.21/compute/v2.1/servers/4c281caa-f99d-40d5-b004-13e7856a29f5 0.124s
2025-04-16 22:10:47.313 68184 INFO tempest.lib.common.rest_client [req-c9a58c90-582d-45c3-8434-8d4b0559f833 req-c9a58c90-582d-45c3-8434-8d4b0559f833 ] Request (ImagesNegativeTestJSON:test_create_image_from_deleted_server): 200 GET http://10.180.1.21/compute/v2.1/servers/84cbacaa-08d2-4297-8777-150f433e4c04 0.088s
2025-04-16 22:10:47.363 68222 INFO tempest.lib.common.rest_client [req-2a4dd76d-fdd7-456e-b5ff-882c23fddf76 req-2a4dd76d-fdd7-456e-b5ff-882c23fddf76 ] Request (ServersTestMultiNic:test_verify_duplicate_network_nics): 200 GET http://10.180.1.21/compute/v2.1/servers/c29ae4c5-cc93-480c-8d60-96f6acba4346 0.096s
2025-04-16 22:10:47.399 68202 INFO tempest.lib.common.rest_client [req-f8e0b5f7-843c-4368-94ad-b7fdf4eda4e6 req-f8e0b5f7-843c-4368-94ad-b7fdf4eda4e6 ] Request (ServerExternalEventsTest:test_create_server_external_events): 200 GET http://10.180.1.21/compute/v2.1/servers/267a1016-410e-4097-9523-6fcafc5f4eb0 0.088s
2025-04-16 22:10:47.444 68204 INFO tempest.lib.common.rest_client [req-47d062ad-6e13-42db-8660-e1f84f955b09 req-47d062ad-6e13-42db-8660-e1f84f955b09 ] Request (ServersTestFqdnHostnames:test_create_server_with_fqdn_name): 200 GET http://10.180.1.21/compute/v2.1/servers/8d2a9e20-82d3-44cf-a725-59804debe1cc 0.084s
2025-04-16 22:10:47.486 68224 INFO tempest.lib.common.rest_client [req-6dd78524-6954-4721-b479-a1d2fadb3d26 req-6dd78524-6954-4721-b479-a1d2fadb3d26 ] Request (ServerGroupTestJSON:test_create_server_with_scheduler_hint_group): 200 GET http://10.180.1.21/compute/v2.1/servers/de1d5572-b82d-4edc-9c7e-a7e26c45a090 0.094s
2025-04-16 22:10:47.487 68234 INFO tempest.lib.common.rest_client [req-84dedf27-bf05-466d-b9f1-7460d95a3031 req-84dedf27-bf05-466d-b9f1-7460d95a3031 ] Request (ImagesTestJSON:test_create_image_from_stopped_server): 200 GET http://10.180.1.21/compute/v2.1/servers/195a4a1e-3da7-4a69-a679-869346368195 0.136s
2025-04-16 22:10:47.528 68206 INFO tempest.lib.common.rest_client [req-40148026-5485-4fff-8786-5e7c78e35d05 req-40148026-5485-4fff-8786-5e7c78e35d05 ] Request (ServersWithSpecificFlavorTestJSON:test_verify_created_server_ephemeral_disk): 200 GET http://10.180.1.21/compute/v2.1/servers/35b19ccb-4996-47a7-b1a7-6ffc9dd867ee 0.094s
2025-04-16 22:10:47.570 68220 INFO tempest.lib.common.rest_client [req-eb61f2c6-f242-4f22-ac7d-2f6ef175810b req-eb61f2c6-f242-4f22-ac7d-2f6ef175810b ] Request (VolumesAdminNegativeTest:test_update_attached_volume_with_nonexistent_volume_in_body): 200 GET http://10.180.1.21/compute/v2.1/servers/96d79732-9076-4715-aa1e-60001ffb17fb 0.094s
2025-04-16 22:10:47.570 68194 INFO tempest.lib.common.rest_client [req-72b4d0c4-288e-4625-9e71-94cdeeb8d1ea req-72b4d0c4-288e-4625-9e71-94cdeeb8d1ea ] Request (FloatingIPsAssociationNegativeTestJSON:setUpClass): 200 GET http://10.180.1.21/compute/v2.1/servers/793d6f98-ed1b-4a78-bcd5-cb796441d64b 0.126s
2025-04-16 22:10:47.615 68196 INFO tempest.lib.common.rest_client [req-6926434e-2150-4820-981c-a6b11e0948c7 req-6926434e-2150-4820-981c-a6b11e0948c7 ] Request (ServersTestManualDisk:setUpClass): 200 GET http://10.180.1.21/compute/v2.1/servers/4cd5b80b-d1f4-4142-83fb-235523464667 0.092s
2025-04-16 22:10:47.615 68237 INFO tempest.lib.common.rest_client [req-b8db25e1-121a-4cad-9c88-8e4e8bc36649 req-b8db25e1-121a-4cad-9c88-8e4e8bc36649 ] Request (ServerPasswordTestJSON:setUpClass): 200 GET http://10.180.1.21/compute/v2.1/servers/1505bcf5-f622-40ee-93c2-8dabf1dce8cb 0.127s
2025-04-16 22:10:47.658 68212 INFO tempest.lib.common.rest_client [req-a3ed5054-aa22-47bb-9fee-db9ecdcf4d76 req-a3ed5054-aa22-47bb-9fee-db9ecdcf4d76 ] Request (ServersTestBootFromVolume:setUpClass): 200 GET http://10.180.1.21/compute/v2.1/servers/f935bfef-3ca7-41fc-89be-c5c4e070a401 0.130s
2025-04-16 22:10:47.659 68180 INFO tempest.lib.common.rest_client [req-acb27d36-4501-4f25-b547-f6bbfe3c7c42 req-acb27d36-4501-4f25-b547-f6bbfe3c7c42 ] Request (ServerDiagnosticsTest:test_get_server_diagnostics): 200 GET http://10.180.1.21/compute/v2.1/servers/55dfe829-2e96-40d7-bef8-8e7556cbdab3 0.085s
2025-04-16 22:10:47.703 68214 INFO tempest.lib.common.rest_client [req-4687ec86-ed6b-48ab-bf9b-ee77c9113351 req-4687ec86-ed6b-48ab-bf9b-ee77c9113351 ] Request (ServerDiskConfigTestJSON:test_rebuild_server_with_auto_disk_config): 200 GET http://10.180.1.21/compute/v2.1/servers/66d3ec66-244d-4ffa-bd6f-7067f8955e67 0.078s
2025-04-16 22:10:47.727 68208 INFO tempest.lib.common.rest_client [req-539e4f9c-a4a4-4e5b-87a3-da5fd87f8f86 req-539e4f9c-a4a4-4e5b-87a3-da5fd87f8f86 ] Request (ServerDiagnosticsV248Test:test_get_server_diagnostics): 200 GET http://10.180.1.21/compute/v2.1/servers/1589188b-8540-4afd-8050-ab47633593c0 0.049s
2025-04-16 22:10:47.770 68192 INFO tempest.lib.common.rest_client [req-d4c23f32-466c-4bd0-9603-b8e3c2ed0eab req-d4c23f32-466c-4bd0-9603-b8e3c2ed0eab ] Request (ServerRescueNegativeTestJSON:setUpClass): 200 GET http://10.180.1.21/compute/v2.1/servers/9842d097-f4f2-4f60-aea0-08896a47ff53 0.048s
2025-04-16 22:10:47.814 68210 INFO tempest.lib.common.rest_client [req-5fca8a1a-1c09-449f-86ab-0d86b548e90c req-5fca8a1a-1c09-449f-86ab-0d86b548e90c ] Request (DeleteServersTestJSON:test_delete_active_server): 200 GET http://10.180.1.21/compute/v2.1/servers/4458efe7-18d4-4cfb-b131-e09d36124d68 0.054s
2025-04-16 22:10:47.838 68232 INFO tempest.lib.common.rest_client [req-96266ec6-69de-40bc-9ef6-045b3302f4f5 req-96266ec6-69de-40bc-9ef6-045b3302f4f5 ] Request (AttachInterfacesUnderV243Test:test_add_remove_fixed_ip): 200 GET http://10.180.1.21/compute/v2.1/servers/7a19bcfd-5544-4688-8edb-e12c567979ae 0.123s
2025-04-16 22:10:48.014 68182 INFO tempest.lib.common.rest_client [req-d23bd29b-3c79-4959-9eef-6b046c150c10 req-d23bd29b-3c79-4959-9eef-6b046c150c10 ] Request (ServerDiagnosticsNegativeTest:test_get_server_diagnostics_by_non_admin): 200 GET http://10.180.1.21/compute/v2.1/servers/7c092e03-5f1d-4e4a-98ca-8e6abddb3cdb 0.086s
2025-04-16 22:10:48.052 68218 INFO tempest.lib.common.rest_client [req-11165e73-87e6-4e77-9cf9-47dd95d5b7d7 req-11165e73-87e6-4e77-9cf9-47dd95d5b7d7 ] Request (VolumesAssistedSnapshotsTest:test_volume_assisted_snapshot_create_delete): 200 GET http://10.180.1.21/compute/v2.1/servers/9085d0d1-bb7f-4bdd-b6a7-a550fe97ffda 0.087s
2025-04-16 22:10:48.056 68190 INFO tempest.lib.common.rest_client [req-1bd0929f-a9ff-4f31-a684-a65d0cc34989 req-1bd0929f-a9ff-4f31-a684-a65d0cc34989 ] Request (ServersAdminTestJSON:setUpClass): 200 GET http://10.180.1.21/compute/v2.1/servers/641b8e97-b9e6-4ef0-a819-42d3a29429de 0.084s
2025-04-16 22:10:48.096 68178 INFO tempest.lib.common.rest_client [req-2e68e4a9-3b00-487e-adb4-e84fde8a5acd req-2e68e4a9-3b00-487e-adb4-e84fde8a5acd ] Request (ServerShowV254Test:test_rebuild_server): 200 GET http://10.180.1.21/compute/v2.1/servers/786676eb-ac36-48f6-874a-ab1ca15f2a9a 0.082s
2025-04-16 22:10:48.098 68238 INFO tempest.lib.common.rest_client [req-69e0f0e3-9d02-4016-911c-616063c16b9b req-69e0f0e3-9d02-4016-911c-616063c16b9b ] Request (AttachVolumeNegativeTest:test_attach_attached_volume_to_different_server): 200 GET http://10.180.1.21/compute/v2.1/servers/f7888060-430b-4b16-b9ca-059020615dee 0.044s
2025-04-16 22:10:48.150 68226 INFO tempest.lib.common.rest_client [req-05139517-71b4-4ca2-b083-3c4f769dd39b req-05139517-71b4-4ca2-b083-3c4f769dd39b ] Request (ServersV294TestFqdnHostnames:setUpClass): 200 GET http://10.180.1.21/compute/v2.1/servers/bbed830d-aa53-4ea4-93f8-d4b198a333cd 0.048s
2025-04-16 22:10:48.176 68216 INFO tempest.lib.common.rest_client [req-14961b76-2c81-4a66-a57d-6366b46fa166 req-14961b76-2c81-4a66-a57d-6366b46fa166 ] Request (ServersAdminNegativeTestJSON:setUpClass): 200 GET http://10.180.1.21/compute/v2.1/servers/91d5024f-9eac-4a56-b08f-c0f6a7eda775 0.121s
2025-04-16 22:10:48.197 68230 INFO tempest.lib.common.rest_client [req-c28cd431-55fa-4b67-a809-2480b143e150 req-c28cd431-55fa-4b67-a809-2480b143e150 ] Request (ServersAdmin275Test:test_rebuild_update_server_275): 200 GET http://10.180.1.21/compute/v2.1/servers/e1401ec0-00f4-42fc-b8e5-a3b45fae3bcf 0.094s
2025-04-16 22:10:48.219 68186 INFO tempest.lib.common.rest_client [req-76bedc97-3a7c-4574-867a-eccc9a354796 req-76bedc97-3a7c-4574-867a-eccc9a354796 ] Request (ServerAddressesTestJSON:setUpClass): 200 GET http://10.180.1.21/compute/v2.1/servers/e42425fa-6c50-4e76-842b-0bfcccb011c0 0.075s
2025-04-16 22:10:48.238 68188 INFO tempest.lib.common.rest_client [req-c250bfcb-90b8-4cd6-a509-acf4f9b8e3de req-c250bfcb-90b8-4cd6-a509-acf4f9b8e3de ] Request (InstanceActionsNegativeTestJSON:setUpClass): 200 GET http://10.180.1.21/compute/v2.1/servers/aa6229be-c18c-4cf9-99a1-ca546b30d797 0.050s
2025-04-16 22:10:48.282 68240 INFO tempest.lib.common.rest_client [req-b33269a3-6e73-4adf-8ed5-360eac6ab009 req-b33269a3-6e73-4adf-8ed5-360eac6ab009 ] Request (AttachInterfacesV270Test:test_create_get_list_interfaces): 200 GET http://10.180.1.21/compute/v2.1/servers/4c281caa-f99d-40d5-b004-13e7856a29f5 0.046s
2025-04-16 22:10:48.313 68198 INFO tempest.lib.common.rest_client [req-16fbfeb2-6a70-4107-ad03-ad4d6e185cb0 req-16fbfeb2-6a70-4107-ad03-ad4d6e185cb0 ] Request (FloatingIPsAssociationTestJSON:setUpClass): 200 GET http://10.180.1.21/compute/v2.1/servers/913c5652-c8af-41a8-94f1-c0eba08aacdd 0.084s
2025-04-16 22:10:48.466 68222 INFO tempest.lib.common.rest_client [req-5cf7e321-ef17-49f6-a47f-6c555b5616e2 req-5cf7e321-ef17-49f6-a47f-6c555b5616e2 ] Request (ServersTestMultiNic:test_verify_duplicate_network_nics): 200 GET http://10.180.1.21/compute/v2.1/servers/c29ae4c5-cc93-480c-8d60-96f6acba4346 0.094s
2025-04-16 22:10:48.560 68202 INFO tempest.lib.common.rest_client [req-80acdac9-e272-4f3d-9b95-e9165f547637 req-80acdac9-e272-4f3d-9b95-e9165f547637 ] Request (ServerExternalEventsTest:test_create_server_external_events): 200 GET http://10.180.1.21/compute/v2.1/servers/267a1016-410e-4097-9523-6fcafc5f4eb0 0.153s
2025-04-16 22:10:48.587 68184 INFO tempest.lib.common.rest_client [req-a20f0b28-6fec-46b2-a56c-036ff3bab9c2 req-a20f0b28-6fec-46b2-a56c-036ff3bab9c2 ] Request (ImagesNegativeTestJSON:test_create_image_from_deleted_server): 200 GET http://10.180.1.21/compute/v2.1/servers/84cbacaa-08d2-4297-8777-150f433e4c04 0.267s
2025-04-16 22:10:48.604 68204 INFO tempest.lib.common.rest_client [req-399924bc-a6ac-4f2f-87a1-83372f612c12 req-399924bc-a6ac-4f2f-87a1-83372f612c12 ] Request (ServersTestFqdnHostnames:test_create_server_with_fqdn_name): 200 GET http://10.180.1.21/compute/v2.1/servers/8d2a9e20-82d3-44cf-a725-59804debe1cc 0.153s
2025-04-16 22:10:48.646 68224 INFO tempest.lib.common.rest_client [req-2ffd0bbe-26d4-4a18-9349-4c0a5be7afa2 req-2ffd0bbe-26d4-4a18-9349-4c0a5be7afa2 ] Request (ServerGroupTestJSON:test_create_server_with_scheduler_hint_group): 200 GET http://10.180.1.21/compute/v2.1/servers/de1d5572-b82d-4edc-9c7e-a7e26c45a090 0.151s
2025-04-16 22:10:48.670 68234 INFO tempest.lib.common.rest_client [req-0e961213-a314-4037-bbf4-5ccf03d42515 req-0e961213-a314-4037-bbf4-5ccf03d42515 ] Request (ImagesTestJSON:test_create_image_from_stopped_server): 200 GET http://10.180.1.21/compute/v2.1/servers/195a4a1e-3da7-4a69-a679-869346368195 0.175s
2025-04-16 22:10:48.689 68206 INFO tempest.lib.common.rest_client [req-8aca7d3b-3626-4002-b5f0-5557ed76e248 req-8aca7d3b-3626-4002-b5f0-5557ed76e248 ] Request (ServersWithSpecificFlavorTestJSON:test_verify_created_server_ephemeral_disk): 200 GET http://10.180.1.21/compute/v2.1/servers/35b19ccb-4996-47a7-b1a7-6ffc9dd867ee 0.151s
2025-04-16 22:10:48.715 68220 INFO tempest.lib.common.rest_client [req-1ec7ee57-eaed-4881-80d6-4ccff97a4c52 req-1ec7ee57-eaed-4881-80d6-4ccff97a4c52 ] Request (VolumesAdminNegativeTest:test_update_attached_volume_with_nonexistent_volume_in_body): 200 GET http://10.180.1.21/compute/v2.1/servers/96d79732-9076-4715-aa1e-60001ffb17fb 0.137s
2025-04-16 22:10:48.760 68237 INFO tempest.lib.common.rest_client [req-07fec08f-126a-4e46-a42c-fe8542cb94cb req-07fec08f-126a-4e46-a42c-fe8542cb94cb ] Request (ServerPasswordTestJSON:setUpClass): 200 GET http://10.180.1.21/compute/v2.1/servers/1505bcf5-f622-40ee-93c2-8dabf1dce8cb 0.137s
2025-04-16 22:10:48.804 68196 INFO tempest.lib.common.rest_client [req-db335dc0-2671-40eb-9f6a-62acaddf3844 req-db335dc0-2671-40eb-9f6a-62acaddf3844 ] Request (ServersTestManualDisk:setUpClass): 200 GET http://10.180.1.21/compute/v2.1/servers/4cd5b80b-d1f4-4142-83fb-235523464667 0.182s
2025-04-16 22:10:48.812 68194 INFO tempest.lib.common.rest_client [req-140587fc-36ba-4d94-883a-d35fb605e0d7 req-140587fc-36ba-4d94-883a-d35fb605e0d7 ] Request (FloatingIPsAssociationNegativeTestJSON:setUpClass): 200 GET http://10.180.1.21/compute/v2.1/servers/793d6f98-ed1b-4a78-bcd5-cb796441d64b 0.231s
2025-04-16 22:10:48.847 68212 INFO tempest.lib.common.rest_client [req-a42dca81-8915-4925-92e3-fe7723da5033 req-a42dca81-8915-4925-92e3-fe7723da5033 ] Request (ServersTestBootFromVolume:setUpClass): 200 GET http://10.180.1.21/compute/v2.1/servers/f935bfef-3ca7-41fc-89be-c5c4e070a401 0.181s
2025-04-16 22:10:48.855 68180 INFO tempest.lib.common.rest_client [req-7ccd42ff-3f1b-4fd9-ac46-7f4e2e638559 req-7ccd42ff-3f1b-4fd9-ac46-7f4e2e638559 ] Request (ServerDiagnosticsTest:test_get_server_diagnostics): 200 GET http://10.180.1.21/compute/v2.1/servers/55dfe829-2e96-40d7-bef8-8e7556cbdab3 0.188s
2025-04-16 22:10:48.888 68214 INFO tempest.lib.common.rest_client [req-03fb85e1-e00d-4468-9761-5f1206a4582a req-03fb85e1-e00d-4468-9761-5f1206a4582a ] Request (ServerDiskConfigTestJSON:test_rebuild_server_with_auto_disk_config): 200 GET http://10.180.1.21/compute/v2.1/servers/66d3ec66-244d-4ffa-bd6f-7067f8955e67 0.177s
2025-04-16 22:10:48.901 68208 INFO tempest.lib.common.rest_client [req-acab103a-b4f9-48df-b328-ab390bff9879 req-acab103a-b4f9-48df-b328-ab390bff9879 ] Request (ServerDiagnosticsV248Test:test_get_server_diagnostics): 200 GET http://10.180.1.21/compute/v2.1/servers/1589188b-8540-4afd-8050-ab47633593c0 0.164s
2025-04-16 22:10:48.929 68192 INFO tempest.lib.common.rest_client [req-28f0946d-27e8-4f7d-8ef4-dee6d6930049 req-28f0946d-27e8-4f7d-8ef4-dee6d6930049 ] Request (ServerRescueNegativeTestJSON:setUpClass): 200 GET http://10.180.1.21/compute/v2.1/servers/9842d097-f4f2-4f60-aea0-08896a47ff53 0.151s
2025-04-16 22:10:48.944 68210 INFO tempest.lib.common.rest_client [req-e57626ac-91a4-40a5-a199-f0bdb0a04f9b req-e57626ac-91a4-40a5-a199-f0bdb0a04f9b ] Request (DeleteServersTestJSON:test_delete_active_server): 200 GET http://10.180.1.21/compute/v2.1/servers/4458efe7-18d4-4cfb-b131-e09d36124d68 0.123s
2025-04-16 22:10:49.010 68232 INFO tempest.lib.common.rest_client [req-9c588c51-f98d-458f-bf1d-fbdf4f1e9289 req-9c588c51-f98d-458f-bf1d-fbdf4f1e9289 ] Request (AttachInterfacesUnderV243Test:test_add_remove_fixed_ip): 200 GET http://10.180.1.21/compute/v2.1/servers/7a19bcfd-5544-4688-8edb-e12c567979ae 0.165s
2025-04-16 22:10:49.106 68182 INFO tempest.lib.common.rest_client [req-b988031a-d330-4de3-8c69-e9126ac429f1 req-b988031a-d330-4de3-8c69-e9126ac429f1 ] Request (ServerDiagnosticsNegativeTest:test_get_server_diagnostics_by_non_admin): 200 GET http://10.180.1.21/compute/v2.1/servers/7c092e03-5f1d-4e4a-98ca-8e6abddb3cdb 0.084s
2025-04-16 22:10:49.146 68218 INFO tempest.lib.common.rest_client [req-bd91150e-5dae-4938-b752-8bab7454f249 req-bd91150e-5dae-4938-b752-8bab7454f249 ] Request (VolumesAssistedSnapshotsTest:test_volume_assisted_snapshot_create_delete): 200 GET http://10.180.1.21/compute/v2.1/servers/9085d0d1-bb7f-4bdd-b6a7-a550fe97ffda 0.086s
2025-04-16 22:10:49.146 68190 INFO tempest.lib.common.rest_client [req-ac4d0376-88b9-4010-ba4c-66f19f42662a req-ac4d0376-88b9-4010-ba4c-66f19f42662a ] Request (ServersAdminTestJSON:setUpClass): 200 GET http://10.180.1.21/compute/v2.1/servers/641b8e97-b9e6-4ef0-a819-42d3a29429de 0.082s
2025-04-16 22:10:49.188 68238 INFO tempest.lib.common.rest_client [req-f10a0340-795a-4dfe-91cc-1a4ce2c53ae9 req-f10a0340-795a-4dfe-91cc-1a4ce2c53ae9 ] Request (AttachVolumeNegativeTest:test_attach_attached_volume_to_different_server): 200 GET http://10.180.1.21/compute/v2.1/servers/f7888060-430b-4b16-b9ca-059020615dee 0.083s
2025-04-16 22:10:49.190 68178 INFO tempest.lib.common.rest_client [req-ea11616b-cad1-42a3-843c-40b61fca7c05 req-ea11616b-cad1-42a3-843c-40b61fca7c05 ] Request (ServerShowV254Test:test_rebuild_server): 200 GET http://10.180.1.21/compute/v2.1/servers/786676eb-ac36-48f6-874a-ab1ca15f2a9a 0.084s
2025-04-16 22:10:49.243 68226 INFO tempest.lib.common.rest_client [req-ad4486ae-d7ab-4dd8-9027-d2078c2a68b2 req-ad4486ae-d7ab-4dd8-9027-d2078c2a68b2 ] Request (ServersV294TestFqdnHostnames:setUpClass): 200 GET http://10.180.1.21/compute/v2.1/servers/bbed830d-aa53-4ea4-93f8-d4b198a333cd 0.082s
2025-04-16 22:10:49.290 68216 INFO tempest.lib.common.rest_client [req-1ba8d5e5-6a64-4761-a418-a042fdc61b6b req-1ba8d5e5-6a64-4761-a418-a042fdc61b6b ] Request (ServersAdminNegativeTestJSON:setUpClass): 200 GET http://10.180.1.21/compute/v2.1/servers/91d5024f-9eac-4a56-b08f-c0f6a7eda775 0.106s
2025-04-16 22:10:49.296 68230 INFO tempest.lib.common.rest_client [req-6ae29e27-3851-452f-83eb-bbd431c6cccb req-6ae29e27-3851-452f-83eb-bbd431c6cccb ] Request (ServersAdmin275Test:test_rebuild_update_server_275): 200 GET http://10.180.1.21/compute/v2.1/servers/e1401ec0-00f4-42fc-b8e5-a3b45fae3bcf 0.089s
2025-04-16 22:10:49.335 68186 INFO tempest.lib.common.rest_client [req-bc1acfbb-d75c-4063-be4d-549433986595 req-bc1acfbb-d75c-4063-be4d-549433986595 ] Request (ServerAddressesTestJSON:setUpClass): 200 GET http://10.180.1.21/compute/v2.1/servers/e42425fa-6c50-4e76-842b-0bfcccb011c0 0.108s
2025-04-16 22:10:49.341 68188 INFO tempest.lib.common.rest_client [req-704d8512-7753-488d-bb10-a4389247b31a req-704d8512-7753-488d-bb10-a4389247b31a ] Request (InstanceActionsNegativeTestJSON:setUpClass): 200 GET http://10.180.1.21/compute/v2.1/servers/aa6229be-c18c-4cf9-99a1-ca546b30d797 0.095s
2025-04-16 22:10:49.384 68240 INFO tempest.lib.common.rest_client [req-50ad9314-da4b-41d1-979b-ac3501589b35 req-50ad9314-da4b-41d1-979b-ac3501589b35 ] Request (AttachInterfacesV270Test:test_create_get_list_interfaces): 200 GET http://10.180.1.21/compute/v2.1/servers/4c281caa-f99d-40d5-b004-13e7856a29f5 0.092s
2025-04-16 22:10:49.469 68198 INFO tempest.lib.common.rest_client [req-77dc2834-2a83-4a82-9fa4-927fc53511a9 req-77dc2834-2a83-4a82-9fa4-927fc53511a9 ] Request (FloatingIPsAssociationTestJSON:setUpClass): 200 GET http://10.180.1.21/compute/v2.1/servers/913c5652-c8af-41a8-94f1-c0eba08aacdd 0.149s
2025-04-16 22:10:49.578 68222 INFO tempest.lib.common.rest_client [req-077a65c8-e149-47d5-bba8-b8a8a7d1fe85 req-077a65c8-e149-47d5-bba8-b8a8a7d1fe85 ] Request (ServersTestMultiNic:test_verify_duplicate_network_nics): 200 GET http://10.180.1.21/compute/v2.1/servers/c29ae4c5-cc93-480c-8d60-96f6acba4346 0.104s
2025-04-16 22:10:49.681 68202 INFO tempest.lib.common.rest_client [req-93f28aef-0d91-4de6-bc08-2b50c941d324 req-93f28aef-0d91-4de6-bc08-2b50c941d324 ] Request (ServerExternalEventsTest:test_create_server_external_events): 200 GET http://10.180.1.21/compute/v2.1/servers/267a1016-410e-4097-9523-6fcafc5f4eb0 0.111s
2025-04-16 22:10:49.693 68184 INFO tempest.lib.common.rest_client [req-8bc600de-7b8f-4f48-b643-90c4d0672a4d req-8bc600de-7b8f-4f48-b643-90c4d0672a4d ] Request (ImagesNegativeTestJSON:test_create_image_from_deleted_server): 200 GET http://10.180.1.21/compute/v2.1/servers/84cbacaa-08d2-4297-8777-150f433e4c04 0.096s
2025-04-16 22:10:49.731 68204 INFO tempest.lib.common.rest_client [req-8f5ae677-bd73-4b74-a4f5-1f808e0aba5e req-8f5ae677-bd73-4b74-a4f5-1f808e0aba5e ] Request (ServersTestFqdnHostnames:test_create_server_with_fqdn_name): 200 GET http://10.180.1.21/compute/v2.1/servers/8d2a9e20-82d3-44cf-a725-59804debe1cc 0.117s
2025-04-16 22:10:49.741 68224 INFO tempest.lib.common.rest_client [req-f88e51c5-9340-4c17-a926-b9c6dfb9277b req-f88e51c5-9340-4c17-a926-b9c6dfb9277b ] Request (ServerGroupTestJSON:test_create_server_with_scheduler_hint_group): 200 GET http://10.180.1.21/compute/v2.1/servers/de1d5572-b82d-4edc-9c7e-a7e26c45a090 0.087s
2025-04-16 22:10:49.786 68206 INFO tempest.lib.common.rest_client [req-809e3992-2b0c-4881-9bbb-efcbfd4db1fa req-809e3992-2b0c-4881-9bbb-efcbfd4db1fa ] Request (ServersWithSpecificFlavorTestJSON:test_verify_created_server_ephemeral_disk): 200 GET http://10.180.1.21/compute/v2.1/servers/35b19ccb-4996-47a7-b1a7-6ffc9dd867ee 0.089s
2025-04-16 22:10:49.834 68234 INFO tempest.lib.common.rest_client [req-fc2cb2ec-3f70-4eac-a592-fd5e8775a8ba req-fc2cb2ec-3f70-4eac-a592-fd5e8775a8ba ] Request (ImagesTestJSON:test_create_image_from_stopped_server): 200 GET http://10.180.1.21/compute/v2.1/servers/195a4a1e-3da7-4a69-a679-869346368195 0.155s
2025-04-16 22:10:49.835 68220 INFO tempest.lib.common.rest_client [req-c5883077-f855-44d2-bde4-c8aa27b8c55f req-c5883077-f855-44d2-bde4-c8aa27b8c55f ] Request (VolumesAdminNegativeTest:test_update_attached_volume_with_nonexistent_volume_in_body): 200 GET http://10.180.1.21/compute/v2.1/servers/96d79732-9076-4715-aa1e-60001ffb17fb 0.112s
2025-04-16 22:10:49.885 68237 INFO tempest.lib.common.rest_client [req-d8524329-8416-4568-b06c-254e67aa5585 req-d8524329-8416-4568-b06c-254e67aa5585 ] Request (ServerPasswordTestJSON:setUpClass): 200 GET http://10.180.1.21/compute/v2.1/servers/1505bcf5-f622-40ee-93c2-8dabf1dce8cb 0.118s
2025-04-16 22:10:49.888 68196 INFO tempest.lib.common.rest_client [req-3af9e8dd-b698-4da9-a9b4-e1fc4c90b0f8 req-3af9e8dd-b698-4da9-a9b4-e1fc4c90b0f8 ] Request (ServersTestManualDisk:setUpClass): 200 GET http://10.180.1.21/compute/v2.1/servers/4cd5b80b-d1f4-4142-83fb-235523464667 0.076s
2025-04-16 22:10:49.935 68212 INFO tempest.lib.common.rest_client [req-4cf1611e-0ecb-4513-98e1-40fee33a34a4 req-4cf1611e-0ecb-4513-98e1-40fee33a34a4 ] Request (ServersTestBootFromVolume:setUpClass): 200 GET http://10.180.1.21/compute/v2.1/servers/f935bfef-3ca7-41fc-89be-c5c4e070a401 0.080s
2025-04-16 22:10:49.986 68180 INFO tempest.lib.common.rest_client [req-298fc6eb-3f36-4f2b-a2ab-76e5465b0e63 req-298fc6eb-3f36-4f2b-a2ab-76e5465b0e63 ] Request (ServerDiagnosticsTest:test_get_server_diagnostics): 200 GET http://10.180.1.21/compute/v2.1/servers/55dfe829-2e96-40d7-bef8-8e7556cbdab3 0.123s
2025-04-16 22:10:50.024 68194 INFO tempest.lib.common.rest_client [req-79662f78-ab5f-4044-8fba-a005f204735e req-79662f78-ab5f-4044-8fba-a005f204735e ] Request (FloatingIPsAssociationNegativeTestJSON:setUpClass): 200 GET http://10.180.1.21/compute/v2.1/servers/793d6f98-ed1b-4a78-bcd5-cb796441d64b 0.204s
2025-04-16 22:10:50.044 68214 INFO tempest.lib.common.rest_client [req-ad78ea6c-d353-4ef3-a3f0-7efa07fe48b5 req-ad78ea6c-d353-4ef3-a3f0-7efa07fe48b5 ] Request (ServerDiskConfigTestJSON:test_rebuild_server_with_auto_disk_config): 200 GET http://10.180.1.21/compute/v2.1/servers/66d3ec66-244d-4ffa-bd6f-7067f8955e67 0.148s
2025-04-16 22:10:50.075 68208 INFO tempest.lib.common.rest_client [req-80f86c3a-996c-407f-b4c3-2d1501ac32e7 req-80f86c3a-996c-407f-b4c3-2d1501ac32e7 ] Request (ServerDiagnosticsV248Test:test_get_server_diagnostics): 200 GET http://10.180.1.21/compute/v2.1/servers/1589188b-8540-4afd-8050-ab47633593c0 0.166s
2025-04-16 22:10:50.090 68192 INFO tempest.lib.common.rest_client [req-a29b0568-684e-40a2-9e5d-868bd38095c1 req-a29b0568-684e-40a2-9e5d-868bd38095c1 ] Request (ServerRescueNegativeTestJSON:setUpClass): 200 GET http://10.180.1.21/compute/v2.1/servers/9842d097-f4f2-4f60-aea0-08896a47ff53 0.154s
2025-04-16 22:10:50.123 68210 INFO tempest.lib.common.rest_client [req-54b571dd-46fa-4ae5-86b5-5c579c402359 req-54b571dd-46fa-4ae5-86b5-5c579c402359 ] Request (DeleteServersTestJSON:test_delete_active_server): 200 GET http://10.180.1.21/compute/v2.1/servers/4458efe7-18d4-4cfb-b131-e09d36124d68 0.171s
2025-04-16 22:10:50.181 68232 INFO tempest.lib.common.rest_client [req-74afb58e-9d58-41b4-b8d2-253dfebd135e req-74afb58e-9d58-41b4-b8d2-253dfebd135e ] Request (AttachInterfacesUnderV243Test:test_add_remove_fixed_ip): 200 GET http://10.180.1.21/compute/v2.1/servers/7a19bcfd-5544-4688-8edb-e12c567979ae 0.163s
2025-04-16 22:10:50.212 68182 INFO tempest.lib.common.rest_client [req-d5a04d67-86a6-4a0f-9b18-e5660fc6cc31 req-d5a04d67-86a6-4a0f-9b18-e5660fc6cc31 ] Request (ServerDiagnosticsNegativeTest:test_get_server_diagnostics_by_non_admin): 200 GET http://10.180.1.21/compute/v2.1/servers/7c092e03-5f1d-4e4a-98ca-8e6abddb3cdb 0.099s
2025-04-16 22:10:50.229 68190 INFO tempest.lib.common.rest_client [req-ce304def-6cc7-490b-b36b-3448740aa717 req-ce304def-6cc7-490b-b36b-3448740aa717 ] Request (ServersAdminTestJSON:setUpClass): 200 GET http://10.180.1.21/compute/v2.1/servers/641b8e97-b9e6-4ef0-a819-42d3a29429de 0.075s
2025-04-16 22:10:50.280 68238 INFO tempest.lib.common.rest_client [req-8eaa6c55-70a1-4ec7-9d28-3bf02bbef433 req-8eaa6c55-70a1-4ec7-9d28-3bf02bbef433 ] Request (AttachVolumeNegativeTest:test_attach_attached_volume_to_different_server): 200 GET http://10.180.1.21/compute/v2.1/servers/f7888060-430b-4b16-b9ca-059020615dee 0.085s
