2025-03-07 07:11:00.229 65920 INFO tempest.lib.common.rest_client [req-e82a2a2d-fb0d-4107-9494-68484d08aab7 req-e82a2a2d-fb0d-4107-9494-68484d08aab7 ] Request (ServersAdminTestJSON:tearDownClass): 204 DELETE http://10.180.1.21:9696/networking/v2.0/subnets/04c73081-5185-4ffa-ac27-75c725c15a3e 0.531s
2025-03-07 07:11:00.387 65912 INFO tempest.lib.common.rest_client [req-8d2211c3-962b-4bb5-9b29-fa38c0a0e3d2 req-8d2211c3-962b-4bb5-9b29-fa38c0a0e3d2 ] Request (VolumesSnapshotsTestJSON:test_volume_snapshot_create_get_list_delete): 200 POST http://10.180.1.21/compute/v2.1/os-volumes 2.131s
2025-03-07 07:11:00.605 65920 INFO tempest.lib.common.rest_client [req-b0e0d29e-d7e5-450f-adc9-1c8b7f404355 req-b0e0d29e-d7e5-450f-adc9-1c8b7f404355 ] Request (ServersAdminTestJSON:tearDownClass): 204 DELETE http://10.180.1.21:9696/networking/v2.0/networks/6627fcfd-8373-45ca-9612-ed669e6a4381 0.375s
2025-03-07 07:11:00.618 65926 INFO tempest.lib.common.rest_client [req-010163e9-a034-4e42-b730-72b82157a9d4 req-010163e9-a034-4e42-b730-72b82157a9d4 ] Request (FloatingIPsAssociationTestJSON:setUpClass): 200 GET http://10.180.1.21/compute/v2.1/servers/53d9fa9e-f645-47a7-9990-4ad3bfb4ca45 2.045s
2025-03-07 07:11:00.706 65920 INFO tempest.lib.common.rest_client [req-51cec6d9-05ee-48fa-9892-00ff098285bf req-51cec6d9-05ee-48fa-9892-00ff098285bf ] Request (ServersAdminTestJSON:tearDownClass): 204 DELETE http://10.180.1.21/identity/v3/users/113c58fdd04d4b96a26d7f734c73b126 0.101s
2025-03-07 07:11:00.724 65938 INFO tempest.lib.common.rest_client [req-d98903c4-22de-4426-ae6b-e8f736b00f86 req-d98903c4-22de-4426-ae6b-e8f736b00f86 ] Request (ServerActionsTestOtherB:setUpClass): 200 POST http://10.180.1.21/compute/v2.1/os-keypairs 2.133s
2025-03-07 07:11:00.823 65938 INFO tempest.lib.common.rest_client [req-e6c218ca-b037-445e-b179-f8e5dc295857 req-e6c218ca-b037-445e-b179-f8e5dc295857 ] Request (ServerActionsTestOtherB:setUpClass): 201 POST http://10.180.1.21:9696/networking/v2.0/security-groups 0.096s
2025-03-07 07:11:00.827 65920 INFO tempest.lib.common.rest_client [req-5f8b7456-dcfc-4e94-95f7-c7da811d18fe req-5f8b7456-dcfc-4e94-95f7-c7da811d18fe ] Request (ServersAdminTestJSON:tearDownClass): 204 DELETE http://10.180.1.21/identity/v3/users/517a86f3ce204e10b1ce08d5d83c33c4 0.120s
2025-03-07 07:11:00.827 65920 INFO tempest.lib.common.dynamic_creds [-] Deleting project and security group for project: ed5609bf10ff4984bce7c08c4ade8a73
2025-03-07 07:11:00.836 65956 INFO tempest.lib.common.rest_client [req-47d68919-f4cb-4a88-b962-884506209363 req-47d68919-f4cb-4a88-b962-884506209363 ] Request (ImagesTestJSON:setUpClass): 201 POST http://10.180.1.21:9696/networking/v2.0/networks 0.935s
2025-03-07 07:11:00.879 65920 INFO tempest.lib.common.rest_client [req-3a346243-0436-4a76-9851-f799db5b070c req-3a346243-0436-4a76-9851-f799db5b070c ] Request (ServersAdminTestJSON:tearDownClass): 200 GET http://10.180.1.21:9696/networking/v2.0/security-groups?tenant_id=ed5609bf10ff4984bce7c08c4ade8a73&name=default 0.051s
2025-03-07 07:11:00.881 65946 INFO tempest.lib.common.rest_client [req-fe56e5d3-cb07-434d-b3da-f2cca9bc0998 req-fe56e5d3-cb07-434d-b3da-f2cca9bc0998 ] Request (ServerTagsTestJSON:setUpClass): 200 PUT http://10.180.1.21:9696/networking/v2.0/routers/c9ce613b-6e5c-4852-ad85-3f38f0611933/add_router_interface 4.648s
2025-03-07 07:11:00.882 65946 INFO tempest.lib.common.dynamic_creds [-] Created isolated network resources for: credentials: Credentials: {'domain_id': 'default', 'domain_name': 'Default', 'username': 'tempest-ServerTagsTestJSON-2119772601-project-member', 'project_domain_id': 'default', 'project_domain_name': 'Default', 'project_id': '312fb656d39849b1accd526dd2f06644', 'project_name': 'tempest-ServerTagsTestJSON-2119772601', 'tenant_id': '312fb656d39849b1accd526dd2f06644', 'tenant_name': 'tempest-ServerTagsTestJSON-2119772601', 'user_domain_id': 'default', 'user_domain_name': 'Default', 'user_id': '6c08cf5bff684dae8e46257b50e0e675', 'system': None}, Network: {'id': 'b324acb4-9406-47af-ac27-ade2049809bf', 'name': 'tempest-ServerTagsTestJSON-2068470433-network', 'tenant_id': '312fb656d39849b1accd526dd2f06644', 'admin_state_up': True, 'mtu': 8950, 'status': 'ACTIVE', 'subnets': [], 'shared': False, 'project_id': '312fb656d39849b1accd526dd2f06644', 'port_security_enabled': True, 'router:external': False, 'provider:network_type': 'vlan', 'provider:physical_network': 'default', 'provider:segmentation_id': 882, 'is_default': False, 'availability_zone_hints': [], 'availability_zones': [], 'ipv4_address_scope': None, 'ipv6_address_scope': None, 'description': '', 'tags': [], 'created_at': '2025-03-07T07:10:51Z', 'updated_at': '2025-03-07T07:10:51Z', 'revision_number': 1}, Subnet: {'id': '845bb3a0-ad7e-47fb-b283-2d382011bbae', 'name': 'tempest-ServerTagsTestJSON-2068470433-subnet', 'tenant_id': '312fb656d39849b1accd526dd2f06644', 'network_id': 'b324acb4-9406-47af-ac27-ade2049809bf', 'ip_version': 4, 'subnetpool_id': None, 'enable_dhcp': True, 'ipv6_ra_mode': None, 'ipv6_address_mode': None, 'gateway_ip': '192.168.128.1', 'cidr': '192.168.128.0/28', 'allocation_pools': [{'start': '192.168.128.2', 'end': '192.168.128.14'}], 'host_routes': [], 'dns_nameservers': [], 'description': '', 'service_types': [], 'tags': [], 'created_at': '2025-03-07T07:10:52Z', 'updated_at': '2025-03-07T07:10:52Z', 'revision_number': 0, 'project_id': '312fb656d39849b1accd526dd2f06644'}, Router: {'id': 'c9ce613b-6e5c-4852-ad85-3f38f0611933', 'name': 'tempest-ServerTagsTestJSON-2068470433-router', 'tenant_id': '312fb656d39849b1accd526dd2f06644', 'admin_state_up': True, 'status': 'ACTIVE', 'external_gateway_info': {'network_id': 'fab60440-d9cb-4a24-8b2f-c4b04cfb9e4e', 'external_fixed_ips': [{'subnet_id': 'c48699e3-a03d-4c90-94d9-69b5af75c2ad', 'ip_address': '10.180.180.199'}], 'enable_snat': True}, 'description': '', 'availability_zones': [], 'distributed': False, 'ha': False, 'availability_zone_hints': [], 'routes': [], 'flavor_id': None, 'tags': [], 'created_at': '2025-03-07T07:10:53Z', 'updated_at': '2025-03-07T07:10:55Z', 'revision_number': 2, 'project_id': '312fb656d39849b1accd526dd2f06644'}
2025-03-07 07:11:00.902 65944 INFO tempest.lib.common.rest_client [req-92ec1956-fa8f-44f2-a234-c97f2b08ab74 req-92ec1956-fa8f-44f2-a234-c97f2b08ab74 ] Request (QuotasTestJSON:test_get_quotas): 200 GET http://10.180.1.21/compute/v2.1/os-quota-sets/2c4c872fa69e408db673f43b71d107a5?user_id=14343819cfa346029239e929145a12c9 2.282s
2025-03-07 07:11:00.966 65946 INFO tempest.lib.common.rest_client [req-30bd53c8-f253-4810-b36f-7d0bf8e85c3c req-30bd53c8-f253-4810-b36f-7d0bf8e85c3c ] Request (ServerTagsTestJSON:setUpClass): 201 POST http://10.180.1.21/identity/v3/auth/tokens 0.076s
2025-03-07 07:11:01.008 65938 INFO tempest.lib.common.rest_client [req-c68156a1-28c7-4ecf-8555-1b7e8822a623 req-c68156a1-28c7-4ecf-8555-1b7e8822a623 ] Request (ServerActionsTestOtherB:setUpClass): 201 POST http://10.180.1.21:9696/networking/v2.0/security-group-rules 0.184s
2025-03-07 07:11:01.031 65946 INFO tempest.lib.common.rest_client [req-0c362004-bca1-4384-b696-ad46ba20f6c1 req-0c362004-bca1-4384-b696-ad46ba20f6c1 ] Request (ServerTagsTestJSON:setUpClass): 201 POST http://10.180.1.21/identity/v3/auth/tokens 0.061s
2025-03-07 07:11:01.032 65946 INFO tempest.lib.common.fixed_network [-] (ServerTagsTestJSON:setUpClass) Found network {'id': 'b324acb4-9406-47af-ac27-ade2049809bf', 'name': 'tempest-ServerTagsTestJSON-2068470433-network', 'tenant_id': '312fb656d39849b1accd526dd2f06644', 'admin_state_up': True, 'mtu': 8950, 'status': 'ACTIVE', 'subnets': [], 'shared': False, 'project_id': '312fb656d39849b1accd526dd2f06644', 'port_security_enabled': True, 'router:external': False, 'provider:network_type': 'vlan', 'provider:physical_network': 'default', 'provider:segmentation_id': 882, 'is_default': False, 'availability_zone_hints': [], 'availability_zones': [], 'ipv4_address_scope': None, 'ipv6_address_scope': None, 'description': '', 'tags': [], 'created_at': '2025-03-07T07:10:51Z', 'updated_at': '2025-03-07T07:10:51Z', 'revision_number': 1} available for tenant
2025-03-07 07:11:01.038 65944 INFO tempest.lib.common.rest_client [req-b40db459-16a5-4508-af69-6456e2c7a205 req-b40db459-16a5-4508-af69-6456e2c7a205 ] Request (QuotasTestJSON:tearDownClass): 204 DELETE http://10.180.1.21/identity/v3/users/14343819cfa346029239e929145a12c9 0.130s
2025-03-07 07:11:01.038 65944 INFO tempest.lib.common.dynamic_creds [-] Deleting project and security group for project: 2c4c872fa69e408db673f43b71d107a5
2025-03-07 07:11:01.104 65944 INFO tempest.lib.common.rest_client [req-9eb86c60-d3b4-496f-8951-ebf1f0c89cd4 req-9eb86c60-d3b4-496f-8951-ebf1f0c89cd4 ] Request (QuotasTestJSON:tearDownClass): 201 POST http://10.180.1.21/identity/v3/auth/tokens 0.065s
2025-03-07 07:11:01.111 65920 INFO tempest.lib.common.rest_client [req-922c2e7f-f92f-44b7-bbdb-0237b8b2f55c req-922c2e7f-f92f-44b7-bbdb-0237b8b2f55c ] Request (ServersAdminTestJSON:tearDownClass): 204 DELETE http://10.180.1.21:9696/networking/v2.0/security-groups/d639d818-2b29-4670-802c-cb89e1fcef76 0.232s
2025-03-07 07:11:01.141 65932 INFO tempest.lib.common.rest_client [req-50907c26-0da3-4969-a959-9cc3d7559cc2 req-50907c26-0da3-4969-a959-9cc3d7559cc2 ] Request (DeleteServersAdminTestJSON:test_admin_delete_servers_of_others): 200 GET http://10.180.1.21/compute/v2.1/servers/a8b4f796-2893-4c05-be82-16a1bfd46db9 2.317s
2025-03-07 07:11:01.182 65920 INFO tempest.lib.common.rest_client [req-96b00330-a98c-47b0-b117-ad87a054c95c req-96b00330-a98c-47b0-b117-ad87a054c95c ] Request (ServersAdminTestJSON:tearDownClass): 204 DELETE http://10.180.1.21/identity/v3/projects/ed5609bf10ff4984bce7c08c4ade8a73 0.070s
2025-03-07 07:11:01.182 65920 INFO tempest.lib.common.dynamic_creds [-] Deleting project and security group for project: 53bd88f32f914fdd8f3080089466ccdc
2025-03-07 07:11:01.215 65938 INFO tempest.lib.common.rest_client [req-6f35c529-4061-4ec1-bd35-454088acb1b8 req-6f35c529-4061-4ec1-bd35-454088acb1b8 ] Request (ServerActionsTestOtherB:setUpClass): 201 POST http://10.180.1.21:9696/networking/v2.0/security-group-rules 0.203s
2025-03-07 07:11:01.253 65920 INFO tempest.lib.common.rest_client [req-d6ff2bb3-84a3-4eff-b7a9-5a0435403115 req-d6ff2bb3-84a3-4eff-b7a9-5a0435403115 ] Request (ServersAdminTestJSON:tearDownClass): 200 GET http://10.180.1.21:9696/networking/v2.0/security-groups?tenant_id=53bd88f32f914fdd8f3080089466ccdc&name=default 0.070s
2025-03-07 07:11:01.258 65954 INFO tempest.lib.common.rest_client [req-370b83cd-cae3-4caa-a2ea-95bbc23cf885 req-370b83cd-cae3-4caa-a2ea-95bbc23cf885 ] Request (ServerActionsV293TestJSON:setUpClass): 200 GET http://10.180.1.21/compute/v2.1/servers/683608f6-6321-409f-95e8-ebd598b33fad 2.219s
2025-03-07 07:11:01.326 65956 INFO tempest.lib.common.rest_client [req-0707e448-59dd-4685-bd00-66799c53f777 req-0707e448-59dd-4685-bd00-66799c53f777 ] Request (ImagesTestJSON:setUpClass): 201 POST http://10.180.1.21:9696/networking/v2.0/subnets 0.490s
2025-03-07 07:11:01.594 65944 INFO tempest.lib.common.rest_client [req-2f6277d3-2b50-47b2-bb8b-9b0834546c2d req-2f6277d3-2b50-47b2-bb8b-9b0834546c2d ] Request (QuotasTestJSON:tearDownClass): 200 GET http://10.180.1.21:9696/networking/v2.0/security-groups?tenant_id=2c4c872fa69e408db673f43b71d107a5&name=default 0.490s
2025-03-07 07:11:01.704 65920 INFO tempest.lib.common.rest_client [req-4b2f966e-af3d-453f-bf2d-749579f29500 req-4b2f966e-af3d-453f-bf2d-749579f29500 ] Request (ServersAdminTestJSON:tearDownClass): 204 DELETE http://10.180.1.21:9696/networking/v2.0/security-groups/48b59460-1f14-4b17-bacb-35902654dc9c 0.451s
2025-03-07 07:11:01.796 65944 INFO tempest.lib.common.rest_client [req-c299b180-4080-4cb3-aaee-021da5eb4879 req-c299b180-4080-4cb3-aaee-021da5eb4879 ] Request (QuotasTestJSON:tearDownClass): 204 DELETE http://10.180.1.21:9696/networking/v2.0/security-groups/164d1d94-5557-40fb-b337-22a3f42464bf 0.201s
2025-03-07 07:11:01.801 65920 INFO tempest.lib.common.rest_client [req-a22cc3ce-6703-42fd-bc17-a593077294b2 req-a22cc3ce-6703-42fd-bc17-a593077294b2 ] Request (ServersAdminTestJSON:tearDownClass): 204 DELETE http://10.180.1.21/identity/v3/projects/53bd88f32f914fdd8f3080089466ccdc 0.096s
2025-03-07 07:11:01.868 65920 INFO tempest.lib.common.rest_client [req-5706a375-a490-4105-9dfe-3c491e6681fa req-5706a375-a490-4105-9dfe-3c491e6681fa ] Request (ListServersNegativeTestJSON:setUpClass): 201 POST http://10.180.1.21/identity/v3/auth/tokens 0.060s
2025-03-07 07:11:01.873 65960 INFO tempest.lib.common.rest_client [req-d58091bd-f750-41bf-8ece-63db187c4931 req-d58091bd-f750-41bf-8ece-63db187c4931 ] Request (ServersTestMultiNic:test_verify_duplicate_network_nics): 202 POST http://10.180.1.21/compute/v2.1/servers 3.523s
2025-03-07 07:11:01.913 65944 INFO tempest.lib.common.rest_client [req-28d2f3c6-508c-47e1-8123-d9d8e4fec115 req-28d2f3c6-508c-47e1-8123-d9d8e4fec115 ] Request (QuotasTestJSON:tearDownClass): 204 DELETE http://10.180.1.21/identity/v3/projects/2c4c872fa69e408db673f43b71d107a5 0.116s
2025-03-07 07:11:01.958 65920 INFO tempest.lib.common.rest_client [req-2a7420d1-0227-4ccb-8193-8121f20598fc req-2a7420d1-0227-4ccb-8193-8121f20598fc ] Request (ListServersNegativeTestJSON:setUpClass): 201 POST http://10.180.1.21/identity/v3/auth/tokens 0.087s
2025-03-07 07:11:01.986 65920 INFO tempest.lib.common.rest_client [req-1bd149b4-a6ce-464d-b9dc-2cd3eaa7e7ba req-1bd149b4-a6ce-464d-b9dc-2cd3eaa7e7ba ] Request (ListServersNegativeTestJSON:setUpClass): 200 GET http://10.180.1.21/identity/v3/domains?name=Default 0.027s
2025-03-07 07:11:02.031 65920 INFO tempest.lib.common.rest_client [req-088d218e-c572-4b04-a47a-63649d7cfe2d req-088d218e-c572-4b04-a47a-63649d7cfe2d ] Request (ListServersNegativeTestJSON:setUpClass): 201 POST http://10.180.1.21/identity/v3/projects 0.045s
2025-03-07 07:11:02.115 65920 INFO tempest.lib.common.rest_client [req-4e46dadc-32a3-4b7c-b2ff-8fc5db195a4a req-4e46dadc-32a3-4b7c-b2ff-8fc5db195a4a ] Request (ListServersNegativeTestJSON:setUpClass): 201 POST http://10.180.1.21/identity/v3/users 0.083s
2025-03-07 07:11:02.147 65920 INFO tempest.lib.common.rest_client [req-3b5723b2-2c2d-477b-9f41-21b078403212 req-3b5723b2-2c2d-477b-9f41-21b078403212 ] Request (ListServersNegativeTestJSON:setUpClass): 200 GET http://10.180.1.21/identity/v3/roles 0.032s
2025-03-07 07:11:02.206 65920 INFO tempest.lib.common.rest_client [req-dd9bda4a-df05-456c-8abf-bb74214e7a6c req-dd9bda4a-df05-456c-8abf-bb74214e7a6c ] Request (ListServersNegativeTestJSON:setUpClass): 204 PUT http://10.180.1.21/identity/v3/projects/a3c736af187c492a9e2b150f3862531d/users/ee32da457e13421084bd440e8c82d795/roles/cce370300e56477e99baf553989190a0 0.058s
2025-03-07 07:11:02.206 65920 INFO tempest.lib.common.dynamic_creds [-] Dynamic test user ee32da457e13421084bd440e8c82d795 is created with scope project and roles: ['member']
2025-03-07 07:11:02.207 65920 INFO tempest.lib.common.dynamic_creds [-] Acquired dynamic creds: credentials: Credentials: {'domain_id': 'default', 'domain_name': 'Default', 'username': 'tempest-ListServersNegativeTestJSON-1391608803-project-member', 'project_domain_id': 'default', 'project_domain_name': 'Default', 'project_id': 'a3c736af187c492a9e2b150f3862531d', 'project_name': 'tempest-ListServersNegativeTestJSON-1391608803', 'tenant_id': 'a3c736af187c492a9e2b150f3862531d', 'tenant_name': 'tempest-ListServersNegativeTestJSON-1391608803', 'user_domain_id': 'default', 'user_domain_name': 'Default', 'user_id': 'ee32da457e13421084bd440e8c82d795', 'system': None}, Network: None, Subnet: None, Router: None
2025-03-07 07:11:02.236 65940 INFO tempest.lib.common.rest_client [req-773e0ae4-2f1e-4281-af13-9415ffe39d42 req-773e0ae4-2f1e-4281-af13-9415ffe39d42 ] Request (FloatingIPsAssociationNegativeTestJSON:setUpClass): 200 GET http://10.180.1.21/compute/v2.1/servers/059f5688-3497-40bd-bf18-9c0748f3bdd6 2.846s
2025-03-07 07:11:02.261 65952 INFO tempest.lib.common.rest_client [req-c35498d9-7a04-4ffe-88d8-4f833e3b16ce req-c35498d9-7a04-4ffe-88d8-4f833e3b16ce ] Request (DeleteServersTestJSON:test_delete_active_server): 202 POST http://10.180.1.21/compute/v2.1/servers 3.090s
2025-03-07 07:11:02.266 65920 INFO tempest.lib.common.rest_client [req-c02540b2-a841-41b6-8fdf-4534159d90dd req-c02540b2-a841-41b6-8fdf-4534159d90dd ] Request (ListServersNegativeTestJSON:setUpClass): 201 POST http://10.180.1.21/identity/v3/auth/tokens 0.059s
2025-03-07 07:11:02.267 65948 INFO tempest.lib.common.rest_client [req-7ef570bf-306b-4610-8949-0c35e7dcc6db req-7ef570bf-306b-4610-8949-0c35e7dcc6db ] Request (ServerAddressesNegativeTestJSON:setUpClass): 200 PUT http://10.180.1.21:9696/networking/v2.0/routers/2b3370c5-6474-4d87-baf1-45f22d7d863b/add_router_interface 2.775s
2025-03-07 07:11:02.267 65948 INFO tempest.lib.common.dynamic_creds [-] Created isolated network resources for: credentials: Credentials: {'domain_id': 'default', 'domain_name': 'Default', 'username': 'tempest-ServerAddressesNegativeTestJSON-1981819581-project-member', 'project_domain_id': 'default', 'project_domain_name': 'Default', 'project_id': '30fcdee2e31a4e94971b12026ac1f3e4', 'project_name': 'tempest-ServerAddressesNegativeTestJSON-1981819581', 'tenant_id': '30fcdee2e31a4e94971b12026ac1f3e4', 'tenant_name': 'tempest-ServerAddressesNegativeTestJSON-1981819581', 'user_domain_id': 'default', 'user_domain_name': 'Default', 'user_id': '68d5fafd6fd7456aa8318e52d8858249', 'system': None}, Network: {'id': '97274db0-8eed-45dc-a1c3-2f1695916478', 'name': 'tempest-ServerAddressesNegativeTestJSON-2121286750-network', 'tenant_id': '30fcdee2e31a4e94971b12026ac1f3e4', 'admin_state_up': True, 'mtu': 8950, 'status': 'ACTIVE', 'subnets': [], 'shared': False, 'project_id': '30fcdee2e31a4e94971b12026ac1f3e4', 'port_security_enabled': True, 'router:external': False, 'provider:network_type': 'vlan', 'provider:physical_network': 'default', 'provider:segmentation_id': 443, 'is_default': False, 'availability_zone_hints': [], 'availability_zones': [], 'ipv4_address_scope': None, 'ipv6_address_scope': None, 'description': '', 'tags': [], 'created_at': '2025-03-07T07:10:53Z', 'updated_at': '2025-03-07T07:10:53Z', 'revision_number': 1}, Subnet: {'id': 'a7240e82-c848-4607-8e55-3f63eb4bf26d', 'name': 'tempest-ServerAddressesNegativeTestJSON-2121286750-subnet', 'tenant_id': '30fcdee2e31a4e94971b12026ac1f3e4', 'network_id': '97274db0-8eed-45dc-a1c3-2f1695916478', 'ip_version': 4, 'subnetpool_id': None, 'enable_dhcp': True, 'ipv6_ra_mode': None, 'ipv6_address_mode': None, 'gateway_ip': '192.168.128.1', 'cidr': '192.168.128.0/28', 'allocation_pools': [{'start': '192.168.128.2', 'end': '192.168.128.14'}], 'host_routes': [], 'dns_nameservers': [], 'description': '', 'service_types': [], 'tags': [], 'created_at': '2025-03-07T07:10:54Z', 'updated_at': '2025-03-07T07:10:54Z', 'revision_number': 0, 'project_id': '30fcdee2e31a4e94971b12026ac1f3e4'}, Router: {'id': '2b3370c5-6474-4d87-baf1-45f22d7d863b', 'name': 'tempest-ServerAddressesNegativeTestJSON-2121286750-router', 'tenant_id': '30fcdee2e31a4e94971b12026ac1f3e4', 'admin_state_up': True, 'status': 'ACTIVE', 'external_gateway_info': {'network_id': 'fab60440-d9cb-4a24-8b2f-c4b04cfb9e4e', 'external_fixed_ips': [{'subnet_id': 'c48699e3-a03d-4c90-94d9-69b5af75c2ad', 'ip_address': '10.180.180.240'}], 'enable_snat': True}, 'description': '', 'availability_zones': [], 'distributed': False, 'ha': False, 'availability_zone_hints': [], 'routes': [], 'flavor_id': None, 'tags': [], 'created_at': '2025-03-07T07:10:55Z', 'updated_at': '2025-03-07T07:10:57Z', 'revision_number': 2, 'project_id': '30fcdee2e31a4e94971b12026ac1f3e4'}
2025-03-07 07:11:02.340 65914 INFO tempest.lib.common.rest_client [req-e7d07131-98c4-43d4-878a-4ced0bb3ad7b req-e7d07131-98c4-43d4-878a-4ced0bb3ad7b ] Request (AttachInterfacesTestJSON:test_create_list_show_delete_interfaces_by_fixed_ip): 200 GET http://10.180.1.21/compute/v2.1/servers/2f3b0ca1-4c03-4b89-b1fe-4c0fd608dfc2 2.838s
2025-03-07 07:11:02.361 65948 INFO tempest.lib.common.rest_client [req-ab084cad-4216-44fa-a416-64e789e37081 req-ab084cad-4216-44fa-a416-64e789e37081 ] Request (ServerAddressesNegativeTestJSON:setUpClass): 201 POST http://10.180.1.21/identity/v3/auth/tokens 0.090s
2025-03-07 07:11:02.394 65948 INFO tempest.lib.common.rest_client [req-1bec928b-a414-456c-b39d-6e5860404b50 req-1bec928b-a414-456c-b39d-6e5860404b50 ] Request (ServerAddressesNegativeTestJSON:setUpClass): 201 POST http://10.180.1.21/identity/v3/auth/tokens 0.027s
2025-03-07 07:11:02.394 65948 INFO tempest.lib.common.fixed_network [-] (ServerAddressesNegativeTestJSON:setUpClass) Found network {'id': '97274db0-8eed-45dc-a1c3-2f1695916478', 'name': 'tempest-ServerAddressesNegativeTestJSON-2121286750-network', 'tenant_id': '30fcdee2e31a4e94971b12026ac1f3e4', 'admin_state_up': True, 'mtu': 8950, 'status': 'ACTIVE', 'subnets': [], 'shared': False, 'project_id': '30fcdee2e31a4e94971b12026ac1f3e4', 'port_security_enabled': True, 'router:external': False, 'provider:network_type': 'vlan', 'provider:physical_network': 'default', 'provider:segmentation_id': 443, 'is_default': False, 'availability_zone_hints': [], 'availability_zones': [], 'ipv4_address_scope': None, 'ipv6_address_scope': None, 'description': '', 'tags': [], 'created_at': '2025-03-07T07:10:53Z', 'updated_at': '2025-03-07T07:10:53Z', 'revision_number': 1} available for tenant
2025-03-07 07:11:02.402 65916 INFO tempest.lib.common.rest_client [req-639a3d38-9410-4566-b5b2-ccb167f7090a req-639a3d38-9410-4566-b5b2-ccb167f7090a ] Request (ServersTestJSON:setUpClass): 200 POST http://10.180.1.21/compute/v2.1/os-keypairs 2.933s
2025-03-07 07:11:02.532 65916 INFO tempest.lib.common.rest_client [req-c09fc5d8-2fb9-4bb8-a296-6c9c5f3daf33 req-c09fc5d8-2fb9-4bb8-a296-6c9c5f3daf33 ] Request (ServersTestJSON:setUpClass): 201 POST http://10.180.1.21:9696/networking/v2.0/security-groups 0.128s
2025-03-07 07:11:02.580 65938 INFO tempest.lib.common.rest_client [req-6beb4839-96f6-42a2-baad-3779dbb1ac4f req-6beb4839-96f6-42a2-baad-3779dbb1ac4f ] Request (ServerActionsTestOtherB:setUpClass): 201 POST http://10.180.1.21:9696/networking/v2.0/floatingips 1.364s
2025-03-07 07:11:02.658 65938 INFO tempest.lib.common.rest_client [req-7b1e621c-78b1-439a-88a6-7b140de60233 req-7b1e621c-78b1-439a-88a6-7b140de60233 ] Request (ServerActionsTestOtherB:setUpClass): 201 POST http://10.180.1.21/identity/v3/auth/tokens 0.073s
2025-03-07 07:11:02.659 65938 INFO tempest.lib.common.fixed_network [-] (ServerActionsTestOtherB:setUpClass) Found network {'id': '806968c4-e38e-4680-9bec-95b0c36bc48d', 'name': 'tempest-ServerActionsTestOtherB-263352403-network', 'tenant_id': '2c73ce2fa3594e49b3a84c5645e34107', 'admin_state_up': True, 'mtu': 8950, 'status': 'ACTIVE', 'subnets': [], 'shared': False, 'project_id': '2c73ce2fa3594e49b3a84c5645e34107', 'port_security_enabled': True, 'router:external': False, 'provider:network_type': 'vlan', 'provider:physical_network': 'default', 'provider:segmentation_id': 585, 'is_default': False, 'availability_zone_hints': [], 'availability_zones': [], 'ipv4_address_scope': None, 'ipv6_address_scope': None, 'description': '', 'tags': [], 'created_at': '2025-03-07T07:10:46Z', 'updated_at': '2025-03-07T07:10:46Z', 'revision_number': 1} available for tenant
2025-03-07 07:11:02.694 65916 INFO tempest.lib.common.rest_client [req-ee218e84-e2e5-47ad-974e-bfa30ed19026 req-ee218e84-e2e5-47ad-974e-bfa30ed19026 ] Request (ServersTestJSON:setUpClass): 201 POST http://10.180.1.21:9696/networking/v2.0/security-group-rules 0.161s
2025-03-07 07:11:02.873 65916 INFO tempest.lib.common.rest_client [req-683847b7-ae56-4d32-83d4-b469c847c873 req-683847b7-ae56-4d32-83d4-b469c847c873 ] Request (ServersTestJSON:setUpClass): 201 POST http://10.180.1.21:9696/networking/v2.0/security-group-rules 0.178s
2025-03-07 07:11:02.968 65908 INFO tempest.lib.common.rest_client [req-b520e745-409f-44bb-a2d6-d3154c4251fb req-b520e745-409f-44bb-a2d6-d3154c4251fb ] Request (ImagesNegativeTestJSON:test_create_image_from_deleted_server): 202 POST http://10.180.1.21/compute/v2.1/servers 3.242s
2025-03-07 07:11:03.035 65928 INFO tempest.lib.common.rest_client [req-b2cb94b3-9cb7-485a-b901-7318cfb4b685 req-b2cb94b3-9cb7-485a-b901-7318cfb4b685 ] Request (ServersTestJSON:test_create_specify_keypair): 200 GET http://10.180.1.21/compute/v2.1/servers/24a71c2a-434c-465f-95f6-4587e2b3155e 3.244s
2025-03-07 07:11:03.051 65971 INFO tempest.lib.common.rest_client [req-12349032-c959-4b8a-a408-a0d032d97af3 req-12349032-c959-4b8a-a408-a0d032d97af3 ] Request (ServerGroupTestJSON:test_create_delete_multiple_server_groups_with_same_name_policy): 200 GET http://10.180.1.21/compute/v2.1/os-server-groups 2.989s
2025-03-07 07:11:03.170 65920 INFO tempest.lib.common.rest_client [req-c5792468-d5bf-44ea-ace2-8661ff0542a6 req-c5792468-d5bf-44ea-ace2-8661ff0542a6 ] Request (ListServersNegativeTestJSON:setUpClass): 201 POST http://10.180.1.21:9696/networking/v2.0/networks 0.903s
2025-03-07 07:11:03.233 65966 INFO tempest.lib.common.rest_client [req-fc6d7429-98fb-4d96-808a-b36044c7bcbf req-fc6d7429-98fb-4d96-808a-b36044c7bcbf ] Request (TenantUsagesTestJSON:setUpClass): 200 GET http://10.180.1.21/compute/v2.1/servers/4bea49fd-7709-4aa8-86ac-c08ee943dd73 3.154s
2025-03-07 07:11:03.250 65936 INFO tempest.lib.common.rest_client [req-fcfaba98-e460-434f-b178-b504baa33da4 req-fcfaba98-e460-434f-b178-b504baa33da4 ] Request (FlavorsV2TestJSON:test_list_flavors_with_detail): 200 GET http://10.180.1.21/compute/v2.1/flavors/detail 3.157s
2025-03-07 07:11:03.344 65924 INFO tempest.lib.common.rest_client [req-0345e453-3eb2-4b56-a0ea-f95b99004262 req-0345e453-3eb2-4b56-a0ea-f95b99004262 ] Request (SecurityGroupsTestJSON:test_list_security_groups_by_server): 202 POST http://10.180.1.21/compute/v2.1/servers 3.654s
2025-03-07 07:11:03.487 65956 INFO tempest.lib.common.rest_client [req-5262d947-9009-479a-b6f5-c65425ae2fad req-5262d947-9009-479a-b6f5-c65425ae2fad ] Request (ImagesTestJSON:setUpClass): 201 POST http://10.180.1.21:9696/networking/v2.0/routers 2.160s
2025-03-07 07:11:03.557 65958 INFO tempest.lib.common.rest_client [req-462d95f3-6197-4d53-95eb-106370ec735c req-462d95f3-6197-4d53-95eb-106370ec735c ] Request (ImagesOneServerNegativeTestJSON:setUpClass): 204 DELETE http://10.180.1.21/compute/v2.1/servers/b7ad10ad-e88b-489e-9337-f573cde5eec0 3.440s
2025-03-07 07:11:03.637 65920 INFO tempest.lib.common.rest_client [req-a760f714-de83-4359-a8ac-d23f58ee3bf7 req-a760f714-de83-4359-a8ac-d23f58ee3bf7 ] Request (ListServersNegativeTestJSON:setUpClass): 201 POST http://10.180.1.21:9696/networking/v2.0/subnets 0.465s
2025-03-07 07:11:03.653 65922 INFO tempest.lib.common.rest_client [req-48bc14a5-f8d3-4565-8e4f-625eea30a44b req-48bc14a5-f8d3-4565-8e4f-625eea30a44b ] Request (ServersAdmin275Test:test_rebuild_update_server_275): 200 GET http://10.180.1.21/compute/v2.1/servers/fc14c935-fe84-4a49-ac1e-575e56b672a3 3.524s
2025-03-07 07:11:03.735 65962 INFO tempest.lib.common.rest_client [req-507bd52d-4d69-4f08-b311-ad60ae29e8ae req-507bd52d-4d69-4f08-b311-ad60ae29e8ae ] Request (ServerMetadataTestJSON:setUpClass): 200 GET http://10.180.1.21/compute/v2.1/servers/7dd433b4-df4c-41be-a2c4-fc4351d007f1 3.386s
2025-03-07 07:11:03.768 65912 INFO tempest.lib.common.rest_client [req-28d1f03f-abb9-4e56-87da-a2bd8be6be27 req-28d1f03f-abb9-4e56-87da-a2bd8be6be27 ] Request (VolumesSnapshotsTestJSON:test_volume_snapshot_create_get_list_delete): 200 GET http://10.180.1.21/compute/v2.1/os-volumes/a3c61e88-b750-46d3-bf5a-43af43d66639 3.378s
2025-03-07 07:11:03.770 65912 INFO tempest.common.waiters [-] volume a3c61e88-b750-46d3-bf5a-43af43d66639 reached available after waiting for 0.770833 seconds
2025-03-07 07:11:04.000 65942 INFO tempest.lib.common.rest_client [req-a2370c16-2a2f-4f8b-9288-bc086f6e25eb req-a2370c16-2a2f-4f8b-9288-bc086f6e25eb ] Request (ServerDiagnosticsNegativeTest:test_get_server_diagnostics_by_non_admin): 200 GET http://10.180.1.21/compute/v2.1/servers/acbe2170-7ce3-4820-b082-6680e559bde1 3.032s
2025-03-07 07:11:04.020 65930 INFO tempest.lib.common.rest_client [req-e1a9e417-ba68-48fc-b7d9-86f2090b0f69 req-e1a9e417-ba68-48fc-b7d9-86f2090b0f69 ] Request (ServerRescueNegativeTestJSON:setUpClass): 202 POST http://10.180.1.21/compute/v2.1/servers 3.916s
2025-03-07 07:11:04.442 65950 INFO tempest.lib.common.rest_client [req-0267d972-ca3b-4757-947b-d5150f6bd512 req-0267d972-ca3b-4757-947b-d5150f6bd512 ] Request (InstanceActionsV221TestJSON:test_get_list_deleted_instance_actions): 200 GET http://10.180.1.21/compute/v2.1/servers/d98c190b-7d45-4e74-909d-75b38bfc6554 3.405s
2025-03-07 07:11:04.550 65916 INFO tempest.lib.common.rest_client [req-c349675f-f526-4a39-ac8b-5493b5738761 req-c349675f-f526-4a39-ac8b-5493b5738761 ] Request (ServersTestJSON:setUpClass): 201 POST http://10.180.1.21:9696/networking/v2.0/floatingips 1.676s
2025-03-07 07:11:04.585 65916 INFO tempest.lib.common.rest_client [req-8a753d1b-53b2-4764-bae3-8d932d8b5c85 req-8a753d1b-53b2-4764-bae3-8d932d8b5c85 ] Request (ServersTestJSON:setUpClass): 201 POST http://10.180.1.21/identity/v3/auth/tokens 0.032s
2025-03-07 07:11:04.585 65916 INFO tempest.lib.common.fixed_network [-] (ServersTestJSON:setUpClass) Found network {'id': 'e941ff0f-e66a-4dff-8f0d-348b44da1fb5', 'name': 'tempest-ServersTestJSON-1346507866-network', 'tenant_id': '9e2b5571605e4ecabde4d4326d80da93', 'admin_state_up': True, 'mtu': 8950, 'status': 'ACTIVE', 'subnets': [], 'shared': False, 'project_id': '9e2b5571605e4ecabde4d4326d80da93', 'port_security_enabled': True, 'router:external': False, 'provider:network_type': 'vlan', 'provider:physical_network': 'default', 'provider:segmentation_id': 619, 'is_default': False, 'availability_zone_hints': [], 'availability_zones': [], 'ipv4_address_scope': None, 'ipv6_address_scope': None, 'description': '', 'tags': [], 'created_at': '2025-03-07T07:10:44Z', 'updated_at': '2025-03-07T07:10:44Z', 'revision_number': 1} available for tenant
2025-03-07 07:11:04.731 65926 INFO tempest.lib.common.rest_client [req-9f4f5809-0297-4a7b-87b7-91188db54128 req-9f4f5809-0297-4a7b-87b7-91188db54128 ] Request (FloatingIPsAssociationTestJSON:setUpClass): 200 GET http://10.180.1.21/compute/v2.1/servers/53d9fa9e-f645-47a7-9990-4ad3bfb4ca45 3.105s
2025-03-07 07:11:04.851 65960 INFO tempest.lib.common.rest_client [req-46e9d7cc-b09e-43a5-a38f-57922471b3d8 req-46e9d7cc-b09e-43a5-a38f-57922471b3d8 ] Request (ServersTestMultiNic:test_verify_duplicate_network_nics): 200 GET http://10.180.1.21/compute/v2.1/servers/2d795bda-45e0-4cea-ad2d-55e8b15a17c9 2.973s
2025-03-07 07:11:05.176 65932 INFO tempest.lib.common.rest_client [req-7b1d9fa0-6430-47f1-94a9-2d693cd05871 req-7b1d9fa0-6430-47f1-94a9-2d693cd05871 ] Request (DeleteServersAdminTestJSON:test_admin_delete_servers_of_others): 200 GET http://10.180.1.21/compute/v2.1/servers/a8b4f796-2893-4c05-be82-16a1bfd46db9 3.023s
2025-03-07 07:11:05.273 65946 INFO tempest.lib.common.rest_client [req-7878fe51-0680-4ae0-833b-2f3f1162a198 req-7878fe51-0680-4ae0-833b-2f3f1162a198 ] Request (ServerTagsTestJSON:setUpClass): 202 POST http://10.180.1.21/compute/v2.1/servers 4.238s
2025-03-07 07:11:05.366 65954 INFO tempest.lib.common.rest_client [req-2e54ee11-3399-4932-bf72-234774928e7a req-2e54ee11-3399-4932-bf72-234774928e7a ] Request (ServerActionsV293TestJSON:setUpClass): 200 GET http://10.180.1.21/compute/v2.1/servers/683608f6-6321-409f-95e8-ebd598b33fad 3.095s
2025-03-07 07:11:05.489 65952 INFO tempest.lib.common.rest_client [req-81f40930-b482-44c9-a330-084f62a7bd67 req-81f40930-b482-44c9-a330-084f62a7bd67 ] Request (DeleteServersTestJSON:test_delete_active_server): 200 GET http://10.180.1.21/compute/v2.1/servers/f05204a0-268f-4d77-a2bf-cde4ee02915e 3.226s
2025-03-07 07:11:05.576 65914 INFO tempest.lib.common.rest_client [req-aa75f249-9270-459e-b399-6b6cdf7d2182 req-aa75f249-9270-459e-b399-6b6cdf7d2182 ] Request (AttachInterfacesTestJSON:test_create_list_show_delete_interfaces_by_fixed_ip): 204 DELETE http://10.180.1.21/compute/v2.1/servers/2f3b0ca1-4c03-4b89-b1fe-4c0fd608dfc2 3.227s
2025-03-07 07:11:05.810 65920 INFO tempest.lib.common.rest_client [req-f07c26e5-359e-4a73-9bb1-dc7844b7a401 req-f07c26e5-359e-4a73-9bb1-dc7844b7a401 ] Request (ListServersNegativeTestJSON:setUpClass): 201 POST http://10.180.1.21:9696/networking/v2.0/routers 2.173s
2025-03-07 07:11:06.201 65948 INFO tempest.lib.common.rest_client [req-adacf9c8-1648-4db1-8510-96139e41c015 req-adacf9c8-1648-4db1-8510-96139e41c015 ] Request (ServerAddressesNegativeTestJSON:setUpClass): 202 POST http://10.180.1.21/compute/v2.1/servers 3.806s
2025-03-07 07:11:06.311 65908 INFO tempest.lib.common.rest_client [req-bcd33df7-a9fb-407b-b27e-c15943afc029 req-bcd33df7-a9fb-407b-b27e-c15943afc029 ] Request (ImagesNegativeTestJSON:test_create_image_from_deleted_server): 200 GET http://10.180.1.21/compute/v2.1/servers/f989cbee-9d5c-459f-b7a0-bf2259dadbb0 3.341s
2025-03-07 07:11:06.377 65971 INFO tempest.lib.common.rest_client [req-f3da41ab-347d-417c-84f7-875b6c3bc96f req-f3da41ab-347d-417c-84f7-875b6c3bc96f ] Request (ServerGroupTestJSON:test_create_delete_server_group_with_affinity_policy): 200 POST http://10.180.1.21/compute/v2.1/os-server-groups 3.320s
2025-03-07 07:11:06.543 65940 INFO tempest.lib.common.rest_client [req-34af1506-3b12-47ff-9db3-ffa8c8169b7c req-34af1506-3b12-47ff-9db3-ffa8c8169b7c ] Request (FloatingIPsAssociationNegativeTestJSON:setUpClass): 200 GET http://10.180.1.21/compute/v2.1/servers/059f5688-3497-40bd-bf18-9c0748f3bdd6 3.300s
2025-03-07 07:11:06.551 65936 INFO tempest.lib.common.rest_client [req-5b212a86-339d-47cf-86f7-3287590eab61 req-5b212a86-339d-47cf-86f7-3287590eab61 ] Request (FlavorsV2TestJSON:test_list_flavors_with_detail): 200 GET http://10.180.1.21/compute/v2.1/flavors/42 3.294s
2025-03-07 07:11:06.641 65936 INFO tempest.lib.common.rest_client [req-f3b7c2b3-4510-4ab3-ae00-9080841b6e14 req-f3b7c2b3-4510-4ab3-ae00-9080841b6e14 ] Request (FlavorsV2TestJSON:tearDownClass): 204 DELETE http://10.180.1.21/identity/v3/users/b234e2fe51e94e598a2ea963857e279d 0.084s
2025-03-07 07:11:06.641 65936 INFO tempest.lib.common.dynamic_creds [-] Deleting project and security group for project: bff9d3efa8a84969a2a419d6fed29664
2025-03-07 07:11:06.691 65924 INFO tempest.lib.common.rest_client [req-a2e52bf3-1cf3-44bb-907d-3e62fac2a957 req-a2e52bf3-1cf3-44bb-907d-3e62fac2a957 ] Request (SecurityGroupsTestJSON:test_list_security_groups_by_server): 200 GET http://10.180.1.21/compute/v2.1/servers/40a7ee3c-8627-47f3-887e-31112586e799 3.343s
2025-03-07 07:11:06.697 65936 INFO tempest.lib.common.rest_client [req-ca1c4557-21d0-4e21-890f-ff9f720b6ea4 req-ca1c4557-21d0-4e21-890f-ff9f720b6ea4 ] Request (FlavorsV2TestJSON:tearDownClass): 201 POST http://10.180.1.21/identity/v3/auth/tokens 0.056s
2025-03-07 07:11:06.708 65958 INFO tempest.lib.common.rest_client [req-3f3cebd4-e12c-4df7-a0e7-43e9723ffa89 req-3f3cebd4-e12c-4df7-a0e7-43e9723ffa89 ] Request (ImagesOneServerNegativeTestJSON:setUpClass): 404 GET http://10.180.1.21/compute/v2.1/servers/b7ad10ad-e88b-489e-9337-f573cde5eec0 3.150s
2025-03-07 07:11:06.708 65958 INFO tempest.test [-] raised in ImagesOneServerNegativeTestJSON.setUpClass. Invoking tearDownClass.
2025-03-07 07:11:06.918 65962 INFO tempest.lib.common.rest_client [req-ad58a5f7-3b90-451b-a909-42e6117967b0 req-ad58a5f7-3b90-451b-a909-42e6117967b0 ] Request (ServerMetadataTestJSON:setUpClass): 204 DELETE http://10.180.1.21/compute/v2.1/servers/7dd433b4-df4c-41be-a2c4-fc4351d007f1 3.175s
2025-03-07 07:11:06.932 65936 INFO tempest.lib.common.rest_client [req-c1430a0d-0e82-434a-bbd3-906105d86ef3 req-c1430a0d-0e82-434a-bbd3-906105d86ef3 ] Request (FlavorsV2TestJSON:tearDownClass): 200 GET http://10.180.1.21:9696/networking/v2.0/security-groups?tenant_id=bff9d3efa8a84969a2a419d6fed29664&name=default 0.234s
2025-03-07 07:11:07.014 65938 INFO tempest.lib.common.rest_client [req-7f48bfb6-75e6-4865-937e-db31dba7e85d req-7f48bfb6-75e6-4865-937e-db31dba7e85d ] Request (ServerActionsTestOtherB:setUpClass): 202 POST http://10.180.1.21/compute/v2.1/servers 4.354s
2025-03-07 07:11:07.047 65912 INFO tempest.lib.common.rest_client [req-f3be5268-9ff6-46e3-8eca-a535dd7e3e0b req-f3be5268-9ff6-46e3-8eca-a535dd7e3e0b ] Request (VolumesSnapshotsTestJSON:test_volume_snapshot_create_get_list_delete): 200 POST http://10.180.1.21/compute/v2.1/os-snapshots 3.275s
2025-03-07 07:11:07.090 65936 INFO tempest.lib.common.rest_client [req-6b52e829-5496-4e3d-ae73-3527978ebca5 req-6b52e829-5496-4e3d-ae73-3527978ebca5 ] Request (FlavorsV2TestJSON:tearDownClass): 204 DELETE http://10.180.1.21:9696/networking/v2.0/security-groups/ba7a4794-21cb-4460-91b0-d2d99f5c0c01 0.158s
2025-03-07 07:11:07.142 65928 INFO tempest.lib.common.rest_client [req-83c08afd-5795-4d9c-8d21-9dd53c46dcf3 req-83c08afd-5795-4d9c-8d21-9dd53c46dcf3 ] Request (ServersTestJSON:test_create_specify_keypair): 200 GET http://10.180.1.21/compute/v2.1/servers/24a71c2a-434c-465f-95f6-4587e2b3155e 3.095s
2025-03-07 07:11:07.179 65936 INFO tempest.lib.common.rest_client [req-6f68ee9a-d21b-4c12-93fe-81e588e9bfcb req-6f68ee9a-d21b-4c12-93fe-81e588e9bfcb ] Request (FlavorsV2TestJSON:tearDownClass): 204 DELETE http://10.180.1.21/identity/v3/projects/bff9d3efa8a84969a2a419d6fed29664 0.089s
2025-03-07 07:11:07.241 65956 INFO tempest.lib.common.rest_client [req-3e656d92-bc05-4564-95af-a89a77d7e459 req-3e656d92-bc05-4564-95af-a89a77d7e459 ] Request (ImagesTestJSON:setUpClass): 200 PUT http://10.180.1.21:9696/networking/v2.0/routers/81ab78aa-7541-4970-8104-27e713bcbeca/add_router_interface 3.753s
2025-03-07 07:11:07.241 65956 INFO tempest.lib.common.dynamic_creds [-] Created isolated network resources for: credentials: Credentials: {'domain_id': 'default', 'domain_name': 'Default', 'username': 'tempest-ImagesTestJSON-24601272-project-member', 'project_domain_id': 'default', 'project_domain_name': 'Default', 'project_id': 'b202bc9f3e234e0291cf89a0cd8d05fc', 'project_name': 'tempest-ImagesTestJSON-24601272', 'tenant_id': 'b202bc9f3e234e0291cf89a0cd8d05fc', 'tenant_name': 'tempest-ImagesTestJSON-24601272', 'user_domain_id': 'default', 'user_domain_name': 'Default', 'user_id': '66b1763feca14422af3eff3dda89d42f', 'system': None}, Network: {'id': 'd7bce7f7-d242-4a99-aa40-fda279627cce', 'name': 'tempest-ImagesTestJSON-397233778-network', 'tenant_id': 'b202bc9f3e234e0291cf89a0cd8d05fc', 'admin_state_up': True, 'mtu': 8950, 'status': 'ACTIVE', 'subnets': [], 'shared': False, 'project_id': 'b202bc9f3e234e0291cf89a0cd8d05fc', 'port_security_enabled': True, 'router:external': False, 'provider:network_type': 'vlan', 'provider:physical_network': 'default', 'provider:segmentation_id': 994, 'is_default': False, 'availability_zone_hints': [], 'availability_zones': [], 'ipv4_address_scope': None, 'ipv6_address_scope': None, 'description': '', 'tags': [], 'created_at': '2025-03-07T07:11:00Z', 'updated_at': '2025-03-07T07:11:00Z', 'revision_number': 1}, Subnet: {'id': '951685c3-48a5-40a1-b570-b5bec499032f', 'name': 'tempest-ImagesTestJSON-397233778-subnet', 'tenant_id': 'b202bc9f3e234e0291cf89a0cd8d05fc', 'network_id': 'd7bce7f7-d242-4a99-aa40-fda279627cce', 'ip_version': 4, 'subnetpool_id': None, 'enable_dhcp': True, 'ipv6_ra_mode': None, 'ipv6_address_mode': None, 'gateway_ip': '192.168.128.1', 'cidr': '192.168.128.0/28', 'allocation_pools': [{'start': '192.168.128.2', 'end': '192.168.128.14'}], 'host_routes': [], 'dns_nameservers': [], 'description': '', 'service_types': [], 'tags': [], 'created_at': '2025-03-07T07:11:00Z', 'updated_at': '2025-03-07T07:11:00Z', 'revision_number': 0, 'project_id': 'b202bc9f3e234e0291cf89a0cd8d05fc'}, Router: {'id': '81ab78aa-7541-4970-8104-27e713bcbeca', 'name': 'tempest-ImagesTestJSON-397233778-router', 'tenant_id': 'b202bc9f3e234e0291cf89a0cd8d05fc', 'admin_state_up': True, 'status': 'ACTIVE', 'external_gateway_info': {'network_id': 'fab60440-d9cb-4a24-8b2f-c4b04cfb9e4e', 'external_fixed_ips': [{'subnet_id': 'c48699e3-a03d-4c90-94d9-69b5af75c2ad', 'ip_address': '10.180.180.249'}], 'enable_snat': True}, 'description': '', 'availability_zones': [], 'distributed': False, 'ha': False, 'availability_zone_hints': [], 'routes': [], 'flavor_id': None, 'tags': [], 'created_at': '2025-03-07T07:11:01Z', 'updated_at': '2025-03-07T07:11:02Z', 'revision_number': 2, 'project_id': 'b202bc9f3e234e0291cf89a0cd8d05fc'}
2025-03-07 07:11:07.267 65936 INFO tempest.lib.common.rest_client [req-51b76452-df50-4ac6-9445-a66262eb3874 req-51b76452-df50-4ac6-9445-a66262eb3874 ] Request (VolumesNegativeTest:setUpClass): 201 POST http://10.180.1.21/identity/v3/auth/tokens 0.086s
2025-03-07 07:11:07.278 65930 INFO tempest.lib.common.rest_client [req-ee3ff657-42d4-4a8c-b50d-588920905594 req-ee3ff657-42d4-4a8c-b50d-588920905594 ] Request (ServerRescueNegativeTestJSON:setUpClass): 200 GET http://10.180.1.21/compute/v2.1/servers/2f6ce1b8-d869-4219-851a-43ae3ddd3816 3.256s
2025-03-07 07:11:07.299 65966 INFO tempest.lib.common.rest_client [req-eb81b1f4-686e-4d49-a3b8-dfc1026d971a req-eb81b1f4-686e-4d49-a3b8-dfc1026d971a ] Request (TenantUsagesTestJSON:setUpClass): 200 GET http://10.180.1.21/compute/v2.1/servers/4bea49fd-7709-4aa8-86ac-c08ee943dd73 3.059s
2025-03-07 07:11:07.329 65936 INFO tempest.lib.common.rest_client [req-feea5ab2-feb8-49f2-8f4d-40b79e2111b3 req-feea5ab2-feb8-49f2-8f4d-40b79e2111b3 ] Request (VolumesNegativeTest:setUpClass): 201 POST http://10.180.1.21/identity/v3/auth/tokens 0.056s
2025-03-07 07:11:07.352 65936 INFO tempest.lib.common.rest_client [req-74e402a1-f45f-436b-8172-e3ebff223609 req-74e402a1-f45f-436b-8172-e3ebff223609 ] Request (VolumesNegativeTest:setUpClass): 200 GET http://10.180.1.21/identity/v3/domains?name=Default 0.023s
2025-03-07 07:11:07.357 65956 INFO tempest.lib.common.rest_client [req-fbd62620-0ba4-4da5-88a0-32dbcb686311 req-fbd62620-0ba4-4da5-88a0-32dbcb686311 ] Request (ImagesTestJSON:setUpClass): 201 POST http://10.180.1.21/identity/v3/auth/tokens 0.110s
2025-03-07 07:11:07.382 65922 INFO tempest.lib.common.rest_client [req-9b4ccf75-f61f-4f25-bcc3-6f9a83ea9069 req-9b4ccf75-f61f-4f25-bcc3-6f9a83ea9069 ] Request (ServersAdmin275Test:test_rebuild_update_server_275): 200 GET http://10.180.1.21/compute/v2.1/servers/fc14c935-fe84-4a49-ac1e-575e56b672a3 2.720s
2025-03-07 07:11:07.390 65936 INFO tempest.lib.common.rest_client [req-639a4ad2-9f83-4392-8cdc-e924a18ad2d3 req-639a4ad2-9f83-4392-8cdc-e924a18ad2d3 ] Request (VolumesNegativeTest:setUpClass): 201 POST http://10.180.1.21/identity/v3/projects 0.037s
2025-03-07 07:11:07.437 65956 INFO tempest.lib.common.rest_client [req-cef8c0b4-b2fa-4f99-92f6-60662ea7c869 req-cef8c0b4-b2fa-4f99-92f6-60662ea7c869 ] Request (ImagesTestJSON:test_create_image_from_stopped_server): 201 POST http://10.180.1.21/identity/v3/auth/tokens 0.076s
2025-03-07 07:11:07.437 65956 INFO tempest.lib.common.fixed_network [-] (ImagesTestJSON:test_create_image_from_stopped_server) Found network {'id': 'd7bce7f7-d242-4a99-aa40-fda279627cce', 'name': 'tempest-ImagesTestJSON-397233778-network', 'tenant_id': 'b202bc9f3e234e0291cf89a0cd8d05fc', 'admin_state_up': True, 'mtu': 8950, 'status': 'ACTIVE', 'subnets': [], 'shared': False, 'project_id': 'b202bc9f3e234e0291cf89a0cd8d05fc', 'port_security_enabled': True, 'router:external': False, 'provider:network_type': 'vlan', 'provider:physical_network': 'default', 'provider:segmentation_id': 994, 'is_default': False, 'availability_zone_hints': [], 'availability_zones': [], 'ipv4_address_scope': None, 'ipv6_address_scope': None, 'description': '', 'tags': [], 'created_at': '2025-03-07T07:11:00Z', 'updated_at': '2025-03-07T07:11:00Z', 'revision_number': 1} available for tenant
2025-03-07 07:11:07.468 65936 INFO tempest.lib.common.rest_client [req-c3124fce-f6db-4d82-8933-cdb59bd31bac req-c3124fce-f6db-4d82-8933-cdb59bd31bac ] Request (VolumesNegativeTest:setUpClass): 201 POST http://10.180.1.21/identity/v3/users 0.078s
2025-03-07 07:11:07.490 65936 INFO tempest.lib.common.rest_client [req-851f5936-e10e-410d-91a8-37f41ad08489 req-851f5936-e10e-410d-91a8-37f41ad08489 ] Request (VolumesNegativeTest:setUpClass): 200 GET http://10.180.1.21/identity/v3/roles 0.021s
2025-03-07 07:11:07.528 65936 INFO tempest.lib.common.rest_client [req-68d9fd37-448a-436c-8a26-3dbc4f4e3231 req-68d9fd37-448a-436c-8a26-3dbc4f4e3231 ] Request (VolumesNegativeTest:setUpClass): 204 PUT http://10.180.1.21/identity/v3/projects/988af4f784ec468a81e5a6d6828a4cbf/users/1765f4c639724300b635e003982054cc/roles/cce370300e56477e99baf553989190a0 0.038s
2025-03-07 07:11:07.529 65936 INFO tempest.lib.common.dynamic_creds [-] Dynamic test user 1765f4c639724300b635e003982054cc is created with scope project and roles: ['member']
2025-03-07 07:11:07.529 65936 INFO tempest.lib.common.dynamic_creds [-] Acquired dynamic creds: credentials: Credentials: {'domain_id': 'default', 'domain_name': 'Default', 'username': 'tempest-VolumesNegativeTest-1103140224-project-member', 'project_domain_id': 'default', 'project_domain_name': 'Default', 'project_id': '988af4f784ec468a81e5a6d6828a4cbf', 'project_name': 'tempest-VolumesNegativeTest-1103140224', 'tenant_id': '988af4f784ec468a81e5a6d6828a4cbf', 'tenant_name': 'tempest-VolumesNegativeTest-1103140224', 'user_domain_id': 'default', 'user_domain_name': 'Default', 'user_id': '1765f4c639724300b635e003982054cc', 'system': None}, Network: None, Subnet: None, Router: None
2025-03-07 07:11:07.529 65936 INFO tempest.lib.common.dynamic_creds [-] Created isolated network resources for: credentials: Credentials: {'domain_id': 'default', 'domain_name': 'Default', 'username': 'tempest-VolumesNegativeTest-1103140224-project-member', 'project_domain_id': 'default', 'project_domain_name': 'Default', 'project_id': '988af4f784ec468a81e5a6d6828a4cbf', 'project_name': 'tempest-VolumesNegativeTest-1103140224', 'tenant_id': '988af4f784ec468a81e5a6d6828a4cbf', 'tenant_name': 'tempest-VolumesNegativeTest-1103140224', 'user_domain_id': 'default', 'user_domain_name': 'Default', 'user_id': '1765f4c639724300b635e003982054cc', 'system': None}, Network: None, Subnet: None, Router: None
2025-03-07 07:11:07.541 65942 INFO tempest.lib.common.rest_client [req-7efe4c51-8ee6-42a8-9084-18aea00d0943 req-7efe4c51-8ee6-42a8-9084-18aea00d0943 ] Request (ServerDiagnosticsNegativeTest:test_get_server_diagnostics_by_non_admin): 200 GET http://10.180.1.21/compute/v2.1/servers/acbe2170-7ce3-4820-b082-6680e559bde1 2.533s
2025-03-07 07:11:07.598 65946 INFO tempest.lib.common.rest_client [req-d6b87c06-6f40-466d-bffd-5fe3cf13fdb9 req-d6b87c06-6f40-466d-bffd-5fe3cf13fdb9 ] Request (ServerTagsTestJSON:setUpClass): 200 GET http://10.180.1.21/compute/v2.1/servers/b163d5b8-b01c-4ace-96e7-56276ab4ba82 2.323s
2025-03-07 07:11:07.613 65936 INFO tempest.lib.common.rest_client [req-c33a0514-fd2d-4a87-9285-850844c7b91a req-c33a0514-fd2d-4a87-9285-850844c7b91a ] Request (VolumesNegativeTest:setUpClass): 201 POST http://10.180.1.21/identity/v3/auth/tokens 0.077s
2025-03-07 07:11:07.786 65958 INFO tempest.lib.common.rest_client [req-9e289278-1b68-495c-b3d3-52f4e262b126 req-9e289278-1b68-495c-b3d3-52f4e262b126 ] Request (ImagesOneServerNegativeTestJSON:tearDownClass): 200 PUT http://10.180.1.21:9696/networking/v2.0/routers/d634779f-40ce-475c-a6a7-0b740189af50/remove_router_interface 1.078s
2025-03-07 07:11:07.888 65954 INFO tempest.lib.common.rest_client [req-0ec517fb-af5e-488f-8af9-de89f8e09f5c req-0ec517fb-af5e-488f-8af9-de89f8e09f5c ] Request (ServerActionsV293TestJSON:setUpClass): 204 DELETE http://10.180.1.21/compute/v2.1/servers/683608f6-6321-409f-95e8-ebd598b33fad 2.508s
2025-03-07 07:11:08.256 65950 INFO tempest.lib.common.rest_client [req-0eadbc3e-1cf0-4029-a753-f13afae6e8f0 req-0eadbc3e-1cf0-4029-a753-f13afae6e8f0 ] Request (InstanceActionsV221TestJSON:test_get_list_deleted_instance_actions): 200 GET http://10.180.1.21/compute/v2.1/servers/d98c190b-7d45-4e74-909d-75b38bfc6554 2.802s
2025-03-07 07:11:08.282 65914 INFO tempest.lib.common.rest_client [req-8b6bd3d1-ee0f-419d-bf94-04ffcd0ce6a4 req-8b6bd3d1-ee0f-419d-bf94-04ffcd0ce6a4 ] Request (AttachInterfacesTestJSON:test_create_list_show_delete_interfaces_by_fixed_ip): 404 GET http://10.180.1.21/compute/v2.1/servers/2f3b0ca1-4c03-4b89-b1fe-4c0fd608dfc2 2.705s
2025-03-07 07:11:08.411 65916 INFO tempest.lib.common.rest_client [req-239cfc49-995f-461e-990f-bf1c33008cd1 req-239cfc49-995f-461e-990f-bf1c33008cd1 ] Request (ServersTestJSON:setUpClass): 202 POST http://10.180.1.21/compute/v2.1/servers 3.825s
2025-03-07 07:11:08.502 65926 INFO tempest.lib.common.rest_client [req-9b098c32-d38b-4ed1-82af-b8b618478f34 req-9b098c32-d38b-4ed1-82af-b8b618478f34 ] Request (FloatingIPsAssociationTestJSON:setUpClass): 200 GET http://10.180.1.21/compute/v2.1/servers/53d9fa9e-f645-47a7-9990-4ad3bfb4ca45 2.765s
2025-03-07 07:11:08.531 65960 INFO tempest.lib.common.rest_client [req-f69182ba-3358-414e-a975-f8bcd6fe40ad req-f69182ba-3358-414e-a975-f8bcd6fe40ad ] Request (ServersTestMultiNic:test_verify_duplicate_network_nics): 200 GET http://10.180.1.21/compute/v2.1/servers/2d795bda-45e0-4cea-ad2d-55e8b15a17c9 2.673s
2025-03-07 07:11:08.593 65948 INFO tempest.lib.common.rest_client [req-01aab97d-f074-4e15-902d-6acb5e129210 req-01aab97d-f074-4e15-902d-6acb5e129210 ] Request (ServerAddressesNegativeTestJSON:setUpClass): 200 GET http://10.180.1.21/compute/v2.1/servers/b935e1a7-1c77-4398-a964-cd7da312fc1b 2.391s
2025-03-07 07:11:08.595 65958 INFO tempest.lib.common.rest_client [req-621f53a1-4fe2-4ccb-84a0-c740430d7057 req-621f53a1-4fe2-4ccb-84a0-c740430d7057 ] Request (ImagesOneServerNegativeTestJSON:tearDownClass): 204 DELETE http://10.180.1.21:9696/networking/v2.0/routers/d634779f-40ce-475c-a6a7-0b740189af50 0.808s
2025-03-07 07:11:08.620 65971 INFO tempest.lib.common.rest_client [req-c1b5b20d-b4ff-44d1-b285-1253771195f5 req-c1b5b20d-b4ff-44d1-b285-1253771195f5 ] Request (ServerGroupTestJSON:test_create_delete_server_group_with_affinity_policy): 204 DELETE http://10.180.1.21/compute/v2.1/os-server-groups/22f049dd-b681-4e8b-8909-d54cf866e6a3 2.241s
