2025-03-07 07:55:53.712 66193 INFO tempest.lib.common.rest_client [req-4a048ac9-0306-4d88-b21e-2c2579a0ad1a req-4a048ac9-0306-4d88-b21e-2c2579a0ad1a ] Request (ServersAdminNegativeTestJSON:setUpClass): 200 GET http://10.180.1.21/compute/v2.1/servers/32f1575d-fb8a-4b7d-a7aa-8b1142d6b75c 2.075s
2025-03-07 07:55:53.732 66187 INFO tempest.lib.common.rest_client [req-e1685a44-0b01-4a99-8898-90a5782aa6a4 req-e1685a44-0b01-4a99-8898-90a5782aa6a4 ] Request (ServersTestMultiNic:test_verify_duplicate_network_nics): 201 POST http://10.180.1.21:9696/networking/v2.0/networks 0.621s
2025-03-07 07:55:53.749 66209 INFO tempest.lib.common.rest_client [req-b74f537b-eb34-4756-80b2-96cb1a8e586c req-b74f537b-eb34-4756-80b2-96cb1a8e586c ] Request (ServerDiskConfigTestJSON:test_resize_server_from_auto_to_manual): 202 POST http://10.180.1.21/compute/v2.1/servers 3.032s
2025-03-07 07:55:53.783 66159 INFO tempest.lib.common.rest_client [req-abc47631-5c4d-4d39-b9c7-95df0f74c423 req-abc47631-5c4d-4d39-b9c7-95df0f74c423 ] Request (ListImageFiltersTestJSON:tearDownClass): 204 DELETE http://10.180.1.21/compute/v2.1/images/009d3173-f872-4682-9b8c-43954b52bc28 2.129s
2025-03-07 07:55:53.856 66153 INFO tempest.lib.common.rest_client [req-50da3fd2-b521-4803-86a6-8335fec10a5b req-50da3fd2-b521-4803-86a6-8335fec10a5b ] Request (QuotasAdminTestV257:test_get_updated_quotas): 200 GET http://10.180.1.21/compute/v2.1/os-quota-sets/2ba6856a42a049ca98267acb3ce4c29c?user_id=c6f7b1367f05431fbb0f60cb803cb044 1.987s
2025-03-07 07:55:53.914 66159 INFO tempest.lib.common.rest_client [req-90929733-b928-496e-b6e9-e26958fee663 req-90929733-b928-496e-b6e9-e26958fee663 ] Request (ListImageFiltersTestJSON:tearDownClass): 204 DELETE http://10.180.1.21/identity/v3/users/91b980c6683e44d0b02630e379d0db11 0.130s
2025-03-07 07:55:53.914 66159 INFO tempest.lib.common.dynamic_creds [-] Deleting project and security group for project: d50c93fc6c6f4e2ca6db9e074db1cfa6
2025-03-07 07:55:53.980 66159 INFO tempest.lib.common.rest_client [req-ac6164be-35c3-4841-8536-00308256c54d req-ac6164be-35c3-4841-8536-00308256c54d ] Request (ListImageFiltersTestJSON:tearDownClass): 201 POST http://10.180.1.21/identity/v3/auth/tokens 0.066s
2025-03-07 07:55:53.984 66153 INFO tempest.lib.common.rest_client [req-ba5e0b84-f822-4761-93c1-b76e8ee1dd23 req-ba5e0b84-f822-4761-93c1-b76e8ee1dd23 ] Request (QuotasAdminTestV257:_run_cleanups): 204 DELETE http://10.180.1.21/identity/v3/users/c6f7b1367f05431fbb0f60cb803cb044 0.126s
2025-03-07 07:55:54.113 66153 INFO tempest.lib.common.rest_client [req-24af4bab-e05d-47f3-a631-79c35117ddbc req-24af4bab-e05d-47f3-a631-79c35117ddbc ] Request (QuotasAdminTestV257:_run_cleanups): 204 DELETE http://10.180.1.21/identity/v3/projects/2ba6856a42a049ca98267acb3ce4c29c 0.128s
2025-03-07 07:55:54.147 66167 INFO tempest.lib.common.rest_client [req-1c660db1-066a-46e4-bffe-b9f25be4a465 req-1c660db1-066a-46e4-bffe-b9f25be4a465 ] Request (MigrationsAdminTest:test_list_migrations_in_flavor_resize_situation): 200 GET http://10.180.1.21/compute/v2.1/servers/cf0087c7-22d0-4317-a00a-73967ccafeaa 1.959s
2025-03-07 07:55:54.213 66153 INFO tempest.lib.common.rest_client [req-c92fd47a-369a-4b42-8121-aec976eadafb req-c92fd47a-369a-4b42-8121-aec976eadafb ] Request (QuotasAdminTestV257:tearDownClass): 204 DELETE http://10.180.1.21/identity/v3/users/64a8709cd09345db9186d512a98dac8f 0.097s
2025-03-07 07:55:54.217 66181 INFO tempest.lib.common.rest_client [req-8c150ca5-4a9e-4695-abce-8222a9d35dd5 req-8c150ca5-4a9e-4695-abce-8222a9d35dd5 ] Request (ServersAdmin275Test:test_rebuild_update_server_275): 200 GET http://10.180.1.21/compute/v2.1/servers/934b5745-6c9a-4d21-92b8-7505a170e600 1.922s
2025-03-07 07:55:54.349 66153 INFO tempest.lib.common.rest_client [req-0f0b2611-c814-4621-9c4c-6b28f25c990e req-0f0b2611-c814-4621-9c4c-6b28f25c990e ] Request (QuotasAdminTestV257:tearDownClass): 204 DELETE http://10.180.1.21/identity/v3/users/78503d2c9f30440ca904129029eded49 0.136s
2025-03-07 07:55:54.349 66153 INFO tempest.lib.common.dynamic_creds [-] Deleting project and security group for project: 2a2b250177a744eeaf41ab3370286f31
2025-03-07 07:55:54.399 66183 INFO tempest.lib.common.rest_client [req-469ee4ac-1e7a-4e28-bf55-a97e6738a9fe req-469ee4ac-1e7a-4e28-bf55-a97e6738a9fe ] Request (AttachInterfacesTestJSON:_run_cleanups): 204 DELETE http://10.180.1.21:9696/networking/v2.0/floatingips/1269770d-6a49-4199-a472-0e24b557860f 0.955s
2025-03-07 07:55:54.411 66163 INFO tempest.lib.common.rest_client [req-0bc7f7a7-1450-418f-9c3c-77673b7a03d0 req-0bc7f7a7-1450-418f-9c3c-77673b7a03d0 ] Request (ServerActionsTestOtherB:tearDownClass): 204 DELETE http://10.180.1.21:9696/networking/v2.0/floatingips/5438483d-4015-49ea-99cf-7c1cd9c507df 0.717s
2025-03-07 07:55:54.412 66153 INFO tempest.lib.common.rest_client [req-5699db83-f467-45e7-896a-c937c28ac51c req-5699db83-f467-45e7-896a-c937c28ac51c ] Request (QuotasAdminTestV257:tearDownClass): 201 POST http://10.180.1.21/identity/v3/auth/tokens 0.062s
2025-03-07 07:55:54.483 66183 INFO tempest.lib.common.rest_client [req-26e23aa8-7cb5-49da-8ac2-f13996f9727e req-26e23aa8-7cb5-49da-8ac2-f13996f9727e ] Request (AttachInterfacesTestJSON:test_reassign_port_between_servers): 201 POST http://10.180.1.21/identity/v3/auth/tokens 0.077s
2025-03-07 07:55:54.483 66183 INFO tempest.lib.common.fixed_network [-] (AttachInterfacesTestJSON:test_reassign_port_between_servers) Found network {'id': '1ba55c73-3fa3-453e-909e-d13f845a4b68', 'name': 'tempest-AttachInterfacesTestJSON-317029217-network', 'tenant_id': 'b429142c0b6540a7b4b861ef45469ec7', 'admin_state_up': True, 'mtu': 8950, 'status': 'ACTIVE', 'subnets': [], 'shared': False, 'project_id': 'b429142c0b6540a7b4b861ef45469ec7', 'port_security_enabled': True, 'router:external': False, 'provider:network_type': 'vlan', 'provider:physical_network': 'default', 'provider:segmentation_id': 976, 'is_default': False, 'availability_zone_hints': [], 'availability_zones': [], 'ipv4_address_scope': None, 'ipv6_address_scope': None, 'description': '', 'tags': [], 'created_at': '2025-03-07T07:55:03Z', 'updated_at': '2025-03-07T07:55:03Z', 'revision_number': 1} available for tenant
2025-03-07 07:55:54.582 66189 INFO tempest.lib.common.rest_client [req-4787d63c-a2f2-416d-929e-9ef87c7b277c req-4787d63c-a2f2-416d-929e-9ef87c7b277c ] Request (SecurityGroupsTestAdminJSON:_run_cleanups): 202 DELETE http://10.180.1.21/compute/v2.1/os-security-groups/6677047c-0d3b-415a-81ce-3729a174319b 2.264s
2025-03-07 07:55:54.598 66157 INFO tempest.lib.common.rest_client [req-c58db970-f17e-45e6-ae05-e6b6b8fef001 req-c58db970-f17e-45e6-ae05-e6b6b8fef001 ] Request (FlavorsAdminTestJSON:test_list_public_flavor_with_other_user): 200 POST http://10.180.1.21/compute/v2.1/flavors 2.020s
2025-03-07 07:55:54.736 66153 INFO tempest.lib.common.rest_client [req-535278af-9efc-4e93-98b3-425fdb107555 req-535278af-9efc-4e93-98b3-425fdb107555 ] Request (QuotasAdminTestV257:tearDownClass): 200 GET http://10.180.1.21:9696/networking/v2.0/security-groups?tenant_id=2a2b250177a744eeaf41ab3370286f31&name=default 0.321s
2025-03-07 07:55:54.811 66159 INFO tempest.lib.common.rest_client [req-71cd2a03-b0e7-45ab-b821-cb2d286eee49 req-71cd2a03-b0e7-45ab-b821-cb2d286eee49 ] Request (ListImageFiltersTestJSON:tearDownClass): 200 GET http://10.180.1.21:9696/networking/v2.0/security-groups?tenant_id=d50c93fc6c6f4e2ca6db9e074db1cfa6&name=default 0.830s
2025-03-07 07:55:55.158 66208 INFO tempest.lib.common.rest_client [req-502be215-496b-4061-872b-f8d891b6da74 req-502be215-496b-4061-872b-f8d891b6da74 ] Request (ServersTestJSON:test_create_server_with_admin_password): 202 POST http://10.180.1.21/compute/v2.1/servers 3.399s
2025-03-07 07:55:55.160 66187 INFO tempest.lib.common.rest_client [req-6df1ab94-dbc3-4c0e-a047-42eafbad7fd7 req-6df1ab94-dbc3-4c0e-a047-42eafbad7fd7 ] Request (ServersTestMultiNic:test_verify_duplicate_network_nics): 201 POST http://10.180.1.21:9696/networking/v2.0/subnets 1.428s
2025-03-07 07:55:55.237 66187 INFO tempest.lib.common.rest_client [req-cd7c2850-5dd4-427f-8f83-48d376ac810d req-cd7c2850-5dd4-427f-8f83-48d376ac810d ] Request (ServersTestMultiNic:test_verify_duplicate_network_nics): 201 POST http://10.180.1.21/identity/v3/auth/tokens 0.071s
2025-03-07 07:55:55.237 66187 INFO tempest.lib.common.fixed_network [-] (ServersTestMultiNic:test_verify_duplicate_network_nics) Found network {'id': '51a4bc6a-4273-4f23-b9ac-b3748558bd2a', 'name': 'tempest-ServersTestMultiNic-1727239647-network', 'tenant_id': '32e3781008c04cce8f93e1bb71599b76', 'admin_state_up': True, 'mtu': 8950, 'status': 'ACTIVE', 'subnets': [], 'shared': False, 'project_id': '32e3781008c04cce8f93e1bb71599b76', 'port_security_enabled': True, 'router:external': False, 'provider:network_type': 'vlan', 'provider:physical_network': 'default', 'provider:segmentation_id': 718, 'is_default': False, 'availability_zone_hints': [], 'availability_zones': [], 'ipv4_address_scope': None, 'ipv6_address_scope': None, 'description': '', 'tags': [], 'created_at': '2025-03-07T07:55:44Z', 'updated_at': '2025-03-07T07:55:44Z', 'revision_number': 1} available for tenant
2025-03-07 07:55:55.286 66153 INFO tempest.lib.common.rest_client [req-6d7df796-366a-481e-aa5f-93fe15dbed0a req-6d7df796-366a-481e-aa5f-93fe15dbed0a ] Request (QuotasAdminTestV257:tearDownClass): 204 DELETE http://10.180.1.21:9696/networking/v2.0/security-groups/52989fa3-1a22-4f60-a175-e11da2be8388 0.549s
2025-03-07 07:55:55.307 66147 INFO tempest.lib.common.rest_client [req-71ed5513-fecb-4200-b66c-01f433568560 req-71ed5513-fecb-4200-b66c-01f433568560 ] Request (ServerMetadataTestJSON:setUpClass): 201 POST http://10.180.1.21:9696/networking/v2.0/routers 3.041s
2025-03-07 07:55:55.359 66159 INFO tempest.lib.common.rest_client [req-3dc8461f-c787-4edf-9940-d7ec6e6fd077 req-3dc8461f-c787-4edf-9940-d7ec6e6fd077 ] Request (ListImageFiltersTestJSON:tearDownClass): 204 DELETE http://10.180.1.21:9696/networking/v2.0/security-groups/78e981e2-4ee0-4277-851c-bf5dded60a9a 0.548s
2025-03-07 07:55:55.362 66153 INFO tempest.lib.common.rest_client [req-b8497d8b-664b-4d76-9b50-8b9fce6ba1b9 req-b8497d8b-664b-4d76-9b50-8b9fce6ba1b9 ] Request (QuotasAdminTestV257:tearDownClass): 204 DELETE http://10.180.1.21/identity/v3/projects/2a2b250177a744eeaf41ab3370286f31 0.075s
2025-03-07 07:55:55.362 66153 INFO tempest.lib.common.dynamic_creds [-] Deleting project and security group for project: fac7b9ed925942ddb97be15e0427bb3e
2025-03-07 07:55:55.482 66159 INFO tempest.lib.common.rest_client [req-9569394c-6e10-49fb-b764-0a283b2e30b3 req-9569394c-6e10-49fb-b764-0a283b2e30b3 ] Request (ListImageFiltersTestJSON:tearDownClass): 204 DELETE http://10.180.1.21/identity/v3/projects/d50c93fc6c6f4e2ca6db9e074db1cfa6 0.122s
2025-03-07 07:55:55.547 66159 INFO tempest.lib.common.rest_client [req-5199fd78-c7eb-4588-b845-6ee741bca9e0 req-5199fd78-c7eb-4588-b845-6ee741bca9e0 ] Request (SecurityGroupRulesTestJSON:setUpClass): 201 POST http://10.180.1.21/identity/v3/auth/tokens 0.062s
2025-03-07 07:55:55.580 66159 INFO tempest.lib.common.rest_client [req-ec86b75e-1d13-4baf-912c-2bef252b366d req-ec86b75e-1d13-4baf-912c-2bef252b366d ] Request (SecurityGroupRulesTestJSON:setUpClass): 201 POST http://10.180.1.21/identity/v3/auth/tokens 0.029s
2025-03-07 07:55:55.604 66159 INFO tempest.lib.common.rest_client [req-cf065a70-5770-4005-8f79-8fbc3c4193c0 req-cf065a70-5770-4005-8f79-8fbc3c4193c0 ] Request (SecurityGroupRulesTestJSON:setUpClass): 200 GET http://10.180.1.21/identity/v3/domains?name=Default 0.023s
2025-03-07 07:55:55.636 66159 INFO tempest.lib.common.rest_client [req-76214219-9b24-48ac-83a8-7c6690b9565e req-76214219-9b24-48ac-83a8-7c6690b9565e ] Request (SecurityGroupRulesTestJSON:setUpClass): 201 POST http://10.180.1.21/identity/v3/projects 0.031s
2025-03-07 07:55:55.698 66159 INFO tempest.lib.common.rest_client [req-756f6cf4-8efe-4be0-9a6f-8a7c3546d44a req-756f6cf4-8efe-4be0-9a6f-8a7c3546d44a ] Request (SecurityGroupRulesTestJSON:setUpClass): 201 POST http://10.180.1.21/identity/v3/users 0.062s
2025-03-07 07:55:55.718 66159 INFO tempest.lib.common.rest_client [req-650d8820-1694-4e5f-b773-39b2c3f77a58 req-650d8820-1694-4e5f-b773-39b2c3f77a58 ] Request (SecurityGroupRulesTestJSON:setUpClass): 200 GET http://10.180.1.21/identity/v3/roles 0.019s
2025-03-07 07:55:55.750 66159 INFO tempest.lib.common.rest_client [req-7f8c70d0-241e-4eab-9b10-71971fd49596 req-7f8c70d0-241e-4eab-9b10-71971fd49596 ] Request (SecurityGroupRulesTestJSON:setUpClass): 204 PUT http://10.180.1.21/identity/v3/projects/bcb7aa757308493fb491d1d191b9d7d8/users/52b23070d6654a87b22cea973585f3e2/roles/282828fb2fcb4bc4a2cfb05aaf8fe75a 0.031s
2025-03-07 07:55:55.750 66159 INFO tempest.lib.common.dynamic_creds [-] Dynamic test user 52b23070d6654a87b22cea973585f3e2 is created with scope project and roles: ['member']
2025-03-07 07:55:55.750 66159 INFO tempest.lib.common.dynamic_creds [-] Acquired dynamic creds: credentials: Credentials: {'domain_id': 'default', 'domain_name': 'Default', 'username': 'tempest-SecurityGroupRulesTestJSON-931577075-project-member', 'project_domain_id': 'default', 'project_domain_name': 'Default', 'project_id': 'bcb7aa757308493fb491d1d191b9d7d8', 'project_name': 'tempest-SecurityGroupRulesTestJSON-931577075', 'tenant_id': 'bcb7aa757308493fb491d1d191b9d7d8', 'tenant_name': 'tempest-SecurityGroupRulesTestJSON-931577075', 'user_domain_id': 'default', 'user_domain_name': 'Default', 'user_id': '52b23070d6654a87b22cea973585f3e2', 'system': None}, Network: None, Subnet: None, Router: None
2025-03-07 07:55:55.754 66153 INFO tempest.lib.common.rest_client [req-fcba810f-6341-4540-a826-462e21ecf09d req-fcba810f-6341-4540-a826-462e21ecf09d ] Request (QuotasAdminTestV257:tearDownClass): 200 GET http://10.180.1.21:9696/networking/v2.0/security-groups?tenant_id=fac7b9ed925942ddb97be15e0427bb3e&name=default 0.392s
2025-03-07 07:55:55.817 66159 INFO tempest.lib.common.rest_client [req-214647a8-434b-426e-8c0d-f433faacd701 req-214647a8-434b-426e-8c0d-f433faacd701 ] Request (SecurityGroupRulesTestJSON:setUpClass): 201 POST http://10.180.1.21/identity/v3/auth/tokens 0.066s
2025-03-07 07:55:55.886 66205 INFO tempest.lib.common.rest_client [req-e4f09c41-237c-4300-9327-559fa5e8c45d req-e4f09c41-237c-4300-9327-559fa5e8c45d ] Request (ServerGroupTestJSON:test_create_server_with_scheduler_hint_group): 202 POST http://10.180.1.21/compute/v2.1/servers 3.240s
2025-03-07 07:55:56.088 66153 INFO tempest.lib.common.rest_client [req-2d8378e9-e0f9-434e-8108-990118f07a96 req-2d8378e9-e0f9-434e-8108-990118f07a96 ] Request (QuotasAdminTestV257:tearDownClass): 204 DELETE http://10.180.1.21:9696/networking/v2.0/security-groups/7ac9aa9a-5b60-4f17-a230-411346f345a8 0.334s
2025-03-07 07:55:56.185 66153 INFO tempest.lib.common.rest_client [req-d459a45c-369a-4f64-9052-a2b458e41f70 req-d459a45c-369a-4f64-9052-a2b458e41f70 ] Request (QuotasAdminTestV257:tearDownClass): 204 DELETE http://10.180.1.21/identity/v3/projects/fac7b9ed925942ddb97be15e0427bb3e 0.096s
2025-03-07 07:55:56.187 66197 INFO tempest.lib.common.rest_client [req-48c48554-dae1-4c24-a842-d855f7aef31a req-48c48554-dae1-4c24-a842-d855f7aef31a ] Request (AttachInterfacesV270Test:test_create_get_list_interfaces): 200 GET http://10.180.1.21/compute/v2.1/servers/bba6f3d9-1be3-4048-86d5-f435511b0fc0 3.278s
2025-03-07 07:55:56.191 66149 INFO tempest.lib.common.rest_client [req-e7b3683a-7f0c-4614-8bc2-96873c83082e req-e7b3683a-7f0c-4614-8bc2-96873c83082e ] Request (ImagesOneServerTestJSON:tearDownClass): 200 PUT http://10.180.1.21:9696/networking/v2.0/routers/50d3b7a7-4b6f-4dc5-b43e-b8aac8d5ddb3/remove_router_interface 3.196s
2025-03-07 07:55:56.208 66175 INFO tempest.lib.common.rest_client [req-641791fa-f6d3-4bb3-a9a5-d62c6587a612 req-641791fa-f6d3-4bb3-a9a5-d62c6587a612 ] Request (ImagesNegativeTestJSON:test_create_image_from_deleted_server): 404 GET http://10.180.1.21/compute/v2.1/servers/6fdc589d-dba0-4057-adcd-228e25810ddf 3.235s
2025-03-07 07:55:56.273 66153 INFO tempest.lib.common.rest_client [req-784e8e1c-f6f8-45fa-8577-09320df35f64 req-784e8e1c-f6f8-45fa-8577-09320df35f64 ] Request (ComputeTenantNetworksTest:setUpClass): 201 POST http://10.180.1.21/identity/v3/auth/tokens 0.087s
2025-03-07 07:55:56.319 66185 INFO tempest.lib.common.rest_client [req-7513f63b-c258-487f-8769-846f18b00309 req-7513f63b-c258-487f-8769-846f18b00309 ] Request (InstanceActionsNegativeTestJSON:setUpClass): 202 POST http://10.180.1.21/compute/v2.1/servers 3.503s
2025-03-07 07:55:56.329 66153 INFO tempest.lib.common.rest_client [req-bafcea37-f3f4-443e-979b-4ea7ffadbe11 req-bafcea37-f3f4-443e-979b-4ea7ffadbe11 ] Request (ComputeTenantNetworksTest:setUpClass): 201 POST http://10.180.1.21/identity/v3/auth/tokens 0.053s
2025-03-07 07:55:56.362 66153 INFO tempest.lib.common.rest_client [req-c637e389-d91a-4e24-bf0e-0bc893e3dbf9 req-c637e389-d91a-4e24-bf0e-0bc893e3dbf9 ] Request (ComputeTenantNetworksTest:setUpClass): 200 GET http://10.180.1.21/identity/v3/domains?name=Default 0.032s
2025-03-07 07:55:56.415 66153 INFO tempest.lib.common.rest_client [req-240e696b-8144-416c-8ef7-0e4acff85ffa req-240e696b-8144-416c-8ef7-0e4acff85ffa ] Request (ComputeTenantNetworksTest:setUpClass): 201 POST http://10.180.1.21/identity/v3/projects 0.052s
2025-03-07 07:55:56.504 66153 INFO tempest.lib.common.rest_client [req-7db414b0-32cc-442d-9986-6ae2663e1143 req-7db414b0-32cc-442d-9986-6ae2663e1143 ] Request (ComputeTenantNetworksTest:setUpClass): 201 POST http://10.180.1.21/identity/v3/users 0.089s
2025-03-07 07:55:56.533 66153 INFO tempest.lib.common.rest_client [req-a21f7914-f758-4b43-98b9-f363e1bde903 req-a21f7914-f758-4b43-98b9-f363e1bde903 ] Request (ComputeTenantNetworksTest:setUpClass): 200 GET http://10.180.1.21/identity/v3/roles 0.028s
2025-03-07 07:55:56.578 66153 INFO tempest.lib.common.rest_client [req-9b92a030-4060-424f-8b8b-77858bac051a req-9b92a030-4060-424f-8b8b-77858bac051a ] Request (ComputeTenantNetworksTest:setUpClass): 204 PUT http://10.180.1.21/identity/v3/projects/c56e8f8257204d8d9979368d1f9b3d1d/users/144a20209c9f4cc58a8d2fee3a78bc0e/roles/282828fb2fcb4bc4a2cfb05aaf8fe75a 0.044s
2025-03-07 07:55:56.578 66153 INFO tempest.lib.common.dynamic_creds [-] Dynamic test user 144a20209c9f4cc58a8d2fee3a78bc0e is created with scope project and roles: ['member']
2025-03-07 07:55:56.578 66153 INFO tempest.lib.common.dynamic_creds [-] Acquired dynamic creds: credentials: Credentials: {'domain_id': 'default', 'domain_name': 'Default', 'username': 'tempest-ComputeTenantNetworksTest-79030034-project-member', 'project_domain_id': 'default', 'project_domain_name': 'Default', 'project_id': 'c56e8f8257204d8d9979368d1f9b3d1d', 'project_name': 'tempest-ComputeTenantNetworksTest-79030034', 'tenant_id': 'c56e8f8257204d8d9979368d1f9b3d1d', 'tenant_name': 'tempest-ComputeTenantNetworksTest-79030034', 'user_domain_id': 'default', 'user_domain_name': 'Default', 'user_id': '144a20209c9f4cc58a8d2fee3a78bc0e', 'system': None}, Network: None, Subnet: None, Router: None
2025-03-07 07:55:56.653 66153 INFO tempest.lib.common.rest_client [req-b7b7860e-3cdc-422b-b843-b6efc5b10bcb req-b7b7860e-3cdc-422b-b843-b6efc5b10bcb ] Request (ComputeTenantNetworksTest:setUpClass): 201 POST http://10.180.1.21/identity/v3/auth/tokens 0.074s
2025-03-07 07:55:56.663 66191 INFO tempest.lib.common.rest_client [req-88fc3465-f71c-4c43-aaff-e67308d5d41b req-88fc3465-f71c-4c43-aaff-e67308d5d41b ] Request (ServersNegativeTestMultiTenantJSON:setUpClass): 200 PUT http://10.180.1.21:9696/networking/v2.0/routers/b743d89c-36d7-4345-a20e-52bb3af40c4b/add_router_interface 3.948s
2025-03-07 07:55:56.666 66191 INFO tempest.lib.common.dynamic_creds [-] Created isolated network resources for: credentials: Credentials: {'domain_id': 'default', 'domain_name': 'Default', 'username': 'tempest-ServersNegativeTestMultiTenantJSON-650519768-project-member', 'project_domain_id': 'default', 'project_domain_name': 'Default', 'project_id': '4f9ea98a2fbf42ccbd412559d6ac0bda', 'project_name': 'tempest-ServersNegativeTestMultiTenantJSON-650519768', 'tenant_id': '4f9ea98a2fbf42ccbd412559d6ac0bda', 'tenant_name': 'tempest-ServersNegativeTestMultiTenantJSON-650519768', 'user_domain_id': 'default', 'user_domain_name': 'Default', 'user_id': '4fe08063223d4f60b8897175d341cae7', 'system': None}, Network: {'id': '0c0e1b4f-48dc-48e8-866f-4fd7229fb901', 'name': 'tempest-ServersNegativeTestMultiTenantJSON-370660253-network', 'tenant_id': '4f9ea98a2fbf42ccbd412559d6ac0bda', 'admin_state_up': True, 'mtu': 8950, 'status': 'ACTIVE', 'subnets': [], 'shared': False, 'project_id': '4f9ea98a2fbf42ccbd412559d6ac0bda', 'port_security_enabled': True, 'router:external': False, 'provider:network_type': 'vlan', 'provider:physical_network': 'default', 'provider:segmentation_id': 191, 'is_default': False, 'availability_zone_hints': [], 'availability_zones': [], 'ipv4_address_scope': None, 'ipv6_address_scope': None, 'description': '', 'tags': [], 'created_at': '2025-03-07T07:55:49Z', 'updated_at': '2025-03-07T07:55:49Z', 'revision_number': 1}, Subnet: {'id': '40d34354-c796-4c89-83cd-531f921d0c55', 'name': 'tempest-ServersNegativeTestMultiTenantJSON-370660253-subnet', 'tenant_id': '4f9ea98a2fbf42ccbd412559d6ac0bda', 'network_id': '0c0e1b4f-48dc-48e8-866f-4fd7229fb901', 'ip_version': 4, 'subnetpool_id': None, 'enable_dhcp': True, 'ipv6_ra_mode': None, 'ipv6_address_mode': None, 'gateway_ip': '192.168.128.1', 'cidr': '192.168.128.0/28', 'allocation_pools': [{'start': '192.168.128.2', 'end': '192.168.128.14'}], 'host_routes': [], 'dns_nameservers': [], 'description': '', 'service_types': [], 'tags': [], 'created_at': '2025-03-07T07:55:49Z', 'updated_at': '2025-03-07T07:55:49Z', 'revision_number': 0, 'project_id': '4f9ea98a2fbf42ccbd412559d6ac0bda'}, Router: {'id': 'b743d89c-36d7-4345-a20e-52bb3af40c4b', 'name': 'tempest-ServersNegativeTestMultiTenantJSON-370660253-router', 'tenant_id': '4f9ea98a2fbf42ccbd412559d6ac0bda', 'admin_state_up': True, 'status': 'ACTIVE', 'external_gateway_info': {'network_id': 'f1fc3fc7-6a7c-4767-beb5-06c319ac3794', 'external_fixed_ips': [{'subnet_id': '9c8f1224-74e2-49cc-9b21-32a787aeb254', 'ip_address': '10.180.180.239'}], 'enable_snat': True}, 'description': '', 'availability_zones': [], 'distributed': False, 'ha': False, 'availability_zone_hints': [], 'routes': [], 'flavor_id': None, 'tags': [], 'created_at': '2025-03-07T07:55:49Z', 'updated_at': '2025-03-07T07:55:51Z', 'revision_number': 2, 'project_id': '4f9ea98a2fbf42ccbd412559d6ac0bda'}
2025-03-07 07:55:56.692 66155 INFO tempest.lib.common.rest_client [req-ab188937-4242-45bd-a539-4a56bfdb2a1b req-ab188937-4242-45bd-a539-4a56bfdb2a1b ] Request (DeleteServersAdminTestJSON:test_admin_delete_servers_of_others): 200 GET http://10.180.1.21/compute/v2.1/servers/5c83d7da-f63b-40b7-a1aa-916ba9343439 3.391s
2025-03-07 07:55:56.777 66191 INFO tempest.lib.common.rest_client [req-b59df2be-fbf1-4516-8f80-6c9e8a792c5b req-b59df2be-fbf1-4516-8f80-6c9e8a792c5b ] Request (ServersNegativeTestMultiTenantJSON:setUpClass): 201 POST http://10.180.1.21/identity/v3/auth/tokens 0.109s
2025-03-07 07:55:56.839 66191 INFO tempest.lib.common.rest_client [req-5a74dce8-44a2-4e57-a675-2dcd960ff607 req-5a74dce8-44a2-4e57-a675-2dcd960ff607 ] Request (ServersNegativeTestMultiTenantJSON:setUpClass): 201 POST http://10.180.1.21/identity/v3/auth/tokens 0.057s
2025-03-07 07:55:56.839 66191 INFO tempest.lib.common.fixed_network [-] (ServersNegativeTestMultiTenantJSON:setUpClass) Found network {'id': '4db2c227-355e-408e-9447-36879385711b', 'name': 'tempest-ServersNegativeTestMultiTenantJSON-1486078794-network', 'tenant_id': 'c28056f8d42242a48e19d8a1c81b6c25', 'admin_state_up': True, 'mtu': 8950, 'status': 'ACTIVE', 'subnets': [], 'shared': False, 'project_id': 'c28056f8d42242a48e19d8a1c81b6c25', 'port_security_enabled': True, 'router:external': False, 'provider:network_type': 'vlan', 'provider:physical_network': 'default', 'provider:segmentation_id': 752, 'is_default': False, 'availability_zone_hints': [], 'availability_zones': [], 'ipv4_address_scope': None, 'ipv6_address_scope': None, 'description': '', 'tags': [], 'created_at': '2025-03-07T07:55:43Z', 'updated_at': '2025-03-07T07:55:43Z', 'revision_number': 1} available for tenant
2025-03-07 07:55:56.899 66169 INFO tempest.lib.common.rest_client [req-ff61497a-fa88-46f2-afdd-15542ac296cd req-ff61497a-fa88-46f2-afdd-15542ac296cd ] Request (SecurityGroupsTestJSON:test_security_group_create_get_delete): 200 POST http://10.180.1.21/compute/v2.1/os-security-groups 3.743s
2025-03-07 07:55:57.006 66159 INFO tempest.lib.common.rest_client [req-defa0693-3632-4e5f-9729-5908e51310b4 req-defa0693-3632-4e5f-9729-5908e51310b4 ] Request (SecurityGroupRulesTestJSON:setUpClass): 201 POST http://10.180.1.21:9696/networking/v2.0/networks 1.188s
2025-03-07 07:55:57.189 66177 INFO tempest.lib.common.rest_client [req-6664a31f-034b-4c63-a6f3-4c2596e463a7 req-6664a31f-034b-4c63-a6f3-4c2596e463a7 ] Request (FloatingIPsAssociationNegativeTestJSON:setUpClass): 200 GET http://10.180.1.21/compute/v2.1/servers/169c3642-1229-4c49-9e04-67e4e1764286 3.567s
2025-03-07 07:55:57.269 66195 INFO tempest.lib.common.rest_client [req-18f0fe35-56d6-4220-806a-bf44a1ef5bc5 req-18f0fe35-56d6-4220-806a-bf44a1ef5bc5 ] Request (ServerRescueNegativeTestJSON:setUpClass): 200 GET http://10.180.1.21/compute/v2.1/servers/bd0158bd-e255-4680-b00e-81eb1ce88ad5 3.721s
2025-03-07 07:55:57.285 66209 INFO tempest.lib.common.rest_client [req-016c4536-8e7e-4bad-9cd7-8c5f3e86168f req-016c4536-8e7e-4bad-9cd7-8c5f3e86168f ] Request (ServerDiskConfigTestJSON:test_resize_server_from_auto_to_manual): 200 GET http://10.180.1.21/compute/v2.1/servers/0ccebca0-a1a4-48b2-9154-1c73350dab38 3.533s
2025-03-07 07:55:57.343 66149 INFO tempest.lib.common.rest_client [req-3e90f8ca-3db0-4aa5-8d8b-fe49414e53d1 req-3e90f8ca-3db0-4aa5-8d8b-fe49414e53d1 ] Request (ImagesOneServerTestJSON:tearDownClass): 204 DELETE http://10.180.1.21:9696/networking/v2.0/routers/50d3b7a7-4b6f-4dc5-b43e-b8aac8d5ddb3 1.151s
2025-03-07 07:55:57.346 66153 INFO tempest.lib.common.rest_client [req-eb5886b6-69aa-4f4b-9838-c9718c86e10b req-eb5886b6-69aa-4f4b-9838-c9718c86e10b ] Request (ComputeTenantNetworksTest:setUpClass): 201 POST http://10.180.1.21:9696/networking/v2.0/networks 0.693s
2025-03-07 07:55:57.347 66153 INFO tempest.lib.common.dynamic_creds [-] Created isolated network resources for: credentials: Credentials: {'domain_id': 'default', 'domain_name': 'Default', 'username': 'tempest-ComputeTenantNetworksTest-79030034-project-member', 'project_domain_id': 'default', 'project_domain_name': 'Default', 'project_id': 'c56e8f8257204d8d9979368d1f9b3d1d', 'project_name': 'tempest-ComputeTenantNetworksTest-79030034', 'tenant_id': 'c56e8f8257204d8d9979368d1f9b3d1d', 'tenant_name': 'tempest-ComputeTenantNetworksTest-79030034', 'user_domain_id': 'default', 'user_domain_name': 'Default', 'user_id': '144a20209c9f4cc58a8d2fee3a78bc0e', 'system': None}, Network: {'id': 'c93cc8a0-6a03-42ad-98b9-12e288d7c403', 'name': 'tempest-ComputeTenantNetworksTest-723509879-network', 'tenant_id': 'c56e8f8257204d8d9979368d1f9b3d1d', 'admin_state_up': True, 'mtu': 8950, 'status': 'ACTIVE', 'subnets': [], 'shared': False, 'project_id': 'c56e8f8257204d8d9979368d1f9b3d1d', 'port_security_enabled': True, 'router:external': False, 'provider:network_type': 'vlan', 'provider:physical_network': 'default', 'provider:segmentation_id': 88, 'is_default': False, 'availability_zone_hints': [], 'availability_zones': [], 'ipv4_address_scope': None, 'ipv6_address_scope': None, 'description': '', 'tags': [], 'created_at': '2025-03-07T07:55:57Z', 'updated_at': '2025-03-07T07:55:57Z', 'revision_number': 1}, Subnet: None, Router: None
2025-03-07 07:55:57.423 66153 INFO tempest.lib.common.rest_client [req-3ea5a9c9-2136-49a7-b5c0-70d6e88821b8 req-3ea5a9c9-2136-49a7-b5c0-70d6e88821b8 ] Request (ComputeTenantNetworksTest:setUpClass): 201 POST http://10.180.1.21/identity/v3/auth/tokens 0.072s
2025-03-07 07:55:57.427 66173 INFO tempest.lib.common.rest_client [req-1e1acd9a-4b0d-4326-9d0f-ac02834c4325 req-1e1acd9a-4b0d-4326-9d0f-ac02834c4325 ] Request (ServerDiagnosticsTest:test_get_server_diagnostics): 200 GET http://10.180.1.21/compute/v2.1/servers/51163f89-c8b6-48a8-bbbe-de63c44d92a5 3.624s
2025-03-07 07:55:57.449 66179 INFO tempest.lib.common.rest_client [req-c71b04f9-98d5-4249-bfd0-11fd52c7ec42 req-c71b04f9-98d5-4249-bfd0-11fd52c7ec42 ] Request (ServerTagsTestJSON:setUpClass): 200 PUT http://10.180.1.21:9696/networking/v2.0/routers/725362a0-3bf9-4064-a6aa-d82e38f808a5/add_router_interface 4.181s
2025-03-07 07:55:57.449 66179 INFO tempest.lib.common.dynamic_creds [-] Created isolated network resources for: credentials: Credentials: {'domain_id': 'default', 'domain_name': 'Default', 'username': 'tempest-ServerTagsTestJSON-733766138-project-member', 'project_domain_id': 'default', 'project_domain_name': 'Default', 'project_id': '680d138592d34357a51e3aca3a43a119', 'project_name': 'tempest-ServerTagsTestJSON-733766138', 'tenant_id': '680d138592d34357a51e3aca3a43a119', 'tenant_name': 'tempest-ServerTagsTestJSON-733766138', 'user_domain_id': 'default', 'user_domain_name': 'Default', 'user_id': 'fe9fd1aa1b094f1892413a7aab800052', 'system': None}, Network: {'id': '539c8499-67cc-4435-95ab-96f7c5d0589c', 'name': 'tempest-ServerTagsTestJSON-1381992343-network', 'tenant_id': '680d138592d34357a51e3aca3a43a119', 'admin_state_up': True, 'mtu': 8950, 'status': 'ACTIVE', 'subnets': [], 'shared': False, 'project_id': '680d138592d34357a51e3aca3a43a119', 'port_security_enabled': True, 'router:external': False, 'provider:network_type': 'vlan', 'provider:physical_network': 'default', 'provider:segmentation_id': 65, 'is_default': False, 'availability_zone_hints': [], 'availability_zones': [], 'ipv4_address_scope': None, 'ipv6_address_scope': None, 'description': '', 'tags': [], 'created_at': '2025-03-07T07:55:50Z', 'updated_at': '2025-03-07T07:55:50Z', 'revision_number': 1}, Subnet: {'id': '7a9cc0ab-9727-43da-94cc-afe9195e62a4', 'name': 'tempest-ServerTagsTestJSON-1381992343-subnet', 'tenant_id': '680d138592d34357a51e3aca3a43a119', 'network_id': '539c8499-67cc-4435-95ab-96f7c5d0589c', 'ip_version': 4, 'subnetpool_id': None, 'enable_dhcp': True, 'ipv6_ra_mode': None, 'ipv6_address_mode': None, 'gateway_ip': '192.168.128.1', 'cidr': '192.168.128.0/28', 'allocation_pools': [{'start': '192.168.128.2', 'end': '192.168.128.14'}], 'host_routes': [], 'dns_nameservers': [], 'description': '', 'service_types': [], 'tags': [], 'created_at': '2025-03-07T07:55:51Z', 'updated_at': '2025-03-07T07:55:51Z', 'revision_number': 0, 'project_id': '680d138592d34357a51e3aca3a43a119'}, Router: {'id': '725362a0-3bf9-4064-a6aa-d82e38f808a5', 'name': 'tempest-ServerTagsTestJSON-1381992343-router', 'tenant_id': '680d138592d34357a51e3aca3a43a119', 'admin_state_up': True, 'status': 'ACTIVE', 'external_gateway_info': {'network_id': 'f1fc3fc7-6a7c-4767-beb5-06c319ac3794', 'external_fixed_ips': [{'subnet_id': '9c8f1224-74e2-49cc-9b21-32a787aeb254', 'ip_address': '10.180.180.186'}], 'enable_snat': True}, 'description': '', 'availability_zones': [], 'distributed': False, 'ha': False, 'availability_zone_hints': [], 'routes': [], 'flavor_id': None, 'tags': [], 'created_at': '2025-03-07T07:55:51Z', 'updated_at': '2025-03-07T07:55:52Z', 'revision_number': 2, 'project_id': '680d138592d34357a51e3aca3a43a119'}
2025-03-07 07:55:57.466 66153 INFO tempest.lib.common.rest_client [req-be34f3c3-a7f3-465d-a781-a524722d032f req-be34f3c3-a7f3-465d-a781-a524722d032f ] Request (ComputeTenantNetworksTest:setUpClass): 201 POST http://10.180.1.21/identity/v3/auth/tokens 0.036s
2025-03-07 07:55:57.466 66153 INFO tempest.lib.common.fixed_network [-] (ComputeTenantNetworksTest:setUpClass) Found network {'id': 'c93cc8a0-6a03-42ad-98b9-12e288d7c403', 'name': 'tempest-ComputeTenantNetworksTest-723509879-network', 'tenant_id': 'c56e8f8257204d8d9979368d1f9b3d1d', 'admin_state_up': True, 'mtu': 8950, 'status': 'ACTIVE', 'subnets': [], 'shared': False, 'project_id': 'c56e8f8257204d8d9979368d1f9b3d1d', 'port_security_enabled': True, 'router:external': False, 'provider:network_type': 'vlan', 'provider:physical_network': 'default', 'provider:segmentation_id': 88, 'is_default': False, 'availability_zone_hints': [], 'availability_zones': [], 'ipv4_address_scope': None, 'ipv6_address_scope': None, 'description': '', 'tags': [], 'created_at': '2025-03-07T07:55:57Z', 'updated_at': '2025-03-07T07:55:57Z', 'revision_number': 1} available for tenant
2025-03-07 07:55:57.515 66171 INFO tempest.lib.common.rest_client [req-f1db8858-d314-4b0b-a934-65f7dc48eb43 req-f1db8858-d314-4b0b-a934-65f7dc48eb43 ] Request (ServersTestManualDisk:setUpClass): 200 GET http://10.180.1.21/compute/v2.1/servers/3b3f8c10-5ba5-445c-a51d-5404874df3d9 3.258s
2025-03-07 07:55:57.521 66179 INFO tempest.lib.common.rest_client [req-3db6dfe6-f718-440d-91c1-0dd02a53232f req-3db6dfe6-f718-440d-91c1-0dd02a53232f ] Request (ServerTagsTestJSON:setUpClass): 201 POST http://10.180.1.21/identity/v3/auth/tokens 0.067s
2025-03-07 07:55:57.551 66183 INFO tempest.lib.common.rest_client [req-104bafef-477f-49d3-8991-199730cf168c req-104bafef-477f-49d3-8991-199730cf168c ] Request (ValidationResourcesFixture:setUp): 200 POST http://10.180.1.21/compute/v2.1/os-keypairs 3.066s
2025-03-07 07:55:57.567 66179 INFO tempest.lib.common.rest_client [req-c06f5516-c65f-41ff-9f34-6e2dc92fdee7 req-c06f5516-c65f-41ff-9f34-6e2dc92fdee7 ] Request (ServerTagsTestJSON:setUpClass): 201 POST http://10.180.1.21/identity/v3/auth/tokens 0.041s
2025-03-07 07:55:57.567 66179 INFO tempest.lib.common.fixed_network [-] (ServerTagsTestJSON:setUpClass) Found network {'id': '539c8499-67cc-4435-95ab-96f7c5d0589c', 'name': 'tempest-ServerTagsTestJSON-1381992343-network', 'tenant_id': '680d138592d34357a51e3aca3a43a119', 'admin_state_up': True, 'mtu': 8950, 'status': 'ACTIVE', 'subnets': [], 'shared': False, 'project_id': '680d138592d34357a51e3aca3a43a119', 'port_security_enabled': True, 'router:external': False, 'provider:network_type': 'vlan', 'provider:physical_network': 'default', 'provider:segmentation_id': 65, 'is_default': False, 'availability_zone_hints': [], 'availability_zones': [], 'ipv4_address_scope': None, 'ipv6_address_scope': None, 'description': '', 'tags': [], 'created_at': '2025-03-07T07:55:50Z', 'updated_at': '2025-03-07T07:55:50Z', 'revision_number': 1} available for tenant
2025-03-07 07:55:57.596 66149 INFO tempest.lib.common.rest_client [req-b2333f00-78a3-4a59-8f33-600819a72ce2 req-b2333f00-78a3-4a59-8f33-600819a72ce2 ] Request (ImagesOneServerTestJSON:tearDownClass): 204 DELETE http://10.180.1.21:9696/networking/v2.0/subnets/ef505f9d-bb75-4cc5-bfbf-77e7d8c28671 0.253s
2025-03-07 07:55:57.744 66183 INFO tempest.lib.common.rest_client [req-bc332a6f-5e27-4fed-8d3e-a2235134b80a req-bc332a6f-5e27-4fed-8d3e-a2235134b80a ] Request (ValidationResourcesFixture:setUp): 201 POST http://10.180.1.21:9696/networking/v2.0/security-groups 0.191s
2025-03-07 07:55:57.791 66163 INFO tempest.lib.common.rest_client [req-67c477b2-048f-4c20-aad8-b2e0d4d699e1 req-67c477b2-048f-4c20-aad8-b2e0d4d699e1 ] Request (ServerActionsTestOtherB:tearDownClass): 200 PUT http://10.180.1.21:9696/networking/v2.0/routers/a2a8f82d-730c-40f7-aacd-291b85dfab75/remove_router_interface 3.379s
2025-03-07 07:55:57.833 66189 INFO tempest.lib.common.rest_client [req-a4c60447-e6f7-4fb0-aab4-2fc3f51d2dc0 req-a4c60447-e6f7-4fb0-aab4-2fc3f51d2dc0 ] Request (SecurityGroupsTestAdminJSON:_run_cleanups): 202 DELETE http://10.180.1.21/compute/v2.1/os-security-groups/4d3e256d-b594-4371-8b3c-39360876dbc6 3.250s
2025-03-07 07:55:57.848 66157 INFO tempest.lib.common.rest_client [req-318e414b-77e9-43be-b638-39191081a5cc req-318e414b-77e9-43be-b638-39191081a5cc ] Request (FlavorsAdminTestJSON:test_list_public_flavor_with_other_user): 200 GET http://10.180.1.21/compute/v2.1/flavors/detail 3.247s
2025-03-07 07:55:57.865 66151 INFO tempest.lib.common.rest_client [req-69225e22-3df4-41b3-bb86-fec2023ebf99 req-69225e22-3df4-41b3-bb86-fec2023ebf99 ] Request (ServerDiagnosticsNegativeTest:test_get_server_diagnostics_by_non_admin): 200 GET http://10.180.1.21/compute/v2.1/servers/d34229ba-b110-41aa-b68f-e2d107fd817e 3.755s
2025-03-07 07:55:57.876 66159 INFO tempest.lib.common.rest_client [req-e83f467b-add9-46bf-810c-f708255c8c85 req-e83f467b-add9-46bf-810c-f708255c8c85 ] Request (SecurityGroupRulesTestJSON:setUpClass): 201 POST http://10.180.1.21:9696/networking/v2.0/subnets 0.870s
2025-03-07 07:55:58.043 66183 INFO tempest.lib.common.rest_client [req-3d8d7a7c-2fa7-44d9-b43a-ece752886900 req-3d8d7a7c-2fa7-44d9-b43a-ece752886900 ] Request (ValidationResourcesFixture:setUp): 201 POST http://10.180.1.21:9696/networking/v2.0/security-group-rules 0.298s
2025-03-07 07:55:58.067 66193 INFO tempest.lib.common.rest_client [req-253c0add-ddcf-4385-9d23-8737f775f235 req-253c0add-ddcf-4385-9d23-8737f775f235 ] Request (ServersAdminNegativeTestJSON:setUpClass): 200 GET http://10.180.1.21/compute/v2.1/servers/32f1575d-fb8a-4b7d-a7aa-8b1142d6b75c 3.344s
2025-03-07 07:55:58.086 66167 INFO tempest.lib.common.rest_client [req-5ae02869-a554-4610-b0fb-1a76437ce1c4 req-5ae02869-a554-4610-b0fb-1a76437ce1c4 ] Request (MigrationsAdminTest:test_list_migrations_in_flavor_resize_situation): 200 GET http://10.180.1.21/compute/v2.1/servers/cf0087c7-22d0-4317-a00a-73967ccafeaa 2.929s
2025-03-07 07:55:58.156 66181 INFO tempest.lib.common.rest_client [req-fffcc9d9-272c-44ac-94f8-4a66ba681bf3 req-fffcc9d9-272c-44ac-94f8-4a66ba681bf3 ] Request (ServersAdmin275Test:test_rebuild_update_server_275): 200 GET http://10.180.1.21/compute/v2.1/servers/934b5745-6c9a-4d21-92b8-7505a170e600 2.929s
2025-03-07 07:55:58.220 66208 INFO tempest.lib.common.rest_client [req-22765e1f-daa8-4f67-96f6-3b0d84f7fefd req-22765e1f-daa8-4f67-96f6-3b0d84f7fefd ] Request (ServersTestJSON:_run_cleanups): 204 DELETE http://10.180.1.21/compute/v2.1/servers/80ab0def-dc17-4708-a606-4671d3e869b0 3.060s
2025-03-07 07:55:58.264 66149 INFO tempest.lib.common.rest_client [req-46fa1ce2-c2e6-4478-a14e-e864dddc0280 req-46fa1ce2-c2e6-4478-a14e-e864dddc0280 ] Request (ImagesOneServerTestJSON:tearDownClass): 204 DELETE http://10.180.1.21:9696/networking/v2.0/networks/4e3298ec-1eba-4f54-b895-95e5bbea8b4d 0.667s
2025-03-07 07:55:58.297 66183 INFO tempest.lib.common.rest_client [req-972a7525-be98-4149-9ec9-e36de463c68a req-972a7525-be98-4149-9ec9-e36de463c68a ] Request (ValidationResourcesFixture:setUp): 201 POST http://10.180.1.21:9696/networking/v2.0/security-group-rules 0.253s
2025-03-07 07:55:58.306 66205 INFO tempest.lib.common.rest_client [req-40e036c1-6925-492a-b071-e0c139f1692f req-40e036c1-6925-492a-b071-e0c139f1692f ] Request (ServerGroupTestJSON:test_create_server_with_scheduler_hint_group): 200 GET http://10.180.1.21/compute/v2.1/servers/a4d6dc5b-f4a4-4e45-9e4a-187bbddeb398 2.418s
2025-03-07 07:55:58.314 66175 INFO tempest.lib.common.rest_client [req-9a86ea14-eca5-4ab1-97ce-82d552efacda req-9a86ea14-eca5-4ab1-97ce-82d552efacda ] Request (ImagesNegativeTestJSON:test_create_image_from_invalid_server): 404 POST http://10.180.1.21/compute/v2.1/servers/tempest-invalid-445263654/action 2.101s
2025-03-07 07:55:58.349 66149 INFO tempest.lib.common.rest_client [req-192977da-3c62-423c-a71e-e054c1fbac9c req-192977da-3c62-423c-a71e-e054c1fbac9c ] Request (ImagesOneServerTestJSON:tearDownClass): 204 DELETE http://10.180.1.21/identity/v3/users/586087d75c174b9b9cb3a75a1121e27b 0.085s
2025-03-07 07:55:58.350 66149 INFO tempest.lib.common.dynamic_creds [-] Deleting project and security group for project: 2f7d7a051bd54102b7df16856bd9356b
2025-03-07 07:55:58.386 66185 INFO tempest.lib.common.rest_client [req-fc5d8563-de8d-440b-bdf2-875097a6e368 req-fc5d8563-de8d-440b-bdf2-875097a6e368 ] Request (InstanceActionsNegativeTestJSON:setUpClass): 200 GET http://10.180.1.21/compute/v2.1/servers/c04e5253-0275-4fb3-8eca-6a395c95930f 2.065s
2025-03-07 07:55:58.467 66149 INFO tempest.lib.common.rest_client [req-3db2ca74-4cfe-4214-9712-3bf244a0c549 req-3db2ca74-4cfe-4214-9712-3bf244a0c549 ] Request (ImagesOneServerTestJSON:tearDownClass): 200 GET http://10.180.1.21:9696/networking/v2.0/security-groups?tenant_id=2f7d7a051bd54102b7df16856bd9356b&name=default 0.117s
2025-03-07 07:55:58.729 66149 INFO tempest.lib.common.rest_client [req-d40f8d2c-ad24-4dc8-8cb6-e1001227935a req-d40f8d2c-ad24-4dc8-8cb6-e1001227935a ] Request (ImagesOneServerTestJSON:tearDownClass): 204 DELETE http://10.180.1.21:9696/networking/v2.0/security-groups/6fa8d183-b926-4344-860c-7934af0f10b5 0.261s
2025-03-07 07:55:58.766 66163 INFO tempest.lib.common.rest_client [req-fa9da34e-9b70-4827-8680-e6da8b3fec9b req-fa9da34e-9b70-4827-8680-e6da8b3fec9b ] Request (ServerActionsTestOtherB:tearDownClass): 204 DELETE http://10.180.1.21:9696/networking/v2.0/routers/a2a8f82d-730c-40f7-aacd-291b85dfab75 0.975s
2025-03-07 07:55:58.830 66149 INFO tempest.lib.common.rest_client [req-02e37f2c-5984-452d-85f5-87dbfbd8d793 req-02e37f2c-5984-452d-85f5-87dbfbd8d793 ] Request (ImagesOneServerTestJSON:tearDownClass): 204 DELETE http://10.180.1.21/identity/v3/projects/2f7d7a051bd54102b7df16856bd9356b 0.101s
2025-03-07 07:55:58.847 66147 INFO tempest.lib.common.rest_client [req-fa8cd322-0bae-49e3-be37-4dd69de412de req-fa8cd322-0bae-49e3-be37-4dd69de412de ] Request (ServerMetadataTestJSON:setUpClass): 200 PUT http://10.180.1.21:9696/networking/v2.0/routers/4c91c82d-201b-4820-9498-bc1ad6d1b640/add_router_interface 3.539s
2025-03-07 07:55:58.847 66147 INFO tempest.lib.common.dynamic_creds [-] Created isolated network resources for: credentials: Credentials: {'domain_id': 'default', 'domain_name': 'Default', 'username': 'tempest-ServerMetadataTestJSON-324132329-project-member', 'project_domain_id': 'default', 'project_domain_name': 'Default', 'project_id': '01f4adb7fc024786923d64da2666bc10', 'project_name': 'tempest-ServerMetadataTestJSON-324132329', 'tenant_id': '01f4adb7fc024786923d64da2666bc10', 'tenant_name': 'tempest-ServerMetadataTestJSON-324132329', 'user_domain_id': 'default', 'user_domain_name': 'Default', 'user_id': '9c041060070f4b91b4856f75d25661d7', 'system': None}, Network: {'id': 'f0f6e13d-67fa-4342-bf7d-a7d555084e37', 'name': 'tempest-ServerMetadataTestJSON-796655571-network', 'tenant_id': '01f4adb7fc024786923d64da2666bc10', 'admin_state_up': True, 'mtu': 8950, 'status': 'ACTIVE', 'subnets': [], 'shared': False, 'project_id': '01f4adb7fc024786923d64da2666bc10', 'port_security_enabled': True, 'router:external': False, 'provider:network_type': 'vlan', 'provider:physical_network': 'default', 'provider:segmentation_id': 855, 'is_default': False, 'availability_zone_hints': [], 'availability_zones': [], 'ipv4_address_scope': None, 'ipv6_address_scope': None, 'description': '', 'tags': [], 'created_at': '2025-03-07T07:55:51Z', 'updated_at': '2025-03-07T07:55:51Z', 'revision_number': 1}, Subnet: {'id': '6f47480d-feba-4268-982a-cb996c9657dc', 'name': 'tempest-ServerMetadataTestJSON-796655571-subnet', 'tenant_id': '01f4adb7fc024786923d64da2666bc10', 'network_id': 'f0f6e13d-67fa-4342-bf7d-a7d555084e37', 'ip_version': 4, 'subnetpool_id': None, 'enable_dhcp': True, 'ipv6_ra_mode': None, 'ipv6_address_mode': None, 'gateway_ip': '192.168.128.1', 'cidr': '192.168.128.0/28', 'allocation_pools': [{'start': '192.168.128.2', 'end': '192.168.128.14'}], 'host_routes': [], 'dns_nameservers': [], 'description': '', 'service_types': [], 'tags': [], 'created_at': '2025-03-07T07:55:51Z', 'updated_at': '2025-03-07T07:55:51Z', 'revision_number': 0, 'project_id': '01f4adb7fc024786923d64da2666bc10'}, Router: {'id': '4c91c82d-201b-4820-9498-bc1ad6d1b640', 'name': 'tempest-ServerMetadataTestJSON-796655571-router', 'tenant_id': '01f4adb7fc024786923d64da2666bc10', 'admin_state_up': True, 'status': 'ACTIVE', 'external_gateway_info': {'network_id': 'f1fc3fc7-6a7c-4767-beb5-06c319ac3794', 'external_fixed_ips': [{'subnet_id': '9c8f1224-74e2-49cc-9b21-32a787aeb254', 'ip_address': '10.180.180.176'}], 'enable_snat': True}, 'description': '', 'availability_zones': [], 'distributed': False, 'ha': False, 'availability_zone_hints': [], 'routes': [], 'flavor_id': None, 'tags': [], 'created_at': '2025-03-07T07:55:52Z', 'updated_at': '2025-03-07T07:55:53Z', 'revision_number': 2, 'project_id': '01f4adb7fc024786923d64da2666bc10'}
2025-03-07 07:55:58.898 66149 INFO tempest.lib.common.rest_client [req-6894e9fb-c8e5-4d91-b4a4-bcb9ae48cd2b req-6894e9fb-c8e5-4d91-b4a4-bcb9ae48cd2b ] Request (ServersNegativeTestJSON:setUpClass): 201 POST http://10.180.1.21/identity/v3/auth/tokens 0.063s
2025-03-07 07:55:58.920 66147 INFO tempest.lib.common.rest_client [req-1b90fbd6-c0d5-42e5-bde9-89f2f17287d4 req-1b90fbd6-c0d5-42e5-bde9-89f2f17287d4 ] Request (ServerMetadataTestJSON:setUpClass): 201 POST http://10.180.1.21/identity/v3/auth/tokens 0.069s
2025-03-07 07:55:58.932 66149 INFO tempest.lib.common.rest_client [req-5630a3b0-4afd-4a0a-ba9d-01c072a0e5ee req-5630a3b0-4afd-4a0a-ba9d-01c072a0e5ee ] Request (ServersNegativeTestJSON:setUpClass): 201 POST http://10.180.1.21/identity/v3/auth/tokens 0.032s
2025-03-07 07:55:58.950 66149 INFO tempest.lib.common.rest_client [req-2ce4056a-10f7-4848-9df6-ecd9ede0f148 req-2ce4056a-10f7-4848-9df6-ecd9ede0f148 ] Request (ServersNegativeTestJSON:setUpClass): 200 GET http://10.180.1.21/identity/v3/domains?name=Default 0.018s
2025-03-07 07:55:58.952 66147 INFO tempest.lib.common.rest_client [req-06c70510-6c7b-4c65-8ac8-a0d61722f053 req-06c70510-6c7b-4c65-8ac8-a0d61722f053 ] Request (ServerMetadataTestJSON:setUpClass): 201 POST http://10.180.1.21/identity/v3/auth/tokens 0.028s
2025-03-07 07:55:58.953 66147 INFO tempest.lib.common.fixed_network [-] (ServerMetadataTestJSON:setUpClass) Found network {'id': 'f0f6e13d-67fa-4342-bf7d-a7d555084e37', 'name': 'tempest-ServerMetadataTestJSON-796655571-network', 'tenant_id': '01f4adb7fc024786923d64da2666bc10', 'admin_state_up': True, 'mtu': 8950, 'status': 'ACTIVE', 'subnets': [], 'shared': False, 'project_id': '01f4adb7fc024786923d64da2666bc10', 'port_security_enabled': True, 'router:external': False, 'provider:network_type': 'vlan', 'provider:physical_network': 'default', 'provider:segmentation_id': 855, 'is_default': False, 'availability_zone_hints': [], 'availability_zones': [], 'ipv4_address_scope': None, 'ipv6_address_scope': None, 'description': '', 'tags': [], 'created_at': '2025-03-07T07:55:51Z', 'updated_at': '2025-03-07T07:55:51Z', 'revision_number': 1} available for tenant
2025-03-07 07:55:58.975 66149 INFO tempest.lib.common.rest_client [req-5cad5c75-c7dd-4655-bf3c-48d802487480 req-5cad5c75-c7dd-4655-bf3c-48d802487480 ] Request (ServersNegativeTestJSON:setUpClass): 201 POST http://10.180.1.21/identity/v3/projects 0.024s
2025-03-07 07:55:59.028 66149 INFO tempest.lib.common.rest_client [req-62cac13f-f5e9-45a7-a17d-b874890a20f1 req-62cac13f-f5e9-45a7-a17d-b874890a20f1 ] Request (ServersNegativeTestJSON:setUpClass): 201 POST http://10.180.1.21/identity/v3/users 0.052s
2025-03-07 07:55:59.046 66149 INFO tempest.lib.common.rest_client [req-5a918cd0-3b46-4a94-a169-2b2cee22ffe6 req-5a918cd0-3b46-4a94-a169-2b2cee22ffe6 ] Request (ServersNegativeTestJSON:setUpClass): 200 GET http://10.180.1.21/identity/v3/roles 0.018s
2025-03-07 07:55:59.074 66149 INFO tempest.lib.common.rest_client [req-040be002-82ca-4dce-9f86-e8158b41bbae req-040be002-82ca-4dce-9f86-e8158b41bbae ] Request (ServersNegativeTestJSON:setUpClass): 204 PUT http://10.180.1.21/identity/v3/projects/1edb24dcd43040618b3fb71f20c2c1ae/users/14f3ef568b4c4708b2369172706e1088/roles/282828fb2fcb4bc4a2cfb05aaf8fe75a 0.027s
2025-03-07 07:55:59.074 66149 INFO tempest.lib.common.dynamic_creds [-] Dynamic test user 14f3ef568b4c4708b2369172706e1088 is created with scope project and roles: ['member']
2025-03-07 07:55:59.074 66149 INFO tempest.lib.common.dynamic_creds [-] Acquired dynamic creds: credentials: Credentials: {'domain_id': 'default', 'domain_name': 'Default', 'username': 'tempest-ServersNegativeTestJSON-1921025626-project-member', 'project_domain_id': 'default', 'project_domain_name': 'Default', 'project_id': '1edb24dcd43040618b3fb71f20c2c1ae', 'project_name': 'tempest-ServersNegativeTestJSON-1921025626', 'tenant_id': '1edb24dcd43040618b3fb71f20c2c1ae', 'tenant_name': 'tempest-ServersNegativeTestJSON-1921025626', 'user_domain_id': 'default', 'user_domain_name': 'Default', 'user_id': '14f3ef568b4c4708b2369172706e1088', 'system': None}, Network: None, Subnet: None, Router: None
2025-03-07 07:55:59.126 66149 INFO tempest.lib.common.rest_client [req-2306c5ba-a1b9-47f7-84b8-d9b9155dce57 req-2306c5ba-a1b9-47f7-84b8-d9b9155dce57 ] Request (ServersNegativeTestJSON:setUpClass): 201 POST http://10.180.1.21/identity/v3/auth/tokens 0.052s
2025-03-07 07:55:59.277 66163 INFO tempest.lib.common.rest_client [req-e81fd89d-c241-4da7-aed3-007615895fb8 req-e81fd89d-c241-4da7-aed3-007615895fb8 ] Request (ServerActionsTestOtherB:tearDownClass): 204 DELETE http://10.180.1.21:9696/networking/v2.0/subnets/0d44c02f-5271-4e53-81c9-dd529cb8bd34 0.510s
2025-03-07 07:55:59.367 66191 INFO tempest.lib.common.rest_client [req-41df5eb8-b4fa-4d6e-af83-77fa3c068667 req-41df5eb8-b4fa-4d6e-af83-77fa3c068667 ] Request (ServersNegativeTestMultiTenantJSON:setUpClass): 202 POST http://10.180.1.21/compute/v2.1/servers 2.527s
2025-03-07 07:55:59.434 66169 INFO tempest.lib.common.rest_client [req-f6ca5e6b-5988-42ab-93d0-60efec112350 req-f6ca5e6b-5988-42ab-93d0-60efec112350 ] Request (SecurityGroupsTestJSON:test_security_group_create_get_delete): 200 GET http://10.180.1.21/compute/v2.1/os-security-groups/447a9e32-5047-4ad7-8a47-e7031eed76c0 2.532s
2025-03-07 07:55:59.450 66183 INFO tempest.lib.common.rest_client [req-4c83b604-f328-41a7-9db2-27192a0676fd req-4c83b604-f328-41a7-9db2-27192a0676fd ] Request (ValidationResourcesFixture:setUp): 201 POST http://10.180.1.21:9696/networking/v2.0/floatingips 1.153s
