2025-03-07 07:36:05.574 67412 INFO tempest.lib.common.dynamic_creds [-] Acquired dynamic creds: credentials: Credentials: {'domain_id': 'default', 'domain_name': 'Default', 'username': 'tempest-ServerShowV247Test-925015620-project-reader', 'project_domain_id': 'default', 'project_domain_name': 'Default', 'project_id': '6af85a6704da4986810d4d07cea1ac1e', 'project_name': 'tempest-ServerShowV247Test-925015620', 'tenant_id': '6af85a6704da4986810d4d07cea1ac1e', 'tenant_name': 'tempest-ServerShowV247Test-925015620', 'user_domain_id': 'default', 'user_domain_name': 'Default', 'user_id': '898a155ccec6401fbbd3b9af954e09c7', 'system': None}, Network: None, Subnet: None, Router: None
2025-03-07 07:36:05.574 67412 INFO tempest.lib.common.dynamic_creds [-] Network resources are not created for requested scope: project and credentials: Credentials: {'domain_id': 'default', 'domain_name': 'Default', 'username': 'tempest-ServerShowV247Test-925015620-project-reader', 'project_domain_id': 'default', 'project_domain_name': 'Default', 'project_id': '6af85a6704da4986810d4d07cea1ac1e', 'project_name': 'tempest-ServerShowV247Test-925015620', 'tenant_id': '6af85a6704da4986810d4d07cea1ac1e', 'tenant_name': 'tempest-ServerShowV247Test-925015620', 'user_domain_id': 'default', 'user_domain_name': 'Default', 'user_id': '898a155ccec6401fbbd3b9af954e09c7', 'system': None}, Network: None, Subnet: None, Router: None
2025-03-07 07:36:05.583 67418 INFO tempest.lib.common.rest_client [req-4ef4c462-0e66-45e0-8622-ebeb2b2c3e6d req-4ef4c462-0e66-45e0-8622-ebeb2b2c3e6d ] Request (AttachVolumeNegativeTest:test_attach_attached_volume_to_different_server): 200 GET http://10.180.1.21/compute/v2.1/servers/42ce3afe-e725-4688-b048-bd6721c22c35 1.063s
2025-03-07 07:36:05.592 67376 INFO tempest.lib.common.rest_client [req-c9f3814b-c62e-41b4-87f8-698df9166961 req-c9f3814b-c62e-41b4-87f8-698df9166961 ] Request (ServerDiagnosticsTest:tearDownClass): 204 DELETE http://10.180.1.21:9696/networking/v2.0/security-groups/321815e4-5861-48cb-a822-31608cb1bd48 0.297s
2025-03-07 07:36:05.598 67404 INFO tempest.lib.common.rest_client [req-8f0c56b5-f401-4a5f-ab7c-4f75ef2705a6 req-8f0c56b5-f401-4a5f-ab7c-4f75ef2705a6 ] Request (VolumesTestJSON:setUpClass): 201 POST http://10.180.1.21/identity/v3/auth/tokens 0.076s
2025-03-07 07:36:05.612 67398 INFO tempest.lib.common.rest_client [req-4c17beec-c9f3-40e0-95e6-c7d830db55af req-4c17beec-c9f3-40e0-95e6-c7d830db55af ] Request (ServerAddressesTestJSON:setUpClass): 200 GET http://10.180.1.21/compute/v2.1/servers/b1bba9da-84f7-4d67-8ad6-af7cb429dd9c 1.233s
2025-03-07 07:36:05.652 67428 INFO tempest.lib.common.rest_client [req-a40d0527-6399-4743-a625-6b5283a35169 req-a40d0527-6399-4743-a625-6b5283a35169 ] Request (ServersTestBootFromVolume:setUpClass): 200 GET http://10.180.1.21/compute/v2.1/servers/48037468-8c60-4449-8297-46eadab5246e 1.063s
2025-03-07 07:36:05.654 67412 INFO tempest.lib.common.rest_client [req-a815e038-57db-4a27-9316-ff7b7f833daa req-a815e038-57db-4a27-9316-ff7b7f833daa ] Request (ServerShowV247Test:setUpClass): 201 POST http://10.180.1.21/identity/v3/auth/tokens 0.075s
2025-03-07 07:36:05.689 67376 INFO tempest.lib.common.rest_client [req-af83d507-499d-44a4-a2a8-68d9c74e3609 req-af83d507-499d-44a4-a2a8-68d9c74e3609 ] Request (ServerDiagnosticsTest:tearDownClass): 204 DELETE http://10.180.1.21/identity/v3/projects/1e621856c6f845c0a7e15be1adc39e55 0.096s
2025-03-07 07:36:05.689 67376 INFO tempest.lib.common.dynamic_creds [-] Deleting project and security group for project: 7396c78ebebb4a65acb57e089170eb97
2025-03-07 07:36:05.715 67394 INFO tempest.lib.common.rest_client [req-0b007443-4f4b-4d2e-ae73-a6750a8fd335 req-0b007443-4f4b-4d2e-ae73-a6750a8fd335 ] Request (VolumesAdminNegativeTest:test_update_attached_volume_with_nonexistent_volume_in_body): 200 GET http://10.180.1.21/compute/v2.1/servers/3a37ecb3-0196-4230-adea-ed14355ece08 1.056s
2025-03-07 07:36:05.726 67378 INFO tempest.lib.common.rest_client [req-0d51df52-6a15-44c4-b9b4-1e6fb22e6078 req-0d51df52-6a15-44c4-b9b4-1e6fb22e6078 ] Request (FlavorsAdminTestJSON:test_create_flavor_with_uuid_id): 200 POST http://10.180.1.21/compute/v2.1/flavors 0.914s
2025-03-07 07:36:05.738 67412 INFO tempest.lib.common.rest_client [req-9c417cf2-55f3-46a6-9fa4-75b80ee1cfda req-9c417cf2-55f3-46a6-9fa4-75b80ee1cfda ] Request (ServerShowV247Test:test_show_server): 201 POST http://10.180.1.21/identity/v3/auth/tokens 0.080s
2025-03-07 07:36:05.738 67412 INFO tempest.lib.common.fixed_network [-] (ServerShowV247Test:test_show_server) Found network None available for tenant
2025-03-07 07:36:05.759 67376 INFO tempest.lib.common.rest_client [req-ff41b4c9-07ab-4af6-8b99-19af86c2c1a2 req-ff41b4c9-07ab-4af6-8b99-19af86c2c1a2 ] Request (ServerDiagnosticsTest:tearDownClass): 200 GET http://10.180.1.21:9696/networking/v2.0/security-groups?tenant_id=7396c78ebebb4a65acb57e089170eb97&name=default 0.070s
2025-03-07 07:36:05.791 67386 INFO tempest.lib.common.rest_client [req-c1d0f0a2-4487-42f5-8762-359dbbe89c64 req-c1d0f0a2-4487-42f5-8762-359dbbe89c64 ] Request (ServersTestJSON:test_create_server_specify_multibyte_character_name): 200 GET http://10.180.1.21/compute/v2.1/servers/abda0de6-f344-4dd1-b439-42826b59de5a 0.886s
2025-03-07 07:36:05.796 67390 INFO tempest.lib.common.rest_client [req-6516920c-7e0b-40b2-a80a-94748cda9a75 req-6516920c-7e0b-40b2-a80a-94748cda9a75 ] Request (ServerTagsTestJSON:setUpClass): 200 GET http://10.180.1.21/compute/v2.1/servers/d4eaa8fd-84b5-47a2-832a-9106187bc531 1.192s
2025-03-07 07:36:05.894 67400 INFO tempest.lib.common.rest_client [req-c0750113-b257-43c3-a8c6-a203078b1cf9 req-c0750113-b257-43c3-a8c6-a203078b1cf9 ] Request (ServersAdmin275Test:test_rebuild_update_server_275): 200 GET http://10.180.1.21/compute/v2.1/servers/99cbc3d9-8c82-4a32-8adb-59572bab2eca 0.821s
2025-03-07 07:36:05.904 67376 INFO tempest.lib.common.rest_client [req-0ec98f14-e435-4a21-8458-82fad47cc9ac req-0ec98f14-e435-4a21-8458-82fad47cc9ac ] Request (ServerDiagnosticsTest:tearDownClass): 204 DELETE http://10.180.1.21:9696/networking/v2.0/security-groups/3d5e8420-ad90-4062-9acf-9b1a4a59db58 0.144s
2025-03-07 07:36:05.910 67404 INFO tempest.lib.common.rest_client [req-e1c54d19-bd65-4730-9ba1-776e84c4bb3c req-e1c54d19-bd65-4730-9ba1-776e84c4bb3c ] Request (VolumesTestJSON:setUpClass): 202 POST http://10.180.1.21/volume/v3/8f3af2cac3ee4b779d2a87f903ee7eec/volumes 0.308s
2025-03-07 07:36:05.940 67404 INFO tempest.lib.common.rest_client [req-0d379afc-344e-4fab-94fe-ea87e5f09f5b req-0d379afc-344e-4fab-94fe-ea87e5f09f5b ] Request (VolumesTestJSON:setUpClass): 200 GET http://10.180.1.21/volume/v3/8f3af2cac3ee4b779d2a87f903ee7eec/volumes/12b3e19e-2545-48a7-aceb-68bc29c739bb 0.025s
2025-03-07 07:36:05.955 67388 INFO tempest.lib.common.rest_client [req-07b9bea2-7418-4667-8b9e-8fafbfc924a6 req-07b9bea2-7418-4667-8b9e-8fafbfc924a6 ] Request (ServersTestFqdnHostnames:test_create_server_with_fqdn_name): 200 GET http://10.180.1.21/compute/v2.1/servers/b04052f8-b29f-4b32-b249-02b83d3d77f9 0.994s
2025-03-07 07:36:05.998 67376 INFO tempest.lib.common.rest_client [req-25367b81-7caa-40c5-a788-6e0254045db0 req-25367b81-7caa-40c5-a788-6e0254045db0 ] Request (ServerDiagnosticsTest:tearDownClass): 204 DELETE http://10.180.1.21/identity/v3/projects/7396c78ebebb4a65acb57e089170eb97 0.093s
2025-03-07 07:36:05.999 67376 INFO tempest.test [-] raised in TestMultiAttachVolumeSwap.setUpClass. Invoking tearDownClass.
2025-03-07 07:36:06.062 67376 INFO tempest.lib.common.rest_client [req-73063138-b4fd-48fa-a915-db84cad0cdb3 req-73063138-b4fd-48fa-a915-db84cad0cdb3 ] Request (FlavorsV2TestJSON:setUpClass): 201 POST http://10.180.1.21/identity/v3/auth/tokens 0.060s
2025-03-07 07:36:06.077 67384 INFO tempest.lib.common.rest_client [req-4ad5b8cb-0a9f-4763-b041-77348837438c req-4ad5b8cb-0a9f-4763-b041-77348837438c ] Request (ImagesOneServerTestJSON:setUpClass): 200 GET http://10.180.1.21/compute/v2.1/servers/5bb4c082-f5fc-42e6-891a-4866eef1add6 0.831s
2025-03-07 07:36:06.092 67376 INFO tempest.lib.common.rest_client [req-3b668d9d-1e23-43c4-8dd8-6fde03a157c7 req-3b668d9d-1e23-43c4-8dd8-6fde03a157c7 ] Request (FlavorsV2TestJSON:setUpClass): 201 POST http://10.180.1.21/identity/v3/auth/tokens 0.027s
2025-03-07 07:36:06.115 67372 INFO tempest.lib.common.rest_client [req-40cdd2c6-01d3-4bf7-a8ff-874ad46ad5c5 req-40cdd2c6-01d3-4bf7-a8ff-874ad46ad5c5 ] Request (ServersTestMultiNic:test_verify_multiple_nics_order): 200 GET http://10.180.1.21/compute/v2.1/servers/f61f525f-70a5-402f-bf52-0bd4041b907f 0.572s
2025-03-07 07:36:06.121 67376 INFO tempest.lib.common.rest_client [req-4e335e92-088c-4b4d-a3cb-4da43ce78159 req-4e335e92-088c-4b4d-a3cb-4da43ce78159 ] Request (FlavorsV2TestJSON:setUpClass): 200 GET http://10.180.1.21/identity/v3/domains?name=Default 0.029s
2025-03-07 07:36:06.124 67378 INFO tempest.lib.common.rest_client [req-a9553947-a3af-43fa-b05a-2aa6faa7e0a7 req-a9553947-a3af-43fa-b05a-2aa6faa7e0a7 ] Request (FlavorsAdminTestJSON:_run_cleanups): 202 DELETE http://10.180.1.21/compute/v2.1/flavors/a0fd994e-f25c-4bde-8e3b-ea1ed37cd753 0.396s
2025-03-07 07:36:06.154 67376 INFO tempest.lib.common.rest_client [req-aa11ec29-ee76-4ae4-824d-da055d886aa8 req-aa11ec29-ee76-4ae4-824d-da055d886aa8 ] Request (FlavorsV2TestJSON:setUpClass): 201 POST http://10.180.1.21/identity/v3/projects 0.032s
2025-03-07 07:36:06.179 67422 INFO tempest.lib.common.rest_client [req-e868a033-e66b-4c9e-b0ee-2e0168c181d6 req-e868a033-e66b-4c9e-b0ee-2e0168c181d6 ] Request (ServerActionsTestOtherA:setUpClass): 200 GET http://10.180.1.21/compute/v2.1/servers/c3621484-8333-4375-9700-62b08d90887f 0.404s
2025-03-07 07:36:06.215 67376 INFO tempest.lib.common.rest_client [req-b7bd14a2-2f58-4af2-a61a-bf8a40a7973f req-b7bd14a2-2f58-4af2-a61a-bf8a40a7973f ] Request (FlavorsV2TestJSON:setUpClass): 201 POST http://10.180.1.21/identity/v3/users 0.060s
2025-03-07 07:36:06.235 67376 INFO tempest.lib.common.rest_client [req-af6bcd59-e506-472a-9ef2-7e3c3d39941e req-af6bcd59-e506-472a-9ef2-7e3c3d39941e ] Request (FlavorsV2TestJSON:setUpClass): 200 GET http://10.180.1.21/identity/v3/roles 0.019s
2025-03-07 07:36:06.264 67376 INFO tempest.lib.common.rest_client [req-6da2b4a1-ab30-482c-8fcc-c30481e9fd56 req-6da2b4a1-ab30-482c-8fcc-c30481e9fd56 ] Request (FlavorsV2TestJSON:setUpClass): 204 PUT http://10.180.1.21/identity/v3/projects/e9c0f6d9ccd64497b511174f80c5907a/users/6c5176aa1f244a83a41ae6e32da49727/roles/4d374873526440f4be11d312a9c66ab0 0.028s
2025-03-07 07:36:06.264 67376 INFO tempest.lib.common.dynamic_creds [-] Dynamic test user 6c5176aa1f244a83a41ae6e32da49727 is created with scope project and roles: ['member']
2025-03-07 07:36:06.264 67376 INFO tempest.lib.common.dynamic_creds [-] Acquired dynamic creds: credentials: Credentials: {'domain_id': 'default', 'domain_name': 'Default', 'username': 'tempest-FlavorsV2TestJSON-671305110-project-member', 'project_domain_id': 'default', 'project_domain_name': 'Default', 'project_id': 'e9c0f6d9ccd64497b511174f80c5907a', 'project_name': 'tempest-FlavorsV2TestJSON-671305110', 'tenant_id': 'e9c0f6d9ccd64497b511174f80c5907a', 'tenant_name': 'tempest-FlavorsV2TestJSON-671305110', 'user_domain_id': 'default', 'user_domain_name': 'Default', 'user_id': '6c5176aa1f244a83a41ae6e32da49727', 'system': None}, Network: None, Subnet: None, Router: None
2025-03-07 07:36:06.265 67376 INFO tempest.lib.common.dynamic_creds [-] Created isolated network resources for: credentials: Credentials: {'domain_id': 'default', 'domain_name': 'Default', 'username': 'tempest-FlavorsV2TestJSON-671305110-project-member', 'project_domain_id': 'default', 'project_domain_name': 'Default', 'project_id': 'e9c0f6d9ccd64497b511174f80c5907a', 'project_name': 'tempest-FlavorsV2TestJSON-671305110', 'tenant_id': 'e9c0f6d9ccd64497b511174f80c5907a', 'tenant_name': 'tempest-FlavorsV2TestJSON-671305110', 'user_domain_id': 'default', 'user_domain_name': 'Default', 'user_id': '6c5176aa1f244a83a41ae6e32da49727', 'system': None}, Network: None, Subnet: None, Router: None
2025-03-07 07:36:06.288 67396 INFO tempest.lib.common.rest_client [req-185abe87-ca73-4c04-9fbe-28562e654938 req-185abe87-ca73-4c04-9fbe-28562e654938 ] Request (ImagesNegativeTestJSON:test_create_image_from_deleted_server): 200 GET http://10.180.1.21/compute/v2.1/servers/b85f8cc3-b3d7-420e-8d1e-f636f2b85ca9 0.493s
2025-03-07 07:36:06.333 67376 INFO tempest.lib.common.rest_client [req-ddd95044-4cc4-46d4-8597-21555738bae3 req-ddd95044-4cc4-46d4-8597-21555738bae3 ] Request (FlavorsV2TestJSON:setUpClass): 201 POST http://10.180.1.21/identity/v3/auth/tokens 0.065s
2025-03-07 07:36:06.338 67430 INFO tempest.lib.common.rest_client [req-f9ac9475-36dd-41ba-a346-371f580ba4cd req-f9ac9475-36dd-41ba-a346-371f580ba4cd ] Request (SecurityGroupsTestJSON:test_server_security_groups): 200 GET http://10.180.1.21/compute/v2.1/servers/eebe36ea-6a07-4806-bade-4222dcf24247 0.396s
2025-03-07 07:36:06.347 67382 INFO tempest.lib.common.rest_client [req-b16e5bde-480f-493f-8068-cb32f44bcbcc req-b16e5bde-480f-493f-8068-cb32f44bcbcc ] Request (AttachVolumeTestJSON:setUpClass): 201 POST http://10.180.1.21:9696/networking/v2.0/routers 0.802s
2025-03-07 07:36:06.354 67378 INFO tempest.lib.common.rest_client [req-bd26ef8a-a3a6-4f1e-ba8d-18decad2d743 req-bd26ef8a-a3a6-4f1e-ba8d-18decad2d743 ] Request (FlavorsAdminTestJSON:_run_cleanups): 200 GET http://10.180.1.21/compute/v2.1/flavors/detail 0.229s
2025-03-07 07:36:06.373 67412 INFO tempest.lib.common.rest_client [req-05968818-acdb-4ff2-a0d3-b0768075b102 req-05968818-acdb-4ff2-a0d3-b0768075b102 ] Request (ServerShowV247Test:test_show_server): 202 POST http://10.180.1.21/compute/v2.1/servers 0.634s
2025-03-07 07:36:06.519 67392 INFO tempest.lib.common.rest_client [req-e230cfe9-3d3b-40ac-a488-57e2fdee8f5f req-e230cfe9-3d3b-40ac-a488-57e2fdee8f5f ] Request (DeleteServersAdminTestJSON:test_admin_delete_servers_of_others): 200 GET http://10.180.1.21/compute/v2.1/servers/c2d5335a-4332-4828-855d-380cdea64a1a 0.306s
2025-03-07 07:36:06.542 67406 INFO tempest.lib.common.rest_client [req-ab272dba-f276-4b9f-9f8f-2d11c59196cd req-ab272dba-f276-4b9f-9f8f-2d11c59196cd ] Request (ServerExternalEventsTest:test_create_server_external_events): 200 GET http://10.180.1.21/compute/v2.1/servers/ca7b7941-c016-4968-9beb-f8c094ca16cd 0.264s
2025-03-07 07:36:06.558 67378 INFO tempest.lib.common.rest_client [req-0cd335f9-5d35-4726-a325-37836fe3fdf4 req-0cd335f9-5d35-4726-a325-37836fe3fdf4 ] Request (FlavorsAdminTestJSON:test_create_list_flavor_without_extra_data): 200 POST http://10.180.1.21/compute/v2.1/flavors 0.199s
2025-03-07 07:36:06.601 67412 INFO tempest.lib.common.rest_client [req-b858af62-9e27-4b87-b737-e7e2283060a9 req-b858af62-9e27-4b87-b737-e7e2283060a9 ] Request (ServerShowV247Test:test_show_server): 200 GET http://10.180.1.21/compute/v2.1/servers/b932a680-76a5-4f08-ac38-2fc1578b4a86 0.226s
2025-03-07 07:36:06.609 67376 INFO tempest.lib.common.rest_client [req-8642f63e-d731-4a7b-a9a6-a3112b3ffd95 req-8642f63e-d731-4a7b-a9a6-a3112b3ffd95 ] Request (FlavorsV2TestJSON:test_get_flavor): 200 GET http://10.180.1.21/compute/v2.1/flavors/42 0.274s
2025-03-07 07:36:06.667 67412 INFO tempest.lib.common.rest_client [req-f941d7db-7017-4dec-afb2-0ccecbe3e3ab req-f941d7db-7017-4dec-afb2-0ccecbe3e3ab ] Request (ServerShowV247Test:test_update_rebuild_list_server): 201 POST http://10.180.1.21/identity/v3/auth/tokens 0.051s
2025-03-07 07:36:06.667 67412 INFO tempest.lib.common.fixed_network [-] (ServerShowV247Test:test_update_rebuild_list_server) Found network None available for tenant
2025-03-07 07:36:06.673 67380 INFO tempest.lib.common.rest_client [req-ad81f2ea-621c-4ffe-a05c-a8fbc5e0f777 req-ad81f2ea-621c-4ffe-a05c-a8fbc5e0f777 ] Request (ServerMetadataNegativeTestJSON:setUpClass): 200 GET http://10.180.1.21/compute/v2.1/servers/0811722e-2ae9-4018-a85d-ab4fe5f46370 0.144s
2025-03-07 07:36:06.683 67378 INFO tempest.lib.common.rest_client [req-524677be-a151-46b3-8fff-0ec33e2148e9 req-524677be-a151-46b3-8fff-0ec33e2148e9 ] Request (FlavorsAdminTestJSON:test_create_list_flavor_without_extra_data): 200 GET http://10.180.1.21/compute/v2.1/flavors/1825588138 0.123s
2025-03-07 07:36:06.899 67418 INFO tempest.lib.common.rest_client [req-b949c526-6020-4ddc-8a6a-7165228b0fa3 req-b949c526-6020-4ddc-8a6a-7165228b0fa3 ] Request (AttachVolumeNegativeTest:test_attach_attached_volume_to_different_server): 200 GET http://10.180.1.21/compute/v2.1/servers/42ce3afe-e725-4688-b048-bd6721c22c35 0.308s
2025-03-07 07:36:06.914 67376 INFO tempest.lib.common.rest_client [req-afa26abd-cbbe-415d-b33b-93a8c1d98334 req-afa26abd-cbbe-415d-b33b-93a8c1d98334 ] Request (FlavorsV2TestJSON:test_list_flavors): 200 GET http://10.180.1.21/compute/v2.1/flavors 0.301s
2025-03-07 07:36:06.920 67427 INFO tempest.lib.common.rest_client [req-3e274152-1bba-4307-b78c-6693cac3dd30 req-3e274152-1bba-4307-b78c-6693cac3dd30 ] Request (ServersAdminNegativeTestJSON:setUpClass): 200 GET http://10.180.1.21/compute/v2.1/servers/6cbf4358-dcfa-471b-ae1a-e6a512c47d26 0.475s
2025-03-07 07:36:06.975 67404 INFO tempest.lib.common.rest_client [req-03891b1d-5a89-42eb-8c69-3cba82061dc0 req-03891b1d-5a89-42eb-8c69-3cba82061dc0 ] Request (VolumesTestJSON:setUpClass): 200 GET http://10.180.1.21/volume/v3/8f3af2cac3ee4b779d2a87f903ee7eec/volumes/12b3e19e-2545-48a7-aceb-68bc29c739bb 0.028s
2025-03-07 07:36:06.982 67404 INFO tempest.common.waiters [-] volume 12b3e19e-2545-48a7-aceb-68bc29c739bb reached available after waiting for 1.982270 seconds
2025-03-07 07:36:06.986 67428 INFO tempest.lib.common.rest_client [req-a8a140be-f603-4e10-89a3-2acd0a0e104b req-a8a140be-f603-4e10-89a3-2acd0a0e104b ] Request (ServersTestBootFromVolume:setUpClass): 200 GET http://10.180.1.21/compute/v2.1/servers/48037468-8c60-4449-8297-46eadab5246e 0.323s
2025-03-07 07:36:07.041 67398 INFO tempest.lib.common.rest_client [req-8c64a495-6d25-41ab-912f-27c8c6f1c168 req-8c64a495-6d25-41ab-912f-27c8c6f1c168 ] Request (ServerAddressesTestJSON:setUpClass): 200 GET http://10.180.1.21/compute/v2.1/servers/b1bba9da-84f7-4d67-8ad6-af7cb429dd9c 0.420s
2025-03-07 07:36:07.094 67412 INFO tempest.lib.common.rest_client [req-144b1a49-1d95-4d3d-86a1-ef360ebc0355 req-144b1a49-1d95-4d3d-86a1-ef360ebc0355 ] Request (ServerShowV247Test:test_update_rebuild_list_server): 202 POST http://10.180.1.21/compute/v2.1/servers 0.426s
2025-03-07 07:36:07.120 67378 INFO tempest.lib.common.rest_client [req-5a49400c-21ba-44fe-a6a9-bfc9655b56db req-5a49400c-21ba-44fe-a6a9-bfc9655b56db ] Request (FlavorsAdminTestJSON:test_create_list_flavor_without_extra_data): 200 GET http://10.180.1.21/compute/v2.1/flavors/detail 0.435s
2025-03-07 07:36:07.154 67394 INFO tempest.lib.common.rest_client [req-f9d11067-8951-4c06-a21e-594e84222990 req-f9d11067-8951-4c06-a21e-594e84222990 ] Request (VolumesAdminNegativeTest:test_update_attached_volume_with_nonexistent_volume_in_body): 200 GET http://10.180.1.21/compute/v2.1/servers/3a37ecb3-0196-4230-adea-ed14355ece08 0.431s
2025-03-07 07:36:07.170 67386 INFO tempest.lib.common.rest_client [req-5f36196a-0f16-4257-afbd-238003d3d26e req-5f36196a-0f16-4257-afbd-238003d3d26e ] Request (ServersTestJSON:test_create_server_specify_multibyte_character_name): 200 GET http://10.180.1.21/compute/v2.1/servers/abda0de6-f344-4dd1-b439-42826b59de5a 0.367s
2025-03-07 07:36:07.228 67400 INFO tempest.lib.common.rest_client [req-196fd54e-5d00-4737-90aa-a31e1b3d7351 req-196fd54e-5d00-4737-90aa-a31e1b3d7351 ] Request (ServersAdmin275Test:test_rebuild_update_server_275): 200 GET http://10.180.1.21/compute/v2.1/servers/99cbc3d9-8c82-4a32-8adb-59572bab2eca 0.324s
2025-03-07 07:36:07.244 67376 INFO tempest.lib.common.rest_client [req-56a02837-f32c-4ec5-b7e1-a26c41a8fdf4 req-56a02837-f32c-4ec5-b7e1-a26c41a8fdf4 ] Request (FlavorsV2TestJSON:test_list_flavors): 200 GET http://10.180.1.21/compute/v2.1/flavors/42 0.326s
2025-03-07 07:36:07.351 67390 INFO tempest.lib.common.rest_client [req-5f9627e3-97a5-4ed1-ae17-1f95aaf21862 req-5f9627e3-97a5-4ed1-ae17-1f95aaf21862 ] Request (ServerTagsTestJSON:setUpClass): 200 GET http://10.180.1.21/compute/v2.1/servers/d4eaa8fd-84b5-47a2-832a-9106187bc531 0.545s
2025-03-07 07:36:07.366 67388 INFO tempest.lib.common.rest_client [req-a7fc0cdc-a82c-4945-a006-5d66390a35d3 req-a7fc0cdc-a82c-4945-a006-5d66390a35d3 ] Request (ServersTestFqdnHostnames:test_create_server_with_fqdn_name): 200 GET http://10.180.1.21/compute/v2.1/servers/b04052f8-b29f-4b32-b249-02b83d3d77f9 0.403s
2025-03-07 07:36:07.386 67404 INFO tempest.lib.common.rest_client [req-1d9d328e-7792-4978-a079-3acb0fdaa10f req-1d9d328e-7792-4978-a079-3acb0fdaa10f ] Request (VolumesTestJSON:setUpClass): 200 GET http://10.180.1.21/compute/v2.1/os-volumes/12b3e19e-2545-48a7-aceb-68bc29c739bb 0.404s
2025-03-07 07:36:07.424 67412 INFO tempest.lib.common.rest_client [req-9b2715a3-8511-4454-a969-30a537f90655 req-9b2715a3-8511-4454-a969-30a537f90655 ] Request (ServerShowV247Test:test_update_rebuild_list_server): 200 PUT http://10.180.1.21/compute/v2.1/servers/56ba6c8d-1717-4d07-b547-7872f985b0f3 0.328s
2025-03-07 07:36:07.473 67382 INFO tempest.lib.common.rest_client [req-3566144f-e674-4eb3-bc93-32e4fae1721e req-3566144f-e674-4eb3-bc93-32e4fae1721e ] Request (AttachVolumeTestJSON:setUpClass): 200 PUT http://10.180.1.21:9696/networking/v2.0/routers/0c7eaf8b-2d1c-4d96-a800-a80b7d74987f/add_router_interface 1.125s
2025-03-07 07:36:07.474 67382 INFO tempest.lib.common.dynamic_creds [-] Created isolated network resources for: credentials: Credentials: {'domain_id': 'default', 'domain_name': 'Default', 'username': 'tempest-AttachVolumeTestJSON-1172703336-project-member', 'project_domain_id': 'default', 'project_domain_name': 'Default', 'project_id': 'c153d71fb364422ca04fdf5469ebf236', 'project_name': 'tempest-AttachVolumeTestJSON-1172703336', 'tenant_id': 'c153d71fb364422ca04fdf5469ebf236', 'tenant_name': 'tempest-AttachVolumeTestJSON-1172703336', 'user_domain_id': 'default', 'user_domain_name': 'Default', 'user_id': '9831298b52ae4d398164ce6197cd3109', 'system': None}, Network: {'id': 'd29ac9eb-2bdd-4d31-b08e-64d34d91eef6', 'name': 'tempest-AttachVolumeTestJSON-1761082213-network', 'tenant_id': 'c153d71fb364422ca04fdf5469ebf236', 'admin_state_up': True, 'mtu': 8950, 'status': 'ACTIVE', 'subnets': [], 'shared': False, 'project_id': 'c153d71fb364422ca04fdf5469ebf236', 'port_security_enabled': True, 'router:external': False, 'provider:network_type': 'vlan', 'provider:physical_network': 'default', 'provider:segmentation_id': 726, 'is_default': False, 'availability_zone_hints': [], 'availability_zones': [], 'ipv4_address_scope': None, 'ipv6_address_scope': None, 'description': '', 'tags': [], 'created_at': '2025-03-07T07:36:04Z', 'updated_at': '2025-03-07T07:36:04Z', 'revision_number': 1}, Subnet: {'id': '4d1b8216-3c10-4901-887c-da954267c288', 'name': 'tempest-AttachVolumeTestJSON-1761082213-subnet', 'tenant_id': 'c153d71fb364422ca04fdf5469ebf236', 'network_id': 'd29ac9eb-2bdd-4d31-b08e-64d34d91eef6', 'ip_version': 4, 'subnetpool_id': None, 'enable_dhcp': True, 'ipv6_ra_mode': None, 'ipv6_address_mode': None, 'gateway_ip': '192.168.128.1', 'cidr': '192.168.128.0/28', 'allocation_pools': [{'start': '192.168.128.2', 'end': '192.168.128.14'}], 'host_routes': [], 'dns_nameservers': [], 'description': '', 'service_types': [], 'tags': [], 'created_at': '2025-03-07T07:36:05Z', 'updated_at': '2025-03-07T07:36:05Z', 'revision_number': 0, 'project_id': 'c153d71fb364422ca04fdf5469ebf236'}, Router: {'id': '0c7eaf8b-2d1c-4d96-a800-a80b7d74987f', 'name': 'tempest-AttachVolumeTestJSON-1761082213-router', 'tenant_id': 'c153d71fb364422ca04fdf5469ebf236', 'admin_state_up': True, 'status': 'ACTIVE', 'external_gateway_info': {'network_id': '73d850f6-eed4-4edf-be19-2166b246858a', 'external_fixed_ips': [{'subnet_id': '88bbddee-ebad-4415-9270-aa03929f1606', 'ip_address': '10.180.180.157'}], 'enable_snat': True}, 'description': '', 'availability_zones': [], 'distributed': False, 'ha': False, 'availability_zone_hints': [], 'routes': [], 'flavor_id': None, 'tags': [], 'created_at': '2025-03-07T07:36:05Z', 'updated_at': '2025-03-07T07:36:06Z', 'revision_number': 2, 'project_id': 'c153d71fb364422ca04fdf5469ebf236'}
2025-03-07 07:36:07.478 67384 INFO tempest.lib.common.rest_client [req-6c41469e-cbc0-4fcd-b841-326cbb7784ee req-6c41469e-cbc0-4fcd-b841-326cbb7784ee ] Request (ImagesOneServerTestJSON:setUpClass): 200 GET http://10.180.1.21/compute/v2.1/servers/5bb4c082-f5fc-42e6-891a-4866eef1add6 0.393s
2025-03-07 07:36:07.492 67378 INFO tempest.lib.common.rest_client [req-738d9d12-f2ed-4b24-896e-fddd023d08be req-738d9d12-f2ed-4b24-896e-fddd023d08be ] Request (FlavorsAdminTestJSON:_run_cleanups): 202 DELETE http://10.180.1.21/compute/v2.1/flavors/1825588138 0.365s
2025-03-07 07:36:07.508 67404 INFO tempest.lib.common.rest_client [req-ad6f605d-6916-4bd4-a428-75693653bb5e req-ad6f605d-6916-4bd4-a428-75693653bb5e ] Request (VolumesTestJSON:setUpClass): 202 POST http://10.180.1.21/volume/v3/8f3af2cac3ee4b779d2a87f903ee7eec/volumes 0.119s
2025-03-07 07:36:07.552 67372 INFO tempest.lib.common.rest_client [req-49c2eed6-2425-4016-9a25-a5586c58e54f req-49c2eed6-2425-4016-9a25-a5586c58e54f ] Request (ServersTestMultiNic:test_verify_multiple_nics_order): 200 GET http://10.180.1.21/compute/v2.1/servers/f61f525f-70a5-402f-bf52-0bd4041b907f 0.428s
2025-03-07 07:36:07.555 67404 INFO tempest.lib.common.rest_client [req-03891242-fa5e-4530-b8ce-f7d9235bf62b req-03891242-fa5e-4530-b8ce-f7d9235bf62b ] Request (VolumesTestJSON:setUpClass): 200 GET http://10.180.1.21/volume/v3/8f3af2cac3ee4b779d2a87f903ee7eec/volumes/93a50ad0-4c11-460b-b175-b744c3ddf26a 0.042s
2025-03-07 07:36:07.559 67382 INFO tempest.lib.common.rest_client [req-72f04d63-09fb-4c0d-bbba-d6d53ffa31ed req-72f04d63-09fb-4c0d-bbba-d6d53ffa31ed ] Request (AttachVolumeTestJSON:setUpClass): 201 POST http://10.180.1.21/identity/v3/auth/tokens 0.080s
2025-03-07 07:36:07.563 67422 INFO tempest.lib.common.rest_client [req-283b299a-ffef-468d-bcce-9268a84cfe99 req-283b299a-ffef-468d-bcce-9268a84cfe99 ] Request (ServerActionsTestOtherA:setUpClass): 200 GET http://10.180.1.21/compute/v2.1/servers/c3621484-8333-4375-9700-62b08d90887f 0.377s
2025-03-07 07:36:07.564 67376 INFO tempest.lib.common.rest_client [req-ce0c3bb9-f06f-4a35-9ef4-df22477a531a req-ce0c3bb9-f06f-4a35-9ef4-df22477a531a ] Request (FlavorsV2TestJSON:test_list_flavors_detailed_filter_by_min_disk): 200 GET http://10.180.1.21/compute/v2.1/flavors/42 0.317s
2025-03-07 07:36:07.628 67430 INFO tempest.lib.common.rest_client [req-a0bbba57-0115-4311-8aa1-e930d4ca0540 req-a0bbba57-0115-4311-8aa1-e930d4ca0540 ] Request (SecurityGroupsTestJSON:test_server_security_groups): 200 GET http://10.180.1.21/compute/v2.1/servers/eebe36ea-6a07-4806-bade-4222dcf24247 0.284s
2025-03-07 07:36:07.659 67396 INFO tempest.lib.common.rest_client [req-74e123fa-98b7-4f30-9793-de25b8f30cb7 req-74e123fa-98b7-4f30-9793-de25b8f30cb7 ] Request (ImagesNegativeTestJSON:test_create_image_from_deleted_server): 200 GET http://10.180.1.21/compute/v2.1/servers/b85f8cc3-b3d7-420e-8d1e-f636f2b85ca9 0.365s
2025-03-07 07:36:07.671 67378 INFO tempest.lib.common.rest_client [req-b53839ce-91a4-4989-9cb5-49e17f54a936 req-b53839ce-91a4-4989-9cb5-49e17f54a936 ] Request (FlavorsAdminTestJSON:_run_cleanups): 200 GET http://10.180.1.21/compute/v2.1/flavors/detail 0.179s
2025-03-07 07:36:07.678 67412 INFO tempest.lib.common.rest_client [req-127c0d37-1f74-400f-91b3-bfe0cc961540 req-127c0d37-1f74-400f-91b3-bfe0cc961540 ] Request (ServerShowV247Test:test_update_rebuild_list_server): 200 GET http://10.180.1.21/compute/v2.1/servers/56ba6c8d-1717-4d07-b547-7872f985b0f3 0.246s
2025-03-07 07:36:07.790 67392 INFO tempest.lib.common.rest_client [req-1c900ebc-b072-4893-af70-f1fe0eb965a2 req-1c900ebc-b072-4893-af70-f1fe0eb965a2 ] Request (DeleteServersAdminTestJSON:test_admin_delete_servers_of_others): 200 GET http://10.180.1.21/compute/v2.1/servers/c2d5335a-4332-4828-855d-380cdea64a1a 0.263s
2025-03-07 07:36:07.793 67406 INFO tempest.lib.common.rest_client [req-b56ffec2-d19e-4924-b2a9-3eacd9015b1b req-b56ffec2-d19e-4924-b2a9-3eacd9015b1b ] Request (ServerExternalEventsTest:test_create_server_external_events): 200 GET http://10.180.1.21/compute/v2.1/servers/ca7b7941-c016-4968-9beb-f8c094ca16cd 0.244s
2025-03-07 07:36:07.810 67376 INFO tempest.lib.common.rest_client [req-16fe08d2-3805-4ab4-ba40-44bbbd43bf8e req-16fe08d2-3805-4ab4-ba40-44bbbd43bf8e ] Request (FlavorsV2TestJSON:test_list_flavors_detailed_filter_by_min_disk): 200 GET http://10.180.1.21/compute/v2.1/flavors/detail?minDisk=2 0.244s
2025-03-07 07:36:07.822 67378 INFO tempest.lib.common.rest_client [req-d1eaddba-9d3a-4956-abc2-7beff08782c6 req-d1eaddba-9d3a-4956-abc2-7beff08782c6 ] Request (FlavorsAdminTestJSON:test_create_server_with_non_public_flavor): 200 POST http://10.180.1.21/compute/v2.1/flavors 0.147s
2025-03-07 07:36:07.843 67382 INFO tempest.lib.common.rest_client [req-ad8be147-1080-4b24-b219-d5eb029b02c2 req-ad8be147-1080-4b24-b219-d5eb029b02c2 ] Request (ValidationResourcesFixture:setUp): 200 POST http://10.180.1.21/compute/v2.1/os-keypairs 0.278s
2025-03-07 07:36:07.851 67376 INFO tempest.lib.common.rest_client [req-e2f9cc10-7c1f-4b08-bcca-7b71532e7663 req-e2f9cc10-7c1f-4b08-bcca-7b71532e7663 ] Request (FlavorsV2TestJSON:test_list_flavors_detailed_filter_by_min_ram): 200 GET http://10.180.1.21/compute/v2.1/flavors/42 0.034s
2025-03-07 07:36:07.860 67378 INFO tempest.lib.common.rest_client [req-fa0b20fb-4f6a-4db0-b66c-0d41e4caf042 req-fa0b20fb-4f6a-4db0-b66c-0d41e4caf042 ] Request (FlavorsAdminTestJSON:test_create_server_with_non_public_flavor): 400 POST http://10.180.1.21/compute/v2.1/servers 0.035s
2025-03-07 07:36:07.867 67380 INFO tempest.lib.common.rest_client [req-18d11b99-fa4e-498c-9813-a76404e03f84 req-18d11b99-fa4e-498c-9813-a76404e03f84 ] Request (ServerMetadataNegativeTestJSON:setUpClass): 200 GET http://10.180.1.21/compute/v2.1/servers/0811722e-2ae9-4018-a85d-ab4fe5f46370 0.182s
2025-03-07 07:36:07.877 67376 INFO tempest.lib.common.rest_client [req-bf26d557-0e3f-4108-8b57-17df8117fffd req-bf26d557-0e3f-4108-8b57-17df8117fffd ] Request (FlavorsV2TestJSON:test_list_flavors_detailed_filter_by_min_ram): 200 GET http://10.180.1.21/compute/v2.1/flavors/detail?minRam=129 0.024s
2025-03-07 07:36:07.879 67378 INFO tempest.lib.common.rest_client [req-4995f012-a7e8-4e92-bb9d-bd069a79e532 req-4995f012-a7e8-4e92-bb9d-bd069a79e532 ] Request (FlavorsAdminTestJSON:_run_cleanups): 202 DELETE http://10.180.1.21/compute/v2.1/flavors/1085869859 0.018s
2025-03-07 07:36:07.893 67376 INFO tempest.lib.common.rest_client [req-755c9bc0-2fb8-4d3c-a3ad-a067a08838ae req-755c9bc0-2fb8-4d3c-a3ad-a067a08838ae ] Request (FlavorsV2TestJSON:test_list_flavors_detailed_limit_results): 200 GET http://10.180.1.21/compute/v2.1/flavors/detail?limit=1 0.012s
2025-03-07 07:36:07.894 67378 INFO tempest.lib.common.rest_client [req-92c32b77-6546-433c-a0f6-a0493859b384 req-92c32b77-6546-433c-a0f6-a0493859b384 ] Request (FlavorsAdminTestJSON:_run_cleanups): 200 GET http://10.180.1.21/compute/v2.1/flavors/detail 0.015s
2025-03-07 07:36:07.905 67376 INFO tempest.lib.common.rest_client [req-64e48647-c50a-45ba-a631-598ad12153de req-64e48647-c50a-45ba-a631-598ad12153de ] Request (FlavorsV2TestJSON:test_list_flavors_detailed_using_marker): 200 GET http://10.180.1.21/compute/v2.1/flavors/42 0.009s
2025-03-07 07:36:07.914 67378 INFO tempest.lib.common.rest_client [req-3ae49cf9-9f10-4411-b988-9465d09ebc31 req-3ae49cf9-9f10-4411-b988-9465d09ebc31 ] Request (FlavorsAdminTestJSON:test_is_public_string_variations): 200 POST http://10.180.1.21/compute/v2.1/flavors 0.015s
2025-03-07 07:36:07.918 67382 INFO tempest.lib.common.rest_client [req-d0fec7f8-f047-477a-877a-4411ba4dc213 req-d0fec7f8-f047-477a-877a-4411ba4dc213 ] Request (ValidationResourcesFixture:setUp): 201 POST http://10.180.1.21:9696/networking/v2.0/security-groups 0.074s
2025-03-07 07:36:07.934 67376 INFO tempest.lib.common.rest_client [req-d072b6d8-97d2-4107-9336-ef21e4884dcc req-d072b6d8-97d2-4107-9336-ef21e4884dcc ] Request (FlavorsV2TestJSON:test_list_flavors_detailed_using_marker): 200 GET http://10.180.1.21/compute/v2.1/flavors/detail?marker=42 0.026s
2025-03-07 07:36:07.946 67378 INFO tempest.lib.common.rest_client [req-8956ce74-1e81-48c3-9747-8b9ad8d6a748 req-8956ce74-1e81-48c3-9747-8b9ad8d6a748 ] Request (FlavorsAdminTestJSON:test_is_public_string_variations): 200 POST http://10.180.1.21/compute/v2.1/flavors 0.029s
2025-03-07 07:36:07.964 67418 INFO tempest.lib.common.rest_client [req-40ebf967-23d0-4094-9f34-236d63cca1e4 req-40ebf967-23d0-4094-9f34-236d63cca1e4 ] Request (AttachVolumeNegativeTest:test_attach_attached_volume_to_different_server): 200 GET http://10.180.1.21/compute/v2.1/servers/42ce3afe-e725-4688-b048-bd6721c22c35 0.056s
2025-03-07 07:36:07.971 67376 INFO tempest.lib.common.rest_client [req-4c100733-a741-4ada-a683-2652ae4b7023 req-4c100733-a741-4ada-a683-2652ae4b7023 ] Request (FlavorsV2TestJSON:test_list_flavors_filter_by_min_disk): 200 GET http://10.180.1.21/compute/v2.1/flavors/42 0.034s
2025-03-07 07:36:07.983 67378 INFO tempest.lib.common.rest_client [req-3b480a73-2ee7-42e9-8bf9-7f7c210b134a req-3b480a73-2ee7-42e9-8bf9-7f7c210b134a ] Request (FlavorsAdminTestJSON:test_is_public_string_variations): 200 GET http://10.180.1.21/compute/v2.1/flavors/detail?is_public=f 0.035s
2025-03-07 07:36:08.001 67376 INFO tempest.lib.common.rest_client [req-ad2e3d13-e220-452d-af03-abef6891ac00 req-ad2e3d13-e220-452d-af03-abef6891ac00 ] Request (FlavorsV2TestJSON:test_list_flavors_filter_by_min_disk): 200 GET http://10.180.1.21/compute/v2.1/flavors?minDisk=2 0.027s
2025-03-07 07:36:08.007 67378 INFO tempest.lib.common.rest_client [req-9ef0e757-7ef7-494b-9356-47b737d74b5c req-9ef0e757-7ef7-494b-9356-47b737d74b5c ] Request (FlavorsAdminTestJSON:test_is_public_string_variations): 200 GET http://10.180.1.21/compute/v2.1/flavors/detail?is_public=false 0.021s
2025-03-07 07:36:08.020 67382 INFO tempest.lib.common.rest_client [req-3f1bf0ee-9e8a-4363-bd6b-53c523c58d55 req-3f1bf0ee-9e8a-4363-bd6b-53c523c58d55 ] Request (ValidationResourcesFixture:setUp): 201 POST http://10.180.1.21:9696/networking/v2.0/security-group-rules 0.101s
2025-03-07 07:36:08.065 67428 INFO tempest.lib.common.rest_client [req-0d798fc5-6ac8-4420-aa92-72c61364c69e req-0d798fc5-6ac8-4420-aa92-72c61364c69e ] Request (ServersTestBootFromVolume:setUpClass): 200 GET http://10.180.1.21/compute/v2.1/servers/48037468-8c60-4449-8297-46eadab5246e 0.073s
2025-03-07 07:36:08.072 67376 INFO tempest.lib.common.rest_client [req-077e0667-1744-4762-ade6-b99cd94d8076 req-077e0667-1744-4762-ade6-b99cd94d8076 ] Request (FlavorsV2TestJSON:test_list_flavors_filter_by_min_ram): 200 GET http://10.180.1.21/compute/v2.1/flavors/42 0.068s
2025-03-07 07:36:08.080 67378 INFO tempest.lib.common.rest_client [req-d189bbd1-97f8-48a9-a9fe-623a01db19ee req-d189bbd1-97f8-48a9-a9fe-623a01db19ee ] Request (FlavorsAdminTestJSON:test_is_public_string_variations): 200 GET http://10.180.1.21/compute/v2.1/flavors/detail?is_public=no 0.070s
2025-03-07 07:36:08.083 67427 INFO tempest.lib.common.rest_client [req-2333319e-4421-42e8-9062-a8b1d474ea2e req-2333319e-4421-42e8-9062-a8b1d474ea2e ] Request (ServersAdminNegativeTestJSON:setUpClass): 200 GET http://10.180.1.21/compute/v2.1/servers/6cbf4358-dcfa-471b-ae1a-e6a512c47d26 0.152s
2025-03-07 07:36:08.099 67382 INFO tempest.lib.common.rest_client [req-4da861c3-d4a8-41b4-a970-bcecd47210e8 req-4da861c3-d4a8-41b4-a970-bcecd47210e8 ] Request (ValidationResourcesFixture:setUp): 201 POST http://10.180.1.21:9696/networking/v2.0/security-group-rules 0.077s
2025-03-07 07:36:08.107 67376 INFO tempest.lib.common.rest_client [req-dfe7ea83-1aef-41a7-825a-4cbb6c800f06 req-dfe7ea83-1aef-41a7-825a-4cbb6c800f06 ] Request (FlavorsV2TestJSON:test_list_flavors_filter_by_min_ram): 200 GET http://10.180.1.21/compute/v2.1/flavors?minRam=129 0.032s
2025-03-07 07:36:08.120 67378 INFO tempest.lib.common.rest_client [req-7065e68a-607a-4cc1-95ba-0429dfc32926 req-7065e68a-607a-4cc1-95ba-0429dfc32926 ] Request (FlavorsAdminTestJSON:test_is_public_string_variations): 200 GET http://10.180.1.21/compute/v2.1/flavors/detail?is_public=0 0.037s
2025-03-07 07:36:08.150 67376 INFO tempest.lib.common.rest_client [req-348e70f7-86e2-4189-935f-196b7d65ab9a req-348e70f7-86e2-4189-935f-196b7d65ab9a ] Request (FlavorsV2TestJSON:test_list_flavors_limit_results): 200 GET http://10.180.1.21/compute/v2.1/flavors?limit=1 0.039s
2025-03-07 07:36:08.165 67378 INFO tempest.lib.common.rest_client [req-4f29cc8a-5e86-4c92-9a38-53a2efe2e37d req-4f29cc8a-5e86-4c92-9a38-53a2efe2e37d ] Request (FlavorsAdminTestJSON:test_is_public_string_variations): 200 GET http://10.180.1.21/compute/v2.1/flavors/detail?is_public=t 0.042s
2025-03-07 07:36:08.172 67376 INFO tempest.lib.common.rest_client [req-60223bed-e7cc-4ae7-9b69-100d547dea1e req-60223bed-e7cc-4ae7-9b69-100d547dea1e ] Request (FlavorsV2TestJSON:test_list_flavors_using_marker): 200 GET http://10.180.1.21/compute/v2.1/flavors/42 0.018s
2025-03-07 07:36:08.201 67398 INFO tempest.lib.common.rest_client [req-9520952f-a63b-4ae5-b422-f9893c496c4f req-9520952f-a63b-4ae5-b422-f9893c496c4f ] Request (ServerAddressesTestJSON:setUpClass): 200 GET http://10.180.1.21/compute/v2.1/servers/b1bba9da-84f7-4d67-8ad6-af7cb429dd9c 0.152s
2025-03-07 07:36:08.214 67378 INFO tempest.lib.common.rest_client [req-51b543c5-f8b7-42a3-910e-511a8837bc6a req-51b543c5-f8b7-42a3-910e-511a8837bc6a ] Request (FlavorsAdminTestJSON:test_is_public_string_variations): 200 GET http://10.180.1.21/compute/v2.1/flavors/detail?is_public=true 0.044s
2025-03-07 07:36:08.233 67394 INFO tempest.lib.common.rest_client [req-9d90059c-8266-4b70-bc29-b10b6531f356 req-9d90059c-8266-4b70-bc29-b10b6531f356 ] Request (VolumesAdminNegativeTest:test_update_attached_volume_with_nonexistent_volume_in_body): 200 GET http://10.180.1.21/compute/v2.1/servers/3a37ecb3-0196-4230-adea-ed14355ece08 0.071s
2025-03-07 07:36:08.239 67376 INFO tempest.lib.common.rest_client [req-ddff734d-12f1-4564-a920-f3c1bb5ca9bb req-ddff734d-12f1-4564-a920-f3c1bb5ca9bb ] Request (FlavorsV2TestJSON:test_list_flavors_using_marker): 200 GET http://10.180.1.21/compute/v2.1/flavors?marker=42 0.064s
2025-03-07 07:36:08.253 67378 INFO tempest.lib.common.rest_client [req-f798a025-5c05-4364-a238-4e450d8d2658 req-f798a025-5c05-4364-a238-4e450d8d2658 ] Request (FlavorsAdminTestJSON:test_is_public_string_variations): 200 GET http://10.180.1.21/compute/v2.1/flavors/detail?is_public=yes 0.035s
2025-03-07 07:36:08.301 67386 INFO tempest.lib.common.rest_client [req-b5c8faaa-669e-4027-91ed-5b51b4e34997 req-b5c8faaa-669e-4027-91ed-5b51b4e34997 ] Request (ServersTestJSON:test_create_server_specify_multibyte_character_name): 200 GET http://10.180.1.21/compute/v2.1/servers/abda0de6-f344-4dd1-b439-42826b59de5a 0.124s
2025-03-07 07:36:08.316 67376 INFO tempest.lib.common.rest_client [req-88f2584d-0937-4293-8aa0-b3ab1f8f9d1e req-88f2584d-0937-4293-8aa0-b3ab1f8f9d1e ] Request (FlavorsV2TestJSON:test_list_flavors_with_detail): 200 GET http://10.180.1.21/compute/v2.1/flavors/detail 0.074s
2025-03-07 07:36:08.322 67400 INFO tempest.lib.common.rest_client [req-8fc4b10e-59f4-417e-a47e-883914610c91 req-8fc4b10e-59f4-417e-a47e-883914610c91 ] Request (ServersAdmin275Test:test_rebuild_update_server_275): 200 GET http://10.180.1.21/compute/v2.1/servers/99cbc3d9-8c82-4a32-8adb-59572bab2eca 0.082s
2025-03-07 07:36:08.329 67378 INFO tempest.lib.common.rest_client [req-0b9aa6c5-b4b0-4fc3-908c-cec522a48f20 req-0b9aa6c5-b4b0-4fc3-908c-cec522a48f20 ] Request (FlavorsAdminTestJSON:test_is_public_string_variations): 200 GET http://10.180.1.21/compute/v2.1/flavors/detail?is_public=1 0.070s
2025-03-07 07:36:08.330 67376 INFO tempest.lib.common.rest_client [req-007f6da2-2e05-4043-b1c9-55606674b5bb req-007f6da2-2e05-4043-b1c9-55606674b5bb ] Request (FlavorsV2TestJSON:test_list_flavors_with_detail): 200 GET http://10.180.1.21/compute/v2.1/flavors/42 0.009s
2025-03-07 07:36:08.353 67378 INFO tempest.lib.common.rest_client [req-21b805fd-ee2e-49d6-a5ac-96d735261f0a req-21b805fd-ee2e-49d6-a5ac-96d735261f0a ] Request (FlavorsAdminTestJSON:_run_cleanups): 202 DELETE http://10.180.1.21/compute/v2.1/flavors/306887994 0.017s
2025-03-07 07:36:08.369 67378 INFO tempest.lib.common.rest_client [req-01a4e17c-c801-4f28-93a0-6dd912497508 req-01a4e17c-c801-4f28-93a0-6dd912497508 ] Request (FlavorsAdminTestJSON:_run_cleanups): 200 GET http://10.180.1.21/compute/v2.1/flavors/detail 0.015s
2025-03-07 07:36:08.424 67376 INFO tempest.lib.common.rest_client [req-a8abd57f-bf5f-463c-a5dd-51438f731386 req-a8abd57f-bf5f-463c-a5dd-51438f731386 ] Request (FlavorsV2TestJSON:tearDownClass): 204 DELETE http://10.180.1.21/identity/v3/users/6c5176aa1f244a83a41ae6e32da49727 0.089s
2025-03-07 07:36:08.424 67376 INFO tempest.lib.common.dynamic_creds [-] Deleting project and security group for project: e9c0f6d9ccd64497b511174f80c5907a
2025-03-07 07:36:08.483 67376 INFO tempest.lib.common.rest_client [req-5a569c1d-1db3-4acd-bcb1-85b9bd530621 req-5a569c1d-1db3-4acd-bcb1-85b9bd530621 ] Request (FlavorsV2TestJSON:tearDownClass): 201 POST http://10.180.1.21/identity/v3/auth/tokens 0.059s
2025-03-07 07:36:08.510 67382 INFO tempest.lib.common.rest_client [req-85d6dcca-cca8-40a0-84a6-d43b1f9f957d req-85d6dcca-cca8-40a0-84a6-d43b1f9f957d ] Request (ValidationResourcesFixture:setUp): 201 POST http://10.180.1.21:9696/networking/v2.0/floatingips 0.410s
2025-03-07 07:36:08.533 67390 INFO tempest.lib.common.rest_client [req-4363eb73-260a-450f-a32a-a894c8238c90 req-4363eb73-260a-450f-a32a-a894c8238c90 ] Request (ServerTagsTestJSON:setUpClass): 200 GET http://10.180.1.21/compute/v2.1/servers/d4eaa8fd-84b5-47a2-832a-9106187bc531 0.168s
2025-03-07 07:36:08.540 67388 INFO tempest.lib.common.rest_client [req-f9fc5087-8b6f-4da8-906a-917455dbd563 req-f9fc5087-8b6f-4da8-906a-917455dbd563 ] Request (ServersTestFqdnHostnames:test_create_server_with_fqdn_name): 200 GET http://10.180.1.21/compute/v2.1/servers/b04052f8-b29f-4b32-b249-02b83d3d77f9 0.167s
2025-03-07 07:36:08.547 67378 INFO tempest.lib.common.rest_client [req-eb7aa5db-fb26-4276-8a04-86376febc3af req-eb7aa5db-fb26-4276-8a04-86376febc3af ] Request (FlavorsAdminTestJSON:_run_cleanups): 202 DELETE http://10.180.1.21/compute/v2.1/flavors/1961711388 0.172s
2025-03-07 07:36:08.562 67378 INFO tempest.lib.common.rest_client [req-ae91188d-9d7d-47d7-923b-bd0ebd668cd4 req-ae91188d-9d7d-47d7-923b-bd0ebd668cd4 ] Request (FlavorsAdminTestJSON:_run_cleanups): 200 GET http://10.180.1.21/compute/v2.1/flavors/detail 0.014s
2025-03-07 07:36:08.577 67382 INFO tempest.lib.common.rest_client [req-44a87b30-ffbd-4146-9cd3-21e498532a32 req-44a87b30-ffbd-4146-9cd3-21e498532a32 ] Request (AttachVolumeTestJSON:test_attach_detach_volume): 201 POST http://10.180.1.21/identity/v3/auth/tokens 0.064s
2025-03-07 07:36:08.577 67382 INFO tempest.lib.common.fixed_network [-] (AttachVolumeTestJSON:test_attach_detach_volume) Found network {'id': 'd29ac9eb-2bdd-4d31-b08e-64d34d91eef6', 'name': 'tempest-AttachVolumeTestJSON-1761082213-network', 'tenant_id': 'c153d71fb364422ca04fdf5469ebf236', 'admin_state_up': True, 'mtu': 8950, 'status': 'ACTIVE', 'subnets': [], 'shared': False, 'project_id': 'c153d71fb364422ca04fdf5469ebf236', 'port_security_enabled': True, 'router:external': False, 'provider:network_type': 'vlan', 'provider:physical_network': 'default', 'provider:segmentation_id': 726, 'is_default': False, 'availability_zone_hints': [], 'availability_zones': [], 'ipv4_address_scope': None, 'ipv6_address_scope': None, 'description': '', 'tags': [], 'created_at': '2025-03-07T07:36:04Z', 'updated_at': '2025-03-07T07:36:04Z', 'revision_number': 1} available for tenant
2025-03-07 07:36:08.585 67378 INFO tempest.lib.common.rest_client [req-533a1b53-5e92-4962-9d57-b0dc2837b41c req-533a1b53-5e92-4962-9d57-b0dc2837b41c ] Request (FlavorsAdminTestJSON:test_list_non_public_flavor): 200 POST http://10.180.1.21/compute/v2.1/flavors 0.017s
2025-03-07 07:36:08.593 67404 INFO tempest.lib.common.rest_client [req-d4d6bf22-0e61-4e5e-810d-86339107f93a req-d4d6bf22-0e61-4e5e-810d-86339107f93a ] Request (VolumesTestJSON:setUpClass): 200 GET http://10.180.1.21/volume/v3/8f3af2cac3ee4b779d2a87f903ee7eec/volumes/93a50ad0-4c11-460b-b175-b744c3ddf26a 0.027s
2025-03-07 07:36:08.600 67404 INFO tempest.common.waiters [-] volume 93a50ad0-4c11-460b-b175-b744c3ddf26a reached available after waiting for 1.600125 seconds
2025-03-07 07:36:08.627 67376 INFO tempest.lib.common.rest_client [req-d43a96ca-0d3f-47c4-bcc1-9197a390b48b req-d43a96ca-0d3f-47c4-bcc1-9197a390b48b ] Request (FlavorsV2TestJSON:tearDownClass): 200 GET http://10.180.1.21:9696/networking/v2.0/security-groups?tenant_id=e9c0f6d9ccd64497b511174f80c5907a&name=default 0.144s
2025-03-07 07:36:08.642 67384 INFO tempest.lib.common.rest_client [req-248e9803-b6f7-4774-a9d8-12a2dcd3a41a req-248e9803-b6f7-4774-a9d8-12a2dcd3a41a ] Request (ImagesOneServerTestJSON:setUpClass): 200 GET http://10.180.1.21/compute/v2.1/servers/5bb4c082-f5fc-42e6-891a-4866eef1add6 0.152s
2025-03-07 07:36:08.682 67372 INFO tempest.lib.common.rest_client [req-7fa654c9-97a9-4b4c-9341-b5aaa3640044 req-7fa654c9-97a9-4b4c-9341-b5aaa3640044 ] Request (ServersTestMultiNic:test_verify_multiple_nics_order): 200 GET http://10.180.1.21/compute/v2.1/servers/f61f525f-70a5-402f-bf52-0bd4041b907f 0.113s
2025-03-07 07:36:08.686 67376 INFO tempest.lib.common.rest_client [req-8e280ad0-f1dd-43cf-a435-d44bf0f2049b req-8e280ad0-f1dd-43cf-a435-d44bf0f2049b ] Request (FlavorsV2TestJSON:tearDownClass): 204 DELETE http://10.180.1.21:9696/networking/v2.0/security-groups/fa706837-ea47-4b54-843f-8f8ff62b73b0 0.058s
2025-03-07 07:36:08.701 67422 INFO tempest.lib.common.rest_client [req-9d63426e-341f-475a-9fd4-8b3c126c2600 req-9d63426e-341f-475a-9fd4-8b3c126c2600 ] Request (ServerActionsTestOtherA:setUpClass): 200 GET http://10.180.1.21/compute/v2.1/servers/c3621484-8333-4375-9700-62b08d90887f 0.130s
2025-03-07 07:36:08.713 67378 INFO tempest.lib.common.rest_client [req-9caaf098-d422-4877-90aa-4c53bfdc1005 req-9caaf098-d422-4877-90aa-4c53bfdc1005 ] Request (FlavorsAdminTestJSON:test_list_non_public_flavor): 200 GET http://10.180.1.21/compute/v2.1/flavors/detail 0.126s
2025-03-07 07:36:08.741 67404 INFO tempest.lib.common.rest_client [req-69c063d1-e76e-4ff2-8c3f-3b9e4abc6b68 req-69c063d1-e76e-4ff2-8c3f-3b9e4abc6b68 ] Request (VolumesTestJSON:setUpClass): 200 GET http://10.180.1.21/compute/v2.1/os-volumes/93a50ad0-4c11-460b-b175-b744c3ddf26a 0.141s
2025-03-07 07:36:08.745 67376 INFO tempest.lib.common.rest_client [req-18ddbc52-0f17-427a-be1a-291fc34da032 req-18ddbc52-0f17-427a-be1a-291fc34da032 ] Request (FlavorsV2TestJSON:tearDownClass): 204 DELETE http://10.180.1.21/identity/v3/projects/e9c0f6d9ccd64497b511174f80c5907a 0.058s
2025-03-07 07:36:08.792 67430 INFO tempest.lib.common.rest_client [req-cf1e42f2-895e-4d5c-86f9-4b165531d6c1 req-cf1e42f2-895e-4d5c-86f9-4b165531d6c1 ] Request (SecurityGroupsTestJSON:test_server_security_groups): 200 GET http://10.180.1.21/compute/v2.1/servers/eebe36ea-6a07-4806-bade-4222dcf24247 0.157s
2025-03-07 07:36:08.803 67376 INFO tempest.lib.common.rest_client [req-226082cc-670a-4379-b90d-9e6b3b580eda req-226082cc-670a-4379-b90d-9e6b3b580eda ] Request (ServerRescueTestJSON:setUpClass): 201 POST http://10.180.1.21/identity/v3/auth/tokens 0.056s
2025-03-07 07:36:08.832 67376 INFO tempest.lib.common.rest_client [req-decb316f-ae04-4cf9-92fe-2ad317afe400 req-decb316f-ae04-4cf9-92fe-2ad317afe400 ] Request (ServerRescueTestJSON:setUpClass): 201 POST http://10.180.1.21/identity/v3/auth/tokens 0.027s
2025-03-07 07:36:08.854 67404 INFO tempest.lib.common.rest_client [req-3db0a76f-20ae-4b6f-92ed-700b7ef2bf79 req-3db0a76f-20ae-4b6f-92ed-700b7ef2bf79 ] Request (VolumesTestJSON:setUpClass): 202 POST http://10.180.1.21/volume/v3/8f3af2cac3ee4b779d2a87f903ee7eec/volumes 0.111s
2025-03-07 07:36:08.857 67376 INFO tempest.lib.common.rest_client [req-e919c83d-ba03-40d4-a46e-31ecff108ec4 req-e919c83d-ba03-40d4-a46e-31ecff108ec4 ] Request (ServerRescueTestJSON:setUpClass): 200 GET http://10.180.1.21/identity/v3/domains?name=Default 0.025s
2025-03-07 07:36:08.887 67376 INFO tempest.lib.common.rest_client [req-54a21813-8192-4ddf-9493-599a9b027186 req-54a21813-8192-4ddf-9493-599a9b027186 ] Request (ServerRescueTestJSON:setUpClass): 201 POST http://10.180.1.21/identity/v3/projects 0.030s
2025-03-07 07:36:08.895 67404 INFO tempest.lib.common.rest_client [req-0eee4e74-dfde-4242-9d72-7be40174bdea req-0eee4e74-dfde-4242-9d72-7be40174bdea ] Request (VolumesTestJSON:setUpClass): 200 GET http://10.180.1.21/volume/v3/8f3af2cac3ee4b779d2a87f903ee7eec/volumes/e7a2f140-662f-45c7-970a-7432c901d24d 0.033s
2025-03-07 07:36:08.931 67396 INFO tempest.lib.common.rest_client [req-c7938191-263a-492a-befa-16bb15c26a79 req-c7938191-263a-492a-befa-16bb15c26a79 ] Request (ImagesNegativeTestJSON:test_create_image_from_deleted_server): 200 GET http://10.180.1.21/compute/v2.1/servers/b85f8cc3-b3d7-420e-8d1e-f636f2b85ca9 0.264s
2025-03-07 07:36:08.949 67376 INFO tempest.lib.common.rest_client [req-44839bf4-6688-42d0-99f5-6742df78adce req-44839bf4-6688-42d0-99f5-6742df78adce ] Request (ServerRescueTestJSON:setUpClass): 201 POST http://10.180.1.21/identity/v3/users 0.061s
2025-03-07 07:36:08.972 67376 INFO tempest.lib.common.rest_client [req-a2fb4601-22b6-46c8-8c66-56cbf849d49f req-a2fb4601-22b6-46c8-8c66-56cbf849d49f ] Request (ServerRescueTestJSON:setUpClass): 200 GET http://10.180.1.21/identity/v3/roles 0.023s
2025-03-07 07:36:08.988 67412 INFO tempest.lib.common.rest_client [req-f863ef63-2bba-4b3d-9c41-b117a183ff44 req-f863ef63-2bba-4b3d-9c41-b117a183ff44 ] Request (ServerShowV247Test:test_update_rebuild_list_server): 200 GET http://10.180.1.21/compute/v2.1/servers/56ba6c8d-1717-4d07-b547-7872f985b0f3 0.303s
