2025-03-07 07:34:12.367 67382 INFO tempest.lib.common.rest_client [req-dfef12b9-e7e7-4839-8c48-0ba8290dad42 req-dfef12b9-e7e7-4839-8c48-0ba8290dad42 ] Request (HostsAdminTestJSON:setUpClass): 201 POST http://10.180.1.21/identity/v3/users 0.358s
2025-03-07 07:34:12.387 67414 INFO tempest.lib.common.rest_client [req-4fee953e-bff8-4955-9866-697cac8fe077 req-4fee953e-bff8-4955-9866-697cac8fe077 ] Request (FloatingIPsTestJSON:setUpClass): 201 POST http://10.180.1.21/identity/v3/auth/tokens 0.354s
2025-03-07 07:34:12.410 67418 INFO tempest.lib.common.rest_client [req-9bc74218-9420-4340-9df9-752e952f7731 req-9bc74218-9420-4340-9df9-752e952f7731 ] Request (HypervisorAdminNegativeTestJSON:setUpClass): 201 POST http://10.180.1.21/identity/v3/auth/tokens 0.364s
2025-03-07 07:34:12.432 67388 INFO tempest.lib.common.rest_client [req-4191626a-61d4-43d0-81a9-972808eaede2 req-4191626a-61d4-43d0-81a9-972808eaede2 ] Request (ServersTestFqdnHostnames:setUpClass): 201 POST http://10.180.1.21:9696/networking/v2.0/subnets 0.185s
2025-03-07 07:34:12.434 67396 INFO tempest.lib.common.rest_client [req-b1a27759-04fc-4a8e-b807-59c890865033 req-b1a27759-04fc-4a8e-b807-59c890865033 ] Request (ImagesNegativeTestJSON:setUpClass): 201 POST http://10.180.1.21/identity/v3/auth/tokens 0.384s
2025-03-07 07:34:12.438 67424 INFO tempest.lib.common.rest_client [req-e209b6d1-a241-43e1-b2bc-329ef8d21cbd req-e209b6d1-a241-43e1-b2bc-329ef8d21cbd ] Request (FlavorsAccessTestJSON:setUpClass): 201 POST http://10.180.1.21/identity/v3/auth/tokens 0.383s
2025-03-07 07:34:12.456 67398 INFO tempest.lib.common.rest_client [req-e2961d1f-e600-4f2a-9c68-b682901d1cb8 req-e2961d1f-e600-4f2a-9c68-b682901d1cb8 ] Request (HypervisorAdminTestJSON:setUpClass): 201 POST http://10.180.1.21/identity/v3/auth/tokens 0.388s
2025-03-07 07:34:12.464 67410 INFO tempest.lib.common.rest_client [req-31ecdfad-0070-478b-8e3a-aea17c441c54 req-31ecdfad-0070-478b-8e3a-aea17c441c54 ] Request (HypervisorAdminNegativeUnderV252Test:setUpClass): 201 POST http://10.180.1.21/identity/v3/auth/tokens 0.395s
2025-03-07 07:34:12.474 67427 INFO tempest.lib.common.rest_client [req-4d043856-38c8-4363-ac39-44c332e74be2 req-4d043856-38c8-4363-ac39-44c332e74be2 ] Request (ServersAdminNegativeTestJSON:setUpClass): 200 GET http://10.180.1.21/identity/v3/domains?name=Default 0.396s
2025-03-07 07:34:12.480 67406 INFO tempest.lib.common.rest_client [req-d67aa942-63bf-45f3-9f62-f2a88c9cd55c req-d67aa942-63bf-45f3-9f62-f2a88c9cd55c ] Request (HypervisorAdminV253TestBase:setUpClass): 200 GET http://10.180.1.21/identity/v3/domains?name=Default 0.382s
2025-03-07 07:34:12.494 67412 INFO tempest.lib.common.rest_client [req-8f7cec55-7710-4d0b-80ba-6e07ff113060 req-8f7cec55-7710-4d0b-80ba-6e07ff113060 ] Request (KeyPairsV22TestJSON:setUpClass): 201 POST http://10.180.1.21/identity/v3/auth/tokens 0.396s
2025-03-07 07:34:12.504 67430 INFO tempest.lib.common.rest_client [req-62c3aabf-e8fe-4fac-a77b-9bdff6fdc99b req-62c3aabf-e8fe-4fac-a77b-9bdff6fdc99b ] Request (QuotasAdminTestJSON:setUpClass): 201 POST http://10.180.1.21/identity/v3/auth/tokens 0.390s
2025-03-07 07:34:12.515 67384 INFO tempest.lib.common.rest_client [req-7325b8e0-b26e-4af2-80e5-70b7774253e3 req-7325b8e0-b26e-4af2-80e5-70b7774253e3 ] Request (ImagesOneServerTestJSON:setUpClass): 200 GET http://10.180.1.21/identity/v3/domains?name=Default 0.393s
2025-03-07 07:34:12.526 67378 INFO tempest.lib.common.rest_client [req-50000dbe-6448-4e3d-b0d0-e34e116677b1 req-50000dbe-6448-4e3d-b0d0-e34e116677b1 ] Request (AggregatesAdminNegativeTestJSON:setUpClass): 201 POST http://10.180.1.21/identity/v3/projects 0.399s
2025-03-07 07:34:12.566 67392 INFO tempest.lib.common.rest_client [req-2a58c951-1686-429d-8288-f2cb61e17b8f req-2a58c951-1686-429d-8288-f2cb61e17b8f ] Request (DeleteServersAdminTestJSON:setUpClass): 201 POST http://10.180.1.21/identity/v3/auth/tokens 0.423s
2025-03-07 07:34:12.573 67422 INFO tempest.lib.common.rest_client [req-34514096-9f78-4dd0-ab39-382d00e83fb7 req-34514096-9f78-4dd0-ab39-382d00e83fb7 ] Request (FlavorMetadataValidation:setUpClass): 201 POST http://10.180.1.21/identity/v3/auth/tokens 0.423s
2025-03-07 07:34:12.592 67400 INFO tempest.lib.common.rest_client [req-42b1b04f-b590-4f12-b14f-bfe1491fb54d req-42b1b04f-b590-4f12-b14f-bfe1491fb54d ] Request (ServersAdmin275Test:setUpClass): 201 POST http://10.180.1.21/identity/v3/users 0.423s
2025-03-07 07:34:12.613 67434 INFO tempest.lib.common.rest_client [req-e2da37d1-6743-44f9-a52b-afdc9607a830 req-e2da37d1-6743-44f9-a52b-afdc9607a830 ] Request (FlavorsV255TestJSON:setUpClass): 201 POST http://10.180.1.21/identity/v3/auth/tokens 0.430s
2025-03-07 07:34:12.633 67372 INFO tempest.lib.common.rest_client [req-8a65a9bf-6040-44fe-942e-52f92ac35edb req-8a65a9bf-6040-44fe-942e-52f92ac35edb ] Request (NetworksTest:setUpClass): 200 GET http://10.180.1.21/identity/v3/domains?name=Default 0.414s
2025-03-07 07:34:12.633 67386 INFO tempest.lib.common.rest_client [req-00322bb0-1e79-4ea2-b272-a18d84f3df63 req-00322bb0-1e79-4ea2-b272-a18d84f3df63 ] Request (HostsAdminNegativeTestJSON:setUpClass): 201 POST http://10.180.1.21/identity/v3/auth/tokens 0.465s
2025-03-07 07:34:12.661 67432 INFO tempest.lib.common.rest_client [req-a63e96cd-52f4-49cc-b997-589def6ff694 req-a63e96cd-52f4-49cc-b997-589def6ff694 ] Request (HypervisorAdminUnderV252Test:setUpClass): 204 PUT http://10.180.1.21/identity/v3/projects/749a8dd900a74bd0a90d1d569267a08e/users/d4e5bb2479414ff0a08522d88d4fd642/roles/4d374873526440f4be11d312a9c66ab0 0.429s
2025-03-07 07:34:12.662 67432 INFO tempest.lib.common.dynamic_creds [-] Dynamic test user d4e5bb2479414ff0a08522d88d4fd642 is created with scope project and roles: ['member']
2025-03-07 07:34:12.662 67432 INFO tempest.lib.common.dynamic_creds [-] Acquired dynamic creds: credentials: Credentials: {'domain_id': 'default', 'domain_name': 'Default', 'username': 'tempest-HypervisorAdminUnderV252Test-1336344233-project-member', 'project_domain_id': 'default', 'project_domain_name': 'Default', 'project_id': '749a8dd900a74bd0a90d1d569267a08e', 'project_name': 'tempest-HypervisorAdminUnderV252Test-1336344233', 'tenant_id': '749a8dd900a74bd0a90d1d569267a08e', 'tenant_name': 'tempest-HypervisorAdminUnderV252Test-1336344233', 'user_domain_id': 'default', 'user_domain_name': 'Default', 'user_id': 'd4e5bb2479414ff0a08522d88d4fd642', 'system': None}, Network: None, Subnet: None, Router: None
2025-03-07 07:34:12.662 67432 INFO tempest.lib.common.dynamic_creds [-] Created isolated network resources for: credentials: Credentials: {'domain_id': 'default', 'domain_name': 'Default', 'username': 'tempest-HypervisorAdminUnderV252Test-1336344233-project-member', 'project_domain_id': 'default', 'project_domain_name': 'Default', 'project_id': '749a8dd900a74bd0a90d1d569267a08e', 'project_name': 'tempest-HypervisorAdminUnderV252Test-1336344233', 'tenant_id': '749a8dd900a74bd0a90d1d569267a08e', 'tenant_name': 'tempest-HypervisorAdminUnderV252Test-1336344233', 'user_domain_id': 'default', 'user_domain_name': 'Default', 'user_id': 'd4e5bb2479414ff0a08522d88d4fd642', 'system': None}, Network: None, Subnet: None, Router: None
2025-03-07 07:34:12.663 67404 INFO tempest.lib.common.rest_client [req-bf947d9e-3afc-4e36-ac78-c3063af44d5d req-bf947d9e-3afc-4e36-ac78-c3063af44d5d ] Request (VolumesAssistedSnapshotsTest:setUpClass): 201 POST http://10.180.1.21/identity/v3/projects 0.430s
2025-03-07 07:34:12.717 67380 INFO tempest.lib.common.rest_client [req-f9e6f2d6-819c-4bf4-8c81-5838ad316fdf req-f9e6f2d6-819c-4bf4-8c81-5838ad316fdf ] Request (InstanceUsageAuditLogTestJSON:setUpClass): 201 POST http://10.180.1.21/identity/v3/auth/tokens 0.462s
2025-03-07 07:34:12.719 67390 INFO tempest.lib.common.rest_client [req-c1a2032b-46ce-4507-827d-44d3a29d63a8 req-c1a2032b-46ce-4507-827d-44d3a29d63a8 ] Request (ServicesAdminTestJSON:setUpClass): 201 POST http://10.180.1.21/identity/v3/auth/tokens 0.463s
2025-03-07 07:34:12.730 67376 INFO tempest.lib.common.rest_client [req-868cccc7-826e-4f2c-8cb5-b2f6c2cf09b9 req-868cccc7-826e-4f2c-8cb5-b2f6c2cf09b9 ] Request (ServerDiagnosticsTest:setUpClass): 200 GET http://10.180.1.21/identity/v3/roles 0.446s
2025-03-07 07:34:12.744 67420 INFO tempest.lib.common.rest_client [req-39a0814d-60e4-4ef7-843b-6d46dac2bc2f req-39a0814d-60e4-4ef7-843b-6d46dac2bc2f ] Request (FlavorsExtraSpecsNegativeTestJSON:setUpClass): 201 POST http://10.180.1.21/identity/v3/auth/tokens 0.458s
2025-03-07 07:34:12.751 67416 INFO tempest.lib.common.rest_client [req-b493ca6c-e3d1-4553-bf26-2e2450d145ef req-b493ca6c-e3d1-4553-bf26-2e2450d145ef ] Request (ServicesAdminNegativeV253TestJSON:setUpClass): 201 POST http://10.180.1.21/identity/v3/auth/tokens 0.423s
2025-03-07 07:34:12.759 67408 INFO tempest.lib.common.rest_client [req-81c8c8ba-c715-4b0c-8d22-20225dc30318 req-81c8c8ba-c715-4b0c-8d22-20225dc30318 ] Request (SecurityGroupsTestAdminJSON:setUpClass): 200 GET http://10.180.1.21/identity/v3/domains?name=Default 0.424s
2025-03-07 07:34:12.774 67394 INFO tempest.lib.common.rest_client [req-1b3fc37c-0fdf-4df6-8bba-56d70f57708f req-1b3fc37c-0fdf-4df6-8bba-56d70f57708f ] Request (ServersWithSpecificFlavorTestJSON:setUpClass): 204 PUT http://10.180.1.21/identity/v3/projects/1cf2864f77914655933c180d98999068/users/de4a99901e22472285b2d471326293e7/roles/4d374873526440f4be11d312a9c66ab0 0.427s
2025-03-07 07:34:12.775 67394 INFO tempest.lib.common.dynamic_creds [-] Dynamic test user de4a99901e22472285b2d471326293e7 is created with scope project and roles: ['member']
2025-03-07 07:34:12.775 67394 INFO tempest.lib.common.dynamic_creds [-] Acquired dynamic creds: credentials: Credentials: {'domain_id': 'default', 'domain_name': 'Default', 'username': 'tempest-ServersWithSpecificFlavorTestJSON-872252653-project-member', 'project_domain_id': 'default', 'project_domain_name': 'Default', 'project_id': '1cf2864f77914655933c180d98999068', 'project_name': 'tempest-ServersWithSpecificFlavorTestJSON-872252653', 'tenant_id': '1cf2864f77914655933c180d98999068', 'tenant_name': 'tempest-ServersWithSpecificFlavorTestJSON-872252653', 'user_domain_id': 'default', 'user_domain_name': 'Default', 'user_id': 'de4a99901e22472285b2d471326293e7', 'system': None}, Network: None, Subnet: None, Router: None
2025-03-07 07:34:12.809 67403 INFO tempest.lib.common.rest_client [req-9c18a421-877f-4ca0-bff1-a08c47148a1f req-9c18a421-877f-4ca0-bff1-a08c47148a1f ] Request (AZAdminV2TestJSON:setUpClass): 201 POST http://10.180.1.21/identity/v3/auth/tokens 0.460s
2025-03-07 07:34:12.821 67382 INFO tempest.lib.common.rest_client [req-0f32345d-6e6e-4378-9ea1-e311049cb373 req-0f32345d-6e6e-4378-9ea1-e311049cb373 ] Request (HostsAdminTestJSON:setUpClass): 200 GET http://10.180.1.21/identity/v3/roles 0.453s
2025-03-07 07:34:12.836 67374 INFO tempest.lib.common.rest_client [req-31a3a375-c0a3-4747-aa29-bb0283f5f666 req-31a3a375-c0a3-4747-aa29-bb0283f5f666 ] Request (FloatingIPDetailsNegativeTestJSON:setUpClass): 201 POST http://10.180.1.21/identity/v3/auth/tokens 0.467s
2025-03-07 07:34:12.845 67414 INFO tempest.lib.common.rest_client [req-6d60fad5-9f62-41dd-ba08-35fdbfc188af req-6d60fad5-9f62-41dd-ba08-35fdbfc188af ] Request (FloatingIPsTestJSON:setUpClass): 201 POST http://10.180.1.21/identity/v3/auth/tokens 0.454s
2025-03-07 07:34:12.864 67418 INFO tempest.lib.common.rest_client [req-37264f4e-0a85-4f8c-83f1-98ec7d853202 req-37264f4e-0a85-4f8c-83f1-98ec7d853202 ] Request (HypervisorAdminNegativeTestJSON:setUpClass): 201 POST http://10.180.1.21/identity/v3/auth/tokens 0.451s
2025-03-07 07:34:12.884 67396 INFO tempest.lib.common.rest_client [req-70dedb97-b98b-44bc-a9b6-460453cd9e38 req-70dedb97-b98b-44bc-a9b6-460453cd9e38 ] Request (ImagesNegativeTestJSON:setUpClass): 201 POST http://10.180.1.21/identity/v3/auth/tokens 0.446s
2025-03-07 07:34:12.925 67424 INFO tempest.lib.common.rest_client [req-dcb7674b-82c9-4bd7-8e34-2df2b23f1db3 req-dcb7674b-82c9-4bd7-8e34-2df2b23f1db3 ] Request (FlavorsAccessTestJSON:setUpClass): 201 POST http://10.180.1.21/identity/v3/auth/tokens 0.484s
2025-03-07 07:34:12.936 67398 INFO tempest.lib.common.rest_client [req-22448465-db59-493d-b77e-fccd73ee0fd6 req-22448465-db59-493d-b77e-fccd73ee0fd6 ] Request (HypervisorAdminTestJSON:setUpClass): 201 POST http://10.180.1.21/identity/v3/auth/tokens 0.477s
2025-03-07 07:34:12.960 67410 INFO tempest.lib.common.rest_client [req-4851d558-c2f9-4cca-b217-ac81e9123d96 req-4851d558-c2f9-4cca-b217-ac81e9123d96 ] Request (HypervisorAdminNegativeUnderV252Test:setUpClass): 201 POST http://10.180.1.21/identity/v3/auth/tokens 0.491s
2025-03-07 07:34:12.960 67427 INFO tempest.lib.common.rest_client [req-527a0259-3492-4e8b-9b92-78d08349d833 req-527a0259-3492-4e8b-9b92-78d08349d833 ] Request (ServersAdminNegativeTestJSON:setUpClass): 201 POST http://10.180.1.21/identity/v3/projects 0.483s
2025-03-07 07:34:13.010 67406 INFO tempest.lib.common.rest_client [req-97dfcf71-ee34-496e-a595-73dc155e4f6a req-97dfcf71-ee34-496e-a595-73dc155e4f6a ] Request (HypervisorAdminV253TestBase:setUpClass): 201 POST http://10.180.1.21/identity/v3/projects 0.527s
2025-03-07 07:34:13.015 67412 INFO tempest.lib.common.rest_client [req-cd176cfc-316b-4e12-a071-5807c727caf8 req-cd176cfc-316b-4e12-a071-5807c727caf8 ] Request (KeyPairsV22TestJSON:setUpClass): 201 POST http://10.180.1.21/identity/v3/auth/tokens 0.518s
2025-03-07 07:34:13.067 67384 INFO tempest.lib.common.rest_client [req-d8ae2131-8c1a-47d0-ac8d-ef1bfab86ad8 req-d8ae2131-8c1a-47d0-ac8d-ef1bfab86ad8 ] Request (ImagesOneServerTestJSON:setUpClass): 201 POST http://10.180.1.21/identity/v3/projects 0.550s
2025-03-07 07:34:13.079 67430 INFO tempest.lib.common.rest_client [req-fcfc008a-06b6-437a-be4a-4a254aa943fc req-fcfc008a-06b6-437a-be4a-4a254aa943fc ] Request (QuotasAdminTestJSON:setUpClass): 201 POST http://10.180.1.21/identity/v3/auth/tokens 0.571s
2025-03-07 07:34:13.125 67378 INFO tempest.lib.common.rest_client [req-e72654a6-49c5-487d-a8d6-bf2c770c8d97 req-e72654a6-49c5-487d-a8d6-bf2c770c8d97 ] Request (AggregatesAdminNegativeTestJSON:setUpClass): 201 POST http://10.180.1.21/identity/v3/users 0.598s
2025-03-07 07:34:13.129 67392 INFO tempest.lib.common.rest_client [req-ac28062e-baed-45b1-88f4-67b0d4d76652 req-ac28062e-baed-45b1-88f4-67b0d4d76652 ] Request (DeleteServersAdminTestJSON:setUpClass): 200 GET http://10.180.1.21/identity/v3/domains?name=Default 0.562s
2025-03-07 07:34:13.143 67422 INFO tempest.lib.common.rest_client [req-12f01f3b-9a61-4f2f-ad0e-9764330635e9 req-12f01f3b-9a61-4f2f-ad0e-9764330635e9 ] Request (FlavorMetadataValidation:setUpClass): 200 GET http://10.180.1.21/identity/v3/domains?name=Default 0.569s
2025-03-07 07:34:13.147 67400 INFO tempest.lib.common.rest_client [req-44dfd3b8-a99f-46f9-a210-19f5794b2307 req-44dfd3b8-a99f-46f9-a210-19f5794b2307 ] Request (ServersAdmin275Test:setUpClass): 200 GET http://10.180.1.21/identity/v3/roles 0.554s
2025-03-07 07:34:13.168 67434 INFO tempest.lib.common.rest_client [req-434e3d14-670c-403d-8f95-c69248df4945 req-434e3d14-670c-403d-8f95-c69248df4945 ] Request (FlavorsV255TestJSON:setUpClass): 201 POST http://10.180.1.21/identity/v3/auth/tokens 0.551s
2025-03-07 07:34:13.174 67386 INFO tempest.lib.common.rest_client [req-27e53423-30d5-48a4-be73-1d64a6897c75 req-27e53423-30d5-48a4-be73-1d64a6897c75 ] Request (HostsAdminNegativeTestJSON:setUpClass): 201 POST http://10.180.1.21/identity/v3/projects 0.541s
2025-03-07 07:34:13.188 67388 INFO tempest.lib.common.rest_client [req-2a7452e5-7b4a-437f-aa61-66c15e044b59 req-2a7452e5-7b4a-437f-aa61-66c15e044b59 ] Request (ServersTestFqdnHostnames:setUpClass): 201 POST http://10.180.1.21:9696/networking/v2.0/routers 0.756s
2025-03-07 07:34:13.194 67372 INFO tempest.lib.common.rest_client [req-9ba77b19-cb8e-4442-84c5-861049096479 req-9ba77b19-cb8e-4442-84c5-861049096479 ] Request (NetworksTest:setUpClass): 201 POST http://10.180.1.21/identity/v3/projects 0.559s
2025-03-07 07:34:13.258 67432 INFO tempest.lib.common.rest_client [req-b34fe421-09e5-421d-bb05-50a4c655bcdc req-b34fe421-09e5-421d-bb05-50a4c655bcdc ] Request (HypervisorAdminUnderV252Test:setUpClass): 201 POST http://10.180.1.21/identity/v3/auth/tokens 0.591s
2025-03-07 07:34:13.270 67404 INFO tempest.lib.common.rest_client [req-38ad5c75-3b34-4580-aeae-1de275718b8d req-38ad5c75-3b34-4580-aeae-1de275718b8d ] Request (VolumesAssistedSnapshotsTest:setUpClass): 201 POST http://10.180.1.21/identity/v3/users 0.606s
2025-03-07 07:34:13.274 67380 INFO tempest.lib.common.rest_client [req-e0016232-fb6b-41f1-b8b2-5e72a6ee3dce req-e0016232-fb6b-41f1-b8b2-5e72a6ee3dce ] Request (InstanceUsageAuditLogTestJSON:setUpClass): 200 GET http://10.180.1.21/identity/v3/domains?name=Default 0.556s
2025-03-07 07:34:13.293 67376 INFO tempest.lib.common.rest_client [req-53cd08b6-aab0-4255-aa3f-a8652b0d598b req-53cd08b6-aab0-4255-aa3f-a8652b0d598b ] Request (ServerDiagnosticsTest:setUpClass): 204 PUT http://10.180.1.21/identity/v3/projects/1e621856c6f845c0a7e15be1adc39e55/users/fd486feb794643a4a430a3d4fcf37a9e/roles/9e5eb9d880604983a4bf1140fd84b21d 0.563s
2025-03-07 07:34:13.294 67376 INFO tempest.lib.common.dynamic_creds [-] Dynamic test user fd486feb794643a4a430a3d4fcf37a9e is created with scope project and roles: ['admin']
2025-03-07 07:34:13.294 67376 INFO tempest.lib.common.dynamic_creds [-] Acquired dynamic creds: credentials: Credentials: {'domain_id': 'default', 'domain_name': 'Default', 'username': 'tempest-ServerDiagnosticsTest-776107074-project-admin', 'project_domain_id': 'default', 'project_domain_name': 'Default', 'project_id': '1e621856c6f845c0a7e15be1adc39e55', 'project_name': 'tempest-ServerDiagnosticsTest-776107074', 'tenant_id': '1e621856c6f845c0a7e15be1adc39e55', 'tenant_name': 'tempest-ServerDiagnosticsTest-776107074', 'user_domain_id': 'default', 'user_domain_name': 'Default', 'user_id': 'fd486feb794643a4a430a3d4fcf37a9e', 'system': None}, Network: None, Subnet: None, Router: None
2025-03-07 07:34:13.294 67376 INFO tempest.lib.common.dynamic_creds [-] Created isolated network resources for: credentials: Credentials: {'domain_id': 'default', 'domain_name': 'Default', 'username': 'tempest-ServerDiagnosticsTest-776107074-project-admin', 'project_domain_id': 'default', 'project_domain_name': 'Default', 'project_id': '1e621856c6f845c0a7e15be1adc39e55', 'project_name': 'tempest-ServerDiagnosticsTest-776107074', 'tenant_id': '1e621856c6f845c0a7e15be1adc39e55', 'tenant_name': 'tempest-ServerDiagnosticsTest-776107074', 'user_domain_id': 'default', 'user_domain_name': 'Default', 'user_id': 'fd486feb794643a4a430a3d4fcf37a9e', 'system': None}, Network: None, Subnet: None, Router: None
2025-03-07 07:34:13.295 67390 INFO tempest.lib.common.rest_client [req-459bce21-90bb-43aa-944e-92113a5597c4 req-459bce21-90bb-43aa-944e-92113a5597c4 ] Request (ServicesAdminTestJSON:setUpClass): 200 GET http://10.180.1.21/identity/v3/domains?name=Default 0.575s
2025-03-07 07:34:13.340 67416 INFO tempest.lib.common.rest_client [req-448333fb-bacb-425d-9255-a7207bc42ac0 req-448333fb-bacb-425d-9255-a7207bc42ac0 ] Request (ServicesAdminNegativeV253TestJSON:setUpClass): 200 GET http://10.180.1.21/identity/v3/domains?name=Default 0.588s
2025-03-07 07:34:13.343 67420 INFO tempest.lib.common.rest_client [req-1bf05066-3fc3-42e5-9a5b-389b6f801841 req-1bf05066-3fc3-42e5-9a5b-389b6f801841 ] Request (FlavorsExtraSpecsNegativeTestJSON:setUpClass): 200 GET http://10.180.1.21/identity/v3/domains?name=Default 0.598s
2025-03-07 07:34:13.368 67408 INFO tempest.lib.common.rest_client [req-35827f22-7fa7-4a28-8a1d-8c90a09a7c67 req-35827f22-7fa7-4a28-8a1d-8c90a09a7c67 ] Request (SecurityGroupsTestAdminJSON:setUpClass): 201 POST http://10.180.1.21/identity/v3/projects 0.606s
2025-03-07 07:34:13.369 67394 INFO tempest.lib.common.rest_client [req-ba05c601-c3ad-400b-a0b8-3f50eca92563 req-ba05c601-c3ad-400b-a0b8-3f50eca92563 ] Request (ServersWithSpecificFlavorTestJSON:setUpClass): 201 POST http://10.180.1.21/identity/v3/auth/tokens 0.594s
2025-03-07 07:34:13.412 67403 INFO tempest.lib.common.rest_client [req-a2a2ce3c-04fc-4063-b571-fbcaa3d11269 req-a2a2ce3c-04fc-4063-b571-fbcaa3d11269 ] Request (AZAdminV2TestJSON:setUpClass): 200 GET http://10.180.1.21/identity/v3/domains?name=Default 0.602s
2025-03-07 07:34:13.422 67382 INFO tempest.lib.common.rest_client [req-f7788fc4-5104-4b00-a8c8-f2768037dc7d req-f7788fc4-5104-4b00-a8c8-f2768037dc7d ] Request (HostsAdminTestJSON:setUpClass): 204 PUT http://10.180.1.21/identity/v3/projects/2a7b43203257498081ab2f8d86d3e883/users/a13b29d8fbb147efaa5595a969e15018/roles/4d374873526440f4be11d312a9c66ab0 0.601s
2025-03-07 07:34:13.423 67382 INFO tempest.lib.common.dynamic_creds [-] Dynamic test user a13b29d8fbb147efaa5595a969e15018 is created with scope project and roles: ['member']
2025-03-07 07:34:13.423 67382 INFO tempest.lib.common.dynamic_creds [-] Acquired dynamic creds: credentials: Credentials: {'domain_id': 'default', 'domain_name': 'Default', 'username': 'tempest-HostsAdminTestJSON-1385799794-project-member', 'project_domain_id': 'default', 'project_domain_name': 'Default', 'project_id': '2a7b43203257498081ab2f8d86d3e883', 'project_name': 'tempest-HostsAdminTestJSON-1385799794', 'tenant_id': '2a7b43203257498081ab2f8d86d3e883', 'tenant_name': 'tempest-HostsAdminTestJSON-1385799794', 'user_domain_id': 'default', 'user_domain_name': 'Default', 'user_id': 'a13b29d8fbb147efaa5595a969e15018', 'system': None}, Network: None, Subnet: None, Router: None
2025-03-07 07:34:13.423 67382 INFO tempest.lib.common.dynamic_creds [-] Created isolated network resources for: credentials: Credentials: {'domain_id': 'default', 'domain_name': 'Default', 'username': 'tempest-HostsAdminTestJSON-1385799794-project-member', 'project_domain_id': 'default', 'project_domain_name': 'Default', 'project_id': '2a7b43203257498081ab2f8d86d3e883', 'project_name': 'tempest-HostsAdminTestJSON-1385799794', 'tenant_id': '2a7b43203257498081ab2f8d86d3e883', 'tenant_name': 'tempest-HostsAdminTestJSON-1385799794', 'user_domain_id': 'default', 'user_domain_name': 'Default', 'user_id': 'a13b29d8fbb147efaa5595a969e15018', 'system': None}, Network: None, Subnet: None, Router: None
2025-03-07 07:34:13.428 67374 INFO tempest.lib.common.rest_client [req-89cde962-ea81-476c-80c7-8c5cfddb2ba2 req-89cde962-ea81-476c-80c7-8c5cfddb2ba2 ] Request (FloatingIPDetailsNegativeTestJSON:setUpClass): 200 GET http://10.180.1.21/identity/v3/domains?name=Default 0.591s
2025-03-07 07:34:13.469 67418 INFO tempest.lib.common.rest_client [req-fd9f0805-1420-42d5-a278-fdfd6c056b39 req-fd9f0805-1420-42d5-a278-fdfd6c056b39 ] Request (HypervisorAdminNegativeTestJSON:setUpClass): 200 GET http://10.180.1.21/identity/v3/domains?name=Default 0.604s
2025-03-07 07:34:13.476 67414 INFO tempest.lib.common.rest_client [req-4ac43931-51f7-44eb-869b-f6de6b4bf0d9 req-4ac43931-51f7-44eb-869b-f6de6b4bf0d9 ] Request (FloatingIPsTestJSON:setUpClass): 200 GET http://10.180.1.21/identity/v3/domains?name=Default 0.628s
2025-03-07 07:34:13.490 67396 INFO tempest.lib.common.rest_client [req-a485f370-3252-4a86-803c-89b3561864d7 req-a485f370-3252-4a86-803c-89b3561864d7 ] Request (ImagesNegativeTestJSON:setUpClass): 200 GET http://10.180.1.21/identity/v3/domains?name=Default 0.605s
2025-03-07 07:34:13.505 67424 INFO tempest.lib.common.rest_client [req-b614ae4b-1706-4296-94b8-5e631747542d req-b614ae4b-1706-4296-94b8-5e631747542d ] Request (FlavorsAccessTestJSON:setUpClass): 200 GET http://10.180.1.21/identity/v3/domains?name=Default 0.580s
2025-03-07 07:34:13.522 67398 INFO tempest.lib.common.rest_client [req-482ec85b-ac59-4627-a77b-baf92550ce4f req-482ec85b-ac59-4627-a77b-baf92550ce4f ] Request (HypervisorAdminTestJSON:setUpClass): 200 GET http://10.180.1.21/identity/v3/domains?name=Default 0.585s
2025-03-07 07:34:13.536 67410 INFO tempest.lib.common.rest_client [req-2fc691f6-479d-4771-a306-86c24bc0f342 req-2fc691f6-479d-4771-a306-86c24bc0f342 ] Request (HypervisorAdminNegativeUnderV252Test:setUpClass): 200 GET http://10.180.1.21/identity/v3/domains?name=Default 0.575s
2025-03-07 07:34:13.557 67427 INFO tempest.lib.common.rest_client [req-4e2b0f00-d327-4039-8f2b-c3d8273305dd req-4e2b0f00-d327-4039-8f2b-c3d8273305dd ] Request (ServersAdminNegativeTestJSON:setUpClass): 201 POST http://10.180.1.21/identity/v3/users 0.597s
2025-03-07 07:34:13.577 67412 INFO tempest.lib.common.rest_client [req-775c27e4-0ae5-4153-8e7b-19a4ae86686e req-775c27e4-0ae5-4153-8e7b-19a4ae86686e ] Request (KeyPairsV22TestJSON:setUpClass): 200 GET http://10.180.1.21/identity/v3/domains?name=Default 0.561s
2025-03-07 07:34:13.583 67406 INFO tempest.lib.common.rest_client [req-c327f9bd-ad1b-41ac-9a43-fad3cb8b452c req-c327f9bd-ad1b-41ac-9a43-fad3cb8b452c ] Request (HypervisorAdminV253TestBase:setUpClass): 201 POST http://10.180.1.21/identity/v3/users 0.573s
2025-03-07 07:34:13.596 67428 INFO tempest.lib.common.rest_client [req-7d567d20-20e6-4d4c-91c3-e89d2f146f65 req-7d567d20-20e6-4d4c-91c3-e89d2f146f65 ] Request (ServerDiagnosticsNegativeTest:test_get_server_diagnostics_by_non_admin): 200 GET http://10.180.1.21/compute/v2.1/servers/668949c5-1c0b-46a5-a0bc-5406f774b2e3 1.580s
2025-03-07 07:34:13.603 67430 INFO tempest.lib.common.rest_client [req-a3960633-f70d-4117-8fe9-e5d7bd702ecf req-a3960633-f70d-4117-8fe9-e5d7bd702ecf ] Request (QuotasAdminTestJSON:setUpClass): 200 GET http://10.180.1.21/identity/v3/domains?name=Default 0.524s
2025-03-07 07:34:13.613 67384 INFO tempest.lib.common.rest_client [req-eb56fb24-5caf-4bfb-851b-d702cc7e6d5d req-eb56fb24-5caf-4bfb-851b-d702cc7e6d5d ] Request (ImagesOneServerTestJSON:setUpClass): 201 POST http://10.180.1.21/identity/v3/users 0.546s
2025-03-07 07:34:13.620 67378 INFO tempest.lib.common.rest_client [req-5100cf52-a7d9-4843-811c-4a254d0893bd req-5100cf52-a7d9-4843-811c-4a254d0893bd ] Request (AggregatesAdminNegativeTestJSON:setUpClass): 200 GET http://10.180.1.21/identity/v3/roles 0.494s
2025-03-07 07:34:13.644 67392 INFO tempest.lib.common.rest_client [req-c02c5730-f527-44cf-a836-22fdc5f60d3c req-c02c5730-f527-44cf-a836-22fdc5f60d3c ] Request (DeleteServersAdminTestJSON:setUpClass): 201 POST http://10.180.1.21/identity/v3/projects 0.511s
2025-03-07 07:34:13.653 67422 INFO tempest.lib.common.rest_client [req-ee1ccd9f-c980-4596-921b-1a59635faaec req-ee1ccd9f-c980-4596-921b-1a59635faaec ] Request (FlavorMetadataValidation:setUpClass): 201 POST http://10.180.1.21/identity/v3/projects 0.507s
2025-03-07 07:34:13.698 67434 INFO tempest.lib.common.rest_client [req-c95db588-8f02-472d-b68a-cd8ae62f58dc req-c95db588-8f02-472d-b68a-cd8ae62f58dc ] Request (FlavorsV255TestJSON:setUpClass): 200 GET http://10.180.1.21/identity/v3/domains?name=Default 0.529s
2025-03-07 07:34:13.722 67386 INFO tempest.lib.common.rest_client [req-f43cc6d6-c01c-4898-acb0-22ca68ddb9d5 req-f43cc6d6-c01c-4898-acb0-22ca68ddb9d5 ] Request (HostsAdminNegativeTestJSON:setUpClass): 201 POST http://10.180.1.21/identity/v3/users 0.547s
2025-03-07 07:34:13.725 67400 INFO tempest.lib.common.rest_client [req-c738d9a5-9449-49a8-9cdf-507b53063691 req-c738d9a5-9449-49a8-9cdf-507b53063691 ] Request (ServersAdmin275Test:setUpClass): 204 PUT http://10.180.1.21/identity/v3/projects/b95b8cee9b3c4ff18fc94014e3a3b349/users/bc8c96307b814cc8beaac632e9765e3f/roles/4d374873526440f4be11d312a9c66ab0 0.578s
2025-03-07 07:34:13.725 67400 INFO tempest.lib.common.dynamic_creds [-] Dynamic test user bc8c96307b814cc8beaac632e9765e3f is created with scope project and roles: ['member']
2025-03-07 07:34:13.725 67400 INFO tempest.lib.common.dynamic_creds [-] Acquired dynamic creds: credentials: Credentials: {'domain_id': 'default', 'domain_name': 'Default', 'username': 'tempest-ServersAdmin275Test-2004066370-project-member', 'project_domain_id': 'default', 'project_domain_name': 'Default', 'project_id': 'b95b8cee9b3c4ff18fc94014e3a3b349', 'project_name': 'tempest-ServersAdmin275Test-2004066370', 'tenant_id': 'b95b8cee9b3c4ff18fc94014e3a3b349', 'tenant_name': 'tempest-ServersAdmin275Test-2004066370', 'user_domain_id': 'default', 'user_domain_name': 'Default', 'user_id': 'bc8c96307b814cc8beaac632e9765e3f', 'system': None}, Network: None, Subnet: None, Router: None
2025-03-07 07:34:13.726 67400 INFO tempest.lib.common.dynamic_creds [-] Created isolated network resources for: credentials: Credentials: {'domain_id': 'default', 'domain_name': 'Default', 'username': 'tempest-ServersAdmin275Test-2004066370-project-member', 'project_domain_id': 'default', 'project_domain_name': 'Default', 'project_id': 'b95b8cee9b3c4ff18fc94014e3a3b349', 'project_name': 'tempest-ServersAdmin275Test-2004066370', 'tenant_id': 'b95b8cee9b3c4ff18fc94014e3a3b349', 'tenant_name': 'tempest-ServersAdmin275Test-2004066370', 'user_domain_id': 'default', 'user_domain_name': 'Default', 'user_id': 'bc8c96307b814cc8beaac632e9765e3f', 'system': None}, Network: None, Subnet: None, Router: None
2025-03-07 07:34:13.773 67372 INFO tempest.lib.common.rest_client [req-cc8918bc-df01-404f-97f1-f1f2012882a9 req-cc8918bc-df01-404f-97f1-f1f2012882a9 ] Request (NetworksTest:setUpClass): 201 POST http://10.180.1.21/identity/v3/users 0.578s
2025-03-07 07:34:13.789 67404 INFO tempest.lib.common.rest_client [req-242a8b9f-7102-48ac-8fd3-e2213bc88576 req-242a8b9f-7102-48ac-8fd3-e2213bc88576 ] Request (VolumesAssistedSnapshotsTest:setUpClass): 200 GET http://10.180.1.21/identity/v3/roles 0.519s
2025-03-07 07:34:13.790 67432 INFO tempest.lib.common.rest_client [req-e62eef05-a1ba-491e-bcec-4390aebc7be2 req-e62eef05-a1ba-491e-bcec-4390aebc7be2 ] Request (HypervisorAdminUnderV252Test:setUpClass): 201 POST http://10.180.1.21/identity/v3/projects 0.531s
2025-03-07 07:34:13.846 67380 INFO tempest.lib.common.rest_client [req-0653dc70-c6bc-47aa-9ea1-415bcbcdba36 req-0653dc70-c6bc-47aa-9ea1-415bcbcdba36 ] Request (InstanceUsageAuditLogTestJSON:setUpClass): 201 POST http://10.180.1.21/identity/v3/projects 0.569s
2025-03-07 07:34:13.855 67376 INFO tempest.lib.common.rest_client [req-ba08098e-9fc1-478a-bbae-e3ff1c7fd0c5 req-ba08098e-9fc1-478a-bbae-e3ff1c7fd0c5 ] Request (ServerDiagnosticsTest:setUpClass): 201 POST http://10.180.1.21/identity/v3/auth/tokens 0.556s
2025-03-07 07:34:13.910 67390 INFO tempest.lib.common.rest_client [req-3a46614d-be1d-4715-8b2f-1cd6793161ec req-3a46614d-be1d-4715-8b2f-1cd6793161ec ] Request (ServicesAdminTestJSON:setUpClass): 201 POST http://10.180.1.21/identity/v3/projects 0.610s
2025-03-07 07:34:13.920 67416 INFO tempest.lib.common.rest_client [req-202eed24-ed96-4463-8bde-0076ed69e1b1 req-202eed24-ed96-4463-8bde-0076ed69e1b1 ] Request (ServicesAdminNegativeV253TestJSON:setUpClass): 201 POST http://10.180.1.21/identity/v3/projects 0.577s
2025-03-07 07:34:13.969 67408 INFO tempest.lib.common.rest_client [req-0d173325-3d06-4376-ac67-7ca831e16b60 req-0d173325-3d06-4376-ac67-7ca831e16b60 ] Request (SecurityGroupsTestAdminJSON:setUpClass): 201 POST http://10.180.1.21/identity/v3/users 0.601s
2025-03-07 07:34:13.986 67420 INFO tempest.lib.common.rest_client [req-738bd423-c5aa-46b1-af92-a22f6a708357 req-738bd423-c5aa-46b1-af92-a22f6a708357 ] Request (FlavorsExtraSpecsNegativeTestJSON:setUpClass): 201 POST http://10.180.1.21/identity/v3/projects 0.640s
2025-03-07 07:34:14.033 67403 INFO tempest.lib.common.rest_client [req-ddc58e69-a447-4ace-a52a-73ec71f3126e req-ddc58e69-a447-4ace-a52a-73ec71f3126e ] Request (AZAdminV2TestJSON:setUpClass): 201 POST http://10.180.1.21/identity/v3/projects 0.618s
2025-03-07 07:34:14.082 67374 INFO tempest.lib.common.rest_client [req-20324183-cad7-4833-a6fa-e6213c642d15 req-20324183-cad7-4833-a6fa-e6213c642d15 ] Request (FloatingIPDetailsNegativeTestJSON:setUpClass): 201 POST http://10.180.1.21/identity/v3/projects 0.651s
2025-03-07 07:34:14.103 67382 INFO tempest.lib.common.rest_client [req-2c8f9b0f-2c90-414a-a767-6e38b6680000 req-2c8f9b0f-2c90-414a-a767-6e38b6680000 ] Request (HostsAdminTestJSON:setUpClass): 201 POST http://10.180.1.21/identity/v3/auth/tokens 0.676s
2025-03-07 07:34:14.141 67418 INFO tempest.lib.common.rest_client [req-f96c6247-ee40-4663-ad45-6d009264ef3c req-f96c6247-ee40-4663-ad45-6d009264ef3c ] Request (HypervisorAdminNegativeTestJSON:setUpClass): 201 POST http://10.180.1.21/identity/v3/projects 0.669s
2025-03-07 07:34:14.167 67388 INFO tempest.lib.common.rest_client [req-740fc0cb-3c88-47e5-8f27-d642694ae7a0 req-740fc0cb-3c88-47e5-8f27-d642694ae7a0 ] Request (ServersTestFqdnHostnames:setUpClass): 200 PUT http://10.180.1.21:9696/networking/v2.0/routers/995d0b42-ca42-4d73-af3c-23c37ec3edc3/add_router_interface 0.977s
2025-03-07 07:34:14.167 67388 INFO tempest.lib.common.dynamic_creds [-] Created isolated network resources for: credentials: Credentials: {'domain_id': 'default', 'domain_name': 'Default', 'username': 'tempest-ServersTestFqdnHostnames-803617242-project-member', 'project_domain_id': 'default', 'project_domain_name': 'Default', 'project_id': 'b2c1e53a6c6f44958175b6d128c00596', 'project_name': 'tempest-ServersTestFqdnHostnames-803617242', 'tenant_id': 'b2c1e53a6c6f44958175b6d128c00596', 'tenant_name': 'tempest-ServersTestFqdnHostnames-803617242', 'user_domain_id': 'default', 'user_domain_name': 'Default', 'user_id': '7fd8488bfa074a7cbf9d56536b690b1d', 'system': None}, Network: {'id': '06dc3446-bc0e-488d-9aef-13f79682ef85', 'name': 'tempest-ServersTestFqdnHostnames-1175299775-network', 'tenant_id': 'b2c1e53a6c6f44958175b6d128c00596', 'admin_state_up': True, 'mtu': 8950, 'status': 'ACTIVE', 'subnets': [], 'shared': False, 'project_id': 'b2c1e53a6c6f44958175b6d128c00596', 'port_security_enabled': True, 'router:external': False, 'provider:network_type': 'vlan', 'provider:physical_network': 'default', 'provider:segmentation_id': 23, 'is_default': False, 'availability_zone_hints': [], 'availability_zones': [], 'ipv4_address_scope': None, 'ipv6_address_scope': None, 'description': '', 'tags': [], 'created_at': '2025-03-07T07:34:12Z', 'updated_at': '2025-03-07T07:34:12Z', 'revision_number': 1}, Subnet: {'id': 'e0125058-fe12-4f93-95a7-13a1d6a745a0', 'name': 'tempest-ServersTestFqdnHostnames-1175299775-subnet', 'tenant_id': 'b2c1e53a6c6f44958175b6d128c00596', 'network_id': '06dc3446-bc0e-488d-9aef-13f79682ef85', 'ip_version': 4, 'subnetpool_id': None, 'enable_dhcp': True, 'ipv6_ra_mode': None, 'ipv6_address_mode': None, 'gateway_ip': '192.168.128.1', 'cidr': '192.168.128.0/28', 'allocation_pools': [{'start': '192.168.128.2', 'end': '192.168.128.14'}], 'host_routes': [], 'dns_nameservers': [], 'description': '', 'service_types': [], 'tags': [], 'created_at': '2025-03-07T07:34:12Z', 'updated_at': '2025-03-07T07:34:12Z', 'revision_number': 0, 'project_id': 'b2c1e53a6c6f44958175b6d128c00596'}, Router: {'id': '995d0b42-ca42-4d73-af3c-23c37ec3edc3', 'name': 'tempest-ServersTestFqdnHostnames-1175299775-router', 'tenant_id': 'b2c1e53a6c6f44958175b6d128c00596', 'admin_state_up': True, 'status': 'ACTIVE', 'external_gateway_info': {'network_id': '73d850f6-eed4-4edf-be19-2166b246858a', 'external_fixed_ips': [{'subnet_id': '88bbddee-ebad-4415-9270-aa03929f1606', 'ip_address': '10.180.180.248'}], 'enable_snat': True}, 'description': '', 'availability_zones': [], 'distributed': False, 'ha': False, 'availability_zone_hints': [], 'routes': [], 'flavor_id': None, 'tags': [], 'created_at': '2025-03-07T07:34:12Z', 'updated_at': '2025-03-07T07:34:12Z', 'revision_number': 2, 'project_id': 'b2c1e53a6c6f44958175b6d128c00596'}
2025-03-07 07:34:14.170 67414 INFO tempest.lib.common.rest_client [req-876e9695-a627-4836-85a9-bb7eb78a96b9 req-876e9695-a627-4836-85a9-bb7eb78a96b9 ] Request (FloatingIPsTestJSON:setUpClass): 201 POST http://10.180.1.21/identity/v3/projects 0.691s
2025-03-07 07:34:14.192 67394 INFO tempest.lib.common.rest_client [req-7cf6dd52-7418-4281-860f-ca569dc20278 req-7cf6dd52-7418-4281-860f-ca569dc20278 ] Request (ServersWithSpecificFlavorTestJSON:setUpClass): 201 POST http://10.180.1.21:9696/networking/v2.0/networks 0.822s
2025-03-07 07:34:14.231 67424 INFO tempest.lib.common.rest_client [req-7eff323b-1c8c-4ceb-8791-1ba97bc7dce8 req-7eff323b-1c8c-4ceb-8791-1ba97bc7dce8 ] Request (FlavorsAccessTestJSON:setUpClass): 201 POST http://10.180.1.21/identity/v3/projects 0.723s
2025-03-07 07:34:14.243 67396 INFO tempest.lib.common.rest_client [req-afdc2137-a534-4344-b5ee-4cac94d77db7 req-afdc2137-a534-4344-b5ee-4cac94d77db7 ] Request (ImagesNegativeTestJSON:setUpClass): 201 POST http://10.180.1.21/identity/v3/projects 0.750s
2025-03-07 07:34:14.293 67410 INFO tempest.lib.common.rest_client [req-fb291c7a-fcbd-403c-8892-ac9f1486f596 req-fb291c7a-fcbd-403c-8892-ac9f1486f596 ] Request (HypervisorAdminNegativeUnderV252Test:setUpClass): 201 POST http://10.180.1.21/identity/v3/projects 0.754s
2025-03-07 07:34:14.311 67398 INFO tempest.lib.common.rest_client [req-382ad202-1452-4800-a327-82c6f5a6576e req-382ad202-1452-4800-a327-82c6f5a6576e ] Request (HypervisorAdminTestJSON:setUpClass): 201 POST http://10.180.1.21/identity/v3/projects 0.785s
2025-03-07 07:34:14.359 67394 INFO tempest.lib.common.rest_client [req-40abc966-f00c-47b5-81ac-d5d7865ab0cd req-40abc966-f00c-47b5-81ac-d5d7865ab0cd ] Request (ServersWithSpecificFlavorTestJSON:setUpClass): 201 POST http://10.180.1.21:9696/networking/v2.0/subnets 0.167s
2025-03-07 07:34:14.360 67427 INFO tempest.lib.common.rest_client [req-5dc5b2c7-d23f-435b-b42c-b686a75ef2ff req-5dc5b2c7-d23f-435b-b42c-b686a75ef2ff ] Request (ServersAdminNegativeTestJSON:setUpClass): 200 GET http://10.180.1.21/identity/v3/roles 0.798s
2025-03-07 07:34:14.364 67412 INFO tempest.lib.common.rest_client [req-6dcf3e5b-60f2-49a4-beab-56937750ca06 req-6dcf3e5b-60f2-49a4-beab-56937750ca06 ] Request (KeyPairsV22TestJSON:setUpClass): 201 POST http://10.180.1.21/identity/v3/projects 0.785s
2025-03-07 07:34:14.415 67406 INFO tempest.lib.common.rest_client [req-38c36c4d-261f-4187-bb06-833d10345181 req-38c36c4d-261f-4187-bb06-833d10345181 ] Request (HypervisorAdminV253TestBase:setUpClass): 200 GET http://10.180.1.21/identity/v3/roles 0.831s
2025-03-07 07:34:14.423 67430 INFO tempest.lib.common.rest_client [req-5eae59be-2276-4698-b378-2c2da1f6b49f req-5eae59be-2276-4698-b378-2c2da1f6b49f ] Request (QuotasAdminTestJSON:setUpClass): 201 POST http://10.180.1.21/identity/v3/projects 0.818s
2025-03-07 07:34:14.440 67384 INFO tempest.lib.common.rest_client [req-2792387b-a80e-4266-a942-dbea76f58ba6 req-2792387b-a80e-4266-a942-dbea76f58ba6 ] Request (ImagesOneServerTestJSON:setUpClass): 200 GET http://10.180.1.21/identity/v3/roles 0.826s
2025-03-07 07:34:14.481 67378 INFO tempest.lib.common.rest_client [req-002132c4-dabd-41bb-9430-58a3af79d989 req-002132c4-dabd-41bb-9430-58a3af79d989 ] Request (AggregatesAdminNegativeTestJSON:setUpClass): 204 PUT http://10.180.1.21/identity/v3/projects/0b0d769d95464d228c1565ead1fb1821/users/5e37d76a41c1469e910fa616ccb86d8e/roles/4d374873526440f4be11d312a9c66ab0 0.861s
2025-03-07 07:34:14.482 67378 INFO tempest.lib.common.dynamic_creds [-] Dynamic test user 5e37d76a41c1469e910fa616ccb86d8e is created with scope project and roles: ['member']
2025-03-07 07:34:14.482 67378 INFO tempest.lib.common.dynamic_creds [-] Acquired dynamic creds: credentials: Credentials: {'domain_id': 'default', 'domain_name': 'Default', 'username': 'tempest-AggregatesAdminNegativeTestJSON-166853358-project-member', 'project_domain_id': 'default', 'project_domain_name': 'Default', 'project_id': '0b0d769d95464d228c1565ead1fb1821', 'project_name': 'tempest-AggregatesAdminNegativeTestJSON-166853358', 'tenant_id': '0b0d769d95464d228c1565ead1fb1821', 'tenant_name': 'tempest-AggregatesAdminNegativeTestJSON-166853358', 'user_domain_id': 'default', 'user_domain_name': 'Default', 'user_id': '5e37d76a41c1469e910fa616ccb86d8e', 'system': None}, Network: None, Subnet: None, Router: None
2025-03-07 07:34:14.482 67378 INFO tempest.lib.common.dynamic_creds [-] Created isolated network resources for: credentials: Credentials: {'domain_id': 'default', 'domain_name': 'Default', 'username': 'tempest-AggregatesAdminNegativeTestJSON-166853358-project-member', 'project_domain_id': 'default', 'project_domain_name': 'Default', 'project_id': '0b0d769d95464d228c1565ead1fb1821', 'project_name': 'tempest-AggregatesAdminNegativeTestJSON-166853358', 'tenant_id': '0b0d769d95464d228c1565ead1fb1821', 'tenant_name': 'tempest-AggregatesAdminNegativeTestJSON-166853358', 'user_domain_id': 'default', 'user_domain_name': 'Default', 'user_id': '5e37d76a41c1469e910fa616ccb86d8e', 'system': None}, Network: None, Subnet: None, Router: None
2025-03-07 07:34:14.489 67392 INFO tempest.lib.common.rest_client [req-f94c388c-0741-4063-93e2-3fef1de86436 req-f94c388c-0741-4063-93e2-3fef1de86436 ] Request (DeleteServersAdminTestJSON:setUpClass): 201 POST http://10.180.1.21/identity/v3/users 0.844s
2025-03-07 07:34:14.530 67422 INFO tempest.lib.common.rest_client [req-da277b8a-7d94-444e-9f7c-2108abec8425 req-da277b8a-7d94-444e-9f7c-2108abec8425 ] Request (FlavorMetadataValidation:setUpClass): 201 POST http://10.180.1.21/identity/v3/users 0.876s
2025-03-07 07:34:14.538 67434 INFO tempest.lib.common.rest_client [req-a4b28412-d653-45dc-847f-5d77e1d7fa33 req-a4b28412-d653-45dc-847f-5d77e1d7fa33 ] Request (FlavorsV255TestJSON:setUpClass): 201 POST http://10.180.1.21/identity/v3/projects 0.838s
2025-03-07 07:34:14.545 67386 INFO tempest.lib.common.rest_client [req-4b962534-1b18-45f0-a148-6138440cf928 req-4b962534-1b18-45f0-a148-6138440cf928 ] Request (HostsAdminNegativeTestJSON:setUpClass): 200 GET http://10.180.1.21/identity/v3/roles 0.822s
2025-03-07 07:34:14.609 67400 INFO tempest.lib.common.rest_client [req-dbcdd6a0-fb5b-4a2c-b773-b708e7b910e8 req-dbcdd6a0-fb5b-4a2c-b773-b708e7b910e8 ] Request (ServersAdmin275Test:setUpClass): 201 POST http://10.180.1.21/identity/v3/auth/tokens 0.880s
2025-03-07 07:34:14.645 67372 INFO tempest.lib.common.rest_client [req-6b267683-dc97-4bfb-bb98-93175a0b3696 req-6b267683-dc97-4bfb-bb98-93175a0b3696 ] Request (NetworksTest:setUpClass): 200 GET http://10.180.1.21/identity/v3/roles 0.871s
2025-03-07 07:34:14.667 67404 INFO tempest.lib.common.rest_client [req-a417679f-f516-4082-8974-6f3e5316c247 req-a417679f-f516-4082-8974-6f3e5316c247 ] Request (VolumesAssistedSnapshotsTest:setUpClass): 204 PUT http://10.180.1.21/identity/v3/projects/abb4cf5d22e0468cabbc333259ad0e5a/users/f678a28496f24ca1a325cf1aca54879a/roles/4d374873526440f4be11d312a9c66ab0 0.877s
2025-03-07 07:34:14.667 67404 INFO tempest.lib.common.dynamic_creds [-] Dynamic test user f678a28496f24ca1a325cf1aca54879a is created with scope project and roles: ['member']
2025-03-07 07:34:14.667 67404 INFO tempest.lib.common.dynamic_creds [-] Acquired dynamic creds: credentials: Credentials: {'domain_id': 'default', 'domain_name': 'Default', 'username': 'tempest-VolumesAssistedSnapshotsTest-1019853313-project-member', 'project_domain_id': 'default', 'project_domain_name': 'Default', 'project_id': 'abb4cf5d22e0468cabbc333259ad0e5a', 'project_name': 'tempest-VolumesAssistedSnapshotsTest-1019853313', 'tenant_id': 'abb4cf5d22e0468cabbc333259ad0e5a', 'tenant_name': 'tempest-VolumesAssistedSnapshotsTest-1019853313', 'user_domain_id': 'default', 'user_domain_name': 'Default', 'user_id': 'f678a28496f24ca1a325cf1aca54879a', 'system': None}, Network: None, Subnet: None, Router: None
2025-03-07 07:34:14.673 67432 INFO tempest.lib.common.rest_client [req-6e722f53-1ae5-4178-8f8b-3761efe7424e req-6e722f53-1ae5-4178-8f8b-3761efe7424e ] Request (HypervisorAdminUnderV252Test:setUpClass): 201 POST http://10.180.1.21/identity/v3/users 0.883s
2025-03-07 07:34:14.695 67428 INFO tempest.lib.common.rest_client [req-ebba175f-f982-42a5-b9ae-def83a5232dc req-ebba175f-f982-42a5-b9ae-def83a5232dc ] Request (ServerDiagnosticsNegativeTest:test_get_server_diagnostics_by_non_admin): 200 GET http://10.180.1.21/compute/v2.1/servers/668949c5-1c0b-46a5-a0bc-5406f774b2e3 0.091s
2025-03-07 07:34:14.702 67428 INFO tempest.common.waiters [-] State transition "BUILD/scheduling" ==> "BUILD/spawning" after 1 second wait
2025-03-07 07:34:14.721 67380 INFO tempest.lib.common.rest_client [req-7e5787a9-96db-4aa2-a402-39e6cabfb788 req-7e5787a9-96db-4aa2-a402-39e6cabfb788 ] Request (InstanceUsageAuditLogTestJSON:setUpClass): 201 POST http://10.180.1.21/identity/v3/users 0.874s
2025-03-07 07:34:14.724 67376 INFO tempest.lib.common.rest_client [req-0565b4b6-5adb-4504-b673-d010494fcb13 req-0565b4b6-5adb-4504-b673-d010494fcb13 ] Request (ServerDiagnosticsTest:test_get_server_diagnostics): 201 POST http://10.180.1.21/identity/v3/auth/tokens 0.864s
2025-03-07 07:34:14.727 67376 INFO tempest.lib.common.fixed_network [-] (ServerDiagnosticsTest:test_get_server_diagnostics) Found network None available for tenant
2025-03-07 07:34:14.743 67390 INFO tempest.lib.common.rest_client [req-6821bcf9-4434-437f-8ce4-fea2d507133e req-6821bcf9-4434-437f-8ce4-fea2d507133e ] Request (ServicesAdminTestJSON:setUpClass): 201 POST http://10.180.1.21/identity/v3/users 0.831s
2025-03-07 07:34:14.750 67416 INFO tempest.lib.common.rest_client [req-27e55434-b55f-4ddc-8bea-2862327ad08d req-27e55434-b55f-4ddc-8bea-2862327ad08d ] Request (ServicesAdminNegativeV253TestJSON:setUpClass): 201 POST http://10.180.1.21/identity/v3/users 0.829s
2025-03-07 07:34:14.758 67408 INFO tempest.lib.common.rest_client [req-651eab09-c7a7-4edd-8a77-7d8e5f9874f5 req-651eab09-c7a7-4edd-8a77-7d8e5f9874f5 ] Request (SecurityGroupsTestAdminJSON:setUpClass): 200 GET http://10.180.1.21/identity/v3/roles 0.788s
2025-03-07 07:34:14.770 67420 INFO tempest.lib.common.rest_client [req-76462c1f-b4c8-4f69-ad1c-dfc03ea365e7 req-76462c1f-b4c8-4f69-ad1c-dfc03ea365e7 ] Request (FlavorsExtraSpecsNegativeTestJSON:setUpClass): 201 POST http://10.180.1.21/identity/v3/users 0.783s
2025-03-07 07:34:14.783 67403 INFO tempest.lib.common.rest_client [req-63952594-5826-439a-8a21-7ec0167b119f req-63952594-5826-439a-8a21-7ec0167b119f ] Request (AZAdminV2TestJSON:setUpClass): 201 POST http://10.180.1.21/identity/v3/users 0.749s
2025-03-07 07:34:14.792 67374 INFO tempest.lib.common.rest_client [req-d049ca49-e3b3-40b7-9ac1-ac23f7d1d7e3 req-d049ca49-e3b3-40b7-9ac1-ac23f7d1d7e3 ] Request (FloatingIPDetailsNegativeTestJSON:setUpClass): 201 POST http://10.180.1.21/identity/v3/users 0.709s
2025-03-07 07:34:14.806 67382 INFO tempest.lib.common.rest_client [req-0c353f5e-160b-4237-97d9-4e7bb37baf03 req-0c353f5e-160b-4237-97d9-4e7bb37baf03 ] Request (HostsAdminTestJSON:setUpClass): 201 POST http://10.180.1.21/identity/v3/projects 0.702s
2025-03-07 07:34:14.813 67418 INFO tempest.lib.common.rest_client [req-e12f3c3b-a364-43c8-b87e-4d8c23233107 req-e12f3c3b-a364-43c8-b87e-4d8c23233107 ] Request (HypervisorAdminNegativeTestJSON:setUpClass): 201 POST http://10.180.1.21/identity/v3/users 0.671s
2025-03-07 07:34:14.854 67414 INFO tempest.lib.common.rest_client [req-c403eb02-4b9c-4496-8c9f-9f12120dcc38 req-c403eb02-4b9c-4496-8c9f-9f12120dcc38 ] Request (FloatingIPsTestJSON:setUpClass): 201 POST http://10.180.1.21/identity/v3/users 0.683s
2025-03-07 07:34:14.868 67388 INFO tempest.lib.common.rest_client [req-39876260-52e6-4d43-afa3-c0c004529e03 req-39876260-52e6-4d43-afa3-c0c004529e03 ] Request (ServersTestFqdnHostnames:setUpClass): 201 POST http://10.180.1.21/identity/v3/auth/tokens 0.697s
2025-03-07 07:34:14.878 67424 INFO tempest.lib.common.rest_client [req-d16eed8d-182c-4263-b864-c1623cc78a89 req-d16eed8d-182c-4263-b864-c1623cc78a89 ] Request (FlavorsAccessTestJSON:setUpClass): 201 POST http://10.180.1.21/identity/v3/users 0.646s
2025-03-07 07:34:14.894 67396 INFO tempest.lib.common.rest_client [req-6e9fa3b8-27f6-483b-b65a-ffdad0b79deb req-6e9fa3b8-27f6-483b-b65a-ffdad0b79deb ] Request (ImagesNegativeTestJSON:setUpClass): 201 POST http://10.180.1.21/identity/v3/users 0.650s
2025-03-07 07:34:14.899 67410 INFO tempest.lib.common.rest_client [req-7dba6b5f-09d8-443f-a506-b1803da1c0ab req-7dba6b5f-09d8-443f-a506-b1803da1c0ab ] Request (HypervisorAdminNegativeUnderV252Test:setUpClass): 201 POST http://10.180.1.21/identity/v3/users 0.605s
2025-03-07 07:34:14.918 67398 INFO tempest.lib.common.rest_client [req-be501e9f-81a0-4d6e-a187-9703fb294723 req-be501e9f-81a0-4d6e-a187-9703fb294723 ] Request (HypervisorAdminTestJSON:setUpClass): 201 POST http://10.180.1.21/identity/v3/users 0.606s
2025-03-07 07:34:14.925 67427 INFO tempest.lib.common.rest_client [req-65f9e3cc-8eed-4be4-87d2-d2b3e389a5fb req-65f9e3cc-8eed-4be4-87d2-d2b3e389a5fb ] Request (ServersAdminNegativeTestJSON:setUpClass): 204 PUT http://10.180.1.21/identity/v3/projects/1996e6e4309b4af8b8fce4f844903eb8/users/abab09e0241a4e948c00bfec55b66874/roles/4d374873526440f4be11d312a9c66ab0 0.564s
2025-03-07 07:34:14.925 67427 INFO tempest.lib.common.dynamic_creds [-] Dynamic test user abab09e0241a4e948c00bfec55b66874 is created with scope project and roles: ['member']
2025-03-07 07:34:14.925 67427 INFO tempest.lib.common.dynamic_creds [-] Acquired dynamic creds: credentials: Credentials: {'domain_id': 'default', 'domain_name': 'Default', 'username': 'tempest-ServersAdminNegativeTestJSON-1765808988-project-member', 'project_domain_id': 'default', 'project_domain_name': 'Default', 'project_id': '1996e6e4309b4af8b8fce4f844903eb8', 'project_name': 'tempest-ServersAdminNegativeTestJSON-1765808988', 'tenant_id': '1996e6e4309b4af8b8fce4f844903eb8', 'tenant_name': 'tempest-ServersAdminNegativeTestJSON-1765808988', 'user_domain_id': 'default', 'user_domain_name': 'Default', 'user_id': 'abab09e0241a4e948c00bfec55b66874', 'system': None}, Network: None, Subnet: None, Router: None
