2025-02-19 17:14:44.192 63040 INFO tempest.lib.common.rest_client [req-ea2d5192-bfe9-4cea-ac16-f9b613ceb145 req-ea2d5192-bfe9-4cea-ac16-f9b613ceb145 ] Request (FlavorMetadataValidation:setUpClass): 201 POST http://10.180.1.21/identity/v3/projects 0.040s
2025-02-19 17:14:44.263 63042 INFO tempest.lib.common.rest_client [req-c429fca9-d46c-46fa-943b-41b062aea61a req-c429fca9-d46c-46fa-943b-41b062aea61a ] Request (SecurityGroupRulesTestJSON:setUpClass): 201 POST http://10.180.1.21:9696/networking/v2.0/subnets 0.797s
2025-02-19 17:14:44.315 63040 INFO tempest.lib.common.rest_client [req-e3812055-6053-402b-b1d1-8bb98f40325a req-e3812055-6053-402b-b1d1-8bb98f40325a ] Request (FlavorMetadataValidation:setUpClass): 201 POST http://10.180.1.21/identity/v3/users 0.123s
2025-02-19 17:14:44.351 63040 INFO tempest.lib.common.rest_client [req-8cc3be9a-4731-4b3c-842a-fc863e56ae6f req-8cc3be9a-4731-4b3c-842a-fc863e56ae6f ] Request (FlavorMetadataValidation:setUpClass): 200 GET http://10.180.1.21/identity/v3/roles 0.035s
2025-02-19 17:14:44.396 63036 INFO tempest.lib.common.rest_client [req-2e7a66e5-13de-41b8-a410-0c2dfe105ae3 req-2e7a66e5-13de-41b8-a410-0c2dfe105ae3 ] Request (QuotasAdminNegativeTest:test_create_server_when_memory_quota_is_full): 200 PUT http://10.180.1.21/compute/v2.1/os-quota-sets/ad5dbb80f0cd4de2b01ce795e4ec87ed 2.743s
2025-02-19 17:14:44.405 63040 INFO tempest.lib.common.rest_client [req-968de43b-b0d5-4e84-bce1-e66cf1f234bd req-968de43b-b0d5-4e84-bce1-e66cf1f234bd ] Request (FlavorMetadataValidation:setUpClass): 204 PUT http://10.180.1.21/identity/v3/projects/c39b0866e89640a696f8c584f34796b7/users/c6b583ffa96e454090978830ba945db8/roles/fa732f6e71ba4a5aad02c3f890731b6a 0.053s
2025-02-19 17:14:44.405 63040 INFO tempest.lib.common.dynamic_creds [-] Dynamic test user c6b583ffa96e454090978830ba945db8 is created with scope project and roles: ['member']
2025-02-19 17:14:44.405 63040 INFO tempest.lib.common.dynamic_creds [-] Acquired dynamic creds: credentials: Credentials: {'domain_id': 'default', 'domain_name': 'Default', 'username': 'tempest-FlavorMetadataValidation-763925899-project-member', 'project_domain_id': 'default', 'project_domain_name': 'Default', 'project_id': 'c39b0866e89640a696f8c584f34796b7', 'project_name': 'tempest-FlavorMetadataValidation-763925899', 'tenant_id': 'c39b0866e89640a696f8c584f34796b7', 'tenant_name': 'tempest-FlavorMetadataValidation-763925899', 'user_domain_id': 'default', 'user_domain_name': 'Default', 'user_id': 'c6b583ffa96e454090978830ba945db8', 'system': None}, Network: None, Subnet: None, Router: None
2025-02-19 17:14:44.406 63040 INFO tempest.lib.common.dynamic_creds [-] Created isolated network resources for: credentials: Credentials: {'domain_id': 'default', 'domain_name': 'Default', 'username': 'tempest-FlavorMetadataValidation-763925899-project-member', 'project_domain_id': 'default', 'project_domain_name': 'Default', 'project_id': 'c39b0866e89640a696f8c584f34796b7', 'project_name': 'tempest-FlavorMetadataValidation-763925899', 'tenant_id': 'c39b0866e89640a696f8c584f34796b7', 'tenant_name': 'tempest-FlavorMetadataValidation-763925899', 'user_domain_id': 'default', 'user_domain_name': 'Default', 'user_id': 'c6b583ffa96e454090978830ba945db8', 'system': None}, Network: None, Subnet: None, Router: None
2025-02-19 17:14:44.431 63016 INFO tempest.lib.common.rest_client [req-7a41b7eb-e355-48ee-be79-07e5ef7b431e req-7a41b7eb-e355-48ee-be79-07e5ef7b431e ] Request (ServicesAdminNegativeV253TestJSON:tearDownClass): 204 DELETE http://10.180.1.21:9696/networking/v2.0/security-groups/9db1dfb3-32e1-4705-a6c5-0dc1d1264bec 0.326s
2025-02-19 17:14:44.472 63036 INFO tempest.lib.common.rest_client [req-782846b9-1171-44d6-be30-2cc74bd6da66 req-782846b9-1171-44d6-be30-2cc74bd6da66 ] Request (QuotasAdminNegativeTest:test_create_server_when_memory_quota_is_full): 201 POST http://10.180.1.21/identity/v3/auth/tokens 0.067s
2025-02-19 17:14:44.472 63036 INFO tempest.lib.common.fixed_network [-] (QuotasAdminNegativeTest:test_create_server_when_memory_quota_is_full) Found network None available for tenant
2025-02-19 17:14:44.487 62996 INFO tempest.lib.common.rest_client [req-54305b68-2a3c-4ae6-bc84-5e4b56041e20 req-54305b68-2a3c-4ae6-bc84-5e4b56041e20 ] Request (ServersAdmin275Test:test_rebuild_update_server_275): 200 GET http://10.180.1.21/compute/v2.1/servers/f7221dad-9186-4f83-adaf-676712163ed5 2.329s
2025-02-19 17:14:44.490 63040 INFO tempest.lib.common.rest_client [req-83c0ec62-13b6-4f38-87fe-06387e3506c9 req-83c0ec62-13b6-4f38-87fe-06387e3506c9 ] Request (FlavorMetadataValidation:setUpClass): 201 POST http://10.180.1.21/identity/v3/auth/tokens 0.079s
2025-02-19 17:14:44.529 63024 INFO tempest.lib.common.rest_client [req-ba89c640-05c5-4ebf-957b-7e9284af7b1c req-ba89c640-05c5-4ebf-957b-7e9284af7b1c ] Request (KeyPairsV2TestJSON:test_keypair_create_with_pub_key): 200 POST http://10.180.1.21/compute/v2.1/os-keypairs 2.360s
2025-02-19 17:14:44.536 62988 INFO tempest.lib.common.rest_client [req-7d7b245d-9fdb-455c-9f75-071341eb5731 req-7d7b245d-9fdb-455c-9f75-071341eb5731 ] Request (AggregatesAdminNegativeTestJSON:test_aggregate_create_aggregate_name_length_exceeds_255): 400 POST http://10.180.1.21/compute/v2.1/os-aggregates 2.346s
2025-02-19 17:14:44.547 62986 INFO tempest.lib.common.rest_client [req-9d82736e-d205-49f0-8b38-b90af8cef7ff req-9d82736e-d205-49f0-8b38-b90af8cef7ff ] Request (KeyPairsNegativeTestJSON:test_keypair_delete_nonexistent_key): 404 DELETE http://10.180.1.21/compute/v2.1/os-keypairs/tempest-keypair-non-existent-1183722080 2.316s
2025-02-19 17:14:44.565 63040 INFO tempest.lib.common.rest_client [req-0b4c9367-4e93-4257-a891-a3eb0e7fdcbb req-0b4c9367-4e93-4257-a891-a3eb0e7fdcbb ] Request (FlavorMetadataValidation:setUpClass): 201 POST http://10.180.1.21/identity/v3/projects 0.074s
2025-02-19 17:14:44.584 63016 INFO tempest.lib.common.rest_client [req-3c55d659-d48a-4492-89a7-257f3f0df028 req-3c55d659-d48a-4492-89a7-257f3f0df028 ] Request (ServicesAdminNegativeV253TestJSON:tearDownClass): 204 DELETE http://10.180.1.21/identity/v3/projects/e17e36a283cb47668ea2ed4944c638d2 0.152s
2025-02-19 17:14:44.585 63016 INFO tempest.lib.common.dynamic_creds [-] Deleting project and security group for project: 736128659b834befa3de2327cc7d4343
2025-02-19 17:14:44.618 63007 INFO tempest.lib.common.rest_client [req-d76353bf-2fa9-429f-a157-6f7eecc293ad req-d76353bf-2fa9-429f-a157-6f7eecc293ad ] Request (ServerDiskConfigTestJSON:test_rebuild_server_with_auto_disk_config): 200 GET http://10.180.1.21/compute/v2.1/servers/30601c03-c29f-4da4-825a-8d6c627c1432 2.370s
2025-02-19 17:14:44.656 63040 INFO tempest.lib.common.rest_client [req-623e2d97-1528-4073-a615-dc22aea09e1c req-623e2d97-1528-4073-a615-dc22aea09e1c ] Request (FlavorMetadataValidation:setUpClass): 201 POST http://10.180.1.21/identity/v3/users 0.091s
2025-02-19 17:14:44.671 62986 INFO tempest.lib.common.rest_client [req-a63c0947-30ed-4157-9a6d-50d020b57bdd req-a63c0947-30ed-4157-9a6d-50d020b57bdd ] Request (KeyPairsNegativeTestJSON:tearDownClass): 204 DELETE http://10.180.1.21/identity/v3/users/2b1958cffb4b4331afcdfa439d004bc6 0.121s
2025-02-19 17:14:44.671 62986 INFO tempest.lib.common.dynamic_creds [-] Deleting project and security group for project: a5f68a27203b46c4a759bd4dd93717b8
2025-02-19 17:14:44.722 63040 INFO tempest.lib.common.rest_client [req-f84692b0-867a-4f31-b81b-cb0d601153d7 req-f84692b0-867a-4f31-b81b-cb0d601153d7 ] Request (FlavorMetadataValidation:setUpClass): 200 GET http://10.180.1.21/identity/v3/roles 0.065s
2025-02-19 17:14:44.749 62986 INFO tempest.lib.common.rest_client [req-52d5bde2-cf1e-454e-9892-25d293131298 req-52d5bde2-cf1e-454e-9892-25d293131298 ] Request (KeyPairsNegativeTestJSON:tearDownClass): 201 POST http://10.180.1.21/identity/v3/auth/tokens 0.077s
2025-02-19 17:14:44.785 63040 INFO tempest.lib.common.rest_client [req-6b82493a-608d-4523-9dcb-0823e53eda83 req-6b82493a-608d-4523-9dcb-0823e53eda83 ] Request (FlavorMetadataValidation:setUpClass): 204 PUT http://10.180.1.21/identity/v3/projects/79a4992e454941bcaa39cad7504fb43c/users/f234db3db13b46df94ea429dae625710/roles/3248d94303634282a1e5a8abedc5ea8c 0.062s
2025-02-19 17:14:44.833 63014 INFO tempest.lib.common.rest_client [req-589577a7-10ee-409f-8527-17ac6561fde8 req-589577a7-10ee-409f-8527-17ac6561fde8 ] Request (VolumesAssistedSnapshotsTest:test_volume_assisted_snapshot_create_delete): 200 POST http://10.180.1.21/compute/v2.1/os-keypairs 2.556s
2025-02-19 17:14:44.848 63040 INFO tempest.lib.common.rest_client [req-fe769433-e7cd-45a8-aff7-9bf20a23f7db req-fe769433-e7cd-45a8-aff7-9bf20a23f7db ] Request (FlavorMetadataValidation:setUpClass): 200 GET http://10.180.1.21/identity/v3/roles 0.063s
2025-02-19 17:14:44.872 63040 INFO tempest.lib.common.rest_client [req-d54290b5-597c-4850-9647-21a79f0f62c3 req-d54290b5-597c-4850-9647-21a79f0f62c3 ] Request (FlavorMetadataValidation:setUpClass): 204 PUT http://10.180.1.21/identity/v3/projects/79a4992e454941bcaa39cad7504fb43c/users/f234db3db13b46df94ea429dae625710/roles/3248d94303634282a1e5a8abedc5ea8c 0.023s
2025-02-19 17:14:44.872 63040 INFO tempest.lib.common.dynamic_creds [-] Dynamic test user f234db3db13b46df94ea429dae625710 is created with scope project and roles: ['admin']
2025-02-19 17:14:44.872 63040 INFO tempest.lib.common.dynamic_creds [-] Acquired dynamic creds: credentials: Credentials: {'domain_id': 'default', 'domain_name': 'Default', 'username': 'tempest-FlavorMetadataValidation-632066040-project-admin', 'project_domain_id': 'default', 'project_domain_name': 'Default', 'project_id': '79a4992e454941bcaa39cad7504fb43c', 'project_name': 'tempest-FlavorMetadataValidation-632066040', 'tenant_id': '79a4992e454941bcaa39cad7504fb43c', 'tenant_name': 'tempest-FlavorMetadataValidation-632066040', 'user_domain_id': 'default', 'user_domain_name': 'Default', 'user_id': 'f234db3db13b46df94ea429dae625710', 'system': None}, Network: None, Subnet: None, Router: None
2025-02-19 17:14:44.872 63040 INFO tempest.lib.common.dynamic_creds [-] Created isolated network resources for: credentials: Credentials: {'domain_id': 'default', 'domain_name': 'Default', 'username': 'tempest-FlavorMetadataValidation-632066040-project-admin', 'project_domain_id': 'default', 'project_domain_name': 'Default', 'project_id': '79a4992e454941bcaa39cad7504fb43c', 'project_name': 'tempest-FlavorMetadataValidation-632066040', 'tenant_id': '79a4992e454941bcaa39cad7504fb43c', 'tenant_name': 'tempest-FlavorMetadataValidation-632066040', 'user_domain_id': 'default', 'user_domain_name': 'Default', 'user_id': 'f234db3db13b46df94ea429dae625710', 'system': None}, Network: None, Subnet: None, Router: None
2025-02-19 17:14:44.946 63040 INFO tempest.lib.common.rest_client [req-ca99cbb0-95dc-4382-8599-232eaeb2517b req-ca99cbb0-95dc-4382-8599-232eaeb2517b ] Request (FlavorMetadataValidation:setUpClass): 201 POST http://10.180.1.21/identity/v3/auth/tokens 0.070s
2025-02-19 17:14:44.967 63022 INFO tempest.lib.common.rest_client [req-5309fec9-3321-470a-8169-bc217974c3c8 req-5309fec9-3321-470a-8169-bc217974c3c8 ] Request (QuotasAdminTestJSON:test_update_all_quota_resources_for_tenant): 200 GET http://10.180.1.21/compute/v2.1/os-quota-sets/8cd6703ffef94ab3b9b8736bebdd64b7/defaults 2.604s
2025-02-19 17:14:45.132 63016 INFO tempest.lib.common.rest_client [req-fc7e9bb5-128b-4f74-ae84-33f0a9aa45be req-fc7e9bb5-128b-4f74-ae84-33f0a9aa45be ] Request (ServicesAdminNegativeV253TestJSON:tearDownClass): 200 GET http://10.180.1.21:9696/networking/v2.0/security-groups?tenant_id=736128659b834befa3de2327cc7d4343&name=default 0.547s
2025-02-19 17:14:45.200 63000 INFO tempest.lib.common.rest_client [req-ce6a0bc3-866b-4a98-b3eb-9bc87326bfb0 req-ce6a0bc3-866b-4a98-b3eb-9bc87326bfb0 ] Request (FloatingIPDetailsTestJSON:setUpClass): 200 POST http://10.180.1.21/compute/v2.1/os-floating-ips 4.253s
2025-02-19 17:14:45.337 63018 INFO tempest.lib.common.rest_client [req-986673df-79e2-4dd7-b945-1ee2104e8888 req-986673df-79e2-4dd7-b945-1ee2104e8888 ] Request (FloatingIPsTestJSON:tearDownClass): 200 PUT http://10.180.1.21:9696/networking/v2.0/routers/ce30ada4-0de1-489e-ba08-d0d38509320b/remove_router_interface 3.354s
2025-02-19 17:14:45.339 63014 INFO tempest.lib.common.rest_client [req-c3cd924a-7403-4530-98f5-ff569f59b6b8 req-c3cd924a-7403-4530-98f5-ff569f59b6b8 ] Request (VolumesAssistedSnapshotsTest:test_volume_assisted_snapshot_create_delete): 201 POST http://10.180.1.21:9696/networking/v2.0/security-groups 0.503s
2025-02-19 17:14:45.354 62986 INFO tempest.lib.common.rest_client [req-77b89b6f-5bea-4938-bfd0-48a761a8ddb6 req-77b89b6f-5bea-4938-bfd0-48a761a8ddb6 ] Request (KeyPairsNegativeTestJSON:tearDownClass): 200 GET http://10.180.1.21:9696/networking/v2.0/security-groups?tenant_id=a5f68a27203b46c4a759bd4dd93717b8&name=default 0.605s
2025-02-19 17:14:45.458 63016 INFO tempest.lib.common.rest_client [req-4884311e-940f-4b1e-90c8-dc405bc9a479 req-4884311e-940f-4b1e-90c8-dc405bc9a479 ] Request (ServicesAdminNegativeV253TestJSON:tearDownClass): 204 DELETE http://10.180.1.21:9696/networking/v2.0/security-groups/1cdf9606-b68b-4626-a7e0-ff375f501060 0.326s
2025-02-19 17:14:45.562 63016 INFO tempest.lib.common.rest_client [req-0f240293-91c3-4657-9224-503964c8717f req-0f240293-91c3-4657-9224-503964c8717f ] Request (ServicesAdminNegativeV253TestJSON:tearDownClass): 204 DELETE http://10.180.1.21/identity/v3/projects/736128659b834befa3de2327cc7d4343 0.103s
2025-02-19 17:14:45.622 63016 INFO tempest.lib.common.rest_client [req-d4e4aafa-7690-49a6-b40b-ab55da8770fc req-d4e4aafa-7690-49a6-b40b-ab55da8770fc ] Request (FloatingIPsNegativeTestJSON:setUpClass): 201 POST http://10.180.1.21/identity/v3/auth/tokens 0.058s
2025-02-19 17:14:45.623 63026 INFO tempest.lib.common.rest_client [req-735724f3-75d9-4454-bdf9-dc67ba61a9dc req-735724f3-75d9-4454-bdf9-dc67ba61a9dc ] Request (MigrationsAdminTest:test_list_migrations_in_flavor_resize_situation): 200 GET http://10.180.1.21/compute/v2.1/servers/3afea66f-7d69-4d19-9a8e-2744aa2ce954 3.169s
2025-02-19 17:14:45.659 62986 INFO tempest.lib.common.rest_client [req-51958f48-c835-407b-96d0-f5484f155bb5 req-51958f48-c835-407b-96d0-f5484f155bb5 ] Request (KeyPairsNegativeTestJSON:tearDownClass): 204 DELETE http://10.180.1.21:9696/networking/v2.0/security-groups/65e6654d-3402-4bb7-a768-35f5a8c15a2c 0.305s
2025-02-19 17:14:45.661 62984 INFO tempest.lib.common.rest_client [req-0678fe63-de30-4a8d-93b3-b3b57edac520 req-0678fe63-de30-4a8d-93b3-b3b57edac520 ] Request (FlavorsAccessNegativeTestJSON:_run_cleanups): 200 GET http://10.180.1.21/compute/v2.1/flavors/detail 3.187s
2025-02-19 17:14:45.676 63016 INFO tempest.lib.common.rest_client [req-244d7444-fff5-4b72-ab5f-8249da26c5d8 req-244d7444-fff5-4b72-ab5f-8249da26c5d8 ] Request (FloatingIPsNegativeTestJSON:setUpClass): 201 POST http://10.180.1.21/identity/v3/auth/tokens 0.050s
2025-02-19 17:14:45.691 62990 INFO tempest.lib.common.rest_client [req-c79c02a0-2d35-4acb-9cbd-ab3689a69cf6 req-c79c02a0-2d35-4acb-9cbd-ab3689a69cf6 ] Request (ServersWithSpecificFlavorTestJSON:test_verify_created_server_ephemeral_disk): 200 POST http://10.180.1.21/compute/v2.1/flavors/1978979681/os-extra_specs 3.202s
2025-02-19 17:14:45.693 63014 INFO tempest.lib.common.rest_client [req-1a6b4d07-8c15-4399-9bcb-b35e4976da48 req-1a6b4d07-8c15-4399-9bcb-b35e4976da48 ] Request (VolumesAssistedSnapshotsTest:test_volume_assisted_snapshot_create_delete): 201 POST http://10.180.1.21:9696/networking/v2.0/security-group-rules 0.353s
2025-02-19 17:14:45.711 63016 INFO tempest.lib.common.rest_client [req-c8466a90-5149-49ff-ad18-ce3f8e847651 req-c8466a90-5149-49ff-ad18-ce3f8e847651 ] Request (FloatingIPsNegativeTestJSON:setUpClass): 200 GET http://10.180.1.21/identity/v3/domains?name=Default 0.035s
2025-02-19 17:14:45.738 63016 INFO tempest.lib.common.rest_client [req-455f731d-7bf6-4713-9a28-54f5dabb2d13 req-455f731d-7bf6-4713-9a28-54f5dabb2d13 ] Request (FloatingIPsNegativeTestJSON:setUpClass): 201 POST http://10.180.1.21/identity/v3/projects 0.026s
2025-02-19 17:14:45.741 62986 INFO tempest.lib.common.rest_client [req-dbc302d0-7e55-4ed2-92e1-955b0b335ab3 req-dbc302d0-7e55-4ed2-92e1-955b0b335ab3 ] Request (KeyPairsNegativeTestJSON:tearDownClass): 204 DELETE http://10.180.1.21/identity/v3/projects/a5f68a27203b46c4a759bd4dd93717b8 0.081s
2025-02-19 17:14:45.770 63004 INFO tempest.lib.common.rest_client [req-c24ec751-91f2-45a9-ac18-ea8e1de2f3bf req-c24ec751-91f2-45a9-ac18-ea8e1de2f3bf ] Request (DeleteServersAdminTestJSON:test_admin_delete_servers_of_others): 200 GET http://10.180.1.21/compute/v2.1/servers/4310fc19-c9b7-4515-be80-20fb13e18eef 3.075s
2025-02-19 17:14:45.783 63004 INFO tempest.common.waiters [-] State transition "ACTIVE/deleting" ==> "DELETED/None" after 4 second wait
2025-02-19 17:14:45.784 62992 INFO tempest.lib.common.rest_client [req-4b851f39-e070-4fd2-bd2f-3713d1a782c8 req-4b851f39-e070-4fd2-bd2f-3713d1a782c8 ] Request (ServersAdminTestJSON:setUpClass): 202 POST http://10.180.1.21/compute/v2.1/servers 3.364s
2025-02-19 17:14:45.800 62986 INFO tempest.lib.common.rest_client [req-a7fff5b3-d4f7-4623-86c6-5df34859316f req-a7fff5b3-d4f7-4623-86c6-5df34859316f ] Request (AttachInterfacesUnderV243Test:setUpClass): 201 POST http://10.180.1.21/identity/v3/auth/tokens 0.057s
2025-02-19 17:14:45.809 63016 INFO tempest.lib.common.rest_client [req-3aaf855e-af9d-4350-a1a7-71019cd340ad req-3aaf855e-af9d-4350-a1a7-71019cd340ad ] Request (FloatingIPsNegativeTestJSON:setUpClass): 201 POST http://10.180.1.21/identity/v3/users 0.070s
2025-02-19 17:14:45.840 62986 INFO tempest.lib.common.rest_client [req-adffb7dd-8975-4f47-8c93-97c8a67d4ffd req-adffb7dd-8975-4f47-8c93-97c8a67d4ffd ] Request (AttachInterfacesUnderV243Test:setUpClass): 201 POST http://10.180.1.21/identity/v3/auth/tokens 0.037s
2025-02-19 17:14:45.859 62992 INFO tempest.lib.common.rest_client [req-7056bc6e-2dda-4ffc-9f9d-dbda70609832 req-7056bc6e-2dda-4ffc-9f9d-dbda70609832 ] Request (ServersAdminTestJSON:setUpClass): 201 POST http://10.180.1.21/identity/v3/auth/tokens 0.069s
2025-02-19 17:14:45.859 62992 INFO tempest.lib.common.fixed_network [-] (ServersAdminTestJSON:setUpClass) Found network {'id': '2855812f-fb4e-4f0c-9e2e-2d3ed28cbf17', 'name': 'tempest-ServersAdminTestJSON-1642940828-network', 'tenant_id': 'e5990947add84dc199c2253a90e0fe44', 'admin_state_up': True, 'mtu': 8950, 'status': 'ACTIVE', 'subnets': [], 'shared': False, 'project_id': 'e5990947add84dc199c2253a90e0fe44', 'port_security_enabled': True, 'router:external': False, 'provider:network_type': 'vlan', 'provider:physical_network': 'default', 'provider:segmentation_id': 791, 'availability_zone_hints': [], 'availability_zones': [], 'ipv4_address_scope': None, 'ipv6_address_scope': None, 'description': '', 'tags': [], 'created_at': '2025-02-19T17:14:28Z', 'updated_at': '2025-02-19T17:14:28Z', 'revision_number': 1} available for tenant
2025-02-19 17:14:45.866 63016 INFO tempest.lib.common.rest_client [req-fb62d090-b4fa-4b6a-a676-caf3a473b988 req-fb62d090-b4fa-4b6a-a676-caf3a473b988 ] Request (FloatingIPsNegativeTestJSON:setUpClass): 200 GET http://10.180.1.21/identity/v3/roles 0.057s
2025-02-19 17:14:45.875 63028 INFO tempest.lib.common.rest_client [req-ca69d962-8671-4528-b54f-1cfc2b23f443 req-ca69d962-8671-4528-b54f-1cfc2b23f443 ] Request (VolumesAdminNegativeTest:setUpClass): 201 POST http://10.180.1.21:9696/networking/v2.0/routers 1.685s
2025-02-19 17:14:45.882 62986 INFO tempest.lib.common.rest_client [req-35dad6cd-3b34-450c-b06d-8545d4267d17 req-35dad6cd-3b34-450c-b06d-8545d4267d17 ] Request (AttachInterfacesUnderV243Test:setUpClass): 200 GET http://10.180.1.21/identity/v3/domains?name=Default 0.041s
2025-02-19 17:14:45.887 63045 INFO tempest.lib.common.rest_client [req-cc3d1bee-737c-4b9d-83f1-bd0193b17992 req-cc3d1bee-737c-4b9d-83f1-bd0193b17992 ] Request (ImagesOneServerNegativeTestJSON:setUpClass): 200 GET http://10.180.1.21/compute/v2.1/servers/03359cc0-ef5f-4cdf-bd91-445ddf1da33f 2.762s
2025-02-19 17:14:45.898 63016 INFO tempest.lib.common.rest_client [req-db79f8b1-3c92-4085-8f3f-bdeee98e0e36 req-db79f8b1-3c92-4085-8f3f-bdeee98e0e36 ] Request (FloatingIPsNegativeTestJSON:setUpClass): 204 PUT http://10.180.1.21/identity/v3/projects/139f6e7e900842ccb0d3e34c58a4cbae/users/9cad5b42e68c477281446a2a2c6f2086/roles/fa732f6e71ba4a5aad02c3f890731b6a 0.031s
2025-02-19 17:14:45.902 63016 INFO tempest.lib.common.dynamic_creds [-] Dynamic test user 9cad5b42e68c477281446a2a2c6f2086 is created with scope project and roles: ['member']
2025-02-19 17:14:45.902 63016 INFO tempest.lib.common.dynamic_creds [-] Acquired dynamic creds: credentials: Credentials: {'domain_id': 'default', 'domain_name': 'Default', 'username': 'tempest-FloatingIPsNegativeTestJSON-1002355333-project-member', 'project_domain_id': 'default', 'project_domain_name': 'Default', 'project_id': '139f6e7e900842ccb0d3e34c58a4cbae', 'project_name': 'tempest-FloatingIPsNegativeTestJSON-1002355333', 'tenant_id': '139f6e7e900842ccb0d3e34c58a4cbae', 'tenant_name': 'tempest-FloatingIPsNegativeTestJSON-1002355333', 'user_domain_id': 'default', 'user_domain_name': 'Default', 'user_id': '9cad5b42e68c477281446a2a2c6f2086', 'system': None}, Network: None, Subnet: None, Router: None
2025-02-19 17:14:45.908 63020 INFO tempest.lib.common.rest_client [req-6e84f85a-9df0-4ce3-9bcb-a35710a632b0 req-6e84f85a-9df0-4ce3-9bcb-a35710a632b0 ] Request (FlavorsExtraSpecsTestJSON:test_flavor_set_get_update_show_unset_keys): 200 DELETE http://10.180.1.21/compute/v2.1/flavors/1214158702/os-extra_specs/hw:cpu_policy 2.618s
2025-02-19 17:14:45.909 63014 INFO tempest.lib.common.rest_client [req-1255ff9c-fcfc-413b-9c1b-0891190908a8 req-1255ff9c-fcfc-413b-9c1b-0891190908a8 ] Request (VolumesAssistedSnapshotsTest:test_volume_assisted_snapshot_create_delete): 201 POST http://10.180.1.21:9696/networking/v2.0/security-group-rules 0.216s
2025-02-19 17:14:45.917 63030 INFO tempest.lib.common.rest_client [req-579d7a35-8c27-4fed-b09c-f8211c5b45f3 req-579d7a35-8c27-4fed-b09c-f8211c5b45f3 ] Request (HostsAdminNegativeTestJSON:test_shutdown_host_with_non_admin_user): 403 GET http://10.180.1.21/compute/v2.1/os-hosts/devstack/shutdown 2.465s
2025-02-19 17:14:45.925 62986 INFO tempest.lib.common.rest_client [req-96b3a85d-960d-4425-b23a-26087ce1b0b3 req-96b3a85d-960d-4425-b23a-26087ce1b0b3 ] Request (AttachInterfacesUnderV243Test:setUpClass): 201 POST http://10.180.1.21/identity/v3/projects 0.042s
2025-02-19 17:14:45.974 63016 INFO tempest.lib.common.rest_client [req-c5e2dd98-1266-48da-ab81-0bf851f512f5 req-c5e2dd98-1266-48da-ab81-0bf851f512f5 ] Request (FloatingIPsNegativeTestJSON:setUpClass): 201 POST http://10.180.1.21/identity/v3/auth/tokens 0.072s
2025-02-19 17:14:45.991 63034 INFO tempest.lib.common.rest_client [req-ad159450-48ba-462a-8f8e-e0cabccf7aae req-ad159450-48ba-462a-8f8e-e0cabccf7aae ] Request (ListServerFiltersTestJSON:setUpClass): 200 GET http://10.180.1.21/compute/v2.1/servers/d923bec1-81c9-491d-9dca-4c758893e809 3.215s
2025-02-19 17:14:46.002 63034 INFO tempest.common.waiters [-] State transition "BUILD/networking" ==> "BUILD/spawning" after 7 second wait
2025-02-19 17:14:46.007 62986 INFO tempest.lib.common.rest_client [req-10aeb0c7-6884-4e2b-9507-0172a988e980 req-10aeb0c7-6884-4e2b-9507-0172a988e980 ] Request (AttachInterfacesUnderV243Test:setUpClass): 201 POST http://10.180.1.21/identity/v3/users 0.082s
2025-02-19 17:14:46.029 63038 INFO tempest.lib.common.rest_client [req-3ee99172-574c-4bc3-b71a-e46cf95965ab req-3ee99172-574c-4bc3-b71a-e46cf95965ab ] Request (FlavorsExtraSpecsNegativeTestJSON:tearDownClass): 200 GET http://10.180.1.21/compute/v2.1/flavors/detail 2.155s
2025-02-19 17:14:46.030 62986 INFO tempest.lib.common.rest_client [req-7061005f-9d45-45d3-a31c-0175c0fc1742 req-7061005f-9d45-45d3-a31c-0175c0fc1742 ] Request (AttachInterfacesUnderV243Test:setUpClass): 200 GET http://10.180.1.21/identity/v3/roles 0.022s
2025-02-19 17:14:46.058 62986 INFO tempest.lib.common.rest_client [req-73984ef9-0708-428d-8254-7094a6766720 req-73984ef9-0708-428d-8254-7094a6766720 ] Request (AttachInterfacesUnderV243Test:setUpClass): 204 PUT http://10.180.1.21/identity/v3/projects/c44c19108fca47c0ba443dd2cd71f2d2/users/4601ce4f86944a28bb75b01efdf5116e/roles/fa732f6e71ba4a5aad02c3f890731b6a 0.028s
2025-02-19 17:14:46.058 62986 INFO tempest.lib.common.dynamic_creds [-] Dynamic test user 4601ce4f86944a28bb75b01efdf5116e is created with scope project and roles: ['member']
2025-02-19 17:14:46.058 62986 INFO tempest.lib.common.dynamic_creds [-] Acquired dynamic creds: credentials: Credentials: {'domain_id': 'default', 'domain_name': 'Default', 'username': 'tempest-AttachInterfacesUnderV243Test-151169565-project-member', 'project_domain_id': 'default', 'project_domain_name': 'Default', 'project_id': 'c44c19108fca47c0ba443dd2cd71f2d2', 'project_name': 'tempest-AttachInterfacesUnderV243Test-151169565', 'tenant_id': 'c44c19108fca47c0ba443dd2cd71f2d2', 'tenant_name': 'tempest-AttachInterfacesUnderV243Test-151169565', 'user_domain_id': 'default', 'user_domain_name': 'Default', 'user_id': '4601ce4f86944a28bb75b01efdf5116e', 'system': None}, Network: None, Subnet: None, Router: None
2025-02-19 17:14:46.134 62986 INFO tempest.lib.common.rest_client [req-ba897a3f-85c0-4de7-9cbd-f9ca04ed9803 req-ba897a3f-85c0-4de7-9cbd-f9ca04ed9803 ] Request (AttachInterfacesUnderV243Test:setUpClass): 201 POST http://10.180.1.21/identity/v3/auth/tokens 0.075s
2025-02-19 17:14:46.136 63012 INFO tempest.lib.common.rest_client [req-47e18982-0a88-41a9-be3d-20970194b4fd req-47e18982-0a88-41a9-be3d-20970194b4fd ] Request (TenantUsagesTestJSON:setUpClass): 200 GET http://10.180.1.21/compute/v2.1/servers/b1972c25-31b0-4a64-9d89-84acc449be29 1.870s
2025-02-19 17:14:46.249 62994 INFO tempest.lib.common.rest_client [req-70e1dbd5-f142-4aae-bf64-9c8e5250dd9b req-70e1dbd5-f142-4aae-bf64-9c8e5250dd9b ] Request (ImagesMetadataTestJSON:test_set_image_metadata): 200 PUT http://10.180.1.21/compute/v2.1/images/056a736b-74eb-46d4-8509-9ada7f19fde3/metadata 2.630s
2025-02-19 17:14:46.266 63038 INFO tempest.lib.common.rest_client [req-142d0a4b-4d7c-4651-ae3a-e337f5f5952c req-142d0a4b-4d7c-4651-ae3a-e337f5f5952c ] Request (FlavorsExtraSpecsNegativeTestJSON:tearDownClass): 204 DELETE http://10.180.1.21/identity/v3/users/7b87f4b5097e434db383db5c33a449bc 0.227s
2025-02-19 17:14:46.272 63024 INFO tempest.lib.common.rest_client [req-b3c20c84-02f1-4ca5-b089-a94f86b8f581 req-b3c20c84-02f1-4ca5-b089-a94f86b8f581 ] Request (KeyPairsV2TestJSON:_run_cleanups): 202 DELETE http://10.180.1.21/compute/v2.1/os-keypairs/tempest-keypair-59496888 1.741s
2025-02-19 17:14:46.282 62988 INFO tempest.lib.common.rest_client [req-7602773c-9629-4d19-89d3-d08cf5420aa9 req-7602773c-9629-4d19-89d3-d08cf5420aa9 ] Request (AggregatesAdminNegativeTestJSON:test_aggregate_create_aggregate_name_length_less_than_1): 400 POST http://10.180.1.21/compute/v2.1/os-aggregates 1.745s
2025-02-19 17:14:46.407 63038 INFO tempest.lib.common.rest_client [req-0c763189-24ab-4618-8f24-ddf082a4fe70 req-0c763189-24ab-4618-8f24-ddf082a4fe70 ] Request (FlavorsExtraSpecsNegativeTestJSON:tearDownClass): 204 DELETE http://10.180.1.21/identity/v3/users/bafd185736ee4220a5654cde0bb44ea2 0.140s
2025-02-19 17:14:46.407 63038 INFO tempest.lib.common.dynamic_creds [-] Deleting project and security group for project: 63c51886c69d4f5ead784851f90e745b
2025-02-19 17:14:46.498 63036 INFO tempest.lib.common.rest_client [req-9f394bed-e77e-4633-a4db-3bd79b53c4be req-9f394bed-e77e-4633-a4db-3bd79b53c4be ] Request (QuotasAdminNegativeTest:test_create_server_when_memory_quota_is_full): 403 POST http://10.180.1.21/compute/v2.1/servers 2.025s
2025-02-19 17:14:46.500 63038 INFO tempest.lib.common.rest_client [req-bd961e88-95e4-416e-8133-8cfe2ca85f99 req-bd961e88-95e4-416e-8133-8cfe2ca85f99 ] Request (FlavorsExtraSpecsNegativeTestJSON:tearDownClass): 201 POST http://10.180.1.21/identity/v3/auth/tokens 0.092s
2025-02-19 17:14:46.648 63040 INFO tempest.lib.common.rest_client [req-104cfd2a-93f9-48a1-9c23-0f782327a664 req-104cfd2a-93f9-48a1-9c23-0f782327a664 ] Request (FlavorMetadataValidation:test_flavor_update_with_custom_namespace): 200 POST http://10.180.1.21/compute/v2.1/flavors 1.700s
2025-02-19 17:14:46.728 63038 INFO tempest.lib.common.rest_client [req-2ecc0334-eb19-434e-b39c-352f76d699e8 req-2ecc0334-eb19-434e-b39c-352f76d699e8 ] Request (FlavorsExtraSpecsNegativeTestJSON:tearDownClass): 200 GET http://10.180.1.21:9696/networking/v2.0/security-groups?tenant_id=63c51886c69d4f5ead784851f90e745b&name=default 0.228s
2025-02-19 17:14:46.803 63014 INFO tempest.lib.common.rest_client [req-6d83b354-7f03-49b3-b894-e9d267941c35 req-6d83b354-7f03-49b3-b894-e9d267941c35 ] Request (VolumesAssistedSnapshotsTest:test_volume_assisted_snapshot_create_delete): 201 POST http://10.180.1.21:9696/networking/v2.0/floatingips 0.894s
2025-02-19 17:14:46.830 63022 INFO tempest.lib.common.rest_client [req-cba768d3-6d85-47a0-9e70-284b31ac2b42 req-cba768d3-6d85-47a0-9e70-284b31ac2b42 ] Request (QuotasAdminTestJSON:test_update_all_quota_resources_for_tenant): 200 PUT http://10.180.1.21/compute/v2.1/os-quota-sets/8cd6703ffef94ab3b9b8736bebdd64b7 1.860s
2025-02-19 17:14:46.839 63038 INFO tempest.lib.common.rest_client [req-063266f0-cc37-4729-a601-1dc1e1d49fac req-063266f0-cc37-4729-a601-1dc1e1d49fac ] Request (FlavorsExtraSpecsNegativeTestJSON:tearDownClass): 204 DELETE http://10.180.1.21:9696/networking/v2.0/security-groups/adac924e-4050-4fcc-9bc4-ac8238dc61a0 0.110s
2025-02-19 17:14:46.864 63014 INFO tempest.lib.common.rest_client [req-d60d1543-0f2f-4d54-b8a8-eef485631c12 req-d60d1543-0f2f-4d54-b8a8-eef485631c12 ] Request (VolumesAssistedSnapshotsTest:test_volume_assisted_snapshot_create_delete): 201 POST http://10.180.1.21/identity/v3/auth/tokens 0.055s
2025-02-19 17:14:46.864 63014 INFO tempest.lib.common.fixed_network [-] (VolumesAssistedSnapshotsTest:test_volume_assisted_snapshot_create_delete) Found network {'id': '8419e3ac-f91d-4e07-8100-c6d609591f0c', 'name': 'tempest-VolumesAssistedSnapshotsTest-842416353-network', 'tenant_id': '580a3ce1d40941e9ac5e2489c5f199e7', 'admin_state_up': True, 'mtu': 8950, 'status': 'ACTIVE', 'subnets': [], 'shared': False, 'project_id': '580a3ce1d40941e9ac5e2489c5f199e7', 'port_security_enabled': True, 'router:external': False, 'provider:network_type': 'vlan', 'provider:physical_network': 'default', 'provider:segmentation_id': 814, 'availability_zone_hints': [], 'availability_zones': [], 'ipv4_address_scope': None, 'ipv6_address_scope': None, 'description': '', 'tags': [], 'created_at': '2025-02-19T17:14:18Z', 'updated_at': '2025-02-19T17:14:18Z', 'revision_number': 1} available for tenant
2025-02-19 17:14:46.918 63038 INFO tempest.lib.common.rest_client [req-c20c99af-a961-470d-9e83-a5ddf1795fd0 req-c20c99af-a961-470d-9e83-a5ddf1795fd0 ] Request (FlavorsExtraSpecsNegativeTestJSON:tearDownClass): 204 DELETE http://10.180.1.21/identity/v3/projects/63c51886c69d4f5ead784851f90e745b 0.079s
2025-02-19 17:14:46.918 63038 INFO tempest.lib.common.dynamic_creds [-] Deleting project and security group for project: 9df1325ad3fb4162a4345ed6724b8f2a
2025-02-19 17:14:46.936 63018 INFO tempest.lib.common.rest_client [req-2a221edf-c632-4279-a39c-1e2940725cb6 req-2a221edf-c632-4279-a39c-1e2940725cb6 ] Request (FloatingIPsTestJSON:tearDownClass): 204 DELETE http://10.180.1.21:9696/networking/v2.0/routers/ce30ada4-0de1-489e-ba08-d0d38509320b 1.598s
2025-02-19 17:14:46.966 63008 INFO tempest.lib.common.rest_client [req-b2676ff3-5475-497f-bd07-00a30317e829 req-b2676ff3-5475-497f-bd07-00a30317e829 ] Request (ServerDiagnosticsNegativeTest:test_get_server_diagnostics_by_non_admin): 200 GET http://10.180.1.21/compute/v2.1/servers/f76f7c8e-1f56-49eb-8631-2081781daafa 2.123s
2025-02-19 17:14:46.990 63042 INFO tempest.lib.common.rest_client [req-1d726acf-3954-440f-900b-e78a52bb3849 req-1d726acf-3954-440f-900b-e78a52bb3849 ] Request (SecurityGroupRulesTestJSON:setUpClass): 201 POST http://10.180.1.21:9696/networking/v2.0/routers 2.727s
2025-02-19 17:14:47.088 63032 INFO tempest.lib.common.rest_client [req-4b27559f-a80d-4643-8a05-77d95e951396 req-4b27559f-a80d-4643-8a05-77d95e951396 ] Request (ServersV294TestFqdnHostnames:setUpClass): 200 GET http://10.180.1.21/compute/v2.1/servers/f48335a6-0726-41d9-abfc-ceb16dcf2912 1.968s
2025-02-19 17:14:47.156 62982 INFO tempest.lib.common.rest_client [req-88058312-46d4-4152-94ab-801dacfd25de req-88058312-46d4-4152-94ab-801dacfd25de ] Request (ServerDiagnosticsTest:test_get_server_diagnostics): 200 GET http://10.180.1.21/compute/v2.1/servers/8697fd7b-0496-49bd-9a4f-53a8fec50172 2.125s
2025-02-19 17:14:47.170 62982 INFO tempest.common.waiters [-] State transition "BUILD/spawning" ==> "ACTIVE/None" after 18 second wait
2025-02-19 17:14:47.266 63016 INFO tempest.lib.common.rest_client [req-c3c5f5d1-e0c8-43e9-beb4-d4054bef93db req-c3c5f5d1-e0c8-43e9-beb4-d4054bef93db ] Request (FloatingIPsNegativeTestJSON:setUpClass): 201 POST http://10.180.1.21:9696/networking/v2.0/networks 1.291s
2025-02-19 17:14:47.271 62996 INFO tempest.lib.common.rest_client [req-28a59709-0574-4ebc-a5fd-5d130cdc14b7 req-28a59709-0574-4ebc-a5fd-5d130cdc14b7 ] Request (ServersAdmin275Test:test_rebuild_update_server_275): 200 GET http://10.180.1.21/compute/v2.1/servers/f7221dad-9186-4f83-adaf-676712163ed5 1.771s
2025-02-19 17:14:47.280 62996 INFO tempest.common.waiters [-] State transition "REBUILD/rebuilding" ==> "REBUILD/rebuild_spawning" after 3 second wait
2025-02-19 17:14:47.356 63038 INFO tempest.lib.common.rest_client [req-96c59c5b-1cdb-4821-94cc-159b133fa852 req-96c59c5b-1cdb-4821-94cc-159b133fa852 ] Request (FlavorsExtraSpecsNegativeTestJSON:tearDownClass): 200 GET http://10.180.1.21:9696/networking/v2.0/security-groups?tenant_id=9df1325ad3fb4162a4345ed6724b8f2a&name=default 0.438s
2025-02-19 17:14:47.386 63007 INFO tempest.lib.common.rest_client [req-37abd335-1c46-41fa-b337-64ee02210a8e req-37abd335-1c46-41fa-b337-64ee02210a8e ] Request (ServerDiskConfigTestJSON:test_rebuild_server_with_auto_disk_config): 200 GET http://10.180.1.21/compute/v2.1/servers/30601c03-c29f-4da4-825a-8d6c627c1432 1.758s
2025-02-19 17:14:47.401 62986 INFO tempest.lib.common.rest_client [req-918b3d4c-68a0-4475-a2e9-31a005e2a2f0 req-918b3d4c-68a0-4475-a2e9-31a005e2a2f0 ] Request (AttachInterfacesUnderV243Test:setUpClass): 201 POST http://10.180.1.21:9696/networking/v2.0/networks 1.267s
2025-02-19 17:14:47.403 63018 INFO tempest.lib.common.rest_client [req-a062fee7-816c-4506-8a70-763796e837e7 req-a062fee7-816c-4506-8a70-763796e837e7 ] Request (FloatingIPsTestJSON:tearDownClass): 204 DELETE http://10.180.1.21:9696/networking/v2.0/subnets/f103cdc6-c941-4ca2-8425-17f39822857b 0.466s
2025-02-19 17:14:47.411 62984 INFO tempest.lib.common.rest_client [req-978600cf-3e8a-40f7-b442-ac2a75f212e5 req-978600cf-3e8a-40f7-b442-ac2a75f212e5 ] Request (FlavorsAccessNegativeTestJSON:test_flavor_non_admin_add): 200 POST http://10.180.1.21/compute/v2.1/flavors 1.742s
2025-02-19 17:14:47.454 62990 INFO tempest.lib.common.rest_client [req-b502531f-1d6c-4584-9e9c-ae2b6ba99436 req-b502531f-1d6c-4584-9e9c-ae2b6ba99436 ] Request (ValidationResourcesFixture:setUp): 200 POST http://10.180.1.21/compute/v2.1/os-keypairs 1.760s
2025-02-19 17:14:47.588 63038 INFO tempest.lib.common.rest_client [req-3924644c-fbd2-407a-816c-d44e7d1dc042 req-3924644c-fbd2-407a-816c-d44e7d1dc042 ] Request (FlavorsExtraSpecsNegativeTestJSON:tearDownClass): 204 DELETE http://10.180.1.21:9696/networking/v2.0/security-groups/e17c4338-37fb-4e9a-826e-eaee4fd1606e 0.232s
2025-02-19 17:14:47.704 63038 INFO tempest.lib.common.rest_client [req-3079ab85-e568-4ceb-9fca-331dfebae235 req-3079ab85-e568-4ceb-9fca-331dfebae235 ] Request (FlavorsExtraSpecsNegativeTestJSON:tearDownClass): 204 DELETE http://10.180.1.21/identity/v3/projects/9df1325ad3fb4162a4345ed6724b8f2a 0.115s
2025-02-19 17:14:47.766 63038 INFO tempest.lib.common.rest_client [req-be641811-cbeb-4fdf-86b3-5ba8233e9602 req-be641811-cbeb-4fdf-86b3-5ba8233e9602 ] Request (AbsoluteLimitsNegativeTestJSON:setUpClass): 201 POST http://10.180.1.21/identity/v3/auth/tokens 0.060s
2025-02-19 17:14:47.796 63038 INFO tempest.lib.common.rest_client [req-c3ec365e-82cd-478e-a325-79bada315aff req-c3ec365e-82cd-478e-a325-79bada315aff ] Request (AbsoluteLimitsNegativeTestJSON:setUpClass): 201 POST http://10.180.1.21/identity/v3/auth/tokens 0.028s
2025-02-19 17:14:47.820 63038 INFO tempest.lib.common.rest_client [req-3ec0bde8-3338-4d82-b1d7-92a93c79d699 req-3ec0bde8-3338-4d82-b1d7-92a93c79d699 ] Request (AbsoluteLimitsNegativeTestJSON:setUpClass): 200 GET http://10.180.1.21/identity/v3/domains?name=Default 0.024s
2025-02-19 17:14:47.855 63038 INFO tempest.lib.common.rest_client [req-09bdb413-bd7a-494c-ac38-7555a6f2df4d req-09bdb413-bd7a-494c-ac38-7555a6f2df4d ] Request (AbsoluteLimitsNegativeTestJSON:setUpClass): 201 POST http://10.180.1.21/identity/v3/projects 0.034s
2025-02-19 17:14:47.913 63038 INFO tempest.lib.common.rest_client [req-3ebd27c6-a864-4bcf-9ab3-249acf88b2d1 req-3ebd27c6-a864-4bcf-9ab3-249acf88b2d1 ] Request (AbsoluteLimitsNegativeTestJSON:setUpClass): 201 POST http://10.180.1.21/identity/v3/users 0.057s
2025-02-19 17:14:47.935 63038 INFO tempest.lib.common.rest_client [req-74b6c4ea-ceac-49cd-a821-282792b299eb req-74b6c4ea-ceac-49cd-a821-282792b299eb ] Request (AbsoluteLimitsNegativeTestJSON:setUpClass): 200 GET http://10.180.1.21/identity/v3/roles 0.021s
2025-02-19 17:14:47.963 63038 INFO tempest.lib.common.rest_client [req-b5f0f12c-b97e-42d0-8ded-e110b793bc24 req-b5f0f12c-b97e-42d0-8ded-e110b793bc24 ] Request (AbsoluteLimitsNegativeTestJSON:setUpClass): 204 PUT http://10.180.1.21/identity/v3/projects/fe26841dcc7048afb66cec7446a1488a/users/8653e7d0953d4ccfa0cc0aa44f91c573/roles/fa732f6e71ba4a5aad02c3f890731b6a 0.027s
2025-02-19 17:14:47.963 63038 INFO tempest.lib.common.dynamic_creds [-] Dynamic test user 8653e7d0953d4ccfa0cc0aa44f91c573 is created with scope project and roles: ['member']
2025-02-19 17:14:47.963 63038 INFO tempest.lib.common.dynamic_creds [-] Acquired dynamic creds: credentials: Credentials: {'domain_id': 'default', 'domain_name': 'Default', 'username': 'tempest-AbsoluteLimitsNegativeTestJSON-1186439134-project-member', 'project_domain_id': 'default', 'project_domain_name': 'Default', 'project_id': 'fe26841dcc7048afb66cec7446a1488a', 'project_name': 'tempest-AbsoluteLimitsNegativeTestJSON-1186439134', 'tenant_id': 'fe26841dcc7048afb66cec7446a1488a', 'tenant_name': 'tempest-AbsoluteLimitsNegativeTestJSON-1186439134', 'user_domain_id': 'default', 'user_domain_name': 'Default', 'user_id': '8653e7d0953d4ccfa0cc0aa44f91c573', 'system': None}, Network: None, Subnet: None, Router: None
2025-02-19 17:14:47.963 63038 INFO tempest.lib.common.dynamic_creds [-] Created isolated network resources for: credentials: Credentials: {'domain_id': 'default', 'domain_name': 'Default', 'username': 'tempest-AbsoluteLimitsNegativeTestJSON-1186439134-project-member', 'project_domain_id': 'default', 'project_domain_name': 'Default', 'project_id': 'fe26841dcc7048afb66cec7446a1488a', 'project_name': 'tempest-AbsoluteLimitsNegativeTestJSON-1186439134', 'tenant_id': 'fe26841dcc7048afb66cec7446a1488a', 'tenant_name': 'tempest-AbsoluteLimitsNegativeTestJSON-1186439134', 'user_domain_id': 'default', 'user_domain_name': 'Default', 'user_id': '8653e7d0953d4ccfa0cc0aa44f91c573', 'system': None}, Network: None, Subnet: None, Router: None
2025-02-19 17:14:48.049 63038 INFO tempest.lib.common.rest_client [req-ae0ab051-d504-4afe-8b14-d9b0b0b32f66 req-ae0ab051-d504-4afe-8b14-d9b0b0b32f66 ] Request (AbsoluteLimitsNegativeTestJSON:setUpClass): 201 POST http://10.180.1.21/identity/v3/auth/tokens 0.081s
2025-02-19 17:14:48.138 63000 INFO tempest.lib.common.rest_client [req-bccffc0c-8a21-4a21-942a-48281506b08e req-bccffc0c-8a21-4a21-942a-48281506b08e ] Request (FloatingIPDetailsTestJSON:setUpClass): 200 POST http://10.180.1.21/compute/v2.1/os-floating-ips 2.935s
2025-02-19 17:14:48.163 63020 INFO tempest.lib.common.rest_client [req-b3f28790-1879-49c1-b740-db7b1acd38ef req-b3f28790-1879-49c1-b740-db7b1acd38ef ] Request (FlavorsExtraSpecsTestJSON:test_flavor_set_get_update_show_unset_keys): 200 GET http://10.180.1.21/compute/v2.1/flavors/1214158702/os-extra_specs 2.254s
2025-02-19 17:14:48.169 62990 INFO tempest.lib.common.rest_client [req-ae8a7a1d-1f38-4816-b746-1e384898a6ef req-ae8a7a1d-1f38-4816-b746-1e384898a6ef ] Request (ValidationResourcesFixture:setUp): 201 POST http://10.180.1.21:9696/networking/v2.0/security-groups 0.713s
2025-02-19 17:14:48.180 63030 INFO tempest.lib.common.rest_client [req-bac8f322-8132-46b6-aee6-0d87224ccd18 req-bac8f322-8132-46b6-aee6-0d87224ccd18 ] Request (HostsAdminNegativeTestJSON:test_shutdown_nonexistent_host): 404 GET http://10.180.1.21/compute/v2.1/os-hosts/nonexistent_hostname/shutdown 2.261s
2025-02-19 17:14:48.217 62994 INFO tempest.lib.common.rest_client [req-1a87a4c8-8785-4b3e-b5f2-e3ef0ea4cda4 req-1a87a4c8-8785-4b3e-b5f2-e3ef0ea4cda4 ] Request (ImagesMetadataTestJSON:test_set_image_metadata): 200 GET http://10.180.1.21/compute/v2.1/images/056a736b-74eb-46d4-8509-9ada7f19fde3/metadata 1.967s
2025-02-19 17:14:48.270 63024 INFO tempest.lib.common.rest_client [req-78348b75-a0e6-453d-8fa3-ac272eeedeca req-78348b75-a0e6-453d-8fa3-ac272eeedeca ] Request (KeyPairsV2TestJSON:test_keypairs_create_list_delete): 200 POST http://10.180.1.21/compute/v2.1/os-keypairs 1.996s
2025-02-19 17:14:48.276 62988 INFO tempest.lib.common.rest_client [req-6195eb5c-5483-44d9-9c35-17df4f32907b req-6195eb5c-5483-44d9-9c35-17df4f32907b ] Request (AggregatesAdminNegativeTestJSON:test_aggregate_create_as_user): 403 POST http://10.180.1.21/compute/v2.1/os-aggregates 1.992s
2025-02-19 17:14:48.300 63028 INFO tempest.lib.common.rest_client [req-359e8937-f41d-4d6f-bc4a-64f5ffc5d800 req-359e8937-f41d-4d6f-bc4a-64f5ffc5d800 ] Request (VolumesAdminNegativeTest:setUpClass): 200 PUT http://10.180.1.21:9696/networking/v2.0/routers/9a72e239-8761-4121-ab07-70798cd25021/add_router_interface 2.424s
2025-02-19 17:14:48.300 63028 INFO tempest.lib.common.dynamic_creds [-] Created isolated network resources for: credentials: Credentials: {'domain_id': 'default', 'domain_name': 'Default', 'username': 'tempest-VolumesAdminNegativeTest-589127255-project-admin', 'project_domain_id': 'default', 'project_domain_name': 'Default', 'project_id': 'dcc6539043834949ad56d995ec18502e', 'project_name': 'tempest-VolumesAdminNegativeTest-589127255', 'tenant_id': 'dcc6539043834949ad56d995ec18502e', 'tenant_name': 'tempest-VolumesAdminNegativeTest-589127255', 'user_domain_id': 'default', 'user_domain_name': 'Default', 'user_id': '111de02504864dbeb4feb064bc2d44ce', 'system': None}, Network: {'id': '3c95926c-7c9a-4a06-93b4-63c5b1b13133', 'name': 'tempest-VolumesAdminNegativeTest-991998345-network', 'tenant_id': 'dcc6539043834949ad56d995ec18502e', 'admin_state_up': True, 'mtu': 8950, 'status': 'ACTIVE', 'subnets': [], 'shared': False, 'project_id': 'dcc6539043834949ad56d995ec18502e', 'port_security_enabled': True, 'router:external': False, 'provider:network_type': 'vlan', 'provider:physical_network': 'default', 'provider:segmentation_id': 260, 'availability_zone_hints': [], 'availability_zones': [], 'ipv4_address_scope': None, 'ipv6_address_scope': None, 'description': '', 'tags': [], 'created_at': '2025-02-19T17:14:42Z', 'updated_at': '2025-02-19T17:14:42Z', 'revision_number': 1}, Subnet: {'id': '614e16ab-13aa-46ff-9df0-1c20a3fd9539', 'name': 'tempest-VolumesAdminNegativeTest-991998345-subnet', 'tenant_id': 'dcc6539043834949ad56d995ec18502e', 'network_id': '3c95926c-7c9a-4a06-93b4-63c5b1b13133', 'ip_version': 4, 'subnetpool_id': None, 'enable_dhcp': True, 'ipv6_ra_mode': None, 'ipv6_address_mode': None, 'gateway_ip': '192.168.128.1', 'cidr': '192.168.128.0/28', 'allocation_pools': [{'start': '192.168.128.2', 'end': '192.168.128.14'}], 'host_routes': [], 'dns_nameservers': [], 'description': '', 'router:external': False, 'service_types': [], 'tags': [], 'created_at': '2025-02-19T17:14:43Z', 'updated_at': '2025-02-19T17:14:43Z', 'revision_number': 0, 'project_id': 'dcc6539043834949ad56d995ec18502e'}, Router: {'id': '9a72e239-8761-4121-ab07-70798cd25021', 'name': 'tempest-VolumesAdminNegativeTest-991998345-router', 'tenant_id': 'dcc6539043834949ad56d995ec18502e', 'admin_state_up': True, 'status': 'ACTIVE', 'external_gateway_info': {'network_id': '031843f4-e438-4ec4-9c61-7ec09137ceb8', 'external_fixed_ips': [{'subnet_id': 'c4a9eda5-697d-4baa-b193-fe85fcc39f29', 'ip_address': '10.180.180.182'}], 'enable_snat': True}, 'description': '', 'availability_zones': [], 'distributed': False, 'ha': False, 'availability_zone_hints': [], 'routes': [], 'flavor_id': None, 'tags': [], 'created_at': '2025-02-19T17:14:44Z', 'updated_at': '2025-02-19T17:14:44Z', 'revision_number': 2, 'project_id': 'dcc6539043834949ad56d995ec18502e'}
2025-02-19 17:14:48.408 63028 INFO tempest.lib.common.rest_client [req-ab2f885e-6e65-431e-bc6d-c8e86101b191 req-ab2f885e-6e65-431e-bc6d-c8e86101b191 ] Request (VolumesAdminNegativeTest:setUpClass): 201 POST http://10.180.1.21/identity/v3/auth/tokens 0.105s
2025-02-19 17:14:48.463 63016 INFO tempest.lib.common.rest_client [req-fe46e0a6-ff21-4c01-9951-dc07f15f5549 req-fe46e0a6-ff21-4c01-9951-dc07f15f5549 ] Request (FloatingIPsNegativeTestJSON:setUpClass): 201 POST http://10.180.1.21:9696/networking/v2.0/subnets 1.196s
2025-02-19 17:14:48.498 63036 INFO tempest.lib.common.rest_client [req-82b9bbac-51a3-4aca-8d5b-4d55706652f6 req-82b9bbac-51a3-4aca-8d5b-4d55706652f6 ] Request (QuotasAdminNegativeTest:_run_cleanups): 200 PUT http://10.180.1.21/compute/v2.1/os-quota-sets/ad5dbb80f0cd4de2b01ce795e4ec87ed 1.999s
2025-02-19 17:14:48.546 62992 INFO tempest.lib.common.rest_client [req-742a74e2-79be-4f48-a13c-e7c7d32212fe req-742a74e2-79be-4f48-a13c-e7c7d32212fe ] Request (ServersAdminTestJSON:setUpClass): 202 POST http://10.180.1.21/compute/v2.1/servers 2.686s
2025-02-19 17:14:48.555 62986 INFO tempest.lib.common.rest_client [req-c59f7a01-bf32-4da0-9390-e37457f61a32 req-c59f7a01-bf32-4da0-9390-e37457f61a32 ] Request (AttachInterfacesUnderV243Test:setUpClass): 201 POST http://10.180.1.21:9696/networking/v2.0/subnets 1.154s
2025-02-19 17:14:48.616 62990 INFO tempest.lib.common.rest_client [req-c1d7cc84-b9e8-4537-9f80-07346d61d9d4 req-c1d7cc84-b9e8-4537-9f80-07346d61d9d4 ] Request (ValidationResourcesFixture:setUp): 201 POST http://10.180.1.21:9696/networking/v2.0/security-group-rules 0.447s
2025-02-19 17:14:48.653 63040 INFO tempest.lib.common.rest_client [req-fabf206a-8e22-4735-99cd-fb625767c88d req-fabf206a-8e22-4735-99cd-fb625767c88d ] Request (FlavorMetadataValidation:test_flavor_update_with_custom_namespace): 200 POST http://10.180.1.21/compute/v2.1/flavors/76631647/os-extra_specs 2.000s
2025-02-19 17:14:48.720 63026 INFO tempest.lib.common.rest_client [req-86d302f1-9a79-48f8-86fa-df8254ec2aaa req-86d302f1-9a79-48f8-86fa-df8254ec2aaa ] Request (MigrationsAdminTest:test_list_migrations_in_flavor_resize_situation): 200 GET http://10.180.1.21/compute/v2.1/servers/3afea66f-7d69-4d19-9a8e-2744aa2ce954 2.088s
2025-02-19 17:14:48.777 63004 INFO tempest.lib.common.rest_client [req-06917be5-f5e6-4328-b7fe-b569bd626c5c req-06917be5-f5e6-4328-b7fe-b569bd626c5c ] Request (DeleteServersAdminTestJSON:test_admin_delete_servers_of_others): 200 GET http://10.180.1.21/compute/v2.1/servers/4310fc19-c9b7-4515-be80-20fb13e18eef 1.992s
2025-02-19 17:14:48.850 63018 INFO tempest.lib.common.rest_client [req-b5bce2a2-4421-4f9d-8909-dac8ff709e64 req-b5bce2a2-4421-4f9d-8909-dac8ff709e64 ] Request (FloatingIPsTestJSON:tearDownClass): 204 DELETE http://10.180.1.21:9696/networking/v2.0/networks/2a61c822-d2a9-464f-a6f4-f7e26dc996ff 1.446s
2025-02-19 17:14:48.856 62990 INFO tempest.lib.common.rest_client [req-c918430e-6f0d-4228-9135-5302d11375a4 req-c918430e-6f0d-4228-9135-5302d11375a4 ] Request (ValidationResourcesFixture:setUp): 201 POST http://10.180.1.21:9696/networking/v2.0/security-group-rules 0.238s
2025-02-19 17:14:48.979 63018 INFO tempest.lib.common.rest_client [req-5d6dbf4f-2fe1-4900-b891-ba4a35071c70 req-5d6dbf4f-2fe1-4900-b891-ba4a35071c70 ] Request (FloatingIPsTestJSON:tearDownClass): 204 DELETE http://10.180.1.21/identity/v3/users/47c21e93ba4f46d28e4672d323522b39 0.129s
2025-02-19 17:14:48.979 63018 INFO tempest.lib.common.dynamic_creds [-] Deleting project and security group for project: 2cc4132ddf2a42809ebc51f4de83fd26
2025-02-19 17:14:49.018 63022 INFO tempest.lib.common.rest_client [req-f214022d-1836-44c7-b98d-932d8cd7e629 req-f214022d-1836-44c7-b98d-932d8cd7e629 ] Request (QuotasAdminTestJSON:_run_cleanups): 200 PUT http://10.180.1.21/compute/v2.1/os-quota-sets/8cd6703ffef94ab3b9b8736bebdd64b7 2.186s
2025-02-19 17:14:49.062 63018 INFO tempest.lib.common.rest_client [req-557a9d0e-29d9-4b4d-be2d-8331a94ab776 req-557a9d0e-29d9-4b4d-be2d-8331a94ab776 ] Request (FloatingIPsTestJSON:tearDownClass): 200 GET http://10.180.1.21:9696/networking/v2.0/security-groups?tenant_id=2cc4132ddf2a42809ebc51f4de83fd26&name=default 0.082s
2025-02-19 17:14:49.106 63045 INFO tempest.lib.common.rest_client [req-99a24941-ffc9-4ecb-9ace-3fdf739dce5a req-99a24941-ffc9-4ecb-9ace-3fdf739dce5a ] Request (ImagesOneServerNegativeTestJSON:setUpClass): 200 GET http://10.180.1.21/compute/v2.1/servers/03359cc0-ef5f-4cdf-bd91-445ddf1da33f 2.205s
2025-02-19 17:14:49.184 63022 INFO tempest.lib.common.rest_client [req-f0e3af80-9b76-47f5-94d9-a5a9d6cd4cb8 req-f0e3af80-9b76-47f5-94d9-a5a9d6cd4cb8 ] Request (QuotasAdminTestJSON:tearDownClass): 204 DELETE http://10.180.1.21/identity/v3/users/3540cf2afeb64f8fa6a9d2ae2cd8d29b 0.158s
2025-02-19 17:14:49.300 63022 INFO tempest.lib.common.rest_client [req-86f28c0a-8e51-4f5c-b74e-197d4c2e21ac req-86f28c0a-8e51-4f5c-b74e-197d4c2e21ac ] Request (QuotasAdminTestJSON:tearDownClass): 204 DELETE http://10.180.1.21/identity/v3/users/0afef12108e44260bf362f204b2cbeab 0.115s
