2025-02-19 17:14:27.697 62988 INFO tempest.lib.common.rest_client [req-32ad61a2-fa82-4d6a-beb1-63feaa60e725 req-32ad61a2-fa82-4d6a-beb1-63feaa60e725 ] Request (AggregatesAdminNegativeTestJSON:test_aggregate_add_existent_host): 409 POST http://10.180.1.21/compute/v2.1/os-aggregates/1/action 2.568s
2025-02-19 17:14:27.719 62992 INFO tempest.lib.common.rest_client [req-020886c7-1f75-46d6-9469-f7d138a8fad0 req-020886c7-1f75-46d6-9469-f7d138a8fad0 ] Request (ServersAdminTestJSON:setUpClass): 201 POST http://10.180.1.21/identity/v3/auth/tokens 0.066s
2025-02-19 17:14:27.723 63010 INFO tempest.lib.common.rest_client [req-3b520c6f-c334-4f40-be08-d67420a98fda req-3b520c6f-c334-4f40-be08-d67420a98fda ] Request (HypervisorAdminTestJSON:test_get_hypervisor_list_details): 200 GET http://10.180.1.21/compute/v2.1/os-hypervisors/detail 2.381s
2025-02-19 17:14:27.757 62992 INFO tempest.lib.common.rest_client [req-047cdbd5-2509-4cb2-8624-d13c29b0cc99 req-047cdbd5-2509-4cb2-8624-d13c29b0cc99 ] Request (ServersAdminTestJSON:setUpClass): 201 POST http://10.180.1.21/identity/v3/auth/tokens 0.035s
2025-02-19 17:14:27.768 63007 INFO tempest.lib.common.rest_client [req-6ca26b0d-92b8-4245-ad25-b351cbdadb56 req-6ca26b0d-92b8-4245-ad25-b351cbdadb56 ] Request (FloatingIPDetailsNegativeTestJSON:tearDownClass): 204 DELETE http://10.180.1.21:9696/networking/v2.0/routers/a190d75e-78a2-429f-be5e-20ce89c3d358 1.171s
2025-02-19 17:14:27.791 63036 INFO tempest.lib.common.rest_client [req-b825a1c6-afc8-4f72-952d-64ea45eac1e3 req-b825a1c6-afc8-4f72-952d-64ea45eac1e3 ] Request (QuotasAdminNegativeTest:test_create_server_when_cpu_quota_is_full): 200 PUT http://10.180.1.21/compute/v2.1/os-quota-sets/ad5dbb80f0cd4de2b01ce795e4ec87ed 2.741s
2025-02-19 17:14:27.801 62986 INFO tempest.lib.common.rest_client [req-849e0b27-0d6b-406a-a594-154dd1d502d9 req-849e0b27-0d6b-406a-a594-154dd1d502d9 ] Request (KeyPairsNegativeTestJSON:test_create_keypair_invalid_name): 400 POST http://10.180.1.21/compute/v2.1/os-keypairs 2.312s
2025-02-19 17:14:27.804 62992 INFO tempest.lib.common.rest_client [req-af1bab28-0a31-4edc-8b86-8ccb927984b8 req-af1bab28-0a31-4edc-8b86-8ccb927984b8 ] Request (ServersAdminTestJSON:setUpClass): 200 GET http://10.180.1.21/identity/v3/domains?name=Default 0.047s
2025-02-19 17:14:27.835 63028 INFO tempest.lib.common.rest_client [req-cc7d92aa-0d56-4183-9055-3ba44366814b req-cc7d92aa-0d56-4183-9055-3ba44366814b ] Request (ServicesAdminTestJSON:test_get_service_by_service_binary_name): 200 GET http://10.180.1.21/compute/v2.1/os-services?binary=nova-compute 2.261s
2025-02-19 17:14:27.867 63036 INFO tempest.lib.common.rest_client [req-0e98c6de-8bec-4bdc-816f-24ff596c9433 req-0e98c6de-8bec-4bdc-816f-24ff596c9433 ] Request (QuotasAdminNegativeTest:test_create_server_when_cpu_quota_is_full): 201 POST http://10.180.1.21/identity/v3/auth/tokens 0.062s
2025-02-19 17:14:27.868 63036 INFO tempest.lib.common.fixed_network [-] (QuotasAdminNegativeTest:test_create_server_when_cpu_quota_is_full) Found network None available for tenant
2025-02-19 17:14:27.884 63000 INFO tempest.lib.common.rest_client [req-6f4a37df-c0d7-4189-99db-dee0a48a05f8 req-6f4a37df-c0d7-4189-99db-dee0a48a05f8 ] Request (HypervisorAdminUnderV252Test:test_get_hypervisor_show_servers): 200 GET http://10.180.1.21/compute/v2.1/os-hypervisors/domain-c8.fc996f14-c53b-4953-92e3-bdfa48f5cc28/servers 2.189s
2025-02-19 17:14:27.895 63024 INFO tempest.lib.common.rest_client [req-58708fe6-a5ac-403a-b0e5-8cc74093023e req-58708fe6-a5ac-403a-b0e5-8cc74093023e ] Request (InstanceUsageAuditLogNegativeTestJSON:test_instance_usage_audit_logs_with_nonadmin_user): 403 GET http://10.180.1.21/compute/v2.1/os-instance_usage_audit_log 2.349s
2025-02-19 17:14:27.905 62992 INFO tempest.lib.common.rest_client [req-dea56517-1675-4577-86e1-c7b2965b4752 req-dea56517-1675-4577-86e1-c7b2965b4752 ] Request (ServersAdminTestJSON:setUpClass): 201 POST http://10.180.1.21/identity/v3/projects 0.100s
2025-02-19 17:14:27.909 63030 INFO tempest.lib.common.rest_client [req-70f7e4a8-810b-4c5f-a38a-71abc43c21fd req-70f7e4a8-810b-4c5f-a38a-71abc43c21fd ] Request (AZAdminV2TestJSON:test_get_availability_zone_list_detail): 200 GET http://10.180.1.21/compute/v2.1/os-availability-zone/detail 2.057s
2025-02-19 17:14:27.964 63007 INFO tempest.lib.common.rest_client [req-0ca80296-c0f8-4ca0-b1ce-31199e9f8cc9 req-0ca80296-c0f8-4ca0-b1ce-31199e9f8cc9 ] Request (FloatingIPDetailsNegativeTestJSON:tearDownClass): 204 DELETE http://10.180.1.21:9696/networking/v2.0/subnets/5fc1637b-83d4-4026-91dd-a83c2ea2db48 0.195s
2025-02-19 17:14:27.978 62992 INFO tempest.lib.common.rest_client [req-699f7c94-e19f-4ee2-b81b-975f7c0aa6d2 req-699f7c94-e19f-4ee2-b81b-975f7c0aa6d2 ] Request (ServersAdminTestJSON:setUpClass): 201 POST http://10.180.1.21/identity/v3/users 0.072s
2025-02-19 17:14:28.043 62992 INFO tempest.lib.common.rest_client [req-1462c71f-69da-486c-873a-661da1197aa0 req-1462c71f-69da-486c-873a-661da1197aa0 ] Request (ServersAdminTestJSON:setUpClass): 200 GET http://10.180.1.21/identity/v3/roles 0.065s
2025-02-19 17:14:28.079 63034 INFO tempest.lib.common.rest_client [req-1d5e1e96-b25f-4702-9067-9ba044d15965 req-1d5e1e96-b25f-4702-9067-9ba044d15965 ] Request (ListServerFiltersTestJSON:setUpClass): 201 POST http://10.180.1.21:9696/networking/v2.0/subnets 1.029s
2025-02-19 17:14:28.079 63034 INFO tempest.lib.common.dynamic_creds [-] Created isolated network resources for: credentials: Credentials: {'domain_id': 'default', 'domain_name': 'Default', 'username': 'tempest-ListServerFiltersTestJSON-1363858805-project-member', 'project_domain_id': 'default', 'project_domain_name': 'Default', 'project_id': 'fa58b433a6c6498ba9e98e8e6624f4e3', 'project_name': 'tempest-ListServerFiltersTestJSON-1363858805', 'tenant_id': 'fa58b433a6c6498ba9e98e8e6624f4e3', 'tenant_name': 'tempest-ListServerFiltersTestJSON-1363858805', 'user_domain_id': 'default', 'user_domain_name': 'Default', 'user_id': 'a6708ae0081f4313824ace63c1887749', 'system': None}, Network: {'id': '8752dd39-e166-4f28-b183-30642b35f430', 'name': 'tempest-ListServerFiltersTestJSON-1372392544-network', 'tenant_id': 'fa58b433a6c6498ba9e98e8e6624f4e3', 'admin_state_up': True, 'mtu': 8950, 'status': 'ACTIVE', 'subnets': [], 'shared': False, 'project_id': 'fa58b433a6c6498ba9e98e8e6624f4e3', 'port_security_enabled': True, 'router:external': False, 'provider:network_type': 'vlan', 'provider:physical_network': 'default', 'provider:segmentation_id': 474, 'availability_zone_hints': [], 'availability_zones': [], 'ipv4_address_scope': None, 'ipv6_address_scope': None, 'description': '', 'tags': [], 'created_at': '2025-02-19T17:14:26Z', 'updated_at': '2025-02-19T17:14:26Z', 'revision_number': 1}, Subnet: {'id': '7898768f-5774-4fdf-8cf7-f035d2e0692d', 'name': 'tempest-ListServerFiltersTestJSON-1372392544-subnet', 'tenant_id': 'fa58b433a6c6498ba9e98e8e6624f4e3', 'network_id': '8752dd39-e166-4f28-b183-30642b35f430', 'ip_version': 4, 'subnetpool_id': None, 'enable_dhcp': True, 'ipv6_ra_mode': None, 'ipv6_address_mode': None, 'gateway_ip': '192.168.128.1', 'cidr': '192.168.128.0/28', 'allocation_pools': [{'start': '192.168.128.2', 'end': '192.168.128.14'}], 'host_routes': [], 'dns_nameservers': [], 'description': '', 'router:external': False, 'service_types': [], 'tags': [], 'created_at': '2025-02-19T17:14:27Z', 'updated_at': '2025-02-19T17:14:27Z', 'revision_number': 0, 'project_id': 'fa58b433a6c6498ba9e98e8e6624f4e3'}, Router: None
2025-02-19 17:14:28.092 63030 INFO tempest.lib.common.rest_client [req-9d247de2-fc73-4058-a90f-4328a1d19ba4 req-9d247de2-fc73-4058-a90f-4328a1d19ba4 ] Request (AZAdminV2TestJSON:tearDownClass): 204 DELETE http://10.180.1.21/identity/v3/users/af8529323bc64144884589adbfa6ae12 0.180s
2025-02-19 17:14:28.104 63042 INFO tempest.lib.common.rest_client [req-78b2e0c8-f211-4168-b019-58c9c8a908ec req-78b2e0c8-f211-4168-b019-58c9c8a908ec ] Request (KeyPairsV210TestJSON:test_admin_manage_keypairs_for_other_users): 201 POST http://10.180.1.21/compute/v2.1/os-keypairs 1.528s
2025-02-19 17:14:28.117 62992 INFO tempest.lib.common.rest_client [req-32bf85dc-e703-4a29-8fde-2b86099e531c req-32bf85dc-e703-4a29-8fde-2b86099e531c ] Request (ServersAdminTestJSON:setUpClass): 204 PUT http://10.180.1.21/identity/v3/projects/e5990947add84dc199c2253a90e0fe44/users/94dcfc543c5b4dad8df42466ed2af6ef/roles/fa732f6e71ba4a5aad02c3f890731b6a 0.073s
2025-02-19 17:14:28.117 62992 INFO tempest.lib.common.dynamic_creds [-] Dynamic test user 94dcfc543c5b4dad8df42466ed2af6ef is created with scope project and roles: ['member']
2025-02-19 17:14:28.117 62992 INFO tempest.lib.common.dynamic_creds [-] Acquired dynamic creds: credentials: Credentials: {'domain_id': 'default', 'domain_name': 'Default', 'username': 'tempest-ServersAdminTestJSON-207381718-project-member', 'project_domain_id': 'default', 'project_domain_name': 'Default', 'project_id': 'e5990947add84dc199c2253a90e0fe44', 'project_name': 'tempest-ServersAdminTestJSON-207381718', 'tenant_id': 'e5990947add84dc199c2253a90e0fe44', 'tenant_name': 'tempest-ServersAdminTestJSON-207381718', 'user_domain_id': 'default', 'user_domain_name': 'Default', 'user_id': '94dcfc543c5b4dad8df42466ed2af6ef', 'system': None}, Network: None, Subnet: None, Router: None
2025-02-19 17:14:28.123 63032 INFO tempest.lib.common.rest_client [req-2c047f09-e523-45ef-9b13-3e3176dd0b84 req-2c047f09-e523-45ef-9b13-3e3176dd0b84 ] Request (ServersV294TestFqdnHostnames:setUpClass): 201 POST http://10.180.1.21:9696/networking/v2.0/subnets 1.049s
2025-02-19 17:14:28.169 63045 INFO tempest.lib.common.rest_client [req-7f658414-9f3a-420d-a360-bb390139c4bf req-7f658414-9f3a-420d-a360-bb390139c4bf ] Request (HypervisorAdminV253TestBase:test_list_show_detail_hypervisors): 200 GET http://10.180.1.21/compute/v2.1/os-hypervisors?with_servers=True 1.442s
2025-02-19 17:14:28.181 63034 INFO tempest.lib.common.rest_client [req-6d814f81-836e-4eaf-92b9-a08da0f7143c req-6d814f81-836e-4eaf-92b9-a08da0f7143c ] Request (ListServerFiltersTestJSON:setUpClass): 201 POST http://10.180.1.21/identity/v3/auth/tokens 0.098s
2025-02-19 17:14:28.259 62992 INFO tempest.lib.common.rest_client [req-7e94520a-25f8-407e-99fc-72cf4859ff3e req-7e94520a-25f8-407e-99fc-72cf4859ff3e ] Request (ServersAdminTestJSON:setUpClass): 201 POST http://10.180.1.21/identity/v3/auth/tokens 0.141s
2025-02-19 17:14:28.319 63034 INFO tempest.lib.common.rest_client [req-7f332de6-1a35-4159-8732-2b5e2335327e req-7f332de6-1a35-4159-8732-2b5e2335327e ] Request (ListServerFiltersTestJSON:setUpClass): 201 POST http://10.180.1.21/identity/v3/auth/tokens 0.134s
2025-02-19 17:14:28.319 63034 INFO tempest.lib.common.fixed_network [-] (ListServerFiltersTestJSON:setUpClass) Found network {'id': '8752dd39-e166-4f28-b183-30642b35f430', 'name': 'tempest-ListServerFiltersTestJSON-1372392544-network', 'tenant_id': 'fa58b433a6c6498ba9e98e8e6624f4e3', 'admin_state_up': True, 'mtu': 8950, 'status': 'ACTIVE', 'subnets': [], 'shared': False, 'project_id': 'fa58b433a6c6498ba9e98e8e6624f4e3', 'port_security_enabled': True, 'router:external': False, 'provider:network_type': 'vlan', 'provider:physical_network': 'default', 'provider:segmentation_id': 474, 'availability_zone_hints': [], 'availability_zones': [], 'ipv4_address_scope': None, 'ipv6_address_scope': None, 'description': '', 'tags': [], 'created_at': '2025-02-19T17:14:26Z', 'updated_at': '2025-02-19T17:14:26Z', 'revision_number': 1} available for tenant
2025-02-19 17:14:28.326 63030 INFO tempest.lib.common.rest_client [req-86d07bc6-8c40-4a3a-bde4-75a4d703fc26 req-86d07bc6-8c40-4a3a-bde4-75a4d703fc26 ] Request (AZAdminV2TestJSON:tearDownClass): 204 DELETE http://10.180.1.21/identity/v3/users/95d178034b2743af988823b6f570a6af 0.233s
2025-02-19 17:14:28.326 63030 INFO tempest.lib.common.dynamic_creds [-] Deleting project and security group for project: 4189116397c84e93a1ff148e3d63486a
2025-02-19 17:14:28.387 62996 INFO tempest.lib.common.rest_client [req-f1fdcc57-6800-4b60-9274-afba5f89de43 req-f1fdcc57-6800-4b60-9274-afba5f89de43 ] Request (ServersAdmin275Test:test_rebuild_update_server_275): 200 GET http://10.180.1.21/compute/v2.1/servers/f7221dad-9186-4f83-adaf-676712163ed5 1.402s
2025-02-19 17:14:28.403 62996 INFO tempest.common.waiters [-] State transition "BUILD/None" ==> "BUILD/spawning" after 3 second wait
2025-02-19 17:14:28.427 63030 INFO tempest.lib.common.rest_client [req-f619efbb-8a78-4e66-83a4-a59cb78f526d req-f619efbb-8a78-4e66-83a4-a59cb78f526d ] Request (AZAdminV2TestJSON:tearDownClass): 201 POST http://10.180.1.21/identity/v3/auth/tokens 0.101s
2025-02-19 17:14:28.481 63034 INFO tempest.lib.common.rest_client [req-f5505202-1637-431e-9858-7c1b70cbbd68 req-f5505202-1637-431e-9858-7c1b70cbbd68 ] Request (ListServerFiltersTestJSON:setUpClass): 201 POST http://10.180.1.21/identity/v3/auth/tokens 0.154s
2025-02-19 17:14:28.481 63034 INFO tempest.lib.common.fixed_network [-] (ListServerFiltersTestJSON:setUpClass) Found network {'id': '8752dd39-e166-4f28-b183-30642b35f430', 'name': 'tempest-ListServerFiltersTestJSON-1372392544-network', 'tenant_id': 'fa58b433a6c6498ba9e98e8e6624f4e3', 'admin_state_up': True, 'mtu': 8950, 'status': 'ACTIVE', 'subnets': [], 'shared': False, 'project_id': 'fa58b433a6c6498ba9e98e8e6624f4e3', 'port_security_enabled': True, 'router:external': False, 'provider:network_type': 'vlan', 'provider:physical_network': 'default', 'provider:segmentation_id': 474, 'availability_zone_hints': [], 'availability_zones': [], 'ipv4_address_scope': None, 'ipv6_address_scope': None, 'description': '', 'tags': [], 'created_at': '2025-02-19T17:14:26Z', 'updated_at': '2025-02-19T17:14:26Z', 'revision_number': 1} available for tenant
2025-02-19 17:14:28.593 63040 INFO tempest.lib.common.rest_client [req-ce1ccce7-1790-4ab8-be51-48d7b68b9f66 req-ce1ccce7-1790-4ab8-be51-48d7b68b9f66 ] Request (FlavorsAccessTestJSON:test_flavor_access_add_remove): 200 POST http://10.180.1.21/compute/v2.1/flavors/1850195994/action 1.548s
2025-02-19 17:14:28.623 63020 INFO tempest.lib.common.rest_client [req-7832dd6f-4536-4282-b214-a8b750e50514 req-7832dd6f-4536-4282-b214-a8b750e50514 ] Request (FlavorsExtraSpecsTestJSON:test_flavor_non_admin_get_all_keys): 200 POST http://10.180.1.21/compute/v2.1/flavors/1214158702/os-extra_specs 1.470s
2025-02-19 17:14:28.629 63007 INFO tempest.lib.common.rest_client [req-5025d34f-2514-47ad-ab22-c43e0446424a req-5025d34f-2514-47ad-ab22-c43e0446424a ] Request (FloatingIPDetailsNegativeTestJSON:tearDownClass): 204 DELETE http://10.180.1.21:9696/networking/v2.0/networks/4328786e-31c2-4b79-99d3-627363f32852 0.665s
2025-02-19 17:14:28.719 63030 INFO tempest.lib.common.rest_client [req-280ce80d-3afe-4556-a2e6-5f0751425147 req-280ce80d-3afe-4556-a2e6-5f0751425147 ] Request (AZAdminV2TestJSON:tearDownClass): 200 GET http://10.180.1.21:9696/networking/v2.0/security-groups?tenant_id=4189116397c84e93a1ff148e3d63486a&name=default 0.292s
2025-02-19 17:14:28.727 63008 INFO tempest.lib.common.rest_client [req-71712fb0-d322-4c45-a130-3436b8642439 req-71712fb0-d322-4c45-a130-3436b8642439 ] Request (ServerDiagnosticsNegativeTest:test_get_server_diagnostics_by_non_admin): 202 POST http://10.180.1.21/compute/v2.1/servers 2.150s
2025-02-19 17:14:28.729 63007 INFO tempest.lib.common.rest_client [req-65107ba2-0d3c-4608-96ec-1f375432feee req-65107ba2-0d3c-4608-96ec-1f375432feee ] Request (FloatingIPDetailsNegativeTestJSON:tearDownClass): 204 DELETE http://10.180.1.21/identity/v3/users/2c816d6c3a084a359aa56bc2ad0e5df8 0.099s
2025-02-19 17:14:28.729 63007 INFO tempest.lib.common.dynamic_creds [-] Deleting project and security group for project: f21e822eccce42469cdbd03e978873aa
2025-02-19 17:14:28.750 63016 INFO tempest.lib.common.rest_client [req-ae6366aa-f057-4735-9cd3-af915a0e1760 req-ae6366aa-f057-4735-9cd3-af915a0e1760 ] Request (ServicesAdminNegativeV253TestJSON:test_disable_service_with_invalid_service_id): 404 PUT http://10.180.1.21/compute/v2.1/os-services/a5ca2032-ab39-4fe1-9b0c-6ee971919044 1.420s
2025-02-19 17:14:28.758 63018 INFO tempest.lib.common.rest_client [req-b8221f1a-edf2-4f23-8940-b07dcd75a509 req-b8221f1a-edf2-4f23-8940-b07dcd75a509 ] Request (FloatingIPsTestJSON:test_allocate_floating_ip): 200 GET http://10.180.1.21/compute/v2.1/os-floating-ips/e6e8f1a8-4d16-48e8-85f9-3ab46435d42b 1.442s
2025-02-19 17:14:28.773 63007 INFO tempest.lib.common.rest_client [req-d3aa36d3-7694-49f4-a9c6-f43b6e94e712 req-d3aa36d3-7694-49f4-a9c6-f43b6e94e712 ] Request (FloatingIPDetailsNegativeTestJSON:tearDownClass): 200 GET http://10.180.1.21:9696/networking/v2.0/security-groups?tenant_id=f21e822eccce42469cdbd03e978873aa&name=default 0.044s
2025-02-19 17:14:28.811 62994 INFO tempest.lib.common.rest_client [req-25fbb726-79da-4cca-9c41-4b190d1f0cd8 req-25fbb726-79da-4cca-9c41-4b190d1f0cd8 ] Request (ImagesMetadataTestJSON:setUpClass): 200 GET http://10.180.1.21/compute/v2.1/images/056a736b-74eb-46d4-8509-9ada7f19fde3 1.411s
2025-02-19 17:14:28.864 63007 INFO tempest.lib.common.rest_client [req-eeabd186-ef21-433f-9af6-80d57b51d787 req-eeabd186-ef21-433f-9af6-80d57b51d787 ] Request (FloatingIPDetailsNegativeTestJSON:tearDownClass): 204 DELETE http://10.180.1.21:9696/networking/v2.0/security-groups/ebc241d1-5fab-4cc6-a595-f7eaa1d53a0a 0.090s
2025-02-19 17:14:28.973 63007 INFO tempest.lib.common.rest_client [req-cdb74a3f-3b19-4406-9275-3718e5cc415c req-cdb74a3f-3b19-4406-9275-3718e5cc415c ] Request (FloatingIPDetailsNegativeTestJSON:tearDownClass): 204 DELETE http://10.180.1.21/identity/v3/projects/f21e822eccce42469cdbd03e978873aa 0.108s
2025-02-19 17:14:28.984 63022 INFO tempest.lib.common.rest_client [req-a211d3b3-5af0-4e8e-b203-97df0b37229a req-a211d3b3-5af0-4e8e-b203-97df0b37229a ] Request (QuotasAdminTestJSON:test_delete_quota): 200 PUT http://10.180.1.21/compute/v2.1/os-quota-sets/b90d0a016e5240bf9f3949e15bd738ca 1.552s
2025-02-19 17:14:28.991 63038 INFO tempest.lib.common.rest_client [req-50a91102-b3df-4dfe-9b41-a3fd17efd3ea req-50a91102-b3df-4dfe-9b41-a3fd17efd3ea ] Request (FlavorsExtraSpecsNegativeTestJSON:test_flavor_non_admin_set_keys): 403 POST http://10.180.1.21/compute/v2.1/flavors/1722596126/os-extra_specs 1.487s
2025-02-19 17:14:29.027 63012 INFO tempest.lib.common.rest_client [req-b7e84058-b8bf-48f2-bc59-f0d79b8816f2 req-b7e84058-b8bf-48f2-bc59-f0d79b8816f2 ] Request (FlavorsV255TestJSON:test_crud_flavor): 200 PUT http://10.180.1.21/compute/v2.1/flavors/760449064 1.455s
2025-02-19 17:14:29.053 63007 INFO tempest.lib.common.rest_client [req-da69e7d2-2307-4c2f-8d9d-48083b16a472 req-da69e7d2-2307-4c2f-8d9d-48083b16a472 ] Request (ServerDiskConfigTestJSON:setUpClass): 201 POST http://10.180.1.21/identity/v3/auth/tokens 0.078s
2025-02-19 17:14:29.091 62982 INFO tempest.lib.common.rest_client [req-d5e89ac2-f4bb-401b-9edc-d2064fcbea7c req-d5e89ac2-f4bb-401b-9edc-d2064fcbea7c ] Request (ServerDiagnosticsTest:test_get_server_diagnostics): 200 GET http://10.180.1.21/compute/v2.1/servers/8697fd7b-0496-49bd-9a4f-53a8fec50172 1.465s
2025-02-19 17:14:29.096 63007 INFO tempest.lib.common.rest_client [req-08b089c6-735c-47f7-b8a3-4317abad9f4e req-08b089c6-735c-47f7-b8a3-4317abad9f4e ] Request (ServerDiskConfigTestJSON:setUpClass): 201 POST http://10.180.1.21/identity/v3/auth/tokens 0.040s
2025-02-19 17:14:29.127 63007 INFO tempest.lib.common.rest_client [req-8f4f5b31-b69c-4356-9389-c3cdbf87b873 req-8f4f5b31-b69c-4356-9389-c3cdbf87b873 ] Request (ServerDiskConfigTestJSON:setUpClass): 200 GET http://10.180.1.21/identity/v3/domains?name=Default 0.030s
2025-02-19 17:14:29.131 63030 INFO tempest.lib.common.rest_client [req-8773f537-965f-4f9c-be58-3458cfcefa08 req-8773f537-965f-4f9c-be58-3458cfcefa08 ] Request (AZAdminV2TestJSON:tearDownClass): 204 DELETE http://10.180.1.21:9696/networking/v2.0/security-groups/03c6cf0f-d8ad-467d-9016-fab094082fa4 0.411s
2025-02-19 17:14:29.156 63007 INFO tempest.lib.common.rest_client [req-076e676c-052a-4c2b-a599-7dd4b114f029 req-076e676c-052a-4c2b-a599-7dd4b114f029 ] Request (ServerDiskConfigTestJSON:setUpClass): 201 POST http://10.180.1.21/identity/v3/projects 0.029s
2025-02-19 17:14:29.175 63004 INFO tempest.lib.common.rest_client [req-fd4fba09-dd56-4471-9e59-a90a8471399c req-fd4fba09-dd56-4471-9e59-a90a8471399c ] Request (DeleteServersAdminTestJSON:test_admin_delete_servers_of_others): 200 GET http://10.180.1.21/compute/v2.1/servers/4310fc19-c9b7-4515-be80-20fb13e18eef 1.828s
2025-02-19 17:14:29.202 62992 INFO tempest.lib.common.rest_client [req-359cb88a-44c2-420b-a71e-8e176a5dfb71 req-359cb88a-44c2-420b-a71e-8e176a5dfb71 ] Request (ServersAdminTestJSON:setUpClass): 201 POST http://10.180.1.21:9696/networking/v2.0/networks 0.942s
2025-02-19 17:14:29.250 63030 INFO tempest.lib.common.rest_client [req-184f224b-0bb2-45fe-9e85-237ddc21b2a3 req-184f224b-0bb2-45fe-9e85-237ddc21b2a3 ] Request (AZAdminV2TestJSON:tearDownClass): 204 DELETE http://10.180.1.21/identity/v3/projects/4189116397c84e93a1ff148e3d63486a 0.118s
2025-02-19 17:14:29.250 63030 INFO tempest.lib.common.dynamic_creds [-] Deleting project and security group for project: 36d338cfb2834763a86d977e64cfb9b8
2025-02-19 17:14:29.284 62984 INFO tempest.lib.common.rest_client [req-2b932157-ca67-489b-9126-6272612522d2 req-2b932157-ca67-489b-9126-6272612522d2 ] Request (FlavorsAccessNegativeTestJSON:test_add_flavor_access_duplicate): 200 POST http://10.180.1.21/compute/v2.1/flavors/1434437419/action 1.634s
2025-02-19 17:14:29.304 63010 INFO tempest.lib.common.rest_client [req-d325f6fa-502b-444e-b46e-649a1e2e57e5 req-d325f6fa-502b-444e-b46e-649a1e2e57e5 ] Request (HypervisorAdminTestJSON:test_get_hypervisor_show_details): 200 GET http://10.180.1.21/compute/v2.1/os-hypervisors 1.572s
2025-02-19 17:14:29.316 63007 INFO tempest.lib.common.rest_client [req-f8a51e3d-bebc-4270-9acc-b3058ed44b21 req-f8a51e3d-bebc-4270-9acc-b3058ed44b21 ] Request (ServerDiskConfigTestJSON:setUpClass): 201 POST http://10.180.1.21/identity/v3/users 0.159s
2025-02-19 17:14:29.318 62988 INFO tempest.lib.common.rest_client [req-4161c369-7254-4b2e-92bf-b88e60ba21df req-4161c369-7254-4b2e-92bf-b88e60ba21df ] Request (AggregatesAdminNegativeTestJSON:_run_cleanups): 200 POST http://10.180.1.21/compute/v2.1/os-aggregates/1/action 1.620s
2025-02-19 17:14:29.335 62986 INFO tempest.lib.common.rest_client [req-3c0f3aa9-3a76-4517-90d1-86422050655f req-3c0f3aa9-3a76-4517-90d1-86422050655f ] Request (KeyPairsNegativeTestJSON:test_create_keypair_when_public_key_bits_exceeds_maximum): 400 POST http://10.180.1.21/compute/v2.1/os-keypairs 1.532s
2025-02-19 17:14:29.343 63028 INFO tempest.lib.common.rest_client [req-4273c679-7d7b-4a4a-a8fb-bfb02f9f707a req-4273c679-7d7b-4a4a-a8fb-bfb02f9f707a ] Request (ServicesAdminTestJSON:test_list_services): 200 GET http://10.180.1.21/compute/v2.1/os-services 1.505s
2025-02-19 17:14:29.344 63007 INFO tempest.lib.common.rest_client [req-44c99c1b-7ce4-4457-b496-b6274c1e86de req-44c99c1b-7ce4-4457-b496-b6274c1e86de ] Request (ServerDiskConfigTestJSON:setUpClass): 200 GET http://10.180.1.21/identity/v3/roles 0.027s
2025-02-19 17:14:29.350 63024 INFO tempest.lib.common.rest_client [req-2a3dbb53-9a92-4235-aaf9-84d7d0801233 req-2a3dbb53-9a92-4235-aaf9-84d7d0801233 ] Request (InstanceUsageAuditLogNegativeTestJSON:test_instance_usage_audit_logs_with_nonadmin_user): 403 GET http://10.180.1.21/compute/v2.1/os-instance_usage_audit_log/2025-02-19%2017%3A14%3A27 1.454s
2025-02-19 17:14:29.373 63000 INFO tempest.lib.common.rest_client [req-c228ba4b-e5a2-4b80-a3e0-30721cc5d98e req-c228ba4b-e5a2-4b80-a3e0-30721cc5d98e ] Request (HypervisorAdminUnderV252Test:test_search_hypervisor): 200 GET http://10.180.1.21/compute/v2.1/os-hypervisors 1.472s
2025-02-19 17:14:29.380 63007 INFO tempest.lib.common.rest_client [req-865aaa7f-ab96-48ba-93f9-940f66ff98b0 req-865aaa7f-ab96-48ba-93f9-940f66ff98b0 ] Request (ServerDiskConfigTestJSON:setUpClass): 204 PUT http://10.180.1.21/identity/v3/projects/bd53abef93fd42d3b2f4b06e4606b125/users/b4455499d46b4440afe04cf87c9d9d4b/roles/fa732f6e71ba4a5aad02c3f890731b6a 0.035s
2025-02-19 17:14:29.380 63007 INFO tempest.lib.common.dynamic_creds [-] Dynamic test user b4455499d46b4440afe04cf87c9d9d4b is created with scope project and roles: ['member']
2025-02-19 17:14:29.380 63007 INFO tempest.lib.common.dynamic_creds [-] Acquired dynamic creds: credentials: Credentials: {'domain_id': 'default', 'domain_name': 'Default', 'username': 'tempest-ServerDiskConfigTestJSON-961407394-project-member', 'project_domain_id': 'default', 'project_domain_name': 'Default', 'project_id': 'bd53abef93fd42d3b2f4b06e4606b125', 'project_name': 'tempest-ServerDiskConfigTestJSON-961407394', 'tenant_id': 'bd53abef93fd42d3b2f4b06e4606b125', 'tenant_name': 'tempest-ServerDiskConfigTestJSON-961407394', 'user_domain_id': 'default', 'user_domain_name': 'Default', 'user_id': 'b4455499d46b4440afe04cf87c9d9d4b', 'system': None}, Network: None, Subnet: None, Router: None
2025-02-19 17:14:29.399 62992 INFO tempest.lib.common.rest_client [req-5d37db7f-8455-41ad-8622-f0e7005b79ed req-5d37db7f-8455-41ad-8622-f0e7005b79ed ] Request (ServersAdminTestJSON:setUpClass): 201 POST http://10.180.1.21:9696/networking/v2.0/subnets 0.197s
2025-02-19 17:14:29.481 63028 INFO tempest.lib.common.rest_client [req-a5bf0dd6-aa80-4720-b68b-812574080942 req-a5bf0dd6-aa80-4720-b68b-812574080942 ] Request (ServicesAdminTestJSON:tearDownClass): 204 DELETE http://10.180.1.21/identity/v3/users/77801ba6af6d4c77be69475786ad31b1 0.132s
2025-02-19 17:14:29.540 63007 INFO tempest.lib.common.rest_client [req-46dae120-da2a-49f5-8b19-071331628a0d req-46dae120-da2a-49f5-8b19-071331628a0d ] Request (ServerDiskConfigTestJSON:setUpClass): 201 POST http://10.180.1.21/identity/v3/auth/tokens 0.159s
2025-02-19 17:14:29.566 63024 INFO tempest.lib.common.rest_client [req-9b0d40e5-a71c-40e1-b699-8324c19721de req-9b0d40e5-a71c-40e1-b699-8324c19721de ] Request (InstanceUsageAuditLogNegativeTestJSON:tearDownClass): 204 DELETE http://10.180.1.21/identity/v3/users/1a621222dbfd46d184a5341b2362163a 0.215s
2025-02-19 17:14:29.632 63028 INFO tempest.lib.common.rest_client [req-8f2b11c6-153c-47fe-b931-2c67021d9a16 req-8f2b11c6-153c-47fe-b931-2c67021d9a16 ] Request (ServicesAdminTestJSON:tearDownClass): 204 DELETE http://10.180.1.21/identity/v3/users/8daf4463a5c14ef7800bb938df58015d 0.150s
2025-02-19 17:14:29.634 63028 INFO tempest.lib.common.dynamic_creds [-] Deleting project and security group for project: e843428e01c941528c07db6eea5fa110
2025-02-19 17:14:29.682 63036 INFO tempest.lib.common.rest_client [req-f120ad65-a0ef-410e-8d6f-5864996a30ef req-f120ad65-a0ef-410e-8d6f-5864996a30ef ] Request (QuotasAdminNegativeTest:test_create_server_when_cpu_quota_is_full): 403 POST http://10.180.1.21/compute/v2.1/servers 1.814s
2025-02-19 17:14:29.690 63028 INFO tempest.lib.common.rest_client [req-4c8895c5-e58c-4bd2-ac7a-b94e8c826a0c req-4c8895c5-e58c-4bd2-ac7a-b94e8c826a0c ] Request (ServicesAdminTestJSON:tearDownClass): 201 POST http://10.180.1.21/identity/v3/auth/tokens 0.055s
2025-02-19 17:14:29.691 63042 INFO tempest.lib.common.rest_client [req-e456788f-fe8b-4d3a-ba3d-5fa3fdd2d241 req-e456788f-fe8b-4d3a-ba3d-5fa3fdd2d241 ] Request (KeyPairsV210TestJSON:test_admin_manage_keypairs_for_other_users): 200 GET http://10.180.1.21/compute/v2.1/os-keypairs/tempest-keypair-1678053535?user_id=b832f61da54d41cf8f73f7cd0c0dfbb8 1.585s
2025-02-19 17:14:29.716 63045 INFO tempest.lib.common.rest_client [req-e2be9eaa-4676-40aa-ae4d-3c813d1b00af req-e2be9eaa-4676-40aa-ae4d-3c813d1b00af ] Request (HypervisorAdminV253TestBase:test_list_show_detail_hypervisors): 200 GET http://10.180.1.21/compute/v2.1/os-hypervisors/2b9ee314-cfa3-4107-ad39-93733afc044a 1.544s
2025-02-19 17:14:29.723 63024 INFO tempest.lib.common.rest_client [req-fd63fa8e-e3dc-4970-9e58-c769faf9c8ce req-fd63fa8e-e3dc-4970-9e58-c769faf9c8ce ] Request (InstanceUsageAuditLogNegativeTestJSON:tearDownClass): 204 DELETE http://10.180.1.21/identity/v3/users/80a231af0b4c4c1a886586ef3e3f95b3 0.156s
2025-02-19 17:14:29.723 63024 INFO tempest.lib.common.dynamic_creds [-] Deleting project and security group for project: 76b43ad81f554db3bdf6369703e99a4a
2025-02-19 17:14:29.731 63030 INFO tempest.lib.common.rest_client [req-849aa23b-ae4e-4de3-91bc-b106aea42b65 req-849aa23b-ae4e-4de3-91bc-b106aea42b65 ] Request (AZAdminV2TestJSON:tearDownClass): 200 GET http://10.180.1.21:9696/networking/v2.0/security-groups?tenant_id=36d338cfb2834763a86d977e64cfb9b8&name=default 0.481s
2025-02-19 17:14:29.771 63026 INFO tempest.lib.common.rest_client [req-a857c6f4-fd45-44d4-a5a1-53278f71e6ee req-a857c6f4-fd45-44d4-a5a1-53278f71e6ee ] Request (MigrationsAdminTest:test_list_migrations_in_flavor_resize_situation): 200 GET http://10.180.1.21/compute/v2.1/servers/3afea66f-7d69-4d19-9a8e-2744aa2ce954 1.827s
2025-02-19 17:14:29.798 63040 INFO tempest.lib.common.rest_client [req-d28a1d1f-f2e9-468c-8b9e-143af15d6e7b req-d28a1d1f-f2e9-468c-8b9e-143af15d6e7b ] Request (FlavorsAccessTestJSON:test_flavor_access_add_remove): 200 GET http://10.180.1.21/compute/v2.1/flavors/detail 1.203s
2025-02-19 17:14:29.836 63024 INFO tempest.lib.common.rest_client [req-2f9b4a42-5b6b-4370-bb79-f7a4a5087a08 req-2f9b4a42-5b6b-4370-bb79-f7a4a5087a08 ] Request (InstanceUsageAuditLogNegativeTestJSON:tearDownClass): 201 POST http://10.180.1.21/identity/v3/auth/tokens 0.112s
2025-02-19 17:14:29.886 63045 INFO tempest.lib.common.rest_client [req-561d7732-4ab4-4fa3-87a8-0cd24eda399f req-561d7732-4ab4-4fa3-87a8-0cd24eda399f ] Request (HypervisorAdminV253TestBase:tearDownClass): 204 DELETE http://10.180.1.21/identity/v3/users/dfd2562de5d147488448ba95953105af 0.159s
2025-02-19 17:14:29.902 63020 INFO tempest.lib.common.rest_client [req-ea6f295f-bb3d-4b0c-abb3-2818a1c336e9 req-ea6f295f-bb3d-4b0c-abb3-2818a1c336e9 ] Request (FlavorsExtraSpecsTestJSON:test_flavor_non_admin_get_all_keys): 200 GET http://10.180.1.21/compute/v2.1/flavors/1214158702/os-extra_specs 1.278s
2025-02-19 17:14:29.980 63030 INFO tempest.lib.common.rest_client [req-06944c12-032d-472e-81d2-bae5db63a9b4 req-06944c12-032d-472e-81d2-bae5db63a9b4 ] Request (AZAdminV2TestJSON:tearDownClass): 204 DELETE http://10.180.1.21:9696/networking/v2.0/security-groups/7fc45e3e-b059-4f46-9c54-c0fa4de10d2b 0.248s
2025-02-19 17:14:29.994 63045 INFO tempest.lib.common.rest_client [req-a05906d0-1223-4141-979f-00f3364e315c req-a05906d0-1223-4141-979f-00f3364e315c ] Request (HypervisorAdminV253TestBase:tearDownClass): 204 DELETE http://10.180.1.21/identity/v3/users/91926d3b09e941e395ae4a09e2e51e87 0.107s
2025-02-19 17:14:29.994 63045 INFO tempest.lib.common.dynamic_creds [-] Deleting project and security group for project: 9f2f6df87d3945d293bdd2cff4026305
2025-02-19 17:14:30.015 63008 INFO tempest.lib.common.rest_client [req-0fff1fb2-aa89-44eb-bd84-ddd28e15a7f2 req-0fff1fb2-aa89-44eb-bd84-ddd28e15a7f2 ] Request (ServerDiagnosticsNegativeTest:test_get_server_diagnostics_by_non_admin): 200 GET http://10.180.1.21/compute/v2.1/servers/f76f7c8e-1f56-49eb-8631-2081781daafa 1.286s
2025-02-19 17:14:30.040 63016 INFO tempest.lib.common.rest_client [req-8bbf0987-9174-4fc7-b7df-19d72559c4eb req-8bbf0987-9174-4fc7-b7df-19d72559c4eb ] Request (ServicesAdminNegativeV253TestJSON:test_enable_service_with_invalid_service_id): 404 PUT http://10.180.1.21/compute/v2.1/os-services/a5ca2032-ab39-4fe1-9b0c-6ee971919044 1.287s
2025-02-19 17:14:30.070 63045 INFO tempest.lib.common.rest_client [req-1e0321f2-a8c0-4b50-916a-48a856420eef req-1e0321f2-a8c0-4b50-916a-48a856420eef ] Request (HypervisorAdminV253TestBase:tearDownClass): 201 POST http://10.180.1.21/identity/v3/auth/tokens 0.075s
2025-02-19 17:14:30.159 63007 INFO tempest.lib.common.rest_client [req-53e32ef6-3b94-45ee-8425-4d3b9df7de88 req-53e32ef6-3b94-45ee-8425-4d3b9df7de88 ] Request (ServerDiskConfigTestJSON:setUpClass): 201 POST http://10.180.1.21:9696/networking/v2.0/networks 0.619s
2025-02-19 17:14:30.208 63028 INFO tempest.lib.common.rest_client [req-508c12c8-e42e-42b8-a511-858aa794a367 req-508c12c8-e42e-42b8-a511-858aa794a367 ] Request (ServicesAdminTestJSON:tearDownClass): 200 GET http://10.180.1.21:9696/networking/v2.0/security-groups?tenant_id=e843428e01c941528c07db6eea5fa110&name=default 0.516s
2025-02-19 17:14:30.238 63030 INFO tempest.lib.common.rest_client [req-3e85de76-4922-449c-bd19-994ce5baa484 req-3e85de76-4922-449c-bd19-994ce5baa484 ] Request (AZAdminV2TestJSON:tearDownClass): 204 DELETE http://10.180.1.21/identity/v3/projects/36d338cfb2834763a86d977e64cfb9b8 0.257s
2025-02-19 17:14:30.276 63030 INFO tempest.lib.common.rest_client [req-4360045c-6754-4990-8a32-3e17aa33c1b9 req-4360045c-6754-4990-8a32-3e17aa33c1b9 ] Request (HostsAdminNegativeTestJSON:setUpClass): 201 POST http://10.180.1.21/identity/v3/auth/tokens 0.034s
2025-02-19 17:14:30.307 63030 INFO tempest.lib.common.rest_client [req-5881845b-be14-421c-9756-0f98c8c324bf req-5881845b-be14-421c-9756-0f98c8c324bf ] Request (HostsAdminNegativeTestJSON:setUpClass): 201 POST http://10.180.1.21/identity/v3/auth/tokens 0.029s
2025-02-19 17:14:30.333 63030 INFO tempest.lib.common.rest_client [req-0dda4ae2-df5e-4120-8391-bc57ab536187 req-0dda4ae2-df5e-4120-8391-bc57ab536187 ] Request (HostsAdminNegativeTestJSON:setUpClass): 200 GET http://10.180.1.21/identity/v3/domains?name=Default 0.025s
2025-02-19 17:14:30.364 63018 INFO tempest.lib.common.rest_client [req-7e48ed5f-aeaf-40b4-8a42-f4b556062faa req-7e48ed5f-aeaf-40b4-8a42-f4b556062faa ] Request (FloatingIPsTestJSON:test_allocate_floating_ip): 200 GET http://10.180.1.21/compute/v2.1/os-floating-ips 1.604s
2025-02-19 17:14:30.368 63030 INFO tempest.lib.common.rest_client [req-1ebd6823-0352-428b-850d-876485a6d9ed req-1ebd6823-0352-428b-850d-876485a6d9ed ] Request (HostsAdminNegativeTestJSON:setUpClass): 201 POST http://10.180.1.21/identity/v3/projects 0.035s
2025-02-19 17:14:30.397 63024 INFO tempest.lib.common.rest_client [req-6efdb649-b0e3-4929-a0fd-ed550ffd0702 req-6efdb649-b0e3-4929-a0fd-ed550ffd0702 ] Request (InstanceUsageAuditLogNegativeTestJSON:tearDownClass): 200 GET http://10.180.1.21:9696/networking/v2.0/security-groups?tenant_id=76b43ad81f554db3bdf6369703e99a4a&name=default 0.561s
2025-02-19 17:14:30.432 63030 INFO tempest.lib.common.rest_client [req-6e0c7255-bfa9-4d50-9188-301c1fd557fc req-6e0c7255-bfa9-4d50-9188-301c1fd557fc ] Request (HostsAdminNegativeTestJSON:setUpClass): 201 POST http://10.180.1.21/identity/v3/users 0.063s
2025-02-19 17:14:30.439 63032 INFO tempest.lib.common.rest_client [req-bb7b7ae4-e4e0-41e7-a712-9e3c9b3aee11 req-bb7b7ae4-e4e0-41e7-a712-9e3c9b3aee11 ] Request (ServersV294TestFqdnHostnames:setUpClass): 201 POST http://10.180.1.21:9696/networking/v2.0/routers 2.316s
2025-02-19 17:14:30.459 63030 INFO tempest.lib.common.rest_client [req-d8006782-e81b-4684-8f53-26b5829d06a2 req-d8006782-e81b-4684-8f53-26b5829d06a2 ] Request (HostsAdminNegativeTestJSON:setUpClass): 200 GET http://10.180.1.21/identity/v3/roles 0.026s
2025-02-19 17:14:30.497 63030 INFO tempest.lib.common.rest_client [req-cf3abea6-3268-4079-8ad3-1bed19591b44 req-cf3abea6-3268-4079-8ad3-1bed19591b44 ] Request (HostsAdminNegativeTestJSON:setUpClass): 204 PUT http://10.180.1.21/identity/v3/projects/94ee8983602d41d3a5897d5d1f11a0d7/users/1ff2dcfccea84f02b2540f5e332dfe3b/roles/fa732f6e71ba4a5aad02c3f890731b6a 0.037s
2025-02-19 17:14:30.497 63030 INFO tempest.lib.common.dynamic_creds [-] Dynamic test user 1ff2dcfccea84f02b2540f5e332dfe3b is created with scope project and roles: ['member']
2025-02-19 17:14:30.497 63030 INFO tempest.lib.common.dynamic_creds [-] Acquired dynamic creds: credentials: Credentials: {'domain_id': 'default', 'domain_name': 'Default', 'username': 'tempest-HostsAdminNegativeTestJSON-1798869281-project-member', 'project_domain_id': 'default', 'project_domain_name': 'Default', 'project_id': '94ee8983602d41d3a5897d5d1f11a0d7', 'project_name': 'tempest-HostsAdminNegativeTestJSON-1798869281', 'tenant_id': '94ee8983602d41d3a5897d5d1f11a0d7', 'tenant_name': 'tempest-HostsAdminNegativeTestJSON-1798869281', 'user_domain_id': 'default', 'user_domain_name': 'Default', 'user_id': '1ff2dcfccea84f02b2540f5e332dfe3b', 'system': None}, Network: None, Subnet: None, Router: None
2025-02-19 17:14:30.497 63030 INFO tempest.lib.common.dynamic_creds [-] Created isolated network resources for: credentials: Credentials: {'domain_id': 'default', 'domain_name': 'Default', 'username': 'tempest-HostsAdminNegativeTestJSON-1798869281-project-member', 'project_domain_id': 'default', 'project_domain_name': 'Default', 'project_id': '94ee8983602d41d3a5897d5d1f11a0d7', 'project_name': 'tempest-HostsAdminNegativeTestJSON-1798869281', 'tenant_id': '94ee8983602d41d3a5897d5d1f11a0d7', 'tenant_name': 'tempest-HostsAdminNegativeTestJSON-1798869281', 'user_domain_id': 'default', 'user_domain_name': 'Default', 'user_id': '1ff2dcfccea84f02b2540f5e332dfe3b', 'system': None}, Network: None, Subnet: None, Router: None
2025-02-19 17:14:30.510 63028 INFO tempest.lib.common.rest_client [req-75b3e473-a932-414a-9cf0-7c93f0ca1cb4 req-75b3e473-a932-414a-9cf0-7c93f0ca1cb4 ] Request (ServicesAdminTestJSON:tearDownClass): 204 DELETE http://10.180.1.21:9696/networking/v2.0/security-groups/519b0e3c-dd3f-4315-ab64-3024fa07aec4 0.302s
2025-02-19 17:14:30.579 63030 INFO tempest.lib.common.rest_client [req-c34929a9-e22e-4206-86b9-07be6c3cf903 req-c34929a9-e22e-4206-86b9-07be6c3cf903 ] Request (HostsAdminNegativeTestJSON:setUpClass): 201 POST http://10.180.1.21/identity/v3/auth/tokens 0.076s
2025-02-19 17:14:30.586 63045 INFO tempest.lib.common.rest_client [req-3b19160f-7967-47bb-92e9-4b2a83b66a92 req-3b19160f-7967-47bb-92e9-4b2a83b66a92 ] Request (HypervisorAdminV253TestBase:tearDownClass): 200 GET http://10.180.1.21:9696/networking/v2.0/security-groups?tenant_id=9f2f6df87d3945d293bdd2cff4026305&name=default 0.515s
2025-02-19 17:14:30.612 63028 INFO tempest.lib.common.rest_client [req-ebce1a55-105c-492e-89a6-00ac3845781c req-ebce1a55-105c-492e-89a6-00ac3845781c ] Request (ServicesAdminTestJSON:tearDownClass): 204 DELETE http://10.180.1.21/identity/v3/projects/e843428e01c941528c07db6eea5fa110 0.102s
2025-02-19 17:14:30.613 63028 INFO tempest.lib.common.dynamic_creds [-] Deleting project and security group for project: c95dc49e17b04e90bcbf7e0fd9725826
2025-02-19 17:14:30.614 63030 INFO tempest.lib.common.rest_client [req-3abda962-5bf2-4eda-8831-e8fe09d30010 req-3abda962-5bf2-4eda-8831-e8fe09d30010 ] Request (HostsAdminNegativeTestJSON:setUpClass): 201 POST http://10.180.1.21/identity/v3/projects 0.035s
2025-02-19 17:14:30.632 62994 INFO tempest.lib.common.rest_client [req-3d584399-b94c-49e7-8929-a05f33463817 req-3d584399-b94c-49e7-8929-a05f33463817 ] Request (ImagesMetadataTestJSON:setUp): 200 PUT http://10.180.1.21/compute/v2.1/images/056a736b-74eb-46d4-8509-9ada7f19fde3/metadata 1.816s
2025-02-19 17:14:30.644 63022 INFO tempest.lib.common.rest_client [req-cbc1a1d3-1a02-40db-82ad-35a7842ce0b9 req-cbc1a1d3-1a02-40db-82ad-35a7842ce0b9 ] Request (QuotasAdminTestJSON:test_delete_quota): 202 DELETE http://10.180.1.21/compute/v2.1/os-quota-sets/b90d0a016e5240bf9f3949e15bd738ca 1.658s
2025-02-19 17:14:30.657 63024 INFO tempest.lib.common.rest_client [req-a4b2c981-3e51-4ee9-a8fc-36133d2b6a80 req-a4b2c981-3e51-4ee9-a8fc-36133d2b6a80 ] Request (InstanceUsageAuditLogNegativeTestJSON:tearDownClass): 204 DELETE http://10.180.1.21:9696/networking/v2.0/security-groups/b6785390-8d07-4f3d-a01f-322d5af9466a 0.259s
2025-02-19 17:14:30.670 63038 INFO tempest.lib.common.rest_client [req-57536610-84cb-4bac-a5a8-bcbde71922e9 req-57536610-84cb-4bac-a5a8-bcbde71922e9 ] Request (FlavorsExtraSpecsNegativeTestJSON:test_flavor_non_admin_unset_keys): 200 POST http://10.180.1.21/compute/v2.1/flavors/1722596126/os-extra_specs 1.677s
2025-02-19 17:14:30.687 62990 INFO tempest.lib.common.rest_client [req-00d95a4c-00cc-4197-932a-701211d7ea5a req-00d95a4c-00cc-4197-932a-701211d7ea5a ] Request (ServersWithSpecificFlavorTestJSON:setUpClass): 200 PUT http://10.180.1.21:9696/networking/v2.0/routers/3d9d601c-6dad-4a30-ab8a-1eab0bff3dc7/add_router_interface 3.536s
2025-02-19 17:14:30.688 62990 INFO tempest.lib.common.dynamic_creds [-] Created isolated network resources for: credentials: Credentials: {'domain_id': 'default', 'domain_name': 'Default', 'username': 'tempest-ServersWithSpecificFlavorTestJSON-436546565-project-admin', 'project_domain_id': 'default', 'project_domain_name': 'Default', 'project_id': 'c8efe258a0f74d1283a28e0d296b945d', 'project_name': 'tempest-ServersWithSpecificFlavorTestJSON-436546565', 'tenant_id': 'c8efe258a0f74d1283a28e0d296b945d', 'tenant_name': 'tempest-ServersWithSpecificFlavorTestJSON-436546565', 'user_domain_id': 'default', 'user_domain_name': 'Default', 'user_id': 'eea79fea514d420c9ff39faa63e2b3b5', 'system': None}, Network: {'id': '8a7af085-5ada-4c9f-8b14-4175b86f8249', 'name': 'tempest-ServersWithSpecificFlavorTestJSON-1606589040-network', 'tenant_id': 'c8efe258a0f74d1283a28e0d296b945d', 'admin_state_up': True, 'mtu': 8950, 'status': 'ACTIVE', 'subnets': [], 'shared': False, 'project_id': 'c8efe258a0f74d1283a28e0d296b945d', 'port_security_enabled': True, 'router:external': False, 'provider:network_type': 'vlan', 'provider:physical_network': 'default', 'provider:segmentation_id': 304, 'availability_zone_hints': [], 'availability_zones': [], 'ipv4_address_scope': None, 'ipv6_address_scope': None, 'description': '', 'tags': [], 'created_at': '2025-02-19T17:14:24Z', 'updated_at': '2025-02-19T17:14:24Z', 'revision_number': 1}, Subnet: {'id': '17eab188-fd52-4500-9ecc-bb1dab80966a', 'name': 'tempest-ServersWithSpecificFlavorTestJSON-1606589040-subnet', 'tenant_id': 'c8efe258a0f74d1283a28e0d296b945d', 'network_id': '8a7af085-5ada-4c9f-8b14-4175b86f8249', 'ip_version': 4, 'subnetpool_id': None, 'enable_dhcp': True, 'ipv6_ra_mode': None, 'ipv6_address_mode': None, 'gateway_ip': '192.168.128.1', 'cidr': '192.168.128.0/28', 'allocation_pools': [{'start': '192.168.128.2', 'end': '192.168.128.14'}], 'host_routes': [], 'dns_nameservers': [], 'description': '', 'router:external': False, 'service_types': [], 'tags': [], 'created_at': '2025-02-19T17:14:24Z', 'updated_at': '2025-02-19T17:14:24Z', 'revision_number': 0, 'project_id': 'c8efe258a0f74d1283a28e0d296b945d'}, Router: {'id': '3d9d601c-6dad-4a30-ab8a-1eab0bff3dc7', 'name': 'tempest-ServersWithSpecificFlavorTestJSON-1606589040-router', 'tenant_id': 'c8efe258a0f74d1283a28e0d296b945d', 'admin_state_up': True, 'status': 'ACTIVE', 'external_gateway_info': {'network_id': '031843f4-e438-4ec4-9c61-7ec09137ceb8', 'external_fixed_ips': [{'subnet_id': 'c4a9eda5-697d-4baa-b193-fe85fcc39f29', 'ip_address': '10.180.180.131'}], 'enable_snat': True}, 'description': '', 'availability_zones': [], 'distributed': False, 'ha': False, 'availability_zone_hints': [], 'routes': [], 'flavor_id': None, 'tags': [], 'created_at': '2025-02-19T17:14:25Z', 'updated_at': '2025-02-19T17:14:26Z', 'revision_number': 2, 'project_id': 'c8efe258a0f74d1283a28e0d296b945d'}
2025-02-19 17:14:30.697 63014 INFO tempest.lib.common.rest_client [req-8fa4953a-cc71-4d91-ab90-2c540197d9d6 req-8fa4953a-cc71-4d91-ab90-2c540197d9d6 ] Request (VolumesAssistedSnapshotsTest:setUpClass): 200 PUT http://10.180.1.21:9696/networking/v2.0/routers/6233d172-4bbf-4022-864d-3973bb507060/add_router_interface 3.526s
2025-02-19 17:14:30.697 63014 INFO tempest.lib.common.dynamic_creds [-] Created isolated network resources for: credentials: Credentials: {'domain_id': 'default', 'domain_name': 'Default', 'username': 'tempest-VolumesAssistedSnapshotsTest-1093019783-project-admin', 'project_domain_id': 'default', 'project_domain_name': 'Default', 'project_id': '696e975848594dccb902f76018b9aeb3', 'project_name': 'tempest-VolumesAssistedSnapshotsTest-1093019783', 'tenant_id': '696e975848594dccb902f76018b9aeb3', 'tenant_name': 'tempest-VolumesAssistedSnapshotsTest-1093019783', 'user_domain_id': 'default', 'user_domain_name': 'Default', 'user_id': '7c850152bc714143ab2cd575205757e2', 'system': None}, Network: {'id': '32bdd38b-eb8f-417c-8d53-03ecfd14e7ef', 'name': 'tempest-VolumesAssistedSnapshotsTest-1023221947-network', 'tenant_id': '696e975848594dccb902f76018b9aeb3', 'admin_state_up': True, 'mtu': 8950, 'status': 'ACTIVE', 'subnets': [], 'shared': False, 'project_id': '696e975848594dccb902f76018b9aeb3', 'port_security_enabled': True, 'router:external': False, 'provider:network_type': 'vlan', 'provider:physical_network': 'default', 'provider:segmentation_id': 735, 'availability_zone_hints': [], 'availability_zones': [], 'ipv4_address_scope': None, 'ipv6_address_scope': None, 'description': '', 'tags': [], 'created_at': '2025-02-19T17:14:24Z', 'updated_at': '2025-02-19T17:14:24Z', 'revision_number': 1}, Subnet: {'id': 'e1e73302-269c-464d-a5c2-01bd1c135344', 'name': 'tempest-VolumesAssistedSnapshotsTest-1023221947-subnet', 'tenant_id': '696e975848594dccb902f76018b9aeb3', 'network_id': '32bdd38b-eb8f-417c-8d53-03ecfd14e7ef', 'ip_version': 4, 'subnetpool_id': None, 'enable_dhcp': True, 'ipv6_ra_mode': None, 'ipv6_address_mode': None, 'gateway_ip': '192.168.128.1', 'cidr': '192.168.128.0/28', 'allocation_pools': [{'start': '192.168.128.2', 'end': '192.168.128.14'}], 'host_routes': [], 'dns_nameservers': [], 'description': '', 'router:external': False, 'service_types': [], 'tags': [], 'created_at': '2025-02-19T17:14:24Z', 'updated_at': '2025-02-19T17:14:24Z', 'revision_number': 0, 'project_id': '696e975848594dccb902f76018b9aeb3'}, Router: {'id': '6233d172-4bbf-4022-864d-3973bb507060', 'name': 'tempest-VolumesAssistedSnapshotsTest-1023221947-router', 'tenant_id': '696e975848594dccb902f76018b9aeb3', 'admin_state_up': True, 'status': 'ACTIVE', 'external_gateway_info': {'network_id': '031843f4-e438-4ec4-9c61-7ec09137ceb8', 'external_fixed_ips': [{'subnet_id': 'c4a9eda5-697d-4baa-b193-fe85fcc39f29', 'ip_address': '10.180.180.218'}], 'enable_snat': True}, 'description': '', 'availability_zones': [], 'distributed': False, 'ha': False, 'availability_zone_hints': [], 'routes': [], 'flavor_id': None, 'tags': [], 'created_at': '2025-02-19T17:14:25Z', 'updated_at': '2025-02-19T17:14:26Z', 'revision_number': 2, 'project_id': '696e975848594dccb902f76018b9aeb3'}
2025-02-19 17:14:30.700 63012 INFO tempest.lib.common.rest_client [req-d9b44c33-de1a-49e6-921b-e20d8bd7a59f req-d9b44c33-de1a-49e6-921b-e20d8bd7a59f ] Request (FlavorsV255TestJSON:test_crud_flavor): 200 GET http://10.180.1.21/compute/v2.1/flavors/detail 1.670s
2025-02-19 17:14:30.717 63030 INFO tempest.lib.common.rest_client [req-06fb6651-10ce-4d9d-9268-8345ed2baf0c req-06fb6651-10ce-4d9d-9268-8345ed2baf0c ] Request (HostsAdminNegativeTestJSON:setUpClass): 201 POST http://10.180.1.21/identity/v3/users 0.102s
2025-02-19 17:14:30.740 63030 INFO tempest.lib.common.rest_client [req-3ea1c9d1-6fcd-4a49-8caf-33734746bf50 req-3ea1c9d1-6fcd-4a49-8caf-33734746bf50 ] Request (HostsAdminNegativeTestJSON:setUpClass): 200 GET http://10.180.1.21/identity/v3/roles 0.022s
2025-02-19 17:14:30.762 63034 INFO tempest.lib.common.rest_client [req-df3e95ed-7d04-4b99-931d-048c173586c3 req-df3e95ed-7d04-4b99-931d-048c173586c3 ] Request (ListServerFiltersTestJSON:setUpClass): 202 POST http://10.180.1.21/compute/v2.1/servers 2.280s
2025-02-19 17:14:30.775 63024 INFO tempest.lib.common.rest_client [req-9d781f8f-3ab1-47a8-8b77-2775d59233fb req-9d781f8f-3ab1-47a8-8b77-2775d59233fb ] Request (InstanceUsageAuditLogNegativeTestJSON:tearDownClass): 204 DELETE http://10.180.1.21/identity/v3/projects/76b43ad81f554db3bdf6369703e99a4a 0.117s
2025-02-19 17:14:30.775 63024 INFO tempest.lib.common.dynamic_creds [-] Deleting project and security group for project: 321b63c683804208afa1e02f19dee4c9
2025-02-19 17:14:30.793 63010 INFO tempest.lib.common.rest_client [req-a17d9139-f72c-400d-9f2a-99ce12593dc4 req-a17d9139-f72c-400d-9f2a-99ce12593dc4 ] Request (HypervisorAdminTestJSON:test_get_hypervisor_show_details): 200 GET http://10.180.1.21/compute/v2.1/os-hypervisors/1 1.487s
2025-02-19 17:14:30.828 62988 INFO tempest.lib.common.rest_client [req-eba7bd2c-dd9d-410f-aac7-02c9fc542958 req-eba7bd2c-dd9d-410f-aac7-02c9fc542958 ] Request (AggregatesAdminNegativeTestJSON:_run_cleanups): 200 DELETE http://10.180.1.21/compute/v2.1/os-aggregates/1 1.507s
2025-02-19 17:14:30.842 63045 INFO tempest.lib.common.rest_client [req-c8f9eaa1-0df5-4408-b90c-2b7c6535c163 req-c8f9eaa1-0df5-4408-b90c-2b7c6535c163 ] Request (HypervisorAdminV253TestBase:tearDownClass): 204 DELETE http://10.180.1.21:9696/networking/v2.0/security-groups/d52f7a89-1f17-46b8-88af-d8e65cae1508 0.255s
2025-02-19 17:14:30.845 63007 INFO tempest.lib.common.rest_client [req-683b6463-3d8b-41a7-8d1b-c19daf8a3c63 req-683b6463-3d8b-41a7-8d1b-c19daf8a3c63 ] Request (ServerDiskConfigTestJSON:setUpClass): 201 POST http://10.180.1.21:9696/networking/v2.0/subnets 0.685s
2025-02-19 17:14:30.862 63030 INFO tempest.lib.common.rest_client [req-0eaeacc1-e336-45b9-86c1-b3790cc8c315 req-0eaeacc1-e336-45b9-86c1-b3790cc8c315 ] Request (HostsAdminNegativeTestJSON:setUpClass): 204 PUT http://10.180.1.21/identity/v3/projects/1e93bfd38a9345dd8693906ad22e5842/users/f8f06d41c48d431881bbf803d85712a9/roles/3248d94303634282a1e5a8abedc5ea8c 0.122s
2025-02-19 17:14:30.877 62986 INFO tempest.lib.common.rest_client [req-aeb70bc0-b09d-4020-b2c8-2d3b6e872fc0 req-aeb70bc0-b09d-4020-b2c8-2d3b6e872fc0 ] Request (KeyPairsNegativeTestJSON:test_create_keypair_with_duplicate_name): 200 POST http://10.180.1.21/compute/v2.1/os-keypairs 1.540s
2025-02-19 17:14:30.890 63028 INFO tempest.lib.common.rest_client [req-91e08a23-a559-4aba-966f-76e803107c7e req-91e08a23-a559-4aba-966f-76e803107c7e ] Request (ServicesAdminTestJSON:tearDownClass): 200 GET http://10.180.1.21:9696/networking/v2.0/security-groups?tenant_id=c95dc49e17b04e90bcbf7e0fd9725826&name=default 0.276s
2025-02-19 17:14:30.907 63000 INFO tempest.lib.common.rest_client [req-62178c90-3698-4fcf-a1ce-9bb5a6e1ffb2 req-62178c90-3698-4fcf-a1ce-9bb5a6e1ffb2 ] Request (HypervisorAdminUnderV252Test:test_search_hypervisor): 200 GET http://10.180.1.21/compute/v2.1/os-hypervisors/domain-c8.fc996f14-c53b-4953-92e3-bdfa48f5cc28/search 1.532s
