2025-02-19 17:16:36.593 62996 INFO tempest.lib.common.rest_client [req-693e757f-f407-4cff-9d69-555ebd641350 req-693e757f-f407-4cff-9d69-555ebd641350 ] Request (ServersTestMultiNic:test_verify_duplicate_network_nics): 200 GET http://10.180.1.21/compute/v2.1/servers/45223755-7de4-4eec-b41d-8c7ef92452fa 0.310s
2025-02-19 17:16:36.637 63007 INFO tempest.lib.common.rest_client [req-81b5f47d-c775-46cd-b1f3-55a95c250de7 req-81b5f47d-c775-46cd-b1f3-55a95c250de7 ] Request (ServerDiskConfigTestJSON:test_rebuild_server_with_manual_disk_config): 200 GET http://10.180.1.21/compute/v2.1/servers/c9630308-fddf-4749-982b-e860a00dd719 0.353s
2025-02-19 17:16:36.656 62984 INFO tempest.lib.common.rest_client [req-86e94720-861c-4095-9261-1b3ac6822e86 req-86e94720-861c-4095-9261-1b3ac6822e86 ] Request (ServerDiagnosticsV248Test:tearDownClass): 200 GET http://10.180.1.21/compute/v2.1/servers/f88e9050-4065-4911-b0b0-2ec6df97bd4b 0.316s
2025-02-19 17:16:36.702 62988 INFO tempest.lib.common.rest_client [req-d5e825ac-7f9b-41fb-b047-02a464fc5fb2 req-d5e825ac-7f9b-41fb-b047-02a464fc5fb2 ] Request (ServerRescueTestJSON:setUpClass): 200 GET http://10.180.1.21/compute/v2.1/servers/22d675da-2ba5-4c9a-8aa2-096eb68e5118 0.320s
2025-02-19 17:16:36.753 63045 INFO tempest.lib.common.rest_client [req-c1114346-2c43-48e5-8c6c-979b3bb1c6da req-c1114346-2c43-48e5-8c6c-979b3bb1c6da ] Request (ImagesOneServerNegativeTestJSON:_run_cleanups): 200 GET http://10.180.1.21/compute/v2.1/servers/d2136d99-28b5-4aa3-bb21-6086d55743b1 0.219s
2025-02-19 17:16:36.759 63020 INFO tempest.lib.common.rest_client [req-07012da2-c652-46aa-84fa-1130c2e28d7e req-07012da2-c652-46aa-84fa-1130c2e28d7e ] Request (ImagesOneServerTestJSON:tearDownClass): 200 GET http://10.180.1.21/compute/v2.1/servers/fea7d073-9a24-4053-99af-ad76fcc1a982 0.362s
2025-02-19 17:16:36.805 62992 INFO tempest.lib.common.rest_client [req-10355b41-286c-465b-8883-c9b139faf988 req-10355b41-286c-465b-8883-c9b139faf988 ] Request (ServersAdminTestJSON:test_inject_network_info): 200 GET http://10.180.1.21/compute/v2.1/servers/7fd3536b-bf76-4f11-954f-47d7ccbd6511 0.202s
2025-02-19 17:16:36.823 63036 INFO tempest.lib.common.rest_client [req-e63e22af-ceca-45e0-8837-9106b682ae43 req-e63e22af-ceca-45e0-8837-9106b682ae43 ] Request (ServerAddressesNegativeTestJSON:tearDownClass): 200 GET http://10.180.1.21/compute/v2.1/servers/73d030d5-2d4f-4206-8706-9672ec9221f5 0.200s
2025-02-19 17:16:36.859 63007 INFO tempest.lib.common.rest_client [req-34494464-c84c-44f3-b0b1-1fe4361749c6 req-34494464-c84c-44f3-b0b1-1fe4361749c6 ] Request (ServerDiskConfigTestJSON:test_rebuild_server_with_manual_disk_config): 200 PUT http://10.180.1.21/compute/v2.1/servers/c9630308-fddf-4749-982b-e860a00dd719 0.214s
2025-02-19 17:16:36.887 63034 INFO tempest.lib.common.rest_client [req-38270df5-78c6-4a7e-974f-418bc9f5547a req-38270df5-78c6-4a7e-974f-418bc9f5547a ] Request (ListServerFiltersTestJSON:tearDownClass): 200 GET http://10.180.1.21/compute/v2.1/servers/6dc7032f-ce0d-4067-98f0-ad02ed142682 0.193s
2025-02-19 17:16:36.912 63002 INFO tempest.lib.common.rest_client [req-c9578bcc-f699-4467-bcd0-f2677ea04b8e req-c9578bcc-f699-4467-bcd0-f2677ea04b8e ] Request (FloatingIPsAssociationTestJSON:test_associate_already_associated_floating_ip): 200 GET http://10.180.1.21/compute/v2.1/servers/26ec8b7d-de9d-47e4-9dce-749d6401f469 0.186s
2025-02-19 17:16:37.008 63007 INFO tempest.lib.common.rest_client [req-733a84bb-eb5b-44fb-862f-86c01f7e8b23 req-733a84bb-eb5b-44fb-862f-86c01f7e8b23 ] Request (ServerDiskConfigTestJSON:test_rebuild_server_with_manual_disk_config): 200 GET http://10.180.1.21/compute/v2.1/servers/c9630308-fddf-4749-982b-e860a00dd719 0.144s
2025-02-19 17:16:37.034 62982 INFO tempest.lib.common.rest_client [req-13a11624-a3b3-43ef-91a4-6309521f4dd7 req-13a11624-a3b3-43ef-91a4-6309521f4dd7 ] Request (FloatingIPsAssociationNegativeTestJSON:tearDownClass): 200 GET http://10.180.1.21/compute/v2.1/servers/84d7c75f-6887-4d78-bb82-2d937e407e43 0.212s
2025-02-19 17:16:37.090 62998 INFO tempest.lib.common.rest_client [req-c6f988a7-7f49-4a83-bf34-7bfd5194918c req-c6f988a7-7f49-4a83-bf34-7bfd5194918c ] Request (ServersTestFqdnHostnames:test_create_server_with_fqdn_name): 200 GET http://10.180.1.21/compute/v2.1/servers/61127b80-d4c7-44fa-97c2-3e8ab0ebfbcc 0.102s
2025-02-19 17:16:37.119 63038 INFO tempest.lib.common.rest_client [req-2a69bd50-510a-4a4b-9f93-99c1bf1fdd13 req-2a69bd50-510a-4a4b-9f93-99c1bf1fdd13 ] Request (ServersTestBootFromVolume:setUpClass): 200 GET http://10.180.1.21/compute/v2.1/servers/9d5032a7-5bd2-417f-9e01-2d4b58abf77e 0.175s
2025-02-19 17:16:37.206 62994 INFO tempest.lib.common.rest_client [req-e7fff3b6-458e-4adb-aded-97622e111495 req-e7fff3b6-458e-4adb-aded-97622e111495 ] Request (ServerGroupTestJSON:_run_cleanups): 200 GET http://10.180.1.21/compute/v2.1/servers/0bc69f9f-9de0-49ec-8725-32f4da72f5f7 0.069s
2025-02-19 17:16:37.337 63026 INFO tempest.lib.common.rest_client [req-9b1e6be6-4923-4527-80b6-872d42d21c75 req-9b1e6be6-4923-4527-80b6-872d42d21c75 ] Request (MigrationsAdminTest:test_resize_server_revert_deleted_flavor): 200 GET http://10.180.1.21/compute/v2.1/servers/f67479a8-cf01-4c3c-83ae-e7990747a695 0.058s
2025-02-19 17:16:37.401 63018 INFO tempest.lib.common.rest_client [req-11e23070-20d3-4923-8a67-287b80652aba req-11e23070-20d3-4923-8a67-287b80652aba ] Request (ListImageFiltersTestJSON:setUpClass): 200 GET http://10.180.1.21/compute/v2.1/images/3981e92f-847c-4b7f-9449-eaa5dea5bda7 0.089s
2025-02-19 17:16:37.461 63007 INFO tempest.lib.common.rest_client [req-2619b460-e455-4fb4-a70d-f33b72e55857 req-2619b460-e455-4fb4-a70d-f33b72e55857 ] Request (ServerDiskConfigTestJSON:test_rebuild_server_with_manual_disk_config): 200 GET http://10.180.1.21/compute/v2.1/servers/c9630308-fddf-4749-982b-e860a00dd719 0.445s
2025-02-19 17:16:37.522 63012 INFO tempest.lib.common.rest_client [req-54dc1b99-5b5e-4c5a-a8a0-2ec2331b7937 req-54dc1b99-5b5e-4c5a-a8a0-2ec2331b7937 ] Request (ImagesTestJSON:test_create_image_from_stopped_server): 200 GET http://10.180.1.21/compute/v2.1/servers/76b542df-d968-4830-9988-2b537105e957 0.056s
2025-02-19 17:16:37.529 63008 INFO tempest.lib.common.rest_client [req-c774e5e1-ee06-4dbb-a34b-4b73fa46ad8b req-c774e5e1-ee06-4dbb-a34b-4b73fa46ad8b ] Request (ServerExternalEventsTest:test_create_server_external_events): 200 GET http://10.180.1.21/compute/v2.1/servers/bfe5686a-7219-44ae-95ff-001f9635fa45 0.099s
2025-02-19 17:16:37.536 63008 INFO tempest.common.waiters [-] State transition "BUILD/spawning" ==> "ACTIVE/None" after 68 second wait
2025-02-19 17:16:37.593 63000 INFO tempest.lib.common.rest_client [req-1b70f149-9ece-493f-8146-1d5391f55802 req-1b70f149-9ece-493f-8146-1d5391f55802 ] Request (ListServersNegativeTestJSON:setUpClass): 200 GET http://10.180.1.21/compute/v2.1/servers/b3c94ff1-9b13-40d8-a028-847544742f18 0.098s
2025-02-19 17:16:37.652 63004 INFO tempest.lib.common.rest_client [req-3bc392ce-baac-4132-b9ac-b5ec342449bc req-3bc392ce-baac-4132-b9ac-b5ec342449bc ] Request (ServersAdminNegativeTestJSON:setUpClass): 200 GET http://10.180.1.21/compute/v2.1/servers/50b292c3-8baf-49ad-acda-d76f52695c20 0.131s
2025-02-19 17:16:37.660 63004 INFO tempest.common.waiters [-] State transition "BUILD/scheduling" ==> "BUILD/None" after 24 second wait
2025-02-19 17:16:37.670 63007 INFO tempest.lib.common.rest_client [req-997e2c30-5776-444b-9a5c-6f38fb46da9a req-997e2c30-5776-444b-9a5c-6f38fb46da9a ] Request (ServerDiskConfigTestJSON:test_rebuild_server_with_manual_disk_config): 202 POST http://10.180.1.21/compute/v2.1/servers/c9630308-fddf-4749-982b-e860a00dd719/action 0.202s
2025-02-19 17:16:37.732 63042 INFO tempest.lib.common.rest_client [req-c87e7066-5587-4942-af6a-7281dfdf3f0f req-c87e7066-5587-4942-af6a-7281dfdf3f0f ] Request (ServerRescueTestJSONUnderV235:setUpClass): 200 GET http://10.180.1.21/compute/v2.1/servers/b493b6f4-5055-492f-84e4-25f70ca231aa 0.182s
2025-02-19 17:16:37.765 63008 INFO tempest.lib.common.rest_client [req-33d58b82-b788-4430-b8ce-5fb1e0afaaab req-33d58b82-b788-4430-b8ce-5fb1e0afaaab ] Request (ServerExternalEventsTest:test_create_server_external_events): 200 POST http://10.180.1.21/compute/v2.1/os-server-external-events 0.229s
2025-02-19 17:16:37.790 62996 INFO tempest.lib.common.rest_client [req-34300f31-50db-4796-b696-7c054a7e458c req-34300f31-50db-4796-b696-7c054a7e458c ] Request (ServersTestMultiNic:test_verify_duplicate_network_nics): 200 GET http://10.180.1.21/compute/v2.1/servers/45223755-7de4-4eec-b41d-8c7ef92452fa 0.188s
2025-02-19 17:16:37.831 62984 INFO tempest.lib.common.rest_client [req-227f2641-5144-4b09-8179-6462c77891ce req-227f2641-5144-4b09-8179-6462c77891ce ] Request (ServerDiagnosticsV248Test:tearDownClass): 200 GET http://10.180.1.21/compute/v2.1/servers/f88e9050-4065-4911-b0b0-2ec6df97bd4b 0.161s
2025-02-19 17:16:37.889 62988 INFO tempest.lib.common.rest_client [req-6f6b37de-d855-4995-a1c0-1cfdbfe33971 req-6f6b37de-d855-4995-a1c0-1cfdbfe33971 ] Request (ServerRescueTestJSON:setUpClass): 200 GET http://10.180.1.21/compute/v2.1/servers/22d675da-2ba5-4c9a-8aa2-096eb68e5118 0.178s
2025-02-19 17:16:37.928 63007 INFO tempest.lib.common.rest_client [req-000e726b-3a7c-4e7e-8fd8-6c1d0cbddcaf req-000e726b-3a7c-4e7e-8fd8-6c1d0cbddcaf ] Request (ServerDiskConfigTestJSON:test_rebuild_server_with_manual_disk_config): 200 GET http://10.180.1.21/compute/v2.1/servers/c9630308-fddf-4749-982b-e860a00dd719 0.252s
2025-02-19 17:16:37.951 63045 INFO tempest.lib.common.rest_client [req-735732f5-5964-4867-a862-895c6c7495ab req-735732f5-5964-4867-a862-895c6c7495ab ] Request (ImagesOneServerNegativeTestJSON:_run_cleanups): 200 GET http://10.180.1.21/compute/v2.1/servers/d2136d99-28b5-4aa3-bb21-6086d55743b1 0.189s
2025-02-19 17:16:38.020 63020 INFO tempest.lib.common.rest_client [req-cfe4cfb9-64ea-4856-a83b-18a92067525b req-cfe4cfb9-64ea-4856-a83b-18a92067525b ] Request (ImagesOneServerTestJSON:tearDownClass): 200 GET http://10.180.1.21/compute/v2.1/servers/fea7d073-9a24-4053-99af-ad76fcc1a982 0.254s
2025-02-19 17:16:38.039 63008 INFO tempest.lib.common.rest_client [req-3568319d-0cf3-4b62-ab18-a0c94339e0a5 req-3568319d-0cf3-4b62-ab18-a0c94339e0a5 ] Request (ServerExternalEventsTest:tearDownClass): 204 DELETE http://10.180.1.21/compute/v2.1/servers/bfe5686a-7219-44ae-95ff-001f9635fa45 0.270s
2025-02-19 17:16:38.077 62992 INFO tempest.lib.common.rest_client [req-a671753d-921b-4684-b62b-52a497c1b495 req-a671753d-921b-4684-b62b-52a497c1b495 ] Request (ServersAdminTestJSON:test_inject_network_info): 200 GET http://10.180.1.21/compute/v2.1/servers/7fd3536b-bf76-4f11-954f-47d7ccbd6511 0.262s
2025-02-19 17:16:38.104 63036 INFO tempest.lib.common.rest_client [req-343532cf-663e-487b-a4d9-0b9ab3fdac72 req-343532cf-663e-487b-a4d9-0b9ab3fdac72 ] Request (ServerAddressesNegativeTestJSON:tearDownClass): 200 GET http://10.180.1.21/compute/v2.1/servers/73d030d5-2d4f-4206-8706-9672ec9221f5 0.272s
2025-02-19 17:16:38.159 63034 INFO tempest.lib.common.rest_client [req-7fdaaa14-8f85-466b-bbfc-99e2699613fe req-7fdaaa14-8f85-466b-bbfc-99e2699613fe ] Request (ListServerFiltersTestJSON:tearDownClass): 200 GET http://10.180.1.21/compute/v2.1/servers/6dc7032f-ce0d-4067-98f0-ad02ed142682 0.263s
2025-02-19 17:16:38.159 63002 INFO tempest.lib.common.rest_client [req-05c9d9cc-247b-4fdc-a27e-91fd3782cf1c req-05c9d9cc-247b-4fdc-a27e-91fd3782cf1c ] Request (FloatingIPsAssociationTestJSON:test_associate_already_associated_floating_ip): 200 GET http://10.180.1.21/compute/v2.1/servers/26ec8b7d-de9d-47e4-9dce-749d6401f469 0.238s
2025-02-19 17:16:38.271 62982 INFO tempest.lib.common.rest_client [req-e545a2e2-0a29-41ab-b77a-699cece01aa0 req-e545a2e2-0a29-41ab-b77a-699cece01aa0 ] Request (FloatingIPsAssociationNegativeTestJSON:tearDownClass): 200 GET http://10.180.1.21/compute/v2.1/servers/84d7c75f-6887-4d78-bb82-2d937e407e43 0.229s
2025-02-19 17:16:38.303 63008 INFO tempest.lib.common.rest_client [req-b385241e-b0c7-40da-8794-0751f3f5deb2 req-b385241e-b0c7-40da-8794-0751f3f5deb2 ] Request (ServerExternalEventsTest:tearDownClass): 200 GET http://10.180.1.21/compute/v2.1/servers/bfe5686a-7219-44ae-95ff-001f9635fa45 0.264s
2025-02-19 17:16:38.338 62998 INFO tempest.lib.common.rest_client [req-7f347d3d-7ce0-4e3e-9e5c-1beb89d0098d req-7f347d3d-7ce0-4e3e-9e5c-1beb89d0098d ] Request (ServersTestFqdnHostnames:test_create_server_with_fqdn_name): 200 GET http://10.180.1.21/compute/v2.1/servers/61127b80-d4c7-44fa-97c2-3e8ab0ebfbcc 0.239s
2025-02-19 17:16:38.402 62994 INFO tempest.lib.common.rest_client [req-783ca2a2-178e-4799-9eae-6e49da12b5f9 req-783ca2a2-178e-4799-9eae-6e49da12b5f9 ] Request (ServerGroupTestJSON:_run_cleanups): 200 GET http://10.180.1.21/compute/v2.1/servers/0bc69f9f-9de0-49ec-8725-32f4da72f5f7 0.188s
2025-02-19 17:16:38.415 63038 INFO tempest.lib.common.rest_client [req-e5e1b764-b044-4a88-8605-c097680cf9a8 req-e5e1b764-b044-4a88-8605-c097680cf9a8 ] Request (ServersTestBootFromVolume:setUpClass): 200 GET http://10.180.1.21/compute/v2.1/servers/9d5032a7-5bd2-417f-9e01-2d4b58abf77e 0.288s
2025-02-19 17:16:38.459 63018 INFO tempest.lib.common.rest_client [req-c12d2798-e985-4aee-8bcc-bb0f4813aad0 req-c12d2798-e985-4aee-8bcc-bb0f4813aad0 ] Request (ListImageFiltersTestJSON:setUpClass): 200 GET http://10.180.1.21/compute/v2.1/images/3981e92f-847c-4b7f-9449-eaa5dea5bda7 0.051s
2025-02-19 17:16:38.460 63026 INFO tempest.lib.common.rest_client [req-d2e4dc91-e5fb-4b02-9646-69c0b0027e67 req-d2e4dc91-e5fb-4b02-9646-69c0b0027e67 ] Request (MigrationsAdminTest:test_resize_server_revert_deleted_flavor): 200 GET http://10.180.1.21/compute/v2.1/servers/f67479a8-cf01-4c3c-83ae-e7990747a695 0.110s
2025-02-19 17:16:38.580 63012 INFO tempest.lib.common.rest_client [req-d09d9927-fbb0-41f7-8007-475902c9b10e req-d09d9927-fbb0-41f7-8007-475902c9b10e ] Request (ImagesTestJSON:test_create_image_from_stopped_server): 200 GET http://10.180.1.21/compute/v2.1/servers/76b542df-d968-4830-9988-2b537105e957 0.051s
2025-02-19 17:16:38.623 63032 WARNING tempest.lib.common.ssh [-] Failed to establish authenticated ssh connection to cirros@10.180.180.250 ([Errno None] Unable to connect to port 22 on 10.180.180.250). Number attempts: 10. Retry after 11 seconds.: paramiko.ssh_exception.NoValidConnectionsError: [Errno None] Unable to connect to port 22 on 10.180.180.250
2025-02-19 17:16:38.663 63000 INFO tempest.lib.common.rest_client [req-d8d4da30-ae12-4e8a-af1e-7e9c6c6e72d2 req-d8d4da30-ae12-4e8a-af1e-7e9c6c6e72d2 ] Request (ListServersNegativeTestJSON:setUpClass): 200 GET http://10.180.1.21/compute/v2.1/servers/b3c94ff1-9b13-40d8-a028-847544742f18 0.061s
2025-02-19 17:16:38.709 63004 INFO tempest.lib.common.rest_client [req-8c7a653c-a7cf-47fa-90d2-a2ab44a98bf6 req-8c7a653c-a7cf-47fa-90d2-a2ab44a98bf6 ] Request (ServersAdminNegativeTestJSON:setUpClass): 200 GET http://10.180.1.21/compute/v2.1/servers/50b292c3-8baf-49ad-acda-d76f52695c20 0.047s
2025-02-19 17:16:38.796 63042 INFO tempest.lib.common.rest_client [req-5be09634-d0bc-44f5-8ba8-2b035e56fcf7 req-5be09634-d0bc-44f5-8ba8-2b035e56fcf7 ] Request (ServerRescueTestJSONUnderV235:setUpClass): 200 GET http://10.180.1.21/compute/v2.1/servers/b493b6f4-5055-492f-84e4-25f70ca231aa 0.055s
2025-02-19 17:16:38.847 62996 INFO tempest.lib.common.rest_client [req-cf95f832-2a71-49b4-9f63-615d48943eba req-cf95f832-2a71-49b4-9f63-615d48943eba ] Request (ServersTestMultiNic:test_verify_duplicate_network_nics): 200 GET http://10.180.1.21/compute/v2.1/servers/45223755-7de4-4eec-b41d-8c7ef92452fa 0.047s
2025-02-19 17:16:38.896 62984 INFO tempest.lib.common.rest_client [req-9dfa726d-8a2c-4d76-b224-252d5a9ad854 req-9dfa726d-8a2c-4d76-b224-252d5a9ad854 ] Request (ServerDiagnosticsV248Test:tearDownClass): 200 GET http://10.180.1.21/compute/v2.1/servers/f88e9050-4065-4911-b0b0-2ec6df97bd4b 0.055s
2025-02-19 17:16:38.950 62988 INFO tempest.lib.common.rest_client [req-d85a16c9-dd6d-4f6b-950d-ae08d5d46067 req-d85a16c9-dd6d-4f6b-950d-ae08d5d46067 ] Request (ServerRescueTestJSON:setUpClass): 200 GET http://10.180.1.21/compute/v2.1/servers/22d675da-2ba5-4c9a-8aa2-096eb68e5118 0.054s
2025-02-19 17:16:39.012 63045 INFO tempest.lib.common.rest_client [req-7537f52e-f965-46fb-8719-ed75443b0dd7 req-7537f52e-f965-46fb-8719-ed75443b0dd7 ] Request (ImagesOneServerNegativeTestJSON:_run_cleanups): 200 GET http://10.180.1.21/compute/v2.1/servers/d2136d99-28b5-4aa3-bb21-6086d55743b1 0.052s
2025-02-19 17:16:39.034 63007 INFO tempest.lib.common.rest_client [req-a93974e5-c691-4bbc-aa3b-2bd8c734ca7d req-a93974e5-c691-4bbc-aa3b-2bd8c734ca7d ] Request (ServerDiskConfigTestJSON:test_rebuild_server_with_manual_disk_config): 200 GET http://10.180.1.21/compute/v2.1/servers/c9630308-fddf-4749-982b-e860a00dd719 0.095s
2025-02-19 17:16:39.154 62992 INFO tempest.lib.common.rest_client [req-38028fdf-0e47-419e-a02a-a8ca12247946 req-38028fdf-0e47-419e-a02a-a8ca12247946 ] Request (ServersAdminTestJSON:test_inject_network_info): 200 GET http://10.180.1.21/compute/v2.1/servers/7fd3536b-bf76-4f11-954f-47d7ccbd6511 0.066s
2025-02-19 17:16:39.161 62992 INFO tempest.common.waiters [-] State transition "BUILD/scheduling" ==> "BUILD/None" after 20 second wait
2025-02-19 17:16:39.180 63020 INFO tempest.lib.common.rest_client [req-14522c0e-658b-4569-a7bb-f61005994725 req-14522c0e-658b-4569-a7bb-f61005994725 ] Request (ImagesOneServerTestJSON:tearDownClass): 200 GET http://10.180.1.21/compute/v2.1/servers/fea7d073-9a24-4053-99af-ad76fcc1a982 0.151s
2025-02-19 17:16:39.217 63036 INFO tempest.lib.common.rest_client [req-559a28da-ec5a-4a85-85ed-317b38624767 req-559a28da-ec5a-4a85-85ed-317b38624767 ] Request (ServerAddressesNegativeTestJSON:tearDownClass): 200 GET http://10.180.1.21/compute/v2.1/servers/73d030d5-2d4f-4206-8706-9672ec9221f5 0.105s
2025-02-19 17:16:39.246 63034 INFO tempest.lib.common.rest_client [req-bc883d1a-b75f-40a9-b65e-33ea12e7e9bc req-bc883d1a-b75f-40a9-b65e-33ea12e7e9bc ] Request (ListServerFiltersTestJSON:tearDownClass): 200 GET http://10.180.1.21/compute/v2.1/servers/6dc7032f-ce0d-4067-98f0-ad02ed142682 0.079s
2025-02-19 17:16:39.273 63002 INFO tempest.lib.common.rest_client [req-b23406db-d612-4ff6-a215-1918eccf32aa req-b23406db-d612-4ff6-a215-1918eccf32aa ] Request (FloatingIPsAssociationTestJSON:test_associate_already_associated_floating_ip): 200 GET http://10.180.1.21/compute/v2.1/servers/26ec8b7d-de9d-47e4-9dce-749d6401f469 0.106s
2025-02-19 17:16:39.352 62982 INFO tempest.lib.common.rest_client [req-bd4c9fa0-3bef-43a8-89be-92f96e29c4c4 req-bd4c9fa0-3bef-43a8-89be-92f96e29c4c4 ] Request (FloatingIPsAssociationNegativeTestJSON:tearDownClass): 200 GET http://10.180.1.21/compute/v2.1/servers/84d7c75f-6887-4d78-bb82-2d937e407e43 0.072s
2025-02-19 17:16:39.419 62998 INFO tempest.lib.common.rest_client [req-6bd6890a-6af0-4e80-aaa1-a8ef80c7587e req-6bd6890a-6af0-4e80-aaa1-a8ef80c7587e ] Request (ServersTestFqdnHostnames:test_create_server_with_fqdn_name): 200 GET http://10.180.1.21/compute/v2.1/servers/61127b80-d4c7-44fa-97c2-3e8ab0ebfbcc 0.073s
2025-02-19 17:16:39.465 63008 INFO tempest.lib.common.rest_client [req-991923b7-acf3-44f4-a146-e702150dcbab req-991923b7-acf3-44f4-a146-e702150dcbab ] Request (ServerExternalEventsTest:tearDownClass): 200 GET http://10.180.1.21/compute/v2.1/servers/bfe5686a-7219-44ae-95ff-001f9635fa45 0.148s
2025-02-19 17:16:39.492 62994 INFO tempest.lib.common.rest_client [req-1e38ff78-3a4c-4da2-b7ad-39faf9260356 req-1e38ff78-3a4c-4da2-b7ad-39faf9260356 ] Request (ServerGroupTestJSON:_run_cleanups): 200 GET http://10.180.1.21/compute/v2.1/servers/0bc69f9f-9de0-49ec-8725-32f4da72f5f7 0.082s
2025-02-19 17:16:39.532 63018 INFO tempest.lib.common.rest_client [req-df925b35-3ac1-4eb7-ad56-c91728cbd64f req-df925b35-3ac1-4eb7-ad56-c91728cbd64f ] Request (ListImageFiltersTestJSON:setUpClass): 200 GET http://10.180.1.21/compute/v2.1/images/3981e92f-847c-4b7f-9449-eaa5dea5bda7 0.068s
2025-02-19 17:16:39.585 63026 INFO tempest.lib.common.rest_client [req-5e822bc7-3c0f-431c-9632-62e1e7ffca9c req-5e822bc7-3c0f-431c-9632-62e1e7ffca9c ] Request (MigrationsAdminTest:test_resize_server_revert_deleted_flavor): 200 GET http://10.180.1.21/compute/v2.1/servers/f67479a8-cf01-4c3c-83ae-e7990747a695 0.115s
2025-02-19 17:16:39.648 63012 INFO tempest.lib.common.rest_client [req-923373b1-4e7a-48cd-a668-a0df3d6e3375 req-923373b1-4e7a-48cd-a668-a0df3d6e3375 ] Request (ImagesTestJSON:test_create_image_from_stopped_server): 200 GET http://10.180.1.21/compute/v2.1/servers/76b542df-d968-4830-9988-2b537105e957 0.060s
2025-02-19 17:16:39.654 63038 INFO tempest.lib.common.rest_client [req-6c171170-95a6-40d8-99d1-35c8c3a83f1e req-6c171170-95a6-40d8-99d1-35c8c3a83f1e ] Request (ServersTestBootFromVolume:setUpClass): 200 GET http://10.180.1.21/compute/v2.1/servers/9d5032a7-5bd2-417f-9e01-2d4b58abf77e 0.230s
2025-02-19 17:16:39.711 63016 WARNING tempest.lib.common.ssh [-] Failed to establish authenticated ssh connection to cirros@10.180.180.132 ([Errno None] Unable to connect to port 22 on 10.180.180.132). Number attempts: 7. Retry after 8 seconds.: paramiko.ssh_exception.NoValidConnectionsError: [Errno None] Unable to connect to port 22 on 10.180.180.132
2025-02-19 17:16:39.741 63000 INFO tempest.lib.common.rest_client [req-cc903b0b-b7f5-4106-866a-246aa31a0782 req-cc903b0b-b7f5-4106-866a-246aa31a0782 ] Request (ListServersNegativeTestJSON:setUpClass): 200 GET http://10.180.1.21/compute/v2.1/servers/b3c94ff1-9b13-40d8-a028-847544742f18 0.070s
2025-02-19 17:16:39.777 63004 INFO tempest.lib.common.rest_client [req-0d8f6263-c4a7-4b20-924d-0f20f35d6f74 req-0d8f6263-c4a7-4b20-924d-0f20f35d6f74 ] Request (ServersAdminNegativeTestJSON:setUpClass): 200 GET http://10.180.1.21/compute/v2.1/servers/50b292c3-8baf-49ad-acda-d76f52695c20 0.060s
2025-02-19 17:16:39.817 63014 WARNING tempest.lib.common.ssh [-] Failed to establish authenticated ssh connection to cirros@10.180.180.188 ([Errno None] Unable to connect to port 22 on 10.180.180.188). Number attempts: 9. Retry after 10 seconds.: paramiko.ssh_exception.NoValidConnectionsError: [Errno None] Unable to connect to port 22 on 10.180.180.188
2025-02-19 17:16:39.861 63042 INFO tempest.lib.common.rest_client [req-197f8588-510b-4eba-9a24-8a9f2879d2a2 req-197f8588-510b-4eba-9a24-8a9f2879d2a2 ] Request (ServerRescueTestJSONUnderV235:setUpClass): 200 GET http://10.180.1.21/compute/v2.1/servers/b493b6f4-5055-492f-84e4-25f70ca231aa 0.056s
2025-02-19 17:16:39.917 62996 INFO tempest.lib.common.rest_client [req-e881fccb-3688-4535-806c-e4c5775c28b2 req-e881fccb-3688-4535-806c-e4c5775c28b2 ] Request (ServersTestMultiNic:test_verify_duplicate_network_nics): 200 GET http://10.180.1.21/compute/v2.1/servers/45223755-7de4-4eec-b41d-8c7ef92452fa 0.061s
2025-02-19 17:16:39.976 62984 INFO tempest.lib.common.rest_client [req-6dc1a451-a849-48f3-b2cd-5fb670f303db req-6dc1a451-a849-48f3-b2cd-5fb670f303db ] Request (ServerDiagnosticsV248Test:tearDownClass): 200 GET http://10.180.1.21/compute/v2.1/servers/f88e9050-4065-4911-b0b0-2ec6df97bd4b 0.071s
2025-02-19 17:16:40.017 62988 INFO tempest.lib.common.rest_client [req-d3117b9e-ef32-4162-9091-3b43b8efadba req-d3117b9e-ef32-4162-9091-3b43b8efadba ] Request (ServerRescueTestJSON:setUpClass): 200 GET http://10.180.1.21/compute/v2.1/servers/22d675da-2ba5-4c9a-8aa2-096eb68e5118 0.055s
2025-02-19 17:16:40.086 63045 INFO tempest.lib.common.rest_client [req-dec3a7d0-1e94-40c9-8349-1e1e3d2c74b4 req-dec3a7d0-1e94-40c9-8349-1e1e3d2c74b4 ] Request (ImagesOneServerNegativeTestJSON:_run_cleanups): 200 GET http://10.180.1.21/compute/v2.1/servers/d2136d99-28b5-4aa3-bb21-6086d55743b1 0.067s
2025-02-19 17:16:40.149 63007 INFO tempest.lib.common.rest_client [req-c53c269e-8641-4cb0-9f81-551c18d39851 req-c53c269e-8641-4cb0-9f81-551c18d39851 ] Request (ServerDiskConfigTestJSON:test_rebuild_server_with_manual_disk_config): 200 GET http://10.180.1.21/compute/v2.1/servers/c9630308-fddf-4749-982b-e860a00dd719 0.106s
2025-02-19 17:16:40.229 62992 INFO tempest.lib.common.rest_client [req-91774334-4b5f-42f0-83b5-70a8ec17e72e req-91774334-4b5f-42f0-83b5-70a8ec17e72e ] Request (ServersAdminTestJSON:test_inject_network_info): 200 GET http://10.180.1.21/compute/v2.1/servers/7fd3536b-bf76-4f11-954f-47d7ccbd6511 0.066s
2025-02-19 17:16:40.249 63020 INFO tempest.lib.common.rest_client [req-e7a3f3bb-58c0-460b-8807-a595ec38f20a req-e7a3f3bb-58c0-460b-8807-a595ec38f20a ] Request (ImagesOneServerTestJSON:tearDownClass): 200 GET http://10.180.1.21/compute/v2.1/servers/fea7d073-9a24-4053-99af-ad76fcc1a982 0.057s
2025-02-19 17:16:40.291 63036 INFO tempest.lib.common.rest_client [req-a03ebdaa-d856-4c28-8faa-e1d8c9ffc12e req-a03ebdaa-d856-4c28-8faa-e1d8c9ffc12e ] Request (ServerAddressesNegativeTestJSON:tearDownClass): 200 GET http://10.180.1.21/compute/v2.1/servers/73d030d5-2d4f-4206-8706-9672ec9221f5 0.064s
2025-02-19 17:16:40.312 63034 INFO tempest.lib.common.rest_client [req-51a9cd23-8d14-44c4-93ec-90a1699d6fe8 req-51a9cd23-8d14-44c4-93ec-90a1699d6fe8 ] Request (ListServerFiltersTestJSON:tearDownClass): 200 GET http://10.180.1.21/compute/v2.1/servers/6dc7032f-ce0d-4067-98f0-ad02ed142682 0.058s
2025-02-19 17:16:40.346 63002 INFO tempest.lib.common.rest_client [req-6071a712-f2a0-4dbd-93be-7cf6536315ce req-6071a712-f2a0-4dbd-93be-7cf6536315ce ] Request (FloatingIPsAssociationTestJSON:test_associate_already_associated_floating_ip): 200 GET http://10.180.1.21/compute/v2.1/servers/26ec8b7d-de9d-47e4-9dce-749d6401f469 0.063s
2025-02-19 17:16:40.424 62982 INFO tempest.lib.common.rest_client [req-b36c2c28-ac13-4f13-9d92-dd6d63c5e2fc req-b36c2c28-ac13-4f13-9d92-dd6d63c5e2fc ] Request (FloatingIPsAssociationNegativeTestJSON:tearDownClass): 200 GET http://10.180.1.21/compute/v2.1/servers/84d7c75f-6887-4d78-bb82-2d937e407e43 0.063s
2025-02-19 17:16:40.435 62982 INFO tempest.common.waiters [-] State transition "ACTIVE/deleting" ==> "DELETED/None" after 6 second wait
2025-02-19 17:16:40.507 62998 INFO tempest.lib.common.rest_client [req-48a516c5-6fd0-466b-a903-12caf3247da2 req-48a516c5-6fd0-466b-a903-12caf3247da2 ] Request (ServersTestFqdnHostnames:test_create_server_with_fqdn_name): 200 GET http://10.180.1.21/compute/v2.1/servers/61127b80-d4c7-44fa-97c2-3e8ab0ebfbcc 0.080s
2025-02-19 17:16:40.534 63008 INFO tempest.lib.common.rest_client [req-4f1d1285-f0b4-4c15-aebd-c08e1c033474 req-4f1d1285-f0b4-4c15-aebd-c08e1c033474 ] Request (ServerExternalEventsTest:tearDownClass): 200 GET http://10.180.1.21/compute/v2.1/servers/bfe5686a-7219-44ae-95ff-001f9635fa45 0.056s
2025-02-19 17:16:40.566 62994 INFO tempest.lib.common.rest_client [req-11fbc51b-3672-4c98-b0a7-dfc495fac316 req-11fbc51b-3672-4c98-b0a7-dfc495fac316 ] Request (ServerGroupTestJSON:_run_cleanups): 200 GET http://10.180.1.21/compute/v2.1/servers/0bc69f9f-9de0-49ec-8725-32f4da72f5f7 0.063s
2025-02-19 17:16:40.571 63018 INFO tempest.lib.common.rest_client [req-d0e59983-7645-44f4-b1e1-398ffc07ea74 req-d0e59983-7645-44f4-b1e1-398ffc07ea74 ] Request (ListImageFiltersTestJSON:setUpClass): 200 GET http://10.180.1.21/compute/v2.1/images/3981e92f-847c-4b7f-9449-eaa5dea5bda7 0.035s
2025-02-19 17:16:40.649 63026 INFO tempest.lib.common.rest_client [req-cfbdbebb-7042-48bf-99b8-65121b931522 req-cfbdbebb-7042-48bf-99b8-65121b931522 ] Request (MigrationsAdminTest:test_resize_server_revert_deleted_flavor): 200 GET http://10.180.1.21/compute/v2.1/servers/f67479a8-cf01-4c3c-83ae-e7990747a695 0.049s
2025-02-19 17:16:40.715 63012 INFO tempest.lib.common.rest_client [req-3407b641-00d1-4004-a113-e5b192b1998c req-3407b641-00d1-4004-a113-e5b192b1998c ] Request (ImagesTestJSON:test_create_image_from_stopped_server): 200 GET http://10.180.1.21/compute/v2.1/servers/76b542df-d968-4830-9988-2b537105e957 0.057s
2025-02-19 17:16:40.761 63038 INFO tempest.lib.common.rest_client [req-3576ba2e-891b-4028-b9f1-041a11300606 req-3576ba2e-891b-4028-b9f1-041a11300606 ] Request (ServersTestBootFromVolume:setUpClass): 200 GET http://10.180.1.21/compute/v2.1/servers/9d5032a7-5bd2-417f-9e01-2d4b58abf77e 0.097s
2025-02-19 17:16:40.813 63000 INFO tempest.lib.common.rest_client [req-8883f610-f5a4-4518-b4a6-e396b8c51a3c req-8883f610-f5a4-4518-b4a6-e396b8c51a3c ] Request (ListServersNegativeTestJSON:setUpClass): 200 GET http://10.180.1.21/compute/v2.1/servers/b3c94ff1-9b13-40d8-a028-847544742f18 0.064s
2025-02-19 17:16:40.838 63004 INFO tempest.lib.common.rest_client [req-411cbd8d-aa3f-4038-b102-444c1d21798b req-411cbd8d-aa3f-4038-b102-444c1d21798b ] Request (ServersAdminNegativeTestJSON:setUpClass): 200 GET http://10.180.1.21/compute/v2.1/servers/50b292c3-8baf-49ad-acda-d76f52695c20 0.054s
2025-02-19 17:16:40.919 63042 INFO tempest.lib.common.rest_client [req-115544a9-06ff-4da2-bd07-bb0899194612 req-115544a9-06ff-4da2-bd07-bb0899194612 ] Request (ServerRescueTestJSONUnderV235:setUpClass): 200 GET http://10.180.1.21/compute/v2.1/servers/b493b6f4-5055-492f-84e4-25f70ca231aa 0.048s
2025-02-19 17:16:40.976 62996 INFO tempest.lib.common.rest_client [req-47f20833-de79-45da-80c7-710c2c0c0264 req-47f20833-de79-45da-80c7-710c2c0c0264 ] Request (ServersTestMultiNic:test_verify_duplicate_network_nics): 200 GET http://10.180.1.21/compute/v2.1/servers/45223755-7de4-4eec-b41d-8c7ef92452fa 0.050s
2025-02-19 17:16:41.048 62984 INFO tempest.lib.common.rest_client [req-d84b1035-0cff-485d-ac51-f1c5040ebc65 req-d84b1035-0cff-485d-ac51-f1c5040ebc65 ] Request (ServerDiagnosticsV248Test:tearDownClass): 200 GET http://10.180.1.21/compute/v2.1/servers/f88e9050-4065-4911-b0b0-2ec6df97bd4b 0.062s
2025-02-19 17:16:41.075 62988 INFO tempest.lib.common.rest_client [req-11eaef4c-72ac-42bc-af8d-15df23d1c949 req-11eaef4c-72ac-42bc-af8d-15df23d1c949 ] Request (ServerRescueTestJSON:setUpClass): 200 GET http://10.180.1.21/compute/v2.1/servers/22d675da-2ba5-4c9a-8aa2-096eb68e5118 0.050s
2025-02-19 17:16:41.149 63045 INFO tempest.lib.common.rest_client [req-9c02e7dc-9fd9-4362-87b1-913c5d7ea029 req-9c02e7dc-9fd9-4362-87b1-913c5d7ea029 ] Request (ImagesOneServerNegativeTestJSON:_run_cleanups): 200 GET http://10.180.1.21/compute/v2.1/servers/d2136d99-28b5-4aa3-bb21-6086d55743b1 0.054s
2025-02-19 17:16:41.265 63007 INFO tempest.lib.common.rest_client [req-88f7f599-a179-46ec-b4cb-8e7bd74a7fc6 req-88f7f599-a179-46ec-b4cb-8e7bd74a7fc6 ] Request (ServerDiskConfigTestJSON:test_rebuild_server_with_manual_disk_config): 200 GET http://10.180.1.21/compute/v2.1/servers/c9630308-fddf-4749-982b-e860a00dd719 0.107s
2025-02-19 17:16:41.272 63007 INFO tempest.common.waiters [-] State transition "REBUILD/rebuilding" ==> "REBUILD/rebuild_spawning" after 4 second wait
2025-02-19 17:16:41.289 62992 INFO tempest.lib.common.rest_client [req-72c0bcac-d2c2-4d05-8330-d978556f596f req-72c0bcac-d2c2-4d05-8330-d978556f596f ] Request (ServersAdminTestJSON:test_inject_network_info): 200 GET http://10.180.1.21/compute/v2.1/servers/7fd3536b-bf76-4f11-954f-47d7ccbd6511 0.052s
2025-02-19 17:16:41.323 63020 INFO tempest.lib.common.rest_client [req-9c7a5328-b56f-487b-9aad-3782837707af req-9c7a5328-b56f-487b-9aad-3782837707af ] Request (ImagesOneServerTestJSON:tearDownClass): 200 GET http://10.180.1.21/compute/v2.1/servers/fea7d073-9a24-4053-99af-ad76fcc1a982 0.066s
2025-02-19 17:16:41.330 63020 INFO tempest.common.waiters [-] State transition "ACTIVE/deleting" ==> "DELETED/None" after 5 second wait
2025-02-19 17:16:41.356 63036 INFO tempest.lib.common.rest_client [req-aedcd8eb-7671-4b6d-bca7-f35996b9d3f7 req-aedcd8eb-7671-4b6d-bca7-f35996b9d3f7 ] Request (ServerAddressesNegativeTestJSON:tearDownClass): 200 GET http://10.180.1.21/compute/v2.1/servers/73d030d5-2d4f-4206-8706-9672ec9221f5 0.057s
2025-02-19 17:16:41.388 63034 INFO tempest.lib.common.rest_client [req-28c587bd-81f3-4ea0-abce-576895a83f2c req-28c587bd-81f3-4ea0-abce-576895a83f2c ] Request (ListServerFiltersTestJSON:tearDownClass): 200 GET http://10.180.1.21/compute/v2.1/servers/6dc7032f-ce0d-4067-98f0-ad02ed142682 0.068s
2025-02-19 17:16:41.400 63002 INFO tempest.lib.common.rest_client [req-3bc2e242-1a3d-490a-b866-789cd279bf06 req-3bc2e242-1a3d-490a-b866-789cd279bf06 ] Request (FloatingIPsAssociationTestJSON:test_associate_already_associated_floating_ip): 200 GET http://10.180.1.21/compute/v2.1/servers/26ec8b7d-de9d-47e4-9dce-749d6401f469 0.046s
2025-02-19 17:16:41.493 62982 INFO tempest.lib.common.rest_client [req-7344a795-2ad1-4704-b039-1b8d2bee72c5 req-7344a795-2ad1-4704-b039-1b8d2bee72c5 ] Request (FloatingIPsAssociationNegativeTestJSON:tearDownClass): 200 GET http://10.180.1.21/compute/v2.1/servers/84d7c75f-6887-4d78-bb82-2d937e407e43 0.056s
2025-02-19 17:16:41.571 62998 INFO tempest.lib.common.rest_client [req-d3c80f8f-332e-425a-9359-d24cfebbd8e7 req-d3c80f8f-332e-425a-9359-d24cfebbd8e7 ] Request (ServersTestFqdnHostnames:test_create_server_with_fqdn_name): 200 GET http://10.180.1.21/compute/v2.1/servers/61127b80-d4c7-44fa-97c2-3e8ab0ebfbcc 0.054s
2025-02-19 17:16:41.577 62998 INFO tempest.common.waiters [-] State transition "BUILD/None" ==> "BUILD/networking" after 67 second wait
2025-02-19 17:16:41.597 63008 INFO tempest.lib.common.rest_client [req-04b48500-5bfd-41c6-bb01-b65910b66cf6 req-04b48500-5bfd-41c6-bb01-b65910b66cf6 ] Request (ServerExternalEventsTest:tearDownClass): 200 GET http://10.180.1.21/compute/v2.1/servers/bfe5686a-7219-44ae-95ff-001f9635fa45 0.055s
2025-02-19 17:16:41.625 63018 INFO tempest.lib.common.rest_client [req-7892a541-f52a-4e62-8fd5-048a0895b799 req-7892a541-f52a-4e62-8fd5-048a0895b799 ] Request (ListImageFiltersTestJSON:setUpClass): 200 GET http://10.180.1.21/compute/v2.1/images/3981e92f-847c-4b7f-9449-eaa5dea5bda7 0.050s
2025-02-19 17:16:41.632 62994 INFO tempest.lib.common.rest_client [req-32709df5-fae2-4e9c-b45b-ccd3e32c8f24 req-32709df5-fae2-4e9c-b45b-ccd3e32c8f24 ] Request (ServerGroupTestJSON:_run_cleanups): 200 GET http://10.180.1.21/compute/v2.1/servers/0bc69f9f-9de0-49ec-8725-32f4da72f5f7 0.058s
2025-02-19 17:16:41.708 63026 INFO tempest.lib.common.rest_client [req-e44bdf54-0c6f-4a95-86de-823f76ffdb75 req-e44bdf54-0c6f-4a95-86de-823f76ffdb75 ] Request (MigrationsAdminTest:test_resize_server_revert_deleted_flavor): 200 GET http://10.180.1.21/compute/v2.1/servers/f67479a8-cf01-4c3c-83ae-e7990747a695 0.051s
2025-02-19 17:16:41.775 63012 INFO tempest.lib.common.rest_client [req-c9d88c21-57b0-4a8c-8d2b-51cb1f325cbb req-c9d88c21-57b0-4a8c-8d2b-51cb1f325cbb ] Request (ImagesTestJSON:test_create_image_from_stopped_server): 200 GET http://10.180.1.21/compute/v2.1/servers/76b542df-d968-4830-9988-2b537105e957 0.052s
2025-02-19 17:16:41.885 63000 INFO tempest.lib.common.rest_client [req-013e5b12-ffe4-468d-af71-b67f62701d1e req-013e5b12-ffe4-468d-af71-b67f62701d1e ] Request (ListServersNegativeTestJSON:setUpClass): 200 GET http://10.180.1.21/compute/v2.1/servers/b3c94ff1-9b13-40d8-a028-847544742f18 0.062s
2025-02-19 17:16:41.902 63038 INFO tempest.lib.common.rest_client [req-d913b897-3001-413e-8827-f420f389a96f req-d913b897-3001-413e-8827-f420f389a96f ] Request (ServersTestBootFromVolume:setUpClass): 200 GET http://10.180.1.21/compute/v2.1/servers/9d5032a7-5bd2-417f-9e01-2d4b58abf77e 0.132s
2025-02-19 17:16:41.936 63004 INFO tempest.lib.common.rest_client [req-57e47243-20dd-483d-ab1b-ec445cb9fa4d req-57e47243-20dd-483d-ab1b-ec445cb9fa4d ] Request (ServersAdminNegativeTestJSON:setUpClass): 200 GET http://10.180.1.21/compute/v2.1/servers/50b292c3-8baf-49ad-acda-d76f52695c20 0.090s
2025-02-19 17:16:41.983 63042 INFO tempest.lib.common.rest_client [req-c27a3c56-63e9-49f5-b1a1-b44353ba637a req-c27a3c56-63e9-49f5-b1a1-b44353ba637a ] Request (ServerRescueTestJSONUnderV235:setUpClass): 200 GET http://10.180.1.21/compute/v2.1/servers/b493b6f4-5055-492f-84e4-25f70ca231aa 0.056s
2025-02-19 17:16:42.039 62996 INFO tempest.lib.common.rest_client [req-e9c5096e-480f-4ff4-a805-1b9aded99323 req-e9c5096e-480f-4ff4-a805-1b9aded99323 ] Request (ServersTestMultiNic:test_verify_duplicate_network_nics): 200 GET http://10.180.1.21/compute/v2.1/servers/45223755-7de4-4eec-b41d-8c7ef92452fa 0.056s
2025-02-19 17:16:42.135 62988 INFO tempest.lib.common.rest_client [req-a79b13c3-5876-451c-b6f7-593510644fa6 req-a79b13c3-5876-451c-b6f7-593510644fa6 ] Request (ServerRescueTestJSON:setUpClass): 200 GET http://10.180.1.21/compute/v2.1/servers/22d675da-2ba5-4c9a-8aa2-096eb68e5118 0.053s
2025-02-19 17:16:42.139 62984 INFO tempest.lib.common.rest_client [req-83c494a6-df94-46ed-b72a-2ed5b71927ef req-83c494a6-df94-46ed-b72a-2ed5b71927ef ] Request (ServerDiagnosticsV248Test:tearDownClass): 200 GET http://10.180.1.21/compute/v2.1/servers/f88e9050-4065-4911-b0b0-2ec6df97bd4b 0.081s
2025-02-19 17:16:42.204 63045 INFO tempest.lib.common.rest_client [req-c226e063-ffe0-4c37-849b-29cddabb14d8 req-c226e063-ffe0-4c37-849b-29cddabb14d8 ] Request (ImagesOneServerNegativeTestJSON:_run_cleanups): 200 GET http://10.180.1.21/compute/v2.1/servers/d2136d99-28b5-4aa3-bb21-6086d55743b1 0.047s
2025-02-19 17:16:42.356 62992 INFO tempest.lib.common.rest_client [req-125a1abc-3467-4ccf-9093-d7dc2e896794 req-125a1abc-3467-4ccf-9093-d7dc2e896794 ] Request (ServersAdminTestJSON:test_inject_network_info): 200 GET http://10.180.1.21/compute/v2.1/servers/7fd3536b-bf76-4f11-954f-47d7ccbd6511 0.057s
2025-02-19 17:16:42.421 63020 INFO tempest.lib.common.rest_client [req-2ebe0166-21a1-46b4-84e1-ef8f7c74fc34 req-2ebe0166-21a1-46b4-84e1-ef8f7c74fc34 ] Request (ImagesOneServerTestJSON:tearDownClass): 200 GET http://10.180.1.21/compute/v2.1/servers/fea7d073-9a24-4053-99af-ad76fcc1a982 0.088s
2025-02-19 17:16:42.458 63007 INFO tempest.lib.common.rest_client [req-1139a8ea-bcb2-4dbb-9a26-c711a7ebf604 req-1139a8ea-bcb2-4dbb-9a26-c711a7ebf604 ] Request (ServerDiskConfigTestJSON:test_rebuild_server_with_manual_disk_config): 200 GET http://10.180.1.21/compute/v2.1/servers/c9630308-fddf-4749-982b-e860a00dd719 0.185s
2025-02-19 17:16:42.491 63036 INFO tempest.lib.common.rest_client [req-35e025a4-402c-4de1-8c56-193d860253db req-35e025a4-402c-4de1-8c56-193d860253db ] Request (ServerAddressesNegativeTestJSON:tearDownClass): 200 GET http://10.180.1.21/compute/v2.1/servers/73d030d5-2d4f-4206-8706-9672ec9221f5 0.126s
2025-02-19 17:16:42.530 63034 INFO tempest.lib.common.rest_client [req-374c66f7-9518-4edd-8d8d-8477513a45d7 req-374c66f7-9518-4edd-8d8d-8477513a45d7 ] Request (ListServerFiltersTestJSON:tearDownClass): 200 GET http://10.180.1.21/compute/v2.1/servers/6dc7032f-ce0d-4067-98f0-ad02ed142682 0.132s
2025-02-19 17:16:42.544 63002 INFO tempest.lib.common.rest_client [req-130c1427-d70d-4a94-b09e-de2ac60634ae req-130c1427-d70d-4a94-b09e-de2ac60634ae ] Request (FloatingIPsAssociationTestJSON:test_associate_already_associated_floating_ip): 200 GET http://10.180.1.21/compute/v2.1/servers/26ec8b7d-de9d-47e4-9dce-749d6401f469 0.135s
2025-02-19 17:16:42.589 62982 INFO tempest.lib.common.rest_client [req-91592f6f-d9f0-4bc5-8ac3-96c0ffb2be1a req-91592f6f-d9f0-4bc5-8ac3-96c0ffb2be1a ] Request (FloatingIPsAssociationNegativeTestJSON:tearDownClass): 200 GET http://10.180.1.21/compute/v2.1/servers/84d7c75f-6887-4d78-bb82-2d937e407e43 0.088s
2025-02-19 17:16:42.679 63008 INFO tempest.lib.common.rest_client [req-6566be4a-a385-4a42-8ee4-1cd43c20ab8c req-6566be4a-a385-4a42-8ee4-1cd43c20ab8c ] Request (ServerExternalEventsTest:tearDownClass): 200 GET http://10.180.1.21/compute/v2.1/servers/bfe5686a-7219-44ae-95ff-001f9635fa45 0.070s
2025-02-19 17:16:42.686 63008 INFO tempest.common.waiters [-] State transition "ACTIVE/deleting" ==> "DELETED/None" after 4 second wait
2025-02-19 17:16:42.707 62998 INFO tempest.lib.common.rest_client [req-9577f321-9660-462c-88bf-4a7dfc82285c req-9577f321-9660-462c-88bf-4a7dfc82285c ] Request (ServersTestFqdnHostnames:test_create_server_with_fqdn_name): 200 GET http://10.180.1.21/compute/v2.1/servers/61127b80-d4c7-44fa-97c2-3e8ab0ebfbcc 0.128s
2025-02-19 17:16:42.716 62998 INFO tempest.common.waiters [-] State transition "BUILD/networking" ==> "BUILD/block_device_mapping" after 68 second wait
2025-02-19 17:16:42.719 63018 INFO tempest.lib.common.rest_client [req-3b687416-b68e-4214-bbd3-c4a76784ab56 req-3b687416-b68e-4214-bbd3-c4a76784ab56 ] Request (ListImageFiltersTestJSON:setUpClass): 200 GET http://10.180.1.21/compute/v2.1/images/3981e92f-847c-4b7f-9449-eaa5dea5bda7 0.090s
2025-02-19 17:16:42.771 62994 INFO tempest.lib.common.rest_client [req-7966d190-d469-4c65-83f3-a82b5631bf1c req-7966d190-d469-4c65-83f3-a82b5631bf1c ] Request (ServerGroupTestJSON:_run_cleanups): 200 GET http://10.180.1.21/compute/v2.1/servers/0bc69f9f-9de0-49ec-8725-32f4da72f5f7 0.128s
2025-02-19 17:16:42.780 63026 INFO tempest.lib.common.rest_client [req-15a2558b-1870-45d0-869f-f4990690a695 req-15a2558b-1870-45d0-869f-f4990690a695 ] Request (MigrationsAdminTest:test_resize_server_revert_deleted_flavor): 200 GET http://10.180.1.21/compute/v2.1/servers/f67479a8-cf01-4c3c-83ae-e7990747a695 0.065s
2025-02-19 17:16:42.802 63018 INFO tempest.lib.common.rest_client [req-0899ee72-6b54-472a-8732-a38b2210bed8 req-0899ee72-6b54-472a-8732-a38b2210bed8 ] Request (ListImageFiltersTestJSON:setUpClass): 200 GET http://10.180.1.21/compute/v2.1/images/3981e92f-847c-4b7f-9449-eaa5dea5bda7 0.080s
2025-02-19 17:16:42.836 63012 INFO tempest.lib.common.rest_client [req-e08b5b0c-c159-4326-9549-5520eb82f7a3 req-e08b5b0c-c159-4326-9549-5520eb82f7a3 ] Request (ImagesTestJSON:test_create_image_from_stopped_server): 200 GET http://10.180.1.21/compute/v2.1/servers/76b542df-d968-4830-9988-2b537105e957 0.052s
2025-02-19 17:16:42.920 63018 INFO tempest.lib.common.rest_client [req-2dba9fdc-f474-4298-b2af-401c0abcac56 req-2dba9fdc-f474-4298-b2af-401c0abcac56 ] Request (ListImageFiltersTestJSON:setUpClass): 200 GET http://10.180.1.21/compute/v2.1/servers/1dc0fc2c-e96b-4366-ac81-67b190e65ab7 0.114s
2025-02-19 17:16:42.954 63000 INFO tempest.lib.common.rest_client [req-5ed85b28-7fad-422e-a7f7-3014eb455c94 req-5ed85b28-7fad-422e-a7f7-3014eb455c94 ] Request (ListServersNegativeTestJSON:setUpClass): 200 GET http://10.180.1.21/compute/v2.1/servers/b3c94ff1-9b13-40d8-a028-847544742f18 0.059s
2025-02-19 17:16:43.000 63004 INFO tempest.lib.common.rest_client [req-f61c7173-1a58-4675-9e24-482cfa04903a req-f61c7173-1a58-4675-9e24-482cfa04903a ] Request (ServersAdminNegativeTestJSON:setUpClass): 200 GET http://10.180.1.21/compute/v2.1/servers/50b292c3-8baf-49ad-acda-d76f52695c20 0.056s
2025-02-19 17:16:43.028 63038 INFO tempest.lib.common.rest_client [req-142fd545-23e0-4e02-861c-6ae45c160c8a req-142fd545-23e0-4e02-861c-6ae45c160c8a ] Request (ServersTestBootFromVolume:setUpClass): 200 GET http://10.180.1.21/compute/v2.1/servers/9d5032a7-5bd2-417f-9e01-2d4b58abf77e 0.118s
2025-02-19 17:16:43.035 63038 INFO tempest.common.waiters [-] State transition "BUILD/spawning" ==> "ACTIVE/None" after 73 second wait
2025-02-19 17:16:43.050 63042 INFO tempest.lib.common.rest_client [req-1a277890-4f61-4bd1-a7d2-0d17ae622d0f req-1a277890-4f61-4bd1-a7d2-0d17ae622d0f ] Request (ServerRescueTestJSONUnderV235:setUpClass): 200 GET http://10.180.1.21/compute/v2.1/servers/b493b6f4-5055-492f-84e4-25f70ca231aa 0.058s
2025-02-19 17:16:43.099 62996 INFO tempest.lib.common.rest_client [req-34710c07-c16a-426c-9f86-81f3baa79d35 req-34710c07-c16a-426c-9f86-81f3baa79d35 ] Request (ServersTestMultiNic:test_verify_duplicate_network_nics): 200 GET http://10.180.1.21/compute/v2.1/servers/45223755-7de4-4eec-b41d-8c7ef92452fa 0.052s
2025-02-19 17:16:43.102 63038 INFO tempest.lib.common.rest_client [req-c34c4e1b-a1cb-4c7e-b3e8-8e86cb65c1f7 req-c34c4e1b-a1cb-4c7e-b3e8-8e86cb65c1f7 ] Request (ServersTestBootFromVolume:setUpClass): 200 GET http://10.180.1.21/compute/v2.1/servers/9d5032a7-5bd2-417f-9e01-2d4b58abf77e/os-interface 0.066s
2025-02-19 17:16:43.198 62988 INFO tempest.lib.common.rest_client [req-18af7eaf-3b32-46f6-8807-95da1fa9264b req-18af7eaf-3b32-46f6-8807-95da1fa9264b ] Request (ServerRescueTestJSON:setUpClass): 200 GET http://10.180.1.21/compute/v2.1/servers/22d675da-2ba5-4c9a-8aa2-096eb68e5118 0.053s
2025-02-19 17:16:43.211 62984 INFO tempest.lib.common.rest_client [req-ba4237f2-94aa-4ee9-9f36-2443071e694b req-ba4237f2-94aa-4ee9-9f36-2443071e694b ] Request (ServerDiagnosticsV248Test:tearDownClass): 200 GET http://10.180.1.21/compute/v2.1/servers/f88e9050-4065-4911-b0b0-2ec6df97bd4b 0.064s
2025-02-19 17:16:43.263 63045 INFO tempest.lib.common.rest_client [req-a2de12f5-b88f-4f09-9d75-ea37d87bb9df req-a2de12f5-b88f-4f09-9d75-ea37d87bb9df ] Request (ImagesOneServerNegativeTestJSON:_run_cleanups): 200 GET http://10.180.1.21/compute/v2.1/servers/d2136d99-28b5-4aa3-bb21-6086d55743b1 0.052s
2025-02-19 17:16:43.427 62992 INFO tempest.lib.common.rest_client [req-1656c614-c009-4a4b-a97c-0d9a5bb21b4a req-1656c614-c009-4a4b-a97c-0d9a5bb21b4a ] Request (ServersAdminTestJSON:test_inject_network_info): 200 GET http://10.180.1.21/compute/v2.1/servers/7fd3536b-bf76-4f11-954f-47d7ccbd6511 0.059s
2025-02-19 17:16:43.496 63020 INFO tempest.lib.common.rest_client [req-793ce9b3-915c-4efd-9bbd-5080f7fb30f2 req-793ce9b3-915c-4efd-9bbd-5080f7fb30f2 ] Request (ImagesOneServerTestJSON:tearDownClass): 200 GET http://10.180.1.21/compute/v2.1/servers/fea7d073-9a24-4053-99af-ad76fcc1a982 0.059s
2025-02-19 17:16:43.529 62990 WARNING tempest.lib.common.ssh [-] Failed to establish authenticated ssh connection to cirros@10.180.180.217 ([Errno None] Unable to connect to port 22 on 10.180.180.217). Number attempts: 9. Retry after 10 seconds.: paramiko.ssh_exception.NoValidConnectionsError: [Errno None] Unable to connect to port 22 on 10.180.180.217
2025-02-19 17:16:43.566 63036 INFO tempest.lib.common.rest_client [req-d7598123-87ff-4c80-8372-5082156cbf99 req-d7598123-87ff-4c80-8372-5082156cbf99 ] Request (ServerAddressesNegativeTestJSON:tearDownClass): 200 GET http://10.180.1.21/compute/v2.1/servers/73d030d5-2d4f-4206-8706-9672ec9221f5 0.068s
2025-02-19 17:16:43.611 63038 INFO tempest.lib.common.rest_client [req-5ab1e762-6549-41a3-8ff0-9c141e46f1d4 req-5ab1e762-6549-41a3-8ff0-9c141e46f1d4 ] Request (ServersTestBootFromVolume:setUpClass): 200 PUT http://10.180.1.21:9696/networking/v2.0/floatingips/dff65c52-f7c5-4597-b066-06ceda2b672f 0.507s
2025-02-19 17:16:43.628 63034 INFO tempest.lib.common.rest_client [req-10f9beed-111a-4904-bcff-dfcfdb724fbb req-10f9beed-111a-4904-bcff-dfcfdb724fbb ] Request (ListServerFiltersTestJSON:tearDownClass): 200 GET http://10.180.1.21/compute/v2.1/servers/6dc7032f-ce0d-4067-98f0-ad02ed142682 0.091s
2025-02-19 17:16:43.639 63007 INFO tempest.lib.common.rest_client [req-9bc55283-833b-4bd9-a0e5-79378929220b req-9bc55283-833b-4bd9-a0e5-79378929220b ] Request (ServerDiskConfigTestJSON:test_rebuild_server_with_manual_disk_config): 200 GET http://10.180.1.21/compute/v2.1/servers/c9630308-fddf-4749-982b-e860a00dd719 0.173s
2025-02-19 17:16:43.683 63002 INFO tempest.lib.common.rest_client [req-796d8606-52c7-4aa5-95de-9bbe2a7f4ad1 req-796d8606-52c7-4aa5-95de-9bbe2a7f4ad1 ] Request (FloatingIPsAssociationTestJSON:test_associate_already_associated_floating_ip): 200 GET http://10.180.1.21/compute/v2.1/servers/26ec8b7d-de9d-47e4-9dce-749d6401f469 0.130s
2025-02-19 17:16:43.698 62982 INFO tempest.lib.common.rest_client [req-cb56656e-1131-4aa3-acbe-1f559ecd8f68 req-cb56656e-1131-4aa3-acbe-1f559ecd8f68 ] Request (FloatingIPsAssociationNegativeTestJSON:tearDownClass): 200 GET http://10.180.1.21/compute/v2.1/servers/84d7c75f-6887-4d78-bb82-2d937e407e43 0.100s
2025-02-19 17:16:43.775 63008 INFO tempest.lib.common.rest_client [req-fec5b7bd-96e2-4f62-b234-69afdb1f51cb req-fec5b7bd-96e2-4f62-b234-69afdb1f51cb ] Request (ServerExternalEventsTest:tearDownClass): 200 GET http://10.180.1.21/compute/v2.1/servers/bfe5686a-7219-44ae-95ff-001f9635fa45 0.088s
2025-02-19 17:16:43.799 63038 INFO tempest.lib.common.rest_client [req-a71bd221-61b1-4278-aa5b-cdb4e84ff201 req-a71bd221-61b1-4278-aa5b-cdb4e84ff201 ] Request (ServersTestBootFromVolume:setUpClass): 200 GET http://10.180.1.21/compute/v2.1/servers/9d5032a7-5bd2-417f-9e01-2d4b58abf77e 0.187s
2025-02-19 17:16:43.808 63038 INFO tempest.lib.common.ssh [-] Creating ssh connection to '10.180.180.139:22' as 'cirros' with public key authentication
2025-02-19 17:16:43.865 62994 INFO tempest.lib.common.rest_client [req-60af1ea9-16de-430e-bc97-1dccf8f97432 req-60af1ea9-16de-430e-bc97-1dccf8f97432 ] Request (ServerGroupTestJSON:_run_cleanups): 200 GET http://10.180.1.21/compute/v2.1/servers/0bc69f9f-9de0-49ec-8725-32f4da72f5f7 0.085s
2025-02-19 17:16:43.870 62998 INFO tempest.lib.common.rest_client [req-2e9944fc-7085-45d7-930a-c0eae1202e6e req-2e9944fc-7085-45d7-930a-c0eae1202e6e ] Request (ServersTestFqdnHostnames:test_create_server_with_fqdn_name): 200 GET http://10.180.1.21/compute/v2.1/servers/61127b80-d4c7-44fa-97c2-3e8ab0ebfbcc 0.151s
2025-02-19 17:16:43.877 62998 INFO tempest.common.waiters [-] State transition "BUILD/block_device_mapping" ==> "BUILD/spawning" after 69 second wait
2025-02-19 17:16:43.916 63026 INFO tempest.lib.common.rest_client [req-c98477ac-e16e-4d11-85fd-36286e02f584 req-c98477ac-e16e-4d11-85fd-36286e02f584 ] Request (MigrationsAdminTest:test_resize_server_revert_deleted_flavor): 200 GET http://10.180.1.21/compute/v2.1/servers/f67479a8-cf01-4c3c-83ae-e7990747a695 0.125s
2025-02-19 17:16:43.932 63012 INFO tempest.lib.common.rest_client [req-fa69c837-d0cd-4973-8415-69f93f4d4f68 req-fa69c837-d0cd-4973-8415-69f93f4d4f68 ] Request (ImagesTestJSON:test_create_image_from_stopped_server): 200 GET http://10.180.1.21/compute/v2.1/servers/76b542df-d968-4830-9988-2b537105e957 0.088s
2025-02-19 17:16:44.022 63018 INFO tempest.lib.common.rest_client [req-2356fcb0-5da2-45f5-b3c8-3ea840953dfe req-2356fcb0-5da2-45f5-b3c8-3ea840953dfe ] Request (ListImageFiltersTestJSON:setUpClass): 200 GET http://10.180.1.21/compute/v2.1/servers/1dc0fc2c-e96b-4366-ac81-67b190e65ab7 0.091s
2025-02-19 17:16:44.029 63000 INFO tempest.lib.common.rest_client [req-6e147f03-6a07-42f0-b857-88f96ccf0932 req-6e147f03-6a07-42f0-b857-88f96ccf0932 ] Request (ListServersNegativeTestJSON:setUpClass): 200 GET http://10.180.1.21/compute/v2.1/servers/b3c94ff1-9b13-40d8-a028-847544742f18 0.067s
