2025-02-19 17:16:01.325 63008 INFO tempest.lib.common.rest_client [req-dca052bd-933b-4b4e-9061-4dcca5bfcbdb req-dca052bd-933b-4b4e-9061-4dcca5bfcbdb ] Request (ServerExternalEventsTest:test_create_server_external_events): 200 GET http://10.180.1.21/compute/v2.1/servers/bfe5686a-7219-44ae-95ff-001f9635fa45 0.057s
2025-02-19 17:16:01.600 63026 INFO tempest.lib.common.rest_client [req-14d84d7b-3e38-4425-94c2-3615141bdeff req-14d84d7b-3e38-4425-94c2-3615141bdeff ] Request (MigrationsAdminTest:test_resize_server_revert_deleted_flavor): 200 GET http://10.180.1.21/compute/v2.1/servers/f67479a8-cf01-4c3c-83ae-e7990747a695 0.079s
2025-02-19 17:16:01.639 63000 INFO tempest.lib.common.rest_client [req-f163ca98-8d82-4a1a-811b-3577a0c7c747 req-f163ca98-8d82-4a1a-811b-3577a0c7c747 ] Request (ListServersNegativeTestJSON:setUpClass): 200 GET http://10.180.1.21/compute/v2.1/servers/34e9ab31-abeb-474b-b586-30b5c0703330 0.110s
2025-02-19 17:16:01.669 63036 INFO tempest.lib.common.rest_client [req-0ae676b7-e92b-4809-9a3a-f90b503c8bf2 req-0ae676b7-e92b-4809-9a3a-f90b503c8bf2 ] Request (ServerAddressesNegativeTestJSON:setUpClass): 200 GET http://10.180.1.21/compute/v2.1/servers/73d030d5-2d4f-4206-8706-9672ec9221f5 0.093s
2025-02-19 17:16:01.695 63012 INFO tempest.lib.common.rest_client [req-2fd61f7b-210d-4cc6-bd5f-3225d6337f23 req-2fd61f7b-210d-4cc6-bd5f-3225d6337f23 ] Request (ImagesTestJSON:test_create_image_from_stopped_server): 200 GET http://10.180.1.21/compute/v2.1/servers/76b542df-d968-4830-9988-2b537105e957 0.072s
2025-02-19 17:16:01.732 63042 INFO tempest.lib.common.rest_client [req-4ca909d0-58d5-40f0-8a63-22559c9f7332 req-4ca909d0-58d5-40f0-8a63-22559c9f7332 ] Request (ServerRescueTestJSONUnderV235:setUpClass): 200 GET http://10.180.1.21/compute/v2.1/servers/b493b6f4-5055-492f-84e4-25f70ca231aa 0.060s
2025-02-19 17:16:01.780 63020 INFO tempest.lib.common.rest_client [req-3d8d6f71-22d8-41b4-b825-5bd88bc2be74 req-3d8d6f71-22d8-41b4-b825-5bd88bc2be74 ] Request (ImagesOneServerTestJSON:test_create_delete_image): 200 GET http://10.180.1.21/compute/v2.1/images/07cdc382-eed8-4419-b390-48991314286f 0.045s
2025-02-19 17:16:01.804 62982 INFO tempest.lib.common.rest_client [req-009cf6df-ee14-4b05-ab42-f2d2508f0471 req-009cf6df-ee14-4b05-ab42-f2d2508f0471 ] Request (FloatingIPsAssociationNegativeTestJSON:setUpClass): 200 GET http://10.180.1.21/compute/v2.1/servers/84d7c75f-6887-4d78-bb82-2d937e407e43 0.068s
2025-02-19 17:16:01.839 63018 INFO tempest.lib.common.rest_client [req-ed2c7d86-8c5b-4313-a99d-0e399024ddf1 req-ed2c7d86-8c5b-4313-a99d-0e399024ddf1 ] Request (ListImageFiltersTestJSON:setUpClass): 200 GET http://10.180.1.21/compute/v2.1/images/5c49cd4c-11da-4c18-934b-82e09e62dbd8 0.074s
2025-02-19 17:16:01.920 62996 INFO tempest.lib.common.rest_client [req-d4d06c1b-4276-4486-adb7-08556693498c req-d4d06c1b-4276-4486-adb7-08556693498c ] Request (ServersTestMultiNic:test_verify_duplicate_network_nics): 200 GET http://10.180.1.21/compute/v2.1/servers/45223755-7de4-4eec-b41d-8c7ef92452fa 0.058s
2025-02-19 17:16:01.979 63002 INFO tempest.lib.common.rest_client [req-0dd4ca67-7d6a-49bb-b1bb-dfde72800409 req-0dd4ca67-7d6a-49bb-b1bb-dfde72800409 ] Request (FloatingIPsAssociationTestJSON:setUpClass): 200 GET http://10.180.1.21/compute/v2.1/servers/7c4dea41-5165-4f17-98c9-1cdc3662f2be 0.067s
2025-02-19 17:16:01.993 63045 INFO tempest.lib.common.rest_client [req-bb24a1aa-0c38-4502-82b0-991302910a83 req-bb24a1aa-0c38-4502-82b0-991302910a83 ] Request (ImagesOneServerNegativeTestJSON:_run_cleanups): 200 GET http://10.180.1.21/compute/v2.1/servers/03359cc0-ef5f-4cdf-bd91-445ddf1da33f 0.073s
2025-02-19 17:16:02.040 62994 INFO tempest.lib.common.rest_client [req-9e665dde-0990-4b80-a196-37b718ca9a20 req-9e665dde-0990-4b80-a196-37b718ca9a20 ] Request (ServerGroupTestJSON:test_create_server_with_scheduler_hint_group): 200 GET http://10.180.1.21/compute/v2.1/servers/0bc69f9f-9de0-49ec-8725-32f4da72f5f7 0.068s
2025-02-19 17:16:02.059 63034 INFO tempest.lib.common.rest_client [req-90b5cb88-f1a2-4e94-8e94-124e38909ae4 req-90b5cb88-f1a2-4e94-8e94-124e38909ae4 ] Request (ListServerFiltersTestJSON:tearDownClass): 200 GET http://10.180.1.21/compute/v2.1/servers/d923bec1-81c9-491d-9dca-4c758893e809 0.085s
2025-02-19 17:16:02.100 62992 INFO tempest.lib.common.rest_client [req-d4877051-8d9c-47d4-9ab2-50af4c53ffd3 req-d4877051-8d9c-47d4-9ab2-50af4c53ffd3 ] Request (ServersAdminTestJSON:test_create_server_with_scheduling_hint): 200 GET http://10.180.1.21/compute/v2.1/servers/dceb2e10-608b-436a-adaf-6bb2d7604566 0.079s
2025-02-19 17:16:02.126 63004 INFO tempest.lib.common.rest_client [req-332ceeec-87df-4320-991a-2ed71eb8a3c2 req-332ceeec-87df-4320-991a-2ed71eb8a3c2 ] Request (DeleteServersAdminTestJSON:test_delete_server_while_in_error_state): 200 GET http://10.180.1.21/compute/v2.1/servers/3e0a83b8-5bfd-4a3a-bde3-1bf6e4df2829 0.098s
2025-02-19 17:16:02.153 62988 INFO tempest.lib.common.rest_client [req-5498d691-91b1-4707-9217-e3afd8ceb129 req-5498d691-91b1-4707-9217-e3afd8ceb129 ] Request (ServerRescueTestJSON:setUpClass): 200 GET http://10.180.1.21/compute/v2.1/servers/22d675da-2ba5-4c9a-8aa2-096eb68e5118 0.077s
2025-02-19 17:16:02.183 63010 INFO tempest.lib.common.rest_client [req-f2b2b6db-881f-4502-9386-f1b64cc8fbdb req-f2b2b6db-881f-4502-9386-f1b64cc8fbdb ] Request (ImagesNegativeTestJSON:test_create_image_from_deleted_server): 200 GET http://10.180.1.21/compute/v2.1/servers/1d5f9a57-a196-47e3-9c6d-19a67f31f2b3 0.094s
2025-02-19 17:16:02.209 63038 INFO tempest.lib.common.rest_client [req-a2fc13cb-4cc7-4d6a-8ada-f5f282b09d7f req-a2fc13cb-4cc7-4d6a-8ada-f5f282b09d7f ] Request (ServersTestBootFromVolume:setUpClass): 200 GET http://10.180.1.21/compute/v2.1/servers/9d5032a7-5bd2-417f-9e01-2d4b58abf77e 0.072s
2025-02-19 17:16:02.237 63007 INFO tempest.lib.common.rest_client [req-4648090d-641d-4455-98f4-47130f70811c req-4648090d-641d-4455-98f4-47130f70811c ] Request (ServerDiskConfigTestJSON:test_rebuild_server_with_manual_disk_config): 200 GET http://10.180.1.21/compute/v2.1/servers/c9630308-fddf-4749-982b-e860a00dd719 0.090s
2025-02-19 17:16:02.262 62998 INFO tempest.lib.common.rest_client [req-3a3216ed-8ea9-4c9b-acf7-7cb101a4391b req-3a3216ed-8ea9-4c9b-acf7-7cb101a4391b ] Request (ServersTestFqdnHostnames:test_create_server_with_fqdn_name): 200 GET http://10.180.1.21/compute/v2.1/servers/61127b80-d4c7-44fa-97c2-3e8ab0ebfbcc 0.073s
2025-02-19 17:16:02.271 62990 WARNING tempest.lib.common.ssh [-] Failed to establish authenticated ssh connection to cirros@10.180.180.217 ([Errno None] Unable to connect to port 22 on 10.180.180.217). Number attempts: 5. Retry after 6 seconds.: paramiko.ssh_exception.NoValidConnectionsError: [Errno None] Unable to connect to port 22 on 10.180.180.217
2025-02-19 17:16:02.384 63008 INFO tempest.lib.common.rest_client [req-10666428-24d2-4320-8e8d-2eda69783e17 req-10666428-24d2-4320-8e8d-2eda69783e17 ] Request (ServerExternalEventsTest:test_create_server_external_events): 200 GET http://10.180.1.21/compute/v2.1/servers/bfe5686a-7219-44ae-95ff-001f9635fa45 0.051s
2025-02-19 17:16:02.663 63026 INFO tempest.lib.common.rest_client [req-0a600203-00de-4a68-98d1-6eabbbe0869a req-0a600203-00de-4a68-98d1-6eabbbe0869a ] Request (MigrationsAdminTest:test_resize_server_revert_deleted_flavor): 200 GET http://10.180.1.21/compute/v2.1/servers/f67479a8-cf01-4c3c-83ae-e7990747a695 0.055s
2025-02-19 17:16:02.735 63036 INFO tempest.lib.common.rest_client [req-af7f5be0-02b4-46d5-82ee-eee097733b8b req-af7f5be0-02b4-46d5-82ee-eee097733b8b ] Request (ServerAddressesNegativeTestJSON:setUpClass): 200 GET http://10.180.1.21/compute/v2.1/servers/73d030d5-2d4f-4206-8706-9672ec9221f5 0.050s
2025-02-19 17:16:02.742 63036 INFO tempest.common.waiters [-] State transition "BUILD/None" ==> "BUILD/networking" after 37 second wait
2025-02-19 17:16:02.782 63028 WARNING tempest.lib.common.ssh [-] Failed to establish authenticated ssh connection to cirros@10.180.180.232 ([Errno None] Unable to connect to port 22 on 10.180.180.232). Number attempts: 5. Retry after 6 seconds.: paramiko.ssh_exception.NoValidConnectionsError: [Errno None] Unable to connect to port 22 on 10.180.180.232
2025-02-19 17:16:02.784 63000 INFO tempest.lib.common.rest_client [req-9a2f9198-1fb5-48be-8eeb-12d6d2005c60 req-9a2f9198-1fb5-48be-8eeb-12d6d2005c60 ] Request (ListServersNegativeTestJSON:setUpClass): 200 GET http://10.180.1.21/compute/v2.1/servers/34e9ab31-abeb-474b-b586-30b5c0703330 0.122s
2025-02-19 17:16:02.798 63012 INFO tempest.lib.common.rest_client [req-b530b331-c190-4922-87d1-18ebb251e732 req-b530b331-c190-4922-87d1-18ebb251e732 ] Request (ImagesTestJSON:test_create_image_from_stopped_server): 200 GET http://10.180.1.21/compute/v2.1/servers/76b542df-d968-4830-9988-2b537105e957 0.094s
2025-02-19 17:16:02.855 63042 INFO tempest.lib.common.rest_client [req-f4635717-43fc-4049-ab2d-669970b843e4 req-f4635717-43fc-4049-ab2d-669970b843e4 ] Request (ServerRescueTestJSONUnderV235:setUpClass): 200 GET http://10.180.1.21/compute/v2.1/servers/b493b6f4-5055-492f-84e4-25f70ca231aa 0.108s
2025-02-19 17:16:02.885 63020 INFO tempest.lib.common.rest_client [req-bf19ca6a-8aee-4d3a-b24c-834dbd764082 req-bf19ca6a-8aee-4d3a-b24c-834dbd764082 ] Request (ImagesOneServerTestJSON:test_create_delete_image): 200 GET http://10.180.1.21/compute/v2.1/images/07cdc382-eed8-4419-b390-48991314286f 0.101s
2025-02-19 17:16:02.912 62982 INFO tempest.lib.common.rest_client [req-0137ed46-180d-47c5-8ddf-6e22d813dd14 req-0137ed46-180d-47c5-8ddf-6e22d813dd14 ] Request (FloatingIPsAssociationNegativeTestJSON:setUpClass): 200 GET http://10.180.1.21/compute/v2.1/servers/84d7c75f-6887-4d78-bb82-2d937e407e43 0.097s
2025-02-19 17:16:02.917 63018 INFO tempest.lib.common.rest_client [req-3ec70b41-28a3-4e5c-98e0-1e43ecbba164 req-3ec70b41-28a3-4e5c-98e0-1e43ecbba164 ] Request (ListImageFiltersTestJSON:setUpClass): 200 GET http://10.180.1.21/compute/v2.1/images/5c49cd4c-11da-4c18-934b-82e09e62dbd8 0.075s
2025-02-19 17:16:02.995 62996 INFO tempest.lib.common.rest_client [req-0fafb3d1-7165-499c-9926-218eb26b9d04 req-0fafb3d1-7165-499c-9926-218eb26b9d04 ] Request (ServersTestMultiNic:test_verify_duplicate_network_nics): 200 GET http://10.180.1.21/compute/v2.1/servers/45223755-7de4-4eec-b41d-8c7ef92452fa 0.066s
2025-02-19 17:16:03.054 63002 INFO tempest.lib.common.rest_client [req-48d48024-4387-4fe9-9cf0-6bcc3057c5b7 req-48d48024-4387-4fe9-9cf0-6bcc3057c5b7 ] Request (FloatingIPsAssociationTestJSON:setUpClass): 200 GET http://10.180.1.21/compute/v2.1/servers/7c4dea41-5165-4f17-98c9-1cdc3662f2be 0.066s
2025-02-19 17:16:03.080 63045 INFO tempest.lib.common.rest_client [req-ffe97da3-708b-4f6c-95f8-3b74f57c4363 req-ffe97da3-708b-4f6c-95f8-3b74f57c4363 ] Request (ImagesOneServerNegativeTestJSON:_run_cleanups): 200 GET http://10.180.1.21/compute/v2.1/servers/03359cc0-ef5f-4cdf-bd91-445ddf1da33f 0.077s
2025-02-19 17:16:03.133 62994 INFO tempest.lib.common.rest_client [req-f9dc8fc4-9daa-44d8-a5c9-f15a1c2c7ac9 req-f9dc8fc4-9daa-44d8-a5c9-f15a1c2c7ac9 ] Request (ServerGroupTestJSON:test_create_server_with_scheduler_hint_group): 200 GET http://10.180.1.21/compute/v2.1/servers/0bc69f9f-9de0-49ec-8725-32f4da72f5f7 0.082s
2025-02-19 17:16:03.149 63034 INFO tempest.lib.common.rest_client [req-6d725a8c-8806-4863-95d0-400281614489 req-6d725a8c-8806-4863-95d0-400281614489 ] Request (ListServerFiltersTestJSON:tearDownClass): 200 GET http://10.180.1.21/compute/v2.1/servers/d923bec1-81c9-491d-9dca-4c758893e809 0.078s
2025-02-19 17:16:03.166 62986 WARNING tempest.lib.common.ssh [-] Failed to establish authenticated ssh connection to cirros@10.180.180.198 ([Errno None] Unable to connect to port 22 on 10.180.180.198). Number attempts: 5. Retry after 6 seconds.: paramiko.ssh_exception.NoValidConnectionsError: [Errno None] Unable to connect to port 22 on 10.180.180.198
2025-02-19 17:16:03.193 62992 INFO tempest.lib.common.rest_client [req-4a9d116e-bc4b-41a0-ad62-d483207534b5 req-4a9d116e-bc4b-41a0-ad62-d483207534b5 ] Request (ServersAdminTestJSON:test_create_server_with_scheduling_hint): 200 GET http://10.180.1.21/compute/v2.1/servers/dceb2e10-608b-436a-adaf-6bb2d7604566 0.086s
2025-02-19 17:16:03.217 63004 INFO tempest.lib.common.rest_client [req-56d36276-a56c-4276-82a9-6c3a3eba9312 req-56d36276-a56c-4276-82a9-6c3a3eba9312 ] Request (DeleteServersAdminTestJSON:test_delete_server_while_in_error_state): 200 GET http://10.180.1.21/compute/v2.1/servers/3e0a83b8-5bfd-4a3a-bde3-1bf6e4df2829 0.080s
2025-02-19 17:16:03.248 62988 INFO tempest.lib.common.rest_client [req-894ca441-d96e-4ee3-8f17-db9fb34a73e8 req-894ca441-d96e-4ee3-8f17-db9fb34a73e8 ] Request (ServerRescueTestJSON:setUpClass): 200 GET http://10.180.1.21/compute/v2.1/servers/22d675da-2ba5-4c9a-8aa2-096eb68e5118 0.083s
2025-02-19 17:16:03.284 63010 INFO tempest.lib.common.rest_client [req-47225697-bae6-4337-8c05-22a8a91f7a4e req-47225697-bae6-4337-8c05-22a8a91f7a4e ] Request (ImagesNegativeTestJSON:test_create_image_from_deleted_server): 200 GET http://10.180.1.21/compute/v2.1/servers/1d5f9a57-a196-47e3-9c6d-19a67f31f2b3 0.091s
2025-02-19 17:16:03.303 63038 INFO tempest.lib.common.rest_client [req-a61d47b5-fe51-482e-9c90-70324b71e1c6 req-a61d47b5-fe51-482e-9c90-70324b71e1c6 ] Request (ServersTestBootFromVolume:setUpClass): 200 GET http://10.180.1.21/compute/v2.1/servers/9d5032a7-5bd2-417f-9e01-2d4b58abf77e 0.085s
2025-02-19 17:16:03.337 63007 INFO tempest.lib.common.rest_client [req-174d6d18-2e87-488b-982e-94099bc36653 req-174d6d18-2e87-488b-982e-94099bc36653 ] Request (ServerDiskConfigTestJSON:test_rebuild_server_with_manual_disk_config): 200 GET http://10.180.1.21/compute/v2.1/servers/c9630308-fddf-4749-982b-e860a00dd719 0.092s
2025-02-19 17:16:03.358 63016 WARNING tempest.lib.common.ssh [-] Failed to establish authenticated ssh connection to cirros@10.180.180.132 ([Errno None] Unable to connect to port 22 on 10.180.180.132). Number attempts: 3. Retry after 4 seconds.: paramiko.ssh_exception.NoValidConnectionsError: [Errno None] Unable to connect to port 22 on 10.180.180.132
2025-02-19 17:16:03.362 62998 INFO tempest.lib.common.rest_client [req-f43b7226-e71f-4226-bfa1-80db87266774 req-f43b7226-e71f-4226-bfa1-80db87266774 ] Request (ServersTestFqdnHostnames:test_create_server_with_fqdn_name): 200 GET http://10.180.1.21/compute/v2.1/servers/61127b80-d4c7-44fa-97c2-3e8ab0ebfbcc 0.089s
2025-02-19 17:16:03.448 63008 INFO tempest.lib.common.rest_client [req-17f66f93-25b9-4bfe-8e1f-47c0441964b9 req-17f66f93-25b9-4bfe-8e1f-47c0441964b9 ] Request (ServerExternalEventsTest:test_create_server_external_events): 200 GET http://10.180.1.21/compute/v2.1/servers/bfe5686a-7219-44ae-95ff-001f9635fa45 0.056s
2025-02-19 17:16:03.732 63026 INFO tempest.lib.common.rest_client [req-38022bc9-3dfd-480c-ac23-e6022cb16cb0 req-38022bc9-3dfd-480c-ac23-e6022cb16cb0 ] Request (MigrationsAdminTest:test_resize_server_revert_deleted_flavor): 200 GET http://10.180.1.21/compute/v2.1/servers/f67479a8-cf01-4c3c-83ae-e7990747a695 0.062s
2025-02-19 17:16:03.849 63036 INFO tempest.lib.common.rest_client [req-d18d8a5b-aebb-4eb4-a52f-edddcbd1473a req-d18d8a5b-aebb-4eb4-a52f-edddcbd1473a ] Request (ServerAddressesNegativeTestJSON:setUpClass): 200 GET http://10.180.1.21/compute/v2.1/servers/73d030d5-2d4f-4206-8706-9672ec9221f5 0.106s
2025-02-19 17:16:03.857 63036 INFO tempest.common.waiters [-] State transition "BUILD/networking" ==> "BUILD/spawning" after 38 second wait
2025-02-19 17:16:03.903 63012 INFO tempest.lib.common.rest_client [req-4ec746d3-a894-4005-9a91-324a20ea60bc req-4ec746d3-a894-4005-9a91-324a20ea60bc ] Request (ImagesTestJSON:test_create_image_from_stopped_server): 200 GET http://10.180.1.21/compute/v2.1/servers/76b542df-d968-4830-9988-2b537105e957 0.095s
2025-02-19 17:16:03.908 63000 INFO tempest.lib.common.rest_client [req-2ab59400-8312-4344-89ad-ebbb99082fc3 req-2ab59400-8312-4344-89ad-ebbb99082fc3 ] Request (ListServersNegativeTestJSON:setUpClass): 200 GET http://10.180.1.21/compute/v2.1/servers/34e9ab31-abeb-474b-b586-30b5c0703330 0.111s
2025-02-19 17:16:03.965 63042 INFO tempest.lib.common.rest_client [req-1b9aab89-43ef-4896-86df-e47f234ca2af req-1b9aab89-43ef-4896-86df-e47f234ca2af ] Request (ServerRescueTestJSONUnderV235:setUpClass): 200 GET http://10.180.1.21/compute/v2.1/servers/b493b6f4-5055-492f-84e4-25f70ca231aa 0.101s
2025-02-19 17:16:04.014 62982 INFO tempest.lib.common.rest_client [req-53a47fc9-dd99-493a-99d0-19cbd881ea1e req-53a47fc9-dd99-493a-99d0-19cbd881ea1e ] Request (FloatingIPsAssociationNegativeTestJSON:setUpClass): 200 GET http://10.180.1.21/compute/v2.1/servers/84d7c75f-6887-4d78-bb82-2d937e407e43 0.095s
2025-02-19 17:16:04.162 63020 INFO tempest.lib.common.rest_client [req-90cb16d5-f77c-4f38-8aaa-ddc68ac098c5 req-90cb16d5-f77c-4f38-8aaa-ddc68ac098c5 ] Request (ImagesOneServerTestJSON:test_create_delete_image): 200 GET http://10.180.1.21/compute/v2.1/images/07cdc382-eed8-4419-b390-48991314286f 0.268s
2025-02-19 17:16:04.170 63018 INFO tempest.lib.common.rest_client [req-2808e880-4629-4351-b033-63ced6bf45c4 req-2808e880-4629-4351-b033-63ced6bf45c4 ] Request (ListImageFiltersTestJSON:setUpClass): 200 GET http://10.180.1.21/compute/v2.1/images/5c49cd4c-11da-4c18-934b-82e09e62dbd8 0.246s
2025-02-19 17:16:04.215 62996 INFO tempest.lib.common.rest_client [req-868d9100-3465-4970-9530-2d67326372d7 req-868d9100-3465-4970-9530-2d67326372d7 ] Request (ServersTestMultiNic:test_verify_duplicate_network_nics): 200 GET http://10.180.1.21/compute/v2.1/servers/45223755-7de4-4eec-b41d-8c7ef92452fa 0.212s
2025-02-19 17:16:04.232 63002 INFO tempest.lib.common.rest_client [req-e56fb87e-abf1-49c9-a054-465ead2f97a8 req-e56fb87e-abf1-49c9-a054-465ead2f97a8 ] Request (FloatingIPsAssociationTestJSON:setUpClass): 200 GET http://10.180.1.21/compute/v2.1/servers/7c4dea41-5165-4f17-98c9-1cdc3662f2be 0.169s
2025-02-19 17:16:04.286 63045 INFO tempest.lib.common.rest_client [req-0e9a8997-b311-472e-92f6-d28e3960f830 req-0e9a8997-b311-472e-92f6-d28e3960f830 ] Request (ImagesOneServerNegativeTestJSON:_run_cleanups): 200 GET http://10.180.1.21/compute/v2.1/servers/03359cc0-ef5f-4cdf-bd91-445ddf1da33f 0.196s
2025-02-19 17:16:04.288 62994 INFO tempest.lib.common.rest_client [req-76b92255-7478-4112-b5b3-008d2f9411c6 req-76b92255-7478-4112-b5b3-008d2f9411c6 ] Request (ServerGroupTestJSON:test_create_server_with_scheduler_hint_group): 200 GET http://10.180.1.21/compute/v2.1/servers/0bc69f9f-9de0-49ec-8725-32f4da72f5f7 0.138s
2025-02-19 17:16:04.318 63018 INFO tempest.lib.common.rest_client [req-89d1716e-a1a0-4907-8553-6549641de215 req-89d1716e-a1a0-4907-8553-6549641de215 ] Request (ListImageFiltersTestJSON:setUpClass): 200 GET http://10.180.1.21/compute/v2.1/images/5c49cd4c-11da-4c18-934b-82e09e62dbd8 0.145s
2025-02-19 17:16:04.359 63034 INFO tempest.lib.common.rest_client [req-d6822784-a95c-4a37-a2e2-d8cba7e12f35 req-d6822784-a95c-4a37-a2e2-d8cba7e12f35 ] Request (ListServerFiltersTestJSON:tearDownClass): 200 GET http://10.180.1.21/compute/v2.1/servers/d923bec1-81c9-491d-9dca-4c758893e809 0.196s
2025-02-19 17:16:04.377 62992 INFO tempest.lib.common.rest_client [req-e2afcc87-0699-4a21-ab1c-72619838784d req-e2afcc87-0699-4a21-ab1c-72619838784d ] Request (ServersAdminTestJSON:test_create_server_with_scheduling_hint): 200 GET http://10.180.1.21/compute/v2.1/servers/dceb2e10-608b-436a-adaf-6bb2d7604566 0.172s
2025-02-19 17:16:04.431 63004 INFO tempest.lib.common.rest_client [req-7a45fb47-6eff-46ea-994e-aed111d96547 req-7a45fb47-6eff-46ea-994e-aed111d96547 ] Request (DeleteServersAdminTestJSON:test_delete_server_while_in_error_state): 200 GET http://10.180.1.21/compute/v2.1/servers/3e0a83b8-5bfd-4a3a-bde3-1bf6e4df2829 0.204s
2025-02-19 17:16:04.432 62988 INFO tempest.lib.common.rest_client [req-fb400611-d113-40f4-99a3-eb1fc42c782f req-fb400611-d113-40f4-99a3-eb1fc42c782f ] Request (ServerRescueTestJSON:setUpClass): 200 GET http://10.180.1.21/compute/v2.1/servers/22d675da-2ba5-4c9a-8aa2-096eb68e5118 0.174s
2025-02-19 17:16:04.502 63038 INFO tempest.lib.common.rest_client [req-a4cf2d3a-050a-4928-9355-0190775547af req-a4cf2d3a-050a-4928-9355-0190775547af ] Request (ServersTestBootFromVolume:setUpClass): 200 GET http://10.180.1.21/compute/v2.1/servers/9d5032a7-5bd2-417f-9e01-2d4b58abf77e 0.190s
2025-02-19 17:16:04.502 63010 INFO tempest.lib.common.rest_client [req-8ff1e613-b732-4f1c-8a0b-d6abb6b56b04 req-8ff1e613-b732-4f1c-8a0b-d6abb6b56b04 ] Request (ImagesNegativeTestJSON:test_create_image_from_deleted_server): 200 GET http://10.180.1.21/compute/v2.1/servers/1d5f9a57-a196-47e3-9c6d-19a67f31f2b3 0.208s
2025-02-19 17:16:04.511 63038 INFO tempest.common.waiters [-] State transition "BUILD/scheduling" ==> "BUILD/None" after 34 second wait
2025-02-19 17:16:04.567 63007 INFO tempest.lib.common.rest_client [req-e883127b-9e42-4368-ac5c-b094124d3d1b req-e883127b-9e42-4368-ac5c-b094124d3d1b ] Request (ServerDiskConfigTestJSON:test_rebuild_server_with_manual_disk_config): 200 GET http://10.180.1.21/compute/v2.1/servers/c9630308-fddf-4749-982b-e860a00dd719 0.221s
2025-02-19 17:16:04.627 62998 INFO tempest.lib.common.rest_client [req-64ae6931-4ccd-436f-8577-74828b908cfd req-64ae6931-4ccd-436f-8577-74828b908cfd ] Request (ServersTestFqdnHostnames:test_create_server_with_fqdn_name): 200 GET http://10.180.1.21/compute/v2.1/servers/61127b80-d4c7-44fa-97c2-3e8ab0ebfbcc 0.256s
2025-02-19 17:16:04.643 63018 INFO tempest.lib.common.rest_client [req-615b1ad9-e537-4bbd-8bea-7dac94570933 req-615b1ad9-e537-4bbd-8bea-7dac94570933 ] Request (ListImageFiltersTestJSON:setUpClass): 200 GET http://10.180.1.21/compute/v2.1/servers/1dc0fc2c-e96b-4366-ac81-67b190e65ab7 0.320s
2025-02-19 17:16:04.691 63008 INFO tempest.lib.common.rest_client [req-ca2d6467-7924-44bd-b3cb-78c61c777fc9 req-ca2d6467-7924-44bd-b3cb-78c61c777fc9 ] Request (ServerExternalEventsTest:test_create_server_external_events): 200 GET http://10.180.1.21/compute/v2.1/servers/bfe5686a-7219-44ae-95ff-001f9635fa45 0.235s
2025-02-19 17:16:04.802 63026 INFO tempest.lib.common.rest_client [req-6529f6d2-027a-49c1-995b-caf2cc9b6b5d req-6529f6d2-027a-49c1-995b-caf2cc9b6b5d ] Request (MigrationsAdminTest:test_resize_server_revert_deleted_flavor): 200 GET http://10.180.1.21/compute/v2.1/servers/f67479a8-cf01-4c3c-83ae-e7990747a695 0.059s
2025-02-19 17:16:04.967 63012 INFO tempest.lib.common.rest_client [req-fe7de0a5-7225-41d8-8bb2-f45221184506 req-fe7de0a5-7225-41d8-8bb2-f45221184506 ] Request (ImagesTestJSON:test_create_image_from_stopped_server): 200 GET http://10.180.1.21/compute/v2.1/servers/76b542df-d968-4830-9988-2b537105e957 0.055s
2025-02-19 17:16:04.991 63036 INFO tempest.lib.common.rest_client [req-50c4de3a-26a9-4edd-9e69-f1bb52b80835 req-50c4de3a-26a9-4edd-9e69-f1bb52b80835 ] Request (ServerAddressesNegativeTestJSON:setUpClass): 200 GET http://10.180.1.21/compute/v2.1/servers/73d030d5-2d4f-4206-8706-9672ec9221f5 0.132s
2025-02-19 17:16:05.043 63042 INFO tempest.lib.common.rest_client [req-c271764b-0a56-4286-bbcb-8fd73a687147 req-c271764b-0a56-4286-bbcb-8fd73a687147 ] Request (ServerRescueTestJSONUnderV235:setUpClass): 200 GET http://10.180.1.21/compute/v2.1/servers/b493b6f4-5055-492f-84e4-25f70ca231aa 0.070s
2025-02-19 17:16:05.070 63000 INFO tempest.lib.common.rest_client [req-575550dd-6ba0-493c-b8ce-418b12692eaf req-575550dd-6ba0-493c-b8ce-418b12692eaf ] Request (ListServersNegativeTestJSON:setUpClass): 200 GET http://10.180.1.21/compute/v2.1/servers/34e9ab31-abeb-474b-b586-30b5c0703330 0.148s
2025-02-19 17:16:05.100 62982 INFO tempest.lib.common.rest_client [req-e9051694-a75a-4a6b-b49b-e5631670b154 req-e9051694-a75a-4a6b-b49b-e5631670b154 ] Request (FloatingIPsAssociationNegativeTestJSON:setUpClass): 200 GET http://10.180.1.21/compute/v2.1/servers/84d7c75f-6887-4d78-bb82-2d937e407e43 0.077s
2025-02-19 17:16:05.204 63020 INFO tempest.lib.common.rest_client [req-8f3140a7-92d2-442e-a394-41eefff35871 req-8f3140a7-92d2-442e-a394-41eefff35871 ] Request (ImagesOneServerTestJSON:test_create_delete_image): 200 GET http://10.180.1.21/compute/v2.1/images/07cdc382-eed8-4419-b390-48991314286f 0.038s
2025-02-19 17:16:05.278 62996 INFO tempest.lib.common.rest_client [req-92ce7969-d175-47a9-bc85-1253bb79bc8d req-92ce7969-d175-47a9-bc85-1253bb79bc8d ] Request (ServersTestMultiNic:test_verify_duplicate_network_nics): 200 GET http://10.180.1.21/compute/v2.1/servers/45223755-7de4-4eec-b41d-8c7ef92452fa 0.054s
2025-02-19 17:16:05.304 63002 INFO tempest.lib.common.rest_client [req-06821ae5-02e8-41f8-958b-663cd88dccd3 req-06821ae5-02e8-41f8-958b-663cd88dccd3 ] Request (FloatingIPsAssociationTestJSON:setUpClass): 200 GET http://10.180.1.21/compute/v2.1/servers/7c4dea41-5165-4f17-98c9-1cdc3662f2be 0.061s
2025-02-19 17:16:05.364 63045 INFO tempest.lib.common.rest_client [req-719171eb-705e-4076-abb8-f79c6a00612a req-719171eb-705e-4076-abb8-f79c6a00612a ] Request (ImagesOneServerNegativeTestJSON:_run_cleanups): 200 GET http://10.180.1.21/compute/v2.1/servers/03359cc0-ef5f-4cdf-bd91-445ddf1da33f 0.070s
2025-02-19 17:16:05.368 62994 INFO tempest.lib.common.rest_client [req-52bd9d7b-7328-4081-adfc-c51a8eb3fdc8 req-52bd9d7b-7328-4081-adfc-c51a8eb3fdc8 ] Request (ServerGroupTestJSON:test_create_server_with_scheduler_hint_group): 200 GET http://10.180.1.21/compute/v2.1/servers/0bc69f9f-9de0-49ec-8725-32f4da72f5f7 0.070s
2025-02-19 17:16:05.428 63034 INFO tempest.lib.common.rest_client [req-2b962631-6f0e-41a2-ab01-6ecbf04fef68 req-2b962631-6f0e-41a2-ab01-6ecbf04fef68 ] Request (ListServerFiltersTestJSON:tearDownClass): 200 GET http://10.180.1.21/compute/v2.1/servers/d923bec1-81c9-491d-9dca-4c758893e809 0.061s
2025-02-19 17:16:05.447 62992 INFO tempest.lib.common.rest_client [req-49eb2771-0090-45a6-b5e8-b2d0f042bcae req-49eb2771-0090-45a6-b5e8-b2d0f042bcae ] Request (ServersAdminTestJSON:test_create_server_with_scheduling_hint): 200 GET http://10.180.1.21/compute/v2.1/servers/dceb2e10-608b-436a-adaf-6bb2d7604566 0.061s
2025-02-19 17:16:05.453 62992 INFO tempest.common.waiters [-] State transition "BUILD/None" ==> "BUILD/networking" after 39 second wait
2025-02-19 17:16:05.489 62988 INFO tempest.lib.common.rest_client [req-b81ca73f-4263-4ee9-b7e7-18b511a07a44 req-b81ca73f-4263-4ee9-b7e7-18b511a07a44 ] Request (ServerRescueTestJSON:setUpClass): 200 GET http://10.180.1.21/compute/v2.1/servers/22d675da-2ba5-4c9a-8aa2-096eb68e5118 0.050s
2025-02-19 17:16:05.501 63004 INFO tempest.lib.common.rest_client [req-85c2f1a0-9195-459b-87e5-b4593b43456e req-85c2f1a0-9195-459b-87e5-b4593b43456e ] Request (DeleteServersAdminTestJSON:test_delete_server_while_in_error_state): 200 GET http://10.180.1.21/compute/v2.1/servers/3e0a83b8-5bfd-4a3a-bde3-1bf6e4df2829 0.062s
2025-02-19 17:16:05.573 63038 INFO tempest.lib.common.rest_client [req-9d1c0f57-b1c8-417a-a28e-092686540320 req-9d1c0f57-b1c8-417a-a28e-092686540320 ] Request (ServersTestBootFromVolume:setUpClass): 200 GET http://10.180.1.21/compute/v2.1/servers/9d5032a7-5bd2-417f-9e01-2d4b58abf77e 0.058s
2025-02-19 17:16:05.576 63010 INFO tempest.lib.common.rest_client [req-2d905cea-689d-4319-9dd2-bdf090622592 req-2d905cea-689d-4319-9dd2-bdf090622592 ] Request (ImagesNegativeTestJSON:test_create_image_from_deleted_server): 200 GET http://10.180.1.21/compute/v2.1/servers/1d5f9a57-a196-47e3-9c6d-19a67f31f2b3 0.063s
2025-02-19 17:16:05.641 63007 INFO tempest.lib.common.rest_client [req-fd041fb7-e5a8-494c-bcb2-26f1d173b796 req-fd041fb7-e5a8-494c-bcb2-26f1d173b796 ] Request (ServerDiskConfigTestJSON:test_rebuild_server_with_manual_disk_config): 200 GET http://10.180.1.21/compute/v2.1/servers/c9630308-fddf-4749-982b-e860a00dd719 0.064s
2025-02-19 17:16:05.709 62998 INFO tempest.lib.common.rest_client [req-aa8aa6c7-5026-4544-9da4-97c2f6bbe5f3 req-aa8aa6c7-5026-4544-9da4-97c2f6bbe5f3 ] Request (ServersTestFqdnHostnames:test_create_server_with_fqdn_name): 200 GET http://10.180.1.21/compute/v2.1/servers/61127b80-d4c7-44fa-97c2-3e8ab0ebfbcc 0.075s
2025-02-19 17:16:05.768 63008 INFO tempest.lib.common.rest_client [req-cd9b3072-2f79-4f1c-adb3-c7b71f03d05d req-cd9b3072-2f79-4f1c-adb3-c7b71f03d05d ] Request (ServerExternalEventsTest:test_create_server_external_events): 200 GET http://10.180.1.21/compute/v2.1/servers/bfe5686a-7219-44ae-95ff-001f9635fa45 0.069s
2025-02-19 17:16:05.849 63018 INFO tempest.lib.common.rest_client [req-39fad68e-da71-4741-a6d1-72233d14a91e req-39fad68e-da71-4741-a6d1-72233d14a91e ] Request (ListImageFiltersTestJSON:setUpClass): 200 GET http://10.180.1.21/compute/v2.1/servers/1dc0fc2c-e96b-4366-ac81-67b190e65ab7 0.197s
2025-02-19 17:16:05.867 63026 INFO tempest.lib.common.rest_client [req-11e071d4-f455-4f78-b826-90ebefa5ad73 req-11e071d4-f455-4f78-b826-90ebefa5ad73 ] Request (MigrationsAdminTest:test_resize_server_revert_deleted_flavor): 200 GET http://10.180.1.21/compute/v2.1/servers/f67479a8-cf01-4c3c-83ae-e7990747a695 0.057s
2025-02-19 17:16:06.027 63012 INFO tempest.lib.common.rest_client [req-e229b64f-1a31-4905-ae63-809c8d074a92 req-e229b64f-1a31-4905-ae63-809c8d074a92 ] Request (ImagesTestJSON:test_create_image_from_stopped_server): 200 GET http://10.180.1.21/compute/v2.1/servers/76b542df-d968-4830-9988-2b537105e957 0.051s
2025-02-19 17:16:06.102 63036 INFO tempest.lib.common.rest_client [req-04e6ba3b-bcb6-4151-9dc7-db8ce28236a2 req-04e6ba3b-bcb6-4151-9dc7-db8ce28236a2 ] Request (ServerAddressesNegativeTestJSON:setUpClass): 200 GET http://10.180.1.21/compute/v2.1/servers/73d030d5-2d4f-4206-8706-9672ec9221f5 0.101s
2025-02-19 17:16:06.109 63042 INFO tempest.lib.common.rest_client [req-5abaf750-af71-44b8-a36e-a55e10b37a2f req-5abaf750-af71-44b8-a36e-a55e10b37a2f ] Request (ServerRescueTestJSONUnderV235:setUpClass): 200 GET http://10.180.1.21/compute/v2.1/servers/b493b6f4-5055-492f-84e4-25f70ca231aa 0.058s
2025-02-19 17:16:06.163 62982 INFO tempest.lib.common.rest_client [req-4e477680-02eb-4874-b736-5cb64a3015ab req-4e477680-02eb-4874-b736-5cb64a3015ab ] Request (FloatingIPsAssociationNegativeTestJSON:setUpClass): 200 GET http://10.180.1.21/compute/v2.1/servers/84d7c75f-6887-4d78-bb82-2d937e407e43 0.053s
2025-02-19 17:16:06.227 63000 INFO tempest.lib.common.rest_client [req-0c276aca-f1ac-4aa8-8e14-50c0be44b7fd req-0c276aca-f1ac-4aa8-8e14-50c0be44b7fd ] Request (ListServersNegativeTestJSON:setUpClass): 200 GET http://10.180.1.21/compute/v2.1/servers/34e9ab31-abeb-474b-b586-30b5c0703330 0.149s
2025-02-19 17:16:06.246 63020 INFO tempest.lib.common.rest_client [req-3304a4c3-5699-485f-9aae-e4429c47ed84 req-3304a4c3-5699-485f-9aae-e4429c47ed84 ] Request (ImagesOneServerTestJSON:test_create_delete_image): 200 GET http://10.180.1.21/compute/v2.1/images/07cdc382-eed8-4419-b390-48991314286f 0.037s
2025-02-19 17:16:06.343 62996 INFO tempest.lib.common.rest_client [req-443002e4-3c66-4699-8d8b-b2cadd11d82f req-443002e4-3c66-4699-8d8b-b2cadd11d82f ] Request (ServersTestMultiNic:test_verify_duplicate_network_nics): 200 GET http://10.180.1.21/compute/v2.1/servers/45223755-7de4-4eec-b41d-8c7ef92452fa 0.057s
2025-02-19 17:16:06.370 63002 INFO tempest.lib.common.rest_client [req-90c5728a-4a58-422f-b070-15add865b187 req-90c5728a-4a58-422f-b070-15add865b187 ] Request (FloatingIPsAssociationTestJSON:setUpClass): 200 GET http://10.180.1.21/compute/v2.1/servers/7c4dea41-5165-4f17-98c9-1cdc3662f2be 0.054s
2025-02-19 17:16:06.435 62994 INFO tempest.lib.common.rest_client [req-ea1af885-5640-483e-83e6-1c3de5d32f70 req-ea1af885-5640-483e-83e6-1c3de5d32f70 ] Request (ServerGroupTestJSON:test_create_server_with_scheduler_hint_group): 200 GET http://10.180.1.21/compute/v2.1/servers/0bc69f9f-9de0-49ec-8725-32f4da72f5f7 0.058s
2025-02-19 17:16:06.449 63045 INFO tempest.lib.common.rest_client [req-98e9f668-5e27-47f4-945b-0a4eb2c9d7c2 req-98e9f668-5e27-47f4-945b-0a4eb2c9d7c2 ] Request (ImagesOneServerNegativeTestJSON:_run_cleanups): 200 GET http://10.180.1.21/compute/v2.1/servers/03359cc0-ef5f-4cdf-bd91-445ddf1da33f 0.073s
2025-02-19 17:16:06.502 63034 INFO tempest.lib.common.rest_client [req-2a79afcd-db43-482d-abef-eac4e591fa97 req-2a79afcd-db43-482d-abef-eac4e591fa97 ] Request (ListServerFiltersTestJSON:tearDownClass): 200 GET http://10.180.1.21/compute/v2.1/servers/d923bec1-81c9-491d-9dca-4c758893e809 0.066s
2025-02-19 17:16:06.557 62988 INFO tempest.lib.common.rest_client [req-b8206e0a-f352-4548-a2c0-5b0caf57d6de req-b8206e0a-f352-4548-a2c0-5b0caf57d6de ] Request (ServerRescueTestJSON:setUpClass): 200 GET http://10.180.1.21/compute/v2.1/servers/22d675da-2ba5-4c9a-8aa2-096eb68e5118 0.059s
2025-02-19 17:16:06.584 62992 INFO tempest.lib.common.rest_client [req-aa0f2032-4b45-46d4-80b6-7102ac1827e3 req-aa0f2032-4b45-46d4-80b6-7102ac1827e3 ] Request (ServersAdminTestJSON:test_create_server_with_scheduling_hint): 200 GET http://10.180.1.21/compute/v2.1/servers/dceb2e10-608b-436a-adaf-6bb2d7604566 0.129s
2025-02-19 17:16:06.591 62992 INFO tempest.common.waiters [-] State transition "BUILD/networking" ==> "BUILD/spawning" after 40 second wait
2025-02-19 17:16:06.619 63004 INFO tempest.lib.common.rest_client [req-3898be89-3f11-4611-8f59-a649fe6c5eb6 req-3898be89-3f11-4611-8f59-a649fe6c5eb6 ] Request (DeleteServersAdminTestJSON:test_delete_server_while_in_error_state): 200 GET http://10.180.1.21/compute/v2.1/servers/3e0a83b8-5bfd-4a3a-bde3-1bf6e4df2829 0.111s
2025-02-19 17:16:06.664 63010 INFO tempest.lib.common.rest_client [req-dba180ea-4e4e-44ad-8490-92b55bf041ab req-dba180ea-4e4e-44ad-8490-92b55bf041ab ] Request (ImagesNegativeTestJSON:test_create_image_from_deleted_server): 200 GET http://10.180.1.21/compute/v2.1/servers/1d5f9a57-a196-47e3-9c6d-19a67f31f2b3 0.080s
2025-02-19 17:16:06.684 63038 INFO tempest.lib.common.rest_client [req-3d2b5f04-c30e-4ba7-8983-46ac2d83499b req-3d2b5f04-c30e-4ba7-8983-46ac2d83499b ] Request (ServersTestBootFromVolume:setUpClass): 200 GET http://10.180.1.21/compute/v2.1/servers/9d5032a7-5bd2-417f-9e01-2d4b58abf77e 0.099s
2025-02-19 17:16:06.714 63007 INFO tempest.lib.common.rest_client [req-211a71e2-b3b1-4c07-b53f-c1dbb7723d8a req-211a71e2-b3b1-4c07-b53f-c1dbb7723d8a ] Request (ServerDiskConfigTestJSON:test_rebuild_server_with_manual_disk_config): 200 GET http://10.180.1.21/compute/v2.1/servers/c9630308-fddf-4749-982b-e860a00dd719 0.064s
2025-02-19 17:16:06.789 62998 INFO tempest.lib.common.rest_client [req-20b936de-5b26-4202-b310-844678067c61 req-20b936de-5b26-4202-b310-844678067c61 ] Request (ServersTestFqdnHostnames:test_create_server_with_fqdn_name): 200 GET http://10.180.1.21/compute/v2.1/servers/61127b80-d4c7-44fa-97c2-3e8ab0ebfbcc 0.071s
2025-02-19 17:16:06.830 63008 INFO tempest.lib.common.rest_client [req-90efa2d2-7721-4cde-a52e-5addea31114c req-90efa2d2-7721-4cde-a52e-5addea31114c ] Request (ServerExternalEventsTest:test_create_server_external_events): 200 GET http://10.180.1.21/compute/v2.1/servers/bfe5686a-7219-44ae-95ff-001f9635fa45 0.054s
2025-02-19 17:16:06.925 63026 INFO tempest.lib.common.rest_client [req-d390ccc1-9047-4942-b302-029c52b3fd73 req-d390ccc1-9047-4942-b302-029c52b3fd73 ] Request (MigrationsAdminTest:test_resize_server_revert_deleted_flavor): 200 GET http://10.180.1.21/compute/v2.1/servers/f67479a8-cf01-4c3c-83ae-e7990747a695 0.050s
2025-02-19 17:16:06.953 63018 INFO tempest.lib.common.rest_client [req-e5d97339-134e-481d-a4da-cb563a5ff6d2 req-e5d97339-134e-481d-a4da-cb563a5ff6d2 ] Request (ListImageFiltersTestJSON:setUpClass): 200 GET http://10.180.1.21/compute/v2.1/servers/1dc0fc2c-e96b-4366-ac81-67b190e65ab7 0.096s
2025-02-19 17:16:06.960 63018 INFO tempest.common.waiters [-] State transition "ACTIVE/image_uploading" ==> "ACTIVE/None" after 2 second wait
2025-02-19 17:16:07.097 63012 INFO tempest.lib.common.rest_client [req-b55dab06-e201-41d1-aeac-1e4d4a52976f req-b55dab06-e201-41d1-aeac-1e4d4a52976f ] Request (ImagesTestJSON:test_create_image_from_stopped_server): 200 GET http://10.180.1.21/compute/v2.1/servers/76b542df-d968-4830-9988-2b537105e957 0.059s
2025-02-19 17:16:07.231 63036 INFO tempest.lib.common.rest_client [req-4d78b593-ae62-48cc-874b-ed20cee1f813 req-4d78b593-ae62-48cc-874b-ed20cee1f813 ] Request (ServerAddressesNegativeTestJSON:setUpClass): 200 GET http://10.180.1.21/compute/v2.1/servers/73d030d5-2d4f-4206-8706-9672ec9221f5 0.121s
2025-02-19 17:16:07.293 63042 INFO tempest.lib.common.rest_client [req-6a606df2-aa55-4edd-bd57-bef6bbb3dbf4 req-6a606df2-aa55-4edd-bd57-bef6bbb3dbf4 ] Request (ServerRescueTestJSONUnderV235:setUpClass): 200 GET http://10.180.1.21/compute/v2.1/servers/b493b6f4-5055-492f-84e4-25f70ca231aa 0.175s
2025-02-19 17:16:07.357 62982 INFO tempest.lib.common.rest_client [req-c0659524-09ce-40b5-90a1-fd26afd3036b req-c0659524-09ce-40b5-90a1-fd26afd3036b ] Request (FloatingIPsAssociationNegativeTestJSON:setUpClass): 200 GET http://10.180.1.21/compute/v2.1/servers/84d7c75f-6887-4d78-bb82-2d937e407e43 0.185s
2025-02-19 17:16:07.387 63018 INFO tempest.lib.common.rest_client [req-2a04e825-ce52-4000-bfbd-27977e334b3f req-2a04e825-ce52-4000-bfbd-27977e334b3f ] Request (ListImageFiltersTestJSON:setUpClass): 202 POST http://10.180.1.21/compute/v2.1/servers/a3f6dea2-4192-44d8-8f03-0d26a3993429/action 0.426s
2025-02-19 17:16:07.425 63020 INFO tempest.lib.common.rest_client [req-c74cb405-71c5-469b-ae37-c9e737a4919d req-c74cb405-71c5-469b-ae37-c9e737a4919d ] Request (ImagesOneServerTestJSON:test_create_delete_image): 200 GET http://10.180.1.21/compute/v2.1/images/07cdc382-eed8-4419-b390-48991314286f 0.172s
2025-02-19 17:16:07.476 63000 INFO tempest.lib.common.rest_client [req-e7d345d6-df26-496f-8d69-803f176b43a7 req-e7d345d6-df26-496f-8d69-803f176b43a7 ] Request (ListServersNegativeTestJSON:setUpClass): 200 GET http://10.180.1.21/compute/v2.1/servers/34e9ab31-abeb-474b-b586-30b5c0703330 0.237s
2025-02-19 17:16:07.479 62996 INFO tempest.lib.common.rest_client [req-ed8f573c-46a5-4d8f-be48-02132cead8f7 req-ed8f573c-46a5-4d8f-be48-02132cead8f7 ] Request (ServersTestMultiNic:test_verify_duplicate_network_nics): 200 GET http://10.180.1.21/compute/v2.1/servers/45223755-7de4-4eec-b41d-8c7ef92452fa 0.128s
2025-02-19 17:16:07.509 63018 INFO tempest.lib.common.rest_client [req-3455c557-f837-4bd3-bc20-571ece073620 req-3455c557-f837-4bd3-bc20-571ece073620 ] Request (ListImageFiltersTestJSON:setUpClass): 200 GET http://10.180.1.21/compute/v2.1/images/5aa161f3-ba06-4e6f-9a1c-e78a2fb468ba 0.121s
2025-02-19 17:16:07.521 63002 INFO tempest.lib.common.rest_client [req-b0fa612b-8f0f-4abc-8db6-50bba8b29a5b req-b0fa612b-8f0f-4abc-8db6-50bba8b29a5b ] Request (FloatingIPsAssociationTestJSON:setUpClass): 200 GET http://10.180.1.21/compute/v2.1/servers/7c4dea41-5165-4f17-98c9-1cdc3662f2be 0.143s
2025-02-19 17:16:07.541 63045 INFO tempest.lib.common.rest_client [req-72fd4784-7c6a-455e-b9a4-4d4a589797a1 req-72fd4784-7c6a-455e-b9a4-4d4a589797a1 ] Request (ImagesOneServerNegativeTestJSON:_run_cleanups): 404 GET http://10.180.1.21/compute/v2.1/servers/03359cc0-ef5f-4cdf-bd91-445ddf1da33f 0.083s
2025-02-19 17:16:07.557 62994 INFO tempest.lib.common.rest_client [req-692bc970-006c-4315-842c-fe534608766e req-692bc970-006c-4315-842c-fe534608766e ] Request (ServerGroupTestJSON:test_create_server_with_scheduler_hint_group): 200 GET http://10.180.1.21/compute/v2.1/servers/0bc69f9f-9de0-49ec-8725-32f4da72f5f7 0.114s
2025-02-19 17:16:07.588 63045 INFO tempest.lib.common.rest_client [req-f36a0c09-4756-4127-844f-a8d94a8a5df6 req-f36a0c09-4756-4127-844f-a8d94a8a5df6 ] Request (ImagesOneServerNegativeTestJSON:_run_cleanups): 200 POST http://10.180.1.21/compute/v2.1/os-keypairs 0.046s
2025-02-19 17:16:07.598 63034 INFO tempest.lib.common.rest_client [req-80ebb146-a214-4120-a49e-8cb52a4963db req-80ebb146-a214-4120-a49e-8cb52a4963db ] Request (ListServerFiltersTestJSON:tearDownClass): 200 GET http://10.180.1.21/compute/v2.1/servers/d923bec1-81c9-491d-9dca-4c758893e809 0.088s
2025-02-19 17:16:07.634 62988 INFO tempest.lib.common.rest_client [req-c29969fa-7be3-408a-875e-818f4a03a588 req-c29969fa-7be3-408a-875e-818f4a03a588 ] Request (ServerRescueTestJSON:setUpClass): 200 GET http://10.180.1.21/compute/v2.1/servers/22d675da-2ba5-4c9a-8aa2-096eb68e5118 0.068s
2025-02-19 17:16:07.693 63004 INFO tempest.lib.common.rest_client [req-4955dd37-76cb-48f6-bac2-6167ba61d3d2 req-4955dd37-76cb-48f6-bac2-6167ba61d3d2 ] Request (DeleteServersAdminTestJSON:test_delete_server_while_in_error_state): 200 GET http://10.180.1.21/compute/v2.1/servers/3e0a83b8-5bfd-4a3a-bde3-1bf6e4df2829 0.065s
2025-02-19 17:16:07.719 62992 INFO tempest.lib.common.rest_client [req-23b39903-c140-4d56-94fa-e17f626823e5 req-23b39903-c140-4d56-94fa-e17f626823e5 ] Request (ServersAdminTestJSON:test_create_server_with_scheduling_hint): 200 GET http://10.180.1.21/compute/v2.1/servers/dceb2e10-608b-436a-adaf-6bb2d7604566 0.126s
2025-02-19 17:16:07.724 63045 INFO tempest.lib.common.rest_client [req-64d3fd02-2c2e-4503-aa43-7736db6778c8 req-64d3fd02-2c2e-4503-aa43-7736db6778c8 ] Request (ImagesOneServerNegativeTestJSON:_run_cleanups): 201 POST http://10.180.1.21:9696/networking/v2.0/security-groups 0.134s
2025-02-19 17:16:07.758 63010 INFO tempest.lib.common.rest_client [req-3bd586e7-1679-4dba-aaef-486c5a02f2b5 req-3bd586e7-1679-4dba-aaef-486c5a02f2b5 ] Request (ImagesNegativeTestJSON:test_create_image_from_deleted_server): 200 GET http://10.180.1.21/compute/v2.1/servers/1d5f9a57-a196-47e3-9c6d-19a67f31f2b3 0.084s
2025-02-19 17:16:07.770 63038 INFO tempest.lib.common.rest_client [req-28f36459-f362-4918-8d76-c1786e0bace3 req-28f36459-f362-4918-8d76-c1786e0bace3 ] Request (ServersTestBootFromVolume:setUpClass): 200 GET http://10.180.1.21/compute/v2.1/servers/9d5032a7-5bd2-417f-9e01-2d4b58abf77e 0.076s
2025-02-19 17:16:07.813 63007 INFO tempest.lib.common.rest_client [req-9e1f7650-3031-40be-8bee-0b381a598433 req-9e1f7650-3031-40be-8bee-0b381a598433 ] Request (ServerDiskConfigTestJSON:test_rebuild_server_with_manual_disk_config): 200 GET http://10.180.1.21/compute/v2.1/servers/c9630308-fddf-4749-982b-e860a00dd719 0.087s
2025-02-19 17:16:07.829 63045 INFO tempest.lib.common.rest_client [req-5b9568f2-4b56-42bf-be91-d3c48fc288e8 req-5b9568f2-4b56-42bf-be91-d3c48fc288e8 ] Request (ImagesOneServerNegativeTestJSON:_run_cleanups): 201 POST http://10.180.1.21:9696/networking/v2.0/security-group-rules 0.104s
2025-02-19 17:16:07.851 62998 INFO tempest.lib.common.rest_client [req-8f2f51bb-c85f-4201-9663-3498bd15f88a req-8f2f51bb-c85f-4201-9663-3498bd15f88a ] Request (ServersTestFqdnHostnames:test_create_server_with_fqdn_name): 200 GET http://10.180.1.21/compute/v2.1/servers/61127b80-d4c7-44fa-97c2-3e8ab0ebfbcc 0.055s
2025-02-19 17:16:07.903 63008 INFO tempest.lib.common.rest_client [req-1978e83c-fe14-4c72-99fd-f687acedbe49 req-1978e83c-fe14-4c72-99fd-f687acedbe49 ] Request (ServerExternalEventsTest:test_create_server_external_events): 200 GET http://10.180.1.21/compute/v2.1/servers/bfe5686a-7219-44ae-95ff-001f9635fa45 0.063s
2025-02-19 17:16:07.931 63045 INFO tempest.lib.common.rest_client [req-be831bbb-adc9-45d4-b8ac-88712a1eda1d req-be831bbb-adc9-45d4-b8ac-88712a1eda1d ] Request (ImagesOneServerNegativeTestJSON:_run_cleanups): 201 POST http://10.180.1.21:9696/networking/v2.0/security-group-rules 0.101s
2025-02-19 17:16:07.992 63026 INFO tempest.lib.common.rest_client [req-d3588eb0-2030-41d5-86b0-e86095d012c3 req-d3588eb0-2030-41d5-86b0-e86095d012c3 ] Request (MigrationsAdminTest:test_resize_server_revert_deleted_flavor): 200 GET http://10.180.1.21/compute/v2.1/servers/f67479a8-cf01-4c3c-83ae-e7990747a695 0.060s
2025-02-19 17:16:08.159 63014 WARNING tempest.lib.common.ssh [-] Failed to establish authenticated ssh connection to cirros@10.180.180.188 ([Errno None] Unable to connect to port 22 on 10.180.180.188). Number attempts: 6. Retry after 7 seconds.: paramiko.ssh_exception.NoValidConnectionsError: [Errno None] Unable to connect to port 22 on 10.180.180.188
2025-02-19 17:16:08.176 63012 INFO tempest.lib.common.rest_client [req-bf16c88e-13d5-4ec6-a362-3e168891c937 req-bf16c88e-13d5-4ec6-a362-3e168891c937 ] Request (ImagesTestJSON:test_create_image_from_stopped_server): 200 GET http://10.180.1.21/compute/v2.1/servers/76b542df-d968-4830-9988-2b537105e957 0.072s
2025-02-19 17:16:08.319 63045 INFO tempest.lib.common.rest_client [req-0e8e68c9-f6f0-4ed8-bcc0-301911b73127 req-0e8e68c9-f6f0-4ed8-bcc0-301911b73127 ] Request (ImagesOneServerNegativeTestJSON:_run_cleanups): 201 POST http://10.180.1.21:9696/networking/v2.0/floatingips 0.387s
2025-02-19 17:16:08.366 63042 INFO tempest.lib.common.rest_client [req-cbb8f83c-b726-489d-b222-bb9a6283ab92 req-cbb8f83c-b726-489d-b222-bb9a6283ab92 ] Request (ServerRescueTestJSONUnderV235:setUpClass): 200 GET http://10.180.1.21/compute/v2.1/servers/b493b6f4-5055-492f-84e4-25f70ca231aa 0.063s
2025-02-19 17:16:08.371 63036 INFO tempest.lib.common.rest_client [req-3c5423b8-81e6-4cb7-bf74-ce5d69a64ac5 req-3c5423b8-81e6-4cb7-bf74-ce5d69a64ac5 ] Request (ServerAddressesNegativeTestJSON:setUpClass): 200 GET http://10.180.1.21/compute/v2.1/servers/73d030d5-2d4f-4206-8706-9672ec9221f5 0.129s
2025-02-19 17:16:08.404 63045 INFO tempest.lib.common.rest_client [req-f9fde2eb-21e5-4ad3-94b3-32c3e6800e96 req-f9fde2eb-21e5-4ad3-94b3-32c3e6800e96 ] Request (ImagesOneServerNegativeTestJSON:_run_cleanups): 201 POST http://10.180.1.21/identity/v3/auth/tokens 0.081s
2025-02-19 17:16:08.404 63045 INFO tempest.lib.common.fixed_network [-] (ImagesOneServerNegativeTestJSON:_run_cleanups) Found network {'id': '4ff3f244-7e1f-472b-8cf2-37051409a5f0', 'name': 'tempest-ImagesOneServerNegativeTestJSON-530898032-network', 'tenant_id': 'b10ac26e30354c2eade1e6823680bfce', 'admin_state_up': True, 'mtu': 8950, 'status': 'ACTIVE', 'subnets': [], 'shared': False, 'project_id': 'b10ac26e30354c2eade1e6823680bfce', 'port_security_enabled': True, 'router:external': False, 'provider:network_type': 'vlan', 'provider:physical_network': 'default', 'provider:segmentation_id': 562, 'availability_zone_hints': [], 'availability_zones': [], 'ipv4_address_scope': None, 'ipv6_address_scope': None, 'description': '', 'tags': [], 'created_at': '2025-02-19T17:14:33Z', 'updated_at': '2025-02-19T17:14:33Z', 'revision_number': 1} available for tenant
2025-02-19 17:16:08.635 62982 INFO tempest.lib.common.rest_client [req-7c9b160e-c6b2-4bf5-83fc-e5c97d712f0f req-7c9b160e-c6b2-4bf5-83fc-e5c97d712f0f ] Request (FloatingIPsAssociationNegativeTestJSON:setUpClass): 200 GET http://10.180.1.21/compute/v2.1/servers/84d7c75f-6887-4d78-bb82-2d937e407e43 0.270s
2025-02-19 17:16:08.680 63020 INFO tempest.lib.common.rest_client [req-63d1646d-3244-49c9-8461-d7d4188c6e63 req-63d1646d-3244-49c9-8461-d7d4188c6e63 ] Request (ImagesOneServerTestJSON:test_create_delete_image): 200 GET http://10.180.1.21/compute/v2.1/images/07cdc382-eed8-4419-b390-48991314286f 0.252s
2025-02-19 17:16:08.760 63045 INFO tempest.lib.common.rest_client [req-93eb420a-ede8-47a9-ad8b-bdfe58e5bc29 req-93eb420a-ede8-47a9-ad8b-bdfe58e5bc29 ] Request (ImagesOneServerNegativeTestJSON:_run_cleanups): 202 POST http://10.180.1.21/compute/v2.1/servers 0.355s
2025-02-19 17:16:08.816 63000 INFO tempest.lib.common.rest_client [req-27ab79d8-e107-4456-b07f-778b4fe6158f req-27ab79d8-e107-4456-b07f-778b4fe6158f ] Request (ListServersNegativeTestJSON:setUpClass): 200 GET http://10.180.1.21/compute/v2.1/servers/34e9ab31-abeb-474b-b586-30b5c0703330 0.332s
2025-02-19 17:16:08.817 62996 INFO tempest.lib.common.rest_client [req-41faaa6d-1431-48ef-9e55-1d8dc0b4a9ec req-41faaa6d-1431-48ef-9e55-1d8dc0b4a9ec ] Request (ServersTestMultiNic:test_verify_duplicate_network_nics): 200 GET http://10.180.1.21/compute/v2.1/servers/45223755-7de4-4eec-b41d-8c7ef92452fa 0.330s
2025-02-19 17:16:08.825 63000 INFO tempest.common.waiters [-] State transition "BUILD/spawning" ==> "ACTIVE/None" after 47 second wait
2025-02-19 17:16:08.848 63018 INFO tempest.lib.common.rest_client [req-3ed9e10d-9ea1-41d1-8102-6271399baf53 req-3ed9e10d-9ea1-41d1-8102-6271399baf53 ] Request (ListImageFiltersTestJSON:setUpClass): 200 GET http://10.180.1.21/compute/v2.1/images/5aa161f3-ba06-4e6f-9a1c-e78a2fb468ba 0.335s
2025-02-19 17:16:08.870 63002 INFO tempest.lib.common.rest_client [req-f97be0e2-f5d7-4b7d-955a-a7e32e46390e req-f97be0e2-f5d7-4b7d-955a-a7e32e46390e ] Request (FloatingIPsAssociationTestJSON:setUpClass): 200 GET http://10.180.1.21/compute/v2.1/servers/7c4dea41-5165-4f17-98c9-1cdc3662f2be 0.341s
2025-02-19 17:16:08.895 62994 INFO tempest.lib.common.rest_client [req-04ecf01e-40e5-4acb-80a9-d2c1d1f6b5b0 req-04ecf01e-40e5-4acb-80a9-d2c1d1f6b5b0 ] Request (ServerGroupTestJSON:test_create_server_with_scheduler_hint_group): 200 GET http://10.180.1.21/compute/v2.1/servers/0bc69f9f-9de0-49ec-8725-32f4da72f5f7 0.331s
2025-02-19 17:16:08.932 63034 INFO tempest.lib.common.rest_client [req-700f1d63-6a37-43d1-ab7e-0b03bc899ebd req-700f1d63-6a37-43d1-ab7e-0b03bc899ebd ] Request (ListServerFiltersTestJSON:tearDownClass): 200 GET http://10.180.1.21/compute/v2.1/servers/d923bec1-81c9-491d-9dca-4c758893e809 0.326s
2025-02-19 17:16:08.946 62988 INFO tempest.lib.common.rest_client [req-df0eb631-d6e9-4dc8-aa35-dc7bbe56e837 req-df0eb631-d6e9-4dc8-aa35-dc7bbe56e837 ] Request (ServerRescueTestJSON:setUpClass): 200 GET http://10.180.1.21/compute/v2.1/servers/22d675da-2ba5-4c9a-8aa2-096eb68e5118 0.301s
2025-02-19 17:16:08.986 63004 INFO tempest.lib.common.rest_client [req-c9da4835-02f9-4969-842a-28fe74700601 req-c9da4835-02f9-4969-842a-28fe74700601 ] Request (DeleteServersAdminTestJSON:test_delete_server_while_in_error_state): 200 GET http://10.180.1.21/compute/v2.1/servers/3e0a83b8-5bfd-4a3a-bde3-1bf6e4df2829 0.285s
2025-02-19 17:16:09.020 63045 INFO tempest.lib.common.rest_client [req-147622be-8c97-4295-b87d-925ced70a1ca req-147622be-8c97-4295-b87d-925ced70a1ca ] Request (ImagesOneServerNegativeTestJSON:_run_cleanups): 200 GET http://10.180.1.21/compute/v2.1/servers/d2136d99-28b5-4aa3-bb21-6086d55743b1 0.255s
2025-02-19 17:16:09.057 62992 INFO tempest.lib.common.rest_client [req-ea643e95-672a-4c52-ad90-80e94a423cbf req-ea643e95-672a-4c52-ad90-80e94a423cbf ] Request (ServersAdminTestJSON:test_create_server_with_scheduling_hint): 200 GET http://10.180.1.21/compute/v2.1/servers/dceb2e10-608b-436a-adaf-6bb2d7604566 0.331s
