2025-02-19 18:12:46.708 63000 INFO tempest.lib.common.dynamic_creds [-] Acquired dynamic creds: credentials: Credentials: {'domain_id': 'default', 'domain_name': 'Default', 'username': 'tempest-SecurityGroupsTestAdminJSON-1179800045-project-member', 'project_domain_id': 'default', 'project_domain_name': 'Default', 'project_id': '7fd6873c73ca4efc811f699941648c5d', 'project_name': 'tempest-SecurityGroupsTestAdminJSON-1179800045', 'tenant_id': '7fd6873c73ca4efc811f699941648c5d', 'tenant_name': 'tempest-SecurityGroupsTestAdminJSON-1179800045', 'user_domain_id': 'default', 'user_domain_name': 'Default', 'user_id': 'bbf28615575344b290806256e3ddeec0', 'system': None}, Network: None, Subnet: None, Router: None
2025-02-19 18:12:46.708 63000 INFO tempest.lib.common.dynamic_creds [-] Created isolated network resources for: credentials: Credentials: {'domain_id': 'default', 'domain_name': 'Default', 'username': 'tempest-SecurityGroupsTestAdminJSON-1179800045-project-member', 'project_domain_id': 'default', 'project_domain_name': 'Default', 'project_id': '7fd6873c73ca4efc811f699941648c5d', 'project_name': 'tempest-SecurityGroupsTestAdminJSON-1179800045', 'tenant_id': '7fd6873c73ca4efc811f699941648c5d', 'tenant_name': 'tempest-SecurityGroupsTestAdminJSON-1179800045', 'user_domain_id': 'default', 'user_domain_name': 'Default', 'user_id': 'bbf28615575344b290806256e3ddeec0', 'system': None}, Network: None, Subnet: None, Router: None
2025-02-19 18:12:46.729 62966 INFO tempest.lib.common.rest_client [req-53f4ed72-1db1-4c1c-8b75-2f53a098bda8 req-53f4ed72-1db1-4c1c-8b75-2f53a098bda8 ] Request (DeleteServersAdminTestJSON:test_admin_delete_servers_of_others): 200 GET http://10.180.1.21/compute/v2.1/servers/7ec7dfba-8ad5-4192-9ff0-5d5967f2f70c 1.446s
2025-02-19 18:12:46.744 62968 INFO tempest.lib.common.rest_client [req-b11f5b74-4dd9-4895-bf7d-0641a67a7b38 req-b11f5b74-4dd9-4895-bf7d-0641a67a7b38 ] Request (FloatingIPDetailsNegativeTestJSON:setUpClass): 201 POST http://10.180.1.21:9696/networking/v2.0/routers 3.494s
2025-02-19 18:12:46.794 63000 INFO tempest.lib.common.rest_client [req-102d81a5-dcc8-4cc3-a41e-a1655b322f3a req-102d81a5-dcc8-4cc3-a41e-a1655b322f3a ] Request (SecurityGroupsTestAdminJSON:setUpClass): 201 POST http://10.180.1.21/identity/v3/auth/tokens 0.079s
2025-02-19 18:12:46.838 63004 INFO tempest.lib.common.rest_client [req-fda44c0b-204d-45f1-9a93-78caa647655a req-fda44c0b-204d-45f1-9a93-78caa647655a ] Request (ImagesOneServerNegativeTestJSON:setUpClass): 200 GET http://10.180.1.21/compute/v2.1/servers/0c32973d-cf85-4e4a-a89b-1f2c0d98d856 1.449s
2025-02-19 18:12:46.867 63000 INFO tempest.lib.common.rest_client [req-554e2faf-c6c4-4dcd-b824-91f45941429a req-554e2faf-c6c4-4dcd-b824-91f45941429a ] Request (SecurityGroupsTestAdminJSON:setUpClass): 201 POST http://10.180.1.21/identity/v3/projects 0.072s
2025-02-19 18:12:46.942 63000 INFO tempest.lib.common.rest_client [req-366a8433-3666-4bb7-ab37-5cc166eeb5f2 req-366a8433-3666-4bb7-ab37-5cc166eeb5f2 ] Request (SecurityGroupsTestAdminJSON:setUpClass): 201 POST http://10.180.1.21/identity/v3/users 0.074s
2025-02-19 18:12:46.942 62986 INFO tempest.lib.common.rest_client [req-edb2075a-f86f-4c06-ae3a-dfa986ed0a86 req-edb2075a-f86f-4c06-ae3a-dfa986ed0a86 ] Request (ServersAdminNegativeTestJSON:setUpClass): 200 GET http://10.180.1.21/compute/v2.1/servers/6416b9fa-2e09-4093-9f54-f1649c351ba7 1.125s
2025-02-19 18:12:46.944 62948 INFO tempest.lib.common.rest_client [req-d0c6a2a2-99f1-485f-b216-69ff576476e1 req-d0c6a2a2-99f1-485f-b216-69ff576476e1 ] Request (ServerActionsTestJSON:setUpClass): 201 POST http://10.180.1.21:9696/networking/v2.0/routers 3.732s
2025-02-19 18:12:46.972 62942 INFO tempest.lib.common.rest_client [req-76ee3f46-cd90-4bb3-9b69-d10b90a1439a req-76ee3f46-cd90-4bb3-9b69-d10b90a1439a ] Request (HypervisorAdminV228Test:test_get_list_hypervisor_details): 200 GET http://10.180.1.21/compute/v2.1/os-hypervisors/1 1.147s
2025-02-19 18:12:46.978 63000 INFO tempest.lib.common.rest_client [req-15deecae-5f66-4fb0-9032-c61a505caf98 req-15deecae-5f66-4fb0-9032-c61a505caf98 ] Request (SecurityGroupsTestAdminJSON:setUpClass): 200 GET http://10.180.1.21/identity/v3/roles 0.036s
2025-02-19 18:12:47.029 63000 INFO tempest.lib.common.rest_client [req-4eb16c0d-d08f-47a8-9d3d-8f61ca7c4a32 req-4eb16c0d-d08f-47a8-9d3d-8f61ca7c4a32 ] Request (SecurityGroupsTestAdminJSON:setUpClass): 204 PUT http://10.180.1.21/identity/v3/projects/5fab4448af7849e6a02b95b8b41c8527/users/c576942b8a414b9985c504c03d892c1a/roles/24cfa755bc5f425198c11134e336cbe4 0.050s
2025-02-19 18:12:47.050 62964 INFO tempest.lib.common.rest_client [req-533cacc5-6acb-468f-b2e9-0e72884071a3 req-533cacc5-6acb-468f-b2e9-0e72884071a3 ] Request (ImagesTestJSON:setUpClass): 201 POST http://10.180.1.21:9696/networking/v2.0/routers 3.649s
2025-02-19 18:12:47.066 62960 INFO tempest.lib.common.rest_client [req-70ce031c-f335-46e0-a28d-273910264c70 req-70ce031c-f335-46e0-a28d-273910264c70 ] Request (ServerExternalEventsTest:test_create_server_external_events): 200 GET http://10.180.1.21/compute/v2.1/servers/162981df-6203-402e-8443-757c301b577e 1.462s
2025-02-19 18:12:47.098 62973 INFO tempest.lib.common.rest_client [req-6a2102ed-2aff-4e73-9b65-99e3793e8fca req-6a2102ed-2aff-4e73-9b65-99e3793e8fca ] Request (AggregatesAdminNegativeTestJSON:_run_cleanups): 200 DELETE http://10.180.1.21/compute/v2.1/os-aggregates/5 1.240s
2025-02-19 18:12:47.145 62942 INFO tempest.lib.common.rest_client [req-6fde2c88-75ee-4cb3-8071-1c1743913e70 req-6fde2c88-75ee-4cb3-8071-1c1743913e70 ] Request (HypervisorAdminV228Test:tearDownClass): 204 DELETE http://10.180.1.21/identity/v3/users/109602c1b44c43f69c8eb9dd90a6ae05 0.160s
2025-02-19 18:12:47.156 62970 INFO tempest.lib.common.rest_client [req-b506e318-68ed-4f17-a0c7-27b80c35f846 req-b506e318-68ed-4f17-a0c7-27b80c35f846 ] Request (FlavorsAccessNegativeTestJSON:_run_cleanups): 200 POST http://10.180.1.21/compute/v2.1/flavors/1971482807/action 1.304s
2025-02-19 18:12:47.182 63000 INFO tempest.lib.common.rest_client [req-50ba0155-2467-4e86-8609-24e425e94ab7 req-50ba0155-2467-4e86-8609-24e425e94ab7 ] Request (SecurityGroupsTestAdminJSON:setUpClass): 200 GET http://10.180.1.21/identity/v3/roles 0.152s
2025-02-19 18:12:47.206 63000 INFO tempest.lib.common.rest_client [req-fcfab400-97ae-4744-b4a8-d2bde2478d0d req-fcfab400-97ae-4744-b4a8-d2bde2478d0d ] Request (SecurityGroupsTestAdminJSON:setUpClass): 204 PUT http://10.180.1.21/identity/v3/projects/5fab4448af7849e6a02b95b8b41c8527/users/c576942b8a414b9985c504c03d892c1a/roles/24cfa755bc5f425198c11134e336cbe4 0.024s
2025-02-19 18:12:47.208 63000 INFO tempest.lib.common.dynamic_creds [-] Dynamic test user c576942b8a414b9985c504c03d892c1a is created with scope project and roles: ['admin']
2025-02-19 18:12:47.208 63000 INFO tempest.lib.common.dynamic_creds [-] Acquired dynamic creds: credentials: Credentials: {'domain_id': 'default', 'domain_name': 'Default', 'username': 'tempest-SecurityGroupsTestAdminJSON-182571211-project-admin', 'project_domain_id': 'default', 'project_domain_name': 'Default', 'project_id': '5fab4448af7849e6a02b95b8b41c8527', 'project_name': 'tempest-SecurityGroupsTestAdminJSON-182571211', 'tenant_id': '5fab4448af7849e6a02b95b8b41c8527', 'tenant_name': 'tempest-SecurityGroupsTestAdminJSON-182571211', 'user_domain_id': 'default', 'user_domain_name': 'Default', 'user_id': 'c576942b8a414b9985c504c03d892c1a', 'system': None}, Network: None, Subnet: None, Router: None
2025-02-19 18:12:47.208 63000 INFO tempest.lib.common.dynamic_creds [-] Created isolated network resources for: credentials: Credentials: {'domain_id': 'default', 'domain_name': 'Default', 'username': 'tempest-SecurityGroupsTestAdminJSON-182571211-project-admin', 'project_domain_id': 'default', 'project_domain_name': 'Default', 'project_id': '5fab4448af7849e6a02b95b8b41c8527', 'project_name': 'tempest-SecurityGroupsTestAdminJSON-182571211', 'tenant_id': '5fab4448af7849e6a02b95b8b41c8527', 'tenant_name': 'tempest-SecurityGroupsTestAdminJSON-182571211', 'user_domain_id': 'default', 'user_domain_name': 'Default', 'user_id': 'c576942b8a414b9985c504c03d892c1a', 'system': None}, Network: None, Subnet: None, Router: None
2025-02-19 18:12:47.212 62996 INFO tempest.lib.common.rest_client [req-b78d4e43-8cec-4450-8613-f40c13ce3f71 req-b78d4e43-8cec-4450-8613-f40c13ce3f71 ] Request (ListImagesTestJSON:test_list_images_with_detail): 200 GET http://10.180.1.21/compute/v2.1/images/detail 1.276s
2025-02-19 18:12:47.229 62976 INFO tempest.lib.common.rest_client [req-5814db50-7cfc-4bff-ae1f-d739d06cfb4d req-5814db50-7cfc-4bff-ae1f-d739d06cfb4d ] Request (FloatingIPsTestJSON:setUpClass): 201 POST http://10.180.1.21:9696/networking/v2.0/routers 3.454s
2025-02-19 18:12:47.262 62942 INFO tempest.lib.common.rest_client [req-65b42e8f-5282-414a-8e75-cd7706929b01 req-65b42e8f-5282-414a-8e75-cd7706929b01 ] Request (HypervisorAdminV228Test:tearDownClass): 204 DELETE http://10.180.1.21/identity/v3/users/bc1ecb16ede04df9b88780ce0a227640 0.116s
2025-02-19 18:12:47.262 62942 INFO tempest.lib.common.dynamic_creds [-] Deleting project and security group for project: 6b75cc87534f4d7885b56760b1113de3
2025-02-19 18:12:47.300 63000 INFO tempest.lib.common.rest_client [req-00ab6495-e00c-4b8c-b60d-eb7865f17c57 req-00ab6495-e00c-4b8c-b60d-eb7865f17c57 ] Request (SecurityGroupsTestAdminJSON:setUpClass): 201 POST http://10.180.1.21/identity/v3/auth/tokens 0.088s
2025-02-19 18:12:47.329 62942 INFO tempest.lib.common.rest_client [req-88c3795b-7f52-4c78-b603-b45b63557f6b req-88c3795b-7f52-4c78-b603-b45b63557f6b ] Request (HypervisorAdminV228Test:tearDownClass): 201 POST http://10.180.1.21/identity/v3/auth/tokens 0.066s
2025-02-19 18:12:47.347 62994 INFO tempest.lib.common.rest_client [req-0bd9d95b-eff6-4fa1-83b0-417f33dd5565 req-0bd9d95b-eff6-4fa1-83b0-417f33dd5565 ] Request (ServersTestBootFromVolume:setUpClass): 201 POST http://10.180.1.21:9696/networking/v2.0/routers 3.531s
2025-02-19 18:12:47.355 62996 INFO tempest.lib.common.rest_client [req-44399c21-5011-48c5-9907-614d5ace973a req-44399c21-5011-48c5-9907-614d5ace973a ] Request (ListImagesTestJSON:tearDownClass): 204 DELETE http://10.180.1.21/identity/v3/users/ef65c8be49514a7daa2541cfcea9f311 0.133s
2025-02-19 18:12:47.356 62996 INFO tempest.lib.common.dynamic_creds [-] Deleting project and security group for project: d0e5a16f9ac1493bba926173a301857e
2025-02-19 18:12:47.424 62996 INFO tempest.lib.common.rest_client [req-89f5e8e2-a657-4f25-90da-ed11ab6250b7 req-89f5e8e2-a657-4f25-90da-ed11ab6250b7 ] Request (ListImagesTestJSON:tearDownClass): 201 POST http://10.180.1.21/identity/v3/auth/tokens 0.068s
2025-02-19 18:12:47.427 62974 INFO tempest.lib.common.rest_client [req-571d9e33-5db9-4a5b-aa83-6e0e242ee400 req-571d9e33-5db9-4a5b-aa83-6e0e242ee400 ] Request (FlavorsV2NegativeTest:tearDownClass): 200 GET http://10.180.1.21:9696/networking/v2.0/security-groups?tenant_id=9cf44e450b054837992cdac2da5b7d02&name=default 0.780s
2025-02-19 18:12:47.659 62944 INFO tempest.lib.common.rest_client [req-0e1e8c25-f6a2-4581-b962-12a7a6ce7d45 req-0e1e8c25-f6a2-4581-b962-12a7a6ce7d45 ] Request (TenantUsagesTestJSON:setUpClass): 200 GET http://10.180.1.21/compute/v2.1/servers/cad5fcef-7b15-4421-9d7a-6c0abcbc0ea2 1.743s
2025-02-19 18:12:47.681 62954 INFO tempest.lib.common.rest_client [req-a3631ed8-5abc-4fdf-8326-defe7ee6b3d5 req-a3631ed8-5abc-4fdf-8326-defe7ee6b3d5 ] Request (FlavorsAdminTestJSON:_run_cleanups): 202 DELETE http://10.180.1.21/compute/v2.1/flavors/2081120719 1.646s
2025-02-19 18:12:47.707 62998 INFO tempest.lib.common.rest_client [req-7f48b2ed-fa55-4a19-a942-567683688f59 req-7f48b2ed-fa55-4a19-a942-567683688f59 ] Request (ImagesMetadataNegativeTestJSON:test_get_nonexistent_image_metadata_item): 404 GET http://10.180.1.21/compute/v2.1/images/09604375-d5bb-4afa-af45-5e74e8da1b94/metadata/os_version 1.603s
2025-02-19 18:12:47.907 62962 INFO tempest.lib.common.rest_client [req-c3e28bd6-5ac5-464a-a872-5d8da0601e8e req-c3e28bd6-5ac5-464a-a872-5d8da0601e8e ] Request (VolumesAdminNegativeTest:test_update_attached_volume_with_nonexistent_volume_in_body): 200 POST http://10.180.1.21/compute/v2.1/os-keypairs 1.509s
2025-02-19 18:12:47.913 63002 INFO tempest.lib.common.rest_client [req-3ef55524-c98d-4975-ab00-6a35fcaa3da6 req-3ef55524-c98d-4975-ab00-6a35fcaa3da6 ] Request (TestVersions:test_get_version_details): 200 GET http://10.180.1.21/compute/v2/ 1.512s
2025-02-19 18:12:47.954 62979 INFO tempest.lib.common.rest_client [req-4d4af278-9905-4a23-b7d0-35b77e541a03 req-4d4af278-9905-4a23-b7d0-35b77e541a03 ] Request (ImagesNegativeTestJSON:test_create_image_from_deleted_server): 200 GET http://10.180.1.21/compute/v2.1/servers/33793592-5c95-4583-a778-4086b87854ad 1.938s
2025-02-19 18:12:47.964 62979 INFO tempest.common.waiters [-] State transition "BUILD/networking" ==> "BUILD/spawning" after 6 second wait
2025-02-19 18:12:48.009 62952 INFO tempest.lib.common.rest_client [req-13ebeab6-9fb6-4d95-969d-d91ec8014e11 req-13ebeab6-9fb6-4d95-969d-d91ec8014e11 ] Request (InstanceUsageAuditLogNegativeTestJSON:test_instance_usage_audit_logs_with_nonadmin_user): 403 GET http://10.180.1.21/compute/v2.1/os-instance_usage_audit_log 1.520s
2025-02-19 18:12:48.055 62974 INFO tempest.lib.common.rest_client [req-b407faa8-68c3-42e7-b53c-fed7fbe998cc req-b407faa8-68c3-42e7-b53c-fed7fbe998cc ] Request (FlavorsV2NegativeTest:tearDownClass): 204 DELETE http://10.180.1.21:9696/networking/v2.0/security-groups/2175ab25-3f5c-4b35-a04b-8cbe7a2c26eb 0.626s
2025-02-19 18:12:48.131 62988 INFO tempest.lib.common.rest_client [req-a12123b7-f37c-4cee-b079-fc56838e1826 req-a12123b7-f37c-4cee-b079-fc56838e1826 ] Request (MigrationsAdminTest:test_list_migrations_in_flavor_resize_situation): 200 GET http://10.180.1.21/compute/v2.1/servers/f8c713cd-d776-4398-8ed5-edf4ee3b32b2 1.545s
2025-02-19 18:12:48.133 62984 INFO tempest.lib.common.rest_client [req-346dd7af-896c-459f-b918-d773ab4d3c5b req-346dd7af-896c-459f-b918-d773ab4d3c5b ] Request (SecurityGroupsTestJSON:setUpClass): 201 POST http://10.180.1.21:9696/networking/v2.0/routers 3.533s
2025-02-19 18:12:48.134 62958 INFO tempest.lib.common.rest_client [req-98cb09c8-4ca0-43d5-902b-9d0fb1e6ca55 req-98cb09c8-4ca0-43d5-902b-9d0fb1e6ca55 ] Request (ServerDiagnosticsNegativeTest:test_get_server_diagnostics_by_non_admin): 200 GET http://10.180.1.21/compute/v2.1/servers/e56827f5-53a8-4ad3-b6a1-9a41526c6889 1.642s
2025-02-19 18:12:48.181 62974 INFO tempest.lib.common.rest_client [req-ae0d5674-b54d-4b0a-ad48-abe4f49f5cc2 req-ae0d5674-b54d-4b0a-ad48-abe4f49f5cc2 ] Request (FlavorsV2NegativeTest:tearDownClass): 204 DELETE http://10.180.1.21/identity/v3/projects/9cf44e450b054837992cdac2da5b7d02 0.126s
2025-02-19 18:12:48.197 62996 INFO tempest.lib.common.rest_client [req-14636a2f-7671-4ef0-8d4d-580e23fc228f req-14636a2f-7671-4ef0-8d4d-580e23fc228f ] Request (ListImagesTestJSON:tearDownClass): 200 GET http://10.180.1.21:9696/networking/v2.0/security-groups?tenant_id=d0e5a16f9ac1493bba926173a301857e&name=default 0.772s
2025-02-19 18:12:48.231 62992 INFO tempest.lib.common.rest_client [req-55aee61b-70a7-4223-9bfd-9d9a6ad33c93 req-55aee61b-70a7-4223-9bfd-9d9a6ad33c93 ] Request (AttachInterfacesUnderV243Test:setUpClass): 200 PUT http://10.180.1.21:9696/networking/v2.0/routers/8a72be8f-532b-4a1f-a5df-b9a7317af4f5/add_router_interface 4.921s
2025-02-19 18:12:48.232 62992 INFO tempest.lib.common.dynamic_creds [-] Created isolated network resources for: credentials: Credentials: {'domain_id': 'default', 'domain_name': 'Default', 'username': 'tempest-AttachInterfacesUnderV243Test-1949155671-project-member', 'project_domain_id': 'default', 'project_domain_name': 'Default', 'project_id': 'aed00bc8edbe471abbe36880c0c29015', 'project_name': 'tempest-AttachInterfacesUnderV243Test-1949155671', 'tenant_id': 'aed00bc8edbe471abbe36880c0c29015', 'tenant_name': 'tempest-AttachInterfacesUnderV243Test-1949155671', 'user_domain_id': 'default', 'user_domain_name': 'Default', 'user_id': 'c3d774721d4a4eeeade7c70f876fe310', 'system': None}, Network: {'id': '80d8affb-cb58-40a4-857a-380e63373336', 'name': 'tempest-AttachInterfacesUnderV243Test-1752302330-network', 'tenant_id': 'aed00bc8edbe471abbe36880c0c29015', 'admin_state_up': True, 'mtu': 8950, 'status': 'ACTIVE', 'subnets': [], 'shared': False, 'project_id': 'aed00bc8edbe471abbe36880c0c29015', 'port_security_enabled': True, 'router:external': False, 'provider:network_type': 'vlan', 'provider:physical_network': 'default', 'provider:segmentation_id': 318, 'availability_zone_hints': [], 'availability_zones': [], 'ipv4_address_scope': None, 'ipv6_address_scope': None, 'description': '', 'tags': [], 'created_at': '2025-02-19T18:12:40Z', 'updated_at': '2025-02-19T18:12:40Z', 'revision_number': 1}, Subnet: {'id': '922c87c8-492c-4837-8b36-68d66f9d3f10', 'name': 'tempest-AttachInterfacesUnderV243Test-1752302330-subnet', 'tenant_id': 'aed00bc8edbe471abbe36880c0c29015', 'network_id': '80d8affb-cb58-40a4-857a-380e63373336', 'ip_version': 4, 'subnetpool_id': None, 'enable_dhcp': True, 'ipv6_ra_mode': None, 'ipv6_address_mode': None, 'gateway_ip': '192.168.128.1', 'cidr': '192.168.128.0/28', 'allocation_pools': [{'start': '192.168.128.2', 'end': '192.168.128.14'}], 'host_routes': [], 'dns_nameservers': [], 'description': '', 'router:external': False, 'service_types': [], 'tags': [], 'created_at': '2025-02-19T18:12:40Z', 'updated_at': '2025-02-19T18:12:40Z', 'revision_number': 0, 'project_id': 'aed00bc8edbe471abbe36880c0c29015'}, Router: {'id': '8a72be8f-532b-4a1f-a5df-b9a7317af4f5', 'name': 'tempest-AttachInterfacesUnderV243Test-1752302330-router', 'tenant_id': 'aed00bc8edbe471abbe36880c0c29015', 'admin_state_up': True, 'status': 'ACTIVE', 'external_gateway_info': {'network_id': '6ae39b1a-33b5-4732-a0ef-1b807463d4b6', 'external_fixed_ips': [{'subnet_id': '4b164140-5c38-4b3b-94e8-fa4359cd7f11', 'ip_address': '10.180.180.228'}], 'enable_snat': True}, 'description': '', 'availability_zones': [], 'distributed': False, 'ha': False, 'availability_zone_hints': [], 'routes': [], 'flavor_id': None, 'tags': [], 'created_at': '2025-02-19T18:12:41Z', 'updated_at': '2025-02-19T18:12:42Z', 'revision_number': 2, 'project_id': 'aed00bc8edbe471abbe36880c0c29015'}
2025-02-19 18:12:48.260 62974 INFO tempest.lib.common.rest_client [req-90bbfab9-2ad5-458a-9ae4-cf378a9d4b16 req-90bbfab9-2ad5-458a-9ae4-cf378a9d4b16 ] Request (ImagesOneServerTestJSON:setUpClass): 201 POST http://10.180.1.21/identity/v3/auth/tokens 0.077s
2025-02-19 18:12:48.280 62990 INFO tempest.lib.common.rest_client [req-d31693c5-530f-494c-8073-c509cead7420 req-d31693c5-530f-494c-8073-c509cead7420 ] Request (ServersWithSpecificFlavorTestJSON:test_verify_created_server_ephemeral_disk): 200 GET http://10.180.1.21/compute/v2.1/servers/11c6c505-1909-4b81-ac40-b0ef4bd474ff 1.580s
2025-02-19 18:12:48.296 62990 INFO tempest.common.waiters [-] State transition "BUILD/None" ==> "BUILD/networking" after 6 second wait
2025-02-19 18:12:48.323 62974 INFO tempest.lib.common.rest_client [req-3b4f9bff-dfe1-4d91-9c42-92a37bb4d2a3 req-3b4f9bff-dfe1-4d91-9c42-92a37bb4d2a3 ] Request (ImagesOneServerTestJSON:setUpClass): 201 POST http://10.180.1.21/identity/v3/auth/tokens 0.060s
2025-02-19 18:12:48.334 62950 INFO tempest.lib.common.rest_client [req-49722bf0-a715-4139-8dc3-362a2bf1bd04 req-49722bf0-a715-4139-8dc3-362a2bf1bd04 ] Request (QuotasAdminTestJSON:test_get_updated_quotas): 200 GET http://10.180.1.21/compute/v2.1/os-quota-sets/43896dae1ece4741bf1b8612f7a5ff80/detail 1.641s
2025-02-19 18:12:48.351 62973 INFO tempest.lib.common.rest_client [req-ee32ec6a-b02d-4f59-995f-a70fa8cf219a req-ee32ec6a-b02d-4f59-995f-a70fa8cf219a ] Request (AggregatesAdminNegativeTestJSON:test_aggregate_delete_with_invalid_id): 404 DELETE http://10.180.1.21/compute/v2.1/os-aggregates/-1 1.252s
2025-02-19 18:12:48.358 62974 INFO tempest.lib.common.rest_client [req-90f96dfa-f05e-4010-ad91-823f8c0a1b61 req-90f96dfa-f05e-4010-ad91-823f8c0a1b61 ] Request (ImagesOneServerTestJSON:setUpClass): 200 GET http://10.180.1.21/identity/v3/domains?name=Default 0.035s
2025-02-19 18:12:48.377 62970 INFO tempest.lib.common.rest_client [req-965d1476-fcd4-497d-9ba7-e8a88ea8b86c req-965d1476-fcd4-497d-9ba7-e8a88ea8b86c ] Request (FlavorsAccessNegativeTestJSON:_run_cleanups): 202 DELETE http://10.180.1.21/compute/v2.1/flavors/1971482807 1.220s
2025-02-19 18:12:48.392 62950 INFO tempest.lib.common.rest_client [req-50b53167-0487-432c-8f1a-8094e6fb6be0 req-50b53167-0487-432c-8f1a-8094e6fb6be0 ] Request (QuotasAdminTestJSON:test_get_updated_quotas): 200 GET http://10.180.1.21/identity/v3/domains?name=Default 0.049s
2025-02-19 18:12:48.420 62992 INFO tempest.lib.common.rest_client [req-c99f2059-8434-46db-8526-5bfd58e6baea req-c99f2059-8434-46db-8526-5bfd58e6baea ] Request (AttachInterfacesUnderV243Test:setUpClass): 201 POST http://10.180.1.21/identity/v3/auth/tokens 0.183s
2025-02-19 18:12:48.424 62980 INFO tempest.lib.common.rest_client [req-1488b9ed-c81d-48fc-9dbe-0149327122fa req-1488b9ed-c81d-48fc-9dbe-0149327122fa ] Request (ServerDiagnosticsV248Test:test_get_server_diagnostics): 200 GET http://10.180.1.21/compute/v2.1/servers/0ae9e195-dcbf-4d62-9ca8-584be3064ced 1.415s
2025-02-19 18:12:48.437 62974 INFO tempest.lib.common.rest_client [req-6d19c69c-f99d-4753-b6f9-463b788a9b0c req-6d19c69c-f99d-4753-b6f9-463b788a9b0c ] Request (ImagesOneServerTestJSON:setUpClass): 201 POST http://10.180.1.21/identity/v3/projects 0.076s
2025-02-19 18:12:48.484 62942 INFO tempest.lib.common.rest_client [req-e6ffb677-fe41-41bf-8cd6-512620453296 req-e6ffb677-fe41-41bf-8cd6-512620453296 ] Request (HypervisorAdminV228Test:tearDownClass): 200 GET http://10.180.1.21:9696/networking/v2.0/security-groups?tenant_id=6b75cc87534f4d7885b56760b1113de3&name=default 1.155s
2025-02-19 18:12:48.508 62950 INFO tempest.lib.common.rest_client [req-74a11180-2719-4d28-9954-a31ae19f5aac req-74a11180-2719-4d28-9954-a31ae19f5aac ] Request (QuotasAdminTestJSON:test_get_updated_quotas): 201 POST http://10.180.1.21/identity/v3/users 0.115s
2025-02-19 18:12:48.542 62950 INFO tempest.lib.common.rest_client [req-3a8829b1-9287-4f57-8ae5-91ca51d25e1a req-3a8829b1-9287-4f57-8ae5-91ca51d25e1a ] Request (QuotasAdminTestJSON:test_get_updated_quotas): 200 GET http://10.180.1.21/identity/v3/domains?name=Default 0.033s
2025-02-19 18:12:48.592 62974 INFO tempest.lib.common.rest_client [req-cfb4fbc3-07bc-4138-9e95-f16e395a5964 req-cfb4fbc3-07bc-4138-9e95-f16e395a5964 ] Request (ImagesOneServerTestJSON:setUpClass): 201 POST http://10.180.1.21/identity/v3/users 0.152s
2025-02-19 18:12:48.625 62974 INFO tempest.lib.common.rest_client [req-fa597afe-4c0f-43e1-910c-02bb11ee401e req-fa597afe-4c0f-43e1-910c-02bb11ee401e ] Request (ImagesOneServerTestJSON:setUpClass): 200 GET http://10.180.1.21/identity/v3/roles 0.033s
2025-02-19 18:12:48.667 62974 INFO tempest.lib.common.rest_client [req-21be8187-e9bd-4707-9e4d-6e7a74d4d81c req-21be8187-e9bd-4707-9e4d-6e7a74d4d81c ] Request (ImagesOneServerTestJSON:setUpClass): 204 PUT http://10.180.1.21/identity/v3/projects/4c798314f32c4acf84cfa0fba04346d8/users/686fc478e8a14c97827e154775a82a77/roles/5909705e3d134ba9947f74584f419c10 0.041s
2025-02-19 18:12:48.667 62974 INFO tempest.lib.common.dynamic_creds [-] Dynamic test user 686fc478e8a14c97827e154775a82a77 is created with scope project and roles: ['member']
2025-02-19 18:12:48.668 62974 INFO tempest.lib.common.dynamic_creds [-] Acquired dynamic creds: credentials: Credentials: {'domain_id': 'default', 'domain_name': 'Default', 'username': 'tempest-ImagesOneServerTestJSON-105985214-project-member', 'project_domain_id': 'default', 'project_domain_name': 'Default', 'project_id': '4c798314f32c4acf84cfa0fba04346d8', 'project_name': 'tempest-ImagesOneServerTestJSON-105985214', 'tenant_id': '4c798314f32c4acf84cfa0fba04346d8', 'tenant_name': 'tempest-ImagesOneServerTestJSON-105985214', 'user_domain_id': 'default', 'user_domain_name': 'Default', 'user_id': '686fc478e8a14c97827e154775a82a77', 'system': None}, Network: None, Subnet: None, Router: None
2025-02-19 18:12:48.753 62962 INFO tempest.lib.common.rest_client [req-254032a1-fe55-4a34-a3a7-c49fe62ad99f req-254032a1-fe55-4a34-a3a7-c49fe62ad99f ] Request (VolumesAdminNegativeTest:test_update_attached_volume_with_nonexistent_volume_in_body): 201 POST http://10.180.1.21:9696/networking/v2.0/security-groups 0.844s
2025-02-19 18:12:48.754 62974 INFO tempest.lib.common.rest_client [req-8dc2d7fe-7fe9-4af5-a14e-8ab3e3c0b65a req-8dc2d7fe-7fe9-4af5-a14e-8ab3e3c0b65a ] Request (ImagesOneServerTestJSON:setUpClass): 201 POST http://10.180.1.21/identity/v3/auth/tokens 0.086s
2025-02-19 18:12:48.756 62996 INFO tempest.lib.common.rest_client [req-f8696648-5dde-4687-9a73-041ab3087f49 req-f8696648-5dde-4687-9a73-041ab3087f49 ] Request (ListImagesTestJSON:tearDownClass): 204 DELETE http://10.180.1.21:9696/networking/v2.0/security-groups/85d4c462-0349-47c5-a68d-3db271fca647 0.559s
2025-02-19 18:12:48.868 62996 INFO tempest.lib.common.rest_client [req-5a1e4d37-0178-41da-8fa8-a0b97493dae3 req-5a1e4d37-0178-41da-8fa8-a0b97493dae3 ] Request (ListImagesTestJSON:tearDownClass): 204 DELETE http://10.180.1.21/identity/v3/projects/d0e5a16f9ac1493bba926173a301857e 0.111s
2025-02-19 18:12:48.875 62946 INFO tempest.lib.common.rest_client [req-8769c193-c9a2-442e-bd06-064d81eeef06 req-8769c193-c9a2-442e-bd06-064d81eeef06 ] Request (VolumesAssistedSnapshotsTest:test_volume_assisted_snapshot_create_delete): 200 GET http://10.180.1.21/compute/v2.1/servers/13652151-da46-4228-b335-104fe331c9c3 1.470s
2025-02-19 18:12:48.912 62954 INFO tempest.lib.common.rest_client [req-3d9ec8b5-ed55-4827-93bf-bf5547088054 req-3d9ec8b5-ed55-4827-93bf-bf5547088054 ] Request (FlavorsAdminTestJSON:_run_cleanups): 200 GET http://10.180.1.21/compute/v2.1/flavors/detail 1.231s
2025-02-19 18:12:48.934 62998 INFO tempest.lib.common.rest_client [req-014ecddc-9e3d-4bb1-a2c9-39323d611e3e req-014ecddc-9e3d-4bb1-a2c9-39323d611e3e ] Request (ImagesMetadataNegativeTestJSON:test_list_nonexistent_image_metadata): 404 GET http://10.180.1.21/compute/v2.1/images/ef110946-0c87-41d1-ad1c-413ef3b4fd09/metadata 1.226s
2025-02-19 18:12:48.954 62996 INFO tempest.lib.common.rest_client [req-cf87378f-c406-44e3-9dcb-8e597f92d69a req-cf87378f-c406-44e3-9dcb-8e597f92d69a ] Request (MultipleCreateNegativeTestJSON:setUpClass): 201 POST http://10.180.1.21/identity/v3/auth/tokens 0.084s
2025-02-19 18:12:48.986 62996 INFO tempest.lib.common.rest_client [req-ca0a4387-5f12-41ae-b5d9-3edb66f220b4 req-ca0a4387-5f12-41ae-b5d9-3edb66f220b4 ] Request (MultipleCreateNegativeTestJSON:setUpClass): 201 POST http://10.180.1.21/identity/v3/auth/tokens 0.029s
2025-02-19 18:12:49.021 62996 INFO tempest.lib.common.rest_client [req-b43c3537-b943-4ba8-bbbb-d375ac1eb039 req-b43c3537-b943-4ba8-bbbb-d375ac1eb039 ] Request (MultipleCreateNegativeTestJSON:setUpClass): 200 GET http://10.180.1.21/identity/v3/domains?name=Default 0.035s
2025-02-19 18:12:49.061 62996 INFO tempest.lib.common.rest_client [req-c361a37f-ea03-40a9-8d4d-08ac0e9118fd req-c361a37f-ea03-40a9-8d4d-08ac0e9118fd ] Request (MultipleCreateNegativeTestJSON:setUpClass): 201 POST http://10.180.1.21/identity/v3/projects 0.040s
2025-02-19 18:12:49.117 62962 INFO tempest.lib.common.rest_client [req-7b3ab6e7-51b5-4ac8-a5fa-0fb94ed99c11 req-7b3ab6e7-51b5-4ac8-a5fa-0fb94ed99c11 ] Request (VolumesAdminNegativeTest:test_update_attached_volume_with_nonexistent_volume_in_body): 201 POST http://10.180.1.21:9696/networking/v2.0/security-group-rules 0.363s
2025-02-19 18:12:49.132 62996 INFO tempest.lib.common.rest_client [req-f33665eb-f45c-4510-96e5-2b95ce0298d2 req-f33665eb-f45c-4510-96e5-2b95ce0298d2 ] Request (MultipleCreateNegativeTestJSON:setUpClass): 201 POST http://10.180.1.21/identity/v3/users 0.070s
2025-02-19 18:12:49.154 62996 INFO tempest.lib.common.rest_client [req-574cc88f-1474-4396-bb78-9b24006e34cf req-574cc88f-1474-4396-bb78-9b24006e34cf ] Request (MultipleCreateNegativeTestJSON:setUpClass): 200 GET http://10.180.1.21/identity/v3/roles 0.021s
2025-02-19 18:12:49.183 62996 INFO tempest.lib.common.rest_client [req-73450aed-83e9-454f-8401-f39770c90567 req-73450aed-83e9-454f-8401-f39770c90567 ] Request (MultipleCreateNegativeTestJSON:setUpClass): 204 PUT http://10.180.1.21/identity/v3/projects/3318aeccba9e4edfacaca3824f091070/users/f54caee5ec6749a0a2ad2f3f0eb91bff/roles/5909705e3d134ba9947f74584f419c10 0.028s
2025-02-19 18:12:49.183 62996 INFO tempest.lib.common.dynamic_creds [-] Dynamic test user f54caee5ec6749a0a2ad2f3f0eb91bff is created with scope project and roles: ['member']
2025-02-19 18:12:49.183 62996 INFO tempest.lib.common.dynamic_creds [-] Acquired dynamic creds: credentials: Credentials: {'domain_id': 'default', 'domain_name': 'Default', 'username': 'tempest-MultipleCreateNegativeTestJSON-263262118-project-member', 'project_domain_id': 'default', 'project_domain_name': 'Default', 'project_id': '3318aeccba9e4edfacaca3824f091070', 'project_name': 'tempest-MultipleCreateNegativeTestJSON-263262118', 'tenant_id': '3318aeccba9e4edfacaca3824f091070', 'tenant_name': 'tempest-MultipleCreateNegativeTestJSON-263262118', 'user_domain_id': 'default', 'user_domain_name': 'Default', 'user_id': 'f54caee5ec6749a0a2ad2f3f0eb91bff', 'system': None}, Network: None, Subnet: None, Router: None
2025-02-19 18:12:49.184 62996 INFO tempest.lib.common.dynamic_creds [-] Created isolated network resources for: credentials: Credentials: {'domain_id': 'default', 'domain_name': 'Default', 'username': 'tempest-MultipleCreateNegativeTestJSON-263262118-project-member', 'project_domain_id': 'default', 'project_domain_name': 'Default', 'project_id': '3318aeccba9e4edfacaca3824f091070', 'project_name': 'tempest-MultipleCreateNegativeTestJSON-263262118', 'tenant_id': '3318aeccba9e4edfacaca3824f091070', 'tenant_name': 'tempest-MultipleCreateNegativeTestJSON-263262118', 'user_domain_id': 'default', 'user_domain_name': 'Default', 'user_id': 'f54caee5ec6749a0a2ad2f3f0eb91bff', 'system': None}, Network: None, Subnet: None, Router: None
2025-02-19 18:12:49.288 62996 INFO tempest.lib.common.rest_client [req-0ebda365-1a4d-4771-8023-bdd9f73716d6 req-0ebda365-1a4d-4771-8023-bdd9f73716d6 ] Request (MultipleCreateNegativeTestJSON:setUpClass): 201 POST http://10.180.1.21/identity/v3/auth/tokens 0.097s
2025-02-19 18:12:49.298 62942 INFO tempest.lib.common.rest_client [req-d677b30d-48e3-4137-82a1-cf1563f67fee req-d677b30d-48e3-4137-82a1-cf1563f67fee ] Request (HypervisorAdminV228Test:tearDownClass): 204 DELETE http://10.180.1.21:9696/networking/v2.0/security-groups/38213857-abd5-4532-a40b-e86c49087945 0.813s
2025-02-19 18:12:49.339 62996 INFO tempest.lib.common.rest_client [req-f7785a7a-0c79-47f1-97d1-2c3e7d5910f4 req-f7785a7a-0c79-47f1-97d1-2c3e7d5910f4 ] Request (MultipleCreateNegativeTestJSON:test_max_count_less_than_min_count): 201 POST http://10.180.1.21/identity/v3/auth/tokens 0.046s
2025-02-19 18:12:49.339 62996 INFO tempest.lib.common.fixed_network [-] (MultipleCreateNegativeTestJSON:test_max_count_less_than_min_count) Found network None available for tenant
2025-02-19 18:12:49.425 62942 INFO tempest.lib.common.rest_client [req-43d8ff26-f6aa-4822-9214-f0a7775d1a8b req-43d8ff26-f6aa-4822-9214-f0a7775d1a8b ] Request (HypervisorAdminV228Test:tearDownClass): 204 DELETE http://10.180.1.21/identity/v3/projects/6b75cc87534f4d7885b56760b1113de3 0.127s
2025-02-19 18:12:49.425 62942 INFO tempest.lib.common.dynamic_creds [-] Deleting project and security group for project: 548bb26c36bc4ebf8bd88bbd2d6b0825
2025-02-19 18:12:49.486 62966 INFO tempest.lib.common.rest_client [req-a44756ef-5063-463a-a1c2-37137d568893 req-a44756ef-5063-463a-a1c2-37137d568893 ] Request (DeleteServersAdminTestJSON:test_admin_delete_servers_of_others): 200 GET http://10.180.1.21/compute/v2.1/servers/7ec7dfba-8ad5-4192-9ff0-5d5967f2f70c 1.745s
2025-02-19 18:12:49.552 62962 INFO tempest.lib.common.rest_client [req-b67d717b-8067-4532-a585-1fe9f33fbfba req-b67d717b-8067-4532-a585-1fe9f33fbfba ] Request (VolumesAdminNegativeTest:test_update_attached_volume_with_nonexistent_volume_in_body): 201 POST http://10.180.1.21:9696/networking/v2.0/security-group-rules 0.434s
2025-02-19 18:12:49.634 63004 INFO tempest.lib.common.rest_client [req-77aa2593-ea7a-49a6-b8f8-6430dea37568 req-77aa2593-ea7a-49a6-b8f8-6430dea37568 ] Request (ImagesOneServerNegativeTestJSON:setUpClass): 200 GET http://10.180.1.21/compute/v2.1/servers/0c32973d-cf85-4e4a-a89b-1f2c0d98d856 1.787s
2025-02-19 18:12:49.641 63002 INFO tempest.lib.common.rest_client [req-25258bdc-0c7d-44f7-a4bd-cf5de059e9eb req-25258bdc-0c7d-44f7-a4bd-cf5de059e9eb ] Request (TestVersions:test_get_version_details): 200 GET http://10.180.1.21/compute/v2.1/ 1.725s
2025-02-19 18:12:49.795 62986 INFO tempest.lib.common.rest_client [req-4d047af8-16eb-480f-9443-fae885907de8 req-4d047af8-16eb-480f-9443-fae885907de8 ] Request (ServersAdminNegativeTestJSON:setUpClass): 200 GET http://10.180.1.21/compute/v2.1/servers/6416b9fa-2e09-4093-9f54-f1649c351ba7 1.840s
2025-02-19 18:12:49.808 62952 INFO tempest.lib.common.rest_client [req-d3fa8f3e-d5c5-44bd-9309-8a54589165f2 req-d3fa8f3e-d5c5-44bd-9309-8a54589165f2 ] Request (InstanceUsageAuditLogNegativeTestJSON:test_instance_usage_audit_logs_with_nonadmin_user): 403 GET http://10.180.1.21/compute/v2.1/os-instance_usage_audit_log/2025-02-19%2018%3A12%3A48 1.799s
2025-02-19 18:12:49.859 63000 INFO tempest.lib.common.rest_client [req-ad8fb30c-c6c0-42a1-a737-1466e76dd0cc req-ad8fb30c-c6c0-42a1-a737-1466e76dd0cc ] Request (SecurityGroupsTestAdminJSON:test_list_security_groups_list_all_tenants_filter): 200 POST http://10.180.1.21/compute/v2.1/os-security-groups 2.557s
2025-02-19 18:12:49.890 62973 INFO tempest.lib.common.rest_client [req-f40190b8-9b0b-44b8-831d-93d5e917e538 req-f40190b8-9b0b-44b8-831d-93d5e917e538 ] Request (AggregatesAdminNegativeTestJSON:test_aggregate_get_details_as_user): 200 POST http://10.180.1.21/compute/v2.1/os-aggregates 1.537s
2025-02-19 18:12:49.932 62970 INFO tempest.lib.common.rest_client [req-6190b3d9-49ff-4419-a167-4f28fb5fe2f8 req-6190b3d9-49ff-4419-a167-4f28fb5fe2f8 ] Request (FlavorsAccessNegativeTestJSON:_run_cleanups): 200 GET http://10.180.1.21/compute/v2.1/flavors/detail 1.555s
2025-02-19 18:12:49.994 62952 INFO tempest.lib.common.rest_client [req-8c4a9f3c-18b5-4189-a1a8-236bc02543ab req-8c4a9f3c-18b5-4189-a1a8-236bc02543ab ] Request (InstanceUsageAuditLogNegativeTestJSON:tearDownClass): 204 DELETE http://10.180.1.21/identity/v3/users/c0752ec62669424faeaf7ddacb6a36ac 0.182s
2025-02-19 18:12:50.152 62974 INFO tempest.lib.common.rest_client [req-e7988f15-ef20-4532-b205-c3c36043060a req-e7988f15-ef20-4532-b205-c3c36043060a ] Request (ImagesOneServerTestJSON:setUpClass): 201 POST http://10.180.1.21:9696/networking/v2.0/networks 1.397s
2025-02-19 18:12:50.155 62952 INFO tempest.lib.common.rest_client [req-78ebd23b-559a-4787-b108-61df979da32b req-78ebd23b-559a-4787-b108-61df979da32b ] Request (InstanceUsageAuditLogNegativeTestJSON:tearDownClass): 204 DELETE http://10.180.1.21/identity/v3/users/4c5474f3c2b847b4ba6a017e220e6222 0.161s
2025-02-19 18:12:50.156 62952 INFO tempest.lib.common.dynamic_creds [-] Deleting project and security group for project: 137d984498c64ae3b6d84bab4f82df9b
2025-02-19 18:12:50.177 62992 INFO tempest.lib.common.rest_client [req-fb43d4e3-2adc-453d-bb02-dc7ef100a656 req-fb43d4e3-2adc-453d-bb02-dc7ef100a656 ] Request (ValidationResourcesFixture:setUp): 200 POST http://10.180.1.21/compute/v2.1/os-keypairs 1.750s
2025-02-19 18:12:50.232 62960 INFO tempest.lib.common.rest_client [req-3c2d723e-3191-4c77-b06d-fd977dffe3cf req-3c2d723e-3191-4c77-b06d-fd977dffe3cf ] Request (ServerExternalEventsTest:test_create_server_external_events): 200 GET http://10.180.1.21/compute/v2.1/servers/162981df-6203-402e-8443-757c301b577e 2.157s
2025-02-19 18:12:50.258 62952 INFO tempest.lib.common.rest_client [req-6ebf3f78-51c2-446b-a191-60c834fc36da req-6ebf3f78-51c2-446b-a191-60c834fc36da ] Request (InstanceUsageAuditLogNegativeTestJSON:tearDownClass): 201 POST http://10.180.1.21/identity/v3/auth/tokens 0.102s
2025-02-19 18:12:50.395 62942 INFO tempest.lib.common.rest_client [req-44ac708d-0f95-4077-86e3-63a295fa4503 req-44ac708d-0f95-4077-86e3-63a295fa4503 ] Request (HypervisorAdminV228Test:tearDownClass): 200 GET http://10.180.1.21:9696/networking/v2.0/security-groups?tenant_id=548bb26c36bc4ebf8bd88bbd2d6b0825&name=default 0.969s
2025-02-19 18:12:50.438 62950 INFO tempest.lib.common.rest_client [req-45bf9c99-5584-4431-b0dc-3173f7c25eb3 req-45bf9c99-5584-4431-b0dc-3173f7c25eb3 ] Request (QuotasAdminTestJSON:test_get_updated_quotas): 200 PUT http://10.180.1.21/compute/v2.1/os-quota-sets/43896dae1ece4741bf1b8612f7a5ff80?user_id=1d00d4f5f6b74bd99c24812f640ebbed 1.895s
2025-02-19 18:12:50.461 62954 INFO tempest.lib.common.rest_client [req-9d67e705-5a47-4de8-8af6-de787e7eb42c req-9d67e705-5a47-4de8-8af6-de787e7eb42c ] Request (FlavorsAdminTestJSON:test_create_server_with_non_public_flavor): 200 POST http://10.180.1.21/compute/v2.1/flavors 1.542s
2025-02-19 18:12:50.482 62998 INFO tempest.lib.common.rest_client [req-167ec7a2-7f0f-4f5b-8e62-32ddfe6cfa05 req-167ec7a2-7f0f-4f5b-8e62-32ddfe6cfa05 ] Request (ImagesMetadataNegativeTestJSON:test_set_nonexistent_image_metadata): 404 PUT http://10.180.1.21/compute/v2.1/images/15d96702-4f97-40bf-a841-227df4a3dc73/metadata 1.545s
2025-02-19 18:12:50.724 62944 INFO tempest.lib.common.rest_client [req-08462d34-a2fb-45de-92f8-f84e837fcd58 req-08462d34-a2fb-45de-92f8-f84e837fcd58 ] Request (TenantUsagesTestJSON:setUpClass): 200 GET http://10.180.1.21/compute/v2.1/servers/cad5fcef-7b15-4421-9d7a-6c0abcbc0ea2 2.057s
2025-02-19 18:12:50.734 62944 INFO tempest.common.waiters [-] State transition "BUILD/spawning" ==> "ACTIVE/None" after 21 second wait
2025-02-19 18:12:50.871 62979 INFO tempest.lib.common.rest_client [req-485c49aa-37e5-4705-9311-26b9869c1e67 req-485c49aa-37e5-4705-9311-26b9869c1e67 ] Request (ImagesNegativeTestJSON:test_create_image_from_deleted_server): 200 GET http://10.180.1.21/compute/v2.1/servers/33793592-5c95-4583-a778-4086b87854ad 1.905s
2025-02-19 18:12:50.895 62992 INFO tempest.lib.common.rest_client [req-c3ded50a-1f96-4a43-b357-113e90c01faa req-c3ded50a-1f96-4a43-b357-113e90c01faa ] Request (ValidationResourcesFixture:setUp): 201 POST http://10.180.1.21:9696/networking/v2.0/security-groups 0.716s
2025-02-19 18:12:50.912 62988 INFO tempest.lib.common.rest_client [req-f4668f8c-6133-4347-b01c-f8a3714c4da4 req-f4668f8c-6133-4347-b01c-f8a3714c4da4 ] Request (MigrationsAdminTest:test_list_migrations_in_flavor_resize_situation): 200 GET http://10.180.1.21/compute/v2.1/servers/f8c713cd-d776-4398-8ed5-edf4ee3b32b2 1.769s
2025-02-19 18:12:50.917 62952 INFO tempest.lib.common.rest_client [req-5d9bc714-ed28-47ec-87e8-30b8a5415846 req-5d9bc714-ed28-47ec-87e8-30b8a5415846 ] Request (InstanceUsageAuditLogNegativeTestJSON:tearDownClass): 200 GET http://10.180.1.21:9696/networking/v2.0/security-groups?tenant_id=137d984498c64ae3b6d84bab4f82df9b&name=default 0.659s
2025-02-19 18:12:50.971 62942 INFO tempest.lib.common.rest_client [req-b57a1517-c26a-4965-9d01-9ee841c079f3 req-b57a1517-c26a-4965-9d01-9ee841c079f3 ] Request (HypervisorAdminV228Test:tearDownClass): 204 DELETE http://10.180.1.21:9696/networking/v2.0/security-groups/8e2220c0-c54e-4281-86e2-f0c71a072064 0.576s
2025-02-19 18:12:51.007 62958 INFO tempest.lib.common.rest_client [req-b4d09858-7bae-4dfa-a6a1-13e5e25e39a8 req-b4d09858-7bae-4dfa-a6a1-13e5e25e39a8 ] Request (ServerDiagnosticsNegativeTest:test_get_server_diagnostics_by_non_admin): 200 GET http://10.180.1.21/compute/v2.1/servers/e56827f5-53a8-4ad3-b6a1-9a41526c6889 1.861s
2025-02-19 18:12:51.018 62958 INFO tempest.common.waiters [-] State transition "BUILD/None" ==> "BUILD/spawning" after 6 second wait
2025-02-19 18:12:51.048 62942 INFO tempest.lib.common.rest_client [req-bbb44b9e-22c3-4b40-b1e7-816d9b473448 req-bbb44b9e-22c3-4b40-b1e7-816d9b473448 ] Request (HypervisorAdminV228Test:tearDownClass): 204 DELETE http://10.180.1.21/identity/v3/projects/548bb26c36bc4ebf8bd88bbd2d6b0825 0.077s
2025-02-19 18:12:51.084 62996 INFO tempest.lib.common.rest_client [req-08da1bd2-35cc-4d3a-b35b-c576d52a6c91 req-08da1bd2-35cc-4d3a-b35b-c576d52a6c91 ] Request (MultipleCreateNegativeTestJSON:test_max_count_less_than_min_count): 400 POST http://10.180.1.21/compute/v2.1/servers 1.744s
2025-02-19 18:12:51.125 62942 INFO tempest.lib.common.rest_client [req-7533b3a2-3ba0-4434-9506-3a32efb44d47 req-7533b3a2-3ba0-4434-9506-3a32efb44d47 ] Request (ServerDiagnosticsTest:setUpClass): 201 POST http://10.180.1.21/identity/v3/auth/tokens 0.075s
2025-02-19 18:12:51.158 62942 INFO tempest.lib.common.rest_client [req-450b883d-c6ee-40f7-9af0-0d99d8af71aa req-450b883d-c6ee-40f7-9af0-0d99d8af71aa ] Request (ServerDiagnosticsTest:setUpClass): 201 POST http://10.180.1.21/identity/v3/auth/tokens 0.030s
2025-02-19 18:12:51.176 62996 INFO tempest.lib.common.rest_client [req-fb6d7a4d-df83-4530-be53-7402f479f2b2 req-fb6d7a4d-df83-4530-be53-7402f479f2b2 ] Request (MultipleCreateNegativeTestJSON:test_max_count_less_than_one): 201 POST http://10.180.1.21/identity/v3/auth/tokens 0.080s
2025-02-19 18:12:51.176 62996 INFO tempest.lib.common.fixed_network [-] (MultipleCreateNegativeTestJSON:test_max_count_less_than_one) Found network None available for tenant
2025-02-19 18:12:51.193 62942 INFO tempest.lib.common.rest_client [req-1c5ac31f-e6e8-45ba-8ce8-68adf609f2f1 req-1c5ac31f-e6e8-45ba-8ce8-68adf609f2f1 ] Request (ServerDiagnosticsTest:setUpClass): 200 GET http://10.180.1.21/identity/v3/domains?name=Default 0.035s
2025-02-19 18:12:51.232 62942 INFO tempest.lib.common.rest_client [req-247c4492-a84d-4884-9caf-0b4304c2ab35 req-247c4492-a84d-4884-9caf-0b4304c2ab35 ] Request (ServerDiagnosticsTest:setUpClass): 201 POST http://10.180.1.21/identity/v3/projects 0.038s
2025-02-19 18:12:51.290 62980 INFO tempest.lib.common.rest_client [req-d7c3ea0b-534e-4b7b-8da9-96190f327b5c req-d7c3ea0b-534e-4b7b-8da9-96190f327b5c ] Request (ServerDiagnosticsV248Test:test_get_server_diagnostics): 200 GET http://10.180.1.21/compute/v2.1/servers/0ae9e195-dcbf-4d62-9ca8-584be3064ced 1.854s
2025-02-19 18:12:51.295 63002 INFO tempest.lib.common.rest_client [-] Request (TestVersions:test_list_api_versions): 200 GET http://10.180.1.21/compute/ 1.649s
2025-02-19 18:12:51.299 62942 INFO tempest.lib.common.rest_client [req-9c727d78-e18e-4e82-849f-79da08d8ecf0 req-9c727d78-e18e-4e82-849f-79da08d8ecf0 ] Request (ServerDiagnosticsTest:setUpClass): 201 POST http://10.180.1.21/identity/v3/users 0.066s
2025-02-19 18:12:51.329 62942 INFO tempest.lib.common.rest_client [req-c403e0cf-cf6d-4315-ba7d-96e821de4d84 req-c403e0cf-cf6d-4315-ba7d-96e821de4d84 ] Request (ServerDiagnosticsTest:setUpClass): 200 GET http://10.180.1.21/identity/v3/roles 0.028s
2025-02-19 18:12:51.367 62942 INFO tempest.lib.common.rest_client [req-b462f0f6-7a08-497b-be0e-431ebaa98f4f req-b462f0f6-7a08-497b-be0e-431ebaa98f4f ] Request (ServerDiagnosticsTest:setUpClass): 204 PUT http://10.180.1.21/identity/v3/projects/ef9bd989d026410aa914085ce0759397/users/0aa385636a584ff999cb5b8638f01460/roles/5909705e3d134ba9947f74584f419c10 0.038s
2025-02-19 18:12:51.368 62942 INFO tempest.lib.common.dynamic_creds [-] Dynamic test user 0aa385636a584ff999cb5b8638f01460 is created with scope project and roles: ['member']
2025-02-19 18:12:51.369 62942 INFO tempest.lib.common.dynamic_creds [-] Acquired dynamic creds: credentials: Credentials: {'domain_id': 'default', 'domain_name': 'Default', 'username': 'tempest-ServerDiagnosticsTest-1720630684-project-member', 'project_domain_id': 'default', 'project_domain_name': 'Default', 'project_id': 'ef9bd989d026410aa914085ce0759397', 'project_name': 'tempest-ServerDiagnosticsTest-1720630684', 'tenant_id': 'ef9bd989d026410aa914085ce0759397', 'tenant_name': 'tempest-ServerDiagnosticsTest-1720630684', 'user_domain_id': 'default', 'user_domain_name': 'Default', 'user_id': '0aa385636a584ff999cb5b8638f01460', 'system': None}, Network: None, Subnet: None, Router: None
2025-02-19 18:12:51.369 62942 INFO tempest.lib.common.dynamic_creds [-] Created isolated network resources for: credentials: Credentials: {'domain_id': 'default', 'domain_name': 'Default', 'username': 'tempest-ServerDiagnosticsTest-1720630684-project-member', 'project_domain_id': 'default', 'project_domain_name': 'Default', 'project_id': 'ef9bd989d026410aa914085ce0759397', 'project_name': 'tempest-ServerDiagnosticsTest-1720630684', 'tenant_id': 'ef9bd989d026410aa914085ce0759397', 'tenant_name': 'tempest-ServerDiagnosticsTest-1720630684', 'user_domain_id': 'default', 'user_domain_name': 'Default', 'user_id': '0aa385636a584ff999cb5b8638f01460', 'system': None}, Network: None, Subnet: None, Router: None
2025-02-19 18:12:51.377 62992 INFO tempest.lib.common.rest_client [req-ac8fca2e-e714-4893-9ccd-83d069765db2 req-ac8fca2e-e714-4893-9ccd-83d069765db2 ] Request (ValidationResourcesFixture:setUp): 201 POST http://10.180.1.21:9696/networking/v2.0/security-group-rules 0.481s
2025-02-19 18:12:51.385 63002 INFO tempest.lib.common.rest_client [req-942f59f1-3966-4243-aa93-d53eb4bfd55d req-942f59f1-3966-4243-aa93-d53eb4bfd55d ] Request (TestVersions:tearDownClass): 204 DELETE http://10.180.1.21/identity/v3/users/dad78e6165d34d82a1adb41e813ebbf0 0.080s
2025-02-19 18:12:51.386 63002 INFO tempest.lib.common.dynamic_creds [-] Deleting project and security group for project: 9c4e51aaaba142aaa1dfb7d215bb3bd0
2025-02-19 18:12:51.441 63002 INFO tempest.lib.common.rest_client [req-17886c50-6822-430b-8d5a-310a46a595cd req-17886c50-6822-430b-8d5a-310a46a595cd ] Request (TestVersions:tearDownClass): 201 POST http://10.180.1.21/identity/v3/auth/tokens 0.055s
2025-02-19 18:12:51.453 62942 INFO tempest.lib.common.rest_client [req-c50ca0e6-bfbe-4834-a77f-c7d276e7beff req-c50ca0e6-bfbe-4834-a77f-c7d276e7beff ] Request (ServerDiagnosticsTest:setUpClass): 201 POST http://10.180.1.21/identity/v3/auth/tokens 0.078s
2025-02-19 18:12:51.473 62990 INFO tempest.lib.common.rest_client [req-9f60dc27-dc52-44fb-b18e-7c7d487d0b5e req-9f60dc27-dc52-44fb-b18e-7c7d487d0b5e ] Request (ServersWithSpecificFlavorTestJSON:test_verify_created_server_ephemeral_disk): 200 GET http://10.180.1.21/compute/v2.1/servers/11c6c505-1909-4b81-ac40-b0ef4bd474ff 2.175s
2025-02-19 18:12:51.483 62990 INFO tempest.common.waiters [-] State transition "BUILD/networking" ==> "BUILD/spawning" after 9 second wait
2025-02-19 18:12:51.508 62942 INFO tempest.lib.common.rest_client [req-811bffa6-0cfa-440c-bf97-0bb828e3f88a req-811bffa6-0cfa-440c-bf97-0bb828e3f88a ] Request (ServerDiagnosticsTest:setUpClass): 201 POST http://10.180.1.21/identity/v3/projects 0.055s
2025-02-19 18:12:51.585 62942 INFO tempest.lib.common.rest_client [req-27b406ad-dace-4234-a4d6-d3de334ae7ee req-27b406ad-dace-4234-a4d6-d3de334ae7ee ] Request (ServerDiagnosticsTest:setUpClass): 201 POST http://10.180.1.21/identity/v3/users 0.077s
2025-02-19 18:12:51.606 62942 INFO tempest.lib.common.rest_client [req-2c8395eb-c8af-4fdf-ba0e-6e3b6305bd50 req-2c8395eb-c8af-4fdf-ba0e-6e3b6305bd50 ] Request (ServerDiagnosticsTest:setUpClass): 200 GET http://10.180.1.21/identity/v3/roles 0.020s
2025-02-19 18:12:51.661 62952 INFO tempest.lib.common.rest_client [req-4a45ae95-60a3-4257-9e1a-a294356793c3 req-4a45ae95-60a3-4257-9e1a-a294356793c3 ] Request (InstanceUsageAuditLogNegativeTestJSON:tearDownClass): 204 DELETE http://10.180.1.21:9696/networking/v2.0/security-groups/23244389-3303-418e-98ae-04cc213213de 0.743s
2025-02-19 18:12:51.661 62942 INFO tempest.lib.common.rest_client [req-1e8907a5-c0a0-4a50-8a3a-4570c9fecc7d req-1e8907a5-c0a0-4a50-8a3a-4570c9fecc7d ] Request (ServerDiagnosticsTest:setUpClass): 204 PUT http://10.180.1.21/identity/v3/projects/f2ad6b78db854cc587264aa9dee2e36c/users/e61491552da348d094a3c1603734aada/roles/24cfa755bc5f425198c11134e336cbe4 0.055s
2025-02-19 18:12:51.737 62942 INFO tempest.lib.common.rest_client [req-502973f4-b191-4b94-ba73-74f6e3b4e893 req-502973f4-b191-4b94-ba73-74f6e3b4e893 ] Request (ServerDiagnosticsTest:setUpClass): 200 GET http://10.180.1.21/identity/v3/roles 0.076s
2025-02-19 18:12:51.758 62942 INFO tempest.lib.common.rest_client [req-ea51d7f8-7541-4730-9dc8-fccd9efd40b5 req-ea51d7f8-7541-4730-9dc8-fccd9efd40b5 ] Request (ServerDiagnosticsTest:setUpClass): 204 PUT http://10.180.1.21/identity/v3/projects/f2ad6b78db854cc587264aa9dee2e36c/users/e61491552da348d094a3c1603734aada/roles/24cfa755bc5f425198c11134e336cbe4 0.020s
2025-02-19 18:12:51.758 62942 INFO tempest.lib.common.dynamic_creds [-] Dynamic test user e61491552da348d094a3c1603734aada is created with scope project and roles: ['admin']
2025-02-19 18:12:51.759 62942 INFO tempest.lib.common.dynamic_creds [-] Acquired dynamic creds: credentials: Credentials: {'domain_id': 'default', 'domain_name': 'Default', 'username': 'tempest-ServerDiagnosticsTest-991479276-project-admin', 'project_domain_id': 'default', 'project_domain_name': 'Default', 'project_id': 'f2ad6b78db854cc587264aa9dee2e36c', 'project_name': 'tempest-ServerDiagnosticsTest-991479276', 'tenant_id': 'f2ad6b78db854cc587264aa9dee2e36c', 'tenant_name': 'tempest-ServerDiagnosticsTest-991479276', 'user_domain_id': 'default', 'user_domain_name': 'Default', 'user_id': 'e61491552da348d094a3c1603734aada', 'system': None}, Network: None, Subnet: None, Router: None
2025-02-19 18:12:51.759 62942 INFO tempest.lib.common.dynamic_creds [-] Created isolated network resources for: credentials: Credentials: {'domain_id': 'default', 'domain_name': 'Default', 'username': 'tempest-ServerDiagnosticsTest-991479276-project-admin', 'project_domain_id': 'default', 'project_domain_name': 'Default', 'project_id': 'f2ad6b78db854cc587264aa9dee2e36c', 'project_name': 'tempest-ServerDiagnosticsTest-991479276', 'tenant_id': 'f2ad6b78db854cc587264aa9dee2e36c', 'tenant_name': 'tempest-ServerDiagnosticsTest-991479276', 'user_domain_id': 'default', 'user_domain_name': 'Default', 'user_id': 'e61491552da348d094a3c1603734aada', 'system': None}, Network: None, Subnet: None, Router: None
