2025-02-19 18:14:44.571 62990 INFO tempest.lib.common.rest_client [req-ea1fe2e8-e39c-48a6-8aa5-901b1ed20cac req-ea1fe2e8-e39c-48a6-8aa5-901b1ed20cac ] Request (ServersWithSpecificFlavorTestJSON:test_verify_created_server_ephemeral_disk): 201 POST http://10.180.1.21/identity/v3/auth/tokens 0.059s
2025-02-19 18:14:44.571 62990 INFO tempest.lib.common.fixed_network [-] (ServersWithSpecificFlavorTestJSON:test_verify_created_server_ephemeral_disk) Found network {'id': 'fdc7216f-f9f6-4e84-9f98-f6484285dd88', 'name': 'tempest-ServersWithSpecificFlavorTestJSON-751104118-network', 'tenant_id': '015f5858c7594fa782b067ac4761a6b6', 'admin_state_up': True, 'mtu': 8950, 'status': 'ACTIVE', 'subnets': [], 'shared': False, 'project_id': '015f5858c7594fa782b067ac4761a6b6', 'port_security_enabled': True, 'router:external': False, 'provider:network_type': 'vlan', 'provider:physical_network': 'default', 'provider:segmentation_id': 864, 'availability_zone_hints': [], 'availability_zones': [], 'ipv4_address_scope': None, 'ipv6_address_scope': None, 'description': '', 'tags': [], 'created_at': '2025-02-19T18:12:23Z', 'updated_at': '2025-02-19T18:12:23Z', 'revision_number': 1} available for tenant
2025-02-19 18:14:44.591 62942 INFO tempest.lib.common.rest_client [req-2fa6523e-ca16-4b3c-852b-d3784ca06d4e req-2fa6523e-ca16-4b3c-852b-d3784ca06d4e ] Request (ListImageFiltersTestJSON:setUpClass): 200 GET http://10.180.1.21/compute/v2.1/servers/de77b060-da1a-4616-ad6b-fc7942eb8c3c 0.047s
2025-02-19 18:14:44.610 62973 INFO tempest.lib.common.rest_client [req-aad66712-bfc9-4297-b3fb-c8db33cfd007 req-aad66712-bfc9-4297-b3fb-c8db33cfd007 ] Request (ServersAdmin275Test:tearDownClass): 200 GET http://10.180.1.21/compute/v2.1/servers/8fc5ddf7-f2fa-4f28-8207-d54890845473 0.058s
2025-02-19 18:14:44.666 62976 INFO tempest.lib.common.rest_client [req-8f5f7179-b054-44cb-ad79-b0cd8ef2886d req-8f5f7179-b054-44cb-ad79-b0cd8ef2886d ] Request (InstanceActionsV221TestJSON:test_get_list_deleted_instance_actions): 200 GET http://10.180.1.21/compute/v2.1/servers/4e9f8da6-5c3f-4913-af13-a754789d3073 0.055s
2025-02-19 18:14:44.717 62979 INFO tempest.lib.common.rest_client [req-2f483d0b-fa13-4600-b605-515f01a605d7 req-2f483d0b-fa13-4600-b605-515f01a605d7 ] Request (ServerActionsTestOtherB:setUpClass): 200 GET http://10.180.1.21/compute/v2.1/servers/efe5672b-3623-4497-87a8-2672c086352e 0.102s
2025-02-19 18:14:44.774 63004 INFO tempest.lib.common.rest_client [req-e7024855-46a3-4aa8-8668-562e6046a6fe req-e7024855-46a3-4aa8-8668-562e6046a6fe ] Request (ImagesOneServerNegativeTestJSON:_run_cleanups): 200 GET http://10.180.1.21/compute/v2.1/servers/f07d79c3-f64f-43e9-9828-9a67fb370962 0.099s
2025-02-19 18:14:44.845 63000 INFO tempest.lib.common.rest_client [req-71ea62de-aa03-4e48-ada7-c6d6ee696495 req-71ea62de-aa03-4e48-ada7-c6d6ee696495 ] Request (AttachInterfacesV270Test:tearDownClass): 200 GET http://10.180.1.21/compute/v2.1/servers/1d177e61-5103-40eb-8c16-173d5f88b4fd 0.166s
2025-02-19 18:14:44.899 62952 INFO tempest.lib.common.rest_client [req-744210ca-f754-44e0-b416-9e2159ae5779 req-744210ca-f754-44e0-b416-9e2159ae5779 ] Request (ServersTestMultiNic:_run_cleanups): 200 GET http://10.180.1.21/compute/v2.1/servers/eb280aac-0b0e-4956-a37b-c97d910a9ecb 0.164s
2025-02-19 18:14:44.938 62990 INFO tempest.lib.common.rest_client [req-263c19c7-32ee-401d-a42a-19f7c31b309f req-263c19c7-32ee-401d-a42a-19f7c31b309f ] Request (ServersWithSpecificFlavorTestJSON:test_verify_created_server_ephemeral_disk): 202 POST http://10.180.1.21/compute/v2.1/servers 0.365s
2025-02-19 18:14:44.944 62966 INFO tempest.lib.common.rest_client [req-d83041c0-314d-4e55-9a17-146900f46b30 req-d83041c0-314d-4e55-9a17-146900f46b30 ] Request (FloatingIPsAssociationTestJSON:setUpClass): 200 GET http://10.180.1.21/compute/v2.1/servers/1fbdb66e-9fa8-4896-b2cb-7e27650e4102 0.158s
2025-02-19 18:14:44.999 62958 INFO tempest.lib.common.rest_client [req-1f642923-e49d-42e8-84d2-683dbb1a2944 req-1f642923-e49d-42e8-84d2-683dbb1a2944 ] Request (ServersNegativeTestJSON:setUpClass): 200 GET http://10.180.1.21/compute/v2.1/servers/cc72c4f9-9533-48f5-a9b9-ea8a7cb7b478 0.165s
2025-02-19 18:14:45.057 62974 INFO tempest.lib.common.rest_client [req-1d5da423-afd4-42f4-b08f-1c7455b09ebd req-1d5da423-afd4-42f4-b08f-1c7455b09ebd ] Request (ImagesOneServerTestJSON:tearDownClass): 200 GET http://10.180.1.21/compute/v2.1/servers/8257caab-fe0b-4a23-b08f-1d9bed08cf8c 0.206s
2025-02-19 18:14:45.083 62964 INFO tempest.lib.common.rest_client [req-4f462ac2-c5c1-4164-a611-fe9ac9f6f68c req-4f462ac2-c5c1-4164-a611-fe9ac9f6f68c ] Request (ImagesTestJSON:test_create_image_from_suspended_server): 200 GET http://10.180.1.21/compute/v2.1/servers/5ce9d055-de77-4d8e-9c0d-a83ec84d41b6 0.288s
2025-02-19 18:14:45.090 62964 INFO tempest.common.waiters [-] State transition "ACTIVE/suspending" ==> "SUSPENDED/None" after 3 second wait
2025-02-19 18:14:45.095 62990 INFO tempest.lib.common.rest_client [req-411ab86f-13b7-4958-879c-dad11da5010e req-411ab86f-13b7-4958-879c-dad11da5010e ] Request (ServersWithSpecificFlavorTestJSON:test_verify_created_server_ephemeral_disk): 200 GET http://10.180.1.21/compute/v2.1/servers/8ab9253f-288c-46cb-8615-b9ce50fc3d35 0.154s
2025-02-19 18:14:45.138 62970 INFO tempest.lib.common.rest_client [req-1381048f-02fb-4c35-9e1c-5379bb51d3d5 req-1381048f-02fb-4c35-9e1c-5379bb51d3d5 ] Request (FloatingIPsAssociationNegativeTestJSON:tearDownClass): 200 GET http://10.180.1.21/compute/v2.1/servers/edc82f82-b70e-441f-82fa-b489a31175c9 0.145s
2025-02-19 18:14:45.143 62950 INFO tempest.lib.common.rest_client [req-1968bdd9-7127-41d5-8173-85f7d6dd19dc req-1968bdd9-7127-41d5-8173-85f7d6dd19dc ] Request (ServerDiskConfigTestJSON:test_rebuild_server_with_manual_disk_config): 200 GET http://10.180.1.21/compute/v2.1/servers/7fbbd3e6-58fa-44c9-b26c-02fed8891935 0.141s
2025-02-19 18:14:45.189 62986 INFO tempest.lib.common.rest_client [req-846918c1-efe0-4748-8f89-cfd8f6d2603b req-846918c1-efe0-4748-8f89-cfd8f6d2603b ] Request (ServersAdminNegativeTestJSON:tearDownClass): 200 GET http://10.180.1.21/compute/v2.1/servers/6416b9fa-2e09-4093-9f54-f1649c351ba7 0.135s
2025-02-19 18:14:45.405 62956 INFO tempest.lib.common.rest_client [req-d3fc9d1f-57f8-476b-9142-6eaa653694a6 req-d3fc9d1f-57f8-476b-9142-6eaa653694a6 ] Request (ListServerFiltersTestJSON:tearDownClass): 200 GET http://10.180.1.21/compute/v2.1/servers/f75618ab-639c-4e5a-8462-904331efc0ff 0.056s
2025-02-19 18:14:45.448 62984 INFO tempest.lib.common.rest_client [req-e842f993-454b-47f2-8827-b8630ea03cc9 req-e842f993-454b-47f2-8827-b8630ea03cc9 ] Request (SecurityGroupsTestJSON:test_server_security_groups): 200 GET http://10.180.1.21/compute/v2.1/servers/4f5650b2-b43e-4b2a-a5d7-294986f031ba 0.044s
2025-02-19 18:14:45.516 62962 WARNING tempest.lib.common.ssh [-] Failed to establish authenticated ssh connection to cirros@10.180.180.173 ([Errno None] Unable to connect to port 22 on 10.180.180.173). Number attempts: 10. Retry after 11 seconds.: paramiko.ssh_exception.NoValidConnectionsError: [Errno None] Unable to connect to port 22 on 10.180.180.173
2025-02-19 18:14:45.526 62964 INFO tempest.lib.common.rest_client [req-8a85ad0a-5d05-4af0-aaf0-2460837c8c3c req-8a85ad0a-5d05-4af0-aaf0-2460837c8c3c ] Request (ImagesTestJSON:test_create_image_from_suspended_server): 202 POST http://10.180.1.21/compute/v2.1/servers/5ce9d055-de77-4d8e-9c0d-a83ec84d41b6/action 0.436s
2025-02-19 18:14:45.533 62960 INFO tempest.lib.common.rest_client [req-2b3a0382-ff04-4ec7-96a6-e0dedc08dfc0 req-2b3a0382-ff04-4ec7-96a6-e0dedc08dfc0 ] Request (ServerRescueTestJSONUnderV235:setUpClass): 200 GET http://10.180.1.21/compute/v2.1/servers/d16601ee-c321-4515-b37d-590dd35d8ed7 0.104s
2025-02-19 18:14:45.566 62964 INFO tempest.lib.common.rest_client [req-5f1df977-b8fc-4145-97d4-457ebf15520d req-5f1df977-b8fc-4145-97d4-457ebf15520d ] Request (ImagesTestJSON:test_create_image_from_suspended_server): 200 GET http://10.180.1.21/compute/v2.1/images/1aceb6b2-c0f8-451b-938c-800fc0620c96 0.039s
2025-02-19 18:14:45.582 62980 INFO tempest.lib.common.rest_client [req-c3a906b1-d9ed-4f9d-a637-f6b80cd60ad2 req-c3a906b1-d9ed-4f9d-a637-f6b80cd60ad2 ] Request (ServersV294TestFqdnHostnames:setUpClass): 200 GET http://10.180.1.21/compute/v2.1/servers/8bee33a8-85ec-48ca-b5e8-29c6a8adf00c 0.097s
2025-02-19 18:14:45.610 62988 INFO tempest.lib.common.rest_client [req-8feeac0b-cd8e-4edc-94e4-38b3f2083196 req-8feeac0b-cd8e-4edc-94e4-38b3f2083196 ] Request (MigrationsAdminTest:test_resize_server_revert_deleted_flavor): 200 GET http://10.180.1.21/compute/v2.1/servers/998aa1dd-624f-47ce-9f22-8e67a78d3bcf 0.078s
2025-02-19 18:14:45.645 62942 INFO tempest.lib.common.rest_client [req-91cdb6f8-a2cc-404b-881d-8f85898f5f2a req-91cdb6f8-a2cc-404b-881d-8f85898f5f2a ] Request (ListImageFiltersTestJSON:setUpClass): 200 GET http://10.180.1.21/compute/v2.1/servers/de77b060-da1a-4616-ad6b-fc7942eb8c3c 0.046s
2025-02-19 18:14:45.681 62973 INFO tempest.lib.common.rest_client [req-dfc9b2f6-341b-4d48-97ce-809f30d6428c req-dfc9b2f6-341b-4d48-97ce-809f30d6428c ] Request (ServersAdmin275Test:tearDownClass): 200 GET http://10.180.1.21/compute/v2.1/servers/8fc5ddf7-f2fa-4f28-8207-d54890845473 0.061s
2025-02-19 18:14:45.732 62976 INFO tempest.lib.common.rest_client [req-762dd9bd-5479-4e65-9660-b3509ac3b569 req-762dd9bd-5479-4e65-9660-b3509ac3b569 ] Request (InstanceActionsV221TestJSON:test_get_list_deleted_instance_actions): 200 GET http://10.180.1.21/compute/v2.1/servers/4e9f8da6-5c3f-4913-af13-a754789d3073 0.057s
2025-02-19 18:14:45.782 62979 INFO tempest.lib.common.rest_client [req-b8c9e393-0178-4f8f-bd39-bcb52c7791cb req-b8c9e393-0178-4f8f-bd39-bcb52c7791cb ] Request (ServerActionsTestOtherB:setUpClass): 200 GET http://10.180.1.21/compute/v2.1/servers/efe5672b-3623-4497-87a8-2672c086352e 0.057s
2025-02-19 18:14:45.834 63004 INFO tempest.lib.common.rest_client [req-a1eac2b9-5346-4dcd-a581-4e88637497a1 req-a1eac2b9-5346-4dcd-a581-4e88637497a1 ] Request (ImagesOneServerNegativeTestJSON:_run_cleanups): 200 GET http://10.180.1.21/compute/v2.1/servers/f07d79c3-f64f-43e9-9828-9a67fb370962 0.052s
2025-02-19 18:14:45.925 63000 INFO tempest.lib.common.rest_client [req-5b10cf74-ad03-454d-9dc8-fe218e3821c8 req-5b10cf74-ad03-454d-9dc8-fe218e3821c8 ] Request (AttachInterfacesV270Test:tearDownClass): 200 GET http://10.180.1.21/compute/v2.1/servers/1d177e61-5103-40eb-8c16-173d5f88b4fd 0.069s
2025-02-19 18:14:45.968 62952 INFO tempest.lib.common.rest_client [req-7e29f161-4dca-47b1-a963-e549be2440ef req-7e29f161-4dca-47b1-a963-e549be2440ef ] Request (ServersTestMultiNic:_run_cleanups): 200 GET http://10.180.1.21/compute/v2.1/servers/eb280aac-0b0e-4956-a37b-c97d910a9ecb 0.060s
2025-02-19 18:14:46.005 62966 INFO tempest.lib.common.rest_client [req-f916f8e4-2295-40c7-8d60-7d3bd7696435 req-f916f8e4-2295-40c7-8d60-7d3bd7696435 ] Request (FloatingIPsAssociationTestJSON:setUpClass): 200 GET http://10.180.1.21/compute/v2.1/servers/1fbdb66e-9fa8-4896-b2cb-7e27650e4102 0.050s
2025-02-19 18:14:46.059 62958 INFO tempest.lib.common.rest_client [req-07f24442-b6ca-41e4-953a-0187880fa025 req-07f24442-b6ca-41e4-953a-0187880fa025 ] Request (ServersNegativeTestJSON:setUpClass): 200 GET http://10.180.1.21/compute/v2.1/servers/cc72c4f9-9533-48f5-a9b9-ea8a7cb7b478 0.053s
2025-02-19 18:14:46.124 62974 INFO tempest.lib.common.rest_client [req-e7de09d3-1b1d-44c2-bf4c-61805eaf1862 req-e7de09d3-1b1d-44c2-bf4c-61805eaf1862 ] Request (ImagesOneServerTestJSON:tearDownClass): 200 GET http://10.180.1.21/compute/v2.1/servers/8257caab-fe0b-4a23-b08f-1d9bed08cf8c 0.059s
2025-02-19 18:14:46.160 62990 INFO tempest.lib.common.rest_client [req-10f3c218-097a-4a7c-bd5c-3bcd22e140d4 req-10f3c218-097a-4a7c-bd5c-3bcd22e140d4 ] Request (ServersWithSpecificFlavorTestJSON:test_verify_created_server_ephemeral_disk): 200 GET http://10.180.1.21/compute/v2.1/servers/8ab9253f-288c-46cb-8615-b9ce50fc3d35 0.052s
2025-02-19 18:14:46.207 62950 INFO tempest.lib.common.rest_client [req-73e636ca-68f7-4b1c-b6ef-1f21dd15a974 req-73e636ca-68f7-4b1c-b6ef-1f21dd15a974 ] Request (ServerDiskConfigTestJSON:test_rebuild_server_with_manual_disk_config): 200 GET http://10.180.1.21/compute/v2.1/servers/7fbbd3e6-58fa-44c9-b26c-02fed8891935 0.056s
2025-02-19 18:14:46.219 62970 INFO tempest.lib.common.rest_client [req-f26719fd-e333-447e-90af-0fa8afd4357c req-f26719fd-e333-447e-90af-0fa8afd4357c ] Request (FloatingIPsAssociationNegativeTestJSON:tearDownClass): 200 GET http://10.180.1.21/compute/v2.1/servers/edc82f82-b70e-441f-82fa-b489a31175c9 0.074s
2025-02-19 18:14:46.263 62986 INFO tempest.lib.common.rest_client [req-814c87f2-d213-4d99-93d9-bb5b673f4f73 req-814c87f2-d213-4d99-93d9-bb5b673f4f73 ] Request (ServersAdminNegativeTestJSON:tearDownClass): 200 GET http://10.180.1.21/compute/v2.1/servers/6416b9fa-2e09-4093-9f54-f1649c351ba7 0.065s
2025-02-19 18:14:46.420 62954 WARNING tempest.lib.common.ssh [-] Failed to establish authenticated ssh connection to cirros@10.180.180.210 ([Errno None] Unable to connect to port 22 on 10.180.180.210). Number attempts: 1. Retry after 2 seconds.: paramiko.ssh_exception.NoValidConnectionsError: [Errno None] Unable to connect to port 22 on 10.180.180.210
2025-02-19 18:14:46.467 62956 INFO tempest.lib.common.rest_client [req-1787de50-82c3-44a6-9970-ffa2d261da78 req-1787de50-82c3-44a6-9970-ffa2d261da78 ] Request (ListServerFiltersTestJSON:tearDownClass): 200 GET http://10.180.1.21/compute/v2.1/servers/f75618ab-639c-4e5a-8462-904331efc0ff 0.054s
2025-02-19 18:14:46.585 62984 INFO tempest.lib.common.rest_client [req-ce19069d-27c4-48fe-86ec-ef9ef08cdc00 req-ce19069d-27c4-48fe-86ec-ef9ef08cdc00 ] Request (SecurityGroupsTestJSON:test_server_security_groups): 200 GET http://10.180.1.21/compute/v2.1/servers/4f5650b2-b43e-4b2a-a5d7-294986f031ba 0.129s
2025-02-19 18:14:46.592 62984 INFO tempest.common.waiters [-] State transition "BUILD/None" ==> "BUILD/networking" after 50 second wait
2025-02-19 18:14:46.616 62964 INFO tempest.lib.common.rest_client [req-4ee60f64-abe4-4820-a4c2-8cff5effc9d7 req-4ee60f64-abe4-4820-a4c2-8cff5effc9d7 ] Request (ImagesTestJSON:test_create_image_from_suspended_server): 200 GET http://10.180.1.21/compute/v2.1/images/1aceb6b2-c0f8-451b-938c-800fc0620c96 0.045s
2025-02-19 18:14:46.637 62960 INFO tempest.lib.common.rest_client [req-ec7419d9-725b-4721-b049-5d819cea7392 req-ec7419d9-725b-4721-b049-5d819cea7392 ] Request (ServerRescueTestJSONUnderV235:setUpClass): 200 GET http://10.180.1.21/compute/v2.1/servers/d16601ee-c321-4515-b37d-590dd35d8ed7 0.092s
2025-02-19 18:14:46.668 62980 INFO tempest.lib.common.rest_client [req-a0b44fef-a3dc-4393-b65d-db725b9a43ac req-a0b44fef-a3dc-4393-b65d-db725b9a43ac ] Request (ServersV294TestFqdnHostnames:setUpClass): 200 GET http://10.180.1.21/compute/v2.1/servers/8bee33a8-85ec-48ca-b5e8-29c6a8adf00c 0.076s
2025-02-19 18:14:46.680 62988 INFO tempest.lib.common.rest_client [req-d560805e-c515-43b8-bff3-791764e6bf9f req-d560805e-c515-43b8-bff3-791764e6bf9f ] Request (MigrationsAdminTest:test_resize_server_revert_deleted_flavor): 200 GET http://10.180.1.21/compute/v2.1/servers/998aa1dd-624f-47ce-9f22-8e67a78d3bcf 0.061s
2025-02-19 18:14:46.716 62942 INFO tempest.lib.common.rest_client [req-8d5702c6-a90c-4c18-8d1e-45b1a892d836 req-8d5702c6-a90c-4c18-8d1e-45b1a892d836 ] Request (ListImageFiltersTestJSON:setUpClass): 200 GET http://10.180.1.21/compute/v2.1/servers/de77b060-da1a-4616-ad6b-fc7942eb8c3c 0.063s
2025-02-19 18:14:46.754 62973 INFO tempest.lib.common.rest_client [req-2e2c6bcd-0aeb-4ddd-bb0b-9823aafeb0d8 req-2e2c6bcd-0aeb-4ddd-bb0b-9823aafeb0d8 ] Request (ServersAdmin275Test:tearDownClass): 200 GET http://10.180.1.21/compute/v2.1/servers/8fc5ddf7-f2fa-4f28-8207-d54890845473 0.062s
2025-02-19 18:14:46.810 62976 INFO tempest.lib.common.rest_client [req-31c91e8d-bc55-4f0c-8087-0d18ace25fe6 req-31c91e8d-bc55-4f0c-8087-0d18ace25fe6 ] Request (InstanceActionsV221TestJSON:test_get_list_deleted_instance_actions): 200 GET http://10.180.1.21/compute/v2.1/servers/4e9f8da6-5c3f-4913-af13-a754789d3073 0.069s
2025-02-19 18:14:46.841 62979 INFO tempest.lib.common.rest_client [req-fa06c1e2-bf32-4263-a73c-fe206fc78391 req-fa06c1e2-bf32-4263-a73c-fe206fc78391 ] Request (ServerActionsTestOtherB:setUpClass): 200 GET http://10.180.1.21/compute/v2.1/servers/efe5672b-3623-4497-87a8-2672c086352e 0.051s
2025-02-19 18:14:46.888 63004 INFO tempest.lib.common.rest_client [req-0d707831-956e-455b-af09-de7bca58b624 req-0d707831-956e-455b-af09-de7bca58b624 ] Request (ImagesOneServerNegativeTestJSON:_run_cleanups): 200 GET http://10.180.1.21/compute/v2.1/servers/f07d79c3-f64f-43e9-9828-9a67fb370962 0.047s
2025-02-19 18:14:46.995 63000 INFO tempest.lib.common.rest_client [req-7473f20d-0cb2-4883-9a50-11d75a0cdd02 req-7473f20d-0cb2-4883-9a50-11d75a0cdd02 ] Request (AttachInterfacesV270Test:tearDownClass): 200 GET http://10.180.1.21/compute/v2.1/servers/1d177e61-5103-40eb-8c16-173d5f88b4fd 0.060s
2025-02-19 18:14:47.032 62952 INFO tempest.lib.common.rest_client [req-213b9420-4135-4bfd-9585-f51a0321a930 req-213b9420-4135-4bfd-9585-f51a0321a930 ] Request (ServersTestMultiNic:_run_cleanups): 200 GET http://10.180.1.21/compute/v2.1/servers/eb280aac-0b0e-4956-a37b-c97d910a9ecb 0.056s
2025-02-19 18:14:47.060 62966 INFO tempest.lib.common.rest_client [req-e64af28a-ff69-4e19-bfa1-30bbeb4f2ccf req-e64af28a-ff69-4e19-bfa1-30bbeb4f2ccf ] Request (FloatingIPsAssociationTestJSON:setUpClass): 200 GET http://10.180.1.21/compute/v2.1/servers/1fbdb66e-9fa8-4896-b2cb-7e27650e4102 0.046s
2025-02-19 18:14:47.117 62958 INFO tempest.lib.common.rest_client [req-88092744-5dbe-4815-9b50-1f3e5ff4223b req-88092744-5dbe-4815-9b50-1f3e5ff4223b ] Request (ServersNegativeTestJSON:setUpClass): 200 GET http://10.180.1.21/compute/v2.1/servers/cc72c4f9-9533-48f5-a9b9-ea8a7cb7b478 0.050s
2025-02-19 18:14:47.189 62974 INFO tempest.lib.common.rest_client [req-80906403-6b77-4dcf-ad02-17ddd7e50dc9 req-80906403-6b77-4dcf-ad02-17ddd7e50dc9 ] Request (ImagesOneServerTestJSON:tearDownClass): 200 GET http://10.180.1.21/compute/v2.1/servers/8257caab-fe0b-4a23-b08f-1d9bed08cf8c 0.056s
2025-02-19 18:14:47.214 62990 INFO tempest.lib.common.rest_client [req-d04e6f52-f6dc-4df9-8c1d-30f922f58b33 req-d04e6f52-f6dc-4df9-8c1d-30f922f58b33 ] Request (ServersWithSpecificFlavorTestJSON:test_verify_created_server_ephemeral_disk): 200 GET http://10.180.1.21/compute/v2.1/servers/8ab9253f-288c-46cb-8615-b9ce50fc3d35 0.046s
2025-02-19 18:14:47.281 62950 INFO tempest.lib.common.rest_client [req-d1c5d0da-2bb1-419c-b699-c349d1e3fa88 req-d1c5d0da-2bb1-419c-b699-c349d1e3fa88 ] Request (ServerDiskConfigTestJSON:test_rebuild_server_with_manual_disk_config): 200 GET http://10.180.1.21/compute/v2.1/servers/7fbbd3e6-58fa-44c9-b26c-02fed8891935 0.066s
2025-02-19 18:14:47.293 62970 INFO tempest.lib.common.rest_client [req-a4bf9cff-43bc-4a86-b0ea-3e9f7dbce3d8 req-a4bf9cff-43bc-4a86-b0ea-3e9f7dbce3d8 ] Request (FloatingIPsAssociationNegativeTestJSON:tearDownClass): 200 GET http://10.180.1.21/compute/v2.1/servers/edc82f82-b70e-441f-82fa-b489a31175c9 0.067s
2025-02-19 18:14:47.354 62986 INFO tempest.lib.common.rest_client [req-4655541b-a038-499a-9254-1609473e0547 req-4655541b-a038-499a-9254-1609473e0547 ] Request (ServersAdminNegativeTestJSON:tearDownClass): 200 GET http://10.180.1.21/compute/v2.1/servers/6416b9fa-2e09-4093-9f54-f1649c351ba7 0.083s
2025-02-19 18:14:47.742 62956 INFO tempest.lib.common.rest_client [req-9b3984b2-dfe3-43b3-b846-a4e9d819de1b req-9b3984b2-dfe3-43b3-b846-a4e9d819de1b ] Request (ListServerFiltersTestJSON:tearDownClass): 200 GET http://10.180.1.21/compute/v2.1/servers/f75618ab-639c-4e5a-8462-904331efc0ff 0.264s
2025-02-19 18:14:47.790 62964 INFO tempest.lib.common.rest_client [req-ba8d1996-fbcf-4224-ad2f-769af52d1fcd req-ba8d1996-fbcf-4224-ad2f-769af52d1fcd ] Request (ImagesTestJSON:test_create_image_from_suspended_server): 200 GET http://10.180.1.21/compute/v2.1/images/1aceb6b2-c0f8-451b-938c-800fc0620c96 0.170s
2025-02-19 18:14:47.797 62984 INFO tempest.lib.common.rest_client [req-53a46f71-408b-4c70-8b4d-10c2477da0be req-53a46f71-408b-4c70-8b4d-10c2477da0be ] Request (SecurityGroupsTestJSON:test_server_security_groups): 200 GET http://10.180.1.21/compute/v2.1/servers/4f5650b2-b43e-4b2a-a5d7-294986f031ba 0.204s
2025-02-19 18:14:47.806 62984 INFO tempest.common.waiters [-] State transition "BUILD/networking" ==> "BUILD/spawning" after 51 second wait
2025-02-19 18:14:47.880 62980 INFO tempest.lib.common.rest_client [req-6b544308-d0cc-440f-90c0-d2332fa043b5 req-6b544308-d0cc-440f-90c0-d2332fa043b5 ] Request (ServersV294TestFqdnHostnames:setUpClass): 200 GET http://10.180.1.21/compute/v2.1/servers/8bee33a8-85ec-48ca-b5e8-29c6a8adf00c 0.201s
2025-02-19 18:14:47.954 62988 INFO tempest.lib.common.rest_client [req-f3a91a41-ee22-44b6-8943-1204872d2740 req-f3a91a41-ee22-44b6-8943-1204872d2740 ] Request (MigrationsAdminTest:test_resize_server_revert_deleted_flavor): 200 GET http://10.180.1.21/compute/v2.1/servers/998aa1dd-624f-47ce-9f22-8e67a78d3bcf 0.266s
2025-02-19 18:14:47.960 62960 INFO tempest.lib.common.rest_client [req-15435b70-8fc3-46c2-a5d6-cc99ad4509e6 req-15435b70-8fc3-46c2-a5d6-cc99ad4509e6 ] Request (ServerRescueTestJSONUnderV235:setUpClass): 200 GET http://10.180.1.21/compute/v2.1/servers/d16601ee-c321-4515-b37d-590dd35d8ed7 0.315s
2025-02-19 18:14:47.967 62960 INFO tempest.common.waiters [-] State transition "ACTIVE/rescuing" ==> "RESCUE/None" after 9 second wait
2025-02-19 18:14:48.013 62942 INFO tempest.lib.common.rest_client [req-3ea97a0c-f58d-4d6e-9577-4c59cadfd4d6 req-3ea97a0c-f58d-4d6e-9577-4c59cadfd4d6 ] Request (ListImageFiltersTestJSON:setUpClass): 200 GET http://10.180.1.21/compute/v2.1/servers/de77b060-da1a-4616-ad6b-fc7942eb8c3c 0.290s
2025-02-19 18:14:48.049 62973 INFO tempest.lib.common.rest_client [req-7fdded9a-f666-459e-b7eb-33c3ba0e0b94 req-7fdded9a-f666-459e-b7eb-33c3ba0e0b94 ] Request (ServersAdmin275Test:tearDownClass): 200 GET http://10.180.1.21/compute/v2.1/servers/8fc5ddf7-f2fa-4f28-8207-d54890845473 0.284s
2025-02-19 18:14:48.105 62976 INFO tempest.lib.common.rest_client [req-0d812a2f-29c9-43e4-a3ed-5decbc29fb0a req-0d812a2f-29c9-43e4-a3ed-5decbc29fb0a ] Request (InstanceActionsV221TestJSON:test_get_list_deleted_instance_actions): 200 GET http://10.180.1.21/compute/v2.1/servers/4e9f8da6-5c3f-4913-af13-a754789d3073 0.286s
2025-02-19 18:14:48.114 62979 INFO tempest.lib.common.rest_client [req-c8bedab1-3d81-4d2b-9516-9f47141148d4 req-c8bedab1-3d81-4d2b-9516-9f47141148d4 ] Request (ServerActionsTestOtherB:setUpClass): 200 GET http://10.180.1.21/compute/v2.1/servers/efe5672b-3623-4497-87a8-2672c086352e 0.266s
2025-02-19 18:14:48.164 63004 INFO tempest.lib.common.rest_client [req-d6e3baaa-c553-4b84-b5c2-04c32b728c45 req-d6e3baaa-c553-4b84-b5c2-04c32b728c45 ] Request (ImagesOneServerNegativeTestJSON:_run_cleanups): 200 GET http://10.180.1.21/compute/v2.1/servers/f07d79c3-f64f-43e9-9828-9a67fb370962 0.268s
2025-02-19 18:14:48.224 63000 INFO tempest.lib.common.rest_client [req-c77fc155-eaf4-4cd5-8599-209d6a348814 req-c77fc155-eaf4-4cd5-8599-209d6a348814 ] Request (AttachInterfacesV270Test:tearDownClass): 200 GET http://10.180.1.21/compute/v2.1/servers/1d177e61-5103-40eb-8c16-173d5f88b4fd 0.219s
2025-02-19 18:14:48.243 62960 INFO tempest.lib.common.rest_client [req-39545273-710b-47e3-b79b-da85f414d8aa req-39545273-710b-47e3-b79b-da85f414d8aa ] Request (ServerRescueTestJSONUnderV235:test_rescued_vm_add_remove_security_group): 200 POST http://10.180.1.21/compute/v2.1/os-security-groups 0.275s
2025-02-19 18:14:48.290 62952 INFO tempest.lib.common.rest_client [req-001c6a91-57f4-46bd-b1a8-047f0e93c576 req-001c6a91-57f4-46bd-b1a8-047f0e93c576 ] Request (ServersTestMultiNic:_run_cleanups): 200 GET http://10.180.1.21/compute/v2.1/servers/eb280aac-0b0e-4956-a37b-c97d910a9ecb 0.251s
2025-02-19 18:14:48.296 62966 INFO tempest.lib.common.rest_client [req-52d05dcc-59cf-472a-8591-0843c13211d6 req-52d05dcc-59cf-472a-8591-0843c13211d6 ] Request (FloatingIPsAssociationTestJSON:setUpClass): 200 GET http://10.180.1.21/compute/v2.1/servers/1fbdb66e-9fa8-4896-b2cb-7e27650e4102 0.227s
2025-02-19 18:14:48.350 62958 INFO tempest.lib.common.rest_client [req-2d661eb5-ae30-407f-a536-8537a3cdff55 req-2d661eb5-ae30-407f-a536-8537a3cdff55 ] Request (ServersNegativeTestJSON:setUpClass): 200 GET http://10.180.1.21/compute/v2.1/servers/cc72c4f9-9533-48f5-a9b9-ea8a7cb7b478 0.225s
2025-02-19 18:14:48.367 62974 INFO tempest.lib.common.rest_client [req-43ce016f-6bfc-4743-a923-449f0ce04664 req-43ce016f-6bfc-4743-a923-449f0ce04664 ] Request (ImagesOneServerTestJSON:tearDownClass): 200 GET http://10.180.1.21/compute/v2.1/servers/8257caab-fe0b-4a23-b08f-1d9bed08cf8c 0.169s
2025-02-19 18:14:48.409 62990 INFO tempest.lib.common.rest_client [req-86a53ae1-a158-48d8-8253-3587b9f21926 req-86a53ae1-a158-48d8-8253-3587b9f21926 ] Request (ServersWithSpecificFlavorTestJSON:test_verify_created_server_ephemeral_disk): 200 GET http://10.180.1.21/compute/v2.1/servers/8ab9253f-288c-46cb-8615-b9ce50fc3d35 0.186s
2025-02-19 18:14:48.470 62950 INFO tempest.lib.common.rest_client [req-40b5bf51-9c2c-49ed-bfe3-2da53a222bf5 req-40b5bf51-9c2c-49ed-bfe3-2da53a222bf5 ] Request (ServerDiskConfigTestJSON:test_rebuild_server_with_manual_disk_config): 200 GET http://10.180.1.21/compute/v2.1/servers/7fbbd3e6-58fa-44c9-b26c-02fed8891935 0.182s
2025-02-19 18:14:48.526 62970 INFO tempest.lib.common.rest_client [req-0632bc19-12b2-4317-b9f1-6246a19bf04d req-0632bc19-12b2-4317-b9f1-6246a19bf04d ] Request (FloatingIPsAssociationNegativeTestJSON:tearDownClass): 200 GET http://10.180.1.21/compute/v2.1/servers/edc82f82-b70e-441f-82fa-b489a31175c9 0.219s
2025-02-19 18:14:48.594 62986 INFO tempest.lib.common.rest_client [req-e3fc60ba-cb84-4b52-b874-e286bfee9066 req-e3fc60ba-cb84-4b52-b874-e286bfee9066 ] Request (ServersAdminNegativeTestJSON:tearDownClass): 200 GET http://10.180.1.21/compute/v2.1/servers/6416b9fa-2e09-4093-9f54-f1649c351ba7 0.230s
2025-02-19 18:14:48.722 62960 INFO tempest.lib.common.rest_client [req-2fa778fe-d9d7-4055-86e9-1b3bd2babe76 req-2fa778fe-d9d7-4055-86e9-1b3bd2babe76 ] Request (ServerRescueTestJSONUnderV235:test_rescued_vm_add_remove_security_group): 202 POST http://10.180.1.21/compute/v2.1/servers/d16601ee-c321-4515-b37d-590dd35d8ed7/action 0.475s
2025-02-19 18:14:48.835 62956 INFO tempest.lib.common.rest_client [req-db5976eb-b0b6-4d36-a319-db04405b3992 req-db5976eb-b0b6-4d36-a319-db04405b3992 ] Request (ListServerFiltersTestJSON:tearDownClass): 200 GET http://10.180.1.21/compute/v2.1/servers/f75618ab-639c-4e5a-8462-904331efc0ff 0.080s
2025-02-19 18:14:48.872 62964 INFO tempest.lib.common.rest_client [req-4f39ed4a-d110-4fda-acb7-e57bd0f69de0 req-4f39ed4a-d110-4fda-acb7-e57bd0f69de0 ] Request (ImagesTestJSON:test_create_image_from_suspended_server): 200 GET http://10.180.1.21/compute/v2.1/images/1aceb6b2-c0f8-451b-938c-800fc0620c96 0.073s
2025-02-19 18:14:49.021 62994 WARNING tempest.lib.common.ssh [-] Failed to establish authenticated ssh connection to cirros@10.180.180.169 ([Errno None] Unable to connect to port 22 on 10.180.180.169). Number attempts: 6. Retry after 7 seconds.: paramiko.ssh_exception.NoValidConnectionsError: [Errno None] Unable to connect to port 22 on 10.180.180.169
2025-02-19 18:14:49.028 62984 INFO tempest.lib.common.rest_client [req-e934715f-6b9f-4dad-8005-84027192027c req-e934715f-6b9f-4dad-8005-84027192027c ] Request (SecurityGroupsTestJSON:test_server_security_groups): 200 GET http://10.180.1.21/compute/v2.1/servers/4f5650b2-b43e-4b2a-a5d7-294986f031ba 0.221s
2025-02-19 18:14:49.101 62980 INFO tempest.lib.common.rest_client [req-513d85a5-fa97-41da-bf6c-d4b547c948cc req-513d85a5-fa97-41da-bf6c-d4b547c948cc ] Request (ServersV294TestFqdnHostnames:setUpClass): 200 GET http://10.180.1.21/compute/v2.1/servers/8bee33a8-85ec-48ca-b5e8-29c6a8adf00c 0.205s
2025-02-19 18:14:49.158 62988 INFO tempest.lib.common.rest_client [req-ef751243-635f-488c-9395-aad8f8d38ff4 req-ef751243-635f-488c-9395-aad8f8d38ff4 ] Request (MigrationsAdminTest:test_resize_server_revert_deleted_flavor): 200 GET http://10.180.1.21/compute/v2.1/servers/998aa1dd-624f-47ce-9f22-8e67a78d3bcf 0.190s
2025-02-19 18:14:49.216 62942 INFO tempest.lib.common.rest_client [req-9c6012c4-a958-4c51-acdb-0894c8593639 req-9c6012c4-a958-4c51-acdb-0894c8593639 ] Request (ListImageFiltersTestJSON:setUpClass): 200 GET http://10.180.1.21/compute/v2.1/servers/de77b060-da1a-4616-ad6b-fc7942eb8c3c 0.193s
2025-02-19 18:14:49.229 62960 INFO tempest.lib.common.rest_client [req-39c1f5a4-b084-4900-b8a4-c16e3d8778f1 req-39c1f5a4-b084-4900-b8a4-c16e3d8778f1 ] Request (ServerRescueTestJSONUnderV235:test_rescued_vm_add_remove_security_group): 202 POST http://10.180.1.21/compute/v2.1/servers/d16601ee-c321-4515-b37d-590dd35d8ed7/action 0.507s
2025-02-19 18:14:49.278 62973 INFO tempest.lib.common.rest_client [req-c5a91c82-c8ca-4e53-abbf-7ece43c64156 req-c5a91c82-c8ca-4e53-abbf-7ece43c64156 ] Request (ServersAdmin275Test:tearDownClass): 200 GET http://10.180.1.21/compute/v2.1/servers/8fc5ddf7-f2fa-4f28-8207-d54890845473 0.217s
2025-02-19 18:14:49.286 62976 INFO tempest.lib.common.rest_client [req-64d380bc-8913-427d-b9cd-0a064b6b0beb req-64d380bc-8913-427d-b9cd-0a064b6b0beb ] Request (InstanceActionsV221TestJSON:test_get_list_deleted_instance_actions): 200 GET http://10.180.1.21/compute/v2.1/servers/4e9f8da6-5c3f-4913-af13-a754789d3073 0.172s
2025-02-19 18:14:49.339 63004 INFO tempest.lib.common.rest_client [req-43ddc69c-8958-4425-9f3d-4dc9f4e5f466 req-43ddc69c-8958-4425-9f3d-4dc9f4e5f466 ] Request (ImagesOneServerNegativeTestJSON:_run_cleanups): 200 GET http://10.180.1.21/compute/v2.1/servers/f07d79c3-f64f-43e9-9828-9a67fb370962 0.165s
2025-02-19 18:14:49.344 62979 INFO tempest.lib.common.rest_client [req-ead2a00f-e00b-48e1-a4cf-b70359c13f96 req-ead2a00f-e00b-48e1-a4cf-b70359c13f96 ] Request (ServerActionsTestOtherB:setUpClass): 200 GET http://10.180.1.21/compute/v2.1/servers/efe5672b-3623-4497-87a8-2672c086352e 0.219s
2025-02-19 18:14:49.404 63000 INFO tempest.lib.common.rest_client [req-359f1cf0-9c1d-4c3e-a1af-c1a75825132b req-359f1cf0-9c1d-4c3e-a1af-c1a75825132b ] Request (AttachInterfacesV270Test:tearDownClass): 200 GET http://10.180.1.21/compute/v2.1/servers/1d177e61-5103-40eb-8c16-173d5f88b4fd 0.170s
2025-02-19 18:14:49.465 62952 INFO tempest.lib.common.rest_client [req-11a79a92-d384-400e-812f-45fa84a8ea81 req-11a79a92-d384-400e-812f-45fa84a8ea81 ] Request (ServersTestMultiNic:_run_cleanups): 200 GET http://10.180.1.21/compute/v2.1/servers/eb280aac-0b0e-4956-a37b-c97d910a9ecb 0.163s
2025-02-19 18:14:49.491 62954 WARNING tempest.lib.common.ssh [-] Failed to establish authenticated ssh connection to cirros@10.180.180.210 ([Errno None] Unable to connect to port 22 on 10.180.180.210). Number attempts: 2. Retry after 3 seconds.: paramiko.ssh_exception.NoValidConnectionsError: [Errno None] Unable to connect to port 22 on 10.180.180.210
2025-02-19 18:14:49.519 62966 INFO tempest.lib.common.rest_client [req-4f51eb73-2140-4b16-b0a2-70fcb4fb3405 req-4f51eb73-2140-4b16-b0a2-70fcb4fb3405 ] Request (FloatingIPsAssociationTestJSON:setUpClass): 200 GET http://10.180.1.21/compute/v2.1/servers/1fbdb66e-9fa8-4896-b2cb-7e27650e4102 0.213s
2025-02-19 18:14:49.573 62958 INFO tempest.lib.common.rest_client [req-446a6348-2f3c-461e-a02d-1b6634a67071 req-446a6348-2f3c-461e-a02d-1b6634a67071 ] Request (ServersNegativeTestJSON:setUpClass): 200 GET http://10.180.1.21/compute/v2.1/servers/cc72c4f9-9533-48f5-a9b9-ea8a7cb7b478 0.214s
2025-02-19 18:14:49.631 62974 INFO tempest.lib.common.rest_client [req-3bbeecd5-d7cb-423c-96dd-fc67fa79b197 req-3bbeecd5-d7cb-423c-96dd-fc67fa79b197 ] Request (ImagesOneServerTestJSON:tearDownClass): 200 GET http://10.180.1.21/compute/v2.1/servers/8257caab-fe0b-4a23-b08f-1d9bed08cf8c 0.254s
2025-02-19 18:14:49.691 62990 INFO tempest.lib.common.rest_client [req-c7bce43b-824f-455f-94af-cb8f51fec0f1 req-c7bce43b-824f-455f-94af-cb8f51fec0f1 ] Request (ServersWithSpecificFlavorTestJSON:test_verify_created_server_ephemeral_disk): 200 GET http://10.180.1.21/compute/v2.1/servers/8ab9253f-288c-46cb-8615-b9ce50fc3d35 0.268s
2025-02-19 18:14:49.748 62946 WARNING tempest.lib.common.ssh [-] Failed to establish authenticated ssh connection to cirros@10.180.180.180 ([Errno None] Unable to connect to port 22 on 10.180.180.180). Number attempts: 11. Retry after 12 seconds.: paramiko.ssh_exception.NoValidConnectionsError: [Errno None] Unable to connect to port 22 on 10.180.180.180
2025-02-19 18:14:49.757 62950 INFO tempest.lib.common.rest_client [req-966a8406-7b09-4f95-b3ba-cdea5df11702 req-966a8406-7b09-4f95-b3ba-cdea5df11702 ] Request (ServerDiskConfigTestJSON:test_rebuild_server_with_manual_disk_config): 200 GET http://10.180.1.21/compute/v2.1/servers/7fbbd3e6-58fa-44c9-b26c-02fed8891935 0.274s
2025-02-19 18:14:49.811 62982 WARNING tempest.lib.common.ssh [-] Failed to establish authenticated ssh connection to cirros@10.180.180.218 ([Errno None] Unable to connect to port 22 on 10.180.180.218). Number attempts: 5. Retry after 6 seconds.: paramiko.ssh_exception.NoValidConnectionsError: [Errno None] Unable to connect to port 22 on 10.180.180.218
2025-02-19 18:14:49.837 62970 INFO tempest.lib.common.rest_client [req-e2d53f05-563c-4c2e-8895-11192ab33e3a req-e2d53f05-563c-4c2e-8895-11192ab33e3a ] Request (FloatingIPsAssociationNegativeTestJSON:tearDownClass): 200 GET http://10.180.1.21/compute/v2.1/servers/edc82f82-b70e-441f-82fa-b489a31175c9 0.299s
2025-02-19 18:14:49.906 62986 INFO tempest.lib.common.rest_client [req-986e0b66-b8ec-4f42-ba47-9247ac622472 req-986e0b66-b8ec-4f42-ba47-9247ac622472 ] Request (ServersAdminNegativeTestJSON:tearDownClass): 200 GET http://10.180.1.21/compute/v2.1/servers/6416b9fa-2e09-4093-9f54-f1649c351ba7 0.303s
2025-02-19 18:14:49.994 62956 INFO tempest.lib.common.rest_client [req-c3524666-8532-4677-b0fb-6e682a9a77ea req-c3524666-8532-4677-b0fb-6e682a9a77ea ] Request (ListServerFiltersTestJSON:tearDownClass): 200 GET http://10.180.1.21/compute/v2.1/servers/f75618ab-639c-4e5a-8462-904331efc0ff 0.150s
2025-02-19 18:14:50.032 62964 INFO tempest.lib.common.rest_client [req-a3eeff0b-77d2-4062-a0a5-98872bd9917a req-a3eeff0b-77d2-4062-a0a5-98872bd9917a ] Request (ImagesTestJSON:test_create_image_from_suspended_server): 200 GET http://10.180.1.21/compute/v2.1/images/1aceb6b2-c0f8-451b-938c-800fc0620c96 0.154s
2025-02-19 18:14:50.042 62960 INFO tempest.lib.common.rest_client [req-eb1ba762-80b6-4f11-845c-4c92af842f04 req-eb1ba762-80b6-4f11-845c-4c92af842f04 ] Request (ServerRescueTestJSONUnderV235:test_rescued_vm_associate_dissociate_floating_ip): 200 POST http://10.180.1.21/compute/v2.1/os-floating-ips 0.812s
2025-02-19 18:14:50.196 62984 INFO tempest.lib.common.rest_client [req-c4b16e32-dc15-4f4e-a934-6ceff50410d7 req-c4b16e32-dc15-4f4e-a934-6ceff50410d7 ] Request (SecurityGroupsTestJSON:test_server_security_groups): 200 GET http://10.180.1.21/compute/v2.1/servers/4f5650b2-b43e-4b2a-a5d7-294986f031ba 0.160s
2025-02-19 18:14:50.201 62998 WARNING tempest.lib.common.ssh [-] Failed to establish authenticated ssh connection to cirros@10.180.180.243 ([Errno None] Unable to connect to port 22 on 10.180.180.243). Number attempts: 8. Retry after 9 seconds.: paramiko.ssh_exception.NoValidConnectionsError: [Errno None] Unable to connect to port 22 on 10.180.180.243
2025-02-19 18:14:50.274 62980 INFO tempest.lib.common.rest_client [req-d039723b-690d-416a-9c29-603c907a5e0d req-d039723b-690d-416a-9c29-603c907a5e0d ] Request (ServersV294TestFqdnHostnames:setUpClass): 200 GET http://10.180.1.21/compute/v2.1/servers/8bee33a8-85ec-48ca-b5e8-29c6a8adf00c 0.163s
2025-02-19 18:14:50.345 62988 INFO tempest.lib.common.rest_client [req-034a773d-364e-4ced-bd6b-12bd32deb51f req-034a773d-364e-4ced-bd6b-12bd32deb51f ] Request (MigrationsAdminTest:test_resize_server_revert_deleted_flavor): 200 GET http://10.180.1.21/compute/v2.1/servers/998aa1dd-624f-47ce-9f22-8e67a78d3bcf 0.178s
2025-02-19 18:14:50.412 62942 INFO tempest.lib.common.rest_client [req-c0552ea6-be93-47d3-a532-7447e1924ad5 req-c0552ea6-be93-47d3-a532-7447e1924ad5 ] Request (ListImageFiltersTestJSON:setUpClass): 200 GET http://10.180.1.21/compute/v2.1/servers/de77b060-da1a-4616-ad6b-fc7942eb8c3c 0.189s
2025-02-19 18:14:50.502 62973 INFO tempest.lib.common.rest_client [req-c6ad2bdc-6caf-4198-8957-1eae12fe9e61 req-c6ad2bdc-6caf-4198-8957-1eae12fe9e61 ] Request (ServersAdmin275Test:tearDownClass): 200 GET http://10.180.1.21/compute/v2.1/servers/8fc5ddf7-f2fa-4f28-8207-d54890845473 0.213s
2025-02-19 18:14:50.576 62976 INFO tempest.lib.common.rest_client [req-677bb4cf-0ebb-4bed-a437-764794fda8f4 req-677bb4cf-0ebb-4bed-a437-764794fda8f4 ] Request (InstanceActionsV221TestJSON:test_get_list_deleted_instance_actions): 200 GET http://10.180.1.21/compute/v2.1/servers/4e9f8da6-5c3f-4913-af13-a754789d3073 0.280s
2025-02-19 18:14:50.662 63004 INFO tempest.lib.common.rest_client [req-72650858-4aab-4276-a0a4-ca4f3e0b28b2 req-72650858-4aab-4276-a0a4-ca4f3e0b28b2 ] Request (ImagesOneServerNegativeTestJSON:_run_cleanups): 200 GET http://10.180.1.21/compute/v2.1/servers/f07d79c3-f64f-43e9-9828-9a67fb370962 0.315s
2025-02-19 18:14:50.727 62979 INFO tempest.lib.common.rest_client [req-9d64eb0b-dadc-42a5-bfa2-8a7ca02d0abb req-9d64eb0b-dadc-42a5-bfa2-8a7ca02d0abb ] Request (ServerActionsTestOtherB:setUpClass): 200 GET http://10.180.1.21/compute/v2.1/servers/efe5672b-3623-4497-87a8-2672c086352e 0.376s
2025-02-19 18:14:50.809 63000 INFO tempest.lib.common.rest_client [req-fecaed33-1f37-4373-8630-aa6662671815 req-fecaed33-1f37-4373-8630-aa6662671815 ] Request (AttachInterfacesV270Test:tearDownClass): 200 GET http://10.180.1.21/compute/v2.1/servers/1d177e61-5103-40eb-8c16-173d5f88b4fd 0.394s
2025-02-19 18:14:50.870 62952 INFO tempest.lib.common.rest_client [req-8f49a0f3-8007-476c-88e8-8676cf93a3e5 req-8f49a0f3-8007-476c-88e8-8676cf93a3e5 ] Request (ServersTestMultiNic:_run_cleanups): 200 GET http://10.180.1.21/compute/v2.1/servers/eb280aac-0b0e-4956-a37b-c97d910a9ecb 0.397s
2025-02-19 18:14:50.925 62966 INFO tempest.lib.common.rest_client [req-e92d7c89-357f-4129-9e7e-869754ed11f4 req-e92d7c89-357f-4129-9e7e-869754ed11f4 ] Request (FloatingIPsAssociationTestJSON:setUpClass): 200 GET http://10.180.1.21/compute/v2.1/servers/1fbdb66e-9fa8-4896-b2cb-7e27650e4102 0.396s
2025-02-19 18:14:50.978 62958 INFO tempest.lib.common.rest_client [req-748e0b46-0da4-4add-8c27-c259cf64bcd9 req-748e0b46-0da4-4add-8c27-c259cf64bcd9 ] Request (ServersNegativeTestJSON:setUpClass): 200 GET http://10.180.1.21/compute/v2.1/servers/cc72c4f9-9533-48f5-a9b9-ea8a7cb7b478 0.396s
2025-02-19 18:14:51.047 62974 INFO tempest.lib.common.rest_client [req-d25f3b3c-89a2-416e-a8ad-01bdb78ec31b req-d25f3b3c-89a2-416e-a8ad-01bdb78ec31b ] Request (ImagesOneServerTestJSON:tearDownClass): 200 GET http://10.180.1.21/compute/v2.1/servers/8257caab-fe0b-4a23-b08f-1d9bed08cf8c 0.408s
2025-02-19 18:14:51.100 62990 INFO tempest.lib.common.rest_client [req-065cdbbb-441c-41f4-848d-428e95ed6a3c req-065cdbbb-441c-41f4-848d-428e95ed6a3c ] Request (ServersWithSpecificFlavorTestJSON:test_verify_created_server_ephemeral_disk): 200 GET http://10.180.1.21/compute/v2.1/servers/8ab9253f-288c-46cb-8615-b9ce50fc3d35 0.397s
2025-02-19 18:14:51.154 62950 INFO tempest.lib.common.rest_client [req-32b46655-3e90-4cbe-9c5b-2fbe6973ffac req-32b46655-3e90-4cbe-9c5b-2fbe6973ffac ] Request (ServerDiskConfigTestJSON:test_rebuild_server_with_manual_disk_config): 200 GET http://10.180.1.21/compute/v2.1/servers/7fbbd3e6-58fa-44c9-b26c-02fed8891935 0.388s
2025-02-19 18:14:51.215 62970 INFO tempest.lib.common.rest_client [req-ea9d2b27-e7ef-4f0d-9b31-926fa6fb00bc req-ea9d2b27-e7ef-4f0d-9b31-926fa6fb00bc ] Request (FloatingIPsAssociationNegativeTestJSON:tearDownClass): 200 GET http://10.180.1.21/compute/v2.1/servers/edc82f82-b70e-441f-82fa-b489a31175c9 0.366s
2025-02-19 18:14:51.272 62986 INFO tempest.lib.common.rest_client [req-96935a4e-3b3a-4978-8186-100cb929032d req-96935a4e-3b3a-4978-8186-100cb929032d ] Request (ServersAdminNegativeTestJSON:tearDownClass): 200 GET http://10.180.1.21/compute/v2.1/servers/6416b9fa-2e09-4093-9f54-f1649c351ba7 0.355s
2025-02-19 18:14:51.328 62956 INFO tempest.lib.common.rest_client [req-cf546d5b-5359-49e5-9a69-019fe8e34308 req-cf546d5b-5359-49e5-9a69-019fe8e34308 ] Request (ListServerFiltersTestJSON:tearDownClass): 200 GET http://10.180.1.21/compute/v2.1/servers/f75618ab-639c-4e5a-8462-904331efc0ff 0.322s
2025-02-19 18:14:51.369 62964 INFO tempest.lib.common.rest_client [req-b91dba04-8ee2-4dc6-8163-041ee7a82fe1 req-b91dba04-8ee2-4dc6-8163-041ee7a82fe1 ] Request (ImagesTestJSON:test_create_image_from_suspended_server): 200 GET http://10.180.1.21/compute/v2.1/images/1aceb6b2-c0f8-451b-938c-800fc0620c96 0.332s
2025-02-19 18:14:51.430 62960 INFO tempest.lib.common.rest_client [req-59190e64-88c9-4095-a54c-3dbde7ec7901 req-59190e64-88c9-4095-a54c-3dbde7ec7901 ] Request (ServerRescueTestJSONUnderV235:test_rescued_vm_associate_dissociate_floating_ip): 202 POST http://10.180.1.21/compute/v2.1/servers/d16601ee-c321-4515-b37d-590dd35d8ed7/action 1.383s
2025-02-19 18:14:51.486 62980 INFO tempest.lib.common.rest_client [req-f5a73b79-d764-4063-a20f-d68e37c28f62 req-f5a73b79-d764-4063-a20f-d68e37c28f62 ] Request (ServersV294TestFqdnHostnames:setUpClass): 200 GET http://10.180.1.21/compute/v2.1/servers/8bee33a8-85ec-48ca-b5e8-29c6a8adf00c 0.201s
2025-02-19 18:14:51.543 62984 INFO tempest.lib.common.rest_client [req-21571025-7d84-4b9d-bf58-cc5889dad83b req-21571025-7d84-4b9d-bf58-cc5889dad83b ] Request (SecurityGroupsTestJSON:test_server_security_groups): 200 GET http://10.180.1.21/compute/v2.1/servers/4f5650b2-b43e-4b2a-a5d7-294986f031ba 0.338s
2025-02-19 18:14:51.551 62988 INFO tempest.lib.common.rest_client [req-1c05b1f2-c4cc-4bd3-a430-0f30429e3642 req-1c05b1f2-c4cc-4bd3-a430-0f30429e3642 ] Request (MigrationsAdminTest:test_resize_server_revert_deleted_flavor): 200 GET http://10.180.1.21/compute/v2.1/servers/998aa1dd-624f-47ce-9f22-8e67a78d3bcf 0.198s
2025-02-19 18:14:51.599 62942 INFO tempest.lib.common.rest_client [req-d75c64da-4ca4-4fab-b551-b6c7812bda9f req-d75c64da-4ca4-4fab-b551-b6c7812bda9f ] Request (ListImageFiltersTestJSON:setUpClass): 200 GET http://10.180.1.21/compute/v2.1/servers/de77b060-da1a-4616-ad6b-fc7942eb8c3c 0.178s
2025-02-19 18:14:51.608 62942 INFO tempest.common.waiters [-] State transition "BUILD/None" ==> "BUILD/networking" after 54 second wait
2025-02-19 18:14:51.674 62973 INFO tempest.lib.common.rest_client [req-b91ab372-54fb-4233-9d0e-904f346b383f req-b91ab372-54fb-4233-9d0e-904f346b383f ] Request (ServersAdmin275Test:tearDownClass): 200 GET http://10.180.1.21/compute/v2.1/servers/8fc5ddf7-f2fa-4f28-8207-d54890845473 0.159s
2025-02-19 18:14:51.697 62976 INFO tempest.lib.common.rest_client [req-160c6e57-0c17-4ec9-be40-c1565f09f89b req-160c6e57-0c17-4ec9-be40-c1565f09f89b ] Request (InstanceActionsV221TestJSON:test_get_list_deleted_instance_actions): 404 GET http://10.180.1.21/compute/v2.1/servers/4e9f8da6-5c3f-4913-af13-a754789d3073 0.109s
2025-02-19 18:14:51.762 63004 INFO tempest.lib.common.rest_client [req-a0b864b4-0299-4ee5-a99c-f87381a38d27 req-a0b864b4-0299-4ee5-a99c-f87381a38d27 ] Request (ImagesOneServerNegativeTestJSON:_run_cleanups): 200 GET http://10.180.1.21/compute/v2.1/servers/f07d79c3-f64f-43e9-9828-9a67fb370962 0.092s
2025-02-19 18:14:51.828 62976 INFO tempest.lib.common.rest_client [req-10476372-75ed-44d8-917f-240694c31bec req-10476372-75ed-44d8-917f-240694c31bec ] Request (InstanceActionsV221TestJSON:test_get_list_deleted_instance_actions): 200 GET http://10.180.1.21/compute/v2.1/servers/4e9f8da6-5c3f-4913-af13-a754789d3073/os-instance-actions 0.130s
2025-02-19 18:14:51.899 62979 INFO tempest.lib.common.rest_client [req-31bec79e-6c19-454a-88e8-821ad73d9a2d req-31bec79e-6c19-454a-88e8-821ad73d9a2d ] Request (ServerActionsTestOtherB:setUpClass): 200 GET http://10.180.1.21/compute/v2.1/servers/efe5672b-3623-4497-87a8-2672c086352e 0.159s
2025-02-19 18:14:51.925 63000 INFO tempest.lib.common.rest_client [req-910c8ca1-d608-43e4-b339-71c610b09a16 req-910c8ca1-d608-43e4-b339-71c610b09a16 ] Request (AttachInterfacesV270Test:tearDownClass): 404 GET http://10.180.1.21/compute/v2.1/servers/1d177e61-5103-40eb-8c16-173d5f88b4fd 0.106s
2025-02-19 18:14:51.942 62976 INFO tempest.lib.common.rest_client [req-514b210e-0f5f-4f39-9b34-8d720157af98 req-514b210e-0f5f-4f39-9b34-8d720157af98 ] Request (InstanceActionsV221TestJSON:tearDownClass): 404 DELETE http://10.180.1.21/compute/v2.1/servers/4e9f8da6-5c3f-4913-af13-a754789d3073 0.110s
2025-02-19 18:14:51.999 62952 INFO tempest.lib.common.rest_client [req-ac2d67f5-091f-43a8-8ffc-92398920d00a req-ac2d67f5-091f-43a8-8ffc-92398920d00a ] Request (ServersTestMultiNic:_run_cleanups): 200 GET http://10.180.1.21/compute/v2.1/servers/eb280aac-0b0e-4956-a37b-c97d910a9ecb 0.117s
2025-02-19 18:14:52.048 62966 INFO tempest.lib.common.rest_client [req-9535d311-a97c-464d-90f3-97a0c9501f6c req-9535d311-a97c-464d-90f3-97a0c9501f6c ] Request (FloatingIPsAssociationTestJSON:setUpClass): 200 GET http://10.180.1.21/compute/v2.1/servers/1fbdb66e-9fa8-4896-b2cb-7e27650e4102 0.114s
2025-02-19 18:14:52.068 62976 INFO tempest.lib.common.rest_client [req-dbecae98-6644-4392-b103-811320b99c4a req-dbecae98-6644-4392-b103-811320b99c4a ] Request (InstanceActionsV221TestJSON:tearDownClass): 404 GET http://10.180.1.21/compute/v2.1/servers/4e9f8da6-5c3f-4913-af13-a754789d3073 0.126s
2025-02-19 18:14:52.119 62958 INFO tempest.lib.common.rest_client [req-d7b7ea53-874f-488f-a687-1ad169c33a46 req-d7b7ea53-874f-488f-a687-1ad169c33a46 ] Request (ServersNegativeTestJSON:setUpClass): 200 GET http://10.180.1.21/compute/v2.1/servers/cc72c4f9-9533-48f5-a9b9-ea8a7cb7b478 0.131s
2025-02-19 18:14:52.190 62974 INFO tempest.lib.common.rest_client [req-958171bb-fc5c-4895-9219-aca3b526acf7 req-958171bb-fc5c-4895-9219-aca3b526acf7 ] Request (ImagesOneServerTestJSON:tearDownClass): 200 GET http://10.180.1.21/compute/v2.1/servers/8257caab-fe0b-4a23-b08f-1d9bed08cf8c 0.131s
2025-02-19 18:14:52.253 62990 INFO tempest.lib.common.rest_client [req-3b251205-81c2-4cb5-a603-4553c98c64f0 req-3b251205-81c2-4cb5-a603-4553c98c64f0 ] Request (ServersWithSpecificFlavorTestJSON:test_verify_created_server_ephemeral_disk): 200 GET http://10.180.1.21/compute/v2.1/servers/8ab9253f-288c-46cb-8615-b9ce50fc3d35 0.139s
2025-02-19 18:14:52.312 62950 INFO tempest.lib.common.rest_client [req-be8e7f44-2f0d-4361-9008-a8d2f4189601 req-be8e7f44-2f0d-4361-9008-a8d2f4189601 ] Request (ServerDiskConfigTestJSON:test_rebuild_server_with_manual_disk_config): 200 GET http://10.180.1.21/compute/v2.1/servers/7fbbd3e6-58fa-44c9-b26c-02fed8891935 0.149s
2025-02-19 18:14:52.491 62992 WARNING tempest.lib.common.ssh [-] Failed to establish authenticated ssh connection to cirros@10.180.180.220 ([Errno None] Unable to connect to port 22 on 10.180.180.220). Number attempts: 10. Retry after 11 seconds.: paramiko.ssh_exception.NoValidConnectionsError: [Errno None] Unable to connect to port 22 on 10.180.180.220
2025-02-19 18:14:52.647 62970 INFO tempest.lib.common.rest_client [req-a782dc9c-ec6b-491c-bb81-8d36b8784625 req-a782dc9c-ec6b-491c-bb81-8d36b8784625 ] Request (FloatingIPsAssociationNegativeTestJSON:tearDownClass): 200 GET http://10.180.1.21/compute/v2.1/servers/edc82f82-b70e-441f-82fa-b489a31175c9 0.422s
2025-02-19 18:14:52.730 62986 INFO tempest.lib.common.rest_client [req-cb7eeb07-08cb-4c43-acd6-0e6e8da3ab1b req-cb7eeb07-08cb-4c43-acd6-0e6e8da3ab1b ] Request (ServersAdminNegativeTestJSON:tearDownClass): 200 GET http://10.180.1.21/compute/v2.1/servers/6416b9fa-2e09-4093-9f54-f1649c351ba7 0.449s
2025-02-19 18:14:52.818 62956 INFO tempest.lib.common.rest_client [req-3e9ed61e-2141-4f8d-adb1-45f0c6190b02 req-3e9ed61e-2141-4f8d-adb1-45f0c6190b02 ] Request (ListServerFiltersTestJSON:tearDownClass): 200 GET http://10.180.1.21/compute/v2.1/servers/f75618ab-639c-4e5a-8462-904331efc0ff 0.477s
2025-02-19 18:14:52.859 62964 INFO tempest.lib.common.rest_client [req-6fa9f7f6-b7c5-4be1-a34d-048fdb39f153 req-6fa9f7f6-b7c5-4be1-a34d-048fdb39f153 ] Request (ImagesTestJSON:test_create_image_from_suspended_server): 200 GET http://10.180.1.21/compute/v2.1/images/1aceb6b2-c0f8-451b-938c-800fc0620c96 0.483s
2025-02-19 18:14:52.949 62980 INFO tempest.lib.common.rest_client [req-e74e8fc1-fe79-44f1-883f-980ef822f674 req-e74e8fc1-fe79-44f1-883f-980ef822f674 ] Request (ServersV294TestFqdnHostnames:setUpClass): 200 GET http://10.180.1.21/compute/v2.1/servers/8bee33a8-85ec-48ca-b5e8-29c6a8adf00c 0.444s
2025-02-19 18:14:53.228 62984 INFO tempest.lib.common.rest_client [req-c57afd57-66b0-4cd0-be69-723f5032ce4f req-c57afd57-66b0-4cd0-be69-723f5032ce4f ] Request (SecurityGroupsTestJSON:test_server_security_groups): 200 GET http://10.180.1.21/compute/v2.1/servers/4f5650b2-b43e-4b2a-a5d7-294986f031ba 0.670s
2025-02-19 18:14:53.278 63000 INFO tempest.lib.common.rest_client [req-d4b64349-b0f3-49ba-aa31-4d9113f339e4 req-d4b64349-b0f3-49ba-aa31-4d9113f339e4 ] Request (AttachInterfacesV270Test:tearDownClass): 200 PUT http://10.180.1.21:9696/networking/v2.0/routers/a8890424-d036-46af-90d4-f74d87332a71/remove_router_interface 1.352s
2025-02-19 18:14:53.328 62988 INFO tempest.lib.common.rest_client [req-ee963277-3a2b-4a89-a319-2859b0722ae5 req-ee963277-3a2b-4a89-a319-2859b0722ae5 ] Request (MigrationsAdminTest:test_resize_server_revert_deleted_flavor): 200 GET http://10.180.1.21/compute/v2.1/servers/998aa1dd-624f-47ce-9f22-8e67a78d3bcf 0.769s
2025-02-19 18:14:53.514 62942 INFO tempest.lib.common.rest_client [req-9447be83-be95-46d7-9c95-5f06615a7f03 req-9447be83-be95-46d7-9c95-5f06615a7f03 ] Request (ListImageFiltersTestJSON:setUpClass): 200 GET http://10.180.1.21/compute/v2.1/servers/de77b060-da1a-4616-ad6b-fc7942eb8c3c 0.905s
2025-02-19 18:14:53.528 62942 INFO tempest.common.waiters [-] State transition "BUILD/networking" ==> "BUILD/spawning" after 56 second wait
