2025-02-19 18:12:42.283 63004 INFO tempest.lib.common.rest_client [req-8229eda1-ef01-4d74-959e-4a9c1ec1bb9a req-8229eda1-ef01-4d74-959e-4a9c1ec1bb9a ] Request (ImagesOneServerNegativeTestJSON:setUpClass): 201 POST http://10.180.1.21/identity/v3/auth/tokens 0.214s
2025-02-19 18:12:42.307 62986 INFO tempest.lib.common.rest_client [req-8a65b764-056c-4b27-9009-9210870490a4 req-8a65b764-056c-4b27-9009-9210870490a4 ] Request (ServersAdminNegativeTestJSON:setUpClass): 200 GET http://10.180.1.21/identity/v3/roles 0.236s
2025-02-19 18:12:42.338 63000 INFO tempest.lib.common.rest_client [req-7e515d3b-5bff-454a-be0f-54dac2a9f55b req-7e515d3b-5bff-454a-be0f-54dac2a9f55b ] Request (QuotasAdminTestV257:test_get_updated_quotas): 200 GET http://10.180.1.21/compute/v2.1/os-quota-sets/777f3a7f92894f4e865eb3b33521a669?user_id=c88f80f6531b41f79a4a75c516a6e72a 2.082s
2025-02-19 18:12:42.362 63002 INFO tempest.lib.common.rest_client [req-94078067-8cdc-4668-9a88-5f946e44a280 req-94078067-8cdc-4668-9a88-5f946e44a280 ] Request (AZV2TestJSON:tearDownClass): 204 DELETE http://10.180.1.21/identity/v3/users/d64ed5c765664038b9bb7171cd2d1384 0.285s
2025-02-19 18:12:42.363 63002 INFO tempest.lib.common.dynamic_creds [-] Deleting project and security group for project: a4417a99c8314156aa3c73fb2f2c7b64
2025-02-19 18:12:42.366 62998 INFO tempest.lib.common.rest_client [req-02cdebc5-6493-48e6-b223-072bdca9b6ec req-02cdebc5-6493-48e6-b223-072bdca9b6ec ] Request (ImagesMetadataTestJSON:tearDownClass): 200 GET http://10.180.1.21:9696/networking/v2.0/security-groups?tenant_id=b1f97233622f4a08a0fb029846afa2f9&name=default 0.737s
2025-02-19 18:12:42.417 62968 INFO tempest.lib.common.rest_client [req-72bfc35e-f7de-4418-b2e0-54301440875e req-72bfc35e-f7de-4418-b2e0-54301440875e ] Request (FloatingIPDetailsNegativeTestJSON:setUpClass): 201 POST http://10.180.1.21:9696/networking/v2.0/networks 1.050s
2025-02-19 18:12:42.426 62974 INFO tempest.lib.common.rest_client [req-68d70f92-b49b-4b13-9eb7-672408d3fbd9 req-68d70f92-b49b-4b13-9eb7-672408d3fbd9 ] Request (FlavorsV2NegativeTest:test_boot_with_low_ram): 201 POST http://10.180.1.21/image/v2/images 1.265s
2025-02-19 18:12:42.427 62952 INFO tempest.lib.common.rest_client [req-bfe2b56e-0e19-48de-8cae-84c764de948f req-bfe2b56e-0e19-48de-8cae-84c764de948f ] Request (InstanceUsageAuditLogNegativeTestJSON:setUpClass): 200 GET http://10.180.1.21/identity/v3/domains?name=Default 0.261s
2025-02-19 18:12:42.426 62954 INFO tempest.lib.common.rest_client [req-1633a2e1-765d-44e9-a92f-503c4033218f req-1633a2e1-765d-44e9-a92f-503c4033218f ] Request (FlavorsAdminTestJSON:test_create_list_flavor_without_extra_data): 200 POST http://10.180.1.21/compute/v2.1/flavors 1.818s
2025-02-19 18:12:42.459 62942 INFO tempest.lib.common.rest_client [req-fe4bdbd3-c1b4-402e-be5c-c3dc154bda3a req-fe4bdbd3-c1b4-402e-be5c-c3dc154bda3a ] Request (HypervisorAdminV228Test:setUpClass): 204 PUT http://10.180.1.21/identity/v3/projects/548bb26c36bc4ebf8bd88bbd2d6b0825/users/bc1ecb16ede04df9b88780ce0a227640/roles/24cfa755bc5f425198c11134e336cbe4 0.273s
2025-02-19 18:12:42.460 62990 INFO tempest.lib.common.rest_client [req-f771edbf-b86d-40fe-be2c-f31d6465b7d0 req-f771edbf-b86d-40fe-be2c-f31d6465b7d0 ] Request (ServersWithSpecificFlavorTestJSON:test_verify_created_server_ephemeral_disk): 200 GET http://10.180.1.21/compute/v2.1/servers/11c6c505-1909-4b81-ac40-b0ef4bd474ff 1.961s
2025-02-19 18:12:42.488 63004 INFO tempest.lib.common.rest_client [req-90767aa4-fbc0-44cb-9b12-bfcf1404210e req-90767aa4-fbc0-44cb-9b12-bfcf1404210e ] Request (ImagesOneServerNegativeTestJSON:setUpClass): 201 POST http://10.180.1.21/identity/v3/auth/tokens 0.199s
2025-02-19 18:12:42.489 63004 INFO tempest.lib.common.fixed_network [-] (ImagesOneServerNegativeTestJSON:setUpClass) Found network {'id': '5355b1f0-9128-459a-acff-6ee3ff0b633a', 'name': 'tempest-ImagesOneServerNegativeTestJSON-1782341961-network', 'tenant_id': 'b941ea2935104ca7b4c077af92a2fa31', 'admin_state_up': True, 'mtu': 8950, 'status': 'ACTIVE', 'subnets': [], 'shared': False, 'project_id': 'b941ea2935104ca7b4c077af92a2fa31', 'port_security_enabled': True, 'router:external': False, 'provider:network_type': 'vlan', 'provider:physical_network': 'default', 'provider:segmentation_id': 899, 'availability_zone_hints': [], 'availability_zones': [], 'ipv4_address_scope': None, 'ipv6_address_scope': None, 'description': '', 'tags': [], 'created_at': '2025-02-19T18:12:38Z', 'updated_at': '2025-02-19T18:12:38Z', 'revision_number': 1} available for tenant
2025-02-19 18:12:42.540 62986 INFO tempest.lib.common.rest_client [req-198af06a-4c50-4218-ad87-4b6f82681de7 req-198af06a-4c50-4218-ad87-4b6f82681de7 ] Request (ServersAdminNegativeTestJSON:setUpClass): 204 PUT http://10.180.1.21/identity/v3/projects/446a19acfb4546d8bf7e00d8f0434b8b/users/3de439de3dd84ca4a8323d3ad9e7c89c/roles/24cfa755bc5f425198c11134e336cbe4 0.232s
2025-02-19 18:12:42.540 62986 INFO tempest.lib.common.dynamic_creds [-] Dynamic test user 3de439de3dd84ca4a8323d3ad9e7c89c is created with scope project and roles: ['admin']
2025-02-19 18:12:42.540 62986 INFO tempest.lib.common.dynamic_creds [-] Acquired dynamic creds: credentials: Credentials: {'domain_id': 'default', 'domain_name': 'Default', 'username': 'tempest-ServersAdminNegativeTestJSON-1428566920-project-admin', 'project_domain_id': 'default', 'project_domain_name': 'Default', 'project_id': '446a19acfb4546d8bf7e00d8f0434b8b', 'project_name': 'tempest-ServersAdminNegativeTestJSON-1428566920', 'tenant_id': '446a19acfb4546d8bf7e00d8f0434b8b', 'tenant_name': 'tempest-ServersAdminNegativeTestJSON-1428566920', 'user_domain_id': 'default', 'user_domain_name': 'Default', 'user_id': '3de439de3dd84ca4a8323d3ad9e7c89c', 'system': None}, Network: None, Subnet: None, Router: None
2025-02-19 18:12:42.540 62986 INFO tempest.lib.common.dynamic_creds [-] Created isolated network resources for: credentials: Credentials: {'domain_id': 'default', 'domain_name': 'Default', 'username': 'tempest-ServersAdminNegativeTestJSON-1428566920-project-admin', 'project_domain_id': 'default', 'project_domain_name': 'Default', 'project_id': '446a19acfb4546d8bf7e00d8f0434b8b', 'project_name': 'tempest-ServersAdminNegativeTestJSON-1428566920', 'tenant_id': '446a19acfb4546d8bf7e00d8f0434b8b', 'tenant_name': 'tempest-ServersAdminNegativeTestJSON-1428566920', 'user_domain_id': 'default', 'user_domain_name': 'Default', 'user_id': '3de439de3dd84ca4a8323d3ad9e7c89c', 'system': None}, Network: None, Subnet: None, Router: None
2025-02-19 18:12:42.598 63000 INFO tempest.lib.common.rest_client [req-559f8ea6-bcf4-4347-a9a2-788745d1f571 req-559f8ea6-bcf4-4347-a9a2-788745d1f571 ] Request (QuotasAdminTestV257:_run_cleanups): 204 DELETE http://10.180.1.21/identity/v3/users/c88f80f6531b41f79a4a75c516a6e72a 0.256s
2025-02-19 18:12:42.608 63002 INFO tempest.lib.common.rest_client [req-bef9c2ff-f8fa-4a6a-b08e-ae7ea0429082 req-bef9c2ff-f8fa-4a6a-b08e-ae7ea0429082 ] Request (AZV2TestJSON:tearDownClass): 201 POST http://10.180.1.21/identity/v3/auth/tokens 0.246s
2025-02-19 18:12:42.674 62952 INFO tempest.lib.common.rest_client [req-754706b7-384f-42bc-a497-efab32539ccc req-754706b7-384f-42bc-a497-efab32539ccc ] Request (InstanceUsageAuditLogNegativeTestJSON:setUpClass): 201 POST http://10.180.1.21/identity/v3/projects 0.247s
2025-02-19 18:12:42.680 62976 INFO tempest.lib.common.rest_client [req-0538f78e-6306-47b5-95de-ad4adb05f004 req-0538f78e-6306-47b5-95de-ad4adb05f004 ] Request (FloatingIPsTestJSON:setUpClass): 201 POST http://10.180.1.21:9696/networking/v2.0/networks 0.840s
2025-02-19 18:12:42.677 62994 INFO tempest.lib.common.rest_client [req-fc56f5a0-cecc-4300-a80f-06d90be6d2bd req-fc56f5a0-cecc-4300-a80f-06d90be6d2bd ] Request (ServersTestBootFromVolume:setUpClass): 201 POST http://10.180.1.21:9696/networking/v2.0/networks 1.132s
2025-02-19 18:12:42.720 62964 INFO tempest.lib.common.rest_client [req-3a3ce445-03ab-4a3c-9bfe-a4cb30f72557 req-3a3ce445-03ab-4a3c-9bfe-a4cb30f72557 ] Request (ImagesTestJSON:setUpClass): 201 POST http://10.180.1.21:9696/networking/v2.0/networks 1.180s
2025-02-19 18:12:42.728 62998 INFO tempest.lib.common.rest_client [req-d7a143c4-af43-43d5-bd11-8ccbc4a624d9 req-d7a143c4-af43-43d5-bd11-8ccbc4a624d9 ] Request (ImagesMetadataTestJSON:tearDownClass): 204 DELETE http://10.180.1.21:9696/networking/v2.0/security-groups/c2230495-d9d1-42b6-8185-a9102e78f706 0.361s
2025-02-19 18:12:42.839 62942 INFO tempest.lib.common.rest_client [req-81172cbd-0ff4-4698-9a50-9bffcf7ffacf req-81172cbd-0ff4-4698-9a50-9bffcf7ffacf ] Request (HypervisorAdminV228Test:setUpClass): 200 GET http://10.180.1.21/identity/v3/roles 0.379s
2025-02-19 18:12:42.915 62986 INFO tempest.lib.common.rest_client [req-ac0e9b3b-be2f-4a91-a45a-00a215015d3f req-ac0e9b3b-be2f-4a91-a45a-00a215015d3f ] Request (ServersAdminNegativeTestJSON:setUpClass): 201 POST http://10.180.1.21/identity/v3/auth/tokens 0.371s
2025-02-19 18:12:42.916 62986 WARNING tempest.lib.common.rest_client [-] Deprecated: "tenant_id" property is deprecated for removal, use "project_id" instead
2025-02-19 18:12:42.963 63000 INFO tempest.lib.common.rest_client [req-a359a74c-e475-4e9b-8e4c-4893484a0256 req-a359a74c-e475-4e9b-8e4c-4893484a0256 ] Request (QuotasAdminTestV257:_run_cleanups): 204 DELETE http://10.180.1.21/identity/v3/projects/777f3a7f92894f4e865eb3b33521a669 0.365s
2025-02-19 18:12:43.038 62952 INFO tempest.lib.common.rest_client [req-62666cc1-5471-4ac6-be6c-b2eb45a2b983 req-62666cc1-5471-4ac6-be6c-b2eb45a2b983 ] Request (InstanceUsageAuditLogNegativeTestJSON:setUpClass): 201 POST http://10.180.1.21/identity/v3/users 0.363s
2025-02-19 18:12:43.089 62984 INFO tempest.lib.common.rest_client [req-927dff4a-1c6f-4add-bccf-a999813901be req-927dff4a-1c6f-4add-bccf-a999813901be ] Request (SecurityGroupsTestJSON:setUpClass): 201 POST http://10.180.1.21:9696/networking/v2.0/networks 1.280s
2025-02-19 18:12:43.118 62998 INFO tempest.lib.common.rest_client [req-aa30889b-03d3-4fdd-8738-71a475ec5a53 req-aa30889b-03d3-4fdd-8738-71a475ec5a53 ] Request (ImagesMetadataTestJSON:tearDownClass): 204 DELETE http://10.180.1.21/identity/v3/projects/b1f97233622f4a08a0fb029846afa2f9 0.390s
2025-02-19 18:12:43.177 62986 INFO tempest.lib.common.rest_client [req-620bf75f-1966-4e2a-835d-3b50b4652269 req-620bf75f-1966-4e2a-835d-3b50b4652269 ] Request (ServersAdminNegativeTestJSON:setUpClass): 201 POST http://10.180.1.21/identity/v3/auth/tokens 0.255s
2025-02-19 18:12:43.178 62986 INFO tempest.lib.common.fixed_network [-] (ServersAdminNegativeTestJSON:setUpClass) Found network None available for tenant
2025-02-19 18:12:43.197 62942 INFO tempest.lib.common.rest_client [req-e3dd4a9f-d216-4c68-8296-d95fff74825a req-e3dd4a9f-d216-4c68-8296-d95fff74825a ] Request (HypervisorAdminV228Test:setUpClass): 204 PUT http://10.180.1.21/identity/v3/projects/548bb26c36bc4ebf8bd88bbd2d6b0825/users/bc1ecb16ede04df9b88780ce0a227640/roles/24cfa755bc5f425198c11134e336cbe4 0.358s
2025-02-19 18:12:43.198 62942 INFO tempest.lib.common.dynamic_creds [-] Dynamic test user bc1ecb16ede04df9b88780ce0a227640 is created with scope project and roles: ['admin']
2025-02-19 18:12:43.198 62942 INFO tempest.lib.common.dynamic_creds [-] Acquired dynamic creds: credentials: Credentials: {'domain_id': 'default', 'domain_name': 'Default', 'username': 'tempest-HypervisorAdminV228Test-1821086200-project-admin', 'project_domain_id': 'default', 'project_domain_name': 'Default', 'project_id': '548bb26c36bc4ebf8bd88bbd2d6b0825', 'project_name': 'tempest-HypervisorAdminV228Test-1821086200', 'tenant_id': '548bb26c36bc4ebf8bd88bbd2d6b0825', 'tenant_name': 'tempest-HypervisorAdminV228Test-1821086200', 'user_domain_id': 'default', 'user_domain_name': 'Default', 'user_id': 'bc1ecb16ede04df9b88780ce0a227640', 'system': None}, Network: None, Subnet: None, Router: None
2025-02-19 18:12:43.198 62942 INFO tempest.lib.common.dynamic_creds [-] Created isolated network resources for: credentials: Credentials: {'domain_id': 'default', 'domain_name': 'Default', 'username': 'tempest-HypervisorAdminV228Test-1821086200-project-admin', 'project_domain_id': 'default', 'project_domain_name': 'Default', 'project_id': '548bb26c36bc4ebf8bd88bbd2d6b0825', 'project_name': 'tempest-HypervisorAdminV228Test-1821086200', 'tenant_id': '548bb26c36bc4ebf8bd88bbd2d6b0825', 'tenant_name': 'tempest-HypervisorAdminV228Test-1821086200', 'user_domain_id': 'default', 'user_domain_name': 'Default', 'user_id': 'bc1ecb16ede04df9b88780ce0a227640', 'system': None}, Network: None, Subnet: None, Router: None
2025-02-19 18:12:43.212 62948 INFO tempest.lib.common.rest_client [req-48d1fd92-8766-4aaa-9759-695bc62cd146 req-48d1fd92-8766-4aaa-9759-695bc62cd146 ] Request (ServerActionsTestJSON:setUpClass): 201 POST http://10.180.1.21:9696/networking/v2.0/subnets 0.965s
2025-02-19 18:12:43.241 62958 INFO tempest.lib.common.rest_client [req-eb76e56e-23a2-4b44-b117-7ce89ecd1ab3 req-eb76e56e-23a2-4b44-b117-7ce89ecd1ab3 ] Request (ServerDiagnosticsNegativeTest:test_get_server_diagnostics_by_non_admin): 202 POST http://10.180.1.21/compute/v2.1/servers 2.583s
2025-02-19 18:12:43.250 62968 INFO tempest.lib.common.rest_client [req-45b57cba-f480-44ab-8d76-bda666a01313 req-45b57cba-f480-44ab-8d76-bda666a01313 ] Request (FloatingIPDetailsNegativeTestJSON:setUpClass): 201 POST http://10.180.1.21:9696/networking/v2.0/subnets 0.832s
2025-02-19 18:12:43.295 63000 INFO tempest.lib.common.rest_client [req-e62c9fdd-d25a-44d8-8455-f77b8909e4a4 req-e62c9fdd-d25a-44d8-8455-f77b8909e4a4 ] Request (QuotasAdminTestV257:tearDownClass): 204 DELETE http://10.180.1.21/identity/v3/users/8b925bf586c34f908877634ce354d364 0.324s
2025-02-19 18:12:43.304 62988 INFO tempest.lib.common.rest_client [req-0f993ccd-d3d1-4550-bbe0-28d5af9b2d2f req-0f993ccd-d3d1-4550-bbe0-28d5af9b2d2f ] Request (MigrationsAdminTest:test_list_migrations_in_flavor_resize_situation): 202 POST http://10.180.1.21/compute/v2.1/servers 2.197s
2025-02-19 18:12:43.309 62992 INFO tempest.lib.common.rest_client [req-5611443a-4de4-4647-bdec-bd18af14ef63 req-5611443a-4de4-4647-bdec-bd18af14ef63 ] Request (AttachInterfacesUnderV243Test:setUpClass): 201 POST http://10.180.1.21:9696/networking/v2.0/routers 1.851s
2025-02-19 18:12:43.364 62952 INFO tempest.lib.common.rest_client [req-910e3946-4ee4-4e5d-9004-38269a2b04cc req-910e3946-4ee4-4e5d-9004-38269a2b04cc ] Request (InstanceUsageAuditLogNegativeTestJSON:setUpClass): 200 GET http://10.180.1.21/identity/v3/roles 0.326s
2025-02-19 18:12:43.399 62964 INFO tempest.lib.common.rest_client [req-28e30620-8fef-4d4a-b42d-48e0482abf1c req-28e30620-8fef-4d4a-b42d-48e0482abf1c ] Request (ImagesTestJSON:setUpClass): 201 POST http://10.180.1.21:9696/networking/v2.0/subnets 0.679s
2025-02-19 18:12:43.439 62998 INFO tempest.lib.common.rest_client [req-46e38615-bb81-4e49-928b-be02ada9cdf3 req-46e38615-bb81-4e49-928b-be02ada9cdf3 ] Request (ImagesMetadataNegativeTestJSON:setUpClass): 201 POST http://10.180.1.21/identity/v3/auth/tokens 0.319s
2025-02-19 18:12:43.459 62946 INFO tempest.lib.common.rest_client [req-8dd13436-359a-42c8-8467-d5203c24ffd2 req-8dd13436-359a-42c8-8467-d5203c24ffd2 ] Request (VolumesAssistedSnapshotsTest:test_volume_assisted_snapshot_create_delete): 200 GET http://10.180.1.21/compute/v2.1/servers/13652151-da46-4228-b335-104fe331c9c3 1.873s
2025-02-19 18:12:43.474 62942 INFO tempest.lib.common.rest_client [req-bd099a9c-d41e-4726-9169-6afe58065d9c req-bd099a9c-d41e-4726-9169-6afe58065d9c ] Request (HypervisorAdminV228Test:setUpClass): 201 POST http://10.180.1.21/identity/v3/auth/tokens 0.273s
2025-02-19 18:12:43.476 62946 INFO tempest.common.waiters [-] State transition "BUILD/None" ==> "BUILD/networking" after 3 second wait
2025-02-19 18:12:43.544 63000 INFO tempest.lib.common.rest_client [req-f55c6928-572f-43ec-a8cb-e955d08fed07 req-f55c6928-572f-43ec-a8cb-e955d08fed07 ] Request (QuotasAdminTestV257:tearDownClass): 204 DELETE http://10.180.1.21/identity/v3/users/dc0b51ab04ec4081a95351c1e5bbc1c3 0.249s
2025-02-19 18:12:43.545 63000 INFO tempest.lib.common.dynamic_creds [-] Deleting project and security group for project: 2335dcd791ec45c48d9ca2966086e5a8
2025-02-19 18:12:43.603 62952 INFO tempest.lib.common.rest_client [req-1a17654b-bca4-4b11-88fe-c62aada37770 req-1a17654b-bca4-4b11-88fe-c62aada37770 ] Request (InstanceUsageAuditLogNegativeTestJSON:setUpClass): 204 PUT http://10.180.1.21/identity/v3/projects/222f87642993446891e9a3ff8528756b/users/c0752ec62669424faeaf7ddacb6a36ac/roles/5909705e3d134ba9947f74584f419c10 0.239s
2025-02-19 18:12:43.604 62952 INFO tempest.lib.common.dynamic_creds [-] Dynamic test user c0752ec62669424faeaf7ddacb6a36ac is created with scope project and roles: ['member']
2025-02-19 18:12:43.604 62952 INFO tempest.lib.common.dynamic_creds [-] Acquired dynamic creds: credentials: Credentials: {'domain_id': 'default', 'domain_name': 'Default', 'username': 'tempest-InstanceUsageAuditLogNegativeTestJSON-1308087463-project-member', 'project_domain_id': 'default', 'project_domain_name': 'Default', 'project_id': '222f87642993446891e9a3ff8528756b', 'project_name': 'tempest-InstanceUsageAuditLogNegativeTestJSON-1308087463', 'tenant_id': '222f87642993446891e9a3ff8528756b', 'tenant_name': 'tempest-InstanceUsageAuditLogNegativeTestJSON-1308087463', 'user_domain_id': 'default', 'user_domain_name': 'Default', 'user_id': 'c0752ec62669424faeaf7ddacb6a36ac', 'system': None}, Network: None, Subnet: None, Router: None
2025-02-19 18:12:43.604 62952 INFO tempest.lib.common.dynamic_creds [-] Created isolated network resources for: credentials: Credentials: {'domain_id': 'default', 'domain_name': 'Default', 'username': 'tempest-InstanceUsageAuditLogNegativeTestJSON-1308087463-project-member', 'project_domain_id': 'default', 'project_domain_name': 'Default', 'project_id': '222f87642993446891e9a3ff8528756b', 'project_name': 'tempest-InstanceUsageAuditLogNegativeTestJSON-1308087463', 'tenant_id': '222f87642993446891e9a3ff8528756b', 'tenant_name': 'tempest-InstanceUsageAuditLogNegativeTestJSON-1308087463', 'user_domain_id': 'default', 'user_domain_name': 'Default', 'user_id': 'c0752ec62669424faeaf7ddacb6a36ac', 'system': None}, Network: None, Subnet: None, Router: None
2025-02-19 18:12:43.707 63000 INFO tempest.lib.common.rest_client [req-2de4856c-f112-411a-9690-8fd226869863 req-2de4856c-f112-411a-9690-8fd226869863 ] Request (QuotasAdminTestV257:tearDownClass): 201 POST http://10.180.1.21/identity/v3/auth/tokens 0.162s
2025-02-19 18:12:43.710 62998 INFO tempest.lib.common.rest_client [req-a13e288d-4226-467a-a809-c7257f165193 req-a13e288d-4226-467a-a809-c7257f165193 ] Request (ImagesMetadataNegativeTestJSON:setUpClass): 201 POST http://10.180.1.21/identity/v3/auth/tokens 0.269s
2025-02-19 18:12:43.713 62980 INFO tempest.lib.common.rest_client [req-a98a112f-cb89-47ea-ab42-438940525d66 req-a98a112f-cb89-47ea-ab42-438940525d66 ] Request (ServerDiagnosticsV248Test:test_get_server_diagnostics): 202 POST http://10.180.1.21/compute/v2.1/servers 2.380s
2025-02-19 18:12:43.774 62976 INFO tempest.lib.common.rest_client [req-69e17e69-3c5c-4f88-a6ae-05374d529b77 req-69e17e69-3c5c-4f88-a6ae-05374d529b77 ] Request (FloatingIPsTestJSON:setUpClass): 201 POST http://10.180.1.21:9696/networking/v2.0/subnets 1.093s
2025-02-19 18:12:43.807 62952 INFO tempest.lib.common.rest_client [req-27a3100c-453f-408d-b7c6-4265dfd5d6ab req-27a3100c-453f-408d-b7c6-4265dfd5d6ab ] Request (InstanceUsageAuditLogNegativeTestJSON:setUpClass): 201 POST http://10.180.1.21/identity/v3/auth/tokens 0.197s
2025-02-19 18:12:43.811 62998 INFO tempest.lib.common.rest_client [req-4a572952-f417-4975-b27d-2f5f24be97d7 req-4a572952-f417-4975-b27d-2f5f24be97d7 ] Request (ImagesMetadataNegativeTestJSON:setUpClass): 200 GET http://10.180.1.21/identity/v3/domains?name=Default 0.100s
2025-02-19 18:12:43.815 62994 INFO tempest.lib.common.rest_client [req-c8ad99f4-35d1-4e67-8b2e-0cdba55f2ce8 req-c8ad99f4-35d1-4e67-8b2e-0cdba55f2ce8 ] Request (ServersTestBootFromVolume:setUpClass): 201 POST http://10.180.1.21:9696/networking/v2.0/subnets 1.133s
2025-02-19 18:12:43.878 63002 INFO tempest.lib.common.rest_client [req-6f96bd84-c709-4426-a586-adf9389adb6b req-6f96bd84-c709-4426-a586-adf9389adb6b ] Request (AZV2TestJSON:tearDownClass): 200 GET http://10.180.1.21:9696/networking/v2.0/security-groups?tenant_id=a4417a99c8314156aa3c73fb2f2c7b64&name=default 1.269s
2025-02-19 18:12:43.909 62952 INFO tempest.lib.common.rest_client [req-440120c1-6d25-4fdb-9ec9-12082ab17e04 req-440120c1-6d25-4fdb-9ec9-12082ab17e04 ] Request (InstanceUsageAuditLogNegativeTestJSON:setUpClass): 201 POST http://10.180.1.21/identity/v3/projects 0.101s
2025-02-19 18:12:43.970 62998 INFO tempest.lib.common.rest_client [req-d5274d88-be26-47d2-a530-d91900390e74 req-d5274d88-be26-47d2-a530-d91900390e74 ] Request (ImagesMetadataNegativeTestJSON:setUpClass): 201 POST http://10.180.1.21/identity/v3/projects 0.159s
2025-02-19 18:12:44.090 62952 INFO tempest.lib.common.rest_client [req-402914d4-39c8-4cdf-b97e-1ee98b0c5434 req-402914d4-39c8-4cdf-b97e-1ee98b0c5434 ] Request (InstanceUsageAuditLogNegativeTestJSON:setUpClass): 201 POST http://10.180.1.21/identity/v3/users 0.181s
2025-02-19 18:12:44.095 62970 INFO tempest.lib.common.rest_client [req-35e1f566-58e1-49ee-a995-f37c9b225b06 req-35e1f566-58e1-49ee-a995-f37c9b225b06 ] Request (FlavorsAccessNegativeTestJSON:test_flavor_non_admin_remove): 200 POST http://10.180.1.21/compute/v2.1/flavors/1971482807/action 1.984s
2025-02-19 18:12:44.100 62998 INFO tempest.lib.common.rest_client [req-bbba79fc-65ae-4c20-a4d6-812e7bf28c57 req-bbba79fc-65ae-4c20-a4d6-812e7bf28c57 ] Request (ImagesMetadataNegativeTestJSON:setUpClass): 201 POST http://10.180.1.21/identity/v3/users 0.129s
2025-02-19 18:12:44.118 62973 INFO tempest.lib.common.rest_client [req-5fe8bc98-5ff3-4a3e-b390-1d3a439bce45 req-5fe8bc98-5ff3-4a3e-b390-1d3a439bce45 ] Request (AggregatesAdminNegativeTestJSON:test_aggregate_delete_as_user): 200 POST http://10.180.1.21/compute/v2.1/os-aggregates 1.972s
2025-02-19 18:12:44.122 62952 INFO tempest.lib.common.rest_client [req-b41af6dc-de50-4043-9a58-014fa3263345 req-b41af6dc-de50-4043-9a58-014fa3263345 ] Request (InstanceUsageAuditLogNegativeTestJSON:setUpClass): 200 GET http://10.180.1.21/identity/v3/roles 0.031s
2025-02-19 18:12:44.140 62998 INFO tempest.lib.common.rest_client [req-c7d60e41-d746-40a9-846b-28831bdaad13 req-c7d60e41-d746-40a9-846b-28831bdaad13 ] Request (ImagesMetadataNegativeTestJSON:setUpClass): 200 GET http://10.180.1.21/identity/v3/roles 0.039s
2025-02-19 18:12:44.176 62952 INFO tempest.lib.common.rest_client [req-bd8dcd5c-1282-40bb-8a31-005db83adcb5 req-bd8dcd5c-1282-40bb-8a31-005db83adcb5 ] Request (InstanceUsageAuditLogNegativeTestJSON:setUpClass): 204 PUT http://10.180.1.21/identity/v3/projects/137d984498c64ae3b6d84bab4f82df9b/users/4c5474f3c2b847b4ba6a017e220e6222/roles/24cfa755bc5f425198c11134e336cbe4 0.054s
2025-02-19 18:12:44.204 62974 INFO tempest.lib.common.rest_client [req-b67a5ae7-c85c-42d3-9bab-67811413703e req-b67a5ae7-c85c-42d3-9bab-67811413703e ] Request (FlavorsV2NegativeTest:test_boot_with_low_ram): 204 PUT http://10.180.1.21/image/v2/images/c0b1306a-4315-4154-9c65-a0b46c9f96df/file 1.777s
2025-02-19 18:12:44.246 62998 INFO tempest.lib.common.rest_client [req-6ad15bc4-ec18-468f-8843-fea0e5554e47 req-6ad15bc4-ec18-468f-8843-fea0e5554e47 ] Request (ImagesMetadataNegativeTestJSON:setUpClass): 204 PUT http://10.180.1.21/identity/v3/projects/993f5c14882341089162a10378cb3879/users/d44b2d67e3da4d4e9baab77374fc3f48/roles/5909705e3d134ba9947f74584f419c10 0.105s
2025-02-19 18:12:44.246 62998 INFO tempest.lib.common.dynamic_creds [-] Dynamic test user d44b2d67e3da4d4e9baab77374fc3f48 is created with scope project and roles: ['member']
2025-02-19 18:12:44.247 62998 INFO tempest.lib.common.dynamic_creds [-] Acquired dynamic creds: credentials: Credentials: {'domain_id': 'default', 'domain_name': 'Default', 'username': 'tempest-ImagesMetadataNegativeTestJSON-1924495974-project-member', 'project_domain_id': 'default', 'project_domain_name': 'Default', 'project_id': '993f5c14882341089162a10378cb3879', 'project_name': 'tempest-ImagesMetadataNegativeTestJSON-1924495974', 'tenant_id': '993f5c14882341089162a10378cb3879', 'tenant_name': 'tempest-ImagesMetadataNegativeTestJSON-1924495974', 'user_domain_id': 'default', 'user_domain_name': 'Default', 'user_id': 'd44b2d67e3da4d4e9baab77374fc3f48', 'system': None}, Network: None, Subnet: None, Router: None
2025-02-19 18:12:44.247 62998 INFO tempest.lib.common.dynamic_creds [-] Created isolated network resources for: credentials: Credentials: {'domain_id': 'default', 'domain_name': 'Default', 'username': 'tempest-ImagesMetadataNegativeTestJSON-1924495974-project-member', 'project_domain_id': 'default', 'project_domain_name': 'Default', 'project_id': '993f5c14882341089162a10378cb3879', 'project_name': 'tempest-ImagesMetadataNegativeTestJSON-1924495974', 'tenant_id': '993f5c14882341089162a10378cb3879', 'tenant_name': 'tempest-ImagesMetadataNegativeTestJSON-1924495974', 'user_domain_id': 'default', 'user_domain_name': 'Default', 'user_id': 'd44b2d67e3da4d4e9baab77374fc3f48', 'system': None}, Network: None, Subnet: None, Router: None
2025-02-19 18:12:44.268 62966 INFO tempest.lib.common.rest_client [req-6a596696-f639-48ea-a610-824ebce1ec20 req-6a596696-f639-48ea-a610-824ebce1ec20 ] Request (DeleteServersAdminTestJSON:test_admin_delete_servers_of_others): 200 GET http://10.180.1.21/compute/v2.1/servers/7ec7dfba-8ad5-4192-9ff0-5d5967f2f70c 2.190s
2025-02-19 18:12:44.345 62952 INFO tempest.lib.common.rest_client [req-854c8689-a966-45dd-9ff3-5e3879c5443b req-854c8689-a966-45dd-9ff3-5e3879c5443b ] Request (InstanceUsageAuditLogNegativeTestJSON:setUpClass): 200 GET http://10.180.1.21/identity/v3/roles 0.168s
2025-02-19 18:12:44.370 62996 INFO tempest.lib.common.rest_client [req-effac9eb-9a7a-4218-a061-9debf0bb8754 req-effac9eb-9a7a-4218-a061-9debf0bb8754 ] Request (ListImagesTestJSON:test_get_image): 200 GET http://10.180.1.21/compute/v2.1/images/494029ea-a5c5-4db8-8f38-96c760c3eb78 2.143s
2025-02-19 18:12:44.388 62954 INFO tempest.lib.common.rest_client [req-6f16bf22-dff3-42f1-9e96-d1a2f60f4bbe req-6f16bf22-dff3-42f1-9e96-d1a2f60f4bbe ] Request (FlavorsAdminTestJSON:test_create_list_flavor_without_extra_data): 200 GET http://10.180.1.21/compute/v2.1/flavors/2081120719 1.956s
2025-02-19 18:12:44.395 62974 INFO tempest.lib.common.rest_client [req-cb3cef17-3b72-4b2b-89f9-6fe635bbc772 req-cb3cef17-3b72-4b2b-89f9-6fe635bbc772 ] Request (FlavorsV2NegativeTest:test_boot_with_low_ram): 201 POST http://10.180.1.21/identity/v3/auth/tokens 0.187s
2025-02-19 18:12:44.395 62974 INFO tempest.lib.common.fixed_network [-] (FlavorsV2NegativeTest:test_boot_with_low_ram) Found network None available for tenant
2025-02-19 18:12:44.417 62952 INFO tempest.lib.common.rest_client [req-bc16e5f0-8925-4363-a5ed-5fe08252ba89 req-bc16e5f0-8925-4363-a5ed-5fe08252ba89 ] Request (InstanceUsageAuditLogNegativeTestJSON:setUpClass): 204 PUT http://10.180.1.21/identity/v3/projects/137d984498c64ae3b6d84bab4f82df9b/users/4c5474f3c2b847b4ba6a017e220e6222/roles/24cfa755bc5f425198c11134e336cbe4 0.070s
2025-02-19 18:12:44.417 62952 INFO tempest.lib.common.dynamic_creds [-] Dynamic test user 4c5474f3c2b847b4ba6a017e220e6222 is created with scope project and roles: ['admin']
2025-02-19 18:12:44.417 62952 INFO tempest.lib.common.dynamic_creds [-] Acquired dynamic creds: credentials: Credentials: {'domain_id': 'default', 'domain_name': 'Default', 'username': 'tempest-InstanceUsageAuditLogNegativeTestJSON-1857184529-project-admin', 'project_domain_id': 'default', 'project_domain_name': 'Default', 'project_id': '137d984498c64ae3b6d84bab4f82df9b', 'project_name': 'tempest-InstanceUsageAuditLogNegativeTestJSON-1857184529', 'tenant_id': '137d984498c64ae3b6d84bab4f82df9b', 'tenant_name': 'tempest-InstanceUsageAuditLogNegativeTestJSON-1857184529', 'user_domain_id': 'default', 'user_domain_name': 'Default', 'user_id': '4c5474f3c2b847b4ba6a017e220e6222', 'system': None}, Network: None, Subnet: None, Router: None
2025-02-19 18:12:44.417 62952 INFO tempest.lib.common.dynamic_creds [-] Created isolated network resources for: credentials: Credentials: {'domain_id': 'default', 'domain_name': 'Default', 'username': 'tempest-InstanceUsageAuditLogNegativeTestJSON-1857184529-project-admin', 'project_domain_id': 'default', 'project_domain_name': 'Default', 'project_id': '137d984498c64ae3b6d84bab4f82df9b', 'project_name': 'tempest-InstanceUsageAuditLogNegativeTestJSON-1857184529', 'tenant_id': '137d984498c64ae3b6d84bab4f82df9b', 'tenant_name': 'tempest-InstanceUsageAuditLogNegativeTestJSON-1857184529', 'user_domain_id': 'default', 'user_domain_name': 'Default', 'user_id': '4c5474f3c2b847b4ba6a017e220e6222', 'system': None}, Network: None, Subnet: None, Router: None
2025-02-19 18:12:44.419 62998 INFO tempest.lib.common.rest_client [req-9c648845-0d10-4877-9910-17d0aa7063e3 req-9c648845-0d10-4877-9910-17d0aa7063e3 ] Request (ImagesMetadataNegativeTestJSON:setUpClass): 201 POST http://10.180.1.21/identity/v3/auth/tokens 0.167s
2025-02-19 18:12:44.428 63000 INFO tempest.lib.common.rest_client [req-06d91819-7ead-435d-b948-f4be5e71722c req-06d91819-7ead-435d-b948-f4be5e71722c ] Request (QuotasAdminTestV257:tearDownClass): 200 GET http://10.180.1.21:9696/networking/v2.0/security-groups?tenant_id=2335dcd791ec45c48d9ca2966086e5a8&name=default 0.721s
2025-02-19 18:12:44.497 62952 INFO tempest.lib.common.rest_client [req-847789b8-2b91-413a-86eb-7fabe1f2e0fe req-847789b8-2b91-413a-86eb-7fabe1f2e0fe ] Request (InstanceUsageAuditLogNegativeTestJSON:setUpClass): 201 POST http://10.180.1.21/identity/v3/auth/tokens 0.077s
2025-02-19 18:12:44.553 63002 INFO tempest.lib.common.rest_client [req-0b42aa74-2979-4eb9-bc6b-d3f2c4885abd req-0b42aa74-2979-4eb9-bc6b-d3f2c4885abd ] Request (AZV2TestJSON:tearDownClass): 204 DELETE http://10.180.1.21:9696/networking/v2.0/security-groups/1932df48-f1e1-4561-921e-f0826e0741b8 0.674s
2025-02-19 18:12:44.590 62960 INFO tempest.lib.common.rest_client [req-0c5fe823-053f-4c3a-a70a-d7135aff930d req-0c5fe823-053f-4c3a-a70a-d7135aff930d ] Request (ServerExternalEventsTest:test_create_server_external_events): 200 GET http://10.180.1.21/compute/v2.1/servers/162981df-6203-402e-8443-757c301b577e 2.280s
2025-02-19 18:12:44.599 62984 INFO tempest.lib.common.rest_client [req-bddbd546-d55e-4a4a-93af-08448adc83bb req-bddbd546-d55e-4a4a-93af-08448adc83bb ] Request (SecurityGroupsTestJSON:setUpClass): 201 POST http://10.180.1.21:9696/networking/v2.0/subnets 1.509s
2025-02-19 18:12:44.657 63002 INFO tempest.lib.common.rest_client [req-7befcac6-dd30-4d31-9589-153b981296f3 req-7befcac6-dd30-4d31-9589-153b981296f3 ] Request (AZV2TestJSON:tearDownClass): 204 DELETE http://10.180.1.21/identity/v3/projects/a4417a99c8314156aa3c73fb2f2c7b64 0.104s
2025-02-19 18:12:44.659 63002 INFO tempest.test [-] raised in ServerStableDeviceRescueTestIDE.setUpClass. Invoking tearDownClass.
2025-02-19 18:12:44.735 63002 INFO tempest.lib.common.rest_client [req-b4ed7feb-b8ce-4105-9bfe-99cbbab63c48 req-b4ed7feb-b8ce-4105-9bfe-99cbbab63c48 ] Request (TestVersions:setUpClass): 201 POST http://10.180.1.21/identity/v3/auth/tokens 0.073s
2025-02-19 18:12:44.769 63002 INFO tempest.lib.common.rest_client [req-65a11768-f44a-4a16-8a24-f97c8e0a6dde req-65a11768-f44a-4a16-8a24-f97c8e0a6dde ] Request (TestVersions:setUpClass): 201 POST http://10.180.1.21/identity/v3/auth/tokens 0.032s
2025-02-19 18:12:44.801 63002 INFO tempest.lib.common.rest_client [req-0ed40c32-ac43-4e8e-9744-cdd82eb80116 req-0ed40c32-ac43-4e8e-9744-cdd82eb80116 ] Request (TestVersions:setUpClass): 200 GET http://10.180.1.21/identity/v3/domains?name=Default 0.031s
2025-02-19 18:12:44.829 63002 INFO tempest.lib.common.rest_client [req-ceb404bc-5112-4f6b-839f-120fd353c72f req-ceb404bc-5112-4f6b-839f-120fd353c72f ] Request (TestVersions:setUpClass): 201 POST http://10.180.1.21/identity/v3/projects 0.027s
2025-02-19 18:12:44.899 62944 INFO tempest.lib.common.rest_client [req-2f65542c-a7f5-4334-832a-22adfab8403f req-2f65542c-a7f5-4334-832a-22adfab8403f ] Request (TenantUsagesTestJSON:setUpClass): 200 GET http://10.180.1.21/compute/v2.1/servers/cad5fcef-7b15-4421-9d7a-6c0abcbc0ea2 2.150s
2025-02-19 18:12:44.912 63002 INFO tempest.lib.common.rest_client [req-fdfd8b6b-a599-4aee-b69f-9ec56e86c139 req-fdfd8b6b-a599-4aee-b69f-9ec56e86c139 ] Request (TestVersions:setUpClass): 201 POST http://10.180.1.21/identity/v3/users 0.082s
2025-02-19 18:12:44.954 63002 INFO tempest.lib.common.rest_client [req-92936d30-0517-4057-8200-61c717bb2459 req-92936d30-0517-4057-8200-61c717bb2459 ] Request (TestVersions:setUpClass): 200 GET http://10.180.1.21/identity/v3/roles 0.042s
2025-02-19 18:12:44.974 63000 INFO tempest.lib.common.rest_client [req-065fda36-e83f-4b25-8528-7e29fdea1338 req-065fda36-e83f-4b25-8528-7e29fdea1338 ] Request (QuotasAdminTestV257:tearDownClass): 204 DELETE http://10.180.1.21:9696/networking/v2.0/security-groups/fff77bd3-6fdb-4131-b71f-7a58d04f9893 0.545s
2025-02-19 18:12:44.987 63002 INFO tempest.lib.common.rest_client [req-019d06cd-04fa-46f7-939c-6f4420b5982b req-019d06cd-04fa-46f7-939c-6f4420b5982b ] Request (TestVersions:setUpClass): 204 PUT http://10.180.1.21/identity/v3/projects/9c4e51aaaba142aaa1dfb7d215bb3bd0/users/dad78e6165d34d82a1adb41e813ebbf0/roles/5909705e3d134ba9947f74584f419c10 0.032s
2025-02-19 18:12:44.987 63002 INFO tempest.lib.common.dynamic_creds [-] Dynamic test user dad78e6165d34d82a1adb41e813ebbf0 is created with scope project and roles: ['member']
2025-02-19 18:12:44.987 63002 INFO tempest.lib.common.dynamic_creds [-] Acquired dynamic creds: credentials: Credentials: {'domain_id': 'default', 'domain_name': 'Default', 'username': 'tempest-TestVersions-2137575772-project-member', 'project_domain_id': 'default', 'project_domain_name': 'Default', 'project_id': '9c4e51aaaba142aaa1dfb7d215bb3bd0', 'project_name': 'tempest-TestVersions-2137575772', 'tenant_id': '9c4e51aaaba142aaa1dfb7d215bb3bd0', 'tenant_name': 'tempest-TestVersions-2137575772', 'user_domain_id': 'default', 'user_domain_name': 'Default', 'user_id': 'dad78e6165d34d82a1adb41e813ebbf0', 'system': None}, Network: None, Subnet: None, Router: None
2025-02-19 18:12:44.988 63002 INFO tempest.lib.common.dynamic_creds [-] Created isolated network resources for: credentials: Credentials: {'domain_id': 'default', 'domain_name': 'Default', 'username': 'tempest-TestVersions-2137575772-project-member', 'project_domain_id': 'default', 'project_domain_name': 'Default', 'project_id': '9c4e51aaaba142aaa1dfb7d215bb3bd0', 'project_name': 'tempest-TestVersions-2137575772', 'tenant_id': '9c4e51aaaba142aaa1dfb7d215bb3bd0', 'tenant_name': 'tempest-TestVersions-2137575772', 'user_domain_id': 'default', 'user_domain_name': 'Default', 'user_id': 'dad78e6165d34d82a1adb41e813ebbf0', 'system': None}, Network: None, Subnet: None, Router: None
2025-02-19 18:12:45.004 62979 INFO tempest.lib.common.rest_client [req-b8a22104-2ee6-4bb1-94cc-fa6626e84c8f req-b8a22104-2ee6-4bb1-94cc-fa6626e84c8f ] Request (ImagesNegativeTestJSON:test_create_image_from_deleted_server): 200 GET http://10.180.1.21/compute/v2.1/servers/33793592-5c95-4583-a778-4086b87854ad 2.217s
2025-02-19 18:12:45.015 62979 INFO tempest.common.waiters [-] State transition "BUILD/None" ==> "BUILD/networking" after 4 second wait
2025-02-19 18:12:45.063 63002 INFO tempest.lib.common.rest_client [req-a6a4b464-105c-4a9f-b715-088e75d924c8 req-a6a4b464-105c-4a9f-b715-088e75d924c8 ] Request (TestVersions:setUpClass): 201 POST http://10.180.1.21/identity/v3/auth/tokens 0.069s
2025-02-19 18:12:45.090 63000 INFO tempest.lib.common.rest_client [req-2c63d0d2-ca85-4745-aecf-863ea4dd8602 req-2c63d0d2-ca85-4745-aecf-863ea4dd8602 ] Request (QuotasAdminTestV257:tearDownClass): 204 DELETE http://10.180.1.21/identity/v3/projects/2335dcd791ec45c48d9ca2966086e5a8 0.116s
2025-02-19 18:12:45.090 63000 INFO tempest.lib.common.dynamic_creds [-] Deleting project and security group for project: d894a74adb0249b784b69450b431998f
2025-02-19 18:12:45.168 62950 INFO tempest.lib.common.rest_client [req-cb07f5bd-7447-4fec-bbf7-c75385f345aa req-cb07f5bd-7447-4fec-bbf7-c75385f345aa ] Request (QuotasAdminTestJSON:test_get_default_quotas): 200 GET http://10.180.1.21/compute/v2.1/os-quota-sets/1bc42f6ae47d4d049983926dc256824a/defaults 2.164s
2025-02-19 18:12:45.205 62950 INFO tempest.lib.common.rest_client [req-60a8050c-fffc-43bf-bbbc-9dd7e2dbec1b req-60a8050c-fffc-43bf-bbbc-9dd7e2dbec1b ] Request (QuotasAdminTestJSON:test_get_updated_quotas): 200 GET http://10.180.1.21/identity/v3/domains?name=Default 0.032s
2025-02-19 18:12:45.236 62950 INFO tempest.lib.common.rest_client [req-b0dd3df0-36bc-4fe4-a964-e7c651fa1bcb req-b0dd3df0-36bc-4fe4-a964-e7c651fa1bcb ] Request (QuotasAdminTestJSON:test_get_updated_quotas): 201 POST http://10.180.1.21/identity/v3/projects 0.031s
2025-02-19 18:12:45.305 62950 INFO tempest.lib.common.rest_client [req-62617697-a684-4730-8890-a820a794e707 req-62617697-a684-4730-8890-a820a794e707 ] Request (QuotasAdminTestJSON:test_get_updated_quotas): 200 GET http://10.180.1.21/identity/v3/domains?name=Default 0.068s
2025-02-19 18:12:45.386 63004 INFO tempest.lib.common.rest_client [req-9c94698e-4196-4bb4-bbfa-046ee4581652 req-9c94698e-4196-4bb4-bbfa-046ee4581652 ] Request (ImagesOneServerNegativeTestJSON:setUpClass): 202 POST http://10.180.1.21/compute/v2.1/servers 2.896s
2025-02-19 18:12:45.481 62958 INFO tempest.lib.common.rest_client [req-df9a66e0-f141-46a2-84f3-7c2a12cf8342 req-df9a66e0-f141-46a2-84f3-7c2a12cf8342 ] Request (ServerDiagnosticsNegativeTest:test_get_server_diagnostics_by_non_admin): 200 GET http://10.180.1.21/compute/v2.1/servers/e56827f5-53a8-4ad3-b6a1-9a41526c6889 2.238s
2025-02-19 18:12:45.578 62988 INFO tempest.lib.common.rest_client [req-9fa452d0-e660-40d8-a205-d245067dffce req-9fa452d0-e660-40d8-a205-d245067dffce ] Request (MigrationsAdminTest:test_list_migrations_in_flavor_resize_situation): 200 GET http://10.180.1.21/compute/v2.1/servers/f8c713cd-d776-4398-8ed5-edf4ee3b32b2 2.272s
2025-02-19 18:12:45.644 63000 INFO tempest.lib.common.rest_client [req-c3fae326-952f-4576-8ffb-015fa4df1809 req-c3fae326-952f-4576-8ffb-015fa4df1809 ] Request (QuotasAdminTestV257:tearDownClass): 200 GET http://10.180.1.21:9696/networking/v2.0/security-groups?tenant_id=d894a74adb0249b784b69450b431998f&name=default 0.553s
2025-02-19 18:12:45.689 62990 INFO tempest.lib.common.rest_client [req-7d62015b-67da-46b2-a4c0-b059f40890ff req-7d62015b-67da-46b2-a4c0-b059f40890ff ] Request (ServersWithSpecificFlavorTestJSON:test_verify_created_server_ephemeral_disk): 200 GET http://10.180.1.21/compute/v2.1/servers/11c6c505-1909-4b81-ac40-b0ef4bd474ff 2.217s
2025-02-19 18:12:45.815 62986 INFO tempest.lib.common.rest_client [req-7a00cf7a-0c54-457b-9bec-e4ac828cdb48 req-7a00cf7a-0c54-457b-9bec-e4ac828cdb48 ] Request (ServersAdminNegativeTestJSON:setUpClass): 202 POST http://10.180.1.21/compute/v2.1/servers 2.636s
2025-02-19 18:12:45.823 62942 INFO tempest.lib.common.rest_client [req-2166581c-1804-44de-947e-3518eecd6c18 req-2166581c-1804-44de-947e-3518eecd6c18 ] Request (HypervisorAdminV228Test:test_get_list_hypervisor_details): 200 GET http://10.180.1.21/compute/v2.1/os-hypervisors 2.346s
2025-02-19 18:12:45.851 62970 INFO tempest.lib.common.rest_client [req-c1e9a04f-fa03-4b2a-8bcc-96fff8dafc16 req-c1e9a04f-fa03-4b2a-8bcc-96fff8dafc16 ] Request (FlavorsAccessNegativeTestJSON:test_flavor_non_admin_remove): 403 POST http://10.180.1.21/compute/v2.1/flavors/1971482807/action 1.755s
2025-02-19 18:12:45.857 62973 INFO tempest.lib.common.rest_client [req-17c6dc1a-5284-4676-a482-4e4d78721c8e req-17c6dc1a-5284-4676-a482-4e4d78721c8e ] Request (AggregatesAdminNegativeTestJSON:test_aggregate_delete_as_user): 403 DELETE http://10.180.1.21/compute/v2.1/os-aggregates/5 1.736s
2025-02-19 18:12:45.932 62996 INFO tempest.lib.common.rest_client [req-dc420c20-a242-4ce2-a1c8-3d7469604225 req-dc420c20-a242-4ce2-a1c8-3d7469604225 ] Request (ListImagesTestJSON:test_list_images): 200 GET http://10.180.1.21/compute/v2.1/images 1.556s
2025-02-19 18:12:45.996 62980 INFO tempest.lib.common.rest_client [req-7f6a4861-0481-4839-8d15-c82f2cbb2c72 req-7f6a4861-0481-4839-8d15-c82f2cbb2c72 ] Request (ServerDiagnosticsV248Test:test_get_server_diagnostics): 200 GET http://10.180.1.21/compute/v2.1/servers/0ae9e195-dcbf-4d62-9ca8-584be3064ced 2.281s
2025-02-19 18:12:46.030 62954 INFO tempest.lib.common.rest_client [req-d87b05b2-aa9c-4807-aef3-84962fd2b529 req-d87b05b2-aa9c-4807-aef3-84962fd2b529 ] Request (FlavorsAdminTestJSON:test_create_list_flavor_without_extra_data): 200 GET http://10.180.1.21/compute/v2.1/flavors/detail 1.636s
2025-02-19 18:12:46.103 62998 INFO tempest.lib.common.rest_client [req-be433a7e-96fd-4d9b-bae6-8c13e57be14d req-be433a7e-96fd-4d9b-bae6-8c13e57be14d ] Request (ImagesMetadataNegativeTestJSON:test_delete_nonexistent_image_metadata_item): 404 DELETE http://10.180.1.21/compute/v2.1/images/fde32805-5bcf-47e4-bac3-f7d1f182efcc/metadata/os_distro 1.682s
2025-02-19 18:12:46.195 63000 INFO tempest.lib.common.rest_client [req-1012badd-a19c-443d-ac8d-30ae351d56ac req-1012badd-a19c-443d-ac8d-30ae351d56ac ] Request (QuotasAdminTestV257:tearDownClass): 204 DELETE http://10.180.1.21:9696/networking/v2.0/security-groups/f1347b13-0b95-489d-a6b3-9eac6d7941cc 0.550s
2025-02-19 18:12:46.289 62962 INFO tempest.lib.common.rest_client [req-8874c51b-7c8d-4da9-a988-438b1bccdca4 req-8874c51b-7c8d-4da9-a988-438b1bccdca4 ] Request (VolumesAdminNegativeTest:setUpClass): 200 PUT http://10.180.1.21:9696/networking/v2.0/routers/845b19f6-5f73-4468-a3bf-078cfaea4c77/add_router_interface 4.264s
2025-02-19 18:12:46.290 62962 INFO tempest.lib.common.dynamic_creds [-] Created isolated network resources for: credentials: Credentials: {'domain_id': 'default', 'domain_name': 'Default', 'username': 'tempest-VolumesAdminNegativeTest-886259165-project-admin', 'project_domain_id': 'default', 'project_domain_name': 'Default', 'project_id': '5ae4bb4a245547bbb7efeebcf3db5e59', 'project_name': 'tempest-VolumesAdminNegativeTest-886259165', 'tenant_id': '5ae4bb4a245547bbb7efeebcf3db5e59', 'tenant_name': 'tempest-VolumesAdminNegativeTest-886259165', 'user_domain_id': 'default', 'user_domain_name': 'Default', 'user_id': 'd378e59de20f420884328e417131ec58', 'system': None}, Network: {'id': '409b1361-8e7f-4c0c-bba0-ff048e811c31', 'name': 'tempest-VolumesAdminNegativeTest-274323189-network', 'tenant_id': '5ae4bb4a245547bbb7efeebcf3db5e59', 'admin_state_up': True, 'mtu': 8950, 'status': 'ACTIVE', 'subnets': [], 'shared': False, 'project_id': '5ae4bb4a245547bbb7efeebcf3db5e59', 'port_security_enabled': True, 'router:external': False, 'provider:network_type': 'vlan', 'provider:physical_network': 'default', 'provider:segmentation_id': 474, 'availability_zone_hints': [], 'availability_zones': [], 'ipv4_address_scope': None, 'ipv6_address_scope': None, 'description': '', 'tags': [], 'created_at': '2025-02-19T18:12:39Z', 'updated_at': '2025-02-19T18:12:39Z', 'revision_number': 1}, Subnet: {'id': 'df6b5e7d-408b-40dd-a271-b28ab00fdb1f', 'name': 'tempest-VolumesAdminNegativeTest-274323189-subnet', 'tenant_id': '5ae4bb4a245547bbb7efeebcf3db5e59', 'network_id': '409b1361-8e7f-4c0c-bba0-ff048e811c31', 'ip_version': 4, 'subnetpool_id': None, 'enable_dhcp': True, 'ipv6_ra_mode': None, 'ipv6_address_mode': None, 'gateway_ip': '192.168.128.1', 'cidr': '192.168.128.0/28', 'allocation_pools': [{'start': '192.168.128.2', 'end': '192.168.128.14'}], 'host_routes': [], 'dns_nameservers': [], 'description': '', 'router:external': False, 'service_types': [], 'tags': [], 'created_at': '2025-02-19T18:12:39Z', 'updated_at': '2025-02-19T18:12:39Z', 'revision_number': 0, 'project_id': '5ae4bb4a245547bbb7efeebcf3db5e59'}, Router: {'id': '845b19f6-5f73-4468-a3bf-078cfaea4c77', 'name': 'tempest-VolumesAdminNegativeTest-274323189-router', 'tenant_id': '5ae4bb4a245547bbb7efeebcf3db5e59', 'admin_state_up': True, 'status': 'ACTIVE', 'external_gateway_info': {'network_id': '6ae39b1a-33b5-4732-a0ef-1b807463d4b6', 'external_fixed_ips': [{'subnet_id': '4b164140-5c38-4b3b-94e8-fa4359cd7f11', 'ip_address': '10.180.180.245'}], 'enable_snat': True}, 'description': '', 'availability_zones': [], 'distributed': False, 'ha': False, 'availability_zone_hints': [], 'routes': [], 'flavor_id': None, 'tags': [], 'created_at': '2025-02-19T18:12:39Z', 'updated_at': '2025-02-19T18:12:40Z', 'revision_number': 2, 'project_id': '5ae4bb4a245547bbb7efeebcf3db5e59'}
2025-02-19 18:12:46.293 63000 INFO tempest.lib.common.rest_client [req-2652e9d4-7d99-42a6-8c08-3ef1ca11f4d5 req-2652e9d4-7d99-42a6-8c08-3ef1ca11f4d5 ] Request (QuotasAdminTestV257:tearDownClass): 204 DELETE http://10.180.1.21/identity/v3/projects/d894a74adb0249b784b69450b431998f 0.098s
2025-02-19 18:12:46.350 62974 INFO tempest.lib.common.rest_client [req-2a6aaee5-1b6c-48b2-b0b1-bd4060957624 req-2a6aaee5-1b6c-48b2-b0b1-bd4060957624 ] Request (FlavorsV2NegativeTest:test_boot_with_low_ram): 400 POST http://10.180.1.21/compute/v2.1/servers 1.953s
2025-02-19 18:12:46.371 63000 INFO tempest.lib.common.rest_client [req-d271a008-e85e-410b-bf25-e0891abb30fa req-d271a008-e85e-410b-bf25-e0891abb30fa ] Request (SecurityGroupsTestAdminJSON:setUpClass): 201 POST http://10.180.1.21/identity/v3/auth/tokens 0.075s
2025-02-19 18:12:46.393 62946 INFO tempest.lib.common.rest_client [req-fed078d6-52f3-4a09-a27d-599fd4c67f8c req-fed078d6-52f3-4a09-a27d-599fd4c67f8c ] Request (VolumesAssistedSnapshotsTest:test_volume_assisted_snapshot_create_delete): 200 GET http://10.180.1.21/compute/v2.1/servers/13652151-da46-4228-b335-104fe331c9c3 1.916s
2025-02-19 18:12:46.396 62962 INFO tempest.lib.common.rest_client [req-636477c3-7e1a-41ac-ac30-0f49776dae11 req-636477c3-7e1a-41ac-ac30-0f49776dae11 ] Request (VolumesAdminNegativeTest:setUpClass): 201 POST http://10.180.1.21/identity/v3/auth/tokens 0.103s
2025-02-19 18:12:46.398 63002 INFO tempest.lib.common.rest_client [-] Request (TestVersions:test_get_version_details): 200 GET http://10.180.1.21/compute/ 1.333s
2025-02-19 18:12:46.403 62946 INFO tempest.common.waiters [-] State transition "BUILD/networking" ==> "BUILD/spawning" after 6 second wait
2025-02-19 18:12:46.431 63000 INFO tempest.lib.common.rest_client [req-6b8dfe20-bcc5-410f-a40c-946316a15c68 req-6b8dfe20-bcc5-410f-a40c-946316a15c68 ] Request (SecurityGroupsTestAdminJSON:setUpClass): 201 POST http://10.180.1.21/identity/v3/auth/tokens 0.058s
2025-02-19 18:12:46.439 62974 INFO tempest.lib.common.rest_client [req-bac3b624-f880-4ac1-99f2-e98257e122b9 req-bac3b624-f880-4ac1-99f2-e98257e122b9 ] Request (FlavorsV2NegativeTest:_run_cleanups): 204 DELETE http://10.180.1.21/image/v2/images/c0b1306a-4315-4154-9c65-a0b46c9f96df 0.089s
2025-02-19 18:12:46.460 63000 INFO tempest.lib.common.rest_client [req-dd19cd58-fd56-436e-b791-0c80f0ff1f1d req-dd19cd58-fd56-436e-b791-0c80f0ff1f1d ] Request (SecurityGroupsTestAdminJSON:setUpClass): 200 GET http://10.180.1.21/identity/v3/domains?name=Default 0.028s
2025-02-19 18:12:46.486 62952 INFO tempest.lib.common.rest_client [req-5ce075cb-d354-4a78-ae1a-4efa981d175c req-5ce075cb-d354-4a78-ae1a-4efa981d175c ] Request (InstanceUsageAuditLogNegativeTestJSON:test_get_instance_usage_audit_logs_with_invalid_time): 400 GET http://10.180.1.21/compute/v2.1/os-instance_usage_audit_log/invalid_time 1.987s
2025-02-19 18:12:46.504 63000 INFO tempest.lib.common.rest_client [req-ac820118-e1d7-4aeb-83a6-5ab2affe35b6 req-ac820118-e1d7-4aeb-83a6-5ab2affe35b6 ] Request (SecurityGroupsTestAdminJSON:setUpClass): 201 POST http://10.180.1.21/identity/v3/projects 0.043s
2025-02-19 18:12:46.528 62974 INFO tempest.lib.common.rest_client [req-771830d6-245e-48cc-a1bc-3812c69ff4f3 req-771830d6-245e-48cc-a1bc-3812c69ff4f3 ] Request (FlavorsV2NegativeTest:tearDownClass): 204 DELETE http://10.180.1.21/identity/v3/users/efcb2b1be99245aa8a3421de31167148 0.087s
2025-02-19 18:12:46.528 62974 INFO tempest.lib.common.dynamic_creds [-] Deleting project and security group for project: 9cf44e450b054837992cdac2da5b7d02
2025-02-19 18:12:46.616 63000 INFO tempest.lib.common.rest_client [req-5b904e02-aabf-4265-ac95-4c8ee2cfebca req-5b904e02-aabf-4265-ac95-4c8ee2cfebca ] Request (SecurityGroupsTestAdminJSON:setUpClass): 201 POST http://10.180.1.21/identity/v3/users 0.111s
2025-02-19 18:12:46.646 62974 INFO tempest.lib.common.rest_client [req-87d76cc8-077d-4a42-b0f4-dc63a091045a req-87d76cc8-077d-4a42-b0f4-dc63a091045a ] Request (FlavorsV2NegativeTest:tearDownClass): 201 POST http://10.180.1.21/identity/v3/auth/tokens 0.118s
2025-02-19 18:12:46.657 63000 INFO tempest.lib.common.rest_client [req-d6c1d39b-e0b8-4954-8139-51dcd3759696 req-d6c1d39b-e0b8-4954-8139-51dcd3759696 ] Request (SecurityGroupsTestAdminJSON:setUpClass): 200 GET http://10.180.1.21/identity/v3/roles 0.040s
2025-02-19 18:12:46.688 62950 INFO tempest.lib.common.rest_client [req-dfe795e1-dad9-4ef2-a8f1-76dff3ffacf0 req-dfe795e1-dad9-4ef2-a8f1-76dff3ffacf0 ] Request (QuotasAdminTestJSON:test_get_updated_quotas): 200 PUT http://10.180.1.21/compute/v2.1/os-quota-sets/43896dae1ece4741bf1b8612f7a5ff80 1.382s
2025-02-19 18:12:46.707 63000 INFO tempest.lib.common.rest_client [req-20c06319-635b-474b-9fe7-7154d26234fc req-20c06319-635b-474b-9fe7-7154d26234fc ] Request (SecurityGroupsTestAdminJSON:setUpClass): 204 PUT http://10.180.1.21/identity/v3/projects/7fd6873c73ca4efc811f699941648c5d/users/bbf28615575344b290806256e3ddeec0/roles/5909705e3d134ba9947f74584f419c10 0.050s
2025-02-19 18:12:46.708 63000 INFO tempest.lib.common.dynamic_creds [-] Dynamic test user bbf28615575344b290806256e3ddeec0 is created with scope project and roles: ['member']
