2025-02-19 18:12:31.355 62976 INFO tempest.lib.common.rest_client [req-643270fa-57e1-4c23-be6d-0409e55d0df5 req-643270fa-57e1-4c23-be6d-0409e55d0df5 ] Request (HypervisorAdminNegativeTestJSON:test_get_hypervisor_stats_with_non_admin_user): 403 GET http://10.180.1.21/compute/v2.1/os-hypervisors/statistics 1.317s
2025-02-19 18:12:31.367 62992 INFO tempest.lib.common.rest_client [req-3424ceb2-c4a6-47af-ab8f-ece22af18dbb req-3424ceb2-c4a6-47af-ab8f-ece22af18dbb ] Request (HypervisorAdminTestJSON:test_get_hypervisor_show_details): 200 GET http://10.180.1.21/compute/v2.1/os-hypervisors 1.345s
2025-02-19 18:12:31.369 62982 INFO tempest.lib.common.rest_client [req-58ae2130-d221-46a4-ab92-9b9848c4e434 req-58ae2130-d221-46a4-ab92-9b9848c4e434 ] Request (HypervisorAdminUnderV252Test:tearDownClass): 200 GET http://10.180.1.21:9696/networking/v2.0/security-groups?tenant_id=3f5991ef30b5429cb437f09f418e465e&name=default 0.136s
2025-02-19 18:12:31.370 62958 INFO tempest.lib.common.rest_client [req-71f59530-312c-4105-b509-f09df491a246 req-71f59530-312c-4105-b509-f09df491a246 ] Request (HypervisorAdminV253TestBase:tearDownClass): 201 POST http://10.180.1.21/identity/v3/auth/tokens 0.143s
2025-02-19 18:12:31.377 62994 INFO tempest.lib.common.rest_client [req-91121075-5400-44cc-ac21-1daccfff828e req-91121075-5400-44cc-ac21-1daccfff828e ] Request (ServicesAdminNegativeTestJSON:test_get_service_by_invalid_service_and_valid_host): 200 GET http://10.180.1.21/compute/v2.1/os-services 1.336s
2025-02-19 18:12:31.381 62996 INFO tempest.lib.common.rest_client [req-78a5dc96-a3e0-4129-b5fd-05f54c5dbd47 req-78a5dc96-a3e0-4129-b5fd-05f54c5dbd47 ] Request (FlavorsExtraSpecsNegativeTestJSON:test_flavor_non_admin_set_keys): 403 POST http://10.180.1.21/compute/v2.1/flavors/2038034956/os-extra_specs 1.309s
2025-02-19 18:12:31.396 62979 INFO tempest.lib.common.rest_client [req-1dc73ea6-b537-4c65-909e-6b14b1b6a575 req-1dc73ea6-b537-4c65-909e-6b14b1b6a575 ] Request (ImagesNegativeTestJSON:setUpClass): 200 GET http://10.180.1.21/identity/v3/domains?name=Default 0.109s
2025-02-19 18:12:31.424 62979 INFO tempest.lib.common.rest_client [req-3e59cf69-361d-45cd-a9f4-5d4ca9baab8b req-3e59cf69-361d-45cd-a9f4-5d4ca9baab8b ] Request (ImagesNegativeTestJSON:setUpClass): 201 POST http://10.180.1.21/identity/v3/projects 0.028s
2025-02-19 18:12:31.459 62944 INFO tempest.lib.common.rest_client [req-f0d18ed6-9b34-4aaf-b8c8-55d0179de5db req-f0d18ed6-9b34-4aaf-b8c8-55d0179de5db ] Request (TenantUsagesTestJSON:setUpClass): 200 GET http://10.180.1.21/compute/v2.1/servers/cad5fcef-7b15-4421-9d7a-6c0abcbc0ea2 1.222s
2025-02-19 18:12:31.470 62950 INFO tempest.lib.common.rest_client [req-e2aa82b2-c1bf-45ae-8a3a-8de743dc9248 req-e2aa82b2-c1bf-45ae-8a3a-8de743dc9248 ] Request (QuotasAdminTestJSON:test_delete_quota): 202 DELETE http://10.180.1.21/compute/v2.1/os-quota-sets/62c397fbdddc43c5b2e570dc14b34516 0.999s
2025-02-19 18:12:31.477 62982 INFO tempest.lib.common.rest_client [req-bd5d03aa-542f-4bf7-9bda-7fa781554c4c req-bd5d03aa-542f-4bf7-9bda-7fa781554c4c ] Request (HypervisorAdminUnderV252Test:tearDownClass): 204 DELETE http://10.180.1.21:9696/networking/v2.0/security-groups/f69cbdda-e9cd-4bd1-9158-664773e1d47e 0.107s
2025-02-19 18:12:31.485 62990 INFO tempest.lib.common.rest_client [req-13126b42-19b2-49d0-8667-c7e838804c93 req-13126b42-19b2-49d0-8667-c7e838804c93 ] Request (ServersWithSpecificFlavorTestJSON:test_verify_created_server_ephemeral_disk): 200 GET http://10.180.1.21/compute/v2.1/flavors/42 1.416s
2025-02-19 18:12:31.504 62980 INFO tempest.lib.common.rest_client [req-206aa887-9387-4073-b2f0-96447d7a0e27 req-206aa887-9387-4073-b2f0-96447d7a0e27 ] Request (FlavorMetadataValidation:_run_cleanups): 200 GET http://10.180.1.21/compute/v2.1/flavors/detail 1.013s
2025-02-19 18:12:31.519 62964 INFO tempest.lib.common.rest_client [req-86505e11-df5f-496f-ad7f-00ba8b8de4e2 req-86505e11-df5f-496f-ad7f-00ba8b8de4e2 ] Request (KeyPairsV210TestJSON:test_admin_manage_keypairs_for_other_users): 201 POST http://10.180.1.21/compute/v2.1/os-keypairs 1.012s
2025-02-19 18:12:31.529 62973 INFO tempest.lib.common.rest_client [req-b08aaaf0-b828-4a1b-bf57-a6ab3232cf8b req-b08aaaf0-b828-4a1b-bf57-a6ab3232cf8b ] Request (AggregatesAdminNegativeTestJSON:_run_cleanups): 200 DELETE http://10.180.1.21/compute/v2.1/os-aggregates/1 0.729s
2025-02-19 18:12:31.539 62979 INFO tempest.lib.common.rest_client [req-a9347317-6367-4b1a-babc-24ba97675594 req-a9347317-6367-4b1a-babc-24ba97675594 ] Request (ImagesNegativeTestJSON:setUpClass): 201 POST http://10.180.1.21/identity/v3/users 0.113s
2025-02-19 18:12:31.550 62954 INFO tempest.lib.common.rest_client [req-75b84ee5-c13f-4719-a6b3-a828e39c596e req-75b84ee5-c13f-4719-a6b3-a828e39c596e ] Request (FlavorsAdminTestJSON:test_create_flavor_verify_entry_in_list_details): 200 POST http://10.180.1.21/compute/v2.1/flavors 0.669s
2025-02-19 18:12:31.573 62982 INFO tempest.lib.common.rest_client [req-f9a94ea1-cecb-4de3-8d31-735a17c7f823 req-f9a94ea1-cecb-4de3-8d31-735a17c7f823 ] Request (HypervisorAdminUnderV252Test:tearDownClass): 204 DELETE http://10.180.1.21/identity/v3/projects/3f5991ef30b5429cb437f09f418e465e 0.095s
2025-02-19 18:12:31.628 62979 INFO tempest.lib.common.rest_client [req-299a869e-1b84-4dc9-a0db-d5ada16ee808 req-299a869e-1b84-4dc9-a0db-d5ada16ee808 ] Request (ImagesNegativeTestJSON:setUpClass): 200 GET http://10.180.1.21/identity/v3/roles 0.088s
2025-02-19 18:12:31.649 62980 INFO tempest.lib.common.rest_client [req-e6326f88-ab32-47b0-adda-996eccd119d9 req-e6326f88-ab32-47b0-adda-996eccd119d9 ] Request (FlavorMetadataValidation:tearDownClass): 204 DELETE http://10.180.1.21/identity/v3/users/b3437e797ad7471db60f44f80cb31fb7 0.130s
2025-02-19 18:12:31.703 62962 INFO tempest.lib.common.rest_client [req-4463453d-bad3-495a-91e2-c18903c9b3e8 req-4463453d-bad3-495a-91e2-c18903c9b3e8 ] Request (VolumesAdminNegativeTest:setUpClass): 201 POST http://10.180.1.21:9696/networking/v2.0/networks 0.811s
2025-02-19 18:12:31.715 62982 INFO tempest.lib.common.rest_client [req-bbde705f-0e4a-4472-aa44-3482e6865eb0 req-bbde705f-0e4a-4472-aa44-3482e6865eb0 ] Request (QuotasAdminTestV236:setUpClass): 201 POST http://10.180.1.21/identity/v3/auth/tokens 0.140s
2025-02-19 18:12:31.734 62988 INFO tempest.lib.common.rest_client [req-6f3d3bd5-1442-434b-a406-f7f89317bb86 req-6f3d3bd5-1442-434b-a406-f7f89317bb86 ] Request (AZAdminV2TestJSON:tearDownClass): 200 GET http://10.180.1.21:9696/networking/v2.0/security-groups?tenant_id=8fa9994e205c44afaeabcfa98a7d3ecd&name=default 0.392s
2025-02-19 18:12:31.758 62974 INFO tempest.lib.common.rest_client [req-f8737f69-9c5e-43e9-b039-4dccfe4b44b8 req-f8737f69-9c5e-43e9-b039-4dccfe4b44b8 ] Request (TenantUsagesNegativeTestJSON:test_list_usage_all_tenants_with_non_admin_user): 403 GET http://10.180.1.21/compute/v2.1/os-simple-tenant-usage?start=2025-02-18T18%3A12%3A27.959867&end=2025-02-20T18%3A12%3A27.959867&detailed=1 0.845s
2025-02-19 18:12:31.771 62952 INFO tempest.lib.common.rest_client [req-6f79743b-a0cd-49ca-aa42-74c7525d6142 req-6f79743b-a0cd-49ca-aa42-74c7525d6142 ] Request (HostsAdminNegativeTestJSON:test_reboot_nonexistent_host): 404 GET http://10.180.1.21/compute/v2.1/os-hosts/nonexistent_hostname/reboot 0.753s
2025-02-19 18:12:31.777 62979 INFO tempest.lib.common.rest_client [req-9f7dc3be-cb5d-43fa-8965-88d363a0813c req-9f7dc3be-cb5d-43fa-8965-88d363a0813c ] Request (ImagesNegativeTestJSON:setUpClass): 204 PUT http://10.180.1.21/identity/v3/projects/e80e512ec3394ae7864c35db12089722/users/2cd0172a387f440491c7ab1255744664/roles/5909705e3d134ba9947f74584f419c10 0.148s
2025-02-19 18:12:31.777 62979 INFO tempest.lib.common.dynamic_creds [-] Dynamic test user 2cd0172a387f440491c7ab1255744664 is created with scope project and roles: ['member']
2025-02-19 18:12:31.778 62979 INFO tempest.lib.common.dynamic_creds [-] Acquired dynamic creds: credentials: Credentials: {'domain_id': 'default', 'domain_name': 'Default', 'username': 'tempest-ImagesNegativeTestJSON-1212589957-project-member', 'project_domain_id': 'default', 'project_domain_name': 'Default', 'project_id': 'e80e512ec3394ae7864c35db12089722', 'project_name': 'tempest-ImagesNegativeTestJSON-1212589957', 'tenant_id': 'e80e512ec3394ae7864c35db12089722', 'tenant_name': 'tempest-ImagesNegativeTestJSON-1212589957', 'user_domain_id': 'default', 'user_domain_name': 'Default', 'user_id': '2cd0172a387f440491c7ab1255744664', 'system': None}, Network: None, Subnet: None, Router: None
2025-02-19 18:12:31.794 62970 INFO tempest.lib.common.rest_client [req-4167e222-b107-456e-8845-a0a97898d95a req-4167e222-b107-456e-8845-a0a97898d95a ] Request (FlavorsAccessNegativeTestJSON:test_add_flavor_access_duplicate): 409 POST http://10.180.1.21/compute/v2.1/flavors/1525379264/action 0.890s
2025-02-19 18:12:31.801 62986 INFO tempest.lib.common.rest_client [req-04b4d87b-7214-4306-9cf1-5e73e864495e req-04b4d87b-7214-4306-9cf1-5e73e864495e ] Request (HypervisorAdminNegativeUnderV252Test:test_show_servers_with_non_admin_user): 200 GET http://10.180.1.21/compute/v2.1/os-hypervisors 0.763s
2025-02-19 18:12:31.817 63004 INFO tempest.lib.common.rest_client [req-95ca3fcf-547a-4744-9724-756c8b933264 req-95ca3fcf-547a-4744-9724-756c8b933264 ] Request (ImagesDeleteNegativeTestJSON:test_delete_non_existent_image): 404 DELETE http://10.180.1.21/compute/v2.1/images/688806be-7028-40ab-90d4-9a2d7bbb24ff 0.716s
2025-02-19 18:12:31.832 62948 INFO tempest.lib.common.rest_client [req-d4cc7fea-b2c7-4cfb-a03b-75485709df5b req-d4cc7fea-b2c7-4cfb-a03b-75485709df5b ] Request (FlavorsV255TestJSON:test_crud_flavor): 200 GET http://10.180.1.21/compute/v2.1/flavors/detail 0.750s
2025-02-19 18:12:31.838 62982 INFO tempest.lib.common.rest_client [req-66e5e0f2-38ab-4ae3-9a8a-14a9ae4fdf31 req-66e5e0f2-38ab-4ae3-9a8a-14a9ae4fdf31 ] Request (QuotasAdminTestV236:setUpClass): 201 POST http://10.180.1.21/identity/v3/auth/tokens 0.119s
2025-02-19 18:12:31.845 62968 INFO tempest.lib.common.rest_client [req-d419ae16-cf2b-443f-8a56-de0c2339eb4c req-d419ae16-cf2b-443f-8a56-de0c2339eb4c ] Request (FlavorsV261TestJSON:test_crud_flavor): 200 GET http://10.180.1.21/compute/v2.1/flavors/detail 0.703s
2025-02-19 18:12:31.867 62980 INFO tempest.lib.common.rest_client [req-2339f741-678e-422c-9f88-cd1d681db437 req-2339f741-678e-422c-9f88-cd1d681db437 ] Request (FlavorMetadataValidation:tearDownClass): 204 DELETE http://10.180.1.21/identity/v3/users/7db838ff05b0454d812fcd4550004758 0.217s
2025-02-19 18:12:31.867 62980 INFO tempest.lib.common.dynamic_creds [-] Deleting project and security group for project: bce37e299ec64da7b9fe8d8719adfeca
2025-02-19 18:12:31.869 62998 INFO tempest.lib.common.rest_client [req-5cb875fd-862d-4422-8636-e866e5589889 req-5cb875fd-862d-4422-8636-e866e5589889 ] Request (ImagesMetadataTestJSON:test_get_image_metadata_item): 200 GET http://10.180.1.21/compute/v2.1/images/37ec2916-b96e-4e5d-a587-c19a2fa6f9ae/metadata/os_distro 0.526s
2025-02-19 18:12:31.875 62962 INFO tempest.lib.common.rest_client [req-8edbcd9b-873e-4a4c-b34a-150c274410da req-8edbcd9b-873e-4a4c-b34a-150c274410da ] Request (VolumesAdminNegativeTest:setUpClass): 201 POST http://10.180.1.21:9696/networking/v2.0/subnets 0.171s
2025-02-19 18:12:31.881 62984 INFO tempest.lib.common.rest_client [req-581ae8c1-d8b5-4ee3-9a48-0808974aa7a4 req-581ae8c1-d8b5-4ee3-9a48-0808974aa7a4 ] Request (FlavorsAccessTestJSON:test_flavor_access_add_remove): 200 GET http://10.180.1.21/compute/v2.1/flavors/detail 0.533s
2025-02-19 18:12:31.901 62992 INFO tempest.lib.common.rest_client [req-e6a578de-67fb-4a24-be73-61ef08558549 req-e6a578de-67fb-4a24-be73-61ef08558549 ] Request (HypervisorAdminTestJSON:test_get_hypervisor_show_details): 200 GET http://10.180.1.21/compute/v2.1/os-hypervisors/1 0.533s
2025-02-19 18:12:31.921 62994 INFO tempest.lib.common.rest_client [req-98c43f45-1c7b-4b98-a4ee-a5f8772d0fa3 req-98c43f45-1c7b-4b98-a4ee-a5f8772d0fa3 ] Request (ServicesAdminNegativeTestJSON:test_get_service_by_invalid_service_and_valid_host): 200 GET http://10.180.1.21/compute/v2.1/os-services?host=devstack&binary=xxx 0.541s
2025-02-19 18:12:31.921 62979 INFO tempest.lib.common.rest_client [req-03d204d0-26b9-44e4-a534-992b8afbe9ee req-03d204d0-26b9-44e4-a534-992b8afbe9ee ] Request (ImagesNegativeTestJSON:setUpClass): 201 POST http://10.180.1.21/identity/v3/auth/tokens 0.143s
2025-02-19 18:12:31.934 62974 INFO tempest.lib.common.rest_client [req-0126d17b-f5e1-4a67-a801-f80e8aa532e3 req-0126d17b-f5e1-4a67-a801-f80e8aa532e3 ] Request (TenantUsagesNegativeTestJSON:tearDownClass): 204 DELETE http://10.180.1.21/identity/v3/users/2b30e6e596f240d29ded0d55a7da839e 0.174s
2025-02-19 18:12:31.942 62996 INFO tempest.lib.common.rest_client [req-db2c199b-4bd2-47d6-8205-e4553c15a9ed req-db2c199b-4bd2-47d6-8205-e4553c15a9ed ] Request (FlavorsExtraSpecsNegativeTestJSON:test_flavor_non_admin_unset_keys): 200 POST http://10.180.1.21/compute/v2.1/flavors/2038034956/os-extra_specs 0.560s
2025-02-19 18:12:31.970 62958 INFO tempest.lib.common.rest_client [req-77af231e-2e06-443a-8788-09f118983eb7 req-77af231e-2e06-443a-8788-09f118983eb7 ] Request (HypervisorAdminV253TestBase:tearDownClass): 200 GET http://10.180.1.21:9696/networking/v2.0/security-groups?tenant_id=efaa9bd36a1f410f82bfeb61894fc0b7&name=default 0.600s
2025-02-19 18:12:31.985 62982 INFO tempest.lib.common.rest_client [req-a20dda96-b10b-4747-a620-c096c26b52da req-a20dda96-b10b-4747-a620-c096c26b52da ] Request (QuotasAdminTestV236:setUpClass): 200 GET http://10.180.1.21/identity/v3/domains?name=Default 0.147s
2025-02-19 18:12:31.997 63004 INFO tempest.lib.common.rest_client [req-acf71cfd-55b1-4596-99ec-5a3fb0361942 req-acf71cfd-55b1-4596-99ec-5a3fb0361942 ] Request (ImagesDeleteNegativeTestJSON:tearDownClass): 204 DELETE http://10.180.1.21/identity/v3/users/3c4254aa1b59402fb42a00c1cbb70a6a 0.179s
2025-02-19 18:12:31.998 63004 INFO tempest.lib.common.dynamic_creds [-] Deleting project and security group for project: 6bc869ab5dee44609836f46a80d6164a
2025-02-19 18:12:32.035 62980 INFO tempest.lib.common.rest_client [req-40aa462a-2fd7-45a3-839d-1101db93f801 req-40aa462a-2fd7-45a3-839d-1101db93f801 ] Request (FlavorMetadataValidation:tearDownClass): 201 POST http://10.180.1.21/identity/v3/auth/tokens 0.167s
2025-02-19 18:12:32.087 62946 INFO tempest.lib.common.rest_client [req-043d9c10-216c-4d5d-bb2f-976f817ac54c req-043d9c10-216c-4d5d-bb2f-976f817ac54c ] Request (VolumesAssistedSnapshotsTest:test_volume_assisted_snapshot_create_delete): 200 GET http://10.180.1.21/volume/v3/volumes/c2114ec0-50ff-49a2-ad3e-ad01942079d9 0.039s
2025-02-19 18:12:32.093 62988 INFO tempest.lib.common.rest_client [req-a0e5ed52-af67-4133-b082-b80d24378242 req-a0e5ed52-af67-4133-b082-b80d24378242 ] Request (AZAdminV2TestJSON:tearDownClass): 204 DELETE http://10.180.1.21:9696/networking/v2.0/security-groups/9c39990f-6e94-4366-a2b5-ac58ffd91404 0.358s
2025-02-19 18:12:32.101 62946 INFO tempest.common.waiters [-] volume c2114ec0-50ff-49a2-ad3e-ad01942079d9 reached available after waiting for 1.101799 seconds
2025-02-19 18:12:32.108 62976 INFO tempest.lib.common.rest_client [req-cbc4e7e7-38ec-48bd-bd4c-6901cf54f1ab req-cbc4e7e7-38ec-48bd-bd4c-6901cf54f1ab ] Request (HypervisorAdminNegativeTestJSON:test_get_hypervisor_uptime_with_non_admin_user): 200 GET http://10.180.1.21/compute/v2.1/os-hypervisors 0.751s
2025-02-19 18:12:32.117 62958 INFO tempest.lib.common.rest_client [req-65d353b0-fef4-468d-8f9a-979cee1fb0f9 req-65d353b0-fef4-468d-8f9a-979cee1fb0f9 ] Request (HypervisorAdminV253TestBase:tearDownClass): 204 DELETE http://10.180.1.21:9696/networking/v2.0/security-groups/33376739-603c-44ec-8d91-208bc4d07893 0.146s
2025-02-19 18:12:32.136 62982 INFO tempest.lib.common.rest_client [req-b590e8ff-9e10-40e7-8704-6866e12f5eb8 req-b590e8ff-9e10-40e7-8704-6866e12f5eb8 ] Request (QuotasAdminTestV236:setUpClass): 201 POST http://10.180.1.21/identity/v3/projects 0.149s
2025-02-19 18:12:32.138 62974 INFO tempest.lib.common.rest_client [req-bb7f8cb5-b1da-4fe2-a43e-7133e231b562 req-bb7f8cb5-b1da-4fe2-a43e-7133e231b562 ] Request (TenantUsagesNegativeTestJSON:tearDownClass): 204 DELETE http://10.180.1.21/identity/v3/users/5d6cad3baf5b4e8da0307c2551f77dbc 0.204s
2025-02-19 18:12:32.138 62974 INFO tempest.lib.common.dynamic_creds [-] Deleting project and security group for project: c0674509d5ff4b16b9a5a4a768cbc61c
2025-02-19 18:12:32.190 63004 INFO tempest.lib.common.rest_client [req-0b220266-33bc-4270-95e3-9afddbaa838c req-0b220266-33bc-4270-95e3-9afddbaa838c ] Request (ImagesDeleteNegativeTestJSON:tearDownClass): 201 POST http://10.180.1.21/identity/v3/auth/tokens 0.192s
2025-02-19 18:12:32.369 62988 INFO tempest.lib.common.rest_client [req-c63dd3a2-5c4a-43bb-b5ee-7a5340c634d7 req-c63dd3a2-5c4a-43bb-b5ee-7a5340c634d7 ] Request (AZAdminV2TestJSON:tearDownClass): 204 DELETE http://10.180.1.21/identity/v3/projects/8fa9994e205c44afaeabcfa98a7d3ecd 0.273s
2025-02-19 18:12:32.377 63002 INFO tempest.lib.common.rest_client [req-7ed03f45-1480-4289-9880-d37d0a6b1b4c req-7ed03f45-1480-4289-9880-d37d0a6b1b4c ] Request (FloatingIPsNegativeTestJSON:tearDownClass): 200 PUT http://10.180.1.21:9696/networking/v2.0/routers/9ca3a80c-0cf0-451e-b3d9-a93037a7f56f/remove_router_interface 1.441s
2025-02-19 18:12:32.427 62950 INFO tempest.lib.common.rest_client [req-60ee9157-74b6-46e3-8e79-d66e4cf17222 req-60ee9157-74b6-46e3-8e79-d66e4cf17222 ] Request (QuotasAdminTestJSON:test_delete_quota): 200 GET http://10.180.1.21/compute/v2.1/os-quota-sets/62c397fbdddc43c5b2e570dc14b34516 0.956s
2025-02-19 18:12:32.447 62964 INFO tempest.lib.common.rest_client [req-2cc01d69-f073-4c81-baf8-8ddeec9da5e6 req-2cc01d69-f073-4c81-baf8-8ddeec9da5e6 ] Request (KeyPairsV210TestJSON:test_admin_manage_keypairs_for_other_users): 200 GET http://10.180.1.21/compute/v2.1/os-keypairs?user_id=974b5368d0324b649e9f8bfe98e51c98 0.927s
2025-02-19 18:12:32.457 62980 INFO tempest.lib.common.rest_client [req-a5f33014-3019-45ef-bc8f-d80c34a4721d req-a5f33014-3019-45ef-bc8f-d80c34a4721d ] Request (FlavorMetadataValidation:tearDownClass): 200 GET http://10.180.1.21:9696/networking/v2.0/security-groups?tenant_id=bce37e299ec64da7b9fe8d8719adfeca&name=default 0.422s
2025-02-19 18:12:32.466 62942 INFO tempest.lib.common.rest_client [req-89cd4baf-3ad4-4c4e-ab7c-fed0ced96d0d req-89cd4baf-3ad4-4c4e-ab7c-fed0ced96d0d ] Request (HostsAdminTestJSON:test_list_hosts_with_zone): 200 GET http://10.180.1.21/compute/v2.1/os-hosts 0.925s
2025-02-19 18:12:32.479 62990 INFO tempest.lib.common.rest_client [req-4e8e7e70-561a-4178-88a2-39943e6006d8 req-4e8e7e70-561a-4178-88a2-39943e6006d8 ] Request (ServersWithSpecificFlavorTestJSON:test_verify_created_server_ephemeral_disk): 200 POST http://10.180.1.21/compute/v2.1/flavors 0.988s
2025-02-19 18:12:32.484 62982 INFO tempest.lib.common.rest_client [req-7d609756-36a4-4133-8638-a40dc50286ed req-7d609756-36a4-4133-8638-a40dc50286ed ] Request (QuotasAdminTestV236:setUpClass): 201 POST http://10.180.1.21/identity/v3/users 0.347s
2025-02-19 18:12:32.499 62973 INFO tempest.lib.common.rest_client [req-f49f4daf-b673-40f6-bf90-8deb5ffe9959 req-f49f4daf-b673-40f6-bf90-8deb5ffe9959 ] Request (AggregatesAdminNegativeTestJSON:test_aggregate_add_host_as_user): 200 POST http://10.180.1.21/compute/v2.1/os-aggregates 0.959s
2025-02-19 18:12:32.510 62958 INFO tempest.lib.common.rest_client [req-8cd3cfe4-751e-48aa-a22a-e6754ad55382 req-8cd3cfe4-751e-48aa-a22a-e6754ad55382 ] Request (HypervisorAdminV253TestBase:tearDownClass): 204 DELETE http://10.180.1.21/identity/v3/projects/efaa9bd36a1f410f82bfeb61894fc0b7 0.392s
2025-02-19 18:12:32.511 62958 INFO tempest.lib.common.dynamic_creds [-] Deleting project and security group for project: da76d371de644c5f966764b037e05d38
2025-02-19 18:12:32.515 62979 INFO tempest.lib.common.rest_client [req-1cd3f10a-a54f-4d41-95d2-f5b2b8c47ea6 req-1cd3f10a-a54f-4d41-95d2-f5b2b8c47ea6 ] Request (ImagesNegativeTestJSON:setUpClass): 201 POST http://10.180.1.21:9696/networking/v2.0/networks 0.593s
2025-02-19 18:12:32.527 62954 INFO tempest.lib.common.rest_client [req-377d1955-f5cf-4448-97b6-53fe1fbfca0d req-377d1955-f5cf-4448-97b6-53fe1fbfca0d ] Request (FlavorsAdminTestJSON:test_create_flavor_verify_entry_in_list_details): 200 GET http://10.180.1.21/compute/v2.1/flavors/detail 0.972s
2025-02-19 18:12:32.533 62952 INFO tempest.lib.common.rest_client [req-7020033d-69f7-4c3b-8894-6bbf2f94683c req-7020033d-69f7-4c3b-8894-6bbf2f94683c ] Request (HostsAdminNegativeTestJSON:test_show_host_detail_with_non_admin_user): 403 GET http://10.180.1.21/compute/v2.1/os-hosts/devstack 0.761s
2025-02-19 18:12:32.543 62974 INFO tempest.lib.common.rest_client [req-253ab93e-66ff-4466-89a4-96aaed0c5104 req-253ab93e-66ff-4466-89a4-96aaed0c5104 ] Request (TenantUsagesNegativeTestJSON:tearDownClass): 201 POST http://10.180.1.21/identity/v3/auth/tokens 0.404s
2025-02-19 18:12:32.570 62988 INFO tempest.lib.common.rest_client [req-6dc50c7e-7374-4bb1-97dc-f14fbb4f5935 req-6dc50c7e-7374-4bb1-97dc-f14fbb4f5935 ] Request (MigrationsAdminTest:setUpClass): 201 POST http://10.180.1.21/identity/v3/auth/tokens 0.200s
2025-02-19 18:12:32.594 62982 INFO tempest.lib.common.rest_client [req-a93ae816-67b8-477a-a847-e44b126cfe71 req-a93ae816-67b8-477a-a847-e44b126cfe71 ] Request (QuotasAdminTestV236:setUpClass): 200 GET http://10.180.1.21/identity/v3/roles 0.110s
2025-02-19 18:12:32.600 62966 INFO tempest.lib.common.rest_client [req-516464dc-72cb-4c8a-9e2d-3228942f7cff req-516464dc-72cb-4c8a-9e2d-3228942f7cff ] Request (DeleteServersAdminTestJSON:test_admin_delete_servers_of_others): 200 GET http://10.180.1.21/compute/v2.1/servers/7ec7dfba-8ad5-4192-9ff0-5d5967f2f70c 0.990s
2025-02-19 18:12:32.607 62986 INFO tempest.lib.common.rest_client [req-0721fec6-c778-43cd-8939-5b56f128c6d9 req-0721fec6-c778-43cd-8939-5b56f128c6d9 ] Request (HypervisorAdminNegativeUnderV252Test:test_show_servers_with_non_admin_user): 403 GET http://10.180.1.21/compute/v2.1/os-hypervisors/1/servers 0.804s
2025-02-19 18:12:32.638 62948 INFO tempest.lib.common.rest_client [req-68a24ad2-1261-480a-8e40-bac40c4cbbcd req-68a24ad2-1261-480a-8e40-bac40c4cbbcd ] Request (FlavorsV255TestJSON:test_crud_flavor): 200 GET http://10.180.1.21/compute/v2.1/flavors 0.797s
2025-02-19 18:12:32.664 62968 INFO tempest.lib.common.rest_client [req-bc24b514-8115-42ae-92c8-ab6cf504aaa9 req-bc24b514-8115-42ae-92c8-ab6cf504aaa9 ] Request (FlavorsV261TestJSON:test_crud_flavor): 200 GET http://10.180.1.21/compute/v2.1/flavors 0.812s
2025-02-19 18:12:32.681 62958 INFO tempest.lib.common.rest_client [req-0524b23c-bbf4-4f5f-9c2f-b58c032867d8 req-0524b23c-bbf4-4f5f-9c2f-b58c032867d8 ] Request (HypervisorAdminV253TestBase:tearDownClass): 200 GET http://10.180.1.21:9696/networking/v2.0/security-groups?tenant_id=da76d371de644c5f966764b037e05d38&name=default 0.170s
2025-02-19 18:12:32.688 62950 INFO tempest.lib.common.rest_client [req-84b6d227-d0ae-48a2-92b2-b23f66f004c6 req-84b6d227-d0ae-48a2-92b2-b23f66f004c6 ] Request (QuotasAdminTestJSON:_run_cleanups): 204 DELETE http://10.180.1.21/identity/v3/projects/62c397fbdddc43c5b2e570dc14b34516 0.258s
2025-02-19 18:12:32.750 62988 INFO tempest.lib.common.rest_client [req-39b157d7-4949-491c-8e44-7a218e0b20d6 req-39b157d7-4949-491c-8e44-7a218e0b20d6 ] Request (MigrationsAdminTest:setUpClass): 201 POST http://10.180.1.21/identity/v3/auth/tokens 0.178s
2025-02-19 18:12:32.770 62980 INFO tempest.lib.common.rest_client [req-5f79e4cf-a835-45aa-a9f6-b3422a22da2d req-5f79e4cf-a835-45aa-a9f6-b3422a22da2d ] Request (FlavorMetadataValidation:tearDownClass): 204 DELETE http://10.180.1.21:9696/networking/v2.0/security-groups/fcee55ff-21f6-41b4-a631-4098a7dc8728 0.312s
2025-02-19 18:12:32.786 62982 INFO tempest.lib.common.rest_client [req-4b6e7382-d1f4-444e-a0d2-ae6fab3ac9ec req-4b6e7382-d1f4-444e-a0d2-ae6fab3ac9ec ] Request (QuotasAdminTestV236:setUpClass): 204 PUT http://10.180.1.21/identity/v3/projects/5747cea77d31428290fc63d3422fc184/users/07e2a10d49f54c8d83b39d1e2ac9e993/roles/5909705e3d134ba9947f74584f419c10 0.191s
2025-02-19 18:12:32.787 62982 INFO tempest.lib.common.dynamic_creds [-] Dynamic test user 07e2a10d49f54c8d83b39d1e2ac9e993 is created with scope project and roles: ['member']
2025-02-19 18:12:32.788 62982 INFO tempest.lib.common.dynamic_creds [-] Acquired dynamic creds: credentials: Credentials: {'domain_id': 'default', 'domain_name': 'Default', 'username': 'tempest-QuotasAdminTestV236-1035995640-project-member', 'project_domain_id': 'default', 'project_domain_name': 'Default', 'project_id': '5747cea77d31428290fc63d3422fc184', 'project_name': 'tempest-QuotasAdminTestV236-1035995640', 'tenant_id': '5747cea77d31428290fc63d3422fc184', 'tenant_name': 'tempest-QuotasAdminTestV236-1035995640', 'user_domain_id': 'default', 'user_domain_name': 'Default', 'user_id': '07e2a10d49f54c8d83b39d1e2ac9e993', 'system': None}, Network: None, Subnet: None, Router: None
2025-02-19 18:12:32.788 62982 INFO tempest.lib.common.dynamic_creds [-] Created isolated network resources for: credentials: Credentials: {'domain_id': 'default', 'domain_name': 'Default', 'username': 'tempest-QuotasAdminTestV236-1035995640-project-member', 'project_domain_id': 'default', 'project_domain_name': 'Default', 'project_id': '5747cea77d31428290fc63d3422fc184', 'project_name': 'tempest-QuotasAdminTestV236-1035995640', 'tenant_id': '5747cea77d31428290fc63d3422fc184', 'tenant_name': 'tempest-QuotasAdminTestV236-1035995640', 'user_domain_id': 'default', 'user_domain_name': 'Default', 'user_id': '07e2a10d49f54c8d83b39d1e2ac9e993', 'system': None}, Network: None, Subnet: None, Router: None
2025-02-19 18:12:32.824 62998 INFO tempest.lib.common.rest_client [req-9ef09868-ba1d-4806-89a3-c4ee417ee405 req-9ef09868-ba1d-4806-89a3-c4ee417ee405 ] Request (ImagesMetadataTestJSON:setUp): 200 PUT http://10.180.1.21/compute/v2.1/images/37ec2916-b96e-4e5d-a587-c19a2fa6f9ae/metadata 0.951s
2025-02-19 18:12:32.855 62984 INFO tempest.lib.common.rest_client [req-66dcc3e7-cdb7-4a1a-ab12-0257e3c0429b req-66dcc3e7-cdb7-4a1a-ab12-0257e3c0429b ] Request (FlavorsAccessTestJSON:_run_cleanups): 202 DELETE http://10.180.1.21/compute/v2.1/flavors/240257540 0.967s
2025-02-19 18:12:32.876 62992 INFO tempest.lib.common.rest_client [req-39677aa8-0af5-4aa4-944c-7ed808ad7322 req-39677aa8-0af5-4aa4-944c-7ed808ad7322 ] Request (HypervisorAdminTestJSON:test_get_hypervisor_stats): 200 GET http://10.180.1.21/compute/v2.1/os-hypervisors/statistics 0.968s
2025-02-19 18:12:32.909 62994 INFO tempest.lib.common.rest_client [req-cf14557e-1d7a-4cdd-ac7a-28aa7a9ab2c4 req-cf14557e-1d7a-4cdd-ac7a-28aa7a9ab2c4 ] Request (ServicesAdminNegativeTestJSON:test_get_service_with_valid_service_and_invalid_host): 200 GET http://10.180.1.21/compute/v2.1/os-services 0.986s
2025-02-19 18:12:32.915 63004 INFO tempest.lib.common.rest_client [req-ec1e7afa-44f8-458f-95f5-f5951aee9e97 req-ec1e7afa-44f8-458f-95f5-f5951aee9e97 ] Request (ImagesDeleteNegativeTestJSON:tearDownClass): 200 GET http://10.180.1.21:9696/networking/v2.0/security-groups?tenant_id=6bc869ab5dee44609836f46a80d6164a&name=default 0.725s
2025-02-19 18:12:32.920 62996 INFO tempest.lib.common.rest_client [req-c9aaf2f7-c563-404c-9a4e-bcc9e3263c03 req-c9aaf2f7-c563-404c-9a4e-bcc9e3263c03 ] Request (FlavorsExtraSpecsNegativeTestJSON:test_flavor_non_admin_unset_keys): 403 DELETE http://10.180.1.21/compute/v2.1/flavors/2038034956/os-extra_specs/hw:numa_nodes 0.976s
2025-02-19 18:12:32.941 62970 INFO tempest.lib.common.rest_client [req-a2ff5bba-41a2-4f88-97d8-d9b62bc34cbc req-a2ff5bba-41a2-4f88-97d8-d9b62bc34cbc ] Request (FlavorsAccessNegativeTestJSON:_run_cleanups): 200 POST http://10.180.1.21/compute/v2.1/flavors/1525379264/action 1.147s
2025-02-19 18:12:32.943 63000 INFO tempest.lib.common.rest_client [req-5c6cc253-3545-44b9-adf0-11a39136635a req-5c6cc253-3545-44b9-adf0-11a39136635a ] Request (QuotasAdminTestV257:test_get_updated_quotas): 200 GET http://10.180.1.21/identity/v3/domains?name=Default 0.251s
2025-02-19 18:12:32.973 62988 INFO tempest.lib.common.rest_client [req-1ce8d69f-5b9b-430f-ad0d-bcfdea957778 req-1ce8d69f-5b9b-430f-ad0d-bcfdea957778 ] Request (MigrationsAdminTest:setUpClass): 200 GET http://10.180.1.21/identity/v3/domains?name=Default 0.222s
2025-02-19 18:12:32.981 62958 INFO tempest.lib.common.rest_client [req-b7c4ec96-a04d-4069-a0d3-ab0b17c75843 req-b7c4ec96-a04d-4069-a0d3-ab0b17c75843 ] Request (HypervisorAdminV253TestBase:tearDownClass): 204 DELETE http://10.180.1.21:9696/networking/v2.0/security-groups/b5eea03f-c3f9-43bc-abd9-6a5618848a4f 0.299s
2025-02-19 18:12:33.008 63002 INFO tempest.lib.common.rest_client [req-518824e3-42ad-44c7-9341-d0ce38f74fff req-518824e3-42ad-44c7-9341-d0ce38f74fff ] Request (FloatingIPsNegativeTestJSON:tearDownClass): 204 DELETE http://10.180.1.21:9696/networking/v2.0/routers/9ca3a80c-0cf0-451e-b3d9-a93037a7f56f 0.630s
2025-02-19 18:12:33.011 62960 INFO tempest.lib.common.rest_client [req-3a056a49-d3e4-4db6-b732-6866624de9bd req-3a056a49-d3e4-4db6-b732-6866624de9bd ] Request (ServerExternalEventsTest:test_create_server_external_events): 200 GET http://10.180.1.21/compute/v2.1/servers/162981df-6203-402e-8443-757c301b577e 0.988s
2025-02-19 18:12:33.018 62976 INFO tempest.lib.common.rest_client [req-4a3f37e1-2f3f-45b0-8f62-aeb41e7d3701 req-4a3f37e1-2f3f-45b0-8f62-aeb41e7d3701 ] Request (HypervisorAdminNegativeTestJSON:test_get_hypervisor_uptime_with_non_admin_user): 403 GET http://10.180.1.21/compute/v2.1/os-hypervisors/1/uptime 0.908s
2025-02-19 18:12:33.037 62964 INFO tempest.lib.common.rest_client [req-0314820c-f902-4149-b9f2-354a3cbeea75 req-0314820c-f902-4149-b9f2-354a3cbeea75 ] Request (KeyPairsV210TestJSON:_run_cleanups): 204 DELETE http://10.180.1.21/compute/v2.1/os-keypairs/tempest-KeyPairsV210TestJSON-keypair-1580484442 0.587s
2025-02-19 18:12:33.044 62974 INFO tempest.lib.common.rest_client [req-783c85b7-ea7b-43bc-966b-91906c0356f4 req-783c85b7-ea7b-43bc-966b-91906c0356f4 ] Request (TenantUsagesNegativeTestJSON:tearDownClass): 200 GET http://10.180.1.21:9696/networking/v2.0/security-groups?tenant_id=c0674509d5ff4b16b9a5a4a768cbc61c&name=default 0.501s
2025-02-19 18:12:33.057 62942 INFO tempest.lib.common.rest_client [req-5edb1a04-3b66-4e81-9040-e0fb13f7ed86 req-5edb1a04-3b66-4e81-9040-e0fb13f7ed86 ] Request (HostsAdminTestJSON:test_list_hosts_with_zone): 200 GET http://10.180.1.21/compute/v2.1/os-hosts?zone=internal 0.589s
2025-02-19 18:12:33.059 62980 INFO tempest.lib.common.rest_client [req-cb2a9770-7e3c-47a9-ad9a-10a1190a1331 req-cb2a9770-7e3c-47a9-ad9a-10a1190a1331 ] Request (FlavorMetadataValidation:tearDownClass): 204 DELETE http://10.180.1.21/identity/v3/projects/bce37e299ec64da7b9fe8d8719adfeca 0.289s
2025-02-19 18:12:33.059 62980 INFO tempest.lib.common.dynamic_creds [-] Deleting project and security group for project: abf43ac6ce4e4f93813e20e2da70169e
2025-02-19 18:12:33.072 62982 INFO tempest.lib.common.rest_client [req-a0c7b2a7-d2d9-4dc8-8f40-97e29465705e req-a0c7b2a7-d2d9-4dc8-8f40-97e29465705e ] Request (QuotasAdminTestV236:setUpClass): 201 POST http://10.180.1.21/identity/v3/auth/tokens 0.279s
2025-02-19 18:12:33.130 62944 INFO tempest.lib.common.rest_client [req-74b90695-f60a-4356-b851-36a5868dcbc6 req-74b90695-f60a-4356-b851-36a5868dcbc6 ] Request (TenantUsagesTestJSON:setUpClass): 200 GET http://10.180.1.21/compute/v2.1/servers/cad5fcef-7b15-4421-9d7a-6c0abcbc0ea2 0.655s
2025-02-19 18:12:33.141 62944 INFO tempest.common.waiters [-] State transition "BUILD/None" ==> "BUILD/block_device_mapping" after 4 second wait
2025-02-19 18:12:33.143 62990 INFO tempest.lib.common.rest_client [req-982505ca-da2b-477e-a780-ec0af1461e20 req-982505ca-da2b-477e-a780-ec0af1461e20 ] Request (ServersWithSpecificFlavorTestJSON:test_verify_created_server_ephemeral_disk): 200 GET http://10.180.1.21/compute/v2.1/flavors/42/os-extra_specs 0.661s
2025-02-19 18:12:33.151 62979 INFO tempest.lib.common.rest_client [req-db9858f7-0b6b-4c23-8b77-33b96145ccb8 req-db9858f7-0b6b-4c23-8b77-33b96145ccb8 ] Request (ImagesNegativeTestJSON:setUpClass): 201 POST http://10.180.1.21:9696/networking/v2.0/subnets 0.634s
2025-02-19 18:12:33.170 63004 INFO tempest.lib.common.rest_client [req-8b517550-58b1-46df-b71c-594006c470f5 req-8b517550-58b1-46df-b71c-594006c470f5 ] Request (ImagesDeleteNegativeTestJSON:tearDownClass): 204 DELETE http://10.180.1.21:9696/networking/v2.0/security-groups/c41f97e9-667d-4376-9784-9805e7786f7a 0.254s
2025-02-19 18:12:33.185 62992 INFO tempest.lib.common.rest_client [req-3e20e7e3-aea8-45b5-b9bb-197a4b550f50 req-3e20e7e3-aea8-45b5-b9bb-197a4b550f50 ] Request (HypervisorAdminTestJSON:tearDownClass): 204 DELETE http://10.180.1.21/identity/v3/users/61f71db10c234401b2a77e812dbd54ee 0.300s
2025-02-19 18:12:33.222 62946 INFO tempest.lib.common.rest_client [req-8c315d0f-411b-494b-bcba-e4f1f3a2b5c4 req-8c315d0f-411b-494b-bcba-e4f1f3a2b5c4 ] Request (VolumesAssistedSnapshotsTest:test_volume_assisted_snapshot_create_delete): 200 POST http://10.180.1.21/compute/v2.1/os-keypairs 1.119s
2025-02-19 18:12:33.242 62954 INFO tempest.lib.common.rest_client [req-fd979605-3296-4b58-a72f-d1b2bbabf299 req-fd979605-3296-4b58-a72f-d1b2bbabf299 ] Request (FlavorsAdminTestJSON:_run_cleanups): 202 DELETE http://10.180.1.21/compute/v2.1/flavors/1201159474 0.709s
2025-02-19 18:12:33.251 62952 INFO tempest.lib.common.rest_client [req-fa481c84-2d20-45a9-8fe3-98a6fdad9c58 req-fa481c84-2d20-45a9-8fe3-98a6fdad9c58 ] Request (HostsAdminNegativeTestJSON:test_show_host_detail_with_nonexistent_hostname): 404 GET http://10.180.1.21/compute/v2.1/os-hosts/nonexistent_hostname 0.713s
2025-02-19 18:12:33.260 62988 INFO tempest.lib.common.rest_client [req-4e1672c3-1b0e-4097-81b5-0ca06f603038 req-4e1672c3-1b0e-4097-81b5-0ca06f603038 ] Request (MigrationsAdminTest:setUpClass): 201 POST http://10.180.1.21/identity/v3/projects 0.286s
2025-02-19 18:12:33.272 62986 INFO tempest.lib.common.rest_client [req-4e1b8ea1-14b8-489a-b7db-66fb98ae2b02 req-4e1b8ea1-14b8-489a-b7db-66fb98ae2b02 ] Request (HypervisorAdminNegativeUnderV252Test:test_show_servers_with_nonexistent_hypervisor): 404 GET http://10.180.1.21/compute/v2.1/os-hypervisors/29fe2047-4990-4444-9cd4-ca25707efc60/servers 0.660s
2025-02-19 18:12:33.285 62974 INFO tempest.lib.common.rest_client [req-e3b7fcd3-8065-4a8d-8bb5-a5a84ea699be req-e3b7fcd3-8065-4a8d-8bb5-a5a84ea699be ] Request (TenantUsagesNegativeTestJSON:tearDownClass): 204 DELETE http://10.180.1.21:9696/networking/v2.0/security-groups/3cbfe1cf-b696-4b64-a394-f635583f726c 0.240s
2025-02-19 18:12:33.287 62948 INFO tempest.lib.common.rest_client [req-20c37a47-dacf-4d42-9733-a8ae2ab226aa req-20c37a47-dacf-4d42-9733-a8ae2ab226aa ] Request (FlavorsV255TestJSON:_run_cleanups): 202 DELETE http://10.180.1.21/compute/v2.1/flavors/947959486 0.642s
2025-02-19 18:12:33.287 63000 INFO tempest.lib.common.rest_client [req-dc9cc90f-5cf3-42fa-98d3-ace76f00b1de req-dc9cc90f-5cf3-42fa-98d3-ace76f00b1de ] Request (QuotasAdminTestV257:test_get_updated_quotas): 201 POST http://10.180.1.21/identity/v3/projects 0.343s
2025-02-19 18:12:33.296 62962 INFO tempest.lib.common.rest_client [req-0e79e484-a98c-4581-b949-a66120a6e60e req-0e79e484-a98c-4581-b949-a66120a6e60e ] Request (VolumesAdminNegativeTest:setUpClass): 201 POST http://10.180.1.21:9696/networking/v2.0/routers 1.421s
2025-02-19 18:12:33.301 63002 INFO tempest.lib.common.rest_client [req-61c65bdd-a725-4bfb-be95-fceda718a0f7 req-61c65bdd-a725-4bfb-be95-fceda718a0f7 ] Request (FloatingIPsNegativeTestJSON:tearDownClass): 204 DELETE http://10.180.1.21:9696/networking/v2.0/subnets/f2092efd-2045-4e6d-9fef-d8c3e9eb2fd5 0.293s
2025-02-19 18:12:33.306 62968 INFO tempest.lib.common.rest_client [req-d7d3ef17-134c-4f78-9cec-89c590c0ce36 req-d7d3ef17-134c-4f78-9cec-89c590c0ce36 ] Request (FlavorsV261TestJSON:_run_cleanups): 202 DELETE http://10.180.1.21/compute/v2.1/flavors/465251190 0.637s
2025-02-19 18:12:33.341 62998 INFO tempest.lib.common.rest_client [req-1f32ef73-4252-4c86-addd-b1e379bd18c5 req-1f32ef73-4252-4c86-addd-b1e379bd18c5 ] Request (ImagesMetadataTestJSON:test_list_image_metadata): 200 GET http://10.180.1.21/compute/v2.1/images/37ec2916-b96e-4e5d-a587-c19a2fa6f9ae/metadata 0.516s
2025-02-19 18:12:33.344 62980 INFO tempest.lib.common.rest_client [req-61768648-ae6d-431a-969e-6a4cbf48c0ad req-61768648-ae6d-431a-969e-6a4cbf48c0ad ] Request (FlavorMetadataValidation:tearDownClass): 200 GET http://10.180.1.21:9696/networking/v2.0/security-groups?tenant_id=abf43ac6ce4e4f93813e20e2da70169e&name=default 0.284s
2025-02-19 18:12:33.356 62982 INFO tempest.lib.common.rest_client [req-9406e568-7bfd-46d1-93ca-1e19ebd449f6 req-9406e568-7bfd-46d1-93ca-1e19ebd449f6 ] Request (QuotasAdminTestV236:setUpClass): 201 POST http://10.180.1.21/identity/v3/projects 0.283s
2025-02-19 18:12:33.367 62984 INFO tempest.lib.common.rest_client [req-ba66df91-0a15-4261-b619-cfe5847e4b05 req-ba66df91-0a15-4261-b619-cfe5847e4b05 ] Request (FlavorsAccessTestJSON:_run_cleanups): 200 GET http://10.180.1.21/compute/v2.1/flavors/detail 0.511s
2025-02-19 18:12:33.385 62994 INFO tempest.lib.common.rest_client [req-1b9ac726-d6f7-4481-8c0e-cb3299951245 req-1b9ac726-d6f7-4481-8c0e-cb3299951245 ] Request (ServicesAdminNegativeTestJSON:test_get_service_with_valid_service_and_invalid_host): 200 GET http://10.180.1.21/compute/v2.1/os-services?host=xxx&binary=nova-scheduler 0.474s
2025-02-19 18:12:33.405 62996 INFO tempest.lib.common.rest_client [req-b4166165-d21f-4c5a-87c1-dc9f33972f3b req-b4166165-d21f-4c5a-87c1-dc9f33972f3b ] Request (FlavorsExtraSpecsNegativeTestJSON:test_flavor_non_admin_update_specific_key): 200 POST http://10.180.1.21/compute/v2.1/flavors/2038034956/os-extra_specs 0.483s
2025-02-19 18:12:33.408 62958 INFO tempest.lib.common.rest_client [req-0930a16c-cd96-46bb-878c-f384195646ed req-0930a16c-cd96-46bb-878c-f384195646ed ] Request (HypervisorAdminV253TestBase:tearDownClass): 204 DELETE http://10.180.1.21/identity/v3/projects/da76d371de644c5f966764b037e05d38 0.426s
2025-02-19 18:12:33.422 62970 INFO tempest.lib.common.rest_client [req-7f24fb94-3eea-4ce5-bebf-0b644f229aa5 req-7f24fb94-3eea-4ce5-bebf-0b644f229aa5 ] Request (FlavorsAccessNegativeTestJSON:_run_cleanups): 202 DELETE http://10.180.1.21/compute/v2.1/flavors/1525379264 0.480s
2025-02-19 18:12:33.429 62976 INFO tempest.lib.common.rest_client [req-cbf9f1e6-97b6-45e0-b64a-e5ceb5ff1301 req-cbf9f1e6-97b6-45e0-b64a-e5ceb5ff1301 ] Request (HypervisorAdminNegativeTestJSON:test_get_nonexistent_hypervisor_uptime): 404 GET http://10.180.1.21/compute/v2.1/os-hypervisors/c7df4155-b2d6-440d-8f47-35e0c9f3f632/uptime 0.410s
2025-02-19 18:12:33.445 62964 INFO tempest.lib.common.rest_client [req-ef141cf0-a9c4-4378-b6ab-5f0da1814b47 req-ef141cf0-a9c4-4378-b6ab-5f0da1814b47 ] Request (KeyPairsV210TestJSON:_run_cleanups): 204 DELETE http://10.180.1.21/compute/v2.1/os-keypairs/tempest-keypair-1016512636?user_id=974b5368d0324b649e9f8bfe98e51c98 0.407s
2025-02-19 18:12:33.462 62942 INFO tempest.lib.common.rest_client [req-44f7ef4c-86e8-430a-bde2-b28ceb207cf5 req-44f7ef4c-86e8-430a-bde2-b28ceb207cf5 ] Request (HostsAdminTestJSON:test_show_host_detail): 200 GET http://10.180.1.21/compute/v2.1/os-hosts 0.403s
2025-02-19 18:12:33.481 62973 INFO tempest.lib.common.rest_client [req-6b3bdbc3-4b1e-4d2d-a286-42c7dcdee584 req-6b3bdbc3-4b1e-4d2d-a286-42c7dcdee584 ] Request (AggregatesAdminNegativeTestJSON:test_aggregate_add_host_as_user): 403 POST http://10.180.1.21/compute/v2.1/os-aggregates/2/action 0.980s
2025-02-19 18:12:33.483 62990 INFO tempest.lib.common.rest_client [req-a45b6104-c1d9-4a78-a104-5797afa14807 req-a45b6104-c1d9-4a78-a104-5797afa14807 ] Request (ServersWithSpecificFlavorTestJSON:test_verify_created_server_ephemeral_disk): 200 POST http://10.180.1.21/compute/v2.1/flavors/84019630/os-extra_specs 0.338s
2025-02-19 18:12:33.490 62952 INFO tempest.lib.common.rest_client [req-dda34028-478d-4602-8863-d88f585c9740 req-dda34028-478d-4602-8863-d88f585c9740 ] Request (HostsAdminNegativeTestJSON:test_shutdown_host_with_non_admin_user): 403 GET http://10.180.1.21/compute/v2.1/os-hosts/devstack/shutdown 0.237s
2025-02-19 18:12:33.504 62954 INFO tempest.lib.common.rest_client [req-d8841eb3-3572-4229-8917-fb142b128ce4 req-d8841eb3-3572-4229-8917-fb142b128ce4 ] Request (FlavorsAdminTestJSON:_run_cleanups): 200 GET http://10.180.1.21/compute/v2.1/flavors/detail 0.262s
2025-02-19 18:12:33.507 63004 INFO tempest.lib.common.rest_client [req-8f2e0c10-a2af-404c-a03d-97e0644e54b3 req-8f2e0c10-a2af-404c-a03d-97e0644e54b3 ] Request (ImagesDeleteNegativeTestJSON:tearDownClass): 204 DELETE http://10.180.1.21/identity/v3/projects/6bc869ab5dee44609836f46a80d6164a 0.337s
2025-02-19 18:12:33.521 62948 INFO tempest.lib.common.rest_client [req-71fb7532-cd24-417c-986b-a92eae48e598 req-71fb7532-cd24-417c-986b-a92eae48e598 ] Request (FlavorsV255TestJSON:_run_cleanups): 200 GET http://10.180.1.21/compute/v2.1/flavors/detail 0.234s
2025-02-19 18:12:33.529 62968 INFO tempest.lib.common.rest_client [req-75fef562-b38d-436f-a936-74b61065fd4c req-75fef562-b38d-436f-a936-74b61065fd4c ] Request (FlavorsV261TestJSON:_run_cleanups): 200 GET http://10.180.1.21/compute/v2.1/flavors/detail 0.222s
2025-02-19 18:12:33.540 62992 INFO tempest.lib.common.rest_client [req-cce89bfd-8a84-42cd-9b63-8977c8a20686 req-cce89bfd-8a84-42cd-9b63-8977c8a20686 ] Request (HypervisorAdminTestJSON:tearDownClass): 204 DELETE http://10.180.1.21/identity/v3/users/2a4b034f31a3409e8338f3a0b701a31b 0.355s
2025-02-19 18:12:33.540 62992 INFO tempest.lib.common.dynamic_creds [-] Deleting project and security group for project: c7870e66a8a347b8a04168592e4e6b7e
2025-02-19 18:12:33.555 62984 INFO tempest.lib.common.rest_client [req-c2f87081-2358-462b-8c80-2a23258f8fa8 req-c2f87081-2358-462b-8c80-2a23258f8fa8 ] Request (FlavorsAccessTestJSON:test_flavor_access_list_with_private_flavor): 200 POST http://10.180.1.21/compute/v2.1/flavors 0.177s
2025-02-19 18:12:33.599 62988 INFO tempest.lib.common.rest_client [req-07f75177-87c4-41a8-bba4-9b31932b5156 req-07f75177-87c4-41a8-bba4-9b31932b5156 ] Request (MigrationsAdminTest:setUpClass): 201 POST http://10.180.1.21/identity/v3/users 0.339s
2025-02-19 18:12:33.631 62986 INFO tempest.lib.common.rest_client [req-a701523f-2e10-47aa-90c8-15dbe2825667 req-a701523f-2e10-47aa-90c8-15dbe2825667 ] Request (HypervisorAdminNegativeUnderV252Test:tearDownClass): 204 DELETE http://10.180.1.21/identity/v3/users/b76983834e184e97b42d6c455d9174d0 0.358s
2025-02-19 18:12:33.644 62946 INFO tempest.lib.common.rest_client [req-ff31997e-4a6d-4ba8-83dd-4a78f413fd8e req-ff31997e-4a6d-4ba8-83dd-4a78f413fd8e ] Request (VolumesAssistedSnapshotsTest:test_volume_assisted_snapshot_create_delete): 201 POST http://10.180.1.21:9696/networking/v2.0/security-groups 0.421s
2025-02-19 18:12:33.681 62998 INFO tempest.lib.common.rest_client [req-5a12b935-a288-48b0-bb44-1fcbbed5950c req-5a12b935-a288-48b0-bb44-1fcbbed5950c ] Request (ImagesMetadataTestJSON:setUp): 200 PUT http://10.180.1.21/compute/v2.1/images/37ec2916-b96e-4e5d-a587-c19a2fa6f9ae/metadata 0.338s
2025-02-19 18:12:33.687 63000 INFO tempest.lib.common.rest_client [req-e266d141-d5d9-4a52-a986-73dac0128053 req-e266d141-d5d9-4a52-a986-73dac0128053 ] Request (QuotasAdminTestV257:test_get_updated_quotas): 200 GET http://10.180.1.21/identity/v3/domains?name=Default 0.399s
2025-02-19 18:12:33.688 62996 INFO tempest.lib.common.rest_client [req-e7f428a5-3b6a-4118-a319-b4a40a7a272a req-e7f428a5-3b6a-4118-a319-b4a40a7a272a ] Request (FlavorsExtraSpecsNegativeTestJSON:test_flavor_non_admin_update_specific_key): 403 PUT http://10.180.1.21/compute/v2.1/flavors/2038034956/os-extra_specs/hw:numa_nodes 0.282s
2025-02-19 18:12:33.714 62974 INFO tempest.lib.common.rest_client [req-045e7cf1-79e5-4b34-9a97-33e5c0e400bf req-045e7cf1-79e5-4b34-9a97-33e5c0e400bf ] Request (TenantUsagesNegativeTestJSON:tearDownClass): 204 DELETE http://10.180.1.21/identity/v3/projects/c0674509d5ff4b16b9a5a4a768cbc61c 0.428s
2025-02-19 18:12:33.714 62974 INFO tempest.lib.common.dynamic_creds [-] Deleting project and security group for project: 4f1da94b579346b38188b2dae5256816
2025-02-19 18:12:33.717 62970 INFO tempest.lib.common.rest_client [req-ac186b6b-f36d-401d-98f9-9d49b2a627c5 req-ac186b6b-f36d-401d-98f9-9d49b2a627c5 ] Request (FlavorsAccessNegativeTestJSON:_run_cleanups): 200 GET http://10.180.1.21/compute/v2.1/flavors/detail 0.294s
2025-02-19 18:12:33.739 62976 INFO tempest.lib.common.rest_client [req-44aefe4a-115b-494b-b863-01475a2f5f28 req-44aefe4a-115b-494b-b863-01475a2f5f28 ] Request (HypervisorAdminNegativeTestJSON:test_show_hypervisor_with_non_admin_user): 200 GET http://10.180.1.21/compute/v2.1/os-hypervisors 0.308s
2025-02-19 18:12:33.762 62964 INFO tempest.lib.common.rest_client [req-0d8a73e4-8b2a-4982-8c3d-0c56097177e8 req-0d8a73e4-8b2a-4982-8c3d-0c56097177e8 ] Request (KeyPairsV210TestJSON:_run_cleanups): 204 DELETE http://10.180.1.21/compute/v2.1/os-keypairs/tempest-keypair-1729259048?user_id=974b5368d0324b649e9f8bfe98e51c98 0.317s
2025-02-19 18:12:33.774 62958 INFO tempest.lib.common.rest_client [req-50e9d754-e53b-46bf-bd85-28f78fe4b40e req-50e9d754-e53b-46bf-bd85-28f78fe4b40e ] Request (ServerDiagnosticsNegativeTest:setUpClass): 201 POST http://10.180.1.21/identity/v3/auth/tokens 0.365s
2025-02-19 18:12:33.776 62980 INFO tempest.lib.common.rest_client [req-ffd35a96-cf10-4bb5-8a4d-e7965e6b356d req-ffd35a96-cf10-4bb5-8a4d-e7965e6b356d ] Request (FlavorMetadataValidation:tearDownClass): 204 DELETE http://10.180.1.21:9696/networking/v2.0/security-groups/1965d974-aaba-4d28-900e-9b541a9a8193 0.431s
2025-02-19 18:12:33.797 62982 INFO tempest.lib.common.rest_client [req-fe12c317-5d3f-4a27-b97f-8b8b7ff766ea req-fe12c317-5d3f-4a27-b97f-8b8b7ff766ea ] Request (QuotasAdminTestV236:setUpClass): 201 POST http://10.180.1.21/identity/v3/users 0.439s
2025-02-19 18:12:33.804 63004 INFO tempest.lib.common.rest_client [req-77192f84-6802-4ac0-85d5-aa3dea85eb6b req-77192f84-6802-4ac0-85d5-aa3dea85eb6b ] Request (ImagesOneServerNegativeTestJSON:setUpClass): 201 POST http://10.180.1.21/identity/v3/auth/tokens 0.295s
2025-02-19 18:12:33.810 62942 INFO tempest.lib.common.rest_client [req-cd8a3d14-e01a-48ca-8de4-fe3addaedea3 req-cd8a3d14-e01a-48ca-8de4-fe3addaedea3 ] Request (HostsAdminTestJSON:test_show_host_detail): 200 GET http://10.180.1.21/compute/v2.1/os-hosts/cpu-1 0.346s
2025-02-19 18:12:33.826 62992 INFO tempest.lib.common.rest_client [req-d8b467da-872f-4ba9-8985-3d1ed536288c req-d8b467da-872f-4ba9-8985-3d1ed536288c ] Request (HypervisorAdminTestJSON:tearDownClass): 201 POST http://10.180.1.21/identity/v3/auth/tokens 0.285s
2025-02-19 18:12:33.829 62973 INFO tempest.lib.common.rest_client [req-e0c8d210-6c04-439a-a662-c9102c000b0d req-e0c8d210-6c04-439a-a662-c9102c000b0d ] Request (AggregatesAdminNegativeTestJSON:_run_cleanups): 200 DELETE http://10.180.1.21/compute/v2.1/os-aggregates/2 0.347s
2025-02-19 18:12:33.843 62990 INFO tempest.lib.common.rest_client [req-6c64ebaf-9579-4ede-a348-5abc3be96828 req-6c64ebaf-9579-4ede-a348-5abc3be96828 ] Request (ServersWithSpecificFlavorTestJSON:test_verify_created_server_ephemeral_disk): 200 POST http://10.180.1.21/compute/v2.1/flavors 0.358s
2025-02-19 18:12:33.853 62952 INFO tempest.lib.common.rest_client [req-9db4698e-ff76-49a5-9288-7517a0592015 req-9db4698e-ff76-49a5-9288-7517a0592015 ] Request (HostsAdminNegativeTestJSON:test_shutdown_nonexistent_host): 404 GET http://10.180.1.21/compute/v2.1/os-hosts/nonexistent_hostname/shutdown 0.362s
2025-02-19 18:12:33.872 62954 INFO tempest.lib.common.rest_client [req-eaea172d-ab90-487b-83b5-c15f3115da65 req-eaea172d-ab90-487b-83b5-c15f3115da65 ] Request (FlavorsAdminTestJSON:test_create_flavor_with_int_id): 200 POST http://10.180.1.21/compute/v2.1/flavors 0.360s
2025-02-19 18:12:33.874 62948 INFO tempest.lib.common.rest_client [req-9617f73c-8fd6-42ca-93cd-0881031b320f req-9617f73c-8fd6-42ca-93cd-0881031b320f ] Request (FlavorsV255TestJSON:tearDownClass): 204 DELETE http://10.180.1.21/identity/v3/users/34aa62f23fa546419df06670af5a788c 0.339s
2025-02-19 18:12:33.881 62968 INFO tempest.lib.common.rest_client [req-baaca9d2-45ad-4674-b2e2-309e3eb9586a req-baaca9d2-45ad-4674-b2e2-309e3eb9586a ] Request (FlavorsV261TestJSON:tearDownClass): 204 DELETE http://10.180.1.21/identity/v3/users/3c2f90a255e9496fbafaeec7e199ce31 0.331s
2025-02-19 18:12:33.889 62984 INFO tempest.lib.common.rest_client [req-8cb44817-c31b-4345-bcf3-4004fa841d9c req-8cb44817-c31b-4345-bcf3-4004fa841d9c ] Request (FlavorsAccessTestJSON:test_flavor_access_list_with_private_flavor): 200 GET http://10.180.1.21/compute/v2.1/flavors/1338663864/os-flavor-access 0.329s
2025-02-19 18:12:33.890 62946 INFO tempest.lib.common.rest_client [req-63bef5b0-aa35-45d6-8c24-6b4727340590 req-63bef5b0-aa35-45d6-8c24-6b4727340590 ] Request (VolumesAssistedSnapshotsTest:test_volume_assisted_snapshot_create_delete): 201 POST http://10.180.1.21:9696/networking/v2.0/security-group-rules 0.244s
2025-02-19 18:12:33.935 62974 INFO tempest.lib.common.rest_client [req-e1e89bba-3155-4df1-88a0-78bb71b701dc req-e1e89bba-3155-4df1-88a0-78bb71b701dc ] Request (TenantUsagesNegativeTestJSON:tearDownClass): 200 GET http://10.180.1.21:9696/networking/v2.0/security-groups?tenant_id=4f1da94b579346b38188b2dae5256816&name=default 0.221s
2025-02-19 18:12:33.945 62988 INFO tempest.lib.common.rest_client [req-f8b7ab51-99bb-4e2a-876e-35100f06c733 req-f8b7ab51-99bb-4e2a-876e-35100f06c733 ] Request (MigrationsAdminTest:setUpClass): 200 GET http://10.180.1.21/identity/v3/roles 0.345s
2025-02-19 18:12:33.954 62966 INFO tempest.lib.common.rest_client [req-6652d2a0-5914-45f2-93b0-5afa85ba4bbc req-6652d2a0-5914-45f2-93b0-5afa85ba4bbc ] Request (DeleteServersAdminTestJSON:test_admin_delete_servers_of_others): 200 GET http://10.180.1.21/compute/v2.1/servers/7ec7dfba-8ad5-4192-9ff0-5d5967f2f70c 0.342s
