2025-03-07 15:45:33.688 68964 INFO tempest.lib.common.rest_client [req-aaada3ed-1b12-4888-81f9-58cb107cc05d req-aaada3ed-1b12-4888-81f9-58cb107cc05d ] Request (SecurityGroupsTestJSON:test_list_security_groups_by_server): 200 GET http://10.180.1.21/compute/v2.1/servers/64df3563-d078-4958-a2e9-527f7a10e77d 0.437s
2025-03-07 15:45:33.800 68972 INFO tempest.lib.common.rest_client [req-10e73562-1061-4a40-8e48-af72e9b71682 req-10e73562-1061-4a40-8e48-af72e9b71682 ] Request (ServerAddressesTestJSON:setUpClass): 201 POST http://10.180.1.21:9696/networking/v2.0/subnets 0.572s
2025-03-07 15:45:33.844 68985 INFO tempest.lib.common.rest_client [req-f2a9d252-53e8-4477-b55b-3062e8cc07ff req-f2a9d252-53e8-4477-b55b-3062e8cc07ff ] Request (ServerRescueNegativeTestJSON:setUpClass): 200 GET http://10.180.1.21/compute/v2.1/servers/7875a8e9-9518-4313-a4a8-ade3126c3ad3 0.589s
2025-03-07 15:45:33.905 68962 INFO tempest.lib.common.rest_client [req-39b05879-ace6-40b2-aec4-46f4c20ebc50 req-39b05879-ace6-40b2-aec4-46f4c20ebc50 ] Request (DeleteServersAdminTestJSON:test_delete_server_while_in_error_state): 200 GET http://10.180.1.21/compute/v2.1/servers/273f2827-62c0-46a1-9d39-a609cee78482 0.595s
2025-03-07 15:45:33.956 68990 INFO tempest.lib.common.rest_client [req-d6a28c83-6e22-42b8-9bb3-d9820aedf99d req-d6a28c83-6e22-42b8-9bb3-d9820aedf99d ] Request (ServersTestManualDisk:setUpClass): 200 GET http://10.180.1.21/compute/v2.1/servers/1ff31992-d8ca-425d-996d-c8d4c5283366 0.639s
2025-03-07 15:45:33.966 68958 INFO tempest.lib.common.rest_client [req-29019e1c-d5d7-46a5-85b7-7081ba6e976d req-29019e1c-d5d7-46a5-85b7-7081ba6e976d ] Request (ServersV294TestFqdnHostnames:setUpClass): 202 POST http://10.180.1.21/compute/v2.1/servers 0.894s
2025-03-07 15:45:33.979 68980 INFO tempest.lib.common.rest_client [req-64d042e1-8ccc-408c-9420-809ba936c46c req-64d042e1-8ccc-408c-9420-809ba936c46c ] Request (SecurityGroupsNegativeTestJSON:tearDownClass): 200 PUT http://10.180.1.21:9696/networking/v2.0/routers/2261ad5f-d2f8-4823-a68b-e6384e40a3ba/remove_router_interface 1.403s
2025-03-07 15:45:34.019 69019 INFO tempest.lib.common.rest_client [req-f47e6450-4553-4f43-9404-33fb1ed42e01 req-f47e6450-4553-4f43-9404-33fb1ed42e01 ] Request (ServerActionsTestOtherA:setUpClass): 200 PUT http://10.180.1.21:9696/networking/v2.0/routers/81e02ec2-3bcf-4d51-85a5-8b2d0c3c0730/add_router_interface 2.522s
2025-03-07 15:45:34.020 69019 INFO tempest.lib.common.dynamic_creds [-] Created isolated network resources for: credentials: Credentials: {'domain_id': 'default', 'domain_name': 'Default', 'username': 'tempest-ServerActionsTestOtherA-469652011-project-member', 'project_domain_id': 'default', 'project_domain_name': 'Default', 'project_id': 'bd779af9f7f643f8852b887caa90b744', 'project_name': 'tempest-ServerActionsTestOtherA-469652011', 'tenant_id': 'bd779af9f7f643f8852b887caa90b744', 'tenant_name': 'tempest-ServerActionsTestOtherA-469652011', 'user_domain_id': 'default', 'user_domain_name': 'Default', 'user_id': '8300708afb164c3fad43efca1a804db0', 'system': None}, Network: {'id': 'eca26a2e-0fd1-4b4a-85fc-73e3d29b5e11', 'name': 'tempest-ServerActionsTestOtherA-1019167928-network', 'tenant_id': 'bd779af9f7f643f8852b887caa90b744', 'admin_state_up': True, 'mtu': 8950, 'status': 'ACTIVE', 'subnets': [], 'shared': False, 'project_id': 'bd779af9f7f643f8852b887caa90b744', 'port_security_enabled': True, 'router:external': False, 'provider:network_type': 'vlan', 'provider:physical_network': 'default', 'provider:segmentation_id': 426, 'availability_zone_hints': [], 'availability_zones': [], 'ipv4_address_scope': None, 'ipv6_address_scope': None, 'description': '', 'tags': [], 'created_at': '2025-03-07T15:45:28Z', 'updated_at': '2025-03-07T15:45:28Z', 'revision_number': 1}, Subnet: {'id': '93dd9d57-8318-4014-a854-ad12e4cc18d3', 'name': 'tempest-ServerActionsTestOtherA-1019167928-subnet', 'tenant_id': 'bd779af9f7f643f8852b887caa90b744', 'network_id': 'eca26a2e-0fd1-4b4a-85fc-73e3d29b5e11', 'ip_version': 4, 'subnetpool_id': None, 'enable_dhcp': True, 'ipv6_ra_mode': None, 'ipv6_address_mode': None, 'gateway_ip': '192.168.128.1', 'cidr': '192.168.128.0/28', 'allocation_pools': [{'start': '192.168.128.2', 'end': '192.168.128.14'}], 'host_routes': [], 'dns_nameservers': [], 'description': '', 'router:external': False, 'service_types': [], 'tags': [], 'created_at': '2025-03-07T15:45:29Z', 'updated_at': '2025-03-07T15:45:29Z', 'revision_number': 0, 'project_id': 'bd779af9f7f643f8852b887caa90b744'}, Router: {'id': '81e02ec2-3bcf-4d51-85a5-8b2d0c3c0730', 'name': 'tempest-ServerActionsTestOtherA-1019167928-router', 'tenant_id': 'bd779af9f7f643f8852b887caa90b744', 'admin_state_up': True, 'status': 'ACTIVE', 'external_gateway_info': {'network_id': 'a5a1c514-170f-4197-b856-a178fca9ab85', 'external_fixed_ips': [{'subnet_id': '404f811d-3cc4-48b3-bc16-8cd21c914d3a', 'ip_address': '10.180.180.163'}], 'enable_snat': True}, 'description': '', 'availability_zones': [], 'distributed': False, 'ha': False, 'availability_zone_hints': [], 'routes': [], 'flavor_id': None, 'tags': [], 'created_at': '2025-03-07T15:45:29Z', 'updated_at': '2025-03-07T15:45:30Z', 'revision_number': 2, 'project_id': 'bd779af9f7f643f8852b887caa90b744'}
2025-03-07 15:45:34.051 69020 INFO tempest.lib.common.rest_client [req-4aed22d5-f9f2-4624-9361-23e6339ed706 req-4aed22d5-f9f2-4624-9361-23e6339ed706 ] Request (ImagesOneServerTestJSON:setUpClass): 200 GET http://10.180.1.21/compute/v2.1/servers/f6db9f4b-f133-4c8a-8225-35535a715a80 0.509s
2025-03-07 15:45:34.165 69019 INFO tempest.lib.common.rest_client [req-65be2f33-c004-4d68-9d2e-47ffffc97c5e req-65be2f33-c004-4d68-9d2e-47ffffc97c5e ] Request (ServerActionsTestOtherA:setUpClass): 201 POST http://10.180.1.21/identity/v3/auth/tokens 0.141s
2025-03-07 15:45:34.217 68976 INFO tempest.lib.common.rest_client [req-f1ab7a6f-7aa3-4c98-9cbc-bf2a62af0723 req-f1ab7a6f-7aa3-4c98-9cbc-bf2a62af0723 ] Request (ListServerFiltersTestJSON:test_list_servers_filter_by_shutoff_status): 200 GET http://10.180.1.21/compute/v2.1/servers/2f545107-51ef-4da6-9bf5-d39b4918d3d9 0.410s
2025-03-07 15:45:34.231 69012 INFO tempest.lib.common.rest_client [req-4fb4d69d-1dec-4b8d-8917-e11383ffc0ee req-4fb4d69d-1dec-4b8d-8917-e11383ffc0ee ] Request (MigrationsAdminTest:test_list_migrations_in_flavor_resize_situation): 200 GET http://10.180.1.21/compute/v2.1/servers/5291932b-4bd7-48f5-a6e1-c69f4912a590 0.409s
2025-03-07 15:45:34.298 69006 INFO tempest.lib.common.rest_client [req-849bf334-ee49-42d8-a474-5ef66eeb1b2c req-849bf334-ee49-42d8-a474-5ef66eeb1b2c ] Request (ImagesTestJSON:test_create_image_from_suspended_server): 200 GET http://10.180.1.21/compute/v2.1/servers/75a6423a-0e3e-4d79-858d-01af450513dd 0.412s
2025-03-07 15:45:34.300 68998 INFO tempest.lib.common.rest_client [req-10e3a3d3-4203-4e2b-b6c7-bc11e297eacf req-10e3a3d3-4203-4e2b-b6c7-bc11e297eacf ] Request (ServerActionsTestOtherB:setUpClass): 200 GET http://10.180.1.21/compute/v2.1/servers/7edda435-0f02-4a60-9b85-5bb8700f647f 0.402s
2025-03-07 15:45:34.355 68958 INFO tempest.lib.common.rest_client [req-71d97f24-18f6-4591-aed7-c1bc8fc4d81e req-71d97f24-18f6-4591-aed7-c1bc8fc4d81e ] Request (ServersV294TestFqdnHostnames:setUpClass): 200 GET http://10.180.1.21/compute/v2.1/servers/24b77c0c-2889-46c4-aa3d-5816e11cea7e 0.387s
2025-03-07 15:45:34.364 69000 INFO tempest.lib.common.rest_client [req-f76580ce-bb73-4075-befa-fb6c07d3dcaa req-f76580ce-bb73-4075-befa-fb6c07d3dcaa ] Request (AttachVolumeNegativeTest:test_attach_attached_volume_to_different_server): 200 GET http://10.180.1.21/compute/v2.1/servers/77ef840a-2216-4f7d-a598-421505eedd5e 0.380s
2025-03-07 15:45:34.378 68988 WARNING tempest.lib.common.ssh [-] Failed to establish authenticated ssh connection to cirros@10.180.180.155 ([Errno None] Unable to connect to port 22 on 10.180.180.155). Number attempts: 4. Retry after 5 seconds.: paramiko.ssh_exception.NoValidConnectionsError: [Errno None] Unable to connect to port 22 on 10.180.180.155
2025-03-07 15:45:34.419 68978 INFO tempest.lib.common.rest_client [req-dfa3520a-4ba4-4aa0-8c98-1a53c3bfd51e req-dfa3520a-4ba4-4aa0-8c98-1a53c3bfd51e ] Request (FloatingIPsAssociationTestJSON:test_associate_already_associated_floating_ip): 200 GET http://10.180.1.21/compute/v2.1/servers/e506d465-896d-4493-9e6b-398f3f08048b 0.433s
2025-03-07 15:45:34.431 69016 INFO tempest.lib.common.rest_client [req-8e3e600f-1af1-4deb-a01a-7a674ac7c09c req-8e3e600f-1af1-4deb-a01a-7a674ac7c09c ] Request (ListServersNegativeTestJSON:setUpClass): 200 GET http://10.180.1.21/compute/v2.1/servers/17c3e88e-73ca-4255-bc84-c54e1d732b6d 0.316s
2025-03-07 15:45:34.484 68960 INFO tempest.lib.common.rest_client [req-12050397-890b-46b4-b4be-5ad8075ddbf9 req-12050397-890b-46b4-b4be-5ad8075ddbf9 ] Request (AttachInterfacesV270Test:tearDownClass): 200 GET http://10.180.1.21/compute/v2.1/servers/a9a56dcf-db58-415f-bcbc-edf447215938 0.335s
2025-03-07 15:45:34.504 69010 WARNING tempest.lib.common.ssh [-] Failed to establish authenticated ssh connection to cirros@10.180.180.200 ([Errno None] Unable to connect to port 22 on 10.180.180.200). Number attempts: 2. Retry after 3 seconds.: paramiko.ssh_exception.NoValidConnectionsError: [Errno None] Unable to connect to port 22 on 10.180.180.200
2025-03-07 15:45:34.548 68980 INFO tempest.lib.common.rest_client [req-13ede7fe-36b0-441b-9c68-d36b3197cb4e req-13ede7fe-36b0-441b-9c68-d36b3197cb4e ] Request (SecurityGroupsNegativeTestJSON:tearDownClass): 204 DELETE http://10.180.1.21:9696/networking/v2.0/routers/2261ad5f-d2f8-4823-a68b-e6384e40a3ba 0.568s
2025-03-07 15:45:34.563 69019 INFO tempest.lib.common.rest_client [req-205429a5-098c-4bc6-a82d-bdd2af2d229b req-205429a5-098c-4bc6-a82d-bdd2af2d229b ] Request (ServerActionsTestOtherA:setUpClass): 200 POST http://10.180.1.21/compute/v2.1/os-keypairs 0.396s
2025-03-07 15:45:34.567 68968 INFO tempest.lib.common.rest_client [req-1d0470d3-359c-47f0-9ed8-92821dc27860 req-1d0470d3-359c-47f0-9ed8-92821dc27860 ] Request (InstanceActionsNegativeTestJSON:setUpClass): 200 GET http://10.180.1.21/compute/v2.1/servers/4cf0b932-a3d1-4bba-90e3-3b03e52c5cb7 0.365s
2025-03-07 15:45:34.668 69002 INFO tempest.lib.common.rest_client [req-8c3b229e-2345-451e-943c-ff798f190230 req-8c3b229e-2345-451e-943c-ff798f190230 ] Request (FloatingIPsAssociationNegativeTestJSON:tearDownClass): 200 GET http://10.180.1.21/compute/v2.1/servers/fb9fd541-38e9-4ca5-a7b3-c6a06461c2da 0.442s
2025-03-07 15:45:34.672 69014 INFO tempest.lib.common.rest_client [req-dce61c3f-95e7-45d4-ad0b-28d446959262 req-dce61c3f-95e7-45d4-ad0b-28d446959262 ] Request (AttachInterfacesUnderV243Test:test_add_remove_fixed_ip): 200 GET http://10.180.1.21/compute/v2.1/servers/05b5792d-57a8-4e23-937d-37146f958a31 0.399s
2025-03-07 15:45:34.746 68992 INFO tempest.lib.common.rest_client [req-38ef28ef-81fd-4fa3-8b9c-2ae7848a9754 req-38ef28ef-81fd-4fa3-8b9c-2ae7848a9754 ] Request (ImagesNegativeTestJSON:test_create_image_from_deleted_server): 200 GET http://10.180.1.21/compute/v2.1/servers/e68039e4-6347-41cc-915b-5c9be6dca8b5 0.449s
2025-03-07 15:45:34.760 68982 INFO tempest.lib.common.rest_client [req-38653c4d-36e7-47e3-967e-cbe8339cf56c req-38653c4d-36e7-47e3-967e-cbe8339cf56c ] Request (ServersTestMultiNic:test_verify_duplicate_network_nics): 200 GET http://10.180.1.21/compute/v2.1/servers/6e7c1494-704f-4b7e-ba02-c3777ef4ffa7 0.395s
2025-03-07 15:45:34.761 68992 INFO tempest.common.waiters [-] State transition "BUILD/None" ==> "BUILD/networking" after 54 second wait
2025-03-07 15:45:34.766 68980 INFO tempest.lib.common.rest_client [req-fb568230-85df-409d-8374-47d2378c7be0 req-fb568230-85df-409d-8374-47d2378c7be0 ] Request (SecurityGroupsNegativeTestJSON:tearDownClass): 204 DELETE http://10.180.1.21:9696/networking/v2.0/subnets/c3ba8df2-c272-41aa-909e-2f81111b3bb2 0.215s
2025-03-07 15:45:34.779 69019 INFO tempest.lib.common.rest_client [req-d1c115a2-9a82-4915-99c7-683ded139d8e req-d1c115a2-9a82-4915-99c7-683ded139d8e ] Request (ServerActionsTestOtherA:setUpClass): 201 POST http://10.180.1.21:9696/networking/v2.0/security-groups 0.215s
2025-03-07 15:45:34.830 69008 INFO tempest.lib.common.rest_client [req-9b8d2abb-6fd3-4bd3-af8d-8451f9bc518d req-9b8d2abb-6fd3-4bd3-af8d-8451f9bc518d ] Request (ServersAdmin275Test:tearDownClass): 200 GET http://10.180.1.21/compute/v2.1/servers/301554a6-cb72-4b2d-bcaf-1c1cedbad5f8 0.465s
2025-03-07 15:45:34.843 69004 INFO tempest.lib.common.rest_client [req-29088191-d278-4f2c-a4f6-57eee7ec8b9b req-29088191-d278-4f2c-a4f6-57eee7ec8b9b ] Request (ServerShowV247Test:test_update_rebuild_list_server): 200 GET http://10.180.1.21/compute/v2.1/servers/80dce7e4-66e9-4a56-82d7-ceebfd78e23d 0.380s
2025-03-07 15:45:34.910 69019 INFO tempest.lib.common.rest_client [req-dca4f562-9427-4e42-a751-7d62f6406a26 req-dca4f562-9427-4e42-a751-7d62f6406a26 ] Request (ServerActionsTestOtherA:setUpClass): 201 POST http://10.180.1.21:9696/networking/v2.0/security-group-rules 0.130s
2025-03-07 15:45:34.919 68964 INFO tempest.lib.common.rest_client [req-d454c9f0-b8ed-410d-b2df-27a5c4264dde req-d454c9f0-b8ed-410d-b2df-27a5c4264dde ] Request (SecurityGroupsTestJSON:test_list_security_groups_by_server): 200 GET http://10.180.1.21/compute/v2.1/servers/64df3563-d078-4958-a2e9-527f7a10e77d 0.223s
2025-03-07 15:45:34.921 68972 INFO tempest.lib.common.rest_client [req-f775c29e-8496-4cdf-bf34-073d8a17e1c2 req-f775c29e-8496-4cdf-bf34-073d8a17e1c2 ] Request (ServerAddressesTestJSON:setUpClass): 201 POST http://10.180.1.21:9696/networking/v2.0/routers 1.120s
2025-03-07 15:45:34.997 68974 INFO tempest.lib.common.rest_client [req-f48480c9-a643-4460-802b-be5d57aa37fd req-f48480c9-a643-4460-802b-be5d57aa37fd ] Request (TenantUsagesTestJSON:setUpClass): 200 GET http://10.180.1.21/compute/v2.1/servers/e469c9c6-c965-49ba-9a09-fb27ced0b3d2 0.379s
2025-03-07 15:45:35.022 68980 INFO tempest.lib.common.rest_client [req-970f8b8a-77aa-4747-b3d0-37d9ce6bf2a3 req-970f8b8a-77aa-4747-b3d0-37d9ce6bf2a3 ] Request (SecurityGroupsNegativeTestJSON:tearDownClass): 204 DELETE http://10.180.1.21:9696/networking/v2.0/networks/7fcfe8e2-0a58-4aa3-b731-438fda1b2199 0.256s
2025-03-07 15:45:35.048 68985 INFO tempest.lib.common.rest_client [req-4df9c46a-a1a4-477f-9336-0d6042e851bd req-4df9c46a-a1a4-477f-9336-0d6042e851bd ] Request (ServerRescueNegativeTestJSON:setUpClass): 200 GET http://10.180.1.21/compute/v2.1/servers/7875a8e9-9518-4313-a4a8-ade3126c3ad3 0.191s
2025-03-07 15:45:35.062 68962 INFO tempest.lib.common.rest_client [req-dd0d12a9-e09d-4d47-964c-a144560b28aa req-dd0d12a9-e09d-4d47-964c-a144560b28aa ] Request (DeleteServersAdminTestJSON:test_delete_server_while_in_error_state): 200 GET http://10.180.1.21/compute/v2.1/servers/273f2827-62c0-46a1-9d39-a609cee78482 0.146s
2025-03-07 15:45:35.063 69019 INFO tempest.lib.common.rest_client [req-17199d1d-9d87-4aa1-95e6-7fc094d02f60 req-17199d1d-9d87-4aa1-95e6-7fc094d02f60 ] Request (ServerActionsTestOtherA:setUpClass): 201 POST http://10.180.1.21:9696/networking/v2.0/security-group-rules 0.152s
2025-03-07 15:45:35.108 68990 INFO tempest.lib.common.rest_client [req-ca62f579-6538-452a-a5a5-85523a42baed req-ca62f579-6538-452a-a5a5-85523a42baed ] Request (ServersTestManualDisk:setUpClass): 200 GET http://10.180.1.21/compute/v2.1/servers/1ff31992-d8ca-425d-996d-c8d4c5283366 0.139s
2025-03-07 15:45:35.134 68980 INFO tempest.lib.common.rest_client [req-6ab9d082-b708-42ff-ab19-048f79ac5f21 req-6ab9d082-b708-42ff-ab19-048f79ac5f21 ] Request (SecurityGroupsNegativeTestJSON:tearDownClass): 204 DELETE http://10.180.1.21/identity/v3/users/52707a462f104649b551f37a645fe1f2 0.111s
2025-03-07 15:45:35.134 68980 INFO tempest.lib.common.dynamic_creds [-] Deleting project and security group for project: 015883e6bb8b48eab9e5976201ecaea3
2025-03-07 15:45:35.164 69020 INFO tempest.lib.common.rest_client [req-a0d2b382-44bb-43cc-8b6c-4e8082a9402f req-a0d2b382-44bb-43cc-8b6c-4e8082a9402f ] Request (ImagesOneServerTestJSON:setUpClass): 200 GET http://10.180.1.21/compute/v2.1/servers/f6db9f4b-f133-4c8a-8225-35535a715a80 0.097s
2025-03-07 15:45:35.178 68980 INFO tempest.lib.common.rest_client [req-b01274b7-d90e-493c-b992-d080057f9f63 req-b01274b7-d90e-493c-b992-d080057f9f63 ] Request (SecurityGroupsNegativeTestJSON:tearDownClass): 200 GET http://10.180.1.21:9696/networking/v2.0/security-groups?tenant_id=015883e6bb8b48eab9e5976201ecaea3&name=default 0.043s
2025-03-07 15:45:35.388 68980 INFO tempest.lib.common.rest_client [req-270668f0-d440-4261-9af1-324c91ac7194 req-270668f0-d440-4261-9af1-324c91ac7194 ] Request (SecurityGroupsNegativeTestJSON:tearDownClass): 204 DELETE http://10.180.1.21:9696/networking/v2.0/security-groups/3b042e14-ca55-4d14-b1f0-c29705ad0a49 0.209s
2025-03-07 15:45:35.431 68976 INFO tempest.lib.common.rest_client [req-80a1902a-16df-4efd-9ddb-475e1ab52705 req-80a1902a-16df-4efd-9ddb-475e1ab52705 ] Request (ListServerFiltersTestJSON:test_list_servers_filter_by_shutoff_status): 200 GET http://10.180.1.21/compute/v2.1/servers/2f545107-51ef-4da6-9bf5-d39b4918d3d9 0.204s
2025-03-07 15:45:35.441 69012 INFO tempest.lib.common.rest_client [req-52ae786d-8b79-42db-9e64-e26a329bb546 req-52ae786d-8b79-42db-9e64-e26a329bb546 ] Request (MigrationsAdminTest:test_list_migrations_in_flavor_resize_situation): 200 GET http://10.180.1.21/compute/v2.1/servers/5291932b-4bd7-48f5-a6e1-c69f4912a590 0.195s
2025-03-07 15:45:35.452 69012 INFO tempest.common.waiters [-] State transition "RESIZE/resize_finish" ==> "VERIFY_RESIZE/None" after 45 second wait
2025-03-07 15:45:35.518 69006 INFO tempest.lib.common.rest_client [req-f213edeb-887e-475c-bb23-c71662d613ca req-f213edeb-887e-475c-bb23-c71662d613ca ] Request (ImagesTestJSON:test_create_image_from_suspended_server): 200 GET http://10.180.1.21/compute/v2.1/servers/75a6423a-0e3e-4d79-858d-01af450513dd 0.213s
2025-03-07 15:45:35.519 68998 INFO tempest.lib.common.rest_client [req-bf1507bb-30f6-4ed4-b8f5-b3ab9c76a552 req-bf1507bb-30f6-4ed4-b8f5-b3ab9c76a552 ] Request (ServerActionsTestOtherB:setUpClass): 200 GET http://10.180.1.21/compute/v2.1/servers/7edda435-0f02-4a60-9b85-5bb8700f647f 0.205s
2025-03-07 15:45:35.518 68980 INFO tempest.lib.common.rest_client [req-df8ad425-6ec2-43ab-a5e1-3dc378378a25 req-df8ad425-6ec2-43ab-a5e1-3dc378378a25 ] Request (SecurityGroupsNegativeTestJSON:tearDownClass): 204 DELETE http://10.180.1.21/identity/v3/projects/015883e6bb8b48eab9e5976201ecaea3 0.129s
2025-03-07 15:45:35.521 68980 INFO tempest.test [-] raised in ServerStableDeviceRescueTest.setUpClass. Invoking tearDownClass.
2025-03-07 15:45:35.612 69000 INFO tempest.lib.common.rest_client [req-7854c190-78e0-4d06-b8e9-e90212a3bf33 req-7854c190-78e0-4d06-b8e9-e90212a3bf33 ] Request (AttachVolumeNegativeTest:test_attach_attached_volume_to_different_server): 200 GET http://10.180.1.21/compute/v2.1/servers/77ef840a-2216-4f7d-a598-421505eedd5e 0.238s
2025-03-07 15:45:35.620 68958 INFO tempest.lib.common.rest_client [req-32e034a6-ea6e-4fc3-ba81-db6f55deb8b1 req-32e034a6-ea6e-4fc3-ba81-db6f55deb8b1 ] Request (ServersV294TestFqdnHostnames:setUpClass): 200 GET http://10.180.1.21/compute/v2.1/servers/24b77c0c-2889-46c4-aa3d-5816e11cea7e 0.248s
2025-03-07 15:45:35.625 68980 INFO tempest.lib.common.rest_client [req-e646eb13-09cd-4dc0-9e9c-ec17d893d1d9 req-e646eb13-09cd-4dc0-9e9c-ec17d893d1d9 ] Request (VolumesNegativeTest:setUpClass): 201 POST http://10.180.1.21/identity/v3/auth/tokens 0.099s
2025-03-07 15:45:35.668 68980 INFO tempest.lib.common.rest_client [req-57afbee3-251f-4350-a7fe-4120f417ff7c req-57afbee3-251f-4350-a7fe-4120f417ff7c ] Request (VolumesNegativeTest:setUpClass): 201 POST http://10.180.1.21/identity/v3/auth/tokens 0.034s
2025-03-07 15:45:35.698 68980 INFO tempest.lib.common.rest_client [req-d9de2099-c1ce-4f69-9d6b-e3d0fbb6617b req-d9de2099-c1ce-4f69-9d6b-e3d0fbb6617b ] Request (VolumesNegativeTest:setUpClass): 200 GET http://10.180.1.21/identity/v3/domains?name=Default 0.029s
2025-03-07 15:45:35.732 68980 INFO tempest.lib.common.rest_client [req-f60a25e5-fee9-462c-8bc9-66de54e28849 req-f60a25e5-fee9-462c-8bc9-66de54e28849 ] Request (VolumesNegativeTest:setUpClass): 201 POST http://10.180.1.21/identity/v3/projects 0.033s
2025-03-07 15:45:35.794 68980 INFO tempest.lib.common.rest_client [req-617287f0-472a-4e80-9cdd-9dffc47363ca req-617287f0-472a-4e80-9cdd-9dffc47363ca ] Request (VolumesNegativeTest:setUpClass): 201 POST http://10.180.1.21/identity/v3/users 0.061s
2025-03-07 15:45:35.817 68980 INFO tempest.lib.common.rest_client [req-c3d344a8-0cac-4b54-9de2-5ae5e7559eae req-c3d344a8-0cac-4b54-9de2-5ae5e7559eae ] Request (VolumesNegativeTest:setUpClass): 200 GET http://10.180.1.21/identity/v3/roles 0.022s
2025-03-07 15:45:35.850 68980 INFO tempest.lib.common.rest_client [req-c4237624-96cb-41c5-a3a2-609b6f3563e9 req-c4237624-96cb-41c5-a3a2-609b6f3563e9 ] Request (VolumesNegativeTest:setUpClass): 204 PUT http://10.180.1.21/identity/v3/projects/81589918acbd4c66a4de47865a7f40da/users/4b241a11235740a7b5180b653d70c49b/roles/f25abdcbda9142a1a6d00454e0a12b97 0.032s
2025-03-07 15:45:35.850 68980 INFO tempest.lib.common.dynamic_creds [-] Dynamic test user 4b241a11235740a7b5180b653d70c49b is created with scope project and roles: ['member']
2025-03-07 15:45:35.850 68980 INFO tempest.lib.common.dynamic_creds [-] Acquired dynamic creds: credentials: Credentials: {'domain_id': 'default', 'domain_name': 'Default', 'username': 'tempest-VolumesNegativeTest-937675716-project-member', 'project_domain_id': 'default', 'project_domain_name': 'Default', 'project_id': '81589918acbd4c66a4de47865a7f40da', 'project_name': 'tempest-VolumesNegativeTest-937675716', 'tenant_id': '81589918acbd4c66a4de47865a7f40da', 'tenant_name': 'tempest-VolumesNegativeTest-937675716', 'user_domain_id': 'default', 'user_domain_name': 'Default', 'user_id': '4b241a11235740a7b5180b653d70c49b', 'system': None}, Network: None, Subnet: None, Router: None
2025-03-07 15:45:35.850 68980 INFO tempest.lib.common.dynamic_creds [-] Created isolated network resources for: credentials: Credentials: {'domain_id': 'default', 'domain_name': 'Default', 'username': 'tempest-VolumesNegativeTest-937675716-project-member', 'project_domain_id': 'default', 'project_domain_name': 'Default', 'project_id': '81589918acbd4c66a4de47865a7f40da', 'project_name': 'tempest-VolumesNegativeTest-937675716', 'tenant_id': '81589918acbd4c66a4de47865a7f40da', 'tenant_name': 'tempest-VolumesNegativeTest-937675716', 'user_domain_id': 'default', 'user_domain_name': 'Default', 'user_id': '4b241a11235740a7b5180b653d70c49b', 'system': None}, Network: None, Subnet: None, Router: None
2025-03-07 15:45:35.913 69016 INFO tempest.lib.common.rest_client [req-300be7a6-6935-4b03-9a75-4fc2cba18cca req-300be7a6-6935-4b03-9a75-4fc2cba18cca ] Request (ListServersNegativeTestJSON:setUpClass): 200 GET http://10.180.1.21/compute/v2.1/servers/17c3e88e-73ca-4255-bc84-c54e1d732b6d 0.470s
2025-03-07 15:45:35.920 68978 INFO tempest.lib.common.rest_client [req-203a2cd7-cea3-4ecb-ac2a-444d9326c6c4 req-203a2cd7-cea3-4ecb-ac2a-444d9326c6c4 ] Request (FloatingIPsAssociationTestJSON:test_associate_already_associated_floating_ip): 200 GET http://10.180.1.21/compute/v2.1/servers/e506d465-896d-4493-9e6b-398f3f08048b 0.486s
2025-03-07 15:45:35.932 68980 INFO tempest.lib.common.rest_client [req-0e6b2f1e-64ab-4699-b917-44d76e8ddee9 req-0e6b2f1e-64ab-4699-b917-44d76e8ddee9 ] Request (VolumesNegativeTest:setUpClass): 201 POST http://10.180.1.21/identity/v3/auth/tokens 0.079s
2025-03-07 15:45:35.973 69019 INFO tempest.lib.common.rest_client [req-6b271261-c68f-4477-9328-1b25ff9e9a1f req-6b271261-c68f-4477-9328-1b25ff9e9a1f ] Request (ServerActionsTestOtherA:setUpClass): 201 POST http://10.180.1.21:9696/networking/v2.0/floatingips 0.910s
2025-03-07 15:45:35.984 69012 INFO tempest.lib.common.rest_client [req-e5036e49-31e8-43b4-8b4d-ea718a054e42 req-e5036e49-31e8-43b4-8b4d-ea718a054e42 ] Request (MigrationsAdminTest:test_list_migrations_in_flavor_resize_situation): 204 POST http://10.180.1.21/compute/v2.1/servers/5291932b-4bd7-48f5-a6e1-c69f4912a590/action 0.531s
2025-03-07 15:45:35.998 68960 INFO tempest.lib.common.rest_client [req-f329f79c-968e-4a14-9375-9a6bcd6ca19f req-f329f79c-968e-4a14-9375-9a6bcd6ca19f ] Request (AttachInterfacesV270Test:tearDownClass): 200 GET http://10.180.1.21/compute/v2.1/servers/a9a56dcf-db58-415f-bcbc-edf447215938 0.498s
2025-03-07 15:45:36.042 69019 INFO tempest.lib.common.rest_client [req-bb2e3f34-a4ac-4d9e-a34d-addcfbd34177 req-bb2e3f34-a4ac-4d9e-a34d-addcfbd34177 ] Request (ServerActionsTestOtherA:setUpClass): 201 POST http://10.180.1.21/identity/v3/auth/tokens 0.064s
2025-03-07 15:45:36.042 69019 INFO tempest.lib.common.fixed_network [-] (ServerActionsTestOtherA:setUpClass) Found network {'id': 'eca26a2e-0fd1-4b4a-85fc-73e3d29b5e11', 'name': 'tempest-ServerActionsTestOtherA-1019167928-network', 'tenant_id': 'bd779af9f7f643f8852b887caa90b744', 'admin_state_up': True, 'mtu': 8950, 'status': 'ACTIVE', 'subnets': [], 'shared': False, 'project_id': 'bd779af9f7f643f8852b887caa90b744', 'port_security_enabled': True, 'router:external': False, 'provider:network_type': 'vlan', 'provider:physical_network': 'default', 'provider:segmentation_id': 426, 'availability_zone_hints': [], 'availability_zones': [], 'ipv4_address_scope': None, 'ipv6_address_scope': None, 'description': '', 'tags': [], 'created_at': '2025-03-07T15:45:28Z', 'updated_at': '2025-03-07T15:45:28Z', 'revision_number': 1} available for tenant
2025-03-07 15:45:36.046 68968 INFO tempest.lib.common.rest_client [req-99180525-ef30-4b1a-ad30-5121acd1346e req-99180525-ef30-4b1a-ad30-5121acd1346e ] Request (InstanceActionsNegativeTestJSON:setUpClass): 200 GET http://10.180.1.21/compute/v2.1/servers/4cf0b932-a3d1-4bba-90e3-3b03e52c5cb7 0.469s
2025-03-07 15:45:36.057 69014 INFO tempest.lib.common.rest_client [req-a34a97ca-be24-494c-bcba-c2ae8ccbbcaf req-a34a97ca-be24-494c-bcba-c2ae8ccbbcaf ] Request (AttachInterfacesUnderV243Test:test_add_remove_fixed_ip): 200 GET http://10.180.1.21/compute/v2.1/servers/05b5792d-57a8-4e23-937d-37146f958a31 0.376s
2025-03-07 15:45:36.119 69002 INFO tempest.lib.common.rest_client [req-7fe941ff-daa7-4fc7-9786-3c781bf7f265 req-7fe941ff-daa7-4fc7-9786-3c781bf7f265 ] Request (FloatingIPsAssociationNegativeTestJSON:tearDownClass): 200 GET http://10.180.1.21/compute/v2.1/servers/fb9fd541-38e9-4ca5-a7b3-c6a06461c2da 0.438s
2025-03-07 15:45:36.178 68982 INFO tempest.lib.common.rest_client [req-22297742-1ba4-4d8e-99dd-707824963cf8 req-22297742-1ba4-4d8e-99dd-707824963cf8 ] Request (ServersTestMultiNic:test_verify_duplicate_network_nics): 200 GET http://10.180.1.21/compute/v2.1/servers/6e7c1494-704f-4b7e-ba02-c3777ef4ffa7 0.406s
2025-03-07 15:45:36.197 68992 INFO tempest.lib.common.rest_client [req-073d37fd-158e-49be-b901-a0206be37bbe req-073d37fd-158e-49be-b901-a0206be37bbe ] Request (ImagesNegativeTestJSON:test_create_image_from_deleted_server): 200 GET http://10.180.1.21/compute/v2.1/servers/e68039e4-6347-41cc-915b-5c9be6dca8b5 0.434s
2025-03-07 15:45:36.205 68992 INFO tempest.common.waiters [-] State transition "BUILD/networking" ==> "BUILD/spawning" after 56 second wait
2025-03-07 15:45:36.236 69008 INFO tempest.lib.common.rest_client [req-6a66648c-b412-4d68-8f2a-29058297429d req-6a66648c-b412-4d68-8f2a-29058297429d ] Request (ServersAdmin275Test:tearDownClass): 200 GET http://10.180.1.21/compute/v2.1/servers/301554a6-cb72-4b2d-bcaf-1c1cedbad5f8 0.388s
2025-03-07 15:45:36.249 69004 INFO tempest.lib.common.rest_client [req-428d1274-c287-41e5-9767-be9f9c4c8791 req-428d1274-c287-41e5-9767-be9f9c4c8791 ] Request (ServerShowV247Test:test_update_rebuild_list_server): 200 GET http://10.180.1.21/compute/v2.1/servers/80dce7e4-66e9-4a56-82d7-ceebfd78e23d 0.392s
2025-03-07 15:45:36.281 68964 INFO tempest.lib.common.rest_client [req-2ca47a90-7eff-4c7d-a659-1bf195742b7a req-2ca47a90-7eff-4c7d-a659-1bf195742b7a ] Request (SecurityGroupsTestJSON:test_list_security_groups_by_server): 200 GET http://10.180.1.21/compute/v2.1/servers/64df3563-d078-4958-a2e9-527f7a10e77d 0.350s
2025-03-07 15:45:36.318 68980 INFO tempest.lib.common.rest_client [req-5d5deb93-cd6f-4940-8460-24e8391b8edd req-5d5deb93-cd6f-4940-8460-24e8391b8edd ] Request (VolumesNegativeTest:test_create_volume_with_invalid_size): 400 POST http://10.180.1.21/compute/v2.1/os-volumes 0.382s
2025-03-07 15:45:36.397 69012 INFO tempest.lib.common.rest_client [req-ceec0809-6bc9-4db2-a69c-a37d0fd52644 req-ceec0809-6bc9-4db2-a69c-a37d0fd52644 ] Request (MigrationsAdminTest:test_list_migrations_in_flavor_resize_situation): 200 GET http://10.180.1.21/compute/v2.1/servers/5291932b-4bd7-48f5-a6e1-c69f4912a590 0.412s
2025-03-07 15:45:36.439 68974 INFO tempest.lib.common.rest_client [req-1fdffec9-db41-4382-8f3d-fcee8336bd60 req-1fdffec9-db41-4382-8f3d-fcee8336bd60 ] Request (TenantUsagesTestJSON:setUpClass): 200 GET http://10.180.1.21/compute/v2.1/servers/e469c9c6-c965-49ba-9a09-fb27ced0b3d2 0.434s
2025-03-07 15:45:36.644 68985 INFO tempest.lib.common.rest_client [req-5b15565f-ff55-4ad6-9457-18a59d5185bf req-5b15565f-ff55-4ad6-9457-18a59d5185bf ] Request (ServerRescueNegativeTestJSON:setUpClass): 200 GET http://10.180.1.21/compute/v2.1/servers/7875a8e9-9518-4313-a4a8-ade3126c3ad3 0.586s
2025-03-07 15:45:36.701 68972 INFO tempest.lib.common.rest_client [req-9059dedb-43b3-4c8b-8d8c-4ca3bb386378 req-9059dedb-43b3-4c8b-8d8c-4ca3bb386378 ] Request (ServerAddressesTestJSON:setUpClass): 200 PUT http://10.180.1.21:9696/networking/v2.0/routers/eae26612-0b22-4951-a152-9316e9028658/add_router_interface 1.780s
2025-03-07 15:45:36.701 68972 INFO tempest.lib.common.dynamic_creds [-] Created isolated network resources for: credentials: Credentials: {'domain_id': 'default', 'domain_name': 'Default', 'username': 'tempest-ServerAddressesTestJSON-1067943619-project-member', 'project_domain_id': 'default', 'project_domain_name': 'Default', 'project_id': '55f84890d5cc4f01aea3b47ef3b6f871', 'project_name': 'tempest-ServerAddressesTestJSON-1067943619', 'tenant_id': '55f84890d5cc4f01aea3b47ef3b6f871', 'tenant_name': 'tempest-ServerAddressesTestJSON-1067943619', 'user_domain_id': 'default', 'user_domain_name': 'Default', 'user_id': 'ff20b7a7396642d3bb4b11a893a2edbf', 'system': None}, Network: {'id': 'f7ccc47c-1035-4496-b4c7-53a17767ab07', 'name': 'tempest-ServerAddressesTestJSON-2112064579-network', 'tenant_id': '55f84890d5cc4f01aea3b47ef3b6f871', 'admin_state_up': True, 'mtu': 8950, 'status': 'ACTIVE', 'subnets': [], 'shared': False, 'project_id': '55f84890d5cc4f01aea3b47ef3b6f871', 'port_security_enabled': True, 'router:external': False, 'provider:network_type': 'vlan', 'provider:physical_network': 'default', 'provider:segmentation_id': 196, 'availability_zone_hints': [], 'availability_zones': [], 'ipv4_address_scope': None, 'ipv6_address_scope': None, 'description': '', 'tags': [], 'created_at': '2025-03-07T15:45:33Z', 'updated_at': '2025-03-07T15:45:33Z', 'revision_number': 1}, Subnet: {'id': 'ab736c0c-e24c-4569-8146-4585b00ddc7a', 'name': 'tempest-ServerAddressesTestJSON-2112064579-subnet', 'tenant_id': '55f84890d5cc4f01aea3b47ef3b6f871', 'network_id': 'f7ccc47c-1035-4496-b4c7-53a17767ab07', 'ip_version': 4, 'subnetpool_id': None, 'enable_dhcp': True, 'ipv6_ra_mode': None, 'ipv6_address_mode': None, 'gateway_ip': '192.168.128.1', 'cidr': '192.168.128.0/28', 'allocation_pools': [{'start': '192.168.128.2', 'end': '192.168.128.14'}], 'host_routes': [], 'dns_nameservers': [], 'description': '', 'router:external': False, 'service_types': [], 'tags': [], 'created_at': '2025-03-07T15:45:33Z', 'updated_at': '2025-03-07T15:45:33Z', 'revision_number': 0, 'project_id': '55f84890d5cc4f01aea3b47ef3b6f871'}, Router: {'id': 'eae26612-0b22-4951-a152-9316e9028658', 'name': 'tempest-ServerAddressesTestJSON-2112064579-router', 'tenant_id': '55f84890d5cc4f01aea3b47ef3b6f871', 'admin_state_up': True, 'status': 'ACTIVE', 'external_gateway_info': {'network_id': 'a5a1c514-170f-4197-b856-a178fca9ab85', 'external_fixed_ips': [{'subnet_id': '404f811d-3cc4-48b3-bc16-8cd21c914d3a', 'ip_address': '10.180.180.253'}], 'enable_snat': True}, 'description': '', 'availability_zones': [], 'distributed': False, 'ha': False, 'availability_zone_hints': [], 'routes': [], 'flavor_id': None, 'tags': [], 'created_at': '2025-03-07T15:45:33Z', 'updated_at': '2025-03-07T15:45:34Z', 'revision_number': 2, 'project_id': '55f84890d5cc4f01aea3b47ef3b6f871'}
2025-03-07 15:45:36.727 68962 INFO tempest.lib.common.rest_client [req-09b0d196-475e-441e-8c41-6c1ba1e38d10 req-09b0d196-475e-441e-8c41-6c1ba1e38d10 ] Request (DeleteServersAdminTestJSON:test_delete_server_while_in_error_state): 200 GET http://10.180.1.21/compute/v2.1/servers/273f2827-62c0-46a1-9d39-a609cee78482 0.654s
2025-03-07 15:45:36.784 68990 INFO tempest.lib.common.rest_client [req-d61d1e05-99bd-4d0d-ab73-cba12224888b req-d61d1e05-99bd-4d0d-ab73-cba12224888b ] Request (ServersTestManualDisk:setUpClass): 200 GET http://10.180.1.21/compute/v2.1/servers/1ff31992-d8ca-425d-996d-c8d4c5283366 0.663s
2025-03-07 15:45:36.805 68972 INFO tempest.lib.common.rest_client [req-250aad4f-2013-4671-a471-e2cf75c1f104 req-250aad4f-2013-4671-a471-e2cf75c1f104 ] Request (ServerAddressesTestJSON:setUpClass): 201 POST http://10.180.1.21/identity/v3/auth/tokens 0.098s
2025-03-07 15:45:36.837 69020 INFO tempest.lib.common.rest_client [req-5f46e9c7-bc38-4f5c-98a6-5a01b235f64c req-5f46e9c7-bc38-4f5c-98a6-5a01b235f64c ] Request (ImagesOneServerTestJSON:setUpClass): 200 GET http://10.180.1.21/compute/v2.1/servers/f6db9f4b-f133-4c8a-8225-35535a715a80 0.661s
2025-03-07 15:45:36.842 68972 INFO tempest.lib.common.rest_client [req-3eeba092-3373-4812-9d2b-ff215beda6ae req-3eeba092-3373-4812-9d2b-ff215beda6ae ] Request (ServerAddressesTestJSON:setUpClass): 201 POST http://10.180.1.21/identity/v3/auth/tokens 0.034s
2025-03-07 15:45:36.843 68972 INFO tempest.lib.common.fixed_network [-] (ServerAddressesTestJSON:setUpClass) Found network {'id': 'f7ccc47c-1035-4496-b4c7-53a17767ab07', 'name': 'tempest-ServerAddressesTestJSON-2112064579-network', 'tenant_id': '55f84890d5cc4f01aea3b47ef3b6f871', 'admin_state_up': True, 'mtu': 8950, 'status': 'ACTIVE', 'subnets': [], 'shared': False, 'project_id': '55f84890d5cc4f01aea3b47ef3b6f871', 'port_security_enabled': True, 'router:external': False, 'provider:network_type': 'vlan', 'provider:physical_network': 'default', 'provider:segmentation_id': 196, 'availability_zone_hints': [], 'availability_zones': [], 'ipv4_address_scope': None, 'ipv6_address_scope': None, 'description': '', 'tags': [], 'created_at': '2025-03-07T15:45:33Z', 'updated_at': '2025-03-07T15:45:33Z', 'revision_number': 1} available for tenant
2025-03-07 15:45:36.845 68980 INFO tempest.lib.common.rest_client [req-cb68b3bf-41b6-4398-b4e1-c4fdec499ed4 req-cb68b3bf-41b6-4398-b4e1-c4fdec499ed4 ] Request (VolumesNegativeTest:test_create_volume_with_size_zero): 400 POST http://10.180.1.21/compute/v2.1/os-volumes 0.526s
2025-03-07 15:45:36.868 69019 INFO tempest.lib.common.rest_client [req-552d3f22-8c4b-473e-8579-49c83cd13e98 req-552d3f22-8c4b-473e-8579-49c83cd13e98 ] Request (ServerActionsTestOtherA:setUpClass): 202 POST http://10.180.1.21/compute/v2.1/servers 0.824s
2025-03-07 15:45:36.915 68998 INFO tempest.lib.common.rest_client [req-ad2d929e-d132-4989-aa2e-52da5e78a6c9 req-ad2d929e-d132-4989-aa2e-52da5e78a6c9 ] Request (ServerActionsTestOtherB:setUpClass): 200 GET http://10.180.1.21/compute/v2.1/servers/7edda435-0f02-4a60-9b85-5bb8700f647f 0.382s
2025-03-07 15:45:36.959 68976 INFO tempest.lib.common.rest_client [req-4f037ebe-d0cc-40b4-aa26-dad112cd57ec req-4f037ebe-d0cc-40b4-aa26-dad112cd57ec ] Request (ListServerFiltersTestJSON:test_list_servers_filter_by_shutoff_status): 200 GET http://10.180.1.21/compute/v2.1/servers/2f545107-51ef-4da6-9bf5-d39b4918d3d9 0.512s
2025-03-07 15:45:36.963 69006 INFO tempest.lib.common.rest_client [req-fafdc69e-1aec-4970-a9cd-f263cb296f68 req-fafdc69e-1aec-4970-a9cd-f263cb296f68 ] Request (ImagesTestJSON:test_create_image_from_suspended_server): 200 GET http://10.180.1.21/compute/v2.1/servers/75a6423a-0e3e-4d79-858d-01af450513dd 0.429s
2025-03-07 15:45:36.968 68976 INFO tempest.common.waiters [-] State transition "SHUTOFF/powering-on" ==> "ACTIVE/None" after 5 second wait
2025-03-07 15:45:37.010 69000 INFO tempest.lib.common.rest_client [req-3fb59a2d-34ec-4cb5-94ff-bae7dae28b3a req-3fb59a2d-34ec-4cb5-94ff-bae7dae28b3a ] Request (AttachVolumeNegativeTest:test_attach_attached_volume_to_different_server): 200 GET http://10.180.1.21/compute/v2.1/servers/77ef840a-2216-4f7d-a598-421505eedd5e 0.383s
2025-03-07 15:45:37.031 68958 INFO tempest.lib.common.rest_client [req-4ec12ef3-4634-4b82-9bbe-0d6193c53f15 req-4ec12ef3-4634-4b82-9bbe-0d6193c53f15 ] Request (ServersV294TestFqdnHostnames:setUpClass): 200 GET http://10.180.1.21/compute/v2.1/servers/24b77c0c-2889-46c4-aa3d-5816e11cea7e 0.387s
2025-03-07 15:45:37.040 68980 INFO tempest.lib.common.rest_client [req-8bd92cbf-7dbd-4aa9-a78c-90039932f755 req-8bd92cbf-7dbd-4aa9-a78c-90039932f755 ] Request (VolumesNegativeTest:test_create_volume_without_passing_size): 400 POST http://10.180.1.21/compute/v2.1/os-volumes 0.194s
2025-03-07 15:45:37.073 69019 INFO tempest.lib.common.rest_client [req-ddce4e2b-7a1c-473b-8ea2-1312763884ac req-ddce4e2b-7a1c-473b-8ea2-1312763884ac ] Request (ServerActionsTestOtherA:setUpClass): 200 GET http://10.180.1.21/compute/v2.1/servers/36a36399-1707-4621-b677-6d728936489d 0.203s
2025-03-07 15:45:37.126 69016 INFO tempest.lib.common.rest_client [req-af622a71-ffe4-4915-af08-0d8a0a11da11 req-af622a71-ffe4-4915-af08-0d8a0a11da11 ] Request (ListServersNegativeTestJSON:setUpClass): 200 GET http://10.180.1.21/compute/v2.1/servers/17c3e88e-73ca-4255-bc84-c54e1d732b6d 0.194s
2025-03-07 15:45:37.184 68978 INFO tempest.lib.common.rest_client [req-555c6b20-da78-44c4-a704-ce592222063d req-555c6b20-da78-44c4-a704-ce592222063d ] Request (FloatingIPsAssociationTestJSON:test_associate_already_associated_floating_ip): 200 GET http://10.180.1.21/compute/v2.1/servers/e506d465-896d-4493-9e6b-398f3f08048b 0.250s
2025-03-07 15:45:37.200 68976 INFO tempest.lib.common.rest_client [req-2e27c634-ed54-428d-9432-5dbe24a829e6 req-2e27c634-ed54-428d-9432-5dbe24a829e6 ] Request (ListServerFiltersTestJSON:test_list_servers_filter_by_zero_limit): 200 GET http://10.180.1.21/compute/v2.1/servers?limit=0 0.230s
2025-03-07 15:45:37.276 68960 INFO tempest.lib.common.rest_client [req-10d2b4c1-f950-4df7-8ccf-30399101f286 req-10d2b4c1-f950-4df7-8ccf-30399101f286 ] Request (AttachInterfacesV270Test:tearDownClass): 200 GET http://10.180.1.21/compute/v2.1/servers/a9a56dcf-db58-415f-bcbc-edf447215938 0.264s
2025-03-07 15:45:37.330 68980 INFO tempest.lib.common.rest_client [req-e523a19f-e49c-4616-bb90-bfd1d044b7f8 req-e523a19f-e49c-4616-bb90-bfd1d044b7f8 ] Request (VolumesNegativeTest:test_delete_invalid_volume_id): 404 DELETE http://10.180.1.21/compute/v2.1/os-volumes/tempest-invalid-1057121823 0.288s
2025-03-07 15:45:37.338 68972 INFO tempest.lib.common.rest_client [req-d10be040-688b-4c00-b8a4-962d7a20c054 req-d10be040-688b-4c00-b8a4-962d7a20c054 ] Request (ServerAddressesTestJSON:setUpClass): 202 POST http://10.180.1.21/compute/v2.1/servers 0.495s
2025-03-07 15:45:37.396 68968 INFO tempest.lib.common.rest_client [req-07ab1fa7-a996-4ff9-9dc6-aa4a3ee7d844 req-07ab1fa7-a996-4ff9-9dc6-aa4a3ee7d844 ] Request (InstanceActionsNegativeTestJSON:setUpClass): 200 GET http://10.180.1.21/compute/v2.1/servers/4cf0b932-a3d1-4bba-90e3-3b03e52c5cb7 0.338s
2025-03-07 15:45:37.406 69014 INFO tempest.lib.common.rest_client [req-d8d62a7b-a7b8-4497-9f42-59c7971dba80 req-d8d62a7b-a7b8-4497-9f42-59c7971dba80 ] Request (AttachInterfacesUnderV243Test:test_add_remove_fixed_ip): 200 GET http://10.180.1.21/compute/v2.1/servers/05b5792d-57a8-4e23-937d-37146f958a31 0.335s
2025-03-07 15:45:37.477 69002 INFO tempest.lib.common.rest_client [req-7c0696e3-8117-425e-8966-a76eba0e8663 req-7c0696e3-8117-425e-8966-a76eba0e8663 ] Request (FloatingIPsAssociationNegativeTestJSON:tearDownClass): 200 GET http://10.180.1.21/compute/v2.1/servers/fb9fd541-38e9-4ca5-a7b3-c6a06461c2da 0.348s
2025-03-07 15:45:37.500 68982 INFO tempest.lib.common.rest_client [req-c534f139-dd53-4efb-b404-bae880bb4c33 req-c534f139-dd53-4efb-b404-bae880bb4c33 ] Request (ServersTestMultiNic:test_verify_duplicate_network_nics): 200 GET http://10.180.1.21/compute/v2.1/servers/6e7c1494-704f-4b7e-ba02-c3777ef4ffa7 0.315s
2025-03-07 15:45:37.602 68976 INFO tempest.lib.common.rest_client [req-768e173e-a7cb-4a5d-9583-ea47413ad9da req-768e173e-a7cb-4a5d-9583-ea47413ad9da ] Request (ListServerFiltersTestJSON:test_list_servers_filtered_by_ip): 200 GET http://10.180.1.21/compute/v2.1/servers/2f545107-51ef-4da6-9bf5-d39b4918d3d9 0.399s
2025-03-07 15:45:37.625 68992 INFO tempest.lib.common.rest_client [req-7a35384d-5404-4577-a570-b00c52f8ba17 req-7a35384d-5404-4577-a570-b00c52f8ba17 ] Request (ImagesNegativeTestJSON:test_create_image_from_deleted_server): 200 GET http://10.180.1.21/compute/v2.1/servers/e68039e4-6347-41cc-915b-5c9be6dca8b5 0.419s
2025-03-07 15:45:37.688 69008 INFO tempest.lib.common.rest_client [req-faa91b92-7da4-4cc1-963d-ea81578e03ce req-faa91b92-7da4-4cc1-963d-ea81578e03ce ] Request (ServersAdmin275Test:tearDownClass): 200 GET http://10.180.1.21/compute/v2.1/servers/301554a6-cb72-4b2d-bcaf-1c1cedbad5f8 0.441s
2025-03-07 15:45:37.694 69004 INFO tempest.lib.common.rest_client [req-4bb39431-d287-458e-85af-ddeec172a3ab req-4bb39431-d287-458e-85af-ddeec172a3ab ] Request (ServerShowV247Test:test_update_rebuild_list_server): 200 GET http://10.180.1.21/compute/v2.1/servers/80dce7e4-66e9-4a56-82d7-ceebfd78e23d 0.435s
2025-03-07 15:45:37.697 68980 INFO tempest.lib.common.rest_client [req-c6d080c6-eacb-44bf-a69b-fbc74d45b64e req-c6d080c6-eacb-44bf-a69b-fbc74d45b64e ] Request (VolumesNegativeTest:test_delete_volume_without_passing_volume_id): 404 DELETE http://10.180.1.21/compute/v2.1/os-volumes/ 0.366s
2025-03-07 15:45:37.750 68972 INFO tempest.lib.common.rest_client [req-8ebb5be6-544e-4b72-a46b-56a29dad1251 req-8ebb5be6-544e-4b72-a46b-56a29dad1251 ] Request (ServerAddressesTestJSON:setUpClass): 200 GET http://10.180.1.21/compute/v2.1/servers/57efdccf-4a3f-4dcb-bb18-d601a4be0d5d 0.409s
2025-03-07 15:45:37.757 68964 INFO tempest.lib.common.rest_client [req-fe2424d2-1102-44c5-b4e8-d72c79a6cc83 req-fe2424d2-1102-44c5-b4e8-d72c79a6cc83 ] Request (SecurityGroupsTestJSON:test_list_security_groups_by_server): 200 GET http://10.180.1.21/compute/v2.1/servers/64df3563-d078-4958-a2e9-527f7a10e77d 0.468s
2025-03-07 15:45:37.920 69012 INFO tempest.lib.common.rest_client [req-96ac0fc4-8d2f-4619-8c42-4500b33513d7 req-96ac0fc4-8d2f-4619-8c42-4500b33513d7 ] Request (MigrationsAdminTest:test_list_migrations_in_flavor_resize_situation): 200 GET http://10.180.1.21/compute/v2.1/servers/5291932b-4bd7-48f5-a6e1-c69f4912a590 0.510s
2025-03-07 15:45:37.925 68974 INFO tempest.lib.common.rest_client [req-1311480a-614d-47c6-9a8f-5898c1fed068 req-1311480a-614d-47c6-9a8f-5898c1fed068 ] Request (TenantUsagesTestJSON:setUpClass): 200 GET http://10.180.1.21/compute/v2.1/servers/e469c9c6-c965-49ba-9a09-fb27ced0b3d2 0.475s
2025-03-07 15:45:38.038 68976 INFO tempest.lib.common.rest_client [req-35c616d5-3469-40e2-b9d6-8edc03ac3f21 req-35c616d5-3469-40e2-b9d6-8edc03ac3f21 ] Request (ListServerFiltersTestJSON:test_list_servers_filtered_by_ip): 200 GET http://10.180.1.21/compute/v2.1/servers/02e8dbb0-8f29-49d6-93ff-684316c22806 0.428s
2025-03-07 15:45:38.042 68980 INFO tempest.lib.common.rest_client [req-2ec61dca-e4b6-45d7-b207-22e3baccf593 req-2ec61dca-e4b6-45d7-b207-22e3baccf593 ] Request (VolumesNegativeTest:test_get_volume_without_passing_volume_id): 404 GET http://10.180.1.21/compute/v2.1/os-volumes/ 0.343s
2025-03-07 15:45:38.048 68985 INFO tempest.lib.common.rest_client [req-f750033e-79de-493d-9add-a11f7a0a3e22 req-f750033e-79de-493d-9add-a11f7a0a3e22 ] Request (ServerRescueNegativeTestJSON:setUpClass): 200 GET http://10.180.1.21/compute/v2.1/servers/7875a8e9-9518-4313-a4a8-ade3126c3ad3 0.391s
2025-03-07 15:45:38.101 68962 INFO tempest.lib.common.rest_client [req-2f8d89fb-8d8c-4153-9adc-93a2b31f4fb4 req-2f8d89fb-8d8c-4153-9adc-93a2b31f4fb4 ] Request (DeleteServersAdminTestJSON:test_delete_server_while_in_error_state): 200 GET http://10.180.1.21/compute/v2.1/servers/273f2827-62c0-46a1-9d39-a609cee78482 0.365s
2025-03-07 15:45:38.108 68990 INFO tempest.lib.common.rest_client [req-073644fc-6d79-4b70-a13b-0157d8ddcce2 req-073644fc-6d79-4b70-a13b-0157d8ddcce2 ] Request (ServersTestManualDisk:setUpClass): 200 GET http://10.180.1.21/compute/v2.1/servers/1ff31992-d8ca-425d-996d-c8d4c5283366 0.315s
2025-03-07 15:45:38.164 69020 INFO tempest.lib.common.rest_client [req-b83fcedb-48b8-4b28-a544-4fa83df679d2 req-b83fcedb-48b8-4b28-a544-4fa83df679d2 ] Request (ImagesOneServerTestJSON:setUpClass): 200 GET http://10.180.1.21/compute/v2.1/servers/f6db9f4b-f133-4c8a-8225-35535a715a80 0.319s
2025-03-07 15:45:38.165 68998 INFO tempest.lib.common.rest_client [req-fc19a7b7-2156-4444-834c-e1acc285f755 req-fc19a7b7-2156-4444-834c-e1acc285f755 ] Request (ServerActionsTestOtherB:setUpClass): 200 GET http://10.180.1.21/compute/v2.1/servers/7edda435-0f02-4a60-9b85-5bb8700f647f 0.243s
2025-03-07 15:45:38.224 69006 INFO tempest.lib.common.rest_client [req-ce07f72a-61af-4549-ae39-4812b847a7ff req-ce07f72a-61af-4549-ae39-4812b847a7ff ] Request (ImagesTestJSON:test_create_image_from_suspended_server): 200 GET http://10.180.1.21/compute/v2.1/servers/75a6423a-0e3e-4d79-858d-01af450513dd 0.251s
2025-03-07 15:45:38.240 69000 INFO tempest.lib.common.rest_client [req-43f836bc-04b0-4809-ae6a-b784e219d70a req-43f836bc-04b0-4809-ae6a-b784e219d70a ] Request (AttachVolumeNegativeTest:test_attach_attached_volume_to_different_server): 200 GET http://10.180.1.21/compute/v2.1/servers/77ef840a-2216-4f7d-a598-421505eedd5e 0.215s
2025-03-07 15:45:38.271 68980 INFO tempest.lib.common.rest_client [req-a47d2d3a-c5af-4bed-8047-770f86b72671 req-a47d2d3a-c5af-4bed-8047-770f86b72671 ] Request (VolumesNegativeTest:test_volume_delete_nonexistent_volume_id): 404 DELETE http://10.180.1.21/compute/v2.1/os-volumes/151ed494-57b9-44e6-8656-bf691710029f 0.227s
2025-03-07 15:45:38.335 68958 INFO tempest.lib.common.rest_client [req-8f2d02ec-c45b-4d15-84ec-7a7b5da92548 req-8f2d02ec-c45b-4d15-84ec-7a7b5da92548 ] Request (ServersV294TestFqdnHostnames:setUpClass): 200 GET http://10.180.1.21/compute/v2.1/servers/24b77c0c-2889-46c4-aa3d-5816e11cea7e 0.289s
2025-03-07 15:45:38.386 68976 INFO tempest.lib.common.rest_client [req-45d6b310-c3bc-4d44-aad9-9c240cc7d245 req-45d6b310-c3bc-4d44-aad9-9c240cc7d245 ] Request (ListServerFiltersTestJSON:test_list_servers_filtered_by_ip): 200 GET http://10.180.1.21/compute/v2.1/servers/d8adc464-8082-4c42-a65c-a6cf62ce153d 0.340s
2025-03-07 15:45:38.400 69019 INFO tempest.lib.common.rest_client [req-10e39ddb-2cb0-4e44-b742-df656d8d258d req-10e39ddb-2cb0-4e44-b742-df656d8d258d ] Request (ServerActionsTestOtherA:setUpClass): 200 GET http://10.180.1.21/compute/v2.1/servers/36a36399-1707-4621-b677-6d728936489d 0.320s
2025-03-07 15:45:38.464 69016 INFO tempest.lib.common.rest_client [req-04a806b7-c9b0-43bb-82e7-db16221c0382 req-04a806b7-c9b0-43bb-82e7-db16221c0382 ] Request (ListServersNegativeTestJSON:setUpClass): 200 GET http://10.180.1.21/compute/v2.1/servers/17c3e88e-73ca-4255-bc84-c54e1d732b6d 0.331s
2025-03-07 15:45:38.466 68978 INFO tempest.lib.common.rest_client [req-0f90edc7-d6bd-43cd-9221-e4a9f2d812cd req-0f90edc7-d6bd-43cd-9221-e4a9f2d812cd ] Request (FloatingIPsAssociationTestJSON:test_associate_already_associated_floating_ip): 200 GET http://10.180.1.21/compute/v2.1/servers/e506d465-896d-4493-9e6b-398f3f08048b 0.268s
2025-03-07 15:45:38.473 68978 INFO tempest.common.waiters [-] State transition "BUILD/None" ==> "BUILD/networking" after 57 second wait
2025-03-07 15:45:38.487 68980 INFO tempest.lib.common.rest_client [req-b9b4371d-1a21-4487-bf1b-63e2183b6c83 req-b9b4371d-1a21-4487-bf1b-63e2183b6c83 ] Request (VolumesNegativeTest:test_volume_get_nonexistent_volume_id): 404 GET http://10.180.1.21/compute/v2.1/os-volumes/be7c7697-1fdb-46b3-9169-85755ce3fef6 0.215s
2025-03-07 15:45:38.596 68960 INFO tempest.lib.common.rest_client [req-9f64e81f-aec9-4f90-b341-54a7b90d8f66 req-9f64e81f-aec9-4f90-b341-54a7b90d8f66 ] Request (AttachInterfacesV270Test:tearDownClass): 200 GET http://10.180.1.21/compute/v2.1/servers/a9a56dcf-db58-415f-bcbc-edf447215938 0.308s
2025-03-07 15:45:38.600 68996 WARNING tempest.lib.common.ssh [-] Failed to establish authenticated ssh connection to cirros@10.180.180.220 ([Errno None] Unable to connect to port 22 on 10.180.180.220). Number attempts: 3. Retry after 4 seconds.: paramiko.ssh_exception.NoValidConnectionsError: [Errno None] Unable to connect to port 22 on 10.180.180.220
2025-03-07 15:45:38.642 68980 INFO tempest.lib.common.rest_client [req-dd3a6db0-a532-4b19-9dda-3bcbe9e2e38d req-dd3a6db0-a532-4b19-9dda-3bcbe9e2e38d ] Request (VolumesNegativeTest:tearDownClass): 204 DELETE http://10.180.1.21/identity/v3/users/4b241a11235740a7b5180b653d70c49b 0.150s
2025-03-07 15:45:38.642 68980 INFO tempest.lib.common.dynamic_creds [-] Deleting project and security group for project: 81589918acbd4c66a4de47865a7f40da
2025-03-07 15:45:38.671 68976 INFO tempest.lib.common.rest_client [req-7f390f1e-c22b-4e37-9dc6-303f7980098a req-7f390f1e-c22b-4e37-9dc6-303f7980098a ] Request (ListServerFiltersTestJSON:test_list_servers_filtered_by_ip): 200 GET http://10.180.1.21/compute/v2.1/servers?ip=192.168.128.13 0.276s
2025-03-07 15:45:38.686 68968 INFO tempest.lib.common.rest_client [req-dfd34f61-b0f9-4fb7-97e5-17430d4e6975 req-dfd34f61-b0f9-4fb7-97e5-17430d4e6975 ] Request (InstanceActionsNegativeTestJSON:setUpClass): 200 GET http://10.180.1.21/compute/v2.1/servers/4cf0b932-a3d1-4bba-90e3-3b03e52c5cb7 0.277s
