2025-03-07 15:45:05.499 68966 INFO tempest.lib.common.dynamic_creds [-] Created isolated network resources for: credentials: Credentials: {'domain_id': 'default', 'domain_name': 'Default', 'username': 'tempest-KeyPairsV2TestJSON-899719244-project-member', 'project_domain_id': 'default', 'project_domain_name': 'Default', 'project_id': '311686790d8a4d8d8e1846c01a96879f', 'project_name': 'tempest-KeyPairsV2TestJSON-899719244', 'tenant_id': '311686790d8a4d8d8e1846c01a96879f', 'tenant_name': 'tempest-KeyPairsV2TestJSON-899719244', 'user_domain_id': 'default', 'user_domain_name': 'Default', 'user_id': '2883aed90a6449839240023a4c61bf08', 'system': None}, Network: None, Subnet: None, Router: None
2025-03-07 15:45:05.512 68994 INFO tempest.lib.common.rest_client [req-10f07dad-a501-4b0a-94a1-8700338c56a5 req-10f07dad-a501-4b0a-94a1-8700338c56a5 ] Request (ListImagesTestJSON:test_get_image): 200 GET http://10.180.1.21/compute/v2.1/images/e2a34396-b5ef-4df8-85dc-47384c92b269 1.421s
2025-03-07 15:45:05.550 69006 INFO tempest.lib.common.rest_client [req-12bb1016-de12-4f70-8551-e9a951c6a529 req-12bb1016-de12-4f70-8551-e9a951c6a529 ] Request (ImagesTestJSON:test_create_image_from_stopped_server): 200 GET http://10.180.1.21/compute/v2.1/images/ffb17135-b747-40ab-a50b-525430fc009f 1.426s
2025-03-07 15:45:05.568 69000 INFO tempest.lib.common.rest_client [req-3447d88a-bcf8-4a62-b48f-8ffe57a58fff req-3447d88a-bcf8-4a62-b48f-8ffe57a58fff ] Request (AttachVolumeNegativeTest:setUpClass): 201 POST http://10.180.1.21/identity/v3/auth/tokens 0.068s
2025-03-07 15:45:05.570 68964 INFO tempest.lib.common.rest_client [req-c2184596-985e-425b-bf47-e0db6e2d2b6c req-c2184596-985e-425b-bf47-e0db6e2d2b6c ] Request (ServerDiagnosticsNegativeTest:tearDownClass): 204 DELETE http://10.180.1.21:9696/networking/v2.0/security-groups/0853ddeb-aa9b-4830-892a-64bd1d201997 0.191s
2025-03-07 15:45:05.577 68966 INFO tempest.lib.common.rest_client [req-f2543a1c-4c8e-4bef-bde7-b581cc8727c3 req-f2543a1c-4c8e-4bef-bde7-b581cc8727c3 ] Request (KeyPairsV2TestJSON:setUpClass): 201 POST http://10.180.1.21/identity/v3/auth/tokens 0.074s
2025-03-07 15:45:05.586 68968 INFO tempest.lib.common.rest_client [req-cb1031ad-acc2-498f-af2c-22e51b128b1c req-cb1031ad-acc2-498f-af2c-22e51b128b1c ] Request (KeyPairsV210TestJSON:tearDownClass): 204 DELETE http://10.180.1.21:9696/networking/v2.0/security-groups/0c424401-a5e1-4543-a508-a23744e5f3bd 0.197s
2025-03-07 15:45:05.600 69006 INFO tempest.lib.common.rest_client [req-49706c6c-3d50-4230-9f45-331a27f103e9 req-49706c6c-3d50-4230-9f45-331a27f103e9 ] Request (ImagesTestJSON:test_create_image_from_stopped_server): 200 GET http://10.180.1.21/image/v2/images/ffb17135-b747-40ab-a50b-525430fc009f/tasks 0.044s
2025-03-07 15:45:05.639 68990 INFO tempest.lib.common.rest_client [req-1afd84d0-a374-47b3-bb58-4cccdbfa2d2e req-1afd84d0-a374-47b3-bb58-4cccdbfa2d2e ] Request (ServersTestManualDisk:setUpClass): 200 GET http://10.180.1.21/compute/v2.1/servers/1ff31992-d8ca-425d-996d-c8d4c5283366 1.500s
2025-03-07 15:45:05.642 68964 INFO tempest.lib.common.rest_client [req-a191d2d6-978f-4a2f-b247-b6cc84e3e527 req-a191d2d6-978f-4a2f-b247-b6cc84e3e527 ] Request (ServerDiagnosticsNegativeTest:tearDownClass): 204 DELETE http://10.180.1.21/identity/v3/projects/98a54d30142b46c9a2d9494a830efdac 0.072s
2025-03-07 15:45:05.707 69020 INFO tempest.lib.common.rest_client [req-cd188d3a-6ab2-4cdc-bf12-362f54735af6 req-cd188d3a-6ab2-4cdc-bf12-362f54735af6 ] Request (ImagesOneServerTestJSON:setUpClass): 200 PUT http://10.180.1.21:9696/networking/v2.0/routers/4692a4d1-11fe-4872-8b6a-9263c12f59b9/add_router_interface 1.312s
2025-03-07 15:45:05.707 69020 INFO tempest.lib.common.dynamic_creds [-] Created isolated network resources for: credentials: Credentials: {'domain_id': 'default', 'domain_name': 'Default', 'username': 'tempest-ImagesOneServerTestJSON-521874626-project-member', 'project_domain_id': 'default', 'project_domain_name': 'Default', 'project_id': 'aa16a42410f746beba999dd0c58ebff5', 'project_name': 'tempest-ImagesOneServerTestJSON-521874626', 'tenant_id': 'aa16a42410f746beba999dd0c58ebff5', 'tenant_name': 'tempest-ImagesOneServerTestJSON-521874626', 'user_domain_id': 'default', 'user_domain_name': 'Default', 'user_id': '2d00c70114ea449782c646442ef12f82', 'system': None}, Network: {'id': '1a3be002-e264-4306-b72c-2f33edea5170', 'name': 'tempest-ImagesOneServerTestJSON-1758864239-network', 'tenant_id': 'aa16a42410f746beba999dd0c58ebff5', 'admin_state_up': True, 'mtu': 8950, 'status': 'ACTIVE', 'subnets': [], 'shared': False, 'project_id': 'aa16a42410f746beba999dd0c58ebff5', 'port_security_enabled': True, 'router:external': False, 'provider:network_type': 'vlan', 'provider:physical_network': 'default', 'provider:segmentation_id': 287, 'availability_zone_hints': [], 'availability_zones': [], 'ipv4_address_scope': None, 'ipv6_address_scope': None, 'description': '', 'tags': [], 'created_at': '2025-03-07T15:45:01Z', 'updated_at': '2025-03-07T15:45:01Z', 'revision_number': 1}, Subnet: {'id': '1f64e960-a557-4c21-9620-8fb2d0923630', 'name': 'tempest-ImagesOneServerTestJSON-1758864239-subnet', 'tenant_id': 'aa16a42410f746beba999dd0c58ebff5', 'network_id': '1a3be002-e264-4306-b72c-2f33edea5170', 'ip_version': 4, 'subnetpool_id': None, 'enable_dhcp': True, 'ipv6_ra_mode': None, 'ipv6_address_mode': None, 'gateway_ip': '192.168.128.1', 'cidr': '192.168.128.0/28', 'allocation_pools': [{'start': '192.168.128.2', 'end': '192.168.128.14'}], 'host_routes': [], 'dns_nameservers': [], 'description': '', 'router:external': False, 'service_types': [], 'tags': [], 'created_at': '2025-03-07T15:45:01Z', 'updated_at': '2025-03-07T15:45:01Z', 'revision_number': 0, 'project_id': 'aa16a42410f746beba999dd0c58ebff5'}, Router: {'id': '4692a4d1-11fe-4872-8b6a-9263c12f59b9', 'name': 'tempest-ImagesOneServerTestJSON-1758864239-router', 'tenant_id': 'aa16a42410f746beba999dd0c58ebff5', 'admin_state_up': True, 'status': 'ACTIVE', 'external_gateway_info': {'network_id': 'a5a1c514-170f-4197-b856-a178fca9ab85', 'external_fixed_ips': [{'subnet_id': '404f811d-3cc4-48b3-bc16-8cd21c914d3a', 'ip_address': '10.180.180.245'}], 'enable_snat': True}, 'description': '', 'availability_zones': [], 'distributed': False, 'ha': False, 'availability_zone_hints': [], 'routes': [], 'flavor_id': None, 'tags': [], 'created_at': '2025-03-07T15:45:02Z', 'updated_at': '2025-03-07T15:45:03Z', 'revision_number': 2, 'project_id': 'aa16a42410f746beba999dd0c58ebff5'}
2025-03-07 15:45:05.729 68968 INFO tempest.lib.common.rest_client [req-e77f21fb-67d7-4038-a9d5-afc29797762c req-e77f21fb-67d7-4038-a9d5-afc29797762c ] Request (KeyPairsV210TestJSON:tearDownClass): 204 DELETE http://10.180.1.21/identity/v3/projects/3e67cbdc3a654360b3c6a499ee63435d 0.142s
2025-03-07 15:45:05.744 68964 INFO tempest.lib.common.rest_client [req-49801b86-84a3-49ba-a5aa-80f52bddd44b req-49801b86-84a3-49ba-a5aa-80f52bddd44b ] Request (SecurityGroupsTestJSON:setUpClass): 201 POST http://10.180.1.21/identity/v3/auth/tokens 0.100s
2025-03-07 15:45:05.769 68968 INFO tempest.lib.common.rest_client [req-160e7c60-bc78-4100-908b-702460296181 req-160e7c60-bc78-4100-908b-702460296181 ] Request (InstanceActionsNegativeTestJSON:setUpClass): 201 POST http://10.180.1.21/identity/v3/auth/tokens 0.038s
2025-03-07 15:45:05.789 68964 INFO tempest.lib.common.rest_client [req-cb5582eb-234b-4b7d-a5ed-ef91f4fb7c07 req-cb5582eb-234b-4b7d-a5ed-ef91f4fb7c07 ] Request (SecurityGroupsTestJSON:setUpClass): 201 POST http://10.180.1.21/identity/v3/auth/tokens 0.042s
2025-03-07 15:45:05.804 69020 INFO tempest.lib.common.rest_client [req-e36190f6-0e84-486a-8ab6-09ea2c808acc req-e36190f6-0e84-486a-8ab6-09ea2c808acc ] Request (ImagesOneServerTestJSON:setUpClass): 201 POST http://10.180.1.21/identity/v3/auth/tokens 0.093s
2025-03-07 15:45:05.819 68968 INFO tempest.lib.common.rest_client [req-57ae5d85-30de-4405-abfd-ff01ff160b66 req-57ae5d85-30de-4405-abfd-ff01ff160b66 ] Request (InstanceActionsNegativeTestJSON:setUpClass): 201 POST http://10.180.1.21/identity/v3/auth/tokens 0.048s
2025-03-07 15:45:05.836 68964 INFO tempest.lib.common.rest_client [req-05797275-b7aa-45c2-b838-29a332abc9ce req-05797275-b7aa-45c2-b838-29a332abc9ce ] Request (SecurityGroupsTestJSON:setUpClass): 200 GET http://10.180.1.21/identity/v3/domains?name=Default 0.046s
2025-03-07 15:45:05.846 69020 INFO tempest.lib.common.rest_client [req-5c2a2083-f17d-46ba-9f1e-c433b53fab40 req-5c2a2083-f17d-46ba-9f1e-c433b53fab40 ] Request (ImagesOneServerTestJSON:setUpClass): 201 POST http://10.180.1.21/identity/v3/auth/tokens 0.037s
2025-03-07 15:45:05.846 69020 INFO tempest.lib.common.fixed_network [-] (ImagesOneServerTestJSON:setUpClass) Found network {'id': '1a3be002-e264-4306-b72c-2f33edea5170', 'name': 'tempest-ImagesOneServerTestJSON-1758864239-network', 'tenant_id': 'aa16a42410f746beba999dd0c58ebff5', 'admin_state_up': True, 'mtu': 8950, 'status': 'ACTIVE', 'subnets': [], 'shared': False, 'project_id': 'aa16a42410f746beba999dd0c58ebff5', 'port_security_enabled': True, 'router:external': False, 'provider:network_type': 'vlan', 'provider:physical_network': 'default', 'provider:segmentation_id': 287, 'availability_zone_hints': [], 'availability_zones': [], 'ipv4_address_scope': None, 'ipv6_address_scope': None, 'description': '', 'tags': [], 'created_at': '2025-03-07T15:45:01Z', 'updated_at': '2025-03-07T15:45:01Z', 'revision_number': 1} available for tenant
2025-03-07 15:45:05.865 68968 INFO tempest.lib.common.rest_client [req-5512afc2-d101-4133-94c3-c434cf6bbb37 req-5512afc2-d101-4133-94c3-c434cf6bbb37 ] Request (InstanceActionsNegativeTestJSON:setUpClass): 200 GET http://10.180.1.21/identity/v3/domains?name=Default 0.046s
2025-03-07 15:45:05.869 69000 INFO tempest.lib.common.rest_client [req-d4508d05-0c1d-43d5-8263-6b59432bdaac req-d4508d05-0c1d-43d5-8263-6b59432bdaac ] Request (AttachVolumeNegativeTest:setUpClass): 201 POST http://10.180.1.21:9696/networking/v2.0/networks 0.301s
2025-03-07 15:45:05.877 68964 INFO tempest.lib.common.rest_client [req-a58bea81-c8d2-4a35-b456-19eeb68739aa req-a58bea81-c8d2-4a35-b456-19eeb68739aa ] Request (SecurityGroupsTestJSON:setUpClass): 201 POST http://10.180.1.21/identity/v3/projects 0.040s
2025-03-07 15:45:05.940 68968 INFO tempest.lib.common.rest_client [req-6651cb6e-5fed-4800-9dc0-ae01dbd35821 req-6651cb6e-5fed-4800-9dc0-ae01dbd35821 ] Request (InstanceActionsNegativeTestJSON:setUpClass): 201 POST http://10.180.1.21/identity/v3/projects 0.074s
2025-03-07 15:45:05.942 68958 INFO tempest.lib.common.rest_client [req-66d7b9e6-408c-4679-8fdb-a71c1c39cfc5 req-66d7b9e6-408c-4679-8fdb-a71c1c39cfc5 ] Request (SecurityGroupRulesNegativeTestJSON:test_create_security_group_rule_duplicate): 200 POST http://10.180.1.21/compute/v2.1/os-security-group-rules 1.728s
2025-03-07 15:45:05.948 68964 INFO tempest.lib.common.rest_client [req-11dcf83c-c47b-4e63-8a6d-8747d77b1881 req-11dcf83c-c47b-4e63-8a6d-8747d77b1881 ] Request (SecurityGroupsTestJSON:setUpClass): 201 POST http://10.180.1.21/identity/v3/users 0.070s
2025-03-07 15:45:06.004 68964 INFO tempest.lib.common.rest_client [req-fe31bfd4-f0f6-4756-acc9-e3598d9144e4 req-fe31bfd4-f0f6-4756-acc9-e3598d9144e4 ] Request (SecurityGroupsTestJSON:setUpClass): 200 GET http://10.180.1.21/identity/v3/roles 0.055s
2025-03-07 15:45:06.024 68970 WARNING tempest.lib.common.ssh [-] Failed to establish authenticated ssh connection to cirros@10.180.180.168 ([Errno None] Unable to connect to port 22 on 10.180.180.168). Number attempts: 3. Retry after 4 seconds.: paramiko.ssh_exception.NoValidConnectionsError: [Errno None] Unable to connect to port 22 on 10.180.180.168
2025-03-07 15:45:06.027 68998 INFO tempest.lib.common.rest_client [req-22fa3eb7-4133-4186-8fb5-4bb69d287a72 req-22fa3eb7-4133-4186-8fb5-4bb69d287a72 ] Request (ServerActionsTestOtherB:setUpClass): 200 GET http://10.180.1.21/compute/v2.1/servers/7edda435-0f02-4a60-9b85-5bb8700f647f 1.774s
2025-03-07 15:45:06.030 68968 INFO tempest.lib.common.rest_client [req-ff8a904e-af61-4013-96cb-5aa91fcaaf91 req-ff8a904e-af61-4013-96cb-5aa91fcaaf91 ] Request (InstanceActionsNegativeTestJSON:setUpClass): 201 POST http://10.180.1.21/identity/v3/users 0.089s
2025-03-07 15:45:06.043 68964 INFO tempest.lib.common.rest_client [req-bd8c291e-3340-49c1-82e7-eee1a6fd2489 req-bd8c291e-3340-49c1-82e7-eee1a6fd2489 ] Request (SecurityGroupsTestJSON:setUpClass): 204 PUT http://10.180.1.21/identity/v3/projects/0d27482b6a4443bb833b52de52636802/users/79cfc87deb9d45c9b3b822346cb341c5/roles/f25abdcbda9142a1a6d00454e0a12b97 0.038s
2025-03-07 15:45:06.043 68964 INFO tempest.lib.common.dynamic_creds [-] Dynamic test user 79cfc87deb9d45c9b3b822346cb341c5 is created with scope project and roles: ['member']
2025-03-07 15:45:06.043 68964 INFO tempest.lib.common.dynamic_creds [-] Acquired dynamic creds: credentials: Credentials: {'domain_id': 'default', 'domain_name': 'Default', 'username': 'tempest-SecurityGroupsTestJSON-1243109242-project-member', 'project_domain_id': 'default', 'project_domain_name': 'Default', 'project_id': '0d27482b6a4443bb833b52de52636802', 'project_name': 'tempest-SecurityGroupsTestJSON-1243109242', 'tenant_id': '0d27482b6a4443bb833b52de52636802', 'tenant_name': 'tempest-SecurityGroupsTestJSON-1243109242', 'user_domain_id': 'default', 'user_domain_name': 'Default', 'user_id': '79cfc87deb9d45c9b3b822346cb341c5', 'system': None}, Network: None, Subnet: None, Router: None
2025-03-07 15:45:06.063 69000 INFO tempest.lib.common.rest_client [req-3e7089aa-4cfa-4fd2-bd8a-7db282a52ca9 req-3e7089aa-4cfa-4fd2-bd8a-7db282a52ca9 ] Request (AttachVolumeNegativeTest:setUpClass): 201 POST http://10.180.1.21:9696/networking/v2.0/subnets 0.193s
2025-03-07 15:45:06.107 68964 INFO tempest.lib.common.rest_client [req-0b3c88b8-3b0b-4594-ba33-ba607d787bcd req-0b3c88b8-3b0b-4594-ba33-ba607d787bcd ] Request (SecurityGroupsTestJSON:setUpClass): 201 POST http://10.180.1.21/identity/v3/auth/tokens 0.063s
2025-03-07 15:45:06.108 68968 INFO tempest.lib.common.rest_client [req-fa4e7691-671c-4218-bf96-8bd05c17e28a req-fa4e7691-671c-4218-bf96-8bd05c17e28a ] Request (InstanceActionsNegativeTestJSON:setUpClass): 200 GET http://10.180.1.21/identity/v3/roles 0.078s
2025-03-07 15:45:06.146 68968 INFO tempest.lib.common.rest_client [req-d9c7f67d-174e-4289-85b9-f1fed2a99c1f req-d9c7f67d-174e-4289-85b9-f1fed2a99c1f ] Request (InstanceActionsNegativeTestJSON:setUpClass): 204 PUT http://10.180.1.21/identity/v3/projects/b10ce04539484f06ab47c59456e73a14/users/5cbae099c4c34c919b990dc93b79fe6c/roles/f25abdcbda9142a1a6d00454e0a12b97 0.037s
2025-03-07 15:45:06.146 68968 INFO tempest.lib.common.dynamic_creds [-] Dynamic test user 5cbae099c4c34c919b990dc93b79fe6c is created with scope project and roles: ['member']
2025-03-07 15:45:06.146 68968 INFO tempest.lib.common.dynamic_creds [-] Acquired dynamic creds: credentials: Credentials: {'domain_id': 'default', 'domain_name': 'Default', 'username': 'tempest-InstanceActionsNegativeTestJSON-1627489874-project-member', 'project_domain_id': 'default', 'project_domain_name': 'Default', 'project_id': 'b10ce04539484f06ab47c59456e73a14', 'project_name': 'tempest-InstanceActionsNegativeTestJSON-1627489874', 'tenant_id': 'b10ce04539484f06ab47c59456e73a14', 'tenant_name': 'tempest-InstanceActionsNegativeTestJSON-1627489874', 'user_domain_id': 'default', 'user_domain_name': 'Default', 'user_id': '5cbae099c4c34c919b990dc93b79fe6c', 'system': None}, Network: None, Subnet: None, Router: None
2025-03-07 15:45:06.219 68968 INFO tempest.lib.common.rest_client [req-3fae0c14-6ecf-4f50-a32a-3eea863c8969 req-3fae0c14-6ecf-4f50-a32a-3eea863c8969 ] Request (InstanceActionsNegativeTestJSON:setUpClass): 201 POST http://10.180.1.21/identity/v3/auth/tokens 0.073s
2025-03-07 15:45:06.242 68988 INFO tempest.lib.common.rest_client [req-af51b3ed-21c3-4022-9af2-131335bdd9ef req-af51b3ed-21c3-4022-9af2-131335bdd9ef ] Request (ServerActionsTestJSON:setUpClass): 200 GET http://10.180.1.21/compute/v2.1/servers/33adcb4b-5985-4ad8-b0a2-c3996f102d69 1.510s
2025-03-07 15:45:06.756 69002 INFO tempest.lib.common.rest_client [req-ae1c423b-ba55-4ddd-8c48-a7ae7845f318 req-ae1c423b-ba55-4ddd-8c48-a7ae7845f318 ] Request (FloatingIPsAssociationNegativeTestJSON:_run_cleanups): 202 POST http://10.180.1.21/compute/v2.1/servers/fb9fd541-38e9-4ca5-a7b3-c6a06461c2da/action 2.778s
2025-03-07 15:45:06.757 68972 INFO tempest.lib.common.rest_client [req-d4035fb9-fdfb-442f-b4b8-72728fc2dda0 req-d4035fb9-fdfb-442f-b4b8-72728fc2dda0 ] Request (SecurityGroupRulesTestJSON:test_security_group_rules_create): 200 POST http://10.180.1.21/compute/v2.1/os-security-groups 1.775s
2025-03-07 15:45:06.779 68968 INFO tempest.lib.common.rest_client [req-b141cf47-f2ae-4644-a98b-12f2f65cfb00 req-b141cf47-f2ae-4644-a98b-12f2f65cfb00 ] Request (InstanceActionsNegativeTestJSON:setUpClass): 201 POST http://10.180.1.21:9696/networking/v2.0/networks 0.559s
2025-03-07 15:45:06.833 68996 INFO tempest.lib.common.rest_client [req-4d826451-0470-4205-b78e-d0fe66dd2a87 req-4d826451-0470-4205-b78e-d0fe66dd2a87 ] Request (ServersWithSpecificFlavorTestJSON:test_verify_created_server_ephemeral_disk): 200 GET http://10.180.1.21/compute/v2.1/servers/6b1012c6-0af9-4e75-ae26-0c2bb0485368 1.743s
2025-03-07 15:45:06.852 68964 INFO tempest.lib.common.rest_client [req-4183af08-4fb4-46b5-9d61-04fb9f62a728 req-4183af08-4fb4-46b5-9d61-04fb9f62a728 ] Request (SecurityGroupsTestJSON:setUpClass): 201 POST http://10.180.1.21:9696/networking/v2.0/networks 0.745s
2025-03-07 15:45:06.858 69004 INFO tempest.lib.common.rest_client [req-37c0cf25-adde-4f88-a42c-c5a1d7ad8200 req-37c0cf25-adde-4f88-a42c-c5a1d7ad8200 ] Request (ServerExternalEventsTest:tearDownClass): 200 GET http://10.180.1.21/compute/v2.1/servers/870c8b35-6745-4af5-9564-6b8673d2f8c8 1.640s
2025-03-07 15:45:07.053 68976 INFO tempest.lib.common.rest_client [req-33a2557a-a9f8-44b5-b654-273a84ec81d2 req-33a2557a-a9f8-44b5-b654-273a84ec81d2 ] Request (ListServerFiltersTestJSON:setUpClass): 200 GET http://10.180.1.21/compute/v2.1/servers/d8adc464-8082-4c42-a65c-a6cf62ce153d 1.712s
2025-03-07 15:45:07.064 68976 INFO tempest.common.waiters [-] State transition "BUILD/None" ==> "BUILD/spawning" after 38 second wait
2025-03-07 15:45:07.064 68968 INFO tempest.lib.common.rest_client [req-ab9c65a1-a7e4-4606-876b-717c8d27d069 req-ab9c65a1-a7e4-4606-876b-717c8d27d069 ] Request (InstanceActionsNegativeTestJSON:setUpClass): 201 POST http://10.180.1.21:9696/networking/v2.0/subnets 0.284s
2025-03-07 15:45:07.126 68978 INFO tempest.lib.common.rest_client [req-14d92624-1f1d-457d-9814-307c264325e4 req-14d92624-1f1d-457d-9814-307c264325e4 ] Request (FloatingIPsAssociationTestJSON:test_associate_already_associated_floating_ip): 200 GET http://10.180.1.21/compute/v2.1/servers/e506d465-896d-4493-9e6b-398f3f08048b 1.709s
2025-03-07 15:45:07.144 68960 INFO tempest.lib.common.rest_client [req-6f65aea9-7936-40bf-81ed-e3fafd575956 req-6f65aea9-7936-40bf-81ed-e3fafd575956 ] Request (AttachInterfacesV270Test:test_create_get_list_interfaces): 200 GET http://10.180.1.21/compute/v2.1/servers/a9a56dcf-db58-415f-bcbc-edf447215938 1.752s
2025-03-07 15:45:07.194 68980 INFO tempest.lib.common.rest_client [req-fe8cf887-067e-49d5-820b-48d3f896fbcc req-fe8cf887-067e-49d5-820b-48d3f896fbcc ] Request (ServerDiagnosticsTest:tearDownClass): 200 GET http://10.180.1.21/compute/v2.1/servers/c47a2b8a-6db1-4e67-a62e-01a95067121f 1.706s
2025-03-07 15:45:07.211 69016 INFO tempest.lib.common.rest_client [req-427ae885-a8af-4e44-93fa-8c15a5dd19da req-427ae885-a8af-4e44-93fa-8c15a5dd19da ] Request (ListServersNegativeTestJSON:setUpClass): 200 GET http://10.180.1.21/compute/v2.1/servers/17c3e88e-73ca-4255-bc84-c54e1d732b6d 1.722s
2025-03-07 15:45:07.263 68994 INFO tempest.lib.common.rest_client [req-15c38cb8-7377-49fd-a449-ec0381c85848 req-15c38cb8-7377-49fd-a449-ec0381c85848 ] Request (ListImagesTestJSON:test_list_images): 200 GET http://10.180.1.21/compute/v2.1/images 1.746s
2025-03-07 15:45:07.270 68964 INFO tempest.lib.common.rest_client [req-85098b68-139c-4bdf-972d-c3c5174c7f08 req-85098b68-139c-4bdf-972d-c3c5174c7f08 ] Request (SecurityGroupsTestJSON:setUpClass): 201 POST http://10.180.1.21:9696/networking/v2.0/subnets 0.418s
2025-03-07 15:45:07.332 69000 INFO tempest.lib.common.rest_client [req-c032590c-2105-4799-98a3-26154c65112e req-c032590c-2105-4799-98a3-26154c65112e ] Request (AttachVolumeNegativeTest:setUpClass): 201 POST http://10.180.1.21:9696/networking/v2.0/routers 1.268s
2025-03-07 15:45:07.337 68966 INFO tempest.lib.common.rest_client [req-a5c537db-e25a-4ec9-8a0a-4c3d258f09cb req-a5c537db-e25a-4ec9-8a0a-4c3d258f09cb ] Request (KeyPairsV2TestJSON:test_get_keypair_detail): 200 POST http://10.180.1.21/compute/v2.1/os-keypairs 1.756s
2025-03-07 15:45:07.339 69019 INFO tempest.lib.common.rest_client [req-407b8707-7091-4ad7-9b36-8da3f6d8fad5 req-407b8707-7091-4ad7-9b36-8da3f6d8fad5 ] Request (ServerDiagnosticsV248Test:tearDownClass): 200 GET http://10.180.1.21/compute/v2.1/servers/edc45660-de9d-459e-af05-ca23f9df97c3 1.745s
2025-03-07 15:45:07.439 69008 INFO tempest.lib.common.rest_client [req-e0314a57-5188-4075-ba35-a31864aa57f1 req-e0314a57-5188-4075-ba35-a31864aa57f1 ] Request (ServersAdmin275Test:test_rebuild_update_server_275): 200 GET http://10.180.1.21/compute/v2.1/servers/301554a6-cb72-4b2d-bcaf-1c1cedbad5f8 1.728s
2025-03-07 15:45:07.469 69006 INFO tempest.lib.common.rest_client [req-73f9777e-2550-435e-a69a-fc25567ebf4a req-73f9777e-2550-435e-a69a-fc25567ebf4a ] Request (ImagesTestJSON:_run_cleanups): 204 DELETE http://10.180.1.21/compute/v2.1/images/ffb17135-b747-40ab-a50b-525430fc009f 1.868s
2025-03-07 15:45:07.535 68986 INFO tempest.lib.common.rest_client [req-e27a53c3-645d-4edc-bbd1-779979fc396e req-e27a53c3-645d-4edc-bbd1-779979fc396e ] Request (AttachInterfacesTestJSON:test_create_list_show_delete_interfaces_by_fixed_ip): 200 GET http://10.180.1.21/compute/v2.1/servers/6285a4e1-2601-43c8-9bca-c438f72b0b67 1.750s
2025-03-07 15:45:07.599 69010 INFO tempest.lib.common.rest_client [req-bc708079-4c2b-4699-8ca9-99f51ef4a3eb req-bc708079-4c2b-4699-8ca9-99f51ef4a3eb ] Request (VolumesAssistedSnapshotsTest:test_volume_assisted_snapshot_create_delete): 200 GET http://10.180.1.21/compute/v2.1/servers/1fcbe6cd-eff3-4297-9559-98bd24b9d906 1.788s
2025-03-07 15:45:07.644 69012 INFO tempest.lib.common.rest_client [req-7eff45d1-9daf-452f-b892-ecb7afa24eec req-7eff45d1-9daf-452f-b892-ecb7afa24eec ] Request (MigrationsAdminTest:test_list_migrations_in_flavor_resize_situation): 200 GET http://10.180.1.21/compute/v2.1/servers/5291932b-4bd7-48f5-a6e1-c69f4912a590 1.925s
2025-03-07 15:45:07.706 69014 INFO tempest.lib.common.rest_client [req-f86a5db8-14d4-4c93-bd14-20549b56e10d req-f86a5db8-14d4-4c93-bd14-20549b56e10d ] Request (AttachInterfacesUnderV243Test:test_add_remove_fixed_ip): 200 GET http://10.180.1.21/compute/v2.1/servers/05b5792d-57a8-4e23-937d-37146f958a31 1.849s
2025-03-07 15:45:07.769 68982 INFO tempest.lib.common.rest_client [req-b10aaa60-b029-4b6e-b249-a6067dc9f282 req-b10aaa60-b029-4b6e-b249-a6067dc9f282 ] Request (ServersTestMultiNic:test_verify_duplicate_network_nics): 200 GET http://10.180.1.21/compute/v2.1/servers/6e7c1494-704f-4b7e-ba02-c3777ef4ffa7 1.884s
2025-03-07 15:45:07.842 68992 INFO tempest.lib.common.rest_client [req-2a74997d-94a9-419e-be85-f9e9113845bc req-2a74997d-94a9-419e-be85-f9e9113845bc ] Request (ImagesNegativeTestJSON:test_create_image_from_deleted_server): 200 GET http://10.180.1.21/compute/v2.1/servers/e68039e4-6347-41cc-915b-5c9be6dca8b5 1.908s
2025-03-07 15:45:07.856 68992 INFO tempest.common.waiters [-] State transition "BUILD/scheduling" ==> "BUILD/None" after 27 second wait
2025-03-07 15:45:07.913 68958 INFO tempest.lib.common.rest_client [req-8321bd74-cb35-4dc6-aab4-2d722e4d0227 req-8321bd74-cb35-4dc6-aab4-2d722e4d0227 ] Request (SecurityGroupRulesNegativeTestJSON:test_create_security_group_rule_duplicate): 400 POST http://10.180.1.21/compute/v2.1/os-security-group-rules 1.968s
2025-03-07 15:45:08.004 68985 INFO tempest.lib.common.rest_client [req-9a67a55a-93c8-4bb7-b46a-98296195f00f req-9a67a55a-93c8-4bb7-b46a-98296195f00f ] Request (ServerRescueNegativeTestJSON:setUpClass): 200 GET http://10.180.1.21/compute/v2.1/servers/7875a8e9-9518-4313-a4a8-ade3126c3ad3 2.059s
2025-03-07 15:45:08.070 68974 INFO tempest.lib.common.rest_client [req-1a413d5b-2c2a-4a6b-bcd0-3fbc87da2e66 req-1a413d5b-2c2a-4a6b-bcd0-3fbc87da2e66 ] Request (TenantUsagesTestJSON:setUpClass): 200 GET http://10.180.1.21/compute/v2.1/servers/e469c9c6-c965-49ba-9a09-fb27ced0b3d2 2.052s
2025-03-07 15:45:08.158 68962 INFO tempest.lib.common.rest_client [req-faa629f1-5db8-41d0-8703-7a5f7bee6639 req-faa629f1-5db8-41d0-8703-7a5f7bee6639 ] Request (DeleteServersAdminTestJSON:test_delete_server_while_in_error_state): 200 GET http://10.180.1.21/compute/v2.1/servers/273f2827-62c0-46a1-9d39-a609cee78482 1.842s
2025-03-07 15:45:08.214 68990 INFO tempest.lib.common.rest_client [req-2697a1cf-a2d6-4568-920e-38aba362361e req-2697a1cf-a2d6-4568-920e-38aba362361e ] Request (ServersTestManualDisk:setUpClass): 200 GET http://10.180.1.21/compute/v2.1/servers/1ff31992-d8ca-425d-996d-c8d4c5283366 1.565s
2025-03-07 15:45:08.229 69020 INFO tempest.lib.common.rest_client [req-bb50fc32-6f9f-421a-9039-cc3754214a1b req-bb50fc32-6f9f-421a-9039-cc3754214a1b ] Request (ImagesOneServerTestJSON:setUpClass): 202 POST http://10.180.1.21/compute/v2.1/servers 2.382s
2025-03-07 15:45:08.334 68968 INFO tempest.lib.common.rest_client [req-0e81752f-1f49-4bc5-8c95-dd95d847ad41 req-0e81752f-1f49-4bc5-8c95-dd95d847ad41 ] Request (InstanceActionsNegativeTestJSON:setUpClass): 201 POST http://10.180.1.21:9696/networking/v2.0/routers 1.270s
2025-03-07 15:45:08.537 68964 INFO tempest.lib.common.rest_client [req-faf4e49d-f573-41ea-a56f-0066045d38b3 req-faf4e49d-f573-41ea-a56f-0066045d38b3 ] Request (SecurityGroupsTestJSON:setUpClass): 201 POST http://10.180.1.21:9696/networking/v2.0/routers 1.266s
2025-03-07 15:45:08.620 68972 INFO tempest.lib.common.rest_client [req-109fa64c-b0f6-42d6-be8f-dfc3e9057622 req-109fa64c-b0f6-42d6-be8f-dfc3e9057622 ] Request (SecurityGroupRulesTestJSON:test_security_group_rules_create): 200 POST http://10.180.1.21/compute/v2.1/os-security-group-rules 1.858s
2025-03-07 15:45:08.707 68998 INFO tempest.lib.common.rest_client [req-c05a52b0-674b-4c89-a5cb-2013a0ed6434 req-c05a52b0-674b-4c89-a5cb-2013a0ed6434 ] Request (ServerActionsTestOtherB:setUpClass): 200 GET http://10.180.1.21/compute/v2.1/servers/7edda435-0f02-4a60-9b85-5bb8700f647f 1.669s
2025-03-07 15:45:08.947 68988 INFO tempest.lib.common.rest_client [req-07832e32-11ff-40eb-8c02-b7ab32d1ba33 req-07832e32-11ff-40eb-8c02-b7ab32d1ba33 ] Request (ServerActionsTestJSON:setUpClass): 200 GET http://10.180.1.21/compute/v2.1/servers/33adcb4b-5985-4ad8-b0a2-c3996f102d69 1.689s
2025-03-07 15:45:08.981 69002 INFO tempest.lib.common.rest_client [req-bc5e47ea-1e8a-4251-a0bb-043b3be5c41e req-bc5e47ea-1e8a-4251-a0bb-043b3be5c41e ] Request (FloatingIPsAssociationNegativeTestJSON:_run_cleanups): 202 DELETE http://10.180.1.21/compute/v2.1/os-floating-ips/ea31904c-1a68-4009-8e6e-40f5c0d8d0ad 2.223s
2025-03-07 15:45:08.997 68966 INFO tempest.lib.common.rest_client [req-ef996e0f-f384-40e8-832b-989cc38bdbe3 req-ef996e0f-f384-40e8-832b-989cc38bdbe3 ] Request (KeyPairsV2TestJSON:test_get_keypair_detail): 200 GET http://10.180.1.21/compute/v2.1/os-keypairs/tempest-keypair-1400377431 1.658s
2025-03-07 15:45:09.021 68994 INFO tempest.lib.common.rest_client [req-f924f916-ccff-4439-b496-b727deb96de2 req-f924f916-ccff-4439-b496-b727deb96de2 ] Request (ListImagesTestJSON:test_list_images_with_detail): 200 GET http://10.180.1.21/compute/v2.1/images/detail 1.753s
2025-03-07 15:45:09.102 68996 INFO tempest.lib.common.rest_client [req-e7ee7416-e25d-498d-84ba-01df69cf9290 req-e7ee7416-e25d-498d-84ba-01df69cf9290 ] Request (ServersWithSpecificFlavorTestJSON:test_verify_created_server_ephemeral_disk): 200 GET http://10.180.1.21/compute/v2.1/servers/6b1012c6-0af9-4e75-ae26-0c2bb0485368 1.258s
2025-03-07 15:45:09.130 69006 INFO tempest.lib.common.rest_client [req-88d8f31b-791f-41c4-b862-b7109ab43d30 req-88d8f31b-791f-41c4-b862-b7109ab43d30 ] Request (ImagesTestJSON:_run_cleanups): 204 DELETE http://10.180.1.21/compute/v2.1/servers/ba2d1010-5dfb-4f47-9248-1724627272d3 1.661s
2025-03-07 15:45:09.153 68994 INFO tempest.lib.common.rest_client [req-6dfbd3b4-4eda-4f73-8bc1-cecefca6a008 req-6dfbd3b4-4eda-4f73-8bc1-cecefca6a008 ] Request (ListImagesTestJSON:tearDownClass): 204 DELETE http://10.180.1.21/identity/v3/users/b4d7cb74684648e4a4678c976834e924 0.120s
2025-03-07 15:45:09.153 68994 INFO tempest.lib.common.dynamic_creds [-] Deleting project and security group for project: f4a98dd5c3fa4aeda28fc2b56cb927c0
2025-03-07 15:45:09.216 69004 INFO tempest.lib.common.rest_client [req-d1a016e8-5333-4529-83bb-ded79f17350e req-d1a016e8-5333-4529-83bb-ded79f17350e ] Request (ServerExternalEventsTest:tearDownClass): 200 GET http://10.180.1.21/compute/v2.1/servers/870c8b35-6745-4af5-9564-6b8673d2f8c8 1.346s
2025-03-07 15:45:09.231 68994 INFO tempest.lib.common.rest_client [req-e598cc6d-4488-469f-a546-20026026425c req-e598cc6d-4488-469f-a546-20026026425c ] Request (ListImagesTestJSON:tearDownClass): 201 POST http://10.180.1.21/identity/v3/auth/tokens 0.077s
2025-03-07 15:45:09.235 69006 INFO tempest.lib.common.rest_client [req-276a5bbb-9780-4912-8ead-af566f549450 req-276a5bbb-9780-4912-8ead-af566f549450 ] Request (ImagesTestJSON:test_create_image_from_suspended_server): 201 POST http://10.180.1.21/identity/v3/auth/tokens 0.089s
2025-03-07 15:45:09.235 69006 INFO tempest.lib.common.fixed_network [-] (ImagesTestJSON:test_create_image_from_suspended_server) Found network {'id': '19cd47ee-c9c5-4443-a51d-ab2764c4fef0', 'name': 'tempest-ImagesTestJSON-828687630-network', 'tenant_id': '5336d1421a204b3f8c48c5e6eb0f57bf', 'admin_state_up': True, 'mtu': 8950, 'status': 'ACTIVE', 'subnets': [], 'shared': False, 'project_id': '5336d1421a204b3f8c48c5e6eb0f57bf', 'port_security_enabled': True, 'router:external': False, 'provider:network_type': 'vlan', 'provider:physical_network': 'default', 'provider:segmentation_id': 788, 'availability_zone_hints': [], 'availability_zones': [], 'ipv4_address_scope': None, 'ipv6_address_scope': None, 'description': '', 'tags': [], 'created_at': '2025-03-07T15:44:02Z', 'updated_at': '2025-03-07T15:44:02Z', 'revision_number': 1} available for tenant
2025-03-07 15:45:09.358 68958 INFO tempest.lib.common.rest_client [req-d8b18957-ee2b-41f1-8df7-f5572ebabab8 req-d8b18957-ee2b-41f1-8df7-f5572ebabab8 ] Request (SecurityGroupRulesNegativeTestJSON:_run_cleanups): 202 DELETE http://10.180.1.21/compute/v2.1/os-security-group-rules/6e1698c7-4044-49aa-b9a3-6096081728ba 1.444s
2025-03-07 15:45:09.415 68976 INFO tempest.lib.common.rest_client [req-e39c619d-09c9-4a96-82f2-02a459588bed req-e39c619d-09c9-4a96-82f2-02a459588bed ] Request (ListServerFiltersTestJSON:setUpClass): 200 GET http://10.180.1.21/compute/v2.1/servers/d8adc464-8082-4c42-a65c-a6cf62ce153d 1.349s
2025-03-07 15:45:09.448 68978 INFO tempest.lib.common.rest_client [req-56fd05f0-33e7-437b-b52a-b429e653591d req-56fd05f0-33e7-437b-b52a-b429e653591d ] Request (FloatingIPsAssociationTestJSON:test_associate_already_associated_floating_ip): 200 GET http://10.180.1.21/compute/v2.1/servers/e506d465-896d-4493-9e6b-398f3f08048b 1.313s
2025-03-07 15:45:09.752 68980 INFO tempest.lib.common.rest_client [req-33f16cec-f424-4116-9eb0-29b7d38414a7 req-33f16cec-f424-4116-9eb0-29b7d38414a7 ] Request (ServerDiagnosticsTest:tearDownClass): 200 GET http://10.180.1.21/compute/v2.1/servers/c47a2b8a-6db1-4e67-a62e-01a95067121f 1.549s
2025-03-07 15:45:09.780 69000 INFO tempest.lib.common.rest_client [req-bc320d1d-b483-4b64-875e-096d5fe84853 req-bc320d1d-b483-4b64-875e-096d5fe84853 ] Request (AttachVolumeNegativeTest:setUpClass): 200 PUT http://10.180.1.21:9696/networking/v2.0/routers/a274e37c-4e0c-4617-8689-79a6fb51d193/add_router_interface 2.447s
2025-03-07 15:45:09.780 69000 INFO tempest.lib.common.dynamic_creds [-] Created isolated network resources for: credentials: Credentials: {'domain_id': 'default', 'domain_name': 'Default', 'username': 'tempest-AttachVolumeNegativeTest-2046105623-project-member', 'project_domain_id': 'default', 'project_domain_name': 'Default', 'project_id': '5998df66b36243ec83a5606e0b94e297', 'project_name': 'tempest-AttachVolumeNegativeTest-2046105623', 'tenant_id': '5998df66b36243ec83a5606e0b94e297', 'tenant_name': 'tempest-AttachVolumeNegativeTest-2046105623', 'user_domain_id': 'default', 'user_domain_name': 'Default', 'user_id': '3e5d669298c74ffb8c8c865a5305df59', 'system': None}, Network: {'id': '019f3453-8a1d-42b7-9d1c-12ecdf1d025e', 'name': 'tempest-AttachVolumeNegativeTest-1469329405-network', 'tenant_id': '5998df66b36243ec83a5606e0b94e297', 'admin_state_up': True, 'mtu': 8950, 'status': 'ACTIVE', 'subnets': [], 'shared': False, 'project_id': '5998df66b36243ec83a5606e0b94e297', 'port_security_enabled': True, 'router:external': False, 'provider:network_type': 'vlan', 'provider:physical_network': 'default', 'provider:segmentation_id': 637, 'availability_zone_hints': [], 'availability_zones': [], 'ipv4_address_scope': None, 'ipv6_address_scope': None, 'description': '', 'tags': [], 'created_at': '2025-03-07T15:45:05Z', 'updated_at': '2025-03-07T15:45:05Z', 'revision_number': 1}, Subnet: {'id': '21c3cf47-8dda-4309-90b8-a828fe2f6ef5', 'name': 'tempest-AttachVolumeNegativeTest-1469329405-subnet', 'tenant_id': '5998df66b36243ec83a5606e0b94e297', 'network_id': '019f3453-8a1d-42b7-9d1c-12ecdf1d025e', 'ip_version': 4, 'subnetpool_id': None, 'enable_dhcp': True, 'ipv6_ra_mode': None, 'ipv6_address_mode': None, 'gateway_ip': '192.168.128.1', 'cidr': '192.168.128.0/28', 'allocation_pools': [{'start': '192.168.128.2', 'end': '192.168.128.14'}], 'host_routes': [], 'dns_nameservers': [], 'description': '', 'router:external': False, 'service_types': [], 'tags': [], 'created_at': '2025-03-07T15:45:05Z', 'updated_at': '2025-03-07T15:45:05Z', 'revision_number': 0, 'project_id': '5998df66b36243ec83a5606e0b94e297'}, Router: {'id': 'a274e37c-4e0c-4617-8689-79a6fb51d193', 'name': 'tempest-AttachVolumeNegativeTest-1469329405-router', 'tenant_id': '5998df66b36243ec83a5606e0b94e297', 'admin_state_up': True, 'status': 'ACTIVE', 'external_gateway_info': {'network_id': 'a5a1c514-170f-4197-b856-a178fca9ab85', 'external_fixed_ips': [{'subnet_id': '404f811d-3cc4-48b3-bc16-8cd21c914d3a', 'ip_address': '10.180.180.184'}], 'enable_snat': True}, 'description': '', 'availability_zones': [], 'distributed': False, 'ha': False, 'availability_zone_hints': [], 'routes': [], 'flavor_id': None, 'tags': [], 'created_at': '2025-03-07T15:45:06Z', 'updated_at': '2025-03-07T15:45:06Z', 'revision_number': 2, 'project_id': '5998df66b36243ec83a5606e0b94e297'}
2025-03-07 15:45:09.795 68994 INFO tempest.lib.common.rest_client [req-3720f87c-0464-4783-b034-0fdcab034417 req-3720f87c-0464-4783-b034-0fdcab034417 ] Request (ListImagesTestJSON:tearDownClass): 200 GET http://10.180.1.21:9696/networking/v2.0/security-groups?tenant_id=f4a98dd5c3fa4aeda28fc2b56cb927c0&name=default 0.564s
2025-03-07 15:45:09.844 68960 INFO tempest.lib.common.rest_client [req-89db57df-df72-4f55-a32d-0b882f0c9fd8 req-89db57df-df72-4f55-a32d-0b882f0c9fd8 ] Request (AttachInterfacesV270Test:test_create_get_list_interfaces): 200 GET http://10.180.1.21/compute/v2.1/servers/a9a56dcf-db58-415f-bcbc-edf447215938 1.682s
2025-03-07 15:45:09.849 69016 INFO tempest.lib.common.rest_client [req-9dddeb8e-a4d3-4821-8add-c9785655156b req-9dddeb8e-a4d3-4821-8add-c9785655156b ] Request (ListServersNegativeTestJSON:setUpClass): 200 GET http://10.180.1.21/compute/v2.1/servers/17c3e88e-73ca-4255-bc84-c54e1d732b6d 1.628s
2025-03-07 15:45:09.889 69000 INFO tempest.lib.common.rest_client [req-fa31a014-6270-4681-ba79-0acc57620ebb req-fa31a014-6270-4681-ba79-0acc57620ebb ] Request (AttachVolumeNegativeTest:setUpClass): 201 POST http://10.180.1.21/identity/v3/auth/tokens 0.106s
2025-03-07 15:45:09.925 69020 INFO tempest.lib.common.rest_client [req-01df8563-793f-4d8f-8c0e-3dafc9ce4533 req-01df8563-793f-4d8f-8c0e-3dafc9ce4533 ] Request (ImagesOneServerTestJSON:setUpClass): 200 GET http://10.180.1.21/compute/v2.1/servers/f6db9f4b-f133-4c8a-8225-35535a715a80 1.693s
2025-03-07 15:45:09.931 68994 INFO tempest.lib.common.rest_client [req-a95b2ece-e96e-4d6e-afe6-adb64609f601 req-a95b2ece-e96e-4d6e-afe6-adb64609f601 ] Request (ListImagesTestJSON:tearDownClass): 204 DELETE http://10.180.1.21:9696/networking/v2.0/security-groups/fce28732-5d0b-42e3-b33b-5be2afbbf27f 0.135s
2025-03-07 15:45:09.934 69019 INFO tempest.lib.common.rest_client [req-d6a9692f-8219-49ed-827a-a9a8d4ee6f56 req-d6a9692f-8219-49ed-827a-a9a8d4ee6f56 ] Request (ServerDiagnosticsV248Test:tearDownClass): 200 GET http://10.180.1.21/compute/v2.1/servers/edc45660-de9d-459e-af05-ca23f9df97c3 1.585s
2025-03-07 15:45:10.016 68986 INFO tempest.lib.common.rest_client [req-20e273bb-b23c-460c-a459-b7239686b8af req-20e273bb-b23c-460c-a459-b7239686b8af ] Request (AttachInterfacesTestJSON:test_create_list_show_delete_interfaces_by_fixed_ip): 200 GET http://10.180.1.21/compute/v2.1/servers/6285a4e1-2601-43c8-9bca-c438f72b0b67 1.470s
2025-03-07 15:45:10.022 69008 INFO tempest.lib.common.rest_client [req-6ea9e5ed-572a-4f93-92b6-e1be8448a18d req-6ea9e5ed-572a-4f93-92b6-e1be8448a18d ] Request (ServersAdmin275Test:test_rebuild_update_server_275): 200 GET http://10.180.1.21/compute/v2.1/servers/301554a6-cb72-4b2d-bcaf-1c1cedbad5f8 1.568s
2025-03-07 15:45:10.034 68994 INFO tempest.lib.common.rest_client [req-bc0bd92d-9baf-4c33-a62f-a39242f73281 req-bc0bd92d-9baf-4c33-a62f-a39242f73281 ] Request (ListImagesTestJSON:tearDownClass): 204 DELETE http://10.180.1.21/identity/v3/projects/f4a98dd5c3fa4aeda28fc2b56cb927c0 0.102s
2025-03-07 15:45:10.072 69010 INFO tempest.lib.common.rest_client [req-17de8198-bd5c-42ee-ade8-da7104f7e7d2 req-17de8198-bd5c-42ee-ade8-da7104f7e7d2 ] Request (VolumesAssistedSnapshotsTest:test_volume_assisted_snapshot_create_delete): 200 GET http://10.180.1.21/compute/v2.1/servers/1fcbe6cd-eff3-4297-9559-98bd24b9d906 1.456s
2025-03-07 15:45:10.195 68972 INFO tempest.lib.common.rest_client [req-fde08a50-7a23-49ed-beb7-0a45a996500a req-fde08a50-7a23-49ed-beb7-0a45a996500a ] Request (SecurityGroupRulesTestJSON:test_security_group_rules_create_with_optional_cidr): 200 POST http://10.180.1.21/compute/v2.1/os-security-groups 1.570s
2025-03-07 15:45:10.213 69012 INFO tempest.lib.common.rest_client [req-906a629c-5323-4aee-881c-6dbc0aa69719 req-906a629c-5323-4aee-881c-6dbc0aa69719 ] Request (MigrationsAdminTest:test_list_migrations_in_flavor_resize_situation): 200 GET http://10.180.1.21/compute/v2.1/servers/5291932b-4bd7-48f5-a6e1-c69f4912a590 1.558s
2025-03-07 15:45:10.248 69014 INFO tempest.lib.common.rest_client [req-ecbb8a3a-1868-46fd-8884-53c24f6e68a1 req-ecbb8a3a-1868-46fd-8884-53c24f6e68a1 ] Request (AttachInterfacesUnderV243Test:test_add_remove_fixed_ip): 200 GET http://10.180.1.21/compute/v2.1/servers/05b5792d-57a8-4e23-937d-37146f958a31 1.535s
2025-03-07 15:45:10.264 68982 INFO tempest.lib.common.rest_client [req-c895cdcb-1096-4c12-96e3-dc219419803f req-c895cdcb-1096-4c12-96e3-dc219419803f ] Request (ServersTestMultiNic:test_verify_duplicate_network_nics): 200 GET http://10.180.1.21/compute/v2.1/servers/6e7c1494-704f-4b7e-ba02-c3777ef4ffa7 1.483s
2025-03-07 15:45:10.268 69002 INFO tempest.lib.common.rest_client [req-1ef29c10-b1e8-4af8-84d3-93bdb2dc8301 req-1ef29c10-b1e8-4af8-84d3-93bdb2dc8301 ] Request (FloatingIPsAssociationNegativeTestJSON:test_associate_ip_to_server_without_passing_floating_ip): 400 POST http://10.180.1.21/compute/v2.1/servers/fb9fd541-38e9-4ca5-a7b3-c6a06461c2da/action 1.284s
2025-03-07 15:45:10.284 68966 INFO tempest.lib.common.rest_client [req-18284cf8-151f-4ca3-ab0f-119ff1445cfe req-18284cf8-151f-4ca3-ab0f-119ff1445cfe ] Request (KeyPairsV2TestJSON:_run_cleanups): 202 DELETE http://10.180.1.21/compute/v2.1/os-keypairs/tempest-keypair-1400377431 1.282s
2025-03-07 15:45:10.302 68992 INFO tempest.lib.common.rest_client [req-5af34fb1-4751-495d-bbee-4bdd6fe4d6d1 req-5af34fb1-4751-495d-bbee-4bdd6fe4d6d1 ] Request (ImagesNegativeTestJSON:test_create_image_from_deleted_server): 200 GET http://10.180.1.21/compute/v2.1/servers/e68039e4-6347-41cc-915b-5c9be6dca8b5 1.445s
2025-03-07 15:45:10.331 68985 INFO tempest.lib.common.rest_client [req-d8b6db4c-9390-4125-971c-f2390bf9d3b8 req-d8b6db4c-9390-4125-971c-f2390bf9d3b8 ] Request (ServerRescueNegativeTestJSON:setUpClass): 200 GET http://10.180.1.21/compute/v2.1/servers/7875a8e9-9518-4313-a4a8-ade3126c3ad3 1.317s
2025-03-07 15:45:10.360 68974 INFO tempest.lib.common.rest_client [req-402afbca-5ae7-4448-8256-772430f346e5 req-402afbca-5ae7-4448-8256-772430f346e5 ] Request (TenantUsagesTestJSON:setUpClass): 200 GET http://10.180.1.21/compute/v2.1/servers/e469c9c6-c965-49ba-9a09-fb27ced0b3d2 1.279s
2025-03-07 15:45:10.398 68962 INFO tempest.lib.common.rest_client [req-dcd23633-0aca-419f-8518-ded633b960dc req-dcd23633-0aca-419f-8518-ded633b960dc ] Request (DeleteServersAdminTestJSON:test_delete_server_while_in_error_state): 200 GET http://10.180.1.21/compute/v2.1/servers/273f2827-62c0-46a1-9d39-a609cee78482 1.230s
2025-03-07 15:45:10.464 68990 INFO tempest.lib.common.rest_client [req-5cfa6976-33f1-45ea-8296-c0acebfca89a req-5cfa6976-33f1-45ea-8296-c0acebfca89a ] Request (ServersTestManualDisk:setUpClass): 200 GET http://10.180.1.21/compute/v2.1/servers/1ff31992-d8ca-425d-996d-c8d4c5283366 1.238s
2025-03-07 15:45:10.651 68958 INFO tempest.lib.common.rest_client [req-a10601a4-0479-4744-84d1-76d7968fa93f req-a10601a4-0479-4744-84d1-76d7968fa93f ] Request (SecurityGroupRulesNegativeTestJSON:test_create_security_group_rule_with_invalid_from_port): 200 POST http://10.180.1.21/compute/v2.1/os-security-groups 1.292s
2025-03-07 15:45:10.714 68998 INFO tempest.lib.common.rest_client [req-212b2bbe-8a26-4283-ade9-ee72ce1fb1eb req-212b2bbe-8a26-4283-ade9-ee72ce1fb1eb ] Request (ServerActionsTestOtherB:setUpClass): 200 GET http://10.180.1.21/compute/v2.1/servers/7edda435-0f02-4a60-9b85-5bb8700f647f 1.000s
2025-03-07 15:45:10.854 69006 INFO tempest.lib.common.rest_client [req-fdc9d8d3-dde9-43c3-9e91-3a41d134792e req-fdc9d8d3-dde9-43c3-9e91-3a41d134792e ] Request (ImagesTestJSON:test_create_image_from_suspended_server): 202 POST http://10.180.1.21/compute/v2.1/servers 1.618s
2025-03-07 15:45:10.925 69000 INFO tempest.lib.common.rest_client [req-b8b38839-35f5-40fa-adff-dd71b8410a06 req-b8b38839-35f5-40fa-adff-dd71b8410a06 ] Request (ValidationResourcesFixture:setUp): 200 POST http://10.180.1.21/compute/v2.1/os-keypairs 1.033s
2025-03-07 15:45:10.962 68988 INFO tempest.lib.common.rest_client [req-da862cb7-04b5-4ed3-a89a-1457110fddb7 req-da862cb7-04b5-4ed3-a89a-1457110fddb7 ] Request (ServerActionsTestJSON:setUpClass): 200 GET http://10.180.1.21/compute/v2.1/servers/33adcb4b-5985-4ad8-b0a2-c3996f102d69 1.004s
2025-03-07 15:45:10.974 68988 INFO tempest.common.waiters [-] State transition "BUILD/spawning" ==> "ACTIVE/None" after 42 second wait
2025-03-07 15:45:11.003 68996 INFO tempest.lib.common.rest_client [req-a7a1ef7a-d285-4ba1-a658-db5ac14de3cf req-a7a1ef7a-d285-4ba1-a658-db5ac14de3cf ] Request (ServersWithSpecificFlavorTestJSON:test_verify_created_server_ephemeral_disk): 200 GET http://10.180.1.21/compute/v2.1/servers/6b1012c6-0af9-4e75-ae26-0c2bb0485368 0.886s
2025-03-07 15:45:11.014 68996 INFO tempest.common.waiters [-] State transition "BUILD/None" ==> "BUILD/networking" after 37 second wait
2025-03-07 15:45:11.067 69004 INFO tempest.lib.common.rest_client [req-88df36c0-4a83-4f02-a973-ec3e3685e7a7 req-88df36c0-4a83-4f02-a973-ec3e3685e7a7 ] Request (ServerExternalEventsTest:tearDownClass): 200 GET http://10.180.1.21/compute/v2.1/servers/870c8b35-6745-4af5-9564-6b8673d2f8c8 0.839s
2025-03-07 15:45:11.110 68972 INFO tempest.lib.common.rest_client [req-36242eaa-8d03-47db-88d0-b2696b9a7e19 req-36242eaa-8d03-47db-88d0-b2696b9a7e19 ] Request (SecurityGroupRulesTestJSON:test_security_group_rules_create_with_optional_cidr): 200 POST http://10.180.1.21/compute/v2.1/os-security-group-rules 0.913s
2025-03-07 15:45:11.141 68966 INFO tempest.lib.common.rest_client [req-9d6e0e27-8a32-4809-a0d6-07e85c8a82e6 req-9d6e0e27-8a32-4809-a0d6-07e85c8a82e6 ] Request (KeyPairsV2TestJSON:test_keypair_create_delete): 200 POST http://10.180.1.21/compute/v2.1/os-keypairs 0.855s
2025-03-07 15:45:11.203 69002 INFO tempest.lib.common.rest_client [req-0ca3ef7e-b8fb-4a3f-81c5-f706bbf1ae26 req-0ca3ef7e-b8fb-4a3f-81c5-f706bbf1ae26 ] Request (FloatingIPsAssociationNegativeTestJSON:test_associate_nonexistent_floating_ip): 404 POST http://10.180.1.21/compute/v2.1/servers/fb9fd541-38e9-4ca5-a7b3-c6a06461c2da/action 0.933s
2025-03-07 15:45:11.255 69000 INFO tempest.lib.common.rest_client [req-4c746c56-09ce-4a97-aebe-a7dea946eac3 req-4c746c56-09ce-4a97-aebe-a7dea946eac3 ] Request (ValidationResourcesFixture:setUp): 201 POST http://10.180.1.21:9696/networking/v2.0/security-groups 0.328s
2025-03-07 15:45:11.276 68978 INFO tempest.lib.common.rest_client [req-bfc3474a-6587-44c9-983e-2290cccbfc2c req-bfc3474a-6587-44c9-983e-2290cccbfc2c ] Request (FloatingIPsAssociationTestJSON:test_associate_already_associated_floating_ip): 200 GET http://10.180.1.21/compute/v2.1/servers/e506d465-896d-4493-9e6b-398f3f08048b 0.815s
2025-03-07 15:45:11.285 68978 INFO tempest.common.waiters [-] State transition "BUILD/scheduling" ==> "BUILD/None" after 30 second wait
2025-03-07 15:45:11.302 68976 INFO tempest.lib.common.rest_client [req-8ed6985b-ee3f-4b94-84b6-6e2dcdeb4d26 req-8ed6985b-ee3f-4b94-84b6-6e2dcdeb4d26 ] Request (ListServerFiltersTestJSON:setUpClass): 200 GET http://10.180.1.21/compute/v2.1/servers/d8adc464-8082-4c42-a65c-a6cf62ce153d 0.877s
2025-03-07 15:45:11.330 68958 INFO tempest.lib.common.rest_client [req-68ef3e5c-fe2a-4213-a5e6-20a23a4ee736 req-68ef3e5c-fe2a-4213-a5e6-20a23a4ee736 ] Request (SecurityGroupRulesNegativeTestJSON:test_create_security_group_rule_with_invalid_from_port): 400 POST http://10.180.1.21/compute/v2.1/os-security-group-rules 0.676s
2025-03-07 15:45:11.382 68968 INFO tempest.lib.common.rest_client [req-1531a757-39ab-4ee6-919b-2946cf4f68ef req-1531a757-39ab-4ee6-919b-2946cf4f68ef ] Request (InstanceActionsNegativeTestJSON:setUpClass): 200 PUT http://10.180.1.21:9696/networking/v2.0/routers/8ef96115-0f67-4bc7-801d-7afd73d9f688/add_router_interface 3.047s
2025-03-07 15:45:11.382 68968 INFO tempest.lib.common.dynamic_creds [-] Created isolated network resources for: credentials: Credentials: {'domain_id': 'default', 'domain_name': 'Default', 'username': 'tempest-InstanceActionsNegativeTestJSON-1627489874-project-member', 'project_domain_id': 'default', 'project_domain_name': 'Default', 'project_id': 'b10ce04539484f06ab47c59456e73a14', 'project_name': 'tempest-InstanceActionsNegativeTestJSON-1627489874', 'tenant_id': 'b10ce04539484f06ab47c59456e73a14', 'tenant_name': 'tempest-InstanceActionsNegativeTestJSON-1627489874', 'user_domain_id': 'default', 'user_domain_name': 'Default', 'user_id': '5cbae099c4c34c919b990dc93b79fe6c', 'system': None}, Network: {'id': '8040223f-bb34-44da-b713-10c0dadf0d68', 'name': 'tempest-InstanceActionsNegativeTestJSON-1295499946-network', 'tenant_id': 'b10ce04539484f06ab47c59456e73a14', 'admin_state_up': True, 'mtu': 8950, 'status': 'ACTIVE', 'subnets': [], 'shared': False, 'project_id': 'b10ce04539484f06ab47c59456e73a14', 'port_security_enabled': True, 'router:external': False, 'provider:network_type': 'vlan', 'provider:physical_network': 'default', 'provider:segmentation_id': 947, 'availability_zone_hints': [], 'availability_zones': [], 'ipv4_address_scope': None, 'ipv6_address_scope': None, 'description': '', 'tags': [], 'created_at': '2025-03-07T15:45:06Z', 'updated_at': '2025-03-07T15:45:06Z', 'revision_number': 1}, Subnet: {'id': '166735ef-1b07-4958-bd98-3020dd034aef', 'name': 'tempest-InstanceActionsNegativeTestJSON-1295499946-subnet', 'tenant_id': 'b10ce04539484f06ab47c59456e73a14', 'network_id': '8040223f-bb34-44da-b713-10c0dadf0d68', 'ip_version': 4, 'subnetpool_id': None, 'enable_dhcp': True, 'ipv6_ra_mode': None, 'ipv6_address_mode': None, 'gateway_ip': '192.168.128.1', 'cidr': '192.168.128.0/28', 'allocation_pools': [{'start': '192.168.128.2', 'end': '192.168.128.14'}], 'host_routes': [], 'dns_nameservers': [], 'description': '', 'router:external': False, 'service_types': [], 'tags': [], 'created_at': '2025-03-07T15:45:06Z', 'updated_at': '2025-03-07T15:45:06Z', 'revision_number': 0, 'project_id': 'b10ce04539484f06ab47c59456e73a14'}, Router: {'id': '8ef96115-0f67-4bc7-801d-7afd73d9f688', 'name': 'tempest-InstanceActionsNegativeTestJSON-1295499946-router', 'tenant_id': 'b10ce04539484f06ab47c59456e73a14', 'admin_state_up': True, 'status': 'ACTIVE', 'external_gateway_info': {'network_id': 'a5a1c514-170f-4197-b856-a178fca9ab85', 'external_fixed_ips': [{'subnet_id': '404f811d-3cc4-48b3-bc16-8cd21c914d3a', 'ip_address': '10.180.180.214'}], 'enable_snat': True}, 'description': '', 'availability_zones': [], 'distributed': False, 'ha': False, 'availability_zone_hints': [], 'routes': [], 'flavor_id': None, 'tags': [], 'created_at': '2025-03-07T15:45:07Z', 'updated_at': '2025-03-07T15:45:07Z', 'revision_number': 2, 'project_id': 'b10ce04539484f06ab47c59456e73a14'}
2025-03-07 15:45:11.406 68980 INFO tempest.lib.common.rest_client [req-f1eebb70-1511-48f8-8cf5-7a3169dd2670 req-f1eebb70-1511-48f8-8cf5-7a3169dd2670 ] Request (ServerDiagnosticsTest:tearDownClass): 200 GET http://10.180.1.21/compute/v2.1/servers/c47a2b8a-6db1-4e67-a62e-01a95067121f 0.643s
2025-03-07 15:45:11.427 69006 INFO tempest.lib.common.rest_client [req-da0f265c-a73a-4725-9ae3-0cfae962a0e4 req-da0f265c-a73a-4725-9ae3-0cfae962a0e4 ] Request (ImagesTestJSON:test_create_image_from_suspended_server): 200 GET http://10.180.1.21/compute/v2.1/servers/75a6423a-0e3e-4d79-858d-01af450513dd 0.570s
