2025-03-07 15:46:22.881 68982 INFO tempest.lib.common.rest_client [req-d7be4d77-ec2a-4a9b-a0f7-2368ae4d19d6 req-d7be4d77-ec2a-4a9b-a0f7-2368ae4d19d6 ] Request (ServersTestMultiNic:_run_cleanups): 200 GET http://10.180.1.21/compute/v2.1/servers/6e7c1494-704f-4b7e-ba02-c3777ef4ffa7 0.063s
2025-03-07 15:46:22.948 68978 INFO tempest.lib.common.rest_client [req-88b646f3-c1c2-40e9-bb56-f06bb0387aae req-88b646f3-c1c2-40e9-bb56-f06bb0387aae ] Request (FloatingIPsAssociationTestJSON:tearDownClass): 200 GET http://10.180.1.21/compute/v2.1/servers/e506d465-896d-4493-9e6b-398f3f08048b 0.052s
2025-03-07 15:46:23.033 69000 INFO tempest.lib.common.rest_client [req-0c17e0f7-4fb8-4f71-b89c-99590ad90c30 req-0c17e0f7-4fb8-4f71-b89c-99590ad90c30 ] Request (AttachVolumeNegativeTest:test_attach_attached_volume_to_different_server): 200 GET http://10.180.1.21/compute/v2.1/servers/77ef840a-2216-4f7d-a598-421505eedd5e 0.049s
2025-03-07 15:46:23.117 69019 INFO tempest.lib.common.rest_client [req-297a1a37-e83e-4c10-b3fb-a93e41ba200b req-297a1a37-e83e-4c10-b3fb-a93e41ba200b ] Request (ServerActionsTestOtherA:setUpClass): 200 GET http://10.180.1.21/compute/v2.1/servers/36a36399-1707-4621-b677-6d728936489d 0.048s
2025-03-07 15:46:23.125 69019 INFO tempest.common.waiters [-] State transition "BUILD/scheduling" ==> "BUILD/None" after 46 second wait
2025-03-07 15:46:23.208 68968 INFO tempest.lib.common.rest_client [req-4ca254c9-b001-4923-aa10-c26f370e1f82 req-4ca254c9-b001-4923-aa10-c26f370e1f82 ] Request (InstanceActionsNegativeTestJSON:setUpClass): 200 GET http://10.180.1.21/compute/v2.1/servers/4cf0b932-a3d1-4bba-90e3-3b03e52c5cb7 0.070s
2025-03-07 15:46:23.219 68992 INFO tempest.lib.common.rest_client [req-e744397e-2eaa-46fa-aed3-f3ab6030f1c9 req-e744397e-2eaa-46fa-aed3-f3ab6030f1c9 ] Request (ListImageFiltersTestJSON:setUpClass): 201 POST http://10.180.1.21/image/v2/images 0.382s
2025-03-07 15:46:23.232 69020 INFO tempest.lib.common.rest_client [req-92efd3a2-2c0e-4fe7-ae85-25b2fab2cfe6 req-92efd3a2-2c0e-4fe7-ae85-25b2fab2cfe6 ] Request (ImagesOneServerTestJSON:setUpClass): 200 GET http://10.180.1.21/compute/v2.1/servers/f6db9f4b-f133-4c8a-8225-35535a715a80 0.102s
2025-03-07 15:46:23.276 68985 INFO tempest.lib.common.rest_client [req-ba8405e9-23df-4808-9931-0d4fb04f2ea0 req-ba8405e9-23df-4808-9931-0d4fb04f2ea0 ] Request (ServerRescueNegativeTestJSON:test_rescued_vm_detach_volume): 200 GET http://10.180.1.21/compute/v2.1/servers/b5431a59-4c62-4f54-9105-8db4eb1955fe 0.051s
2025-03-07 15:46:23.361 69010 WARNING tempest.lib.common.ssh [-] Failed to establish authenticated ssh connection to cirros@10.180.180.200 ([Errno None] Unable to connect to port 22 on 10.180.180.200). Number attempts: 8. Retry after 9 seconds.: paramiko.ssh_exception.NoValidConnectionsError: [Errno None] Unable to connect to port 22 on 10.180.180.200
2025-03-07 15:46:23.406 68958 INFO tempest.lib.common.rest_client [req-421b1189-0a18-4031-ae72-30baaa5c6872 req-421b1189-0a18-4031-ae72-30baaa5c6872 ] Request (ServersV294TestFqdnHostnames:setUpClass): 200 GET http://10.180.1.21/compute/v2.1/servers/24b77c0c-2889-46c4-aa3d-5816e11cea7e 0.060s
2025-03-07 15:46:23.455 69004 INFO tempest.lib.common.rest_client [req-65b1af23-597f-4b61-abb2-76a3c7ebef7f req-65b1af23-597f-4b61-abb2-76a3c7ebef7f ] Request (ServerShowV247Test:test_update_rebuild_list_server): 200 GET http://10.180.1.21/compute/v2.1/servers/80dce7e4-66e9-4a56-82d7-ceebfd78e23d 0.060s
2025-03-07 15:46:23.505 68964 INFO tempest.lib.common.rest_client [req-60a11fb4-89a1-4ca9-b902-439f41091340 req-60a11fb4-89a1-4ca9-b902-439f41091340 ] Request (SecurityGroupsTestJSON:test_list_security_groups_by_server): 200 GET http://10.180.1.21/compute/v2.1/servers/64df3563-d078-4958-a2e9-527f7a10e77d 0.053s
2025-03-07 15:46:23.519 68974 INFO tempest.lib.common.rest_client [req-bbafd25e-2658-47db-a3ad-80ef39736a42 req-bbafd25e-2658-47db-a3ad-80ef39736a42 ] Request (TenantUsagesTestJSON:tearDownClass): 200 GET http://10.180.1.21/compute/v2.1/servers/e469c9c6-c965-49ba-9a09-fb27ced0b3d2 0.067s
2025-03-07 15:46:23.577 68976 INFO tempest.lib.common.rest_client [req-3719cb4e-25ba-4eaa-a082-9a7b5571a9a0 req-3719cb4e-25ba-4eaa-a082-9a7b5571a9a0 ] Request (ListServerFiltersTestJSON:tearDownClass): 200 GET http://10.180.1.21/compute/v2.1/servers/02e8dbb0-8f29-49d6-93ff-684316c22806 0.060s
2025-03-07 15:46:23.639 69012 INFO tempest.lib.common.rest_client [req-9056dfe5-7606-43db-aced-665f26b90a45 req-9056dfe5-7606-43db-aced-665f26b90a45 ] Request (MigrationsAdminTest:test_resize_server_revert_deleted_flavor): 200 GET http://10.180.1.21/compute/v2.1/servers/fcb74c70-8ef5-4e21-b4aa-fba27a91e26b 0.069s
2025-03-07 15:46:23.665 69016 INFO tempest.lib.common.rest_client [req-1211742f-8a4f-410c-9f8a-77af08c13ffe req-1211742f-8a4f-410c-9f8a-77af08c13ffe ] Request (ListServersNegativeTestJSON:setUpClass): 200 GET http://10.180.1.21/compute/v2.1/servers/e34f4713-cc71-4968-9de4-698d63d6d09e 0.110s
2025-03-07 15:46:23.743 68972 INFO tempest.lib.common.rest_client [req-cfde6612-89af-4f6f-8d18-e6ec02be9530 req-cfde6612-89af-4f6f-8d18-e6ec02be9530 ] Request (ServerAddressesTestJSON:setUpClass): 200 GET http://10.180.1.21/compute/v2.1/servers/57efdccf-4a3f-4dcb-bb18-d601a4be0d5d 0.083s
2025-03-07 15:46:23.807 69008 INFO tempest.lib.common.rest_client [req-d740e605-d47e-4bda-8c0b-be69bcb080f9 req-d740e605-d47e-4bda-8c0b-be69bcb080f9 ] Request (ServersAdminNegativeTestJSON:setUpClass): 200 GET http://10.180.1.21/compute/v2.1/servers/a3632f4f-df78-46f3-9c63-67bb3f8247be 0.080s
2025-03-07 15:46:23.828 69006 INFO tempest.lib.common.rest_client [req-21dd1d89-2514-4e66-85ec-1a8db6219a18 req-21dd1d89-2514-4e66-85ec-1a8db6219a18 ] Request (ImagesTestJSON:test_create_image_from_suspended_server): 200 GET http://10.180.1.21/compute/v2.1/servers/75a6423a-0e3e-4d79-858d-01af450513dd 0.210s
2025-03-07 15:46:23.834 69006 INFO tempest.common.waiters [-] State transition "BUILD/None" ==> "BUILD/networking" after 72 second wait
2025-03-07 15:46:23.870 68960 INFO tempest.lib.common.rest_client [req-2e37358c-b932-4614-bfbf-8a7db57a1a03 req-2e37358c-b932-4614-bfbf-8a7db57a1a03 ] Request (MultipleCreateTestJSON:test_multiple_create): 200 GET http://10.180.1.21/compute/v2.1/servers/258f92e1-c7dd-476f-b409-bf3f72d45dbb 0.052s
2025-03-07 15:46:23.911 68998 WARNING tempest.lib.common.ssh [-] Failed to establish authenticated ssh connection to cirros@10.180.180.226 ([Errno None] Unable to connect to port 22 on 10.180.180.226). Number attempts: 4. Retry after 5 seconds.: paramiko.ssh_exception.NoValidConnectionsError: [Errno None] Unable to connect to port 22 on 10.180.180.226
2025-03-07 15:46:23.961 68982 INFO tempest.lib.common.rest_client [req-28b1a872-fd45-45e5-a4b7-457a24059f4b req-28b1a872-fd45-45e5-a4b7-457a24059f4b ] Request (ServersTestMultiNic:_run_cleanups): 200 GET http://10.180.1.21/compute/v2.1/servers/6e7c1494-704f-4b7e-ba02-c3777ef4ffa7 0.072s
2025-03-07 15:46:23.987 68962 INFO tempest.lib.common.rest_client [req-9383d329-5e58-4af2-adb9-a968ea21acb2 req-9383d329-5e58-4af2-adb9-a968ea21acb2 ] Request (DeleteServersAdminTestJSON:test_delete_server_while_in_error_state): 200 GET http://10.180.1.21/compute/v2.1/servers/273f2827-62c0-46a1-9d39-a609cee78482 0.111s
2025-03-07 15:46:24.020 68978 INFO tempest.lib.common.rest_client [req-519dec04-2615-4d00-9852-23f62cd25cf6 req-519dec04-2615-4d00-9852-23f62cd25cf6 ] Request (FloatingIPsAssociationTestJSON:tearDownClass): 200 GET http://10.180.1.21/compute/v2.1/servers/e506d465-896d-4493-9e6b-398f3f08048b 0.065s
2025-03-07 15:46:24.099 69000 INFO tempest.lib.common.rest_client [req-ba2774b8-e490-4186-aecb-cfc889de9cd3 req-ba2774b8-e490-4186-aecb-cfc889de9cd3 ] Request (AttachVolumeNegativeTest:test_attach_attached_volume_to_different_server): 200 GET http://10.180.1.21/compute/v2.1/servers/77ef840a-2216-4f7d-a598-421505eedd5e 0.056s
2025-03-07 15:46:24.201 69019 INFO tempest.lib.common.rest_client [req-3bc75c33-c5b0-4d47-8e57-614a02c7ee39 req-3bc75c33-c5b0-4d47-8e57-614a02c7ee39 ] Request (ServerActionsTestOtherA:setUpClass): 200 GET http://10.180.1.21/compute/v2.1/servers/36a36399-1707-4621-b677-6d728936489d 0.075s
2025-03-07 15:46:24.280 68968 INFO tempest.lib.common.rest_client [req-51cf855c-dfde-49b3-b9da-ca73ab59ed08 req-51cf855c-dfde-49b3-b9da-ca73ab59ed08 ] Request (InstanceActionsNegativeTestJSON:setUpClass): 200 GET http://10.180.1.21/compute/v2.1/servers/4cf0b932-a3d1-4bba-90e3-3b03e52c5cb7 0.065s
2025-03-07 15:46:24.352 68985 INFO tempest.lib.common.rest_client [req-7ce234f0-25dc-4772-bd27-6b3f65be430f req-7ce234f0-25dc-4772-bd27-6b3f65be430f ] Request (ServerRescueNegativeTestJSON:test_rescued_vm_detach_volume): 200 GET http://10.180.1.21/compute/v2.1/servers/b5431a59-4c62-4f54-9105-8db4eb1955fe 0.068s
2025-03-07 15:46:24.373 69020 INFO tempest.lib.common.rest_client [req-6b9650a1-91da-4ab4-89df-e5c4db7117ad req-6b9650a1-91da-4ab4-89df-e5c4db7117ad ] Request (ImagesOneServerTestJSON:setUpClass): 200 GET http://10.180.1.21/compute/v2.1/servers/f6db9f4b-f133-4c8a-8225-35535a715a80 0.132s
2025-03-07 15:46:24.480 68958 INFO tempest.lib.common.rest_client [req-2b2dc5f4-5771-4e6f-8830-3d4e13c347d4 req-2b2dc5f4-5771-4e6f-8830-3d4e13c347d4 ] Request (ServersV294TestFqdnHostnames:setUpClass): 200 GET http://10.180.1.21/compute/v2.1/servers/24b77c0c-2889-46c4-aa3d-5816e11cea7e 0.057s
2025-03-07 15:46:24.522 69004 INFO tempest.lib.common.rest_client [req-0b2ff0f5-05a6-4002-b416-cc766580320a req-0b2ff0f5-05a6-4002-b416-cc766580320a ] Request (ServerShowV247Test:test_update_rebuild_list_server): 200 GET http://10.180.1.21/compute/v2.1/servers/80dce7e4-66e9-4a56-82d7-ceebfd78e23d 0.057s
2025-03-07 15:46:24.569 68964 INFO tempest.lib.common.rest_client [req-b47ca041-e058-451c-a924-8ee221262845 req-b47ca041-e058-451c-a924-8ee221262845 ] Request (SecurityGroupsTestJSON:test_list_security_groups_by_server): 200 GET http://10.180.1.21/compute/v2.1/servers/64df3563-d078-4958-a2e9-527f7a10e77d 0.056s
2025-03-07 15:46:24.588 68974 INFO tempest.lib.common.rest_client [req-c2e4c56b-7476-431b-89ce-f9e3b8e1823c req-c2e4c56b-7476-431b-89ce-f9e3b8e1823c ] Request (TenantUsagesTestJSON:tearDownClass): 200 GET http://10.180.1.21/compute/v2.1/servers/e469c9c6-c965-49ba-9a09-fb27ced0b3d2 0.062s
2025-03-07 15:46:24.655 68976 INFO tempest.lib.common.rest_client [req-f9e58dbb-bb6a-49e3-ad16-308826663bc1 req-f9e58dbb-bb6a-49e3-ad16-308826663bc1 ] Request (ListServerFiltersTestJSON:tearDownClass): 200 GET http://10.180.1.21/compute/v2.1/servers/02e8dbb0-8f29-49d6-93ff-684316c22806 0.071s
2025-03-07 15:46:24.702 69012 INFO tempest.lib.common.rest_client [req-8ed70f96-f03c-4fb0-9062-aeaf8bba320d req-8ed70f96-f03c-4fb0-9062-aeaf8bba320d ] Request (MigrationsAdminTest:test_resize_server_revert_deleted_flavor): 200 GET http://10.180.1.21/compute/v2.1/servers/fcb74c70-8ef5-4e21-b4aa-fba27a91e26b 0.055s
2025-03-07 15:46:24.801 69016 INFO tempest.lib.common.rest_client [req-f96e9267-64a6-477b-ad95-faf79e3d67e9 req-f96e9267-64a6-477b-ad95-faf79e3d67e9 ] Request (ListServersNegativeTestJSON:setUpClass): 200 GET http://10.180.1.21/compute/v2.1/servers/e34f4713-cc71-4968-9de4-698d63d6d09e 0.127s
2025-03-07 15:46:24.819 68992 INFO tempest.lib.common.rest_client [req-e1f22ee2-ea1d-4de3-b852-14cd7a8e7c56 req-e1f22ee2-ea1d-4de3-b852-14cd7a8e7c56 ] Request (ListImageFiltersTestJSON:setUpClass): 204 PUT http://10.180.1.21/image/v2/images/6fc9e8ed-b300-45f0-8142-5450b7449e2d/file 0.598s
2025-03-07 15:46:24.824 68972 INFO tempest.lib.common.rest_client [req-13f2118b-3cce-44b0-a15a-730d6022d291 req-13f2118b-3cce-44b0-a15a-730d6022d291 ] Request (ServerAddressesTestJSON:setUpClass): 200 GET http://10.180.1.21/compute/v2.1/servers/57efdccf-4a3f-4dcb-bb18-d601a4be0d5d 0.067s
2025-03-07 15:46:24.844 68988 WARNING tempest.lib.common.ssh [-] Failed to establish authenticated ssh connection to cirros@10.180.180.155 ([Errno None] Unable to connect to port 22 on 10.180.180.155). Number attempts: 9. Retry after 10 seconds.: paramiko.ssh_exception.NoValidConnectionsError: [Errno None] Unable to connect to port 22 on 10.180.180.155
2025-03-07 15:46:24.858 68992 INFO tempest.lib.common.rest_client [req-dd3259cc-f8e1-428d-900f-bede83c673dd req-dd3259cc-f8e1-428d-900f-bede83c673dd ] Request (ListImageFiltersTestJSON:setUpClass): 200 GET http://10.180.1.21/compute/v2.1/images/6fc9e8ed-b300-45f0-8142-5450b7449e2d 0.039s
2025-03-07 15:46:24.884 69008 INFO tempest.lib.common.rest_client [req-096a2730-1491-43a5-a747-c72b84360e99 req-096a2730-1491-43a5-a747-c72b84360e99 ] Request (ServersAdminNegativeTestJSON:setUpClass): 200 GET http://10.180.1.21/compute/v2.1/servers/a3632f4f-df78-46f3-9c63-67bb3f8247be 0.069s
2025-03-07 15:46:24.917 68992 INFO tempest.lib.common.rest_client [req-b37280c2-deb0-49b0-b2dc-ea11bb36d727 req-b37280c2-deb0-49b0-b2dc-ea11bb36d727 ] Request (ListImageFiltersTestJSON:setUpClass): 200 GET http://10.180.1.21/compute/v2.1/images/6fc9e8ed-b300-45f0-8142-5450b7449e2d 0.054s
2025-03-07 15:46:24.971 68960 INFO tempest.lib.common.rest_client [req-74838bdc-7f18-4ea0-8b34-0d88ad1c54d0 req-74838bdc-7f18-4ea0-8b34-0d88ad1c54d0 ] Request (MultipleCreateTestJSON:test_multiple_create): 200 GET http://10.180.1.21/compute/v2.1/servers/258f92e1-c7dd-476f-b409-bf3f72d45dbb 0.092s
2025-03-07 15:46:24.993 69006 INFO tempest.lib.common.rest_client [req-3319b1e5-e15b-44c8-abf6-3088233d8082 req-3319b1e5-e15b-44c8-abf6-3088233d8082 ] Request (ImagesTestJSON:test_create_image_from_suspended_server): 200 GET http://10.180.1.21/compute/v2.1/servers/75a6423a-0e3e-4d79-858d-01af450513dd 0.158s
2025-03-07 15:46:25.002 69006 INFO tempest.common.waiters [-] State transition "BUILD/networking" ==> "BUILD/spawning" after 74 second wait
2025-03-07 15:46:25.055 68982 INFO tempest.lib.common.rest_client [req-80f34729-e846-4a34-a9eb-90305b7e6476 req-80f34729-e846-4a34-a9eb-90305b7e6476 ] Request (ServersTestMultiNic:_run_cleanups): 200 GET http://10.180.1.21/compute/v2.1/servers/6e7c1494-704f-4b7e-ba02-c3777ef4ffa7 0.086s
2025-03-07 15:46:25.096 68962 INFO tempest.lib.common.rest_client [req-02c82254-fd59-4312-a2e3-fde2c18f4f79 req-02c82254-fd59-4312-a2e3-fde2c18f4f79 ] Request (DeleteServersAdminTestJSON:test_delete_server_while_in_error_state): 200 GET http://10.180.1.21/compute/v2.1/servers/273f2827-62c0-46a1-9d39-a609cee78482 0.101s
2025-03-07 15:46:25.113 68978 INFO tempest.lib.common.rest_client [req-067979a9-7142-43ab-8655-56038877ff0f req-067979a9-7142-43ab-8655-56038877ff0f ] Request (FloatingIPsAssociationTestJSON:tearDownClass): 200 GET http://10.180.1.21/compute/v2.1/servers/e506d465-896d-4493-9e6b-398f3f08048b 0.084s
2025-03-07 15:46:25.152 69000 INFO tempest.lib.common.rest_client [req-55df9967-4ec9-43a8-ab25-fece042f9e67 req-55df9967-4ec9-43a8-ab25-fece042f9e67 ] Request (AttachVolumeNegativeTest:test_attach_attached_volume_to_different_server): 200 GET http://10.180.1.21/compute/v2.1/servers/77ef840a-2216-4f7d-a598-421505eedd5e 0.046s
2025-03-07 15:46:25.206 68992 INFO tempest.lib.common.rest_client [req-d5753d21-5789-4a6d-87e9-16c146a2445b req-d5753d21-5789-4a6d-87e9-16c146a2445b ] Request (ListImageFiltersTestJSON:setUpClass): 201 POST http://10.180.1.21/image/v2/images 0.286s
2025-03-07 15:46:25.258 69019 INFO tempest.lib.common.rest_client [req-75baab46-dd18-4b8d-adb1-d0f987a0e022 req-75baab46-dd18-4b8d-adb1-d0f987a0e022 ] Request (ServerActionsTestOtherA:setUpClass): 200 GET http://10.180.1.21/compute/v2.1/servers/36a36399-1707-4621-b677-6d728936489d 0.047s
2025-03-07 15:46:25.342 68968 INFO tempest.lib.common.rest_client [req-d493ed27-d97f-4cd2-8e62-54df993e17b0 req-d493ed27-d97f-4cd2-8e62-54df993e17b0 ] Request (InstanceActionsNegativeTestJSON:setUpClass): 200 GET http://10.180.1.21/compute/v2.1/servers/4cf0b932-a3d1-4bba-90e3-3b03e52c5cb7 0.050s
2025-03-07 15:46:25.409 68985 INFO tempest.lib.common.rest_client [req-bda4ea13-5318-40d4-89c8-0558d178f85f req-bda4ea13-5318-40d4-89c8-0558d178f85f ] Request (ServerRescueNegativeTestJSON:test_rescued_vm_detach_volume): 200 GET http://10.180.1.21/compute/v2.1/servers/b5431a59-4c62-4f54-9105-8db4eb1955fe 0.049s
2025-03-07 15:46:25.468 69020 INFO tempest.lib.common.rest_client [req-bbcada72-72b2-4253-a743-6b2cbfeb3162 req-bbcada72-72b2-4253-a743-6b2cbfeb3162 ] Request (ImagesOneServerTestJSON:setUpClass): 200 GET http://10.180.1.21/compute/v2.1/servers/f6db9f4b-f133-4c8a-8225-35535a715a80 0.088s
2025-03-07 15:46:25.505 68970 INFO paramiko.transport [-] Connected (version 2.0, client dropbear_2020.81)
2025-03-07 15:46:25.542 68958 INFO tempest.lib.common.rest_client [req-b4d3f38d-27f2-4cf0-8818-261c4ffcb26c req-b4d3f38d-27f2-4cf0-8818-261c4ffcb26c ] Request (ServersV294TestFqdnHostnames:setUpClass): 200 GET http://10.180.1.21/compute/v2.1/servers/24b77c0c-2889-46c4-aa3d-5816e11cea7e 0.052s
2025-03-07 15:46:25.571 68970 INFO paramiko.transport [-] Authentication (publickey) successful!
2025-03-07 15:46:25.572 68970 INFO tempest.lib.common.ssh [-] ssh connection to cirros@10.180.180.168 successfully created
2025-03-07 15:46:25.761 68970 INFO tempest.lib.common.rest_client [req-a3a47404-83c7-40fa-9dad-36618588d810 req-a3a47404-83c7-40fa-9dad-36618588d810 ] Request (VolumesAdminNegativeTest:test_update_attached_volume_with_nonexistent_volume_in_body): 202 POST http://10.180.1.21/volume/v3/volumes 0.189s
2025-03-07 15:46:25.793 68970 INFO tempest.lib.common.rest_client [req-43b0a728-ebf8-45e2-a686-26bb29eef123 req-43b0a728-ebf8-45e2-a686-26bb29eef123 ] Request (VolumesAdminNegativeTest:test_update_attached_volume_with_nonexistent_volume_in_body): 200 GET http://10.180.1.21/volume/v3/volumes/2b5a845f-1db8-4b4b-a76e-cbb670d8f1cd 0.024s
2025-03-07 15:46:25.807 69004 INFO tempest.lib.common.rest_client [req-68141ec5-8ad2-4a2e-ac10-ff82a6181af6 req-68141ec5-8ad2-4a2e-ac10-ff82a6181af6 ] Request (ServerShowV247Test:test_update_rebuild_list_server): 200 GET http://10.180.1.21/compute/v2.1/servers/80dce7e4-66e9-4a56-82d7-ceebfd78e23d 0.275s
2025-03-07 15:46:25.816 68964 INFO tempest.lib.common.rest_client [req-008112ad-4e65-478b-83a3-d5ed8ec921ab req-008112ad-4e65-478b-83a3-d5ed8ec921ab ] Request (SecurityGroupsTestJSON:test_list_security_groups_by_server): 200 GET http://10.180.1.21/compute/v2.1/servers/64df3563-d078-4958-a2e9-527f7a10e77d 0.239s
2025-03-07 15:46:25.828 68974 INFO tempest.lib.common.rest_client [req-b6350a4b-a417-4b08-83f3-f439155bd8b2 req-b6350a4b-a417-4b08-83f3-f439155bd8b2 ] Request (TenantUsagesTestJSON:tearDownClass): 404 GET http://10.180.1.21/compute/v2.1/servers/e469c9c6-c965-49ba-9a09-fb27ced0b3d2 0.231s
2025-03-07 15:46:25.881 69012 INFO tempest.lib.common.rest_client [req-d23e448d-b44f-4a4c-a2d1-e57fc32379ac req-d23e448d-b44f-4a4c-a2d1-e57fc32379ac ] Request (MigrationsAdminTest:test_resize_server_revert_deleted_flavor): 200 GET http://10.180.1.21/compute/v2.1/servers/fcb74c70-8ef5-4e21-b4aa-fba27a91e26b 0.169s
2025-03-07 15:46:25.892 68976 INFO tempest.lib.common.rest_client [req-9cc88380-472f-40f8-82b2-b47856774a7d req-9cc88380-472f-40f8-82b2-b47856774a7d ] Request (ListServerFiltersTestJSON:tearDownClass): 200 GET http://10.180.1.21/compute/v2.1/servers/02e8dbb0-8f29-49d6-93ff-684316c22806 0.225s
2025-03-07 15:46:25.942 69016 INFO tempest.lib.common.rest_client [req-0c6deda4-f66a-4c70-988a-9159b1557f9c req-0c6deda4-f66a-4c70-988a-9159b1557f9c ] Request (ListServersNegativeTestJSON:setUpClass): 200 GET http://10.180.1.21/compute/v2.1/servers/e34f4713-cc71-4968-9de4-698d63d6d09e 0.131s
2025-03-07 15:46:25.949 68972 INFO tempest.lib.common.rest_client [req-02e4a5e9-465e-4108-9a5a-d12cfa9e913c req-02e4a5e9-465e-4108-9a5a-d12cfa9e913c ] Request (ServerAddressesTestJSON:setUpClass): 200 GET http://10.180.1.21/compute/v2.1/servers/57efdccf-4a3f-4dcb-bb18-d601a4be0d5d 0.113s
2025-03-07 15:46:25.949 69016 INFO tempest.common.waiters [-] State transition "ACTIVE/deleting" ==> "DELETED/None" after 3 second wait
2025-03-07 15:46:25.959 68974 INFO tempest.lib.common.rest_client [req-553688fd-a112-45cc-9ad0-86cd21349756 req-553688fd-a112-45cc-9ad0-86cd21349756 ] Request (TenantUsagesTestJSON:tearDownClass): 204 DELETE http://10.180.1.21/identity/v3/users/a9ff952679834044a2f3d574ce64f93c 0.130s
2025-03-07 15:46:25.992 69008 INFO tempest.lib.common.rest_client [req-42396ac4-f13a-44a1-b05e-9333ef77e0e6 req-42396ac4-f13a-44a1-b05e-9333ef77e0e6 ] Request (ServersAdminNegativeTestJSON:setUpClass): 200 GET http://10.180.1.21/compute/v2.1/servers/a3632f4f-df78-46f3-9c63-67bb3f8247be 0.097s
2025-03-07 15:46:26.034 68960 INFO tempest.lib.common.rest_client [req-6bf34591-46d6-405d-a510-d80f26bb5391 req-6bf34591-46d6-405d-a510-d80f26bb5391 ] Request (MultipleCreateTestJSON:test_multiple_create): 200 GET http://10.180.1.21/compute/v2.1/servers/258f92e1-c7dd-476f-b409-bf3f72d45dbb 0.052s
2025-03-07 15:46:26.068 68974 INFO tempest.lib.common.rest_client [req-41fc1845-fdaa-4945-a024-c8c3db393431 req-41fc1845-fdaa-4945-a024-c8c3db393431 ] Request (TenantUsagesTestJSON:tearDownClass): 204 DELETE http://10.180.1.21/identity/v3/users/b28c70fd80fc437f9a468140b13be1f5 0.109s
2025-03-07 15:46:26.069 68974 INFO tempest.lib.common.dynamic_creds [-] Deleting project and security group for project: 14e136cd595640cb8d6fd48c7495d2ca
2025-03-07 15:46:26.140 68982 INFO tempest.lib.common.rest_client [req-352516c7-76d7-41b8-b721-28c0b445c151 req-352516c7-76d7-41b8-b721-28c0b445c151 ] Request (ServersTestMultiNic:_run_cleanups): 200 GET http://10.180.1.21/compute/v2.1/servers/6e7c1494-704f-4b7e-ba02-c3777ef4ffa7 0.077s
2025-03-07 15:46:26.144 69006 INFO tempest.lib.common.rest_client [req-86615920-721b-467d-b9a2-90f0c74d3392 req-86615920-721b-467d-b9a2-90f0c74d3392 ] Request (ImagesTestJSON:test_create_image_from_suspended_server): 200 GET http://10.180.1.21/compute/v2.1/servers/75a6423a-0e3e-4d79-858d-01af450513dd 0.140s
2025-03-07 15:46:26.147 68974 INFO tempest.lib.common.rest_client [req-a80550ec-8e5a-43c5-a1d0-bc75f3faa880 req-a80550ec-8e5a-43c5-a1d0-bc75f3faa880 ] Request (TenantUsagesTestJSON:tearDownClass): 201 POST http://10.180.1.21/identity/v3/auth/tokens 0.078s
2025-03-07 15:46:26.228 68978 INFO tempest.lib.common.rest_client [req-a4ad04ef-6ae6-4b98-a522-058b7275a570 req-a4ad04ef-6ae6-4b98-a522-058b7275a570 ] Request (FloatingIPsAssociationTestJSON:tearDownClass): 200 GET http://10.180.1.21/compute/v2.1/servers/e506d465-896d-4493-9e6b-398f3f08048b 0.105s
2025-03-07 15:46:26.257 68974 INFO tempest.lib.common.rest_client [req-529a3851-227a-45bb-aa3c-b0ef36329362 req-529a3851-227a-45bb-aa3c-b0ef36329362 ] Request (TenantUsagesTestJSON:tearDownClass): 200 GET http://10.180.1.21:9696/networking/v2.0/security-groups?tenant_id=14e136cd595640cb8d6fd48c7495d2ca&name=default 0.109s
2025-03-07 15:46:26.281 69000 INFO tempest.lib.common.rest_client [req-4b875758-5c04-4977-9759-7db27aa2c158 req-4b875758-5c04-4977-9759-7db27aa2c158 ] Request (AttachVolumeNegativeTest:test_attach_attached_volume_to_different_server): 200 GET http://10.180.1.21/compute/v2.1/servers/77ef840a-2216-4f7d-a598-421505eedd5e 0.120s
2025-03-07 15:46:26.296 68962 INFO tempest.lib.common.rest_client [req-90afc360-f60a-4fec-aec4-b372c12731c3 req-90afc360-f60a-4fec-aec4-b372c12731c3 ] Request (DeleteServersAdminTestJSON:test_delete_server_while_in_error_state): 200 GET http://10.180.1.21/compute/v2.1/servers/273f2827-62c0-46a1-9d39-a609cee78482 0.192s
2025-03-07 15:46:26.303 68962 INFO tempest.common.waiters [-] State transition "BUILD/spawning" ==> "ACTIVE/None" after 83 second wait
2025-03-07 15:46:26.332 69019 INFO tempest.lib.common.rest_client [req-14687772-fbff-4921-afc9-4e4959794c30 req-14687772-fbff-4921-afc9-4e4959794c30 ] Request (ServerActionsTestOtherA:setUpClass): 200 GET http://10.180.1.21/compute/v2.1/servers/36a36399-1707-4621-b677-6d728936489d 0.065s
2025-03-07 15:46:26.344 69014 WARNING tempest.lib.common.ssh [-] Failed to establish authenticated ssh connection to cirros@10.180.180.142 ([Errno None] Unable to connect to port 22 on 10.180.180.142). Number attempts: 4. Retry after 5 seconds.: paramiko.ssh_exception.NoValidConnectionsError: [Errno None] Unable to connect to port 22 on 10.180.180.142
2025-03-07 15:46:26.398 68962 INFO tempest.lib.common.rest_client [req-b4895949-5763-4325-80cb-37a2a34c3c4b req-b4895949-5763-4325-80cb-37a2a34c3c4b ] Request (DeleteServersAdminTestJSON:test_delete_server_while_in_error_state): 202 POST http://10.180.1.21/compute/v2.1/servers/273f2827-62c0-46a1-9d39-a609cee78482/action 0.095s
2025-03-07 15:46:26.404 68968 INFO tempest.lib.common.rest_client [req-b2c8426a-a216-4b37-8b85-d3a3c4a290bd req-b2c8426a-a216-4b37-8b85-d3a3c4a290bd ] Request (InstanceActionsNegativeTestJSON:setUpClass): 200 GET http://10.180.1.21/compute/v2.1/servers/4cf0b932-a3d1-4bba-90e3-3b03e52c5cb7 0.054s
2025-03-07 15:46:26.427 68974 INFO tempest.lib.common.rest_client [req-eb6179b4-b5e2-47d4-a53c-a6e46adec917 req-eb6179b4-b5e2-47d4-a53c-a6e46adec917 ] Request (TenantUsagesTestJSON:tearDownClass): 204 DELETE http://10.180.1.21:9696/networking/v2.0/security-groups/752d328e-5839-4f66-b87d-e75fd6f8efed 0.169s
2025-03-07 15:46:26.482 68985 INFO tempest.lib.common.rest_client [req-f93aa12a-61d8-4690-b0c8-0547d7bc4040 req-f93aa12a-61d8-4690-b0c8-0547d7bc4040 ] Request (ServerRescueNegativeTestJSON:test_rescued_vm_detach_volume): 200 GET http://10.180.1.21/compute/v2.1/servers/b5431a59-4c62-4f54-9105-8db4eb1955fe 0.064s
2025-03-07 15:46:26.483 68974 INFO tempest.lib.common.rest_client [req-ad03ac9f-e52e-434a-a95b-8b35a7a449ed req-ad03ac9f-e52e-434a-a95b-8b35a7a449ed ] Request (TenantUsagesTestJSON:tearDownClass): 204 DELETE http://10.180.1.21/identity/v3/projects/14e136cd595640cb8d6fd48c7495d2ca 0.056s
2025-03-07 15:46:26.484 68974 INFO tempest.lib.common.dynamic_creds [-] Deleting project and security group for project: 31cad3fee3d04e03b7458636a0cbd3cd
2025-03-07 15:46:26.533 68962 INFO tempest.lib.common.rest_client [req-d5b082f7-6cfd-4143-bad8-b06fc9a3b4b6 req-d5b082f7-6cfd-4143-bad8-b06fc9a3b4b6 ] Request (DeleteServersAdminTestJSON:test_delete_server_while_in_error_state): 200 GET http://10.180.1.21/compute/v2.1/servers/273f2827-62c0-46a1-9d39-a609cee78482 0.134s
2025-03-07 15:46:26.577 69020 INFO tempest.lib.common.rest_client [req-c706287d-ac7a-4f9b-928b-25b3d75f7756 req-c706287d-ac7a-4f9b-928b-25b3d75f7756 ] Request (ImagesOneServerTestJSON:setUpClass): 200 GET http://10.180.1.21/compute/v2.1/servers/f6db9f4b-f133-4c8a-8225-35535a715a80 0.102s
2025-03-07 15:46:26.582 68974 INFO tempest.lib.common.rest_client [req-dfd256ab-510a-46a6-850a-73963456b755 req-dfd256ab-510a-46a6-850a-73963456b755 ] Request (TenantUsagesTestJSON:tearDownClass): 200 GET http://10.180.1.21:9696/networking/v2.0/security-groups?tenant_id=31cad3fee3d04e03b7458636a0cbd3cd&name=default 0.098s
2025-03-07 15:46:26.631 68962 INFO tempest.lib.common.rest_client [req-bcaf662b-4045-45f4-b232-4545b31cf18c req-bcaf662b-4045-45f4-b232-4545b31cf18c ] Request (DeleteServersAdminTestJSON:test_delete_server_while_in_error_state): 204 DELETE http://10.180.1.21/compute/v2.1/servers/273f2827-62c0-46a1-9d39-a609cee78482 0.090s
2025-03-07 15:46:26.634 68958 INFO tempest.lib.common.rest_client [req-ed2f3faa-d626-41a4-a62c-102896d6d58c req-ed2f3faa-d626-41a4-a62c-102896d6d58c ] Request (ServersV294TestFqdnHostnames:setUpClass): 200 GET http://10.180.1.21/compute/v2.1/servers/24b77c0c-2889-46c4-aa3d-5816e11cea7e 0.081s
2025-03-07 15:46:26.675 68974 INFO tempest.lib.common.rest_client [req-0120983a-7e8f-4bef-b4bf-f24ff8f49e23 req-0120983a-7e8f-4bef-b4bf-f24ff8f49e23 ] Request (TenantUsagesTestJSON:tearDownClass): 204 DELETE http://10.180.1.21:9696/networking/v2.0/security-groups/421ac2b2-fd74-49d2-acfa-c8cae9ea877f 0.093s
2025-03-07 15:46:26.740 68962 INFO tempest.lib.common.rest_client [req-7ee9d344-3493-4f59-ba71-bc83eee0a6e4 req-7ee9d344-3493-4f59-ba71-bc83eee0a6e4 ] Request (DeleteServersAdminTestJSON:test_delete_server_while_in_error_state): 200 GET http://10.180.1.21/compute/v2.1/servers/273f2827-62c0-46a1-9d39-a609cee78482 0.108s
2025-03-07 15:46:26.774 68974 INFO tempest.lib.common.rest_client [req-50d62b2e-89df-4391-9310-0f769d5442e5 req-50d62b2e-89df-4391-9310-0f769d5442e5 ] Request (TenantUsagesTestJSON:tearDownClass): 204 DELETE http://10.180.1.21/identity/v3/projects/31cad3fee3d04e03b7458636a0cbd3cd 0.098s
2025-03-07 15:46:26.775 68974 INFO tempest.test [-] raised in NoVNCConsoleTestJSON.setUpClass. Invoking tearDownClass.
2025-03-07 15:46:26.806 68992 INFO tempest.lib.common.rest_client [req-63d72d07-56e9-43c7-a622-2839a7dfacc1 req-63d72d07-56e9-43c7-a622-2839a7dfacc1 ] Request (ListImageFiltersTestJSON:setUpClass): 204 PUT http://10.180.1.21/image/v2/images/50596ced-044c-4084-a33e-09680e776a20/file 0.599s
2025-03-07 15:46:26.833 68970 INFO tempest.lib.common.rest_client [req-a5ebf61c-7e65-4151-81d6-6d0646c04498 req-a5ebf61c-7e65-4151-81d6-6d0646c04498 ] Request (VolumesAdminNegativeTest:test_update_attached_volume_with_nonexistent_volume_in_body): 200 GET http://10.180.1.21/volume/v3/volumes/2b5a845f-1db8-4b4b-a76e-cbb670d8f1cd 0.033s
2025-03-07 15:46:26.835 68974 INFO tempest.lib.common.rest_client [req-62423ce2-2cd0-4453-8649-426d71d5f357 req-62423ce2-2cd0-4453-8649-426d71d5f357 ] Request (VolumesTestJSON:setUpClass): 201 POST http://10.180.1.21/identity/v3/auth/tokens 0.057s
2025-03-07 15:46:26.838 68992 INFO tempest.lib.common.rest_client [req-21cf5812-ae52-4ecd-a201-5645bc2e9684 req-21cf5812-ae52-4ecd-a201-5645bc2e9684 ] Request (ListImageFiltersTestJSON:setUpClass): 200 GET http://10.180.1.21/compute/v2.1/images/50596ced-044c-4084-a33e-09680e776a20 0.031s
2025-03-07 15:46:26.840 68970 INFO tempest.common.waiters [-] volume 2b5a845f-1db8-4b4b-a76e-cbb670d8f1cd reached available after waiting for 1.840475 seconds
2025-03-07 15:46:26.864 68974 INFO tempest.lib.common.rest_client [req-004a1252-5247-4387-941e-2ddd1e5c52a8 req-004a1252-5247-4387-941e-2ddd1e5c52a8 ] Request (VolumesTestJSON:setUpClass): 201 POST http://10.180.1.21/identity/v3/auth/tokens 0.026s
2025-03-07 15:46:26.875 69004 INFO tempest.lib.common.rest_client [req-b9bf75f5-4253-4d26-991b-4c60d818251d req-b9bf75f5-4253-4d26-991b-4c60d818251d ] Request (ServerShowV247Test:test_update_rebuild_list_server): 200 GET http://10.180.1.21/compute/v2.1/servers/80dce7e4-66e9-4a56-82d7-ceebfd78e23d 0.057s
2025-03-07 15:46:26.886 68964 INFO tempest.lib.common.rest_client [req-68ddb056-fc3d-4ee7-b752-dc9d671c9496 req-68ddb056-fc3d-4ee7-b752-dc9d671c9496 ] Request (SecurityGroupsTestJSON:test_list_security_groups_by_server): 200 GET http://10.180.1.21/compute/v2.1/servers/64df3563-d078-4958-a2e9-527f7a10e77d 0.062s
2025-03-07 15:46:26.893 68974 INFO tempest.lib.common.rest_client [req-2306a980-0c8c-494b-9ae2-595352ecd462 req-2306a980-0c8c-494b-9ae2-595352ecd462 ] Request (VolumesTestJSON:setUpClass): 200 GET http://10.180.1.21/identity/v3/domains?name=Default 0.029s
2025-03-07 15:46:26.913 68992 INFO tempest.lib.common.rest_client [req-e291c9ad-cd80-4b48-92b5-5ac6661a6003 req-e291c9ad-cd80-4b48-92b5-5ac6661a6003 ] Request (ListImageFiltersTestJSON:setUpClass): 200 GET http://10.180.1.21/compute/v2.1/images/50596ced-044c-4084-a33e-09680e776a20 0.072s
2025-03-07 15:46:26.919 68974 INFO tempest.lib.common.rest_client [req-5c81cc0c-a87f-4fdd-909f-c759c5620433 req-5c81cc0c-a87f-4fdd-909f-c759c5620433 ] Request (VolumesTestJSON:setUpClass): 201 POST http://10.180.1.21/identity/v3/projects 0.026s
2025-03-07 15:46:26.962 69012 INFO tempest.lib.common.rest_client [req-c9c87139-2013-4875-8eac-a53569651b73 req-c9c87139-2013-4875-8eac-a53569651b73 ] Request (MigrationsAdminTest:test_resize_server_revert_deleted_flavor): 200 GET http://10.180.1.21/compute/v2.1/servers/fcb74c70-8ef5-4e21-b4aa-fba27a91e26b 0.073s
2025-03-07 15:46:26.985 68974 INFO tempest.lib.common.rest_client [req-2bc83c7d-22f5-49ab-a7b0-40c5b7aeb96d req-2bc83c7d-22f5-49ab-a7b0-40c5b7aeb96d ] Request (VolumesTestJSON:setUpClass): 201 POST http://10.180.1.21/identity/v3/users 0.065s
2025-03-07 15:46:27.008 68974 INFO tempest.lib.common.rest_client [req-53113ce9-48a0-4f88-bf28-80c1c94ff5c5 req-53113ce9-48a0-4f88-bf28-80c1c94ff5c5 ] Request (VolumesTestJSON:setUpClass): 200 GET http://10.180.1.21/identity/v3/roles 0.023s
2025-03-07 15:46:27.017 68976 INFO tempest.lib.common.rest_client [req-60317162-8d5e-4ae4-9313-5953d1187f10 req-60317162-8d5e-4ae4-9313-5953d1187f10 ] Request (ListServerFiltersTestJSON:tearDownClass): 200 GET http://10.180.1.21/compute/v2.1/servers/02e8dbb0-8f29-49d6-93ff-684316c22806 0.117s
2025-03-07 15:46:27.034 68974 INFO tempest.lib.common.rest_client [req-e966c2ad-3b2b-49b7-b0d9-0ab61ab3bac5 req-e966c2ad-3b2b-49b7-b0d9-0ab61ab3bac5 ] Request (VolumesTestJSON:setUpClass): 204 PUT http://10.180.1.21/identity/v3/projects/b22c36b1c1404ffbab9a35ac3a6e9af8/users/255e2af46e574deda64d1db41a0766b3/roles/f25abdcbda9142a1a6d00454e0a12b97 0.025s
2025-03-07 15:46:27.034 68974 INFO tempest.lib.common.dynamic_creds [-] Dynamic test user 255e2af46e574deda64d1db41a0766b3 is created with scope project and roles: ['member']
2025-03-07 15:46:27.034 68974 INFO tempest.lib.common.dynamic_creds [-] Acquired dynamic creds: credentials: Credentials: {'domain_id': 'default', 'domain_name': 'Default', 'username': 'tempest-VolumesTestJSON-1069235548-project-member', 'project_domain_id': 'default', 'project_domain_name': 'Default', 'project_id': 'b22c36b1c1404ffbab9a35ac3a6e9af8', 'project_name': 'tempest-VolumesTestJSON-1069235548', 'tenant_id': 'b22c36b1c1404ffbab9a35ac3a6e9af8', 'tenant_name': 'tempest-VolumesTestJSON-1069235548', 'user_domain_id': 'default', 'user_domain_name': 'Default', 'user_id': '255e2af46e574deda64d1db41a0766b3', 'system': None}, Network: None, Subnet: None, Router: None
2025-03-07 15:46:27.034 68974 INFO tempest.lib.common.dynamic_creds [-] Created isolated network resources for: credentials: Credentials: {'domain_id': 'default', 'domain_name': 'Default', 'username': 'tempest-VolumesTestJSON-1069235548-project-member', 'project_domain_id': 'default', 'project_domain_name': 'Default', 'project_id': 'b22c36b1c1404ffbab9a35ac3a6e9af8', 'project_name': 'tempest-VolumesTestJSON-1069235548', 'tenant_id': 'b22c36b1c1404ffbab9a35ac3a6e9af8', 'tenant_name': 'tempest-VolumesTestJSON-1069235548', 'user_domain_id': 'default', 'user_domain_name': 'Default', 'user_id': '255e2af46e574deda64d1db41a0766b3', 'system': None}, Network: None, Subnet: None, Router: None
2025-03-07 15:46:27.071 69016 INFO tempest.lib.common.rest_client [req-bf02477e-44f7-4ffc-a97b-df0260784097 req-bf02477e-44f7-4ffc-a97b-df0260784097 ] Request (ListServersNegativeTestJSON:setUpClass): 200 GET http://10.180.1.21/compute/v2.1/servers/e34f4713-cc71-4968-9de4-698d63d6d09e 0.121s
2025-03-07 15:46:27.100 68974 INFO tempest.lib.common.rest_client [req-2f012a47-ee63-44cb-8920-4fde67ebe0e5 req-2f012a47-ee63-44cb-8920-4fde67ebe0e5 ] Request (VolumesTestJSON:setUpClass): 201 POST http://10.180.1.21/identity/v3/auth/tokens 0.063s
2025-03-07 15:46:27.121 68972 INFO tempest.lib.common.rest_client [req-cf055cf2-d37f-4815-81c6-05dc958b0146 req-cf055cf2-d37f-4815-81c6-05dc958b0146 ] Request (ServerAddressesTestJSON:setUpClass): 200 GET http://10.180.1.21/compute/v2.1/servers/57efdccf-4a3f-4dcb-bb18-d601a4be0d5d 0.164s
2025-03-07 15:46:27.131 68972 INFO tempest.common.waiters [-] State transition "BUILD/scheduling" ==> "BUILD/None" after 50 second wait
2025-03-07 15:46:27.192 69008 INFO tempest.lib.common.rest_client [req-f3552692-6e85-4f19-96fb-e45ce20317d6 req-f3552692-6e85-4f19-96fb-e45ce20317d6 ] Request (ServersAdminNegativeTestJSON:setUpClass): 200 GET http://10.180.1.21/compute/v2.1/servers/a3632f4f-df78-46f3-9c63-67bb3f8247be 0.191s
2025-03-07 15:46:27.209 68992 INFO tempest.lib.common.rest_client [req-b8c66a83-ecf7-41bb-9281-171cab84fc7a req-b8c66a83-ecf7-41bb-9281-171cab84fc7a ] Request (ListImageFiltersTestJSON:setUpClass): 201 POST http://10.180.1.21/image/v2/images 0.293s
2025-03-07 15:46:27.247 68960 INFO tempest.lib.common.rest_client [req-c438970c-af9d-4fe5-8bd0-caeea118bff7 req-c438970c-af9d-4fe5-8bd0-caeea118bff7 ] Request (MultipleCreateTestJSON:test_multiple_create): 200 GET http://10.180.1.21/compute/v2.1/servers/258f92e1-c7dd-476f-b409-bf3f72d45dbb 0.206s
2025-03-07 15:46:27.301 68982 INFO tempest.lib.common.rest_client [req-92a8ad0e-86b0-4a2b-aa92-829da45cfad2 req-92a8ad0e-86b0-4a2b-aa92-829da45cfad2 ] Request (ServersTestMultiNic:_run_cleanups): 200 GET http://10.180.1.21/compute/v2.1/servers/6e7c1494-704f-4b7e-ba02-c3777ef4ffa7 0.152s
2025-03-07 15:46:27.324 68974 INFO tempest.lib.common.rest_client [req-f5b20a32-2ad1-4663-85dd-0680148ee1ff req-f5b20a32-2ad1-4663-85dd-0680148ee1ff ] Request (VolumesTestJSON:setUpClass): 202 POST http://10.180.1.21/volume/v3/volumes 0.223s
2025-03-07 15:46:27.353 68974 INFO tempest.lib.common.rest_client [req-50059f52-ed86-4215-b0f4-f4a7d720a60b req-50059f52-ed86-4215-b0f4-f4a7d720a60b ] Request (VolumesTestJSON:setUpClass): 200 GET http://10.180.1.21/volume/v3/volumes/b5ffa03b-c4e1-4c94-ae20-d9c0118e6ba0 0.023s
2025-03-07 15:46:27.391 69006 INFO tempest.lib.common.rest_client [req-a6000487-815c-4e6f-b460-df7b3c34d402 req-a6000487-815c-4e6f-b460-df7b3c34d402 ] Request (ImagesTestJSON:test_create_image_from_suspended_server): 200 GET http://10.180.1.21/compute/v2.1/servers/75a6423a-0e3e-4d79-858d-01af450513dd 0.238s
2025-03-07 15:46:27.453 68978 INFO tempest.lib.common.rest_client [req-a5fd2593-2969-48d3-8eff-e8d451010a6e req-a5fd2593-2969-48d3-8eff-e8d451010a6e ] Request (FloatingIPsAssociationTestJSON:tearDownClass): 200 GET http://10.180.1.21/compute/v2.1/servers/e506d465-896d-4493-9e6b-398f3f08048b 0.214s
2025-03-07 15:46:27.504 69000 INFO tempest.lib.common.rest_client [req-285473eb-c167-420f-96e7-97061c68b825 req-285473eb-c167-420f-96e7-97061c68b825 ] Request (AttachVolumeNegativeTest:test_attach_attached_volume_to_different_server): 200 GET http://10.180.1.21/compute/v2.1/servers/77ef840a-2216-4f7d-a598-421505eedd5e 0.212s
2025-03-07 15:46:27.552 69019 INFO tempest.lib.common.rest_client [req-55039f88-834b-4480-879a-7b4dbb061972 req-55039f88-834b-4480-879a-7b4dbb061972 ] Request (ServerActionsTestOtherA:setUpClass): 200 GET http://10.180.1.21/compute/v2.1/servers/36a36399-1707-4621-b677-6d728936489d 0.211s
2025-03-07 15:46:27.619 68968 INFO tempest.lib.common.rest_client [req-e5db1b83-31d7-4fb0-a7ab-0224fc90fc6a req-e5db1b83-31d7-4fb0-a7ab-0224fc90fc6a ] Request (InstanceActionsNegativeTestJSON:setUpClass): 200 GET http://10.180.1.21/compute/v2.1/servers/4cf0b932-a3d1-4bba-90e3-3b03e52c5cb7 0.208s
2025-03-07 15:46:27.626 68968 INFO tempest.common.waiters [-] State transition "BUILD/None" ==> "BUILD/networking" after 73 second wait
2025-03-07 15:46:27.671 68985 INFO tempest.lib.common.rest_client [req-bfd79322-edfe-4b49-8d3f-ceb62d8ed37e req-bfd79322-edfe-4b49-8d3f-ceb62d8ed37e ] Request (ServerRescueNegativeTestJSON:test_rescued_vm_detach_volume): 200 GET http://10.180.1.21/compute/v2.1/servers/b5431a59-4c62-4f54-9105-8db4eb1955fe 0.180s
2025-03-07 15:46:27.768 69020 INFO tempest.lib.common.rest_client [req-4ba34d20-b725-40df-831f-ad6eecf5b847 req-4ba34d20-b725-40df-831f-ad6eecf5b847 ] Request (ImagesOneServerTestJSON:setUpClass): 200 GET http://10.180.1.21/compute/v2.1/servers/f6db9f4b-f133-4c8a-8225-35535a715a80 0.182s
2025-03-07 15:46:27.828 68958 INFO tempest.lib.common.rest_client [req-f8c35946-164d-403d-9aca-ccd8959c15a4 req-f8c35946-164d-403d-9aca-ccd8959c15a4 ] Request (ServersV294TestFqdnHostnames:setUpClass): 200 GET http://10.180.1.21/compute/v2.1/servers/24b77c0c-2889-46c4-aa3d-5816e11cea7e 0.180s
2025-03-07 15:46:27.947 68962 INFO tempest.lib.common.rest_client [req-e17800aa-c244-4ddf-8a42-cfdc56cb3e03 req-e17800aa-c244-4ddf-8a42-cfdc56cb3e03 ] Request (DeleteServersAdminTestJSON:test_delete_server_while_in_error_state): 200 GET http://10.180.1.21/compute/v2.1/servers/273f2827-62c0-46a1-9d39-a609cee78482 0.200s
2025-03-07 15:46:27.992 69004 INFO tempest.lib.common.rest_client [req-63db0b77-3e02-4dd1-92b7-4c3f1681ce11 req-63db0b77-3e02-4dd1-92b7-4c3f1681ce11 ] Request (ServerShowV247Test:test_update_rebuild_list_server): 200 GET http://10.180.1.21/compute/v2.1/servers/80dce7e4-66e9-4a56-82d7-ceebfd78e23d 0.106s
2025-03-07 15:46:28.037 68964 INFO tempest.lib.common.rest_client [req-f1187daa-4d69-4d35-975b-298226ba21b7 req-f1187daa-4d69-4d35-975b-298226ba21b7 ] Request (SecurityGroupsTestJSON:test_list_security_groups_by_server): 200 GET http://10.180.1.21/compute/v2.1/servers/64df3563-d078-4958-a2e9-527f7a10e77d 0.143s
2025-03-07 15:46:28.082 69012 INFO tempest.lib.common.rest_client [req-391b899d-460e-4b8e-b7b4-b4474772b1b2 req-391b899d-460e-4b8e-b7b4-b4474772b1b2 ] Request (MigrationsAdminTest:test_resize_server_revert_deleted_flavor): 200 GET http://10.180.1.21/compute/v2.1/servers/fcb74c70-8ef5-4e21-b4aa-fba27a91e26b 0.109s
2025-03-07 15:46:28.134 68976 INFO tempest.lib.common.rest_client [req-72777241-3524-441f-a396-f45ea2108d84 req-72777241-3524-441f-a396-f45ea2108d84 ] Request (ListServerFiltersTestJSON:tearDownClass): 200 GET http://10.180.1.21/compute/v2.1/servers/02e8dbb0-8f29-49d6-93ff-684316c22806 0.109s
2025-03-07 15:46:28.188 69016 INFO tempest.lib.common.rest_client [req-67b5a073-aa42-4b52-b9df-9c90ebcdc8c2 req-67b5a073-aa42-4b52-b9df-9c90ebcdc8c2 ] Request (ListServersNegativeTestJSON:setUpClass): 200 GET http://10.180.1.21/compute/v2.1/servers/e34f4713-cc71-4968-9de4-698d63d6d09e 0.108s
2025-03-07 15:46:28.239 68972 INFO tempest.lib.common.rest_client [req-dbd5b145-ca44-45c2-8ccd-28291711a8a3 req-dbd5b145-ca44-45c2-8ccd-28291711a8a3 ] Request (ServerAddressesTestJSON:setUpClass): 200 GET http://10.180.1.21/compute/v2.1/servers/57efdccf-4a3f-4dcb-bb18-d601a4be0d5d 0.107s
2025-03-07 15:46:28.284 69008 INFO tempest.lib.common.rest_client [req-652cf978-e85e-4987-8370-96b738d0e419 req-652cf978-e85e-4987-8370-96b738d0e419 ] Request (ServersAdminNegativeTestJSON:setUpClass): 200 GET http://10.180.1.21/compute/v2.1/servers/a3632f4f-df78-46f3-9c63-67bb3f8247be 0.083s
2025-03-07 15:46:28.328 68990 WARNING tempest.lib.common.ssh [-] Failed to establish authenticated ssh connection to cirros@10.180.180.147 ([Errno None] Unable to connect to port 22 on 10.180.180.147). Number attempts: 3. Retry after 4 seconds.: paramiko.ssh_exception.NoValidConnectionsError: [Errno None] Unable to connect to port 22 on 10.180.180.147
2025-03-07 15:46:28.335 68960 INFO tempest.lib.common.rest_client [req-0ab760bc-5eea-468c-89dc-ac2d2e60880c req-0ab760bc-5eea-468c-89dc-ac2d2e60880c ] Request (MultipleCreateTestJSON:test_multiple_create): 200 GET http://10.180.1.21/compute/v2.1/servers/258f92e1-c7dd-476f-b409-bf3f72d45dbb 0.079s
2025-03-07 15:46:28.399 68982 INFO tempest.lib.common.rest_client [req-7b94c94f-8acd-4bbb-a2cc-213185a9bc43 req-7b94c94f-8acd-4bbb-a2cc-213185a9bc43 ] Request (ServersTestMultiNic:_run_cleanups): 200 GET http://10.180.1.21/compute/v2.1/servers/6e7c1494-704f-4b7e-ba02-c3777ef4ffa7 0.090s
2025-03-07 15:46:28.405 68974 INFO tempest.lib.common.rest_client [req-fb314d9b-3d5d-4bc8-a924-3aa1314a137f req-fb314d9b-3d5d-4bc8-a924-3aa1314a137f ] Request (VolumesTestJSON:setUpClass): 200 GET http://10.180.1.21/volume/v3/volumes/b5ffa03b-c4e1-4c94-ae20-d9c0118e6ba0 0.042s
2025-03-07 15:46:28.412 68974 INFO tempest.common.waiters [-] volume b5ffa03b-c4e1-4c94-ae20-d9c0118e6ba0 reached available after waiting for 1.412316 seconds
2025-03-07 15:46:28.499 69006 INFO tempest.lib.common.rest_client [req-f3774145-6874-4412-9d74-1002b4bb8cb4 req-f3774145-6874-4412-9d74-1002b4bb8cb4 ] Request (ImagesTestJSON:test_create_image_from_suspended_server): 200 GET http://10.180.1.21/compute/v2.1/servers/75a6423a-0e3e-4d79-858d-01af450513dd 0.100s
2025-03-07 15:46:28.547 68974 INFO tempest.lib.common.rest_client [req-65cc0334-eafc-49d5-af96-541ee666b46d req-65cc0334-eafc-49d5-af96-541ee666b46d ] Request (VolumesTestJSON:setUpClass): 200 GET http://10.180.1.21/compute/v2.1/os-volumes/b5ffa03b-c4e1-4c94-ae20-d9c0118e6ba0 0.135s
2025-03-07 15:46:28.556 68970 INFO tempest.lib.common.rest_client [req-527b015e-24d2-4fd6-be67-8cfeb264bf4b req-527b015e-24d2-4fd6-be67-8cfeb264bf4b ] Request (VolumesAdminNegativeTest:test_update_attached_volume_with_nonexistent_volume_in_body): 200 POST http://10.180.1.21/compute/v2.1/servers/11f80af7-e6da-43e1-bbcd-7ea6c6be461d/os-volume_attachments 1.715s
2025-03-07 15:46:28.591 68970 INFO tempest.lib.common.rest_client [req-cd17057a-f855-4317-8e89-e35597131508 req-cd17057a-f855-4317-8e89-e35597131508 ] Request (VolumesAdminNegativeTest:test_update_attached_volume_with_nonexistent_volume_in_body): 200 GET http://10.180.1.21/volume/v3/volumes/2b5a845f-1db8-4b4b-a76e-cbb670d8f1cd 0.034s
2025-03-07 15:46:28.612 68978 INFO tempest.lib.common.rest_client [req-3331f722-16f9-4926-af57-ebfebcbb549d req-3331f722-16f9-4926-af57-ebfebcbb549d ] Request (FloatingIPsAssociationTestJSON:tearDownClass): 200 GET http://10.180.1.21/compute/v2.1/servers/e506d465-896d-4493-9e6b-398f3f08048b 0.152s
2025-03-07 15:46:28.627 69000 INFO tempest.lib.common.rest_client [req-3aec4023-c679-498d-9215-dafccc780047 req-3aec4023-c679-498d-9215-dafccc780047 ] Request (AttachVolumeNegativeTest:test_attach_attached_volume_to_different_server): 200 GET http://10.180.1.21/compute/v2.1/servers/77ef840a-2216-4f7d-a598-421505eedd5e 0.114s
2025-03-07 15:46:28.664 69019 INFO tempest.lib.common.rest_client [req-2328e451-8b5f-444a-b0db-611f11a10902 req-2328e451-8b5f-444a-b0db-611f11a10902 ] Request (ServerActionsTestOtherA:setUpClass): 200 GET http://10.180.1.21/compute/v2.1/servers/36a36399-1707-4621-b677-6d728936489d 0.101s
2025-03-07 15:46:28.691 68974 INFO tempest.lib.common.rest_client [req-d282aff9-d729-4f47-82b4-188330e4b0eb req-d282aff9-d729-4f47-82b4-188330e4b0eb ] Request (VolumesTestJSON:setUpClass): 202 POST http://10.180.1.21/volume/v3/volumes 0.139s
2025-03-07 15:46:28.720 68974 INFO tempest.lib.common.rest_client [req-679c41d3-0674-479c-9d06-d5422f69d324 req-679c41d3-0674-479c-9d06-d5422f69d324 ] Request (VolumesTestJSON:setUpClass): 200 GET http://10.180.1.21/volume/v3/volumes/9c30450e-8a9d-4be6-afd8-b8bed4210efe 0.024s
2025-03-07 15:46:28.738 68985 INFO tempest.lib.common.rest_client [req-6a9ba50d-e164-44fb-9636-6877e4eae0e8 req-6a9ba50d-e164-44fb-9636-6877e4eae0e8 ] Request (ServerRescueNegativeTestJSON:test_rescued_vm_detach_volume): 200 GET http://10.180.1.21/compute/v2.1/servers/b5431a59-4c62-4f54-9105-8db4eb1955fe 0.059s
2025-03-07 15:46:28.829 68968 INFO tempest.lib.common.rest_client [req-89645d6a-40a0-4787-9a46-91657a01d562 req-89645d6a-40a0-4787-9a46-91657a01d562 ] Request (InstanceActionsNegativeTestJSON:setUpClass): 200 GET http://10.180.1.21/compute/v2.1/servers/4cf0b932-a3d1-4bba-90e3-3b03e52c5cb7 0.202s
2025-03-07 15:46:28.843 68968 INFO tempest.common.waiters [-] State transition "BUILD/networking" ==> "BUILD/block_device_mapping" after 74 second wait
2025-03-07 15:46:28.844 68992 INFO tempest.lib.common.rest_client [req-87c28eb5-bab3-4882-ab42-12367cf30e78 req-87c28eb5-bab3-4882-ab42-12367cf30e78 ] Request (ListImageFiltersTestJSON:setUpClass): 204 PUT http://10.180.1.21/image/v2/images/76eea77b-b279-4cc7-8057-722ec444c70f/file 0.633s
2025-03-07 15:46:28.909 68958 INFO tempest.lib.common.rest_client [req-06288029-444d-4ddc-beca-bcfe67c2e454 req-06288029-444d-4ddc-beca-bcfe67c2e454 ] Request (ServersV294TestFqdnHostnames:setUpClass): 200 GET http://10.180.1.21/compute/v2.1/servers/24b77c0c-2889-46c4-aa3d-5816e11cea7e 0.068s
2025-03-07 15:46:28.909 69020 INFO tempest.lib.common.rest_client [req-b76d0dc1-c4de-4f0f-89c5-20557f1982cf req-b76d0dc1-c4de-4f0f-89c5-20557f1982cf ] Request (ImagesOneServerTestJSON:setUpClass): 200 GET http://10.180.1.21/compute/v2.1/servers/f6db9f4b-f133-4c8a-8225-35535a715a80 0.133s
2025-03-07 15:46:28.921 69020 INFO tempest.common.waiters [-] State transition "BUILD/spawning" ==> "ACTIVE/None" after 79 second wait
2025-03-07 15:46:28.947 68992 INFO tempest.lib.common.rest_client [req-ef4ac319-4406-443d-ae48-b3060d1812d1 req-ef4ac319-4406-443d-ae48-b3060d1812d1 ] Request (ListImageFiltersTestJSON:setUpClass): 200 GET http://10.180.1.21/compute/v2.1/images/76eea77b-b279-4cc7-8057-722ec444c70f 0.103s
2025-03-07 15:46:28.990 68992 INFO tempest.lib.common.rest_client [req-6c56c883-f014-4597-8db6-a0894ff92838 req-6c56c883-f014-4597-8db6-a0894ff92838 ] Request (ListImageFiltersTestJSON:setUpClass): 200 GET http://10.180.1.21/compute/v2.1/images/76eea77b-b279-4cc7-8057-722ec444c70f 0.039s
2025-03-07 15:46:29.061 68962 INFO tempest.lib.common.rest_client [req-42663f8f-a137-4969-b406-bae383d5041f req-42663f8f-a137-4969-b406-bae383d5041f ] Request (DeleteServersAdminTestJSON:test_delete_server_while_in_error_state): 200 GET http://10.180.1.21/compute/v2.1/servers/273f2827-62c0-46a1-9d39-a609cee78482 0.106s
2025-03-07 15:46:29.075 68992 INFO tempest.lib.common.rest_client [req-dccb6ae8-ba80-4ceb-8c64-62ee433e28f5 req-dccb6ae8-ba80-4ceb-8c64-62ee433e28f5 ] Request (ListImageFiltersTestJSON:setUpClass): 201 POST http://10.180.1.21/identity/v3/auth/tokens 0.078s
2025-03-07 15:46:29.076 68992 INFO tempest.lib.common.fixed_network [-] (ListImageFiltersTestJSON:setUpClass) Found network None available for tenant
2025-03-07 15:46:29.115 69004 INFO tempest.lib.common.rest_client [req-1f40cbb4-35dd-4e5e-b200-aae4bba34c52 req-1f40cbb4-35dd-4e5e-b200-aae4bba34c52 ] Request (ServerShowV247Test:test_update_rebuild_list_server): 200 GET http://10.180.1.21/compute/v2.1/servers/80dce7e4-66e9-4a56-82d7-ceebfd78e23d 0.113s
2025-03-07 15:46:29.161 68964 INFO tempest.lib.common.rest_client [req-c13ac7e2-3228-4e15-95f7-15bfb9718644 req-c13ac7e2-3228-4e15-95f7-15bfb9718644 ] Request (SecurityGroupsTestJSON:test_list_security_groups_by_server): 200 GET http://10.180.1.21/compute/v2.1/servers/64df3563-d078-4958-a2e9-527f7a10e77d 0.116s
2025-03-07 15:46:29.334 68992 INFO tempest.lib.common.rest_client [req-6460e444-1f80-4ae5-9db0-f5978031b8dc req-6460e444-1f80-4ae5-9db0-f5978031b8dc ] Request (ListImageFiltersTestJSON:setUpClass): 202 POST http://10.180.1.21/compute/v2.1/servers 0.258s
