2025-03-07 15:45:11.484 68964 INFO tempest.lib.common.rest_client [req-1077baf9-6ff8-4a83-a0eb-1cd0fa4964de req-1077baf9-6ff8-4a83-a0eb-1cd0fa4964de ] Request (SecurityGroupsTestJSON:setUpClass): 200 PUT http://10.180.1.21:9696/networking/v2.0/routers/1e4349c5-7e18-40ca-bc46-3b9bbf19c55a/add_router_interface 2.946s
2025-03-07 15:45:11.484 68964 INFO tempest.lib.common.dynamic_creds [-] Created isolated network resources for: credentials: Credentials: {'domain_id': 'default', 'domain_name': 'Default', 'username': 'tempest-SecurityGroupsTestJSON-1243109242-project-member', 'project_domain_id': 'default', 'project_domain_name': 'Default', 'project_id': '0d27482b6a4443bb833b52de52636802', 'project_name': 'tempest-SecurityGroupsTestJSON-1243109242', 'tenant_id': '0d27482b6a4443bb833b52de52636802', 'tenant_name': 'tempest-SecurityGroupsTestJSON-1243109242', 'user_domain_id': 'default', 'user_domain_name': 'Default', 'user_id': '79cfc87deb9d45c9b3b822346cb341c5', 'system': None}, Network: {'id': '2c7710d6-7fc7-450d-9c89-e8e4ad63e920', 'name': 'tempest-SecurityGroupsTestJSON-837363035-network', 'tenant_id': '0d27482b6a4443bb833b52de52636802', 'admin_state_up': True, 'mtu': 8950, 'status': 'ACTIVE', 'subnets': [], 'shared': False, 'project_id': '0d27482b6a4443bb833b52de52636802', 'port_security_enabled': True, 'router:external': False, 'provider:network_type': 'vlan', 'provider:physical_network': 'default', 'provider:segmentation_id': 161, 'availability_zone_hints': [], 'availability_zones': [], 'ipv4_address_scope': None, 'ipv6_address_scope': None, 'description': '', 'tags': [], 'created_at': '2025-03-07T15:45:06Z', 'updated_at': '2025-03-07T15:45:06Z', 'revision_number': 1}, Subnet: {'id': '56a753c2-8c5c-4515-a1ba-72eb2e9f69bd', 'name': 'tempest-SecurityGroupsTestJSON-837363035-subnet', 'tenant_id': '0d27482b6a4443bb833b52de52636802', 'network_id': '2c7710d6-7fc7-450d-9c89-e8e4ad63e920', 'ip_version': 4, 'subnetpool_id': None, 'enable_dhcp': True, 'ipv6_ra_mode': None, 'ipv6_address_mode': None, 'gateway_ip': '192.168.128.1', 'cidr': '192.168.128.0/28', 'allocation_pools': [{'start': '192.168.128.2', 'end': '192.168.128.14'}], 'host_routes': [], 'dns_nameservers': [], 'description': '', 'router:external': False, 'service_types': [], 'tags': [], 'created_at': '2025-03-07T15:45:06Z', 'updated_at': '2025-03-07T15:45:06Z', 'revision_number': 0, 'project_id': '0d27482b6a4443bb833b52de52636802'}, Router: {'id': '1e4349c5-7e18-40ca-bc46-3b9bbf19c55a', 'name': 'tempest-SecurityGroupsTestJSON-837363035-router', 'tenant_id': '0d27482b6a4443bb833b52de52636802', 'admin_state_up': True, 'status': 'ACTIVE', 'external_gateway_info': {'network_id': 'a5a1c514-170f-4197-b856-a178fca9ab85', 'external_fixed_ips': [{'subnet_id': '404f811d-3cc4-48b3-bc16-8cd21c914d3a', 'ip_address': '10.180.180.230'}], 'enable_snat': True}, 'description': '', 'availability_zones': [], 'distributed': False, 'ha': False, 'availability_zone_hints': [], 'routes': [], 'flavor_id': None, 'tags': [], 'created_at': '2025-03-07T15:45:07Z', 'updated_at': '2025-03-07T15:45:07Z', 'revision_number': 2, 'project_id': '0d27482b6a4443bb833b52de52636802'}
2025-03-07 15:45:11.518 69016 INFO tempest.lib.common.rest_client [req-52eaad4a-9738-4f93-aaef-a7c71686ba72 req-52eaad4a-9738-4f93-aaef-a7c71686ba72 ] Request (ListServersNegativeTestJSON:setUpClass): 200 GET http://10.180.1.21/compute/v2.1/servers/17c3e88e-73ca-4255-bc84-c54e1d732b6d 0.661s
2025-03-07 15:45:11.528 68968 INFO tempest.lib.common.rest_client [req-73cde4ed-5f03-449d-a513-9ca2e51966f6 req-73cde4ed-5f03-449d-a513-9ca2e51966f6 ] Request (InstanceActionsNegativeTestJSON:setUpClass): 201 POST http://10.180.1.21/identity/v3/auth/tokens 0.140s
2025-03-07 15:45:11.534 69000 INFO tempest.lib.common.rest_client [req-886e1f81-c544-4160-9617-2b3227f000cb req-886e1f81-c544-4160-9617-2b3227f000cb ] Request (ValidationResourcesFixture:setUp): 201 POST http://10.180.1.21:9696/networking/v2.0/security-group-rules 0.278s
2025-03-07 15:45:11.570 68968 INFO tempest.lib.common.rest_client [req-9bd6b047-beb5-4e39-a139-51c9ec68ab89 req-9bd6b047-beb5-4e39-a139-51c9ec68ab89 ] Request (InstanceActionsNegativeTestJSON:setUpClass): 201 POST http://10.180.1.21/identity/v3/auth/tokens 0.037s
2025-03-07 15:45:11.570 68968 INFO tempest.lib.common.fixed_network [-] (InstanceActionsNegativeTestJSON:setUpClass) Found network {'id': '8040223f-bb34-44da-b713-10c0dadf0d68', 'name': 'tempest-InstanceActionsNegativeTestJSON-1295499946-network', 'tenant_id': 'b10ce04539484f06ab47c59456e73a14', 'admin_state_up': True, 'mtu': 8950, 'status': 'ACTIVE', 'subnets': [], 'shared': False, 'project_id': 'b10ce04539484f06ab47c59456e73a14', 'port_security_enabled': True, 'router:external': False, 'provider:network_type': 'vlan', 'provider:physical_network': 'default', 'provider:segmentation_id': 947, 'availability_zone_hints': [], 'availability_zones': [], 'ipv4_address_scope': None, 'ipv6_address_scope': None, 'description': '', 'tags': [], 'created_at': '2025-03-07T15:45:06Z', 'updated_at': '2025-03-07T15:45:06Z', 'revision_number': 1} available for tenant
2025-03-07 15:45:11.609 68964 INFO tempest.lib.common.rest_client [req-ab3eec0d-b180-4c25-80c9-8f9336e05a99 req-ab3eec0d-b180-4c25-80c9-8f9336e05a99 ] Request (SecurityGroupsTestJSON:setUpClass): 201 POST http://10.180.1.21/identity/v3/auth/tokens 0.121s
2025-03-07 15:45:11.621 69020 INFO tempest.lib.common.rest_client [req-2b02c99e-15e4-440d-bc93-9f7ed0e95502 req-2b02c99e-15e4-440d-bc93-9f7ed0e95502 ] Request (ImagesOneServerTestJSON:setUpClass): 200 GET http://10.180.1.21/compute/v2.1/servers/f6db9f4b-f133-4c8a-8225-35535a715a80 0.683s
2025-03-07 15:45:11.652 69000 INFO tempest.lib.common.rest_client [req-252a46d1-61bc-4da7-b68c-585bd3b9dbe8 req-252a46d1-61bc-4da7-b68c-585bd3b9dbe8 ] Request (ValidationResourcesFixture:setUp): 201 POST http://10.180.1.21:9696/networking/v2.0/security-group-rules 0.116s
2025-03-07 15:45:11.659 68960 INFO tempest.lib.common.rest_client [req-656f49f2-49ab-424d-967c-8a850f864c10 req-656f49f2-49ab-424d-967c-8a850f864c10 ] Request (AttachInterfacesV270Test:test_create_get_list_interfaces): 200 GET http://10.180.1.21/compute/v2.1/servers/a9a56dcf-db58-415f-bcbc-edf447215938 0.795s
2025-03-07 15:45:11.721 69019 INFO tempest.lib.common.rest_client [req-a3be3093-4782-4ebd-91a6-f6249670d8d4 req-a3be3093-4782-4ebd-91a6-f6249670d8d4 ] Request (ServerDiagnosticsV248Test:tearDownClass): 200 GET http://10.180.1.21/compute/v2.1/servers/edc45660-de9d-459e-af05-ca23f9df97c3 0.775s
2025-03-07 15:45:11.747 68988 INFO tempest.lib.common.rest_client [req-fefaced4-6365-4ff5-8a52-36b95b4db91c req-fefaced4-6365-4ff5-8a52-36b95b4db91c ] Request (ServerActionsTestJSON:setUpClass): 200 GET http://10.180.1.21/compute/v2.1/servers/33adcb4b-5985-4ad8-b0a2-c3996f102d69/os-interface 0.770s
2025-03-07 15:45:11.792 68986 INFO tempest.lib.common.rest_client [req-94fb7957-90fe-4a5b-b060-89197c5dda0d req-94fb7957-90fe-4a5b-b060-89197c5dda0d ] Request (AttachInterfacesTestJSON:test_create_list_show_delete_interfaces_by_fixed_ip): 200 GET http://10.180.1.21/compute/v2.1/servers/6285a4e1-2601-43c8-9bca-c438f72b0b67 0.765s
2025-03-07 15:45:11.850 69008 INFO tempest.lib.common.rest_client [req-551c06a9-e55e-4ef9-b5d0-06566fb9f1b8 req-551c06a9-e55e-4ef9-b5d0-06566fb9f1b8 ] Request (ServersAdmin275Test:test_rebuild_update_server_275): 200 GET http://10.180.1.21/compute/v2.1/servers/301554a6-cb72-4b2d-bcaf-1c1cedbad5f8 0.811s
2025-03-07 15:45:11.863 69008 INFO tempest.common.waiters [-] State transition "REBUILD/rebuild_spawning" ==> "ACTIVE/None" after 11 second wait
2025-03-07 15:45:11.887 69010 INFO tempest.lib.common.rest_client [req-fec8e805-f9fc-4287-9b6e-e0fcf450a1c4 req-fec8e805-f9fc-4287-9b6e-e0fcf450a1c4 ] Request (VolumesAssistedSnapshotsTest:test_volume_assisted_snapshot_create_delete): 200 GET http://10.180.1.21/compute/v2.1/servers/1fcbe6cd-eff3-4297-9559-98bd24b9d906 0.801s
2025-03-07 15:45:11.904 68966 INFO tempest.lib.common.rest_client [req-0a181247-8657-4429-9cf3-04004e71e60c req-0a181247-8657-4429-9cf3-04004e71e60c ] Request (KeyPairsV2TestJSON:_run_cleanups): 202 DELETE http://10.180.1.21/compute/v2.1/os-keypairs/tempest-keypair-1928828968 0.760s
2025-03-07 15:45:11.957 69002 INFO tempest.lib.common.rest_client [req-32dcf01c-58d5-43cd-be7f-0b60596c904e req-32dcf01c-58d5-43cd-be7f-0b60596c904e ] Request (FloatingIPsAssociationNegativeTestJSON:test_dissociate_nonexistent_floating_ip): 404 POST http://10.180.1.21/compute/v2.1/servers/fb9fd541-38e9-4ca5-a7b3-c6a06461c2da/action 0.753s
2025-03-07 15:45:12.194 69012 INFO tempest.lib.common.rest_client [req-d299016a-738d-478e-9d0f-0c31eba7f055 req-d299016a-738d-478e-9d0f-0c31eba7f055 ] Request (MigrationsAdminTest:test_list_migrations_in_flavor_resize_situation): 200 GET http://10.180.1.21/compute/v2.1/servers/5291932b-4bd7-48f5-a6e1-c69f4912a590 0.972s
2025-03-07 15:45:12.225 68972 INFO tempest.lib.common.rest_client [req-db5a68b7-7e36-4f6d-8082-04ed6a4422f7 req-db5a68b7-7e36-4f6d-8082-04ed6a4422f7 ] Request (SecurityGroupRulesTestJSON:test_security_group_rules_create_with_optional_group_id): 200 POST http://10.180.1.21/compute/v2.1/os-security-groups 1.109s
2025-03-07 15:45:12.289 69014 INFO tempest.lib.common.rest_client [req-48fa5b5a-994d-49b7-9e8c-860ba7dd878c req-48fa5b5a-994d-49b7-9e8c-860ba7dd878c ] Request (AttachInterfacesUnderV243Test:test_add_remove_fixed_ip): 200 GET http://10.180.1.21/compute/v2.1/servers/05b5792d-57a8-4e23-937d-37146f958a31 1.020s
2025-03-07 15:45:12.315 68982 INFO tempest.lib.common.rest_client [req-9651e5bd-617b-45e0-90a5-110cf17a9a15 req-9651e5bd-617b-45e0-90a5-110cf17a9a15 ] Request (ServersTestMultiNic:test_verify_duplicate_network_nics): 200 GET http://10.180.1.21/compute/v2.1/servers/6e7c1494-704f-4b7e-ba02-c3777ef4ffa7 1.032s
2025-03-07 15:45:12.325 68958 INFO tempest.lib.common.rest_client [req-25d010f9-9eec-4620-bce9-f0a3e3b2e41d req-25d010f9-9eec-4620-bce9-f0a3e3b2e41d ] Request (SecurityGroupRulesNegativeTestJSON:test_create_security_group_rule_with_invalid_id): 400 POST http://10.180.1.21/compute/v2.1/os-security-group-rules 0.992s
2025-03-07 15:45:12.368 68992 INFO tempest.lib.common.rest_client [req-cfd792e1-cfb5-4689-902b-e375cc16f11b req-cfd792e1-cfb5-4689-902b-e375cc16f11b ] Request (ImagesNegativeTestJSON:test_create_image_from_deleted_server): 200 GET http://10.180.1.21/compute/v2.1/servers/e68039e4-6347-41cc-915b-5c9be6dca8b5 1.057s
2025-03-07 15:45:12.411 68985 INFO tempest.lib.common.rest_client [req-6fe1916b-b2a7-45e5-b062-9f754dbfe948 req-6fe1916b-b2a7-45e5-b062-9f754dbfe948 ] Request (ServerRescueNegativeTestJSON:setUpClass): 200 GET http://10.180.1.21/compute/v2.1/servers/7875a8e9-9518-4313-a4a8-ade3126c3ad3 1.059s
2025-03-07 15:45:12.451 68974 INFO tempest.lib.common.rest_client [req-5fcdf82a-7fbf-455d-b019-8abf667e5126 req-5fcdf82a-7fbf-455d-b019-8abf667e5126 ] Request (TenantUsagesTestJSON:setUpClass): 200 GET http://10.180.1.21/compute/v2.1/servers/e469c9c6-c965-49ba-9a09-fb27ced0b3d2 1.078s
2025-03-07 15:45:12.493 68962 INFO tempest.lib.common.rest_client [req-0036303a-16e8-434e-a743-e5dc23e479c8 req-0036303a-16e8-434e-a743-e5dc23e479c8 ] Request (DeleteServersAdminTestJSON:test_delete_server_while_in_error_state): 200 GET http://10.180.1.21/compute/v2.1/servers/273f2827-62c0-46a1-9d39-a609cee78482 1.080s
2025-03-07 15:45:12.527 68990 INFO tempest.lib.common.rest_client [req-6003db3e-9512-4181-ac3d-eb5f964f9474 req-6003db3e-9512-4181-ac3d-eb5f964f9474 ] Request (ServersTestManualDisk:setUpClass): 200 GET http://10.180.1.21/compute/v2.1/servers/1ff31992-d8ca-425d-996d-c8d4c5283366 1.051s
2025-03-07 15:45:12.543 69000 INFO tempest.lib.common.rest_client [req-df4f183f-3a1e-4e22-a489-3cd264fcf092 req-df4f183f-3a1e-4e22-a489-3cd264fcf092 ] Request (ValidationResourcesFixture:setUp): 201 POST http://10.180.1.21:9696/networking/v2.0/floatingips 0.890s
2025-03-07 15:45:12.577 69000 INFO tempest.lib.common.rest_client [req-6380b0b0-cf0d-4363-a85c-0abaaac67f3f req-6380b0b0-cf0d-4363-a85c-0abaaac67f3f ] Request (AttachVolumeNegativeTest:test_attach_attached_volume_to_different_server): 201 POST http://10.180.1.21/identity/v3/auth/tokens 0.031s
2025-03-07 15:45:12.577 69000 INFO tempest.lib.common.fixed_network [-] (AttachVolumeNegativeTest:test_attach_attached_volume_to_different_server) Found network {'id': '019f3453-8a1d-42b7-9d1c-12ecdf1d025e', 'name': 'tempest-AttachVolumeNegativeTest-1469329405-network', 'tenant_id': '5998df66b36243ec83a5606e0b94e297', 'admin_state_up': True, 'mtu': 8950, 'status': 'ACTIVE', 'subnets': [], 'shared': False, 'project_id': '5998df66b36243ec83a5606e0b94e297', 'port_security_enabled': True, 'router:external': False, 'provider:network_type': 'vlan', 'provider:physical_network': 'default', 'provider:segmentation_id': 637, 'availability_zone_hints': [], 'availability_zones': [], 'ipv4_address_scope': None, 'ipv6_address_scope': None, 'description': '', 'tags': [], 'created_at': '2025-03-07T15:45:05Z', 'updated_at': '2025-03-07T15:45:05Z', 'revision_number': 1} available for tenant
2025-03-07 15:45:12.893 68964 INFO tempest.lib.common.rest_client [req-2eb7cd18-20b0-4c54-8684-1bfd80a2f08c req-2eb7cd18-20b0-4c54-8684-1bfd80a2f08c ] Request (SecurityGroupsTestJSON:test_list_security_groups_by_server): 200 POST http://10.180.1.21/compute/v2.1/os-security-groups 1.282s
2025-03-07 15:45:12.976 68998 INFO tempest.lib.common.rest_client [req-c4915361-9c0a-4473-b847-889818a8c817 req-c4915361-9c0a-4473-b847-889818a8c817 ] Request (ServerActionsTestOtherB:setUpClass): 200 GET http://10.180.1.21/compute/v2.1/servers/7edda435-0f02-4a60-9b85-5bb8700f647f 1.251s
2025-03-07 15:45:12.991 68988 INFO tempest.lib.common.rest_client [req-44edaf50-2dec-4e76-9062-d43996eaf18a req-44edaf50-2dec-4e76-9062-d43996eaf18a ] Request (ServerActionsTestJSON:setUpClass): 200 PUT http://10.180.1.21:9696/networking/v2.0/floatingips/fa11babe-51cf-45e2-9e5e-f9d1b344f7d8 1.241s
2025-03-07 15:45:12.992 68988 INFO tempest.lib.common.ssh [-] Creating ssh connection to '10.180.180.155:22' as 'cirros' with public key authentication
2025-03-07 15:45:13.122 68968 INFO tempest.lib.common.rest_client [req-30cc1494-c002-4f23-8acc-986c1d63b227 req-30cc1494-c002-4f23-8acc-986c1d63b227 ] Request (InstanceActionsNegativeTestJSON:setUpClass): 202 POST http://10.180.1.21/compute/v2.1/servers 1.550s
2025-03-07 15:45:13.159 68966 INFO tempest.lib.common.rest_client [req-f7d6de0b-4cca-4306-9d6e-766a479044f5 req-f7d6de0b-4cca-4306-9d6e-766a479044f5 ] Request (KeyPairsV2TestJSON:test_keypair_create_with_pub_key): 200 POST http://10.180.1.21/compute/v2.1/os-keypairs 1.254s
2025-03-07 15:45:13.242 69002 INFO tempest.lib.common.rest_client [req-e4e749c7-4c6f-45ab-a3b8-be6f26625c01 req-e4e749c7-4c6f-45ab-a3b8-be6f26625c01 ] Request (FloatingIPsAssociationNegativeTestJSON:tearDownClass): 204 DELETE http://10.180.1.21/compute/v2.1/servers/fb9fd541-38e9-4ca5-a7b3-c6a06461c2da 1.283s
2025-03-07 15:45:13.351 68996 INFO tempest.lib.common.rest_client [req-947b40d2-ad15-4d5a-9d36-f7fceb143bb2 req-947b40d2-ad15-4d5a-9d36-f7fceb143bb2 ] Request (ServersWithSpecificFlavorTestJSON:test_verify_created_server_ephemeral_disk): 200 GET http://10.180.1.21/compute/v2.1/servers/6b1012c6-0af9-4e75-ae26-0c2bb0485368 1.334s
2025-03-07 15:45:13.359 68996 INFO tempest.common.waiters [-] State transition "BUILD/networking" ==> "BUILD/spawning" after 39 second wait
2025-03-07 15:45:13.377 69008 INFO tempest.lib.common.rest_client [req-0badd107-4566-4355-b89d-dc39bffc5910 req-0badd107-4566-4355-b89d-dc39bffc5910 ] Request (ServersAdmin275Test:test_rebuild_update_server_275): 202 POST http://10.180.1.21/compute/v2.1/servers/301554a6-cb72-4b2d-bcaf-1c1cedbad5f8/action 1.512s
2025-03-07 15:45:13.432 69004 INFO tempest.lib.common.rest_client [req-41e56cbd-2d85-4cd2-b471-598652df6f08 req-41e56cbd-2d85-4cd2-b471-598652df6f08 ] Request (ServerExternalEventsTest:tearDownClass): 200 GET http://10.180.1.21/compute/v2.1/servers/870c8b35-6745-4af5-9564-6b8673d2f8c8 1.352s
2025-03-07 15:45:13.494 68978 INFO tempest.lib.common.rest_client [req-740888f7-c5fa-4eba-a914-12676eba16bb req-740888f7-c5fa-4eba-a914-12676eba16bb ] Request (FloatingIPsAssociationTestJSON:test_associate_already_associated_floating_ip): 200 GET http://10.180.1.21/compute/v2.1/servers/e506d465-896d-4493-9e6b-398f3f08048b 1.206s
2025-03-07 15:45:13.522 68972 INFO tempest.lib.common.rest_client [req-49cc4efa-26eb-409c-aaf2-fb6ef9c34536 req-49cc4efa-26eb-409c-aaf2-fb6ef9c34536 ] Request (SecurityGroupRulesTestJSON:test_security_group_rules_create_with_optional_group_id): 200 POST http://10.180.1.21/compute/v2.1/os-security-groups 1.294s
2025-03-07 15:45:13.640 68970 WARNING tempest.lib.common.ssh [-] Failed to establish authenticated ssh connection to cirros@10.180.180.168 ([Errno None] Unable to connect to port 22 on 10.180.180.168). Number attempts: 4. Retry after 5 seconds.: paramiko.ssh_exception.NoValidConnectionsError: [Errno None] Unable to connect to port 22 on 10.180.180.168
2025-03-07 15:45:13.669 68958 INFO tempest.lib.common.rest_client [req-10980fe0-28ca-4d86-afe2-0eaae238769f req-10980fe0-28ca-4d86-afe2-0eaae238769f ] Request (SecurityGroupRulesNegativeTestJSON:test_create_security_group_rule_with_invalid_ip_protocol): 200 POST http://10.180.1.21/compute/v2.1/os-security-groups 1.342s
2025-03-07 15:45:13.677 68976 INFO tempest.lib.common.rest_client [req-6028be46-31b7-4783-9392-de6eeebb0ce4 req-6028be46-31b7-4783-9392-de6eeebb0ce4 ] Request (ListServerFiltersTestJSON:setUpClass): 200 GET http://10.180.1.21/compute/v2.1/servers/d8adc464-8082-4c42-a65c-a6cf62ce153d 1.365s
2025-03-07 15:45:13.737 68980 INFO tempest.lib.common.rest_client [req-7a11eca1-e0e2-4264-af51-60f33daed141 req-7a11eca1-e0e2-4264-af51-60f33daed141 ] Request (ServerDiagnosticsTest:tearDownClass): 200 GET http://10.180.1.21/compute/v2.1/servers/c47a2b8a-6db1-4e67-a62e-01a95067121f 1.321s
2025-03-07 15:45:13.739 69006 INFO tempest.lib.common.rest_client [req-3235841d-bbf5-4100-b43d-88f6d7f96147 req-3235841d-bbf5-4100-b43d-88f6d7f96147 ] Request (ImagesTestJSON:test_create_image_from_suspended_server): 200 GET http://10.180.1.21/compute/v2.1/servers/75a6423a-0e3e-4d79-858d-01af450513dd 1.296s
2025-03-07 15:45:13.785 69016 INFO tempest.lib.common.rest_client [req-b2f6112d-c205-46ba-9cbe-7c6b7f06d43e req-b2f6112d-c205-46ba-9cbe-7c6b7f06d43e ] Request (ListServersNegativeTestJSON:setUpClass): 200 GET http://10.180.1.21/compute/v2.1/servers/17c3e88e-73ca-4255-bc84-c54e1d732b6d 1.257s
2025-03-07 15:45:13.846 69020 INFO tempest.lib.common.rest_client [req-e9ba5914-7623-44bb-aeef-6b5f3d34a0ec req-e9ba5914-7623-44bb-aeef-6b5f3d34a0ec ] Request (ImagesOneServerTestJSON:setUpClass): 200 GET http://10.180.1.21/compute/v2.1/servers/f6db9f4b-f133-4c8a-8225-35535a715a80 1.213s
2025-03-07 15:45:14.120 69000 INFO tempest.lib.common.rest_client [req-6f6c02f4-5cfc-412d-93b9-5ecc2922c2a8 req-6f6c02f4-5cfc-412d-93b9-5ecc2922c2a8 ] Request (AttachVolumeNegativeTest:test_attach_attached_volume_to_different_server): 202 POST http://10.180.1.21/compute/v2.1/servers 1.542s
2025-03-07 15:45:14.211 69019 INFO tempest.lib.common.rest_client [req-e17657e0-79a0-45de-990b-a17d7cf54f97 req-e17657e0-79a0-45de-990b-a17d7cf54f97 ] Request (ServerDiagnosticsV248Test:tearDownClass): 200 GET http://10.180.1.21/compute/v2.1/servers/edc45660-de9d-459e-af05-ca23f9df97c3 1.474s
2025-03-07 15:45:14.264 68960 INFO tempest.lib.common.rest_client [req-dff268b1-1229-4942-b51f-06dcfe5f94fc req-dff268b1-1229-4942-b51f-06dcfe5f94fc ] Request (AttachInterfacesV270Test:test_create_get_list_interfaces): 200 GET http://10.180.1.21/compute/v2.1/servers/a9a56dcf-db58-415f-bcbc-edf447215938 1.591s
2025-03-07 15:45:14.278 68960 INFO tempest.common.waiters [-] State transition "BUILD/spawning" ==> "ACTIVE/None" after 46 second wait
2025-03-07 15:45:14.279 68986 INFO tempest.lib.common.rest_client [req-50f21ddf-59bf-4682-8007-d25b2824811d req-50f21ddf-59bf-4682-8007-d25b2824811d ] Request (AttachInterfacesTestJSON:test_create_list_show_delete_interfaces_by_fixed_ip): 200 GET http://10.180.1.21/compute/v2.1/servers/6285a4e1-2601-43c8-9bca-c438f72b0b67 1.476s
2025-03-07 15:45:14.485 69010 INFO tempest.lib.common.rest_client [req-cfe19ef0-4cb7-4067-8ee3-903eb5d92007 req-cfe19ef0-4cb7-4067-8ee3-903eb5d92007 ] Request (VolumesAssistedSnapshotsTest:test_volume_assisted_snapshot_create_delete): 200 GET http://10.180.1.21/compute/v2.1/servers/1fcbe6cd-eff3-4297-9559-98bd24b9d906 1.589s
2025-03-07 15:45:14.499 69010 INFO tempest.common.waiters [-] State transition "BUILD/None" ==> "BUILD/networking" after 40 second wait
2025-03-07 15:45:14.509 68964 INFO tempest.lib.common.rest_client [req-8a405ee6-d9ab-4ccd-a2b0-efdfb1a8f088 req-8a405ee6-d9ab-4ccd-a2b0-efdfb1a8f088 ] Request (SecurityGroupsTestJSON:test_list_security_groups_by_server): 200 POST http://10.180.1.21/compute/v2.1/os-security-groups 1.613s
2025-03-07 15:45:14.549 68966 INFO tempest.lib.common.rest_client [req-2ed84b0b-cec3-43e4-a61b-531d6f633f43 req-2ed84b0b-cec3-43e4-a61b-531d6f633f43 ] Request (KeyPairsV2TestJSON:_run_cleanups): 202 DELETE http://10.180.1.21/compute/v2.1/os-keypairs/tempest-keypair-1138001348 1.388s
2025-03-07 15:45:14.560 68964 INFO tempest.lib.common.rest_client [req-8d9d9054-08f2-4f2b-8134-7bb8988d640b req-8d9d9054-08f2-4f2b-8134-7bb8988d640b ] Request (SecurityGroupsTestJSON:test_list_security_groups_by_server): 201 POST http://10.180.1.21/identity/v3/auth/tokens 0.043s
2025-03-07 15:45:14.560 68964 INFO tempest.lib.common.fixed_network [-] (SecurityGroupsTestJSON:test_list_security_groups_by_server) Found network {'id': '2c7710d6-7fc7-450d-9c89-e8e4ad63e920', 'name': 'tempest-SecurityGroupsTestJSON-837363035-network', 'tenant_id': '0d27482b6a4443bb833b52de52636802', 'admin_state_up': True, 'mtu': 8950, 'status': 'ACTIVE', 'subnets': [], 'shared': False, 'project_id': '0d27482b6a4443bb833b52de52636802', 'port_security_enabled': True, 'router:external': False, 'provider:network_type': 'vlan', 'provider:physical_network': 'default', 'provider:segmentation_id': 161, 'availability_zone_hints': [], 'availability_zones': [], 'ipv4_address_scope': None, 'ipv6_address_scope': None, 'description': '', 'tags': [], 'created_at': '2025-03-07T15:45:06Z', 'updated_at': '2025-03-07T15:45:06Z', 'revision_number': 1} available for tenant
2025-03-07 15:45:14.576 68968 INFO tempest.lib.common.rest_client [req-17db6e41-f1f8-4ee0-82ad-179acb7e70a5 req-17db6e41-f1f8-4ee0-82ad-179acb7e70a5 ] Request (InstanceActionsNegativeTestJSON:setUpClass): 200 GET http://10.180.1.21/compute/v2.1/servers/4cf0b932-a3d1-4bba-90e3-3b03e52c5cb7 1.453s
2025-03-07 15:45:14.692 69002 INFO tempest.lib.common.rest_client [req-89372dd6-4c74-4fb1-850a-aaf9b9727ad6 req-89372dd6-4c74-4fb1-850a-aaf9b9727ad6 ] Request (FloatingIPsAssociationNegativeTestJSON:tearDownClass): 200 GET http://10.180.1.21/compute/v2.1/servers/fb9fd541-38e9-4ca5-a7b3-c6a06461c2da 1.449s
2025-03-07 15:45:14.707 69012 INFO tempest.lib.common.rest_client [req-e74f0127-fb6a-4177-8b3b-0f0e14318731 req-e74f0127-fb6a-4177-8b3b-0f0e14318731 ] Request (MigrationsAdminTest:test_list_migrations_in_flavor_resize_situation): 200 GET http://10.180.1.21/compute/v2.1/servers/5291932b-4bd7-48f5-a6e1-c69f4912a590 1.502s
2025-03-07 15:45:14.744 69014 INFO tempest.lib.common.rest_client [req-415ea8fb-e3a0-42d5-b5b9-213b3c4a8982 req-415ea8fb-e3a0-42d5-b5b9-213b3c4a8982 ] Request (AttachInterfacesUnderV243Test:test_add_remove_fixed_ip): 200 GET http://10.180.1.21/compute/v2.1/servers/05b5792d-57a8-4e23-937d-37146f958a31 1.442s
2025-03-07 15:45:14.756 68982 INFO tempest.lib.common.rest_client [req-23411e09-298b-4f53-a65c-03099f2365de req-23411e09-298b-4f53-a65c-03099f2365de ] Request (ServersTestMultiNic:test_verify_duplicate_network_nics): 200 GET http://10.180.1.21/compute/v2.1/servers/6e7c1494-704f-4b7e-ba02-c3777ef4ffa7 1.430s
2025-03-07 15:45:14.765 68982 INFO tempest.common.waiters [-] State transition "BUILD/scheduling" ==> "BUILD/None" after 23 second wait
2025-03-07 15:45:14.790 68992 INFO tempest.lib.common.rest_client [req-d0cbf21b-ca68-4670-85da-bc8c1bd511f3 req-d0cbf21b-ca68-4670-85da-bc8c1bd511f3 ] Request (ImagesNegativeTestJSON:test_create_image_from_deleted_server): 200 GET http://10.180.1.21/compute/v2.1/servers/e68039e4-6347-41cc-915b-5c9be6dca8b5 1.413s
2025-03-07 15:45:14.835 69008 INFO tempest.lib.common.rest_client [req-1cf060e6-16ba-4273-9d4d-c9d43131b241 req-1cf060e6-16ba-4273-9d4d-c9d43131b241 ] Request (ServersAdmin275Test:_run_cleanups): 200 GET http://10.180.1.21/compute/v2.1/servers/301554a6-cb72-4b2d-bcaf-1c1cedbad5f8 1.444s
2025-03-07 15:45:14.838 68985 INFO tempest.lib.common.rest_client [req-cd9f9999-6033-469e-a8a2-3e63fda3a985 req-cd9f9999-6033-469e-a8a2-3e63fda3a985 ] Request (ServerRescueNegativeTestJSON:setUpClass): 200 GET http://10.180.1.21/compute/v2.1/servers/7875a8e9-9518-4313-a4a8-ade3126c3ad3 1.417s
2025-03-07 15:45:14.885 68974 INFO tempest.lib.common.rest_client [req-8c73ce67-1ba6-47cc-9da0-dd5f79212bbe req-8c73ce67-1ba6-47cc-9da0-dd5f79212bbe ] Request (TenantUsagesTestJSON:setUpClass): 200 GET http://10.180.1.21/compute/v2.1/servers/e469c9c6-c965-49ba-9a09-fb27ced0b3d2 1.425s
2025-03-07 15:45:14.893 68962 INFO tempest.lib.common.rest_client [req-bae7b22e-17be-4c85-98cc-c83846fcaa74 req-bae7b22e-17be-4c85-98cc-c83846fcaa74 ] Request (DeleteServersAdminTestJSON:test_delete_server_while_in_error_state): 200 GET http://10.180.1.21/compute/v2.1/servers/273f2827-62c0-46a1-9d39-a609cee78482 1.392s
2025-03-07 15:45:14.944 68990 INFO tempest.lib.common.rest_client [req-bc13b990-e41b-4a65-8145-2d88f57411dc req-bc13b990-e41b-4a65-8145-2d88f57411dc ] Request (ServersTestManualDisk:setUpClass): 200 GET http://10.180.1.21/compute/v2.1/servers/1ff31992-d8ca-425d-996d-c8d4c5283366 1.407s
2025-03-07 15:45:14.984 68958 INFO tempest.lib.common.rest_client [req-5141aad3-60e7-449b-ad32-6bf2dd9389a2 req-5141aad3-60e7-449b-ad32-6bf2dd9389a2 ] Request (SecurityGroupRulesNegativeTestJSON:test_create_security_group_rule_with_invalid_ip_protocol): 400 POST http://10.180.1.21/compute/v2.1/os-security-group-rules 1.309s
2025-03-07 15:45:15.044 68998 INFO tempest.lib.common.rest_client [req-170cd6fe-bdea-4508-9ec3-7f87649e6d51 req-170cd6fe-bdea-4508-9ec3-7f87649e6d51 ] Request (ServerActionsTestOtherB:setUpClass): 200 GET http://10.180.1.21/compute/v2.1/servers/7edda435-0f02-4a60-9b85-5bb8700f647f 1.057s
2025-03-07 15:45:15.061 68972 INFO tempest.lib.common.rest_client [req-6ef36d04-6644-481e-8a8d-1309f65493d8 req-6ef36d04-6644-481e-8a8d-1309f65493d8 ] Request (SecurityGroupRulesTestJSON:test_security_group_rules_create_with_optional_group_id): 200 POST http://10.180.1.21/compute/v2.1/os-security-group-rules 1.536s
2025-03-07 15:45:15.064 68972 WARNING tempest.lib.common.rest_client [-] Deprecated: "tenant_id" property is deprecated for removal, use "project_id" instead
2025-03-07 15:45:15.102 69000 INFO tempest.lib.common.rest_client [req-ec1b83f7-9291-4fa9-ac74-f4783aaa53da req-ec1b83f7-9291-4fa9-ac74-f4783aaa53da ] Request (AttachVolumeNegativeTest:test_attach_attached_volume_to_different_server): 200 GET http://10.180.1.21/compute/v2.1/servers/77ef840a-2216-4f7d-a598-421505eedd5e 0.980s
2025-03-07 15:45:15.424 68996 INFO tempest.lib.common.rest_client [req-48da8d7d-a097-41f0-bd24-2789ea545e75 req-48da8d7d-a097-41f0-bd24-2789ea545e75 ] Request (ServersWithSpecificFlavorTestJSON:test_verify_created_server_ephemeral_disk): 200 GET http://10.180.1.21/compute/v2.1/servers/6b1012c6-0af9-4e75-ae26-0c2bb0485368 1.064s
2025-03-07 15:45:15.504 69004 INFO tempest.lib.common.rest_client [req-3508175e-b0f4-4552-9745-3c8b4c631bc5 req-3508175e-b0f4-4552-9745-3c8b4c631bc5 ] Request (ServerExternalEventsTest:tearDownClass): 200 GET http://10.180.1.21/compute/v2.1/servers/870c8b35-6745-4af5-9564-6b8673d2f8c8 1.059s
2025-03-07 15:45:15.556 68978 INFO tempest.lib.common.rest_client [req-e06823f9-9d1e-415a-8dbd-1b45e139e4d3 req-e06823f9-9d1e-415a-8dbd-1b45e139e4d3 ] Request (FloatingIPsAssociationTestJSON:test_associate_already_associated_floating_ip): 200 GET http://10.180.1.21/compute/v2.1/servers/e506d465-896d-4493-9e6b-398f3f08048b 1.054s
2025-03-07 15:45:15.617 68966 INFO tempest.lib.common.rest_client [req-80dd5f29-2b1b-4d1d-ab33-250f285150a8 req-80dd5f29-2b1b-4d1d-ab33-250f285150a8 ] Request (KeyPairsV2TestJSON:test_keypairs_create_list_delete): 200 POST http://10.180.1.21/compute/v2.1/os-keypairs 1.066s
2025-03-07 15:45:15.899 68964 INFO tempest.lib.common.rest_client [req-301b069b-7a84-4ab1-8068-8d0eef201d82 req-301b069b-7a84-4ab1-8068-8d0eef201d82 ] Request (SecurityGroupsTestJSON:test_list_security_groups_by_server): 202 POST http://10.180.1.21/compute/v2.1/servers 1.337s
2025-03-07 15:45:16.001 68976 INFO tempest.lib.common.rest_client [req-2b475f79-b0fb-4f27-8275-a94996202267 req-2b475f79-b0fb-4f27-8275-a94996202267 ] Request (ListServerFiltersTestJSON:setUpClass): 200 GET http://10.180.1.21/compute/v2.1/servers/d8adc464-8082-4c42-a65c-a6cf62ce153d 1.316s
2025-03-07 15:45:16.060 68980 INFO tempest.lib.common.rest_client [req-48916217-6113-42d7-8d2e-f0b7f5b677ff req-48916217-6113-42d7-8d2e-f0b7f5b677ff ] Request (ServerDiagnosticsTest:tearDownClass): 200 GET http://10.180.1.21/compute/v2.1/servers/c47a2b8a-6db1-4e67-a62e-01a95067121f 1.310s
2025-03-07 15:45:16.109 69006 INFO tempest.lib.common.rest_client [req-3109e5d1-bee4-4d0d-89c7-63a8b5a2a117 req-3109e5d1-bee4-4d0d-89c7-63a8b5a2a117 ] Request (ImagesTestJSON:test_create_image_from_suspended_server): 200 GET http://10.180.1.21/compute/v2.1/servers/75a6423a-0e3e-4d79-858d-01af450513dd 1.358s
2025-03-07 15:45:16.159 69016 INFO tempest.lib.common.rest_client [req-0659fb74-cd96-4a11-95b6-f3a363a84f34 req-0659fb74-cd96-4a11-95b6-f3a363a84f34 ] Request (ListServersNegativeTestJSON:setUpClass): 200 GET http://10.180.1.21/compute/v2.1/servers/17c3e88e-73ca-4255-bc84-c54e1d732b6d 1.365s
2025-03-07 15:45:16.203 69020 INFO tempest.lib.common.rest_client [req-690c60c8-fcd3-482f-925b-ff5c5abba4e8 req-690c60c8-fcd3-482f-925b-ff5c5abba4e8 ] Request (ImagesOneServerTestJSON:setUpClass): 200 GET http://10.180.1.21/compute/v2.1/servers/f6db9f4b-f133-4c8a-8225-35535a715a80 1.349s
2025-03-07 15:45:16.297 68958 INFO tempest.lib.common.rest_client [req-094e8d7a-281f-43dd-b209-27cd4d7152a2 req-094e8d7a-281f-43dd-b209-27cd4d7152a2 ] Request (SecurityGroupRulesNegativeTestJSON:test_create_security_group_rule_with_invalid_port_range): 200 POST http://10.180.1.21/compute/v2.1/os-security-groups 1.312s
2025-03-07 15:45:16.395 68972 INFO tempest.lib.common.rest_client [req-2e776489-572c-429f-bbd0-520ce0b234ba req-2e776489-572c-429f-bbd0-520ce0b234ba ] Request (SecurityGroupRulesTestJSON:test_security_group_rules_delete_when_peer_group_deleted): 200 POST http://10.180.1.21/compute/v2.1/os-security-groups 1.328s
2025-03-07 15:45:16.462 69019 INFO tempest.lib.common.rest_client [req-64dcca9c-1194-4980-934f-695b0184073e req-64dcca9c-1194-4980-934f-695b0184073e ] Request (ServerDiagnosticsV248Test:tearDownClass): 200 GET http://10.180.1.21/compute/v2.1/servers/edc45660-de9d-459e-af05-ca23f9df97c3 1.242s
2025-03-07 15:45:16.508 68986 INFO tempest.lib.common.rest_client [req-fe1383f2-76ae-42e3-8538-f3b5a313dc46 req-fe1383f2-76ae-42e3-8538-f3b5a313dc46 ] Request (AttachInterfacesTestJSON:test_create_list_show_delete_interfaces_by_fixed_ip): 200 GET http://10.180.1.21/compute/v2.1/servers/6285a4e1-2601-43c8-9bca-c438f72b0b67 1.220s
2025-03-07 15:45:16.515 68986 INFO tempest.common.waiters [-] State transition "BUILD/None" ==> "BUILD/networking" after 42 second wait
2025-03-07 15:45:16.602 69010 INFO tempest.lib.common.rest_client [req-43fb44b0-9e7e-42e6-98ed-8954754491de req-43fb44b0-9e7e-42e6-98ed-8954754491de ] Request (VolumesAssistedSnapshotsTest:test_volume_assisted_snapshot_create_delete): 200 GET http://10.180.1.21/compute/v2.1/servers/1fcbe6cd-eff3-4297-9559-98bd24b9d906 1.101s
2025-03-07 15:45:16.610 69010 INFO tempest.common.waiters [-] State transition "BUILD/networking" ==> "BUILD/spawning" after 42 second wait
2025-03-07 15:45:16.652 68968 INFO tempest.lib.common.rest_client [req-e8ccdffe-ab86-4cac-b54c-5016a151405e req-e8ccdffe-ab86-4cac-b54c-5016a151405e ] Request (InstanceActionsNegativeTestJSON:setUpClass): 200 GET http://10.180.1.21/compute/v2.1/servers/4cf0b932-a3d1-4bba-90e3-3b03e52c5cb7 1.067s
2025-03-07 15:45:16.679 68966 INFO tempest.lib.common.rest_client [req-aa690c23-a51b-4e1f-a04e-8be0feff2dcb req-aa690c23-a51b-4e1f-a04e-8be0feff2dcb ] Request (KeyPairsV2TestJSON:test_keypairs_create_list_delete): 200 POST http://10.180.1.21/compute/v2.1/os-keypairs 1.057s
2025-03-07 15:45:16.727 69002 INFO tempest.lib.common.rest_client [req-24683c62-5254-4461-977b-9057e1f45d8f req-24683c62-5254-4461-977b-9057e1f45d8f ] Request (FloatingIPsAssociationNegativeTestJSON:tearDownClass): 200 GET http://10.180.1.21/compute/v2.1/servers/fb9fd541-38e9-4ca5-a7b3-c6a06461c2da 1.024s
2025-03-07 15:45:16.818 69012 INFO tempest.lib.common.rest_client [req-3434f125-ec05-40f3-ae63-6f505fafb741 req-3434f125-ec05-40f3-ae63-6f505fafb741 ] Request (MigrationsAdminTest:test_list_migrations_in_flavor_resize_situation): 200 GET http://10.180.1.21/compute/v2.1/servers/5291932b-4bd7-48f5-a6e1-c69f4912a590 1.103s
2025-03-07 15:45:16.861 69014 INFO tempest.lib.common.rest_client [req-aa776523-cbef-498f-bb11-0ddc0497a3d2 req-aa776523-cbef-498f-bb11-0ddc0497a3d2 ] Request (AttachInterfacesUnderV243Test:test_add_remove_fixed_ip): 200 GET http://10.180.1.21/compute/v2.1/servers/05b5792d-57a8-4e23-937d-37146f958a31 1.107s
2025-03-07 15:45:16.905 68982 INFO tempest.lib.common.rest_client [req-f375b1cd-31f6-4a36-ab3a-5e015b27b489 req-f375b1cd-31f6-4a36-ab3a-5e015b27b489 ] Request (ServersTestMultiNic:test_verify_duplicate_network_nics): 200 GET http://10.180.1.21/compute/v2.1/servers/6e7c1494-704f-4b7e-ba02-c3777ef4ffa7 1.137s
2025-03-07 15:45:16.952 68992 INFO tempest.lib.common.rest_client [req-fcd603e8-7075-4ebb-a076-07ddb56acbf2 req-fcd603e8-7075-4ebb-a076-07ddb56acbf2 ] Request (ImagesNegativeTestJSON:test_create_image_from_deleted_server): 200 GET http://10.180.1.21/compute/v2.1/servers/e68039e4-6347-41cc-915b-5c9be6dca8b5 1.153s
2025-03-07 15:45:17.031 69008 INFO tempest.lib.common.rest_client [req-5ad36266-9d45-4b7a-b043-472e4480f675 req-5ad36266-9d45-4b7a-b043-472e4480f675 ] Request (ServersAdmin275Test:_run_cleanups): 200 GET http://10.180.1.21/compute/v2.1/servers/301554a6-cb72-4b2d-bcaf-1c1cedbad5f8 1.185s
2025-03-07 15:45:17.042 69008 INFO tempest.common.waiters [-] State transition "REBUILD/rebuilding" ==> "REBUILD/rebuild_spawning" after 3 second wait
2025-03-07 15:45:17.084 68985 INFO tempest.lib.common.rest_client [req-ef7298fd-161b-45b8-9d5e-07e4fd1fb23b req-ef7298fd-161b-45b8-9d5e-07e4fd1fb23b ] Request (ServerRescueNegativeTestJSON:setUpClass): 200 GET http://10.180.1.21/compute/v2.1/servers/7875a8e9-9518-4313-a4a8-ade3126c3ad3 1.234s
2025-03-07 15:45:17.107 68988 WARNING tempest.lib.common.ssh [-] Failed to establish authenticated ssh connection to cirros@10.180.180.155 ([Errno None] Unable to connect to port 22 on 10.180.180.155). Number attempts: 1. Retry after 2 seconds.: paramiko.ssh_exception.NoValidConnectionsError: [Errno None] Unable to connect to port 22 on 10.180.180.155
2025-03-07 15:45:17.156 68974 INFO tempest.lib.common.rest_client [req-d9e2eba1-e2f7-43b4-b1dc-e7f55e5734f7 req-d9e2eba1-e2f7-43b4-b1dc-e7f55e5734f7 ] Request (TenantUsagesTestJSON:setUpClass): 200 GET http://10.180.1.21/compute/v2.1/servers/e469c9c6-c965-49ba-9a09-fb27ced0b3d2 1.262s
2025-03-07 15:45:17.211 68964 INFO tempest.lib.common.rest_client [req-7ef653d0-7817-4197-a488-17342a44d7d5 req-7ef653d0-7817-4197-a488-17342a44d7d5 ] Request (SecurityGroupsTestJSON:test_list_security_groups_by_server): 200 GET http://10.180.1.21/compute/v2.1/servers/64df3563-d078-4958-a2e9-527f7a10e77d 1.310s
2025-03-07 15:45:17.282 68962 INFO tempest.lib.common.rest_client [req-bf17f2f3-f6ad-4bc0-b009-081932c72825 req-bf17f2f3-f6ad-4bc0-b009-081932c72825 ] Request (DeleteServersAdminTestJSON:test_delete_server_while_in_error_state): 200 GET http://10.180.1.21/compute/v2.1/servers/273f2827-62c0-46a1-9d39-a609cee78482 1.381s
2025-03-07 15:45:17.329 68990 INFO tempest.lib.common.rest_client [req-4d188d92-25c9-4021-9aa3-bfe6b6729a31 req-4d188d92-25c9-4021-9aa3-bfe6b6729a31 ] Request (ServersTestManualDisk:setUpClass): 200 GET http://10.180.1.21/compute/v2.1/servers/1ff31992-d8ca-425d-996d-c8d4c5283366 1.376s
2025-03-07 15:45:17.394 68998 INFO tempest.lib.common.rest_client [req-7cdbde6a-dfad-470d-b0da-b00c54894007 req-7cdbde6a-dfad-470d-b0da-b00c54894007 ] Request (ServerActionsTestOtherB:setUpClass): 200 GET http://10.180.1.21/compute/v2.1/servers/7edda435-0f02-4a60-9b85-5bb8700f647f 1.339s
2025-03-07 15:45:17.449 69000 INFO tempest.lib.common.rest_client [req-34bc344e-1e32-4f60-983b-884509848c8a req-34bc344e-1e32-4f60-983b-884509848c8a ] Request (AttachVolumeNegativeTest:test_attach_attached_volume_to_different_server): 200 GET http://10.180.1.21/compute/v2.1/servers/77ef840a-2216-4f7d-a598-421505eedd5e 1.333s
2025-03-07 15:45:17.486 68958 INFO tempest.lib.common.rest_client [req-659f798c-9b7a-4cf7-b401-37f45e842c6f req-659f798c-9b7a-4cf7-b401-37f45e842c6f ] Request (SecurityGroupRulesNegativeTestJSON:test_create_security_group_rule_with_invalid_port_range): 400 POST http://10.180.1.21/compute/v2.1/os-security-group-rules 1.186s
2025-03-07 15:45:17.602 68972 INFO tempest.lib.common.rest_client [req-91cba91c-2d61-4d80-9353-8e9dd7cc98cb req-91cba91c-2d61-4d80-9353-8e9dd7cc98cb ] Request (SecurityGroupRulesTestJSON:test_security_group_rules_delete_when_peer_group_deleted): 200 POST http://10.180.1.21/compute/v2.1/os-security-groups 1.203s
2025-03-07 15:45:17.730 68996 INFO tempest.lib.common.rest_client [req-282f66ec-4097-4fc8-a512-fdf702b6e75a req-282f66ec-4097-4fc8-a512-fdf702b6e75a ] Request (ServersWithSpecificFlavorTestJSON:test_verify_created_server_ephemeral_disk): 200 GET http://10.180.1.21/compute/v2.1/servers/6b1012c6-0af9-4e75-ae26-0c2bb0485368 1.299s
2025-03-07 15:45:17.790 69004 INFO tempest.lib.common.rest_client [req-866e7d9a-1686-4cba-81ee-b0689e617e62 req-866e7d9a-1686-4cba-81ee-b0689e617e62 ] Request (ServerExternalEventsTest:tearDownClass): 200 GET http://10.180.1.21/compute/v2.1/servers/870c8b35-6745-4af5-9564-6b8673d2f8c8 1.277s
2025-03-07 15:45:17.856 68978 INFO tempest.lib.common.rest_client [req-fb1a4084-5038-499f-8df9-562802b69c6e req-fb1a4084-5038-499f-8df9-562802b69c6e ] Request (FloatingIPsAssociationTestJSON:test_associate_already_associated_floating_ip): 200 GET http://10.180.1.21/compute/v2.1/servers/e506d465-896d-4493-9e6b-398f3f08048b 1.291s
2025-03-07 15:45:17.887 68966 INFO tempest.lib.common.rest_client [req-bf4e90d6-ebcc-454f-aa0b-605543fd1357 req-bf4e90d6-ebcc-454f-aa0b-605543fd1357 ] Request (KeyPairsV2TestJSON:test_keypairs_create_list_delete): 200 POST http://10.180.1.21/compute/v2.1/os-keypairs 1.206s
2025-03-07 15:45:17.981 68976 INFO tempest.lib.common.rest_client [req-d792ffc2-1c6e-4d09-8256-96ae95b30cb9 req-d792ffc2-1c6e-4d09-8256-96ae95b30cb9 ] Request (ListServerFiltersTestJSON:setUpClass): 200 GET http://10.180.1.21/compute/v2.1/servers/d8adc464-8082-4c42-a65c-a6cf62ce153d 0.972s
2025-03-07 15:45:18.029 68980 INFO tempest.lib.common.rest_client [req-c70769af-7987-4c80-a0f8-8ec8693bb1c4 req-c70769af-7987-4c80-a0f8-8ec8693bb1c4 ] Request (ServerDiagnosticsTest:tearDownClass): 200 GET http://10.180.1.21/compute/v2.1/servers/c47a2b8a-6db1-4e67-a62e-01a95067121f 0.959s
2025-03-07 15:45:18.073 69006 INFO tempest.lib.common.rest_client [req-c0324b19-d5ce-42d6-b36a-ec6439705cdc req-c0324b19-d5ce-42d6-b36a-ec6439705cdc ] Request (ImagesTestJSON:test_create_image_from_suspended_server): 200 GET http://10.180.1.21/compute/v2.1/servers/75a6423a-0e3e-4d79-858d-01af450513dd 0.955s
2025-03-07 15:45:18.111 68960 INFO tempest.lib.common.rest_client [req-9ad72639-efc7-4f4a-bf30-11ccf1c1a99f req-9ad72639-efc7-4f4a-bf30-11ccf1c1a99f ] Request (AttachInterfacesV270Test:test_create_get_list_interfaces): 400 POST http://10.180.1.21/compute/v2.1/servers/a9a56dcf-db58-415f-bcbc-edf447215938/os-interface 3.833s
2025-03-07 15:45:18.118 69016 INFO tempest.lib.common.rest_client [req-10a269ee-8598-4880-b84c-560b267dc85b req-10a269ee-8598-4880-b84c-560b267dc85b ] Request (ListServersNegativeTestJSON:setUpClass): 200 GET http://10.180.1.21/compute/v2.1/servers/17c3e88e-73ca-4255-bc84-c54e1d732b6d 0.947s
2025-03-07 15:45:18.164 69020 INFO tempest.lib.common.rest_client [req-b4f5a010-e40f-4750-8848-d9d9607d2bfa req-b4f5a010-e40f-4750-8848-d9d9607d2bfa ] Request (ImagesOneServerTestJSON:setUpClass): 200 GET http://10.180.1.21/compute/v2.1/servers/f6db9f4b-f133-4c8a-8225-35535a715a80 0.953s
2025-03-07 15:45:18.180 69019 INFO tempest.lib.common.rest_client [req-3137dd34-890a-43de-b122-c897a24d1d8c req-3137dd34-890a-43de-b122-c897a24d1d8c ] Request (ServerDiagnosticsV248Test:tearDownClass): 200 GET http://10.180.1.21/compute/v2.1/servers/edc45660-de9d-459e-af05-ca23f9df97c3 0.708s
2025-03-07 15:45:18.286 68958 INFO tempest.lib.common.rest_client [req-28fef4b3-54e2-486b-aeda-6df644020396 req-28fef4b3-54e2-486b-aeda-6df644020396 ] Request (SecurityGroupRulesNegativeTestJSON:test_create_security_group_rule_with_invalid_to_port): 200 POST http://10.180.1.21/compute/v2.1/os-security-groups 0.797s
2025-03-07 15:45:18.333 68986 INFO tempest.lib.common.rest_client [req-9a404e6d-67cf-460f-9c97-8987b9a0f6f6 req-9a404e6d-67cf-460f-9c97-8987b9a0f6f6 ] Request (AttachInterfacesTestJSON:test_create_list_show_delete_interfaces_by_fixed_ip): 200 GET http://10.180.1.21/compute/v2.1/servers/6285a4e1-2601-43c8-9bca-c438f72b0b67 0.817s
2025-03-07 15:45:18.341 68986 INFO tempest.common.waiters [-] State transition "BUILD/networking" ==> "BUILD/spawning" after 44 second wait
2025-03-07 15:45:18.484 69010 INFO tempest.lib.common.rest_client [req-7d0144bf-2ddd-47aa-9e44-c4cac21f8dc1 req-7d0144bf-2ddd-47aa-9e44-c4cac21f8dc1 ] Request (VolumesAssistedSnapshotsTest:test_volume_assisted_snapshot_create_delete): 200 GET http://10.180.1.21/compute/v2.1/servers/1fcbe6cd-eff3-4297-9559-98bd24b9d906 0.873s
2025-03-07 15:45:18.524 68972 INFO tempest.lib.common.rest_client [req-f1f8cd96-6ba3-45a0-ab28-ee092b454675 req-f1f8cd96-6ba3-45a0-ab28-ee092b454675 ] Request (SecurityGroupRulesTestJSON:test_security_group_rules_delete_when_peer_group_deleted): 200 POST http://10.180.1.21/compute/v2.1/os-security-group-rules 0.918s
2025-03-07 15:45:18.556 68968 INFO tempest.lib.common.rest_client [req-191e1cb4-5f7c-4030-9eb8-bea859386567 req-191e1cb4-5f7c-4030-9eb8-bea859386567 ] Request (InstanceActionsNegativeTestJSON:setUpClass): 200 GET http://10.180.1.21/compute/v2.1/servers/4cf0b932-a3d1-4bba-90e3-3b03e52c5cb7 0.896s
2025-03-07 15:45:18.609 69002 INFO tempest.lib.common.rest_client [req-3a82204d-a0a3-445b-8587-9610e5e027d0 req-3a82204d-a0a3-445b-8587-9610e5e027d0 ] Request (FloatingIPsAssociationNegativeTestJSON:tearDownClass): 200 GET http://10.180.1.21/compute/v2.1/servers/fb9fd541-38e9-4ca5-a7b3-c6a06461c2da 0.874s
2025-03-07 15:45:18.618 69002 INFO tempest.common.waiters [-] State transition "ACTIVE/deleting" ==> "DELETED/None" after 4 second wait
2025-03-07 15:45:18.664 69014 INFO tempest.lib.common.rest_client [req-53427106-59f9-4e46-8a7e-c972d75943ab req-53427106-59f9-4e46-8a7e-c972d75943ab ] Request (AttachInterfacesUnderV243Test:test_add_remove_fixed_ip): 200 GET http://10.180.1.21/compute/v2.1/servers/05b5792d-57a8-4e23-937d-37146f958a31 0.795s
2025-03-07 15:45:18.671 69012 INFO tempest.lib.common.rest_client [req-826d3743-6066-4e48-a4ae-540982b0db42 req-826d3743-6066-4e48-a4ae-540982b0db42 ] Request (MigrationsAdminTest:test_list_migrations_in_flavor_resize_situation): 200 GET http://10.180.1.21/compute/v2.1/servers/5291932b-4bd7-48f5-a6e1-c69f4912a590 0.845s
2025-03-07 15:45:18.672 68966 INFO tempest.lib.common.rest_client [req-baae3f01-3690-406e-9a6c-3324e838e7ea req-baae3f01-3690-406e-9a6c-3324e838e7ea ] Request (KeyPairsV2TestJSON:test_keypairs_create_list_delete): 200 GET http://10.180.1.21/compute/v2.1/os-keypairs 0.784s
2025-03-07 15:45:18.728 68982 INFO tempest.lib.common.rest_client [req-d82986a1-24c2-4bb2-adce-bdc757d1722d req-d82986a1-24c2-4bb2-adce-bdc757d1722d ] Request (ServersTestMultiNic:test_verify_duplicate_network_nics): 200 GET http://10.180.1.21/compute/v2.1/servers/6e7c1494-704f-4b7e-ba02-c3777ef4ffa7 0.816s
2025-03-07 15:45:18.729 68992 INFO tempest.lib.common.rest_client [req-4e386ac1-023e-4151-9dde-8a0904caf682 req-4e386ac1-023e-4151-9dde-8a0904caf682 ] Request (ImagesNegativeTestJSON:test_create_image_from_deleted_server): 200 GET http://10.180.1.21/compute/v2.1/servers/e68039e4-6347-41cc-915b-5c9be6dca8b5 0.768s
2025-03-07 15:45:18.783 68985 INFO tempest.lib.common.rest_client [req-195c39c9-326f-492a-8dd4-5b7c3a14512e req-195c39c9-326f-492a-8dd4-5b7c3a14512e ] Request (ServerRescueNegativeTestJSON:setUpClass): 200 GET http://10.180.1.21/compute/v2.1/servers/7875a8e9-9518-4313-a4a8-ade3126c3ad3 0.685s
2025-03-07 15:45:18.788 69008 INFO tempest.lib.common.rest_client [req-3efa7415-5813-4265-9c55-1ead420e49f6 req-3efa7415-5813-4265-9c55-1ead420e49f6 ] Request (ServersAdmin275Test:_run_cleanups): 200 GET http://10.180.1.21/compute/v2.1/servers/301554a6-cb72-4b2d-bcaf-1c1cedbad5f8 0.745s
2025-03-07 15:45:18.834 68974 INFO tempest.lib.common.rest_client [req-ee41d23d-cd01-43da-af2c-9257e4e65b6e req-ee41d23d-cd01-43da-af2c-9257e4e65b6e ] Request (TenantUsagesTestJSON:setUpClass): 200 GET http://10.180.1.21/compute/v2.1/servers/e469c9c6-c965-49ba-9a09-fb27ced0b3d2 0.670s
2025-03-07 15:45:18.850 68960 INFO tempest.lib.common.rest_client [req-51360800-122d-401f-9ea4-5ad57978f074 req-51360800-122d-401f-9ea4-5ad57978f074 ] Request (AttachInterfacesV270Test:tearDownClass): 204 DELETE http://10.180.1.21/compute/v2.1/servers/a9a56dcf-db58-415f-bcbc-edf447215938 0.737s
2025-03-07 15:45:18.890 68958 INFO tempest.lib.common.rest_client [req-a1a6320c-ffbf-4b6d-946d-a5467311a790 req-a1a6320c-ffbf-4b6d-946d-a5467311a790 ] Request (SecurityGroupRulesNegativeTestJSON:test_create_security_group_rule_with_invalid_to_port): 400 POST http://10.180.1.21/compute/v2.1/os-security-group-rules 0.600s
2025-03-07 15:45:18.894 68964 INFO tempest.lib.common.rest_client [req-ba005551-0bdd-4d7c-a537-c23d0bc78946 req-ba005551-0bdd-4d7c-a537-c23d0bc78946 ] Request (SecurityGroupsTestJSON:test_list_security_groups_by_server): 200 GET http://10.180.1.21/compute/v2.1/servers/64df3563-d078-4958-a2e9-527f7a10e77d 0.675s
2025-03-07 15:45:18.941 68962 INFO tempest.lib.common.rest_client [req-56c6562c-483b-4e11-ad38-099424350d69 req-56c6562c-483b-4e11-ad38-099424350d69 ] Request (DeleteServersAdminTestJSON:test_delete_server_while_in_error_state): 200 GET http://10.180.1.21/compute/v2.1/servers/273f2827-62c0-46a1-9d39-a609cee78482 0.650s
2025-03-07 15:45:18.942 68990 INFO tempest.lib.common.rest_client [req-3c7608fd-0002-49a0-8c5c-b1b2d68f6e42 req-3c7608fd-0002-49a0-8c5c-b1b2d68f6e42 ] Request (ServersTestManualDisk:setUpClass): 200 GET http://10.180.1.21/compute/v2.1/servers/1ff31992-d8ca-425d-996d-c8d4c5283366 0.598s
2025-03-07 15:45:19.000 68998 INFO tempest.lib.common.rest_client [req-aba2ce00-800a-4249-828c-33a995902c52 req-aba2ce00-800a-4249-828c-33a995902c52 ] Request (ServerActionsTestOtherB:setUpClass): 200 GET http://10.180.1.21/compute/v2.1/servers/7edda435-0f02-4a60-9b85-5bb8700f647f 0.594s
2025-03-07 15:45:19.000 69000 INFO tempest.lib.common.rest_client [req-af35d12d-9ea0-4d38-b773-f6ea9fc77400 req-af35d12d-9ea0-4d38-b773-f6ea9fc77400 ] Request (AttachVolumeNegativeTest:test_attach_attached_volume_to_different_server): 200 GET http://10.180.1.21/compute/v2.1/servers/77ef840a-2216-4f7d-a598-421505eedd5e 0.540s
2025-03-07 15:45:19.016 68966 INFO tempest.lib.common.rest_client [req-469d3b10-1c29-4ab0-af43-546f124d1528 req-469d3b10-1c29-4ab0-af43-546f124d1528 ] Request (KeyPairsV2TestJSON:_run_cleanups): 202 DELETE http://10.180.1.21/compute/v2.1/os-keypairs/tempest-KeyPairsV2TestJSON-keypair-303397217 0.342s
2025-03-07 15:45:19.129 68996 INFO tempest.lib.common.rest_client [req-89a36255-3e8c-4970-ae89-63d7e85fb8e3 req-89a36255-3e8c-4970-ae89-63d7e85fb8e3 ] Request (ServersWithSpecificFlavorTestJSON:test_verify_created_server_ephemeral_disk): 200 GET http://10.180.1.21/compute/v2.1/servers/6b1012c6-0af9-4e75-ae26-0c2bb0485368 0.389s
2025-03-07 15:45:19.143 68972 INFO tempest.lib.common.rest_client [req-99c8726d-40d6-465d-90db-ab345e742b06 req-99c8726d-40d6-465d-90db-ab345e742b06 ] Request (SecurityGroupRulesTestJSON:test_security_group_rules_delete_when_peer_group_deleted): 202 DELETE http://10.180.1.21/compute/v2.1/os-security-groups/85405997-5937-4429-b729-7e43a308490d 0.617s
2025-03-07 15:45:19.184 69004 INFO tempest.lib.common.rest_client [req-2412cf1b-1174-4bb0-b27d-db7652fa6531 req-2412cf1b-1174-4bb0-b27d-db7652fa6531 ] Request (ServerExternalEventsTest:tearDownClass): 200 GET http://10.180.1.21/compute/v2.1/servers/870c8b35-6745-4af5-9564-6b8673d2f8c8 0.385s
2025-03-07 15:45:19.235 68978 INFO tempest.lib.common.rest_client [req-b7b6cf35-2ecd-49af-93f8-50b1fde00946 req-b7b6cf35-2ecd-49af-93f8-50b1fde00946 ] Request (FloatingIPsAssociationTestJSON:test_associate_already_associated_floating_ip): 200 GET http://10.180.1.21/compute/v2.1/servers/e506d465-896d-4493-9e6b-398f3f08048b 0.371s
2025-03-07 15:45:19.261 68958 INFO tempest.lib.common.rest_client [req-43910b91-b8d8-4541-8f8d-ce73af4f0aaf req-43910b91-b8d8-4541-8f8d-ce73af4f0aaf ] Request (SecurityGroupRulesNegativeTestJSON:test_create_security_group_rule_with_non_existent_id): 404 POST http://10.180.1.21/compute/v2.1/os-security-group-rules 0.369s
