2025-03-07 15:45:24.610 69004 INFO tempest.lib.common.rest_client [req-4051e37b-646e-4159-9646-b3ae643e8ae3 req-4051e37b-646e-4159-9646-b3ae643e8ae3 ] Request (AZV2TestJSON:setUpClass): 200 GET http://10.180.1.21/identity/v3/domains?name=Default 0.035s
2025-03-07 15:45:24.632 68968 INFO tempest.lib.common.rest_client [req-5a344a51-6d5e-48cd-b326-97b8dfc69ecb req-5a344a51-6d5e-48cd-b326-97b8dfc69ecb ] Request (InstanceActionsNegativeTestJSON:setUpClass): 200 GET http://10.180.1.21/compute/v2.1/servers/4cf0b932-a3d1-4bba-90e3-3b03e52c5cb7 0.688s
2025-03-07 15:45:24.639 68980 INFO tempest.lib.common.rest_client [req-6df8affd-4951-4d81-bb6f-310caead93ac req-6df8affd-4951-4d81-bb6f-310caead93ac ] Request (ServerDiagnosticsTest:tearDownClass): 204 DELETE http://10.180.1.21/identity/v3/users/ca77c7d39a7041248c86de75db2f3075 0.196s
2025-03-07 15:45:24.640 68980 INFO tempest.lib.common.dynamic_creds [-] Deleting project and security group for project: d294c0c22e244b44bffa3a825a1da4e6
2025-03-07 15:45:24.640 68986 INFO tempest.lib.common.rest_client [req-3b2b6173-c4ba-4687-b9c8-05234d8302b2 req-3b2b6173-c4ba-4687-b9c8-05234d8302b2 ] Request (AttachInterfacesTestJSON:test_create_list_show_delete_interfaces_by_fixed_ip): 200 GET http://10.180.1.21/compute/v2.1/servers/6285a4e1-2601-43c8-9bca-c438f72b0b67 0.695s
2025-03-07 15:45:24.716 68958 INFO tempest.lib.common.rest_client [req-7dcc1f0f-5c7a-4fdf-8de3-978c11544f94 req-7dcc1f0f-5c7a-4fdf-8de3-978c11544f94 ] Request (SecurityGroupRulesNegativeTestJSON:tearDownClass): 204 DELETE http://10.180.1.21/identity/v3/projects/72b7589ded704737bea99e7c21c8185c 0.111s
2025-03-07 15:45:24.742 68980 INFO tempest.lib.common.rest_client [req-70111b7d-7035-4659-a106-e31ad0755edf req-70111b7d-7035-4659-a106-e31ad0755edf ] Request (ServerDiagnosticsTest:tearDownClass): 201 POST http://10.180.1.21/identity/v3/auth/tokens 0.102s
2025-03-07 15:45:24.776 69004 INFO tempest.lib.common.rest_client [req-5a713e0c-e3ea-4c41-8cd8-1521f84e1962 req-5a713e0c-e3ea-4c41-8cd8-1521f84e1962 ] Request (AZV2TestJSON:setUpClass): 201 POST http://10.180.1.21/identity/v3/projects 0.165s
2025-03-07 15:45:24.782 68958 INFO tempest.lib.common.rest_client [req-aecdf643-d24b-4cb4-938b-99d7bd196385 req-aecdf643-d24b-4cb4-938b-99d7bd196385 ] Request (ServersV294TestFqdnHostnames:setUpClass): 201 POST http://10.180.1.21/identity/v3/auth/tokens 0.064s
2025-03-07 15:45:24.810 68996 INFO tempest.lib.common.rest_client [req-123a2fa3-3ceb-4bd4-a5ee-ed97324d718b req-123a2fa3-3ceb-4bd4-a5ee-ed97324d718b ] Request (ServersWithSpecificFlavorTestJSON:test_verify_created_server_ephemeral_disk): 200 GET http://10.180.1.21/compute/v2.1/servers/6b1012c6-0af9-4e75-ae26-0c2bb0485368 0.552s
2025-03-07 15:45:24.821 68996 INFO tempest.lib.common.ssh [-] Creating ssh connection to '10.180.180.220:22' as 'cirros' with public key authentication
2025-03-07 15:45:24.827 68972 INFO tempest.lib.common.rest_client [req-ca3a96c7-b4b6-433d-ac72-93f04bda96c6 req-ca3a96c7-b4b6-433d-ac72-93f04bda96c6 ] Request (SecurityGroupRulesTestJSON:tearDownClass): 202 DELETE http://10.180.1.21/compute/v2.1/os-security-groups/3146b051-a85e-43d0-9193-f5f5899b92c0 0.557s
2025-03-07 15:45:24.886 68958 INFO tempest.lib.common.rest_client [req-441b37db-467e-4c2b-b65a-d89cf598b28a req-441b37db-467e-4c2b-b65a-d89cf598b28a ] Request (ServersV294TestFqdnHostnames:setUpClass): 201 POST http://10.180.1.21/identity/v3/auth/tokens 0.096s
2025-03-07 15:45:24.892 69004 INFO tempest.lib.common.rest_client [req-4110de22-2675-4466-9ada-db4629989a06 req-4110de22-2675-4466-9ada-db4629989a06 ] Request (AZV2TestJSON:setUpClass): 201 POST http://10.180.1.21/identity/v3/users 0.111s
2025-03-07 15:45:24.911 68980 INFO tempest.lib.common.rest_client [req-cdf97e60-a888-4a6c-a148-7d286b95f591 req-cdf97e60-a888-4a6c-a148-7d286b95f591 ] Request (ServerDiagnosticsTest:tearDownClass): 200 GET http://10.180.1.21:9696/networking/v2.0/security-groups?tenant_id=d294c0c22e244b44bffa3a825a1da4e6&name=default 0.169s
2025-03-07 15:45:24.915 68958 INFO tempest.lib.common.rest_client [req-f98389df-3bb1-4eb5-871e-5ed430f30c16 req-f98389df-3bb1-4eb5-871e-5ed430f30c16 ] Request (ServersV294TestFqdnHostnames:setUpClass): 200 GET http://10.180.1.21/identity/v3/domains?name=Default 0.028s
2025-03-07 15:45:24.932 69004 INFO tempest.lib.common.rest_client [req-8c84e1e3-c0b9-4eb1-9bf4-160aa76c7ac0 req-8c84e1e3-c0b9-4eb1-9bf4-160aa76c7ac0 ] Request (AZV2TestJSON:setUpClass): 200 GET http://10.180.1.21/identity/v3/roles 0.038s
2025-03-07 15:45:24.951 68958 INFO tempest.lib.common.rest_client [req-736833ad-6aa4-476f-8ac9-fa9b4870e310 req-736833ad-6aa4-476f-8ac9-fa9b4870e310 ] Request (ServersV294TestFqdnHostnames:setUpClass): 201 POST http://10.180.1.21/identity/v3/projects 0.035s
2025-03-07 15:45:25.516 69004 INFO tempest.lib.common.rest_client [req-a899dd51-7848-4758-8252-fb3c70b46333 req-a899dd51-7848-4758-8252-fb3c70b46333 ] Request (AZV2TestJSON:setUpClass): 204 PUT http://10.180.1.21/identity/v3/projects/b2f756178adf4095984e8e5c69e1d27c/users/1b436197c90644eea46e75a382e748da/roles/f25abdcbda9142a1a6d00454e0a12b97 0.584s
2025-03-07 15:45:25.518 69002 INFO tempest.lib.common.rest_client [req-3d74742c-e2f4-4354-90c3-951709fe37b5 req-3d74742c-e2f4-4354-90c3-951709fe37b5 ] Request (FloatingIPsAssociationNegativeTestJSON:tearDownClass): 200 GET http://10.180.1.21/compute/v2.1/servers/fb9fd541-38e9-4ca5-a7b3-c6a06461c2da 1.219s
2025-03-07 15:45:25.519 69004 INFO tempest.lib.common.dynamic_creds [-] Dynamic test user 1b436197c90644eea46e75a382e748da is created with scope project and roles: ['member']
2025-03-07 15:45:25.519 69004 INFO tempest.lib.common.dynamic_creds [-] Acquired dynamic creds: credentials: Credentials: {'domain_id': 'default', 'domain_name': 'Default', 'username': 'tempest-AZV2TestJSON-323393058-project-member', 'project_domain_id': 'default', 'project_domain_name': 'Default', 'project_id': 'b2f756178adf4095984e8e5c69e1d27c', 'project_name': 'tempest-AZV2TestJSON-323393058', 'tenant_id': 'b2f756178adf4095984e8e5c69e1d27c', 'tenant_name': 'tempest-AZV2TestJSON-323393058', 'user_domain_id': 'default', 'user_domain_name': 'Default', 'user_id': '1b436197c90644eea46e75a382e748da', 'system': None}, Network: None, Subnet: None, Router: None
2025-03-07 15:45:25.520 69004 INFO tempest.lib.common.dynamic_creds [-] Created isolated network resources for: credentials: Credentials: {'domain_id': 'default', 'domain_name': 'Default', 'username': 'tempest-AZV2TestJSON-323393058-project-member', 'project_domain_id': 'default', 'project_domain_name': 'Default', 'project_id': 'b2f756178adf4095984e8e5c69e1d27c', 'project_name': 'tempest-AZV2TestJSON-323393058', 'tenant_id': 'b2f756178adf4095984e8e5c69e1d27c', 'tenant_name': 'tempest-AZV2TestJSON-323393058', 'user_domain_id': 'default', 'user_domain_name': 'Default', 'user_id': '1b436197c90644eea46e75a382e748da', 'system': None}, Network: None, Subnet: None, Router: None
2025-03-07 15:45:25.529 69010 INFO tempest.lib.common.rest_client [req-32e2538d-af11-47fc-935b-caf3d56f1720 req-32e2538d-af11-47fc-935b-caf3d56f1720 ] Request (VolumesAssistedSnapshotsTest:test_volume_assisted_snapshot_create_delete): 200 GET http://10.180.1.21/compute/v2.1/servers/1fcbe6cd-eff3-4297-9559-98bd24b9d906 1.247s
2025-03-07 15:45:25.546 69010 INFO tempest.common.waiters [-] State transition "BUILD/spawning" ==> "ACTIVE/None" after 51 second wait
2025-03-07 15:45:25.556 68980 INFO tempest.lib.common.rest_client [req-ea28d268-5423-458a-b039-16e9a8943736 req-ea28d268-5423-458a-b039-16e9a8943736 ] Request (ServerDiagnosticsTest:tearDownClass): 204 DELETE http://10.180.1.21:9696/networking/v2.0/security-groups/73198269-b4df-4a88-b3d3-5b3004302d16 0.644s
2025-03-07 15:45:25.606 68958 INFO tempest.lib.common.rest_client [req-2df0310a-40b4-4eae-b2a0-6cfbf03432d7 req-2df0310a-40b4-4eae-b2a0-6cfbf03432d7 ] Request (ServersV294TestFqdnHostnames:setUpClass): 201 POST http://10.180.1.21/identity/v3/users 0.655s
2025-03-07 15:45:25.608 69004 INFO tempest.lib.common.rest_client [req-cae3c623-f2f0-484d-a208-4dc36afc20d6 req-cae3c623-f2f0-484d-a208-4dc36afc20d6 ] Request (AZV2TestJSON:setUpClass): 201 POST http://10.180.1.21/identity/v3/auth/tokens 0.083s
2025-03-07 15:45:25.611 69014 INFO tempest.lib.common.rest_client [req-71230d4e-1b70-4d09-98a8-1178f106247b req-71230d4e-1b70-4d09-98a8-1178f106247b ] Request (AttachInterfacesUnderV243Test:test_add_remove_fixed_ip): 200 GET http://10.180.1.21/compute/v2.1/servers/05b5792d-57a8-4e23-937d-37146f958a31 1.206s
2025-03-07 15:45:25.614 69008 INFO tempest.lib.common.rest_client [req-39dc407d-003a-41f2-86ec-eedd08779a75 req-39dc407d-003a-41f2-86ec-eedd08779a75 ] Request (ServersAdmin275Test:tearDownClass): 200 GET http://10.180.1.21/compute/v2.1/servers/301554a6-cb72-4b2d-bcaf-1c1cedbad5f8 1.301s
2025-03-07 15:45:25.628 68958 INFO tempest.lib.common.rest_client [req-756d76d3-d62d-40e9-a10e-1876ff34943b req-756d76d3-d62d-40e9-a10e-1876ff34943b ] Request (ServersV294TestFqdnHostnames:setUpClass): 200 GET http://10.180.1.21/identity/v3/roles 0.022s
2025-03-07 15:45:25.656 68958 INFO tempest.lib.common.rest_client [req-79315193-46e0-4f7b-9b9e-0d89633a7a63 req-79315193-46e0-4f7b-9b9e-0d89633a7a63 ] Request (ServersV294TestFqdnHostnames:setUpClass): 204 PUT http://10.180.1.21/identity/v3/projects/daee962fbb254b0d8bc775015a767baa/users/84ff779baec84098861d566a54bdd34a/roles/f25abdcbda9142a1a6d00454e0a12b97 0.027s
2025-03-07 15:45:25.656 68958 INFO tempest.lib.common.dynamic_creds [-] Dynamic test user 84ff779baec84098861d566a54bdd34a is created with scope project and roles: ['member']
2025-03-07 15:45:25.656 68958 INFO tempest.lib.common.dynamic_creds [-] Acquired dynamic creds: credentials: Credentials: {'domain_id': 'default', 'domain_name': 'Default', 'username': 'tempest-ServersV294TestFqdnHostnames-1321808712-project-member', 'project_domain_id': 'default', 'project_domain_name': 'Default', 'project_id': 'daee962fbb254b0d8bc775015a767baa', 'project_name': 'tempest-ServersV294TestFqdnHostnames-1321808712', 'tenant_id': 'daee962fbb254b0d8bc775015a767baa', 'tenant_name': 'tempest-ServersV294TestFqdnHostnames-1321808712', 'user_domain_id': 'default', 'user_domain_name': 'Default', 'user_id': '84ff779baec84098861d566a54bdd34a', 'system': None}, Network: None, Subnet: None, Router: None
2025-03-07 15:45:25.669 68980 INFO tempest.lib.common.rest_client [req-f5b05d67-fbae-422a-9dd3-b7cef3f3428d req-f5b05d67-fbae-422a-9dd3-b7cef3f3428d ] Request (ServerDiagnosticsTest:tearDownClass): 204 DELETE http://10.180.1.21/identity/v3/projects/d294c0c22e244b44bffa3a825a1da4e6 0.113s
2025-03-07 15:45:25.670 68980 INFO tempest.lib.common.dynamic_creds [-] Deleting project and security group for project: 52d6eb5619144223ad02fd4dad504446
2025-03-07 15:45:25.678 68976 INFO tempest.lib.common.rest_client [req-186b72fb-9665-4d5f-8165-5079efa7c668 req-186b72fb-9665-4d5f-8165-5079efa7c668 ] Request (ListServerFiltersTestJSON:test_list_servers_filter_by_exceed_limit): 200 GET http://10.180.1.21/compute/v2.1/servers 1.211s
2025-03-07 15:45:25.686 68992 INFO tempest.lib.common.rest_client [req-dcff6a68-314b-4601-af56-c86e0f486dba req-dcff6a68-314b-4601-af56-c86e0f486dba ] Request (ImagesNegativeTestJSON:test_create_image_from_deleted_server): 200 GET http://10.180.1.21/compute/v2.1/servers/e68039e4-6347-41cc-915b-5c9be6dca8b5 1.183s
2025-03-07 15:45:25.711 68958 INFO tempest.lib.common.rest_client [req-7ad800c3-6175-465f-b44a-6e88d1b8fa9a req-7ad800c3-6175-465f-b44a-6e88d1b8fa9a ] Request (ServersV294TestFqdnHostnames:setUpClass): 201 POST http://10.180.1.21/identity/v3/auth/tokens 0.054s
2025-03-07 15:45:25.752 68982 INFO tempest.lib.common.rest_client [req-e5c9b7fe-01a8-45a7-9373-174afcceec3c req-e5c9b7fe-01a8-45a7-9373-174afcceec3c ] Request (ServersTestMultiNic:test_verify_duplicate_network_nics): 200 GET http://10.180.1.21/compute/v2.1/servers/6e7c1494-704f-4b7e-ba02-c3777ef4ffa7 1.180s
2025-03-07 15:45:25.817 68985 INFO tempest.lib.common.rest_client [req-79a75d5c-5f15-45e5-8bdc-38a48e8c74d1 req-79a75d5c-5f15-45e5-8bdc-38a48e8c74d1 ] Request (ServerRescueNegativeTestJSON:setUpClass): 200 GET http://10.180.1.21/compute/v2.1/servers/7875a8e9-9518-4313-a4a8-ade3126c3ad3 1.180s
2025-03-07 15:45:25.850 69012 INFO tempest.lib.common.rest_client [req-f3296b69-bcb8-4281-b935-962851b92386 req-f3296b69-bcb8-4281-b935-962851b92386 ] Request (MigrationsAdminTest:test_list_migrations_in_flavor_resize_situation): 200 GET http://10.180.1.21/compute/v2.1/servers/5291932b-4bd7-48f5-a6e1-c69f4912a590 1.300s
2025-03-07 15:45:25.868 68980 INFO tempest.lib.common.rest_client [req-4719aab2-a8ac-4d62-a5ae-f2ba9dd9e970 req-4719aab2-a8ac-4d62-a5ae-f2ba9dd9e970 ] Request (ServerDiagnosticsTest:tearDownClass): 200 GET http://10.180.1.21:9696/networking/v2.0/security-groups?tenant_id=52d6eb5619144223ad02fd4dad504446&name=default 0.198s
2025-03-07 15:45:25.877 68974 INFO tempest.lib.common.rest_client [req-eabfad54-2323-4ca5-bf03-f69c1b2e4879 req-eabfad54-2323-4ca5-bf03-f69c1b2e4879 ] Request (TenantUsagesTestJSON:setUpClass): 200 GET http://10.180.1.21/compute/v2.1/servers/e469c9c6-c965-49ba-9a09-fb27ced0b3d2 1.185s
2025-03-07 15:45:25.929 68964 INFO tempest.lib.common.rest_client [req-6dd50a20-92ca-4ddc-a821-566a7b80f146 req-6dd50a20-92ca-4ddc-a821-566a7b80f146 ] Request (SecurityGroupsTestJSON:test_list_security_groups_by_server): 200 GET http://10.180.1.21/compute/v2.1/servers/64df3563-d078-4958-a2e9-527f7a10e77d 1.181s
2025-03-07 15:45:26.001 68962 INFO tempest.lib.common.rest_client [req-65b5a960-7cec-4390-a8fb-2c5ae627abc0 req-65b5a960-7cec-4390-a8fb-2c5ae627abc0 ] Request (DeleteServersAdminTestJSON:test_delete_server_while_in_error_state): 200 GET http://10.180.1.21/compute/v2.1/servers/273f2827-62c0-46a1-9d39-a609cee78482 1.008s
2025-03-07 15:45:26.097 68990 INFO tempest.lib.common.rest_client [req-83834a6c-4db2-4f75-b964-b10f95f1af1c req-83834a6c-4db2-4f75-b964-b10f95f1af1c ] Request (ServersTestManualDisk:setUpClass): 200 GET http://10.180.1.21/compute/v2.1/servers/1ff31992-d8ca-425d-996d-c8d4c5283366 1.097s
2025-03-07 15:45:26.111 68972 INFO tempest.lib.common.rest_client [req-7c2eac43-4f19-4e96-8756-7a90fa3ca7ee req-7c2eac43-4f19-4e96-8756-7a90fa3ca7ee ] Request (SecurityGroupRulesTestJSON:tearDownClass): 202 DELETE http://10.180.1.21/compute/v2.1/os-security-groups/3f24908f-ee46-44d8-bfe2-bf6629a55e4a 1.284s
2025-03-07 15:45:26.115 68980 INFO tempest.lib.common.rest_client [req-aa92faf2-d88f-4ec9-bcf2-c705ca3ef14f req-aa92faf2-d88f-4ec9-bcf2-c705ca3ef14f ] Request (ServerDiagnosticsTest:tearDownClass): 204 DELETE http://10.180.1.21:9696/networking/v2.0/security-groups/6d23e1dc-71b4-4ca7-80f5-84b4547967d7 0.245s
2025-03-07 15:45:26.165 69020 INFO tempest.lib.common.rest_client [req-f8e444e1-ba47-413e-a888-f9abc6ef8cfa req-f8e444e1-ba47-413e-a888-f9abc6ef8cfa ] Request (ImagesOneServerTestJSON:setUpClass): 200 GET http://10.180.1.21/compute/v2.1/servers/f6db9f4b-f133-4c8a-8225-35535a715a80 0.703s
2025-03-07 15:45:26.170 68998 INFO tempest.lib.common.rest_client [req-de98cd61-71e7-40b0-b3b0-a45e9e4367fb req-de98cd61-71e7-40b0-b3b0-a45e9e4367fb ] Request (ServerActionsTestOtherB:setUpClass): 200 GET http://10.180.1.21/compute/v2.1/servers/7edda435-0f02-4a60-9b85-5bb8700f647f 0.689s
2025-03-07 15:45:26.191 68958 INFO tempest.lib.common.rest_client [req-1b3642f6-13eb-4de5-b602-ca97ffbef70a req-1b3642f6-13eb-4de5-b602-ca97ffbef70a ] Request (ServersV294TestFqdnHostnames:setUpClass): 201 POST http://10.180.1.21:9696/networking/v2.0/networks 0.479s
2025-03-07 15:45:26.191 68980 INFO tempest.lib.common.rest_client [req-0d4187a5-727a-4dfc-b957-7a196618f2fe req-0d4187a5-727a-4dfc-b957-7a196618f2fe ] Request (ServerDiagnosticsTest:tearDownClass): 204 DELETE http://10.180.1.21/identity/v3/projects/52d6eb5619144223ad02fd4dad504446 0.076s
2025-03-07 15:45:26.233 69006 INFO tempest.lib.common.rest_client [req-e8ea5c9f-d1ca-422e-9f46-2b583d125a73 req-e8ea5c9f-d1ca-422e-9f46-2b583d125a73 ] Request (ImagesTestJSON:test_create_image_from_suspended_server): 200 GET http://10.180.1.21/compute/v2.1/servers/75a6423a-0e3e-4d79-858d-01af450513dd 0.751s
2025-03-07 15:45:26.239 69000 INFO tempest.lib.common.rest_client [req-2c2438b9-4aff-4dd3-8aa2-4f1237d55eca req-2c2438b9-4aff-4dd3-8aa2-4f1237d55eca ] Request (AttachVolumeNegativeTest:test_attach_attached_volume_to_different_server): 200 GET http://10.180.1.21/compute/v2.1/servers/77ef840a-2216-4f7d-a598-421505eedd5e 1.156s
2025-03-07 15:45:26.255 68980 INFO tempest.lib.common.rest_client [req-84c32cd9-33d2-4e98-9902-cc5a7ba073b4 req-84c32cd9-33d2-4e98-9902-cc5a7ba073b4 ] Request (SecurityGroupsNegativeTestJSON:setUpClass): 201 POST http://10.180.1.21/identity/v3/auth/tokens 0.061s
2025-03-07 15:45:26.281 68980 INFO tempest.lib.common.rest_client [req-643cfce5-fc36-4aa9-8575-69c0669b9886 req-643cfce5-fc36-4aa9-8575-69c0669b9886 ] Request (SecurityGroupsNegativeTestJSON:setUpClass): 201 POST http://10.180.1.21/identity/v3/auth/tokens 0.024s
2025-03-07 15:45:26.289 68978 INFO tempest.lib.common.rest_client [req-bfd6c666-e683-4b28-968d-b1d80b0907cb req-bfd6c666-e683-4b28-968d-b1d80b0907cb ] Request (FloatingIPsAssociationTestJSON:test_associate_already_associated_floating_ip): 200 GET http://10.180.1.21/compute/v2.1/servers/e506d465-896d-4493-9e6b-398f3f08048b 1.138s
2025-03-07 15:45:26.297 69016 INFO tempest.lib.common.rest_client [req-5f0bd61a-ca10-45d8-8199-2e6ee920cd55 req-5f0bd61a-ca10-45d8-8199-2e6ee920cd55 ] Request (ListServersNegativeTestJSON:setUpClass): 200 GET http://10.180.1.21/compute/v2.1/servers/17c3e88e-73ca-4255-bc84-c54e1d732b6d 0.815s
2025-03-07 15:45:26.304 68980 INFO tempest.lib.common.rest_client [req-53c660ff-f071-4c14-a0d4-17c2aa7522da req-53c660ff-f071-4c14-a0d4-17c2aa7522da ] Request (SecurityGroupsNegativeTestJSON:setUpClass): 200 GET http://10.180.1.21/identity/v3/domains?name=Default 0.022s
2025-03-07 15:45:26.331 68980 INFO tempest.lib.common.rest_client [req-5adfc818-30fe-4245-a488-9f6b75191e70 req-5adfc818-30fe-4245-a488-9f6b75191e70 ] Request (SecurityGroupsNegativeTestJSON:setUpClass): 201 POST http://10.180.1.21/identity/v3/projects 0.026s
2025-03-07 15:45:26.363 68960 INFO tempest.lib.common.rest_client [req-2e0f8ff0-da8f-4240-9ed9-3308d30ca73d req-2e0f8ff0-da8f-4240-9ed9-3308d30ca73d ] Request (AttachInterfacesV270Test:tearDownClass): 200 GET http://10.180.1.21/compute/v2.1/servers/a9a56dcf-db58-415f-bcbc-edf447215938 0.878s
2025-03-07 15:45:26.376 69010 INFO tempest.lib.common.rest_client [req-d540758f-e6dd-435e-b001-17bdf56b7720 req-d540758f-e6dd-435e-b001-17bdf56b7720 ] Request (VolumesAssistedSnapshotsTest:test_volume_assisted_snapshot_create_delete): 200 GET http://10.180.1.21/compute/v2.1/servers/1fcbe6cd-eff3-4297-9559-98bd24b9d906/os-interface 0.829s
2025-03-07 15:45:26.383 69019 INFO tempest.lib.common.rest_client [req-3741cc23-bc97-481e-a73f-16234a15c1ef req-3741cc23-bc97-481e-a73f-16234a15c1ef ] Request (ServerDiagnosticsV248Test:tearDownClass): 404 GET http://10.180.1.21/compute/v2.1/servers/edc45660-de9d-459e-af05-ca23f9df97c3 0.821s
2025-03-07 15:45:26.389 68980 INFO tempest.lib.common.rest_client [req-766e1d9d-5bdf-495e-9757-bf1ca941db39 req-766e1d9d-5bdf-495e-9757-bf1ca941db39 ] Request (SecurityGroupsNegativeTestJSON:setUpClass): 201 POST http://10.180.1.21/identity/v3/users 0.058s
2025-03-07 15:45:26.445 68968 INFO tempest.lib.common.rest_client [req-7732cd94-bd09-49a7-9108-15faa0140606 req-7732cd94-bd09-49a7-9108-15faa0140606 ] Request (InstanceActionsNegativeTestJSON:setUpClass): 200 GET http://10.180.1.21/compute/v2.1/servers/4cf0b932-a3d1-4bba-90e3-3b03e52c5cb7 0.803s
2025-03-07 15:45:26.458 69019 INFO tempest.lib.common.rest_client [req-47f4a4bb-cb76-4f89-abb6-ce91110e8d9a req-47f4a4bb-cb76-4f89-abb6-ce91110e8d9a ] Request (ServerDiagnosticsV248Test:tearDownClass): 204 DELETE http://10.180.1.21/identity/v3/users/c36fcdf035b14b41af7a5b9b599cc5f8 0.075s
2025-03-07 15:45:26.499 68958 INFO tempest.lib.common.rest_client [req-50c7fc06-f298-4022-9fa1-fe67a2691824 req-50c7fc06-f298-4022-9fa1-fe67a2691824 ] Request (ServersV294TestFqdnHostnames:setUpClass): 201 POST http://10.180.1.21:9696/networking/v2.0/subnets 0.306s
2025-03-07 15:45:26.530 68980 INFO tempest.lib.common.rest_client [req-d2f179b7-2910-45c3-8a49-8bf7e96bc7f7 req-d2f179b7-2910-45c3-8a49-8bf7e96bc7f7 ] Request (SecurityGroupsNegativeTestJSON:setUpClass): 200 GET http://10.180.1.21/identity/v3/roles 0.140s
2025-03-07 15:45:26.537 69004 INFO tempest.lib.common.rest_client [req-91666850-05e8-4e22-a854-eb2b01020200 req-91666850-05e8-4e22-a854-eb2b01020200 ] Request (AZV2TestJSON:test_get_availability_zone_list_with_non_admin_user): 200 GET http://10.180.1.21/compute/v2.1/os-availability-zone 0.927s
2025-03-07 15:45:26.564 68980 INFO tempest.lib.common.rest_client [req-fd8e644a-0310-4bd6-b0c2-bb305f8a84cc req-fd8e644a-0310-4bd6-b0c2-bb305f8a84cc ] Request (SecurityGroupsNegativeTestJSON:setUpClass): 204 PUT http://10.180.1.21/identity/v3/projects/015883e6bb8b48eab9e5976201ecaea3/users/52707a462f104649b551f37a645fe1f2/roles/f25abdcbda9142a1a6d00454e0a12b97 0.034s
2025-03-07 15:45:26.565 68980 INFO tempest.lib.common.dynamic_creds [-] Dynamic test user 52707a462f104649b551f37a645fe1f2 is created with scope project and roles: ['member']
2025-03-07 15:45:26.565 68980 INFO tempest.lib.common.dynamic_creds [-] Acquired dynamic creds: credentials: Credentials: {'domain_id': 'default', 'domain_name': 'Default', 'username': 'tempest-SecurityGroupsNegativeTestJSON-1534113532-project-member', 'project_domain_id': 'default', 'project_domain_name': 'Default', 'project_id': '015883e6bb8b48eab9e5976201ecaea3', 'project_name': 'tempest-SecurityGroupsNegativeTestJSON-1534113532', 'tenant_id': '015883e6bb8b48eab9e5976201ecaea3', 'tenant_name': 'tempest-SecurityGroupsNegativeTestJSON-1534113532', 'user_domain_id': 'default', 'user_domain_name': 'Default', 'user_id': '52707a462f104649b551f37a645fe1f2', 'system': None}, Network: None, Subnet: None, Router: None
2025-03-07 15:45:26.591 68986 INFO tempest.lib.common.rest_client [req-c03fe831-274a-4a41-b002-4197b96cf664 req-c03fe831-274a-4a41-b002-4197b96cf664 ] Request (AttachInterfacesTestJSON:test_create_list_show_delete_interfaces_by_fixed_ip): 200 GET http://10.180.1.21/compute/v2.1/servers/6285a4e1-2601-43c8-9bca-c438f72b0b67 0.944s
2025-03-07 15:45:26.663 69019 INFO tempest.lib.common.rest_client [req-82bd2f5e-c253-4699-8e93-cc4d16df970a req-82bd2f5e-c253-4699-8e93-cc4d16df970a ] Request (ServerDiagnosticsV248Test:tearDownClass): 204 DELETE http://10.180.1.21/identity/v3/users/6db407fb49e14eaf8e786a586e86b9b1 0.204s
2025-03-07 15:45:26.663 69019 INFO tempest.lib.common.dynamic_creds [-] Deleting project and security group for project: 51bea6c643d3491fb8e8ed6b9bce87f8
2025-03-07 15:45:26.675 68976 INFO tempest.lib.common.rest_client [req-eebfa26b-52af-42ae-a765-19036a59aea4 req-eebfa26b-52af-42ae-a765-19036a59aea4 ] Request (ListServerFiltersTestJSON:test_list_servers_filter_by_flavor): 200 GET http://10.180.1.21/compute/v2.1/servers?flavor=84 0.993s
2025-03-07 15:45:26.746 68980 INFO tempest.lib.common.rest_client [req-dcb0f915-a350-4266-ab2b-05eb606120da req-dcb0f915-a350-4266-ab2b-05eb606120da ] Request (SecurityGroupsNegativeTestJSON:setUpClass): 201 POST http://10.180.1.21/identity/v3/auth/tokens 0.180s
2025-03-07 15:45:26.750 69004 INFO tempest.lib.common.rest_client [req-e94f7f32-43e5-4765-a376-1ffaef29a1d2 req-e94f7f32-43e5-4765-a376-1ffaef29a1d2 ] Request (AZV2TestJSON:tearDownClass): 204 DELETE http://10.180.1.21/identity/v3/users/1b436197c90644eea46e75a382e748da 0.209s
2025-03-07 15:45:26.751 69004 INFO tempest.lib.common.dynamic_creds [-] Deleting project and security group for project: b2f756178adf4095984e8e5c69e1d27c
2025-03-07 15:45:26.760 68988 WARNING tempest.lib.common.ssh [-] Failed to establish authenticated ssh connection to cirros@10.180.180.155 ([Errno None] Unable to connect to port 22 on 10.180.180.155). Number attempts: 3. Retry after 4 seconds.: paramiko.ssh_exception.NoValidConnectionsError: [Errno None] Unable to connect to port 22 on 10.180.180.155
2025-03-07 15:45:26.763 69002 INFO tempest.lib.common.rest_client [req-b73589f0-72e6-4c1c-a464-9dd8738e5929 req-b73589f0-72e6-4c1c-a464-9dd8738e5929 ] Request (FloatingIPsAssociationNegativeTestJSON:tearDownClass): 200 GET http://10.180.1.21/compute/v2.1/servers/fb9fd541-38e9-4ca5-a7b3-c6a06461c2da 0.238s
2025-03-07 15:45:26.792 68972 INFO tempest.lib.common.rest_client [req-7141281b-f184-48d9-a5b2-b7f8f4ef40b5 req-7141281b-f184-48d9-a5b2-b7f8f4ef40b5 ] Request (SecurityGroupRulesTestJSON:tearDownClass): 202 DELETE http://10.180.1.21/compute/v2.1/os-security-groups/1973a4bf-3a27-4bde-a457-f5d211fc4e5f 0.680s
2025-03-07 15:45:26.812 69019 INFO tempest.lib.common.rest_client [req-f52d43f1-8d15-476d-91c5-d6027e65b8c2 req-f52d43f1-8d15-476d-91c5-d6027e65b8c2 ] Request (ServerDiagnosticsV248Test:tearDownClass): 201 POST http://10.180.1.21/identity/v3/auth/tokens 0.148s
2025-03-07 15:45:26.819 69004 INFO tempest.lib.common.rest_client [req-b2611b3d-aa2a-44b3-a640-cdedd092f5db req-b2611b3d-aa2a-44b3-a640-cdedd092f5db ] Request (AZV2TestJSON:tearDownClass): 201 POST http://10.180.1.21/identity/v3/auth/tokens 0.068s
2025-03-07 15:45:26.822 69014 INFO tempest.lib.common.rest_client [req-ca42a6f1-7fd2-4c54-bde3-efb12b772a66 req-ca42a6f1-7fd2-4c54-bde3-efb12b772a66 ] Request (AttachInterfacesUnderV243Test:test_add_remove_fixed_ip): 200 GET http://10.180.1.21/compute/v2.1/servers/05b5792d-57a8-4e23-937d-37146f958a31 0.202s
2025-03-07 15:45:26.870 69008 INFO tempest.lib.common.rest_client [req-b4ac0171-3140-4434-82f9-75e111bde040 req-b4ac0171-3140-4434-82f9-75e111bde040 ] Request (ServersAdmin275Test:tearDownClass): 200 GET http://10.180.1.21/compute/v2.1/servers/301554a6-cb72-4b2d-bcaf-1c1cedbad5f8 0.245s
2025-03-07 15:45:26.886 68976 INFO tempest.lib.common.rest_client [req-953e832e-b425-47fc-9d10-9dec0032d533 req-953e832e-b425-47fc-9d10-9dec0032d533 ] Request (ListServerFiltersTestJSON:test_list_servers_filter_by_limit): 200 GET http://10.180.1.21/compute/v2.1/servers?limit=1 0.205s
2025-03-07 15:45:26.954 68992 INFO tempest.lib.common.rest_client [req-75ad6c35-f31d-4cfa-8347-273ee580584d req-75ad6c35-f31d-4cfa-8347-273ee580584d ] Request (ImagesNegativeTestJSON:test_create_image_from_deleted_server): 200 GET http://10.180.1.21/compute/v2.1/servers/e68039e4-6347-41cc-915b-5c9be6dca8b5 0.259s
2025-03-07 15:45:26.955 68982 INFO tempest.lib.common.rest_client [req-fc9d32d3-6b58-453c-8be0-0d30dca11086 req-fc9d32d3-6b58-453c-8be0-0d30dca11086 ] Request (ServersTestMultiNic:test_verify_duplicate_network_nics): 200 GET http://10.180.1.21/compute/v2.1/servers/6e7c1494-704f-4b7e-ba02-c3777ef4ffa7 0.192s
2025-03-07 15:45:27.034 68985 INFO tempest.lib.common.rest_client [req-39c23d92-553c-4161-968f-e3ad0fd2329b req-39c23d92-553c-4161-968f-e3ad0fd2329b ] Request (ServerRescueNegativeTestJSON:setUpClass): 200 GET http://10.180.1.21/compute/v2.1/servers/7875a8e9-9518-4313-a4a8-ade3126c3ad3 0.208s
2025-03-07 15:45:27.059 69019 INFO tempest.lib.common.rest_client [req-f393131c-048b-4af7-9672-1f864b67b495 req-f393131c-048b-4af7-9672-1f864b67b495 ] Request (ServerDiagnosticsV248Test:tearDownClass): 200 GET http://10.180.1.21:9696/networking/v2.0/security-groups?tenant_id=51bea6c643d3491fb8e8ed6b9bce87f8&name=default 0.247s
2025-03-07 15:45:27.146 69004 INFO tempest.lib.common.rest_client [req-72b440c5-f1f4-49ce-a6fe-cef327651522 req-72b440c5-f1f4-49ce-a6fe-cef327651522 ] Request (AZV2TestJSON:tearDownClass): 200 GET http://10.180.1.21:9696/networking/v2.0/security-groups?tenant_id=b2f756178adf4095984e8e5c69e1d27c&name=default 0.327s
2025-03-07 15:45:27.231 69012 INFO tempest.lib.common.rest_client [req-c5d4f25b-0183-4db0-92f1-c2eb29c2ba35 req-c5d4f25b-0183-4db0-92f1-c2eb29c2ba35 ] Request (MigrationsAdminTest:test_list_migrations_in_flavor_resize_situation): 200 GET http://10.180.1.21/compute/v2.1/servers/5291932b-4bd7-48f5-a6e1-c69f4912a590 0.370s
2025-03-07 15:45:27.257 69019 INFO tempest.lib.common.rest_client [req-7517f80b-e2ba-4ef5-849b-bc15d243cac1 req-7517f80b-e2ba-4ef5-849b-bc15d243cac1 ] Request (ServerDiagnosticsV248Test:tearDownClass): 204 DELETE http://10.180.1.21:9696/networking/v2.0/security-groups/9f6d3f94-4cd3-4caa-aed4-48c15cd3077c 0.197s
2025-03-07 15:45:27.259 68972 INFO tempest.lib.common.rest_client [req-d89157c6-4099-42f6-8b28-0d6fde534c8f req-d89157c6-4099-42f6-8b28-0d6fde534c8f ] Request (SecurityGroupRulesTestJSON:tearDownClass): 202 DELETE http://10.180.1.21/compute/v2.1/os-security-groups/daa3a203-981a-43cb-80ea-ddaa4fc41bd6 0.467s
2025-03-07 15:45:27.306 68980 INFO tempest.lib.common.rest_client [req-47f0979c-4aad-4f06-a766-3df923807a0b req-47f0979c-4aad-4f06-a766-3df923807a0b ] Request (SecurityGroupsNegativeTestJSON:setUpClass): 201 POST http://10.180.1.21:9696/networking/v2.0/networks 0.559s
2025-03-07 15:45:27.308 68974 INFO tempest.lib.common.rest_client [req-e5e5b541-2b01-45a9-b155-a94b14cf413d req-e5e5b541-2b01-45a9-b155-a94b14cf413d ] Request (TenantUsagesTestJSON:setUpClass): 200 GET http://10.180.1.21/compute/v2.1/servers/e469c9c6-c965-49ba-9a09-fb27ced0b3d2 0.422s
2025-03-07 15:45:27.334 69004 INFO tempest.lib.common.rest_client [req-00badcae-8337-4cfe-a5eb-534d6e2d5349 req-00badcae-8337-4cfe-a5eb-534d6e2d5349 ] Request (AZV2TestJSON:tearDownClass): 204 DELETE http://10.180.1.21:9696/networking/v2.0/security-groups/cbc9879e-8cfb-4075-aaae-98e7a6c5075a 0.186s
2025-03-07 15:45:27.335 69010 INFO tempest.lib.common.rest_client [req-e9b0eb8a-431f-424b-9062-11bbb6240f7e req-e9b0eb8a-431f-424b-9062-11bbb6240f7e ] Request (VolumesAssistedSnapshotsTest:test_volume_assisted_snapshot_create_delete): 200 PUT http://10.180.1.21:9696/networking/v2.0/floatingips/b877169d-e9f7-4930-a8d6-e13b944dce21 0.957s
2025-03-07 15:45:27.337 69010 INFO tempest.lib.common.ssh [-] Creating ssh connection to '10.180.180.200:22' as 'cirros' with public key authentication
2025-03-07 15:45:27.345 69019 INFO tempest.lib.common.rest_client [req-cc5beb61-be3d-49bc-aa33-5923dabe8a3c req-cc5beb61-be3d-49bc-aa33-5923dabe8a3c ] Request (ServerDiagnosticsV248Test:tearDownClass): 204 DELETE http://10.180.1.21/identity/v3/projects/51bea6c643d3491fb8e8ed6b9bce87f8 0.088s
2025-03-07 15:45:27.346 69019 INFO tempest.lib.common.dynamic_creds [-] Deleting project and security group for project: 344d421b931e4476a5b30d5be63511df
2025-03-07 15:45:27.354 68976 INFO tempest.lib.common.rest_client [req-9155c25f-3086-4d33-b41a-4ce26f828ad4 req-9155c25f-3086-4d33-b41a-4ce26f828ad4 ] Request (ListServerFiltersTestJSON:test_list_servers_filter_by_server_name): 200 GET http://10.180.1.21/compute/v2.1/servers?name=tempest-ListServerFiltersTestJSON-instance-564884114 0.465s
2025-03-07 15:45:27.367 68964 INFO tempest.lib.common.rest_client [req-9cfecf04-6aaf-487b-81d4-2358e060b512 req-9cfecf04-6aaf-487b-81d4-2358e060b512 ] Request (SecurityGroupsTestJSON:test_list_security_groups_by_server): 200 GET http://10.180.1.21/compute/v2.1/servers/64df3563-d078-4958-a2e9-527f7a10e77d 0.428s
2025-03-07 15:45:27.414 68962 INFO tempest.lib.common.rest_client [req-54710db0-5af1-4a1e-a884-4829ce63c6e9 req-54710db0-5af1-4a1e-a884-4829ce63c6e9 ] Request (DeleteServersAdminTestJSON:test_delete_server_while_in_error_state): 200 GET http://10.180.1.21/compute/v2.1/servers/273f2827-62c0-46a1-9d39-a609cee78482 0.401s
2025-03-07 15:45:27.436 68990 INFO tempest.lib.common.rest_client [req-62d54285-ef2f-47a6-8462-4b63a5a1e9d5 req-62d54285-ef2f-47a6-8462-4b63a5a1e9d5 ] Request (ServersTestManualDisk:setUpClass): 200 GET http://10.180.1.21/compute/v2.1/servers/1ff31992-d8ca-425d-996d-c8d4c5283366 0.331s
2025-03-07 15:45:27.452 69004 INFO tempest.lib.common.rest_client [req-e518e959-4581-4c1a-a20b-119eb3661e0b req-e518e959-4581-4c1a-a20b-119eb3661e0b ] Request (AZV2TestJSON:tearDownClass): 204 DELETE http://10.180.1.21/identity/v3/projects/b2f756178adf4095984e8e5c69e1d27c 0.118s
2025-03-07 15:45:27.453 69004 INFO tempest.test [-] raised in ServerBootFromVolumeStableRescueTest.setUpClass. Invoking tearDownClass.
2025-03-07 15:45:27.475 69020 INFO tempest.lib.common.rest_client [req-940852e1-e881-465f-9470-5932a5ff12ec req-940852e1-e881-465f-9470-5932a5ff12ec ] Request (ImagesOneServerTestJSON:setUpClass): 200 GET http://10.180.1.21/compute/v2.1/servers/f6db9f4b-f133-4c8a-8225-35535a715a80 0.301s
2025-03-07 15:45:27.500 68998 INFO tempest.lib.common.rest_client [req-0ffa022d-6ea1-4450-9a2f-8d9f8abd942d req-0ffa022d-6ea1-4450-9a2f-8d9f8abd942d ] Request (ServerActionsTestOtherB:setUpClass): 200 GET http://10.180.1.21/compute/v2.1/servers/7edda435-0f02-4a60-9b85-5bb8700f647f 0.318s
2025-03-07 15:45:27.502 69019 INFO tempest.lib.common.rest_client [req-f704f71f-badf-4152-9114-e95346e4f699 req-f704f71f-badf-4152-9114-e95346e4f699 ] Request (ServerDiagnosticsV248Test:tearDownClass): 200 GET http://10.180.1.21:9696/networking/v2.0/security-groups?tenant_id=344d421b931e4476a5b30d5be63511df&name=default 0.156s
2025-03-07 15:45:27.541 69004 INFO tempest.lib.common.rest_client [req-416ce73b-1465-4b1e-83fb-60af9e6794e3 req-416ce73b-1465-4b1e-83fb-60af9e6794e3 ] Request (ServerShowV247Test:setUpClass): 201 POST http://10.180.1.21/identity/v3/auth/tokens 0.086s
2025-03-07 15:45:27.550 69006 INFO tempest.lib.common.rest_client [req-1d85831d-34a1-4f48-ae72-05c9bb5ab650 req-1d85831d-34a1-4f48-ae72-05c9bb5ab650 ] Request (ImagesTestJSON:test_create_image_from_suspended_server): 200 GET http://10.180.1.21/compute/v2.1/servers/75a6423a-0e3e-4d79-858d-01af450513dd 0.306s
2025-03-07 15:45:27.578 69000 INFO tempest.lib.common.rest_client [req-63d666a3-d7b7-4d58-b064-4fe5b55fe328 req-63d666a3-d7b7-4d58-b064-4fe5b55fe328 ] Request (AttachVolumeNegativeTest:test_attach_attached_volume_to_different_server): 200 GET http://10.180.1.21/compute/v2.1/servers/77ef840a-2216-4f7d-a598-421505eedd5e 0.325s
2025-03-07 15:45:27.598 69004 INFO tempest.lib.common.rest_client [req-36223088-8a5b-48b5-96df-fce1c10691e8 req-36223088-8a5b-48b5-96df-fce1c10691e8 ] Request (ServerShowV247Test:setUpClass): 201 POST http://10.180.1.21/identity/v3/auth/tokens 0.054s
2025-03-07 15:45:27.627 68978 INFO tempest.lib.common.rest_client [req-0dc195d8-d822-45ed-abaa-5982305b3fff req-0dc195d8-d822-45ed-abaa-5982305b3fff ] Request (FloatingIPsAssociationTestJSON:test_associate_already_associated_floating_ip): 200 GET http://10.180.1.21/compute/v2.1/servers/e506d465-896d-4493-9e6b-398f3f08048b 0.326s
2025-03-07 15:45:27.635 69004 INFO tempest.lib.common.rest_client [req-647a5d3a-4751-46ea-937e-25cf5344bf2f req-647a5d3a-4751-46ea-937e-25cf5344bf2f ] Request (ServerShowV247Test:setUpClass): 200 GET http://10.180.1.21/identity/v3/domains?name=Default 0.036s
2025-03-07 15:45:27.656 69016 INFO tempest.lib.common.rest_client [req-f08f4704-4e87-4279-a724-dd0ad6fb892b req-f08f4704-4e87-4279-a724-dd0ad6fb892b ] Request (ListServersNegativeTestJSON:setUpClass): 200 GET http://10.180.1.21/compute/v2.1/servers/17c3e88e-73ca-4255-bc84-c54e1d732b6d 0.350s
2025-03-07 15:45:27.670 69019 INFO tempest.lib.common.rest_client [req-2f53e5bc-ff6b-42fb-9314-f87d669d1b9c req-2f53e5bc-ff6b-42fb-9314-f87d669d1b9c ] Request (ServerDiagnosticsV248Test:tearDownClass): 204 DELETE http://10.180.1.21:9696/networking/v2.0/security-groups/61c7d2eb-13fa-4b1c-b466-9061fbe35c51 0.167s
2025-03-07 15:45:27.682 69004 INFO tempest.lib.common.rest_client [req-0dfc4b59-733b-407f-bea1-d2c4dbb46cf0 req-0dfc4b59-733b-407f-bea1-d2c4dbb46cf0 ] Request (ServerShowV247Test:setUpClass): 201 POST http://10.180.1.21/identity/v3/projects 0.047s
2025-03-07 15:45:27.725 68976 INFO tempest.lib.common.rest_client [req-462d16fc-9683-45cf-a6f5-f0752c32882c req-462d16fc-9683-45cf-a6f5-f0752c32882c ] Request (ListServerFiltersTestJSON:test_list_servers_filter_by_shutoff_status): 202 POST http://10.180.1.21/compute/v2.1/servers/2f545107-51ef-4da6-9bf5-d39b4918d3d9/action 0.367s
2025-03-07 15:45:27.735 68960 INFO tempest.lib.common.rest_client [req-25cea370-cbfd-4879-821c-c4b49c40a419 req-25cea370-cbfd-4879-821c-c4b49c40a419 ] Request (AttachInterfacesV270Test:tearDownClass): 200 GET http://10.180.1.21/compute/v2.1/servers/a9a56dcf-db58-415f-bcbc-edf447215938 0.362s
2025-03-07 15:45:27.750 69004 INFO tempest.lib.common.rest_client [req-14557b45-a0cb-4cf2-b385-686410f772f0 req-14557b45-a0cb-4cf2-b385-686410f772f0 ] Request (ServerShowV247Test:setUpClass): 201 POST http://10.180.1.21/identity/v3/users 0.067s
2025-03-07 15:45:27.789 69019 INFO tempest.lib.common.rest_client [req-72eb29c6-ef97-4c87-89f7-7ae2e17725f8 req-72eb29c6-ef97-4c87-89f7-7ae2e17725f8 ] Request (ServerDiagnosticsV248Test:tearDownClass): 204 DELETE http://10.180.1.21/identity/v3/projects/344d421b931e4476a5b30d5be63511df 0.117s
2025-03-07 15:45:27.791 68968 INFO tempest.lib.common.rest_client [req-871a4bae-5e36-47e5-b834-e177d65167e7 req-871a4bae-5e36-47e5-b834-e177d65167e7 ] Request (InstanceActionsNegativeTestJSON:setUpClass): 200 GET http://10.180.1.21/compute/v2.1/servers/4cf0b932-a3d1-4bba-90e3-3b03e52c5cb7 0.337s
2025-03-07 15:45:27.821 69019 INFO tempest.lib.common.rest_client [req-8420ffdc-0a9b-4695-aeb9-68a4301f45bf req-8420ffdc-0a9b-4695-aeb9-68a4301f45bf ] Request (ServerActionsTestOtherA:setUpClass): 201 POST http://10.180.1.21/identity/v3/auth/tokens 0.031s
2025-03-07 15:45:27.837 69004 INFO tempest.lib.common.rest_client [req-97dee8c0-f156-412e-ac60-63dd94212f16 req-97dee8c0-f156-412e-ac60-63dd94212f16 ] Request (ServerShowV247Test:setUpClass): 200 GET http://10.180.1.21/identity/v3/roles 0.086s
2025-03-07 15:45:27.850 69019 INFO tempest.lib.common.rest_client [req-b4b840ce-0d1c-434f-b65b-1a9e75cbcd7e req-b4b840ce-0d1c-434f-b65b-1a9e75cbcd7e ] Request (ServerActionsTestOtherA:setUpClass): 201 POST http://10.180.1.21/identity/v3/auth/tokens 0.026s
2025-03-07 15:45:27.868 68986 INFO tempest.lib.common.rest_client [req-71b66ff1-2129-4c61-a8d4-e1fe9af30773 req-71b66ff1-2129-4c61-a8d4-e1fe9af30773 ] Request (AttachInterfacesTestJSON:test_create_list_show_delete_interfaces_by_fixed_ip): 200 GET http://10.180.1.21/compute/v2.1/servers/6285a4e1-2601-43c8-9bca-c438f72b0b67 0.264s
2025-03-07 15:45:27.875 69019 INFO tempest.lib.common.rest_client [req-0708b887-4714-433f-b1cc-c87f09104a07 req-0708b887-4714-433f-b1cc-c87f09104a07 ] Request (ServerActionsTestOtherA:setUpClass): 200 GET http://10.180.1.21/identity/v3/domains?name=Default 0.024s
2025-03-07 15:45:27.875 68986 INFO tempest.common.waiters [-] State transition "BUILD/spawning" ==> "ACTIVE/None" after 53 second wait
2025-03-07 15:45:27.885 69004 INFO tempest.lib.common.rest_client [req-cc835fcb-58a3-455c-bea8-eacbad74904d req-cc835fcb-58a3-455c-bea8-eacbad74904d ] Request (ServerShowV247Test:setUpClass): 204 PUT http://10.180.1.21/identity/v3/projects/725b1ef8cef148588cd282a11fda100a/users/4b4af19fce0f4d20b64f83465c6f713e/roles/f25abdcbda9142a1a6d00454e0a12b97 0.048s
2025-03-07 15:45:27.886 69004 INFO tempest.lib.common.dynamic_creds [-] Dynamic test user 4b4af19fce0f4d20b64f83465c6f713e is created with scope project and roles: ['member']
2025-03-07 15:45:27.886 69004 INFO tempest.lib.common.dynamic_creds [-] Acquired dynamic creds: credentials: Credentials: {'domain_id': 'default', 'domain_name': 'Default', 'username': 'tempest-ServerShowV247Test-2119236437-project-member', 'project_domain_id': 'default', 'project_domain_name': 'Default', 'project_id': '725b1ef8cef148588cd282a11fda100a', 'project_name': 'tempest-ServerShowV247Test-2119236437', 'tenant_id': '725b1ef8cef148588cd282a11fda100a', 'tenant_name': 'tempest-ServerShowV247Test-2119236437', 'user_domain_id': 'default', 'user_domain_name': 'Default', 'user_id': '4b4af19fce0f4d20b64f83465c6f713e', 'system': None}, Network: None, Subnet: None, Router: None
2025-03-07 15:45:27.886 69004 INFO tempest.lib.common.dynamic_creds [-] Created isolated network resources for: credentials: Credentials: {'domain_id': 'default', 'domain_name': 'Default', 'username': 'tempest-ServerShowV247Test-2119236437-project-member', 'project_domain_id': 'default', 'project_domain_name': 'Default', 'project_id': '725b1ef8cef148588cd282a11fda100a', 'project_name': 'tempest-ServerShowV247Test-2119236437', 'tenant_id': '725b1ef8cef148588cd282a11fda100a', 'tenant_name': 'tempest-ServerShowV247Test-2119236437', 'user_domain_id': 'default', 'user_domain_name': 'Default', 'user_id': '4b4af19fce0f4d20b64f83465c6f713e', 'system': None}, Network: None, Subnet: None, Router: None
2025-03-07 15:45:27.932 69002 INFO tempest.lib.common.rest_client [req-d7babeee-a0ee-4fc9-9b12-d37ae85a0e34 req-d7babeee-a0ee-4fc9-9b12-d37ae85a0e34 ] Request (FloatingIPsAssociationNegativeTestJSON:tearDownClass): 200 GET http://10.180.1.21/compute/v2.1/servers/fb9fd541-38e9-4ca5-a7b3-c6a06461c2da 0.160s
2025-03-07 15:45:27.938 68976 INFO tempest.lib.common.rest_client [req-9cb15e92-d480-4c9d-a2bd-2e2fdcdaea25 req-9cb15e92-d480-4c9d-a2bd-2e2fdcdaea25 ] Request (ListServerFiltersTestJSON:test_list_servers_filter_by_shutoff_status): 200 GET http://10.180.1.21/compute/v2.1/servers/2f545107-51ef-4da6-9bf5-d39b4918d3d9 0.213s
2025-03-07 15:45:27.943 69019 INFO tempest.lib.common.rest_client [req-a9a72afd-aa09-4a26-8719-12067254ed21 req-a9a72afd-aa09-4a26-8719-12067254ed21 ] Request (ServerActionsTestOtherA:setUpClass): 201 POST http://10.180.1.21/identity/v3/projects 0.068s
2025-03-07 15:45:27.952 68980 INFO tempest.lib.common.rest_client [req-8202562b-3bef-4b0b-84c2-fe8e675fcc5d req-8202562b-3bef-4b0b-84c2-fe8e675fcc5d ] Request (SecurityGroupsNegativeTestJSON:setUpClass): 201 POST http://10.180.1.21:9696/networking/v2.0/subnets 0.645s
2025-03-07 15:45:27.962 69004 INFO tempest.lib.common.rest_client [req-7cdb6f66-e4e8-475a-a454-fc58aa137d0b req-7cdb6f66-e4e8-475a-a454-fc58aa137d0b ] Request (ServerShowV247Test:setUpClass): 201 POST http://10.180.1.21/identity/v3/auth/tokens 0.072s
2025-03-07 15:45:27.996 69014 INFO tempest.lib.common.rest_client [req-6f570bdd-dc18-4b67-ba84-87941ce742fa req-6f570bdd-dc18-4b67-ba84-87941ce742fa ] Request (AttachInterfacesUnderV243Test:test_add_remove_fixed_ip): 200 GET http://10.180.1.21/compute/v2.1/servers/05b5792d-57a8-4e23-937d-37146f958a31 0.163s
2025-03-07 15:45:27.999 68958 INFO tempest.lib.common.rest_client [req-daf5a225-2409-4160-ba3a-f027fc3fc9d0 req-daf5a225-2409-4160-ba3a-f027fc3fc9d0 ] Request (ServersV294TestFqdnHostnames:setUpClass): 201 POST http://10.180.1.21:9696/networking/v2.0/routers 1.499s
2025-03-07 15:45:28.007 69019 INFO tempest.lib.common.rest_client [req-80280b17-51e9-4187-a565-5a21b927a5c6 req-80280b17-51e9-4187-a565-5a21b927a5c6 ] Request (ServerActionsTestOtherA:setUpClass): 201 POST http://10.180.1.21/identity/v3/users 0.063s
2025-03-07 15:45:28.010 68986 INFO tempest.lib.common.rest_client [req-2fc256bb-d210-4a68-805f-5574da653602 req-2fc256bb-d210-4a68-805f-5574da653602 ] Request (AttachInterfacesTestJSON:test_create_list_show_delete_interfaces_by_fixed_ip): 200 GET http://10.180.1.21/compute/v2.1/servers/6285a4e1-2601-43c8-9bca-c438f72b0b67/os-interface 0.134s
2025-03-07 15:45:28.015 69004 INFO tempest.lib.common.rest_client [req-f3c6b4dc-8b31-46a7-9323-30ce57df4d53 req-f3c6b4dc-8b31-46a7-9323-30ce57df4d53 ] Request (ServerShowV247Test:setUpClass): 200 GET http://10.180.1.21/identity/v3/projects/725b1ef8cef148588cd282a11fda100a 0.052s
2025-03-07 15:45:28.016 69004 INFO tempest.lib.common.dynamic_creds [-] Using the existing project 725b1ef8cef148588cd282a11fda100a for scope project and roles: ['reader']
2025-03-07 15:45:28.027 69019 INFO tempest.lib.common.rest_client [req-fb5a1399-2b08-409b-b113-4150d0d478db req-fb5a1399-2b08-409b-b113-4150d0d478db ] Request (ServerActionsTestOtherA:setUpClass): 200 GET http://10.180.1.21/identity/v3/roles 0.020s
2025-03-07 15:45:28.043 69004 INFO tempest.lib.common.rest_client [req-e96c77f3-af8a-4f58-825c-45592fd0ccf1 req-e96c77f3-af8a-4f58-825c-45592fd0ccf1 ] Request (ServerShowV247Test:setUpClass): 201 POST http://10.180.1.21/identity/v3/users 0.027s
2025-03-07 15:45:28.053 69019 INFO tempest.lib.common.rest_client [req-d0e2913c-2824-4924-8c0e-397e78446ff5 req-d0e2913c-2824-4924-8c0e-397e78446ff5 ] Request (ServerActionsTestOtherA:setUpClass): 204 PUT http://10.180.1.21/identity/v3/projects/bd779af9f7f643f8852b887caa90b744/users/8300708afb164c3fad43efca1a804db0/roles/f25abdcbda9142a1a6d00454e0a12b97 0.025s
2025-03-07 15:45:28.053 69019 INFO tempest.lib.common.dynamic_creds [-] Dynamic test user 8300708afb164c3fad43efca1a804db0 is created with scope project and roles: ['member']
2025-03-07 15:45:28.053 69019 INFO tempest.lib.common.dynamic_creds [-] Acquired dynamic creds: credentials: Credentials: {'domain_id': 'default', 'domain_name': 'Default', 'username': 'tempest-ServerActionsTestOtherA-469652011-project-member', 'project_domain_id': 'default', 'project_domain_name': 'Default', 'project_id': 'bd779af9f7f643f8852b887caa90b744', 'project_name': 'tempest-ServerActionsTestOtherA-469652011', 'tenant_id': 'bd779af9f7f643f8852b887caa90b744', 'tenant_name': 'tempest-ServerActionsTestOtherA-469652011', 'user_domain_id': 'default', 'user_domain_name': 'Default', 'user_id': '8300708afb164c3fad43efca1a804db0', 'system': None}, Network: None, Subnet: None, Router: None
2025-03-07 15:45:28.063 69004 INFO tempest.lib.common.rest_client [req-2dcd3c29-3912-4ad3-b89e-2fc027c912eb req-2dcd3c29-3912-4ad3-b89e-2fc027c912eb ] Request (ServerShowV247Test:setUpClass): 200 GET http://10.180.1.21/identity/v3/roles 0.019s
2025-03-07 15:45:28.093 68992 INFO tempest.lib.common.rest_client [req-66eb79b8-e3d5-4e26-b997-90320ef1d8a5 req-66eb79b8-e3d5-4e26-b997-90320ef1d8a5 ] Request (ImagesNegativeTestJSON:test_create_image_from_deleted_server): 200 GET http://10.180.1.21/compute/v2.1/servers/e68039e4-6347-41cc-915b-5c9be6dca8b5 0.131s
2025-03-07 15:45:28.101 69008 INFO tempest.lib.common.rest_client [req-0fee39fc-cdc8-4176-b816-a0d0a9288016 req-0fee39fc-cdc8-4176-b816-a0d0a9288016 ] Request (ServersAdmin275Test:tearDownClass): 200 GET http://10.180.1.21/compute/v2.1/servers/301554a6-cb72-4b2d-bcaf-1c1cedbad5f8 0.218s
2025-03-07 15:45:28.110 69019 INFO tempest.lib.common.rest_client [req-385ed7d0-89e5-4b84-b395-8b51f5726f80 req-385ed7d0-89e5-4b84-b395-8b51f5726f80 ] Request (ServerActionsTestOtherA:setUpClass): 201 POST http://10.180.1.21/identity/v3/auth/tokens 0.056s
2025-03-07 15:45:28.129 69004 INFO tempest.lib.common.rest_client [req-8b27a538-4972-43c0-a3c6-992b4fbebf3a req-8b27a538-4972-43c0-a3c6-992b4fbebf3a ] Request (ServerShowV247Test:setUpClass): 204 PUT http://10.180.1.21/identity/v3/projects/725b1ef8cef148588cd282a11fda100a/users/02ba786d969b448f9bfe93e31edb3604/roles/51e9e619158e4923b1c97ea414b138e1 0.065s
2025-03-07 15:45:28.129 69004 INFO tempest.lib.common.dynamic_creds [-] Dynamic test user 02ba786d969b448f9bfe93e31edb3604 is created with scope project and roles: ['reader']
2025-03-07 15:45:28.129 69004 INFO tempest.lib.common.dynamic_creds [-] Acquired dynamic creds: credentials: Credentials: {'domain_id': 'default', 'domain_name': 'Default', 'username': 'tempest-ServerShowV247Test-2119236437-project-reader', 'project_domain_id': 'default', 'project_domain_name': 'Default', 'project_id': '725b1ef8cef148588cd282a11fda100a', 'project_name': 'tempest-ServerShowV247Test-2119236437', 'tenant_id': '725b1ef8cef148588cd282a11fda100a', 'tenant_name': 'tempest-ServerShowV247Test-2119236437', 'user_domain_id': 'default', 'user_domain_name': 'Default', 'user_id': '02ba786d969b448f9bfe93e31edb3604', 'system': None}, Network: None, Subnet: None, Router: None
2025-03-07 15:45:28.129 69004 INFO tempest.lib.common.dynamic_creds [-] Network resources are not created for requested scope: project and credentials: Credentials: {'domain_id': 'default', 'domain_name': 'Default', 'username': 'tempest-ServerShowV247Test-2119236437-project-reader', 'project_domain_id': 'default', 'project_domain_name': 'Default', 'project_id': '725b1ef8cef148588cd282a11fda100a', 'project_name': 'tempest-ServerShowV247Test-2119236437', 'tenant_id': '725b1ef8cef148588cd282a11fda100a', 'tenant_name': 'tempest-ServerShowV247Test-2119236437', 'user_domain_id': 'default', 'user_domain_name': 'Default', 'user_id': '02ba786d969b448f9bfe93e31edb3604', 'system': None}, Network: None, Subnet: None, Router: None
2025-03-07 15:45:28.179 68982 INFO tempest.lib.common.rest_client [req-87d6b5a7-9b06-4f9c-844d-2396e1b89184 req-87d6b5a7-9b06-4f9c-844d-2396e1b89184 ] Request (ServersTestMultiNic:test_verify_duplicate_network_nics): 200 GET http://10.180.1.21/compute/v2.1/servers/6e7c1494-704f-4b7e-ba02-c3777ef4ffa7 0.212s
2025-03-07 15:45:28.179 68985 INFO tempest.lib.common.rest_client [req-d2e2b619-b53f-4abb-b621-e84eca97ebc5 req-d2e2b619-b53f-4abb-b621-e84eca97ebc5 ] Request (ServerRescueNegativeTestJSON:setUpClass): 200 GET http://10.180.1.21/compute/v2.1/servers/7875a8e9-9518-4313-a4a8-ade3126c3ad3 0.136s
2025-03-07 15:45:28.199 69004 INFO tempest.lib.common.rest_client [req-427c9192-de1f-4700-9a7d-375b59f9b8bc req-427c9192-de1f-4700-9a7d-375b59f9b8bc ] Request (ServerShowV247Test:setUpClass): 201 POST http://10.180.1.21/identity/v3/auth/tokens 0.064s
2025-03-07 15:45:28.261 69004 INFO tempest.lib.common.rest_client [req-18801041-3943-48fa-92ae-5d0da228f8bc req-18801041-3943-48fa-92ae-5d0da228f8bc ] Request (ServerShowV247Test:test_show_server): 201 POST http://10.180.1.21/identity/v3/auth/tokens 0.058s
2025-03-07 15:45:28.262 69004 INFO tempest.lib.common.fixed_network [-] (ServerShowV247Test:test_show_server) Found network None available for tenant
2025-03-07 15:45:28.463 69004 INFO tempest.lib.common.rest_client [req-5a8aca8e-ac1b-42a3-bd35-9161a2d5595c req-5a8aca8e-ac1b-42a3-bd35-9161a2d5595c ] Request (ServerShowV247Test:test_show_server): 202 POST http://10.180.1.21/compute/v2.1/servers 0.200s
