2025-03-10 10:38:10.019 71018 INFO tempest.lib.common.rest_client [req-f69ed281-9991-471e-943b-156d2f5dbde3 req-f69ed281-9991-471e-943b-156d2f5dbde3 ] Request (ServerRescueTestJSONUnderV235:setUpClass): 200 GET http://10.180.1.21/compute/v2.1/servers/6bf196b5-f557-466d-bc40-eb1965b54280 0.438s
2025-03-10 10:38:10.038 70992 INFO tempest.lib.common.rest_client [req-93fd1399-371a-4d3a-857f-2fc59d07dbbb req-93fd1399-371a-4d3a-857f-2fc59d07dbbb ] Request (ServerMetadataTestJSON:setUpClass): 200 GET http://10.180.1.21/compute/v2.1/servers/8ba823aa-5ab0-40ba-8412-66a44d3e5f23 0.393s
2025-03-10 10:38:10.053 70984 INFO tempest.lib.common.rest_client [req-22414eb3-99f5-493f-a1ce-cc3152b767e1 req-22414eb3-99f5-493f-a1ce-cc3152b767e1 ] Request (ImagesMetadataNegativeTestJSON:setUpClass): 201 POST http://10.180.1.21/identity/v3/auth/tokens 0.040s
2025-03-10 10:38:10.083 70970 INFO tempest.lib.common.rest_client [req-36598934-4fb1-4a50-8e35-53709e984469 req-36598934-4fb1-4a50-8e35-53709e984469 ] Request (ServerExternalEventsTest:test_create_server_external_events): 200 GET http://10.180.1.21/compute/v2.1/servers/122e0404-29c7-4d16-bf19-5c979cdb8702 0.418s
2025-03-10 10:38:10.087 70984 INFO tempest.lib.common.rest_client [req-e837db1a-947e-4e38-88cf-2a13950df0ac req-e837db1a-947e-4e38-88cf-2a13950df0ac ] Request (ImagesMetadataNegativeTestJSON:setUpClass): 200 GET http://10.180.1.21/identity/v3/domains?name=Default 0.034s
2025-03-10 10:38:10.121 70984 INFO tempest.lib.common.rest_client [req-f67e0b2e-36f8-42c2-9308-398ba9fe6c06 req-f67e0b2e-36f8-42c2-9308-398ba9fe6c06 ] Request (ImagesMetadataNegativeTestJSON:setUpClass): 201 POST http://10.180.1.21/identity/v3/projects 0.034s
2025-03-10 10:38:10.141 70956 INFO tempest.lib.common.rest_client [req-75c589f4-75fd-4520-8191-ebffa04dae42 req-75c589f4-75fd-4520-8191-ebffa04dae42 ] Request (AttachVolumeTestJSON:test_attach_detach_volume): 200 GET http://10.180.1.21/compute/v2.1/servers/df56f107-e9e4-42e0-a241-dcd7b9ee24f2 0.406s
2025-03-10 10:38:10.194 71004 INFO tempest.lib.common.rest_client [req-ecf2a2b3-ff7e-4d52-be86-f61ffef1b21e req-ecf2a2b3-ff7e-4d52-be86-f61ffef1b21e ] Request (ServersTestMultiNic:test_verify_multiple_nics_order): 200 GET http://10.180.1.21/compute/v2.1/servers/7c82a7ff-8e74-4591-882f-ee5fea3c40c8 0.457s
2025-03-10 10:38:10.201 70984 INFO tempest.lib.common.rest_client [req-07a6c684-36d0-4494-bc44-cf3cde139d3c req-07a6c684-36d0-4494-bc44-cf3cde139d3c ] Request (ImagesMetadataNegativeTestJSON:setUpClass): 201 POST http://10.180.1.21/identity/v3/users 0.079s
2025-03-10 10:38:10.208 70976 INFO tempest.lib.common.rest_client [req-9e03367f-b316-45fd-b2db-1aaf0b070a16 req-9e03367f-b316-45fd-b2db-1aaf0b070a16 ] Request (FloatingIPsAssociationNegativeTestJSON:tearDownClass): 200 GET http://10.180.1.21/compute/v2.1/servers/6e352875-5f4e-4fef-b554-3aa734b1c57b 0.523s
2025-03-10 10:38:10.231 70984 INFO tempest.lib.common.rest_client [req-bf4e2f0a-7a44-4f2d-ab33-31242cd175c0 req-bf4e2f0a-7a44-4f2d-ab33-31242cd175c0 ] Request (ImagesMetadataNegativeTestJSON:setUpClass): 200 GET http://10.180.1.21/identity/v3/roles 0.029s
2025-03-10 10:38:10.261 71014 INFO tempest.lib.common.rest_client [req-61f7ac50-937f-49a1-8d0a-70cf52b04789 req-61f7ac50-937f-49a1-8d0a-70cf52b04789 ] Request (ImagesTestJSON:test_create_image_from_suspended_server): 200 GET http://10.180.1.21/compute/v2.1/servers/6e373347-39ab-4ddf-a40f-b33f951f9b1b 0.515s
2025-03-10 10:38:10.267 70990 INFO tempest.lib.common.rest_client [req-24c88277-eee1-4ac1-8a79-b4f5b70801a9 req-24c88277-eee1-4ac1-8a79-b4f5b70801a9 ] Request (ServerTagsTestJSON:setUpClass): 200 GET http://10.180.1.21/compute/v2.1/servers/a95a4262-7614-460a-b10f-a622efd96a54 0.430s
2025-03-10 10:38:10.280 70984 INFO tempest.lib.common.rest_client [req-16957087-164e-43de-b67a-1a18ba970872 req-16957087-164e-43de-b67a-1a18ba970872 ] Request (ImagesMetadataNegativeTestJSON:setUpClass): 204 PUT http://10.180.1.21/identity/v3/projects/b03de12f82394a4aabf59b4e8b68d82c/users/3f7ae894c64a4dc996396910f9ef0c7a/roles/66969a095eec4967a64cfe9e49dc453e 0.049s
2025-03-10 10:38:10.281 70984 INFO tempest.lib.common.dynamic_creds [-] Dynamic test user 3f7ae894c64a4dc996396910f9ef0c7a is created with scope project and roles: ['member']
2025-03-10 10:38:10.281 70984 INFO tempest.lib.common.dynamic_creds [-] Acquired dynamic creds: credentials: Credentials: {'domain_id': 'default', 'domain_name': 'Default', 'username': 'tempest-ImagesMetadataNegativeTestJSON-686029429-project-member', 'project_domain_id': 'default', 'project_domain_name': 'Default', 'project_id': 'b03de12f82394a4aabf59b4e8b68d82c', 'project_name': 'tempest-ImagesMetadataNegativeTestJSON-686029429', 'tenant_id': 'b03de12f82394a4aabf59b4e8b68d82c', 'tenant_name': 'tempest-ImagesMetadataNegativeTestJSON-686029429', 'user_domain_id': 'default', 'user_domain_name': 'Default', 'user_id': '3f7ae894c64a4dc996396910f9ef0c7a', 'system': None}, Network: None, Subnet: None, Router: None
2025-03-10 10:38:10.282 70984 INFO tempest.lib.common.dynamic_creds [-] Created isolated network resources for: credentials: Credentials: {'domain_id': 'default', 'domain_name': 'Default', 'username': 'tempest-ImagesMetadataNegativeTestJSON-686029429-project-member', 'project_domain_id': 'default', 'project_domain_name': 'Default', 'project_id': 'b03de12f82394a4aabf59b4e8b68d82c', 'project_name': 'tempest-ImagesMetadataNegativeTestJSON-686029429', 'tenant_id': 'b03de12f82394a4aabf59b4e8b68d82c', 'tenant_name': 'tempest-ImagesMetadataNegativeTestJSON-686029429', 'user_domain_id': 'default', 'user_domain_name': 'Default', 'user_id': '3f7ae894c64a4dc996396910f9ef0c7a', 'system': None}, Network: None, Subnet: None, Router: None
2025-03-10 10:38:10.310 70968 INFO tempest.lib.common.rest_client [req-68a9c2d0-cb66-4f8a-908d-035d843fe480 req-68a9c2d0-cb66-4f8a-908d-035d843fe480 ] Request (ImagesOneServerTestJSON:test_create_image_specify_multibyte_character_image_name): 200 GET http://10.180.1.21/compute/v2.1/images/84be9f93-6956-48d4-aa27-4ce6800f60af 0.454s
2025-03-10 10:38:10.339 70960 INFO tempest.lib.common.rest_client [req-4dab3552-fb47-4199-a359-f921b3e44171 req-4dab3552-fb47-4199-a359-f921b3e44171 ] Request (ServerDiagnosticsNegativeTest:tearDownClass): 200 GET http://10.180.1.21/compute/v2.1/servers/806dc7b0-cf92-458e-a6ae-63d146fbff1f 0.501s
2025-03-10 10:38:10.381 70974 INFO tempest.lib.common.rest_client [req-a15ce51d-9743-46d7-a8cd-6e869e592802 req-a15ce51d-9743-46d7-a8cd-6e869e592802 ] Request (InstanceActionsNegativeTestJSON:setUpClass): 200 GET http://10.180.1.21/compute/v2.1/servers/cf8b4b0c-7652-4509-985f-151434312597 0.496s
2025-03-10 10:38:10.385 70984 INFO tempest.lib.common.rest_client [req-d98860f4-94f8-4b9d-92f3-40463d71f781 req-d98860f4-94f8-4b9d-92f3-40463d71f781 ] Request (ImagesMetadataNegativeTestJSON:setUpClass): 201 POST http://10.180.1.21/identity/v3/auth/tokens 0.097s
2025-03-10 10:38:10.410 71008 INFO tempest.lib.common.rest_client [req-56141219-c7f6-4537-87e3-b4a6aafa5e06 req-56141219-c7f6-4537-87e3-b4a6aafa5e06 ] Request (ServerAddressesTestJSON:tearDownClass): 200 GET http://10.180.1.21/compute/v2.1/servers/922f2a8a-0028-4933-8616-2435af7d7010 0.491s
2025-03-10 10:38:10.444 70994 INFO tempest.lib.common.rest_client [req-c5f1d76a-99e8-4c0d-bb76-e8649efb1f56 req-c5f1d76a-99e8-4c0d-bb76-e8649efb1f56 ] Request (DeleteServersAdminTestJSON:test_delete_server_while_in_error_state): 200 GET http://10.180.1.21/compute/v2.1/servers/f0d4724b-e7e5-4f6f-b973-fab3690f33ac 0.500s
2025-03-10 10:38:10.512 70982 INFO tempest.lib.common.rest_client [req-fb60a64f-3abf-4b0b-bca9-ad81b3a04a44 req-fb60a64f-3abf-4b0b-bca9-ad81b3a04a44 ] Request (AttachInterfacesUnderV243Test:setUpClass): 200 PUT http://10.180.1.21:9696/networking/v2.0/routers/14e0e348-65fc-4b87-8d92-ec49c3eb969a/add_router_interface 0.937s
2025-03-10 10:38:10.512 70982 INFO tempest.lib.common.dynamic_creds [-] Created isolated network resources for: credentials: Credentials: {'domain_id': 'default', 'domain_name': 'Default', 'username': 'tempest-AttachInterfacesUnderV243Test-264593543-project-member', 'project_domain_id': 'default', 'project_domain_name': 'Default', 'project_id': '0e3ff2f79045438b84ade304055b6f8e', 'project_name': 'tempest-AttachInterfacesUnderV243Test-264593543', 'tenant_id': '0e3ff2f79045438b84ade304055b6f8e', 'tenant_name': 'tempest-AttachInterfacesUnderV243Test-264593543', 'user_domain_id': 'default', 'user_domain_name': 'Default', 'user_id': '7c4f3d69d061463fbaf9b5e0ad7f23da', 'system': None}, Network: {'id': 'c920ea72-db33-4984-859d-4c0c9a9dc998', 'name': 'tempest-AttachInterfacesUnderV243Test-622582771-network', 'tenant_id': '0e3ff2f79045438b84ade304055b6f8e', 'admin_state_up': True, 'mtu': 8950, 'status': 'ACTIVE', 'subnets': [], 'shared': False, 'project_id': '0e3ff2f79045438b84ade304055b6f8e', 'port_security_enabled': True, 'router:external': False, 'provider:network_type': 'vlan', 'provider:physical_network': 'default', 'provider:segmentation_id': 896, 'availability_zone_hints': [], 'availability_zones': [], 'ipv4_address_scope': None, 'ipv6_address_scope': None, 'description': '', 'tags': [], 'created_at': '2025-03-10T10:38:07Z', 'updated_at': '2025-03-10T10:38:07Z', 'revision_number': 1}, Subnet: {'id': '33091d66-0847-48f2-91f8-94b46cdd6209', 'name': 'tempest-AttachInterfacesUnderV243Test-622582771-subnet', 'tenant_id': '0e3ff2f79045438b84ade304055b6f8e', 'network_id': 'c920ea72-db33-4984-859d-4c0c9a9dc998', 'ip_version': 4, 'subnetpool_id': None, 'enable_dhcp': True, 'ipv6_ra_mode': None, 'ipv6_address_mode': None, 'gateway_ip': '192.168.128.1', 'cidr': '192.168.128.0/28', 'allocation_pools': [{'start': '192.168.128.2', 'end': '192.168.128.14'}], 'host_routes': [], 'dns_nameservers': [], 'description': '', 'router:external': False, 'service_types': [], 'tags': [], 'created_at': '2025-03-10T10:38:08Z', 'updated_at': '2025-03-10T10:38:08Z', 'revision_number': 0, 'project_id': '0e3ff2f79045438b84ade304055b6f8e'}, Router: {'id': '14e0e348-65fc-4b87-8d92-ec49c3eb969a', 'name': 'tempest-AttachInterfacesUnderV243Test-622582771-router', 'tenant_id': '0e3ff2f79045438b84ade304055b6f8e', 'admin_state_up': True, 'status': 'ACTIVE', 'external_gateway_info': {'network_id': 'fc35f129-92ea-49b4-9ea9-891c7158412c', 'external_fixed_ips': [{'subnet_id': 'b0143949-8994-492e-ba92-3d0e850ee71c', 'ip_address': '10.180.180.164'}], 'enable_snat': True}, 'description': '', 'availability_zones': [], 'distributed': False, 'ha': False, 'availability_zone_hints': [], 'routes': [], 'flavor_id': None, 'tags': [], 'created_at': '2025-03-10T10:38:08Z', 'updated_at': '2025-03-10T10:38:08Z', 'revision_number': 2, 'project_id': '0e3ff2f79045438b84ade304055b6f8e'}
2025-03-10 10:38:10.560 70980 INFO tempest.lib.common.rest_client [req-3db48edd-4b81-4c0d-823e-ea1c38b1bff0 req-3db48edd-4b81-4c0d-823e-ea1c38b1bff0 ] Request (ServerActionsTestOtherA:setUpClass): 200 GET http://10.180.1.21/compute/v2.1/servers/e7b75a8e-8c99-4489-bcc5-ee48874d6228 0.463s
2025-03-10 10:38:10.574 71002 INFO tempest.lib.common.rest_client [req-cf07071b-22e7-4c7d-85af-ef5c4551ecbd req-cf07071b-22e7-4c7d-85af-ef5c4551ecbd ] Request (MigrationsAdminTest:test_list_migrations_in_flavor_resize_situation): 200 GET http://10.180.1.21/compute/v2.1/servers/00daff25-7271-410d-9aca-bcf9f71371c2 0.334s
2025-03-10 10:38:10.611 70982 INFO tempest.lib.common.rest_client [req-1511ec0b-d1eb-42a0-90b2-6d5c12826c5b req-1511ec0b-d1eb-42a0-90b2-6d5c12826c5b ] Request (AttachInterfacesUnderV243Test:setUpClass): 201 POST http://10.180.1.21/identity/v3/auth/tokens 0.095s
2025-03-10 10:38:10.650 70984 INFO tempest.lib.common.rest_client [req-7e55c5b7-b654-4b06-9e7c-d235f266e4aa req-7e55c5b7-b654-4b06-9e7c-d235f266e4aa ] Request (ImagesMetadataNegativeTestJSON:test_delete_nonexistent_image_metadata_item): 404 DELETE http://10.180.1.21/compute/v2.1/images/32630163-95d6-4851-b6d1-a5cb37a42742/metadata/os_distro 0.263s
2025-03-10 10:38:10.689 70968 INFO tempest.lib.common.rest_client [req-4e8fb6a4-6abb-4034-b8bd-6315ff14e054 req-4e8fb6a4-6abb-4034-b8bd-6315ff14e054 ] Request (ImagesOneServerTestJSON:test_create_image_specify_multibyte_character_image_name): 200 GET http://10.180.1.21/compute/v2.1/servers/ccf0bfa7-aa71-4cbd-9657-b908bfc001d8 0.374s
2025-03-10 10:38:10.746 70996 INFO tempest.lib.common.rest_client [req-20387991-ac51-42ad-9c08-cf079c1bf037 req-20387991-ac51-42ad-9c08-cf079c1bf037 ] Request (ServerRescueNegativeTestJSON:test_rescued_vm_detach_volume): 200 GET http://10.180.1.21/compute/v2.1/servers/7a1b67c8-83e4-4275-bf5c-9e3e4def8333 0.225s
2025-03-10 10:38:10.763 70998 INFO tempest.lib.common.rest_client [req-21ff77b6-dcc5-47ae-9c74-8095e3c2617e req-21ff77b6-dcc5-47ae-9c74-8095e3c2617e ] Request (ListImageFiltersTestJSON:setUpClass): 200 GET http://10.180.1.21/compute/v2.1/servers/add00fdb-4aa3-4183-9fc7-e6d8b390cde8 0.319s
2025-03-10 10:38:10.770 70998 INFO tempest.common.waiters [-] State transition "BUILD/spawning" ==> "ACTIVE/None" after 43 second wait
2025-03-10 10:38:10.795 70988 INFO tempest.lib.common.rest_client [req-82f4fb3b-db60-4ecc-a885-53be52145940 req-82f4fb3b-db60-4ecc-a885-53be52145940 ] Request (ServerDiskConfigTestJSON:test_rebuild_server_with_auto_disk_config): 200 GET http://10.180.1.21/compute/v2.1/servers/161cd7d8-686a-4dc4-9c73-059f4e194c13 0.208s
2025-03-10 10:38:10.821 70984 INFO tempest.lib.common.rest_client [req-5ef63d1b-af02-435c-b175-9259a75f5f0b req-5ef63d1b-af02-435c-b175-9259a75f5f0b ] Request (ImagesMetadataNegativeTestJSON:test_get_nonexistent_image_metadata_item): 404 GET http://10.180.1.21/compute/v2.1/images/4ccae565-3f0d-400a-9297-f11cc64f5449/metadata/os_version 0.169s
2025-03-10 10:38:10.826 70982 INFO tempest.lib.common.rest_client [req-37c340d8-3e38-416c-b0ae-de0298b1a413 req-37c340d8-3e38-416c-b0ae-de0298b1a413 ] Request (ValidationResourcesFixture:setUp): 200 POST http://10.180.1.21/compute/v2.1/os-keypairs 0.213s
2025-03-10 10:38:10.894 70962 INFO tempest.lib.common.rest_client [req-3ffd8104-5000-4103-a155-a974da26d675 req-3ffd8104-5000-4103-a155-a974da26d675 ] Request (TenantUsagesTestJSON:tearDownClass): 200 GET http://10.180.1.21/compute/v2.1/servers/2811096a-4822-42c1-9c4d-acd8ff56701f 0.122s
2025-03-10 10:38:10.959 70978 INFO tempest.lib.common.rest_client [req-ba25eced-867a-4944-a08c-5fc9c4a6bce5 req-ba25eced-867a-4944-a08c-5fc9c4a6bce5 ] Request (VolumesAdminNegativeTest:test_update_attached_volume_with_nonexistent_volume_in_body): 200 GET http://10.180.1.21/compute/v2.1/servers/aa1c8e98-4487-4538-9453-6921069aeeee 0.148s
2025-03-10 10:38:10.962 70998 INFO tempest.lib.common.rest_client [req-334ea0bb-75d7-4c57-baac-54af5c14b3a7 req-334ea0bb-75d7-4c57-baac-54af5c14b3a7 ] Request (ListImageFiltersTestJSON:setUpClass): 200 GET http://10.180.1.21/compute/v2.1/servers/f387a69d-5d38-41c3-b9c4-08b316b08bad 0.192s
2025-03-10 10:38:10.980 70982 INFO tempest.lib.common.rest_client [req-46b13173-e934-4131-b94d-7d95929490d3 req-46b13173-e934-4131-b94d-7d95929490d3 ] Request (ValidationResourcesFixture:setUp): 201 POST http://10.180.1.21:9696/networking/v2.0/security-groups 0.152s
2025-03-10 10:38:10.980 70984 INFO tempest.lib.common.rest_client [req-a64662a0-ac7b-4933-859b-47adc8a31b1d req-a64662a0-ac7b-4933-859b-47adc8a31b1d ] Request (ImagesMetadataNegativeTestJSON:test_list_nonexistent_image_metadata): 404 GET http://10.180.1.21/compute/v2.1/images/1ab35a08-4bba-44b8-82ab-1a8b8f7f7a67/metadata 0.158s
2025-03-10 10:38:11.009 70966 INFO tempest.lib.common.rest_client [req-ee47e269-41e6-468e-a4cd-74bea8375917 req-ee47e269-41e6-468e-a4cd-74bea8375917 ] Request (SecurityGroupsTestJSON:test_server_security_groups): 200 GET http://10.180.1.21/compute/v2.1/servers/a8efdcf3-99a1-4499-a4b2-797434dbfbba 0.183s
2025-03-10 10:38:11.027 71000 INFO tempest.lib.common.rest_client [req-9b90b4a5-0ed2-4450-a8fe-fd75737dee46 req-9b90b4a5-0ed2-4450-a8fe-fd75737dee46 ] Request (FloatingIPsAssociationTestJSON:setUpClass): 200 GET http://10.180.1.21/compute/v2.1/servers/5c796157-928c-48ae-9d48-c7a73a36c70f 0.132s
2025-03-10 10:38:11.072 70982 INFO tempest.lib.common.rest_client [req-59e5d0ce-b03e-484c-b85b-0743421e7df4 req-59e5d0ce-b03e-484c-b85b-0743421e7df4 ] Request (ValidationResourcesFixture:setUp): 201 POST http://10.180.1.21:9696/networking/v2.0/security-group-rules 0.091s
2025-03-10 10:38:11.074 71016 INFO tempest.lib.common.rest_client [req-3320b56f-e06f-4c4a-9d12-4ca94cd1c484 req-3320b56f-e06f-4c4a-9d12-4ca94cd1c484 ] Request (AttachInterfacesV270Test:tearDownClass): 200 GET http://10.180.1.21/compute/v2.1/servers/fbab4e0d-2a88-450b-99b2-944a06fc5efc 0.109s
2025-03-10 10:38:11.124 70972 INFO tempest.lib.common.rest_client [req-536fcc57-1e27-4fab-9968-2608ab9c3442 req-536fcc57-1e27-4fab-9968-2608ab9c3442 ] Request (ImagesOneServerNegativeTestJSON:setUpClass): 200 GET http://10.180.1.21/compute/v2.1/servers/37e78c17-1f84-4d2e-b362-6fe4d668c7f8 0.144s
2025-03-10 10:38:11.148 70984 INFO tempest.lib.common.rest_client [req-6cbe365b-c1dd-49c7-9217-a6b1ec7d32d5 req-6cbe365b-c1dd-49c7-9217-a6b1ec7d32d5 ] Request (ImagesMetadataNegativeTestJSON:test_set_nonexistent_image_metadata): 404 PUT http://10.180.1.21/compute/v2.1/images/d79293e3-1612-4c60-bee5-ce0b8d87b638/metadata 0.167s
2025-03-10 10:38:11.173 70982 INFO tempest.lib.common.rest_client [req-474a8f13-2d2a-4563-814a-f45c9f5b30c7 req-474a8f13-2d2a-4563-814a-f45c9f5b30c7 ] Request (ValidationResourcesFixture:setUp): 201 POST http://10.180.1.21:9696/networking/v2.0/security-group-rules 0.101s
2025-03-10 10:38:11.481 70998 INFO tempest.lib.common.rest_client [req-08eceacb-b0ee-4230-a618-f563a79b9093 req-08eceacb-b0ee-4230-a618-f563a79b9093 ] Request (ListImageFiltersTestJSON:setUpClass): 202 POST http://10.180.1.21/compute/v2.1/servers/f387a69d-5d38-41c3-b9c4-08b316b08bad/action 0.511s
2025-03-10 10:38:11.540 71018 INFO tempest.lib.common.rest_client [req-c55dfe41-c7eb-4556-979e-c455fb071202 req-c55dfe41-c7eb-4556-979e-c455fb071202 ] Request (ServerRescueTestJSONUnderV235:setUpClass): 200 GET http://10.180.1.21/compute/v2.1/servers/6bf196b5-f557-466d-bc40-eb1965b54280 0.509s
2025-03-10 10:38:11.556 70982 INFO tempest.lib.common.rest_client [req-91e417fb-a469-42b6-b526-a790484d8fd7 req-91e417fb-a469-42b6-b526-a790484d8fd7 ] Request (ValidationResourcesFixture:setUp): 201 POST http://10.180.1.21:9696/networking/v2.0/floatingips 0.382s
2025-03-10 10:38:11.596 70982 INFO tempest.lib.common.rest_client [req-d85399cb-4230-4d18-b4ed-ec826d1c8ec9 req-d85399cb-4230-4d18-b4ed-ec826d1c8ec9 ] Request (AttachInterfacesUnderV243Test:test_add_remove_fixed_ip): 201 POST http://10.180.1.21/identity/v3/auth/tokens 0.038s
2025-03-10 10:38:11.597 70982 INFO tempest.lib.common.fixed_network [-] (AttachInterfacesUnderV243Test:test_add_remove_fixed_ip) Found network {'id': 'c920ea72-db33-4984-859d-4c0c9a9dc998', 'name': 'tempest-AttachInterfacesUnderV243Test-622582771-network', 'tenant_id': '0e3ff2f79045438b84ade304055b6f8e', 'admin_state_up': True, 'mtu': 8950, 'status': 'ACTIVE', 'subnets': [], 'shared': False, 'project_id': '0e3ff2f79045438b84ade304055b6f8e', 'port_security_enabled': True, 'router:external': False, 'provider:network_type': 'vlan', 'provider:physical_network': 'default', 'provider:segmentation_id': 896, 'availability_zone_hints': [], 'availability_zones': [], 'ipv4_address_scope': None, 'ipv6_address_scope': None, 'description': '', 'tags': [], 'created_at': '2025-03-10T10:38:07Z', 'updated_at': '2025-03-10T10:38:07Z', 'revision_number': 1} available for tenant
2025-03-10 10:38:11.599 70992 INFO tempest.lib.common.rest_client [req-4f69954b-f2ce-4b87-9c3e-d9a1b92097c0 req-4f69954b-f2ce-4b87-9c3e-d9a1b92097c0 ] Request (ServerMetadataTestJSON:setUpClass): 200 GET http://10.180.1.21/compute/v2.1/servers/8ba823aa-5ab0-40ba-8412-66a44d3e5f23 0.548s
2025-03-10 10:38:11.654 70970 INFO tempest.lib.common.rest_client [req-0600c3be-3b73-4c58-9811-82e3c7a8ee21 req-0600c3be-3b73-4c58-9811-82e3c7a8ee21 ] Request (ServerExternalEventsTest:test_create_server_external_events): 200 GET http://10.180.1.21/compute/v2.1/servers/122e0404-29c7-4d16-bf19-5c979cdb8702 0.562s
2025-03-10 10:38:11.673 70984 INFO tempest.lib.common.rest_client [req-7224bd48-6a46-4e9f-931c-76c826ca64f0 req-7224bd48-6a46-4e9f-931c-76c826ca64f0 ] Request (ImagesMetadataNegativeTestJSON:test_set_nonexistent_image_metadata_item): 404 PUT http://10.180.1.21/compute/v2.1/images/6679845e-d681-494f-b68a-c8eceb6599c2/metadata/os_distro 0.524s
2025-03-10 10:38:11.679 70964 INFO tempest.lib.common.rest_client [req-5416f95e-b895-4024-b2e1-bb9f0791c819 req-5416f95e-b895-4024-b2e1-bb9f0791c819 ] Request (ServerDiagnosticsV248Test:test_get_server_diagnostics): 200 GET http://10.180.1.21/compute/v2.1/servers/036d1098-1d2b-4f92-b05e-64f545e5bae5/diagnostics 0.669s
2025-03-10 10:38:11.736 70956 INFO tempest.lib.common.rest_client [req-026595a9-d85c-449e-96a8-acaf4cd8b81f req-026595a9-d85c-449e-96a8-acaf4cd8b81f ] Request (AttachVolumeTestJSON:test_attach_detach_volume): 200 GET http://10.180.1.21/compute/v2.1/servers/df56f107-e9e4-42e0-a241-dcd7b9ee24f2 0.583s
2025-03-10 10:38:11.746 71004 INFO tempest.lib.common.rest_client [req-394ca0ef-b9ac-4fe9-87ea-e8c493ecb07f req-394ca0ef-b9ac-4fe9-87ea-e8c493ecb07f ] Request (ServersTestMultiNic:test_verify_multiple_nics_order): 200 GET http://10.180.1.21/compute/v2.1/servers/7c82a7ff-8e74-4591-882f-ee5fea3c40c8 0.543s
2025-03-10 10:38:11.805 71014 INFO tempest.lib.common.rest_client [req-375634bc-6e78-492f-98ec-3e6ace5d722e req-375634bc-6e78-492f-98ec-3e6ace5d722e ] Request (ImagesTestJSON:test_create_image_from_suspended_server): 200 GET http://10.180.1.21/compute/v2.1/servers/6e373347-39ab-4ddf-a40f-b33f951f9b1b 0.533s
2025-03-10 10:38:11.858 70990 INFO tempest.lib.common.rest_client [req-4fdca365-411d-4f62-b974-b400adc0c238 req-4fdca365-411d-4f62-b974-b400adc0c238 ] Request (ServerTagsTestJSON:setUpClass): 200 GET http://10.180.1.21/compute/v2.1/servers/a95a4262-7614-460a-b10f-a622efd96a54 0.575s
2025-03-10 10:38:11.859 70976 INFO tempest.lib.common.rest_client [req-4d7927bf-081b-4895-9d1c-1d237f255f91 req-4d7927bf-081b-4895-9d1c-1d237f255f91 ] Request (FloatingIPsAssociationNegativeTestJSON:tearDownClass): 200 GET http://10.180.1.21/compute/v2.1/servers/6e352875-5f4e-4fef-b554-3aa734b1c57b 0.641s
2025-03-10 10:38:11.866 70990 INFO tempest.common.waiters [-] State transition "BUILD/None" ==> "BUILD/networking" after 42 second wait
2025-03-10 10:38:11.915 70974 INFO tempest.lib.common.rest_client [req-c247c407-3815-4673-b320-7fe45209c064 req-c247c407-3815-4673-b320-7fe45209c064 ] Request (InstanceActionsNegativeTestJSON:setUpClass): 200 GET http://10.180.1.21/compute/v2.1/servers/cf8b4b0c-7652-4509-985f-151434312597 0.525s
2025-03-10 10:38:11.923 70960 INFO tempest.lib.common.rest_client [req-be90f8cd-a70d-465a-b102-e589e8f1c194 req-be90f8cd-a70d-465a-b102-e589e8f1c194 ] Request (ServerDiagnosticsNegativeTest:tearDownClass): 200 GET http://10.180.1.21/compute/v2.1/servers/806dc7b0-cf92-458e-a6ae-63d146fbff1f 0.574s
2025-03-10 10:38:11.924 70974 INFO tempest.common.waiters [-] State transition "BUILD/scheduling" ==> "BUILD/None" after 16 second wait
2025-03-10 10:38:11.973 70994 INFO tempest.lib.common.rest_client [req-a89c35fa-26df-47cf-aa31-e1a495247067 req-a89c35fa-26df-47cf-aa31-e1a495247067 ] Request (DeleteServersAdminTestJSON:test_delete_server_while_in_error_state): 200 GET http://10.180.1.21/compute/v2.1/servers/f0d4724b-e7e5-4f6f-b973-fab3690f33ac 0.521s
2025-03-10 10:38:11.979 71008 INFO tempest.lib.common.rest_client [req-70b79c68-3022-4acc-accc-e77c355aae76 req-70b79c68-3022-4acc-accc-e77c355aae76 ] Request (ServerAddressesTestJSON:tearDownClass): 200 GET http://10.180.1.21/compute/v2.1/servers/922f2a8a-0028-4933-8616-2435af7d7010 0.560s
2025-03-10 10:38:12.009 70998 INFO tempest.lib.common.rest_client [req-729368cb-737b-44f1-958e-83e11d1d38ae req-729368cb-737b-44f1-958e-83e11d1d38ae ] Request (ListImageFiltersTestJSON:setUpClass): 200 GET http://10.180.1.21/compute/v2.1/images/20ad3e1c-22d6-4188-8026-b4ceb395a721 0.527s
2025-03-10 10:38:12.126 70980 INFO tempest.lib.common.rest_client [req-4d403ed3-d86d-4f42-988f-4cb8e92547ff req-4d403ed3-d86d-4f42-988f-4cb8e92547ff ] Request (ServerActionsTestOtherA:setUpClass): 200 GET http://10.180.1.21/compute/v2.1/servers/e7b75a8e-8c99-4489-bcc5-ee48874d6228 0.558s
2025-03-10 10:38:12.158 71002 INFO tempest.lib.common.rest_client [req-5cac57c0-d72e-4505-b9cb-601902c8355a req-5cac57c0-d72e-4505-b9cb-601902c8355a ] Request (MigrationsAdminTest:test_list_migrations_in_flavor_resize_situation): 200 GET http://10.180.1.21/compute/v2.1/servers/00daff25-7271-410d-9aca-bcf9f71371c2 0.574s
2025-03-10 10:38:12.175 70984 INFO tempest.lib.common.rest_client [req-09f831fd-12aa-48c3-84bd-47b9d89cea9e req-09f831fd-12aa-48c3-84bd-47b9d89cea9e ] Request (ImagesMetadataNegativeTestJSON:test_update_nonexistent_image_metadata): 404 POST http://10.180.1.21/compute/v2.1/images/4a897b29-1dd1-48ec-b584-7e8a9b78b3cf/metadata 0.500s
2025-03-10 10:38:12.250 70964 INFO tempest.lib.common.rest_client [req-7b3c1b1d-ce79-4524-ac4f-044e2fb86a73 req-7b3c1b1d-ce79-4524-ac4f-044e2fb86a73 ] Request (ServerDiagnosticsV248Test:tearDownClass): 204 DELETE http://10.180.1.21/compute/v2.1/servers/036d1098-1d2b-4f92-b05e-64f545e5bae5 0.556s
2025-03-10 10:38:12.295 70984 INFO tempest.lib.common.rest_client [req-0816e81d-05ca-40eb-aca2-03eca11fd32e req-0816e81d-05ca-40eb-aca2-03eca11fd32e ] Request (ImagesMetadataNegativeTestJSON:tearDownClass): 204 DELETE http://10.180.1.21/identity/v3/users/3f7ae894c64a4dc996396910f9ef0c7a 0.118s
2025-03-10 10:38:12.296 70984 INFO tempest.lib.common.dynamic_creds [-] Deleting project and security group for project: b03de12f82394a4aabf59b4e8b68d82c
2025-03-10 10:38:12.349 70984 INFO tempest.lib.common.rest_client [req-bad809e9-fc28-48b4-b160-1f95e83eb25f req-bad809e9-fc28-48b4-b160-1f95e83eb25f ] Request (ImagesMetadataNegativeTestJSON:tearDownClass): 201 POST http://10.180.1.21/identity/v3/auth/tokens 0.053s
2025-03-10 10:38:12.363 70968 INFO tempest.lib.common.rest_client [req-fa73f18c-5e43-46e4-afc0-f97197453b0a req-fa73f18c-5e43-46e4-afc0-f97197453b0a ] Request (ImagesOneServerTestJSON:test_create_image_specify_multibyte_character_image_name): 200 GET http://10.180.1.21/compute/v2.1/servers/ccf0bfa7-aa71-4cbd-9657-b908bfc001d8 0.665s
2025-03-10 10:38:12.370 70968 INFO tempest.common.waiters [-] State transition "ACTIVE/image_uploading" ==> "ACTIVE/None" after 2 second wait
2025-03-10 10:38:12.414 70996 INFO tempest.lib.common.rest_client [req-1e41c08a-a159-4d91-9414-d27c3f736723 req-1e41c08a-a159-4d91-9414-d27c3f736723 ] Request (ServerRescueNegativeTestJSON:test_rescued_vm_detach_volume): 200 GET http://10.180.1.21/compute/v2.1/servers/7a1b67c8-83e4-4275-bf5c-9e3e4def8333 0.660s
2025-03-10 10:38:12.463 70988 INFO tempest.lib.common.rest_client [req-aa2d5a3a-e858-4b19-8c03-fd9c40cbfe02 req-aa2d5a3a-e858-4b19-8c03-fd9c40cbfe02 ] Request (ServerDiskConfigTestJSON:test_rebuild_server_with_auto_disk_config): 200 GET http://10.180.1.21/compute/v2.1/servers/161cd7d8-686a-4dc4-9c73-059f4e194c13 0.655s
2025-03-10 10:38:12.527 70962 INFO tempest.lib.common.rest_client [req-544d743f-df7b-435c-ba46-70d03e9c4780 req-544d743f-df7b-435c-ba46-70d03e9c4780 ] Request (TenantUsagesTestJSON:tearDownClass): 200 GET http://10.180.1.21/compute/v2.1/servers/2811096a-4822-42c1-9c4d-acd8ff56701f 0.625s
2025-03-10 10:38:12.555 70982 INFO tempest.lib.common.rest_client [req-f717b5b0-0964-46f8-83e9-a0860abde17e req-f717b5b0-0964-46f8-83e9-a0860abde17e ] Request (AttachInterfacesUnderV243Test:test_add_remove_fixed_ip): 202 POST http://10.180.1.21/compute/v2.1/servers 0.958s
2025-03-10 10:38:12.579 70978 INFO tempest.lib.common.rest_client [req-bd0e3ede-835c-43ae-a8e5-37da79fe21c3 req-bd0e3ede-835c-43ae-a8e5-37da79fe21c3 ] Request (VolumesAdminNegativeTest:test_update_attached_volume_with_nonexistent_volume_in_body): 200 GET http://10.180.1.21/compute/v2.1/servers/aa1c8e98-4487-4538-9453-6921069aeeee 0.610s
2025-03-10 10:38:12.615 70966 INFO tempest.lib.common.rest_client [req-adbb0885-f205-4588-b2e6-9b8d5013daca req-adbb0885-f205-4588-b2e6-9b8d5013daca ] Request (SecurityGroupsTestJSON:test_server_security_groups): 200 GET http://10.180.1.21/compute/v2.1/servers/a8efdcf3-99a1-4499-a4b2-797434dbfbba 0.597s
2025-03-10 10:38:12.635 71000 INFO tempest.lib.common.rest_client [req-e097546e-b573-4930-a777-1f792a44cae1 req-e097546e-b573-4930-a777-1f792a44cae1 ] Request (FloatingIPsAssociationTestJSON:setUpClass): 200 GET http://10.180.1.21/compute/v2.1/servers/5c796157-928c-48ae-9d48-c7a73a36c70f 0.599s
2025-03-10 10:38:12.742 70972 INFO tempest.lib.common.rest_client [req-c14baf4e-6990-4248-83f4-2d1acfcece37 req-c14baf4e-6990-4248-83f4-2d1acfcece37 ] Request (ImagesOneServerNegativeTestJSON:setUpClass): 200 GET http://10.180.1.21/compute/v2.1/servers/37e78c17-1f84-4d2e-b362-6fe4d668c7f8 0.606s
2025-03-10 10:38:12.742 71016 INFO tempest.lib.common.rest_client [req-d2099c61-3762-47b5-93e4-a9ae3df1249d req-d2099c61-3762-47b5-93e4-a9ae3df1249d ] Request (AttachInterfacesV270Test:tearDownClass): 200 GET http://10.180.1.21/compute/v2.1/servers/fbab4e0d-2a88-450b-99b2-944a06fc5efc 0.655s
2025-03-10 10:38:12.830 70964 INFO tempest.lib.common.rest_client [req-6a94eee3-484a-410b-a22f-607b486b2e2e req-6a94eee3-484a-410b-a22f-607b486b2e2e ] Request (ServerDiagnosticsV248Test:tearDownClass): 200 GET http://10.180.1.21/compute/v2.1/servers/036d1098-1d2b-4f92-b05e-64f545e5bae5 0.579s
2025-03-10 10:38:12.854 70984 INFO tempest.lib.common.rest_client [req-67e619f9-cf72-4245-bc03-d5245138dcd2 req-67e619f9-cf72-4245-bc03-d5245138dcd2 ] Request (ImagesMetadataNegativeTestJSON:tearDownClass): 200 GET http://10.180.1.21:9696/networking/v2.0/security-groups?tenant_id=b03de12f82394a4aabf59b4e8b68d82c&name=default 0.505s
2025-03-10 10:38:12.878 70968 INFO tempest.lib.common.rest_client [req-633f4b9a-d0f7-4e71-a656-a9b9d4a80a7e req-633f4b9a-d0f7-4e71-a656-a9b9d4a80a7e ] Request (ImagesOneServerTestJSON:tearDownClass): 204 DELETE http://10.180.1.21/compute/v2.1/images/84be9f93-6956-48d4-aa27-4ce6800f60af 0.507s
2025-03-10 10:38:12.912 71018 INFO tempest.lib.common.rest_client [req-60ad4157-bbbb-4ed5-81e7-8b37ab71e9ca req-60ad4157-bbbb-4ed5-81e7-8b37ab71e9ca ] Request (ServerRescueTestJSONUnderV235:setUpClass): 200 GET http://10.180.1.21/compute/v2.1/servers/6bf196b5-f557-466d-bc40-eb1965b54280 0.361s
2025-03-10 10:38:12.938 70982 INFO tempest.lib.common.rest_client [req-913abef5-aa7a-4ee8-a75a-feb9a5603598 req-913abef5-aa7a-4ee8-a75a-feb9a5603598 ] Request (AttachInterfacesUnderV243Test:test_add_remove_fixed_ip): 200 GET http://10.180.1.21/compute/v2.1/servers/04ad9dff-40ef-4ab6-9d26-13b324b39b50 0.380s
2025-03-10 10:38:12.980 70992 INFO tempest.lib.common.rest_client [req-04b1ab30-fa88-4018-88e6-10875b8d56e9 req-04b1ab30-fa88-4018-88e6-10875b8d56e9 ] Request (ServerMetadataTestJSON:setUpClass): 200 GET http://10.180.1.21/compute/v2.1/servers/8ba823aa-5ab0-40ba-8412-66a44d3e5f23 0.367s
2025-03-10 10:38:12.999 70984 INFO tempest.lib.common.rest_client [req-3d6b3908-cbb6-4a11-95ef-ff0450ed5836 req-3d6b3908-cbb6-4a11-95ef-ff0450ed5836 ] Request (ImagesMetadataNegativeTestJSON:tearDownClass): 204 DELETE http://10.180.1.21:9696/networking/v2.0/security-groups/cc1f4374-7aaa-465e-b53b-4a28e7fa80a2 0.143s
2025-03-10 10:38:13.000 70970 INFO tempest.lib.common.rest_client [req-35984591-1ce7-4ac4-88c9-b792fa2c9aa7 req-35984591-1ce7-4ac4-88c9-b792fa2c9aa7 ] Request (ServerExternalEventsTest:test_create_server_external_events): 200 GET http://10.180.1.21/compute/v2.1/servers/122e0404-29c7-4d16-bf19-5c979cdb8702 0.336s
2025-03-10 10:38:13.059 70956 INFO tempest.lib.common.rest_client [req-c205c127-4b79-44d2-8d6b-54c4b66c03f0 req-c205c127-4b79-44d2-8d6b-54c4b66c03f0 ] Request (AttachVolumeTestJSON:test_attach_detach_volume): 200 GET http://10.180.1.21/compute/v2.1/servers/df56f107-e9e4-42e0-a241-dcd7b9ee24f2 0.306s
2025-03-10 10:38:13.073 71004 INFO tempest.lib.common.rest_client [req-64a7c8ad-9b30-4b19-9efd-fb3788ece02f req-64a7c8ad-9b30-4b19-9efd-fb3788ece02f ] Request (ServersTestMultiNic:test_verify_multiple_nics_order): 200 GET http://10.180.1.21/compute/v2.1/servers/7c82a7ff-8e74-4591-882f-ee5fea3c40c8 0.313s
2025-03-10 10:38:13.106 70984 INFO tempest.lib.common.rest_client [req-83c51fe5-6d9a-41e5-b91a-6dd19f8dff7c req-83c51fe5-6d9a-41e5-b91a-6dd19f8dff7c ] Request (ImagesMetadataNegativeTestJSON:tearDownClass): 204 DELETE http://10.180.1.21/identity/v3/projects/b03de12f82394a4aabf59b4e8b68d82c 0.107s
2025-03-10 10:38:13.138 71014 INFO tempest.lib.common.rest_client [req-c9431807-76ab-4603-9224-a71716898d93 req-c9431807-76ab-4603-9224-a71716898d93 ] Request (ImagesTestJSON:test_create_image_from_suspended_server): 200 GET http://10.180.1.21/compute/v2.1/servers/6e373347-39ab-4ddf-a40f-b33f951f9b1b 0.317s
2025-03-10 10:38:13.190 70984 INFO tempest.lib.common.rest_client [req-e1f17083-91e4-47c0-8381-2330ebbc95e3 req-e1f17083-91e4-47c0-8381-2330ebbc95e3 ] Request (ServersTestBootFromVolume:setUpClass): 201 POST http://10.180.1.21/identity/v3/auth/tokens 0.082s
2025-03-10 10:38:13.201 70976 INFO tempest.lib.common.rest_client [req-a734a3f0-4c8f-4918-b072-b72a078749fc req-a734a3f0-4c8f-4918-b072-b72a078749fc ] Request (FloatingIPsAssociationNegativeTestJSON:tearDownClass): 200 GET http://10.180.1.21/compute/v2.1/servers/6e352875-5f4e-4fef-b554-3aa734b1c57b 0.330s
2025-03-10 10:38:13.226 70968 INFO tempest.lib.common.rest_client [req-adf84ee6-4457-4da5-8601-ee4f51ff8477 req-adf84ee6-4457-4da5-8601-ee4f51ff8477 ] Request (ImagesOneServerTestJSON:tearDownClass): 404 DELETE http://10.180.1.21/compute/v2.1/images/188d35b0-3fed-4d95-89bd-3283d0e43809 0.348s
2025-03-10 10:38:13.240 70984 INFO tempest.lib.common.rest_client [req-75cb0f80-1ced-4487-9383-b453cacb8c27 req-75cb0f80-1ced-4487-9383-b453cacb8c27 ] Request (ServersTestBootFromVolume:setUpClass): 201 POST http://10.180.1.21/identity/v3/auth/tokens 0.047s
2025-03-10 10:38:13.284 70984 INFO tempest.lib.common.rest_client [req-a6d08da4-60b0-491f-8bc3-7a26ee7d9cb5 req-a6d08da4-60b0-491f-8bc3-7a26ee7d9cb5 ] Request (ServersTestBootFromVolume:setUpClass): 200 GET http://10.180.1.21/identity/v3/domains?name=Default 0.043s
2025-03-10 10:38:13.296 70990 INFO tempest.lib.common.rest_client [req-a9071f2a-bdbd-467d-b093-448d54c03666 req-a9071f2a-bdbd-467d-b093-448d54c03666 ] Request (ServerTagsTestJSON:setUpClass): 200 GET http://10.180.1.21/compute/v2.1/servers/a95a4262-7614-460a-b10f-a622efd96a54 0.429s
2025-03-10 10:38:13.308 70990 INFO tempest.common.waiters [-] State transition "BUILD/networking" ==> "BUILD/block_device_mapping" after 44 second wait
2025-03-10 10:38:13.316 70974 INFO tempest.lib.common.rest_client [req-74ba9709-c32d-401d-a1c2-b6524eb7d7b4 req-74ba9709-c32d-401d-a1c2-b6524eb7d7b4 ] Request (InstanceActionsNegativeTestJSON:setUpClass): 200 GET http://10.180.1.21/compute/v2.1/servers/cf8b4b0c-7652-4509-985f-151434312597 0.390s
2025-03-10 10:38:13.346 70984 INFO tempest.lib.common.rest_client [req-9cc0150a-c674-4faa-970a-9b73d199705a req-9cc0150a-c674-4faa-970a-9b73d199705a ] Request (ServersTestBootFromVolume:setUpClass): 201 POST http://10.180.1.21/identity/v3/projects 0.062s
2025-03-10 10:38:13.389 70960 INFO tempest.lib.common.rest_client [req-2c7e9c80-2e44-4568-ace8-00971c11a431 req-2c7e9c80-2e44-4568-ace8-00971c11a431 ] Request (ServerDiagnosticsNegativeTest:tearDownClass): 200 GET http://10.180.1.21/compute/v2.1/servers/806dc7b0-cf92-458e-a6ae-63d146fbff1f 0.452s
2025-03-10 10:38:13.408 70994 INFO tempest.lib.common.rest_client [req-37b9c5a7-41ad-42dc-b906-c4e96d1d1f77 req-37b9c5a7-41ad-42dc-b906-c4e96d1d1f77 ] Request (DeleteServersAdminTestJSON:test_delete_server_while_in_error_state): 200 GET http://10.180.1.21/compute/v2.1/servers/f0d4724b-e7e5-4f6f-b973-fab3690f33ac 0.422s
2025-03-10 10:38:13.424 70984 INFO tempest.lib.common.rest_client [req-0754103c-a9e2-4587-899c-4ddcdc62e69a req-0754103c-a9e2-4587-899c-4ddcdc62e69a ] Request (ServersTestBootFromVolume:setUpClass): 201 POST http://10.180.1.21/identity/v3/users 0.077s
2025-03-10 10:38:13.454 70984 INFO tempest.lib.common.rest_client [req-a74f1d5c-196b-4864-b6e9-78e7d980f7c9 req-a74f1d5c-196b-4864-b6e9-78e7d980f7c9 ] Request (ServersTestBootFromVolume:setUpClass): 200 GET http://10.180.1.21/identity/v3/roles 0.029s
2025-03-10 10:38:13.458 71008 INFO tempest.lib.common.rest_client [req-14c0f2b9-1568-4431-9c40-31f2a46573d7 req-14c0f2b9-1568-4431-9c40-31f2a46573d7 ] Request (ServerAddressesTestJSON:tearDownClass): 200 GET http://10.180.1.21/compute/v2.1/servers/922f2a8a-0028-4933-8616-2435af7d7010 0.467s
2025-03-10 10:38:13.460 70998 INFO tempest.lib.common.rest_client [req-f203a899-15a7-4472-b915-c8f029ebb87d req-f203a899-15a7-4472-b915-c8f029ebb87d ] Request (ListImageFiltersTestJSON:setUpClass): 200 GET http://10.180.1.21/compute/v2.1/images/20ad3e1c-22d6-4188-8026-b4ceb395a721 0.447s
2025-03-10 10:38:13.484 70984 INFO tempest.lib.common.rest_client [req-486cba14-9740-4ef4-ba71-1706c0ef6211 req-486cba14-9740-4ef4-ba71-1706c0ef6211 ] Request (ServersTestBootFromVolume:setUpClass): 204 PUT http://10.180.1.21/identity/v3/projects/a72ee37140df4544aa4af001990291fe/users/245bd1b9525e478085e7e7a3e5ccbab9/roles/66969a095eec4967a64cfe9e49dc453e 0.030s
2025-03-10 10:38:13.484 70984 INFO tempest.lib.common.dynamic_creds [-] Dynamic test user 245bd1b9525e478085e7e7a3e5ccbab9 is created with scope project and roles: ['member']
2025-03-10 10:38:13.484 70984 INFO tempest.lib.common.dynamic_creds [-] Acquired dynamic creds: credentials: Credentials: {'domain_id': 'default', 'domain_name': 'Default', 'username': 'tempest-ServersTestBootFromVolume-114960052-project-member', 'project_domain_id': 'default', 'project_domain_name': 'Default', 'project_id': 'a72ee37140df4544aa4af001990291fe', 'project_name': 'tempest-ServersTestBootFromVolume-114960052', 'tenant_id': 'a72ee37140df4544aa4af001990291fe', 'tenant_name': 'tempest-ServersTestBootFromVolume-114960052', 'user_domain_id': 'default', 'user_domain_name': 'Default', 'user_id': '245bd1b9525e478085e7e7a3e5ccbab9', 'system': None}, Network: None, Subnet: None, Router: None
2025-03-10 10:38:13.539 70984 INFO tempest.lib.common.rest_client [req-b376671e-2b76-4c12-af83-473ffdc493c6 req-b376671e-2b76-4c12-af83-473ffdc493c6 ] Request (ServersTestBootFromVolume:setUpClass): 201 POST http://10.180.1.21/identity/v3/auth/tokens 0.055s
2025-03-10 10:38:13.580 70980 INFO tempest.lib.common.rest_client [req-37239e39-0895-41b7-b2a4-d8bc5c31c7d3 req-37239e39-0895-41b7-b2a4-d8bc5c31c7d3 ] Request (ServerActionsTestOtherA:setUpClass): 200 GET http://10.180.1.21/compute/v2.1/servers/e7b75a8e-8c99-4489-bcc5-ee48874d6228 0.445s
2025-03-10 10:38:13.591 70980 INFO tempest.common.waiters [-] State transition "BUILD/spawning" ==> "ACTIVE/None" after 46 second wait
2025-03-10 10:38:13.596 71002 INFO tempest.lib.common.rest_client [req-0ad73ce1-1fac-4a80-9386-55daf8b6f5de req-0ad73ce1-1fac-4a80-9386-55daf8b6f5de ] Request (MigrationsAdminTest:test_list_migrations_in_flavor_resize_situation): 200 GET http://10.180.1.21/compute/v2.1/servers/00daff25-7271-410d-9aca-bcf9f71371c2 0.428s
2025-03-10 10:38:13.647 70996 INFO tempest.lib.common.rest_client [req-8631ff23-fc62-429d-93a4-e0acaaacbd6b req-8631ff23-fc62-429d-93a4-e0acaaacbd6b ] Request (ServerRescueNegativeTestJSON:test_rescued_vm_detach_volume): 200 GET http://10.180.1.21/compute/v2.1/servers/7a1b67c8-83e4-4275-bf5c-9e3e4def8333 0.221s
2025-03-10 10:38:13.652 70968 INFO tempest.lib.common.rest_client [req-051068dc-73e4-4599-8b43-a80cbe21280c req-051068dc-73e4-4599-8b43-a80cbe21280c ] Request (ImagesOneServerTestJSON:tearDownClass): 204 DELETE http://10.180.1.21/compute/v2.1/servers/ccf0bfa7-aa71-4cbd-9657-b908bfc001d8 0.425s
2025-03-10 10:38:13.719 70988 INFO tempest.lib.common.rest_client [req-7ce05325-c80c-4435-97ca-4a0f0f396028 req-7ce05325-c80c-4435-97ca-4a0f0f396028 ] Request (ServerDiskConfigTestJSON:test_rebuild_server_with_auto_disk_config): 200 GET http://10.180.1.21/compute/v2.1/servers/161cd7d8-686a-4dc4-9c73-059f4e194c13 0.244s
2025-03-10 10:38:13.727 70962 INFO tempest.lib.common.rest_client [req-904f24fd-e49f-4acb-a3db-fa25ca7b75f2 req-904f24fd-e49f-4acb-a3db-fa25ca7b75f2 ] Request (TenantUsagesTestJSON:tearDownClass): 200 GET http://10.180.1.21/compute/v2.1/servers/2811096a-4822-42c1-9c4d-acd8ff56701f 0.190s
2025-03-10 10:38:13.784 70978 INFO tempest.lib.common.rest_client [req-90b13153-ef63-4adc-9d59-e95b7b1c9847 req-90b13153-ef63-4adc-9d59-e95b7b1c9847 ] Request (VolumesAdminNegativeTest:test_update_attached_volume_with_nonexistent_volume_in_body): 200 GET http://10.180.1.21/compute/v2.1/servers/aa1c8e98-4487-4538-9453-6921069aeeee 0.192s
2025-03-10 10:38:13.804 70980 INFO tempest.lib.common.rest_client [req-5c3d6415-a592-45e7-a526-e1e54809c903 req-5c3d6415-a592-45e7-a526-e1e54809c903 ] Request (ServerActionsTestOtherA:setUpClass): 200 GET http://10.180.1.21/compute/v2.1/servers/e7b75a8e-8c99-4489-bcc5-ee48874d6228/os-interface 0.212s
2025-03-10 10:38:13.849 70984 INFO tempest.lib.common.rest_client [req-0de4ad05-5f09-44d3-9e99-602118fc0297 req-0de4ad05-5f09-44d3-9e99-602118fc0297 ] Request (ServersTestBootFromVolume:setUpClass): 201 POST http://10.180.1.21:9696/networking/v2.0/networks 0.309s
2025-03-10 10:38:13.880 70966 INFO tempest.lib.common.rest_client [req-9ca3c467-a209-4963-b0b8-6ad437d931f4 req-9ca3c467-a209-4963-b0b8-6ad437d931f4 ] Request (SecurityGroupsTestJSON:test_server_security_groups): 200 GET http://10.180.1.21/compute/v2.1/servers/a8efdcf3-99a1-4499-a4b2-797434dbfbba 0.249s
2025-03-10 10:38:13.880 71000 INFO tempest.lib.common.rest_client [req-29216e33-d31f-4f03-844e-4d982912ca25 req-29216e33-d31f-4f03-844e-4d982912ca25 ] Request (FloatingIPsAssociationTestJSON:setUpClass): 200 GET http://10.180.1.21/compute/v2.1/servers/5c796157-928c-48ae-9d48-c7a73a36c70f 0.234s
2025-03-10 10:38:13.952 70972 INFO tempest.lib.common.rest_client [req-26fa8587-25b6-46e5-8f00-3dafb8724955 req-26fa8587-25b6-46e5-8f00-3dafb8724955 ] Request (ImagesOneServerNegativeTestJSON:setUpClass): 200 GET http://10.180.1.21/compute/v2.1/servers/37e78c17-1f84-4d2e-b362-6fe4d668c7f8 0.196s
2025-03-10 10:38:14.006 70984 INFO tempest.lib.common.rest_client [req-248625eb-036c-49b7-8a9f-7a7eac349038 req-248625eb-036c-49b7-8a9f-7a7eac349038 ] Request (ServersTestBootFromVolume:setUpClass): 201 POST http://10.180.1.21:9696/networking/v2.0/subnets 0.157s
2025-03-10 10:38:14.028 71016 INFO tempest.lib.common.rest_client [req-607325b6-4fe0-447e-bc2f-525abdf078e4 req-607325b6-4fe0-447e-bc2f-525abdf078e4 ] Request (AttachInterfacesV270Test:tearDownClass): 200 GET http://10.180.1.21/compute/v2.1/servers/fbab4e0d-2a88-450b-99b2-944a06fc5efc 0.266s
2025-03-10 10:38:14.042 70968 INFO tempest.lib.common.rest_client [req-ca1a926c-72af-4985-8438-a74164d55cd5 req-ca1a926c-72af-4985-8438-a74164d55cd5 ] Request (ImagesOneServerTestJSON:tearDownClass): 200 GET http://10.180.1.21/compute/v2.1/servers/ccf0bfa7-aa71-4cbd-9657-b908bfc001d8 0.390s
2025-03-10 10:38:14.067 70958 WARNING tempest.lib.common.ssh [-] Failed to establish authenticated ssh connection to cirros@10.180.180.224 ([Errno None] Unable to connect to port 22 on 10.180.180.224). Number attempts: 4. Retry after 5 seconds.: paramiko.ssh_exception.NoValidConnectionsError: [Errno None] Unable to connect to port 22 on 10.180.180.224
2025-03-10 10:38:14.096 70964 INFO tempest.lib.common.rest_client [req-e8704016-5d35-4eaf-8010-46de30dc5592 req-e8704016-5d35-4eaf-8010-46de30dc5592 ] Request (ServerDiagnosticsV248Test:tearDownClass): 200 GET http://10.180.1.21/compute/v2.1/servers/036d1098-1d2b-4f92-b05e-64f545e5bae5 0.252s
2025-03-10 10:38:14.104 71018 INFO tempest.lib.common.rest_client [req-4a093e7a-fd6b-4a52-9941-303c249603cf req-4a093e7a-fd6b-4a52-9941-303c249603cf ] Request (ServerRescueTestJSONUnderV235:setUpClass): 200 GET http://10.180.1.21/compute/v2.1/servers/6bf196b5-f557-466d-bc40-eb1965b54280 0.181s
2025-03-10 10:38:14.171 70992 INFO tempest.lib.common.rest_client [req-6b7d4d6e-2720-4015-8109-d7c6041ed3a9 req-6b7d4d6e-2720-4015-8109-d7c6041ed3a9 ] Request (ServerMetadataTestJSON:setUpClass): 200 GET http://10.180.1.21/compute/v2.1/servers/8ba823aa-5ab0-40ba-8412-66a44d3e5f23 0.180s
2025-03-10 10:38:14.176 70982 INFO tempest.lib.common.rest_client [req-7ba20968-156a-47b1-9668-66ae6cb6798b req-7ba20968-156a-47b1-9668-66ae6cb6798b ] Request (AttachInterfacesUnderV243Test:test_add_remove_fixed_ip): 200 GET http://10.180.1.21/compute/v2.1/servers/04ad9dff-40ef-4ab6-9d26-13b324b39b50 0.225s
2025-03-10 10:38:14.229 70970 INFO tempest.lib.common.rest_client [req-ff295640-ef4e-4b0e-9d10-6f3068e45477 req-ff295640-ef4e-4b0e-9d10-6f3068e45477 ] Request (ServerExternalEventsTest:test_create_server_external_events): 200 GET http://10.180.1.21/compute/v2.1/servers/122e0404-29c7-4d16-bf19-5c979cdb8702 0.220s
2025-03-10 10:38:14.240 70956 INFO tempest.lib.common.rest_client [req-a705e2e5-5673-4040-a0d4-79cdf15efd6b req-a705e2e5-5673-4040-a0d4-79cdf15efd6b ] Request (AttachVolumeTestJSON:test_attach_detach_volume): 200 GET http://10.180.1.21/compute/v2.1/servers/df56f107-e9e4-42e0-a241-dcd7b9ee24f2 0.168s
2025-03-10 10:38:14.292 71004 INFO tempest.lib.common.rest_client [req-a8e3173e-dc2c-41e2-aee5-2330d0663ce4 req-a8e3173e-dc2c-41e2-aee5-2330d0663ce4 ] Request (ServersTestMultiNic:test_verify_multiple_nics_order): 200 GET http://10.180.1.21/compute/v2.1/servers/7c82a7ff-8e74-4591-882f-ee5fea3c40c8 0.209s
2025-03-10 10:38:14.304 71014 INFO tempest.lib.common.rest_client [req-4d3ec726-16ee-4378-a466-09be7236b18a req-4d3ec726-16ee-4378-a466-09be7236b18a ] Request (ImagesTestJSON:test_create_image_from_suspended_server): 200 GET http://10.180.1.21/compute/v2.1/servers/6e373347-39ab-4ddf-a40f-b33f951f9b1b 0.155s
2025-03-10 10:38:14.361 70976 INFO tempest.lib.common.rest_client [req-bee13dfb-cbfe-4ead-a520-727e48c32561 req-bee13dfb-cbfe-4ead-a520-727e48c32561 ] Request (FloatingIPsAssociationNegativeTestJSON:tearDownClass): 200 GET http://10.180.1.21/compute/v2.1/servers/6e352875-5f4e-4fef-b554-3aa734b1c57b 0.147s
2025-03-10 10:38:14.369 70976 INFO tempest.common.waiters [-] State transition "ACTIVE/deleting" ==> "DELETED/None" after 4 second wait
2025-03-10 10:38:14.628 70974 INFO tempest.lib.common.rest_client [req-c37aca30-22c0-4186-8ec3-61afac89ea5e req-c37aca30-22c0-4186-8ec3-61afac89ea5e ] Request (InstanceActionsNegativeTestJSON:setUpClass): 200 GET http://10.180.1.21/compute/v2.1/servers/cf8b4b0c-7652-4509-985f-151434312597 0.298s
2025-03-10 10:38:14.642 71010 WARNING tempest.lib.common.ssh [-] Failed to establish authenticated ssh connection to cirros@10.180.180.185 ([Errno None] Unable to connect to port 22 on 10.180.180.185). Number attempts: 7. Retry after 8 seconds.: paramiko.ssh_exception.NoValidConnectionsError: [Errno None] Unable to connect to port 22 on 10.180.180.185
2025-03-10 10:38:14.680 70990 INFO tempest.lib.common.rest_client [req-413ccbb1-535a-4d0b-9efc-928e0138f018 req-413ccbb1-535a-4d0b-9efc-928e0138f018 ] Request (ServerTagsTestJSON:setUpClass): 200 GET http://10.180.1.21/compute/v2.1/servers/a95a4262-7614-460a-b10f-a622efd96a54 0.369s
2025-03-10 10:38:14.695 70990 INFO tempest.common.waiters [-] State transition "BUILD/block_device_mapping" ==> "BUILD/spawning" after 45 second wait
2025-03-10 10:38:14.716 70960 INFO tempest.lib.common.rest_client [req-920e6831-b22c-460a-b976-f6d8326170fa req-920e6831-b22c-460a-b976-f6d8326170fa ] Request (ServerDiagnosticsNegativeTest:tearDownClass): 200 GET http://10.180.1.21/compute/v2.1/servers/806dc7b0-cf92-458e-a6ae-63d146fbff1f 0.320s
2025-03-10 10:38:14.755 70980 INFO tempest.lib.common.rest_client [req-c0e9e87f-01a0-4832-ab37-1c9e2291e423 req-c0e9e87f-01a0-4832-ab37-1c9e2291e423 ] Request (ServerActionsTestOtherA:setUpClass): 200 PUT http://10.180.1.21:9696/networking/v2.0/floatingips/792f255a-ad0e-4049-b057-43946eeda3d0 0.949s
2025-03-10 10:38:14.756 70980 INFO tempest.lib.common.ssh [-] Creating ssh connection to '10.180.180.209:22' as 'cirros' with public key authentication
2025-03-10 10:38:14.761 70998 INFO tempest.lib.common.rest_client [req-96563d4c-5a31-4828-92fe-26555facc01a req-96563d4c-5a31-4828-92fe-26555facc01a ] Request (ListImageFiltersTestJSON:setUpClass): 200 GET http://10.180.1.21/compute/v2.1/images/20ad3e1c-22d6-4188-8026-b4ceb395a721 0.296s
2025-03-10 10:38:14.767 70994 INFO tempest.lib.common.rest_client [req-85b8d36d-ce37-4ba2-b2ac-6916480776cf req-85b8d36d-ce37-4ba2-b2ac-6916480776cf ] Request (DeleteServersAdminTestJSON:test_delete_server_while_in_error_state): 200 GET http://10.180.1.21/compute/v2.1/servers/f0d4724b-e7e5-4f6f-b973-fab3690f33ac 0.344s
2025-03-10 10:38:14.824 70984 INFO tempest.lib.common.rest_client [req-8155542b-ae08-47fd-a225-9f2c69d7dc67 req-8155542b-ae08-47fd-a225-9f2c69d7dc67 ] Request (ServersTestBootFromVolume:setUpClass): 201 POST http://10.180.1.21:9696/networking/v2.0/routers 0.817s
2025-03-10 10:38:14.844 71008 INFO tempest.lib.common.rest_client [req-694e7054-0cac-4312-8fd3-1d9c196cd58a req-694e7054-0cac-4312-8fd3-1d9c196cd58a ] Request (ServerAddressesTestJSON:tearDownClass): 200 GET http://10.180.1.21/compute/v2.1/servers/922f2a8a-0028-4933-8616-2435af7d7010 0.379s
2025-03-10 10:38:14.889 71002 INFO tempest.lib.common.rest_client [req-32180ccd-6d89-4eac-b3a2-aad9c21c6cea req-32180ccd-6d89-4eac-b3a2-aad9c21c6cea ] Request (MigrationsAdminTest:test_list_migrations_in_flavor_resize_situation): 200 GET http://10.180.1.21/compute/v2.1/servers/00daff25-7271-410d-9aca-bcf9f71371c2 0.284s
2025-03-10 10:38:14.904 70996 INFO tempest.lib.common.rest_client [req-fdbcb9f8-5a42-4e4e-b89a-8ae7ef2b24db req-fdbcb9f8-5a42-4e4e-b89a-8ae7ef2b24db ] Request (ServerRescueNegativeTestJSON:test_rescued_vm_detach_volume): 200 GET http://10.180.1.21/compute/v2.1/servers/7a1b67c8-83e4-4275-bf5c-9e3e4def8333 0.249s
