2025-03-10 10:39:11.796 71002 INFO tempest.lib.common.rest_client [req-66386f59-3382-4d7a-84f2-25715ba5fa77 req-66386f59-3382-4d7a-84f2-25715ba5fa77 ] Request (MigrationsAdminTest:test_resize_server_revert_deleted_flavor): 200 GET http://10.180.1.21/compute/v2.1/servers/f2842deb-72c7-47d0-ba67-09665b96669e 1.085s
2025-03-10 10:39:11.838 70976 INFO tempest.lib.common.rest_client [req-bfe23a64-e774-4f2c-9604-126bcc32e949 req-bfe23a64-e774-4f2c-9604-126bcc32e949 ] Request (ImagesMetadataTestJSON:test_list_image_metadata): 200 GET http://10.180.1.21/compute/v2.1/images/972de503-9b48-4c7d-ba1d-022644ec177c/metadata 0.869s
2025-03-10 10:39:11.890 70978 INFO tempest.lib.common.rest_client [req-156e45d2-53ee-4029-ac65-1d5564602a9c req-156e45d2-53ee-4029-ac65-1d5564602a9c ] Request (VolumesAdminNegativeTest:test_update_attached_volume_with_nonexistent_volume_in_body): 200 GET http://10.180.1.21/compute/v2.1/servers/aa1c8e98-4487-4538-9453-6921069aeeee 0.927s
2025-03-10 10:39:11.891 70974 INFO tempest.lib.common.rest_client [req-7c862503-aaf1-47c2-81a1-01fdae48a16e req-7c862503-aaf1-47c2-81a1-01fdae48a16e ] Request (InstanceActionsNegativeTestJSON:tearDownClass): 200 GET http://10.180.1.21/compute/v2.1/servers/cf8b4b0c-7652-4509-985f-151434312597 0.627s
2025-03-10 10:39:11.938 70960 INFO tempest.lib.common.rest_client [req-b3edcd08-869a-465a-8166-9517e88fa566 req-b3edcd08-869a-465a-8166-9517e88fa566 ] Request (ServersAdminNegativeTestJSON:setUpClass): 200 GET http://10.180.1.21/compute/v2.1/servers/b9a15bcc-5fdf-41b3-bb46-e3168a6398ec 0.564s
2025-03-10 10:39:11.983 70984 INFO tempest.lib.common.rest_client [req-e1c770af-72f6-46be-9b0e-7a386e3d86f8 req-e1c770af-72f6-46be-9b0e-7a386e3d86f8 ] Request (ServersTestBootFromVolume:setUpClass): 200 GET http://10.180.1.21/compute/v2.1/servers/65e4a7c4-a33e-4438-9185-ec0b4ed2bdcd 0.521s
2025-03-10 10:39:11.990 71014 INFO tempest.lib.common.rest_client [req-442597e6-c51a-49f5-b71f-c152f760e80f req-442597e6-c51a-49f5-b71f-c152f760e80f ] Request (ImagesTestJSON:_run_cleanups): 204 DELETE http://10.180.1.21/compute/v2.1/images/75f459eb-1028-43a7-a25d-efa75dd7ecb8 0.685s
2025-03-10 10:39:12.007 70968 INFO tempest.lib.common.rest_client [req-f10c42e6-e06f-40c0-b9a5-05cb29150b46 req-f10c42e6-e06f-40c0-b9a5-05cb29150b46 ] Request (SecurityGroupsNegativeTestJSON:test_security_group_get_nonexistent_group): 404 GET http://10.180.1.21/compute/v2.1/os-security-groups/22ad0d9e-744c-44e4-99c8-9092be0b7454 0.360s
2025-03-10 10:39:12.063 71008 INFO tempest.lib.common.rest_client [req-3de8108b-cca3-481f-8d87-04b8a63281f5 req-3de8108b-cca3-481f-8d87-04b8a63281f5 ] Request (ServersListShow298Test:test_list_show_update_rebuild_server_298): 200 GET http://10.180.1.21/compute/v2.1/servers/590341b5-9b5d-4552-b10f-8384efc8e24f 0.368s
2025-03-10 10:39:12.078 70990 INFO tempest.lib.common.rest_client [req-ca1730ca-a88a-44aa-a8b3-f511b4d449aa req-ca1730ca-a88a-44aa-a8b3-f511b4d449aa ] Request (QuotasTestJSON:test_compare_tenant_quotas_with_default_quotas): 200 GET http://10.180.1.21/compute/v2.1/os-quota-sets/51cfaddae9e84bb3aefb24a0ed6a717f/defaults 0.604s
2025-03-10 10:39:12.108 70998 INFO tempest.lib.common.rest_client [req-7d1ff0d1-d470-488d-88d3-96d01df3e4a8 req-7d1ff0d1-d470-488d-88d3-96d01df3e4a8 ] Request (ListImageFiltersTestJSON:test_list_images_filter_by_name): 200 GET http://10.180.1.21/compute/v2.1/images?name=tempest-ListImageFiltersTestJSON-image-444280725 0.386s
2025-03-10 10:39:12.122 70982 INFO tempest.lib.common.rest_client [req-9421c43b-4d38-4896-a8c2-b17350693972 req-9421c43b-4d38-4896-a8c2-b17350693972 ] Request (AttachInterfacesUnderV243Test:test_add_remove_fixed_ip): 200 GET http://10.180.1.21/compute/v2.1/servers/04ad9dff-40ef-4ab6-9d26-13b324b39b50 0.357s
2025-03-10 10:39:12.163 71000 INFO tempest.lib.common.rest_client [req-20fc68dd-9b32-4f15-a7ce-5c2533cb3219 req-20fc68dd-9b32-4f15-a7ce-5c2533cb3219 ] Request (FloatingIPsAssociationTestJSON:test_associate_already_associated_floating_ip): 200 GET http://10.180.1.21/compute/v2.1/servers/2a077995-2d6b-4c65-ad3b-bd351b7f93f7 0.382s
2025-03-10 10:39:12.213 71018 INFO tempest.lib.common.rest_client [req-873ddcc2-b0d0-41e2-b790-2b183d60bbcc req-873ddcc2-b0d0-41e2-b790-2b183d60bbcc ] Request (ServerRescueTestJSONUnderV235:tearDownClass): 200 GET http://10.180.1.21/compute/v2.1/servers/6bf196b5-f557-466d-bc40-eb1965b54280 0.436s
2025-03-10 10:39:12.266 70964 INFO tempest.lib.common.rest_client [req-c383d0a4-6123-4a9c-a4c0-d4168b3c3c58 req-c383d0a4-6123-4a9c-a4c0-d4168b3c3c58 ] Request (ServersAdminTestJSON:setUpClass): 200 GET http://10.180.1.21/compute/v2.1/servers/ebe83ff3-93bf-40a8-a427-39d9ab8ff226 0.426s
2025-03-10 10:39:12.307 70976 INFO tempest.lib.common.rest_client [req-35f07021-20c6-4749-ae23-c5e01c2db3ac req-35f07021-20c6-4749-ae23-c5e01c2db3ac ] Request (ImagesMetadataTestJSON:setUp): 200 PUT http://10.180.1.21/compute/v2.1/images/972de503-9b48-4c7d-ba1d-022644ec177c/metadata 0.468s
2025-03-10 10:39:12.334 70994 INFO tempest.lib.common.rest_client [req-3137e7b4-f89b-4cb9-a2ac-a5f98a0ed57b req-3137e7b4-f89b-4cb9-a2ac-a5f98a0ed57b ] Request (DeleteServersAdminTestJSON:test_delete_server_while_in_error_state): 200 GET http://10.180.1.21/compute/v2.1/servers/f0d4724b-e7e5-4f6f-b973-fab3690f33ac 0.420s
2025-03-10 10:39:12.366 70968 INFO tempest.lib.common.rest_client [req-9ab12829-7f9c-484c-8f7a-bd70e6d414f4 req-9ab12829-7f9c-484c-8f7a-bd70e6d414f4 ] Request (SecurityGroupsNegativeTestJSON:test_update_non_existent_security_group): 404 PUT http://10.180.1.21/compute/v2.1/os-security-groups/af17d72f-4fe4-4389-ad5a-6a5e80cd70cc 0.357s
2025-03-10 10:39:12.393 71014 INFO tempest.lib.common.rest_client [req-1205e054-26cc-43b8-ac55-457dddb07e52 req-1205e054-26cc-43b8-ac55-457dddb07e52 ] Request (ImagesTestJSON:_run_cleanups): 204 DELETE http://10.180.1.21/compute/v2.1/servers/6e373347-39ab-4ddf-a40f-b33f951f9b1b 0.402s
2025-03-10 10:39:12.458 71014 INFO tempest.lib.common.rest_client [req-71fbfe4d-6513-4814-b371-cadbdc6dda00 req-71fbfe4d-6513-4814-b371-cadbdc6dda00 ] Request (ImagesTestJSON:test_create_server_from_snapshot): 201 POST http://10.180.1.21/identity/v3/auth/tokens 0.060s
2025-03-10 10:39:12.458 71014 INFO tempest.lib.common.fixed_network [-] (ImagesTestJSON:test_create_server_from_snapshot) Found network {'id': '7dcacea8-1613-48fa-a054-093c64e5da04', 'name': 'tempest-ImagesTestJSON-1691046470-network', 'tenant_id': 'c1a5bda958104bb387f1e2153116534f', 'admin_state_up': True, 'mtu': 8950, 'status': 'ACTIVE', 'subnets': [], 'shared': False, 'project_id': 'c1a5bda958104bb387f1e2153116534f', 'port_security_enabled': True, 'router:external': False, 'provider:network_type': 'vlan', 'provider:physical_network': 'default', 'provider:segmentation_id': 957, 'availability_zone_hints': [], 'availability_zones': [], 'ipv4_address_scope': None, 'ipv6_address_scope': None, 'description': '', 'tags': [], 'created_at': '2025-03-10T10:36:38Z', 'updated_at': '2025-03-10T10:36:38Z', 'revision_number': 1} available for tenant
2025-03-10 10:39:12.582 70956 INFO tempest.lib.common.rest_client [req-da014c3f-22eb-4c4c-a7cb-f2e8639c4a3a req-da014c3f-22eb-4c4c-a7cb-f2e8639c4a3a ] Request (AttachVolumeTestJSON:test_attach_detach_volume): 200 GET http://10.180.1.21/compute/v2.1/servers/df56f107-e9e4-42e0-a241-dcd7b9ee24f2 0.524s
2025-03-10 10:39:12.594 70992 INFO tempest.lib.common.rest_client [req-c885d1a6-ffd7-4f83-9eb2-c2fb8e5321f5 req-c885d1a6-ffd7-4f83-9eb2-c2fb8e5321f5 ] Request (ServerMetadataTestJSON:setUpClass): 200 GET http://10.180.1.21/compute/v2.1/servers/8ba823aa-5ab0-40ba-8412-66a44d3e5f23 0.523s
2025-03-10 10:39:12.595 70956 INFO tempest.common.waiters [-] State transition "BUILD/networking" ==> "BUILD/spawning" after 67 second wait
2025-03-10 10:39:12.657 70990 INFO tempest.lib.common.rest_client [req-c461ef51-1341-4688-8013-3a46a608372a req-c461ef51-1341-4688-8013-3a46a608372a ] Request (QuotasTestJSON:test_compare_tenant_quotas_with_default_quotas): 200 GET http://10.180.1.21/compute/v2.1/os-quota-sets/51cfaddae9e84bb3aefb24a0ed6a717f 0.578s
2025-03-10 10:39:12.678 70998 INFO tempest.lib.common.rest_client [req-d3933a6f-faf8-44f2-8bd3-1b90524a7502 req-d3933a6f-faf8-44f2-8bd3-1b90524a7502 ] Request (ListImageFiltersTestJSON:test_list_images_filter_by_server_id): 200 GET http://10.180.1.21/compute/v2.1/images?server=f387a69d-5d38-41c3-b9c4-08b316b08bad 0.566s
2025-03-10 10:39:12.723 70962 INFO tempest.lib.common.rest_client [req-c6238a66-ecf1-45df-aa96-4edc15c7d358 req-c6238a66-ecf1-45df-aa96-4edc15c7d358 ] Request (ServersAaction247Test:test_create_backup): 200 GET http://10.180.1.21/compute/v2.1/servers/e15b67f4-394d-452c-a7e6-9a6b40236a8a 0.582s
2025-03-10 10:39:12.742 70972 INFO tempest.lib.common.rest_client [req-26ba761e-cf8a-4b21-a649-961cc88b1bcd req-26ba761e-cf8a-4b21-a649-961cc88b1bcd ] Request (ImagesOneServerNegativeTestJSON:_run_cleanups): 200 GET http://10.180.1.21/compute/v2.1/servers/37e78c17-1f84-4d2e-b362-6fe4d668c7f8 0.584s
2025-03-10 10:39:12.796 71016 INFO tempest.lib.common.rest_client [req-6421738b-c338-4710-9f3b-55e58ca4c7ff req-6421738b-c338-4710-9f3b-55e58ca4c7ff ] Request (ServerMetadataNegativeTestJSON:setUpClass): 200 GET http://10.180.1.21/compute/v2.1/servers/d47f1698-aca2-4dae-b414-8e0a6ab0f93e 0.608s
2025-03-10 10:39:12.802 71004 INFO tempest.lib.common.rest_client [req-5d8edb9d-eb66-4bd5-9ca3-1cd634c8c023 req-5d8edb9d-eb66-4bd5-9ca3-1cd634c8c023 ] Request (ServersTestMultiNic:test_verify_multiple_nics_order): 200 GET http://10.180.1.21/compute/v2.1/servers/7c82a7ff-8e74-4591-882f-ee5fea3c40c8 0.571s
2025-03-10 10:39:12.856 70988 INFO tempest.lib.common.rest_client [req-8b301167-7818-423a-84f3-015e6d066daf req-8b301167-7818-423a-84f3-015e6d066daf ] Request (ServerDiskConfigTestJSON:test_rebuild_server_with_manual_disk_config): 200 GET http://10.180.1.21/compute/v2.1/servers/46cb041b-2ea2-4ee1-8d04-9c906cf08956 0.506s
2025-03-10 10:39:12.910 70966 INFO tempest.lib.common.rest_client [req-67ca0bfd-b04e-46a0-977d-dcfa9b95d3f1 req-67ca0bfd-b04e-46a0-977d-dcfa9b95d3f1 ] Request (SecurityGroupsTestJSON:test_server_security_groups): 200 GET http://10.180.1.21/compute/v2.1/servers/a8efdcf3-99a1-4499-a4b2-797434dbfbba 0.555s
2025-03-10 10:39:12.974 70996 INFO tempest.lib.common.rest_client [req-b0c8ac78-e82c-4359-bc41-e5082acaeb81 req-b0c8ac78-e82c-4359-bc41-e5082acaeb81 ] Request (ServerRescueNegativeTestJSON:test_rescued_vm_detach_volume): 200 GET http://10.180.1.21/compute/v2.1/servers/7a1b67c8-83e4-4275-bf5c-9e3e4def8333 0.529s
2025-03-10 10:39:13.048 70976 INFO tempest.lib.common.rest_client [req-9bfac773-fb96-4071-a8ca-588a3c3e28a6 req-9bfac773-fb96-4071-a8ca-588a3c3e28a6 ] Request (ImagesMetadataTestJSON:test_set_image_metadata): 200 PUT http://10.180.1.21/compute/v2.1/images/972de503-9b48-4c7d-ba1d-022644ec177c/metadata 0.740s
2025-03-10 10:39:13.127 70970 INFO tempest.lib.common.rest_client [req-029286d7-ff1f-4d66-9c4c-025604f5eed3 req-029286d7-ff1f-4d66-9c4c-025604f5eed3 ] Request (ServerExternalEventsTest:tearDownClass): 200 GET http://10.180.1.21/compute/v2.1/servers/122e0404-29c7-4d16-bf19-5c979cdb8702 0.615s
2025-03-10 10:39:13.172 70990 INFO tempest.lib.common.rest_client [req-bbe8a97a-1066-4df0-86da-39eecda67073 req-bbe8a97a-1066-4df0-86da-39eecda67073 ] Request (QuotasTestJSON:test_get_default_quotas): 200 GET http://10.180.1.21/compute/v2.1/os-quota-sets/51cfaddae9e84bb3aefb24a0ed6a717f/defaults 0.509s
2025-03-10 10:39:13.247 70998 INFO tempest.lib.common.rest_client [req-4a30feec-ca68-4f46-bfe6-601f9cf107c0 req-4a30feec-ca68-4f46-bfe6-601f9cf107c0 ] Request (ListImageFiltersTestJSON:test_list_images_filter_by_server_ref): 200 GET http://10.180.1.21/compute/v2.1/images?server=http%3A%2F%2F10.180.1.21%2Fcompute%2Fv2.1%2Fservers%2Fadd00fdb-4aa3-4183-9fc7-e6d8b390cde8 0.564s
2025-03-10 10:39:13.305 71002 INFO tempest.lib.common.rest_client [req-da76f535-e676-4ae6-b007-eea4da86c553 req-da76f535-e676-4ae6-b007-eea4da86c553 ] Request (MigrationsAdminTest:test_resize_server_revert_deleted_flavor): 200 GET http://10.180.1.21/compute/v2.1/servers/f2842deb-72c7-47d0-ba67-09665b96669e 0.500s
2025-03-10 10:39:13.315 71014 INFO tempest.lib.common.rest_client [req-6375fa2f-2cdb-4d92-a514-af9a3bdf9bef req-6375fa2f-2cdb-4d92-a514-af9a3bdf9bef ] Request (ImagesTestJSON:test_create_server_from_snapshot): 202 POST http://10.180.1.21/compute/v2.1/servers 0.856s
2025-03-10 10:39:13.385 70974 INFO tempest.lib.common.rest_client [req-8fd735ed-3498-4739-b59c-c88ce62b109c req-8fd735ed-3498-4739-b59c-c88ce62b109c ] Request (InstanceActionsNegativeTestJSON:tearDownClass): 200 GET http://10.180.1.21/compute/v2.1/servers/cf8b4b0c-7652-4509-985f-151434312597 0.487s
2025-03-10 10:39:13.399 70974 INFO tempest.common.waiters [-] State transition "ACTIVE/deleting" ==> "DELETED/None" after 3 second wait
2025-03-10 10:39:13.459 70960 INFO tempest.lib.common.rest_client [req-43429a47-3ed3-481a-a50a-d62b4ce41578 req-43429a47-3ed3-481a-a50a-d62b4ce41578 ] Request (ServersAdminNegativeTestJSON:setUpClass): 200 GET http://10.180.1.21/compute/v2.1/servers/b9a15bcc-5fdf-41b3-bb46-e3168a6398ec 0.513s
2025-03-10 10:39:13.463 70978 INFO tempest.lib.common.rest_client [req-add93f5d-8d16-4406-b5da-0e8f006f5362 req-add93f5d-8d16-4406-b5da-0e8f006f5362 ] Request (VolumesAdminNegativeTest:test_update_attached_volume_with_nonexistent_volume_in_body): 200 GET http://10.180.1.21/compute/v2.1/servers/aa1c8e98-4487-4538-9453-6921069aeeee 0.564s
2025-03-10 10:39:13.475 70978 INFO tempest.common.waiters [-] State transition "BUILD/spawning" ==> "ACTIVE/None" after 72 second wait
2025-03-10 10:39:13.523 70984 INFO tempest.lib.common.rest_client [req-02142760-6e21-4e1a-9b41-8246eed87439 req-02142760-6e21-4e1a-9b41-8246eed87439 ] Request (ServersTestBootFromVolume:setUpClass): 200 GET http://10.180.1.21/compute/v2.1/servers/65e4a7c4-a33e-4438-9185-ec0b4ed2bdcd 0.532s
2025-03-10 10:39:13.528 70976 INFO tempest.lib.common.rest_client [req-42b32eb5-6b66-4dcf-8293-ded47ba83ee5 req-42b32eb5-6b66-4dcf-8293-ded47ba83ee5 ] Request (ImagesMetadataTestJSON:test_set_image_metadata): 200 GET http://10.180.1.21/compute/v2.1/images/972de503-9b48-4c7d-ba1d-022644ec177c/metadata 0.479s
2025-03-10 10:39:13.588 70982 INFO tempest.lib.common.rest_client [req-706b0913-f971-48f6-b2b5-bf3f29b8d386 req-706b0913-f971-48f6-b2b5-bf3f29b8d386 ] Request (AttachInterfacesUnderV243Test:test_add_remove_fixed_ip): 200 GET http://10.180.1.21/compute/v2.1/servers/04ad9dff-40ef-4ab6-9d26-13b324b39b50 0.454s
2025-03-10 10:39:13.601 71008 INFO tempest.lib.common.rest_client [req-7a38b9cb-d6e5-4bdc-8308-90fd43b2bfcf req-7a38b9cb-d6e5-4bdc-8308-90fd43b2bfcf ] Request (ServersListShow298Test:test_list_show_update_rebuild_server_298): 200 GET http://10.180.1.21/compute/v2.1/servers/590341b5-9b5d-4552-b10f-8384efc8e24f 0.521s
2025-03-10 10:39:13.635 71000 INFO tempest.lib.common.rest_client [req-79b95d6c-25b9-4d48-aca4-4541a7a4c1e9 req-79b95d6c-25b9-4d48-aca4-4541a7a4c1e9 ] Request (FloatingIPsAssociationTestJSON:test_associate_already_associated_floating_ip): 200 GET http://10.180.1.21/compute/v2.1/servers/2a077995-2d6b-4c65-ad3b-bd351b7f93f7 0.462s
2025-03-10 10:39:13.667 70990 INFO tempest.lib.common.rest_client [req-16640a12-ead0-4b44-a732-20e7fabb1d74 req-16640a12-ead0-4b44-a732-20e7fabb1d74 ] Request (QuotasTestJSON:test_get_quotas): 200 GET http://10.180.1.21/compute/v2.1/os-quota-sets/51cfaddae9e84bb3aefb24a0ed6a717f 0.490s
2025-03-10 10:39:13.709 70998 INFO tempest.lib.common.rest_client [req-ac10b8cf-622e-47c3-85d6-dc827e5a8b23 req-ac10b8cf-622e-47c3-85d6-dc827e5a8b23 ] Request (ListImageFiltersTestJSON:test_list_images_filter_by_server_ref): 200 GET http://10.180.1.21/compute/v2.1/images?server=http%3A%2F%2F10.180.1.21%2Fcompute%2Fservers%2Fadd00fdb-4aa3-4183-9fc7-e6d8b390cde8 0.459s
2025-03-10 10:39:13.724 71018 INFO tempest.lib.common.rest_client [req-220f77ff-4afc-43e2-858a-c7e8a46685c4 req-220f77ff-4afc-43e2-858a-c7e8a46685c4 ] Request (ServerRescueTestJSONUnderV235:tearDownClass): 200 GET http://10.180.1.21/compute/v2.1/servers/6bf196b5-f557-466d-bc40-eb1965b54280 0.503s
2025-03-10 10:39:13.779 71014 INFO tempest.lib.common.rest_client [req-93d6c277-0134-435c-bdd4-3f98bccf0f95 req-93d6c277-0134-435c-bdd4-3f98bccf0f95 ] Request (ImagesTestJSON:test_create_server_from_snapshot): 200 GET http://10.180.1.21/compute/v2.1/servers/6786080b-4760-4042-b210-69b14fe5af58 0.462s
2025-03-10 10:39:13.780 70964 INFO tempest.lib.common.rest_client [req-60a8fb6d-16fe-492f-b151-054e573b81ae req-60a8fb6d-16fe-492f-b151-054e573b81ae ] Request (ServersAdminTestJSON:setUpClass): 200 GET http://10.180.1.21/compute/v2.1/servers/ebe83ff3-93bf-40a8-a427-39d9ab8ff226 0.502s
2025-03-10 10:39:13.799 70994 INFO tempest.lib.common.rest_client [req-88513860-ba9a-4b4e-bc19-ec7cadef71df req-88513860-ba9a-4b4e-bc19-ec7cadef71df ] Request (DeleteServersAdminTestJSON:test_delete_server_while_in_error_state): 404 GET http://10.180.1.21/compute/v2.1/servers/f0d4724b-e7e5-4f6f-b973-fab3690f33ac 0.456s
2025-03-10 10:39:13.847 70978 INFO tempest.lib.common.rest_client [req-bb157104-3c8a-42b5-835a-3e58ecf3de9b req-bb157104-3c8a-42b5-835a-3e58ecf3de9b ] Request (VolumesAdminNegativeTest:test_update_attached_volume_with_nonexistent_volume_in_body): 200 GET http://10.180.1.21/compute/v2.1/servers/aa1c8e98-4487-4538-9453-6921069aeeee/os-interface 0.370s
2025-03-10 10:39:13.856 70968 INFO tempest.lib.common.rest_client [req-a3d15259-e34f-42ff-9f5b-30e4f8cbdbd1 req-a3d15259-e34f-42ff-9f5b-30e4f8cbdbd1 ] Request (SecurityGroupsNegativeTestJSON:tearDownClass): 200 PUT http://10.180.1.21:9696/networking/v2.0/routers/f1eb74fc-d8e9-4b98-8f5f-de63cc9b49d9/remove_router_interface 1.488s
2025-03-10 10:39:14.027 70976 INFO tempest.lib.common.rest_client [req-78336f93-2657-438f-bb55-6961938851ce req-78336f93-2657-438f-bb55-6961938851ce ] Request (ImagesMetadataTestJSON:setUp): 200 PUT http://10.180.1.21/compute/v2.1/images/972de503-9b48-4c7d-ba1d-022644ec177c/metadata 0.497s
2025-03-10 10:39:14.054 70956 INFO tempest.lib.common.rest_client [req-e80ebde5-8e4b-4ef2-a13a-bdce931e5224 req-e80ebde5-8e4b-4ef2-a13a-bdce931e5224 ] Request (AttachVolumeTestJSON:test_attach_detach_volume): 200 GET http://10.180.1.21/compute/v2.1/servers/df56f107-e9e4-42e0-a241-dcd7b9ee24f2 0.457s
2025-03-10 10:39:14.099 70990 INFO tempest.lib.common.rest_client [req-953e7dfb-b3f9-495e-8256-c04f9bc7fa8e req-953e7dfb-b3f9-495e-8256-c04f9bc7fa8e ] Request (QuotasTestJSON:test_get_quotas): 200 GET http://10.180.1.21/compute/v2.1/os-quota-sets/51cfaddae9e84bb3aefb24a0ed6a717f?user_id=00a231088ded4fe79ed701f022bf85b8 0.429s
2025-03-10 10:39:14.175 70998 INFO tempest.lib.common.rest_client [req-ce46c1e2-7f29-41e0-afc8-d2443057d3bd req-ce46c1e2-7f29-41e0-afc8-d2443057d3bd ] Request (ListImageFiltersTestJSON:test_list_images_filter_by_status): 200 GET http://10.180.1.21/compute/v2.1/images?status=ACTIVE 0.463s
2025-03-10 10:39:14.199 70992 INFO tempest.lib.common.rest_client [req-088f67f2-f3e8-4ee2-8095-cc9ef0e2047f req-088f67f2-f3e8-4ee2-8095-cc9ef0e2047f ] Request (ServerMetadataTestJSON:setUpClass): 200 GET http://10.180.1.21/compute/v2.1/servers/8ba823aa-5ab0-40ba-8412-66a44d3e5f23 0.595s
2025-03-10 10:39:14.231 70990 INFO tempest.lib.common.rest_client [req-5f202702-47a4-451e-923f-3cdf56d2f6c1 req-5f202702-47a4-451e-923f-3cdf56d2f6c1 ] Request (QuotasTestJSON:tearDownClass): 204 DELETE http://10.180.1.21/identity/v3/users/00a231088ded4fe79ed701f022bf85b8 0.125s
2025-03-10 10:39:14.232 70990 INFO tempest.lib.common.dynamic_creds [-] Deleting project and security group for project: 51cfaddae9e84bb3aefb24a0ed6a717f
2025-03-10 10:39:14.272 70962 INFO tempest.lib.common.rest_client [req-69ea2d0b-cdb2-47bc-8691-bec5082695a4 req-69ea2d0b-cdb2-47bc-8691-bec5082695a4 ] Request (ServersAaction247Test:test_create_backup): 200 GET http://10.180.1.21/compute/v2.1/servers/e15b67f4-394d-452c-a7e6-9a6b40236a8a 0.537s
2025-03-10 10:39:14.288 70972 INFO tempest.lib.common.rest_client [req-bf9122e8-5934-4932-97d3-ad7696ee8567 req-bf9122e8-5934-4932-97d3-ad7696ee8567 ] Request (ImagesOneServerNegativeTestJSON:_run_cleanups): 200 GET http://10.180.1.21/compute/v2.1/servers/37e78c17-1f84-4d2e-b362-6fe4d668c7f8 0.534s
2025-03-10 10:39:14.290 70994 INFO tempest.lib.common.rest_client [req-95ceb111-3d01-4705-9b4c-fa9cea2918dc req-95ceb111-3d01-4705-9b4c-fa9cea2918dc ] Request (DeleteServersAdminTestJSON:tearDownClass): 404 DELETE http://10.180.1.21/compute/v2.1/servers/f0d4724b-e7e5-4f6f-b973-fab3690f33ac 0.490s
2025-03-10 10:39:14.300 70990 INFO tempest.lib.common.rest_client [req-e6b268c8-7948-46d4-b28d-fcae5228e603 req-e6b268c8-7948-46d4-b28d-fcae5228e603 ] Request (QuotasTestJSON:tearDownClass): 201 POST http://10.180.1.21/identity/v3/auth/tokens 0.067s
2025-03-10 10:39:14.358 71016 INFO tempest.lib.common.rest_client [req-ff27b178-63fe-42b9-818e-86417b92d8d3 req-ff27b178-63fe-42b9-818e-86417b92d8d3 ] Request (ServerMetadataNegativeTestJSON:setUpClass): 200 GET http://10.180.1.21/compute/v2.1/servers/d47f1698-aca2-4dae-b414-8e0a6ab0f93e 0.550s
2025-03-10 10:39:14.369 71004 INFO tempest.lib.common.rest_client [req-230e44c1-2135-46e0-98be-af85f6d0a28a req-230e44c1-2135-46e0-98be-af85f6d0a28a ] Request (ServersTestMultiNic:test_verify_multiple_nics_order): 200 GET http://10.180.1.21/compute/v2.1/servers/7c82a7ff-8e74-4591-882f-ee5fea3c40c8 0.553s
2025-03-10 10:39:14.414 70958 WARNING tempest.lib.common.ssh [-] Failed to establish authenticated ssh connection to cirros@10.180.180.224 ([Errno None] Unable to connect to port 22 on 10.180.180.224). Number attempts: 10. Retry after 11 seconds.: paramiko.ssh_exception.NoValidConnectionsError: [Errno None] Unable to connect to port 22 on 10.180.180.224
2025-03-10 10:39:14.436 70988 INFO tempest.lib.common.rest_client [req-43cf267b-f44d-406b-8baf-f3a0f9421752 req-43cf267b-f44d-406b-8baf-f3a0f9421752 ] Request (ServerDiskConfigTestJSON:test_rebuild_server_with_manual_disk_config): 200 GET http://10.180.1.21/compute/v2.1/servers/46cb041b-2ea2-4ee1-8d04-9c906cf08956 0.571s
2025-03-10 10:39:14.471 70966 INFO tempest.lib.common.rest_client [req-ad9d21d0-8555-4c04-8c8c-f2e7d95fb62c req-ad9d21d0-8555-4c04-8c8c-f2e7d95fb62c ] Request (SecurityGroupsTestJSON:test_server_security_groups): 200 GET http://10.180.1.21/compute/v2.1/servers/a8efdcf3-99a1-4499-a4b2-797434dbfbba 0.549s
2025-03-10 10:39:14.480 70966 INFO tempest.common.waiters [-] State transition "ACTIVE/deleting" ==> "DELETED/None" after 3 second wait
2025-03-10 10:39:14.501 70996 INFO tempest.lib.common.rest_client [req-7b20def6-afbd-4a1f-aa00-623da7b271e0 req-7b20def6-afbd-4a1f-aa00-623da7b271e0 ] Request (ServerRescueNegativeTestJSON:test_rescued_vm_detach_volume): 200 GET http://10.180.1.21/compute/v2.1/servers/7a1b67c8-83e4-4275-bf5c-9e3e4def8333 0.512s
2025-03-10 10:39:14.574 70970 INFO tempest.lib.common.rest_client [req-120f96aa-deee-4c1a-91bc-a6fb4a132ed9 req-120f96aa-deee-4c1a-91bc-a6fb4a132ed9 ] Request (ServerExternalEventsTest:tearDownClass): 200 GET http://10.180.1.21/compute/v2.1/servers/122e0404-29c7-4d16-bf19-5c979cdb8702 0.438s
2025-03-10 10:39:14.622 70990 INFO tempest.lib.common.rest_client [req-90e149d1-3702-4c93-85ab-c3ba6bad80fe req-90e149d1-3702-4c93-85ab-c3ba6bad80fe ] Request (QuotasTestJSON:tearDownClass): 200 GET http://10.180.1.21:9696/networking/v2.0/security-groups?tenant_id=51cfaddae9e84bb3aefb24a0ed6a717f&name=default 0.322s
2025-03-10 10:39:14.629 70998 INFO tempest.lib.common.rest_client [req-b3b5793a-a9a3-41c2-86e6-fcb9c9bd1286 req-b3b5793a-a9a3-41c2-86e6-fcb9c9bd1286 ] Request (ListImageFiltersTestJSON:test_list_images_filter_by_type): 200 GET http://10.180.1.21/compute/v2.1/images?type=snapshot 0.448s
2025-03-10 10:39:14.653 70994 INFO tempest.lib.common.rest_client [req-c388e4e2-32d2-495a-87f9-3a13106a40ca req-c388e4e2-32d2-495a-87f9-3a13106a40ca ] Request (DeleteServersAdminTestJSON:tearDownClass): 404 GET http://10.180.1.21/compute/v2.1/servers/f0d4724b-e7e5-4f6f-b973-fab3690f33ac 0.362s
2025-03-10 10:39:14.657 70968 INFO tempest.lib.common.rest_client [req-306da859-d2c4-4bb9-b069-e5dc5afffee0 req-306da859-d2c4-4bb9-b069-e5dc5afffee0 ] Request (SecurityGroupsNegativeTestJSON:tearDownClass): 204 DELETE http://10.180.1.21:9696/networking/v2.0/routers/f1eb74fc-d8e9-4b98-8f5f-de63cc9b49d9 0.799s
2025-03-10 10:39:14.691 70976 INFO tempest.lib.common.rest_client [req-1b0a4e18-614f-4e13-b372-b152f0f9e203 req-1b0a4e18-614f-4e13-b372-b152f0f9e203 ] Request (ImagesMetadataTestJSON:test_set_image_metadata_item): 200 PUT http://10.180.1.21/compute/v2.1/images/972de503-9b48-4c7d-ba1d-022644ec177c/metadata/os_version 0.662s
2025-03-10 10:39:14.732 71002 INFO tempest.lib.common.rest_client [req-ac5b95ea-7080-475e-842c-1031519bea7b req-ac5b95ea-7080-475e-842c-1031519bea7b ] Request (MigrationsAdminTest:test_resize_server_revert_deleted_flavor): 200 GET http://10.180.1.21/compute/v2.1/servers/f2842deb-72c7-47d0-ba67-09665b96669e 0.415s
2025-03-10 10:39:14.746 70990 INFO tempest.lib.common.rest_client [req-1fd577d5-38ac-454f-888c-390b61073057 req-1fd577d5-38ac-454f-888c-390b61073057 ] Request (QuotasTestJSON:tearDownClass): 204 DELETE http://10.180.1.21:9696/networking/v2.0/security-groups/3a70c92b-e5a2-4dd4-9f55-f03b69c5e78e 0.123s
2025-03-10 10:39:14.783 70974 INFO tempest.lib.common.rest_client [req-30a0bde6-d5a5-4a1f-805b-2dbae3f0e50b req-30a0bde6-d5a5-4a1f-805b-2dbae3f0e50b ] Request (InstanceActionsNegativeTestJSON:tearDownClass): 200 GET http://10.180.1.21/compute/v2.1/servers/cf8b4b0c-7652-4509-985f-151434312597 0.382s
2025-03-10 10:39:14.802 70960 INFO tempest.lib.common.rest_client [req-73143327-6eaa-43fd-b82f-99036be9f1a0 req-73143327-6eaa-43fd-b82f-99036be9f1a0 ] Request (ServersAdminNegativeTestJSON:setUpClass): 200 GET http://10.180.1.21/compute/v2.1/servers/b9a15bcc-5fdf-41b3-bb46-e3168a6398ec 0.335s
2025-03-10 10:39:14.814 70978 INFO tempest.lib.common.rest_client [req-891426cb-43da-4583-8115-8be28b4d5e95 req-891426cb-43da-4583-8115-8be28b4d5e95 ] Request (VolumesAdminNegativeTest:test_update_attached_volume_with_nonexistent_volume_in_body): 200 PUT http://10.180.1.21:9696/networking/v2.0/floatingips/843e50b9-81be-46e2-9cda-b8c48085ef0d 0.965s
2025-03-10 10:39:14.816 70978 INFO tempest.lib.common.ssh [-] Creating ssh connection to '10.180.180.242:22' as 'cirros' with public key authentication
2025-03-10 10:39:14.832 70990 INFO tempest.lib.common.rest_client [req-db2445ac-eeeb-4ad5-8923-21e713bd5f43 req-db2445ac-eeeb-4ad5-8923-21e713bd5f43 ] Request (QuotasTestJSON:tearDownClass): 204 DELETE http://10.180.1.21/identity/v3/projects/51cfaddae9e84bb3aefb24a0ed6a717f 0.085s
2025-03-10 10:39:14.866 70984 INFO tempest.lib.common.rest_client [req-fea172da-a658-4b91-b7c3-2de2b03daf5b req-fea172da-a658-4b91-b7c3-2de2b03daf5b ] Request (ServersTestBootFromVolume:setUpClass): 200 GET http://10.180.1.21/compute/v2.1/servers/65e4a7c4-a33e-4438-9185-ec0b4ed2bdcd 0.330s
2025-03-10 10:39:14.871 70982 INFO tempest.lib.common.rest_client [req-61ca8f83-49f8-47f8-b751-9de02b859b30 req-61ca8f83-49f8-47f8-b751-9de02b859b30 ] Request (AttachInterfacesUnderV243Test:test_add_remove_fixed_ip): 200 GET http://10.180.1.21/compute/v2.1/servers/04ad9dff-40ef-4ab6-9d26-13b324b39b50 0.273s
2025-03-10 10:39:14.908 70968 INFO tempest.lib.common.rest_client [req-df428964-a990-49e9-85f6-eb17549d68df req-df428964-a990-49e9-85f6-eb17549d68df ] Request (SecurityGroupsNegativeTestJSON:tearDownClass): 204 DELETE http://10.180.1.21:9696/networking/v2.0/subnets/c37fe585-9719-4824-b2ce-e3defbab0bef 0.250s
2025-03-10 10:39:14.934 70998 INFO tempest.lib.common.rest_client [req-27bbdf59-ef77-4390-a627-3af9e255987a req-27bbdf59-ef77-4390-a627-3af9e255987a ] Request (ListImageFiltersTestJSON:test_list_images_limit_results): 200 GET http://10.180.1.21/compute/v2.1/images?limit=1 0.301s
2025-03-10 10:39:15.169 70968 INFO tempest.lib.common.rest_client [req-0f376391-b168-4d2b-af34-8f732e3374ea req-0f376391-b168-4d2b-af34-8f732e3374ea ] Request (SecurityGroupsNegativeTestJSON:tearDownClass): 204 DELETE http://10.180.1.21:9696/networking/v2.0/networks/dfaa7c4f-7a7d-439b-976e-92a76e46c587 0.261s
2025-03-10 10:39:15.176 71000 INFO tempest.lib.common.rest_client [req-817c3ba5-0f9a-44f9-9214-9e8183c6b358 req-817c3ba5-0f9a-44f9-9214-9e8183c6b358 ] Request (FloatingIPsAssociationTestJSON:test_associate_already_associated_floating_ip): 200 GET http://10.180.1.21/compute/v2.1/servers/2a077995-2d6b-4c65-ad3b-bd351b7f93f7 0.529s
2025-03-10 10:39:15.178 71008 INFO tempest.lib.common.rest_client [req-b83c4a3a-183b-4811-9ca6-81dd33e63524 req-b83c4a3a-183b-4811-9ca6-81dd33e63524 ] Request (ServersListShow298Test:test_list_show_update_rebuild_server_298): 200 GET http://10.180.1.21/compute/v2.1/servers/590341b5-9b5d-4552-b10f-8384efc8e24f 0.564s
2025-03-10 10:39:15.189 71008 INFO tempest.common.waiters [-] State transition "BUILD/scheduling" ==> "BUILD/None" after 35 second wait
2025-03-10 10:39:15.199 70994 INFO tempest.lib.common.rest_client [req-86e15b36-f9b4-41df-b117-6f287d73e296 req-86e15b36-f9b4-41df-b117-6f287d73e296 ] Request (DeleteServersAdminTestJSON:tearDownClass): 404 DELETE http://10.180.1.21/compute/v2.1/servers/23e67cc4-e97f-4578-bc51-81d438609860 0.545s
2025-03-10 10:39:15.208 70976 INFO tempest.lib.common.rest_client [req-eaa72d13-1de0-4f91-975b-c3cfc3b1580a req-eaa72d13-1de0-4f91-975b-c3cfc3b1580a ] Request (ImagesMetadataTestJSON:test_set_image_metadata_item): 200 GET http://10.180.1.21/compute/v2.1/images/972de503-9b48-4c7d-ba1d-022644ec177c/metadata 0.517s
2025-03-10 10:39:15.276 71018 INFO tempest.lib.common.rest_client [req-ebbae938-1a26-4445-89de-c421d13624f8 req-ebbae938-1a26-4445-89de-c421d13624f8 ] Request (ServerRescueTestJSONUnderV235:tearDownClass): 200 GET http://10.180.1.21/compute/v2.1/servers/6bf196b5-f557-466d-bc40-eb1965b54280 0.541s
2025-03-10 10:39:15.284 71018 INFO tempest.common.waiters [-] State transition "RESCUE/deleting" ==> "DELETED/None" after 5 second wait
2025-03-10 10:39:15.290 71014 INFO tempest.lib.common.rest_client [req-ba6f70a4-b5ee-4646-9e30-c18c2ec96cfe req-ba6f70a4-b5ee-4646-9e30-c18c2ec96cfe ] Request (ImagesTestJSON:test_create_server_from_snapshot): 200 GET http://10.180.1.21/compute/v2.1/servers/6786080b-4760-4042-b210-69b14fe5af58 0.503s
2025-03-10 10:39:15.315 70968 INFO tempest.lib.common.rest_client [req-560b55de-7ee4-475a-aaaf-5ed8ede08ab3 req-560b55de-7ee4-475a-aaaf-5ed8ede08ab3 ] Request (SecurityGroupsNegativeTestJSON:tearDownClass): 204 DELETE http://10.180.1.21/identity/v3/users/a3fb3c048b574dd3943ad4e4a46c54e2 0.145s
2025-03-10 10:39:15.315 70968 INFO tempest.lib.common.dynamic_creds [-] Deleting project and security group for project: 5bfc688c6dd14ca19bd653c55e9f5866
2025-03-10 10:39:15.333 70964 INFO tempest.lib.common.rest_client [req-21722314-3fb7-4a48-82f8-5ee5af71e013 req-21722314-3fb7-4a48-82f8-5ee5af71e013 ] Request (ServersAdminTestJSON:setUpClass): 200 GET http://10.180.1.21/compute/v2.1/servers/ebe83ff3-93bf-40a8-a427-39d9ab8ff226 0.545s
2025-03-10 10:39:15.347 70968 INFO tempest.lib.common.rest_client [req-04cb56a0-9197-4124-9dd4-42b6676067f1 req-04cb56a0-9197-4124-9dd4-42b6676067f1 ] Request (SecurityGroupsNegativeTestJSON:tearDownClass): 200 GET http://10.180.1.21:9696/networking/v2.0/security-groups?tenant_id=5bfc688c6dd14ca19bd653c55e9f5866&name=default 0.031s
2025-03-10 10:39:15.347 70998 INFO tempest.lib.common.rest_client [req-1b22998a-406e-4e56-a040-c978ac8ab831 req-1b22998a-406e-4e56-a040-c978ac8ab831 ] Request (ListImageFiltersTestJSON:test_list_images_with_detail_filter_by_changes_since): 200 GET http://10.180.1.21/compute/v2.1/images/detail?changes-since=2025-03-10T10%3A37%3A02Z 0.406s
2025-03-10 10:39:15.390 70994 INFO tempest.lib.common.rest_client [req-5ba254c6-41af-4384-b245-7cfe0e1841d7 req-5ba254c6-41af-4384-b245-7cfe0e1841d7 ] Request (DeleteServersAdminTestJSON:tearDownClass): 404 GET http://10.180.1.21/compute/v2.1/servers/23e67cc4-e97f-4578-bc51-81d438609860 0.191s
2025-03-10 10:39:15.501 70956 INFO tempest.lib.common.rest_client [req-81353ebe-0bad-4c3f-8e5d-43b250a3c8f2 req-81353ebe-0bad-4c3f-8e5d-43b250a3c8f2 ] Request (AttachVolumeTestJSON:test_attach_detach_volume): 200 GET http://10.180.1.21/compute/v2.1/servers/df56f107-e9e4-42e0-a241-dcd7b9ee24f2 0.440s
2025-03-10 10:39:15.512 70994 INFO tempest.lib.common.rest_client [req-852e1c08-6728-4025-8adc-ca0970b419c7 req-852e1c08-6728-4025-8adc-ca0970b419c7 ] Request (DeleteServersAdminTestJSON:tearDownClass): 204 DELETE http://10.180.1.21/identity/v3/users/b8b419d49f1241999f16a12ecf8d0860 0.121s
2025-03-10 10:39:15.527 70992 INFO tempest.lib.common.rest_client [req-e3a3700c-5d54-4a5e-8237-b4e4540ad43c req-e3a3700c-5d54-4a5e-8237-b4e4540ad43c ] Request (ServerMetadataTestJSON:setUpClass): 200 GET http://10.180.1.21/compute/v2.1/servers/8ba823aa-5ab0-40ba-8412-66a44d3e5f23 0.317s
2025-03-10 10:39:15.528 70968 INFO tempest.lib.common.rest_client [req-5c6a7b0e-5fdd-4152-a8b3-f37d4293f00f req-5c6a7b0e-5fdd-4152-a8b3-f37d4293f00f ] Request (SecurityGroupsNegativeTestJSON:tearDownClass): 204 DELETE http://10.180.1.21:9696/networking/v2.0/security-groups/935b69b3-578d-40d6-a5ea-26d84df3fc28 0.181s
2025-03-10 10:39:15.580 70962 INFO tempest.lib.common.rest_client [req-48d14832-f390-4bbc-9d24-04a2d3059e55 req-48d14832-f390-4bbc-9d24-04a2d3059e55 ] Request (ServersAaction247Test:test_create_backup): 200 GET http://10.180.1.21/compute/v2.1/servers/e15b67f4-394d-452c-a7e6-9a6b40236a8a 0.297s
2025-03-10 10:39:15.620 70994 INFO tempest.lib.common.rest_client [req-91e29f29-eaf4-4c99-9307-bfb9df4022e3 req-91e29f29-eaf4-4c99-9307-bfb9df4022e3 ] Request (DeleteServersAdminTestJSON:tearDownClass): 204 DELETE http://10.180.1.21/identity/v3/users/c7ae529649fb4030a476a40e73ef7ce7 0.108s
2025-03-10 10:39:15.621 70994 INFO tempest.lib.common.dynamic_creds [-] Deleting project and security group for project: 116d554d92dc41c3bad7d28411f84e40
2025-03-10 10:39:15.635 70968 INFO tempest.lib.common.rest_client [req-3d984fc6-9ac1-4445-a881-904373aaeb00 req-3d984fc6-9ac1-4445-a881-904373aaeb00 ] Request (SecurityGroupsNegativeTestJSON:tearDownClass): 204 DELETE http://10.180.1.21/identity/v3/projects/5bfc688c6dd14ca19bd653c55e9f5866 0.107s
2025-03-10 10:39:15.640 70972 INFO tempest.lib.common.rest_client [req-f96484e8-1a29-48f0-a218-16be580c5924 req-f96484e8-1a29-48f0-a218-16be580c5924 ] Request (ImagesOneServerNegativeTestJSON:_run_cleanups): 200 GET http://10.180.1.21/compute/v2.1/servers/37e78c17-1f84-4d2e-b362-6fe4d668c7f8 0.340s
2025-03-10 10:39:15.689 70994 INFO tempest.lib.common.rest_client [req-047c18d9-4d7f-432e-8149-eb06a087653c req-047c18d9-4d7f-432e-8149-eb06a087653c ] Request (DeleteServersAdminTestJSON:tearDownClass): 201 POST http://10.180.1.21/identity/v3/auth/tokens 0.067s
2025-03-10 10:39:15.692 70968 INFO tempest.lib.common.rest_client [req-af2914fe-9564-41f1-936d-5189caa06099 req-af2914fe-9564-41f1-936d-5189caa06099 ] Request (AttachInterfacesTestJSON:setUpClass): 201 POST http://10.180.1.21/identity/v3/auth/tokens 0.055s
2025-03-10 10:39:15.694 70976 INFO tempest.lib.common.rest_client [req-b3a35029-b0f3-435d-929f-d7a5c68229c4 req-b3a35029-b0f3-435d-929f-d7a5c68229c4 ] Request (ImagesMetadataTestJSON:setUp): 200 PUT http://10.180.1.21/compute/v2.1/images/972de503-9b48-4c7d-ba1d-022644ec177c/metadata 0.484s
2025-03-10 10:39:15.695 70998 INFO tempest.lib.common.rest_client [req-8c5e83d1-c0ea-47b6-bfee-e73c38a18443 req-8c5e83d1-c0ea-47b6-bfee-e73c38a18443 ] Request (ListImageFiltersTestJSON:test_list_images_with_detail_filter_by_name): 200 GET http://10.180.1.21/compute/v2.1/images/detail?name=tempest-ListImageFiltersTestJSON-image-444280725 0.342s
2025-03-10 10:39:15.721 70968 INFO tempest.lib.common.rest_client [req-599eb17d-2f5a-4e6b-865e-c56a27bb62d9 req-599eb17d-2f5a-4e6b-865e-c56a27bb62d9 ] Request (AttachInterfacesTestJSON:setUpClass): 201 POST http://10.180.1.21/identity/v3/auth/tokens 0.026s
2025-03-10 10:39:15.746 70968 INFO tempest.lib.common.rest_client [req-f246bfd4-48aa-4569-94dc-6f3bc68eb01d req-f246bfd4-48aa-4569-94dc-6f3bc68eb01d ] Request (AttachInterfacesTestJSON:setUpClass): 200 GET http://10.180.1.21/identity/v3/domains?name=Default 0.025s
2025-03-10 10:39:15.766 71004 INFO tempest.lib.common.rest_client [req-6d57d325-b3e7-4ae7-8889-78232d890205 req-6d57d325-b3e7-4ae7-8889-78232d890205 ] Request (ServersTestMultiNic:test_verify_multiple_nics_order): 200 GET http://10.180.1.21/compute/v2.1/servers/7c82a7ff-8e74-4591-882f-ee5fea3c40c8 0.385s
2025-03-10 10:39:15.769 71016 INFO tempest.lib.common.rest_client [req-0bbab38f-d9c3-40ab-9daa-5481cf43cc8a req-0bbab38f-d9c3-40ab-9daa-5481cf43cc8a ] Request (ServerMetadataNegativeTestJSON:setUpClass): 200 GET http://10.180.1.21/compute/v2.1/servers/d47f1698-aca2-4dae-b414-8e0a6ab0f93e 0.400s
2025-03-10 10:39:15.779 70968 INFO tempest.lib.common.rest_client [req-fbf7f7b6-e909-43c4-aa54-0102edc4d18f req-fbf7f7b6-e909-43c4-aa54-0102edc4d18f ] Request (AttachInterfacesTestJSON:setUpClass): 201 POST http://10.180.1.21/identity/v3/projects 0.032s
2025-03-10 10:39:15.847 70968 INFO tempest.lib.common.rest_client [req-8fb70485-846c-4195-947a-2bc469c7fb1f req-8fb70485-846c-4195-947a-2bc469c7fb1f ] Request (AttachInterfacesTestJSON:setUpClass): 201 POST http://10.180.1.21/identity/v3/users 0.067s
2025-03-10 10:39:15.862 70988 INFO tempest.lib.common.rest_client [req-a39367c9-bdfe-47e6-8b37-114c27ef27c1 req-a39367c9-bdfe-47e6-8b37-114c27ef27c1 ] Request (ServerDiskConfigTestJSON:test_rebuild_server_with_manual_disk_config): 200 GET http://10.180.1.21/compute/v2.1/servers/46cb041b-2ea2-4ee1-8d04-9c906cf08956 0.415s
2025-03-10 10:39:15.872 70966 INFO tempest.lib.common.rest_client [req-146f3fb1-40de-4911-bae1-17cb7029a740 req-146f3fb1-40de-4911-bae1-17cb7029a740 ] Request (SecurityGroupsTestJSON:test_server_security_groups): 200 GET http://10.180.1.21/compute/v2.1/servers/a8efdcf3-99a1-4499-a4b2-797434dbfbba 0.388s
2025-03-10 10:39:15.874 70968 INFO tempest.lib.common.rest_client [req-f012eb33-1a91-4b5d-86dc-7dc577291fa5 req-f012eb33-1a91-4b5d-86dc-7dc577291fa5 ] Request (AttachInterfacesTestJSON:setUpClass): 200 GET http://10.180.1.21/identity/v3/roles 0.026s
2025-03-10 10:39:15.903 70994 INFO tempest.lib.common.rest_client [req-4add7992-1050-49ba-a92e-4d237e1861c5 req-4add7992-1050-49ba-a92e-4d237e1861c5 ] Request (DeleteServersAdminTestJSON:tearDownClass): 200 GET http://10.180.1.21:9696/networking/v2.0/security-groups?tenant_id=116d554d92dc41c3bad7d28411f84e40&name=default 0.213s
2025-03-10 10:39:15.909 70968 INFO tempest.lib.common.rest_client [req-9dba5829-ca31-44c5-9cc2-160be5c039fa req-9dba5829-ca31-44c5-9cc2-160be5c039fa ] Request (AttachInterfacesTestJSON:setUpClass): 204 PUT http://10.180.1.21/identity/v3/projects/a2b0f80b4b9e480f84ddfeef9fe57fbe/users/795e576f5e494a8e8596fb7048b6e392/roles/66969a095eec4967a64cfe9e49dc453e 0.034s
2025-03-10 10:39:15.909 70968 INFO tempest.lib.common.dynamic_creds [-] Dynamic test user 795e576f5e494a8e8596fb7048b6e392 is created with scope project and roles: ['member']
2025-03-10 10:39:15.909 70968 INFO tempest.lib.common.dynamic_creds [-] Acquired dynamic creds: credentials: Credentials: {'domain_id': 'default', 'domain_name': 'Default', 'username': 'tempest-AttachInterfacesTestJSON-1149126380-project-member', 'project_domain_id': 'default', 'project_domain_name': 'Default', 'project_id': 'a2b0f80b4b9e480f84ddfeef9fe57fbe', 'project_name': 'tempest-AttachInterfacesTestJSON-1149126380', 'tenant_id': 'a2b0f80b4b9e480f84ddfeef9fe57fbe', 'tenant_name': 'tempest-AttachInterfacesTestJSON-1149126380', 'user_domain_id': 'default', 'user_domain_name': 'Default', 'user_id': '795e576f5e494a8e8596fb7048b6e392', 'system': None}, Network: None, Subnet: None, Router: None
2025-03-10 10:39:15.934 70996 INFO tempest.lib.common.rest_client [req-5ec7df13-068c-4c92-af54-90cf545c477d req-5ec7df13-068c-4c92-af54-90cf545c477d ] Request (ServerRescueNegativeTestJSON:test_rescued_vm_detach_volume): 200 GET http://10.180.1.21/compute/v2.1/servers/7a1b67c8-83e4-4275-bf5c-9e3e4def8333 0.422s
2025-03-10 10:39:15.964 70970 INFO tempest.lib.common.rest_client [req-b638ae40-650f-4875-be96-dd93cc8290c7 req-b638ae40-650f-4875-be96-dd93cc8290c7 ] Request (ServerExternalEventsTest:tearDownClass): 200 GET http://10.180.1.21/compute/v2.1/servers/122e0404-29c7-4d16-bf19-5c979cdb8702 0.382s
2025-03-10 10:39:15.985 70968 INFO tempest.lib.common.rest_client [req-3a3846b0-45b5-4f20-b49e-41056610b3dc req-3a3846b0-45b5-4f20-b49e-41056610b3dc ] Request (AttachInterfacesTestJSON:setUpClass): 201 POST http://10.180.1.21/identity/v3/auth/tokens 0.075s
2025-03-10 10:39:16.010 70998 INFO tempest.lib.common.rest_client [req-6717b60f-f4d6-4153-aafd-efb27fb50666 req-6717b60f-f4d6-4153-aafd-efb27fb50666 ] Request (ListImageFiltersTestJSON:test_list_images_with_detail_filter_by_server_ref): 200 GET http://10.180.1.21/compute/v2.1/images/detail?server=http%3A%2F%2F10.180.1.21%2Fcompute%2Fv2.1%2Fservers%2Fadd00fdb-4aa3-4183-9fc7-e6d8b390cde8 0.310s
2025-03-10 10:39:16.019 70994 INFO tempest.lib.common.rest_client [req-3a79bed8-ecd8-4033-a93c-800113ea3e20 req-3a79bed8-ecd8-4033-a93c-800113ea3e20 ] Request (DeleteServersAdminTestJSON:tearDownClass): 204 DELETE http://10.180.1.21:9696/networking/v2.0/security-groups/3445ed5e-b7b0-4740-9019-0cefc59bea9c 0.116s
2025-03-10 10:39:16.066 71002 INFO tempest.lib.common.rest_client [req-47dbadf1-50df-4b49-9e73-bfa65adf30b7 req-47dbadf1-50df-4b49-9e73-bfa65adf30b7 ] Request (MigrationsAdminTest:test_resize_server_revert_deleted_flavor): 200 GET http://10.180.1.21/compute/v2.1/servers/f2842deb-72c7-47d0-ba67-09665b96669e 0.320s
2025-03-10 10:39:16.089 70994 INFO tempest.lib.common.rest_client [req-e1695c04-d8c0-45d3-a8bd-7c7bf00af96a req-e1695c04-d8c0-45d3-a8bd-7c7bf00af96a ] Request (DeleteServersAdminTestJSON:tearDownClass): 204 DELETE http://10.180.1.21/identity/v3/projects/116d554d92dc41c3bad7d28411f84e40 0.069s
2025-03-10 10:39:16.090 70994 INFO tempest.lib.common.dynamic_creds [-] Deleting project and security group for project: 65b37fd8bfa94b8dbb0b894c1caa1078
2025-03-10 10:39:16.135 70974 INFO tempest.lib.common.rest_client [req-c9cbb74c-f885-4fbb-8b1a-200b3884f892 req-c9cbb74c-f885-4fbb-8b1a-200b3884f892 ] Request (InstanceActionsNegativeTestJSON:tearDownClass): 200 GET http://10.180.1.21/compute/v2.1/servers/cf8b4b0c-7652-4509-985f-151434312597 0.342s
2025-03-10 10:39:16.135 70994 INFO tempest.lib.common.rest_client [req-64286eb2-5c87-45b9-95ad-1ed60d2ae230 req-64286eb2-5c87-45b9-95ad-1ed60d2ae230 ] Request (DeleteServersAdminTestJSON:tearDownClass): 200 GET http://10.180.1.21:9696/networking/v2.0/security-groups?tenant_id=65b37fd8bfa94b8dbb0b894c1caa1078&name=default 0.045s
2025-03-10 10:39:16.166 70976 INFO tempest.lib.common.rest_client [req-08bbfb1c-ca83-4125-9d60-e5e5871991f5 req-08bbfb1c-ca83-4125-9d60-e5e5871991f5 ] Request (ImagesMetadataTestJSON:test_update_image_metadata): 200 POST http://10.180.1.21/compute/v2.1/images/972de503-9b48-4c7d-ba1d-022644ec177c/metadata 0.470s
2025-03-10 10:39:16.202 70960 INFO tempest.lib.common.rest_client [req-fe7f92e7-b515-4024-957e-7e72b6f873f5 req-fe7f92e7-b515-4024-957e-7e72b6f873f5 ] Request (ServersAdminNegativeTestJSON:setUpClass): 200 GET http://10.180.1.21/compute/v2.1/servers/b9a15bcc-5fdf-41b3-bb46-e3168a6398ec 0.389s
2025-03-10 10:39:16.232 70982 INFO tempest.lib.common.rest_client [req-64c80723-6ab7-4fa5-ab6d-855b21b9885d req-64c80723-6ab7-4fa5-ab6d-855b21b9885d ] Request (AttachInterfacesUnderV243Test:test_add_remove_fixed_ip): 200 GET http://10.180.1.21/compute/v2.1/servers/04ad9dff-40ef-4ab6-9d26-13b324b39b50 0.353s
2025-03-10 10:39:16.264 70984 INFO tempest.lib.common.rest_client [req-859ea73a-6391-4dd1-bf0e-30802a01ec16 req-859ea73a-6391-4dd1-bf0e-30802a01ec16 ] Request (ServersTestBootFromVolume:setUpClass): 200 GET http://10.180.1.21/compute/v2.1/servers/65e4a7c4-a33e-4438-9185-ec0b4ed2bdcd 0.386s
2025-03-10 10:39:16.267 70998 INFO tempest.lib.common.rest_client [req-ad1c800a-9dea-4758-8c1d-cdd4458d79f1 req-ad1c800a-9dea-4758-8c1d-cdd4458d79f1 ] Request (ListImageFiltersTestJSON:test_list_images_with_detail_filter_by_server_ref): 200 GET http://10.180.1.21/compute/v2.1/images/detail?server=http%3A%2F%2F10.180.1.21%2Fcompute%2Fservers%2Fadd00fdb-4aa3-4183-9fc7-e6d8b390cde8 0.252s
2025-03-10 10:39:16.293 70976 INFO tempest.lib.common.rest_client [req-55d047bd-d6d3-4c54-9047-e853c7d2284b req-55d047bd-d6d3-4c54-9047-e853c7d2284b ] Request (ImagesMetadataTestJSON:test_update_image_metadata): 200 GET http://10.180.1.21/compute/v2.1/images/972de503-9b48-4c7d-ba1d-022644ec177c/metadata 0.127s
2025-03-10 10:39:16.302 70994 INFO tempest.lib.common.rest_client [req-ec4f6a0c-b43c-4c36-ac8f-07cbb094326b req-ec4f6a0c-b43c-4c36-ac8f-07cbb094326b ] Request (DeleteServersAdminTestJSON:tearDownClass): 204 DELETE http://10.180.1.21:9696/networking/v2.0/security-groups/f6f03d7e-6b0b-41d5-bf52-1243b4536116 0.166s
2025-03-10 10:39:16.338 71000 INFO tempest.lib.common.rest_client [req-860175f9-a482-486e-97be-1a1bf98e9f1a req-860175f9-a482-486e-97be-1a1bf98e9f1a ] Request (FloatingIPsAssociationTestJSON:test_associate_already_associated_floating_ip): 200 GET http://10.180.1.21/compute/v2.1/servers/2a077995-2d6b-4c65-ad3b-bd351b7f93f7 0.154s
2025-03-10 10:39:16.355 70968 INFO tempest.lib.common.rest_client [req-5e78d81b-bd21-4f0a-a023-fd13311f1664 req-5e78d81b-bd21-4f0a-a023-fd13311f1664 ] Request (AttachInterfacesTestJSON:setUpClass): 201 POST http://10.180.1.21:9696/networking/v2.0/networks 0.369s
2025-03-10 10:39:16.364 70976 INFO tempest.lib.common.rest_client [req-c71ed058-f96d-4f53-89be-e100e4941e4b req-c71ed058-f96d-4f53-89be-e100e4941e4b ] Request (ImagesMetadataTestJSON:tearDownClass): 204 DELETE http://10.180.1.21/image/v2/images/972de503-9b48-4c7d-ba1d-022644ec177c 0.069s
2025-03-10 10:39:16.372 71008 INFO tempest.lib.common.rest_client [req-0a01fb67-a4c9-4aa7-b55e-8144acd57970 req-0a01fb67-a4c9-4aa7-b55e-8144acd57970 ] Request (ServersListShow298Test:test_list_show_update_rebuild_server_298): 200 GET http://10.180.1.21/compute/v2.1/servers/590341b5-9b5d-4552-b10f-8384efc8e24f 0.181s
2025-03-10 10:39:16.411 70994 INFO tempest.lib.common.rest_client [req-c7cfb60c-4b09-4399-99ef-206019e9b4f8 req-c7cfb60c-4b09-4399-99ef-206019e9b4f8 ] Request (DeleteServersAdminTestJSON:tearDownClass): 204 DELETE http://10.180.1.21/identity/v3/projects/65b37fd8bfa94b8dbb0b894c1caa1078 0.109s
2025-03-10 10:39:16.435 71018 INFO tempest.lib.common.rest_client [req-15e6f8b6-a7b6-40e6-827a-73507498284d req-15e6f8b6-a7b6-40e6-827a-73507498284d ] Request (ServerRescueTestJSONUnderV235:tearDownClass): 200 GET http://10.180.1.21/compute/v2.1/servers/6bf196b5-f557-466d-bc40-eb1965b54280 0.150s
2025-03-10 10:39:16.442 70998 INFO tempest.lib.common.rest_client [req-594d849b-e77b-42eb-9ffd-d3a2b52cf84a req-594d849b-e77b-42eb-9ffd-d3a2b52cf84a ] Request (ListImageFiltersTestJSON:test_list_images_with_detail_filter_by_status): 200 GET http://10.180.1.21/compute/v2.1/images/detail?status=ACTIVE 0.167s
2025-03-10 10:39:16.449 70994 INFO tempest.lib.common.rest_client [req-d5249158-dcb0-49a4-883f-cb14b108b762 req-d5249158-dcb0-49a4-883f-cb14b108b762 ] Request (FlavorsV261TestJSON:setUpClass): 201 POST http://10.180.1.21/identity/v3/auth/tokens 0.035s
2025-03-10 10:39:16.466 70980 WARNING tempest.lib.common.ssh [-] Failed to establish authenticated ssh connection to cirros@10.180.180.209 ([Errno None] Unable to connect to port 22 on 10.180.180.209). Number attempts: 8. Retry after 9 seconds.: paramiko.ssh_exception.NoValidConnectionsError: [Errno None] Unable to connect to port 22 on 10.180.180.209
2025-03-10 10:39:16.488 71014 INFO tempest.lib.common.rest_client [req-2b325f00-5727-4aec-8b05-e1c007042e03 req-2b325f00-5727-4aec-8b05-e1c007042e03 ] Request (ImagesTestJSON:test_create_server_from_snapshot): 200 GET http://10.180.1.21/compute/v2.1/servers/6786080b-4760-4042-b210-69b14fe5af58 0.187s
2025-03-10 10:39:16.488 70976 INFO tempest.lib.common.rest_client [req-568253b6-067a-4988-ac24-dc2070f9444e req-568253b6-067a-4988-ac24-dc2070f9444e ] Request (ImagesMetadataTestJSON:tearDownClass): 204 DELETE http://10.180.1.21/identity/v3/users/7f2960abf2444568afffb731dad66cf8 0.123s
2025-03-10 10:39:16.488 70976 INFO tempest.lib.common.dynamic_creds [-] Deleting project and security group for project: eff73ce8e32c4d6591e2317a155465d7
2025-03-10 10:39:16.506 70964 INFO tempest.lib.common.rest_client [req-18566238-db80-4abd-a862-e134cabe2931 req-18566238-db80-4abd-a862-e134cabe2931 ] Request (ServersAdminTestJSON:setUpClass): 200 GET http://10.180.1.21/compute/v2.1/servers/ebe83ff3-93bf-40a8-a427-39d9ab8ff226 0.164s
2025-03-10 10:39:16.523 70994 INFO tempest.lib.common.rest_client [req-fc5f40cd-8e04-48e9-9e23-45a048d695e5 req-fc5f40cd-8e04-48e9-9e23-45a048d695e5 ] Request (FlavorsV261TestJSON:setUpClass): 201 POST http://10.180.1.21/identity/v3/auth/tokens 0.070s
2025-03-10 10:39:16.541 70998 INFO tempest.lib.common.rest_client [req-4f58e8d4-4742-4bfa-81f1-1a5ef31310b1 req-4f58e8d4-4742-4bfa-81f1-1a5ef31310b1 ] Request (ListImageFiltersTestJSON:test_list_images_with_detail_filter_by_type): 200 GET http://10.180.1.21/compute/v2.1/images/detail?type=snapshot 0.088s
2025-03-10 10:39:16.552 70976 INFO tempest.lib.common.rest_client [req-812b370e-c885-40a6-a938-f4dec9761087 req-812b370e-c885-40a6-a938-f4dec9761087 ] Request (ImagesMetadataTestJSON:tearDownClass): 201 POST http://10.180.1.21/identity/v3/auth/tokens 0.064s
2025-03-10 10:39:16.578 70994 INFO tempest.lib.common.rest_client [req-842113b4-a8d0-4fe6-9d20-b4c3297c27a9 req-842113b4-a8d0-4fe6-9d20-b4c3297c27a9 ] Request (FlavorsV261TestJSON:setUpClass): 200 GET http://10.180.1.21/identity/v3/domains?name=Default 0.054s
2025-03-10 10:39:16.604 70994 INFO tempest.lib.common.rest_client [req-7988db6d-85d9-4542-92be-a45fab0d5cc4 req-7988db6d-85d9-4542-92be-a45fab0d5cc4 ] Request (FlavorsV261TestJSON:setUpClass): 201 POST http://10.180.1.21/identity/v3/projects 0.025s
