2025-03-10 10:39:42.036 71014 INFO tempest.lib.common.rest_client [req-b5c2c85b-0233-4e0e-8d9a-fe4849b89ede req-b5c2c85b-0233-4e0e-8d9a-fe4849b89ede ] Request (ImagesTestJSON:test_create_server_from_snapshot): 200 GET http://10.180.1.21/compute/v2.1/servers/6786080b-4760-4042-b210-69b14fe5af58 0.064s
2025-03-10 10:39:42.043 71002 INFO tempest.lib.common.rest_client [req-850d75c1-d8a9-4316-84e9-fc71c88c1e01 req-850d75c1-d8a9-4316-84e9-fc71c88c1e01 ] Request (MigrationsAdminTest:test_resize_server_revert_deleted_flavor): 200 GET http://10.180.1.21/compute/v2.1/servers/f2842deb-72c7-47d0-ba67-09665b96669e 0.149s
2025-03-10 10:39:42.110 71008 INFO tempest.lib.common.rest_client [req-271eae40-5d91-49eb-86c7-54ccd77a4762 req-271eae40-5d91-49eb-86c7-54ccd77a4762 ] Request (ServersListShow298Test:test_list_show_update_rebuild_server_298): 200 GET http://10.180.1.21/compute/v2.1/servers/590341b5-9b5d-4552-b10f-8384efc8e24f 0.116s
2025-03-10 10:39:42.114 70994 INFO tempest.lib.common.rest_client [req-0f965bd3-cae7-46dd-8616-e28cc1fd2020 req-0f965bd3-cae7-46dd-8616-e28cc1fd2020 ] Request (ServersTestFqdnHostnames:test_create_server_with_fqdn_name): 200 GET http://10.180.1.21/compute/v2.1/servers/62ac915a-5dfe-49f6-89c4-e05fc79b1e86 0.093s
2025-03-10 10:39:42.166 70972 INFO tempest.lib.common.rest_client [req-8bff034e-81bd-4617-902b-8a807675d308 req-8bff034e-81bd-4617-902b-8a807675d308 ] Request (ImagesOneServerNegativeTestJSON:_run_cleanups): 200 GET http://10.180.1.21/compute/v2.1/servers/52dadfee-1694-47c6-add4-2aa7c551596f 0.134s
2025-03-10 10:39:42.182 70964 INFO tempest.lib.common.rest_client [req-f992ee06-7011-4088-a6b8-251b9dba4a7c req-f992ee06-7011-4088-a6b8-251b9dba4a7c ] Request (ServersAdminTestJSON:setUpClass): 200 GET http://10.180.1.21/compute/v2.1/servers/ebe83ff3-93bf-40a8-a427-39d9ab8ff226 0.095s
2025-03-10 10:39:42.222 71018 INFO tempest.lib.common.rest_client [req-f1ca2f89-b9b3-4e7c-970c-93ee6ed7cf33 req-f1ca2f89-b9b3-4e7c-970c-93ee6ed7cf33 ] Request (ServerRescueTestJSONUnderV235:tearDownClass): 200 GET http://10.180.1.21/compute/v2.1/servers/6bf196b5-f557-466d-bc40-eb1965b54280 0.109s
2025-03-10 10:39:42.234 70992 INFO tempest.lib.common.rest_client [req-69d8553f-63c7-4a5e-8641-2108dc03d444 req-69d8553f-63c7-4a5e-8641-2108dc03d444 ] Request (ServerMetadataTestJSON:tearDownClass): 200 GET http://10.180.1.21/compute/v2.1/servers/8ba823aa-5ab0-40ba-8412-66a44d3e5f23 0.072s
2025-03-10 10:39:42.281 70962 INFO tempest.lib.common.rest_client [req-86d5b6ea-6161-4270-a962-90127cf0e59d req-86d5b6ea-6161-4270-a962-90127cf0e59d ] Request (ServersAaction247Test:test_create_backup): 200 GET http://10.180.1.21/compute/v2.1/servers/e15b67f4-394d-452c-a7e6-9a6b40236a8a 0.058s
2025-03-10 10:39:42.446 70998 INFO tempest.lib.common.rest_client [req-378b944f-c309-491f-80aa-4b253ad8b7b2 req-378b944f-c309-491f-80aa-4b253ad8b7b2 ] Request (ListImageFiltersTestJSON:tearDownClass): 200 GET http://10.180.1.21/compute/v2.1/servers/add00fdb-4aa3-4183-9fc7-e6d8b390cde8 0.055s
2025-03-10 10:39:42.457 71012 INFO tempest.lib.common.rest_client [req-2a60fd8c-dd04-47d5-a863-b96d57eb6bbf req-2a60fd8c-dd04-47d5-a863-b96d57eb6bbf ] Request (VolumesAssistedSnapshotsTest:tearDownClass): 200 GET http://10.180.1.21/compute/v2.1/servers/2a559c15-0334-44db-9f7d-ed3282993961 0.054s
2025-03-10 10:39:42.464 71012 INFO tempest.common.waiters [-] State transition "ACTIVE/deleting" ==> "DELETED/None" after 4 second wait
2025-03-10 10:39:42.525 70988 INFO tempest.lib.common.rest_client [req-f07ecd7d-f748-48f5-a45f-0e74725abe75 req-f07ecd7d-f748-48f5-a45f-0e74725abe75 ] Request (ServerDiskConfigTestJSON:test_rebuild_server_with_manual_disk_config): 200 GET http://10.180.1.21/compute/v2.1/servers/46cb041b-2ea2-4ee1-8d04-9c906cf08956 0.051s
2025-03-10 10:39:42.529 71004 INFO tempest.lib.common.rest_client [req-0569c605-cb40-43db-9f26-e1bf9637a70e req-0569c605-cb40-43db-9f26-e1bf9637a70e ] Request (ServersTestMultiNic:_run_cleanups): 200 GET http://10.180.1.21/compute/v2.1/servers/7c82a7ff-8e74-4591-882f-ee5fea3c40c8 0.061s
2025-03-10 10:39:42.570 70958 INFO tempest.lib.common.rest_client [req-3dfd42fd-4da1-484a-883e-06169cc0c1f2 req-3dfd42fd-4da1-484a-883e-06169cc0c1f2 ] Request (ServersWithSpecificFlavorTestJSON:test_verify_created_server_ephemeral_disk): 200 GET http://10.180.1.21/compute/v2.1/servers/e8501dc5-7abf-47c7-8359-cb9b58258539 0.061s
2025-03-10 10:39:42.618 70966 INFO tempest.lib.common.rest_client [req-2ed20cc1-58ac-47d4-9778-30ec15085343 req-2ed20cc1-58ac-47d4-9778-30ec15085343 ] Request (SecurityGroupsTestJSON:test_server_security_groups): 200 GET http://10.180.1.21/compute/v2.1/servers/a8efdcf3-99a1-4499-a4b2-797434dbfbba 0.055s
2025-03-10 10:39:42.687 70984 INFO tempest.lib.common.rest_client [req-e47cca9b-c892-4650-826d-65f5ce256308 req-e47cca9b-c892-4650-826d-65f5ce256308 ] Request (ServersTestBootFromVolume:setUpClass): 200 GET http://10.180.1.21/compute/v2.1/servers/65e4a7c4-a33e-4438-9185-ec0b4ed2bdcd 0.050s
2025-03-10 10:39:42.764 70974 INFO tempest.lib.common.rest_client [req-bee45740-d86d-4f78-9201-e5579498a32c req-bee45740-d86d-4f78-9201-e5579498a32c ] Request (InstanceActionsNegativeTestJSON:tearDownClass): 200 GET http://10.180.1.21/compute/v2.1/servers/cf8b4b0c-7652-4509-985f-151434312597 0.076s
2025-03-10 10:39:42.788 71016 INFO tempest.lib.common.rest_client [req-be7c180b-a75c-42cf-91ed-cd913e63f0da req-be7c180b-a75c-42cf-91ed-cd913e63f0da ] Request (ServerMetadataNegativeTestJSON:setUpClass): 200 GET http://10.180.1.21/compute/v2.1/servers/d47f1698-aca2-4dae-b414-8e0a6ab0f93e 0.137s
2025-03-10 10:39:42.837 70960 INFO tempest.lib.common.rest_client [req-96b084dc-ef0d-46ed-8175-4b4dc7607626 req-96b084dc-ef0d-46ed-8175-4b4dc7607626 ] Request (ServersAdminNegativeTestJSON:setUpClass): 200 GET http://10.180.1.21/compute/v2.1/servers/b9a15bcc-5fdf-41b3-bb46-e3168a6398ec 0.139s
2025-03-10 10:39:42.847 70960 INFO tempest.common.waiters [-] State transition "BUILD/None" ==> "BUILD/networking" after 73 second wait
2025-03-10 10:39:42.908 71000 INFO tempest.lib.common.rest_client [req-c6deadc8-3bf5-4a5e-9b6f-0d9f4bd6db9c req-c6deadc8-3bf5-4a5e-9b6f-0d9f4bd6db9c ] Request (FloatingIPsAssociationTestJSON:test_associate_already_associated_floating_ip): 200 GET http://10.180.1.21/compute/v2.1/servers/2a077995-2d6b-4c65-ad3b-bd351b7f93f7 0.065s
2025-03-10 10:39:43.011 70968 INFO tempest.lib.common.rest_client [req-2caee0f0-12f1-400d-b386-eb3eed969944 req-2caee0f0-12f1-400d-b386-eb3eed969944 ] Request (AttachInterfacesTestJSON:test_create_list_show_delete_interfaces_by_fixed_ip): 200 GET http://10.180.1.21/compute/v2.1/servers/6f14998f-2ea7-4388-bede-9520190119cd 0.066s
2025-03-10 10:39:43.119 71014 INFO tempest.lib.common.rest_client [req-8d699878-d16d-451d-8850-a62b858ac9dc req-8d699878-d16d-451d-8850-a62b858ac9dc ] Request (ImagesTestJSON:test_create_server_from_snapshot): 200 GET http://10.180.1.21/compute/v2.1/servers/6786080b-4760-4042-b210-69b14fe5af58 0.075s
2025-03-10 10:39:43.211 70994 INFO tempest.lib.common.rest_client [req-20ba93a7-8ed4-44de-af57-94ca6a7067e9 req-20ba93a7-8ed4-44de-af57-94ca6a7067e9 ] Request (ServersTestFqdnHostnames:test_create_server_with_fqdn_name): 200 GET http://10.180.1.21/compute/v2.1/servers/62ac915a-5dfe-49f6-89c4-e05fc79b1e86 0.084s
2025-03-10 10:39:43.251 71002 INFO tempest.lib.common.rest_client [req-fed46ba9-d439-4922-a1b4-a5a3b9700666 req-fed46ba9-d439-4922-a1b4-a5a3b9700666 ] Request (MigrationsAdminTest:test_resize_server_revert_deleted_flavor): 200 GET http://10.180.1.21/compute/v2.1/servers/f2842deb-72c7-47d0-ba67-09665b96669e 0.200s
2025-03-10 10:39:43.282 71008 INFO tempest.lib.common.rest_client [req-176239bc-0468-41cb-9df7-947387743672 req-176239bc-0468-41cb-9df7-947387743672 ] Request (ServersListShow298Test:test_list_show_update_rebuild_server_298): 200 GET http://10.180.1.21/compute/v2.1/servers/590341b5-9b5d-4552-b10f-8384efc8e24f 0.154s
2025-03-10 10:39:43.308 70972 INFO tempest.lib.common.rest_client [req-1b59bdd5-9359-4540-8a7d-9653315a0da5 req-1b59bdd5-9359-4540-8a7d-9653315a0da5 ] Request (ImagesOneServerNegativeTestJSON:_run_cleanups): 200 GET http://10.180.1.21/compute/v2.1/servers/52dadfee-1694-47c6-add4-2aa7c551596f 0.131s
2025-03-10 10:39:43.336 70964 INFO tempest.lib.common.rest_client [req-b3b6c69a-ee02-4b94-a98e-d6497e088407 req-b3b6c69a-ee02-4b94-a98e-d6497e088407 ] Request (ServersAdminTestJSON:setUpClass): 200 GET http://10.180.1.21/compute/v2.1/servers/ebe83ff3-93bf-40a8-a427-39d9ab8ff226 0.144s
2025-03-10 10:39:43.390 71018 INFO tempest.lib.common.rest_client [req-34ff3042-ea0e-4186-8dad-d97edcd521df req-34ff3042-ea0e-4186-8dad-d97edcd521df ] Request (ServerRescueTestJSONUnderV235:tearDownClass): 200 GET http://10.180.1.21/compute/v2.1/servers/6bf196b5-f557-466d-bc40-eb1965b54280 0.160s
2025-03-10 10:39:43.406 70992 INFO tempest.lib.common.rest_client [req-c7fbb862-7225-448a-98c6-76d1e6cd8352 req-c7fbb862-7225-448a-98c6-76d1e6cd8352 ] Request (ServerMetadataTestJSON:tearDownClass): 200 GET http://10.180.1.21/compute/v2.1/servers/8ba823aa-5ab0-40ba-8412-66a44d3e5f23 0.165s
2025-03-10 10:39:43.467 70962 INFO tempest.lib.common.rest_client [req-998331c5-dedb-4bf1-8e53-7318da459042 req-998331c5-dedb-4bf1-8e53-7318da459042 ] Request (ServersAaction247Test:test_create_backup): 200 GET http://10.180.1.21/compute/v2.1/servers/e15b67f4-394d-452c-a7e6-9a6b40236a8a 0.177s
2025-03-10 10:39:43.552 70998 INFO tempest.lib.common.rest_client [req-efa5d42f-cbc5-4e50-a5ef-744b7617360b req-efa5d42f-cbc5-4e50-a5ef-744b7617360b ] Request (ListImageFiltersTestJSON:tearDownClass): 200 GET http://10.180.1.21/compute/v2.1/servers/add00fdb-4aa3-4183-9fc7-e6d8b390cde8 0.098s
2025-03-10 10:39:43.557 71012 INFO tempest.lib.common.rest_client [req-2bb57592-6abb-4189-b5cd-f1453053db5c req-2bb57592-6abb-4189-b5cd-f1453053db5c ] Request (VolumesAssistedSnapshotsTest:tearDownClass): 200 GET http://10.180.1.21/compute/v2.1/servers/2a559c15-0334-44db-9f7d-ed3282993961 0.093s
2025-03-10 10:39:43.618 70988 INFO tempest.lib.common.rest_client [req-cf9001f4-6885-483e-acc2-5ef41534451b req-cf9001f4-6885-483e-acc2-5ef41534451b ] Request (ServerDiskConfigTestJSON:test_rebuild_server_with_manual_disk_config): 200 GET http://10.180.1.21/compute/v2.1/servers/46cb041b-2ea2-4ee1-8d04-9c906cf08956 0.086s
2025-03-10 10:39:43.637 71004 INFO tempest.lib.common.rest_client [req-a9ae46ef-cf1b-454d-86f6-011f42085d8a req-a9ae46ef-cf1b-454d-86f6-011f42085d8a ] Request (ServersTestMultiNic:_run_cleanups): 200 GET http://10.180.1.21/compute/v2.1/servers/7c82a7ff-8e74-4591-882f-ee5fea3c40c8 0.098s
2025-03-10 10:39:43.687 70958 INFO tempest.lib.common.rest_client [req-11c33b3e-98be-4efd-83c2-f63f29472a57 req-11c33b3e-98be-4efd-83c2-f63f29472a57 ] Request (ServersWithSpecificFlavorTestJSON:test_verify_created_server_ephemeral_disk): 200 GET http://10.180.1.21/compute/v2.1/servers/e8501dc5-7abf-47c7-8359-cb9b58258539 0.109s
2025-03-10 10:39:43.726 70966 INFO tempest.lib.common.rest_client [req-95049f33-0ae9-44a3-91d6-f21c71891928 req-95049f33-0ae9-44a3-91d6-f21c71891928 ] Request (SecurityGroupsTestJSON:test_server_security_groups): 200 GET http://10.180.1.21/compute/v2.1/servers/a8efdcf3-99a1-4499-a4b2-797434dbfbba 0.098s
2025-03-10 10:39:43.767 70984 INFO tempest.lib.common.rest_client [req-699276f0-c3da-4144-8bd6-00ab3558994a req-699276f0-c3da-4144-8bd6-00ab3558994a ] Request (ServersTestBootFromVolume:setUpClass): 200 GET http://10.180.1.21/compute/v2.1/servers/65e4a7c4-a33e-4438-9185-ec0b4ed2bdcd 0.073s
2025-03-10 10:39:43.854 70974 INFO tempest.lib.common.rest_client [req-03513d27-424e-4d6c-b90a-a0623909dd34 req-03513d27-424e-4d6c-b90a-a0623909dd34 ] Request (InstanceActionsNegativeTestJSON:tearDownClass): 200 GET http://10.180.1.21/compute/v2.1/servers/cf8b4b0c-7652-4509-985f-151434312597 0.079s
2025-03-10 10:39:43.929 71016 INFO tempest.lib.common.rest_client [req-2d369e19-659c-4320-b084-746a3338f024 req-2d369e19-659c-4320-b084-746a3338f024 ] Request (ServerMetadataNegativeTestJSON:setUpClass): 200 GET http://10.180.1.21/compute/v2.1/servers/d47f1698-aca2-4dae-b414-8e0a6ab0f93e 0.132s
2025-03-10 10:39:43.964 70960 INFO tempest.lib.common.rest_client [req-d939186d-fa10-47c7-a606-6f0e5854df69 req-d939186d-fa10-47c7-a606-6f0e5854df69 ] Request (ServersAdminNegativeTestJSON:setUpClass): 200 GET http://10.180.1.21/compute/v2.1/servers/b9a15bcc-5fdf-41b3-bb46-e3168a6398ec 0.115s
2025-03-10 10:39:43.970 70960 INFO tempest.common.waiters [-] State transition "BUILD/networking" ==> "BUILD/spawning" after 74 second wait
2025-03-10 10:39:43.980 71000 INFO tempest.lib.common.rest_client [req-139f7d52-b55f-4531-85cb-fb8c207ef5d4 req-139f7d52-b55f-4531-85cb-fb8c207ef5d4 ] Request (FloatingIPsAssociationTestJSON:test_associate_already_associated_floating_ip): 200 GET http://10.180.1.21/compute/v2.1/servers/2a077995-2d6b-4c65-ad3b-bd351b7f93f7 0.063s
2025-03-10 10:39:44.003 70956 WARNING tempest.lib.common.ssh [-] Failed to establish authenticated ssh connection to cirros@10.180.180.169 ([Errno None] Unable to connect to port 22 on 10.180.180.169). Number attempts: 5. Retry after 6 seconds.: paramiko.ssh_exception.NoValidConnectionsError: [Errno None] Unable to connect to port 22 on 10.180.180.169
2025-03-10 10:39:44.050 70982 WARNING tempest.lib.common.ssh [-] Failed to establish authenticated ssh connection to cirros@10.180.180.133 ([Errno None] Unable to connect to port 22 on 10.180.180.133). Number attempts: 2. Retry after 3 seconds.: paramiko.ssh_exception.NoValidConnectionsError: [Errno None] Unable to connect to port 22 on 10.180.180.133
2025-03-10 10:39:44.088 70968 INFO tempest.lib.common.rest_client [req-c3e20005-bc5d-4559-a372-93d8413d4fcf req-c3e20005-bc5d-4559-a372-93d8413d4fcf ] Request (AttachInterfacesTestJSON:test_create_list_show_delete_interfaces_by_fixed_ip): 200 GET http://10.180.1.21/compute/v2.1/servers/6f14998f-2ea7-4388-bede-9520190119cd 0.064s
2025-03-10 10:39:44.180 71014 INFO tempest.lib.common.rest_client [req-298f88ab-46e6-489b-91de-25e2523fa25c req-298f88ab-46e6-489b-91de-25e2523fa25c ] Request (ImagesTestJSON:test_create_server_from_snapshot): 200 GET http://10.180.1.21/compute/v2.1/servers/6786080b-4760-4042-b210-69b14fe5af58 0.052s
2025-03-10 10:39:44.278 70994 INFO tempest.lib.common.rest_client [req-ab13594f-520a-4ebe-beb3-32ebf47f8dca req-ab13594f-520a-4ebe-beb3-32ebf47f8dca ] Request (ServersTestFqdnHostnames:test_create_server_with_fqdn_name): 200 GET http://10.180.1.21/compute/v2.1/servers/62ac915a-5dfe-49f6-89c4-e05fc79b1e86 0.051s
2025-03-10 10:39:44.385 71008 INFO tempest.lib.common.rest_client [req-2b32b4a8-7ec0-417b-9253-12025b994eaa req-2b32b4a8-7ec0-417b-9253-12025b994eaa ] Request (ServersListShow298Test:test_list_show_update_rebuild_server_298): 200 GET http://10.180.1.21/compute/v2.1/servers/590341b5-9b5d-4552-b10f-8384efc8e24f 0.090s
2025-03-10 10:39:44.434 70996 WARNING tempest.lib.common.ssh [-] Failed to establish authenticated ssh connection to cirros@10.180.180.252 ([Errno None] Unable to connect to port 22 on 10.180.180.252). Number attempts: 3. Retry after 4 seconds.: paramiko.ssh_exception.NoValidConnectionsError: [Errno None] Unable to connect to port 22 on 10.180.180.252
2025-03-10 10:39:44.629 71002 INFO tempest.lib.common.rest_client [req-a273fda0-a2a8-4429-9371-581a52ab1271 req-a273fda0-a2a8-4429-9371-581a52ab1271 ] Request (MigrationsAdminTest:test_resize_server_revert_deleted_flavor): 200 GET http://10.180.1.21/compute/v2.1/servers/f2842deb-72c7-47d0-ba67-09665b96669e 0.369s
2025-03-10 10:39:44.638 70972 INFO tempest.lib.common.rest_client [req-42e82bc6-266b-4887-bafe-e401ca2eec32 req-42e82bc6-266b-4887-bafe-e401ca2eec32 ] Request (ImagesOneServerNegativeTestJSON:_run_cleanups): 200 GET http://10.180.1.21/compute/v2.1/servers/52dadfee-1694-47c6-add4-2aa7c551596f 0.317s
2025-03-10 10:39:44.682 70964 INFO tempest.lib.common.rest_client [req-90df0c2b-589d-475d-ba11-b1758a1a88b2 req-90df0c2b-589d-475d-ba11-b1758a1a88b2 ] Request (ServersAdminTestJSON:setUpClass): 200 GET http://10.180.1.21/compute/v2.1/servers/ebe83ff3-93bf-40a8-a427-39d9ab8ff226 0.337s
2025-03-10 10:39:44.717 71018 INFO tempest.lib.common.rest_client [req-edd218be-6b96-4cb9-98c6-8f3d8ca3847d req-edd218be-6b96-4cb9-98c6-8f3d8ca3847d ] Request (ServerRescueTestJSONUnderV235:tearDownClass): 200 GET http://10.180.1.21/compute/v2.1/servers/6bf196b5-f557-466d-bc40-eb1965b54280 0.317s
2025-03-10 10:39:44.740 70992 INFO tempest.lib.common.rest_client [req-073ce4db-85ca-4573-8f34-84d6940263e9 req-073ce4db-85ca-4573-8f34-84d6940263e9 ] Request (ServerMetadataTestJSON:tearDownClass): 200 GET http://10.180.1.21/compute/v2.1/servers/8ba823aa-5ab0-40ba-8412-66a44d3e5f23 0.325s
2025-03-10 10:39:44.755 70978 WARNING tempest.lib.common.ssh [-] Failed to establish authenticated ssh connection to cirros@10.180.180.242 ([Errno None] Unable to connect to port 22 on 10.180.180.242). Number attempts: 5. Retry after 6 seconds.: paramiko.ssh_exception.NoValidConnectionsError: [Errno None] Unable to connect to port 22 on 10.180.180.242
2025-03-10 10:39:44.768 70962 INFO tempest.lib.common.rest_client [req-ed6ca905-f1a9-4fb8-8c3f-3dc4664536d7 req-ed6ca905-f1a9-4fb8-8c3f-3dc4664536d7 ] Request (ServersAaction247Test:test_create_backup): 200 GET http://10.180.1.21/compute/v2.1/servers/e15b67f4-394d-452c-a7e6-9a6b40236a8a 0.292s
2025-03-10 10:39:44.798 70998 INFO tempest.lib.common.rest_client [req-d66f7617-30aa-4122-a3c8-17f178875aeb req-d66f7617-30aa-4122-a3c8-17f178875aeb ] Request (ListImageFiltersTestJSON:tearDownClass): 200 GET http://10.180.1.21/compute/v2.1/servers/add00fdb-4aa3-4183-9fc7-e6d8b390cde8 0.237s
2025-03-10 10:39:44.828 71012 INFO tempest.lib.common.rest_client [req-ed40e7e9-1f5d-422c-b79a-9afd51b068b4 req-ed40e7e9-1f5d-422c-b79a-9afd51b068b4 ] Request (VolumesAssistedSnapshotsTest:tearDownClass): 200 GET http://10.180.1.21/compute/v2.1/servers/2a559c15-0334-44db-9f7d-ed3282993961 0.259s
2025-03-10 10:39:44.862 70988 INFO tempest.lib.common.rest_client [req-4da08b18-e884-44e4-986a-fa47243c521c req-4da08b18-e884-44e4-986a-fa47243c521c ] Request (ServerDiskConfigTestJSON:test_rebuild_server_with_manual_disk_config): 200 GET http://10.180.1.21/compute/v2.1/servers/46cb041b-2ea2-4ee1-8d04-9c906cf08956 0.229s
2025-03-10 10:39:44.889 71004 INFO tempest.lib.common.rest_client [req-476e6082-d581-42fa-8a1e-02d0b6f4508c req-476e6082-d581-42fa-8a1e-02d0b6f4508c ] Request (ServersTestMultiNic:_run_cleanups): 200 GET http://10.180.1.21/compute/v2.1/servers/7c82a7ff-8e74-4591-882f-ee5fea3c40c8 0.239s
2025-03-10 10:39:44.913 70958 INFO tempest.lib.common.rest_client [req-8a6145cc-a7cf-490b-9609-c95c013ca203 req-8a6145cc-a7cf-490b-9609-c95c013ca203 ] Request (ServersWithSpecificFlavorTestJSON:test_verify_created_server_ephemeral_disk): 200 GET http://10.180.1.21/compute/v2.1/servers/e8501dc5-7abf-47c7-8359-cb9b58258539 0.218s
2025-03-10 10:39:44.958 70966 INFO tempest.lib.common.rest_client [req-61c120f9-82e9-4930-b32a-c3c9709c8d3a req-61c120f9-82e9-4930-b32a-c3c9709c8d3a ] Request (SecurityGroupsTestJSON:test_server_security_groups): 200 GET http://10.180.1.21/compute/v2.1/servers/a8efdcf3-99a1-4499-a4b2-797434dbfbba 0.223s
2025-03-10 10:39:44.968 70984 INFO tempest.lib.common.rest_client [req-858a9db9-4e09-4ede-b3c4-dd5830a5f134 req-858a9db9-4e09-4ede-b3c4-dd5830a5f134 ] Request (ServersTestBootFromVolume:setUpClass): 200 GET http://10.180.1.21/compute/v2.1/servers/65e4a7c4-a33e-4438-9185-ec0b4ed2bdcd 0.193s
2025-03-10 10:39:45.051 70974 INFO tempest.lib.common.rest_client [req-eb02563f-e29d-44c5-bbde-35f149aed6d0 req-eb02563f-e29d-44c5-bbde-35f149aed6d0 ] Request (InstanceActionsNegativeTestJSON:tearDownClass): 200 GET http://10.180.1.21/compute/v2.1/servers/cf8b4b0c-7652-4509-985f-151434312597 0.186s
2025-03-10 10:39:45.174 71016 INFO tempest.lib.common.rest_client [req-40238bf3-546f-4e0a-91ca-1941a1a64d7a req-40238bf3-546f-4e0a-91ca-1941a1a64d7a ] Request (ServerMetadataNegativeTestJSON:setUpClass): 200 GET http://10.180.1.21/compute/v2.1/servers/d47f1698-aca2-4dae-b414-8e0a6ab0f93e 0.236s
2025-03-10 10:39:45.208 70960 INFO tempest.lib.common.rest_client [req-ff955f43-8640-428d-8e93-208b2ca9c4f2 req-ff955f43-8640-428d-8e93-208b2ca9c4f2 ] Request (ServersAdminNegativeTestJSON:setUpClass): 200 GET http://10.180.1.21/compute/v2.1/servers/b9a15bcc-5fdf-41b3-bb46-e3168a6398ec 0.236s
2025-03-10 10:39:45.266 71000 INFO tempest.lib.common.rest_client [req-fe285a03-1e31-4bcc-b7d6-6445c2d63209 req-fe285a03-1e31-4bcc-b7d6-6445c2d63209 ] Request (FloatingIPsAssociationTestJSON:test_associate_already_associated_floating_ip): 200 GET http://10.180.1.21/compute/v2.1/servers/2a077995-2d6b-4c65-ad3b-bd351b7f93f7 0.279s
2025-03-10 10:39:45.275 70968 INFO tempest.lib.common.rest_client [req-8a340fcb-663f-49e9-a678-26c24b7387e5 req-8a340fcb-663f-49e9-a678-26c24b7387e5 ] Request (AttachInterfacesTestJSON:test_create_list_show_delete_interfaces_by_fixed_ip): 200 GET http://10.180.1.21/compute/v2.1/servers/6f14998f-2ea7-4388-bede-9520190119cd 0.174s
2025-03-10 10:39:45.319 71014 INFO tempest.lib.common.rest_client [req-b9679b15-e424-400d-9ae1-c324dfac9c4e req-b9679b15-e424-400d-9ae1-c324dfac9c4e ] Request (ImagesTestJSON:test_create_server_from_snapshot): 200 GET http://10.180.1.21/compute/v2.1/servers/6786080b-4760-4042-b210-69b14fe5af58 0.130s
2025-03-10 10:39:45.343 70994 INFO tempest.lib.common.rest_client [req-5a0505ce-e8ef-4278-ab76-37a03dd61e82 req-5a0505ce-e8ef-4278-ab76-37a03dd61e82 ] Request (ServersTestFqdnHostnames:test_create_server_with_fqdn_name): 200 GET http://10.180.1.21/compute/v2.1/servers/62ac915a-5dfe-49f6-89c4-e05fc79b1e86 0.056s
2025-03-10 10:39:45.457 71008 INFO tempest.lib.common.rest_client [req-eab7387d-79d5-4c8f-8d98-0891d0135076 req-eab7387d-79d5-4c8f-8d98-0891d0135076 ] Request (ServersListShow298Test:test_list_show_update_rebuild_server_298): 200 GET http://10.180.1.21/compute/v2.1/servers/590341b5-9b5d-4552-b10f-8384efc8e24f 0.058s
2025-03-10 10:39:45.716 70972 INFO tempest.lib.common.rest_client [req-923471b9-d728-49ea-8104-faab9f3f2c03 req-923471b9-d728-49ea-8104-faab9f3f2c03 ] Request (ImagesOneServerNegativeTestJSON:_run_cleanups): 200 GET http://10.180.1.21/compute/v2.1/servers/52dadfee-1694-47c6-add4-2aa7c551596f 0.052s
2025-03-10 10:39:45.738 71002 INFO tempest.lib.common.rest_client [req-2caea447-0876-41c9-a094-b90a7af0c7de req-2caea447-0876-41c9-a094-b90a7af0c7de ] Request (MigrationsAdminTest:test_resize_server_revert_deleted_flavor): 200 GET http://10.180.1.21/compute/v2.1/servers/f2842deb-72c7-47d0-ba67-09665b96669e 0.093s
2025-03-10 10:39:45.759 71018 INFO tempest.lib.common.rest_client [req-fccfbe9c-e3ea-4096-8121-cceff22f125f req-fccfbe9c-e3ea-4096-8121-cceff22f125f ] Request (ServerRescueTestJSONUnderV235:tearDownClass): 404 GET http://10.180.1.21/compute/v2.1/servers/6bf196b5-f557-466d-bc40-eb1965b54280 0.035s
2025-03-10 10:39:45.763 70964 INFO tempest.lib.common.rest_client [req-f3cff8b0-eb2c-4d56-9347-b4613a3be5e1 req-f3cff8b0-eb2c-4d56-9347-b4613a3be5e1 ] Request (ServersAdminTestJSON:setUpClass): 200 GET http://10.180.1.21/compute/v2.1/servers/ebe83ff3-93bf-40a8-a427-39d9ab8ff226 0.073s
2025-03-10 10:39:45.822 70992 INFO tempest.lib.common.rest_client [req-fc6fce2c-ff91-40d4-9b42-e54c6d325661 req-fc6fce2c-ff91-40d4-9b42-e54c6d325661 ] Request (ServerMetadataTestJSON:tearDownClass): 200 GET http://10.180.1.21/compute/v2.1/servers/8ba823aa-5ab0-40ba-8412-66a44d3e5f23 0.071s
2025-03-10 10:39:45.838 70962 INFO tempest.lib.common.rest_client [req-5aa5f9f5-6841-4248-bdb3-ab267f9ac060 req-5aa5f9f5-6841-4248-bdb3-ab267f9ac060 ] Request (ServersAaction247Test:test_create_backup): 200 GET http://10.180.1.21/compute/v2.1/servers/e15b67f4-394d-452c-a7e6-9a6b40236a8a 0.060s
2025-03-10 10:39:45.879 70998 INFO tempest.lib.common.rest_client [req-7b8fb14f-e4b7-41b9-9cbd-4cb74d8664ae req-7b8fb14f-e4b7-41b9-9cbd-4cb74d8664ae ] Request (ListImageFiltersTestJSON:tearDownClass): 200 GET http://10.180.1.21/compute/v2.1/servers/add00fdb-4aa3-4183-9fc7-e6d8b390cde8 0.066s
2025-03-10 10:39:45.905 71012 INFO tempest.lib.common.rest_client [req-8afd5bac-229e-4524-b392-3076b49afb70 req-8afd5bac-229e-4524-b392-3076b49afb70 ] Request (VolumesAssistedSnapshotsTest:tearDownClass): 200 GET http://10.180.1.21/compute/v2.1/servers/2a559c15-0334-44db-9f7d-ed3282993961 0.067s
2025-03-10 10:39:45.920 70988 INFO tempest.lib.common.rest_client [req-9aca1dc6-47d4-455a-b737-de3f066d9e22 req-9aca1dc6-47d4-455a-b737-de3f066d9e22 ] Request (ServerDiskConfigTestJSON:test_rebuild_server_with_manual_disk_config): 200 GET http://10.180.1.21/compute/v2.1/servers/46cb041b-2ea2-4ee1-8d04-9c906cf08956 0.048s
2025-03-10 10:39:45.957 71004 INFO tempest.lib.common.rest_client [req-3e4111e1-dc9e-45d9-aa29-6a30b09a3474 req-3e4111e1-dc9e-45d9-aa29-6a30b09a3474 ] Request (ServersTestMultiNic:_run_cleanups): 200 GET http://10.180.1.21/compute/v2.1/servers/7c82a7ff-8e74-4591-882f-ee5fea3c40c8 0.058s
2025-03-10 10:39:45.972 70958 INFO tempest.lib.common.rest_client [req-ec6b9fe1-91c0-49ec-b1c4-94ddc1876157 req-ec6b9fe1-91c0-49ec-b1c4-94ddc1876157 ] Request (ServersWithSpecificFlavorTestJSON:test_verify_created_server_ephemeral_disk): 200 GET http://10.180.1.21/compute/v2.1/servers/e8501dc5-7abf-47c7-8359-cb9b58258539 0.049s
2025-03-10 10:39:46.000 70966 INFO tempest.lib.common.rest_client [req-2555e3f6-5a81-41b9-b958-96865dfe4e59 req-2555e3f6-5a81-41b9-b958-96865dfe4e59 ] Request (SecurityGroupsTestJSON:test_server_security_groups): 404 GET http://10.180.1.21/compute/v2.1/servers/a8efdcf3-99a1-4499-a4b2-797434dbfbba 0.030s
2025-03-10 10:39:46.051 70984 INFO tempest.lib.common.rest_client [req-fd877f68-91b7-4fb0-a88b-b8a6ad894c1c req-fd877f68-91b7-4fb0-a88b-b8a6ad894c1c ] Request (ServersTestBootFromVolume:setUpClass): 200 GET http://10.180.1.21/compute/v2.1/servers/65e4a7c4-a33e-4438-9185-ec0b4ed2bdcd 0.073s
2025-03-10 10:39:46.059 70984 INFO tempest.common.waiters [-] State transition "BUILD/None" ==> "BUILD/networking" after 69 second wait
2025-03-10 10:39:46.093 70974 INFO tempest.lib.common.rest_client [req-3ec29018-cc53-4f62-b178-0a38b54378d0 req-3ec29018-cc53-4f62-b178-0a38b54378d0 ] Request (InstanceActionsNegativeTestJSON:tearDownClass): 404 GET http://10.180.1.21/compute/v2.1/servers/cf8b4b0c-7652-4509-985f-151434312597 0.025s
2025-03-10 10:39:46.152 70966 INFO tempest.lib.common.rest_client [req-01a99fc8-4925-4868-a669-fae131557571 req-01a99fc8-4925-4868-a669-fae131557571 ] Request (SecurityGroupsTestJSON:test_server_security_groups): 202 DELETE http://10.180.1.21/compute/v2.1/os-security-groups/19af8e46-94ae-47ef-ba1f-1489e54baf0d 0.151s
2025-03-10 10:39:46.337 71016 INFO tempest.lib.common.rest_client [req-384f2362-861c-4ed8-a257-89e71277765a req-384f2362-861c-4ed8-a257-89e71277765a ] Request (ServerMetadataNegativeTestJSON:setUpClass): 200 GET http://10.180.1.21/compute/v2.1/servers/d47f1698-aca2-4dae-b414-8e0a6ab0f93e 0.154s
2025-03-10 10:39:46.346 70966 INFO tempest.lib.common.rest_client [req-118e31f8-c088-4c4f-b06a-c7f98b432db4 req-118e31f8-c088-4c4f-b06a-c7f98b432db4 ] Request (SecurityGroupsTestJSON:test_server_security_groups): 202 DELETE http://10.180.1.21/compute/v2.1/os-security-groups/01d1f713-a6aa-40e0-9a3c-3429807b5bb7 0.193s
2025-03-10 10:39:46.407 71000 INFO tempest.lib.common.rest_client [req-337a3815-ec98-4c52-9cfd-79c804d95008 req-337a3815-ec98-4c52-9cfd-79c804d95008 ] Request (FloatingIPsAssociationTestJSON:test_associate_already_associated_floating_ip): 200 GET http://10.180.1.21/compute/v2.1/servers/2a077995-2d6b-4c65-ad3b-bd351b7f93f7 0.130s
2025-03-10 10:39:46.461 70968 INFO tempest.lib.common.rest_client [req-6f084d11-1409-401a-80ea-36d617160aaa req-6f084d11-1409-401a-80ea-36d617160aaa ] Request (AttachInterfacesTestJSON:test_create_list_show_delete_interfaces_by_fixed_ip): 200 GET http://10.180.1.21/compute/v2.1/servers/6f14998f-2ea7-4388-bede-9520190119cd 0.177s
2025-03-10 10:39:46.485 70960 INFO tempest.lib.common.rest_client [req-16bb2cd1-f39e-4919-8d41-6a823543337f req-16bb2cd1-f39e-4919-8d41-6a823543337f ] Request (ServersAdminNegativeTestJSON:setUpClass): 200 GET http://10.180.1.21/compute/v2.1/servers/b9a15bcc-5fdf-41b3-bb46-e3168a6398ec 0.267s
2025-03-10 10:39:46.547 71014 INFO tempest.lib.common.rest_client [req-21877d1c-8c13-4110-b822-b5eb5ba6a020 req-21877d1c-8c13-4110-b822-b5eb5ba6a020 ] Request (ImagesTestJSON:test_create_server_from_snapshot): 200 GET http://10.180.1.21/compute/v2.1/servers/6786080b-4760-4042-b210-69b14fe5af58 0.219s
2025-03-10 10:39:46.613 70994 INFO tempest.lib.common.rest_client [req-a973571e-ff5b-4f38-8c4f-a9abb723df48 req-a973571e-ff5b-4f38-8c4f-a9abb723df48 ] Request (ServersTestFqdnHostnames:test_create_server_with_fqdn_name): 200 GET http://10.180.1.21/compute/v2.1/servers/62ac915a-5dfe-49f6-89c4-e05fc79b1e86 0.262s
2025-03-10 10:39:46.682 71008 INFO tempest.lib.common.rest_client [req-003cee0f-ec7b-4222-9233-fb69cefdc4dc req-003cee0f-ec7b-4222-9233-fb69cefdc4dc ] Request (ServersListShow298Test:test_list_show_update_rebuild_server_298): 200 GET http://10.180.1.21/compute/v2.1/servers/590341b5-9b5d-4552-b10f-8384efc8e24f 0.214s
2025-03-10 10:39:46.688 70966 INFO tempest.lib.common.rest_client [req-19f2a61e-056c-4a5f-b23e-6d16313da48f req-19f2a61e-056c-4a5f-b23e-6d16313da48f ] Request (SecurityGroupsTestJSON:test_update_security_groups): 200 POST http://10.180.1.21/compute/v2.1/os-security-groups 0.341s
2025-03-10 10:39:46.795 70972 INFO tempest.lib.common.rest_client [req-e20d5b06-b96d-4ee7-9de9-8978837d9fac req-e20d5b06-b96d-4ee7-9de9-8978837d9fac ] Request (ImagesOneServerNegativeTestJSON:_run_cleanups): 200 GET http://10.180.1.21/compute/v2.1/servers/52dadfee-1694-47c6-add4-2aa7c551596f 0.072s
2025-03-10 10:39:46.833 70966 INFO tempest.lib.common.rest_client [req-33d8df50-7c8a-4459-891e-ea3806f98626 req-33d8df50-7c8a-4459-891e-ea3806f98626 ] Request (SecurityGroupsTestJSON:test_update_security_groups): 200 PUT http://10.180.1.21/compute/v2.1/os-security-groups/43ab3a31-c57d-455d-b109-654087555d05 0.142s
2025-03-10 10:39:46.894 70964 INFO tempest.lib.common.rest_client [req-9c6df88e-2115-491a-8530-efe64b66096f req-9c6df88e-2115-491a-8530-efe64b66096f ] Request (ServersAdminTestJSON:setUpClass): 200 GET http://10.180.1.21/compute/v2.1/servers/ebe83ff3-93bf-40a8-a427-39d9ab8ff226 0.123s
2025-03-10 10:39:46.944 71002 INFO tempest.lib.common.rest_client [req-b9f4be24-1cbe-443e-bda7-34565e3109a7 req-b9f4be24-1cbe-443e-bda7-34565e3109a7 ] Request (MigrationsAdminTest:test_resize_server_revert_deleted_flavor): 200 GET http://10.180.1.21/compute/v2.1/servers/f2842deb-72c7-47d0-ba67-09665b96669e 0.198s
2025-03-10 10:39:46.964 70992 INFO tempest.lib.common.rest_client [req-53872b5f-6cc1-4201-a5c6-283a40e292e5 req-53872b5f-6cc1-4201-a5c6-283a40e292e5 ] Request (ServerMetadataTestJSON:tearDownClass): 200 GET http://10.180.1.21/compute/v2.1/servers/8ba823aa-5ab0-40ba-8412-66a44d3e5f23 0.131s
2025-03-10 10:39:46.972 71018 INFO tempest.lib.common.rest_client [req-63cacec4-c445-401b-8149-73dc73dcc721 req-63cacec4-c445-401b-8149-73dc73dcc721 ] Request (ServerRescueTestJSONUnderV235:tearDownClass): 200 PUT http://10.180.1.21:9696/networking/v2.0/routers/4422d2b6-789d-47e9-8818-ae975482954b/remove_router_interface 1.212s
2025-03-10 10:39:46.977 70966 INFO tempest.lib.common.rest_client [req-f0ef09f3-bfa7-4fe3-a5bb-d6259e2b1f36 req-f0ef09f3-bfa7-4fe3-a5bb-d6259e2b1f36 ] Request (SecurityGroupsTestJSON:test_update_security_groups): 200 GET http://10.180.1.21/compute/v2.1/os-security-groups/43ab3a31-c57d-455d-b109-654087555d05 0.141s
2025-03-10 10:39:47.046 70962 INFO tempest.lib.common.rest_client [req-45fb7c03-a1fb-481b-87ca-1445b40e15bd req-45fb7c03-a1fb-481b-87ca-1445b40e15bd ] Request (ServersAaction247Test:test_create_backup): 200 GET http://10.180.1.21/compute/v2.1/servers/e15b67f4-394d-452c-a7e6-9a6b40236a8a 0.199s
2025-03-10 10:39:47.063 70998 INFO tempest.lib.common.rest_client [req-32619ada-6f74-4881-b070-46925bc7430b req-32619ada-6f74-4881-b070-46925bc7430b ] Request (ListImageFiltersTestJSON:tearDownClass): 200 GET http://10.180.1.21/compute/v2.1/servers/add00fdb-4aa3-4183-9fc7-e6d8b390cde8 0.176s
2025-03-10 10:39:47.122 70988 INFO tempest.lib.common.rest_client [req-edba33ab-4eef-4edf-8a30-4dfa4efdfba8 req-edba33ab-4eef-4edf-8a30-4dfa4efdfba8 ] Request (ServerDiskConfigTestJSON:test_rebuild_server_with_manual_disk_config): 200 GET http://10.180.1.21/compute/v2.1/servers/46cb041b-2ea2-4ee1-8d04-9c906cf08956 0.195s
2025-03-10 10:39:47.129 71012 INFO tempest.lib.common.rest_client [req-db3066a4-9d42-46dd-8f66-c5e81489875f req-db3066a4-9d42-46dd-8f66-c5e81489875f ] Request (VolumesAssistedSnapshotsTest:tearDownClass): 200 GET http://10.180.1.21/compute/v2.1/servers/2a559c15-0334-44db-9f7d-ed3282993961 0.217s
2025-03-10 10:39:47.190 70958 INFO tempest.lib.common.rest_client [req-f875d7f7-eec9-4911-8067-fb785676e7b2 req-f875d7f7-eec9-4911-8067-fb785676e7b2 ] Request (ServersWithSpecificFlavorTestJSON:test_verify_created_server_ephemeral_disk): 200 GET http://10.180.1.21/compute/v2.1/servers/e8501dc5-7abf-47c7-8359-cb9b58258539 0.206s
2025-03-10 10:39:47.196 71004 INFO tempest.lib.common.rest_client [req-7cae69d9-38f2-4989-a7a5-71d6714cbb31 req-7cae69d9-38f2-4989-a7a5-71d6714cbb31 ] Request (ServersTestMultiNic:_run_cleanups): 200 GET http://10.180.1.21/compute/v2.1/servers/7c82a7ff-8e74-4591-882f-ee5fea3c40c8 0.230s
2025-03-10 10:39:47.305 70974 INFO tempest.lib.common.rest_client [req-61452c5e-2bab-490f-ac36-4b67cf36514d req-61452c5e-2bab-490f-ac36-4b67cf36514d ] Request (InstanceActionsNegativeTestJSON:tearDownClass): 200 PUT http://10.180.1.21:9696/networking/v2.0/routers/20847b5f-bb29-4ce6-a7a7-7ef15938a85b/remove_router_interface 1.211s
2025-03-10 10:39:47.347 70984 INFO tempest.lib.common.rest_client [req-3abf48ab-a89d-4461-8d04-c0b45f56dc44 req-3abf48ab-a89d-4461-8d04-c0b45f56dc44 ] Request (ServersTestBootFromVolume:setUpClass): 200 GET http://10.180.1.21/compute/v2.1/servers/65e4a7c4-a33e-4438-9185-ec0b4ed2bdcd 0.287s
2025-03-10 10:39:47.354 70984 INFO tempest.common.waiters [-] State transition "BUILD/networking" ==> "BUILD/block_device_mapping" after 70 second wait
2025-03-10 10:39:47.397 70966 INFO tempest.lib.common.rest_client [req-824df713-f1ea-4a91-9939-364e2648d2b5 req-824df713-f1ea-4a91-9939-364e2648d2b5 ] Request (SecurityGroupsTestJSON:tearDownClass): 202 DELETE http://10.180.1.21/compute/v2.1/os-security-groups/43ab3a31-c57d-455d-b109-654087555d05 0.405s
2025-03-10 10:39:47.427 70966 INFO tempest.lib.common.rest_client [req-cf4973cc-385e-48f3-9a77-6548f6e578c9 req-cf4973cc-385e-48f3-9a77-6548f6e578c9 ] Request (SecurityGroupsTestJSON:tearDownClass): 404 DELETE http://10.180.1.21/compute/v2.1/servers/a8efdcf3-99a1-4499-a4b2-797434dbfbba 0.030s
2025-03-10 10:39:47.501 71000 INFO tempest.lib.common.rest_client [req-05ae1acc-d2c9-4804-b257-dda5e9912df9 req-05ae1acc-d2c9-4804-b257-dda5e9912df9 ] Request (FloatingIPsAssociationTestJSON:test_associate_already_associated_floating_ip): 200 GET http://10.180.1.21/compute/v2.1/servers/2a077995-2d6b-4c65-ad3b-bd351b7f93f7 0.085s
2025-03-10 10:39:47.522 71016 INFO tempest.lib.common.rest_client [req-40f9054e-5a0a-4eed-9990-d154459ecf34 req-40f9054e-5a0a-4eed-9990-d154459ecf34 ] Request (ServerMetadataNegativeTestJSON:setUpClass): 200 GET http://10.180.1.21/compute/v2.1/servers/d47f1698-aca2-4dae-b414-8e0a6ab0f93e 0.172s
2025-03-10 10:39:47.526 70966 INFO tempest.lib.common.rest_client [req-3605cc2f-ff88-4bc8-aa45-2594a02ccbe3 req-3605cc2f-ff88-4bc8-aa45-2594a02ccbe3 ] Request (SecurityGroupsTestJSON:tearDownClass): 404 GET http://10.180.1.21/compute/v2.1/servers/a8efdcf3-99a1-4499-a4b2-797434dbfbba 0.099s
2025-03-10 10:39:47.590 71018 INFO tempest.lib.common.rest_client [req-81cbf2d1-8134-42b9-a765-eba3ba788f2d req-81cbf2d1-8134-42b9-a765-eba3ba788f2d ] Request (ServerRescueTestJSONUnderV235:tearDownClass): 204 DELETE http://10.180.1.21:9696/networking/v2.0/routers/4422d2b6-789d-47e9-8818-ae975482954b 0.617s
2025-03-10 10:39:47.591 70968 INFO tempest.lib.common.rest_client [req-60fbd312-fbfc-4071-b39f-d80cd671c801 req-60fbd312-fbfc-4071-b39f-d80cd671c801 ] Request (AttachInterfacesTestJSON:test_create_list_show_delete_interfaces_by_fixed_ip): 200 GET http://10.180.1.21/compute/v2.1/servers/6f14998f-2ea7-4388-bede-9520190119cd 0.114s
2025-03-10 10:39:47.618 70966 INFO tempest.lib.common.rest_client [req-372cffab-bbf5-4f3d-b616-4311d03daf2c req-372cffab-bbf5-4f3d-b616-4311d03daf2c ] Request (SecurityGroupsTestJSON:tearDownClass): 404 DELETE http://10.180.1.21/compute/v2.1/os-security-groups/01d1f713-a6aa-40e0-9a3c-3429807b5bb7 0.091s
2025-03-10 10:39:47.642 70960 INFO tempest.lib.common.rest_client [req-453e60d1-551c-4c3c-9cb9-0add94b334e4 req-453e60d1-551c-4c3c-9cb9-0add94b334e4 ] Request (ServersAdminNegativeTestJSON:setUpClass): 200 GET http://10.180.1.21/compute/v2.1/servers/b9a15bcc-5fdf-41b3-bb46-e3168a6398ec 0.147s
2025-03-10 10:39:47.670 70966 INFO tempest.lib.common.rest_client [req-b16fd95c-27ef-460c-b479-c35f8081384c req-b16fd95c-27ef-460c-b479-c35f8081384c ] Request (SecurityGroupsTestJSON:tearDownClass): 404 DELETE http://10.180.1.21/compute/v2.1/os-security-groups/19af8e46-94ae-47ef-ba1f-1489e54baf0d 0.051s
2025-03-10 10:39:47.673 71014 INFO tempest.lib.common.rest_client [req-e8dde4c3-df77-4da8-a80f-5c96e9321868 req-e8dde4c3-df77-4da8-a80f-5c96e9321868 ] Request (ImagesTestJSON:test_create_server_from_snapshot): 200 GET http://10.180.1.21/compute/v2.1/servers/6786080b-4760-4042-b210-69b14fe5af58 0.118s
2025-03-10 10:39:47.692 70966 INFO tempest.lib.common.rest_client [req-960733e0-38b2-4906-b659-d34835a3f965 req-960733e0-38b2-4906-b659-d34835a3f965 ] Request (SecurityGroupsTestJSON:tearDownClass): 404 DELETE http://10.180.1.21/compute/v2.1/os-security-groups/07071501-ea0a-4c53-a71f-171c6afba92a 0.021s
2025-03-10 10:39:47.714 70974 INFO tempest.lib.common.rest_client [req-7ceb8d10-5692-4b80-af31-f4ea99dcd0db req-7ceb8d10-5692-4b80-af31-f4ea99dcd0db ] Request (InstanceActionsNegativeTestJSON:tearDownClass): 204 DELETE http://10.180.1.21:9696/networking/v2.0/routers/20847b5f-bb29-4ce6-a7a7-7ef15938a85b 0.409s
2025-03-10 10:39:47.732 70994 INFO tempest.lib.common.rest_client [req-90f9c806-641d-435e-93af-ccd77656d1e7 req-90f9c806-641d-435e-93af-ccd77656d1e7 ] Request (ServersTestFqdnHostnames:test_create_server_with_fqdn_name): 200 GET http://10.180.1.21/compute/v2.1/servers/62ac915a-5dfe-49f6-89c4-e05fc79b1e86 0.111s
2025-03-10 10:39:47.733 70966 INFO tempest.lib.common.rest_client [req-3ae73c4b-a1c0-410a-ad08-a40f697fdde4 req-3ae73c4b-a1c0-410a-ad08-a40f697fdde4 ] Request (SecurityGroupsTestJSON:tearDownClass): 404 DELETE http://10.180.1.21/compute/v2.1/os-security-groups/75589939-b091-4276-a454-8aaeb470782e 0.041s
2025-03-10 10:39:47.753 71018 INFO tempest.lib.common.rest_client [req-6147dc52-5a90-4d96-8b17-e35c43e05326 req-6147dc52-5a90-4d96-8b17-e35c43e05326 ] Request (ServerRescueTestJSONUnderV235:tearDownClass): 204 DELETE http://10.180.1.21:9696/networking/v2.0/subnets/6019864f-af5d-4f49-a432-266129fe7549 0.162s
2025-03-10 10:39:47.759 70966 INFO tempest.lib.common.rest_client [req-32e74d97-0a41-408c-b2e1-e92927748465 req-32e74d97-0a41-408c-b2e1-e92927748465 ] Request (SecurityGroupsTestJSON:tearDownClass): 404 DELETE http://10.180.1.21/compute/v2.1/os-security-groups/fd26f7b6-058c-4c8d-87fb-5a6ba9fe6570 0.026s
2025-03-10 10:39:47.799 70966 INFO tempest.lib.common.rest_client [req-a9012a2b-46b8-4907-b784-f8ea98786e6b req-a9012a2b-46b8-4907-b784-f8ea98786e6b ] Request (SecurityGroupsTestJSON:tearDownClass): 404 DELETE http://10.180.1.21/compute/v2.1/os-security-groups/cbc1b9a9-ca1f-45b1-a0f7-ad8fe1746754 0.039s
2025-03-10 10:39:47.808 71008 INFO tempest.lib.common.rest_client [req-6a35af26-2eab-4134-9196-e75f81674d99 req-6a35af26-2eab-4134-9196-e75f81674d99 ] Request (ServersListShow298Test:test_list_show_update_rebuild_server_298): 200 GET http://10.180.1.21/compute/v2.1/servers/590341b5-9b5d-4552-b10f-8384efc8e24f 0.109s
2025-03-10 10:39:47.872 70972 INFO tempest.lib.common.rest_client [req-3ffb0619-328d-463c-9709-1dae67ec21e5 req-3ffb0619-328d-463c-9709-1dae67ec21e5 ] Request (ImagesOneServerNegativeTestJSON:_run_cleanups): 200 GET http://10.180.1.21/compute/v2.1/servers/52dadfee-1694-47c6-add4-2aa7c551596f 0.060s
2025-03-10 10:39:47.905 70974 INFO tempest.lib.common.rest_client [req-fe658d0b-8aa8-4a38-b310-85c82b7ae530 req-fe658d0b-8aa8-4a38-b310-85c82b7ae530 ] Request (InstanceActionsNegativeTestJSON:tearDownClass): 204 DELETE http://10.180.1.21:9696/networking/v2.0/subnets/3ca6aedc-2431-4047-86ee-65ec8694bbd3 0.190s
2025-03-10 10:39:47.915 71018 INFO tempest.lib.common.rest_client [req-748a382b-f313-4e11-8662-4f7900db130d req-748a382b-f313-4e11-8662-4f7900db130d ] Request (ServerRescueTestJSONUnderV235:tearDownClass): 204 DELETE http://10.180.1.21:9696/networking/v2.0/networks/a0038b45-8090-4d61-8213-bb7358b037a2 0.161s
2025-03-10 10:39:47.929 70966 INFO tempest.lib.common.rest_client [req-91f0a936-87f9-414b-bb17-4b8845f4ed4d req-91f0a936-87f9-414b-bb17-4b8845f4ed4d ] Request (SecurityGroupsTestJSON:tearDownClass): 204 DELETE http://10.180.1.21/compute/v2.1/servers/97d77c3d-a0e8-4095-a8a9-06190fa7d878 0.129s
2025-03-10 10:39:47.965 70964 INFO tempest.lib.common.rest_client [req-2723edbb-14fa-4dff-b2ae-d70bc010eec8 req-2723edbb-14fa-4dff-b2ae-d70bc010eec8 ] Request (ServersAdminTestJSON:setUpClass): 200 GET http://10.180.1.21/compute/v2.1/servers/ebe83ff3-93bf-40a8-a427-39d9ab8ff226 0.061s
2025-03-10 10:39:48.045 71018 INFO tempest.lib.common.rest_client [req-62892b04-a3d3-4019-9a79-daf085a5e328 req-62892b04-a3d3-4019-9a79-daf085a5e328 ] Request (ServerRescueTestJSONUnderV235:tearDownClass): 204 DELETE http://10.180.1.21/identity/v3/users/266188afe876484dadb82b39a706bb3d 0.130s
2025-03-10 10:39:48.046 71018 INFO tempest.lib.common.dynamic_creds [-] Deleting project and security group for project: a152569af1914060ba8de5585312fe47
2025-03-10 10:39:48.088 71018 INFO tempest.lib.common.rest_client [req-3616cef2-7020-4110-aff3-2c4d5fa54ca2 req-3616cef2-7020-4110-aff3-2c4d5fa54ca2 ] Request (ServerRescueTestJSONUnderV235:tearDownClass): 200 GET http://10.180.1.21:9696/networking/v2.0/security-groups?tenant_id=a152569af1914060ba8de5585312fe47&name=default 0.042s
2025-03-10 10:39:48.143 71002 INFO tempest.lib.common.rest_client [req-3e477943-7a76-430e-93d0-c9cca2280287 req-3e477943-7a76-430e-93d0-c9cca2280287 ] Request (MigrationsAdminTest:test_resize_server_revert_deleted_flavor): 200 GET http://10.180.1.21/compute/v2.1/servers/f2842deb-72c7-47d0-ba67-09665b96669e 0.185s
2025-03-10 10:39:48.173 70966 INFO tempest.lib.common.rest_client [req-a712a426-4efd-4d8d-ac47-0372a2e99ee9 req-a712a426-4efd-4d8d-ac47-0372a2e99ee9 ] Request (SecurityGroupsTestJSON:tearDownClass): 200 GET http://10.180.1.21/compute/v2.1/servers/97d77c3d-a0e8-4095-a8a9-06190fa7d878 0.244s
2025-03-10 10:39:48.193 71018 INFO tempest.lib.common.rest_client [req-7f1d55a5-2bdc-4c43-a303-72af07304bab req-7f1d55a5-2bdc-4c43-a303-72af07304bab ] Request (ServerRescueTestJSONUnderV235:tearDownClass): 204 DELETE http://10.180.1.21:9696/networking/v2.0/security-groups/6350e4bc-fc20-4b78-abae-61100560d5e2 0.104s
2025-03-10 10:39:48.218 70992 INFO tempest.lib.common.rest_client [req-ed509dd5-4dcb-486f-a448-3260400faf18 req-ed509dd5-4dcb-486f-a448-3260400faf18 ] Request (ServerMetadataTestJSON:tearDownClass): 200 GET http://10.180.1.21/compute/v2.1/servers/8ba823aa-5ab0-40ba-8412-66a44d3e5f23 0.240s
2025-03-10 10:39:48.237 70962 INFO tempest.lib.common.rest_client [req-ea9cf9d1-fdeb-4e0f-b954-52ae5ecbef50 req-ea9cf9d1-fdeb-4e0f-b954-52ae5ecbef50 ] Request (ServersAaction247Test:test_create_backup): 200 GET http://10.180.1.21/compute/v2.1/servers/e15b67f4-394d-452c-a7e6-9a6b40236a8a 0.180s
2025-03-10 10:39:48.290 70998 INFO tempest.lib.common.rest_client [req-610339ae-e0fd-4a7b-9b4b-1b016368037b req-610339ae-e0fd-4a7b-9b4b-1b016368037b ] Request (ListImageFiltersTestJSON:tearDownClass): 200 GET http://10.180.1.21/compute/v2.1/servers/add00fdb-4aa3-4183-9fc7-e6d8b390cde8 0.213s
2025-03-10 10:39:48.297 71018 INFO tempest.lib.common.rest_client [req-407ea205-586c-46e4-9fc6-59661ef3a355 req-407ea205-586c-46e4-9fc6-59661ef3a355 ] Request (ServerRescueTestJSONUnderV235:tearDownClass): 204 DELETE http://10.180.1.21/identity/v3/projects/a152569af1914060ba8de5585312fe47 0.104s
2025-03-10 10:39:48.308 70988 INFO tempest.lib.common.rest_client [req-4c4cd9e1-977d-4622-9900-03bab6c482b8 req-4c4cd9e1-977d-4622-9900-03bab6c482b8 ] Request (ServerDiskConfigTestJSON:test_rebuild_server_with_manual_disk_config): 200 GET http://10.180.1.21/compute/v2.1/servers/46cb041b-2ea2-4ee1-8d04-9c906cf08956 0.177s
2025-03-10 10:39:48.326 70982 WARNING tempest.lib.common.ssh [-] Failed to establish authenticated ssh connection to cirros@10.180.180.133 ([Errno None] Unable to connect to port 22 on 10.180.180.133). Number attempts: 3. Retry after 4 seconds.: paramiko.ssh_exception.NoValidConnectionsError: [Errno None] Unable to connect to port 22 on 10.180.180.133
2025-03-10 10:39:48.368 71012 INFO tempest.lib.common.rest_client [req-03914b9f-34e1-42cc-8cee-a3f4f5c4a98d req-03914b9f-34e1-42cc-8cee-a3f4f5c4a98d ] Request (VolumesAssistedSnapshotsTest:tearDownClass): 200 GET http://10.180.1.21/compute/v2.1/servers/2a559c15-0334-44db-9f7d-ed3282993961 0.230s
2025-03-10 10:39:48.376 70958 INFO tempest.lib.common.rest_client [req-bbe3c083-2445-47a4-b713-f704f24042cb req-bbe3c083-2445-47a4-b713-f704f24042cb ] Request (ServersWithSpecificFlavorTestJSON:test_verify_created_server_ephemeral_disk): 200 GET http://10.180.1.21/compute/v2.1/servers/e8501dc5-7abf-47c7-8359-cb9b58258539 0.175s
2025-03-10 10:39:48.435 70974 INFO tempest.lib.common.rest_client [req-f9a7bc6c-1aeb-4586-8ec2-84fb2ce68b7c req-f9a7bc6c-1aeb-4586-8ec2-84fb2ce68b7c ] Request (InstanceActionsNegativeTestJSON:tearDownClass): 204 DELETE http://10.180.1.21:9696/networking/v2.0/networks/761d8294-fca7-4e6a-814f-72d0246f0338 0.529s
2025-03-10 10:39:48.454 71004 INFO tempest.lib.common.rest_client [req-f40c09b0-60b0-4226-86a3-3abe66dd1cdf req-f40c09b0-60b0-4226-86a3-3abe66dd1cdf ] Request (ServersTestMultiNic:_run_cleanups): 200 GET http://10.180.1.21/compute/v2.1/servers/7c82a7ff-8e74-4591-882f-ee5fea3c40c8 0.247s
2025-03-10 10:39:48.518 70984 INFO tempest.lib.common.rest_client [req-7331d269-f33d-4335-83e6-a16b9a7c5874 req-7331d269-f33d-4335-83e6-a16b9a7c5874 ] Request (ServersTestBootFromVolume:setUpClass): 200 GET http://10.180.1.21/compute/v2.1/servers/65e4a7c4-a33e-4438-9185-ec0b4ed2bdcd 0.164s
2025-03-10 10:39:48.546 70974 INFO tempest.lib.common.rest_client [req-6b6ae988-bef0-4a3c-bedd-5f24f887c188 req-6b6ae988-bef0-4a3c-bedd-5f24f887c188 ] Request (InstanceActionsNegativeTestJSON:tearDownClass): 204 DELETE http://10.180.1.21/identity/v3/users/0c267c526b024ca9b5530754d479012e 0.110s
2025-03-10 10:39:48.546 70974 INFO tempest.lib.common.dynamic_creds [-] Deleting project and security group for project: fc2df036a6de4b7baed4d6f0f9f775f4
2025-03-10 10:39:48.570 70974 INFO tempest.lib.common.rest_client [req-cd80188d-6af3-4e54-be3b-9698dcdba52b req-cd80188d-6af3-4e54-be3b-9698dcdba52b ] Request (InstanceActionsNegativeTestJSON:tearDownClass): 200 GET http://10.180.1.21:9696/networking/v2.0/security-groups?tenant_id=fc2df036a6de4b7baed4d6f0f9f775f4&name=default 0.023s
2025-03-10 10:39:48.589 71000 INFO tempest.lib.common.rest_client [req-f40196a0-c292-4ae4-9d26-7cd1f09d9112 req-f40196a0-c292-4ae4-9d26-7cd1f09d9112 ] Request (FloatingIPsAssociationTestJSON:test_associate_already_associated_floating_ip): 200 GET http://10.180.1.21/compute/v2.1/servers/2a077995-2d6b-4c65-ad3b-bd351b7f93f7 0.076s
2025-03-10 10:39:48.646 70974 INFO tempest.lib.common.rest_client [req-78423169-b95c-4b9e-9588-d132b5a4d59c req-78423169-b95c-4b9e-9588-d132b5a4d59c ] Request (InstanceActionsNegativeTestJSON:tearDownClass): 204 DELETE http://10.180.1.21:9696/networking/v2.0/security-groups/20fca473-6f71-47fa-b171-66ecc8b51c30 0.076s
2025-03-10 10:39:48.652 71016 INFO tempest.lib.common.rest_client [req-490c44e3-309f-418a-84aa-91624f75fb01 req-490c44e3-309f-418a-84aa-91624f75fb01 ] Request (ServerMetadataNegativeTestJSON:setUpClass): 200 GET http://10.180.1.21/compute/v2.1/servers/d47f1698-aca2-4dae-b414-8e0a6ab0f93e 0.120s
2025-03-10 10:39:48.666 70968 INFO tempest.lib.common.rest_client [req-d4ade273-3fb7-4be6-9d6e-a6c5cf48b8e1 req-d4ade273-3fb7-4be6-9d6e-a6c5cf48b8e1 ] Request (AttachInterfacesTestJSON:test_create_list_show_delete_interfaces_by_fixed_ip): 200 GET http://10.180.1.21/compute/v2.1/servers/6f14998f-2ea7-4388-bede-9520190119cd 0.060s
2025-03-10 10:39:48.732 70974 INFO tempest.lib.common.rest_client [req-4796b3f2-ec9e-459f-a2ee-a0f48a437df9 req-4796b3f2-ec9e-459f-a2ee-a0f48a437df9 ] Request (InstanceActionsNegativeTestJSON:tearDownClass): 204 DELETE http://10.180.1.21/identity/v3/projects/fc2df036a6de4b7baed4d6f0f9f775f4 0.084s
2025-03-10 10:39:48.743 71014 INFO tempest.lib.common.rest_client [req-02910d5a-3b6a-44d9-bc39-86611e4b7f72 req-02910d5a-3b6a-44d9-bc39-86611e4b7f72 ] Request (ImagesTestJSON:test_create_server_from_snapshot): 200 GET http://10.180.1.21/compute/v2.1/servers/6786080b-4760-4042-b210-69b14fe5af58 0.056s
2025-03-10 10:39:48.786 70960 INFO tempest.lib.common.rest_client [req-101ace88-a9f6-4470-93e1-5f0f40b148d6 req-101ace88-a9f6-4470-93e1-5f0f40b148d6 ] Request (ServersAdminNegativeTestJSON:setUpClass): 200 GET http://10.180.1.21/compute/v2.1/servers/b9a15bcc-5fdf-41b3-bb46-e3168a6398ec 0.134s
2025-03-10 10:39:48.811 70994 INFO tempest.lib.common.rest_client [req-4168ca13-c4a0-4646-a4d1-4eb1f9cd9ac4 req-4168ca13-c4a0-4646-a4d1-4eb1f9cd9ac4 ] Request (ServersTestFqdnHostnames:test_create_server_with_fqdn_name): 200 GET http://10.180.1.21/compute/v2.1/servers/62ac915a-5dfe-49f6-89c4-e05fc79b1e86 0.071s
