2025-03-10 10:39:35.582 70964 INFO tempest.lib.common.rest_client [req-90119e1f-8fc8-48c1-ab54-9736bc092d6d req-90119e1f-8fc8-48c1-ab54-9736bc092d6d ] Request (ServersAdminTestJSON:setUpClass): 200 GET http://10.180.1.21/compute/v2.1/servers/ebe83ff3-93bf-40a8-a427-39d9ab8ff226 0.065s
2025-03-10 10:39:35.592 71012 INFO tempest.lib.common.rest_client [req-0cb0cbc0-d060-4fed-a107-cdb73b2220c9 req-0cb0cbc0-d060-4fed-a107-cdb73b2220c9 ] Request (VolumesAssistedSnapshotsTest:_run_cleanups): 200 GET http://10.180.1.21/volume/v3/volumes/dc44a1b7-5745-4b87-9dd5-f16422d40805 0.025s
2025-03-10 10:39:35.598 70982 INFO tempest.lib.common.rest_client [req-136bd98d-931d-41c2-b5b8-17f7ba80a7c5 req-136bd98d-931d-41c2-b5b8-17f7ba80a7c5 ] Request (AttachInterfacesUnderV243Test:test_add_remove_fixed_ip): 200 GET http://10.180.1.21/compute/v2.1/servers/04ad9dff-40ef-4ab6-9d26-13b324b39b50 0.112s
2025-03-10 10:39:35.605 70982 INFO tempest.common.waiters [-] State transition "BUILD/spawning" ==> "ACTIVE/None" after 83 second wait
2025-03-10 10:39:35.652 70992 INFO tempest.lib.common.rest_client [req-1060cdd2-7b5b-4a5a-9829-7e14b9865701 req-1060cdd2-7b5b-4a5a-9829-7e14b9865701 ] Request (ServerMetadataTestJSON:tearDownClass): 200 GET http://10.180.1.21/compute/v2.1/servers/8ba823aa-5ab0-40ba-8412-66a44d3e5f23 0.109s
2025-03-10 10:39:35.685 71004 INFO tempest.lib.common.rest_client [req-f7c3109c-139e-4c2e-baaa-687e8601c5b2 req-f7c3109c-139e-4c2e-baaa-687e8601c5b2 ] Request (ServersTestMultiNic:_run_cleanups): 200 GET http://10.180.1.21/compute/v2.1/servers/7c82a7ff-8e74-4591-882f-ee5fea3c40c8 0.154s
2025-03-10 10:39:35.697 70962 INFO tempest.lib.common.rest_client [req-79349d8b-dadd-4eed-89b3-8aa034782abc req-79349d8b-dadd-4eed-89b3-8aa034782abc ] Request (ServersAaction247Test:test_create_backup): 200 GET http://10.180.1.21/compute/v2.1/servers/e15b67f4-394d-452c-a7e6-9a6b40236a8a 0.127s
2025-03-10 10:39:35.715 70972 INFO tempest.lib.common.rest_client [req-fbf1bac0-818f-4a32-8b99-34bc167ae5c0 req-fbf1bac0-818f-4a32-8b99-34bc167ae5c0 ] Request (ImagesOneServerNegativeTestJSON:_run_cleanups): 404 GET http://10.180.1.21/compute/v2.1/servers/37e78c17-1f84-4d2e-b362-6fe4d668c7f8 0.087s
2025-03-10 10:39:35.739 70982 INFO tempest.lib.common.rest_client [req-0c205e25-4743-4090-8c93-0f2fe655d01a req-0c205e25-4743-4090-8c93-0f2fe655d01a ] Request (AttachInterfacesUnderV243Test:test_add_remove_fixed_ip): 200 GET http://10.180.1.21/compute/v2.1/servers/04ad9dff-40ef-4ab6-9d26-13b324b39b50/os-interface 0.133s
2025-03-10 10:39:35.768 70998 INFO tempest.lib.common.rest_client [req-0d714924-3595-491d-bde9-fa4a940e6e75 req-0d714924-3595-491d-bde9-fa4a940e6e75 ] Request (ListImageFiltersTestJSON:tearDownClass): 200 GET http://10.180.1.21/compute/v2.1/servers/add00fdb-4aa3-4183-9fc7-e6d8b390cde8 0.132s
2025-03-10 10:39:35.788 70988 INFO tempest.lib.common.rest_client [req-b09cb6a1-588a-4e7e-98c2-94de08fba322 req-b09cb6a1-588a-4e7e-98c2-94de08fba322 ] Request (ServerDiskConfigTestJSON:test_rebuild_server_with_manual_disk_config): 200 GET http://10.180.1.21/compute/v2.1/servers/46cb041b-2ea2-4ee1-8d04-9c906cf08956 0.105s
2025-03-10 10:39:35.816 70958 INFO tempest.lib.common.rest_client [req-410cc348-79f8-4bce-bd37-31c6a1891de8 req-410cc348-79f8-4bce-bd37-31c6a1891de8 ] Request (ServersWithSpecificFlavorTestJSON:test_verify_created_server_ephemeral_disk): 200 GET http://10.180.1.21/compute/v2.1/servers/e8501dc5-7abf-47c7-8359-cb9b58258539 0.133s
2025-03-10 10:39:35.821 70972 INFO tempest.lib.common.rest_client [req-55c23c15-620b-4966-bf7e-4e29b5de0cf4 req-55c23c15-620b-4966-bf7e-4e29b5de0cf4 ] Request (ImagesOneServerNegativeTestJSON:_run_cleanups): 200 POST http://10.180.1.21/compute/v2.1/os-keypairs 0.104s
2025-03-10 10:39:35.874 71016 INFO tempest.lib.common.rest_client [req-73973828-3ba3-4c3d-a8d1-dfbf91cbfb11 req-73973828-3ba3-4c3d-a8d1-dfbf91cbfb11 ] Request (ServerMetadataNegativeTestJSON:setUpClass): 200 GET http://10.180.1.21/compute/v2.1/servers/d47f1698-aca2-4dae-b414-8e0a6ab0f93e 0.143s
2025-03-10 10:39:35.885 70966 INFO tempest.lib.common.rest_client [req-134d5013-140b-4a76-a54a-4c388832782f req-134d5013-140b-4a76-a54a-4c388832782f ] Request (SecurityGroupsTestJSON:test_server_security_groups): 200 GET http://10.180.1.21/compute/v2.1/servers/a8efdcf3-99a1-4499-a4b2-797434dbfbba 0.140s
2025-03-10 10:39:35.939 70974 INFO tempest.lib.common.rest_client [req-a70ad459-8414-4f31-bec8-977d12a73b96 req-a70ad459-8414-4f31-bec8-977d12a73b96 ] Request (InstanceActionsNegativeTestJSON:tearDownClass): 200 GET http://10.180.1.21/compute/v2.1/servers/cf8b4b0c-7652-4509-985f-151434312597 0.097s
2025-03-10 10:39:35.974 70972 INFO tempest.lib.common.rest_client [req-397019c5-a830-4846-aac6-bf342eb019a6 req-397019c5-a830-4846-aac6-bf342eb019a6 ] Request (ImagesOneServerNegativeTestJSON:_run_cleanups): 201 POST http://10.180.1.21:9696/networking/v2.0/security-groups 0.151s
2025-03-10 10:39:36.006 70970 INFO tempest.lib.common.rest_client [req-020385f9-5f34-4700-ae2e-750f3c254d10 req-020385f9-5f34-4700-ae2e-750f3c254d10 ] Request (ServerExternalEventsTest:tearDownClass): 200 GET http://10.180.1.21/compute/v2.1/servers/122e0404-29c7-4d16-bf19-5c979cdb8702 0.066s
2025-03-10 10:39:36.067 70984 INFO tempest.lib.common.rest_client [req-2a0a8ab2-cfc8-47fc-8f80-027c53465117 req-2a0a8ab2-cfc8-47fc-8f80-027c53465117 ] Request (ServersTestBootFromVolume:setUpClass): 200 GET http://10.180.1.21/compute/v2.1/servers/65e4a7c4-a33e-4438-9185-ec0b4ed2bdcd 0.079s
2025-03-10 10:39:36.091 70972 INFO tempest.lib.common.rest_client [req-3f191060-e793-4f41-ae1c-c429d6d90b01 req-3f191060-e793-4f41-ae1c-c429d6d90b01 ] Request (ImagesOneServerNegativeTestJSON:_run_cleanups): 201 POST http://10.180.1.21:9696/networking/v2.0/security-group-rules 0.116s
2025-03-10 10:39:36.123 70960 INFO tempest.lib.common.rest_client [req-2d57d3ca-65ad-4e7b-882b-e46965aac82a req-2d57d3ca-65ad-4e7b-882b-e46965aac82a ] Request (ServersAdminNegativeTestJSON:setUpClass): 200 GET http://10.180.1.21/compute/v2.1/servers/b9a15bcc-5fdf-41b3-bb46-e3168a6398ec 0.080s
2025-03-10 10:39:36.164 71002 INFO tempest.lib.common.rest_client [req-dbeeadec-aa53-4f2a-b147-5040fbae3dec req-dbeeadec-aa53-4f2a-b147-5040fbae3dec ] Request (MigrationsAdminTest:test_resize_server_revert_deleted_flavor): 200 GET http://10.180.1.21/compute/v2.1/servers/f2842deb-72c7-47d0-ba67-09665b96669e 0.381s
2025-03-10 10:39:36.171 71002 INFO tempest.common.waiters [-] State transition "BUILD/None" ==> "BUILD/networking" after 70 second wait
2025-03-10 10:39:36.178 70978 WARNING tempest.lib.common.ssh [-] Failed to establish authenticated ssh connection to cirros@10.180.180.242 ([Errno None] Unable to connect to port 22 on 10.180.180.242). Number attempts: 4. Retry after 5 seconds.: paramiko.ssh_exception.NoValidConnectionsError: [Errno None] Unable to connect to port 22 on 10.180.180.242
2025-03-10 10:39:36.179 71000 INFO tempest.lib.common.rest_client [req-7b03301d-ecac-4bde-b2db-c987d7ff7dc3 req-7b03301d-ecac-4bde-b2db-c987d7ff7dc3 ] Request (FloatingIPsAssociationTestJSON:test_associate_already_associated_floating_ip): 200 GET http://10.180.1.21/compute/v2.1/servers/2a077995-2d6b-4c65-ad3b-bd351b7f93f7 0.067s
2025-03-10 10:39:36.202 70972 INFO tempest.lib.common.rest_client [req-ef9707bd-f346-4605-bccc-fccd5716022c req-ef9707bd-f346-4605-bccc-fccd5716022c ] Request (ImagesOneServerNegativeTestJSON:_run_cleanups): 201 POST http://10.180.1.21:9696/networking/v2.0/security-group-rules 0.111s
2025-03-10 10:39:36.219 70968 INFO tempest.lib.common.rest_client [req-a600f08b-644a-4683-8c3c-f65d47ac53c0 req-a600f08b-644a-4683-8c3c-f65d47ac53c0 ] Request (AttachInterfacesTestJSON:test_create_list_show_delete_interfaces_by_fixed_ip): 200 GET http://10.180.1.21/compute/v2.1/servers/6f14998f-2ea7-4388-bede-9520190119cd 0.054s
2025-03-10 10:39:36.603 71008 INFO tempest.lib.common.rest_client [req-34e6a565-56c5-4077-b6f5-fa2a460ac8b1 req-34e6a565-56c5-4077-b6f5-fa2a460ac8b1 ] Request (ServersListShow298Test:test_list_show_update_rebuild_server_298): 200 GET http://10.180.1.21/compute/v2.1/servers/590341b5-9b5d-4552-b10f-8384efc8e24f 0.316s
2025-03-10 10:39:36.612 71014 INFO tempest.lib.common.rest_client [req-8efc2a31-c7a2-4498-9dfb-7101170139e3 req-8efc2a31-c7a2-4498-9dfb-7101170139e3 ] Request (ImagesTestJSON:test_create_server_from_snapshot): 200 GET http://10.180.1.21/compute/v2.1/servers/6786080b-4760-4042-b210-69b14fe5af58 0.286s
2025-03-10 10:39:36.653 71012 INFO tempest.lib.common.rest_client [req-b3a7223c-1ab8-4924-b96a-a39c2b863b3a req-b3a7223c-1ab8-4924-b96a-a39c2b863b3a ] Request (VolumesAssistedSnapshotsTest:_run_cleanups): 200 GET http://10.180.1.21/volume/v3/volumes/dc44a1b7-5745-4b87-9dd5-f16422d40805 0.054s
2025-03-10 10:39:36.657 70982 INFO tempest.lib.common.rest_client [req-935d3407-ae22-4a7e-a280-c864c4a8047e req-935d3407-ae22-4a7e-a280-c864c4a8047e ] Request (AttachInterfacesUnderV243Test:test_add_remove_fixed_ip): 200 PUT http://10.180.1.21:9696/networking/v2.0/floatingips/9b67ad29-aeac-4836-af03-9b5985df319f 0.916s
2025-03-10 10:39:36.669 70994 INFO tempest.lib.common.rest_client [req-1f7362c2-3318-4aa5-bc49-937e305dce99 req-1f7362c2-3318-4aa5-bc49-937e305dce99 ] Request (ServersTestFqdnHostnames:test_create_server_with_fqdn_name): 200 GET http://10.180.1.21/compute/v2.1/servers/62ac915a-5dfe-49f6-89c4-e05fc79b1e86 0.254s
2025-03-10 10:39:36.688 71018 INFO tempest.lib.common.rest_client [req-affef9ca-3f8c-4054-af32-4f64c041e7a5 req-affef9ca-3f8c-4054-af32-4f64c041e7a5 ] Request (ServerRescueTestJSONUnderV235:tearDownClass): 200 GET http://10.180.1.21/compute/v2.1/servers/6bf196b5-f557-466d-bc40-eb1965b54280 0.175s
2025-03-10 10:39:36.729 70964 INFO tempest.lib.common.rest_client [req-e97ad8bc-d414-400c-9670-3488627fe981 req-e97ad8bc-d414-400c-9670-3488627fe981 ] Request (ServersAdminTestJSON:setUpClass): 200 GET http://10.180.1.21/compute/v2.1/servers/ebe83ff3-93bf-40a8-a427-39d9ab8ff226 0.139s
2025-03-10 10:39:36.738 70964 INFO tempest.common.waiters [-] State transition "BUILD/scheduling" ==> "BUILD/None" after 26 second wait
2025-03-10 10:39:36.812 70992 INFO tempest.lib.common.rest_client [req-ac730cef-8acc-486b-92cb-945a8c67418d req-ac730cef-8acc-486b-92cb-945a8c67418d ] Request (ServerMetadataTestJSON:tearDownClass): 200 GET http://10.180.1.21/compute/v2.1/servers/8ba823aa-5ab0-40ba-8412-66a44d3e5f23 0.152s
2025-03-10 10:39:36.864 70982 INFO tempest.lib.common.rest_client [req-77ba16a4-526e-446d-a471-f64030c9cad3 req-77ba16a4-526e-446d-a471-f64030c9cad3 ] Request (AttachInterfacesUnderV243Test:test_add_remove_fixed_ip): 200 GET http://10.180.1.21/compute/v2.1/servers/04ad9dff-40ef-4ab6-9d26-13b324b39b50 0.205s
2025-03-10 10:39:36.873 70982 INFO tempest.lib.common.ssh [-] Creating ssh connection to '10.180.180.133:22' as 'cirros' with public key authentication
2025-03-10 10:39:36.935 70962 INFO tempest.lib.common.rest_client [req-8dc6e41e-4ca0-4036-980b-631e909e09bb req-8dc6e41e-4ca0-4036-980b-631e909e09bb ] Request (ServersAaction247Test:test_create_backup): 200 GET http://10.180.1.21/compute/v2.1/servers/e15b67f4-394d-452c-a7e6-9a6b40236a8a 0.229s
2025-03-10 10:39:36.954 71004 INFO tempest.lib.common.rest_client [req-37e8acc2-7a57-4abe-969f-34d0241bf820 req-37e8acc2-7a57-4abe-969f-34d0241bf820 ] Request (ServersTestMultiNic:_run_cleanups): 200 GET http://10.180.1.21/compute/v2.1/servers/7c82a7ff-8e74-4591-882f-ee5fea3c40c8 0.261s
2025-03-10 10:39:37.008 70998 INFO tempest.lib.common.rest_client [req-3cb5e5d0-0f8c-4cd8-8a68-6d1a9d74526e req-3cb5e5d0-0f8c-4cd8-8a68-6d1a9d74526e ] Request (ListImageFiltersTestJSON:tearDownClass): 200 GET http://10.180.1.21/compute/v2.1/servers/add00fdb-4aa3-4183-9fc7-e6d8b390cde8 0.232s
2025-03-10 10:39:37.023 70988 INFO tempest.lib.common.rest_client [req-8f89cf59-e1b9-4150-a120-6dde5a6e1ba5 req-8f89cf59-e1b9-4150-a120-6dde5a6e1ba5 ] Request (ServerDiskConfigTestJSON:test_rebuild_server_with_manual_disk_config): 200 GET http://10.180.1.21/compute/v2.1/servers/46cb041b-2ea2-4ee1-8d04-9c906cf08956 0.227s
2025-03-10 10:39:37.026 70972 INFO tempest.lib.common.rest_client [req-788f8e74-7047-454f-a3fa-cc82a5ce02a1 req-788f8e74-7047-454f-a3fa-cc82a5ce02a1 ] Request (ImagesOneServerNegativeTestJSON:_run_cleanups): 201 POST http://10.180.1.21:9696/networking/v2.0/floatingips 0.822s
2025-03-10 10:39:37.056 70958 INFO tempest.lib.common.rest_client [req-a1aa9ca0-c4f8-4f86-ad41-0f374b255919 req-a1aa9ca0-c4f8-4f86-ad41-0f374b255919 ] Request (ServersWithSpecificFlavorTestJSON:test_verify_created_server_ephemeral_disk): 200 GET http://10.180.1.21/compute/v2.1/servers/e8501dc5-7abf-47c7-8359-cb9b58258539 0.229s
2025-03-10 10:39:37.087 71016 INFO tempest.lib.common.rest_client [req-91c86fff-cdc2-4d9f-91d1-7dbb4e0d6f0f req-91c86fff-cdc2-4d9f-91d1-7dbb4e0d6f0f ] Request (ServerMetadataNegativeTestJSON:setUpClass): 200 GET http://10.180.1.21/compute/v2.1/servers/d47f1698-aca2-4dae-b414-8e0a6ab0f93e 0.203s
2025-03-10 10:39:37.110 70966 INFO tempest.lib.common.rest_client [req-a2c12ecb-4d90-403c-844d-5fab4a507ada req-a2c12ecb-4d90-403c-844d-5fab4a507ada ] Request (SecurityGroupsTestJSON:test_server_security_groups): 200 GET http://10.180.1.21/compute/v2.1/servers/a8efdcf3-99a1-4499-a4b2-797434dbfbba 0.214s
2025-03-10 10:39:37.112 70972 INFO tempest.lib.common.rest_client [req-d013ece8-90dc-4351-aa7e-42485778e528 req-d013ece8-90dc-4351-aa7e-42485778e528 ] Request (ImagesOneServerNegativeTestJSON:_run_cleanups): 201 POST http://10.180.1.21/identity/v3/auth/tokens 0.082s
2025-03-10 10:39:37.113 70972 INFO tempest.lib.common.fixed_network [-] (ImagesOneServerNegativeTestJSON:_run_cleanups) Found network {'id': '591b3727-38a8-4ab9-9606-253cf5c66997', 'name': 'tempest-ImagesOneServerNegativeTestJSON-1546574098-network', 'tenant_id': '2a0504379eac4999b10016e748d8bedd', 'admin_state_up': True, 'mtu': 8950, 'status': 'ACTIVE', 'subnets': [], 'shared': False, 'project_id': '2a0504379eac4999b10016e748d8bedd', 'port_security_enabled': True, 'router:external': False, 'provider:network_type': 'vlan', 'provider:physical_network': 'default', 'provider:segmentation_id': 849, 'availability_zone_hints': [], 'availability_zones': [], 'ipv4_address_scope': None, 'ipv6_address_scope': None, 'description': '', 'tags': [], 'created_at': '2025-03-10T10:37:31Z', 'updated_at': '2025-03-10T10:37:31Z', 'revision_number': 1} available for tenant
2025-03-10 10:39:37.140 71010 WARNING tempest.lib.common.ssh [-] Failed to establish authenticated ssh connection to cirros@10.180.180.185 ([Errno None] Unable to connect to port 22 on 10.180.180.185). Number attempts: 13. Retry after 14 seconds.: paramiko.ssh_exception.NoValidConnectionsError: [Errno None] Unable to connect to port 22 on 10.180.180.185
2025-03-10 10:39:37.145 70974 INFO tempest.lib.common.rest_client [req-20bc4d5b-d21f-465e-b03b-aaea625aa98a req-20bc4d5b-d21f-465e-b03b-aaea625aa98a ] Request (InstanceActionsNegativeTestJSON:tearDownClass): 200 GET http://10.180.1.21/compute/v2.1/servers/cf8b4b0c-7652-4509-985f-151434312597 0.196s
2025-03-10 10:39:37.177 70970 INFO tempest.lib.common.rest_client [req-06bf6a0f-30c3-47ca-a775-84ab0cdffd4f req-06bf6a0f-30c3-47ca-a775-84ab0cdffd4f ] Request (ServerExternalEventsTest:tearDownClass): 200 GET http://10.180.1.21/compute/v2.1/servers/122e0404-29c7-4d16-bf19-5c979cdb8702 0.159s
2025-03-10 10:39:37.196 70984 INFO tempest.lib.common.rest_client [req-8695299b-c0dc-4222-bc12-db51ef597d5f req-8695299b-c0dc-4222-bc12-db51ef597d5f ] Request (ServersTestBootFromVolume:setUpClass): 200 GET http://10.180.1.21/compute/v2.1/servers/65e4a7c4-a33e-4438-9185-ec0b4ed2bdcd 0.122s
2025-03-10 10:39:37.273 70960 INFO tempest.lib.common.rest_client [req-ebf4730b-6a98-4535-922a-9448ab2e3177 req-ebf4730b-6a98-4535-922a-9448ab2e3177 ] Request (ServersAdminNegativeTestJSON:setUpClass): 200 GET http://10.180.1.21/compute/v2.1/servers/b9a15bcc-5fdf-41b3-bb46-e3168a6398ec 0.140s
2025-03-10 10:39:37.515 71002 INFO tempest.lib.common.rest_client [req-5dbf8640-f6e9-4edd-a828-12a47c062e3b req-5dbf8640-f6e9-4edd-a828-12a47c062e3b ] Request (MigrationsAdminTest:test_resize_server_revert_deleted_flavor): 200 GET http://10.180.1.21/compute/v2.1/servers/f2842deb-72c7-47d0-ba67-09665b96669e 0.341s
2025-03-10 10:39:37.523 71002 INFO tempest.common.waiters [-] State transition "BUILD/networking" ==> "BUILD/spawning" after 71 second wait
2025-03-10 10:39:37.581 71000 INFO tempest.lib.common.rest_client [req-94c9e55c-5f86-4a3a-a81d-4b1df832885f req-94c9e55c-5f86-4a3a-a81d-4b1df832885f ] Request (FloatingIPsAssociationTestJSON:test_associate_already_associated_floating_ip): 200 GET http://10.180.1.21/compute/v2.1/servers/2a077995-2d6b-4c65-ad3b-bd351b7f93f7 0.394s
2025-03-10 10:39:37.587 71000 INFO tempest.common.waiters [-] State transition "BUILD/scheduling" ==> "BUILD/None" after 25 second wait
2025-03-10 10:39:37.639 70968 INFO tempest.lib.common.rest_client [req-a8bf6606-9c20-4a77-9c17-f9104ea3a8f8 req-a8bf6606-9c20-4a77-9c17-f9104ea3a8f8 ] Request (AttachInterfacesTestJSON:test_create_list_show_delete_interfaces_by_fixed_ip): 200 GET http://10.180.1.21/compute/v2.1/servers/6f14998f-2ea7-4388-bede-9520190119cd 0.410s
2025-03-10 10:39:37.677 70972 INFO tempest.lib.common.rest_client [req-b08c8cf7-77d6-4f61-b580-b11211423bad req-b08c8cf7-77d6-4f61-b580-b11211423bad ] Request (ImagesOneServerNegativeTestJSON:_run_cleanups): 202 POST http://10.180.1.21/compute/v2.1/servers 0.564s
2025-03-10 10:39:37.685 71012 INFO tempest.lib.common.rest_client [req-a7908f65-05a5-4426-98f4-8d86396c2105 req-a7908f65-05a5-4426-98f4-8d86396c2105 ] Request (VolumesAssistedSnapshotsTest:_run_cleanups): 404 GET http://10.180.1.21/volume/v3/volumes/dc44a1b7-5745-4b87-9dd5-f16422d40805 0.015s
2025-03-10 10:39:37.697 71008 INFO tempest.lib.common.rest_client [req-10469479-08e3-4c24-8cbc-02a96f5b27cf req-10469479-08e3-4c24-8cbc-02a96f5b27cf ] Request (ServersListShow298Test:test_list_show_update_rebuild_server_298): 200 GET http://10.180.1.21/compute/v2.1/servers/590341b5-9b5d-4552-b10f-8384efc8e24f 0.077s
2025-03-10 10:39:37.728 71014 INFO tempest.lib.common.rest_client [req-0893b873-7ee3-4338-81a4-d3b17671ba91 req-0893b873-7ee3-4338-81a4-d3b17671ba91 ] Request (ImagesTestJSON:test_create_server_from_snapshot): 200 GET http://10.180.1.21/compute/v2.1/servers/6786080b-4760-4042-b210-69b14fe5af58 0.102s
2025-03-10 10:39:37.748 70994 INFO tempest.lib.common.rest_client [req-e9b8b4b3-db13-4a4b-b773-204bf345155b req-e9b8b4b3-db13-4a4b-b773-204bf345155b ] Request (ServersTestFqdnHostnames:test_create_server_with_fqdn_name): 200 GET http://10.180.1.21/compute/v2.1/servers/62ac915a-5dfe-49f6-89c4-e05fc79b1e86 0.071s
2025-03-10 10:39:37.773 70972 INFO tempest.lib.common.rest_client [req-b38259dc-858a-4e3d-878c-66a3b66b101e req-b38259dc-858a-4e3d-878c-66a3b66b101e ] Request (ImagesOneServerNegativeTestJSON:_run_cleanups): 200 GET http://10.180.1.21/compute/v2.1/servers/52dadfee-1694-47c6-add4-2aa7c551596f 0.094s
2025-03-10 10:39:37.839 71018 INFO tempest.lib.common.rest_client [req-79bfbdb5-b165-4152-a370-79c1679e364e req-79bfbdb5-b165-4152-a370-79c1679e364e ] Request (ServerRescueTestJSONUnderV235:tearDownClass): 200 GET http://10.180.1.21/compute/v2.1/servers/6bf196b5-f557-466d-bc40-eb1965b54280 0.141s
2025-03-10 10:39:37.843 70996 WARNING tempest.lib.common.ssh [-] Failed to establish authenticated ssh connection to cirros@10.180.180.252 ([Errno None] Unable to connect to port 22 on 10.180.180.252). Number attempts: 2. Retry after 3 seconds.: paramiko.ssh_exception.NoValidConnectionsError: [Errno None] Unable to connect to port 22 on 10.180.180.252
2025-03-10 10:39:37.846 71012 INFO tempest.lib.common.rest_client [req-6caf9035-c6f9-4f38-921b-32519be7afc4 req-6caf9035-c6f9-4f38-921b-32519be7afc4 ] Request (VolumesAssistedSnapshotsTest:tearDownClass): 204 DELETE http://10.180.1.21/compute/v2.1/servers/2a559c15-0334-44db-9f7d-ed3282993961 0.155s
2025-03-10 10:39:37.893 70964 INFO tempest.lib.common.rest_client [req-ad13e1e4-ff5a-4fcc-85fc-86e7b51a748b req-ad13e1e4-ff5a-4fcc-85fc-86e7b51a748b ] Request (ServersAdminTestJSON:setUpClass): 200 GET http://10.180.1.21/compute/v2.1/servers/ebe83ff3-93bf-40a8-a427-39d9ab8ff226 0.152s
2025-03-10 10:39:37.907 70992 INFO tempest.lib.common.rest_client [req-24fa1fc3-4a2d-4f1e-82cf-2bccb739c341 req-24fa1fc3-4a2d-4f1e-82cf-2bccb739c341 ] Request (ServerMetadataTestJSON:tearDownClass): 200 GET http://10.180.1.21/compute/v2.1/servers/8ba823aa-5ab0-40ba-8412-66a44d3e5f23 0.084s
2025-03-10 10:39:38.011 70962 INFO tempest.lib.common.rest_client [req-1a5d7e4d-7f59-47d8-b0f3-842e8ad4cfe3 req-1a5d7e4d-7f59-47d8-b0f3-842e8ad4cfe3 ] Request (ServersAaction247Test:test_create_backup): 200 GET http://10.180.1.21/compute/v2.1/servers/e15b67f4-394d-452c-a7e6-9a6b40236a8a 0.063s
2025-03-10 10:39:38.074 71012 INFO tempest.lib.common.rest_client [req-5cc10c73-3071-47e3-a871-7998d677a401 req-5cc10c73-3071-47e3-a871-7998d677a401 ] Request (VolumesAssistedSnapshotsTest:tearDownClass): 200 GET http://10.180.1.21/compute/v2.1/servers/2a559c15-0334-44db-9f7d-ed3282993961 0.228s
2025-03-10 10:39:38.151 71004 INFO tempest.lib.common.rest_client [req-4b3ccdf1-60a4-488e-9723-ef9b36deb143 req-4b3ccdf1-60a4-488e-9723-ef9b36deb143 ] Request (ServersTestMultiNic:_run_cleanups): 200 GET http://10.180.1.21/compute/v2.1/servers/7c82a7ff-8e74-4591-882f-ee5fea3c40c8 0.183s
2025-03-10 10:39:38.160 70998 INFO tempest.lib.common.rest_client [req-1e4f49c4-5e38-4c0c-9e95-55adec9e834f req-1e4f49c4-5e38-4c0c-9e95-55adec9e834f ] Request (ListImageFiltersTestJSON:tearDownClass): 200 GET http://10.180.1.21/compute/v2.1/servers/add00fdb-4aa3-4183-9fc7-e6d8b390cde8 0.135s
2025-03-10 10:39:38.216 70988 INFO tempest.lib.common.rest_client [req-0a1e932e-fc15-4f62-85f7-a3efefc2c318 req-0a1e932e-fc15-4f62-85f7-a3efefc2c318 ] Request (ServerDiskConfigTestJSON:test_rebuild_server_with_manual_disk_config): 200 GET http://10.180.1.21/compute/v2.1/servers/46cb041b-2ea2-4ee1-8d04-9c906cf08956 0.184s
2025-03-10 10:39:38.230 70958 INFO tempest.lib.common.rest_client [req-cb6c5938-09d5-4a88-ae4d-aeab16db0d9f req-cb6c5938-09d5-4a88-ae4d-aeab16db0d9f ] Request (ServersWithSpecificFlavorTestJSON:test_verify_created_server_ephemeral_disk): 200 GET http://10.180.1.21/compute/v2.1/servers/e8501dc5-7abf-47c7-8359-cb9b58258539 0.160s
2025-03-10 10:39:38.288 71016 INFO tempest.lib.common.rest_client [req-db8fe515-7637-41a3-842e-f8dff9142ca4 req-db8fe515-7637-41a3-842e-f8dff9142ca4 ] Request (ServerMetadataNegativeTestJSON:setUpClass): 200 GET http://10.180.1.21/compute/v2.1/servers/d47f1698-aca2-4dae-b414-8e0a6ab0f93e 0.191s
2025-03-10 10:39:38.336 70966 INFO tempest.lib.common.rest_client [req-e7e3a45a-3148-4c0c-856c-9f9a75554809 req-e7e3a45a-3148-4c0c-856c-9f9a75554809 ] Request (SecurityGroupsTestJSON:test_server_security_groups): 200 GET http://10.180.1.21/compute/v2.1/servers/a8efdcf3-99a1-4499-a4b2-797434dbfbba 0.213s
2025-03-10 10:39:38.356 70974 INFO tempest.lib.common.rest_client [req-97a71fa5-ca6d-41cf-9c03-4ff8b3ae4edf req-97a71fa5-ca6d-41cf-9c03-4ff8b3ae4edf ] Request (InstanceActionsNegativeTestJSON:tearDownClass): 200 GET http://10.180.1.21/compute/v2.1/servers/cf8b4b0c-7652-4509-985f-151434312597 0.198s
2025-03-10 10:39:38.365 70970 INFO tempest.lib.common.rest_client [req-1cea7b88-3a18-4091-8eff-08b2d9149620 req-1cea7b88-3a18-4091-8eff-08b2d9149620 ] Request (ServerExternalEventsTest:tearDownClass): 404 GET http://10.180.1.21/compute/v2.1/servers/122e0404-29c7-4d16-bf19-5c979cdb8702 0.177s
2025-03-10 10:39:38.412 70984 INFO tempest.lib.common.rest_client [req-db6b7724-0819-4ba4-8aa5-c182ce277203 req-db6b7724-0819-4ba4-8aa5-c182ce277203 ] Request (ServersTestBootFromVolume:setUpClass): 200 GET http://10.180.1.21/compute/v2.1/servers/65e4a7c4-a33e-4438-9185-ec0b4ed2bdcd 0.207s
2025-03-10 10:39:38.417 70960 INFO tempest.lib.common.rest_client [req-3b6cb570-2fa1-4f35-9f0b-ddca0065eba3 req-3b6cb570-2fa1-4f35-9f0b-ddca0065eba3 ] Request (ServersAdminNegativeTestJSON:setUpClass): 200 GET http://10.180.1.21/compute/v2.1/servers/b9a15bcc-5fdf-41b3-bb46-e3168a6398ec 0.135s
2025-03-10 10:39:38.434 70970 INFO tempest.lib.common.rest_client [req-fccdeec7-81ce-4e48-baee-fc62718a3be2 req-fccdeec7-81ce-4e48-baee-fc62718a3be2 ] Request (ServerExternalEventsTest:tearDownClass): 204 DELETE http://10.180.1.21/identity/v3/users/9d9dcf2f55dd4e82ab1086f2b4dd304b 0.069s
2025-03-10 10:39:38.494 70956 WARNING tempest.lib.common.ssh [-] Failed to establish authenticated ssh connection to cirros@10.180.180.169 ([Errno None] Unable to connect to port 22 on 10.180.180.169). Number attempts: 4. Retry after 5 seconds.: paramiko.ssh_exception.NoValidConnectionsError: [Errno None] Unable to connect to port 22 on 10.180.180.169
2025-03-10 10:39:38.509 70970 INFO tempest.lib.common.rest_client [req-42f0352c-9aa2-4358-b0a5-4d2c1bc6fb31 req-42f0352c-9aa2-4358-b0a5-4d2c1bc6fb31 ] Request (ServerExternalEventsTest:tearDownClass): 204 DELETE http://10.180.1.21/identity/v3/users/7e447ba03eb34feca53c584daaee1c31 0.074s
2025-03-10 10:39:38.590 70970 INFO tempest.lib.common.rest_client [req-f84aef09-8411-4f1f-aa3d-905d0bba4baf req-f84aef09-8411-4f1f-aa3d-905d0bba4baf ] Request (ServerExternalEventsTest:tearDownClass): 204 DELETE http://10.180.1.21/identity/v3/users/7c102cff14674c2bab7db9870708b549 0.081s
2025-03-10 10:39:38.591 70970 INFO tempest.lib.common.dynamic_creds [-] Deleting project and security group for project: 0aea48f2df90417599017403a1f5b9e3
2025-03-10 10:39:38.616 71002 INFO tempest.lib.common.rest_client [req-2bc8ec0a-c582-4434-9ff7-012abc0d6149 req-2bc8ec0a-c582-4434-9ff7-012abc0d6149 ] Request (MigrationsAdminTest:test_resize_server_revert_deleted_flavor): 200 GET http://10.180.1.21/compute/v2.1/servers/f2842deb-72c7-47d0-ba67-09665b96669e 0.092s
2025-03-10 10:39:38.635 71000 INFO tempest.lib.common.rest_client [req-abc7cae2-0eaa-4aae-834f-81a29598fc71 req-abc7cae2-0eaa-4aae-834f-81a29598fc71 ] Request (FloatingIPsAssociationTestJSON:test_associate_already_associated_floating_ip): 200 GET http://10.180.1.21/compute/v2.1/servers/2a077995-2d6b-4c65-ad3b-bd351b7f93f7 0.046s
2025-03-10 10:39:38.641 70970 INFO tempest.lib.common.rest_client [req-b15a7c67-e918-4cae-b25d-56624910fab0 req-b15a7c67-e918-4cae-b25d-56624910fab0 ] Request (ServerExternalEventsTest:tearDownClass): 201 POST http://10.180.1.21/identity/v3/auth/tokens 0.050s
2025-03-10 10:39:38.690 70968 INFO tempest.lib.common.rest_client [req-9b7541d3-0f52-480c-8dae-e0054fef8a3e req-9b7541d3-0f52-480c-8dae-e0054fef8a3e ] Request (AttachInterfacesTestJSON:test_create_list_show_delete_interfaces_by_fixed_ip): 200 GET http://10.180.1.21/compute/v2.1/servers/6f14998f-2ea7-4388-bede-9520190119cd 0.044s
2025-03-10 10:39:38.713 70980 WARNING tempest.lib.common.ssh [-] Failed to establish authenticated ssh connection to cirros@10.180.180.209 ([Errno None] Unable to connect to port 22 on 10.180.180.209). Number attempts: 10. Retry after 11 seconds.: paramiko.ssh_exception.NoValidConnectionsError: [Errno None] Unable to connect to port 22 on 10.180.180.209
2025-03-10 10:39:38.810 71008 INFO tempest.lib.common.rest_client [req-4c31ca0b-350d-4fde-93e9-9567d5c68882 req-4c31ca0b-350d-4fde-93e9-9567d5c68882 ] Request (ServersListShow298Test:test_list_show_update_rebuild_server_298): 200 GET http://10.180.1.21/compute/v2.1/servers/590341b5-9b5d-4552-b10f-8384efc8e24f 0.098s
2025-03-10 10:39:38.818 71014 INFO tempest.lib.common.rest_client [req-9a08f47c-9948-4cab-be7f-76c6bd70c9f5 req-9a08f47c-9948-4cab-be7f-76c6bd70c9f5 ] Request (ImagesTestJSON:test_create_server_from_snapshot): 200 GET http://10.180.1.21/compute/v2.1/servers/6786080b-4760-4042-b210-69b14fe5af58 0.080s
2025-03-10 10:39:38.834 70970 INFO tempest.lib.common.rest_client [req-7d98c32f-0a44-47b4-b5d9-495196510bf6 req-7d98c32f-0a44-47b4-b5d9-495196510bf6 ] Request (ServerExternalEventsTest:tearDownClass): 200 GET http://10.180.1.21:9696/networking/v2.0/security-groups?tenant_id=0aea48f2df90417599017403a1f5b9e3&name=default 0.192s
2025-03-10 10:39:38.886 70994 INFO tempest.lib.common.rest_client [req-4530ad4c-4600-4975-b566-c52cdaa3c428 req-4530ad4c-4600-4975-b566-c52cdaa3c428 ] Request (ServersTestFqdnHostnames:test_create_server_with_fqdn_name): 200 GET http://10.180.1.21/compute/v2.1/servers/62ac915a-5dfe-49f6-89c4-e05fc79b1e86 0.128s
2025-03-10 10:39:38.893 70972 INFO tempest.lib.common.rest_client [req-2e78c711-4926-40f5-b334-4e805ddca6f1 req-2e78c711-4926-40f5-b334-4e805ddca6f1 ] Request (ImagesOneServerNegativeTestJSON:_run_cleanups): 200 GET http://10.180.1.21/compute/v2.1/servers/52dadfee-1694-47c6-add4-2aa7c551596f 0.110s
2025-03-10 10:39:38.927 70970 INFO tempest.lib.common.rest_client [req-b3322af4-4ad9-45ea-b7df-568f22899889 req-b3322af4-4ad9-45ea-b7df-568f22899889 ] Request (ServerExternalEventsTest:tearDownClass): 204 DELETE http://10.180.1.21:9696/networking/v2.0/security-groups/2d148a25-98db-4ce0-9d22-a93c567306df 0.093s
2025-03-10 10:39:38.962 71018 INFO tempest.lib.common.rest_client [req-2b32ebab-227d-459f-b582-db1000a92f0f req-2b32ebab-227d-459f-b582-db1000a92f0f ] Request (ServerRescueTestJSONUnderV235:tearDownClass): 200 GET http://10.180.1.21/compute/v2.1/servers/6bf196b5-f557-466d-bc40-eb1965b54280 0.110s
2025-03-10 10:39:38.964 70964 INFO tempest.lib.common.rest_client [req-e999c0e6-5245-4a5e-8cc0-bbdedc31f4d8 req-e999c0e6-5245-4a5e-8cc0-bbdedc31f4d8 ] Request (ServersAdminTestJSON:setUpClass): 200 GET http://10.180.1.21/compute/v2.1/servers/ebe83ff3-93bf-40a8-a427-39d9ab8ff226 0.063s
2025-03-10 10:39:39.000 70970 INFO tempest.lib.common.rest_client [req-37728304-4115-4ea9-b013-7dbfbe0aced5 req-37728304-4115-4ea9-b013-7dbfbe0aced5 ] Request (ServerExternalEventsTest:tearDownClass): 204 DELETE http://10.180.1.21/identity/v3/projects/0aea48f2df90417599017403a1f5b9e3 0.073s
2025-03-10 10:39:39.001 70970 INFO tempest.lib.common.dynamic_creds [-] Deleting project and security group for project: 714ff68036d04b58a5bfd5744c2209bb
2025-03-10 10:39:39.019 70992 INFO tempest.lib.common.rest_client [req-8cf88929-8a48-4a10-959d-5ed4db8978ca req-8cf88929-8a48-4a10-959d-5ed4db8978ca ] Request (ServerMetadataTestJSON:tearDownClass): 200 GET http://10.180.1.21/compute/v2.1/servers/8ba823aa-5ab0-40ba-8412-66a44d3e5f23 0.104s
2025-03-10 10:39:39.026 70970 INFO tempest.lib.common.rest_client [req-f5930235-8c4f-4aef-9c94-849bf8aabca0 req-f5930235-8c4f-4aef-9c94-849bf8aabca0 ] Request (ServerExternalEventsTest:tearDownClass): 200 GET http://10.180.1.21:9696/networking/v2.0/security-groups?tenant_id=714ff68036d04b58a5bfd5744c2209bb&name=default 0.025s
2025-03-10 10:39:39.083 70962 INFO tempest.lib.common.rest_client [req-e2210da5-64d2-422a-b516-cb907708904e req-e2210da5-64d2-422a-b516-cb907708904e ] Request (ServersAaction247Test:test_create_backup): 200 GET http://10.180.1.21/compute/v2.1/servers/e15b67f4-394d-452c-a7e6-9a6b40236a8a 0.063s
2025-03-10 10:39:39.104 70970 INFO tempest.lib.common.rest_client [req-c9f17546-c472-406a-b612-96e947ea1390 req-c9f17546-c472-406a-b612-96e947ea1390 ] Request (ServerExternalEventsTest:tearDownClass): 204 DELETE http://10.180.1.21:9696/networking/v2.0/security-groups/49d16f04-a376-44e6-b0ea-e0c5e0a40583 0.077s
2025-03-10 10:39:39.189 70970 INFO tempest.lib.common.rest_client [req-92ee11a7-abd1-4ecd-9f3e-e023f0c60577 req-92ee11a7-abd1-4ecd-9f3e-e023f0c60577 ] Request (ServerExternalEventsTest:tearDownClass): 204 DELETE http://10.180.1.21/identity/v3/projects/714ff68036d04b58a5bfd5744c2209bb 0.084s
2025-03-10 10:39:39.189 70970 INFO tempest.lib.common.dynamic_creds [-] Deleting project and security group for project: 5c1a6659be0e4149802584185fe5a1cd
2025-03-10 10:39:39.209 71012 INFO tempest.lib.common.rest_client [req-40ac1998-3fe1-44db-ab81-e4ae3ce79e54 req-40ac1998-3fe1-44db-ab81-e4ae3ce79e54 ] Request (VolumesAssistedSnapshotsTest:tearDownClass): 200 GET http://10.180.1.21/compute/v2.1/servers/2a559c15-0334-44db-9f7d-ed3282993961 0.120s
2025-03-10 10:39:39.233 70998 INFO tempest.lib.common.rest_client [req-5b45f8d2-f7d3-408c-8c9b-74c91692153f req-5b45f8d2-f7d3-408c-8c9b-74c91692153f ] Request (ListImageFiltersTestJSON:tearDownClass): 200 GET http://10.180.1.21/compute/v2.1/servers/add00fdb-4aa3-4183-9fc7-e6d8b390cde8 0.063s
2025-03-10 10:39:39.265 71004 INFO tempest.lib.common.rest_client [req-59ce5e24-bfb1-403d-88ec-8a4d5da78665 req-59ce5e24-bfb1-403d-88ec-8a4d5da78665 ] Request (ServersTestMultiNic:_run_cleanups): 200 GET http://10.180.1.21/compute/v2.1/servers/7c82a7ff-8e74-4591-882f-ee5fea3c40c8 0.087s
2025-03-10 10:39:39.287 70988 INFO tempest.lib.common.rest_client [req-bac7a4f9-891a-4402-89ea-ed4d927c9310 req-bac7a4f9-891a-4402-89ea-ed4d927c9310 ] Request (ServerDiskConfigTestJSON:test_rebuild_server_with_manual_disk_config): 200 GET http://10.180.1.21/compute/v2.1/servers/46cb041b-2ea2-4ee1-8d04-9c906cf08956 0.059s
2025-03-10 10:39:39.318 70958 INFO tempest.lib.common.rest_client [req-cdc2071b-abf7-42a2-ae5a-87f4853ec385 req-cdc2071b-abf7-42a2-ae5a-87f4853ec385 ] Request (ServersWithSpecificFlavorTestJSON:test_verify_created_server_ephemeral_disk): 200 GET http://10.180.1.21/compute/v2.1/servers/e8501dc5-7abf-47c7-8359-cb9b58258539 0.077s
2025-03-10 10:39:39.347 70970 INFO tempest.lib.common.rest_client [req-aa16ec8a-97b2-4c7e-8c84-5e26dac45894 req-aa16ec8a-97b2-4c7e-8c84-5e26dac45894 ] Request (ServerExternalEventsTest:tearDownClass): 200 GET http://10.180.1.21:9696/networking/v2.0/security-groups?tenant_id=5c1a6659be0e4149802584185fe5a1cd&name=default 0.158s
2025-03-10 10:39:39.424 70966 INFO tempest.lib.common.rest_client [req-cd001498-b31c-4973-8ed3-32fb7734eb8c req-cd001498-b31c-4973-8ed3-32fb7734eb8c ] Request (SecurityGroupsTestJSON:test_server_security_groups): 200 GET http://10.180.1.21/compute/v2.1/servers/a8efdcf3-99a1-4499-a4b2-797434dbfbba 0.077s
2025-03-10 10:39:39.428 71016 INFO tempest.lib.common.rest_client [req-fdd74b51-c4dc-40ca-8854-208b937947f6 req-fdd74b51-c4dc-40ca-8854-208b937947f6 ] Request (ServerMetadataNegativeTestJSON:setUpClass): 200 GET http://10.180.1.21/compute/v2.1/servers/d47f1698-aca2-4dae-b414-8e0a6ab0f93e 0.129s
2025-03-10 10:39:39.435 71016 INFO tempest.common.waiters [-] State transition "BUILD/None" ==> "BUILD/block_device_mapping" after 72 second wait
2025-03-10 10:39:39.478 70970 INFO tempest.lib.common.rest_client [req-3c010416-3799-4c11-b71b-0a4d2525d493 req-3c010416-3799-4c11-b71b-0a4d2525d493 ] Request (ServerExternalEventsTest:tearDownClass): 204 DELETE http://10.180.1.21:9696/networking/v2.0/security-groups/5310ccb2-0ad6-44aa-b38c-c8d9d3adcbe9 0.130s
2025-03-10 10:39:39.501 70974 INFO tempest.lib.common.rest_client [req-672257d0-b45a-4c54-a0a8-b8364e5f84eb req-672257d0-b45a-4c54-a0a8-b8364e5f84eb ] Request (InstanceActionsNegativeTestJSON:tearDownClass): 200 GET http://10.180.1.21/compute/v2.1/servers/cf8b4b0c-7652-4509-985f-151434312597 0.131s
2025-03-10 10:39:39.501 70984 INFO tempest.lib.common.rest_client [req-83587eb5-85c8-46e8-a95c-10f14452be4e req-83587eb5-85c8-46e8-a95c-10f14452be4e ] Request (ServersTestBootFromVolume:setUpClass): 200 GET http://10.180.1.21/compute/v2.1/servers/65e4a7c4-a33e-4438-9185-ec0b4ed2bdcd 0.080s
2025-03-10 10:39:39.552 70960 INFO tempest.lib.common.rest_client [req-9bb3be71-ea4e-4647-a1a1-c4e6a2d0cf8e req-9bb3be71-ea4e-4647-a1a1-c4e6a2d0cf8e ] Request (ServersAdminNegativeTestJSON:setUpClass): 200 GET http://10.180.1.21/compute/v2.1/servers/b9a15bcc-5fdf-41b3-bb46-e3168a6398ec 0.127s
2025-03-10 10:39:39.585 70970 INFO tempest.lib.common.rest_client [req-a732fdf6-ab93-430e-bd22-5213975ca2a0 req-a732fdf6-ab93-430e-bd22-5213975ca2a0 ] Request (ServerExternalEventsTest:tearDownClass): 204 DELETE http://10.180.1.21/identity/v3/projects/5c1a6659be0e4149802584185fe5a1cd 0.106s
2025-03-10 10:39:39.587 70970 INFO tempest.test [-] raised in ServerStableDeviceRescueTest.setUpClass. Invoking tearDownClass.
2025-03-10 10:39:39.699 71000 INFO tempest.lib.common.rest_client [req-4a960d7e-d568-44b2-8f41-729eb72068ca req-4a960d7e-d568-44b2-8f41-729eb72068ca ] Request (FloatingIPsAssociationTestJSON:test_associate_already_associated_floating_ip): 200 GET http://10.180.1.21/compute/v2.1/servers/2a077995-2d6b-4c65-ad3b-bd351b7f93f7 0.057s
2025-03-10 10:39:39.736 71002 INFO tempest.lib.common.rest_client [req-a2b59692-f5c1-4c9d-bfdb-91eebe3362fd req-a2b59692-f5c1-4c9d-bfdb-91eebe3362fd ] Request (MigrationsAdminTest:test_resize_server_revert_deleted_flavor): 200 GET http://10.180.1.21/compute/v2.1/servers/f2842deb-72c7-47d0-ba67-09665b96669e 0.111s
2025-03-10 10:39:39.750 70968 INFO tempest.lib.common.rest_client [req-5a0c979c-023f-42a7-9f2b-ead315e585b0 req-5a0c979c-023f-42a7-9f2b-ead315e585b0 ] Request (AttachInterfacesTestJSON:test_create_list_show_delete_interfaces_by_fixed_ip): 200 GET http://10.180.1.21/compute/v2.1/servers/6f14998f-2ea7-4388-bede-9520190119cd 0.052s
2025-03-10 10:39:39.893 71014 INFO tempest.lib.common.rest_client [req-48cab215-6a00-47e0-912b-6f44c9f75138 req-48cab215-6a00-47e0-912b-6f44c9f75138 ] Request (ImagesTestJSON:test_create_server_from_snapshot): 200 GET http://10.180.1.21/compute/v2.1/servers/6786080b-4760-4042-b210-69b14fe5af58 0.059s
2025-03-10 10:39:39.896 71008 INFO tempest.lib.common.rest_client [req-473a054d-aec2-4eab-b997-5e979d888e03 req-473a054d-aec2-4eab-b997-5e979d888e03 ] Request (ServersListShow298Test:test_list_show_update_rebuild_server_298): 200 GET http://10.180.1.21/compute/v2.1/servers/590341b5-9b5d-4552-b10f-8384efc8e24f 0.073s
2025-03-10 10:39:39.951 70994 INFO tempest.lib.common.rest_client [req-08234b58-12f6-4c1e-9244-817c36b2e835 req-08234b58-12f6-4c1e-9244-817c36b2e835 ] Request (ServersTestFqdnHostnames:test_create_server_with_fqdn_name): 200 GET http://10.180.1.21/compute/v2.1/servers/62ac915a-5dfe-49f6-89c4-e05fc79b1e86 0.057s
2025-03-10 10:39:39.956 70972 INFO tempest.lib.common.rest_client [req-34fa47f1-f380-4f01-823c-227cf0a4f589 req-34fa47f1-f380-4f01-823c-227cf0a4f589 ] Request (ImagesOneServerNegativeTestJSON:_run_cleanups): 200 GET http://10.180.1.21/compute/v2.1/servers/52dadfee-1694-47c6-add4-2aa7c551596f 0.054s
2025-03-10 10:39:40.025 70964 INFO tempest.lib.common.rest_client [req-50c7e09d-8ce8-4279-9c7b-86be33e96f1e req-50c7e09d-8ce8-4279-9c7b-86be33e96f1e ] Request (ServersAdminTestJSON:setUpClass): 200 GET http://10.180.1.21/compute/v2.1/servers/ebe83ff3-93bf-40a8-a427-39d9ab8ff226 0.053s
2025-03-10 10:39:40.038 71018 INFO tempest.lib.common.rest_client [req-43a82709-ab70-43d4-89d8-6976c4a2e46e req-43a82709-ab70-43d4-89d8-6976c4a2e46e ] Request (ServerRescueTestJSONUnderV235:tearDownClass): 200 GET http://10.180.1.21/compute/v2.1/servers/6bf196b5-f557-466d-bc40-eb1965b54280 0.063s
2025-03-10 10:39:40.093 70992 INFO tempest.lib.common.rest_client [req-0b8f89ad-d996-40c7-b388-790c11367e2d req-0b8f89ad-d996-40c7-b388-790c11367e2d ] Request (ServerMetadataTestJSON:tearDownClass): 200 GET http://10.180.1.21/compute/v2.1/servers/8ba823aa-5ab0-40ba-8412-66a44d3e5f23 0.064s
2025-03-10 10:39:40.153 70962 INFO tempest.lib.common.rest_client [req-52e7ca46-2f15-448b-8a24-9e72610c5e54 req-52e7ca46-2f15-448b-8a24-9e72610c5e54 ] Request (ServersAaction247Test:test_create_backup): 200 GET http://10.180.1.21/compute/v2.1/servers/e15b67f4-394d-452c-a7e6-9a6b40236a8a 0.059s
2025-03-10 10:39:40.311 70998 INFO tempest.lib.common.rest_client [req-c9b106a8-87af-492c-8606-afe4073d6c3f req-c9b106a8-87af-492c-8606-afe4073d6c3f ] Request (ListImageFiltersTestJSON:tearDownClass): 200 GET http://10.180.1.21/compute/v2.1/servers/add00fdb-4aa3-4183-9fc7-e6d8b390cde8 0.069s
2025-03-10 10:39:40.333 71012 INFO tempest.lib.common.rest_client [req-21bc537a-0945-407a-855a-9da7d3b6e397 req-21bc537a-0945-407a-855a-9da7d3b6e397 ] Request (VolumesAssistedSnapshotsTest:tearDownClass): 200 GET http://10.180.1.21/compute/v2.1/servers/2a559c15-0334-44db-9f7d-ed3282993961 0.115s
2025-03-10 10:39:40.391 71004 INFO tempest.lib.common.rest_client [req-0fe9f6ee-f626-4abc-9ca7-13eae2d5a9e9 req-0fe9f6ee-f626-4abc-9ca7-13eae2d5a9e9 ] Request (ServersTestMultiNic:_run_cleanups): 200 GET http://10.180.1.21/compute/v2.1/servers/7c82a7ff-8e74-4591-882f-ee5fea3c40c8 0.118s
2025-03-10 10:39:40.400 71004 INFO tempest.common.waiters [-] State transition "ACTIVE/deleting" ==> "DELETED/None" after 5 second wait
2025-03-10 10:39:40.407 70988 INFO tempest.lib.common.rest_client [req-7857c092-31fb-47c9-bb66-267268f813ff req-7857c092-31fb-47c9-bb66-267268f813ff ] Request (ServerDiskConfigTestJSON:test_rebuild_server_with_manual_disk_config): 200 GET http://10.180.1.21/compute/v2.1/servers/46cb041b-2ea2-4ee1-8d04-9c906cf08956 0.103s
2025-03-10 10:39:40.437 70958 INFO tempest.lib.common.rest_client [req-dd64011f-d169-4b16-bc5b-66acab7ead71 req-dd64011f-d169-4b16-bc5b-66acab7ead71 ] Request (ServersWithSpecificFlavorTestJSON:test_verify_created_server_ephemeral_disk): 200 GET http://10.180.1.21/compute/v2.1/servers/e8501dc5-7abf-47c7-8359-cb9b58258539 0.104s
2025-03-10 10:39:40.494 70966 INFO tempest.lib.common.rest_client [req-8417370b-25ac-4fb2-ae5f-f7a79b8c5f68 req-8417370b-25ac-4fb2-ae5f-f7a79b8c5f68 ] Request (SecurityGroupsTestJSON:test_server_security_groups): 200 GET http://10.180.1.21/compute/v2.1/servers/a8efdcf3-99a1-4499-a4b2-797434dbfbba 0.062s
2025-03-10 10:39:40.539 71016 INFO tempest.lib.common.rest_client [req-21585a0d-bbb3-4440-8ca3-d4d6c31bb645 req-21585a0d-bbb3-4440-8ca3-d4d6c31bb645 ] Request (ServerMetadataNegativeTestJSON:setUpClass): 200 GET http://10.180.1.21/compute/v2.1/servers/d47f1698-aca2-4dae-b414-8e0a6ab0f93e 0.102s
2025-03-10 10:39:40.546 71016 INFO tempest.common.waiters [-] State transition "BUILD/block_device_mapping" ==> "BUILD/spawning" after 73 second wait
2025-03-10 10:39:40.561 70984 INFO tempest.lib.common.rest_client [req-b325e8ac-d082-4e5f-aed5-f40d7a0aea80 req-b325e8ac-d082-4e5f-aed5-f40d7a0aea80 ] Request (ServersTestBootFromVolume:setUpClass): 200 GET http://10.180.1.21/compute/v2.1/servers/65e4a7c4-a33e-4438-9185-ec0b4ed2bdcd 0.050s
2025-03-10 10:39:40.591 70974 INFO tempest.lib.common.rest_client [req-c081f92e-250d-4345-9e48-af39a3abf8a6 req-c081f92e-250d-4345-9e48-af39a3abf8a6 ] Request (InstanceActionsNegativeTestJSON:tearDownClass): 200 GET http://10.180.1.21/compute/v2.1/servers/cf8b4b0c-7652-4509-985f-151434312597 0.079s
2025-03-10 10:39:40.613 70960 INFO tempest.lib.common.rest_client [req-16842222-943d-45cc-b780-c38671934a59 req-16842222-943d-45cc-b780-c38671934a59 ] Request (ServersAdminNegativeTestJSON:setUpClass): 200 GET http://10.180.1.21/compute/v2.1/servers/b9a15bcc-5fdf-41b3-bb46-e3168a6398ec 0.052s
2025-03-10 10:39:40.773 71000 INFO tempest.lib.common.rest_client [req-739350d9-73e6-4621-9a90-5ce2dc974090 req-739350d9-73e6-4621-9a90-5ce2dc974090 ] Request (FloatingIPsAssociationTestJSON:test_associate_already_associated_floating_ip): 200 GET http://10.180.1.21/compute/v2.1/servers/2a077995-2d6b-4c65-ad3b-bd351b7f93f7 0.065s
2025-03-10 10:39:40.877 70968 INFO tempest.lib.common.rest_client [req-ad2d9fb4-32cf-4a17-a90e-0a301efb4d7e req-ad2d9fb4-32cf-4a17-a90e-0a301efb4d7e ] Request (AttachInterfacesTestJSON:test_create_list_show_delete_interfaces_by_fixed_ip): 200 GET http://10.180.1.21/compute/v2.1/servers/6f14998f-2ea7-4388-bede-9520190119cd 0.119s
2025-03-10 10:39:40.885 71002 INFO tempest.lib.common.rest_client [req-df85b8fe-4049-4227-94f2-91eaf8370e2a req-df85b8fe-4049-4227-94f2-91eaf8370e2a ] Request (MigrationsAdminTest:test_resize_server_revert_deleted_flavor): 200 GET http://10.180.1.21/compute/v2.1/servers/f2842deb-72c7-47d0-ba67-09665b96669e 0.141s
2025-03-10 10:39:40.963 71014 INFO tempest.lib.common.rest_client [req-1e4ebf8f-2769-4ea0-a682-b2597c8ac2ad req-1e4ebf8f-2769-4ea0-a682-b2597c8ac2ad ] Request (ImagesTestJSON:test_create_server_from_snapshot): 200 GET http://10.180.1.21/compute/v2.1/servers/6786080b-4760-4042-b210-69b14fe5af58 0.063s
2025-03-10 10:39:40.980 70982 WARNING tempest.lib.common.ssh [-] Failed to establish authenticated ssh connection to cirros@10.180.180.133 ([Errno None] Unable to connect to port 22 on 10.180.180.133). Number attempts: 1. Retry after 2 seconds.: paramiko.ssh_exception.NoValidConnectionsError: [Errno None] Unable to connect to port 22 on 10.180.180.133
2025-03-10 10:39:40.981 71008 INFO tempest.lib.common.rest_client [req-36d16f41-8b65-443d-a14a-c7e35ab685ec req-36d16f41-8b65-443d-a14a-c7e35ab685ec ] Request (ServersListShow298Test:test_list_show_update_rebuild_server_298): 200 GET http://10.180.1.21/compute/v2.1/servers/590341b5-9b5d-4552-b10f-8384efc8e24f 0.074s
2025-03-10 10:39:41.013 70994 INFO tempest.lib.common.rest_client [req-1b937c7b-cc63-4c0e-8a02-b5413e852b96 req-1b937c7b-cc63-4c0e-8a02-b5413e852b96 ] Request (ServersTestFqdnHostnames:test_create_server_with_fqdn_name): 200 GET http://10.180.1.21/compute/v2.1/servers/62ac915a-5dfe-49f6-89c4-e05fc79b1e86 0.055s
2025-03-10 10:39:41.024 70972 INFO tempest.lib.common.rest_client [req-78c5fd10-2f27-4e95-bdcf-6c3c5307c71d req-78c5fd10-2f27-4e95-bdcf-6c3c5307c71d ] Request (ImagesOneServerNegativeTestJSON:_run_cleanups): 200 GET http://10.180.1.21/compute/v2.1/servers/52dadfee-1694-47c6-add4-2aa7c551596f 0.059s
2025-03-10 10:39:41.080 70964 INFO tempest.lib.common.rest_client [req-055c678d-e4db-4dcd-94cf-d2f9f6c1c1b0 req-055c678d-e4db-4dcd-94cf-d2f9f6c1c1b0 ] Request (ServersAdminTestJSON:setUpClass): 200 GET http://10.180.1.21/compute/v2.1/servers/ebe83ff3-93bf-40a8-a427-39d9ab8ff226 0.047s
2025-03-10 10:39:41.105 71018 INFO tempest.lib.common.rest_client [req-8d2eff9e-7ac1-4349-85f9-2ad51ad72378 req-8d2eff9e-7ac1-4349-85f9-2ad51ad72378 ] Request (ServerRescueTestJSONUnderV235:tearDownClass): 200 GET http://10.180.1.21/compute/v2.1/servers/6bf196b5-f557-466d-bc40-eb1965b54280 0.056s
2025-03-10 10:39:41.154 70992 INFO tempest.lib.common.rest_client [req-cdc1942c-4a60-4909-92e4-1b564a567668 req-cdc1942c-4a60-4909-92e4-1b564a567668 ] Request (ServerMetadataTestJSON:tearDownClass): 200 GET http://10.180.1.21/compute/v2.1/servers/8ba823aa-5ab0-40ba-8412-66a44d3e5f23 0.052s
2025-03-10 10:39:41.214 70962 INFO tempest.lib.common.rest_client [req-6c8575f7-e1d3-49a0-80fb-da33de9defcf req-6c8575f7-e1d3-49a0-80fb-da33de9defcf ] Request (ServersAaction247Test:test_create_backup): 200 GET http://10.180.1.21/compute/v2.1/servers/e15b67f4-394d-452c-a7e6-9a6b40236a8a 0.051s
2025-03-10 10:39:41.382 70998 INFO tempest.lib.common.rest_client [req-8e844d0f-2e2c-4f92-a751-e89b4b87938a req-8e844d0f-2e2c-4f92-a751-e89b4b87938a ] Request (ListImageFiltersTestJSON:tearDownClass): 200 GET http://10.180.1.21/compute/v2.1/servers/add00fdb-4aa3-4183-9fc7-e6d8b390cde8 0.057s
2025-03-10 10:39:41.396 71012 INFO tempest.lib.common.rest_client [req-c193ff9a-d601-45cb-b562-ecca4ad7d3ed req-c193ff9a-d601-45cb-b562-ecca4ad7d3ed ] Request (VolumesAssistedSnapshotsTest:tearDownClass): 200 GET http://10.180.1.21/compute/v2.1/servers/2a559c15-0334-44db-9f7d-ed3282993961 0.052s
2025-03-10 10:39:41.458 71004 INFO tempest.lib.common.rest_client [req-0448791f-d435-4541-b84f-b873ee11709d req-0448791f-d435-4541-b84f-b873ee11709d ] Request (ServersTestMultiNic:_run_cleanups): 200 GET http://10.180.1.21/compute/v2.1/servers/7c82a7ff-8e74-4591-882f-ee5fea3c40c8 0.057s
2025-03-10 10:39:41.466 70988 INFO tempest.lib.common.rest_client [req-fb496f2a-ce92-4b25-92eb-eefb83b45953 req-fb496f2a-ce92-4b25-92eb-eefb83b45953 ] Request (ServerDiskConfigTestJSON:test_rebuild_server_with_manual_disk_config): 200 GET http://10.180.1.21/compute/v2.1/servers/46cb041b-2ea2-4ee1-8d04-9c906cf08956 0.051s
2025-03-10 10:39:41.501 70958 INFO tempest.lib.common.rest_client [req-82e34fd3-a0f4-40c0-9ee5-87d94ce67161 req-82e34fd3-a0f4-40c0-9ee5-87d94ce67161 ] Request (ServersWithSpecificFlavorTestJSON:test_verify_created_server_ephemeral_disk): 200 GET http://10.180.1.21/compute/v2.1/servers/e8501dc5-7abf-47c7-8359-cb9b58258539 0.051s
2025-03-10 10:39:41.554 70966 INFO tempest.lib.common.rest_client [req-7ae9efd5-c397-4e6c-8bf2-be77472b31d9 req-7ae9efd5-c397-4e6c-8bf2-be77472b31d9 ] Request (SecurityGroupsTestJSON:test_server_security_groups): 200 GET http://10.180.1.21/compute/v2.1/servers/a8efdcf3-99a1-4499-a4b2-797434dbfbba 0.052s
2025-03-10 10:39:41.629 70984 INFO tempest.lib.common.rest_client [req-29e2dd41-da31-4355-be8c-0c6d2b23e278 req-29e2dd41-da31-4355-be8c-0c6d2b23e278 ] Request (ServersTestBootFromVolume:setUpClass): 200 GET http://10.180.1.21/compute/v2.1/servers/65e4a7c4-a33e-4438-9185-ec0b4ed2bdcd 0.060s
2025-03-10 10:39:41.643 71016 INFO tempest.lib.common.rest_client [req-ef95f036-d905-40d0-8200-4edee56c61d3 req-ef95f036-d905-40d0-8200-4edee56c61d3 ] Request (ServerMetadataNegativeTestJSON:setUpClass): 200 GET http://10.180.1.21/compute/v2.1/servers/d47f1698-aca2-4dae-b414-8e0a6ab0f93e 0.096s
2025-03-10 10:39:41.681 70974 INFO tempest.lib.common.rest_client [req-20546e86-8f23-40c8-889c-cc17174abc7a req-20546e86-8f23-40c8-889c-cc17174abc7a ] Request (InstanceActionsNegativeTestJSON:tearDownClass): 200 GET http://10.180.1.21/compute/v2.1/servers/cf8b4b0c-7652-4509-985f-151434312597 0.081s
2025-03-10 10:39:41.691 70960 INFO tempest.lib.common.rest_client [req-cc654b62-4621-47d9-8d19-558e0e06d02e req-cc654b62-4621-47d9-8d19-558e0e06d02e ] Request (ServersAdminNegativeTestJSON:setUpClass): 200 GET http://10.180.1.21/compute/v2.1/servers/b9a15bcc-5fdf-41b3-bb46-e3168a6398ec 0.066s
2025-03-10 10:39:41.833 71000 INFO tempest.lib.common.rest_client [req-dcffe723-ccd3-4115-8dd0-cf7173e15f15 req-dcffe723-ccd3-4115-8dd0-cf7173e15f15 ] Request (FloatingIPsAssociationTestJSON:test_associate_already_associated_floating_ip): 200 GET http://10.180.1.21/compute/v2.1/servers/2a077995-2d6b-4c65-ad3b-bd351b7f93f7 0.048s
2025-03-10 10:39:41.937 70968 INFO tempest.lib.common.rest_client [req-6c56daff-1294-4573-80d5-2b76d96d4b86 req-6c56daff-1294-4573-80d5-2b76d96d4b86 ] Request (AttachInterfacesTestJSON:test_create_list_show_delete_interfaces_by_fixed_ip): 200 GET http://10.180.1.21/compute/v2.1/servers/6f14998f-2ea7-4388-bede-9520190119cd 0.051s
