2025-03-10 10:39:29.418 70994 INFO tempest.lib.common.dynamic_creds [-] Created isolated network resources for: credentials: Credentials: {'domain_id': 'default', 'domain_name': 'Default', 'username': 'tempest-ServersTestFqdnHostnames-1929775850-project-member', 'project_domain_id': 'default', 'project_domain_name': 'Default', 'project_id': '60126c5e094a4abc8179203ae5d399e9', 'project_name': 'tempest-ServersTestFqdnHostnames-1929775850', 'tenant_id': '60126c5e094a4abc8179203ae5d399e9', 'tenant_name': 'tempest-ServersTestFqdnHostnames-1929775850', 'user_domain_id': 'default', 'user_domain_name': 'Default', 'user_id': '8e06c091df6f4f5ba38dd92364e6fc86', 'system': None}, Network: {'id': '8459a673-65c0-4b06-b0fa-5a30605d0acb', 'name': 'tempest-ServersTestFqdnHostnames-1220329620-network', 'tenant_id': '60126c5e094a4abc8179203ae5d399e9', 'admin_state_up': True, 'mtu': 8950, 'status': 'ACTIVE', 'subnets': [], 'shared': False, 'project_id': '60126c5e094a4abc8179203ae5d399e9', 'port_security_enabled': True, 'router:external': False, 'provider:network_type': 'vlan', 'provider:physical_network': 'default', 'provider:segmentation_id': 967, 'availability_zone_hints': [], 'availability_zones': [], 'ipv4_address_scope': None, 'ipv6_address_scope': None, 'description': '', 'tags': [], 'created_at': '2025-03-10T10:39:26Z', 'updated_at': '2025-03-10T10:39:26Z', 'revision_number': 1}, Subnet: {'id': 'd167f0ed-f276-4bb9-b7d9-1382832258b8', 'name': 'tempest-ServersTestFqdnHostnames-1220329620-subnet', 'tenant_id': '60126c5e094a4abc8179203ae5d399e9', 'network_id': '8459a673-65c0-4b06-b0fa-5a30605d0acb', 'ip_version': 4, 'subnetpool_id': None, 'enable_dhcp': True, 'ipv6_ra_mode': None, 'ipv6_address_mode': None, 'gateway_ip': '192.168.128.1', 'cidr': '192.168.128.0/28', 'allocation_pools': [{'start': '192.168.128.2', 'end': '192.168.128.14'}], 'host_routes': [], 'dns_nameservers': [], 'description': '', 'router:external': False, 'service_types': [], 'tags': [], 'created_at': '2025-03-10T10:39:27Z', 'updated_at': '2025-03-10T10:39:27Z', 'revision_number': 0, 'project_id': '60126c5e094a4abc8179203ae5d399e9'}, Router: {'id': 'd323b25e-d034-46ed-8482-59c096a39729', 'name': 'tempest-ServersTestFqdnHostnames-1220329620-router', 'tenant_id': '60126c5e094a4abc8179203ae5d399e9', 'admin_state_up': True, 'status': 'ACTIVE', 'external_gateway_info': {'network_id': 'fc35f129-92ea-49b4-9ea9-891c7158412c', 'external_fixed_ips': [{'subnet_id': 'b0143949-8994-492e-ba92-3d0e850ee71c', 'ip_address': '10.180.180.147'}], 'enable_snat': True}, 'description': '', 'availability_zones': [], 'distributed': False, 'ha': False, 'availability_zone_hints': [], 'routes': [], 'flavor_id': None, 'tags': [], 'created_at': '2025-03-10T10:39:27Z', 'updated_at': '2025-03-10T10:39:27Z', 'revision_number': 2, 'project_id': '60126c5e094a4abc8179203ae5d399e9'}
2025-03-10 10:39:29.485 70974 INFO tempest.lib.common.rest_client [req-dbdec3e1-67d1-4844-8ccd-f90b4f77f9e9 req-dbdec3e1-67d1-4844-8ccd-f90b4f77f9e9 ] Request (InstanceActionsNegativeTestJSON:tearDownClass): 200 GET http://10.180.1.21/compute/v2.1/servers/cf8b4b0c-7652-4509-985f-151434312597 0.078s
2025-03-10 10:39:29.516 71004 INFO tempest.lib.common.rest_client [req-7b89cde8-f361-4820-b1a6-fd6d5f88fa20 req-7b89cde8-f361-4820-b1a6-fd6d5f88fa20 ] Request (ServersTestMultiNic:test_verify_multiple_nics_order): 200 GET http://10.180.1.21/compute/v2.1/servers/7c82a7ff-8e74-4591-882f-ee5fea3c40c8 0.324s
2025-03-10 10:39:29.530 70994 INFO tempest.lib.common.rest_client [req-838f6b20-29e6-4246-a7c9-938c22e8e632 req-838f6b20-29e6-4246-a7c9-938c22e8e632 ] Request (ServersTestFqdnHostnames:setUpClass): 201 POST http://10.180.1.21/identity/v3/auth/tokens 0.108s
2025-03-10 10:39:29.570 70970 INFO tempest.lib.common.rest_client [req-4261235f-5dde-47a7-a0c7-5d42db8febc2 req-4261235f-5dde-47a7-a0c7-5d42db8febc2 ] Request (ServerExternalEventsTest:tearDownClass): 200 GET http://10.180.1.21/compute/v2.1/servers/122e0404-29c7-4d16-bf19-5c979cdb8702 0.155s
2025-03-10 10:39:29.587 70960 INFO tempest.lib.common.rest_client [req-42e46e60-aa91-425c-8b4f-f6b9a180b56a req-42e46e60-aa91-425c-8b4f-f6b9a180b56a ] Request (ServersAdminNegativeTestJSON:setUpClass): 200 GET http://10.180.1.21/compute/v2.1/servers/b9a15bcc-5fdf-41b3-bb46-e3168a6398ec 0.131s
2025-03-10 10:39:29.592 71012 INFO tempest.lib.common.rest_client [req-ce8939f9-338f-4e3f-9b74-af90165efe1c req-ce8939f9-338f-4e3f-9b74-af90165efe1c ] Request (VolumesAssistedSnapshotsTest:test_volume_assisted_snapshot_create_delete): 200 GET http://10.180.1.21/volume/v3/volumes/dc44a1b7-5745-4b87-9dd5-f16422d40805 0.032s
2025-03-10 10:39:29.604 71012 INFO tempest.common.waiters [-] Attachment 8a11bccc-8d51-4518-ab76-f58c9932f9de created for volume dc44a1b7-5745-4b87-9dd5-f16422d40805 to server 2a559c15-0334-44db-9f7d-ed3282993961 after waiting for 7.604239 seconds
2025-03-10 10:39:29.628 70984 INFO tempest.lib.common.rest_client [req-67a092da-6faf-493f-a28b-293b8c290c2e req-67a092da-6faf-493f-a28b-293b8c290c2e ] Request (ServersTestBootFromVolume:setUpClass): 200 GET http://10.180.1.21/compute/v2.1/servers/65e4a7c4-a33e-4438-9185-ec0b4ed2bdcd 0.104s
2025-03-10 10:39:29.632 70996 INFO tempest.lib.common.rest_client [req-ad59d704-b64d-40f8-a81f-35c1ec8faf57 req-ad59d704-b64d-40f8-a81f-35c1ec8faf57 ] Request (ServerRescueNegativeTestJSON:test_rescued_vm_detach_volume): 200 PUT http://10.180.1.21:9696/networking/v2.0/floatingips/a6adaf15-9a86-48a9-9935-4ca4ee94859a 0.856s
2025-03-10 10:39:29.634 70996 INFO tempest.lib.common.ssh [-] Creating ssh connection to '10.180.180.252:22' as 'cirros' with public key authentication
2025-03-10 10:39:29.652 71012 INFO tempest.lib.common.rest_client [req-142c962e-ae38-4af4-9ca1-427b8102780d req-142c962e-ae38-4af4-9ca1-427b8102780d ] Request (VolumesAssistedSnapshotsTest:test_volume_assisted_snapshot_create_delete): 200 GET http://10.180.1.21/volume/v3/volumes/dc44a1b7-5745-4b87-9dd5-f16422d40805 0.046s
2025-03-10 10:39:29.659 71012 INFO tempest.common.waiters [-] volume dc44a1b7-5745-4b87-9dd5-f16422d40805 reached in-use after waiting for 0.659564 seconds
2025-03-10 10:39:29.684 71000 INFO tempest.lib.common.rest_client [req-edc0f9e1-14d3-4489-be64-834c88106f99 req-edc0f9e1-14d3-4489-be64-834c88106f99 ] Request (FloatingIPsAssociationTestJSON:test_associate_already_associated_floating_ip): 200 GET http://10.180.1.21/compute/v2.1/servers/2a077995-2d6b-4c65-ad3b-bd351b7f93f7 0.085s
2025-03-10 10:39:29.720 70994 INFO tempest.lib.common.rest_client [req-9c404689-18e6-45d0-80ea-9ebe70b8d048 req-9c404689-18e6-45d0-80ea-9ebe70b8d048 ] Request (ServersTestFqdnHostnames:test_create_server_with_fqdn_name): 200 POST http://10.180.1.21/compute/v2.1/os-keypairs 0.182s
2025-03-10 10:39:29.771 70968 INFO tempest.lib.common.rest_client [req-5270deea-1bf5-4872-af07-669e520a3371 req-5270deea-1bf5-4872-af07-669e520a3371 ] Request (AttachInterfacesTestJSON:test_create_list_show_delete_interfaces_by_fixed_ip): 200 GET http://10.180.1.21/compute/v2.1/servers/6f14998f-2ea7-4388-bede-9520190119cd 0.113s
2025-03-10 10:39:29.866 70994 INFO tempest.lib.common.rest_client [req-23874970-34cf-45d8-8990-f72f660ff755 req-23874970-34cf-45d8-8990-f72f660ff755 ] Request (ServersTestFqdnHostnames:test_create_server_with_fqdn_name): 201 POST http://10.180.1.21:9696/networking/v2.0/security-groups 0.143s
2025-03-10 10:39:29.874 71012 INFO tempest.lib.common.rest_client [req-0974b8fe-4e2c-4c16-82f2-5839c7342afd req-0974b8fe-4e2c-4c16-82f2-5839c7342afd ] Request (VolumesAssistedSnapshotsTest:test_volume_assisted_snapshot_create_delete): 200 POST http://10.180.1.21/compute/v2.1/os-assisted-volume-snapshots 0.215s
2025-03-10 10:39:29.877 71008 INFO tempest.lib.common.rest_client [req-d2d93f58-8ad3-4e32-946e-80e3c42ea931 req-d2d93f58-8ad3-4e32-946e-80e3c42ea931 ] Request (ServersListShow298Test:test_list_show_update_rebuild_server_298): 200 GET http://10.180.1.21/compute/v2.1/servers/590341b5-9b5d-4552-b10f-8384efc8e24f 0.203s
2025-03-10 10:39:29.897 71012 INFO tempest.lib.common.rest_client [req-e6df07ed-f372-467f-a9a4-fdecd78ca43e req-e6df07ed-f372-467f-a9a4-fdecd78ca43e ] Request (VolumesAssistedSnapshotsTest:test_volume_assisted_snapshot_create_delete): 204 DELETE http://10.180.1.21/compute/v2.1/os-assisted-volume-snapshots/None?delete_info=%7B%22volume_id%22%3A+%22dc44a1b7-5745-4b87-9dd5-f16422d40805%22%7D 0.022s
2025-03-10 10:39:29.933 71012 INFO tempest.lib.common.rest_client [req-37457c60-3619-4407-9fe0-e5e9539ab86f req-37457c60-3619-4407-9fe0-e5e9539ab86f ] Request (VolumesAssistedSnapshotsTest:_run_cleanups): 200 GET http://10.180.1.21/volume/v3/volumes/dc44a1b7-5745-4b87-9dd5-f16422d40805 0.035s
2025-03-10 10:39:29.949 71014 INFO tempest.lib.common.rest_client [req-937a1a81-91d8-4d0f-b2e6-78596f0697a1 req-937a1a81-91d8-4d0f-b2e6-78596f0697a1 ] Request (ImagesTestJSON:test_create_server_from_snapshot): 200 GET http://10.180.1.21/compute/v2.1/servers/6786080b-4760-4042-b210-69b14fe5af58 0.068s
2025-03-10 10:39:29.976 70994 INFO tempest.lib.common.rest_client [req-c36bdc1a-d023-4ce8-a1aa-46ebcd144f57 req-c36bdc1a-d023-4ce8-a1aa-46ebcd144f57 ] Request (ServersTestFqdnHostnames:test_create_server_with_fqdn_name): 201 POST http://10.180.1.21:9696/networking/v2.0/security-group-rules 0.110s
2025-03-10 10:39:30.024 70982 INFO tempest.lib.common.rest_client [req-f45acc82-b342-461d-a203-c4dbb9456ed7 req-f45acc82-b342-461d-a203-c4dbb9456ed7 ] Request (AttachInterfacesUnderV243Test:test_add_remove_fixed_ip): 200 GET http://10.180.1.21/compute/v2.1/servers/04ad9dff-40ef-4ab6-9d26-13b324b39b50 0.112s
2025-03-10 10:39:30.081 70994 INFO tempest.lib.common.rest_client [req-8a422fd6-f284-4a58-987b-e4a5e35e1cfb req-8a422fd6-f284-4a58-987b-e4a5e35e1cfb ] Request (ServersTestFqdnHostnames:test_create_server_with_fqdn_name): 201 POST http://10.180.1.21:9696/networking/v2.0/security-group-rules 0.104s
2025-03-10 10:39:30.091 71018 INFO tempest.lib.common.rest_client [req-6743fb60-8a05-4448-9aae-95667a90f627 req-6743fb60-8a05-4448-9aae-95667a90f627 ] Request (ServerRescueTestJSONUnderV235:tearDownClass): 200 GET http://10.180.1.21/compute/v2.1/servers/6bf196b5-f557-466d-bc40-eb1965b54280 0.113s
2025-03-10 10:39:30.117 71012 INFO tempest.lib.common.rest_client [req-cf35289b-2c75-41fd-bd39-5126dee7cc62 req-cf35289b-2c75-41fd-bd39-5126dee7cc62 ] Request (VolumesAssistedSnapshotsTest:_run_cleanups): 202 DELETE http://10.180.1.21/compute/v2.1/servers/2a559c15-0334-44db-9f7d-ed3282993961/os-volume_attachments/dc44a1b7-5745-4b87-9dd5-f16422d40805 0.175s
2025-03-10 10:39:30.148 70964 INFO tempest.lib.common.rest_client [req-7b3c1935-91ff-467d-8cff-ffc35c44ad05 req-7b3c1935-91ff-467d-8cff-ffc35c44ad05 ] Request (ServersAdminTestJSON:setUpClass): 200 GET http://10.180.1.21/compute/v2.1/servers/ebe83ff3-93bf-40a8-a427-39d9ab8ff226 0.166s
2025-03-10 10:39:30.194 70992 INFO tempest.lib.common.rest_client [req-e40b86d4-2ff9-4b5d-8d4c-6ff396c8bc57 req-e40b86d4-2ff9-4b5d-8d4c-6ff396c8bc57 ] Request (ServerMetadataTestJSON:tearDownClass): 200 GET http://10.180.1.21/compute/v2.1/servers/8ba823aa-5ab0-40ba-8412-66a44d3e5f23 0.128s
2025-03-10 10:39:30.223 70962 INFO tempest.lib.common.rest_client [req-cf6ec811-a245-4cd5-b475-e45362ab124b req-cf6ec811-a245-4cd5-b475-e45362ab124b ] Request (ServersAaction247Test:test_create_backup): 200 GET http://10.180.1.21/compute/v2.1/servers/e15b67f4-394d-452c-a7e6-9a6b40236a8a 0.143s
2025-03-10 10:39:30.233 71012 INFO tempest.lib.common.rest_client [req-db1cf4f5-ff48-40ff-8434-37aa8842c1c5 req-db1cf4f5-ff48-40ff-8434-37aa8842c1c5 ] Request (VolumesAssistedSnapshotsTest:_run_cleanups): 200 GET http://10.180.1.21/compute/v2.1/servers/2a559c15-0334-44db-9f7d-ed3282993961/os-volume_attachments 0.115s
2025-03-10 10:39:30.307 70972 INFO tempest.lib.common.rest_client [req-d7b914e5-f2c3-4fa5-a0d3-3207e10962b4 req-d7b914e5-f2c3-4fa5-a0d3-3207e10962b4 ] Request (ImagesOneServerNegativeTestJSON:_run_cleanups): 200 GET http://10.180.1.21/compute/v2.1/servers/37e78c17-1f84-4d2e-b362-6fe4d668c7f8 0.164s
2025-03-10 10:39:30.311 70998 INFO tempest.lib.common.rest_client [req-0bd89ae3-2ea9-4c5f-a4b6-52a151f5f8ad req-0bd89ae3-2ea9-4c5f-a4b6-52a151f5f8ad ] Request (ListImageFiltersTestJSON:tearDownClass): 200 GET http://10.180.1.21/compute/v2.1/servers/add00fdb-4aa3-4183-9fc7-e6d8b390cde8 0.135s
2025-03-10 10:39:30.372 70958 INFO tempest.lib.common.rest_client [req-5a859f0b-53e3-4cff-879c-e4be4279aa7b req-5a859f0b-53e3-4cff-879c-e4be4279aa7b ] Request (ServersWithSpecificFlavorTestJSON:test_verify_created_server_ephemeral_disk): 200 GET http://10.180.1.21/compute/v2.1/servers/e8501dc5-7abf-47c7-8359-cb9b58258539 0.110s
2025-03-10 10:39:30.375 70988 INFO tempest.lib.common.rest_client [req-78428b3d-e5bc-4446-835e-674f65c4c072 req-78428b3d-e5bc-4446-835e-674f65c4c072 ] Request (ServerDiskConfigTestJSON:test_rebuild_server_with_manual_disk_config): 200 GET http://10.180.1.21/compute/v2.1/servers/46cb041b-2ea2-4ee1-8d04-9c906cf08956 0.172s
2025-03-10 10:39:30.427 71016 INFO tempest.lib.common.rest_client [req-a753203f-031e-4443-bc06-ec2820a0ba44 req-a753203f-031e-4443-bc06-ec2820a0ba44 ] Request (ServerMetadataNegativeTestJSON:setUpClass): 200 GET http://10.180.1.21/compute/v2.1/servers/d47f1698-aca2-4dae-b414-8e0a6ab0f93e 0.152s
2025-03-10 10:39:30.452 70966 INFO tempest.lib.common.rest_client [req-fcfa2bb8-61e3-40fd-b30c-d74632f7da9c req-fcfa2bb8-61e3-40fd-b30c-d74632f7da9c ] Request (SecurityGroupsTestJSON:test_server_security_groups): 200 GET http://10.180.1.21/compute/v2.1/servers/a8efdcf3-99a1-4499-a4b2-797434dbfbba 0.112s
2025-03-10 10:39:30.482 71002 INFO tempest.lib.common.rest_client [req-866e7c79-abc1-4705-9312-06942daea707 req-866e7c79-abc1-4705-9312-06942daea707 ] Request (MigrationsAdminTest:test_resize_server_revert_deleted_flavor): 200 GET http://10.180.1.21/compute/v2.1/servers/f2842deb-72c7-47d0-ba67-09665b96669e 0.119s
2025-03-10 10:39:30.483 70956 WARNING tempest.lib.common.ssh [-] Failed to establish authenticated ssh connection to cirros@10.180.180.169 ([Errno None] Unable to connect to port 22 on 10.180.180.169). Number attempts: 2. Retry after 3 seconds.: paramiko.ssh_exception.NoValidConnectionsError: [Errno None] Unable to connect to port 22 on 10.180.180.169
2025-03-10 10:39:30.566 70974 INFO tempest.lib.common.rest_client [req-559d8cd5-b73d-4492-8f63-ce67898e5656 req-559d8cd5-b73d-4492-8f63-ce67898e5656 ] Request (InstanceActionsNegativeTestJSON:tearDownClass): 200 GET http://10.180.1.21/compute/v2.1/servers/cf8b4b0c-7652-4509-985f-151434312597 0.067s
2025-03-10 10:39:30.652 71004 INFO tempest.lib.common.rest_client [req-9020d534-c8d1-4ef1-baa1-f9e3faf419fd req-9020d534-c8d1-4ef1-baa1-f9e3faf419fd ] Request (ServersTestMultiNic:test_verify_multiple_nics_order): 200 GET http://10.180.1.21/compute/v2.1/servers/7c82a7ff-8e74-4591-882f-ee5fea3c40c8 0.124s
2025-03-10 10:39:30.653 70970 INFO tempest.lib.common.rest_client [req-70b2e617-0bfa-4cbb-b56c-c015c74c9564 req-70b2e617-0bfa-4cbb-b56c-c015c74c9564 ] Request (ServerExternalEventsTest:tearDownClass): 200 GET http://10.180.1.21/compute/v2.1/servers/122e0404-29c7-4d16-bf19-5c979cdb8702 0.072s
2025-03-10 10:39:30.684 70994 INFO tempest.lib.common.rest_client [req-b8ae8ade-37ea-4355-88df-acb8dd1889fe req-b8ae8ade-37ea-4355-88df-acb8dd1889fe ] Request (ServersTestFqdnHostnames:test_create_server_with_fqdn_name): 201 POST http://10.180.1.21:9696/networking/v2.0/floatingips 0.602s
2025-03-10 10:39:30.714 70984 INFO tempest.lib.common.rest_client [req-7bc75b5f-d282-4ed9-84ad-7ae8b096324b req-7bc75b5f-d282-4ed9-84ad-7ae8b096324b ] Request (ServersTestBootFromVolume:setUpClass): 200 GET http://10.180.1.21/compute/v2.1/servers/65e4a7c4-a33e-4438-9185-ec0b4ed2bdcd 0.078s
2025-03-10 10:39:30.720 70960 INFO tempest.lib.common.rest_client [req-d44ffc13-5c51-4854-bf4a-cee7876ca987 req-d44ffc13-5c51-4854-bf4a-cee7876ca987 ] Request (ServersAdminNegativeTestJSON:setUpClass): 200 GET http://10.180.1.21/compute/v2.1/servers/b9a15bcc-5fdf-41b3-bb46-e3168a6398ec 0.115s
2025-03-10 10:39:30.725 70994 INFO tempest.lib.common.rest_client [req-bafc1a16-4786-44a7-8357-b2607ec65410 req-bafc1a16-4786-44a7-8357-b2607ec65410 ] Request (ServersTestFqdnHostnames:test_create_server_with_fqdn_name): 201 POST http://10.180.1.21/identity/v3/auth/tokens 0.038s
2025-03-10 10:39:30.726 70994 INFO tempest.lib.common.fixed_network [-] (ServersTestFqdnHostnames:test_create_server_with_fqdn_name) Found network {'id': '8459a673-65c0-4b06-b0fa-5a30605d0acb', 'name': 'tempest-ServersTestFqdnHostnames-1220329620-network', 'tenant_id': '60126c5e094a4abc8179203ae5d399e9', 'admin_state_up': True, 'mtu': 8950, 'status': 'ACTIVE', 'subnets': [], 'shared': False, 'project_id': '60126c5e094a4abc8179203ae5d399e9', 'port_security_enabled': True, 'router:external': False, 'provider:network_type': 'vlan', 'provider:physical_network': 'default', 'provider:segmentation_id': 967, 'availability_zone_hints': [], 'availability_zones': [], 'ipv4_address_scope': None, 'ipv6_address_scope': None, 'description': '', 'tags': [], 'created_at': '2025-03-10T10:39:26Z', 'updated_at': '2025-03-10T10:39:26Z', 'revision_number': 1} available for tenant
2025-03-10 10:39:30.784 71000 INFO tempest.lib.common.rest_client [req-937223e0-4680-496f-9055-9aceb8482990 req-937223e0-4680-496f-9055-9aceb8482990 ] Request (FloatingIPsAssociationTestJSON:test_associate_already_associated_floating_ip): 200 GET http://10.180.1.21/compute/v2.1/servers/2a077995-2d6b-4c65-ad3b-bd351b7f93f7 0.091s
2025-03-10 10:39:30.866 70968 INFO tempest.lib.common.rest_client [req-97c15040-cf6a-4a4a-a74a-30685c2b1163 req-97c15040-cf6a-4a4a-a74a-30685c2b1163 ] Request (AttachInterfacesTestJSON:test_create_list_show_delete_interfaces_by_fixed_ip): 200 GET http://10.180.1.21/compute/v2.1/servers/6f14998f-2ea7-4388-bede-9520190119cd 0.080s
2025-03-10 10:39:30.957 71008 INFO tempest.lib.common.rest_client [req-4b4bc17e-e67e-4d5a-bce4-5edfc7d7f9b7 req-4b4bc17e-e67e-4d5a-bce4-5edfc7d7f9b7 ] Request (ServersListShow298Test:test_list_show_update_rebuild_server_298): 200 GET http://10.180.1.21/compute/v2.1/servers/590341b5-9b5d-4552-b10f-8384efc8e24f 0.067s
2025-03-10 10:39:31.009 71014 INFO tempest.lib.common.rest_client [req-77626bd6-669a-405a-a1e6-9ea87c9c253e req-77626bd6-669a-405a-a1e6-9ea87c9c253e ] Request (ImagesTestJSON:test_create_server_from_snapshot): 200 GET http://10.180.1.21/compute/v2.1/servers/6786080b-4760-4042-b210-69b14fe5af58 0.048s
2025-03-10 10:39:31.107 70994 INFO tempest.lib.common.rest_client [req-c1a3466f-29d1-403b-a28d-092c70deabca req-c1a3466f-29d1-403b-a28d-092c70deabca ] Request (ServersTestFqdnHostnames:test_create_server_with_fqdn_name): 202 POST http://10.180.1.21/compute/v2.1/servers 0.380s
2025-03-10 10:39:31.121 70982 INFO tempest.lib.common.rest_client [req-75ec8181-8924-4e7d-838b-eecf67514fd7 req-75ec8181-8924-4e7d-838b-eecf67514fd7 ] Request (AttachInterfacesUnderV243Test:test_add_remove_fixed_ip): 200 GET http://10.180.1.21/compute/v2.1/servers/04ad9dff-40ef-4ab6-9d26-13b324b39b50 0.087s
2025-03-10 10:39:31.160 70994 INFO tempest.lib.common.rest_client [req-754cfd40-4b8b-49e8-b25d-f1b6737ee252 req-754cfd40-4b8b-49e8-b25d-f1b6737ee252 ] Request (ServersTestFqdnHostnames:test_create_server_with_fqdn_name): 200 GET http://10.180.1.21/compute/v2.1/servers/62ac915a-5dfe-49f6-89c4-e05fc79b1e86 0.051s
2025-03-10 10:39:31.177 71018 INFO tempest.lib.common.rest_client [req-1e7655bc-7b31-4fbd-b8f8-fe1fcec9a884 req-1e7655bc-7b31-4fbd-b8f8-fe1fcec9a884 ] Request (ServerRescueTestJSONUnderV235:tearDownClass): 200 GET http://10.180.1.21/compute/v2.1/servers/6bf196b5-f557-466d-bc40-eb1965b54280 0.074s
2025-03-10 10:39:31.213 70964 INFO tempest.lib.common.rest_client [req-590fce75-40ba-4ddf-b4cd-4bbe6a7618e1 req-590fce75-40ba-4ddf-b4cd-4bbe6a7618e1 ] Request (ServersAdminTestJSON:setUpClass): 200 GET http://10.180.1.21/compute/v2.1/servers/ebe83ff3-93bf-40a8-a427-39d9ab8ff226 0.052s
2025-03-10 10:39:31.263 70992 INFO tempest.lib.common.rest_client [req-a06b68a4-0043-4649-96e8-cbd168616f1c req-a06b68a4-0043-4649-96e8-cbd168616f1c ] Request (ServerMetadataTestJSON:tearDownClass): 200 GET http://10.180.1.21/compute/v2.1/servers/8ba823aa-5ab0-40ba-8412-66a44d3e5f23 0.061s
2025-03-10 10:39:31.277 71012 INFO tempest.lib.common.rest_client [req-3071ff52-c1f9-47e1-ba27-e0d33f0b8bd9 req-3071ff52-c1f9-47e1-ba27-e0d33f0b8bd9 ] Request (VolumesAssistedSnapshotsTest:_run_cleanups): 200 GET http://10.180.1.21/compute/v2.1/servers/2a559c15-0334-44db-9f7d-ed3282993961/os-volume_attachments 0.042s
2025-03-10 10:39:31.317 70962 INFO tempest.lib.common.rest_client [req-3aa6be56-888f-4cbe-9c75-b462d207d56b req-3aa6be56-888f-4cbe-9c75-b462d207d56b ] Request (ServersAaction247Test:test_create_backup): 200 GET http://10.180.1.21/compute/v2.1/servers/e15b67f4-394d-452c-a7e6-9a6b40236a8a 0.081s
2025-03-10 10:39:31.393 70998 INFO tempest.lib.common.rest_client [req-5db6d820-2e9f-4f1f-bcc9-970d0c2aaede req-5db6d820-2e9f-4f1f-bcc9-970d0c2aaede ] Request (ListImageFiltersTestJSON:tearDownClass): 200 GET http://10.180.1.21/compute/v2.1/servers/add00fdb-4aa3-4183-9fc7-e6d8b390cde8 0.069s
2025-03-10 10:39:31.401 70972 INFO tempest.lib.common.rest_client [req-88f2ae34-c717-45c4-a81e-914fa498f1a0 req-88f2ae34-c717-45c4-a81e-914fa498f1a0 ] Request (ImagesOneServerNegativeTestJSON:_run_cleanups): 200 GET http://10.180.1.21/compute/v2.1/servers/37e78c17-1f84-4d2e-b362-6fe4d668c7f8 0.077s
2025-03-10 10:39:31.438 70958 INFO tempest.lib.common.rest_client [req-d0ec3d5a-ece5-421e-a32f-e2e2abb35b98 req-d0ec3d5a-ece5-421e-a32f-e2e2abb35b98 ] Request (ServersWithSpecificFlavorTestJSON:test_verify_created_server_ephemeral_disk): 200 GET http://10.180.1.21/compute/v2.1/servers/e8501dc5-7abf-47c7-8359-cb9b58258539 0.055s
2025-03-10 10:39:31.463 70988 INFO tempest.lib.common.rest_client [req-888efb99-c55b-4293-8065-be72ec996ca6 req-888efb99-c55b-4293-8065-be72ec996ca6 ] Request (ServerDiskConfigTestJSON:test_rebuild_server_with_manual_disk_config): 200 GET http://10.180.1.21/compute/v2.1/servers/46cb041b-2ea2-4ee1-8d04-9c906cf08956 0.077s
2025-03-10 10:39:31.497 71016 INFO tempest.lib.common.rest_client [req-12da0ab0-a3dc-4a17-abe7-e2a3d858d47a req-12da0ab0-a3dc-4a17-abe7-e2a3d858d47a ] Request (ServerMetadataNegativeTestJSON:setUpClass): 200 GET http://10.180.1.21/compute/v2.1/servers/d47f1698-aca2-4dae-b414-8e0a6ab0f93e 0.055s
2025-03-10 10:39:31.525 70966 INFO tempest.lib.common.rest_client [req-08aee4c0-7716-4ff4-acb7-ca627d5cc9c9 req-08aee4c0-7716-4ff4-acb7-ca627d5cc9c9 ] Request (SecurityGroupsTestJSON:test_server_security_groups): 200 GET http://10.180.1.21/compute/v2.1/servers/a8efdcf3-99a1-4499-a4b2-797434dbfbba 0.062s
2025-03-10 10:39:31.556 71002 INFO tempest.lib.common.rest_client [req-18437407-ddc9-43e0-997f-010987f51289 req-18437407-ddc9-43e0-997f-010987f51289 ] Request (MigrationsAdminTest:test_resize_server_revert_deleted_flavor): 200 GET http://10.180.1.21/compute/v2.1/servers/f2842deb-72c7-47d0-ba67-09665b96669e 0.066s
2025-03-10 10:39:31.641 70974 INFO tempest.lib.common.rest_client [req-a3aeb577-848c-4e48-8bdb-5b29af04c32e req-a3aeb577-848c-4e48-8bdb-5b29af04c32e ] Request (InstanceActionsNegativeTestJSON:tearDownClass): 200 GET http://10.180.1.21/compute/v2.1/servers/cf8b4b0c-7652-4509-985f-151434312597 0.065s
2025-03-10 10:39:31.737 70970 INFO tempest.lib.common.rest_client [req-95081708-a1a7-4898-8d02-6acf23c05a75 req-95081708-a1a7-4898-8d02-6acf23c05a75 ] Request (ServerExternalEventsTest:tearDownClass): 200 GET http://10.180.1.21/compute/v2.1/servers/122e0404-29c7-4d16-bf19-5c979cdb8702 0.073s
2025-03-10 10:39:31.790 70984 INFO tempest.lib.common.rest_client [req-35efe325-5ee9-4a60-ad75-50a67e5ea413 req-35efe325-5ee9-4a60-ad75-50a67e5ea413 ] Request (ServersTestBootFromVolume:setUpClass): 200 GET http://10.180.1.21/compute/v2.1/servers/65e4a7c4-a33e-4438-9185-ec0b4ed2bdcd 0.068s
2025-03-10 10:39:31.858 70960 INFO tempest.lib.common.rest_client [req-b51f5603-34ce-49ab-bb53-9920d585efe3 req-b51f5603-34ce-49ab-bb53-9920d585efe3 ] Request (ServersAdminNegativeTestJSON:setUpClass): 200 GET http://10.180.1.21/compute/v2.1/servers/b9a15bcc-5fdf-41b3-bb46-e3168a6398ec 0.125s
2025-03-10 10:39:31.923 71000 INFO tempest.lib.common.rest_client [req-b47c9293-14f0-4239-8b28-d403c7946006 req-b47c9293-14f0-4239-8b28-d403c7946006 ] Request (FloatingIPsAssociationTestJSON:test_associate_already_associated_floating_ip): 200 GET http://10.180.1.21/compute/v2.1/servers/2a077995-2d6b-4c65-ad3b-bd351b7f93f7 0.130s
2025-03-10 10:39:31.981 70968 INFO tempest.lib.common.rest_client [req-14c7e6b7-3408-4065-a52b-b2d890f7bdd4 req-14c7e6b7-3408-4065-a52b-b2d890f7bdd4 ] Request (AttachInterfacesTestJSON:test_create_list_show_delete_interfaces_by_fixed_ip): 200 GET http://10.180.1.21/compute/v2.1/servers/6f14998f-2ea7-4388-bede-9520190119cd 0.106s
2025-03-10 10:39:31.997 71004 INFO tempest.lib.common.rest_client [req-1339f4d6-5ee4-44f6-be7b-1549c0c48717 req-1339f4d6-5ee4-44f6-be7b-1549c0c48717 ] Request (ServersTestMultiNic:test_verify_multiple_nics_order): 200 GET http://10.180.1.21/compute/v2.1/servers/7c82a7ff-8e74-4591-882f-ee5fea3c40c8 0.337s
2025-03-10 10:39:32.038 71008 INFO tempest.lib.common.rest_client [req-8e77ebff-f209-4c89-9354-e888d2ff3cce req-8e77ebff-f209-4c89-9354-e888d2ff3cce ] Request (ServersListShow298Test:test_list_show_update_rebuild_server_298): 200 GET http://10.180.1.21/compute/v2.1/servers/590341b5-9b5d-4552-b10f-8384efc8e24f 0.066s
2025-03-10 10:39:32.067 71014 INFO tempest.lib.common.rest_client [req-46191ec3-45ac-4829-810e-b03e75e6993d req-46191ec3-45ac-4829-810e-b03e75e6993d ] Request (ImagesTestJSON:test_create_server_from_snapshot): 200 GET http://10.180.1.21/compute/v2.1/servers/6786080b-4760-4042-b210-69b14fe5af58 0.051s
2025-03-10 10:39:32.230 70994 INFO tempest.lib.common.rest_client [req-df77d2d1-67ec-46ea-954d-a3be692a15a8 req-df77d2d1-67ec-46ea-954d-a3be692a15a8 ] Request (ServersTestFqdnHostnames:test_create_server_with_fqdn_name): 200 GET http://10.180.1.21/compute/v2.1/servers/62ac915a-5dfe-49f6-89c4-e05fc79b1e86 0.060s
2025-03-10 10:39:32.262 70982 INFO tempest.lib.common.rest_client [req-5480cd5a-4e96-4c8d-890a-cc77c200b55d req-5480cd5a-4e96-4c8d-890a-cc77c200b55d ] Request (AttachInterfacesUnderV243Test:test_add_remove_fixed_ip): 200 GET http://10.180.1.21/compute/v2.1/servers/04ad9dff-40ef-4ab6-9d26-13b324b39b50 0.133s
2025-03-10 10:39:32.294 71018 INFO tempest.lib.common.rest_client [req-917222db-45f0-48b9-a33b-c115f3d43403 req-917222db-45f0-48b9-a33b-c115f3d43403 ] Request (ServerRescueTestJSONUnderV235:tearDownClass): 200 GET http://10.180.1.21/compute/v2.1/servers/6bf196b5-f557-466d-bc40-eb1965b54280 0.109s
2025-03-10 10:39:32.310 70964 INFO tempest.lib.common.rest_client [req-e96146e4-4c34-4d81-8a7b-d56bb09b867f req-e96146e4-4c34-4d81-8a7b-d56bb09b867f ] Request (ServersAdminTestJSON:setUpClass): 200 GET http://10.180.1.21/compute/v2.1/servers/ebe83ff3-93bf-40a8-a427-39d9ab8ff226 0.086s
2025-03-10 10:39:32.340 71012 INFO tempest.lib.common.rest_client [req-fc38db4c-c187-4c42-897c-29da20bd0e01 req-fc38db4c-c187-4c42-897c-29da20bd0e01 ] Request (VolumesAssistedSnapshotsTest:_run_cleanups): 200 GET http://10.180.1.21/compute/v2.1/servers/2a559c15-0334-44db-9f7d-ed3282993961/os-volume_attachments 0.061s
2025-03-10 10:39:32.351 70992 INFO tempest.lib.common.rest_client [req-3759dfdf-b8d0-47c3-8ab3-9bfe2534d875 req-3759dfdf-b8d0-47c3-8ab3-9bfe2534d875 ] Request (ServerMetadataTestJSON:tearDownClass): 200 GET http://10.180.1.21/compute/v2.1/servers/8ba823aa-5ab0-40ba-8412-66a44d3e5f23 0.080s
2025-03-10 10:39:32.396 70962 INFO tempest.lib.common.rest_client [req-256b011b-3565-4f56-a2d3-24af354e58f1 req-256b011b-3565-4f56-a2d3-24af354e58f1 ] Request (ServersAaction247Test:test_create_backup): 200 GET http://10.180.1.21/compute/v2.1/servers/e15b67f4-394d-452c-a7e6-9a6b40236a8a 0.062s
2025-03-10 10:39:32.471 70998 INFO tempest.lib.common.rest_client [req-2087a39b-a820-4f34-9db0-76a9405ca88b req-2087a39b-a820-4f34-9db0-76a9405ca88b ] Request (ListImageFiltersTestJSON:tearDownClass): 200 GET http://10.180.1.21/compute/v2.1/servers/add00fdb-4aa3-4183-9fc7-e6d8b390cde8 0.066s
2025-03-10 10:39:32.478 70972 INFO tempest.lib.common.rest_client [req-ca88ae5c-86dc-401c-8d81-2fbf38382a05 req-ca88ae5c-86dc-401c-8d81-2fbf38382a05 ] Request (ImagesOneServerNegativeTestJSON:_run_cleanups): 200 GET http://10.180.1.21/compute/v2.1/servers/37e78c17-1f84-4d2e-b362-6fe4d668c7f8 0.067s
2025-03-10 10:39:32.524 70958 INFO tempest.lib.common.rest_client [req-4262376e-558a-4a93-890c-de86875c99d4 req-4262376e-558a-4a93-890c-de86875c99d4 ] Request (ServersWithSpecificFlavorTestJSON:test_verify_created_server_ephemeral_disk): 200 GET http://10.180.1.21/compute/v2.1/servers/e8501dc5-7abf-47c7-8359-cb9b58258539 0.078s
2025-03-10 10:39:32.530 70988 INFO tempest.lib.common.rest_client [req-eb0ed559-f431-4242-83df-f6a5f6e689f3 req-eb0ed559-f431-4242-83df-f6a5f6e689f3 ] Request (ServerDiskConfigTestJSON:test_rebuild_server_with_manual_disk_config): 200 GET http://10.180.1.21/compute/v2.1/servers/46cb041b-2ea2-4ee1-8d04-9c906cf08956 0.055s
2025-03-10 10:39:32.574 71016 INFO tempest.lib.common.rest_client [req-c7470057-c5b2-409f-9329-69aa775de095 req-c7470057-c5b2-409f-9329-69aa775de095 ] Request (ServerMetadataNegativeTestJSON:setUpClass): 200 GET http://10.180.1.21/compute/v2.1/servers/d47f1698-aca2-4dae-b414-8e0a6ab0f93e 0.070s
2025-03-10 10:39:32.589 70966 INFO tempest.lib.common.rest_client [req-d6646126-d4c5-4bbb-a164-0f6a75e6405e req-d6646126-d4c5-4bbb-a164-0f6a75e6405e ] Request (SecurityGroupsTestJSON:test_server_security_groups): 200 GET http://10.180.1.21/compute/v2.1/servers/a8efdcf3-99a1-4499-a4b2-797434dbfbba 0.054s
2025-03-10 10:39:32.616 71002 INFO tempest.lib.common.rest_client [req-ec6c327f-c1e0-4f2f-bdd9-f0a84d4d4bb0 req-ec6c327f-c1e0-4f2f-bdd9-f0a84d4d4bb0 ] Request (MigrationsAdminTest:test_resize_server_revert_deleted_flavor): 200 GET http://10.180.1.21/compute/v2.1/servers/f2842deb-72c7-47d0-ba67-09665b96669e 0.052s
2025-03-10 10:39:32.703 70974 INFO tempest.lib.common.rest_client [req-47447c1a-21b7-4187-8aa8-268885d6ea80 req-47447c1a-21b7-4187-8aa8-268885d6ea80 ] Request (InstanceActionsNegativeTestJSON:tearDownClass): 200 GET http://10.180.1.21/compute/v2.1/servers/cf8b4b0c-7652-4509-985f-151434312597 0.051s
2025-03-10 10:39:32.799 70970 INFO tempest.lib.common.rest_client [req-5c13be06-d229-42fa-ae0f-8bc79a23d0ce req-5c13be06-d229-42fa-ae0f-8bc79a23d0ce ] Request (ServerExternalEventsTest:tearDownClass): 200 GET http://10.180.1.21/compute/v2.1/servers/122e0404-29c7-4d16-bf19-5c979cdb8702 0.052s
2025-03-10 10:39:32.861 70984 INFO tempest.lib.common.rest_client [req-1e008554-1c6a-401f-8101-e7372d9516a3 req-1e008554-1c6a-401f-8101-e7372d9516a3 ] Request (ServersTestBootFromVolume:setUpClass): 200 GET http://10.180.1.21/compute/v2.1/servers/65e4a7c4-a33e-4438-9185-ec0b4ed2bdcd 0.062s
2025-03-10 10:39:32.918 70960 INFO tempest.lib.common.rest_client [req-e03cabd8-d447-4625-b351-248d136cc349 req-e03cabd8-d447-4625-b351-248d136cc349 ] Request (ServersAdminNegativeTestJSON:setUpClass): 200 GET http://10.180.1.21/compute/v2.1/servers/b9a15bcc-5fdf-41b3-bb46-e3168a6398ec 0.050s
2025-03-10 10:39:32.985 71000 INFO tempest.lib.common.rest_client [req-006b25d0-e302-42a0-b255-de19aad2d54c req-006b25d0-e302-42a0-b255-de19aad2d54c ] Request (FloatingIPsAssociationTestJSON:test_associate_already_associated_floating_ip): 200 GET http://10.180.1.21/compute/v2.1/servers/2a077995-2d6b-4c65-ad3b-bd351b7f93f7 0.053s
2025-03-10 10:39:33.041 70968 INFO tempest.lib.common.rest_client [req-14ab006f-500e-45f8-8586-5a1cad711d37 req-14ab006f-500e-45f8-8586-5a1cad711d37 ] Request (AttachInterfacesTestJSON:test_create_list_show_delete_interfaces_by_fixed_ip): 200 GET http://10.180.1.21/compute/v2.1/servers/6f14998f-2ea7-4388-bede-9520190119cd 0.053s
2025-03-10 10:39:33.115 71008 INFO tempest.lib.common.rest_client [req-05584d0c-f513-4c35-9152-7cb711bd1fd2 req-05584d0c-f513-4c35-9152-7cb711bd1fd2 ] Request (ServersListShow298Test:test_list_show_update_rebuild_server_298): 200 GET http://10.180.1.21/compute/v2.1/servers/590341b5-9b5d-4552-b10f-8384efc8e24f 0.063s
2025-03-10 10:39:33.115 71004 INFO tempest.lib.common.rest_client [req-901f9708-b5af-48b6-8662-5484d00edcc8 req-901f9708-b5af-48b6-8662-5484d00edcc8 ] Request (ServersTestMultiNic:test_verify_multiple_nics_order): 200 GET http://10.180.1.21/compute/v2.1/servers/7c82a7ff-8e74-4591-882f-ee5fea3c40c8 0.110s
2025-03-10 10:39:33.163 71014 INFO tempest.lib.common.rest_client [req-2f7e4b63-ee26-49ff-904e-58ba9f06a4fa req-2f7e4b63-ee26-49ff-904e-58ba9f06a4fa ] Request (ImagesTestJSON:test_create_server_from_snapshot): 200 GET http://10.180.1.21/compute/v2.1/servers/6786080b-4760-4042-b210-69b14fe5af58 0.088s
2025-03-10 10:39:33.288 70994 INFO tempest.lib.common.rest_client [req-777c649c-17d8-4d85-b7c6-e6a1bf8cab1f req-777c649c-17d8-4d85-b7c6-e6a1bf8cab1f ] Request (ServersTestFqdnHostnames:test_create_server_with_fqdn_name): 200 GET http://10.180.1.21/compute/v2.1/servers/62ac915a-5dfe-49f6-89c4-e05fc79b1e86 0.049s
2025-03-10 10:39:33.359 71018 INFO tempest.lib.common.rest_client [req-4c39c820-01c0-43ea-af0f-0b5c90da1dd1 req-4c39c820-01c0-43ea-af0f-0b5c90da1dd1 ] Request (ServerRescueTestJSONUnderV235:tearDownClass): 200 GET http://10.180.1.21/compute/v2.1/servers/6bf196b5-f557-466d-bc40-eb1965b54280 0.058s
2025-03-10 10:39:33.370 70982 INFO tempest.lib.common.rest_client [req-2c4b8236-bc90-463b-8599-5eb3486ff1b1 req-2c4b8236-bc90-463b-8599-5eb3486ff1b1 ] Request (AttachInterfacesUnderV243Test:test_add_remove_fixed_ip): 200 GET http://10.180.1.21/compute/v2.1/servers/04ad9dff-40ef-4ab6-9d26-13b324b39b50 0.101s
2025-03-10 10:39:33.394 71012 INFO tempest.lib.common.rest_client [req-4365f764-4bd1-4e53-9e81-948c59a85f33 req-4365f764-4bd1-4e53-9e81-948c59a85f33 ] Request (VolumesAssistedSnapshotsTest:_run_cleanups): 200 GET http://10.180.1.21/compute/v2.1/servers/2a559c15-0334-44db-9f7d-ed3282993961/os-volume_attachments 0.052s
2025-03-10 10:39:33.405 70964 INFO tempest.lib.common.rest_client [req-a0908853-9a8a-4873-a652-156cff9276e6 req-a0908853-9a8a-4873-a652-156cff9276e6 ] Request (ServersAdminTestJSON:setUpClass): 200 GET http://10.180.1.21/compute/v2.1/servers/ebe83ff3-93bf-40a8-a427-39d9ab8ff226 0.087s
2025-03-10 10:39:33.441 70992 INFO tempest.lib.common.rest_client [req-341d95d0-8abf-4248-9f0c-56aff8d0792a req-341d95d0-8abf-4248-9f0c-56aff8d0792a ] Request (ServerMetadataTestJSON:tearDownClass): 200 GET http://10.180.1.21/compute/v2.1/servers/8ba823aa-5ab0-40ba-8412-66a44d3e5f23 0.082s
2025-03-10 10:39:33.456 70962 INFO tempest.lib.common.rest_client [req-15374b5e-ffb1-4d42-b3e2-1a0ea0bc18f3 req-15374b5e-ffb1-4d42-b3e2-1a0ea0bc18f3 ] Request (ServersAaction247Test:test_create_backup): 200 GET http://10.180.1.21/compute/v2.1/servers/e15b67f4-394d-452c-a7e6-9a6b40236a8a 0.050s
2025-03-10 10:39:33.543 70998 INFO tempest.lib.common.rest_client [req-e5402b25-caba-4f25-8789-f038be233694 req-e5402b25-caba-4f25-8789-f038be233694 ] Request (ListImageFiltersTestJSON:tearDownClass): 200 GET http://10.180.1.21/compute/v2.1/servers/add00fdb-4aa3-4183-9fc7-e6d8b390cde8 0.063s
2025-03-10 10:39:33.550 70972 INFO tempest.lib.common.rest_client [req-2d114efa-848f-4091-9407-f0e240b83e2d req-2d114efa-848f-4091-9407-f0e240b83e2d ] Request (ImagesOneServerNegativeTestJSON:_run_cleanups): 200 GET http://10.180.1.21/compute/v2.1/servers/37e78c17-1f84-4d2e-b362-6fe4d668c7f8 0.062s
2025-03-10 10:39:33.599 70958 INFO tempest.lib.common.rest_client [req-38b06fda-01ed-4cc9-a87e-b652e17b568c req-38b06fda-01ed-4cc9-a87e-b652e17b568c ] Request (ServersWithSpecificFlavorTestJSON:test_verify_created_server_ephemeral_disk): 200 GET http://10.180.1.21/compute/v2.1/servers/e8501dc5-7abf-47c7-8359-cb9b58258539 0.067s
2025-03-10 10:39:33.605 70988 INFO tempest.lib.common.rest_client [req-d1542bf3-43bb-4fb2-aec5-db5e68b1963d req-d1542bf3-43bb-4fb2-aec5-db5e68b1963d ] Request (ServerDiskConfigTestJSON:test_rebuild_server_with_manual_disk_config): 200 GET http://10.180.1.21/compute/v2.1/servers/46cb041b-2ea2-4ee1-8d04-9c906cf08956 0.067s
2025-03-10 10:39:33.643 71016 INFO tempest.lib.common.rest_client [req-e6427b5c-2aea-48c8-9390-9ed021be3110 req-e6427b5c-2aea-48c8-9390-9ed021be3110 ] Request (ServerMetadataNegativeTestJSON:setUpClass): 200 GET http://10.180.1.21/compute/v2.1/servers/d47f1698-aca2-4dae-b414-8e0a6ab0f93e 0.062s
2025-03-10 10:39:33.656 70966 INFO tempest.lib.common.rest_client [req-d4fe9c5a-095b-4390-8fc2-0213a54e4b3b req-d4fe9c5a-095b-4390-8fc2-0213a54e4b3b ] Request (SecurityGroupsTestJSON:test_server_security_groups): 200 GET http://10.180.1.21/compute/v2.1/servers/a8efdcf3-99a1-4499-a4b2-797434dbfbba 0.059s
2025-03-10 10:39:33.687 71002 INFO tempest.lib.common.rest_client [req-d6fa9aa2-d9dd-4b9c-baf0-1ef130bbb6b0 req-d6fa9aa2-d9dd-4b9c-baf0-1ef130bbb6b0 ] Request (MigrationsAdminTest:test_resize_server_revert_deleted_flavor): 200 GET http://10.180.1.21/compute/v2.1/servers/f2842deb-72c7-47d0-ba67-09665b96669e 0.063s
2025-03-10 10:39:33.767 70974 INFO tempest.lib.common.rest_client [req-98bc6702-9f4b-404d-ab66-5da25891d96c req-98bc6702-9f4b-404d-ab66-5da25891d96c ] Request (InstanceActionsNegativeTestJSON:tearDownClass): 200 GET http://10.180.1.21/compute/v2.1/servers/cf8b4b0c-7652-4509-985f-151434312597 0.057s
2025-03-10 10:39:33.864 70970 INFO tempest.lib.common.rest_client [req-7b4c9566-9269-435f-9f79-09abba01987d req-7b4c9566-9269-435f-9f79-09abba01987d ] Request (ServerExternalEventsTest:tearDownClass): 200 GET http://10.180.1.21/compute/v2.1/servers/122e0404-29c7-4d16-bf19-5c979cdb8702 0.055s
2025-03-10 10:39:33.917 70984 INFO tempest.lib.common.rest_client [req-b9f09ac5-b039-48e2-9ff0-43d286ac4576 req-b9f09ac5-b039-48e2-9ff0-43d286ac4576 ] Request (ServersTestBootFromVolume:setUpClass): 200 GET http://10.180.1.21/compute/v2.1/servers/65e4a7c4-a33e-4438-9185-ec0b4ed2bdcd 0.047s
2025-03-10 10:39:33.973 70960 INFO tempest.lib.common.rest_client [req-09962674-aa86-4bca-8592-cb4ad39822d2 req-09962674-aa86-4bca-8592-cb4ad39822d2 ] Request (ServersAdminNegativeTestJSON:setUpClass): 200 GET http://10.180.1.21/compute/v2.1/servers/b9a15bcc-5fdf-41b3-bb46-e3168a6398ec 0.048s
2025-03-10 10:39:33.988 70956 WARNING tempest.lib.common.ssh [-] Failed to establish authenticated ssh connection to cirros@10.180.180.169 ([Errno None] Unable to connect to port 22 on 10.180.180.169). Number attempts: 3. Retry after 4 seconds.: paramiko.ssh_exception.NoValidConnectionsError: [Errno None] Unable to connect to port 22 on 10.180.180.169
2025-03-10 10:39:34.041 71000 INFO tempest.lib.common.rest_client [req-992f4fde-9958-4886-9189-c3d27ccdf795 req-992f4fde-9958-4886-9189-c3d27ccdf795 ] Request (FloatingIPsAssociationTestJSON:test_associate_already_associated_floating_ip): 200 GET http://10.180.1.21/compute/v2.1/servers/2a077995-2d6b-4c65-ad3b-bd351b7f93f7 0.049s
2025-03-10 10:39:34.102 70968 INFO tempest.lib.common.rest_client [req-61b6147a-de92-455e-b78a-5c6d3f93c32a req-61b6147a-de92-455e-b78a-5c6d3f93c32a ] Request (AttachInterfacesTestJSON:test_create_list_show_delete_interfaces_by_fixed_ip): 200 GET http://10.180.1.21/compute/v2.1/servers/6f14998f-2ea7-4388-bede-9520190119cd 0.052s
2025-03-10 10:39:34.199 71008 INFO tempest.lib.common.rest_client [req-54176545-c097-4f59-8e5a-613c95ff95e4 req-54176545-c097-4f59-8e5a-613c95ff95e4 ] Request (ServersListShow298Test:test_list_show_update_rebuild_server_298): 200 GET http://10.180.1.21/compute/v2.1/servers/590341b5-9b5d-4552-b10f-8384efc8e24f 0.073s
2025-03-10 10:39:34.255 71014 INFO tempest.lib.common.rest_client [req-21e2dd5f-a9ab-4d50-b6fb-f67c6d3a5d5e req-21e2dd5f-a9ab-4d50-b6fb-f67c6d3a5d5e ] Request (ImagesTestJSON:test_create_server_from_snapshot): 200 GET http://10.180.1.21/compute/v2.1/servers/6786080b-4760-4042-b210-69b14fe5af58 0.084s
2025-03-10 10:39:34.267 71004 INFO tempest.lib.common.rest_client [req-0b29f506-70a9-4d34-a2e5-6bb61a7b3408 req-0b29f506-70a9-4d34-a2e5-6bb61a7b3408 ] Request (ServersTestMultiNic:test_verify_multiple_nics_order): 200 GET http://10.180.1.21/compute/v2.1/servers/7c82a7ff-8e74-4591-882f-ee5fea3c40c8 0.145s
2025-03-10 10:39:34.345 70994 INFO tempest.lib.common.rest_client [req-c14a887d-b202-421f-ac2b-484a5198b515 req-c14a887d-b202-421f-ac2b-484a5198b515 ] Request (ServersTestFqdnHostnames:test_create_server_with_fqdn_name): 200 GET http://10.180.1.21/compute/v2.1/servers/62ac915a-5dfe-49f6-89c4-e05fc79b1e86 0.049s
2025-03-10 10:39:34.431 71018 INFO tempest.lib.common.rest_client [req-5875ea28-ad06-4fe3-94a6-d4118d4a83a0 req-5875ea28-ad06-4fe3-94a6-d4118d4a83a0 ] Request (ServerRescueTestJSONUnderV235:tearDownClass): 200 GET http://10.180.1.21/compute/v2.1/servers/6bf196b5-f557-466d-bc40-eb1965b54280 0.064s
2025-03-10 10:39:34.459 71012 INFO tempest.lib.common.rest_client [req-41775240-f82a-4504-a539-7b234ce50457 req-41775240-f82a-4504-a539-7b234ce50457 ] Request (VolumesAssistedSnapshotsTest:_run_cleanups): 200 GET http://10.180.1.21/compute/v2.1/servers/2a559c15-0334-44db-9f7d-ed3282993961/os-volume_attachments 0.063s
2025-03-10 10:39:34.477 70982 INFO tempest.lib.common.rest_client [req-7d68df10-43c6-482d-ab47-af75ff4a4101 req-7d68df10-43c6-482d-ab47-af75ff4a4101 ] Request (AttachInterfacesUnderV243Test:test_add_remove_fixed_ip): 200 GET http://10.180.1.21/compute/v2.1/servers/04ad9dff-40ef-4ab6-9d26-13b324b39b50 0.099s
2025-03-10 10:39:34.489 71012 INFO tempest.lib.common.rest_client [req-416c3b0e-5d48-499f-9913-c60982ac639c req-416c3b0e-5d48-499f-9913-c60982ac639c ] Request (VolumesAssistedSnapshotsTest:_run_cleanups): 200 GET http://10.180.1.21/volume/v3/volumes/dc44a1b7-5745-4b87-9dd5-f16422d40805 0.029s
2025-03-10 10:39:34.496 71012 INFO tempest.common.waiters [-] volume dc44a1b7-5745-4b87-9dd5-f16422d40805 reached available after waiting for 0.496393 seconds
2025-03-10 10:39:34.510 70964 INFO tempest.lib.common.rest_client [req-60a84537-99ea-48d9-9442-d0eb73d79eb9 req-60a84537-99ea-48d9-9442-d0eb73d79eb9 ] Request (ServersAdminTestJSON:setUpClass): 200 GET http://10.180.1.21/compute/v2.1/servers/ebe83ff3-93bf-40a8-a427-39d9ab8ff226 0.097s
2025-03-10 10:39:34.534 70992 INFO tempest.lib.common.rest_client [req-ca126226-a9c1-4718-99a1-83d67ba8910b req-ca126226-a9c1-4718-99a1-83d67ba8910b ] Request (ServerMetadataTestJSON:tearDownClass): 200 GET http://10.180.1.21/compute/v2.1/servers/8ba823aa-5ab0-40ba-8412-66a44d3e5f23 0.084s
2025-03-10 10:39:34.536 71012 INFO tempest.lib.common.rest_client [req-d85cb2e3-deb1-4207-bcea-9ed1edcb1f89 req-d85cb2e3-deb1-4207-bcea-9ed1edcb1f89 ] Request (VolumesAssistedSnapshotsTest:_run_cleanups): 202 DELETE http://10.180.1.21/volume/v3/volumes/dc44a1b7-5745-4b87-9dd5-f16422d40805 0.039s
2025-03-10 10:39:34.559 71012 INFO tempest.lib.common.rest_client [req-a00784f6-764a-40b0-a1dc-a9df6ccbfae7 req-a00784f6-764a-40b0-a1dc-a9df6ccbfae7 ] Request (VolumesAssistedSnapshotsTest:_run_cleanups): 200 GET http://10.180.1.21/volume/v3/volumes/dc44a1b7-5745-4b87-9dd5-f16422d40805 0.022s
2025-03-10 10:39:34.561 70962 INFO tempest.lib.common.rest_client [req-1a674604-7bc0-4cfa-9632-084cc5c89ea1 req-1a674604-7bc0-4cfa-9632-084cc5c89ea1 ] Request (ServersAaction247Test:test_create_backup): 200 GET http://10.180.1.21/compute/v2.1/servers/e15b67f4-394d-452c-a7e6-9a6b40236a8a 0.095s
2025-03-10 10:39:34.620 70972 INFO tempest.lib.common.rest_client [req-7e26a609-1cb7-4e77-a005-ce668aca24a5 req-7e26a609-1cb7-4e77-a005-ce668aca24a5 ] Request (ImagesOneServerNegativeTestJSON:_run_cleanups): 200 GET http://10.180.1.21/compute/v2.1/servers/37e78c17-1f84-4d2e-b362-6fe4d668c7f8 0.062s
2025-03-10 10:39:34.625 70998 INFO tempest.lib.common.rest_client [req-997b3427-85cc-485a-909f-2f50d92d50b9 req-997b3427-85cc-485a-909f-2f50d92d50b9 ] Request (ListImageFiltersTestJSON:tearDownClass): 200 GET http://10.180.1.21/compute/v2.1/servers/add00fdb-4aa3-4183-9fc7-e6d8b390cde8 0.069s
2025-03-10 10:39:34.674 70988 INFO tempest.lib.common.rest_client [req-8b1e9284-d636-4e0e-a248-6ccbed0ad3ab req-8b1e9284-d636-4e0e-a248-6ccbed0ad3ab ] Request (ServerDiskConfigTestJSON:test_rebuild_server_with_manual_disk_config): 200 GET http://10.180.1.21/compute/v2.1/servers/46cb041b-2ea2-4ee1-8d04-9c906cf08956 0.061s
2025-03-10 10:39:34.675 70958 INFO tempest.lib.common.rest_client [req-94395000-13b8-463c-9205-a425f0dc385f req-94395000-13b8-463c-9205-a425f0dc385f ] Request (ServersWithSpecificFlavorTestJSON:test_verify_created_server_ephemeral_disk): 200 GET http://10.180.1.21/compute/v2.1/servers/e8501dc5-7abf-47c7-8359-cb9b58258539 0.068s
2025-03-10 10:39:34.723 71016 INFO tempest.lib.common.rest_client [req-1ec86c50-672d-41c1-a31b-967b5a03e739 req-1ec86c50-672d-41c1-a31b-967b5a03e739 ] Request (ServerMetadataNegativeTestJSON:setUpClass): 200 GET http://10.180.1.21/compute/v2.1/servers/d47f1698-aca2-4dae-b414-8e0a6ab0f93e 0.072s
2025-03-10 10:39:34.736 70966 INFO tempest.lib.common.rest_client [req-b8ecf321-0798-40b3-93af-52a840af52e0 req-b8ecf321-0798-40b3-93af-52a840af52e0 ] Request (SecurityGroupsTestJSON:test_server_security_groups): 200 GET http://10.180.1.21/compute/v2.1/servers/a8efdcf3-99a1-4499-a4b2-797434dbfbba 0.072s
2025-03-10 10:39:34.772 70996 WARNING tempest.lib.common.ssh [-] Failed to establish authenticated ssh connection to cirros@10.180.180.252 ([Errno None] Unable to connect to port 22 on 10.180.180.252). Number attempts: 1. Retry after 2 seconds.: paramiko.ssh_exception.NoValidConnectionsError: [Errno None] Unable to connect to port 22 on 10.180.180.252
2025-03-10 10:39:34.775 71002 INFO tempest.lib.common.rest_client [req-ed79ae7b-80c1-44b0-b804-ccdcd6660490 req-ed79ae7b-80c1-44b0-b804-ccdcd6660490 ] Request (MigrationsAdminTest:test_resize_server_revert_deleted_flavor): 200 GET http://10.180.1.21/compute/v2.1/servers/f2842deb-72c7-47d0-ba67-09665b96669e 0.078s
2025-03-10 10:39:34.834 70974 INFO tempest.lib.common.rest_client [req-8abe16f4-f204-470c-9c10-30bf1d4391d7 req-8abe16f4-f204-470c-9c10-30bf1d4391d7 ] Request (InstanceActionsNegativeTestJSON:tearDownClass): 200 GET http://10.180.1.21/compute/v2.1/servers/cf8b4b0c-7652-4509-985f-151434312597 0.059s
2025-03-10 10:39:34.932 70970 INFO tempest.lib.common.rest_client [req-54a0fcc2-062c-4592-aef5-1a473277e02d req-54a0fcc2-062c-4592-aef5-1a473277e02d ] Request (ServerExternalEventsTest:tearDownClass): 200 GET http://10.180.1.21/compute/v2.1/servers/122e0404-29c7-4d16-bf19-5c979cdb8702 0.060s
2025-03-10 10:39:34.979 70984 INFO tempest.lib.common.rest_client [req-5b40d1b5-6892-4c48-9484-4c6ce496619e req-5b40d1b5-6892-4c48-9484-4c6ce496619e ] Request (ServersTestBootFromVolume:setUpClass): 200 GET http://10.180.1.21/compute/v2.1/servers/65e4a7c4-a33e-4438-9185-ec0b4ed2bdcd 0.054s
2025-03-10 10:39:35.035 70960 INFO tempest.lib.common.rest_client [req-a52a35cc-d0f0-4ae5-830c-cde1865e4091 req-a52a35cc-d0f0-4ae5-830c-cde1865e4091 ] Request (ServersAdminNegativeTestJSON:setUpClass): 200 GET http://10.180.1.21/compute/v2.1/servers/b9a15bcc-5fdf-41b3-bb46-e3168a6398ec 0.054s
2025-03-10 10:39:35.101 71000 INFO tempest.lib.common.rest_client [req-a2a9ce3f-ae70-4d11-800f-256f7c439846 req-a2a9ce3f-ae70-4d11-800f-256f7c439846 ] Request (FloatingIPsAssociationTestJSON:test_associate_already_associated_floating_ip): 200 GET http://10.180.1.21/compute/v2.1/servers/2a077995-2d6b-4c65-ad3b-bd351b7f93f7 0.051s
2025-03-10 10:39:35.157 70968 INFO tempest.lib.common.rest_client [req-3f7c5b6b-16fe-4236-86f5-db60d3c48062 req-3f7c5b6b-16fe-4236-86f5-db60d3c48062 ] Request (AttachInterfacesTestJSON:test_create_list_show_delete_interfaces_by_fixed_ip): 200 GET http://10.180.1.21/compute/v2.1/servers/6f14998f-2ea7-4388-bede-9520190119cd 0.048s
2025-03-10 10:39:35.273 71008 INFO tempest.lib.common.rest_client [req-5668892e-46a4-4bc7-99e9-bfc2b1304225 req-5668892e-46a4-4bc7-99e9-bfc2b1304225 ] Request (ServersListShow298Test:test_list_show_update_rebuild_server_298): 200 GET http://10.180.1.21/compute/v2.1/servers/590341b5-9b5d-4552-b10f-8384efc8e24f 0.060s
2025-03-10 10:39:35.317 71014 INFO tempest.lib.common.rest_client [req-7205b448-f82d-45da-98ff-de5c533840d1 req-7205b448-f82d-45da-98ff-de5c533840d1 ] Request (ImagesTestJSON:test_create_server_from_snapshot): 200 GET http://10.180.1.21/compute/v2.1/servers/6786080b-4760-4042-b210-69b14fe5af58 0.054s
2025-03-10 10:39:35.407 70994 INFO tempest.lib.common.rest_client [req-a5470618-57e8-4e35-b516-ec385ee29459 req-a5470618-57e8-4e35-b516-ec385ee29459 ] Request (ServersTestFqdnHostnames:test_create_server_with_fqdn_name): 200 GET http://10.180.1.21/compute/v2.1/servers/62ac915a-5dfe-49f6-89c4-e05fc79b1e86 0.054s
2025-03-10 10:39:35.421 71004 INFO tempest.lib.common.rest_client [req-3a5bf4a6-39a0-4b06-99db-a0af80c46eac req-3a5bf4a6-39a0-4b06-99db-a0af80c46eac ] Request (ServersTestMultiNic:test_verify_multiple_nics_order): 200 GET http://10.180.1.21/compute/v2.1/servers/7c82a7ff-8e74-4591-882f-ee5fea3c40c8 0.146s
2025-03-10 10:39:35.428 71004 INFO tempest.common.waiters [-] State transition "BUILD/spawning" ==> "ACTIVE/None" after 85 second wait
2025-03-10 10:39:35.454 71004 INFO tempest.lib.common.rest_client [req-c68bef89-b56b-48fb-96fe-e8ca104d766d req-c68bef89-b56b-48fb-96fe-e8ca104d766d ] Request (ServersTestMultiNic:test_verify_multiple_nics_order): 200 GET http://10.180.1.21/compute/v2.1/servers/7c82a7ff-8e74-4591-882f-ee5fea3c40c8/ips 0.026s
2025-03-10 10:39:35.502 71018 INFO tempest.lib.common.rest_client [req-4e1c1735-4844-45b6-b7e8-c57ce199b6f1 req-4e1c1735-4844-45b6-b7e8-c57ce199b6f1 ] Request (ServerRescueTestJSONUnderV235:tearDownClass): 200 GET http://10.180.1.21/compute/v2.1/servers/6bf196b5-f557-466d-bc40-eb1965b54280 0.063s
2025-03-10 10:39:35.530 71004 INFO tempest.lib.common.rest_client [req-6dc05c33-0b0c-4ac1-a264-65a8a8006ca4 req-6dc05c33-0b0c-4ac1-a264-65a8a8006ca4 ] Request (ServersTestMultiNic:_run_cleanups): 204 DELETE http://10.180.1.21/compute/v2.1/servers/7c82a7ff-8e74-4591-882f-ee5fea3c40c8 0.073s
