2025-03-10 17:48:07.919 70330 INFO tempest.lib.common.rest_client [req-6376bbac-6a26-411b-9445-f1bd894850df req-6376bbac-6a26-411b-9445-f1bd894850df ] Request (ServersTestJSON:setUpClass): 204 PUT http://10.180.1.21/identity/v3/projects/57eaf44c4ac5491380b329e1e86e9454/users/668e12f0fdc04b2ab9fdd1e71663d5d0/roles/6d45ec3be7b44d0582acafe7d1e0e9f9 0.035s
2025-03-10 17:48:07.919 70330 INFO tempest.lib.common.dynamic_creds [-] Dynamic test user 668e12f0fdc04b2ab9fdd1e71663d5d0 is created with scope project and roles: ['reader']
2025-03-10 17:48:07.920 70330 INFO tempest.lib.common.dynamic_creds [-] Acquired dynamic creds: credentials: Credentials: {'domain_id': 'default', 'domain_name': 'Default', 'username': 'tempest-ServersTestJSON-1985445483-project-reader', 'project_domain_id': 'default', 'project_domain_name': 'Default', 'project_id': '57eaf44c4ac5491380b329e1e86e9454', 'project_name': 'tempest-ServersTestJSON-1985445483', 'tenant_id': '57eaf44c4ac5491380b329e1e86e9454', 'tenant_name': 'tempest-ServersTestJSON-1985445483', 'user_domain_id': 'default', 'user_domain_name': 'Default', 'user_id': '668e12f0fdc04b2ab9fdd1e71663d5d0', 'system': None}, Network: None, Subnet: None, Router: None
2025-03-10 17:48:07.920 70330 INFO tempest.lib.common.dynamic_creds [-] Network resources are not created for requested scope: project and credentials: Credentials: {'domain_id': 'default', 'domain_name': 'Default', 'username': 'tempest-ServersTestJSON-1985445483-project-reader', 'project_domain_id': 'default', 'project_domain_name': 'Default', 'project_id': '57eaf44c4ac5491380b329e1e86e9454', 'project_name': 'tempest-ServersTestJSON-1985445483', 'tenant_id': '57eaf44c4ac5491380b329e1e86e9454', 'tenant_name': 'tempest-ServersTestJSON-1985445483', 'user_domain_id': 'default', 'user_domain_name': 'Default', 'user_id': '668e12f0fdc04b2ab9fdd1e71663d5d0', 'system': None}, Network: None, Subnet: None, Router: None
2025-03-10 17:48:07.991 70328 INFO tempest.lib.common.rest_client [req-0db121cc-a3e6-4c0e-b1db-66400f37752a req-0db121cc-a3e6-4c0e-b1db-66400f37752a ] Request (SecurityGroupsTestJSON:test_list_security_groups_by_server): 200 GET http://10.180.1.21/compute/v2.1/servers/a06d4b38-0e39-46ef-a588-7627661cb201 0.079s
2025-03-10 17:48:07.998 70330 INFO tempest.lib.common.rest_client [req-cea18a22-461d-4c12-9c64-8956a5c814d1 req-cea18a22-461d-4c12-9c64-8956a5c814d1 ] Request (ServersTestJSON:setUpClass): 201 POST http://10.180.1.21/identity/v3/auth/tokens 0.075s
2025-03-10 17:48:07.998 70374 INFO tempest.lib.common.rest_client [req-19d11c13-9eb8-4419-8893-06926e5a59b0 req-19d11c13-9eb8-4419-8893-06926e5a59b0 ] Request (ServerRescueNegativeTestJSON:test_rescued_vm_attach_volume): 200 GET http://10.180.1.21/compute/v2.1/servers/eec50935-f553-43c7-b67b-7289299745bd 0.127s
2025-03-10 17:48:08.052 70326 INFO tempest.lib.common.rest_client [req-395e81c1-d444-4244-a1d8-2724e142223c req-395e81c1-d444-4244-a1d8-2724e142223c ] Request (ServersAdminNegativeTestJSON:setUpClass): 200 GET http://10.180.1.21/compute/v2.1/servers/b7a1b9e1-4d57-435f-bdb6-51481968aacb 0.075s
2025-03-10 17:48:08.066 70330 INFO tempest.lib.common.rest_client [req-bcc10257-b372-458e-beec-14400e04f854 req-bcc10257-b372-458e-beec-14400e04f854 ] Request (ServersTestJSON:test_create_server_specify_multibyte_character_name): 201 POST http://10.180.1.21/identity/v3/auth/tokens 0.062s
2025-03-10 17:48:08.067 70330 INFO tempest.lib.common.fixed_network [-] (ServersTestJSON:test_create_server_specify_multibyte_character_name) Found network {'id': '8276eb4a-aa4d-463a-beae-6aab3fe1a5ae', 'name': 'tempest-ServersTestJSON-494735806-network', 'tenant_id': '57eaf44c4ac5491380b329e1e86e9454', 'admin_state_up': True, 'mtu': 8950, 'status': 'ACTIVE', 'subnets': [], 'shared': False, 'project_id': '57eaf44c4ac5491380b329e1e86e9454', 'port_security_enabled': True, 'router:external': False, 'provider:network_type': 'vlan', 'provider:physical_network': 'default', 'provider:segmentation_id': 689, 'availability_zone_hints': [], 'availability_zones': [], 'ipv4_address_scope': None, 'ipv6_address_scope': None, 'description': '', 'tags': [], 'created_at': '2025-03-10T17:48:05Z', 'updated_at': '2025-03-10T17:48:05Z', 'revision_number': 1} available for tenant
2025-03-10 17:48:08.167 70364 INFO tempest.lib.common.rest_client [req-80a78a77-b23f-4062-8868-c68919251792 req-80a78a77-b23f-4062-8868-c68919251792 ] Request (FloatingIPsAssociationTestJSON:tearDownClass): 200 GET http://10.180.1.21/compute/v2.1/servers/ee4c0f2b-44cb-4b37-8e4a-5706b9932144 0.085s
2025-03-10 17:48:08.301 70338 INFO tempest.lib.common.rest_client [req-041ba890-88be-456b-8bf8-e5be5c5a03ed req-041ba890-88be-456b-8bf8-e5be5c5a03ed ] Request (ServerRescueTestJSON:test_rescue_unrescue_instance): 200 GET http://10.180.1.21/compute/v2.1/servers/97cb6372-3f4e-427d-9509-7e6c43aa2e7b 0.208s
2025-03-10 17:48:08.353 70320 INFO tempest.lib.common.rest_client [req-399d9fb3-db98-495c-bde9-5b4c3cf8e74f req-399d9fb3-db98-495c-bde9-5b4c3cf8e74f ] Request (ServersAdminTestJSON:test_inject_network_info): 200 GET http://10.180.1.21/compute/v2.1/servers/673be00f-e3c5-4a54-beeb-cf89828e9e32 0.218s
2025-03-10 17:48:08.403 70372 INFO tempest.lib.common.rest_client [req-2f7e9107-1f26-4e5c-bb30-e714b4649544 req-2f7e9107-1f26-4e5c-bb30-e714b4649544 ] Request (ServerMetadataNegativeTestJSON:setUpClass): 200 GET http://10.180.1.21/compute/v2.1/servers/06442c68-7dc6-46a1-9e35-34a62730a555 0.248s
2025-03-10 17:48:08.457 70324 INFO tempest.lib.common.rest_client [req-90d24ce7-e60f-4cb1-a1ed-31f447477dca req-90d24ce7-e60f-4cb1-a1ed-31f447477dca ] Request (DeleteServersTestJSON:test_delete_active_server): 200 GET http://10.180.1.21/compute/v2.1/servers/62936d27-5405-4d29-b3ff-c4d8a74ba440 0.270s
2025-03-10 17:48:08.504 70330 INFO tempest.lib.common.rest_client [req-87a91bdb-df97-42c1-bbbd-f15e7006e97d req-87a91bdb-df97-42c1-bbbd-f15e7006e97d ] Request (ServersTestJSON:test_create_server_specify_multibyte_character_name): 202 POST http://10.180.1.21/compute/v2.1/servers 0.436s
2025-03-10 17:48:08.514 70370 INFO tempest.lib.common.rest_client [req-01961f93-e210-4523-8f2e-05840bb3e00b req-01961f93-e210-4523-8f2e-05840bb3e00b ] Request (MigrationsAdminTest:test_resize_server_revert_deleted_flavor): 200 GET http://10.180.1.21/compute/v2.1/servers/0e8163d9-6ff5-4f1e-af33-ccb42fa46750 0.280s
2025-03-10 17:48:08.547 70358 INFO tempest.lib.common.rest_client [req-8bf195d4-5296-4863-8ece-92272696ffc6 req-8bf195d4-5296-4863-8ece-92272696ffc6 ] Request (ListImageFiltersTestJSON:setUpClass): 200 GET http://10.180.1.21/compute/v2.1/images/39e743b4-f55e-4237-8936-ced158cc751a 0.270s
2025-03-10 17:48:08.563 70334 INFO tempest.lib.common.rest_client [req-4f4c3a91-f43b-4e25-b1ff-97bf5d964361 req-4f4c3a91-f43b-4e25-b1ff-97bf5d964361 ] Request (DeleteServersAdminTestJSON:test_delete_server_while_in_error_state): 200 GET http://10.180.1.21/compute/v2.1/servers/c205f559-7fe6-4d7e-beba-2fc96b89d705 0.311s
2025-03-10 17:48:08.603 70322 INFO tempest.lib.common.rest_client [req-849a791d-5f98-4ba1-a146-89f66a793cce req-849a791d-5f98-4ba1-a146-89f66a793cce ] Request (ServersTestFqdnHostnames:test_create_server_with_fqdn_name): 200 GET http://10.180.1.21/compute/v2.1/servers/7fc7c481-75e8-40f2-a971-752ce6dde59b 0.296s
2025-03-10 17:48:08.612 70354 INFO tempest.lib.common.rest_client [req-4307bbc1-873e-4fe1-8b86-e0a88733816a req-4307bbc1-873e-4fe1-8b86-e0a88733816a ] Request (ImagesTestJSON:test_create_image_from_suspended_server): 200 GET http://10.180.1.21/compute/v2.1/servers/2b1a0943-d59a-441d-a2e6-8149106803b6 0.253s
2025-03-10 17:48:08.667 70314 INFO tempest.lib.common.rest_client [req-7fe136f6-23fe-4ecd-af46-63c0b569af50 req-7fe136f6-23fe-4ecd-af46-63c0b569af50 ] Request (ServerDiskConfigTestJSON:test_rebuild_server_with_manual_disk_config): 200 GET http://10.180.1.21/compute/v2.1/servers/714fafbf-a765-4e2c-8633-997d8244483c 0.299s
2025-03-10 17:48:08.670 70362 INFO tempest.lib.common.rest_client [req-d8363659-3483-48b3-ab48-dfd73107f930 req-d8363659-3483-48b3-ab48-dfd73107f930 ] Request (AttachInterfacesUnderV243Test:test_add_remove_fixed_ip): 200 GET http://10.180.1.21/compute/v2.1/servers/30eada4d-fdc1-4e54-99d2-d35bbb3fcbe6 0.256s
2025-03-10 17:48:08.711 70330 INFO tempest.lib.common.rest_client [req-9cab422b-96cf-44f7-9d60-03ba6a6d93fc req-9cab422b-96cf-44f7-9d60-03ba6a6d93fc ] Request (ServersTestJSON:test_create_server_specify_multibyte_character_name): 200 GET http://10.180.1.21/compute/v2.1/servers/fcbe1142-72dc-4a02-af9b-e03a2031a247 0.205s
2025-03-10 17:48:08.726 70346 INFO tempest.lib.common.rest_client [req-8e43a2dc-e798-4888-93e9-f8daccc2e05c req-8e43a2dc-e798-4888-93e9-f8daccc2e05c ] Request (ServersTestBootFromVolume:setUpClass): 200 GET http://10.180.1.21/compute/v2.1/servers/af07ebd0-5f12-49c3-a518-95be9a8d6c82 0.293s
2025-03-10 17:48:08.795 70376 WARNING tempest.lib.common.ssh [-] Failed to establish authenticated ssh connection to cirros@10.180.180.165 ([Errno None] Unable to connect to port 22 on 10.180.180.165). Number attempts: 1. Retry after 2 seconds.: paramiko.ssh_exception.NoValidConnectionsError: [Errno None] Unable to connect to port 22 on 10.180.180.165
2025-03-10 17:48:08.827 70366 INFO tempest.lib.common.rest_client [req-8761da02-3fc1-4b34-afcf-cb849e66d4c3 req-8761da02-3fc1-4b34-afcf-cb849e66d4c3 ] Request (ServerActionsV293TestJSON:setUpClass): 200 GET http://10.180.1.21/compute/v2.1/servers/fc04a536-3a6f-4d3a-b0f1-68e9a1cee5e2 0.064s
2025-03-10 17:48:08.838 70342 INFO tempest.lib.common.rest_client [req-8e81c39a-f13a-4923-8e48-17c212f4094b req-8e81c39a-f13a-4923-8e48-17c212f4094b ] Request (ListServerFiltersTestJSON:tearDownClass): 200 GET http://10.180.1.21/compute/v2.1/servers/94a4a16e-926c-47ce-a5a7-0b216b7c5442 0.074s
2025-03-10 17:48:08.885 70360 INFO tempest.lib.common.rest_client [req-0979b0eb-abf3-418e-8e85-1b67055a6168 req-0979b0eb-abf3-418e-8e85-1b67055a6168 ] Request (ImagesNegativeTestJSON:test_create_image_from_deleted_server): 200 GET http://10.180.1.21/compute/v2.1/servers/b3d62400-e639-4c49-9207-64fd1e684f99 0.067s
2025-03-10 17:48:08.894 70332 INFO tempest.lib.common.rest_client [req-d81d8bf7-da87-4bbc-aa10-6d60481852b5 req-d81d8bf7-da87-4bbc-aa10-6d60481852b5 ] Request (ListServersNegativeTestJSON:setUpClass): 200 GET http://10.180.1.21/compute/v2.1/servers/40b1fbe3-bde8-4fe1-91ea-00a19e2b86a4 0.072s
2025-03-10 17:48:08.965 70318 INFO tempest.lib.common.rest_client [req-fbc32a02-facc-4878-9edf-0f30dac9d718 req-fbc32a02-facc-4878-9edf-0f30dac9d718 ] Request (InstanceActionsTestJSON:setUpClass): 200 GET http://10.180.1.21/compute/v2.1/servers/efa06ccc-be20-4d0e-938f-01c91ef4de8e 0.060s
2025-03-10 17:48:09.078 70328 INFO tempest.lib.common.rest_client [req-4a4c99cc-870f-4b2a-931f-3e1d8591c23a req-4a4c99cc-870f-4b2a-931f-3e1d8591c23a ] Request (SecurityGroupsTestJSON:test_list_security_groups_by_server): 200 GET http://10.180.1.21/compute/v2.1/servers/a06d4b38-0e39-46ef-a588-7627661cb201 0.073s
2025-03-10 17:48:09.142 70326 INFO tempest.lib.common.rest_client [req-e081a285-30f2-4501-aeac-767625276e2e req-e081a285-30f2-4501-aeac-767625276e2e ] Request (ServersAdminNegativeTestJSON:setUpClass): 200 GET http://10.180.1.21/compute/v2.1/servers/b7a1b9e1-4d57-435f-bdb6-51481968aacb 0.081s
2025-03-10 17:48:09.154 70374 INFO tempest.lib.common.rest_client [req-f8365f1d-7985-4a9a-b17b-c6e1ca34eea8 req-f8365f1d-7985-4a9a-b17b-c6e1ca34eea8 ] Request (ServerRescueNegativeTestJSON:test_rescued_vm_attach_volume): 200 GET http://10.180.1.21/compute/v2.1/servers/eec50935-f553-43c7-b67b-7289299745bd 0.146s
2025-03-10 17:48:09.161 70374 INFO tempest.common.waiters [-] State transition "ACTIVE/rescuing" ==> "RESCUE/None" after 9 second wait
2025-03-10 17:48:09.191 70374 INFO tempest.lib.common.rest_client [req-a99bbfe7-7bf2-4ad6-9206-8338a96d81c6 req-a99bbfe7-7bf2-4ad6-9206-8338a96d81c6 ] Request (ServerRescueNegativeTestJSON:test_rescued_vm_attach_volume): 409 POST http://10.180.1.21/compute/v2.1/servers/eec50935-f553-43c7-b67b-7289299745bd/os-volume_attachments 0.029s
2025-03-10 17:48:09.241 70364 INFO tempest.lib.common.rest_client [req-17d7d8e2-a02d-40aa-9856-761808d4fae0 req-17d7d8e2-a02d-40aa-9856-761808d4fae0 ] Request (FloatingIPsAssociationTestJSON:tearDownClass): 200 GET http://10.180.1.21/compute/v2.1/servers/ee4c0f2b-44cb-4b37-8e4a-5706b9932144 0.067s
2025-03-10 17:48:09.245 70374 INFO tempest.lib.common.rest_client [req-09b855f8-6f76-4e45-bae0-ac60c0a3aca3 req-09b855f8-6f76-4e45-bae0-ac60c0a3aca3 ] Request (ServerRescueNegativeTestJSON:_run_cleanups): 202 POST http://10.180.1.21/compute/v2.1/servers/eec50935-f553-43c7-b67b-7289299745bd/action 0.054s
2025-03-10 17:48:09.342 70374 INFO tempest.lib.common.rest_client [req-c76a81f4-0825-40c3-8041-00ddbaabdf90 req-c76a81f4-0825-40c3-8041-00ddbaabdf90 ] Request (ServerRescueNegativeTestJSON:_run_cleanups): 200 GET http://10.180.1.21/compute/v2.1/servers/eec50935-f553-43c7-b67b-7289299745bd 0.096s
2025-03-10 17:48:09.399 70338 INFO tempest.lib.common.rest_client [req-b2d4588e-4c83-4b6c-8bc5-d85a87394d78 req-b2d4588e-4c83-4b6c-8bc5-d85a87394d78 ] Request (ServerRescueTestJSON:test_rescue_unrescue_instance): 200 GET http://10.180.1.21/compute/v2.1/servers/97cb6372-3f4e-427d-9509-7e6c43aa2e7b 0.090s
2025-03-10 17:48:09.411 70320 INFO tempest.lib.common.rest_client [req-e5074f11-18ec-4635-a252-c8b47c811a61 req-e5074f11-18ec-4635-a252-c8b47c811a61 ] Request (ServersAdminTestJSON:test_inject_network_info): 200 GET http://10.180.1.21/compute/v2.1/servers/673be00f-e3c5-4a54-beeb-cf89828e9e32 0.050s
2025-03-10 17:48:09.466 70372 INFO tempest.lib.common.rest_client [req-9ce6d32a-fcff-4632-86f0-7a144bf1cdf0 req-9ce6d32a-fcff-4632-86f0-7a144bf1cdf0 ] Request (ServerMetadataNegativeTestJSON:setUpClass): 200 GET http://10.180.1.21/compute/v2.1/servers/06442c68-7dc6-46a1-9e35-34a62730a555 0.051s
2025-03-10 17:48:09.490 70336 INFO paramiko.transport [-] Connected (version 2.0, client dropbear_2020.81)
2025-03-10 17:48:09.519 70324 INFO tempest.lib.common.rest_client [req-be14716b-0253-4446-83da-aeb9b18f7622 req-be14716b-0253-4446-83da-aeb9b18f7622 ] Request (DeleteServersTestJSON:test_delete_active_server): 200 GET http://10.180.1.21/compute/v2.1/servers/62936d27-5405-4d29-b3ff-c4d8a74ba440 0.055s
2025-03-10 17:48:09.578 70370 INFO tempest.lib.common.rest_client [req-08ccb9f4-196a-4a3d-81c2-1689b3d68bb5 req-08ccb9f4-196a-4a3d-81c2-1689b3d68bb5 ] Request (MigrationsAdminTest:test_resize_server_revert_deleted_flavor): 200 GET http://10.180.1.21/compute/v2.1/servers/0e8163d9-6ff5-4f1e-af33-ccb42fa46750 0.054s
2025-03-10 17:48:09.590 70358 INFO tempest.lib.common.rest_client [req-501df203-ca1a-4eed-98d7-eec1cee21017 req-501df203-ca1a-4eed-98d7-eec1cee21017 ] Request (ListImageFiltersTestJSON:setUpClass): 200 GET http://10.180.1.21/compute/v2.1/images/39e743b4-f55e-4237-8936-ced158cc751a 0.039s
2025-03-10 17:48:09.595 70336 INFO paramiko.transport [-] Authentication (publickey) successful!
2025-03-10 17:48:09.595 70336 INFO tempest.lib.common.ssh [-] ssh connection to cirros@10.180.180.172 successfully created
2025-03-10 17:48:09.627 70316 WARNING tempest.lib.common.ssh [-] Failed to establish authenticated ssh connection to cirros@10.180.180.167 ([Errno None] Unable to connect to port 22 on 10.180.180.167). Number attempts: 5. Retry after 6 seconds.: paramiko.ssh_exception.NoValidConnectionsError: [Errno None] Unable to connect to port 22 on 10.180.180.167
2025-03-10 17:48:09.639 70334 INFO tempest.lib.common.rest_client [req-d399ac88-8ab1-40a0-aed5-37b9077e92bc req-d399ac88-8ab1-40a0-aed5-37b9077e92bc ] Request (DeleteServersAdminTestJSON:test_delete_server_while_in_error_state): 200 GET http://10.180.1.21/compute/v2.1/servers/c205f559-7fe6-4d7e-beba-2fc96b89d705 0.069s
2025-03-10 17:48:09.686 70322 INFO tempest.lib.common.rest_client [req-dac94cbd-3a1e-4527-8201-45d3d95f1e03 req-dac94cbd-3a1e-4527-8201-45d3d95f1e03 ] Request (ServersTestFqdnHostnames:test_create_server_with_fqdn_name): 200 GET http://10.180.1.21/compute/v2.1/servers/7fc7c481-75e8-40f2-a971-752ce6dde59b 0.074s
2025-03-10 17:48:09.738 70354 INFO tempest.lib.common.rest_client [req-4419b640-0ae7-45d5-957f-2e05401dfd2e req-4419b640-0ae7-45d5-957f-2e05401dfd2e ] Request (ImagesTestJSON:test_create_image_from_suspended_server): 200 GET http://10.180.1.21/compute/v2.1/servers/2b1a0943-d59a-441d-a2e6-8149106803b6 0.116s
2025-03-10 17:48:09.785 70314 INFO tempest.lib.common.rest_client [req-dcfd971f-0ba8-4094-b9ec-e300326d3fdd req-dcfd971f-0ba8-4094-b9ec-e300326d3fdd ] Request (ServerDiskConfigTestJSON:test_rebuild_server_with_manual_disk_config): 200 GET http://10.180.1.21/compute/v2.1/servers/714fafbf-a765-4e2c-8633-997d8244483c 0.108s
2025-03-10 17:48:09.834 70362 INFO tempest.lib.common.rest_client [req-52b84129-ea3b-4aec-a56b-eafd1ed1993b req-52b84129-ea3b-4aec-a56b-eafd1ed1993b ] Request (AttachInterfacesUnderV243Test:test_add_remove_fixed_ip): 200 GET http://10.180.1.21/compute/v2.1/servers/30eada4d-fdc1-4e54-99d2-d35bbb3fcbe6 0.151s
2025-03-10 17:48:09.894 70330 INFO tempest.lib.common.rest_client [req-7909277a-9d48-4138-9e19-9c162e84bc3a req-7909277a-9d48-4138-9e19-9c162e84bc3a ] Request (ServersTestJSON:test_create_server_specify_multibyte_character_name): 200 GET http://10.180.1.21/compute/v2.1/servers/fcbe1142-72dc-4a02-af9b-e03a2031a247 0.173s
2025-03-10 17:48:09.947 70346 INFO tempest.lib.common.rest_client [req-6654ba5e-172a-44cf-ac78-af201d8b1e95 req-6654ba5e-172a-44cf-ac78-af201d8b1e95 ] Request (ServersTestBootFromVolume:setUpClass): 200 GET http://10.180.1.21/compute/v2.1/servers/af07ebd0-5f12-49c3-a518-95be9a8d6c82 0.210s
2025-03-10 17:48:10.009 70366 INFO tempest.lib.common.rest_client [req-43c204b4-3ba3-49f0-bfae-25bcc1565836 req-43c204b4-3ba3-49f0-bfae-25bcc1565836 ] Request (ServerActionsV293TestJSON:setUpClass): 200 GET http://10.180.1.21/compute/v2.1/servers/fc04a536-3a6f-4d3a-b0f1-68e9a1cee5e2 0.171s
2025-03-10 17:48:10.088 70342 INFO tempest.lib.common.rest_client [req-c7717f80-2b1e-4a71-86cd-97aa5cf22d14 req-c7717f80-2b1e-4a71-86cd-97aa5cf22d14 ] Request (ListServerFiltersTestJSON:tearDownClass): 200 GET http://10.180.1.21/compute/v2.1/servers/94a4a16e-926c-47ce-a5a7-0b216b7c5442 0.242s
2025-03-10 17:48:10.142 70360 INFO tempest.lib.common.rest_client [req-f6c997f7-20c5-4d02-bb38-a7f4014b1b30 req-f6c997f7-20c5-4d02-bb38-a7f4014b1b30 ] Request (ImagesNegativeTestJSON:test_create_image_from_deleted_server): 200 GET http://10.180.1.21/compute/v2.1/servers/b3d62400-e639-4c49-9207-64fd1e684f99 0.250s
2025-03-10 17:48:10.192 70332 INFO tempest.lib.common.rest_client [req-dcb99007-10a8-495c-9c81-003c416880f5 req-dcb99007-10a8-495c-9c81-003c416880f5 ] Request (ListServersNegativeTestJSON:setUpClass): 200 GET http://10.180.1.21/compute/v2.1/servers/40b1fbe3-bde8-4fe1-91ea-00a19e2b86a4 0.290s
2025-03-10 17:48:10.242 70318 INFO tempest.lib.common.rest_client [req-f1f73bfc-aebd-45bc-97ce-663c4b273aa8 req-f1f73bfc-aebd-45bc-97ce-663c4b273aa8 ] Request (InstanceActionsTestJSON:setUpClass): 200 GET http://10.180.1.21/compute/v2.1/servers/efa06ccc-be20-4d0e-938f-01c91ef4de8e 0.270s
2025-03-10 17:48:10.310 70328 INFO tempest.lib.common.rest_client [req-d240bf42-02f1-49d8-927e-4be173069a49 req-d240bf42-02f1-49d8-927e-4be173069a49 ] Request (SecurityGroupsTestJSON:test_list_security_groups_by_server): 200 GET http://10.180.1.21/compute/v2.1/servers/a06d4b38-0e39-46ef-a588-7627661cb201 0.220s
2025-03-10 17:48:10.358 70326 INFO tempest.lib.common.rest_client [req-01c0939a-0bff-40f5-b1b7-afec68b2133f req-01c0939a-0bff-40f5-b1b7-afec68b2133f ] Request (ServersAdminNegativeTestJSON:setUpClass): 200 GET http://10.180.1.21/compute/v2.1/servers/b7a1b9e1-4d57-435f-bdb6-51481968aacb 0.206s
2025-03-10 17:48:10.417 70364 INFO tempest.lib.common.rest_client [req-d9ee4d94-36ee-42bc-9dfa-2562c643a178 req-d9ee4d94-36ee-42bc-9dfa-2562c643a178 ] Request (FloatingIPsAssociationTestJSON:tearDownClass): 200 GET http://10.180.1.21/compute/v2.1/servers/ee4c0f2b-44cb-4b37-8e4a-5706b9932144 0.166s
2025-03-10 17:48:10.564 70374 INFO tempest.lib.common.rest_client [req-8b991874-e17b-448f-93b6-c88f7dd341d5 req-8b991874-e17b-448f-93b6-c88f7dd341d5 ] Request (ServerRescueNegativeTestJSON:_run_cleanups): 200 GET http://10.180.1.21/compute/v2.1/servers/eec50935-f553-43c7-b67b-7289299745bd 0.213s
2025-03-10 17:48:10.659 70338 INFO tempest.lib.common.rest_client [req-4e157504-3e6c-45a6-a9b1-0585fbf95b57 req-4e157504-3e6c-45a6-a9b1-0585fbf95b57 ] Request (ServerRescueTestJSON:test_rescue_unrescue_instance): 200 GET http://10.180.1.21/compute/v2.1/servers/97cb6372-3f4e-427d-9509-7e6c43aa2e7b 0.253s
2025-03-10 17:48:10.666 70338 INFO tempest.common.waiters [-] State transition "ACTIVE/rescuing" ==> "RESCUE/None" after 10 second wait
2025-03-10 17:48:10.706 70320 INFO tempest.lib.common.rest_client [req-324bcfcf-79ce-4a9d-a4c3-3ef562e65a6d req-324bcfcf-79ce-4a9d-a4c3-3ef562e65a6d ] Request (ServersAdminTestJSON:test_inject_network_info): 200 GET http://10.180.1.21/compute/v2.1/servers/673be00f-e3c5-4a54-beeb-cf89828e9e32 0.286s
2025-03-10 17:48:10.761 70372 INFO tempest.lib.common.rest_client [req-00d7e3ae-684c-464c-97b6-9b23a39f6718 req-00d7e3ae-684c-464c-97b6-9b23a39f6718 ] Request (ServerMetadataNegativeTestJSON:setUpClass): 200 GET http://10.180.1.21/compute/v2.1/servers/06442c68-7dc6-46a1-9e35-34a62730a555 0.287s
2025-03-10 17:48:10.804 70368 WARNING tempest.lib.common.ssh [-] Failed to establish authenticated ssh connection to cirros@10.180.180.192 ([Errno None] Unable to connect to port 22 on 10.180.180.192). Number attempts: 4. Retry after 5 seconds.: paramiko.ssh_exception.NoValidConnectionsError: [Errno None] Unable to connect to port 22 on 10.180.180.192
2025-03-10 17:48:10.822 70324 INFO tempest.lib.common.rest_client [req-7e7e5b8b-2de6-449c-88d6-a8f03c4190e0 req-7e7e5b8b-2de6-449c-88d6-a8f03c4190e0 ] Request (DeleteServersTestJSON:test_delete_active_server): 200 GET http://10.180.1.21/compute/v2.1/servers/62936d27-5405-4d29-b3ff-c4d8a74ba440 0.292s
2025-03-10 17:48:10.873 70370 INFO tempest.lib.common.rest_client [req-98f241f9-9afe-4e9c-a6b4-37aa43098030 req-98f241f9-9afe-4e9c-a6b4-37aa43098030 ] Request (MigrationsAdminTest:test_resize_server_revert_deleted_flavor): 200 GET http://10.180.1.21/compute/v2.1/servers/0e8163d9-6ff5-4f1e-af33-ccb42fa46750 0.286s
2025-03-10 17:48:10.908 70358 INFO tempest.lib.common.rest_client [req-d3e6f5e1-b9c8-4f07-82e9-72e3a2536834 req-d3e6f5e1-b9c8-4f07-82e9-72e3a2536834 ] Request (ListImageFiltersTestJSON:setUpClass): 200 GET http://10.180.1.21/compute/v2.1/images/39e743b4-f55e-4237-8936-ced158cc751a 0.315s
2025-03-10 17:48:10.971 70334 INFO tempest.lib.common.rest_client [req-b2353eb8-3007-44c5-9197-fef6e12fe775 req-b2353eb8-3007-44c5-9197-fef6e12fe775 ] Request (DeleteServersAdminTestJSON:test_delete_server_while_in_error_state): 200 GET http://10.180.1.21/compute/v2.1/servers/c205f559-7fe6-4d7e-beba-2fc96b89d705 0.324s
2025-03-10 17:48:11.104 70338 INFO tempest.lib.common.rest_client [req-81f61a52-266d-410b-a743-b174488280f8 req-81f61a52-266d-410b-a743-b174488280f8 ] Request (ServerRescueTestJSON:test_rescue_unrescue_instance): 202 POST http://10.180.1.21/compute/v2.1/servers/97cb6372-3f4e-427d-9509-7e6c43aa2e7b/action 0.438s
2025-03-10 17:48:11.180 70322 INFO tempest.lib.common.rest_client [req-22b14a76-8324-4752-873d-28ff249900f2 req-22b14a76-8324-4752-873d-28ff249900f2 ] Request (ServersTestFqdnHostnames:test_create_server_with_fqdn_name): 200 GET http://10.180.1.21/compute/v2.1/servers/7fc7c481-75e8-40f2-a971-752ce6dde59b 0.484s
2025-03-10 17:48:11.231 70354 INFO tempest.lib.common.rest_client [req-62f90fc7-06f1-4386-875b-0386d1e08e87 req-62f90fc7-06f1-4386-875b-0386d1e08e87 ] Request (ImagesTestJSON:test_create_image_from_suspended_server): 200 GET http://10.180.1.21/compute/v2.1/servers/2b1a0943-d59a-441d-a2e6-8149106803b6 0.484s
2025-03-10 17:48:11.256 70336 INFO tempest.lib.common.rest_client [req-bb27e860-6f74-4f08-9ad5-a430d5b41bb2 req-bb27e860-6f74-4f08-9ad5-a430d5b41bb2 ] Request (VolumesAssistedSnapshotsTest:test_volume_assisted_snapshot_create_delete): 200 POST http://10.180.1.21/compute/v2.1/servers/eba81db1-973c-4981-baca-cb98e4087510/os-volume_attachments 1.661s
2025-03-10 17:48:11.278 70314 INFO tempest.lib.common.rest_client [req-4bd16b5e-5f5d-451c-8ad9-6ffdb8b8c385 req-4bd16b5e-5f5d-451c-8ad9-6ffdb8b8c385 ] Request (ServerDiskConfigTestJSON:test_rebuild_server_with_manual_disk_config): 200 GET http://10.180.1.21/compute/v2.1/servers/714fafbf-a765-4e2c-8633-997d8244483c 0.482s
2025-03-10 17:48:11.287 70336 INFO tempest.lib.common.rest_client [req-365d3de9-3606-406e-b880-7467640a0e16 req-365d3de9-3606-406e-b880-7467640a0e16 ] Request (VolumesAssistedSnapshotsTest:test_volume_assisted_snapshot_create_delete): 200 GET http://10.180.1.21/volume/v3/volumes/794429f7-4ac5-40f0-a80a-f64e8e163e5d 0.029s
2025-03-10 17:48:11.307 70362 INFO tempest.lib.common.rest_client [req-0888ec41-163a-494e-95d3-ef3d57e77e67 req-0888ec41-163a-494e-95d3-ef3d57e77e67 ] Request (AttachInterfacesUnderV243Test:test_add_remove_fixed_ip): 200 GET http://10.180.1.21/compute/v2.1/servers/30eada4d-fdc1-4e54-99d2-d35bbb3fcbe6 0.463s
2025-03-10 17:48:11.334 70330 INFO tempest.lib.common.rest_client [req-d1a96b50-26e8-49e5-911a-1f4e2f304e5a req-d1a96b50-26e8-49e5-911a-1f4e2f304e5a ] Request (ServersTestJSON:test_create_server_specify_multibyte_character_name): 200 GET http://10.180.1.21/compute/v2.1/servers/fcbe1142-72dc-4a02-af9b-e03a2031a247 0.433s
2025-03-10 17:48:11.359 70346 INFO tempest.lib.common.rest_client [req-b12dddb9-430d-4ac6-9640-2e1823506481 req-b12dddb9-430d-4ac6-9640-2e1823506481 ] Request (ServersTestBootFromVolume:setUpClass): 200 GET http://10.180.1.21/compute/v2.1/servers/af07ebd0-5f12-49c3-a518-95be9a8d6c82 0.403s
2025-03-10 17:48:11.389 70366 INFO tempest.lib.common.rest_client [req-a79a70bc-ad9e-4d6b-aa9a-dddb7d2741b7 req-a79a70bc-ad9e-4d6b-aa9a-dddb7d2741b7 ] Request (ServerActionsV293TestJSON:setUpClass): 200 GET http://10.180.1.21/compute/v2.1/servers/fc04a536-3a6f-4d3a-b0f1-68e9a1cee5e2 0.370s
2025-03-10 17:48:11.416 70342 INFO tempest.lib.common.rest_client [req-9ceb8cc6-9cdf-44d8-8463-6b4e807025b0 req-9ceb8cc6-9cdf-44d8-8463-6b4e807025b0 ] Request (ListServerFiltersTestJSON:tearDownClass): 200 GET http://10.180.1.21/compute/v2.1/servers/94a4a16e-926c-47ce-a5a7-0b216b7c5442 0.321s
2025-03-10 17:48:11.476 70360 INFO tempest.lib.common.rest_client [req-e40fbcda-5407-4f00-9550-7c1627f58293 req-e40fbcda-5407-4f00-9550-7c1627f58293 ] Request (ImagesNegativeTestJSON:test_create_image_from_deleted_server): 200 GET http://10.180.1.21/compute/v2.1/servers/b3d62400-e639-4c49-9207-64fd1e684f99 0.326s
2025-03-10 17:48:11.490 70338 INFO tempest.lib.common.rest_client [req-1acbb52e-8a74-450b-b6b1-2fd0920f97e4 req-1acbb52e-8a74-450b-b6b1-2fd0920f97e4 ] Request (ServerRescueTestJSON:test_rescue_unrescue_instance): 200 GET http://10.180.1.21/compute/v2.1/servers/97cb6372-3f4e-427d-9509-7e6c43aa2e7b 0.385s
2025-03-10 17:48:11.539 70332 INFO tempest.lib.common.rest_client [req-2a4b61ea-e86d-47ad-92e0-e13345eaf0e8 req-2a4b61ea-e86d-47ad-92e0-e13345eaf0e8 ] Request (ListServersNegativeTestJSON:setUpClass): 200 GET http://10.180.1.21/compute/v2.1/servers/40b1fbe3-bde8-4fe1-91ea-00a19e2b86a4 0.339s
2025-03-10 17:48:11.547 70318 INFO tempest.lib.common.rest_client [req-e4ba5828-9cbf-48a1-946b-dfa30864e1b9 req-e4ba5828-9cbf-48a1-946b-dfa30864e1b9 ] Request (InstanceActionsTestJSON:setUpClass): 200 GET http://10.180.1.21/compute/v2.1/servers/efa06ccc-be20-4d0e-938f-01c91ef4de8e 0.297s
2025-03-10 17:48:11.609 70326 INFO tempest.lib.common.rest_client [req-6019aa9b-64de-4bf2-8ee9-1cb13c6f010a req-6019aa9b-64de-4bf2-8ee9-1cb13c6f010a ] Request (ServersAdminNegativeTestJSON:setUpClass): 200 GET http://10.180.1.21/compute/v2.1/servers/b7a1b9e1-4d57-435f-bdb6-51481968aacb 0.243s
2025-03-10 17:48:11.610 70328 INFO tempest.lib.common.rest_client [req-80359d02-7a47-4996-8c63-2b0d18b5ada2 req-80359d02-7a47-4996-8c63-2b0d18b5ada2 ] Request (SecurityGroupsTestJSON:test_list_security_groups_by_server): 200 GET http://10.180.1.21/compute/v2.1/servers/a06d4b38-0e39-46ef-a588-7627661cb201 0.292s
2025-03-10 17:48:11.695 70364 INFO tempest.lib.common.rest_client [req-d279b056-c8ef-4c5e-bee3-bc39cfc636ba req-d279b056-c8ef-4c5e-bee3-bc39cfc636ba ] Request (FloatingIPsAssociationTestJSON:tearDownClass): 200 GET http://10.180.1.21/compute/v2.1/servers/ee4c0f2b-44cb-4b37-8e4a-5706b9932144 0.271s
2025-03-10 17:48:11.737 70356 WARNING tempest.lib.common.ssh [-] Failed to establish authenticated ssh connection to cirros@10.180.180.171 ([Errno None] Unable to connect to port 22 on 10.180.180.171). Number attempts: 12. Retry after 13 seconds.: paramiko.ssh_exception.NoValidConnectionsError: [Errno None] Unable to connect to port 22 on 10.180.180.171
2025-03-10 17:48:11.745 70374 INFO tempest.lib.common.rest_client [req-51206c06-2271-4a81-818b-8348b1c7c0ee req-51206c06-2271-4a81-818b-8348b1c7c0ee ] Request (ServerRescueNegativeTestJSON:_run_cleanups): 200 GET http://10.180.1.21/compute/v2.1/servers/eec50935-f553-43c7-b67b-7289299745bd 0.169s
2025-03-10 17:48:11.773 70320 INFO tempest.lib.common.rest_client [req-b03e603a-c461-4f88-b4b7-ad0dd9f95b98 req-b03e603a-c461-4f88-b4b7-ad0dd9f95b98 ] Request (ServersAdminTestJSON:test_inject_network_info): 200 GET http://10.180.1.21/compute/v2.1/servers/673be00f-e3c5-4a54-beeb-cf89828e9e32 0.058s
2025-03-10 17:48:11.826 70372 INFO tempest.lib.common.rest_client [req-b5953dbc-9e6f-4e0c-865c-89e127075b7d req-b5953dbc-9e6f-4e0c-865c-89e127075b7d ] Request (ServerMetadataNegativeTestJSON:setUpClass): 200 GET http://10.180.1.21/compute/v2.1/servers/06442c68-7dc6-46a1-9e35-34a62730a555 0.057s
2025-03-10 17:48:11.865 70376 WARNING tempest.lib.common.ssh [-] Failed to establish authenticated ssh connection to cirros@10.180.180.165 ([Errno None] Unable to connect to port 22 on 10.180.180.165). Number attempts: 2. Retry after 3 seconds.: paramiko.ssh_exception.NoValidConnectionsError: [Errno None] Unable to connect to port 22 on 10.180.180.165
2025-03-10 17:48:11.892 70324 INFO tempest.lib.common.rest_client [req-4c55f42c-235a-45a9-919d-c1a4e5553f95 req-4c55f42c-235a-45a9-919d-c1a4e5553f95 ] Request (DeleteServersTestJSON:test_delete_active_server): 200 GET http://10.180.1.21/compute/v2.1/servers/62936d27-5405-4d29-b3ff-c4d8a74ba440 0.059s
2025-03-10 17:48:11.935 70370 INFO tempest.lib.common.rest_client [req-710ae25d-bef8-44ae-a3a2-dc75acb05db2 req-710ae25d-bef8-44ae-a3a2-dc75acb05db2 ] Request (MigrationsAdminTest:test_resize_server_revert_deleted_flavor): 200 GET http://10.180.1.21/compute/v2.1/servers/0e8163d9-6ff5-4f1e-af33-ccb42fa46750 0.054s
2025-03-10 17:48:11.951 70358 INFO tempest.lib.common.rest_client [req-65acf6fb-3298-4315-b8ed-b47ea57af6ea req-65acf6fb-3298-4315-b8ed-b47ea57af6ea ] Request (ListImageFiltersTestJSON:setUpClass): 200 GET http://10.180.1.21/compute/v2.1/images/39e743b4-f55e-4237-8936-ced158cc751a 0.037s
2025-03-10 17:48:12.044 70334 INFO tempest.lib.common.rest_client [req-04b9ab17-48f2-4266-96c3-1f88fab4825c req-04b9ab17-48f2-4266-96c3-1f88fab4825c ] Request (DeleteServersAdminTestJSON:test_delete_server_while_in_error_state): 200 GET http://10.180.1.21/compute/v2.1/servers/c205f559-7fe6-4d7e-beba-2fc96b89d705 0.066s
2025-03-10 17:48:12.244 70322 INFO tempest.lib.common.rest_client [req-f8de5398-b584-4a24-a958-de539ee0c76d req-f8de5398-b584-4a24-a958-de539ee0c76d ] Request (ServersTestFqdnHostnames:test_create_server_with_fqdn_name): 200 GET http://10.180.1.21/compute/v2.1/servers/7fc7c481-75e8-40f2-a971-752ce6dde59b 0.053s
2025-03-10 17:48:12.290 70354 INFO tempest.lib.common.rest_client [req-d4a997ff-ae8a-429c-8884-c599d8a02fc9 req-d4a997ff-ae8a-429c-8884-c599d8a02fc9 ] Request (ImagesTestJSON:test_create_image_from_suspended_server): 200 GET http://10.180.1.21/compute/v2.1/servers/2b1a0943-d59a-441d-a2e6-8149106803b6 0.052s
2025-03-10 17:48:12.326 70336 INFO tempest.lib.common.rest_client [req-174e8dbf-abf4-48ec-8004-5e24aac706a0 req-174e8dbf-abf4-48ec-8004-5e24aac706a0 ] Request (VolumesAssistedSnapshotsTest:test_volume_assisted_snapshot_create_delete): 200 GET http://10.180.1.21/volume/v3/volumes/794429f7-4ac5-40f0-a80a-f64e8e163e5d 0.031s
2025-03-10 17:48:12.349 70314 INFO tempest.lib.common.rest_client [req-ba2220c7-4a07-4eae-a9af-847df9b46e1e req-ba2220c7-4a07-4eae-a9af-847df9b46e1e ] Request (ServerDiskConfigTestJSON:test_rebuild_server_with_manual_disk_config): 200 GET http://10.180.1.21/compute/v2.1/servers/714fafbf-a765-4e2c-8633-997d8244483c 0.056s
2025-03-10 17:48:12.379 70362 INFO tempest.lib.common.rest_client [req-ddffb331-3caa-4541-a1b4-d0d61676f814 req-ddffb331-3caa-4541-a1b4-d0d61676f814 ] Request (AttachInterfacesUnderV243Test:test_add_remove_fixed_ip): 200 GET http://10.180.1.21/compute/v2.1/servers/30eada4d-fdc1-4e54-99d2-d35bbb3fcbe6 0.063s
2025-03-10 17:48:12.397 70330 INFO tempest.lib.common.rest_client [req-b1009ae8-20d5-4c3f-8205-26e8ee98f778 req-b1009ae8-20d5-4c3f-8205-26e8ee98f778 ] Request (ServersTestJSON:test_create_server_specify_multibyte_character_name): 200 GET http://10.180.1.21/compute/v2.1/servers/fcbe1142-72dc-4a02-af9b-e03a2031a247 0.055s
2025-03-10 17:48:12.425 70346 INFO tempest.lib.common.rest_client [req-0a245b21-8955-412e-932c-e7cb04c031f3 req-0a245b21-8955-412e-932c-e7cb04c031f3 ] Request (ServersTestBootFromVolume:setUpClass): 200 GET http://10.180.1.21/compute/v2.1/servers/af07ebd0-5f12-49c3-a518-95be9a8d6c82 0.058s
2025-03-10 17:48:12.454 70366 INFO tempest.lib.common.rest_client [req-d6acbfae-d47b-4c10-8453-2782c6dcc99a req-d6acbfae-d47b-4c10-8453-2782c6dcc99a ] Request (ServerActionsV293TestJSON:setUpClass): 200 GET http://10.180.1.21/compute/v2.1/servers/fc04a536-3a6f-4d3a-b0f1-68e9a1cee5e2 0.054s
2025-03-10 17:48:12.483 70342 INFO tempest.lib.common.rest_client [req-158dd101-78f6-41f7-8734-e26bfbec5222 req-158dd101-78f6-41f7-8734-e26bfbec5222 ] Request (ListServerFiltersTestJSON:tearDownClass): 200 GET http://10.180.1.21/compute/v2.1/servers/94a4a16e-926c-47ce-a5a7-0b216b7c5442 0.058s
2025-03-10 17:48:12.535 70360 INFO tempest.lib.common.rest_client [req-1dd7ad76-ee13-4867-9f6b-f7230060acfe req-1dd7ad76-ee13-4867-9f6b-f7230060acfe ] Request (ImagesNegativeTestJSON:test_create_image_from_deleted_server): 200 GET http://10.180.1.21/compute/v2.1/servers/b3d62400-e639-4c49-9207-64fd1e684f99 0.049s
2025-03-10 17:48:12.608 70332 INFO tempest.lib.common.rest_client [req-6cb0356c-89fd-44f5-843c-07f9b646504c req-6cb0356c-89fd-44f5-843c-07f9b646504c ] Request (ListServersNegativeTestJSON:setUpClass): 200 GET http://10.180.1.21/compute/v2.1/servers/40b1fbe3-bde8-4fe1-91ea-00a19e2b86a4 0.061s
2025-03-10 17:48:12.621 70338 INFO tempest.lib.common.rest_client [req-adb94bf1-deaa-47aa-b3a5-ff91398e9e64 req-adb94bf1-deaa-47aa-b3a5-ff91398e9e64 ] Request (ServerRescueTestJSON:test_rescue_unrescue_instance): 200 GET http://10.180.1.21/compute/v2.1/servers/97cb6372-3f4e-427d-9509-7e6c43aa2e7b 0.123s
2025-03-10 17:48:12.663 70318 INFO tempest.lib.common.rest_client [req-bd48c8fd-c799-4e54-b785-e348e12958cd req-bd48c8fd-c799-4e54-b785-e348e12958cd ] Request (InstanceActionsTestJSON:setUpClass): 200 GET http://10.180.1.21/compute/v2.1/servers/efa06ccc-be20-4d0e-938f-01c91ef4de8e 0.109s
2025-03-10 17:48:12.674 70326 INFO tempest.lib.common.rest_client [req-ad1b8b5d-feb5-4c6d-a4b1-66e1eb08b2a0 req-ad1b8b5d-feb5-4c6d-a4b1-66e1eb08b2a0 ] Request (ServersAdminNegativeTestJSON:setUpClass): 200 GET http://10.180.1.21/compute/v2.1/servers/b7a1b9e1-4d57-435f-bdb6-51481968aacb 0.056s
2025-03-10 17:48:12.711 70328 INFO tempest.lib.common.rest_client [req-0c86144d-6288-4435-abe9-3187376cd041 req-0c86144d-6288-4435-abe9-3187376cd041 ] Request (SecurityGroupsTestJSON:test_list_security_groups_by_server): 200 GET http://10.180.1.21/compute/v2.1/servers/a06d4b38-0e39-46ef-a588-7627661cb201 0.091s
2025-03-10 17:48:12.763 70364 INFO tempest.lib.common.rest_client [req-0b7e4dd8-15f7-4615-ac8b-229d51491678 req-0b7e4dd8-15f7-4615-ac8b-229d51491678 ] Request (FloatingIPsAssociationTestJSON:tearDownClass): 200 GET http://10.180.1.21/compute/v2.1/servers/ee4c0f2b-44cb-4b37-8e4a-5706b9932144 0.060s
2025-03-10 17:48:12.849 70320 INFO tempest.lib.common.rest_client [req-723fcaea-1bd2-49b8-b421-cf681b5a4bb1 req-723fcaea-1bd2-49b8-b421-cf681b5a4bb1 ] Request (ServersAdminTestJSON:test_inject_network_info): 200 GET http://10.180.1.21/compute/v2.1/servers/673be00f-e3c5-4a54-beeb-cf89828e9e32 0.065s
2025-03-10 17:48:12.867 70374 INFO tempest.lib.common.rest_client [req-f7e35bef-8ff2-4382-886b-8b1eb2f40dd5 req-f7e35bef-8ff2-4382-886b-8b1eb2f40dd5 ] Request (ServerRescueNegativeTestJSON:_run_cleanups): 200 GET http://10.180.1.21/compute/v2.1/servers/eec50935-f553-43c7-b67b-7289299745bd 0.115s
2025-03-10 17:48:12.901 70372 INFO tempest.lib.common.rest_client [req-35246148-72e7-44c6-bdc1-d2e93fe8aa08 req-35246148-72e7-44c6-bdc1-d2e93fe8aa08 ] Request (ServerMetadataNegativeTestJSON:setUpClass): 200 GET http://10.180.1.21/compute/v2.1/servers/06442c68-7dc6-46a1-9e35-34a62730a555 0.064s
2025-03-10 17:48:12.948 70324 INFO tempest.lib.common.rest_client [req-cbf7cab8-ba36-4b4a-b247-1c8f933608f3 req-cbf7cab8-ba36-4b4a-b247-1c8f933608f3 ] Request (DeleteServersTestJSON:test_delete_active_server): 200 GET http://10.180.1.21/compute/v2.1/servers/62936d27-5405-4d29-b3ff-c4d8a74ba440 0.048s
2025-03-10 17:48:12.993 70358 INFO tempest.lib.common.rest_client [req-d5e27acf-5ec3-40b3-9b51-58b7909302dd req-d5e27acf-5ec3-40b3-9b51-58b7909302dd ] Request (ListImageFiltersTestJSON:setUpClass): 200 GET http://10.180.1.21/compute/v2.1/images/39e743b4-f55e-4237-8936-ced158cc751a 0.038s
2025-03-10 17:48:12.996 70370 INFO tempest.lib.common.rest_client [req-43019311-708c-40a5-acb6-c2e19442c4df req-43019311-708c-40a5-acb6-c2e19442c4df ] Request (MigrationsAdminTest:test_resize_server_revert_deleted_flavor): 200 GET http://10.180.1.21/compute/v2.1/servers/0e8163d9-6ff5-4f1e-af33-ccb42fa46750 0.053s
2025-03-10 17:48:13.030 70358 INFO tempest.lib.common.rest_client [req-493e03ea-06a5-42fa-90bb-c5bae13e952e req-493e03ea-06a5-42fa-90bb-c5bae13e952e ] Request (ListImageFiltersTestJSON:setUpClass): 200 GET http://10.180.1.21/compute/v2.1/images/39e743b4-f55e-4237-8936-ced158cc751a 0.034s
2025-03-10 17:48:13.124 70334 INFO tempest.lib.common.rest_client [req-464c33f7-7e63-43fe-a526-e791a821ff22 req-464c33f7-7e63-43fe-a526-e791a821ff22 ] Request (DeleteServersAdminTestJSON:test_delete_server_while_in_error_state): 200 GET http://10.180.1.21/compute/v2.1/servers/c205f559-7fe6-4d7e-beba-2fc96b89d705 0.071s
2025-03-10 17:48:13.179 70358 INFO tempest.lib.common.rest_client [req-064d4256-045c-48a8-851c-00a5df3f6c36 req-064d4256-045c-48a8-851c-00a5df3f6c36 ] Request (ListImageFiltersTestJSON:setUpClass): 200 GET http://10.180.1.21/compute/v2.1/servers/73e41918-88b8-4ff7-9fdd-b45ac97c80ec 0.145s
2025-03-10 17:48:13.210 70350 WARNING tempest.lib.common.ssh [-] Failed to establish authenticated ssh connection to cirros@10.180.180.166 ([Errno None] Unable to connect to port 22 on 10.180.180.166). Number attempts: 11. Retry after 12 seconds.: paramiko.ssh_exception.NoValidConnectionsError: [Errno None] Unable to connect to port 22 on 10.180.180.166
2025-03-10 17:48:13.304 70322 INFO tempest.lib.common.rest_client [req-fb767ab7-b425-4b6a-9ff1-c70f6598e8d1 req-fb767ab7-b425-4b6a-9ff1-c70f6598e8d1 ] Request (ServersTestFqdnHostnames:test_create_server_with_fqdn_name): 200 GET http://10.180.1.21/compute/v2.1/servers/7fc7c481-75e8-40f2-a971-752ce6dde59b 0.053s
2025-03-10 17:48:13.351 70354 INFO tempest.lib.common.rest_client [req-f163e91b-a11f-42ca-a73e-ce3f431556ba req-f163e91b-a11f-42ca-a73e-ce3f431556ba ] Request (ImagesTestJSON:test_create_image_from_suspended_server): 200 GET http://10.180.1.21/compute/v2.1/servers/2b1a0943-d59a-441d-a2e6-8149106803b6 0.051s
2025-03-10 17:48:13.366 70336 INFO tempest.lib.common.rest_client [req-2b04de3f-f9e8-4f8e-913c-4f8aa8a83ef6 req-2b04de3f-f9e8-4f8e-913c-4f8aa8a83ef6 ] Request (VolumesAssistedSnapshotsTest:test_volume_assisted_snapshot_create_delete): 200 GET http://10.180.1.21/volume/v3/volumes/794429f7-4ac5-40f0-a80a-f64e8e163e5d 0.032s
2025-03-10 17:48:13.413 70314 INFO tempest.lib.common.rest_client [req-07028433-02ce-49c7-84ca-606c8517e7df req-07028433-02ce-49c7-84ca-606c8517e7df ] Request (ServerDiskConfigTestJSON:test_rebuild_server_with_manual_disk_config): 200 GET http://10.180.1.21/compute/v2.1/servers/714fafbf-a765-4e2c-8633-997d8244483c 0.055s
2025-03-10 17:48:13.438 70362 INFO tempest.lib.common.rest_client [req-946cf298-df05-4dcc-8484-deff4ac5e9f5 req-946cf298-df05-4dcc-8484-deff4ac5e9f5 ] Request (AttachInterfacesUnderV243Test:test_add_remove_fixed_ip): 200 GET http://10.180.1.21/compute/v2.1/servers/30eada4d-fdc1-4e54-99d2-d35bbb3fcbe6 0.051s
2025-03-10 17:48:13.461 70330 INFO tempest.lib.common.rest_client [req-65a1ed54-fb67-407f-9667-66ab4e0fa615 req-65a1ed54-fb67-407f-9667-66ab4e0fa615 ] Request (ServersTestJSON:test_create_server_specify_multibyte_character_name): 200 GET http://10.180.1.21/compute/v2.1/servers/fcbe1142-72dc-4a02-af9b-e03a2031a247 0.056s
2025-03-10 17:48:13.485 70346 INFO tempest.lib.common.rest_client [req-c77cbfa9-ee65-4749-a654-575a3b52683a req-c77cbfa9-ee65-4749-a654-575a3b52683a ] Request (ServersTestBootFromVolume:setUpClass): 200 GET http://10.180.1.21/compute/v2.1/servers/af07ebd0-5f12-49c3-a518-95be9a8d6c82 0.052s
2025-03-10 17:48:13.519 70366 INFO tempest.lib.common.rest_client [req-bf1b76f3-b66c-40da-b427-7f81b34df802 req-bf1b76f3-b66c-40da-b427-7f81b34df802 ] Request (ServerActionsV293TestJSON:setUpClass): 200 GET http://10.180.1.21/compute/v2.1/servers/fc04a536-3a6f-4d3a-b0f1-68e9a1cee5e2 0.054s
2025-03-10 17:48:13.547 70342 INFO tempest.lib.common.rest_client [req-25e7124f-230d-49f3-b9d2-87a02ff26061 req-25e7124f-230d-49f3-b9d2-87a02ff26061 ] Request (ListServerFiltersTestJSON:tearDownClass): 200 GET http://10.180.1.21/compute/v2.1/servers/94a4a16e-926c-47ce-a5a7-0b216b7c5442 0.055s
2025-03-10 17:48:13.591 70360 INFO tempest.lib.common.rest_client [req-1e96a895-0929-4a79-a2ae-0649311c0ccc req-1e96a895-0929-4a79-a2ae-0649311c0ccc ] Request (ImagesNegativeTestJSON:test_create_image_from_deleted_server): 200 GET http://10.180.1.21/compute/v2.1/servers/b3d62400-e639-4c49-9207-64fd1e684f99 0.049s
2025-03-10 17:48:13.668 70332 INFO tempest.lib.common.rest_client [req-ff276c7f-78dc-442b-9343-4f723d3e30f1 req-ff276c7f-78dc-442b-9343-4f723d3e30f1 ] Request (ListServersNegativeTestJSON:setUpClass): 200 GET http://10.180.1.21/compute/v2.1/servers/40b1fbe3-bde8-4fe1-91ea-00a19e2b86a4 0.050s
2025-03-10 17:48:13.726 70318 INFO tempest.lib.common.rest_client [req-4bf13ae9-3891-42c3-8dd0-f900d2eef5dd req-4bf13ae9-3891-42c3-8dd0-f900d2eef5dd ] Request (InstanceActionsTestJSON:setUpClass): 200 GET http://10.180.1.21/compute/v2.1/servers/efa06ccc-be20-4d0e-938f-01c91ef4de8e 0.055s
2025-03-10 17:48:13.735 70338 INFO tempest.lib.common.rest_client [req-612ea564-8419-458b-b21b-9ed992a7c4f1 req-612ea564-8419-458b-b21b-9ed992a7c4f1 ] Request (ServerRescueTestJSON:test_rescue_unrescue_instance): 200 GET http://10.180.1.21/compute/v2.1/servers/97cb6372-3f4e-427d-9509-7e6c43aa2e7b 0.105s
2025-03-10 17:48:13.776 70326 INFO tempest.lib.common.rest_client [req-ad268f25-5db6-4e42-8622-a37d7e46f920 req-ad268f25-5db6-4e42-8622-a37d7e46f920 ] Request (ServersAdminNegativeTestJSON:setUpClass): 200 GET http://10.180.1.21/compute/v2.1/servers/b7a1b9e1-4d57-435f-bdb6-51481968aacb 0.094s
2025-03-10 17:48:13.787 70328 INFO tempest.lib.common.rest_client [req-95758b7f-7212-45da-a48e-9db9337e76a7 req-95758b7f-7212-45da-a48e-9db9337e76a7 ] Request (SecurityGroupsTestJSON:test_list_security_groups_by_server): 200 GET http://10.180.1.21/compute/v2.1/servers/a06d4b38-0e39-46ef-a588-7627661cb201 0.067s
2025-03-10 17:48:13.830 70364 INFO tempest.lib.common.rest_client [req-2155d8c3-9d5d-4844-a93b-244109556c60 req-2155d8c3-9d5d-4844-a93b-244109556c60 ] Request (FloatingIPsAssociationTestJSON:tearDownClass): 200 GET http://10.180.1.21/compute/v2.1/servers/ee4c0f2b-44cb-4b37-8e4a-5706b9932144 0.058s
2025-03-10 17:48:13.909 70320 INFO tempest.lib.common.rest_client [req-f4f83d6c-5747-4477-84dc-e78a56266e93 req-f4f83d6c-5747-4477-84dc-e78a56266e93 ] Request (ServersAdminTestJSON:test_inject_network_info): 200 GET http://10.180.1.21/compute/v2.1/servers/673be00f-e3c5-4a54-beeb-cf89828e9e32 0.050s
2025-03-10 17:48:13.967 70372 INFO tempest.lib.common.rest_client [req-081cdab7-5cf7-4fba-82f1-7d6592bb7056 req-081cdab7-5cf7-4fba-82f1-7d6592bb7056 ] Request (ServerMetadataNegativeTestJSON:setUpClass): 200 GET http://10.180.1.21/compute/v2.1/servers/06442c68-7dc6-46a1-9e35-34a62730a555 0.057s
2025-03-10 17:48:13.980 70374 INFO tempest.lib.common.rest_client [req-6ac4ed26-f315-4978-b8d1-d92c2436fd23 req-6ac4ed26-f315-4978-b8d1-d92c2436fd23 ] Request (ServerRescueNegativeTestJSON:_run_cleanups): 200 GET http://10.180.1.21/compute/v2.1/servers/eec50935-f553-43c7-b67b-7289299745bd 0.105s
2025-03-10 17:48:14.015 70324 INFO tempest.lib.common.rest_client [req-5c92047b-4eb8-4a3f-9872-5b7fae95f6ed req-5c92047b-4eb8-4a3f-9872-5b7fae95f6ed ] Request (DeleteServersTestJSON:test_delete_active_server): 200 GET http://10.180.1.21/compute/v2.1/servers/62936d27-5405-4d29-b3ff-c4d8a74ba440 0.059s
2025-03-10 17:48:14.052 70370 INFO tempest.lib.common.rest_client [req-777357f9-e6d6-4a0a-8429-14cbd90ea693 req-777357f9-e6d6-4a0a-8429-14cbd90ea693 ] Request (MigrationsAdminTest:test_resize_server_revert_deleted_flavor): 200 GET http://10.180.1.21/compute/v2.1/servers/0e8163d9-6ff5-4f1e-af33-ccb42fa46750 0.049s
2025-03-10 17:48:14.191 70334 INFO tempest.lib.common.rest_client [req-d3002a86-dec6-4bb9-915a-1f3dd6350bdf req-d3002a86-dec6-4bb9-915a-1f3dd6350bdf ] Request (DeleteServersAdminTestJSON:test_delete_server_while_in_error_state): 200 GET http://10.180.1.21/compute/v2.1/servers/c205f559-7fe6-4d7e-beba-2fc96b89d705 0.060s
2025-03-10 17:48:14.282 70358 INFO tempest.lib.common.rest_client [req-d92f2994-b49c-469f-83a9-30369f9641be req-d92f2994-b49c-469f-83a9-30369f9641be ] Request (ListImageFiltersTestJSON:setUpClass): 200 GET http://10.180.1.21/compute/v2.1/servers/73e41918-88b8-4ff7-9fdd-b45ac97c80ec 0.095s
2025-03-10 17:48:14.367 70322 INFO tempest.lib.common.rest_client [req-621c624e-384d-4c1b-b7c5-df386d06ef4f req-621c624e-384d-4c1b-b7c5-df386d06ef4f ] Request (ServersTestFqdnHostnames:test_create_server_with_fqdn_name): 200 GET http://10.180.1.21/compute/v2.1/servers/7fc7c481-75e8-40f2-a971-752ce6dde59b 0.055s
2025-03-10 17:48:14.404 70336 INFO tempest.lib.common.rest_client [req-51b94015-ce15-4253-b505-315155fc6cc9 req-51b94015-ce15-4253-b505-315155fc6cc9 ] Request (VolumesAssistedSnapshotsTest:test_volume_assisted_snapshot_create_delete): 200 GET http://10.180.1.21/volume/v3/volumes/794429f7-4ac5-40f0-a80a-f64e8e163e5d 0.030s
2025-03-10 17:48:14.412 70354 INFO tempest.lib.common.rest_client [req-818a0df8-798b-4017-99f3-342c807448b7 req-818a0df8-798b-4017-99f3-342c807448b7 ] Request (ImagesTestJSON:test_create_image_from_suspended_server): 200 GET http://10.180.1.21/compute/v2.1/servers/2b1a0943-d59a-441d-a2e6-8149106803b6 0.050s
2025-03-10 17:48:14.476 70314 INFO tempest.lib.common.rest_client [req-2792ddf7-6c6a-4b89-b85a-7eecf88613ad req-2792ddf7-6c6a-4b89-b85a-7eecf88613ad ] Request (ServerDiskConfigTestJSON:test_rebuild_server_with_manual_disk_config): 200 GET http://10.180.1.21/compute/v2.1/servers/714fafbf-a765-4e2c-8633-997d8244483c 0.052s
2025-03-10 17:48:14.499 70362 INFO tempest.lib.common.rest_client [req-ae9aafce-3f63-403e-9f88-12df2673629f req-ae9aafce-3f63-403e-9f88-12df2673629f ] Request (AttachInterfacesUnderV243Test:test_add_remove_fixed_ip): 200 GET http://10.180.1.21/compute/v2.1/servers/30eada4d-fdc1-4e54-99d2-d35bbb3fcbe6 0.052s
2025-03-10 17:48:14.523 70330 INFO tempest.lib.common.rest_client [req-d723454a-bf4c-48f0-800b-9e5cd06b9e32 req-d723454a-bf4c-48f0-800b-9e5cd06b9e32 ] Request (ServersTestJSON:test_create_server_specify_multibyte_character_name): 200 GET http://10.180.1.21/compute/v2.1/servers/fcbe1142-72dc-4a02-af9b-e03a2031a247 0.053s
2025-03-10 17:48:14.542 70346 INFO tempest.lib.common.rest_client [req-f556b76b-bae4-4d9a-8404-a72712cf895c req-f556b76b-bae4-4d9a-8404-a72712cf895c ] Request (ServersTestBootFromVolume:setUpClass): 200 GET http://10.180.1.21/compute/v2.1/servers/af07ebd0-5f12-49c3-a518-95be9a8d6c82 0.047s
2025-03-10 17:48:14.586 70366 INFO tempest.lib.common.rest_client [req-2601c778-1a29-4975-8e69-1019d5b95987 req-2601c778-1a29-4975-8e69-1019d5b95987 ] Request (ServerActionsV293TestJSON:setUpClass): 200 GET http://10.180.1.21/compute/v2.1/servers/fc04a536-3a6f-4d3a-b0f1-68e9a1cee5e2 0.056s
2025-03-10 17:48:14.610 70342 INFO tempest.lib.common.rest_client [req-9f6ca350-f3a8-4671-9a0f-1dd4ef0416f8 req-9f6ca350-f3a8-4671-9a0f-1dd4ef0416f8 ] Request (ListServerFiltersTestJSON:tearDownClass): 200 GET http://10.180.1.21/compute/v2.1/servers/94a4a16e-926c-47ce-a5a7-0b216b7c5442 0.055s
2025-03-10 17:48:14.648 70360 INFO tempest.lib.common.rest_client [req-9808c0f4-4cec-402d-9d98-71e4d258e3ed req-9808c0f4-4cec-402d-9d98-71e4d258e3ed ] Request (ImagesNegativeTestJSON:test_create_image_from_deleted_server): 200 GET http://10.180.1.21/compute/v2.1/servers/b3d62400-e639-4c49-9207-64fd1e684f99 0.049s
2025-03-10 17:48:14.730 70332 INFO tempest.lib.common.rest_client [req-60c5d2bf-1201-4a5d-902a-f92a5f5b08d7 req-60c5d2bf-1201-4a5d-902a-f92a5f5b08d7 ] Request (ListServersNegativeTestJSON:setUpClass): 200 GET http://10.180.1.21/compute/v2.1/servers/40b1fbe3-bde8-4fe1-91ea-00a19e2b86a4 0.053s
2025-03-10 17:48:14.795 70318 INFO tempest.lib.common.rest_client [req-86e8f3ac-999b-49cc-9556-fa8de09e3352 req-86e8f3ac-999b-49cc-9556-fa8de09e3352 ] Request (InstanceActionsTestJSON:setUpClass): 200 GET http://10.180.1.21/compute/v2.1/servers/efa06ccc-be20-4d0e-938f-01c91ef4de8e 0.059s
