2025-03-10 17:47:10.361 70324 INFO tempest.lib.common.fixed_network [-] (DeleteServersTestJSON:test_delete_active_server) Found network {'id': 'ef950ccf-7246-4fba-b1d2-5829e51d7f7d', 'name': 'tempest-DeleteServersTestJSON-1093076994-network', 'tenant_id': '5b8716c4b7324052a3472734c655655a', 'admin_state_up': True, 'mtu': 8950, 'status': 'ACTIVE', 'subnets': [], 'shared': False, 'project_id': '5b8716c4b7324052a3472734c655655a', 'port_security_enabled': True, 'router:external': False, 'provider:network_type': 'vlan', 'provider:physical_network': 'default', 'provider:segmentation_id': 699, 'availability_zone_hints': [], 'availability_zones': [], 'ipv4_address_scope': None, 'ipv6_address_scope': None, 'description': '', 'tags': [], 'created_at': '2025-03-10T17:47:07Z', 'updated_at': '2025-03-10T17:47:07Z', 'revision_number': 1} available for tenant
2025-03-10 17:47:10.415 70346 INFO tempest.lib.common.rest_client [req-1c2b0716-ed26-4476-93b1-4849a6623815 req-1c2b0716-ed26-4476-93b1-4849a6623815 ] Request (ServersTestBootFromVolume:setUpClass): 200 GET http://10.180.1.21/volume/v3/volumes/fbb68063-47ce-447c-a9bc-94fbbe5c17f4 0.031s
2025-03-10 17:47:10.533 70358 INFO tempest.lib.common.rest_client [req-fdaad07d-3e5c-4a01-9f46-ecb1446ffb62 req-fdaad07d-3e5c-4a01-9f46-ecb1446ffb62 ] Request (ListImageFiltersTestJSON:setUpClass): 200 GET http://10.180.1.21/compute/v2.1/servers/a29534bf-ee12-4b94-839b-4a12659ebd3b 1.200s
2025-03-10 17:47:10.678 70372 INFO tempest.lib.common.rest_client [req-1db21a74-eeae-4887-abea-b7b8d620863a req-1db21a74-eeae-4887-abea-b7b8d620863a ] Request (ImagesOneServerTestJSON:tearDownClass): 204 DELETE http://10.180.1.21/compute/v2.1/images/2b0409f0-6588-4643-b677-dfab84d8e552 1.335s
2025-03-10 17:47:10.752 70374 INFO tempest.lib.common.rest_client [req-5089f658-eb1a-41e8-8fdb-b7176f64d401 req-5089f658-eb1a-41e8-8fdb-b7176f64d401 ] Request (ServerRescueNegativeTestJSON:setUpClass): 200 GET http://10.180.1.21/compute/v2.1/servers/a8813822-f77b-4b73-a6dc-e0eab83b0402 1.397s
2025-03-10 17:47:10.835 70320 INFO tempest.lib.common.rest_client [req-7605323e-96f4-4cca-8fc3-469874b8fa31 req-7605323e-96f4-4cca-8fc3-469874b8fa31 ] Request (ServersAdminTestJSON:test_create_server_with_scheduling_hint): 200 GET http://10.180.1.21/compute/v2.1/servers/bcb5131c-b2c6-4971-8a2e-4fcd7133442d 1.417s
2025-03-10 17:47:10.922 70354 INFO tempest.lib.common.rest_client [req-82c8d85b-211a-41a0-a9fe-fb57798ad817 req-82c8d85b-211a-41a0-a9fe-fb57798ad817 ] Request (ImagesTestJSON:_run_cleanups): 204 DELETE http://10.180.1.21/compute/v2.1/servers/9bab6bf7-43c8-4cc3-b484-4472f1acdf45 1.483s
2025-03-10 17:47:10.989 70338 INFO tempest.lib.common.rest_client [req-7747fddf-73b1-453b-a24d-f26948f1f897 req-7747fddf-73b1-453b-a24d-f26948f1f897 ] Request (ServerRescueTestJSON:test_rescue_unrescue_instance): 200 GET http://10.180.1.21/compute/v2.1/servers/97cb6372-3f4e-427d-9509-7e6c43aa2e7b 1.502s
2025-03-10 17:47:11.009 70354 INFO tempest.lib.common.rest_client [req-22d25070-74f4-417b-a252-e01dd836a266 req-22d25070-74f4-417b-a252-e01dd836a266 ] Request (ImagesTestJSON:test_create_image_from_suspended_server): 201 POST http://10.180.1.21/identity/v3/auth/tokens 0.082s
2025-03-10 17:47:11.009 70354 INFO tempest.lib.common.fixed_network [-] (ImagesTestJSON:test_create_image_from_suspended_server) Found network {'id': 'bea180e9-720e-4be5-bb1d-8aa1243cfe3f', 'name': 'tempest-ImagesTestJSON-67313604-network', 'tenant_id': '658cab8ee4194f7f98dd07de450f248b', 'admin_state_up': True, 'mtu': 8950, 'status': 'ACTIVE', 'subnets': [], 'shared': False, 'project_id': '658cab8ee4194f7f98dd07de450f248b', 'port_security_enabled': True, 'router:external': False, 'provider:network_type': 'vlan', 'provider:physical_network': 'default', 'provider:segmentation_id': 601, 'availability_zone_hints': [], 'availability_zones': [], 'ipv4_address_scope': None, 'ipv6_address_scope': None, 'description': '', 'tags': [], 'created_at': '2025-03-10T17:46:01Z', 'updated_at': '2025-03-10T17:46:01Z', 'revision_number': 1} available for tenant
2025-03-10 17:47:11.021 70345 INFO tempest.lib.common.rest_client [req-dad0ce59-7dcf-486a-87b6-368f272bb493 req-dad0ce59-7dcf-486a-87b6-368f272bb493 ] Request (VolumesSnapshotsTestJSON:test_volume_snapshot_create_get_list_delete): 200 GET http://10.180.1.21/compute/v2.1/os-snapshots/4a9a0ba8-da3e-4b6f-bb2a-b7e65e33acf6 1.450s
2025-03-10 17:47:11.047 70360 INFO tempest.lib.common.rest_client [req-63f1808a-4c75-47b2-81f1-29680f46376a req-63f1808a-4c75-47b2-81f1-29680f46376a ] Request (FloatingIPDetailsTestJSON:setUpClass): 200 POST http://10.180.1.21/compute/v2.1/os-floating-ips 1.764s
2025-03-10 17:47:11.435 70318 INFO tempest.lib.common.rest_client [req-86c05b0c-c02f-4670-a40b-36ae7e27093b req-86c05b0c-c02f-4670-a40b-36ae7e27093b ] Request (TenantUsagesTestJSON:setUpClass): 200 GET http://10.180.1.21/compute/v2.1/servers/1f9d0558-63fb-4a6f-a2d2-dd7a334249a2 1.763s
2025-03-10 17:47:11.449 70328 INFO tempest.lib.common.rest_client [req-6b5a0975-e100-4b4b-8a9f-ae4560cf5d5f req-6b5a0975-e100-4b4b-8a9f-ae4560cf5d5f ] Request (KeyPairsV22TestJSON:test_get_keypair_detail): 200 GET http://10.180.1.21/compute/v2.1/os-keypairs/tempest-keypair-1376887892 1.617s
2025-03-10 17:47:11.449 70318 INFO tempest.common.waiters [-] State transition "BUILD/block_device_mapping" ==> "BUILD/spawning" after 43 second wait
2025-03-10 17:47:11.479 70346 INFO tempest.lib.common.rest_client [req-5b36c3cb-947a-4fab-9481-c55795c57744 req-5b36c3cb-947a-4fab-9481-c55795c57744 ] Request (ServersTestBootFromVolume:setUpClass): 200 GET http://10.180.1.21/volume/v3/volumes/fbb68063-47ce-447c-a9bc-94fbbe5c17f4 0.055s
2025-03-10 17:47:11.479 70314 INFO tempest.lib.common.rest_client [req-12a0c456-bb56-4836-89cf-97ec24761354 req-12a0c456-bb56-4836-89cf-97ec24761354 ] Request (ServerDiskConfigTestJSON:test_rebuild_server_with_auto_disk_config): 200 GET http://10.180.1.21/compute/v2.1/servers/00b2fd0b-7841-448d-82cf-436aa8d80cda 1.814s
2025-03-10 17:47:11.519 70368 INFO tempest.lib.common.rest_client [req-175bf98f-e226-40e0-8014-8379a6657971 req-175bf98f-e226-40e0-8014-8379a6657971 ] Request (ServersTestJSON:setUpClass): 200 GET http://10.180.1.21/compute/v2.1/servers/e0b5ad16-f631-444c-a189-167e34574316 1.666s
2025-03-10 17:47:11.576 70362 INFO tempest.lib.common.rest_client [req-eb5a52bc-48e1-4bd1-96cf-0d95bf7fb492 req-eb5a52bc-48e1-4bd1-96cf-0d95bf7fb492 ] Request (AttachInterfacesUnderV243Test:test_add_remove_fixed_ip): 200 GET http://10.180.1.21/compute/v2.1/servers/30eada4d-fdc1-4e54-99d2-d35bbb3fcbe6 1.299s
2025-03-10 17:47:11.597 70322 INFO tempest.lib.common.rest_client [req-c8696d58-d0a6-4405-9331-9ca1159c0d00 req-c8696d58-d0a6-4405-9331-9ca1159c0d00 ] Request (ServicesAdminNegativeTestJSON:test_get_service_with_valid_service_and_invalid_host): 200 GET http://10.180.1.21/compute/v2.1/os-services?host=xxx&binary=nova-scheduler 1.290s
2025-03-10 17:47:11.610 70364 INFO tempest.lib.common.rest_client [req-bb26a9b3-58cd-4e5f-8429-46373f485448 req-bb26a9b3-58cd-4e5f-8429-46373f485448 ] Request (FloatingIPsAssociationTestJSON:test_associate_already_associated_floating_ip): 200 GET http://10.180.1.21/compute/v2.1/servers/bf75484e-4020-48f7-9419-bd88d0462b90 1.452s
2025-03-10 17:47:11.713 70370 INFO tempest.lib.common.rest_client [req-5ebb0338-147f-4344-afc6-20eefbe91005 req-5ebb0338-147f-4344-afc6-20eefbe91005 ] Request (MigrationsAdminTest:test_list_migrations_in_flavor_resize_situation): 200 GET http://10.180.1.21/compute/v2.1/servers/1d436762-964d-40d9-871e-ee33c3ba25b5 1.252s
2025-03-10 17:47:11.732 70372 INFO tempest.lib.common.rest_client [req-3bb6504f-4a5b-4819-840f-9f093d474318 req-3bb6504f-4a5b-4819-840f-9f093d474318 ] Request (ImagesOneServerTestJSON:tearDownClass): 404 DELETE http://10.180.1.21/compute/v2.1/images/572b940e-a598-4231-8a23-19c3b913cf9c 1.053s
2025-03-10 17:47:11.795 70366 INFO tempest.lib.common.rest_client [req-0565b842-3510-4036-8462-161e14f29bcb req-0565b842-3510-4036-8462-161e14f29bcb ] Request (ServerActionsV293TestJSON:setUpClass): 200 GET http://10.180.1.21/compute/v2.1/servers/fc04a536-3a6f-4d3a-b0f1-68e9a1cee5e2 1.113s
2025-03-10 17:47:11.858 70334 INFO tempest.lib.common.rest_client [req-db4b231e-ef97-4fcd-8f33-420af8747d87 req-db4b231e-ef97-4fcd-8f33-420af8747d87 ] Request (DeleteServersAdminTestJSON:test_delete_server_while_in_error_state): 200 GET http://10.180.1.21/compute/v2.1/servers/c205f559-7fe6-4d7e-beba-2fc96b89d705 1.106s
2025-03-10 17:47:11.936 70330 INFO tempest.lib.common.rest_client [req-f7776e5a-251b-4cf6-92e3-40287bcf3494 req-f7776e5a-251b-4cf6-92e3-40287bcf3494 ] Request (ServerGroupTestJSON:test_create_server_with_scheduler_hint_group): 200 GET http://10.180.1.21/compute/v2.1/servers/ab3df643-58db-45b7-a572-9c040135989d 1.118s
2025-03-10 17:47:11.944 70330 INFO tempest.common.waiters [-] State transition "BUILD/None" ==> "BUILD/networking" after 38 second wait
2025-03-10 17:47:12.014 70332 INFO tempest.lib.common.rest_client [req-932d6ad0-100f-459d-a688-9d64de260d9b req-932d6ad0-100f-459d-a688-9d64de260d9b ] Request (ListServersNegativeTestJSON:setUpClass): 200 GET http://10.180.1.21/compute/v2.1/servers/40b1fbe3-bde8-4fe1-91ea-00a19e2b86a4 1.103s
2025-03-10 17:47:12.067 70324 INFO tempest.lib.common.rest_client [req-19c45c8c-dd01-40d7-a1cc-6521c097ae01 req-19c45c8c-dd01-40d7-a1cc-6521c097ae01 ] Request (DeleteServersTestJSON:test_delete_active_server): 202 POST http://10.180.1.21/compute/v2.1/servers 1.705s
2025-03-10 17:47:12.084 70376 INFO tempest.lib.common.rest_client [req-d1bdf5d7-fff7-4c41-9696-10c375370004 req-d1bdf5d7-fff7-4c41-9696-10c375370004 ] Request (ServerActionsTestOtherB:setUpClass): 200 GET http://10.180.1.21/compute/v2.1/servers/a7f01cd7-f148-48fc-a71a-5461672d6039 1.120s
2025-03-10 17:47:12.118 70345 INFO tempest.lib.common.rest_client [req-3f82f95f-db81-4d67-a44c-bf310f50a891 req-3f82f95f-db81-4d67-a44c-bf310f50a891 ] Request (VolumesSnapshotsTestJSON:test_volume_snapshot_create_get_list_delete): 200 GET http://10.180.1.21/compute/v2.1/os-snapshots 1.095s
2025-03-10 17:47:12.198 70316 INFO tempest.lib.common.rest_client [req-6b490aeb-07c3-4ece-95d2-a55e5d6e78b2 req-6b490aeb-07c3-4ece-95d2-a55e5d6e78b2 ] Request (AttachVolumeShelveTestJSON:test_attach_volume_shelved_or_offload_server): 200 GET http://10.180.1.21/compute/v2.1/servers/dd31269e-716c-44cd-9fc3-ce227fe5b3b2 1.165s
2025-03-10 17:47:12.522 70346 INFO tempest.lib.common.rest_client [req-f5b75be9-a431-4d11-a6a6-67397a30eaba req-f5b75be9-a431-4d11-a6a6-67397a30eaba ] Request (ServersTestBootFromVolume:setUpClass): 200 GET http://10.180.1.21/volume/v3/volumes/fbb68063-47ce-447c-a9bc-94fbbe5c17f4 0.033s
2025-03-10 17:47:12.655 70354 INFO tempest.lib.common.rest_client [req-551b4963-345c-4e33-9aef-a74d64c230f5 req-551b4963-345c-4e33-9aef-a74d64c230f5 ] Request (ImagesTestJSON:test_create_image_from_suspended_server): 202 POST http://10.180.1.21/compute/v2.1/servers 1.645s
2025-03-10 17:47:12.736 70326 INFO tempest.lib.common.rest_client [req-e2c47d98-abee-4907-b458-2cd4cbf553c9 req-e2c47d98-abee-4907-b458-2cd4cbf553c9 ] Request (ServerDiagnosticsNegativeTest:tearDownClass): 200 GET http://10.180.1.21/compute/v2.1/servers/c1d73002-6e69-41a6-95b3-34dccaf872ef 1.639s
2025-03-10 17:47:12.801 70342 INFO tempest.lib.common.rest_client [req-59461e1e-55b2-4c35-907d-dec990ab693a req-59461e1e-55b2-4c35-907d-dec990ab693a ] Request (ListServerFiltersTestJSON:setUpClass): 200 GET http://10.180.1.21/compute/v2.1/servers/94a4a16e-926c-47ce-a5a7-0b216b7c5442 1.615s
2025-03-10 17:47:12.824 70328 INFO tempest.lib.common.rest_client [req-c4515647-4fc3-4e27-9af3-9c38e0d754ce req-c4515647-4fc3-4e27-9af3-9c38e0d754ce ] Request (KeyPairsV22TestJSON:_run_cleanups): 204 DELETE http://10.180.1.21/compute/v2.1/os-keypairs/tempest-keypair-1376887892 1.370s
2025-03-10 17:47:13.015 70358 INFO tempest.lib.common.rest_client [req-94832b33-9185-4134-ab74-80ed679fb213 req-94832b33-9185-4134-ab74-80ed679fb213 ] Request (ListImageFiltersTestJSON:setUpClass): 200 GET http://10.180.1.21/compute/v2.1/servers/a29534bf-ee12-4b94-839b-4a12659ebd3b 1.468s
2025-03-10 17:47:13.023 70358 INFO tempest.common.waiters [-] State transition "BUILD/spawning" ==> "ACTIVE/None" after 47 second wait
2025-03-10 17:47:13.105 70322 INFO tempest.lib.common.rest_client [req-7e64c0a4-d3e1-4486-bb6c-caac01209535 req-7e64c0a4-d3e1-4486-bb6c-caac01209535 ] Request (ServicesAdminNegativeTestJSON:test_list_services_with_non_admin_user): 403 GET http://10.180.1.21/compute/v2.1/os-services 1.505s
2025-03-10 17:47:13.189 70372 INFO tempest.lib.common.rest_client [req-676dd989-87a6-4696-8b65-b164bdfbb2ed req-676dd989-87a6-4696-8b65-b164bdfbb2ed ] Request (ImagesOneServerTestJSON:tearDownClass): 204 DELETE http://10.180.1.21/compute/v2.1/servers/1d5722e1-5a48-4212-bbc7-527a3739db6e 1.457s
2025-03-10 17:47:13.203 70360 INFO tempest.lib.common.rest_client [req-1674c85e-b68e-4b7a-8869-41458732bb12 req-1674c85e-b68e-4b7a-8869-41458732bb12 ] Request (FloatingIPDetailsTestJSON:test_get_floating_ip_details): 200 POST http://10.180.1.21/compute/v2.1/os-floating-ips 2.153s
2025-03-10 17:47:13.225 70322 INFO tempest.lib.common.rest_client [req-cf34e3a6-b3eb-4e42-b1a3-9ecf9581d4fe req-cf34e3a6-b3eb-4e42-b1a3-9ecf9581d4fe ] Request (ServicesAdminNegativeTestJSON:tearDownClass): 204 DELETE http://10.180.1.21/identity/v3/users/790fcf36d5c2416cbad0672160121fda 0.115s
2025-03-10 17:47:13.240 70374 INFO tempest.lib.common.rest_client [req-152f1cb3-1392-4542-ad5e-8b8b132845e7 req-152f1cb3-1392-4542-ad5e-8b8b132845e7 ] Request (ServerRescueNegativeTestJSON:setUpClass): 200 GET http://10.180.1.21/compute/v2.1/servers/a8813822-f77b-4b73-a6dc-e0eab83b0402 1.476s
2025-03-10 17:47:13.247 70374 INFO tempest.common.waiters [-] State transition "BUILD/scheduling" ==> "BUILD/None" after 26 second wait
2025-03-10 17:47:13.259 70320 INFO tempest.lib.common.rest_client [req-2fc28ff5-61d2-4dbc-8012-949375585663 req-2fc28ff5-61d2-4dbc-8012-949375585663 ] Request (ServersAdminTestJSON:test_create_server_with_scheduling_hint): 200 GET http://10.180.1.21/compute/v2.1/servers/bcb5131c-b2c6-4971-8a2e-4fcd7133442d 1.413s
2025-03-10 17:47:13.292 70338 INFO tempest.lib.common.rest_client [req-b2393931-2bcb-4aae-99e0-f990750d3829 req-b2393931-2bcb-4aae-99e0-f990750d3829 ] Request (ServerRescueTestJSON:test_rescue_unrescue_instance): 200 GET http://10.180.1.21/compute/v2.1/servers/97cb6372-3f4e-427d-9509-7e6c43aa2e7b 1.291s
2025-03-10 17:47:13.322 70324 INFO tempest.lib.common.rest_client [req-58e5edf9-b6c9-47df-87a6-21565b02157b req-58e5edf9-b6c9-47df-87a6-21565b02157b ] Request (DeleteServersTestJSON:test_delete_active_server): 200 GET http://10.180.1.21/compute/v2.1/servers/62936d27-5405-4d29-b3ff-c4d8a74ba440 1.252s
2025-03-10 17:47:13.339 70322 INFO tempest.lib.common.rest_client [req-dde50d0f-8854-457e-b458-ddf520bbfe2f req-dde50d0f-8854-457e-b458-ddf520bbfe2f ] Request (ServicesAdminNegativeTestJSON:tearDownClass): 204 DELETE http://10.180.1.21/identity/v3/users/457e0921d8794d3b9e8ee38f882468aa 0.113s
2025-03-10 17:47:13.339 70322 INFO tempest.lib.common.dynamic_creds [-] Deleting project and security group for project: 73c587641d214bc2ac4eea9882cfc6b4
2025-03-10 17:47:13.352 70345 INFO tempest.lib.common.rest_client [req-d0d13110-95c1-40f9-9c9e-5681f286f86b req-d0d13110-95c1-40f9-9c9e-5681f286f86b ] Request (VolumesSnapshotsTestJSON:_run_cleanups): 200 GET http://10.180.1.21/compute/v2.1/os-snapshots/4a9a0ba8-da3e-4b6f-bb2a-b7e65e33acf6 1.232s
2025-03-10 17:47:13.354 70345 INFO tempest.common.waiters [-] snapshot 4a9a0ba8-da3e-4b6f-bb2a-b7e65e33acf6 reached available after waiting for 0.354144 seconds
2025-03-10 17:47:13.410 70322 INFO tempest.lib.common.rest_client [req-acd0357d-c598-406c-a1e1-1ff8bf21a68e req-acd0357d-c598-406c-a1e1-1ff8bf21a68e ] Request (ServicesAdminNegativeTestJSON:tearDownClass): 201 POST http://10.180.1.21/identity/v3/auth/tokens 0.070s
2025-03-10 17:47:13.456 70318 INFO tempest.lib.common.rest_client [req-bade272b-880c-40ed-a8a5-a8ab6f1d7ea0 req-bade272b-880c-40ed-a8a5-a8ab6f1d7ea0 ] Request (TenantUsagesTestJSON:setUpClass): 200 GET http://10.180.1.21/compute/v2.1/servers/1f9d0558-63fb-4a6f-a2d2-dd7a334249a2 1.006s
2025-03-10 17:47:13.468 70314 INFO tempest.lib.common.rest_client [req-a4a79f3c-fb4b-4404-a276-486aaf1290ef req-a4a79f3c-fb4b-4404-a276-486aaf1290ef ] Request (ServerDiskConfigTestJSON:test_rebuild_server_with_auto_disk_config): 200 GET http://10.180.1.21/compute/v2.1/servers/00b2fd0b-7841-448d-82cf-436aa8d80cda 0.977s
2025-03-10 17:47:13.475 70314 INFO tempest.common.waiters [-] State transition "REBUILD/rebuilding" ==> "REBUILD/rebuild_block_device_mapping" after 2 second wait
2025-03-10 17:47:13.516 70368 INFO tempest.lib.common.rest_client [req-506e368f-e9e4-4629-b41b-a344dc725273 req-506e368f-e9e4-4629-b41b-a344dc725273 ] Request (ServersTestJSON:setUpClass): 200 GET http://10.180.1.21/compute/v2.1/servers/e0b5ad16-f631-444c-a189-167e34574316 0.979s
2025-03-10 17:47:13.519 70362 INFO tempest.lib.common.rest_client [req-57726a0c-b762-4f5f-90a4-e64bc9f58ef1 req-57726a0c-b762-4f5f-90a4-e64bc9f58ef1 ] Request (AttachInterfacesUnderV243Test:test_add_remove_fixed_ip): 200 GET http://10.180.1.21/compute/v2.1/servers/30eada4d-fdc1-4e54-99d2-d35bbb3fcbe6 0.935s
2025-03-10 17:47:13.564 70346 INFO tempest.lib.common.rest_client [req-f18c3391-a438-43c5-a332-d34a143fef5a req-f18c3391-a438-43c5-a332-d34a143fef5a ] Request (ServersTestBootFromVolume:setUpClass): 200 GET http://10.180.1.21/volume/v3/volumes/fbb68063-47ce-447c-a9bc-94fbbe5c17f4 0.031s
2025-03-10 17:47:13.579 70354 INFO tempest.lib.common.rest_client [req-b1e25cb6-6f65-4d81-ad16-4382ca8335e7 req-b1e25cb6-6f65-4d81-ad16-4382ca8335e7 ] Request (ImagesTestJSON:test_create_image_from_suspended_server): 200 GET http://10.180.1.21/compute/v2.1/servers/2b1a0943-d59a-441d-a2e6-8149106803b6 0.922s
2025-03-10 17:47:13.589 70322 INFO tempest.lib.common.rest_client [req-3eef9df7-2ef1-4caa-8510-b274c534e86e req-3eef9df7-2ef1-4caa-8510-b274c534e86e ] Request (ServicesAdminNegativeTestJSON:tearDownClass): 200 GET http://10.180.1.21:9696/networking/v2.0/security-groups?tenant_id=73c587641d214bc2ac4eea9882cfc6b4&name=default 0.179s
2025-03-10 17:47:13.657 70364 INFO tempest.lib.common.rest_client [req-a24726b7-2e00-4570-bea4-49ca74b025a2 req-a24726b7-2e00-4570-bea4-49ca74b025a2 ] Request (FloatingIPsAssociationTestJSON:test_associate_already_associated_floating_ip): 200 GET http://10.180.1.21/compute/v2.1/servers/bf75484e-4020-48f7-9419-bd88d0462b90 1.039s
2025-03-10 17:47:13.668 70364 INFO tempest.common.waiters [-] State transition "BUILD/spawning" ==> "ACTIVE/None" after 47 second wait
2025-03-10 17:47:13.732 70366 INFO tempest.lib.common.rest_client [req-cae5d12a-cf43-4b47-afe6-21451f3d5abd req-cae5d12a-cf43-4b47-afe6-21451f3d5abd ] Request (ServerActionsV293TestJSON:setUpClass): 200 GET http://10.180.1.21/compute/v2.1/servers/fc04a536-3a6f-4d3a-b0f1-68e9a1cee5e2 0.922s
2025-03-10 17:47:13.739 70370 INFO tempest.lib.common.rest_client [req-da14f3ac-d086-42c1-950e-de3ae6b186ed req-da14f3ac-d086-42c1-950e-de3ae6b186ed ] Request (MigrationsAdminTest:test_list_migrations_in_flavor_resize_situation): 200 GET http://10.180.1.21/compute/v2.1/servers/1d436762-964d-40d9-871e-ee33c3ba25b5 1.015s
2025-03-10 17:47:13.755 70322 INFO tempest.lib.common.rest_client [req-f22b7158-62be-4ef8-9d17-68f5a362b5f2 req-f22b7158-62be-4ef8-9d17-68f5a362b5f2 ] Request (ServicesAdminNegativeTestJSON:tearDownClass): 204 DELETE http://10.180.1.21:9696/networking/v2.0/security-groups/d6bf678c-fe75-4ce8-90ae-8f7108db2927 0.165s
2025-03-10 17:47:13.761 70328 INFO tempest.lib.common.rest_client [req-8fb1ac94-6bc7-453d-b203-a603621b11ab req-8fb1ac94-6bc7-453d-b203-a603621b11ab ] Request (KeyPairsV22TestJSON:test_keypair_create_delete): 201 POST http://10.180.1.21/compute/v2.1/os-keypairs 0.936s
2025-03-10 17:47:13.785 70334 INFO tempest.lib.common.rest_client [req-ac92e780-20cc-4fcb-9c46-acd3fcd14d0e req-ac92e780-20cc-4fcb-9c46-acd3fcd14d0e ] Request (DeleteServersAdminTestJSON:test_delete_server_while_in_error_state): 200 GET http://10.180.1.21/compute/v2.1/servers/c205f559-7fe6-4d7e-beba-2fc96b89d705 0.915s
2025-03-10 17:47:13.842 70322 INFO tempest.lib.common.rest_client [req-0d5ed67b-0c88-43b8-881b-0285ea63a9ea req-0d5ed67b-0c88-43b8-881b-0285ea63a9ea ] Request (ServicesAdminNegativeTestJSON:tearDownClass): 204 DELETE http://10.180.1.21/identity/v3/projects/73c587641d214bc2ac4eea9882cfc6b4 0.087s
2025-03-10 17:47:13.842 70322 INFO tempest.lib.common.dynamic_creds [-] Deleting project and security group for project: 6c9d1a5eb11347f68ba13f01bc31ff36
2025-03-10 17:47:13.927 70330 INFO tempest.lib.common.rest_client [req-c43bb770-24bc-4010-8358-3a8b60214a54 req-c43bb770-24bc-4010-8358-3a8b60214a54 ] Request (ServerGroupTestJSON:test_create_server_with_scheduler_hint_group): 200 GET http://10.180.1.21/compute/v2.1/servers/ab3df643-58db-45b7-a572-9c040135989d 0.982s
2025-03-10 17:47:13.936 70330 INFO tempest.common.waiters [-] State transition "BUILD/networking" ==> "BUILD/spawning" after 40 second wait
2025-03-10 17:47:13.940 70358 INFO tempest.lib.common.rest_client [req-21509961-d18f-4969-903e-e4a22b860d06 req-21509961-d18f-4969-903e-e4a22b860d06 ] Request (ListImageFiltersTestJSON:setUpClass): 200 GET http://10.180.1.21/compute/v2.1/servers/73e41918-88b8-4ff7-9fdd-b45ac97c80ec 0.916s
2025-03-10 17:47:13.986 70332 INFO tempest.lib.common.rest_client [req-7c917a38-f5da-4b91-83ee-ecb6cbc92d08 req-7c917a38-f5da-4b91-83ee-ecb6cbc92d08 ] Request (ListServersNegativeTestJSON:setUpClass): 200 GET http://10.180.1.21/compute/v2.1/servers/40b1fbe3-bde8-4fe1-91ea-00a19e2b86a4 0.959s
2025-03-10 17:47:14.007 70376 INFO tempest.lib.common.rest_client [req-7f220924-77b3-40ca-8acb-80162f28472e req-7f220924-77b3-40ca-8acb-80162f28472e ] Request (ServerActionsTestOtherB:setUpClass): 200 GET http://10.180.1.21/compute/v2.1/servers/a7f01cd7-f148-48fc-a71a-5461672d6039 0.914s
2025-03-10 17:47:14.010 70322 INFO tempest.lib.common.rest_client [req-b5bceb26-e9c1-44f3-977d-0983898ce149 req-b5bceb26-e9c1-44f3-977d-0983898ce149 ] Request (ServicesAdminNegativeTestJSON:tearDownClass): 200 GET http://10.180.1.21:9696/networking/v2.0/security-groups?tenant_id=6c9d1a5eb11347f68ba13f01bc31ff36&name=default 0.167s
2025-03-10 17:47:14.075 70348 WARNING tempest.lib.common.ssh [-] Failed to establish authenticated ssh connection to cirros@10.180.180.238 ([Errno None] Unable to connect to port 22 on 10.180.180.238). Number attempts: 5. Retry after 6 seconds.: paramiko.ssh_exception.NoValidConnectionsError: [Errno None] Unable to connect to port 22 on 10.180.180.238
2025-03-10 17:47:14.160 70360 INFO tempest.lib.common.rest_client [req-00cac07b-63f6-4490-9c7a-7c2a3a1bf232 req-00cac07b-63f6-4490-9c7a-7c2a3a1bf232 ] Request (FloatingIPDetailsTestJSON:test_get_floating_ip_details): 200 GET http://10.180.1.21/compute/v2.1/os-floating-ips/572822b6-6356-43c2-9b23-48a895e6a6bf 0.953s
2025-03-10 17:47:14.176 70372 INFO tempest.lib.common.rest_client [req-e7194bdf-5bda-42a7-937a-e093a6fea37c req-e7194bdf-5bda-42a7-937a-e093a6fea37c ] Request (ImagesOneServerTestJSON:tearDownClass): 200 GET http://10.180.1.21/compute/v2.1/servers/1d5722e1-5a48-4212-bbc7-527a3739db6e 0.986s
2025-03-10 17:47:14.230 70345 INFO tempest.lib.common.rest_client [req-58c29220-8243-419a-bd8f-5ba7687b54d1 req-58c29220-8243-419a-bd8f-5ba7687b54d1 ] Request (VolumesSnapshotsTestJSON:_run_cleanups): 202 DELETE http://10.180.1.21/compute/v2.1/os-snapshots/4a9a0ba8-da3e-4b6f-bb2a-b7e65e33acf6 0.876s
2025-03-10 17:47:14.251 70322 INFO tempest.lib.common.rest_client [req-f502fddc-5be6-4644-a1b9-c9f0e320573d req-f502fddc-5be6-4644-a1b9-c9f0e320573d ] Request (ServicesAdminNegativeTestJSON:tearDownClass): 204 DELETE http://10.180.1.21:9696/networking/v2.0/security-groups/b6dc04e3-e8fe-417d-bc7e-d502ed70c630 0.241s
2025-03-10 17:47:14.256 70316 INFO tempest.lib.common.rest_client [req-aa5a7028-f671-435e-b977-36aedf1a426d req-aa5a7028-f671-435e-b977-36aedf1a426d ] Request (AttachVolumeShelveTestJSON:test_attach_volume_shelved_or_offload_server): 200 GET http://10.180.1.21/compute/v2.1/servers/dd31269e-716c-44cd-9fc3-ce227fe5b3b2 1.047s
2025-03-10 17:47:14.344 70326 INFO tempest.lib.common.rest_client [req-a568c80b-87d1-4bf4-88db-a696a6695488 req-a568c80b-87d1-4bf4-88db-a696a6695488 ] Request (ServerDiagnosticsNegativeTest:tearDownClass): 200 GET http://10.180.1.21/compute/v2.1/servers/c1d73002-6e69-41a6-95b3-34dccaf872ef 0.593s
2025-03-10 17:47:14.373 70328 INFO tempest.lib.common.rest_client [req-28c357e5-aa5e-4fd0-9ba2-68fedcec360f req-28c357e5-aa5e-4fd0-9ba2-68fedcec360f ] Request (KeyPairsV22TestJSON:_run_cleanups): 204 DELETE http://10.180.1.21/compute/v2.1/os-keypairs/tempest-keypair-1480814275 0.610s
2025-03-10 17:47:14.379 70322 INFO tempest.lib.common.rest_client [req-f332ebef-b064-41b1-8190-5bb3d278a9bb req-f332ebef-b064-41b1-8190-5bb3d278a9bb ] Request (ServicesAdminNegativeTestJSON:tearDownClass): 204 DELETE http://10.180.1.21/identity/v3/projects/6c9d1a5eb11347f68ba13f01bc31ff36 0.127s
2025-03-10 17:47:14.449 70322 INFO tempest.lib.common.rest_client [req-6f4d805a-4f4a-4370-8f68-9c3c2551f90d req-6f4d805a-4f4a-4370-8f68-9c3c2551f90d ] Request (KeyPairsV2TestJSON:setUpClass): 201 POST http://10.180.1.21/identity/v3/auth/tokens 0.068s
2025-03-10 17:47:14.456 70342 INFO tempest.lib.common.rest_client [req-bce85a6d-4207-45ba-acf6-b3f7762f3ed1 req-bce85a6d-4207-45ba-acf6-b3f7762f3ed1 ] Request (ListServerFiltersTestJSON:setUpClass): 200 GET http://10.180.1.21/compute/v2.1/servers/94a4a16e-926c-47ce-a5a7-0b216b7c5442 0.646s
2025-03-10 17:47:14.482 70322 INFO tempest.lib.common.rest_client [req-53a387fc-c9d6-41a4-b6bb-6159a1278c48 req-53a387fc-c9d6-41a4-b6bb-6159a1278c48 ] Request (KeyPairsV2TestJSON:setUpClass): 201 POST http://10.180.1.21/identity/v3/auth/tokens 0.029s
2025-03-10 17:47:14.511 70322 INFO tempest.lib.common.rest_client [req-1e6270b8-2cbf-4d5b-824a-c43f9917eb4b req-1e6270b8-2cbf-4d5b-824a-c43f9917eb4b ] Request (KeyPairsV2TestJSON:setUpClass): 200 GET http://10.180.1.21/identity/v3/domains?name=Default 0.029s
2025-03-10 17:47:14.544 70322 INFO tempest.lib.common.rest_client [req-3e05d185-9141-49dd-a466-3819bb56f2aa req-3e05d185-9141-49dd-a466-3819bb56f2aa ] Request (KeyPairsV2TestJSON:setUpClass): 201 POST http://10.180.1.21/identity/v3/projects 0.032s
2025-03-10 17:47:14.611 70346 INFO tempest.lib.common.rest_client [req-c830a1ea-e034-4686-b894-b0a4016d98a6 req-c830a1ea-e034-4686-b894-b0a4016d98a6 ] Request (ServersTestBootFromVolume:setUpClass): 200 GET http://10.180.1.21/volume/v3/volumes/fbb68063-47ce-447c-a9bc-94fbbe5c17f4 0.033s
2025-03-10 17:47:14.620 70322 INFO tempest.lib.common.rest_client [req-3f78dead-3c2c-4025-bba5-9392a66ed148 req-3f78dead-3c2c-4025-bba5-9392a66ed148 ] Request (KeyPairsV2TestJSON:setUpClass): 201 POST http://10.180.1.21/identity/v3/users 0.075s
2025-03-10 17:47:14.647 70322 INFO tempest.lib.common.rest_client [req-f6b7c000-fe6b-4173-91b4-df3b141d5aac req-f6b7c000-fe6b-4173-91b4-df3b141d5aac ] Request (KeyPairsV2TestJSON:setUpClass): 200 GET http://10.180.1.21/identity/v3/roles 0.026s
2025-03-10 17:47:14.681 70322 INFO tempest.lib.common.rest_client [req-00b0b491-3bae-42e8-9f5c-a55a20f79be0 req-00b0b491-3bae-42e8-9f5c-a55a20f79be0 ] Request (KeyPairsV2TestJSON:setUpClass): 204 PUT http://10.180.1.21/identity/v3/projects/9e6d4b31773c4199b72d48f139f79138/users/b539abb8a1724a9f83f92d258c751d48/roles/c084b02551ab46faa35f78e74671cf6e 0.034s
2025-03-10 17:47:14.682 70322 INFO tempest.lib.common.dynamic_creds [-] Dynamic test user b539abb8a1724a9f83f92d258c751d48 is created with scope project and roles: ['member']
2025-03-10 17:47:14.683 70322 INFO tempest.lib.common.dynamic_creds [-] Acquired dynamic creds: credentials: Credentials: {'domain_id': 'default', 'domain_name': 'Default', 'username': 'tempest-KeyPairsV2TestJSON-1433789761-project-member', 'project_domain_id': 'default', 'project_domain_name': 'Default', 'project_id': '9e6d4b31773c4199b72d48f139f79138', 'project_name': 'tempest-KeyPairsV2TestJSON-1433789761', 'tenant_id': '9e6d4b31773c4199b72d48f139f79138', 'tenant_name': 'tempest-KeyPairsV2TestJSON-1433789761', 'user_domain_id': 'default', 'user_domain_name': 'Default', 'user_id': 'b539abb8a1724a9f83f92d258c751d48', 'system': None}, Network: None, Subnet: None, Router: None
2025-03-10 17:47:14.683 70322 INFO tempest.lib.common.dynamic_creds [-] Created isolated network resources for: credentials: Credentials: {'domain_id': 'default', 'domain_name': 'Default', 'username': 'tempest-KeyPairsV2TestJSON-1433789761-project-member', 'project_domain_id': 'default', 'project_domain_name': 'Default', 'project_id': '9e6d4b31773c4199b72d48f139f79138', 'project_name': 'tempest-KeyPairsV2TestJSON-1433789761', 'tenant_id': '9e6d4b31773c4199b72d48f139f79138', 'tenant_name': 'tempest-KeyPairsV2TestJSON-1433789761', 'user_domain_id': 'default', 'user_domain_name': 'Default', 'user_id': 'b539abb8a1724a9f83f92d258c751d48', 'system': None}, Network: None, Subnet: None, Router: None
2025-03-10 17:47:14.765 70322 INFO tempest.lib.common.rest_client [req-a9ff2efc-a560-4450-b696-199b0d4f1cad req-a9ff2efc-a560-4450-b696-199b0d4f1cad ] Request (KeyPairsV2TestJSON:setUpClass): 201 POST http://10.180.1.21/identity/v3/auth/tokens 0.079s
2025-03-10 17:47:14.950 70358 INFO tempest.lib.common.rest_client [req-82b6b682-565d-439b-a5a4-cee3a956b644 req-82b6b682-565d-439b-a5a4-cee3a956b644 ] Request (ListImageFiltersTestJSON:setUpClass): 202 POST http://10.180.1.21/compute/v2.1/servers/73e41918-88b8-4ff7-9fdd-b45ac97c80ec/action 1.002s
2025-03-10 17:47:15.353 70356 WARNING tempest.lib.common.ssh [-] Failed to establish authenticated ssh connection to cirros@10.180.180.171 ([Errno None] Unable to connect to port 22 on 10.180.180.171). Number attempts: 8. Retry after 9 seconds.: paramiko.ssh_exception.NoValidConnectionsError: [Errno None] Unable to connect to port 22 on 10.180.180.171
2025-03-10 17:47:15.364 70364 INFO tempest.lib.common.rest_client [req-ab9f25d0-9463-46fb-ad00-6cdfe32f9970 req-ab9f25d0-9463-46fb-ad00-6cdfe32f9970 ] Request (FloatingIPsAssociationTestJSON:test_associate_already_associated_floating_ip): 202 POST http://10.180.1.21/compute/v2.1/servers/ee4c0f2b-44cb-4b37-8e4a-5706b9932144/action 1.695s
2025-03-10 17:47:15.386 70345 INFO tempest.lib.common.rest_client [req-1e7728ab-1153-4331-8bd3-fcfe46975899 req-1e7728ab-1153-4331-8bd3-fcfe46975899 ] Request (VolumesSnapshotsTestJSON:_run_cleanups): 404 GET http://10.180.1.21/compute/v2.1/os-snapshots/4a9a0ba8-da3e-4b6f-bb2a-b7e65e33acf6 1.155s
2025-03-10 17:47:15.451 70374 INFO tempest.lib.common.rest_client [req-99474e94-d9a6-46d6-bb1a-d4ca8de2fe8b req-99474e94-d9a6-46d6-bb1a-d4ca8de2fe8b ] Request (ServerRescueNegativeTestJSON:setUpClass): 200 GET http://10.180.1.21/compute/v2.1/servers/a8813822-f77b-4b73-a6dc-e0eab83b0402 1.200s
2025-03-10 17:47:15.470 70360 INFO tempest.lib.common.rest_client [req-d04b720c-7d25-4b64-8822-4f9d9efdcaae req-d04b720c-7d25-4b64-8822-4f9d9efdcaae ] Request (FloatingIPDetailsTestJSON:_run_cleanups): 202 DELETE http://10.180.1.21/compute/v2.1/os-floating-ips/572822b6-6356-43c2-9b23-48a895e6a6bf 1.308s
2025-03-10 17:47:15.521 70320 INFO tempest.lib.common.rest_client [req-c423b03f-1ad8-44a0-9471-18a21a1290c6 req-c423b03f-1ad8-44a0-9471-18a21a1290c6 ] Request (ServersAdminTestJSON:test_create_server_with_scheduling_hint): 200 GET http://10.180.1.21/compute/v2.1/servers/bcb5131c-b2c6-4971-8a2e-4fcd7133442d 1.255s
2025-03-10 17:47:15.553 70338 INFO tempest.lib.common.rest_client [req-bae3ae76-e822-4791-961a-5f5e38b270a7 req-bae3ae76-e822-4791-961a-5f5e38b270a7 ] Request (ServerRescueTestJSON:test_rescue_unrescue_instance): 200 GET http://10.180.1.21/compute/v2.1/servers/97cb6372-3f4e-427d-9509-7e6c43aa2e7b 1.250s
2025-03-10 17:47:15.581 70324 INFO tempest.lib.common.rest_client [req-1123c88f-32d2-4b39-b2ed-7b6fa8d0f4f0 req-1123c88f-32d2-4b39-b2ed-7b6fa8d0f4f0 ] Request (DeleteServersTestJSON:test_delete_active_server): 200 GET http://10.180.1.21/compute/v2.1/servers/62936d27-5405-4d29-b3ff-c4d8a74ba440 1.240s
2025-03-10 17:47:15.610 70328 INFO tempest.lib.common.rest_client [req-71bace52-d16c-453b-9d3f-65ebb378755b req-71bace52-d16c-453b-9d3f-65ebb378755b ] Request (KeyPairsV22TestJSON:test_keypair_create_with_pub_key): 201 POST http://10.180.1.21/compute/v2.1/os-keypairs 1.236s
2025-03-10 17:47:15.673 70346 INFO tempest.lib.common.rest_client [req-1a494022-dfd7-4339-ac69-c494719df1a7 req-1a494022-dfd7-4339-ac69-c494719df1a7 ] Request (ServersTestBootFromVolume:setUpClass): 200 GET http://10.180.1.21/volume/v3/volumes/fbb68063-47ce-447c-a9bc-94fbbe5c17f4 0.049s
2025-03-10 17:47:15.793 70314 INFO tempest.lib.common.rest_client [req-0fc4cdc6-533e-4924-a314-5707ad59c820 req-0fc4cdc6-533e-4924-a314-5707ad59c820 ] Request (ServerDiskConfigTestJSON:test_rebuild_server_with_auto_disk_config): 200 GET http://10.180.1.21/compute/v2.1/servers/00b2fd0b-7841-448d-82cf-436aa8d80cda 1.316s
2025-03-10 17:47:15.801 70336 WARNING tempest.lib.common.ssh [-] Failed to establish authenticated ssh connection to cirros@10.180.180.172 ([Errno None] Unable to connect to port 22 on 10.180.180.172). Number attempts: 6. Retry after 7 seconds.: paramiko.ssh_exception.NoValidConnectionsError: [Errno None] Unable to connect to port 22 on 10.180.180.172
2025-03-10 17:47:15.812 70314 INFO tempest.common.waiters [-] State transition "REBUILD/rebuild_block_device_mapping" ==> "REBUILD/rebuild_spawning" after 4 second wait
2025-03-10 17:47:15.818 70318 INFO tempest.lib.common.rest_client [req-d3bd64bb-956f-47fb-98ab-5f7cda825068 req-d3bd64bb-956f-47fb-98ab-5f7cda825068 ] Request (TenantUsagesTestJSON:setUpClass): 200 GET http://10.180.1.21/compute/v2.1/servers/1f9d0558-63fb-4a6f-a2d2-dd7a334249a2 1.353s
2025-03-10 17:47:16.109 70362 INFO tempest.lib.common.rest_client [req-ef4ad048-0b82-4d97-a6e6-461196a7f71a req-ef4ad048-0b82-4d97-a6e6-461196a7f71a ] Request (AttachInterfacesUnderV243Test:test_add_remove_fixed_ip): 200 GET http://10.180.1.21/compute/v2.1/servers/30eada4d-fdc1-4e54-99d2-d35bbb3fcbe6 1.582s
2025-03-10 17:47:16.113 70368 INFO tempest.lib.common.rest_client [req-a9e9037c-6671-44eb-9770-04be704eac56 req-a9e9037c-6671-44eb-9770-04be704eac56 ] Request (ServersTestJSON:setUpClass): 200 GET http://10.180.1.21/compute/v2.1/servers/e0b5ad16-f631-444c-a189-167e34574316 1.589s
2025-03-10 17:47:16.120 70368 INFO tempest.common.waiters [-] State transition "BUILD/scheduling" ==> "BUILD/None" after 29 second wait
2025-03-10 17:47:16.171 70354 INFO tempest.lib.common.rest_client [req-128f9499-2f03-4d15-b1d2-861cd1f0c41b req-128f9499-2f03-4d15-b1d2-861cd1f0c41b ] Request (ImagesTestJSON:test_create_image_from_suspended_server): 200 GET http://10.180.1.21/compute/v2.1/servers/2b1a0943-d59a-441d-a2e6-8149106803b6 1.581s
2025-03-10 17:47:16.182 70366 INFO tempest.lib.common.rest_client [req-4de8f882-f0b4-4f03-add4-5162d4cdb802 req-4de8f882-f0b4-4f03-add4-5162d4cdb802 ] Request (ServerActionsV293TestJSON:setUpClass): 200 GET http://10.180.1.21/compute/v2.1/servers/fc04a536-3a6f-4d3a-b0f1-68e9a1cee5e2 1.439s
2025-03-10 17:47:16.260 70370 INFO tempest.lib.common.rest_client [req-d922db98-e6ab-45cf-9e1b-4bd374aa321c req-d922db98-e6ab-45cf-9e1b-4bd374aa321c ] Request (MigrationsAdminTest:test_list_migrations_in_flavor_resize_situation): 200 GET http://10.180.1.21/compute/v2.1/servers/1d436762-964d-40d9-871e-ee33c3ba25b5 1.510s
2025-03-10 17:47:16.275 70322 INFO tempest.lib.common.rest_client [req-7988ace3-353c-41b6-8a57-981710623d47 req-7988ace3-353c-41b6-8a57-981710623d47 ] Request (KeyPairsV2TestJSON:test_get_keypair_detail): 200 POST http://10.180.1.21/compute/v2.1/os-keypairs 1.507s
2025-03-10 17:47:16.305 70334 INFO tempest.lib.common.rest_client [req-11dcde6b-849e-42d8-bd6f-0abe5fa8c288 req-11dcde6b-849e-42d8-bd6f-0abe5fa8c288 ] Request (DeleteServersAdminTestJSON:test_delete_server_while_in_error_state): 200 GET http://10.180.1.21/compute/v2.1/servers/c205f559-7fe6-4d7e-beba-2fc96b89d705 1.511s
2025-03-10 17:47:16.335 70358 INFO tempest.lib.common.rest_client [req-36515110-160a-4293-8e3d-3131c60d01c6 req-36515110-160a-4293-8e3d-3131c60d01c6 ] Request (ListImageFiltersTestJSON:setUpClass): 200 GET http://10.180.1.21/compute/v2.1/images/97dcfec5-7f0a-4cf9-a9e8-12828f18d9c7 1.382s
2025-03-10 17:47:16.353 70330 INFO tempest.lib.common.rest_client [req-9037240d-5a52-454d-99a1-c7a7361b3f66 req-9037240d-5a52-454d-99a1-c7a7361b3f66 ] Request (ServerGroupTestJSON:test_create_server_with_scheduler_hint_group): 200 GET http://10.180.1.21/compute/v2.1/servers/ab3df643-58db-45b7-a572-9c040135989d 1.416s
2025-03-10 17:47:16.382 70332 INFO tempest.lib.common.rest_client [req-28f712eb-7ad9-4636-b39d-b86612ea1c8c req-28f712eb-7ad9-4636-b39d-b86612ea1c8c ] Request (ListServersNegativeTestJSON:setUpClass): 200 GET http://10.180.1.21/compute/v2.1/servers/40b1fbe3-bde8-4fe1-91ea-00a19e2b86a4 1.385s
2025-03-10 17:47:16.404 70376 INFO tempest.lib.common.rest_client [req-ea5cdc96-98e6-4707-98ad-9124461cce87 req-ea5cdc96-98e6-4707-98ad-9124461cce87 ] Request (ServerActionsTestOtherB:setUpClass): 200 GET http://10.180.1.21/compute/v2.1/servers/a7f01cd7-f148-48fc-a71a-5461672d6039 1.389s
2025-03-10 17:47:16.434 70372 INFO tempest.lib.common.rest_client [req-2e833bef-ab27-4eb4-b5ef-66094abe97d0 req-2e833bef-ab27-4eb4-b5ef-66094abe97d0 ] Request (ImagesOneServerTestJSON:tearDownClass): 200 GET http://10.180.1.21/compute/v2.1/servers/1d5722e1-5a48-4212-bbc7-527a3739db6e 1.249s
2025-03-10 17:47:16.461 70316 INFO tempest.lib.common.rest_client [req-12189140-b7d0-4975-b1c5-36a18fc517ff req-12189140-b7d0-4975-b1c5-36a18fc517ff ] Request (AttachVolumeShelveTestJSON:test_attach_volume_shelved_or_offload_server): 200 GET http://10.180.1.21/compute/v2.1/servers/dd31269e-716c-44cd-9fc3-ce227fe5b3b2 1.189s
2025-03-10 17:47:16.528 70326 INFO tempest.lib.common.rest_client [req-0f2b23d9-01b8-4ef1-9767-a2346aff3a54 req-0f2b23d9-01b8-4ef1-9767-a2346aff3a54 ] Request (ServerDiagnosticsNegativeTest:tearDownClass): 200 GET http://10.180.1.21/compute/v2.1/servers/c1d73002-6e69-41a6-95b3-34dccaf872ef 1.169s
2025-03-10 17:47:16.582 70345 INFO tempest.lib.common.rest_client [req-9848eaf4-2e22-431a-9e05-2b3dac3e4380 req-9848eaf4-2e22-431a-9e05-2b3dac3e4380 ] Request (VolumesSnapshotsTestJSON:_run_cleanups): 202 DELETE http://10.180.1.21/compute/v2.1/os-volumes/50935a91-6873-42ce-8975-9e68b6f447a0 1.196s
2025-03-10 17:47:16.645 70342 INFO tempest.lib.common.rest_client [req-b8315589-53f4-4bc1-a7d9-68a60af83d6f req-b8315589-53f4-4bc1-a7d9-68a60af83d6f ] Request (ListServerFiltersTestJSON:setUpClass): 200 GET http://10.180.1.21/compute/v2.1/servers/94a4a16e-926c-47ce-a5a7-0b216b7c5442 1.172s
2025-03-10 17:47:16.720 70346 INFO tempest.lib.common.rest_client [req-563e0da8-d8f2-41de-bd9e-dd6806639217 req-563e0da8-d8f2-41de-bd9e-dd6806639217 ] Request (ServersTestBootFromVolume:setUpClass): 200 GET http://10.180.1.21/volume/v3/volumes/fbb68063-47ce-447c-a9bc-94fbbe5c17f4 0.036s
2025-03-10 17:47:16.750 70360 INFO tempest.lib.common.rest_client [req-bfb512e1-4c45-4056-aca3-f89928e03818 req-bfb512e1-4c45-4056-aca3-f89928e03818 ] Request (FloatingIPDetailsTestJSON:test_list_floating_ips): 200 GET http://10.180.1.21/compute/v2.1/os-floating-ips 1.278s
2025-03-10 17:47:16.774 70328 INFO tempest.lib.common.rest_client [req-cf96746e-10a8-4bf9-b1e5-85899261c6ac req-cf96746e-10a8-4bf9-b1e5-85899261c6ac ] Request (KeyPairsV22TestJSON:_run_cleanups): 204 DELETE http://10.180.1.21/compute/v2.1/os-keypairs/tempest-keypair-1098575899 1.162s
2025-03-10 17:47:16.807 70322 INFO tempest.lib.common.rest_client [req-1dc81d31-4f7a-44ac-9636-ff7d039476a3 req-1dc81d31-4f7a-44ac-9636-ff7d039476a3 ] Request (KeyPairsV2TestJSON:test_get_keypair_detail): 200 GET http://10.180.1.21/compute/v2.1/os-keypairs/tempest-keypair-1461297294 0.531s
2025-03-10 17:47:16.869 70374 INFO tempest.lib.common.rest_client [req-436e4ee0-ba69-4c96-aaa8-a6adfc43a644 req-436e4ee0-ba69-4c96-aaa8-a6adfc43a644 ] Request (ServerRescueNegativeTestJSON:setUpClass): 200 GET http://10.180.1.21/compute/v2.1/servers/a8813822-f77b-4b73-a6dc-e0eab83b0402 0.410s
2025-03-10 17:47:16.948 70320 INFO tempest.lib.common.rest_client [req-b57ad917-2552-46a6-996a-f7c4f22fa830 req-b57ad917-2552-46a6-996a-f7c4f22fa830 ] Request (ServersAdminTestJSON:test_create_server_with_scheduling_hint): 200 GET http://10.180.1.21/compute/v2.1/servers/bcb5131c-b2c6-4971-8a2e-4fcd7133442d 0.415s
2025-03-10 17:47:17.003 70338 INFO tempest.lib.common.rest_client [req-961ca021-f199-4037-9328-f1b068b15473 req-961ca021-f199-4037-9328-f1b068b15473 ] Request (ServerRescueTestJSON:test_rescue_unrescue_instance): 200 GET http://10.180.1.21/compute/v2.1/servers/97cb6372-3f4e-427d-9509-7e6c43aa2e7b 0.440s
2025-03-10 17:47:17.041 70345 INFO tempest.lib.common.rest_client [req-d44d4bbc-8d0f-42a5-994b-b45c812ab1e1 req-d44d4bbc-8d0f-42a5-994b-b45c812ab1e1 ] Request (VolumesSnapshotsTestJSON:_run_cleanups): 404 GET http://10.180.1.21/compute/v2.1/os-volumes/50935a91-6873-42ce-8975-9e68b6f447a0 0.457s
2025-03-10 17:47:17.315 70324 INFO tempest.lib.common.rest_client [req-6615d613-8af6-4d2b-bf98-e426db37577f req-6615d613-8af6-4d2b-bf98-e426db37577f ] Request (DeleteServersTestJSON:test_delete_active_server): 200 GET http://10.180.1.21/compute/v2.1/servers/62936d27-5405-4d29-b3ff-c4d8a74ba440 0.720s
2025-03-10 17:47:17.755 70346 INFO tempest.lib.common.rest_client [req-6f9eec3e-4535-406d-ac42-d874f134ed5e req-6f9eec3e-4535-406d-ac42-d874f134ed5e ] Request (ServersTestBootFromVolume:setUpClass): 200 GET http://10.180.1.21/volume/v3/volumes/fbb68063-47ce-447c-a9bc-94fbbe5c17f4 0.024s
2025-03-10 17:47:17.877 70360 INFO tempest.lib.common.rest_client [req-dad8d9f7-e555-444e-8d29-fbe0f4ca6474 req-dad8d9f7-e555-444e-8d29-fbe0f4ca6474 ] Request (FloatingIPDetailsTestJSON:tearDownClass): 202 DELETE http://10.180.1.21/compute/v2.1/os-floating-ips/90213f58-3c70-46cd-b8d4-8803cdc5c424 1.120s
2025-03-10 17:47:17.911 70328 INFO tempest.lib.common.rest_client [req-7d9c5729-4e0b-46c5-b25e-573b16be2f5d req-7d9c5729-4e0b-46c5-b25e-573b16be2f5d ] Request (KeyPairsV22TestJSON:test_keypairs_create_list_delete): 201 POST http://10.180.1.21/compute/v2.1/os-keypairs 1.134s
2025-03-10 17:47:17.927 70322 INFO tempest.lib.common.rest_client [req-4e80b9f5-de70-49d4-a4ba-7fa751307980 req-4e80b9f5-de70-49d4-a4ba-7fa751307980 ] Request (KeyPairsV2TestJSON:_run_cleanups): 202 DELETE http://10.180.1.21/compute/v2.1/os-keypairs/tempest-keypair-1461297294 1.117s
2025-03-10 17:47:18.113 70314 INFO tempest.lib.common.rest_client [req-94425c03-1ade-447a-b7e5-36359ca82f68 req-94425c03-1ade-447a-b7e5-36359ca82f68 ] Request (ServerDiskConfigTestJSON:test_rebuild_server_with_auto_disk_config): 200 GET http://10.180.1.21/compute/v2.1/servers/00b2fd0b-7841-448d-82cf-436aa8d80cda 1.299s
2025-03-10 17:47:18.250 70318 INFO tempest.lib.common.rest_client [req-a7b9e904-0dd7-4186-9f98-4c0689ff8be4 req-a7b9e904-0dd7-4186-9f98-4c0689ff8be4 ] Request (TenantUsagesTestJSON:setUpClass): 200 GET http://10.180.1.21/compute/v2.1/servers/1f9d0558-63fb-4a6f-a2d2-dd7a334249a2 1.423s
2025-03-10 17:47:18.274 70345 INFO tempest.lib.common.rest_client [req-2ecf199b-1b94-496b-89e0-1aaac5a9e6bc req-2ecf199b-1b94-496b-89e0-1aaac5a9e6bc ] Request (VolumesSnapshotsTestJSON:tearDownClass): 404 DELETE http://10.180.1.21/compute/v2.1/os-volumes/50935a91-6873-42ce-8975-9e68b6f447a0 1.232s
2025-03-10 17:47:18.337 70362 INFO tempest.lib.common.rest_client [req-ba02cb98-c2f2-42a2-b3da-f8e94ffa564b req-ba02cb98-c2f2-42a2-b3da-f8e94ffa564b ] Request (AttachInterfacesUnderV243Test:test_add_remove_fixed_ip): 200 GET http://10.180.1.21/compute/v2.1/servers/30eada4d-fdc1-4e54-99d2-d35bbb3fcbe6 1.218s
2025-03-10 17:47:18.391 70368 INFO tempest.lib.common.rest_client [req-36d9affd-9089-4d2b-9838-a00e034fd726 req-36d9affd-9089-4d2b-9838-a00e034fd726 ] Request (ServersTestJSON:setUpClass): 200 GET http://10.180.1.21/compute/v2.1/servers/e0b5ad16-f631-444c-a189-167e34574316 1.269s
2025-03-10 17:47:18.457 70354 INFO tempest.lib.common.rest_client [req-4c7b4637-b00b-4695-9561-5096915d0364 req-4c7b4637-b00b-4695-9561-5096915d0364 ] Request (ImagesTestJSON:test_create_image_from_suspended_server): 200 GET http://10.180.1.21/compute/v2.1/servers/2b1a0943-d59a-441d-a2e6-8149106803b6 1.278s
2025-03-10 17:47:18.536 70366 INFO tempest.lib.common.rest_client [req-eb0670e7-64e0-4b38-8bc6-be6d45696129 req-eb0670e7-64e0-4b38-8bc6-be6d45696129 ] Request (ServerActionsV293TestJSON:setUpClass): 200 GET http://10.180.1.21/compute/v2.1/servers/fc04a536-3a6f-4d3a-b0f1-68e9a1cee5e2 1.343s
2025-03-10 17:47:18.722 70370 INFO tempest.lib.common.rest_client [req-c8e90488-0b41-48c1-a7aa-6d076b3b8353 req-c8e90488-0b41-48c1-a7aa-6d076b3b8353 ] Request (MigrationsAdminTest:test_list_migrations_in_flavor_resize_situation): 200 GET http://10.180.1.21/compute/v2.1/servers/1d436762-964d-40d9-871e-ee33c3ba25b5 1.453s
2025-03-10 17:47:18.790 70334 INFO tempest.lib.common.rest_client [req-b0eace01-d764-4323-bc8b-4dd3b68d764e req-b0eace01-d764-4323-bc8b-4dd3b68d764e ] Request (DeleteServersAdminTestJSON:test_delete_server_while_in_error_state): 200 GET http://10.180.1.21/compute/v2.1/servers/c205f559-7fe6-4d7e-beba-2fc96b89d705 1.477s
2025-03-10 17:47:18.797 70346 INFO tempest.lib.common.rest_client [req-ae90e3d2-434e-4532-94c5-bd4439e6c2e6 req-ae90e3d2-434e-4532-94c5-bd4439e6c2e6 ] Request (ServersTestBootFromVolume:setUpClass): 200 GET http://10.180.1.21/volume/v3/volumes/fbb68063-47ce-447c-a9bc-94fbbe5c17f4 0.032s
2025-03-10 17:47:18.835 70358 INFO tempest.lib.common.rest_client [req-ce1f2ac2-bbe5-468e-a203-5b827406375a req-ce1f2ac2-bbe5-468e-a203-5b827406375a ] Request (ListImageFiltersTestJSON:setUpClass): 200 GET http://10.180.1.21/compute/v2.1/images/97dcfec5-7f0a-4cf9-a9e8-12828f18d9c7 1.496s
2025-03-10 17:47:18.876 70364 INFO tempest.lib.common.rest_client [req-6d1084c6-9b02-4d82-94eb-529d3c0435d5 req-6d1084c6-9b02-4d82-94eb-529d3c0435d5 ] Request (FloatingIPsAssociationTestJSON:test_associate_already_associated_floating_ip): 202 POST http://10.180.1.21/compute/v2.1/servers/bf75484e-4020-48f7-9419-bd88d0462b90/action 3.511s
2025-03-10 17:47:18.954 70332 INFO tempest.lib.common.rest_client [req-0f0c9c53-a78e-47d2-a9fc-9bf708b4fbd2 req-0f0c9c53-a78e-47d2-a9fc-9bf708b4fbd2 ] Request (ListServersNegativeTestJSON:setUpClass): 200 GET http://10.180.1.21/compute/v2.1/servers/40b1fbe3-bde8-4fe1-91ea-00a19e2b86a4 1.563s
2025-03-10 17:47:19.023 70376 INFO tempest.lib.common.rest_client [req-8c404704-0bf4-4373-9b3d-3ffccb337260 req-8c404704-0bf4-4373-9b3d-3ffccb337260 ] Request (ServerActionsTestOtherB:setUpClass): 200 GET http://10.180.1.21/compute/v2.1/servers/a7f01cd7-f148-48fc-a71a-5461672d6039 1.611s
2025-03-10 17:47:19.064 70330 INFO tempest.lib.common.rest_client [req-588cdec0-ebff-4bb1-83b6-5fde4d595870 req-588cdec0-ebff-4bb1-83b6-5fde4d595870 ] Request (ServerGroupTestJSON:test_create_server_with_scheduler_hint_group): 200 GET http://10.180.1.21/compute/v2.1/servers/ab3df643-58db-45b7-a572-9c040135989d 1.703s
2025-03-10 17:47:19.087 70372 INFO tempest.lib.common.rest_client [req-ce20f44b-a7f1-4092-b8d4-a78317ba218b req-ce20f44b-a7f1-4092-b8d4-a78317ba218b ] Request (ImagesOneServerTestJSON:tearDownClass): 200 GET http://10.180.1.21/compute/v2.1/servers/1d5722e1-5a48-4212-bbc7-527a3739db6e 1.645s
2025-03-10 17:47:19.095 70372 INFO tempest.common.waiters [-] State transition "ACTIVE/deleting" ==> "DELETED/None" after 5 second wait
2025-03-10 17:47:19.117 70316 INFO tempest.lib.common.rest_client [req-ba1bf594-1014-4d12-abdd-2851055d06e0 req-ba1bf594-1014-4d12-abdd-2851055d06e0 ] Request (AttachVolumeShelveTestJSON:test_attach_volume_shelved_or_offload_server): 200 GET http://10.180.1.21/compute/v2.1/servers/dd31269e-716c-44cd-9fc3-ce227fe5b3b2 1.646s
2025-03-10 17:47:19.146 70326 INFO tempest.lib.common.rest_client [req-2de4d508-0b81-47ac-bdce-6f322b4cb1e6 req-2de4d508-0b81-47ac-bdce-6f322b4cb1e6 ] Request (ServerDiagnosticsNegativeTest:tearDownClass): 200 GET http://10.180.1.21/compute/v2.1/servers/c1d73002-6e69-41a6-95b3-34dccaf872ef 1.609s
2025-03-10 17:47:19.167 70342 INFO tempest.lib.common.rest_client [req-ca14a3e5-e1c4-40d2-a560-299112da7222 req-ca14a3e5-e1c4-40d2-a560-299112da7222 ] Request (ListServerFiltersTestJSON:setUpClass): 200 GET http://10.180.1.21/compute/v2.1/servers/94a4a16e-926c-47ce-a5a7-0b216b7c5442 1.514s
2025-03-10 17:47:19.174 70342 INFO tempest.common.waiters [-] State transition "BUILD/None" ==> "BUILD/networking" after 37 second wait
2025-03-10 17:47:19.222 70374 INFO tempest.lib.common.rest_client [req-8fa7edb0-7aa0-42fa-891e-9924c16bf30a req-8fa7edb0-7aa0-42fa-891e-9924c16bf30a ] Request (ServerRescueNegativeTestJSON:setUpClass): 200 GET http://10.180.1.21/compute/v2.1/servers/a8813822-f77b-4b73-a6dc-e0eab83b0402 1.343s
2025-03-10 17:47:19.262 70328 INFO tempest.lib.common.rest_client [req-f61b684b-14b6-430a-bbe9-487003cdc949 req-f61b684b-14b6-430a-bbe9-487003cdc949 ] Request (KeyPairsV22TestJSON:test_keypairs_create_list_delete): 201 POST http://10.180.1.21/compute/v2.1/os-keypairs 1.348s
2025-03-10 17:47:19.312 70322 INFO tempest.lib.common.rest_client [req-a42975f2-6681-4bd8-958f-58a964b34399 req-a42975f2-6681-4bd8-958f-58a964b34399 ] Request (KeyPairsV2TestJSON:test_keypair_create_delete): 200 POST http://10.180.1.21/compute/v2.1/os-keypairs 1.383s
2025-03-10 17:47:19.399 70320 INFO tempest.lib.common.rest_client [req-9174393d-152f-47c1-8eb3-0df1fb729ecc req-9174393d-152f-47c1-8eb3-0df1fb729ecc ] Request (ServersAdminTestJSON:test_create_server_with_scheduling_hint): 200 GET http://10.180.1.21/compute/v2.1/servers/bcb5131c-b2c6-4971-8a2e-4fcd7133442d 1.438s
