2025-03-10 17:47:43.460 70358 INFO tempest.lib.common.rest_client [req-5392b872-3ff7-45ff-83b9-5f5fa4bfaa79 req-5392b872-3ff7-45ff-83b9-5f5fa4bfaa79 ] Request (ListImageFiltersTestJSON:setUpClass): 200 GET http://10.180.1.21/compute/v2.1/images/3038820b-fafa-4d89-b2d1-bbbc8ab32242 0.099s
2025-03-10 17:47:43.484 70372 INFO tempest.lib.common.rest_client [req-51e84306-5c14-4ebf-a299-fca4c6e51bd9 req-51e84306-5c14-4ebf-a299-fca4c6e51bd9 ] Request (ImagesOneServerTestJSON:tearDownClass): 404 GET http://10.180.1.21/compute/v2.1/servers/1d5722e1-5a48-4212-bbc7-527a3739db6e 0.023s
2025-03-10 17:47:43.496 70376 INFO tempest.lib.common.rest_client [req-ffe607ed-91ed-471f-b824-ea106c0a2e5c req-ffe607ed-91ed-471f-b824-ea106c0a2e5c ] Request (ServerActionsTestOtherB:setUpClass): 200 GET http://10.180.1.21/compute/v2.1/servers/a7f01cd7-f148-48fc-a71a-5461672d6039 0.103s
2025-03-10 17:47:43.533 70326 INFO tempest.lib.common.rest_client [req-54aec624-b928-4497-82ad-c30a36166f52 req-54aec624-b928-4497-82ad-c30a36166f52 ] Request (ServersAdminNegativeTestJSON:setUpClass): 200 GET http://10.180.1.21/compute/v2.1/servers/b7a1b9e1-4d57-435f-bdb6-51481968aacb 0.071s
2025-03-10 17:47:43.603 70318 INFO tempest.lib.common.rest_client [req-a9450a9a-50e8-4028-8a56-2d8ebc445651 req-a9450a9a-50e8-4028-8a56-2d8ebc445651 ] Request (TenantUsagesTestJSON:tearDownClass): 200 GET http://10.180.1.21/compute/v2.1/servers/1f9d0558-63fb-4a6f-a2d2-dd7a334249a2 0.067s
2025-03-10 17:47:43.622 70330 INFO tempest.lib.common.rest_client [req-b7078ce0-06c5-4a63-a57b-3b6020e2130a req-b7078ce0-06c5-4a63-a57b-3b6020e2130a ] Request (ServerGroupTestJSON:_run_cleanups): 200 GET http://10.180.1.21/compute/v2.1/servers/ab3df643-58db-45b7-a572-9c040135989d 0.078s
2025-03-10 17:47:43.668 70320 INFO tempest.lib.common.rest_client [req-7ed65093-8012-4614-afe5-7683a3de7321 req-7ed65093-8012-4614-afe5-7683a3de7321 ] Request (ServersAdminTestJSON:test_create_server_with_scheduling_hint): 200 GET http://10.180.1.21/compute/v2.1/servers/bcb5131c-b2c6-4971-8a2e-4fcd7133442d 0.070s
2025-03-10 17:47:43.714 70338 INFO tempest.lib.common.rest_client [req-e57d78bf-519f-454d-96db-b7fadbec160d req-e57d78bf-519f-454d-96db-b7fadbec160d ] Request (ServerRescueTestJSON:test_rescue_unrescue_instance): 200 GET http://10.180.1.21/compute/v2.1/servers/97cb6372-3f4e-427d-9509-7e6c43aa2e7b 0.073s
2025-03-10 17:47:43.781 70324 INFO tempest.lib.common.rest_client [req-ddb18b27-aa7f-4ac9-bc5d-9ce30d63141c req-ddb18b27-aa7f-4ac9-bc5d-9ce30d63141c ] Request (DeleteServersTestJSON:test_delete_active_server): 200 GET http://10.180.1.21/compute/v2.1/servers/62936d27-5405-4d29-b3ff-c4d8a74ba440 0.064s
2025-03-10 17:47:43.914 70334 INFO tempest.lib.common.rest_client [req-b071ff1c-89cf-4d81-8b16-cad2c52643a5 req-b071ff1c-89cf-4d81-8b16-cad2c52643a5 ] Request (DeleteServersAdminTestJSON:test_delete_server_while_in_error_state): 200 GET http://10.180.1.21/compute/v2.1/servers/c205f559-7fe6-4d7e-beba-2fc96b89d705 0.129s
2025-03-10 17:47:43.932 70374 INFO tempest.lib.common.rest_client [req-aaf383bf-27c7-44b6-a147-683b33dc3db3 req-aaf383bf-27c7-44b6-a147-683b33dc3db3 ] Request (ServerRescueNegativeTestJSON:setUpClass): 200 GET http://10.180.1.21/compute/v2.1/servers/a8813822-f77b-4b73-a6dc-e0eab83b0402 0.175s
2025-03-10 17:47:43.987 70370 INFO tempest.lib.common.rest_client [req-b7f3b567-e2b2-4c90-be29-5b9d70ffaf1e req-b7f3b567-e2b2-4c90-be29-5b9d70ffaf1e ] Request (MigrationsAdminTest:test_resize_server_revert_deleted_flavor): 200 GET http://10.180.1.21/compute/v2.1/servers/0e8163d9-6ff5-4f1e-af33-ccb42fa46750 0.177s
2025-03-10 17:47:44.176 70342 INFO tempest.lib.common.rest_client [req-d8099edc-b868-4c5c-8078-d567b0fa4c24 req-d8099edc-b868-4c5c-8078-d567b0fa4c24 ] Request (ListServerFiltersTestJSON:test_list_servers_filter_by_shutoff_status): 200 GET http://10.180.1.21/compute/v2.1/servers/98cd0eb8-d17a-4a9b-a172-1ba1207168d0 0.134s
2025-03-10 17:47:44.192 70364 INFO tempest.lib.common.rest_client [req-e424e630-5c40-42d5-bf05-d8aa1c4c4cd5 req-e424e630-5c40-42d5-bf05-d8aa1c4c4cd5 ] Request (FloatingIPsAssociationTestJSON:tearDownClass): 200 GET http://10.180.1.21/compute/v2.1/servers/bf75484e-4020-48f7-9419-bd88d0462b90 0.066s
2025-03-10 17:47:44.254 70322 INFO tempest.lib.common.rest_client [req-14ded4d2-ac52-4d35-bda2-d6e26a2bcd9d req-14ded4d2-ac52-4d35-bda2-d6e26a2bcd9d ] Request (ServersTestFqdnHostnames:test_create_server_with_fqdn_name): 200 GET http://10.180.1.21/compute/v2.1/servers/7fc7c481-75e8-40f2-a971-752ce6dde59b 0.069s
2025-03-10 17:47:44.292 70368 INFO tempest.lib.common.rest_client [req-67928f26-e3e8-40a1-a282-264571c1b653 req-67928f26-e3e8-40a1-a282-264571c1b653 ] Request (ServersTestJSON:setUpClass): 200 GET http://10.180.1.21/compute/v2.1/servers/e0b5ad16-f631-444c-a189-167e34574316 0.133s
2025-03-10 17:47:44.320 70362 INFO tempest.lib.common.rest_client [req-bc2e7218-ab80-49d1-870e-2052a162b4c6 req-bc2e7218-ab80-49d1-870e-2052a162b4c6 ] Request (AttachInterfacesUnderV243Test:test_add_remove_fixed_ip): 200 GET http://10.180.1.21/compute/v2.1/servers/30eada4d-fdc1-4e54-99d2-d35bbb3fcbe6 0.078s
2025-03-10 17:47:44.332 70372 INFO tempest.lib.common.rest_client [req-e4774ae6-3778-4bcd-8598-17f174892e53 req-e4774ae6-3778-4bcd-8598-17f174892e53 ] Request (ImagesOneServerTestJSON:tearDownClass): 200 PUT http://10.180.1.21:9696/networking/v2.0/routers/7ab03a5f-ff3b-4acc-9541-fd97e506900d/remove_router_interface 0.847s
2025-03-10 17:47:44.363 70354 INFO tempest.lib.common.rest_client [req-96943827-f8b2-47f9-8732-7a379737c233 req-96943827-f8b2-47f9-8732-7a379737c233 ] Request (ImagesTestJSON:test_create_image_from_suspended_server): 200 GET http://10.180.1.21/compute/v2.1/servers/2b1a0943-d59a-441d-a2e6-8149106803b6 0.114s
2025-03-10 17:47:44.382 70346 INFO tempest.lib.common.rest_client [req-dedd9717-f1e2-4950-9ac6-58dfe4c3f486 req-dedd9717-f1e2-4950-9ac6-58dfe4c3f486 ] Request (ServersTestBootFromVolume:setUpClass): 200 GET http://10.180.1.21/compute/v2.1/servers/af07ebd0-5f12-49c3-a518-95be9a8d6c82 0.077s
2025-03-10 17:47:44.427 70314 INFO tempest.lib.common.rest_client [req-390ee284-11d1-4636-9929-e03c373d91f9 req-390ee284-11d1-4636-9929-e03c373d91f9 ] Request (ServerDiskConfigTestJSON:test_rebuild_server_with_manual_disk_config): 200 GET http://10.180.1.21/compute/v2.1/servers/714fafbf-a765-4e2c-8633-997d8244483c 0.097s
2025-03-10 17:47:44.489 70332 INFO tempest.lib.common.rest_client [req-88b95aeb-2a2b-4ccb-ba91-5b9c245874ca req-88b95aeb-2a2b-4ccb-ba91-5b9c245874ca ] Request (ListServersNegativeTestJSON:setUpClass): 200 GET http://10.180.1.21/compute/v2.1/servers/40b1fbe3-bde8-4fe1-91ea-00a19e2b86a4 0.094s
2025-03-10 17:47:44.565 70366 INFO tempest.lib.common.rest_client [req-2a1b56eb-2b01-4a9f-a991-da9c0dc89e48 req-2a1b56eb-2b01-4a9f-a991-da9c0dc89e48 ] Request (ServerActionsV293TestJSON:setUpClass): 200 GET http://10.180.1.21/compute/v2.1/servers/fc04a536-3a6f-4d3a-b0f1-68e9a1cee5e2 0.130s
2025-03-10 17:47:44.635 70360 INFO tempest.lib.common.rest_client [req-35841635-f70a-434f-923c-590355744109 req-35841635-f70a-434f-923c-590355744109 ] Request (ImagesNegativeTestJSON:test_create_image_from_deleted_server): 200 GET http://10.180.1.21/compute/v2.1/servers/b3d62400-e639-4c49-9207-64fd1e684f99 0.178s
2025-03-10 17:47:44.688 70358 INFO tempest.lib.common.rest_client [req-f6f8f2d3-1f0c-4976-b7a7-bb4bb1c6918b req-f6f8f2d3-1f0c-4976-b7a7-bb4bb1c6918b ] Request (ListImageFiltersTestJSON:setUpClass): 200 GET http://10.180.1.21/compute/v2.1/images/3038820b-fafa-4d89-b2d1-bbbc8ab32242 0.223s
2025-03-10 17:47:44.702 70328 INFO tempest.lib.common.rest_client [req-9cd76c70-a306-4dfd-b3f5-5702335e39d0 req-9cd76c70-a306-4dfd-b3f5-5702335e39d0 ] Request (SecurityGroupsTestJSON:test_list_security_groups_by_server): 200 GET http://10.180.1.21/compute/v2.1/servers/a06d4b38-0e39-46ef-a588-7627661cb201 0.335s
2025-03-10 17:47:44.749 70376 INFO tempest.lib.common.rest_client [req-01116cba-d9e7-4a1e-9644-8f0e8288c3db req-01116cba-d9e7-4a1e-9644-8f0e8288c3db ] Request (ServerActionsTestOtherB:setUpClass): 200 GET http://10.180.1.21/compute/v2.1/servers/a7f01cd7-f148-48fc-a71a-5461672d6039 0.244s
2025-03-10 17:47:44.764 70326 INFO tempest.lib.common.rest_client [req-cb84994c-f043-4372-9c62-9418fdaf5a74 req-cb84994c-f043-4372-9c62-9418fdaf5a74 ] Request (ServersAdminNegativeTestJSON:setUpClass): 200 GET http://10.180.1.21/compute/v2.1/servers/b7a1b9e1-4d57-435f-bdb6-51481968aacb 0.219s
2025-03-10 17:47:44.841 70318 INFO tempest.lib.common.rest_client [req-082575eb-a7c1-4471-8304-3f33b64e596e req-082575eb-a7c1-4471-8304-3f33b64e596e ] Request (TenantUsagesTestJSON:tearDownClass): 200 GET http://10.180.1.21/compute/v2.1/servers/1f9d0558-63fb-4a6f-a2d2-dd7a334249a2 0.224s
2025-03-10 17:47:44.850 70372 INFO tempest.lib.common.rest_client [req-a3291866-4222-4b16-9da8-98d3133e8fda req-a3291866-4222-4b16-9da8-98d3133e8fda ] Request (ImagesOneServerTestJSON:tearDownClass): 204 DELETE http://10.180.1.21:9696/networking/v2.0/routers/7ab03a5f-ff3b-4acc-9541-fd97e506900d 0.518s
2025-03-10 17:47:44.870 70330 INFO tempest.lib.common.rest_client [req-1908437c-36f6-49e1-9428-ec5dd1de6fa8 req-1908437c-36f6-49e1-9428-ec5dd1de6fa8 ] Request (ServerGroupTestJSON:_run_cleanups): 200 GET http://10.180.1.21/compute/v2.1/servers/ab3df643-58db-45b7-a572-9c040135989d 0.237s
2025-03-10 17:47:44.912 70320 INFO tempest.lib.common.rest_client [req-00fb8268-dfd2-46f4-a419-d922b011d291 req-00fb8268-dfd2-46f4-a419-d922b011d291 ] Request (ServersAdminTestJSON:test_create_server_with_scheduling_hint): 200 GET http://10.180.1.21/compute/v2.1/servers/bcb5131c-b2c6-4971-8a2e-4fcd7133442d 0.235s
2025-03-10 17:47:44.926 70338 INFO tempest.lib.common.rest_client [req-3b8df7d6-5525-423c-9ee3-061d1d4667d8 req-3b8df7d6-5525-423c-9ee3-061d1d4667d8 ] Request (ServerRescueTestJSON:test_rescue_unrescue_instance): 200 GET http://10.180.1.21/compute/v2.1/servers/97cb6372-3f4e-427d-9509-7e6c43aa2e7b 0.201s
2025-03-10 17:47:44.962 70324 INFO tempest.lib.common.rest_client [req-28f4f0a9-c68c-4353-935b-23791e5665c6 req-28f4f0a9-c68c-4353-935b-23791e5665c6 ] Request (DeleteServersTestJSON:test_delete_active_server): 200 GET http://10.180.1.21/compute/v2.1/servers/62936d27-5405-4d29-b3ff-c4d8a74ba440 0.168s
2025-03-10 17:47:44.989 70334 INFO tempest.lib.common.rest_client [req-7d45fe54-d067-4dcd-9889-8ea4cfe191c7 req-7d45fe54-d067-4dcd-9889-8ea4cfe191c7 ] Request (DeleteServersAdminTestJSON:test_delete_server_while_in_error_state): 200 GET http://10.180.1.21/compute/v2.1/servers/c205f559-7fe6-4d7e-beba-2fc96b89d705 0.065s
2025-03-10 17:47:45.047 70372 INFO tempest.lib.common.rest_client [req-8a475e5b-c768-4185-b36b-fe976023eab1 req-8a475e5b-c768-4185-b36b-fe976023eab1 ] Request (ImagesOneServerTestJSON:tearDownClass): 204 DELETE http://10.180.1.21:9696/networking/v2.0/subnets/d8da6101-d58b-4437-b9a3-47ecf15ab3f9 0.197s
2025-03-10 17:47:45.049 70350 WARNING tempest.lib.common.ssh [-] Failed to establish authenticated ssh connection to cirros@10.180.180.166 ([Errno None] Unable to connect to port 22 on 10.180.180.166). Number attempts: 9. Retry after 10 seconds.: paramiko.ssh_exception.NoValidConnectionsError: [Errno None] Unable to connect to port 22 on 10.180.180.166
2025-03-10 17:47:45.067 70370 INFO tempest.lib.common.rest_client [req-9f8ad6b8-b575-4f3b-bd7a-664938e671de req-9f8ad6b8-b575-4f3b-bd7a-664938e671de ] Request (MigrationsAdminTest:test_resize_server_revert_deleted_flavor): 200 GET http://10.180.1.21/compute/v2.1/servers/0e8163d9-6ff5-4f1e-af33-ccb42fa46750 0.068s
2025-03-10 17:47:45.082 70374 INFO tempest.lib.common.rest_client [req-49e1a078-539b-4d15-a090-c00a35fb3c93 req-49e1a078-539b-4d15-a090-c00a35fb3c93 ] Request (ServerRescueNegativeTestJSON:setUpClass): 200 GET http://10.180.1.21/compute/v2.1/servers/a8813822-f77b-4b73-a6dc-e0eab83b0402 0.135s
2025-03-10 17:47:45.271 70364 INFO tempest.lib.common.rest_client [req-3addfba9-9aab-4ba6-aa23-3d32076aebb8 req-3addfba9-9aab-4ba6-aa23-3d32076aebb8 ] Request (FloatingIPsAssociationTestJSON:tearDownClass): 200 GET http://10.180.1.21/compute/v2.1/servers/bf75484e-4020-48f7-9419-bd88d0462b90 0.069s
2025-03-10 17:47:45.286 70372 INFO tempest.lib.common.rest_client [req-ec6a5c86-ae8e-4b89-a95f-680afe31abee req-ec6a5c86-ae8e-4b89-a95f-680afe31abee ] Request (ImagesOneServerTestJSON:tearDownClass): 204 DELETE http://10.180.1.21:9696/networking/v2.0/networks/47290065-7498-4833-a617-c1038575b524 0.238s
2025-03-10 17:47:45.330 70322 INFO tempest.lib.common.rest_client [req-2ef049b2-df19-4c7b-8e55-9080dfa5a8b1 req-2ef049b2-df19-4c7b-8e55-9080dfa5a8b1 ] Request (ServersTestFqdnHostnames:test_create_server_with_fqdn_name): 200 GET http://10.180.1.21/compute/v2.1/servers/7fc7c481-75e8-40f2-a971-752ce6dde59b 0.068s
2025-03-10 17:47:45.342 70342 INFO tempest.lib.common.rest_client [req-dab1617c-0cb4-4c64-aa91-2533b25ecd03 req-dab1617c-0cb4-4c64-aa91-2533b25ecd03 ] Request (ListServerFiltersTestJSON:test_list_servers_filter_by_shutoff_status): 200 GET http://10.180.1.21/compute/v2.1/servers/98cd0eb8-d17a-4a9b-a172-1ba1207168d0 0.156s
2025-03-10 17:47:45.415 70372 INFO tempest.lib.common.rest_client [req-77a07adf-c161-4207-9e02-59299b09cc18 req-77a07adf-c161-4207-9e02-59299b09cc18 ] Request (ImagesOneServerTestJSON:tearDownClass): 204 DELETE http://10.180.1.21/identity/v3/users/5d33a6e0475f4b0d9a1e998a5e6f7e7e 0.128s
2025-03-10 17:47:45.415 70372 INFO tempest.lib.common.dynamic_creds [-] Deleting project and security group for project: 60fa5c5488fd4ac38c8c8556109c7413
2025-03-10 17:47:45.421 70362 INFO tempest.lib.common.rest_client [req-6b45345e-23c8-4b30-8461-ee1ba9270e06 req-6b45345e-23c8-4b30-8461-ee1ba9270e06 ] Request (AttachInterfacesUnderV243Test:test_add_remove_fixed_ip): 200 GET http://10.180.1.21/compute/v2.1/servers/30eada4d-fdc1-4e54-99d2-d35bbb3fcbe6 0.090s
2025-03-10 17:47:45.454 70372 INFO tempest.lib.common.rest_client [req-27ff0a71-98a2-44b1-b3ee-0cfb5a250b06 req-27ff0a71-98a2-44b1-b3ee-0cfb5a250b06 ] Request (ImagesOneServerTestJSON:tearDownClass): 200 GET http://10.180.1.21:9696/networking/v2.0/security-groups?tenant_id=60fa5c5488fd4ac38c8c8556109c7413&name=default 0.038s
2025-03-10 17:47:45.487 70354 INFO tempest.lib.common.rest_client [req-7c28b41a-3b84-4883-b218-8c82c3046ec0 req-7c28b41a-3b84-4883-b218-8c82c3046ec0 ] Request (ImagesTestJSON:test_create_image_from_suspended_server): 200 GET http://10.180.1.21/compute/v2.1/servers/2b1a0943-d59a-441d-a2e6-8149106803b6 0.115s
2025-03-10 17:47:45.502 70368 INFO tempest.lib.common.rest_client [req-c84deeeb-becb-4121-9b65-3562e4711c03 req-c84deeeb-becb-4121-9b65-3562e4711c03 ] Request (ServersTestJSON:setUpClass): 200 GET http://10.180.1.21/compute/v2.1/servers/e0b5ad16-f631-444c-a189-167e34574316 0.202s
2025-03-10 17:47:45.523 70372 INFO tempest.lib.common.rest_client [req-99c0a69e-a81f-45a9-9d39-3c8cca136b4c req-99c0a69e-a81f-45a9-9d39-3c8cca136b4c ] Request (ImagesOneServerTestJSON:tearDownClass): 204 DELETE http://10.180.1.21:9696/networking/v2.0/security-groups/10f6fe48-f21f-4b78-ac3e-a7806bf2d0e2 0.069s
2025-03-10 17:47:45.539 70346 INFO tempest.lib.common.rest_client [req-cc8b9804-a09c-4cc0-8bf9-2076e024c2d1 req-cc8b9804-a09c-4cc0-8bf9-2076e024c2d1 ] Request (ServersTestBootFromVolume:setUpClass): 200 GET http://10.180.1.21/compute/v2.1/servers/af07ebd0-5f12-49c3-a518-95be9a8d6c82 0.145s
2025-03-10 17:47:45.554 70314 INFO tempest.lib.common.rest_client [req-16df23e4-6684-4a2a-9c37-4dcd243ddf88 req-16df23e4-6684-4a2a-9c37-4dcd243ddf88 ] Request (ServerDiskConfigTestJSON:test_rebuild_server_with_manual_disk_config): 200 GET http://10.180.1.21/compute/v2.1/servers/714fafbf-a765-4e2c-8633-997d8244483c 0.116s
2025-03-10 17:47:45.637 70372 INFO tempest.lib.common.rest_client [req-f02c07c2-8929-4d45-bb07-4706509ec2da req-f02c07c2-8929-4d45-bb07-4706509ec2da ] Request (ImagesOneServerTestJSON:tearDownClass): 204 DELETE http://10.180.1.21/identity/v3/projects/60fa5c5488fd4ac38c8c8556109c7413 0.113s
2025-03-10 17:47:45.645 70366 INFO tempest.lib.common.rest_client [req-15f38ced-4d48-4137-8704-204371092a4d req-15f38ced-4d48-4137-8704-204371092a4d ] Request (ServerActionsV293TestJSON:setUpClass): 200 GET http://10.180.1.21/compute/v2.1/servers/fc04a536-3a6f-4d3a-b0f1-68e9a1cee5e2 0.067s
2025-03-10 17:47:45.700 70372 INFO tempest.lib.common.rest_client [req-95aaacb1-d064-482d-a65e-ab98fd772b09 req-95aaacb1-d064-482d-a65e-ab98fd772b09 ] Request (ServerMetadataNegativeTestJSON:setUpClass): 201 POST http://10.180.1.21/identity/v3/auth/tokens 0.062s
2025-03-10 17:47:45.718 70360 INFO tempest.lib.common.rest_client [req-ababf3b8-ce84-44c2-ac69-f3301f6a4d19 req-ababf3b8-ce84-44c2-ac69-f3301f6a4d19 ] Request (ImagesNegativeTestJSON:test_create_image_from_deleted_server): 200 GET http://10.180.1.21/compute/v2.1/servers/b3d62400-e639-4c49-9207-64fd1e684f99 0.066s
2025-03-10 17:47:45.744 70372 INFO tempest.lib.common.rest_client [req-88a31201-6f75-4683-94d2-1d65ca9f2b4e req-88a31201-6f75-4683-94d2-1d65ca9f2b4e ] Request (ServerMetadataNegativeTestJSON:setUpClass): 201 POST http://10.180.1.21/identity/v3/auth/tokens 0.036s
2025-03-10 17:47:45.761 70358 INFO tempest.lib.common.rest_client [req-176fcd21-ff10-4d0d-be2a-609ef8ee6b9a req-176fcd21-ff10-4d0d-be2a-609ef8ee6b9a ] Request (ListImageFiltersTestJSON:setUpClass): 200 GET http://10.180.1.21/compute/v2.1/images/3038820b-fafa-4d89-b2d1-bbbc8ab32242 0.067s
2025-03-10 17:47:45.773 70372 INFO tempest.lib.common.rest_client [req-af6224cf-2cef-4332-9c71-35e2881a15c2 req-af6224cf-2cef-4332-9c71-35e2881a15c2 ] Request (ServerMetadataNegativeTestJSON:setUpClass): 200 GET http://10.180.1.21/identity/v3/domains?name=Default 0.029s
2025-03-10 17:47:45.810 70372 INFO tempest.lib.common.rest_client [req-db41b2c2-fbd5-4f35-8bdb-fec5673841d2 req-db41b2c2-fbd5-4f35-8bdb-fec5673841d2 ] Request (ServerMetadataNegativeTestJSON:setUpClass): 201 POST http://10.180.1.21/identity/v3/projects 0.035s
2025-03-10 17:47:45.815 70328 INFO tempest.lib.common.rest_client [req-ed283c54-f0a0-4666-9b49-d543aad1b46a req-ed283c54-f0a0-4666-9b49-d543aad1b46a ] Request (SecurityGroupsTestJSON:test_list_security_groups_by_server): 200 GET http://10.180.1.21/compute/v2.1/servers/a06d4b38-0e39-46ef-a588-7627661cb201 0.103s
2025-03-10 17:47:45.817 70348 WARNING tempest.lib.common.ssh [-] Failed to establish authenticated ssh connection to cirros@10.180.180.238 ([Errno None] Unable to connect to port 22 on 10.180.180.238). Number attempts: 8. Retry after 9 seconds.: paramiko.ssh_exception.NoValidConnectionsError: [Errno None] Unable to connect to port 22 on 10.180.180.238
2025-03-10 17:47:45.831 70332 INFO tempest.lib.common.rest_client [req-74f34558-319b-47ee-ab9b-1da1fa47d2a2 req-74f34558-319b-47ee-ab9b-1da1fa47d2a2 ] Request (ListServersNegativeTestJSON:setUpClass): 200 GET http://10.180.1.21/compute/v2.1/servers/40b1fbe3-bde8-4fe1-91ea-00a19e2b86a4 0.330s
2025-03-10 17:47:45.874 70376 INFO tempest.lib.common.rest_client [req-3ba60971-f944-43d9-a398-321b4371be5f req-3ba60971-f944-43d9-a398-321b4371be5f ] Request (ServerActionsTestOtherB:setUpClass): 200 GET http://10.180.1.21/compute/v2.1/servers/a7f01cd7-f148-48fc-a71a-5461672d6039 0.111s
2025-03-10 17:47:45.893 70326 INFO tempest.lib.common.rest_client [req-91d030d0-a2f0-4ca1-82d3-d928bd9f3ce0 req-91d030d0-a2f0-4ca1-82d3-d928bd9f3ce0 ] Request (ServersAdminNegativeTestJSON:setUpClass): 200 GET http://10.180.1.21/compute/v2.1/servers/b7a1b9e1-4d57-435f-bdb6-51481968aacb 0.118s
2025-03-10 17:47:45.894 70372 INFO tempest.lib.common.rest_client [req-e7eb8259-2f2e-4f43-b3df-eb9cc8959be3 req-e7eb8259-2f2e-4f43-b3df-eb9cc8959be3 ] Request (ServerMetadataNegativeTestJSON:setUpClass): 201 POST http://10.180.1.21/identity/v3/users 0.083s
2025-03-10 17:47:45.921 70372 INFO tempest.lib.common.rest_client [req-a3674198-7fc5-483e-b177-89c79a391722 req-a3674198-7fc5-483e-b177-89c79a391722 ] Request (ServerMetadataNegativeTestJSON:setUpClass): 200 GET http://10.180.1.21/identity/v3/roles 0.027s
2025-03-10 17:47:45.951 70318 INFO tempest.lib.common.rest_client [req-5866bd84-0713-453a-a13f-5d8d9b7abfc0 req-5866bd84-0713-453a-a13f-5d8d9b7abfc0 ] Request (TenantUsagesTestJSON:tearDownClass): 200 GET http://10.180.1.21/compute/v2.1/servers/1f9d0558-63fb-4a6f-a2d2-dd7a334249a2 0.101s
2025-03-10 17:47:45.955 70372 INFO tempest.lib.common.rest_client [req-0c051cfe-6cb8-4182-9605-21b2b6e87538 req-0c051cfe-6cb8-4182-9605-21b2b6e87538 ] Request (ServerMetadataNegativeTestJSON:setUpClass): 204 PUT http://10.180.1.21/identity/v3/projects/d6555d1831c04485b62e06f8579f389b/users/fb11c1eaf21c48ce874a62e8204e1680/roles/c084b02551ab46faa35f78e74671cf6e 0.033s
2025-03-10 17:47:45.956 70372 INFO tempest.lib.common.dynamic_creds [-] Dynamic test user fb11c1eaf21c48ce874a62e8204e1680 is created with scope project and roles: ['member']
2025-03-10 17:47:45.956 70372 INFO tempest.lib.common.dynamic_creds [-] Acquired dynamic creds: credentials: Credentials: {'domain_id': 'default', 'domain_name': 'Default', 'username': 'tempest-ServerMetadataNegativeTestJSON-1469643113-project-member', 'project_domain_id': 'default', 'project_domain_name': 'Default', 'project_id': 'd6555d1831c04485b62e06f8579f389b', 'project_name': 'tempest-ServerMetadataNegativeTestJSON-1469643113', 'tenant_id': 'd6555d1831c04485b62e06f8579f389b', 'tenant_name': 'tempest-ServerMetadataNegativeTestJSON-1469643113', 'user_domain_id': 'default', 'user_domain_name': 'Default', 'user_id': 'fb11c1eaf21c48ce874a62e8204e1680', 'system': None}, Network: None, Subnet: None, Router: None
2025-03-10 17:47:46.010 70372 INFO tempest.lib.common.rest_client [req-837275bc-4b49-4026-a4cd-38064eda2f5a req-837275bc-4b49-4026-a4cd-38064eda2f5a ] Request (ServerMetadataNegativeTestJSON:setUpClass): 201 POST http://10.180.1.21/identity/v3/auth/tokens 0.053s
2025-03-10 17:47:46.172 70330 INFO tempest.lib.common.rest_client [req-d704f7b2-a685-4c13-9785-e482ac2091f4 req-d704f7b2-a685-4c13-9785-e482ac2091f4 ] Request (ServerGroupTestJSON:_run_cleanups): 200 GET http://10.180.1.21/compute/v2.1/servers/ab3df643-58db-45b7-a572-9c040135989d 0.287s
2025-03-10 17:47:46.185 70320 INFO tempest.lib.common.rest_client [req-5d98e818-11f5-4142-8fa4-6fc7b5f22278 req-5d98e818-11f5-4142-8fa4-6fc7b5f22278 ] Request (ServersAdminTestJSON:test_create_server_with_scheduling_hint): 200 GET http://10.180.1.21/compute/v2.1/servers/bcb5131c-b2c6-4971-8a2e-4fcd7133442d 0.264s
2025-03-10 17:47:46.223 70338 INFO tempest.lib.common.rest_client [req-e530c0d6-ba42-4e21-8bc8-6e5f8de3bf30 req-e530c0d6-ba42-4e21-8bc8-6e5f8de3bf30 ] Request (ServerRescueTestJSON:test_rescue_unrescue_instance): 200 GET http://10.180.1.21/compute/v2.1/servers/97cb6372-3f4e-427d-9509-7e6c43aa2e7b 0.288s
2025-03-10 17:47:46.245 70324 INFO tempest.lib.common.rest_client [req-5cb5089f-1292-495b-8aea-0c81a0ec5b9e req-5cb5089f-1292-495b-8aea-0c81a0ec5b9e ] Request (DeleteServersTestJSON:test_delete_active_server): 200 GET http://10.180.1.21/compute/v2.1/servers/62936d27-5405-4d29-b3ff-c4d8a74ba440 0.274s
2025-03-10 17:47:46.247 70372 INFO tempest.lib.common.rest_client [req-3c3bd902-8ccc-41cf-a1c2-cd67e7cc63cf req-3c3bd902-8ccc-41cf-a1c2-cd67e7cc63cf ] Request (ServerMetadataNegativeTestJSON:setUpClass): 201 POST http://10.180.1.21:9696/networking/v2.0/networks 0.237s
2025-03-10 17:47:46.278 70334 INFO tempest.lib.common.rest_client [req-743c7c0d-1a25-4e6a-b837-89b8525dd351 req-743c7c0d-1a25-4e6a-b837-89b8525dd351 ] Request (DeleteServersAdminTestJSON:test_delete_server_while_in_error_state): 200 GET http://10.180.1.21/compute/v2.1/servers/c205f559-7fe6-4d7e-beba-2fc96b89d705 0.278s
2025-03-10 17:47:46.293 70370 INFO tempest.lib.common.rest_client [req-09fb6c0f-5924-40dc-bb9f-f8b3e7d052f9 req-09fb6c0f-5924-40dc-bb9f-f8b3e7d052f9 ] Request (MigrationsAdminTest:test_resize_server_revert_deleted_flavor): 200 GET http://10.180.1.21/compute/v2.1/servers/0e8163d9-6ff5-4f1e-af33-ccb42fa46750 0.216s
2025-03-10 17:47:46.359 70364 INFO tempest.lib.common.rest_client [req-70503195-252f-4aaf-aeab-9fa98b709633 req-70503195-252f-4aaf-aeab-9fa98b709633 ] Request (FloatingIPsAssociationTestJSON:tearDownClass): 200 GET http://10.180.1.21/compute/v2.1/servers/bf75484e-4020-48f7-9419-bd88d0462b90 0.080s
2025-03-10 17:47:46.393 70374 INFO tempest.lib.common.rest_client [req-8ad56a28-b68d-4471-8098-47ba3351faf8 req-8ad56a28-b68d-4471-8098-47ba3351faf8 ] Request (ServerRescueNegativeTestJSON:setUpClass): 200 GET http://10.180.1.21/compute/v2.1/servers/a8813822-f77b-4b73-a6dc-e0eab83b0402 0.303s
2025-03-10 17:47:46.412 70322 INFO tempest.lib.common.rest_client [req-30155c79-4085-4084-97b4-47eb73a89710 req-30155c79-4085-4084-97b4-47eb73a89710 ] Request (ServersTestFqdnHostnames:test_create_server_with_fqdn_name): 200 GET http://10.180.1.21/compute/v2.1/servers/7fc7c481-75e8-40f2-a971-752ce6dde59b 0.074s
2025-03-10 17:47:46.414 70372 INFO tempest.lib.common.rest_client [req-18b96cf7-3b3c-4fef-a893-3906b042026a req-18b96cf7-3b3c-4fef-a893-3906b042026a ] Request (ServerMetadataNegativeTestJSON:setUpClass): 201 POST http://10.180.1.21:9696/networking/v2.0/subnets 0.167s
2025-03-10 17:47:46.507 70362 INFO tempest.lib.common.rest_client [req-66984a33-f0e0-4923-8829-4bb3572a531e req-66984a33-f0e0-4923-8829-4bb3572a531e ] Request (AttachInterfacesUnderV243Test:test_add_remove_fixed_ip): 200 GET http://10.180.1.21/compute/v2.1/servers/30eada4d-fdc1-4e54-99d2-d35bbb3fcbe6 0.069s
2025-03-10 17:47:46.522 70342 INFO tempest.lib.common.rest_client [req-7c5a8db7-3179-412e-af87-0a8211e696ea req-7c5a8db7-3179-412e-af87-0a8211e696ea ] Request (ListServerFiltersTestJSON:test_list_servers_filter_by_shutoff_status): 200 GET http://10.180.1.21/compute/v2.1/servers/98cd0eb8-d17a-4a9b-a172-1ba1207168d0 0.173s
2025-03-10 17:47:46.562 70354 INFO tempest.lib.common.rest_client [req-37b47c74-1305-4a1b-aa7b-ab6ef909d0e4 req-37b47c74-1305-4a1b-aa7b-ab6ef909d0e4 ] Request (ImagesTestJSON:test_create_image_from_suspended_server): 200 GET http://10.180.1.21/compute/v2.1/servers/2b1a0943-d59a-441d-a2e6-8149106803b6 0.067s
2025-03-10 17:47:46.625 70346 INFO tempest.lib.common.rest_client [req-9f8ed65f-aafa-48ae-85e3-831dcae38424 req-9f8ed65f-aafa-48ae-85e3-831dcae38424 ] Request (ServersTestBootFromVolume:setUpClass): 200 GET http://10.180.1.21/compute/v2.1/servers/af07ebd0-5f12-49c3-a518-95be9a8d6c82 0.079s
2025-03-10 17:47:46.662 70368 INFO tempest.lib.common.rest_client [req-ea91b1d7-c42e-46d2-8148-db2a351a6f2d req-ea91b1d7-c42e-46d2-8148-db2a351a6f2d ] Request (ServersTestJSON:setUpClass): 200 GET http://10.180.1.21/compute/v2.1/servers/e0b5ad16-f631-444c-a189-167e34574316 0.148s
2025-03-10 17:47:46.686 70314 INFO tempest.lib.common.rest_client [req-d0bb9ac2-871b-4aa0-876e-cd3e160ebb39 req-d0bb9ac2-871b-4aa0-876e-cd3e160ebb39 ] Request (ServerDiskConfigTestJSON:test_rebuild_server_with_manual_disk_config): 200 GET http://10.180.1.21/compute/v2.1/servers/714fafbf-a765-4e2c-8633-997d8244483c 0.124s
2025-03-10 17:47:46.729 70366 INFO tempest.lib.common.rest_client [req-ed3b214a-2f31-4ec2-8283-96e7af67c9f9 req-ed3b214a-2f31-4ec2-8283-96e7af67c9f9 ] Request (ServerActionsV293TestJSON:setUpClass): 200 GET http://10.180.1.21/compute/v2.1/servers/fc04a536-3a6f-4d3a-b0f1-68e9a1cee5e2 0.068s
2025-03-10 17:47:46.804 70358 INFO tempest.lib.common.rest_client [req-7cec80af-a155-4331-afa9-ecdbc0e6c759 req-7cec80af-a155-4331-afa9-ecdbc0e6c759 ] Request (ListImageFiltersTestJSON:setUpClass): 200 GET http://10.180.1.21/compute/v2.1/images/3038820b-fafa-4d89-b2d1-bbbc8ab32242 0.037s
2025-03-10 17:47:46.810 70360 INFO tempest.lib.common.rest_client [req-0d7df73e-ed05-4ef6-a306-1c4bd69d7a66 req-0d7df73e-ed05-4ef6-a306-1c4bd69d7a66 ] Request (ImagesNegativeTestJSON:test_create_image_from_deleted_server): 200 GET http://10.180.1.21/compute/v2.1/servers/b3d62400-e639-4c49-9207-64fd1e684f99 0.079s
2025-03-10 17:47:46.842 70316 WARNING tempest.lib.common.ssh [-] Failed to establish authenticated ssh connection to cirros@10.180.180.167 ([Errno None] Unable to connect to port 22 on 10.180.180.167). Number attempts: 1. Retry after 2 seconds.: paramiko.ssh_exception.NoValidConnectionsError: [Errno None] Unable to connect to port 22 on 10.180.180.167
2025-03-10 17:47:46.901 70328 INFO tempest.lib.common.rest_client [req-f8b9e17d-0a7e-4edd-b6d6-894ceefc8aff req-f8b9e17d-0a7e-4edd-b6d6-894ceefc8aff ] Request (SecurityGroupsTestJSON:test_list_security_groups_by_server): 200 GET http://10.180.1.21/compute/v2.1/servers/a06d4b38-0e39-46ef-a588-7627661cb201 0.077s
2025-03-10 17:47:46.921 70332 INFO tempest.lib.common.rest_client [req-f3f314a6-9650-4102-b817-cee61a5b130e req-f3f314a6-9650-4102-b817-cee61a5b130e ] Request (ListServersNegativeTestJSON:setUpClass): 200 GET http://10.180.1.21/compute/v2.1/servers/40b1fbe3-bde8-4fe1-91ea-00a19e2b86a4 0.075s
2025-03-10 17:47:46.969 70376 INFO tempest.lib.common.rest_client [req-0d626c5e-2aa2-4506-9f00-70bbf72b7c9a req-0d626c5e-2aa2-4506-9f00-70bbf72b7c9a ] Request (ServerActionsTestOtherB:setUpClass): 200 GET http://10.180.1.21/compute/v2.1/servers/a7f01cd7-f148-48fc-a71a-5461672d6039 0.087s
2025-03-10 17:47:46.977 70326 INFO tempest.lib.common.rest_client [req-52ae211f-8aa2-4780-a8e4-def0507d63c3 req-52ae211f-8aa2-4780-a8e4-def0507d63c3 ] Request (ServersAdminNegativeTestJSON:setUpClass): 200 GET http://10.180.1.21/compute/v2.1/servers/b7a1b9e1-4d57-435f-bdb6-51481968aacb 0.073s
2025-03-10 17:47:47.036 70318 INFO tempest.lib.common.rest_client [req-a7d39ecb-ca41-47b9-96b7-180c97ce916d req-a7d39ecb-ca41-47b9-96b7-180c97ce916d ] Request (TenantUsagesTestJSON:tearDownClass): 200 GET http://10.180.1.21/compute/v2.1/servers/1f9d0558-63fb-4a6f-a2d2-dd7a334249a2 0.077s
2025-03-10 17:47:47.245 70330 INFO tempest.lib.common.rest_client [req-256b4e79-35e1-4a4b-b82d-07519ea97c62 req-256b4e79-35e1-4a4b-b82d-07519ea97c62 ] Request (ServerGroupTestJSON:_run_cleanups): 200 GET http://10.180.1.21/compute/v2.1/servers/ab3df643-58db-45b7-a572-9c040135989d 0.065s
2025-03-10 17:47:47.261 70372 INFO tempest.lib.common.rest_client [req-e32410e8-be8b-4d8d-acb0-eabb2a206f39 req-e32410e8-be8b-4d8d-acb0-eabb2a206f39 ] Request (ServerMetadataNegativeTestJSON:setUpClass): 201 POST http://10.180.1.21:9696/networking/v2.0/routers 0.846s
2025-03-10 17:47:47.308 70338 INFO tempest.lib.common.rest_client [req-7b20e859-f1fd-4442-a223-f8b38651f3bb req-7b20e859-f1fd-4442-a223-f8b38651f3bb ] Request (ServerRescueTestJSON:test_rescue_unrescue_instance): 200 GET http://10.180.1.21/compute/v2.1/servers/97cb6372-3f4e-427d-9509-7e6c43aa2e7b 0.076s
2025-03-10 17:47:47.353 70320 INFO tempest.lib.common.rest_client [req-cdcceff1-4905-40f8-857d-387357c074d2 req-cdcceff1-4905-40f8-857d-387357c074d2 ] Request (ServersAdminTestJSON:test_create_server_with_scheduling_hint): 200 GET http://10.180.1.21/compute/v2.1/servers/bcb5131c-b2c6-4971-8a2e-4fcd7133442d 0.160s
2025-03-10 17:47:47.361 70324 INFO tempest.lib.common.rest_client [req-3f44c9df-5637-44bb-9dc7-48fb1a3057dc req-3f44c9df-5637-44bb-9dc7-48fb1a3057dc ] Request (DeleteServersTestJSON:test_delete_active_server): 200 GET http://10.180.1.21/compute/v2.1/servers/62936d27-5405-4d29-b3ff-c4d8a74ba440 0.109s
2025-03-10 17:47:47.363 70320 INFO tempest.common.waiters [-] State transition "BUILD/None" ==> "BUILD/networking" after 53 second wait
2025-03-10 17:47:47.429 70334 INFO tempest.lib.common.rest_client [req-1ca7c68e-9728-4bb6-8e6b-222a31351c91 req-1ca7c68e-9728-4bb6-8e6b-222a31351c91 ] Request (DeleteServersAdminTestJSON:test_delete_server_while_in_error_state): 200 GET http://10.180.1.21/compute/v2.1/servers/c205f559-7fe6-4d7e-beba-2fc96b89d705 0.137s
2025-03-10 17:47:47.441 70370 INFO tempest.lib.common.rest_client [req-344073bc-553b-428b-87f9-eb75580e580f req-344073bc-553b-428b-87f9-eb75580e580f ] Request (MigrationsAdminTest:test_resize_server_revert_deleted_flavor): 200 GET http://10.180.1.21/compute/v2.1/servers/0e8163d9-6ff5-4f1e-af33-ccb42fa46750 0.140s
2025-03-10 17:47:47.463 70336 WARNING tempest.lib.common.ssh [-] Failed to establish authenticated ssh connection to cirros@10.180.180.172 ([Errno None] Unable to connect to port 22 on 10.180.180.172). Number attempts: 9. Retry after 10 seconds.: paramiko.ssh_exception.NoValidConnectionsError: [Errno None] Unable to connect to port 22 on 10.180.180.172
2025-03-10 17:47:47.504 70364 INFO tempest.lib.common.rest_client [req-43e94ed5-6e6f-4133-9f85-127902135d74 req-43e94ed5-6e6f-4133-9f85-127902135d74 ] Request (FloatingIPsAssociationTestJSON:tearDownClass): 200 GET http://10.180.1.21/compute/v2.1/servers/bf75484e-4020-48f7-9419-bd88d0462b90 0.137s
2025-03-10 17:47:47.561 70322 INFO tempest.lib.common.rest_client [req-3ffbf01b-c8bc-45be-9bc3-d9a92e600d86 req-3ffbf01b-c8bc-45be-9bc3-d9a92e600d86 ] Request (ServersTestFqdnHostnames:test_create_server_with_fqdn_name): 200 GET http://10.180.1.21/compute/v2.1/servers/7fc7c481-75e8-40f2-a971-752ce6dde59b 0.140s
2025-03-10 17:47:47.590 70374 INFO tempest.lib.common.rest_client [req-bf2fb2cf-7f18-47b2-b15b-33b48b76bcdc req-bf2fb2cf-7f18-47b2-b15b-33b48b76bcdc ] Request (ServerRescueNegativeTestJSON:setUpClass): 200 GET http://10.180.1.21/compute/v2.1/servers/a8813822-f77b-4b73-a6dc-e0eab83b0402 0.188s
2025-03-10 17:47:47.601 70374 INFO tempest.common.waiters [-] State transition "BUILD/spawning" ==> "ACTIVE/None" after 60 second wait
2025-03-10 17:47:47.617 70362 INFO tempest.lib.common.rest_client [req-39f24c09-ef87-4fce-9f17-116a4d198b91 req-39f24c09-ef87-4fce-9f17-116a4d198b91 ] Request (AttachInterfacesUnderV243Test:test_add_remove_fixed_ip): 200 GET http://10.180.1.21/compute/v2.1/servers/30eada4d-fdc1-4e54-99d2-d35bbb3fcbe6 0.101s
2025-03-10 17:47:47.673 70354 INFO tempest.lib.common.rest_client [req-1089e619-98b7-49b3-b044-2c06e9b938e4 req-1089e619-98b7-49b3-b044-2c06e9b938e4 ] Request (ImagesTestJSON:test_create_image_from_suspended_server): 200 GET http://10.180.1.21/compute/v2.1/servers/2b1a0943-d59a-441d-a2e6-8149106803b6 0.102s
2025-03-10 17:47:47.719 70342 INFO tempest.lib.common.rest_client [req-21ed9c1b-2f3a-4a2e-9917-ebbd68fbcccb req-21ed9c1b-2f3a-4a2e-9917-ebbd68fbcccb ] Request (ListServerFiltersTestJSON:test_list_servers_filter_by_shutoff_status): 200 GET http://10.180.1.21/compute/v2.1/servers/98cd0eb8-d17a-4a9b-a172-1ba1207168d0 0.187s
2025-03-10 17:47:47.729 70342 INFO tempest.common.waiters [-] State transition "SHUTOFF/powering-on" ==> "ACTIVE/None" after 6 second wait
2025-03-10 17:47:47.769 70374 INFO tempest.lib.common.rest_client [req-25811703-555a-4121-9c3b-29c982180e21 req-25811703-555a-4121-9c3b-29c982180e21 ] Request (ServerRescueNegativeTestJSON:setUpClass): 200 POST http://10.180.1.21/compute/v2.1/servers/a8813822-f77b-4b73-a6dc-e0eab83b0402/action 0.167s
2025-03-10 17:47:47.784 70346 INFO tempest.lib.common.rest_client [req-75a53fbf-2779-4777-819d-0bd7544ba777 req-75a53fbf-2779-4777-819d-0bd7544ba777 ] Request (ServersTestBootFromVolume:setUpClass): 200 GET http://10.180.1.21/compute/v2.1/servers/af07ebd0-5f12-49c3-a518-95be9a8d6c82 0.150s
2025-03-10 17:47:47.846 70314 INFO tempest.lib.common.rest_client [req-54db6101-7698-4ebd-8997-15a89c863de4 req-54db6101-7698-4ebd-8997-15a89c863de4 ] Request (ServerDiskConfigTestJSON:test_rebuild_server_with_manual_disk_config): 200 GET http://10.180.1.21/compute/v2.1/servers/714fafbf-a765-4e2c-8633-997d8244483c 0.149s
2025-03-10 17:47:47.856 70342 INFO tempest.lib.common.rest_client [req-cc894403-c752-4088-b20e-13b9193cd240 req-cc894403-c752-4088-b20e-13b9193cd240 ] Request (ListServerFiltersTestJSON:test_list_servers_filter_by_zero_limit): 200 GET http://10.180.1.21/compute/v2.1/servers?limit=0 0.126s
2025-03-10 17:47:47.898 70368 INFO tempest.lib.common.rest_client [req-67f64e1a-6bb3-4191-a1f5-93803fddf20b req-67f64e1a-6bb3-4191-a1f5-93803fddf20b ] Request (ServersTestJSON:setUpClass): 200 GET http://10.180.1.21/compute/v2.1/servers/e0b5ad16-f631-444c-a189-167e34574316 0.228s
2025-03-10 17:47:47.936 70366 INFO tempest.lib.common.rest_client [req-ebc53863-aaa8-4a11-8b87-ac8ac9a8c210 req-ebc53863-aaa8-4a11-8b87-ac8ac9a8c210 ] Request (ServerActionsV293TestJSON:setUpClass): 200 GET http://10.180.1.21/compute/v2.1/servers/fc04a536-3a6f-4d3a-b0f1-68e9a1cee5e2 0.194s
2025-03-10 17:47:47.980 70358 INFO tempest.lib.common.rest_client [req-e5f297d7-8efd-43a1-b553-bbef40c64823 req-e5f297d7-8efd-43a1-b553-bbef40c64823 ] Request (ListImageFiltersTestJSON:setUpClass): 200 GET http://10.180.1.21/compute/v2.1/images/3038820b-fafa-4d89-b2d1-bbbc8ab32242 0.171s
2025-03-10 17:47:47.995 70374 INFO tempest.lib.common.rest_client [req-9469fb5c-ffb1-4cf0-a841-28cb64f2865c req-9469fb5c-ffb1-4cf0-a841-28cb64f2865c ] Request (ServerRescueNegativeTestJSON:setUpClass): 200 GET http://10.180.1.21/compute/v2.1/servers/a8813822-f77b-4b73-a6dc-e0eab83b0402 0.224s
2025-03-10 17:47:48.033 70360 INFO tempest.lib.common.rest_client [req-a997cf83-251b-4bb4-9987-c67ecc0d6d98 req-a997cf83-251b-4bb4-9987-c67ecc0d6d98 ] Request (ImagesNegativeTestJSON:test_create_image_from_deleted_server): 200 GET http://10.180.1.21/compute/v2.1/servers/b3d62400-e639-4c49-9207-64fd1e684f99 0.213s
2025-03-10 17:47:48.092 70328 INFO tempest.lib.common.rest_client [req-e77c396d-d4a9-49d3-b7e2-cb93b382635f req-e77c396d-d4a9-49d3-b7e2-cb93b382635f ] Request (SecurityGroupsTestJSON:test_list_security_groups_by_server): 200 GET http://10.180.1.21/compute/v2.1/servers/a06d4b38-0e39-46ef-a588-7627661cb201 0.182s
2025-03-10 17:47:48.106 70342 INFO tempest.lib.common.rest_client [req-d625f123-b1a7-43cb-b31c-fc05acf0f21c req-d625f123-b1a7-43cb-b31c-fc05acf0f21c ] Request (ListServerFiltersTestJSON:test_list_servers_filtered_by_ip): 200 GET http://10.180.1.21/compute/v2.1/servers/98cd0eb8-d17a-4a9b-a172-1ba1207168d0 0.244s
2025-03-10 17:47:48.141 70332 INFO tempest.lib.common.rest_client [req-b7068dd2-b18b-40cd-a6d1-0377a1afa800 req-b7068dd2-b18b-40cd-a6d1-0377a1afa800 ] Request (ListServersNegativeTestJSON:setUpClass): 200 GET http://10.180.1.21/compute/v2.1/servers/40b1fbe3-bde8-4fe1-91ea-00a19e2b86a4 0.212s
2025-03-10 17:47:48.156 70376 INFO tempest.lib.common.rest_client [req-f88c7978-3aa4-43fa-b0f6-68f2b9df1873 req-f88c7978-3aa4-43fa-b0f6-68f2b9df1873 ] Request (ServerActionsTestOtherB:setUpClass): 200 GET http://10.180.1.21/compute/v2.1/servers/a7f01cd7-f148-48fc-a71a-5461672d6039 0.173s
2025-03-10 17:47:48.192 70326 INFO tempest.lib.common.rest_client [req-3a083260-b22f-49e1-ac32-797fabb72ede req-3a083260-b22f-49e1-ac32-797fabb72ede ] Request (ServersAdminNegativeTestJSON:setUpClass): 200 GET http://10.180.1.21/compute/v2.1/servers/b7a1b9e1-4d57-435f-bdb6-51481968aacb 0.206s
2025-03-10 17:47:48.219 70318 INFO tempest.lib.common.rest_client [req-7e3390e5-afee-484b-8b03-f6f524633f2c req-7e3390e5-afee-484b-8b03-f6f524633f2c ] Request (TenantUsagesTestJSON:tearDownClass): 200 GET http://10.180.1.21/compute/v2.1/servers/1f9d0558-63fb-4a6f-a2d2-dd7a334249a2 0.176s
2025-03-10 17:47:48.287 70342 INFO tempest.lib.common.rest_client [req-acc101aa-01ed-4fa5-95e2-efa039db4b3e req-acc101aa-01ed-4fa5-95e2-efa039db4b3e ] Request (ListServerFiltersTestJSON:test_list_servers_filtered_by_ip): 200 GET http://10.180.1.21/compute/v2.1/servers/7fbab19d-5a0a-4da3-b078-40ca0eaf8c97 0.172s
2025-03-10 17:47:48.318 70330 INFO tempest.lib.common.rest_client [req-7e064848-d0c5-45e3-824a-fdb974c890e7 req-7e064848-d0c5-45e3-824a-fdb974c890e7 ] Request (ServerGroupTestJSON:_run_cleanups): 200 GET http://10.180.1.21/compute/v2.1/servers/ab3df643-58db-45b7-a572-9c040135989d 0.062s
2025-03-10 17:47:48.378 70338 INFO tempest.lib.common.rest_client [req-50bef1b4-473e-4a66-94d4-413354f9045c req-50bef1b4-473e-4a66-94d4-413354f9045c ] Request (ServerRescueTestJSON:test_rescue_unrescue_instance): 200 GET http://10.180.1.21/compute/v2.1/servers/97cb6372-3f4e-427d-9509-7e6c43aa2e7b 0.061s
2025-03-10 17:47:48.401 70342 INFO tempest.lib.common.rest_client [req-3a145950-8762-4ded-a859-8a6545914fd2 req-3a145950-8762-4ded-a859-8a6545914fd2 ] Request (ListServerFiltersTestJSON:test_list_servers_filtered_by_ip): 200 GET http://10.180.1.21/compute/v2.1/servers/94a4a16e-926c-47ce-a5a7-0b216b7c5442 0.102s
2025-03-10 17:47:48.427 70372 INFO tempest.lib.common.rest_client [req-894489b6-421b-4ad8-8c00-de551b90da5b req-894489b6-421b-4ad8-8c00-de551b90da5b ] Request (ServerMetadataNegativeTestJSON:setUpClass): 200 PUT http://10.180.1.21:9696/networking/v2.0/routers/faf618a2-9a0d-40b3-9bce-032120435fb7/add_router_interface 1.165s
2025-03-10 17:47:48.428 70372 INFO tempest.lib.common.dynamic_creds [-] Created isolated network resources for: credentials: Credentials: {'domain_id': 'default', 'domain_name': 'Default', 'username': 'tempest-ServerMetadataNegativeTestJSON-1469643113-project-member', 'project_domain_id': 'default', 'project_domain_name': 'Default', 'project_id': 'd6555d1831c04485b62e06f8579f389b', 'project_name': 'tempest-ServerMetadataNegativeTestJSON-1469643113', 'tenant_id': 'd6555d1831c04485b62e06f8579f389b', 'tenant_name': 'tempest-ServerMetadataNegativeTestJSON-1469643113', 'user_domain_id': 'default', 'user_domain_name': 'Default', 'user_id': 'fb11c1eaf21c48ce874a62e8204e1680', 'system': None}, Network: {'id': '21392731-1137-40a9-aef3-11c1bd8395cb', 'name': 'tempest-ServerMetadataNegativeTestJSON-1774305032-network', 'tenant_id': 'd6555d1831c04485b62e06f8579f389b', 'admin_state_up': True, 'mtu': 8950, 'status': 'ACTIVE', 'subnets': [], 'shared': False, 'project_id': 'd6555d1831c04485b62e06f8579f389b', 'port_security_enabled': True, 'router:external': False, 'provider:network_type': 'vlan', 'provider:physical_network': 'default', 'provider:segmentation_id': 963, 'availability_zone_hints': [], 'availability_zones': [], 'ipv4_address_scope': None, 'ipv6_address_scope': None, 'description': '', 'tags': [], 'created_at': '2025-03-10T17:47:46Z', 'updated_at': '2025-03-10T17:47:46Z', 'revision_number': 1}, Subnet: {'id': 'd732e192-6b41-4362-8f9f-6d2d9dfe1e1d', 'name': 'tempest-ServerMetadataNegativeTestJSON-1774305032-subnet', 'tenant_id': 'd6555d1831c04485b62e06f8579f389b', 'network_id': '21392731-1137-40a9-aef3-11c1bd8395cb', 'ip_version': 4, 'subnetpool_id': None, 'enable_dhcp': True, 'ipv6_ra_mode': None, 'ipv6_address_mode': None, 'gateway_ip': '192.168.128.1', 'cidr': '192.168.128.0/28', 'allocation_pools': [{'start': '192.168.128.2', 'end': '192.168.128.14'}], 'host_routes': [], 'dns_nameservers': [], 'description': '', 'router:external': False, 'service_types': [], 'tags': [], 'created_at': '2025-03-10T17:47:46Z', 'updated_at': '2025-03-10T17:47:46Z', 'revision_number': 0, 'project_id': 'd6555d1831c04485b62e06f8579f389b'}, Router: {'id': 'faf618a2-9a0d-40b3-9bce-032120435fb7', 'name': 'tempest-ServerMetadataNegativeTestJSON-1774305032-router', 'tenant_id': 'd6555d1831c04485b62e06f8579f389b', 'admin_state_up': True, 'status': 'ACTIVE', 'external_gateway_info': {'network_id': 'ff0d9135-0a8d-4ae8-b812-5b19a1f9a4dd', 'external_fixed_ips': [{'subnet_id': '5c9f5337-8338-484b-8e4a-92fa147f8ff2', 'ip_address': '10.180.180.180'}], 'enable_snat': True}, 'description': '', 'availability_zones': [], 'distributed': False, 'ha': False, 'availability_zone_hints': [], 'routes': [], 'flavor_id': None, 'tags': [], 'created_at': '2025-03-10T17:47:46Z', 'updated_at': '2025-03-10T17:47:46Z', 'revision_number': 2, 'project_id': 'd6555d1831c04485b62e06f8579f389b'}
2025-03-10 17:47:48.466 70324 INFO tempest.lib.common.rest_client [req-8cf64d1c-c3e8-435e-8c31-d7f891968129 req-8cf64d1c-c3e8-435e-8c31-d7f891968129 ] Request (DeleteServersTestJSON:test_delete_active_server): 200 GET http://10.180.1.21/compute/v2.1/servers/62936d27-5405-4d29-b3ff-c4d8a74ba440 0.094s
2025-03-10 17:47:48.477 70324 INFO tempest.common.waiters [-] State transition "BUILD/scheduling" ==> "BUILD/None" after 35 second wait
2025-03-10 17:47:48.493 70320 INFO tempest.lib.common.rest_client [req-64eb58eb-31aa-4cfd-b68c-eda60c0054af req-64eb58eb-31aa-4cfd-b68c-eda60c0054af ] Request (ServersAdminTestJSON:test_create_server_with_scheduling_hint): 200 GET http://10.180.1.21/compute/v2.1/servers/bcb5131c-b2c6-4971-8a2e-4fcd7133442d 0.128s
2025-03-10 17:47:48.501 70320 INFO tempest.common.waiters [-] State transition "BUILD/networking" ==> "BUILD/spawning" after 54 second wait
2025-03-10 17:47:48.519 70372 INFO tempest.lib.common.rest_client [req-12770d40-3a7b-426d-8325-80e9e59fdfe7 req-12770d40-3a7b-426d-8325-80e9e59fdfe7 ] Request (ServerMetadataNegativeTestJSON:setUpClass): 201 POST http://10.180.1.21/identity/v3/auth/tokens 0.088s
2025-03-10 17:47:48.562 70372 INFO tempest.lib.common.rest_client [req-f27ab387-b02f-4ba0-aa16-e86ac45d9255 req-f27ab387-b02f-4ba0-aa16-e86ac45d9255 ] Request (ServerMetadataNegativeTestJSON:setUpClass): 201 POST http://10.180.1.21/identity/v3/auth/tokens 0.038s
2025-03-10 17:47:48.562 70372 INFO tempest.lib.common.fixed_network [-] (ServerMetadataNegativeTestJSON:setUpClass) Found network {'id': '21392731-1137-40a9-aef3-11c1bd8395cb', 'name': 'tempest-ServerMetadataNegativeTestJSON-1774305032-network', 'tenant_id': 'd6555d1831c04485b62e06f8579f389b', 'admin_state_up': True, 'mtu': 8950, 'status': 'ACTIVE', 'subnets': [], 'shared': False, 'project_id': 'd6555d1831c04485b62e06f8579f389b', 'port_security_enabled': True, 'router:external': False, 'provider:network_type': 'vlan', 'provider:physical_network': 'default', 'provider:segmentation_id': 963, 'availability_zone_hints': [], 'availability_zones': [], 'ipv4_address_scope': None, 'ipv6_address_scope': None, 'description': '', 'tags': [], 'created_at': '2025-03-10T17:47:46Z', 'updated_at': '2025-03-10T17:47:46Z', 'revision_number': 1} available for tenant
2025-03-10 17:47:48.566 70334 INFO tempest.lib.common.rest_client [req-d033f2d2-33b3-4e06-927c-edb0371cc764 req-d033f2d2-33b3-4e06-927c-edb0371cc764 ] Request (DeleteServersAdminTestJSON:test_delete_server_while_in_error_state): 200 GET http://10.180.1.21/compute/v2.1/servers/c205f559-7fe6-4d7e-beba-2fc96b89d705 0.125s
2025-03-10 17:47:48.628 70370 INFO tempest.lib.common.rest_client [req-a662f863-d5ed-4278-a28e-7a531e6c1248 req-a662f863-d5ed-4278-a28e-7a531e6c1248 ] Request (MigrationsAdminTest:test_resize_server_revert_deleted_flavor): 200 GET http://10.180.1.21/compute/v2.1/servers/0e8163d9-6ff5-4f1e-af33-ccb42fa46750 0.173s
2025-03-10 17:47:48.643 70342 INFO tempest.lib.common.rest_client [req-9470af60-4f78-4c3a-bb5c-0a09a8c04ccf req-9470af60-4f78-4c3a-bb5c-0a09a8c04ccf ] Request (ListServerFiltersTestJSON:test_list_servers_filtered_by_ip): 200 GET http://10.180.1.21/compute/v2.1/servers?ip=192.168.128.12 0.235s
2025-03-10 17:47:48.692 70364 INFO tempest.lib.common.rest_client [req-e8c7ceca-97ff-4174-a797-55a4ad03275d req-e8c7ceca-97ff-4174-a797-55a4ad03275d ] Request (FloatingIPsAssociationTestJSON:tearDownClass): 200 GET http://10.180.1.21/compute/v2.1/servers/bf75484e-4020-48f7-9419-bd88d0462b90 0.179s
2025-03-10 17:47:48.741 70322 INFO tempest.lib.common.rest_client [req-42b83c4b-f6d4-44e6-8015-d79832e13830 req-42b83c4b-f6d4-44e6-8015-d79832e13830 ] Request (ServersTestFqdnHostnames:test_create_server_with_fqdn_name): 200 GET http://10.180.1.21/compute/v2.1/servers/7fc7c481-75e8-40f2-a971-752ce6dde59b 0.168s
2025-03-10 17:47:48.795 70362 INFO tempest.lib.common.rest_client [req-67115ef5-41a8-4ce4-9254-b7ed3872d353 req-67115ef5-41a8-4ce4-9254-b7ed3872d353 ] Request (AttachInterfacesUnderV243Test:test_add_remove_fixed_ip): 200 GET http://10.180.1.21/compute/v2.1/servers/30eada4d-fdc1-4e54-99d2-d35bbb3fcbe6 0.170s
2025-03-10 17:47:48.990 70342 INFO tempest.lib.common.rest_client [req-5011da94-8332-4673-909c-8844a8edf3de req-5011da94-8332-4673-909c-8844a8edf3de ] Request (ListServerFiltersTestJSON:test_list_servers_filtered_by_ip_regex): 200 GET http://10.180.1.21/compute/v2.1/servers/98cd0eb8-d17a-4a9b-a172-1ba1207168d0 0.343s
2025-03-10 17:47:49.071 70354 INFO tempest.lib.common.rest_client [req-0d6b0c2b-3d9b-4fdb-a071-ee1fc86a8eeb req-0d6b0c2b-3d9b-4fdb-a071-ee1fc86a8eeb ] Request (ImagesTestJSON:test_create_image_from_suspended_server): 200 GET http://10.180.1.21/compute/v2.1/servers/2b1a0943-d59a-441d-a2e6-8149106803b6 0.384s
2025-03-10 17:47:49.151 70346 INFO tempest.lib.common.rest_client [req-08c98287-7644-4039-b289-4e742022cf4d req-08c98287-7644-4039-b289-4e742022cf4d ] Request (ServersTestBootFromVolume:setUpClass): 200 GET http://10.180.1.21/compute/v2.1/servers/af07ebd0-5f12-49c3-a518-95be9a8d6c82 0.349s
2025-03-10 17:47:49.214 70314 INFO tempest.lib.common.rest_client [req-ffed04b9-9ab4-4276-9b4d-5b76dc3c0883 req-ffed04b9-9ab4-4276-9b4d-5b76dc3c0883 ] Request (ServerDiskConfigTestJSON:test_rebuild_server_with_manual_disk_config): 200 GET http://10.180.1.21/compute/v2.1/servers/714fafbf-a765-4e2c-8633-997d8244483c 0.356s
2025-03-10 17:47:49.263 70372 INFO tempest.lib.common.rest_client [req-b88a0754-785b-46a9-b1f3-dc07536f6f01 req-b88a0754-785b-46a9-b1f3-dc07536f6f01 ] Request (ServerMetadataNegativeTestJSON:setUpClass): 202 POST http://10.180.1.21/compute/v2.1/servers 0.700s
2025-03-10 17:47:49.338 70366 INFO tempest.lib.common.rest_client [req-7211e444-d596-4871-ac4c-818b6a30528d req-7211e444-d596-4871-ac4c-818b6a30528d ] Request (ServerActionsV293TestJSON:setUpClass): 200 GET http://10.180.1.21/compute/v2.1/servers/fc04a536-3a6f-4d3a-b0f1-68e9a1cee5e2 0.390s
2025-03-10 17:47:49.348 70368 INFO tempest.lib.common.rest_client [req-c6b99678-b72b-4c87-ad1e-8d96251c31f3 req-c6b99678-b72b-4c87-ad1e-8d96251c31f3 ] Request (ServersTestJSON:setUpClass): 200 GET http://10.180.1.21/compute/v2.1/servers/e0b5ad16-f631-444c-a189-167e34574316 0.434s
2025-03-10 17:47:49.377 70358 INFO tempest.lib.common.rest_client [req-70bafdd8-381a-43d7-abce-acbbc3791288 req-70bafdd8-381a-43d7-abce-acbbc3791288 ] Request (ListImageFiltersTestJSON:setUpClass): 200 GET http://10.180.1.21/compute/v2.1/images/3038820b-fafa-4d89-b2d1-bbbc8ab32242 0.392s
