2025-03-10 17:46:03.792 70324 INFO tempest.lib.common.dynamic_creds [-] Dynamic test user b802cf4945444988b2a5989a02ce4a81 is created with scope project and roles: ['admin']
2025-03-10 17:46:03.792 70324 INFO tempest.lib.common.dynamic_creds [-] Acquired dynamic creds: credentials: Credentials: {'domain_id': 'default', 'domain_name': 'Default', 'username': 'tempest-ServerExternalEventsTest-2023700582-project-admin', 'project_domain_id': 'default', 'project_domain_name': 'Default', 'project_id': '4979e164147143b0b8e60bb103162cce', 'project_name': 'tempest-ServerExternalEventsTest-2023700582', 'tenant_id': '4979e164147143b0b8e60bb103162cce', 'tenant_name': 'tempest-ServerExternalEventsTest-2023700582', 'user_domain_id': 'default', 'user_domain_name': 'Default', 'user_id': 'b802cf4945444988b2a5989a02ce4a81', 'system': None}, Network: None, Subnet: None, Router: None
2025-03-10 17:46:03.792 70324 INFO tempest.lib.common.dynamic_creds [-] Created isolated network resources for: credentials: Credentials: {'domain_id': 'default', 'domain_name': 'Default', 'username': 'tempest-ServerExternalEventsTest-2023700582-project-admin', 'project_domain_id': 'default', 'project_domain_name': 'Default', 'project_id': '4979e164147143b0b8e60bb103162cce', 'project_name': 'tempest-ServerExternalEventsTest-2023700582', 'tenant_id': '4979e164147143b0b8e60bb103162cce', 'tenant_name': 'tempest-ServerExternalEventsTest-2023700582', 'user_domain_id': 'default', 'user_domain_name': 'Default', 'user_id': 'b802cf4945444988b2a5989a02ce4a81', 'system': None}, Network: None, Subnet: None, Router: None
2025-03-10 17:46:03.813 70372 INFO tempest.lib.common.rest_client [req-8b0e58d6-3a39-4cff-96fa-774e90033dab req-8b0e58d6-3a39-4cff-96fa-774e90033dab ] Request (ImagesOneServerTestJSON:setUpClass): 201 POST http://10.180.1.21/identity/v3/auth/tokens 0.114s
2025-03-10 17:46:03.814 70372 INFO tempest.lib.common.fixed_network [-] (ImagesOneServerTestJSON:setUpClass) Found network {'id': '47290065-7498-4833-a617-c1038575b524', 'name': 'tempest-ImagesOneServerTestJSON-1460659213-network', 'tenant_id': '60fa5c5488fd4ac38c8c8556109c7413', 'admin_state_up': True, 'mtu': 8950, 'status': 'ACTIVE', 'subnets': [], 'shared': False, 'project_id': '60fa5c5488fd4ac38c8c8556109c7413', 'port_security_enabled': True, 'router:external': False, 'provider:network_type': 'vlan', 'provider:physical_network': 'default', 'provider:segmentation_id': 324, 'availability_zone_hints': [], 'availability_zones': [], 'ipv4_address_scope': None, 'ipv6_address_scope': None, 'description': '', 'tags': [], 'created_at': '2025-03-10T17:45:55Z', 'updated_at': '2025-03-10T17:45:55Z', 'revision_number': 1} available for tenant
2025-03-10 17:46:03.815 70374 INFO tempest.lib.common.rest_client [req-d8e2d726-f65a-4e00-beae-4667e2e052ef req-d8e2d726-f65a-4e00-beae-4667e2e052ef ] Request (ImagesMetadataTestJSON:setUp): 200 PUT http://10.180.1.21/compute/v2.1/images/5ed41f66-145e-40b8-af7e-611cf86e2994/metadata 2.529s
2025-03-10 17:46:03.848 70332 INFO tempest.lib.common.rest_client [req-d54fbd67-6b9e-487f-879f-3566a1c82db7 req-d54fbd67-6b9e-487f-879f-3566a1c82db7 ] Request (FlavorsAccessNegativeTestJSON:_run_cleanups): 200 GET http://10.180.1.21/compute/v2.1/flavors/detail 2.540s
2025-03-10 17:46:03.892 70324 INFO tempest.lib.common.rest_client [req-cf8482af-5dd3-4d87-b566-de7fc8259387 req-cf8482af-5dd3-4d87-b566-de7fc8259387 ] Request (ServerExternalEventsTest:setUpClass): 201 POST http://10.180.1.21/identity/v3/auth/tokens 0.088s
2025-03-10 17:46:03.980 70324 INFO tempest.lib.common.rest_client [req-cc54f6e8-3447-4e18-852e-f3139f7a27db req-cc54f6e8-3447-4e18-852e-f3139f7a27db ] Request (ServerExternalEventsTest:setUpClass): 201 POST http://10.180.1.21/identity/v3/projects 0.087s
2025-03-10 17:46:04.045 70318 INFO tempest.lib.common.rest_client [req-fe2ae9c4-e3d1-41cf-85f0-2e49ef530847 req-fe2ae9c4-e3d1-41cf-85f0-2e49ef530847 ] Request (SecurityGroupsTestAdminJSON:test_list_security_groups_list_all_tenants_filter): 200 POST http://10.180.1.21/compute/v2.1/os-security-groups 2.825s
2025-03-10 17:46:04.057 70324 INFO tempest.lib.common.rest_client [req-9331dd69-a82d-482f-aab1-f42432fdcd6d req-9331dd69-a82d-482f-aab1-f42432fdcd6d ] Request (ServerExternalEventsTest:setUpClass): 201 POST http://10.180.1.21/identity/v3/users 0.076s
2025-03-10 17:46:04.089 70324 INFO tempest.lib.common.rest_client [req-dc5736c7-ec83-4358-a6ef-c6ba1eef5f44 req-dc5736c7-ec83-4358-a6ef-c6ba1eef5f44 ] Request (ServerExternalEventsTest:setUpClass): 200 GET http://10.180.1.21/identity/v3/roles 0.032s
2025-03-10 17:46:04.126 70324 INFO tempest.lib.common.rest_client [req-67b61e3d-083f-47df-97c9-46e40abe1f38 req-67b61e3d-083f-47df-97c9-46e40abe1f38 ] Request (ServerExternalEventsTest:setUpClass): 204 PUT http://10.180.1.21/identity/v3/projects/6928114def5d489ea7a8453c7aa695c3/users/03c4122e81ef4513bfe0139758436eae/roles/1200324e73a54e8fa2398d2639f26fd4 0.036s
2025-03-10 17:46:04.139 70350 INFO tempest.lib.common.rest_client [req-645d1f58-2a13-4948-8dcf-0591ea3cfddb req-645d1f58-2a13-4948-8dcf-0591ea3cfddb ] Request (AttachInterfacesTestJSON:test_create_list_show_delete_interfaces_by_fixed_ip): 200 GET http://10.180.1.21/compute/v2.1/servers/e5d9de80-1ee5-462a-8459-168fd60e1972 2.387s
2025-03-10 17:46:04.159 70316 INFO tempest.lib.common.rest_client [req-4789f437-a2d1-4654-8b11-309cce0bb076 req-4789f437-a2d1-4654-8b11-309cce0bb076 ] Request (HostsAdminTestJSON:tearDownClass): 204 DELETE http://10.180.1.21:9696/networking/v2.0/security-groups/9c8a9e1a-bdfd-46a6-a394-8898b778e702 0.497s
2025-03-10 17:46:04.169 70376 INFO tempest.lib.common.rest_client [req-8cac2b39-eab8-4dc9-a455-642832df6e7f req-8cac2b39-eab8-4dc9-a455-642832df6e7f ] Request (AggregatesAdminNegativeTestJSON:test_aggregate_add_non_exist_host): 404 POST http://10.180.1.21/compute/v2.1/os-aggregates/3/action 2.385s
2025-03-10 17:46:04.171 70356 INFO tempest.lib.common.rest_client [req-f25308a6-12d8-41b3-b2e0-d2ab55835652 req-f25308a6-12d8-41b3-b2e0-d2ab55835652 ] Request (ServersV294TestFqdnHostnames:setUpClass): 200 GET http://10.180.1.21/compute/v2.1/servers/fe20ed11-92f4-4b9f-9e13-68cbbf9d23f0 2.786s
2025-03-10 17:46:04.193 70356 INFO tempest.common.waiters [-] State transition "BUILD/spawning" ==> "ACTIVE/None" after 19 second wait
2025-03-10 17:46:04.195 70340 INFO tempest.lib.common.rest_client [req-b7994567-283e-40b8-b064-3c312822358b req-b7994567-283e-40b8-b064-3c312822358b ] Request (ImagesMetadataNegativeTestJSON:test_get_nonexistent_image_metadata_item): 404 GET http://10.180.1.21/compute/v2.1/images/bf38def3-b555-4c85-88b9-1932ed6dabf3/metadata/os_version 2.105s
2025-03-10 17:46:04.225 70324 INFO tempest.lib.common.rest_client [req-85606803-b559-45c8-afa3-b3698a673024 req-85606803-b559-45c8-afa3-b3698a673024 ] Request (ServerExternalEventsTest:setUpClass): 200 GET http://10.180.1.21/identity/v3/roles 0.098s
2025-03-10 17:46:04.232 70314 INFO tempest.lib.common.rest_client [req-13cd1163-3f26-4926-a63f-edcb7bec6f94 req-13cd1163-3f26-4926-a63f-edcb7bec6f94 ] Request (FloatingIPDetailsNegativeTestJSON:setUpClass): 201 POST http://10.180.1.21:9696/networking/v2.0/subnets 0.994s
2025-03-10 17:46:04.235 70326 INFO tempest.lib.common.rest_client [req-4d14ecf9-d9e1-4bda-9796-889fdc87cf05 req-4d14ecf9-d9e1-4bda-9796-889fdc87cf05 ] Request (FlavorsAccessTestJSON:_run_cleanups): 200 GET http://10.180.1.21/compute/v2.1/flavors/detail 1.694s
2025-03-10 17:46:04.254 70322 INFO tempest.lib.common.rest_client [req-a26c99ec-f330-46e9-84bc-63180c38eaeb req-a26c99ec-f330-46e9-84bc-63180c38eaeb ] Request (FlavorsAdminTestJSON:test_create_flavor_with_none_id): 200 POST http://10.180.1.21/compute/v2.1/flavors 1.672s
2025-03-10 17:46:04.271 70368 INFO tempest.lib.common.rest_client [req-a094a4e5-9402-41da-8a2e-5609e4e36117 req-a094a4e5-9402-41da-8a2e-5609e4e36117 ] Request (FlavorsExtraSpecsTestJSON:test_flavor_set_get_update_show_unset_keys): 200 DELETE http://10.180.1.21/compute/v2.1/flavors/1491100510/os-extra_specs/hw:cpu_policy 1.677s
2025-03-10 17:46:04.294 70316 INFO tempest.lib.common.rest_client [req-dcb96c17-6453-45be-be0d-5311e565eb92 req-dcb96c17-6453-45be-be0d-5311e565eb92 ] Request (HostsAdminTestJSON:tearDownClass): 204 DELETE http://10.180.1.21/identity/v3/projects/6bb769009c3741d98acce8d875f552d1 0.134s
2025-03-10 17:46:04.294 70316 INFO tempest.lib.common.dynamic_creds [-] Deleting project and security group for project: d63ea9088bd84686aad10a4225ebc5d8
2025-03-10 17:46:04.344 70324 INFO tempest.lib.common.rest_client [req-eb0e83cf-32ac-45f3-a2ac-5670276c50c7 req-eb0e83cf-32ac-45f3-a2ac-5670276c50c7 ] Request (ServerExternalEventsTest:setUpClass): 204 PUT http://10.180.1.21/identity/v3/projects/6928114def5d489ea7a8453c7aa695c3/users/03c4122e81ef4513bfe0139758436eae/roles/13e9d83504f94c4596fd4a37fc79901c 0.119s
2025-03-10 17:46:04.345 70324 INFO tempest.lib.common.dynamic_creds [-] Dynamic test user 03c4122e81ef4513bfe0139758436eae is created with scope project and roles: ['admin', 'service']
2025-03-10 17:46:04.345 70324 INFO tempest.lib.common.dynamic_creds [-] Acquired dynamic creds: credentials: Credentials: {'domain_id': 'default', 'domain_name': 'Default', 'username': 'tempest-ServerExternalEventsTest-1004551733-project', 'project_domain_id': 'default', 'project_domain_name': 'Default', 'project_id': '6928114def5d489ea7a8453c7aa695c3', 'project_name': 'tempest-ServerExternalEventsTest-1004551733', 'tenant_id': '6928114def5d489ea7a8453c7aa695c3', 'tenant_name': 'tempest-ServerExternalEventsTest-1004551733', 'user_domain_id': 'default', 'user_domain_name': 'Default', 'user_id': '03c4122e81ef4513bfe0139758436eae', 'system': None}, Network: None, Subnet: None, Router: None
2025-03-10 17:46:04.345 70324 INFO tempest.lib.common.dynamic_creds [-] Created isolated network resources for: credentials: Credentials: {'domain_id': 'default', 'domain_name': 'Default', 'username': 'tempest-ServerExternalEventsTest-1004551733-project', 'project_domain_id': 'default', 'project_domain_name': 'Default', 'project_id': '6928114def5d489ea7a8453c7aa695c3', 'project_name': 'tempest-ServerExternalEventsTest-1004551733', 'tenant_id': '6928114def5d489ea7a8453c7aa695c3', 'tenant_name': 'tempest-ServerExternalEventsTest-1004551733', 'user_domain_id': 'default', 'user_domain_name': 'Default', 'user_id': '03c4122e81ef4513bfe0139758436eae', 'system': None}, Network: None, Subnet: None, Router: None
2025-03-10 17:46:04.377 70338 INFO tempest.lib.common.rest_client [req-584608d4-6c82-41cc-867a-1ab6b4bc7213 req-584608d4-6c82-41cc-867a-1ab6b4bc7213 ] Request (ServerRescueTestJSON:setUpClass): 201 POST http://10.180.1.21:9696/networking/v2.0/routers 3.101s
2025-03-10 17:46:04.393 70336 INFO tempest.lib.common.rest_client [req-4b8bb2f0-9926-49bb-9ff0-35d1613e392a req-4b8bb2f0-9926-49bb-9ff0-35d1613e392a ] Request (VolumesAssistedSnapshotsTest:test_volume_assisted_snapshot_create_delete): 200 POST http://10.180.1.21/compute/v2.1/os-keypairs 1.885s
2025-03-10 17:46:04.400 70334 INFO tempest.lib.common.rest_client [req-e666063e-ae0d-4261-b195-14da330ebbf5 req-e666063e-ae0d-4261-b195-14da330ebbf5 ] Request (DeleteServersAdminTestJSON:test_admin_delete_servers_of_others): 200 GET http://10.180.1.21/compute/v2.1/servers/93b78a8b-389c-4114-8c1d-da80146d80f3 1.574s
2025-03-10 17:46:04.430 70324 INFO tempest.lib.common.rest_client [req-34fac15c-844f-4b8e-9dcb-784266d0d622 req-34fac15c-844f-4b8e-9dcb-784266d0d622 ] Request (ServerExternalEventsTest:setUpClass): 201 POST http://10.180.1.21/identity/v3/auth/tokens 0.080s
2025-03-10 17:46:04.444 70326 INFO tempest.lib.common.rest_client [req-56cddc07-2d15-4147-9955-583ca06e3151 req-56cddc07-2d15-4147-9955-583ca06e3151 ] Request (FlavorsAccessTestJSON:tearDownClass): 204 DELETE http://10.180.1.21/identity/v3/users/0d05678931a24fe0a717a4780596e6aa 0.203s
2025-03-10 17:46:04.474 70320 INFO tempest.lib.common.rest_client [req-38d29f18-d6a4-4295-816d-53adebf290db req-38d29f18-d6a4-4295-816d-53adebf290db ] Request (ServersAdminTestJSON:setUpClass): 201 POST http://10.180.1.21:9696/networking/v2.0/networks 1.101s
2025-03-10 17:46:04.492 70366 INFO tempest.lib.common.rest_client [req-4d5fc651-4958-4892-8996-b2bc28fa218f req-4d5fc651-4958-4892-8996-b2bc28fa218f ] Request (SecurityGroupRulesNegativeTestJSON:test_create_security_group_rule_with_invalid_port_range): 400 POST http://10.180.1.21/compute/v2.1/os-security-group-rules 1.472s
2025-03-10 17:46:04.501 70324 INFO tempest.lib.common.rest_client [req-4776b1c8-df2f-48dc-9879-027174617427 req-4776b1c8-df2f-48dc-9879-027174617427 ] Request (ServerExternalEventsTest:test_create_server_external_events): 201 POST http://10.180.1.21/identity/v3/auth/tokens 0.067s
2025-03-10 17:46:04.502 70324 INFO tempest.lib.common.fixed_network [-] (ServerExternalEventsTest:test_create_server_external_events) Found network None available for tenant
2025-03-10 17:46:04.527 70358 INFO tempest.lib.common.rest_client [req-c52e5afd-b043-4556-991b-9cededa655ae req-c52e5afd-b043-4556-991b-9cededa655ae ] Request (ListImageFiltersTestJSON:setUpClass): 200 GET http://10.180.1.21/compute/v2.1/images/6e6a1d17-8489-46fb-b006-2edbae0003a8 1.461s
2025-03-10 17:46:04.537 70326 INFO tempest.lib.common.rest_client [req-2bc7d12f-e21e-40dd-87b9-e885e3c34f2f req-2bc7d12f-e21e-40dd-87b9-e885e3c34f2f ] Request (FlavorsAccessTestJSON:tearDownClass): 204 DELETE http://10.180.1.21/identity/v3/users/bb51b86bb57f41a8b4ee0658fff67be1 0.092s
2025-03-10 17:46:04.537 70326 INFO tempest.lib.common.dynamic_creds [-] Deleting project and security group for project: fff490b0b1c9497e9d19ea5e07083bc2
2025-03-10 17:46:04.612 70345 INFO tempest.lib.common.rest_client [req-267ce4bb-1247-4c8c-9fd4-499945b59762 req-267ce4bb-1247-4c8c-9fd4-499945b59762 ] Request (ServerPasswordTestJSON:setUpClass): 200 GET http://10.180.1.21/compute/v2.1/servers/068507bb-ee7a-44f7-b315-7d4b2b70e735 1.669s
2025-03-10 17:46:04.615 70326 INFO tempest.lib.common.rest_client [req-64d8e4da-f604-4ed8-9df3-729ed47e8d8d req-64d8e4da-f604-4ed8-9df3-729ed47e8d8d ] Request (FlavorsAccessTestJSON:tearDownClass): 201 POST http://10.180.1.21/identity/v3/auth/tokens 0.078s
2025-03-10 17:46:04.628 70345 INFO tempest.common.waiters [-] State transition "BUILD/block_device_mapping" ==> "BUILD/spawning" after 8 second wait
2025-03-10 17:46:04.662 70330 INFO tempest.lib.common.rest_client [req-761e4560-06aa-4782-ac0f-31e056581926 req-761e4560-06aa-4782-ac0f-31e056581926 ] Request (ServerGroupTestJSON:setUpClass): 201 POST http://10.180.1.21:9696/networking/v2.0/routers 1.961s
2025-03-10 17:46:04.677 70352 INFO tempest.lib.common.rest_client [req-f8b4ad30-713c-4382-a9f3-8dcb0747e481 req-f8b4ad30-713c-4382-a9f3-8dcb0747e481 ] Request (QuotasAdminTestJSON:test_get_default_quotas): 200 GET http://10.180.1.21/compute/v2.1/os-quota-sets/5abb5af6455741cb98a1f3b858324419/defaults 1.364s
2025-03-10 17:46:04.725 70336 INFO tempest.lib.common.rest_client [req-9897479e-2ec0-4b33-9c10-871c7794781e req-9897479e-2ec0-4b33-9c10-871c7794781e ] Request (VolumesAssistedSnapshotsTest:test_volume_assisted_snapshot_create_delete): 201 POST http://10.180.1.21:9696/networking/v2.0/security-groups 0.330s
2025-03-10 17:46:04.739 70352 INFO tempest.lib.common.rest_client [req-82afffa1-55c9-467a-a8fe-f2d3211635c1 req-82afffa1-55c9-467a-a8fe-f2d3211635c1 ] Request (QuotasAdminTestJSON:test_get_updated_quotas): 200 GET http://10.180.1.21/identity/v3/domains?name=Default 0.059s
2025-03-10 17:46:04.787 70352 INFO tempest.lib.common.rest_client [req-da80d883-5fe6-4e15-be62-f854c613f4cc req-da80d883-5fe6-4e15-be62-f854c613f4cc ] Request (QuotasAdminTestJSON:test_get_updated_quotas): 201 POST http://10.180.1.21/identity/v3/projects 0.047s
2025-03-10 17:46:04.831 70364 INFO tempest.lib.common.rest_client [req-1da471f5-189d-47b0-bd41-1832d7f3e6d4 req-1da471f5-189d-47b0-bd41-1832d7f3e6d4 ] Request (FloatingIPsAssociationTestJSON:setUpClass): 200 GET http://10.180.1.21/compute/v2.1/servers/ee4c0f2b-44cb-4b37-8e4a-5706b9932144 1.373s
2025-03-10 17:46:04.870 70352 INFO tempest.lib.common.rest_client [req-c482de94-05cc-4bd1-b7f2-87b6f9d9f062 req-c482de94-05cc-4bd1-b7f2-87b6f9d9f062 ] Request (QuotasAdminTestJSON:test_get_updated_quotas): 200 GET http://10.180.1.21/identity/v3/domains?name=Default 0.082s
2025-03-10 17:46:04.891 70316 INFO tempest.lib.common.rest_client [req-8296f307-77c3-4cca-895c-f2acd0c07924 req-8296f307-77c3-4cca-895c-f2acd0c07924 ] Request (HostsAdminTestJSON:tearDownClass): 200 GET http://10.180.1.21:9696/networking/v2.0/security-groups?tenant_id=d63ea9088bd84686aad10a4225ebc5d8&name=default 0.597s
2025-03-10 17:46:04.961 70328 INFO tempest.lib.common.rest_client [req-22965029-411b-4f7d-863c-dd21da3ee5cf req-22965029-411b-4f7d-863c-dd21da3ee5cf ] Request (FloatingIPsAssociationNegativeTestJSON:setUpClass): 200 GET http://10.180.1.21/compute/v2.1/servers/64ab568c-a2ef-4bac-8885-3dde76f9f764 1.613s
2025-03-10 17:46:04.974 70328 INFO tempest.common.waiters [-] State transition "BUILD/spawning" ==> "ACTIVE/None" after 24 second wait
2025-03-10 17:46:04.997 70358 INFO tempest.lib.common.rest_client [req-f874c135-7a84-4d6d-99b7-93b2195a1ea0 req-f874c135-7a84-4d6d-99b7-93b2195a1ea0 ] Request (ListImageFiltersTestJSON:setUpClass): 201 POST http://10.180.1.21/image/v2/images 0.466s
2025-03-10 17:46:05.014 70348 INFO tempest.lib.common.rest_client [req-c4f035eb-f127-4d90-8561-f94515a5ad89 req-c4f035eb-f127-4d90-8561-f94515a5ad89 ] Request (ValidationResourcesFixture:setUp): 200 POST http://10.180.1.21/compute/v2.1/os-keypairs 1.406s
2025-03-10 17:46:05.107 70362 INFO tempest.lib.common.rest_client [req-919ad8bd-06ce-4136-a3ff-5780372056be req-919ad8bd-06ce-4136-a3ff-5780372056be ] Request (ServerDiagnosticsV248Test:test_get_server_diagnostics): 200 GET http://10.180.1.21/compute/v2.1/servers/f249c0b9-ddd7-4b63-ae3a-11035764d3e5 1.362s
2025-03-10 17:46:05.124 70362 INFO tempest.common.waiters [-] State transition "BUILD/spawning" ==> "ACTIVE/None" after 16 second wait
2025-03-10 17:46:05.132 70346 INFO tempest.lib.common.rest_client [req-270d0c63-ed3f-4b2f-92de-20516d0075e5 req-270d0c63-ed3f-4b2f-92de-20516d0075e5 ] Request (ServerDiagnosticsTest:test_get_server_diagnostics): 200 GET http://10.180.1.21/compute/v2.1/servers/e934fc79-f7c5-4ca9-9f81-85467c1e9b45 1.607s
2025-03-10 17:46:05.164 70336 INFO tempest.lib.common.rest_client [req-e7fe6bd3-b522-4109-91c9-f4df75ac71b3 req-e7fe6bd3-b522-4109-91c9-f4df75ac71b3 ] Request (VolumesAssistedSnapshotsTest:test_volume_assisted_snapshot_create_delete): 201 POST http://10.180.1.21:9696/networking/v2.0/security-group-rules 0.436s
2025-03-10 17:46:05.216 70326 INFO tempest.lib.common.rest_client [req-93f8532c-c03b-4c98-a54b-ab7aa62eb566 req-93f8532c-c03b-4c98-a54b-ab7aa62eb566 ] Request (FlavorsAccessTestJSON:tearDownClass): 200 GET http://10.180.1.21:9696/networking/v2.0/security-groups?tenant_id=fff490b0b1c9497e9d19ea5e07083bc2&name=default 0.600s
2025-03-10 17:46:05.294 70316 INFO tempest.lib.common.rest_client [req-95a6c35f-a2ca-49a7-854e-e2fa531815eb req-95a6c35f-a2ca-49a7-854e-e2fa531815eb ] Request (HostsAdminTestJSON:tearDownClass): 204 DELETE http://10.180.1.21:9696/networking/v2.0/security-groups/ddc8f43b-e363-4f8f-a455-f83cafd487e2 0.402s
2025-03-10 17:46:05.321 70320 INFO tempest.lib.common.rest_client [req-5bf0e9b7-8fb4-4392-a417-6aa79b9646a9 req-5bf0e9b7-8fb4-4392-a417-6aa79b9646a9 ] Request (ServersAdminTestJSON:setUpClass): 201 POST http://10.180.1.21:9696/networking/v2.0/subnets 0.846s
2025-03-10 17:46:05.409 70374 INFO tempest.lib.common.rest_client [req-ebaa7ffd-1508-4c10-8066-03418af704f9 req-ebaa7ffd-1508-4c10-8066-03418af704f9 ] Request (ImagesMetadataTestJSON:test_set_image_metadata): 200 PUT http://10.180.1.21/compute/v2.1/images/5ed41f66-145e-40b8-af7e-611cf86e2994/metadata 1.593s
2025-03-10 17:46:05.411 70348 INFO tempest.lib.common.rest_client [req-1c0b7044-3677-4220-a3c5-e243bdeaefe6 req-1c0b7044-3677-4220-a3c5-e243bdeaefe6 ] Request (ValidationResourcesFixture:setUp): 201 POST http://10.180.1.21:9696/networking/v2.0/security-groups 0.395s
2025-03-10 17:46:05.430 70332 INFO tempest.lib.common.rest_client [req-5cb9821e-4892-48b6-b37c-f03b3d14b084 req-5cb9821e-4892-48b6-b37c-f03b3d14b084 ] Request (FlavorsAccessNegativeTestJSON:test_flavor_non_admin_add): 200 POST http://10.180.1.21/compute/v2.1/flavors 1.574s
2025-03-10 17:46:05.436 70316 INFO tempest.lib.common.rest_client [req-7ef97184-dc14-46af-8ed8-56ce2410c17c req-7ef97184-dc14-46af-8ed8-56ce2410c17c ] Request (HostsAdminTestJSON:tearDownClass): 204 DELETE http://10.180.1.21/identity/v3/projects/d63ea9088bd84686aad10a4225ebc5d8 0.141s
2025-03-10 17:46:05.437 70316 INFO tempest.test [-] raised in UnshelveToHostMultiNodesTest.setUpClass. Invoking tearDownClass.
2025-03-10 17:46:05.519 70316 INFO tempest.lib.common.rest_client [req-431a68db-929f-4adb-8391-0d26f3d05bc9 req-431a68db-929f-4adb-8391-0d26f3d05bc9 ] Request (ServicesAdminNegativeV253TestJSON:setUpClass): 201 POST http://10.180.1.21/identity/v3/auth/tokens 0.079s
2025-03-10 17:46:05.558 70316 INFO tempest.lib.common.rest_client [req-c38b7df3-f85f-4f58-84a5-a2cdcaa53e46 req-c38b7df3-f85f-4f58-84a5-a2cdcaa53e46 ] Request (ServicesAdminNegativeV253TestJSON:setUpClass): 201 POST http://10.180.1.21/identity/v3/auth/tokens 0.034s
2025-03-10 17:46:05.593 70370 INFO tempest.lib.common.rest_client [req-95402de6-1905-4663-be96-2e1f6cff5155 req-95402de6-1905-4663-be96-2e1f6cff5155 ] Request (MigrationsAdminTest:test_list_migrations_in_flavor_resize_situation): 200 GET http://10.180.1.21/compute/v2.1/servers/1d436762-964d-40d9-871e-ee33c3ba25b5 1.725s
2025-03-10 17:46:05.600 70316 INFO tempest.lib.common.rest_client [req-13ff7c41-5a45-4af3-9060-fd1f74881b98 req-13ff7c41-5a45-4af3-9060-fd1f74881b98 ] Request (ServicesAdminNegativeV253TestJSON:setUpClass): 200 GET http://10.180.1.21/identity/v3/domains?name=Default 0.042s
2025-03-10 17:46:05.619 70336 INFO tempest.lib.common.rest_client [req-80d12caa-93f1-4707-8213-5fd945f7ba79 req-80d12caa-93f1-4707-8213-5fd945f7ba79 ] Request (VolumesAssistedSnapshotsTest:test_volume_assisted_snapshot_create_delete): 201 POST http://10.180.1.21:9696/networking/v2.0/security-group-rules 0.453s
2025-03-10 17:46:05.639 70316 INFO tempest.lib.common.rest_client [req-2ee02ec8-f6ef-4463-b4f9-d1ff2f72f990 req-2ee02ec8-f6ef-4463-b4f9-d1ff2f72f990 ] Request (ServicesAdminNegativeV253TestJSON:setUpClass): 201 POST http://10.180.1.21/identity/v3/projects 0.038s
2025-03-10 17:46:05.682 70326 INFO tempest.lib.common.rest_client [req-2dafe2ae-2594-4297-b0ba-df349e8ae78d req-2dafe2ae-2594-4297-b0ba-df349e8ae78d ] Request (FlavorsAccessTestJSON:tearDownClass): 204 DELETE http://10.180.1.21:9696/networking/v2.0/security-groups/9f4f43e8-c70f-4365-9222-3e82d845b987 0.466s
2025-03-10 17:46:05.706 70316 INFO tempest.lib.common.rest_client [req-86de0f4a-95e9-4a21-8182-3a276c453f68 req-86de0f4a-95e9-4a21-8182-3a276c453f68 ] Request (ServicesAdminNegativeV253TestJSON:setUpClass): 201 POST http://10.180.1.21/identity/v3/users 0.067s
2025-03-10 17:46:05.738 70316 INFO tempest.lib.common.rest_client [req-0e8c21f2-5423-481d-8e41-ffe72d355538 req-0e8c21f2-5423-481d-8e41-ffe72d355538 ] Request (ServicesAdminNegativeV253TestJSON:setUpClass): 200 GET http://10.180.1.21/identity/v3/roles 0.031s
2025-03-10 17:46:05.773 70326 INFO tempest.lib.common.rest_client [req-b83d1715-7459-41e8-a2a9-57235819dd4d req-b83d1715-7459-41e8-a2a9-57235819dd4d ] Request (FlavorsAccessTestJSON:tearDownClass): 204 DELETE http://10.180.1.21/identity/v3/projects/fff490b0b1c9497e9d19ea5e07083bc2 0.090s
2025-03-10 17:46:05.773 70326 INFO tempest.lib.common.dynamic_creds [-] Deleting project and security group for project: a64cf99e3154450187162ef63e732fec
2025-03-10 17:46:05.802 70316 INFO tempest.lib.common.rest_client [req-9fed047c-f469-454b-884c-f883b3983794 req-9fed047c-f469-454b-884c-f883b3983794 ] Request (ServicesAdminNegativeV253TestJSON:setUpClass): 204 PUT http://10.180.1.21/identity/v3/projects/a078ecfe6594425c81316c40e6187aa2/users/0a05e3536f494366ad222a74cd211bb2/roles/c084b02551ab46faa35f78e74671cf6e 0.064s
2025-03-10 17:46:05.803 70316 INFO tempest.lib.common.dynamic_creds [-] Dynamic test user 0a05e3536f494366ad222a74cd211bb2 is created with scope project and roles: ['member']
2025-03-10 17:46:05.803 70316 INFO tempest.lib.common.dynamic_creds [-] Acquired dynamic creds: credentials: Credentials: {'domain_id': 'default', 'domain_name': 'Default', 'username': 'tempest-ServicesAdminNegativeV253TestJSON-831013185-project-member', 'project_domain_id': 'default', 'project_domain_name': 'Default', 'project_id': 'a078ecfe6594425c81316c40e6187aa2', 'project_name': 'tempest-ServicesAdminNegativeV253TestJSON-831013185', 'tenant_id': 'a078ecfe6594425c81316c40e6187aa2', 'tenant_name': 'tempest-ServicesAdminNegativeV253TestJSON-831013185', 'user_domain_id': 'default', 'user_domain_name': 'Default', 'user_id': '0a05e3536f494366ad222a74cd211bb2', 'system': None}, Network: None, Subnet: None, Router: None
2025-03-10 17:46:05.803 70316 INFO tempest.lib.common.dynamic_creds [-] Created isolated network resources for: credentials: Credentials: {'domain_id': 'default', 'domain_name': 'Default', 'username': 'tempest-ServicesAdminNegativeV253TestJSON-831013185-project-member', 'project_domain_id': 'default', 'project_domain_name': 'Default', 'project_id': 'a078ecfe6594425c81316c40e6187aa2', 'project_name': 'tempest-ServicesAdminNegativeV253TestJSON-831013185', 'tenant_id': 'a078ecfe6594425c81316c40e6187aa2', 'tenant_name': 'tempest-ServicesAdminNegativeV253TestJSON-831013185', 'user_domain_id': 'default', 'user_domain_name': 'Default', 'user_id': '0a05e3536f494366ad222a74cd211bb2', 'system': None}, Network: None, Subnet: None, Router: None
2025-03-10 17:46:05.894 70316 INFO tempest.lib.common.rest_client [req-1d8b681a-08da-4e26-8e42-64f2bddd739a req-1d8b681a-08da-4e26-8e42-64f2bddd739a ] Request (ServicesAdminNegativeV253TestJSON:setUpClass): 201 POST http://10.180.1.21/identity/v3/auth/tokens 0.084s
2025-03-10 17:46:05.974 70316 INFO tempest.lib.common.rest_client [req-664791c0-c5f6-44f1-8708-496bb3b2c7a1 req-664791c0-c5f6-44f1-8708-496bb3b2c7a1 ] Request (ServicesAdminNegativeV253TestJSON:setUpClass): 201 POST http://10.180.1.21/identity/v3/projects 0.079s
2025-03-10 17:46:06.015 70348 INFO tempest.lib.common.rest_client [req-dde8e213-653f-4219-9879-d9fb811c57cd req-dde8e213-653f-4219-9879-d9fb811c57cd ] Request (ValidationResourcesFixture:setUp): 201 POST http://10.180.1.21:9696/networking/v2.0/security-group-rules 0.603s
2025-03-10 17:46:06.055 70316 INFO tempest.lib.common.rest_client [req-e32a1bef-43ec-4dca-9cfb-3a3d79551ffc req-e32a1bef-43ec-4dca-9cfb-3a3d79551ffc ] Request (ServicesAdminNegativeV253TestJSON:setUpClass): 201 POST http://10.180.1.21/identity/v3/users 0.081s
2025-03-10 17:46:06.081 70316 INFO tempest.lib.common.rest_client [req-b45e3ffa-9127-4fbe-9249-094160b2f9fc req-b45e3ffa-9127-4fbe-9249-094160b2f9fc ] Request (ServicesAdminNegativeV253TestJSON:setUpClass): 200 GET http://10.180.1.21/identity/v3/roles 0.024s
2025-03-10 17:46:06.110 70316 INFO tempest.lib.common.rest_client [req-659e0e91-c3be-46d2-a931-d2ad540b1281 req-659e0e91-c3be-46d2-a931-d2ad540b1281 ] Request (ServicesAdminNegativeV253TestJSON:setUpClass): 204 PUT http://10.180.1.21/identity/v3/projects/966df80782a54498a01b81812188e703/users/522f9c9594a34e07a694844b23fbdd2c/roles/1200324e73a54e8fa2398d2639f26fd4 0.029s
2025-03-10 17:46:06.173 70316 INFO tempest.lib.common.rest_client [req-429cd329-285e-44ab-896d-62e15b9d3a83 req-429cd329-285e-44ab-896d-62e15b9d3a83 ] Request (ServicesAdminNegativeV253TestJSON:setUpClass): 200 GET http://10.180.1.21/identity/v3/roles 0.061s
2025-03-10 17:46:06.254 70316 INFO tempest.lib.common.rest_client [req-71b07973-e758-43f6-a503-8c1ce2988432 req-71b07973-e758-43f6-a503-8c1ce2988432 ] Request (ServicesAdminNegativeV253TestJSON:setUpClass): 204 PUT http://10.180.1.21/identity/v3/projects/966df80782a54498a01b81812188e703/users/522f9c9594a34e07a694844b23fbdd2c/roles/1200324e73a54e8fa2398d2639f26fd4 0.081s
2025-03-10 17:46:06.254 70316 INFO tempest.lib.common.dynamic_creds [-] Dynamic test user 522f9c9594a34e07a694844b23fbdd2c is created with scope project and roles: ['admin']
2025-03-10 17:46:06.255 70316 INFO tempest.lib.common.dynamic_creds [-] Acquired dynamic creds: credentials: Credentials: {'domain_id': 'default', 'domain_name': 'Default', 'username': 'tempest-ServicesAdminNegativeV253TestJSON-1319196142-project-admin', 'project_domain_id': 'default', 'project_domain_name': 'Default', 'project_id': '966df80782a54498a01b81812188e703', 'project_name': 'tempest-ServicesAdminNegativeV253TestJSON-1319196142', 'tenant_id': '966df80782a54498a01b81812188e703', 'tenant_name': 'tempest-ServicesAdminNegativeV253TestJSON-1319196142', 'user_domain_id': 'default', 'user_domain_name': 'Default', 'user_id': '522f9c9594a34e07a694844b23fbdd2c', 'system': None}, Network: None, Subnet: None, Router: None
2025-03-10 17:46:06.255 70316 INFO tempest.lib.common.dynamic_creds [-] Created isolated network resources for: credentials: Credentials: {'domain_id': 'default', 'domain_name': 'Default', 'username': 'tempest-ServicesAdminNegativeV253TestJSON-1319196142-project-admin', 'project_domain_id': 'default', 'project_domain_name': 'Default', 'project_id': '966df80782a54498a01b81812188e703', 'project_name': 'tempest-ServicesAdminNegativeV253TestJSON-1319196142', 'tenant_id': '966df80782a54498a01b81812188e703', 'tenant_name': 'tempest-ServicesAdminNegativeV253TestJSON-1319196142', 'user_domain_id': 'default', 'user_domain_name': 'Default', 'user_id': '522f9c9594a34e07a694844b23fbdd2c', 'system': None}, Network: None, Subnet: None, Router: None
2025-03-10 17:46:06.307 70318 INFO tempest.lib.common.rest_client [req-33676bbe-79d4-4c92-af48-5f12f66f377e req-33676bbe-79d4-4c92-af48-5f12f66f377e ] Request (SecurityGroupsTestAdminJSON:test_list_security_groups_list_all_tenants_filter): 200 POST http://10.180.1.21/compute/v2.1/os-security-groups 2.257s
2025-03-10 17:46:06.336 70316 INFO tempest.lib.common.rest_client [req-5304b6ef-9cf2-4e42-82d0-788b203fb828 req-5304b6ef-9cf2-4e42-82d0-788b203fb828 ] Request (ServicesAdminNegativeV253TestJSON:setUpClass): 201 POST http://10.180.1.21/identity/v3/auth/tokens 0.079s
2025-03-10 17:46:06.340 70376 INFO tempest.lib.common.rest_client [req-5f6620c9-2abb-459d-bcbe-6a67ddde8f9a req-5f6620c9-2abb-459d-bcbe-6a67ddde8f9a ] Request (AggregatesAdminNegativeTestJSON:_run_cleanups): 200 DELETE http://10.180.1.21/compute/v2.1/os-aggregates/3 2.170s
2025-03-10 17:46:06.400 70326 INFO tempest.lib.common.rest_client [req-4e377f86-3956-468f-ba23-835f94d097f9 req-4e377f86-3956-468f-ba23-835f94d097f9 ] Request (FlavorsAccessTestJSON:tearDownClass): 200 GET http://10.180.1.21:9696/networking/v2.0/security-groups?tenant_id=a64cf99e3154450187162ef63e732fec&name=default 0.627s
2025-03-10 17:46:06.442 70372 INFO tempest.lib.common.rest_client [req-510bf1f4-7df0-47b0-a34c-49493fad7175 req-510bf1f4-7df0-47b0-a34c-49493fad7175 ] Request (ImagesOneServerTestJSON:setUpClass): 202 POST http://10.180.1.21/compute/v2.1/servers 2.627s
2025-03-10 17:46:06.459 70348 INFO tempest.lib.common.rest_client [req-767082c7-8ecf-4103-b8db-839be8bf2570 req-767082c7-8ecf-4103-b8db-839be8bf2570 ] Request (ValidationResourcesFixture:setUp): 201 POST http://10.180.1.21:9696/networking/v2.0/security-group-rules 0.443s
2025-03-10 17:46:06.461 70340 INFO tempest.lib.common.rest_client [req-170a411c-58ab-4949-862b-d4d3ea2cb710 req-170a411c-58ab-4949-862b-d4d3ea2cb710 ] Request (ImagesMetadataNegativeTestJSON:test_list_nonexistent_image_metadata): 404 GET http://10.180.1.21/compute/v2.1/images/668913e4-ff4a-435c-875a-f3ee8a5ed6c5/metadata 2.264s
2025-03-10 17:46:06.480 70322 INFO tempest.lib.common.rest_client [req-39ad6612-1724-4d21-b1a1-9337ef1e4ef0 req-39ad6612-1724-4d21-b1a1-9337ef1e4ef0 ] Request (FlavorsAdminTestJSON:_run_cleanups): 202 DELETE http://10.180.1.21/compute/v2.1/flavors/f289ac0a-bb29-4f01-84d4-9766f463afa1 2.223s
2025-03-10 17:46:06.498 70368 INFO tempest.lib.common.rest_client [req-6e25f9e3-25b2-4525-866a-05d799b98915 req-6e25f9e3-25b2-4525-866a-05d799b98915 ] Request (FlavorsExtraSpecsTestJSON:test_flavor_set_get_update_show_unset_keys): 200 GET http://10.180.1.21/compute/v2.1/flavors/1491100510/os-extra_specs 2.226s
2025-03-10 17:46:06.507 70356 INFO tempest.lib.common.rest_client [req-d014d41d-2dfa-422d-84ce-27128acddad5 req-d014d41d-2dfa-422d-84ce-27128acddad5 ] Request (ServersV294TestFqdnHostnames:setUpClass): 200 GET http://10.180.1.21/compute/v2.1/servers/fe20ed11-92f4-4b9f-9e13-68cbbf9d23f0/os-interface 2.313s
2025-03-10 17:46:06.565 70354 INFO tempest.lib.common.rest_client [req-08143ec3-124f-4342-b61c-4851a86b3134 req-08143ec3-124f-4342-b61c-4851a86b3134 ] Request (ImagesTestJSON:setUpClass): 201 POST http://10.180.1.21:9696/networking/v2.0/routers 3.349s
2025-03-10 17:46:06.699 70358 INFO tempest.lib.common.rest_client [req-a2587b12-040c-4950-8262-ce6faa38bfc5 req-a2587b12-040c-4950-8262-ce6faa38bfc5 ] Request (ListImageFiltersTestJSON:setUpClass): 204 PUT http://10.180.1.21/image/v2/images/8377513e-8cb2-4963-9e1e-b12f296bc5ea/file 0.701s
2025-03-10 17:46:06.909 70326 INFO tempest.lib.common.rest_client [req-faccec8d-8757-435b-b299-492a4ed10dad req-faccec8d-8757-435b-b299-492a4ed10dad ] Request (FlavorsAccessTestJSON:tearDownClass): 204 DELETE http://10.180.1.21:9696/networking/v2.0/security-groups/d7ec5c16-d251-49d3-824a-7247e9704723 0.507s
2025-03-10 17:46:07.038 70366 INFO tempest.lib.common.rest_client [req-e2235c1b-3bba-41c1-87f8-cab7c9018f02 req-e2235c1b-3bba-41c1-87f8-cab7c9018f02 ] Request (SecurityGroupRulesNegativeTestJSON:test_create_security_group_rule_with_invalid_to_port): 200 POST http://10.180.1.21/compute/v2.1/os-security-groups 2.544s
2025-03-10 17:46:07.064 70326 INFO tempest.lib.common.rest_client [req-37a2cf6e-a00a-4281-b826-70ff924adbe7 req-37a2cf6e-a00a-4281-b826-70ff924adbe7 ] Request (FlavorsAccessTestJSON:tearDownClass): 204 DELETE http://10.180.1.21/identity/v3/projects/a64cf99e3154450187162ef63e732fec 0.155s
2025-03-10 17:46:07.178 70324 INFO tempest.lib.common.rest_client [req-946f5f72-80a2-42b0-8b9b-fa7135064df2 req-946f5f72-80a2-42b0-8b9b-fa7135064df2 ] Request (ServerExternalEventsTest:test_create_server_external_events): 202 POST http://10.180.1.21/compute/v2.1/servers 2.675s
2025-03-10 17:46:07.188 70326 INFO tempest.lib.common.rest_client [req-192c3730-10eb-414c-9da7-40d91349ff1a req-192c3730-10eb-414c-9da7-40d91349ff1a ] Request (ServerDiagnosticsNegativeTest:setUpClass): 201 POST http://10.180.1.21/identity/v3/auth/tokens 0.122s
2025-03-10 17:46:07.227 70326 INFO tempest.lib.common.rest_client [req-2245c0d0-6925-48ed-a598-309903fd20c6 req-2245c0d0-6925-48ed-a598-309903fd20c6 ] Request (ServerDiagnosticsNegativeTest:setUpClass): 201 POST http://10.180.1.21/identity/v3/auth/tokens 0.037s
2025-03-10 17:46:07.278 70326 INFO tempest.lib.common.rest_client [req-04ebfbe4-f50c-41e7-93dd-3bc88718d011 req-04ebfbe4-f50c-41e7-93dd-3bc88718d011 ] Request (ServerDiagnosticsNegativeTest:setUpClass): 200 GET http://10.180.1.21/identity/v3/domains?name=Default 0.050s
2025-03-10 17:46:07.315 70326 INFO tempest.lib.common.rest_client [req-ed3e11c0-8929-48f4-adae-7020e090d04e req-ed3e11c0-8929-48f4-adae-7020e090d04e ] Request (ServerDiagnosticsNegativeTest:setUpClass): 201 POST http://10.180.1.21/identity/v3/projects 0.037s
2025-03-10 17:46:07.383 70326 INFO tempest.lib.common.rest_client [req-b8ae0825-035d-491a-a141-70f45605221e req-b8ae0825-035d-491a-a141-70f45605221e ] Request (ServerDiagnosticsNegativeTest:setUpClass): 201 POST http://10.180.1.21/identity/v3/users 0.067s
2025-03-10 17:46:07.416 70336 INFO tempest.lib.common.rest_client [req-3047321a-0546-4ced-ae2e-82ba840c6f55 req-3047321a-0546-4ced-ae2e-82ba840c6f55 ] Request (VolumesAssistedSnapshotsTest:test_volume_assisted_snapshot_create_delete): 201 POST http://10.180.1.21:9696/networking/v2.0/floatingips 1.796s
2025-03-10 17:46:07.425 70326 INFO tempest.lib.common.rest_client [req-ce2b3ecc-f473-4ce2-aace-5d45bb572e35 req-ce2b3ecc-f473-4ce2-aace-5d45bb572e35 ] Request (ServerDiagnosticsNegativeTest:setUpClass): 200 GET http://10.180.1.21/identity/v3/roles 0.042s
2025-03-10 17:46:07.478 70326 INFO tempest.lib.common.rest_client [req-218ec5fb-abfa-4574-964f-a1b3ee2e9e51 req-218ec5fb-abfa-4574-964f-a1b3ee2e9e51 ] Request (ServerDiagnosticsNegativeTest:setUpClass): 204 PUT http://10.180.1.21/identity/v3/projects/44ba33c0faa743dbba7666a8b8eec8df/users/f616200813c34b55bf3a07357c84b61e/roles/c084b02551ab46faa35f78e74671cf6e 0.053s
2025-03-10 17:46:07.479 70326 INFO tempest.lib.common.dynamic_creds [-] Dynamic test user f616200813c34b55bf3a07357c84b61e is created with scope project and roles: ['member']
2025-03-10 17:46:07.479 70326 INFO tempest.lib.common.dynamic_creds [-] Acquired dynamic creds: credentials: Credentials: {'domain_id': 'default', 'domain_name': 'Default', 'username': 'tempest-ServerDiagnosticsNegativeTest-1117125106-project-member', 'project_domain_id': 'default', 'project_domain_name': 'Default', 'project_id': '44ba33c0faa743dbba7666a8b8eec8df', 'project_name': 'tempest-ServerDiagnosticsNegativeTest-1117125106', 'tenant_id': '44ba33c0faa743dbba7666a8b8eec8df', 'tenant_name': 'tempest-ServerDiagnosticsNegativeTest-1117125106', 'user_domain_id': 'default', 'user_domain_name': 'Default', 'user_id': 'f616200813c34b55bf3a07357c84b61e', 'system': None}, Network: None, Subnet: None, Router: None
2025-03-10 17:46:07.479 70326 INFO tempest.lib.common.dynamic_creds [-] Created isolated network resources for: credentials: Credentials: {'domain_id': 'default', 'domain_name': 'Default', 'username': 'tempest-ServerDiagnosticsNegativeTest-1117125106-project-member', 'project_domain_id': 'default', 'project_domain_name': 'Default', 'project_id': '44ba33c0faa743dbba7666a8b8eec8df', 'project_name': 'tempest-ServerDiagnosticsNegativeTest-1117125106', 'tenant_id': '44ba33c0faa743dbba7666a8b8eec8df', 'tenant_name': 'tempest-ServerDiagnosticsNegativeTest-1117125106', 'user_domain_id': 'default', 'user_domain_name': 'Default', 'user_id': 'f616200813c34b55bf3a07357c84b61e', 'system': None}, Network: None, Subnet: None, Router: None
2025-03-10 17:46:07.493 70314 INFO tempest.lib.common.rest_client [req-c19ff2db-8c0b-48de-af2f-3acb24aaaccd req-c19ff2db-8c0b-48de-af2f-3acb24aaaccd ] Request (FloatingIPDetailsNegativeTestJSON:setUpClass): 201 POST http://10.180.1.21:9696/networking/v2.0/routers 3.260s
2025-03-10 17:46:07.498 70352 INFO tempest.lib.common.rest_client [req-bbc5e51b-93f8-4df2-a88b-48067df8e3a7 req-bbc5e51b-93f8-4df2-a88b-48067df8e3a7 ] Request (QuotasAdminTestJSON:test_get_updated_quotas): 200 PUT http://10.180.1.21/compute/v2.1/os-quota-sets/ed8c969da9254c4cb6594ea58ac52f35 2.628s
2025-03-10 17:46:07.512 70336 INFO tempest.lib.common.rest_client [req-aff5ffdb-4dea-462e-a949-74cef90496c7 req-aff5ffdb-4dea-462e-a949-74cef90496c7 ] Request (VolumesAssistedSnapshotsTest:test_volume_assisted_snapshot_create_delete): 201 POST http://10.180.1.21/identity/v3/auth/tokens 0.090s
2025-03-10 17:46:07.513 70336 INFO tempest.lib.common.fixed_network [-] (VolumesAssistedSnapshotsTest:test_volume_assisted_snapshot_create_delete) Found network {'id': '654372b0-0166-4b14-b821-c42c0ad0568b', 'name': 'tempest-VolumesAssistedSnapshotsTest-1742099554-network', 'tenant_id': '96a05199dc1445dcb7b42b7feb26ed2d', 'admin_state_up': True, 'mtu': 8950, 'status': 'ACTIVE', 'subnets': [], 'shared': False, 'project_id': '96a05199dc1445dcb7b42b7feb26ed2d', 'port_security_enabled': True, 'router:external': False, 'provider:network_type': 'vlan', 'provider:physical_network': 'default', 'provider:segmentation_id': 615, 'availability_zone_hints': [], 'availability_zones': [], 'ipv4_address_scope': None, 'ipv6_address_scope': None, 'description': '', 'tags': [], 'created_at': '2025-03-10T17:45:40Z', 'updated_at': '2025-03-10T17:45:40Z', 'revision_number': 1} available for tenant
2025-03-10 17:46:07.577 70326 INFO tempest.lib.common.rest_client [req-24d10afd-3700-4eb6-88a2-af049101437f req-24d10afd-3700-4eb6-88a2-af049101437f ] Request (ServerDiagnosticsNegativeTest:setUpClass): 201 POST http://10.180.1.21/identity/v3/auth/tokens 0.091s
2025-03-10 17:46:07.648 70326 INFO tempest.lib.common.rest_client [req-08dcb0f0-a406-410f-ab3f-1248abf15c81 req-08dcb0f0-a406-410f-ab3f-1248abf15c81 ] Request (ServerDiagnosticsNegativeTest:setUpClass): 201 POST http://10.180.1.21/identity/v3/projects 0.069s
2025-03-10 17:46:07.667 70342 INFO tempest.lib.common.rest_client [req-944f471d-2f30-4f61-b38b-1bf2527b4577 req-944f471d-2f30-4f61-b38b-1bf2527b4577 ] Request (InstanceActionsV221TestJSON:test_get_list_deleted_instance_actions): 200 GET http://10.180.1.21/compute/v2.1/servers/e74441fc-361f-4e0b-bfdd-6f8213db51e3 3.080s
2025-03-10 17:46:07.679 70342 INFO tempest.common.waiters [-] State transition "BUILD/spawning" ==> "ACTIVE/None" after 18 second wait
2025-03-10 17:46:07.734 70326 INFO tempest.lib.common.rest_client [req-d4c317dc-13e4-4389-af7b-6ba6e46ff832 req-d4c317dc-13e4-4389-af7b-6ba6e46ff832 ] Request (ServerDiagnosticsNegativeTest:setUpClass): 201 POST http://10.180.1.21/identity/v3/users 0.086s
2025-03-10 17:46:07.761 70326 INFO tempest.lib.common.rest_client [req-69ebcdcb-8a19-4ec1-a264-a7b5c0747b72 req-69ebcdcb-8a19-4ec1-a264-a7b5c0747b72 ] Request (ServerDiagnosticsNegativeTest:setUpClass): 200 GET http://10.180.1.21/identity/v3/roles 0.026s
2025-03-10 17:46:07.799 70326 INFO tempest.lib.common.rest_client [req-bf3b9802-a887-4cda-bfdb-14679edd69cc req-bf3b9802-a887-4cda-bfdb-14679edd69cc ] Request (ServerDiagnosticsNegativeTest:setUpClass): 204 PUT http://10.180.1.21/identity/v3/projects/884b15ab419a4bd19054626431ffbaa9/users/3dc0245b68f94ee1a6a2b1238ad34cf6/roles/1200324e73a54e8fa2398d2639f26fd4 0.037s
2025-03-10 17:46:07.870 70326 INFO tempest.lib.common.rest_client [req-e05e9ffb-9439-4ef5-b7fb-142f97c6392e req-e05e9ffb-9439-4ef5-b7fb-142f97c6392e ] Request (ServerDiagnosticsNegativeTest:setUpClass): 200 GET http://10.180.1.21/identity/v3/roles 0.070s
2025-03-10 17:46:07.903 70326 INFO tempest.lib.common.rest_client [req-bbfaac9e-690e-4352-854b-f467fe119e94 req-bbfaac9e-690e-4352-854b-f467fe119e94 ] Request (ServerDiagnosticsNegativeTest:setUpClass): 204 PUT http://10.180.1.21/identity/v3/projects/884b15ab419a4bd19054626431ffbaa9/users/3dc0245b68f94ee1a6a2b1238ad34cf6/roles/1200324e73a54e8fa2398d2639f26fd4 0.032s
2025-03-10 17:46:07.903 70326 INFO tempest.lib.common.dynamic_creds [-] Dynamic test user 3dc0245b68f94ee1a6a2b1238ad34cf6 is created with scope project and roles: ['admin']
2025-03-10 17:46:07.903 70326 INFO tempest.lib.common.dynamic_creds [-] Acquired dynamic creds: credentials: Credentials: {'domain_id': 'default', 'domain_name': 'Default', 'username': 'tempest-ServerDiagnosticsNegativeTest-1345564691-project-admin', 'project_domain_id': 'default', 'project_domain_name': 'Default', 'project_id': '884b15ab419a4bd19054626431ffbaa9', 'project_name': 'tempest-ServerDiagnosticsNegativeTest-1345564691', 'tenant_id': '884b15ab419a4bd19054626431ffbaa9', 'tenant_name': 'tempest-ServerDiagnosticsNegativeTest-1345564691', 'user_domain_id': 'default', 'user_domain_name': 'Default', 'user_id': '3dc0245b68f94ee1a6a2b1238ad34cf6', 'system': None}, Network: None, Subnet: None, Router: None
2025-03-10 17:46:07.903 70326 INFO tempest.lib.common.dynamic_creds [-] Created isolated network resources for: credentials: Credentials: {'domain_id': 'default', 'domain_name': 'Default', 'username': 'tempest-ServerDiagnosticsNegativeTest-1345564691-project-admin', 'project_domain_id': 'default', 'project_domain_name': 'Default', 'project_id': '884b15ab419a4bd19054626431ffbaa9', 'project_name': 'tempest-ServerDiagnosticsNegativeTest-1345564691', 'tenant_id': '884b15ab419a4bd19054626431ffbaa9', 'tenant_name': 'tempest-ServerDiagnosticsNegativeTest-1345564691', 'user_domain_id': 'default', 'user_domain_name': 'Default', 'user_id': '3dc0245b68f94ee1a6a2b1238ad34cf6', 'system': None}, Network: None, Subnet: None, Router: None
2025-03-10 17:46:07.994 70326 INFO tempest.lib.common.rest_client [req-45360eef-bdf3-4939-86f5-03bc7a81d257 req-45360eef-bdf3-4939-86f5-03bc7a81d257 ] Request (ServerDiagnosticsNegativeTest:setUpClass): 201 POST http://10.180.1.21/identity/v3/auth/tokens 0.088s
2025-03-10 17:46:08.065 70326 INFO tempest.lib.common.rest_client [req-b610983b-450e-4fa4-a849-64ce778d28d1 req-b610983b-450e-4fa4-a849-64ce778d28d1 ] Request (ServerDiagnosticsNegativeTest:test_get_server_diagnostics_by_non_admin): 201 POST http://10.180.1.21/identity/v3/auth/tokens 0.065s
2025-03-10 17:46:08.065 70326 INFO tempest.lib.common.fixed_network [-] (ServerDiagnosticsNegativeTest:test_get_server_diagnostics_by_non_admin) Found network None available for tenant
2025-03-10 17:46:08.100 70348 INFO tempest.lib.common.rest_client [req-74ed79a5-5605-4625-b467-0bba1bf4b3a7 req-74ed79a5-5605-4625-b467-0bba1bf4b3a7 ] Request (ValidationResourcesFixture:setUp): 201 POST http://10.180.1.21:9696/networking/v2.0/floatingips 1.641s
2025-03-10 17:46:08.193 70348 INFO tempest.lib.common.rest_client [req-74ad1c43-9e24-4807-96a0-1852df962192 req-74ad1c43-9e24-4807-96a0-1852df962192 ] Request (ServersWithSpecificFlavorTestJSON:test_verify_created_server_ephemeral_disk): 201 POST http://10.180.1.21/identity/v3/auth/tokens 0.087s
2025-03-10 17:46:08.194 70348 INFO tempest.lib.common.fixed_network [-] (ServersWithSpecificFlavorTestJSON:test_verify_created_server_ephemeral_disk) Found network {'id': 'b6ad7b53-72db-475c-a28d-2b0c8da19818', 'name': 'tempest-ServersWithSpecificFlavorTestJSON-1429555593-network', 'tenant_id': 'ea0f9171bc5c4034b8dbe9100bd6e007', 'admin_state_up': True, 'mtu': 8950, 'status': 'ACTIVE', 'subnets': [], 'shared': False, 'project_id': 'ea0f9171bc5c4034b8dbe9100bd6e007', 'port_security_enabled': True, 'router:external': False, 'provider:network_type': 'vlan', 'provider:physical_network': 'default', 'provider:segmentation_id': 691, 'availability_zone_hints': [], 'availability_zones': [], 'ipv4_address_scope': None, 'ipv6_address_scope': None, 'description': '', 'tags': [], 'created_at': '2025-03-10T17:45:39Z', 'updated_at': '2025-03-10T17:45:39Z', 'revision_number': 1} available for tenant
2025-03-10 17:46:08.293 70320 INFO tempest.lib.common.rest_client [req-60a146c1-b634-43ad-862a-83bd532ab38a req-60a146c1-b634-43ad-862a-83bd532ab38a ] Request (ServersAdminTestJSON:setUpClass): 201 POST http://10.180.1.21:9696/networking/v2.0/routers 2.972s
2025-03-10 17:46:08.407 70362 INFO tempest.lib.common.rest_client [req-2bf2c2f2-20aa-46df-aa47-ea6455dec147 req-2bf2c2f2-20aa-46df-aa47-ea6455dec147 ] Request (ServerDiagnosticsV248Test:test_get_server_diagnostics): 200 GET http://10.180.1.21/compute/v2.1/servers/f249c0b9-ddd7-4b63-ae3a-11035764d3e5/diagnostics 3.283s
2025-03-10 17:46:08.530 70350 INFO tempest.lib.common.rest_client [req-5640575c-b4b3-4d24-a1ff-6805540af256 req-5640575c-b4b3-4d24-a1ff-6805540af256 ] Request (AttachInterfacesTestJSON:test_create_list_show_delete_interfaces_by_fixed_ip): 200 GET http://10.180.1.21/compute/v2.1/servers/e5d9de80-1ee5-462a-8459-168fd60e1972 3.372s
2025-03-10 17:46:08.578 70374 INFO tempest.lib.common.rest_client [req-61aa86aa-f734-4a62-8cdf-ea5d2a00394b req-61aa86aa-f734-4a62-8cdf-ea5d2a00394b ] Request (ImagesMetadataTestJSON:test_set_image_metadata): 200 GET http://10.180.1.21/compute/v2.1/images/5ed41f66-145e-40b8-af7e-611cf86e2994/metadata 3.168s
2025-03-10 17:46:08.604 70338 INFO tempest.lib.common.rest_client [req-599b474d-9646-4f90-82ca-48f55199c60d req-599b474d-9646-4f90-82ca-48f55199c60d ] Request (ServerRescueTestJSON:setUpClass): 200 PUT http://10.180.1.21:9696/networking/v2.0/routers/06e21f3a-08b5-4bdd-9cde-10b0aed3c7f8/add_router_interface 4.227s
