2025-03-10 17:46:27.899 70372 INFO tempest.lib.common.rest_client [req-2be2901f-adb8-4a6b-8918-9a7404317732 req-2be2901f-adb8-4a6b-8918-9a7404317732 ] Request (ImagesOneServerTestJSON:test_create_delete_image): 202 POST http://10.180.1.21/compute/v2.1/servers/1d5722e1-5a48-4212-bbc7-527a3739db6e/action 1.503s
2025-03-10 17:46:27.922 70376 INFO tempest.lib.common.rest_client [req-a3ab7efd-2bf0-4c68-aca1-d622be22be18 req-a3ab7efd-2bf0-4c68-aca1-d622be22be18 ] Request (AggregatesAdminNegativeTestJSON:test_aggregate_delete_with_invalid_id): 404 DELETE http://10.180.1.21/compute/v2.1/os-aggregates/-1 1.181s
2025-03-10 17:46:27.954 70340 INFO tempest.lib.common.rest_client [req-435e1067-5ab2-4ba7-a708-8c395ac638b7 req-435e1067-5ab2-4ba7-a708-8c395ac638b7 ] Request (ImagesDeleteNegativeTestJSON:tearDownClass): 204 DELETE http://10.180.1.21:9696/networking/v2.0/security-groups/9c2ff1f7-d29f-4a23-af5f-8992b0f954cd 0.184s
2025-03-10 17:46:27.962 70368 INFO tempest.lib.common.rest_client [req-408a5398-27ef-4fdb-8373-c5cf8548b811 req-408a5398-27ef-4fdb-8373-c5cf8548b811 ] Request (QuotasAdminTestV236:test_get_updated_quotas): 200 PUT http://10.180.1.21/compute/v2.1/os-quota-sets/c0eb2db56c5e4970a6b6784bb9e2275e?user_id=9b2725950d2e4fd39495067e1b65ab8e 1.232s
2025-03-10 17:46:27.975 70366 INFO tempest.lib.common.rest_client [req-4008c301-bf73-4ad7-8bd6-b66b543db0ae req-4008c301-bf73-4ad7-8bd6-b66b543db0ae ] Request (SecurityGroupRulesNegativeTestJSON:tearDownClass): 204 DELETE http://10.180.1.21:9696/networking/v2.0/subnets/d4283c32-6180-4556-935a-8ea6eab890c1 0.226s
2025-03-10 17:46:27.979 70316 INFO tempest.lib.common.rest_client [req-441bac60-7281-4134-ac36-d02c56e26b9e req-441bac60-7281-4134-ac36-d02c56e26b9e ] Request (ServicesAdminNegativeV253TestJSON:tearDownClass): 204 DELETE http://10.180.1.21/identity/v3/users/522f9c9594a34e07a694844b23fbdd2c 0.145s
2025-03-10 17:46:27.979 70316 INFO tempest.lib.common.dynamic_creds [-] Deleting project and security group for project: a078ecfe6594425c81316c40e6187aa2
2025-03-10 17:46:27.988 70322 INFO tempest.lib.common.rest_client [req-8a2f8237-5429-4567-821e-fb63d23a3137 req-8a2f8237-5429-4567-821e-fb63d23a3137 ] Request (FlavorsAdminTestJSON:test_create_server_with_non_public_flavor): 200 POST http://10.180.1.21/compute/v2.1/flavors 1.215s
2025-03-10 17:46:28.055 70316 INFO tempest.lib.common.rest_client [req-9ebccdac-35ac-4ddc-b2ca-ccc7c8f4f8e1 req-9ebccdac-35ac-4ddc-b2ca-ccc7c8f4f8e1 ] Request (ServicesAdminNegativeV253TestJSON:tearDownClass): 201 POST http://10.180.1.21/identity/v3/auth/tokens 0.076s
2025-03-10 17:46:28.060 70370 INFO tempest.lib.common.rest_client [req-e5a4a185-5ca4-468f-9b4b-820cac029ce3 req-e5a4a185-5ca4-468f-9b4b-820cac029ce3 ] Request (MigrationsAdminTest:test_list_migrations_in_flavor_resize_situation): 200 GET http://10.180.1.21/compute/v2.1/servers/1d436762-964d-40d9-871e-ee33c3ba25b5 1.292s
2025-03-10 17:46:28.086 70334 INFO tempest.lib.common.rest_client [req-7477b175-9473-46e6-af9c-b8098471e483 req-7477b175-9473-46e6-af9c-b8098471e483 ] Request (DeleteServersAdminTestJSON:test_admin_delete_servers_of_others): 200 GET http://10.180.1.21/compute/v2.1/servers/93b78a8b-389c-4114-8c1d-da80146d80f3 1.004s
2025-03-10 17:46:28.141 70340 INFO tempest.lib.common.rest_client [req-6316a387-fc6d-44bd-b6a3-c52a9f60a4c6 req-6316a387-fc6d-44bd-b6a3-c52a9f60a4c6 ] Request (ImagesDeleteNegativeTestJSON:tearDownClass): 204 DELETE http://10.180.1.21/identity/v3/projects/efacea4c4ed34451b4c169952cefd06c 0.186s
2025-03-10 17:46:28.142 70340 INFO tempest.test [-] raised in ServerPersonalityTestJSON.setUpClass. Invoking tearDownClass.
2025-03-10 17:46:28.167 70358 INFO tempest.lib.common.rest_client [req-7046255c-f250-4a07-81d4-3822f7290287 req-7046255c-f250-4a07-81d4-3822f7290287 ] Request (ListImageFiltersTestJSON:setUpClass): 200 GET http://10.180.1.21/compute/v2.1/servers/a29534bf-ee12-4b94-839b-4a12659ebd3b 0.958s
2025-03-10 17:46:28.199 70342 INFO tempest.lib.common.rest_client [req-60836aa0-8105-4d5a-bdef-25bf0a29f5bf req-60836aa0-8105-4d5a-bdef-25bf0a29f5bf ] Request (InstanceActionsV221TestJSON:tearDownClass): 404 DELETE http://10.180.1.21/compute/v2.1/servers/e74441fc-361f-4e0b-bfdd-6f8213db51e3 0.892s
2025-03-10 17:46:28.204 70328 INFO tempest.lib.common.rest_client [req-8ae37c9e-12b9-4fb8-8a03-251b8cae2a76 req-8ae37c9e-12b9-4fb8-8a03-251b8cae2a76 ] Request (FloatingIPsAssociationNegativeTestJSON:test_associate_nonexistent_floating_ip): 404 POST http://10.180.1.21/compute/v2.1/servers/64ab568c-a2ef-4bac-8885-3dde76f9f764/action 1.106s
2025-03-10 17:46:28.224 70340 INFO tempest.lib.common.rest_client [req-11613d5d-1b91-406e-b8ad-87382f2b6a42 req-11613d5d-1b91-406e-b8ad-87382f2b6a42 ] Request (VolumesNegativeTest:setUpClass): 201 POST http://10.180.1.21/identity/v3/auth/tokens 0.079s
2025-03-10 17:46:28.252 70350 INFO tempest.lib.common.rest_client [req-8b7d95a7-dfaa-485d-b657-25eb15e55603 req-8b7d95a7-dfaa-485d-b657-25eb15e55603 ] Request (AttachInterfacesTestJSON:test_create_list_show_delete_interfaces_by_fixed_ip): 200 PUT http://10.180.1.21:9696/networking/v2.0/floatingips/0036572d-1e44-47ea-9945-a3fccf45be0c 1.561s
2025-03-10 17:46:28.256 70340 INFO tempest.lib.common.rest_client [req-f03421b7-aab0-4665-b2d4-2862ba84abca req-f03421b7-aab0-4665-b2d4-2862ba84abca ] Request (VolumesNegativeTest:setUpClass): 201 POST http://10.180.1.21/identity/v3/auth/tokens 0.030s
2025-03-10 17:46:28.273 70346 INFO tempest.lib.common.rest_client [req-7b0353e1-adb8-4377-969b-e23f5dac16e9 req-7b0353e1-adb8-4377-969b-e23f5dac16e9 ] Request (ServerDiagnosticsTest:tearDownClass): 200 GET http://10.180.1.21/compute/v2.1/servers/e934fc79-f7c5-4ca9-9f81-85467c1e9b45 0.854s
2025-03-10 17:46:28.286 70340 INFO tempest.lib.common.rest_client [req-b75c04ad-9319-42b1-bee3-8aed9d121e01 req-b75c04ad-9319-42b1-bee3-8aed9d121e01 ] Request (VolumesNegativeTest:setUpClass): 200 GET http://10.180.1.21/identity/v3/domains?name=Default 0.029s
2025-03-10 17:46:28.319 70340 INFO tempest.lib.common.rest_client [req-0b4ad8b3-deb1-4845-b2b4-54bbdc63cdbb req-0b4ad8b3-deb1-4845-b2b4-54bbdc63cdbb ] Request (VolumesNegativeTest:setUpClass): 201 POST http://10.180.1.21/identity/v3/projects 0.033s
2025-03-10 17:46:28.331 70336 INFO tempest.lib.common.rest_client [req-ba6b2d7e-28f4-46cb-811f-d49f8bd8a9e2 req-ba6b2d7e-28f4-46cb-811f-d49f8bd8a9e2 ] Request (VolumesAssistedSnapshotsTest:test_volume_assisted_snapshot_create_delete): 200 GET http://10.180.1.21/compute/v2.1/servers/eba81db1-973c-4981-baca-cb98e4087510 1.013s
2025-03-10 17:46:28.348 70318 INFO tempest.lib.common.rest_client [req-9692a62a-9da7-4c7a-8bc1-818fbdae3acc req-9692a62a-9da7-4c7a-8bc1-818fbdae3acc ] Request (TenantUsagesTestJSON:setUpClass): 200 GET http://10.180.1.21/compute/v2.1/servers/1f9d0558-63fb-4a6f-a2d2-dd7a334249a2 0.926s
2025-03-10 17:46:28.369 70330 INFO tempest.lib.common.rest_client [req-c1356a31-bd29-4a28-9d94-e7643422b16b req-c1356a31-bd29-4a28-9d94-e7643422b16b ] Request (ServerGroupTestJSON:test_create_delete_server_group_with_affinity_policy): 200 GET http://10.180.1.21/compute/v2.1/os-server-groups 0.784s
2025-03-10 17:46:28.392 70364 INFO tempest.lib.common.rest_client [req-9d008e17-7293-4ba8-83a9-12fcafe208ec req-9d008e17-7293-4ba8-83a9-12fcafe208ec ] Request (FloatingIPsAssociationTestJSON:test_associate_already_associated_floating_ip): 200 GET http://10.180.1.21/compute/v2.1/servers/bf75484e-4020-48f7-9419-bd88d0462b90 0.916s
2025-03-10 17:46:28.405 70340 INFO tempest.lib.common.rest_client [req-af91ac87-7fee-407d-a852-00ca85afadf8 req-af91ac87-7fee-407d-a852-00ca85afadf8 ] Request (VolumesNegativeTest:setUpClass): 201 POST http://10.180.1.21/identity/v3/users 0.085s
2025-03-10 17:46:28.440 70340 INFO tempest.lib.common.rest_client [req-20468297-fb2a-4e1d-9096-95c6514dc7a9 req-20468297-fb2a-4e1d-9096-95c6514dc7a9 ] Request (VolumesNegativeTest:setUpClass): 200 GET http://10.180.1.21/identity/v3/roles 0.034s
2025-03-10 17:46:28.475 70340 INFO tempest.lib.common.rest_client [req-c142fb0a-da44-451a-9c3a-3b182a4e1515 req-c142fb0a-da44-451a-9c3a-3b182a4e1515 ] Request (VolumesNegativeTest:setUpClass): 204 PUT http://10.180.1.21/identity/v3/projects/10434145b54c4d139ac9dc27b62ef4b2/users/327f9eb6b42d4526bca123abe253e3e9/roles/c084b02551ab46faa35f78e74671cf6e 0.035s
2025-03-10 17:46:28.476 70340 INFO tempest.lib.common.dynamic_creds [-] Dynamic test user 327f9eb6b42d4526bca123abe253e3e9 is created with scope project and roles: ['member']
2025-03-10 17:46:28.476 70340 INFO tempest.lib.common.dynamic_creds [-] Acquired dynamic creds: credentials: Credentials: {'domain_id': 'default', 'domain_name': 'Default', 'username': 'tempest-VolumesNegativeTest-829050658-project-member', 'project_domain_id': 'default', 'project_domain_name': 'Default', 'project_id': '10434145b54c4d139ac9dc27b62ef4b2', 'project_name': 'tempest-VolumesNegativeTest-829050658', 'tenant_id': '10434145b54c4d139ac9dc27b62ef4b2', 'tenant_name': 'tempest-VolumesNegativeTest-829050658', 'user_domain_id': 'default', 'user_domain_name': 'Default', 'user_id': '327f9eb6b42d4526bca123abe253e3e9', 'system': None}, Network: None, Subnet: None, Router: None
2025-03-10 17:46:28.476 70340 INFO tempest.lib.common.dynamic_creds [-] Created isolated network resources for: credentials: Credentials: {'domain_id': 'default', 'domain_name': 'Default', 'username': 'tempest-VolumesNegativeTest-829050658-project-member', 'project_domain_id': 'default', 'project_domain_name': 'Default', 'project_id': '10434145b54c4d139ac9dc27b62ef4b2', 'project_name': 'tempest-VolumesNegativeTest-829050658', 'tenant_id': '10434145b54c4d139ac9dc27b62ef4b2', 'tenant_name': 'tempest-VolumesNegativeTest-829050658', 'user_domain_id': 'default', 'user_domain_name': 'Default', 'user_id': '327f9eb6b42d4526bca123abe253e3e9', 'system': None}, Network: None, Subnet: None, Router: None
2025-03-10 17:46:28.509 70324 INFO tempest.lib.common.rest_client [req-1fb060b9-0e1c-453e-8f2e-3b78fea85858 req-1fb060b9-0e1c-453e-8f2e-3b78fea85858 ] Request (ServerExternalEventsTest:test_create_server_external_events): 200 GET http://10.180.1.21/compute/v2.1/servers/6c58c05e-9679-4e53-89e7-c7c9cb11cff0 0.894s
2025-03-10 17:46:28.550 70332 INFO tempest.lib.common.rest_client [req-294744c6-893e-419a-b07c-1f32b16ed338 req-294744c6-893e-419a-b07c-1f32b16ed338 ] Request (FlavorsAccessNegativeTestJSON:test_remove_flavor_access_not_found): 404 POST http://10.180.1.21/compute/v2.1/flavors/921715898/action 0.941s
2025-03-10 17:46:28.555 70340 INFO tempest.lib.common.rest_client [req-8c9ba93c-85e3-4c66-afd1-e20d0c8f20e5 req-8c9ba93c-85e3-4c66-afd1-e20d0c8f20e5 ] Request (VolumesNegativeTest:setUpClass): 201 POST http://10.180.1.21/identity/v3/auth/tokens 0.076s
2025-03-10 17:46:28.589 70316 INFO tempest.lib.common.rest_client [req-50284cee-426e-4730-b0c8-6246daf454be req-50284cee-426e-4730-b0c8-6246daf454be ] Request (ServicesAdminNegativeV253TestJSON:tearDownClass): 200 GET http://10.180.1.21:9696/networking/v2.0/security-groups?tenant_id=a078ecfe6594425c81316c40e6187aa2&name=default 0.533s
2025-03-10 17:46:28.590 70372 INFO tempest.lib.common.rest_client [req-04bb8f14-5f70-4a27-900d-143dd2a41635 req-04bb8f14-5f70-4a27-900d-143dd2a41635 ] Request (ImagesOneServerTestJSON:test_create_delete_image): 200 GET http://10.180.1.21/compute/v2.1/images/572b940e-a598-4231-8a23-19c3b913cf9c 0.689s
2025-03-10 17:46:28.616 70376 INFO tempest.lib.common.rest_client [req-f84bc13d-7c7c-4d25-b44d-32db669a4b43 req-f84bc13d-7c7c-4d25-b44d-32db669a4b43 ] Request (AggregatesAdminNegativeTestJSON:test_aggregate_get_details_as_user): 200 POST http://10.180.1.21/compute/v2.1/os-aggregates 0.693s
2025-03-10 17:46:28.692 70348 INFO tempest.lib.common.rest_client [req-1997d240-d4c8-4494-a890-2edd67bcfed7 req-1997d240-d4c8-4494-a890-2edd67bcfed7 ] Request (ServersWithSpecificFlavorTestJSON:test_verify_created_server_ephemeral_disk): 200 GET http://10.180.1.21/compute/v2.1/servers/a9274dfc-afbd-419b-a98b-053d71a05d7c 0.851s
2025-03-10 17:46:28.704 70348 INFO tempest.common.waiters [-] State transition "BUILD/None" ==> "BUILD/spawning" after 13 second wait
2025-03-10 17:46:28.708 70316 INFO tempest.lib.common.rest_client [req-7e15bd9d-0753-415e-af25-7640c06fc827 req-7e15bd9d-0753-415e-af25-7640c06fc827 ] Request (ServicesAdminNegativeV253TestJSON:tearDownClass): 204 DELETE http://10.180.1.21:9696/networking/v2.0/security-groups/6dd4f79e-14ae-40a6-a15f-b6514be3c33b 0.118s
2025-03-10 17:46:28.716 70322 INFO tempest.lib.common.rest_client [req-7f75f160-e1cc-4f0e-a668-7dc1ac1f769c req-7f75f160-e1cc-4f0e-a668-7dc1ac1f769c ] Request (FlavorsAdminTestJSON:test_create_server_with_non_public_flavor): 400 POST http://10.180.1.21/compute/v2.1/servers 0.724s
2025-03-10 17:46:28.737 70366 INFO tempest.lib.common.rest_client [req-4b6fd28b-4ee7-425b-8ca2-fb0124f04cfc req-4b6fd28b-4ee7-425b-8ca2-fb0124f04cfc ] Request (SecurityGroupRulesNegativeTestJSON:tearDownClass): 204 DELETE http://10.180.1.21:9696/networking/v2.0/networks/c6a55309-f290-4895-a70e-5fe5186a73cb 0.760s
2025-03-10 17:46:28.789 70368 INFO tempest.lib.common.rest_client [req-4aac177a-3218-43e8-8be7-54e6a767b220 req-4aac177a-3218-43e8-8be7-54e6a767b220 ] Request (QuotasAdminTestV236:test_get_updated_quotas): 200 GET http://10.180.1.21/compute/v2.1/os-quota-sets/c0eb2db56c5e4970a6b6784bb9e2275e?user_id=9b2725950d2e4fd39495067e1b65ab8e 0.823s
2025-03-10 17:46:28.864 70326 INFO tempest.lib.common.rest_client [req-912dade1-b31a-4165-9892-1ea607ad8d5f req-912dade1-b31a-4165-9892-1ea607ad8d5f ] Request (ServerDiagnosticsNegativeTest:test_get_server_diagnostics_by_non_admin): 200 GET http://10.180.1.21/compute/v2.1/servers/c1d73002-6e69-41a6-95b3-34dccaf872ef 0.858s
2025-03-10 17:46:28.879 70345 INFO tempest.lib.common.rest_client [req-f289c396-fbab-4680-a5b3-f9484804ed29 req-f289c396-fbab-4680-a5b3-f9484804ed29 ] Request (ServerPasswordTestJSON:tearDownClass): 200 GET http://10.180.1.21/compute/v2.1/servers/068507bb-ee7a-44f7-b315-7d4b2b70e735 0.863s
2025-03-10 17:46:28.908 70316 INFO tempest.lib.common.rest_client [req-d26cf57c-e94e-4063-a9f3-14ad3aed9e1e req-d26cf57c-e94e-4063-a9f3-14ad3aed9e1e ] Request (ServicesAdminNegativeV253TestJSON:tearDownClass): 204 DELETE http://10.180.1.21/identity/v3/projects/a078ecfe6594425c81316c40e6187aa2 0.199s
2025-03-10 17:46:28.908 70316 INFO tempest.lib.common.dynamic_creds [-] Deleting project and security group for project: 966df80782a54498a01b81812188e703
2025-03-10 17:46:28.909 70366 INFO tempest.lib.common.rest_client [req-aebfeabd-9961-45a4-bd82-52faa34b70fa req-aebfeabd-9961-45a4-bd82-52faa34b70fa ] Request (SecurityGroupRulesNegativeTestJSON:tearDownClass): 204 DELETE http://10.180.1.21/identity/v3/users/bdc5d77444b54ff2ab2c50e83878c0a1 0.172s
2025-03-10 17:46:28.910 70366 INFO tempest.lib.common.dynamic_creds [-] Deleting project and security group for project: 49eef88377f049808764ac537552213a
2025-03-10 17:46:28.968 70366 INFO tempest.lib.common.rest_client [req-81da02a2-35aa-40ec-a74e-01c943554e9d req-81da02a2-35aa-40ec-a74e-01c943554e9d ] Request (SecurityGroupRulesNegativeTestJSON:tearDownClass): 200 GET http://10.180.1.21:9696/networking/v2.0/security-groups?tenant_id=49eef88377f049808764ac537552213a&name=default 0.058s
2025-03-10 17:46:28.975 70362 INFO tempest.lib.common.rest_client [req-361ac79b-665a-40bd-bb74-3d4df337e87f req-361ac79b-665a-40bd-bb74-3d4df337e87f ] Request (ServerDiagnosticsV248Test:tearDownClass): 200 GET http://10.180.1.21/compute/v2.1/servers/f249c0b9-ddd7-4b63-ae3a-11035764d3e5 0.871s
2025-03-10 17:46:29.003 70338 INFO tempest.lib.common.rest_client [req-7ce2a59a-7469-4e69-9287-54bdc46085bf req-7ce2a59a-7469-4e69-9287-54bdc46085bf ] Request (ServerRescueTestJSON:setUpClass): 200 GET http://10.180.1.21/compute/v2.1/servers/27580836-7ab5-4e64-a985-3e6fc22a8b77 0.838s
2025-03-10 17:46:29.006 70342 INFO tempest.lib.common.rest_client [req-29d2d2af-a016-4d30-b9a0-2b739218467c req-29d2d2af-a016-4d30-b9a0-2b739218467c ] Request (InstanceActionsV221TestJSON:tearDownClass): 404 GET http://10.180.1.21/compute/v2.1/servers/e74441fc-361f-4e0b-bfdd-6f8213db51e3 0.806s
2025-03-10 17:46:29.079 70366 INFO tempest.lib.common.rest_client [req-1651e13a-e1b3-4274-a522-9141bc270ba5 req-1651e13a-e1b3-4274-a522-9141bc270ba5 ] Request (SecurityGroupRulesNegativeTestJSON:tearDownClass): 204 DELETE http://10.180.1.21:9696/networking/v2.0/security-groups/89a2aa6a-fddb-4b33-a031-dfd09e50c60a 0.110s
2025-03-10 17:46:29.085 70328 INFO tempest.lib.common.rest_client [req-1006b757-b306-4c1b-8ecb-0320543809dd req-1006b757-b306-4c1b-8ecb-0320543809dd ] Request (FloatingIPsAssociationNegativeTestJSON:test_dissociate_nonexistent_floating_ip): 404 POST http://10.180.1.21/compute/v2.1/servers/64ab568c-a2ef-4bac-8885-3dde76f9f764/action 0.877s
2025-03-10 17:46:29.087 70368 INFO tempest.lib.common.rest_client [req-f4beb428-7e28-48d0-8c0c-74262d296492 req-f4beb428-7e28-48d0-8c0c-74262d296492 ] Request (QuotasAdminTestV236:_run_cleanups): 204 DELETE http://10.180.1.21/identity/v3/users/9b2725950d2e4fd39495067e1b65ab8e 0.296s
2025-03-10 17:46:29.097 70354 INFO tempest.lib.common.rest_client [req-ae10930e-b509-44ad-a3a9-b69ab16bf147 req-ae10930e-b509-44ad-a3a9-b69ab16bf147 ] Request (ImagesTestJSON:test_create_image_from_stopped_server): 200 GET http://10.180.1.21/compute/v2.1/servers/9bab6bf7-43c8-4cc3-b484-4472f1acdf45 0.859s
2025-03-10 17:46:29.162 70330 INFO tempest.lib.common.rest_client [req-811836ed-377e-4db4-81aa-64494975007d req-811836ed-377e-4db4-81aa-64494975007d ] Request (ServerGroupTestJSON:test_create_delete_server_group_with_anti_affinity_policy): 200 POST http://10.180.1.21/compute/v2.1/os-server-groups 0.790s
2025-03-10 17:46:29.172 70316 INFO tempest.lib.common.rest_client [req-c889aefb-d2b5-441a-aa1e-bc317927fe4b req-c889aefb-d2b5-441a-aa1e-bc317927fe4b ] Request (ServicesAdminNegativeV253TestJSON:tearDownClass): 200 GET http://10.180.1.21:9696/networking/v2.0/security-groups?tenant_id=966df80782a54498a01b81812188e703&name=default 0.262s
2025-03-10 17:46:29.179 70368 INFO tempest.lib.common.rest_client [req-435ef422-2b28-45eb-a113-c61f1ccfdddf req-435ef422-2b28-45eb-a113-c61f1ccfdddf ] Request (QuotasAdminTestV236:_run_cleanups): 204 DELETE http://10.180.1.21/identity/v3/projects/c0eb2db56c5e4970a6b6784bb9e2275e 0.092s
2025-03-10 17:46:29.224 70366 INFO tempest.lib.common.rest_client [req-2c19ae87-df3c-47d3-9de2-fc9bb52c02da req-2c19ae87-df3c-47d3-9de2-fc9bb52c02da ] Request (SecurityGroupRulesNegativeTestJSON:tearDownClass): 204 DELETE http://10.180.1.21/identity/v3/projects/49eef88377f049808764ac537552213a 0.145s
2025-03-10 17:46:29.230 70314 INFO tempest.lib.common.rest_client [req-27c301a4-b941-4893-a310-52afd4a132d9 req-27c301a4-b941-4893-a310-52afd4a132d9 ] Request (ServerDiskConfigTestJSON:test_rebuild_server_with_auto_disk_config): 200 GET http://10.180.1.21/compute/v2.1/servers/00b2fd0b-7841-448d-82cf-436aa8d80cda 0.727s
2025-03-10 17:46:29.246 70332 INFO tempest.lib.common.rest_client [req-e098ca13-83f6-495a-82c3-ee46f68c9734 req-e098ca13-83f6-495a-82c3-ee46f68c9734 ] Request (FlavorsAccessNegativeTestJSON:_run_cleanups): 202 DELETE http://10.180.1.21/compute/v2.1/flavors/921715898 0.695s
2025-03-10 17:46:29.253 70316 INFO tempest.lib.common.rest_client [req-50006a6d-9fc3-448d-9288-c6207123906e req-50006a6d-9fc3-448d-9288-c6207123906e ] Request (ServicesAdminNegativeV253TestJSON:tearDownClass): 204 DELETE http://10.180.1.21:9696/networking/v2.0/security-groups/336fee7c-d1cd-497b-b2f3-0bb268c68162 0.080s
2025-03-10 17:46:29.265 70350 INFO tempest.lib.common.rest_client [req-0db2bc35-2a8c-4e2e-a97a-c1977e783c9b req-0db2bc35-2a8c-4e2e-a97a-c1977e783c9b ] Request (AttachInterfacesTestJSON:test_create_list_show_delete_interfaces_by_fixed_ip): 200 GET http://10.180.1.21/compute/v2.1/servers/e5d9de80-1ee5-462a-8459-168fd60e1972 1.012s
2025-03-10 17:46:29.275 70350 INFO tempest.lib.common.ssh [-] Creating ssh connection to '10.180.180.166:22' as 'cirros' with public key authentication
2025-03-10 17:46:29.297 70320 INFO tempest.lib.common.rest_client [req-2768943b-d04a-4f33-9291-a8f589ed2375 req-2768943b-d04a-4f33-9291-a8f589ed2375 ] Request (ServersAdminTestJSON:setUpClass): 200 GET http://10.180.1.21/compute/v2.1/servers/a49b4721-e338-4e60-b91e-137caa3c9c03 0.743s
2025-03-10 17:46:29.308 70376 INFO tempest.lib.common.rest_client [req-acffc665-1f72-42a1-a38d-76c6cdd00b49 req-acffc665-1f72-42a1-a38d-76c6cdd00b49 ] Request (AggregatesAdminNegativeTestJSON:test_aggregate_get_details_as_user): 403 GET http://10.180.1.21/compute/v2.1/os-aggregates/6 0.690s
2025-03-10 17:46:29.309 70366 INFO tempest.lib.common.rest_client [req-ddee148e-b50e-4623-a903-c2dd77d02ecb req-ddee148e-b50e-4623-a903-c2dd77d02ecb ] Request (MultipleCreateNegativeTestJSON:setUpClass): 201 POST http://10.180.1.21/identity/v3/auth/tokens 0.082s
2025-03-10 17:46:29.323 70368 INFO tempest.lib.common.rest_client [req-fc04c463-b801-4abd-b97e-23b6625573d2 req-fc04c463-b801-4abd-b97e-23b6625573d2 ] Request (QuotasAdminTestV236:tearDownClass): 204 DELETE http://10.180.1.21/identity/v3/users/de020d0535a44f80b5a9ba5bbcb8f34f 0.137s
2025-03-10 17:46:29.327 70322 INFO tempest.lib.common.rest_client [req-9aeda30f-9ff1-4232-89c5-fad11534fd06 req-9aeda30f-9ff1-4232-89c5-fad11534fd06 ] Request (FlavorsAdminTestJSON:_run_cleanups): 202 DELETE http://10.180.1.21/compute/v2.1/flavors/1089672105 0.609s
2025-03-10 17:46:29.388 70316 INFO tempest.lib.common.rest_client [req-145229ea-a7b8-4f41-96fc-00d772274e46 req-145229ea-a7b8-4f41-96fc-00d772274e46 ] Request (ServicesAdminNegativeV253TestJSON:tearDownClass): 204 DELETE http://10.180.1.21/identity/v3/projects/966df80782a54498a01b81812188e703 0.134s
2025-03-10 17:46:29.389 70316 INFO tempest.test [-] raised in ServerStableDeviceRescueTest.setUpClass. Invoking tearDownClass.
2025-03-10 17:46:29.409 70340 INFO tempest.lib.common.rest_client [req-95bc47d0-5e3e-4f54-ab1f-6fcb585d9a47 req-95bc47d0-5e3e-4f54-ab1f-6fcb585d9a47 ] Request (VolumesNegativeTest:test_create_volume_with_invalid_size): 400 POST http://10.180.1.21/compute/v2.1/os-volumes 0.853s
2025-03-10 17:46:29.441 70366 INFO tempest.lib.common.rest_client [req-0a26583e-d20e-4fff-82da-18075759e056 req-0a26583e-d20e-4fff-82da-18075759e056 ] Request (MultipleCreateNegativeTestJSON:setUpClass): 201 POST http://10.180.1.21/identity/v3/auth/tokens 0.129s
2025-03-10 17:46:29.458 70370 INFO tempest.lib.common.rest_client [req-b2a61dbe-7595-49de-8496-c95fc1faa41d req-b2a61dbe-7595-49de-8496-c95fc1faa41d ] Request (MigrationsAdminTest:test_list_migrations_in_flavor_resize_situation): 200 GET http://10.180.1.21/compute/v2.1/servers/1d436762-964d-40d9-871e-ee33c3ba25b5 0.383s
2025-03-10 17:46:29.474 70316 INFO tempest.lib.common.rest_client [req-5ef2b436-307d-4274-8f30-a01903742eef req-5ef2b436-307d-4274-8f30-a01903742eef ] Request (AttachVolumeShelveTestJSON:setUpClass): 201 POST http://10.180.1.21/identity/v3/auth/tokens 0.082s
2025-03-10 17:46:29.497 70366 INFO tempest.lib.common.rest_client [req-6342c668-deca-46b2-a5c3-f354bf0888c8 req-6342c668-deca-46b2-a5c3-f354bf0888c8 ] Request (MultipleCreateNegativeTestJSON:setUpClass): 200 GET http://10.180.1.21/identity/v3/domains?name=Default 0.053s
2025-03-10 17:46:29.511 70328 INFO tempest.lib.common.rest_client [req-bab0d6ba-5111-477f-a042-a19a4af07f20 req-bab0d6ba-5111-477f-a042-a19a4af07f20 ] Request (FloatingIPsAssociationNegativeTestJSON:tearDownClass): 204 DELETE http://10.180.1.21/compute/v2.1/servers/64ab568c-a2ef-4bac-8885-3dde76f9f764 0.424s
2025-03-10 17:46:29.516 70368 INFO tempest.lib.common.rest_client [req-271989b1-ccc2-422b-8af8-58c0df741f8e req-271989b1-ccc2-422b-8af8-58c0df741f8e ] Request (QuotasAdminTestV236:tearDownClass): 204 DELETE http://10.180.1.21/identity/v3/users/0c4acc1bc9f64e1fb9efc5688e12d1b0 0.192s
2025-03-10 17:46:29.516 70368 INFO tempest.lib.common.dynamic_creds [-] Deleting project and security group for project: 8cb727f2ca3c412fb20814b48b476bce
2025-03-10 17:46:29.540 70330 INFO tempest.lib.common.rest_client [req-8bc63fef-6029-41a4-aef9-4f12835864b1 req-8bc63fef-6029-41a4-aef9-4f12835864b1 ] Request (ServerGroupTestJSON:test_create_delete_server_group_with_anti_affinity_policy): 204 DELETE http://10.180.1.21/compute/v2.1/os-server-groups/dcb7c903-fd7f-404e-a77d-9671efaf0d6c 0.375s
2025-03-10 17:46:29.558 70316 INFO tempest.lib.common.rest_client [req-ce878cc9-1d3d-47ff-8ea4-2dd6248a4348 req-ce878cc9-1d3d-47ff-8ea4-2dd6248a4348 ] Request (AttachVolumeShelveTestJSON:setUpClass): 201 POST http://10.180.1.21/identity/v3/auth/tokens 0.080s
2025-03-10 17:46:29.566 70334 INFO tempest.lib.common.rest_client [req-987040b3-8450-42db-aa90-87c187dbb91e req-987040b3-8450-42db-aa90-87c187dbb91e ] Request (DeleteServersAdminTestJSON:test_admin_delete_servers_of_others): 200 GET http://10.180.1.21/compute/v2.1/servers/93b78a8b-389c-4114-8c1d-da80146d80f3 0.471s
2025-03-10 17:46:29.581 70368 INFO tempest.lib.common.rest_client [req-4edbd358-8af0-4198-a4bf-c0628552eb66 req-4edbd358-8af0-4198-a4bf-c0628552eb66 ] Request (QuotasAdminTestV236:tearDownClass): 201 POST http://10.180.1.21/identity/v3/auth/tokens 0.064s
2025-03-10 17:46:29.581 70366 INFO tempest.lib.common.rest_client [req-84b0536a-30ef-44f7-b280-9dab302eac32 req-84b0536a-30ef-44f7-b280-9dab302eac32 ] Request (MultipleCreateNegativeTestJSON:setUpClass): 201 POST http://10.180.1.21/identity/v3/projects 0.084s
2025-03-10 17:46:29.622 70358 INFO tempest.lib.common.rest_client [req-fa9dc9b8-c158-466a-bb66-164f727454c4 req-fa9dc9b8-c158-466a-bb66-164f727454c4 ] Request (ListImageFiltersTestJSON:setUpClass): 200 GET http://10.180.1.21/compute/v2.1/servers/a29534bf-ee12-4b94-839b-4a12659ebd3b 0.441s
2025-03-10 17:46:29.636 70316 INFO tempest.lib.common.rest_client [req-84d35882-1e11-4247-b988-15e9b1856621 req-84d35882-1e11-4247-b988-15e9b1856621 ] Request (AttachVolumeShelveTestJSON:setUpClass): 200 GET http://10.180.1.21/identity/v3/domains?name=Default 0.077s
2025-03-10 17:46:29.650 70332 INFO tempest.lib.common.rest_client [req-8afced8e-7ec5-49c4-bd92-c195cdc8b867 req-8afced8e-7ec5-49c4-bd92-c195cdc8b867 ] Request (FlavorsAccessNegativeTestJSON:_run_cleanups): 200 GET http://10.180.1.21/compute/v2.1/flavors/detail 0.403s
2025-03-10 17:46:29.661 70366 INFO tempest.lib.common.rest_client [req-a430f4df-47b2-4c94-923f-00e8608ac024 req-a430f4df-47b2-4c94-923f-00e8608ac024 ] Request (MultipleCreateNegativeTestJSON:setUpClass): 201 POST http://10.180.1.21/identity/v3/users 0.079s
2025-03-10 17:46:29.719 70316 INFO tempest.lib.common.rest_client [req-6ec44cb8-363a-451b-9f6a-6d4fe073003f req-6ec44cb8-363a-451b-9f6a-6d4fe073003f ] Request (AttachVolumeShelveTestJSON:setUpClass): 201 POST http://10.180.1.21/identity/v3/projects 0.082s
2025-03-10 17:46:29.726 70346 INFO tempest.lib.common.rest_client [req-7d88f6a0-675b-47a3-9c8b-d46c3b26d99c req-7d88f6a0-675b-47a3-9c8b-d46c3b26d99c ] Request (ServerDiagnosticsTest:tearDownClass): 200 GET http://10.180.1.21/compute/v2.1/servers/e934fc79-f7c5-4ca9-9f81-85467c1e9b45 0.440s
2025-03-10 17:46:29.727 70374 INFO tempest.lib.common.rest_client [req-663d0723-b084-457a-899f-d1244c6168ab req-663d0723-b084-457a-899f-d1244c6168ab ] Request (AbsoluteLimitsNegativeTestJSON:test_max_metadata_exceed_limit): 200 GET http://10.180.1.21/compute/v2.1/limits 0.546s
2025-03-10 17:46:29.748 70376 INFO tempest.lib.common.rest_client [req-248873c9-1ce6-49dc-b0ce-705d7a5e1514 req-248873c9-1ce6-49dc-b0ce-705d7a5e1514 ] Request (AggregatesAdminNegativeTestJSON:_run_cleanups): 200 DELETE http://10.180.1.21/compute/v2.1/os-aggregates/6 0.440s
2025-03-10 17:46:29.757 70322 INFO tempest.lib.common.rest_client [req-8151fff1-a86c-4c90-b1ac-c6a6e8218c01 req-8151fff1-a86c-4c90-b1ac-c6a6e8218c01 ] Request (FlavorsAdminTestJSON:_run_cleanups): 200 GET http://10.180.1.21/compute/v2.1/flavors/detail 0.429s
2025-03-10 17:46:29.799 70366 INFO tempest.lib.common.rest_client [req-4f11d268-88f3-4557-9894-789f0a1d5552 req-4f11d268-88f3-4557-9894-789f0a1d5552 ] Request (MultipleCreateNegativeTestJSON:setUpClass): 200 GET http://10.180.1.21/identity/v3/roles 0.137s
2025-03-10 17:46:29.881 70316 INFO tempest.lib.common.rest_client [req-d9814617-c4cb-4f63-a294-3a1b34c84798 req-d9814617-c4cb-4f63-a294-3a1b34c84798 ] Request (AttachVolumeShelveTestJSON:setUpClass): 201 POST http://10.180.1.21/identity/v3/users 0.161s
2025-03-10 17:46:29.884 70332 INFO tempest.lib.common.rest_client [req-89df2046-d85c-4f35-9469-f82a2ece3264 req-89df2046-d85c-4f35-9469-f82a2ece3264 ] Request (FlavorsAccessNegativeTestJSON:tearDownClass): 204 DELETE http://10.180.1.21/identity/v3/users/1a8c919287c64bffbfe979b9673cc5dd 0.228s
2025-03-10 17:46:29.906 70368 INFO tempest.lib.common.rest_client [req-9eeeca15-aa56-4a8e-8334-61825efd7eca req-9eeeca15-aa56-4a8e-8334-61825efd7eca ] Request (QuotasAdminTestV236:tearDownClass): 200 GET http://10.180.1.21:9696/networking/v2.0/security-groups?tenant_id=8cb727f2ca3c412fb20814b48b476bce&name=default 0.324s
2025-03-10 17:46:29.945 70374 INFO tempest.lib.common.rest_client [req-79d413fc-d5fc-40a5-9ed6-872f02c2fb9e req-79d413fc-d5fc-40a5-9ed6-872f02c2fb9e ] Request (AbsoluteLimitsNegativeTestJSON:test_max_metadata_exceed_limit): 201 POST http://10.180.1.21/identity/v3/auth/tokens 0.206s
2025-03-10 17:46:29.946 70374 INFO tempest.lib.common.fixed_network [-] (AbsoluteLimitsNegativeTestJSON:test_max_metadata_exceed_limit) Found network None available for tenant
2025-03-10 17:46:29.959 70366 INFO tempest.lib.common.rest_client [req-5affd04d-4244-445d-8e02-f9003d9f0fe1 req-5affd04d-4244-445d-8e02-f9003d9f0fe1 ] Request (MultipleCreateNegativeTestJSON:setUpClass): 204 PUT http://10.180.1.21/identity/v3/projects/8acb2a1171174afc91986ee3dba9e227/users/702486f7832741d3aa576d82693fa4e1/roles/c084b02551ab46faa35f78e74671cf6e 0.160s
2025-03-10 17:46:29.960 70366 INFO tempest.lib.common.dynamic_creds [-] Dynamic test user 702486f7832741d3aa576d82693fa4e1 is created with scope project and roles: ['member']
2025-03-10 17:46:29.960 70366 INFO tempest.lib.common.dynamic_creds [-] Acquired dynamic creds: credentials: Credentials: {'domain_id': 'default', 'domain_name': 'Default', 'username': 'tempest-MultipleCreateNegativeTestJSON-1653435543-project-member', 'project_domain_id': 'default', 'project_domain_name': 'Default', 'project_id': '8acb2a1171174afc91986ee3dba9e227', 'project_name': 'tempest-MultipleCreateNegativeTestJSON-1653435543', 'tenant_id': '8acb2a1171174afc91986ee3dba9e227', 'tenant_name': 'tempest-MultipleCreateNegativeTestJSON-1653435543', 'user_domain_id': 'default', 'user_domain_name': 'Default', 'user_id': '702486f7832741d3aa576d82693fa4e1', 'system': None}, Network: None, Subnet: None, Router: None
2025-03-10 17:46:29.960 70366 INFO tempest.lib.common.dynamic_creds [-] Created isolated network resources for: credentials: Credentials: {'domain_id': 'default', 'domain_name': 'Default', 'username': 'tempest-MultipleCreateNegativeTestJSON-1653435543-project-member', 'project_domain_id': 'default', 'project_domain_name': 'Default', 'project_id': '8acb2a1171174afc91986ee3dba9e227', 'project_name': 'tempest-MultipleCreateNegativeTestJSON-1653435543', 'tenant_id': '8acb2a1171174afc91986ee3dba9e227', 'tenant_name': 'tempest-MultipleCreateNegativeTestJSON-1653435543', 'user_domain_id': 'default', 'user_domain_name': 'Default', 'user_id': '702486f7832741d3aa576d82693fa4e1', 'system': None}, Network: None, Subnet: None, Router: None
2025-03-10 17:46:29.998 70368 INFO tempest.lib.common.rest_client [req-1ab63217-bf0a-48a7-af9a-080360374d6d req-1ab63217-bf0a-48a7-af9a-080360374d6d ] Request (QuotasAdminTestV236:tearDownClass): 204 DELETE http://10.180.1.21:9696/networking/v2.0/security-groups/770729fb-6000-4e58-85c6-c6cd057ebeb7 0.092s
2025-03-10 17:46:30.007 70316 INFO tempest.lib.common.rest_client [req-7ae47798-3ebe-4d99-87a7-62c17206f7f5 req-7ae47798-3ebe-4d99-87a7-62c17206f7f5 ] Request (AttachVolumeShelveTestJSON:setUpClass): 200 GET http://10.180.1.21/identity/v3/roles 0.126s
2025-03-10 17:46:30.065 70318 INFO tempest.lib.common.rest_client [req-b17eee08-fbfb-4197-8cd6-3c2d9192ddf9 req-b17eee08-fbfb-4197-8cd6-3c2d9192ddf9 ] Request (TenantUsagesTestJSON:setUpClass): 200 GET http://10.180.1.21/compute/v2.1/servers/1f9d0558-63fb-4a6f-a2d2-dd7a334249a2 0.705s
2025-03-10 17:46:30.079 70332 INFO tempest.lib.common.rest_client [req-3e130cc2-5e8a-4cc5-9265-4c214fd08329 req-3e130cc2-5e8a-4cc5-9265-4c214fd08329 ] Request (FlavorsAccessNegativeTestJSON:tearDownClass): 204 DELETE http://10.180.1.21/identity/v3/users/ef4f71d2bcfd4e56ba913eb8ff7b96e7 0.194s
2025-03-10 17:46:30.109 70366 INFO tempest.lib.common.rest_client [req-dc8f674c-f9b7-4b85-9e5f-5085d9295e1b req-dc8f674c-f9b7-4b85-9e5f-5085d9295e1b ] Request (MultipleCreateNegativeTestJSON:setUpClass): 201 POST http://10.180.1.21/identity/v3/auth/tokens 0.144s
2025-03-10 17:46:30.133 70364 INFO tempest.lib.common.rest_client [req-2300207b-3ffd-4ffb-b55f-9ac4c91d6c2a req-2300207b-3ffd-4ffb-b55f-9ac4c91d6c2a ] Request (FloatingIPsAssociationTestJSON:test_associate_already_associated_floating_ip): 200 GET http://10.180.1.21/compute/v2.1/servers/bf75484e-4020-48f7-9419-bd88d0462b90 0.732s
2025-03-10 17:46:30.140 70340 INFO tempest.lib.common.rest_client [req-1a91500c-a0ca-4361-9a2b-9e327647e1f2 req-1a91500c-a0ca-4361-9a2b-9e327647e1f2 ] Request (VolumesNegativeTest:test_create_volume_with_size_zero): 400 POST http://10.180.1.21/compute/v2.1/os-volumes 0.729s
2025-03-10 17:46:30.156 70316 INFO tempest.lib.common.rest_client [req-cbc5471e-b4ad-4cdd-9b17-cb6f8dccd11e req-cbc5471e-b4ad-4cdd-9b17-cb6f8dccd11e ] Request (AttachVolumeShelveTestJSON:setUpClass): 204 PUT http://10.180.1.21/identity/v3/projects/3f3a2959667e41f1b5868994454b21be/users/bd43d38f16c04db1ba46ae836cbbd971/roles/c084b02551ab46faa35f78e74671cf6e 0.148s
2025-03-10 17:46:30.156 70316 INFO tempest.lib.common.dynamic_creds [-] Dynamic test user bd43d38f16c04db1ba46ae836cbbd971 is created with scope project and roles: ['member']
2025-03-10 17:46:30.156 70316 INFO tempest.lib.common.dynamic_creds [-] Acquired dynamic creds: credentials: Credentials: {'domain_id': 'default', 'domain_name': 'Default', 'username': 'tempest-AttachVolumeShelveTestJSON-419349134-project-member', 'project_domain_id': 'default', 'project_domain_name': 'Default', 'project_id': '3f3a2959667e41f1b5868994454b21be', 'project_name': 'tempest-AttachVolumeShelveTestJSON-419349134', 'tenant_id': '3f3a2959667e41f1b5868994454b21be', 'tenant_name': 'tempest-AttachVolumeShelveTestJSON-419349134', 'user_domain_id': 'default', 'user_domain_name': 'Default', 'user_id': 'bd43d38f16c04db1ba46ae836cbbd971', 'system': None}, Network: None, Subnet: None, Router: None
2025-03-10 17:46:30.175 70368 INFO tempest.lib.common.rest_client [req-4d88fd12-32bd-4ace-828c-56c6072d9c69 req-4d88fd12-32bd-4ace-828c-56c6072d9c69 ] Request (QuotasAdminTestV236:tearDownClass): 204 DELETE http://10.180.1.21/identity/v3/projects/8cb727f2ca3c412fb20814b48b476bce 0.176s
2025-03-10 17:46:30.176 70368 INFO tempest.lib.common.dynamic_creds [-] Deleting project and security group for project: faf66d425d2e451485889aa6d156931a
2025-03-10 17:46:30.217 70336 INFO tempest.lib.common.rest_client [req-270e9baf-bb35-42cf-ab6f-298755cd9dca req-270e9baf-bb35-42cf-ab6f-298755cd9dca ] Request (VolumesAssistedSnapshotsTest:test_volume_assisted_snapshot_create_delete): 200 GET http://10.180.1.21/compute/v2.1/servers/eba81db1-973c-4981-baca-cb98e4087510 0.877s
2025-03-10 17:46:30.235 70366 INFO tempest.lib.common.rest_client [req-e069e489-1111-4c14-ad78-f97c43162648 req-e069e489-1111-4c14-ad78-f97c43162648 ] Request (MultipleCreateNegativeTestJSON:test_max_count_less_than_min_count): 201 POST http://10.180.1.21/identity/v3/auth/tokens 0.121s
2025-03-10 17:46:30.239 70366 INFO tempest.lib.common.fixed_network [-] (MultipleCreateNegativeTestJSON:test_max_count_less_than_min_count) Found network None available for tenant
2025-03-10 17:46:30.265 70316 INFO tempest.lib.common.rest_client [req-5978eba5-c633-43a2-9950-273386665030 req-5978eba5-c633-43a2-9950-273386665030 ] Request (AttachVolumeShelveTestJSON:setUpClass): 201 POST http://10.180.1.21/identity/v3/auth/tokens 0.109s
2025-03-10 17:46:30.297 70332 INFO tempest.lib.common.rest_client [req-eae61cda-fccb-46c6-841a-147f8df533c2 req-eae61cda-fccb-46c6-841a-147f8df533c2 ] Request (FlavorsAccessNegativeTestJSON:tearDownClass): 204 DELETE http://10.180.1.21/identity/v3/users/820c8408d0984ec088d0fa6271b578c7 0.218s
2025-03-10 17:46:30.298 70332 INFO tempest.lib.common.dynamic_creds [-] Deleting project and security group for project: 8d269ff9bd3843bb838b80242cc1ee93
2025-03-10 17:46:30.331 70328 INFO tempest.lib.common.rest_client [req-22de4d6a-e377-48a6-b491-4d3100edeeb4 req-22de4d6a-e377-48a6-b491-4d3100edeeb4 ] Request (FloatingIPsAssociationNegativeTestJSON:tearDownClass): 200 GET http://10.180.1.21/compute/v2.1/servers/64ab568c-a2ef-4bac-8885-3dde76f9f764 0.819s
2025-03-10 17:46:30.345 70330 INFO tempest.lib.common.rest_client [req-2299a79d-9306-4169-8dd0-52db2b65d03a req-2299a79d-9306-4169-8dd0-52db2b65d03a ] Request (ServerGroupTestJSON:test_create_delete_server_group_with_anti_affinity_policy): 200 GET http://10.180.1.21/compute/v2.1/os-server-groups 0.804s
2025-03-10 17:46:30.354 70342 INFO tempest.lib.common.rest_client [req-f28ef71d-e9d2-46b6-bea2-83ce972ca70d req-f28ef71d-e9d2-46b6-bea2-83ce972ca70d ] Request (InstanceActionsV221TestJSON:tearDownClass): 200 PUT http://10.180.1.21:9696/networking/v2.0/routers/c5a3bc82-72ed-41d1-a674-a1ef75f261d0/remove_router_interface 1.347s
2025-03-10 17:46:30.370 70332 INFO tempest.lib.common.rest_client [req-6b282a43-9718-4923-8a42-95e57d8969dd req-6b282a43-9718-4923-8a42-95e57d8969dd ] Request (FlavorsAccessNegativeTestJSON:tearDownClass): 201 POST http://10.180.1.21/identity/v3/auth/tokens 0.072s
2025-03-10 17:46:30.390 70372 INFO tempest.lib.common.rest_client [req-e84192b3-21fc-4ef2-b6f7-43154c9364e3 req-e84192b3-21fc-4ef2-b6f7-43154c9364e3 ] Request (ImagesOneServerTestJSON:test_create_delete_image): 200 GET http://10.180.1.21/compute/v2.1/images/572b940e-a598-4231-8a23-19c3b913cf9c 0.794s
2025-03-10 17:46:30.402 70324 INFO tempest.lib.common.rest_client [req-8bf1a9e1-7dda-4851-9f34-ad4179d021bf req-8bf1a9e1-7dda-4851-9f34-ad4179d021bf ] Request (ServerExternalEventsTest:test_create_server_external_events): 200 GET http://10.180.1.21/compute/v2.1/servers/6c58c05e-9679-4e53-89e7-c7c9cb11cff0 0.883s
2025-03-10 17:46:30.413 70324 INFO tempest.common.waiters [-] State transition "BUILD/spawning" ==> "ACTIVE/None" after 20 second wait
2025-03-10 17:46:30.414 70376 INFO tempest.lib.common.rest_client [req-9740a21b-2d1b-4f07-97f8-7759b1b09e25 req-9740a21b-2d1b-4f07-97f8-7759b1b09e25 ] Request (AggregatesAdminNegativeTestJSON:test_aggregate_get_details_with_invalid_id): 404 GET http://10.180.1.21/compute/v2.1/os-aggregates/-1 0.664s
2025-03-10 17:46:30.426 70368 INFO tempest.lib.common.rest_client [req-0bbc3a1e-8136-434a-b891-9e3106054161 req-0bbc3a1e-8136-434a-b891-9e3106054161 ] Request (QuotasAdminTestV236:tearDownClass): 200 GET http://10.180.1.21:9696/networking/v2.0/security-groups?tenant_id=faf66d425d2e451485889aa6d156931a&name=default 0.248s
2025-03-10 17:46:30.432 70330 INFO tempest.lib.common.rest_client [req-0b808855-b139-4626-8d65-00822070ccbe req-0b808855-b139-4626-8d65-00822070ccbe ] Request (ServerGroupTestJSON:test_create_server_with_scheduler_hint_group): 201 POST http://10.180.1.21/identity/v3/auth/tokens 0.077s
2025-03-10 17:46:30.432 70330 INFO tempest.lib.common.fixed_network [-] (ServerGroupTestJSON:test_create_server_with_scheduler_hint_group) Found network {'id': '4cf224aa-0367-450e-b68b-fa2f3f0bc660', 'name': 'tempest-ServerGroupTestJSON-1694183586-network', 'tenant_id': '1606051f4de9477381d3b1bcea697f5d', 'admin_state_up': True, 'mtu': 8950, 'status': 'ACTIVE', 'subnets': [], 'shared': False, 'project_id': '1606051f4de9477381d3b1bcea697f5d', 'port_security_enabled': True, 'router:external': False, 'provider:network_type': 'vlan', 'provider:physical_network': 'default', 'provider:segmentation_id': 205, 'availability_zone_hints': [], 'availability_zones': [], 'ipv4_address_scope': None, 'ipv6_address_scope': None, 'description': '', 'tags': [], 'created_at': '2025-03-10T17:46:02Z', 'updated_at': '2025-03-10T17:46:02Z', 'revision_number': 1} available for tenant
2025-03-10 17:46:30.441 70322 INFO tempest.lib.common.rest_client [req-5d1716bd-7038-4e12-98fd-7c1160d4e3e7 req-5d1716bd-7038-4e12-98fd-7c1160d4e3e7 ] Request (FlavorsAdminTestJSON:test_is_public_string_variations): 200 POST http://10.180.1.21/compute/v2.1/flavors 0.675s
2025-03-10 17:46:30.608 70348 INFO tempest.lib.common.rest_client [req-7688d84a-2ea3-4e21-986c-11cb471389a1 req-7688d84a-2ea3-4e21-986c-11cb471389a1 ] Request (ServersWithSpecificFlavorTestJSON:test_verify_created_server_ephemeral_disk): 200 GET http://10.180.1.21/compute/v2.1/servers/a9274dfc-afbd-419b-a98b-053d71a05d7c 0.902s
2025-03-10 17:46:30.635 70326 INFO tempest.lib.common.rest_client [req-107ab60d-181e-48d2-a4e2-5d184e4bab89 req-107ab60d-181e-48d2-a4e2-5d184e4bab89 ] Request (ServerDiagnosticsNegativeTest:test_get_server_diagnostics_by_non_admin): 200 GET http://10.180.1.21/compute/v2.1/servers/c1d73002-6e69-41a6-95b3-34dccaf872ef 0.760s
2025-03-10 17:46:30.659 70368 INFO tempest.lib.common.rest_client [req-6245b9cc-e3f0-4b9b-8efe-7ead080cb931 req-6245b9cc-e3f0-4b9b-8efe-7ead080cb931 ] Request (QuotasAdminTestV236:tearDownClass): 204 DELETE http://10.180.1.21:9696/networking/v2.0/security-groups/fcab6cbc-554c-4f9f-8406-66cdd3a831d7 0.233s
2025-03-10 17:46:30.682 70332 INFO tempest.lib.common.rest_client [req-8224292d-685f-464d-9511-42475eaeefb5 req-8224292d-685f-464d-9511-42475eaeefb5 ] Request (FlavorsAccessNegativeTestJSON:tearDownClass): 200 GET http://10.180.1.21:9696/networking/v2.0/security-groups?tenant_id=8d269ff9bd3843bb838b80242cc1ee93&name=default 0.310s
2025-03-10 17:46:30.694 70345 INFO tempest.lib.common.rest_client [req-b0cf105a-a3fe-442d-9cdb-0d1bba415c65 req-b0cf105a-a3fe-442d-9cdb-0d1bba415c65 ] Request (ServerPasswordTestJSON:tearDownClass): 200 GET http://10.180.1.21/compute/v2.1/servers/068507bb-ee7a-44f7-b315-7d4b2b70e735 0.802s
2025-03-10 17:46:30.706 70345 INFO tempest.common.waiters [-] State transition "ACTIVE/deleting" ==> "DELETED/None" after 3 second wait
2025-03-10 17:46:30.747 70368 INFO tempest.lib.common.rest_client [req-a895bcb1-32e3-43d9-b50c-bcf5e262af2f req-a895bcb1-32e3-43d9-b50c-bcf5e262af2f ] Request (QuotasAdminTestV236:tearDownClass): 204 DELETE http://10.180.1.21/identity/v3/projects/faf66d425d2e451485889aa6d156931a 0.087s
2025-03-10 17:46:30.798 70362 INFO tempest.lib.common.rest_client [req-fe1911ab-69ac-49fa-99c6-efb806aef06a req-fe1911ab-69ac-49fa-99c6-efb806aef06a ] Request (ServerDiagnosticsV248Test:tearDownClass): 200 GET http://10.180.1.21/compute/v2.1/servers/f249c0b9-ddd7-4b63-ae3a-11035764d3e5 0.811s
2025-03-10 17:46:30.830 70368 INFO tempest.lib.common.rest_client [req-9ddda9f0-fc70-453b-8734-537076502315 req-9ddda9f0-fc70-453b-8734-537076502315 ] Request (ServersTestJSON:setUpClass): 201 POST http://10.180.1.21/identity/v3/auth/tokens 0.081s
2025-03-10 17:46:30.837 70332 INFO tempest.lib.common.rest_client [req-7524c41f-93d6-4a92-b329-3725da105815 req-7524c41f-93d6-4a92-b329-3725da105815 ] Request (FlavorsAccessNegativeTestJSON:tearDownClass): 204 DELETE http://10.180.1.21:9696/networking/v2.0/security-groups/303af534-56d8-4c3c-830b-0fbdb52e61fd 0.155s
2025-03-10 17:46:30.875 70368 INFO tempest.lib.common.rest_client [req-af2d126b-03b1-43fd-b331-d02fba21eaa4 req-af2d126b-03b1-43fd-b331-d02fba21eaa4 ] Request (ServersTestJSON:setUpClass): 201 POST http://10.180.1.21/identity/v3/auth/tokens 0.039s
2025-03-10 17:46:30.883 70374 INFO tempest.lib.common.rest_client [req-3a3fffcf-c3fa-4cc6-8a5e-51ede7eed980 req-3a3fffcf-c3fa-4cc6-8a5e-51ede7eed980 ] Request (AbsoluteLimitsNegativeTestJSON:test_max_metadata_exceed_limit): 403 POST http://10.180.1.21/compute/v2.1/servers 0.936s
2025-03-10 17:46:30.916 70316 INFO tempest.lib.common.rest_client [req-2531e305-f3a2-4dea-be0b-12c25400dddd req-2531e305-f3a2-4dea-be0b-12c25400dddd ] Request (AttachVolumeShelveTestJSON:setUpClass): 201 POST http://10.180.1.21:9696/networking/v2.0/networks 0.651s
2025-03-10 17:46:30.950 70332 INFO tempest.lib.common.rest_client [req-2a66e6ea-42ce-4565-b628-d9dbdb91c84a req-2a66e6ea-42ce-4565-b628-d9dbdb91c84a ] Request (FlavorsAccessNegativeTestJSON:tearDownClass): 204 DELETE http://10.180.1.21/identity/v3/projects/8d269ff9bd3843bb838b80242cc1ee93 0.111s
2025-03-10 17:46:30.951 70332 INFO tempest.lib.common.dynamic_creds [-] Deleting project and security group for project: 120da213bfed4754aa40a5cd53f5cf86
2025-03-10 17:46:30.976 70354 INFO tempest.lib.common.rest_client [req-03392f76-1d30-46db-8ae9-15efe762620e req-03392f76-1d30-46db-8ae9-15efe762620e ] Request (ImagesTestJSON:test_create_image_from_stopped_server): 200 GET http://10.180.1.21/compute/v2.1/servers/9bab6bf7-43c8-4cc3-b484-4472f1acdf45 0.871s
2025-03-10 17:46:30.979 70340 INFO tempest.lib.common.rest_client [req-bd2648d3-9a12-4431-ad41-5d118d47df48 req-bd2648d3-9a12-4431-ad41-5d118d47df48 ] Request (VolumesNegativeTest:test_create_volume_without_passing_size): 400 POST http://10.180.1.21/compute/v2.1/os-volumes 0.838s
2025-03-10 17:46:30.994 70368 INFO tempest.lib.common.rest_client [req-51372787-e97d-49ad-9c2b-7825fe3dc7f5 req-51372787-e97d-49ad-9c2b-7825fe3dc7f5 ] Request (ServersTestJSON:setUpClass): 200 GET http://10.180.1.21/identity/v3/domains?name=Default 0.119s
2025-03-10 17:46:31.050 70374 INFO tempest.lib.common.rest_client [req-631933fd-50cf-489b-a61e-e8e7797357ca req-631933fd-50cf-489b-a61e-e8e7797357ca ] Request (AbsoluteLimitsNegativeTestJSON:tearDownClass): 204 DELETE http://10.180.1.21/identity/v3/users/8e40c41eacc940c19e92ab209a1cfd56 0.165s
2025-03-10 17:46:31.051 70374 INFO tempest.lib.common.dynamic_creds [-] Deleting project and security group for project: ae01d434a1bd4b7290b964fcc4e63c5b
2025-03-10 17:46:31.070 70314 INFO tempest.lib.common.rest_client [req-a0bacac1-ec39-49d8-a7a0-baff66239a12 req-a0bacac1-ec39-49d8-a7a0-baff66239a12 ] Request (ServerDiskConfigTestJSON:test_rebuild_server_with_auto_disk_config): 200 GET http://10.180.1.21/compute/v2.1/servers/00b2fd0b-7841-448d-82cf-436aa8d80cda 0.831s
2025-03-10 17:46:31.114 70338 INFO tempest.lib.common.rest_client [req-fb5310b7-41e2-474c-a431-d79dea27a635 req-fb5310b7-41e2-474c-a431-d79dea27a635 ] Request (ServerRescueTestJSON:setUpClass): 200 GET http://10.180.1.21/compute/v2.1/servers/27580836-7ab5-4e64-a985-3e6fc22a8b77 1.097s
2025-03-10 17:46:31.115 70360 INFO tempest.lib.common.rest_client [req-5ee49414-db0a-448d-ad2c-6b2f18366a60 req-5ee49414-db0a-448d-ad2c-6b2f18366a60 ] Request (QuotasAdminTestV257:test_get_updated_quotas): 200 GET http://10.180.1.21/identity/v3/domains?name=Default 0.143s
2025-03-10 17:46:31.125 70338 INFO tempest.common.waiters [-] State transition "BUILD/None" ==> "BUILD/block_device_mapping" after 16 second wait
2025-03-10 17:46:31.142 70368 INFO tempest.lib.common.rest_client [req-d0af13bc-b7f3-4a48-8c07-da0a86e564ff req-d0af13bc-b7f3-4a48-8c07-da0a86e564ff ] Request (ServersTestJSON:setUpClass): 201 POST http://10.180.1.21/identity/v3/projects 0.147s
2025-03-10 17:46:31.142 70374 INFO tempest.lib.common.rest_client [req-940064eb-b0c6-4b36-8a83-99dc57704025 req-940064eb-b0c6-4b36-8a83-99dc57704025 ] Request (AbsoluteLimitsNegativeTestJSON:tearDownClass): 201 POST http://10.180.1.21/identity/v3/auth/tokens 0.091s
2025-03-10 17:46:31.188 70320 INFO tempest.lib.common.rest_client [req-472b0e78-19b4-4a58-87cd-b88c83c27c5a req-472b0e78-19b4-4a58-87cd-b88c83c27c5a ] Request (ServersAdminTestJSON:setUpClass): 200 GET http://10.180.1.21/compute/v2.1/servers/a49b4721-e338-4e60-b91e-137caa3c9c03 0.882s
2025-03-10 17:46:31.211 70332 INFO tempest.lib.common.rest_client [req-a6fd36bf-f76c-4da4-a93e-4d403eb87ed8 req-a6fd36bf-f76c-4da4-a93e-4d403eb87ed8 ] Request (FlavorsAccessNegativeTestJSON:tearDownClass): 200 GET http://10.180.1.21:9696/networking/v2.0/security-groups?tenant_id=120da213bfed4754aa40a5cd53f5cf86&name=default 0.260s
2025-03-10 17:46:31.224 70360 INFO tempest.lib.common.rest_client [req-fba14d2f-202d-4081-8565-8158673c3f4b req-fba14d2f-202d-4081-8565-8158673c3f4b ] Request (QuotasAdminTestV257:test_get_updated_quotas): 201 POST http://10.180.1.21/identity/v3/projects 0.109s
2025-03-10 17:46:31.225 70342 INFO tempest.lib.common.rest_client [req-fdb8b86f-927c-4015-96d8-8c8cc4631f2e req-fdb8b86f-927c-4015-96d8-8c8cc4631f2e ] Request (InstanceActionsV221TestJSON:tearDownClass): 204 DELETE http://10.180.1.21:9696/networking/v2.0/routers/c5a3bc82-72ed-41d1-a674-a1ef75f261d0 0.871s
2025-03-10 17:46:31.266 70366 INFO tempest.lib.common.rest_client [req-0d8999f9-566c-4d82-a259-e76b2a232009 req-0d8999f9-566c-4d82-a259-e76b2a232009 ] Request (MultipleCreateNegativeTestJSON:test_max_count_less_than_min_count): 400 POST http://10.180.1.21/compute/v2.1/servers 1.027s
2025-03-10 17:46:31.276 70376 INFO tempest.lib.common.rest_client [req-da67ec9a-5b12-4698-93c7-0b58ed171bb1 req-da67ec9a-5b12-4698-93c7-0b58ed171bb1 ] Request (AggregatesAdminNegativeTestJSON:test_aggregate_list_as_user): 403 GET http://10.180.1.21/compute/v2.1/os-aggregates 0.860s
2025-03-10 17:46:31.305 70368 INFO tempest.lib.common.rest_client [req-7a5c8396-3f24-41bb-929a-258b10a91d30 req-7a5c8396-3f24-41bb-929a-258b10a91d30 ] Request (ServersTestJSON:setUpClass): 201 POST http://10.180.1.21/identity/v3/users 0.163s
2025-03-10 17:46:31.368 70332 INFO tempest.lib.common.rest_client [req-f236e37d-f9d1-48b2-991c-b25c961c5a3e req-f236e37d-f9d1-48b2-991c-b25c961c5a3e ] Request (FlavorsAccessNegativeTestJSON:tearDownClass): 204 DELETE http://10.180.1.21:9696/networking/v2.0/security-groups/2a4351a7-7961-40ab-99a3-905fea5ae9da 0.156s
