2025-03-10 17:48:52.247 70322 INFO tempest.lib.common.rest_client [req-628ef679-6816-4072-9245-bf3546412c2e req-628ef679-6816-4072-9245-bf3546412c2e ] Request (ServersTestFqdnHostnames:test_create_server_with_fqdn_name): 200 GET http://10.180.1.21/compute/v2.1/servers/7fc7c481-75e8-40f2-a971-752ce6dde59b 0.497s
2025-03-10 17:48:52.366 70358 INFO tempest.lib.common.rest_client [req-3af9da6f-af8c-4c78-9772-e05814d3c0ed req-3af9da6f-af8c-4c78-9772-e05814d3c0ed ] Request (ListImageFiltersTestJSON:tearDownClass): 200 GET http://10.180.1.21/compute/v2.1/servers/73e41918-88b8-4ff7-9fdd-b45ac97c80ec 0.556s
2025-03-10 17:48:52.427 70336 INFO tempest.lib.common.rest_client [req-29a71446-43ee-4f96-bfbc-5a2f883cf3a2 req-29a71446-43ee-4f96-bfbc-5a2f883cf3a2 ] Request (VolumesAssistedSnapshotsTest:tearDownClass): 200 GET http://10.180.1.21/compute/v2.1/servers/eba81db1-973c-4981-baca-cb98e4087510 0.609s
2025-03-10 17:48:52.475 70326 INFO tempest.lib.common.rest_client [req-e6342065-f8e9-4655-9962-5bf691cb36c6 req-e6342065-f8e9-4655-9962-5bf691cb36c6 ] Request (ServersAdminNegativeTestJSON:test_migrate_server_invalid_state): 202 POST http://10.180.1.21/compute/v2.1/servers 0.675s
2025-03-10 17:48:52.481 70334 INFO tempest.lib.common.rest_client [req-a4ee718e-f4db-4f06-8950-bd4c8838d0b9 req-a4ee718e-f4db-4f06-8950-bd4c8838d0b9 ] Request (ServersAdmin275Test:test_rebuild_update_server_275): 200 GET http://10.180.1.21/compute/v2.1/servers/7932a42f-6a62-4c2c-be9a-3cb518fe4183 0.639s
2025-03-10 17:48:52.525 70330 INFO tempest.lib.common.rest_client [req-df407ffc-39fb-4a27-941a-ebd619afdced req-df407ffc-39fb-4a27-941a-ebd619afdced ] Request (ServersTestJSON:test_create_server_specify_multibyte_character_name): 200 GET http://10.180.1.21/compute/v2.1/servers/fcbe1142-72dc-4a02-af9b-e03a2031a247 0.650s
2025-03-10 17:48:52.532 70374 INFO tempest.lib.common.rest_client [req-867e09e5-732c-4e49-8b0b-2201c8eacfe5 req-867e09e5-732c-4e49-8b0b-2201c8eacfe5 ] Request (ServerRescueNegativeTestJSON:test_rescued_vm_detach_volume): 200 GET http://10.180.1.21/compute/v2.1/servers/1b4da2ab-d026-45d8-8234-79ddd84d5cbb 0.597s
2025-03-10 17:48:52.548 70374 INFO tempest.common.waiters [-] State transition "BUILD/scheduling" ==> "BUILD/None" after 35 second wait
2025-03-10 17:48:52.591 70338 INFO tempest.lib.common.rest_client [req-d793f448-75df-40bd-9aec-a532aff555f9 req-d793f448-75df-40bd-9aec-a532aff555f9 ] Request (ServerRescueTestJSON:tearDownClass): 200 GET http://10.180.1.21/compute/v2.1/servers/27580836-7ab5-4e64-a985-3e6fc22a8b77 0.522s
2025-03-10 17:48:52.640 70314 INFO tempest.lib.common.rest_client [req-9fdd260d-e471-4294-9598-2fd00e75bd0f req-9fdd260d-e471-4294-9598-2fd00e75bd0f ] Request (ServerDiskConfigTestJSON:test_rebuild_server_with_manual_disk_config): 200 GET http://10.180.1.21/compute/v2.1/servers/714fafbf-a765-4e2c-8633-997d8244483c 0.539s
2025-03-10 17:48:52.641 70360 INFO tempest.lib.common.rest_client [req-580b8fb6-d6ca-4dbd-9085-048da3edb3a7 req-580b8fb6-d6ca-4dbd-9085-048da3edb3a7 ] Request (ImagesNegativeTestJSON:test_create_image_from_deleted_server): 200 GET http://10.180.1.21/compute/v2.1/servers/b3d62400-e639-4c49-9207-64fd1e684f99 0.500s
2025-03-10 17:48:52.721 70318 INFO tempest.lib.common.rest_client [req-a08dcb97-79fe-4636-81e5-7d0a59733237 req-a08dcb97-79fe-4636-81e5-7d0a59733237 ] Request (InstanceActionsTestJSON:setUpClass): 200 GET http://10.180.1.21/compute/v2.1/servers/efa06ccc-be20-4d0e-938f-01c91ef4de8e 0.369s
2025-03-10 17:48:52.743 70376 INFO tempest.lib.common.rest_client [req-9429d55d-62a0-4c49-be6b-f03c6f39dfd0 req-9429d55d-62a0-4c49-be6b-f03c6f39dfd0 ] Request (ServerActionsTestOtherB:test_create_backup): 200 GET http://10.180.1.21/image/v2/images/6534e8d5-5df3-44be-a620-28db421259d9 0.016s
2025-03-10 17:48:52.767 70326 INFO tempest.lib.common.rest_client [req-b9a08015-b03b-4609-acd2-2ba5d59d61e6 req-b9a08015-b03b-4609-acd2-2ba5d59d61e6 ] Request (ServersAdminNegativeTestJSON:test_migrate_server_invalid_state): 200 GET http://10.180.1.21/compute/v2.1/servers/32bdb15d-6a4d-4445-9b82-d18b0f6743b6 0.290s
2025-03-10 17:48:52.779 70346 INFO tempest.lib.common.rest_client [req-60a5e2c7-0cb5-4f25-b790-02325d4618cf req-60a5e2c7-0cb5-4f25-b790-02325d4618cf ] Request (ServersTestBootFromVolume:setUpClass): 200 GET http://10.180.1.21/compute/v2.1/servers/af07ebd0-5f12-49c3-a518-95be9a8d6c82 0.318s
2025-03-10 17:48:52.814 70354 INFO tempest.lib.common.rest_client [req-e233f839-4baa-4874-9ede-828182ead2f6 req-e233f839-4baa-4874-9ede-828182ead2f6 ] Request (ImagesTestJSON:test_create_image_from_suspended_server): 200 GET http://10.180.1.21/compute/v2.1/images/546c9366-0abc-40f4-a351-6f23687d2823 0.148s
2025-03-10 17:48:52.832 70332 INFO tempest.lib.common.rest_client [req-6bbbd20d-ebce-4181-86ad-d9d6350c246f req-6bbbd20d-ebce-4181-86ad-d9d6350c246f ] Request (ListServersNegativeTestJSON:setUpClass): 200 GET http://10.180.1.21/compute/v2.1/servers/d361769c-bfc2-4c72-83f4-dc9b51f907a3 0.287s
2025-03-10 17:48:52.891 70348 INFO tempest.lib.common.rest_client [req-fe75ddab-7ee7-4944-b4e6-bed8b829baad req-fe75ddab-7ee7-4944-b4e6-bed8b829baad ] Request (ServersWithSpecificFlavorTestJSON:test_verify_created_server_ephemeral_disk): 200 GET http://10.180.1.21/compute/v2.1/servers/4cd9fb91-44f1-4304-a2bf-c8b294b19e0e 0.067s
2025-03-10 17:48:52.905 70324 INFO tempest.lib.common.rest_client [req-c2f0e5d5-9f06-4fec-a58c-54e263dc7bfa req-c2f0e5d5-9f06-4fec-a58c-54e263dc7bfa ] Request (DeleteServersTestJSON:test_delete_active_server): 200 GET http://10.180.1.21/compute/v2.1/servers/62936d27-5405-4d29-b3ff-c4d8a74ba440 0.138s
2025-03-10 17:48:52.966 70368 INFO tempest.lib.common.rest_client [req-695af5b8-4369-4520-b961-e7181c762054 req-695af5b8-4369-4520-b961-e7181c762054 ] Request (ServersTestJSON:tearDownClass): 200 GET http://10.180.1.21/compute/v2.1/servers/e0b5ad16-f631-444c-a189-167e34574316 0.065s
2025-03-10 17:48:53.106 70320 INFO tempest.lib.common.rest_client [req-022a88f7-752a-4ae0-b542-691fc7a260bb req-022a88f7-752a-4ae0-b542-691fc7a260bb ] Request (ServersAdminTestJSON:test_inject_network_info): 200 GET http://10.180.1.21/compute/v2.1/servers/673be00f-e3c5-4a54-beeb-cf89828e9e32 0.067s
2025-03-10 17:48:53.117 70316 INFO tempest.lib.common.rest_client [req-6d640b3a-b663-486a-8b04-82db6986fd37 req-6d640b3a-b663-486a-8b04-82db6986fd37 ] Request (AttachVolumeShelveTestJSON:test_attach_volume_shelved_or_offload_server): 200 GET http://10.180.1.21/compute/v2.1/servers/dd31269e-716c-44cd-9fc3-ce227fe5b3b2 0.133s
2025-03-10 17:48:53.156 70328 INFO tempest.lib.common.rest_client [req-5a10d615-648e-4ff5-965c-326478a771c7 req-5a10d615-648e-4ff5-965c-326478a771c7 ] Request (SecurityGroupsTestJSON:test_list_security_groups_by_server): 200 GET http://10.180.1.21/compute/v2.1/servers/a06d4b38-0e39-46ef-a588-7627661cb201 0.064s
2025-03-10 17:48:53.204 70370 INFO tempest.lib.common.rest_client [req-d25d438b-9977-4100-b2ef-19fe7384de4c req-d25d438b-9977-4100-b2ef-19fe7384de4c ] Request (MigrationsAdminTest:test_resize_server_revert_deleted_flavor): 200 GET http://10.180.1.21/compute/v2.1/servers/0e8163d9-6ff5-4f1e-af33-ccb42fa46750 0.054s
2025-03-10 17:48:53.223 70364 INFO tempest.lib.common.rest_client [req-196fd677-b96a-49e0-960f-02ef0ac1e009 req-196fd677-b96a-49e0-960f-02ef0ac1e009 ] Request (MultipleCreateTestJSON:test_multiple_create): 200 GET http://10.180.1.21/compute/v2.1/servers/086ac14d-74bb-4bb6-90b3-3e345b2894a9 0.055s
2025-03-10 17:48:53.265 70372 INFO tempest.lib.common.rest_client [req-97c1f286-1cab-49e2-a873-78bb8c820e0a req-97c1f286-1cab-49e2-a873-78bb8c820e0a ] Request (ServerMetadataNegativeTestJSON:setUpClass): 200 GET http://10.180.1.21/compute/v2.1/servers/06442c68-7dc6-46a1-9e35-34a62730a555 0.056s
2025-03-10 17:48:53.292 70342 INFO tempest.lib.common.rest_client [req-eddea6f9-bdc5-46d2-a663-e924c1afad67 req-eddea6f9-bdc5-46d2-a663-e924c1afad67 ] Request (ListServerFiltersTestJSON:tearDownClass): 200 GET http://10.180.1.21/compute/v2.1/servers/7fbab19d-5a0a-4da3-b078-40ca0eaf8c97 0.063s
2025-03-10 17:48:53.318 70322 INFO tempest.lib.common.rest_client [req-97450287-aa30-43bf-8456-36f184710457 req-97450287-aa30-43bf-8456-36f184710457 ] Request (ServersTestFqdnHostnames:test_create_server_with_fqdn_name): 200 GET http://10.180.1.21/compute/v2.1/servers/7fc7c481-75e8-40f2-a971-752ce6dde59b 0.063s
2025-03-10 17:48:53.511 70336 INFO tempest.lib.common.rest_client [req-952e57cb-3edb-4ba0-9371-549e3fafb4a6 req-952e57cb-3edb-4ba0-9371-549e3fafb4a6 ] Request (VolumesAssistedSnapshotsTest:tearDownClass): 200 GET http://10.180.1.21/compute/v2.1/servers/eba81db1-973c-4981-baca-cb98e4087510 0.071s
2025-03-10 17:48:53.518 70358 INFO tempest.lib.common.rest_client [req-16d02ef1-8bff-464e-bc9c-fd5cfc1e7378 req-16d02ef1-8bff-464e-bc9c-fd5cfc1e7378 ] Request (ListImageFiltersTestJSON:tearDownClass): 200 GET http://10.180.1.21/compute/v2.1/servers/73e41918-88b8-4ff7-9fdd-b45ac97c80ec 0.143s
2025-03-10 17:48:53.566 70334 INFO tempest.lib.common.rest_client [req-0f4ff2d6-2330-4e01-a6e9-3dd7d5fd6fed req-0f4ff2d6-2330-4e01-a6e9-3dd7d5fd6fed ] Request (ServersAdmin275Test:test_rebuild_update_server_275): 200 GET http://10.180.1.21/compute/v2.1/servers/7932a42f-6a62-4c2c-be9a-3cb518fe4183 0.069s
2025-03-10 17:48:53.597 70330 INFO tempest.lib.common.rest_client [req-af0411aa-5b7e-4d41-9a5b-ec9b820c1f4e req-af0411aa-5b7e-4d41-9a5b-ec9b820c1f4e ] Request (ServersTestJSON:test_create_server_specify_multibyte_character_name): 200 GET http://10.180.1.21/compute/v2.1/servers/fcbe1142-72dc-4a02-af9b-e03a2031a247 0.060s
2025-03-10 17:48:53.615 70374 INFO tempest.lib.common.rest_client [req-e181bac4-7ce5-4ffa-9197-6dc4496c818f req-e181bac4-7ce5-4ffa-9197-6dc4496c818f ] Request (ServerRescueNegativeTestJSON:test_rescued_vm_detach_volume): 200 GET http://10.180.1.21/compute/v2.1/servers/1b4da2ab-d026-45d8-8234-79ddd84d5cbb 0.066s
2025-03-10 17:48:53.657 70338 INFO tempest.lib.common.rest_client [req-ca606bad-df3f-4492-b739-5a4a79e65d80 req-ca606bad-df3f-4492-b739-5a4a79e65d80 ] Request (ServerRescueTestJSON:tearDownClass): 200 GET http://10.180.1.21/compute/v2.1/servers/27580836-7ab5-4e64-a985-3e6fc22a8b77 0.055s
2025-03-10 17:48:53.664 70338 INFO tempest.common.waiters [-] State transition "RESCUE/deleting" ==> "DELETED/None" after 4 second wait
2025-03-10 17:48:53.715 70360 INFO tempest.lib.common.rest_client [req-95684d3c-9ba2-43ba-8b41-ffed4ebbe0be req-95684d3c-9ba2-43ba-8b41-ffed4ebbe0be ] Request (ImagesNegativeTestJSON:test_create_image_from_deleted_server): 200 GET http://10.180.1.21/compute/v2.1/servers/b3d62400-e639-4c49-9207-64fd1e684f99 0.060s
2025-03-10 17:48:53.752 70314 INFO tempest.lib.common.rest_client [req-9f797093-e995-40e0-8891-d1491d275cae req-9f797093-e995-40e0-8891-d1491d275cae ] Request (ServerDiskConfigTestJSON:test_rebuild_server_with_manual_disk_config): 200 GET http://10.180.1.21/compute/v2.1/servers/714fafbf-a765-4e2c-8633-997d8244483c 0.101s
2025-03-10 17:48:53.759 70376 INFO tempest.lib.common.rest_client [req-adab22d2-b0a4-4c17-bfd4-42762bc0fb5f req-adab22d2-b0a4-4c17-bfd4-42762bc0fb5f ] Request (ServerActionsTestOtherB:test_create_backup): 200 GET http://10.180.1.21/image/v2/images/6534e8d5-5df3-44be-a620-28db421259d9 0.014s
2025-03-10 17:48:53.782 70318 INFO tempest.lib.common.rest_client [req-94349546-4eab-450d-bc1b-e94766297726 req-94349546-4eab-450d-bc1b-e94766297726 ] Request (InstanceActionsTestJSON:setUpClass): 200 GET http://10.180.1.21/compute/v2.1/servers/efa06ccc-be20-4d0e-938f-01c91ef4de8e 0.054s
2025-03-10 17:48:53.833 70326 INFO tempest.lib.common.rest_client [req-51851d4f-6ef9-4d8e-b8df-b781fec6a518 req-51851d4f-6ef9-4d8e-b8df-b781fec6a518 ] Request (ServersAdminNegativeTestJSON:test_migrate_server_invalid_state): 200 GET http://10.180.1.21/compute/v2.1/servers/32bdb15d-6a4d-4445-9b82-d18b0f6743b6 0.056s
2025-03-10 17:48:53.865 70354 INFO tempest.lib.common.rest_client [req-69f40132-133e-4d5e-afc1-b6c17e0dde33 req-69f40132-133e-4d5e-afc1-b6c17e0dde33 ] Request (ImagesTestJSON:test_create_image_from_suspended_server): 200 GET http://10.180.1.21/compute/v2.1/images/546c9366-0abc-40f4-a351-6f23687d2823 0.047s
2025-03-10 17:48:53.896 70346 INFO tempest.lib.common.rest_client [req-c4c07309-8dd3-4b3c-9717-60e1446b509a req-c4c07309-8dd3-4b3c-9717-60e1446b509a ] Request (ServersTestBootFromVolume:setUpClass): 200 GET http://10.180.1.21/compute/v2.1/servers/af07ebd0-5f12-49c3-a518-95be9a8d6c82 0.107s
2025-03-10 17:48:53.925 70332 INFO tempest.lib.common.rest_client [req-eba3eb94-6d52-4458-b817-222c2c906597 req-eba3eb94-6d52-4458-b817-222c2c906597 ] Request (ListServersNegativeTestJSON:setUpClass): 200 GET http://10.180.1.21/compute/v2.1/servers/d361769c-bfc2-4c72-83f4-dc9b51f907a3 0.084s
2025-03-10 17:48:53.951 70348 INFO tempest.lib.common.rest_client [req-e52c9be8-653b-4f7b-ac05-43b6ac7eff69 req-e52c9be8-653b-4f7b-ac05-43b6ac7eff69 ] Request (ServersWithSpecificFlavorTestJSON:test_verify_created_server_ephemeral_disk): 200 GET http://10.180.1.21/compute/v2.1/servers/4cd9fb91-44f1-4304-a2bf-c8b294b19e0e 0.053s
2025-03-10 17:48:53.980 70324 INFO tempest.lib.common.rest_client [req-d6adc798-d3b7-4e5a-ac09-359b9ba2af71 req-d6adc798-d3b7-4e5a-ac09-359b9ba2af71 ] Request (DeleteServersTestJSON:test_delete_active_server): 200 GET http://10.180.1.21/compute/v2.1/servers/62936d27-5405-4d29-b3ff-c4d8a74ba440 0.068s
2025-03-10 17:48:54.036 70368 INFO tempest.lib.common.rest_client [req-b36dfa1f-a76d-4575-9245-bb78d3d331a4 req-b36dfa1f-a76d-4575-9245-bb78d3d331a4 ] Request (ServersTestJSON:tearDownClass): 200 GET http://10.180.1.21/compute/v2.1/servers/e0b5ad16-f631-444c-a189-167e34574316 0.061s
2025-03-10 17:48:54.177 70320 INFO tempest.lib.common.rest_client [req-f698718e-e45f-4b59-8c72-7ac6ef646e4a req-f698718e-e45f-4b59-8c72-7ac6ef646e4a ] Request (ServersAdminTestJSON:test_inject_network_info): 200 GET http://10.180.1.21/compute/v2.1/servers/673be00f-e3c5-4a54-beeb-cf89828e9e32 0.063s
2025-03-10 17:48:54.224 70328 INFO tempest.lib.common.rest_client [req-59e255f6-7550-417b-939d-4065c5d5ff0b req-59e255f6-7550-417b-939d-4065c5d5ff0b ] Request (SecurityGroupsTestJSON:test_list_security_groups_by_server): 200 GET http://10.180.1.21/compute/v2.1/servers/a06d4b38-0e39-46ef-a588-7627661cb201 0.059s
2025-03-10 17:48:54.235 70316 INFO tempest.lib.common.rest_client [req-926a4f8a-262f-41de-a678-1cbee5d498e5 req-926a4f8a-262f-41de-a678-1cbee5d498e5 ] Request (AttachVolumeShelveTestJSON:test_attach_volume_shelved_or_offload_server): 200 GET http://10.180.1.21/compute/v2.1/servers/dd31269e-716c-44cd-9fc3-ce227fe5b3b2 0.108s
2025-03-10 17:48:54.243 70316 INFO tempest.common.waiters [-] State transition "ACTIVE/shelving_image_uploading" ==> "SHELVED/shelving_offloading" after 20 second wait
2025-03-10 17:48:54.268 70370 INFO tempest.lib.common.rest_client [req-c52d3e67-2005-4e56-862d-9d22e76cc3b7 req-c52d3e67-2005-4e56-862d-9d22e76cc3b7 ] Request (MigrationsAdminTest:test_resize_server_revert_deleted_flavor): 200 GET http://10.180.1.21/compute/v2.1/servers/0e8163d9-6ff5-4f1e-af33-ccb42fa46750 0.056s
2025-03-10 17:48:54.280 70364 INFO tempest.lib.common.rest_client [req-d418496c-165a-4ae0-9991-3895656204a9 req-d418496c-165a-4ae0-9991-3895656204a9 ] Request (MultipleCreateTestJSON:test_multiple_create): 200 GET http://10.180.1.21/compute/v2.1/servers/086ac14d-74bb-4bb6-90b3-3e345b2894a9 0.048s
2025-03-10 17:48:54.325 70372 INFO tempest.lib.common.rest_client [req-d2e03fa0-1f9b-434c-bd1f-c611fdd5401b req-d2e03fa0-1f9b-434c-bd1f-c611fdd5401b ] Request (ServerMetadataNegativeTestJSON:setUpClass): 200 GET http://10.180.1.21/compute/v2.1/servers/06442c68-7dc6-46a1-9e35-34a62730a555 0.051s
2025-03-10 17:48:54.362 70342 INFO tempest.lib.common.rest_client [req-c0aa2509-b0d3-4a46-b7c4-c21273e2e340 req-c0aa2509-b0d3-4a46-b7c4-c21273e2e340 ] Request (ListServerFiltersTestJSON:tearDownClass): 200 GET http://10.180.1.21/compute/v2.1/servers/7fbab19d-5a0a-4da3-b078-40ca0eaf8c97 0.061s
2025-03-10 17:48:54.382 70322 INFO tempest.lib.common.rest_client [req-8b82a931-4c32-4749-8c49-138b3340263e req-8b82a931-4c32-4749-8c49-138b3340263e ] Request (ServersTestFqdnHostnames:test_create_server_with_fqdn_name): 200 GET http://10.180.1.21/compute/v2.1/servers/7fc7c481-75e8-40f2-a971-752ce6dde59b 0.056s
2025-03-10 17:48:54.595 70336 INFO tempest.lib.common.rest_client [req-1d4cdff4-e148-44c3-a04e-7c85ce2615c6 req-1d4cdff4-e148-44c3-a04e-7c85ce2615c6 ] Request (VolumesAssistedSnapshotsTest:tearDownClass): 200 GET http://10.180.1.21/compute/v2.1/servers/eba81db1-973c-4981-baca-cb98e4087510 0.076s
2025-03-10 17:48:54.662 70358 INFO tempest.lib.common.rest_client [req-c37c1d64-3f97-4ddb-bf61-b35cfb9f7e4a req-c37c1d64-3f97-4ddb-bf61-b35cfb9f7e4a ] Request (ListImageFiltersTestJSON:tearDownClass): 200 GET http://10.180.1.21/compute/v2.1/servers/73e41918-88b8-4ff7-9fdd-b45ac97c80ec 0.135s
2025-03-10 17:48:54.663 70334 INFO tempest.lib.common.rest_client [req-43395b6c-cbb6-4e44-92db-9bfdb2617c33 req-43395b6c-cbb6-4e44-92db-9bfdb2617c33 ] Request (ServersAdmin275Test:test_rebuild_update_server_275): 200 GET http://10.180.1.21/compute/v2.1/servers/7932a42f-6a62-4c2c-be9a-3cb518fe4183 0.085s
2025-03-10 17:48:54.715 70330 INFO tempest.lib.common.rest_client [req-f23ca718-f085-4af6-937e-4b62862976b8 req-f23ca718-f085-4af6-937e-4b62862976b8 ] Request (ServersTestJSON:test_create_server_specify_multibyte_character_name): 200 GET http://10.180.1.21/compute/v2.1/servers/fcbe1142-72dc-4a02-af9b-e03a2031a247 0.110s
2025-03-10 17:48:54.727 70374 INFO tempest.lib.common.rest_client [req-a23a7d87-1e16-4630-9726-5da941f1aad8 req-a23a7d87-1e16-4630-9726-5da941f1aad8 ] Request (ServerRescueNegativeTestJSON:test_rescued_vm_detach_volume): 200 GET http://10.180.1.21/compute/v2.1/servers/1b4da2ab-d026-45d8-8234-79ddd84d5cbb 0.104s
2025-03-10 17:48:54.774 70338 INFO tempest.lib.common.rest_client [req-0edcf346-c6c8-4a07-8c58-43ab79a45605 req-0edcf346-c6c8-4a07-8c58-43ab79a45605 ] Request (ServerRescueTestJSON:tearDownClass): 200 GET http://10.180.1.21/compute/v2.1/servers/27580836-7ab5-4e64-a985-3e6fc22a8b77 0.110s
2025-03-10 17:48:54.779 70376 INFO tempest.lib.common.rest_client [req-7da9b219-a2ee-4891-9831-a7dc02b0d122 req-7da9b219-a2ee-4891-9831-a7dc02b0d122 ] Request (ServerActionsTestOtherB:test_create_backup): 200 GET http://10.180.1.21/image/v2/images/6534e8d5-5df3-44be-a620-28db421259d9 0.019s
2025-03-10 17:48:54.782 70360 INFO tempest.lib.common.rest_client [req-a18d2b5c-f1f4-4422-965a-755c3521e293 req-a18d2b5c-f1f4-4422-965a-755c3521e293 ] Request (ImagesNegativeTestJSON:test_create_image_from_deleted_server): 200 GET http://10.180.1.21/compute/v2.1/servers/b3d62400-e639-4c49-9207-64fd1e684f99 0.059s
2025-03-10 17:48:54.844 70318 INFO tempest.lib.common.rest_client [req-5dceebb9-2a9a-41b8-89b9-88fe29bd044b req-5dceebb9-2a9a-41b8-89b9-88fe29bd044b ] Request (InstanceActionsTestJSON:setUpClass): 200 GET http://10.180.1.21/compute/v2.1/servers/efa06ccc-be20-4d0e-938f-01c91ef4de8e 0.054s
2025-03-10 17:48:54.900 70314 INFO tempest.lib.common.rest_client [req-c5be6722-6bc7-41ad-b66e-1a7982e01d98 req-c5be6722-6bc7-41ad-b66e-1a7982e01d98 ] Request (ServerDiskConfigTestJSON:test_rebuild_server_with_manual_disk_config): 200 GET http://10.180.1.21/compute/v2.1/servers/714fafbf-a765-4e2c-8633-997d8244483c 0.140s
2025-03-10 17:48:54.930 70326 INFO tempest.lib.common.rest_client [req-71d1369d-5715-4882-95d0-37353448843a req-71d1369d-5715-4882-95d0-37353448843a ] Request (ServersAdminNegativeTestJSON:test_migrate_server_invalid_state): 200 GET http://10.180.1.21/compute/v2.1/servers/32bdb15d-6a4d-4445-9b82-d18b0f6743b6 0.089s
2025-03-10 17:48:54.936 70354 INFO tempest.lib.common.rest_client [req-7a5323c6-327e-470b-94cb-ecc44d9ce49c req-7a5323c6-327e-470b-94cb-ecc44d9ce49c ] Request (ImagesTestJSON:test_create_image_from_suspended_server): 200 GET http://10.180.1.21/compute/v2.1/images/546c9366-0abc-40f4-a351-6f23687d2823 0.067s
2025-03-10 17:48:55.008 70332 INFO tempest.lib.common.rest_client [req-25fbf105-1bc1-4190-8f6d-5f6f540181e5 req-25fbf105-1bc1-4190-8f6d-5f6f540181e5 ] Request (ListServersNegativeTestJSON:setUpClass): 200 GET http://10.180.1.21/compute/v2.1/servers/d361769c-bfc2-4c72-83f4-dc9b51f907a3 0.076s
2025-03-10 17:48:55.056 70346 INFO tempest.lib.common.rest_client [req-a79f6dd4-736f-47b7-bc3a-2b941a41f0b8 req-a79f6dd4-736f-47b7-bc3a-2b941a41f0b8 ] Request (ServersTestBootFromVolume:setUpClass): 200 GET http://10.180.1.21/compute/v2.1/servers/af07ebd0-5f12-49c3-a518-95be9a8d6c82 0.152s
2025-03-10 17:48:55.060 70348 INFO tempest.lib.common.rest_client [req-6c5248c1-dcc0-412b-b9b6-c1815b2f1c3f req-6c5248c1-dcc0-412b-b9b6-c1815b2f1c3f ] Request (ServersWithSpecificFlavorTestJSON:test_verify_created_server_ephemeral_disk): 200 GET http://10.180.1.21/compute/v2.1/servers/4cd9fb91-44f1-4304-a2bf-c8b294b19e0e 0.101s
2025-03-10 17:48:55.129 70368 INFO tempest.lib.common.rest_client [req-85283804-2684-47c3-8965-0dbd0fdb08e5 req-85283804-2684-47c3-8965-0dbd0fdb08e5 ] Request (ServersTestJSON:tearDownClass): 200 GET http://10.180.1.21/compute/v2.1/servers/e0b5ad16-f631-444c-a189-167e34574316 0.083s
2025-03-10 17:48:55.130 70324 INFO tempest.lib.common.rest_client [req-9dc511a8-288a-431e-a45a-05c3ccdb5964 req-9dc511a8-288a-431e-a45a-05c3ccdb5964 ] Request (DeleteServersTestJSON:test_delete_active_server): 200 GET http://10.180.1.21/compute/v2.1/servers/62936d27-5405-4d29-b3ff-c4d8a74ba440 0.141s
2025-03-10 17:48:55.239 70320 INFO tempest.lib.common.rest_client [req-bf412d17-ea79-4bd9-8379-1a06df7dc1da req-bf412d17-ea79-4bd9-8379-1a06df7dc1da ] Request (ServersAdminTestJSON:test_inject_network_info): 200 GET http://10.180.1.21/compute/v2.1/servers/673be00f-e3c5-4a54-beeb-cf89828e9e32 0.054s
2025-03-10 17:48:55.284 70328 INFO tempest.lib.common.rest_client [req-e076b317-4ba4-46cc-bbdc-dc6aa7944a13 req-e076b317-4ba4-46cc-bbdc-dc6aa7944a13 ] Request (SecurityGroupsTestJSON:test_list_security_groups_by_server): 200 GET http://10.180.1.21/compute/v2.1/servers/a06d4b38-0e39-46ef-a588-7627661cb201 0.053s
2025-03-10 17:48:55.314 70356 INFO paramiko.transport [-] Connected (version 2.0, client dropbear_2020.81)
2025-03-10 17:48:55.338 70370 INFO tempest.lib.common.rest_client [req-2dfb8f56-3048-4987-82b2-3280cd64bf6f req-2dfb8f56-3048-4987-82b2-3280cd64bf6f ] Request (MigrationsAdminTest:test_resize_server_revert_deleted_flavor): 200 GET http://10.180.1.21/compute/v2.1/servers/0e8163d9-6ff5-4f1e-af33-ccb42fa46750 0.061s
2025-03-10 17:48:55.350 70316 INFO tempest.lib.common.rest_client [req-5ca6c04e-9636-426a-8f59-5fea7c4d4148 req-5ca6c04e-9636-426a-8f59-5fea7c4d4148 ] Request (AttachVolumeShelveTestJSON:test_attach_volume_shelved_or_offload_server): 200 GET http://10.180.1.21/compute/v2.1/servers/dd31269e-716c-44cd-9fc3-ce227fe5b3b2 0.105s
2025-03-10 17:48:55.385 70364 INFO tempest.lib.common.rest_client [req-3db10346-e4c2-4f54-8cb9-e72dc8265def req-3db10346-e4c2-4f54-8cb9-e72dc8265def ] Request (MultipleCreateTestJSON:test_multiple_create): 200 GET http://10.180.1.21/compute/v2.1/servers/086ac14d-74bb-4bb6-90b3-3e345b2894a9 0.097s
2025-03-10 17:48:55.401 70372 INFO tempest.lib.common.rest_client [req-8c38d648-65d8-430c-9745-45f6deb9d30f req-8c38d648-65d8-430c-9745-45f6deb9d30f ] Request (ServerMetadataNegativeTestJSON:setUpClass): 200 GET http://10.180.1.21/compute/v2.1/servers/06442c68-7dc6-46a1-9e35-34a62730a555 0.068s
2025-03-10 17:48:55.431 70356 INFO paramiko.transport [-] Authentication (publickey) successful!
2025-03-10 17:48:55.432 70356 INFO tempest.lib.common.ssh [-] ssh connection to cirros@10.180.180.171 successfully created
2025-03-10 17:48:55.439 70342 INFO tempest.lib.common.rest_client [req-f5691d76-20db-4655-a08d-e209724af407 req-f5691d76-20db-4655-a08d-e209724af407 ] Request (ListServerFiltersTestJSON:tearDownClass): 200 GET http://10.180.1.21/compute/v2.1/servers/7fbab19d-5a0a-4da3-b078-40ca0eaf8c97 0.070s
2025-03-10 17:48:55.447 70356 INFO tempest.lib.common.ssh [-] Creating ssh connection to '10.180.180.171:22' as 'cirros' with public key authentication
2025-03-10 17:48:55.451 70356 INFO paramiko.transport [-] Connected (version 2.0, client dropbear_2020.81)
2025-03-10 17:48:55.454 70322 INFO tempest.lib.common.rest_client [req-058efa11-b9c7-4a5f-817b-2ab58186296a req-058efa11-b9c7-4a5f-817b-2ab58186296a ] Request (ServersTestFqdnHostnames:test_create_server_with_fqdn_name): 200 GET http://10.180.1.21/compute/v2.1/servers/7fc7c481-75e8-40f2-a971-752ce6dde59b 0.060s
2025-03-10 17:48:55.506 70356 INFO paramiko.transport [-] Authentication (publickey) successful!
2025-03-10 17:48:55.507 70356 INFO tempest.lib.common.ssh [-] ssh connection to cirros@10.180.180.171 successfully created
2025-03-10 17:48:55.662 70336 INFO tempest.lib.common.rest_client [req-fa855274-16fa-418f-ad45-cfdfe83a3288 req-fa855274-16fa-418f-ad45-cfdfe83a3288 ] Request (VolumesAssistedSnapshotsTest:tearDownClass): 200 GET http://10.180.1.21/compute/v2.1/servers/eba81db1-973c-4981-baca-cb98e4087510 0.057s
2025-03-10 17:48:55.725 70358 INFO tempest.lib.common.rest_client [req-e2b9bb58-cbbf-4b59-abc7-3a08eb090739 req-e2b9bb58-cbbf-4b59-abc7-3a08eb090739 ] Request (ListImageFiltersTestJSON:tearDownClass): 200 GET http://10.180.1.21/compute/v2.1/servers/73e41918-88b8-4ff7-9fdd-b45ac97c80ec 0.055s
2025-03-10 17:48:55.740 70334 INFO tempest.lib.common.rest_client [req-4570500c-ba0b-4e90-ba84-e66996b68c15 req-4570500c-ba0b-4e90-ba84-e66996b68c15 ] Request (ServersAdmin275Test:test_rebuild_update_server_275): 200 GET http://10.180.1.21/compute/v2.1/servers/7932a42f-6a62-4c2c-be9a-3cb518fe4183 0.066s
2025-03-10 17:48:55.775 70330 INFO tempest.lib.common.rest_client [req-b52142d3-c3ab-48ef-8438-81ae2b70cd54 req-b52142d3-c3ab-48ef-8438-81ae2b70cd54 ] Request (ServersTestJSON:test_create_server_specify_multibyte_character_name): 200 GET http://10.180.1.21/compute/v2.1/servers/fcbe1142-72dc-4a02-af9b-e03a2031a247 0.052s
2025-03-10 17:48:55.793 70374 INFO tempest.lib.common.rest_client [req-fc7a54b8-60a9-4a91-a0d1-3a0ed921c69c req-fc7a54b8-60a9-4a91-a0d1-3a0ed921c69c ] Request (ServerRescueNegativeTestJSON:test_rescued_vm_detach_volume): 200 GET http://10.180.1.21/compute/v2.1/servers/1b4da2ab-d026-45d8-8234-79ddd84d5cbb 0.057s
2025-03-10 17:48:55.798 70376 INFO tempest.lib.common.rest_client [req-a85ef0e7-3946-4580-a8a3-022f6d784858 req-a85ef0e7-3946-4580-a8a3-022f6d784858 ] Request (ServerActionsTestOtherB:test_create_backup): 200 GET http://10.180.1.21/image/v2/images/6534e8d5-5df3-44be-a620-28db421259d9 0.017s
2025-03-10 17:48:55.852 70338 INFO tempest.lib.common.rest_client [req-4b55fdd2-ab55-43ee-855c-7ec5338a6e4a req-4b55fdd2-ab55-43ee-855c-7ec5338a6e4a ] Request (ServerRescueTestJSON:tearDownClass): 200 GET http://10.180.1.21/compute/v2.1/servers/27580836-7ab5-4e64-a985-3e6fc22a8b77 0.069s
2025-03-10 17:48:55.865 70360 INFO tempest.lib.common.rest_client [req-79421086-2d4d-4521-b72f-be40262d4ddb req-79421086-2d4d-4521-b72f-be40262d4ddb ] Request (ImagesNegativeTestJSON:test_create_image_from_deleted_server): 200 GET http://10.180.1.21/compute/v2.1/servers/b3d62400-e639-4c49-9207-64fd1e684f99 0.076s
2025-03-10 17:48:55.905 70318 INFO tempest.lib.common.rest_client [req-f6b6477d-37f7-459c-b798-c9f3469d3bf4 req-f6b6477d-37f7-459c-b798-c9f3469d3bf4 ] Request (InstanceActionsTestJSON:setUpClass): 200 GET http://10.180.1.21/compute/v2.1/servers/efa06ccc-be20-4d0e-938f-01c91ef4de8e 0.054s
2025-03-10 17:48:56.008 70326 INFO tempest.lib.common.rest_client [req-71b16e75-0a9b-4303-a247-b812c802553f req-71b16e75-0a9b-4303-a247-b812c802553f ] Request (ServersAdminNegativeTestJSON:test_migrate_server_invalid_state): 200 GET http://10.180.1.21/compute/v2.1/servers/32bdb15d-6a4d-4445-9b82-d18b0f6743b6 0.066s
2025-03-10 17:48:56.022 70314 INFO tempest.lib.common.rest_client [req-5cd98868-d2f0-4f6b-b749-80d26acd1cc8 req-5cd98868-d2f0-4f6b-b749-80d26acd1cc8 ] Request (ServerDiskConfigTestJSON:test_rebuild_server_with_manual_disk_config): 200 GET http://10.180.1.21/compute/v2.1/servers/714fafbf-a765-4e2c-8633-997d8244483c 0.113s
2025-03-10 17:48:56.030 70314 INFO tempest.common.waiters [-] State transition "REBUILD/rebuilding" ==> "REBUILD/rebuild_block_device_mapping" after 4 second wait
2025-03-10 17:48:56.042 70354 INFO tempest.lib.common.rest_client [req-0cc566c8-7fef-40e9-98e3-9bd26a181b36 req-0cc566c8-7fef-40e9-98e3-9bd26a181b36 ] Request (ImagesTestJSON:test_create_image_from_suspended_server): 200 GET http://10.180.1.21/compute/v2.1/images/546c9366-0abc-40f4-a351-6f23687d2823 0.099s
2025-03-10 17:48:56.090 70332 INFO tempest.lib.common.rest_client [req-94bf4297-58f3-4b80-9a09-8774510a9344 req-94bf4297-58f3-4b80-9a09-8774510a9344 ] Request (ListServersNegativeTestJSON:setUpClass): 200 GET http://10.180.1.21/compute/v2.1/servers/d361769c-bfc2-4c72-83f4-dc9b51f907a3 0.073s
2025-03-10 17:48:56.150 70348 INFO tempest.lib.common.rest_client [req-b758032e-2281-432d-a1d4-f2e7865c64eb req-b758032e-2281-432d-a1d4-f2e7865c64eb ] Request (ServersWithSpecificFlavorTestJSON:test_verify_created_server_ephemeral_disk): 200 GET http://10.180.1.21/compute/v2.1/servers/4cd9fb91-44f1-4304-a2bf-c8b294b19e0e 0.080s
2025-03-10 17:48:56.183 70346 INFO tempest.lib.common.rest_client [req-1c4f0c31-b127-4427-8b1e-667b027ef684 req-1c4f0c31-b127-4427-8b1e-667b027ef684 ] Request (ServersTestBootFromVolume:setUpClass): 200 GET http://10.180.1.21/compute/v2.1/servers/af07ebd0-5f12-49c3-a518-95be9a8d6c82 0.119s
2025-03-10 17:48:56.190 70346 INFO tempest.common.waiters [-] State transition "BUILD/spawning" ==> "ACTIVE/None" after 86 second wait
2025-03-10 17:48:56.201 70324 INFO tempest.lib.common.rest_client [req-dbc64424-e943-46bb-b475-73ae36ca937d req-dbc64424-e943-46bb-b475-73ae36ca937d ] Request (DeleteServersTestJSON:test_delete_active_server): 200 GET http://10.180.1.21/compute/v2.1/servers/62936d27-5405-4d29-b3ff-c4d8a74ba440 0.064s
2025-03-10 17:48:56.247 70368 INFO tempest.lib.common.rest_client [req-5b6d5c4c-d419-45e8-b82b-e4027fd1320c req-5b6d5c4c-d419-45e8-b82b-e4027fd1320c ] Request (ServersTestJSON:tearDownClass): 200 GET http://10.180.1.21/compute/v2.1/servers/e0b5ad16-f631-444c-a189-167e34574316 0.108s
2025-03-10 17:48:56.265 70346 INFO tempest.lib.common.rest_client [req-0b024e2d-e6e9-43ec-9462-e2bd396b7d41 req-0b024e2d-e6e9-43ec-9462-e2bd396b7d41 ] Request (ServersTestBootFromVolume:setUpClass): 200 GET http://10.180.1.21/compute/v2.1/servers/af07ebd0-5f12-49c3-a518-95be9a8d6c82/os-interface 0.074s
2025-03-10 17:48:56.316 70320 INFO tempest.lib.common.rest_client [req-3635cad1-462d-4ade-9d58-1bc665c73c21 req-3635cad1-462d-4ade-9d58-1bc665c73c21 ] Request (ServersAdminTestJSON:test_inject_network_info): 200 GET http://10.180.1.21/compute/v2.1/servers/673be00f-e3c5-4a54-beeb-cf89828e9e32 0.070s
2025-03-10 17:48:56.353 70328 INFO tempest.lib.common.rest_client [req-defd73c0-0162-4b4e-a44b-4cfe94d4a7d7 req-defd73c0-0162-4b4e-a44b-4cfe94d4a7d7 ] Request (SecurityGroupsTestJSON:test_list_security_groups_by_server): 200 GET http://10.180.1.21/compute/v2.1/servers/a06d4b38-0e39-46ef-a588-7627661cb201 0.059s
2025-03-10 17:48:56.423 70370 INFO tempest.lib.common.rest_client [req-c7cbf9ac-cb66-41d2-bb69-7bc8da4dfa7f req-c7cbf9ac-cb66-41d2-bb69-7bc8da4dfa7f ] Request (MigrationsAdminTest:test_resize_server_revert_deleted_flavor): 200 GET http://10.180.1.21/compute/v2.1/servers/0e8163d9-6ff5-4f1e-af33-ccb42fa46750 0.077s
2025-03-10 17:48:56.488 70364 INFO tempest.lib.common.rest_client [req-98842bc5-5f87-4982-aeee-03b6f0ce894e req-98842bc5-5f87-4982-aeee-03b6f0ce894e ] Request (MultipleCreateTestJSON:test_multiple_create): 200 GET http://10.180.1.21/compute/v2.1/servers/086ac14d-74bb-4bb6-90b3-3e345b2894a9 0.095s
2025-03-10 17:48:56.515 70316 INFO tempest.lib.common.rest_client [req-28479fa2-69f0-48c3-b659-8119ae13ecf6 req-28479fa2-69f0-48c3-b659-8119ae13ecf6 ] Request (AttachVolumeShelveTestJSON:test_attach_volume_shelved_or_offload_server): 200 GET http://10.180.1.21/compute/v2.1/servers/dd31269e-716c-44cd-9fc3-ce227fe5b3b2 0.154s
2025-03-10 17:48:56.554 70372 INFO tempest.lib.common.rest_client [req-7a6e5540-1b2b-4343-8867-1a9036d5ce74 req-7a6e5540-1b2b-4343-8867-1a9036d5ce74 ] Request (ServerMetadataNegativeTestJSON:setUpClass): 200 GET http://10.180.1.21/compute/v2.1/servers/06442c68-7dc6-46a1-9e35-34a62730a555 0.145s
2025-03-10 17:48:56.584 70342 INFO tempest.lib.common.rest_client [req-9c1b9427-b5a4-4af4-8a59-9547cad19e45 req-9c1b9427-b5a4-4af4-8a59-9547cad19e45 ] Request (ListServerFiltersTestJSON:tearDownClass): 200 GET http://10.180.1.21/compute/v2.1/servers/7fbab19d-5a0a-4da3-b078-40ca0eaf8c97 0.136s
2025-03-10 17:48:56.616 70322 INFO tempest.lib.common.rest_client [req-7ddec0f0-a3ae-4619-85d3-8a67bc8d6d66 req-7ddec0f0-a3ae-4619-85d3-8a67bc8d6d66 ] Request (ServersTestFqdnHostnames:test_create_server_with_fqdn_name): 200 GET http://10.180.1.21/compute/v2.1/servers/7fc7c481-75e8-40f2-a971-752ce6dde59b 0.153s
2025-03-10 17:48:56.813 70376 INFO tempest.lib.common.rest_client [req-bc07cd8b-416b-4677-b8c8-73797db403a3 req-bc07cd8b-416b-4677-b8c8-73797db403a3 ] Request (ServerActionsTestOtherB:test_create_backup): 200 GET http://10.180.1.21/image/v2/images/6534e8d5-5df3-44be-a620-28db421259d9 0.013s
2025-03-10 17:48:56.860 70350 WARNING tempest.lib.common.ssh [-] Failed to establish authenticated ssh connection to cirros@10.180.180.166 ([Errno None] Unable to connect to port 22 on 10.180.180.166). Number attempts: 14. Retry after 15 seconds.: paramiko.ssh_exception.NoValidConnectionsError: [Errno None] Unable to connect to port 22 on 10.180.180.166
2025-03-10 17:48:56.921 70362 WARNING tempest.lib.common.ssh [-] Failed to establish authenticated ssh connection to cirros@10.180.180.207 ([Errno None] Unable to connect to port 22 on 10.180.180.207). Number attempts: 3. Retry after 4 seconds.: paramiko.ssh_exception.NoValidConnectionsError: [Errno None] Unable to connect to port 22 on 10.180.180.207
2025-03-10 17:48:56.937 70358 INFO tempest.lib.common.rest_client [req-6edc0aea-8c14-41ac-8fed-c5130f46538d req-6edc0aea-8c14-41ac-8fed-c5130f46538d ] Request (ListImageFiltersTestJSON:tearDownClass): 200 GET http://10.180.1.21/compute/v2.1/servers/73e41918-88b8-4ff7-9fdd-b45ac97c80ec 0.203s
2025-03-10 17:48:56.941 70336 INFO tempest.lib.common.rest_client [req-b754a5fc-d374-4679-83f8-3fc65e2707a6 req-b754a5fc-d374-4679-83f8-3fc65e2707a6 ] Request (VolumesAssistedSnapshotsTest:tearDownClass): 200 GET http://10.180.1.21/compute/v2.1/servers/eba81db1-973c-4981-baca-cb98e4087510 0.270s
2025-03-10 17:48:56.944 70358 INFO tempest.common.waiters [-] State transition "ACTIVE/deleting" ==> "DELETED/None" after 4 second wait
2025-03-10 17:48:57.021 70330 INFO tempest.lib.common.rest_client [req-502e5307-a10e-4c21-9e74-07185adbce3f req-502e5307-a10e-4c21-9e74-07185adbce3f ] Request (ServersTestJSON:test_create_server_specify_multibyte_character_name): 200 GET http://10.180.1.21/compute/v2.1/servers/fcbe1142-72dc-4a02-af9b-e03a2031a247 0.238s
2025-03-10 17:48:57.047 70334 INFO tempest.lib.common.rest_client [req-6c9c681f-eff0-4be6-9469-92b048b726a9 req-6c9c681f-eff0-4be6-9469-92b048b726a9 ] Request (ServersAdmin275Test:test_rebuild_update_server_275): 200 GET http://10.180.1.21/compute/v2.1/servers/7932a42f-6a62-4c2c-be9a-3cb518fe4183 0.296s
2025-03-10 17:48:57.111 70374 INFO tempest.lib.common.rest_client [req-df645f98-a150-42e2-a5c6-1e7da740300a req-df645f98-a150-42e2-a5c6-1e7da740300a ] Request (ServerRescueNegativeTestJSON:test_rescued_vm_detach_volume): 200 GET http://10.180.1.21/compute/v2.1/servers/1b4da2ab-d026-45d8-8234-79ddd84d5cbb 0.307s
2025-03-10 17:48:57.121 70338 INFO tempest.lib.common.rest_client [req-a1d84414-b7cd-4ddc-9e0e-0414dd018e91 req-a1d84414-b7cd-4ddc-9e0e-0414dd018e91 ] Request (ServerRescueTestJSON:tearDownClass): 200 GET http://10.180.1.21/compute/v2.1/servers/27580836-7ab5-4e64-a985-3e6fc22a8b77 0.260s
2025-03-10 17:48:57.196 70360 INFO tempest.lib.common.rest_client [req-8a81c670-13f5-4b2a-bd75-27c755fdb9d0 req-8a81c670-13f5-4b2a-bd75-27c755fdb9d0 ] Request (ImagesNegativeTestJSON:test_create_image_from_deleted_server): 200 GET http://10.180.1.21/compute/v2.1/servers/b3d62400-e639-4c49-9207-64fd1e684f99 0.321s
2025-03-10 17:48:57.207 70360 INFO tempest.common.waiters [-] State transition "BUILD/None" ==> "BUILD/networking" after 87 second wait
2025-03-10 17:48:57.213 70318 INFO tempest.lib.common.rest_client [req-2a15b803-0a6e-49af-ac79-86d7642418d1 req-2a15b803-0a6e-49af-ac79-86d7642418d1 ] Request (InstanceActionsTestJSON:setUpClass): 200 GET http://10.180.1.21/compute/v2.1/servers/efa06ccc-be20-4d0e-938f-01c91ef4de8e 0.299s
2025-03-10 17:48:57.251 70346 INFO tempest.lib.common.rest_client [req-25631d86-e8a1-4b21-89a3-e1175a4d563b req-25631d86-e8a1-4b21-89a3-e1175a4d563b ] Request (ServersTestBootFromVolume:setUpClass): 200 PUT http://10.180.1.21:9696/networking/v2.0/floatingips/f0ee1c2e-1ae5-47e7-b058-c214ae4e3f78 0.983s
2025-03-10 17:48:57.257 70326 INFO tempest.lib.common.rest_client [req-7b7e5eea-f646-46ba-8974-fee39e5916d6 req-7b7e5eea-f646-46ba-8974-fee39e5916d6 ] Request (ServersAdminNegativeTestJSON:test_migrate_server_invalid_state): 200 GET http://10.180.1.21/compute/v2.1/servers/32bdb15d-6a4d-4445-9b82-d18b0f6743b6 0.241s
2025-03-10 17:48:57.295 70354 INFO tempest.lib.common.rest_client [req-067ed8e6-0e05-48db-9706-fe90a6772799 req-067ed8e6-0e05-48db-9706-fe90a6772799 ] Request (ImagesTestJSON:test_create_image_from_suspended_server): 200 GET http://10.180.1.21/compute/v2.1/images/546c9366-0abc-40f4-a351-6f23687d2823 0.248s
2025-03-10 17:48:57.361 70314 INFO tempest.lib.common.rest_client [req-2be68adb-3859-4af2-a700-3a956a5d7815 req-2be68adb-3859-4af2-a700-3a956a5d7815 ] Request (ServerDiskConfigTestJSON:test_rebuild_server_with_manual_disk_config): 200 GET http://10.180.1.21/compute/v2.1/servers/714fafbf-a765-4e2c-8633-997d8244483c 0.329s
2025-03-10 17:48:57.364 70332 INFO tempest.lib.common.rest_client [req-86b41274-4283-4814-a17d-c03926c7b198 req-86b41274-4283-4814-a17d-c03926c7b198 ] Request (ListServersNegativeTestJSON:setUpClass): 200 GET http://10.180.1.21/compute/v2.1/servers/d361769c-bfc2-4c72-83f4-dc9b51f907a3 0.262s
2025-03-10 17:48:57.369 70314 INFO tempest.common.waiters [-] State transition "REBUILD/rebuild_block_device_mapping" ==> "REBUILD/rebuild_spawning" after 5 second wait
2025-03-10 17:48:57.418 70348 INFO tempest.lib.common.rest_client [req-f522d4a3-c919-41c6-bd03-f4f58bf91128 req-f522d4a3-c919-41c6-bd03-f4f58bf91128 ] Request (ServersWithSpecificFlavorTestJSON:test_verify_created_server_ephemeral_disk): 200 GET http://10.180.1.21/compute/v2.1/servers/4cd9fb91-44f1-4304-a2bf-c8b294b19e0e 0.258s
2025-03-10 17:48:57.426 70324 INFO tempest.lib.common.rest_client [req-711f072c-de60-4b3b-be7a-55ec344d95a5 req-711f072c-de60-4b3b-be7a-55ec344d95a5 ] Request (DeleteServersTestJSON:test_delete_active_server): 200 GET http://10.180.1.21/compute/v2.1/servers/62936d27-5405-4d29-b3ff-c4d8a74ba440 0.216s
2025-03-10 17:48:57.426 70348 INFO tempest.common.waiters [-] State transition "BUILD/scheduling" ==> "BUILD/None" after 39 second wait
2025-03-10 17:48:57.504 70368 INFO tempest.lib.common.rest_client [req-d9a86f9c-5d48-4560-9da4-b76db9794cb5 req-d9a86f9c-5d48-4560-9da4-b76db9794cb5 ] Request (ServersTestJSON:tearDownClass): 200 GET http://10.180.1.21/compute/v2.1/servers/e0b5ad16-f631-444c-a189-167e34574316 0.250s
2025-03-10 17:48:57.539 70346 INFO tempest.lib.common.rest_client [req-e02221a7-1b90-476f-b563-22b2c1009297 req-e02221a7-1b90-476f-b563-22b2c1009297 ] Request (ServersTestBootFromVolume:setUpClass): 200 GET http://10.180.1.21/compute/v2.1/servers/af07ebd0-5f12-49c3-a518-95be9a8d6c82 0.287s
2025-03-10 17:48:57.549 70346 INFO tempest.lib.common.ssh [-] Creating ssh connection to '10.180.180.173:22' as 'cirros' with public key authentication
2025-03-10 17:48:57.572 70320 INFO tempest.lib.common.rest_client [req-a120d13f-e727-42d7-a230-feaf27c4d5fe req-a120d13f-e727-42d7-a230-feaf27c4d5fe ] Request (ServersAdminTestJSON:test_inject_network_info): 200 GET http://10.180.1.21/compute/v2.1/servers/673be00f-e3c5-4a54-beeb-cf89828e9e32 0.246s
2025-03-10 17:48:57.598 70328 INFO tempest.lib.common.rest_client [req-2f78742f-8ac1-4011-ac7c-062f86d796e9 req-2f78742f-8ac1-4011-ac7c-062f86d796e9 ] Request (SecurityGroupsTestJSON:test_list_security_groups_by_server): 200 GET http://10.180.1.21/compute/v2.1/servers/a06d4b38-0e39-46ef-a588-7627661cb201 0.237s
2025-03-10 17:48:57.638 70370 INFO tempest.lib.common.rest_client [req-5fbb91c1-196c-4f5b-a14a-45fd95b864e3 req-5fbb91c1-196c-4f5b-a14a-45fd95b864e3 ] Request (MigrationsAdminTest:test_resize_server_revert_deleted_flavor): 200 GET http://10.180.1.21/compute/v2.1/servers/0e8163d9-6ff5-4f1e-af33-ccb42fa46750 0.203s
2025-03-10 17:48:57.659 70364 INFO tempest.lib.common.rest_client [req-0501d9cd-4125-460e-b660-53990f1afce2 req-0501d9cd-4125-460e-b660-53990f1afce2 ] Request (MultipleCreateTestJSON:test_multiple_create): 200 GET http://10.180.1.21/compute/v2.1/servers/086ac14d-74bb-4bb6-90b3-3e345b2894a9 0.162s
2025-03-10 17:48:57.731 70372 INFO tempest.lib.common.rest_client [req-3654ac7a-418d-43fd-aaed-999f414a316a req-3654ac7a-418d-43fd-aaed-999f414a316a ] Request (ServerMetadataNegativeTestJSON:setUpClass): 200 GET http://10.180.1.21/compute/v2.1/servers/06442c68-7dc6-46a1-9e35-34a62730a555 0.166s
2025-03-10 17:48:57.815 70316 INFO tempest.lib.common.rest_client [req-f244037a-1a79-4c07-910e-b06c16d3824c req-f244037a-1a79-4c07-910e-b06c16d3824c ] Request (AttachVolumeShelveTestJSON:test_attach_volume_shelved_or_offload_server): 200 GET http://10.180.1.21/compute/v2.1/servers/dd31269e-716c-44cd-9fc3-ce227fe5b3b2 0.286s
2025-03-10 17:48:57.821 70342 INFO tempest.lib.common.rest_client [req-3b9d8a69-d4cb-40af-ab84-7754cb9ba63c req-3b9d8a69-d4cb-40af-ab84-7754cb9ba63c ] Request (ListServerFiltersTestJSON:tearDownClass): 200 GET http://10.180.1.21/compute/v2.1/servers/7fbab19d-5a0a-4da3-b078-40ca0eaf8c97 0.225s
2025-03-10 17:48:57.825 70316 INFO tempest.common.waiters [-] State transition "SHELVED/shelving_offloading" ==> "SHELVED_OFFLOADED/None" after 23 second wait
2025-03-10 17:48:57.883 70322 INFO tempest.lib.common.rest_client [req-6a6885a2-840c-4b1e-a5d4-e51612d68bc0 req-6a6885a2-840c-4b1e-a5d4-e51612d68bc0 ] Request (ServersTestFqdnHostnames:test_create_server_with_fqdn_name): 200 GET http://10.180.1.21/compute/v2.1/servers/7fc7c481-75e8-40f2-a971-752ce6dde59b 0.258s
2025-03-10 17:48:58.010 70366 WARNING tempest.lib.common.ssh [-] Failed to establish authenticated ssh connection to cirros@10.180.180.210 ([Errno None] Unable to connect to port 22 on 10.180.180.210). Number attempts: 4. Retry after 5 seconds.: paramiko.ssh_exception.NoValidConnectionsError: [Errno None] Unable to connect to port 22 on 10.180.180.210
2025-03-10 17:48:58.051 70358 INFO tempest.lib.common.rest_client [req-03ff407e-1012-4ed4-8915-323ee5ab9589 req-03ff407e-1012-4ed4-8915-323ee5ab9589 ] Request (ListImageFiltersTestJSON:tearDownClass): 200 GET http://10.180.1.21/compute/v2.1/servers/73e41918-88b8-4ff7-9fdd-b45ac97c80ec 0.105s
2025-03-10 17:48:58.086 70316 INFO tempest.lib.common.rest_client [req-2f481c9e-359b-441e-b0a7-1ef7351639fb req-2f481c9e-359b-441e-b0a7-1ef7351639fb ] Request (AttachVolumeShelveTestJSON:test_attach_volume_shelved_or_offload_server): 200 POST http://10.180.1.21/compute/v2.1/servers/dd31269e-716c-44cd-9fc3-ce227fe5b3b2/os-volume_attachments 0.260s
2025-03-10 17:48:58.119 70316 INFO tempest.lib.common.rest_client [req-2a16d49d-bff2-4138-890c-8d80e5e3b848 req-2a16d49d-bff2-4138-890c-8d80e5e3b848 ] Request (AttachVolumeShelveTestJSON:test_attach_volume_shelved_or_offload_server): 200 GET http://10.180.1.21/volume/v3/volumes/964072e4-b1a4-47ae-8221-dfb900c2f8b1 0.032s
2025-03-10 17:48:58.128 70316 INFO tempest.common.waiters [-] Attachment cfc44e65-d20b-483c-b6a0-643728b589ce created for volume 964072e4-b1a4-47ae-8221-dfb900c2f8b1 to server dd31269e-716c-44cd-9fc3-ce227fe5b3b2 after waiting for 0.128872 seconds
2025-03-10 17:48:58.139 70336 INFO tempest.lib.common.rest_client [req-dd91e432-a668-4eb4-9103-b204129c9393 req-dd91e432-a668-4eb4-9103-b204129c9393 ] Request (VolumesAssistedSnapshotsTest:tearDownClass): 200 GET http://10.180.1.21/compute/v2.1/servers/eba81db1-973c-4981-baca-cb98e4087510 0.189s
2025-03-10 17:48:58.166 70330 INFO tempest.lib.common.rest_client [req-bf7a52bf-3650-42e1-8e8e-06f2ff287daa req-bf7a52bf-3650-42e1-8e8e-06f2ff287daa ] Request (ServersTestJSON:test_create_server_specify_multibyte_character_name): 200 GET http://10.180.1.21/compute/v2.1/servers/fcbe1142-72dc-4a02-af9b-e03a2031a247 0.135s
2025-03-10 17:48:58.174 70316 INFO tempest.lib.common.rest_client [req-16baab0f-f314-4c0c-90c1-c0f80f6bbfa4 req-16baab0f-f314-4c0c-90c1-c0f80f6bbfa4 ] Request (AttachVolumeShelveTestJSON:test_attach_volume_shelved_or_offload_server): 200 GET http://10.180.1.21/volume/v3/volumes/964072e4-b1a4-47ae-8221-dfb900c2f8b1 0.045s
2025-03-10 17:48:58.184 70316 INFO tempest.common.waiters [-] volume 964072e4-b1a4-47ae-8221-dfb900c2f8b1 reached in-use after waiting for 0.184148 seconds
2025-03-10 17:48:58.244 70374 INFO tempest.lib.common.rest_client [req-b63efef3-4285-4ecf-b302-3c2a11919ddc req-b63efef3-4285-4ecf-b302-3c2a11919ddc ] Request (ServerRescueNegativeTestJSON:test_rescued_vm_detach_volume): 200 GET http://10.180.1.21/compute/v2.1/servers/1b4da2ab-d026-45d8-8234-79ddd84d5cbb 0.124s
2025-03-10 17:48:58.250 70334 INFO tempest.lib.common.rest_client [req-4aa16a2b-2080-46d1-b1fd-8da39c78dd41 req-4aa16a2b-2080-46d1-b1fd-8da39c78dd41 ] Request (ServersAdmin275Test:test_rebuild_update_server_275): 200 GET http://10.180.1.21/compute/v2.1/servers/7932a42f-6a62-4c2c-be9a-3cb518fe4183 0.192s
2025-03-10 17:48:58.314 70338 INFO tempest.lib.common.rest_client [req-fdb06ac1-d066-4116-bb3e-7eff1d5b74b0 req-fdb06ac1-d066-4116-bb3e-7eff1d5b74b0 ] Request (ServerRescueTestJSON:tearDownClass): 200 GET http://10.180.1.21/compute/v2.1/servers/27580836-7ab5-4e64-a985-3e6fc22a8b77 0.184s
2025-03-10 17:48:58.356 70316 INFO tempest.lib.common.rest_client [req-9392be9b-30e9-46a9-871e-0e6294200311 req-9392be9b-30e9-46a9-871e-0e6294200311 ] Request (AttachVolumeShelveTestJSON:test_attach_volume_shelved_or_offload_server): 202 POST http://10.180.1.21/compute/v2.1/servers/dd31269e-716c-44cd-9fc3-ce227fe5b3b2/action 0.172s
2025-03-10 17:48:58.430 70318 INFO tempest.lib.common.rest_client [req-744fcd7b-7921-495f-8a5a-e3295ce9ef17 req-744fcd7b-7921-495f-8a5a-e3295ce9ef17 ] Request (InstanceActionsTestJSON:setUpClass): 200 GET http://10.180.1.21/compute/v2.1/servers/efa06ccc-be20-4d0e-938f-01c91ef4de8e 0.200s
2025-03-10 17:48:58.458 70360 INFO tempest.lib.common.rest_client [req-fe9b2ee4-b234-4790-8a34-ce62de5cda06 req-fe9b2ee4-b234-4790-8a34-ce62de5cda06 ] Request (ImagesNegativeTestJSON:test_create_image_from_deleted_server): 200 GET http://10.180.1.21/compute/v2.1/servers/b3d62400-e639-4c49-9207-64fd1e684f99 0.248s
2025-03-10 17:48:58.465 70360 INFO tempest.common.waiters [-] State transition "BUILD/networking" ==> "BUILD/spawning" after 88 second wait
2025-03-10 17:48:58.478 70326 INFO tempest.lib.common.rest_client [req-8fc69d07-e9d5-4a17-b822-692ddc47f33a req-8fc69d07-e9d5-4a17-b822-692ddc47f33a ] Request (ServersAdminNegativeTestJSON:test_migrate_server_invalid_state): 200 GET http://10.180.1.21/compute/v2.1/servers/32bdb15d-6a4d-4445-9b82-d18b0f6743b6 0.210s
2025-03-10 17:48:58.566 70316 INFO tempest.lib.common.rest_client [req-c46368b1-bc7a-4327-954d-a5f553a60106 req-c46368b1-bc7a-4327-954d-a5f553a60106 ] Request (AttachVolumeShelveTestJSON:test_attach_volume_shelved_or_offload_server): 200 GET http://10.180.1.21/compute/v2.1/servers/dd31269e-716c-44cd-9fc3-ce227fe5b3b2 0.209s
2025-03-10 17:48:58.658 70314 INFO tempest.lib.common.rest_client [req-78c4955c-4bc1-4d69-9e94-25f93ce81dc9 req-78c4955c-4bc1-4d69-9e94-25f93ce81dc9 ] Request (ServerDiskConfigTestJSON:test_rebuild_server_with_manual_disk_config): 200 GET http://10.180.1.21/compute/v2.1/servers/714fafbf-a765-4e2c-8633-997d8244483c 0.288s
2025-03-10 17:48:58.719 70332 INFO tempest.lib.common.rest_client [req-fdc81aaf-eb21-4948-9f1b-69c93a0719b1 req-fdc81aaf-eb21-4948-9f1b-69c93a0719b1 ] Request (ListServersNegativeTestJSON:setUpClass): 200 GET http://10.180.1.21/compute/v2.1/servers/d361769c-bfc2-4c72-83f4-dc9b51f907a3 0.347s
2025-03-10 17:48:58.768 70348 INFO tempest.lib.common.rest_client [req-d83c829f-1c8b-4c5d-aaee-2a6e75ba4f8d req-d83c829f-1c8b-4c5d-aaee-2a6e75ba4f8d ] Request (ServersWithSpecificFlavorTestJSON:test_verify_created_server_ephemeral_disk): 200 GET http://10.180.1.21/compute/v2.1/servers/4cd9fb91-44f1-4304-a2bf-c8b294b19e0e 0.340s
2025-03-10 17:48:58.829 70324 INFO tempest.lib.common.rest_client [req-23927129-b84c-4d14-a997-86455b9ad4fa req-23927129-b84c-4d14-a997-86455b9ad4fa ] Request (DeleteServersTestJSON:test_delete_active_server): 200 GET http://10.180.1.21/compute/v2.1/servers/62936d27-5405-4d29-b3ff-c4d8a74ba440 0.395s
2025-03-10 17:48:58.896 70368 INFO tempest.lib.common.rest_client [req-37d421b4-a322-4d76-9a6c-5268075a562a req-37d421b4-a322-4d76-9a6c-5268075a562a ] Request (ServersTestJSON:tearDownClass): 200 GET http://10.180.1.21/compute/v2.1/servers/e0b5ad16-f631-444c-a189-167e34574316 0.382s
2025-03-10 17:48:58.959 70320 INFO tempest.lib.common.rest_client [req-3c325c22-7c38-4366-bb5b-880ddc6c300f req-3c325c22-7c38-4366-bb5b-880ddc6c300f ] Request (ServersAdminTestJSON:test_inject_network_info): 200 GET http://10.180.1.21/compute/v2.1/servers/673be00f-e3c5-4a54-beeb-cf89828e9e32 0.378s
2025-03-10 17:48:59.012 70328 INFO tempest.lib.common.rest_client [req-19e6e493-a7f7-4b42-ba0d-db321ba8b304 req-19e6e493-a7f7-4b42-ba0d-db321ba8b304 ] Request (SecurityGroupsTestJSON:test_list_security_groups_by_server): 200 GET http://10.180.1.21/compute/v2.1/servers/a06d4b38-0e39-46ef-a588-7627661cb201 0.398s
