2025-03-10 17:48:46.148 70332 INFO tempest.lib.common.rest_client [req-21398514-f98c-492f-a88d-0be86211cc50 req-21398514-f98c-492f-a88d-0be86211cc50 ] Request (ListServersNegativeTestJSON:setUpClass): 200 GET http://10.180.1.21/compute/v2.1/servers/d361769c-bfc2-4c72-83f4-dc9b51f907a3 0.070s
2025-03-10 17:48:46.153 70364 INFO tempest.lib.common.rest_client [req-5dfb7806-92d5-4fbb-8b17-7b1900f07019 req-5dfb7806-92d5-4fbb-8b17-7b1900f07019 ] Request (FloatingIPsAssociationTestJSON:tearDownClass): 204 DELETE http://10.180.1.21/identity/v3/users/d65ae0068ef6437ab1af36384644513a 0.133s
2025-03-10 17:48:46.153 70364 INFO tempest.lib.common.dynamic_creds [-] Deleting project and security group for project: da546e986828460e958e2eed165bf47e
2025-03-10 17:48:46.182 70364 INFO tempest.lib.common.rest_client [req-53bb62c2-f319-4477-988b-98406ccadeaf req-53bb62c2-f319-4477-988b-98406ccadeaf ] Request (FloatingIPsAssociationTestJSON:tearDownClass): 200 GET http://10.180.1.21:9696/networking/v2.0/security-groups?tenant_id=da546e986828460e958e2eed165bf47e&name=default 0.029s
2025-03-10 17:48:46.252 70364 INFO tempest.lib.common.rest_client [req-29695c04-09bc-4eb4-9b0a-443811c23cca req-29695c04-09bc-4eb4-9b0a-443811c23cca ] Request (FloatingIPsAssociationTestJSON:tearDownClass): 204 DELETE http://10.180.1.21:9696/networking/v2.0/security-groups/f087b6ad-c741-4152-bab2-b8adc5a80532 0.070s
2025-03-10 17:48:46.298 70324 INFO tempest.lib.common.rest_client [req-f0e45109-1be5-42fb-9e3a-68b7940d6b42 req-f0e45109-1be5-42fb-9e3a-68b7940d6b42 ] Request (DeleteServersTestJSON:test_delete_active_server): 200 GET http://10.180.1.21/compute/v2.1/servers/62936d27-5405-4d29-b3ff-c4d8a74ba440 0.116s
2025-03-10 17:48:46.311 70316 INFO tempest.lib.common.rest_client [req-6ef0efd6-7da9-47db-807d-ceddd6a73435 req-6ef0efd6-7da9-47db-807d-ceddd6a73435 ] Request (AttachVolumeShelveTestJSON:test_attach_volume_shelved_or_offload_server): 200 GET http://10.180.1.21/compute/v2.1/servers/dd31269e-716c-44cd-9fc3-ce227fe5b3b2 0.160s
2025-03-10 17:48:46.351 70364 INFO tempest.lib.common.rest_client [req-ff005b2e-9952-42fe-a7cc-5181885ea25d req-ff005b2e-9952-42fe-a7cc-5181885ea25d ] Request (FloatingIPsAssociationTestJSON:tearDownClass): 204 DELETE http://10.180.1.21/identity/v3/projects/da546e986828460e958e2eed165bf47e 0.098s
2025-03-10 17:48:46.356 70348 INFO tempest.lib.common.rest_client [req-d7dec9b0-6069-446f-ae00-b9ff306b6f1c req-d7dec9b0-6069-446f-ae00-b9ff306b6f1c ] Request (ServersWithSpecificFlavorTestJSON:test_verify_created_server_ephemeral_disk): 200 GET http://10.180.1.21/compute/v2.1/servers/4cd9fb91-44f1-4304-a2bf-c8b294b19e0e 0.158s
2025-03-10 17:48:46.378 70368 INFO tempest.lib.common.rest_client [req-f82af540-adb5-4921-865f-3f7ef34eea17 req-f82af540-adb5-4921-865f-3f7ef34eea17 ] Request (ServersTestJSON:tearDownClass): 200 GET http://10.180.1.21/compute/v2.1/servers/e0b5ad16-f631-444c-a189-167e34574316 0.110s
2025-03-10 17:48:46.427 70364 INFO tempest.lib.common.rest_client [req-8043d7d8-ff7c-44cd-8309-55603b0749cb req-8043d7d8-ff7c-44cd-8309-55603b0749cb ] Request (MultipleCreateTestJSON:setUpClass): 201 POST http://10.180.1.21/identity/v3/auth/tokens 0.074s
2025-03-10 17:48:46.434 70320 INFO tempest.lib.common.rest_client [req-e58f3b5d-46a1-417d-bac4-7ac0410ff3a5 req-e58f3b5d-46a1-417d-bac4-7ac0410ff3a5 ] Request (ServersAdminTestJSON:test_inject_network_info): 200 GET http://10.180.1.21/compute/v2.1/servers/673be00f-e3c5-4a54-beeb-cf89828e9e32 0.105s
2025-03-10 17:48:46.461 70364 INFO tempest.lib.common.rest_client [req-2df3d269-638f-4ba6-9baa-a9df38310210 req-2df3d269-638f-4ba6-9baa-a9df38310210 ] Request (MultipleCreateTestJSON:setUpClass): 201 POST http://10.180.1.21/identity/v3/auth/tokens 0.031s
2025-03-10 17:48:46.479 70326 INFO tempest.lib.common.rest_client [req-286d0f58-0c0d-4076-89ed-d23f4486a6a7 req-286d0f58-0c0d-4076-89ed-d23f4486a6a7 ] Request (ServersAdminNegativeTestJSON:setUpClass): 200 GET http://10.180.1.21/compute/v2.1/servers/b7a1b9e1-4d57-435f-bdb6-51481968aacb 0.195s
2025-03-10 17:48:46.498 70328 INFO tempest.lib.common.rest_client [req-4d582942-8869-47a6-b0cf-8bd988900836 req-4d582942-8869-47a6-b0cf-8bd988900836 ] Request (SecurityGroupsTestJSON:test_list_security_groups_by_server): 200 GET http://10.180.1.21/compute/v2.1/servers/a06d4b38-0e39-46ef-a588-7627661cb201 0.162s
2025-03-10 17:48:46.510 70364 INFO tempest.lib.common.rest_client [req-56d71621-24cb-4d8b-9d51-74a80b09935c req-56d71621-24cb-4d8b-9d51-74a80b09935c ] Request (MultipleCreateTestJSON:setUpClass): 200 GET http://10.180.1.21/identity/v3/domains?name=Default 0.049s
2025-03-10 17:48:46.544 70370 INFO tempest.lib.common.rest_client [req-c1709dbd-7714-45df-b344-890b5430a866 req-c1709dbd-7714-45df-b344-890b5430a866 ] Request (MigrationsAdminTest:test_resize_server_revert_deleted_flavor): 200 GET http://10.180.1.21/compute/v2.1/servers/0e8163d9-6ff5-4f1e-af33-ccb42fa46750 0.157s
2025-03-10 17:48:46.545 70364 INFO tempest.lib.common.rest_client [req-055e8072-8033-4a89-9f8c-80ad071085a3 req-055e8072-8033-4a89-9f8c-80ad071085a3 ] Request (MultipleCreateTestJSON:setUpClass): 201 POST http://10.180.1.21/identity/v3/projects 0.034s
2025-03-10 17:48:46.556 70372 INFO tempest.lib.common.rest_client [req-db106248-765e-433a-b152-915d6c051e26 req-db106248-765e-433a-b152-915d6c051e26 ] Request (ServerMetadataNegativeTestJSON:setUpClass): 200 GET http://10.180.1.21/compute/v2.1/servers/06442c68-7dc6-46a1-9e35-34a62730a555 0.155s
2025-03-10 17:48:46.606 70342 INFO tempest.lib.common.rest_client [req-ac26ae72-9b5f-48ed-bc21-c2f6937ee0f5 req-ac26ae72-9b5f-48ed-bc21-c2f6937ee0f5 ] Request (ListServerFiltersTestJSON:tearDownClass): 200 GET http://10.180.1.21/compute/v2.1/servers/7fbab19d-5a0a-4da3-b078-40ca0eaf8c97 0.138s
2025-03-10 17:48:46.609 70364 INFO tempest.lib.common.rest_client [req-c01af028-7ac6-4215-a445-ebe1597cc39e req-c01af028-7ac6-4215-a445-ebe1597cc39e ] Request (MultipleCreateTestJSON:setUpClass): 201 POST http://10.180.1.21/identity/v3/users 0.063s
2025-03-10 17:48:46.614 70376 INFO tempest.lib.common.rest_client [req-278ba743-2eaf-4165-a197-8be8f0ee830b req-278ba743-2eaf-4165-a197-8be8f0ee830b ] Request (ServerActionsTestOtherB:test_create_backup): 200 GET http://10.180.1.21/image/v2/images/6534e8d5-5df3-44be-a620-28db421259d9 0.033s
2025-03-10 17:48:46.624 70336 INFO tempest.lib.common.rest_client [req-c656022a-bc4c-4e82-9855-d1e9dd0d858b req-c656022a-bc4c-4e82-9855-d1e9dd0d858b ] Request (VolumesAssistedSnapshotsTest:tearDownClass): 200 GET http://10.180.1.21/compute/v2.1/servers/eba81db1-973c-4981-baca-cb98e4087510 0.149s
2025-03-10 17:48:46.645 70364 INFO tempest.lib.common.rest_client [req-586e004d-37e7-4962-ae77-54777bf8577a req-586e004d-37e7-4962-ae77-54777bf8577a ] Request (MultipleCreateTestJSON:setUpClass): 200 GET http://10.180.1.21/identity/v3/roles 0.035s
2025-03-10 17:48:46.680 70322 INFO tempest.lib.common.rest_client [req-55b1e59a-9dbf-4129-a4dc-833a19fcb52e req-55b1e59a-9dbf-4129-a4dc-833a19fcb52e ] Request (ServersTestFqdnHostnames:test_create_server_with_fqdn_name): 200 GET http://10.180.1.21/compute/v2.1/servers/7fc7c481-75e8-40f2-a971-752ce6dde59b 0.149s
2025-03-10 17:48:46.685 70364 INFO tempest.lib.common.rest_client [req-efc22ff7-fd17-4839-b009-70ffb72bf9d1 req-efc22ff7-fd17-4839-b009-70ffb72bf9d1 ] Request (MultipleCreateTestJSON:setUpClass): 204 PUT http://10.180.1.21/identity/v3/projects/6090a2d03daf46e9b687d24fde64fb72/users/94516a830322454c90c08043118e547a/roles/c084b02551ab46faa35f78e74671cf6e 0.040s
2025-03-10 17:48:46.686 70364 INFO tempest.lib.common.dynamic_creds [-] Dynamic test user 94516a830322454c90c08043118e547a is created with scope project and roles: ['member']
2025-03-10 17:48:46.686 70364 INFO tempest.lib.common.dynamic_creds [-] Acquired dynamic creds: credentials: Credentials: {'domain_id': 'default', 'domain_name': 'Default', 'username': 'tempest-MultipleCreateTestJSON-664245217-project-member', 'project_domain_id': 'default', 'project_domain_name': 'Default', 'project_id': '6090a2d03daf46e9b687d24fde64fb72', 'project_name': 'tempest-MultipleCreateTestJSON-664245217', 'tenant_id': '6090a2d03daf46e9b687d24fde64fb72', 'tenant_name': 'tempest-MultipleCreateTestJSON-664245217', 'user_domain_id': 'default', 'user_domain_name': 'Default', 'user_id': '94516a830322454c90c08043118e547a', 'system': None}, Network: None, Subnet: None, Router: None
2025-03-10 17:48:46.686 70358 INFO tempest.lib.common.rest_client [req-4cbcc1d5-e190-43a5-a90b-2121142c1b15 req-4cbcc1d5-e190-43a5-a90b-2121142c1b15 ] Request (ListImageFiltersTestJSON:tearDownClass): 200 GET http://10.180.1.21/compute/v2.1/servers/a29534bf-ee12-4b94-839b-4a12659ebd3b 0.145s
2025-03-10 17:48:46.749 70338 INFO tempest.lib.common.rest_client [req-3a59e345-a905-4c55-88e4-81b49e847a96 req-3a59e345-a905-4c55-88e4-81b49e847a96 ] Request (ServerRescueTestJSON:tearDownClass): 200 GET http://10.180.1.21/compute/v2.1/servers/97cb6372-3f4e-427d-9509-7e6c43aa2e7b 0.148s
2025-03-10 17:48:46.750 70364 INFO tempest.lib.common.rest_client [req-076881b7-4590-4bc3-8b5d-b2eeab192fbd req-076881b7-4590-4bc3-8b5d-b2eeab192fbd ] Request (MultipleCreateTestJSON:setUpClass): 201 POST http://10.180.1.21/identity/v3/auth/tokens 0.063s
2025-03-10 17:48:46.759 70334 INFO tempest.lib.common.rest_client [req-5094f2f4-98dc-41cd-b642-c72fd21c1d59 req-5094f2f4-98dc-41cd-b642-c72fd21c1d59 ] Request (ServersAdmin275Test:test_rebuild_update_server_275): 200 GET http://10.180.1.21/compute/v2.1/servers/7932a42f-6a62-4c2c-be9a-3cb518fe4183 0.081s
2025-03-10 17:48:46.836 70330 INFO tempest.lib.common.rest_client [req-0c212061-8927-4f33-91a9-254ff7de636f req-0c212061-8927-4f33-91a9-254ff7de636f ] Request (ServersTestJSON:test_create_server_specify_multibyte_character_name): 200 GET http://10.180.1.21/compute/v2.1/servers/fcbe1142-72dc-4a02-af9b-e03a2031a247 0.116s
2025-03-10 17:48:46.880 70314 INFO tempest.lib.common.rest_client [req-0f060954-7294-4f0e-9b88-fb1c28fa2720 req-0f060954-7294-4f0e-9b88-fb1c28fa2720 ] Request (ServerDiskConfigTestJSON:test_rebuild_server_with_manual_disk_config): 200 GET http://10.180.1.21/compute/v2.1/servers/714fafbf-a765-4e2c-8633-997d8244483c 0.170s
2025-03-10 17:48:46.899 70374 INFO tempest.lib.common.rest_client [req-7170f4c9-7276-4cc6-9cf1-4246c981377e req-7170f4c9-7276-4cc6-9cf1-4246c981377e ] Request (ServerRescueNegativeTestJSON:test_rescued_vm_detach_volume): 200 GET http://10.180.1.21/compute/v2.1/servers/1b4da2ab-d026-45d8-8234-79ddd84d5cbb 0.118s
2025-03-10 17:48:46.956 70360 INFO tempest.lib.common.rest_client [req-2dea3184-69dc-4ab5-919a-b7b59061795e req-2dea3184-69dc-4ab5-919a-b7b59061795e ] Request (ImagesNegativeTestJSON:test_create_image_from_deleted_server): 200 GET http://10.180.1.21/compute/v2.1/servers/b3d62400-e639-4c49-9207-64fd1e684f99 0.128s
2025-03-10 17:48:47.087 70354 INFO tempest.lib.common.rest_client [req-8d5bc118-a6f7-43cd-9000-87519cb26f0d req-8d5bc118-a6f7-43cd-9000-87519cb26f0d ] Request (ImagesTestJSON:test_create_image_from_suspended_server): 200 GET http://10.180.1.21/compute/v2.1/servers/2b1a0943-d59a-441d-a2e6-8149106803b6 0.173s
2025-03-10 17:48:47.098 70354 INFO tempest.common.waiters [-] State transition "BUILD/spawning" ==> "ACTIVE/None" after 94 second wait
2025-03-10 17:48:47.100 70346 INFO tempest.lib.common.rest_client [req-b8edbef1-0439-43b6-8d8d-4bcd02edf72b req-b8edbef1-0439-43b6-8d8d-4bcd02edf72b ] Request (ServersTestBootFromVolume:setUpClass): 200 GET http://10.180.1.21/compute/v2.1/servers/af07ebd0-5f12-49c3-a518-95be9a8d6c82 0.191s
2025-03-10 17:48:47.108 70346 INFO tempest.common.waiters [-] State transition "BUILD/None" ==> "BUILD/networking" after 77 second wait
2025-03-10 17:48:47.151 70318 INFO tempest.lib.common.rest_client [req-98996eb1-3b01-4a04-9d63-a41d9c6880eb req-98996eb1-3b01-4a04-9d63-a41d9c6880eb ] Request (InstanceActionsTestJSON:setUpClass): 200 GET http://10.180.1.21/compute/v2.1/servers/efa06ccc-be20-4d0e-938f-01c91ef4de8e 0.166s
2025-03-10 17:48:47.197 70354 INFO tempest.lib.common.rest_client [req-0ddb29f1-2e24-4db6-88a7-be5f4e7b1f8e req-0ddb29f1-2e24-4db6-88a7-be5f4e7b1f8e ] Request (ImagesTestJSON:test_create_image_from_suspended_server): 202 POST http://10.180.1.21/compute/v2.1/servers/2b1a0943-d59a-441d-a2e6-8149106803b6/action 0.098s
2025-03-10 17:48:47.234 70332 INFO tempest.lib.common.rest_client [req-63e8bccf-59d6-40a8-b30c-88b2cbcaa8dc req-63e8bccf-59d6-40a8-b30c-88b2cbcaa8dc ] Request (ListServersNegativeTestJSON:setUpClass): 200 GET http://10.180.1.21/compute/v2.1/servers/d361769c-bfc2-4c72-83f4-dc9b51f907a3 0.078s
2025-03-10 17:48:47.261 70362 WARNING tempest.lib.common.ssh [-] Failed to establish authenticated ssh connection to cirros@10.180.180.207 ([Errno None] Unable to connect to port 22 on 10.180.180.207). Number attempts: 1. Retry after 2 seconds.: paramiko.ssh_exception.NoValidConnectionsError: [Errno None] Unable to connect to port 22 on 10.180.180.207
2025-03-10 17:48:47.307 70354 INFO tempest.lib.common.rest_client [req-08525199-1708-420e-97da-8d3b268a794e req-08525199-1708-420e-97da-8d3b268a794e ] Request (ImagesTestJSON:test_create_image_from_suspended_server): 200 GET http://10.180.1.21/compute/v2.1/servers/2b1a0943-d59a-441d-a2e6-8149106803b6 0.110s
2025-03-10 17:48:47.309 70364 INFO tempest.lib.common.rest_client [req-09414b6d-46e2-4677-92ec-8ff488a54499 req-09414b6d-46e2-4677-92ec-8ff488a54499 ] Request (MultipleCreateTestJSON:setUpClass): 201 POST http://10.180.1.21:9696/networking/v2.0/networks 0.558s
2025-03-10 17:48:47.518 70324 INFO tempest.lib.common.rest_client [req-7b5f65dc-6f00-435c-986b-a905d2d23300 req-7b5f65dc-6f00-435c-986b-a905d2d23300 ] Request (DeleteServersTestJSON:test_delete_active_server): 200 GET http://10.180.1.21/compute/v2.1/servers/62936d27-5405-4d29-b3ff-c4d8a74ba440 0.212s
2025-03-10 17:48:47.565 70316 INFO tempest.lib.common.rest_client [req-673c9a91-ac23-4f53-a515-73e4df765c8e req-673c9a91-ac23-4f53-a515-73e4df765c8e ] Request (AttachVolumeShelveTestJSON:test_attach_volume_shelved_or_offload_server): 200 GET http://10.180.1.21/compute/v2.1/servers/dd31269e-716c-44cd-9fc3-ce227fe5b3b2 0.242s
2025-03-10 17:48:47.592 70348 INFO tempest.lib.common.rest_client [req-b2047c23-5783-447a-a996-bf5221db710d req-b2047c23-5783-447a-a996-bf5221db710d ] Request (ServersWithSpecificFlavorTestJSON:test_verify_created_server_ephemeral_disk): 200 GET http://10.180.1.21/compute/v2.1/servers/4cd9fb91-44f1-4304-a2bf-c8b294b19e0e 0.228s
2025-03-10 17:48:47.634 70376 INFO tempest.lib.common.rest_client [req-93bb3fe1-ee32-4ddd-bd24-b84cb785c8e2 req-93bb3fe1-ee32-4ddd-bd24-b84cb785c8e2 ] Request (ServerActionsTestOtherB:test_create_backup): 200 GET http://10.180.1.21/image/v2/images/6534e8d5-5df3-44be-a620-28db421259d9 0.018s
2025-03-10 17:48:47.648 70368 INFO tempest.lib.common.rest_client [req-eeac888d-5fe8-4672-a1ce-b9b4e95d22ad req-eeac888d-5fe8-4672-a1ce-b9b4e95d22ad ] Request (ServersTestJSON:tearDownClass): 200 GET http://10.180.1.21/compute/v2.1/servers/e0b5ad16-f631-444c-a189-167e34574316 0.261s
2025-03-10 17:48:47.649 70320 INFO tempest.lib.common.rest_client [req-820185b0-3d0e-4699-9110-047d2284eb14 req-820185b0-3d0e-4699-9110-047d2284eb14 ] Request (ServersAdminTestJSON:test_inject_network_info): 200 GET http://10.180.1.21/compute/v2.1/servers/673be00f-e3c5-4a54-beeb-cf89828e9e32 0.207s
2025-03-10 17:48:47.683 70364 INFO tempest.lib.common.rest_client [req-6735bd5a-01b8-489d-9ebf-b4d8a4af5251 req-6735bd5a-01b8-489d-9ebf-b4d8a4af5251 ] Request (MultipleCreateTestJSON:setUpClass): 201 POST http://10.180.1.21:9696/networking/v2.0/subnets 0.374s
2025-03-10 17:48:47.713 70328 INFO tempest.lib.common.rest_client [req-b4aa6d61-9212-4ee9-856f-8137a70db76d req-b4aa6d61-9212-4ee9-856f-8137a70db76d ] Request (SecurityGroupsTestJSON:test_list_security_groups_by_server): 200 GET http://10.180.1.21/compute/v2.1/servers/a06d4b38-0e39-46ef-a588-7627661cb201 0.206s
2025-03-10 17:48:47.766 70370 INFO tempest.lib.common.rest_client [req-34aa70da-5fe6-4184-957f-883365cb53b5 req-34aa70da-5fe6-4184-957f-883365cb53b5 ] Request (MigrationsAdminTest:test_resize_server_revert_deleted_flavor): 200 GET http://10.180.1.21/compute/v2.1/servers/0e8163d9-6ff5-4f1e-af33-ccb42fa46750 0.209s
2025-03-10 17:48:47.814 70372 INFO tempest.lib.common.rest_client [req-98e15954-e168-4b3c-9dab-bb13d0444274 req-98e15954-e168-4b3c-9dab-bb13d0444274 ] Request (ServerMetadataNegativeTestJSON:setUpClass): 200 GET http://10.180.1.21/compute/v2.1/servers/06442c68-7dc6-46a1-9e35-34a62730a555 0.249s
2025-03-10 17:48:47.817 70326 INFO tempest.lib.common.rest_client [req-2cfdf2b4-7667-452b-8b21-cdf12d3d4e07 req-2cfdf2b4-7667-452b-8b21-cdf12d3d4e07 ] Request (ServersAdminNegativeTestJSON:setUpClass): 200 GET http://10.180.1.21/compute/v2.1/servers/b7a1b9e1-4d57-435f-bdb6-51481968aacb 0.328s
2025-03-10 17:48:47.890 70342 INFO tempest.lib.common.rest_client [req-2d84aa07-aa05-47ab-9216-e8375acc0ca6 req-2d84aa07-aa05-47ab-9216-e8375acc0ca6 ] Request (ListServerFiltersTestJSON:tearDownClass): 200 GET http://10.180.1.21/compute/v2.1/servers/7fbab19d-5a0a-4da3-b078-40ca0eaf8c97 0.275s
2025-03-10 17:48:47.897 70336 INFO tempest.lib.common.rest_client [req-b11ecb96-3226-4a61-aaee-ecd6e416218e req-b11ecb96-3226-4a61-aaee-ecd6e416218e ] Request (VolumesAssistedSnapshotsTest:tearDownClass): 200 GET http://10.180.1.21/compute/v2.1/servers/eba81db1-973c-4981-baca-cb98e4087510 0.259s
2025-03-10 17:48:47.971 70322 INFO tempest.lib.common.rest_client [req-a3fc1449-2551-4cd9-a8e8-0de7b98a6df4 req-a3fc1449-2551-4cd9-a8e8-0de7b98a6df4 ] Request (ServersTestFqdnHostnames:test_create_server_with_fqdn_name): 200 GET http://10.180.1.21/compute/v2.1/servers/7fc7c481-75e8-40f2-a971-752ce6dde59b 0.278s
2025-03-10 17:48:47.974 70358 INFO tempest.lib.common.rest_client [req-0d653301-1535-4c67-aa8e-c22ee785d38b req-0d653301-1535-4c67-aa8e-c22ee785d38b ] Request (ListImageFiltersTestJSON:tearDownClass): 200 GET http://10.180.1.21/compute/v2.1/servers/a29534bf-ee12-4b94-839b-4a12659ebd3b 0.280s
2025-03-10 17:48:48.033 70338 INFO tempest.lib.common.rest_client [req-13e35214-6a0a-4c73-a861-415b72507b70 req-13e35214-6a0a-4c73-a861-415b72507b70 ] Request (ServerRescueTestJSON:tearDownClass): 200 GET http://10.180.1.21/compute/v2.1/servers/97cb6372-3f4e-427d-9509-7e6c43aa2e7b 0.275s
2025-03-10 17:48:48.065 70334 INFO tempest.lib.common.rest_client [req-899d7bfe-dac6-4d9e-b1b0-c32685b421f6 req-899d7bfe-dac6-4d9e-b1b0-c32685b421f6 ] Request (ServersAdmin275Test:test_rebuild_update_server_275): 200 GET http://10.180.1.21/compute/v2.1/servers/7932a42f-6a62-4c2c-be9a-3cb518fe4183 0.288s
2025-03-10 17:48:48.084 70330 INFO tempest.lib.common.rest_client [req-fcc41fe4-998f-4a5c-a75e-580e9398e55a req-fcc41fe4-998f-4a5c-a75e-580e9398e55a ] Request (ServersTestJSON:test_create_server_specify_multibyte_character_name): 200 GET http://10.180.1.21/compute/v2.1/servers/fcbe1142-72dc-4a02-af9b-e03a2031a247 0.235s
2025-03-10 17:48:48.141 70374 INFO tempest.lib.common.rest_client [req-6262493b-e87a-4bc4-8401-f65b1cab4ef8 req-6262493b-e87a-4bc4-8401-f65b1cab4ef8 ] Request (ServerRescueNegativeTestJSON:test_rescued_vm_detach_volume): 200 GET http://10.180.1.21/compute/v2.1/servers/1b4da2ab-d026-45d8-8234-79ddd84d5cbb 0.229s
2025-03-10 17:48:48.178 70314 INFO tempest.lib.common.rest_client [req-e59846e8-d867-45a1-a411-62927e509165 req-e59846e8-d867-45a1-a411-62927e509165 ] Request (ServerDiskConfigTestJSON:test_rebuild_server_with_manual_disk_config): 200 GET http://10.180.1.21/compute/v2.1/servers/714fafbf-a765-4e2c-8633-997d8244483c 0.288s
2025-03-10 17:48:48.196 70360 INFO tempest.lib.common.rest_client [req-12e57c32-ce7c-4842-bfa5-ae44c0ccda7a req-12e57c32-ce7c-4842-bfa5-ae44c0ccda7a ] Request (ImagesNegativeTestJSON:test_create_image_from_deleted_server): 200 GET http://10.180.1.21/compute/v2.1/servers/b3d62400-e639-4c49-9207-64fd1e684f99 0.230s
2025-03-10 17:48:48.256 70318 INFO tempest.lib.common.rest_client [req-7067faf2-8c09-4099-845a-d22654b3b9f3 req-7067faf2-8c09-4099-845a-d22654b3b9f3 ] Request (InstanceActionsTestJSON:setUpClass): 200 GET http://10.180.1.21/compute/v2.1/servers/efa06ccc-be20-4d0e-938f-01c91ef4de8e 0.093s
2025-03-10 17:48:48.273 70346 INFO tempest.lib.common.rest_client [req-275afbbd-dae0-4f54-b9ca-dae1dc78878f req-275afbbd-dae0-4f54-b9ca-dae1dc78878f ] Request (ServersTestBootFromVolume:setUpClass): 200 GET http://10.180.1.21/compute/v2.1/servers/af07ebd0-5f12-49c3-a518-95be9a8d6c82 0.163s
2025-03-10 17:48:48.285 70346 INFO tempest.common.waiters [-] State transition "BUILD/networking" ==> "BUILD/block_device_mapping" after 78 second wait
2025-03-10 17:48:48.313 70332 INFO tempest.lib.common.rest_client [req-2bf229e2-b3e3-4e2d-afd9-e1efb3726bb8 req-2bf229e2-b3e3-4e2d-afd9-e1efb3726bb8 ] Request (ListServersNegativeTestJSON:setUpClass): 200 GET http://10.180.1.21/compute/v2.1/servers/d361769c-bfc2-4c72-83f4-dc9b51f907a3 0.069s
2025-03-10 17:48:48.366 70364 INFO tempest.lib.common.rest_client [req-aff4da1f-6752-4789-a847-faec0ccaf7d8 req-aff4da1f-6752-4789-a847-faec0ccaf7d8 ] Request (MultipleCreateTestJSON:setUpClass): 201 POST http://10.180.1.21:9696/networking/v2.0/routers 0.682s
2025-03-10 17:48:48.415 70354 INFO tempest.lib.common.rest_client [req-cc25f311-8f97-4b87-8656-8b5834fd4170 req-cc25f311-8f97-4b87-8656-8b5834fd4170 ] Request (ImagesTestJSON:test_create_image_from_suspended_server): 200 GET http://10.180.1.21/compute/v2.1/servers/2b1a0943-d59a-441d-a2e6-8149106803b6 0.099s
2025-03-10 17:48:48.591 70324 INFO tempest.lib.common.rest_client [req-3e6361b9-0d82-489a-a105-96c9350edf16 req-3e6361b9-0d82-489a-a105-96c9350edf16 ] Request (DeleteServersTestJSON:test_delete_active_server): 200 GET http://10.180.1.21/compute/v2.1/servers/62936d27-5405-4d29-b3ff-c4d8a74ba440 0.063s
2025-03-10 17:48:48.660 70376 INFO tempest.lib.common.rest_client [req-2b61ffed-e18a-4cf1-8154-df43c2f0e112 req-2b61ffed-e18a-4cf1-8154-df43c2f0e112 ] Request (ServerActionsTestOtherB:test_create_backup): 200 GET http://10.180.1.21/image/v2/images/6534e8d5-5df3-44be-a620-28db421259d9 0.024s
2025-03-10 17:48:48.673 70348 INFO tempest.lib.common.rest_client [req-266ec4af-4a02-4e4b-9e76-71ad53c39d11 req-266ec4af-4a02-4e4b-9e76-71ad53c39d11 ] Request (ServersWithSpecificFlavorTestJSON:test_verify_created_server_ephemeral_disk): 200 GET http://10.180.1.21/compute/v2.1/servers/4cd9fb91-44f1-4304-a2bf-c8b294b19e0e 0.072s
2025-03-10 17:48:48.711 70316 INFO tempest.lib.common.rest_client [req-945e4e9e-25f9-4a9b-9d71-a83de68af3c3 req-945e4e9e-25f9-4a9b-9d71-a83de68af3c3 ] Request (AttachVolumeShelveTestJSON:test_attach_volume_shelved_or_offload_server): 200 GET http://10.180.1.21/compute/v2.1/servers/dd31269e-716c-44cd-9fc3-ce227fe5b3b2 0.137s
2025-03-10 17:48:48.755 70368 INFO tempest.lib.common.rest_client [req-a24c0181-8a1c-489a-ac82-b01e5a2376fc req-a24c0181-8a1c-489a-ac82-b01e5a2376fc ] Request (ServersTestJSON:tearDownClass): 200 GET http://10.180.1.21/compute/v2.1/servers/e0b5ad16-f631-444c-a189-167e34574316 0.099s
2025-03-10 17:48:48.767 70320 INFO tempest.lib.common.rest_client [req-8445ea15-2264-4984-b8ad-4ee811972525 req-8445ea15-2264-4984-b8ad-4ee811972525 ] Request (ServersAdminTestJSON:test_inject_network_info): 200 GET http://10.180.1.21/compute/v2.1/servers/673be00f-e3c5-4a54-beeb-cf89828e9e32 0.108s
2025-03-10 17:48:48.807 70328 INFO tempest.lib.common.rest_client [req-4e750ad3-bd41-4982-9af3-8c9ffce0a2d3 req-4e750ad3-bd41-4982-9af3-8c9ffce0a2d3 ] Request (SecurityGroupsTestJSON:test_list_security_groups_by_server): 200 GET http://10.180.1.21/compute/v2.1/servers/a06d4b38-0e39-46ef-a588-7627661cb201 0.085s
2025-03-10 17:48:48.824 70370 INFO tempest.lib.common.rest_client [req-193e33ae-543b-4b42-af63-3780fb4db9ee req-193e33ae-543b-4b42-af63-3780fb4db9ee ] Request (MigrationsAdminTest:test_resize_server_revert_deleted_flavor): 200 GET http://10.180.1.21/compute/v2.1/servers/0e8163d9-6ff5-4f1e-af33-ccb42fa46750 0.051s
2025-03-10 17:48:48.917 70372 INFO tempest.lib.common.rest_client [req-06d6a8d3-6eb1-418b-ad93-01c3b585b82a req-06d6a8d3-6eb1-418b-ad93-01c3b585b82a ] Request (ServerMetadataNegativeTestJSON:setUpClass): 200 GET http://10.180.1.21/compute/v2.1/servers/06442c68-7dc6-46a1-9e35-34a62730a555 0.094s
2025-03-10 17:48:48.989 70342 INFO tempest.lib.common.rest_client [req-6f2fc166-84dd-4f91-a370-aa735defd722 req-6f2fc166-84dd-4f91-a370-aa735defd722 ] Request (ListServerFiltersTestJSON:tearDownClass): 200 GET http://10.180.1.21/compute/v2.1/servers/7fbab19d-5a0a-4da3-b078-40ca0eaf8c97 0.086s
2025-03-10 17:48:48.993 70326 INFO tempest.lib.common.rest_client [req-151adaf7-1ef3-4d3e-b45e-f1e72b748c84 req-151adaf7-1ef3-4d3e-b45e-f1e72b748c84 ] Request (ServersAdminNegativeTestJSON:setUpClass): 200 GET http://10.180.1.21/compute/v2.1/servers/b7a1b9e1-4d57-435f-bdb6-51481968aacb 0.167s
2025-03-10 17:48:49.049 70322 INFO tempest.lib.common.rest_client [req-c0b38e8a-d1b3-4973-9a02-9483e45042dc req-c0b38e8a-d1b3-4973-9a02-9483e45042dc ] Request (ServersTestFqdnHostnames:test_create_server_with_fqdn_name): 200 GET http://10.180.1.21/compute/v2.1/servers/7fc7c481-75e8-40f2-a971-752ce6dde59b 0.069s
2025-03-10 17:48:49.064 70336 INFO tempest.lib.common.rest_client [req-4bb37f56-ec52-42b3-9095-f924ea5df3a3 req-4bb37f56-ec52-42b3-9095-f924ea5df3a3 ] Request (VolumesAssistedSnapshotsTest:tearDownClass): 200 GET http://10.180.1.21/compute/v2.1/servers/eba81db1-973c-4981-baca-cb98e4087510 0.156s
2025-03-10 17:48:49.090 70338 INFO tempest.lib.common.rest_client [req-f8746be2-bd83-4cef-a604-65a020668dcb req-f8746be2-bd83-4cef-a604-65a020668dcb ] Request (ServerRescueTestJSON:tearDownClass): 404 GET http://10.180.1.21/compute/v2.1/servers/97cb6372-3f4e-427d-9509-7e6c43aa2e7b 0.048s
2025-03-10 17:48:49.113 70358 INFO tempest.lib.common.rest_client [req-d6c660fe-39cf-4147-9396-216b014026b9 req-d6c660fe-39cf-4147-9396-216b014026b9 ] Request (ListImageFiltersTestJSON:tearDownClass): 200 GET http://10.180.1.21/compute/v2.1/servers/a29534bf-ee12-4b94-839b-4a12659ebd3b 0.129s
2025-03-10 17:48:49.156 70334 INFO tempest.lib.common.rest_client [req-2860c5dc-0ada-484d-86e4-0051f0238525 req-2860c5dc-0ada-484d-86e4-0051f0238525 ] Request (ServersAdmin275Test:test_rebuild_update_server_275): 200 GET http://10.180.1.21/compute/v2.1/servers/7932a42f-6a62-4c2c-be9a-3cb518fe4183 0.081s
2025-03-10 17:48:49.198 70338 INFO tempest.lib.common.rest_client [req-467275c3-c353-464a-a968-ce00629a4908 req-467275c3-c353-464a-a968-ce00629a4908 ] Request (ServerRescueTestJSON:tearDownClass): 204 DELETE http://10.180.1.21/compute/v2.1/servers/27580836-7ab5-4e64-a985-3e6fc22a8b77 0.108s
2025-03-10 17:48:49.218 70330 INFO tempest.lib.common.rest_client [req-e9ab1f1a-0c21-4310-9010-223d1423711f req-e9ab1f1a-0c21-4310-9010-223d1423711f ] Request (ServersTestJSON:test_create_server_specify_multibyte_character_name): 200 GET http://10.180.1.21/compute/v2.1/servers/fcbe1142-72dc-4a02-af9b-e03a2031a247 0.121s
2025-03-10 17:48:49.262 70374 INFO tempest.lib.common.rest_client [req-cc6afabe-cee7-4343-a898-c1abb3f8c15e req-cc6afabe-cee7-4343-a898-c1abb3f8c15e ] Request (ServerRescueNegativeTestJSON:test_rescued_vm_detach_volume): 200 GET http://10.180.1.21/compute/v2.1/servers/1b4da2ab-d026-45d8-8234-79ddd84d5cbb 0.110s
2025-03-10 17:48:49.341 70314 INFO tempest.lib.common.rest_client [req-560eaadf-65ed-40e4-810e-bb4dd237bd81 req-560eaadf-65ed-40e4-810e-bb4dd237bd81 ] Request (ServerDiskConfigTestJSON:test_rebuild_server_with_manual_disk_config): 200 GET http://10.180.1.21/compute/v2.1/servers/714fafbf-a765-4e2c-8633-997d8244483c 0.155s
2025-03-10 17:48:49.351 70314 INFO tempest.common.waiters [-] State transition "BUILD/spawning" ==> "ACTIVE/None" after 85 second wait
2025-03-10 17:48:49.416 70360 INFO tempest.lib.common.rest_client [req-8ecec11a-06a9-4204-b572-3f7a69439a99 req-8ecec11a-06a9-4204-b572-3f7a69439a99 ] Request (ImagesNegativeTestJSON:test_create_image_from_deleted_server): 200 GET http://10.180.1.21/compute/v2.1/servers/b3d62400-e639-4c49-9207-64fd1e684f99 0.205s
2025-03-10 17:48:49.420 70338 INFO tempest.lib.common.rest_client [req-d3d39bc1-443d-4581-b8f6-a5069018695e req-d3d39bc1-443d-4581-b8f6-a5069018695e ] Request (ServerRescueTestJSON:tearDownClass): 200 GET http://10.180.1.21/compute/v2.1/servers/27580836-7ab5-4e64-a985-3e6fc22a8b77 0.220s
2025-03-10 17:48:49.502 70318 INFO tempest.lib.common.rest_client [req-f696852c-7919-4fd7-951d-a51bdc903ff4 req-f696852c-7919-4fd7-951d-a51bdc903ff4 ] Request (InstanceActionsTestJSON:setUpClass): 200 GET http://10.180.1.21/compute/v2.1/servers/efa06ccc-be20-4d0e-938f-01c91ef4de8e 0.238s
2025-03-10 17:48:49.511 70318 INFO tempest.common.waiters [-] State transition "BUILD/scheduling" ==> "BUILD/None" after 46 second wait
2025-03-10 17:48:49.539 70346 INFO tempest.lib.common.rest_client [req-f9990292-4f10-40a5-81af-66be4919837f req-f9990292-4f10-40a5-81af-66be4919837f ] Request (ServersTestBootFromVolume:setUpClass): 200 GET http://10.180.1.21/compute/v2.1/servers/af07ebd0-5f12-49c3-a518-95be9a8d6c82 0.253s
2025-03-10 17:48:49.549 70346 INFO tempest.common.waiters [-] State transition "BUILD/block_device_mapping" ==> "BUILD/spawning" after 79 second wait
2025-03-10 17:48:49.574 70332 INFO tempest.lib.common.rest_client [req-52db741d-5e7b-4fab-96db-a941bfb4347b req-52db741d-5e7b-4fab-96db-a941bfb4347b ] Request (ListServersNegativeTestJSON:setUpClass): 200 GET http://10.180.1.21/compute/v2.1/servers/d361769c-bfc2-4c72-83f4-dc9b51f907a3 0.251s
2025-03-10 17:48:49.613 70364 INFO tempest.lib.common.rest_client [req-18e042d0-9626-4612-bed3-8f5dc2501198 req-18e042d0-9626-4612-bed3-8f5dc2501198 ] Request (MultipleCreateTestJSON:setUpClass): 200 PUT http://10.180.1.21:9696/networking/v2.0/routers/3154e25f-1dc6-407e-8f19-5655cf36ce22/add_router_interface 1.246s
2025-03-10 17:48:49.613 70364 INFO tempest.lib.common.dynamic_creds [-] Created isolated network resources for: credentials: Credentials: {'domain_id': 'default', 'domain_name': 'Default', 'username': 'tempest-MultipleCreateTestJSON-664245217-project-member', 'project_domain_id': 'default', 'project_domain_name': 'Default', 'project_id': '6090a2d03daf46e9b687d24fde64fb72', 'project_name': 'tempest-MultipleCreateTestJSON-664245217', 'tenant_id': '6090a2d03daf46e9b687d24fde64fb72', 'tenant_name': 'tempest-MultipleCreateTestJSON-664245217', 'user_domain_id': 'default', 'user_domain_name': 'Default', 'user_id': '94516a830322454c90c08043118e547a', 'system': None}, Network: {'id': '5acf28f9-5cff-441b-b890-520965c956f3', 'name': 'tempest-MultipleCreateTestJSON-1147240-network', 'tenant_id': '6090a2d03daf46e9b687d24fde64fb72', 'admin_state_up': True, 'mtu': 8950, 'status': 'ACTIVE', 'subnets': [], 'shared': False, 'project_id': '6090a2d03daf46e9b687d24fde64fb72', 'port_security_enabled': True, 'router:external': False, 'provider:network_type': 'vlan', 'provider:physical_network': 'default', 'provider:segmentation_id': 170, 'availability_zone_hints': [], 'availability_zones': [], 'ipv4_address_scope': None, 'ipv6_address_scope': None, 'description': '', 'tags': [], 'created_at': '2025-03-10T17:48:47Z', 'updated_at': '2025-03-10T17:48:47Z', 'revision_number': 1}, Subnet: {'id': '05e100ea-3a47-40d4-8d4d-72f889be3f14', 'name': 'tempest-MultipleCreateTestJSON-1147240-subnet', 'tenant_id': '6090a2d03daf46e9b687d24fde64fb72', 'network_id': '5acf28f9-5cff-441b-b890-520965c956f3', 'ip_version': 4, 'subnetpool_id': None, 'enable_dhcp': True, 'ipv6_ra_mode': None, 'ipv6_address_mode': None, 'gateway_ip': '192.168.128.1', 'cidr': '192.168.128.0/28', 'allocation_pools': [{'start': '192.168.128.2', 'end': '192.168.128.14'}], 'host_routes': [], 'dns_nameservers': [], 'description': '', 'router:external': False, 'service_types': [], 'tags': [], 'created_at': '2025-03-10T17:48:47Z', 'updated_at': '2025-03-10T17:48:47Z', 'revision_number': 0, 'project_id': '6090a2d03daf46e9b687d24fde64fb72'}, Router: {'id': '3154e25f-1dc6-407e-8f19-5655cf36ce22', 'name': 'tempest-MultipleCreateTestJSON-1147240-router', 'tenant_id': '6090a2d03daf46e9b687d24fde64fb72', 'admin_state_up': True, 'status': 'ACTIVE', 'external_gateway_info': {'network_id': 'ff0d9135-0a8d-4ae8-b812-5b19a1f9a4dd', 'external_fixed_ips': [{'subnet_id': '5c9f5337-8338-484b-8e4a-92fa147f8ff2', 'ip_address': '10.180.180.131'}], 'enable_snat': True}, 'description': '', 'availability_zones': [], 'distributed': False, 'ha': False, 'availability_zone_hints': [], 'routes': [], 'flavor_id': None, 'tags': [], 'created_at': '2025-03-10T17:48:47Z', 'updated_at': '2025-03-10T17:48:48Z', 'revision_number': 2, 'project_id': '6090a2d03daf46e9b687d24fde64fb72'}
2025-03-10 17:48:49.672 70314 INFO tempest.lib.common.rest_client [req-49224c59-3e56-4b55-a441-08ff1dd42f56 req-49224c59-3e56-4b55-a441-08ff1dd42f56 ] Request (ServerDiskConfigTestJSON:test_rebuild_server_with_manual_disk_config): 200 GET http://10.180.1.21/compute/v2.1/servers/714fafbf-a765-4e2c-8633-997d8244483c 0.321s
2025-03-10 17:48:49.684 70376 INFO tempest.lib.common.rest_client [req-15034d01-6cfa-46d4-b7e8-943ff398824f req-15034d01-6cfa-46d4-b7e8-943ff398824f ] Request (ServerActionsTestOtherB:test_create_backup): 200 GET http://10.180.1.21/image/v2/images/6534e8d5-5df3-44be-a620-28db421259d9 0.023s
2025-03-10 17:48:49.723 70354 INFO tempest.lib.common.rest_client [req-d6695dec-6929-4056-a19f-b4f708b7136a req-d6695dec-6929-4056-a19f-b4f708b7136a ] Request (ImagesTestJSON:test_create_image_from_suspended_server): 200 GET http://10.180.1.21/compute/v2.1/servers/2b1a0943-d59a-441d-a2e6-8149106803b6 0.295s
2025-03-10 17:48:49.729 70364 INFO tempest.lib.common.rest_client [req-995e8fc9-0ed2-40cc-94ad-0bd6269fc08a req-995e8fc9-0ed2-40cc-94ad-0bd6269fc08a ] Request (MultipleCreateTestJSON:setUpClass): 201 POST http://10.180.1.21/identity/v3/auth/tokens 0.109s
2025-03-10 17:48:49.731 70354 INFO tempest.common.waiters [-] State transition "ACTIVE/suspending" ==> "SUSPENDED/None" after 2 second wait
2025-03-10 17:48:49.736 70324 INFO tempest.lib.common.rest_client [req-0f3da666-00ed-45a0-b5e9-f2bc9dd7b70f req-0f3da666-00ed-45a0-b5e9-f2bc9dd7b70f ] Request (DeleteServersTestJSON:test_delete_active_server): 200 GET http://10.180.1.21/compute/v2.1/servers/62936d27-5405-4d29-b3ff-c4d8a74ba440 0.135s
2025-03-10 17:48:49.743 70324 INFO tempest.common.waiters [-] State transition "ACTIVE/deleting" ==> "DELETED/None" after 4 second wait
2025-03-10 17:48:49.767 70364 INFO tempest.lib.common.rest_client [req-73b205df-60ff-44e4-87cc-53acc13e14ed req-73b205df-60ff-44e4-87cc-53acc13e14ed ] Request (MultipleCreateTestJSON:test_multiple_create): 201 POST http://10.180.1.21/identity/v3/auth/tokens 0.034s
2025-03-10 17:48:49.767 70364 INFO tempest.lib.common.fixed_network [-] (MultipleCreateTestJSON:test_multiple_create) Found network {'id': '5acf28f9-5cff-441b-b890-520965c956f3', 'name': 'tempest-MultipleCreateTestJSON-1147240-network', 'tenant_id': '6090a2d03daf46e9b687d24fde64fb72', 'admin_state_up': True, 'mtu': 8950, 'status': 'ACTIVE', 'subnets': [], 'shared': False, 'project_id': '6090a2d03daf46e9b687d24fde64fb72', 'port_security_enabled': True, 'router:external': False, 'provider:network_type': 'vlan', 'provider:physical_network': 'default', 'provider:segmentation_id': 170, 'availability_zone_hints': [], 'availability_zones': [], 'ipv4_address_scope': None, 'ipv6_address_scope': None, 'description': '', 'tags': [], 'created_at': '2025-03-10T17:48:47Z', 'updated_at': '2025-03-10T17:48:47Z', 'revision_number': 1} available for tenant
2025-03-10 17:48:49.780 70348 INFO tempest.lib.common.rest_client [req-9e0fef77-c16c-4fe2-95ab-40c7a6e56683 req-9e0fef77-c16c-4fe2-95ab-40c7a6e56683 ] Request (ServersWithSpecificFlavorTestJSON:test_verify_created_server_ephemeral_disk): 200 GET http://10.180.1.21/compute/v2.1/servers/4cd9fb91-44f1-4304-a2bf-c8b294b19e0e 0.098s
2025-03-10 17:48:49.793 70314 INFO tempest.lib.common.rest_client [req-4fa482dc-9b38-4bcb-a9ea-4defec5f3a5b req-4fa482dc-9b38-4bcb-a9ea-4defec5f3a5b ] Request (ServerDiskConfigTestJSON:test_rebuild_server_with_manual_disk_config): 200 PUT http://10.180.1.21/compute/v2.1/servers/714fafbf-a765-4e2c-8633-997d8244483c 0.111s
2025-03-10 17:48:49.892 70316 INFO tempest.lib.common.rest_client [req-c9777293-5f7e-4a23-ae64-31db62d2848f req-c9777293-5f7e-4a23-ae64-31db62d2848f ] Request (AttachVolumeShelveTestJSON:test_attach_volume_shelved_or_offload_server): 200 GET http://10.180.1.21/compute/v2.1/servers/dd31269e-716c-44cd-9fc3-ce227fe5b3b2 0.169s
2025-03-10 17:48:49.963 70368 INFO tempest.lib.common.rest_client [req-ebf7a888-98e7-434d-a4ae-13c01b4bff90 req-ebf7a888-98e7-434d-a4ae-13c01b4bff90 ] Request (ServersTestJSON:tearDownClass): 200 GET http://10.180.1.21/compute/v2.1/servers/e0b5ad16-f631-444c-a189-167e34574316 0.198s
2025-03-10 17:48:50.260 70354 INFO tempest.lib.common.rest_client [req-095b482e-b348-4308-8d35-511af3927c38 req-095b482e-b348-4308-8d35-511af3927c38 ] Request (ImagesTestJSON:test_create_image_from_suspended_server): 202 POST http://10.180.1.21/compute/v2.1/servers/2b1a0943-d59a-441d-a2e6-8149106803b6/action 0.529s
2025-03-10 17:48:50.326 70320 INFO tempest.lib.common.rest_client [req-67859f59-e77a-42f4-b60a-99cde28422d0 req-67859f59-e77a-42f4-b60a-99cde28422d0 ] Request (ServersAdminTestJSON:test_inject_network_info): 200 GET http://10.180.1.21/compute/v2.1/servers/673be00f-e3c5-4a54-beeb-cf89828e9e32 0.546s
2025-03-10 17:48:50.330 70362 WARNING tempest.lib.common.ssh [-] Failed to establish authenticated ssh connection to cirros@10.180.180.207 ([Errno None] Unable to connect to port 22 on 10.180.180.207). Number attempts: 2. Retry after 3 seconds.: paramiko.ssh_exception.NoValidConnectionsError: [Errno None] Unable to connect to port 22 on 10.180.180.207
2025-03-10 17:48:50.394 70366 WARNING tempest.lib.common.ssh [-] Failed to establish authenticated ssh connection to cirros@10.180.180.210 ([Errno None] Unable to connect to port 22 on 10.180.180.210). Number attempts: 3. Retry after 4 seconds.: paramiko.ssh_exception.NoValidConnectionsError: [Errno None] Unable to connect to port 22 on 10.180.180.210
2025-03-10 17:48:50.461 70314 INFO tempest.lib.common.rest_client [req-c01c1843-8bb8-4b5c-b6ec-997eb92a6c8c req-c01c1843-8bb8-4b5c-b6ec-997eb92a6c8c ] Request (ServerDiskConfigTestJSON:test_rebuild_server_with_manual_disk_config): 200 GET http://10.180.1.21/compute/v2.1/servers/714fafbf-a765-4e2c-8633-997d8244483c 0.659s
2025-03-10 17:48:50.513 70328 INFO tempest.lib.common.rest_client [req-3b90cc44-0c62-4cf0-9773-fb6f5ab16917 req-3b90cc44-0c62-4cf0-9773-fb6f5ab16917 ] Request (SecurityGroupsTestJSON:test_list_security_groups_by_server): 200 GET http://10.180.1.21/compute/v2.1/servers/a06d4b38-0e39-46ef-a588-7627661cb201 0.688s
2025-03-10 17:48:50.570 70370 INFO tempest.lib.common.rest_client [req-ff963953-386c-4590-9161-52ac94ec8875 req-ff963953-386c-4590-9161-52ac94ec8875 ] Request (MigrationsAdminTest:test_resize_server_revert_deleted_flavor): 200 GET http://10.180.1.21/compute/v2.1/servers/0e8163d9-6ff5-4f1e-af33-ccb42fa46750 0.738s
2025-03-10 17:48:50.594 70364 INFO tempest.lib.common.rest_client [req-a9e55575-f2f8-4770-a53b-96777722aaf0 req-a9e55575-f2f8-4770-a53b-96777722aaf0 ] Request (MultipleCreateTestJSON:test_multiple_create): 202 POST http://10.180.1.21/compute/v2.1/servers 0.826s
2025-03-10 17:48:50.622 70372 INFO tempest.lib.common.rest_client [req-d4a1f79a-8a33-40ae-830d-b29f2d5c5fde req-d4a1f79a-8a33-40ae-830d-b29f2d5c5fde ] Request (ServerMetadataNegativeTestJSON:setUpClass): 200 GET http://10.180.1.21/compute/v2.1/servers/06442c68-7dc6-46a1-9e35-34a62730a555 0.694s
2025-03-10 17:48:50.664 70342 INFO tempest.lib.common.rest_client [req-2ffea307-196f-45de-9710-660a388cec3c req-2ffea307-196f-45de-9710-660a388cec3c ] Request (ListServerFiltersTestJSON:tearDownClass): 200 GET http://10.180.1.21/compute/v2.1/servers/7fbab19d-5a0a-4da3-b078-40ca0eaf8c97 0.667s
2025-03-10 17:48:50.702 70376 INFO tempest.lib.common.rest_client [req-0cd78d92-b91d-423a-a668-88152bffea5f req-0cd78d92-b91d-423a-a668-88152bffea5f ] Request (ServerActionsTestOtherB:test_create_backup): 200 GET http://10.180.1.21/image/v2/images/6534e8d5-5df3-44be-a620-28db421259d9 0.016s
2025-03-10 17:48:50.726 70326 INFO tempest.lib.common.rest_client [req-b14ef417-9722-4edf-8c69-baecfcf19d05 req-b14ef417-9722-4edf-8c69-baecfcf19d05 ] Request (ServersAdminNegativeTestJSON:setUpClass): 200 GET http://10.180.1.21/compute/v2.1/servers/b7a1b9e1-4d57-435f-bdb6-51481968aacb 0.721s
2025-03-10 17:48:50.734 70326 INFO tempest.common.waiters [-] State transition "BUILD/spawning" ==> "ACTIVE/None" after 83 second wait
2025-03-10 17:48:50.739 70322 INFO tempest.lib.common.rest_client [req-6adedaa6-b61d-4a09-8d7a-b4bee621631e req-6adedaa6-b61d-4a09-8d7a-b4bee621631e ] Request (ServersTestFqdnHostnames:test_create_server_with_fqdn_name): 200 GET http://10.180.1.21/compute/v2.1/servers/7fc7c481-75e8-40f2-a971-752ce6dde59b 0.680s
2025-03-10 17:48:50.759 70358 INFO tempest.lib.common.rest_client [req-09f8ef16-1261-4838-8e54-4bbf0fcf0f27 req-09f8ef16-1261-4838-8e54-4bbf0fcf0f27 ] Request (ListImageFiltersTestJSON:tearDownClass): 404 GET http://10.180.1.21/compute/v2.1/servers/a29534bf-ee12-4b94-839b-4a12659ebd3b 0.637s
2025-03-10 17:48:50.806 70336 INFO tempest.lib.common.rest_client [req-fd1f53cd-d6e9-4e6d-9735-149fd7ab9e21 req-fd1f53cd-d6e9-4e6d-9735-149fd7ab9e21 ] Request (VolumesAssistedSnapshotsTest:tearDownClass): 200 GET http://10.180.1.21/compute/v2.1/servers/eba81db1-973c-4981-baca-cb98e4087510 0.732s
2025-03-10 17:48:50.825 70334 INFO tempest.lib.common.rest_client [req-67d01751-9f9b-4742-a088-21dbf4e5a3df req-67d01751-9f9b-4742-a088-21dbf4e5a3df ] Request (ServersAdmin275Test:test_rebuild_update_server_275): 200 GET http://10.180.1.21/compute/v2.1/servers/7932a42f-6a62-4c2c-be9a-3cb518fe4183 0.656s
2025-03-10 17:48:50.866 70330 INFO tempest.lib.common.rest_client [req-6e13c22f-79d9-4804-aec9-94308f6a130f req-6e13c22f-79d9-4804-aec9-94308f6a130f ] Request (ServersTestJSON:test_create_server_specify_multibyte_character_name): 200 GET http://10.180.1.21/compute/v2.1/servers/fcbe1142-72dc-4a02-af9b-e03a2031a247 0.637s
2025-03-10 17:48:50.874 70330 INFO tempest.common.waiters [-] State transition "BUILD/scheduling" ==> "BUILD/None" after 42 second wait
2025-03-10 17:48:50.927 70374 INFO tempest.lib.common.rest_client [req-40b7a8b4-5c9c-412b-931d-463663112c82 req-40b7a8b4-5c9c-412b-931d-463663112c82 ] Request (ServerRescueNegativeTestJSON:test_rescued_vm_detach_volume): 200 GET http://10.180.1.21/compute/v2.1/servers/1b4da2ab-d026-45d8-8234-79ddd84d5cbb 0.653s
2025-03-10 17:48:51.056 70338 INFO tempest.lib.common.rest_client [req-99ce7be2-7da9-430c-a697-e8fedd092acf req-99ce7be2-7da9-430c-a697-e8fedd092acf ] Request (ServerRescueTestJSON:tearDownClass): 200 GET http://10.180.1.21/compute/v2.1/servers/27580836-7ab5-4e64-a985-3e6fc22a8b77 0.623s
2025-03-10 17:48:51.129 70360 INFO tempest.lib.common.rest_client [req-e0157146-6c74-458c-9696-ee8a86bba735 req-e0157146-6c74-458c-9696-ee8a86bba735 ] Request (ImagesNegativeTestJSON:test_create_image_from_deleted_server): 200 GET http://10.180.1.21/compute/v2.1/servers/b3d62400-e639-4c49-9207-64fd1e684f99 0.697s
2025-03-10 17:48:51.280 70314 INFO tempest.lib.common.rest_client [req-138048d8-a155-4d56-83eb-faab7afd27fe req-138048d8-a155-4d56-83eb-faab7afd27fe ] Request (ServerDiskConfigTestJSON:test_rebuild_server_with_manual_disk_config): 200 GET http://10.180.1.21/compute/v2.1/servers/714fafbf-a765-4e2c-8633-997d8244483c 0.812s
2025-03-10 17:48:51.336 70318 INFO tempest.lib.common.rest_client [req-a11a92d1-ed51-4960-a6df-1fcd61119909 req-a11a92d1-ed51-4960-a6df-1fcd61119909 ] Request (InstanceActionsTestJSON:setUpClass): 200 GET http://10.180.1.21/compute/v2.1/servers/efa06ccc-be20-4d0e-938f-01c91ef4de8e 0.823s
2025-03-10 17:48:51.448 70346 INFO tempest.lib.common.rest_client [req-f14558bf-347f-4d86-8b30-7162d0290d8e req-f14558bf-347f-4d86-8b30-7162d0290d8e ] Request (ServersTestBootFromVolume:setUpClass): 200 GET http://10.180.1.21/compute/v2.1/servers/af07ebd0-5f12-49c3-a518-95be9a8d6c82 0.897s
2025-03-10 17:48:51.536 70332 INFO tempest.lib.common.rest_client [req-0541a2dd-15a9-4c5f-af84-8785b4b7d8b3 req-0541a2dd-15a9-4c5f-af84-8785b4b7d8b3 ] Request (ListServersNegativeTestJSON:setUpClass): 200 GET http://10.180.1.21/compute/v2.1/servers/d361769c-bfc2-4c72-83f4-dc9b51f907a3 0.950s
2025-03-10 17:48:51.598 70364 INFO tempest.lib.common.rest_client [req-4d9008e2-9968-4b90-b60b-9725b90af927 req-4d9008e2-9968-4b90-b60b-9725b90af927 ] Request (MultipleCreateTestJSON:test_multiple_create): 200 GET http://10.180.1.21/compute/v2.1/servers 1.002s
2025-03-10 17:48:51.659 70354 INFO tempest.lib.common.rest_client [req-4b8496da-d51c-4912-889d-bd0cc470ae51 req-4b8496da-d51c-4912-889d-bd0cc470ae51 ] Request (ImagesTestJSON:test_create_image_from_suspended_server): 200 GET http://10.180.1.21/compute/v2.1/images/546c9366-0abc-40f4-a351-6f23687d2823 1.398s
2025-03-10 17:48:51.700 70326 INFO tempest.lib.common.rest_client [req-91238af4-4a3c-4a2d-9733-9469b8acee58 req-91238af4-4a3c-4a2d-9733-9469b8acee58 ] Request (ServersAdminNegativeTestJSON:test_migrate_non_existent_server): 404 POST http://10.180.1.21/compute/v2.1/servers/ecd6bcbd-fdb1-4dc3-b09e-516a96472f25/action 0.965s
2025-03-10 17:48:51.724 70376 INFO tempest.lib.common.rest_client [req-28b6b358-4158-4a0f-a56f-9c0df2c5f6a3 req-28b6b358-4158-4a0f-a56f-9c0df2c5f6a3 ] Request (ServerActionsTestOtherB:test_create_backup): 200 GET http://10.180.1.21/image/v2/images/6534e8d5-5df3-44be-a620-28db421259d9 0.019s
2025-03-10 17:48:51.751 70324 INFO tempest.lib.common.rest_client [req-22c5f043-0850-4958-a089-76d4bb70ee1f req-22c5f043-0850-4958-a089-76d4bb70ee1f ] Request (DeleteServersTestJSON:test_delete_active_server): 200 GET http://10.180.1.21/compute/v2.1/servers/62936d27-5405-4d29-b3ff-c4d8a74ba440 1.007s
2025-03-10 17:48:51.799 70326 INFO tempest.lib.common.rest_client [req-5a543e35-86b5-4d62-a730-859a4d491fde req-5a543e35-86b5-4d62-a730-859a4d491fde ] Request (ServersAdminNegativeTestJSON:test_migrate_server_invalid_state): 201 POST http://10.180.1.21/identity/v3/auth/tokens 0.093s
2025-03-10 17:48:51.799 70326 INFO tempest.lib.common.fixed_network [-] (ServersAdminNegativeTestJSON:test_migrate_server_invalid_state) Found network None available for tenant
2025-03-10 17:48:51.809 70358 INFO tempest.lib.common.rest_client [req-e06b2835-a694-4760-8865-45d4add041e4 req-e06b2835-a694-4760-8865-45d4add041e4 ] Request (ListImageFiltersTestJSON:tearDownClass): 204 DELETE http://10.180.1.21/compute/v2.1/servers/73e41918-88b8-4ff7-9fdd-b45ac97c80ec 1.049s
2025-03-10 17:48:51.812 70348 INFO tempest.lib.common.rest_client [req-5165dbdd-a410-457f-ac4a-1cbef8616b6e req-5165dbdd-a410-457f-ac4a-1cbef8616b6e ] Request (ServersWithSpecificFlavorTestJSON:test_verify_created_server_ephemeral_disk): 200 GET http://10.180.1.21/compute/v2.1/servers/4cd9fb91-44f1-4304-a2bf-c8b294b19e0e 1.022s
2025-03-10 17:48:51.892 70368 INFO tempest.lib.common.rest_client [req-6cfb6112-d2d4-418d-bb36-b9798b605107 req-6cfb6112-d2d4-418d-bb36-b9798b605107 ] Request (ServersTestJSON:tearDownClass): 200 GET http://10.180.1.21/compute/v2.1/servers/e0b5ad16-f631-444c-a189-167e34574316 0.920s
2025-03-10 17:48:51.975 70316 INFO tempest.lib.common.rest_client [req-852cad9c-6614-4d62-a383-105c20f5b4ae req-852cad9c-6614-4d62-a383-105c20f5b4ae ] Request (AttachVolumeShelveTestJSON:test_attach_volume_shelved_or_offload_server): 200 GET http://10.180.1.21/compute/v2.1/servers/dd31269e-716c-44cd-9fc3-ce227fe5b3b2 1.071s
2025-03-10 17:48:52.029 70320 INFO tempest.lib.common.rest_client [req-75b1d9b9-81f1-4f61-8abc-b2fe75922823 req-75b1d9b9-81f1-4f61-8abc-b2fe75922823 ] Request (ServersAdminTestJSON:test_inject_network_info): 200 GET http://10.180.1.21/compute/v2.1/servers/673be00f-e3c5-4a54-beeb-cf89828e9e32 0.694s
2025-03-10 17:48:52.081 70328 INFO tempest.lib.common.rest_client [req-3568c612-8f2d-4cb4-a4d7-94f519d3b58c req-3568c612-8f2d-4cb4-a4d7-94f519d3b58c ] Request (SecurityGroupsTestJSON:test_list_security_groups_by_server): 200 GET http://10.180.1.21/compute/v2.1/servers/a06d4b38-0e39-46ef-a588-7627661cb201 0.557s
2025-03-10 17:48:52.094 70314 INFO tempest.lib.common.rest_client [req-be5a3fa1-7947-4b9b-8591-1791283991c6 req-be5a3fa1-7947-4b9b-8591-1791283991c6 ] Request (ServerDiskConfigTestJSON:test_rebuild_server_with_manual_disk_config): 202 POST http://10.180.1.21/compute/v2.1/servers/714fafbf-a765-4e2c-8633-997d8244483c/action 0.806s
2025-03-10 17:48:52.142 70370 INFO tempest.lib.common.rest_client [req-c7ceccc2-caf1-4156-bc2f-2bd044a2485e req-c7ceccc2-caf1-4156-bc2f-2bd044a2485e ] Request (MigrationsAdminTest:test_resize_server_revert_deleted_flavor): 200 GET http://10.180.1.21/compute/v2.1/servers/0e8163d9-6ff5-4f1e-af33-ccb42fa46750 0.564s
2025-03-10 17:48:52.159 70364 INFO tempest.lib.common.rest_client [req-b85f755f-b154-44fc-832c-2c2ad96721b4 req-b85f755f-b154-44fc-832c-2c2ad96721b4 ] Request (MultipleCreateTestJSON:test_multiple_create): 200 GET http://10.180.1.21/compute/v2.1/servers/086ac14d-74bb-4bb6-90b3-3e345b2894a9 0.557s
2025-03-10 17:48:52.196 70372 INFO tempest.lib.common.rest_client [req-e4c902b4-4c2a-48ec-8fdf-c23bf4b44e82 req-e4c902b4-4c2a-48ec-8fdf-c23bf4b44e82 ] Request (ServerMetadataNegativeTestJSON:setUpClass): 200 GET http://10.180.1.21/compute/v2.1/servers/06442c68-7dc6-46a1-9e35-34a62730a555 0.565s
2025-03-10 17:48:52.219 70342 INFO tempest.lib.common.rest_client [req-acf858e3-2caf-4ee7-aac7-678c8a3bb63e req-acf858e3-2caf-4ee7-aac7-678c8a3bb63e ] Request (ListServerFiltersTestJSON:tearDownClass): 200 GET http://10.180.1.21/compute/v2.1/servers/7fbab19d-5a0a-4da3-b078-40ca0eaf8c97 0.547s
