2025-03-10 17:48:32.312 70316 INFO tempest.lib.common.rest_client [req-15faef8b-aa50-4700-8feb-7328ad789f98 req-15faef8b-aa50-4700-8feb-7328ad789f98 ] Request (AttachVolumeShelveTestJSON:test_attach_volume_shelved_or_offload_server): 200 GET http://10.180.1.21/compute/v2.1/servers/dd31269e-716c-44cd-9fc3-ce227fe5b3b2/ips 0.052s
2025-03-10 17:48:32.348 70374 INFO tempest.lib.common.rest_client [req-34fe9394-99d4-420b-a8a2-627b73051ce6 req-34fe9394-99d4-420b-a8a2-627b73051ce6 ] Request (ServerRescueNegativeTestJSON:test_rescued_vm_detach_volume): 200 GET http://10.180.1.21/compute/v2.1/servers/1b4da2ab-d026-45d8-8234-79ddd84d5cbb 0.062s
2025-03-10 17:48:32.428 70330 INFO tempest.lib.common.rest_client [req-996fddfb-a52c-4225-b4a2-df75786ed366 req-996fddfb-a52c-4225-b4a2-df75786ed366 ] Request (ServersTestJSON:test_create_server_specify_multibyte_character_name): 200 GET http://10.180.1.21/compute/v2.1/servers/fcbe1142-72dc-4a02-af9b-e03a2031a247 0.056s
2025-03-10 17:48:32.464 70316 INFO tempest.lib.common.rest_client [req-4bdfbbc0-f5a3-4b4f-b5c4-97f55c890a57 req-4bdfbbc0-f5a3-4b4f-b5c4-97f55c890a57 ] Request (AttachVolumeShelveTestJSON:test_attach_volume_shelved_or_offload_server): 202 POST http://10.180.1.21/volume/v3/volumes 0.149s
2025-03-10 17:48:32.480 70346 INFO tempest.lib.common.rest_client [req-944aeff1-4983-4456-af58-41a1bd4202ad req-944aeff1-4983-4456-af58-41a1bd4202ad ] Request (ServersTestBootFromVolume:setUpClass): 200 GET http://10.180.1.21/compute/v2.1/servers/af07ebd0-5f12-49c3-a518-95be9a8d6c82 0.063s
2025-03-10 17:48:32.497 70316 INFO tempest.lib.common.rest_client [req-4508695d-85ad-46c4-a5ab-edb51780f636 req-4508695d-85ad-46c4-a5ab-edb51780f636 ] Request (AttachVolumeShelveTestJSON:test_attach_volume_shelved_or_offload_server): 200 GET http://10.180.1.21/volume/v3/volumes/964072e4-b1a4-47ae-8221-dfb900c2f8b1 0.027s
2025-03-10 17:48:32.528 70362 INFO tempest.lib.common.rest_client [req-7ec55f81-c0ba-4b31-8425-e6650b7d8f75 req-7ec55f81-c0ba-4b31-8425-e6650b7d8f75 ] Request (AttachInterfacesUnderV243Test:test_add_remove_fixed_ip): 200 GET http://10.180.1.21/compute/v2.1/servers/30eada4d-fdc1-4e54-99d2-d35bbb3fcbe6 0.122s
2025-03-10 17:48:32.534 70360 INFO tempest.lib.common.rest_client [req-ae71478a-c2b2-437d-ae79-0b4d29bf9ca3 req-ae71478a-c2b2-437d-ae79-0b4d29bf9ca3 ] Request (ImagesNegativeTestJSON:test_create_image_from_deleted_server): 200 GET http://10.180.1.21/compute/v2.1/servers/b3d62400-e639-4c49-9207-64fd1e684f99 0.078s
2025-03-10 17:48:32.592 70318 INFO tempest.lib.common.rest_client [req-dc807539-5b4a-4b3d-be49-0f8437b3a845 req-dc807539-5b4a-4b3d-be49-0f8437b3a845 ] Request (InstanceActionsTestJSON:setUpClass): 200 GET http://10.180.1.21/compute/v2.1/servers/efa06ccc-be20-4d0e-938f-01c91ef4de8e 0.083s
2025-03-10 17:48:32.600 70342 INFO tempest.lib.common.rest_client [req-b71da94f-8cfa-47c3-b9c9-d9b5f6a3a657 req-b71da94f-8cfa-47c3-b9c9-d9b5f6a3a657 ] Request (ListServerFiltersTestJSON:tearDownClass): 200 GET http://10.180.1.21/compute/v2.1/servers/94a4a16e-926c-47ce-a5a7-0b216b7c5442 0.120s
2025-03-10 17:48:32.639 70326 INFO tempest.lib.common.rest_client [req-3ed4d74c-a85a-4ba7-99b3-0598eb165ffa req-3ed4d74c-a85a-4ba7-99b3-0598eb165ffa ] Request (ServersAdminNegativeTestJSON:setUpClass): 200 GET http://10.180.1.21/compute/v2.1/servers/b7a1b9e1-4d57-435f-bdb6-51481968aacb 0.116s
2025-03-10 17:48:32.742 70368 INFO tempest.lib.common.rest_client [req-296c2a8f-8c89-4f63-acc4-f28590ffa21f req-296c2a8f-8c89-4f63-acc4-f28590ffa21f ] Request (ServersTestJSON:tearDownClass): 200 GET http://10.180.1.21/compute/v2.1/servers/e0b5ad16-f631-444c-a189-167e34574316 0.106s
2025-03-10 17:48:32.774 70366 INFO tempest.lib.common.rest_client [req-dadbff1b-03cd-43d1-b944-a34ddeae744b req-dadbff1b-03cd-43d1-b944-a34ddeae744b ] Request (ServerActionsV293TestJSON:setUpClass): 200 GET http://10.180.1.21/compute/v2.1/servers/fc04a536-3a6f-4d3a-b0f1-68e9a1cee5e2 0.113s
2025-03-10 17:48:32.793 70348 INFO tempest.lib.common.rest_client [req-27cfe685-1bad-48e7-9db2-cbb34bef0e78 req-27cfe685-1bad-48e7-9db2-cbb34bef0e78 ] Request (ServersWithSpecificFlavorTestJSON:test_verify_created_server_ephemeral_disk): 200 GET http://10.180.1.21/compute/v2.1/servers/4cd9fb91-44f1-4304-a2bf-c8b294b19e0e 0.106s
2025-03-10 17:48:32.828 70328 INFO tempest.lib.common.rest_client [req-99df2569-7240-4305-aa16-c8325129d128 req-99df2569-7240-4305-aa16-c8325129d128 ] Request (SecurityGroupsTestJSON:test_list_security_groups_by_server): 200 GET http://10.180.1.21/compute/v2.1/servers/a06d4b38-0e39-46ef-a588-7627661cb201 0.114s
2025-03-10 17:48:32.861 70320 INFO tempest.lib.common.rest_client [req-3f997fab-170e-4d3d-ad09-6f904ebdfbae req-3f997fab-170e-4d3d-ad09-6f904ebdfbae ] Request (ServersAdminTestJSON:test_inject_network_info): 200 GET http://10.180.1.21/compute/v2.1/servers/673be00f-e3c5-4a54-beeb-cf89828e9e32 0.087s
2025-03-10 17:48:32.945 70364 INFO tempest.lib.common.rest_client [req-4da60126-4ab5-425a-bb67-f5aed74ab882 req-4da60126-4ab5-425a-bb67-f5aed74ab882 ] Request (FloatingIPsAssociationTestJSON:tearDownClass): 200 GET http://10.180.1.21/compute/v2.1/servers/ee4c0f2b-44cb-4b37-8e4a-5706b9932144 0.108s
2025-03-10 17:48:32.985 70332 INFO tempest.lib.common.rest_client [req-73491bfe-7bca-4f60-bf0e-f00a7e076ff8 req-73491bfe-7bca-4f60-bf0e-f00a7e076ff8 ] Request (ListServersNegativeTestJSON:setUpClass): 200 GET http://10.180.1.21/compute/v2.1/servers/40b1fbe3-bde8-4fe1-91ea-00a19e2b86a4 0.189s
2025-03-10 17:48:32.995 70332 INFO tempest.common.waiters [-] State transition "BUILD/spawning" ==> "ACTIVE/None" after 83 second wait
2025-03-10 17:48:33.053 70370 INFO tempest.lib.common.rest_client [req-961d1d4c-3328-48ce-a8f7-930a8629ba3d req-961d1d4c-3328-48ce-a8f7-930a8629ba3d ] Request (MigrationsAdminTest:test_resize_server_revert_deleted_flavor): 200 GET http://10.180.1.21/compute/v2.1/servers/0e8163d9-6ff5-4f1e-af33-ccb42fa46750 0.150s
2025-03-10 17:48:33.128 70336 INFO tempest.lib.common.rest_client [req-eae8856e-a561-45c5-8912-3ed9532c68ae req-eae8856e-a561-45c5-8912-3ed9532c68ae ] Request (VolumesAssistedSnapshotsTest:tearDownClass): 200 GET http://10.180.1.21/compute/v2.1/servers/eba81db1-973c-4981-baca-cb98e4087510 0.205s
2025-03-10 17:48:33.150 70324 INFO tempest.lib.common.rest_client [req-243389cf-2fed-4c00-b615-b69858d2e936 req-243389cf-2fed-4c00-b615-b69858d2e936 ] Request (DeleteServersTestJSON:test_delete_active_server): 200 GET http://10.180.1.21/compute/v2.1/servers/62936d27-5405-4d29-b3ff-c4d8a74ba440 0.291s
2025-03-10 17:48:33.157 70324 INFO tempest.common.waiters [-] State transition "BUILD/None" ==> "BUILD/networking" after 80 second wait
2025-03-10 17:48:33.190 70372 INFO tempest.lib.common.rest_client [req-7973afd5-5f63-439c-b438-34d786362988 req-7973afd5-5f63-439c-b438-34d786362988 ] Request (ServerMetadataNegativeTestJSON:setUpClass): 200 GET http://10.180.1.21/compute/v2.1/servers/06442c68-7dc6-46a1-9e35-34a62730a555 0.239s
2025-03-10 17:48:33.209 70358 INFO tempest.lib.common.rest_client [req-a5738bc8-fa61-45a9-ae57-b107368761c1 req-a5738bc8-fa61-45a9-ae57-b107368761c1 ] Request (ListImageFiltersTestJSON:tearDownClass): 200 GET http://10.180.1.21/compute/v2.1/servers/a29534bf-ee12-4b94-839b-4a12659ebd3b 0.232s
2025-03-10 17:48:33.240 70322 INFO tempest.lib.common.rest_client [req-77e09d78-35bc-4548-bd17-497b549392ca req-77e09d78-35bc-4548-bd17-497b549392ca ] Request (ServersTestFqdnHostnames:test_create_server_with_fqdn_name): 200 GET http://10.180.1.21/compute/v2.1/servers/7fc7c481-75e8-40f2-a971-752ce6dde59b 0.248s
2025-03-10 17:48:33.300 70354 INFO tempest.lib.common.rest_client [req-9d07fe83-ac39-4eeb-8139-e8225dfef572 req-9d07fe83-ac39-4eeb-8139-e8225dfef572 ] Request (ImagesTestJSON:test_create_image_from_suspended_server): 200 GET http://10.180.1.21/compute/v2.1/servers/2b1a0943-d59a-441d-a2e6-8149106803b6 0.277s
2025-03-10 17:48:33.311 70332 INFO tempest.lib.common.rest_client [req-83e294b9-c7eb-4fd9-988e-251c15cb44ad req-83e294b9-c7eb-4fd9-988e-251c15cb44ad ] Request (ListServersNegativeTestJSON:setUpClass): 200 GET http://10.180.1.21/compute/v2.1/servers/d361769c-bfc2-4c72-83f4-dc9b51f907a3 0.316s
2025-03-10 17:48:33.365 70338 INFO tempest.lib.common.rest_client [req-f22f5c93-1e4d-44c9-a3c0-efe95477280f req-f22f5c93-1e4d-44c9-a3c0-efe95477280f ] Request (ServerRescueTestJSON:tearDownClass): 200 GET http://10.180.1.21/compute/v2.1/servers/97cb6372-3f4e-427d-9509-7e6c43aa2e7b 0.320s
2025-03-10 17:48:33.370 70314 INFO tempest.lib.common.rest_client [req-1e2a9747-ae78-420b-9d39-1c4d539a0b95 req-1e2a9747-ae78-420b-9d39-1c4d539a0b95 ] Request (ServerDiskConfigTestJSON:test_rebuild_server_with_manual_disk_config): 200 GET http://10.180.1.21/compute/v2.1/servers/714fafbf-a765-4e2c-8633-997d8244483c 0.073s
2025-03-10 17:48:33.426 70334 INFO tempest.lib.common.rest_client [req-8b848155-d912-41bf-bfba-62fcef656fba req-8b848155-d912-41bf-bfba-62fcef656fba ] Request (ServersAdmin275Test:test_rebuild_update_server_275): 200 GET http://10.180.1.21/compute/v2.1/servers/7932a42f-6a62-4c2c-be9a-3cb518fe4183 0.111s
2025-03-10 17:48:33.493 70374 INFO tempest.lib.common.rest_client [req-d79411f9-27a7-4b65-97bb-7bc3cdf04cae req-d79411f9-27a7-4b65-97bb-7bc3cdf04cae ] Request (ServerRescueNegativeTestJSON:test_rescued_vm_detach_volume): 200 GET http://10.180.1.21/compute/v2.1/servers/1b4da2ab-d026-45d8-8234-79ddd84d5cbb 0.137s
2025-03-10 17:48:33.509 70332 INFO tempest.lib.common.rest_client [req-9d5730f7-27bd-4c95-889c-e45787fa7a3f req-9d5730f7-27bd-4c95-889c-e45787fa7a3f ] Request (ListServersNegativeTestJSON:setUpClass): 200 GET http://10.180.1.21/compute/v2.1/servers/f2e172f5-eafe-4f7c-ba9c-0fcf89ccca75 0.184s
2025-03-10 17:48:33.555 70316 INFO tempest.lib.common.rest_client [req-a655b126-b009-4d8a-a45d-b98df7c5a976 req-a655b126-b009-4d8a-a45d-b98df7c5a976 ] Request (AttachVolumeShelveTestJSON:test_attach_volume_shelved_or_offload_server): 200 GET http://10.180.1.21/volume/v3/volumes/964072e4-b1a4-47ae-8221-dfb900c2f8b1 0.049s
2025-03-10 17:48:33.563 70316 INFO tempest.common.waiters [-] volume 964072e4-b1a4-47ae-8221-dfb900c2f8b1 reached available after waiting for 1.563671 seconds
2025-03-10 17:48:33.564 70316 INFO tempest.lib.common.ssh [-] Creating ssh connection to '10.180.180.167:22' as 'cirros' with public key authentication
2025-03-10 17:48:33.568 70316 INFO paramiko.transport [-] Connected (version 2.0, client dropbear_2020.81)
2025-03-10 17:48:33.588 70330 INFO tempest.lib.common.rest_client [req-e7e9a44c-5b56-4d08-8d50-90e363928836 req-e7e9a44c-5b56-4d08-8d50-90e363928836 ] Request (ServersTestJSON:test_create_server_specify_multibyte_character_name): 200 GET http://10.180.1.21/compute/v2.1/servers/fcbe1142-72dc-4a02-af9b-e03a2031a247 0.152s
2025-03-10 17:48:33.588 70346 INFO tempest.lib.common.rest_client [req-2e822021-5f16-4a41-88ed-ed1400cc5010 req-2e822021-5f16-4a41-88ed-ed1400cc5010 ] Request (ServersTestBootFromVolume:setUpClass): 200 GET http://10.180.1.21/compute/v2.1/servers/af07ebd0-5f12-49c3-a518-95be9a8d6c82 0.099s
2025-03-10 17:48:33.667 70316 INFO paramiko.transport [-] Authentication (publickey) successful!
2025-03-10 17:48:33.667 70316 INFO tempest.lib.common.ssh [-] ssh connection to cirros@10.180.180.167 successfully created
2025-03-10 17:48:33.668 70332 INFO tempest.lib.common.rest_client [req-0c352cc9-ebfd-4397-a16e-1ab2979091a4 req-0c352cc9-ebfd-4397-a16e-1ab2979091a4 ] Request (ListServersNegativeTestJSON:setUpClass): 204 DELETE http://10.180.1.21/compute/v2.1/servers/d361769c-bfc2-4c72-83f4-dc9b51f907a3 0.145s
2025-03-10 17:48:33.676 70316 INFO tempest.lib.common.ssh [-] Creating ssh connection to '10.180.180.167:22' as 'cirros' with public key authentication
2025-03-10 17:48:33.679 70316 INFO paramiko.transport [-] Connected (version 2.0, client dropbear_2020.81)
2025-03-10 17:48:33.735 70362 INFO tempest.lib.common.rest_client [req-82d0f30b-2273-4ac1-b84b-6e958e980612 req-82d0f30b-2273-4ac1-b84b-6e958e980612 ] Request (AttachInterfacesUnderV243Test:test_add_remove_fixed_ip): 200 GET http://10.180.1.21/compute/v2.1/servers/30eada4d-fdc1-4e54-99d2-d35bbb3fcbe6 0.198s
2025-03-10 17:48:33.736 70316 INFO paramiko.transport [-] Authentication (publickey) successful!
2025-03-10 17:48:33.736 70360 INFO tempest.lib.common.rest_client [req-70b8c9c9-b41f-41f2-9a6a-099c4f8a177d req-70b8c9c9-b41f-41f2-9a6a-099c4f8a177d ] Request (ImagesNegativeTestJSON:test_create_image_from_deleted_server): 200 GET http://10.180.1.21/compute/v2.1/servers/b3d62400-e639-4c49-9207-64fd1e684f99 0.194s
2025-03-10 17:48:33.737 70316 INFO tempest.lib.common.ssh [-] ssh connection to cirros@10.180.180.167 successfully created
2025-03-10 17:48:33.802 70318 INFO tempest.lib.common.rest_client [req-24f6734c-3d70-4815-975b-b8c90aa2afd5 req-24f6734c-3d70-4815-975b-b8c90aa2afd5 ] Request (InstanceActionsTestJSON:setUpClass): 200 GET http://10.180.1.21/compute/v2.1/servers/efa06ccc-be20-4d0e-938f-01c91ef4de8e 0.202s
2025-03-10 17:48:33.808 70342 INFO tempest.lib.common.rest_client [req-bc27977f-9821-491d-9b8b-b13a0748630f req-bc27977f-9821-491d-9b8b-b13a0748630f ] Request (ListServerFiltersTestJSON:tearDownClass): 200 GET http://10.180.1.21/compute/v2.1/servers/94a4a16e-926c-47ce-a5a7-0b216b7c5442 0.200s
2025-03-10 17:48:33.856 70326 INFO tempest.lib.common.rest_client [req-5ba3d120-93dd-4e11-bffc-35c60774a7e4 req-5ba3d120-93dd-4e11-bffc-35c60774a7e4 ] Request (ServersAdminNegativeTestJSON:setUpClass): 200 GET http://10.180.1.21/compute/v2.1/servers/b7a1b9e1-4d57-435f-bdb6-51481968aacb 0.209s
2025-03-10 17:48:33.932 70332 INFO tempest.lib.common.rest_client [req-ebbb44b8-3407-4c21-a2e3-07cbfc06229d req-ebbb44b8-3407-4c21-a2e3-07cbfc06229d ] Request (ListServersNegativeTestJSON:setUpClass): 200 GET http://10.180.1.21/compute/v2.1/servers/d361769c-bfc2-4c72-83f4-dc9b51f907a3 0.263s
2025-03-10 17:48:33.996 70368 INFO tempest.lib.common.rest_client [req-26f21872-e177-45d1-876c-366f407b8253 req-26f21872-e177-45d1-876c-366f407b8253 ] Request (ServersTestJSON:tearDownClass): 200 GET http://10.180.1.21/compute/v2.1/servers/e0b5ad16-f631-444c-a189-167e34574316 0.243s
2025-03-10 17:48:34.179 70366 INFO tempest.lib.common.rest_client [req-2d6dd73e-78ab-4c6e-b8fd-ff4d29a2bfc8 req-2d6dd73e-78ab-4c6e-b8fd-ff4d29a2bfc8 ] Request (ServerActionsV293TestJSON:setUpClass): 200 GET http://10.180.1.21/compute/v2.1/servers/fc04a536-3a6f-4d3a-b0f1-68e9a1cee5e2 0.393s
2025-03-10 17:48:34.233 70348 INFO tempest.lib.common.rest_client [req-404fc321-c86f-4554-a462-bd4fd7ab3c13 req-404fc321-c86f-4554-a462-bd4fd7ab3c13 ] Request (ServersWithSpecificFlavorTestJSON:test_verify_created_server_ephemeral_disk): 200 GET http://10.180.1.21/compute/v2.1/servers/4cd9fb91-44f1-4304-a2bf-c8b294b19e0e 0.433s
2025-03-10 17:48:34.284 70328 INFO tempest.lib.common.rest_client [req-fd15aa5d-3f63-4ca3-b3aa-dda71e105ff0 req-fd15aa5d-3f63-4ca3-b3aa-dda71e105ff0 ] Request (SecurityGroupsTestJSON:test_list_security_groups_by_server): 200 GET http://10.180.1.21/compute/v2.1/servers/a06d4b38-0e39-46ef-a588-7627661cb201 0.449s
2025-03-10 17:48:34.291 70328 INFO tempest.common.waiters [-] State transition "BUILD/scheduling" ==> "BUILD/None" after 57 second wait
2025-03-10 17:48:34.299 70316 INFO tempest.lib.common.rest_client [req-c54eddeb-e06c-4497-87b3-94e7d293a6c6 req-c54eddeb-e06c-4497-87b3-94e7d293a6c6 ] Request (AttachVolumeShelveTestJSON:test_attach_volume_shelved_or_offload_server): 202 POST http://10.180.1.21/compute/v2.1/servers/dd31269e-716c-44cd-9fc3-ce227fe5b3b2/action 0.561s
2025-03-10 17:48:34.351 70320 INFO tempest.lib.common.rest_client [req-76dd9b79-29cb-4f7b-85f3-9ca48d20468b req-76dd9b79-29cb-4f7b-85f3-9ca48d20468b ] Request (ServersAdminTestJSON:test_inject_network_info): 200 GET http://10.180.1.21/compute/v2.1/servers/673be00f-e3c5-4a54-beeb-cf89828e9e32 0.480s
2025-03-10 17:48:34.373 70364 INFO tempest.lib.common.rest_client [req-3514aceb-b62a-4f5b-a37f-519697c54ef9 req-3514aceb-b62a-4f5b-a37f-519697c54ef9 ] Request (FloatingIPsAssociationTestJSON:tearDownClass): 200 GET http://10.180.1.21/compute/v2.1/servers/ee4c0f2b-44cb-4b37-8e4a-5706b9932144 0.416s
2025-03-10 17:48:34.403 70370 INFO tempest.lib.common.rest_client [req-029ce77f-c849-4f61-b25f-310d3c4d47f4 req-029ce77f-c849-4f61-b25f-310d3c4d47f4 ] Request (MigrationsAdminTest:test_resize_server_revert_deleted_flavor): 200 GET http://10.180.1.21/compute/v2.1/servers/0e8163d9-6ff5-4f1e-af33-ccb42fa46750 0.342s
2025-03-10 17:48:34.433 70336 INFO tempest.lib.common.rest_client [req-90f4c651-0443-460e-8808-deefb59c5e39 req-90f4c651-0443-460e-8808-deefb59c5e39 ] Request (VolumesAssistedSnapshotsTest:tearDownClass): 200 GET http://10.180.1.21/compute/v2.1/servers/eba81db1-973c-4981-baca-cb98e4087510 0.293s
2025-03-10 17:48:34.502 70324 INFO tempest.lib.common.rest_client [req-176c6783-2893-4736-8e01-04a890bd48ce req-176c6783-2893-4736-8e01-04a890bd48ce ] Request (DeleteServersTestJSON:test_delete_active_server): 200 GET http://10.180.1.21/compute/v2.1/servers/62936d27-5405-4d29-b3ff-c4d8a74ba440 0.343s
2025-03-10 17:48:34.510 70324 INFO tempest.common.waiters [-] State transition "BUILD/networking" ==> "BUILD/spawning" after 81 second wait
2025-03-10 17:48:34.516 70372 INFO tempest.lib.common.rest_client [req-ceaef4f6-7548-4ce8-be8a-76af9e196b66 req-ceaef4f6-7548-4ce8-be8a-76af9e196b66 ] Request (ServerMetadataNegativeTestJSON:setUpClass): 200 GET http://10.180.1.21/compute/v2.1/servers/06442c68-7dc6-46a1-9e35-34a62730a555 0.317s
2025-03-10 17:48:34.579 70322 INFO tempest.lib.common.rest_client [req-f8f23f07-fd6d-49e4-af6f-40e5ff5d0ae9 req-f8f23f07-fd6d-49e4-af6f-40e5ff5d0ae9 ] Request (ServersTestFqdnHostnames:test_create_server_with_fqdn_name): 200 GET http://10.180.1.21/compute/v2.1/servers/7fc7c481-75e8-40f2-a971-752ce6dde59b 0.323s
2025-03-10 17:48:34.586 70358 INFO tempest.lib.common.rest_client [req-91840b0d-3220-490c-bae1-36e7e4f19f5c req-91840b0d-3220-490c-bae1-36e7e4f19f5c ] Request (ListImageFiltersTestJSON:tearDownClass): 200 GET http://10.180.1.21/compute/v2.1/servers/a29534bf-ee12-4b94-839b-4a12659ebd3b 0.369s
2025-03-10 17:48:34.651 70354 INFO tempest.lib.common.rest_client [req-61b1d34d-78f1-412b-91c8-9d0cc84ff6ff req-61b1d34d-78f1-412b-91c8-9d0cc84ff6ff ] Request (ImagesTestJSON:test_create_image_from_suspended_server): 200 GET http://10.180.1.21/compute/v2.1/servers/2b1a0943-d59a-441d-a2e6-8149106803b6 0.343s
2025-03-10 17:48:34.722 70338 INFO tempest.lib.common.rest_client [req-a3b3f8a7-35eb-4065-8fb2-e20f05c4f9c4 req-a3b3f8a7-35eb-4065-8fb2-e20f05c4f9c4 ] Request (ServerRescueTestJSON:tearDownClass): 200 GET http://10.180.1.21/compute/v2.1/servers/97cb6372-3f4e-427d-9509-7e6c43aa2e7b 0.349s
2025-03-10 17:48:34.733 70316 INFO tempest.lib.common.rest_client [req-7d875b1e-a571-4e31-9125-93cc56c3945e req-7d875b1e-a571-4e31-9125-93cc56c3945e ] Request (AttachVolumeShelveTestJSON:test_attach_volume_shelved_or_offload_server): 200 GET http://10.180.1.21/compute/v2.1/servers/dd31269e-716c-44cd-9fc3-ce227fe5b3b2 0.433s
2025-03-10 17:48:34.780 70314 INFO tempest.lib.common.rest_client [req-8363ead6-9958-44e8-b7fb-20e7917b9c2c req-8363ead6-9958-44e8-b7fb-20e7917b9c2c ] Request (ServerDiskConfigTestJSON:test_rebuild_server_with_manual_disk_config): 200 GET http://10.180.1.21/compute/v2.1/servers/714fafbf-a765-4e2c-8633-997d8244483c 0.401s
2025-03-10 17:48:34.794 70334 INFO tempest.lib.common.rest_client [req-3e83a242-7c6f-4474-8226-9ecd7dcf8618 req-3e83a242-7c6f-4474-8226-9ecd7dcf8618 ] Request (ServersAdmin275Test:test_rebuild_update_server_275): 200 GET http://10.180.1.21/compute/v2.1/servers/7932a42f-6a62-4c2c-be9a-3cb518fe4183 0.350s
2025-03-10 17:48:34.836 70374 INFO tempest.lib.common.rest_client [req-f5083cf3-7351-429c-b96f-cc7b84a6ac78 req-f5083cf3-7351-429c-b96f-cc7b84a6ac78 ] Request (ServerRescueNegativeTestJSON:test_rescued_vm_detach_volume): 200 GET http://10.180.1.21/compute/v2.1/servers/1b4da2ab-d026-45d8-8234-79ddd84d5cbb 0.330s
2025-03-10 17:48:34.852 70330 INFO tempest.lib.common.rest_client [req-63d94158-e625-4144-948c-f58eeea2b1a3 req-63d94158-e625-4144-948c-f58eeea2b1a3 ] Request (ServersTestJSON:test_create_server_specify_multibyte_character_name): 200 GET http://10.180.1.21/compute/v2.1/servers/fcbe1142-72dc-4a02-af9b-e03a2031a247 0.255s
2025-03-10 17:48:34.903 70346 INFO tempest.lib.common.rest_client [req-6563122a-516f-46ad-94f8-74f3272585e8 req-6563122a-516f-46ad-94f8-74f3272585e8 ] Request (ServersTestBootFromVolume:setUpClass): 200 GET http://10.180.1.21/compute/v2.1/servers/af07ebd0-5f12-49c3-a518-95be9a8d6c82 0.305s
2025-03-10 17:48:34.966 70360 INFO tempest.lib.common.rest_client [req-cc238a25-6f59-4367-900a-76c3198ab72c req-cc238a25-6f59-4367-900a-76c3198ab72c ] Request (ImagesNegativeTestJSON:test_create_image_from_deleted_server): 200 GET http://10.180.1.21/compute/v2.1/servers/b3d62400-e639-4c49-9207-64fd1e684f99 0.220s
2025-03-10 17:48:34.980 70376 WARNING tempest.lib.common.ssh [-] Failed to establish authenticated ssh connection to cirros@10.180.180.165 ([Errno None] Unable to connect to port 22 on 10.180.180.165). Number attempts: 6. Retry after 7 seconds.: paramiko.ssh_exception.NoValidConnectionsError: [Errno None] Unable to connect to port 22 on 10.180.180.165
2025-03-10 17:48:34.982 70362 INFO tempest.lib.common.rest_client [req-15f0b261-7167-4f4b-b0f1-bb26f286447c req-15f0b261-7167-4f4b-b0f1-bb26f286447c ] Request (AttachInterfacesUnderV243Test:test_add_remove_fixed_ip): 200 GET http://10.180.1.21/compute/v2.1/servers/30eada4d-fdc1-4e54-99d2-d35bbb3fcbe6 0.238s
2025-03-10 17:48:35.037 70318 INFO tempest.lib.common.rest_client [req-dccbc910-8990-4f2d-8bd9-908f1dcb755b req-dccbc910-8990-4f2d-8bd9-908f1dcb755b ] Request (InstanceActionsTestJSON:setUpClass): 200 GET http://10.180.1.21/compute/v2.1/servers/efa06ccc-be20-4d0e-938f-01c91ef4de8e 0.227s
2025-03-10 17:48:35.049 70342 INFO tempest.lib.common.rest_client [req-30985a98-fef9-43ec-8a98-6ddf7617c63c req-30985a98-fef9-43ec-8a98-6ddf7617c63c ] Request (ListServerFiltersTestJSON:tearDownClass): 200 GET http://10.180.1.21/compute/v2.1/servers/94a4a16e-926c-47ce-a5a7-0b216b7c5442 0.232s
2025-03-10 17:48:35.091 70326 INFO tempest.lib.common.rest_client [req-352a994f-1ea8-41ce-a31b-3a7102d99a67 req-352a994f-1ea8-41ce-a31b-3a7102d99a67 ] Request (ServersAdminNegativeTestJSON:setUpClass): 200 GET http://10.180.1.21/compute/v2.1/servers/b7a1b9e1-4d57-435f-bdb6-51481968aacb 0.225s
2025-03-10 17:48:35.163 70368 INFO tempest.lib.common.rest_client [req-4daf2877-666d-4bfe-94f9-3a7d8343f82d req-4daf2877-666d-4bfe-94f9-3a7d8343f82d ] Request (ServersTestJSON:tearDownClass): 200 GET http://10.180.1.21/compute/v2.1/servers/e0b5ad16-f631-444c-a189-167e34574316 0.157s
2025-03-10 17:48:35.169 70332 INFO tempest.lib.common.rest_client [req-6a412f78-93fc-48a9-8a77-5ac310f346eb req-6a412f78-93fc-48a9-8a77-5ac310f346eb ] Request (ListServersNegativeTestJSON:setUpClass): 200 GET http://10.180.1.21/compute/v2.1/servers/d361769c-bfc2-4c72-83f4-dc9b51f907a3 0.224s
2025-03-10 17:48:35.291 70366 INFO tempest.lib.common.rest_client [req-78a1a3ec-112f-4902-891a-3fde625bfa0d req-78a1a3ec-112f-4902-891a-3fde625bfa0d ] Request (ServerActionsV293TestJSON:setUpClass): 200 GET http://10.180.1.21/compute/v2.1/servers/fc04a536-3a6f-4d3a-b0f1-68e9a1cee5e2 0.098s
2025-03-10 17:48:35.293 70348 INFO tempest.lib.common.rest_client [req-cfd80330-3423-42a6-87cc-fc6bd4f9896c req-cfd80330-3423-42a6-87cc-fc6bd4f9896c ] Request (ServersWithSpecificFlavorTestJSON:test_verify_created_server_ephemeral_disk): 200 GET http://10.180.1.21/compute/v2.1/servers/4cd9fb91-44f1-4304-a2bf-c8b294b19e0e 0.051s
2025-03-10 17:48:35.302 70366 INFO tempest.common.waiters [-] State transition "BUILD/spawning" ==> "ACTIVE/None" after 86 second wait
2025-03-10 17:48:35.343 70328 INFO tempest.lib.common.rest_client [req-bc992f84-2d82-41cc-b520-29c39a2bcf4c req-bc992f84-2d82-41cc-b520-29c39a2bcf4c ] Request (SecurityGroupsTestJSON:test_list_security_groups_by_server): 200 GET http://10.180.1.21/compute/v2.1/servers/a06d4b38-0e39-46ef-a588-7627661cb201 0.051s
2025-03-10 17:48:35.371 70366 INFO tempest.lib.common.rest_client [req-aeacb96f-afdb-4a03-932b-a7d075c41c9f req-aeacb96f-afdb-4a03-932b-a7d075c41c9f ] Request (ServerActionsV293TestJSON:setUpClass): 200 GET http://10.180.1.21/compute/v2.1/servers/fc04a536-3a6f-4d3a-b0f1-68e9a1cee5e2/os-interface 0.068s
2025-03-10 17:48:35.436 70320 INFO tempest.lib.common.rest_client [req-9e88ca06-80e2-4f6e-bd96-7f5e8a87b6e0 req-9e88ca06-80e2-4f6e-bd96-7f5e8a87b6e0 ] Request (ServersAdminTestJSON:test_inject_network_info): 200 GET http://10.180.1.21/compute/v2.1/servers/673be00f-e3c5-4a54-beeb-cf89828e9e32 0.076s
2025-03-10 17:48:35.454 70364 INFO tempest.lib.common.rest_client [req-8d70c768-664e-4d36-95d3-940475c5e61a req-8d70c768-664e-4d36-95d3-940475c5e61a ] Request (FloatingIPsAssociationTestJSON:tearDownClass): 200 GET http://10.180.1.21/compute/v2.1/servers/ee4c0f2b-44cb-4b37-8e4a-5706b9932144 0.072s
2025-03-10 17:48:35.505 70370 INFO tempest.lib.common.rest_client [req-22acef06-2add-4cae-ad9b-9f0724702c47 req-22acef06-2add-4cae-ad9b-9f0724702c47 ] Request (MigrationsAdminTest:test_resize_server_revert_deleted_flavor): 200 GET http://10.180.1.21/compute/v2.1/servers/0e8163d9-6ff5-4f1e-af33-ccb42fa46750 0.094s
2025-03-10 17:48:35.524 70336 INFO tempest.lib.common.rest_client [req-8273922e-2a6a-4149-abc8-98eb50d4c9f4 req-8273922e-2a6a-4149-abc8-98eb50d4c9f4 ] Request (VolumesAssistedSnapshotsTest:tearDownClass): 200 GET http://10.180.1.21/compute/v2.1/servers/eba81db1-973c-4981-baca-cb98e4087510 0.079s
2025-03-10 17:48:35.595 70372 INFO tempest.lib.common.rest_client [req-a8b73dc8-0088-4aae-999e-c4aa29db69c5 req-a8b73dc8-0088-4aae-999e-c4aa29db69c5 ] Request (ServerMetadataNegativeTestJSON:setUpClass): 200 GET http://10.180.1.21/compute/v2.1/servers/06442c68-7dc6-46a1-9e35-34a62730a555 0.071s
2025-03-10 17:48:35.671 70322 INFO tempest.lib.common.rest_client [req-e89780b5-ced3-4d9e-90a4-2f2fc391379f req-e89780b5-ced3-4d9e-90a4-2f2fc391379f ] Request (ServersTestFqdnHostnames:test_create_server_with_fqdn_name): 200 GET http://10.180.1.21/compute/v2.1/servers/7fc7c481-75e8-40f2-a971-752ce6dde59b 0.083s
2025-03-10 17:48:35.691 70324 INFO tempest.lib.common.rest_client [req-1a413b92-b1ae-456f-8188-2393b1586f08 req-1a413b92-b1ae-456f-8188-2393b1586f08 ] Request (DeleteServersTestJSON:test_delete_active_server): 200 GET http://10.180.1.21/compute/v2.1/servers/62936d27-5405-4d29-b3ff-c4d8a74ba440 0.179s
2025-03-10 17:48:35.743 70358 INFO tempest.lib.common.rest_client [req-af421b49-f52d-4daf-a4e5-b8e36a1556c2 req-af421b49-f52d-4daf-a4e5-b8e36a1556c2 ] Request (ListImageFiltersTestJSON:tearDownClass): 200 GET http://10.180.1.21/compute/v2.1/servers/a29534bf-ee12-4b94-839b-4a12659ebd3b 0.143s
2025-03-10 17:48:35.770 70354 INFO tempest.lib.common.rest_client [req-a201b179-4392-415b-8a24-753161b02612 req-a201b179-4392-415b-8a24-753161b02612 ] Request (ImagesTestJSON:test_create_image_from_suspended_server): 200 GET http://10.180.1.21/compute/v2.1/servers/2b1a0943-d59a-441d-a2e6-8149106803b6 0.110s
2025-03-10 17:48:35.786 70354 INFO tempest.common.waiters [-] State transition "BUILD/None" ==> "BUILD/networking" after 82 second wait
2025-03-10 17:48:35.821 70338 INFO tempest.lib.common.rest_client [req-9ad2b1b4-f0fe-4c3c-88b3-a4913ee72c71 req-9ad2b1b4-f0fe-4c3c-88b3-a4913ee72c71 ] Request (ServerRescueTestJSON:tearDownClass): 200 GET http://10.180.1.21/compute/v2.1/servers/97cb6372-3f4e-427d-9509-7e6c43aa2e7b 0.088s
2025-03-10 17:48:35.908 70314 INFO tempest.lib.common.rest_client [req-c599377c-bf6f-4bc3-9d06-6821db0a32c2 req-c599377c-bf6f-4bc3-9d06-6821db0a32c2 ] Request (ServerDiskConfigTestJSON:test_rebuild_server_with_manual_disk_config): 200 GET http://10.180.1.21/compute/v2.1/servers/714fafbf-a765-4e2c-8633-997d8244483c 0.118s
2025-03-10 17:48:35.985 70334 INFO tempest.lib.common.rest_client [req-f97f9be5-9969-4ce9-b27a-08f54599f195 req-f97f9be5-9969-4ce9-b27a-08f54599f195 ] Request (ServersAdmin275Test:test_rebuild_update_server_275): 200 GET http://10.180.1.21/compute/v2.1/servers/7932a42f-6a62-4c2c-be9a-3cb518fe4183 0.177s
2025-03-10 17:48:35.993 70316 INFO tempest.lib.common.rest_client [req-cdfe59b7-4241-4f7a-b1db-45a6eecb3399 req-cdfe59b7-4241-4f7a-b1db-45a6eecb3399 ] Request (AttachVolumeShelveTestJSON:test_attach_volume_shelved_or_offload_server): 200 GET http://10.180.1.21/compute/v2.1/servers/dd31269e-716c-44cd-9fc3-ce227fe5b3b2 0.251s
2025-03-10 17:48:36.081 70374 INFO tempest.lib.common.rest_client [req-7c6a10f5-41c6-4691-8512-4f8027247dbe req-7c6a10f5-41c6-4691-8512-4f8027247dbe ] Request (ServerRescueNegativeTestJSON:test_rescued_vm_detach_volume): 200 GET http://10.180.1.21/compute/v2.1/servers/1b4da2ab-d026-45d8-8234-79ddd84d5cbb 0.235s
2025-03-10 17:48:36.083 70330 INFO tempest.lib.common.rest_client [req-2e158ab7-2e69-4c76-b433-ed805ccb68b3 req-2e158ab7-2e69-4c76-b433-ed805ccb68b3 ] Request (ServersTestJSON:test_create_server_specify_multibyte_character_name): 200 GET http://10.180.1.21/compute/v2.1/servers/fcbe1142-72dc-4a02-af9b-e03a2031a247 0.219s
2025-03-10 17:48:36.167 70346 INFO tempest.lib.common.rest_client [req-f80e5c4a-ff1d-4586-9d5a-4f5e193e2d9b req-f80e5c4a-ff1d-4586-9d5a-4f5e193e2d9b ] Request (ServersTestBootFromVolume:setUpClass): 200 GET http://10.180.1.21/compute/v2.1/servers/af07ebd0-5f12-49c3-a518-95be9a8d6c82 0.253s
2025-03-10 17:48:36.171 70360 INFO tempest.lib.common.rest_client [req-cabddf43-9491-45ef-99b0-817aa6dd31fb req-cabddf43-9491-45ef-99b0-817aa6dd31fb ] Request (ImagesNegativeTestJSON:test_create_image_from_deleted_server): 200 GET http://10.180.1.21/compute/v2.1/servers/b3d62400-e639-4c49-9207-64fd1e684f99 0.196s
2025-03-10 17:48:36.250 70318 INFO tempest.lib.common.rest_client [req-88338248-2b26-47f9-8b37-a9e0291e8a36 req-88338248-2b26-47f9-8b37-a9e0291e8a36 ] Request (InstanceActionsTestJSON:setUpClass): 200 GET http://10.180.1.21/compute/v2.1/servers/efa06ccc-be20-4d0e-938f-01c91ef4de8e 0.204s
2025-03-10 17:48:36.276 70342 INFO tempest.lib.common.rest_client [req-b7a91c12-7995-4afd-ad73-2e2aef6e0167 req-b7a91c12-7995-4afd-ad73-2e2aef6e0167 ] Request (ListServerFiltersTestJSON:tearDownClass): 404 GET http://10.180.1.21/compute/v2.1/servers/94a4a16e-926c-47ce-a5a7-0b216b7c5442 0.218s
2025-03-10 17:48:36.302 70366 INFO tempest.lib.common.rest_client [req-dcca6219-686c-44ec-b770-0341c9173cca req-dcca6219-686c-44ec-b770-0341c9173cca ] Request (ServerActionsV293TestJSON:setUpClass): 200 PUT http://10.180.1.21:9696/networking/v2.0/floatingips/79e4ba9f-35c9-4da9-a95c-617ae4836a9c 0.928s
2025-03-10 17:48:36.314 70362 INFO tempest.lib.common.rest_client [req-47d3bb96-a37b-4a66-8d7f-2b1d175713c8 req-47d3bb96-a37b-4a66-8d7f-2b1d175713c8 ] Request (AttachInterfacesUnderV243Test:test_add_remove_fixed_ip): 200 GET http://10.180.1.21/compute/v2.1/servers/30eada4d-fdc1-4e54-99d2-d35bbb3fcbe6 0.322s
2025-03-10 17:48:36.327 70326 INFO tempest.lib.common.rest_client [req-0b65ef3f-147b-4ac1-878f-7f7ff98d128f req-0b65ef3f-147b-4ac1-878f-7f7ff98d128f ] Request (ServersAdminNegativeTestJSON:setUpClass): 200 GET http://10.180.1.21/compute/v2.1/servers/b7a1b9e1-4d57-435f-bdb6-51481968aacb 0.227s
2025-03-10 17:48:36.373 70332 INFO tempest.lib.common.rest_client [req-edbe6695-5e89-4ef6-866e-7b051763857b req-edbe6695-5e89-4ef6-866e-7b051763857b ] Request (ListServersNegativeTestJSON:setUpClass): 200 GET http://10.180.1.21/compute/v2.1/servers/d361769c-bfc2-4c72-83f4-dc9b51f907a3 0.196s
2025-03-10 17:48:36.395 70368 INFO tempest.lib.common.rest_client [req-5fc65782-68aa-4f54-9885-8d99beb5d989 req-5fc65782-68aa-4f54-9885-8d99beb5d989 ] Request (ServersTestJSON:tearDownClass): 200 GET http://10.180.1.21/compute/v2.1/servers/e0b5ad16-f631-444c-a189-167e34574316 0.216s
2025-03-10 17:48:36.402 70368 INFO tempest.common.waiters [-] State transition "ACTIVE/deleting" ==> "DELETED/None" after 5 second wait
2025-03-10 17:48:36.446 70348 INFO tempest.lib.common.rest_client [req-22300496-dbfa-40f2-80b3-7b12705e1f4d req-22300496-dbfa-40f2-80b3-7b12705e1f4d ] Request (ServersWithSpecificFlavorTestJSON:test_verify_created_server_ephemeral_disk): 200 GET http://10.180.1.21/compute/v2.1/servers/4cd9fb91-44f1-4304-a2bf-c8b294b19e0e 0.145s
2025-03-10 17:48:36.450 70342 INFO tempest.lib.common.rest_client [req-372795b7-9e23-45c1-877f-56ddbda292a9 req-372795b7-9e23-45c1-877f-56ddbda292a9 ] Request (ListServerFiltersTestJSON:tearDownClass): 204 DELETE http://10.180.1.21/compute/v2.1/servers/7fbab19d-5a0a-4da3-b078-40ca0eaf8c97 0.173s
2025-03-10 17:48:36.530 70328 INFO tempest.lib.common.rest_client [req-aa939e74-760e-4336-91d7-98f8e8d47a2b req-aa939e74-760e-4336-91d7-98f8e8d47a2b ] Request (SecurityGroupsTestJSON:test_list_security_groups_by_server): 200 GET http://10.180.1.21/compute/v2.1/servers/a06d4b38-0e39-46ef-a588-7627661cb201 0.178s
2025-03-10 17:48:36.578 70320 INFO tempest.lib.common.rest_client [req-2a623b04-5e21-498a-9b57-3f5eb81c66f8 req-2a623b04-5e21-498a-9b57-3f5eb81c66f8 ] Request (ServersAdminTestJSON:test_inject_network_info): 200 GET http://10.180.1.21/compute/v2.1/servers/673be00f-e3c5-4a54-beeb-cf89828e9e32 0.134s
2025-03-10 17:48:36.592 70366 INFO tempest.lib.common.rest_client [req-639b3802-3254-4ce7-807d-ddb0786bb581 req-639b3802-3254-4ce7-807d-ddb0786bb581 ] Request (ServerActionsV293TestJSON:test_rebuild_volume_backed_server): 200 GET http://10.180.1.21/compute/v2.1/servers/fc04a536-3a6f-4d3a-b0f1-68e9a1cee5e2 0.287s
2025-03-10 17:48:36.634 70366 INFO tempest.lib.common.rest_client [req-a8a135e8-cbf4-4603-9af1-1fb2814d7dc2 req-a8a135e8-cbf4-4603-9af1-1fb2814d7dc2 ] Request (ServerActionsV293TestJSON:test_rebuild_volume_backed_server): 200 GET http://10.180.1.21/volume/v3/volumes/a203e79e-9126-47e8-96d7-9c0a57c68179 0.033s
2025-03-10 17:48:36.643 70366 INFO tempest.lib.common.ssh [-] Creating ssh connection to '10.180.180.210:22' as 'cirros' with public key authentication
2025-03-10 17:48:36.682 70364 INFO tempest.lib.common.rest_client [req-756449f5-d7b3-4d78-8958-69f6403dbb56 req-756449f5-d7b3-4d78-8958-69f6403dbb56 ] Request (FloatingIPsAssociationTestJSON:tearDownClass): 200 GET http://10.180.1.21/compute/v2.1/servers/ee4c0f2b-44cb-4b37-8e4a-5706b9932144 0.219s
2025-03-10 17:48:36.729 70342 INFO tempest.lib.common.rest_client [req-e35add14-dba3-46fb-82a0-9963280daacc req-e35add14-dba3-46fb-82a0-9963280daacc ] Request (ListServerFiltersTestJSON:tearDownClass): 200 GET http://10.180.1.21/compute/v2.1/servers/7fbab19d-5a0a-4da3-b078-40ca0eaf8c97 0.278s
2025-03-10 17:48:36.736 70370 INFO tempest.lib.common.rest_client [req-37c23ade-b763-49b5-a1f6-d08cf02ba189 req-37c23ade-b763-49b5-a1f6-d08cf02ba189 ] Request (MigrationsAdminTest:test_resize_server_revert_deleted_flavor): 200 GET http://10.180.1.21/compute/v2.1/servers/0e8163d9-6ff5-4f1e-af33-ccb42fa46750 0.223s
2025-03-10 17:48:36.744 70370 INFO tempest.common.waiters [-] State transition "BUILD/scheduling" ==> "BUILD/None" after 58 second wait
2025-03-10 17:48:36.795 70372 INFO tempest.lib.common.rest_client [req-01b8162a-aa32-46a0-96b8-fcb50e45c151 req-01b8162a-aa32-46a0-96b8-fcb50e45c151 ] Request (ServerMetadataNegativeTestJSON:setUpClass): 200 GET http://10.180.1.21/compute/v2.1/servers/06442c68-7dc6-46a1-9e35-34a62730a555 0.190s
2025-03-10 17:48:36.803 70336 INFO tempest.lib.common.rest_client [req-54f1b5ce-f5c3-44a2-9237-495912f4382e req-54f1b5ce-f5c3-44a2-9237-495912f4382e ] Request (VolumesAssistedSnapshotsTest:tearDownClass): 200 GET http://10.180.1.21/compute/v2.1/servers/eba81db1-973c-4981-baca-cb98e4087510 0.272s
2025-03-10 17:48:36.854 70322 INFO tempest.lib.common.rest_client [req-8f980c50-88ce-4aa0-9132-f826b105595b req-8f980c50-88ce-4aa0-9132-f826b105595b ] Request (ServersTestFqdnHostnames:test_create_server_with_fqdn_name): 200 GET http://10.180.1.21/compute/v2.1/servers/7fc7c481-75e8-40f2-a971-752ce6dde59b 0.173s
2025-03-10 17:48:36.924 70324 INFO tempest.lib.common.rest_client [req-fff9b63b-87a6-4639-9474-fb2dd3090e67 req-fff9b63b-87a6-4639-9474-fb2dd3090e67 ] Request (DeleteServersTestJSON:test_delete_active_server): 200 GET http://10.180.1.21/compute/v2.1/servers/62936d27-5405-4d29-b3ff-c4d8a74ba440 0.225s
2025-03-10 17:48:36.929 70358 INFO tempest.lib.common.rest_client [req-e14ca51b-4a70-4bdb-8391-c6244eff7670 req-e14ca51b-4a70-4bdb-8391-c6244eff7670 ] Request (ListImageFiltersTestJSON:tearDownClass): 200 GET http://10.180.1.21/compute/v2.1/servers/a29534bf-ee12-4b94-839b-4a12659ebd3b 0.175s
2025-03-10 17:48:37.002 70338 INFO tempest.lib.common.rest_client [req-53b9722b-651d-4eab-b951-5298e7a25277 req-53b9722b-651d-4eab-b951-5298e7a25277 ] Request (ServerRescueTestJSON:tearDownClass): 200 GET http://10.180.1.21/compute/v2.1/servers/97cb6372-3f4e-427d-9509-7e6c43aa2e7b 0.173s
2025-03-10 17:48:37.058 70314 INFO tempest.lib.common.rest_client [req-aac46538-3368-4de4-9278-58e114131953 req-aac46538-3368-4de4-9278-58e114131953 ] Request (ServerDiskConfigTestJSON:test_rebuild_server_with_manual_disk_config): 200 GET http://10.180.1.21/compute/v2.1/servers/714fafbf-a765-4e2c-8633-997d8244483c 0.138s
2025-03-10 17:48:37.084 70354 INFO tempest.lib.common.rest_client [req-f257cff7-d133-4895-a412-6241a8ef4fd0 req-f257cff7-d133-4895-a412-6241a8ef4fd0 ] Request (ImagesTestJSON:test_create_image_from_suspended_server): 200 GET http://10.180.1.21/compute/v2.1/servers/2b1a0943-d59a-441d-a2e6-8149106803b6 0.296s
2025-03-10 17:48:37.092 70354 INFO tempest.common.waiters [-] State transition "BUILD/networking" ==> "BUILD/spawning" after 84 second wait
2025-03-10 17:48:37.120 70334 INFO tempest.lib.common.rest_client [req-b2803699-5070-4fd8-889d-a65b09c4425e req-b2803699-5070-4fd8-889d-a65b09c4425e ] Request (ServersAdmin275Test:test_rebuild_update_server_275): 200 GET http://10.180.1.21/compute/v2.1/servers/7932a42f-6a62-4c2c-be9a-3cb518fe4183 0.123s
2025-03-10 17:48:37.174 70330 INFO tempest.lib.common.rest_client [req-b538880d-d190-4dd6-b9dc-58f690ff11bb req-b538880d-d190-4dd6-b9dc-58f690ff11bb ] Request (ServersTestJSON:test_create_server_specify_multibyte_character_name): 200 GET http://10.180.1.21/compute/v2.1/servers/fcbe1142-72dc-4a02-af9b-e03a2031a247 0.084s
2025-03-10 17:48:37.196 70316 INFO tempest.lib.common.rest_client [req-a165f853-49bb-4495-b4e1-7e3deb830466 req-a165f853-49bb-4495-b4e1-7e3deb830466 ] Request (AttachVolumeShelveTestJSON:test_attach_volume_shelved_or_offload_server): 200 GET http://10.180.1.21/compute/v2.1/servers/dd31269e-716c-44cd-9fc3-ce227fe5b3b2 0.187s
2025-03-10 17:48:37.205 70316 INFO tempest.common.waiters [-] State transition "ACTIVE/shelving" ==> "ACTIVE/shelving_image_pending_upload" after 3 second wait
2025-03-10 17:48:37.231 70374 INFO tempest.lib.common.rest_client [req-818da120-6b15-47c2-8723-1a6385b5fbd2 req-818da120-6b15-47c2-8723-1a6385b5fbd2 ] Request (ServerRescueNegativeTestJSON:test_rescued_vm_detach_volume): 200 GET http://10.180.1.21/compute/v2.1/servers/1b4da2ab-d026-45d8-8234-79ddd84d5cbb 0.139s
2025-03-10 17:48:37.256 70360 INFO tempest.lib.common.rest_client [req-5b40537a-613a-4db2-9919-95f9db5b64e1 req-5b40537a-613a-4db2-9919-95f9db5b64e1 ] Request (ImagesNegativeTestJSON:test_create_image_from_deleted_server): 200 GET http://10.180.1.21/compute/v2.1/servers/b3d62400-e639-4c49-9207-64fd1e684f99 0.074s
2025-03-10 17:48:37.287 70346 INFO tempest.lib.common.rest_client [req-9f9c5170-2100-4963-8d88-7f8c33225960 req-9f9c5170-2100-4963-8d88-7f8c33225960 ] Request (ServersTestBootFromVolume:setUpClass): 200 GET http://10.180.1.21/compute/v2.1/servers/af07ebd0-5f12-49c3-a518-95be9a8d6c82 0.104s
2025-03-10 17:48:37.585 70318 INFO tempest.lib.common.rest_client [req-b6455d50-3891-4cbf-90b6-b01c3f5bffb9 req-b6455d50-3891-4cbf-90b6-b01c3f5bffb9 ] Request (InstanceActionsTestJSON:setUpClass): 200 GET http://10.180.1.21/compute/v2.1/servers/efa06ccc-be20-4d0e-938f-01c91ef4de8e 0.327s
2025-03-10 17:48:37.644 70326 INFO tempest.lib.common.rest_client [req-052b10ad-4326-45d7-978d-403c07605bb6 req-052b10ad-4326-45d7-978d-403c07605bb6 ] Request (ServersAdminNegativeTestJSON:setUpClass): 200 GET http://10.180.1.21/compute/v2.1/servers/b7a1b9e1-4d57-435f-bdb6-51481968aacb 0.306s
2025-03-10 17:48:37.687 70362 INFO tempest.lib.common.rest_client [req-72716cc5-4031-4674-8e95-f8fb950d7fc4 req-72716cc5-4031-4674-8e95-f8fb950d7fc4 ] Request (AttachInterfacesUnderV243Test:test_add_remove_fixed_ip): 200 GET http://10.180.1.21/compute/v2.1/servers/30eada4d-fdc1-4e54-99d2-d35bbb3fcbe6 0.364s
2025-03-10 17:48:37.705 70332 INFO tempest.lib.common.rest_client [req-2e5d37f6-8dc9-4f00-8ec1-918b700901b6 req-2e5d37f6-8dc9-4f00-8ec1-918b700901b6 ] Request (ListServersNegativeTestJSON:setUpClass): 200 GET http://10.180.1.21/compute/v2.1/servers/d361769c-bfc2-4c72-83f4-dc9b51f907a3 0.321s
2025-03-10 17:48:37.713 70332 INFO tempest.common.waiters [-] State transition "ACTIVE/deleting" ==> "DELETED/None" after 4 second wait
2025-03-10 17:48:37.749 70368 INFO tempest.lib.common.rest_client [req-fef04a1a-c69d-4c28-9602-26aaf965458c req-fef04a1a-c69d-4c28-9602-26aaf965458c ] Request (ServersTestJSON:tearDownClass): 200 GET http://10.180.1.21/compute/v2.1/servers/e0b5ad16-f631-444c-a189-167e34574316 0.346s
2025-03-10 17:48:37.764 70348 INFO tempest.lib.common.rest_client [req-35c84594-9afb-42df-8053-ee01568c1366 req-35c84594-9afb-42df-8053-ee01568c1366 ] Request (ServersWithSpecificFlavorTestJSON:test_verify_created_server_ephemeral_disk): 200 GET http://10.180.1.21/compute/v2.1/servers/4cd9fb91-44f1-4304-a2bf-c8b294b19e0e 0.311s
2025-03-10 17:48:37.804 70328 INFO tempest.lib.common.rest_client [req-9ec0a8d8-8f16-462e-bb5d-834879a40905 req-9ec0a8d8-8f16-462e-bb5d-834879a40905 ] Request (SecurityGroupsTestJSON:test_list_security_groups_by_server): 200 GET http://10.180.1.21/compute/v2.1/servers/a06d4b38-0e39-46ef-a588-7627661cb201 0.262s
2025-03-10 17:48:37.818 70320 INFO tempest.lib.common.rest_client [req-1f5e7331-1234-482d-a1a1-bcd1c9d91552 req-1f5e7331-1234-482d-a1a1-bcd1c9d91552 ] Request (ServersAdminTestJSON:test_inject_network_info): 200 GET http://10.180.1.21/compute/v2.1/servers/673be00f-e3c5-4a54-beeb-cf89828e9e32 0.228s
2025-03-10 17:48:37.875 70364 INFO tempest.lib.common.rest_client [req-04b087b5-2f55-440b-a7bc-113f454b07b8 req-04b087b5-2f55-440b-a7bc-113f454b07b8 ] Request (FloatingIPsAssociationTestJSON:tearDownClass): 200 GET http://10.180.1.21/compute/v2.1/servers/ee4c0f2b-44cb-4b37-8e4a-5706b9932144 0.180s
2025-03-10 17:48:37.927 70370 INFO tempest.lib.common.rest_client [req-76123e5b-fc4c-4417-a705-859d7db4dbb8 req-76123e5b-fc4c-4417-a705-859d7db4dbb8 ] Request (MigrationsAdminTest:test_resize_server_revert_deleted_flavor): 200 GET http://10.180.1.21/compute/v2.1/servers/0e8163d9-6ff5-4f1e-af33-ccb42fa46750 0.180s
2025-03-10 17:48:37.941 70342 INFO tempest.lib.common.rest_client [req-03a79858-a4d6-4fd7-b4db-7791e3c9f941 req-03a79858-a4d6-4fd7-b4db-7791e3c9f941 ] Request (ListServerFiltersTestJSON:tearDownClass): 200 GET http://10.180.1.21/compute/v2.1/servers/7fbab19d-5a0a-4da3-b078-40ca0eaf8c97 0.204s
2025-03-10 17:48:37.978 70372 INFO tempest.lib.common.rest_client [req-528755a9-08d5-4181-95c3-db06d82e0c34 req-528755a9-08d5-4181-95c3-db06d82e0c34 ] Request (ServerMetadataNegativeTestJSON:setUpClass): 200 GET http://10.180.1.21/compute/v2.1/servers/06442c68-7dc6-46a1-9e35-34a62730a555 0.175s
2025-03-10 17:48:37.995 70336 INFO tempest.lib.common.rest_client [req-8927fae6-5976-4e26-a1ea-65038c3d95ad req-8927fae6-5976-4e26-a1ea-65038c3d95ad ] Request (VolumesAssistedSnapshotsTest:tearDownClass): 200 GET http://10.180.1.21/compute/v2.1/servers/eba81db1-973c-4981-baca-cb98e4087510 0.181s
2025-03-10 17:48:38.025 70322 INFO tempest.lib.common.rest_client [req-6e9ceb76-85d4-4010-8123-7832c1cb689e req-6e9ceb76-85d4-4010-8123-7832c1cb689e ] Request (ServersTestFqdnHostnames:test_create_server_with_fqdn_name): 200 GET http://10.180.1.21/compute/v2.1/servers/7fc7c481-75e8-40f2-a971-752ce6dde59b 0.163s
2025-03-10 17:48:38.082 70358 INFO tempest.lib.common.rest_client [req-25dcf3a5-303c-4392-997f-87e3d63c412e req-25dcf3a5-303c-4392-997f-87e3d63c412e ] Request (ListImageFiltersTestJSON:tearDownClass): 200 GET http://10.180.1.21/compute/v2.1/servers/a29534bf-ee12-4b94-839b-4a12659ebd3b 0.145s
2025-03-10 17:48:38.091 70324 INFO tempest.lib.common.rest_client [req-39f6c973-b48d-4c07-bff4-d74a08e596c6 req-39f6c973-b48d-4c07-bff4-d74a08e596c6 ] Request (DeleteServersTestJSON:test_delete_active_server): 200 GET http://10.180.1.21/compute/v2.1/servers/62936d27-5405-4d29-b3ff-c4d8a74ba440 0.155s
2025-03-10 17:48:38.143 70314 INFO tempest.lib.common.rest_client [req-c73e50f0-136e-47a4-b988-294ade688bf2 req-c73e50f0-136e-47a4-b988-294ade688bf2 ] Request (ServerDiskConfigTestJSON:test_rebuild_server_with_manual_disk_config): 200 GET http://10.180.1.21/compute/v2.1/servers/714fafbf-a765-4e2c-8633-997d8244483c 0.077s
2025-03-10 17:48:38.145 70338 INFO tempest.lib.common.rest_client [req-ad2e9b27-03bf-4cbc-963f-7175641e3e3d req-ad2e9b27-03bf-4cbc-963f-7175641e3e3d ] Request (ServerRescueTestJSON:tearDownClass): 200 GET http://10.180.1.21/compute/v2.1/servers/97cb6372-3f4e-427d-9509-7e6c43aa2e7b 0.134s
2025-03-10 17:48:38.150 70314 INFO tempest.common.waiters [-] State transition "BUILD/None" ==> "BUILD/networking" after 74 second wait
2025-03-10 17:48:38.208 70334 INFO tempest.lib.common.rest_client [req-5975cb4d-a79d-4029-948c-bcef2c43e15c req-5975cb4d-a79d-4029-948c-bcef2c43e15c ] Request (ServersAdmin275Test:test_rebuild_update_server_275): 200 GET http://10.180.1.21/compute/v2.1/servers/7932a42f-6a62-4c2c-be9a-3cb518fe4183 0.077s
2025-03-10 17:48:38.240 70354 INFO tempest.lib.common.rest_client [req-e1834840-92d0-40b3-9a7f-1e0122eba064 req-e1834840-92d0-40b3-9a7f-1e0122eba064 ] Request (ImagesTestJSON:test_create_image_from_suspended_server): 200 GET http://10.180.1.21/compute/v2.1/servers/2b1a0943-d59a-441d-a2e6-8149106803b6 0.147s
2025-03-10 17:48:38.255 70330 INFO tempest.lib.common.rest_client [req-d33eadb4-58a3-480f-9b58-19bca1865aa5 req-d33eadb4-58a3-480f-9b58-19bca1865aa5 ] Request (ServersTestJSON:test_create_server_specify_multibyte_character_name): 200 GET http://10.180.1.21/compute/v2.1/servers/fcbe1142-72dc-4a02-af9b-e03a2031a247 0.069s
2025-03-10 17:48:38.308 70374 INFO tempest.lib.common.rest_client [req-2d6517ff-c339-4ea2-a13d-966b16d3cead req-2d6517ff-c339-4ea2-a13d-966b16d3cead ] Request (ServerRescueNegativeTestJSON:test_rescued_vm_detach_volume): 200 GET http://10.180.1.21/compute/v2.1/servers/1b4da2ab-d026-45d8-8234-79ddd84d5cbb 0.068s
2025-03-10 17:48:38.344 70316 INFO tempest.lib.common.rest_client [req-fafc55d8-b2b3-440c-a7f6-6698033865ad req-fafc55d8-b2b3-440c-a7f6-6698033865ad ] Request (AttachVolumeShelveTestJSON:test_attach_volume_shelved_or_offload_server): 200 GET http://10.180.1.21/compute/v2.1/servers/dd31269e-716c-44cd-9fc3-ce227fe5b3b2 0.137s
2025-03-10 17:48:38.353 70316 INFO tempest.common.waiters [-] State transition "ACTIVE/shelving_image_pending_upload" ==> "ACTIVE/shelving_image_uploading" after 4 second wait
2025-03-10 17:48:38.361 70360 INFO tempest.lib.common.rest_client [req-d697eaf6-3498-4dca-a9c3-59e44a449763 req-d697eaf6-3498-4dca-a9c3-59e44a449763 ] Request (ImagesNegativeTestJSON:test_create_image_from_deleted_server): 200 GET http://10.180.1.21/compute/v2.1/servers/b3d62400-e639-4c49-9207-64fd1e684f99 0.093s
2025-03-10 17:48:38.395 70346 INFO tempest.lib.common.rest_client [req-a074794d-7b05-42a2-81f3-b61c4d5d17ca req-a074794d-7b05-42a2-81f3-b61c4d5d17ca ] Request (ServersTestBootFromVolume:setUpClass): 200 GET http://10.180.1.21/compute/v2.1/servers/af07ebd0-5f12-49c3-a518-95be9a8d6c82 0.098s
2025-03-10 17:48:38.654 70318 INFO tempest.lib.common.rest_client [req-eb75b574-67d0-4206-a428-c74b0d9a3d80 req-eb75b574-67d0-4206-a428-c74b0d9a3d80 ] Request (InstanceActionsTestJSON:setUpClass): 200 GET http://10.180.1.21/compute/v2.1/servers/efa06ccc-be20-4d0e-938f-01c91ef4de8e 0.058s
2025-03-10 17:48:38.704 70326 INFO tempest.lib.common.rest_client [req-ca312e81-5151-4f5c-b355-e615a10333ea req-ca312e81-5151-4f5c-b355-e615a10333ea ] Request (ServersAdminNegativeTestJSON:setUpClass): 200 GET http://10.180.1.21/compute/v2.1/servers/b7a1b9e1-4d57-435f-bdb6-51481968aacb 0.051s
2025-03-10 17:48:38.784 70332 INFO tempest.lib.common.rest_client [req-55b0b9ce-e236-4071-b6f6-53d655b75fde req-55b0b9ce-e236-4071-b6f6-53d655b75fde ] Request (ListServersNegativeTestJSON:setUpClass): 200 GET http://10.180.1.21/compute/v2.1/servers/d361769c-bfc2-4c72-83f4-dc9b51f907a3 0.071s
2025-03-10 17:48:38.825 70362 INFO tempest.lib.common.rest_client [req-76c0c042-5a44-45db-9e46-b4e9444a81f0 req-76c0c042-5a44-45db-9e46-b4e9444a81f0 ] Request (AttachInterfacesUnderV243Test:test_add_remove_fixed_ip): 200 GET http://10.180.1.21/compute/v2.1/servers/30eada4d-fdc1-4e54-99d2-d35bbb3fcbe6 0.124s
2025-03-10 17:48:38.868 70368 INFO tempest.lib.common.rest_client [req-82835707-d3c5-4cda-abe1-4a9ad5e654c0 req-82835707-d3c5-4cda-abe1-4a9ad5e654c0 ] Request (ServersTestJSON:tearDownClass): 200 GET http://10.180.1.21/compute/v2.1/servers/e0b5ad16-f631-444c-a189-167e34574316 0.110s
2025-03-10 17:48:38.901 70348 INFO tempest.lib.common.rest_client [req-c372f2de-da7a-4861-bbc4-db6a502cf6e7 req-c372f2de-da7a-4861-bbc4-db6a502cf6e7 ] Request (ServersWithSpecificFlavorTestJSON:test_verify_created_server_ephemeral_disk): 200 GET http://10.180.1.21/compute/v2.1/servers/4cd9fb91-44f1-4304-a2bf-c8b294b19e0e 0.127s
2025-03-10 17:48:38.933 70328 INFO tempest.lib.common.rest_client [req-9ed25524-564e-4c17-ba73-33414bd8f4fd req-9ed25524-564e-4c17-ba73-33414bd8f4fd ] Request (SecurityGroupsTestJSON:test_list_security_groups_by_server): 200 GET http://10.180.1.21/compute/v2.1/servers/a06d4b38-0e39-46ef-a588-7627661cb201 0.120s
