2025-03-10 17:48:14.851 70326 INFO tempest.lib.common.rest_client [req-5b991377-ae78-4949-a5a9-05c2a045c2b1 req-5b991377-ae78-4949-a5a9-05c2a045c2b1 ] Request (ServersAdminNegativeTestJSON:setUpClass): 200 GET http://10.180.1.21/compute/v2.1/servers/b7a1b9e1-4d57-435f-bdb6-51481968aacb 0.068s
2025-03-10 17:48:14.856 70338 INFO tempest.lib.common.rest_client [req-61e66478-ecf6-47b6-95f3-46704d93efe5 req-61e66478-ecf6-47b6-95f3-46704d93efe5 ] Request (ServerRescueTestJSON:test_rescue_unrescue_instance): 200 GET http://10.180.1.21/compute/v2.1/servers/97cb6372-3f4e-427d-9509-7e6c43aa2e7b 0.112s
2025-03-10 17:48:14.902 70328 INFO tempest.lib.common.rest_client [req-4b886c6b-96f3-4b29-b89e-c2d00ae3852d req-4b886c6b-96f3-4b29-b89e-c2d00ae3852d ] Request (SecurityGroupsTestJSON:test_list_security_groups_by_server): 200 GET http://10.180.1.21/compute/v2.1/servers/a06d4b38-0e39-46ef-a588-7627661cb201 0.107s
2025-03-10 17:48:14.919 70364 INFO tempest.lib.common.rest_client [req-2e35db4f-a2d3-45fd-aee5-6b904d0c7d58 req-2e35db4f-a2d3-45fd-aee5-6b904d0c7d58 ] Request (FloatingIPsAssociationTestJSON:tearDownClass): 200 GET http://10.180.1.21/compute/v2.1/servers/ee4c0f2b-44cb-4b37-8e4a-5706b9932144 0.081s
2025-03-10 17:48:14.970 70320 INFO tempest.lib.common.rest_client [req-5352e429-ee09-49e0-bd16-74fc97d377e8 req-5352e429-ee09-49e0-bd16-74fc97d377e8 ] Request (ServersAdminTestJSON:test_inject_network_info): 200 GET http://10.180.1.21/compute/v2.1/servers/673be00f-e3c5-4a54-beeb-cf89828e9e32 0.053s
2025-03-10 17:48:15.028 70372 INFO tempest.lib.common.rest_client [req-6f3b4440-08af-41ad-abb1-8a4127573c1b req-6f3b4440-08af-41ad-abb1-8a4127573c1b ] Request (ServerMetadataNegativeTestJSON:setUpClass): 200 GET http://10.180.1.21/compute/v2.1/servers/06442c68-7dc6-46a1-9e35-34a62730a555 0.053s
2025-03-10 17:48:15.080 70324 INFO tempest.lib.common.rest_client [req-8ca5329e-b49e-444e-b5e8-21868237ae72 req-8ca5329e-b49e-444e-b5e8-21868237ae72 ] Request (DeleteServersTestJSON:test_delete_active_server): 200 GET http://10.180.1.21/compute/v2.1/servers/62936d27-5405-4d29-b3ff-c4d8a74ba440 0.057s
2025-03-10 17:48:15.099 70374 INFO tempest.lib.common.rest_client [req-aacfdb22-20c2-47a9-b10d-dd22dca68d96 req-aacfdb22-20c2-47a9-b10d-dd22dca68d96 ] Request (ServerRescueNegativeTestJSON:_run_cleanups): 200 GET http://10.180.1.21/compute/v2.1/servers/eec50935-f553-43c7-b67b-7289299745bd 0.110s
2025-03-10 17:48:15.106 70374 INFO tempest.common.waiters [-] State transition "RESCUE/unrescuing" ==> "ACTIVE/None" after 6 second wait
2025-03-10 17:48:15.135 70370 INFO tempest.lib.common.rest_client [req-d95ded34-40d0-42ef-aa99-1c4404464fc7 req-d95ded34-40d0-42ef-aa99-1c4404464fc7 ] Request (MigrationsAdminTest:test_resize_server_revert_deleted_flavor): 200 GET http://10.180.1.21/compute/v2.1/servers/0e8163d9-6ff5-4f1e-af33-ccb42fa46750 0.074s
2025-03-10 17:48:15.230 70374 INFO tempest.lib.common.rest_client [req-ae8cdad4-5dc3-44cc-8501-71a9b53e8e5c req-ae8cdad4-5dc3-44cc-8501-71a9b53e8e5c ] Request (ServerRescueNegativeTestJSON:test_rescued_vm_detach_volume): 202 POST http://10.180.1.21/volume/v3/volumes 0.122s
2025-03-10 17:48:15.260 70374 INFO tempest.lib.common.rest_client [req-cd4a6452-86d5-49b3-b847-0ee6b1119093 req-cd4a6452-86d5-49b3-b847-0ee6b1119093 ] Request (ServerRescueNegativeTestJSON:test_rescued_vm_detach_volume): 200 GET http://10.180.1.21/volume/v3/volumes/78d5f802-a2b3-4c3d-9484-3ea2397e9ab5 0.024s
2025-03-10 17:48:15.270 70334 INFO tempest.lib.common.rest_client [req-c5c9a93c-47da-412b-8ee9-5538f3f4fbcb req-c5c9a93c-47da-412b-8ee9-5538f3f4fbcb ] Request (DeleteServersAdminTestJSON:test_delete_server_while_in_error_state): 200 GET http://10.180.1.21/compute/v2.1/servers/c205f559-7fe6-4d7e-beba-2fc96b89d705 0.067s
2025-03-10 17:48:15.402 70358 INFO tempest.lib.common.rest_client [req-f05db098-902d-4ece-b9e1-bf3544ed255a req-f05db098-902d-4ece-b9e1-bf3544ed255a ] Request (ListImageFiltersTestJSON:setUpClass): 200 GET http://10.180.1.21/compute/v2.1/servers/73e41918-88b8-4ff7-9fdd-b45ac97c80ec 0.109s
2025-03-10 17:48:15.411 70358 INFO tempest.common.waiters [-] State transition "ACTIVE/image_uploading" ==> "ACTIVE/None" after 2 second wait
2025-03-10 17:48:15.435 70322 INFO tempest.lib.common.rest_client [req-275add75-fc2b-4bbd-808a-d85730e4c572 req-275add75-fc2b-4bbd-808a-d85730e4c572 ] Request (ServersTestFqdnHostnames:test_create_server_with_fqdn_name): 200 GET http://10.180.1.21/compute/v2.1/servers/7fc7c481-75e8-40f2-a971-752ce6dde59b 0.060s
2025-03-10 17:48:15.441 70336 INFO tempest.lib.common.rest_client [req-fa18742e-9464-4d6a-99bc-dc550d4d00cb req-fa18742e-9464-4d6a-99bc-dc550d4d00cb ] Request (VolumesAssistedSnapshotsTest:test_volume_assisted_snapshot_create_delete): 200 GET http://10.180.1.21/volume/v3/volumes/794429f7-4ac5-40f0-a80a-f64e8e163e5d 0.029s
2025-03-10 17:48:15.486 70358 INFO tempest.lib.common.rest_client [req-a6135536-3399-48df-9fd4-44a95471ac2e req-a6135536-3399-48df-9fd4-44a95471ac2e ] Request (ListImageFiltersTestJSON:test_list_images_filter_by_changes_since): 200 GET http://10.180.1.21/compute/v2.1/images?changes-since=2025-03-10T17%3A46%3A14Z 0.074s
2025-03-10 17:48:15.491 70354 INFO tempest.lib.common.rest_client [req-3da4c48d-3d0d-4224-b2ad-1f271cd2bf59 req-3da4c48d-3d0d-4224-b2ad-1f271cd2bf59 ] Request (ImagesTestJSON:test_create_image_from_suspended_server): 200 GET http://10.180.1.21/compute/v2.1/servers/2b1a0943-d59a-441d-a2e6-8149106803b6 0.068s
2025-03-10 17:48:15.534 70314 INFO tempest.lib.common.rest_client [req-f460ab97-8d19-4f9d-b196-cbad1659adb0 req-f460ab97-8d19-4f9d-b196-cbad1659adb0 ] Request (ServerDiskConfigTestJSON:test_rebuild_server_with_manual_disk_config): 200 GET http://10.180.1.21/compute/v2.1/servers/714fafbf-a765-4e2c-8633-997d8244483c 0.050s
2025-03-10 17:48:15.534 70358 INFO tempest.lib.common.rest_client [req-77b90e7c-3e58-4581-b2f2-3961ed7a3e48 req-77b90e7c-3e58-4581-b2f2-3961ed7a3e48 ] Request (ListImageFiltersTestJSON:test_list_images_filter_by_name): 200 GET http://10.180.1.21/compute/v2.1/images?name=tempest-ListImageFiltersTestJSON-image-1323300207 0.044s
2025-03-10 17:48:15.587 70362 INFO tempest.lib.common.rest_client [req-b6b48bd7-96f9-438d-88df-eb89afa44654 req-b6b48bd7-96f9-438d-88df-eb89afa44654 ] Request (AttachInterfacesUnderV243Test:test_add_remove_fixed_ip): 200 GET http://10.180.1.21/compute/v2.1/servers/30eada4d-fdc1-4e54-99d2-d35bbb3fcbe6 0.080s
2025-03-10 17:48:15.587 70330 INFO tempest.lib.common.rest_client [req-f768b3c1-91f7-483a-b55d-e6314f460133 req-f768b3c1-91f7-483a-b55d-e6314f460133 ] Request (ServersTestJSON:test_create_server_specify_multibyte_character_name): 200 GET http://10.180.1.21/compute/v2.1/servers/fcbe1142-72dc-4a02-af9b-e03a2031a247 0.057s
2025-03-10 17:48:15.635 70346 INFO tempest.lib.common.rest_client [req-05835021-717f-41a0-a326-0b7b73ee8a46 req-05835021-717f-41a0-a326-0b7b73ee8a46 ] Request (ServersTestBootFromVolume:setUpClass): 200 GET http://10.180.1.21/compute/v2.1/servers/af07ebd0-5f12-49c3-a518-95be9a8d6c82 0.085s
2025-03-10 17:48:15.640 70358 INFO tempest.lib.common.rest_client [req-11ed6def-7ed5-4ca9-931d-785c8eb115ee req-11ed6def-7ed5-4ca9-931d-785c8eb115ee ] Request (ListImageFiltersTestJSON:test_list_images_filter_by_server_id): 200 GET http://10.180.1.21/compute/v2.1/images?server=73e41918-88b8-4ff7-9fdd-b45ac97c80ec 0.103s
2025-03-10 17:48:15.684 70366 INFO tempest.lib.common.rest_client [req-42babcdb-1886-4b31-abf4-a5ce4aa50a92 req-42babcdb-1886-4b31-abf4-a5ce4aa50a92 ] Request (ServerActionsV293TestJSON:setUpClass): 200 GET http://10.180.1.21/compute/v2.1/servers/fc04a536-3a6f-4d3a-b0f1-68e9a1cee5e2 0.087s
2025-03-10 17:48:15.693 70342 INFO tempest.lib.common.rest_client [req-105d9524-001d-402b-a355-5d1e18394902 req-105d9524-001d-402b-a355-5d1e18394902 ] Request (ListServerFiltersTestJSON:tearDownClass): 200 GET http://10.180.1.21/compute/v2.1/servers/94a4a16e-926c-47ce-a5a7-0b216b7c5442 0.075s
2025-03-10 17:48:15.718 70358 INFO tempest.lib.common.rest_client [req-661c195b-d90f-41c7-8a59-d2db959c3ef6 req-661c195b-d90f-41c7-8a59-d2db959c3ef6 ] Request (ListImageFiltersTestJSON:test_list_images_filter_by_server_ref): 200 GET http://10.180.1.21/compute/v2.1/images?server=http%3A%2F%2F10.180.1.21%2Fcompute%2Fv2.1%2Fservers%2Fa29534bf-ee12-4b94-839b-4a12659ebd3b 0.073s
2025-03-10 17:48:15.737 70360 INFO tempest.lib.common.rest_client [req-49e9fad5-f410-4428-8d91-d79791c1cdd7 req-49e9fad5-f410-4428-8d91-d79791c1cdd7 ] Request (ImagesNegativeTestJSON:test_create_image_from_deleted_server): 200 GET http://10.180.1.21/compute/v2.1/servers/b3d62400-e639-4c49-9207-64fd1e684f99 0.081s
2025-03-10 17:48:15.759 70358 INFO tempest.lib.common.rest_client [req-31ac4cfb-1262-43c5-b8fe-855af053421d req-31ac4cfb-1262-43c5-b8fe-855af053421d ] Request (ListImageFiltersTestJSON:test_list_images_filter_by_server_ref): 200 GET http://10.180.1.21/compute/v2.1/images?server=http%3A%2F%2F10.180.1.21%2Fcompute%2Fservers%2Fa29534bf-ee12-4b94-839b-4a12659ebd3b 0.040s
2025-03-10 17:48:15.793 70332 INFO tempest.lib.common.rest_client [req-32c82cb5-ac86-4247-85c8-209bc9d245cf req-32c82cb5-ac86-4247-85c8-209bc9d245cf ] Request (ListServersNegativeTestJSON:setUpClass): 200 GET http://10.180.1.21/compute/v2.1/servers/40b1fbe3-bde8-4fe1-91ea-00a19e2b86a4 0.053s
2025-03-10 17:48:15.838 70358 INFO tempest.lib.common.rest_client [req-4e27f6e8-e9f0-4c57-836a-f3c2d60740e3 req-4e27f6e8-e9f0-4c57-836a-f3c2d60740e3 ] Request (ListImageFiltersTestJSON:test_list_images_filter_by_status): 200 GET http://10.180.1.21/compute/v2.1/images?status=ACTIVE 0.074s
2025-03-10 17:48:15.856 70318 INFO tempest.lib.common.rest_client [req-18ebaa8a-dd1f-48e9-865e-9692cf755b3d req-18ebaa8a-dd1f-48e9-865e-9692cf755b3d ] Request (InstanceActionsTestJSON:setUpClass): 200 GET http://10.180.1.21/compute/v2.1/servers/efa06ccc-be20-4d0e-938f-01c91ef4de8e 0.055s
2025-03-10 17:48:15.892 70358 INFO tempest.lib.common.rest_client [req-01566b3b-4a68-4432-be5b-2d282b9b62ee req-01566b3b-4a68-4432-be5b-2d282b9b62ee ] Request (ListImageFiltersTestJSON:test_list_images_filter_by_type): 200 GET http://10.180.1.21/compute/v2.1/images?type=snapshot 0.049s
2025-03-10 17:48:15.917 70326 INFO tempest.lib.common.rest_client [req-6bc3c833-5506-4577-beff-79fa5c4f8692 req-6bc3c833-5506-4577-beff-79fa5c4f8692 ] Request (ServersAdminNegativeTestJSON:setUpClass): 200 GET http://10.180.1.21/compute/v2.1/servers/b7a1b9e1-4d57-435f-bdb6-51481968aacb 0.059s
2025-03-10 17:48:15.964 70358 INFO tempest.lib.common.rest_client [req-615f001d-478d-4ceb-877a-6e70846be542 req-615f001d-478d-4ceb-877a-6e70846be542 ] Request (ListImageFiltersTestJSON:test_list_images_limit_results): 200 GET http://10.180.1.21/compute/v2.1/images?limit=1 0.068s
2025-03-10 17:48:15.983 70338 INFO tempest.lib.common.rest_client [req-9c3aad21-1c3c-41c0-88cb-45b7fd14ceba req-9c3aad21-1c3c-41c0-88cb-45b7fd14ceba ] Request (ServerRescueTestJSON:test_rescue_unrescue_instance): 200 GET http://10.180.1.21/compute/v2.1/servers/97cb6372-3f4e-427d-9509-7e6c43aa2e7b 0.112s
2025-03-10 17:48:15.990 70338 INFO tempest.common.waiters [-] State transition "RESCUE/unrescuing" ==> "ACTIVE/None" after 4 second wait
2025-03-10 17:48:16.012 70328 INFO tempest.lib.common.rest_client [req-549c311c-89a7-4772-9ab7-a855d884d34c req-549c311c-89a7-4772-9ab7-a855d884d34c ] Request (SecurityGroupsTestJSON:test_list_security_groups_by_server): 200 GET http://10.180.1.21/compute/v2.1/servers/a06d4b38-0e39-46ef-a588-7627661cb201 0.102s
2025-03-10 17:48:16.034 70364 INFO tempest.lib.common.rest_client [req-aa4ca5cb-884b-4ff8-ba0c-58f26e2a179a req-aa4ca5cb-884b-4ff8-ba0c-58f26e2a179a ] Request (FloatingIPsAssociationTestJSON:tearDownClass): 200 GET http://10.180.1.21/compute/v2.1/servers/ee4c0f2b-44cb-4b37-8e4a-5706b9932144 0.103s
2025-03-10 17:48:16.057 70358 INFO tempest.lib.common.rest_client [req-ca450de3-efd1-4c14-be14-0a9f1cdd2f12 req-ca450de3-efd1-4c14-be14-0a9f1cdd2f12 ] Request (ListImageFiltersTestJSON:test_list_images_with_detail_filter_by_changes_since): 200 GET http://10.180.1.21/compute/v2.1/images/detail?changes-since=2025-03-10T17%3A45%3A58Z 0.089s
2025-03-10 17:48:16.079 70320 INFO tempest.lib.common.rest_client [req-fee8d772-6d82-4815-a8ac-8e908b887f93 req-fee8d772-6d82-4815-a8ac-8e908b887f93 ] Request (ServersAdminTestJSON:test_inject_network_info): 200 GET http://10.180.1.21/compute/v2.1/servers/673be00f-e3c5-4a54-beeb-cf89828e9e32 0.102s
2025-03-10 17:48:16.136 70316 WARNING tempest.lib.common.ssh [-] Failed to establish authenticated ssh connection to cirros@10.180.180.167 ([Errno None] Unable to connect to port 22 on 10.180.180.167). Number attempts: 6. Retry after 7 seconds.: paramiko.ssh_exception.NoValidConnectionsError: [Errno None] Unable to connect to port 22 on 10.180.180.167
2025-03-10 17:48:16.141 70372 INFO tempest.lib.common.rest_client [req-67945827-f468-4c82-8d4c-d0c564899c5d req-67945827-f468-4c82-8d4c-d0c564899c5d ] Request (ServerMetadataNegativeTestJSON:setUpClass): 200 GET http://10.180.1.21/compute/v2.1/servers/06442c68-7dc6-46a1-9e35-34a62730a555 0.106s
2025-03-10 17:48:16.171 70358 INFO tempest.lib.common.rest_client [req-5a7a0dee-4188-4cfa-90e5-1b99772368f4 req-5a7a0dee-4188-4cfa-90e5-1b99772368f4 ] Request (ListImageFiltersTestJSON:test_list_images_with_detail_filter_by_name): 200 GET http://10.180.1.21/compute/v2.1/images/detail?name=tempest-ListImageFiltersTestJSON-image-1323300207 0.107s
2025-03-10 17:48:16.175 70338 INFO tempest.lib.common.rest_client [req-7ef51d92-04b2-4bf7-b490-4a385720d045 req-7ef51d92-04b2-4bf7-b490-4a385720d045 ] Request (ServerRescueTestJSON:tearDownClass): 204 DELETE http://10.180.1.21/compute/v2.1/servers/97cb6372-3f4e-427d-9509-7e6c43aa2e7b 0.183s
2025-03-10 17:48:16.221 70324 INFO tempest.lib.common.rest_client [req-35d00ae3-4176-46ad-a78c-be1bd1f71c80 req-35d00ae3-4176-46ad-a78c-be1bd1f71c80 ] Request (DeleteServersTestJSON:test_delete_active_server): 200 GET http://10.180.1.21/compute/v2.1/servers/62936d27-5405-4d29-b3ff-c4d8a74ba440 0.133s
2025-03-10 17:48:16.227 70370 INFO tempest.lib.common.rest_client [req-4a2d64af-ecb2-4a86-89b3-b408c526a61e req-4a2d64af-ecb2-4a86-89b3-b408c526a61e ] Request (MigrationsAdminTest:test_resize_server_revert_deleted_flavor): 200 GET http://10.180.1.21/compute/v2.1/servers/0e8163d9-6ff5-4f1e-af33-ccb42fa46750 0.084s
2025-03-10 17:48:16.263 70358 INFO tempest.lib.common.rest_client [req-31c34dbe-6c98-45b1-bc0a-90685d1b64e1 req-31c34dbe-6c98-45b1-bc0a-90685d1b64e1 ] Request (ListImageFiltersTestJSON:test_list_images_with_detail_filter_by_server_ref): 200 GET http://10.180.1.21/compute/v2.1/images/detail?server=http%3A%2F%2F10.180.1.21%2Fcompute%2Fv2.1%2Fservers%2Fa29534bf-ee12-4b94-839b-4a12659ebd3b 0.088s
2025-03-10 17:48:16.291 70374 INFO tempest.lib.common.rest_client [req-bc35ea10-d230-4644-b96f-3db8c1a3c8e0 req-bc35ea10-d230-4644-b96f-3db8c1a3c8e0 ] Request (ServerRescueNegativeTestJSON:test_rescued_vm_detach_volume): 200 GET http://10.180.1.21/volume/v3/volumes/78d5f802-a2b3-4c3d-9484-3ea2397e9ab5 0.023s
2025-03-10 17:48:16.297 70374 INFO tempest.common.waiters [-] volume 78d5f802-a2b3-4c3d-9484-3ea2397e9ab5 reached available after waiting for 1.297657 seconds
2025-03-10 17:48:16.302 70358 INFO tempest.lib.common.rest_client [req-320864b6-ca4d-4b0e-8a34-542e77614216 req-320864b6-ca4d-4b0e-8a34-542e77614216 ] Request (ListImageFiltersTestJSON:test_list_images_with_detail_filter_by_server_ref): 200 GET http://10.180.1.21/compute/v2.1/images/detail?server=http%3A%2F%2F10.180.1.21%2Fcompute%2Fservers%2Fa29534bf-ee12-4b94-839b-4a12659ebd3b 0.035s
2025-03-10 17:48:16.308 70338 INFO tempest.lib.common.rest_client [req-17daf6f5-8742-473e-89fe-acf3bc35bce4 req-17daf6f5-8742-473e-89fe-acf3bc35bce4 ] Request (ServerRescueTestJSON:tearDownClass): 200 GET http://10.180.1.21/compute/v2.1/servers/97cb6372-3f4e-427d-9509-7e6c43aa2e7b 0.133s
2025-03-10 17:48:16.312 70368 WARNING tempest.lib.common.ssh [-] Failed to establish authenticated ssh connection to cirros@10.180.180.192 ([Errno None] Unable to connect to port 22 on 10.180.180.192). Number attempts: 5. Retry after 6 seconds.: paramiko.ssh_exception.NoValidConnectionsError: [Errno None] Unable to connect to port 22 on 10.180.180.192
2025-03-10 17:48:16.347 70374 INFO tempest.lib.common.rest_client [req-9e8765e5-5dd9-4ec7-aa67-b5a7261389e8 req-9e8765e5-5dd9-4ec7-aa67-b5a7261389e8 ] Request (ServerRescueNegativeTestJSON:test_rescued_vm_detach_volume): 200 POST http://10.180.1.21/compute/v2.1/os-keypairs 0.048s
2025-03-10 17:48:16.356 70334 INFO tempest.lib.common.rest_client [req-f05be12a-1631-4bf4-9b2e-4fbdad70efb3 req-f05be12a-1631-4bf4-9b2e-4fbdad70efb3 ] Request (DeleteServersAdminTestJSON:test_delete_server_while_in_error_state): 200 GET http://10.180.1.21/compute/v2.1/servers/c205f559-7fe6-4d7e-beba-2fc96b89d705 0.078s
2025-03-10 17:48:16.406 70358 INFO tempest.lib.common.rest_client [req-e35a4d1b-7c3b-472e-bfea-2377c51ea6cf req-e35a4d1b-7c3b-472e-bfea-2377c51ea6cf ] Request (ListImageFiltersTestJSON:test_list_images_with_detail_filter_by_status): 200 GET http://10.180.1.21/compute/v2.1/images/detail?status=ACTIVE 0.100s
2025-03-10 17:48:16.461 70374 INFO tempest.lib.common.rest_client [req-a64d9f53-fd3b-4157-a144-d60689272d9d req-a64d9f53-fd3b-4157-a144-d60689272d9d ] Request (ServerRescueNegativeTestJSON:test_rescued_vm_detach_volume): 201 POST http://10.180.1.21:9696/networking/v2.0/security-groups 0.112s
2025-03-10 17:48:16.469 70358 INFO tempest.lib.common.rest_client [req-6a5a4d52-47b9-4a37-a5dc-d047f02e1916 req-6a5a4d52-47b9-4a37-a5dc-d047f02e1916 ] Request (ListImageFiltersTestJSON:test_list_images_with_detail_filter_by_type): 200 GET http://10.180.1.21/compute/v2.1/images/detail?type=snapshot 0.057s
2025-03-10 17:48:16.485 70336 INFO tempest.lib.common.rest_client [req-defa2d08-a49d-40d8-a9c6-ecc50b73f069 req-defa2d08-a49d-40d8-a9c6-ecc50b73f069 ] Request (VolumesAssistedSnapshotsTest:test_volume_assisted_snapshot_create_delete): 200 GET http://10.180.1.21/volume/v3/volumes/794429f7-4ac5-40f0-a80a-f64e8e163e5d 0.036s
2025-03-10 17:48:16.507 70322 INFO tempest.lib.common.rest_client [req-9dda49c0-6825-4076-8630-952555b7533f req-9dda49c0-6825-4076-8630-952555b7533f ] Request (ServersTestFqdnHostnames:test_create_server_with_fqdn_name): 200 GET http://10.180.1.21/compute/v2.1/servers/7fc7c481-75e8-40f2-a971-752ce6dde59b 0.064s
2025-03-10 17:48:16.524 70358 INFO tempest.lib.common.rest_client [req-eff44df2-0d59-4d7c-b395-fb64ddab13c3 req-eff44df2-0d59-4d7c-b395-fb64ddab13c3 ] Request (ListImageFiltersTestJSON:test_list_images_with_detail_filter_by_type): 200 GET http://10.180.1.21/compute/v2.1/images/eb50549f-9db8-4c15-a738-0e4b1e9e33fb 0.048s
2025-03-10 17:48:16.561 70354 INFO tempest.lib.common.rest_client [req-84502a60-339b-44c2-8a22-8364a84a5b74 req-84502a60-339b-44c2-8a22-8364a84a5b74 ] Request (ImagesTestJSON:test_create_image_from_suspended_server): 200 GET http://10.180.1.21/compute/v2.1/servers/2b1a0943-d59a-441d-a2e6-8149106803b6 0.062s
2025-03-10 17:48:16.568 70358 INFO tempest.lib.common.rest_client [req-ba782c16-0d91-4b15-89bc-e53126165f95 req-ba782c16-0d91-4b15-89bc-e53126165f95 ] Request (ListImageFiltersTestJSON:test_list_images_with_detail_limit_results): 200 GET http://10.180.1.21/compute/v2.1/images/detail?limit=1 0.039s
2025-03-10 17:48:16.596 70374 INFO tempest.lib.common.rest_client [req-cf70cbe3-123d-4e3a-b6e3-71f2e319e855 req-cf70cbe3-123d-4e3a-b6e3-71f2e319e855 ] Request (ServerRescueNegativeTestJSON:test_rescued_vm_detach_volume): 201 POST http://10.180.1.21:9696/networking/v2.0/security-group-rules 0.134s
2025-03-10 17:48:16.632 70314 INFO tempest.lib.common.rest_client [req-a9631c58-d6ed-45ce-a255-19bf0269e8d0 req-a9631c58-d6ed-45ce-a255-19bf0269e8d0 ] Request (ServerDiskConfigTestJSON:test_rebuild_server_with_manual_disk_config): 200 GET http://10.180.1.21/compute/v2.1/servers/714fafbf-a765-4e2c-8633-997d8244483c 0.090s
2025-03-10 17:48:16.680 70358 INFO tempest.lib.common.rest_client [req-f715c09c-3128-4a0c-a537-3913af309c47 req-f715c09c-3128-4a0c-a537-3913af309c47 ] Request (ListImageFiltersTestJSON:tearDownClass): 204 DELETE http://10.180.1.21/compute/v2.1/images/39e743b4-f55e-4237-8936-ced158cc751a 0.107s
2025-03-10 17:48:16.690 70362 INFO tempest.lib.common.rest_client [req-bd5e7681-b865-4ed7-afea-25cf54919324 req-bd5e7681-b865-4ed7-afea-25cf54919324 ] Request (AttachInterfacesUnderV243Test:test_add_remove_fixed_ip): 200 GET http://10.180.1.21/compute/v2.1/servers/30eada4d-fdc1-4e54-99d2-d35bbb3fcbe6 0.095s
2025-03-10 17:48:16.717 70374 INFO tempest.lib.common.rest_client [req-cfdfa6b7-916a-4be9-81a3-f15808774d4f req-cfdfa6b7-916a-4be9-81a3-f15808774d4f ] Request (ServerRescueNegativeTestJSON:test_rescued_vm_detach_volume): 201 POST http://10.180.1.21:9696/networking/v2.0/security-group-rules 0.121s
2025-03-10 17:48:16.752 70330 INFO tempest.lib.common.rest_client [req-639bdb57-299c-41d1-a120-2915644dd817 req-639bdb57-299c-41d1-a120-2915644dd817 ] Request (ServersTestJSON:test_create_server_specify_multibyte_character_name): 200 GET http://10.180.1.21/compute/v2.1/servers/fcbe1142-72dc-4a02-af9b-e03a2031a247 0.155s
2025-03-10 17:48:16.759 70346 INFO tempest.lib.common.rest_client [req-16421a4b-cd2c-48cb-85ca-4655bf74b893 req-16421a4b-cd2c-48cb-85ca-4655bf74b893 ] Request (ServersTestBootFromVolume:setUpClass): 200 GET http://10.180.1.21/compute/v2.1/servers/af07ebd0-5f12-49c3-a518-95be9a8d6c82 0.116s
2025-03-10 17:48:16.843 70366 INFO tempest.lib.common.rest_client [req-24291262-5327-4661-9c95-c494b2116044 req-24291262-5327-4661-9c95-c494b2116044 ] Request (ServerActionsV293TestJSON:setUpClass): 200 GET http://10.180.1.21/compute/v2.1/servers/fc04a536-3a6f-4d3a-b0f1-68e9a1cee5e2 0.149s
2025-03-10 17:48:16.880 70358 INFO tempest.lib.common.rest_client [req-53da9228-7491-4b15-bb53-44e22296c603 req-53da9228-7491-4b15-bb53-44e22296c603 ] Request (ListImageFiltersTestJSON:tearDownClass): 204 DELETE http://10.180.1.21/compute/v2.1/images/3038820b-fafa-4d89-b2d1-bbbc8ab32242 0.199s
2025-03-10 17:48:16.910 70342 INFO tempest.lib.common.rest_client [req-02f954e3-c4b1-4223-bd44-37370dd6d6c4 req-02f954e3-c4b1-4223-bd44-37370dd6d6c4 ] Request (ListServerFiltersTestJSON:tearDownClass): 200 GET http://10.180.1.21/compute/v2.1/servers/94a4a16e-926c-47ce-a5a7-0b216b7c5442 0.209s
2025-03-10 17:48:16.959 70360 INFO tempest.lib.common.rest_client [req-f9b96ee2-714f-44bb-9bc8-205e2b995b43 req-f9b96ee2-714f-44bb-9bc8-205e2b995b43 ] Request (ImagesNegativeTestJSON:test_create_image_from_deleted_server): 200 GET http://10.180.1.21/compute/v2.1/servers/b3d62400-e639-4c49-9207-64fd1e684f99 0.211s
2025-03-10 17:48:16.965 70332 INFO tempest.lib.common.rest_client [req-d10a63c4-b613-4aee-bec5-4fc4a81ad1d6 req-d10a63c4-b613-4aee-bec5-4fc4a81ad1d6 ] Request (ListServersNegativeTestJSON:setUpClass): 200 GET http://10.180.1.21/compute/v2.1/servers/40b1fbe3-bde8-4fe1-91ea-00a19e2b86a4 0.164s
2025-03-10 17:48:17.007 70318 INFO tempest.lib.common.rest_client [req-199061c3-3f0a-454b-9209-9c4cf4a6252a req-199061c3-3f0a-454b-9209-9c4cf4a6252a ] Request (InstanceActionsTestJSON:setUpClass): 200 GET http://10.180.1.21/compute/v2.1/servers/efa06ccc-be20-4d0e-938f-01c91ef4de8e 0.143s
2025-03-10 17:48:17.059 70326 INFO tempest.lib.common.rest_client [req-4ff6d7de-0e5f-494e-b322-75f193f078d1 req-4ff6d7de-0e5f-494e-b322-75f193f078d1 ] Request (ServersAdminNegativeTestJSON:setUpClass): 200 GET http://10.180.1.21/compute/v2.1/servers/b7a1b9e1-4d57-435f-bdb6-51481968aacb 0.134s
2025-03-10 17:48:17.087 70358 INFO tempest.lib.common.rest_client [req-1ca0acab-a0ea-4947-b0a9-372f2571286e req-1ca0acab-a0ea-4947-b0a9-372f2571286e ] Request (ListImageFiltersTestJSON:tearDownClass): 204 DELETE http://10.180.1.21/compute/v2.1/images/97dcfec5-7f0a-4cf9-a9e8-12828f18d9c7 0.206s
2025-03-10 17:48:17.117 70328 INFO tempest.lib.common.rest_client [req-16dcba0a-5bbc-4181-ba32-33904a0126da req-16dcba0a-5bbc-4181-ba32-33904a0126da ] Request (SecurityGroupsTestJSON:test_list_security_groups_by_server): 200 GET http://10.180.1.21/compute/v2.1/servers/a06d4b38-0e39-46ef-a588-7627661cb201 0.097s
2025-03-10 17:48:17.155 70364 INFO tempest.lib.common.rest_client [req-371fb3e2-2ecd-449a-a5c0-f56f8c88eab4 req-371fb3e2-2ecd-449a-a5c0-f56f8c88eab4 ] Request (FloatingIPsAssociationTestJSON:tearDownClass): 200 GET http://10.180.1.21/compute/v2.1/servers/ee4c0f2b-44cb-4b37-8e4a-5706b9932144 0.113s
2025-03-10 17:48:17.165 70374 INFO tempest.lib.common.rest_client [req-9093447a-c387-4331-8a0f-0d73c0c1b04b req-9093447a-c387-4331-8a0f-0d73c0c1b04b ] Request (ServerRescueNegativeTestJSON:test_rescued_vm_detach_volume): 201 POST http://10.180.1.21:9696/networking/v2.0/floatingips 0.446s
2025-03-10 17:48:17.212 70320 INFO tempest.lib.common.rest_client [req-4ef904bf-96be-443a-b1a5-62e68b2d0e88 req-4ef904bf-96be-443a-b1a5-62e68b2d0e88 ] Request (ServersAdminTestJSON:test_inject_network_info): 200 GET http://10.180.1.21/compute/v2.1/servers/673be00f-e3c5-4a54-beeb-cf89828e9e32 0.123s
2025-03-10 17:48:17.224 70358 INFO tempest.lib.common.rest_client [req-d8dda7b1-4c53-4e71-9e7e-d3afa6b0fe7b req-d8dda7b1-4c53-4e71-9e7e-d3afa6b0fe7b ] Request (ListImageFiltersTestJSON:tearDownClass): 204 DELETE http://10.180.1.21/compute/v2.1/servers/a29534bf-ee12-4b94-839b-4a12659ebd3b 0.136s
2025-03-10 17:48:17.244 70374 INFO tempest.lib.common.rest_client [req-e21173f2-e024-42db-a12e-7f1aa3ed4d2f req-e21173f2-e024-42db-a12e-7f1aa3ed4d2f ] Request (ServerRescueNegativeTestJSON:test_rescued_vm_detach_volume): 201 POST http://10.180.1.21/identity/v3/auth/tokens 0.075s
2025-03-10 17:48:17.244 70374 INFO tempest.lib.common.fixed_network [-] (ServerRescueNegativeTestJSON:test_rescued_vm_detach_volume) Found network {'id': 'e710c9b1-06e9-45f1-88fe-251001c4f54f', 'name': 'tempest-ServerRescueNegativeTestJSON-1116812669-network', 'tenant_id': '8217315011854468b0cc17c4dfe342f9', 'admin_state_up': True, 'mtu': 8950, 'status': 'ACTIVE', 'subnets': [], 'shared': False, 'project_id': '8217315011854468b0cc17c4dfe342f9', 'port_security_enabled': True, 'router:external': False, 'provider:network_type': 'vlan', 'provider:physical_network': 'default', 'provider:segmentation_id': 966, 'availability_zone_hints': [], 'availability_zones': [], 'ipv4_address_scope': None, 'ipv6_address_scope': None, 'description': '', 'tags': [], 'created_at': '2025-03-10T17:46:33Z', 'updated_at': '2025-03-10T17:46:33Z', 'revision_number': 1} available for tenant
2025-03-10 17:48:17.268 70372 INFO tempest.lib.common.rest_client [req-71839aa7-43c1-40e4-a016-a81b9e4d1765 req-71839aa7-43c1-40e4-a016-a81b9e4d1765 ] Request (ServerMetadataNegativeTestJSON:setUpClass): 200 GET http://10.180.1.21/compute/v2.1/servers/06442c68-7dc6-46a1-9e35-34a62730a555 0.116s
2025-03-10 17:48:17.329 70324 INFO tempest.lib.common.rest_client [req-8ee4c5f3-487a-490d-a819-dffa10aa2ea9 req-8ee4c5f3-487a-490d-a819-dffa10aa2ea9 ] Request (DeleteServersTestJSON:test_delete_active_server): 200 GET http://10.180.1.21/compute/v2.1/servers/62936d27-5405-4d29-b3ff-c4d8a74ba440 0.097s
2025-03-10 17:48:17.351 70358 INFO tempest.lib.common.rest_client [req-bfe1e4b6-9cd4-4ee8-9f8f-afb073f3ccb6 req-bfe1e4b6-9cd4-4ee8-9f8f-afb073f3ccb6 ] Request (ListImageFiltersTestJSON:tearDownClass): 200 GET http://10.180.1.21/compute/v2.1/servers/a29534bf-ee12-4b94-839b-4a12659ebd3b 0.127s
2025-03-10 17:48:17.357 70348 INFO paramiko.transport [-] Connected (version 2.0, client dropbear_2020.81)
2025-03-10 17:48:17.384 70370 INFO tempest.lib.common.rest_client [req-1f702cd8-55e2-4b6b-b9d9-e828d8faee36 req-1f702cd8-55e2-4b6b-b9d9-e828d8faee36 ] Request (MigrationsAdminTest:test_resize_server_revert_deleted_flavor): 200 GET http://10.180.1.21/compute/v2.1/servers/0e8163d9-6ff5-4f1e-af33-ccb42fa46750 0.150s
2025-03-10 17:48:17.462 70348 INFO paramiko.transport [-] Authentication (publickey) successful!
2025-03-10 17:48:17.462 70348 INFO tempest.lib.common.ssh [-] ssh connection to cirros@10.180.180.238 successfully created
2025-03-10 17:48:17.501 70338 INFO tempest.lib.common.rest_client [req-91347e75-bd85-46db-bbbf-dadc943c935f req-91347e75-bd85-46db-bbbf-dadc943c935f ] Request (ServerRescueTestJSON:tearDownClass): 200 GET http://10.180.1.21/compute/v2.1/servers/97cb6372-3f4e-427d-9509-7e6c43aa2e7b 0.183s
2025-03-10 17:48:17.524 70336 INFO tempest.lib.common.rest_client [req-b2abc41d-28ac-49e2-81e2-86cc19bd0699 req-b2abc41d-28ac-49e2-81e2-86cc19bd0699 ] Request (VolumesAssistedSnapshotsTest:test_volume_assisted_snapshot_create_delete): 200 GET http://10.180.1.21/volume/v3/volumes/794429f7-4ac5-40f0-a80a-f64e8e163e5d 0.033s
2025-03-10 17:48:17.560 70334 INFO tempest.lib.common.rest_client [req-0a73d719-632f-45e4-b237-35a019e39064 req-0a73d719-632f-45e4-b237-35a019e39064 ] Request (DeleteServersAdminTestJSON:test_delete_server_while_in_error_state): 200 GET http://10.180.1.21/compute/v2.1/servers/c205f559-7fe6-4d7e-beba-2fc96b89d705 0.195s
2025-03-10 17:48:17.624 70348 INFO tempest.lib.common.rest_client [req-688438ad-e731-48f8-88f8-59eed5eb5260 req-688438ad-e731-48f8-88f8-59eed5eb5260 ] Request (ServersWithSpecificFlavorTestJSON:test_verify_created_server_ephemeral_disk): 204 DELETE http://10.180.1.21/compute/v2.1/servers/a9274dfc-afbd-419b-a98b-053d71a05d7c 0.155s
2025-03-10 17:48:17.669 70322 INFO tempest.lib.common.rest_client [req-5579b01c-9962-470a-8f8e-93d589fd26f0 req-5579b01c-9962-470a-8f8e-93d589fd26f0 ] Request (ServersTestFqdnHostnames:test_create_server_with_fqdn_name): 200 GET http://10.180.1.21/compute/v2.1/servers/7fc7c481-75e8-40f2-a971-752ce6dde59b 0.146s
2025-03-10 17:48:17.679 70348 INFO tempest.lib.common.rest_client [req-cd39e5d6-43a8-44a1-be28-3f12ecdfdbd2 req-cd39e5d6-43a8-44a1-be28-3f12ecdfdbd2 ] Request (ServersWithSpecificFlavorTestJSON:test_verify_created_server_ephemeral_disk): 201 POST http://10.180.1.21/identity/v3/auth/tokens 0.052s
2025-03-10 17:48:17.680 70348 INFO tempest.lib.common.fixed_network [-] (ServersWithSpecificFlavorTestJSON:test_verify_created_server_ephemeral_disk) Found network {'id': 'b6ad7b53-72db-475c-a28d-2b0c8da19818', 'name': 'tempest-ServersWithSpecificFlavorTestJSON-1429555593-network', 'tenant_id': 'ea0f9171bc5c4034b8dbe9100bd6e007', 'admin_state_up': True, 'mtu': 8950, 'status': 'ACTIVE', 'subnets': [], 'shared': False, 'project_id': 'ea0f9171bc5c4034b8dbe9100bd6e007', 'port_security_enabled': True, 'router:external': False, 'provider:network_type': 'vlan', 'provider:physical_network': 'default', 'provider:segmentation_id': 691, 'availability_zone_hints': [], 'availability_zones': [], 'ipv4_address_scope': None, 'ipv6_address_scope': None, 'description': '', 'tags': [], 'created_at': '2025-03-10T17:45:39Z', 'updated_at': '2025-03-10T17:45:39Z', 'revision_number': 1} available for tenant
2025-03-10 17:48:17.711 70374 INFO tempest.lib.common.rest_client [req-9ede1fb9-9f91-40cf-ac71-324c0f2e7416 req-9ede1fb9-9f91-40cf-ac71-324c0f2e7416 ] Request (ServerRescueNegativeTestJSON:test_rescued_vm_detach_volume): 202 POST http://10.180.1.21/compute/v2.1/servers 0.465s
2025-03-10 17:48:17.712 70354 INFO tempest.lib.common.rest_client [req-b262bb72-a36a-4507-b90b-9a0b47c9561c req-b262bb72-a36a-4507-b90b-9a0b47c9561c ] Request (ImagesTestJSON:test_create_image_from_suspended_server): 200 GET http://10.180.1.21/compute/v2.1/servers/2b1a0943-d59a-441d-a2e6-8149106803b6 0.144s
2025-03-10 17:48:17.760 70314 INFO tempest.lib.common.rest_client [req-952e0b3b-960e-44a0-a2fd-a2b4317ba843 req-952e0b3b-960e-44a0-a2fd-a2b4317ba843 ] Request (ServerDiskConfigTestJSON:test_rebuild_server_with_manual_disk_config): 200 GET http://10.180.1.21/compute/v2.1/servers/714fafbf-a765-4e2c-8633-997d8244483c 0.116s
2025-03-10 17:48:17.818 70362 INFO tempest.lib.common.rest_client [req-3f9e5c28-755b-484a-8f9c-6cb2996a1300 req-3f9e5c28-755b-484a-8f9c-6cb2996a1300 ] Request (AttachInterfacesUnderV243Test:test_add_remove_fixed_ip): 200 GET http://10.180.1.21/compute/v2.1/servers/30eada4d-fdc1-4e54-99d2-d35bbb3fcbe6 0.112s
2025-03-10 17:48:17.879 70374 INFO tempest.lib.common.rest_client [req-f832b3b4-4d58-4711-b821-a6d96312cec6 req-f832b3b4-4d58-4711-b821-a6d96312cec6 ] Request (ServerRescueNegativeTestJSON:test_rescued_vm_detach_volume): 200 GET http://10.180.1.21/compute/v2.1/servers/1b4da2ab-d026-45d8-8234-79ddd84d5cbb 0.167s
2025-03-10 17:48:17.934 70330 INFO tempest.lib.common.rest_client [req-e25643a2-4d0d-406b-b73f-ceda75c49429 req-e25643a2-4d0d-406b-b73f-ceda75c49429 ] Request (ServersTestJSON:test_create_server_specify_multibyte_character_name): 200 GET http://10.180.1.21/compute/v2.1/servers/fcbe1142-72dc-4a02-af9b-e03a2031a247 0.172s
2025-03-10 17:48:17.989 70346 INFO tempest.lib.common.rest_client [req-2cada073-a3dc-46d8-a541-aa7814edf089 req-2cada073-a3dc-46d8-a541-aa7814edf089 ] Request (ServersTestBootFromVolume:setUpClass): 200 GET http://10.180.1.21/compute/v2.1/servers/af07ebd0-5f12-49c3-a518-95be9a8d6c82 0.218s
2025-03-10 17:48:18.044 70366 INFO tempest.lib.common.rest_client [req-b83a4dfb-d78d-44dc-8a33-0868129b8ee4 req-b83a4dfb-d78d-44dc-8a33-0868129b8ee4 ] Request (ServerActionsV293TestJSON:setUpClass): 200 GET http://10.180.1.21/compute/v2.1/servers/fc04a536-3a6f-4d3a-b0f1-68e9a1cee5e2 0.190s
2025-03-10 17:48:18.088 70348 INFO tempest.lib.common.rest_client [req-e57dcbc1-d2b1-4368-99f0-2e2899a62fb6 req-e57dcbc1-d2b1-4368-99f0-2e2899a62fb6 ] Request (ServersWithSpecificFlavorTestJSON:test_verify_created_server_ephemeral_disk): 202 POST http://10.180.1.21/compute/v2.1/servers 0.407s
2025-03-10 17:48:18.101 70342 INFO tempest.lib.common.rest_client [req-9d97db67-3617-40c2-bc7f-5182a8335066 req-9d97db67-3617-40c2-bc7f-5182a8335066 ] Request (ListServerFiltersTestJSON:tearDownClass): 200 GET http://10.180.1.21/compute/v2.1/servers/94a4a16e-926c-47ce-a5a7-0b216b7c5442 0.181s
2025-03-10 17:48:18.140 70360 INFO tempest.lib.common.rest_client [req-0b337eab-f8b4-43d9-b81c-270439b4fd37 req-0b337eab-f8b4-43d9-b81c-270439b4fd37 ] Request (ImagesNegativeTestJSON:test_create_image_from_deleted_server): 200 GET http://10.180.1.21/compute/v2.1/servers/b3d62400-e639-4c49-9207-64fd1e684f99 0.173s
2025-03-10 17:48:18.150 70332 INFO tempest.lib.common.rest_client [req-235e5bcd-646b-49c9-bf01-eef3f74327c2 req-235e5bcd-646b-49c9-bf01-eef3f74327c2 ] Request (ListServersNegativeTestJSON:setUpClass): 200 GET http://10.180.1.21/compute/v2.1/servers/40b1fbe3-bde8-4fe1-91ea-00a19e2b86a4 0.178s
2025-03-10 17:48:18.188 70318 INFO tempest.lib.common.rest_client [req-3d2f52f4-e7fa-454d-88c1-c845227ac0ab req-3d2f52f4-e7fa-454d-88c1-c845227ac0ab ] Request (InstanceActionsTestJSON:setUpClass): 200 GET http://10.180.1.21/compute/v2.1/servers/efa06ccc-be20-4d0e-938f-01c91ef4de8e 0.171s
2025-03-10 17:48:18.196 70326 INFO tempest.lib.common.rest_client [req-93a24f77-3b19-4c2b-8673-cdb4ca17055a req-93a24f77-3b19-4c2b-8673-cdb4ca17055a ] Request (ServersAdminNegativeTestJSON:setUpClass): 200 GET http://10.180.1.21/compute/v2.1/servers/b7a1b9e1-4d57-435f-bdb6-51481968aacb 0.128s
2025-03-10 17:48:18.222 70348 INFO tempest.lib.common.rest_client [req-383b0017-14a6-4854-8f20-0419e4b64139 req-383b0017-14a6-4854-8f20-0419e4b64139 ] Request (ServersWithSpecificFlavorTestJSON:test_verify_created_server_ephemeral_disk): 200 GET http://10.180.1.21/compute/v2.1/servers/4cd9fb91-44f1-4304-a2bf-c8b294b19e0e 0.132s
2025-03-10 17:48:18.240 70328 INFO tempest.lib.common.rest_client [req-5d024d51-f7d8-49bf-ab00-5f82e98943a3 req-5d024d51-f7d8-49bf-ab00-5f82e98943a3 ] Request (SecurityGroupsTestJSON:test_list_security_groups_by_server): 200 GET http://10.180.1.21/compute/v2.1/servers/a06d4b38-0e39-46ef-a588-7627661cb201 0.112s
2025-03-10 17:48:18.290 70364 INFO tempest.lib.common.rest_client [req-47d6dea5-d3b0-4261-9ff6-53c50fb97e56 req-47d6dea5-d3b0-4261-9ff6-53c50fb97e56 ] Request (FloatingIPsAssociationTestJSON:tearDownClass): 200 GET http://10.180.1.21/compute/v2.1/servers/ee4c0f2b-44cb-4b37-8e4a-5706b9932144 0.117s
2025-03-10 17:48:18.298 70320 INFO tempest.lib.common.rest_client [req-1c67e929-b059-46d3-8ce9-d4efbc1c2247 req-1c67e929-b059-46d3-8ce9-d4efbc1c2247 ] Request (ServersAdminTestJSON:test_inject_network_info): 200 GET http://10.180.1.21/compute/v2.1/servers/673be00f-e3c5-4a54-beeb-cf89828e9e32 0.074s
2025-03-10 17:48:18.343 70372 INFO tempest.lib.common.rest_client [req-958672cf-9aad-4c50-aed2-6a38f708af70 req-958672cf-9aad-4c50-aed2-6a38f708af70 ] Request (ServerMetadataNegativeTestJSON:setUpClass): 200 GET http://10.180.1.21/compute/v2.1/servers/06442c68-7dc6-46a1-9e35-34a62730a555 0.066s
2025-03-10 17:48:18.390 70324 INFO tempest.lib.common.rest_client [req-0b7e297f-bd13-4419-bcb2-dc5d3afca789 req-0b7e297f-bd13-4419-bcb2-dc5d3afca789 ] Request (DeleteServersTestJSON:test_delete_active_server): 200 GET http://10.180.1.21/compute/v2.1/servers/62936d27-5405-4d29-b3ff-c4d8a74ba440 0.054s
2025-03-10 17:48:18.448 70370 INFO tempest.lib.common.rest_client [req-7e882cb5-0bd0-415d-8e7c-0a5628d08af8 req-7e882cb5-0bd0-415d-8e7c-0a5628d08af8 ] Request (MigrationsAdminTest:test_resize_server_revert_deleted_flavor): 200 GET http://10.180.1.21/compute/v2.1/servers/0e8163d9-6ff5-4f1e-af33-ccb42fa46750 0.056s
2025-03-10 17:48:18.457 70376 WARNING tempest.lib.common.ssh [-] Failed to establish authenticated ssh connection to cirros@10.180.180.165 ([Errno None] Unable to connect to port 22 on 10.180.180.165). Number attempts: 3. Retry after 4 seconds.: paramiko.ssh_exception.NoValidConnectionsError: [Errno None] Unable to connect to port 22 on 10.180.180.165
2025-03-10 17:48:18.495 70358 INFO tempest.lib.common.rest_client [req-5d6bacf8-0a66-4059-8897-935adc3d138f req-5d6bacf8-0a66-4059-8897-935adc3d138f ] Request (ListImageFiltersTestJSON:tearDownClass): 200 GET http://10.180.1.21/compute/v2.1/servers/a29534bf-ee12-4b94-839b-4a12659ebd3b 0.136s
2025-03-10 17:48:18.562 70336 INFO tempest.lib.common.rest_client [req-d278dbed-d10a-45f1-b0ba-6bb29c21c0d8 req-d278dbed-d10a-45f1-b0ba-6bb29c21c0d8 ] Request (VolumesAssistedSnapshotsTest:test_volume_assisted_snapshot_create_delete): 200 GET http://10.180.1.21/volume/v3/volumes/794429f7-4ac5-40f0-a80a-f64e8e163e5d 0.027s
2025-03-10 17:48:18.570 70336 INFO tempest.common.waiters [-] Attachment 2d8698b6-1445-4886-8fc7-9262456c1ca2 created for volume 794429f7-4ac5-40f0-a80a-f64e8e163e5d to server eba81db1-973c-4981-baca-cb98e4087510 after waiting for 7.570608 seconds
2025-03-10 17:48:18.610 70336 INFO tempest.lib.common.rest_client [req-7393d970-d7b9-48b4-bc67-d0c9e4b3b61a req-7393d970-d7b9-48b4-bc67-d0c9e4b3b61a ] Request (VolumesAssistedSnapshotsTest:test_volume_assisted_snapshot_create_delete): 200 GET http://10.180.1.21/volume/v3/volumes/794429f7-4ac5-40f0-a80a-f64e8e163e5d 0.039s
2025-03-10 17:48:18.616 70336 INFO tempest.common.waiters [-] volume 794429f7-4ac5-40f0-a80a-f64e8e163e5d reached in-use after waiting for 0.616929 seconds
2025-03-10 17:48:18.645 70334 INFO tempest.lib.common.rest_client [req-98f7bbd0-a6e6-4bd1-a1ee-287e4fe73333 req-98f7bbd0-a6e6-4bd1-a1ee-287e4fe73333 ] Request (DeleteServersAdminTestJSON:test_delete_server_while_in_error_state): 200 GET http://10.180.1.21/compute/v2.1/servers/c205f559-7fe6-4d7e-beba-2fc96b89d705 0.078s
2025-03-10 17:48:18.651 70338 INFO tempest.lib.common.rest_client [req-c7790316-8e2a-4b96-9460-6853f0d3d2cc req-c7790316-8e2a-4b96-9460-6853f0d3d2cc ] Request (ServerRescueTestJSON:tearDownClass): 200 GET http://10.180.1.21/compute/v2.1/servers/97cb6372-3f4e-427d-9509-7e6c43aa2e7b 0.142s
2025-03-10 17:48:18.735 70322 INFO tempest.lib.common.rest_client [req-77ccd795-8237-4f4d-8a41-4e92c100589d req-77ccd795-8237-4f4d-8a41-4e92c100589d ] Request (ServersTestFqdnHostnames:test_create_server_with_fqdn_name): 200 GET http://10.180.1.21/compute/v2.1/servers/7fc7c481-75e8-40f2-a971-752ce6dde59b 0.059s
2025-03-10 17:48:18.769 70336 INFO tempest.lib.common.rest_client [req-7748cd08-40de-4816-9c0e-617ae1f4f1e8 req-7748cd08-40de-4816-9c0e-617ae1f4f1e8 ] Request (VolumesAssistedSnapshotsTest:test_volume_assisted_snapshot_create_delete): 200 POST http://10.180.1.21/compute/v2.1/os-assisted-volume-snapshots 0.151s
2025-03-10 17:48:18.787 70354 INFO tempest.lib.common.rest_client [req-1486c665-ae31-4877-b89a-f5579dc5ca6f req-1486c665-ae31-4877-b89a-f5579dc5ca6f ] Request (ImagesTestJSON:test_create_image_from_suspended_server): 200 GET http://10.180.1.21/compute/v2.1/servers/2b1a0943-d59a-441d-a2e6-8149106803b6 0.068s
2025-03-10 17:48:18.827 70314 INFO tempest.lib.common.rest_client [req-93125c0b-c302-42e1-a893-5e7d6e821a44 req-93125c0b-c302-42e1-a893-5e7d6e821a44 ] Request (ServerDiskConfigTestJSON:test_rebuild_server_with_manual_disk_config): 200 GET http://10.180.1.21/compute/v2.1/servers/714fafbf-a765-4e2c-8633-997d8244483c 0.058s
2025-03-10 17:48:18.831 70336 INFO tempest.lib.common.rest_client [req-2ad7f717-99bc-4601-baa0-1bb6d89dfbdb req-2ad7f717-99bc-4601-baa0-1bb6d89dfbdb ] Request (VolumesAssistedSnapshotsTest:test_volume_assisted_snapshot_create_delete): 204 DELETE http://10.180.1.21/compute/v2.1/os-assisted-volume-snapshots/None?delete_info=%7B%22volume_id%22%3A+%22794429f7-4ac5-40f0-a80a-f64e8e163e5d%22%7D 0.062s
2025-03-10 17:48:18.872 70336 INFO tempest.lib.common.rest_client [req-566421ec-ca9c-43dd-b99c-105a5d81a205 req-566421ec-ca9c-43dd-b99c-105a5d81a205 ] Request (VolumesAssistedSnapshotsTest:_run_cleanups): 200 GET http://10.180.1.21/volume/v3/volumes/794429f7-4ac5-40f0-a80a-f64e8e163e5d 0.040s
2025-03-10 17:48:18.897 70362 INFO tempest.lib.common.rest_client [req-046bbea9-7438-43d5-844c-be3a233c8fc2 req-046bbea9-7438-43d5-844c-be3a233c8fc2 ] Request (AttachInterfacesUnderV243Test:test_add_remove_fixed_ip): 200 GET http://10.180.1.21/compute/v2.1/servers/30eada4d-fdc1-4e54-99d2-d35bbb3fcbe6 0.064s
2025-03-10 17:48:18.954 70374 INFO tempest.lib.common.rest_client [req-100bf17c-2496-42ca-97e8-15e592495fc2 req-100bf17c-2496-42ca-97e8-15e592495fc2 ] Request (ServerRescueNegativeTestJSON:test_rescued_vm_detach_volume): 200 GET http://10.180.1.21/compute/v2.1/servers/1b4da2ab-d026-45d8-8234-79ddd84d5cbb 0.066s
2025-03-10 17:48:19.006 70330 INFO tempest.lib.common.rest_client [req-227c58e9-5707-4e1b-9ad2-771ac2ac82a1 req-227c58e9-5707-4e1b-9ad2-771ac2ac82a1 ] Request (ServersTestJSON:test_create_server_specify_multibyte_character_name): 200 GET http://10.180.1.21/compute/v2.1/servers/fcbe1142-72dc-4a02-af9b-e03a2031a247 0.064s
2025-03-10 17:48:19.059 70346 INFO tempest.lib.common.rest_client [req-13935c74-0dc8-46c6-91a9-1bf133e79ac0 req-13935c74-0dc8-46c6-91a9-1bf133e79ac0 ] Request (ServersTestBootFromVolume:setUpClass): 200 GET http://10.180.1.21/compute/v2.1/servers/af07ebd0-5f12-49c3-a518-95be9a8d6c82 0.059s
2025-03-10 17:48:19.112 70366 INFO tempest.lib.common.rest_client [req-b3b8ac8b-e5a1-4e99-b239-748f7296774b req-b3b8ac8b-e5a1-4e99-b239-748f7296774b ] Request (ServerActionsV293TestJSON:setUpClass): 200 GET http://10.180.1.21/compute/v2.1/servers/fc04a536-3a6f-4d3a-b0f1-68e9a1cee5e2 0.058s
2025-03-10 17:48:19.171 70342 INFO tempest.lib.common.rest_client [req-3230a303-e082-4fb7-a607-ee886dac19a9 req-3230a303-e082-4fb7-a607-ee886dac19a9 ] Request (ListServerFiltersTestJSON:tearDownClass): 200 GET http://10.180.1.21/compute/v2.1/servers/94a4a16e-926c-47ce-a5a7-0b216b7c5442 0.063s
2025-03-10 17:48:19.218 70360 INFO tempest.lib.common.rest_client [req-fed1eaf6-3009-40c0-a241-ded0fbd7e9e6 req-fed1eaf6-3009-40c0-a241-ded0fbd7e9e6 ] Request (ImagesNegativeTestJSON:test_create_image_from_deleted_server): 200 GET http://10.180.1.21/compute/v2.1/servers/b3d62400-e639-4c49-9207-64fd1e684f99 0.070s
2025-03-10 17:48:19.270 70332 INFO tempest.lib.common.rest_client [req-3cc9e3fe-c883-4fec-a6d7-f5e5cccd3376 req-3cc9e3fe-c883-4fec-a6d7-f5e5cccd3376 ] Request (ListServersNegativeTestJSON:setUpClass): 200 GET http://10.180.1.21/compute/v2.1/servers/40b1fbe3-bde8-4fe1-91ea-00a19e2b86a4 0.111s
2025-03-10 17:48:19.325 70318 INFO tempest.lib.common.rest_client [req-771459e8-6d76-481c-8a4f-91255196b797 req-771459e8-6d76-481c-8a4f-91255196b797 ] Request (InstanceActionsTestJSON:setUpClass): 200 GET http://10.180.1.21/compute/v2.1/servers/efa06ccc-be20-4d0e-938f-01c91ef4de8e 0.128s
2025-03-10 17:48:19.329 70336 INFO tempest.lib.common.rest_client [req-25578c3b-523f-4f54-aa4e-5f11365cede7 req-25578c3b-523f-4f54-aa4e-5f11365cede7 ] Request (VolumesAssistedSnapshotsTest:_run_cleanups): 202 DELETE http://10.180.1.21/compute/v2.1/servers/eba81db1-973c-4981-baca-cb98e4087510/os-volume_attachments/794429f7-4ac5-40f0-a80a-f64e8e163e5d 0.449s
2025-03-10 17:48:19.387 70326 INFO tempest.lib.common.rest_client [req-146bf2c9-5d7e-4775-b3a7-b86174f25a52 req-146bf2c9-5d7e-4775-b3a7-b86174f25a52 ] Request (ServersAdminNegativeTestJSON:setUpClass): 200 GET http://10.180.1.21/compute/v2.1/servers/b7a1b9e1-4d57-435f-bdb6-51481968aacb 0.184s
2025-03-10 17:48:19.414 70348 INFO tempest.lib.common.rest_client [req-750908d8-c125-4567-bf7e-ca14ebbb832c req-750908d8-c125-4567-bf7e-ca14ebbb832c ] Request (ServersWithSpecificFlavorTestJSON:test_verify_created_server_ephemeral_disk): 200 GET http://10.180.1.21/compute/v2.1/servers/4cd9fb91-44f1-4304-a2bf-c8b294b19e0e 0.182s
2025-03-10 17:48:19.445 70328 INFO tempest.lib.common.rest_client [req-d912801a-827a-4fe2-9ca0-1bded28964a7 req-d912801a-827a-4fe2-9ca0-1bded28964a7 ] Request (SecurityGroupsTestJSON:test_list_security_groups_by_server): 200 GET http://10.180.1.21/compute/v2.1/servers/a06d4b38-0e39-46ef-a588-7627661cb201 0.196s
2025-03-10 17:48:19.476 70364 INFO tempest.lib.common.rest_client [req-8c40afab-d63f-4fc1-9352-705a24c8b8d6 req-8c40afab-d63f-4fc1-9352-705a24c8b8d6 ] Request (FloatingIPsAssociationTestJSON:tearDownClass): 200 GET http://10.180.1.21/compute/v2.1/servers/ee4c0f2b-44cb-4b37-8e4a-5706b9932144 0.172s
2025-03-10 17:48:19.507 70336 INFO tempest.lib.common.rest_client [req-d809e0a2-b022-4fc8-a260-1fa8a7991342 req-d809e0a2-b022-4fc8-a260-1fa8a7991342 ] Request (VolumesAssistedSnapshotsTest:_run_cleanups): 200 GET http://10.180.1.21/compute/v2.1/servers/eba81db1-973c-4981-baca-cb98e4087510/os-volume_attachments 0.178s
2025-03-10 17:48:19.511 70320 INFO tempest.lib.common.rest_client [req-6a5b512a-1d20-49f9-9003-d295da1bed84 req-6a5b512a-1d20-49f9-9003-d295da1bed84 ] Request (ServersAdminTestJSON:test_inject_network_info): 200 GET http://10.180.1.21/compute/v2.1/servers/673be00f-e3c5-4a54-beeb-cf89828e9e32 0.199s
2025-03-10 17:48:19.572 70372 INFO tempest.lib.common.rest_client [req-37535d2a-32fe-43e6-85ad-ca3e68eda3f1 req-37535d2a-32fe-43e6-85ad-ca3e68eda3f1 ] Request (ServerMetadataNegativeTestJSON:setUpClass): 200 GET http://10.180.1.21/compute/v2.1/servers/06442c68-7dc6-46a1-9e35-34a62730a555 0.221s
2025-03-10 17:48:19.574 70324 INFO tempest.lib.common.rest_client [req-458bb309-fefd-43c7-a6bd-a127afb8d794 req-458bb309-fefd-43c7-a6bd-a127afb8d794 ] Request (DeleteServersTestJSON:test_delete_active_server): 200 GET http://10.180.1.21/compute/v2.1/servers/62936d27-5405-4d29-b3ff-c4d8a74ba440 0.176s
2025-03-10 17:48:19.635 70370 INFO tempest.lib.common.rest_client [req-b37a50ec-1d67-4996-ba9a-cd1660f92327 req-b37a50ec-1d67-4996-ba9a-cd1660f92327 ] Request (MigrationsAdminTest:test_resize_server_revert_deleted_flavor): 200 GET http://10.180.1.21/compute/v2.1/servers/0e8163d9-6ff5-4f1e-af33-ccb42fa46750 0.178s
2025-03-10 17:48:19.641 70358 INFO tempest.lib.common.rest_client [req-4e6e662c-138e-48e1-ba31-20e2a103d469 req-4e6e662c-138e-48e1-ba31-20e2a103d469 ] Request (ListImageFiltersTestJSON:tearDownClass): 200 GET http://10.180.1.21/compute/v2.1/servers/a29534bf-ee12-4b94-839b-4a12659ebd3b 0.139s
2025-03-10 17:48:19.724 70338 INFO tempest.lib.common.rest_client [req-a37e2d7e-508a-4027-b583-8f4ef127c10a req-a37e2d7e-508a-4027-b583-8f4ef127c10a ] Request (ServerRescueTestJSON:tearDownClass): 200 GET http://10.180.1.21/compute/v2.1/servers/97cb6372-3f4e-427d-9509-7e6c43aa2e7b 0.064s
2025-03-10 17:48:19.726 70334 INFO tempest.lib.common.rest_client [req-9e8ff6d2-cc71-4c83-83b3-a1cb886c706d req-9e8ff6d2-cc71-4c83-83b3-a1cb886c706d ] Request (DeleteServersAdminTestJSON:test_delete_server_while_in_error_state): 200 GET http://10.180.1.21/compute/v2.1/servers/c205f559-7fe6-4d7e-beba-2fc96b89d705 0.070s
2025-03-10 17:48:19.800 70322 INFO tempest.lib.common.rest_client [req-87408069-9a38-4c2a-886f-bfcbdacdbba6 req-87408069-9a38-4c2a-886f-bfcbdacdbba6 ] Request (ServersTestFqdnHostnames:test_create_server_with_fqdn_name): 200 GET http://10.180.1.21/compute/v2.1/servers/7fc7c481-75e8-40f2-a971-752ce6dde59b 0.057s
2025-03-10 17:48:19.863 70354 INFO tempest.lib.common.rest_client [req-3bcafd46-5061-42a4-87ab-26f72b6c37fa req-3bcafd46-5061-42a4-87ab-26f72b6c37fa ] Request (ImagesTestJSON:test_create_image_from_suspended_server): 200 GET http://10.180.1.21/compute/v2.1/servers/2b1a0943-d59a-441d-a2e6-8149106803b6 0.066s
2025-03-10 17:48:19.916 70314 INFO tempest.lib.common.rest_client [req-73417408-b798-4265-8ae7-2775c2c14b8b req-73417408-b798-4265-8ae7-2775c2c14b8b ] Request (ServerDiskConfigTestJSON:test_rebuild_server_with_manual_disk_config): 200 GET http://10.180.1.21/compute/v2.1/servers/714fafbf-a765-4e2c-8633-997d8244483c 0.074s
2025-03-10 17:48:19.981 70362 INFO tempest.lib.common.rest_client [req-201f66c0-26c9-4aff-9e64-ba5f6b1610a7 req-201f66c0-26c9-4aff-9e64-ba5f6b1610a7 ] Request (AttachInterfacesUnderV243Test:test_add_remove_fixed_ip): 200 GET http://10.180.1.21/compute/v2.1/servers/30eada4d-fdc1-4e54-99d2-d35bbb3fcbe6 0.076s
2025-03-10 17:48:20.037 70374 INFO tempest.lib.common.rest_client [req-389d7fe7-8543-4c78-9ab7-af69531f3051 req-389d7fe7-8543-4c78-9ab7-af69531f3051 ] Request (ServerRescueNegativeTestJSON:test_rescued_vm_detach_volume): 200 GET http://10.180.1.21/compute/v2.1/servers/1b4da2ab-d026-45d8-8234-79ddd84d5cbb 0.075s
