2025-02-21 08:20:40.419 63149 INFO tempest.lib.common.dynamic_creds [-] Created isolated network resources for: credentials: Credentials: {'domain_id': 'default', 'domain_name': 'Default', 'username': 'tempest-ServerActionsTestJSON-1296946221-project-member', 'project_domain_id': 'default', 'project_domain_name': 'Default', 'project_id': '8dcfcfcf01364d63aa820583bbbec00d', 'project_name': 'tempest-ServerActionsTestJSON-1296946221', 'tenant_id': '8dcfcfcf01364d63aa820583bbbec00d', 'tenant_name': 'tempest-ServerActionsTestJSON-1296946221', 'user_domain_id': 'default', 'user_domain_name': 'Default', 'user_id': 'd2a1438135ac4dfaa4c37241d1c43b34', 'system': None}, Network: {'id': '19b072d7-7370-467b-a8b0-0c9227d5d05f', 'name': 'tempest-ServerActionsTestJSON-1692795590-network', 'tenant_id': '8dcfcfcf01364d63aa820583bbbec00d', 'admin_state_up': True, 'mtu': 8950, 'status': 'ACTIVE', 'subnets': [], 'shared': False, 'project_id': '8dcfcfcf01364d63aa820583bbbec00d', 'port_security_enabled': True, 'router:external': False, 'provider:network_type': 'vlan', 'provider:physical_network': 'default', 'provider:segmentation_id': 754, 'availability_zone_hints': [], 'availability_zones': [], 'ipv4_address_scope': None, 'ipv6_address_scope': None, 'description': '', 'tags': [], 'created_at': '2025-02-21T08:20:37Z', 'updated_at': '2025-02-21T08:20:38Z', 'revision_number': 1}, Subnet: {'id': '10e5e9eb-6cd2-46b2-9ec7-1f924c973ae4', 'name': 'tempest-ServerActionsTestJSON-1692795590-subnet', 'tenant_id': '8dcfcfcf01364d63aa820583bbbec00d', 'network_id': '19b072d7-7370-467b-a8b0-0c9227d5d05f', 'ip_version': 4, 'subnetpool_id': None, 'enable_dhcp': True, 'ipv6_ra_mode': None, 'ipv6_address_mode': None, 'gateway_ip': '192.168.128.1', 'cidr': '192.168.128.0/28', 'allocation_pools': [{'start': '192.168.128.2', 'end': '192.168.128.14'}], 'host_routes': [], 'dns_nameservers': [], 'description': '', 'router:external': False, 'service_types': [], 'tags': [], 'created_at': '2025-02-21T08:20:38Z', 'updated_at': '2025-02-21T08:20:38Z', 'revision_number': 0, 'project_id': '8dcfcfcf01364d63aa820583bbbec00d'}, Router: {'id': '90529726-3949-48ce-9f9b-04838c50fea3', 'name': 'tempest-ServerActionsTestJSON-1692795590-router', 'tenant_id': '8dcfcfcf01364d63aa820583bbbec00d', 'admin_state_up': True, 'status': 'ACTIVE', 'external_gateway_info': {'network_id': '6ea17d3e-d52c-494d-9691-bb09aee63ab5', 'external_fixed_ips': [{'subnet_id': 'cf9c4865-d74c-4101-8108-a708d0c3708b', 'ip_address': '10.180.180.249'}], 'enable_snat': True}, 'description': '', 'availability_zones': [], 'distributed': False, 'ha': False, 'availability_zone_hints': [], 'routes': [], 'flavor_id': None, 'tags': [], 'created_at': '2025-02-21T08:20:38Z', 'updated_at': '2025-02-21T08:20:38Z', 'revision_number': 2, 'project_id': '8dcfcfcf01364d63aa820583bbbec00d'}
2025-02-21 08:20:40.436 63151 INFO tempest.lib.common.rest_client [req-1a431e28-e161-41a5-b169-1459c3ca3274 req-1a431e28-e161-41a5-b169-1459c3ca3274 ] Request (ServerActionsV293TestJSON:setUpClass): 200 GET http://10.180.1.21/compute/v2.1/servers/6e50ecbb-b27c-49e4-92ed-94f6842a3cf8 0.275s
2025-02-21 08:20:40.441 63127 INFO tempest.lib.common.rest_client [req-655c3cbd-35f9-4ed0-932d-80ade10f2af0 req-655c3cbd-35f9-4ed0-932d-80ade10f2af0 ] Request (InstanceActionsTestJSON:setUpClass): 200 GET http://10.180.1.21/compute/v2.1/servers/2a018d3c-4575-4042-b1ff-a2d71454cb17 0.364s
2025-02-21 08:20:40.452 63177 WARNING tempest.lib.common.ssh [-] Failed to establish authenticated ssh connection to cirros@10.180.180.140 ([Errno None] Unable to connect to port 22 on 10.180.180.140). Number attempts: 7. Retry after 8 seconds.: paramiko.ssh_exception.NoValidConnectionsError: [Errno None] Unable to connect to port 22 on 10.180.180.140
2025-02-21 08:20:40.486 63131 INFO tempest.lib.common.rest_client [req-9bbe0232-8c68-4e89-af33-19185d5e8f51 req-9bbe0232-8c68-4e89-af33-19185d5e8f51 ] Request (MultipleCreateTestJSON:test_multiple_create_with_reservation_return): 200 GET http://10.180.1.21/compute/v2.1/servers/ca9e593b-bb9e-4930-8792-6e4e09190970 0.248s
2025-02-21 08:20:40.505 63137 INFO tempest.lib.common.rest_client [req-bf71a549-0cf2-41a0-baff-23a624faecf9 req-bf71a549-0cf2-41a0-baff-23a624faecf9 ] Request (ServersAdminTestJSON:setUpClass): 200 GET http://10.180.1.21/compute/v2.1/servers/beb5050f-353d-46e7-b321-360ed90d2a86 0.221s
2025-02-21 08:20:40.512 63145 INFO tempest.lib.common.rest_client [req-bdea50a6-2fb2-46b4-8a26-5eb5d04f2689 req-bdea50a6-2fb2-46b4-8a26-5eb5d04f2689 ] Request (ServersAdminNegativeTestJSON:test_reset_state_server_invalid_type): 400 POST http://10.180.1.21/compute/v2.1/servers/24a25029-8f86-4700-9e08-a802ba3f7ef4/action 0.198s
2025-02-21 08:20:40.521 63149 INFO tempest.lib.common.rest_client [req-23ae5bc2-3d07-4371-ae6c-b70f2ca9aba0 req-23ae5bc2-3d07-4371-ae6c-b70f2ca9aba0 ] Request (ServerActionsTestJSON:setUpClass): 201 POST http://10.180.1.21/identity/v3/auth/tokens 0.094s
2025-02-21 08:20:40.541 63153 INFO tempest.lib.common.rest_client [req-bca4f42c-4497-47f7-9f0e-abadead838e9 req-bca4f42c-4497-47f7-9f0e-abadead838e9 ] Request (ServersAaction247Test:test_create_backup): 200 GET http://10.180.1.21/compute/v2.1/servers/049f66d5-7650-449f-88ea-f3c0dd9b250c 0.230s
2025-02-21 08:20:40.563 63163 INFO tempest.lib.common.rest_client [req-2b42ff1a-0267-42ac-bdc9-74e5826f40fb req-2b42ff1a-0267-42ac-bdc9-74e5826f40fb ] Request (VolumesAdminNegativeTest:test_update_attached_volume_with_nonexistent_volume_in_body): 200 GET http://10.180.1.21/compute/v2.1/servers/4df8bdbf-bf4c-48da-9e0a-b9aeab2ea3bc 0.212s
2025-02-21 08:20:40.595 63125 INFO tempest.lib.common.rest_client [req-6fb98a21-279d-45ac-b1d0-26788743bb4e req-6fb98a21-279d-45ac-b1d0-26788743bb4e ] Request (ImagesOneServerTestJSON:setUpClass): 200 GET http://10.180.1.21/compute/v2.1/servers/5af1b9d9-375c-40ff-bf4b-a37e9d64b391 0.239s
2025-02-21 08:20:40.623 63179 INFO tempest.lib.common.rest_client [req-fdde6614-fe6f-41c2-baef-e87b3d3e5775 req-fdde6614-fe6f-41c2-baef-e87b3d3e5775 ] Request (SecurityGroupsTestJSON:test_server_security_groups): 200 GET http://10.180.1.21/compute/v2.1/servers/6b6d8663-024f-4aff-bfbe-e21c827ac529 0.230s
2025-02-21 08:20:40.668 63165 INFO tempest.lib.common.rest_client [req-5db873d5-d1bb-4282-8a76-90d0e7e047d9 req-5db873d5-d1bb-4282-8a76-90d0e7e047d9 ] Request (FloatingIPsAssociationTestJSON:tearDownClass): 200 GET http://10.180.1.21/compute/v2.1/servers/0337a2e1-4678-4616-9758-f964dcb14e2a 0.204s
2025-02-21 08:20:40.676 63145 INFO tempest.lib.common.rest_client [req-dd274694-40af-4347-99fe-c7b6aa9e16ca req-dd274694-40af-4347-99fe-c7b6aa9e16ca ] Request (ServersAdminNegativeTestJSON:test_reset_state_server_nonexistent_server): 404 POST http://10.180.1.21/compute/v2.1/servers/999/action 0.163s
2025-02-21 08:20:40.755 63149 INFO tempest.lib.common.rest_client [req-b92ede5a-96a7-4fbd-b8bd-04909e1ae344 req-b92ede5a-96a7-4fbd-b8bd-04909e1ae344 ] Request (ServerActionsTestJSON:setUpClass): 200 POST http://10.180.1.21/compute/v2.1/os-keypairs 0.232s
2025-02-21 08:20:40.768 63117 INFO tempest.lib.common.rest_client [req-c69742c1-ccb0-4c74-9b30-8e448286fd5c req-c69742c1-ccb0-4c74-9b30-8e448286fd5c ] Request (ServersTestManualDisk:setUpClass): 200 GET http://10.180.1.21/compute/v2.1/servers/6e9a42e6-c365-466a-8a59-55bc4e74e1d4 0.256s
2025-02-21 08:20:40.775 63117 INFO tempest.common.waiters [-] State transition "BUILD/networking" ==> "BUILD/block_device_mapping" after 67 second wait
2025-02-21 08:20:40.828 63169 INFO tempest.lib.common.rest_client [req-162056e0-329d-4588-9285-2eff464f7b4a req-162056e0-329d-4588-9285-2eff464f7b4a ] Request (ImagesTestJSON:test_create_image_from_suspended_server): 200 GET http://10.180.1.21/compute/v2.1/servers/febcbe0e-6f7a-4e35-ad6c-0cb60e66a34d 0.213s
2025-02-21 08:20:40.848 63155 INFO tempest.lib.common.rest_client [req-dee686f7-bd49-46bf-9400-adb2788ccf31 req-dee686f7-bd49-46bf-9400-adb2788ccf31 ] Request (ServerDiskConfigTestJSON:test_rebuild_server_with_manual_disk_config): 200 GET http://10.180.1.21/compute/v2.1/servers/87d29e0d-3d61-4df0-9da6-108851ff3640 0.294s
2025-02-21 08:20:40.913 63176 INFO tempest.lib.common.rest_client [req-703540aa-fa85-4484-bdf4-a6de007cf891 req-703540aa-fa85-4484-bdf4-a6de007cf891 ] Request (DeleteServersAdminTestJSON:test_delete_server_while_in_error_state): 200 GET http://10.180.1.21/compute/v2.1/servers/2e98a7c1-05e4-40c3-954d-a0ae6130f09c 0.243s
2025-02-21 08:20:40.964 63145 INFO tempest.lib.common.rest_client [req-8fa2c308-a773-420e-97e5-c5a6f9b772e1 req-8fa2c308-a773-420e-97e5-c5a6f9b772e1 ] Request (ServersAdminNegativeTestJSON:test_resize_server_using_overlimit_ram): 200 GET http://10.180.1.21/compute/v2.1/os-quota-sets/a3fe879b42a347a38916b8c0998690b4 0.286s
2025-02-21 08:20:40.971 63149 INFO tempest.lib.common.rest_client [req-cbaa4641-8e45-41f9-8f3a-cd74a3e3da68 req-cbaa4641-8e45-41f9-8f3a-cd74a3e3da68 ] Request (ServerActionsTestJSON:setUpClass): 201 POST http://10.180.1.21:9696/networking/v2.0/security-groups 0.214s
2025-02-21 08:20:40.995 63145 INFO tempest.lib.common.rest_client [req-d1fadfcd-1320-48c3-8e41-6670fcf0eecb req-d1fadfcd-1320-48c3-8e41-6670fcf0eecb ] Request (ServersAdminNegativeTestJSON:test_resize_server_using_overlimit_ram): 200 POST http://10.180.1.21/compute/v2.1/flavors 0.029s
2025-02-21 08:20:41.099 63149 INFO tempest.lib.common.rest_client [req-908ad25b-9a6b-4a9e-b5cd-f9dbbab3b152 req-908ad25b-9a6b-4a9e-b5cd-f9dbbab3b152 ] Request (ServerActionsTestJSON:setUpClass): 201 POST http://10.180.1.21:9696/networking/v2.0/security-group-rules 0.128s
2025-02-21 08:20:41.101 63143 INFO tempest.lib.common.rest_client [req-eed1ac36-77ce-4887-b9d5-90f70d28c49f req-eed1ac36-77ce-4887-b9d5-90f70d28c49f ] Request (ListServerFiltersTestJSON:setUpClass): 200 GET http://10.180.1.21/compute/v2.1/servers/f79f60f7-a862-4f80-b77d-a0dd7d9bfa0d 0.071s
2025-02-21 08:20:41.133 63145 INFO tempest.lib.common.rest_client [req-ad7c9064-f5b8-45da-a21d-0936e6e6aed2 req-ad7c9064-f5b8-45da-a21d-0936e6e6aed2 ] Request (ServersAdminNegativeTestJSON:test_resize_server_using_overlimit_ram): 403 POST http://10.180.1.21/compute/v2.1/servers/24a25029-8f86-4700-9e08-a802ba3f7ef4/action 0.135s
2025-02-21 08:20:41.176 63174 INFO tempest.lib.common.rest_client [req-45988351-de1b-4600-bc04-db272420280f req-45988351-de1b-4600-bc04-db272420280f ] Request (ServersV294TestFqdnHostnames:setUpClass): 200 GET http://10.180.1.21/compute/v2.1/servers/5c1b5fee-7174-467f-b63e-10cc3cf0e3bc 0.102s
2025-02-21 08:20:41.196 63145 INFO tempest.lib.common.rest_client [req-5c1b290f-5d81-4d8d-8838-789e2d88a27d req-5c1b290f-5d81-4d8d-8838-789e2d88a27d ] Request (ServersAdminNegativeTestJSON:_run_cleanups): 202 DELETE http://10.180.1.21/compute/v2.1/flavors/953606711 0.062s
2025-02-21 08:20:41.215 63129 INFO tempest.lib.common.rest_client [req-a2b8954b-e7de-4438-80d9-2e89b769a4b6 req-a2b8954b-e7de-4438-80d9-2e89b769a4b6 ] Request (FloatingIPsAssociationNegativeTestJSON:tearDownClass): 200 GET http://10.180.1.21/compute/v2.1/servers/824ef72d-6ce6-453b-a3a2-06d9c5a0bea6 0.088s
2025-02-21 08:20:41.226 63145 INFO tempest.lib.common.rest_client [req-7479b862-28c6-4ab4-8e50-71d956d9463a req-7479b862-28c6-4ab4-8e50-71d956d9463a ] Request (ServersAdminNegativeTestJSON:_run_cleanups): 200 GET http://10.180.1.21/compute/v2.1/flavors/detail 0.030s
2025-02-21 08:20:41.243 63149 INFO tempest.lib.common.rest_client [req-29e4e468-4731-4b77-baba-95d9b5d0331d req-29e4e468-4731-4b77-baba-95d9b5d0331d ] Request (ServerActionsTestJSON:setUpClass): 201 POST http://10.180.1.21:9696/networking/v2.0/security-group-rules 0.144s
2025-02-21 08:20:41.283 63145 INFO tempest.lib.common.rest_client [req-b6addc7a-5def-4142-a265-e851d41b0506 req-b6addc7a-5def-4142-a265-e851d41b0506 ] Request (ServersAdminNegativeTestJSON:test_resize_server_using_overlimit_vcpus): 200 GET http://10.180.1.21/compute/v2.1/os-quota-sets/a3fe879b42a347a38916b8c0998690b4 0.045s
2025-02-21 08:20:41.284 63133 INFO tempest.lib.common.rest_client [req-4843a214-28ce-45bd-ad33-b23ecdbc1637 req-4843a214-28ce-45bd-ad33-b23ecdbc1637 ] Request (ServerDiagnosticsNegativeTest:tearDownClass): 200 GET http://10.180.1.21/compute/v2.1/servers/84013e5a-57bf-4d6d-90db-73b7f6f7b63f 0.087s
2025-02-21 08:20:41.368 63147 INFO tempest.lib.common.rest_client [req-5a95aa7c-4171-4122-84a8-222ccaaf63fc req-5a95aa7c-4171-4122-84a8-222ccaaf63fc ] Request (ServerRescueNegativeTestJSON:test_rescued_vm_detach_volume): 200 GET http://10.180.1.21/compute/v2.1/servers/a12e7a53-4957-415e-8e30-ba6cc9a367db 0.103s
2025-02-21 08:20:41.389 63145 INFO tempest.lib.common.rest_client [req-72e4f79e-2ea0-484e-908e-af8ff359761e req-72e4f79e-2ea0-484e-908e-af8ff359761e ] Request (ServersAdminNegativeTestJSON:test_resize_server_using_overlimit_vcpus): 200 POST http://10.180.1.21/compute/v2.1/flavors 0.103s
2025-02-21 08:20:41.421 63157 INFO tempest.lib.common.rest_client [req-1e2b38e7-605c-47fe-ae89-4238e6be0143 req-1e2b38e7-605c-47fe-ae89-4238e6be0143 ] Request (MigrationsAdminTest:test_list_migrations_in_flavor_resize_situation): 200 GET http://10.180.1.21/compute/v2.1/servers/9d118db1-1c66-4b29-9ecf-32e7ab9460ac 0.164s
2025-02-21 08:20:41.439 63123 INFO tempest.lib.common.rest_client [req-23079a04-00f6-4409-8c47-a184001afe39 req-23079a04-00f6-4409-8c47-a184001afe39 ] Request (ServerActionsTestOtherB:setUpClass): 200 GET http://10.180.1.21/compute/v2.1/servers/d76cead4-3521-4a26-9f50-90a2c674930f 0.124s
2025-02-21 08:20:41.502 63167 INFO tempest.lib.common.rest_client [req-c0125c97-17f2-47f5-8d83-26aaa673f8ee req-c0125c97-17f2-47f5-8d83-26aaa673f8ee ] Request (ImagesOneServerNegativeTestJSON:_run_cleanups): 200 GET http://10.180.1.21/compute/v2.1/servers/e781cd3c-2347-4273-87c1-eb3ae4421472 0.123s
2025-02-21 08:20:41.554 63145 INFO tempest.lib.common.rest_client [req-2c41dcca-d0dd-408f-8880-5ee557f87a85 req-2c41dcca-d0dd-408f-8880-5ee557f87a85 ] Request (ServersAdminNegativeTestJSON:test_resize_server_using_overlimit_vcpus): 403 POST http://10.180.1.21/compute/v2.1/servers/24a25029-8f86-4700-9e08-a802ba3f7ef4/action 0.162s
2025-02-21 08:20:41.570 63151 INFO tempest.lib.common.rest_client [req-8c48198c-452b-4451-b5a9-635e61276b36 req-8c48198c-452b-4451-b5a9-635e61276b36 ] Request (ServerActionsV293TestJSON:setUpClass): 200 GET http://10.180.1.21/compute/v2.1/servers/6e50ecbb-b27c-49e4-92ed-94f6842a3cf8 0.121s
2025-02-21 08:20:41.632 63131 INFO tempest.lib.common.rest_client [req-4ac27d90-ff81-4f3d-944d-a2d66713292f req-4ac27d90-ff81-4f3d-944d-a2d66713292f ] Request (MultipleCreateTestJSON:test_multiple_create_with_reservation_return): 200 GET http://10.180.1.21/compute/v2.1/servers/ca9e593b-bb9e-4930-8792-6e4e09190970 0.138s
2025-02-21 08:20:41.659 63127 INFO tempest.lib.common.rest_client [req-8fa71376-1d7d-43c6-9868-e2e6f1b433a8 req-8fa71376-1d7d-43c6-9868-e2e6f1b433a8 ] Request (InstanceActionsTestJSON:setUpClass): 200 GET http://10.180.1.21/compute/v2.1/servers/2a018d3c-4575-4042-b1ff-a2d71454cb17 0.205s
2025-02-21 08:20:41.686 63137 INFO tempest.lib.common.rest_client [req-258d9516-c941-4cd9-b366-28cb4cac266b req-258d9516-c941-4cd9-b366-28cb4cac266b ] Request (ServersAdminTestJSON:setUpClass): 200 GET http://10.180.1.21/compute/v2.1/servers/beb5050f-353d-46e7-b321-360ed90d2a86 0.172s
2025-02-21 08:20:41.706 63145 INFO tempest.lib.common.rest_client [req-636b7a81-3138-40fd-b221-c73fb5d18e2e req-636b7a81-3138-40fd-b221-c73fb5d18e2e ] Request (ServersAdminNegativeTestJSON:_run_cleanups): 202 DELETE http://10.180.1.21/compute/v2.1/flavors/84507773 0.152s
2025-02-21 08:20:41.715 63153 INFO tempest.lib.common.rest_client [req-a33b715a-5b22-4f89-8668-bdf22bdcd2c4 req-a33b715a-5b22-4f89-8668-bdf22bdcd2c4 ] Request (ServersAaction247Test:test_create_backup): 200 GET http://10.180.1.21/compute/v2.1/servers/049f66d5-7650-449f-88ea-f3c0dd9b250c 0.164s
2025-02-21 08:20:41.762 63163 INFO tempest.lib.common.rest_client [req-f1998c2b-68ab-4c9e-b473-092baab5cf1b req-f1998c2b-68ab-4c9e-b473-092baab5cf1b ] Request (VolumesAdminNegativeTest:test_update_attached_volume_with_nonexistent_volume_in_body): 200 GET http://10.180.1.21/compute/v2.1/servers/4df8bdbf-bf4c-48da-9e0a-b9aeab2ea3bc 0.188s
2025-02-21 08:20:41.767 63149 INFO tempest.lib.common.rest_client [req-3c58c6ed-4854-4eaf-a76d-f122b3cf092e req-3c58c6ed-4854-4eaf-a76d-f122b3cf092e ] Request (ServerActionsTestJSON:setUpClass): 201 POST http://10.180.1.21:9696/networking/v2.0/floatingips 0.522s
2025-02-21 08:20:41.775 63125 INFO tempest.lib.common.rest_client [req-675be8c8-c06c-41e2-a304-3cf4c99e9964 req-675be8c8-c06c-41e2-a304-3cf4c99e9964 ] Request (ImagesOneServerTestJSON:setUpClass): 200 GET http://10.180.1.21/compute/v2.1/servers/5af1b9d9-375c-40ff-bf4b-a37e9d64b391 0.171s
2025-02-21 08:20:41.814 63149 INFO tempest.lib.common.rest_client [req-a4c785c1-7a9f-4e00-8ca3-2d5ccb71a120 req-a4c785c1-7a9f-4e00-8ca3-2d5ccb71a120 ] Request (ServerActionsTestJSON:setUpClass): 201 POST http://10.180.1.21/identity/v3/auth/tokens 0.044s
2025-02-21 08:20:41.814 63149 INFO tempest.lib.common.fixed_network [-] (ServerActionsTestJSON:setUpClass) Found network {'id': '19b072d7-7370-467b-a8b0-0c9227d5d05f', 'name': 'tempest-ServerActionsTestJSON-1692795590-network', 'tenant_id': '8dcfcfcf01364d63aa820583bbbec00d', 'admin_state_up': True, 'mtu': 8950, 'status': 'ACTIVE', 'subnets': [], 'shared': False, 'project_id': '8dcfcfcf01364d63aa820583bbbec00d', 'port_security_enabled': True, 'router:external': False, 'provider:network_type': 'vlan', 'provider:physical_network': 'default', 'provider:segmentation_id': 754, 'availability_zone_hints': [], 'availability_zones': [], 'ipv4_address_scope': None, 'ipv6_address_scope': None, 'description': '', 'tags': [], 'created_at': '2025-02-21T08:20:37Z', 'updated_at': '2025-02-21T08:20:38Z', 'revision_number': 1} available for tenant
2025-02-21 08:20:41.821 63179 INFO tempest.lib.common.rest_client [req-6c60eb0f-2f66-47e8-a5b2-b611d3055129 req-6c60eb0f-2f66-47e8-a5b2-b611d3055129 ] Request (SecurityGroupsTestJSON:test_server_security_groups): 200 GET http://10.180.1.21/compute/v2.1/servers/6b6d8663-024f-4aff-bfbe-e21c827ac529 0.185s
2025-02-21 08:20:41.834 63165 INFO tempest.lib.common.rest_client [req-c50a2d89-c726-4995-9856-6fecd9fc0d89 req-c50a2d89-c726-4995-9856-6fecd9fc0d89 ] Request (FloatingIPsAssociationTestJSON:tearDownClass): 200 GET http://10.180.1.21/compute/v2.1/servers/0337a2e1-4678-4616-9758-f964dcb14e2a 0.158s
2025-02-21 08:20:41.843 63145 INFO tempest.lib.common.rest_client [req-b3faea39-9360-42dd-9bc3-2605d519dc93 req-b3faea39-9360-42dd-9bc3-2605d519dc93 ] Request (ServersAdminNegativeTestJSON:_run_cleanups): 200 GET http://10.180.1.21/compute/v2.1/flavors/detail 0.136s
2025-02-21 08:20:41.938 63117 INFO tempest.lib.common.rest_client [req-808aaaf8-3b48-44e4-8f63-f542e6559c62 req-808aaaf8-3b48-44e4-8f63-f542e6559c62 ] Request (ServersTestManualDisk:setUpClass): 200 GET http://10.180.1.21/compute/v2.1/servers/6e9a42e6-c365-466a-8a59-55bc4e74e1d4 0.161s
2025-02-21 08:20:41.946 63117 INFO tempest.common.waiters [-] State transition "BUILD/block_device_mapping" ==> "BUILD/spawning" after 68 second wait
2025-02-21 08:20:41.991 63169 INFO tempest.lib.common.rest_client [req-7aba6a7b-b717-4e17-b9a3-49ecf9057288 req-7aba6a7b-b717-4e17-b9a3-49ecf9057288 ] Request (ImagesTestJSON:test_create_image_from_suspended_server): 200 GET http://10.180.1.21/compute/v2.1/servers/febcbe0e-6f7a-4e35-ad6c-0cb60e66a34d 0.148s
2025-02-21 08:20:42.016 63145 INFO tempest.lib.common.rest_client [req-555ba30c-e841-45f3-a6b9-98902b0724fd req-555ba30c-e841-45f3-a6b9-98902b0724fd ] Request (ServersAdminNegativeTestJSON:test_restore_server_invalid_state): 409 POST http://10.180.1.21/compute/v2.1/servers/24a25029-8f86-4700-9e08-a802ba3f7ef4/action 0.168s
2025-02-21 08:20:42.062 63155 INFO tempest.lib.common.rest_client [req-6290ef6e-d9c6-4ffe-90df-79b88f58d89e req-6290ef6e-d9c6-4ffe-90df-79b88f58d89e ] Request (ServerDiskConfigTestJSON:test_rebuild_server_with_manual_disk_config): 200 GET http://10.180.1.21/compute/v2.1/servers/87d29e0d-3d61-4df0-9da6-108851ff3640 0.203s
2025-02-21 08:20:42.109 63176 INFO tempest.lib.common.rest_client [req-30e417bd-0db9-4c29-be17-387e29715f77 req-30e417bd-0db9-4c29-be17-387e29715f77 ] Request (DeleteServersAdminTestJSON:test_delete_server_while_in_error_state): 200 GET http://10.180.1.21/compute/v2.1/servers/2e98a7c1-05e4-40c3-954d-a0ae6130f09c 0.184s
2025-02-21 08:20:42.182 63145 INFO tempest.lib.common.rest_client [req-3fc2b3b6-c27b-49ca-a6f5-4c11ce4cdc8e req-3fc2b3b6-c27b-49ca-a6f5-4c11ce4cdc8e ] Request (ServersAdminNegativeTestJSON:tearDownClass): 204 DELETE http://10.180.1.21/compute/v2.1/servers/a3f4979c-1e6a-41bd-ac05-6ef06bd640eb 0.163s
2025-02-21 08:20:42.243 63143 INFO tempest.lib.common.rest_client [req-8d794bc0-485c-4824-b572-8da2abd4a7ef req-8d794bc0-485c-4824-b572-8da2abd4a7ef ] Request (ListServerFiltersTestJSON:setUpClass): 200 GET http://10.180.1.21/compute/v2.1/servers/f79f60f7-a862-4f80-b77d-a0dd7d9bfa0d 0.134s
2025-02-21 08:20:42.318 63149 INFO tempest.lib.common.rest_client [req-5b8bc621-e8bc-42e6-b6d3-952c6afc1c39 req-5b8bc621-e8bc-42e6-b6d3-952c6afc1c39 ] Request (ServerActionsTestJSON:setUpClass): 202 POST http://10.180.1.21/compute/v2.1/servers 0.502s
2025-02-21 08:20:42.384 63174 INFO tempest.lib.common.rest_client [req-5c2ef53b-1322-489c-a17e-277b0c40843a req-5c2ef53b-1322-489c-a17e-277b0c40843a ] Request (ServersV294TestFqdnHostnames:setUpClass): 200 GET http://10.180.1.21/compute/v2.1/servers/5c1b5fee-7174-467f-b63e-10cc3cf0e3bc 0.197s
2025-02-21 08:20:42.393 63145 INFO tempest.lib.common.rest_client [req-f8ad8009-7561-4900-95cd-2d05314838f9 req-f8ad8009-7561-4900-95cd-2d05314838f9 ] Request (ServersAdminNegativeTestJSON:tearDownClass): 200 GET http://10.180.1.21/compute/v2.1/servers/a3f4979c-1e6a-41bd-ac05-6ef06bd640eb 0.210s
2025-02-21 08:20:42.446 63129 INFO tempest.lib.common.rest_client [req-2c891806-d1b9-44bf-8fe4-073a05a0d801 req-2c891806-d1b9-44bf-8fe4-073a05a0d801 ] Request (FloatingIPsAssociationNegativeTestJSON:tearDownClass): 200 GET http://10.180.1.21/compute/v2.1/servers/824ef72d-6ce6-453b-a3a2-06d9c5a0bea6 0.220s
2025-02-21 08:20:42.456 63133 INFO tempest.lib.common.rest_client [req-d5cf740b-674d-4f39-beeb-c001e335802b req-d5cf740b-674d-4f39-beeb-c001e335802b ] Request (ServerDiagnosticsNegativeTest:tearDownClass): 200 GET http://10.180.1.21/compute/v2.1/servers/84013e5a-57bf-4d6d-90db-73b7f6f7b63f 0.163s
2025-02-21 08:20:42.482 63149 INFO tempest.lib.common.rest_client [req-65179767-b643-462e-a74d-bbcc20350279 req-65179767-b643-462e-a74d-bbcc20350279 ] Request (ServerActionsTestJSON:setUpClass): 200 GET http://10.180.1.21/compute/v2.1/servers/d4806675-c818-4b97-a2ee-71211c672ed1 0.162s
2025-02-21 08:20:42.506 63147 INFO tempest.lib.common.rest_client [req-52d9e67a-4f33-40c8-8777-c9f5e97805e0 req-52d9e67a-4f33-40c8-8777-c9f5e97805e0 ] Request (ServerRescueNegativeTestJSON:test_rescued_vm_detach_volume): 200 GET http://10.180.1.21/compute/v2.1/servers/a12e7a53-4957-415e-8e30-ba6cc9a367db 0.130s
2025-02-21 08:20:42.550 63123 INFO tempest.lib.common.rest_client [req-bd2e8a3b-9b69-438d-8797-f042be83eac6 req-bd2e8a3b-9b69-438d-8797-f042be83eac6 ] Request (ServerActionsTestOtherB:setUpClass): 200 GET http://10.180.1.21/compute/v2.1/servers/d76cead4-3521-4a26-9f50-90a2c674930f 0.099s
2025-02-21 08:20:42.572 63157 INFO tempest.lib.common.rest_client [req-2223fd54-68d6-477e-93b5-7fd1583e271a req-2223fd54-68d6-477e-93b5-7fd1583e271a ] Request (MigrationsAdminTest:test_list_migrations_in_flavor_resize_situation): 200 GET http://10.180.1.21/compute/v2.1/servers/9d118db1-1c66-4b29-9ecf-32e7ab9460ac 0.132s
2025-02-21 08:20:42.604 63167 INFO tempest.lib.common.rest_client [req-3ce11284-fd69-4239-8d34-c95905ba7272 req-3ce11284-fd69-4239-8d34-c95905ba7272 ] Request (ImagesOneServerNegativeTestJSON:_run_cleanups): 200 GET http://10.180.1.21/compute/v2.1/servers/e781cd3c-2347-4273-87c1-eb3ae4421472 0.092s
2025-02-21 08:20:42.617 63167 INFO tempest.common.waiters [-] State transition "ACTIVE/deleting" ==> "DELETED/None" after 4 second wait
2025-02-21 08:20:42.645 63151 INFO tempest.lib.common.rest_client [req-a7888bca-2345-46e2-a902-4169ba35db6c req-a7888bca-2345-46e2-a902-4169ba35db6c ] Request (ServerActionsV293TestJSON:setUpClass): 200 GET http://10.180.1.21/compute/v2.1/servers/6e50ecbb-b27c-49e4-92ed-94f6842a3cf8 0.060s
2025-02-21 08:20:42.691 63131 INFO tempest.lib.common.rest_client [req-06892eda-374e-4003-a0f9-c6bea28e5b11 req-06892eda-374e-4003-a0f9-c6bea28e5b11 ] Request (MultipleCreateTestJSON:test_multiple_create_with_reservation_return): 200 GET http://10.180.1.21/compute/v2.1/servers/ca9e593b-bb9e-4930-8792-6e4e09190970 0.049s
2025-02-21 08:20:42.742 63137 INFO tempest.lib.common.rest_client [req-6c2b6e81-329d-49c5-9065-e705878c5500 req-6c2b6e81-329d-49c5-9065-e705878c5500 ] Request (ServersAdminTestJSON:setUpClass): 200 GET http://10.180.1.21/compute/v2.1/servers/beb5050f-353d-46e7-b321-360ed90d2a86 0.048s
2025-02-21 08:20:42.798 63153 INFO tempest.lib.common.rest_client [req-816c1bbb-b8c3-4450-9e68-81ef15568a0f req-816c1bbb-b8c3-4450-9e68-81ef15568a0f ] Request (ServersAaction247Test:test_create_backup): 200 GET http://10.180.1.21/compute/v2.1/servers/049f66d5-7650-449f-88ea-f3c0dd9b250c 0.073s
2025-02-21 08:20:42.822 63127 INFO tempest.lib.common.rest_client [req-9f2121ad-7518-4a7d-8785-383d777e25d4 req-9f2121ad-7518-4a7d-8785-383d777e25d4 ] Request (InstanceActionsTestJSON:setUpClass): 200 GET http://10.180.1.21/compute/v2.1/servers/2a018d3c-4575-4042-b1ff-a2d71454cb17 0.154s
2025-02-21 08:20:42.829 63127 INFO tempest.common.waiters [-] State transition "BUILD/spawning" ==> "ACTIVE/None" after 69 second wait
2025-02-21 08:20:42.847 63163 INFO tempest.lib.common.rest_client [req-9fc2be7b-20df-4796-9414-ee8b3b626740 req-9fc2be7b-20df-4796-9414-ee8b3b626740 ] Request (VolumesAdminNegativeTest:test_update_attached_volume_with_nonexistent_volume_in_body): 200 GET http://10.180.1.21/compute/v2.1/servers/4df8bdbf-bf4c-48da-9e0a-b9aeab2ea3bc 0.071s
2025-02-21 08:20:42.870 63125 INFO tempest.lib.common.rest_client [req-351e2cc9-2315-46fb-b557-9698c83a918d req-351e2cc9-2315-46fb-b557-9698c83a918d ] Request (ImagesOneServerTestJSON:setUpClass): 200 GET http://10.180.1.21/compute/v2.1/servers/5af1b9d9-375c-40ff-bf4b-a37e9d64b391 0.087s
2025-02-21 08:20:42.896 63179 INFO tempest.lib.common.rest_client [req-4cefcafc-a639-42f5-8f80-bce7edfc66d9 req-4cefcafc-a639-42f5-8f80-bce7edfc66d9 ] Request (SecurityGroupsTestJSON:test_server_security_groups): 200 GET http://10.180.1.21/compute/v2.1/servers/6b6d8663-024f-4aff-bfbe-e21c827ac529 0.066s
2025-02-21 08:20:42.904 63127 INFO tempest.lib.common.rest_client [req-0c113218-3675-4740-8b86-8a3b1e5567a0 req-0c113218-3675-4740-8b86-8a3b1e5567a0 ] Request (InstanceActionsTestJSON:test_get_instance_action): 200 GET http://10.180.1.21/compute/v2.1/servers/2a018d3c-4575-4042-b1ff-a2d71454cb17/os-instance-actions/req-fad6b8cb-58e9-4f5a-ba52-68e8886efe11 0.073s
2025-02-21 08:20:42.960 63165 INFO tempest.lib.common.rest_client [req-37091389-cb0d-4955-ad9b-a168a7515915 req-37091389-cb0d-4955-ad9b-a168a7515915 ] Request (FloatingIPsAssociationTestJSON:tearDownClass): 200 GET http://10.180.1.21/compute/v2.1/servers/0337a2e1-4678-4616-9758-f964dcb14e2a 0.117s
2025-02-21 08:20:42.971 63127 INFO tempest.lib.common.rest_client [req-2660dafd-1159-4450-ae3d-4c95b2b5d3b9 req-2660dafd-1159-4450-ae3d-4c95b2b5d3b9 ] Request (InstanceActionsTestJSON:test_list_instance_actions): 202 POST http://10.180.1.21/compute/v2.1/servers/2a018d3c-4575-4042-b1ff-a2d71454cb17/action 0.062s
2025-02-21 08:20:43.065 63117 INFO tempest.lib.common.rest_client [req-406cbcc0-4688-4179-8f90-d1a2fe6dc2dc req-406cbcc0-4688-4179-8f90-d1a2fe6dc2dc ] Request (ServersTestManualDisk:setUpClass): 200 GET http://10.180.1.21/compute/v2.1/servers/6e9a42e6-c365-466a-8a59-55bc4e74e1d4 0.117s
2025-02-21 08:20:43.067 63127 INFO tempest.lib.common.rest_client [req-a33ce51d-f993-4845-9f07-a85949bb1b89 req-a33ce51d-f993-4845-9f07-a85949bb1b89 ] Request (InstanceActionsTestJSON:test_list_instance_actions): 200 GET http://10.180.1.21/compute/v2.1/servers/2a018d3c-4575-4042-b1ff-a2d71454cb17 0.096s
2025-02-21 08:20:43.115 63169 INFO tempest.lib.common.rest_client [req-4e17f2fc-3651-483c-87a9-baa4e8a2bc8b req-4e17f2fc-3651-483c-87a9-baa4e8a2bc8b ] Request (ImagesTestJSON:test_create_image_from_suspended_server): 200 GET http://10.180.1.21/compute/v2.1/servers/febcbe0e-6f7a-4e35-ad6c-0cb60e66a34d 0.114s
2025-02-21 08:20:43.120 63155 INFO tempest.lib.common.rest_client [req-fd75a229-7f4a-4ec2-b930-141e20ad1d25 req-fd75a229-7f4a-4ec2-b930-141e20ad1d25 ] Request (ServerDiskConfigTestJSON:test_rebuild_server_with_manual_disk_config): 200 GET http://10.180.1.21/compute/v2.1/servers/87d29e0d-3d61-4df0-9da6-108851ff3640 0.049s
2025-02-21 08:20:43.168 63176 INFO tempest.lib.common.rest_client [req-cef14cb9-fce2-4b19-801c-49be877950e4 req-cef14cb9-fce2-4b19-801c-49be877950e4 ] Request (DeleteServersAdminTestJSON:test_delete_server_while_in_error_state): 200 GET http://10.180.1.21/compute/v2.1/servers/2e98a7c1-05e4-40c3-954d-a0ae6130f09c 0.046s
2025-02-21 08:20:43.307 63143 INFO tempest.lib.common.rest_client [req-e0369721-1283-4b38-ad6e-238f0ee15c98 req-e0369721-1283-4b38-ad6e-238f0ee15c98 ] Request (ListServerFiltersTestJSON:setUpClass): 200 GET http://10.180.1.21/compute/v2.1/servers/f79f60f7-a862-4f80-b77d-a0dd7d9bfa0d 0.054s
2025-02-21 08:20:43.316 63143 INFO tempest.common.waiters [-] State transition "BUILD/scheduling" ==> "BUILD/None" after 51 second wait
2025-02-21 08:20:43.455 63174 INFO tempest.lib.common.rest_client [req-7176aaa7-328e-4c05-8146-5d08375ff9ff req-7176aaa7-328e-4c05-8146-5d08375ff9ff ] Request (ServersV294TestFqdnHostnames:setUpClass): 200 GET http://10.180.1.21/compute/v2.1/servers/5c1b5fee-7174-467f-b63e-10cc3cf0e3bc 0.057s
2025-02-21 08:20:43.498 63145 INFO tempest.lib.common.rest_client [req-5278df1d-cda8-481b-b552-99ce8781f8d8 req-5278df1d-cda8-481b-b552-99ce8781f8d8 ] Request (ServersAdminNegativeTestJSON:tearDownClass): 200 GET http://10.180.1.21/compute/v2.1/servers/a3f4979c-1e6a-41bd-ac05-6ef06bd640eb 0.089s
2025-02-21 08:20:43.511 63129 INFO tempest.lib.common.rest_client [req-e2ded225-ae74-41cc-b6f7-4b254a01d0d1 req-e2ded225-ae74-41cc-b6f7-4b254a01d0d1 ] Request (FloatingIPsAssociationNegativeTestJSON:tearDownClass): 200 GET http://10.180.1.21/compute/v2.1/servers/824ef72d-6ce6-453b-a3a2-06d9c5a0bea6 0.056s
2025-02-21 08:20:43.551 63133 INFO tempest.lib.common.rest_client [req-73f8e629-03c4-4e89-b229-569c82ead389 req-73f8e629-03c4-4e89-b229-569c82ead389 ] Request (ServerDiagnosticsNegativeTest:tearDownClass): 200 GET http://10.180.1.21/compute/v2.1/servers/84013e5a-57bf-4d6d-90db-73b7f6f7b63f 0.087s
2025-02-21 08:20:43.555 63149 INFO tempest.lib.common.rest_client [req-e0a23eb7-47e6-42b0-875f-ee4d2d1771d3 req-e0a23eb7-47e6-42b0-875f-ee4d2d1771d3 ] Request (ServerActionsTestJSON:setUpClass): 200 GET http://10.180.1.21/compute/v2.1/servers/d4806675-c818-4b97-a2ee-71211c672ed1 0.065s
2025-02-21 08:20:43.593 63147 INFO tempest.lib.common.rest_client [req-9d736aac-6597-43aa-b329-59f58a296203 req-9d736aac-6597-43aa-b329-59f58a296203 ] Request (ServerRescueNegativeTestJSON:test_rescued_vm_detach_volume): 200 GET http://10.180.1.21/compute/v2.1/servers/a12e7a53-4957-415e-8e30-ba6cc9a367db 0.078s
2025-02-21 08:20:43.603 63123 INFO tempest.lib.common.rest_client [req-b589d871-82f5-4536-a6d4-e75430942070 req-b589d871-82f5-4536-a6d4-e75430942070 ] Request (ServerActionsTestOtherB:setUpClass): 200 GET http://10.180.1.21/compute/v2.1/servers/d76cead4-3521-4a26-9f50-90a2c674930f 0.044s
2025-02-21 08:20:43.669 63167 INFO tempest.lib.common.rest_client [req-152190dc-47ac-4b0e-a863-e67666a1398d req-152190dc-47ac-4b0e-a863-e67666a1398d ] Request (ImagesOneServerNegativeTestJSON:_run_cleanups): 200 GET http://10.180.1.21/compute/v2.1/servers/e781cd3c-2347-4273-87c1-eb3ae4421472 0.051s
2025-02-21 08:20:43.674 63157 INFO tempest.lib.common.rest_client [req-1e3655d2-4296-4df6-9ca0-c0458fb5c878 req-1e3655d2-4296-4df6-9ca0-c0458fb5c878 ] Request (MigrationsAdminTest:test_list_migrations_in_flavor_resize_situation): 200 GET http://10.180.1.21/compute/v2.1/servers/9d118db1-1c66-4b29-9ecf-32e7ab9460ac 0.092s
2025-02-21 08:20:43.715 63151 INFO tempest.lib.common.rest_client [req-6cee6897-268b-46f9-86e9-30ff69379517 req-6cee6897-268b-46f9-86e9-30ff69379517 ] Request (ServerActionsV293TestJSON:setUpClass): 200 GET http://10.180.1.21/compute/v2.1/servers/6e50ecbb-b27c-49e4-92ed-94f6842a3cf8 0.059s
2025-02-21 08:20:43.749 63131 INFO tempest.lib.common.rest_client [req-cd4c5a6b-805a-4d87-9a13-0df3442fd33c req-cd4c5a6b-805a-4d87-9a13-0df3442fd33c ] Request (MultipleCreateTestJSON:test_multiple_create_with_reservation_return): 200 GET http://10.180.1.21/compute/v2.1/servers/ca9e593b-bb9e-4930-8792-6e4e09190970 0.049s
2025-02-21 08:20:43.811 63137 INFO tempest.lib.common.rest_client [req-63703729-71b6-48dd-88d0-2051a6e14c18 req-63703729-71b6-48dd-88d0-2051a6e14c18 ] Request (ServersAdminTestJSON:setUpClass): 200 GET http://10.180.1.21/compute/v2.1/servers/beb5050f-353d-46e7-b321-360ed90d2a86 0.059s
2025-02-21 08:20:43.862 63153 INFO tempest.lib.common.rest_client [req-2cde1df9-092e-4b1d-8f94-2aa96a8dba6e req-2cde1df9-092e-4b1d-8f94-2aa96a8dba6e ] Request (ServersAaction247Test:test_create_backup): 200 GET http://10.180.1.21/compute/v2.1/servers/049f66d5-7650-449f-88ea-f3c0dd9b250c 0.051s
2025-02-21 08:20:43.913 63163 INFO tempest.lib.common.rest_client [req-bff8f16f-bd66-442e-988c-79f962ced42b req-bff8f16f-bd66-442e-988c-79f962ced42b ] Request (VolumesAdminNegativeTest:test_update_attached_volume_with_nonexistent_volume_in_body): 200 GET http://10.180.1.21/compute/v2.1/servers/4df8bdbf-bf4c-48da-9e0a-b9aeab2ea3bc 0.057s
2025-02-21 08:20:43.925 63125 INFO tempest.lib.common.rest_client [req-b2c1151c-2b70-4cd1-8727-e330cde6cdc0 req-b2c1151c-2b70-4cd1-8727-e330cde6cdc0 ] Request (ImagesOneServerTestJSON:setUpClass): 200 GET http://10.180.1.21/compute/v2.1/servers/5af1b9d9-375c-40ff-bf4b-a37e9d64b391 0.047s
2025-02-21 08:20:43.962 63179 INFO tempest.lib.common.rest_client [req-38d58440-aba9-4a68-837d-030f2959df46 req-38d58440-aba9-4a68-837d-030f2959df46 ] Request (SecurityGroupsTestJSON:test_server_security_groups): 200 GET http://10.180.1.21/compute/v2.1/servers/6b6d8663-024f-4aff-bfbe-e21c827ac529 0.058s
2025-02-21 08:20:44.034 63165 INFO tempest.lib.common.rest_client [req-13820e08-99ca-495c-b73c-4cfc6fb197f9 req-13820e08-99ca-495c-b73c-4cfc6fb197f9 ] Request (FloatingIPsAssociationTestJSON:tearDownClass): 200 GET http://10.180.1.21/compute/v2.1/servers/0337a2e1-4678-4616-9758-f964dcb14e2a 0.066s
2025-02-21 08:20:44.172 63117 INFO tempest.lib.common.rest_client [req-de48969d-ea4d-4084-8ee1-e6557a32faec req-de48969d-ea4d-4084-8ee1-e6557a32faec ] Request (ServersTestManualDisk:setUpClass): 200 GET http://10.180.1.21/compute/v2.1/servers/6e9a42e6-c365-466a-8a59-55bc4e74e1d4 0.096s
2025-02-21 08:20:44.188 63127 INFO tempest.lib.common.rest_client [req-4a13aec9-ea7d-4d97-bb16-a53f7f0a1732 req-4a13aec9-ea7d-4d97-bb16-a53f7f0a1732 ] Request (InstanceActionsTestJSON:test_list_instance_actions): 200 GET http://10.180.1.21/compute/v2.1/servers/2a018d3c-4575-4042-b1ff-a2d71454cb17 0.113s
2025-02-21 08:20:44.226 63169 INFO tempest.lib.common.rest_client [req-0ed08940-e3fb-46e9-b62d-062a7fdc8fd9 req-0ed08940-e3fb-46e9-b62d-062a7fdc8fd9 ] Request (ImagesTestJSON:test_create_image_from_suspended_server): 200 GET http://10.180.1.21/compute/v2.1/servers/febcbe0e-6f7a-4e35-ad6c-0cb60e66a34d 0.104s
2025-02-21 08:20:44.241 63155 INFO tempest.lib.common.rest_client [req-bad0e40c-b03d-4674-aea3-1fbe054d7ee1 req-bad0e40c-b03d-4674-aea3-1fbe054d7ee1 ] Request (ServerDiskConfigTestJSON:test_rebuild_server_with_manual_disk_config): 200 GET http://10.180.1.21/compute/v2.1/servers/87d29e0d-3d61-4df0-9da6-108851ff3640 0.113s
2025-02-21 08:20:44.274 63176 INFO tempest.lib.common.rest_client [req-2ce513d7-816a-45dd-b414-875d4c9b6449 req-2ce513d7-816a-45dd-b414-875d4c9b6449 ] Request (DeleteServersAdminTestJSON:test_delete_server_while_in_error_state): 200 GET http://10.180.1.21/compute/v2.1/servers/2e98a7c1-05e4-40c3-954d-a0ae6130f09c 0.097s
2025-02-21 08:20:44.356 63139 WARNING tempest.lib.common.ssh [-] Failed to establish authenticated ssh connection to cirros@10.180.180.166 ([Errno None] Unable to connect to port 22 on 10.180.180.166). Number attempts: 8. Retry after 9 seconds.: paramiko.ssh_exception.NoValidConnectionsError: [Errno None] Unable to connect to port 22 on 10.180.180.166
2025-02-21 08:20:44.372 63143 INFO tempest.lib.common.rest_client [req-5797aef1-8468-4ec9-b308-80750330f1ca req-5797aef1-8468-4ec9-b308-80750330f1ca ] Request (ListServerFiltersTestJSON:setUpClass): 200 GET http://10.180.1.21/compute/v2.1/servers/f79f60f7-a862-4f80-b77d-a0dd7d9bfa0d 0.055s
2025-02-21 08:20:44.517 63174 INFO tempest.lib.common.rest_client [req-b309bfe5-e813-4c11-ae8a-db64fadf6dd4 req-b309bfe5-e813-4c11-ae8a-db64fadf6dd4 ] Request (ServersV294TestFqdnHostnames:setUpClass): 200 GET http://10.180.1.21/compute/v2.1/servers/5c1b5fee-7174-467f-b63e-10cc3cf0e3bc 0.052s
2025-02-21 08:20:44.577 63145 INFO tempest.lib.common.rest_client [req-789980eb-1beb-41b6-b3fd-7fc68ae236b1 req-789980eb-1beb-41b6-b3fd-7fc68ae236b1 ] Request (ServersAdminNegativeTestJSON:tearDownClass): 200 GET http://10.180.1.21/compute/v2.1/servers/a3f4979c-1e6a-41bd-ac05-6ef06bd640eb 0.071s
2025-02-21 08:20:44.589 63129 INFO tempest.lib.common.rest_client [req-833f3e8c-fe84-46d3-ad91-db99b291525e req-833f3e8c-fe84-46d3-ad91-db99b291525e ] Request (FloatingIPsAssociationNegativeTestJSON:tearDownClass): 200 GET http://10.180.1.21/compute/v2.1/servers/824ef72d-6ce6-453b-a3a2-06d9c5a0bea6 0.070s
2025-02-21 08:20:44.636 63149 INFO tempest.lib.common.rest_client [req-5eb627f5-b064-4cfc-8bb8-8b46ddb24163 req-5eb627f5-b064-4cfc-8bb8-8b46ddb24163 ] Request (ServerActionsTestJSON:setUpClass): 200 GET http://10.180.1.21/compute/v2.1/servers/d4806675-c818-4b97-a2ee-71211c672ed1 0.073s
2025-02-21 08:20:44.648 63133 INFO tempest.lib.common.rest_client [req-fcb88133-56bc-43d4-afaf-7739f9d743a1 req-fcb88133-56bc-43d4-afaf-7739f9d743a1 ] Request (ServerDiagnosticsNegativeTest:tearDownClass): 200 GET http://10.180.1.21/compute/v2.1/servers/84013e5a-57bf-4d6d-90db-73b7f6f7b63f 0.084s
2025-02-21 08:20:44.687 63147 INFO tempest.lib.common.rest_client [req-10658033-deec-40f8-bdcd-6b1c4346bf6a req-10658033-deec-40f8-bdcd-6b1c4346bf6a ] Request (ServerRescueNegativeTestJSON:test_rescued_vm_detach_volume): 200 GET http://10.180.1.21/compute/v2.1/servers/a12e7a53-4957-415e-8e30-ba6cc9a367db 0.086s
2025-02-21 08:20:44.691 63123 INFO tempest.lib.common.rest_client [req-8a93da6f-b264-4bb8-970c-faab034f9604 req-8a93da6f-b264-4bb8-970c-faab034f9604 ] Request (ServerActionsTestOtherB:setUpClass): 200 GET http://10.180.1.21/compute/v2.1/servers/d76cead4-3521-4a26-9f50-90a2c674930f 0.080s
2025-02-21 08:20:44.745 63167 INFO tempest.lib.common.rest_client [req-8a18f8dc-1930-44c9-a9b5-6078002f6e00 req-8a18f8dc-1930-44c9-a9b5-6078002f6e00 ] Request (ImagesOneServerNegativeTestJSON:_run_cleanups): 200 GET http://10.180.1.21/compute/v2.1/servers/e781cd3c-2347-4273-87c1-eb3ae4421472 0.069s
2025-02-21 08:20:44.781 63157 INFO tempest.lib.common.rest_client [req-fac0a20b-cea3-40d3-8972-d99c6158790a req-fac0a20b-cea3-40d3-8972-d99c6158790a ] Request (MigrationsAdminTest:test_list_migrations_in_flavor_resize_situation): 200 GET http://10.180.1.21/compute/v2.1/servers/9d118db1-1c66-4b29-9ecf-32e7ab9460ac 0.098s
2025-02-21 08:20:44.804 63151 INFO tempest.lib.common.rest_client [req-8befbd78-55b6-478c-aae6-ca39cb6b2133 req-8befbd78-55b6-478c-aae6-ca39cb6b2133 ] Request (ServerActionsV293TestJSON:setUpClass): 200 GET http://10.180.1.21/compute/v2.1/servers/6e50ecbb-b27c-49e4-92ed-94f6842a3cf8 0.078s
2025-02-21 08:20:44.835 63131 INFO tempest.lib.common.rest_client [req-9d525a36-a6c7-49cf-b01f-21ad3aaf36ed req-9d525a36-a6c7-49cf-b01f-21ad3aaf36ed ] Request (MultipleCreateTestJSON:test_multiple_create_with_reservation_return): 200 GET http://10.180.1.21/compute/v2.1/servers/ca9e593b-bb9e-4930-8792-6e4e09190970 0.079s
2025-02-21 08:20:44.867 63137 INFO tempest.lib.common.rest_client [req-47faf5b0-6113-4ab5-810b-50ea9b64ee8b req-47faf5b0-6113-4ab5-810b-50ea9b64ee8b ] Request (ServersAdminTestJSON:setUpClass): 200 GET http://10.180.1.21/compute/v2.1/servers/beb5050f-353d-46e7-b321-360ed90d2a86 0.048s
2025-02-21 08:20:44.921 63153 INFO tempest.lib.common.rest_client [req-29a60871-1152-4ed2-a11c-153f4446b2f1 req-29a60871-1152-4ed2-a11c-153f4446b2f1 ] Request (ServersAaction247Test:test_create_backup): 200 GET http://10.180.1.21/compute/v2.1/servers/049f66d5-7650-449f-88ea-f3c0dd9b250c 0.049s
2025-02-21 08:20:44.931 63119 WARNING tempest.lib.common.ssh [-] Failed to establish authenticated ssh connection to cirros@10.180.180.205 ([Errno None] Unable to connect to port 22 on 10.180.180.205). Number attempts: 4. Retry after 5 seconds.: paramiko.ssh_exception.NoValidConnectionsError: [Errno None] Unable to connect to port 22 on 10.180.180.205
2025-02-21 08:20:44.933 63141 WARNING tempest.lib.common.ssh [-] Failed to establish authenticated ssh connection to cirros@10.180.180.222 ([Errno None] Unable to connect to port 22 on 10.180.180.222). Number attempts: 5. Retry after 6 seconds.: paramiko.ssh_exception.NoValidConnectionsError: [Errno None] Unable to connect to port 22 on 10.180.180.222
2025-02-21 08:20:44.970 63163 INFO tempest.lib.common.rest_client [req-87d4ece4-3117-4f9f-b123-1a81ab99bd31 req-87d4ece4-3117-4f9f-b123-1a81ab99bd31 ] Request (VolumesAdminNegativeTest:test_update_attached_volume_with_nonexistent_volume_in_body): 200 GET http://10.180.1.21/compute/v2.1/servers/4df8bdbf-bf4c-48da-9e0a-b9aeab2ea3bc 0.050s
2025-02-21 08:20:44.979 63125 INFO tempest.lib.common.rest_client [req-b55eb815-a9ab-42cd-8051-47ca0bb6eac6 req-b55eb815-a9ab-42cd-8051-47ca0bb6eac6 ] Request (ImagesOneServerTestJSON:setUpClass): 200 GET http://10.180.1.21/compute/v2.1/servers/5af1b9d9-375c-40ff-bf4b-a37e9d64b391 0.046s
2025-02-21 08:20:45.019 63179 INFO tempest.lib.common.rest_client [req-0ea7ea20-edf5-43b5-87ff-20b9c3074718 req-0ea7ea20-edf5-43b5-87ff-20b9c3074718 ] Request (SecurityGroupsTestJSON:test_server_security_groups): 200 GET http://10.180.1.21/compute/v2.1/servers/6b6d8663-024f-4aff-bfbe-e21c827ac529 0.047s
2025-02-21 08:20:45.102 63165 INFO tempest.lib.common.rest_client [req-5f318766-8b91-4b3d-a686-be5b17c0aa72 req-5f318766-8b91-4b3d-a686-be5b17c0aa72 ] Request (FloatingIPsAssociationTestJSON:tearDownClass): 200 GET http://10.180.1.21/compute/v2.1/servers/0337a2e1-4678-4616-9758-f964dcb14e2a 0.060s
2025-02-21 08:20:45.283 63117 INFO tempest.lib.common.rest_client [req-d29cf9b0-8807-4ce7-a5c4-610d0f7bd73f req-d29cf9b0-8807-4ce7-a5c4-610d0f7bd73f ] Request (ServersTestManualDisk:setUpClass): 200 GET http://10.180.1.21/compute/v2.1/servers/6e9a42e6-c365-466a-8a59-55bc4e74e1d4 0.103s
2025-02-21 08:20:45.315 63159 WARNING tempest.lib.common.ssh [-] Failed to establish authenticated ssh connection to cirros@10.180.180.187 ([Errno None] Unable to connect to port 22 on 10.180.180.187). Number attempts: 3. Retry after 4 seconds.: paramiko.ssh_exception.NoValidConnectionsError: [Errno None] Unable to connect to port 22 on 10.180.180.187
2025-02-21 08:20:45.321 63127 INFO tempest.lib.common.rest_client [req-04b4c1be-f09e-41e5-b19b-6abf55e0df6d req-04b4c1be-f09e-41e5-b19b-6abf55e0df6d ] Request (InstanceActionsTestJSON:test_list_instance_actions): 200 GET http://10.180.1.21/compute/v2.1/servers/2a018d3c-4575-4042-b1ff-a2d71454cb17 0.122s
2025-02-21 08:20:45.334 63169 INFO tempest.lib.common.rest_client [req-4f73a1c3-3daf-4595-8f77-b5e93e4e3263 req-4f73a1c3-3daf-4595-8f77-b5e93e4e3263 ] Request (ImagesTestJSON:test_create_image_from_suspended_server): 200 GET http://10.180.1.21/compute/v2.1/servers/febcbe0e-6f7a-4e35-ad6c-0cb60e66a34d 0.099s
2025-02-21 08:20:45.368 63155 INFO tempest.lib.common.rest_client [req-58229995-d950-4cbb-9228-c33b9e2949f0 req-58229995-d950-4cbb-9228-c33b9e2949f0 ] Request (ServerDiskConfigTestJSON:test_rebuild_server_with_manual_disk_config): 200 GET http://10.180.1.21/compute/v2.1/servers/87d29e0d-3d61-4df0-9da6-108851ff3640 0.120s
2025-02-21 08:20:45.397 63135 WARNING tempest.lib.common.ssh [-] Failed to establish authenticated ssh connection to cirros@10.180.180.168 ([Errno None] Unable to connect to port 22 on 10.180.180.168). Number attempts: 9. Retry after 10 seconds.: paramiko.ssh_exception.NoValidConnectionsError: [Errno None] Unable to connect to port 22 on 10.180.180.168
2025-02-21 08:20:45.431 63143 INFO tempest.lib.common.rest_client [req-f5ee868f-76e2-4586-9272-d0332efd83b6 req-f5ee868f-76e2-4586-9272-d0332efd83b6 ] Request (ListServerFiltersTestJSON:setUpClass): 200 GET http://10.180.1.21/compute/v2.1/servers/f79f60f7-a862-4f80-b77d-a0dd7d9bfa0d 0.050s
2025-02-21 08:20:45.460 63176 INFO tempest.lib.common.rest_client [req-6fdf9a9e-8137-4570-8485-e3da778c3faf req-6fdf9a9e-8137-4570-8485-e3da778c3faf ] Request (DeleteServersAdminTestJSON:test_delete_server_while_in_error_state): 200 GET http://10.180.1.21/compute/v2.1/servers/2e98a7c1-05e4-40c3-954d-a0ae6130f09c 0.173s
2025-02-21 08:20:45.471 63176 INFO tempest.common.waiters [-] State transition "BUILD/None" ==> "BUILD/networking" after 72 second wait
2025-02-21 08:20:45.581 63174 INFO tempest.lib.common.rest_client [req-7c513d78-bb93-4b23-b784-83589d6773db req-7c513d78-bb93-4b23-b784-83589d6773db ] Request (ServersV294TestFqdnHostnames:setUpClass): 200 GET http://10.180.1.21/compute/v2.1/servers/5c1b5fee-7174-467f-b63e-10cc3cf0e3bc 0.054s
2025-02-21 08:20:45.646 63145 INFO tempest.lib.common.rest_client [req-eb248643-ad1b-4cb5-91bd-d785cd303589 req-eb248643-ad1b-4cb5-91bd-d785cd303589 ] Request (ServersAdminNegativeTestJSON:tearDownClass): 200 GET http://10.180.1.21/compute/v2.1/servers/a3f4979c-1e6a-41bd-ac05-6ef06bd640eb 0.059s
2025-02-21 08:20:45.652 63129 INFO tempest.lib.common.rest_client [req-c5a24d1b-c9cf-4f6e-97b8-915505881c1d req-c5a24d1b-c9cf-4f6e-97b8-915505881c1d ] Request (FloatingIPsAssociationNegativeTestJSON:tearDownClass): 200 GET http://10.180.1.21/compute/v2.1/servers/824ef72d-6ce6-453b-a3a2-06d9c5a0bea6 0.053s
2025-02-21 08:20:45.653 63145 INFO tempest.common.waiters [-] State transition "SUSPENDED/deleting" ==> "DELETED/None" after 3 second wait
2025-02-21 08:20:45.694 63149 INFO tempest.lib.common.rest_client [req-238f8f89-3970-4721-a7b5-ae18d1eff143 req-238f8f89-3970-4721-a7b5-ae18d1eff143 ] Request (ServerActionsTestJSON:setUpClass): 200 GET http://10.180.1.21/compute/v2.1/servers/d4806675-c818-4b97-a2ee-71211c672ed1 0.048s
2025-02-21 08:20:45.712 63133 INFO tempest.lib.common.rest_client [req-45259235-208a-43be-8087-0f16196a07d3 req-45259235-208a-43be-8087-0f16196a07d3 ] Request (ServerDiagnosticsNegativeTest:tearDownClass): 200 GET http://10.180.1.21/compute/v2.1/servers/84013e5a-57bf-4d6d-90db-73b7f6f7b63f 0.056s
2025-02-21 08:20:45.754 63123 INFO tempest.lib.common.rest_client [req-702d39f6-347d-4ce8-85bd-5c6dd4b97f84 req-702d39f6-347d-4ce8-85bd-5c6dd4b97f84 ] Request (ServerActionsTestOtherB:setUpClass): 200 GET http://10.180.1.21/compute/v2.1/servers/d76cead4-3521-4a26-9f50-90a2c674930f 0.056s
2025-02-21 08:20:45.762 63147 INFO tempest.lib.common.rest_client [req-7ee57a94-4180-40c9-8172-fe64abc46f47 req-7ee57a94-4180-40c9-8172-fe64abc46f47 ] Request (ServerRescueNegativeTestJSON:test_rescued_vm_detach_volume): 200 GET http://10.180.1.21/compute/v2.1/servers/a12e7a53-4957-415e-8e30-ba6cc9a367db 0.060s
2025-02-21 08:20:45.812 63167 INFO tempest.lib.common.rest_client [req-2b4f7242-a7e2-4d04-bd81-8f98c97e0c56 req-2b4f7242-a7e2-4d04-bd81-8f98c97e0c56 ] Request (ImagesOneServerNegativeTestJSON:_run_cleanups): 200 GET http://10.180.1.21/compute/v2.1/servers/e781cd3c-2347-4273-87c1-eb3ae4421472 0.060s
2025-02-21 08:20:45.871 63151 INFO tempest.lib.common.rest_client [req-7aa2e929-7a2b-4af5-9ca6-546b4368e5ac req-7aa2e929-7a2b-4af5-9ca6-546b4368e5ac ] Request (ServerActionsV293TestJSON:setUpClass): 200 GET http://10.180.1.21/compute/v2.1/servers/6e50ecbb-b27c-49e4-92ed-94f6842a3cf8 0.057s
2025-02-21 08:20:45.899 63157 INFO tempest.lib.common.rest_client [req-e43fa0d6-debb-4cc7-a8f5-e615f914540f req-e43fa0d6-debb-4cc7-a8f5-e615f914540f ] Request (MigrationsAdminTest:test_list_migrations_in_flavor_resize_situation): 200 GET http://10.180.1.21/compute/v2.1/servers/9d118db1-1c66-4b29-9ecf-32e7ab9460ac 0.104s
2025-02-21 08:20:45.919 63131 INFO tempest.lib.common.rest_client [req-26b93e8a-608e-4ac1-9e07-2f979045449a req-26b93e8a-608e-4ac1-9e07-2f979045449a ] Request (MultipleCreateTestJSON:test_multiple_create_with_reservation_return): 200 GET http://10.180.1.21/compute/v2.1/servers/ca9e593b-bb9e-4930-8792-6e4e09190970 0.076s
2025-02-21 08:20:45.946 63137 INFO tempest.lib.common.rest_client [req-8b8c662a-003d-43f0-839e-8ef31a7e632b req-8b8c662a-003d-43f0-839e-8ef31a7e632b ] Request (ServersAdminTestJSON:setUpClass): 200 GET http://10.180.1.21/compute/v2.1/servers/beb5050f-353d-46e7-b321-360ed90d2a86 0.070s
2025-02-21 08:20:45.983 63153 INFO tempest.lib.common.rest_client [req-0e2abd5e-9d11-4c88-8a5d-eee6fc1f70c0 req-0e2abd5e-9d11-4c88-8a5d-eee6fc1f70c0 ] Request (ServersAaction247Test:test_create_backup): 200 GET http://10.180.1.21/compute/v2.1/servers/049f66d5-7650-449f-88ea-f3c0dd9b250c 0.051s
2025-02-21 08:20:46.030 63163 INFO tempest.lib.common.rest_client [req-d036cce5-edcc-45dc-82c2-1d440476dcf4 req-d036cce5-edcc-45dc-82c2-1d440476dcf4 ] Request (VolumesAdminNegativeTest:test_update_attached_volume_with_nonexistent_volume_in_body): 200 GET http://10.180.1.21/compute/v2.1/servers/4df8bdbf-bf4c-48da-9e0a-b9aeab2ea3bc 0.052s
