2025-02-21 08:19:25.200 63179 INFO tempest.lib.common.dynamic_creds [-] Created isolated network resources for: credentials: Credentials: {'domain_id': 'default', 'domain_name': 'Default', 'username': 'tempest-SecurityGroupsTestJSON-110659260-project-member', 'project_domain_id': 'default', 'project_domain_name': 'Default', 'project_id': 'e6a5bc69d0a24568a262c4f5e9ed7e7f', 'project_name': 'tempest-SecurityGroupsTestJSON-110659260', 'tenant_id': 'e6a5bc69d0a24568a262c4f5e9ed7e7f', 'tenant_name': 'tempest-SecurityGroupsTestJSON-110659260', 'user_domain_id': 'default', 'user_domain_name': 'Default', 'user_id': '366c3459a55f462d80008a46b76dfa4e', 'system': None}, Network: {'id': '17b0af84-95d1-4a68-9f4d-74253b7e79b3', 'name': 'tempest-SecurityGroupsTestJSON-152450858-network', 'tenant_id': 'e6a5bc69d0a24568a262c4f5e9ed7e7f', 'admin_state_up': True, 'mtu': 8950, 'status': 'ACTIVE', 'subnets': [], 'shared': False, 'project_id': 'e6a5bc69d0a24568a262c4f5e9ed7e7f', 'port_security_enabled': True, 'router:external': False, 'provider:network_type': 'vlan', 'provider:physical_network': 'default', 'provider:segmentation_id': 144, 'availability_zone_hints': [], 'availability_zones': [], 'ipv4_address_scope': None, 'ipv6_address_scope': None, 'description': '', 'tags': [], 'created_at': '2025-02-21T08:19:20Z', 'updated_at': '2025-02-21T08:19:20Z', 'revision_number': 1}, Subnet: {'id': '86ddd1c7-a6b0-400f-ac9d-1776f821b097', 'name': 'tempest-SecurityGroupsTestJSON-152450858-subnet', 'tenant_id': 'e6a5bc69d0a24568a262c4f5e9ed7e7f', 'network_id': '17b0af84-95d1-4a68-9f4d-74253b7e79b3', 'ip_version': 4, 'subnetpool_id': None, 'enable_dhcp': True, 'ipv6_ra_mode': None, 'ipv6_address_mode': None, 'gateway_ip': '192.168.128.1', 'cidr': '192.168.128.0/28', 'allocation_pools': [{'start': '192.168.128.2', 'end': '192.168.128.14'}], 'host_routes': [], 'dns_nameservers': [], 'description': '', 'router:external': False, 'service_types': [], 'tags': [], 'created_at': '2025-02-21T08:19:20Z', 'updated_at': '2025-02-21T08:19:20Z', 'revision_number': 0, 'project_id': 'e6a5bc69d0a24568a262c4f5e9ed7e7f'}, Router: {'id': 'b661d514-9032-440a-ace8-1a75f59d4ff5', 'name': 'tempest-SecurityGroupsTestJSON-152450858-router', 'tenant_id': 'e6a5bc69d0a24568a262c4f5e9ed7e7f', 'admin_state_up': True, 'status': 'ACTIVE', 'external_gateway_info': {'network_id': '6ea17d3e-d52c-494d-9691-bb09aee63ab5', 'external_fixed_ips': [{'subnet_id': 'cf9c4865-d74c-4101-8108-a708d0c3708b', 'ip_address': '10.180.180.167'}], 'enable_snat': True}, 'description': '', 'availability_zones': [], 'distributed': False, 'ha': False, 'availability_zone_hints': [], 'routes': [], 'flavor_id': None, 'tags': [], 'created_at': '2025-02-21T08:19:20Z', 'updated_at': '2025-02-21T08:19:21Z', 'revision_number': 2, 'project_id': 'e6a5bc69d0a24568a262c4f5e9ed7e7f'}
2025-02-21 08:19:25.267 63135 INFO tempest.lib.common.rest_client [req-db0861a3-1a59-4919-a9ef-1f573afde603 req-db0861a3-1a59-4919-a9ef-1f573afde603 ] Request (VolumesAssistedSnapshotsTest:test_volume_assisted_snapshot_create_delete): 200 GET http://10.180.1.21/compute/v2.1/servers/0894f61d-4fa3-4df2-86d1-2900553825cb 1.404s
2025-02-21 08:19:25.296 63159 INFO tempest.lib.common.rest_client [req-94356f82-dbfe-41c0-aa74-3191d6a24405 req-94356f82-dbfe-41c0-aa74-3191d6a24405 ] Request (ServersTestBootFromVolume:setUpClass): 200 GET http://10.180.1.21/compute/v2.1/servers/4f1bad7e-8493-42c3-b92f-fcdc48fc7461 1.434s
2025-02-21 08:19:25.332 63179 INFO tempest.lib.common.rest_client [req-784492ef-aa08-451e-ba27-a5fb2e85b1b0 req-784492ef-aa08-451e-ba27-a5fb2e85b1b0 ] Request (SecurityGroupsTestJSON:setUpClass): 201 POST http://10.180.1.21/identity/v3/auth/tokens 0.128s
2025-02-21 08:19:25.334 63121 INFO tempest.lib.common.rest_client [req-336a4ae4-8e19-42ea-b2b2-cb217e7b0989 req-336a4ae4-8e19-42ea-b2b2-cb217e7b0989 ] Request (ImagesMetadataTestJSON:test_set_image_metadata): 200 GET http://10.180.1.21/compute/v2.1/images/9803341a-f0d9-4b7b-a843-353484b53cfe/metadata 1.297s
2025-02-21 08:19:25.574 63155 INFO tempest.lib.common.rest_client [req-827d3c83-7489-4b71-99c0-3b777a810ea4 req-827d3c83-7489-4b71-99c0-3b777a810ea4 ] Request (ServerDiskConfigTestJSON:test_rebuild_server_with_auto_disk_config): 200 GET http://10.180.1.21/compute/v2.1/servers/b6ff42c3-4558-4b42-8e9f-5771339ab586 1.624s
2025-02-21 08:19:25.607 63153 INFO tempest.lib.common.rest_client [req-0b0684ae-eef2-4fa5-a556-b0ad30ed941f req-0b0684ae-eef2-4fa5-a556-b0ad30ed941f ] Request (AggregatesAdminNegativeTestJSON:_run_cleanups): 200 DELETE http://10.180.1.21/compute/v2.1/os-aggregates/7 1.430s
2025-02-21 08:19:25.614 63169 INFO tempest.lib.common.rest_client [req-3137db99-27df-4899-a304-329a5b053f5d req-3137db99-27df-4899-a304-329a5b053f5d ] Request (ImagesTestJSON:test_create_image_from_stopped_server): 200 GET http://10.180.1.21/compute/v2.1/servers/6e4b716a-3b9f-408d-a160-21f883edcdf7 1.457s
2025-02-21 08:19:25.714 63117 INFO tempest.lib.common.rest_client [req-94fc2205-a911-4989-bc0f-f076b51b1ec8 req-94fc2205-a911-4989-bc0f-f076b51b1ec8 ] Request (ServersTestManualDisk:setUpClass): 201 POST http://10.180.1.21:9696/networking/v2.0/routers 2.890s
2025-02-21 08:19:25.732 63133 INFO tempest.lib.common.rest_client [req-9395282a-932c-47b4-bba7-d71aaa7ad7e1 req-9395282a-932c-47b4-bba7-d71aaa7ad7e1 ] Request (ServerDiagnosticsNegativeTest:test_get_server_diagnostics_by_non_admin): 200 GET http://10.180.1.21/compute/v2.1/servers/84013e5a-57bf-4d6d-90db-73b7f6f7b63f 1.518s
2025-02-21 08:19:25.829 63129 INFO tempest.lib.common.rest_client [req-b7a7c9a7-1765-49dd-ba4d-dc8bbb2d06d0 req-b7a7c9a7-1765-49dd-ba4d-dc8bbb2d06d0 ] Request (FloatingIPsAssociationNegativeTestJSON:setUpClass): 200 GET http://10.180.1.21/compute/v2.1/servers/824ef72d-6ce6-453b-a3a2-06d9c5a0bea6 1.442s
2025-02-21 08:19:26.039 63145 INFO tempest.lib.common.rest_client [req-3b5f2d2e-df6e-4417-aa8a-dbf508c0d938 req-3b5f2d2e-df6e-4417-aa8a-dbf508c0d938 ] Request (ServersAdminNegativeTestJSON:setUpClass): 200 GET http://10.180.1.21/compute/v2.1/servers/24a25029-8f86-4700-9e08-a802ba3f7ef4 1.841s
2025-02-21 08:19:26.066 63143 INFO tempest.lib.common.rest_client [req-6f586be7-0329-4f85-8a9c-8e30dcaa9e11 req-6f586be7-0329-4f85-8a9c-8e30dcaa9e11 ] Request (SecurityGroupRulesTestJSON:test_security_group_rules_delete_when_peer_group_deleted): 200 POST http://10.180.1.21/compute/v2.1/os-security-groups 1.570s
2025-02-21 08:19:26.134 63127 INFO tempest.lib.common.rest_client [req-6f94b8bc-a2de-4712-9cbe-22d8a633b01e req-6f94b8bc-a2de-4712-9cbe-22d8a633b01e ] Request (InstanceActionsTestJSON:setUpClass): 201 POST http://10.180.1.21:9696/networking/v2.0/networks 0.958s
2025-02-21 08:19:26.256 63147 INFO tempest.lib.common.rest_client [req-4be9b66c-ee37-497a-b4cb-936ec879c8e4 req-4be9b66c-ee37-497a-b4cb-936ec879c8e4 ] Request (ServerRescueNegativeTestJSON:setUpClass): 200 GET http://10.180.1.21/compute/v2.1/servers/cdcb3ad4-b2e0-45de-bcf9-81ce6ab2f9f7 1.645s
2025-02-21 08:19:26.315 63139 INFO tempest.lib.common.rest_client [req-d148abe6-3db8-4ac5-abc5-ade71248166a req-d148abe6-3db8-4ac5-abc5-ade71248166a ] Request (ServersWithSpecificFlavorTestJSON:test_verify_created_server_ephemeral_disk): 200 GET http://10.180.1.21/compute/v2.1/servers/e0a6fe33-8f46-4ac4-ab56-751785d08772 1.594s
2025-02-21 08:19:26.324 63163 INFO tempest.lib.common.rest_client [req-579c0728-b31c-45f3-8d5b-6861dc111b25 req-579c0728-b31c-45f3-8d5b-6861dc111b25 ] Request (FlavorsExtraSpecsNegativeTestJSON:test_flavor_non_admin_unset_keys): 403 DELETE http://10.180.1.21/compute/v2.1/flavors/1538343500/os-extra_specs/hw:numa_nodes 1.480s
2025-02-21 08:19:26.389 63141 INFO tempest.lib.common.rest_client [req-a27a608b-fc19-4b23-9a40-c6b7ade80bfc req-a27a608b-fc19-4b23-9a40-c6b7ade80bfc ] Request (AttachInterfacesTestJSON:test_create_list_show_delete_interfaces_by_fixed_ip): 200 GET http://10.180.1.21/compute/v2.1/servers/bd6d838d-622f-42c5-ba9d-bc691898a1a2 1.443s
2025-02-21 08:19:26.431 63151 INFO tempest.lib.common.rest_client [req-ad297696-75aa-4ffe-b945-0b568f5f7046 req-ad297696-75aa-4ffe-b945-0b568f5f7046 ] Request (SecurityGroupRulesNegativeTestJSON:test_create_security_group_rule_duplicate): 200 POST http://10.180.1.21/compute/v2.1/os-security-groups 1.861s
2025-02-21 08:19:26.448 63137 INFO tempest.lib.common.rest_client [req-be6e683f-6ee1-4991-92f3-6fcd94a1962a req-be6e683f-6ee1-4991-92f3-6fcd94a1962a ] Request (ServerExternalEventsTest:tearDownClass): 200 GET http://10.180.1.21/compute/v2.1/servers/58230e43-0ef1-4f60-9419-f0826b2b1369 1.265s
2025-02-21 08:19:26.560 63127 INFO tempest.lib.common.rest_client [req-c0290bdc-aa31-455a-b876-97db3c0f8999 req-c0290bdc-aa31-455a-b876-97db3c0f8999 ] Request (InstanceActionsTestJSON:setUpClass): 201 POST http://10.180.1.21:9696/networking/v2.0/subnets 0.425s
2025-02-21 08:19:26.686 63179 INFO tempest.lib.common.rest_client [req-de5b3d06-de61-410b-8c3e-305bd4463e72 req-de5b3d06-de61-410b-8c3e-305bd4463e72 ] Request (SecurityGroupsTestJSON:test_list_security_groups_by_server): 200 POST http://10.180.1.21/compute/v2.1/os-security-groups 1.352s
2025-02-21 08:19:26.717 63121 INFO tempest.lib.common.rest_client [req-e2d75d11-0c8e-4e44-a90e-9141a148d401 req-e2d75d11-0c8e-4e44-a90e-9141a148d401 ] Request (ImagesMetadataTestJSON:setUp): 200 PUT http://10.180.1.21/compute/v2.1/images/9803341a-f0d9-4b7b-a843-353484b53cfe/metadata 1.381s
2025-02-21 08:19:26.800 63177 INFO tempest.lib.common.rest_client [req-03689a43-16f2-4fe0-a555-b49738592f18 req-03689a43-16f2-4fe0-a555-b49738592f18 ] Request (ServersTestFqdnHostnames:test_create_server_with_fqdn_name): 200 GET http://10.180.1.21/compute/v2.1/servers/c87add25-546f-4e34-83c7-02e039121252 1.305s
2025-02-21 08:19:26.804 63131 INFO tempest.lib.common.rest_client [req-f41f65ca-8fbb-471b-9dbd-0cbd8eedae5e req-f41f65ca-8fbb-471b-9dbd-0cbd8eedae5e ] Request (MultipleCreateTestJSON:_run_cleanups): 200 GET http://10.180.1.21/compute/v2.1/servers/e496a4a3-4fd3-4909-b25c-d279035304e6 1.375s
2025-02-21 08:19:26.843 63153 INFO tempest.lib.common.rest_client [req-268af21d-e7e3-4be2-aff7-fbab85ba04a8 req-268af21d-e7e3-4be2-aff7-fbab85ba04a8 ] Request (AggregatesAdminNegativeTestJSON:test_aggregate_remove_nonexistent_host): 200 POST http://10.180.1.21/compute/v2.1/os-aggregates 1.234s
2025-02-21 08:19:26.937 63125 INFO tempest.lib.common.rest_client [req-87f32609-7f9e-4079-b07f-67c5505409ba req-87f32609-7f9e-4079-b07f-67c5505409ba ] Request (ServerDiagnosticsV248Test:tearDownClass): 200 GET http://10.180.1.21/compute/v2.1/servers/0d12a280-ff76-410b-bc50-f400c0a7c1d5 1.372s
2025-02-21 08:19:26.974 63149 INFO tempest.lib.common.rest_client [req-c419a7e1-90aa-4630-8fcd-f019ee7bb9e0 req-c419a7e1-90aa-4630-8fcd-f019ee7bb9e0 ] Request (AttachInterfacesV270Test:test_create_get_list_interfaces): 200 GET http://10.180.1.21/compute/v2.1/servers/4b89ce2c-d526-4f6b-9d98-7eff2a2950ba 1.341s
2025-02-21 08:19:27.008 63123 INFO tempest.lib.common.rest_client [req-636641db-6583-4e90-8880-496e283d3b52 req-636641db-6583-4e90-8880-496e283d3b52 ] Request (ImagesNegativeTestJSON:test_create_image_from_deleted_server): 200 GET http://10.180.1.21/compute/v2.1/servers/d5e2dfd8-bd13-4ca2-b7c5-d4d7ec596aea 1.305s
2025-02-21 08:19:27.059 63176 INFO tempest.lib.common.rest_client [req-936e138a-dd15-4ba7-b043-44150f311bb3 req-936e138a-dd15-4ba7-b043-44150f311bb3 ] Request (DeleteServersAdminTestJSON:test_admin_delete_servers_of_others): 200 GET http://10.180.1.21/compute/v2.1/servers/44fc0c41-2667-49dc-9956-ae42ad5c69dd 1.262s
2025-02-21 08:19:27.079 63119 INFO tempest.lib.common.rest_client [req-616539fe-cac6-428c-8d87-fddf3fffe6f2 req-616539fe-cac6-428c-8d87-fddf3fffe6f2 ] Request (AttachVolumeShelveTestJSON:test_attach_volume_shelved_or_offload_server): 200 GET http://10.180.1.21/compute/v2.1/servers/0f05490a-be68-46a4-af3b-0937bcc1093d 1.259s
2025-02-21 08:19:27.138 63165 INFO tempest.lib.common.rest_client [req-2c340c10-0d45-4a21-8c24-339f0b8cbe6e req-2c340c10-0d45-4a21-8c24-339f0b8cbe6e ] Request (FloatingIPsAssociationTestJSON:test_associate_already_associated_floating_ip): 200 GET http://10.180.1.21/compute/v2.1/servers/0337a2e1-4678-4616-9758-f964dcb14e2a 1.225s
2025-02-21 08:19:27.212 63174 INFO tempest.lib.common.rest_client [req-95308501-eb48-4283-9d25-2ece6bf4a9c0 req-95308501-eb48-4283-9d25-2ece6bf4a9c0 ] Request (ServersAdmin275Test:tearDownClass): 200 GET http://10.180.1.21/compute/v2.1/servers/e634edd2-e0ee-44f3-992a-b10f08a93022 1.159s
2025-02-21 08:19:27.223 63174 INFO tempest.common.waiters [-] State transition "ACTIVE/deleting" ==> "DELETED/None" after 5 second wait
2025-02-21 08:19:27.226 63157 INFO tempest.lib.common.rest_client [req-04f6603d-f932-4693-8cf6-37ecdfca0ef6 req-04f6603d-f932-4693-8cf6-37ecdfca0ef6 ] Request (MigrationsAdminTest:test_list_migrations_in_flavor_resize_situation): 200 GET http://10.180.1.21/compute/v2.1/servers/9d118db1-1c66-4b29-9ecf-32e7ab9460ac 1.248s
2025-02-21 08:19:27.235 63157 INFO tempest.common.waiters [-] State transition "BUILD/networking" ==> "BUILD/spawning" after 31 second wait
2025-02-21 08:19:27.290 63167 INFO tempest.lib.common.rest_client [req-4f93efcc-29cb-4d5d-8a1a-26bff17bfed9 req-4f93efcc-29cb-4d5d-8a1a-26bff17bfed9 ] Request (ImagesOneServerNegativeTestJSON:setUpClass): 200 GET http://10.180.1.21/compute/v2.1/servers/e781cd3c-2347-4273-87c1-eb3ae4421472 1.175s
2025-02-21 08:19:27.345 63171 INFO tempest.lib.common.rest_client [req-8e21d630-c10e-437e-b6ef-181adc42b5c2 req-8e21d630-c10e-437e-b6ef-181adc42b5c2 ] Request (ServerDiagnosticsTest:tearDownClass): 200 GET http://10.180.1.21/compute/v2.1/servers/ad3e6ef4-be7f-4f54-9746-9280bbadd9be 1.172s
2025-02-21 08:19:27.464 63135 INFO tempest.lib.common.rest_client [req-29a2b59e-b760-48d0-bf06-3d495a64ae33 req-29a2b59e-b760-48d0-bf06-3d495a64ae33 ] Request (VolumesAssistedSnapshotsTest:test_volume_assisted_snapshot_create_delete): 200 GET http://10.180.1.21/compute/v2.1/servers/0894f61d-4fa3-4df2-86d1-2900553825cb 1.188s
2025-02-21 08:19:27.515 63159 INFO tempest.lib.common.rest_client [req-5431bd28-6fd6-479b-b729-2f2d872be56e req-5431bd28-6fd6-479b-b729-2f2d872be56e ] Request (ServersTestBootFromVolume:setUpClass): 200 GET http://10.180.1.21/compute/v2.1/servers/4f1bad7e-8493-42c3-b92f-fcdc48fc7461 1.208s
2025-02-21 08:19:27.539 63163 INFO tempest.lib.common.rest_client [req-d58189d6-e13d-4ec8-bd44-3c1257df5b39 req-d58189d6-e13d-4ec8-bd44-3c1257df5b39 ] Request (FlavorsExtraSpecsNegativeTestJSON:test_flavor_non_admin_update_specific_key): 200 POST http://10.180.1.21/compute/v2.1/flavors/1538343500/os-extra_specs 1.214s
2025-02-21 08:19:27.588 63143 INFO tempest.lib.common.rest_client [req-37d2acbb-5c5d-434f-aa4d-a17cfc3dcbd3 req-37d2acbb-5c5d-434f-aa4d-a17cfc3dcbd3 ] Request (SecurityGroupRulesTestJSON:test_security_group_rules_delete_when_peer_group_deleted): 200 POST http://10.180.1.21/compute/v2.1/os-security-group-rules 1.518s
2025-02-21 08:19:27.651 63151 INFO tempest.lib.common.rest_client [req-9ed59d21-b762-41b4-ae5f-5ee845d54cdc req-9ed59d21-b762-41b4-ae5f-5ee845d54cdc ] Request (SecurityGroupRulesNegativeTestJSON:test_create_security_group_rule_duplicate): 200 POST http://10.180.1.21/compute/v2.1/os-security-group-rules 1.215s
2025-02-21 08:19:27.682 63155 INFO tempest.lib.common.rest_client [req-e6e69913-9430-4320-8bde-a1f61380319e req-e6e69913-9430-4320-8bde-a1f61380319e ] Request (ServerDiskConfigTestJSON:test_rebuild_server_with_auto_disk_config): 200 GET http://10.180.1.21/compute/v2.1/servers/b6ff42c3-4558-4b42-8e9f-5771339ab586 1.094s
2025-02-21 08:19:27.753 63169 INFO tempest.lib.common.rest_client [req-557d4c83-d4b5-45e3-98de-0c2de7a1cd2e req-557d4c83-d4b5-45e3-98de-0c2de7a1cd2e ] Request (ImagesTestJSON:test_create_image_from_stopped_server): 200 GET http://10.180.1.21/compute/v2.1/servers/6e4b716a-3b9f-408d-a160-21f883edcdf7 1.126s
2025-02-21 08:19:27.991 63121 INFO tempest.lib.common.rest_client [req-de46d022-6f25-4ba7-b52a-52ff674651d5 req-de46d022-6f25-4ba7-b52a-52ff674651d5 ] Request (ImagesMetadataTestJSON:test_set_image_metadata_item): 200 PUT http://10.180.1.21/compute/v2.1/images/9803341a-f0d9-4b7b-a843-353484b53cfe/metadata/os_version 1.272s
2025-02-21 08:19:28.090 63133 INFO tempest.lib.common.rest_client [req-4a1bcde1-7450-4d9b-93ad-5dbe32f98215 req-4a1bcde1-7450-4d9b-93ad-5dbe32f98215 ] Request (ServerDiagnosticsNegativeTest:test_get_server_diagnostics_by_non_admin): 200 GET http://10.180.1.21/compute/v2.1/servers/84013e5a-57bf-4d6d-90db-73b7f6f7b63f 1.346s
2025-02-21 08:19:28.143 63129 INFO tempest.lib.common.rest_client [req-eb882729-dd34-43d7-a7d6-6b198191fbf6 req-eb882729-dd34-43d7-a7d6-6b198191fbf6 ] Request (FloatingIPsAssociationNegativeTestJSON:setUpClass): 200 GET http://10.180.1.21/compute/v2.1/servers/824ef72d-6ce6-453b-a3a2-06d9c5a0bea6 1.298s
2025-02-21 08:19:28.151 63129 INFO tempest.common.waiters [-] State transition "BUILD/scheduling" ==> "BUILD/None" after 14 second wait
2025-02-21 08:19:28.188 63153 INFO tempest.lib.common.rest_client [req-e380ad75-4668-4731-b595-dc05cec2d774 req-e380ad75-4668-4731-b595-dc05cec2d774 ] Request (AggregatesAdminNegativeTestJSON:test_aggregate_remove_nonexistent_host): 404 POST http://10.180.1.21/compute/v2.1/os-aggregates/8/action 1.342s
2025-02-21 08:19:28.188 63179 INFO tempest.lib.common.rest_client [req-3299d3c0-5946-44b7-96dc-a583b4d658d8 req-3299d3c0-5946-44b7-96dc-a583b4d658d8 ] Request (SecurityGroupsTestJSON:test_list_security_groups_by_server): 200 POST http://10.180.1.21/compute/v2.1/os-security-groups 1.496s
2025-02-21 08:19:28.192 63117 INFO tempest.lib.common.rest_client [req-c057356f-0cf6-4e17-a72a-00e2b20f1e92 req-c057356f-0cf6-4e17-a72a-00e2b20f1e92 ] Request (ServersTestManualDisk:setUpClass): 200 PUT http://10.180.1.21:9696/networking/v2.0/routers/19c615e2-8b2f-48c1-9324-dbb8dcb3ab1c/add_router_interface 2.477s
2025-02-21 08:19:28.193 63117 INFO tempest.lib.common.dynamic_creds [-] Created isolated network resources for: credentials: Credentials: {'domain_id': 'default', 'domain_name': 'Default', 'username': 'tempest-ServersTestManualDisk-1695080065-project-member', 'project_domain_id': 'default', 'project_domain_name': 'Default', 'project_id': 'd40190b781bf4a9baf35831fae0dc43d', 'project_name': 'tempest-ServersTestManualDisk-1695080065', 'tenant_id': 'd40190b781bf4a9baf35831fae0dc43d', 'tenant_name': 'tempest-ServersTestManualDisk-1695080065', 'user_domain_id': 'default', 'user_domain_name': 'Default', 'user_id': '797ec693bae44540bf98cd99ed92b1de', 'system': None}, Network: {'id': 'ae31610a-1444-4379-8da7-3fb9d8da9540', 'name': 'tempest-ServersTestManualDisk-1169879611-network', 'tenant_id': 'd40190b781bf4a9baf35831fae0dc43d', 'admin_state_up': True, 'mtu': 8950, 'status': 'ACTIVE', 'subnets': [], 'shared': False, 'project_id': 'd40190b781bf4a9baf35831fae0dc43d', 'port_security_enabled': True, 'router:external': False, 'provider:network_type': 'vlan', 'provider:physical_network': 'default', 'provider:segmentation_id': 384, 'availability_zone_hints': [], 'availability_zones': [], 'ipv4_address_scope': None, 'ipv6_address_scope': None, 'description': '', 'tags': [], 'created_at': '2025-02-21T08:19:22Z', 'updated_at': '2025-02-21T08:19:22Z', 'revision_number': 1}, Subnet: {'id': 'f346f1ac-46b4-47ee-849c-fd64cef29ba8', 'name': 'tempest-ServersTestManualDisk-1169879611-subnet', 'tenant_id': 'd40190b781bf4a9baf35831fae0dc43d', 'network_id': 'ae31610a-1444-4379-8da7-3fb9d8da9540', 'ip_version': 4, 'subnetpool_id': None, 'enable_dhcp': True, 'ipv6_ra_mode': None, 'ipv6_address_mode': None, 'gateway_ip': '192.168.128.1', 'cidr': '192.168.128.0/28', 'allocation_pools': [{'start': '192.168.128.2', 'end': '192.168.128.14'}], 'host_routes': [], 'dns_nameservers': [], 'description': '', 'router:external': False, 'service_types': [], 'tags': [], 'created_at': '2025-02-21T08:19:22Z', 'updated_at': '2025-02-21T08:19:22Z', 'revision_number': 0, 'project_id': 'd40190b781bf4a9baf35831fae0dc43d'}, Router: {'id': '19c615e2-8b2f-48c1-9324-dbb8dcb3ab1c', 'name': 'tempest-ServersTestManualDisk-1169879611-router', 'tenant_id': 'd40190b781bf4a9baf35831fae0dc43d', 'admin_state_up': True, 'status': 'ACTIVE', 'external_gateway_info': {'network_id': '6ea17d3e-d52c-494d-9691-bb09aee63ab5', 'external_fixed_ips': [{'subnet_id': 'cf9c4865-d74c-4101-8108-a708d0c3708b', 'ip_address': '10.180.180.239'}], 'enable_snat': True}, 'description': '', 'availability_zones': [], 'distributed': False, 'ha': False, 'availability_zone_hints': [], 'routes': [], 'flavor_id': None, 'tags': [], 'created_at': '2025-02-21T08:19:22Z', 'updated_at': '2025-02-21T08:19:24Z', 'revision_number': 2, 'project_id': 'd40190b781bf4a9baf35831fae0dc43d'}
2025-02-21 08:19:28.241 63179 INFO tempest.lib.common.rest_client [req-87fdee4e-85a7-4f29-ab83-a924f254da84 req-87fdee4e-85a7-4f29-ab83-a924f254da84 ] Request (SecurityGroupsTestJSON:test_list_security_groups_by_server): 201 POST http://10.180.1.21/identity/v3/auth/tokens 0.039s
2025-02-21 08:19:28.241 63179 INFO tempest.lib.common.fixed_network [-] (SecurityGroupsTestJSON:test_list_security_groups_by_server) Found network {'id': '17b0af84-95d1-4a68-9f4d-74253b7e79b3', 'name': 'tempest-SecurityGroupsTestJSON-152450858-network', 'tenant_id': 'e6a5bc69d0a24568a262c4f5e9ed7e7f', 'admin_state_up': True, 'mtu': 8950, 'status': 'ACTIVE', 'subnets': [], 'shared': False, 'project_id': 'e6a5bc69d0a24568a262c4f5e9ed7e7f', 'port_security_enabled': True, 'router:external': False, 'provider:network_type': 'vlan', 'provider:physical_network': 'default', 'provider:segmentation_id': 144, 'availability_zone_hints': [], 'availability_zones': [], 'ipv4_address_scope': None, 'ipv6_address_scope': None, 'description': '', 'tags': [], 'created_at': '2025-02-21T08:19:20Z', 'updated_at': '2025-02-21T08:19:20Z', 'revision_number': 1} available for tenant
2025-02-21 08:19:28.297 63117 INFO tempest.lib.common.rest_client [req-07d7dfb9-03ae-42c6-bd42-fef77dac8523 req-07d7dfb9-03ae-42c6-bd42-fef77dac8523 ] Request (ServersTestManualDisk:setUpClass): 201 POST http://10.180.1.21/identity/v3/auth/tokens 0.097s
2025-02-21 08:19:28.333 63145 INFO tempest.lib.common.rest_client [req-89c074c6-e57d-4604-a51e-19195a95ac1c req-89c074c6-e57d-4604-a51e-19195a95ac1c ] Request (ServersAdminNegativeTestJSON:setUpClass): 200 GET http://10.180.1.21/compute/v2.1/servers/24a25029-8f86-4700-9e08-a802ba3f7ef4 1.286s
2025-02-21 08:19:28.340 63145 INFO tempest.common.waiters [-] State transition "BUILD/spawning" ==> "ACTIVE/None" after 36 second wait
2025-02-21 08:19:28.411 63139 INFO tempest.lib.common.rest_client [req-a1fc1963-b1b2-46cf-b228-19ac95e6652d req-a1fc1963-b1b2-46cf-b228-19ac95e6652d ] Request (ServersWithSpecificFlavorTestJSON:test_verify_created_server_ephemeral_disk): 200 GET http://10.180.1.21/compute/v2.1/servers/e0a6fe33-8f46-4ac4-ab56-751785d08772 1.086s
2025-02-21 08:19:28.420 63139 INFO tempest.common.waiters [-] State transition "BUILD/None" ==> "BUILD/networking" after 25 second wait
2025-02-21 08:19:28.431 63147 INFO tempest.lib.common.rest_client [req-1effc43d-fb8b-48c7-bf3b-d2b8b0e0dd27 req-1effc43d-fb8b-48c7-bf3b-d2b8b0e0dd27 ] Request (ServerRescueNegativeTestJSON:setUpClass): 200 GET http://10.180.1.21/compute/v2.1/servers/cdcb3ad4-b2e0-45de-bcf9-81ce6ab2f9f7 1.165s
2025-02-21 08:19:28.444 63147 INFO tempest.common.waiters [-] State transition "BUILD/spawning" ==> "ACTIVE/None" after 36 second wait
2025-02-21 08:19:28.450 63127 INFO tempest.lib.common.rest_client [req-c45ee172-d794-436d-ba92-e0b58c55cd9c req-c45ee172-d794-436d-ba92-e0b58c55cd9c ] Request (InstanceActionsTestJSON:setUpClass): 201 POST http://10.180.1.21:9696/networking/v2.0/routers 1.889s
2025-02-21 08:19:28.482 63141 INFO tempest.lib.common.rest_client [req-e1b038bc-c40c-41b8-8001-f971f4c9a287 req-e1b038bc-c40c-41b8-8001-f971f4c9a287 ] Request (AttachInterfacesTestJSON:test_create_list_show_delete_interfaces_by_fixed_ip): 200 GET http://10.180.1.21/compute/v2.1/servers/bd6d838d-622f-42c5-ba9d-bc691898a1a2 1.081s
2025-02-21 08:19:28.488 63163 INFO tempest.lib.common.rest_client [req-b0ee3d12-cda7-44b8-bc38-8d48cd0d3c0b req-b0ee3d12-cda7-44b8-bc38-8d48cd0d3c0b ] Request (FlavorsExtraSpecsNegativeTestJSON:test_flavor_non_admin_update_specific_key): 403 PUT http://10.180.1.21/compute/v2.1/flavors/1538343500/os-extra_specs/hw:numa_nodes 0.948s
2025-02-21 08:19:28.538 63137 INFO tempest.lib.common.rest_client [req-8c97734e-b3e2-4b8f-8112-a9c8ec032e10 req-8c97734e-b3e2-4b8f-8112-a9c8ec032e10 ] Request (ServerExternalEventsTest:tearDownClass): 200 GET http://10.180.1.21/compute/v2.1/servers/58230e43-0ef1-4f60-9419-f0826b2b1369 1.077s
2025-02-21 08:19:28.592 63151 INFO tempest.lib.common.rest_client [req-ed227049-7d5f-43fb-ad29-86d2b6a5e992 req-ed227049-7d5f-43fb-ad29-86d2b6a5e992 ] Request (SecurityGroupRulesNegativeTestJSON:test_create_security_group_rule_duplicate): 400 POST http://10.180.1.21/compute/v2.1/os-security-group-rules 0.939s
2025-02-21 08:19:28.674 63177 INFO tempest.lib.common.rest_client [req-6a0141bc-f365-4aa4-98b2-12408107e7d6 req-6a0141bc-f365-4aa4-98b2-12408107e7d6 ] Request (ServersTestFqdnHostnames:test_create_server_with_fqdn_name): 200 GET http://10.180.1.21/compute/v2.1/servers/c87add25-546f-4e34-83c7-02e039121252 0.864s
2025-02-21 08:19:28.748 63143 INFO tempest.lib.common.rest_client [req-9e03b80a-d9fc-442f-8906-bd805c16c9d9 req-9e03b80a-d9fc-442f-8906-bd805c16c9d9 ] Request (SecurityGroupRulesTestJSON:test_security_group_rules_delete_when_peer_group_deleted): 202 DELETE http://10.180.1.21/compute/v2.1/os-security-groups/b0cc396a-fd0d-4388-abe1-9d4b7e8898ac 1.157s
2025-02-21 08:19:28.771 63131 INFO tempest.lib.common.rest_client [req-4d0a09c0-bcf9-4eae-89b1-d948b2af8975 req-4d0a09c0-bcf9-4eae-89b1-d948b2af8975 ] Request (MultipleCreateTestJSON:_run_cleanups): 200 GET http://10.180.1.21/compute/v2.1/servers/e496a4a3-4fd3-4909-b25c-d279035304e6 0.950s
2025-02-21 08:19:28.780 63131 INFO tempest.common.waiters [-] State transition "ACTIVE/deleting" ==> "DELETED/None" after 4 second wait
2025-02-21 08:19:28.823 63125 INFO tempest.lib.common.rest_client [req-eeacfcf4-fa42-40ee-a015-86c8d9accce0 req-eeacfcf4-fa42-40ee-a015-86c8d9accce0 ] Request (ServerDiagnosticsV248Test:tearDownClass): 200 GET http://10.180.1.21/compute/v2.1/servers/0d12a280-ff76-410b-bc50-f400c0a7c1d5 0.870s
2025-02-21 08:19:28.870 63149 INFO tempest.lib.common.rest_client [req-bdb30097-911e-4a1c-8b96-9d08746d141a req-bdb30097-911e-4a1c-8b96-9d08746d141a ] Request (AttachInterfacesV270Test:test_create_get_list_interfaces): 200 GET http://10.180.1.21/compute/v2.1/servers/4b89ce2c-d526-4f6b-9d98-7eff2a2950ba 0.884s
2025-02-21 08:19:28.871 63121 INFO tempest.lib.common.rest_client [req-4885b0d5-fb9a-4b6c-bfb1-e0299565b8be req-4885b0d5-fb9a-4b6c-bfb1-e0299565b8be ] Request (ImagesMetadataTestJSON:test_set_image_metadata_item): 200 GET http://10.180.1.21/compute/v2.1/images/9803341a-f0d9-4b7b-a843-353484b53cfe/metadata 0.880s
2025-02-21 08:19:28.943 63123 INFO tempest.lib.common.rest_client [req-d1f83029-0f0f-485f-8055-8e8437abd32d req-d1f83029-0f0f-485f-8055-8e8437abd32d ] Request (ImagesNegativeTestJSON:test_create_image_from_deleted_server): 200 GET http://10.180.1.21/compute/v2.1/servers/d5e2dfd8-bd13-4ca2-b7c5-d4d7ec596aea 0.922s
2025-02-21 08:19:28.977 63176 INFO tempest.lib.common.rest_client [req-45faa809-132f-44ce-b1c2-35d40c7d6b9e req-45faa809-132f-44ce-b1c2-35d40c7d6b9e ] Request (DeleteServersAdminTestJSON:test_admin_delete_servers_of_others): 200 GET http://10.180.1.21/compute/v2.1/servers/44fc0c41-2667-49dc-9956-ae42ad5c69dd 0.904s
2025-02-21 08:19:29.004 63119 INFO tempest.lib.common.rest_client [req-4cc7b870-45c9-471d-bb4c-20fe30296594 req-4cc7b870-45c9-471d-bb4c-20fe30296594 ] Request (AttachVolumeShelveTestJSON:test_attach_volume_shelved_or_offload_server): 200 GET http://10.180.1.21/compute/v2.1/servers/0f05490a-be68-46a4-af3b-0937bcc1093d 0.911s
2025-02-21 08:19:29.026 63153 INFO tempest.lib.common.rest_client [req-7325d5c3-3c0e-48c3-8ba1-e6782ed39774 req-7325d5c3-3c0e-48c3-8ba1-e6782ed39774 ] Request (AggregatesAdminNegativeTestJSON:_run_cleanups): 200 DELETE http://10.180.1.21/compute/v2.1/os-aggregates/8 0.836s
2025-02-21 08:19:29.026 63165 INFO tempest.lib.common.rest_client [req-348ba129-9307-4aa9-8cf3-36d50f7f7d39 req-348ba129-9307-4aa9-8cf3-36d50f7f7d39 ] Request (FloatingIPsAssociationTestJSON:test_associate_already_associated_floating_ip): 200 GET http://10.180.1.21/compute/v2.1/servers/0337a2e1-4678-4616-9758-f964dcb14e2a 0.879s
2025-02-21 08:19:29.104 63174 INFO tempest.lib.common.rest_client [req-ef91b106-81a8-4b02-ae17-60dad3e981ab req-ef91b106-81a8-4b02-ae17-60dad3e981ab ] Request (ServersAdmin275Test:tearDownClass): 200 GET http://10.180.1.21/compute/v2.1/servers/e634edd2-e0ee-44f3-992a-b10f08a93022 0.878s
2025-02-21 08:19:29.141 63153 INFO tempest.lib.common.rest_client [req-ad05b667-2602-43eb-bed2-39d021c7b67d req-ad05b667-2602-43eb-bed2-39d021c7b67d ] Request (AggregatesAdminNegativeTestJSON:tearDownClass): 204 DELETE http://10.180.1.21/identity/v3/users/34442f193fb644f3af566708db0ce5f1 0.113s
2025-02-21 08:19:29.151 63157 INFO tempest.lib.common.rest_client [req-0ced0151-1c7c-4cf9-8bd3-4d8304112bd3 req-0ced0151-1c7c-4cf9-8bd3-4d8304112bd3 ] Request (MigrationsAdminTest:test_list_migrations_in_flavor_resize_situation): 200 GET http://10.180.1.21/compute/v2.1/servers/9d118db1-1c66-4b29-9ecf-32e7ab9460ac 0.915s
2025-02-21 08:19:29.240 63153 INFO tempest.lib.common.rest_client [req-475bfa75-9a72-4f11-a28e-3142137b778e req-475bfa75-9a72-4f11-a28e-3142137b778e ] Request (AggregatesAdminNegativeTestJSON:tearDownClass): 204 DELETE http://10.180.1.21/identity/v3/users/72882f8f3b8e4857a2f7a2ef8f329670 0.099s
2025-02-21 08:19:29.240 63153 INFO tempest.lib.common.dynamic_creds [-] Deleting project and security group for project: abae52bac9b94419af07443bd146ca77
2025-02-21 08:19:29.279 63117 INFO tempest.lib.common.rest_client [req-116ed7cd-48ba-4448-80f4-35352cdf4b09 req-116ed7cd-48ba-4448-80f4-35352cdf4b09 ] Request (ServersTestManualDisk:setUpClass): 200 POST http://10.180.1.21/compute/v2.1/os-keypairs 0.979s
2025-02-21 08:19:29.315 63153 INFO tempest.lib.common.rest_client [req-74e3de37-bf8b-470a-8111-8b53e164a959 req-74e3de37-bf8b-470a-8111-8b53e164a959 ] Request (AggregatesAdminNegativeTestJSON:tearDownClass): 201 POST http://10.180.1.21/identity/v3/auth/tokens 0.074s
2025-02-21 08:19:29.344 63167 INFO tempest.lib.common.rest_client [req-19552160-2296-4f56-9717-efa7f5afe10f req-19552160-2296-4f56-9717-efa7f5afe10f ] Request (ImagesOneServerNegativeTestJSON:setUpClass): 200 GET http://10.180.1.21/compute/v2.1/servers/e781cd3c-2347-4273-87c1-eb3ae4421472 1.042s
2025-02-21 08:19:29.399 63117 INFO tempest.lib.common.rest_client [req-bb24fb8e-6fc6-47df-adbc-60da825b0ec6 req-bb24fb8e-6fc6-47df-adbc-60da825b0ec6 ] Request (ServersTestManualDisk:setUpClass): 201 POST http://10.180.1.21:9696/networking/v2.0/security-groups 0.118s
2025-02-21 08:19:29.486 63145 INFO tempest.lib.common.rest_client [req-f505973e-61d7-4d09-abdf-75a522d622f9 req-f505973e-61d7-4d09-abdf-75a522d622f9 ] Request (ServersAdminNegativeTestJSON:test_migrate_non_existent_server): 404 POST http://10.180.1.21/compute/v2.1/servers/07ac9194-081b-4fc9-a7b2-c58a1e2bb2c1/action 1.144s
2025-02-21 08:19:29.549 63153 INFO tempest.lib.common.rest_client [req-57997f05-ec34-41dd-bd3d-628fbf808dd1 req-57997f05-ec34-41dd-bd3d-628fbf808dd1 ] Request (AggregatesAdminNegativeTestJSON:tearDownClass): 200 GET http://10.180.1.21:9696/networking/v2.0/security-groups?tenant_id=abae52bac9b94419af07443bd146ca77&name=default 0.233s
2025-02-21 08:19:29.550 63179 INFO tempest.lib.common.rest_client [req-177c0e93-15f8-46be-8205-71a2fa2f562b req-177c0e93-15f8-46be-8205-71a2fa2f562b ] Request (SecurityGroupsTestJSON:test_list_security_groups_by_server): 202 POST http://10.180.1.21/compute/v2.1/servers 1.309s
2025-02-21 08:19:29.553 63117 INFO tempest.lib.common.rest_client [req-4442f349-8f87-446d-92bf-036344aab6ce req-4442f349-8f87-446d-92bf-036344aab6ce ] Request (ServersTestManualDisk:setUpClass): 201 POST http://10.180.1.21:9696/networking/v2.0/security-group-rules 0.152s
2025-02-21 08:19:29.569 63145 INFO tempest.lib.common.rest_client [req-432b0853-e499-44d5-89eb-d6d1eb40a1a6 req-432b0853-e499-44d5-89eb-d6d1eb40a1a6 ] Request (ServersAdminNegativeTestJSON:test_migrate_server_invalid_state): 201 POST http://10.180.1.21/identity/v3/auth/tokens 0.076s
2025-02-21 08:19:29.571 63145 INFO tempest.lib.common.fixed_network [-] (ServersAdminNegativeTestJSON:test_migrate_server_invalid_state) Found network None available for tenant
2025-02-21 08:19:29.575 63171 INFO tempest.lib.common.rest_client [req-113da98e-2b5b-409a-a60f-6a003d8dd91b req-113da98e-2b5b-409a-a60f-6a003d8dd91b ] Request (ServerDiagnosticsTest:tearDownClass): 200 GET http://10.180.1.21/compute/v2.1/servers/ad3e6ef4-be7f-4f54-9746-9280bbadd9be 1.217s
2025-02-21 08:19:29.582 63171 INFO tempest.common.waiters [-] State transition "ACTIVE/deleting" ==> "DELETED/None" after 4 second wait
2025-02-21 08:19:29.684 63147 INFO tempest.lib.common.rest_client [req-a8429fc7-d5e0-48dc-a9a7-b993785352e0 req-a8429fc7-d5e0-48dc-a9a7-b993785352e0 ] Request (ServerRescueNegativeTestJSON:setUpClass): 200 POST http://10.180.1.21/compute/v2.1/servers/cdcb3ad4-b2e0-45de-bcf9-81ce6ab2f9f7/action 1.239s
2025-02-21 08:19:29.697 63163 INFO tempest.lib.common.rest_client [req-55bc2e3a-781e-4283-a27c-495357b0a70f req-55bc2e3a-781e-4283-a27c-495357b0a70f ] Request (FlavorsExtraSpecsNegativeTestJSON:test_flavor_unset_nonexistent_key): 404 DELETE http://10.180.1.21/compute/v2.1/flavors/1538343500/os-extra_specs/hw:cpu_thread_policy 1.207s
2025-02-21 08:19:29.729 63135 INFO tempest.lib.common.rest_client [req-6847a0d9-5158-4e3d-8bb2-825da09218bf req-6847a0d9-5158-4e3d-8bb2-825da09218bf ] Request (VolumesAssistedSnapshotsTest:test_volume_assisted_snapshot_create_delete): 200 GET http://10.180.1.21/compute/v2.1/servers/0894f61d-4fa3-4df2-86d1-2900553825cb 1.256s
2025-02-21 08:19:29.800 63159 INFO tempest.lib.common.rest_client [req-b3bf902f-bb90-47ac-8ccf-6af5fb92c8dd req-b3bf902f-bb90-47ac-8ccf-6af5fb92c8dd ] Request (ServersTestBootFromVolume:setUpClass): 200 GET http://10.180.1.21/compute/v2.1/servers/4f1bad7e-8493-42c3-b92f-fcdc48fc7461 1.277s
2025-02-21 08:19:29.854 63151 INFO tempest.lib.common.rest_client [req-10262435-49d6-4829-91ec-3147f8197ab5 req-10262435-49d6-4829-91ec-3147f8197ab5 ] Request (SecurityGroupRulesNegativeTestJSON:_run_cleanups): 202 DELETE http://10.180.1.21/compute/v2.1/os-security-group-rules/279af0c9-d242-4e63-baf5-33b32591eaba 1.260s
2025-02-21 08:19:29.883 63155 INFO tempest.lib.common.rest_client [req-7ad5743a-ec7e-40e7-bf7b-08694c76da10 req-7ad5743a-ec7e-40e7-bf7b-08694c76da10 ] Request (ServerDiskConfigTestJSON:test_rebuild_server_with_auto_disk_config): 200 GET http://10.180.1.21/compute/v2.1/servers/b6ff42c3-4558-4b42-8e9f-5771339ab586 1.192s
2025-02-21 08:19:29.887 63143 INFO tempest.lib.common.rest_client [req-2583806b-6060-4e8b-9532-87bf59296d09 req-2583806b-6060-4e8b-9532-87bf59296d09 ] Request (SecurityGroupRulesTestJSON:test_security_group_rules_delete_when_peer_group_deleted): 200 GET http://10.180.1.21/compute/v2.1/os-security-groups/51b6af89-ac13-4ddd-9ee0-cd0e995a43df 1.139s
2025-02-21 08:19:29.895 63117 INFO tempest.lib.common.rest_client [req-0698ec68-531a-4aa1-a621-3891c27bb33f req-0698ec68-531a-4aa1-a621-3891c27bb33f ] Request (ServersTestManualDisk:setUpClass): 201 POST http://10.180.1.21:9696/networking/v2.0/security-group-rules 0.341s
2025-02-21 08:19:29.900 63153 INFO tempest.lib.common.rest_client [req-260a550e-3f46-4340-9506-09ed08a861fe req-260a550e-3f46-4340-9506-09ed08a861fe ] Request (AggregatesAdminNegativeTestJSON:tearDownClass): 204 DELETE http://10.180.1.21:9696/networking/v2.0/security-groups/722b2aa4-bf1a-4183-8066-bd393b0b681b 0.350s
2025-02-21 08:19:29.982 63153 INFO tempest.lib.common.rest_client [req-5dc94da6-4e23-42fc-9a13-2d0c2a3c8464 req-5dc94da6-4e23-42fc-9a13-2d0c2a3c8464 ] Request (AggregatesAdminNegativeTestJSON:tearDownClass): 204 DELETE http://10.180.1.21/identity/v3/projects/abae52bac9b94419af07443bd146ca77 0.081s
2025-02-21 08:19:29.982 63153 INFO tempest.lib.common.dynamic_creds [-] Deleting project and security group for project: 493527f6fc65419eafe24056af8a4ee5
2025-02-21 08:19:30.022 63127 INFO tempest.lib.common.rest_client [req-2ad591bd-1a9a-4e54-86eb-d002b8bd60cc req-2ad591bd-1a9a-4e54-86eb-d002b8bd60cc ] Request (InstanceActionsTestJSON:setUpClass): 200 PUT http://10.180.1.21:9696/networking/v2.0/routers/e4b10b5a-afd5-428b-b4fb-9808fcdd5aff/add_router_interface 1.571s
2025-02-21 08:19:30.022 63127 INFO tempest.lib.common.dynamic_creds [-] Created isolated network resources for: credentials: Credentials: {'domain_id': 'default', 'domain_name': 'Default', 'username': 'tempest-InstanceActionsTestJSON-781186216-project-member', 'project_domain_id': 'default', 'project_domain_name': 'Default', 'project_id': 'a6d28498e26b46c997086c60fe0b25b0', 'project_name': 'tempest-InstanceActionsTestJSON-781186216', 'tenant_id': 'a6d28498e26b46c997086c60fe0b25b0', 'tenant_name': 'tempest-InstanceActionsTestJSON-781186216', 'user_domain_id': 'default', 'user_domain_name': 'Default', 'user_id': 'bbf71be2ae58423ab02335f0ce572d0a', 'system': None}, Network: {'id': '505b7edb-ff1b-45a7-afea-c04691221abb', 'name': 'tempest-InstanceActionsTestJSON-269144783-network', 'tenant_id': 'a6d28498e26b46c997086c60fe0b25b0', 'admin_state_up': True, 'mtu': 8950, 'status': 'ACTIVE', 'subnets': [], 'shared': False, 'project_id': 'a6d28498e26b46c997086c60fe0b25b0', 'port_security_enabled': True, 'router:external': False, 'provider:network_type': 'vlan', 'provider:physical_network': 'default', 'provider:segmentation_id': 691, 'availability_zone_hints': [], 'availability_zones': [], 'ipv4_address_scope': None, 'ipv6_address_scope': None, 'description': '', 'tags': [], 'created_at': '2025-02-21T08:19:25Z', 'updated_at': '2025-02-21T08:19:25Z', 'revision_number': 1}, Subnet: {'id': '1aeac765-54bd-4ab1-bd84-4a6f09fe9d50', 'name': 'tempest-InstanceActionsTestJSON-269144783-subnet', 'tenant_id': 'a6d28498e26b46c997086c60fe0b25b0', 'network_id': '505b7edb-ff1b-45a7-afea-c04691221abb', 'ip_version': 4, 'subnetpool_id': None, 'enable_dhcp': True, 'ipv6_ra_mode': None, 'ipv6_address_mode': None, 'gateway_ip': '192.168.128.1', 'cidr': '192.168.128.0/28', 'allocation_pools': [{'start': '192.168.128.2', 'end': '192.168.128.14'}], 'host_routes': [], 'dns_nameservers': [], 'description': '', 'router:external': False, 'service_types': [], 'tags': [], 'created_at': '2025-02-21T08:19:26Z', 'updated_at': '2025-02-21T08:19:26Z', 'revision_number': 0, 'project_id': 'a6d28498e26b46c997086c60fe0b25b0'}, Router: {'id': 'e4b10b5a-afd5-428b-b4fb-9808fcdd5aff', 'name': 'tempest-InstanceActionsTestJSON-269144783-router', 'tenant_id': 'a6d28498e26b46c997086c60fe0b25b0', 'admin_state_up': True, 'status': 'ACTIVE', 'external_gateway_info': {'network_id': '6ea17d3e-d52c-494d-9691-bb09aee63ab5', 'external_fixed_ips': [{'subnet_id': 'cf9c4865-d74c-4101-8108-a708d0c3708b', 'ip_address': '10.180.180.225'}], 'enable_snat': True}, 'description': '', 'availability_zones': [], 'distributed': False, 'ha': False, 'availability_zone_hints': [], 'routes': [], 'flavor_id': None, 'tags': [], 'created_at': '2025-02-21T08:19:26Z', 'updated_at': '2025-02-21T08:19:27Z', 'revision_number': 2, 'project_id': 'a6d28498e26b46c997086c60fe0b25b0'}
2025-02-21 08:19:30.102 63169 INFO tempest.lib.common.rest_client [req-799cef06-e20b-4477-84b4-aa6d9b238e41 req-799cef06-e20b-4477-84b4-aa6d9b238e41 ] Request (ImagesTestJSON:test_create_image_from_stopped_server): 200 GET http://10.180.1.21/compute/v2.1/servers/6e4b716a-3b9f-408d-a160-21f883edcdf7 1.339s
2025-02-21 08:19:30.126 63121 INFO tempest.lib.common.rest_client [req-f7d68da5-7145-4e85-ac06-58145f5161f5 req-f7d68da5-7145-4e85-ac06-58145f5161f5 ] Request (ImagesMetadataTestJSON:setUp): 200 PUT http://10.180.1.21/compute/v2.1/images/9803341a-f0d9-4b7b-a843-353484b53cfe/metadata 1.253s
2025-02-21 08:19:30.133 63127 INFO tempest.lib.common.rest_client [req-753840a0-a50a-4be6-8df9-03267618147b req-753840a0-a50a-4be6-8df9-03267618147b ] Request (InstanceActionsTestJSON:setUpClass): 201 POST http://10.180.1.21/identity/v3/auth/tokens 0.107s
2025-02-21 08:19:30.168 63153 INFO tempest.lib.common.rest_client [req-9751daf2-1b1e-472f-a310-e1b48d370f75 req-9751daf2-1b1e-472f-a310-e1b48d370f75 ] Request (AggregatesAdminNegativeTestJSON:tearDownClass): 200 GET http://10.180.1.21:9696/networking/v2.0/security-groups?tenant_id=493527f6fc65419eafe24056af8a4ee5&name=default 0.186s
2025-02-21 08:19:30.181 63133 INFO tempest.lib.common.rest_client [req-79569374-adef-4c4c-82d2-cabba37d3c3e req-79569374-adef-4c4c-82d2-cabba37d3c3e ] Request (ServerDiagnosticsNegativeTest:test_get_server_diagnostics_by_non_admin): 200 GET http://10.180.1.21/compute/v2.1/servers/84013e5a-57bf-4d6d-90db-73b7f6f7b63f 1.082s
2025-02-21 08:19:30.193 63127 INFO tempest.lib.common.rest_client [req-96d0158e-b81f-455e-bcd8-0490c3a32c61 req-96d0158e-b81f-455e-bcd8-0490c3a32c61 ] Request (InstanceActionsTestJSON:setUpClass): 201 POST http://10.180.1.21/identity/v3/auth/tokens 0.055s
2025-02-21 08:19:30.194 63127 INFO tempest.lib.common.fixed_network [-] (InstanceActionsTestJSON:setUpClass) Found network {'id': '505b7edb-ff1b-45a7-afea-c04691221abb', 'name': 'tempest-InstanceActionsTestJSON-269144783-network', 'tenant_id': 'a6d28498e26b46c997086c60fe0b25b0', 'admin_state_up': True, 'mtu': 8950, 'status': 'ACTIVE', 'subnets': [], 'shared': False, 'project_id': 'a6d28498e26b46c997086c60fe0b25b0', 'port_security_enabled': True, 'router:external': False, 'provider:network_type': 'vlan', 'provider:physical_network': 'default', 'provider:segmentation_id': 691, 'availability_zone_hints': [], 'availability_zones': [], 'ipv4_address_scope': None, 'ipv6_address_scope': None, 'description': '', 'tags': [], 'created_at': '2025-02-21T08:19:25Z', 'updated_at': '2025-02-21T08:19:25Z', 'revision_number': 1} available for tenant
2025-02-21 08:19:30.219 63129 INFO tempest.lib.common.rest_client [req-f37ba80c-d138-46ee-a20a-944efc29c341 req-f37ba80c-d138-46ee-a20a-944efc29c341 ] Request (FloatingIPsAssociationNegativeTestJSON:setUpClass): 200 GET http://10.180.1.21/compute/v2.1/servers/824ef72d-6ce6-453b-a3a2-06d9c5a0bea6 1.066s
2025-02-21 08:19:30.283 63141 INFO tempest.lib.common.rest_client [req-7aa7c806-7ceb-411d-a3c5-ad82c50b4a96 req-7aa7c806-7ceb-411d-a3c5-ad82c50b4a96 ] Request (AttachInterfacesTestJSON:test_create_list_show_delete_interfaces_by_fixed_ip): 200 GET http://10.180.1.21/compute/v2.1/servers/bd6d838d-622f-42c5-ba9d-bc691898a1a2 0.790s
2025-02-21 08:19:30.292 63141 INFO tempest.common.waiters [-] State transition "BUILD/scheduling" ==> "BUILD/None" after 13 second wait
2025-02-21 08:19:30.300 63153 INFO tempest.lib.common.rest_client [req-9fb9a663-02e0-4780-8945-317b8f8ce71d req-9fb9a663-02e0-4780-8945-317b8f8ce71d ] Request (AggregatesAdminNegativeTestJSON:tearDownClass): 204 DELETE http://10.180.1.21:9696/networking/v2.0/security-groups/023a5c4d-33f6-47ad-bd4a-1b578a4e5da2 0.132s
2025-02-21 08:19:30.351 63139 INFO tempest.lib.common.rest_client [req-1a45011e-8e7b-4441-ad57-4007590bcf60 req-1a45011e-8e7b-4441-ad57-4007590bcf60 ] Request (ServersWithSpecificFlavorTestJSON:test_verify_created_server_ephemeral_disk): 200 GET http://10.180.1.21/compute/v2.1/servers/e0a6fe33-8f46-4ac4-ab56-751785d08772 0.930s
2025-02-21 08:19:30.361 63139 INFO tempest.common.waiters [-] State transition "BUILD/networking" ==> "BUILD/spawning" after 27 second wait
2025-02-21 08:19:30.413 63179 INFO tempest.lib.common.rest_client [req-5e999a9b-1f56-4b3d-ac0e-6152bab8aa9b req-5e999a9b-1f56-4b3d-ac0e-6152bab8aa9b ] Request (SecurityGroupsTestJSON:test_list_security_groups_by_server): 200 GET http://10.180.1.21/compute/v2.1/servers/39d13a82-dea4-41d1-a477-e73230b9817b 0.861s
2025-02-21 08:19:30.421 63153 INFO tempest.lib.common.rest_client [req-6ce8d208-424d-45b7-af18-c798379631a7 req-6ce8d208-424d-45b7-af18-c798379631a7 ] Request (AggregatesAdminNegativeTestJSON:tearDownClass): 204 DELETE http://10.180.1.21/identity/v3/projects/493527f6fc65419eafe24056af8a4ee5 0.120s
2025-02-21 08:19:30.422 63153 INFO tempest.test [-] raised in UnshelveToHostMultiNodesTest.setUpClass. Invoking tearDownClass.
2025-02-21 08:19:30.514 63153 INFO tempest.lib.common.rest_client [req-dd472f8a-93b7-4485-8a63-8f22ae90c978 req-dd472f8a-93b7-4485-8a63-8f22ae90c978 ] Request (AbsoluteLimitsNegativeTestJSON:setUpClass): 201 POST http://10.180.1.21/identity/v3/auth/tokens 0.089s
2025-02-21 08:19:30.558 63137 INFO tempest.lib.common.rest_client [req-5bdfe238-09c9-4e8d-9a6a-3fe7113d2090 req-5bdfe238-09c9-4e8d-9a6a-3fe7113d2090 ] Request (ServerExternalEventsTest:tearDownClass): 200 GET http://10.180.1.21/compute/v2.1/servers/58230e43-0ef1-4f60-9419-f0826b2b1369 1.010s
2025-02-21 08:19:30.678 63145 INFO tempest.lib.common.rest_client [req-3b728842-67d8-4810-bc8c-6d2f1d509ae7 req-3b728842-67d8-4810-bc8c-6d2f1d509ae7 ] Request (ServersAdminNegativeTestJSON:test_migrate_server_invalid_state): 202 POST http://10.180.1.21/compute/v2.1/servers 1.106s
2025-02-21 08:19:30.725 63153 INFO tempest.lib.common.rest_client [req-856d0ccf-58be-4237-945f-6fa21000de4e req-856d0ccf-58be-4237-945f-6fa21000de4e ] Request (AbsoluteLimitsNegativeTestJSON:setUpClass): 201 POST http://10.180.1.21/identity/v3/auth/tokens 0.208s
2025-02-21 08:19:30.731 63147 INFO tempest.lib.common.rest_client [req-7864c183-c2bc-4325-82b5-61edef50cc08 req-7864c183-c2bc-4325-82b5-61edef50cc08 ] Request (ServerRescueNegativeTestJSON:setUpClass): 200 GET http://10.180.1.21/compute/v2.1/servers/cdcb3ad4-b2e0-45de-bcf9-81ce6ab2f9f7 1.046s
2025-02-21 08:19:30.742 63163 INFO tempest.lib.common.rest_client [req-defe7cf8-86d8-4434-aa75-44c0081a530f req-defe7cf8-86d8-4434-aa75-44c0081a530f ] Request (FlavorsExtraSpecsNegativeTestJSON:test_flavor_update_mismatch_key): 400 PUT http://10.180.1.21/compute/v2.1/flavors/1538343500/os-extra_specs/hw:numa_nodes 1.044s
2025-02-21 08:19:30.758 63177 INFO tempest.lib.common.rest_client [req-75b17882-1690-44c9-b8ba-4db211ac62c0 req-75b17882-1690-44c9-b8ba-4db211ac62c0 ] Request (ServersTestFqdnHostnames:test_create_server_with_fqdn_name): 200 GET http://10.180.1.21/compute/v2.1/servers/c87add25-546f-4e34-83c7-02e039121252 1.068s
2025-02-21 08:19:30.774 63117 INFO tempest.lib.common.rest_client [req-a1312b5a-69f2-49eb-a40a-7a30977862a9 req-a1312b5a-69f2-49eb-a40a-7a30977862a9 ] Request (ServersTestManualDisk:setUpClass): 201 POST http://10.180.1.21:9696/networking/v2.0/floatingips 0.879s
2025-02-21 08:19:30.784 63153 INFO tempest.lib.common.rest_client [req-528a6ab3-169d-4d8a-b719-7d547e943bad req-528a6ab3-169d-4d8a-b719-7d547e943bad ] Request (AbsoluteLimitsNegativeTestJSON:setUpClass): 200 GET http://10.180.1.21/identity/v3/domains?name=Default 0.058s
2025-02-21 08:19:30.838 63153 INFO tempest.lib.common.rest_client [req-950370c0-1ce1-4b6e-b205-27cea0472f8c req-950370c0-1ce1-4b6e-b205-27cea0472f8c ] Request (AbsoluteLimitsNegativeTestJSON:setUpClass): 201 POST http://10.180.1.21/identity/v3/projects 0.054s
2025-02-21 08:19:30.856 63131 INFO tempest.lib.common.rest_client [req-1efa5246-9c80-4d17-8d1f-6b9eb3164a9a req-1efa5246-9c80-4d17-8d1f-6b9eb3164a9a ] Request (MultipleCreateTestJSON:_run_cleanups): 200 GET http://10.180.1.21/compute/v2.1/servers/e496a4a3-4fd3-4909-b25c-d279035304e6 1.074s
2025-02-21 08:19:30.896 63117 INFO tempest.lib.common.rest_client [req-86f98e42-3b1b-4934-80f3-71b513ce2c0b req-86f98e42-3b1b-4934-80f3-71b513ce2c0b ] Request (ServersTestManualDisk:setUpClass): 201 POST http://10.180.1.21/identity/v3/auth/tokens 0.116s
2025-02-21 08:19:30.897 63117 INFO tempest.lib.common.fixed_network [-] (ServersTestManualDisk:setUpClass) Found network {'id': 'ae31610a-1444-4379-8da7-3fb9d8da9540', 'name': 'tempest-ServersTestManualDisk-1169879611-network', 'tenant_id': 'd40190b781bf4a9baf35831fae0dc43d', 'admin_state_up': True, 'mtu': 8950, 'status': 'ACTIVE', 'subnets': [], 'shared': False, 'project_id': 'd40190b781bf4a9baf35831fae0dc43d', 'port_security_enabled': True, 'router:external': False, 'provider:network_type': 'vlan', 'provider:physical_network': 'default', 'provider:segmentation_id': 384, 'availability_zone_hints': [], 'availability_zones': [], 'ipv4_address_scope': None, 'ipv6_address_scope': None, 'description': '', 'tags': [], 'created_at': '2025-02-21T08:19:22Z', 'updated_at': '2025-02-21T08:19:22Z', 'revision_number': 1} available for tenant
2025-02-21 08:19:30.908 63125 INFO tempest.lib.common.rest_client [req-80a72bcf-b931-4d8b-84b9-e531bf109ebf req-80a72bcf-b931-4d8b-84b9-e531bf109ebf ] Request (ServerDiagnosticsV248Test:tearDownClass): 200 GET http://10.180.1.21/compute/v2.1/servers/0d12a280-ff76-410b-bc50-f400c0a7c1d5 1.072s
2025-02-21 08:19:30.962 63153 INFO tempest.lib.common.rest_client [req-8a6c2e58-079e-4795-a36e-5c4871c5fca8 req-8a6c2e58-079e-4795-a36e-5c4871c5fca8 ] Request (AbsoluteLimitsNegativeTestJSON:setUpClass): 201 POST http://10.180.1.21/identity/v3/users 0.123s
2025-02-21 08:19:30.984 63153 INFO tempest.lib.common.rest_client [req-4017b935-af95-47c6-997d-ffa33dcba738 req-4017b935-af95-47c6-997d-ffa33dcba738 ] Request (AbsoluteLimitsNegativeTestJSON:setUpClass): 200 GET http://10.180.1.21/identity/v3/roles 0.022s
2025-02-21 08:19:30.995 63149 INFO tempest.lib.common.rest_client [req-6c5c597a-5805-4a96-a813-e62f445382df req-6c5c597a-5805-4a96-a813-e62f445382df ] Request (AttachInterfacesV270Test:test_create_get_list_interfaces): 200 GET http://10.180.1.21/compute/v2.1/servers/4b89ce2c-d526-4f6b-9d98-7eff2a2950ba 1.110s
