2025-02-21 08:18:51.583 63135 INFO tempest.lib.common.rest_client [req-b45198ac-a92c-4f76-92d3-e04a26a21ca5 req-b45198ac-a92c-4f76-92d3-e04a26a21ca5 ] Request (VolumesAssistedSnapshotsTest:test_volume_assisted_snapshot_create_delete): 201 POST http://10.180.1.21/identity/v3/auth/tokens 0.097s
2025-02-21 08:18:51.584 63135 INFO tempest.lib.common.fixed_network [-] (VolumesAssistedSnapshotsTest:test_volume_assisted_snapshot_create_delete) Found network {'id': '1899aa17-d90e-4e45-8663-b20fe2db864a', 'name': 'tempest-VolumesAssistedSnapshotsTest-2070039179-network', 'tenant_id': 'ebfc0624d3504b4c81b2f921be43a8e2', 'admin_state_up': True, 'mtu': 8950, 'status': 'ACTIVE', 'subnets': [], 'shared': False, 'project_id': 'ebfc0624d3504b4c81b2f921be43a8e2', 'port_security_enabled': True, 'router:external': False, 'provider:network_type': 'vlan', 'provider:physical_network': 'default', 'provider:segmentation_id': 878, 'availability_zone_hints': [], 'availability_zones': [], 'ipv4_address_scope': None, 'ipv6_address_scope': None, 'description': '', 'tags': [], 'created_at': '2025-02-21T08:18:31Z', 'updated_at': '2025-02-21T08:18:31Z', 'revision_number': 1} available for tenant
2025-02-21 08:18:51.625 63157 INFO tempest.lib.common.rest_client [req-edc1ad9d-b381-40e3-9792-6fbe43d3047a req-edc1ad9d-b381-40e3-9792-6fbe43d3047a ] Request (MigrationsAdminTest:setUpClass): 201 POST http://10.180.1.21/identity/v3/auth/tokens 0.096s
2025-02-21 08:18:51.633 63127 INFO tempest.lib.common.rest_client [req-17486c65-dfce-4d0f-8b64-f1bc934ea7a7 req-17486c65-dfce-4d0f-8b64-f1bc934ea7a7 ] Request (SecurityGroupsTestAdminJSON:_run_cleanups): 202 DELETE http://10.180.1.21/compute/v2.1/os-security-groups/6e08afe8-0f0d-4e50-84d1-5e85d45d6424 1.255s
2025-02-21 08:18:51.662 63155 INFO tempest.lib.common.rest_client [req-35ef53d9-91d5-4c0c-8b94-5beba5ea1300 req-35ef53d9-91d5-4c0c-8b94-5beba5ea1300 ] Request (HypervisorAdminNegativeTestJSON:tearDownClass): 201 POST http://10.180.1.21/identity/v3/auth/tokens 0.106s
2025-02-21 08:18:51.668 63157 INFO tempest.lib.common.rest_client [req-31fa4662-981f-4499-b9bd-d33808e26bed req-31fa4662-981f-4499-b9bd-d33808e26bed ] Request (MigrationsAdminTest:setUpClass): 201 POST http://10.180.1.21/identity/v3/auth/tokens 0.035s
2025-02-21 08:18:51.686 63169 INFO tempest.lib.common.rest_client [req-b6d67d86-4e92-4ac2-878d-daa8e41dfb2e req-b6d67d86-4e92-4ac2-878d-daa8e41dfb2e ] Request (ImagesTestJSON:setUpClass): 200 PUT http://10.180.1.21:9696/networking/v2.0/routers/bdde8f0e-2fba-4e0f-b772-0d7b7a237309/add_router_interface 1.511s
2025-02-21 08:18:51.686 63169 INFO tempest.lib.common.dynamic_creds [-] Created isolated network resources for: credentials: Credentials: {'domain_id': 'default', 'domain_name': 'Default', 'username': 'tempest-ImagesTestJSON-636613743-project-member', 'project_domain_id': 'default', 'project_domain_name': 'Default', 'project_id': 'f25ae03e2ab5412083992b83902a049f', 'project_name': 'tempest-ImagesTestJSON-636613743', 'tenant_id': 'f25ae03e2ab5412083992b83902a049f', 'tenant_name': 'tempest-ImagesTestJSON-636613743', 'user_domain_id': 'default', 'user_domain_name': 'Default', 'user_id': 'e954cc9b3b89473bb07d8aa23e126bb4', 'system': None}, Network: {'id': 'e43f8f15-15f1-4f15-9f54-7f46819ec2a0', 'name': 'tempest-ImagesTestJSON-1698233509-network', 'tenant_id': 'f25ae03e2ab5412083992b83902a049f', 'admin_state_up': True, 'mtu': 8950, 'status': 'ACTIVE', 'subnets': [], 'shared': False, 'project_id': 'f25ae03e2ab5412083992b83902a049f', 'port_security_enabled': True, 'router:external': False, 'provider:network_type': 'vlan', 'provider:physical_network': 'default', 'provider:segmentation_id': 782, 'availability_zone_hints': [], 'availability_zones': [], 'ipv4_address_scope': None, 'ipv6_address_scope': None, 'description': '', 'tags': [], 'created_at': '2025-02-21T08:18:48Z', 'updated_at': '2025-02-21T08:18:48Z', 'revision_number': 1}, Subnet: {'id': '54108a63-e595-433c-a77d-fb2b964b3e5b', 'name': 'tempest-ImagesTestJSON-1698233509-subnet', 'tenant_id': 'f25ae03e2ab5412083992b83902a049f', 'network_id': 'e43f8f15-15f1-4f15-9f54-7f46819ec2a0', 'ip_version': 4, 'subnetpool_id': None, 'enable_dhcp': True, 'ipv6_ra_mode': None, 'ipv6_address_mode': None, 'gateway_ip': '192.168.128.1', 'cidr': '192.168.128.0/28', 'allocation_pools': [{'start': '192.168.128.2', 'end': '192.168.128.14'}], 'host_routes': [], 'dns_nameservers': [], 'description': '', 'router:external': False, 'service_types': [], 'tags': [], 'created_at': '2025-02-21T08:18:48Z', 'updated_at': '2025-02-21T08:18:48Z', 'revision_number': 0, 'project_id': 'f25ae03e2ab5412083992b83902a049f'}, Router: {'id': 'bdde8f0e-2fba-4e0f-b772-0d7b7a237309', 'name': 'tempest-ImagesTestJSON-1698233509-router', 'tenant_id': 'f25ae03e2ab5412083992b83902a049f', 'admin_state_up': True, 'status': 'ACTIVE', 'external_gateway_info': {'network_id': '6ea17d3e-d52c-494d-9691-bb09aee63ab5', 'external_fixed_ips': [{'subnet_id': 'cf9c4865-d74c-4101-8108-a708d0c3708b', 'ip_address': '10.180.180.159'}], 'enable_snat': True}, 'description': '', 'availability_zones': [], 'distributed': False, 'ha': False, 'availability_zone_hints': [], 'routes': [], 'flavor_id': None, 'tags': [], 'created_at': '2025-02-21T08:18:48Z', 'updated_at': '2025-02-21T08:18:49Z', 'revision_number': 2, 'project_id': 'f25ae03e2ab5412083992b83902a049f'}
2025-02-21 08:18:51.692 63177 INFO tempest.lib.common.rest_client [req-27475532-b668-4f19-8f33-73d8e8d23095 req-27475532-b668-4f19-8f33-73d8e8d23095 ] Request (FlavorsV255TestJSON:tearDownClass): 200 GET http://10.180.1.21:9696/networking/v2.0/security-groups?tenant_id=189ef866645f4df585e0faaa6fe0dcbd&name=default 0.448s
2025-02-21 08:18:51.710 63157 INFO tempest.lib.common.rest_client [req-1df1ccd5-e38b-436e-af4a-a4564291de43 req-1df1ccd5-e38b-436e-af4a-a4564291de43 ] Request (MigrationsAdminTest:setUpClass): 200 GET http://10.180.1.21/identity/v3/domains?name=Default 0.041s
2025-02-21 08:18:51.749 63159 INFO tempest.lib.common.rest_client [req-667ae5ac-dd5b-49d9-a5bf-76c646bb9bf8 req-667ae5ac-dd5b-49d9-a5bf-76c646bb9bf8 ] Request (AbsoluteLimitsTestJSON:tearDownClass): 204 DELETE http://10.180.1.21:9696/networking/v2.0/security-groups/381f326c-a791-4d8b-a738-04f1089f8027 0.196s
2025-02-21 08:18:51.803 63169 INFO tempest.lib.common.rest_client [req-41e1a760-1cef-480e-b091-8c0912fbcf43 req-41e1a760-1cef-480e-b091-8c0912fbcf43 ] Request (ImagesTestJSON:setUpClass): 201 POST http://10.180.1.21/identity/v3/auth/tokens 0.109s
2025-02-21 08:18:51.810 63157 INFO tempest.lib.common.rest_client [req-31c6ee0b-67b0-42d4-afc9-eeaee3863754 req-31c6ee0b-67b0-42d4-afc9-eeaee3863754 ] Request (MigrationsAdminTest:setUpClass): 201 POST http://10.180.1.21/identity/v3/projects 0.100s
2025-02-21 08:18:51.876 63169 INFO tempest.lib.common.rest_client [req-8d13b4a1-96d9-4a1a-87f8-a509d738514b req-8d13b4a1-96d9-4a1a-87f8-a509d738514b ] Request (ImagesTestJSON:test_create_image_from_stopped_server): 201 POST http://10.180.1.21/identity/v3/auth/tokens 0.068s
2025-02-21 08:18:51.876 63169 INFO tempest.lib.common.fixed_network [-] (ImagesTestJSON:test_create_image_from_stopped_server) Found network {'id': 'e43f8f15-15f1-4f15-9f54-7f46819ec2a0', 'name': 'tempest-ImagesTestJSON-1698233509-network', 'tenant_id': 'f25ae03e2ab5412083992b83902a049f', 'admin_state_up': True, 'mtu': 8950, 'status': 'ACTIVE', 'subnets': [], 'shared': False, 'project_id': 'f25ae03e2ab5412083992b83902a049f', 'port_security_enabled': True, 'router:external': False, 'provider:network_type': 'vlan', 'provider:physical_network': 'default', 'provider:segmentation_id': 782, 'availability_zone_hints': [], 'availability_zones': [], 'ipv4_address_scope': None, 'ipv6_address_scope': None, 'description': '', 'tags': [], 'created_at': '2025-02-21T08:18:48Z', 'updated_at': '2025-02-21T08:18:48Z', 'revision_number': 1} available for tenant
2025-02-21 08:18:51.903 63159 INFO tempest.lib.common.rest_client [req-d694f063-ae0e-41f6-ac83-78547a50a386 req-d694f063-ae0e-41f6-ac83-78547a50a386 ] Request (AbsoluteLimitsTestJSON:tearDownClass): 204 DELETE http://10.180.1.21/identity/v3/projects/6d28a3f52e154674899b1981c8726057 0.153s
2025-02-21 08:18:51.945 63157 INFO tempest.lib.common.rest_client [req-c46e8dd0-b165-4474-91bb-f772498593cb req-c46e8dd0-b165-4474-91bb-f772498593cb ] Request (MigrationsAdminTest:setUpClass): 201 POST http://10.180.1.21/identity/v3/users 0.134s
2025-02-21 08:18:51.950 63159 INFO tempest.lib.common.rest_client [req-831152f6-943c-4663-be34-0efcbb8b6eb5 req-831152f6-943c-4663-be34-0efcbb8b6eb5 ] Request (ServersTestBootFromVolume:setUpClass): 201 POST http://10.180.1.21/identity/v3/auth/tokens 0.045s
2025-02-21 08:18:51.981 63157 INFO tempest.lib.common.rest_client [req-a3f248fc-2ee8-4429-a8bf-0563b6f467a5 req-a3f248fc-2ee8-4429-a8bf-0563b6f467a5 ] Request (MigrationsAdminTest:setUpClass): 200 GET http://10.180.1.21/identity/v3/roles 0.036s
2025-02-21 08:18:51.985 63159 INFO tempest.lib.common.rest_client [req-9588ccf8-0c7a-4361-8095-c6a3fa825d63 req-9588ccf8-0c7a-4361-8095-c6a3fa825d63 ] Request (ServersTestBootFromVolume:setUpClass): 201 POST http://10.180.1.21/identity/v3/auth/tokens 0.032s
2025-02-21 08:18:52.016 63159 INFO tempest.lib.common.rest_client [req-2bad0813-e70e-4e13-bebf-8a31c7c8be4e req-2bad0813-e70e-4e13-bebf-8a31c7c8be4e ] Request (ServersTestBootFromVolume:setUpClass): 200 GET http://10.180.1.21/identity/v3/domains?name=Default 0.031s
2025-02-21 08:18:52.018 63157 INFO tempest.lib.common.rest_client [req-b83a2b19-6fac-4b45-a071-17cf896b0be9 req-b83a2b19-6fac-4b45-a071-17cf896b0be9 ] Request (MigrationsAdminTest:setUpClass): 204 PUT http://10.180.1.21/identity/v3/projects/4b6b0d03d5384716bec69e65efd966af/users/4f17bca2f73c493e81cb45e9a58205d0/roles/81d2b7cc30ab469ca0b87e6a5742108f 0.036s
2025-02-21 08:18:52.018 63157 INFO tempest.lib.common.dynamic_creds [-] Dynamic test user 4f17bca2f73c493e81cb45e9a58205d0 is created with scope project and roles: ['member']
2025-02-21 08:18:52.018 63157 INFO tempest.lib.common.dynamic_creds [-] Acquired dynamic creds: credentials: Credentials: {'domain_id': 'default', 'domain_name': 'Default', 'username': 'tempest-MigrationsAdminTest-1575948824-project-member', 'project_domain_id': 'default', 'project_domain_name': 'Default', 'project_id': '4b6b0d03d5384716bec69e65efd966af', 'project_name': 'tempest-MigrationsAdminTest-1575948824', 'tenant_id': '4b6b0d03d5384716bec69e65efd966af', 'tenant_name': 'tempest-MigrationsAdminTest-1575948824', 'user_domain_id': 'default', 'user_domain_name': 'Default', 'user_id': '4f17bca2f73c493e81cb45e9a58205d0', 'system': None}, Network: None, Subnet: None, Router: None
2025-02-21 08:18:52.019 63157 INFO tempest.lib.common.dynamic_creds [-] Created isolated network resources for: credentials: Credentials: {'domain_id': 'default', 'domain_name': 'Default', 'username': 'tempest-MigrationsAdminTest-1575948824-project-member', 'project_domain_id': 'default', 'project_domain_name': 'Default', 'project_id': '4b6b0d03d5384716bec69e65efd966af', 'project_name': 'tempest-MigrationsAdminTest-1575948824', 'tenant_id': '4b6b0d03d5384716bec69e65efd966af', 'tenant_name': 'tempest-MigrationsAdminTest-1575948824', 'user_domain_id': 'default', 'user_domain_name': 'Default', 'user_id': '4f17bca2f73c493e81cb45e9a58205d0', 'system': None}, Network: None, Subnet: None, Router: None
2025-02-21 08:18:52.077 63159 INFO tempest.lib.common.rest_client [req-940eac35-d65d-4377-9f3e-ddfdfadb15fb req-940eac35-d65d-4377-9f3e-ddfdfadb15fb ] Request (ServersTestBootFromVolume:setUpClass): 201 POST http://10.180.1.21/identity/v3/projects 0.060s
2025-02-21 08:18:52.103 63157 INFO tempest.lib.common.rest_client [req-61c88b46-6c39-46df-979e-4df984a965f0 req-61c88b46-6c39-46df-979e-4df984a965f0 ] Request (MigrationsAdminTest:setUpClass): 201 POST http://10.180.1.21/identity/v3/auth/tokens 0.081s
2025-02-21 08:18:52.109 63141 INFO tempest.lib.common.rest_client [req-4c90a9d4-0273-48f4-a593-8aaeb359c6d8 req-4c90a9d4-0273-48f4-a593-8aaeb359c6d8 ] Request (QuotasAdminNegativeTest:test_create_server_when_instances_quota_is_full): 403 POST http://10.180.1.21/compute/v2.1/servers 1.676s
2025-02-21 08:18:52.136 63159 INFO tempest.lib.common.rest_client [req-c823dc34-daff-45b0-9096-c12ab0e77d8c req-c823dc34-daff-45b0-9096-c12ab0e77d8c ] Request (ServersTestBootFromVolume:setUpClass): 201 POST http://10.180.1.21/identity/v3/users 0.058s
2025-02-21 08:18:52.146 63157 INFO tempest.lib.common.rest_client [req-3ec2f0be-0005-4841-bca6-a381990bfe75 req-3ec2f0be-0005-4841-bca6-a381990bfe75 ] Request (MigrationsAdminTest:setUpClass): 201 POST http://10.180.1.21/identity/v3/projects 0.039s
2025-02-21 08:18:52.155 63159 INFO tempest.lib.common.rest_client [req-ad3f3a27-9310-43c1-aff9-37ff7d1e8bb2 req-ad3f3a27-9310-43c1-aff9-37ff7d1e8bb2 ] Request (ServersTestBootFromVolume:setUpClass): 200 GET http://10.180.1.21/identity/v3/roles 0.018s
2025-02-21 08:18:52.228 63157 INFO tempest.lib.common.rest_client [req-c0d196bb-1dfa-4610-8a44-2de9f3758c20 req-c0d196bb-1dfa-4610-8a44-2de9f3758c20 ] Request (MigrationsAdminTest:setUpClass): 201 POST http://10.180.1.21/identity/v3/users 0.082s
2025-02-21 08:18:52.234 63159 INFO tempest.lib.common.rest_client [req-d271a815-cd1c-4114-bf07-48a481bf789e req-d271a815-cd1c-4114-bf07-48a481bf789e ] Request (ServersTestBootFromVolume:setUpClass): 204 PUT http://10.180.1.21/identity/v3/projects/3f5c79ec78a64b1aa634774f39d35294/users/b20945f057644428b5c1246129e00650/roles/81d2b7cc30ab469ca0b87e6a5742108f 0.078s
2025-02-21 08:18:52.234 63159 INFO tempest.lib.common.dynamic_creds [-] Dynamic test user b20945f057644428b5c1246129e00650 is created with scope project and roles: ['member']
2025-02-21 08:18:52.234 63159 INFO tempest.lib.common.dynamic_creds [-] Acquired dynamic creds: credentials: Credentials: {'domain_id': 'default', 'domain_name': 'Default', 'username': 'tempest-ServersTestBootFromVolume-911659450-project-member', 'project_domain_id': 'default', 'project_domain_name': 'Default', 'project_id': '3f5c79ec78a64b1aa634774f39d35294', 'project_name': 'tempest-ServersTestBootFromVolume-911659450', 'tenant_id': '3f5c79ec78a64b1aa634774f39d35294', 'tenant_name': 'tempest-ServersTestBootFromVolume-911659450', 'user_domain_id': 'default', 'user_domain_name': 'Default', 'user_id': 'b20945f057644428b5c1246129e00650', 'system': None}, Network: None, Subnet: None, Router: None
2025-02-21 08:18:52.247 63137 INFO tempest.lib.common.rest_client [req-a61df9dd-0c2b-4289-a294-69558b693eae req-a61df9dd-0c2b-4289-a294-69558b693eae ] Request (ServerExternalEventsTest:test_create_server_external_events): 200 GET http://10.180.1.21/compute/v2.1/servers/58230e43-0ef1-4f60-9419-f0826b2b1369 1.804s
2025-02-21 08:18:52.260 63137 INFO tempest.common.waiters [-] State transition "BUILD/networking" ==> "BUILD/spawning" after 10 second wait
2025-02-21 08:18:52.264 63177 INFO tempest.lib.common.rest_client [req-9382c5d4-b301-43b2-80d9-e39eb5eb5b22 req-9382c5d4-b301-43b2-80d9-e39eb5eb5b22 ] Request (FlavorsV255TestJSON:tearDownClass): 204 DELETE http://10.180.1.21:9696/networking/v2.0/security-groups/311df790-5c6e-42e4-9d56-4a2641a8c663 0.572s
2025-02-21 08:18:52.293 63159 INFO tempest.lib.common.rest_client [req-427cc4f6-e262-4789-b5e2-06e28af6f129 req-427cc4f6-e262-4789-b5e2-06e28af6f129 ] Request (ServersTestBootFromVolume:setUpClass): 201 POST http://10.180.1.21/identity/v3/auth/tokens 0.058s
2025-02-21 08:18:52.298 63157 INFO tempest.lib.common.rest_client [req-c9200200-036a-4869-8f06-1d2e0ecf8b28 req-c9200200-036a-4869-8f06-1d2e0ecf8b28 ] Request (MigrationsAdminTest:setUpClass): 200 GET http://10.180.1.21/identity/v3/roles 0.069s
2025-02-21 08:18:52.302 63131 INFO tempest.lib.common.rest_client [req-08d46c9d-f2c6-4734-8a28-92b3f9ae129f req-08d46c9d-f2c6-4734-8a28-92b3f9ae129f ] Request (MultipleCreateTestJSON:test_multiple_create): 200 GET http://10.180.1.21/compute/v2.1/servers/d4c45b3e-f1f6-4153-8724-8b050c01300f 1.798s
2025-02-21 08:18:52.350 63177 INFO tempest.lib.common.rest_client [req-913dd635-c37d-4023-b540-7cad63b1f78e req-913dd635-c37d-4023-b540-7cad63b1f78e ] Request (FlavorsV255TestJSON:tearDownClass): 204 DELETE http://10.180.1.21/identity/v3/projects/189ef866645f4df585e0faaa6fe0dcbd 0.085s
2025-02-21 08:18:52.350 63177 INFO tempest.lib.common.dynamic_creds [-] Deleting project and security group for project: f17b245faee545b9881d4d574e8e7e4f
2025-02-21 08:18:52.357 63155 INFO tempest.lib.common.rest_client [req-0fc0630d-c7ae-4a80-8f0f-914a86da943c req-0fc0630d-c7ae-4a80-8f0f-914a86da943c ] Request (HypervisorAdminNegativeTestJSON:tearDownClass): 200 GET http://10.180.1.21:9696/networking/v2.0/security-groups?tenant_id=f5e83530123d45ea8dbe7719c5bb7d64&name=default 0.695s
2025-02-21 08:18:52.407 63157 INFO tempest.lib.common.rest_client [req-cf9c8c17-c166-4f51-850f-31b3a8684389 req-cf9c8c17-c166-4f51-850f-31b3a8684389 ] Request (MigrationsAdminTest:setUpClass): 204 PUT http://10.180.1.21/identity/v3/projects/0ff05252fb95470098d296d4af5ab510/users/a582ce5b53cb4b2495b89696ac205943/roles/97731be2944e413f8b480c94b49f2fd2 0.108s
2025-02-21 08:18:52.482 63157 INFO tempest.lib.common.rest_client [req-da432dd1-ca1f-4aa0-9b90-5de1fd42cdfc req-da432dd1-ca1f-4aa0-9b90-5de1fd42cdfc ] Request (MigrationsAdminTest:setUpClass): 200 GET http://10.180.1.21/identity/v3/roles 0.074s
2025-02-21 08:18:52.500 63157 INFO tempest.lib.common.rest_client [req-5cacae12-059b-465f-a51c-3aca4ae55f02 req-5cacae12-059b-465f-a51c-3aca4ae55f02 ] Request (MigrationsAdminTest:setUpClass): 204 PUT http://10.180.1.21/identity/v3/projects/0ff05252fb95470098d296d4af5ab510/users/a582ce5b53cb4b2495b89696ac205943/roles/97731be2944e413f8b480c94b49f2fd2 0.018s
2025-02-21 08:18:52.501 63157 INFO tempest.lib.common.dynamic_creds [-] Dynamic test user a582ce5b53cb4b2495b89696ac205943 is created with scope project and roles: ['admin']
2025-02-21 08:18:52.501 63157 INFO tempest.lib.common.dynamic_creds [-] Acquired dynamic creds: credentials: Credentials: {'domain_id': 'default', 'domain_name': 'Default', 'username': 'tempest-MigrationsAdminTest-1704122520-project-admin', 'project_domain_id': 'default', 'project_domain_name': 'Default', 'project_id': '0ff05252fb95470098d296d4af5ab510', 'project_name': 'tempest-MigrationsAdminTest-1704122520', 'tenant_id': '0ff05252fb95470098d296d4af5ab510', 'tenant_name': 'tempest-MigrationsAdminTest-1704122520', 'user_domain_id': 'default', 'user_domain_name': 'Default', 'user_id': 'a582ce5b53cb4b2495b89696ac205943', 'system': None}, Network: None, Subnet: None, Router: None
2025-02-21 08:18:52.501 63157 INFO tempest.lib.common.dynamic_creds [-] Created isolated network resources for: credentials: Credentials: {'domain_id': 'default', 'domain_name': 'Default', 'username': 'tempest-MigrationsAdminTest-1704122520-project-admin', 'project_domain_id': 'default', 'project_domain_name': 'Default', 'project_id': '0ff05252fb95470098d296d4af5ab510', 'project_name': 'tempest-MigrationsAdminTest-1704122520', 'tenant_id': '0ff05252fb95470098d296d4af5ab510', 'tenant_name': 'tempest-MigrationsAdminTest-1704122520', 'user_domain_id': 'default', 'user_domain_name': 'Default', 'user_id': 'a582ce5b53cb4b2495b89696ac205943', 'system': None}, Network: None, Subnet: None, Router: None
2025-02-21 08:18:52.511 63155 INFO tempest.lib.common.rest_client [req-0b567d0a-3fce-4312-ad21-15826a6563ad req-0b567d0a-3fce-4312-ad21-15826a6563ad ] Request (HypervisorAdminNegativeTestJSON:tearDownClass): 204 DELETE http://10.180.1.21:9696/networking/v2.0/security-groups/09b675ab-029e-4057-80ab-ca892b4a24d6 0.151s
2025-02-21 08:18:52.521 63129 INFO tempest.lib.common.rest_client [req-d1b71fcb-423f-4ce8-9218-1adbceb17a69 req-d1b71fcb-423f-4ce8-9218-1adbceb17a69 ] Request (FloatingIPsTestJSON:test_delete_floating_ip): 202 DELETE http://10.180.1.21/compute/v2.1/os-floating-ips/574e7ebd-73f2-4065-838e-08f05d4a2c20 2.373s
2025-02-21 08:18:52.524 63177 INFO tempest.lib.common.rest_client [req-f59c5bf0-09c3-468a-95a2-af3f434aba29 req-f59c5bf0-09c3-468a-95a2-af3f434aba29 ] Request (FlavorsV255TestJSON:tearDownClass): 200 GET http://10.180.1.21:9696/networking/v2.0/security-groups?tenant_id=f17b245faee545b9881d4d574e8e7e4f&name=default 0.173s
2025-02-21 08:18:52.544 63119 INFO tempest.lib.common.rest_client [req-53160a27-d720-4a12-b189-564c1a3cf2f5 req-53160a27-d720-4a12-b189-564c1a3cf2f5 ] Request (ImagesMetadataNegativeTestJSON:test_get_nonexistent_image_metadata_item): 404 GET http://10.180.1.21/compute/v2.1/images/64741b80-b7f6-49d6-99c1-e608318a7a7f/metadata/os_version 1.958s
2025-02-21 08:18:52.561 63153 INFO tempest.lib.common.rest_client [req-0a405614-b5c7-4d09-820a-a2796ff9b073 req-0a405614-b5c7-4d09-820a-a2796ff9b073 ] Request (AggregatesAdminNegativeTestJSON:test_aggregate_add_host_as_user): 200 POST http://10.180.1.21/compute/v2.1/os-aggregates 1.943s
2025-02-21 08:18:52.578 63157 INFO tempest.lib.common.rest_client [req-a11f7b9a-3de2-4638-9e7d-38c4c76cc9a4 req-a11f7b9a-3de2-4638-9e7d-38c4c76cc9a4 ] Request (MigrationsAdminTest:setUpClass): 201 POST http://10.180.1.21/identity/v3/auth/tokens 0.073s
2025-02-21 08:18:52.628 63145 INFO tempest.lib.common.rest_client [req-e480bb22-8b51-449f-a8b6-c5222b7bbddf req-e480bb22-8b51-449f-a8b6-c5222b7bbddf ] Request (ServersAdminNegativeTestJSON:setUpClass): 200 GET http://10.180.1.21/compute/v2.1/servers/24a25029-8f86-4700-9e08-a802ba3f7ef4 1.968s
2025-02-21 08:18:52.637 63174 INFO tempest.lib.common.rest_client [req-ac2bdb9a-d4a0-4906-bfd0-3b42bcc1d019 req-ac2bdb9a-d4a0-4906-bfd0-3b42bcc1d019 ] Request (ServersAdmin275Test:test_rebuild_update_server_275): 200 GET http://10.180.1.21/compute/v2.1/servers/e634edd2-e0ee-44f3-992a-b10f08a93022 2.007s
2025-02-21 08:18:52.641 63167 INFO tempest.lib.common.rest_client [req-ba8394f3-1c6b-41fa-9997-7db086a51724 req-ba8394f3-1c6b-41fa-9997-7db086a51724 ] Request (HostsAdminNegativeTestJSON:test_startup_nonexistent_host): 404 GET http://10.180.1.21/compute/v2.1/os-hosts/nonexistent_hostname/startup 1.967s
2025-02-21 08:18:52.658 63155 INFO tempest.lib.common.rest_client [req-2d93de59-de06-4eeb-9c2e-c54d921069cb req-2d93de59-de06-4eeb-9c2e-c54d921069cb ] Request (HypervisorAdminNegativeTestJSON:tearDownClass): 204 DELETE http://10.180.1.21/identity/v3/projects/f5e83530123d45ea8dbe7719c5bb7d64 0.147s
2025-02-21 08:18:52.658 63155 INFO tempest.lib.common.dynamic_creds [-] Deleting project and security group for project: d174fcdcb61043c4b141b592c3831d49
2025-02-21 08:18:52.667 63143 INFO tempest.lib.common.rest_client [req-4cab290c-0cbc-44a4-9db9-5e27f62f2f98 req-4cab290c-0cbc-44a4-9db9-5e27f62f2f98 ] Request (HostsAdminTestJSON:test_list_hosts_with_zone): 200 GET http://10.180.1.21/compute/v2.1/os-hosts 1.981s
2025-02-21 08:18:52.693 63117 INFO tempest.lib.common.rest_client [req-010aa520-9b30-4cad-8075-5795b313ae37 req-010aa520-9b30-4cad-8075-5795b313ae37 ] Request (FlavorsAccessTestJSON:test_flavor_access_list_with_private_flavor): 200 POST http://10.180.1.21/compute/v2.1/flavors 1.850s
2025-02-21 08:18:52.728 63165 INFO tempest.lib.common.rest_client [req-125e2068-448c-42a0-8875-63406f9114d2 req-125e2068-448c-42a0-8875-63406f9114d2 ] Request (FloatingIPsAssociationTestJSON:setUpClass): 200 GET http://10.180.1.21/compute/v2.1/servers/6fb562ee-db7e-46cf-acc3-447ed69cbab1 2.023s
2025-02-21 08:18:52.746 63177 INFO tempest.lib.common.rest_client [req-9ff9293a-822f-4986-b31f-afe622c05ea4 req-9ff9293a-822f-4986-b31f-afe622c05ea4 ] Request (FlavorsV255TestJSON:tearDownClass): 204 DELETE http://10.180.1.21:9696/networking/v2.0/security-groups/8b9fc006-f3ab-4281-baaa-9cc1e3643b31 0.221s
2025-02-21 08:18:52.752 63179 INFO tempest.lib.common.rest_client [req-e508c7ed-f815-4349-93b3-cc3a6c9312e9 req-e508c7ed-f815-4349-93b3-cc3a6c9312e9 ] Request (KeyPairsV22TestJSON:_run_cleanups): 204 DELETE http://10.180.1.21/compute/v2.1/os-keypairs/tempest-keypair-1286573359 1.777s
2025-02-21 08:18:52.772 63149 INFO tempest.lib.common.rest_client [req-d35f2de2-6e34-4807-b3f1-0719281f0d61 req-d35f2de2-6e34-4807-b3f1-0719281f0d61 ] Request (NetworksTest:test_get_network): 200 GET http://10.180.1.21/compute/v2.1/os-networks/6ea17d3e-d52c-494d-9691-bb09aee63ab5 1.820s
2025-02-21 08:18:52.780 63159 INFO tempest.lib.common.rest_client [req-840efc43-5c72-4736-abd4-fedf70daf563 req-840efc43-5c72-4736-abd4-fedf70daf563 ] Request (ServersTestBootFromVolume:setUpClass): 201 POST http://10.180.1.21:9696/networking/v2.0/networks 0.487s
2025-02-21 08:18:52.843 63125 INFO tempest.lib.common.rest_client [req-a753be5c-93c5-4391-8e3d-6d9d82f2d2ff req-a753be5c-93c5-4391-8e3d-6d9d82f2d2ff ] Request (ServerDiagnosticsV248Test:test_get_server_diagnostics): 200 GET http://10.180.1.21/compute/v2.1/servers/0d12a280-ff76-410b-bc50-f400c0a7c1d5 1.817s
2025-02-21 08:18:52.854 63155 INFO tempest.lib.common.rest_client [req-59adff8a-f952-4206-a861-4067d44a5260 req-59adff8a-f952-4206-a861-4067d44a5260 ] Request (HypervisorAdminNegativeTestJSON:tearDownClass): 200 GET http://10.180.1.21:9696/networking/v2.0/security-groups?tenant_id=d174fcdcb61043c4b141b592c3831d49&name=default 0.195s
2025-02-21 08:18:52.866 63121 INFO tempest.lib.common.rest_client [req-5810373f-a74f-4a9b-a4a9-6c7e17af5a43 req-5810373f-a74f-4a9b-a4a9-6c7e17af5a43 ] Request (QuotasAdminTestJSON:test_delete_quota): 202 DELETE http://10.180.1.21/compute/v2.1/os-quota-sets/07e513468f064168b6b023dfae05a1bb 1.582s
2025-02-21 08:18:52.882 63177 INFO tempest.lib.common.rest_client [req-af822df4-d7ea-4e9a-a45f-bbeb1743925b req-af822df4-d7ea-4e9a-a45f-bbeb1743925b ] Request (FlavorsV255TestJSON:tearDownClass): 204 DELETE http://10.180.1.21/identity/v3/projects/f17b245faee545b9881d4d574e8e7e4f 0.136s
2025-02-21 08:18:52.888 63163 INFO tempest.lib.common.rest_client [req-3278d28f-0b1e-438e-89a6-b77a51159aee req-3278d28f-0b1e-438e-89a6-b77a51159aee ] Request (FlavorsAccessNegativeTestJSON:test_flavor_access_list_with_public_flavor): 200 POST http://10.180.1.21/compute/v2.1/flavors 1.561s
2025-02-21 08:18:52.906 63123 INFO tempest.lib.common.rest_client [req-ad811c9d-68e8-417e-a407-9a2cb0e7a501 req-ad811c9d-68e8-417e-a407-9a2cb0e7a501 ] Request (FlavorsExtraSpecsTestJSON:test_flavor_set_get_update_show_unset_keys): 200 DELETE http://10.180.1.21/compute/v2.1/flavors/931368915/os-extra_specs/hw:cpu_policy 1.558s
2025-02-21 08:18:52.943 63155 INFO tempest.lib.common.rest_client [req-ea9437f8-ff4e-4eb0-aab7-bcf75b3f46d5 req-ea9437f8-ff4e-4eb0-aab7-bcf75b3f46d5 ] Request (HypervisorAdminNegativeTestJSON:tearDownClass): 204 DELETE http://10.180.1.21:9696/networking/v2.0/security-groups/2fffe77d-b5d7-434a-ae08-30406b31e978 0.087s
2025-02-21 08:18:52.952 63177 INFO tempest.lib.common.rest_client [req-0096bbd5-3518-4071-ad1e-74c04a1ad2ca req-0096bbd5-3518-4071-ad1e-74c04a1ad2ca ] Request (ServersTestFqdnHostnames:setUpClass): 201 POST http://10.180.1.21/identity/v3/auth/tokens 0.068s
2025-02-21 08:18:52.968 63147 INFO tempest.lib.common.rest_client [req-73a03780-7073-4611-9f59-24252db5ca1d req-73a03780-7073-4611-9f59-24252db5ca1d ] Request (ServerRescueNegativeTestJSON:setUpClass): 200 GET http://10.180.1.21/compute/v2.1/servers/cdcb3ad4-b2e0-45de-bcf9-81ce6ab2f9f7 1.620s
2025-02-21 08:18:52.983 63139 INFO tempest.lib.common.rest_client [req-39f0c755-b40d-47b5-adf6-ecdc72bc110d req-39f0c755-b40d-47b5-adf6-ecdc72bc110d ] Request (ServersWithSpecificFlavorTestJSON:test_verify_created_server_ephemeral_disk): 200 POST http://10.180.1.21/compute/v2.1/flavors 1.602s
2025-02-21 08:18:52.984 63177 INFO tempest.lib.common.rest_client [req-da599751-48fc-4da4-9b78-ef9d37346c55 req-da599751-48fc-4da4-9b78-ef9d37346c55 ] Request (ServersTestFqdnHostnames:setUpClass): 201 POST http://10.180.1.21/identity/v3/auth/tokens 0.029s
2025-02-21 08:18:53.014 63177 INFO tempest.lib.common.rest_client [req-d323f0fe-0b99-438f-b2a0-cb79b6fb627c req-d323f0fe-0b99-438f-b2a0-cb79b6fb627c ] Request (ServersTestFqdnHostnames:setUpClass): 200 GET http://10.180.1.21/identity/v3/domains?name=Default 0.030s
2025-02-21 08:18:53.022 63161 INFO tempest.lib.common.rest_client [req-9bc695d1-3e60-4c61-9815-1c272ab57d6b req-9bc695d1-3e60-4c61-9815-1c272ab57d6b ] Request (ServersTestJSON:setUpClass): 200 GET http://10.180.1.21/compute/v2.1/servers/2173ad07-4774-47ac-bed2-2d8e208acd16 1.821s
2025-02-21 08:18:53.031 63161 INFO tempest.common.waiters [-] State transition "BUILD/None" ==> "BUILD/block_device_mapping" after 7 second wait
2025-02-21 08:18:53.031 63155 INFO tempest.lib.common.rest_client [req-f9f9d2c6-50dc-4044-ab9e-54a50fb0dcbe req-f9f9d2c6-50dc-4044-ab9e-54a50fb0dcbe ] Request (HypervisorAdminNegativeTestJSON:tearDownClass): 204 DELETE http://10.180.1.21/identity/v3/projects/d174fcdcb61043c4b141b592c3831d49 0.088s
2025-02-21 08:18:53.036 63155 INFO tempest.test [-] raised in LiveAutoBlockMigrationV225Test.setUpClass. Invoking tearDownClass.
2025-02-21 08:18:53.070 63155 INFO tempest.lib.common.rest_client [req-96c9dc6d-57b8-4224-bb2a-8b9fdecfe139 req-96c9dc6d-57b8-4224-bb2a-8b9fdecfe139 ] Request (ListImageFiltersNegativeTestJSON:setUpClass): 201 POST http://10.180.1.21/identity/v3/auth/tokens 0.032s
2025-02-21 08:18:53.094 63177 INFO tempest.lib.common.rest_client [req-80f9a79f-3640-43f5-af05-b65732d0cecb req-80f9a79f-3640-43f5-af05-b65732d0cecb ] Request (ServersTestFqdnHostnames:setUpClass): 201 POST http://10.180.1.21/identity/v3/projects 0.079s
2025-02-21 08:18:53.132 63155 INFO tempest.lib.common.rest_client [req-2b7ee259-bd2e-4b79-8ce9-6b878fb1fee4 req-2b7ee259-bd2e-4b79-8ce9-6b878fb1fee4 ] Request (ListImageFiltersNegativeTestJSON:setUpClass): 201 POST http://10.180.1.21/identity/v3/auth/tokens 0.059s
2025-02-21 08:18:53.164 63155 INFO tempest.lib.common.rest_client [req-feae9194-67b0-4df1-bc6a-8779d2037799 req-feae9194-67b0-4df1-bc6a-8779d2037799 ] Request (ListImageFiltersNegativeTestJSON:setUpClass): 200 GET http://10.180.1.21/identity/v3/domains?name=Default 0.031s
2025-02-21 08:18:53.185 63177 INFO tempest.lib.common.rest_client [req-e380e91f-ddbc-4c40-bccc-3f6a7568ad28 req-e380e91f-ddbc-4c40-bccc-3f6a7568ad28 ] Request (ServersTestFqdnHostnames:setUpClass): 201 POST http://10.180.1.21/identity/v3/users 0.090s
2025-02-21 08:18:53.186 63159 INFO tempest.lib.common.rest_client [req-ca486e11-1af6-487c-b646-0b6d4b259c8e req-ca486e11-1af6-487c-b646-0b6d4b259c8e ] Request (ServersTestBootFromVolume:setUpClass): 201 POST http://10.180.1.21:9696/networking/v2.0/subnets 0.405s
2025-02-21 08:18:53.204 63155 INFO tempest.lib.common.rest_client [req-26a4ec1d-ff74-4af8-9cdf-18dc5a83b596 req-26a4ec1d-ff74-4af8-9cdf-18dc5a83b596 ] Request (ListImageFiltersNegativeTestJSON:setUpClass): 201 POST http://10.180.1.21/identity/v3/projects 0.040s
2025-02-21 08:18:53.208 63127 INFO tempest.lib.common.rest_client [req-d3667832-ddd4-4a5f-bc8e-09985ea9b741 req-d3667832-ddd4-4a5f-bc8e-09985ea9b741 ] Request (SecurityGroupsTestAdminJSON:_run_cleanups): 202 DELETE http://10.180.1.21/compute/v2.1/os-security-groups/f1a6cad7-0f4c-453b-a590-694425686170 1.574s
2025-02-21 08:18:53.217 63177 INFO tempest.lib.common.rest_client [req-e562523a-130f-41de-b256-c141df38f88e req-e562523a-130f-41de-b256-c141df38f88e ] Request (ServersTestFqdnHostnames:setUpClass): 200 GET http://10.180.1.21/identity/v3/roles 0.032s
2025-02-21 08:18:53.279 63171 INFO tempest.lib.common.rest_client [req-d22201cc-01d6-49a8-975c-7d914a84aae5 req-d22201cc-01d6-49a8-975c-7d914a84aae5 ] Request (ServerDiagnosticsTest:test_get_server_diagnostics): 200 GET http://10.180.1.21/compute/v2.1/servers/ad3e6ef4-be7f-4f54-9746-9280bbadd9be 1.568s
2025-02-21 08:18:53.281 63177 INFO tempest.lib.common.rest_client [req-0e772ee8-f04a-4a15-b935-2b5181bcdb88 req-0e772ee8-f04a-4a15-b935-2b5181bcdb88 ] Request (ServersTestFqdnHostnames:setUpClass): 204 PUT http://10.180.1.21/identity/v3/projects/09a1f80e965846e98f88a38dbda373ec/users/50698606ab054f49972ee8803cb256fc/roles/81d2b7cc30ab469ca0b87e6a5742108f 0.063s
2025-02-21 08:18:53.282 63177 INFO tempest.lib.common.dynamic_creds [-] Dynamic test user 50698606ab054f49972ee8803cb256fc is created with scope project and roles: ['member']
2025-02-21 08:18:53.282 63177 INFO tempest.lib.common.dynamic_creds [-] Acquired dynamic creds: credentials: Credentials: {'domain_id': 'default', 'domain_name': 'Default', 'username': 'tempest-ServersTestFqdnHostnames-658557555-project-member', 'project_domain_id': 'default', 'project_domain_name': 'Default', 'project_id': '09a1f80e965846e98f88a38dbda373ec', 'project_name': 'tempest-ServersTestFqdnHostnames-658557555', 'tenant_id': '09a1f80e965846e98f88a38dbda373ec', 'tenant_name': 'tempest-ServersTestFqdnHostnames-658557555', 'user_domain_id': 'default', 'user_domain_name': 'Default', 'user_id': '50698606ab054f49972ee8803cb256fc', 'system': None}, Network: None, Subnet: None, Router: None
2025-02-21 08:18:53.308 63155 INFO tempest.lib.common.rest_client [req-6d78d80c-762e-47b5-a61c-8e2307b1c365 req-6d78d80c-762e-47b5-a61c-8e2307b1c365 ] Request (ListImageFiltersNegativeTestJSON:setUpClass): 201 POST http://10.180.1.21/identity/v3/users 0.103s
2025-02-21 08:18:53.362 63177 INFO tempest.lib.common.rest_client [req-328d210f-99ad-4e33-82ec-c615efbc0688 req-328d210f-99ad-4e33-82ec-c615efbc0688 ] Request (ServersTestFqdnHostnames:setUpClass): 201 POST http://10.180.1.21/identity/v3/auth/tokens 0.079s
2025-02-21 08:18:53.379 63155 INFO tempest.lib.common.rest_client [req-ae921e23-c41e-4c98-aeb6-e035dca2e3a9 req-ae921e23-c41e-4c98-aeb6-e035dca2e3a9 ] Request (ListImageFiltersNegativeTestJSON:setUpClass): 200 GET http://10.180.1.21/identity/v3/roles 0.070s
2025-02-21 08:18:53.402 63135 INFO tempest.lib.common.rest_client [req-bc145e1e-7a1a-4377-8f80-b0858ddddf6e req-bc145e1e-7a1a-4377-8f80-b0858ddddf6e ] Request (VolumesAssistedSnapshotsTest:test_volume_assisted_snapshot_create_delete): 202 POST http://10.180.1.21/compute/v2.1/servers 1.817s
2025-02-21 08:18:53.407 63155 INFO tempest.lib.common.rest_client [req-f87b7436-f86c-4fde-969f-d4605aec9a73 req-f87b7436-f86c-4fde-969f-d4605aec9a73 ] Request (ListImageFiltersNegativeTestJSON:setUpClass): 204 PUT http://10.180.1.21/identity/v3/projects/34d62be1bafa469a9b57ca2244f28338/users/a120212bad7d4149854b55303c9b4c5d/roles/81d2b7cc30ab469ca0b87e6a5742108f 0.028s
2025-02-21 08:18:53.408 63155 INFO tempest.lib.common.dynamic_creds [-] Dynamic test user a120212bad7d4149854b55303c9b4c5d is created with scope project and roles: ['member']
2025-02-21 08:18:53.408 63155 INFO tempest.lib.common.dynamic_creds [-] Acquired dynamic creds: credentials: Credentials: {'domain_id': 'default', 'domain_name': 'Default', 'username': 'tempest-ListImageFiltersNegativeTestJSON-358457418-project-member', 'project_domain_id': 'default', 'project_domain_name': 'Default', 'project_id': '34d62be1bafa469a9b57ca2244f28338', 'project_name': 'tempest-ListImageFiltersNegativeTestJSON-358457418', 'tenant_id': '34d62be1bafa469a9b57ca2244f28338', 'tenant_name': 'tempest-ListImageFiltersNegativeTestJSON-358457418', 'user_domain_id': 'default', 'user_domain_name': 'Default', 'user_id': 'a120212bad7d4149854b55303c9b4c5d', 'system': None}, Network: None, Subnet: None, Router: None
2025-02-21 08:18:53.408 63155 INFO tempest.lib.common.dynamic_creds [-] Created isolated network resources for: credentials: Credentials: {'domain_id': 'default', 'domain_name': 'Default', 'username': 'tempest-ListImageFiltersNegativeTestJSON-358457418-project-member', 'project_domain_id': 'default', 'project_domain_name': 'Default', 'project_id': '34d62be1bafa469a9b57ca2244f28338', 'project_name': 'tempest-ListImageFiltersNegativeTestJSON-358457418', 'tenant_id': '34d62be1bafa469a9b57ca2244f28338', 'tenant_name': 'tempest-ListImageFiltersNegativeTestJSON-358457418', 'user_domain_id': 'default', 'user_domain_name': 'Default', 'user_id': 'a120212bad7d4149854b55303c9b4c5d', 'system': None}, Network: None, Subnet: None, Router: None
2025-02-21 08:18:53.536 63155 INFO tempest.lib.common.rest_client [req-24b89c85-bf02-4693-9636-4741b8ff138c req-24b89c85-bf02-4693-9636-4741b8ff138c ] Request (ListImageFiltersNegativeTestJSON:setUpClass): 201 POST http://10.180.1.21/identity/v3/auth/tokens 0.118s
2025-02-21 08:18:53.556 63141 INFO tempest.lib.common.rest_client [req-0b6fc2cf-e334-41f6-a4dc-50ae2c118bb9 req-0b6fc2cf-e334-41f6-a4dc-50ae2c118bb9 ] Request (QuotasAdminNegativeTest:_run_cleanups): 200 PUT http://10.180.1.21/compute/v2.1/os-quota-sets/a77de51a0a204504b1e3c8fc8b8993a4 1.446s
2025-02-21 08:18:53.670 63129 INFO tempest.lib.common.rest_client [req-6fb72aff-e559-43a8-a926-8ac890659392 req-6fb72aff-e559-43a8-a926-8ac890659392 ] Request (FloatingIPsTestJSON:test_delete_floating_ip): 404 GET http://10.180.1.21/compute/v2.1/os-floating-ips/574e7ebd-73f2-4065-838e-08f05d4a2c20 1.149s
2025-02-21 08:18:53.684 63169 INFO tempest.lib.common.rest_client [req-d47b3fb4-1a13-4ae2-aa0b-d155dc24812b req-d47b3fb4-1a13-4ae2-aa0b-d155dc24812b ] Request (ImagesTestJSON:test_create_image_from_stopped_server): 202 POST http://10.180.1.21/compute/v2.1/servers 1.807s
2025-02-21 08:18:53.707 63119 INFO tempest.lib.common.rest_client [req-859335ab-d04c-49f0-a265-ae952d3224d8 req-859335ab-d04c-49f0-a265-ae952d3224d8 ] Request (ImagesMetadataNegativeTestJSON:test_list_nonexistent_image_metadata): 404 GET http://10.180.1.21/compute/v2.1/images/276a111b-317d-4b59-8f68-f8d3bc91c9a0/metadata 1.161s
2025-02-21 08:18:53.781 63177 INFO tempest.lib.common.rest_client [req-0119f776-7667-4022-95bc-042529dbf599 req-0119f776-7667-4022-95bc-042529dbf599 ] Request (ServersTestFqdnHostnames:setUpClass): 201 POST http://10.180.1.21:9696/networking/v2.0/networks 0.419s
2025-02-21 08:18:53.793 63153 INFO tempest.lib.common.rest_client [req-0dfbc06c-b754-4c32-b395-eabb113f3fee req-0dfbc06c-b754-4c32-b395-eabb113f3fee ] Request (AggregatesAdminNegativeTestJSON:test_aggregate_add_host_as_user): 403 POST http://10.180.1.21/compute/v2.1/os-aggregates/2/action 1.230s
2025-02-21 08:18:53.907 63176 INFO tempest.lib.common.rest_client [req-83a75b39-ad52-4524-8dac-2207773a4f6b req-83a75b39-ad52-4524-8dac-2207773a4f6b ] Request (DeleteServersAdminTestJSON:test_admin_delete_servers_of_others): 200 GET http://10.180.1.21/compute/v2.1/servers/44fc0c41-2667-49dc-9956-ae42ad5c69dd 1.381s
2025-02-21 08:18:53.910 63157 INFO tempest.lib.common.rest_client [req-5e8eefef-5fe6-4a79-b0c6-74bb5f39a550 req-5e8eefef-5fe6-4a79-b0c6-74bb5f39a550 ] Request (MigrationsAdminTest:test_list_migrations): 200 GET http://10.180.1.21/compute/v2.1/os-migrations 1.330s
2025-02-21 08:18:53.916 63167 INFO tempest.lib.common.rest_client [req-4988a66b-de4b-458c-b982-c5090a6063af req-4988a66b-de4b-458c-b982-c5090a6063af ] Request (HostsAdminNegativeTestJSON:test_update_host_with_invalid_maintenance_mode): 400 PUT http://10.180.1.21/compute/v2.1/os-hosts/devstack 1.273s
2025-02-21 08:18:53.936 63117 INFO tempest.lib.common.rest_client [req-e451e0c5-a54c-49a1-8a0b-5aa497a74931 req-e451e0c5-a54c-49a1-8a0b-5aa497a74931 ] Request (FlavorsAccessTestJSON:test_flavor_access_list_with_private_flavor): 200 GET http://10.180.1.21/compute/v2.1/flavors/111774630/os-flavor-access 1.239s
2025-02-21 08:18:53.937 63143 INFO tempest.lib.common.rest_client [req-9e1d8a80-9b14-4c3c-8019-1385f7d74ac2 req-9e1d8a80-9b14-4c3c-8019-1385f7d74ac2 ] Request (HostsAdminTestJSON:test_list_hosts_with_zone): 200 GET http://10.180.1.21/compute/v2.1/os-hosts?zone=internal 1.269s
2025-02-21 08:18:53.976 63179 INFO tempest.lib.common.rest_client [req-f88c50d2-d991-4f88-a6bd-45aa6ebfc278 req-f88c50d2-d991-4f88-a6bd-45aa6ebfc278 ] Request (KeyPairsV22TestJSON:test_keypair_create_delete): 201 POST http://10.180.1.21/compute/v2.1/os-keypairs 1.222s
2025-02-21 08:18:54.016 63157 INFO tempest.lib.common.rest_client [req-a67b59d1-1993-4c77-85b4-1cab29ef9e8d req-a67b59d1-1993-4c77-85b4-1cab29ef9e8d ] Request (MigrationsAdminTest:test_list_migrations_in_flavor_resize_situation): 201 POST http://10.180.1.21/identity/v3/auth/tokens 0.095s
2025-02-21 08:18:54.016 63157 INFO tempest.lib.common.fixed_network [-] (MigrationsAdminTest:test_list_migrations_in_flavor_resize_situation) Found network None available for tenant
2025-02-21 08:18:54.072 63121 INFO tempest.lib.common.rest_client [req-39ba6e31-a5a9-4f98-af43-4d305ab02660 req-39ba6e31-a5a9-4f98-af43-4d305ab02660 ] Request (QuotasAdminTestJSON:test_delete_quota): 200 GET http://10.180.1.21/compute/v2.1/os-quota-sets/07e513468f064168b6b023dfae05a1bb 1.206s
2025-02-21 08:18:54.083 63163 INFO tempest.lib.common.rest_client [req-2723787c-a805-45d2-929c-be74231d54af req-2723787c-a805-45d2-929c-be74231d54af ] Request (FlavorsAccessNegativeTestJSON:test_flavor_access_list_with_public_flavor): 404 GET http://10.180.1.21/compute/v2.1/flavors/87159625/os-flavor-access 1.192s
2025-02-21 08:18:54.089 63149 INFO tempest.lib.common.rest_client [req-d4132fb2-359a-4546-ab6f-f1fcbc85a60d req-d4132fb2-359a-4546-ab6f-f1fcbc85a60d ] Request (NetworksTest:test_list_all_networks): 200 GET http://10.180.1.21/compute/v2.1/os-networks 1.316s
2025-02-21 08:18:54.093 63123 INFO tempest.lib.common.rest_client [req-231a07b9-c1a9-443a-9191-31ed4d91f126 req-231a07b9-c1a9-443a-9191-31ed4d91f126 ] Request (FlavorsExtraSpecsTestJSON:test_flavor_set_get_update_show_unset_keys): 200 GET http://10.180.1.21/compute/v2.1/flavors/931368915/os-extra_specs 1.186s
2025-02-21 08:18:54.107 63139 INFO tempest.lib.common.rest_client [req-bb4e24ca-2b30-49f7-914c-cf59c0f72a22 req-bb4e24ca-2b30-49f7-914c-cf59c0f72a22 ] Request (ServersWithSpecificFlavorTestJSON:test_verify_created_server_ephemeral_disk): 200 GET http://10.180.1.21/compute/v2.1/flavors/42/os-extra_specs 1.122s
2025-02-21 08:18:54.161 63121 INFO tempest.lib.common.rest_client [req-6e3b117c-8869-485f-a3ba-c1f62c943066 req-6e3b117c-8869-485f-a3ba-c1f62c943066 ] Request (QuotasAdminTestJSON:_run_cleanups): 204 DELETE http://10.180.1.21/identity/v3/projects/07e513468f064168b6b023dfae05a1bb 0.086s
2025-02-21 08:18:54.194 63149 INFO tempest.lib.common.rest_client [req-280ea769-388f-404a-8f74-fc96c2a77965 req-280ea769-388f-404a-8f74-fc96c2a77965 ] Request (NetworksTest:tearDownClass): 204 DELETE http://10.180.1.21/identity/v3/users/8022671224b747c38caef75aac632d30 0.103s
2025-02-21 08:18:54.225 63159 INFO tempest.lib.common.rest_client [req-cd57b7c4-9669-4842-b408-1d682952308e req-cd57b7c4-9669-4842-b408-1d682952308e ] Request (ServersTestBootFromVolume:setUpClass): 201 POST http://10.180.1.21:9696/networking/v2.0/routers 1.038s
2025-02-21 08:18:54.302 63127 INFO tempest.lib.common.rest_client [req-200a9d35-5df7-48ae-a032-a773604b5cdc req-200a9d35-5df7-48ae-a032-a773604b5cdc ] Request (SecurityGroupsTestAdminJSON:_run_cleanups): 202 DELETE http://10.180.1.21/compute/v2.1/os-security-groups/53f17ffb-6f04-4ff1-b6fd-53c02f3a10b4 1.094s
2025-02-21 08:18:54.344 63149 INFO tempest.lib.common.rest_client [req-22872537-7878-4471-a529-19e919c1d785 req-22872537-7878-4471-a529-19e919c1d785 ] Request (NetworksTest:tearDownClass): 204 DELETE http://10.180.1.21/identity/v3/users/b87e3b91ca5a48f6a5130592f9db0f85 0.149s
2025-02-21 08:18:54.344 63149 INFO tempest.lib.common.dynamic_creds [-] Deleting project and security group for project: 37d0ed589ec7465aa92fd7a61f275abb
2025-02-21 08:18:54.363 63131 INFO tempest.lib.common.rest_client [req-dc048f47-6502-425b-9981-ffdaf9e22a80 req-dc048f47-6502-425b-9981-ffdaf9e22a80 ] Request (MultipleCreateTestJSON:test_multiple_create): 200 GET http://10.180.1.21/compute/v2.1/servers/d4c45b3e-f1f6-4153-8724-8b050c01300f 1.052s
2025-02-21 08:18:54.400 63177 INFO tempest.lib.common.rest_client [req-01eebeae-79c6-456d-99f9-7f4749e0f7c0 req-01eebeae-79c6-456d-99f9-7f4749e0f7c0 ] Request (ServersTestFqdnHostnames:setUpClass): 201 POST http://10.180.1.21:9696/networking/v2.0/subnets 0.618s
2025-02-21 08:18:54.418 63149 INFO tempest.lib.common.rest_client [req-8e188aa3-2698-4b54-831d-f0d2e4cc6777 req-8e188aa3-2698-4b54-831d-f0d2e4cc6777 ] Request (NetworksTest:tearDownClass): 201 POST http://10.180.1.21/identity/v3/auth/tokens 0.074s
2025-02-21 08:18:54.431 63135 INFO tempest.lib.common.rest_client [req-3e767a97-b831-4ecc-ab00-b88856ab7eab req-3e767a97-b831-4ecc-ab00-b88856ab7eab ] Request (VolumesAssistedSnapshotsTest:test_volume_assisted_snapshot_create_delete): 200 GET http://10.180.1.21/compute/v2.1/servers/0894f61d-4fa3-4df2-86d1-2900553825cb 1.027s
2025-02-21 08:18:54.499 63137 INFO tempest.lib.common.rest_client [req-b00410a2-1786-4047-a7a0-2624b83093e4 req-b00410a2-1786-4047-a7a0-2624b83093e4 ] Request (ServerExternalEventsTest:test_create_server_external_events): 200 GET http://10.180.1.21/compute/v2.1/servers/58230e43-0ef1-4f60-9419-f0826b2b1369 1.237s
2025-02-21 08:18:54.551 63155 INFO tempest.lib.common.rest_client [req-c36eec05-11e0-488c-a06c-a02e0e4eaa4a req-c36eec05-11e0-488c-a06c-a02e0e4eaa4a ] Request (ListImageFiltersNegativeTestJSON:test_get_nonexistent_image): 404 GET http://10.180.1.21/compute/v2.1/images/8a589045-f44d-406e-b151-19fffd3fd453 1.014s
2025-02-21 08:18:54.614 63141 INFO tempest.lib.common.rest_client [req-7652b1a8-0958-4ab8-b6bc-51dbd3474f3c req-7652b1a8-0958-4ab8-b6bc-51dbd3474f3c ] Request (QuotasAdminNegativeTest:test_create_server_when_memory_quota_is_full): 200 GET http://10.180.1.21/compute/v2.1/os-quota-sets/a77de51a0a204504b1e3c8fc8b8993a4 1.054s
2025-02-21 08:18:54.629 63145 INFO tempest.lib.common.rest_client [req-eb5b74ac-5973-4c37-b1b7-f9d4e4bfc3e5 req-eb5b74ac-5973-4c37-b1b7-f9d4e4bfc3e5 ] Request (ServersAdminNegativeTestJSON:setUpClass): 200 GET http://10.180.1.21/compute/v2.1/servers/24a25029-8f86-4700-9e08-a802ba3f7ef4 0.988s
2025-02-21 08:18:54.649 63155 INFO tempest.lib.common.rest_client [req-96c7060e-3239-4c3f-882c-b58848fa9655 req-96c7060e-3239-4c3f-882c-b58848fa9655 ] Request (ListImageFiltersNegativeTestJSON:tearDownClass): 204 DELETE http://10.180.1.21/identity/v3/users/a120212bad7d4149854b55303c9b4c5d 0.095s
2025-02-21 08:18:54.650 63155 INFO tempest.lib.common.dynamic_creds [-] Deleting project and security group for project: 34d62be1bafa469a9b57ca2244f28338
2025-02-21 08:18:54.680 63129 INFO tempest.lib.common.rest_client [req-3b5835c4-6c57-40ba-8007-f77ff8bd2822 req-3b5835c4-6c57-40ba-8007-f77ff8bd2822 ] Request (FloatingIPsTestJSON:_run_cleanups): 404 DELETE http://10.180.1.21/compute/v2.1/os-floating-ips/574e7ebd-73f2-4065-838e-08f05d4a2c20 1.009s
2025-02-21 08:18:54.702 63174 INFO tempest.lib.common.rest_client [req-77b2586a-a300-4637-9962-451b89d178f2 req-77b2586a-a300-4637-9962-451b89d178f2 ] Request (ServersAdmin275Test:test_rebuild_update_server_275): 200 GET http://10.180.1.21/compute/v2.1/servers/e634edd2-e0ee-44f3-992a-b10f08a93022 1.049s
2025-02-21 08:18:54.718 63174 INFO tempest.common.waiters [-] State transition "BUILD/spawning" ==> "ACTIVE/None" after 12 second wait
2025-02-21 08:18:54.725 63119 INFO tempest.lib.common.rest_client [req-701b5bd9-88e4-4750-ba4a-2f3c7715533a req-701b5bd9-88e4-4750-ba4a-2f3c7715533a ] Request (ImagesMetadataNegativeTestJSON:test_set_nonexistent_image_metadata): 404 PUT http://10.180.1.21/compute/v2.1/images/557e8d87-3b15-4295-a028-60dde2ad6ede/metadata 1.016s
2025-02-21 08:18:54.746 63155 INFO tempest.lib.common.rest_client [req-da2c69ed-339e-43a7-b857-b860f77a790d req-da2c69ed-339e-43a7-b857-b860f77a790d ] Request (ListImageFiltersNegativeTestJSON:tearDownClass): 201 POST http://10.180.1.21/identity/v3/auth/tokens 0.096s
2025-02-21 08:18:54.772 63169 INFO tempest.lib.common.rest_client [req-110bdcd9-6380-4f61-949d-7b21ed07049b req-110bdcd9-6380-4f61-949d-7b21ed07049b ] Request (ImagesTestJSON:test_create_image_from_stopped_server): 200 GET http://10.180.1.21/compute/v2.1/servers/6e4b716a-3b9f-408d-a160-21f883edcdf7 1.086s
2025-02-21 08:18:54.801 63165 INFO tempest.lib.common.rest_client [req-4b6aa332-cc49-4f83-9bb9-dce115fe1787 req-4b6aa332-cc49-4f83-9bb9-dce115fe1787 ] Request (FloatingIPsAssociationTestJSON:setUpClass): 200 GET http://10.180.1.21/compute/v2.1/servers/6fb562ee-db7e-46cf-acc3-447ed69cbab1 1.064s
2025-02-21 08:18:54.826 63153 INFO tempest.lib.common.rest_client [req-49c71182-2e47-41c4-bbd3-59a0e634d5c4 req-49c71182-2e47-41c4-bbd3-59a0e634d5c4 ] Request (AggregatesAdminNegativeTestJSON:_run_cleanups): 200 DELETE http://10.180.1.21/compute/v2.1/os-aggregates/2 1.032s
2025-02-21 08:18:54.834 63167 INFO tempest.lib.common.rest_client [req-ca067000-807c-4828-ad9e-7059a216f560 req-ca067000-807c-4828-ad9e-7059a216f560 ] Request (HostsAdminNegativeTestJSON:test_update_host_with_invalid_status): 400 PUT http://10.180.1.21/compute/v2.1/os-hosts/devstack 0.917s
2025-02-21 08:18:54.865 63117 INFO tempest.lib.common.rest_client [req-48068943-c264-4103-8f45-3c17dd726450 req-48068943-c264-4103-8f45-3c17dd726450 ] Request (FlavorsAccessTestJSON:_run_cleanups): 202 DELETE http://10.180.1.21/compute/v2.1/flavors/111774630 0.927s
2025-02-21 08:18:54.889 63143 INFO tempest.lib.common.rest_client [req-4f41cddf-30fd-4eeb-bb9c-200ad9738733 req-4f41cddf-30fd-4eeb-bb9c-200ad9738733 ] Request (HostsAdminTestJSON:test_show_host_detail): 200 GET http://10.180.1.21/compute/v2.1/os-hosts 0.948s
2025-02-21 08:18:54.908 63179 INFO tempest.lib.common.rest_client [req-ebec8811-e560-4142-870a-52e4a3f74abe req-ebec8811-e560-4142-870a-52e4a3f74abe ] Request (KeyPairsV22TestJSON:_run_cleanups): 204 DELETE http://10.180.1.21/compute/v2.1/os-keypairs/tempest-keypair-1441085762 0.930s
2025-02-21 08:18:54.920 63125 INFO tempest.lib.common.rest_client [req-2628733c-141b-4d7d-bb68-8c865c000f87 req-2628733c-141b-4d7d-bb68-8c865c000f87 ] Request (ServerDiagnosticsV248Test:test_get_server_diagnostics): 200 GET http://10.180.1.21/compute/v2.1/servers/0d12a280-ff76-410b-bc50-f400c0a7c1d5 1.058s
2025-02-21 08:18:54.927 63149 INFO tempest.lib.common.rest_client [req-3dc9f257-eb22-4d45-8790-a2a67a3c2051 req-3dc9f257-eb22-4d45-8790-a2a67a3c2051 ] Request (NetworksTest:tearDownClass): 200 GET http://10.180.1.21:9696/networking/v2.0/security-groups?tenant_id=37d0ed589ec7465aa92fd7a61f275abb&name=default 0.508s
