2025-02-21 08:19:01.779 63143 INFO tempest.lib.common.dynamic_creds [-] Created isolated network resources for: credentials: Credentials: {'domain_id': 'default', 'domain_name': 'Default', 'username': 'tempest-QuotasSecurityGroupAdminNegativeTest-1556601656-project-admin', 'project_domain_id': 'default', 'project_domain_name': 'Default', 'project_id': '3d203017061341fbacff4844d69a45f1', 'project_name': 'tempest-QuotasSecurityGroupAdminNegativeTest-1556601656', 'tenant_id': '3d203017061341fbacff4844d69a45f1', 'tenant_name': 'tempest-QuotasSecurityGroupAdminNegativeTest-1556601656', 'user_domain_id': 'default', 'user_domain_name': 'Default', 'user_id': '649741a6711a41249890d91d517b8682', 'system': None}, Network: None, Subnet: None, Router: None
2025-02-21 08:19:01.849 63165 INFO tempest.lib.common.rest_client [req-1aeb8383-bc9a-48ee-b4ba-3b80ba6831d9 req-1aeb8383-bc9a-48ee-b4ba-3b80ba6831d9 ] Request (FloatingIPsAssociationTestJSON:setUpClass): 200 GET http://10.180.1.21/compute/v2.1/servers/6fb562ee-db7e-46cf-acc3-447ed69cbab1 1.225s
2025-02-21 08:19:01.889 63141 INFO tempest.lib.common.rest_client [req-0197f4a0-0ed2-48d4-98b5-a487d41a2711 req-0197f4a0-0ed2-48d4-98b5-a487d41a2711 ] Request (QuotasAdminNegativeTest:tearDownClass): 204 DELETE http://10.180.1.21/identity/v3/projects/a77de51a0a204504b1e3c8fc8b8993a4 0.192s
2025-02-21 08:19:01.889 63141 INFO tempest.lib.common.dynamic_creds [-] Deleting project and security group for project: 5031f61f8b314cb1862509de3972c021
2025-02-21 08:19:01.894 63129 INFO tempest.lib.common.rest_client [req-8e8ad35d-ed68-476d-bead-89d61ce2d968 req-8e8ad35d-ed68-476d-bead-89d61ce2d968 ] Request (FloatingIPsTestJSON:tearDownClass): 204 DELETE http://10.180.1.21/identity/v3/users/ee914859156c435c8a780e3d516c593c 0.297s
2025-02-21 08:19:01.898 63129 INFO tempest.lib.common.dynamic_creds [-] Deleting project and security group for project: 699d382ad2a44447811314752af1da86
2025-02-21 08:19:01.967 63143 INFO tempest.lib.common.rest_client [req-015f4466-f3e9-467e-ab04-30ec0276c4ec req-015f4466-f3e9-467e-ab04-30ec0276c4ec ] Request (QuotasSecurityGroupAdminNegativeTest:setUpClass): 201 POST http://10.180.1.21/identity/v3/auth/tokens 0.185s
2025-02-21 08:19:01.969 63143 WARNING tempest.lib.common.rest_client [-] Deprecated: "tenant_id" property is deprecated for removal, use "project_id" instead
2025-02-21 08:19:01.972 63177 INFO tempest.lib.common.rest_client [req-369c06c9-08d6-4f40-94ab-d2fab52ea8b6 req-369c06c9-08d6-4f40-94ab-d2fab52ea8b6 ] Request (ServersTestFqdnHostnames:test_create_server_with_fqdn_name): 201 POST http://10.180.1.21:9696/networking/v2.0/security-group-rules 0.404s
2025-02-21 08:19:01.981 63174 INFO tempest.lib.common.rest_client [req-8f90c792-cf2f-4c1a-9076-99b23a27873d req-8f90c792-cf2f-4c1a-9076-99b23a27873d ] Request (ServersAdmin275Test:test_rebuild_update_server_275): 200 GET http://10.180.1.21/compute/v2.1/servers/e634edd2-e0ee-44f3-992a-b10f08a93022 1.308s
2025-02-21 08:19:02.003 63127 INFO tempest.lib.common.rest_client [req-5b2178e0-a5f8-4390-85c3-42dd0da4c7cb req-5b2178e0-a5f8-4390-85c3-42dd0da4c7cb ] Request (ServicesAdminNegativeTestJSON:test_get_service_by_invalid_service_and_valid_host): 200 GET http://10.180.1.21/compute/v2.1/os-services 1.291s
2025-02-21 08:19:02.017 63129 INFO tempest.lib.common.rest_client [req-923ba9b8-9368-4578-bbba-8cdab636d1c9 req-923ba9b8-9368-4578-bbba-8cdab636d1c9 ] Request (FloatingIPsTestJSON:tearDownClass): 200 GET http://10.180.1.21:9696/networking/v2.0/security-groups?tenant_id=699d382ad2a44447811314752af1da86&name=default 0.117s
2025-02-21 08:19:02.079 63143 INFO tempest.lib.common.rest_client [req-9aea8f9c-6f64-40d3-ac91-f63751222d2e req-9aea8f9c-6f64-40d3-ac91-f63751222d2e ] Request (QuotasSecurityGroupAdminNegativeTest:tearDownClass): 204 DELETE http://10.180.1.21/identity/v3/users/d221609e41284eefb13469fd66bc2bf8 0.107s
2025-02-21 08:19:02.201 63141 INFO tempest.lib.common.rest_client [req-4837b635-62e8-419d-b0ff-0fd2ed2a5276 req-4837b635-62e8-419d-b0ff-0fd2ed2a5276 ] Request (QuotasAdminNegativeTest:tearDownClass): 200 GET http://10.180.1.21:9696/networking/v2.0/security-groups?tenant_id=5031f61f8b314cb1862509de3972c021&name=default 0.312s
2025-02-21 08:19:02.203 63117 INFO tempest.lib.common.rest_client [req-ef438872-22b5-4942-a693-04eb03c7dac0 req-ef438872-22b5-4942-a693-04eb03c7dac0 ] Request (KeyPairsV2TestJSON:test_get_keypair_detail): 200 POST http://10.180.1.21/compute/v2.1/os-keypairs 1.428s
2025-02-21 08:19:02.210 63119 INFO tempest.lib.common.rest_client [req-b3e600c4-e46d-479e-aa61-cab7a83a95da req-b3e600c4-e46d-479e-aa61-cab7a83a95da ] Request (MultipleCreateNegativeTestJSON:test_max_count_less_than_one): 400 POST http://10.180.1.21/compute/v2.1/servers 1.350s
2025-02-21 08:19:02.245 63143 INFO tempest.lib.common.rest_client [req-fc83e370-bda5-421c-b6d4-dce92cc2b26e req-fc83e370-bda5-421c-b6d4-dce92cc2b26e ] Request (QuotasSecurityGroupAdminNegativeTest:tearDownClass): 204 DELETE http://10.180.1.21/identity/v3/users/649741a6711a41249890d91d517b8682 0.166s
2025-02-21 08:19:02.246 63143 INFO tempest.lib.common.dynamic_creds [-] Deleting project and security group for project: b308fb75b0d74c138e32b3a9914cea3c
2025-02-21 08:19:02.305 63119 INFO tempest.lib.common.rest_client [req-7ac0d1bb-bd37-42ef-bb1d-2af19af2d08f req-7ac0d1bb-bd37-42ef-bb1d-2af19af2d08f ] Request (MultipleCreateNegativeTestJSON:test_max_count_non_integer): 201 POST http://10.180.1.21/identity/v3/auth/tokens 0.090s
2025-02-21 08:19:02.305 63119 INFO tempest.lib.common.fixed_network [-] (MultipleCreateNegativeTestJSON:test_max_count_non_integer) Found network None available for tenant
2025-02-21 08:19:02.308 63143 INFO tempest.lib.common.rest_client [req-c9a1ee6e-3a47-45b2-883f-a23f8ee052bb req-c9a1ee6e-3a47-45b2-883f-a23f8ee052bb ] Request (QuotasSecurityGroupAdminNegativeTest:tearDownClass): 201 POST http://10.180.1.21/identity/v3/auth/tokens 0.062s
2025-02-21 08:19:02.348 63129 INFO tempest.lib.common.rest_client [req-a1312d39-b238-4d40-8746-fa9fe1795efc req-a1312d39-b238-4d40-8746-fa9fe1795efc ] Request (FloatingIPsTestJSON:tearDownClass): 204 DELETE http://10.180.1.21:9696/networking/v2.0/security-groups/5c8cdb63-87eb-4f9a-9c94-040cdae239de 0.330s
2025-02-21 08:19:02.420 63149 INFO tempest.lib.common.rest_client [req-b4628970-2e05-46e9-88c9-2c03dc3d63df req-b4628970-2e05-46e9-88c9-2c03dc3d63df ] Request (AttachInterfacesV270Test:setUpClass): 201 POST http://10.180.1.21:9696/networking/v2.0/routers 3.254s
2025-02-21 08:19:02.442 63129 INFO tempest.lib.common.rest_client [req-7bb84825-ec80-4aa8-ab0f-79c3c8ae15c4 req-7bb84825-ec80-4aa8-ab0f-79c3c8ae15c4 ] Request (FloatingIPsTestJSON:tearDownClass): 204 DELETE http://10.180.1.21/identity/v3/projects/699d382ad2a44447811314752af1da86 0.093s
2025-02-21 08:19:02.500 63141 INFO tempest.lib.common.rest_client [req-f8e8cf7a-e3c6-4642-9ff7-626e357bcfca req-f8e8cf7a-e3c6-4642-9ff7-626e357bcfca ] Request (QuotasAdminNegativeTest:tearDownClass): 204 DELETE http://10.180.1.21:9696/networking/v2.0/security-groups/13ad6c8b-f37d-4342-9a65-c2d64d14c44b 0.299s
2025-02-21 08:19:02.507 63129 INFO tempest.lib.common.rest_client [req-8066d019-afb7-4f32-8c42-df27135747f0 req-8066d019-afb7-4f32-8c42-df27135747f0 ] Request (FloatingIPsAssociationNegativeTestJSON:setUpClass): 201 POST http://10.180.1.21/identity/v3/auth/tokens 0.064s
2025-02-21 08:19:02.543 63129 INFO tempest.lib.common.rest_client [req-3c7d8b82-0528-4169-aa9c-193e8c495c1d req-3c7d8b82-0528-4169-aa9c-193e8c495c1d ] Request (FloatingIPsAssociationNegativeTestJSON:setUpClass): 201 POST http://10.180.1.21/identity/v3/auth/tokens 0.033s
2025-02-21 08:19:02.550 63123 INFO tempest.lib.common.rest_client [req-10990b24-7454-48bc-9f8e-7a6c7f0a441a req-10990b24-7454-48bc-9f8e-7a6c7f0a441a ] Request (ImagesNegativeTestJSON:setUpClass): 201 POST http://10.180.1.21:9696/networking/v2.0/subnets 0.979s
2025-02-21 08:19:02.561 63161 INFO tempest.lib.common.rest_client [req-bc64a651-fc6f-4084-95c3-74587f2c3c81 req-bc64a651-fc6f-4084-95c3-74587f2c3c81 ] Request (ServersTestJSON:setUpClass): 200 GET http://10.180.1.21/compute/v2.1/servers/2173ad07-4774-47ac-bed2-2d8e208acd16 1.564s
2025-02-21 08:19:02.588 63129 INFO tempest.lib.common.rest_client [req-b61be1eb-dfc7-4221-b34b-8d2e4731365a req-b61be1eb-dfc7-4221-b34b-8d2e4731365a ] Request (FloatingIPsAssociationNegativeTestJSON:setUpClass): 200 GET http://10.180.1.21/identity/v3/domains?name=Default 0.045s
2025-02-21 08:19:02.632 63141 INFO tempest.lib.common.rest_client [req-2f6e7572-9d0f-4841-a1c3-41c990c7aebe req-2f6e7572-9d0f-4841-a1c3-41c990c7aebe ] Request (QuotasAdminNegativeTest:tearDownClass): 204 DELETE http://10.180.1.21/identity/v3/projects/5031f61f8b314cb1862509de3972c021 0.131s
2025-02-21 08:19:02.665 63139 INFO tempest.lib.common.rest_client [req-8a277482-eeeb-42fc-8424-502b7d0ae90c req-8a277482-eeeb-42fc-8424-502b7d0ae90c ] Request (ServersWithSpecificFlavorTestJSON:test_verify_created_server_ephemeral_disk): 202 POST http://10.180.1.21/compute/v2.1/servers 2.141s
2025-02-21 08:19:02.669 63141 INFO tempest.lib.common.rest_client [req-9792d3cb-d0e4-438c-8bfd-2051dc2c00d0 req-9792d3cb-d0e4-438c-8bfd-2051dc2c00d0 ] Request (AttachInterfacesTestJSON:setUpClass): 201 POST http://10.180.1.21/identity/v3/auth/tokens 0.035s
2025-02-21 08:19:02.684 63171 INFO tempest.lib.common.rest_client [req-717556f2-b344-42d0-ba45-d4b80393420b req-717556f2-b344-42d0-ba45-d4b80393420b ] Request (ServerDiagnosticsTest:test_get_server_diagnostics): 200 GET http://10.180.1.21/compute/v2.1/servers/ad3e6ef4-be7f-4f54-9746-9280bbadd9be 1.597s
2025-02-21 08:19:02.701 63129 INFO tempest.lib.common.rest_client [req-7e84cce7-35f0-4bf3-9396-059881a9030e req-7e84cce7-35f0-4bf3-9396-059881a9030e ] Request (FloatingIPsAssociationNegativeTestJSON:setUpClass): 201 POST http://10.180.1.21/identity/v3/projects 0.112s
2025-02-21 08:19:02.709 63159 INFO tempest.lib.common.rest_client [req-17744408-ad82-44d2-91f7-f4ac7c32774a req-17744408-ad82-44d2-91f7-f4ac7c32774a ] Request (ServersTestBootFromVolume:setUpClass): 202 POST http://10.180.1.21/volume/v3/volumes 0.964s
2025-02-21 08:19:02.732 63143 INFO tempest.lib.common.rest_client [req-9c1aadca-25da-493a-af31-e7746945307c req-9c1aadca-25da-493a-af31-e7746945307c ] Request (QuotasSecurityGroupAdminNegativeTest:tearDownClass): 200 GET http://10.180.1.21:9696/networking/v2.0/security-groups?tenant_id=b308fb75b0d74c138e32b3a9914cea3c&name=default 0.423s
2025-02-21 08:19:02.735 63163 INFO tempest.lib.common.rest_client [req-6d92488f-7d34-45f7-8bee-259010396215 req-6d92488f-7d34-45f7-8bee-259010396215 ] Request (FlavorsAccessNegativeTestJSON:test_flavor_non_admin_remove): 200 POST http://10.180.1.21/compute/v2.1/flavors 1.273s
2025-02-21 08:19:02.789 63153 INFO tempest.lib.common.rest_client [req-e286ffc5-912b-469a-b0a0-f782b520b94f req-e286ffc5-912b-469a-b0a0-f782b520b94f ] Request (AggregatesAdminNegativeTestJSON:test_aggregate_create_with_existent_aggregate_name): 200 POST http://10.180.1.21/compute/v2.1/os-aggregates 1.326s
2025-02-21 08:19:02.799 63159 INFO tempest.lib.common.rest_client [req-f7a3cab6-825e-4d2f-a01c-16e7f58fb0c4 req-f7a3cab6-825e-4d2f-a01c-16e7f58fb0c4 ] Request (ServersTestBootFromVolume:setUpClass): 200 GET http://10.180.1.21/volume/v3/volumes/19da5a77-94c1-4f4a-a718-68a98d80a5cc 0.074s
2025-02-21 08:19:02.815 63141 INFO tempest.lib.common.rest_client [req-d1fc0850-2806-497b-bd03-fd680d076632 req-d1fc0850-2806-497b-bd03-fd680d076632 ] Request (AttachInterfacesTestJSON:setUpClass): 201 POST http://10.180.1.21/identity/v3/auth/tokens 0.143s
2025-02-21 08:19:02.869 63141 INFO tempest.lib.common.rest_client [req-68bdbc66-94ae-44f1-a23b-73e35b3459ae req-68bdbc66-94ae-44f1-a23b-73e35b3459ae ] Request (AttachInterfacesTestJSON:setUpClass): 200 GET http://10.180.1.21/identity/v3/domains?name=Default 0.054s
2025-02-21 08:19:02.875 63129 INFO tempest.lib.common.rest_client [req-9d47eaef-c342-4a39-a1d1-85915ad96634 req-9d47eaef-c342-4a39-a1d1-85915ad96634 ] Request (FloatingIPsAssociationNegativeTestJSON:setUpClass): 201 POST http://10.180.1.21/identity/v3/users 0.173s
2025-02-21 08:19:02.892 63179 INFO tempest.lib.common.rest_client [req-e68e4ee1-03bb-4c54-b9b3-544926a50883 req-e68e4ee1-03bb-4c54-b9b3-544926a50883 ] Request (KeyPairsV22TestJSON:_run_cleanups): 204 DELETE http://10.180.1.21/compute/v2.1/os-keypairs/tempest-KeyPairsV22TestJSON-keypair-487876271 1.410s
2025-02-21 08:19:02.911 63129 INFO tempest.lib.common.rest_client [req-c6dbfc28-38f0-4572-bc10-1a7246c45efa req-c6dbfc28-38f0-4572-bc10-1a7246c45efa ] Request (FloatingIPsAssociationNegativeTestJSON:setUpClass): 200 GET http://10.180.1.21/identity/v3/roles 0.035s
2025-02-21 08:19:02.913 63141 INFO tempest.lib.common.rest_client [req-17a18866-2435-4f67-8f43-2c94cb180b85 req-17a18866-2435-4f67-8f43-2c94cb180b85 ] Request (AttachInterfacesTestJSON:setUpClass): 201 POST http://10.180.1.21/identity/v3/projects 0.044s
2025-02-21 08:19:03.001 63129 INFO tempest.lib.common.rest_client [req-a451fae2-fbb6-4f66-8970-80a2bc1c40a0 req-a451fae2-fbb6-4f66-8970-80a2bc1c40a0 ] Request (FloatingIPsAssociationNegativeTestJSON:setUpClass): 204 PUT http://10.180.1.21/identity/v3/projects/a4bdba0fc6b542b584c84b9a55d08ffb/users/ee391d58b4254a058c81403acfa2e159/roles/81d2b7cc30ab469ca0b87e6a5742108f 0.089s
2025-02-21 08:19:03.001 63129 INFO tempest.lib.common.dynamic_creds [-] Dynamic test user ee391d58b4254a058c81403acfa2e159 is created with scope project and roles: ['member']
2025-02-21 08:19:03.001 63129 INFO tempest.lib.common.dynamic_creds [-] Acquired dynamic creds: credentials: Credentials: {'domain_id': 'default', 'domain_name': 'Default', 'username': 'tempest-FloatingIPsAssociationNegativeTestJSON-718286752-project-member', 'project_domain_id': 'default', 'project_domain_name': 'Default', 'project_id': 'a4bdba0fc6b542b584c84b9a55d08ffb', 'project_name': 'tempest-FloatingIPsAssociationNegativeTestJSON-718286752', 'tenant_id': 'a4bdba0fc6b542b584c84b9a55d08ffb', 'tenant_name': 'tempest-FloatingIPsAssociationNegativeTestJSON-718286752', 'user_domain_id': 'default', 'user_domain_name': 'Default', 'user_id': 'ee391d58b4254a058c81403acfa2e159', 'system': None}, Network: None, Subnet: None, Router: None
2025-02-21 08:19:03.053 63141 INFO tempest.lib.common.rest_client [req-66bb9f70-7ba8-48b2-904a-48505b5bad78 req-66bb9f70-7ba8-48b2-904a-48505b5bad78 ] Request (AttachInterfacesTestJSON:setUpClass): 201 POST http://10.180.1.21/identity/v3/users 0.139s
2025-02-21 08:19:03.066 63121 INFO tempest.lib.common.rest_client [req-5a4c7c38-8d21-4b21-834a-f3bfa0daec27 req-5a4c7c38-8d21-4b21-834a-f3bfa0daec27 ] Request (QuotasAdminTestJSON:test_update_all_quota_resources_for_tenant): 200 GET http://10.180.1.21/compute/v2.1/os-quota-sets/e331cc34f43b4ece8219e437580f8f5d/defaults 1.446s
2025-02-21 08:19:03.086 63141 INFO tempest.lib.common.rest_client [req-cd408d91-dfbb-4936-97be-b5243a635410 req-cd408d91-dfbb-4936-97be-b5243a635410 ] Request (AttachInterfacesTestJSON:setUpClass): 200 GET http://10.180.1.21/identity/v3/roles 0.032s
2025-02-21 08:19:03.086 63129 INFO tempest.lib.common.rest_client [req-617bfb18-a084-4403-8b7d-00890e0b6e2a req-617bfb18-a084-4403-8b7d-00890e0b6e2a ] Request (FloatingIPsAssociationNegativeTestJSON:setUpClass): 201 POST http://10.180.1.21/identity/v3/auth/tokens 0.085s
2025-02-21 08:19:03.102 63131 INFO tempest.lib.common.rest_client [req-e1dc600e-7566-4ea6-8a45-3754aae3d6a1 req-e1dc600e-7566-4ea6-8a45-3754aae3d6a1 ] Request (MultipleCreateTestJSON:test_multiple_create): 200 GET http://10.180.1.21/compute/v2.1/servers/d4c45b3e-f1f6-4153-8724-8b050c01300f 1.671s
2025-02-21 08:19:03.116 63131 INFO tempest.common.waiters [-] State transition "BUILD/networking" ==> "BUILD/spawning" after 11 second wait
2025-02-21 08:19:03.152 63143 INFO tempest.lib.common.rest_client [req-9880736b-a94e-41ad-a385-9d5d07029ec6 req-9880736b-a94e-41ad-a385-9d5d07029ec6 ] Request (QuotasSecurityGroupAdminNegativeTest:tearDownClass): 204 DELETE http://10.180.1.21:9696/networking/v2.0/security-groups/f46299d9-6db9-4fe5-b35f-f0da8a86c6a5 0.419s
2025-02-21 08:19:03.171 63141 INFO tempest.lib.common.rest_client [req-d6769754-8fa6-42f3-bda6-438894271887 req-d6769754-8fa6-42f3-bda6-438894271887 ] Request (AttachInterfacesTestJSON:setUpClass): 204 PUT http://10.180.1.21/identity/v3/projects/cfc0b7dde77545288d15c493f88b8998/users/85d69fbb7cda462388acb166f7a4f0db/roles/81d2b7cc30ab469ca0b87e6a5742108f 0.085s
2025-02-21 08:19:03.172 63141 INFO tempest.lib.common.dynamic_creds [-] Dynamic test user 85d69fbb7cda462388acb166f7a4f0db is created with scope project and roles: ['member']
2025-02-21 08:19:03.172 63141 INFO tempest.lib.common.dynamic_creds [-] Acquired dynamic creds: credentials: Credentials: {'domain_id': 'default', 'domain_name': 'Default', 'username': 'tempest-AttachInterfacesTestJSON-481008449-project-member', 'project_domain_id': 'default', 'project_domain_name': 'Default', 'project_id': 'cfc0b7dde77545288d15c493f88b8998', 'project_name': 'tempest-AttachInterfacesTestJSON-481008449', 'tenant_id': 'cfc0b7dde77545288d15c493f88b8998', 'tenant_name': 'tempest-AttachInterfacesTestJSON-481008449', 'user_domain_id': 'default', 'user_domain_name': 'Default', 'user_id': '85d69fbb7cda462388acb166f7a4f0db', 'system': None}, Network: None, Subnet: None, Router: None
2025-02-21 08:19:03.187 63167 INFO tempest.lib.common.rest_client [req-0400aef9-523d-4fcf-b3a2-10d2e4623686 req-0400aef9-523d-4fcf-b3a2-10d2e4623686 ] Request (ImagesDeleteNegativeTestJSON:test_delete_image_blank_id): 404 DELETE http://10.180.1.21/compute/v2.1/images/ 1.519s
2025-02-21 08:19:03.204 63135 INFO tempest.lib.common.rest_client [req-05984d90-547f-40a9-b3fb-727cc14fc4e6 req-05984d90-547f-40a9-b3fb-727cc14fc4e6 ] Request (VolumesAssistedSnapshotsTest:test_volume_assisted_snapshot_create_delete): 200 GET http://10.180.1.21/compute/v2.1/servers/0894f61d-4fa3-4df2-86d1-2900553825cb 1.517s
2025-02-21 08:19:03.213 63135 INFO tempest.common.waiters [-] State transition "BUILD/scheduling" ==> "BUILD/None" after 9 second wait
2025-02-21 08:19:03.342 63157 INFO tempest.lib.common.rest_client [req-ac5f71a0-23b5-4771-bef3-a60cb41afe72 req-ac5f71a0-23b5-4771-bef3-a60cb41afe72 ] Request (MigrationsAdminTest:test_list_migrations_in_flavor_resize_situation): 200 GET http://10.180.1.21/compute/v2.1/servers/9d118db1-1c66-4b29-9ecf-32e7ab9460ac 1.410s
2025-02-21 08:19:03.383 63127 INFO tempest.lib.common.rest_client [req-34130141-4459-4fb8-8458-a550fdd8f04b req-34130141-4459-4fb8-8458-a550fdd8f04b ] Request (ServicesAdminNegativeTestJSON:test_get_service_by_invalid_service_and_valid_host): 200 GET http://10.180.1.21/compute/v2.1/os-services?host=devstack&binary=xxx 1.378s
2025-02-21 08:19:03.393 63143 INFO tempest.lib.common.rest_client [req-f3eba433-747e-4f2c-8033-7c0537af6928 req-f3eba433-747e-4f2c-8033-7c0537af6928 ] Request (QuotasSecurityGroupAdminNegativeTest:tearDownClass): 204 DELETE http://10.180.1.21/identity/v3/projects/b308fb75b0d74c138e32b3a9914cea3c 0.240s
2025-02-21 08:19:03.393 63143 INFO tempest.lib.common.dynamic_creds [-] Deleting project and security group for project: 3d203017061341fbacff4844d69a45f1
2025-02-21 08:19:03.423 63177 INFO tempest.lib.common.rest_client [req-3f835f3d-afc5-407f-a2c3-a0d8f1994b5a req-3f835f3d-afc5-407f-a2c3-a0d8f1994b5a ] Request (ServersTestFqdnHostnames:test_create_server_with_fqdn_name): 201 POST http://10.180.1.21:9696/networking/v2.0/floatingips 1.450s
2025-02-21 08:19:03.458 63141 INFO tempest.lib.common.rest_client [req-1aee7687-a8cb-449c-be03-89cee896301e req-1aee7687-a8cb-449c-be03-89cee896301e ] Request (AttachInterfacesTestJSON:setUpClass): 201 POST http://10.180.1.21/identity/v3/auth/tokens 0.285s
2025-02-21 08:19:03.488 63177 INFO tempest.lib.common.rest_client [req-9b8a15c8-e58b-4c65-810d-d88150f0bebb req-9b8a15c8-e58b-4c65-810d-d88150f0bebb ] Request (ServersTestFqdnHostnames:test_create_server_with_fqdn_name): 201 POST http://10.180.1.21/identity/v3/auth/tokens 0.060s
2025-02-21 08:19:03.489 63177 INFO tempest.lib.common.fixed_network [-] (ServersTestFqdnHostnames:test_create_server_with_fqdn_name) Found network {'id': '265254ba-8ac9-4a2a-90a7-88d1ba73a0cd', 'name': 'tempest-ServersTestFqdnHostnames-493688952-network', 'tenant_id': '09a1f80e965846e98f88a38dbda373ec', 'admin_state_up': True, 'mtu': 8950, 'status': 'ACTIVE', 'subnets': [], 'shared': False, 'project_id': '09a1f80e965846e98f88a38dbda373ec', 'port_security_enabled': True, 'router:external': False, 'provider:network_type': 'vlan', 'provider:physical_network': 'default', 'provider:segmentation_id': 542, 'availability_zone_hints': [], 'availability_zones': [], 'ipv4_address_scope': None, 'ipv6_address_scope': None, 'description': '', 'tags': [], 'created_at': '2025-02-21T08:18:53Z', 'updated_at': '2025-02-21T08:18:53Z', 'revision_number': 1} available for tenant
2025-02-21 08:19:03.494 63145 INFO tempest.lib.common.rest_client [req-e51d718a-a2da-4084-bce6-cec04341563e req-e51d718a-a2da-4084-bce6-cec04341563e ] Request (ServersAdminNegativeTestJSON:setUpClass): 200 GET http://10.180.1.21/compute/v2.1/servers/24a25029-8f86-4700-9e08-a802ba3f7ef4 1.410s
2025-02-21 08:19:03.502 63117 INFO tempest.lib.common.rest_client [req-e8423ba1-d7cf-4130-8df6-27f8672bab20 req-e8423ba1-d7cf-4130-8df6-27f8672bab20 ] Request (KeyPairsV2TestJSON:test_get_keypair_detail): 200 GET http://10.180.1.21/compute/v2.1/os-keypairs/tempest-keypair-1409329002 1.298s
2025-02-21 08:19:03.512 63119 INFO tempest.lib.common.rest_client [req-cd1a7ba2-5da0-431d-9f0b-6836cfd0eee5 req-cd1a7ba2-5da0-431d-9f0b-6836cfd0eee5 ] Request (MultipleCreateNegativeTestJSON:test_max_count_non_integer): 400 POST http://10.180.1.21/compute/v2.1/servers 1.206s
2025-02-21 08:19:03.582 63119 INFO tempest.lib.common.rest_client [req-99b1aec4-3d77-484c-bb3f-299abdd3216b req-99b1aec4-3d77-484c-bb3f-299abdd3216b ] Request (MultipleCreateNegativeTestJSON:test_min_count_less_than_one): 201 POST http://10.180.1.21/identity/v3/auth/tokens 0.062s
2025-02-21 08:19:03.582 63119 INFO tempest.lib.common.fixed_network [-] (MultipleCreateNegativeTestJSON:test_min_count_less_than_one) Found network None available for tenant
2025-02-21 08:19:03.605 63176 INFO tempest.lib.common.rest_client [req-54f14fea-1e47-41a8-a21a-bc41e68554b1 req-54f14fea-1e47-41a8-a21a-bc41e68554b1 ] Request (DeleteServersAdminTestJSON:test_admin_delete_servers_of_others): 200 GET http://10.180.1.21/compute/v2.1/servers/44fc0c41-2667-49dc-9956-ae42ad5c69dd 1.803s
2025-02-21 08:19:03.619 63176 INFO tempest.common.waiters [-] State transition "BUILD/spawning" ==> "ACTIVE/None" after 22 second wait
2025-02-21 08:19:03.627 63169 INFO tempest.lib.common.rest_client [req-fca598fb-f981-4534-86bb-c44b899265a6 req-fca598fb-f981-4534-86bb-c44b899265a6 ] Request (ImagesTestJSON:test_create_image_from_stopped_server): 200 GET http://10.180.1.21/compute/v2.1/servers/6e4b716a-3b9f-408d-a160-21f883edcdf7 1.189s
2025-02-21 08:19:03.673 63143 INFO tempest.lib.common.rest_client [req-e75ffac9-48c5-4a45-bdb8-cc0704de9781 req-e75ffac9-48c5-4a45-bdb8-cc0704de9781 ] Request (QuotasSecurityGroupAdminNegativeTest:tearDownClass): 200 GET http://10.180.1.21:9696/networking/v2.0/security-groups?tenant_id=3d203017061341fbacff4844d69a45f1&name=default 0.279s
2025-02-21 08:19:03.720 63147 INFO tempest.lib.common.rest_client [req-37c1a1bd-54cc-4b72-8c26-07c7f39cde97 req-37c1a1bd-54cc-4b72-8c26-07c7f39cde97 ] Request (ServerRescueNegativeTestJSON:setUpClass): 200 GET http://10.180.1.21/compute/v2.1/servers/cdcb3ad4-b2e0-45de-bcf9-81ce6ab2f9f7 1.085s
2025-02-21 08:19:03.806 63139 INFO tempest.lib.common.rest_client [req-88d79b4a-2e2c-4815-a7a5-c9cd55c050ce req-88d79b4a-2e2c-4815-a7a5-c9cd55c050ce ] Request (ServersWithSpecificFlavorTestJSON:test_verify_created_server_ephemeral_disk): 200 GET http://10.180.1.21/compute/v2.1/servers/e0a6fe33-8f46-4ac4-ab56-751785d08772 1.138s
2025-02-21 08:19:03.838 63159 INFO tempest.lib.common.rest_client [req-aa791565-cfdf-41ca-9939-d1a44037d6b7 req-aa791565-cfdf-41ca-9939-d1a44037d6b7 ] Request (ServersTestBootFromVolume:setUpClass): 200 GET http://10.180.1.21/volume/v3/volumes/19da5a77-94c1-4f4a-a718-68a98d80a5cc 0.027s
2025-02-21 08:19:03.894 63143 INFO tempest.lib.common.rest_client [req-60d8e4eb-b827-4517-9cfe-e46ac7cc878b req-60d8e4eb-b827-4517-9cfe-e46ac7cc878b ] Request (QuotasSecurityGroupAdminNegativeTest:tearDownClass): 204 DELETE http://10.180.1.21:9696/networking/v2.0/security-groups/a0a03d56-0b86-41e3-8a80-6a69a5ac29fe 0.220s
2025-02-21 08:19:03.971 63163 INFO tempest.lib.common.rest_client [req-8f7c1905-7a6b-4ff8-b7dd-2ab5a16bb676 req-8f7c1905-7a6b-4ff8-b7dd-2ab5a16bb676 ] Request (FlavorsAccessNegativeTestJSON:test_flavor_non_admin_remove): 200 POST http://10.180.1.21/compute/v2.1/flavors/1022477639/action 1.230s
2025-02-21 08:19:03.995 63153 INFO tempest.lib.common.rest_client [req-ecd2aa09-1df5-43af-8701-ccc511b70b97 req-ecd2aa09-1df5-43af-8701-ccc511b70b97 ] Request (AggregatesAdminNegativeTestJSON:test_aggregate_create_with_existent_aggregate_name): 409 POST http://10.180.1.21/compute/v2.1/os-aggregates 1.202s
2025-02-21 08:19:04.007 63141 INFO tempest.lib.common.rest_client [req-de9bde1e-ea9c-450a-ab8b-67db7e485fad req-de9bde1e-ea9c-450a-ab8b-67db7e485fad ] Request (AttachInterfacesTestJSON:setUpClass): 201 POST http://10.180.1.21:9696/networking/v2.0/networks 0.548s
2025-02-21 08:19:04.020 63143 INFO tempest.lib.common.rest_client [req-dfd3d8f0-6953-49b8-829b-b97daea569bd req-dfd3d8f0-6953-49b8-829b-b97daea569bd ] Request (QuotasSecurityGroupAdminNegativeTest:tearDownClass): 204 DELETE http://10.180.1.21/identity/v3/projects/3d203017061341fbacff4844d69a45f1 0.125s
2025-02-21 08:19:04.087 63143 INFO tempest.lib.common.rest_client [req-2ee2ee52-b063-4643-96c1-294754139478 req-2ee2ee52-b063-4643-96c1-294754139478 ] Request (SecurityGroupRulesTestJSON:setUpClass): 201 POST http://10.180.1.21/identity/v3/auth/tokens 0.065s
2025-02-21 08:19:04.124 63137 INFO tempest.lib.common.rest_client [req-476071b8-82b5-4bdd-8899-030ff264019c req-476071b8-82b5-4bdd-8899-030ff264019c ] Request (ServerExternalEventsTest:test_create_server_external_events): 200 GET http://10.180.1.21/compute/v2.1/servers/58230e43-0ef1-4f60-9419-f0826b2b1369 1.645s
2025-02-21 08:19:04.134 63137 INFO tempest.common.waiters [-] State transition "BUILD/spawning" ==> "ACTIVE/None" after 22 second wait
2025-02-21 08:19:04.142 63179 INFO tempest.lib.common.rest_client [req-ccef776e-f9bb-4e13-90ab-fab1514c0e67 req-ccef776e-f9bb-4e13-90ab-fab1514c0e67 ] Request (KeyPairsV22TestJSON:_run_cleanups): 204 DELETE http://10.180.1.21/compute/v2.1/os-keypairs/tempest-KeyPairsV22TestJSON-keypair-350940412 1.249s
2025-02-21 08:19:04.143 63143 INFO tempest.lib.common.rest_client [req-d0a57b63-a9f6-41ab-96d2-5dd3536ef419 req-d0a57b63-a9f6-41ab-96d2-5dd3536ef419 ] Request (SecurityGroupRulesTestJSON:setUpClass): 201 POST http://10.180.1.21/identity/v3/auth/tokens 0.053s
2025-02-21 08:19:04.169 63143 INFO tempest.lib.common.rest_client [req-dc72b63d-b078-4d1a-8c0d-7730ccc39d38 req-dc72b63d-b078-4d1a-8c0d-7730ccc39d38 ] Request (SecurityGroupRulesTestJSON:setUpClass): 200 GET http://10.180.1.21/identity/v3/domains?name=Default 0.026s
2025-02-21 08:19:04.202 63143 INFO tempest.lib.common.rest_client [req-c9485bed-9d5a-49b3-a013-6301b19fbc88 req-c9485bed-9d5a-49b3-a013-6301b19fbc88 ] Request (SecurityGroupRulesTestJSON:setUpClass): 201 POST http://10.180.1.21/identity/v3/projects 0.033s
2025-02-21 08:19:04.226 63174 INFO tempest.lib.common.rest_client [req-35612cc0-1e76-4489-81c8-48abf696de4d req-35612cc0-1e76-4489-81c8-48abf696de4d ] Request (ServersAdmin275Test:test_rebuild_update_server_275): 200 GET http://10.180.1.21/compute/v2.1/servers/e634edd2-e0ee-44f3-992a-b10f08a93022 1.227s
2025-02-21 08:19:04.265 63165 INFO tempest.lib.common.rest_client [req-2163a911-7edc-4b41-a1bd-43a4040afd1f req-2163a911-7edc-4b41-a1bd-43a4040afd1f ] Request (FloatingIPsAssociationTestJSON:setUpClass): 200 GET http://10.180.1.21/compute/v2.1/servers/6fb562ee-db7e-46cf-acc3-447ed69cbab1 1.401s
2025-02-21 08:19:04.276 63143 INFO tempest.lib.common.rest_client [req-6b76996d-55d9-48c4-bf4a-e82ba1d9f60b req-6b76996d-55d9-48c4-bf4a-e82ba1d9f60b ] Request (SecurityGroupRulesTestJSON:setUpClass): 201 POST http://10.180.1.21/identity/v3/users 0.073s
2025-02-21 08:19:04.287 63167 INFO tempest.lib.common.rest_client [req-9924671b-20b6-4a35-8b42-5acfba605aee req-9924671b-20b6-4a35-8b42-5acfba605aee ] Request (ImagesDeleteNegativeTestJSON:test_delete_image_negative_image_id): 404 DELETE http://10.180.1.21/compute/v2.1/images/-1 1.099s
2025-02-21 08:19:04.299 63143 INFO tempest.lib.common.rest_client [req-23e1fe1c-e79f-4d9c-9bbf-b1e427d7921e req-23e1fe1c-e79f-4d9c-9bbf-b1e427d7921e ] Request (SecurityGroupRulesTestJSON:setUpClass): 200 GET http://10.180.1.21/identity/v3/roles 0.023s
2025-02-21 08:19:04.312 63127 INFO tempest.lib.common.rest_client [req-a81b08e0-89ce-4ff8-b7c6-ef543a4df144 req-a81b08e0-89ce-4ff8-b7c6-ef543a4df144 ] Request (ServicesAdminNegativeTestJSON:test_get_service_with_valid_service_and_invalid_host): 200 GET http://10.180.1.21/compute/v2.1/os-services 0.921s
2025-02-21 08:19:04.330 63143 INFO tempest.lib.common.rest_client [req-da4c6f2a-6f12-4913-ba12-9a387d906ba9 req-da4c6f2a-6f12-4913-ba12-9a387d906ba9 ] Request (SecurityGroupRulesTestJSON:setUpClass): 204 PUT http://10.180.1.21/identity/v3/projects/d1dee0f339ed4d1e857c2c950ca8d4b8/users/2e32006124364ed5ad7878e3aec1dda8/roles/81d2b7cc30ab469ca0b87e6a5742108f 0.031s
2025-02-21 08:19:04.330 63143 INFO tempest.lib.common.dynamic_creds [-] Dynamic test user 2e32006124364ed5ad7878e3aec1dda8 is created with scope project and roles: ['member']
2025-02-21 08:19:04.331 63143 INFO tempest.lib.common.dynamic_creds [-] Acquired dynamic creds: credentials: Credentials: {'domain_id': 'default', 'domain_name': 'Default', 'username': 'tempest-SecurityGroupRulesTestJSON-152757254-project-member', 'project_domain_id': 'default', 'project_domain_name': 'Default', 'project_id': 'd1dee0f339ed4d1e857c2c950ca8d4b8', 'project_name': 'tempest-SecurityGroupRulesTestJSON-152757254', 'tenant_id': 'd1dee0f339ed4d1e857c2c950ca8d4b8', 'tenant_name': 'tempest-SecurityGroupRulesTestJSON-152757254', 'user_domain_id': 'default', 'user_domain_name': 'Default', 'user_id': '2e32006124364ed5ad7878e3aec1dda8', 'system': None}, Network: None, Subnet: None, Router: None
2025-02-21 08:19:04.401 63143 INFO tempest.lib.common.rest_client [req-c12e5e46-2b00-4cad-acbb-e2784af683fe req-c12e5e46-2b00-4cad-acbb-e2784af683fe ] Request (SecurityGroupRulesTestJSON:setUpClass): 201 POST http://10.180.1.21/identity/v3/auth/tokens 0.070s
2025-02-21 08:19:04.414 63141 INFO tempest.lib.common.rest_client [req-112538ad-846b-48fc-ae33-a7bed6fad955 req-112538ad-846b-48fc-ae33-a7bed6fad955 ] Request (AttachInterfacesTestJSON:setUpClass): 201 POST http://10.180.1.21:9696/networking/v2.0/subnets 0.407s
2025-02-21 08:19:04.456 63129 INFO tempest.lib.common.rest_client [req-64c5bb3d-c547-428f-aa68-07a41eb4feb8 req-64c5bb3d-c547-428f-aa68-07a41eb4feb8 ] Request (FloatingIPsAssociationNegativeTestJSON:setUpClass): 201 POST http://10.180.1.21:9696/networking/v2.0/networks 1.370s
2025-02-21 08:19:04.525 63121 INFO tempest.lib.common.rest_client [req-da3dcda1-545b-4d8c-9315-4641c368fe8f req-da3dcda1-545b-4d8c-9315-4641c368fe8f ] Request (QuotasAdminTestJSON:test_update_all_quota_resources_for_tenant): 200 PUT http://10.180.1.21/compute/v2.1/os-quota-sets/e331cc34f43b4ece8219e437580f8f5d 1.457s
2025-02-21 08:19:04.543 63117 INFO tempest.lib.common.rest_client [req-676b50ba-5c6c-4f2b-964e-b589c67d122d req-676b50ba-5c6c-4f2b-964e-b589c67d122d ] Request (KeyPairsV2TestJSON:_run_cleanups): 202 DELETE http://10.180.1.21/compute/v2.1/os-keypairs/tempest-keypair-1409329002 1.038s
2025-02-21 08:19:04.545 63155 INFO tempest.lib.common.rest_client [req-5ba68958-2791-45a0-a0cf-7140d6457ff5 req-5ba68958-2791-45a0-a0cf-7140d6457ff5 ] Request (ServerDiskConfigTestJSON:setUpClass): 200 PUT http://10.180.1.21:9696/networking/v2.0/routers/d1803dd7-ef36-410a-90a9-53254932f901/add_router_interface 3.441s
2025-02-21 08:19:04.545 63155 INFO tempest.lib.common.dynamic_creds [-] Created isolated network resources for: credentials: Credentials: {'domain_id': 'default', 'domain_name': 'Default', 'username': 'tempest-ServerDiskConfigTestJSON-1254225795-project-member', 'project_domain_id': 'default', 'project_domain_name': 'Default', 'project_id': '3d9ec5d674e74d6f93a0212ef6ad13bf', 'project_name': 'tempest-ServerDiskConfigTestJSON-1254225795', 'tenant_id': '3d9ec5d674e74d6f93a0212ef6ad13bf', 'tenant_name': 'tempest-ServerDiskConfigTestJSON-1254225795', 'user_domain_id': 'default', 'user_domain_name': 'Default', 'user_id': '1cc9c86152fa4d6290a3f2462f80454e', 'system': None}, Network: {'id': 'a5299c74-9f7d-4f80-adcb-9656b08b1ebb', 'name': 'tempest-ServerDiskConfigTestJSON-623376606-network', 'tenant_id': '3d9ec5d674e74d6f93a0212ef6ad13bf', 'admin_state_up': True, 'mtu': 8950, 'status': 'ACTIVE', 'subnets': [], 'shared': False, 'project_id': '3d9ec5d674e74d6f93a0212ef6ad13bf', 'port_security_enabled': True, 'router:external': False, 'provider:network_type': 'vlan', 'provider:physical_network': 'default', 'provider:segmentation_id': 804, 'availability_zone_hints': [], 'availability_zones': [], 'ipv4_address_scope': None, 'ipv6_address_scope': None, 'description': '', 'tags': [], 'created_at': '2025-02-21T08:18:57Z', 'updated_at': '2025-02-21T08:18:57Z', 'revision_number': 1}, Subnet: {'id': '6a9a00db-aac2-48bb-ad47-8cfdb2f85d72', 'name': 'tempest-ServerDiskConfigTestJSON-623376606-subnet', 'tenant_id': '3d9ec5d674e74d6f93a0212ef6ad13bf', 'network_id': 'a5299c74-9f7d-4f80-adcb-9656b08b1ebb', 'ip_version': 4, 'subnetpool_id': None, 'enable_dhcp': True, 'ipv6_ra_mode': None, 'ipv6_address_mode': None, 'gateway_ip': '192.168.128.1', 'cidr': '192.168.128.0/28', 'allocation_pools': [{'start': '192.168.128.2', 'end': '192.168.128.14'}], 'host_routes': [], 'dns_nameservers': [], 'description': '', 'router:external': False, 'service_types': [], 'tags': [], 'created_at': '2025-02-21T08:18:58Z', 'updated_at': '2025-02-21T08:18:58Z', 'revision_number': 0, 'project_id': '3d9ec5d674e74d6f93a0212ef6ad13bf'}, Router: {'id': 'd1803dd7-ef36-410a-90a9-53254932f901', 'name': 'tempest-ServerDiskConfigTestJSON-623376606-router', 'tenant_id': '3d9ec5d674e74d6f93a0212ef6ad13bf', 'admin_state_up': True, 'status': 'ACTIVE', 'external_gateway_info': {'network_id': '6ea17d3e-d52c-494d-9691-bb09aee63ab5', 'external_fixed_ips': [{'subnet_id': 'cf9c4865-d74c-4101-8108-a708d0c3708b', 'ip_address': '10.180.180.252'}], 'enable_snat': True}, 'description': '', 'availability_zones': [], 'distributed': False, 'ha': False, 'availability_zone_hints': [], 'routes': [], 'flavor_id': None, 'tags': [], 'created_at': '2025-02-21T08:18:59Z', 'updated_at': '2025-02-21T08:19:00Z', 'revision_number': 2, 'project_id': '3d9ec5d674e74d6f93a0212ef6ad13bf'}
2025-02-21 08:19:04.649 63155 INFO tempest.lib.common.rest_client [req-6b21a558-c796-4441-ad3f-39cae3a953f5 req-6b21a558-c796-4441-ad3f-39cae3a953f5 ] Request (ServerDiskConfigTestJSON:setUpClass): 201 POST http://10.180.1.21/identity/v3/auth/tokens 0.097s
2025-02-21 08:19:04.689 63155 INFO tempest.lib.common.rest_client [req-b714fb5f-0646-4421-aac6-bf93936bdffe req-b714fb5f-0646-4421-aac6-bf93936bdffe ] Request (ServerDiskConfigTestJSON:test_rebuild_server_with_auto_disk_config): 201 POST http://10.180.1.21/identity/v3/auth/tokens 0.033s
2025-02-21 08:19:04.689 63155 INFO tempest.lib.common.fixed_network [-] (ServerDiskConfigTestJSON:test_rebuild_server_with_auto_disk_config) Found network {'id': 'a5299c74-9f7d-4f80-adcb-9656b08b1ebb', 'name': 'tempest-ServerDiskConfigTestJSON-623376606-network', 'tenant_id': '3d9ec5d674e74d6f93a0212ef6ad13bf', 'admin_state_up': True, 'mtu': 8950, 'status': 'ACTIVE', 'subnets': [], 'shared': False, 'project_id': '3d9ec5d674e74d6f93a0212ef6ad13bf', 'port_security_enabled': True, 'router:external': False, 'provider:network_type': 'vlan', 'provider:physical_network': 'default', 'provider:segmentation_id': 804, 'availability_zone_hints': [], 'availability_zones': [], 'ipv4_address_scope': None, 'ipv6_address_scope': None, 'description': '', 'tags': [], 'created_at': '2025-02-21T08:18:57Z', 'updated_at': '2025-02-21T08:18:57Z', 'revision_number': 1} available for tenant
2025-02-21 08:19:04.773 63161 INFO tempest.lib.common.rest_client [req-fe25ad86-925d-4c2c-8276-43566032546e req-fe25ad86-925d-4c2c-8276-43566032546e ] Request (ServersTestJSON:setUpClass): 200 GET http://10.180.1.21/compute/v2.1/servers/2173ad07-4774-47ac-bed2-2d8e208acd16 1.193s
2025-02-21 08:19:04.783 63119 INFO tempest.lib.common.rest_client [req-4eb3fe38-f178-4d5c-b84e-6a5d5c67631c req-4eb3fe38-f178-4d5c-b84e-6a5d5c67631c ] Request (MultipleCreateNegativeTestJSON:test_min_count_less_than_one): 400 POST http://10.180.1.21/compute/v2.1/servers 1.200s
2025-02-21 08:19:04.785 63161 INFO tempest.common.waiters [-] State transition "BUILD/spawning" ==> "ACTIVE/None" after 18 second wait
2025-02-21 08:19:04.860 63119 INFO tempest.lib.common.rest_client [req-157e4400-8b45-43b9-9b67-fb9637432716 req-157e4400-8b45-43b9-9b67-fb9637432716 ] Request (MultipleCreateNegativeTestJSON:test_min_count_non_integer): 201 POST http://10.180.1.21/identity/v3/auth/tokens 0.068s
2025-02-21 08:19:04.861 63119 INFO tempest.lib.common.fixed_network [-] (MultipleCreateNegativeTestJSON:test_min_count_non_integer) Found network None available for tenant
2025-02-21 08:19:04.885 63159 INFO tempest.lib.common.rest_client [req-05294095-d0a5-43d4-9328-0a067dd08713 req-05294095-d0a5-43d4-9328-0a067dd08713 ] Request (ServersTestBootFromVolume:setUpClass): 200 GET http://10.180.1.21/volume/v3/volumes/19da5a77-94c1-4f4a-a718-68a98d80a5cc 0.038s
2025-02-21 08:19:05.052 63123 INFO tempest.lib.common.rest_client [req-aaa6198c-f23d-4440-99b5-dcc3e5d1faf1 req-aaa6198c-f23d-4440-99b5-dcc3e5d1faf1 ] Request (ImagesNegativeTestJSON:setUpClass): 201 POST http://10.180.1.21:9696/networking/v2.0/routers 2.501s
2025-02-21 08:19:05.053 63176 INFO tempest.lib.common.rest_client [req-fde7b272-dc98-44f9-9465-2e72e1eae505 req-fde7b272-dc98-44f9-9465-2e72e1eae505 ] Request (DeleteServersAdminTestJSON:test_admin_delete_servers_of_others): 204 DELETE http://10.180.1.21/compute/v2.1/servers/44fc0c41-2667-49dc-9956-ae42ad5c69dd 1.432s
2025-02-21 08:19:05.093 63143 INFO tempest.lib.common.rest_client [req-7813c075-39b4-4f57-b0a1-09928ff87a97 req-7813c075-39b4-4f57-b0a1-09928ff87a97 ] Request (SecurityGroupRulesTestJSON:setUpClass): 201 POST http://10.180.1.21:9696/networking/v2.0/networks 0.691s
2025-02-21 08:19:05.107 63129 INFO tempest.lib.common.rest_client [req-15ecda05-82fd-443a-844f-263e23915778 req-15ecda05-82fd-443a-844f-263e23915778 ] Request (FloatingIPsAssociationNegativeTestJSON:setUpClass): 201 POST http://10.180.1.21:9696/networking/v2.0/subnets 0.650s
2025-02-21 08:19:05.123 63171 INFO tempest.lib.common.rest_client [req-7f133079-1bb9-4e10-98a6-a087db79538f req-7f133079-1bb9-4e10-98a6-a087db79538f ] Request (ServerDiagnosticsTest:test_get_server_diagnostics): 200 GET http://10.180.1.21/compute/v2.1/servers/ad3e6ef4-be7f-4f54-9746-9280bbadd9be 1.425s
2025-02-21 08:19:05.128 63177 INFO tempest.lib.common.rest_client [req-4554749a-7e66-46bf-b7e4-a4242b87c1bc req-4554749a-7e66-46bf-b7e4-a4242b87c1bc ] Request (ServersTestFqdnHostnames:test_create_server_with_fqdn_name): 202 POST http://10.180.1.21/compute/v2.1/servers 1.638s
2025-02-21 08:19:05.133 63163 INFO tempest.lib.common.rest_client [req-c11cd32e-389f-4a65-b87a-77c4af54a1e9 req-c11cd32e-389f-4a65-b87a-77c4af54a1e9 ] Request (FlavorsAccessNegativeTestJSON:test_flavor_non_admin_remove): 403 POST http://10.180.1.21/compute/v2.1/flavors/1022477639/action 1.160s
2025-02-21 08:19:05.134 63171 INFO tempest.common.waiters [-] State transition "BUILD/None" ==> "BUILD/networking" after 15 second wait
2025-02-21 08:19:05.163 63153 INFO tempest.lib.common.rest_client [req-7856979f-4ece-46ef-a61d-f3d915fbd83e req-7856979f-4ece-46ef-a61d-f3d915fbd83e ] Request (AggregatesAdminNegativeTestJSON:_run_cleanups): 200 DELETE http://10.180.1.21/compute/v2.1/os-aggregates/4 1.167s
2025-02-21 08:19:05.275 63137 INFO tempest.lib.common.rest_client [req-37ac1159-32ac-4f5a-b16f-6680a59da430 req-37ac1159-32ac-4f5a-b16f-6680a59da430 ] Request (ServerExternalEventsTest:test_create_server_external_events): 200 POST http://10.180.1.21/compute/v2.1/os-server-external-events 1.141s
2025-02-21 08:19:05.292 63179 INFO tempest.lib.common.rest_client [req-ca275770-bca9-4ab8-95d4-423b40c2c60a req-ca275770-bca9-4ab8-95d4-423b40c2c60a ] Request (KeyPairsV22TestJSON:_run_cleanups): 204 DELETE http://10.180.1.21/compute/v2.1/os-keypairs/tempest-KeyPairsV22TestJSON-keypair-2089763463 1.149s
2025-02-21 08:19:05.367 63135 INFO tempest.lib.common.rest_client [req-b47d86b7-c265-4426-8bdf-db1013c3443e req-b47d86b7-c265-4426-8bdf-db1013c3443e ] Request (VolumesAssistedSnapshotsTest:test_volume_assisted_snapshot_create_delete): 200 GET http://10.180.1.21/compute/v2.1/servers/0894f61d-4fa3-4df2-86d1-2900553825cb 1.152s
2025-02-21 08:19:05.392 63167 INFO tempest.lib.common.rest_client [req-40664ab8-b105-4bf7-b697-788b6ac7f23a req-40664ab8-b105-4bf7-b697-788b6ac7f23a ] Request (ImagesDeleteNegativeTestJSON:test_delete_image_non_hex_string_id): 404 DELETE http://10.180.1.21/compute/v2.1/images/9e304466-bf1a-405e-a201-302fec24ac7j 1.104s
2025-02-21 08:19:05.419 63127 INFO tempest.lib.common.rest_client [req-75c78be8-c465-46eb-964f-24f097800f48 req-75c78be8-c465-46eb-964f-24f097800f48 ] Request (ServicesAdminNegativeTestJSON:test_get_service_with_valid_service_and_invalid_host): 200 GET http://10.180.1.21/compute/v2.1/os-services?host=xxx&binary=nova-scheduler 1.102s
2025-02-21 08:19:05.482 63157 INFO tempest.lib.common.rest_client [req-df54ece9-c096-4819-9221-6da2450b1fe3 req-df54ece9-c096-4819-9221-6da2450b1fe3 ] Request (MigrationsAdminTest:test_list_migrations_in_flavor_resize_situation): 200 GET http://10.180.1.21/compute/v2.1/servers/9d118db1-1c66-4b29-9ecf-32e7ab9460ac 1.125s
2025-02-21 08:19:05.489 63157 INFO tempest.common.waiters [-] State transition "BUILD/scheduling" ==> "BUILD/None" after 9 second wait
2025-02-21 08:19:05.535 63149 INFO tempest.lib.common.rest_client [req-6ff43c93-2263-4180-99dc-c69e44e1946e req-6ff43c93-2263-4180-99dc-c69e44e1946e ] Request (AttachInterfacesV270Test:setUpClass): 200 PUT http://10.180.1.21:9696/networking/v2.0/routers/263b1177-22a3-4937-bbf8-64f7b835c35c/add_router_interface 3.115s
2025-02-21 08:19:05.535 63149 INFO tempest.lib.common.dynamic_creds [-] Created isolated network resources for: credentials: Credentials: {'domain_id': 'default', 'domain_name': 'Default', 'username': 'tempest-AttachInterfacesV270Test-1820775721-project-member', 'project_domain_id': 'default', 'project_domain_name': 'Default', 'project_id': '92370dc2704143e39a19a63f60ccdb84', 'project_name': 'tempest-AttachInterfacesV270Test-1820775721', 'tenant_id': '92370dc2704143e39a19a63f60ccdb84', 'tenant_name': 'tempest-AttachInterfacesV270Test-1820775721', 'user_domain_id': 'default', 'user_domain_name': 'Default', 'user_id': '95bda07e642d451e9c1ffa72d645baee', 'system': None}, Network: {'id': '18a32d3f-64a8-4f03-95a4-d7c8a96d043c', 'name': 'tempest-AttachInterfacesV270Test-160730660-network', 'tenant_id': '92370dc2704143e39a19a63f60ccdb84', 'admin_state_up': True, 'mtu': 8950, 'status': 'ACTIVE', 'subnets': [], 'shared': False, 'project_id': '92370dc2704143e39a19a63f60ccdb84', 'port_security_enabled': True, 'router:external': False, 'provider:network_type': 'vlan', 'provider:physical_network': 'default', 'provider:segmentation_id': 473, 'availability_zone_hints': [], 'availability_zones': [], 'ipv4_address_scope': None, 'ipv6_address_scope': None, 'description': '', 'tags': [], 'created_at': '2025-02-21T08:18:57Z', 'updated_at': '2025-02-21T08:18:58Z', 'revision_number': 1}, Subnet: {'id': 'a5220c1d-f7c3-44f5-9f2c-94c0bf51a2e3', 'name': 'tempest-AttachInterfacesV270Test-160730660-subnet', 'tenant_id': '92370dc2704143e39a19a63f60ccdb84', 'network_id': '18a32d3f-64a8-4f03-95a4-d7c8a96d043c', 'ip_version': 4, 'subnetpool_id': None, 'enable_dhcp': True, 'ipv6_ra_mode': None, 'ipv6_address_mode': None, 'gateway_ip': '192.168.128.1', 'cidr': '192.168.128.0/28', 'allocation_pools': [{'start': '192.168.128.2', 'end': '192.168.128.14'}], 'host_routes': [], 'dns_nameservers': [], 'description': '', 'router:external': False, 'service_types': [], 'tags': [], 'created_at': '2025-02-21T08:18:58Z', 'updated_at': '2025-02-21T08:18:58Z', 'revision_number': 0, 'project_id': '92370dc2704143e39a19a63f60ccdb84'}, Router: {'id': '263b1177-22a3-4937-bbf8-64f7b835c35c', 'name': 'tempest-AttachInterfacesV270Test-160730660-router', 'tenant_id': '92370dc2704143e39a19a63f60ccdb84', 'admin_state_up': True, 'status': 'ACTIVE', 'external_gateway_info': {'network_id': '6ea17d3e-d52c-494d-9691-bb09aee63ab5', 'external_fixed_ips': [{'subnet_id': 'cf9c4865-d74c-4101-8108-a708d0c3708b', 'ip_address': '10.180.180.204'}], 'enable_snat': True}, 'description': '', 'availability_zones': [], 'distributed': False, 'ha': False, 'availability_zone_hints': [], 'routes': [], 'flavor_id': None, 'tags': [], 'created_at': '2025-02-21T08:18:59Z', 'updated_at': '2025-02-21T08:19:01Z', 'revision_number': 2, 'project_id': '92370dc2704143e39a19a63f60ccdb84'}
2025-02-21 08:19:05.571 63145 INFO tempest.lib.common.rest_client [req-131d48ef-372d-425e-87d0-96a4d11dca5a req-131d48ef-372d-425e-87d0-96a4d11dca5a ] Request (ServersAdminNegativeTestJSON:setUpClass): 200 GET http://10.180.1.21/compute/v2.1/servers/24a25029-8f86-4700-9e08-a802ba3f7ef4 1.063s
2025-02-21 08:19:05.580 63131 INFO tempest.lib.common.rest_client [req-682b6c6e-ab8c-4a6a-a696-112ac7ba8554 req-682b6c6e-ab8c-4a6a-a696-112ac7ba8554 ] Request (MultipleCreateTestJSON:test_multiple_create): 200 GET http://10.180.1.21/compute/v2.1/servers/d4c45b3e-f1f6-4153-8724-8b050c01300f 1.463s
2025-02-21 08:19:05.621 63117 INFO tempest.lib.common.rest_client [req-a05fded9-e761-4e9d-9e76-bf3014dad168 req-a05fded9-e761-4e9d-9e76-bf3014dad168 ] Request (KeyPairsV2TestJSON:test_keypair_create_delete): 200 POST http://10.180.1.21/compute/v2.1/os-keypairs 1.076s
2025-02-21 08:19:05.624 63149 INFO tempest.lib.common.rest_client [req-a5b17aea-f282-479b-a8b4-f5f95a672130 req-a5b17aea-f282-479b-a8b4-f5f95a672130 ] Request (AttachInterfacesV270Test:setUpClass): 201 POST http://10.180.1.21/identity/v3/auth/tokens 0.084s
2025-02-21 08:19:05.671 63149 INFO tempest.lib.common.rest_client [req-4da4ab9b-8d7e-470f-b395-52cf6a5dc08c req-4da4ab9b-8d7e-470f-b395-52cf6a5dc08c ] Request (AttachInterfacesV270Test:test_create_get_list_interfaces): 201 POST http://10.180.1.21/identity/v3/auth/tokens 0.039s
2025-02-21 08:19:05.672 63149 INFO tempest.lib.common.fixed_network [-] (AttachInterfacesV270Test:test_create_get_list_interfaces) Found network {'id': '18a32d3f-64a8-4f03-95a4-d7c8a96d043c', 'name': 'tempest-AttachInterfacesV270Test-160730660-network', 'tenant_id': '92370dc2704143e39a19a63f60ccdb84', 'admin_state_up': True, 'mtu': 8950, 'status': 'ACTIVE', 'subnets': [], 'shared': False, 'project_id': '92370dc2704143e39a19a63f60ccdb84', 'port_security_enabled': True, 'router:external': False, 'provider:network_type': 'vlan', 'provider:physical_network': 'default', 'provider:segmentation_id': 473, 'availability_zone_hints': [], 'availability_zones': [], 'ipv4_address_scope': None, 'ipv6_address_scope': None, 'description': '', 'tags': [], 'created_at': '2025-02-21T08:18:57Z', 'updated_at': '2025-02-21T08:18:58Z', 'revision_number': 1} available for tenant
2025-02-21 08:19:05.714 63169 INFO tempest.lib.common.rest_client [req-336f85bd-3492-4f8e-a795-d6cdcf494838 req-336f85bd-3492-4f8e-a795-d6cdcf494838 ] Request (ImagesTestJSON:test_create_image_from_stopped_server): 200 GET http://10.180.1.21/compute/v2.1/servers/6e4b716a-3b9f-408d-a160-21f883edcdf7 1.075s
2025-02-21 08:19:05.723 63169 INFO tempest.common.waiters [-] State transition "BUILD/scheduling" ==> "BUILD/None" after 11 second wait
2025-02-21 08:19:05.852 63143 INFO tempest.lib.common.rest_client [req-dde4701d-4dad-4657-8ad2-4470db2d449b req-dde4701d-4dad-4657-8ad2-4470db2d449b ] Request (SecurityGroupRulesTestJSON:setUpClass): 201 POST http://10.180.1.21:9696/networking/v2.0/subnets 0.758s
2025-02-21 08:19:05.916 63121 INFO tempest.lib.common.rest_client [req-0a0e26ca-3b0f-4832-a5a5-b9a0e3a00439 req-0a0e26ca-3b0f-4832-a5a5-b9a0e3a00439 ] Request (QuotasAdminTestJSON:_run_cleanups): 200 PUT http://10.180.1.21/compute/v2.1/os-quota-sets/e331cc34f43b4ece8219e437580f8f5d 1.389s
2025-02-21 08:19:05.933 63159 INFO tempest.lib.common.rest_client [req-ffe97993-a64d-4675-a663-04d725d4d462 req-ffe97993-a64d-4675-a663-04d725d4d462 ] Request (ServersTestBootFromVolume:setUpClass): 200 GET http://10.180.1.21/volume/v3/volumes/19da5a77-94c1-4f4a-a718-68a98d80a5cc 0.039s
2025-02-21 08:19:06.015 63121 INFO tempest.lib.common.rest_client [req-56f16c37-ef13-4063-be3f-243bc4331776 req-56f16c37-ef13-4063-be3f-243bc4331776 ] Request (QuotasAdminTestJSON:tearDownClass): 204 DELETE http://10.180.1.21/identity/v3/users/1ac478fa797948599c6c50ab948a83fc 0.095s
2025-02-21 08:19:06.026 63147 INFO tempest.lib.common.rest_client [req-0e9bbdd6-f529-43f0-9d87-a64d879be75d req-0e9bbdd6-f529-43f0-9d87-a64d879be75d ] Request (ServerRescueNegativeTestJSON:setUpClass): 200 GET http://10.180.1.21/compute/v2.1/servers/cdcb3ad4-b2e0-45de-bcf9-81ce6ab2f9f7 1.296s
2025-02-21 08:19:06.163 63121 INFO tempest.lib.common.rest_client [req-2a8084f2-e0e5-42b5-827f-09cf23aded68 req-2a8084f2-e0e5-42b5-827f-09cf23aded68 ] Request (QuotasAdminTestJSON:tearDownClass): 204 DELETE http://10.180.1.21/identity/v3/users/315b86da8ca24fd4b6b779d08a83bc81 0.147s
