2025-02-21 08:18:44.252 63169 INFO tempest.lib.common.rest_client [req-de143938-8fdd-4b94-9f5f-2cb9fe935779 req-de143938-8fdd-4b94-9f5f-2cb9fe935779 ] Request (ServicesAdminTestJSON:tearDownClass): 204 DELETE http://10.180.1.21/identity/v3/users/d662cf537ba54b2187cdd7b7baefb7d0 0.154s
2025-02-21 08:18:44.263 63161 INFO tempest.lib.common.rest_client [req-707e4c11-1a20-4129-94d3-819accc418f6 req-707e4c11-1a20-4129-94d3-819accc418f6 ] Request (ServersTestJSON:setUpClass): 202 POST http://10.180.1.21/compute/v2.1/servers 2.444s
2025-02-21 08:18:44.292 63177 INFO tempest.lib.common.rest_client [req-cb47e837-8653-4770-be38-c5e20849f7ca req-cb47e837-8653-4770-be38-c5e20849f7ca ] Request (FlavorsV255TestJSON:test_crud_flavor): 200 GET http://10.180.1.21/compute/v2.1/flavors/detail 1.912s
2025-02-21 08:18:44.317 63151 INFO tempest.lib.common.rest_client [req-b4ab462b-6cc2-4cff-a28e-84e2043acf19 req-b4ab462b-6cc2-4cff-a28e-84e2043acf19 ] Request (HypervisorAdminUnderV252Test:test_search_hypervisor): 200 GET http://10.180.1.21/compute/v2.1/os-hypervisors/domain-c8.fc996f14-c53b-4953-92e3-bdfa48f5cc28/search 1.889s
2025-02-21 08:18:44.331 63171 INFO tempest.lib.common.rest_client [req-387c5551-199b-4718-b2e4-140a3cf3eedd req-387c5551-199b-4718-b2e4-140a3cf3eedd ] Request (ServerDiagnosticsTest:setUpClass): 204 PUT http://10.180.1.21/identity/v3/projects/fa6e877c9c5d42bcbfb417d9a91d15b9/users/38c99a9b80b7428683d0c6d2eb9b81d0/roles/97731be2944e413f8b480c94b49f2fd2 0.107s
2025-02-21 08:18:44.351 63179 INFO tempest.lib.common.rest_client [req-35a0b762-967b-492a-bfbc-4fa1762dad6e req-35a0b762-967b-492a-bfbc-4fa1762dad6e ] Request (InstanceUsageAuditLogTestJSON:tearDownClass): 200 GET http://10.180.1.21:9696/networking/v2.0/security-groups?tenant_id=2148d7cfc9fe4aff86d9544bf5657847&name=default 0.183s
2025-02-21 08:18:44.414 63169 INFO tempest.lib.common.rest_client [req-aacec2c9-c772-48ec-82af-64e0deff8af1 req-aacec2c9-c772-48ec-82af-64e0deff8af1 ] Request (ServicesAdminTestJSON:tearDownClass): 204 DELETE http://10.180.1.21/identity/v3/users/15000aae6ead4285b4272ac36df72444 0.161s
2025-02-21 08:18:44.414 63169 INFO tempest.lib.common.dynamic_creds [-] Deleting project and security group for project: ece6710f5e6e4e909c18f9c97ace476f
2025-02-21 08:18:44.448 63163 INFO tempest.lib.common.rest_client [req-13f2052e-e125-4dee-8197-e8dc8209ad72 req-13f2052e-e125-4dee-8197-e8dc8209ad72 ] Request (FlavorsAccessNegativeTestJSON:test_add_flavor_access_duplicate): 409 POST http://10.180.1.21/compute/v2.1/flavors/1340191419/action 2.104s
2025-02-21 08:18:44.481 63179 INFO tempest.lib.common.rest_client [req-652ff280-d919-44f6-8deb-62e27f63ba37 req-652ff280-d919-44f6-8deb-62e27f63ba37 ] Request (InstanceUsageAuditLogTestJSON:tearDownClass): 204 DELETE http://10.180.1.21:9696/networking/v2.0/security-groups/b1321f6f-70a6-4385-aa0f-064b3914c379 0.130s
2025-02-21 08:18:44.511 63151 INFO tempest.lib.common.rest_client [req-fae4c3e5-19c2-424a-8335-427a7981c015 req-fae4c3e5-19c2-424a-8335-427a7981c015 ] Request (HypervisorAdminUnderV252Test:tearDownClass): 204 DELETE http://10.180.1.21/identity/v3/users/c170a14bdab04832820ee7a780e85dbf 0.190s
2025-02-21 08:18:44.517 63171 INFO tempest.lib.common.rest_client [req-0f916a2c-18eb-44d9-9629-aab2e1f0b6d8 req-0f916a2c-18eb-44d9-9629-aab2e1f0b6d8 ] Request (ServerDiagnosticsTest:setUpClass): 200 GET http://10.180.1.21/identity/v3/roles 0.185s
2025-02-21 08:18:44.523 63131 INFO tempest.lib.common.rest_client [req-d109b2a5-1893-4545-baa2-0652b6128526 req-d109b2a5-1893-4545-baa2-0652b6128526 ] Request (MultipleCreateTestJSON:setUpClass): 200 PUT http://10.180.1.21:9696/networking/v2.0/routers/b07ec2b6-c555-4d1a-a50e-b432ddc76047/add_router_interface 2.797s
2025-02-21 08:18:44.523 63131 INFO tempest.lib.common.dynamic_creds [-] Created isolated network resources for: credentials: Credentials: {'domain_id': 'default', 'domain_name': 'Default', 'username': 'tempest-MultipleCreateTestJSON-563042034-project-member', 'project_domain_id': 'default', 'project_domain_name': 'Default', 'project_id': '2d970beed1a74c1ca5c213677ac89722', 'project_name': 'tempest-MultipleCreateTestJSON-563042034', 'tenant_id': '2d970beed1a74c1ca5c213677ac89722', 'tenant_name': 'tempest-MultipleCreateTestJSON-563042034', 'user_domain_id': 'default', 'user_domain_name': 'Default', 'user_id': '5bb42a0289114672bc42505c801110e6', 'system': None}, Network: {'id': '5f3ba896-439d-4434-bd33-2d0009517f57', 'name': 'tempest-MultipleCreateTestJSON-1306827875-network', 'tenant_id': '2d970beed1a74c1ca5c213677ac89722', 'admin_state_up': True, 'mtu': 8950, 'status': 'ACTIVE', 'subnets': [], 'shared': False, 'project_id': '2d970beed1a74c1ca5c213677ac89722', 'port_security_enabled': True, 'router:external': False, 'provider:network_type': 'vlan', 'provider:physical_network': 'default', 'provider:segmentation_id': 251, 'availability_zone_hints': [], 'availability_zones': [], 'ipv4_address_scope': None, 'ipv6_address_scope': None, 'description': '', 'tags': [], 'created_at': '2025-02-21T08:18:38Z', 'updated_at': '2025-02-21T08:18:39Z', 'revision_number': 1}, Subnet: {'id': 'ab6ce100-1a37-4ced-b143-3817a52abdc6', 'name': 'tempest-MultipleCreateTestJSON-1306827875-subnet', 'tenant_id': '2d970beed1a74c1ca5c213677ac89722', 'network_id': '5f3ba896-439d-4434-bd33-2d0009517f57', 'ip_version': 4, 'subnetpool_id': None, 'enable_dhcp': True, 'ipv6_ra_mode': None, 'ipv6_address_mode': None, 'gateway_ip': '192.168.128.1', 'cidr': '192.168.128.0/28', 'allocation_pools': [{'start': '192.168.128.2', 'end': '192.168.128.14'}], 'host_routes': [], 'dns_nameservers': [], 'description': '', 'router:external': False, 'service_types': [], 'tags': [], 'created_at': '2025-02-21T08:18:39Z', 'updated_at': '2025-02-21T08:18:39Z', 'revision_number': 0, 'project_id': '2d970beed1a74c1ca5c213677ac89722'}, Router: {'id': 'b07ec2b6-c555-4d1a-a50e-b432ddc76047', 'name': 'tempest-MultipleCreateTestJSON-1306827875-router', 'tenant_id': '2d970beed1a74c1ca5c213677ac89722', 'admin_state_up': True, 'status': 'ACTIVE', 'external_gateway_info': {'network_id': '6ea17d3e-d52c-494d-9691-bb09aee63ab5', 'external_fixed_ips': [{'subnet_id': 'cf9c4865-d74c-4101-8108-a708d0c3708b', 'ip_address': '10.180.180.221'}], 'enable_snat': True}, 'description': '', 'availability_zones': [], 'distributed': False, 'ha': False, 'availability_zone_hints': [], 'routes': [], 'flavor_id': None, 'tags': [], 'created_at': '2025-02-21T08:18:39Z', 'updated_at': '2025-02-21T08:18:40Z', 'revision_number': 2, 'project_id': '2d970beed1a74c1ca5c213677ac89722'}
2025-02-21 08:18:44.565 63145 INFO tempest.lib.common.rest_client [req-bafaaac6-8613-4862-be1e-72760083e691 req-bafaaac6-8613-4862-be1e-72760083e691 ] Request (InstanceUsageAuditLogNegativeTestJSON:tearDownClass): 200 GET http://10.180.1.21:9696/networking/v2.0/security-groups?tenant_id=13ab58f5ffe646389d04f785cb54c800&name=default 0.408s
2025-02-21 08:18:44.574 63169 INFO tempest.lib.common.rest_client [req-57190796-6ecc-4183-8723-4547576658d3 req-57190796-6ecc-4183-8723-4547576658d3 ] Request (ServicesAdminTestJSON:tearDownClass): 201 POST http://10.180.1.21/identity/v3/auth/tokens 0.158s
2025-02-21 08:18:44.577 63127 INFO tempest.lib.common.rest_client [req-b3d8f3af-8a82-4911-9b5c-a5cacd9679e7 req-b3d8f3af-8a82-4911-9b5c-a5cacd9679e7 ] Request (SecurityGroupsTestAdminJSON:test_list_security_groups_list_all_tenants_filter): 200 POST http://10.180.1.21/compute/v2.1/os-security-groups 2.104s
2025-02-21 08:18:44.601 63149 INFO tempest.lib.common.rest_client [req-b572b2b8-930d-4a35-9399-9440eac6a403 req-b572b2b8-930d-4a35-9399-9440eac6a403 ] Request (FlavorMetadataValidation:_run_cleanups): 200 GET http://10.180.1.21/compute/v2.1/flavors/detail 2.028s
2025-02-21 08:18:44.616 63123 INFO tempest.lib.common.rest_client [req-6e5aedc8-3a44-4e34-af51-4ccb6691eefa req-6e5aedc8-3a44-4e34-af51-4ccb6691eefa ] Request (FlavorsExtraSpecsTestJSON:test_flavor_set_get_update_show_unset_keys): 200 GET http://10.180.1.21/compute/v2.1/flavors/931368915/os-extra_specs 2.022s
2025-02-21 08:18:44.621 63155 INFO tempest.lib.common.rest_client [req-ad63c2e3-9852-487b-9f72-0a0d4c6d6c47 req-ad63c2e3-9852-487b-9f72-0a0d4c6d6c47 ] Request (HypervisorAdminNegativeTestJSON:test_get_nonexistent_hypervisor_uptime): 404 GET http://10.180.1.21/compute/v2.1/os-hypervisors/4457a963-ef16-4727-a95f-0da48038ecde/uptime 1.916s
2025-02-21 08:18:44.632 63139 INFO tempest.lib.common.rest_client [req-7891e868-cb84-4cc6-8071-112d3ba92631 req-7891e868-cb84-4cc6-8071-112d3ba92631 ] Request (ServersWithSpecificFlavorTestJSON:test_verify_created_server_ephemeral_disk): 200 GET http://10.180.1.21/compute/v2.1/flavors/42 2.067s
2025-02-21 08:18:44.641 63157 INFO tempest.lib.common.rest_client [req-c9f88e37-eb71-40a6-8021-a4e8667b59ce req-c9f88e37-eb71-40a6-8021-a4e8667b59ce ] Request (HypervisorAdminNegativeUnderV252Test:test_show_servers_with_non_admin_user): 200 GET http://10.180.1.21/compute/v2.1/os-hypervisors 1.885s
2025-02-21 08:18:44.688 63135 INFO tempest.lib.common.rest_client [req-6f45b784-fd14-4698-bf1e-01d09bbd2371 req-6f45b784-fd14-4698-bf1e-01d09bbd2371 ] Request (VolumesAssistedSnapshotsTest:setUpClass): 201 POST http://10.180.1.21:9696/networking/v2.0/routers 2.317s
2025-02-21 08:18:44.699 63176 INFO tempest.lib.common.rest_client [req-2f6a842b-ea84-481f-a9de-003bf86ffc41 req-2f6a842b-ea84-481f-a9de-003bf86ffc41 ] Request (DeleteServersAdminTestJSON:test_admin_delete_servers_of_others): 200 GET http://10.180.1.21/compute/v2.1/servers/44fc0c41-2667-49dc-9956-ae42ad5c69dd 1.819s
2025-02-21 08:18:44.703 63179 INFO tempest.lib.common.rest_client [req-010bea99-c420-4d5f-8fe5-3b6a9fc3faa6 req-010bea99-c420-4d5f-8fe5-3b6a9fc3faa6 ] Request (InstanceUsageAuditLogTestJSON:tearDownClass): 204 DELETE http://10.180.1.21/identity/v3/projects/2148d7cfc9fe4aff86d9544bf5657847 0.221s
2025-02-21 08:18:44.729 63151 INFO tempest.lib.common.rest_client [req-28169a7b-a735-490c-b11d-a21cdb588cc0 req-28169a7b-a735-490c-b11d-a21cdb588cc0 ] Request (HypervisorAdminUnderV252Test:tearDownClass): 204 DELETE http://10.180.1.21/identity/v3/users/a0fd0a239eda48bdb91aa5a1e8dae719 0.218s
2025-02-21 08:18:44.729 63151 INFO tempest.lib.common.dynamic_creds [-] Deleting project and security group for project: 930a1041f7b344daaaf203560ad94986
2025-02-21 08:18:44.734 63145 INFO tempest.lib.common.rest_client [req-7238e71c-e0f1-4704-acfd-19822a72409f req-7238e71c-e0f1-4704-acfd-19822a72409f ] Request (InstanceUsageAuditLogNegativeTestJSON:tearDownClass): 204 DELETE http://10.180.1.21:9696/networking/v2.0/security-groups/cb34ecef-4df2-4d43-bc8e-88f0e7ef3cd4 0.168s
2025-02-21 08:18:44.758 63171 INFO tempest.lib.common.rest_client [req-20a9656a-9cea-40db-bcae-dc321b323e4a req-20a9656a-9cea-40db-bcae-dc321b323e4a ] Request (ServerDiagnosticsTest:setUpClass): 204 PUT http://10.180.1.21/identity/v3/projects/fa6e877c9c5d42bcbfb417d9a91d15b9/users/38c99a9b80b7428683d0c6d2eb9b81d0/roles/97731be2944e413f8b480c94b49f2fd2 0.238s
2025-02-21 08:18:44.759 63171 INFO tempest.lib.common.dynamic_creds [-] Dynamic test user 38c99a9b80b7428683d0c6d2eb9b81d0 is created with scope project and roles: ['admin']
2025-02-21 08:18:44.759 63171 INFO tempest.lib.common.dynamic_creds [-] Acquired dynamic creds: credentials: Credentials: {'domain_id': 'default', 'domain_name': 'Default', 'username': 'tempest-ServerDiagnosticsTest-1656488783-project-admin', 'project_domain_id': 'default', 'project_domain_name': 'Default', 'project_id': 'fa6e877c9c5d42bcbfb417d9a91d15b9', 'project_name': 'tempest-ServerDiagnosticsTest-1656488783', 'tenant_id': 'fa6e877c9c5d42bcbfb417d9a91d15b9', 'tenant_name': 'tempest-ServerDiagnosticsTest-1656488783', 'user_domain_id': 'default', 'user_domain_name': 'Default', 'user_id': '38c99a9b80b7428683d0c6d2eb9b81d0', 'system': None}, Network: None, Subnet: None, Router: None
2025-02-21 08:18:44.759 63171 INFO tempest.lib.common.dynamic_creds [-] Created isolated network resources for: credentials: Credentials: {'domain_id': 'default', 'domain_name': 'Default', 'username': 'tempest-ServerDiagnosticsTest-1656488783-project-admin', 'project_domain_id': 'default', 'project_domain_name': 'Default', 'project_id': 'fa6e877c9c5d42bcbfb417d9a91d15b9', 'project_name': 'tempest-ServerDiagnosticsTest-1656488783', 'tenant_id': 'fa6e877c9c5d42bcbfb417d9a91d15b9', 'tenant_name': 'tempest-ServerDiagnosticsTest-1656488783', 'user_domain_id': 'default', 'user_domain_name': 'Default', 'user_id': '38c99a9b80b7428683d0c6d2eb9b81d0', 'system': None}, Network: None, Subnet: None, Router: None
2025-02-21 08:18:44.795 63131 INFO tempest.lib.common.rest_client [req-0c4716ea-4e65-4f1d-b31f-dbebb6720d27 req-0c4716ea-4e65-4f1d-b31f-dbebb6720d27 ] Request (MultipleCreateTestJSON:setUpClass): 201 POST http://10.180.1.21/identity/v3/auth/tokens 0.267s
2025-02-21 08:18:44.942 63149 INFO tempest.lib.common.rest_client [req-8bd86a8b-5edf-48f1-ad27-87ff94393036 req-8bd86a8b-5edf-48f1-ad27-87ff94393036 ] Request (FlavorMetadataValidation:tearDownClass): 204 DELETE http://10.180.1.21/identity/v3/users/419c214075354be19747208b52b5f0d2 0.323s
2025-02-21 08:18:44.997 63179 INFO tempest.lib.common.rest_client [req-b13ce618-0656-445b-b189-c3cc6c060e60 req-b13ce618-0656-445b-b189-c3cc6c060e60 ] Request (KeyPairsV22TestJSON:setUpClass): 201 POST http://10.180.1.21/identity/v3/auth/tokens 0.293s
2025-02-21 08:18:45.004 63119 INFO tempest.lib.common.rest_client [req-20ec707a-f1f9-4eac-939f-bea22f522b4b req-20ec707a-f1f9-4eac-939f-bea22f522b4b ] Request (TenantUsagesNegativeTestJSON:test_list_usage_all_tenants_with_non_admin_user): 403 GET http://10.180.1.21/compute/v2.1/os-simple-tenant-usage?start=2025-02-20T08%3A18%3A39.381150&end=2025-02-22T08%3A18%3A39.381150&detailed=1 1.849s
2025-02-21 08:18:45.012 63151 INFO tempest.lib.common.rest_client [req-08e1e09d-9544-4c92-9758-3bab9d32653c req-08e1e09d-9544-4c92-9758-3bab9d32653c ] Request (HypervisorAdminUnderV252Test:tearDownClass): 201 POST http://10.180.1.21/identity/v3/auth/tokens 0.283s
2025-02-21 08:18:45.047 63169 INFO tempest.lib.common.rest_client [req-a9748275-8c43-408b-8314-af3a79e1d82c req-a9748275-8c43-408b-8314-af3a79e1d82c ] Request (ServicesAdminTestJSON:tearDownClass): 200 GET http://10.180.1.21:9696/networking/v2.0/security-groups?tenant_id=ece6710f5e6e4e909c18f9c97ace476f&name=default 0.473s
2025-02-21 08:18:45.050 63145 INFO tempest.lib.common.rest_client [req-154556cb-4617-415c-8321-85c6a2415cca req-154556cb-4617-415c-8321-85c6a2415cca ] Request (InstanceUsageAuditLogNegativeTestJSON:tearDownClass): 204 DELETE http://10.180.1.21/identity/v3/projects/13ab58f5ffe646389d04f785cb54c800 0.315s
2025-02-21 08:18:45.051 63145 INFO tempest.test [-] raised in LiveMigrationNegativeTest.setUpClass. Invoking tearDownClass.
2025-02-21 08:18:45.083 63171 INFO tempest.lib.common.rest_client [req-3c9e153a-d3e6-44b5-9a9c-3ec0a436ec55 req-3c9e153a-d3e6-44b5-9a9c-3ec0a436ec55 ] Request (ServerDiagnosticsTest:setUpClass): 201 POST http://10.180.1.21/identity/v3/auth/tokens 0.321s
2025-02-21 08:18:45.103 63131 INFO tempest.lib.common.rest_client [req-225d47f2-cd58-4ecf-af6a-dc7b4dab5a25 req-225d47f2-cd58-4ecf-af6a-dc7b4dab5a25 ] Request (MultipleCreateTestJSON:test_multiple_create): 201 POST http://10.180.1.21/identity/v3/auth/tokens 0.303s
2025-02-21 08:18:45.104 63131 INFO tempest.lib.common.fixed_network [-] (MultipleCreateTestJSON:test_multiple_create) Found network {'id': '5f3ba896-439d-4434-bd33-2d0009517f57', 'name': 'tempest-MultipleCreateTestJSON-1306827875-network', 'tenant_id': '2d970beed1a74c1ca5c213677ac89722', 'admin_state_up': True, 'mtu': 8950, 'status': 'ACTIVE', 'subnets': [], 'shared': False, 'project_id': '2d970beed1a74c1ca5c213677ac89722', 'port_security_enabled': True, 'router:external': False, 'provider:network_type': 'vlan', 'provider:physical_network': 'default', 'provider:segmentation_id': 251, 'availability_zone_hints': [], 'availability_zones': [], 'ipv4_address_scope': None, 'ipv6_address_scope': None, 'description': '', 'tags': [], 'created_at': '2025-02-21T08:18:38Z', 'updated_at': '2025-02-21T08:18:39Z', 'revision_number': 1} available for tenant
2025-02-21 08:18:45.138 63169 INFO tempest.lib.common.rest_client [req-3afcbbc9-6c2b-449a-a717-bafd73956b12 req-3afcbbc9-6c2b-449a-a717-bafd73956b12 ] Request (ServicesAdminTestJSON:tearDownClass): 204 DELETE http://10.180.1.21:9696/networking/v2.0/security-groups/39e5f165-5908-44c4-ba47-7762fa4ed936 0.091s
2025-02-21 08:18:45.190 63149 INFO tempest.lib.common.rest_client [req-6993338c-440c-4eea-acca-366fd0d3859b req-6993338c-440c-4eea-acca-366fd0d3859b ] Request (FlavorMetadataValidation:tearDownClass): 204 DELETE http://10.180.1.21/identity/v3/users/e3c461e4f6c44039b3c988ae4f037bcd 0.247s
2025-02-21 08:18:45.190 63149 INFO tempest.lib.common.dynamic_creds [-] Deleting project and security group for project: 3556c25ec2134fb09aa3304d7231d27e
2025-02-21 08:18:45.205 63141 INFO tempest.lib.common.rest_client [req-34818e56-faeb-412c-8a5a-5ee4c04ee663 req-34818e56-faeb-412c-8a5a-5ee4c04ee663 ] Request (QuotasAdminNegativeTest:_run_cleanups): 200 PUT http://10.180.1.21/compute/v2.1/os-quota-sets/a77de51a0a204504b1e3c8fc8b8993a4 2.255s
2025-02-21 08:18:45.224 63179 INFO tempest.lib.common.rest_client [req-2fa841b6-88dd-4268-abbb-037788077b95 req-2fa841b6-88dd-4268-abbb-037788077b95 ] Request (KeyPairsV22TestJSON:setUpClass): 201 POST http://10.180.1.21/identity/v3/auth/tokens 0.224s
2025-02-21 08:18:45.278 63153 INFO tempest.lib.common.rest_client [req-75f8e72e-b9c7-4a72-87d0-7c2234419f47 req-75f8e72e-b9c7-4a72-87d0-7c2234419f47 ] Request (AggregatesAdminNegativeTestJSON:test_aggregate_add_existent_host): 409 POST http://10.180.1.21/compute/v2.1/os-aggregates/1/action 2.056s
2025-02-21 08:18:45.326 63119 INFO tempest.lib.common.rest_client [req-0314b708-9e2b-4999-a77b-9fa5f74faf0b req-0314b708-9e2b-4999-a77b-9fa5f74faf0b ] Request (TenantUsagesNegativeTestJSON:tearDownClass): 204 DELETE http://10.180.1.21/identity/v3/users/3199659f883f41799ed72375210a5533 0.322s
2025-02-21 08:18:45.383 63145 INFO tempest.lib.common.rest_client [req-c7b8a92a-7ca2-43fb-be89-e514117fabce req-c7b8a92a-7ca2-43fb-be89-e514117fabce ] Request (ServersAdminNegativeTestJSON:setUpClass): 201 POST http://10.180.1.21/identity/v3/auth/tokens 0.330s
2025-02-21 08:18:45.435 63171 INFO tempest.lib.common.rest_client [req-289d7920-dd44-4b60-8ee1-dfa4dc091be9 req-289d7920-dd44-4b60-8ee1-dfa4dc091be9 ] Request (ServerDiagnosticsTest:test_get_server_diagnostics): 201 POST http://10.180.1.21/identity/v3/auth/tokens 0.348s
2025-02-21 08:18:45.436 63171 INFO tempest.lib.common.fixed_network [-] (ServerDiagnosticsTest:test_get_server_diagnostics) Found network None available for tenant
2025-02-21 08:18:45.446 63169 INFO tempest.lib.common.rest_client [req-12ac919a-5398-4533-a2e5-b221ec2afd5b req-12ac919a-5398-4533-a2e5-b221ec2afd5b ] Request (ServicesAdminTestJSON:tearDownClass): 204 DELETE http://10.180.1.21/identity/v3/projects/ece6710f5e6e4e909c18f9c97ace476f 0.307s
2025-02-21 08:18:45.446 63169 INFO tempest.lib.common.dynamic_creds [-] Deleting project and security group for project: 325afea3795343668af928e89a9c9ac1
2025-02-21 08:18:45.504 63149 INFO tempest.lib.common.rest_client [req-cd5e62ed-c15a-4517-afcd-12b8e82e8e1b req-cd5e62ed-c15a-4517-afcd-12b8e82e8e1b ] Request (FlavorMetadataValidation:tearDownClass): 201 POST http://10.180.1.21/identity/v3/auth/tokens 0.314s
2025-02-21 08:18:45.510 63179 INFO tempest.lib.common.rest_client [req-28be7319-f05a-4873-acc7-bceee7de759a req-28be7319-f05a-4873-acc7-bceee7de759a ] Request (KeyPairsV22TestJSON:setUpClass): 200 GET http://10.180.1.21/identity/v3/domains?name=Default 0.286s
2025-02-21 08:18:45.516 63151 INFO tempest.lib.common.rest_client [req-1b2e83db-7313-4e72-93ce-8c4722200a2b req-1b2e83db-7313-4e72-93ce-8c4722200a2b ] Request (HypervisorAdminUnderV252Test:tearDownClass): 200 GET http://10.180.1.21:9696/networking/v2.0/security-groups?tenant_id=930a1041f7b344daaaf203560ad94986&name=default 0.503s
2025-02-21 08:18:45.530 63145 INFO tempest.lib.common.rest_client [req-5ddcbd7c-a4ad-4b1a-b375-42f1fd193a42 req-5ddcbd7c-a4ad-4b1a-b375-42f1fd193a42 ] Request (ServersAdminNegativeTestJSON:setUpClass): 201 POST http://10.180.1.21/identity/v3/auth/tokens 0.145s
2025-02-21 08:18:45.580 63119 INFO tempest.lib.common.rest_client [req-4c25f10b-871e-4470-b725-68b8edceea89 req-4c25f10b-871e-4470-b725-68b8edceea89 ] Request (TenantUsagesNegativeTestJSON:tearDownClass): 204 DELETE http://10.180.1.21/identity/v3/users/0006213dbf554d9f9d6d126d73e333db 0.253s
2025-02-21 08:18:45.580 63119 INFO tempest.lib.common.dynamic_creds [-] Deleting project and security group for project: d3ca2c064ae84bee8565856824bde4eb
2025-02-21 08:18:45.589 63151 INFO tempest.lib.common.rest_client [req-2c3ce0e6-436e-4123-aa2f-3d12d9d56e10 req-2c3ce0e6-436e-4123-aa2f-3d12d9d56e10 ] Request (HypervisorAdminUnderV252Test:tearDownClass): 204 DELETE http://10.180.1.21:9696/networking/v2.0/security-groups/3d94a0cc-7e61-4821-bbca-973097cf6908 0.073s
2025-02-21 08:18:45.629 63169 INFO tempest.lib.common.rest_client [req-b36567b7-9ed4-49f7-aa5a-43c492079b1c req-b36567b7-9ed4-49f7-aa5a-43c492079b1c ] Request (ServicesAdminTestJSON:tearDownClass): 200 GET http://10.180.1.21:9696/networking/v2.0/security-groups?tenant_id=325afea3795343668af928e89a9c9ac1&name=default 0.182s
2025-02-21 08:18:45.656 63179 INFO tempest.lib.common.rest_client [req-efd36339-1aef-444c-a355-3023a906db6e req-efd36339-1aef-444c-a355-3023a906db6e ] Request (KeyPairsV22TestJSON:setUpClass): 201 POST http://10.180.1.21/identity/v3/projects 0.145s
2025-02-21 08:18:45.690 63159 INFO tempest.lib.common.rest_client [req-eee8cd7e-3305-4fb3-9566-689d7bd62aaa req-eee8cd7e-3305-4fb3-9566-689d7bd62aaa ] Request (QuotasAdminTestV236:test_get_updated_quotas): 200 GET http://10.180.1.21/compute/v2.1/os-quota-sets/d8bdeffaad524532b26cd81d6cda1f5b?user_id=6ea61bb115c34b5b9f8267599d04f32a 2.264s
2025-02-21 08:18:45.719 63135 INFO tempest.lib.common.rest_client [req-173d8219-d1a2-480c-91ac-11777782b134 req-173d8219-d1a2-480c-91ac-11777782b134 ] Request (VolumesAssistedSnapshotsTest:setUpClass): 200 PUT http://10.180.1.21:9696/networking/v2.0/routers/942e3c81-ab20-4c7a-b205-11db59a87498/add_router_interface 1.030s
2025-02-21 08:18:45.719 63135 INFO tempest.lib.common.dynamic_creds [-] Created isolated network resources for: credentials: Credentials: {'domain_id': 'default', 'domain_name': 'Default', 'username': 'tempest-VolumesAssistedSnapshotsTest-686353423-project', 'project_domain_id': 'default', 'project_domain_name': 'Default', 'project_id': 'f7e06a9118d444b5b3472df006022d0b', 'project_name': 'tempest-VolumesAssistedSnapshotsTest-686353423', 'tenant_id': 'f7e06a9118d444b5b3472df006022d0b', 'tenant_name': 'tempest-VolumesAssistedSnapshotsTest-686353423', 'user_domain_id': 'default', 'user_domain_name': 'Default', 'user_id': '70266da5aafc4c35baf3e0344d842f1c', 'system': None}, Network: {'id': '229e24ac-e539-4eda-b75a-a90752760d31', 'name': 'tempest-VolumesAssistedSnapshotsTest-594905075-network', 'tenant_id': 'f7e06a9118d444b5b3472df006022d0b', 'admin_state_up': True, 'mtu': 8950, 'status': 'ACTIVE', 'subnets': [], 'shared': False, 'project_id': 'f7e06a9118d444b5b3472df006022d0b', 'port_security_enabled': True, 'router:external': False, 'provider:network_type': 'vlan', 'provider:physical_network': 'default', 'provider:segmentation_id': 70, 'availability_zone_hints': [], 'availability_zones': [], 'ipv4_address_scope': None, 'ipv6_address_scope': None, 'description': '', 'tags': [], 'created_at': '2025-02-21T08:18:41Z', 'updated_at': '2025-02-21T08:18:41Z', 'revision_number': 1}, Subnet: {'id': 'b628ecb7-c8f7-4d8d-8522-c8821557f3a1', 'name': 'tempest-VolumesAssistedSnapshotsTest-594905075-subnet', 'tenant_id': 'f7e06a9118d444b5b3472df006022d0b', 'network_id': '229e24ac-e539-4eda-b75a-a90752760d31', 'ip_version': 4, 'subnetpool_id': None, 'enable_dhcp': True, 'ipv6_ra_mode': None, 'ipv6_address_mode': None, 'gateway_ip': '192.168.128.1', 'cidr': '192.168.128.0/28', 'allocation_pools': [{'start': '192.168.128.2', 'end': '192.168.128.14'}], 'host_routes': [], 'dns_nameservers': [], 'description': '', 'router:external': False, 'service_types': [], 'tags': [], 'created_at': '2025-02-21T08:18:41Z', 'updated_at': '2025-02-21T08:18:41Z', 'revision_number': 0, 'project_id': 'f7e06a9118d444b5b3472df006022d0b'}, Router: {'id': '942e3c81-ab20-4c7a-b205-11db59a87498', 'name': 'tempest-VolumesAssistedSnapshotsTest-594905075-router', 'tenant_id': 'f7e06a9118d444b5b3472df006022d0b', 'admin_state_up': True, 'status': 'ACTIVE', 'external_gateway_info': {'network_id': '6ea17d3e-d52c-494d-9691-bb09aee63ab5', 'external_fixed_ips': [{'subnet_id': 'cf9c4865-d74c-4101-8108-a708d0c3708b', 'ip_address': '10.180.180.234'}], 'enable_snat': True}, 'description': '', 'availability_zones': [], 'distributed': False, 'ha': False, 'availability_zone_hints': [], 'routes': [], 'flavor_id': None, 'tags': [], 'created_at': '2025-02-21T08:18:42Z', 'updated_at': '2025-02-21T08:18:43Z', 'revision_number': 2, 'project_id': 'f7e06a9118d444b5b3472df006022d0b'}
2025-02-21 08:18:45.740 63145 INFO tempest.lib.common.rest_client [req-d42a3715-a23d-43df-ac65-7efabbbc8885 req-d42a3715-a23d-43df-ac65-7efabbbc8885 ] Request (ServersAdminNegativeTestJSON:setUpClass): 200 GET http://10.180.1.21/identity/v3/domains?name=Default 0.209s
2025-02-21 08:18:45.753 63169 INFO tempest.lib.common.rest_client [req-43b29bad-ecf6-4c2e-9cba-7681a1ea8cee req-43b29bad-ecf6-4c2e-9cba-7681a1ea8cee ] Request (ServicesAdminTestJSON:tearDownClass): 204 DELETE http://10.180.1.21:9696/networking/v2.0/security-groups/757d5bce-2298-48af-b754-ece0451dfa9f 0.123s
2025-02-21 08:18:45.765 63119 INFO tempest.lib.common.rest_client [req-98b361e2-dc0f-46e4-a32b-535a70452f62 req-98b361e2-dc0f-46e4-a32b-535a70452f62 ] Request (TenantUsagesNegativeTestJSON:tearDownClass): 201 POST http://10.180.1.21/identity/v3/auth/tokens 0.185s
2025-02-21 08:18:45.774 63137 INFO tempest.lib.common.rest_client [req-40625092-4f16-470f-80cc-8eb7262e80bf req-40625092-4f16-470f-80cc-8eb7262e80bf ] Request (ServerExternalEventsTest:test_create_server_external_events): 200 GET http://10.180.1.21/compute/v2.1/servers/58230e43-0ef1-4f60-9419-f0826b2b1369 2.220s
2025-02-21 08:18:45.786 63137 INFO tempest.common.waiters [-] State transition "BUILD/scheduling" ==> "BUILD/None" after 3 second wait
2025-02-21 08:18:45.793 63179 INFO tempest.lib.common.rest_client [req-923bed69-b075-4aa5-9c54-8cfe41d17c25 req-923bed69-b075-4aa5-9c54-8cfe41d17c25 ] Request (KeyPairsV22TestJSON:setUpClass): 201 POST http://10.180.1.21/identity/v3/users 0.136s
2025-02-21 08:18:45.826 63151 INFO tempest.lib.common.rest_client [req-dec28144-2abb-4974-b632-eec11c42cefc req-dec28144-2abb-4974-b632-eec11c42cefc ] Request (HypervisorAdminUnderV252Test:tearDownClass): 204 DELETE http://10.180.1.21/identity/v3/projects/930a1041f7b344daaaf203560ad94986 0.236s
2025-02-21 08:18:45.826 63151 INFO tempest.lib.common.dynamic_creds [-] Deleting project and security group for project: 10801537ff8e4af1b34a25398fb00049
2025-02-21 08:18:45.863 63149 INFO tempest.lib.common.rest_client [req-2a62dda0-2833-430b-adbc-c90a13643d06 req-2a62dda0-2833-430b-adbc-c90a13643d06 ] Request (FlavorMetadataValidation:tearDownClass): 200 GET http://10.180.1.21:9696/networking/v2.0/security-groups?tenant_id=3556c25ec2134fb09aa3304d7231d27e&name=default 0.358s
2025-02-21 08:18:45.864 63174 INFO tempest.lib.common.rest_client [req-8a20d844-0e97-49b7-844b-932e25bb794b req-8a20d844-0e97-49b7-844b-932e25bb794b ] Request (ServersAdmin275Test:test_rebuild_update_server_275): 200 GET http://10.180.1.21/compute/v2.1/servers/e634edd2-e0ee-44f3-992a-b10f08a93022 2.151s
2025-02-21 08:18:45.873 63174 INFO tempest.common.waiters [-] State transition "BUILD/None" ==> "BUILD/block_device_mapping" after 3 second wait
2025-02-21 08:18:45.891 63135 INFO tempest.lib.common.rest_client [req-7db136eb-837f-46e4-b6fc-253b21e212e2 req-7db136eb-837f-46e4-b6fc-253b21e212e2 ] Request (VolumesAssistedSnapshotsTest:setUpClass): 201 POST http://10.180.1.21/identity/v3/auth/tokens 0.166s
2025-02-21 08:18:45.924 63159 INFO tempest.lib.common.rest_client [req-f6686a3d-88e7-4d8c-856f-316530b002d2 req-f6686a3d-88e7-4d8c-856f-316530b002d2 ] Request (QuotasAdminTestV236:_run_cleanups): 204 DELETE http://10.180.1.21/identity/v3/users/6ea61bb115c34b5b9f8267599d04f32a 0.231s
2025-02-21 08:18:45.944 63151 INFO tempest.lib.common.rest_client [req-eb750824-43d2-4f35-97f8-c28d0b1f0a82 req-eb750824-43d2-4f35-97f8-c28d0b1f0a82 ] Request (HypervisorAdminUnderV252Test:tearDownClass): 200 GET http://10.180.1.21:9696/networking/v2.0/security-groups?tenant_id=10801537ff8e4af1b34a25398fb00049&name=default 0.117s
2025-02-21 08:18:45.984 63145 INFO tempest.lib.common.rest_client [req-b557a002-dfcd-41de-957a-f9471d0ba8be req-b557a002-dfcd-41de-957a-f9471d0ba8be ] Request (ServersAdminNegativeTestJSON:setUpClass): 201 POST http://10.180.1.21/identity/v3/projects 0.243s
2025-02-21 08:18:46.005 63149 INFO tempest.lib.common.rest_client [req-994e7547-bbb6-477b-8cf0-ea24717a14c4 req-994e7547-bbb6-477b-8cf0-ea24717a14c4 ] Request (FlavorMetadataValidation:tearDownClass): 204 DELETE http://10.180.1.21:9696/networking/v2.0/security-groups/e6a41228-29dc-4f7f-b7b6-2cf4390ac5e1 0.142s
2025-02-21 08:18:46.032 63151 INFO tempest.lib.common.rest_client [req-56ae71d3-5390-43e3-9492-b6cf2dfd16bb req-56ae71d3-5390-43e3-9492-b6cf2dfd16bb ] Request (HypervisorAdminUnderV252Test:tearDownClass): 204 DELETE http://10.180.1.21:9696/networking/v2.0/security-groups/a36f73a0-b6b6-4b1d-83a6-66ea380356de 0.087s
2025-02-21 08:18:46.053 63169 INFO tempest.lib.common.rest_client [req-e990903c-45eb-4b5a-bcb4-f63a5c9bfa27 req-e990903c-45eb-4b5a-bcb4-f63a5c9bfa27 ] Request (ServicesAdminTestJSON:tearDownClass): 204 DELETE http://10.180.1.21/identity/v3/projects/325afea3795343668af928e89a9c9ac1 0.299s
2025-02-21 08:18:46.095 63179 INFO tempest.lib.common.rest_client [req-71bf2afd-363a-489c-b6f5-ea747af0b1e4 req-71bf2afd-363a-489c-b6f5-ea747af0b1e4 ] Request (KeyPairsV22TestJSON:setUpClass): 200 GET http://10.180.1.21/identity/v3/roles 0.301s
2025-02-21 08:18:46.161 63145 INFO tempest.lib.common.rest_client [req-d55dee0f-71fc-44c3-9b32-b44a551a3ddb req-d55dee0f-71fc-44c3-9b32-b44a551a3ddb ] Request (ServersAdminNegativeTestJSON:setUpClass): 201 POST http://10.180.1.21/identity/v3/users 0.176s
2025-02-21 08:18:46.188 63159 INFO tempest.lib.common.rest_client [req-4f82f4c1-4e39-4b25-b611-36f5cf78f07b req-4f82f4c1-4e39-4b25-b611-36f5cf78f07b ] Request (QuotasAdminTestV236:_run_cleanups): 204 DELETE http://10.180.1.21/identity/v3/projects/d8bdeffaad524532b26cd81d6cda1f5b 0.264s
2025-02-21 08:18:46.201 63119 INFO tempest.lib.common.rest_client [req-88e00358-731a-42ff-a967-fcbd7f241e28 req-88e00358-731a-42ff-a967-fcbd7f241e28 ] Request (TenantUsagesNegativeTestJSON:tearDownClass): 200 GET http://10.180.1.21:9696/networking/v2.0/security-groups?tenant_id=d3ca2c064ae84bee8565856824bde4eb&name=default 0.435s
2025-02-21 08:18:46.263 63149 INFO tempest.lib.common.rest_client [req-c4424fa0-f22b-4025-8372-23f019dc155f req-c4424fa0-f22b-4025-8372-23f019dc155f ] Request (FlavorMetadataValidation:tearDownClass): 204 DELETE http://10.180.1.21/identity/v3/projects/3556c25ec2134fb09aa3304d7231d27e 0.257s
2025-02-21 08:18:46.263 63149 INFO tempest.lib.common.dynamic_creds [-] Deleting project and security group for project: 9366f0cef42d4d8f9526dbfed6c28dd7
2025-02-21 08:18:46.308 63129 INFO tempest.lib.common.rest_client [req-3b16d2f8-db78-4850-98a3-9a5e91ea8d2f req-3b16d2f8-db78-4850-98a3-9a5e91ea8d2f ] Request (FloatingIPsTestJSON:_run_cleanups): 202 DELETE http://10.180.1.21/compute/v2.1/os-floating-ips/ea3a556e-0242-4f74-b3cf-b7057a209a09 2.519s
2025-02-21 08:18:46.316 63169 INFO tempest.lib.common.rest_client [req-c0a8342c-a7b0-4337-b29d-6e99537327e2 req-c0a8342c-a7b0-4337-b29d-6e99537327e2 ] Request (ImagesTestJSON:setUpClass): 201 POST http://10.180.1.21/identity/v3/auth/tokens 0.262s
2025-02-21 08:18:46.318 63167 INFO tempest.lib.common.rest_client [req-5d6c2343-397e-48dd-98cf-9f001c5c92b9 req-5d6c2343-397e-48dd-98cf-9f001c5c92b9 ] Request (HostsAdminNegativeTestJSON:test_shutdown_host_with_non_admin_user): 403 GET http://10.180.1.21/compute/v2.1/os-hosts/devstack/shutdown 2.511s
2025-02-21 08:18:46.341 63119 INFO tempest.lib.common.rest_client [req-7f473cf1-a55d-4335-832f-95dd20f8d692 req-7f473cf1-a55d-4335-832f-95dd20f8d692 ] Request (TenantUsagesNegativeTestJSON:tearDownClass): 204 DELETE http://10.180.1.21:9696/networking/v2.0/security-groups/6f4effb0-f1bb-436a-9c90-11ae0a0cfa5b 0.139s
2025-02-21 08:18:46.344 63151 INFO tempest.lib.common.rest_client [req-ee69559c-a829-4ca6-9e38-42fa766fceca req-ee69559c-a829-4ca6-9e38-42fa766fceca ] Request (HypervisorAdminUnderV252Test:tearDownClass): 204 DELETE http://10.180.1.21/identity/v3/projects/10801537ff8e4af1b34a25398fb00049 0.312s
2025-02-21 08:18:46.374 63179 INFO tempest.lib.common.rest_client [req-292513ab-50f2-4ca3-80df-34222ac78499 req-292513ab-50f2-4ca3-80df-34222ac78499 ] Request (KeyPairsV22TestJSON:setUpClass): 204 PUT http://10.180.1.21/identity/v3/projects/d860326c01ee49f587bb1199c1256102/users/dcc0ca3e29494c639efd08bb05139415/roles/81d2b7cc30ab469ca0b87e6a5742108f 0.279s
2025-02-21 08:18:46.374 63179 INFO tempest.lib.common.dynamic_creds [-] Dynamic test user dcc0ca3e29494c639efd08bb05139415 is created with scope project and roles: ['member']
2025-02-21 08:18:46.374 63179 INFO tempest.lib.common.dynamic_creds [-] Acquired dynamic creds: credentials: Credentials: {'domain_id': 'default', 'domain_name': 'Default', 'username': 'tempest-KeyPairsV22TestJSON-1456298345-project-member', 'project_domain_id': 'default', 'project_domain_name': 'Default', 'project_id': 'd860326c01ee49f587bb1199c1256102', 'project_name': 'tempest-KeyPairsV22TestJSON-1456298345', 'tenant_id': 'd860326c01ee49f587bb1199c1256102', 'tenant_name': 'tempest-KeyPairsV22TestJSON-1456298345', 'user_domain_id': 'default', 'user_domain_name': 'Default', 'user_id': 'dcc0ca3e29494c639efd08bb05139415', 'system': None}, Network: None, Subnet: None, Router: None
2025-02-21 08:18:46.375 63179 INFO tempest.lib.common.dynamic_creds [-] Created isolated network resources for: credentials: Credentials: {'domain_id': 'default', 'domain_name': 'Default', 'username': 'tempest-KeyPairsV22TestJSON-1456298345-project-member', 'project_domain_id': 'default', 'project_domain_name': 'Default', 'project_id': 'd860326c01ee49f587bb1199c1256102', 'project_name': 'tempest-KeyPairsV22TestJSON-1456298345', 'tenant_id': 'd860326c01ee49f587bb1199c1256102', 'tenant_name': 'tempest-KeyPairsV22TestJSON-1456298345', 'user_domain_id': 'default', 'user_domain_name': 'Default', 'user_id': 'dcc0ca3e29494c639efd08bb05139415', 'system': None}, Network: None, Subnet: None, Router: None
2025-02-21 08:18:46.405 63149 INFO tempest.lib.common.rest_client [req-5985ebc6-6e56-4d5d-933b-f88d14f0c841 req-5985ebc6-6e56-4d5d-933b-f88d14f0c841 ] Request (FlavorMetadataValidation:tearDownClass): 200 GET http://10.180.1.21:9696/networking/v2.0/security-groups?tenant_id=9366f0cef42d4d8f9526dbfed6c28dd7&name=default 0.142s
2025-02-21 08:18:46.425 63145 INFO tempest.lib.common.rest_client [req-1ea6363b-038f-4600-8bf2-5c58f3d7d44d req-1ea6363b-038f-4600-8bf2-5c58f3d7d44d ] Request (ServersAdminNegativeTestJSON:setUpClass): 200 GET http://10.180.1.21/identity/v3/roles 0.263s
2025-02-21 08:18:46.440 63121 INFO tempest.lib.common.rest_client [req-9b5d5482-ca79-4131-9823-aa8b04e204fd req-9b5d5482-ca79-4131-9823-aa8b04e204fd ] Request (QuotasAdminTestJSON:test_delete_quota): 200 GET http://10.180.1.21/identity/v3/domains?name=Default 0.248s
2025-02-21 08:18:46.472 63169 INFO tempest.lib.common.rest_client [req-880620ba-fb53-4027-9794-3208aa1c390a req-880620ba-fb53-4027-9794-3208aa1c390a ] Request (ImagesTestJSON:setUpClass): 201 POST http://10.180.1.21/identity/v3/auth/tokens 0.151s
2025-02-21 08:18:46.499 63149 INFO tempest.lib.common.rest_client [req-c5d1094d-ba25-4346-92f9-cfdb3b9828d9 req-c5d1094d-ba25-4346-92f9-cfdb3b9828d9 ] Request (FlavorMetadataValidation:tearDownClass): 204 DELETE http://10.180.1.21:9696/networking/v2.0/security-groups/fed6cc58-06c0-4052-a21e-03884c74a283 0.093s
2025-02-21 08:18:46.504 63135 INFO tempest.lib.common.rest_client [req-de37038c-38df-4cd1-bd54-4c1b19a2afde req-de37038c-38df-4cd1-bd54-4c1b19a2afde ] Request (VolumesAssistedSnapshotsTest:test_volume_assisted_snapshot_create_delete): 202 POST http://10.180.1.21/volume/v3/volumes 0.611s
2025-02-21 08:18:46.512 63147 INFO tempest.lib.common.rest_client [req-19912fe3-8fa9-4caf-822b-bf071ee41312 req-19912fe3-8fa9-4caf-822b-bf071ee41312 ] Request (ServerRescueNegativeTestJSON:setUpClass): 202 POST http://10.180.1.21/compute/v2.1/servers 3.290s
2025-02-21 08:18:46.546 63117 INFO tempest.lib.common.rest_client [req-35968242-de1e-4cd4-909e-7215c3ac3b5f req-35968242-de1e-4cd4-909e-7215c3ac3b5f ] Request (FlavorsAccessTestJSON:test_flavor_access_add_remove): 200 GET http://10.180.1.21/compute/v2.1/flavors/detail 2.477s
2025-02-21 08:18:46.551 63159 INFO tempest.lib.common.rest_client [req-24f0b046-eaa1-42b0-b0b9-52027a4b608c req-24f0b046-eaa1-42b0-b0b9-52027a4b608c ] Request (QuotasAdminTestV236:tearDownClass): 204 DELETE http://10.180.1.21/identity/v3/users/36c966bfdada4886bbdd5a67455049b6 0.355s
2025-02-21 08:18:46.596 63135 INFO tempest.lib.common.rest_client [req-f6682995-7737-4727-91e8-a6dd865f30fc req-f6682995-7737-4727-91e8-a6dd865f30fc ] Request (VolumesAssistedSnapshotsTest:test_volume_assisted_snapshot_create_delete): 200 GET http://10.180.1.21/volume/v3/volumes/23637dbf-e5fd-4a0b-8aba-8e1bb7adbf4a 0.080s
2025-02-21 08:18:46.636 63125 INFO tempest.lib.common.rest_client [req-c8a5a05d-9a1f-4b09-8012-ddb2840c6005 req-c8a5a05d-9a1f-4b09-8012-ddb2840c6005 ] Request (ServerDiagnosticsV248Test:test_get_server_diagnostics): 200 GET http://10.180.1.21/compute/v2.1/servers/0d12a280-ff76-410b-bc50-f400c0a7c1d5 2.489s
2025-02-21 08:18:46.654 63125 INFO tempest.common.waiters [-] State transition "BUILD/networking" ==> "BUILD/spawning" after 6 second wait
2025-02-21 08:18:46.690 63151 INFO tempest.lib.common.rest_client [req-c0b12ed6-724c-4918-a593-e7a6e620ab54 req-c0b12ed6-724c-4918-a593-e7a6e620ab54 ] Request (QuotasAdminTestV257:setUpClass): 201 POST http://10.180.1.21/identity/v3/auth/tokens 0.343s
2025-02-21 08:18:46.709 63161 INFO tempest.lib.common.rest_client [req-4a75d0ab-c060-40b3-b7c6-38b4d746a0bd req-4a75d0ab-c060-40b3-b7c6-38b4d746a0bd ] Request (ServersTestJSON:setUpClass): 200 GET http://10.180.1.21/compute/v2.1/servers/2173ad07-4774-47ac-bed2-2d8e208acd16 2.444s
2025-02-21 08:18:46.739 63177 INFO tempest.lib.common.rest_client [req-155acdb2-3a96-42a1-b60c-912d10dcb800 req-155acdb2-3a96-42a1-b60c-912d10dcb800 ] Request (FlavorsV255TestJSON:test_crud_flavor): 200 GET http://10.180.1.21/compute/v2.1/flavors 2.440s
2025-02-21 08:18:46.745 63119 INFO tempest.lib.common.rest_client [req-4b4e4ad4-e266-4cf4-80a0-6963681ef5b0 req-4b4e4ad4-e266-4cf4-80a0-6963681ef5b0 ] Request (TenantUsagesNegativeTestJSON:tearDownClass): 204 DELETE http://10.180.1.21/identity/v3/projects/d3ca2c064ae84bee8565856824bde4eb 0.402s
2025-02-21 08:18:46.745 63119 INFO tempest.lib.common.dynamic_creds [-] Deleting project and security group for project: a40380a1173a4a4b89ae0b42faf6f049
2025-02-21 08:18:46.785 63179 INFO tempest.lib.common.rest_client [req-de75632b-fc74-4894-bc31-a5fe920d306f req-de75632b-fc74-4894-bc31-a5fe920d306f ] Request (KeyPairsV22TestJSON:setUpClass): 201 POST http://10.180.1.21/identity/v3/auth/tokens 0.406s
2025-02-21 08:18:46.843 63145 INFO tempest.lib.common.rest_client [req-15988bf9-6cba-43d1-9ba7-036c54ffc57c req-15988bf9-6cba-43d1-9ba7-036c54ffc57c ] Request (ServersAdminNegativeTestJSON:setUpClass): 204 PUT http://10.180.1.21/identity/v3/projects/859451b5df8b4764924783a7756d8898/users/8b66a1ae41544d2690c31bfbb1b0195c/roles/81d2b7cc30ab469ca0b87e6a5742108f 0.418s
2025-02-21 08:18:46.843 63145 INFO tempest.lib.common.dynamic_creds [-] Dynamic test user 8b66a1ae41544d2690c31bfbb1b0195c is created with scope project and roles: ['member']
2025-02-21 08:18:46.843 63145 INFO tempest.lib.common.dynamic_creds [-] Acquired dynamic creds: credentials: Credentials: {'domain_id': 'default', 'domain_name': 'Default', 'username': 'tempest-ServersAdminNegativeTestJSON-522202821-project-member', 'project_domain_id': 'default', 'project_domain_name': 'Default', 'project_id': '859451b5df8b4764924783a7756d8898', 'project_name': 'tempest-ServersAdminNegativeTestJSON-522202821', 'tenant_id': '859451b5df8b4764924783a7756d8898', 'tenant_name': 'tempest-ServersAdminNegativeTestJSON-522202821', 'user_domain_id': 'default', 'user_domain_name': 'Default', 'user_id': '8b66a1ae41544d2690c31bfbb1b0195c', 'system': None}, Network: None, Subnet: None, Router: None
2025-02-21 08:18:46.843 63145 INFO tempest.lib.common.dynamic_creds [-] Created isolated network resources for: credentials: Credentials: {'domain_id': 'default', 'domain_name': 'Default', 'username': 'tempest-ServersAdminNegativeTestJSON-522202821-project-member', 'project_domain_id': 'default', 'project_domain_name': 'Default', 'project_id': '859451b5df8b4764924783a7756d8898', 'project_name': 'tempest-ServersAdminNegativeTestJSON-522202821', 'tenant_id': '859451b5df8b4764924783a7756d8898', 'tenant_name': 'tempest-ServersAdminNegativeTestJSON-522202821', 'user_domain_id': 'default', 'user_domain_name': 'Default', 'user_id': '8b66a1ae41544d2690c31bfbb1b0195c', 'system': None}, Network: None, Subnet: None, Router: None
2025-02-21 08:18:46.904 63169 INFO tempest.lib.common.rest_client [req-e67b45ab-e875-406b-b05b-ae15e6f9d53a req-e67b45ab-e875-406b-b05b-ae15e6f9d53a ] Request (ImagesTestJSON:setUpClass): 200 GET http://10.180.1.21/identity/v3/domains?name=Default 0.432s
2025-02-21 08:18:46.923 63121 INFO tempest.lib.common.rest_client [req-f39cb9a0-f74b-480b-a971-9b2376bacc8e req-f39cb9a0-f74b-480b-a971-9b2376bacc8e ] Request (QuotasAdminTestJSON:test_delete_quota): 201 POST http://10.180.1.21/identity/v3/projects 0.482s
2025-02-21 08:18:46.936 63119 INFO tempest.lib.common.rest_client [req-9f3b7a59-ddc7-42b8-a0b8-b475c1fc8ef7 req-9f3b7a59-ddc7-42b8-a0b8-b475c1fc8ef7 ] Request (TenantUsagesNegativeTestJSON:tearDownClass): 200 GET http://10.180.1.21:9696/networking/v2.0/security-groups?tenant_id=a40380a1173a4a4b89ae0b42faf6f049&name=default 0.191s
2025-02-21 08:18:47.034 63159 INFO tempest.lib.common.rest_client [req-39aa48e4-3412-4fca-b066-2b000391340c req-39aa48e4-3412-4fca-b066-2b000391340c ] Request (QuotasAdminTestV236:tearDownClass): 204 DELETE http://10.180.1.21/identity/v3/users/971a4c2bc7fa4257b04b040fa6f17b68 0.482s
2025-02-21 08:18:47.034 63159 INFO tempest.lib.common.dynamic_creds [-] Deleting project and security group for project: 7cadc21db81b4248a35fad79a50ff7ae
2025-02-21 08:18:47.081 63149 INFO tempest.lib.common.rest_client [req-dcb9c09a-4ac6-4891-89ee-562274d9aedf req-dcb9c09a-4ac6-4891-89ee-562274d9aedf ] Request (FlavorMetadataValidation:tearDownClass): 204 DELETE http://10.180.1.21/identity/v3/projects/9366f0cef42d4d8f9526dbfed6c28dd7 0.582s
2025-02-21 08:18:47.099 63119 INFO tempest.lib.common.rest_client [req-279904bb-6ddf-4cff-b6a3-7f534ed2b9ba req-279904bb-6ddf-4cff-b6a3-7f534ed2b9ba ] Request (TenantUsagesNegativeTestJSON:tearDownClass): 204 DELETE http://10.180.1.21:9696/networking/v2.0/security-groups/5b6541d0-9827-4e39-bd1e-163b75065fb3 0.162s
2025-02-21 08:18:47.159 63151 INFO tempest.lib.common.rest_client [req-c9703ba9-138e-47bc-a09b-60044e328da5 req-c9703ba9-138e-47bc-a09b-60044e328da5 ] Request (QuotasAdminTestV257:setUpClass): 201 POST http://10.180.1.21/identity/v3/auth/tokens 0.466s
2025-02-21 08:18:47.173 63165 INFO tempest.lib.common.rest_client [req-e4e85545-99a1-4160-b7e8-0377395dc2e7 req-e4e85545-99a1-4160-b7e8-0377395dc2e7 ] Request (FloatingIPsAssociationTestJSON:setUpClass): 202 POST http://10.180.1.21/compute/v2.1/servers 3.129s
2025-02-21 08:18:47.197 63169 INFO tempest.lib.common.rest_client [req-9147d34b-792c-48e5-b23b-23a1286f020a req-9147d34b-792c-48e5-b23b-23a1286f020a ] Request (ImagesTestJSON:setUpClass): 201 POST http://10.180.1.21/identity/v3/projects 0.292s
2025-02-21 08:18:47.223 63145 INFO tempest.lib.common.rest_client [req-c0bc936f-be2c-4615-b4ad-05f7374347a6 req-c0bc936f-be2c-4615-b4ad-05f7374347a6 ] Request (ServersAdminNegativeTestJSON:setUpClass): 201 POST http://10.180.1.21/identity/v3/auth/tokens 0.373s
2025-02-21 08:18:47.256 63121 INFO tempest.lib.common.rest_client [req-d1604fc1-b8fd-430a-a7e6-a61ce53fb934 req-d1604fc1-b8fd-430a-a7e6-a61ce53fb934 ] Request (QuotasAdminTestJSON:test_delete_quota): 200 GET http://10.180.1.21/identity/v3/domains?name=Default 0.332s
2025-02-21 08:18:47.296 63159 INFO tempest.lib.common.rest_client [req-4d850fd4-5bca-4d1a-9975-24f8eaf506d9 req-4d850fd4-5bca-4d1a-9975-24f8eaf506d9 ] Request (QuotasAdminTestV236:tearDownClass): 201 POST http://10.180.1.21/identity/v3/auth/tokens 0.261s
2025-02-21 08:18:47.309 63149 INFO tempest.lib.common.rest_client [req-3caefcef-ebab-4068-a583-95968d9cc5f2 req-3caefcef-ebab-4068-a583-95968d9cc5f2 ] Request (NetworksTest:setUpClass): 201 POST http://10.180.1.21/identity/v3/auth/tokens 0.226s
2025-02-21 08:18:47.365 63119 INFO tempest.lib.common.rest_client [req-82a6a5bd-5e6d-4c48-b7ae-794fde87134a req-82a6a5bd-5e6d-4c48-b7ae-794fde87134a ] Request (TenantUsagesNegativeTestJSON:tearDownClass): 204 DELETE http://10.180.1.21/identity/v3/projects/a40380a1173a4a4b89ae0b42faf6f049 0.266s
2025-02-21 08:18:47.419 63151 INFO tempest.lib.common.rest_client [req-a74cebbc-fbef-4b6a-afa8-49c1c6d78d50 req-a74cebbc-fbef-4b6a-afa8-49c1c6d78d50 ] Request (QuotasAdminTestV257:setUpClass): 200 GET http://10.180.1.21/identity/v3/domains?name=Default 0.259s
2025-02-21 08:18:47.449 63163 INFO tempest.lib.common.rest_client [req-2a5ca72a-1612-4488-8695-c1aa1700b634 req-2a5ca72a-1612-4488-8695-c1aa1700b634 ] Request (FlavorsAccessNegativeTestJSON:_run_cleanups): 200 POST http://10.180.1.21/compute/v2.1/flavors/1340191419/action 3.001s
2025-02-21 08:18:47.454 63145 INFO tempest.lib.common.rest_client [req-aa9fab23-28f8-4492-b929-1a2b112ecfe7 req-aa9fab23-28f8-4492-b929-1a2b112ecfe7 ] Request (ServersAdminNegativeTestJSON:setUpClass): 201 POST http://10.180.1.21/identity/v3/projects 0.230s
2025-02-21 08:18:47.458 63169 INFO tempest.lib.common.rest_client [req-4bb7cb54-71f9-4eac-8652-80173b8ba48e req-4bb7cb54-71f9-4eac-8652-80173b8ba48e ] Request (ImagesTestJSON:setUpClass): 201 POST http://10.180.1.21/identity/v3/users 0.260s
2025-02-21 08:18:47.478 63123 INFO tempest.lib.common.rest_client [req-0593ed09-f0fa-41a9-9fc0-ec2cf2a31691 req-0593ed09-f0fa-41a9-9fc0-ec2cf2a31691 ] Request (FlavorsExtraSpecsTestJSON:test_flavor_set_get_update_show_unset_keys): 200 PUT http://10.180.1.21/compute/v2.1/flavors/931368915/os-extra_specs/hw:numa_nodes 2.859s
2025-02-21 08:18:47.503 63155 INFO tempest.lib.common.rest_client [req-171e4510-65a8-4523-9766-5aa690d1426d req-171e4510-65a8-4523-9766-5aa690d1426d ] Request (HypervisorAdminNegativeTestJSON:test_show_hypervisor_with_non_admin_user): 200 GET http://10.180.1.21/compute/v2.1/os-hypervisors 2.879s
2025-02-21 08:18:47.541 63149 INFO tempest.lib.common.rest_client [req-ce13cfe4-1a5e-44bd-8e5a-6ae5ee38d527 req-ce13cfe4-1a5e-44bd-8e5a-6ae5ee38d527 ] Request (NetworksTest:setUpClass): 201 POST http://10.180.1.21/identity/v3/auth/tokens 0.228s
2025-02-21 08:18:47.558 63119 INFO tempest.lib.common.rest_client [req-df03bbdd-d1ab-4bcd-a9a5-f506cdb19ae6 req-df03bbdd-d1ab-4bcd-a9a5-f506cdb19ae6 ] Request (ImagesMetadataNegativeTestJSON:setUpClass): 201 POST http://10.180.1.21/identity/v3/auth/tokens 0.189s
2025-02-21 08:18:47.566 63151 INFO tempest.lib.common.rest_client [req-99a44a68-46c8-4a03-bbfa-16f8308ccf99 req-99a44a68-46c8-4a03-bbfa-16f8308ccf99 ] Request (QuotasAdminTestV257:setUpClass): 201 POST http://10.180.1.21/identity/v3/projects 0.147s
2025-02-21 08:18:47.586 63145 INFO tempest.lib.common.rest_client [req-f5a3c457-a308-401d-8a75-6f6bc8ada92c req-f5a3c457-a308-401d-8a75-6f6bc8ada92c ] Request (ServersAdminNegativeTestJSON:setUpClass): 201 POST http://10.180.1.21/identity/v3/users 0.132s
2025-02-21 08:18:47.639 63169 INFO tempest.lib.common.rest_client [req-8d4e44ca-2c90-48de-8c05-5b6222953694 req-8d4e44ca-2c90-48de-8c05-5b6222953694 ] Request (ImagesTestJSON:setUpClass): 200 GET http://10.180.1.21/identity/v3/roles 0.180s
2025-02-21 08:18:47.657 63135 INFO tempest.lib.common.rest_client [req-232ab0ce-1427-48e4-b19a-cb9030a57f0f req-232ab0ce-1427-48e4-b19a-cb9030a57f0f ] Request (VolumesAssistedSnapshotsTest:test_volume_assisted_snapshot_create_delete): 200 GET http://10.180.1.21/volume/v3/volumes/23637dbf-e5fd-4a0b-8aba-8e1bb7adbf4a 0.046s
2025-02-21 08:18:47.668 63135 INFO tempest.common.waiters [-] volume 23637dbf-e5fd-4a0b-8aba-8e1bb7adbf4a reached available after waiting for 1.668103 seconds
2025-02-21 08:18:47.674 63149 INFO tempest.lib.common.rest_client [req-732a9a35-f55d-4728-b011-0eef9c5b55f8 req-732a9a35-f55d-4728-b011-0eef9c5b55f8 ] Request (NetworksTest:setUpClass): 200 GET http://10.180.1.21/identity/v3/domains?name=Default 0.133s
2025-02-21 08:18:47.708 63159 INFO tempest.lib.common.rest_client [req-4b102a54-08f8-41fd-801c-b4e33e229072 req-4b102a54-08f8-41fd-801c-b4e33e229072 ] Request (QuotasAdminTestV236:tearDownClass): 200 GET http://10.180.1.21:9696/networking/v2.0/security-groups?tenant_id=7cadc21db81b4248a35fad79a50ff7ae&name=default 0.411s
2025-02-21 08:18:47.717 63119 INFO tempest.lib.common.rest_client [req-3a71a1ae-01e9-4dde-8c38-7f8e703f9fe2 req-3a71a1ae-01e9-4dde-8c38-7f8e703f9fe2 ] Request (ImagesMetadataNegativeTestJSON:setUpClass): 201 POST http://10.180.1.21/identity/v3/auth/tokens 0.155s
