2025-02-19 16:15:38.601 62986 INFO tempest.lib.common.rest_client [req-ab75d0ed-c7e9-4437-8167-999a07374113 req-ab75d0ed-c7e9-4437-8167-999a07374113 ] Request (ServerDiagnosticsV248Test:tearDownClass): 200 GET http://10.180.1.21/compute/v2.1/servers/308196fc-c178-402d-b669-c01a18c93221 0.165s
2025-02-19 16:15:38.634 62982 INFO tempest.lib.common.rest_client [req-f1199045-1858-4683-b308-f83bf2ab8185 req-f1199045-1858-4683-b308-f83bf2ab8185 ] Request (ServerDiskConfigTestJSON:test_rebuild_server_with_manual_disk_config): 200 GET http://10.180.1.21/compute/v2.1/servers/830c95e0-cfef-4940-86d7-3db3bf81d219 0.149s
2025-02-19 16:15:38.660 62954 INFO tempest.lib.common.rest_client [req-953e4887-e174-44b5-ac99-e082a1caf4bc req-953e4887-e174-44b5-ac99-e082a1caf4bc ] Request (ServerDiagnosticsNegativeTest:tearDownClass): 200 GET http://10.180.1.21/compute/v2.1/servers/ff80e626-b62c-4d87-bbd0-937cd0126a24 0.147s
2025-02-19 16:15:38.698 62981 INFO tempest.lib.common.rest_client [req-e908166d-b44c-44dd-9755-67d6a67648a0 req-e908166d-b44c-44dd-9755-67d6a67648a0 ] Request (ServersAdmin275Test:_run_cleanups): 200 GET http://10.180.1.21/compute/v2.1/servers/c1e17e07-ebe4-4271-9af9-e1f28786749a 0.129s
2025-02-19 16:15:38.709 62981 INFO tempest.common.waiters [-] State transition "REBUILD/rebuilding" ==> "REBUILD/rebuild_block_device_mapping" after 2 second wait
2025-02-19 16:15:38.723 62992 INFO tempest.lib.common.rest_client [req-6b62d86e-97a4-4935-bfd7-d8262f68237a req-6b62d86e-97a4-4935-bfd7-d8262f68237a ] Request (ServerMetadataNegativeTestJSON:setUpClass): 200 GET http://10.180.1.21/compute/v2.1/servers/b81dc60c-f0a2-4243-80d8-21c014cdc311 0.153s
2025-02-19 16:15:38.765 62994 INFO tempest.lib.common.rest_client [req-044ea75a-e32d-4150-b41b-b6b03c03ff3f req-044ea75a-e32d-4150-b41b-b6b03c03ff3f ] Request (ImagesOneServerTestJSON:setUpClass): 200 GET http://10.180.1.21/compute/v2.1/servers/02188f5d-133f-4d02-b3b4-0f3a4dd919f8 0.139s
2025-02-19 16:15:38.774 63000 INFO tempest.lib.common.rest_client [req-5833324a-9860-4682-8f9e-a3eca90d6e5e req-5833324a-9860-4682-8f9e-a3eca90d6e5e ] Request (ImagesMetadataTestJSON:setUpClass): 201 POST http://10.180.1.21/image/v2/images 0.374s
2025-02-19 16:15:38.778 62988 INFO tempest.lib.common.rest_client [req-a3a0aeb2-9595-4f91-a0cc-71cd72fc2739 req-a3a0aeb2-9595-4f91-a0cc-71cd72fc2739 ] Request (ImagesTestJSON:test_create_image_from_suspended_server): 200 GET http://10.180.1.21/compute/v2.1/servers/5bf389b8-44b8-4e04-bd94-848e4cdfd77f 0.099s
2025-02-19 16:15:38.820 62958 INFO tempest.lib.common.rest_client [req-71d1c20b-7024-4051-bccf-3aabfff6aedb req-71d1c20b-7024-4051-bccf-3aabfff6aedb ] Request (ServersAdminNegativeTestJSON:setUpClass): 200 GET http://10.180.1.21/compute/v2.1/servers/569c9c5c-9ece-45a4-95f0-b52f6eb3e10b 0.083s
2025-02-19 16:15:38.891 63010 INFO tempest.lib.common.rest_client [req-b41b9bd2-1ad8-4079-bfbe-edb5c6a84acb req-b41b9bd2-1ad8-4079-bfbe-edb5c6a84acb ] Request (ServersTestMultiNic:test_verify_duplicate_network_nics): 200 GET http://10.180.1.21/compute/v2.1/servers/6ce3d9e0-074b-4dbd-a70f-c83e1e1280af 0.054s
2025-02-19 16:15:38.907 62950 INFO tempest.lib.common.rest_client [req-6c13f228-3a92-45f8-80fd-e1a5305d503b req-6c13f228-3a92-45f8-80fd-e1a5305d503b ] Request (MigrationsAdminTest:test_list_migrations_in_flavor_resize_situation): 200 GET http://10.180.1.21/compute/v2.1/servers/d00a747e-a32f-47cd-b4b6-76402b158f3a 0.134s
2025-02-19 16:15:39.206 62966 INFO tempest.lib.common.rest_client [req-dded5f0a-bb53-4d7a-81e2-60079a9b60f5 req-dded5f0a-bb53-4d7a-81e2-60079a9b60f5 ] Request (FloatingIPsAssociationNegativeTestJSON:setUpClass): 200 GET http://10.180.1.21/compute/v2.1/servers/6a118a55-f098-4068-a852-556138ed9cdb 0.076s
2025-02-19 16:15:39.263 63008 INFO tempest.lib.common.rest_client [req-cb11b39f-2d09-48e2-a1fa-746d6d15c5f8 req-cb11b39f-2d09-48e2-a1fa-746d6d15c5f8 ] Request (InstanceActionsTestJSON:test_list_instance_actions): 200 GET http://10.180.1.21/compute/v2.1/servers/1ed66844-ef3b-4812-8552-69e5847ea4cc 0.151s
2025-02-19 16:15:39.275 62996 INFO tempest.lib.common.rest_client [req-c88ca2d4-7d4b-403b-bd09-9a53e678b8f5 req-c88ca2d4-7d4b-403b-bd09-9a53e678b8f5 ] Request (ListImageFiltersTestJSON:setUpClass): 200 GET http://10.180.1.21/compute/v2.1/servers/ce37e013-1443-4d3c-a639-ec2d64fddff2 0.113s
2025-02-19 16:15:39.313 62998 INFO tempest.lib.common.rest_client [req-f39da36f-06c2-4825-935c-933013c5c089 req-f39da36f-06c2-4825-935c-933013c5c089 ] Request (DeleteServersAdminTestJSON:test_delete_server_while_in_error_state): 200 GET http://10.180.1.21/compute/v2.1/servers/e4b17550-dce8-4361-9e52-88e6379d0219 0.080s
2025-02-19 16:15:39.364 63000 INFO tempest.lib.common.rest_client [req-d25235e8-72f3-46d5-b315-1661b43dfe2e req-d25235e8-72f3-46d5-b315-1661b43dfe2e ] Request (ImagesMetadataTestJSON:setUpClass): 204 PUT http://10.180.1.21/image/v2/images/36c56f51-f84b-4fc5-be07-cbda10a8243c/file 0.589s
2025-02-19 16:15:39.365 63012 INFO tempest.lib.common.rest_client [req-5acb3ea7-7306-42f3-a5e2-f5c24d534bcd req-5acb3ea7-7306-42f3-a5e2-f5c24d534bcd ] Request (ServerMetadataTestJSON:setUpClass): 200 GET http://10.180.1.21/compute/v2.1/servers/cf144f6d-e13f-4017-8815-49e714350f71 0.059s
2025-02-19 16:15:39.400 63000 INFO tempest.lib.common.rest_client [req-38928e72-21ef-4072-a5aa-5cbf0d86bf02 req-38928e72-21ef-4072-a5aa-5cbf0d86bf02 ] Request (ImagesMetadataTestJSON:setUpClass): 200 GET http://10.180.1.21/compute/v2.1/images/36c56f51-f84b-4fc5-be07-cbda10a8243c 0.036s
2025-02-19 16:15:39.442 63002 INFO tempest.lib.common.rest_client [req-33c38207-ba68-47a1-ba04-ed5e161aad2c req-33c38207-ba68-47a1-ba04-ed5e161aad2c ] Request (ImagesOneServerNegativeTestJSON:setUpClass): 200 GET http://10.180.1.21/compute/v2.1/servers/dbdc473f-3bed-4a6b-82f7-dbddea594fdb 0.104s
2025-02-19 16:15:39.450 63002 INFO tempest.common.waiters [-] State transition "BUILD/block_device_mapping" ==> "BUILD/spawning" after 36 second wait
2025-02-19 16:15:39.462 62964 INFO tempest.lib.common.rest_client [req-ea963ac3-3da0-469f-b6c2-7c8f012c4c2d req-ea963ac3-3da0-469f-b6c2-7c8f012c4c2d ] Request (ImagesNegativeTestJSON:test_create_image_from_deleted_server): 200 GET http://10.180.1.21/compute/v2.1/servers/7b8f6860-38b7-45a3-b3a2-e62e726d8d4c 0.094s
2025-02-19 16:15:39.496 62970 INFO tempest.lib.common.rest_client [req-9cca23fe-def5-4aa0-ad9e-587b20abb154 req-9cca23fe-def5-4aa0-ad9e-587b20abb154 ] Request (ServerActionsTestOtherB:setUpClass): 200 GET http://10.180.1.21/compute/v2.1/servers/3ff447b7-9a02-4f12-8003-b4915cf440a4 0.105s
2025-02-19 16:15:39.554 62968 INFO tempest.lib.common.rest_client [req-ca3696c2-79a8-4f1d-a34d-1278848f1cfc req-ca3696c2-79a8-4f1d-a34d-1278848f1cfc ] Request (ServerRescueTestJSON:test_rescue_unrescue_instance): 200 GET http://10.180.1.21/compute/v2.1/servers/2e489091-10ab-4c49-813b-9181de43a09e 0.135s
2025-02-19 16:15:39.612 62974 INFO tempest.lib.common.rest_client [req-9159ecdc-a5df-4e8a-8055-08ded0ff9aac req-9159ecdc-a5df-4e8a-8055-08ded0ff9aac ] Request (ServersTestFqdnHostnames:test_create_server_with_fqdn_name): 200 GET http://10.180.1.21/compute/v2.1/servers/2a11bdfc-b093-48e5-a464-d2b33dcb1839 0.152s
2025-02-19 16:15:39.685 62960 INFO tempest.lib.common.rest_client [req-55630847-f4c9-466a-8115-091257809fae req-55630847-f4c9-466a-8115-091257809fae ] Request (AttachInterfacesV270Test:tearDownClass): 200 GET http://10.180.1.21/compute/v2.1/servers/c497fc7e-0e7a-4a13-8383-95c664c6538d 0.209s
2025-02-19 16:15:39.701 63000 INFO tempest.lib.common.rest_client [req-dfa51337-b5f7-4a59-bdd0-3df0e2063a63 req-dfa51337-b5f7-4a59-bdd0-3df0e2063a63 ] Request (ImagesMetadataTestJSON:setUp): 200 PUT http://10.180.1.21/compute/v2.1/images/36c56f51-f84b-4fc5-be07-cbda10a8243c/metadata 0.297s
2025-02-19 16:15:39.754 62972 INFO tempest.lib.common.rest_client [req-8371e944-7890-4203-8d6c-e834dde85574 req-8371e944-7890-4203-8d6c-e834dde85574 ] Request (AttachInterfacesUnderV243Test:test_add_remove_fixed_ip): 200 GET http://10.180.1.21/compute/v2.1/servers/f2b6ee32-9ab2-4a4a-a428-80a06b000dc7 0.249s
2025-02-19 16:15:39.766 62990 INFO tempest.lib.common.rest_client [req-a1246aa8-d6af-497a-856d-86c3a6965712 req-a1246aa8-d6af-497a-856d-86c3a6965712 ] Request (ServerShowV257Test:test_rebuild_server): 200 GET http://10.180.1.21/compute/v2.1/servers/ead0e84f-e3ba-472d-9307-03b0b925f391 0.212s
2025-02-19 16:15:39.829 62986 INFO tempest.lib.common.rest_client [req-59927d08-3224-4bb5-a2fe-ddeb5e5e72b7 req-59927d08-3224-4bb5-a2fe-ddeb5e5e72b7 ] Request (ServerDiagnosticsV248Test:tearDownClass): 200 GET http://10.180.1.21/compute/v2.1/servers/308196fc-c178-402d-b669-c01a18c93221 0.214s
2025-02-19 16:15:39.870 62984 INFO tempest.lib.common.rest_client [req-e94f9b51-a0ce-4c9a-9de2-568b9f04ad9b req-e94f9b51-a0ce-4c9a-9de2-568b9f04ad9b ] Request (TenantUsagesTestJSON:setUpClass): 200 GET http://10.180.1.21/compute/v2.1/servers/21b5fd37-f3cd-4e97-ac63-bb3b96c52b4b 0.277s
2025-02-19 16:15:39.883 62982 INFO tempest.lib.common.rest_client [req-7e55f023-af05-4273-8f5e-84bd2b128b4e req-7e55f023-af05-4273-8f5e-84bd2b128b4e ] Request (ServerDiskConfigTestJSON:test_rebuild_server_with_manual_disk_config): 200 GET http://10.180.1.21/compute/v2.1/servers/830c95e0-cfef-4940-86d7-3db3bf81d219 0.242s
2025-02-19 16:15:39.926 62954 INFO tempest.lib.common.rest_client [req-15ac2526-500f-4b65-80fb-358a41ff9306 req-15ac2526-500f-4b65-80fb-358a41ff9306 ] Request (ServerDiagnosticsNegativeTest:tearDownClass): 200 GET http://10.180.1.21/compute/v2.1/servers/ff80e626-b62c-4d87-bbd0-937cd0126a24 0.254s
2025-02-19 16:15:39.981 62981 INFO tempest.lib.common.rest_client [req-01013a6b-acd6-4ec1-aeff-ef558b342f49 req-01013a6b-acd6-4ec1-aeff-ef558b342f49 ] Request (ServersAdmin275Test:_run_cleanups): 200 GET http://10.180.1.21/compute/v2.1/servers/c1e17e07-ebe4-4271-9af9-e1f28786749a 0.270s
2025-02-19 16:15:39.990 62981 INFO tempest.common.waiters [-] State transition "REBUILD/rebuild_block_device_mapping" ==> "REBUILD/rebuild_spawning" after 3 second wait
2025-02-19 16:15:40.035 62992 INFO tempest.lib.common.rest_client [req-302871fe-3e81-47d9-b424-e62c118221b0 req-302871fe-3e81-47d9-b424-e62c118221b0 ] Request (ServerMetadataNegativeTestJSON:setUpClass): 200 GET http://10.180.1.21/compute/v2.1/servers/b81dc60c-f0a2-4243-80d8-21c014cdc311 0.302s
2025-02-19 16:15:40.046 63000 INFO tempest.lib.common.rest_client [req-a84ec85a-5193-4c95-ab94-76c2151ef19a req-a84ec85a-5193-4c95-ab94-76c2151ef19a ] Request (ImagesMetadataTestJSON:test_delete_image_metadata_item): 204 DELETE http://10.180.1.21/compute/v2.1/images/36c56f51-f84b-4fc5-be07-cbda10a8243c/metadata/os_version 0.344s
2025-02-19 16:15:40.103 62988 INFO tempest.lib.common.rest_client [req-1efa7bf5-b5db-406e-bb6a-a374f6abebbc req-1efa7bf5-b5db-406e-bb6a-a374f6abebbc ] Request (ImagesTestJSON:test_create_image_from_suspended_server): 200 GET http://10.180.1.21/compute/v2.1/servers/5bf389b8-44b8-4e04-bd94-848e4cdfd77f 0.317s
2025-02-19 16:15:40.152 62958 INFO tempest.lib.common.rest_client [req-65bc8c2d-ebe6-466f-a5c0-49c048eb0bc1 req-65bc8c2d-ebe6-466f-a5c0-49c048eb0bc1 ] Request (ServersAdminNegativeTestJSON:setUpClass): 200 GET http://10.180.1.21/compute/v2.1/servers/569c9c5c-9ece-45a4-95f0-b52f6eb3e10b 0.319s
2025-02-19 16:15:40.212 63010 INFO tempest.lib.common.rest_client [req-7ee09c90-c275-44b4-9cd5-a4e2ca13f13a req-7ee09c90-c275-44b4-9cd5-a4e2ca13f13a ] Request (ServersTestMultiNic:test_verify_duplicate_network_nics): 200 GET http://10.180.1.21/compute/v2.1/servers/6ce3d9e0-074b-4dbd-a70f-c83e1e1280af 0.309s
2025-02-19 16:15:40.307 62994 INFO tempest.lib.common.rest_client [req-8b7c151a-b73f-454d-b70e-8e65a370cb98 req-8b7c151a-b73f-454d-b70e-8e65a370cb98 ] Request (ImagesOneServerTestJSON:setUpClass): 200 GET http://10.180.1.21/compute/v2.1/servers/02188f5d-133f-4d02-b3b4-0f3a4dd919f8 0.534s
2025-02-19 16:15:40.319 62994 INFO tempest.common.waiters [-] State transition "BUILD/None" ==> "BUILD/networking" after 36 second wait
2025-02-19 16:15:40.346 62950 INFO tempest.lib.common.rest_client [req-ca3622e2-6db6-4cea-b324-0752e1769d6d req-ca3622e2-6db6-4cea-b324-0752e1769d6d ] Request (MigrationsAdminTest:test_list_migrations_in_flavor_resize_situation): 200 GET http://10.180.1.21/compute/v2.1/servers/d00a747e-a32f-47cd-b4b6-76402b158f3a 0.427s
2025-02-19 16:15:40.347 63000 INFO tempest.lib.common.rest_client [req-ee5e1f0c-770d-4abc-bbda-4a172d9ee3d4 req-ee5e1f0c-770d-4abc-bbda-4a172d9ee3d4 ] Request (ImagesMetadataTestJSON:test_delete_image_metadata_item): 200 GET http://10.180.1.21/compute/v2.1/images/36c56f51-f84b-4fc5-be07-cbda10a8243c/metadata 0.301s
2025-02-19 16:15:40.411 62966 INFO tempest.lib.common.rest_client [req-bd66b2e2-8cce-4529-b18e-e34504c347d5 req-bd66b2e2-8cce-4529-b18e-e34504c347d5 ] Request (FloatingIPsAssociationNegativeTestJSON:setUpClass): 200 GET http://10.180.1.21/compute/v2.1/servers/6a118a55-f098-4068-a852-556138ed9cdb 0.195s
2025-02-19 16:15:40.461 62996 INFO tempest.lib.common.rest_client [req-55cdf5ea-f69e-4d25-958a-744a9523bcff req-55cdf5ea-f69e-4d25-958a-744a9523bcff ] Request (ListImageFiltersTestJSON:setUpClass): 200 GET http://10.180.1.21/compute/v2.1/servers/ce37e013-1443-4d3c-a639-ec2d64fddff2 0.179s
2025-02-19 16:15:40.484 63008 INFO tempest.lib.common.rest_client [req-3a0e26fd-6a4d-46a0-9abb-16e2f94aa82f req-3a0e26fd-6a4d-46a0-9abb-16e2f94aa82f ] Request (InstanceActionsTestJSON:test_list_instance_actions): 200 GET http://10.180.1.21/compute/v2.1/servers/1ed66844-ef3b-4812-8552-69e5847ea4cc 0.212s
2025-02-19 16:15:40.523 62998 INFO tempest.lib.common.rest_client [req-c37aa65f-c914-4e01-b6e9-245f0afbec95 req-c37aa65f-c914-4e01-b6e9-245f0afbec95 ] Request (DeleteServersAdminTestJSON:test_delete_server_while_in_error_state): 200 GET http://10.180.1.21/compute/v2.1/servers/e4b17550-dce8-4361-9e52-88e6379d0219 0.203s
2025-02-19 16:15:40.576 63012 INFO tempest.lib.common.rest_client [req-a69451f2-344c-481e-a3ac-38baf09addd9 req-a69451f2-344c-481e-a3ac-38baf09addd9 ] Request (ServerMetadataTestJSON:setUpClass): 200 GET http://10.180.1.21/compute/v2.1/servers/cf144f6d-e13f-4017-8815-49e714350f71 0.202s
2025-02-19 16:15:40.677 63002 INFO tempest.lib.common.rest_client [req-3499cefb-36f8-4398-9dc4-4be7088ff6a2 req-3499cefb-36f8-4398-9dc4-4be7088ff6a2 ] Request (ImagesOneServerNegativeTestJSON:setUpClass): 200 GET http://10.180.1.21/compute/v2.1/servers/dbdc473f-3bed-4a6b-82f7-dbddea594fdb 0.226s
2025-02-19 16:15:40.696 63000 INFO tempest.lib.common.rest_client [req-ac9570b7-e203-4b4a-9374-885f1149a435 req-ac9570b7-e203-4b4a-9374-885f1149a435 ] Request (ImagesMetadataTestJSON:setUp): 200 PUT http://10.180.1.21/compute/v2.1/images/36c56f51-f84b-4fc5-be07-cbda10a8243c/metadata 0.347s
2025-02-19 16:15:40.756 62964 INFO tempest.lib.common.rest_client [req-0e5da1b7-3b4e-4ffc-8945-9ecd1978a554 req-0e5da1b7-3b4e-4ffc-8945-9ecd1978a554 ] Request (ImagesNegativeTestJSON:test_create_image_from_deleted_server): 200 GET http://10.180.1.21/compute/v2.1/servers/7b8f6860-38b7-45a3-b3a2-e62e726d8d4c 0.283s
2025-02-19 16:15:40.769 62970 INFO tempest.lib.common.rest_client [req-6fc8579c-870b-4691-9ff0-7a46251fbb25 req-6fc8579c-870b-4691-9ff0-7a46251fbb25 ] Request (ServerActionsTestOtherB:setUpClass): 200 GET http://10.180.1.21/compute/v2.1/servers/3ff447b7-9a02-4f12-8003-b4915cf440a4 0.259s
2025-02-19 16:15:40.803 62968 INFO tempest.lib.common.rest_client [req-01ac09ed-64bb-409d-98d4-e26b6983e8f5 req-01ac09ed-64bb-409d-98d4-e26b6983e8f5 ] Request (ServerRescueTestJSON:test_rescue_unrescue_instance): 200 GET http://10.180.1.21/compute/v2.1/servers/2e489091-10ab-4c49-813b-9181de43a09e 0.239s
2025-02-19 16:15:40.807 63006 INFO paramiko.transport [-] Connected (version 2.0, client dropbear_2020.81)
2025-02-19 16:15:40.812 62978 WARNING tempest.lib.common.ssh [-] Failed to establish authenticated ssh connection to cirros@10.180.180.180 ([Errno None] Unable to connect to port 22 on 10.180.180.180). Number attempts: 3. Retry after 4 seconds.: paramiko.ssh_exception.NoValidConnectionsError: [Errno None] Unable to connect to port 22 on 10.180.180.180
2025-02-19 16:15:40.825 62974 INFO tempest.lib.common.rest_client [req-fda6a139-4227-4ccf-a2f0-a59198232dfd req-fda6a139-4227-4ccf-a2f0-a59198232dfd ] Request (ServersTestFqdnHostnames:test_create_server_with_fqdn_name): 200 GET http://10.180.1.21/compute/v2.1/servers/2a11bdfc-b093-48e5-a464-d2b33dcb1839 0.203s
2025-02-19 16:15:40.840 63000 INFO tempest.lib.common.rest_client [req-0c952d7c-96b6-4bd6-ad00-925266a001a3 req-0c952d7c-96b6-4bd6-ad00-925266a001a3 ] Request (ImagesMetadataTestJSON:test_get_image_metadata_item): 200 GET http://10.180.1.21/compute/v2.1/images/36c56f51-f84b-4fc5-be07-cbda10a8243c/metadata/os_distro 0.144s
2025-02-19 16:15:40.871 63006 INFO paramiko.transport [-] Authentication (publickey) successful!
2025-02-19 16:15:40.872 63006 INFO tempest.lib.common.ssh [-] ssh connection to cirros@10.180.180.153 successfully created
2025-02-19 16:15:40.875 62976 WARNING tempest.lib.common.ssh [-] Failed to establish authenticated ssh connection to cirros@10.180.180.210 ([Errno None] Unable to connect to port 22 on 10.180.180.210). Number attempts: 1. Retry after 2 seconds.: paramiko.ssh_exception.NoValidConnectionsError: [Errno None] Unable to connect to port 22 on 10.180.180.210
2025-02-19 16:15:40.905 62960 INFO tempest.lib.common.rest_client [req-470b16c1-d397-4c0d-ad00-99bb7e63f75c req-470b16c1-d397-4c0d-ad00-99bb7e63f75c ] Request (AttachInterfacesV270Test:tearDownClass): 200 GET http://10.180.1.21/compute/v2.1/servers/c497fc7e-0e7a-4a13-8383-95c664c6538d 0.201s
2025-02-19 16:15:40.905 62972 INFO tempest.lib.common.rest_client [req-a4ece97a-0513-4457-be8e-f38f649b4f63 req-a4ece97a-0513-4457-be8e-f38f649b4f63 ] Request (AttachInterfacesUnderV243Test:test_add_remove_fixed_ip): 200 GET http://10.180.1.21/compute/v2.1/servers/f2b6ee32-9ab2-4a4a-a428-80a06b000dc7 0.142s
2025-02-19 16:15:40.959 62990 INFO tempest.lib.common.rest_client [req-7c1385b0-b11d-4961-b4cc-2ee95e777f9f req-7c1385b0-b11d-4961-b4cc-2ee95e777f9f ] Request (ServerShowV257Test:test_rebuild_server): 200 GET http://10.180.1.21/compute/v2.1/servers/ead0e84f-e3ba-472d-9307-03b0b925f391 0.179s
2025-02-19 16:15:40.969 62986 INFO tempest.lib.common.rest_client [req-adc94618-3ca3-4630-bcc7-fc36ed80f8d7 req-adc94618-3ca3-4630-bcc7-fc36ed80f8d7 ] Request (ServerDiagnosticsV248Test:tearDownClass): 200 GET http://10.180.1.21/compute/v2.1/servers/308196fc-c178-402d-b669-c01a18c93221 0.131s
2025-02-19 16:15:40.993 63006 INFO tempest.lib.common.rest_client [req-0ebe72fd-012d-4a88-8f25-859a8baf486c req-0ebe72fd-012d-4a88-8f25-859a8baf486c ] Request (AttachVolumeTestJSON:test_attach_detach_volume): 200 GET http://10.180.1.21/compute/v2.1/servers/7f563c4b-274b-4324-b04e-0b75488d0290/ips 0.121s
2025-02-19 16:15:40.996 63006 INFO tempest.lib.common.ssh [-] Creating ssh connection to '10.180.180.153:22' as 'cirros' with public key authentication
2025-02-19 16:15:40.998 63006 INFO paramiko.transport [-] Connected (version 2.0, client dropbear_2020.81)
2025-02-19 16:15:41.055 63006 INFO paramiko.transport [-] Authentication (publickey) successful!
2025-02-19 16:15:41.055 63006 INFO tempest.lib.common.ssh [-] ssh connection to cirros@10.180.180.153 successfully created
2025-02-19 16:15:41.056 63006 INFO tempest.lib.common.ssh [-] Creating ssh connection to '10.180.180.153:22' as 'cirros' with public key authentication
2025-02-19 16:15:41.058 63006 INFO paramiko.transport [-] Connected (version 2.0, client dropbear_2020.81)
2025-02-19 16:15:41.086 63000 INFO tempest.lib.common.rest_client [req-c28b3f4b-cc3d-4cf2-a766-3c1ed0d9a393 req-c28b3f4b-cc3d-4cf2-a766-3c1ed0d9a393 ] Request (ImagesMetadataTestJSON:setUp): 200 PUT http://10.180.1.21/compute/v2.1/images/36c56f51-f84b-4fc5-be07-cbda10a8243c/metadata 0.244s
2025-02-19 16:15:41.090 62984 INFO tempest.lib.common.rest_client [req-1778785f-d11e-4f4a-9603-4eca4176530f req-1778785f-d11e-4f4a-9603-4eca4176530f ] Request (TenantUsagesTestJSON:setUpClass): 200 GET http://10.180.1.21/compute/v2.1/servers/21b5fd37-f3cd-4e97-ac63-bb3b96c52b4b 0.213s
2025-02-19 16:15:41.116 63006 INFO paramiko.transport [-] Authentication (publickey) successful!
2025-02-19 16:15:41.116 63006 INFO tempest.lib.common.ssh [-] ssh connection to cirros@10.180.180.153 successfully created
2025-02-19 16:15:41.140 62982 INFO tempest.lib.common.rest_client [req-4c08d9bc-d78c-4724-9c15-fc717544ebb2 req-4c08d9bc-d78c-4724-9c15-fc717544ebb2 ] Request (ServerDiskConfigTestJSON:test_rebuild_server_with_manual_disk_config): 200 GET http://10.180.1.21/compute/v2.1/servers/830c95e0-cfef-4940-86d7-3db3bf81d219 0.249s
2025-02-19 16:15:41.154 62954 INFO tempest.lib.common.rest_client [req-20a6c40b-1a03-4751-8616-6aec03aad4e1 req-20a6c40b-1a03-4751-8616-6aec03aad4e1 ] Request (ServerDiagnosticsNegativeTest:tearDownClass): 200 GET http://10.180.1.21/compute/v2.1/servers/ff80e626-b62c-4d87-bbd0-937cd0126a24 0.219s
2025-02-19 16:15:41.209 62992 INFO tempest.lib.common.rest_client [req-58722cb6-b9b7-4e42-9711-d5e93f77920f req-58722cb6-b9b7-4e42-9711-d5e93f77920f ] Request (ServerMetadataNegativeTestJSON:setUpClass): 200 GET http://10.180.1.21/compute/v2.1/servers/b81dc60c-f0a2-4243-80d8-21c014cdc311 0.163s
2025-02-19 16:15:41.214 62981 INFO tempest.lib.common.rest_client [req-6b34fe2e-377c-4e25-b4c8-4c79018ea67d req-6b34fe2e-377c-4e25-b4c8-4c79018ea67d ] Request (ServersAdmin275Test:_run_cleanups): 200 GET http://10.180.1.21/compute/v2.1/servers/c1e17e07-ebe4-4271-9af9-e1f28786749a 0.223s
2025-02-19 16:15:41.238 63000 INFO tempest.lib.common.rest_client [req-e70bd15f-ffd3-4fa1-9dbb-96087718eb19 req-e70bd15f-ffd3-4fa1-9dbb-96087718eb19 ] Request (ImagesMetadataTestJSON:test_list_image_metadata): 200 GET http://10.180.1.21/compute/v2.1/images/36c56f51-f84b-4fc5-be07-cbda10a8243c/metadata 0.151s
2025-02-19 16:15:41.268 62988 INFO tempest.lib.common.rest_client [req-af71cecf-d8e2-4fa3-8662-75416b192323 req-af71cecf-d8e2-4fa3-8662-75416b192323 ] Request (ImagesTestJSON:test_create_image_from_suspended_server): 200 GET http://10.180.1.21/compute/v2.1/servers/5bf389b8-44b8-4e04-bd94-848e4cdfd77f 0.154s
2025-02-19 16:15:41.288 62958 INFO tempest.lib.common.rest_client [req-126ec68f-793e-4973-8b60-aa3d228f2391 req-126ec68f-793e-4973-8b60-aa3d228f2391 ] Request (ServersAdminNegativeTestJSON:setUpClass): 200 GET http://10.180.1.21/compute/v2.1/servers/569c9c5c-9ece-45a4-95f0-b52f6eb3e10b 0.128s
2025-02-19 16:15:41.299 63006 INFO tempest.lib.common.rest_client [req-b9598921-5a72-4cca-8da6-6f083859e9a2 req-b9598921-5a72-4cca-8da6-6f083859e9a2 ] Request (AttachVolumeTestJSON:test_attach_detach_volume): 202 POST http://10.180.1.21/volume/v3/volumes 0.177s
2025-02-19 16:15:41.320 63010 INFO tempest.lib.common.rest_client [req-2a093704-346e-4c20-bb78-c74a262e11ed req-2a093704-346e-4c20-bb78-c74a262e11ed ] Request (ServersTestMultiNic:test_verify_duplicate_network_nics): 200 GET http://10.180.1.21/compute/v2.1/servers/6ce3d9e0-074b-4dbd-a70f-c83e1e1280af 0.097s
2025-02-19 16:15:41.426 63000 INFO tempest.lib.common.rest_client [req-c9c99271-3dc8-4a18-b1b7-c73d6503aa9a req-c9c99271-3dc8-4a18-b1b7-c73d6503aa9a ] Request (ImagesMetadataTestJSON:setUp): 200 PUT http://10.180.1.21/compute/v2.1/images/36c56f51-f84b-4fc5-be07-cbda10a8243c/metadata 0.186s
2025-02-19 16:15:41.478 62994 INFO tempest.lib.common.rest_client [req-55f1eb05-2cbc-4d6c-9961-53f52b4fd8c1 req-55f1eb05-2cbc-4d6c-9961-53f52b4fd8c1 ] Request (ImagesOneServerTestJSON:setUpClass): 200 GET http://10.180.1.21/compute/v2.1/servers/02188f5d-133f-4d02-b3b4-0f3a4dd919f8 0.157s
2025-02-19 16:15:41.485 62994 INFO tempest.common.waiters [-] State transition "BUILD/networking" ==> "BUILD/spawning" after 37 second wait
2025-02-19 16:15:41.491 63006 INFO tempest.lib.common.rest_client [req-d179d56d-c05a-4608-b7d5-97ce765961d0 req-d179d56d-c05a-4608-b7d5-97ce765961d0 ] Request (AttachVolumeTestJSON:test_attach_detach_volume): 200 GET http://10.180.1.21/volume/v3/volumes/b1a91dea-c54e-429c-834f-91cb32d3bb51 0.184s
2025-02-19 16:15:41.532 62966 INFO tempest.lib.common.rest_client [req-3bb04f3b-9538-48d8-82bf-3aebb67175ed req-3bb04f3b-9538-48d8-82bf-3aebb67175ed ] Request (FloatingIPsAssociationNegativeTestJSON:setUpClass): 200 GET http://10.180.1.21/compute/v2.1/servers/6a118a55-f098-4068-a852-556138ed9cdb 0.108s
2025-02-19 16:15:41.544 62950 INFO tempest.lib.common.rest_client [req-9bb7f7ea-f84a-40ea-bd4f-892e5d769fa4 req-9bb7f7ea-f84a-40ea-bd4f-892e5d769fa4 ] Request (MigrationsAdminTest:test_list_migrations_in_flavor_resize_situation): 200 GET http://10.180.1.21/compute/v2.1/servers/d00a747e-a32f-47cd-b4b6-76402b158f3a 0.188s
2025-02-19 16:15:41.603 62996 INFO tempest.lib.common.rest_client [req-27aa4cb9-cf0f-4fa3-9a3b-d7597cc422d9 req-27aa4cb9-cf0f-4fa3-9a3b-d7597cc422d9 ] Request (ListImageFiltersTestJSON:setUpClass): 200 GET http://10.180.1.21/compute/v2.1/servers/ce37e013-1443-4d3c-a639-ec2d64fddff2 0.129s
2025-02-19 16:15:41.702 63008 INFO tempest.lib.common.rest_client [req-1fbbe8db-e26c-43bb-bbd5-7be09cdf5385 req-1fbbe8db-e26c-43bb-bbd5-7be09cdf5385 ] Request (InstanceActionsTestJSON:test_list_instance_actions): 200 GET http://10.180.1.21/compute/v2.1/servers/1ed66844-ef3b-4812-8552-69e5847ea4cc 0.206s
2025-02-19 16:15:41.710 63008 INFO tempest.common.waiters [-] State transition "HARD_REBOOT/rebooting_hard" ==> "HARD_REBOOT/reboot_started_hard" after 3 second wait
2025-02-19 16:15:41.752 63000 INFO tempest.lib.common.rest_client [req-473c1d5a-b8a0-4ec5-a1ab-587d2dc840df req-473c1d5a-b8a0-4ec5-a1ab-587d2dc840df ] Request (ImagesMetadataTestJSON:test_set_image_metadata): 200 PUT http://10.180.1.21/compute/v2.1/images/36c56f51-f84b-4fc5-be07-cbda10a8243c/metadata 0.324s
2025-02-19 16:15:41.757 62998 INFO tempest.lib.common.rest_client [req-c05662b7-1999-403f-8be3-32231a881e43 req-c05662b7-1999-403f-8be3-32231a881e43 ] Request (DeleteServersAdminTestJSON:test_delete_server_while_in_error_state): 200 GET http://10.180.1.21/compute/v2.1/servers/e4b17550-dce8-4361-9e52-88e6379d0219 0.222s
2025-02-19 16:15:41.804 63012 INFO tempest.lib.common.rest_client [req-fecafe86-ae62-4e0e-8b80-52777e74cc99 req-fecafe86-ae62-4e0e-8b80-52777e74cc99 ] Request (ServerMetadataTestJSON:setUpClass): 200 GET http://10.180.1.21/compute/v2.1/servers/cf144f6d-e13f-4017-8815-49e714350f71 0.219s
2025-02-19 16:15:41.829 63000 INFO tempest.lib.common.rest_client [req-872e2b10-d1b4-4a80-84a5-431a2f34a9bc req-872e2b10-d1b4-4a80-84a5-431a2f34a9bc ] Request (ImagesMetadataTestJSON:test_set_image_metadata): 200 GET http://10.180.1.21/compute/v2.1/images/36c56f51-f84b-4fc5-be07-cbda10a8243c/metadata 0.076s
2025-02-19 16:15:41.834 62952 WARNING tempest.lib.common.ssh [-] Failed to establish authenticated ssh connection to cirros@10.180.180.163 ([Errno None] Unable to connect to port 22 on 10.180.180.163). Number attempts: 6. Retry after 7 seconds.: paramiko.ssh_exception.NoValidConnectionsError: [Errno None] Unable to connect to port 22 on 10.180.180.163
2025-02-19 16:15:41.859 63002 INFO tempest.lib.common.rest_client [req-1b36795f-3b4d-4af5-90aa-a7736783f321 req-1b36795f-3b4d-4af5-90aa-a7736783f321 ] Request (ImagesOneServerNegativeTestJSON:setUpClass): 200 GET http://10.180.1.21/compute/v2.1/servers/dbdc473f-3bed-4a6b-82f7-dbddea594fdb 0.174s
2025-02-19 16:15:41.885 62964 INFO tempest.lib.common.rest_client [req-2e5ae768-fea0-4d86-bc1d-456d77a64cd2 req-2e5ae768-fea0-4d86-bc1d-456d77a64cd2 ] Request (ImagesNegativeTestJSON:test_create_image_from_deleted_server): 200 GET http://10.180.1.21/compute/v2.1/servers/7b8f6860-38b7-45a3-b3a2-e62e726d8d4c 0.119s
2025-02-19 16:15:41.912 62970 INFO tempest.lib.common.rest_client [req-65a9bfe0-20de-4cfa-9b05-5a810053c8f1 req-65a9bfe0-20de-4cfa-9b05-5a810053c8f1 ] Request (ServerActionsTestOtherB:setUpClass): 200 GET http://10.180.1.21/compute/v2.1/servers/3ff447b7-9a02-4f12-8003-b4915cf440a4 0.134s
2025-02-19 16:15:41.943 62968 INFO tempest.lib.common.rest_client [req-88b5b29d-c958-474f-a210-ed56bbbb8831 req-88b5b29d-c958-474f-a210-ed56bbbb8831 ] Request (ServerRescueTestJSON:test_rescue_unrescue_instance): 200 GET http://10.180.1.21/compute/v2.1/servers/2e489091-10ab-4c49-813b-9181de43a09e 0.130s
2025-02-19 16:15:41.996 62974 INFO tempest.lib.common.rest_client [req-d3aecb6e-1744-44ab-890f-2a2a0e74a7c2 req-d3aecb6e-1744-44ab-890f-2a2a0e74a7c2 ] Request (ServersTestFqdnHostnames:test_create_server_with_fqdn_name): 200 GET http://10.180.1.21/compute/v2.1/servers/2a11bdfc-b093-48e5-a464-d2b33dcb1839 0.162s
2025-02-19 16:15:42.017 62960 INFO tempest.lib.common.rest_client [req-e89f33c8-0d8b-4c90-8e19-a4b431b144a7 req-e89f33c8-0d8b-4c90-8e19-a4b431b144a7 ] Request (AttachInterfacesV270Test:tearDownClass): 404 GET http://10.180.1.21/compute/v2.1/servers/c497fc7e-0e7a-4a13-8383-95c664c6538d 0.102s
2025-02-19 16:15:42.079 62972 INFO tempest.lib.common.rest_client [req-e58226e6-69b8-48ba-bef9-e0b201f497e0 req-e58226e6-69b8-48ba-bef9-e0b201f497e0 ] Request (AttachInterfacesUnderV243Test:test_add_remove_fixed_ip): 200 GET http://10.180.1.21/compute/v2.1/servers/f2b6ee32-9ab2-4a4a-a428-80a06b000dc7 0.163s
2025-02-19 16:15:42.137 63000 INFO tempest.lib.common.rest_client [req-2c4b2f93-f340-4eb9-a4f1-afc091622107 req-2c4b2f93-f340-4eb9-a4f1-afc091622107 ] Request (ImagesMetadataTestJSON:setUp): 200 PUT http://10.180.1.21/compute/v2.1/images/36c56f51-f84b-4fc5-be07-cbda10a8243c/metadata 0.305s
2025-02-19 16:15:42.143 62990 INFO tempest.lib.common.rest_client [req-2b797396-3ca3-4a6c-a561-32b1930e8c62 req-2b797396-3ca3-4a6c-a561-32b1930e8c62 ] Request (ServerShowV257Test:test_rebuild_server): 200 GET http://10.180.1.21/compute/v2.1/servers/ead0e84f-e3ba-472d-9307-03b0b925f391 0.172s
2025-02-19 16:15:42.222 62986 INFO tempest.lib.common.rest_client [req-c74e72bc-c5fb-40a3-991b-77ecb793ac68 req-c74e72bc-c5fb-40a3-991b-77ecb793ac68 ] Request (ServerDiagnosticsV248Test:tearDownClass): 200 GET http://10.180.1.21/compute/v2.1/servers/308196fc-c178-402d-b669-c01a18c93221 0.239s
2025-02-19 16:15:42.265 62984 INFO tempest.lib.common.rest_client [req-251fe67e-0a31-443e-abec-fdaf859cb99e req-251fe67e-0a31-443e-abec-fdaf859cb99e ] Request (TenantUsagesTestJSON:setUpClass): 200 GET http://10.180.1.21/compute/v2.1/servers/21b5fd37-f3cd-4e97-ac63-bb3b96c52b4b 0.166s
2025-02-19 16:15:42.414 63000 INFO tempest.lib.common.rest_client [req-1f67b82e-f369-4d73-a1c4-00b173b2c9de req-1f67b82e-f369-4d73-a1c4-00b173b2c9de ] Request (ImagesMetadataTestJSON:test_set_image_metadata_item): 200 PUT http://10.180.1.21/compute/v2.1/images/36c56f51-f84b-4fc5-be07-cbda10a8243c/metadata/os_version 0.276s
2025-02-19 16:15:42.481 62954 INFO tempest.lib.common.rest_client [req-ab0050ac-074a-44fd-b80f-94670e6c21b7 req-ab0050ac-074a-44fd-b80f-94670e6c21b7 ] Request (ServerDiagnosticsNegativeTest:tearDownClass): 200 GET http://10.180.1.21/compute/v2.1/servers/ff80e626-b62c-4d87-bbd0-937cd0126a24 0.319s
2025-02-19 16:15:42.522 62982 INFO tempest.lib.common.rest_client [req-ff2e41af-756e-488a-9a26-95131cff9def req-ff2e41af-756e-488a-9a26-95131cff9def ] Request (ServerDiskConfigTestJSON:test_rebuild_server_with_manual_disk_config): 200 GET http://10.180.1.21/compute/v2.1/servers/830c95e0-cfef-4940-86d7-3db3bf81d219 0.373s
2025-02-19 16:15:42.531 63006 INFO tempest.lib.common.rest_client [req-d2d78afd-c9f5-4bdd-95cd-a6583176a152 req-d2d78afd-c9f5-4bdd-95cd-a6583176a152 ] Request (AttachVolumeTestJSON:test_attach_detach_volume): 200 GET http://10.180.1.21/volume/v3/volumes/b1a91dea-c54e-429c-834f-91cb32d3bb51 0.031s
2025-02-19 16:15:42.536 62992 INFO tempest.lib.common.rest_client [req-3850b5a6-39be-4967-a137-d57b4e6d0f74 req-3850b5a6-39be-4967-a137-d57b4e6d0f74 ] Request (ServerMetadataNegativeTestJSON:setUpClass): 200 GET http://10.180.1.21/compute/v2.1/servers/b81dc60c-f0a2-4243-80d8-21c014cdc311 0.318s
2025-02-19 16:15:42.539 63006 INFO tempest.common.waiters [-] volume b1a91dea-c54e-429c-834f-91cb32d3bb51 reached available after waiting for 1.539299 seconds
2025-02-19 16:15:42.584 62981 INFO tempest.lib.common.rest_client [req-c8116bc3-04f9-4857-816d-f3e640eff2ef req-c8116bc3-04f9-4857-816d-f3e640eff2ef ] Request (ServersAdmin275Test:_run_cleanups): 200 GET http://10.180.1.21/compute/v2.1/servers/c1e17e07-ebe4-4271-9af9-e1f28786749a 0.355s
2025-02-19 16:15:42.606 62988 INFO tempest.lib.common.rest_client [req-a496b2a3-a415-46ed-82eb-0077d8f2b3a0 req-a496b2a3-a415-46ed-82eb-0077d8f2b3a0 ] Request (ImagesTestJSON:test_create_image_from_suspended_server): 200 GET http://10.180.1.21/compute/v2.1/servers/5bf389b8-44b8-4e04-bd94-848e4cdfd77f 0.329s
2025-02-19 16:15:42.643 62958 INFO tempest.lib.common.rest_client [req-f0b422d3-18b2-43b4-94c8-d0695936bd07 req-f0b422d3-18b2-43b4-94c8-d0695936bd07 ] Request (ServersAdminNegativeTestJSON:setUpClass): 200 GET http://10.180.1.21/compute/v2.1/servers/569c9c5c-9ece-45a4-95f0-b52f6eb3e10b 0.345s
2025-02-19 16:15:42.670 63010 INFO tempest.lib.common.rest_client [req-d05a3c3a-01be-43b0-89af-bb7a3e8e378e req-d05a3c3a-01be-43b0-89af-bb7a3e8e378e ] Request (ServersTestMultiNic:test_verify_duplicate_network_nics): 200 GET http://10.180.1.21/compute/v2.1/servers/6ce3d9e0-074b-4dbd-a70f-c83e1e1280af 0.342s
2025-02-19 16:15:42.703 63000 INFO tempest.lib.common.rest_client [req-6ed95858-c78d-485e-b040-23f41033a505 req-6ed95858-c78d-485e-b040-23f41033a505 ] Request (ImagesMetadataTestJSON:test_set_image_metadata_item): 200 GET http://10.180.1.21/compute/v2.1/images/36c56f51-f84b-4fc5-be07-cbda10a8243c/metadata 0.288s
2025-02-19 16:15:42.800 62994 INFO tempest.lib.common.rest_client [req-e31b7dcb-144c-498d-923d-2023dc8b3a4e req-e31b7dcb-144c-498d-923d-2023dc8b3a4e ] Request (ImagesOneServerTestJSON:setUpClass): 200 GET http://10.180.1.21/compute/v2.1/servers/02188f5d-133f-4d02-b3b4-0f3a4dd919f8 0.314s
2025-02-19 16:15:42.855 62966 INFO tempest.lib.common.rest_client [req-4a80c1ed-c0a7-469f-990c-7459adddcc95 req-4a80c1ed-c0a7-469f-990c-7459adddcc95 ] Request (FloatingIPsAssociationNegativeTestJSON:setUpClass): 200 GET http://10.180.1.21/compute/v2.1/servers/6a118a55-f098-4068-a852-556138ed9cdb 0.313s
2025-02-19 16:15:42.867 62960 INFO tempest.lib.common.rest_client [req-43cdde63-5ca0-4a2f-97fb-ee470845480c req-43cdde63-5ca0-4a2f-97fb-ee470845480c ] Request (AttachInterfacesV270Test:tearDownClass): 200 PUT http://10.180.1.21:9696/networking/v2.0/routers/d1e1f29b-e6b8-47c0-9ff0-39f4372f6bed/remove_router_interface 0.849s
2025-02-19 16:15:42.959 62950 INFO tempest.lib.common.rest_client [req-a59f3e9b-dab0-4677-b1da-2565b9a79a94 req-a59f3e9b-dab0-4677-b1da-2565b9a79a94 ] Request (MigrationsAdminTest:test_list_migrations_in_flavor_resize_situation): 200 GET http://10.180.1.21/compute/v2.1/servers/d00a747e-a32f-47cd-b4b6-76402b158f3a 0.408s
2025-02-19 16:15:43.011 62996 INFO tempest.lib.common.rest_client [req-42b6176e-a75c-46c6-a5d7-946fe443250a req-42b6176e-a75c-46c6-a5d7-946fe443250a ] Request (ListImageFiltersTestJSON:setUpClass): 200 GET http://10.180.1.21/compute/v2.1/servers/ce37e013-1443-4d3c-a639-ec2d64fddff2 0.400s
2025-02-19 16:15:43.225 63000 INFO tempest.lib.common.rest_client [req-ace65693-c9af-4bb9-a1ac-73ec5170a592 req-ace65693-c9af-4bb9-a1ac-73ec5170a592 ] Request (ImagesMetadataTestJSON:setUp): 200 PUT http://10.180.1.21/compute/v2.1/images/36c56f51-f84b-4fc5-be07-cbda10a8243c/metadata 0.521s
2025-02-19 16:15:43.375 63008 INFO tempest.lib.common.rest_client [req-3420f679-e201-4aa6-8182-2a1dd36e82f8 req-3420f679-e201-4aa6-8182-2a1dd36e82f8 ] Request (InstanceActionsTestJSON:test_list_instance_actions): 200 GET http://10.180.1.21/compute/v2.1/servers/1ed66844-ef3b-4812-8552-69e5847ea4cc 0.664s
2025-02-19 16:15:43.383 63008 INFO tempest.common.waiters [-] State transition "HARD_REBOOT/reboot_started_hard" ==> "ACTIVE/None" after 5 second wait
2025-02-19 16:15:43.450 62998 INFO tempest.lib.common.rest_client [req-be31292d-7bef-4dbb-a9ca-6558cdcc0c8f req-be31292d-7bef-4dbb-a9ca-6558cdcc0c8f ] Request (DeleteServersAdminTestJSON:test_delete_server_while_in_error_state): 200 GET http://10.180.1.21/compute/v2.1/servers/e4b17550-dce8-4361-9e52-88e6379d0219 0.685s
2025-02-19 16:15:43.458 62960 INFO tempest.lib.common.rest_client [req-6bb392c6-bd30-47cc-94ad-9f066f369bf1 req-6bb392c6-bd30-47cc-94ad-9f066f369bf1 ] Request (AttachInterfacesV270Test:tearDownClass): 204 DELETE http://10.180.1.21:9696/networking/v2.0/routers/d1e1f29b-e6b8-47c0-9ff0-39f4372f6bed 0.590s
2025-02-19 16:15:43.527 63012 INFO tempest.lib.common.rest_client [req-eb647f12-b6a0-4f11-8263-dc48e2090751 req-eb647f12-b6a0-4f11-8263-dc48e2090751 ] Request (ServerMetadataTestJSON:setUpClass): 200 GET http://10.180.1.21/compute/v2.1/servers/cf144f6d-e13f-4017-8815-49e714350f71 0.716s
2025-02-19 16:15:43.669 63002 INFO tempest.lib.common.rest_client [req-989e5faa-8275-4ffa-907d-edae4815d076 req-989e5faa-8275-4ffa-907d-edae4815d076 ] Request (ImagesOneServerNegativeTestJSON:setUpClass): 200 GET http://10.180.1.21/compute/v2.1/servers/dbdc473f-3bed-4a6b-82f7-dbddea594fdb 0.801s
2025-02-19 16:15:43.696 62960 INFO tempest.lib.common.rest_client [req-b15f8cbd-bc0f-417f-ba13-a0f502f02ea4 req-b15f8cbd-bc0f-417f-ba13-a0f502f02ea4 ] Request (AttachInterfacesV270Test:tearDownClass): 204 DELETE http://10.180.1.21:9696/networking/v2.0/subnets/35cf2d3b-09ab-42fb-9110-bcc70019d7f4 0.237s
2025-02-19 16:15:43.748 62964 INFO tempest.lib.common.rest_client [req-7fac0a3b-2fbe-4fe8-9ddd-53b43957004b req-7fac0a3b-2fbe-4fe8-9ddd-53b43957004b ] Request (ImagesNegativeTestJSON:test_create_image_from_deleted_server): 200 GET http://10.180.1.21/compute/v2.1/servers/7b8f6860-38b7-45a3-b3a2-e62e726d8d4c 0.853s
2025-02-19 16:15:43.808 62970 INFO tempest.lib.common.rest_client [req-30fce552-14cc-41d5-b76b-e71781c813dc req-30fce552-14cc-41d5-b76b-e71781c813dc ] Request (ServerActionsTestOtherB:setUpClass): 200 GET http://10.180.1.21/compute/v2.1/servers/3ff447b7-9a02-4f12-8003-b4915cf440a4 0.883s
2025-02-19 16:15:43.859 62968 INFO tempest.lib.common.rest_client [req-d3a5907e-badd-47cf-b3c8-d877d121aac8 req-d3a5907e-badd-47cf-b3c8-d877d121aac8 ] Request (ServerRescueTestJSON:test_rescue_unrescue_instance): 200 GET http://10.180.1.21/compute/v2.1/servers/2e489091-10ab-4c49-813b-9181de43a09e 0.909s
2025-02-19 16:15:43.904 62974 INFO tempest.lib.common.rest_client [req-e770e219-8947-4fc9-aade-7a80c34bc05e req-e770e219-8947-4fc9-aade-7a80c34bc05e ] Request (ServersTestFqdnHostnames:test_create_server_with_fqdn_name): 200 GET http://10.180.1.21/compute/v2.1/servers/2a11bdfc-b093-48e5-a464-d2b33dcb1839 0.899s
2025-02-19 16:15:43.947 62976 WARNING tempest.lib.common.ssh [-] Failed to establish authenticated ssh connection to cirros@10.180.180.210 ([Errno None] Unable to connect to port 22 on 10.180.180.210). Number attempts: 2. Retry after 3 seconds.: paramiko.ssh_exception.NoValidConnectionsError: [Errno None] Unable to connect to port 22 on 10.180.180.210
2025-02-19 16:15:43.951 62972 INFO tempest.lib.common.rest_client [req-814a4809-2901-4ed0-8e4f-f80019a6372f req-814a4809-2901-4ed0-8e4f-f80019a6372f ] Request (AttachInterfacesUnderV243Test:test_add_remove_fixed_ip): 200 GET http://10.180.1.21/compute/v2.1/servers/f2b6ee32-9ab2-4a4a-a428-80a06b000dc7 0.862s
2025-02-19 16:15:43.990 62960 INFO tempest.lib.common.rest_client [req-4e329525-f9ff-499b-97a0-8621d64e096a req-4e329525-f9ff-499b-97a0-8621d64e096a ] Request (AttachInterfacesV270Test:tearDownClass): 204 DELETE http://10.180.1.21:9696/networking/v2.0/networks/941e2c5b-971f-4dd8-a8ae-0a0f03072666 0.294s
2025-02-19 16:15:44.001 62990 INFO tempest.lib.common.rest_client [req-51be6559-7c6e-4e86-b6d5-2142d7deeaac req-51be6559-7c6e-4e86-b6d5-2142d7deeaac ] Request (ServerShowV257Test:test_rebuild_server): 200 GET http://10.180.1.21/compute/v2.1/servers/ead0e84f-e3ba-472d-9307-03b0b925f391 0.847s
2025-02-19 16:15:44.089 62960 INFO tempest.lib.common.rest_client [req-bb662935-1747-4355-925d-23773df82b78 req-bb662935-1747-4355-925d-23773df82b78 ] Request (AttachInterfacesV270Test:tearDownClass): 204 DELETE http://10.180.1.21/identity/v3/users/d0b6b76fdfba4d6ead2f8f08fae5ff33 0.098s
2025-02-19 16:15:44.090 62960 INFO tempest.lib.common.dynamic_creds [-] Deleting project and security group for project: 5192f005700245d88ade4dd3135cedb2
2025-02-19 16:15:44.118 62960 INFO tempest.lib.common.rest_client [req-c2ce851f-ac13-4b34-aefe-db6cc3672ed1 req-c2ce851f-ac13-4b34-aefe-db6cc3672ed1 ] Request (AttachInterfacesV270Test:tearDownClass): 200 GET http://10.180.1.21:9696/networking/v2.0/security-groups?tenant_id=5192f005700245d88ade4dd3135cedb2&name=default 0.028s
2025-02-19 16:15:44.184 62960 INFO tempest.lib.common.rest_client [req-6dc04216-83cd-413e-bbf5-85185dcb732e req-6dc04216-83cd-413e-bbf5-85185dcb732e ] Request (AttachInterfacesV270Test:tearDownClass): 204 DELETE http://10.180.1.21:9696/networking/v2.0/security-groups/cebe780a-8cb8-4450-8508-349823be5351 0.065s
2025-02-19 16:15:44.200 63000 INFO tempest.lib.common.rest_client [req-54b54ee9-a830-4649-9448-cea323f1e637 req-54b54ee9-a830-4649-9448-cea323f1e637 ] Request (ImagesMetadataTestJSON:test_update_image_metadata): 200 POST http://10.180.1.21/compute/v2.1/images/36c56f51-f84b-4fc5-be07-cbda10a8243c/metadata 0.974s
2025-02-19 16:15:44.267 62960 INFO tempest.lib.common.rest_client [req-9ca51054-19e8-42ec-be33-6542b502ce33 req-9ca51054-19e8-42ec-be33-6542b502ce33 ] Request (AttachInterfacesV270Test:tearDownClass): 204 DELETE http://10.180.1.21/identity/v3/projects/5192f005700245d88ade4dd3135cedb2 0.083s
2025-02-19 16:15:44.268 62986 INFO tempest.lib.common.rest_client [req-e31ee6d2-da6e-47ac-b164-af1ee645a028 req-e31ee6d2-da6e-47ac-b164-af1ee645a028 ] Request (ServerDiagnosticsV248Test:tearDownClass): 200 GET http://10.180.1.21/compute/v2.1/servers/308196fc-c178-402d-b669-c01a18c93221 1.036s
2025-02-19 16:15:44.332 62960 INFO tempest.lib.common.rest_client [req-0a0cbfaa-71ba-4149-b582-dada8a258ae9 req-0a0cbfaa-71ba-4149-b582-dada8a258ae9 ] Request (InstanceActionsNegativeTestJSON:setUpClass): 201 POST http://10.180.1.21/identity/v3/auth/tokens 0.063s
2025-02-19 16:15:44.358 62960 INFO tempest.lib.common.rest_client [req-a26478ee-b641-46f7-a6c6-aaf8c21238c8 req-a26478ee-b641-46f7-a6c6-aaf8c21238c8 ] Request (InstanceActionsNegativeTestJSON:setUpClass): 201 POST http://10.180.1.21/identity/v3/auth/tokens 0.024s
2025-02-19 16:15:44.376 63006 INFO tempest.lib.common.rest_client [req-04e31b5c-52df-44cb-bc90-41bd6e5fa907 req-04e31b5c-52df-44cb-bc90-41bd6e5fa907 ] Request (AttachVolumeTestJSON:test_attach_detach_volume): 200 POST http://10.180.1.21/compute/v2.1/servers/7f563c4b-274b-4324-b04e-0b75488d0290/os-volume_attachments 1.836s
2025-02-19 16:15:44.383 62960 INFO tempest.lib.common.rest_client [req-c9539b3e-9d6c-494e-974a-1ee40f9f394b req-c9539b3e-9d6c-494e-974a-1ee40f9f394b ] Request (InstanceActionsNegativeTestJSON:setUpClass): 200 GET http://10.180.1.21/identity/v3/domains?name=Default 0.025s
2025-02-19 16:15:44.398 62984 INFO tempest.lib.common.rest_client [req-82290ec3-fd53-473c-b069-6ff1d656ce69 req-82290ec3-fd53-473c-b069-6ff1d656ce69 ] Request (TenantUsagesTestJSON:setUpClass): 200 GET http://10.180.1.21/compute/v2.1/servers/21b5fd37-f3cd-4e97-ac63-bb3b96c52b4b 1.124s
2025-02-19 16:15:44.405 62984 INFO tempest.common.waiters [-] State transition "BUILD/spawning" ==> "ACTIVE/None" after 46 second wait
2025-02-19 16:15:44.407 63006 INFO tempest.lib.common.rest_client [req-9dd110cc-c99e-490d-8f73-225a4172cc1b req-9dd110cc-c99e-490d-8f73-225a4172cc1b ] Request (AttachVolumeTestJSON:test_attach_detach_volume): 200 GET http://10.180.1.21/volume/v3/volumes/b1a91dea-c54e-429c-834f-91cb32d3bb51 0.030s
2025-02-19 16:15:44.409 63008 INFO tempest.lib.common.rest_client [req-d09deb7d-3900-4625-ba3f-13a00bcfc5d7 req-d09deb7d-3900-4625-ba3f-13a00bcfc5d7 ] Request (InstanceActionsTestJSON:test_list_instance_actions): 200 GET http://10.180.1.21/compute/v2.1/servers/1ed66844-ef3b-4812-8552-69e5847ea4cc/os-instance-actions 1.025s
2025-02-19 16:15:44.409 62960 INFO tempest.lib.common.rest_client [req-3b5b6b4f-c553-4c2a-87da-c11f3a7a969c req-3b5b6b4f-c553-4c2a-87da-c11f3a7a969c ] Request (InstanceActionsNegativeTestJSON:setUpClass): 201 POST http://10.180.1.21/identity/v3/projects 0.025s
2025-02-19 16:15:44.464 62954 INFO tempest.lib.common.rest_client [req-39b574d1-80db-4900-89f5-3a6a4b22f5c1 req-39b574d1-80db-4900-89f5-3a6a4b22f5c1 ] Request (ServerDiagnosticsNegativeTest:tearDownClass): 200 GET http://10.180.1.21/compute/v2.1/servers/ff80e626-b62c-4d87-bbd0-937cd0126a24 0.971s
2025-02-19 16:15:44.465 62982 INFO tempest.lib.common.rest_client [req-8bfaac61-6522-4568-8e07-21f292b58cb7 req-8bfaac61-6522-4568-8e07-21f292b58cb7 ] Request (ServerDiskConfigTestJSON:test_rebuild_server_with_manual_disk_config): 200 GET http://10.180.1.21/compute/v2.1/servers/830c95e0-cfef-4940-86d7-3db3bf81d219 0.935s
2025-02-19 16:15:44.476 62960 INFO tempest.lib.common.rest_client [req-a91f5680-9d03-4ed6-8aa4-7b2ec452ceb3 req-a91f5680-9d03-4ed6-8aa4-7b2ec452ceb3 ] Request (InstanceActionsNegativeTestJSON:setUpClass): 201 POST http://10.180.1.21/identity/v3/users 0.066s
2025-02-19 16:15:44.495 62960 INFO tempest.lib.common.rest_client [req-3a2326a6-949c-49e2-8f9c-b9b8428687e9 req-3a2326a6-949c-49e2-8f9c-b9b8428687e9 ] Request (InstanceActionsNegativeTestJSON:setUpClass): 200 GET http://10.180.1.21/identity/v3/roles 0.019s
2025-02-19 16:15:44.515 62992 INFO tempest.lib.common.rest_client [req-027eaed7-65fa-4899-b900-789baaf025ff req-027eaed7-65fa-4899-b900-789baaf025ff ] Request (ServerMetadataNegativeTestJSON:setUpClass): 200 GET http://10.180.1.21/compute/v2.1/servers/b81dc60c-f0a2-4243-80d8-21c014cdc311 0.971s
2025-02-19 16:15:44.523 62960 INFO tempest.lib.common.rest_client [req-9db11c2e-e374-4cc4-a2d3-9504dae4f4b0 req-9db11c2e-e374-4cc4-a2d3-9504dae4f4b0 ] Request (InstanceActionsNegativeTestJSON:setUpClass): 204 PUT http://10.180.1.21/identity/v3/projects/976df5422ec041928d3b50f8cfa630b7/users/5ef125d8ae1149c5b3a327e76c8a99ca/roles/159fde66d6934f09b7586cb9ae2345d6 0.028s
2025-02-19 16:15:44.523 62960 INFO tempest.lib.common.dynamic_creds [-] Dynamic test user 5ef125d8ae1149c5b3a327e76c8a99ca is created with scope project and roles: ['member']
2025-02-19 16:15:44.524 62960 INFO tempest.lib.common.dynamic_creds [-] Acquired dynamic creds: credentials: Credentials: {'domain_id': 'default', 'domain_name': 'Default', 'username': 'tempest-InstanceActionsNegativeTestJSON-1423801471-project-member', 'project_domain_id': 'default', 'project_domain_name': 'Default', 'project_id': '976df5422ec041928d3b50f8cfa630b7', 'project_name': 'tempest-InstanceActionsNegativeTestJSON-1423801471', 'tenant_id': '976df5422ec041928d3b50f8cfa630b7', 'tenant_name': 'tempest-InstanceActionsNegativeTestJSON-1423801471', 'user_domain_id': 'default', 'user_domain_name': 'Default', 'user_id': '5ef125d8ae1149c5b3a327e76c8a99ca', 'system': None}, Network: None, Subnet: None, Router: None
2025-02-19 16:15:44.525 62981 INFO tempest.lib.common.rest_client [req-c3dad759-96e2-430e-95c7-1280022fd3c7 req-c3dad759-96e2-430e-95c7-1280022fd3c7 ] Request (ServersAdmin275Test:_run_cleanups): 200 GET http://10.180.1.21/compute/v2.1/servers/c1e17e07-ebe4-4271-9af9-e1f28786749a 0.925s
2025-02-19 16:15:44.560 62988 INFO tempest.lib.common.rest_client [req-ad268934-9449-460b-b17b-2be5e4584e21 req-ad268934-9449-460b-b17b-2be5e4584e21 ] Request (ImagesTestJSON:test_create_image_from_suspended_server): 200 GET http://10.180.1.21/compute/v2.1/servers/5bf389b8-44b8-4e04-bd94-848e4cdfd77f 0.946s
2025-02-19 16:15:44.572 62958 INFO tempest.lib.common.rest_client [req-1eed9b40-6045-40f1-8b64-d7337e23323b req-1eed9b40-6045-40f1-8b64-d7337e23323b ] Request (ServersAdminNegativeTestJSON:setUpClass): 200 GET http://10.180.1.21/compute/v2.1/servers/569c9c5c-9ece-45a4-95f0-b52f6eb3e10b 0.910s
2025-02-19 16:15:44.578 62960 INFO tempest.lib.common.rest_client [req-5dd67c61-956a-4cbe-96bf-5fe8098ab48e req-5dd67c61-956a-4cbe-96bf-5fe8098ab48e ] Request (InstanceActionsNegativeTestJSON:setUpClass): 201 POST http://10.180.1.21/identity/v3/auth/tokens 0.054s
2025-02-19 16:15:44.614 63010 INFO tempest.lib.common.rest_client [req-39cb90f6-03f2-49f4-9b9b-2be026c2f11e req-39cb90f6-03f2-49f4-9b9b-2be026c2f11e ] Request (ServersTestMultiNic:test_verify_duplicate_network_nics): 200 GET http://10.180.1.21/compute/v2.1/servers/6ce3d9e0-074b-4dbd-a70f-c83e1e1280af 0.929s
2025-02-19 16:15:44.671 62966 INFO tempest.lib.common.rest_client [req-0a724295-53ae-4a52-be13-27dbe4a61bad req-0a724295-53ae-4a52-be13-27dbe4a61bad ] Request (FloatingIPsAssociationNegativeTestJSON:setUpClass): 200 GET http://10.180.1.21/compute/v2.1/servers/6a118a55-f098-4068-a852-556138ed9cdb 0.805s
2025-02-19 16:15:44.696 62994 INFO tempest.lib.common.rest_client [req-748bb873-41f0-40b9-b6bd-763ced2e0ec3 req-748bb873-41f0-40b9-b6bd-763ced2e0ec3 ] Request (ImagesOneServerTestJSON:setUpClass): 200 GET http://10.180.1.21/compute/v2.1/servers/02188f5d-133f-4d02-b3b4-0f3a4dd919f8 0.888s
2025-02-19 16:15:44.775 62996 INFO tempest.lib.common.rest_client [req-7b8e8aa1-1aa2-4f5a-ace3-f68dee1c3e75 req-7b8e8aa1-1aa2-4f5a-ace3-f68dee1c3e75 ] Request (ListImageFiltersTestJSON:setUpClass): 200 GET http://10.180.1.21/compute/v2.1/servers/ce37e013-1443-4d3c-a639-ec2d64fddff2 0.749s
2025-02-19 16:15:44.813 63000 INFO tempest.lib.common.rest_client [req-d28ea013-a12f-4527-91db-c7e088705736 req-d28ea013-a12f-4527-91db-c7e088705736 ] Request (ImagesMetadataTestJSON:test_update_image_metadata): 200 GET http://10.180.1.21/compute/v2.1/images/36c56f51-f84b-4fc5-be07-cbda10a8243c/metadata 0.612s
2025-02-19 16:15:44.821 62950 INFO tempest.lib.common.rest_client [req-21bbd787-b033-4a73-979d-8496eebb6a0e req-21bbd787-b033-4a73-979d-8496eebb6a0e ] Request (MigrationsAdminTest:test_list_migrations_in_flavor_resize_situation): 200 GET http://10.180.1.21/compute/v2.1/servers/d00a747e-a32f-47cd-b4b6-76402b158f3a 0.854s
