2025-02-19 16:15:07.204 63012 INFO tempest.lib.common.rest_client [req-feca2af0-abc5-4be4-8439-de7cd189e2a9 req-feca2af0-abc5-4be4-8439-de7cd189e2a9 ] Request (ServerMetadataTestJSON:setUpClass): 200 GET http://10.180.1.21/identity/v3/roles 0.026s
2025-02-19 16:15:07.215 62966 INFO tempest.lib.common.rest_client [req-6fedd1cd-7714-4048-b277-5e2bb565150a req-6fedd1cd-7714-4048-b277-5e2bb565150a ] Request (FloatingIPsAssociationNegativeTestJSON:setUpClass): 201 POST http://10.180.1.21/identity/v3/projects 0.026s
2025-02-19 16:15:07.237 63012 INFO tempest.lib.common.rest_client [req-4b705443-8245-4da4-91c1-ea576d0f2d24 req-4b705443-8245-4da4-91c1-ea576d0f2d24 ] Request (ServerMetadataTestJSON:setUpClass): 204 PUT http://10.180.1.21/identity/v3/projects/11e02edbe4ce45d3abe1d2558c2e5b42/users/90699269009c4e9082def673f2e45d7e/roles/159fde66d6934f09b7586cb9ae2345d6 0.032s
2025-02-19 16:15:07.237 63012 INFO tempest.lib.common.dynamic_creds [-] Dynamic test user 90699269009c4e9082def673f2e45d7e is created with scope project and roles: ['member']
2025-02-19 16:15:07.237 63012 INFO tempest.lib.common.dynamic_creds [-] Acquired dynamic creds: credentials: Credentials: {'domain_id': 'default', 'domain_name': 'Default', 'username': 'tempest-ServerMetadataTestJSON-342448460-project-member', 'project_domain_id': 'default', 'project_domain_name': 'Default', 'project_id': '11e02edbe4ce45d3abe1d2558c2e5b42', 'project_name': 'tempest-ServerMetadataTestJSON-342448460', 'tenant_id': '11e02edbe4ce45d3abe1d2558c2e5b42', 'tenant_name': 'tempest-ServerMetadataTestJSON-342448460', 'user_domain_id': 'default', 'user_domain_name': 'Default', 'user_id': '90699269009c4e9082def673f2e45d7e', 'system': None}, Network: None, Subnet: None, Router: None
2025-02-19 16:15:07.297 62982 INFO tempest.lib.common.rest_client [req-52c86db1-b62f-4e06-bf66-8c17b6a72bf3 req-52c86db1-b62f-4e06-bf66-8c17b6a72bf3 ] Request (ServerDiskConfigTestJSON:test_rebuild_server_with_auto_disk_config): 200 GET http://10.180.1.21/compute/v2.1/servers/38f94b87-e642-4875-a44d-89982bf30ace 1.437s
2025-02-19 16:15:07.307 63012 INFO tempest.lib.common.rest_client [req-01a2d8e5-fcf0-4da1-a933-ca7857b2be75 req-01a2d8e5-fcf0-4da1-a933-ca7857b2be75 ] Request (ServerMetadataTestJSON:setUpClass): 201 POST http://10.180.1.21/identity/v3/auth/tokens 0.070s
2025-02-19 16:15:07.326 62966 INFO tempest.lib.common.rest_client [req-9f5ea6ec-05be-4e56-afa5-6d32d082fb1d req-9f5ea6ec-05be-4e56-afa5-6d32d082fb1d ] Request (FloatingIPsAssociationNegativeTestJSON:setUpClass): 201 POST http://10.180.1.21/identity/v3/users 0.110s
2025-02-19 16:15:07.333 62996 INFO tempest.lib.common.rest_client [req-668d879a-7507-460a-b2b5-0ba034048f06 req-668d879a-7507-460a-b2b5-0ba034048f06 ] Request (FloatingIPsTestJSON:test_delete_floating_ip): 404 GET http://10.180.1.21/compute/v2.1/os-floating-ips/3c86e3b6-afe0-41f5-83e9-99ae217587eb 1.384s
2025-02-19 16:15:07.335 62974 INFO tempest.lib.common.rest_client [req-723d7c33-6354-4153-b218-8f2c3a28a481 req-723d7c33-6354-4153-b218-8f2c3a28a481 ] Request (SecurityGroupsNegativeTestJSON:setUpClass): 201 POST http://10.180.1.21:9696/networking/v2.0/networks 0.582s
2025-02-19 16:15:07.355 62966 INFO tempest.lib.common.rest_client [req-9ca43761-9551-426b-a68a-044f2364a7f8 req-9ca43761-9551-426b-a68a-044f2364a7f8 ] Request (FloatingIPsAssociationNegativeTestJSON:setUpClass): 200 GET http://10.180.1.21/identity/v3/roles 0.028s
2025-02-19 16:15:07.393 62966 INFO tempest.lib.common.rest_client [req-e641e00d-b171-456e-a6fd-7cce7740a8fe req-e641e00d-b171-456e-a6fd-7cce7740a8fe ] Request (FloatingIPsAssociationNegativeTestJSON:setUpClass): 204 PUT http://10.180.1.21/identity/v3/projects/0e5939bbd65b43e3bcdf7428b14784e0/users/e10f358204d84f689ef0373f8ea694e7/roles/159fde66d6934f09b7586cb9ae2345d6 0.038s
2025-02-19 16:15:07.393 62966 INFO tempest.lib.common.dynamic_creds [-] Dynamic test user e10f358204d84f689ef0373f8ea694e7 is created with scope project and roles: ['member']
2025-02-19 16:15:07.394 62966 INFO tempest.lib.common.dynamic_creds [-] Acquired dynamic creds: credentials: Credentials: {'domain_id': 'default', 'domain_name': 'Default', 'username': 'tempest-FloatingIPsAssociationNegativeTestJSON-307585322-project-member', 'project_domain_id': 'default', 'project_domain_name': 'Default', 'project_id': '0e5939bbd65b43e3bcdf7428b14784e0', 'project_name': 'tempest-FloatingIPsAssociationNegativeTestJSON-307585322', 'tenant_id': '0e5939bbd65b43e3bcdf7428b14784e0', 'tenant_name': 'tempest-FloatingIPsAssociationNegativeTestJSON-307585322', 'user_domain_id': 'default', 'user_domain_name': 'Default', 'user_id': 'e10f358204d84f689ef0373f8ea694e7', 'system': None}, Network: None, Subnet: None, Router: None
2025-02-19 16:15:07.450 62966 INFO tempest.lib.common.rest_client [req-a9f441a5-4658-4372-a469-058c89ce9227 req-a9f441a5-4658-4372-a469-058c89ce9227 ] Request (FloatingIPsAssociationNegativeTestJSON:setUpClass): 201 POST http://10.180.1.21/identity/v3/auth/tokens 0.056s
2025-02-19 16:15:07.499 63006 INFO tempest.lib.common.rest_client [req-9c39f814-3ece-4c3d-9f55-5a488fbc422d req-9c39f814-3ece-4c3d-9f55-5a488fbc422d ] Request (AttachVolumeTestJSON:test_attach_detach_volume): 200 GET http://10.180.1.21/compute/v2.1/servers/7f563c4b-274b-4324-b04e-0b75488d0290 1.491s
2025-02-19 16:15:07.527 63012 INFO tempest.lib.common.rest_client [req-d97a12f9-544e-4e80-957b-57d24555ed95 req-d97a12f9-544e-4e80-957b-57d24555ed95 ] Request (ServerMetadataTestJSON:setUpClass): 201 POST http://10.180.1.21:9696/networking/v2.0/networks 0.219s
2025-02-19 16:15:07.574 63002 INFO tempest.lib.common.rest_client [req-c34d7032-1847-4b93-a778-574beddd11b2 req-c34d7032-1847-4b93-a778-574beddd11b2 ] Request (ImagesOneServerNegativeTestJSON:setUpClass): 200 GET http://10.180.1.21/compute/v2.1/servers/dbdc473f-3bed-4a6b-82f7-dbddea594fdb 1.458s
2025-02-19 16:15:07.598 62974 INFO tempest.lib.common.rest_client [req-1e55f412-7e92-4837-aaa9-2739d915ea8b req-1e55f412-7e92-4837-aaa9-2739d915ea8b ] Request (SecurityGroupsNegativeTestJSON:setUpClass): 201 POST http://10.180.1.21:9696/networking/v2.0/subnets 0.261s
2025-02-19 16:15:07.760 62956 INFO tempest.lib.common.rest_client [req-45c5a631-4d59-4e7c-8a34-93e12396224e req-45c5a631-4d59-4e7c-8a34-93e12396224e ] Request (VolumesAdminNegativeTest:test_update_attached_volume_with_nonexistent_volume_in_body): 200 GET http://10.180.1.21/compute/v2.1/servers/99494742-9f6f-404c-bcb2-be74f0f36b4e 1.630s
2025-02-19 16:15:07.782 62972 INFO tempest.lib.common.rest_client [req-fea6c4a5-b638-4834-81c5-34f553bc02d1 req-fea6c4a5-b638-4834-81c5-34f553bc02d1 ] Request (FlavorsAccessNegativeTestJSON:_run_cleanups): 202 DELETE http://10.180.1.21/compute/v2.1/flavors/967794393 1.630s
2025-02-19 16:15:07.865 62981 INFO tempest.lib.common.rest_client [req-4c5baaf0-0856-4297-8e26-9882f0067868 req-4c5baaf0-0856-4297-8e26-9882f0067868 ] Request (ServersAdmin275Test:test_rebuild_update_server_275): 200 GET http://10.180.1.21/compute/v2.1/servers/c1e17e07-ebe4-4271-9af9-e1f28786749a 1.647s
2025-02-19 16:15:07.889 63012 INFO tempest.lib.common.rest_client [req-9aebd9db-32d6-475f-a1bb-e12093ab8518 req-9aebd9db-32d6-475f-a1bb-e12093ab8518 ] Request (ServerMetadataTestJSON:setUpClass): 201 POST http://10.180.1.21:9696/networking/v2.0/subnets 0.362s
2025-02-19 16:15:07.901 62966 INFO tempest.lib.common.rest_client [req-bd850ced-289c-436c-a664-4faab4cf29b3 req-bd850ced-289c-436c-a664-4faab4cf29b3 ] Request (FloatingIPsAssociationNegativeTestJSON:setUpClass): 201 POST http://10.180.1.21:9696/networking/v2.0/networks 0.450s
2025-02-19 16:15:08.161 62966 INFO tempest.lib.common.rest_client [req-30b5d65e-3a7b-4049-9a29-d70daf68a749 req-30b5d65e-3a7b-4049-9a29-d70daf68a749 ] Request (FloatingIPsAssociationNegativeTestJSON:setUpClass): 201 POST http://10.180.1.21:9696/networking/v2.0/subnets 0.260s
2025-02-19 16:15:08.356 62960 INFO tempest.lib.common.rest_client [req-1f49d3fd-84f8-4d44-a255-6c9a10d88a6d req-1f49d3fd-84f8-4d44-a255-6c9a10d88a6d ] Request (AttachInterfacesV270Test:test_create_get_list_interfaces): 400 POST http://10.180.1.21/compute/v2.1/servers/c497fc7e-0e7a-4a13-8383-95c664c6538d/os-interface 3.062s
2025-02-19 16:15:08.429 63010 INFO tempest.lib.common.rest_client [req-55cc5229-0e54-4abf-9c33-32ae9d2cfb50 req-55cc5229-0e54-4abf-9c33-32ae9d2cfb50 ] Request (ServersTestMultiNic:test_verify_duplicate_network_nics): 202 POST http://10.180.1.21/compute/v2.1/servers 2.166s
2025-02-19 16:15:08.493 62964 INFO tempest.lib.common.rest_client [req-a11199f1-bdd3-40f1-90c0-5d35131d79cb req-a11199f1-bdd3-40f1-90c0-5d35131d79cb ] Request (ImagesNegativeTestJSON:test_create_image_from_deleted_server): 200 GET http://10.180.1.21/compute/v2.1/servers/7b8f6860-38b7-45a3-b3a2-e62e726d8d4c 2.094s
2025-02-19 16:15:08.518 63000 INFO tempest.lib.common.rest_client [req-454d96af-133a-4593-b669-ba2058de141a req-454d96af-133a-4593-b669-ba2058de141a ] Request (FlavorsAdminTestJSON:_run_cleanups): 200 GET http://10.180.1.21/compute/v2.1/flavors/detail 2.059s
2025-02-19 16:15:08.543 63004 INFO tempest.lib.common.rest_client [req-be1a05d7-c48a-4f82-8207-1c0cf84a559a req-be1a05d7-c48a-4f82-8207-1c0cf84a559a ] Request (QuotasAdminTestJSON:test_get_updated_quotas): 200 GET http://10.180.1.21/compute/v2.1/os-quota-sets/0513180d168641f5aa474c4224694e69/detail 2.277s
2025-02-19 16:15:08.575 63004 INFO tempest.lib.common.rest_client [req-c6fc74df-3c16-4eb0-91ff-ede9e8c4a4a3 req-c6fc74df-3c16-4eb0-91ff-ede9e8c4a4a3 ] Request (QuotasAdminTestJSON:test_get_updated_quotas): 200 GET http://10.180.1.21/identity/v3/domains?name=Default 0.025s
2025-02-19 16:15:08.584 62978 INFO tempest.lib.common.rest_client [req-5ba3e959-3eec-4ec7-bf9f-d61d7fd3d7d6 req-5ba3e959-3eec-4ec7-bf9f-d61d7fd3d7d6 ] Request (VolumesAssistedSnapshotsTest:test_volume_assisted_snapshot_create_delete): 200 GET http://10.180.1.21/compute/v2.1/servers/3f86f41f-1f54-4ae3-8d0f-b3ad0c2e2ea7 1.977s
2025-02-19 16:15:08.610 63008 INFO tempest.lib.common.rest_client [req-ee4e7c45-63f8-4d71-8eaa-7dd358f78e54 req-ee4e7c45-63f8-4d71-8eaa-7dd358f78e54 ] Request (InstanceActionsTestJSON:setUpClass): 200 GET http://10.180.1.21/compute/v2.1/servers/1ed66844-ef3b-4812-8552-69e5847ea4cc 1.932s
2025-02-19 16:15:08.618 63004 INFO tempest.lib.common.rest_client [req-0357a20a-355a-4e98-8385-5c37a8066c95 req-0357a20a-355a-4e98-8385-5c37a8066c95 ] Request (QuotasAdminTestJSON:test_get_updated_quotas): 201 POST http://10.180.1.21/identity/v3/users 0.043s
2025-02-19 16:15:08.643 63004 INFO tempest.lib.common.rest_client [req-996774fb-12f7-4bb5-ac49-04cc62fa32ff req-996774fb-12f7-4bb5-ac49-04cc62fa32ff ] Request (QuotasAdminTestJSON:test_get_updated_quotas): 200 GET http://10.180.1.21/identity/v3/domains?name=Default 0.024s
2025-02-19 16:15:08.679 62976 INFO tempest.lib.common.rest_client [req-0faf1d99-8b55-4045-a375-4e225523304a req-0faf1d99-8b55-4045-a375-4e225523304a ] Request (ServersWithSpecificFlavorTestJSON:test_verify_created_server_ephemeral_disk): 200 GET http://10.180.1.21/compute/v2.1/servers/6d5ffd7c-919d-4c0d-a7f1-98a4cdcd2bab 1.716s
2025-02-19 16:15:08.696 62984 INFO tempest.lib.common.rest_client [req-22691d03-c28c-4c2e-8306-9c29685ed803 req-22691d03-c28c-4c2e-8306-9c29685ed803 ] Request (TenantUsagesTestJSON:setUpClass): 200 GET http://10.180.1.21/compute/v2.1/servers/21b5fd37-f3cd-4e97-ac63-bb3b96c52b4b 1.439s
2025-02-19 16:15:08.744 62988 INFO tempest.lib.common.rest_client [req-dd3684ac-301a-48d1-b710-a8dfbb9c40ea req-dd3684ac-301a-48d1-b710-a8dfbb9c40ea ] Request (ImagesTestJSON:test_create_image_from_stopped_server): 200 GET http://10.180.1.21/compute/v2.1/images/9147b25d-27d7-455d-9fa0-e2857e57d3b1 1.445s
2025-02-19 16:15:08.784 62996 INFO tempest.lib.common.rest_client [req-2f580fec-a55d-4ae8-9a74-ce1a9b9b92df req-2f580fec-a55d-4ae8-9a74-ce1a9b9b92df ] Request (FloatingIPsTestJSON:_run_cleanups): 404 DELETE http://10.180.1.21/compute/v2.1/os-floating-ips/3c86e3b6-afe0-41f5-83e9-99ae217587eb 1.450s
2025-02-19 16:15:08.867 62990 INFO tempest.lib.common.rest_client [req-7b7cd07d-958b-49f5-bf53-1a188bf8ca04 req-7b7cd07d-958b-49f5-bf53-1a188bf8ca04 ] Request (ServerPasswordTestJSON:tearDownClass): 200 GET http://10.180.1.21/compute/v2.1/servers/92ffb9bc-c6db-403d-a229-b5ef5d4d7fea 1.504s
2025-02-19 16:15:08.943 62982 INFO tempest.lib.common.rest_client [req-5464f304-b89c-4513-b619-732c4b6e31da req-5464f304-b89c-4513-b619-732c4b6e31da ] Request (ServerDiskConfigTestJSON:test_rebuild_server_with_auto_disk_config): 202 POST http://10.180.1.21/compute/v2.1/servers/38f94b87-e642-4875-a44d-89982bf30ace/action 1.638s
2025-02-19 16:15:08.962 62998 INFO tempest.lib.common.rest_client [req-dd41de41-3633-4196-8111-f76b38da4127 req-dd41de41-3633-4196-8111-f76b38da4127 ] Request (DeleteServersAdminTestJSON:test_admin_delete_servers_of_others): 404 GET http://10.180.1.21/compute/v2.1/servers/ea92f4db-bd0c-48e4-9192-f02d272d10c7 1.401s
2025-02-19 16:15:09.053 62998 INFO tempest.lib.common.rest_client [req-a18810e6-7162-4339-975e-5316f5fc0a42 req-a18810e6-7162-4339-975e-5316f5fc0a42 ] Request (DeleteServersAdminTestJSON:test_delete_server_while_in_error_state): 201 POST http://10.180.1.21/identity/v3/auth/tokens 0.082s
2025-02-19 16:15:09.054 62998 INFO tempest.lib.common.fixed_network [-] (DeleteServersAdminTestJSON:test_delete_server_while_in_error_state) Found network None available for tenant
2025-02-19 16:15:09.338 62974 INFO tempest.lib.common.rest_client [req-0e31b45c-f50c-465b-852a-b0a60942254d req-0e31b45c-f50c-465b-852a-b0a60942254d ] Request (SecurityGroupsNegativeTestJSON:setUpClass): 201 POST http://10.180.1.21:9696/networking/v2.0/routers 1.740s
2025-02-19 16:15:09.377 62954 INFO tempest.lib.common.rest_client [req-178cf490-7053-46e7-98a7-3d685d48a3fc req-178cf490-7053-46e7-98a7-3d685d48a3fc ] Request (ServerDiagnosticsNegativeTest:test_get_server_diagnostics_by_non_admin): 200 GET http://10.180.1.21/compute/v2.1/servers/ff80e626-b62c-4d87-bbd0-937cd0126a24 1.936s
2025-02-19 16:15:09.384 62954 INFO tempest.common.waiters [-] State transition "BUILD/networking" ==> "BUILD/spawning" after 22 second wait
2025-02-19 16:15:09.400 62972 INFO tempest.lib.common.rest_client [req-ac974863-fc01-41a8-ac82-58dea819e1e4 req-ac974863-fc01-41a8-ac82-58dea819e1e4 ] Request (FlavorsAccessNegativeTestJSON:_run_cleanups): 200 GET http://10.180.1.21/compute/v2.1/flavors/detail 1.618s
2025-02-19 16:15:09.414 62968 INFO tempest.lib.common.rest_client [req-cf222f15-e135-43c1-81db-1c8b37a8cea0 req-cf222f15-e135-43c1-81db-1c8b37a8cea0 ] Request (ServerRescueTestJSON:setUpClass): 200 GET http://10.180.1.21/compute/v2.1/servers/d1acc780-532c-43cb-ab52-85abbf4afcbd 1.668s
2025-02-19 16:15:09.441 62958 INFO tempest.lib.common.rest_client [req-ab37b29a-8909-446f-b0c8-baf74d9d9f06 req-ab37b29a-8909-446f-b0c8-baf74d9d9f06 ] Request (ServerExternalEventsTest:tearDownClass): 404 GET http://10.180.1.21/compute/v2.1/servers/42cc6567-b062-4405-8fcd-558a7e4baf5e 1.484s
2025-02-19 16:15:09.450 62952 WARNING tempest.lib.common.ssh [-] Failed to establish authenticated ssh connection to cirros@10.180.180.163 ([Errno None] Unable to connect to port 22 on 10.180.180.163). Number attempts: 2. Retry after 3 seconds.: paramiko.ssh_exception.NoValidConnectionsError: [Errno None] Unable to connect to port 22 on 10.180.180.163
2025-02-19 16:15:09.480 62994 INFO tempest.lib.common.rest_client [req-dc81ffe5-e116-410b-8b83-b623bb43440b req-dc81ffe5-e116-410b-8b83-b623bb43440b ] Request (ImagesOneServerTestJSON:setUpClass): 200 GET http://10.180.1.21/compute/v2.1/servers/02188f5d-133f-4d02-b3b4-0f3a4dd919f8 1.619s
2025-02-19 16:15:09.495 62972 INFO tempest.lib.common.rest_client [req-50a1eefd-2265-481f-98a4-90070f83e76e req-50a1eefd-2265-481f-98a4-90070f83e76e ] Request (FlavorsAccessNegativeTestJSON:tearDownClass): 204 DELETE http://10.180.1.21/identity/v3/users/4b7963e7ac8649cda8debe96ccbc78d0 0.085s
2025-02-19 16:15:09.522 62958 INFO tempest.lib.common.rest_client [req-71e504ea-c8ab-463a-993d-7b3206f6e569 req-71e504ea-c8ab-463a-993d-7b3206f6e569 ] Request (ServerExternalEventsTest:tearDownClass): 204 DELETE http://10.180.1.21/identity/v3/users/06a2257251e042168955aecabbf5b7a8 0.080s
2025-02-19 16:15:09.558 62992 INFO tempest.lib.common.rest_client [req-6f9df177-3c91-4123-8d63-73d2cd30d77b req-6f9df177-3c91-4123-8d63-73d2cd30d77b ] Request (ServerDiagnosticsTest:tearDownClass): 200 GET http://10.180.1.21/compute/v2.1/servers/3e6ea057-da12-4476-9846-b5a82c14f234 1.465s
2025-02-19 16:15:09.602 62950 INFO tempest.lib.common.rest_client [req-85c4b697-bcd0-478e-b2fd-918108b0eca6 req-85c4b697-bcd0-478e-b2fd-918108b0eca6 ] Request (MigrationsAdminTest:test_list_migrations_in_flavor_resize_situation): 200 GET http://10.180.1.21/compute/v2.1/servers/d00a747e-a32f-47cd-b4b6-76402b158f3a 1.403s
2025-02-19 16:15:09.639 62972 INFO tempest.lib.common.rest_client [req-bbf0d2f6-1de8-415b-8813-01a0e979574d req-bbf0d2f6-1de8-415b-8813-01a0e979574d ] Request (FlavorsAccessNegativeTestJSON:tearDownClass): 204 DELETE http://10.180.1.21/identity/v3/users/90d3e8dfb6b2418ea9affaaa12aef6d6 0.144s
2025-02-19 16:15:09.653 62958 INFO tempest.lib.common.rest_client [req-804bfed9-cfc7-4908-aa48-e07eb403ac06 req-804bfed9-cfc7-4908-aa48-e07eb403ac06 ] Request (ServerExternalEventsTest:tearDownClass): 204 DELETE http://10.180.1.21/identity/v3/users/447dc3dcbded4608a7ed5d4222d016da 0.130s
2025-02-19 16:15:09.658 62960 INFO tempest.lib.common.rest_client [req-d330d324-d23b-49d8-a8c9-35bde1a9b509 req-d330d324-d23b-49d8-a8c9-35bde1a9b509 ] Request (AttachInterfacesV270Test:tearDownClass): 204 DELETE http://10.180.1.21/compute/v2.1/servers/c497fc7e-0e7a-4a13-8383-95c664c6538d 1.300s
2025-02-19 16:15:09.696 63010 INFO tempest.lib.common.rest_client [req-86110921-4625-4cd7-9d64-14d8dfd1120d req-86110921-4625-4cd7-9d64-14d8dfd1120d ] Request (ServersTestMultiNic:test_verify_duplicate_network_nics): 200 GET http://10.180.1.21/compute/v2.1/servers/6ce3d9e0-074b-4dbd-a70f-c83e1e1280af 1.264s
2025-02-19 16:15:09.740 63000 INFO tempest.lib.common.rest_client [req-e8123127-305b-4601-8e25-2b666664a33d req-e8123127-305b-4601-8e25-2b666664a33d ] Request (FlavorsAdminTestJSON:test_is_public_string_variations): 200 POST http://10.180.1.21/compute/v2.1/flavors 1.215s
2025-02-19 16:15:09.835 62958 INFO tempest.lib.common.rest_client [req-c50a927c-3d64-4b95-a0b8-7d9dda6f8e50 req-c50a927c-3d64-4b95-a0b8-7d9dda6f8e50 ] Request (ServerExternalEventsTest:tearDownClass): 204 DELETE http://10.180.1.21/identity/v3/users/e181b93af93b4b5eb326a24741e1bf69 0.181s
2025-02-19 16:15:09.835 62958 INFO tempest.lib.common.dynamic_creds [-] Deleting project and security group for project: 230a7cd565ed461486b70f63059ebace
2025-02-19 16:15:09.835 62972 INFO tempest.lib.common.rest_client [req-6930c1a1-f2cd-4be0-b8ea-e307187eab79 req-6930c1a1-f2cd-4be0-b8ea-e307187eab79 ] Request (FlavorsAccessNegativeTestJSON:tearDownClass): 204 DELETE http://10.180.1.21/identity/v3/users/5fe06f2c78c24f889aa4d35f3cf8896c 0.195s
2025-02-19 16:15:09.836 62972 INFO tempest.lib.common.dynamic_creds [-] Deleting project and security group for project: 6be1c4a900a44b48b04c7f7967f0c422
2025-02-19 16:15:09.839 63002 INFO tempest.lib.common.rest_client [req-bcef68ac-d3b9-47d3-af8c-02d274236bbd req-bcef68ac-d3b9-47d3-af8c-02d274236bbd ] Request (ImagesOneServerNegativeTestJSON:setUpClass): 200 GET http://10.180.1.21/compute/v2.1/servers/dbdc473f-3bed-4a6b-82f7-dbddea594fdb 1.253s
2025-02-19 16:15:09.849 63002 INFO tempest.common.waiters [-] State transition "BUILD/scheduling" ==> "BUILD/None" after 6 second wait
2025-02-19 16:15:09.924 63006 INFO tempest.lib.common.rest_client [req-cad2b650-842a-46a3-9d4d-f179938d33ea req-cad2b650-842a-46a3-9d4d-f179938d33ea ] Request (AttachVolumeTestJSON:test_attach_detach_volume): 200 GET http://10.180.1.21/compute/v2.1/servers/7f563c4b-274b-4324-b04e-0b75488d0290 1.415s
2025-02-19 16:15:09.927 62958 INFO tempest.lib.common.rest_client [req-7235ad2a-161d-427f-9f60-6c2eacc2142a req-7235ad2a-161d-427f-9f60-6c2eacc2142a ] Request (ServerExternalEventsTest:tearDownClass): 201 POST http://10.180.1.21/identity/v3/auth/tokens 0.092s
2025-02-19 16:15:09.936 63006 INFO tempest.common.waiters [-] State transition "BUILD/spawning" ==> "ACTIVE/None" after 25 second wait
2025-02-19 16:15:09.941 62972 INFO tempest.lib.common.rest_client [req-132299d0-bafa-4d64-bcca-15ecf7f7cca0 req-132299d0-bafa-4d64-bcca-15ecf7f7cca0 ] Request (FlavorsAccessNegativeTestJSON:tearDownClass): 201 POST http://10.180.1.21/identity/v3/auth/tokens 0.104s
2025-02-19 16:15:10.177 63004 INFO tempest.lib.common.rest_client [req-b8be5b1d-01ab-467e-bc6d-f8cde3a487f9 req-b8be5b1d-01ab-467e-bc6d-f8cde3a487f9 ] Request (QuotasAdminTestJSON:test_get_updated_quotas): 200 PUT http://10.180.1.21/compute/v2.1/os-quota-sets/0513180d168641f5aa474c4224694e69?user_id=7806ff970f7f46399ff38b23a3993a97 1.530s
2025-02-19 16:15:10.202 62956 INFO tempest.lib.common.rest_client [req-4cfe0bb3-9e70-4777-88d1-a7ebf66a48b9 req-4cfe0bb3-9e70-4777-88d1-a7ebf66a48b9 ] Request (VolumesAdminNegativeTest:test_update_attached_volume_with_nonexistent_volume_in_body): 200 GET http://10.180.1.21/compute/v2.1/servers/99494742-9f6f-404c-bcb2-be74f0f36b4e 1.431s
2025-02-19 16:15:10.219 62956 INFO tempest.common.waiters [-] State transition "BUILD/spawning" ==> "ACTIVE/None" after 28 second wait
2025-02-19 16:15:10.278 63012 INFO tempest.lib.common.rest_client [req-7bd8f620-46b5-468f-9eae-87f0d78d284e req-7bd8f620-46b5-468f-9eae-87f0d78d284e ] Request (ServerMetadataTestJSON:setUpClass): 201 POST http://10.180.1.21:9696/networking/v2.0/routers 2.388s
2025-02-19 16:15:10.319 62981 INFO tempest.lib.common.rest_client [req-da347e57-7b6d-43bc-ac6a-be23ec537abc req-da347e57-7b6d-43bc-ac6a-be23ec537abc ] Request (ServersAdmin275Test:test_rebuild_update_server_275): 200 GET http://10.180.1.21/compute/v2.1/servers/c1e17e07-ebe4-4271-9af9-e1f28786749a 1.444s
2025-02-19 16:15:10.346 62962 WARNING tempest.lib.common.ssh [-] Failed to establish authenticated ssh connection to cirros@10.180.180.251 ([Errno None] Unable to connect to port 22 on 10.180.180.251). Number attempts: 3. Retry after 4 seconds.: paramiko.ssh_exception.NoValidConnectionsError: [Errno None] Unable to connect to port 22 on 10.180.180.251
2025-02-19 16:15:10.429 62958 INFO tempest.lib.common.rest_client [req-96a45889-d058-4da5-bd76-ec683f132f22 req-96a45889-d058-4da5-bd76-ec683f132f22 ] Request (ServerExternalEventsTest:tearDownClass): 200 GET http://10.180.1.21:9696/networking/v2.0/security-groups?tenant_id=230a7cd565ed461486b70f63059ebace&name=default 0.501s
2025-02-19 16:15:10.453 62972 INFO tempest.lib.common.rest_client [req-d9f1a78a-400d-49e5-8d58-5157b88538bc req-d9f1a78a-400d-49e5-8d58-5157b88538bc ] Request (FlavorsAccessNegativeTestJSON:tearDownClass): 200 GET http://10.180.1.21:9696/networking/v2.0/security-groups?tenant_id=6be1c4a900a44b48b04c7f7967f0c422&name=default 0.512s
2025-02-19 16:15:10.689 62982 INFO tempest.lib.common.rest_client [req-8e021545-2606-4fc0-902d-277d2f8df12b req-8e021545-2606-4fc0-902d-277d2f8df12b ] Request (ServerDiskConfigTestJSON:test_rebuild_server_with_auto_disk_config): 200 GET http://10.180.1.21/compute/v2.1/servers/38f94b87-e642-4875-a44d-89982bf30ace 1.736s
2025-02-19 16:15:10.764 62972 INFO tempest.lib.common.rest_client [req-07706220-dd0d-4f2a-a9f1-8bb838c6d0c7 req-07706220-dd0d-4f2a-a9f1-8bb838c6d0c7 ] Request (FlavorsAccessNegativeTestJSON:tearDownClass): 204 DELETE http://10.180.1.21:9696/networking/v2.0/security-groups/bfa4d190-96d6-4fa4-b4bc-701ef222cac9 0.310s
2025-02-19 16:15:10.814 62964 INFO tempest.lib.common.rest_client [req-cfaef8f7-7d09-4f26-bf81-fe97360a4dc6 req-cfaef8f7-7d09-4f26-bf81-fe97360a4dc6 ] Request (ImagesNegativeTestJSON:test_create_image_from_deleted_server): 200 GET http://10.180.1.21/compute/v2.1/servers/7b8f6860-38b7-45a3-b3a2-e62e726d8d4c 1.313s
2025-02-19 16:15:10.843 62966 INFO tempest.lib.common.rest_client [req-1b58cead-ea4c-43e9-8a7c-e624b0193056 req-1b58cead-ea4c-43e9-8a7c-e624b0193056 ] Request (FloatingIPsAssociationNegativeTestJSON:setUpClass): 201 POST http://10.180.1.21:9696/networking/v2.0/routers 2.680s
2025-02-19 16:15:10.851 62998 INFO tempest.lib.common.rest_client [req-d696a52a-3aaf-4578-8752-2599bf54a237 req-d696a52a-3aaf-4578-8752-2599bf54a237 ] Request (DeleteServersAdminTestJSON:test_delete_server_while_in_error_state): 202 POST http://10.180.1.21/compute/v2.1/servers 1.796s
2025-02-19 16:15:10.868 62958 INFO tempest.lib.common.rest_client [req-5fb16dcb-4a85-473f-87da-85d6381050e6 req-5fb16dcb-4a85-473f-87da-85d6381050e6 ] Request (ServerExternalEventsTest:tearDownClass): 204 DELETE http://10.180.1.21:9696/networking/v2.0/security-groups/52b4c933-48c0-4102-b360-8e46f44c94b6 0.438s
2025-02-19 16:15:10.924 62972 INFO tempest.lib.common.rest_client [req-f405948f-7106-49b2-ac13-3bfaec4ca867 req-f405948f-7106-49b2-ac13-3bfaec4ca867 ] Request (FlavorsAccessNegativeTestJSON:tearDownClass): 204 DELETE http://10.180.1.21/identity/v3/projects/6be1c4a900a44b48b04c7f7967f0c422 0.159s
2025-02-19 16:15:10.924 62972 INFO tempest.lib.common.dynamic_creds [-] Deleting project and security group for project: f156496013c548ce858dfd1c915c0339
2025-02-19 16:15:10.981 63008 INFO tempest.lib.common.rest_client [req-635c4c28-e2b2-4df5-bac6-6e1e9bb05405 req-635c4c28-e2b2-4df5-bac6-6e1e9bb05405 ] Request (InstanceActionsTestJSON:setUpClass): 200 GET http://10.180.1.21/compute/v2.1/servers/1ed66844-ef3b-4812-8552-69e5847ea4cc 1.356s
2025-02-19 16:15:11.047 62958 INFO tempest.lib.common.rest_client [req-62a11e20-7f8a-4d7e-aad5-aa87960bd0ff req-62a11e20-7f8a-4d7e-aad5-aa87960bd0ff ] Request (ServerExternalEventsTest:tearDownClass): 204 DELETE http://10.180.1.21/identity/v3/projects/230a7cd565ed461486b70f63059ebace 0.178s
2025-02-19 16:15:11.047 62958 INFO tempest.lib.common.dynamic_creds [-] Deleting project and security group for project: 9f65aaf5af074c22b75b654fad77470e
2025-02-19 16:15:11.337 62978 INFO tempest.lib.common.rest_client [req-7f1e0820-38cb-4fdc-8bd5-b6a8c6f999c8 req-7f1e0820-38cb-4fdc-8bd5-b6a8c6f999c8 ] Request (VolumesAssistedSnapshotsTest:test_volume_assisted_snapshot_create_delete): 200 GET http://10.180.1.21/compute/v2.1/servers/3f86f41f-1f54-4ae3-8d0f-b3ad0c2e2ea7 1.744s
2025-02-19 16:15:11.347 62978 INFO tempest.common.waiters [-] State transition "BUILD/None" ==> "BUILD/spawning" after 23 second wait
2025-02-19 16:15:11.413 62972 INFO tempest.lib.common.rest_client [req-744bf548-fb7c-4fad-8b60-26230b35abb0 req-744bf548-fb7c-4fad-8b60-26230b35abb0 ] Request (FlavorsAccessNegativeTestJSON:tearDownClass): 200 GET http://10.180.1.21:9696/networking/v2.0/security-groups?tenant_id=f156496013c548ce858dfd1c915c0339&name=default 0.488s
2025-02-19 16:15:11.461 62976 INFO tempest.lib.common.rest_client [req-6dac97c3-fca8-42f7-b72e-c3657adafa1d req-6dac97c3-fca8-42f7-b72e-c3657adafa1d ] Request (ServersWithSpecificFlavorTestJSON:test_verify_created_server_ephemeral_disk): 200 GET http://10.180.1.21/compute/v2.1/servers/6d5ffd7c-919d-4c0d-a7f1-98a4cdcd2bab 1.768s
2025-02-19 16:15:11.520 62958 INFO tempest.lib.common.rest_client [req-4374a216-df9b-448f-93c7-1b26face165b req-4374a216-df9b-448f-93c7-1b26face165b ] Request (ServerExternalEventsTest:tearDownClass): 200 GET http://10.180.1.21:9696/networking/v2.0/security-groups?tenant_id=9f65aaf5af074c22b75b654fad77470e&name=default 0.473s
2025-02-19 16:15:11.558 62984 INFO tempest.lib.common.rest_client [req-0ee85458-19fa-4eaa-a3cc-44da89f60dc8 req-0ee85458-19fa-4eaa-a3cc-44da89f60dc8 ] Request (TenantUsagesTestJSON:setUpClass): 200 GET http://10.180.1.21/compute/v2.1/servers/21b5fd37-f3cd-4e97-ac63-bb3b96c52b4b 1.844s
2025-02-19 16:15:11.585 63000 INFO tempest.lib.common.rest_client [req-1faffbf9-5e0b-49fa-8bd0-cf233300df6e req-1faffbf9-5e0b-49fa-8bd0-cf233300df6e ] Request (FlavorsAdminTestJSON:test_is_public_string_variations): 200 POST http://10.180.1.21/compute/v2.1/flavors 1.840s
2025-02-19 16:15:11.609 62996 INFO tempest.lib.common.rest_client [req-efe2c3eb-8405-4c99-82a1-43fbb238961a req-efe2c3eb-8405-4c99-82a1-43fbb238961a ] Request (FloatingIPsTestJSON:tearDownClass): 200 PUT http://10.180.1.21:9696/networking/v2.0/routers/8bd02317-adae-4634-9232-6947bee1ef19/remove_router_interface 2.823s
2025-02-19 16:15:11.636 62960 INFO tempest.lib.common.rest_client [req-10379cd6-daa3-4160-b6fc-1342df1c589f req-10379cd6-daa3-4160-b6fc-1342df1c589f ] Request (AttachInterfacesV270Test:tearDownClass): 200 GET http://10.180.1.21/compute/v2.1/servers/c497fc7e-0e7a-4a13-8383-95c664c6538d 1.978s
2025-02-19 16:15:11.648 62988 INFO tempest.lib.common.rest_client [req-c3a6a764-21c1-43ae-8283-c5fe8c13e5c7 req-c3a6a764-21c1-43ae-8283-c5fe8c13e5c7 ] Request (ImagesTestJSON:test_create_image_from_stopped_server): 200 GET http://10.180.1.21/compute/v2.1/images/9147b25d-27d7-455d-9fa0-e2857e57d3b1 1.896s
2025-02-19 16:15:11.775 62972 INFO tempest.lib.common.rest_client [req-8f4c1aea-0d9b-4027-a1dd-49ea28e5d54c req-8f4c1aea-0d9b-4027-a1dd-49ea28e5d54c ] Request (FlavorsAccessNegativeTestJSON:tearDownClass): 204 DELETE http://10.180.1.21:9696/networking/v2.0/security-groups/3ff2c0e5-4838-435e-a347-ffbf231cbb08 0.362s
2025-02-19 16:15:11.794 62990 INFO tempest.lib.common.rest_client [req-e49a92a6-05a1-4255-b282-7a12825ca8ad req-e49a92a6-05a1-4255-b282-7a12825ca8ad ] Request (ServerPasswordTestJSON:tearDownClass): 200 GET http://10.180.1.21/compute/v2.1/servers/92ffb9bc-c6db-403d-a229-b5ef5d4d7fea 1.915s
2025-02-19 16:15:11.889 63006 INFO tempest.lib.common.rest_client [req-779920dc-2425-46de-b9ab-11ac28cdd550 req-779920dc-2425-46de-b9ab-11ac28cdd550 ] Request (AttachVolumeTestJSON:test_attach_detach_volume): 200 GET http://10.180.1.21/compute/v2.1/servers/7f563c4b-274b-4324-b04e-0b75488d0290/os-interface 1.953s
2025-02-19 16:15:11.914 62958 INFO tempest.lib.common.rest_client [req-b3e07b19-ec1f-4152-b51b-b7269480541e req-b3e07b19-ec1f-4152-b51b-b7269480541e ] Request (ServerExternalEventsTest:tearDownClass): 204 DELETE http://10.180.1.21:9696/networking/v2.0/security-groups/2e87c92e-6d83-4ad1-82d7-3088c66b8a2b 0.393s
2025-02-19 16:15:11.974 62972 INFO tempest.lib.common.rest_client [req-e6018392-cff2-4638-81a1-3ac3f7acc861 req-e6018392-cff2-4638-81a1-3ac3f7acc861 ] Request (FlavorsAccessNegativeTestJSON:tearDownClass): 204 DELETE http://10.180.1.21/identity/v3/projects/f156496013c548ce858dfd1c915c0339 0.198s
2025-02-19 16:15:11.974 62972 INFO tempest.lib.common.dynamic_creds [-] Deleting project and security group for project: 8d5349ae213b4e8b941f30a243f88e9c
2025-02-19 16:15:12.080 62958 INFO tempest.lib.common.rest_client [req-28c44294-ec0a-408a-9b7e-17a61074c29e req-28c44294-ec0a-408a-9b7e-17a61074c29e ] Request (ServerExternalEventsTest:tearDownClass): 204 DELETE http://10.180.1.21/identity/v3/projects/9f65aaf5af074c22b75b654fad77470e 0.166s
2025-02-19 16:15:12.080 62958 INFO tempest.lib.common.dynamic_creds [-] Deleting project and security group for project: 374d60fe2a73473bafb5dfc6767ec0a0
2025-02-19 16:15:12.139 63004 INFO tempest.lib.common.rest_client [req-1dbf7234-d7b2-4a8d-82b4-18f3a7e82bc4 req-1dbf7234-d7b2-4a8d-82b4-18f3a7e82bc4 ] Request (QuotasAdminTestJSON:test_get_updated_quotas): 200 GET http://10.180.1.21/compute/v2.1/os-quota-sets/0513180d168641f5aa474c4224694e69?user_id=7806ff970f7f46399ff38b23a3993a97 1.960s
2025-02-19 16:15:12.160 62958 INFO tempest.lib.common.rest_client [req-42e2dadd-de8d-4d31-96bf-3dccbe29a4b3 req-42e2dadd-de8d-4d31-96bf-3dccbe29a4b3 ] Request (ServerExternalEventsTest:tearDownClass): 200 GET http://10.180.1.21:9696/networking/v2.0/security-groups?tenant_id=374d60fe2a73473bafb5dfc6767ec0a0&name=default 0.079s
2025-02-19 16:15:12.190 62986 INFO tempest.lib.common.rest_client [req-719b12cb-c2b7-44d9-ac8d-d48f755d5f1b req-719b12cb-c2b7-44d9-ac8d-d48f755d5f1b ] Request (ServerDiagnosticsV248Test:test_get_server_diagnostics): 200 GET http://10.180.1.21/compute/v2.1/servers/308196fc-c178-402d-b669-c01a18c93221/diagnostics 2.372s
2025-02-19 16:15:12.236 63004 INFO tempest.lib.common.rest_client [req-7252e211-6304-4b00-9614-5ed7867ff1ff req-7252e211-6304-4b00-9614-5ed7867ff1ff ] Request (QuotasAdminTestJSON:_run_cleanups): 204 DELETE http://10.180.1.21/identity/v3/users/7806ff970f7f46399ff38b23a3993a97 0.095s
2025-02-19 16:15:12.329 63004 INFO tempest.lib.common.rest_client [req-910c9d61-f1e1-41ba-bd46-bb544075ca74 req-910c9d61-f1e1-41ba-bd46-bb544075ca74 ] Request (QuotasAdminTestJSON:_run_cleanups): 204 DELETE http://10.180.1.21/identity/v3/projects/0513180d168641f5aa474c4224694e69 0.092s
2025-02-19 16:15:12.347 62956 INFO tempest.lib.common.rest_client [req-0a57e761-e9da-4e61-b612-6e7becad2880 req-0a57e761-e9da-4e61-b612-6e7becad2880 ] Request (VolumesAdminNegativeTest:test_update_attached_volume_with_nonexistent_volume_in_body): 200 GET http://10.180.1.21/compute/v2.1/servers/99494742-9f6f-404c-bcb2-be74f0f36b4e/os-interface 2.127s
2025-02-19 16:15:12.455 62972 INFO tempest.lib.common.rest_client [req-e9b342d3-033f-40ad-956d-c2b055b33e9d req-e9b342d3-033f-40ad-956d-c2b055b33e9d ] Request (FlavorsAccessNegativeTestJSON:tearDownClass): 200 GET http://10.180.1.21:9696/networking/v2.0/security-groups?tenant_id=8d5349ae213b4e8b941f30a243f88e9c&name=default 0.480s
2025-02-19 16:15:12.515 62954 INFO tempest.lib.common.rest_client [req-60ef2bc9-926c-4a1f-a3d2-d5f04b1969dc req-60ef2bc9-926c-4a1f-a3d2-d5f04b1969dc ] Request (ServerDiagnosticsNegativeTest:test_get_server_diagnostics_by_non_admin): 200 GET http://10.180.1.21/compute/v2.1/servers/ff80e626-b62c-4d87-bbd0-937cd0126a24 2.129s
2025-02-19 16:15:12.609 62994 INFO tempest.lib.common.rest_client [req-117cc1be-968b-4ba2-9d7a-8e9e5a03d748 req-117cc1be-968b-4ba2-9d7a-8e9e5a03d748 ] Request (ImagesOneServerTestJSON:setUpClass): 200 GET http://10.180.1.21/compute/v2.1/servers/02188f5d-133f-4d02-b3b4-0f3a4dd919f8 2.115s
2025-02-19 16:15:12.619 62994 INFO tempest.common.waiters [-] State transition "BUILD/scheduling" ==> "BUILD/None" after 8 second wait
2025-02-19 16:15:12.657 62958 INFO tempest.lib.common.rest_client [req-504b6aca-9c86-46a3-a2e7-62186e4b3ff3 req-504b6aca-9c86-46a3-a2e7-62186e4b3ff3 ] Request (ServerExternalEventsTest:tearDownClass): 204 DELETE http://10.180.1.21:9696/networking/v2.0/security-groups/b3360cf5-699c-417e-85f2-947ed141f377 0.496s
2025-02-19 16:15:12.794 62992 INFO tempest.lib.common.rest_client [req-a477cf27-92a8-4ab9-89b7-be9c0d1d369e req-a477cf27-92a8-4ab9-89b7-be9c0d1d369e ] Request (ServerDiagnosticsTest:tearDownClass): 200 GET http://10.180.1.21/compute/v2.1/servers/3e6ea057-da12-4476-9846-b5a82c14f234 2.224s
2025-02-19 16:15:12.870 62968 INFO tempest.lib.common.rest_client [req-c095495b-4359-47fe-b9d0-bc4c715fe53e req-c095495b-4359-47fe-b9d0-bc4c715fe53e ] Request (ServerRescueTestJSON:setUpClass): 200 GET http://10.180.1.21/compute/v2.1/servers/d1acc780-532c-43cb-ab52-85abbf4afcbd 2.440s
2025-02-19 16:15:12.877 62958 INFO tempest.lib.common.rest_client [req-14e0826a-14b1-4fc8-8864-724fe7690db2 req-14e0826a-14b1-4fc8-8864-724fe7690db2 ] Request (ServerExternalEventsTest:tearDownClass): 204 DELETE http://10.180.1.21/identity/v3/projects/374d60fe2a73473bafb5dfc6767ec0a0 0.219s
2025-02-19 16:15:12.882 62968 INFO tempest.common.waiters [-] State transition "ACTIVE/rescuing" ==> "RESCUE/None" after 8 second wait
2025-02-19 16:15:12.915 62974 INFO tempest.lib.common.rest_client [req-8b34afac-a54e-4303-bcc7-d08f33b139d8 req-8b34afac-a54e-4303-bcc7-d08f33b139d8 ] Request (SecurityGroupsNegativeTestJSON:setUpClass): 200 PUT http://10.180.1.21:9696/networking/v2.0/routers/e3fb49df-9576-4797-89c3-c92ceec0fb35/add_router_interface 3.577s
2025-02-19 16:15:12.916 62974 INFO tempest.lib.common.dynamic_creds [-] Created isolated network resources for: credentials: Credentials: {'domain_id': 'default', 'domain_name': 'Default', 'username': 'tempest-SecurityGroupsNegativeTestJSON-2076597555-project-member', 'project_domain_id': 'default', 'project_domain_name': 'Default', 'project_id': 'c6e399c9068b4cf683213ac6679f0f9a', 'project_name': 'tempest-SecurityGroupsNegativeTestJSON-2076597555', 'tenant_id': 'c6e399c9068b4cf683213ac6679f0f9a', 'tenant_name': 'tempest-SecurityGroupsNegativeTestJSON-2076597555', 'user_domain_id': 'default', 'user_domain_name': 'Default', 'user_id': 'fee3850944ee4b668083e16fed87fbc7', 'system': None}, Network: {'id': 'badc4503-fb9a-45a2-9df7-8935a9fb6bcf', 'name': 'tempest-SecurityGroupsNegativeTestJSON-879047455-network', 'tenant_id': 'c6e399c9068b4cf683213ac6679f0f9a', 'admin_state_up': True, 'mtu': 8950, 'status': 'ACTIVE', 'subnets': [], 'shared': False, 'project_id': 'c6e399c9068b4cf683213ac6679f0f9a', 'port_security_enabled': True, 'router:external': False, 'provider:network_type': 'vlan', 'provider:physical_network': 'default', 'provider:segmentation_id': 137, 'availability_zone_hints': [], 'availability_zones': [], 'ipv4_address_scope': None, 'ipv6_address_scope': None, 'description': '', 'tags': [], 'created_at': '2025-02-19T16:15:07Z', 'updated_at': '2025-02-19T16:15:07Z', 'revision_number': 1}, Subnet: {'id': 'b39d6464-757a-4217-a405-57f36a8e33c3', 'name': 'tempest-SecurityGroupsNegativeTestJSON-879047455-subnet', 'tenant_id': 'c6e399c9068b4cf683213ac6679f0f9a', 'network_id': 'badc4503-fb9a-45a2-9df7-8935a9fb6bcf', 'ip_version': 4, 'subnetpool_id': None, 'enable_dhcp': True, 'ipv6_ra_mode': None, 'ipv6_address_mode': None, 'gateway_ip': '192.168.128.1', 'cidr': '192.168.128.0/28', 'allocation_pools': [{'start': '192.168.128.2', 'end': '192.168.128.14'}], 'host_routes': [], 'dns_nameservers': [], 'description': '', 'router:external': False, 'service_types': [], 'tags': [], 'created_at': '2025-02-19T16:15:07Z', 'updated_at': '2025-02-19T16:15:07Z', 'revision_number': 0, 'project_id': 'c6e399c9068b4cf683213ac6679f0f9a'}, Router: {'id': 'e3fb49df-9576-4797-89c3-c92ceec0fb35', 'name': 'tempest-SecurityGroupsNegativeTestJSON-879047455-router', 'tenant_id': 'c6e399c9068b4cf683213ac6679f0f9a', 'admin_state_up': True, 'status': 'ACTIVE', 'external_gateway_info': {'network_id': '6b2d94d4-d85a-4f42-a9c3-fd51ffdeb69f', 'external_fixed_ips': [{'subnet_id': '29e043f9-0ba7-4a79-8df8-3a78eac29a60', 'ip_address': '10.180.180.188'}], 'enable_snat': True}, 'description': '', 'availability_zones': [], 'distributed': False, 'ha': False, 'availability_zone_hints': [], 'routes': [], 'flavor_id': None, 'tags': [], 'created_at': '2025-02-19T16:15:07Z', 'updated_at': '2025-02-19T16:15:08Z', 'revision_number': 2, 'project_id': 'c6e399c9068b4cf683213ac6679f0f9a'}
2025-02-19 16:15:12.921 62972 INFO tempest.lib.common.rest_client [req-7aa13850-24ae-4b6f-ba3e-f59366a2cd9f req-7aa13850-24ae-4b6f-ba3e-f59366a2cd9f ] Request (FlavorsAccessNegativeTestJSON:tearDownClass): 204 DELETE http://10.180.1.21:9696/networking/v2.0/security-groups/83995dac-8ea0-4635-8335-c8674232cc8b 0.466s
2025-02-19 16:15:12.934 62950 INFO tempest.lib.common.rest_client [req-1dd7c73c-4715-467e-a72d-cf18acc8f297 req-1dd7c73c-4715-467e-a72d-cf18acc8f297 ] Request (MigrationsAdminTest:test_list_migrations_in_flavor_resize_situation): 200 GET http://10.180.1.21/compute/v2.1/servers/d00a747e-a32f-47cd-b4b6-76402b158f3a 2.318s
2025-02-19 16:15:12.988 62968 INFO tempest.lib.common.rest_client [req-7d4a202c-2c44-49ff-8475-5221432ba212 req-7d4a202c-2c44-49ff-8475-5221432ba212 ] Request (ServerRescueTestJSON:test_rescue_unrescue_instance): 201 POST http://10.180.1.21/identity/v3/auth/tokens 0.102s
2025-02-19 16:15:12.988 62968 INFO tempest.lib.common.fixed_network [-] (ServerRescueTestJSON:test_rescue_unrescue_instance) Found network {'id': '52e84082-3bfb-42f4-b2d0-a9bf8f176318', 'name': 'tempest-ServerRescueTestJSON-1012565790-network', 'tenant_id': '142dfc15575b42c9b4546a6325d28350', 'admin_state_up': True, 'mtu': 8950, 'status': 'ACTIVE', 'subnets': [], 'shared': False, 'project_id': '142dfc15575b42c9b4546a6325d28350', 'port_security_enabled': True, 'router:external': False, 'provider:network_type': 'vlan', 'provider:physical_network': 'default', 'provider:segmentation_id': 96, 'availability_zone_hints': [], 'availability_zones': [], 'ipv4_address_scope': None, 'ipv6_address_scope': None, 'description': '', 'tags': [], 'created_at': '2025-02-19T16:14:25Z', 'updated_at': '2025-02-19T16:14:25Z', 'revision_number': 1} available for tenant
2025-02-19 16:15:12.992 62958 INFO tempest.lib.common.rest_client [req-300c3ab6-0b6b-4baf-bdb8-0c60a43ff69a req-300c3ab6-0b6b-4baf-bdb8-0c60a43ff69a ] Request (ServersAdminNegativeTestJSON:setUpClass): 201 POST http://10.180.1.21/identity/v3/auth/tokens 0.109s
2025-02-19 16:15:13.067 63010 INFO tempest.lib.common.rest_client [req-7b5eb5ff-067b-4bc6-8ada-e87309e27f1e req-7b5eb5ff-067b-4bc6-8ada-e87309e27f1e ] Request (ServersTestMultiNic:test_verify_duplicate_network_nics): 200 GET http://10.180.1.21/compute/v2.1/servers/6ce3d9e0-074b-4dbd-a70f-c83e1e1280af 2.355s
2025-02-19 16:15:13.085 62972 INFO tempest.lib.common.rest_client [req-8114ccbf-4cef-4c52-80ab-ccfefe5f038f req-8114ccbf-4cef-4c52-80ab-ccfefe5f038f ] Request (FlavorsAccessNegativeTestJSON:tearDownClass): 204 DELETE http://10.180.1.21/identity/v3/projects/8d5349ae213b4e8b941f30a243f88e9c 0.163s
2025-02-19 16:15:13.095 63002 INFO tempest.lib.common.rest_client [req-9d24b65e-d6b1-4226-b60f-ce507e938dae req-9d24b65e-d6b1-4226-b60f-ce507e938dae ] Request (ImagesOneServerNegativeTestJSON:setUpClass): 200 GET http://10.180.1.21/compute/v2.1/servers/dbdc473f-3bed-4a6b-82f7-dbddea594fdb 2.245s
2025-02-19 16:15:13.118 62996 INFO tempest.lib.common.rest_client [req-6d8acf76-47d4-44b6-978c-890a18157f0b req-6d8acf76-47d4-44b6-978c-890a18157f0b ] Request (FloatingIPsTestJSON:tearDownClass): 204 DELETE http://10.180.1.21:9696/networking/v2.0/routers/8bd02317-adae-4634-9232-6947bee1ef19 1.509s
2025-02-19 16:15:13.124 62974 INFO tempest.lib.common.rest_client [req-6185741e-8a5e-4b17-8db5-1eb1f7d5cb26 req-6185741e-8a5e-4b17-8db5-1eb1f7d5cb26 ] Request (SecurityGroupsNegativeTestJSON:setUpClass): 201 POST http://10.180.1.21/identity/v3/auth/tokens 0.198s
2025-02-19 16:15:13.184 62958 INFO tempest.lib.common.rest_client [req-6664a9d5-b6d7-4c3d-bd9d-16cc3744cf6c req-6664a9d5-b6d7-4c3d-bd9d-16cc3744cf6c ] Request (ServersAdminNegativeTestJSON:setUpClass): 201 POST http://10.180.1.21/identity/v3/auth/tokens 0.190s
2025-02-19 16:15:13.186 62998 INFO tempest.lib.common.rest_client [req-1f992a9f-fb31-42f4-bb83-ab8f7f3331a4 req-1f992a9f-fb31-42f4-bb83-ab8f7f3331a4 ] Request (DeleteServersAdminTestJSON:test_delete_server_while_in_error_state): 200 GET http://10.180.1.21/compute/v2.1/servers/e4b17550-dce8-4361-9e52-88e6379d0219 2.332s
2025-02-19 16:15:13.206 62972 INFO tempest.lib.common.rest_client [req-d21ee2ba-8842-4482-9693-26f20c2585b5 req-d21ee2ba-8842-4482-9693-26f20c2585b5 ] Request (FlavorsV255TestJSON:setUpClass): 201 POST http://10.180.1.21/identity/v3/auth/tokens 0.120s
2025-02-19 16:15:13.210 62981 INFO tempest.lib.common.rest_client [req-39aeafe3-392b-48d5-b2d2-395eb36c99b4 req-39aeafe3-392b-48d5-b2d2-395eb36c99b4 ] Request (ServersAdmin275Test:test_rebuild_update_server_275): 200 GET http://10.180.1.21/compute/v2.1/servers/c1e17e07-ebe4-4271-9af9-e1f28786749a 1.877s
2025-02-19 16:15:13.216 63000 INFO tempest.lib.common.rest_client [req-fad2c245-6817-410e-b32f-0ede453ce205 req-fad2c245-6817-410e-b32f-0ede453ce205 ] Request (FlavorsAdminTestJSON:test_is_public_string_variations): 200 GET http://10.180.1.21/compute/v2.1/flavors/detail?is_public=f 1.628s
2025-02-19 16:15:13.218 62958 INFO tempest.lib.common.rest_client [req-2f0b36eb-0aac-4eb1-9e9b-d8d775b162e9 req-2f0b36eb-0aac-4eb1-9e9b-d8d775b162e9 ] Request (ServersAdminNegativeTestJSON:setUpClass): 200 GET http://10.180.1.21/identity/v3/domains?name=Default 0.033s
2025-02-19 16:15:13.232 62981 INFO tempest.common.waiters [-] State transition "BUILD/None" ==> "BUILD/spawning" after 22 second wait
2025-02-19 16:15:13.236 62972 INFO tempest.lib.common.rest_client [req-6c35452d-0a30-4aed-93eb-84da2ed25eac req-6c35452d-0a30-4aed-93eb-84da2ed25eac ] Request (FlavorsV255TestJSON:setUpClass): 201 POST http://10.180.1.21/identity/v3/auth/tokens 0.026s
2025-02-19 16:15:13.271 62972 INFO tempest.lib.common.rest_client [req-a85e280f-888e-47b2-92f7-464edc08f950 req-a85e280f-888e-47b2-92f7-464edc08f950 ] Request (FlavorsV255TestJSON:setUpClass): 200 GET http://10.180.1.21/identity/v3/domains?name=Default 0.034s
2025-02-19 16:15:13.271 62958 INFO tempest.lib.common.rest_client [req-5b62fb71-7a9b-41b6-a3f7-774e6d946f30 req-5b62fb71-7a9b-41b6-a3f7-774e6d946f30 ] Request (ServersAdminNegativeTestJSON:setUpClass): 201 POST http://10.180.1.21/identity/v3/projects 0.050s
2025-02-19 16:15:13.300 62964 INFO tempest.lib.common.rest_client [req-fee5b3d1-5976-4b74-a6ea-7d0b3502f91d req-fee5b3d1-5976-4b74-a6ea-7d0b3502f91d ] Request (ImagesNegativeTestJSON:test_create_image_from_deleted_server): 200 GET http://10.180.1.21/compute/v2.1/servers/7b8f6860-38b7-45a3-b3a2-e62e726d8d4c 1.467s
2025-02-19 16:15:13.349 62958 INFO tempest.lib.common.rest_client [req-f12408ac-312c-4e11-806f-cc6072a1d3bc req-f12408ac-312c-4e11-806f-cc6072a1d3bc ] Request (ServersAdminNegativeTestJSON:setUpClass): 201 POST http://10.180.1.21/identity/v3/users 0.078s
2025-02-19 16:15:13.375 62972 INFO tempest.lib.common.rest_client [req-882d8ca1-05bb-4286-8237-96e31f6d29cb req-882d8ca1-05bb-4286-8237-96e31f6d29cb ] Request (FlavorsV255TestJSON:setUpClass): 201 POST http://10.180.1.21/identity/v3/projects 0.103s
2025-02-19 16:15:13.386 62996 INFO tempest.lib.common.rest_client [req-32e700ca-2bcd-4901-9733-6a1012bf69ac req-32e700ca-2bcd-4901-9733-6a1012bf69ac ] Request (FloatingIPsTestJSON:tearDownClass): 204 DELETE http://10.180.1.21:9696/networking/v2.0/subnets/e625bfa3-2f1d-454f-a80d-9cc916ca7f3a 0.268s
2025-02-19 16:15:13.396 62958 INFO tempest.lib.common.rest_client [req-84b31a4d-d9c6-42db-a615-02049a9f4fe5 req-84b31a4d-d9c6-42db-a615-02049a9f4fe5 ] Request (ServersAdminNegativeTestJSON:setUpClass): 200 GET http://10.180.1.21/identity/v3/roles 0.047s
2025-02-19 16:15:13.400 63008 INFO tempest.lib.common.rest_client [req-80096cfe-9cb7-435f-ab6c-d1dd9c4217e5 req-80096cfe-9cb7-435f-ab6c-d1dd9c4217e5 ] Request (InstanceActionsTestJSON:setUpClass): 200 GET http://10.180.1.21/compute/v2.1/servers/1ed66844-ef3b-4812-8552-69e5847ea4cc 1.404s
2025-02-19 16:15:13.453 62972 INFO tempest.lib.common.rest_client [req-272df99a-e3e6-4fe7-9028-1ec1e01329a2 req-272df99a-e3e6-4fe7-9028-1ec1e01329a2 ] Request (FlavorsV255TestJSON:setUpClass): 201 POST http://10.180.1.21/identity/v3/users 0.077s
2025-02-19 16:15:13.480 62972 INFO tempest.lib.common.rest_client [req-7a2878eb-7d7e-41a4-a096-c1c5cdd56357 req-7a2878eb-7d7e-41a4-a096-c1c5cdd56357 ] Request (FlavorsV255TestJSON:setUpClass): 200 GET http://10.180.1.21/identity/v3/roles 0.027s
2025-02-19 16:15:13.494 62982 INFO tempest.lib.common.rest_client [req-e03ccf54-d32d-4fa4-94f2-f1dd4fae426e req-e03ccf54-d32d-4fa4-94f2-f1dd4fae426e ] Request (ServerDiskConfigTestJSON:test_rebuild_server_with_auto_disk_config): 200 GET http://10.180.1.21/compute/v2.1/servers/38f94b87-e642-4875-a44d-89982bf30ace 1.795s
2025-02-19 16:15:13.507 62982 INFO tempest.common.waiters [-] State transition "REBUILD/rebuilding" ==> "REBUILD/rebuild_spawning" after 3 second wait
2025-02-19 16:15:13.517 62958 INFO tempest.lib.common.rest_client [req-fde5d84a-5871-40b9-83a2-5c2e69049b4b req-fde5d84a-5871-40b9-83a2-5c2e69049b4b ] Request (ServersAdminNegativeTestJSON:setUpClass): 204 PUT http://10.180.1.21/identity/v3/projects/46391cdb0eb44743937a26f3a10bf8cf/users/e2995d79fea74b379b406fb636965458/roles/159fde66d6934f09b7586cb9ae2345d6 0.120s
2025-02-19 16:15:13.517 62958 INFO tempest.lib.common.dynamic_creds [-] Dynamic test user e2995d79fea74b379b406fb636965458 is created with scope project and roles: ['member']
2025-02-19 16:15:13.517 62958 INFO tempest.lib.common.dynamic_creds [-] Acquired dynamic creds: credentials: Credentials: {'domain_id': 'default', 'domain_name': 'Default', 'username': 'tempest-ServersAdminNegativeTestJSON-748025987-project-member', 'project_domain_id': 'default', 'project_domain_name': 'Default', 'project_id': '46391cdb0eb44743937a26f3a10bf8cf', 'project_name': 'tempest-ServersAdminNegativeTestJSON-748025987', 'tenant_id': '46391cdb0eb44743937a26f3a10bf8cf', 'tenant_name': 'tempest-ServersAdminNegativeTestJSON-748025987', 'user_domain_id': 'default', 'user_domain_name': 'Default', 'user_id': 'e2995d79fea74b379b406fb636965458', 'system': None}, Network: None, Subnet: None, Router: None
2025-02-19 16:15:13.517 62958 INFO tempest.lib.common.dynamic_creds [-] Created isolated network resources for: credentials: Credentials: {'domain_id': 'default', 'domain_name': 'Default', 'username': 'tempest-ServersAdminNegativeTestJSON-748025987-project-member', 'project_domain_id': 'default', 'project_domain_name': 'Default', 'project_id': '46391cdb0eb44743937a26f3a10bf8cf', 'project_name': 'tempest-ServersAdminNegativeTestJSON-748025987', 'tenant_id': '46391cdb0eb44743937a26f3a10bf8cf', 'tenant_name': 'tempest-ServersAdminNegativeTestJSON-748025987', 'user_domain_id': 'default', 'user_domain_name': 'Default', 'user_id': 'e2995d79fea74b379b406fb636965458', 'system': None}, Network: None, Subnet: None, Router: None
2025-02-19 16:15:13.525 62972 INFO tempest.lib.common.rest_client [req-31fa9f4e-fd41-413b-a26a-28a1208dc7ae req-31fa9f4e-fd41-413b-a26a-28a1208dc7ae ] Request (FlavorsV255TestJSON:setUpClass): 204 PUT http://10.180.1.21/identity/v3/projects/6f2923cc3cc149c59f29681e7c506713/users/438f9b6fec284abfba28a60464ca7342/roles/159fde66d6934f09b7586cb9ae2345d6 0.044s
2025-02-19 16:15:13.525 62972 INFO tempest.lib.common.dynamic_creds [-] Dynamic test user 438f9b6fec284abfba28a60464ca7342 is created with scope project and roles: ['member']
