2025-02-19 16:15:53.674 63002 INFO tempest.lib.common.rest_client [req-675d0fac-7ce8-43e7-9acb-b8738bd48847 req-675d0fac-7ce8-43e7-9acb-b8738bd48847 ] Request (ImagesOneServerNegativeTestJSON:tearDown): 200 GET http://10.180.1.21/compute/v2.1/servers/dbdc473f-3bed-4a6b-82f7-dbddea594fdb 0.288s
2025-02-19 16:15:53.681 63002 INFO tempest.common.waiters [-] State transition "ACTIVE/image_snapshot" ==> "ACTIVE/image_pending_upload" after 2 second wait
2025-02-19 16:15:53.760 62986 INFO tempest.lib.common.rest_client [req-d5e24c24-6083-480f-8951-921d74b70f31 req-d5e24c24-6083-480f-8951-921d74b70f31 ] Request (ServerGroupTestJSON:setUp): 200 POST http://10.180.1.21/compute/v2.1/os-server-groups 0.293s
2025-02-19 16:15:53.782 62950 INFO tempest.lib.common.rest_client [req-e300e76b-90af-414e-a578-98a6b2151c46 req-e300e76b-90af-414e-a578-98a6b2151c46 ] Request (MigrationsAdminTest:test_list_migrations_in_flavor_resize_situation): 200 GET http://10.180.1.21/compute/v2.1/servers/d00a747e-a32f-47cd-b4b6-76402b158f3a 0.274s
2025-02-19 16:15:53.812 62996 INFO tempest.lib.common.rest_client [req-1d385a4a-f873-4a5f-88dc-ce9a75e97d1a req-1d385a4a-f873-4a5f-88dc-ce9a75e97d1a ] Request (ListImageFiltersTestJSON:setUpClass): 200 GET http://10.180.1.21/compute/v2.1/servers/ce37e013-1443-4d3c-a639-ec2d64fddff2 0.241s
2025-02-19 16:15:53.860 63012 INFO tempest.lib.common.rest_client [req-1ad7033f-9550-46d5-bb7a-f03b833f5423 req-1ad7033f-9550-46d5-bb7a-f03b833f5423 ] Request (ServerMetadataTestJSON:setUpClass): 200 GET http://10.180.1.21/compute/v2.1/servers/cf144f6d-e13f-4017-8815-49e714350f71 0.225s
2025-02-19 16:15:53.881 62998 INFO tempest.lib.common.rest_client [req-88ba777d-55a9-44e5-9ef3-d536e8829efa req-88ba777d-55a9-44e5-9ef3-d536e8829efa ] Request (DeleteServersAdminTestJSON:test_delete_server_while_in_error_state): 200 GET http://10.180.1.21/compute/v2.1/servers/e4b17550-dce8-4361-9e52-88e6379d0219 0.274s
2025-02-19 16:15:53.888 62998 INFO tempest.common.waiters [-] State transition "BUILD/block_device_mapping" ==> "BUILD/spawning" after 40 second wait
2025-02-19 16:15:53.921 62964 INFO tempest.lib.common.rest_client [req-c4735e9e-9e21-404a-90cc-489898192f91 req-c4735e9e-9e21-404a-90cc-489898192f91 ] Request (ImagesNegativeTestJSON:test_create_image_from_deleted_server): 200 GET http://10.180.1.21/compute/v2.1/servers/7b8f6860-38b7-45a3-b3a2-e62e726d8d4c 0.245s
2025-02-19 16:15:53.931 62970 INFO tempest.lib.common.rest_client [req-eca99e66-8fcb-49b4-9324-ca549ed1bf08 req-eca99e66-8fcb-49b4-9324-ca549ed1bf08 ] Request (ServerActionsTestOtherB:setUpClass): 200 GET http://10.180.1.21/compute/v2.1/servers/3ff447b7-9a02-4f12-8003-b4915cf440a4 0.206s
2025-02-19 16:15:53.980 62986 INFO tempest.lib.common.rest_client [req-9b5ec737-4424-4db8-abed-d9875aa47034 req-9b5ec737-4424-4db8-abed-d9875aa47034 ] Request (ServerGroupTestJSON:test_create_delete_multiple_server_groups_with_same_name_policy): 200 POST http://10.180.1.21/compute/v2.1/os-server-groups 0.218s
2025-02-19 16:15:54.002 62981 INFO tempest.lib.common.rest_client [req-06046520-cd5d-4ac9-b1bb-c25368a659db req-06046520-cd5d-4ac9-b1bb-c25368a659db ] Request (ServersAdmin275Test:tearDownClass): 200 GET http://10.180.1.21/compute/v2.1/servers/c1e17e07-ebe4-4271-9af9-e1f28786749a 0.192s
2025-02-19 16:15:54.068 62974 INFO tempest.lib.common.rest_client [req-3cd9b0fd-e04b-4f5e-8edc-07aec45560e8 req-3cd9b0fd-e04b-4f5e-8edc-07aec45560e8 ] Request (ServersTestFqdnHostnames:test_create_server_with_fqdn_name): 200 GET http://10.180.1.21/compute/v2.1/servers/2a11bdfc-b093-48e5-a464-d2b33dcb1839 0.148s
2025-02-19 16:15:54.069 62968 INFO tempest.lib.common.rest_client [req-1aa64205-e69b-4db1-8b35-83244177d275 req-1aa64205-e69b-4db1-8b35-83244177d275 ] Request (ServerRescueTestJSON:test_rescue_unrescue_instance): 200 GET http://10.180.1.21/compute/v2.1/servers/2e489091-10ab-4c49-813b-9181de43a09e 0.209s
2025-02-19 16:15:54.124 62972 INFO tempest.lib.common.rest_client [req-0f0ad6c6-cb85-4a50-ba21-7acbbefb67cc req-0f0ad6c6-cb85-4a50-ba21-7acbbefb67cc ] Request (AttachInterfacesUnderV243Test:test_add_remove_fixed_ip): 200 GET http://10.180.1.21/compute/v2.1/servers/f2b6ee32-9ab2-4a4a-a428-80a06b000dc7 0.146s
2025-02-19 16:15:54.129 62986 INFO tempest.lib.common.rest_client [req-a9790014-dede-4e7b-b429-ed42ba73ad01 req-a9790014-dede-4e7b-b429-ed42ba73ad01 ] Request (ServerGroupTestJSON:test_create_delete_multiple_server_groups_with_same_name_policy): 200 POST http://10.180.1.21/compute/v2.1/os-server-groups 0.148s
2025-02-19 16:15:54.192 63008 INFO tempest.lib.common.rest_client [req-ee623cae-682b-4b5f-a92b-f453b13cde32 req-ee623cae-682b-4b5f-a92b-f453b13cde32 ] Request (InstanceActionsTestJSON:tearDownClass): 200 GET http://10.180.1.21/compute/v2.1/servers/1ed66844-ef3b-4812-8552-69e5847ea4cc 0.080s
2025-02-19 16:15:54.195 62990 INFO tempest.lib.common.rest_client [req-456a7f64-7c14-488d-80de-70feaac4f7b4 req-456a7f64-7c14-488d-80de-70feaac4f7b4 ] Request (ServerShowV257Test:test_rebuild_server): 200 GET http://10.180.1.21/compute/v2.1/servers/ead0e84f-e3ba-472d-9307-03b0b925f391 0.161s
2025-02-19 16:15:54.223 62986 INFO tempest.lib.common.rest_client [req-0e586269-2a7a-4a48-85d0-16bbb8fe41c1 req-0e586269-2a7a-4a48-85d0-16bbb8fe41c1 ] Request (ServerGroupTestJSON:test_create_delete_multiple_server_groups_with_same_name_policy): 204 DELETE http://10.180.1.21/compute/v2.1/os-server-groups/3e8fbac6-03a8-4ef8-ae3e-a917f8a1b6cc 0.093s
2025-02-19 16:15:54.246 62986 INFO tempest.lib.common.rest_client [req-62c3dec9-e30b-4535-a870-d792e41e2e36 req-62c3dec9-e30b-4535-a870-d792e41e2e36 ] Request (ServerGroupTestJSON:test_create_delete_multiple_server_groups_with_same_name_policy): 200 GET http://10.180.1.21/compute/v2.1/os-server-groups 0.021s
2025-02-19 16:15:54.272 62986 INFO tempest.lib.common.rest_client [req-09d449fa-9c38-47b2-baa3-65801c9997d5 req-09d449fa-9c38-47b2-baa3-65801c9997d5 ] Request (ServerGroupTestJSON:test_create_delete_multiple_server_groups_with_same_name_policy): 204 DELETE http://10.180.1.21/compute/v2.1/os-server-groups/5cee44eb-ef3f-465e-b5b3-b2fcbb829379 0.021s
2025-02-19 16:15:54.274 62982 INFO tempest.lib.common.rest_client [req-37b56a07-b501-4b2b-833c-70e0d742f063 req-37b56a07-b501-4b2b-833c-70e0d742f063 ] Request (ServerDiskConfigTestJSON:test_rebuild_server_with_manual_disk_config): 200 GET http://10.180.1.21/compute/v2.1/servers/830c95e0-cfef-4940-86d7-3db3bf81d219 0.101s
2025-02-19 16:15:54.286 62986 INFO tempest.lib.common.rest_client [req-d2b0504e-95a6-46d8-b4cf-3b101640fff8 req-d2b0504e-95a6-46d8-b4cf-3b101640fff8 ] Request (ServerGroupTestJSON:test_create_delete_multiple_server_groups_with_same_name_policy): 200 GET http://10.180.1.21/compute/v2.1/os-server-groups 0.014s
2025-02-19 16:15:54.330 62960 INFO tempest.lib.common.rest_client [req-7427bc95-5e9c-4ad1-87ae-904508671cd2 req-7427bc95-5e9c-4ad1-87ae-904508671cd2 ] Request (InstanceActionsNegativeTestJSON:setUpClass): 200 GET http://10.180.1.21/compute/v2.1/servers/ca27a04d-c316-43ca-95bc-479e5657dea8 0.054s
2025-02-19 16:15:54.335 62986 INFO tempest.lib.common.rest_client [req-b040b8f0-3074-4184-93eb-a3df91b1c486 req-b040b8f0-3074-4184-93eb-a3df91b1c486 ] Request (ServerGroupTestJSON:test_create_delete_server_group_with_affinity_policy): 200 POST http://10.180.1.21/compute/v2.1/os-server-groups 0.046s
2025-02-19 16:15:54.392 62992 INFO tempest.lib.common.rest_client [req-3126cd12-9a1f-428e-a647-6b9bb71bee0b req-3126cd12-9a1f-428e-a647-6b9bb71bee0b ] Request (ServerMetadataNegativeTestJSON:setUpClass): 200 GET http://10.180.1.21/compute/v2.1/servers/b81dc60c-f0a2-4243-80d8-21c014cdc311 0.061s
2025-02-19 16:15:54.394 62954 INFO tempest.lib.common.rest_client [req-082444d2-c7f1-4b06-805d-28120f520966 req-082444d2-c7f1-4b06-805d-28120f520966 ] Request (ServerDiagnosticsNegativeTest:tearDownClass): 200 GET http://10.180.1.21/compute/v2.1/servers/ff80e626-b62c-4d87-bbd0-937cd0126a24 0.095s
2025-02-19 16:15:54.412 62986 INFO tempest.lib.common.rest_client [req-677b6352-0ebb-4dd5-9342-f2f44c7627cd req-677b6352-0ebb-4dd5-9342-f2f44c7627cd ] Request (ServerGroupTestJSON:test_create_delete_server_group_with_affinity_policy): 204 DELETE http://10.180.1.21/compute/v2.1/os-server-groups/f70b686b-b745-43a1-95fb-bac5e1cd6d9d 0.075s
2025-02-19 16:15:54.450 62994 INFO tempest.lib.common.rest_client [req-22008dab-bc37-4f12-a3c7-a20e90658627 req-22008dab-bc37-4f12-a3c7-a20e90658627 ] Request (ImagesOneServerTestJSON:test_create_delete_image): 200 GET http://10.180.1.21/compute/v2.1/images/8141f5cb-5002-4e90-8db4-7359fe543c41 0.069s
2025-02-19 16:15:54.456 62988 INFO tempest.lib.common.rest_client [req-c27101b0-c8ce-4f11-a04f-fa0b31fc79d6 req-c27101b0-c8ce-4f11-a04f-fa0b31fc79d6 ] Request (ImagesTestJSON:test_create_image_from_suspended_server): 200 GET http://10.180.1.21/compute/v2.1/servers/5bf389b8-44b8-4e04-bd94-848e4cdfd77f 0.102s
2025-02-19 16:15:54.471 62986 INFO tempest.lib.common.rest_client [req-f6a10c6f-f3c0-4752-ba34-bf3ecd1c90f0 req-f6a10c6f-f3c0-4752-ba34-bf3ecd1c90f0 ] Request (ServerGroupTestJSON:test_create_delete_server_group_with_affinity_policy): 200 GET http://10.180.1.21/compute/v2.1/os-server-groups 0.059s
2025-02-19 16:15:54.515 62958 INFO tempest.lib.common.rest_client [req-e08bfb48-11de-4a31-ac00-f1029d864f1d req-e08bfb48-11de-4a31-ac00-f1029d864f1d ] Request (ServersAdminNegativeTestJSON:setUpClass): 200 GET http://10.180.1.21/compute/v2.1/servers/569c9c5c-9ece-45a4-95f0-b52f6eb3e10b 0.119s
2025-02-19 16:15:54.529 62986 INFO tempest.lib.common.rest_client [req-6f9116ea-4f6c-48e5-ace3-ae4f5f664fdf req-6f9116ea-4f6c-48e5-ace3-ae4f5f664fdf ] Request (ServerGroupTestJSON:test_create_delete_server_group_with_anti_affinity_policy): 200 POST http://10.180.1.21/compute/v2.1/os-server-groups 0.055s
2025-02-19 16:15:54.559 62986 INFO tempest.lib.common.rest_client [req-5f0d50ba-6c5d-447b-b1de-6e358c5009e2 req-5f0d50ba-6c5d-447b-b1de-6e358c5009e2 ] Request (ServerGroupTestJSON:test_create_delete_server_group_with_anti_affinity_policy): 204 DELETE http://10.180.1.21/compute/v2.1/os-server-groups/afa29ead-6996-49b6-bf13-8415a7d6e21a 0.028s
2025-02-19 16:15:54.570 62986 INFO tempest.lib.common.rest_client [req-fbfbe956-32ac-4c0c-bbf0-7fe2db53942f req-fbfbe956-32ac-4c0c-bbf0-7fe2db53942f ] Request (ServerGroupTestJSON:test_create_delete_server_group_with_anti_affinity_policy): 200 GET http://10.180.1.21/compute/v2.1/os-server-groups 0.011s
2025-02-19 16:15:54.604 62986 INFO tempest.lib.common.rest_client [req-8be64f2f-d1a3-4411-b018-3236cf62b86f req-8be64f2f-d1a3-4411-b018-3236cf62b86f ] Request (ServerGroupTestJSON:test_create_server_with_scheduler_hint_group): 201 POST http://10.180.1.21/identity/v3/auth/tokens 0.029s
2025-02-19 16:15:54.605 62986 INFO tempest.lib.common.fixed_network [-] (ServerGroupTestJSON:test_create_server_with_scheduler_hint_group) Found network {'id': '8d004d43-532e-4db4-bf48-d114cf5c906a', 'name': 'tempest-ServerGroupTestJSON-1815729175-network', 'tenant_id': '4592cace5f45437ebe8650edf676889d', 'admin_state_up': True, 'mtu': 8950, 'status': 'ACTIVE', 'subnets': [], 'shared': False, 'project_id': '4592cace5f45437ebe8650edf676889d', 'port_security_enabled': True, 'router:external': False, 'provider:network_type': 'vlan', 'provider:physical_network': 'default', 'provider:segmentation_id': 314, 'availability_zone_hints': [], 'availability_zones': [], 'ipv4_address_scope': None, 'ipv6_address_scope': None, 'description': '', 'tags': [], 'created_at': '2025-02-19T16:15:50Z', 'updated_at': '2025-02-19T16:15:50Z', 'revision_number': 1} available for tenant
2025-02-19 16:15:54.656 63010 INFO tempest.lib.common.rest_client [req-b500e7dd-451f-43d4-925d-2b6bbacda52f req-b500e7dd-451f-43d4-925d-2b6bbacda52f ] Request (ServersTestMultiNic:test_verify_duplicate_network_nics): 200 GET http://10.180.1.21/compute/v2.1/servers/6ce3d9e0-074b-4dbd-a70f-c83e1e1280af 0.128s
2025-02-19 16:15:54.677 63006 INFO tempest.lib.common.rest_client [req-8fd384b2-1c5e-441a-a6d1-ad4362ee6d0c req-8fd384b2-1c5e-441a-a6d1-ad4362ee6d0c ] Request (AttachVolumeTestJSON:test_attach_detach_volume): 200 GET http://10.180.1.21/compute/v2.1/servers/7f563c4b-274b-4324-b04e-0b75488d0290 0.110s
2025-02-19 16:15:54.711 62966 INFO tempest.lib.common.rest_client [req-1a6363f9-f6d3-4305-983b-cfbaf8d348a2 req-1a6363f9-f6d3-4305-983b-cfbaf8d348a2 ] Request (FloatingIPsAssociationNegativeTestJSON:setUpClass): 200 GET http://10.180.1.21/compute/v2.1/servers/6a118a55-f098-4068-a852-556138ed9cdb 0.129s
2025-02-19 16:15:54.787 62984 INFO tempest.lib.common.rest_client [req-138ad6a7-dfb6-409a-b67c-02a44f54aef7 req-138ad6a7-dfb6-409a-b67c-02a44f54aef7 ] Request (TenantUsagesTestJSON:tearDownClass): 200 GET http://10.180.1.21/compute/v2.1/servers/21b5fd37-f3cd-4e97-ac63-bb3b96c52b4b 0.164s
2025-02-19 16:15:55.012 63002 INFO tempest.lib.common.rest_client [req-4a92a8f6-7e5b-4519-82af-ff574cf7ac54 req-4a92a8f6-7e5b-4519-82af-ff574cf7ac54 ] Request (ImagesOneServerNegativeTestJSON:tearDown): 200 GET http://10.180.1.21/compute/v2.1/servers/dbdc473f-3bed-4a6b-82f7-dbddea594fdb 0.328s
2025-02-19 16:15:55.025 63002 INFO tempest.common.waiters [-] State transition "ACTIVE/image_pending_upload" ==> "ACTIVE/image_uploading" after 4 second wait
2025-02-19 16:15:55.123 62950 INFO tempest.lib.common.rest_client [req-c8ad54aa-7405-4117-b9c7-23e3849df953 req-c8ad54aa-7405-4117-b9c7-23e3849df953 ] Request (MigrationsAdminTest:test_list_migrations_in_flavor_resize_situation): 200 GET http://10.180.1.21/compute/v2.1/servers/d00a747e-a32f-47cd-b4b6-76402b158f3a 0.332s
2025-02-19 16:15:55.165 62986 INFO tempest.lib.common.rest_client [req-20223b24-7166-404f-93dc-8282164352c4 req-20223b24-7166-404f-93dc-8282164352c4 ] Request (ServerGroupTestJSON:test_create_server_with_scheduler_hint_group): 202 POST http://10.180.1.21/compute/v2.1/servers 0.560s
2025-02-19 16:15:55.180 62996 INFO tempest.lib.common.rest_client [req-4d34c3c9-c521-41cb-be38-fcfe299290bc req-4d34c3c9-c521-41cb-be38-fcfe299290bc ] Request (ListImageFiltersTestJSON:setUpClass): 200 GET http://10.180.1.21/compute/v2.1/servers/ce37e013-1443-4d3c-a639-ec2d64fddff2 0.361s
2025-02-19 16:15:55.210 62956 WARNING tempest.lib.common.ssh [-] Failed to establish authenticated ssh connection to cirros@10.180.180.136 ([Errno None] Unable to connect to port 22 on 10.180.180.136). Number attempts: 6. Retry after 7 seconds.: paramiko.ssh_exception.NoValidConnectionsError: [Errno None] Unable to connect to port 22 on 10.180.180.136
2025-02-19 16:15:55.216 63012 INFO tempest.lib.common.rest_client [req-41a39e69-d953-4f39-bc0c-af183b17a464 req-41a39e69-d953-4f39-bc0c-af183b17a464 ] Request (ServerMetadataTestJSON:setUpClass): 200 GET http://10.180.1.21/compute/v2.1/servers/cf144f6d-e13f-4017-8815-49e714350f71 0.344s
2025-02-19 16:15:55.288 62964 INFO tempest.lib.common.rest_client [req-03a2c0b3-353a-438e-80c9-dedabb8cf99b req-03a2c0b3-353a-438e-80c9-dedabb8cf99b ] Request (ImagesNegativeTestJSON:test_create_image_from_deleted_server): 200 GET http://10.180.1.21/compute/v2.1/servers/7b8f6860-38b7-45a3-b3a2-e62e726d8d4c 0.358s
2025-02-19 16:15:55.323 62998 INFO tempest.lib.common.rest_client [req-9ccdf4cb-025f-4b51-a5e7-e0fe0a65521d req-9ccdf4cb-025f-4b51-a5e7-e0fe0a65521d ] Request (DeleteServersAdminTestJSON:test_delete_server_while_in_error_state): 200 GET http://10.180.1.21/compute/v2.1/servers/e4b17550-dce8-4361-9e52-88e6379d0219 0.430s
2025-02-19 16:15:55.345 62970 INFO tempest.lib.common.rest_client [req-34e0c1ed-ec8a-453f-8f8b-e3e0ffe09dac req-34e0c1ed-ec8a-453f-8f8b-e3e0ffe09dac ] Request (ServerActionsTestOtherB:setUpClass): 200 GET http://10.180.1.21/compute/v2.1/servers/3ff447b7-9a02-4f12-8003-b4915cf440a4 0.406s
2025-02-19 16:15:55.403 62974 INFO tempest.lib.common.rest_client [req-8cf1dca8-5398-4979-9393-1eeec238e73c req-8cf1dca8-5398-4979-9393-1eeec238e73c ] Request (ServersTestFqdnHostnames:test_create_server_with_fqdn_name): 200 GET http://10.180.1.21/compute/v2.1/servers/2a11bdfc-b093-48e5-a464-d2b33dcb1839 0.325s
2025-02-19 16:15:55.405 62981 INFO tempest.lib.common.rest_client [req-e6a2b87c-5155-46a3-9059-09ec0dda75a5 req-e6a2b87c-5155-46a3-9059-09ec0dda75a5 ] Request (ServersAdmin275Test:tearDownClass): 200 GET http://10.180.1.21/compute/v2.1/servers/c1e17e07-ebe4-4271-9af9-e1f28786749a 0.390s
2025-02-19 16:15:55.460 62968 INFO tempest.lib.common.rest_client [req-d6d7f716-b4a8-4a8f-9b0c-cbb9e08187a2 req-d6d7f716-b4a8-4a8f-9b0c-cbb9e08187a2 ] Request (ServerRescueTestJSON:test_rescue_unrescue_instance): 200 GET http://10.180.1.21/compute/v2.1/servers/2e489091-10ab-4c49-813b-9181de43a09e 0.380s
2025-02-19 16:15:55.462 62972 INFO tempest.lib.common.rest_client [req-99753e92-e850-475c-8add-070172a842f1 req-99753e92-e850-475c-8add-070172a842f1 ] Request (AttachInterfacesUnderV243Test:test_add_remove_fixed_ip): 200 GET http://10.180.1.21/compute/v2.1/servers/f2b6ee32-9ab2-4a4a-a428-80a06b000dc7 0.329s
2025-02-19 16:15:55.504 62986 INFO tempest.lib.common.rest_client [req-a2214fe2-88e4-423b-9a3d-a137d0273c87 req-a2214fe2-88e4-423b-9a3d-a137d0273c87 ] Request (ServerGroupTestJSON:test_create_server_with_scheduler_hint_group): 200 GET http://10.180.1.21/compute/v2.1/servers/66be2ad2-a542-42a6-825d-61ede3f92268 0.336s
2025-02-19 16:15:55.521 63008 INFO tempest.lib.common.rest_client [req-300363c8-c7f2-4df5-ad38-6c5f02756117 req-300363c8-c7f2-4df5-ad38-6c5f02756117 ] Request (InstanceActionsTestJSON:tearDownClass): 200 GET http://10.180.1.21/compute/v2.1/servers/1ed66844-ef3b-4812-8552-69e5847ea4cc 0.318s
2025-02-19 16:15:55.551 62990 INFO tempest.lib.common.rest_client [req-bf03e430-6042-4f29-9a12-dd888cb93ce4 req-bf03e430-6042-4f29-9a12-dd888cb93ce4 ] Request (ServerShowV257Test:test_rebuild_server): 200 GET http://10.180.1.21/compute/v2.1/servers/ead0e84f-e3ba-472d-9307-03b0b925f391 0.345s
2025-02-19 16:15:55.574 62982 INFO tempest.lib.common.rest_client [req-43f85d11-cdde-4ff2-a2ea-c29fb26cf2d5 req-43f85d11-cdde-4ff2-a2ea-c29fb26cf2d5 ] Request (ServerDiskConfigTestJSON:test_rebuild_server_with_manual_disk_config): 200 GET http://10.180.1.21/compute/v2.1/servers/830c95e0-cfef-4940-86d7-3db3bf81d219 0.290s
2025-02-19 16:15:55.601 62960 INFO tempest.lib.common.rest_client [req-e2fc6fc7-1160-47d1-9f60-23d6a801bdb9 req-e2fc6fc7-1160-47d1-9f60-23d6a801bdb9 ] Request (InstanceActionsNegativeTestJSON:setUpClass): 200 GET http://10.180.1.21/compute/v2.1/servers/ca27a04d-c316-43ca-95bc-479e5657dea8 0.258s
2025-02-19 16:15:55.621 62992 INFO tempest.lib.common.rest_client [req-907a815a-efe6-4026-9f1f-18d49255d281 req-907a815a-efe6-4026-9f1f-18d49255d281 ] Request (ServerMetadataNegativeTestJSON:setUpClass): 200 GET http://10.180.1.21/compute/v2.1/servers/b81dc60c-f0a2-4243-80d8-21c014cdc311 0.220s
2025-02-19 16:15:55.656 62994 INFO tempest.lib.common.rest_client [req-61928a1b-b626-435f-9504-2766934002b1 req-61928a1b-b626-435f-9504-2766934002b1 ] Request (ImagesOneServerTestJSON:test_create_delete_image): 200 GET http://10.180.1.21/compute/v2.1/images/8141f5cb-5002-4e90-8db4-7359fe543c41 0.201s
2025-02-19 16:15:55.658 62954 INFO tempest.lib.common.rest_client [req-9050e98a-d88a-449a-bdd7-b8f309950e84 req-9050e98a-d88a-449a-bdd7-b8f309950e84 ] Request (ServerDiagnosticsNegativeTest:tearDownClass): 200 GET http://10.180.1.21/compute/v2.1/servers/ff80e626-b62c-4d87-bbd0-937cd0126a24 0.252s
2025-02-19 16:15:55.712 62988 INFO tempest.lib.common.rest_client [req-6e9ad8be-a4d4-4f40-882b-e346450069b8 req-6e9ad8be-a4d4-4f40-882b-e346450069b8 ] Request (ImagesTestJSON:test_create_image_from_suspended_server): 200 GET http://10.180.1.21/compute/v2.1/servers/5bf389b8-44b8-4e04-bd94-848e4cdfd77f 0.249s
2025-02-19 16:15:55.717 62958 INFO tempest.lib.common.rest_client [req-10794028-a77f-4e3f-aed9-ecfbcd5f7a40 req-10794028-a77f-4e3f-aed9-ecfbcd5f7a40 ] Request (ServersAdminNegativeTestJSON:setUpClass): 200 GET http://10.180.1.21/compute/v2.1/servers/569c9c5c-9ece-45a4-95f0-b52f6eb3e10b 0.194s
2025-02-19 16:15:55.852 63006 INFO tempest.lib.common.rest_client [req-7b14ef3f-722d-47c5-b58a-d0560186cafb req-7b14ef3f-722d-47c5-b58a-d0560186cafb ] Request (AttachVolumeTestJSON:test_attach_detach_volume): 200 GET http://10.180.1.21/compute/v2.1/servers/7f563c4b-274b-4324-b04e-0b75488d0290 0.165s
2025-02-19 16:15:55.863 63006 INFO tempest.common.waiters [-] State transition "ACTIVE/powering-off" ==> "SHUTOFF/None" after 2 second wait
2025-02-19 16:15:55.903 62966 INFO tempest.lib.common.rest_client [req-6f97a6e7-e73a-4051-b18b-35af3d4bd189 req-6f97a6e7-e73a-4051-b18b-35af3d4bd189 ] Request (FloatingIPsAssociationNegativeTestJSON:setUpClass): 200 GET http://10.180.1.21/compute/v2.1/servers/6a118a55-f098-4068-a852-556138ed9cdb 0.183s
2025-02-19 16:15:55.910 63010 INFO tempest.lib.common.rest_client [req-73e07622-90fc-49bd-a562-6de592bfaa0c req-73e07622-90fc-49bd-a562-6de592bfaa0c ] Request (ServersTestMultiNic:test_verify_duplicate_network_nics): 200 GET http://10.180.1.21/compute/v2.1/servers/6ce3d9e0-074b-4dbd-a70f-c83e1e1280af 0.244s
2025-02-19 16:15:55.963 62984 INFO tempest.lib.common.rest_client [req-ae151451-d489-41b4-b06f-00966102a359 req-ae151451-d489-41b4-b06f-00966102a359 ] Request (TenantUsagesTestJSON:tearDownClass): 200 GET http://10.180.1.21/compute/v2.1/servers/21b5fd37-f3cd-4e97-ac63-bb3b96c52b4b 0.167s
2025-02-19 16:15:55.975 63006 INFO tempest.lib.common.rest_client [req-964ddd36-873c-4039-a023-9c83ee2c19a5 req-964ddd36-873c-4039-a023-9c83ee2c19a5 ] Request (AttachVolumeTestJSON:test_attach_detach_volume): 202 POST http://10.180.1.21/compute/v2.1/servers/7f563c4b-274b-4324-b04e-0b75488d0290/action 0.112s
2025-02-19 16:15:56.080 63006 INFO tempest.lib.common.rest_client [req-2a6f6507-2746-462c-8fc0-92d7c9759aca req-2a6f6507-2746-462c-8fc0-92d7c9759aca ] Request (AttachVolumeTestJSON:test_attach_detach_volume): 200 GET http://10.180.1.21/compute/v2.1/servers/7f563c4b-274b-4324-b04e-0b75488d0290 0.104s
2025-02-19 16:15:56.124 63002 INFO tempest.lib.common.rest_client [req-35294612-1a54-4ac9-b2c4-47ba3b9b585b req-35294612-1a54-4ac9-b2c4-47ba3b9b585b ] Request (ImagesOneServerNegativeTestJSON:tearDown): 200 GET http://10.180.1.21/compute/v2.1/servers/dbdc473f-3bed-4a6b-82f7-dbddea594fdb 0.098s
2025-02-19 16:15:56.221 62950 INFO tempest.lib.common.rest_client [req-4448d21b-b77d-46f2-ba35-fec89fe6ef91 req-4448d21b-b77d-46f2-ba35-fec89fe6ef91 ] Request (MigrationsAdminTest:test_list_migrations_in_flavor_resize_situation): 200 GET http://10.180.1.21/compute/v2.1/servers/d00a747e-a32f-47cd-b4b6-76402b158f3a 0.089s
2025-02-19 16:15:56.240 62996 INFO tempest.lib.common.rest_client [req-ff019752-bb77-4fd1-876d-5d3f375100f8 req-ff019752-bb77-4fd1-876d-5d3f375100f8 ] Request (ListImageFiltersTestJSON:setUpClass): 200 GET http://10.180.1.21/compute/v2.1/servers/ce37e013-1443-4d3c-a639-ec2d64fddff2 0.052s
2025-02-19 16:15:56.273 63012 INFO tempest.lib.common.rest_client [req-f8ec6467-ed9e-44c0-8033-7c2353f06ca1 req-f8ec6467-ed9e-44c0-8033-7c2353f06ca1 ] Request (ServerMetadataTestJSON:setUpClass): 200 GET http://10.180.1.21/compute/v2.1/servers/cf144f6d-e13f-4017-8815-49e714350f71 0.049s
2025-02-19 16:15:56.358 62964 INFO tempest.lib.common.rest_client [req-85f17bd7-8fc0-47bc-b20b-cc816030d9b7 req-85f17bd7-8fc0-47bc-b20b-cc816030d9b7 ] Request (ImagesNegativeTestJSON:test_create_image_from_deleted_server): 200 GET http://10.180.1.21/compute/v2.1/servers/7b8f6860-38b7-45a3-b3a2-e62e726d8d4c 0.058s
2025-02-19 16:15:56.405 62970 INFO tempest.lib.common.rest_client [req-5e1c7c82-d82f-4df7-b1a3-4bf09db36c95 req-5e1c7c82-d82f-4df7-b1a3-4bf09db36c95 ] Request (ServerActionsTestOtherB:setUpClass): 200 GET http://10.180.1.21/compute/v2.1/servers/3ff447b7-9a02-4f12-8003-b4915cf440a4 0.050s
2025-02-19 16:15:56.435 62998 INFO tempest.lib.common.rest_client [req-972ad64e-5d6e-429f-b53c-6ee5e0bf11fd req-972ad64e-5d6e-429f-b53c-6ee5e0bf11fd ] Request (DeleteServersAdminTestJSON:test_delete_server_while_in_error_state): 200 GET http://10.180.1.21/compute/v2.1/servers/e4b17550-dce8-4361-9e52-88e6379d0219 0.099s
2025-02-19 16:15:56.456 62974 INFO tempest.lib.common.rest_client [req-629822e6-1f1b-4b38-9bfe-c447d869e82f req-629822e6-1f1b-4b38-9bfe-c447d869e82f ] Request (ServersTestFqdnHostnames:test_create_server_with_fqdn_name): 200 GET http://10.180.1.21/compute/v2.1/servers/2a11bdfc-b093-48e5-a464-d2b33dcb1839 0.044s
2025-02-19 16:15:56.491 62981 INFO tempest.lib.common.rest_client [req-682bfbae-3529-4a4a-a639-85dfad4b74e2 req-682bfbae-3529-4a4a-a639-85dfad4b74e2 ] Request (ServersAdmin275Test:tearDownClass): 200 GET http://10.180.1.21/compute/v2.1/servers/c1e17e07-ebe4-4271-9af9-e1f28786749a 0.073s
2025-02-19 16:15:56.519 62972 INFO tempest.lib.common.rest_client [req-f966880b-d948-4b4f-966f-50c6bc5bdad4 req-f966880b-d948-4b4f-966f-50c6bc5bdad4 ] Request (AttachInterfacesUnderV243Test:test_add_remove_fixed_ip): 200 GET http://10.180.1.21/compute/v2.1/servers/f2b6ee32-9ab2-4a4a-a428-80a06b000dc7 0.048s
2025-02-19 16:15:56.534 62968 INFO tempest.lib.common.rest_client [req-c9682321-8994-4f83-9d0e-ad13cd33567d req-c9682321-8994-4f83-9d0e-ad13cd33567d ] Request (ServerRescueTestJSON:test_rescue_unrescue_instance): 200 GET http://10.180.1.21/compute/v2.1/servers/2e489091-10ab-4c49-813b-9181de43a09e 0.061s
2025-02-19 16:15:56.541 62968 INFO tempest.common.waiters [-] State transition "BUILD/None" ==> "BUILD/networking" after 40 second wait
2025-02-19 16:15:56.562 62986 INFO tempest.lib.common.rest_client [req-de3f6671-a2da-48ca-9a58-16bc8e575c7b req-de3f6671-a2da-48ca-9a58-16bc8e575c7b ] Request (ServerGroupTestJSON:test_create_server_with_scheduler_hint_group): 200 GET http://10.180.1.21/compute/v2.1/servers/66be2ad2-a542-42a6-825d-61ede3f92268 0.050s
2025-02-19 16:15:56.595 63008 INFO tempest.lib.common.rest_client [req-b8c95218-8d83-483c-b882-c3bf0f093985 req-b8c95218-8d83-483c-b882-c3bf0f093985 ] Request (InstanceActionsTestJSON:tearDownClass): 200 GET http://10.180.1.21/compute/v2.1/servers/1ed66844-ef3b-4812-8552-69e5847ea4cc 0.064s
2025-02-19 16:15:56.616 62990 INFO tempest.lib.common.rest_client [req-a6c8c88d-2ad8-4fa3-b2b8-f1730d139578 req-a6c8c88d-2ad8-4fa3-b2b8-f1730d139578 ] Request (ServerShowV257Test:test_rebuild_server): 200 GET http://10.180.1.21/compute/v2.1/servers/ead0e84f-e3ba-472d-9307-03b0b925f391 0.055s
2025-02-19 16:15:56.642 62982 INFO tempest.lib.common.rest_client [req-9c3b7aa6-6e0b-4871-82c1-93913a941ceb req-9c3b7aa6-6e0b-4871-82c1-93913a941ceb ] Request (ServerDiskConfigTestJSON:test_rebuild_server_with_manual_disk_config): 200 GET http://10.180.1.21/compute/v2.1/servers/830c95e0-cfef-4940-86d7-3db3bf81d219 0.060s
2025-02-19 16:15:56.666 62960 INFO tempest.lib.common.rest_client [req-00cc398d-098b-4350-a1dd-ed2051e974dd req-00cc398d-098b-4350-a1dd-ed2051e974dd ] Request (InstanceActionsNegativeTestJSON:setUpClass): 200 GET http://10.180.1.21/compute/v2.1/servers/ca27a04d-c316-43ca-95bc-479e5657dea8 0.057s
2025-02-19 16:15:56.704 62992 INFO tempest.lib.common.rest_client [req-7cd7d71b-8045-4a49-9f11-747f39ed3665 req-7cd7d71b-8045-4a49-9f11-747f39ed3665 ] Request (ServerMetadataNegativeTestJSON:setUpClass): 200 GET http://10.180.1.21/compute/v2.1/servers/b81dc60c-f0a2-4243-80d8-21c014cdc311 0.073s
2025-02-19 16:15:56.706 62994 INFO tempest.lib.common.rest_client [req-14d8491a-dca9-45c6-bbe3-455ed0625ae9 req-14d8491a-dca9-45c6-bbe3-455ed0625ae9 ] Request (ImagesOneServerTestJSON:test_create_delete_image): 200 GET http://10.180.1.21/compute/v2.1/images/8141f5cb-5002-4e90-8db4-7359fe543c41 0.047s
2025-02-19 16:15:56.775 62954 INFO tempest.lib.common.rest_client [req-03648fc2-0109-45c1-973b-eb0c9dae64a2 req-03648fc2-0109-45c1-973b-eb0c9dae64a2 ] Request (ServerDiagnosticsNegativeTest:tearDownClass): 200 GET http://10.180.1.21/compute/v2.1/servers/ff80e626-b62c-4d87-bbd0-937cd0126a24 0.109s
2025-02-19 16:15:56.785 62988 INFO tempest.lib.common.rest_client [req-236950ff-fedc-44d8-b49c-2160d34a8ad5 req-236950ff-fedc-44d8-b49c-2160d34a8ad5 ] Request (ImagesTestJSON:test_create_image_from_suspended_server): 200 GET http://10.180.1.21/compute/v2.1/servers/5bf389b8-44b8-4e04-bd94-848e4cdfd77f 0.065s
2025-02-19 16:15:56.832 62958 INFO tempest.lib.common.rest_client [req-2da0c46e-d337-474d-a804-cc27048cd61b req-2da0c46e-d337-474d-a804-cc27048cd61b ] Request (ServersAdminNegativeTestJSON:setUpClass): 200 GET http://10.180.1.21/compute/v2.1/servers/569c9c5c-9ece-45a4-95f0-b52f6eb3e10b 0.106s
2025-02-19 16:15:56.965 62966 INFO tempest.lib.common.rest_client [req-81610c1b-ab0f-4228-a9ca-a90e54188435 req-81610c1b-ab0f-4228-a9ca-a90e54188435 ] Request (FloatingIPsAssociationNegativeTestJSON:setUpClass): 200 GET http://10.180.1.21/compute/v2.1/servers/6a118a55-f098-4068-a852-556138ed9cdb 0.054s
2025-02-19 16:15:57.002 62978 WARNING tempest.lib.common.ssh [-] Failed to establish authenticated ssh connection to cirros@10.180.180.180 ([Errno None] Unable to connect to port 22 on 10.180.180.180). Number attempts: 5. Retry after 6 seconds.: paramiko.ssh_exception.NoValidConnectionsError: [Errno None] Unable to connect to port 22 on 10.180.180.180
2025-02-19 16:15:57.036 62984 INFO tempest.lib.common.rest_client [req-2a25547e-66fa-4607-a5a0-fb51bd571e93 req-2a25547e-66fa-4607-a5a0-fb51bd571e93 ] Request (TenantUsagesTestJSON:tearDownClass): 200 GET http://10.180.1.21/compute/v2.1/servers/21b5fd37-f3cd-4e97-ac63-bb3b96c52b4b 0.065s
2025-02-19 16:15:57.078 63010 INFO tempest.lib.common.rest_client [req-1ff30877-e465-4249-b5e9-137a71a5e57f req-1ff30877-e465-4249-b5e9-137a71a5e57f ] Request (ServersTestMultiNic:test_verify_duplicate_network_nics): 200 GET http://10.180.1.21/compute/v2.1/servers/6ce3d9e0-074b-4dbd-a70f-c83e1e1280af 0.158s
2025-02-19 16:15:57.195 63006 INFO tempest.lib.common.rest_client [req-75f13027-1fca-4cd8-8bd3-ae2dd95cfc15 req-75f13027-1fca-4cd8-8bd3-ae2dd95cfc15 ] Request (AttachVolumeTestJSON:test_attach_detach_volume): 200 GET http://10.180.1.21/compute/v2.1/servers/7f563c4b-274b-4324-b04e-0b75488d0290 0.107s
2025-02-19 16:15:57.230 63002 INFO tempest.lib.common.rest_client [req-90417084-cb6c-4c42-b328-9a848f8b4e2e req-90417084-cb6c-4c42-b328-9a848f8b4e2e ] Request (ImagesOneServerNegativeTestJSON:tearDown): 200 GET http://10.180.1.21/compute/v2.1/servers/dbdc473f-3bed-4a6b-82f7-dbddea594fdb 0.097s
2025-02-19 16:15:57.313 62996 INFO tempest.lib.common.rest_client [req-d7f584aa-3b2f-4af4-8ee3-d515ac1bfbfe req-d7f584aa-3b2f-4af4-8ee3-d515ac1bfbfe ] Request (ListImageFiltersTestJSON:setUpClass): 200 GET http://10.180.1.21/compute/v2.1/servers/ce37e013-1443-4d3c-a639-ec2d64fddff2 0.065s
2025-02-19 16:15:57.334 62950 INFO tempest.lib.common.rest_client [req-f0762506-40d2-4681-8926-d3cb6e02e225 req-f0762506-40d2-4681-8926-d3cb6e02e225 ] Request (MigrationsAdminTest:test_list_migrations_in_flavor_resize_situation): 200 GET http://10.180.1.21/compute/v2.1/servers/d00a747e-a32f-47cd-b4b6-76402b158f3a 0.106s
2025-02-19 16:15:57.360 63012 INFO tempest.lib.common.rest_client [req-3a52d952-b5be-4e40-9e68-9022c55e675f req-3a52d952-b5be-4e40-9e68-9022c55e675f ] Request (ServerMetadataTestJSON:setUpClass): 200 GET http://10.180.1.21/compute/v2.1/servers/cf144f6d-e13f-4017-8815-49e714350f71 0.079s
2025-02-19 16:15:57.419 62964 INFO tempest.lib.common.rest_client [req-934f37cf-4684-4e3b-8295-4de6fa031cbb req-934f37cf-4684-4e3b-8295-4de6fa031cbb ] Request (ImagesNegativeTestJSON:test_create_image_from_deleted_server): 200 GET http://10.180.1.21/compute/v2.1/servers/7b8f6860-38b7-45a3-b3a2-e62e726d8d4c 0.053s
2025-02-19 16:15:57.461 62970 INFO tempest.lib.common.rest_client [req-5cf0bb8a-613c-4327-adcd-887bfb63c534 req-5cf0bb8a-613c-4327-adcd-887bfb63c534 ] Request (ServerActionsTestOtherB:setUpClass): 200 GET http://10.180.1.21/compute/v2.1/servers/3ff447b7-9a02-4f12-8003-b4915cf440a4 0.047s
2025-02-19 16:15:57.514 62974 INFO tempest.lib.common.rest_client [req-39eb80b6-e596-49f2-a1ad-8bceddfa16a5 req-39eb80b6-e596-49f2-a1ad-8bceddfa16a5 ] Request (ServersTestFqdnHostnames:test_create_server_with_fqdn_name): 200 GET http://10.180.1.21/compute/v2.1/servers/2a11bdfc-b093-48e5-a464-d2b33dcb1839 0.051s
2025-02-19 16:15:57.547 62998 INFO tempest.lib.common.rest_client [req-7470d0fe-21f7-4d35-adf9-de200328699f req-7470d0fe-21f7-4d35-adf9-de200328699f ] Request (DeleteServersAdminTestJSON:test_delete_server_while_in_error_state): 200 GET http://10.180.1.21/compute/v2.1/servers/e4b17550-dce8-4361-9e52-88e6379d0219 0.104s
2025-02-19 16:15:57.586 62981 INFO tempest.lib.common.rest_client [req-2fc8c2cb-70c2-4330-978c-b6801861a664 req-2fc8c2cb-70c2-4330-978c-b6801861a664 ] Request (ServersAdmin275Test:tearDownClass): 200 GET http://10.180.1.21/compute/v2.1/servers/c1e17e07-ebe4-4271-9af9-e1f28786749a 0.085s
2025-02-19 16:15:57.598 62972 INFO tempest.lib.common.rest_client [req-6f188b97-d3cc-4f58-bdfa-a118d7ae1972 req-6f188b97-d3cc-4f58-bdfa-a118d7ae1972 ] Request (AttachInterfacesUnderV243Test:test_add_remove_fixed_ip): 200 GET http://10.180.1.21/compute/v2.1/servers/f2b6ee32-9ab2-4a4a-a428-80a06b000dc7 0.072s
2025-02-19 16:15:57.653 62986 INFO tempest.lib.common.rest_client [req-ed9cc00a-4d65-40a4-81c3-f722eb81d7e9 req-ed9cc00a-4d65-40a4-81c3-f722eb81d7e9 ] Request (ServerGroupTestJSON:test_create_server_with_scheduler_hint_group): 200 GET http://10.180.1.21/compute/v2.1/servers/66be2ad2-a542-42a6-825d-61ede3f92268 0.084s
2025-02-19 16:15:57.941 63008 INFO tempest.lib.common.rest_client [req-524abe5a-2376-47f6-8206-7cbcc95b0446 req-524abe5a-2376-47f6-8206-7cbcc95b0446 ] Request (InstanceActionsTestJSON:tearDownClass): 200 GET http://10.180.1.21/compute/v2.1/servers/1ed66844-ef3b-4812-8552-69e5847ea4cc 0.339s
2025-02-19 16:15:57.961 62968 INFO tempest.lib.common.rest_client [req-ef713e35-6680-4f32-ab50-b39ac3adaec1 req-ef713e35-6680-4f32-ab50-b39ac3adaec1 ] Request (ServerRescueTestJSON:test_rescue_unrescue_instance): 200 GET http://10.180.1.21/compute/v2.1/servers/2e489091-10ab-4c49-813b-9181de43a09e 0.419s
2025-02-19 16:15:57.968 62968 INFO tempest.common.waiters [-] State transition "BUILD/networking" ==> "BUILD/block_device_mapping" after 41 second wait
2025-02-19 16:15:58.003 62990 INFO tempest.lib.common.rest_client [req-38c26ef1-694a-4389-8591-e5289eb83d91 req-38c26ef1-694a-4389-8591-e5289eb83d91 ] Request (ServerShowV257Test:test_rebuild_server): 200 GET http://10.180.1.21/compute/v2.1/servers/ead0e84f-e3ba-472d-9307-03b0b925f391 0.378s
2025-02-19 16:15:58.018 62982 INFO tempest.lib.common.rest_client [req-a911e29b-a07a-431c-bb21-61f4caecdaef req-a911e29b-a07a-431c-bb21-61f4caecdaef ] Request (ServerDiskConfigTestJSON:test_rebuild_server_with_manual_disk_config): 200 GET http://10.180.1.21/compute/v2.1/servers/830c95e0-cfef-4940-86d7-3db3bf81d219 0.365s
2025-02-19 16:15:58.059 62994 INFO tempest.lib.common.rest_client [req-cb3fb736-54c5-490d-bf68-125f4ad9fd87 req-cb3fb736-54c5-490d-bf68-125f4ad9fd87 ] Request (ImagesOneServerTestJSON:test_create_delete_image): 200 GET http://10.180.1.21/compute/v2.1/images/8141f5cb-5002-4e90-8db4-7359fe543c41 0.348s
2025-02-19 16:15:58.072 62960 INFO tempest.lib.common.rest_client [req-004d4444-ee2d-47ac-88b1-03792122ce97 req-004d4444-ee2d-47ac-88b1-03792122ce97 ] Request (InstanceActionsNegativeTestJSON:setUpClass): 200 GET http://10.180.1.21/compute/v2.1/servers/ca27a04d-c316-43ca-95bc-479e5657dea8 0.392s
2025-02-19 16:15:58.134 62992 INFO tempest.lib.common.rest_client [req-fc9838bf-4a46-4c48-a4b7-4c3a37a971a6 req-fc9838bf-4a46-4c48-a4b7-4c3a37a971a6 ] Request (ServerMetadataNegativeTestJSON:setUpClass): 200 GET http://10.180.1.21/compute/v2.1/servers/b81dc60c-f0a2-4243-80d8-21c014cdc311 0.420s
2025-02-19 16:15:58.147 62954 INFO tempest.lib.common.rest_client [req-6f5a56cb-ea70-4ba9-ba00-c4fcec37dbfa req-6f5a56cb-ea70-4ba9-ba00-c4fcec37dbfa ] Request (ServerDiagnosticsNegativeTest:tearDownClass): 200 GET http://10.180.1.21/compute/v2.1/servers/ff80e626-b62c-4d87-bbd0-937cd0126a24 0.361s
2025-02-19 16:15:58.155 62976 WARNING tempest.lib.common.ssh [-] Failed to establish authenticated ssh connection to cirros@10.180.180.210 ([Errno None] Unable to connect to port 22 on 10.180.180.210). Number attempts: 4. Retry after 5 seconds.: paramiko.ssh_exception.NoValidConnectionsError: [Errno None] Unable to connect to port 22 on 10.180.180.210
2025-02-19 16:15:58.195 62988 INFO tempest.lib.common.rest_client [req-0c10a4ca-7a19-49db-87f5-b3daa8e4c53f req-0c10a4ca-7a19-49db-87f5-b3daa8e4c53f ] Request (ImagesTestJSON:test_create_image_from_suspended_server): 200 GET http://10.180.1.21/compute/v2.1/servers/5bf389b8-44b8-4e04-bd94-848e4cdfd77f 0.396s
2025-02-19 16:15:58.212 62958 INFO tempest.lib.common.rest_client [req-feefa414-26d8-48fa-a30d-945c02e8fa92 req-feefa414-26d8-48fa-a30d-945c02e8fa92 ] Request (ServersAdminNegativeTestJSON:setUpClass): 200 GET http://10.180.1.21/compute/v2.1/servers/569c9c5c-9ece-45a4-95f0-b52f6eb3e10b 0.367s
2025-02-19 16:15:58.249 62966 INFO tempest.lib.common.rest_client [req-ec1f701f-05f9-49ee-b551-423fd067f8f7 req-ec1f701f-05f9-49ee-b551-423fd067f8f7 ] Request (FloatingIPsAssociationNegativeTestJSON:setUpClass): 200 GET http://10.180.1.21/compute/v2.1/servers/6a118a55-f098-4068-a852-556138ed9cdb 0.275s
2025-02-19 16:15:58.282 62962 WARNING tempest.lib.common.ssh [-] Failed to establish authenticated ssh connection to cirros@10.180.180.251 ([Errno None] Unable to connect to port 22 on 10.180.180.251). Number attempts: 8. Retry after 9 seconds.: paramiko.ssh_exception.NoValidConnectionsError: [Errno None] Unable to connect to port 22 on 10.180.180.251
2025-02-19 16:15:58.283 62984 INFO tempest.lib.common.rest_client [req-f3a1dc1a-62d7-4c4e-972b-36b762461286 req-f3a1dc1a-62d7-4c4e-972b-36b762461286 ] Request (TenantUsagesTestJSON:tearDownClass): 200 GET http://10.180.1.21/compute/v2.1/servers/21b5fd37-f3cd-4e97-ac63-bb3b96c52b4b 0.239s
2025-02-19 16:15:58.388 63010 INFO tempest.lib.common.rest_client [req-03d7dd35-356b-4125-9059-ce6b71db3ad1 req-03d7dd35-356b-4125-9059-ce6b71db3ad1 ] Request (ServersTestMultiNic:test_verify_duplicate_network_nics): 200 GET http://10.180.1.21/compute/v2.1/servers/6ce3d9e0-074b-4dbd-a70f-c83e1e1280af 0.302s
2025-02-19 16:15:58.429 63006 INFO tempest.lib.common.rest_client [req-2d39e784-6a87-4e2e-a4a3-c2d5a6d95c84 req-2d39e784-6a87-4e2e-a4a3-c2d5a6d95c84 ] Request (AttachVolumeTestJSON:test_attach_detach_volume): 200 GET http://10.180.1.21/compute/v2.1/servers/7f563c4b-274b-4324-b04e-0b75488d0290 0.223s
2025-02-19 16:15:58.482 63002 INFO tempest.lib.common.rest_client [req-db53b17e-94c7-4af3-8b4b-09461c8db9e7 req-db53b17e-94c7-4af3-8b4b-09461c8db9e7 ] Request (ImagesOneServerNegativeTestJSON:tearDown): 200 GET http://10.180.1.21/compute/v2.1/servers/dbdc473f-3bed-4a6b-82f7-dbddea594fdb 0.242s
2025-02-19 16:15:58.490 63002 INFO tempest.common.waiters [-] State transition "ACTIVE/image_uploading" ==> "ACTIVE/None" after 7 second wait
2025-02-19 16:15:58.496 62996 INFO tempest.lib.common.rest_client [req-c7093479-0262-42e9-aa97-2ebaaaf5c511 req-c7093479-0262-42e9-aa97-2ebaaaf5c511 ] Request (ListImageFiltersTestJSON:setUpClass): 200 GET http://10.180.1.21/compute/v2.1/servers/ce37e013-1443-4d3c-a639-ec2d64fddff2 0.175s
2025-02-19 16:15:58.544 63012 INFO tempest.lib.common.rest_client [req-b4e70d3f-3ba7-4b18-b512-92128f5198f2 req-b4e70d3f-3ba7-4b18-b512-92128f5198f2 ] Request (ServerMetadataTestJSON:setUpClass): 200 GET http://10.180.1.21/compute/v2.1/servers/cf144f6d-e13f-4017-8815-49e714350f71 0.177s
2025-02-19 16:15:58.576 62950 INFO tempest.lib.common.rest_client [req-7411d6c4-93aa-4203-a6f3-c7483900ac3c req-7411d6c4-93aa-4203-a6f3-c7483900ac3c ] Request (MigrationsAdminTest:test_list_migrations_in_flavor_resize_situation): 200 GET http://10.180.1.21/compute/v2.1/servers/d00a747e-a32f-47cd-b4b6-76402b158f3a 0.231s
2025-02-19 16:15:58.595 62964 INFO tempest.lib.common.rest_client [req-f9784279-aa29-4465-a2e3-e9c61aaaa464 req-f9784279-aa29-4465-a2e3-e9c61aaaa464 ] Request (ImagesNegativeTestJSON:test_create_image_from_deleted_server): 200 GET http://10.180.1.21/compute/v2.1/servers/7b8f6860-38b7-45a3-b3a2-e62e726d8d4c 0.166s
2025-02-19 16:15:58.623 62970 INFO tempest.lib.common.rest_client [req-68df1c39-1629-46a1-9e68-1bcda6c15439 req-68df1c39-1629-46a1-9e68-1bcda6c15439 ] Request (ServerActionsTestOtherB:setUpClass): 200 GET http://10.180.1.21/compute/v2.1/servers/3ff447b7-9a02-4f12-8003-b4915cf440a4 0.154s
2025-02-19 16:15:58.667 62974 INFO tempest.lib.common.rest_client [req-b729da6e-c8af-424a-a94e-637c4077cc01 req-b729da6e-c8af-424a-a94e-637c4077cc01 ] Request (ServersTestFqdnHostnames:test_create_server_with_fqdn_name): 200 GET http://10.180.1.21/compute/v2.1/servers/2a11bdfc-b093-48e5-a464-d2b33dcb1839 0.145s
2025-02-19 16:15:58.683 63002 INFO tempest.lib.common.rest_client [req-30907a5d-b19c-4eea-807f-16d6f9207756 req-30907a5d-b19c-4eea-807f-16d6f9207756 ] Request (ImagesOneServerNegativeTestJSON:_run_cleanups): 204 DELETE http://10.180.1.21/compute/v2.1/servers/dbdc473f-3bed-4a6b-82f7-dbddea594fdb 0.192s
2025-02-19 16:15:58.749 62981 INFO tempest.lib.common.rest_client [req-b194cda2-9f88-4e3a-8298-7b3af5316f5e req-b194cda2-9f88-4e3a-8298-7b3af5316f5e ] Request (ServersAdmin275Test:tearDownClass): 200 GET http://10.180.1.21/compute/v2.1/servers/c1e17e07-ebe4-4271-9af9-e1f28786749a 0.153s
2025-02-19 16:15:58.764 62998 INFO tempest.lib.common.rest_client [req-28e28c97-20ab-4f4d-8e94-9a40985aa8a1 req-28e28c97-20ab-4f4d-8e94-9a40985aa8a1 ] Request (DeleteServersAdminTestJSON:test_delete_server_while_in_error_state): 200 GET http://10.180.1.21/compute/v2.1/servers/e4b17550-dce8-4361-9e52-88e6379d0219 0.208s
2025-02-19 16:15:58.803 62972 INFO tempest.lib.common.rest_client [req-c039936e-2d9d-453c-8484-fd82b69ff133 req-c039936e-2d9d-453c-8484-fd82b69ff133 ] Request (AttachInterfacesUnderV243Test:test_add_remove_fixed_ip): 200 GET http://10.180.1.21/compute/v2.1/servers/f2b6ee32-9ab2-4a4a-a428-80a06b000dc7 0.197s
2025-02-19 16:15:58.819 62986 INFO tempest.lib.common.rest_client [req-5ca59eeb-0ac6-4a8c-bdc9-c6d2da11940a req-5ca59eeb-0ac6-4a8c-bdc9-c6d2da11940a ] Request (ServerGroupTestJSON:test_create_server_with_scheduler_hint_group): 200 GET http://10.180.1.21/compute/v2.1/servers/66be2ad2-a542-42a6-825d-61ede3f92268 0.154s
2025-02-19 16:15:58.897 63002 INFO tempest.lib.common.rest_client [req-3bc6c8af-6679-4276-9569-87f123e1c745 req-3bc6c8af-6679-4276-9569-87f123e1c745 ] Request (ImagesOneServerNegativeTestJSON:_run_cleanups): 200 GET http://10.180.1.21/compute/v2.1/servers/dbdc473f-3bed-4a6b-82f7-dbddea594fdb 0.214s
2025-02-19 16:15:59.028 63008 INFO tempest.lib.common.rest_client [req-ac4103ed-239d-4c73-a795-cbed6e3fc077 req-ac4103ed-239d-4c73-a795-cbed6e3fc077 ] Request (InstanceActionsTestJSON:tearDownClass): 200 GET http://10.180.1.21/compute/v2.1/servers/1ed66844-ef3b-4812-8552-69e5847ea4cc 0.078s
2025-02-19 16:15:59.082 62990 INFO tempest.lib.common.rest_client [req-d5b97b67-ee32-41e0-9c3e-73095273c96d req-d5b97b67-ee32-41e0-9c3e-73095273c96d ] Request (ServerShowV257Test:test_rebuild_server): 200 GET http://10.180.1.21/compute/v2.1/servers/ead0e84f-e3ba-472d-9307-03b0b925f391 0.066s
2025-02-19 16:15:59.083 62968 INFO tempest.lib.common.rest_client [req-2d2a3f02-99fb-4215-811e-2a8189585319 req-2d2a3f02-99fb-4215-811e-2a8189585319 ] Request (ServerRescueTestJSON:test_rescue_unrescue_instance): 200 GET http://10.180.1.21/compute/v2.1/servers/2e489091-10ab-4c49-813b-9181de43a09e 0.113s
2025-02-19 16:15:59.091 62968 INFO tempest.common.waiters [-] State transition "BUILD/block_device_mapping" ==> "BUILD/spawning" after 43 second wait
2025-02-19 16:15:59.122 62994 INFO tempest.lib.common.rest_client [req-a94b1603-f428-4dd7-a638-8646348e3bc3 req-a94b1603-f428-4dd7-a638-8646348e3bc3 ] Request (ImagesOneServerTestJSON:test_create_delete_image): 200 GET http://10.180.1.21/compute/v2.1/images/8141f5cb-5002-4e90-8db4-7359fe543c41 0.058s
2025-02-19 16:15:59.138 62982 INFO tempest.lib.common.rest_client [req-23950324-59a5-45f5-bb0c-02f2b6bc82f1 req-23950324-59a5-45f5-bb0c-02f2b6bc82f1 ] Request (ServerDiskConfigTestJSON:test_rebuild_server_with_manual_disk_config): 200 GET http://10.180.1.21/compute/v2.1/servers/830c95e0-cfef-4940-86d7-3db3bf81d219 0.110s
2025-02-19 16:15:59.178 62960 INFO tempest.lib.common.rest_client [req-613d0dc4-872a-4fc8-8068-1354b12be9bb req-613d0dc4-872a-4fc8-8068-1354b12be9bb ] Request (InstanceActionsNegativeTestJSON:setUpClass): 200 GET http://10.180.1.21/compute/v2.1/servers/ca27a04d-c316-43ca-95bc-479e5657dea8 0.092s
2025-02-19 16:15:59.203 62954 INFO tempest.lib.common.rest_client [req-dfef38a2-47ad-4eda-915f-8fbf5aa1a9f4 req-dfef38a2-47ad-4eda-915f-8fbf5aa1a9f4 ] Request (ServerDiagnosticsNegativeTest:tearDownClass): 404 GET http://10.180.1.21/compute/v2.1/servers/ff80e626-b62c-4d87-bbd0-937cd0126a24 0.045s
2025-02-19 16:15:59.211 62992 INFO tempest.lib.common.rest_client [req-67e145cb-1c3f-4e25-a6e6-31e6e4ac69f6 req-67e145cb-1c3f-4e25-a6e6-31e6e4ac69f6 ] Request (ServerMetadataNegativeTestJSON:setUpClass): 200 GET http://10.180.1.21/compute/v2.1/servers/b81dc60c-f0a2-4243-80d8-21c014cdc311 0.068s
2025-02-19 16:15:59.279 62988 INFO tempest.lib.common.rest_client [req-cc48c2a6-9834-415f-8bd7-fe912d7ee426 req-cc48c2a6-9834-415f-8bd7-fe912d7ee426 ] Request (ImagesTestJSON:test_create_image_from_suspended_server): 200 GET http://10.180.1.21/compute/v2.1/servers/5bf389b8-44b8-4e04-bd94-848e4cdfd77f 0.075s
2025-02-19 16:15:59.294 62958 INFO tempest.lib.common.rest_client [req-ffbfeb46-99ab-40de-9fc6-1c16ed02acc3 req-ffbfeb46-99ab-40de-9fc6-1c16ed02acc3 ] Request (ServersAdminNegativeTestJSON:setUpClass): 200 GET http://10.180.1.21/compute/v2.1/servers/569c9c5c-9ece-45a4-95f0-b52f6eb3e10b 0.074s
2025-02-19 16:15:59.333 62954 INFO tempest.lib.common.rest_client [req-af2c4143-d7cf-4d46-bf4d-093d6a98e1f5 req-af2c4143-d7cf-4d46-bf4d-093d6a98e1f5 ] Request (ServerDiagnosticsNegativeTest:tearDownClass): 204 DELETE http://10.180.1.21/identity/v3/users/5a8bb61a6ff54bc4981e17bdd317ea36 0.129s
2025-02-19 16:15:59.353 62966 INFO tempest.lib.common.rest_client [req-8fce647f-96e9-417d-8742-266dc9818c1a req-8fce647f-96e9-417d-8742-266dc9818c1a ] Request (FloatingIPsAssociationNegativeTestJSON:setUpClass): 200 GET http://10.180.1.21/compute/v2.1/servers/6a118a55-f098-4068-a852-556138ed9cdb 0.096s
2025-02-19 16:15:59.368 62984 INFO tempest.lib.common.rest_client [req-18399344-699c-459c-b4c2-2ca4febc712e req-18399344-699c-459c-b4c2-2ca4febc712e ] Request (TenantUsagesTestJSON:tearDownClass): 200 GET http://10.180.1.21/compute/v2.1/servers/21b5fd37-f3cd-4e97-ac63-bb3b96c52b4b 0.072s
2025-02-19 16:15:59.452 62954 INFO tempest.lib.common.rest_client [req-996dc036-d32a-4788-a261-069faa6beff3 req-996dc036-d32a-4788-a261-069faa6beff3 ] Request (ServerDiagnosticsNegativeTest:tearDownClass): 204 DELETE http://10.180.1.21/identity/v3/users/0000b8447d0b48c88ba8e98958c54da8 0.118s
2025-02-19 16:15:59.454 62954 INFO tempest.lib.common.dynamic_creds [-] Deleting project and security group for project: 3702aad97d4c466881369aca565c1d27
2025-02-19 16:15:59.519 62954 INFO tempest.lib.common.rest_client [req-9f6e0fca-35cf-48c5-94ce-5736b16e269d req-9f6e0fca-35cf-48c5-94ce-5736b16e269d ] Request (ServerDiagnosticsNegativeTest:tearDownClass): 201 POST http://10.180.1.21/identity/v3/auth/tokens 0.065s
2025-02-19 16:15:59.544 63010 INFO tempest.lib.common.rest_client [req-e09603eb-efba-4630-866f-7b713f365e93 req-e09603eb-efba-4630-866f-7b713f365e93 ] Request (ServersTestMultiNic:test_verify_duplicate_network_nics): 200 GET http://10.180.1.21/compute/v2.1/servers/6ce3d9e0-074b-4dbd-a70f-c83e1e1280af 0.142s
2025-02-19 16:15:59.604 62996 INFO tempest.lib.common.rest_client [req-5a9d51f4-3106-430e-969f-7685e84680c3 req-5a9d51f4-3106-430e-969f-7685e84680c3 ] Request (ListImageFiltersTestJSON:setUpClass): 200 GET http://10.180.1.21/compute/v2.1/servers/ce37e013-1443-4d3c-a639-ec2d64fddff2 0.100s
2025-02-19 16:15:59.622 63006 INFO tempest.lib.common.rest_client [req-0421251c-4944-4069-8545-b1e44171f6ce req-0421251c-4944-4069-8545-b1e44171f6ce ] Request (AttachVolumeTestJSON:test_attach_detach_volume): 200 GET http://10.180.1.21/compute/v2.1/servers/7f563c4b-274b-4324-b04e-0b75488d0290 0.185s
2025-02-19 16:15:59.657 63012 INFO tempest.lib.common.rest_client [req-666be650-5fa6-47e4-8cb3-dc222a565ecf req-666be650-5fa6-47e4-8cb3-dc222a565ecf ] Request (ServerMetadataTestJSON:setUpClass): 200 GET http://10.180.1.21/compute/v2.1/servers/cf144f6d-e13f-4017-8815-49e714350f71 0.104s
2025-02-19 16:15:59.693 62954 INFO tempest.lib.common.rest_client [req-c4a2ce19-53d0-48ef-bf60-ea85a51d4cd0 req-c4a2ce19-53d0-48ef-bf60-ea85a51d4cd0 ] Request (ServerDiagnosticsNegativeTest:tearDownClass): 200 GET http://10.180.1.21:9696/networking/v2.0/security-groups?tenant_id=3702aad97d4c466881369aca565c1d27&name=default 0.173s
2025-02-19 16:15:59.721 62964 INFO tempest.lib.common.rest_client [req-d92ca8a0-0f3b-46aa-a2b1-e1b5181ba6a2 req-d92ca8a0-0f3b-46aa-a2b1-e1b5181ba6a2 ] Request (ImagesNegativeTestJSON:test_create_image_from_deleted_server): 200 GET http://10.180.1.21/compute/v2.1/servers/7b8f6860-38b7-45a3-b3a2-e62e726d8d4c 0.114s
2025-02-19 16:15:59.733 62950 INFO tempest.lib.common.rest_client [req-6a39d494-14f6-46e8-b487-e21b5d1bea57 req-6a39d494-14f6-46e8-b487-e21b5d1bea57 ] Request (MigrationsAdminTest:test_list_migrations_in_flavor_resize_situation): 200 GET http://10.180.1.21/compute/v2.1/servers/d00a747e-a32f-47cd-b4b6-76402b158f3a 0.148s
2025-02-19 16:15:59.775 62954 INFO tempest.lib.common.rest_client [req-431350c6-8d8d-4603-aea9-ef2135e1c423 req-431350c6-8d8d-4603-aea9-ef2135e1c423 ] Request (ServerDiagnosticsNegativeTest:tearDownClass): 204 DELETE http://10.180.1.21:9696/networking/v2.0/security-groups/dbd45762-5b56-4ddd-85bf-4e6e3fc3ce1a 0.082s
2025-02-19 16:15:59.787 62970 INFO tempest.lib.common.rest_client [req-22cb7e0c-f2f3-4cf7-8f5b-8ae9704b9071 req-22cb7e0c-f2f3-4cf7-8f5b-8ae9704b9071 ] Request (ServerActionsTestOtherB:setUpClass): 200 GET http://10.180.1.21/compute/v2.1/servers/3ff447b7-9a02-4f12-8003-b4915cf440a4 0.153s
