2025-02-19 16:16:35.437 62981 INFO tempest.lib.common.dynamic_creds [-] Created isolated network resources for: credentials: Credentials: {'domain_id': 'default', 'domain_name': 'Default', 'username': 'tempest-ServerRescueNegativeTestJSON-1201211425-project-member', 'project_domain_id': 'default', 'project_domain_name': 'Default', 'project_id': '53815109b70a4485a24e7f74c003682e', 'project_name': 'tempest-ServerRescueNegativeTestJSON-1201211425', 'tenant_id': '53815109b70a4485a24e7f74c003682e', 'tenant_name': 'tempest-ServerRescueNegativeTestJSON-1201211425', 'user_domain_id': 'default', 'user_domain_name': 'Default', 'user_id': '2aea3c88f13c424b80c6f32ed3b79d74', 'system': None}, Network: {'id': '4e64f3f5-9af3-49bf-bdd3-89ad345b0b22', 'name': 'tempest-ServerRescueNegativeTestJSON-1317056330-network', 'tenant_id': '53815109b70a4485a24e7f74c003682e', 'admin_state_up': True, 'mtu': 8950, 'status': 'ACTIVE', 'subnets': [], 'shared': False, 'project_id': '53815109b70a4485a24e7f74c003682e', 'port_security_enabled': True, 'router:external': False, 'provider:network_type': 'vlan', 'provider:physical_network': 'default', 'provider:segmentation_id': 364, 'availability_zone_hints': [], 'availability_zones': [], 'ipv4_address_scope': None, 'ipv6_address_scope': None, 'description': '', 'tags': [], 'created_at': '2025-02-19T16:16:33Z', 'updated_at': '2025-02-19T16:16:33Z', 'revision_number': 1}, Subnet: {'id': '955b3b11-13b6-4b3c-8e59-d56a989948d5', 'name': 'tempest-ServerRescueNegativeTestJSON-1317056330-subnet', 'tenant_id': '53815109b70a4485a24e7f74c003682e', 'network_id': '4e64f3f5-9af3-49bf-bdd3-89ad345b0b22', 'ip_version': 4, 'subnetpool_id': None, 'enable_dhcp': True, 'ipv6_ra_mode': None, 'ipv6_address_mode': None, 'gateway_ip': '192.168.128.1', 'cidr': '192.168.128.0/28', 'allocation_pools': [{'start': '192.168.128.2', 'end': '192.168.128.14'}], 'host_routes': [], 'dns_nameservers': [], 'description': '', 'router:external': False, 'service_types': [], 'tags': [], 'created_at': '2025-02-19T16:16:33Z', 'updated_at': '2025-02-19T16:16:33Z', 'revision_number': 0, 'project_id': '53815109b70a4485a24e7f74c003682e'}, Router: {'id': 'fce40e77-d85a-49e7-b746-473e4d0c90d4', 'name': 'tempest-ServerRescueNegativeTestJSON-1317056330-router', 'tenant_id': '53815109b70a4485a24e7f74c003682e', 'admin_state_up': True, 'status': 'ACTIVE', 'external_gateway_info': {'network_id': '6b2d94d4-d85a-4f42-a9c3-fd51ffdeb69f', 'external_fixed_ips': [{'subnet_id': '29e043f9-0ba7-4a79-8df8-3a78eac29a60', 'ip_address': '10.180.180.196'}], 'enable_snat': True}, 'description': '', 'availability_zones': [], 'distributed': False, 'ha': False, 'availability_zone_hints': [], 'routes': [], 'flavor_id': None, 'tags': [], 'created_at': '2025-02-19T16:16:33Z', 'updated_at': '2025-02-19T16:16:34Z', 'revision_number': 2, 'project_id': '53815109b70a4485a24e7f74c003682e'}
2025-02-19 16:16:35.445 62974 INFO tempest.lib.common.rest_client [req-7ad4bf69-1bb7-4bfb-81e2-dc13e7b138ea req-7ad4bf69-1bb7-4bfb-81e2-dc13e7b138ea ] Request (ServersTestFqdnHostnames:test_create_server_with_fqdn_name): 200 GET http://10.180.1.21/compute/v2.1/servers/2a11bdfc-b093-48e5-a464-d2b33dcb1839 0.063s
2025-02-19 16:16:35.511 62986 INFO tempest.lib.common.rest_client [req-1833f850-97cd-4336-92f3-95696c6ff9ee req-1833f850-97cd-4336-92f3-95696c6ff9ee ] Request (ServerGroupTestJSON:test_create_server_with_scheduler_hint_group): 200 GET http://10.180.1.21/compute/v2.1/servers/66be2ad2-a542-42a6-825d-61ede3f92268 0.070s
2025-02-19 16:16:35.545 62981 INFO tempest.lib.common.rest_client [req-a894024d-6e6b-49b1-9611-5a734540e7f9 req-a894024d-6e6b-49b1-9611-5a734540e7f9 ] Request (ServerRescueNegativeTestJSON:setUpClass): 201 POST http://10.180.1.21/identity/v3/auth/tokens 0.104s
2025-02-19 16:16:35.566 62990 INFO tempest.lib.common.rest_client [req-4db1de78-2f65-4c1e-8b04-0b7ccce41739 req-4db1de78-2f65-4c1e-8b04-0b7ccce41739 ] Request (ServerShowV257Test:test_rebuild_server): 200 GET http://10.180.1.21/compute/v2.1/servers/ead0e84f-e3ba-472d-9307-03b0b925f391 0.068s
2025-02-19 16:16:35.577 62990 INFO tempest.common.waiters [-] State transition "REBUILD/rebuild_spawning" ==> "ACTIVE/None" after 10 second wait
2025-02-19 16:16:35.590 62981 INFO tempest.lib.common.rest_client [req-7d3be0bc-bc46-4ed4-9e37-30c46b6a484b req-7d3be0bc-bc46-4ed4-9e37-30c46b6a484b ] Request (ServerRescueNegativeTestJSON:setUpClass): 201 POST http://10.180.1.21/identity/v3/auth/tokens 0.038s
2025-02-19 16:16:35.590 62981 INFO tempest.lib.common.fixed_network [-] (ServerRescueNegativeTestJSON:setUpClass) Found network {'id': '4e64f3f5-9af3-49bf-bdd3-89ad345b0b22', 'name': 'tempest-ServerRescueNegativeTestJSON-1317056330-network', 'tenant_id': '53815109b70a4485a24e7f74c003682e', 'admin_state_up': True, 'mtu': 8950, 'status': 'ACTIVE', 'subnets': [], 'shared': False, 'project_id': '53815109b70a4485a24e7f74c003682e', 'port_security_enabled': True, 'router:external': False, 'provider:network_type': 'vlan', 'provider:physical_network': 'default', 'provider:segmentation_id': 364, 'availability_zone_hints': [], 'availability_zones': [], 'ipv4_address_scope': None, 'ipv6_address_scope': None, 'description': '', 'tags': [], 'created_at': '2025-02-19T16:16:33Z', 'updated_at': '2025-02-19T16:16:33Z', 'revision_number': 1} available for tenant
2025-02-19 16:16:35.640 62966 INFO tempest.lib.common.rest_client [req-a242b1dc-df75-43a7-994d-f3b7c7122ecc req-a242b1dc-df75-43a7-994d-f3b7c7122ecc ] Request (FloatingIPsAssociationNegativeTestJSON:tearDownClass): 200 GET http://10.180.1.21/compute/v2.1/servers/6a118a55-f098-4068-a852-556138ed9cdb 0.074s
2025-02-19 16:16:35.667 62990 INFO tempest.lib.common.rest_client [req-204a31ce-a438-499d-893b-2bf04ddb0243 req-204a31ce-a438-499d-893b-2bf04ddb0243 ] Request (ServerShowV257Test:tearDownClass): 204 DELETE http://10.180.1.21/compute/v2.1/servers/ead0e84f-e3ba-472d-9307-03b0b925f391 0.088s
2025-02-19 16:16:35.718 62970 INFO tempest.lib.common.rest_client [req-caedccf0-4785-4605-98b2-bb26e593b2cf req-caedccf0-4785-4605-98b2-bb26e593b2cf ] Request (ServerActionsTestOtherB:setUpClass): 200 GET http://10.180.1.21/compute/v2.1/servers/3ff447b7-9a02-4f12-8003-b4915cf440a4 0.093s
2025-02-19 16:16:35.800 63002 INFO tempest.lib.common.rest_client [req-d93599fd-4895-4db0-a73c-b6ebcd28d56f req-d93599fd-4895-4db0-a73c-b6ebcd28d56f ] Request (ImagesOneServerNegativeTestJSON:_run_cleanups): 201 POST http://10.180.1.21:9696/networking/v2.0/floatingips 0.470s
2025-02-19 16:16:35.868 62950 INFO tempest.lib.common.rest_client [req-b0f7943a-2859-4de8-8319-17e1a759ecd8 req-b0f7943a-2859-4de8-8319-17e1a759ecd8 ] Request (MigrationsAdminTest:test_list_migrations_in_flavor_resize_situation): 200 GET http://10.180.1.21/compute/v2.1/servers/d00a747e-a32f-47cd-b4b6-76402b158f3a 0.224s
2025-02-19 16:16:35.886 63002 INFO tempest.lib.common.rest_client [req-1ad82ef4-5874-429f-a9c7-11b95537fc7c req-1ad82ef4-5874-429f-a9c7-11b95537fc7c ] Request (ImagesOneServerNegativeTestJSON:_run_cleanups): 201 POST http://10.180.1.21/identity/v3/auth/tokens 0.082s
2025-02-19 16:16:35.886 63002 INFO tempest.lib.common.fixed_network [-] (ImagesOneServerNegativeTestJSON:_run_cleanups) Found network {'id': 'e9e8cf4a-34c4-483f-a67c-973804cf1846', 'name': 'tempest-ImagesOneServerNegativeTestJSON-445241023-network', 'tenant_id': 'fd99a3c1a7ed4edab2f72926c0f110ba', 'admin_state_up': True, 'mtu': 8950, 'status': 'ACTIVE', 'subnets': [], 'shared': False, 'project_id': 'fd99a3c1a7ed4edab2f72926c0f110ba', 'port_security_enabled': True, 'router:external': False, 'provider:network_type': 'vlan', 'provider:physical_network': 'default', 'provider:segmentation_id': 677, 'availability_zone_hints': [], 'availability_zones': [], 'ipv4_address_scope': None, 'ipv6_address_scope': None, 'description': '', 'tags': [], 'created_at': '2025-02-19T16:14:54Z', 'updated_at': '2025-02-19T16:14:54Z', 'revision_number': 1} available for tenant
2025-02-19 16:16:35.944 62990 INFO tempest.lib.common.rest_client [req-b4313820-ffdd-402f-a31f-2eb61e205c88 req-b4313820-ffdd-402f-a31f-2eb61e205c88 ] Request (ServerShowV257Test:tearDownClass): 200 GET http://10.180.1.21/compute/v2.1/servers/ead0e84f-e3ba-472d-9307-03b0b925f391 0.276s
2025-02-19 16:16:36.020 62998 INFO tempest.lib.common.rest_client [req-a278d0a0-a02d-4e2c-8924-ccde3df481f0 req-a278d0a0-a02d-4e2c-8924-ccde3df481f0 ] Request (DeleteServersAdminTestJSON:test_delete_server_while_in_error_state): 200 GET http://10.180.1.21/compute/v2.1/servers/e4b17550-dce8-4361-9e52-88e6379d0219 0.318s
2025-02-19 16:16:36.077 62960 INFO tempest.lib.common.rest_client [req-f0ae77ac-41ff-4fe7-b04d-510b24ec1871 req-f0ae77ac-41ff-4fe7-b04d-510b24ec1871 ] Request (InstanceActionsNegativeTestJSON:setUpClass): 200 GET http://10.180.1.21/compute/v2.1/servers/ca27a04d-c316-43ca-95bc-479e5657dea8 0.373s
2025-02-19 16:16:36.123 62988 INFO tempest.lib.common.rest_client [req-667b3ad0-1130-4d24-92e4-0f5c80020d0e req-667b3ad0-1130-4d24-92e4-0f5c80020d0e ] Request (ImagesTestJSON:test_create_image_from_suspended_server): 200 GET http://10.180.1.21/compute/v2.1/images/2bd53733-0ff4-44ee-8a31-d2cbfe76efb8 0.372s
2025-02-19 16:16:36.184 62984 INFO tempest.lib.common.rest_client [req-7d3def43-36c9-4e8e-aca6-179891039f1f req-7d3def43-36c9-4e8e-aca6-179891039f1f ] Request (SecurityGroupsTestJSON:test_list_security_groups_by_server): 200 GET http://10.180.1.21/compute/v2.1/servers/aa895c8d-8886-4328-a8da-d910822c166f 0.371s
2025-02-19 16:16:36.184 62981 INFO tempest.lib.common.rest_client [req-977e7a8e-296b-4607-8a00-05c42cb78a2d req-977e7a8e-296b-4607-8a00-05c42cb78a2d ] Request (ServerRescueNegativeTestJSON:setUpClass): 202 POST http://10.180.1.21/compute/v2.1/servers 0.593s
2025-02-19 16:16:36.255 62964 INFO tempest.lib.common.rest_client [req-ac33ff9e-b3db-4a20-ad50-3f3ce7478c18 req-ac33ff9e-b3db-4a20-ad50-3f3ce7478c18 ] Request (ServerActionsTestOtherA:setUpClass): 200 GET http://10.180.1.21/compute/v2.1/servers/7ccdf342-6d91-453f-a0c1-64ebec7f6a31 0.438s
2025-02-19 16:16:36.255 62992 INFO tempest.lib.common.rest_client [req-358f3d9d-e035-4bc1-bb9c-19df92c01590 req-358f3d9d-e035-4bc1-bb9c-19df92c01590 ] Request (ServerMetadataNegativeTestJSON:setUpClass): 200 GET http://10.180.1.21/compute/v2.1/servers/b81dc60c-f0a2-4243-80d8-21c014cdc311 0.375s
2025-02-19 16:16:36.332 63012 INFO tempest.lib.common.rest_client [req-0bd36a56-1f8c-4af0-9a7e-e70600984c03 req-0bd36a56-1f8c-4af0-9a7e-e70600984c03 ] Request (ServerMetadataTestJSON:tearDownClass): 200 GET http://10.180.1.21/compute/v2.1/servers/cf144f6d-e13f-4017-8815-49e714350f71 0.431s
2025-02-19 16:16:36.385 62958 INFO tempest.lib.common.rest_client [req-e3793c7d-f310-4c0c-8a02-e9561f858dc3 req-e3793c7d-f310-4c0c-8a02-e9561f858dc3 ] Request (ServersAdminNegativeTestJSON:test_migrate_server_invalid_state): 200 GET http://10.180.1.21/compute/v2.1/servers/7b2cf9e4-5f55-450c-bb94-f12b7eb772df 0.450s
2025-02-19 16:16:36.437 62996 INFO tempest.lib.common.rest_client [req-a40e3475-51d4-4f55-a60c-3e9e12be5a08 req-a40e3475-51d4-4f55-a60c-3e9e12be5a08 ] Request (ListImageFiltersTestJSON:setUpClass): 200 GET http://10.180.1.21/compute/v2.1/servers/ce37e013-1443-4d3c-a639-ec2d64fddff2 0.479s
2025-02-19 16:16:36.493 63010 INFO tempest.lib.common.rest_client [req-64239dd2-5e8a-4679-8d9d-cb199ad5ce57 req-64239dd2-5e8a-4679-8d9d-cb199ad5ce57 ] Request (ServersTestMultiNic:_run_cleanups): 200 GET http://10.180.1.21/compute/v2.1/servers/6ce3d9e0-074b-4dbd-a70f-c83e1e1280af 0.456s
2025-02-19 16:16:36.547 62994 INFO tempest.lib.common.rest_client [req-3380899b-562c-4ac5-aa46-d7e5feac092f req-3380899b-562c-4ac5-aa46-d7e5feac092f ] Request (ImagesOneServerTestJSON:tearDownClass): 200 GET http://10.180.1.21/compute/v2.1/servers/02188f5d-133f-4d02-b3b4-0f3a4dd919f8 0.479s
2025-02-19 16:16:36.600 63002 INFO tempest.lib.common.rest_client [req-f0f46936-d3c9-4b82-a844-8e3059259dc9 req-f0f46936-d3c9-4b82-a844-8e3059259dc9 ] Request (ImagesOneServerNegativeTestJSON:_run_cleanups): 202 POST http://10.180.1.21/compute/v2.1/servers 0.712s
2025-02-19 16:16:36.602 62968 INFO tempest.lib.common.rest_client [req-b6106d86-2db5-487e-be8e-4d23fc855442 req-b6106d86-2db5-487e-be8e-4d23fc855442 ] Request (ServerRescueTestJSON:tearDownClass): 200 GET http://10.180.1.21/compute/v2.1/servers/2e489091-10ab-4c49-813b-9181de43a09e 0.452s
2025-02-19 16:16:36.644 62981 INFO tempest.lib.common.rest_client [req-b9f24caa-7df8-4f6c-9622-59549dc7847c req-b9f24caa-7df8-4f6c-9622-59549dc7847c ] Request (ServerRescueNegativeTestJSON:setUpClass): 200 GET http://10.180.1.21/compute/v2.1/servers/fa3ad91b-24b4-4fb4-9433-5e0f076bf2bf 0.458s
2025-02-19 16:16:36.693 62981 INFO tempest.lib.common.rest_client [req-44084a6c-fb96-400f-8a8b-616b8988bb51 req-44084a6c-fb96-400f-8a8b-616b8988bb51 ] Request (ServerRescueNegativeTestJSON:setUpClass): 201 POST http://10.180.1.21/identity/v3/auth/tokens 0.039s
2025-02-19 16:16:36.694 62981 INFO tempest.lib.common.fixed_network [-] (ServerRescueNegativeTestJSON:setUpClass) Found network {'id': '4e64f3f5-9af3-49bf-bdd3-89ad345b0b22', 'name': 'tempest-ServerRescueNegativeTestJSON-1317056330-network', 'tenant_id': '53815109b70a4485a24e7f74c003682e', 'admin_state_up': True, 'mtu': 8950, 'status': 'ACTIVE', 'subnets': [], 'shared': False, 'project_id': '53815109b70a4485a24e7f74c003682e', 'port_security_enabled': True, 'router:external': False, 'provider:network_type': 'vlan', 'provider:physical_network': 'default', 'provider:segmentation_id': 364, 'availability_zone_hints': [], 'availability_zones': [], 'ipv4_address_scope': None, 'ipv6_address_scope': None, 'description': '', 'tags': [], 'created_at': '2025-02-19T16:16:33Z', 'updated_at': '2025-02-19T16:16:33Z', 'revision_number': 1} available for tenant
2025-02-19 16:16:36.700 62972 INFO tempest.lib.common.rest_client [req-b612e7e3-eb76-4df2-ac96-528f08478869 req-b612e7e3-eb76-4df2-ac96-528f08478869 ] Request (AttachInterfacesUnderV243Test:test_add_remove_fixed_ip): 200 GET http://10.180.1.21/compute/v2.1/servers/f2b6ee32-9ab2-4a4a-a428-80a06b000dc7 0.493s
2025-02-19 16:16:36.711 62982 INFO tempest.lib.common.rest_client [req-7923d3f4-33dc-4c51-b153-2555a8ef1665 req-7923d3f4-33dc-4c51-b153-2555a8ef1665 ] Request (ServerDiskConfigTestJSON:test_rebuild_server_with_manual_disk_config): 200 GET http://10.180.1.21/compute/v2.1/servers/830c95e0-cfef-4940-86d7-3db3bf81d219 0.536s
2025-02-19 16:16:36.723 62982 INFO tempest.common.waiters [-] State transition "BUILD/spawning" ==> "ACTIVE/None" after 72 second wait
2025-02-19 16:16:36.767 62974 INFO tempest.lib.common.rest_client [req-5c217e19-f3c3-475e-ace8-84a11abca270 req-5c217e19-f3c3-475e-ace8-84a11abca270 ] Request (ServersTestFqdnHostnames:test_create_server_with_fqdn_name): 200 GET http://10.180.1.21/compute/v2.1/servers/2a11bdfc-b093-48e5-a464-d2b33dcb1839 0.311s
2025-02-19 16:16:36.775 62986 INFO tempest.lib.common.rest_client [req-771e7056-bffe-471a-87bd-66f62371e28c req-771e7056-bffe-471a-87bd-66f62371e28c ] Request (ServerGroupTestJSON:test_create_server_with_scheduler_hint_group): 200 GET http://10.180.1.21/compute/v2.1/servers/66be2ad2-a542-42a6-825d-61ede3f92268 0.253s
2025-02-19 16:16:36.812 63002 INFO tempest.lib.common.rest_client [req-035ccfa9-4fd6-4ff2-b145-ec6d38289a1e req-035ccfa9-4fd6-4ff2-b145-ec6d38289a1e ] Request (ImagesOneServerNegativeTestJSON:_run_cleanups): 200 GET http://10.180.1.21/compute/v2.1/servers/688ad5ff-146f-4e2b-9b5b-ba34d0dcd6b0 0.210s
2025-02-19 16:16:36.838 62966 INFO tempest.lib.common.rest_client [req-429af30e-f80c-478d-86ab-7184fc83453d req-429af30e-f80c-478d-86ab-7184fc83453d ] Request (FloatingIPsAssociationNegativeTestJSON:tearDownClass): 200 GET http://10.180.1.21/compute/v2.1/servers/6a118a55-f098-4068-a852-556138ed9cdb 0.186s
2025-02-19 16:16:36.972 62982 INFO tempest.lib.common.rest_client [req-358f9787-9962-4f38-8eae-007101ba0a33 req-358f9787-9962-4f38-8eae-007101ba0a33 ] Request (ServerDiskConfigTestJSON:test_rebuild_server_with_manual_disk_config): 200 GET http://10.180.1.21/compute/v2.1/servers/830c95e0-cfef-4940-86d7-3db3bf81d219 0.249s
2025-02-19 16:16:37.032 62970 INFO tempest.lib.common.rest_client [req-513ba996-97f1-43d1-ade2-07421b0faf64 req-513ba996-97f1-43d1-ade2-07421b0faf64 ] Request (ServerActionsTestOtherB:setUpClass): 200 GET http://10.180.1.21/compute/v2.1/servers/3ff447b7-9a02-4f12-8003-b4915cf440a4 0.294s
2025-02-19 16:16:37.136 62950 INFO tempest.lib.common.rest_client [req-ca729d7c-6023-4e02-bff4-975de19e3452 req-ca729d7c-6023-4e02-bff4-975de19e3452 ] Request (MigrationsAdminTest:test_list_migrations_in_flavor_resize_situation): 200 GET http://10.180.1.21/compute/v2.1/servers/d00a747e-a32f-47cd-b4b6-76402b158f3a 0.258s
2025-02-19 16:16:37.189 62981 INFO tempest.lib.common.rest_client [req-c1e5a530-63aa-49d6-9b6b-9b0e448a126d req-c1e5a530-63aa-49d6-9b6b-9b0e448a126d ] Request (ServerRescueNegativeTestJSON:setUpClass): 202 POST http://10.180.1.21/compute/v2.1/servers 0.495s
2025-02-19 16:16:37.192 62990 INFO tempest.lib.common.rest_client [req-5c240f2c-4768-45f1-b5ac-280358f44a44 req-5c240f2c-4768-45f1-b5ac-280358f44a44 ] Request (ServerShowV257Test:tearDownClass): 200 GET http://10.180.1.21/compute/v2.1/servers/ead0e84f-e3ba-472d-9307-03b0b925f391 0.238s
2025-02-19 16:16:37.245 62982 INFO tempest.lib.common.rest_client [req-37a4c214-0fda-4768-83e6-431e7d6c9922 req-37a4c214-0fda-4768-83e6-431e7d6c9922 ] Request (ServerDiskConfigTestJSON:test_rebuild_server_with_manual_disk_config): 200 PUT http://10.180.1.21/compute/v2.1/servers/830c95e0-cfef-4940-86d7-3db3bf81d219 0.265s
2025-02-19 16:16:37.292 62998 INFO tempest.lib.common.rest_client [req-fc113a45-7bb3-4ba7-b9fb-ce9f6461ce47 req-fc113a45-7bb3-4ba7-b9fb-ce9f6461ce47 ] Request (DeleteServersAdminTestJSON:test_delete_server_while_in_error_state): 200 GET http://10.180.1.21/compute/v2.1/servers/e4b17550-dce8-4361-9e52-88e6379d0219 0.264s
2025-02-19 16:16:37.299 62960 INFO tempest.lib.common.rest_client [req-0e3857b6-5cc6-45c3-a9bf-981ff916f597 req-0e3857b6-5cc6-45c3-a9bf-981ff916f597 ] Request (InstanceActionsNegativeTestJSON:setUpClass): 200 GET http://10.180.1.21/compute/v2.1/servers/ca27a04d-c316-43ca-95bc-479e5657dea8 0.213s
2025-02-19 16:16:37.329 62988 INFO tempest.lib.common.rest_client [req-b6bcc5a5-6db1-4fa2-bfe1-610b2b8e1b45 req-b6bcc5a5-6db1-4fa2-bfe1-610b2b8e1b45 ] Request (ImagesTestJSON:test_create_image_from_suspended_server): 200 GET http://10.180.1.21/compute/v2.1/images/2bd53733-0ff4-44ee-8a31-d2cbfe76efb8 0.203s
2025-02-19 16:16:37.335 62981 INFO tempest.lib.common.rest_client [req-a6dfc3f3-06cc-49dd-bf3a-368dbaa7c213 req-a6dfc3f3-06cc-49dd-bf3a-368dbaa7c213 ] Request (ServerRescueNegativeTestJSON:setUpClass): 200 GET http://10.180.1.21/compute/v2.1/servers/9fe8b122-58a4-433c-9782-0fb186bb14f9 0.143s
2025-02-19 16:16:37.382 62984 INFO tempest.lib.common.rest_client [req-19e8bded-5822-49d4-a8c5-a4d3f1983c3e req-19e8bded-5822-49d4-a8c5-a4d3f1983c3e ] Request (SecurityGroupsTestJSON:test_list_security_groups_by_server): 200 GET http://10.180.1.21/compute/v2.1/servers/aa895c8d-8886-4328-a8da-d910822c166f 0.189s
2025-02-19 16:16:37.385 62956 WARNING tempest.lib.common.ssh [-] Failed to establish authenticated ssh connection to cirros@10.180.180.136 ([Errno None] Unable to connect to port 22 on 10.180.180.136). Number attempts: 10. Retry after 11 seconds.: paramiko.ssh_exception.NoValidConnectionsError: [Errno None] Unable to connect to port 22 on 10.180.180.136
2025-02-19 16:16:37.437 62964 INFO tempest.lib.common.rest_client [req-50c76d0d-7008-4ee4-91f1-201d885f1dfd req-50c76d0d-7008-4ee4-91f1-201d885f1dfd ] Request (ServerActionsTestOtherA:setUpClass): 200 GET http://10.180.1.21/compute/v2.1/servers/7ccdf342-6d91-453f-a0c1-64ebec7f6a31 0.171s
2025-02-19 16:16:37.460 62982 INFO tempest.lib.common.rest_client [req-bf1afc1d-2a78-45c0-9f62-cfe94c329888 req-bf1afc1d-2a78-45c0-9f62-cfe94c329888 ] Request (ServerDiskConfigTestJSON:test_rebuild_server_with_manual_disk_config): 200 GET http://10.180.1.21/compute/v2.1/servers/830c95e0-cfef-4940-86d7-3db3bf81d219 0.208s
2025-02-19 16:16:37.486 62992 INFO tempest.lib.common.rest_client [req-a9e4ccc1-5412-42bf-80e3-5d3cbb4de87b req-a9e4ccc1-5412-42bf-80e3-5d3cbb4de87b ] Request (ServerMetadataNegativeTestJSON:setUpClass): 200 GET http://10.180.1.21/compute/v2.1/servers/b81dc60c-f0a2-4243-80d8-21c014cdc311 0.220s
2025-02-19 16:16:37.515 63012 INFO tempest.lib.common.rest_client [req-0331cb72-dd2e-4018-b495-ca4c595c3363 req-0331cb72-dd2e-4018-b495-ca4c595c3363 ] Request (ServerMetadataTestJSON:tearDownClass): 200 GET http://10.180.1.21/compute/v2.1/servers/cf144f6d-e13f-4017-8815-49e714350f71 0.175s
2025-02-19 16:16:37.536 62958 INFO tempest.lib.common.rest_client [req-06e088e2-f1d7-4d7f-bbb4-ee7e6b59d165 req-06e088e2-f1d7-4d7f-bbb4-ee7e6b59d165 ] Request (ServersAdminNegativeTestJSON:test_migrate_server_invalid_state): 200 GET http://10.180.1.21/compute/v2.1/servers/7b2cf9e4-5f55-450c-bb94-f12b7eb772df 0.139s
2025-02-19 16:16:37.573 62996 INFO tempest.lib.common.rest_client [req-1b3d27e1-c2a0-4af7-a80d-142160f94777 req-1b3d27e1-c2a0-4af7-a80d-142160f94777 ] Request (ListImageFiltersTestJSON:setUpClass): 200 GET http://10.180.1.21/compute/v2.1/servers/ce37e013-1443-4d3c-a639-ec2d64fddff2 0.128s
2025-02-19 16:16:37.580 62996 INFO tempest.common.waiters [-] State transition "BUILD/None" ==> "BUILD/networking" after 70 second wait
2025-02-19 16:16:37.647 63006 INFO paramiko.transport [-] Connected (version 2.0, client dropbear_2020.81)
2025-02-19 16:16:37.652 63010 INFO tempest.lib.common.rest_client [req-acdabdc2-e8ae-4486-850a-1ff4788a82b6 req-acdabdc2-e8ae-4486-850a-1ff4788a82b6 ] Request (ServersTestMultiNic:_run_cleanups): 200 GET http://10.180.1.21/compute/v2.1/servers/6ce3d9e0-074b-4dbd-a70f-c83e1e1280af 0.151s
2025-02-19 16:16:37.652 62982 INFO tempest.lib.common.rest_client [req-611f7eb4-adb5-413d-bbbb-f7ac16ed3f9a req-611f7eb4-adb5-413d-bbbb-f7ac16ed3f9a ] Request (ServerDiskConfigTestJSON:test_rebuild_server_with_manual_disk_config): 200 GET http://10.180.1.21/compute/v2.1/servers/830c95e0-cfef-4940-86d7-3db3bf81d219 0.186s
2025-02-19 16:16:37.746 62968 INFO tempest.lib.common.rest_client [req-a7bc746d-f479-42b6-a124-1e0a9afa7c04 req-a7bc746d-f479-42b6-a124-1e0a9afa7c04 ] Request (ServerRescueTestJSON:tearDownClass): 200 GET http://10.180.1.21/compute/v2.1/servers/2e489091-10ab-4c49-813b-9181de43a09e 0.135s
2025-02-19 16:16:37.747 62994 INFO tempest.lib.common.rest_client [req-5c4762c5-eade-44c5-ac95-912f6fc857f7 req-5c4762c5-eade-44c5-ac95-912f6fc857f7 ] Request (ImagesOneServerTestJSON:tearDownClass): 200 GET http://10.180.1.21/compute/v2.1/servers/02188f5d-133f-4d02-b3b4-0f3a4dd919f8 0.192s
2025-02-19 16:16:37.755 63006 INFO paramiko.transport [-] Authentication (publickey) successful!
2025-02-19 16:16:37.755 63006 INFO tempest.lib.common.ssh [-] ssh connection to cirros@10.180.180.153 successfully created
2025-02-19 16:16:37.855 62972 INFO tempest.lib.common.rest_client [req-685ee8c3-e458-4b8d-968e-50876acb6f86 req-685ee8c3-e458-4b8d-968e-50876acb6f86 ] Request (AttachInterfacesUnderV243Test:test_add_remove_fixed_ip): 200 GET http://10.180.1.21/compute/v2.1/servers/f2b6ee32-9ab2-4a4a-a428-80a06b000dc7 0.147s
2025-02-19 16:16:37.966 62982 INFO tempest.lib.common.rest_client [req-c14c1d3b-241a-43df-ade1-b4ee606f79c5 req-c14c1d3b-241a-43df-ade1-b4ee606f79c5 ] Request (ServerDiskConfigTestJSON:test_rebuild_server_with_manual_disk_config): 202 POST http://10.180.1.21/compute/v2.1/servers/830c95e0-cfef-4940-86d7-3db3bf81d219/action 0.303s
2025-02-19 16:16:38.031 62974 INFO tempest.lib.common.rest_client [req-b46ab64f-3635-42b6-bc30-9711fb00c750 req-b46ab64f-3635-42b6-bc30-9711fb00c750 ] Request (ServersTestFqdnHostnames:test_create_server_with_fqdn_name): 200 GET http://10.180.1.21/compute/v2.1/servers/2a11bdfc-b093-48e5-a464-d2b33dcb1839 0.255s
2025-02-19 16:16:38.050 63006 INFO tempest.lib.common.rest_client [req-cbae141d-6a79-4cc9-8b24-ba399fb5425c req-cbae141d-6a79-4cc9-8b24-ba399fb5425c ] Request (AttachVolumeTestJSON:test_attach_detach_volume): 202 DELETE http://10.180.1.21/compute/v2.1/servers/7f563c4b-274b-4324-b04e-0b75488d0290/os-volume_attachments/b1a91dea-c54e-429c-834f-91cb32d3bb51 0.283s
2025-02-19 16:16:38.085 62986 INFO tempest.lib.common.rest_client [req-ab765752-7c71-4fe7-94ff-faab48e248aa req-ab765752-7c71-4fe7-94ff-faab48e248aa ] Request (ServerGroupTestJSON:test_create_server_with_scheduler_hint_group): 200 GET http://10.180.1.21/compute/v2.1/servers/66be2ad2-a542-42a6-825d-61ede3f92268 0.298s
2025-02-19 16:16:38.090 63006 INFO tempest.lib.common.rest_client [req-2298b639-220e-4d6e-a593-e4cb05e07ab8 req-2298b639-220e-4d6e-a593-e4cb05e07ab8 ] Request (AttachVolumeTestJSON:test_attach_detach_volume): 200 GET http://10.180.1.21/volume/v3/volumes/b1a91dea-c54e-429c-834f-91cb32d3bb51 0.040s
2025-02-19 16:16:38.119 63002 INFO tempest.lib.common.rest_client [req-bff8766f-5bf1-4aef-999f-5d6eac9c3a03 req-bff8766f-5bf1-4aef-999f-5d6eac9c3a03 ] Request (ImagesOneServerNegativeTestJSON:_run_cleanups): 200 GET http://10.180.1.21/compute/v2.1/servers/688ad5ff-146f-4e2b-9b5b-ba34d0dcd6b0 0.296s
2025-02-19 16:16:38.146 62966 INFO tempest.lib.common.rest_client [req-b3ef3463-1202-49c3-9a10-b00d25ce5881 req-b3ef3463-1202-49c3-9a10-b00d25ce5881 ] Request (FloatingIPsAssociationNegativeTestJSON:tearDownClass): 200 GET http://10.180.1.21/compute/v2.1/servers/6a118a55-f098-4068-a852-556138ed9cdb 0.297s
2025-02-19 16:16:38.204 62970 INFO tempest.lib.common.rest_client [req-b95b1ba8-fcba-434e-a7ec-d17a5908fca8 req-b95b1ba8-fcba-434e-a7ec-d17a5908fca8 ] Request (ServerActionsTestOtherB:setUpClass): 200 GET http://10.180.1.21/compute/v2.1/servers/3ff447b7-9a02-4f12-8003-b4915cf440a4 0.163s
2025-02-19 16:16:38.228 62982 INFO tempest.lib.common.rest_client [req-7bdedea1-9fb4-4dce-bb2a-843afea2598c req-7bdedea1-9fb4-4dce-bb2a-843afea2598c ] Request (ServerDiskConfigTestJSON:test_rebuild_server_with_manual_disk_config): 200 GET http://10.180.1.21/compute/v2.1/servers/830c95e0-cfef-4940-86d7-3db3bf81d219 0.254s
2025-02-19 16:16:38.285 62990 INFO tempest.lib.common.rest_client [req-b3ae014a-b5d3-40b8-b2ba-4f888762576c req-b3ae014a-b5d3-40b8-b2ba-4f888762576c ] Request (ServerShowV257Test:tearDownClass): 200 GET http://10.180.1.21/compute/v2.1/servers/ead0e84f-e3ba-472d-9307-03b0b925f391 0.081s
2025-02-19 16:16:38.351 62950 INFO tempest.lib.common.rest_client [req-b9efbf22-22ae-4816-b548-ea32bf988460 req-b9efbf22-22ae-4816-b548-ea32bf988460 ] Request (MigrationsAdminTest:test_list_migrations_in_flavor_resize_situation): 200 GET http://10.180.1.21/compute/v2.1/servers/d00a747e-a32f-47cd-b4b6-76402b158f3a 0.207s
2025-02-19 16:16:38.359 62950 INFO tempest.common.waiters [-] State transition "RESIZE/resize_finish" ==> "VERIFY_RESIZE/None" after 51 second wait
2025-02-19 16:16:38.365 62998 INFO tempest.lib.common.rest_client [req-d56c5f85-8432-4eba-bc4c-ed45d88e038c req-d56c5f85-8432-4eba-bc4c-ed45d88e038c ] Request (DeleteServersAdminTestJSON:test_delete_server_while_in_error_state): 200 GET http://10.180.1.21/compute/v2.1/servers/e4b17550-dce8-4361-9e52-88e6379d0219 0.064s
2025-02-19 16:16:38.378 62978 WARNING tempest.lib.common.ssh [-] Failed to establish authenticated ssh connection to cirros@10.180.180.180 ([Errno None] Unable to connect to port 22 on 10.180.180.180). Number attempts: 9. Retry after 10 seconds.: paramiko.ssh_exception.NoValidConnectionsError: [Errno None] Unable to connect to port 22 on 10.180.180.180
2025-02-19 16:16:38.400 62988 INFO tempest.lib.common.rest_client [req-dc11528f-c683-47a0-bccf-07a4a65adb4f req-dc11528f-c683-47a0-bccf-07a4a65adb4f ] Request (ImagesTestJSON:test_create_image_from_suspended_server): 200 GET http://10.180.1.21/compute/v2.1/images/2bd53733-0ff4-44ee-8a31-d2cbfe76efb8 0.066s
2025-02-19 16:16:38.402 62960 INFO tempest.lib.common.rest_client [req-613fd3b3-e56d-4a8a-9b39-30e00c165dca req-613fd3b3-e56d-4a8a-9b39-30e00c165dca ] Request (InstanceActionsNegativeTestJSON:setUpClass): 200 GET http://10.180.1.21/compute/v2.1/servers/ca27a04d-c316-43ca-95bc-479e5657dea8 0.089s
2025-02-19 16:16:38.450 62981 INFO tempest.lib.common.rest_client [req-985e2986-8ffe-4b6e-a81a-4e2971f38975 req-985e2986-8ffe-4b6e-a81a-4e2971f38975 ] Request (ServerRescueNegativeTestJSON:setUpClass): 200 GET http://10.180.1.21/compute/v2.1/servers/9fe8b122-58a4-433c-9782-0fb186bb14f9 0.108s
2025-02-19 16:16:38.461 62950 INFO tempest.lib.common.rest_client [req-2fe05fb9-8ba4-4473-ac23-4b0bea243df5 req-2fe05fb9-8ba4-4473-ac23-4b0bea243df5 ] Request (MigrationsAdminTest:test_list_migrations_in_flavor_resize_situation): 204 POST http://10.180.1.21/compute/v2.1/servers/d00a747e-a32f-47cd-b4b6-76402b158f3a/action 0.102s
2025-02-19 16:16:38.509 62984 INFO tempest.lib.common.rest_client [req-955b5a6b-0afc-4eaf-93d0-d2d1101d7f2b req-955b5a6b-0afc-4eaf-93d0-d2d1101d7f2b ] Request (SecurityGroupsTestJSON:test_list_security_groups_by_server): 200 GET http://10.180.1.21/compute/v2.1/servers/aa895c8d-8886-4328-a8da-d910822c166f 0.112s
2025-02-19 16:16:38.532 62964 INFO tempest.lib.common.rest_client [req-a6c41b45-9ac5-41e6-a852-b94f87b512cf req-a6c41b45-9ac5-41e6-a852-b94f87b512cf ] Request (ServerActionsTestOtherA:setUpClass): 200 GET http://10.180.1.21/compute/v2.1/servers/7ccdf342-6d91-453f-a0c1-64ebec7f6a31 0.087s
2025-02-19 16:16:38.540 62964 INFO tempest.common.waiters [-] State transition "BUILD/scheduling" ==> "BUILD/None" after 19 second wait
2025-02-19 16:16:38.596 62992 INFO tempest.lib.common.rest_client [req-aa206c11-77ee-44ed-a818-763a11751ad0 req-aa206c11-77ee-44ed-a818-763a11751ad0 ] Request (ServerMetadataNegativeTestJSON:setUpClass): 200 GET http://10.180.1.21/compute/v2.1/servers/b81dc60c-f0a2-4243-80d8-21c014cdc311 0.101s
2025-02-19 16:16:38.618 62950 INFO tempest.lib.common.rest_client [req-970aac96-f566-451e-bdf8-3d2b822fb627 req-970aac96-f566-451e-bdf8-3d2b822fb627 ] Request (MigrationsAdminTest:test_list_migrations_in_flavor_resize_situation): 200 GET http://10.180.1.21/compute/v2.1/servers/d00a747e-a32f-47cd-b4b6-76402b158f3a 0.156s
2025-02-19 16:16:38.653 63012 INFO tempest.lib.common.rest_client [req-c5ba6097-2011-4d67-9667-17921e811ec7 req-c5ba6097-2011-4d67-9667-17921e811ec7 ] Request (ServerMetadataTestJSON:tearDownClass): 200 GET http://10.180.1.21/compute/v2.1/servers/cf144f6d-e13f-4017-8815-49e714350f71 0.125s
2025-02-19 16:16:38.667 62958 INFO tempest.lib.common.rest_client [req-2a35053f-03e9-49c6-8ffe-fd61bf806157 req-2a35053f-03e9-49c6-8ffe-fd61bf806157 ] Request (ServersAdminNegativeTestJSON:test_migrate_server_invalid_state): 200 GET http://10.180.1.21/compute/v2.1/servers/7b2cf9e4-5f55-450c-bb94-f12b7eb772df 0.123s
2025-02-19 16:16:38.728 63010 INFO tempest.lib.common.rest_client [req-a33f95f3-4ba4-434b-92b7-0ecd031eeca1 req-a33f95f3-4ba4-434b-92b7-0ecd031eeca1 ] Request (ServersTestMultiNic:_run_cleanups): 200 GET http://10.180.1.21/compute/v2.1/servers/6ce3d9e0-074b-4dbd-a70f-c83e1e1280af 0.066s
2025-02-19 16:16:38.762 62996 INFO tempest.lib.common.rest_client [req-bb967fa0-9b5a-4b62-bf92-6c6e9601c917 req-bb967fa0-9b5a-4b62-bf92-6c6e9601c917 ] Request (ListImageFiltersTestJSON:setUpClass): 200 GET http://10.180.1.21/compute/v2.1/servers/ce37e013-1443-4d3c-a639-ec2d64fddff2 0.181s
2025-02-19 16:16:38.769 62996 INFO tempest.common.waiters [-] State transition "BUILD/networking" ==> "BUILD/spawning" after 71 second wait
2025-02-19 16:16:38.788 62976 INFO paramiko.transport [-] Connected (version 2.0, client dropbear_2020.81)
2025-02-19 16:16:38.837 62968 INFO tempest.lib.common.rest_client [req-34ae72f0-c600-4624-a442-2f66ca2f9314 req-34ae72f0-c600-4624-a442-2f66ca2f9314 ] Request (ServerRescueTestJSON:tearDownClass): 200 GET http://10.180.1.21/compute/v2.1/servers/2e489091-10ab-4c49-813b-9181de43a09e 0.079s
2025-02-19 16:16:38.839 62994 INFO tempest.lib.common.rest_client [req-d20b605c-980e-4b73-995e-2ce34096bc01 req-d20b605c-980e-4b73-995e-2ce34096bc01 ] Request (ImagesOneServerTestJSON:tearDownClass): 200 GET http://10.180.1.21/compute/v2.1/servers/02188f5d-133f-4d02-b3b4-0f3a4dd919f8 0.076s
2025-02-19 16:16:38.892 62976 INFO paramiko.transport [-] Authentication (publickey) successful!
2025-02-19 16:16:38.893 62976 INFO tempest.lib.common.ssh [-] ssh connection to cirros@10.180.180.210 successfully created
2025-02-19 16:16:38.926 62972 INFO tempest.lib.common.rest_client [req-cc4a76c5-6bfc-4eb2-9ad8-f2838e423006 req-cc4a76c5-6bfc-4eb2-9ad8-f2838e423006 ] Request (AttachInterfacesUnderV243Test:test_add_remove_fixed_ip): 200 GET http://10.180.1.21/compute/v2.1/servers/f2b6ee32-9ab2-4a4a-a428-80a06b000dc7 0.062s
2025-02-19 16:16:38.987 62976 INFO tempest.lib.common.rest_client [req-dbe77d01-9d6e-4f78-952a-9ca1e3ae3008 req-dbe77d01-9d6e-4f78-952a-9ca1e3ae3008 ] Request (ServersWithSpecificFlavorTestJSON:test_verify_created_server_ephemeral_disk): 204 DELETE http://10.180.1.21/compute/v2.1/servers/6d5ffd7c-919d-4c0d-a7f1-98a4cdcd2bab 0.081s
2025-02-19 16:16:39.049 62976 INFO tempest.lib.common.rest_client [req-3bd475d0-0322-4d53-9806-2016a1122c39 req-3bd475d0-0322-4d53-9806-2016a1122c39 ] Request (ServersWithSpecificFlavorTestJSON:test_verify_created_server_ephemeral_disk): 201 POST http://10.180.1.21/identity/v3/auth/tokens 0.059s
2025-02-19 16:16:39.050 62976 INFO tempest.lib.common.fixed_network [-] (ServersWithSpecificFlavorTestJSON:test_verify_created_server_ephemeral_disk) Found network {'id': 'c73cd884-d2b4-4d6f-b64c-40dd7fb39356', 'name': 'tempest-ServersWithSpecificFlavorTestJSON-1037867118-network', 'tenant_id': 'd02ecc3fb63e46f7a636d4cb740f42fb', 'admin_state_up': True, 'mtu': 8950, 'status': 'ACTIVE', 'subnets': [], 'shared': False, 'project_id': 'd02ecc3fb63e46f7a636d4cb740f42fb', 'port_security_enabled': True, 'router:external': False, 'provider:network_type': 'vlan', 'provider:physical_network': 'default', 'provider:segmentation_id': 232, 'availability_zone_hints': [], 'availability_zones': [], 'ipv4_address_scope': None, 'ipv6_address_scope': None, 'description': '', 'tags': [], 'created_at': '2025-02-19T16:14:15Z', 'updated_at': '2025-02-19T16:14:15Z', 'revision_number': 1} available for tenant
2025-02-19 16:16:39.050 62962 WARNING tempest.lib.common.ssh [-] Failed to establish authenticated ssh connection to cirros@10.180.180.251 ([Errno None] Unable to connect to port 22 on 10.180.180.251). Number attempts: 11. Retry after 12 seconds.: paramiko.ssh_exception.NoValidConnectionsError: [Errno None] Unable to connect to port 22 on 10.180.180.251
2025-02-19 16:16:39.096 62974 INFO tempest.lib.common.rest_client [req-5b404d14-6cc3-462f-917a-cf9d83e914f3 req-5b404d14-6cc3-462f-917a-cf9d83e914f3 ] Request (ServersTestFqdnHostnames:test_create_server_with_fqdn_name): 200 GET http://10.180.1.21/compute/v2.1/servers/2a11bdfc-b093-48e5-a464-d2b33dcb1839 0.053s
2025-02-19 16:16:39.126 63006 INFO tempest.lib.common.rest_client [req-344920d5-af50-4fb7-95b8-e2e1c020c0a5 req-344920d5-af50-4fb7-95b8-e2e1c020c0a5 ] Request (AttachVolumeTestJSON:test_attach_detach_volume): 200 GET http://10.180.1.21/volume/v3/volumes/b1a91dea-c54e-429c-834f-91cb32d3bb51 0.025s
2025-02-19 16:16:39.151 62986 INFO tempest.lib.common.rest_client [req-e115cf9e-ab72-43da-a908-e1b592c41b2f req-e115cf9e-ab72-43da-a908-e1b592c41b2f ] Request (ServerGroupTestJSON:test_create_server_with_scheduler_hint_group): 200 GET http://10.180.1.21/compute/v2.1/servers/66be2ad2-a542-42a6-825d-61ede3f92268 0.053s
2025-02-19 16:16:39.205 63002 INFO tempest.lib.common.rest_client [req-34acd510-22eb-4bfe-91ab-2067a8dc9295 req-34acd510-22eb-4bfe-91ab-2067a8dc9295 ] Request (ImagesOneServerNegativeTestJSON:_run_cleanups): 200 GET http://10.180.1.21/compute/v2.1/servers/688ad5ff-146f-4e2b-9b5b-ba34d0dcd6b0 0.072s
2025-02-19 16:16:39.264 62966 INFO tempest.lib.common.rest_client [req-fb592f55-cdb9-4410-931c-007279006a1b req-fb592f55-cdb9-4410-931c-007279006a1b ] Request (FloatingIPsAssociationNegativeTestJSON:tearDownClass): 200 GET http://10.180.1.21/compute/v2.1/servers/6a118a55-f098-4068-a852-556138ed9cdb 0.109s
2025-02-19 16:16:39.328 62970 INFO tempest.lib.common.rest_client [req-4af07e63-dba0-4247-a46a-a34822e43a99 req-4af07e63-dba0-4247-a46a-a34822e43a99 ] Request (ServerActionsTestOtherB:setUpClass): 200 GET http://10.180.1.21/compute/v2.1/servers/3ff447b7-9a02-4f12-8003-b4915cf440a4 0.117s
2025-02-19 16:16:39.430 62982 INFO tempest.lib.common.rest_client [req-c86306c1-6342-4a44-a53b-cd2a8717fac6 req-c86306c1-6342-4a44-a53b-cd2a8717fac6 ] Request (ServerDiskConfigTestJSON:test_rebuild_server_with_manual_disk_config): 200 GET http://10.180.1.21/compute/v2.1/servers/830c95e0-cfef-4940-86d7-3db3bf81d219 0.193s
2025-02-19 16:16:39.436 62976 INFO tempest.lib.common.rest_client [req-b55e02b0-7e07-4c02-9e20-83805246b173 req-b55e02b0-7e07-4c02-9e20-83805246b173 ] Request (ServersWithSpecificFlavorTestJSON:test_verify_created_server_ephemeral_disk): 202 POST http://10.180.1.21/compute/v2.1/servers 0.385s
2025-02-19 16:16:39.472 62998 INFO tempest.lib.common.rest_client [req-727dbb55-91bb-48f4-81d4-f74657e84feb req-727dbb55-91bb-48f4-81d4-f74657e84feb ] Request (DeleteServersAdminTestJSON:test_delete_server_while_in_error_state): 404 GET http://10.180.1.21/compute/v2.1/servers/e4b17550-dce8-4361-9e52-88e6379d0219 0.099s
2025-02-19 16:16:39.509 62988 INFO tempest.lib.common.rest_client [req-cf24aa0c-dcd5-4dd0-8e2a-4da5efab2be8 req-cf24aa0c-dcd5-4dd0-8e2a-4da5efab2be8 ] Request (ImagesTestJSON:test_create_image_from_suspended_server): 200 GET http://10.180.1.21/compute/v2.1/images/2bd53733-0ff4-44ee-8a31-d2cbfe76efb8 0.104s
2025-02-19 16:16:39.539 62990 INFO tempest.lib.common.rest_client [req-a458be10-adb0-4eea-8389-ebfdede7c339 req-a458be10-adb0-4eea-8389-ebfdede7c339 ] Request (ServerShowV257Test:tearDownClass): 200 GET http://10.180.1.21/compute/v2.1/servers/ead0e84f-e3ba-472d-9307-03b0b925f391 0.245s
2025-02-19 16:16:39.571 62960 INFO tempest.lib.common.rest_client [req-1ef33612-1798-4fbd-9144-ed8acf6cb5f3 req-1ef33612-1798-4fbd-9144-ed8acf6cb5f3 ] Request (InstanceActionsNegativeTestJSON:setUpClass): 200 GET http://10.180.1.21/compute/v2.1/servers/ca27a04d-c316-43ca-95bc-479e5657dea8 0.159s
2025-02-19 16:16:39.594 62976 INFO tempest.lib.common.rest_client [req-7121375a-90de-4fe5-9ec8-56cef8a6fcb3 req-7121375a-90de-4fe5-9ec8-56cef8a6fcb3 ] Request (ServersWithSpecificFlavorTestJSON:test_verify_created_server_ephemeral_disk): 200 GET http://10.180.1.21/compute/v2.1/servers/1dc8d549-e69f-4803-8ae1-1de88b6c1309 0.156s
2025-02-19 16:16:39.622 62998 INFO tempest.lib.common.rest_client [req-00373a41-4542-48ff-87ba-740cf120f8d4 req-00373a41-4542-48ff-87ba-740cf120f8d4 ] Request (DeleteServersAdminTestJSON:tearDownClass): 404 DELETE http://10.180.1.21/compute/v2.1/servers/e4b17550-dce8-4361-9e52-88e6379d0219 0.148s
2025-02-19 16:16:39.636 62981 INFO tempest.lib.common.rest_client [req-73799843-92f2-4541-a19f-412adb87ea9a req-73799843-92f2-4541-a19f-412adb87ea9a ] Request (ServerRescueNegativeTestJSON:setUpClass): 200 GET http://10.180.1.21/compute/v2.1/servers/9fe8b122-58a4-433c-9782-0fb186bb14f9 0.178s
2025-02-19 16:16:39.689 62984 INFO tempest.lib.common.rest_client [req-14865cf5-1500-420e-ab7d-ca974999f047 req-14865cf5-1500-420e-ab7d-ca974999f047 ] Request (SecurityGroupsTestJSON:test_list_security_groups_by_server): 200 GET http://10.180.1.21/compute/v2.1/servers/aa895c8d-8886-4328-a8da-d910822c166f 0.168s
2025-02-19 16:16:39.695 62964 INFO tempest.lib.common.rest_client [req-f78bcb63-07b6-47ee-ba6b-8117d1f82bef req-f78bcb63-07b6-47ee-ba6b-8117d1f82bef ] Request (ServerActionsTestOtherA:setUpClass): 200 GET http://10.180.1.21/compute/v2.1/servers/7ccdf342-6d91-453f-a0c1-64ebec7f6a31 0.153s
2025-02-19 16:16:39.714 62998 INFO tempest.lib.common.rest_client [req-53163111-6024-4ae0-9ef6-fdb55265cdd1 req-53163111-6024-4ae0-9ef6-fdb55265cdd1 ] Request (DeleteServersAdminTestJSON:tearDownClass): 404 GET http://10.180.1.21/compute/v2.1/servers/e4b17550-dce8-4361-9e52-88e6379d0219 0.092s
2025-02-19 16:16:39.753 62992 INFO tempest.lib.common.rest_client [req-f6106e0c-fa84-4f2c-afec-e2aa1e4f0183 req-f6106e0c-fa84-4f2c-afec-e2aa1e4f0183 ] Request (ServerMetadataNegativeTestJSON:setUpClass): 200 GET http://10.180.1.21/compute/v2.1/servers/b81dc60c-f0a2-4243-80d8-21c014cdc311 0.149s
2025-02-19 16:16:39.827 63012 INFO tempest.lib.common.rest_client [req-c9bfb4cc-2f4b-4684-ac74-f192ca0be4a2 req-c9bfb4cc-2f4b-4684-ac74-f192ca0be4a2 ] Request (ServerMetadataTestJSON:tearDownClass): 200 GET http://10.180.1.21/compute/v2.1/servers/cf144f6d-e13f-4017-8815-49e714350f71 0.165s
2025-02-19 16:16:39.839 62950 INFO tempest.lib.common.rest_client [req-509a6b96-1ac4-4acf-b97d-452c7dc621c4 req-509a6b96-1ac4-4acf-b97d-452c7dc621c4 ] Request (MigrationsAdminTest:test_list_migrations_in_flavor_resize_situation): 200 GET http://10.180.1.21/compute/v2.1/servers/d00a747e-a32f-47cd-b4b6-76402b158f3a 0.212s
2025-02-19 16:16:39.857 62998 INFO tempest.lib.common.rest_client [req-7c415c20-6535-4090-8496-ef1670689887 req-7c415c20-6535-4090-8496-ef1670689887 ] Request (DeleteServersAdminTestJSON:tearDownClass): 404 DELETE http://10.180.1.21/compute/v2.1/servers/ea92f4db-bd0c-48e4-9192-f02d272d10c7 0.142s
2025-02-19 16:16:39.874 62958 INFO tempest.lib.common.rest_client [req-8234c709-7e4d-478a-abf6-2857043e0be2 req-8234c709-7e4d-478a-abf6-2857043e0be2 ] Request (ServersAdminNegativeTestJSON:test_migrate_server_invalid_state): 200 GET http://10.180.1.21/compute/v2.1/servers/7b2cf9e4-5f55-450c-bb94-f12b7eb772df 0.199s
2025-02-19 16:16:39.915 63010 INFO tempest.lib.common.rest_client [req-d9972094-fc05-4aeb-81de-73165d15e081 req-d9972094-fc05-4aeb-81de-73165d15e081 ] Request (ServersTestMultiNic:_run_cleanups): 200 GET http://10.180.1.21/compute/v2.1/servers/6ce3d9e0-074b-4dbd-a70f-c83e1e1280af 0.179s
2025-02-19 16:16:39.965 62996 INFO tempest.lib.common.rest_client [req-302b0276-0ef1-4599-ad4e-7719ecc711ed req-302b0276-0ef1-4599-ad4e-7719ecc711ed ] Request (ListImageFiltersTestJSON:setUpClass): 200 GET http://10.180.1.21/compute/v2.1/servers/ce37e013-1443-4d3c-a639-ec2d64fddff2 0.195s
2025-02-19 16:16:39.975 62994 INFO tempest.lib.common.rest_client [req-065f21af-7fd8-456c-b42e-b3f99305c8be req-065f21af-7fd8-456c-b42e-b3f99305c8be ] Request (ImagesOneServerTestJSON:tearDownClass): 200 GET http://10.180.1.21/compute/v2.1/servers/02188f5d-133f-4d02-b3b4-0f3a4dd919f8 0.128s
2025-02-19 16:16:39.996 62998 INFO tempest.lib.common.rest_client [req-d826def6-ba56-4a4a-9989-efc6b67f5878 req-d826def6-ba56-4a4a-9989-efc6b67f5878 ] Request (DeleteServersAdminTestJSON:tearDownClass): 404 GET http://10.180.1.21/compute/v2.1/servers/ea92f4db-bd0c-48e4-9192-f02d272d10c7 0.139s
2025-02-19 16:16:40.028 62968 INFO tempest.lib.common.rest_client [req-6e0d5e87-9b58-4e33-982e-5fb760a01dea req-6e0d5e87-9b58-4e33-982e-5fb760a01dea ] Request (ServerRescueTestJSON:tearDownClass): 200 GET http://10.180.1.21/compute/v2.1/servers/2e489091-10ab-4c49-813b-9181de43a09e 0.179s
2025-02-19 16:16:40.044 62972 INFO tempest.lib.common.rest_client [req-e07f7cbd-5433-45c3-bcf1-50c773e58466 req-e07f7cbd-5433-45c3-bcf1-50c773e58466 ] Request (AttachInterfacesUnderV243Test:test_add_remove_fixed_ip): 200 GET http://10.180.1.21/compute/v2.1/servers/f2b6ee32-9ab2-4a4a-a428-80a06b000dc7 0.110s
2025-02-19 16:16:40.078 62998 INFO tempest.lib.common.rest_client [req-b31b87a2-e1a1-4a64-b75a-0aa886cf79bf req-b31b87a2-e1a1-4a64-b75a-0aa886cf79bf ] Request (DeleteServersAdminTestJSON:tearDownClass): 204 DELETE http://10.180.1.21/identity/v3/users/8b93b98c5da04591b3917d5ca3ac3d03 0.081s
2025-02-19 16:16:40.156 62974 INFO tempest.lib.common.rest_client [req-e5ad6f90-70ea-49d3-a941-618c6623f6ac req-e5ad6f90-70ea-49d3-a941-618c6623f6ac ] Request (ServersTestFqdnHostnames:test_create_server_with_fqdn_name): 200 GET http://10.180.1.21/compute/v2.1/servers/2a11bdfc-b093-48e5-a464-d2b33dcb1839 0.051s
2025-02-19 16:16:40.167 62998 INFO tempest.lib.common.rest_client [req-76642be5-f856-4026-bb23-97eeff7bff36 req-76642be5-f856-4026-bb23-97eeff7bff36 ] Request (DeleteServersAdminTestJSON:tearDownClass): 204 DELETE http://10.180.1.21/identity/v3/users/6d395283f90d494dad2f24b297926652 0.088s
2025-02-19 16:16:40.167 62998 INFO tempest.lib.common.dynamic_creds [-] Deleting project and security group for project: a093372e3599426298f517fc75e7a873
2025-02-19 16:16:40.169 63006 INFO tempest.lib.common.rest_client [req-eb7ab23d-84e6-4466-bfb8-5e9782a1976b req-eb7ab23d-84e6-4466-bfb8-5e9782a1976b ] Request (AttachVolumeTestJSON:test_attach_detach_volume): 200 GET http://10.180.1.21/volume/v3/volumes/b1a91dea-c54e-429c-834f-91cb32d3bb51 0.034s
2025-02-19 16:16:40.209 62986 INFO tempest.lib.common.rest_client [req-caf095a6-b6b4-482d-8d34-d52326f93132 req-caf095a6-b6b4-482d-8d34-d52326f93132 ] Request (ServerGroupTestJSON:test_create_server_with_scheduler_hint_group): 200 GET http://10.180.1.21/compute/v2.1/servers/66be2ad2-a542-42a6-825d-61ede3f92268 0.050s
2025-02-19 16:16:40.229 62998 INFO tempest.lib.common.rest_client [req-0f5c4c2d-95b7-4460-8cc1-a53584cb8fde req-0f5c4c2d-95b7-4460-8cc1-a53584cb8fde ] Request (DeleteServersAdminTestJSON:tearDownClass): 201 POST http://10.180.1.21/identity/v3/auth/tokens 0.062s
2025-02-19 16:16:40.268 63002 INFO tempest.lib.common.rest_client [req-f1ec58bf-6d6f-4ba3-8ed6-c19a3cbdd341 req-f1ec58bf-6d6f-4ba3-8ed6-c19a3cbdd341 ] Request (ImagesOneServerNegativeTestJSON:_run_cleanups): 200 GET http://10.180.1.21/compute/v2.1/servers/688ad5ff-146f-4e2b-9b5b-ba34d0dcd6b0 0.053s
2025-02-19 16:16:40.329 62966 INFO tempest.lib.common.rest_client [req-55ec2a62-798d-4f04-8686-631e77d5e15f req-55ec2a62-798d-4f04-8686-631e77d5e15f ] Request (FloatingIPsAssociationNegativeTestJSON:tearDownClass): 200 GET http://10.180.1.21/compute/v2.1/servers/6a118a55-f098-4068-a852-556138ed9cdb 0.057s
2025-02-19 16:16:40.379 62998 INFO tempest.lib.common.rest_client [req-cd11f00b-4e1a-4345-a42d-eba481134cfa req-cd11f00b-4e1a-4345-a42d-eba481134cfa ] Request (DeleteServersAdminTestJSON:tearDownClass): 200 GET http://10.180.1.21:9696/networking/v2.0/security-groups?tenant_id=a093372e3599426298f517fc75e7a873&name=default 0.149s
2025-02-19 16:16:40.391 62970 INFO tempest.lib.common.rest_client [req-f7be2c82-081a-42d9-bcf9-57eedcefcb51 req-f7be2c82-081a-42d9-bcf9-57eedcefcb51 ] Request (ServerActionsTestOtherB:setUpClass): 200 GET http://10.180.1.21/compute/v2.1/servers/3ff447b7-9a02-4f12-8003-b4915cf440a4 0.054s
2025-02-19 16:16:40.455 62998 INFO tempest.lib.common.rest_client [req-067b7ec1-bedb-4835-9410-f4a54153edbb req-067b7ec1-bedb-4835-9410-f4a54153edbb ] Request (DeleteServersAdminTestJSON:tearDownClass): 204 DELETE http://10.180.1.21:9696/networking/v2.0/security-groups/57e65796-e056-4b18-a39d-e4edc230f3ef 0.076s
2025-02-19 16:16:40.519 62998 INFO tempest.lib.common.rest_client [req-6f02ba49-28be-4536-96d6-5bb114c88d8e req-6f02ba49-28be-4536-96d6-5bb114c88d8e ] Request (DeleteServersAdminTestJSON:tearDownClass): 204 DELETE http://10.180.1.21/identity/v3/projects/a093372e3599426298f517fc75e7a873 0.063s
2025-02-19 16:16:40.519 62998 INFO tempest.lib.common.dynamic_creds [-] Deleting project and security group for project: 46d9618fbf8649dd811b051ffcd1afaf
2025-02-19 16:16:40.529 62982 INFO tempest.lib.common.rest_client [req-7e5d50e3-a122-47a1-8a53-0e80a3ef7445 req-7e5d50e3-a122-47a1-8a53-0e80a3ef7445 ] Request (ServerDiskConfigTestJSON:test_rebuild_server_with_manual_disk_config): 200 GET http://10.180.1.21/compute/v2.1/servers/830c95e0-cfef-4940-86d7-3db3bf81d219 0.091s
2025-02-19 16:16:40.547 62998 INFO tempest.lib.common.rest_client [req-90635703-dc16-4447-afbf-5313541ea93b req-90635703-dc16-4447-afbf-5313541ea93b ] Request (DeleteServersAdminTestJSON:tearDownClass): 200 GET http://10.180.1.21:9696/networking/v2.0/security-groups?tenant_id=46d9618fbf8649dd811b051ffcd1afaf&name=default 0.027s
2025-02-19 16:16:40.556 62988 INFO tempest.lib.common.rest_client [req-9a2ea73c-1cd2-470c-a521-88295ba846f1 req-9a2ea73c-1cd2-470c-a521-88295ba846f1 ] Request (ImagesTestJSON:test_create_image_from_suspended_server): 200 GET http://10.180.1.21/compute/v2.1/images/2bd53733-0ff4-44ee-8a31-d2cbfe76efb8 0.037s
2025-02-19 16:16:40.613 62990 INFO tempest.lib.common.rest_client [req-ea8a48c2-1125-4a94-9f33-9c2781af6772 req-ea8a48c2-1125-4a94-9f33-9c2781af6772 ] Request (ServerShowV257Test:tearDownClass): 200 GET http://10.180.1.21/compute/v2.1/servers/ead0e84f-e3ba-472d-9307-03b0b925f391 0.064s
2025-02-19 16:16:40.629 62990 INFO tempest.common.waiters [-] State transition "ACTIVE/deleting" ==> "DELETED/None" after 5 second wait
2025-02-19 16:16:40.633 62960 INFO tempest.lib.common.rest_client [req-380cc7ca-e9ef-4fde-a9c0-e47e9e037604 req-380cc7ca-e9ef-4fde-a9c0-e47e9e037604 ] Request (InstanceActionsNegativeTestJSON:setUpClass): 200 GET http://10.180.1.21/compute/v2.1/servers/ca27a04d-c316-43ca-95bc-479e5657dea8 0.053s
2025-02-19 16:16:40.662 62976 INFO tempest.lib.common.rest_client [req-f89a6335-10cc-4984-a407-b2e1b652420b req-f89a6335-10cc-4984-a407-b2e1b652420b ] Request (ServersWithSpecificFlavorTestJSON:test_verify_created_server_ephemeral_disk): 200 GET http://10.180.1.21/compute/v2.1/servers/1dc8d549-e69f-4803-8ae1-1de88b6c1309 0.058s
2025-02-19 16:16:40.667 62998 INFO tempest.lib.common.rest_client [req-d543f3d4-fa90-4f4b-a2d5-5aded904b431 req-d543f3d4-fa90-4f4b-a2d5-5aded904b431 ] Request (DeleteServersAdminTestJSON:tearDownClass): 204 DELETE http://10.180.1.21:9696/networking/v2.0/security-groups/d400c0ef-3484-4a25-933f-0f8bd0ba4fb9 0.119s
2025-02-19 16:16:40.713 62981 INFO tempest.lib.common.rest_client [req-d7c35a05-1fa6-4aa4-8302-4fb50216e574 req-d7c35a05-1fa6-4aa4-8302-4fb50216e574 ] Request (ServerRescueNegativeTestJSON:setUpClass): 200 GET http://10.180.1.21/compute/v2.1/servers/9fe8b122-58a4-433c-9782-0fb186bb14f9 0.067s
