2025-02-19 16:14:40.290 63002 INFO tempest.lib.common.dynamic_creds [-] Created isolated network resources for: credentials: Credentials: {'domain_id': 'default', 'domain_name': 'Default', 'username': 'tempest-FloatingIPsNegativeTestJSON-2113925909-project-member', 'project_domain_id': 'default', 'project_domain_name': 'Default', 'project_id': '6231f7ed3375471bb2acb6a139e3a856', 'project_name': 'tempest-FloatingIPsNegativeTestJSON-2113925909', 'tenant_id': '6231f7ed3375471bb2acb6a139e3a856', 'tenant_name': 'tempest-FloatingIPsNegativeTestJSON-2113925909', 'user_domain_id': 'default', 'user_domain_name': 'Default', 'user_id': 'a12868ba232040e89da3a4bd82e7711a', 'system': None}, Network: {'id': '9cf5c0d4-26c0-4fac-9e57-5a964bea796a', 'name': 'tempest-FloatingIPsNegativeTestJSON-385186536-network', 'tenant_id': '6231f7ed3375471bb2acb6a139e3a856', 'admin_state_up': True, 'mtu': 8950, 'status': 'ACTIVE', 'subnets': [], 'shared': False, 'project_id': '6231f7ed3375471bb2acb6a139e3a856', 'port_security_enabled': True, 'router:external': False, 'provider:network_type': 'vlan', 'provider:physical_network': 'default', 'provider:segmentation_id': 988, 'availability_zone_hints': [], 'availability_zones': [], 'ipv4_address_scope': None, 'ipv6_address_scope': None, 'description': '', 'tags': [], 'created_at': '2025-02-19T16:14:34Z', 'updated_at': '2025-02-19T16:14:34Z', 'revision_number': 1}, Subnet: {'id': 'd12a1640-f98c-43aa-adf6-ee66135da432', 'name': 'tempest-FloatingIPsNegativeTestJSON-385186536-subnet', 'tenant_id': '6231f7ed3375471bb2acb6a139e3a856', 'network_id': '9cf5c0d4-26c0-4fac-9e57-5a964bea796a', 'ip_version': 4, 'subnetpool_id': None, 'enable_dhcp': True, 'ipv6_ra_mode': None, 'ipv6_address_mode': None, 'gateway_ip': '192.168.128.1', 'cidr': '192.168.128.0/28', 'allocation_pools': [{'start': '192.168.128.2', 'end': '192.168.128.14'}], 'host_routes': [], 'dns_nameservers': [], 'description': '', 'router:external': False, 'service_types': [], 'tags': [], 'created_at': '2025-02-19T16:14:34Z', 'updated_at': '2025-02-19T16:14:34Z', 'revision_number': 0, 'project_id': '6231f7ed3375471bb2acb6a139e3a856'}, Router: {'id': 'c6093c7e-4f57-42d8-a00c-1fd1bb79cc60', 'name': 'tempest-FloatingIPsNegativeTestJSON-385186536-router', 'tenant_id': '6231f7ed3375471bb2acb6a139e3a856', 'admin_state_up': True, 'status': 'ACTIVE', 'external_gateway_info': {'network_id': '6b2d94d4-d85a-4f42-a9c3-fd51ffdeb69f', 'external_fixed_ips': [{'subnet_id': '29e043f9-0ba7-4a79-8df8-3a78eac29a60', 'ip_address': '10.180.180.218'}], 'enable_snat': True}, 'description': '', 'availability_zones': [], 'distributed': False, 'ha': False, 'availability_zone_hints': [], 'routes': [], 'flavor_id': None, 'tags': [], 'created_at': '2025-02-19T16:14:35Z', 'updated_at': '2025-02-19T16:14:36Z', 'revision_number': 2, 'project_id': '6231f7ed3375471bb2acb6a139e3a856'}
2025-02-19 16:14:40.291 62970 INFO tempest.lib.common.rest_client [req-2d1290d5-4a70-4c7e-bc85-cf8b10d2c19e req-2d1290d5-4a70-4c7e-bc85-cf8b10d2c19e ] Request (QuotaClassesAdmin257Test:tearDownClass): 204 DELETE http://10.180.1.21/identity/v3/users/bde238f324864a5b936e45a2d9425cac 0.133s
2025-02-19 16:14:40.291 62970 INFO tempest.lib.common.dynamic_creds [-] Deleting project and security group for project: b75f073473a84ef2903507ddca4dee6e
2025-02-19 16:14:40.291 62998 INFO tempest.lib.common.rest_client [req-be236458-a3c2-4d91-9a40-7e64a0948782 req-be236458-a3c2-4d91-9a40-7e64a0948782 ] Request (DeleteServersAdminTestJSON:test_admin_delete_servers_of_others): 200 GET http://10.180.1.21/compute/v2.1/servers/ea92f4db-bd0c-48e4-9192-f02d272d10c7 1.867s
2025-02-19 16:14:40.320 62954 INFO tempest.lib.common.rest_client [req-adc5d546-8c75-4e6d-9506-d4928df5db31 req-adc5d546-8c75-4e6d-9506-d4928df5db31 ] Request (AggregatesAdminNegativeTestJSON:tearDownClass): 201 POST http://10.180.1.21/identity/v3/auth/tokens 0.154s
2025-02-19 16:14:40.393 62964 INFO tempest.lib.common.rest_client [req-148d7e4c-f3d8-4ccf-a96a-9d51679184b1 req-148d7e4c-f3d8-4ccf-a96a-9d51679184b1 ] Request (ImagesNegativeTestJSON:setUpClass): 201 POST http://10.180.1.21/identity/v3/users 0.132s
2025-02-19 16:14:40.407 62970 INFO tempest.lib.common.rest_client [req-30243f62-8ee9-450f-a4c7-ae36b61796df req-30243f62-8ee9-450f-a4c7-ae36b61796df ] Request (QuotaClassesAdmin257Test:tearDownClass): 201 POST http://10.180.1.21/identity/v3/auth/tokens 0.116s
2025-02-19 16:14:40.450 63010 INFO tempest.lib.common.rest_client [req-6abe451e-8403-46f2-ae75-81c809dd299f req-6abe451e-8403-46f2-ae75-81c809dd299f ] Request (QuotasAdminNegativeTest:_run_cleanups): 200 PUT http://10.180.1.21/compute/v2.1/os-quota-sets/1938c3c7e57a457a808cc22f5727f07c 2.302s
2025-02-19 16:14:40.471 62964 INFO tempest.lib.common.rest_client [req-f8f2d2c9-96b6-4bdf-9962-6a2fda9c1d6b req-f8f2d2c9-96b6-4bdf-9962-6a2fda9c1d6b ] Request (ImagesNegativeTestJSON:setUpClass): 200 GET http://10.180.1.21/identity/v3/roles 0.077s
2025-02-19 16:14:40.478 63002 INFO tempest.lib.common.rest_client [req-265422f7-3920-4533-a74f-acb1e9dedec1 req-265422f7-3920-4533-a74f-acb1e9dedec1 ] Request (FloatingIPsNegativeTestJSON:setUpClass): 201 POST http://10.180.1.21/identity/v3/auth/tokens 0.183s
2025-02-19 16:14:40.481 63006 INFO tempest.lib.common.rest_client [req-7758dfe7-8545-4c99-9665-036a109469f7 req-7758dfe7-8545-4c99-9665-036a109469f7 ] Request (ValidationResourcesFixture:setUp): 201 POST http://10.180.1.21:9696/networking/v2.0/floatingips 0.730s
2025-02-19 16:14:40.502 62964 INFO tempest.lib.common.rest_client [req-9184c726-c305-4047-9478-2d886bba53f4 req-9184c726-c305-4047-9478-2d886bba53f4 ] Request (ImagesNegativeTestJSON:setUpClass): 204 PUT http://10.180.1.21/identity/v3/projects/385c7f17323f4f9789c10a3d0b9d5594/users/ffd1bfd55af44b9fb958634e46c1da50/roles/159fde66d6934f09b7586cb9ae2345d6 0.031s
2025-02-19 16:14:40.503 62964 INFO tempest.lib.common.dynamic_creds [-] Dynamic test user ffd1bfd55af44b9fb958634e46c1da50 is created with scope project and roles: ['member']
2025-02-19 16:14:40.503 62964 INFO tempest.lib.common.dynamic_creds [-] Acquired dynamic creds: credentials: Credentials: {'domain_id': 'default', 'domain_name': 'Default', 'username': 'tempest-ImagesNegativeTestJSON-1919822025-project-member', 'project_domain_id': 'default', 'project_domain_name': 'Default', 'project_id': '385c7f17323f4f9789c10a3d0b9d5594', 'project_name': 'tempest-ImagesNegativeTestJSON-1919822025', 'tenant_id': '385c7f17323f4f9789c10a3d0b9d5594', 'tenant_name': 'tempest-ImagesNegativeTestJSON-1919822025', 'user_domain_id': 'default', 'user_domain_name': 'Default', 'user_id': 'ffd1bfd55af44b9fb958634e46c1da50', 'system': None}, Network: None, Subnet: None, Router: None
2025-02-19 16:14:40.526 62952 INFO tempest.lib.common.rest_client [req-dd548e91-b821-4dca-a653-4ee2e7857969 req-dd548e91-b821-4dca-a653-4ee2e7857969 ] Request (AttachInterfacesTestJSON:test_create_list_show_delete_interfaces_by_fixed_ip): 200 GET http://10.180.1.21/compute/v2.1/servers/61bba756-8f9a-46af-a385-76fb8ab28a1b 1.886s
2025-02-19 16:14:40.555 63006 INFO tempest.lib.common.rest_client [req-46414806-4956-4126-9973-8070adc56c17 req-46414806-4956-4126-9973-8070adc56c17 ] Request (AttachVolumeTestJSON:test_attach_detach_volume): 201 POST http://10.180.1.21/identity/v3/auth/tokens 0.070s
2025-02-19 16:14:40.556 63006 INFO tempest.lib.common.fixed_network [-] (AttachVolumeTestJSON:test_attach_detach_volume) Found network {'id': 'e99386ce-c8cc-489d-b651-8826d1f9a17f', 'name': 'tempest-AttachVolumeTestJSON-2138784852-network', 'tenant_id': '8a2989fb5a624d3691685a2c5f675914', 'admin_state_up': True, 'mtu': 8950, 'status': 'ACTIVE', 'subnets': [], 'shared': False, 'project_id': '8a2989fb5a624d3691685a2c5f675914', 'port_security_enabled': True, 'router:external': False, 'provider:network_type': 'vlan', 'provider:physical_network': 'default', 'provider:segmentation_id': 106, 'availability_zone_hints': [], 'availability_zones': [], 'ipv4_address_scope': None, 'ipv6_address_scope': None, 'description': '', 'tags': [], 'created_at': '2025-02-19T16:14:29Z', 'updated_at': '2025-02-19T16:14:29Z', 'revision_number': 1} available for tenant
2025-02-19 16:14:40.569 62964 INFO tempest.lib.common.rest_client [req-d18ff3c6-4c27-4fc1-b5a1-7b66d53c8289 req-d18ff3c6-4c27-4fc1-b5a1-7b66d53c8289 ] Request (ImagesNegativeTestJSON:setUpClass): 201 POST http://10.180.1.21/identity/v3/auth/tokens 0.065s
2025-02-19 16:14:40.589 62968 INFO tempest.lib.common.rest_client [req-6a607d0c-f429-41af-8cc1-72ba86cba526 req-6a607d0c-f429-41af-8cc1-72ba86cba526 ] Request (ServerRescueTestJSON:setUpClass): 200 GET http://10.180.1.21/compute/v2.1/servers/d1acc780-532c-43cb-ab52-85abbf4afcbd 1.848s
2025-02-19 16:14:40.767 62970 INFO tempest.lib.common.rest_client [req-b431c821-0863-402f-a23a-dbd8d8e8af8a req-b431c821-0863-402f-a23a-dbd8d8e8af8a ] Request (QuotaClassesAdmin257Test:tearDownClass): 200 GET http://10.180.1.21:9696/networking/v2.0/security-groups?tenant_id=b75f073473a84ef2903507ddca4dee6e&name=default 0.359s
2025-02-19 16:14:40.776 62954 INFO tempest.lib.common.rest_client [req-b73bbfb8-189b-4756-839d-6274f355ab00 req-b73bbfb8-189b-4756-839d-6274f355ab00 ] Request (AggregatesAdminNegativeTestJSON:tearDownClass): 200 GET http://10.180.1.21:9696/networking/v2.0/security-groups?tenant_id=99c02b8729c94e4e90517ac3a8ec724c&name=default 0.456s
2025-02-19 16:14:40.802 62978 INFO tempest.lib.common.rest_client [req-1b709596-b5e6-4e0b-89ba-48636b6d6200 req-1b709596-b5e6-4e0b-89ba-48636b6d6200 ] Request (VolumesAssistedSnapshotsTest:test_volume_assisted_snapshot_create_delete): 200 POST http://10.180.1.21/compute/v2.1/os-keypairs 2.031s
2025-02-19 16:14:40.896 62954 INFO tempest.lib.common.rest_client [req-622bab29-a01e-470d-9a8b-ec313641633f req-622bab29-a01e-470d-9a8b-ec313641633f ] Request (AggregatesAdminNegativeTestJSON:tearDownClass): 204 DELETE http://10.180.1.21:9696/networking/v2.0/security-groups/dbd31073-5434-4ce6-86ac-8540024f0553 0.119s
2025-02-19 16:14:40.923 62956 INFO tempest.lib.common.rest_client [req-f6f479c4-14ec-48ed-b933-3a54bcdc7e6b req-f6f479c4-14ec-48ed-b933-3a54bcdc7e6b ] Request (VolumesAdminNegativeTest:test_update_attached_volume_with_nonexistent_volume_in_body): 202 POST http://10.180.1.21/compute/v2.1/servers 2.361s
2025-02-19 16:14:40.947 62988 INFO tempest.lib.common.rest_client [req-e0174385-7c05-47a6-bc7e-e02b0b92cbd4 req-e0174385-7c05-47a6-bc7e-e02b0b92cbd4 ] Request (ImagesTestJSON:test_create_image_from_stopped_server): 200 GET http://10.180.1.21/compute/v2.1/servers/19610852-7ebd-4dd5-8321-118431b8d7a0 1.599s
2025-02-19 16:14:41.008 62992 INFO tempest.lib.common.rest_client [req-5ea77c8b-c262-44b7-aaef-fe5fb74b2f40 req-5ea77c8b-c262-44b7-aaef-fe5fb74b2f40 ] Request (ServerDiagnosticsTest:test_get_server_diagnostics): 200 GET http://10.180.1.21/compute/v2.1/servers/3e6ea057-da12-4476-9846-b5a82c14f234 1.572s
2025-02-19 16:14:41.011 62954 INFO tempest.lib.common.rest_client [req-88b0fe33-7c53-4625-a08e-d34b8ffae1ff req-88b0fe33-7c53-4625-a08e-d34b8ffae1ff ] Request (AggregatesAdminNegativeTestJSON:tearDownClass): 204 DELETE http://10.180.1.21/identity/v3/projects/99c02b8729c94e4e90517ac3a8ec724c 0.115s
2025-02-19 16:14:41.011 62954 INFO tempest.lib.common.dynamic_creds [-] Deleting project and security group for project: 667b04f4ea6d4858b70befd3e2153496
2025-02-19 16:14:41.017 62992 INFO tempest.common.waiters [-] State transition "BUILD/None" ==> "BUILD/networking" after 6 second wait
2025-02-19 16:14:41.134 62962 INFO tempest.lib.common.rest_client [req-ec87a3a5-7d32-4c86-bed7-de3fa0d0a63c req-ec87a3a5-7d32-4c86-bed7-de3fa0d0a63c ] Request (ServersTestJSON:setUpClass): 200 GET http://10.180.1.21/compute/v2.1/servers/9e379033-a6bd-4853-918f-8ddcd30ac375 1.685s
2025-02-19 16:14:41.144 62962 INFO tempest.common.waiters [-] State transition "BUILD/networking" ==> "BUILD/spawning" after 10 second wait
2025-02-19 16:14:41.145 62986 INFO tempest.lib.common.rest_client [req-c20e7aa1-9ccb-4b95-ac7a-0e270ed81573 req-c20e7aa1-9ccb-4b95-ac7a-0e270ed81573 ] Request (ServerDiagnosticsV248Test:test_get_server_diagnostics): 200 GET http://10.180.1.21/compute/v2.1/servers/308196fc-c178-402d-b669-c01a18c93221 1.458s
2025-02-19 16:14:41.229 62960 INFO tempest.lib.common.rest_client [req-02b280cf-d8db-4d39-a8da-d440cfa74146 req-02b280cf-d8db-4d39-a8da-d440cfa74146 ] Request (AttachInterfacesV270Test:test_create_get_list_interfaces): 200 GET http://10.180.1.21/compute/v2.1/servers/c497fc7e-0e7a-4a13-8383-95c664c6538d 1.339s
2025-02-19 16:14:41.252 62994 INFO tempest.lib.common.rest_client [req-eb12f19f-7aae-4aff-ac26-ddf660acc533 req-eb12f19f-7aae-4aff-ac26-ddf660acc533 ] Request (FloatingIPDetailsTestJSON:test_get_floating_ip_details): 200 GET http://10.180.1.21/compute/v2.1/os-floating-ips/198be7e8-b8d1-4cb2-aa1f-451b398e2dcd 1.391s
2025-02-19 16:14:41.269 62984 INFO tempest.lib.common.rest_client [req-0e6e4cb4-8d34-454b-ab1e-f0c6a3762ae9 req-0e6e4cb4-8d34-454b-ab1e-f0c6a3762ae9 ] Request (FlavorsExtraSpecsNegativeTestJSON:test_flavor_unset_nonexistent_key): 404 DELETE http://10.180.1.21/compute/v2.1/flavors/1471539262/os-extra_specs/hw:cpu_thread_policy 1.322s
2025-02-19 16:14:41.272 62954 INFO tempest.lib.common.rest_client [req-0f852837-0516-4237-ad11-10e0358762a2 req-0f852837-0516-4237-ad11-10e0358762a2 ] Request (AggregatesAdminNegativeTestJSON:tearDownClass): 200 GET http://10.180.1.21:9696/networking/v2.0/security-groups?tenant_id=667b04f4ea6d4858b70befd3e2153496&name=default 0.261s
2025-02-19 16:14:41.276 62996 INFO tempest.lib.common.rest_client [req-dc16ae2d-0d40-4b12-9a6c-49e79530e369 req-dc16ae2d-0d40-4b12-9a6c-49e79530e369 ] Request (HypervisorAdminNegativeTestJSON:test_show_hypervisor_with_non_admin_user): 403 GET http://10.180.1.21/compute/v2.1/os-hypervisors/1 1.328s
2025-02-19 16:14:41.276 62970 INFO tempest.lib.common.rest_client [req-723844d2-dcca-4ee6-9a15-6a21a8bc4739 req-723844d2-dcca-4ee6-9a15-6a21a8bc4739 ] Request (QuotaClassesAdmin257Test:tearDownClass): 204 DELETE http://10.180.1.21:9696/networking/v2.0/security-groups/d6b7e458-5890-4990-936e-7bbf9932e3a5 0.509s
2025-02-19 16:14:41.284 62950 INFO tempest.lib.common.rest_client [req-91c2c5cb-575f-462e-aba2-04f7471e27f5 req-91c2c5cb-575f-462e-aba2-04f7471e27f5 ] Request (HostsAdminNegativeTestJSON:test_update_host_with_invalid_maintenance_mode): 400 PUT http://10.180.1.21/compute/v2.1/os-hosts/devstack 1.314s
2025-02-19 16:14:41.284 63004 INFO tempest.lib.common.rest_client [req-0fb562d2-9b26-47af-b3ac-d6a490283a79 req-0fb562d2-9b26-47af-b3ac-d6a490283a79 ] Request (HostsAdminTestJSON:test_show_host_detail): 200 GET http://10.180.1.21/compute/v2.1/os-hosts/cpu-1 1.344s
2025-02-19 16:14:41.311 63008 INFO tempest.lib.common.rest_client [req-a442fb9c-ab9c-40b1-bb69-a88d460189c5 req-a442fb9c-ab9c-40b1-bb69-a88d460189c5 ] Request (KeyPairsV210TestJSON:_run_cleanups): 204 DELETE http://10.180.1.21/compute/v2.1/os-keypairs/tempest-keypair-2140890927?user_id=ec41f968da9546a792133f01716cc70b 1.333s
2025-02-19 16:14:41.314 62974 INFO tempest.lib.common.rest_client [req-95961e8a-0e8f-4fd8-9550-c3d319ae895b req-95961e8a-0e8f-4fd8-9550-c3d319ae895b ] Request (FlavorsExtraSpecsTestJSON:test_flavor_set_get_update_show_unset_keys): 200 PUT http://10.180.1.21/compute/v2.1/flavors/53970863/os-extra_specs/hw:numa_nodes 1.327s
2025-02-19 16:14:41.343 63000 INFO tempest.lib.common.rest_client [req-d777ec0e-41a0-48b9-984d-e9c1b726a4b4 req-d777ec0e-41a0-48b9-984d-e9c1b726a4b4 ] Request (FlavorsAdminTestJSON:_run_cleanups): 202 DELETE http://10.180.1.21/compute/v2.1/flavors/1299892560 1.291s
2025-02-19 16:14:41.370 63012 INFO tempest.lib.common.rest_client [req-8dbfed35-c5bf-4b42-b3e3-8f21f0874c0b req-8dbfed35-c5bf-4b42-b3e3-8f21f0874c0b ] Request (FlavorsV2TestJSON:test_list_flavors_detailed_filter_by_min_disk): 200 GET http://10.180.1.21/compute/v2.1/flavors/detail?minDisk=2 1.308s
2025-02-19 16:14:41.380 62972 INFO tempest.lib.common.rest_client [req-f726f580-53d1-4126-8ec3-0acc6695af76 req-f726f580-53d1-4126-8ec3-0acc6695af76 ] Request (FlavorsAccessNegativeTestJSON:test_flavor_access_list_with_public_flavor): 404 GET http://10.180.1.21/compute/v2.1/flavors/1035542545/os-flavor-access 1.287s
2025-02-19 16:14:41.396 62978 INFO tempest.lib.common.rest_client [req-c996df88-ba4b-44c8-a639-060d540922d0 req-c996df88-ba4b-44c8-a639-060d540922d0 ] Request (VolumesAssistedSnapshotsTest:test_volume_assisted_snapshot_create_delete): 201 POST http://10.180.1.21:9696/networking/v2.0/security-groups 0.593s
2025-02-19 16:14:41.398 62976 INFO tempest.lib.common.rest_client [req-c15ad3b2-e67d-4ffd-8407-9ea2473fde8a req-c15ad3b2-e67d-4ffd-8407-9ea2473fde8a ] Request (ServersWithSpecificFlavorTestJSON:test_verify_created_server_ephemeral_disk): 200 GET http://10.180.1.21/compute/v2.1/flavors/42/os-extra_specs 1.286s
2025-02-19 16:14:41.413 62970 INFO tempest.lib.common.rest_client [req-42077320-07a3-4bb9-82c1-4ec8d0492c6f req-42077320-07a3-4bb9-82c1-4ec8d0492c6f ] Request (QuotaClassesAdmin257Test:tearDownClass): 204 DELETE http://10.180.1.21/identity/v3/projects/b75f073473a84ef2903507ddca4dee6e 0.137s
2025-02-19 16:14:41.414 62970 INFO tempest.lib.common.dynamic_creds [-] Deleting project and security group for project: 798aa03b3b3a43e19fef9682c26c5a3a
2025-02-19 16:14:41.422 62966 INFO tempest.lib.common.rest_client [req-6692d080-4431-41b0-8207-bf2840c1c75f req-6692d080-4431-41b0-8207-bf2840c1c75f ] Request (FlavorsAccessTestJSON:_run_cleanups): 200 GET http://10.180.1.21/compute/v2.1/flavors/detail 1.293s
2025-02-19 16:14:41.423 62964 INFO tempest.lib.common.rest_client [req-e0acd6e0-2867-4e8b-a465-0113015f1f8e req-e0acd6e0-2867-4e8b-a465-0113015f1f8e ] Request (ImagesNegativeTestJSON:setUpClass): 201 POST http://10.180.1.21:9696/networking/v2.0/networks 0.854s
2025-02-19 16:14:41.461 63004 INFO tempest.lib.common.rest_client [req-d03063b8-64df-49fb-a549-5e930267849f req-d03063b8-64df-49fb-a549-5e930267849f ] Request (HostsAdminTestJSON:tearDownClass): 204 DELETE http://10.180.1.21/identity/v3/users/5834227b5e184b5eb34c37ced91ab10a 0.175s
2025-02-19 16:14:41.635 63004 INFO tempest.lib.common.rest_client [req-b03c022d-1d88-4a34-a43c-cde6fbbd8366 req-b03c022d-1d88-4a34-a43c-cde6fbbd8366 ] Request (HostsAdminTestJSON:tearDownClass): 204 DELETE http://10.180.1.21/identity/v3/users/e15a11f1e1b64ac4a3fd747052e4dc15 0.173s
2025-02-19 16:14:41.635 63004 INFO tempest.lib.common.dynamic_creds [-] Deleting project and security group for project: df34eb26d2d448e29e0616f9c7134f23
2025-02-19 16:14:41.701 62978 INFO tempest.lib.common.rest_client [req-0bb5bda0-855f-407d-a7e8-19c15692464b req-0bb5bda0-855f-407d-a7e8-19c15692464b ] Request (VolumesAssistedSnapshotsTest:test_volume_assisted_snapshot_create_delete): 201 POST http://10.180.1.21:9696/networking/v2.0/security-group-rules 0.304s
2025-02-19 16:14:41.705 62958 INFO tempest.lib.common.rest_client [req-c4eaa40f-9670-459e-814c-21a0f8b8bd40 req-c4eaa40f-9670-459e-814c-21a0f8b8bd40 ] Request (ServerExternalEventsTest:test_create_server_external_events): 200 GET http://10.180.1.21/compute/v2.1/servers/42cc6567-b062-4405-8fcd-558a7e4baf5e 1.672s
2025-02-19 16:14:41.750 63004 INFO tempest.lib.common.rest_client [req-061753c5-2795-4673-bfb7-f86ca50db9a1 req-061753c5-2795-4673-bfb7-f86ca50db9a1 ] Request (HostsAdminTestJSON:tearDownClass): 201 POST http://10.180.1.21/identity/v3/auth/tokens 0.114s
2025-02-19 16:14:41.769 62954 INFO tempest.lib.common.rest_client [req-47917cfb-c5bc-4ba1-bc19-c3f4625d7925 req-47917cfb-c5bc-4ba1-bc19-c3f4625d7925 ] Request (AggregatesAdminNegativeTestJSON:tearDownClass): 204 DELETE http://10.180.1.21:9696/networking/v2.0/security-groups/79ffa228-f019-406e-b578-233c1b025e53 0.496s
2025-02-19 16:14:41.850 62981 INFO tempest.lib.common.rest_client [req-ed6a25c1-4b87-454a-9995-b46808224087 req-ed6a25c1-4b87-454a-9995-b46808224087 ] Request (NetworksTest:test_list_all_networks): 200 GET http://10.180.1.21/compute/v2.1/os-networks 1.666s
2025-02-19 16:14:41.856 63010 INFO tempest.lib.common.rest_client [req-cb205ee8-3249-4fd5-b616-88a8b4afc3d8 req-cb205ee8-3249-4fd5-b616-88a8b4afc3d8 ] Request (QuotasAdminNegativeTest:test_create_server_when_memory_quota_is_full): 200 GET http://10.180.1.21/compute/v2.1/os-quota-sets/1938c3c7e57a457a808cc22f5727f07c 1.401s
2025-02-19 16:14:41.881 62970 INFO tempest.lib.common.rest_client [req-5161df59-8cfb-41c1-99a4-112f64b16a9d req-5161df59-8cfb-41c1-99a4-112f64b16a9d ] Request (QuotaClassesAdmin257Test:tearDownClass): 200 GET http://10.180.1.21:9696/networking/v2.0/security-groups?tenant_id=798aa03b3b3a43e19fef9682c26c5a3a&name=default 0.467s
2025-02-19 16:14:41.909 62954 INFO tempest.lib.common.rest_client [req-b5dcc176-a45d-4db6-907f-824d8dc94062 req-b5dcc176-a45d-4db6-907f-824d8dc94062 ] Request (AggregatesAdminNegativeTestJSON:tearDownClass): 204 DELETE http://10.180.1.21/identity/v3/projects/667b04f4ea6d4858b70befd3e2153496 0.139s
2025-02-19 16:14:41.910 62954 INFO tempest.test [-] raised in LiveMigrationTest.setUpClass. Invoking tearDownClass.
2025-02-19 16:14:41.930 62978 INFO tempest.lib.common.rest_client [req-bf58b457-babf-4e0a-bfe4-543c02d5b5c4 req-bf58b457-babf-4e0a-bfe4-543c02d5b5c4 ] Request (VolumesAssistedSnapshotsTest:test_volume_assisted_snapshot_create_delete): 201 POST http://10.180.1.21:9696/networking/v2.0/security-group-rules 0.228s
2025-02-19 16:14:41.977 62954 INFO tempest.lib.common.rest_client [req-c4d7467f-b7d7-4058-a331-cb06ee795d0a req-c4d7467f-b7d7-4058-a331-cb06ee795d0a ] Request (ServerDiagnosticsNegativeTest:setUpClass): 201 POST http://10.180.1.21/identity/v3/auth/tokens 0.064s
2025-02-19 16:14:42.014 62981 INFO tempest.lib.common.rest_client [req-39e4f5aa-7bd5-4210-b281-da95a91bcf6b req-39e4f5aa-7bd5-4210-b281-da95a91bcf6b ] Request (NetworksTest:tearDownClass): 204 DELETE http://10.180.1.21/identity/v3/users/27d43a2c50234874851a9b9665263f51 0.162s
2025-02-19 16:14:42.042 62954 INFO tempest.lib.common.rest_client [req-00c97c5f-4d69-4256-b4cb-e3341d5e1fb9 req-00c97c5f-4d69-4256-b4cb-e3341d5e1fb9 ] Request (ServerDiagnosticsNegativeTest:setUpClass): 201 POST http://10.180.1.21/identity/v3/auth/tokens 0.063s
2025-02-19 16:14:42.059 63002 INFO tempest.lib.common.rest_client [req-ac69d332-6c05-414e-a768-efd513e1b610 req-ac69d332-6c05-414e-a768-efd513e1b610 ] Request (FloatingIPsNegativeTestJSON:setUpClass): 200 GET http://10.180.1.21/compute/v2.1/os-floating-ips 1.580s
2025-02-19 16:14:42.071 62954 INFO tempest.lib.common.rest_client [req-5424f66d-01a3-4898-8218-a517e64ed857 req-5424f66d-01a3-4898-8218-a517e64ed857 ] Request (ServerDiagnosticsNegativeTest:setUpClass): 200 GET http://10.180.1.21/identity/v3/domains?name=Default 0.029s
2025-02-19 16:14:42.081 63004 INFO tempest.lib.common.rest_client [req-3da9eb0d-835e-4e2d-873c-9421d2106185 req-3da9eb0d-835e-4e2d-873c-9421d2106185 ] Request (HostsAdminTestJSON:tearDownClass): 200 GET http://10.180.1.21:9696/networking/v2.0/security-groups?tenant_id=df34eb26d2d448e29e0616f9c7134f23&name=default 0.330s
2025-02-19 16:14:42.099 62954 INFO tempest.lib.common.rest_client [req-f5fefe84-530d-4dc0-bbfc-33c5911e1b71 req-f5fefe84-530d-4dc0-bbfc-33c5911e1b71 ] Request (ServerDiagnosticsNegativeTest:setUpClass): 201 POST http://10.180.1.21/identity/v3/projects 0.026s
2025-02-19 16:14:42.137 62981 INFO tempest.lib.common.rest_client [req-f16cc913-5721-4fcc-accc-5a0fa09c81a2 req-f16cc913-5721-4fcc-accc-5a0fa09c81a2 ] Request (NetworksTest:tearDownClass): 204 DELETE http://10.180.1.21/identity/v3/users/89d6df245b9f4b4fb04163a20154fdf8 0.122s
2025-02-19 16:14:42.137 62981 INFO tempest.lib.common.dynamic_creds [-] Deleting project and security group for project: 2cfbe18f12c8433696346f0e23645d81
2025-02-19 16:14:42.167 62956 INFO tempest.lib.common.rest_client [req-6451aa59-bab8-4cf4-a90f-243c011d0546 req-6451aa59-bab8-4cf4-a90f-243c011d0546 ] Request (VolumesAdminNegativeTest:test_update_attached_volume_with_nonexistent_volume_in_body): 200 GET http://10.180.1.21/compute/v2.1/servers/99494742-9f6f-404c-bcb2-be74f0f36b4e 1.242s
2025-02-19 16:14:42.188 62954 INFO tempest.lib.common.rest_client [req-5b84f93a-a8fd-41dc-9ee2-fea2c43244a0 req-5b84f93a-a8fd-41dc-9ee2-fea2c43244a0 ] Request (ServerDiagnosticsNegativeTest:setUpClass): 201 POST http://10.180.1.21/identity/v3/users 0.089s
2025-02-19 16:14:42.254 62981 INFO tempest.lib.common.rest_client [req-4d30786d-e5d1-4145-bd93-bd8121b9dd2f req-4d30786d-e5d1-4145-bd93-bd8121b9dd2f ] Request (NetworksTest:tearDownClass): 201 POST http://10.180.1.21/identity/v3/auth/tokens 0.117s
2025-02-19 16:14:42.265 63004 INFO tempest.lib.common.rest_client [req-e1c36d39-6e70-49ed-ab5d-4f859c204cde req-e1c36d39-6e70-49ed-ab5d-4f859c204cde ] Request (HostsAdminTestJSON:tearDownClass): 204 DELETE http://10.180.1.21:9696/networking/v2.0/security-groups/77fd633c-9d22-4697-a98c-2adaa0069b14 0.184s
2025-02-19 16:14:42.272 62970 INFO tempest.lib.common.rest_client [req-6cc8b5fa-7124-4e73-a49b-ff11a2a5a2e4 req-6cc8b5fa-7124-4e73-a49b-ff11a2a5a2e4 ] Request (QuotaClassesAdmin257Test:tearDownClass): 204 DELETE http://10.180.1.21:9696/networking/v2.0/security-groups/dbe733a3-2f85-48d5-96d2-23a7c037740b 0.389s
2025-02-19 16:14:42.284 62954 INFO tempest.lib.common.rest_client [req-bde5c499-2fcd-4140-90e5-d8e79d4cc3fb req-bde5c499-2fcd-4140-90e5-d8e79d4cc3fb ] Request (ServerDiagnosticsNegativeTest:setUpClass): 200 GET http://10.180.1.21/identity/v3/roles 0.096s
2025-02-19 16:14:42.293 62982 INFO tempest.lib.common.rest_client [req-9e718a5c-7cd4-4276-a56f-af48a8f09866 req-9e718a5c-7cd4-4276-a56f-af48a8f09866 ] Request (ServerDiskConfigTestJSON:test_rebuild_server_with_auto_disk_config): 200 GET http://10.180.1.21/compute/v2.1/servers/38f94b87-e642-4875-a44d-89982bf30ace 1.363s
2025-02-19 16:14:42.365 63004 INFO tempest.lib.common.rest_client [req-37aecbb0-dd42-49ce-bbd0-ea7cb0786617 req-37aecbb0-dd42-49ce-bbd0-ea7cb0786617 ] Request (HostsAdminTestJSON:tearDownClass): 204 DELETE http://10.180.1.21/identity/v3/projects/df34eb26d2d448e29e0616f9c7134f23 0.096s
2025-02-19 16:14:42.365 63004 INFO tempest.lib.common.dynamic_creds [-] Deleting project and security group for project: 87bd7110f33b4976b00ec05a2d70d134
2025-02-19 16:14:42.463 62964 INFO tempest.lib.common.rest_client [req-e509816f-aac9-4e10-baef-c7e533b1ea1d req-e509816f-aac9-4e10-baef-c7e533b1ea1d ] Request (ImagesNegativeTestJSON:setUpClass): 201 POST http://10.180.1.21:9696/networking/v2.0/subnets 1.039s
2025-02-19 16:14:42.480 62970 INFO tempest.lib.common.rest_client [req-2bb56a72-c8fe-48d3-9d01-abd66b63b893 req-2bb56a72-c8fe-48d3-9d01-abd66b63b893 ] Request (QuotaClassesAdmin257Test:tearDownClass): 204 DELETE http://10.180.1.21/identity/v3/projects/798aa03b3b3a43e19fef9682c26c5a3a 0.207s
2025-02-19 16:14:42.505 62954 INFO tempest.lib.common.rest_client [req-1addc6e7-9f90-41b7-8291-41b0ba3cf1a7 req-1addc6e7-9f90-41b7-8291-41b0ba3cf1a7 ] Request (ServerDiagnosticsNegativeTest:setUpClass): 204 PUT http://10.180.1.21/identity/v3/projects/54771ff6e30247cab58f9169b61d69f0/users/5a8bb61a6ff54bc4981e17bdd317ea36/roles/159fde66d6934f09b7586cb9ae2345d6 0.218s
2025-02-19 16:14:42.505 62954 INFO tempest.lib.common.dynamic_creds [-] Dynamic test user 5a8bb61a6ff54bc4981e17bdd317ea36 is created with scope project and roles: ['member']
2025-02-19 16:14:42.506 62954 INFO tempest.lib.common.dynamic_creds [-] Acquired dynamic creds: credentials: Credentials: {'domain_id': 'default', 'domain_name': 'Default', 'username': 'tempest-ServerDiagnosticsNegativeTest-1093232809-project-member', 'project_domain_id': 'default', 'project_domain_name': 'Default', 'project_id': '54771ff6e30247cab58f9169b61d69f0', 'project_name': 'tempest-ServerDiagnosticsNegativeTest-1093232809', 'tenant_id': '54771ff6e30247cab58f9169b61d69f0', 'tenant_name': 'tempest-ServerDiagnosticsNegativeTest-1093232809', 'user_domain_id': 'default', 'user_domain_name': 'Default', 'user_id': '5a8bb61a6ff54bc4981e17bdd317ea36', 'system': None}, Network: None, Subnet: None, Router: None
2025-02-19 16:14:42.506 62954 INFO tempest.lib.common.dynamic_creds [-] Created isolated network resources for: credentials: Credentials: {'domain_id': 'default', 'domain_name': 'Default', 'username': 'tempest-ServerDiagnosticsNegativeTest-1093232809-project-member', 'project_domain_id': 'default', 'project_domain_name': 'Default', 'project_id': '54771ff6e30247cab58f9169b61d69f0', 'project_name': 'tempest-ServerDiagnosticsNegativeTest-1093232809', 'tenant_id': '54771ff6e30247cab58f9169b61d69f0', 'tenant_name': 'tempest-ServerDiagnosticsNegativeTest-1093232809', 'user_domain_id': 'default', 'user_domain_name': 'Default', 'user_id': '5a8bb61a6ff54bc4981e17bdd317ea36', 'system': None}, Network: None, Subnet: None, Router: None
2025-02-19 16:14:42.554 62970 INFO tempest.lib.common.rest_client [req-e14657f4-0b57-477d-afe2-e4a354671850 req-e14657f4-0b57-477d-afe2-e4a354671850 ] Request (ServicesAdminNegativeV253TestJSON:setUpClass): 201 POST http://10.180.1.21/identity/v3/auth/tokens 0.072s
2025-02-19 16:14:42.598 62954 INFO tempest.lib.common.rest_client [req-5843a0a7-745e-407d-99e4-705d7e3f4486 req-5843a0a7-745e-407d-99e4-705d7e3f4486 ] Request (ServerDiagnosticsNegativeTest:setUpClass): 201 POST http://10.180.1.21/identity/v3/auth/tokens 0.084s
2025-02-19 16:14:42.609 62970 INFO tempest.lib.common.rest_client [req-3e0389b0-0388-49b2-8584-bd3126a4c45f req-3e0389b0-0388-49b2-8584-bd3126a4c45f ] Request (ServicesAdminNegativeV253TestJSON:setUpClass): 201 POST http://10.180.1.21/identity/v3/auth/tokens 0.052s
2025-02-19 16:14:42.638 62970 INFO tempest.lib.common.rest_client [req-949112d6-409a-44c3-b695-223cdeefd92c req-949112d6-409a-44c3-b695-223cdeefd92c ] Request (ServicesAdminNegativeV253TestJSON:setUpClass): 200 GET http://10.180.1.21/identity/v3/domains?name=Default 0.028s
2025-02-19 16:14:42.664 62954 INFO tempest.lib.common.rest_client [req-2912bf42-ddf9-4734-aaad-803317ec41b3 req-2912bf42-ddf9-4734-aaad-803317ec41b3 ] Request (ServerDiagnosticsNegativeTest:setUpClass): 201 POST http://10.180.1.21/identity/v3/projects 0.065s
2025-02-19 16:14:42.666 63004 INFO tempest.lib.common.rest_client [req-d4885546-2a57-4535-a5da-302d3b0db5b4 req-d4885546-2a57-4535-a5da-302d3b0db5b4 ] Request (HostsAdminTestJSON:tearDownClass): 200 GET http://10.180.1.21:9696/networking/v2.0/security-groups?tenant_id=87bd7110f33b4976b00ec05a2d70d134&name=default 0.300s
2025-02-19 16:14:42.682 62970 INFO tempest.lib.common.rest_client [req-75bcf8ed-320f-4c8d-a450-f35b57037a98 req-75bcf8ed-320f-4c8d-a450-f35b57037a98 ] Request (ServicesAdminNegativeV253TestJSON:setUpClass): 201 POST http://10.180.1.21/identity/v3/projects 0.043s
2025-02-19 16:14:42.703 62990 INFO tempest.lib.common.rest_client [req-066a7f78-3746-41e6-b7ae-fb4186c32297 req-066a7f78-3746-41e6-b7ae-fb4186c32297 ] Request (ServerPasswordTestJSON:setUpClass): 200 GET http://10.180.1.21/compute/v2.1/servers/92ffb9bc-c6db-403d-a229-b5ef5d4d7fea 1.572s
2025-02-19 16:14:42.792 62970 INFO tempest.lib.common.rest_client [req-6ae41714-4706-484e-aa4a-7cb8348da3b7 req-6ae41714-4706-484e-aa4a-7cb8348da3b7 ] Request (ServicesAdminNegativeV253TestJSON:setUpClass): 201 POST http://10.180.1.21/identity/v3/users 0.109s
2025-02-19 16:14:42.812 62981 INFO tempest.lib.common.rest_client [req-fd4c3920-e5c8-49ae-9e65-38c1dd435f7a req-fd4c3920-e5c8-49ae-9e65-38c1dd435f7a ] Request (NetworksTest:tearDownClass): 200 GET http://10.180.1.21:9696/networking/v2.0/security-groups?tenant_id=2cfbe18f12c8433696346f0e23645d81&name=default 0.557s
2025-02-19 16:14:42.817 62954 INFO tempest.lib.common.rest_client [req-42af43cd-881a-4ecc-9d0e-2f954fea3fb6 req-42af43cd-881a-4ecc-9d0e-2f954fea3fb6 ] Request (ServerDiagnosticsNegativeTest:setUpClass): 201 POST http://10.180.1.21/identity/v3/users 0.153s
2025-02-19 16:14:42.817 62970 INFO tempest.lib.common.rest_client [req-1e0dbfd5-372b-4763-bf07-0ae6dcb31dde req-1e0dbfd5-372b-4763-bf07-0ae6dcb31dde ] Request (ServicesAdminNegativeV253TestJSON:setUpClass): 200 GET http://10.180.1.21/identity/v3/roles 0.025s
2025-02-19 16:14:42.839 62954 INFO tempest.lib.common.rest_client [req-56217483-c943-4510-8ab4-a2e05be48f1e req-56217483-c943-4510-8ab4-a2e05be48f1e ] Request (ServerDiagnosticsNegativeTest:setUpClass): 200 GET http://10.180.1.21/identity/v3/roles 0.021s
2025-02-19 16:14:42.851 62970 INFO tempest.lib.common.rest_client [req-65eb9110-6b0d-45db-80ea-cd0486db0223 req-65eb9110-6b0d-45db-80ea-cd0486db0223 ] Request (ServicesAdminNegativeV253TestJSON:setUpClass): 204 PUT http://10.180.1.21/identity/v3/projects/49c39eae5c634cf69975626b9d6fbee3/users/8ed10640d089413bb9b14b0838ffa719/roles/159fde66d6934f09b7586cb9ae2345d6 0.032s
2025-02-19 16:14:42.851 62970 INFO tempest.lib.common.dynamic_creds [-] Dynamic test user 8ed10640d089413bb9b14b0838ffa719 is created with scope project and roles: ['member']
2025-02-19 16:14:42.851 62970 INFO tempest.lib.common.dynamic_creds [-] Acquired dynamic creds: credentials: Credentials: {'domain_id': 'default', 'domain_name': 'Default', 'username': 'tempest-ServicesAdminNegativeV253TestJSON-1469714095-project-member', 'project_domain_id': 'default', 'project_domain_name': 'Default', 'project_id': '49c39eae5c634cf69975626b9d6fbee3', 'project_name': 'tempest-ServicesAdminNegativeV253TestJSON-1469714095', 'tenant_id': '49c39eae5c634cf69975626b9d6fbee3', 'tenant_name': 'tempest-ServicesAdminNegativeV253TestJSON-1469714095', 'user_domain_id': 'default', 'user_domain_name': 'Default', 'user_id': '8ed10640d089413bb9b14b0838ffa719', 'system': None}, Network: None, Subnet: None, Router: None
2025-02-19 16:14:42.851 62970 INFO tempest.lib.common.dynamic_creds [-] Created isolated network resources for: credentials: Credentials: {'domain_id': 'default', 'domain_name': 'Default', 'username': 'tempest-ServicesAdminNegativeV253TestJSON-1469714095-project-member', 'project_domain_id': 'default', 'project_domain_name': 'Default', 'project_id': '49c39eae5c634cf69975626b9d6fbee3', 'project_name': 'tempest-ServicesAdminNegativeV253TestJSON-1469714095', 'tenant_id': '49c39eae5c634cf69975626b9d6fbee3', 'tenant_name': 'tempest-ServicesAdminNegativeV253TestJSON-1469714095', 'user_domain_id': 'default', 'user_domain_name': 'Default', 'user_id': '8ed10640d089413bb9b14b0838ffa719', 'system': None}, Network: None, Subnet: None, Router: None
2025-02-19 16:14:42.870 62954 INFO tempest.lib.common.rest_client [req-d08dbb21-fa91-4322-956d-a7de465335da req-d08dbb21-fa91-4322-956d-a7de465335da ] Request (ServerDiagnosticsNegativeTest:setUpClass): 204 PUT http://10.180.1.21/identity/v3/projects/3702aad97d4c466881369aca565c1d27/users/0000b8447d0b48c88ba8e98958c54da8/roles/c25abd86085c4f2ca1f5a1335f520d84 0.030s
2025-02-19 16:14:42.937 62970 INFO tempest.lib.common.rest_client [req-b0861225-f246-47df-adb5-3944714f0ea7 req-b0861225-f246-47df-adb5-3944714f0ea7 ] Request (ServicesAdminNegativeV253TestJSON:setUpClass): 201 POST http://10.180.1.21/identity/v3/auth/tokens 0.081s
2025-02-19 16:14:42.944 62954 INFO tempest.lib.common.rest_client [req-febb83a2-2a28-44a5-9ec2-a46dd5273ce9 req-febb83a2-2a28-44a5-9ec2-a46dd5273ce9 ] Request (ServerDiagnosticsNegativeTest:setUpClass): 200 GET http://10.180.1.21/identity/v3/roles 0.074s
2025-02-19 16:14:42.953 63006 INFO tempest.lib.common.rest_client [req-93968e57-42e4-47cd-a2e7-f2553afa4e40 req-93968e57-42e4-47cd-a2e7-f2553afa4e40 ] Request (AttachVolumeTestJSON:test_attach_detach_volume): 202 POST http://10.180.1.21/compute/v2.1/servers 2.396s
2025-02-19 16:14:42.963 62984 INFO tempest.lib.common.rest_client [req-d02ea090-48dc-44e7-8a0e-5e8f9d2f9c08 req-d02ea090-48dc-44e7-8a0e-5e8f9d2f9c08 ] Request (FlavorsExtraSpecsNegativeTestJSON:test_flavor_update_mismatch_key): 400 PUT http://10.180.1.21/compute/v2.1/flavors/1471539262/os-extra_specs/hw:numa_nodes 1.694s
2025-02-19 16:14:42.970 62950 INFO tempest.lib.common.rest_client [req-2fa72c69-0780-4f19-9978-6190e64f32c7 req-2fa72c69-0780-4f19-9978-6190e64f32c7 ] Request (HostsAdminNegativeTestJSON:test_update_host_with_invalid_status): 400 PUT http://10.180.1.21/compute/v2.1/os-hosts/devstack 1.685s
2025-02-19 16:14:42.978 62954 INFO tempest.lib.common.rest_client [req-44c1d7d9-f46d-488f-8162-02ec6efca757 req-44c1d7d9-f46d-488f-8162-02ec6efca757 ] Request (ServerDiagnosticsNegativeTest:setUpClass): 204 PUT http://10.180.1.21/identity/v3/projects/3702aad97d4c466881369aca565c1d27/users/0000b8447d0b48c88ba8e98958c54da8/roles/c25abd86085c4f2ca1f5a1335f520d84 0.034s
2025-02-19 16:14:42.978 62954 INFO tempest.lib.common.dynamic_creds [-] Dynamic test user 0000b8447d0b48c88ba8e98958c54da8 is created with scope project and roles: ['admin']
2025-02-19 16:14:42.978 62954 INFO tempest.lib.common.dynamic_creds [-] Acquired dynamic creds: credentials: Credentials: {'domain_id': 'default', 'domain_name': 'Default', 'username': 'tempest-ServerDiagnosticsNegativeTest-526154345-project-admin', 'project_domain_id': 'default', 'project_domain_name': 'Default', 'project_id': '3702aad97d4c466881369aca565c1d27', 'project_name': 'tempest-ServerDiagnosticsNegativeTest-526154345', 'tenant_id': '3702aad97d4c466881369aca565c1d27', 'tenant_name': 'tempest-ServerDiagnosticsNegativeTest-526154345', 'user_domain_id': 'default', 'user_domain_name': 'Default', 'user_id': '0000b8447d0b48c88ba8e98958c54da8', 'system': None}, Network: None, Subnet: None, Router: None
2025-02-19 16:14:42.978 62954 INFO tempest.lib.common.dynamic_creds [-] Created isolated network resources for: credentials: Credentials: {'domain_id': 'default', 'domain_name': 'Default', 'username': 'tempest-ServerDiagnosticsNegativeTest-526154345-project-admin', 'project_domain_id': 'default', 'project_domain_name': 'Default', 'project_id': '3702aad97d4c466881369aca565c1d27', 'project_name': 'tempest-ServerDiagnosticsNegativeTest-526154345', 'tenant_id': '3702aad97d4c466881369aca565c1d27', 'tenant_name': 'tempest-ServerDiagnosticsNegativeTest-526154345', 'user_domain_id': 'default', 'user_domain_name': 'Default', 'user_id': '0000b8447d0b48c88ba8e98958c54da8', 'system': None}, Network: None, Subnet: None, Router: None
2025-02-19 16:14:42.981 62970 INFO tempest.lib.common.rest_client [req-122ea407-dd8a-4a4d-a08b-72b0aab40d06 req-122ea407-dd8a-4a4d-a08b-72b0aab40d06 ] Request (ServicesAdminNegativeV253TestJSON:setUpClass): 201 POST http://10.180.1.21/identity/v3/projects 0.042s
2025-02-19 16:14:42.978 62996 INFO tempest.lib.common.rest_client [req-c1b7f411-29da-4f7e-9e61-6520c3082731 req-c1b7f411-29da-4f7e-9e61-6520c3082731 ] Request (HypervisorAdminNegativeTestJSON:test_show_nonexistent_hypervisor): 404 GET http://10.180.1.21/compute/v2.1/os-hypervisors/6aa27999-43a9-440e-8a2c-68032f8abe46 1.701s
2025-02-19 16:14:43.064 62954 INFO tempest.lib.common.rest_client [req-3ccef1d8-667e-442d-930a-381318ce7500 req-3ccef1d8-667e-442d-930a-381318ce7500 ] Request (ServerDiagnosticsNegativeTest:setUpClass): 201 POST http://10.180.1.21/identity/v3/auth/tokens 0.081s
2025-02-19 16:14:43.083 62970 INFO tempest.lib.common.rest_client [req-cce4b8b9-7c48-46c2-911f-a08366f801d9 req-cce4b8b9-7c48-46c2-911f-a08366f801d9 ] Request (ServicesAdminNegativeV253TestJSON:setUpClass): 201 POST http://10.180.1.21/identity/v3/users 0.101s
2025-02-19 16:14:43.126 63004 INFO tempest.lib.common.rest_client [req-e163da67-0628-4c8f-966e-3e20465f7291 req-e163da67-0628-4c8f-966e-3e20465f7291 ] Request (HostsAdminTestJSON:tearDownClass): 204 DELETE http://10.180.1.21:9696/networking/v2.0/security-groups/a65eea48-55db-4bae-adf7-d14071cdb464 0.460s
2025-02-19 16:14:43.136 62954 INFO tempest.lib.common.rest_client [req-6463169d-013f-4f4e-b739-be249052b0c6 req-6463169d-013f-4f4e-b739-be249052b0c6 ] Request (ServerDiagnosticsNegativeTest:test_get_server_diagnostics_by_non_admin): 201 POST http://10.180.1.21/identity/v3/auth/tokens 0.061s
2025-02-19 16:14:43.136 62954 INFO tempest.lib.common.fixed_network [-] (ServerDiagnosticsNegativeTest:test_get_server_diagnostics_by_non_admin) Found network None available for tenant
2025-02-19 16:14:43.141 62996 INFO tempest.lib.common.rest_client [req-48e87c0a-4731-4991-8b0f-6d29c6206382 req-48e87c0a-4731-4991-8b0f-6d29c6206382 ] Request (HypervisorAdminNegativeTestJSON:tearDownClass): 204 DELETE http://10.180.1.21/identity/v3/users/4f9b914ef8844acebd9fc893f3d2040c 0.156s
2025-02-19 16:14:43.167 62981 INFO tempest.lib.common.rest_client [req-111f30af-2779-4372-906c-681a221dd0a0 req-111f30af-2779-4372-906c-681a221dd0a0 ] Request (NetworksTest:tearDownClass): 204 DELETE http://10.180.1.21:9696/networking/v2.0/security-groups/5cc20a20-290b-4d2d-a26a-589b6b4545be 0.354s
2025-02-19 16:14:43.216 62970 INFO tempest.lib.common.rest_client [req-ee09a193-d8a1-4506-8a71-5d3f4e02d45d req-ee09a193-d8a1-4506-8a71-5d3f4e02d45d ] Request (ServicesAdminNegativeV253TestJSON:setUpClass): 200 GET http://10.180.1.21/identity/v3/roles 0.132s
2025-02-19 16:14:43.236 63004 INFO tempest.lib.common.rest_client [req-2ce205df-3da3-4aeb-a209-e7862815b6e3 req-2ce205df-3da3-4aeb-a209-e7862815b6e3 ] Request (HostsAdminTestJSON:tearDownClass): 204 DELETE http://10.180.1.21/identity/v3/projects/87bd7110f33b4976b00ec05a2d70d134 0.110s
2025-02-19 16:14:43.319 62996 INFO tempest.lib.common.rest_client [req-0f1b2d29-708d-4532-a20d-5ebc7d9e2597 req-0f1b2d29-708d-4532-a20d-5ebc7d9e2597 ] Request (HypervisorAdminNegativeTestJSON:tearDownClass): 204 DELETE http://10.180.1.21/identity/v3/users/a6a890ff88be4d5eb2e2974dfe989bdf 0.177s
2025-02-19 16:14:43.319 62996 INFO tempest.lib.common.dynamic_creds [-] Deleting project and security group for project: f24512c0790047d5b44b2187f84933f1
2025-02-19 16:14:43.332 62981 INFO tempest.lib.common.rest_client [req-42c8010e-727c-4e83-809a-8d681b13830d req-42c8010e-727c-4e83-809a-8d681b13830d ] Request (NetworksTest:tearDownClass): 204 DELETE http://10.180.1.21/identity/v3/projects/2cfbe18f12c8433696346f0e23645d81 0.165s
2025-02-19 16:14:43.333 62981 INFO tempest.lib.common.dynamic_creds [-] Deleting project and security group for project: 0e2e2102f6e744e08b91ec28beac888c
2025-02-19 16:14:43.387 62970 INFO tempest.lib.common.rest_client [req-28d9cef3-3272-49cb-aedf-5dc9a52614f4 req-28d9cef3-3272-49cb-aedf-5dc9a52614f4 ] Request (ServicesAdminNegativeV253TestJSON:setUpClass): 204 PUT http://10.180.1.21/identity/v3/projects/eebc3b75782e4b6bb5286eab2da09217/users/ccf12d44fde94cfeb88e60253f6553f8/roles/c25abd86085c4f2ca1f5a1335f520d84 0.170s
2025-02-19 16:14:43.393 63004 INFO tempest.lib.common.rest_client [req-5c5a52ce-259f-454a-b032-30873c9f30d7 req-5c5a52ce-259f-454a-b032-30873c9f30d7 ] Request (HypervisorAdminTestJSON:setUpClass): 201 POST http://10.180.1.21/identity/v3/auth/tokens 0.154s
2025-02-19 16:14:43.446 62998 INFO tempest.lib.common.rest_client [req-dc6f2985-39c4-4a99-9211-c7230350e1fd req-dc6f2985-39c4-4a99-9211-c7230350e1fd ] Request (DeleteServersAdminTestJSON:test_admin_delete_servers_of_others): 200 GET http://10.180.1.21/compute/v2.1/servers/ea92f4db-bd0c-48e4-9192-f02d272d10c7 2.145s
2025-02-19 16:14:43.454 62996 INFO tempest.lib.common.rest_client [req-016e93bd-e1d9-43f4-aeba-2b54207abfa8 req-016e93bd-e1d9-43f4-aeba-2b54207abfa8 ] Request (HypervisorAdminNegativeTestJSON:tearDownClass): 201 POST http://10.180.1.21/identity/v3/auth/tokens 0.135s
2025-02-19 16:14:43.462 62970 INFO tempest.lib.common.rest_client [req-b6a03d8c-99a3-486a-b61b-230765afd790 req-b6a03d8c-99a3-486a-b61b-230765afd790 ] Request (ServicesAdminNegativeV253TestJSON:setUpClass): 200 GET http://10.180.1.21/identity/v3/roles 0.074s
2025-02-19 16:14:43.465 62974 INFO tempest.lib.common.rest_client [req-f811c6b6-d3c6-45e8-9e60-a85fd6e570bc req-f811c6b6-d3c6-45e8-9e60-a85fd6e570bc ] Request (FlavorsExtraSpecsTestJSON:test_flavor_set_get_update_show_unset_keys): 200 GET http://10.180.1.21/compute/v2.1/flavors/53970863/os-extra_specs 2.151s
2025-02-19 16:14:43.473 62981 INFO tempest.lib.common.rest_client [req-a408d723-2c0a-44f5-93d4-3b210b1f43a0 req-a408d723-2c0a-44f5-93d4-3b210b1f43a0 ] Request (NetworksTest:tearDownClass): 200 GET http://10.180.1.21:9696/networking/v2.0/security-groups?tenant_id=0e2e2102f6e744e08b91ec28beac888c&name=default 0.140s
2025-02-19 16:14:43.488 63004 INFO tempest.lib.common.rest_client [req-f75647d9-f3a8-4a49-aa22-08bf6bb81ca2 req-f75647d9-f3a8-4a49-aa22-08bf6bb81ca2 ] Request (HypervisorAdminTestJSON:setUpClass): 201 POST http://10.180.1.21/identity/v3/auth/tokens 0.089s
2025-02-19 16:14:43.495 63008 INFO tempest.lib.common.rest_client [req-19252f3c-d0ab-4fd5-a414-c72c39e0d755 req-19252f3c-d0ab-4fd5-a414-c72c39e0d755 ] Request (KeyPairsV210TestJSON:_run_cleanups): 204 DELETE http://10.180.1.21/compute/v2.1/os-keypairs/tempest-keypair-987093325?user_id=ec41f968da9546a792133f01716cc70b 2.182s
2025-02-19 16:14:43.516 62970 INFO tempest.lib.common.rest_client [req-c287cf7c-c825-4f39-81a8-13b45e117926 req-c287cf7c-c825-4f39-81a8-13b45e117926 ] Request (ServicesAdminNegativeV253TestJSON:setUpClass): 204 PUT http://10.180.1.21/identity/v3/projects/eebc3b75782e4b6bb5286eab2da09217/users/ccf12d44fde94cfeb88e60253f6553f8/roles/c25abd86085c4f2ca1f5a1335f520d84 0.053s
2025-02-19 16:14:43.516 62970 INFO tempest.lib.common.dynamic_creds [-] Dynamic test user ccf12d44fde94cfeb88e60253f6553f8 is created with scope project and roles: ['admin']
2025-02-19 16:14:43.517 62970 INFO tempest.lib.common.dynamic_creds [-] Acquired dynamic creds: credentials: Credentials: {'domain_id': 'default', 'domain_name': 'Default', 'username': 'tempest-ServicesAdminNegativeV253TestJSON-1885910192-project-admin', 'project_domain_id': 'default', 'project_domain_name': 'Default', 'project_id': 'eebc3b75782e4b6bb5286eab2da09217', 'project_name': 'tempest-ServicesAdminNegativeV253TestJSON-1885910192', 'tenant_id': 'eebc3b75782e4b6bb5286eab2da09217', 'tenant_name': 'tempest-ServicesAdminNegativeV253TestJSON-1885910192', 'user_domain_id': 'default', 'user_domain_name': 'Default', 'user_id': 'ccf12d44fde94cfeb88e60253f6553f8', 'system': None}, Network: None, Subnet: None, Router: None
2025-02-19 16:14:43.517 62970 INFO tempest.lib.common.dynamic_creds [-] Created isolated network resources for: credentials: Credentials: {'domain_id': 'default', 'domain_name': 'Default', 'username': 'tempest-ServicesAdminNegativeV253TestJSON-1885910192-project-admin', 'project_domain_id': 'default', 'project_domain_name': 'Default', 'project_id': 'eebc3b75782e4b6bb5286eab2da09217', 'project_name': 'tempest-ServicesAdminNegativeV253TestJSON-1885910192', 'tenant_id': 'eebc3b75782e4b6bb5286eab2da09217', 'tenant_name': 'tempest-ServicesAdminNegativeV253TestJSON-1885910192', 'user_domain_id': 'default', 'user_domain_name': 'Default', 'user_id': 'ccf12d44fde94cfeb88e60253f6553f8', 'system': None}, Network: None, Subnet: None, Router: None
2025-02-19 16:14:43.524 63000 INFO tempest.lib.common.rest_client [req-0304db85-c713-4eec-8681-7edba4c5214e req-0304db85-c713-4eec-8681-7edba4c5214e ] Request (FlavorsAdminTestJSON:_run_cleanups): 200 GET http://10.180.1.21/compute/v2.1/flavors/detail 2.180s
2025-02-19 16:14:43.539 63012 INFO tempest.lib.common.rest_client [req-68589560-a73f-4025-b543-f844afd3509e req-68589560-a73f-4025-b543-f844afd3509e ] Request (FlavorsV2TestJSON:test_list_flavors_detailed_filter_by_min_ram): 200 GET http://10.180.1.21/compute/v2.1/flavors/42 2.163s
2025-02-19 16:14:43.577 62972 INFO tempest.lib.common.rest_client [req-d387342e-3dc4-47c2-a3c6-0bfc79e0836a req-d387342e-3dc4-47c2-a3c6-0bfc79e0836a ] Request (FlavorsAccessNegativeTestJSON:_run_cleanups): 202 DELETE http://10.180.1.21/compute/v2.1/flavors/1035542545 2.197s
2025-02-19 16:14:43.609 62981 INFO tempest.lib.common.rest_client [req-1a26a9e9-9abb-4374-8298-378ffae5bc6f req-1a26a9e9-9abb-4374-8298-378ffae5bc6f ] Request (NetworksTest:tearDownClass): 204 DELETE http://10.180.1.21:9696/networking/v2.0/security-groups/ec3951fd-bf36-4e80-ba15-104840f9d943 0.135s
2025-02-19 16:14:43.634 62976 INFO tempest.lib.common.rest_client [req-3d4ae64e-ed1e-4086-8cd2-819102b23fdc req-3d4ae64e-ed1e-4086-8cd2-819102b23fdc ] Request (ServersWithSpecificFlavorTestJSON:test_verify_created_server_ephemeral_disk): 200 POST http://10.180.1.21/compute/v2.1/flavors/710764459/os-extra_specs 2.235s
2025-02-19 16:14:43.638 63004 INFO tempest.lib.common.rest_client [req-3136dee3-52f5-49a9-828c-f3e1f7e4d849 req-3136dee3-52f5-49a9-828c-f3e1f7e4d849 ] Request (HypervisorAdminTestJSON:setUpClass): 200 GET http://10.180.1.21/identity/v3/domains?name=Default 0.150s
2025-02-19 16:14:43.697 62966 INFO tempest.lib.common.rest_client [req-7c46fdd7-442a-4818-a5f1-846428f44c9c req-7c46fdd7-442a-4818-a5f1-846428f44c9c ] Request (FlavorsAccessTestJSON:test_flavor_access_list_with_private_flavor): 200 POST http://10.180.1.21/compute/v2.1/flavors 2.264s
2025-02-19 16:14:43.752 62970 INFO tempest.lib.common.rest_client [req-749f5e49-6ebc-469d-8d35-4783cb43e370 req-749f5e49-6ebc-469d-8d35-4783cb43e370 ] Request (ServicesAdminNegativeV253TestJSON:setUpClass): 201 POST http://10.180.1.21/identity/v3/auth/tokens 0.224s
2025-02-19 16:14:43.794 63008 INFO tempest.lib.common.rest_client [req-9dbb0d7c-5b05-4570-ac31-b43e42035671 req-9dbb0d7c-5b05-4570-ac31-b43e42035671 ] Request (KeyPairsV210TestJSON:tearDownClass): 204 DELETE http://10.180.1.21/identity/v3/users/ec41f968da9546a792133f01716cc70b 0.296s
2025-02-19 16:14:43.807 62952 INFO tempest.lib.common.rest_client [req-b8722925-c319-417e-b05b-0cdcbc3ce6de req-b8722925-c319-417e-b05b-0cdcbc3ce6de ] Request (AttachInterfacesTestJSON:test_create_list_show_delete_interfaces_by_fixed_ip): 200 GET http://10.180.1.21/compute/v2.1/servers/61bba756-8f9a-46af-a385-76fb8ab28a1b 2.266s
2025-02-19 16:14:43.820 62952 INFO tempest.common.waiters [-] State transition "BUILD/None" ==> "BUILD/block_device_mapping" after 6 second wait
2025-02-19 16:14:43.844 62978 INFO tempest.lib.common.rest_client [req-844f5812-7147-40bf-8fac-399b2506ebc5 req-844f5812-7147-40bf-8fac-399b2506ebc5 ] Request (VolumesAssistedSnapshotsTest:test_volume_assisted_snapshot_create_delete): 201 POST http://10.180.1.21:9696/networking/v2.0/floatingips 1.913s
