2025-02-20 02:31:46.461 63780 INFO tempest.lib.common.rest_client [req-50a4686d-9ce3-4b08-a8df-079710aeb521 req-50a4686d-9ce3-4b08-a8df-079710aeb521 ] Request (ServerDiagnosticsTest:setUpClass): 201 POST http://10.180.1.21/identity/v3/auth/tokens 0.192s
2025-02-20 02:31:46.508 63776 INFO tempest.lib.common.rest_client [req-b2b009ee-963a-4593-b928-82091548c58c req-b2b009ee-963a-4593-b928-82091548c58c ] Request (AggregatesAdminNegativeTestJSON:test_aggregate_add_host_as_user): 403 POST http://10.180.1.21/compute/v2.1/os-aggregates/2/action 1.376s
2025-02-20 02:31:46.524 63754 INFO tempest.lib.common.rest_client [req-93daf65d-e9d1-4c59-bda3-1036ca1c1e29 req-93daf65d-e9d1-4c59-bda3-1036ca1c1e29 ] Request (AbsoluteLimitsTestJSON:setUpClass): 200 GET http://10.180.1.21/identity/v3/domains?name=Default 0.202s
2025-02-20 02:31:46.604 63794 INFO tempest.lib.common.rest_client [req-499d7d6d-1da8-4eb8-a9a3-969bc70be1ab req-499d7d6d-1da8-4eb8-a9a3-969bc70be1ab ] Request (MultipleCreateNegativeTestJSON:setUpClass): 201 POST http://10.180.1.21/identity/v3/auth/tokens 0.256s
2025-02-20 02:31:46.618 63810 INFO tempest.lib.common.rest_client [req-26670cc7-6d07-449b-8cf8-f4fe7b991aa6 req-26670cc7-6d07-449b-8cf8-f4fe7b991aa6 ] Request (QuotasAdminTestJSON:_run_cleanups): 204 DELETE http://10.180.1.21/identity/v3/users/2c3f07125fc649788043eded1be28dd3 0.297s
2025-02-20 02:31:46.638 63774 INFO tempest.lib.common.rest_client [req-962838d3-1247-4686-8dfe-15eed69df015 req-962838d3-1247-4686-8dfe-15eed69df015 ] Request (FlavorMetadataValidation:tearDownClass): 200 GET http://10.180.1.21:9696/networking/v2.0/security-groups?tenant_id=8cce220147054817a6727516ba96dd15&name=default 0.468s
2025-02-20 02:31:46.672 63780 INFO tempest.lib.common.rest_client [req-601da5e5-0b51-4e29-80a0-0fff41ef44e5 req-601da5e5-0b51-4e29-80a0-0fff41ef44e5 ] Request (ServerDiagnosticsTest:setUpClass): 201 POST http://10.180.1.21/identity/v3/auth/tokens 0.209s
2025-02-20 02:31:46.707 63754 INFO tempest.lib.common.rest_client [req-9ecb9951-9837-4bed-9e1e-e5b41ebf0490 req-9ecb9951-9837-4bed-9e1e-e5b41ebf0490 ] Request (AbsoluteLimitsTestJSON:setUpClass): 201 POST http://10.180.1.21/identity/v3/projects 0.182s
2025-02-20 02:31:46.746 63764 INFO tempest.lib.common.rest_client [req-03aa69fe-037a-4b54-82e1-5adab97653c0 req-03aa69fe-037a-4b54-82e1-5adab97653c0 ] Request (ServerDiagnosticsNegativeTest:test_get_server_diagnostics_by_non_admin): 200 GET http://10.180.1.21/compute/v2.1/servers/fc878d5f-527a-4cb5-98e4-62a1551d721a 1.242s
2025-02-20 02:31:46.754 63764 INFO tempest.common.waiters [-] State transition "BUILD/None" ==> "BUILD/spawning" after 4 second wait
2025-02-20 02:31:46.755 63766 INFO tempest.lib.common.rest_client [req-3ac87eee-0f01-4daf-8966-e4193da27809 req-3ac87eee-0f01-4daf-8966-e4193da27809 ] Request (InstanceUsageAuditLogNegativeTestJSON:test_instance_usage_audit_logs_with_nonadmin_user): 403 GET http://10.180.1.21/compute/v2.1/os-instance_usage_audit_log/2025-02-20%2002%3A31%3A45 1.210s
2025-02-20 02:31:46.765 63794 INFO tempest.lib.common.rest_client [req-9058783e-5016-4eb0-80f2-d6aae260d994 req-9058783e-5016-4eb0-80f2-d6aae260d994 ] Request (MultipleCreateNegativeTestJSON:test_max_count_less_than_min_count): 201 POST http://10.180.1.21/identity/v3/auth/tokens 0.156s
2025-02-20 02:31:46.766 63794 INFO tempest.lib.common.fixed_network [-] (MultipleCreateNegativeTestJSON:test_max_count_less_than_min_count) Found network None available for tenant
2025-02-20 02:31:46.790 63774 INFO tempest.lib.common.rest_client [req-a2a4781f-7c78-4151-825a-d9fb280650cf req-a2a4781f-7c78-4151-825a-d9fb280650cf ] Request (FlavorMetadataValidation:tearDownClass): 204 DELETE http://10.180.1.21:9696/networking/v2.0/security-groups/0808fb46-8811-49a6-aab7-be12f530dcd7 0.151s
2025-02-20 02:31:46.815 63756 INFO tempest.lib.common.rest_client [req-8096af27-7a20-425c-9a91-fb968403cac9 req-8096af27-7a20-425c-9a91-fb968403cac9 ] Request (FlavorsAccessNegativeTestJSON:_run_cleanups): 200 POST http://10.180.1.21/compute/v2.1/flavors/809200962/action 1.418s
2025-02-20 02:31:46.821 63768 INFO tempest.lib.common.rest_client [req-ea16a1d5-85c9-43c1-a213-5e5a10db30b8 req-ea16a1d5-85c9-43c1-a213-5e5a10db30b8 ] Request (HypervisorAdminNegativeUnderV252Test:test_show_servers_with_non_admin_user): 403 GET http://10.180.1.21/compute/v2.1/os-hypervisors/1/servers 1.248s
2025-02-20 02:31:46.840 63801 INFO tempest.lib.common.rest_client [req-be0c2d32-c468-413d-9d85-dbf848ef30b9 req-be0c2d32-c468-413d-9d85-dbf848ef30b9 ] Request (HypervisorAdminTestJSON:test_get_hypervisor_stats): 200 GET http://10.180.1.21/compute/v2.1/os-hypervisors/statistics 1.216s
2025-02-20 02:31:46.849 63780 INFO tempest.lib.common.rest_client [req-5e724709-253a-4bd7-989c-f767f1a6e219 req-5e724709-253a-4bd7-989c-f767f1a6e219 ] Request (ServerDiagnosticsTest:setUpClass): 200 GET http://10.180.1.21/identity/v3/domains?name=Default 0.176s
2025-02-20 02:31:46.866 63784 INFO tempest.lib.common.rest_client [req-b21adfd9-cd99-4fed-9081-c87ecbb05fab req-b21adfd9-cd99-4fed-9081-c87ecbb05fab ] Request (FlavorsExtraSpecsTestJSON:test_flavor_set_get_update_show_unset_keys): 200 POST http://10.180.1.21/compute/v2.1/flavors/75672431/os-extra_specs 1.232s
2025-02-20 02:31:46.877 63810 INFO tempest.lib.common.rest_client [req-ebf326a6-805f-4363-80d5-c50cff845bf7 req-ebf326a6-805f-4363-80d5-c50cff845bf7 ] Request (QuotasAdminTestJSON:_run_cleanups): 204 DELETE http://10.180.1.21/identity/v3/projects/b2375a7953df46409631fe7f512fca81 0.259s
2025-02-20 02:31:46.953 63754 INFO tempest.lib.common.rest_client [req-3738c075-b7fe-4339-ae6b-1602f20d6b9c req-3738c075-b7fe-4339-ae6b-1602f20d6b9c ] Request (AbsoluteLimitsTestJSON:setUpClass): 201 POST http://10.180.1.21/identity/v3/users 0.245s
2025-02-20 02:31:46.993 63806 INFO tempest.lib.common.rest_client [req-c7ce0996-2b17-40ba-bae5-7eea53a89b66 req-c7ce0996-2b17-40ba-bae5-7eea53a89b66 ] Request (AttachInterfacesTestJSON:setUpClass): 201 POST http://10.180.1.21:9696/networking/v2.0/networks 0.580s
2025-02-20 02:31:47.002 63774 INFO tempest.lib.common.rest_client [req-95ff0592-0a9d-4d2e-8490-e8964d7bb89a req-95ff0592-0a9d-4d2e-8490-e8964d7bb89a ] Request (FlavorMetadataValidation:tearDownClass): 204 DELETE http://10.180.1.21/identity/v3/projects/8cce220147054817a6727516ba96dd15 0.212s
2025-02-20 02:31:47.002 63774 INFO tempest.lib.common.dynamic_creds [-] Deleting project and security group for project: 45a2a03347a94b8a9e211dec164c7944
2025-02-20 02:31:47.009 63766 INFO tempest.lib.common.rest_client [req-6f3f4920-8995-4e74-8082-cc61b8f4f549 req-6f3f4920-8995-4e74-8082-cc61b8f4f549 ] Request (InstanceUsageAuditLogNegativeTestJSON:tearDownClass): 204 DELETE http://10.180.1.21/identity/v3/users/e3aafe92dba44cc0bb8ef4a650889d51 0.251s
2025-02-20 02:31:47.070 63780 INFO tempest.lib.common.rest_client [req-25545a4e-e1cb-4b20-94e3-9b7420018aa3 req-25545a4e-e1cb-4b20-94e3-9b7420018aa3 ] Request (ServerDiagnosticsTest:setUpClass): 201 POST http://10.180.1.21/identity/v3/projects 0.220s
2025-02-20 02:31:47.102 63788 INFO tempest.lib.common.rest_client [req-7fe30b39-2429-4a7c-94f2-fbb29dca53b8 req-7fe30b39-2429-4a7c-94f2-fbb29dca53b8 ] Request (SecurityGroupsTestAdminJSON:test_list_security_groups_list_all_tenants_filter): 200 POST http://10.180.1.21/compute/v2.1/os-security-groups 1.398s
2025-02-20 02:31:47.126 63762 INFO tempest.lib.common.rest_client [req-3b3e1355-bd0d-42ee-b525-2f827cbfa624 req-3b3e1355-bd0d-42ee-b525-2f827cbfa624 ] Request (HostsAdminTestJSON:test_list_hosts_with_zone): 200 GET http://10.180.1.21/compute/v2.1/os-hosts?zone=internal 1.290s
2025-02-20 02:31:47.140 63801 INFO tempest.lib.common.rest_client [req-da50ead6-4bd9-4765-9d3f-259545501480 req-da50ead6-4bd9-4765-9d3f-259545501480 ] Request (HypervisorAdminTestJSON:tearDownClass): 204 DELETE http://10.180.1.21/identity/v3/users/cb3e7110fea94611a4896fc49c9fd6f8 0.293s
2025-02-20 02:31:47.195 63754 INFO tempest.lib.common.rest_client [req-ce0b0156-1ea5-40fc-aaae-88a5ef88db41 req-ce0b0156-1ea5-40fc-aaae-88a5ef88db41 ] Request (AbsoluteLimitsTestJSON:setUpClass): 200 GET http://10.180.1.21/identity/v3/roles 0.241s
2025-02-20 02:31:47.242 63774 INFO tempest.lib.common.rest_client [req-1b120998-07cb-4b06-9a8d-ed8eb365bc62 req-1b120998-07cb-4b06-9a8d-ed8eb365bc62 ] Request (FlavorMetadataValidation:tearDownClass): 200 GET http://10.180.1.21:9696/networking/v2.0/security-groups?tenant_id=45a2a03347a94b8a9e211dec164c7944&name=default 0.239s
2025-02-20 02:31:47.257 63766 INFO tempest.lib.common.rest_client [req-7acb2acd-60be-429d-a343-2b239c788ebf req-7acb2acd-60be-429d-a343-2b239c788ebf ] Request (InstanceUsageAuditLogNegativeTestJSON:tearDownClass): 204 DELETE http://10.180.1.21/identity/v3/users/538bbec51798451c919603029414f300 0.247s
2025-02-20 02:31:47.257 63766 INFO tempest.lib.common.dynamic_creds [-] Deleting project and security group for project: e33b855116b94991b4f3007362d0943e
2025-02-20 02:31:47.285 63780 INFO tempest.lib.common.rest_client [req-bb905021-aef4-4410-9eaf-5a8a005c2474 req-bb905021-aef4-4410-9eaf-5a8a005c2474 ] Request (ServerDiagnosticsTest:setUpClass): 201 POST http://10.180.1.21/identity/v3/users 0.214s
2025-02-20 02:31:47.313 63754 INFO tempest.lib.common.rest_client [req-2751dac8-16fe-41d8-a571-7b50cf7f73eb req-2751dac8-16fe-41d8-a571-7b50cf7f73eb ] Request (AbsoluteLimitsTestJSON:setUpClass): 204 PUT http://10.180.1.21/identity/v3/projects/50a497a36d454edbaa3f479543ea85ca/users/49b736cd08834cebaddb6bad1c6cec17/roles/38dcd101ecf043209fdd2c6ad2795648 0.118s
2025-02-20 02:31:47.313 63754 INFO tempest.lib.common.dynamic_creds [-] Dynamic test user 49b736cd08834cebaddb6bad1c6cec17 is created with scope project and roles: ['member']
2025-02-20 02:31:47.314 63754 INFO tempest.lib.common.dynamic_creds [-] Acquired dynamic creds: credentials: Credentials: {'domain_id': 'default', 'domain_name': 'Default', 'username': 'tempest-AbsoluteLimitsTestJSON-825685628-project-member', 'project_domain_id': 'default', 'project_domain_name': 'Default', 'project_id': '50a497a36d454edbaa3f479543ea85ca', 'project_name': 'tempest-AbsoluteLimitsTestJSON-825685628', 'tenant_id': '50a497a36d454edbaa3f479543ea85ca', 'tenant_name': 'tempest-AbsoluteLimitsTestJSON-825685628', 'user_domain_id': 'default', 'user_domain_name': 'Default', 'user_id': '49b736cd08834cebaddb6bad1c6cec17', 'system': None}, Network: None, Subnet: None, Router: None
2025-02-20 02:31:47.314 63754 INFO tempest.lib.common.dynamic_creds [-] Created isolated network resources for: credentials: Credentials: {'domain_id': 'default', 'domain_name': 'Default', 'username': 'tempest-AbsoluteLimitsTestJSON-825685628-project-member', 'project_domain_id': 'default', 'project_domain_name': 'Default', 'project_id': '50a497a36d454edbaa3f479543ea85ca', 'project_name': 'tempest-AbsoluteLimitsTestJSON-825685628', 'tenant_id': '50a497a36d454edbaa3f479543ea85ca', 'tenant_name': 'tempest-AbsoluteLimitsTestJSON-825685628', 'user_domain_id': 'default', 'user_domain_name': 'Default', 'user_id': '49b736cd08834cebaddb6bad1c6cec17', 'system': None}, Network: None, Subnet: None, Router: None
2025-02-20 02:31:47.348 63801 INFO tempest.lib.common.rest_client [req-72aeeb14-da52-4b4d-a294-501e5ff736ad req-72aeeb14-da52-4b4d-a294-501e5ff736ad ] Request (HypervisorAdminTestJSON:tearDownClass): 204 DELETE http://10.180.1.21/identity/v3/users/5c15929137964f979d164ee4afdd666e 0.208s
2025-02-20 02:31:47.349 63801 INFO tempest.lib.common.dynamic_creds [-] Deleting project and security group for project: d015f5896f2143d491858d937ce82730
2025-02-20 02:31:47.375 63778 INFO tempest.lib.common.rest_client [req-4999141d-ade3-4f7c-85ac-4c594250943b req-4999141d-ade3-4f7c-85ac-4c594250943b ] Request (DeleteServersTestJSON:setUpClass): 201 POST http://10.180.1.21:9696/networking/v2.0/routers 1.200s
2025-02-20 02:31:47.377 63766 INFO tempest.lib.common.rest_client [req-53d625bc-1532-47d2-98ba-6b59865bf415 req-53d625bc-1532-47d2-98ba-6b59865bf415 ] Request (InstanceUsageAuditLogNegativeTestJSON:tearDownClass): 201 POST http://10.180.1.21/identity/v3/auth/tokens 0.119s
2025-02-20 02:31:47.378 63774 INFO tempest.lib.common.rest_client [req-2a452413-d095-45f9-a3f5-7b3f574a0141 req-2a452413-d095-45f9-a3f5-7b3f574a0141 ] Request (FlavorMetadataValidation:tearDownClass): 204 DELETE http://10.180.1.21:9696/networking/v2.0/security-groups/8b4bebfe-2e50-42dc-9f97-92d9a9d22377 0.135s
2025-02-20 02:31:47.397 63780 INFO tempest.lib.common.rest_client [req-a19b856b-a729-430a-a8d9-040c80427c6d req-a19b856b-a729-430a-a8d9-040c80427c6d ] Request (ServerDiagnosticsTest:setUpClass): 200 GET http://10.180.1.21/identity/v3/roles 0.111s
2025-02-20 02:31:47.460 63801 INFO tempest.lib.common.rest_client [req-e5c163ec-a811-4164-b31e-c88b3ce3ae17 req-e5c163ec-a811-4164-b31e-c88b3ce3ae17 ] Request (HypervisorAdminTestJSON:tearDownClass): 201 POST http://10.180.1.21/identity/v3/auth/tokens 0.111s
2025-02-20 02:31:47.473 63754 INFO tempest.lib.common.rest_client [req-2d4b5121-ba1e-42b3-8592-f9197c85421d req-2d4b5121-ba1e-42b3-8592-f9197c85421d ] Request (AbsoluteLimitsTestJSON:setUpClass): 201 POST http://10.180.1.21/identity/v3/auth/tokens 0.153s
2025-02-20 02:31:47.526 63774 INFO tempest.lib.common.rest_client [req-01b6e3ba-217f-4750-ad59-b521e633af88 req-01b6e3ba-217f-4750-ad59-b521e633af88 ] Request (FlavorMetadataValidation:tearDownClass): 204 DELETE http://10.180.1.21/identity/v3/projects/45a2a03347a94b8a9e211dec164c7944 0.148s
2025-02-20 02:31:47.594 63780 INFO tempest.lib.common.rest_client [req-a1343173-b2fc-4127-904e-5ace152aaa33 req-a1343173-b2fc-4127-904e-5ace152aaa33 ] Request (ServerDiagnosticsTest:setUpClass): 204 PUT http://10.180.1.21/identity/v3/projects/b53beb318de64974bb6285aaccf989be/users/6662ac9059634aca950c00bc8241ff4c/roles/38dcd101ecf043209fdd2c6ad2795648 0.195s
2025-02-20 02:31:47.594 63780 INFO tempest.lib.common.dynamic_creds [-] Dynamic test user 6662ac9059634aca950c00bc8241ff4c is created with scope project and roles: ['member']
2025-02-20 02:31:47.594 63780 INFO tempest.lib.common.dynamic_creds [-] Acquired dynamic creds: credentials: Credentials: {'domain_id': 'default', 'domain_name': 'Default', 'username': 'tempest-ServerDiagnosticsTest-1841176084-project-member', 'project_domain_id': 'default', 'project_domain_name': 'Default', 'project_id': 'b53beb318de64974bb6285aaccf989be', 'project_name': 'tempest-ServerDiagnosticsTest-1841176084', 'tenant_id': 'b53beb318de64974bb6285aaccf989be', 'tenant_name': 'tempest-ServerDiagnosticsTest-1841176084', 'user_domain_id': 'default', 'user_domain_name': 'Default', 'user_id': '6662ac9059634aca950c00bc8241ff4c', 'system': None}, Network: None, Subnet: None, Router: None
2025-02-20 02:31:47.595 63780 INFO tempest.lib.common.dynamic_creds [-] Created isolated network resources for: credentials: Credentials: {'domain_id': 'default', 'domain_name': 'Default', 'username': 'tempest-ServerDiagnosticsTest-1841176084-project-member', 'project_domain_id': 'default', 'project_domain_name': 'Default', 'project_id': 'b53beb318de64974bb6285aaccf989be', 'project_name': 'tempest-ServerDiagnosticsTest-1841176084', 'tenant_id': 'b53beb318de64974bb6285aaccf989be', 'tenant_name': 'tempest-ServerDiagnosticsTest-1841176084', 'user_domain_id': 'default', 'user_domain_name': 'Default', 'user_id': '6662ac9059634aca950c00bc8241ff4c', 'system': None}, Network: None, Subnet: None, Router: None
2025-02-20 02:31:47.617 63806 INFO tempest.lib.common.rest_client [req-f3040bde-6616-4bc7-bf66-64986bdc5e9e req-f3040bde-6616-4bc7-bf66-64986bdc5e9e ] Request (AttachInterfacesTestJSON:setUpClass): 201 POST http://10.180.1.21:9696/networking/v2.0/subnets 0.624s
2025-02-20 02:31:47.647 63774 INFO tempest.lib.common.rest_client [req-33215937-07d4-4ac4-880e-30039e0583c8 req-33215937-07d4-4ac4-880e-30039e0583c8 ] Request (ServersTestManualDisk:setUpClass): 201 POST http://10.180.1.21/identity/v3/auth/tokens 0.119s
2025-02-20 02:31:47.699 63774 INFO tempest.lib.common.rest_client [req-828a7aad-8fda-42c2-a237-e484b58d2025 req-828a7aad-8fda-42c2-a237-e484b58d2025 ] Request (ServersTestManualDisk:setUpClass): 201 POST http://10.180.1.21/identity/v3/auth/tokens 0.049s
2025-02-20 02:31:47.718 63750 INFO tempest.lib.common.rest_client [req-ed9b5c42-f48d-46ea-9628-fef1c804095c req-ed9b5c42-f48d-46ea-9628-fef1c804095c ] Request (VolumesAssistedSnapshotsTest:setUpClass): 200 PUT http://10.180.1.21:9696/networking/v2.0/routers/d4b162d4-b57e-4632-85a9-bb930a794f32/add_router_interface 1.459s
2025-02-20 02:31:47.718 63750 INFO tempest.lib.common.dynamic_creds [-] Created isolated network resources for: credentials: Credentials: {'domain_id': 'default', 'domain_name': 'Default', 'username': 'tempest-VolumesAssistedSnapshotsTest-1177641143-project', 'project_domain_id': 'default', 'project_domain_name': 'Default', 'project_id': 'f1dbd24331f1428486c35a6cc798fe1e', 'project_name': 'tempest-VolumesAssistedSnapshotsTest-1177641143', 'tenant_id': 'f1dbd24331f1428486c35a6cc798fe1e', 'tenant_name': 'tempest-VolumesAssistedSnapshotsTest-1177641143', 'user_domain_id': 'default', 'user_domain_name': 'Default', 'user_id': 'e3f8ff2ac5b94d2ead340884a529189a', 'system': None}, Network: {'id': '7735461b-fcc7-4f29-8997-35f242fea525', 'name': 'tempest-VolumesAssistedSnapshotsTest-1845262981-network', 'tenant_id': 'f1dbd24331f1428486c35a6cc798fe1e', 'admin_state_up': True, 'mtu': 8950, 'status': 'ACTIVE', 'subnets': [], 'shared': False, 'project_id': 'f1dbd24331f1428486c35a6cc798fe1e', 'port_security_enabled': True, 'router:external': False, 'provider:network_type': 'vlan', 'provider:physical_network': 'default', 'provider:segmentation_id': 695, 'availability_zone_hints': [], 'availability_zones': [], 'ipv4_address_scope': None, 'ipv6_address_scope': None, 'description': '', 'tags': [], 'created_at': '2025-02-20T02:31:44Z', 'updated_at': '2025-02-20T02:31:44Z', 'revision_number': 1}, Subnet: {'id': 'eb10dc3d-4c8b-4e6b-a019-765011d8c59f', 'name': 'tempest-VolumesAssistedSnapshotsTest-1845262981-subnet', 'tenant_id': 'f1dbd24331f1428486c35a6cc798fe1e', 'network_id': '7735461b-fcc7-4f29-8997-35f242fea525', 'ip_version': 4, 'subnetpool_id': None, 'enable_dhcp': True, 'ipv6_ra_mode': None, 'ipv6_address_mode': None, 'gateway_ip': '192.168.128.1', 'cidr': '192.168.128.0/28', 'allocation_pools': [{'start': '192.168.128.2', 'end': '192.168.128.14'}], 'host_routes': [], 'dns_nameservers': [], 'description': '', 'router:external': False, 'service_types': [], 'tags': [], 'created_at': '2025-02-20T02:31:44Z', 'updated_at': '2025-02-20T02:31:44Z', 'revision_number': 0, 'project_id': 'f1dbd24331f1428486c35a6cc798fe1e'}, Router: {'id': 'd4b162d4-b57e-4632-85a9-bb930a794f32', 'name': 'tempest-VolumesAssistedSnapshotsTest-1845262981-router', 'tenant_id': 'f1dbd24331f1428486c35a6cc798fe1e', 'admin_state_up': True, 'status': 'ACTIVE', 'external_gateway_info': {'network_id': '0f8c0677-cc7a-4698-98e0-ba406b3ab916', 'external_fixed_ips': [{'subnet_id': '5fb432b7-808c-45ef-a2c1-9945b6d07eda', 'ip_address': '10.180.180.218'}], 'enable_snat': True}, 'description': '', 'availability_zones': [], 'distributed': False, 'ha': False, 'availability_zone_hints': [], 'routes': [], 'flavor_id': None, 'tags': [], 'created_at': '2025-02-20T02:31:44Z', 'updated_at': '2025-02-20T02:31:45Z', 'revision_number': 2, 'project_id': 'f1dbd24331f1428486c35a6cc798fe1e'}
2025-02-20 02:31:47.739 63780 INFO tempest.lib.common.rest_client [req-4e75110e-541e-4acd-bd46-e21efa9f9f8a req-4e75110e-541e-4acd-bd46-e21efa9f9f8a ] Request (ServerDiagnosticsTest:setUpClass): 201 POST http://10.180.1.21/identity/v3/auth/tokens 0.138s
2025-02-20 02:31:47.743 63774 INFO tempest.lib.common.rest_client [req-e8c4bd93-1477-4695-b851-7bd82ac6629f req-e8c4bd93-1477-4695-b851-7bd82ac6629f ] Request (ServersTestManualDisk:setUpClass): 200 GET http://10.180.1.21/identity/v3/domains?name=Default 0.044s
2025-02-20 02:31:47.797 63780 INFO tempest.lib.common.rest_client [req-f98d6b9d-a22b-4ba1-af7c-fe7819b297f6 req-f98d6b9d-a22b-4ba1-af7c-fe7819b297f6 ] Request (ServerDiagnosticsTest:setUpClass): 201 POST http://10.180.1.21/identity/v3/projects 0.057s
2025-02-20 02:31:47.818 63750 INFO tempest.lib.common.rest_client [req-42c5f177-69da-487f-aeb8-fdbecf322af6 req-42c5f177-69da-487f-aeb8-fdbecf322af6 ] Request (VolumesAssistedSnapshotsTest:setUpClass): 201 POST http://10.180.1.21/identity/v3/auth/tokens 0.097s
2025-02-20 02:31:47.865 63774 INFO tempest.lib.common.rest_client [req-198b05a6-bcae-4093-a5b9-ea696d1e4433 req-198b05a6-bcae-4093-a5b9-ea696d1e4433 ] Request (ServersTestManualDisk:setUpClass): 201 POST http://10.180.1.21/identity/v3/projects 0.121s
2025-02-20 02:31:47.880 63801 INFO tempest.lib.common.rest_client [req-24612f66-95d7-4a0b-bc2e-a5262747b827 req-24612f66-95d7-4a0b-bc2e-a5262747b827 ] Request (HypervisorAdminTestJSON:tearDownClass): 200 GET http://10.180.1.21:9696/networking/v2.0/security-groups?tenant_id=d015f5896f2143d491858d937ce82730&name=default 0.420s
2025-02-20 02:31:47.888 63780 INFO tempest.lib.common.rest_client [req-49a72cbf-d71c-4d1a-b4f4-8fb8bb57c3f0 req-49a72cbf-d71c-4d1a-b4f4-8fb8bb57c3f0 ] Request (ServerDiagnosticsTest:setUpClass): 201 POST http://10.180.1.21/identity/v3/users 0.090s
2025-02-20 02:31:47.936 63766 INFO tempest.lib.common.rest_client [req-706c3919-28af-48a2-8659-108998acb01e req-706c3919-28af-48a2-8659-108998acb01e ] Request (InstanceUsageAuditLogNegativeTestJSON:tearDownClass): 200 GET http://10.180.1.21:9696/networking/v2.0/security-groups?tenant_id=e33b855116b94991b4f3007362d0943e&name=default 0.559s
2025-02-20 02:31:47.944 63774 INFO tempest.lib.common.rest_client [req-034c280b-ba84-4fda-a6c1-350a186140c2 req-034c280b-ba84-4fda-a6c1-350a186140c2 ] Request (ServersTestManualDisk:setUpClass): 201 POST http://10.180.1.21/identity/v3/users 0.078s
2025-02-20 02:31:47.965 63780 INFO tempest.lib.common.rest_client [req-dc921e4f-3048-4839-9bf7-2f0727487cd7 req-dc921e4f-3048-4839-9bf7-2f0727487cd7 ] Request (ServerDiagnosticsTest:setUpClass): 200 GET http://10.180.1.21/identity/v3/roles 0.076s
2025-02-20 02:31:47.982 63774 INFO tempest.lib.common.rest_client [req-b7813849-ac23-416e-85ac-e82eaa7ce1ac req-b7813849-ac23-416e-85ac-e82eaa7ce1ac ] Request (ServersTestManualDisk:setUpClass): 200 GET http://10.180.1.21/identity/v3/roles 0.038s
2025-02-20 02:31:48.016 63780 INFO tempest.lib.common.rest_client [req-ed6fda97-4b81-41c4-b6e3-001c237bc8d7 req-ed6fda97-4b81-41c4-b6e3-001c237bc8d7 ] Request (ServerDiagnosticsTest:setUpClass): 204 PUT http://10.180.1.21/identity/v3/projects/241856d9590d407c9bcd8ee50f9859ea/users/d3c0fd69cc4f47cd9a6ec0587826fadd/roles/89cae7678649451eae15a23ced761890 0.051s
2025-02-20 02:31:48.025 63804 INFO tempest.lib.common.rest_client [req-b6a87aec-e1cb-49a3-a5ae-77f7f45b17af req-b6a87aec-e1cb-49a3-a5ae-77f7f45b17af ] Request (VolumesAdminNegativeTest:test_update_attached_volume_with_nonexistent_volume_in_body): 202 POST http://10.180.1.21/compute/v2.1/servers 2.059s
2025-02-20 02:31:48.028 63774 INFO tempest.lib.common.rest_client [req-3e70a22c-4a20-4f6b-9dbb-e5110709ddcc req-3e70a22c-4a20-4f6b-9dbb-e5110709ddcc ] Request (ServersTestManualDisk:setUpClass): 204 PUT http://10.180.1.21/identity/v3/projects/3ed1566adef543ba8700c097a3cd53f3/users/5272ae3fe4bf4e7f9e2a4dc87873b991/roles/38dcd101ecf043209fdd2c6ad2795648 0.045s
2025-02-20 02:31:48.029 63774 INFO tempest.lib.common.dynamic_creds [-] Dynamic test user 5272ae3fe4bf4e7f9e2a4dc87873b991 is created with scope project and roles: ['member']
2025-02-20 02:31:48.029 63774 INFO tempest.lib.common.dynamic_creds [-] Acquired dynamic creds: credentials: Credentials: {'domain_id': 'default', 'domain_name': 'Default', 'username': 'tempest-ServersTestManualDisk-416990900-project-member', 'project_domain_id': 'default', 'project_domain_name': 'Default', 'project_id': '3ed1566adef543ba8700c097a3cd53f3', 'project_name': 'tempest-ServersTestManualDisk-416990900', 'tenant_id': '3ed1566adef543ba8700c097a3cd53f3', 'tenant_name': 'tempest-ServersTestManualDisk-416990900', 'user_domain_id': 'default', 'user_domain_name': 'Default', 'user_id': '5272ae3fe4bf4e7f9e2a4dc87873b991', 'system': None}, Network: None, Subnet: None, Router: None
2025-02-20 02:31:48.036 63801 INFO tempest.lib.common.rest_client [req-454d76b1-18bf-4cbd-9b1f-71ce2ae7ccaa req-454d76b1-18bf-4cbd-9b1f-71ce2ae7ccaa ] Request (HypervisorAdminTestJSON:tearDownClass): 204 DELETE http://10.180.1.21:9696/networking/v2.0/security-groups/03a8570b-a511-4b19-967b-e1f20463e659 0.155s
2025-02-20 02:31:48.038 63766 INFO tempest.lib.common.rest_client [req-61f49cea-187b-4339-9861-e4088269cb06 req-61f49cea-187b-4339-9861-e4088269cb06 ] Request (InstanceUsageAuditLogNegativeTestJSON:tearDownClass): 204 DELETE http://10.180.1.21:9696/networking/v2.0/security-groups/fb33e972-3750-4761-bfb8-38d88de18307 0.101s
2025-02-20 02:31:48.078 63808 INFO tempest.lib.common.rest_client [req-688cfd9f-c2b5-492b-a68b-bb641c289105 req-688cfd9f-c2b5-492b-a68b-bb641c289105 ] Request (FlavorsAccessTestJSON:test_flavor_access_add_remove): 200 GET http://10.180.1.21/compute/v2.1/flavors/detail 1.943s
2025-02-20 02:31:48.084 63792 INFO tempest.lib.common.rest_client [req-c8c94b0f-a7b8-4fe1-866a-92deeebf5004 req-c8c94b0f-a7b8-4fe1-866a-92deeebf5004 ] Request (ImagesOneServerTestJSON:setUpClass): 202 POST http://10.180.1.21/compute/v2.1/servers 2.522s
2025-02-20 02:31:48.103 63772 INFO tempest.lib.common.rest_client [req-0428b4f9-1f77-4541-8d6f-3d42820445c0 req-0428b4f9-1f77-4541-8d6f-3d42820445c0 ] Request (FlavorsV261TestJSON:test_crud_flavor): 200 GET http://10.180.1.21/compute/v2.1/flavors 1.927s
2025-02-20 02:31:48.113 63786 INFO tempest.lib.common.rest_client [req-104c6f3c-14d8-49c8-bcb6-adffa4c50bc2 req-104c6f3c-14d8-49c8-bcb6-adffa4c50bc2 ] Request (ServersWithSpecificFlavorTestJSON:test_verify_created_server_ephemeral_disk): 200 GET http://10.180.1.21/compute/v2.1/flavors/42/os-extra_specs 1.927s
2025-02-20 02:31:48.146 63780 INFO tempest.lib.common.rest_client [req-4dd32868-3ef9-4ca1-98b5-2666a387f983 req-4dd32868-3ef9-4ca1-98b5-2666a387f983 ] Request (ServerDiagnosticsTest:setUpClass): 200 GET http://10.180.1.21/identity/v3/roles 0.129s
2025-02-20 02:31:48.148 63774 INFO tempest.lib.common.rest_client [req-ad04ea7e-dd64-4370-bf6c-9ba4f34700f6 req-ad04ea7e-dd64-4370-bf6c-9ba4f34700f6 ] Request (ServersTestManualDisk:setUpClass): 201 POST http://10.180.1.21/identity/v3/auth/tokens 0.118s
2025-02-20 02:31:48.152 63758 INFO tempest.lib.common.rest_client [req-0699d8ce-75fc-4659-86dd-02912be52393 req-0699d8ce-75fc-4659-86dd-02912be52393 ] Request (FlavorsExtraSpecsNegativeTestJSON:test_flavor_non_admin_update_specific_key): 200 POST http://10.180.1.21/compute/v2.1/flavors/202488601/os-extra_specs 1.893s
2025-02-20 02:31:48.162 63782 INFO tempest.lib.common.rest_client [req-86170019-6824-4483-83cf-5e57cab6e865 req-86170019-6824-4483-83cf-5e57cab6e865 ] Request (KeyPairsV2TestJSON:test_keypairs_create_list_delete): 200 POST http://10.180.1.21/compute/v2.1/os-keypairs 1.909s
2025-02-20 02:31:48.186 63796 INFO tempest.lib.common.rest_client [req-bf457b05-ee64-4f8e-99bd-043f53fcc012 req-bf457b05-ee64-4f8e-99bd-043f53fcc012 ] Request (FlavorsAdminTestJSON:_run_cleanups): 202 DELETE http://10.180.1.21/compute/v2.1/flavors/1884164329 1.831s
2025-02-20 02:31:48.201 63776 INFO tempest.lib.common.rest_client [req-e29c7b48-65a4-498f-b665-8c9c4c6619fd req-e29c7b48-65a4-498f-b665-8c9c4c6619fd ] Request (AggregatesAdminNegativeTestJSON:_run_cleanups): 200 DELETE http://10.180.1.21/compute/v2.1/os-aggregates/2 1.693s
2025-02-20 02:31:48.224 63756 INFO tempest.lib.common.rest_client [req-0b06249d-f069-4223-acb6-7f691868b11c req-0b06249d-f069-4223-acb6-7f691868b11c ] Request (FlavorsAccessNegativeTestJSON:_run_cleanups): 202 DELETE http://10.180.1.21/compute/v2.1/flavors/809200962 1.407s
2025-02-20 02:31:48.290 63801 INFO tempest.lib.common.rest_client [req-a3b7e710-59b5-4cf6-bdb1-9ffe482599b6 req-a3b7e710-59b5-4cf6-bdb1-9ffe482599b6 ] Request (HypervisorAdminTestJSON:tearDownClass): 204 DELETE http://10.180.1.21/identity/v3/projects/d015f5896f2143d491858d937ce82730 0.252s
2025-02-20 02:31:48.291 63801 INFO tempest.lib.common.dynamic_creds [-] Deleting project and security group for project: 1476e432c6714a25aa99a42e05a75be3
2025-02-20 02:31:48.293 63766 INFO tempest.lib.common.rest_client [req-b3f4ce16-7775-41e9-bdd3-c32b1b1ca00f req-b3f4ce16-7775-41e9-bdd3-c32b1b1ca00f ] Request (InstanceUsageAuditLogNegativeTestJSON:tearDownClass): 204 DELETE http://10.180.1.21/identity/v3/projects/e33b855116b94991b4f3007362d0943e 0.255s
2025-02-20 02:31:48.294 63766 INFO tempest.lib.common.dynamic_creds [-] Deleting project and security group for project: 9f9067de19424bfd8e64b22f641bbfcb
2025-02-20 02:31:48.316 63790 INFO tempest.lib.common.rest_client [req-52d52861-29b5-4aef-ae84-9ee37b479e44 req-52d52861-29b5-4aef-ae84-9ee37b479e44 ] Request (ServerDiagnosticsV248Test:test_get_server_diagnostics): 200 GET http://10.180.1.21/compute/v2.1/servers/dea2ebe8-e06c-416c-aaa8-69fb8a1c5b46 1.498s
2025-02-20 02:31:48.325 63768 INFO tempest.lib.common.rest_client [req-cc4d9ed9-3e9e-43da-b33e-4aa13c30315e req-cc4d9ed9-3e9e-43da-b33e-4aa13c30315e ] Request (HypervisorAdminNegativeUnderV252Test:test_show_servers_with_nonexistent_hypervisor): 404 GET http://10.180.1.21/compute/v2.1/os-hypervisors/fded1d3e-5787-4476-8e69-9c3c8f01dce3/servers 1.502s
2025-02-20 02:31:48.330 63790 INFO tempest.common.waiters [-] State transition "BUILD/None" ==> "BUILD/block_device_mapping" after 5 second wait
2025-02-20 02:31:48.345 63784 INFO tempest.lib.common.rest_client [req-df080b9c-b36a-451f-81f9-6d29924cf723 req-df080b9c-b36a-451f-81f9-6d29924cf723 ] Request (FlavorsExtraSpecsTestJSON:test_flavor_set_get_update_show_unset_keys): 200 GET http://10.180.1.21/compute/v2.1/flavors/75672431/os-extra_specs 1.477s
2025-02-20 02:31:48.380 63780 INFO tempest.lib.common.rest_client [req-b1153490-3b26-4806-b826-a8fe13b99216 req-b1153490-3b26-4806-b826-a8fe13b99216 ] Request (ServerDiagnosticsTest:setUpClass): 204 PUT http://10.180.1.21/identity/v3/projects/241856d9590d407c9bcd8ee50f9859ea/users/d3c0fd69cc4f47cd9a6ec0587826fadd/roles/89cae7678649451eae15a23ced761890 0.234s
2025-02-20 02:31:48.381 63780 INFO tempest.lib.common.dynamic_creds [-] Dynamic test user d3c0fd69cc4f47cd9a6ec0587826fadd is created with scope project and roles: ['admin']
2025-02-20 02:31:48.381 63780 INFO tempest.lib.common.dynamic_creds [-] Acquired dynamic creds: credentials: Credentials: {'domain_id': 'default', 'domain_name': 'Default', 'username': 'tempest-ServerDiagnosticsTest-1861322554-project-admin', 'project_domain_id': 'default', 'project_domain_name': 'Default', 'project_id': '241856d9590d407c9bcd8ee50f9859ea', 'project_name': 'tempest-ServerDiagnosticsTest-1861322554', 'tenant_id': '241856d9590d407c9bcd8ee50f9859ea', 'tenant_name': 'tempest-ServerDiagnosticsTest-1861322554', 'user_domain_id': 'default', 'user_domain_name': 'Default', 'user_id': 'd3c0fd69cc4f47cd9a6ec0587826fadd', 'system': None}, Network: None, Subnet: None, Router: None
2025-02-20 02:31:48.381 63780 INFO tempest.lib.common.dynamic_creds [-] Created isolated network resources for: credentials: Credentials: {'domain_id': 'default', 'domain_name': 'Default', 'username': 'tempest-ServerDiagnosticsTest-1861322554-project-admin', 'project_domain_id': 'default', 'project_domain_name': 'Default', 'project_id': '241856d9590d407c9bcd8ee50f9859ea', 'project_name': 'tempest-ServerDiagnosticsTest-1861322554', 'tenant_id': '241856d9590d407c9bcd8ee50f9859ea', 'tenant_name': 'tempest-ServerDiagnosticsTest-1861322554', 'user_domain_id': 'default', 'user_domain_name': 'Default', 'user_id': 'd3c0fd69cc4f47cd9a6ec0587826fadd', 'system': None}, Network: None, Subnet: None, Router: None
2025-02-20 02:31:48.413 63750 INFO tempest.lib.common.rest_client [req-f7795251-6e16-4c2a-9d05-22aca8a698b4 req-f7795251-6e16-4c2a-9d05-22aca8a698b4 ] Request (VolumesAssistedSnapshotsTest:test_volume_assisted_snapshot_create_delete): 202 POST http://10.180.1.21/volume/v3/volumes 0.593s
2025-02-20 02:31:48.485 63750 INFO tempest.lib.common.rest_client [req-025d6017-032f-48a7-a732-aae75bb80507 req-025d6017-032f-48a7-a732-aae75bb80507 ] Request (VolumesAssistedSnapshotsTest:test_volume_assisted_snapshot_create_delete): 200 GET http://10.180.1.21/volume/v3/volumes/058257de-f0d4-4b86-b1b1-66b20befc8ee 0.062s
2025-02-20 02:31:48.527 63794 INFO tempest.lib.common.rest_client [req-591dad01-2e11-44c8-b3fc-c0f7a06bd070 req-591dad01-2e11-44c8-b3fc-c0f7a06bd070 ] Request (MultipleCreateNegativeTestJSON:test_max_count_less_than_min_count): 400 POST http://10.180.1.21/compute/v2.1/servers 1.760s
2025-02-20 02:31:48.538 63768 INFO tempest.lib.common.rest_client [req-7dc710fd-36d1-46b3-9080-bca2f8c32ba4 req-7dc710fd-36d1-46b3-9080-bca2f8c32ba4 ] Request (HypervisorAdminNegativeUnderV252Test:tearDownClass): 204 DELETE http://10.180.1.21/identity/v3/users/bb7d280a791f456c954e6a99f0195e7e 0.211s
2025-02-20 02:31:48.566 63801 INFO tempest.lib.common.rest_client [req-a6d0dfaa-58c3-42bc-a207-dfd01b66f26a req-a6d0dfaa-58c3-42bc-a207-dfd01b66f26a ] Request (HypervisorAdminTestJSON:tearDownClass): 200 GET http://10.180.1.21:9696/networking/v2.0/security-groups?tenant_id=1476e432c6714a25aa99a42e05a75be3&name=default 0.275s
2025-02-20 02:31:48.571 63766 INFO tempest.lib.common.rest_client [req-30846913-05df-4642-a60f-c968081378f9 req-30846913-05df-4642-a60f-c968081378f9 ] Request (InstanceUsageAuditLogNegativeTestJSON:tearDownClass): 200 GET http://10.180.1.21:9696/networking/v2.0/security-groups?tenant_id=9f9067de19424bfd8e64b22f641bbfcb&name=default 0.277s
2025-02-20 02:31:48.631 63748 INFO tempest.lib.common.rest_client [req-40a0d692-34e0-4710-91ae-ee4a33db03ae req-40a0d692-34e0-4710-91ae-ee4a33db03ae ] Request (DeleteServersAdminTestJSON:test_admin_delete_servers_of_others): 200 GET http://10.180.1.21/compute/v2.1/servers/df8f409a-484b-45ba-809e-39fc00fa6e6b 1.681s
2025-02-20 02:31:48.642 63780 INFO tempest.lib.common.rest_client [req-f7ef36fc-1ed2-4a2a-85cf-6872283cbe3c req-f7ef36fc-1ed2-4a2a-85cf-6872283cbe3c ] Request (ServerDiagnosticsTest:setUpClass): 201 POST http://10.180.1.21/identity/v3/auth/tokens 0.257s
2025-02-20 02:31:48.695 63770 INFO tempest.lib.common.rest_client [req-dc1871e8-c9ae-4831-b1a0-eeeccf39abda req-dc1871e8-c9ae-4831-b1a0-eeeccf39abda ] Request (QuotaClassesAdmin257Test:test_update_default_quotas): 200 GET http://10.180.1.21/compute/v2.1/os-quota-class-sets/default 1.817s
2025-02-20 02:31:48.713 63794 INFO tempest.lib.common.rest_client [req-17c2aa71-57b7-44c3-af0e-ccf44a7b8322 req-17c2aa71-57b7-44c3-af0e-ccf44a7b8322 ] Request (MultipleCreateNegativeTestJSON:test_max_count_less_than_one): 201 POST http://10.180.1.21/identity/v3/auth/tokens 0.181s
2025-02-20 02:31:48.713 63794 INFO tempest.lib.common.fixed_network [-] (MultipleCreateNegativeTestJSON:test_max_count_less_than_one) Found network None available for tenant
2025-02-20 02:31:48.721 63762 INFO tempest.lib.common.rest_client [req-a2083342-305b-4921-8f65-a8adcbfed1be req-a2083342-305b-4921-8f65-a8adcbfed1be ] Request (HostsAdminTestJSON:test_show_host_detail): 200 GET http://10.180.1.21/compute/v2.1/os-hosts 1.592s
2025-02-20 02:31:48.755 63801 INFO tempest.lib.common.rest_client [req-dbdb3005-fa92-459c-8a9c-0b46a75eb687 req-dbdb3005-fa92-459c-8a9c-0b46a75eb687 ] Request (HypervisorAdminTestJSON:tearDownClass): 204 DELETE http://10.180.1.21:9696/networking/v2.0/security-groups/c3d7c89b-0043-4f5a-8e64-b3911ce25836 0.188s
2025-02-20 02:31:48.782 63780 INFO tempest.lib.common.rest_client [req-f1e6b9aa-2b60-44e1-a902-f97eee4cba15 req-f1e6b9aa-2b60-44e1-a902-f97eee4cba15 ] Request (ServerDiagnosticsTest:test_get_server_diagnostics): 201 POST http://10.180.1.21/identity/v3/auth/tokens 0.134s
2025-02-20 02:31:48.783 63780 INFO tempest.lib.common.fixed_network [-] (ServerDiagnosticsTest:test_get_server_diagnostics) Found network None available for tenant
2025-02-20 02:31:48.806 63798 INFO tempest.lib.common.rest_client [req-3233c0e8-530f-4d0a-b54e-3e00d8543971 req-3233c0e8-530f-4d0a-b54e-3e00d8543971 ] Request (MigrationsAdminTest:test_list_migrations_in_flavor_resize_situation): 200 GET http://10.180.1.21/compute/v2.1/servers/bc7bac9e-026d-4a0d-8a5c-233677ec2d63 1.557s
2025-02-20 02:31:48.815 63798 INFO tempest.common.waiters [-] State transition "BUILD/scheduling" ==> "BUILD/None" after 2 second wait
2025-02-20 02:31:48.819 63768 INFO tempest.lib.common.rest_client [req-78f82ac4-ef4b-4fcd-9583-6f5e568f9b15 req-78f82ac4-ef4b-4fcd-9583-6f5e568f9b15 ] Request (HypervisorAdminNegativeUnderV252Test:tearDownClass): 204 DELETE http://10.180.1.21/identity/v3/users/eaeb2522acb04f958afc82aabe9d382f 0.281s
2025-02-20 02:31:48.819 63768 INFO tempest.lib.common.dynamic_creds [-] Deleting project and security group for project: 96356b994af44b45b077561aa102a887
2025-02-20 02:31:48.824 63774 INFO tempest.lib.common.rest_client [req-4911d2d1-d0da-4760-8fa4-9b9dfe13506e req-4911d2d1-d0da-4760-8fa4-9b9dfe13506e ] Request (ServersTestManualDisk:setUpClass): 201 POST http://10.180.1.21:9696/networking/v2.0/networks 0.675s
2025-02-20 02:31:48.856 63801 INFO tempest.lib.common.rest_client [req-0acc48f2-459c-47ba-aa05-ba4252ce392b req-0acc48f2-459c-47ba-aa05-ba4252ce392b ] Request (HypervisorAdminTestJSON:tearDownClass): 204 DELETE http://10.180.1.21/identity/v3/projects/1476e432c6714a25aa99a42e05a75be3 0.101s
2025-02-20 02:31:48.905 63768 INFO tempest.lib.common.rest_client [req-42bf33f6-07f4-4bc2-add5-3dc237d4ddd5 req-42bf33f6-07f4-4bc2-add5-3dc237d4ddd5 ] Request (HypervisorAdminNegativeUnderV252Test:tearDownClass): 201 POST http://10.180.1.21/identity/v3/auth/tokens 0.086s
2025-02-20 02:31:48.906 63766 INFO tempest.lib.common.rest_client [req-1aef3a92-209c-4b65-9bf6-1b4558e6fbc1 req-1aef3a92-209c-4b65-9bf6-1b4558e6fbc1 ] Request (InstanceUsageAuditLogNegativeTestJSON:tearDownClass): 204 DELETE http://10.180.1.21:9696/networking/v2.0/security-groups/c9381d88-aca2-47c4-bc0b-0f8bd2983889 0.334s
2025-02-20 02:31:48.927 63801 INFO tempest.lib.common.rest_client [req-72f91ec4-9227-44c8-b981-d553870db281 req-72f91ec4-9227-44c8-b981-d553870db281 ] Request (SecurityGroupsTestJSON:setUpClass): 201 POST http://10.180.1.21/identity/v3/auth/tokens 0.068s
2025-02-20 02:31:48.972 63754 INFO tempest.lib.common.rest_client [req-58c0806d-f190-4b89-b64b-03759bf3c07e req-58c0806d-f190-4b89-b64b-03759bf3c07e ] Request (AbsoluteLimitsTestJSON:test_absLimits_get): 200 GET http://10.180.1.21/compute/v2.1/limits 1.498s
2025-02-20 02:31:49.010 63766 INFO tempest.lib.common.rest_client [req-2f72a830-5431-41e9-9ec6-42f1f6c5888d req-2f72a830-5431-41e9-9ec6-42f1f6c5888d ] Request (InstanceUsageAuditLogNegativeTestJSON:tearDownClass): 204 DELETE http://10.180.1.21/identity/v3/projects/9f9067de19424bfd8e64b22f641bbfcb 0.104s
2025-02-20 02:31:49.077 63801 INFO tempest.lib.common.rest_client [req-59f6df16-e374-4562-a3ab-e5eaa4a57719 req-59f6df16-e374-4562-a3ab-e5eaa4a57719 ] Request (SecurityGroupsTestJSON:setUpClass): 201 POST http://10.180.1.21/identity/v3/auth/tokens 0.147s
2025-02-20 02:31:49.130 63754 INFO tempest.lib.common.rest_client [req-f15bd5c3-9163-4813-9c8d-f714340ed785 req-f15bd5c3-9163-4813-9c8d-f714340ed785 ] Request (AbsoluteLimitsTestJSON:tearDownClass): 204 DELETE http://10.180.1.21/identity/v3/users/49b736cd08834cebaddb6bad1c6cec17 0.152s
2025-02-20 02:31:49.130 63754 INFO tempest.lib.common.dynamic_creds [-] Deleting project and security group for project: 50a497a36d454edbaa3f479543ea85ca
2025-02-20 02:31:49.150 63766 INFO tempest.lib.common.rest_client [req-25cab37d-b62e-46f2-ba3b-be1bc5766f2f req-25cab37d-b62e-46f2-ba3b-be1bc5766f2f ] Request (ServersAdminNegativeTestJSON:setUpClass): 201 POST http://10.180.1.21/identity/v3/auth/tokens 0.138s
2025-02-20 02:31:49.169 63764 INFO tempest.lib.common.rest_client [req-1e4668a0-4c7c-44c4-bc37-6f0ea9768571 req-1e4668a0-4c7c-44c4-bc37-6f0ea9768571 ] Request (ServerDiagnosticsNegativeTest:test_get_server_diagnostics_by_non_admin): 200 GET http://10.180.1.21/compute/v2.1/servers/fc878d5f-527a-4cb5-98e4-62a1551d721a 1.414s
2025-02-20 02:31:49.172 63774 INFO tempest.lib.common.rest_client [req-c84e455d-86eb-4047-b183-9c3a969515f2 req-c84e455d-86eb-4047-b183-9c3a969515f2 ] Request (ServersTestManualDisk:setUpClass): 201 POST http://10.180.1.21:9696/networking/v2.0/subnets 0.347s
2025-02-20 02:31:49.201 63754 INFO tempest.lib.common.rest_client [req-6cc821e9-f1fe-44d6-a72a-eaf544982177 req-6cc821e9-f1fe-44d6-a72a-eaf544982177 ] Request (AbsoluteLimitsTestJSON:tearDownClass): 201 POST http://10.180.1.21/identity/v3/auth/tokens 0.071s
2025-02-20 02:31:49.206 63801 INFO tempest.lib.common.rest_client [req-46a80718-87bc-41e7-8663-0eb89e50987a req-46a80718-87bc-41e7-8663-0eb89e50987a ] Request (SecurityGroupsTestJSON:setUpClass): 200 GET http://10.180.1.21/identity/v3/domains?name=Default 0.129s
2025-02-20 02:31:49.241 63766 INFO tempest.lib.common.rest_client [req-6c531204-1013-4863-979c-d8944dc48ab9 req-6c531204-1013-4863-979c-d8944dc48ab9 ] Request (ServersAdminNegativeTestJSON:setUpClass): 201 POST http://10.180.1.21/identity/v3/auth/tokens 0.085s
2025-02-20 02:31:49.247 63801 INFO tempest.lib.common.rest_client [req-80db8a2a-81fc-42a8-aa50-2e02ecb6c9ae req-80db8a2a-81fc-42a8-aa50-2e02ecb6c9ae ] Request (SecurityGroupsTestJSON:setUpClass): 201 POST http://10.180.1.21/identity/v3/projects 0.040s
2025-02-20 02:31:49.252 63804 INFO tempest.lib.common.rest_client [req-7dea5555-715a-484e-a6a8-f9da4a9fec14 req-7dea5555-715a-484e-a6a8-f9da4a9fec14 ] Request (VolumesAdminNegativeTest:test_update_attached_volume_with_nonexistent_volume_in_body): 200 GET http://10.180.1.21/compute/v2.1/servers/09ebbb9f-6430-4d2d-8564-fe0492075610 1.225s
2025-02-20 02:31:49.339 63766 INFO tempest.lib.common.rest_client [req-b14922cf-2d11-4c26-81cd-777224834dd3 req-b14922cf-2d11-4c26-81cd-777224834dd3 ] Request (ServersAdminNegativeTestJSON:setUpClass): 200 GET http://10.180.1.21/identity/v3/domains?name=Default 0.098s
2025-02-20 02:31:49.362 63801 INFO tempest.lib.common.rest_client [req-674908e9-c92c-4225-87d8-52e897567bc7 req-674908e9-c92c-4225-87d8-52e897567bc7 ] Request (SecurityGroupsTestJSON:setUpClass): 201 POST http://10.180.1.21/identity/v3/users 0.112s
2025-02-20 02:31:49.366 63792 INFO tempest.lib.common.rest_client [req-c387b71c-345d-4d6a-bed5-68f1ab20712b req-c387b71c-345d-4d6a-bed5-68f1ab20712b ] Request (ImagesOneServerTestJSON:setUpClass): 200 GET http://10.180.1.21/compute/v2.1/servers/e508cd61-a890-4075-83c2-f32d00dc0e77 1.280s
2025-02-20 02:31:49.395 63808 INFO tempest.lib.common.rest_client [req-e0264f0c-c59c-495a-83bd-92869fd7b5a2 req-e0264f0c-c59c-495a-83bd-92869fd7b5a2 ] Request (FlavorsAccessTestJSON:_run_cleanups): 202 DELETE http://10.180.1.21/compute/v2.1/flavors/1577905524 1.302s
2025-02-20 02:31:49.401 63801 INFO tempest.lib.common.rest_client [req-cf53d7d7-cd28-4601-829a-e5ed9bbc951b req-cf53d7d7-cd28-4601-829a-e5ed9bbc951b ] Request (SecurityGroupsTestJSON:setUpClass): 200 GET http://10.180.1.21/identity/v3/roles 0.039s
2025-02-20 02:31:49.404 63766 INFO tempest.lib.common.rest_client [req-6e3d2e86-5c1c-466d-9bab-bb0fff75e333 req-6e3d2e86-5c1c-466d-9bab-bb0fff75e333 ] Request (ServersAdminNegativeTestJSON:setUpClass): 201 POST http://10.180.1.21/identity/v3/projects 0.064s
2025-02-20 02:31:49.413 63772 INFO tempest.lib.common.rest_client [req-ae78c7cc-042e-415c-b6dc-859eee6d9cd9 req-ae78c7cc-042e-415c-b6dc-859eee6d9cd9 ] Request (FlavorsV261TestJSON:_run_cleanups): 202 DELETE http://10.180.1.21/compute/v2.1/flavors/1136577544 1.301s
2025-02-20 02:31:49.440 63786 INFO tempest.lib.common.rest_client [req-574b3551-ba95-4478-9e04-1af5ab2a520f req-574b3551-ba95-4478-9e04-1af5ab2a520f ] Request (ServersWithSpecificFlavorTestJSON:test_verify_created_server_ephemeral_disk): 200 POST http://10.180.1.21/compute/v2.1/flavors/1965799131/os-extra_specs 1.324s
2025-02-20 02:31:49.446 63758 INFO tempest.lib.common.rest_client [req-82535087-ddc9-4df4-9de8-e066a72ad5c6 req-82535087-ddc9-4df4-9de8-e066a72ad5c6 ] Request (FlavorsExtraSpecsNegativeTestJSON:test_flavor_non_admin_update_specific_key): 403 PUT http://10.180.1.21/compute/v2.1/flavors/202488601/os-extra_specs/hw:numa_nodes 1.293s
2025-02-20 02:31:49.486 63801 INFO tempest.lib.common.rest_client [req-44a6eb18-abc8-4a6e-99b5-cb5be2d2a84f req-44a6eb18-abc8-4a6e-99b5-cb5be2d2a84f ] Request (SecurityGroupsTestJSON:setUpClass): 204 PUT http://10.180.1.21/identity/v3/projects/19ada28b9bb842a882fec4f46c70a1bb/users/71fc18a661c3474ab210ee8555e49ded/roles/38dcd101ecf043209fdd2c6ad2795648 0.085s
2025-02-20 02:31:49.487 63801 INFO tempest.lib.common.dynamic_creds [-] Dynamic test user 71fc18a661c3474ab210ee8555e49ded is created with scope project and roles: ['member']
2025-02-20 02:31:49.487 63801 INFO tempest.lib.common.dynamic_creds [-] Acquired dynamic creds: credentials: Credentials: {'domain_id': 'default', 'domain_name': 'Default', 'username': 'tempest-SecurityGroupsTestJSON-447614420-project-member', 'project_domain_id': 'default', 'project_domain_name': 'Default', 'project_id': '19ada28b9bb842a882fec4f46c70a1bb', 'project_name': 'tempest-SecurityGroupsTestJSON-447614420', 'tenant_id': '19ada28b9bb842a882fec4f46c70a1bb', 'tenant_name': 'tempest-SecurityGroupsTestJSON-447614420', 'user_domain_id': 'default', 'user_domain_name': 'Default', 'user_id': '71fc18a661c3474ab210ee8555e49ded', 'system': None}, Network: None, Subnet: None, Router: None
2025-02-20 02:31:49.497 63782 INFO tempest.lib.common.rest_client [req-10410ddd-d7d2-4331-aa3d-a76803bf95fa req-10410ddd-d7d2-4331-aa3d-a76803bf95fa ] Request (KeyPairsV2TestJSON:test_keypairs_create_list_delete): 200 POST http://10.180.1.21/compute/v2.1/os-keypairs 1.333s
2025-02-20 02:31:49.534 63796 INFO tempest.lib.common.rest_client [req-22a71133-0041-4443-b574-16d73f22a0b1 req-22a71133-0041-4443-b574-16d73f22a0b1 ] Request (FlavorsAdminTestJSON:_run_cleanups): 200 GET http://10.180.1.21/compute/v2.1/flavors/detail 1.348s
2025-02-20 02:31:49.550 63750 INFO tempest.lib.common.rest_client [req-827a7aab-4d3d-4858-90f0-a7d478317ab9 req-827a7aab-4d3d-4858-90f0-a7d478317ab9 ] Request (VolumesAssistedSnapshotsTest:test_volume_assisted_snapshot_create_delete): 200 GET http://10.180.1.21/volume/v3/volumes/058257de-f0d4-4b86-b1b1-66b20befc8ee 0.055s
2025-02-20 02:31:49.561 63750 INFO tempest.common.waiters [-] volume 058257de-f0d4-4b86-b1b1-66b20befc8ee reached available after waiting for 1.560736 seconds
2025-02-20 02:31:49.571 63776 INFO tempest.lib.common.rest_client [req-e5c10f52-5643-49d5-bf42-e68a5531a2e4 req-e5c10f52-5643-49d5-bf42-e68a5531a2e4 ] Request (AggregatesAdminNegativeTestJSON:test_aggregate_add_non_exist_host): 200 POST http://10.180.1.21/compute/v2.1/os-aggregates 1.369s
2025-02-20 02:31:49.580 63768 INFO tempest.lib.common.rest_client [req-4a9064fb-8665-4b93-97da-dcab6a2ef269 req-4a9064fb-8665-4b93-97da-dcab6a2ef269 ] Request (HypervisorAdminNegativeUnderV252Test:tearDownClass): 200 GET http://10.180.1.21:9696/networking/v2.0/security-groups?tenant_id=96356b994af44b45b077561aa102a887&name=default 0.675s
2025-02-20 02:31:49.593 63801 INFO tempest.lib.common.rest_client [req-f4f27b4a-20b7-4d8d-9252-e1c16415fcad req-f4f27b4a-20b7-4d8d-9252-e1c16415fcad ] Request (SecurityGroupsTestJSON:setUpClass): 201 POST http://10.180.1.21/identity/v3/auth/tokens 0.106s
2025-02-20 02:31:49.596 63766 INFO tempest.lib.common.rest_client [req-d0ec13c2-59b4-443a-a8f3-2744942bcb5b req-d0ec13c2-59b4-443a-a8f3-2744942bcb5b ] Request (ServersAdminNegativeTestJSON:setUpClass): 201 POST http://10.180.1.21/identity/v3/users 0.192s
2025-02-20 02:31:49.599 63756 INFO tempest.lib.common.rest_client [req-f1c24a7f-72f4-4aec-8366-84d03f1d29e1 req-f1c24a7f-72f4-4aec-8366-84d03f1d29e1 ] Request (FlavorsAccessNegativeTestJSON:_run_cleanups): 200 GET http://10.180.1.21/compute/v2.1/flavors/detail 1.375s
2025-02-20 02:31:49.626 63766 INFO tempest.lib.common.rest_client [req-4abdbe12-cb40-477b-a288-cbe069e3dbf4 req-4abdbe12-cb40-477b-a288-cbe069e3dbf4 ] Request (ServersAdminNegativeTestJSON:setUpClass): 200 GET http://10.180.1.21/identity/v3/roles 0.028s
2025-02-20 02:31:49.631 63784 INFO tempest.lib.common.rest_client [req-6dc1b61a-c5af-4a31-b714-4d6ab3455138 req-6dc1b61a-c5af-4a31-b714-4d6ab3455138 ] Request (FlavorsExtraSpecsTestJSON:test_flavor_set_get_update_show_unset_keys): 200 PUT http://10.180.1.21/compute/v2.1/flavors/75672431/os-extra_specs/hw:numa_nodes 1.284s
2025-02-20 02:31:49.664 63766 INFO tempest.lib.common.rest_client [req-9a40d871-f60f-4390-b8f5-0a720904c88f req-9a40d871-f60f-4390-b8f5-0a720904c88f ] Request (ServersAdminNegativeTestJSON:setUpClass): 204 PUT http://10.180.1.21/identity/v3/projects/b62ff737c3914e2b84121646a3d097c2/users/f61ae5acea7b4bbda7f5d6c8e34e09f4/roles/38dcd101ecf043209fdd2c6ad2795648 0.038s
2025-02-20 02:31:49.664 63766 INFO tempest.lib.common.dynamic_creds [-] Dynamic test user f61ae5acea7b4bbda7f5d6c8e34e09f4 is created with scope project and roles: ['member']
2025-02-20 02:31:49.665 63766 INFO tempest.lib.common.dynamic_creds [-] Acquired dynamic creds: credentials: Credentials: {'domain_id': 'default', 'domain_name': 'Default', 'username': 'tempest-ServersAdminNegativeTestJSON-269972861-project-member', 'project_domain_id': 'default', 'project_domain_name': 'Default', 'project_id': 'b62ff737c3914e2b84121646a3d097c2', 'project_name': 'tempest-ServersAdminNegativeTestJSON-269972861', 'tenant_id': 'b62ff737c3914e2b84121646a3d097c2', 'tenant_name': 'tempest-ServersAdminNegativeTestJSON-269972861', 'user_domain_id': 'default', 'user_domain_name': 'Default', 'user_id': 'f61ae5acea7b4bbda7f5d6c8e34e09f4', 'system': None}, Network: None, Subnet: None, Router: None
