2025-02-20 02:34:06.367 63804 INFO tempest.lib.common.rest_client [req-95f7ffac-36a0-4cb3-9bb4-093d2f1315db req-95f7ffac-36a0-4cb3-9bb4-093d2f1315db ] Request (VolumesAdminNegativeTest:_run_cleanups): 200 GET http://10.180.1.21/compute/v2.1/servers/09ebbb9f-6430-4d2d-8564-fe0492075610/os-volume_attachments 0.033s
2025-02-20 02:34:06.402 63796 WARNING tempest.lib.common.ssh [-] Failed to establish authenticated ssh connection to cirros@10.180.180.159 ([Errno None] Unable to connect to port 22 on 10.180.180.159). Number attempts: 4. Retry after 5 seconds.: paramiko.ssh_exception.NoValidConnectionsError: [Errno None] Unable to connect to port 22 on 10.180.180.159
2025-02-20 02:34:06.421 63772 INFO tempest.lib.common.rest_client [req-1ede10fa-b172-4b0c-9386-8019cc691d3c req-1ede10fa-b172-4b0c-9386-8019cc691d3c ] Request (ImagesOneServerNegativeTestJSON:setUpClass): 200 GET http://10.180.1.21/compute/v2.1/servers/c5b2312b-6f23-4467-a8b6-f28dd0923982 0.087s
2025-02-20 02:34:06.491 63802 INFO tempest.lib.common.rest_client [req-baa5406e-5c65-4430-a2de-f60f46023286 req-baa5406e-5c65-4430-a2de-f60f46023286 ] Request (ServersAdminTestJSON:test_create_server_with_scheduling_hint): 200 GET http://10.180.1.21/compute/v2.1/servers/0a0c6584-1aeb-48f2-acd2-07f2e07ad185 0.092s
2025-02-20 02:34:06.556 63748 INFO tempest.lib.common.rest_client [req-b29075b6-b5a2-41db-a94a-2489701f3e03 req-b29075b6-b5a2-41db-a94a-2489701f3e03 ] Request (DeleteServersAdminTestJSON:test_delete_server_while_in_error_state): 200 GET http://10.180.1.21/compute/v2.1/servers/af62b82e-d44c-4257-9abe-c9af7125f5fd 0.068s
2025-02-20 02:34:06.583 63784 INFO tempest.lib.common.rest_client [req-0eee3de0-0fb5-43fa-a6aa-71907d505e15 req-0eee3de0-0fb5-43fa-a6aa-71907d505e15 ] Request (FloatingIPsTestJSON:setUpClass): 201 POST http://10.180.1.21:9696/networking/v2.0/routers 0.730s
2025-02-20 02:34:06.614 63752 INFO tempest.lib.common.rest_client [req-2d1810f7-ef1c-45c5-9f5e-c1f4cf75e696 req-2d1810f7-ef1c-45c5-9f5e-c1f4cf75e696 ] Request (AttachInterfacesV270Test:tearDownClass): 200 GET http://10.180.1.21/compute/v2.1/servers/4928ffe3-e026-4ef3-922a-01685d5659ed 0.304s
2025-02-20 02:34:06.655 63778 INFO tempest.lib.common.rest_client [req-1b772304-4dc2-40bf-9d47-d5d384960cb4 req-1b772304-4dc2-40bf-9d47-d5d384960cb4 ] Request (DeleteServersTestJSON:test_delete_server_while_in_attached_volume): 200 GET http://10.180.1.21/volume/v3/volumes/db74e550-6002-458f-a565-697cb2218ae3 0.050s
2025-02-20 02:34:06.685 63768 INFO tempest.lib.common.rest_client [req-681c160e-4ae5-45c0-8be4-7259b6ac579e req-681c160e-4ae5-45c0-8be4-7259b6ac579e ] Request (ListImageFiltersTestJSON:setUpClass): 200 GET http://10.180.1.21/compute/v2.1/servers/4646d61b-76b1-4f95-b751-930292050374 0.077s
2025-02-20 02:34:06.847 63766 INFO tempest.lib.common.rest_client [req-21bd93f0-c52e-4e7b-9889-ff0b96856d32 req-21bd93f0-c52e-4e7b-9889-ff0b96856d32 ] Request (ServersAdminNegativeTestJSON:tearDownClass): 200 GET http://10.180.1.21/compute/v2.1/servers/ddeadafc-798b-4a4c-8fb1-08070b292c4b 0.127s
2025-02-20 02:34:06.864 63756 INFO tempest.lib.common.rest_client [req-ceee482b-a57f-4a1f-a287-4f9e37bcf51a req-ceee482b-a57f-4a1f-a287-4f9e37bcf51a ] Request (ImagesTestJSON:test_create_image_from_suspended_server): 200 GET http://10.180.1.21/compute/v2.1/servers/c9b8f4da-b5bf-4afa-8708-448338bf9a02 0.076s
2025-02-20 02:34:06.953 63770 INFO tempest.lib.common.rest_client [req-29e81849-31e5-43aa-ac6a-78c4fac2c61b req-29e81849-31e5-43aa-ac6a-78c4fac2c61b ] Request (ServersNegativeTestMultiTenantJSON:tearDownClass): 200 GET http://10.180.1.21/compute/v2.1/servers/03156147-f1d4-4b8a-85c3-3c3ae9879fb8 0.083s
2025-02-20 02:34:06.958 63798 INFO tempest.lib.common.rest_client [req-17b82175-8b49-41d6-b414-14d9eec94824 req-17b82175-8b49-41d6-b414-14d9eec94824 ] Request (MigrationsAdminTest:test_resize_server_revert_deleted_flavor): 200 GET http://10.180.1.21/compute/v2.1/servers/eb822c42-3071-4027-bc3b-03e32dc46cce 0.065s
2025-02-20 02:34:07.012 63788 INFO tempest.lib.common.rest_client [req-473b76ff-e664-40eb-b870-b58de89cb56f req-473b76ff-e664-40eb-b870-b58de89cb56f ] Request (FloatingIPsAssociationTestJSON:test_associate_already_associated_floating_ip): 200 GET http://10.180.1.21/compute/v2.1/servers/0715ab54-59f5-43a6-b0fa-23e219f8d459 0.088s
2025-02-20 02:34:07.024 63780 INFO tempest.lib.common.rest_client [req-50b73f4e-dedd-4239-b396-b62997bff118 req-50b73f4e-dedd-4239-b396-b62997bff118 ] Request (ServersTestBootFromVolume:setUpClass): 200 GET http://10.180.1.21/compute/v2.1/servers/fa37793d-84ec-44a7-b5d3-f363829bca25 0.058s
2025-02-20 02:34:07.075 63776 INFO tempest.lib.common.rest_client [req-15966783-2bc9-4c47-ad55-c47d417baf50 req-15966783-2bc9-4c47-ad55-c47d417baf50 ] Request (ServerPasswordTestJSON:tearDownClass): 200 GET http://10.180.1.21/compute/v2.1/servers/8e05f61f-5cf5-416e-b801-87c5fd9a52fb 0.054s
2025-02-20 02:34:07.236 63760 WARNING tempest.lib.common.ssh [-] Failed to establish authenticated ssh connection to cirros@10.180.180.247 ([Errno None] Unable to connect to port 22 on 10.180.180.247). Number attempts: 3. Retry after 4 seconds.: paramiko.ssh_exception.NoValidConnectionsError: [Errno None] Unable to connect to port 22 on 10.180.180.247
2025-02-20 02:34:07.259 63764 INFO tempest.lib.common.rest_client [req-02722afb-e0f4-4b99-b630-7545a20629a7 req-02722afb-e0f4-4b99-b630-7545a20629a7 ] Request (ServerDiskConfigTestJSON:test_rebuild_server_with_manual_disk_config): 200 GET http://10.180.1.21/compute/v2.1/servers/3f7f33b0-eb92-4ce5-9e10-5e4e3046aec7 0.069s
2025-02-20 02:34:07.313 63790 INFO tempest.lib.common.rest_client [req-829daca3-f3cd-4c53-bf58-aa162df8a4f6 req-829daca3-f3cd-4c53-bf58-aa162df8a4f6 ] Request (ImagesNegativeTestJSON:test_create_image_from_deleted_server): 200 GET http://10.180.1.21/compute/v2.1/servers/ebe92ccd-bda8-4a60-ae8e-81c7ea154646 0.083s
2025-02-20 02:34:07.328 63801 INFO tempest.lib.common.rest_client [req-d8f10404-e706-4547-8610-3fe9f485af42 req-d8f10404-e706-4547-8610-3fe9f485af42 ] Request (SecurityGroupsTestJSON:test_server_security_groups): 200 GET http://10.180.1.21/compute/v2.1/servers/55828beb-5311-42cd-bacd-cc50a94d642d 0.319s
2025-02-20 02:34:07.364 63762 INFO tempest.lib.common.rest_client [req-48d68500-97dc-4b07-8487-5d3c0fa7bcd3 req-48d68500-97dc-4b07-8487-5d3c0fa7bcd3 ] Request (ServersTestJSON:setUpClass): 200 GET http://10.180.1.21/compute/v2.1/servers/61b5d98e-ec18-4933-a7e9-06bb31b66c79 0.120s
2025-02-20 02:34:07.400 63804 INFO tempest.lib.common.rest_client [req-e24bb250-b44e-43e8-b01f-6b5753f2fece req-e24bb250-b44e-43e8-b01f-6b5753f2fece ] Request (VolumesAdminNegativeTest:_run_cleanups): 200 GET http://10.180.1.21/compute/v2.1/servers/09ebbb9f-6430-4d2d-8564-fe0492075610/os-volume_attachments 0.032s
2025-02-20 02:34:07.491 63772 INFO tempest.lib.common.rest_client [req-b04a99b6-3d8c-40b5-ba97-bb6d5899eb7d req-b04a99b6-3d8c-40b5-ba97-bb6d5899eb7d ] Request (ImagesOneServerNegativeTestJSON:setUpClass): 200 GET http://10.180.1.21/compute/v2.1/servers/c5b2312b-6f23-4467-a8b6-f28dd0923982 0.062s
2025-02-20 02:34:07.556 63802 INFO tempest.lib.common.rest_client [req-9a422fdc-d3aa-464e-a5c9-790f2810a204 req-9a422fdc-d3aa-464e-a5c9-790f2810a204 ] Request (ServersAdminTestJSON:test_create_server_with_scheduling_hint): 200 GET http://10.180.1.21/compute/v2.1/servers/0a0c6584-1aeb-48f2-acd2-07f2e07ad185 0.055s
2025-02-20 02:34:07.586 63748 INFO tempest.lib.common.rest_client [req-bc5254fb-c751-40ab-a88c-e63ca2f36798 req-bc5254fb-c751-40ab-a88c-e63ca2f36798 ] Request (DeleteServersAdminTestJSON:test_delete_server_while_in_error_state): 404 GET http://10.180.1.21/compute/v2.1/servers/af62b82e-d44c-4257-9abe-c9af7125f5fd 0.022s
2025-02-20 02:34:07.608 63748 INFO tempest.lib.common.rest_client [req-11f33e90-c57c-4240-825e-8d3e13e790e6 req-11f33e90-c57c-4240-825e-8d3e13e790e6 ] Request (DeleteServersAdminTestJSON:tearDownClass): 404 DELETE http://10.180.1.21/compute/v2.1/servers/af62b82e-d44c-4257-9abe-c9af7125f5fd 0.019s
2025-02-20 02:34:07.630 63748 INFO tempest.lib.common.rest_client [req-e3c0f78a-88ba-486c-b89a-852b241d7070 req-e3c0f78a-88ba-486c-b89a-852b241d7070 ] Request (DeleteServersAdminTestJSON:tearDownClass): 404 GET http://10.180.1.21/compute/v2.1/servers/af62b82e-d44c-4257-9abe-c9af7125f5fd 0.022s
2025-02-20 02:34:07.656 63748 INFO tempest.lib.common.rest_client [req-2ef93559-66e7-43c7-979e-4c406102db6d req-2ef93559-66e7-43c7-979e-4c406102db6d ] Request (DeleteServersAdminTestJSON:tearDownClass): 404 DELETE http://10.180.1.21/compute/v2.1/servers/df8f409a-484b-45ba-809e-39fc00fa6e6b 0.025s
2025-02-20 02:34:07.694 63748 INFO tempest.lib.common.rest_client [req-b2221c8f-75bc-4ead-9861-5296d7863793 req-b2221c8f-75bc-4ead-9861-5296d7863793 ] Request (DeleteServersAdminTestJSON:tearDownClass): 404 GET http://10.180.1.21/compute/v2.1/servers/df8f409a-484b-45ba-809e-39fc00fa6e6b 0.037s
2025-02-20 02:34:07.717 63778 INFO tempest.lib.common.rest_client [req-baeae44f-e379-4651-93e1-8605bbea0607 req-baeae44f-e379-4651-93e1-8605bbea0607 ] Request (DeleteServersTestJSON:test_delete_server_while_in_attached_volume): 200 GET http://10.180.1.21/volume/v3/volumes/db74e550-6002-458f-a565-697cb2218ae3 0.052s
2025-02-20 02:34:07.717 63784 INFO tempest.lib.common.rest_client [req-3b2ee5ba-4692-429f-ab00-ef2179ace8eb req-3b2ee5ba-4692-429f-ab00-ef2179ace8eb ] Request (FloatingIPsTestJSON:setUpClass): 200 PUT http://10.180.1.21:9696/networking/v2.0/routers/3317db54-98e1-4a61-9b21-4a208ee2b0b7/add_router_interface 1.134s
2025-02-20 02:34:07.718 63784 INFO tempest.lib.common.dynamic_creds [-] Created isolated network resources for: credentials: Credentials: {'domain_id': 'default', 'domain_name': 'Default', 'username': 'tempest-FloatingIPsTestJSON-1193841178-project-member', 'project_domain_id': 'default', 'project_domain_name': 'Default', 'project_id': '4ce816a0b3384f58ad1a40a97620bfec', 'project_name': 'tempest-FloatingIPsTestJSON-1193841178', 'tenant_id': '4ce816a0b3384f58ad1a40a97620bfec', 'tenant_name': 'tempest-FloatingIPsTestJSON-1193841178', 'user_domain_id': 'default', 'user_domain_name': 'Default', 'user_id': 'c4bb6be8c80c4a19a12a4c3c432f3315', 'system': None}, Network: {'id': '6420605d-3ec5-494f-9768-5a51bd5acab7', 'name': 'tempest-FloatingIPsTestJSON-65466586-network', 'tenant_id': '4ce816a0b3384f58ad1a40a97620bfec', 'admin_state_up': True, 'mtu': 8950, 'status': 'ACTIVE', 'subnets': [], 'shared': False, 'project_id': '4ce816a0b3384f58ad1a40a97620bfec', 'port_security_enabled': True, 'router:external': False, 'provider:network_type': 'vlan', 'provider:physical_network': 'default', 'provider:segmentation_id': 677, 'availability_zone_hints': [], 'availability_zones': [], 'ipv4_address_scope': None, 'ipv6_address_scope': None, 'description': '', 'tags': [], 'created_at': '2025-02-20T02:34:05Z', 'updated_at': '2025-02-20T02:34:05Z', 'revision_number': 1}, Subnet: {'id': '6bb78e97-1275-45d3-80a1-2df6a7da50e2', 'name': 'tempest-FloatingIPsTestJSON-65466586-subnet', 'tenant_id': '4ce816a0b3384f58ad1a40a97620bfec', 'network_id': '6420605d-3ec5-494f-9768-5a51bd5acab7', 'ip_version': 4, 'subnetpool_id': None, 'enable_dhcp': True, 'ipv6_ra_mode': None, 'ipv6_address_mode': None, 'gateway_ip': '192.168.128.1', 'cidr': '192.168.128.0/28', 'allocation_pools': [{'start': '192.168.128.2', 'end': '192.168.128.14'}], 'host_routes': [], 'dns_nameservers': [], 'description': '', 'router:external': False, 'service_types': [], 'tags': [], 'created_at': '2025-02-20T02:34:05Z', 'updated_at': '2025-02-20T02:34:05Z', 'revision_number': 0, 'project_id': '4ce816a0b3384f58ad1a40a97620bfec'}, Router: {'id': '3317db54-98e1-4a61-9b21-4a208ee2b0b7', 'name': 'tempest-FloatingIPsTestJSON-65466586-router', 'tenant_id': '4ce816a0b3384f58ad1a40a97620bfec', 'admin_state_up': True, 'status': 'ACTIVE', 'external_gateway_info': {'network_id': '0f8c0677-cc7a-4698-98e0-ba406b3ab916', 'external_fixed_ips': [{'subnet_id': '5fb432b7-808c-45ef-a2c1-9945b6d07eda', 'ip_address': '10.180.180.214'}], 'enable_snat': True}, 'description': '', 'availability_zones': [], 'distributed': False, 'ha': False, 'availability_zone_hints': [], 'routes': [], 'flavor_id': None, 'tags': [], 'created_at': '2025-02-20T02:34:05Z', 'updated_at': '2025-02-20T02:34:06Z', 'revision_number': 2, 'project_id': '4ce816a0b3384f58ad1a40a97620bfec'}
2025-02-20 02:34:07.749 63752 INFO tempest.lib.common.rest_client [req-17e41ca1-c3e1-4b18-aca6-471097c1cfaa req-17e41ca1-c3e1-4b18-aca6-471097c1cfaa ] Request (AttachInterfacesV270Test:tearDownClass): 200 GET http://10.180.1.21/compute/v2.1/servers/4928ffe3-e026-4ef3-922a-01685d5659ed 0.114s
2025-02-20 02:34:07.769 63768 INFO tempest.lib.common.rest_client [req-32d36f9f-ddb4-4045-9029-6c2a21335150 req-32d36f9f-ddb4-4045-9029-6c2a21335150 ] Request (ListImageFiltersTestJSON:setUpClass): 200 GET http://10.180.1.21/compute/v2.1/servers/4646d61b-76b1-4f95-b751-930292050374 0.076s
2025-02-20 02:34:07.828 63748 INFO tempest.lib.common.rest_client [req-3011b606-20e3-4d20-8fb5-cd0f0625625c req-3011b606-20e3-4d20-8fb5-cd0f0625625c ] Request (DeleteServersAdminTestJSON:tearDownClass): 204 DELETE http://10.180.1.21/identity/v3/users/9909db9b97ad47d1a05552a9eb14cc36 0.134s
2025-02-20 02:34:07.846 63784 INFO tempest.lib.common.rest_client [req-7a127913-ec85-4e7a-a5f7-45b12a7292da req-7a127913-ec85-4e7a-a5f7-45b12a7292da ] Request (FloatingIPsTestJSON:setUpClass): 201 POST http://10.180.1.21/identity/v3/auth/tokens 0.125s
2025-02-20 02:34:07.934 63766 INFO tempest.lib.common.rest_client [req-6a891a98-80ba-40bd-b3c4-cad81cf065db req-6a891a98-80ba-40bd-b3c4-cad81cf065db ] Request (ServersAdminNegativeTestJSON:tearDownClass): 200 GET http://10.180.1.21/compute/v2.1/servers/ddeadafc-798b-4a4c-8fb1-08070b292c4b 0.075s
2025-02-20 02:34:07.961 63748 INFO tempest.lib.common.rest_client [req-30774254-a381-4d47-8364-b1be861d176d req-30774254-a381-4d47-8364-b1be861d176d ] Request (DeleteServersAdminTestJSON:tearDownClass): 204 DELETE http://10.180.1.21/identity/v3/users/846c723910524a77b93c8d96c2422267 0.132s
2025-02-20 02:34:07.961 63748 INFO tempest.lib.common.dynamic_creds [-] Deleting project and security group for project: 4f1b35d3138c43c2b9f716cef7e4b941
2025-02-20 02:34:07.999 63756 INFO tempest.lib.common.rest_client [req-ab809c53-355a-49cc-bae5-cc3d1e333c76 req-ab809c53-355a-49cc-bae5-cc3d1e333c76 ] Request (ImagesTestJSON:test_create_image_from_suspended_server): 200 GET http://10.180.1.21/compute/v2.1/servers/c9b8f4da-b5bf-4afa-8708-448338bf9a02 0.127s
2025-02-20 02:34:08.061 63748 INFO tempest.lib.common.rest_client [req-d9966243-b74b-4b0f-bb15-6f1efb4ca261 req-d9966243-b74b-4b0f-bb15-6f1efb4ca261 ] Request (DeleteServersAdminTestJSON:tearDownClass): 201 POST http://10.180.1.21/identity/v3/auth/tokens 0.100s
2025-02-20 02:34:08.070 63770 INFO tempest.lib.common.rest_client [req-1f2af692-3eda-4ef1-b1db-dcbf90818ea6 req-1f2af692-3eda-4ef1-b1db-dcbf90818ea6 ] Request (ServersNegativeTestMultiTenantJSON:tearDownClass): 200 GET http://10.180.1.21/compute/v2.1/servers/03156147-f1d4-4b8a-85c3-3c3ae9879fb8 0.105s
2025-02-20 02:34:08.122 63798 INFO tempest.lib.common.rest_client [req-6931f065-f412-48eb-83d9-13a5b856c91a req-6931f065-f412-48eb-83d9-13a5b856c91a ] Request (MigrationsAdminTest:test_resize_server_revert_deleted_flavor): 200 GET http://10.180.1.21/compute/v2.1/servers/eb822c42-3071-4027-bc3b-03e32dc46cce 0.153s
2025-02-20 02:34:08.215 63748 INFO tempest.lib.common.rest_client [req-ca4f040a-54a6-4c99-a9b8-52fa5fb3630e req-ca4f040a-54a6-4c99-a9b8-52fa5fb3630e ] Request (DeleteServersAdminTestJSON:tearDownClass): 200 GET http://10.180.1.21:9696/networking/v2.0/security-groups?tenant_id=4f1b35d3138c43c2b9f716cef7e4b941&name=default 0.153s
2025-02-20 02:34:08.263 63788 INFO tempest.lib.common.rest_client [req-625e9e19-7e61-4ad6-b804-df5566b2e42e req-625e9e19-7e61-4ad6-b804-df5566b2e42e ] Request (FloatingIPsAssociationTestJSON:test_associate_already_associated_floating_ip): 200 GET http://10.180.1.21/compute/v2.1/servers/0715ab54-59f5-43a6-b0fa-23e219f8d459 0.242s
2025-02-20 02:34:08.273 63788 INFO tempest.common.waiters [-] State transition "BUILD/None" ==> "BUILD/networking" after 66 second wait
2025-02-20 02:34:08.325 63780 INFO tempest.lib.common.rest_client [req-a57e4467-4123-4b0e-a6be-607e619d9abc req-a57e4467-4123-4b0e-a6be-607e619d9abc ] Request (ServersTestBootFromVolume:setUpClass): 200 GET http://10.180.1.21/compute/v2.1/servers/fa37793d-84ec-44a7-b5d3-f363829bca25 0.292s
2025-02-20 02:34:08.394 63776 INFO tempest.lib.common.rest_client [req-d3e04c8f-5908-4eaf-a009-b4d3db550256 req-d3e04c8f-5908-4eaf-a009-b4d3db550256 ] Request (ServerPasswordTestJSON:tearDownClass): 200 GET http://10.180.1.21/compute/v2.1/servers/8e05f61f-5cf5-416e-b801-87c5fd9a52fb 0.309s
2025-02-20 02:34:08.429 63748 INFO tempest.lib.common.rest_client [req-0424ecc2-a784-4530-8c4c-26cbc6479b54 req-0424ecc2-a784-4530-8c4c-26cbc6479b54 ] Request (DeleteServersAdminTestJSON:tearDownClass): 204 DELETE http://10.180.1.21:9696/networking/v2.0/security-groups/9bc5ede2-1958-4a66-93aa-f65827f9798c 0.210s
2025-02-20 02:34:08.452 63764 INFO tempest.lib.common.rest_client [req-af543330-1cb9-4302-807a-24c6afe9c5c6 req-af543330-1cb9-4302-807a-24c6afe9c5c6 ] Request (ServerDiskConfigTestJSON:test_rebuild_server_with_manual_disk_config): 200 GET http://10.180.1.21/compute/v2.1/servers/3f7f33b0-eb92-4ce5-9e10-5e4e3046aec7 0.181s
2025-02-20 02:34:08.514 63748 INFO tempest.lib.common.rest_client [req-c5cccea2-85e5-4d94-a99a-74c27bf6fed6 req-c5cccea2-85e5-4d94-a99a-74c27bf6fed6 ] Request (DeleteServersAdminTestJSON:tearDownClass): 204 DELETE http://10.180.1.21/identity/v3/projects/4f1b35d3138c43c2b9f716cef7e4b941 0.084s
2025-02-20 02:34:08.514 63748 INFO tempest.lib.common.dynamic_creds [-] Deleting project and security group for project: 2a68cdda5bfd44a7877b9085dc828c08
2025-02-20 02:34:08.539 63790 INFO tempest.lib.common.rest_client [req-2a0790d9-7027-4ec2-8f3d-7cb44be53845 req-2a0790d9-7027-4ec2-8f3d-7cb44be53845 ] Request (ImagesNegativeTestJSON:test_create_image_from_deleted_server): 200 GET http://10.180.1.21/compute/v2.1/servers/ebe92ccd-bda8-4a60-ae8e-81c7ea154646 0.213s
2025-02-20 02:34:08.546 63790 INFO tempest.common.waiters [-] State transition "ACTIVE/deleting" ==> "DELETED/None" after 5 second wait
2025-02-20 02:34:08.636 63801 INFO tempest.lib.common.rest_client [req-65573061-4d82-4e8d-9946-608504eaa67e req-65573061-4d82-4e8d-9946-608504eaa67e ] Request (SecurityGroupsTestJSON:test_server_security_groups): 200 GET http://10.180.1.21/compute/v2.1/servers/55828beb-5311-42cd-bacd-cc50a94d642d 0.299s
2025-02-20 02:34:08.701 63762 INFO tempest.lib.common.rest_client [req-d4942118-b863-4578-a635-1f2cf70837b5 req-d4942118-b863-4578-a635-1f2cf70837b5 ] Request (ServersTestJSON:setUpClass): 200 GET http://10.180.1.21/compute/v2.1/servers/61b5d98e-ec18-4933-a7e9-06bb31b66c79 0.329s
2025-02-20 02:34:08.739 63804 INFO tempest.lib.common.rest_client [req-c36897b7-e7ca-4e59-9799-aaba6e008eb8 req-c36897b7-e7ca-4e59-9799-aaba6e008eb8 ] Request (VolumesAdminNegativeTest:_run_cleanups): 200 GET http://10.180.1.21/compute/v2.1/servers/09ebbb9f-6430-4d2d-8564-fe0492075610/os-volume_attachments 0.336s
2025-02-20 02:34:08.741 63748 INFO tempest.lib.common.rest_client [req-1ee067fa-5389-492b-b77e-5cde1bd29494 req-1ee067fa-5389-492b-b77e-5cde1bd29494 ] Request (DeleteServersAdminTestJSON:tearDownClass): 200 GET http://10.180.1.21:9696/networking/v2.0/security-groups?tenant_id=2a68cdda5bfd44a7877b9085dc828c08&name=default 0.227s
2025-02-20 02:34:08.782 63804 INFO tempest.lib.common.rest_client [req-bbfe4ed4-ffc9-4a67-a4a9-b534b3e13d88 req-bbfe4ed4-ffc9-4a67-a4a9-b534b3e13d88 ] Request (VolumesAdminNegativeTest:_run_cleanups): 200 GET http://10.180.1.21/volume/v3/volumes/c82e8e59-02bc-4ccc-b82c-13a307a5c3f0 0.038s
2025-02-20 02:34:08.788 63778 INFO tempest.lib.common.rest_client [req-a7379308-5ffa-4bb4-8a33-b1a58089b371 req-a7379308-5ffa-4bb4-8a33-b1a58089b371 ] Request (DeleteServersTestJSON:test_delete_server_while_in_attached_volume): 200 GET http://10.180.1.21/volume/v3/volumes/db74e550-6002-458f-a565-697cb2218ae3 0.056s
2025-02-20 02:34:08.791 63804 INFO tempest.common.waiters [-] volume c82e8e59-02bc-4ccc-b82c-13a307a5c3f0 reached available after waiting for 0.791666 seconds
2025-02-20 02:34:08.809 63772 INFO tempest.lib.common.rest_client [req-25fddafd-961a-4687-9c89-527a0d3d2fcb req-25fddafd-961a-4687-9c89-527a0d3d2fcb ] Request (ImagesOneServerNegativeTestJSON:setUpClass): 200 GET http://10.180.1.21/compute/v2.1/servers/c5b2312b-6f23-4467-a8b6-f28dd0923982 0.310s
2025-02-20 02:34:08.866 63804 INFO tempest.lib.common.rest_client [req-fa56ceaf-eac1-4e3e-964f-e99f42ce0e08 req-fa56ceaf-eac1-4e3e-964f-e99f42ce0e08 ] Request (VolumesAdminNegativeTest:test_update_attached_volume_with_nonexistent_volume_in_uri): 201 POST http://10.180.1.21/identity/v3/auth/tokens 0.067s
2025-02-20 02:34:08.866 63804 INFO tempest.lib.common.fixed_network [-] (VolumesAdminNegativeTest:test_update_attached_volume_with_nonexistent_volume_in_uri) Found network {'id': '186fca34-0bfa-4c1d-a048-80779721bc97', 'name': 'tempest-VolumesAdminNegativeTest-2084496329-network', 'tenant_id': 'dcd43818f54c4e869e489febdeeec723', 'admin_state_up': True, 'mtu': 8950, 'status': 'ACTIVE', 'subnets': [], 'shared': False, 'project_id': 'dcd43818f54c4e869e489febdeeec723', 'port_security_enabled': True, 'router:external': False, 'provider:network_type': 'vlan', 'provider:physical_network': 'default', 'provider:segmentation_id': 479, 'availability_zone_hints': [], 'availability_zones': [], 'ipv4_address_scope': None, 'ipv6_address_scope': None, 'description': '', 'tags': [], 'created_at': '2025-02-20T02:31:33Z', 'updated_at': '2025-02-20T02:31:33Z', 'revision_number': 1} available for tenant
2025-02-20 02:34:08.870 63748 INFO tempest.lib.common.rest_client [req-363fd1d2-aa30-4fa8-bc5b-c38dfa4e39f9 req-363fd1d2-aa30-4fa8-bc5b-c38dfa4e39f9 ] Request (DeleteServersAdminTestJSON:tearDownClass): 204 DELETE http://10.180.1.21:9696/networking/v2.0/security-groups/ce8b8069-c87a-4d14-a4ef-376f461872e2 0.128s
2025-02-20 02:34:08.873 63802 INFO tempest.lib.common.rest_client [req-9ee8f831-0481-4ce2-ab06-d32c6f86cb67 req-9ee8f831-0481-4ce2-ab06-d32c6f86cb67 ] Request (ServersAdminTestJSON:test_create_server_with_scheduling_hint): 200 GET http://10.180.1.21/compute/v2.1/servers/0a0c6584-1aeb-48f2-acd2-07f2e07ad185 0.308s
2025-02-20 02:34:08.963 63752 INFO tempest.lib.common.rest_client [req-7ce0aa30-1ee3-4572-a533-d9b579cf2ca1 req-7ce0aa30-1ee3-4572-a533-d9b579cf2ca1 ] Request (AttachInterfacesV270Test:tearDownClass): 200 GET http://10.180.1.21/compute/v2.1/servers/4928ffe3-e026-4ef3-922a-01685d5659ed 0.199s
2025-02-20 02:34:08.975 63784 INFO tempest.lib.common.rest_client [req-078f4fbd-5aac-4729-b24e-89f1e8be5220 req-078f4fbd-5aac-4729-b24e-89f1e8be5220 ] Request (FloatingIPsTestJSON:test_allocate_floating_ip): 200 POST http://10.180.1.21/compute/v2.1/os-floating-ips 1.127s
2025-02-20 02:34:09.012 63748 INFO tempest.lib.common.rest_client [req-fdf7f306-b7e4-47b4-93a7-a541b357ecad req-fdf7f306-b7e4-47b4-93a7-a541b357ecad ] Request (DeleteServersAdminTestJSON:tearDownClass): 204 DELETE http://10.180.1.21/identity/v3/projects/2a68cdda5bfd44a7877b9085dc828c08 0.142s
2025-02-20 02:34:09.013 63748 INFO tempest.test [-] raised in ServersOnMultiNodesTest.setUpClass. Invoking tearDownClass.
2025-02-20 02:34:09.027 63768 INFO tempest.lib.common.rest_client [req-318050a8-3c13-4f24-9256-3619a5422825 req-318050a8-3c13-4f24-9256-3619a5422825 ] Request (ListImageFiltersTestJSON:setUpClass): 200 GET http://10.180.1.21/compute/v2.1/servers/4646d61b-76b1-4f95-b751-930292050374 0.251s
2025-02-20 02:34:09.089 63766 INFO tempest.lib.common.rest_client [req-25bc3c39-f9fd-4f8e-9ec4-b9a4654f3b30 req-25bc3c39-f9fd-4f8e-9ec4-b9a4654f3b30 ] Request (ServersAdminNegativeTestJSON:tearDownClass): 200 GET http://10.180.1.21/compute/v2.1/servers/ddeadafc-798b-4a4c-8fb1-08070b292c4b 0.144s
2025-02-20 02:34:09.094 63748 INFO tempest.lib.common.rest_client [req-310c8a58-bdf8-4b5e-8753-ebb556440593 req-310c8a58-bdf8-4b5e-8753-ebb556440593 ] Request (ServicesAdminNegativeV253TestJSON:setUpClass): 201 POST http://10.180.1.21/identity/v3/auth/tokens 0.079s
2025-02-20 02:34:09.097 63766 INFO tempest.common.waiters [-] State transition "ACTIVE/deleting" ==> "DELETED/None" after 5 second wait
2025-02-20 02:34:09.127 63748 INFO tempest.lib.common.rest_client [req-47d019cd-7c99-4610-870d-e525b27a4af8 req-47d019cd-7c99-4610-870d-e525b27a4af8 ] Request (ServicesAdminNegativeV253TestJSON:setUpClass): 201 POST http://10.180.1.21/identity/v3/auth/tokens 0.030s
2025-02-20 02:34:09.154 63748 INFO tempest.lib.common.rest_client [req-22130d49-df24-4bd5-bcba-23f5d8ce795a req-22130d49-df24-4bd5-bcba-23f5d8ce795a ] Request (ServicesAdminNegativeV253TestJSON:setUpClass): 200 GET http://10.180.1.21/identity/v3/domains?name=Default 0.027s
2025-02-20 02:34:09.167 63784 INFO tempest.lib.common.rest_client [req-a2abc090-2bdb-4b14-8eab-27bdcf5924e1 req-a2abc090-2bdb-4b14-8eab-27bdcf5924e1 ] Request (FloatingIPsTestJSON:test_allocate_floating_ip): 200 GET http://10.180.1.21/compute/v2.1/os-floating-ips/5305ca0e-5f9d-4980-b79a-65f04a77beda 0.190s
2025-02-20 02:34:09.189 63748 INFO tempest.lib.common.rest_client [req-178739d1-574d-435f-b345-6681835ca2f6 req-178739d1-574d-435f-b345-6681835ca2f6 ] Request (ServicesAdminNegativeV253TestJSON:setUpClass): 201 POST http://10.180.1.21/identity/v3/projects 0.035s
2025-02-20 02:34:09.220 63756 INFO tempest.lib.common.rest_client [req-895477d3-c60e-482c-af2a-96f8969e3ad0 req-895477d3-c60e-482c-af2a-96f8969e3ad0 ] Request (ImagesTestJSON:test_create_image_from_suspended_server): 200 GET http://10.180.1.21/compute/v2.1/servers/c9b8f4da-b5bf-4afa-8708-448338bf9a02 0.209s
2025-02-20 02:34:09.250 63748 INFO tempest.lib.common.rest_client [req-8361b36a-2671-4721-b2fc-64dcc8c9bafb req-8361b36a-2671-4721-b2fc-64dcc8c9bafb ] Request (ServicesAdminNegativeV253TestJSON:setUpClass): 201 POST http://10.180.1.21/identity/v3/users 0.060s
2025-02-20 02:34:09.273 63748 INFO tempest.lib.common.rest_client [req-b080b00b-8ed3-4dcb-abf5-f17ddfea8a23 req-b080b00b-8ed3-4dcb-abf5-f17ddfea8a23 ] Request (ServicesAdminNegativeV253TestJSON:setUpClass): 200 GET http://10.180.1.21/identity/v3/roles 0.023s
2025-02-20 02:34:09.278 63770 INFO tempest.lib.common.rest_client [req-fb232c2d-edc1-4aaa-a5b7-ad17e2396246 req-fb232c2d-edc1-4aaa-a5b7-ad17e2396246 ] Request (ServersNegativeTestMultiTenantJSON:tearDownClass): 200 GET http://10.180.1.21/compute/v2.1/servers/03156147-f1d4-4b8a-85c3-3c3ae9879fb8 0.201s
2025-02-20 02:34:09.292 63804 INFO tempest.lib.common.rest_client [req-016b5a57-8051-4496-a456-a68ad3ceeaaa req-016b5a57-8051-4496-a456-a68ad3ceeaaa ] Request (VolumesAdminNegativeTest:test_update_attached_volume_with_nonexistent_volume_in_uri): 202 POST http://10.180.1.21/compute/v2.1/servers 0.425s
2025-02-20 02:34:09.304 63748 INFO tempest.lib.common.rest_client [req-ec299031-7e79-4102-bc2c-f8b5b9f64e8a req-ec299031-7e79-4102-bc2c-f8b5b9f64e8a ] Request (ServicesAdminNegativeV253TestJSON:setUpClass): 204 PUT http://10.180.1.21/identity/v3/projects/315311bc1f3f4ab18103502b8ea937de/users/b94988fe7b6044c6b564b2f5f2bc6c81/roles/38dcd101ecf043209fdd2c6ad2795648 0.029s
2025-02-20 02:34:09.304 63748 INFO tempest.lib.common.dynamic_creds [-] Dynamic test user b94988fe7b6044c6b564b2f5f2bc6c81 is created with scope project and roles: ['member']
2025-02-20 02:34:09.305 63748 INFO tempest.lib.common.dynamic_creds [-] Acquired dynamic creds: credentials: Credentials: {'domain_id': 'default', 'domain_name': 'Default', 'username': 'tempest-ServicesAdminNegativeV253TestJSON-1330033994-project-member', 'project_domain_id': 'default', 'project_domain_name': 'Default', 'project_id': '315311bc1f3f4ab18103502b8ea937de', 'project_name': 'tempest-ServicesAdminNegativeV253TestJSON-1330033994', 'tenant_id': '315311bc1f3f4ab18103502b8ea937de', 'tenant_name': 'tempest-ServicesAdminNegativeV253TestJSON-1330033994', 'user_domain_id': 'default', 'user_domain_name': 'Default', 'user_id': 'b94988fe7b6044c6b564b2f5f2bc6c81', 'system': None}, Network: None, Subnet: None, Router: None
2025-02-20 02:34:09.305 63748 INFO tempest.lib.common.dynamic_creds [-] Created isolated network resources for: credentials: Credentials: {'domain_id': 'default', 'domain_name': 'Default', 'username': 'tempest-ServicesAdminNegativeV253TestJSON-1330033994-project-member', 'project_domain_id': 'default', 'project_domain_name': 'Default', 'project_id': '315311bc1f3f4ab18103502b8ea937de', 'project_name': 'tempest-ServicesAdminNegativeV253TestJSON-1330033994', 'tenant_id': '315311bc1f3f4ab18103502b8ea937de', 'tenant_name': 'tempest-ServicesAdminNegativeV253TestJSON-1330033994', 'user_domain_id': 'default', 'user_domain_name': 'Default', 'user_id': 'b94988fe7b6044c6b564b2f5f2bc6c81', 'system': None}, Network: None, Subnet: None, Router: None
2025-02-20 02:34:09.342 63798 INFO tempest.lib.common.rest_client [req-2edaa817-6c2b-48af-8ebc-43280e75f7e0 req-2edaa817-6c2b-48af-8ebc-43280e75f7e0 ] Request (MigrationsAdminTest:test_resize_server_revert_deleted_flavor): 200 GET http://10.180.1.21/compute/v2.1/servers/eb822c42-3071-4027-bc3b-03e32dc46cce 0.210s
2025-02-20 02:34:09.372 63784 INFO tempest.lib.common.rest_client [req-9d19cc42-a418-4d36-a7d4-0f0104ebc622 req-9d19cc42-a418-4d36-a7d4-0f0104ebc622 ] Request (FloatingIPsTestJSON:test_allocate_floating_ip): 200 GET http://10.180.1.21/compute/v2.1/os-floating-ips 0.202s
2025-02-20 02:34:09.381 63748 INFO tempest.lib.common.rest_client [req-2ba34a69-9bbd-4a1d-8d3b-f4481dc35be6 req-2ba34a69-9bbd-4a1d-8d3b-f4481dc35be6 ] Request (ServicesAdminNegativeV253TestJSON:setUpClass): 201 POST http://10.180.1.21/identity/v3/auth/tokens 0.073s
2025-02-20 02:34:09.411 63754 WARNING tempest.lib.common.ssh [-] Failed to establish authenticated ssh connection to cirros@10.180.180.143 ([Errno None] Unable to connect to port 22 on 10.180.180.143). Number attempts: 9. Retry after 10 seconds.: paramiko.ssh_exception.NoValidConnectionsError: [Errno None] Unable to connect to port 22 on 10.180.180.143
2025-02-20 02:34:09.412 63804 INFO tempest.lib.common.rest_client [req-f04f6106-b4db-4017-9219-c8b5fdf2e98d req-f04f6106-b4db-4017-9219-c8b5fdf2e98d ] Request (VolumesAdminNegativeTest:test_update_attached_volume_with_nonexistent_volume_in_uri): 200 GET http://10.180.1.21/compute/v2.1/servers/fae6e8ca-c6d2-437d-af8d-4d6b56ecf2c5 0.118s
2025-02-20 02:34:09.442 63782 INFO paramiko.transport [-] Connected (version 2.0, client dropbear_2020.81)
2025-02-20 02:34:09.450 63788 INFO tempest.lib.common.rest_client [req-9792dd7f-4ab4-4622-82cb-a3b2e2e22f85 req-9792dd7f-4ab4-4622-82cb-a3b2e2e22f85 ] Request (FloatingIPsAssociationTestJSON:test_associate_already_associated_floating_ip): 200 GET http://10.180.1.21/compute/v2.1/servers/0715ab54-59f5-43a6-b0fa-23e219f8d459 0.176s
2025-02-20 02:34:09.456 63748 INFO tempest.lib.common.rest_client [req-d1f4cf46-4a36-4018-bb9f-692d0e62c93f req-d1f4cf46-4a36-4018-bb9f-692d0e62c93f ] Request (ServicesAdminNegativeV253TestJSON:setUpClass): 201 POST http://10.180.1.21/identity/v3/projects 0.074s
2025-02-20 02:34:09.464 63788 INFO tempest.common.waiters [-] State transition "BUILD/networking" ==> "BUILD/spawning" after 67 second wait
2025-02-20 02:34:09.477 63780 INFO tempest.lib.common.rest_client [req-a610d9f0-19df-4b59-8ff5-2757ff6563c3 req-a610d9f0-19df-4b59-8ff5-2757ff6563c3 ] Request (ServersTestBootFromVolume:setUpClass): 200 GET http://10.180.1.21/compute/v2.1/servers/fa37793d-84ec-44a7-b5d3-f363829bca25 0.140s
2025-02-20 02:34:09.502 63782 INFO paramiko.transport [-] Authentication (publickey) successful!
2025-02-20 02:34:09.503 63782 INFO tempest.lib.common.ssh [-] ssh connection to cirros@10.180.180.189 successfully created
2025-02-20 02:34:09.531 63748 INFO tempest.lib.common.rest_client [req-de0d89c4-5434-48dc-82d1-ffb53ff7e0b2 req-de0d89c4-5434-48dc-82d1-ffb53ff7e0b2 ] Request (ServicesAdminNegativeV253TestJSON:setUpClass): 201 POST http://10.180.1.21/identity/v3/users 0.072s
2025-02-20 02:34:09.546 63776 INFO tempest.lib.common.rest_client [req-f99a6cb6-80e9-4580-9f96-73eabb57c243 req-f99a6cb6-80e9-4580-9f96-73eabb57c243 ] Request (ServerPasswordTestJSON:tearDownClass): 200 GET http://10.180.1.21/compute/v2.1/servers/8e05f61f-5cf5-416e-b801-87c5fd9a52fb 0.142s
2025-02-20 02:34:09.558 63748 INFO tempest.lib.common.rest_client [req-fa14d95e-48cc-4f32-8a77-c36d9496ef64 req-fa14d95e-48cc-4f32-8a77-c36d9496ef64 ] Request (ServicesAdminNegativeV253TestJSON:setUpClass): 200 GET http://10.180.1.21/identity/v3/roles 0.027s
2025-02-20 02:34:09.587 63748 INFO tempest.lib.common.rest_client [req-f15a5eb5-2a5b-4a1b-95d3-23340edb1282 req-f15a5eb5-2a5b-4a1b-95d3-23340edb1282 ] Request (ServicesAdminNegativeV253TestJSON:setUpClass): 204 PUT http://10.180.1.21/identity/v3/projects/f36f97d5035b4e2192a5a8f9206dc470/users/09ec6be0ecbe48ba99da5c5d719f6a8e/roles/89cae7678649451eae15a23ced761890 0.029s
2025-02-20 02:34:09.606 63764 INFO tempest.lib.common.rest_client [req-dbde8ae3-d2fc-483b-bd13-3e7cfb5b6281 req-dbde8ae3-d2fc-483b-bd13-3e7cfb5b6281 ] Request (ServerDiskConfigTestJSON:test_rebuild_server_with_manual_disk_config): 200 GET http://10.180.1.21/compute/v2.1/servers/3f7f33b0-eb92-4ce5-9e10-5e4e3046aec7 0.145s
2025-02-20 02:34:09.642 63748 INFO tempest.lib.common.rest_client [req-3baa13bd-c1d4-4228-9a44-e435c68b9341 req-3baa13bd-c1d4-4228-9a44-e435c68b9341 ] Request (ServicesAdminNegativeV253TestJSON:setUpClass): 200 GET http://10.180.1.21/identity/v3/roles 0.054s
2025-02-20 02:34:09.663 63748 INFO tempest.lib.common.rest_client [req-bc77ea99-8776-408c-9aee-767bf0817500 req-bc77ea99-8776-408c-9aee-767bf0817500 ] Request (ServicesAdminNegativeV253TestJSON:setUpClass): 204 PUT http://10.180.1.21/identity/v3/projects/f36f97d5035b4e2192a5a8f9206dc470/users/09ec6be0ecbe48ba99da5c5d719f6a8e/roles/89cae7678649451eae15a23ced761890 0.020s
2025-02-20 02:34:09.663 63748 INFO tempest.lib.common.dynamic_creds [-] Dynamic test user 09ec6be0ecbe48ba99da5c5d719f6a8e is created with scope project and roles: ['admin']
2025-02-20 02:34:09.663 63748 INFO tempest.lib.common.dynamic_creds [-] Acquired dynamic creds: credentials: Credentials: {'domain_id': 'default', 'domain_name': 'Default', 'username': 'tempest-ServicesAdminNegativeV253TestJSON-1017525691-project-admin', 'project_domain_id': 'default', 'project_domain_name': 'Default', 'project_id': 'f36f97d5035b4e2192a5a8f9206dc470', 'project_name': 'tempest-ServicesAdminNegativeV253TestJSON-1017525691', 'tenant_id': 'f36f97d5035b4e2192a5a8f9206dc470', 'tenant_name': 'tempest-ServicesAdminNegativeV253TestJSON-1017525691', 'user_domain_id': 'default', 'user_domain_name': 'Default', 'user_id': '09ec6be0ecbe48ba99da5c5d719f6a8e', 'system': None}, Network: None, Subnet: None, Router: None
2025-02-20 02:34:09.663 63748 INFO tempest.lib.common.dynamic_creds [-] Created isolated network resources for: credentials: Credentials: {'domain_id': 'default', 'domain_name': 'Default', 'username': 'tempest-ServicesAdminNegativeV253TestJSON-1017525691-project-admin', 'project_domain_id': 'default', 'project_domain_name': 'Default', 'project_id': 'f36f97d5035b4e2192a5a8f9206dc470', 'project_name': 'tempest-ServicesAdminNegativeV253TestJSON-1017525691', 'tenant_id': 'f36f97d5035b4e2192a5a8f9206dc470', 'tenant_name': 'tempest-ServicesAdminNegativeV253TestJSON-1017525691', 'user_domain_id': 'default', 'user_domain_name': 'Default', 'user_id': '09ec6be0ecbe48ba99da5c5d719f6a8e', 'system': None}, Network: None, Subnet: None, Router: None
2025-02-20 02:34:09.733 63748 INFO tempest.lib.common.rest_client [req-b370079a-3acd-425a-8487-255bd4bfe3d8 req-b370079a-3acd-425a-8487-255bd4bfe3d8 ] Request (ServicesAdminNegativeV253TestJSON:setUpClass): 201 POST http://10.180.1.21/identity/v3/auth/tokens 0.066s
2025-02-20 02:34:09.784 63784 INFO tempest.lib.common.rest_client [req-526b163f-e0a5-4967-907d-a17a0584d581 req-526b163f-e0a5-4967-907d-a17a0584d581 ] Request (FloatingIPsTestJSON:_run_cleanups): 202 DELETE http://10.180.1.21/compute/v2.1/os-floating-ips/5305ca0e-5f9d-4980-b79a-65f04a77beda 0.409s
2025-02-20 02:34:09.834 63778 INFO tempest.lib.common.rest_client [req-6a0a155a-b2c8-4ebb-be68-0de24cfb430d req-6a0a155a-b2c8-4ebb-be68-0de24cfb430d ] Request (DeleteServersTestJSON:test_delete_server_while_in_attached_volume): 200 GET http://10.180.1.21/volume/v3/volumes/db74e550-6002-458f-a565-697cb2218ae3 0.037s
2025-02-20 02:34:09.844 63778 INFO tempest.common.waiters [-] Attachment 94df35e9-2d71-4edf-8778-1ce260a78126 created for volume db74e550-6002-458f-a565-697cb2218ae3 to server 72eb6306-764d-4bc9-a991-86276b9eb73e after waiting for 7.844306 seconds
2025-02-20 02:34:09.846 63790 INFO tempest.lib.common.rest_client [req-a94708b9-9103-424d-8760-4d5e5aa6fa66 req-a94708b9-9103-424d-8760-4d5e5aa6fa66 ] Request (ImagesNegativeTestJSON:test_create_image_from_deleted_server): 200 GET http://10.180.1.21/compute/v2.1/servers/ebe92ccd-bda8-4a60-ae8e-81c7ea154646 0.298s
2025-02-20 02:34:09.874 63778 INFO tempest.lib.common.rest_client [req-a1d43fc6-961c-45f8-93c5-26deceda12f3 req-a1d43fc6-961c-45f8-93c5-26deceda12f3 ] Request (DeleteServersTestJSON:test_delete_server_while_in_attached_volume): 200 GET http://10.180.1.21/volume/v3/volumes/db74e550-6002-458f-a565-697cb2218ae3 0.030s
2025-02-20 02:34:09.881 63778 INFO tempest.common.waiters [-] volume db74e550-6002-458f-a565-697cb2218ae3 reached in-use after waiting for 0.881296 seconds
2025-02-20 02:34:09.974 63801 INFO tempest.lib.common.rest_client [req-b3005b02-0abb-4ba1-b393-5a3f3108ab3c req-b3005b02-0abb-4ba1-b393-5a3f3108ab3c ] Request (SecurityGroupsTestJSON:test_server_security_groups): 200 GET http://10.180.1.21/compute/v2.1/servers/55828beb-5311-42cd-bacd-cc50a94d642d 0.329s
2025-02-20 02:34:10.023 63762 INFO tempest.lib.common.rest_client [req-6c573820-adc4-408a-99e3-3e2349c6a78f req-6c573820-adc4-408a-99e3-3e2349c6a78f ] Request (ServersTestJSON:setUpClass): 200 GET http://10.180.1.21/compute/v2.1/servers/61b5d98e-ec18-4933-a7e9-06bb31b66c79 0.311s
2025-02-20 02:34:10.055 63782 INFO tempest.lib.common.rest_client [req-9fecab57-53a2-4950-96dc-aa4bc0bef747 req-9fecab57-53a2-4950-96dc-aa4bc0bef747 ] Request (ServerActionsV293TestJSON:test_rebuild_volume_backed_server): 202 POST http://10.180.1.21/compute/v2.1/servers/776b4385-e4ab-4d11-a68f-686e606685dd/action 0.547s
2025-02-20 02:34:10.133 63748 INFO tempest.lib.common.rest_client [req-9688827a-8fbe-4f00-82c6-1b09063ad769 req-9688827a-8fbe-4f00-82c6-1b09063ad769 ] Request (ServicesAdminNegativeV253TestJSON:test_disable_log_reason_with_invalid_service_id): 404 PUT http://10.180.1.21/compute/v2.1/os-services/8ff303c0-86ac-4432-9a17-772125100d43 0.398s
2025-02-20 02:34:10.192 63772 INFO tempest.lib.common.rest_client [req-657bfab8-dc81-43ee-864c-690249559a6f req-657bfab8-dc81-43ee-864c-690249559a6f ] Request (ImagesOneServerNegativeTestJSON:setUpClass): 200 GET http://10.180.1.21/compute/v2.1/servers/c5b2312b-6f23-4467-a8b6-f28dd0923982 0.372s
2025-02-20 02:34:10.272 63778 INFO tempest.lib.common.rest_client [req-1354a893-7f23-449a-ae58-701f4b719fe0 req-1354a893-7f23-449a-ae58-701f4b719fe0 ] Request (DeleteServersTestJSON:test_delete_server_while_in_attached_volume): 204 DELETE http://10.180.1.21/compute/v2.1/servers/72eb6306-764d-4bc9-a991-86276b9eb73e 0.390s
2025-02-20 02:34:10.292 63750 WARNING tempest.lib.common.ssh [-] Failed to establish authenticated ssh connection to cirros@10.180.180.232 ([Errno None] Unable to connect to port 22 on 10.180.180.232). Number attempts: 11. Retry after 12 seconds.: paramiko.ssh_exception.NoValidConnectionsError: [Errno None] Unable to connect to port 22 on 10.180.180.232
2025-02-20 02:34:10.333 63802 INFO tempest.lib.common.rest_client [req-ea8bc91f-d0b4-41fc-9ccd-ecc5ab8e911d req-ea8bc91f-d0b4-41fc-9ccd-ecc5ab8e911d ] Request (ServersAdminTestJSON:test_create_server_with_scheduling_hint): 200 GET http://10.180.1.21/compute/v2.1/servers/0a0c6584-1aeb-48f2-acd2-07f2e07ad185 0.448s
2025-02-20 02:34:10.428 63752 INFO tempest.lib.common.rest_client [req-e5e2022d-fc75-4c13-bf86-382dc080cec4 req-e5e2022d-fc75-4c13-bf86-382dc080cec4 ] Request (AttachInterfacesV270Test:tearDownClass): 200 GET http://10.180.1.21/compute/v2.1/servers/4928ffe3-e026-4ef3-922a-01685d5659ed 0.454s
2025-02-20 02:34:10.497 63768 INFO tempest.lib.common.rest_client [req-5872adfd-0fac-4ad0-8816-22828af3631c req-5872adfd-0fac-4ad0-8816-22828af3631c ] Request (ListImageFiltersTestJSON:setUpClass): 200 GET http://10.180.1.21/compute/v2.1/servers/4646d61b-76b1-4f95-b751-930292050374 0.462s
2025-02-20 02:34:10.517 63782 INFO tempest.lib.common.rest_client [req-56624990-0a95-4a29-bbbe-4badba9aa0ad req-56624990-0a95-4a29-bbbe-4badba9aa0ad ] Request (ServerActionsV293TestJSON:test_rebuild_volume_backed_server): 200 GET http://10.180.1.21/compute/v2.1/flavors/42 0.449s
2025-02-20 02:34:10.607 63766 INFO tempest.lib.common.rest_client [req-1eac7777-2372-4358-bbc5-34543eddab5b req-1eac7777-2372-4358-bbc5-34543eddab5b ] Request (ServersAdminNegativeTestJSON:tearDownClass): 200 GET http://10.180.1.21/compute/v2.1/servers/ddeadafc-798b-4a4c-8fb1-08070b292c4b 0.509s
2025-02-20 02:34:10.619 63774 WARNING tempest.lib.common.ssh [-] Failed to establish authenticated ssh connection to cirros@10.180.180.253 ([Errno None] Unable to connect to port 22 on 10.180.180.253). Number attempts: 10. Retry after 11 seconds.: paramiko.ssh_exception.NoValidConnectionsError: [Errno None] Unable to connect to port 22 on 10.180.180.253
2025-02-20 02:34:10.633 63748 INFO tempest.lib.common.rest_client [req-277ad0db-ad0f-4c99-90eb-c7f469f687cf req-277ad0db-ad0f-4c99-90eb-c7f469f687cf ] Request (ServicesAdminNegativeV253TestJSON:test_disable_service_with_invalid_service_id): 404 PUT http://10.180.1.21/compute/v2.1/os-services/8ff303c0-86ac-4432-9a17-772125100d43 0.498s
2025-02-20 02:34:10.693 63756 INFO tempest.lib.common.rest_client [req-42d688ba-5eb3-44b6-a0c6-86c20f99c99f req-42d688ba-5eb3-44b6-a0c6-86c20f99c99f ] Request (ImagesTestJSON:test_create_image_from_suspended_server): 200 GET http://10.180.1.21/compute/v2.1/servers/c9b8f4da-b5bf-4afa-8708-448338bf9a02 0.463s
2025-02-20 02:34:10.856 63778 INFO tempest.lib.common.rest_client [req-4d76b499-513d-4f1b-9b8f-ac709bda2b93 req-4d76b499-513d-4f1b-9b8f-ac709bda2b93 ] Request (DeleteServersTestJSON:test_delete_server_while_in_attached_volume): 200 GET http://10.180.1.21/compute/v2.1/servers/72eb6306-764d-4bc9-a991-86276b9eb73e 0.584s
2025-02-20 02:34:10.926 63770 INFO tempest.lib.common.rest_client [req-43051c1f-b801-4204-9faa-430184b9cad5 req-43051c1f-b801-4204-9faa-430184b9cad5 ] Request (ServersNegativeTestMultiTenantJSON:tearDownClass): 200 GET http://10.180.1.21/compute/v2.1/servers/03156147-f1d4-4b8a-85c3-3c3ae9879fb8 0.640s
2025-02-20 02:34:10.962 63784 INFO tempest.lib.common.rest_client [req-59812d3a-c318-4650-b6bb-14ba0eda5701 req-59812d3a-c318-4650-b6bb-14ba0eda5701 ] Request (FloatingIPsTestJSON:test_delete_floating_ip): 200 POST http://10.180.1.21/compute/v2.1/os-floating-ips 1.176s
2025-02-20 02:34:10.997 63798 INFO tempest.lib.common.rest_client [req-5eabaa49-ed4a-4705-aae2-299a82552ac7 req-5eabaa49-ed4a-4705-aae2-299a82552ac7 ] Request (MigrationsAdminTest:test_resize_server_revert_deleted_flavor): 200 GET http://10.180.1.21/compute/v2.1/servers/eb822c42-3071-4027-bc3b-03e32dc46cce 0.647s
2025-02-20 02:34:11.025 63804 INFO tempest.lib.common.rest_client [req-6a4e4b6b-8906-4010-ae87-bc3a64556b16 req-6a4e4b6b-8906-4010-ae87-bc3a64556b16 ] Request (VolumesAdminNegativeTest:test_update_attached_volume_with_nonexistent_volume_in_uri): 200 GET http://10.180.1.21/compute/v2.1/servers/fae6e8ca-c6d2-437d-af8d-4d6b56ecf2c5 0.606s
2025-02-20 02:34:11.091 63780 INFO tempest.lib.common.rest_client [req-52f68478-138f-4482-8c5b-4b2825f19119 req-52f68478-138f-4482-8c5b-4b2825f19119 ] Request (ServersTestBootFromVolume:setUpClass): 200 GET http://10.180.1.21/compute/v2.1/servers/fa37793d-84ec-44a7-b5d3-f363829bca25 0.604s
2025-02-20 02:34:11.107 63788 INFO tempest.lib.common.rest_client [req-67627577-2381-4a6b-b1c9-28153be69009 req-67627577-2381-4a6b-b1c9-28153be69009 ] Request (FloatingIPsAssociationTestJSON:test_associate_already_associated_floating_ip): 200 GET http://10.180.1.21/compute/v2.1/servers/0715ab54-59f5-43a6-b0fa-23e219f8d459 0.639s
2025-02-20 02:34:11.168 63776 INFO tempest.lib.common.rest_client [req-525631cc-2be5-4175-8d2d-ace000108cb9 req-525631cc-2be5-4175-8d2d-ace000108cb9 ] Request (ServerPasswordTestJSON:tearDownClass): 200 GET http://10.180.1.21/compute/v2.1/servers/8e05f61f-5cf5-416e-b801-87c5fd9a52fb 0.608s
2025-02-20 02:34:11.221 63764 INFO tempest.lib.common.rest_client [req-ec80c510-74bd-4834-90f0-24e6cf81cefb req-ec80c510-74bd-4834-90f0-24e6cf81cefb ] Request (ServerDiskConfigTestJSON:test_rebuild_server_with_manual_disk_config): 200 GET http://10.180.1.21/compute/v2.1/servers/3f7f33b0-eb92-4ce5-9e10-5e4e3046aec7 0.605s
2025-02-20 02:34:11.244 63748 INFO tempest.lib.common.rest_client [req-605b6150-81ca-49c1-b3a2-8bee86d145fa req-605b6150-81ca-49c1-b3a2-8bee86d145fa ] Request (ServicesAdminNegativeV253TestJSON:test_enable_service_with_invalid_service_id): 404 PUT http://10.180.1.21/compute/v2.1/os-services/8ff303c0-86ac-4432-9a17-772125100d43 0.610s
2025-02-20 02:34:11.268 63782 INFO tempest.lib.common.rest_client [req-d148cce0-bc7a-4ea3-9b25-7e976c6ea173 req-d148cce0-bc7a-4ea3-9b25-7e976c6ea173 ] Request (ServerActionsV293TestJSON:test_rebuild_volume_backed_server): 200 GET http://10.180.1.21/compute/v2.1/servers/776b4385-e4ab-4d11-a68f-686e606685dd 0.747s
2025-02-20 02:34:11.310 63790 INFO tempest.lib.common.rest_client [req-32905e80-7a04-4b86-9157-0cfbff1c445e req-32905e80-7a04-4b86-9157-0cfbff1c445e ] Request (ImagesNegativeTestJSON:test_create_image_from_deleted_server): 200 GET http://10.180.1.21/compute/v2.1/servers/ebe92ccd-bda8-4a60-ae8e-81c7ea154646 0.457s
2025-02-20 02:34:11.422 63801 INFO tempest.lib.common.rest_client [req-0ea5862f-0fba-4fcb-9ac6-3ba8edaa671b req-0ea5862f-0fba-4fcb-9ac6-3ba8edaa671b ] Request (SecurityGroupsTestJSON:test_server_security_groups): 200 GET http://10.180.1.21/compute/v2.1/servers/55828beb-5311-42cd-bacd-cc50a94d642d 0.437s
2025-02-20 02:34:11.484 63762 INFO tempest.lib.common.rest_client [req-9c9d4ea5-61a5-4cf6-9a9d-cddb8e4ee4df req-9c9d4ea5-61a5-4cf6-9a9d-cddb8e4ee4df ] Request (ServersTestJSON:setUpClass): 200 GET http://10.180.1.21/compute/v2.1/servers/61b5d98e-ec18-4933-a7e9-06bb31b66c79 0.451s
2025-02-20 02:34:11.552 63772 INFO tempest.lib.common.rest_client [req-d08c70b1-0b42-422b-b302-006118a28819 req-d08c70b1-0b42-422b-b302-006118a28819 ] Request (ImagesOneServerNegativeTestJSON:setUpClass): 200 GET http://10.180.1.21/compute/v2.1/servers/c5b2312b-6f23-4467-a8b6-f28dd0923982 0.350s
2025-02-20 02:34:11.575 63748 INFO tempest.lib.common.rest_client [req-9263f344-343c-4fff-a01d-2451abbe8510 req-9263f344-343c-4fff-a01d-2451abbe8510 ] Request (ServicesAdminNegativeV253TestJSON:test_get_service_by_invalid_params): 200 GET http://10.180.1.21/compute/v2.1/os-services 0.330s
2025-02-20 02:34:11.633 63802 INFO tempest.lib.common.rest_client [req-b0bf663f-36e6-446b-b50c-1bd0846cca7d req-b0bf663f-36e6-446b-b50c-1bd0846cca7d ] Request (ServersAdminTestJSON:test_create_server_with_scheduling_hint): 200 GET http://10.180.1.21/compute/v2.1/servers/0a0c6584-1aeb-48f2-acd2-07f2e07ad185 0.288s
2025-02-20 02:34:11.716 63752 INFO tempest.lib.common.rest_client [req-e2166880-e71a-4f8f-9849-2c64d44553d0 req-e2166880-e71a-4f8f-9849-2c64d44553d0 ] Request (AttachInterfacesV270Test:tearDownClass): 200 GET http://10.180.1.21/compute/v2.1/servers/4928ffe3-e026-4ef3-922a-01685d5659ed 0.273s
2025-02-20 02:34:11.742 63760 WARNING tempest.lib.common.ssh [-] Failed to establish authenticated ssh connection to cirros@10.180.180.247 ([Errno None] Unable to connect to port 22 on 10.180.180.247). Number attempts: 4. Retry after 5 seconds.: paramiko.ssh_exception.NoValidConnectionsError: [Errno None] Unable to connect to port 22 on 10.180.180.247
2025-02-20 02:34:11.788 63768 INFO tempest.lib.common.rest_client [req-865fc5dc-be70-415d-b063-524c04d94617 req-865fc5dc-be70-415d-b063-524c04d94617 ] Request (ListImageFiltersTestJSON:setUpClass): 200 GET http://10.180.1.21/compute/v2.1/servers/4646d61b-76b1-4f95-b751-930292050374 0.279s
2025-02-20 02:34:11.815 63748 INFO tempest.lib.common.rest_client [req-0fab5c44-68d6-4bd3-8609-e39a81853a11 req-0fab5c44-68d6-4bd3-8609-e39a81853a11 ] Request (ServicesAdminNegativeV253TestJSON:test_get_service_by_invalid_params): 200 GET http://10.180.1.21/compute/v2.1/os-services?xxx=nova-compute 0.237s
2025-02-20 02:34:11.901 63766 INFO tempest.lib.common.rest_client [req-19bdb715-9fc9-4800-b5f0-2105ed767d46 req-19bdb715-9fc9-4800-b5f0-2105ed767d46 ] Request (ServersAdminNegativeTestJSON:tearDownClass): 200 GET http://10.180.1.21/compute/v2.1/servers/ddeadafc-798b-4a4c-8fb1-08070b292c4b 0.285s
2025-02-20 02:34:11.911 63796 WARNING tempest.lib.common.ssh [-] Failed to establish authenticated ssh connection to cirros@10.180.180.159 ([Errno None] Unable to connect to port 22 on 10.180.180.159). Number attempts: 5. Retry after 6 seconds.: paramiko.ssh_exception.NoValidConnectionsError: [Errno None] Unable to connect to port 22 on 10.180.180.159
2025-02-20 02:34:11.961 63756 INFO tempest.lib.common.rest_client [req-f637a040-8894-4a4f-919b-94e5f507b406 req-f637a040-8894-4a4f-919b-94e5f507b406 ] Request (ImagesTestJSON:test_create_image_from_suspended_server): 200 GET http://10.180.1.21/compute/v2.1/servers/c9b8f4da-b5bf-4afa-8708-448338bf9a02 0.258s
