2025-02-20 02:33:00.381 63792 INFO tempest.lib.common.rest_client [req-02cf40f3-e3d2-4553-86f6-d381e3f66f06 req-02cf40f3-e3d2-4553-86f6-d381e3f66f06 ] Request (ImagesOneServerTestJSON:tearDownClass): 200 GET http://10.180.1.21/compute/v2.1/servers/e508cd61-a890-4075-83c2-f32d00dc0e77 0.328s
2025-02-20 02:33:00.401 63766 INFO tempest.lib.common.rest_client [req-9ccfe1ae-93b2-431f-a4b6-09caac2bede6 req-9ccfe1ae-93b2-431f-a4b6-09caac2bede6 ] Request (ServersAdminNegativeTestJSON:test_migrate_server_invalid_state): 200 GET http://10.180.1.21/compute/v2.1/servers/e394083f-8dee-46ae-b380-137b6c8813c3 0.288s
2025-02-20 02:33:00.441 63756 INFO tempest.lib.common.rest_client [req-d04041c6-70d5-49cb-abb5-f770c7ae8e75 req-d04041c6-70d5-49cb-abb5-f770c7ae8e75 ] Request (ImagesTestJSON:test_create_image_from_stopped_server): 200 GET http://10.180.1.21/compute/v2.1/servers/9553f1d8-ae29-4529-a0a6-6e0e947f57c0 0.257s
2025-02-20 02:33:00.499 63778 INFO tempest.lib.common.rest_client [req-d89f1817-e8ef-4830-947b-cffd933be29d req-d89f1817-e8ef-4830-947b-cffd933be29d ] Request (DeleteServersTestJSON:test_delete_server_while_in_attached_volume): 200 GET http://10.180.1.21/compute/v2.1/servers/72eb6306-764d-4bc9-a991-86276b9eb73e 0.269s
2025-02-20 02:33:00.556 63764 INFO tempest.lib.common.rest_client [req-a3248fec-721b-461e-8fa3-c708c1f11b5e req-a3248fec-721b-461e-8fa3-c708c1f11b5e ] Request (ServerDiskConfigTestJSON:test_rebuild_server_with_auto_disk_config): 200 GET http://10.180.1.21/compute/v2.1/servers/7ed6e729-8d86-4ecb-8ff4-0f63d927b178 0.314s
2025-02-20 02:33:00.629 63762 INFO tempest.lib.common.rest_client [req-14f69edb-1a7c-4094-9f99-73484be1ef5f req-14f69edb-1a7c-4094-9f99-73484be1ef5f ] Request (ServerExternalEventsTest:tearDownClass): 200 GET http://10.180.1.21/compute/v2.1/servers/207e17dd-c3c2-460b-8d60-8c3a2486f375 0.334s
2025-02-20 02:33:00.772 63810 INFO tempest.lib.common.rest_client [req-52ac28cc-aa8c-486f-bb5b-c0e34e45f6c4 req-52ac28cc-aa8c-486f-bb5b-c0e34e45f6c4 ] Request (ServersV294TestFqdnHostnames:setUpClass): 200 GET http://10.180.1.21/compute/v2.1/servers/ac93dcac-648b-4c57-b0a4-9a9f59eb5316 0.466s
2025-02-20 02:33:00.773 63801 INFO tempest.lib.common.rest_client [req-566fc032-10b1-4fd4-9afd-6fdfbb397453 req-566fc032-10b1-4fd4-9afd-6fdfbb397453 ] Request (SecurityGroupsTestJSON:test_server_security_groups): 202 POST http://10.180.1.21/compute/v2.1/servers 0.587s
2025-02-20 02:33:00.776 63780 INFO tempest.lib.common.rest_client [req-e24eaaf4-48da-4b86-82f7-13851b07af52 req-e24eaaf4-48da-4b86-82f7-13851b07af52 ] Request (ServersTestBootFromVolume:setUpClass): 200 GET http://10.180.1.21/volume/v3/volumes/908bf363-ffc6-4132-9de9-9e12ac754313 0.036s
2025-02-20 02:33:00.784 63810 INFO tempest.api.compute.base [-] Attempting to verify tagged devices in server ac93dcac-648b-4c57-b0a4-9a9f59eb5316 via the metadata service: http://169.254.169.254/openstack/latest/meta_data.json
2025-02-20 02:33:00.784 63810 INFO tempest.lib.common.ssh [-] Creating ssh connection to '10.180.180.131:22' as 'cirros' with public key authentication
2025-02-20 02:33:00.844 63784 INFO tempest.lib.common.rest_client [req-7dafc98d-db73-4880-aa5b-e4e10c6d3f70 req-7dafc98d-db73-4880-aa5b-e4e10c6d3f70 ] Request (ServersAdmin275Test:test_rebuild_update_server_275): 200 GET http://10.180.1.21/compute/v2.1/servers/1609b318-331d-4477-86c7-fe336bd2f523 0.471s
2025-02-20 02:33:00.854 63784 INFO tempest.common.waiters [-] State transition "BUILD/networking" ==> "BUILD/spawning" after 36 second wait
2025-02-20 02:33:00.935 63768 INFO tempest.lib.common.rest_client [req-1aeed8d4-234e-45ce-aa52-dd1464cfbdb0 req-1aeed8d4-234e-45ce-aa52-dd1464cfbdb0 ] Request (TenantUsagesTestJSON:tearDownClass): 200 GET http://10.180.1.21/compute/v2.1/servers/04010c20-21bc-442b-bdb5-d69418367c8a 0.366s
2025-02-20 02:33:00.954 63798 INFO tempest.lib.common.rest_client [req-aba8adfd-720d-40aa-bd7f-895200db71ba req-aba8adfd-720d-40aa-bd7f-895200db71ba ] Request (MigrationsAdminTest:test_list_migrations_in_flavor_resize_situation): 200 GET http://10.180.1.21/compute/v2.1/servers/bc7bac9e-026d-4a0d-8a5c-233677ec2d63 0.561s
2025-02-20 02:33:00.999 63782 INFO tempest.lib.common.rest_client [req-a654b1d1-b72c-4fd7-87cc-d461e84e711c req-a654b1d1-b72c-4fd7-87cc-d461e84e711c ] Request (ServerActionsV293TestJSON:setUpClass): 200 GET http://10.180.1.21/compute/v2.1/servers/776b4385-e4ab-4d11-a68f-686e606685dd 0.410s
2025-02-20 02:33:01.003 63748 INFO tempest.lib.common.rest_client [req-cb5f6ba4-e5ef-4212-81f9-5b2201ab0c26 req-cb5f6ba4-e5ef-4212-81f9-5b2201ab0c26 ] Request (DeleteServersAdminTestJSON:test_delete_server_while_in_error_state): 200 GET http://10.180.1.21/compute/v2.1/servers/af62b82e-d44c-4257-9abe-c9af7125f5fd 0.363s
2025-02-20 02:33:01.010 63748 INFO tempest.common.waiters [-] State transition "BUILD/scheduling" ==> "BUILD/None" after 31 second wait
2025-02-20 02:33:01.047 63796 INFO tempest.lib.common.rest_client [req-ef080f86-42b2-4fe6-815a-eae4b05dd3f7 req-ef080f86-42b2-4fe6-815a-eae4b05dd3f7 ] Request (AttachVolumeNegativeTest:test_attach_attached_volume_to_different_server): 200 GET http://10.180.1.21/compute/v2.1/servers/85a40135-dbab-471d-bf08-6abf2af2ff71 0.385s
2025-02-20 02:33:01.058 63802 INFO tempest.lib.common.rest_client [req-24464095-b032-43c3-9422-0212e1344370 req-24464095-b032-43c3-9422-0212e1344370 ] Request (ServersAdminTestJSON:setUpClass): 200 GET http://10.180.1.21/compute/v2.1/servers/23bb019a-bb87-4b5e-ba26-ac9883ed4833 0.304s
2025-02-20 02:33:01.086 63801 INFO tempest.lib.common.rest_client [req-1fc9fce4-132e-49b5-9746-6c8a5ed963f0 req-1fc9fce4-132e-49b5-9746-6c8a5ed963f0 ] Request (SecurityGroupsTestJSON:test_server_security_groups): 200 GET http://10.180.1.21/compute/v2.1/servers/55828beb-5311-42cd-bacd-cc50a94d642d 0.310s
2025-02-20 02:33:01.109 63760 INFO tempest.lib.common.rest_client [req-15ba2601-b30a-4d4d-9318-1b5a4ff16215 req-15ba2601-b30a-4d4d-9318-1b5a4ff16215 ] Request (ServerActionsTestJSON:setUpClass): 200 GET http://10.180.1.21/compute/v2.1/servers/175791ac-4c9a-4761-85dc-87c952ffb1b8 0.281s
2025-02-20 02:33:01.190 63772 INFO tempest.lib.common.rest_client [req-bb61fd3c-a0de-4bc2-8fc8-55d65ac8fca6 req-bb61fd3c-a0de-4bc2-8fc8-55d65ac8fca6 ] Request (FloatingIPsAssociationNegativeTestJSON:setUpClass): 200 GET http://10.180.1.21/compute/v2.1/servers/894f7bad-00c6-4830-bf8b-672c83736f53 0.143s
2025-02-20 02:33:01.220 63770 INFO tempest.lib.common.rest_client [req-b83d9fcb-cb6d-4292-a7e6-602f6990c867 req-b83d9fcb-cb6d-4292-a7e6-602f6990c867 ] Request (ServersNegativeTestMultiTenantJSON:setUpClass): 200 GET http://10.180.1.21/compute/v2.1/servers/03156147-f1d4-4b8a-85c3-3c3ae9879fb8 0.053s
2025-02-20 02:33:01.252 63754 WARNING tempest.lib.common.ssh [-] Failed to establish authenticated ssh connection to cirros@10.180.180.143 ([Errno None] Unable to connect to port 22 on 10.180.180.143). Number attempts: 1. Retry after 2 seconds.: paramiko.ssh_exception.NoValidConnectionsError: [Errno None] Unable to connect to port 22 on 10.180.180.143
2025-02-20 02:33:01.302 63776 INFO tempest.lib.common.rest_client [req-b51f8ed8-1e7d-49b7-ae95-742050be285b req-b51f8ed8-1e7d-49b7-ae95-742050be285b ] Request (ServerPasswordTestJSON:setUpClass): 200 GET http://10.180.1.21/compute/v2.1/servers/8e05f61f-5cf5-416e-b801-87c5fd9a52fb 0.057s
2025-02-20 02:33:01.336 63788 INFO tempest.lib.common.rest_client [req-38508c36-b217-4889-a746-ad1d68825c98 req-38508c36-b217-4889-a746-ad1d68825c98 ] Request (FloatingIPsAssociationTestJSON:setUpClass): 200 GET http://10.180.1.21/compute/v2.1/servers/990ab1e1-793e-47d6-9a99-e544ca042e6b 0.114s
2025-02-20 02:33:01.345 63788 INFO tempest.common.waiters [-] State transition "BUILD/spawning" ==> "ACTIVE/None" after 49 second wait
2025-02-20 02:33:01.356 63790 INFO tempest.lib.common.rest_client [req-9416dc8e-be70-4b6c-b4fa-b8c0afe7310a req-9416dc8e-be70-4b6c-b4fa-b8c0afe7310a ] Request (ImagesNegativeTestJSON:test_create_image_from_deleted_server): 200 GET http://10.180.1.21/compute/v2.1/servers/ebe92ccd-bda8-4a60-ae8e-81c7ea154646 0.067s
2025-02-20 02:33:01.614 63752 INFO tempest.lib.common.rest_client [req-e146d061-ea3d-4629-9e69-84bb834d1b71 req-e146d061-ea3d-4629-9e69-84bb834d1b71 ] Request (AttachInterfacesV270Test:test_create_get_list_interfaces): 200 GET http://10.180.1.21/compute/v2.1/servers/4928ffe3-e026-4ef3-922a-01685d5659ed 0.296s
2025-02-20 02:33:01.688 63758 INFO tempest.lib.common.rest_client [req-4c611f98-3a85-4afe-9526-01393274a233 req-4c611f98-3a85-4afe-9526-01393274a233 ] Request (AttachInterfacesUnderV243Test:test_add_remove_fixed_ip): 200 GET http://10.180.1.21/compute/v2.1/servers/b1f087cc-305a-41f9-9809-40776449b32f 0.329s
2025-02-20 02:33:01.749 63792 INFO tempest.lib.common.rest_client [req-7711d428-5e35-4d48-ae7d-b446ed5bde54 req-7711d428-5e35-4d48-ae7d-b446ed5bde54 ] Request (ImagesOneServerTestJSON:tearDownClass): 200 GET http://10.180.1.21/compute/v2.1/servers/e508cd61-a890-4075-83c2-f32d00dc0e77 0.360s
2025-02-20 02:33:01.757 63792 INFO tempest.common.waiters [-] State transition "ACTIVE/deleting" ==> "DELETED/None" after 4 second wait
2025-02-20 02:33:01.821 63780 INFO tempest.lib.common.rest_client [req-597cc26c-97e2-4177-a44a-b4beb1180e02 req-597cc26c-97e2-4177-a44a-b4beb1180e02 ] Request (ServersTestBootFromVolume:setUpClass): 200 GET http://10.180.1.21/volume/v3/volumes/908bf363-ffc6-4132-9de9-9e12ac754313 0.034s
2025-02-20 02:33:01.824 63766 INFO tempest.lib.common.rest_client [req-f68b8216-2519-4e3d-b411-50141f116e9f req-f68b8216-2519-4e3d-b411-50141f116e9f ] Request (ServersAdminNegativeTestJSON:test_migrate_server_invalid_state): 200 GET http://10.180.1.21/compute/v2.1/servers/e394083f-8dee-46ae-b380-137b6c8813c3 0.406s
2025-02-20 02:33:01.880 63756 INFO tempest.lib.common.rest_client [req-6061d8d8-aa4f-4220-8561-62725dc94dd5 req-6061d8d8-aa4f-4220-8561-62725dc94dd5 ] Request (ImagesTestJSON:test_create_image_from_stopped_server): 200 GET http://10.180.1.21/compute/v2.1/servers/9553f1d8-ae29-4529-a0a6-6e0e947f57c0 0.429s
2025-02-20 02:33:01.933 63788 INFO tempest.lib.common.rest_client [req-61b7f0a6-77bb-4abf-975a-b186a38fe3b6 req-61b7f0a6-77bb-4abf-975a-b186a38fe3b6 ] Request (FloatingIPsAssociationTestJSON:setUpClass): 200 POST http://10.180.1.21/compute/v2.1/os-floating-ips 0.587s
2025-02-20 02:33:01.941 63778 INFO tempest.lib.common.rest_client [req-3cde3585-18c4-4fb5-b95e-8c2dcaaacc6b req-3cde3585-18c4-4fb5-b95e-8c2dcaaacc6b ] Request (DeleteServersTestJSON:test_delete_server_while_in_attached_volume): 200 GET http://10.180.1.21/compute/v2.1/servers/72eb6306-764d-4bc9-a991-86276b9eb73e 0.425s
2025-02-20 02:33:01.988 63764 INFO tempest.lib.common.rest_client [req-e153a5b5-96a0-4e48-b48d-a5c52c3e586b req-e153a5b5-96a0-4e48-b48d-a5c52c3e586b ] Request (ServerDiskConfigTestJSON:test_rebuild_server_with_auto_disk_config): 200 GET http://10.180.1.21/compute/v2.1/servers/7ed6e729-8d86-4ecb-8ff4-0f63d927b178 0.423s
2025-02-20 02:33:02.023 63762 INFO tempest.lib.common.rest_client [req-73264413-5aca-40e2-b410-24dd90bad031 req-73264413-5aca-40e2-b410-24dd90bad031 ] Request (ServerExternalEventsTest:tearDownClass): 200 GET http://10.180.1.21/compute/v2.1/servers/207e17dd-c3c2-460b-8d60-8c3a2486f375 0.387s
2025-02-20 02:33:02.031 63788 INFO tempest.lib.common.rest_client [req-0b105360-4a56-4392-a569-abe65a073c4c req-0b105360-4a56-4392-a569-abe65a073c4c ] Request (FloatingIPsAssociationTestJSON:test_associate_already_associated_floating_ip): 201 POST http://10.180.1.21/identity/v3/auth/tokens 0.093s
2025-02-20 02:33:02.032 63788 INFO tempest.lib.common.fixed_network [-] (FloatingIPsAssociationTestJSON:test_associate_already_associated_floating_ip) Found network {'id': 'a978f044-7bfc-495f-82e5-9d0d9793b815', 'name': 'tempest-FloatingIPsAssociationTestJSON-1835984097-network', 'tenant_id': '2bb1776855aa49ae866b3d0cf19e09e4', 'admin_state_up': True, 'mtu': 8950, 'status': 'ACTIVE', 'subnets': [], 'shared': False, 'project_id': '2bb1776855aa49ae866b3d0cf19e09e4', 'port_security_enabled': True, 'router:external': False, 'provider:network_type': 'vlan', 'provider:physical_network': 'default', 'provider:segmentation_id': 312, 'availability_zone_hints': [], 'availability_zones': [], 'ipv4_address_scope': None, 'ipv6_address_scope': None, 'description': '', 'tags': [], 'created_at': '2025-02-20T02:32:03Z', 'updated_at': '2025-02-20T02:32:03Z', 'revision_number': 1} available for tenant
2025-02-20 02:33:02.063 63784 INFO tempest.lib.common.rest_client [req-a63d9e2e-dabe-44e8-bf1a-7604df88c497 req-a63d9e2e-dabe-44e8-bf1a-7604df88c497 ] Request (ServersAdmin275Test:test_rebuild_update_server_275): 200 GET http://10.180.1.21/compute/v2.1/servers/1609b318-331d-4477-86c7-fe336bd2f523 0.208s
2025-02-20 02:33:02.088 63768 INFO tempest.lib.common.rest_client [req-d5da7fd9-a4e9-4933-9134-f03b5dadce8a req-d5da7fd9-a4e9-4933-9134-f03b5dadce8a ] Request (TenantUsagesTestJSON:tearDownClass): 200 GET http://10.180.1.21/compute/v2.1/servers/04010c20-21bc-442b-bdb5-d69418367c8a 0.143s
2025-02-20 02:33:02.150 63782 INFO tempest.lib.common.rest_client [req-006eb1ab-2c6c-452f-b2e1-413e35a79f8b req-006eb1ab-2c6c-452f-b2e1-413e35a79f8b ] Request (ServerActionsV293TestJSON:setUpClass): 200 GET http://10.180.1.21/compute/v2.1/servers/776b4385-e4ab-4d11-a68f-686e606685dd 0.138s
2025-02-20 02:33:02.169 63798 INFO tempest.lib.common.rest_client [req-d446201a-26ec-4eb5-a9cf-78d00e8460fd req-d446201a-26ec-4eb5-a9cf-78d00e8460fd ] Request (MigrationsAdminTest:test_list_migrations_in_flavor_resize_situation): 200 GET http://10.180.1.21/compute/v2.1/servers/bc7bac9e-026d-4a0d-8a5c-233677ec2d63 0.204s
2025-02-20 02:33:02.199 63748 INFO tempest.lib.common.rest_client [req-835433a0-0ff6-4803-99a8-a8c89b2449cc req-835433a0-0ff6-4803-99a8-a8c89b2449cc ] Request (DeleteServersAdminTestJSON:test_delete_server_while_in_error_state): 200 GET http://10.180.1.21/compute/v2.1/servers/af62b82e-d44c-4257-9abe-c9af7125f5fd 0.188s
2025-02-20 02:33:02.255 63796 INFO tempest.lib.common.rest_client [req-d8f9d790-d500-40a6-bb76-159112f0e3bc req-d8f9d790-d500-40a6-bb76-159112f0e3bc ] Request (AttachVolumeNegativeTest:test_attach_attached_volume_to_different_server): 200 GET http://10.180.1.21/compute/v2.1/servers/85a40135-dbab-471d-bf08-6abf2af2ff71 0.198s
2025-02-20 02:33:02.357 63802 INFO tempest.lib.common.rest_client [req-35393c1e-8792-4e88-9026-2f75f4abcbfe req-35393c1e-8792-4e88-9026-2f75f4abcbfe ] Request (ServersAdminTestJSON:setUpClass): 200 GET http://10.180.1.21/compute/v2.1/servers/23bb019a-bb87-4b5e-ba26-ac9883ed4833 0.289s
2025-02-20 02:33:02.367 63802 INFO tempest.common.waiters [-] State transition "BUILD/None" ==> "BUILD/block_device_mapping" after 39 second wait
2025-02-20 02:33:02.403 63801 INFO tempest.lib.common.rest_client [req-4fe6cfe0-f121-4def-92a4-22b5be650d24 req-4fe6cfe0-f121-4def-92a4-22b5be650d24 ] Request (SecurityGroupsTestJSON:test_server_security_groups): 200 GET http://10.180.1.21/compute/v2.1/servers/55828beb-5311-42cd-bacd-cc50a94d642d 0.308s
2025-02-20 02:33:02.447 63760 INFO tempest.lib.common.rest_client [req-281ab90e-f639-419e-bd6f-6e0898d615a1 req-281ab90e-f639-419e-bd6f-6e0898d615a1 ] Request (ServerActionsTestJSON:setUpClass): 200 GET http://10.180.1.21/compute/v2.1/servers/175791ac-4c9a-4761-85dc-87c952ffb1b8 0.331s
2025-02-20 02:33:02.473 63788 INFO tempest.lib.common.rest_client [req-31299341-f5e5-4424-993a-9e9604844f57 req-31299341-f5e5-4424-993a-9e9604844f57 ] Request (FloatingIPsAssociationTestJSON:test_associate_already_associated_floating_ip): 202 POST http://10.180.1.21/compute/v2.1/servers 0.440s
2025-02-20 02:33:02.523 63770 INFO tempest.lib.common.rest_client [req-4567fbcb-361a-417b-9de5-8c126180c3cf req-4567fbcb-361a-417b-9de5-8c126180c3cf ] Request (ServersNegativeTestMultiTenantJSON:setUpClass): 200 GET http://10.180.1.21/compute/v2.1/servers/03156147-f1d4-4b8a-85c3-3c3ae9879fb8 0.296s
2025-02-20 02:33:02.544 63772 INFO tempest.lib.common.rest_client [req-b5d0c0ff-918a-41aa-b17f-4e71d189f8c5 req-b5d0c0ff-918a-41aa-b17f-4e71d189f8c5 ] Request (FloatingIPsAssociationNegativeTestJSON:setUpClass): 200 GET http://10.180.1.21/compute/v2.1/servers/894f7bad-00c6-4830-bf8b-672c83736f53 0.347s
2025-02-20 02:33:02.573 63776 INFO tempest.lib.common.rest_client [req-d379cd4f-1967-4db9-a45e-0c9a57e0f24e req-d379cd4f-1967-4db9-a45e-0c9a57e0f24e ] Request (ServerPasswordTestJSON:setUpClass): 200 GET http://10.180.1.21/compute/v2.1/servers/8e05f61f-5cf5-416e-b801-87c5fd9a52fb 0.259s
2025-02-20 02:33:02.594 63790 INFO tempest.lib.common.rest_client [req-3a56a080-98c6-4113-8abd-a9ddd25d1140 req-3a56a080-98c6-4113-8abd-a9ddd25d1140 ] Request (ImagesNegativeTestJSON:test_create_image_from_deleted_server): 200 GET http://10.180.1.21/compute/v2.1/servers/ebe92ccd-bda8-4a60-ae8e-81c7ea154646 0.222s
2025-02-20 02:33:02.618 63788 INFO tempest.lib.common.rest_client [req-71fc2ec0-043c-4fc3-aaf2-1555eef7bc7a req-71fc2ec0-043c-4fc3-aaf2-1555eef7bc7a ] Request (FloatingIPsAssociationTestJSON:test_associate_already_associated_floating_ip): 200 GET http://10.180.1.21/compute/v2.1/servers/0715ab54-59f5-43a6-b0fa-23e219f8d459 0.143s
2025-02-20 02:33:02.657 63774 WARNING tempest.lib.common.ssh [-] Failed to establish authenticated ssh connection to cirros@10.180.180.253 ([Errno None] Unable to connect to port 22 on 10.180.180.253). Number attempts: 3. Retry after 4 seconds.: paramiko.ssh_exception.NoValidConnectionsError: [Errno None] Unable to connect to port 22 on 10.180.180.253
2025-02-20 02:33:02.681 63752 INFO tempest.lib.common.rest_client [req-f4c58a47-ff26-4d73-b917-c83d0e7eaf2e req-f4c58a47-ff26-4d73-b917-c83d0e7eaf2e ] Request (AttachInterfacesV270Test:test_create_get_list_interfaces): 200 GET http://10.180.1.21/compute/v2.1/servers/4928ffe3-e026-4ef3-922a-01685d5659ed 0.056s
2025-02-20 02:33:02.690 63752 INFO tempest.common.waiters [-] State transition "BUILD/scheduling" ==> "BUILD/None" after 31 second wait
2025-02-20 02:33:02.746 63758 INFO tempest.lib.common.rest_client [req-2877ed61-3adb-4a46-b8f1-6f9edaf7743a req-2877ed61-3adb-4a46-b8f1-6f9edaf7743a ] Request (AttachInterfacesUnderV243Test:test_add_remove_fixed_ip): 200 GET http://10.180.1.21/compute/v2.1/servers/b1f087cc-305a-41f9-9809-40776449b32f 0.047s
2025-02-20 02:33:02.819 63792 INFO tempest.lib.common.rest_client [req-cdde7ea5-84d2-44da-8e11-4ea846283e15 req-cdde7ea5-84d2-44da-8e11-4ea846283e15 ] Request (ImagesOneServerTestJSON:tearDownClass): 200 GET http://10.180.1.21/compute/v2.1/servers/e508cd61-a890-4075-83c2-f32d00dc0e77 0.060s
2025-02-20 02:33:02.855 63780 INFO tempest.lib.common.rest_client [req-0465e4ec-1a3a-4017-9ceb-b34440252886 req-0465e4ec-1a3a-4017-9ceb-b34440252886 ] Request (ServersTestBootFromVolume:setUpClass): 200 GET http://10.180.1.21/volume/v3/volumes/908bf363-ffc6-4132-9de9-9e12ac754313 0.025s
2025-02-20 02:33:02.881 63766 INFO tempest.lib.common.rest_client [req-902716d6-9f20-4877-a30b-51a93450d9ca req-902716d6-9f20-4877-a30b-51a93450d9ca ] Request (ServersAdminNegativeTestJSON:test_migrate_server_invalid_state): 200 GET http://10.180.1.21/compute/v2.1/servers/e394083f-8dee-46ae-b380-137b6c8813c3 0.048s
2025-02-20 02:33:02.940 63756 INFO tempest.lib.common.rest_client [req-3ee83815-2b63-4944-9981-06568309feea req-3ee83815-2b63-4944-9981-06568309feea ] Request (ImagesTestJSON:test_create_image_from_stopped_server): 200 GET http://10.180.1.21/compute/v2.1/servers/9553f1d8-ae29-4529-a0a6-6e0e947f57c0 0.049s
2025-02-20 02:33:03.010 63778 INFO tempest.lib.common.rest_client [req-2a5a2284-7722-4a06-b6fe-e0f5babf4176 req-2a5a2284-7722-4a06-b6fe-e0f5babf4176 ] Request (DeleteServersTestJSON:test_delete_server_while_in_attached_volume): 200 GET http://10.180.1.21/compute/v2.1/servers/72eb6306-764d-4bc9-a991-86276b9eb73e 0.057s
2025-02-20 02:33:03.063 63764 INFO tempest.lib.common.rest_client [req-97507c09-0751-4b75-b6f8-624d2412b08d req-97507c09-0751-4b75-b6f8-624d2412b08d ] Request (ServerDiskConfigTestJSON:test_rebuild_server_with_auto_disk_config): 200 GET http://10.180.1.21/compute/v2.1/servers/7ed6e729-8d86-4ecb-8ff4-0f63d927b178 0.060s
2025-02-20 02:33:03.091 63762 INFO tempest.lib.common.rest_client [req-9dd35106-5f91-4254-a2b6-789c753530b1 req-9dd35106-5f91-4254-a2b6-789c753530b1 ] Request (ServerExternalEventsTest:tearDownClass): 200 GET http://10.180.1.21/compute/v2.1/servers/207e17dd-c3c2-460b-8d60-8c3a2486f375 0.060s
2025-02-20 02:33:03.132 63784 INFO tempest.lib.common.rest_client [req-6764fca8-e89e-40a3-8c18-3593b8501a54 req-6764fca8-e89e-40a3-8c18-3593b8501a54 ] Request (ServersAdmin275Test:test_rebuild_update_server_275): 200 GET http://10.180.1.21/compute/v2.1/servers/1609b318-331d-4477-86c7-fe336bd2f523 0.057s
2025-02-20 02:33:03.165 63768 INFO tempest.lib.common.rest_client [req-705026e3-9f29-4b9b-a627-ae43ecee60d2 req-705026e3-9f29-4b9b-a627-ae43ecee60d2 ] Request (TenantUsagesTestJSON:tearDownClass): 200 GET http://10.180.1.21/compute/v2.1/servers/04010c20-21bc-442b-bdb5-d69418367c8a 0.060s
2025-02-20 02:33:03.236 63782 INFO tempest.lib.common.rest_client [req-905ad7d3-121a-4bc9-86b2-d44f643256aa req-905ad7d3-121a-4bc9-86b2-d44f643256aa ] Request (ServerActionsV293TestJSON:setUpClass): 200 GET http://10.180.1.21/compute/v2.1/servers/776b4385-e4ab-4d11-a68f-686e606685dd 0.071s
2025-02-20 02:33:03.289 63748 INFO tempest.lib.common.rest_client [req-5d79ef73-bbed-4189-a76e-053ee892899f req-5d79ef73-bbed-4189-a76e-053ee892899f ] Request (DeleteServersAdminTestJSON:test_delete_server_while_in_error_state): 200 GET http://10.180.1.21/compute/v2.1/servers/af62b82e-d44c-4257-9abe-c9af7125f5fd 0.076s
2025-02-20 02:33:03.289 63798 INFO tempest.lib.common.rest_client [req-b0f2ece0-1651-49d8-8de0-130c0d5162d6 req-b0f2ece0-1651-49d8-8de0-130c0d5162d6 ] Request (MigrationsAdminTest:test_list_migrations_in_flavor_resize_situation): 200 GET http://10.180.1.21/compute/v2.1/servers/bc7bac9e-026d-4a0d-8a5c-233677ec2d63 0.112s
2025-02-20 02:33:03.336 63796 INFO tempest.lib.common.rest_client [req-20f7bd0a-304e-4286-ab5d-e8c1bc1e47d9 req-20f7bd0a-304e-4286-ab5d-e8c1bc1e47d9 ] Request (AttachVolumeNegativeTest:test_attach_attached_volume_to_different_server): 200 GET http://10.180.1.21/compute/v2.1/servers/85a40135-dbab-471d-bf08-6abf2af2ff71 0.072s
2025-02-20 02:33:03.468 63801 INFO tempest.lib.common.rest_client [req-22061b85-cabb-49d2-b510-a72cbea04f49 req-22061b85-cabb-49d2-b510-a72cbea04f49 ] Request (SecurityGroupsTestJSON:test_server_security_groups): 200 GET http://10.180.1.21/compute/v2.1/servers/55828beb-5311-42cd-bacd-cc50a94d642d 0.057s
2025-02-20 02:33:03.504 63802 INFO tempest.lib.common.rest_client [req-26305512-4030-4dc5-9d2f-19d90137ddd3 req-26305512-4030-4dc5-9d2f-19d90137ddd3 ] Request (ServersAdminTestJSON:setUpClass): 200 GET http://10.180.1.21/compute/v2.1/servers/23bb019a-bb87-4b5e-ba26-ac9883ed4833 0.135s
2025-02-20 02:33:03.511 63802 INFO tempest.common.waiters [-] State transition "BUILD/block_device_mapping" ==> "BUILD/spawning" after 40 second wait
2025-02-20 02:33:03.541 63760 INFO tempest.lib.common.rest_client [req-42198033-f7a1-470b-8dfc-f6001f53b656 req-42198033-f7a1-470b-8dfc-f6001f53b656 ] Request (ServerActionsTestJSON:setUpClass): 200 GET http://10.180.1.21/compute/v2.1/servers/175791ac-4c9a-4761-85dc-87c952ffb1b8 0.082s
2025-02-20 02:33:03.594 63770 INFO tempest.lib.common.rest_client [req-c47f2c97-3791-4787-b1dd-b1484fd58778 req-c47f2c97-3791-4787-b1dd-b1484fd58778 ] Request (ServersNegativeTestMultiTenantJSON:setUpClass): 200 GET http://10.180.1.21/compute/v2.1/servers/03156147-f1d4-4b8a-85c3-3c3ae9879fb8 0.062s
2025-02-20 02:33:03.658 63776 INFO tempest.lib.common.rest_client [req-2199fbc6-ead5-4b38-b450-0b3e7ff206d3 req-2199fbc6-ead5-4b38-b450-0b3e7ff206d3 ] Request (ServerPasswordTestJSON:setUpClass): 200 GET http://10.180.1.21/compute/v2.1/servers/8e05f61f-5cf5-416e-b801-87c5fd9a52fb 0.076s
2025-02-20 02:33:03.703 63772 INFO tempest.lib.common.rest_client [req-7d740a9f-4d2c-4edc-b801-979c08122818 req-7d740a9f-4d2c-4edc-b801-979c08122818 ] Request (FloatingIPsAssociationNegativeTestJSON:setUpClass): 200 GET http://10.180.1.21/compute/v2.1/servers/894f7bad-00c6-4830-bf8b-672c83736f53 0.149s
2025-02-20 02:33:03.720 63790 INFO tempest.lib.common.rest_client [req-18fa9a00-2783-4ef9-ac67-b775d9a72069 req-18fa9a00-2783-4ef9-ac67-b775d9a72069 ] Request (ImagesNegativeTestJSON:test_create_image_from_deleted_server): 200 GET http://10.180.1.21/compute/v2.1/servers/ebe92ccd-bda8-4a60-ae8e-81c7ea154646 0.109s
2025-02-20 02:33:03.756 63788 INFO tempest.lib.common.rest_client [req-f85c67f8-805c-49df-8697-853787413e3f req-f85c67f8-805c-49df-8697-853787413e3f ] Request (FloatingIPsAssociationTestJSON:test_associate_already_associated_floating_ip): 200 GET http://10.180.1.21/compute/v2.1/servers/0715ab54-59f5-43a6-b0fa-23e219f8d459 0.129s
2025-02-20 02:33:03.787 63752 INFO tempest.lib.common.rest_client [req-28cb60ad-f2e3-4032-b2e0-5c1988c57e7f req-28cb60ad-f2e3-4032-b2e0-5c1988c57e7f ] Request (AttachInterfacesV270Test:test_create_get_list_interfaces): 200 GET http://10.180.1.21/compute/v2.1/servers/4928ffe3-e026-4ef3-922a-01685d5659ed 0.095s
2025-02-20 02:33:03.814 63758 INFO tempest.lib.common.rest_client [req-5765facd-db7b-49a4-8c4b-849f683ec6cf req-5765facd-db7b-49a4-8c4b-849f683ec6cf ] Request (AttachInterfacesUnderV243Test:test_add_remove_fixed_ip): 200 GET http://10.180.1.21/compute/v2.1/servers/b1f087cc-305a-41f9-9809-40776449b32f 0.060s
2025-02-20 02:33:03.888 63780 INFO tempest.lib.common.rest_client [req-0c1dd81d-552f-49d9-8a7e-7c992d5ba85d req-0c1dd81d-552f-49d9-8a7e-7c992d5ba85d ] Request (ServersTestBootFromVolume:setUpClass): 200 GET http://10.180.1.21/volume/v3/volumes/908bf363-ffc6-4132-9de9-9e12ac754313 0.027s
2025-02-20 02:33:03.890 63792 INFO tempest.lib.common.rest_client [req-63a05d37-da43-42f6-9dfd-a1f7d908ef48 req-63a05d37-da43-42f6-9dfd-a1f7d908ef48 ] Request (ImagesOneServerTestJSON:tearDownClass): 200 GET http://10.180.1.21/compute/v2.1/servers/e508cd61-a890-4075-83c2-f32d00dc0e77 0.063s
2025-02-20 02:33:03.938 63786 WARNING tempest.lib.common.ssh [-] Failed to establish authenticated ssh connection to cirros@10.180.180.205 ([Errno None] Unable to connect to port 22 on 10.180.180.205). Number attempts: 5. Retry after 6 seconds.: paramiko.ssh_exception.NoValidConnectionsError: [Errno None] Unable to connect to port 22 on 10.180.180.205
2025-02-20 02:33:03.939 63806 WARNING tempest.lib.common.ssh [-] Failed to establish authenticated ssh connection to cirros@10.180.180.154 ([Errno None] Unable to connect to port 22 on 10.180.180.154). Number attempts: 4. Retry after 5 seconds.: paramiko.ssh_exception.NoValidConnectionsError: [Errno None] Unable to connect to port 22 on 10.180.180.154
2025-02-20 02:33:03.942 63766 INFO tempest.lib.common.rest_client [req-956be7a3-8a66-48d8-8025-e9c0d9693b23 req-956be7a3-8a66-48d8-8025-e9c0d9693b23 ] Request (ServersAdminNegativeTestJSON:test_migrate_server_invalid_state): 200 GET http://10.180.1.21/compute/v2.1/servers/e394083f-8dee-46ae-b380-137b6c8813c3 0.054s
2025-02-20 02:33:04.004 63756 INFO tempest.lib.common.rest_client [req-cf6579b3-6a4a-4b2e-86e0-12094186285e req-cf6579b3-6a4a-4b2e-86e0-12094186285e ] Request (ImagesTestJSON:test_create_image_from_stopped_server): 200 GET http://10.180.1.21/compute/v2.1/servers/9553f1d8-ae29-4529-a0a6-6e0e947f57c0 0.055s
2025-02-20 02:33:04.076 63778 INFO tempest.lib.common.rest_client [req-e2d1f261-022e-4749-a23a-937e9535d4c1 req-e2d1f261-022e-4749-a23a-937e9535d4c1 ] Request (DeleteServersTestJSON:test_delete_server_while_in_attached_volume): 200 GET http://10.180.1.21/compute/v2.1/servers/72eb6306-764d-4bc9-a991-86276b9eb73e 0.056s
2025-02-20 02:33:04.128 63764 INFO tempest.lib.common.rest_client [req-49cbed33-f98d-4d9d-ac31-d96b26de44a4 req-49cbed33-f98d-4d9d-ac31-d96b26de44a4 ] Request (ServerDiskConfigTestJSON:test_rebuild_server_with_auto_disk_config): 200 GET http://10.180.1.21/compute/v2.1/servers/7ed6e729-8d86-4ecb-8ff4-0f63d927b178 0.057s
2025-02-20 02:33:04.161 63762 INFO tempest.lib.common.rest_client [req-cc3dbaf3-9bf5-4d37-ada6-26be6eaed174 req-cc3dbaf3-9bf5-4d37-ada6-26be6eaed174 ] Request (ServerExternalEventsTest:tearDownClass): 200 GET http://10.180.1.21/compute/v2.1/servers/207e17dd-c3c2-460b-8d60-8c3a2486f375 0.062s
2025-02-20 02:33:04.195 63768 INFO tempest.lib.common.rest_client [req-0a786052-8670-4d75-906b-18ef2ca334eb req-0a786052-8670-4d75-906b-18ef2ca334eb ] Request (TenantUsagesTestJSON:tearDownClass): 404 GET http://10.180.1.21/compute/v2.1/servers/04010c20-21bc-442b-bdb5-d69418367c8a 0.023s
2025-02-20 02:33:04.211 63784 INFO tempest.lib.common.rest_client [req-d8a30cbd-78da-4574-a177-84b41cca7d5d req-d8a30cbd-78da-4574-a177-84b41cca7d5d ] Request (ServersAdmin275Test:test_rebuild_update_server_275): 200 GET http://10.180.1.21/compute/v2.1/servers/1609b318-331d-4477-86c7-fe336bd2f523 0.069s
2025-02-20 02:33:04.283 63768 INFO tempest.lib.common.rest_client [req-d54a4824-ef17-4bcd-81ea-dc735abe6f84 req-d54a4824-ef17-4bcd-81ea-dc735abe6f84 ] Request (TenantUsagesTestJSON:tearDownClass): 204 DELETE http://10.180.1.21/identity/v3/users/d8ca2ad83e4347bdbdf3c59dce20947a 0.087s
2025-02-20 02:33:04.313 63782 INFO tempest.lib.common.rest_client [req-87b28b5e-e51b-4b8f-840b-1eee0235758f req-87b28b5e-e51b-4b8f-840b-1eee0235758f ] Request (ServerActionsV293TestJSON:setUpClass): 200 GET http://10.180.1.21/compute/v2.1/servers/776b4385-e4ab-4d11-a68f-686e606685dd 0.066s
2025-02-20 02:33:04.322 63754 WARNING tempest.lib.common.ssh [-] Failed to establish authenticated ssh connection to cirros@10.180.180.143 ([Errno None] Unable to connect to port 22 on 10.180.180.143). Number attempts: 2. Retry after 3 seconds.: paramiko.ssh_exception.NoValidConnectionsError: [Errno None] Unable to connect to port 22 on 10.180.180.143
2025-02-20 02:33:04.353 63748 INFO tempest.lib.common.rest_client [req-7d875564-2c84-40fb-9220-6f0ac4ad333f req-7d875564-2c84-40fb-9220-6f0ac4ad333f ] Request (DeleteServersAdminTestJSON:test_delete_server_while_in_error_state): 200 GET http://10.180.1.21/compute/v2.1/servers/af62b82e-d44c-4257-9abe-c9af7125f5fd 0.055s
2025-02-20 02:33:04.378 63768 INFO tempest.lib.common.rest_client [req-9cda86eb-0371-499b-abff-528d26e2dada req-9cda86eb-0371-499b-abff-528d26e2dada ] Request (TenantUsagesTestJSON:tearDownClass): 204 DELETE http://10.180.1.21/identity/v3/users/84f998ad64ba41838a538d1c441fa197 0.094s
2025-02-20 02:33:04.378 63768 INFO tempest.lib.common.dynamic_creds [-] Deleting project and security group for project: 715ecf9fd80a4853bad42118e4251791
2025-02-20 02:33:04.405 63796 INFO tempest.lib.common.rest_client [req-919b4f1d-bce3-43ba-8991-5c22fa767afb req-919b4f1d-bce3-43ba-8991-5c22fa767afb ] Request (AttachVolumeNegativeTest:test_attach_attached_volume_to_different_server): 200 GET http://10.180.1.21/compute/v2.1/servers/85a40135-dbab-471d-bf08-6abf2af2ff71 0.062s
2025-02-20 02:33:04.433 63768 INFO tempest.lib.common.rest_client [req-7626ea44-ac59-408a-9ae0-ad6fcbe6ccb0 req-7626ea44-ac59-408a-9ae0-ad6fcbe6ccb0 ] Request (TenantUsagesTestJSON:tearDownClass): 201 POST http://10.180.1.21/identity/v3/auth/tokens 0.055s
2025-02-20 02:33:04.488 63798 INFO tempest.lib.common.rest_client [req-0a341fd3-6c7d-43db-a642-423521fe2d6a req-0a341fd3-6c7d-43db-a642-423521fe2d6a ] Request (MigrationsAdminTest:test_list_migrations_in_flavor_resize_situation): 200 GET http://10.180.1.21/compute/v2.1/servers/bc7bac9e-026d-4a0d-8a5c-233677ec2d63 0.188s
2025-02-20 02:33:04.521 63768 INFO tempest.lib.common.rest_client [req-f873c941-4d84-449e-9b20-bde73e4c257d req-f873c941-4d84-449e-9b20-bde73e4c257d ] Request (TenantUsagesTestJSON:tearDownClass): 200 GET http://10.180.1.21:9696/networking/v2.0/security-groups?tenant_id=715ecf9fd80a4853bad42118e4251791&name=default 0.087s
2025-02-20 02:33:04.538 63801 INFO tempest.lib.common.rest_client [req-8b2ae9e0-29b4-4d60-814b-f743bb0d1b33 req-8b2ae9e0-29b4-4d60-814b-f743bb0d1b33 ] Request (SecurityGroupsTestJSON:test_server_security_groups): 200 GET http://10.180.1.21/compute/v2.1/servers/55828beb-5311-42cd-bacd-cc50a94d642d 0.060s
2025-02-20 02:33:04.604 63760 INFO tempest.lib.common.rest_client [req-25ceff05-56af-445d-b317-8c7776affae3 req-25ceff05-56af-445d-b317-8c7776affae3 ] Request (ServerActionsTestJSON:setUpClass): 200 GET http://10.180.1.21/compute/v2.1/servers/175791ac-4c9a-4761-85dc-87c952ffb1b8 0.051s
2025-02-20 02:33:04.635 63802 INFO tempest.lib.common.rest_client [req-b520d291-c222-40d9-9f2d-fddabc6413f9 req-b520d291-c222-40d9-9f2d-fddabc6413f9 ] Request (ServersAdminTestJSON:setUpClass): 200 GET http://10.180.1.21/compute/v2.1/servers/23bb019a-bb87-4b5e-ba26-ac9883ed4833 0.122s
2025-02-20 02:33:04.642 63768 INFO tempest.lib.common.rest_client [req-45f83e50-bf71-4196-87fc-a22375194074 req-45f83e50-bf71-4196-87fc-a22375194074 ] Request (TenantUsagesTestJSON:tearDownClass): 204 DELETE http://10.180.1.21:9696/networking/v2.0/security-groups/ca4b27aa-54ee-43da-8894-be6a47f70096 0.120s
2025-02-20 02:33:04.650 63770 INFO tempest.lib.common.rest_client [req-25869257-9a09-4ffc-82cb-dee22b6f42a9 req-25869257-9a09-4ffc-82cb-dee22b6f42a9 ] Request (ServersNegativeTestMultiTenantJSON:setUpClass): 200 GET http://10.180.1.21/compute/v2.1/servers/03156147-f1d4-4b8a-85c3-3c3ae9879fb8 0.049s
2025-02-20 02:33:04.705 63768 INFO tempest.lib.common.rest_client [req-dd0a9542-acb6-46c1-9eea-4e39f385aa8a req-dd0a9542-acb6-46c1-9eea-4e39f385aa8a ] Request (TenantUsagesTestJSON:tearDownClass): 204 DELETE http://10.180.1.21/identity/v3/projects/715ecf9fd80a4853bad42118e4251791 0.062s
2025-02-20 02:33:04.705 63768 INFO tempest.lib.common.dynamic_creds [-] Deleting project and security group for project: 8cfadcc8bd57499a8932d25e6663a40f
2025-02-20 02:33:04.717 63776 INFO tempest.lib.common.rest_client [req-6e45a398-1fca-4fda-8275-a6af6146bd94 req-6e45a398-1fca-4fda-8275-a6af6146bd94 ] Request (ServerPasswordTestJSON:setUpClass): 200 GET http://10.180.1.21/compute/v2.1/servers/8e05f61f-5cf5-416e-b801-87c5fd9a52fb 0.046s
2025-02-20 02:33:04.784 63790 INFO tempest.lib.common.rest_client [req-4cc68b3c-d5be-47e2-8862-83e40d32b851 req-4cc68b3c-d5be-47e2-8862-83e40d32b851 ] Request (ImagesNegativeTestJSON:test_create_image_from_deleted_server): 200 GET http://10.180.1.21/compute/v2.1/servers/ebe92ccd-bda8-4a60-ae8e-81c7ea154646 0.048s
2025-02-20 02:33:04.832 63788 INFO tempest.lib.common.rest_client [req-9de75c1e-3cce-47d8-bef9-9c8f95b09d7c req-9de75c1e-3cce-47d8-bef9-9c8f95b09d7c ] Request (FloatingIPsAssociationTestJSON:test_associate_already_associated_floating_ip): 200 GET http://10.180.1.21/compute/v2.1/servers/0715ab54-59f5-43a6-b0fa-23e219f8d459 0.066s
2025-02-20 02:33:04.847 63768 INFO tempest.lib.common.rest_client [req-41f227a6-6b1c-4998-b496-a07deaf8ff81 req-41f227a6-6b1c-4998-b496-a07deaf8ff81 ] Request (TenantUsagesTestJSON:tearDownClass): 200 GET http://10.180.1.21:9696/networking/v2.0/security-groups?tenant_id=8cfadcc8bd57499a8932d25e6663a40f&name=default 0.142s
2025-02-20 02:33:04.881 63772 INFO tempest.lib.common.rest_client [req-997717eb-f14b-4775-be03-73d4225da7a1 req-997717eb-f14b-4775-be03-73d4225da7a1 ] Request (FloatingIPsAssociationNegativeTestJSON:setUpClass): 200 GET http://10.180.1.21/compute/v2.1/servers/894f7bad-00c6-4830-bf8b-672c83736f53 0.170s
2025-02-20 02:33:04.888 63752 INFO tempest.lib.common.rest_client [req-3476bdf2-293b-4df7-902c-a098435081d7 req-3476bdf2-293b-4df7-902c-a098435081d7 ] Request (AttachInterfacesV270Test:test_create_get_list_interfaces): 200 GET http://10.180.1.21/compute/v2.1/servers/4928ffe3-e026-4ef3-922a-01685d5659ed 0.089s
2025-02-20 02:33:04.891 63772 INFO tempest.common.waiters [-] State transition "BUILD/spawning" ==> "ACTIVE/None" after 49 second wait
2025-02-20 02:33:04.899 63810 WARNING tempest.lib.common.ssh [-] Failed to establish authenticated ssh connection to cirros@10.180.180.131 ([Errno None] Unable to connect to port 22 on 10.180.180.131). Number attempts: 1. Retry after 2 seconds.: paramiko.ssh_exception.NoValidConnectionsError: [Errno None] Unable to connect to port 22 on 10.180.180.131
2025-02-20 02:33:04.922 63780 INFO tempest.lib.common.rest_client [req-fbf4bc5b-aec8-4142-8fca-03389a5f0c29 req-fbf4bc5b-aec8-4142-8fca-03389a5f0c29 ] Request (ServersTestBootFromVolume:setUpClass): 200 GET http://10.180.1.21/volume/v3/volumes/908bf363-ffc6-4132-9de9-9e12ac754313 0.027s
2025-02-20 02:33:04.926 63768 INFO tempest.lib.common.rest_client [req-48369627-fdc8-48d0-bde0-c6c32c1fe115 req-48369627-fdc8-48d0-bde0-c6c32c1fe115 ] Request (TenantUsagesTestJSON:tearDownClass): 204 DELETE http://10.180.1.21:9696/networking/v2.0/security-groups/c68d9e5d-0e4a-4e2c-92cd-5701aac5a8d3 0.078s
2025-02-20 02:33:04.945 63758 INFO tempest.lib.common.rest_client [req-0e05566b-b449-4f0d-85a8-19ebcf2025e0 req-0e05566b-b449-4f0d-85a8-19ebcf2025e0 ] Request (AttachInterfacesUnderV243Test:test_add_remove_fixed_ip): 200 GET http://10.180.1.21/compute/v2.1/servers/b1f087cc-305a-41f9-9809-40776449b32f 0.122s
2025-02-20 02:33:05.002 63792 INFO tempest.lib.common.rest_client [req-64bd544c-bf5a-4108-8a5b-c1c87939c118 req-64bd544c-bf5a-4108-8a5b-c1c87939c118 ] Request (ImagesOneServerTestJSON:tearDownClass): 200 GET http://10.180.1.21/compute/v2.1/servers/e508cd61-a890-4075-83c2-f32d00dc0e77 0.103s
2025-02-20 02:33:05.016 63768 INFO tempest.lib.common.rest_client [req-10b1cd3b-b696-423c-bb28-bbd5a32b0210 req-10b1cd3b-b696-423c-bb28-bbd5a32b0210 ] Request (TenantUsagesTestJSON:tearDownClass): 204 DELETE http://10.180.1.21/identity/v3/projects/8cfadcc8bd57499a8932d25e6663a40f 0.089s
2025-02-20 02:33:05.050 63766 INFO tempest.lib.common.rest_client [req-e71215a6-2e1f-4d9c-b088-e167aa696bc4 req-e71215a6-2e1f-4d9c-b088-e167aa696bc4 ] Request (ServersAdminNegativeTestJSON:test_migrate_server_invalid_state): 200 GET http://10.180.1.21/compute/v2.1/servers/e394083f-8dee-46ae-b380-137b6c8813c3 0.099s
2025-02-20 02:33:05.069 63768 INFO tempest.lib.common.rest_client [req-65862ee9-43b7-4717-bc73-303379c0742f req-65862ee9-43b7-4717-bc73-303379c0742f ] Request (ListImageFiltersTestJSON:setUpClass): 201 POST http://10.180.1.21/identity/v3/auth/tokens 0.051s
2025-02-20 02:33:05.096 63768 INFO tempest.lib.common.rest_client [req-37e97de4-9a36-4a35-818b-90ba6f09c0d5 req-37e97de4-9a36-4a35-818b-90ba6f09c0d5 ] Request (ListImageFiltersTestJSON:setUpClass): 201 POST http://10.180.1.21/identity/v3/auth/tokens 0.024s
2025-02-20 02:33:05.097 63756 INFO tempest.lib.common.rest_client [req-3a4736dc-0586-4966-9d69-84d20afee1c2 req-3a4736dc-0586-4966-9d69-84d20afee1c2 ] Request (ImagesTestJSON:test_create_image_from_stopped_server): 200 GET http://10.180.1.21/compute/v2.1/servers/9553f1d8-ae29-4529-a0a6-6e0e947f57c0 0.083s
2025-02-20 02:33:05.122 63768 INFO tempest.lib.common.rest_client [req-3fbd66e8-7c6c-4542-9041-bb44ace05a5f req-3fbd66e8-7c6c-4542-9041-bb44ace05a5f ] Request (ListImageFiltersTestJSON:setUpClass): 200 GET http://10.180.1.21/identity/v3/domains?name=Default 0.026s
2025-02-20 02:33:05.143 63778 INFO tempest.lib.common.rest_client [req-8aa03a9f-6daf-4e17-b104-ce2a69403d4a req-8aa03a9f-6daf-4e17-b104-ce2a69403d4a ] Request (DeleteServersTestJSON:test_delete_server_while_in_attached_volume): 200 GET http://10.180.1.21/compute/v2.1/servers/72eb6306-764d-4bc9-a991-86276b9eb73e 0.058s
2025-02-20 02:33:05.152 63768 INFO tempest.lib.common.rest_client [req-d8f6f533-5a44-4d69-b8bc-71f5f20d4fea req-d8f6f533-5a44-4d69-b8bc-71f5f20d4fea ] Request (ListImageFiltersTestJSON:setUpClass): 201 POST http://10.180.1.21/identity/v3/projects 0.030s
2025-02-20 02:33:05.190 63764 INFO tempest.lib.common.rest_client [req-9dcfb654-7682-4ed2-9dd6-2036fc2862e5 req-9dcfb654-7682-4ed2-9dd6-2036fc2862e5 ] Request (ServerDiskConfigTestJSON:test_rebuild_server_with_auto_disk_config): 200 GET http://10.180.1.21/compute/v2.1/servers/7ed6e729-8d86-4ecb-8ff4-0f63d927b178 0.054s
2025-02-20 02:33:05.222 63768 INFO tempest.lib.common.rest_client [req-5d776e77-8551-44fe-83bc-0eed7bb269d8 req-5d776e77-8551-44fe-83bc-0eed7bb269d8 ] Request (ListImageFiltersTestJSON:setUpClass): 201 POST http://10.180.1.21/identity/v3/users 0.069s
2025-02-20 02:33:05.243 63762 INFO tempest.lib.common.rest_client [req-fd1fb0e6-5a82-4526-ac1d-c88d05248bd8 req-fd1fb0e6-5a82-4526-ac1d-c88d05248bd8 ] Request (ServerExternalEventsTest:tearDownClass): 200 GET http://10.180.1.21/compute/v2.1/servers/207e17dd-c3c2-460b-8d60-8c3a2486f375 0.074s
2025-02-20 02:33:05.243 63768 INFO tempest.lib.common.rest_client [req-485c85d4-5bc3-4249-8e0f-a0194cfd33ca req-485c85d4-5bc3-4249-8e0f-a0194cfd33ca ] Request (ListImageFiltersTestJSON:setUpClass): 200 GET http://10.180.1.21/identity/v3/roles 0.021s
2025-02-20 02:33:05.267 63768 INFO tempest.lib.common.rest_client [req-90fe4138-73b5-474f-b5b1-3e324e0f08a0 req-90fe4138-73b5-474f-b5b1-3e324e0f08a0 ] Request (ListImageFiltersTestJSON:setUpClass): 204 PUT http://10.180.1.21/identity/v3/projects/f0e0d90df3a746a1a3d9c26bdbc62658/users/03cca105e0fe456e9631b5be83c92921/roles/38dcd101ecf043209fdd2c6ad2795648 0.023s
2025-02-20 02:33:05.267 63768 INFO tempest.lib.common.dynamic_creds [-] Dynamic test user 03cca105e0fe456e9631b5be83c92921 is created with scope project and roles: ['member']
2025-02-20 02:33:05.267 63768 INFO tempest.lib.common.dynamic_creds [-] Acquired dynamic creds: credentials: Credentials: {'domain_id': 'default', 'domain_name': 'Default', 'username': 'tempest-ListImageFiltersTestJSON-274662807-project-member', 'project_domain_id': 'default', 'project_domain_name': 'Default', 'project_id': 'f0e0d90df3a746a1a3d9c26bdbc62658', 'project_name': 'tempest-ListImageFiltersTestJSON-274662807', 'tenant_id': 'f0e0d90df3a746a1a3d9c26bdbc62658', 'tenant_name': 'tempest-ListImageFiltersTestJSON-274662807', 'user_domain_id': 'default', 'user_domain_name': 'Default', 'user_id': '03cca105e0fe456e9631b5be83c92921', 'system': None}, Network: None, Subnet: None, Router: None
2025-02-20 02:33:05.267 63768 INFO tempest.lib.common.dynamic_creds [-] Created isolated network resources for: credentials: Credentials: {'domain_id': 'default', 'domain_name': 'Default', 'username': 'tempest-ListImageFiltersTestJSON-274662807-project-member', 'project_domain_id': 'default', 'project_domain_name': 'Default', 'project_id': 'f0e0d90df3a746a1a3d9c26bdbc62658', 'project_name': 'tempest-ListImageFiltersTestJSON-274662807', 'tenant_id': 'f0e0d90df3a746a1a3d9c26bdbc62658', 'tenant_name': 'tempest-ListImageFiltersTestJSON-274662807', 'user_domain_id': 'default', 'user_domain_name': 'Default', 'user_id': '03cca105e0fe456e9631b5be83c92921', 'system': None}, Network: None, Subnet: None, Router: None
2025-02-20 02:33:05.300 63784 INFO tempest.lib.common.rest_client [req-6887a1e2-f46b-4efd-9556-8f148ceb67fc req-6887a1e2-f46b-4efd-9556-8f148ceb67fc ] Request (ServersAdmin275Test:test_rebuild_update_server_275): 200 GET http://10.180.1.21/compute/v2.1/servers/1609b318-331d-4477-86c7-fe336bd2f523 0.079s
2025-02-20 02:33:05.341 63768 INFO tempest.lib.common.rest_client [req-26681d6f-d9c8-44db-9585-2017bd306a8a req-26681d6f-d9c8-44db-9585-2017bd306a8a ] Request (ListImageFiltersTestJSON:setUpClass): 201 POST http://10.180.1.21/identity/v3/auth/tokens 0.071s
2025-02-20 02:33:05.391 63782 INFO tempest.lib.common.rest_client [req-ba055b9e-73ff-4c02-be65-aee5d3e7c7b7 req-ba055b9e-73ff-4c02-be65-aee5d3e7c7b7 ] Request (ServerActionsV293TestJSON:setUpClass): 200 GET http://10.180.1.21/compute/v2.1/servers/776b4385-e4ab-4d11-a68f-686e606685dd 0.064s
2025-02-20 02:33:05.440 63772 INFO tempest.lib.common.rest_client [req-1cb50d2e-ff75-4fce-90d4-e6f539497c53 req-1cb50d2e-ff75-4fce-90d4-e6f539497c53 ] Request (FloatingIPsAssociationNegativeTestJSON:test_associate_ip_to_server_with_floating_ip): 200 POST http://10.180.1.21/compute/v2.1/os-floating-ips 0.549s
2025-02-20 02:33:05.443 63748 INFO tempest.lib.common.rest_client [req-cbd64dbb-0668-498c-b621-87ede1dac642 req-cbd64dbb-0668-498c-b621-87ede1dac642 ] Request (DeleteServersAdminTestJSON:test_delete_server_while_in_error_state): 200 GET http://10.180.1.21/compute/v2.1/servers/af62b82e-d44c-4257-9abe-c9af7125f5fd 0.081s
2025-02-20 02:33:05.496 63796 INFO tempest.lib.common.rest_client [req-930788d0-6aa1-456e-baee-1b2f33d077cc req-930788d0-6aa1-456e-baee-1b2f33d077cc ] Request (AttachVolumeNegativeTest:test_attach_attached_volume_to_different_server): 200 GET http://10.180.1.21/compute/v2.1/servers/85a40135-dbab-471d-bf08-6abf2af2ff71 0.083s
2025-02-20 02:33:05.666 63798 INFO tempest.lib.common.rest_client [req-217c520b-b0bf-426d-a9a6-17cb12f61af6 req-217c520b-b0bf-426d-a9a6-17cb12f61af6 ] Request (MigrationsAdminTest:test_list_migrations_in_flavor_resize_situation): 200 GET http://10.180.1.21/compute/v2.1/servers/bc7bac9e-026d-4a0d-8a5c-233677ec2d63 0.165s
2025-02-20 02:33:05.731 63768 INFO tempest.lib.common.rest_client [req-7da32fbf-b1d6-40ad-89f7-509f97f8f752 req-7da32fbf-b1d6-40ad-89f7-509f97f8f752 ] Request (ListImageFiltersTestJSON:setUpClass): 201 POST http://10.180.1.21/image/v2/images 0.389s
2025-02-20 02:33:05.736 63801 INFO tempest.lib.common.rest_client [req-c59b1d38-a8da-4320-80b5-76f56f4977b3 req-c59b1d38-a8da-4320-80b5-76f56f4977b3 ] Request (SecurityGroupsTestJSON:test_server_security_groups): 200 GET http://10.180.1.21/compute/v2.1/servers/55828beb-5311-42cd-bacd-cc50a94d642d 0.191s
2025-02-20 02:33:05.781 63760 INFO tempest.lib.common.rest_client [req-108de09d-cdd6-4edf-9a7c-ec20c6eed8c9 req-108de09d-cdd6-4edf-9a7c-ec20c6eed8c9 ] Request (ServerActionsTestJSON:setUpClass): 200 GET http://10.180.1.21/compute/v2.1/servers/175791ac-4c9a-4761-85dc-87c952ffb1b8 0.169s
2025-02-20 02:33:05.878 63802 INFO tempest.lib.common.rest_client [req-6d6d306b-532c-485f-8d1f-b13723c60f71 req-6d6d306b-532c-485f-8d1f-b13723c60f71 ] Request (ServersAdminTestJSON:setUpClass): 200 GET http://10.180.1.21/compute/v2.1/servers/23bb019a-bb87-4b5e-ba26-ac9883ed4833 0.233s
2025-02-20 02:33:05.922 63770 INFO tempest.lib.common.rest_client [req-5b8ffbfc-ff35-461a-a46c-7dcea9c95dcb req-5b8ffbfc-ff35-461a-a46c-7dcea9c95dcb ] Request (ServersNegativeTestMultiTenantJSON:setUpClass): 200 GET http://10.180.1.21/compute/v2.1/servers/03156147-f1d4-4b8a-85c3-3c3ae9879fb8 0.262s
2025-02-20 02:33:05.972 63780 INFO tempest.lib.common.rest_client [req-d9a3e867-1e21-4b3a-aabb-6554e9aae4d3 req-d9a3e867-1e21-4b3a-aabb-6554e9aae4d3 ] Request (ServersTestBootFromVolume:setUpClass): 200 GET http://10.180.1.21/volume/v3/volumes/908bf363-ffc6-4132-9de9-9e12ac754313 0.042s
2025-02-20 02:33:05.975 63776 INFO tempest.lib.common.rest_client [req-3c36993c-c390-4231-bb8a-0b1c99088c49 req-3c36993c-c390-4231-bb8a-0b1c99088c49 ] Request (ServerPasswordTestJSON:setUpClass): 200 GET http://10.180.1.21/compute/v2.1/servers/8e05f61f-5cf5-416e-b801-87c5fd9a52fb 0.250s
2025-02-20 02:33:06.035 63790 INFO tempest.lib.common.rest_client [req-0193d6ce-7cbb-4618-bf2d-374f6543f0fe req-0193d6ce-7cbb-4618-bf2d-374f6543f0fe ] Request (ImagesNegativeTestJSON:test_create_image_from_deleted_server): 200 GET http://10.180.1.21/compute/v2.1/servers/ebe92ccd-bda8-4a60-ae8e-81c7ea154646 0.241s
2025-02-20 02:33:06.082 63788 INFO tempest.lib.common.rest_client [req-e551cbc1-60ec-4d40-b3b3-4a1cd10a7f3c req-e551cbc1-60ec-4d40-b3b3-4a1cd10a7f3c ] Request (FloatingIPsAssociationTestJSON:test_associate_already_associated_floating_ip): 200 GET http://10.180.1.21/compute/v2.1/servers/0715ab54-59f5-43a6-b0fa-23e219f8d459 0.241s
2025-02-20 02:33:06.137 63752 INFO tempest.lib.common.rest_client [req-12bc1cb7-384f-4416-b879-cb018a06a5ea req-12bc1cb7-384f-4416-b879-cb018a06a5ea ] Request (AttachInterfacesV270Test:test_create_get_list_interfaces): 200 GET http://10.180.1.21/compute/v2.1/servers/4928ffe3-e026-4ef3-922a-01685d5659ed 0.236s
2025-02-20 02:33:06.196 63758 INFO tempest.lib.common.rest_client [req-5172b944-ceb4-4a6a-b7a4-99aa36889492 req-5172b944-ceb4-4a6a-b7a4-99aa36889492 ] Request (AttachInterfacesUnderV243Test:test_add_remove_fixed_ip): 200 GET http://10.180.1.21/compute/v2.1/servers/b1f087cc-305a-41f9-9809-40776449b32f 0.239s
2025-02-20 02:33:06.278 63792 INFO tempest.lib.common.rest_client [req-addd0045-d490-4552-9e2b-8d00b20c80ef req-addd0045-d490-4552-9e2b-8d00b20c80ef ] Request (ImagesOneServerTestJSON:tearDownClass): 200 GET http://10.180.1.21/compute/v2.1/servers/e508cd61-a890-4075-83c2-f32d00dc0e77 0.268s
2025-02-20 02:33:06.334 63766 INFO tempest.lib.common.rest_client [req-56be714d-c9e9-4d6f-970b-afd53043fbe5 req-56be714d-c9e9-4d6f-970b-afd53043fbe5 ] Request (ServersAdminNegativeTestJSON:test_migrate_server_invalid_state): 200 GET http://10.180.1.21/compute/v2.1/servers/e394083f-8dee-46ae-b380-137b6c8813c3 0.275s
2025-02-20 02:33:06.391 63756 INFO tempest.lib.common.rest_client [req-15f112ff-ff81-4da1-8f38-7a3bc3c0cfe2 req-15f112ff-ff81-4da1-8f38-7a3bc3c0cfe2 ] Request (ImagesTestJSON:test_create_image_from_stopped_server): 200 GET http://10.180.1.21/compute/v2.1/servers/9553f1d8-ae29-4529-a0a6-6e0e947f57c0 0.286s
2025-02-20 02:33:06.441 63778 INFO tempest.lib.common.rest_client [req-cf23e407-8e83-48f9-aab8-45fcdef38bd2 req-cf23e407-8e83-48f9-aab8-45fcdef38bd2 ] Request (DeleteServersTestJSON:test_delete_server_while_in_attached_volume): 200 GET http://10.180.1.21/compute/v2.1/servers/72eb6306-764d-4bc9-a991-86276b9eb73e 0.291s
2025-02-20 02:33:06.505 63764 INFO tempest.lib.common.rest_client [req-d54c5072-0223-465a-b280-809d68821773 req-d54c5072-0223-465a-b280-809d68821773 ] Request (ServerDiskConfigTestJSON:test_rebuild_server_with_auto_disk_config): 200 GET http://10.180.1.21/compute/v2.1/servers/7ed6e729-8d86-4ecb-8ff4-0f63d927b178 0.301s
2025-02-20 02:33:06.529 63762 INFO tempest.lib.common.rest_client [req-d1fb5c33-9bc0-48be-8ebf-8a3940d336e6 req-d1fb5c33-9bc0-48be-8ebf-8a3940d336e6 ] Request (ServerExternalEventsTest:tearDownClass): 404 GET http://10.180.1.21/compute/v2.1/servers/207e17dd-c3c2-460b-8d60-8c3a2486f375 0.279s
