2025-02-20 02:31:52.783 63772 INFO tempest.lib.common.rest_client [req-06c64c2b-29b2-455c-89b6-a287c55d6550 req-06c64c2b-29b2-455c-89b6-a287c55d6550 ] Request (FlavorsV261TestJSON:tearDownClass): 204 DELETE http://10.180.1.21:9696/networking/v2.0/security-groups/14ab2d21-7713-463b-9410-95a423d33c88 0.367s
2025-02-20 02:31:52.846 63762 INFO tempest.lib.common.rest_client [req-7a8063e5-c773-49dc-9edf-805a19973bec req-7a8063e5-c773-49dc-9edf-805a19973bec ] Request (ServerExternalEventsTest:setUpClass): 201 POST http://10.180.1.21/identity/v3/auth/tokens 0.084s
2025-02-20 02:31:52.899 63754 INFO tempest.lib.common.rest_client [req-471d861b-1def-41d3-b434-cc16cb670b32 req-471d861b-1def-41d3-b434-cc16cb670b32 ] Request (AZV2TestJSON:test_get_availability_zone_list_with_non_admin_user): 200 GET http://10.180.1.21/compute/v2.1/os-availability-zone 1.903s
2025-02-20 02:31:52.930 63762 INFO tempest.lib.common.rest_client [req-bd6a0fc8-ef1f-4d4e-a0a2-a97714d5b6c2 req-bd6a0fc8-ef1f-4d4e-a0a2-a97714d5b6c2 ] Request (ServerExternalEventsTest:setUpClass): 201 POST http://10.180.1.21/identity/v3/projects 0.083s
2025-02-20 02:31:52.933 63772 INFO tempest.lib.common.rest_client [req-3b7dc422-9a3d-462c-8919-37823ad0cb62 req-3b7dc422-9a3d-462c-8919-37823ad0cb62 ] Request (FlavorsV261TestJSON:tearDownClass): 204 DELETE http://10.180.1.21/identity/v3/projects/d99bfc2efc204024b9d33f3723d19243 0.150s
2025-02-20 02:31:52.944 63770 INFO tempest.lib.common.rest_client [req-d5eebd71-8519-472b-8464-7646916b0be8 req-d5eebd71-8519-472b-8464-7646916b0be8 ] Request (QuotaClassesAdmin257Test:_run_cleanups): 200 PUT http://10.180.1.21/compute/v2.1/os-quota-class-sets/default 1.841s
2025-02-20 02:31:52.960 63806 INFO tempest.lib.common.rest_client [req-f42930ad-7091-4d8b-b486-273851797bef req-f42930ad-7091-4d8b-b486-273851797bef ] Request (AttachInterfacesTestJSON:setUpClass): 200 PUT http://10.180.1.21:9696/networking/v2.0/routers/9afeae6e-a8dc-4bda-8974-235a76f5cc6d/add_router_interface 3.236s
2025-02-20 02:31:52.960 63806 INFO tempest.lib.common.dynamic_creds [-] Created isolated network resources for: credentials: Credentials: {'domain_id': 'default', 'domain_name': 'Default', 'username': 'tempest-AttachInterfacesTestJSON-51450341-project-member', 'project_domain_id': 'default', 'project_domain_name': 'Default', 'project_id': '55f2ce26c2dc4406b3d6c0837cbd25b3', 'project_name': 'tempest-AttachInterfacesTestJSON-51450341', 'tenant_id': '55f2ce26c2dc4406b3d6c0837cbd25b3', 'tenant_name': 'tempest-AttachInterfacesTestJSON-51450341', 'user_domain_id': 'default', 'user_domain_name': 'Default', 'user_id': '0fe136f3f79b4fc89e2211cacf70fad0', 'system': None}, Network: {'id': '853102b7-a6b5-42ba-b868-cc6586175ea9', 'name': 'tempest-AttachInterfacesTestJSON-1934068134-network', 'tenant_id': '55f2ce26c2dc4406b3d6c0837cbd25b3', 'admin_state_up': True, 'mtu': 8950, 'status': 'ACTIVE', 'subnets': [], 'shared': False, 'project_id': '55f2ce26c2dc4406b3d6c0837cbd25b3', 'port_security_enabled': True, 'router:external': False, 'provider:network_type': 'vlan', 'provider:physical_network': 'default', 'provider:segmentation_id': 720, 'availability_zone_hints': [], 'availability_zones': [], 'ipv4_address_scope': None, 'ipv6_address_scope': None, 'description': '', 'tags': [], 'created_at': '2025-02-20T02:31:46Z', 'updated_at': '2025-02-20T02:31:46Z', 'revision_number': 1}, Subnet: {'id': 'c9d3fa4f-a62d-4dab-9950-d46700c987b0', 'name': 'tempest-AttachInterfacesTestJSON-1934068134-subnet', 'tenant_id': '55f2ce26c2dc4406b3d6c0837cbd25b3', 'network_id': '853102b7-a6b5-42ba-b868-cc6586175ea9', 'ip_version': 4, 'subnetpool_id': None, 'enable_dhcp': True, 'ipv6_ra_mode': None, 'ipv6_address_mode': None, 'gateway_ip': '192.168.128.1', 'cidr': '192.168.128.0/28', 'allocation_pools': [{'start': '192.168.128.2', 'end': '192.168.128.14'}], 'host_routes': [], 'dns_nameservers': [], 'description': '', 'router:external': False, 'service_types': [], 'tags': [], 'created_at': '2025-02-20T02:31:47Z', 'updated_at': '2025-02-20T02:31:47Z', 'revision_number': 0, 'project_id': '55f2ce26c2dc4406b3d6c0837cbd25b3'}, Router: {'id': '9afeae6e-a8dc-4bda-8974-235a76f5cc6d', 'name': 'tempest-AttachInterfacesTestJSON-1934068134-router', 'tenant_id': '55f2ce26c2dc4406b3d6c0837cbd25b3', 'admin_state_up': True, 'status': 'ACTIVE', 'external_gateway_info': {'network_id': '0f8c0677-cc7a-4698-98e0-ba406b3ab916', 'external_fixed_ips': [{'subnet_id': '5fb432b7-808c-45ef-a2c1-9945b6d07eda', 'ip_address': '10.180.180.137'}], 'enable_snat': True}, 'description': '', 'availability_zones': [], 'distributed': False, 'ha': False, 'availability_zone_hints': [], 'routes': [], 'flavor_id': None, 'tags': [], 'created_at': '2025-02-20T02:31:47Z', 'updated_at': '2025-02-20T02:31:48Z', 'revision_number': 2, 'project_id': '55f2ce26c2dc4406b3d6c0837cbd25b3'}
2025-02-20 02:31:52.995 63762 INFO tempest.lib.common.rest_client [req-e53221e1-3ba1-4fcc-b1e4-8021b9814557 req-e53221e1-3ba1-4fcc-b1e4-8021b9814557 ] Request (ServerExternalEventsTest:setUpClass): 201 POST http://10.180.1.21/identity/v3/users 0.064s
2025-02-20 02:31:53.023 63786 INFO tempest.lib.common.rest_client [req-84548816-4050-4756-9ecb-147281f356c7 req-84548816-4050-4756-9ecb-147281f356c7 ] Request (ValidationResourcesFixture:setUp): 201 POST http://10.180.1.21:9696/networking/v2.0/floatingips 1.359s
2025-02-20 02:31:53.030 63778 INFO tempest.lib.common.rest_client [req-8344b920-9fd8-4f11-87b0-0e1e0db54875 req-8344b920-9fd8-4f11-87b0-0e1e0db54875 ] Request (DeleteServersTestJSON:test_delete_active_server): 202 POST http://10.180.1.21/compute/v2.1/servers 2.639s
2025-02-20 02:31:53.032 63754 INFO tempest.lib.common.rest_client [req-217e3abe-75db-484c-8689-a17948e12ed9 req-217e3abe-75db-484c-8689-a17948e12ed9 ] Request (AZV2TestJSON:tearDownClass): 204 DELETE http://10.180.1.21/identity/v3/users/30bb4a4b13f746bf8bf6c7f34de09f3d 0.131s
2025-02-20 02:31:53.033 63754 INFO tempest.lib.common.dynamic_creds [-] Deleting project and security group for project: 4541c049ce09435ebf225d22622fe61d
2025-02-20 02:31:53.037 63794 INFO tempest.lib.common.rest_client [req-9201dad8-340f-4993-8a2d-81c5bdc1301f req-9201dad8-340f-4993-8a2d-81c5bdc1301f ] Request (MultipleCreateNegativeTestJSON:test_min_count_less_than_one): 400 POST http://10.180.1.21/compute/v2.1/servers 1.727s
2025-02-20 02:31:53.037 63790 INFO tempest.lib.common.rest_client [req-19bd06ba-2160-40e8-8734-bc9efb7726e9 req-19bd06ba-2160-40e8-8734-bc9efb7726e9 ] Request (ServerDiagnosticsV248Test:test_get_server_diagnostics): 200 GET http://10.180.1.21/compute/v2.1/servers/dea2ebe8-e06c-416c-aaa8-69fb8a1c5b46 1.753s
2025-02-20 02:31:53.065 63808 INFO tempest.lib.common.rest_client [req-3dc9afad-af2c-45b9-afd1-a2889d74f1b9 req-3dc9afad-af2c-45b9-afd1-a2889d74f1b9 ] Request (FlavorsAccessTestJSON:test_flavor_access_list_with_private_flavor): 200 GET http://10.180.1.21/compute/v2.1/flavors/1661001317/os-flavor-access 1.113s
2025-02-20 02:31:53.068 63758 INFO tempest.lib.common.rest_client [req-7908bae4-a903-4be3-bd18-65c4e4cef119 req-7908bae4-a903-4be3-bd18-65c4e4cef119 ] Request (FlavorsExtraSpecsNegativeTestJSON:test_flavor_update_more_key): 400 PUT http://10.180.1.21/compute/v2.1/flavors/202488601/os-extra_specs/hw:numa_nodes 1.112s
2025-02-20 02:31:53.072 63772 INFO tempest.lib.common.rest_client [req-75d62a76-da8e-4e6e-aaa6-e59d80672b9e req-75d62a76-da8e-4e6e-aaa6-e59d80672b9e ] Request (KeyPairsV210TestJSON:setUpClass): 201 POST http://10.180.1.21/identity/v3/auth/tokens 0.135s
2025-02-20 02:31:53.136 63806 INFO tempest.lib.common.rest_client [req-2d67aa60-f288-434c-a0df-8c3a881b2a5e req-2d67aa60-f288-434c-a0df-8c3a881b2a5e ] Request (AttachInterfacesTestJSON:setUpClass): 201 POST http://10.180.1.21/identity/v3/auth/tokens 0.170s
2025-02-20 02:31:53.152 63770 INFO tempest.lib.common.rest_client [req-50f78f7f-dcf6-4d07-830f-29c1ff82d4bd req-50f78f7f-dcf6-4d07-830f-29c1ff82d4bd ] Request (QuotaClassesAdmin257Test:tearDownClass): 204 DELETE http://10.180.1.21/identity/v3/users/175cb135ca0a4e89939d19eaacc8e20b 0.197s
2025-02-20 02:31:53.189 63762 INFO tempest.lib.common.rest_client [req-a7740d47-b197-4b87-b6f6-bd706d119f2c req-a7740d47-b197-4b87-b6f6-bd706d119f2c ] Request (ServerExternalEventsTest:setUpClass): 200 GET http://10.180.1.21/identity/v3/roles 0.194s
2025-02-20 02:31:53.204 63786 INFO tempest.lib.common.rest_client [req-e2541a93-39d8-4c94-a83c-a6117723e5ef req-e2541a93-39d8-4c94-a83c-a6117723e5ef ] Request (ServersWithSpecificFlavorTestJSON:test_verify_created_server_ephemeral_disk): 201 POST http://10.180.1.21/identity/v3/auth/tokens 0.178s
2025-02-20 02:31:53.205 63786 INFO tempest.lib.common.fixed_network [-] (ServersWithSpecificFlavorTestJSON:test_verify_created_server_ephemeral_disk) Found network {'id': '5814e00f-484c-4a75-9ebc-497f4f46803c', 'name': 'tempest-ServersWithSpecificFlavorTestJSON-557091137-network', 'tenant_id': '580745d793554a3dac2abd8912707350', 'admin_state_up': True, 'mtu': 8950, 'status': 'ACTIVE', 'subnets': [], 'shared': False, 'project_id': '580745d793554a3dac2abd8912707350', 'port_security_enabled': True, 'router:external': False, 'provider:network_type': 'vlan', 'provider:physical_network': 'default', 'provider:segmentation_id': 81, 'availability_zone_hints': [], 'availability_zones': [], 'ipv4_address_scope': None, 'ipv6_address_scope': None, 'description': '', 'tags': [], 'created_at': '2025-02-20T02:31:28Z', 'updated_at': '2025-02-20T02:31:28Z', 'revision_number': 1} available for tenant
2025-02-20 02:31:53.252 63754 INFO tempest.lib.common.rest_client [req-373ac7f1-fe86-4161-9a34-f5297e741cdd req-373ac7f1-fe86-4161-9a34-f5297e741cdd ] Request (AZV2TestJSON:tearDownClass): 201 POST http://10.180.1.21/identity/v3/auth/tokens 0.219s
2025-02-20 02:31:53.310 63794 INFO tempest.lib.common.rest_client [req-bf0532a2-9e52-4e16-ab10-ca98b9944b09 req-bf0532a2-9e52-4e16-ab10-ca98b9944b09 ] Request (MultipleCreateNegativeTestJSON:test_min_count_non_integer): 201 POST http://10.180.1.21/identity/v3/auth/tokens 0.268s
2025-02-20 02:31:53.310 63794 INFO tempest.lib.common.fixed_network [-] (MultipleCreateNegativeTestJSON:test_min_count_non_integer) Found network None available for tenant
2025-02-20 02:31:53.314 63772 INFO tempest.lib.common.rest_client [req-ab73341d-2149-41d4-9fca-aaadad6e9641 req-ab73341d-2149-41d4-9fca-aaadad6e9641 ] Request (KeyPairsV210TestJSON:setUpClass): 201 POST http://10.180.1.21/identity/v3/auth/tokens 0.237s
2025-02-20 02:31:53.347 63762 INFO tempest.lib.common.rest_client [req-e1f11101-a977-4a9c-9751-1e34517cec79 req-e1f11101-a977-4a9c-9751-1e34517cec79 ] Request (ServerExternalEventsTest:setUpClass): 204 PUT http://10.180.1.21/identity/v3/projects/878dfe2f3f864fb2b21fa051a9701bef/users/845767d1c8544b798b1ecabad5bed5ea/roles/89cae7678649451eae15a23ced761890 0.157s
2025-02-20 02:31:53.387 63770 INFO tempest.lib.common.rest_client [req-ae1154ef-fb6a-42b5-aaba-42f98af83e58 req-ae1154ef-fb6a-42b5-aaba-42f98af83e58 ] Request (QuotaClassesAdmin257Test:tearDownClass): 204 DELETE http://10.180.1.21/identity/v3/users/0e480b160f08406e9d7f8f37a942dc34 0.234s
2025-02-20 02:31:53.387 63770 INFO tempest.lib.common.dynamic_creds [-] Deleting project and security group for project: 602dfa99f3e04bc4b3be047ed723dbb6
2025-02-20 02:31:53.436 63772 INFO tempest.lib.common.rest_client [req-e43a4369-6ec9-4873-aaf6-a7ec002fa685 req-e43a4369-6ec9-4873-aaf6-a7ec002fa685 ] Request (KeyPairsV210TestJSON:setUpClass): 200 GET http://10.180.1.21/identity/v3/domains?name=Default 0.121s
2025-02-20 02:31:53.454 63762 INFO tempest.lib.common.rest_client [req-7f7cf0d7-b47d-4fae-95fe-b869a9955e37 req-7f7cf0d7-b47d-4fae-95fe-b869a9955e37 ] Request (ServerExternalEventsTest:setUpClass): 200 GET http://10.180.1.21/identity/v3/roles 0.106s
2025-02-20 02:31:53.460 63770 INFO tempest.lib.common.rest_client [req-66cfdda2-e574-41f6-8e91-29ea79b87073 req-66cfdda2-e574-41f6-8e91-29ea79b87073 ] Request (QuotaClassesAdmin257Test:tearDownClass): 201 POST http://10.180.1.21/identity/v3/auth/tokens 0.072s
2025-02-20 02:31:53.492 63772 INFO tempest.lib.common.rest_client [req-234583c5-8b02-4eed-aa80-a3b08c8ea749 req-234583c5-8b02-4eed-aa80-a3b08c8ea749 ] Request (KeyPairsV210TestJSON:setUpClass): 201 POST http://10.180.1.21/identity/v3/projects 0.056s
2025-02-20 02:31:53.498 63762 INFO tempest.lib.common.rest_client [req-a00deabd-4901-49bf-ba8f-1d76772c9914 req-a00deabd-4901-49bf-ba8f-1d76772c9914 ] Request (ServerExternalEventsTest:setUpClass): 204 PUT http://10.180.1.21/identity/v3/projects/878dfe2f3f864fb2b21fa051a9701bef/users/845767d1c8544b798b1ecabad5bed5ea/roles/e984b331a04244c4a5a56f960e4d79af 0.044s
2025-02-20 02:31:53.498 63762 INFO tempest.lib.common.dynamic_creds [-] Dynamic test user 845767d1c8544b798b1ecabad5bed5ea is created with scope project and roles: ['admin', 'service']
2025-02-20 02:31:53.499 63762 INFO tempest.lib.common.dynamic_creds [-] Acquired dynamic creds: credentials: Credentials: {'domain_id': 'default', 'domain_name': 'Default', 'username': 'tempest-ServerExternalEventsTest-54070157-project', 'project_domain_id': 'default', 'project_domain_name': 'Default', 'project_id': '878dfe2f3f864fb2b21fa051a9701bef', 'project_name': 'tempest-ServerExternalEventsTest-54070157', 'tenant_id': '878dfe2f3f864fb2b21fa051a9701bef', 'tenant_name': 'tempest-ServerExternalEventsTest-54070157', 'user_domain_id': 'default', 'user_domain_name': 'Default', 'user_id': '845767d1c8544b798b1ecabad5bed5ea', 'system': None}, Network: None, Subnet: None, Router: None
2025-02-20 02:31:53.499 63762 INFO tempest.lib.common.dynamic_creds [-] Created isolated network resources for: credentials: Credentials: {'domain_id': 'default', 'domain_name': 'Default', 'username': 'tempest-ServerExternalEventsTest-54070157-project', 'project_domain_id': 'default', 'project_domain_name': 'Default', 'project_id': '878dfe2f3f864fb2b21fa051a9701bef', 'project_name': 'tempest-ServerExternalEventsTest-54070157', 'tenant_id': '878dfe2f3f864fb2b21fa051a9701bef', 'tenant_name': 'tempest-ServerExternalEventsTest-54070157', 'user_domain_id': 'default', 'user_domain_name': 'Default', 'user_id': '845767d1c8544b798b1ecabad5bed5ea', 'system': None}, Network: None, Subnet: None, Router: None
2025-02-20 02:31:53.520 63768 INFO tempest.lib.common.rest_client [req-45113a2f-1b4c-4598-a046-976dc9cc5ec7 req-45113a2f-1b4c-4598-a046-976dc9cc5ec7 ] Request (TenantUsagesTestJSON:setUpClass): 202 POST http://10.180.1.21/compute/v2.1/servers 1.711s
2025-02-20 02:31:53.560 63748 INFO tempest.lib.common.rest_client [req-0dcc7ce5-0b0d-4e8e-80d0-24435ef93e13 req-0dcc7ce5-0b0d-4e8e-80d0-24435ef93e13 ] Request (DeleteServersAdminTestJSON:test_admin_delete_servers_of_others): 200 GET http://10.180.1.21/compute/v2.1/servers/df8f409a-484b-45ba-809e-39fc00fa6e6b 1.460s
2025-02-20 02:31:53.598 63782 INFO tempest.lib.common.rest_client [req-68fdde22-b192-4de4-a3bc-06243e27adfd req-68fdde22-b192-4de4-a3bc-06243e27adfd ] Request (KeyPairsV2TestJSON:_run_cleanups): 202 DELETE http://10.180.1.21/compute/v2.1/os-keypairs/tempest-KeyPairsV2TestJSON-keypair-1543516420 1.480s
2025-02-20 02:31:53.600 63772 INFO tempest.lib.common.rest_client [req-80b884e4-0c24-4e65-b321-5f239f57fe05 req-80b884e4-0c24-4e65-b321-5f239f57fe05 ] Request (KeyPairsV210TestJSON:setUpClass): 201 POST http://10.180.1.21/identity/v3/users 0.107s
2025-02-20 02:31:53.610 63754 INFO tempest.lib.common.rest_client [req-8d4de577-25d8-4561-954f-98c6c40e3e6f req-8d4de577-25d8-4561-954f-98c6c40e3e6f ] Request (AZV2TestJSON:tearDownClass): 200 GET http://10.180.1.21:9696/networking/v2.0/security-groups?tenant_id=4541c049ce09435ebf225d22622fe61d&name=default 0.357s
2025-02-20 02:31:53.627 63796 INFO tempest.lib.common.rest_client [req-c2e89eca-25e8-4547-9eb1-bd3376524c05 req-c2e89eca-25e8-4547-9eb1-bd3376524c05 ] Request (FlavorsAdminTestJSON:_run_cleanups): 200 GET http://10.180.1.21/compute/v2.1/flavors/detail 1.493s
2025-02-20 02:31:53.645 63772 INFO tempest.lib.common.rest_client [req-a41e1d00-ca69-4686-ae4e-ed3841105581 req-a41e1d00-ca69-4686-ae4e-ed3841105581 ] Request (KeyPairsV210TestJSON:setUpClass): 200 GET http://10.180.1.21/identity/v3/roles 0.044s
2025-02-20 02:31:53.688 63772 INFO tempest.lib.common.rest_client [req-44440607-fd49-47f5-9f37-d9ade588b587 req-44440607-fd49-47f5-9f37-d9ade588b587 ] Request (KeyPairsV210TestJSON:setUpClass): 204 PUT http://10.180.1.21/identity/v3/projects/c048d597029849f2bc4efc6192a598d9/users/84951c7f134a4180b685cb055b0a3f2f/roles/38dcd101ecf043209fdd2c6ad2795648 0.043s
2025-02-20 02:31:53.690 63772 INFO tempest.lib.common.dynamic_creds [-] Dynamic test user 84951c7f134a4180b685cb055b0a3f2f is created with scope project and roles: ['member']
2025-02-20 02:31:53.690 63772 INFO tempest.lib.common.dynamic_creds [-] Acquired dynamic creds: credentials: Credentials: {'domain_id': 'default', 'domain_name': 'Default', 'username': 'tempest-KeyPairsV210TestJSON-1299336549-project-member', 'project_domain_id': 'default', 'project_domain_name': 'Default', 'project_id': 'c048d597029849f2bc4efc6192a598d9', 'project_name': 'tempest-KeyPairsV210TestJSON-1299336549', 'tenant_id': 'c048d597029849f2bc4efc6192a598d9', 'tenant_name': 'tempest-KeyPairsV210TestJSON-1299336549', 'user_domain_id': 'default', 'user_domain_name': 'Default', 'user_id': '84951c7f134a4180b685cb055b0a3f2f', 'system': None}, Network: None, Subnet: None, Router: None
2025-02-20 02:31:53.690 63772 INFO tempest.lib.common.dynamic_creds [-] Created isolated network resources for: credentials: Credentials: {'domain_id': 'default', 'domain_name': 'Default', 'username': 'tempest-KeyPairsV210TestJSON-1299336549-project-member', 'project_domain_id': 'default', 'project_domain_name': 'Default', 'project_id': 'c048d597029849f2bc4efc6192a598d9', 'project_name': 'tempest-KeyPairsV210TestJSON-1299336549', 'tenant_id': 'c048d597029849f2bc4efc6192a598d9', 'tenant_name': 'tempest-KeyPairsV210TestJSON-1299336549', 'user_domain_id': 'default', 'user_domain_name': 'Default', 'user_id': '84951c7f134a4180b685cb055b0a3f2f', 'system': None}, Network: None, Subnet: None, Router: None
2025-02-20 02:31:53.731 63762 INFO tempest.lib.common.rest_client [req-4152579a-fd5f-48b1-836b-b8edbaf28f9f req-4152579a-fd5f-48b1-836b-b8edbaf28f9f ] Request (ServerExternalEventsTest:setUpClass): 201 POST http://10.180.1.21/identity/v3/auth/tokens 0.228s
2025-02-20 02:31:53.775 63772 INFO tempest.lib.common.rest_client [req-10247b6b-c214-4bf3-bbdf-c1af2bb1024c req-10247b6b-c214-4bf3-bbdf-c1af2bb1024c ] Request (KeyPairsV210TestJSON:setUpClass): 201 POST http://10.180.1.21/identity/v3/auth/tokens 0.079s
2025-02-20 02:31:53.803 63762 INFO tempest.lib.common.rest_client [req-188bd4a1-fc47-4b3a-8295-ac6085f7b2c8 req-188bd4a1-fc47-4b3a-8295-ac6085f7b2c8 ] Request (ServerExternalEventsTest:test_create_server_external_events): 201 POST http://10.180.1.21/identity/v3/auth/tokens 0.065s
2025-02-20 02:31:53.803 63762 INFO tempest.lib.common.fixed_network [-] (ServerExternalEventsTest:test_create_server_external_events) Found network None available for tenant
2025-02-20 02:31:53.806 63801 INFO tempest.lib.common.rest_client [req-3cbe5a79-d8dd-4219-8157-2bbed2b247bd req-3cbe5a79-d8dd-4219-8157-2bbed2b247bd ] Request (SecurityGroupsTestJSON:setUpClass): 201 POST http://10.180.1.21:9696/networking/v2.0/routers 2.499s
2025-02-20 02:31:53.842 63772 INFO tempest.lib.common.rest_client [req-0de971a4-cb19-4b1d-aa77-1e776d830b6c req-0de971a4-cb19-4b1d-aa77-1e776d830b6c ] Request (KeyPairsV210TestJSON:setUpClass): 201 POST http://10.180.1.21/identity/v3/projects 0.066s
2025-02-20 02:31:53.894 63788 INFO tempest.lib.common.rest_client [req-41e415a6-066d-4636-828e-7224ae43f849 req-41e415a6-066d-4636-828e-7224ae43f849 ] Request (SecurityGroupsTestAdminJSON:test_list_security_groups_list_all_tenants_filter): 200 GET http://10.180.1.21/compute/v2.1/os-security-groups?all_tenants=true 1.782s
2025-02-20 02:31:53.894 63798 INFO tempest.lib.common.rest_client [req-fa343775-2c90-4912-ba52-95f4b79a2937 req-fa343775-2c90-4912-ba52-95f4b79a2937 ] Request (MigrationsAdminTest:test_list_migrations_in_flavor_resize_situation): 200 GET http://10.180.1.21/compute/v2.1/servers/bc7bac9e-026d-4a0d-8a5c-233677ec2d63 1.644s
2025-02-20 02:31:53.904 63798 INFO tempest.common.waiters [-] State transition "BUILD/None" ==> "BUILD/spawning" after 7 second wait
2025-02-20 02:31:53.909 63750 INFO tempest.lib.common.rest_client [req-23d1576e-ac60-456a-90b2-4695865e00cb req-23d1576e-ac60-456a-90b2-4695865e00cb ] Request (VolumesAssistedSnapshotsTest:test_volume_assisted_snapshot_create_delete): 201 POST http://10.180.1.21:9696/networking/v2.0/floatingips 1.638s
2025-02-20 02:31:53.917 63772 INFO tempest.lib.common.rest_client [req-5a5a25f2-cda8-4b02-9cd6-ae96f1ff9ce9 req-5a5a25f2-cda8-4b02-9cd6-ae96f1ff9ce9 ] Request (KeyPairsV210TestJSON:setUpClass): 201 POST http://10.180.1.21/identity/v3/users 0.074s
2025-02-20 02:31:53.926 63776 INFO tempest.lib.common.rest_client [req-8316c0ff-5f01-44c1-b372-63a6219826c8 req-8316c0ff-5f01-44c1-b372-63a6219826c8 ] Request (AggregatesAdminNegativeTestJSON:test_aggregate_create_aggregate_name_length_exceeds_255): 400 POST http://10.180.1.21/compute/v2.1/os-aggregates 1.261s
2025-02-20 02:31:53.953 63772 INFO tempest.lib.common.rest_client [req-1cff1200-9dfe-4e2f-94db-bc7d7005ccba req-1cff1200-9dfe-4e2f-94db-bc7d7005ccba ] Request (KeyPairsV210TestJSON:setUpClass): 200 GET http://10.180.1.21/identity/v3/roles 0.035s
2025-02-20 02:31:53.956 63756 INFO tempest.lib.common.rest_client [req-af251e8d-a475-4d4f-8590-e59f5fe4f628 req-af251e8d-a475-4d4f-8590-e59f5fe4f628 ] Request (FlavorsAccessNegativeTestJSON:_run_cleanups): 202 DELETE http://10.180.1.21/compute/v2.1/flavors/1368111870 1.270s
2025-02-20 02:31:53.984 63784 INFO tempest.lib.common.rest_client [req-f093db42-f08e-46af-b7c9-13c05d56141d req-f093db42-f08e-46af-b7c9-13c05d56141d ] Request (FlavorsExtraSpecsTestJSON:test_flavor_set_get_update_show_unset_keys): 200 DELETE http://10.180.1.21/compute/v2.1/flavors/75672431/os-extra_specs/hw:cpu_policy 1.269s
2025-02-20 02:31:53.984 63766 INFO tempest.lib.common.rest_client [req-3a163f1f-71d7-4638-a898-95d9c67950ca req-3a163f1f-71d7-4638-a898-95d9c67950ca ] Request (ServersAdminNegativeTestJSON:setUpClass): 200 GET http://10.180.1.21/compute/v2.1/servers/ddeadafc-798b-4a4c-8fb1-08070b292c4b 1.349s
2025-02-20 02:31:53.985 63750 INFO tempest.lib.common.rest_client [req-b1c8dcbb-6718-4db5-b427-957cfd902605 req-b1c8dcbb-6718-4db5-b427-957cfd902605 ] Request (VolumesAssistedSnapshotsTest:test_volume_assisted_snapshot_create_delete): 201 POST http://10.180.1.21/identity/v3/auth/tokens 0.072s
2025-02-20 02:31:53.986 63750 INFO tempest.lib.common.fixed_network [-] (VolumesAssistedSnapshotsTest:test_volume_assisted_snapshot_create_delete) Found network {'id': 'b737a95a-5e7e-4ac3-a81b-2f83d663b1b9', 'name': 'tempest-VolumesAssistedSnapshotsTest-19285017-network', 'tenant_id': '2023c1242d474ee0853a9e36aacb2960', 'admin_state_up': True, 'mtu': 8950, 'status': 'ACTIVE', 'subnets': [], 'shared': False, 'project_id': '2023c1242d474ee0853a9e36aacb2960', 'port_security_enabled': True, 'router:external': False, 'provider:network_type': 'vlan', 'provider:physical_network': 'default', 'provider:segmentation_id': 330, 'availability_zone_hints': [], 'availability_zones': [], 'ipv4_address_scope': None, 'ipv6_address_scope': None, 'description': '', 'tags': [], 'created_at': '2025-02-20T02:31:34Z', 'updated_at': '2025-02-20T02:31:34Z', 'revision_number': 1} available for tenant
2025-02-20 02:31:54.003 63772 INFO tempest.lib.common.rest_client [req-81825e7a-ddbd-46bb-b244-ebebc522b1ea req-81825e7a-ddbd-46bb-b244-ebebc522b1ea ] Request (KeyPairsV210TestJSON:setUpClass): 204 PUT http://10.180.1.21/identity/v3/projects/75d540cb5ea44b6f9d37b9722ac38780/users/49dad4481fc8474880a64ab2cd7c1d11/roles/89cae7678649451eae15a23ced761890 0.050s
2025-02-20 02:31:54.034 63754 INFO tempest.lib.common.rest_client [req-a8d266e7-6dbd-4581-a562-6467d0ea1f24 req-a8d266e7-6dbd-4581-a562-6467d0ea1f24 ] Request (AZV2TestJSON:tearDownClass): 204 DELETE http://10.180.1.21:9696/networking/v2.0/security-groups/ba0d39f7-41b4-488a-b025-65fd758c23d0 0.424s
2025-02-20 02:31:54.057 63772 INFO tempest.lib.common.rest_client [req-251d8a3f-f3d6-4238-8b75-4a58f2eda761 req-251d8a3f-f3d6-4238-8b75-4a58f2eda761 ] Request (KeyPairsV210TestJSON:setUpClass): 200 GET http://10.180.1.21/identity/v3/roles 0.053s
2025-02-20 02:31:54.069 63780 INFO tempest.lib.common.rest_client [req-948ec036-54af-407f-88ad-9abf3241bcaa req-948ec036-54af-407f-88ad-9abf3241bcaa ] Request (ServerDiagnosticsTest:test_get_server_diagnostics): 200 GET http://10.180.1.21/compute/v2.1/servers/201a33b5-77a3-46cf-a940-605d37d74e21 1.246s
2025-02-20 02:31:54.074 63770 INFO tempest.lib.common.rest_client [req-e866f541-93ba-401c-a234-893b200d4916 req-e866f541-93ba-401c-a234-893b200d4916 ] Request (QuotaClassesAdmin257Test:tearDownClass): 200 GET http://10.180.1.21:9696/networking/v2.0/security-groups?tenant_id=602dfa99f3e04bc4b3be047ed723dbb6&name=default 0.614s
2025-02-20 02:31:54.087 63772 INFO tempest.lib.common.rest_client [req-482a9f78-9cc5-4942-a558-31fb7f72d4b2 req-482a9f78-9cc5-4942-a558-31fb7f72d4b2 ] Request (KeyPairsV210TestJSON:setUpClass): 204 PUT http://10.180.1.21/identity/v3/projects/75d540cb5ea44b6f9d37b9722ac38780/users/49dad4481fc8474880a64ab2cd7c1d11/roles/89cae7678649451eae15a23ced761890 0.030s
2025-02-20 02:31:54.087 63772 INFO tempest.lib.common.dynamic_creds [-] Dynamic test user 49dad4481fc8474880a64ab2cd7c1d11 is created with scope project and roles: ['admin']
2025-02-20 02:31:54.088 63772 INFO tempest.lib.common.dynamic_creds [-] Acquired dynamic creds: credentials: Credentials: {'domain_id': 'default', 'domain_name': 'Default', 'username': 'tempest-KeyPairsV210TestJSON-747874436-project-admin', 'project_domain_id': 'default', 'project_domain_name': 'Default', 'project_id': '75d540cb5ea44b6f9d37b9722ac38780', 'project_name': 'tempest-KeyPairsV210TestJSON-747874436', 'tenant_id': '75d540cb5ea44b6f9d37b9722ac38780', 'tenant_name': 'tempest-KeyPairsV210TestJSON-747874436', 'user_domain_id': 'default', 'user_domain_name': 'Default', 'user_id': '49dad4481fc8474880a64ab2cd7c1d11', 'system': None}, Network: None, Subnet: None, Router: None
2025-02-20 02:31:54.088 63772 INFO tempest.lib.common.dynamic_creds [-] Created isolated network resources for: credentials: Credentials: {'domain_id': 'default', 'domain_name': 'Default', 'username': 'tempest-KeyPairsV210TestJSON-747874436-project-admin', 'project_domain_id': 'default', 'project_domain_name': 'Default', 'project_id': '75d540cb5ea44b6f9d37b9722ac38780', 'project_name': 'tempest-KeyPairsV210TestJSON-747874436', 'tenant_id': '75d540cb5ea44b6f9d37b9722ac38780', 'tenant_name': 'tempest-KeyPairsV210TestJSON-747874436', 'user_domain_id': 'default', 'user_domain_name': 'Default', 'user_id': '49dad4481fc8474880a64ab2cd7c1d11', 'system': None}, Network: None, Subnet: None, Router: None
2025-02-20 02:31:54.163 63772 INFO tempest.lib.common.rest_client [req-3a6c52f1-0658-479a-814c-f77e188d46dd req-3a6c52f1-0658-479a-814c-f77e188d46dd ] Request (KeyPairsV210TestJSON:setUpClass): 201 POST http://10.180.1.21/identity/v3/auth/tokens 0.070s
2025-02-20 02:31:54.164 63804 INFO tempest.lib.common.rest_client [req-d73f4df5-eef6-41ea-b789-6700dddd67cb req-d73f4df5-eef6-41ea-b789-6700dddd67cb ] Request (VolumesAdminNegativeTest:test_update_attached_volume_with_nonexistent_volume_in_body): 200 GET http://10.180.1.21/compute/v2.1/servers/09ebbb9f-6430-4d2d-8564-fe0492075610 1.230s
2025-02-20 02:31:54.173 63804 INFO tempest.common.waiters [-] State transition "BUILD/None" ==> "BUILD/networking" after 5 second wait
2025-02-20 02:31:54.181 63754 INFO tempest.lib.common.rest_client [req-c3a2b901-55c6-4d57-9eaa-e649707ff245 req-c3a2b901-55c6-4d57-9eaa-e649707ff245 ] Request (AZV2TestJSON:tearDownClass): 204 DELETE http://10.180.1.21/identity/v3/projects/4541c049ce09435ebf225d22622fe61d 0.146s
2025-02-20 02:31:54.223 63764 INFO tempest.lib.common.rest_client [req-8f458d2d-e30b-48fe-aeae-889dd2cb1e63 req-8f458d2d-e30b-48fe-aeae-889dd2cb1e63 ] Request (ServerDiagnosticsNegativeTest:test_get_server_diagnostics_by_non_admin): 200 GET http://10.180.1.21/compute/v2.1/servers/fc878d5f-527a-4cb5-98e4-62a1551d721a 1.505s
2025-02-20 02:31:54.242 63754 INFO tempest.lib.common.rest_client [req-957d6b71-14fa-498c-bbb8-de0cfa48df6f req-957d6b71-14fa-498c-bbb8-de0cfa48df6f ] Request (ServersTestFqdnHostnames:setUpClass): 201 POST http://10.180.1.21/identity/v3/auth/tokens 0.060s
2025-02-20 02:31:54.272 63754 INFO tempest.lib.common.rest_client [req-6c937853-abae-4ae0-b30e-010b32e1c8b4 req-6c937853-abae-4ae0-b30e-010b32e1c8b4 ] Request (ServersTestFqdnHostnames:setUpClass): 201 POST http://10.180.1.21/identity/v3/auth/tokens 0.026s
2025-02-20 02:31:54.290 63810 INFO tempest.lib.common.rest_client [req-f839ee9d-edfe-499f-b8be-2248d8ba96b4 req-f839ee9d-edfe-499f-b8be-2248d8ba96b4 ] Request (QuotasAdminTestJSON:test_update_all_quota_resources_for_tenant): 200 GET http://10.180.1.21/compute/v2.1/os-quota-sets/f32281bc18454a89b56e65ee81fef324/defaults 1.330s
2025-02-20 02:31:54.296 63754 INFO tempest.lib.common.rest_client [req-b3d4a372-4ad7-4588-8c54-58f5e032ad8f req-b3d4a372-4ad7-4588-8c54-58f5e032ad8f ] Request (ServersTestFqdnHostnames:setUpClass): 200 GET http://10.180.1.21/identity/v3/domains?name=Default 0.024s
2025-02-20 02:31:54.299 63770 INFO tempest.lib.common.rest_client [req-f8f6d718-6b2c-4bf8-9ec0-20ee1fc03067 req-f8f6d718-6b2c-4bf8-9ec0-20ee1fc03067 ] Request (QuotaClassesAdmin257Test:tearDownClass): 204 DELETE http://10.180.1.21:9696/networking/v2.0/security-groups/da4131af-327b-4d9d-bf17-a92c10900ae7 0.223s
2025-02-20 02:31:54.326 63778 INFO tempest.lib.common.rest_client [req-72108f36-2afe-4c69-9d31-3a80b2ff97df req-72108f36-2afe-4c69-9d31-3a80b2ff97df ] Request (DeleteServersTestJSON:test_delete_active_server): 200 GET http://10.180.1.21/compute/v2.1/servers/6c90c850-ed3b-4c16-b246-3630134460cd 1.293s
2025-02-20 02:31:54.333 63754 INFO tempest.lib.common.rest_client [req-b20aec8b-4fb3-48b6-a8ab-c21c424e1f5c req-b20aec8b-4fb3-48b6-a8ab-c21c424e1f5c ] Request (ServersTestFqdnHostnames:setUpClass): 201 POST http://10.180.1.21/identity/v3/projects 0.037s
2025-02-20 02:31:54.340 63808 INFO tempest.lib.common.rest_client [req-bbca4853-fcf6-44fb-be7f-cd064da61555 req-bbca4853-fcf6-44fb-be7f-cd064da61555 ] Request (FlavorsAccessTestJSON:_run_cleanups): 202 DELETE http://10.180.1.21/compute/v2.1/flavors/1661001317 1.274s
2025-02-20 02:31:54.349 63774 INFO tempest.lib.common.rest_client [req-373dc7c8-3dc8-408c-bdb8-5bb0880beed1 req-373dc7c8-3dc8-408c-bdb8-5bb0880beed1 ] Request (ServersTestManualDisk:setUpClass): 200 PUT http://10.180.1.21:9696/networking/v2.0/routers/59540b6d-64f3-47ef-8ad4-bbb76a8ff386/add_router_interface 3.425s
2025-02-20 02:31:54.349 63774 INFO tempest.lib.common.dynamic_creds [-] Created isolated network resources for: credentials: Credentials: {'domain_id': 'default', 'domain_name': 'Default', 'username': 'tempest-ServersTestManualDisk-416990900-project-member', 'project_domain_id': 'default', 'project_domain_name': 'Default', 'project_id': '3ed1566adef543ba8700c097a3cd53f3', 'project_name': 'tempest-ServersTestManualDisk-416990900', 'tenant_id': '3ed1566adef543ba8700c097a3cd53f3', 'tenant_name': 'tempest-ServersTestManualDisk-416990900', 'user_domain_id': 'default', 'user_domain_name': 'Default', 'user_id': '5272ae3fe4bf4e7f9e2a4dc87873b991', 'system': None}, Network: {'id': 'd212f543-5752-405a-ba36-79262dfe09d8', 'name': 'tempest-ServersTestManualDisk-1270626163-network', 'tenant_id': '3ed1566adef543ba8700c097a3cd53f3', 'admin_state_up': True, 'mtu': 8950, 'status': 'ACTIVE', 'subnets': [], 'shared': False, 'project_id': '3ed1566adef543ba8700c097a3cd53f3', 'port_security_enabled': True, 'router:external': False, 'provider:network_type': 'vlan', 'provider:physical_network': 'default', 'provider:segmentation_id': 377, 'availability_zone_hints': [], 'availability_zones': [], 'ipv4_address_scope': None, 'ipv6_address_scope': None, 'description': '', 'tags': [], 'created_at': '2025-02-20T02:31:48Z', 'updated_at': '2025-02-20T02:31:48Z', 'revision_number': 1}, Subnet: {'id': 'dde595c6-440d-4d64-a56d-0ae83dee0c31', 'name': 'tempest-ServersTestManualDisk-1270626163-subnet', 'tenant_id': '3ed1566adef543ba8700c097a3cd53f3', 'network_id': 'd212f543-5752-405a-ba36-79262dfe09d8', 'ip_version': 4, 'subnetpool_id': None, 'enable_dhcp': True, 'ipv6_ra_mode': None, 'ipv6_address_mode': None, 'gateway_ip': '192.168.128.1', 'cidr': '192.168.128.0/28', 'allocation_pools': [{'start': '192.168.128.2', 'end': '192.168.128.14'}], 'host_routes': [], 'dns_nameservers': [], 'description': '', 'router:external': False, 'service_types': [], 'tags': [], 'created_at': '2025-02-20T02:31:48Z', 'updated_at': '2025-02-20T02:31:48Z', 'revision_number': 0, 'project_id': '3ed1566adef543ba8700c097a3cd53f3'}, Router: {'id': '59540b6d-64f3-47ef-8ad4-bbb76a8ff386', 'name': 'tempest-ServersTestManualDisk-1270626163-router', 'tenant_id': '3ed1566adef543ba8700c097a3cd53f3', 'admin_state_up': True, 'status': 'ACTIVE', 'external_gateway_info': {'network_id': '0f8c0677-cc7a-4698-98e0-ba406b3ab916', 'external_fixed_ips': [{'subnet_id': '5fb432b7-808c-45ef-a2c1-9945b6d07eda', 'ip_address': '10.180.180.172'}], 'enable_snat': True}, 'description': '', 'availability_zones': [], 'distributed': False, 'ha': False, 'availability_zone_hints': [], 'routes': [], 'flavor_id': None, 'tags': [], 'created_at': '2025-02-20T02:31:49Z', 'updated_at': '2025-02-20T02:31:50Z', 'revision_number': 2, 'project_id': '3ed1566adef543ba8700c097a3cd53f3'}
2025-02-20 02:31:54.356 63758 INFO tempest.lib.common.rest_client [req-d65bfb8f-9261-4095-afbb-416811cc7dd8 req-d65bfb8f-9261-4095-afbb-416811cc7dd8 ] Request (FlavorsExtraSpecsNegativeTestJSON:tearDownClass): 202 DELETE http://10.180.1.21/compute/v2.1/flavors/202488601 1.286s
2025-02-20 02:31:54.372 63792 INFO tempest.lib.common.rest_client [req-f452c0f8-bc94-492e-80cc-5c40504ad75e req-f452c0f8-bc94-492e-80cc-5c40504ad75e ] Request (ImagesOneServerTestJSON:setUpClass): 200 GET http://10.180.1.21/compute/v2.1/servers/e508cd61-a890-4075-83c2-f32d00dc0e77 1.320s
2025-02-20 02:31:54.407 63754 INFO tempest.lib.common.rest_client [req-4cc06459-9bb1-4d1c-a7e3-c25427f0b178 req-4cc06459-9bb1-4d1c-a7e3-c25427f0b178 ] Request (ServersTestFqdnHostnames:setUpClass): 201 POST http://10.180.1.21/identity/v3/users 0.073s
2025-02-20 02:31:54.432 63770 INFO tempest.lib.common.rest_client [req-f052e735-4b3c-46b6-86e0-20072dadf2d9 req-f052e735-4b3c-46b6-86e0-20072dadf2d9 ] Request (QuotaClassesAdmin257Test:tearDownClass): 204 DELETE http://10.180.1.21/identity/v3/projects/602dfa99f3e04bc4b3be047ed723dbb6 0.133s
2025-02-20 02:31:54.432 63770 INFO tempest.lib.common.dynamic_creds [-] Deleting project and security group for project: 5e9bcdb529334b12964cfdfbf28e0378
2025-02-20 02:31:54.473 63774 INFO tempest.lib.common.rest_client [req-fd5be546-78df-4707-9e70-96e7a36285e9 req-fd5be546-78df-4707-9e70-96e7a36285e9 ] Request (ServersTestManualDisk:setUpClass): 201 POST http://10.180.1.21/identity/v3/auth/tokens 0.119s
2025-02-20 02:31:54.561 63754 INFO tempest.lib.common.rest_client [req-c62cb31b-6ea6-4932-8cd9-6c60eeda3b81 req-c62cb31b-6ea6-4932-8cd9-6c60eeda3b81 ] Request (ServersTestFqdnHostnames:setUpClass): 200 GET http://10.180.1.21/identity/v3/roles 0.153s
2025-02-20 02:31:54.606 63806 INFO tempest.lib.common.rest_client [req-e5ff2166-80a9-4049-8795-c121922227c9 req-e5ff2166-80a9-4049-8795-c121922227c9 ] Request (ValidationResourcesFixture:setUp): 200 POST http://10.180.1.21/compute/v2.1/os-keypairs 1.468s
2025-02-20 02:31:54.613 63794 INFO tempest.lib.common.rest_client [req-40faedf0-3055-44ac-abf2-f36486ede0bf req-40faedf0-3055-44ac-abf2-f36486ede0bf ] Request (MultipleCreateNegativeTestJSON:test_min_count_non_integer): 400 POST http://10.180.1.21/compute/v2.1/servers 1.303s
2025-02-20 02:31:54.619 63754 INFO tempest.lib.common.rest_client [req-2551d21c-6c97-430d-b33c-fee2b2812ea7 req-2551d21c-6c97-430d-b33c-fee2b2812ea7 ] Request (ServersTestFqdnHostnames:setUpClass): 204 PUT http://10.180.1.21/identity/v3/projects/37e6965b72e7456aae9d0ca86ef1ed76/users/edd3250d3ea646559345158dc0d6c7c8/roles/38dcd101ecf043209fdd2c6ad2795648 0.058s
2025-02-20 02:31:54.620 63754 INFO tempest.lib.common.dynamic_creds [-] Dynamic test user edd3250d3ea646559345158dc0d6c7c8 is created with scope project and roles: ['member']
2025-02-20 02:31:54.620 63754 INFO tempest.lib.common.dynamic_creds [-] Acquired dynamic creds: credentials: Credentials: {'domain_id': 'default', 'domain_name': 'Default', 'username': 'tempest-ServersTestFqdnHostnames-242924533-project-member', 'project_domain_id': 'default', 'project_domain_name': 'Default', 'project_id': '37e6965b72e7456aae9d0ca86ef1ed76', 'project_name': 'tempest-ServersTestFqdnHostnames-242924533', 'tenant_id': '37e6965b72e7456aae9d0ca86ef1ed76', 'tenant_name': 'tempest-ServersTestFqdnHostnames-242924533', 'user_domain_id': 'default', 'user_domain_name': 'Default', 'user_id': 'edd3250d3ea646559345158dc0d6c7c8', 'system': None}, Network: None, Subnet: None, Router: None
2025-02-20 02:31:54.730 63754 INFO tempest.lib.common.rest_client [req-1f3e35bd-57b8-4164-9e2a-91b84c7e07a9 req-1f3e35bd-57b8-4164-9e2a-91b84c7e07a9 ] Request (ServersTestFqdnHostnames:setUpClass): 201 POST http://10.180.1.21/identity/v3/auth/tokens 0.110s
2025-02-20 02:31:54.790 63768 INFO tempest.lib.common.rest_client [req-b3bf53ff-c9a4-409b-8077-8a92ff8c967b req-b3bf53ff-c9a4-409b-8077-8a92ff8c967b ] Request (TenantUsagesTestJSON:setUpClass): 200 GET http://10.180.1.21/compute/v2.1/servers/04010c20-21bc-442b-bdb5-d69418367c8a 1.267s
2025-02-20 02:31:54.830 63782 INFO tempest.lib.common.rest_client [req-dda371c8-6ae3-46d1-9fe4-924b163c01a6 req-dda371c8-6ae3-46d1-9fe4-924b163c01a6 ] Request (KeyPairsV2TestJSON:_run_cleanups): 202 DELETE http://10.180.1.21/compute/v2.1/os-keypairs/tempest-KeyPairsV2TestJSON-keypair-1443839688 1.231s
2025-02-20 02:31:54.853 63796 INFO tempest.lib.common.rest_client [req-a589c7ee-282a-470c-a1c8-d4d5b36bfa3f req-a589c7ee-282a-470c-a1c8-d4d5b36bfa3f ] Request (FlavorsAdminTestJSON:test_create_flavor_with_none_id): 200 POST http://10.180.1.21/compute/v2.1/flavors 1.217s
2025-02-20 02:31:54.863 63770 INFO tempest.lib.common.rest_client [req-0ecb8061-716f-4f7f-b2ea-1e32bd5edc11 req-0ecb8061-716f-4f7f-b2ea-1e32bd5edc11 ] Request (QuotaClassesAdmin257Test:tearDownClass): 200 GET http://10.180.1.21:9696/networking/v2.0/security-groups?tenant_id=5e9bcdb529334b12964cfdfbf28e0378&name=default 0.430s
2025-02-20 02:31:54.922 63794 INFO tempest.lib.common.rest_client [req-b73db7d7-4258-4db7-bb13-48d6a95c641b req-b73db7d7-4258-4db7-bb13-48d6a95c641b ] Request (MultipleCreateNegativeTestJSON:tearDownClass): 204 DELETE http://10.180.1.21/identity/v3/users/485c52ecd9e84555a1d3cc0dbac2fd33 0.300s
2025-02-20 02:31:54.923 63794 INFO tempest.lib.common.dynamic_creds [-] Deleting project and security group for project: 2a1ec413b36d4c6fac7a811414e4c26b
2025-02-20 02:31:54.992 63794 INFO tempest.lib.common.rest_client [req-0557b11a-5825-4ef2-84ef-30d3419847b3 req-0557b11a-5825-4ef2-84ef-30d3419847b3 ] Request (MultipleCreateNegativeTestJSON:tearDownClass): 201 POST http://10.180.1.21/identity/v3/auth/tokens 0.069s
2025-02-20 02:31:55.044 63770 INFO tempest.lib.common.rest_client [req-310ca66a-2591-4562-bf54-30958740bdad req-310ca66a-2591-4562-bf54-30958740bdad ] Request (QuotaClassesAdmin257Test:tearDownClass): 204 DELETE http://10.180.1.21:9696/networking/v2.0/security-groups/675f1698-cd30-49a9-99b8-fc5236da7755 0.181s
2025-02-20 02:31:55.063 63806 INFO tempest.lib.common.rest_client [req-c8a2d968-5a79-4d38-9ff0-8aa7f720db53 req-c8a2d968-5a79-4d38-9ff0-8aa7f720db53 ] Request (ValidationResourcesFixture:setUp): 201 POST http://10.180.1.21:9696/networking/v2.0/security-groups 0.455s
2025-02-20 02:31:55.130 63770 INFO tempest.lib.common.rest_client [req-e05103ba-2eb3-4fe1-8349-4ab8bee734ee req-e05103ba-2eb3-4fe1-8349-4ab8bee734ee ] Request (QuotaClassesAdmin257Test:tearDownClass): 204 DELETE http://10.180.1.21/identity/v3/projects/5e9bcdb529334b12964cfdfbf28e0378 0.085s
2025-02-20 02:31:55.161 63786 INFO tempest.lib.common.rest_client [req-39e2e1a4-73fc-43d0-9bbd-760288a25012 req-39e2e1a4-73fc-43d0-9bbd-760288a25012 ] Request (ServersWithSpecificFlavorTestJSON:test_verify_created_server_ephemeral_disk): 202 POST http://10.180.1.21/compute/v2.1/servers 1.954s
2025-02-20 02:31:55.208 63806 INFO tempest.lib.common.rest_client [req-358118cb-472c-496a-9d6d-a357f5a3322b req-358118cb-472c-496a-9d6d-a357f5a3322b ] Request (ValidationResourcesFixture:setUp): 201 POST http://10.180.1.21:9696/networking/v2.0/security-group-rules 0.144s
2025-02-20 02:31:55.214 63770 INFO tempest.lib.common.rest_client [req-620d70bd-2e5f-4053-a93e-0d672fcc44e3 req-620d70bd-2e5f-4053-a93e-0d672fcc44e3 ] Request (FloatingIPDetailsNegativeTestJSON:setUpClass): 201 POST http://10.180.1.21/identity/v3/auth/tokens 0.082s
2025-02-20 02:31:55.253 63770 INFO tempest.lib.common.rest_client [req-bdacd09a-13d2-475f-b721-8a7ea3cd9437 req-bdacd09a-13d2-475f-b721-8a7ea3cd9437 ] Request (FloatingIPDetailsNegativeTestJSON:setUpClass): 201 POST http://10.180.1.21/identity/v3/auth/tokens 0.036s
2025-02-20 02:31:55.295 63770 INFO tempest.lib.common.rest_client [req-71056636-66e8-4daa-b0d2-0aa7051aefdf req-71056636-66e8-4daa-b0d2-0aa7051aefdf ] Request (FloatingIPDetailsNegativeTestJSON:setUpClass): 200 GET http://10.180.1.21/identity/v3/domains?name=Default 0.042s
2025-02-20 02:31:55.325 63754 INFO tempest.lib.common.rest_client [req-6e57f6b2-8607-4f60-9d79-8693c1f6ebce req-6e57f6b2-8607-4f60-9d79-8693c1f6ebce ] Request (ServersTestFqdnHostnames:setUpClass): 201 POST http://10.180.1.21:9696/networking/v2.0/networks 0.594s
2025-02-20 02:31:55.326 63788 INFO tempest.lib.common.rest_client [req-0131212f-ce7b-43c4-9f44-bbcb011c9800 req-0131212f-ce7b-43c4-9f44-bbcb011c9800 ] Request (SecurityGroupsTestAdminJSON:_run_cleanups): 202 DELETE http://10.180.1.21/compute/v2.1/os-security-groups/3d264737-15e8-4d1f-9d05-edfa55b76831 1.425s
2025-02-20 02:31:55.337 63776 INFO tempest.lib.common.rest_client [req-2cd7cf7d-fd7a-4a63-9a5b-c2e06ecfbd7d req-2cd7cf7d-fd7a-4a63-9a5b-c2e06ecfbd7d ] Request (AggregatesAdminNegativeTestJSON:test_aggregate_create_aggregate_name_length_less_than_1): 400 POST http://10.180.1.21/compute/v2.1/os-aggregates 1.409s
2025-02-20 02:31:55.341 63770 INFO tempest.lib.common.rest_client [req-042e4653-cdb4-4e8b-bc94-b7d0ab46fafe req-042e4653-cdb4-4e8b-bc94-b7d0ab46fafe ] Request (FloatingIPDetailsNegativeTestJSON:setUpClass): 201 POST http://10.180.1.21/identity/v3/projects 0.045s
2025-02-20 02:31:55.368 63756 INFO tempest.lib.common.rest_client [req-63916b3b-5962-4807-ab92-94a46bc1bf07 req-63916b3b-5962-4807-ab92-94a46bc1bf07 ] Request (FlavorsAccessNegativeTestJSON:_run_cleanups): 200 GET http://10.180.1.21/compute/v2.1/flavors/detail 1.411s
2025-02-20 02:31:55.380 63784 INFO tempest.lib.common.rest_client [req-1a263743-579f-4762-b75a-872521b0cec5 req-1a263743-579f-4762-b75a-872521b0cec5 ] Request (FlavorsExtraSpecsTestJSON:test_flavor_set_get_update_show_unset_keys): 200 GET http://10.180.1.21/compute/v2.1/flavors/75672431/os-extra_specs 1.396s
2025-02-20 02:31:55.447 63770 INFO tempest.lib.common.rest_client [req-989bb819-0404-46bf-b5dd-abd8cb091c0b req-989bb819-0404-46bf-b5dd-abd8cb091c0b ] Request (FloatingIPDetailsNegativeTestJSON:setUpClass): 201 POST http://10.180.1.21/identity/v3/users 0.105s
2025-02-20 02:31:55.476 63770 INFO tempest.lib.common.rest_client [req-32c0ebbb-40be-4f9c-b273-4181223bbf62 req-32c0ebbb-40be-4f9c-b273-4181223bbf62 ] Request (FloatingIPDetailsNegativeTestJSON:setUpClass): 200 GET http://10.180.1.21/identity/v3/roles 0.028s
2025-02-20 02:31:55.527 63770 INFO tempest.lib.common.rest_client [req-72a00cae-ea48-4feb-8f57-2912de7af038 req-72a00cae-ea48-4feb-8f57-2912de7af038 ] Request (FloatingIPDetailsNegativeTestJSON:setUpClass): 204 PUT http://10.180.1.21/identity/v3/projects/d2e5da0f35124dff99a210ffa0510e33/users/780d5c72a6ff48ee8137030a62f5d106/roles/38dcd101ecf043209fdd2c6ad2795648 0.050s
2025-02-20 02:31:55.527 63770 INFO tempest.lib.common.dynamic_creds [-] Dynamic test user 780d5c72a6ff48ee8137030a62f5d106 is created with scope project and roles: ['member']
2025-02-20 02:31:55.528 63770 INFO tempest.lib.common.dynamic_creds [-] Acquired dynamic creds: credentials: Credentials: {'domain_id': 'default', 'domain_name': 'Default', 'username': 'tempest-FloatingIPDetailsNegativeTestJSON-1774163271-project-member', 'project_domain_id': 'default', 'project_domain_name': 'Default', 'project_id': 'd2e5da0f35124dff99a210ffa0510e33', 'project_name': 'tempest-FloatingIPDetailsNegativeTestJSON-1774163271', 'tenant_id': 'd2e5da0f35124dff99a210ffa0510e33', 'tenant_name': 'tempest-FloatingIPDetailsNegativeTestJSON-1774163271', 'user_domain_id': 'default', 'user_domain_name': 'Default', 'user_id': '780d5c72a6ff48ee8137030a62f5d106', 'system': None}, Network: None, Subnet: None, Router: None
2025-02-20 02:31:55.552 63794 INFO tempest.lib.common.rest_client [req-5817a9f1-d6a9-41e7-815d-9485d957c3f1 req-5817a9f1-d6a9-41e7-815d-9485d957c3f1 ] Request (MultipleCreateNegativeTestJSON:tearDownClass): 200 GET http://10.180.1.21:9696/networking/v2.0/security-groups?tenant_id=2a1ec413b36d4c6fac7a811414e4c26b&name=default 0.558s
2025-02-20 02:31:55.551 63762 INFO tempest.lib.common.rest_client [req-3c59e0bd-3adc-401b-a2ef-d02d46841c97 req-3c59e0bd-3adc-401b-a2ef-d02d46841c97 ] Request (ServerExternalEventsTest:test_create_server_external_events): 202 POST http://10.180.1.21/compute/v2.1/servers 1.747s
2025-02-20 02:31:55.626 63770 INFO tempest.lib.common.rest_client [req-2070f464-f3f3-4a15-aaac-a9178988e980 req-2070f464-f3f3-4a15-aaac-a9178988e980 ] Request (FloatingIPDetailsNegativeTestJSON:setUpClass): 201 POST http://10.180.1.21/identity/v3/auth/tokens 0.098s
2025-02-20 02:31:55.653 63806 INFO tempest.lib.common.rest_client [req-8ff5b870-bdef-4eb5-a73e-8859a951afe3 req-8ff5b870-bdef-4eb5-a73e-8859a951afe3 ] Request (ValidationResourcesFixture:setUp): 201 POST http://10.180.1.21:9696/networking/v2.0/security-group-rules 0.444s
2025-02-20 02:31:55.681 63790 INFO tempest.lib.common.rest_client [req-f6aa0154-06a3-4dd5-be2d-2dd62e677016 req-f6aa0154-06a3-4dd5-be2d-2dd62e677016 ] Request (ServerDiagnosticsV248Test:test_get_server_diagnostics): 200 GET http://10.180.1.21/compute/v2.1/servers/dea2ebe8-e06c-416c-aaa8-69fb8a1c5b46 1.629s
2025-02-20 02:31:55.694 63754 INFO tempest.lib.common.rest_client [req-e0e81fb1-6e34-4d4d-a7d9-4b4628a232e9 req-e0e81fb1-6e34-4d4d-a7d9-4b4628a232e9 ] Request (ServersTestFqdnHostnames:setUpClass): 201 POST http://10.180.1.21:9696/networking/v2.0/subnets 0.368s
2025-02-20 02:31:55.866 63772 INFO tempest.lib.common.rest_client [req-5ca11bde-9248-479d-bf5c-a5573d3ec2b8 req-5ca11bde-9248-479d-bf5c-a5573d3ec2b8 ] Request (KeyPairsV210TestJSON:test_admin_manage_keypairs_for_other_users): 201 POST http://10.180.1.21/compute/v2.1/os-keypairs 1.702s
2025-02-20 02:31:55.939 63794 INFO tempest.lib.common.rest_client [req-60760782-813d-437a-ae84-2a2c036fdb14 req-60760782-813d-437a-ae84-2a2c036fdb14 ] Request (MultipleCreateNegativeTestJSON:tearDownClass): 204 DELETE http://10.180.1.21:9696/networking/v2.0/security-groups/9a82f8b2-c398-4b91-8522-200c2b82ff49 0.387s
2025-02-20 02:31:56.054 63794 INFO tempest.lib.common.rest_client [req-fb8d36cf-2f20-4421-b83c-150ebee897a0 req-fb8d36cf-2f20-4421-b83c-150ebee897a0 ] Request (MultipleCreateNegativeTestJSON:tearDownClass): 204 DELETE http://10.180.1.21/identity/v3/projects/2a1ec413b36d4c6fac7a811414e4c26b 0.114s
2025-02-20 02:31:56.261 63810 INFO tempest.lib.common.rest_client [req-d6c1bca0-f19f-46c3-b32f-b73fe3326611 req-d6c1bca0-f19f-46c3-b32f-b73fe3326611 ] Request (QuotasAdminTestJSON:test_update_all_quota_resources_for_tenant): 200 PUT http://10.180.1.21/compute/v2.1/os-quota-sets/f32281bc18454a89b56e65ee81fef324 1.969s
2025-02-20 02:31:56.286 63808 INFO tempest.lib.common.rest_client [req-1ce03f32-33a5-4ddb-87f9-ec6db235e6c3 req-1ce03f32-33a5-4ddb-87f9-ec6db235e6c3 ] Request (FlavorsAccessTestJSON:_run_cleanups): 200 GET http://10.180.1.21/compute/v2.1/flavors/detail 1.945s
2025-02-20 02:31:56.408 63758 INFO tempest.lib.common.rest_client [req-c5efa0d6-bc20-4b58-ae7e-01b8fdf4ce3f req-c5efa0d6-bc20-4b58-ae7e-01b8fdf4ce3f ] Request (FlavorsExtraSpecsNegativeTestJSON:tearDownClass): 200 GET http://10.180.1.21/compute/v2.1/flavors/detail 2.051s
2025-02-20 02:31:56.429 63808 INFO tempest.lib.common.rest_client [req-6860d15e-faf2-40a6-bbdd-b679427df853 req-6860d15e-faf2-40a6-bbdd-b679427df853 ] Request (FlavorsAccessTestJSON:tearDownClass): 204 DELETE http://10.180.1.21/identity/v3/users/ea8e5a095a6849d1acbb3a46790f9f13 0.135s
2025-02-20 02:31:56.507 63750 INFO tempest.lib.common.rest_client [req-465fd758-88cc-4405-93ef-b531e7271e17 req-465fd758-88cc-4405-93ef-b531e7271e17 ] Request (VolumesAssistedSnapshotsTest:test_volume_assisted_snapshot_create_delete): 202 POST http://10.180.1.21/compute/v2.1/servers 2.520s
2025-02-20 02:31:56.605 63774 INFO tempest.lib.common.rest_client [req-cdae0fae-83e6-4f5a-a36e-dde5a1dc6c11 req-cdae0fae-83e6-4f5a-a36e-dde5a1dc6c11 ] Request (ServersTestManualDisk:setUpClass): 200 POST http://10.180.1.21/compute/v2.1/os-keypairs 2.128s
2025-02-20 02:31:56.628 63782 INFO tempest.lib.common.rest_client [req-6aafc06c-cc8b-4bd1-ab95-b18eab74ed6a req-6aafc06c-cc8b-4bd1-ab95-b18eab74ed6a ] Request (KeyPairsV2TestJSON:_run_cleanups): 202 DELETE http://10.180.1.21/compute/v2.1/os-keypairs/tempest-KeyPairsV2TestJSON-keypair-1171777518 1.796s
