2025-02-20 02:33:29.147 63770 INFO tempest.lib.common.rest_client [req-0a17bb39-4300-4e56-b9f7-726565bce32c req-0a17bb39-4300-4e56-b9f7-726565bce32c ] Request (ServersNegativeTestMultiTenantJSON:setUpClass): 200 GET http://10.180.1.21/compute/v2.1/servers/03156147-f1d4-4b8a-85c3-3c3ae9879fb8 0.063s
2025-02-20 02:33:29.156 63782 INFO tempest.lib.common.rest_client [req-73daa8a2-a836-4ddc-86b1-e733fa4c3511 req-73daa8a2-a836-4ddc-86b1-e733fa4c3511 ] Request (ServerActionsV293TestJSON:test_rebuild_volume_backed_server): 200 GET http://10.180.1.21/volume/v3/volumes/e5558acc-3f75-4bb9-8e2f-326bfe1dcf5a 0.036s
2025-02-20 02:33:29.165 63782 INFO tempest.lib.common.ssh [-] Creating ssh connection to '10.180.180.189:22' as 'cirros' with public key authentication
2025-02-20 02:33:29.196 63760 INFO tempest.lib.common.rest_client [req-f417c057-4c26-49ab-ba46-00270e71402c req-f417c057-4c26-49ab-ba46-00270e71402c ] Request (ServerActionsTestJSON:setUpClass): 200 GET http://10.180.1.21/compute/v2.1/servers/175791ac-4c9a-4761-85dc-87c952ffb1b8 0.061s
2025-02-20 02:33:29.245 63776 INFO tempest.lib.common.rest_client [req-3f4583a7-a09d-4f9d-8e2b-19b6a5a16933 req-3f4583a7-a09d-4f9d-8e2b-19b6a5a16933 ] Request (ServerPasswordTestJSON:setUpClass): 200 GET http://10.180.1.21/compute/v2.1/servers/8e05f61f-5cf5-416e-b801-87c5fd9a52fb 0.061s
2025-02-20 02:33:29.251 63756 INFO tempest.lib.common.rest_client [req-a95126a7-eadc-4fbc-aeda-24174f54c067 req-a95126a7-eadc-4fbc-aeda-24174f54c067 ] Request (ImagesTestJSON:test_create_image_from_stopped_server): 200 GET http://10.180.1.21/compute/v2.1/images/31bda97a-0de8-44c6-afc0-a75c0e8217da 0.033s
2025-02-20 02:33:29.357 63802 INFO tempest.lib.common.rest_client [req-3cea070f-08c2-4e45-802e-b5a94a472152 req-3cea070f-08c2-4e45-802e-b5a94a472152 ] Request (ServersAdminTestJSON:test_create_server_with_scheduling_hint): 200 GET http://10.180.1.21/compute/v2.1/servers/0a0c6584-1aeb-48f2-acd2-07f2e07ad185 0.050s
2025-02-20 02:33:29.422 63768 INFO tempest.lib.common.rest_client [req-aae4dc91-24a8-40ec-81a6-09a7e3f480c9 req-aae4dc91-24a8-40ec-81a6-09a7e3f480c9 ] Request (ListImageFiltersTestJSON:setUpClass): 200 GET http://10.180.1.21/compute/v2.1/servers/4646d61b-76b1-4f95-b751-930292050374 0.048s
2025-02-20 02:33:29.485 63798 INFO tempest.lib.common.rest_client [req-c8d16dd6-d0c9-4621-8e62-6f15e452c869 req-c8d16dd6-d0c9-4621-8e62-6f15e452c869 ] Request (MigrationsAdminTest:test_resize_server_revert_deleted_flavor): 200 GET http://10.180.1.21/compute/v2.1/servers/eb822c42-3071-4027-bc3b-03e32dc46cce 0.053s
2025-02-20 02:33:29.485 63790 INFO tempest.lib.common.rest_client [req-3d9fdf35-6e64-4836-a51f-790f76a8f6d0 req-3d9fdf35-6e64-4836-a51f-790f76a8f6d0 ] Request (ImagesNegativeTestJSON:test_create_image_from_deleted_server): 200 GET http://10.180.1.21/compute/v2.1/servers/ebe92ccd-bda8-4a60-ae8e-81c7ea154646 0.053s
2025-02-20 02:33:29.540 63788 INFO tempest.lib.common.rest_client [req-b1743328-ccd2-4b93-be77-9151031b3625 req-b1743328-ccd2-4b93-be77-9151031b3625 ] Request (FloatingIPsAssociationTestJSON:test_associate_already_associated_floating_ip): 200 GET http://10.180.1.21/compute/v2.1/servers/0715ab54-59f5-43a6-b0fa-23e219f8d459 0.056s
2025-02-20 02:33:29.621 63778 INFO tempest.lib.common.rest_client [req-b6b85531-5349-4ba0-9678-57f4af97179f req-b6b85531-5349-4ba0-9678-57f4af97179f ] Request (DeleteServersTestJSON:test_delete_server_while_in_attached_volume): 200 GET http://10.180.1.21/compute/v2.1/servers/72eb6306-764d-4bc9-a991-86276b9eb73e 0.074s
2025-02-20 02:33:29.717 63780 INFO tempest.lib.common.rest_client [req-dfed9152-1c49-4f82-a14d-e51679de53bc req-dfed9152-1c49-4f82-a14d-e51679de53bc ] Request (ServersTestBootFromVolume:setUpClass): 200 GET http://10.180.1.21/compute/v2.1/servers/fa37793d-84ec-44a7-b5d3-f363829bca25 0.076s
2025-02-20 02:33:29.720 63752 INFO tempest.lib.common.rest_client [req-9dbce22b-061a-488a-9131-ca17f038c3a2 req-9dbce22b-061a-488a-9131-ca17f038c3a2 ] Request (AttachInterfacesV270Test:test_create_get_list_interfaces): 200 GET http://10.180.1.21/compute/v2.1/servers/4928ffe3-e026-4ef3-922a-01685d5659ed 0.129s
2025-02-20 02:33:29.729 63752 INFO tempest.common.waiters [-] State transition "BUILD/block_device_mapping" ==> "BUILD/spawning" after 58 second wait
2025-02-20 02:33:29.785 63764 INFO tempest.lib.common.rest_client [req-cfe9d3c1-9f5a-4a91-a9c8-23d9a3eef442 req-cfe9d3c1-9f5a-4a91-a9c8-23d9a3eef442 ] Request (ServerDiskConfigTestJSON:test_rebuild_server_with_auto_disk_config): 200 GET http://10.180.1.21/compute/v2.1/servers/7ed6e729-8d86-4ecb-8ff4-0f63d927b178 0.078s
2025-02-20 02:33:29.791 63784 INFO tempest.lib.common.rest_client [req-339c3a97-d4f1-4965-b908-6ecaa826c461 req-339c3a97-d4f1-4965-b908-6ecaa826c461 ] Request (ServersAdmin275Test:_run_cleanups): 200 GET http://10.180.1.21/compute/v2.1/servers/1609b318-331d-4477-86c7-fe336bd2f523 0.096s
2025-02-20 02:33:29.846 63796 INFO tempest.lib.common.rest_client [req-609c5382-ac3f-4c7f-a9a0-e05602705c04 req-609c5382-ac3f-4c7f-a9a0-e05602705c04 ] Request (AttachVolumeNegativeTest:test_attach_attached_volume_to_different_server): 200 GET http://10.180.1.21/compute/v2.1/servers/85a40135-dbab-471d-bf08-6abf2af2ff71 0.089s
2025-02-20 02:33:29.947 63792 INFO tempest.lib.common.rest_client [req-0cbc68c7-42ec-49b4-8085-b3887ca7700c req-0cbc68c7-42ec-49b4-8085-b3887ca7700c ] Request (VolumesGetTestJSON:tearDownClass): 404 GET http://10.180.1.21/compute/v2.1/os-volumes/328847dc-47a9-4d3a-a7f8-f326ff323787 0.028s
2025-02-20 02:33:29.985 63766 INFO tempest.lib.common.rest_client [req-65de2fa5-ee2b-4937-b7cf-2e63ebf0cf82 req-65de2fa5-ee2b-4937-b7cf-2e63ebf0cf82 ] Request (ServersAdminNegativeTestJSON:tearDownClass): 200 GET http://10.180.1.21/compute/v2.1/servers/e394083f-8dee-46ae-b380-137b6c8813c3 0.101s
2025-02-20 02:33:30.029 63801 INFO tempest.lib.common.rest_client [req-de1cf181-1a35-4ad8-93cc-c86b2476cd76 req-de1cf181-1a35-4ad8-93cc-c86b2476cd76 ] Request (SecurityGroupsTestJSON:test_server_security_groups): 200 GET http://10.180.1.21/compute/v2.1/servers/55828beb-5311-42cd-bacd-cc50a94d642d 0.052s
2025-02-20 02:33:30.036 63801 INFO tempest.common.waiters [-] State transition "BUILD/scheduling" ==> "BUILD/None" after 29 second wait
2025-02-20 02:33:30.054 63792 INFO tempest.lib.common.rest_client [req-9dfcf132-c4b2-4b25-8033-ea529525af04 req-9dfcf132-c4b2-4b25-8033-ea529525af04 ] Request (VolumesGetTestJSON:tearDownClass): 204 DELETE http://10.180.1.21/identity/v3/users/c09442aa7da945bdacf16b42f85d02b3 0.106s
2025-02-20 02:33:30.054 63792 INFO tempest.lib.common.dynamic_creds [-] Deleting project and security group for project: eaab31cd35e541438db806e931b88869
2025-02-20 02:33:30.079 63762 INFO tempest.lib.common.rest_client [req-cc871c67-2ad7-4a3d-b915-9ca8528dca93 req-cc871c67-2ad7-4a3d-b915-9ca8528dca93 ] Request (ServersTestJSON:setUpClass): 200 GET http://10.180.1.21/compute/v2.1/servers/61b5d98e-ec18-4933-a7e9-06bb31b66c79 0.051s
2025-02-20 02:33:30.115 63748 INFO tempest.lib.common.rest_client [req-6f560f1c-c883-4d8d-96e9-e0023bb88039 req-6f560f1c-c883-4d8d-96e9-e0023bb88039 ] Request (DeleteServersAdminTestJSON:test_delete_server_while_in_error_state): 200 GET http://10.180.1.21/compute/v2.1/servers/af62b82e-d44c-4257-9abe-c9af7125f5fd 0.097s
2025-02-20 02:33:30.117 63792 INFO tempest.lib.common.rest_client [req-4a4b2f31-08c6-4328-92db-b380900aef4b req-4a4b2f31-08c6-4328-92db-b380900aef4b ] Request (VolumesGetTestJSON:tearDownClass): 201 POST http://10.180.1.21/identity/v3/auth/tokens 0.063s
2025-02-20 02:33:30.168 63772 INFO tempest.lib.common.rest_client [req-29b64b81-eb34-4e45-9edd-9446f0faf003 req-29b64b81-eb34-4e45-9edd-9446f0faf003 ] Request (FloatingIPsAssociationNegativeTestJSON:tearDownClass): 200 GET http://10.180.1.21/compute/v2.1/servers/894f7bad-00c6-4830-bf8b-672c83736f53 0.062s
2025-02-20 02:33:30.227 63770 INFO tempest.lib.common.rest_client [req-d96f0feb-6b0e-439f-810e-6366ecad9c7f req-d96f0feb-6b0e-439f-810e-6366ecad9c7f ] Request (ServersNegativeTestMultiTenantJSON:setUpClass): 200 GET http://10.180.1.21/compute/v2.1/servers/03156147-f1d4-4b8a-85c3-3c3ae9879fb8 0.072s
2025-02-20 02:33:30.239 63770 INFO tempest.common.waiters [-] State transition "BUILD/None" ==> "BUILD/networking" after 48 second wait
2025-02-20 02:33:30.266 63760 INFO tempest.lib.common.rest_client [req-5face292-ffc3-45ae-a698-997bc7c1255a req-5face292-ffc3-45ae-a698-997bc7c1255a ] Request (ServerActionsTestJSON:setUpClass): 200 GET http://10.180.1.21/compute/v2.1/servers/175791ac-4c9a-4761-85dc-87c952ffb1b8 0.063s
2025-02-20 02:33:30.316 63758 WARNING tempest.lib.common.ssh [-] Failed to establish authenticated ssh connection to cirros@10.180.180.233 ([Errno None] Unable to connect to port 22 on 10.180.180.233). Number attempts: 1. Retry after 2 seconds.: paramiko.ssh_exception.NoValidConnectionsError: [Errno None] Unable to connect to port 22 on 10.180.180.233
2025-02-20 02:33:30.321 63756 INFO tempest.lib.common.rest_client [req-ce3dd9bc-d656-40fa-b9df-29693e6900e8 req-ce3dd9bc-d656-40fa-b9df-29693e6900e8 ] Request (ImagesTestJSON:test_create_image_from_stopped_server): 200 GET http://10.180.1.21/compute/v2.1/images/31bda97a-0de8-44c6-afc0-a75c0e8217da 0.065s
2025-02-20 02:33:30.327 63776 INFO tempest.lib.common.rest_client [req-811be0e1-4013-46dc-b170-10800350c8c6 req-811be0e1-4013-46dc-b170-10800350c8c6 ] Request (ServerPasswordTestJSON:setUpClass): 200 GET http://10.180.1.21/compute/v2.1/servers/8e05f61f-5cf5-416e-b801-87c5fd9a52fb 0.074s
2025-02-20 02:33:30.379 63792 INFO tempest.lib.common.rest_client [req-ae264dfc-ed6d-4d46-8673-0ef7a2aba9f4 req-ae264dfc-ed6d-4d46-8673-0ef7a2aba9f4 ] Request (VolumesGetTestJSON:tearDownClass): 200 GET http://10.180.1.21:9696/networking/v2.0/security-groups?tenant_id=eaab31cd35e541438db806e931b88869&name=default 0.261s
2025-02-20 02:33:30.432 63802 INFO tempest.lib.common.rest_client [req-615a0408-e09c-4fc9-b19d-2081bbfa9be1 req-615a0408-e09c-4fc9-b19d-2081bbfa9be1 ] Request (ServersAdminTestJSON:test_create_server_with_scheduling_hint): 200 GET http://10.180.1.21/compute/v2.1/servers/0a0c6584-1aeb-48f2-acd2-07f2e07ad185 0.064s
2025-02-20 02:33:30.484 63792 INFO tempest.lib.common.rest_client [req-f8b1545a-abaf-43c9-b90b-b0d17b834813 req-f8b1545a-abaf-43c9-b90b-b0d17b834813 ] Request (VolumesGetTestJSON:tearDownClass): 204 DELETE http://10.180.1.21:9696/networking/v2.0/security-groups/e4ffa9f2-c5ff-4b0e-a672-9d7c409fdaa9 0.104s
2025-02-20 02:33:30.496 63768 INFO tempest.lib.common.rest_client [req-3395e87f-a91b-412e-b7e9-46ab45b5d986 req-3395e87f-a91b-412e-b7e9-46ab45b5d986 ] Request (ListImageFiltersTestJSON:setUpClass): 200 GET http://10.180.1.21/compute/v2.1/servers/4646d61b-76b1-4f95-b751-930292050374 0.066s
2025-02-20 02:33:30.566 63790 INFO tempest.lib.common.rest_client [req-cce762af-f6d0-4cfc-84c3-a7c6d4312c62 req-cce762af-f6d0-4cfc-84c3-a7c6d4312c62 ] Request (ImagesNegativeTestJSON:test_create_image_from_deleted_server): 200 GET http://10.180.1.21/compute/v2.1/servers/ebe92ccd-bda8-4a60-ae8e-81c7ea154646 0.071s
2025-02-20 02:33:30.569 63798 INFO tempest.lib.common.rest_client [req-6dacbc45-fe7d-4ac8-8b3d-38ad9ab5cef9 req-6dacbc45-fe7d-4ac8-8b3d-38ad9ab5cef9 ] Request (MigrationsAdminTest:test_resize_server_revert_deleted_flavor): 200 GET http://10.180.1.21/compute/v2.1/servers/eb822c42-3071-4027-bc3b-03e32dc46cce 0.073s
2025-02-20 02:33:30.577 63792 INFO tempest.lib.common.rest_client [req-5b2af422-7027-48ec-8ead-893166a2aede req-5b2af422-7027-48ec-8ead-893166a2aede ] Request (VolumesGetTestJSON:tearDownClass): 204 DELETE http://10.180.1.21/identity/v3/projects/eaab31cd35e541438db806e931b88869 0.092s
2025-02-20 02:33:30.633 63788 INFO tempest.lib.common.rest_client [req-8a5126d0-ab44-43da-885d-bca55c2565bc req-8a5126d0-ab44-43da-885d-bca55c2565bc ] Request (FloatingIPsAssociationTestJSON:test_associate_already_associated_floating_ip): 200 GET http://10.180.1.21/compute/v2.1/servers/0715ab54-59f5-43a6-b0fa-23e219f8d459 0.085s
2025-02-20 02:33:30.705 63778 INFO tempest.lib.common.rest_client [req-34997a7a-e3a8-4b0b-b823-ec4d3a14c6c5 req-34997a7a-e3a8-4b0b-b823-ec4d3a14c6c5 ] Request (DeleteServersTestJSON:test_delete_server_while_in_attached_volume): 200 GET http://10.180.1.21/compute/v2.1/servers/72eb6306-764d-4bc9-a991-86276b9eb73e 0.073s
2025-02-20 02:33:30.754 63810 WARNING tempest.lib.common.ssh [-] Failed to establish authenticated ssh connection to cirros@10.180.180.131 ([Errno None] Unable to connect to port 22 on 10.180.180.131). Number attempts: 5. Retry after 6 seconds.: paramiko.ssh_exception.NoValidConnectionsError: [Errno None] Unable to connect to port 22 on 10.180.180.131
2025-02-20 02:33:30.785 63780 INFO tempest.lib.common.rest_client [req-2f89fbb3-fff6-43c0-8c10-f5a5d2168fed req-2f89fbb3-fff6-43c0-8c10-f5a5d2168fed ] Request (ServersTestBootFromVolume:setUpClass): 200 GET http://10.180.1.21/compute/v2.1/servers/fa37793d-84ec-44a7-b5d3-f363829bca25 0.056s
2025-02-20 02:33:30.852 63764 INFO tempest.lib.common.rest_client [req-85337a09-a703-44d8-8678-1a88dae3146d req-85337a09-a703-44d8-8678-1a88dae3146d ] Request (ServerDiskConfigTestJSON:test_rebuild_server_with_auto_disk_config): 200 GET http://10.180.1.21/compute/v2.1/servers/7ed6e729-8d86-4ecb-8ff4-0f63d927b178 0.055s
2025-02-20 02:33:30.905 63752 INFO tempest.lib.common.rest_client [req-775c19e1-8627-4cf6-8dd1-de23a0a59b6d req-775c19e1-8627-4cf6-8dd1-de23a0a59b6d ] Request (AttachInterfacesV270Test:test_create_get_list_interfaces): 200 GET http://10.180.1.21/compute/v2.1/servers/4928ffe3-e026-4ef3-922a-01685d5659ed 0.175s
2025-02-20 02:33:30.912 63784 INFO tempest.lib.common.rest_client [req-28ac7286-3c68-4a7b-84e2-9a8505049998 req-28ac7286-3c68-4a7b-84e2-9a8505049998 ] Request (ServersAdmin275Test:_run_cleanups): 200 GET http://10.180.1.21/compute/v2.1/servers/1609b318-331d-4477-86c7-fe336bd2f523 0.110s
2025-02-20 02:33:30.921 63784 INFO tempest.common.waiters [-] State transition "REBUILD/rebuild_spawning" ==> "ACTIVE/None" after 10 second wait
2025-02-20 02:33:30.976 63796 INFO tempest.lib.common.rest_client [req-ad13c3ac-ed12-4fee-9e15-605eacd3a12b req-ad13c3ac-ed12-4fee-9e15-605eacd3a12b ] Request (AttachVolumeNegativeTest:test_attach_attached_volume_to_different_server): 200 GET http://10.180.1.21/compute/v2.1/servers/85a40135-dbab-471d-bf08-6abf2af2ff71 0.120s
2025-02-20 02:33:30.998 63784 INFO tempest.lib.common.rest_client [req-00d8f49d-b8e0-4095-832a-bfa8f8ffc6eb req-00d8f49d-b8e0-4095-832a-bfa8f8ffc6eb ] Request (ServersAdmin275Test:tearDownClass): 204 DELETE http://10.180.1.21/compute/v2.1/servers/1609b318-331d-4477-86c7-fe336bd2f523 0.075s
2025-02-20 02:33:31.052 63784 INFO tempest.lib.common.rest_client [req-8a71bfb8-7ea6-47af-b55b-7f5407e2d74d req-8a71bfb8-7ea6-47af-b55b-7f5407e2d74d ] Request (ServersAdmin275Test:tearDownClass): 200 GET http://10.180.1.21/compute/v2.1/servers/1609b318-331d-4477-86c7-fe336bd2f523 0.054s
2025-02-20 02:33:31.071 63766 INFO tempest.lib.common.rest_client [req-e7851c4d-4feb-4eb2-bfc4-0c083a61b329 req-e7851c4d-4feb-4eb2-bfc4-0c083a61b329 ] Request (ServersAdminNegativeTestJSON:tearDownClass): 200 GET http://10.180.1.21/compute/v2.1/servers/e394083f-8dee-46ae-b380-137b6c8813c3 0.078s
2025-02-20 02:33:31.133 63801 INFO tempest.lib.common.rest_client [req-1dbafb77-cb3e-49cf-8b29-d0b75728d2b0 req-1dbafb77-cb3e-49cf-8b29-d0b75728d2b0 ] Request (SecurityGroupsTestJSON:test_server_security_groups): 200 GET http://10.180.1.21/compute/v2.1/servers/55828beb-5311-42cd-bacd-cc50a94d642d 0.096s
2025-02-20 02:33:31.139 63762 INFO tempest.lib.common.rest_client [req-535252dc-55ef-4b2a-b1b9-e749206b8b34 req-535252dc-55ef-4b2a-b1b9-e749206b8b34 ] Request (ServersTestJSON:setUpClass): 200 GET http://10.180.1.21/compute/v2.1/servers/61b5d98e-ec18-4933-a7e9-06bb31b66c79 0.049s
2025-02-20 02:33:31.251 63772 INFO tempest.lib.common.rest_client [req-8f71fe5c-31ec-4b2e-aacd-eff6599e2822 req-8f71fe5c-31ec-4b2e-aacd-eff6599e2822 ] Request (FloatingIPsAssociationNegativeTestJSON:tearDownClass): 200 GET http://10.180.1.21/compute/v2.1/servers/894f7bad-00c6-4830-bf8b-672c83736f53 0.074s
2025-02-20 02:33:31.268 63748 INFO tempest.lib.common.rest_client [req-b5665f93-ea9b-42ff-8160-40300f24b193 req-b5665f93-ea9b-42ff-8160-40300f24b193 ] Request (DeleteServersAdminTestJSON:test_delete_server_while_in_error_state): 200 GET http://10.180.1.21/compute/v2.1/servers/af62b82e-d44c-4257-9abe-c9af7125f5fd 0.144s
2025-02-20 02:33:31.353 63760 INFO tempest.lib.common.rest_client [req-606df55a-bab2-4dd5-b10a-7268b0e0dbf1 req-606df55a-bab2-4dd5-b10a-7268b0e0dbf1 ] Request (ServerActionsTestJSON:setUpClass): 200 GET http://10.180.1.21/compute/v2.1/servers/175791ac-4c9a-4761-85dc-87c952ffb1b8 0.064s
2025-02-20 02:33:31.370 63770 INFO tempest.lib.common.rest_client [req-95a7d7cc-c966-4c0a-84ad-658eedf908a7 req-95a7d7cc-c966-4c0a-84ad-658eedf908a7 ] Request (ServersNegativeTestMultiTenantJSON:setUpClass): 200 GET http://10.180.1.21/compute/v2.1/servers/03156147-f1d4-4b8a-85c3-3c3ae9879fb8 0.130s
2025-02-20 02:33:31.377 63770 INFO tempest.common.waiters [-] State transition "BUILD/networking" ==> "BUILD/spawning" after 49 second wait
2025-02-20 02:33:31.391 63756 INFO tempest.lib.common.rest_client [req-e3bbd99d-21fa-40d4-87b1-217e3963da39 req-e3bbd99d-21fa-40d4-87b1-217e3963da39 ] Request (ImagesTestJSON:test_create_image_from_stopped_server): 200 GET http://10.180.1.21/compute/v2.1/images/31bda97a-0de8-44c6-afc0-a75c0e8217da 0.065s
2025-02-20 02:33:31.419 63776 INFO tempest.lib.common.rest_client [req-9a0defd1-5f5d-4c99-8985-37c45072d68e req-9a0defd1-5f5d-4c99-8985-37c45072d68e ] Request (ServerPasswordTestJSON:setUpClass): 200 GET http://10.180.1.21/compute/v2.1/servers/8e05f61f-5cf5-416e-b801-87c5fd9a52fb 0.084s
2025-02-20 02:33:31.486 63802 INFO tempest.lib.common.rest_client [req-b9a4e5c1-95f2-44c9-85f4-dd33e918c225 req-b9a4e5c1-95f2-44c9-85f4-dd33e918c225 ] Request (ServersAdminTestJSON:test_create_server_with_scheduling_hint): 200 GET http://10.180.1.21/compute/v2.1/servers/0a0c6584-1aeb-48f2-acd2-07f2e07ad185 0.046s
2025-02-20 02:33:31.556 63768 INFO tempest.lib.common.rest_client [req-f8b6b76f-cc85-4aab-96d4-ab10fe48a4a1 req-f8b6b76f-cc85-4aab-96d4-ab10fe48a4a1 ] Request (ListImageFiltersTestJSON:setUpClass): 200 GET http://10.180.1.21/compute/v2.1/servers/4646d61b-76b1-4f95-b751-930292050374 0.052s
2025-02-20 02:33:31.567 63804 WARNING tempest.lib.common.ssh [-] Failed to establish authenticated ssh connection to cirros@10.180.180.229 ([Errno None] Unable to connect to port 22 on 10.180.180.229). Number attempts: 9. Retry after 10 seconds.: paramiko.ssh_exception.NoValidConnectionsError: [Errno None] Unable to connect to port 22 on 10.180.180.229
2025-02-20 02:33:31.624 63790 INFO tempest.lib.common.rest_client [req-9c3e5386-6cec-42c4-b52f-299534a890fb req-9c3e5386-6cec-42c4-b52f-299534a890fb ] Request (ImagesNegativeTestJSON:test_create_image_from_deleted_server): 200 GET http://10.180.1.21/compute/v2.1/servers/ebe92ccd-bda8-4a60-ae8e-81c7ea154646 0.050s
2025-02-20 02:33:31.624 63798 INFO tempest.lib.common.rest_client [req-d9a492dd-4d9c-41b4-ae6d-4322d724aed3 req-d9a492dd-4d9c-41b4-ae6d-4322d724aed3 ] Request (MigrationsAdminTest:test_resize_server_revert_deleted_flavor): 200 GET http://10.180.1.21/compute/v2.1/servers/eb822c42-3071-4027-bc3b-03e32dc46cce 0.045s
2025-02-20 02:33:31.697 63788 INFO tempest.lib.common.rest_client [req-72284440-773c-46b6-8438-0382d96ae24e req-72284440-773c-46b6-8438-0382d96ae24e ] Request (FloatingIPsAssociationTestJSON:test_associate_already_associated_floating_ip): 200 GET http://10.180.1.21/compute/v2.1/servers/0715ab54-59f5-43a6-b0fa-23e219f8d459 0.053s
2025-02-20 02:33:31.773 63778 INFO tempest.lib.common.rest_client [req-e31591d4-2fe4-4207-a126-c9eec74bc51c req-e31591d4-2fe4-4207-a126-c9eec74bc51c ] Request (DeleteServersTestJSON:test_delete_server_while_in_attached_volume): 200 GET http://10.180.1.21/compute/v2.1/servers/72eb6306-764d-4bc9-a991-86276b9eb73e 0.054s
2025-02-20 02:33:31.855 63780 INFO tempest.lib.common.rest_client [req-6deb3ead-fda7-4c48-9746-0995ab0994de req-6deb3ead-fda7-4c48-9746-0995ab0994de ] Request (ServersTestBootFromVolume:setUpClass): 200 GET http://10.180.1.21/compute/v2.1/servers/fa37793d-84ec-44a7-b5d3-f363829bca25 0.059s
2025-02-20 02:33:31.920 63764 INFO tempest.lib.common.rest_client [req-d189d61e-5703-49c8-b515-76793ffbb059 req-d189d61e-5703-49c8-b515-76793ffbb059 ] Request (ServerDiskConfigTestJSON:test_rebuild_server_with_auto_disk_config): 200 GET http://10.180.1.21/compute/v2.1/servers/7ed6e729-8d86-4ecb-8ff4-0f63d927b178 0.049s
2025-02-20 02:33:32.022 63752 INFO tempest.lib.common.rest_client [req-ef32e07b-d27c-4349-84df-cb213311b288 req-ef32e07b-d27c-4349-84df-cb213311b288 ] Request (AttachInterfacesV270Test:test_create_get_list_interfaces): 200 GET http://10.180.1.21/compute/v2.1/servers/4928ffe3-e026-4ef3-922a-01685d5659ed 0.107s
2025-02-20 02:33:32.048 63796 INFO tempest.lib.common.rest_client [req-c0c6964e-30d3-4cb2-89d3-59d4b282b9b0 req-c0c6964e-30d3-4cb2-89d3-59d4b282b9b0 ] Request (AttachVolumeNegativeTest:test_attach_attached_volume_to_different_server): 200 GET http://10.180.1.21/compute/v2.1/servers/85a40135-dbab-471d-bf08-6abf2af2ff71 0.063s
2025-02-20 02:33:32.122 63784 INFO tempest.lib.common.rest_client [req-bb3bdbb6-62eb-4a49-a4e8-948c41bb8a5e req-bb3bdbb6-62eb-4a49-a4e8-948c41bb8a5e ] Request (ServersAdmin275Test:tearDownClass): 200 GET http://10.180.1.21/compute/v2.1/servers/1609b318-331d-4477-86c7-fe336bd2f523 0.058s
2025-02-20 02:33:32.142 63766 INFO tempest.lib.common.rest_client [req-f3ef8678-4f05-4292-9c37-5753e705dd0c req-f3ef8678-4f05-4292-9c37-5753e705dd0c ] Request (ServersAdminNegativeTestJSON:tearDownClass): 200 GET http://10.180.1.21/compute/v2.1/servers/e394083f-8dee-46ae-b380-137b6c8813c3 0.061s
2025-02-20 02:33:32.149 63766 INFO tempest.common.waiters [-] State transition "SUSPENDED/deleting" ==> "DELETED/None" after 4 second wait
2025-02-20 02:33:32.193 63801 INFO tempest.lib.common.rest_client [req-bdfdbfe1-53a9-402d-906c-8c987c0ebbca req-bdfdbfe1-53a9-402d-906c-8c987c0ebbca ] Request (SecurityGroupsTestJSON:test_server_security_groups): 200 GET http://10.180.1.21/compute/v2.1/servers/55828beb-5311-42cd-bacd-cc50a94d642d 0.050s
2025-02-20 02:33:32.205 63762 INFO tempest.lib.common.rest_client [req-fd8ff7fb-ff43-4cc7-8bf5-906604f3b288 req-fd8ff7fb-ff43-4cc7-8bf5-906604f3b288 ] Request (ServersTestJSON:setUpClass): 200 GET http://10.180.1.21/compute/v2.1/servers/61b5d98e-ec18-4933-a7e9-06bb31b66c79 0.050s
2025-02-20 02:33:32.318 63772 INFO tempest.lib.common.rest_client [req-3246b72c-81f0-4f81-80a1-b1640c605f1a req-3246b72c-81f0-4f81-80a1-b1640c605f1a ] Request (FloatingIPsAssociationNegativeTestJSON:tearDownClass): 200 GET http://10.180.1.21/compute/v2.1/servers/894f7bad-00c6-4830-bf8b-672c83736f53 0.059s
2025-02-20 02:33:32.393 63748 INFO tempest.lib.common.rest_client [req-98f6eda6-0592-4b30-8bdb-ad0f56e7d4a2 req-98f6eda6-0592-4b30-8bdb-ad0f56e7d4a2 ] Request (DeleteServersAdminTestJSON:test_delete_server_while_in_error_state): 200 GET http://10.180.1.21/compute/v2.1/servers/af62b82e-d44c-4257-9abe-c9af7125f5fd 0.117s
2025-02-20 02:33:32.415 63760 INFO tempest.lib.common.rest_client [req-ae93b9bc-5e76-46ea-a876-0a8a0bc3b450 req-ae93b9bc-5e76-46ea-a876-0a8a0bc3b450 ] Request (ServerActionsTestJSON:setUpClass): 200 GET http://10.180.1.21/compute/v2.1/servers/175791ac-4c9a-4761-85dc-87c952ffb1b8 0.054s
2025-02-20 02:33:32.443 63756 INFO tempest.lib.common.rest_client [req-2ef29dda-6c6d-43cb-80ea-9708c2646063 req-2ef29dda-6c6d-43cb-80ea-9708c2646063 ] Request (ImagesTestJSON:test_create_image_from_stopped_server): 200 GET http://10.180.1.21/compute/v2.1/images/31bda97a-0de8-44c6-afc0-a75c0e8217da 0.048s
2025-02-20 02:33:32.482 63770 INFO tempest.lib.common.rest_client [req-df4df07f-be26-45d7-b468-12ed6f712a48 req-df4df07f-be26-45d7-b468-12ed6f712a48 ] Request (ServersNegativeTestMultiTenantJSON:setUpClass): 200 GET http://10.180.1.21/compute/v2.1/servers/03156147-f1d4-4b8a-85c3-3c3ae9879fb8 0.104s
2025-02-20 02:33:32.517 63776 INFO tempest.lib.common.rest_client [req-1f70840f-a9f3-4307-be40-0f57b17fa578 req-1f70840f-a9f3-4307-be40-0f57b17fa578 ] Request (ServerPasswordTestJSON:setUpClass): 200 GET http://10.180.1.21/compute/v2.1/servers/8e05f61f-5cf5-416e-b801-87c5fd9a52fb 0.091s
2025-02-20 02:33:32.549 63802 INFO tempest.lib.common.rest_client [req-a56870ff-9e1e-41c3-a485-d13592884e5d req-a56870ff-9e1e-41c3-a485-d13592884e5d ] Request (ServersAdminTestJSON:test_create_server_with_scheduling_hint): 200 GET http://10.180.1.21/compute/v2.1/servers/0a0c6584-1aeb-48f2-acd2-07f2e07ad185 0.054s
2025-02-20 02:33:32.624 63768 INFO tempest.lib.common.rest_client [req-41f5c1b8-57a3-4962-966b-605749ece4c1 req-41f5c1b8-57a3-4962-966b-605749ece4c1 ] Request (ListImageFiltersTestJSON:setUpClass): 200 GET http://10.180.1.21/compute/v2.1/servers/4646d61b-76b1-4f95-b751-930292050374 0.061s
2025-02-20 02:33:32.674 63806 WARNING tempest.lib.common.ssh [-] Failed to establish authenticated ssh connection to cirros@10.180.180.154 ([Errno None] Unable to connect to port 22 on 10.180.180.154). Number attempts: 7. Retry after 8 seconds.: paramiko.ssh_exception.NoValidConnectionsError: [Errno None] Unable to connect to port 22 on 10.180.180.154
2025-02-20 02:33:32.684 63790 INFO tempest.lib.common.rest_client [req-ec786d29-3be0-46f9-b9ac-4fe38bda5645 req-ec786d29-3be0-46f9-b9ac-4fe38bda5645 ] Request (ImagesNegativeTestJSON:test_create_image_from_deleted_server): 200 GET http://10.180.1.21/compute/v2.1/servers/ebe92ccd-bda8-4a60-ae8e-81c7ea154646 0.052s
2025-02-20 02:33:32.687 63798 INFO tempest.lib.common.rest_client [req-8e8a3d67-a981-4fa0-bc0d-34fbe881c5b5 req-8e8a3d67-a981-4fa0-bc0d-34fbe881c5b5 ] Request (MigrationsAdminTest:test_resize_server_revert_deleted_flavor): 200 GET http://10.180.1.21/compute/v2.1/servers/eb822c42-3071-4027-bc3b-03e32dc46cce 0.054s
2025-02-20 02:33:32.753 63788 INFO tempest.lib.common.rest_client [req-8bbd547e-61ad-43e7-8e08-a4df4a2a4534 req-8bbd547e-61ad-43e7-8e08-a4df4a2a4534 ] Request (FloatingIPsAssociationTestJSON:test_associate_already_associated_floating_ip): 200 GET http://10.180.1.21/compute/v2.1/servers/0715ab54-59f5-43a6-b0fa-23e219f8d459 0.049s
2025-02-20 02:33:32.832 63778 INFO tempest.lib.common.rest_client [req-9d530688-b0c9-469b-8571-40e6f732d607 req-9d530688-b0c9-469b-8571-40e6f732d607 ] Request (DeleteServersTestJSON:test_delete_server_while_in_attached_volume): 200 GET http://10.180.1.21/compute/v2.1/servers/72eb6306-764d-4bc9-a991-86276b9eb73e 0.051s
2025-02-20 02:33:32.918 63780 INFO tempest.lib.common.rest_client [req-912c69ef-0519-466f-a7fa-1b40759b3498 req-912c69ef-0519-466f-a7fa-1b40759b3498 ] Request (ServersTestBootFromVolume:setUpClass): 200 GET http://10.180.1.21/compute/v2.1/servers/fa37793d-84ec-44a7-b5d3-f363829bca25 0.056s
2025-02-20 02:33:32.980 63764 INFO tempest.lib.common.rest_client [req-fc156ce9-45c7-4214-b6bc-885770594c0f req-fc156ce9-45c7-4214-b6bc-885770594c0f ] Request (ServerDiskConfigTestJSON:test_rebuild_server_with_auto_disk_config): 200 GET http://10.180.1.21/compute/v2.1/servers/7ed6e729-8d86-4ecb-8ff4-0f63d927b178 0.051s
2025-02-20 02:33:33.128 63796 INFO tempest.lib.common.rest_client [req-1c234eda-5c1e-4c73-a82d-2fe9b4548a27 req-1c234eda-5c1e-4c73-a82d-2fe9b4548a27 ] Request (AttachVolumeNegativeTest:test_attach_attached_volume_to_different_server): 200 GET http://10.180.1.21/compute/v2.1/servers/85a40135-dbab-471d-bf08-6abf2af2ff71 0.072s
2025-02-20 02:33:33.137 63796 INFO tempest.common.waiters [-] State transition "BUILD/None" ==> "BUILD/networking" after 45 second wait
2025-02-20 02:33:33.151 63752 INFO tempest.lib.common.rest_client [req-9e30eae0-c94d-43bf-b6f4-d01939b05f85 req-9e30eae0-c94d-43bf-b6f4-d01939b05f85 ] Request (AttachInterfacesV270Test:test_create_get_list_interfaces): 200 GET http://10.180.1.21/compute/v2.1/servers/4928ffe3-e026-4ef3-922a-01685d5659ed 0.116s
2025-02-20 02:33:33.231 63784 INFO tempest.lib.common.rest_client [req-888a8f74-7e45-47e3-aa17-d5833a3c7e8c req-888a8f74-7e45-47e3-aa17-d5833a3c7e8c ] Request (ServersAdmin275Test:tearDownClass): 200 GET http://10.180.1.21/compute/v2.1/servers/1609b318-331d-4477-86c7-fe336bd2f523 0.096s
2025-02-20 02:33:33.240 63766 INFO tempest.lib.common.rest_client [req-aaad74f2-e91c-4b5a-81d6-e50f3af91706 req-aaad74f2-e91c-4b5a-81d6-e50f3af91706 ] Request (ServersAdminNegativeTestJSON:tearDownClass): 200 GET http://10.180.1.21/compute/v2.1/servers/e394083f-8dee-46ae-b380-137b6c8813c3 0.087s
2025-02-20 02:33:33.252 63782 WARNING tempest.lib.common.ssh [-] Failed to establish authenticated ssh connection to cirros@10.180.180.189 ([Errno None] Unable to connect to port 22 on 10.180.180.189). Number attempts: 1. Retry after 2 seconds.: paramiko.ssh_exception.NoValidConnectionsError: [Errno None] Unable to connect to port 22 on 10.180.180.189
2025-02-20 02:33:33.284 63801 INFO tempest.lib.common.rest_client [req-fda37c5b-cd0d-4fbc-979c-5b13873774d5 req-fda37c5b-cd0d-4fbc-979c-5b13873774d5 ] Request (SecurityGroupsTestJSON:test_server_security_groups): 200 GET http://10.180.1.21/compute/v2.1/servers/55828beb-5311-42cd-bacd-cc50a94d642d 0.081s
2025-02-20 02:33:33.300 63762 INFO tempest.lib.common.rest_client [req-c9278ff1-5c30-4855-ac0e-9a5dcd993df5 req-c9278ff1-5c30-4855-ac0e-9a5dcd993df5 ] Request (ServersTestJSON:setUpClass): 200 GET http://10.180.1.21/compute/v2.1/servers/61b5d98e-ec18-4933-a7e9-06bb31b66c79 0.086s
2025-02-20 02:33:33.377 63758 WARNING tempest.lib.common.ssh [-] Failed to establish authenticated ssh connection to cirros@10.180.180.233 ([Errno None] Unable to connect to port 22 on 10.180.180.233). Number attempts: 2. Retry after 3 seconds.: paramiko.ssh_exception.NoValidConnectionsError: [Errno None] Unable to connect to port 22 on 10.180.180.233
2025-02-20 02:33:33.392 63772 INFO tempest.lib.common.rest_client [req-e5855eab-7992-45d1-ab14-3bff498d1992 req-e5855eab-7992-45d1-ab14-3bff498d1992 ] Request (FloatingIPsAssociationNegativeTestJSON:tearDownClass): 200 GET http://10.180.1.21/compute/v2.1/servers/894f7bad-00c6-4830-bf8b-672c83736f53 0.066s
2025-02-20 02:33:33.488 63760 INFO tempest.lib.common.rest_client [req-3c057231-bcc2-49ca-94da-d4907f9a5cd3 req-3c057231-bcc2-49ca-94da-d4907f9a5cd3 ] Request (ServerActionsTestJSON:setUpClass): 200 GET http://10.180.1.21/compute/v2.1/servers/175791ac-4c9a-4761-85dc-87c952ffb1b8 0.063s
2025-02-20 02:33:33.525 63756 INFO tempest.lib.common.rest_client [req-b020319e-a3f3-4a1d-8c67-6be0c84402e3 req-b020319e-a3f3-4a1d-8c67-6be0c84402e3 ] Request (ImagesTestJSON:test_create_image_from_stopped_server): 200 GET http://10.180.1.21/compute/v2.1/images/31bda97a-0de8-44c6-afc0-a75c0e8217da 0.077s
2025-02-20 02:33:33.691 63770 INFO tempest.lib.common.rest_client [req-e4b0a389-9cbe-4d75-8015-d66a13401609 req-e4b0a389-9cbe-4d75-8015-d66a13401609 ] Request (ServersNegativeTestMultiTenantJSON:setUpClass): 200 GET http://10.180.1.21/compute/v2.1/servers/03156147-f1d4-4b8a-85c3-3c3ae9879fb8 0.201s
2025-02-20 02:33:33.765 63776 INFO tempest.lib.common.rest_client [req-c424a30e-ef69-4654-9a5a-d7aab787e67d req-c424a30e-ef69-4654-9a5a-d7aab787e67d ] Request (ServerPasswordTestJSON:setUpClass): 200 GET http://10.180.1.21/compute/v2.1/servers/8e05f61f-5cf5-416e-b801-87c5fd9a52fb 0.239s
2025-02-20 02:33:33.787 63748 INFO tempest.lib.common.rest_client [req-01e88df4-d76d-4f8e-a642-755283d53b1f req-01e88df4-d76d-4f8e-a642-755283d53b1f ] Request (DeleteServersAdminTestJSON:test_delete_server_while_in_error_state): 200 GET http://10.180.1.21/compute/v2.1/servers/af62b82e-d44c-4257-9abe-c9af7125f5fd 0.386s
2025-02-20 02:33:33.827 63802 INFO tempest.lib.common.rest_client [req-e8953ac2-b1a4-4b69-9588-6735b2e0d260 req-e8953ac2-b1a4-4b69-9588-6735b2e0d260 ] Request (ServersAdminTestJSON:test_create_server_with_scheduling_hint): 200 GET http://10.180.1.21/compute/v2.1/servers/0a0c6584-1aeb-48f2-acd2-07f2e07ad185 0.268s
2025-02-20 02:33:33.857 63768 INFO tempest.lib.common.rest_client [req-074e91b0-1ff7-4dd2-bc16-27db3bdb3a44 req-074e91b0-1ff7-4dd2-bc16-27db3bdb3a44 ] Request (ListImageFiltersTestJSON:setUpClass): 200 GET http://10.180.1.21/compute/v2.1/servers/4646d61b-76b1-4f95-b751-930292050374 0.224s
2025-02-20 02:33:33.893 63798 INFO tempest.lib.common.rest_client [req-da99a4a3-0f98-49e6-8503-9af08225f57c req-da99a4a3-0f98-49e6-8503-9af08225f57c ] Request (MigrationsAdminTest:test_resize_server_revert_deleted_flavor): 200 GET http://10.180.1.21/compute/v2.1/servers/eb822c42-3071-4027-bc3b-03e32dc46cce 0.196s
2025-02-20 02:33:33.926 63790 INFO tempest.lib.common.rest_client [req-1102c508-464a-4a6c-a4fd-999d48154835 req-1102c508-464a-4a6c-a4fd-999d48154835 ] Request (ImagesNegativeTestJSON:test_create_image_from_deleted_server): 200 GET http://10.180.1.21/compute/v2.1/servers/ebe92ccd-bda8-4a60-ae8e-81c7ea154646 0.230s
2025-02-20 02:33:33.964 63788 INFO tempest.lib.common.rest_client [req-6c49317b-5ea2-4051-90c7-108798e0eeb5 req-6c49317b-5ea2-4051-90c7-108798e0eeb5 ] Request (FloatingIPsAssociationTestJSON:test_associate_already_associated_floating_ip): 200 GET http://10.180.1.21/compute/v2.1/servers/0715ab54-59f5-43a6-b0fa-23e219f8d459 0.202s
2025-02-20 02:33:33.976 63778 INFO tempest.lib.common.rest_client [req-7e0339c5-8d1c-4b90-8edb-bf682d42ff1c req-7e0339c5-8d1c-4b90-8edb-bf682d42ff1c ] Request (DeleteServersTestJSON:test_delete_server_while_in_attached_volume): 200 GET http://10.180.1.21/compute/v2.1/servers/72eb6306-764d-4bc9-a991-86276b9eb73e 0.135s
2025-02-20 02:33:34.018 63780 INFO tempest.lib.common.rest_client [req-3a8e2de4-6b8b-4df8-b058-fa492131ce49 req-3a8e2de4-6b8b-4df8-b058-fa492131ce49 ] Request (ServersTestBootFromVolume:setUpClass): 200 GET http://10.180.1.21/compute/v2.1/servers/fa37793d-84ec-44a7-b5d3-f363829bca25 0.093s
2025-02-20 02:33:34.042 63764 INFO tempest.lib.common.rest_client [req-f3a5fcc0-8a18-4b56-8fcc-6225fa2b4992 req-f3a5fcc0-8a18-4b56-8fcc-6225fa2b4992 ] Request (ServerDiskConfigTestJSON:test_rebuild_server_with_auto_disk_config): 200 GET http://10.180.1.21/compute/v2.1/servers/7ed6e729-8d86-4ecb-8ff4-0f63d927b178 0.055s
2025-02-20 02:33:34.254 63796 INFO tempest.lib.common.rest_client [req-fdb928b2-782b-408c-8475-95e6110234f4 req-fdb928b2-782b-408c-8475-95e6110234f4 ] Request (AttachVolumeNegativeTest:test_attach_attached_volume_to_different_server): 200 GET http://10.180.1.21/compute/v2.1/servers/85a40135-dbab-471d-bf08-6abf2af2ff71 0.115s
2025-02-20 02:33:34.260 63796 INFO tempest.common.waiters [-] State transition "BUILD/networking" ==> "BUILD/spawning" after 46 second wait
2025-02-20 02:33:34.288 63752 INFO tempest.lib.common.rest_client [req-d673994d-dd5b-43e8-8a86-6d1fcfc27219 req-d673994d-dd5b-43e8-8a86-6d1fcfc27219 ] Request (AttachInterfacesV270Test:test_create_get_list_interfaces): 200 GET http://10.180.1.21/compute/v2.1/servers/4928ffe3-e026-4ef3-922a-01685d5659ed 0.127s
2025-02-20 02:33:34.307 63784 INFO tempest.lib.common.rest_client [req-195606bd-3d68-424d-bf54-2e651be773d3 req-195606bd-3d68-424d-bf54-2e651be773d3 ] Request (ServersAdmin275Test:tearDownClass): 200 GET http://10.180.1.21/compute/v2.1/servers/1609b318-331d-4477-86c7-fe336bd2f523 0.062s
2025-02-20 02:33:34.342 63766 INFO tempest.lib.common.rest_client [req-5373f4fa-058b-4ba7-b473-80f9c86d6955 req-5373f4fa-058b-4ba7-b473-80f9c86d6955 ] Request (ServersAdminNegativeTestJSON:tearDownClass): 200 GET http://10.180.1.21/compute/v2.1/servers/e394083f-8dee-46ae-b380-137b6c8813c3 0.093s
2025-02-20 02:33:34.359 63801 INFO tempest.lib.common.rest_client [req-dff030f7-35b1-412d-b706-e8f4fed1e722 req-dff030f7-35b1-412d-b706-e8f4fed1e722 ] Request (SecurityGroupsTestJSON:test_server_security_groups): 200 GET http://10.180.1.21/compute/v2.1/servers/55828beb-5311-42cd-bacd-cc50a94d642d 0.063s
2025-02-20 02:33:34.388 63762 INFO tempest.lib.common.rest_client [req-c08cae50-50db-4840-bdc5-61a9b4d93f4d req-c08cae50-50db-4840-bdc5-61a9b4d93f4d ] Request (ServersTestJSON:setUpClass): 200 GET http://10.180.1.21/compute/v2.1/servers/61b5d98e-ec18-4933-a7e9-06bb31b66c79 0.079s
2025-02-20 02:33:34.475 63772 INFO tempest.lib.common.rest_client [req-2ebf4cc1-1e52-4eef-826e-a4bd0fb2df6a req-2ebf4cc1-1e52-4eef-826e-a4bd0fb2df6a ] Request (FloatingIPsAssociationNegativeTestJSON:tearDownClass): 200 GET http://10.180.1.21/compute/v2.1/servers/894f7bad-00c6-4830-bf8b-672c83736f53 0.073s
2025-02-20 02:33:34.554 63760 INFO tempest.lib.common.rest_client [req-073b1d0f-8263-4497-80e4-f7f5c3613d59 req-073b1d0f-8263-4497-80e4-f7f5c3613d59 ] Request (ServerActionsTestJSON:setUpClass): 200 GET http://10.180.1.21/compute/v2.1/servers/175791ac-4c9a-4761-85dc-87c952ffb1b8 0.058s
2025-02-20 02:33:34.567 63756 INFO tempest.lib.common.rest_client [req-a820e29f-c360-4982-919c-8e4bc780be43 req-a820e29f-c360-4982-919c-8e4bc780be43 ] Request (ImagesTestJSON:test_create_image_from_stopped_server): 200 GET http://10.180.1.21/compute/v2.1/images/31bda97a-0de8-44c6-afc0-a75c0e8217da 0.038s
2025-02-20 02:33:34.834 63776 INFO tempest.lib.common.rest_client [req-0a0b4767-10e9-4cb3-bffa-e9869105f8a3 req-0a0b4767-10e9-4cb3-bffa-e9869105f8a3 ] Request (ServerPasswordTestJSON:setUpClass): 200 GET http://10.180.1.21/compute/v2.1/servers/8e05f61f-5cf5-416e-b801-87c5fd9a52fb 0.061s
2025-02-20 02:33:34.841 63770 INFO tempest.lib.common.rest_client [req-1ee07618-8a20-41a0-941e-22ae35d60f0e req-1ee07618-8a20-41a0-941e-22ae35d60f0e ] Request (ServersNegativeTestMultiTenantJSON:setUpClass): 200 GET http://10.180.1.21/compute/v2.1/servers/03156147-f1d4-4b8a-85c3-3c3ae9879fb8 0.139s
2025-02-20 02:33:34.890 63802 INFO tempest.lib.common.rest_client [req-bbf2fe90-3b56-497b-961c-d087b64a4f2e req-bbf2fe90-3b56-497b-961c-d087b64a4f2e ] Request (ServersAdminTestJSON:test_create_server_with_scheduling_hint): 200 GET http://10.180.1.21/compute/v2.1/servers/0a0c6584-1aeb-48f2-acd2-07f2e07ad185 0.051s
2025-02-20 02:33:34.923 63748 INFO tempest.lib.common.rest_client [req-99ae9c79-765c-4615-8038-629a2d8c71b7 req-99ae9c79-765c-4615-8038-629a2d8c71b7 ] Request (DeleteServersAdminTestJSON:test_delete_server_while_in_error_state): 200 GET http://10.180.1.21/compute/v2.1/servers/af62b82e-d44c-4257-9abe-c9af7125f5fd 0.125s
2025-02-20 02:33:34.930 63748 INFO tempest.common.waiters [-] State transition "BUILD/spawning" ==> "ACTIVE/None" after 64 second wait
2025-02-20 02:33:34.935 63768 INFO tempest.lib.common.rest_client [req-eed4cdef-3ad2-4e16-8dea-d980e7801c5c req-eed4cdef-3ad2-4e16-8dea-d980e7801c5c ] Request (ListImageFiltersTestJSON:setUpClass): 200 GET http://10.180.1.21/compute/v2.1/servers/4646d61b-76b1-4f95-b751-930292050374 0.068s
2025-02-20 02:33:34.972 63798 INFO tempest.lib.common.rest_client [req-6e49b0bf-c0f8-41d0-9e94-da36085bbdbf req-6e49b0bf-c0f8-41d0-9e94-da36085bbdbf ] Request (MigrationsAdminTest:test_resize_server_revert_deleted_flavor): 200 GET http://10.180.1.21/compute/v2.1/servers/eb822c42-3071-4027-bc3b-03e32dc46cce 0.070s
2025-02-20 02:33:34.993 63748 INFO tempest.lib.common.rest_client [req-cf4ac8fb-91ce-4a26-9455-10fd90e5fcb7 req-cf4ac8fb-91ce-4a26-9455-10fd90e5fcb7 ] Request (DeleteServersAdminTestJSON:test_delete_server_while_in_error_state): 202 POST http://10.180.1.21/compute/v2.1/servers/af62b82e-d44c-4257-9abe-c9af7125f5fd/action 0.063s
2025-02-20 02:33:35.019 63790 INFO tempest.lib.common.rest_client [req-0be7a011-4dff-4519-931c-d2b36fa3fff3 req-0be7a011-4dff-4519-931c-d2b36fa3fff3 ] Request (ImagesNegativeTestJSON:test_create_image_from_deleted_server): 200 GET http://10.180.1.21/compute/v2.1/servers/ebe92ccd-bda8-4a60-ae8e-81c7ea154646 0.079s
2025-02-20 02:33:35.065 63788 INFO tempest.lib.common.rest_client [req-4d4f6cbd-d7d8-48e6-bec3-09690c5599dd req-4d4f6cbd-d7d8-48e6-bec3-09690c5599dd ] Request (FloatingIPsAssociationTestJSON:test_associate_already_associated_floating_ip): 200 GET http://10.180.1.21/compute/v2.1/servers/0715ab54-59f5-43a6-b0fa-23e219f8d459 0.087s
2025-02-20 02:33:35.066 63778 INFO tempest.lib.common.rest_client [req-9fff7d49-cb9c-4df1-a323-a1a6c158c8ed req-9fff7d49-cb9c-4df1-a323-a1a6c158c8ed ] Request (DeleteServersTestJSON:test_delete_server_while_in_attached_volume): 200 GET http://10.180.1.21/compute/v2.1/servers/72eb6306-764d-4bc9-a991-86276b9eb73e 0.081s
2025-02-20 02:33:35.125 63780 INFO tempest.lib.common.rest_client [req-b43c7972-b164-446e-99fd-1d13c6533ddf req-b43c7972-b164-446e-99fd-1d13c6533ddf ] Request (ServersTestBootFromVolume:setUpClass): 200 GET http://10.180.1.21/compute/v2.1/servers/fa37793d-84ec-44a7-b5d3-f363829bca25 0.099s
2025-02-20 02:33:35.190 63764 INFO tempest.lib.common.rest_client [req-eb518c9e-6493-458c-b59b-3888af766809 req-eb518c9e-6493-458c-b59b-3888af766809 ] Request (ServerDiskConfigTestJSON:test_rebuild_server_with_auto_disk_config): 200 GET http://10.180.1.21/compute/v2.1/servers/7ed6e729-8d86-4ecb-8ff4-0f63d927b178 0.140s
2025-02-20 02:33:35.296 63748 INFO tempest.lib.common.rest_client [req-ad6c06be-5067-4d72-9747-a4b6ee510511 req-ad6c06be-5067-4d72-9747-a4b6ee510511 ] Request (DeleteServersAdminTestJSON:test_delete_server_while_in_error_state): 200 GET http://10.180.1.21/compute/v2.1/servers/af62b82e-d44c-4257-9abe-c9af7125f5fd 0.302s
2025-02-20 02:33:35.384 63796 INFO tempest.lib.common.rest_client [req-e0de292e-5f00-495d-8854-878ef1ff0d7f req-e0de292e-5f00-495d-8854-878ef1ff0d7f ] Request (AttachVolumeNegativeTest:test_attach_attached_volume_to_different_server): 200 GET http://10.180.1.21/compute/v2.1/servers/85a40135-dbab-471d-bf08-6abf2af2ff71 0.122s
2025-02-20 02:33:35.423 63752 INFO tempest.lib.common.rest_client [req-5983baa4-f018-47ce-a127-c267b4dcfda9 req-5983baa4-f018-47ce-a127-c267b4dcfda9 ] Request (AttachInterfacesV270Test:test_create_get_list_interfaces): 200 GET http://10.180.1.21/compute/v2.1/servers/4928ffe3-e026-4ef3-922a-01685d5659ed 0.126s
2025-02-20 02:33:35.468 63748 INFO tempest.lib.common.rest_client [req-e2f8f7b1-1967-4452-b907-72751df8d56e req-e2f8f7b1-1967-4452-b907-72751df8d56e ] Request (DeleteServersAdminTestJSON:test_delete_server_while_in_error_state): 204 DELETE http://10.180.1.21/compute/v2.1/servers/af62b82e-d44c-4257-9abe-c9af7125f5fd 0.165s
2025-02-20 02:33:35.485 63784 INFO tempest.lib.common.rest_client [req-4400c422-6674-41c3-b438-8975f6e60909 req-4400c422-6674-41c3-b438-8975f6e60909 ] Request (ServersAdmin275Test:tearDownClass): 200 GET http://10.180.1.21/compute/v2.1/servers/1609b318-331d-4477-86c7-fe336bd2f523 0.168s
2025-02-20 02:33:35.494 63784 INFO tempest.common.waiters [-] State transition "ACTIVE/deleting" ==> "DELETED/None" after 4 second wait
2025-02-20 02:33:35.523 63766 INFO tempest.lib.common.rest_client [req-5e875793-d338-4372-ba4d-88f706901e73 req-5e875793-d338-4372-ba4d-88f706901e73 ] Request (ServersAdminNegativeTestJSON:tearDownClass): 200 GET http://10.180.1.21/compute/v2.1/servers/e394083f-8dee-46ae-b380-137b6c8813c3 0.173s
2025-02-20 02:33:35.531 63801 INFO tempest.lib.common.rest_client [req-15aa80e4-9e7b-49dd-87b3-fff2793b20aa req-15aa80e4-9e7b-49dd-87b3-fff2793b20aa ] Request (SecurityGroupsTestJSON:test_server_security_groups): 200 GET http://10.180.1.21/compute/v2.1/servers/55828beb-5311-42cd-bacd-cc50a94d642d 0.162s
2025-02-20 02:33:35.578 63762 INFO tempest.lib.common.rest_client [req-0381cf7f-3b98-4384-922c-b31f3daedbc2 req-0381cf7f-3b98-4384-922c-b31f3daedbc2 ] Request (ServersTestJSON:setUpClass): 200 GET http://10.180.1.21/compute/v2.1/servers/61b5d98e-ec18-4933-a7e9-06bb31b66c79 0.180s
2025-02-20 02:33:35.640 63772 INFO tempest.lib.common.rest_client [req-72fd2287-bc84-48c4-acc4-c8181be23dc3 req-72fd2287-bc84-48c4-acc4-c8181be23dc3 ] Request (FloatingIPsAssociationNegativeTestJSON:tearDownClass): 200 GET http://10.180.1.21/compute/v2.1/servers/894f7bad-00c6-4830-bf8b-672c83736f53 0.156s
2025-02-20 02:33:35.651 63748 INFO tempest.lib.common.rest_client [req-3f53b624-aa94-4f79-b883-12e32797786b req-3f53b624-aa94-4f79-b883-12e32797786b ] Request (DeleteServersAdminTestJSON:test_delete_server_while_in_error_state): 200 GET http://10.180.1.21/compute/v2.1/servers/af62b82e-d44c-4257-9abe-c9af7125f5fd 0.182s
2025-02-20 02:33:35.683 63786 WARNING tempest.lib.common.ssh [-] Failed to establish authenticated ssh connection to cirros@10.180.180.205 ([Errno None] Unable to connect to port 22 on 10.180.180.205). Number attempts: 8. Retry after 9 seconds.: paramiko.ssh_exception.NoValidConnectionsError: [Errno None] Unable to connect to port 22 on 10.180.180.205
2025-02-20 02:33:35.689 63756 INFO tempest.lib.common.rest_client [req-601061fe-74d6-4738-8e51-827115823c59 req-601061fe-74d6-4738-8e51-827115823c59 ] Request (ImagesTestJSON:test_create_image_from_stopped_server): 200 GET http://10.180.1.21/compute/v2.1/images/31bda97a-0de8-44c6-afc0-a75c0e8217da 0.117s
2025-02-20 02:33:35.697 63760 INFO tempest.lib.common.rest_client [req-9f2abe06-7f86-4f33-9477-a2ed9aac6c3e req-9f2abe06-7f86-4f33-9477-a2ed9aac6c3e ] Request (ServerActionsTestJSON:setUpClass): 200 GET http://10.180.1.21/compute/v2.1/servers/175791ac-4c9a-4761-85dc-87c952ffb1b8 0.135s
2025-02-20 02:33:35.906 63776 INFO tempest.lib.common.rest_client [req-1f34b967-4169-4ca9-91df-e75bc7b4d317 req-1f34b967-4169-4ca9-91df-e75bc7b4d317 ] Request (ServerPasswordTestJSON:setUpClass): 200 GET http://10.180.1.21/compute/v2.1/servers/8e05f61f-5cf5-416e-b801-87c5fd9a52fb 0.062s
2025-02-20 02:33:35.965 63802 INFO tempest.lib.common.rest_client [req-51e58e93-6239-451c-ac1a-694dc172ec29 req-51e58e93-6239-451c-ac1a-694dc172ec29 ] Request (ServersAdminTestJSON:test_create_server_with_scheduling_hint): 200 GET http://10.180.1.21/compute/v2.1/servers/0a0c6584-1aeb-48f2-acd2-07f2e07ad185 0.067s
2025-02-20 02:33:35.967 63770 INFO tempest.lib.common.rest_client [req-918586ed-d68c-4ca2-b69a-f4a6e515fa99 req-918586ed-d68c-4ca2-b69a-f4a6e515fa99 ] Request (ServersNegativeTestMultiTenantJSON:setUpClass): 200 GET http://10.180.1.21/compute/v2.1/servers/03156147-f1d4-4b8a-85c3-3c3ae9879fb8 0.118s
2025-02-20 02:33:36.031 63768 INFO tempest.lib.common.rest_client [req-6c81df6b-e0aa-42ee-bb05-5b9f8beadfec req-6c81df6b-e0aa-42ee-bb05-5b9f8beadfec ] Request (ListImageFiltersTestJSON:setUpClass): 200 GET http://10.180.1.21/compute/v2.1/servers/4646d61b-76b1-4f95-b751-930292050374 0.088s
2025-02-20 02:33:36.039 63798 INFO tempest.lib.common.rest_client [req-42a8ffd3-15a2-4408-9079-40934571385d req-42a8ffd3-15a2-4408-9079-40934571385d ] Request (MigrationsAdminTest:test_resize_server_revert_deleted_flavor): 200 GET http://10.180.1.21/compute/v2.1/servers/eb822c42-3071-4027-bc3b-03e32dc46cce 0.058s
2025-02-20 02:33:36.095 63790 INFO tempest.lib.common.rest_client [req-ffe3c72c-5445-459d-9d21-4d1f63224358 req-ffe3c72c-5445-459d-9d21-4d1f63224358 ] Request (ImagesNegativeTestJSON:test_create_image_from_deleted_server): 200 GET http://10.180.1.21/compute/v2.1/servers/ebe92ccd-bda8-4a60-ae8e-81c7ea154646 0.069s
2025-02-20 02:33:36.126 63788 INFO tempest.lib.common.rest_client [req-5ce57e19-312a-4f1c-8974-2dbf1595f147 req-5ce57e19-312a-4f1c-8974-2dbf1595f147 ] Request (FloatingIPsAssociationTestJSON:test_associate_already_associated_floating_ip): 200 GET http://10.180.1.21/compute/v2.1/servers/0715ab54-59f5-43a6-b0fa-23e219f8d459 0.052s
2025-02-20 02:33:36.138 63788 INFO tempest.common.waiters [-] State transition "BUILD/scheduling" ==> "BUILD/None" after 34 second wait
2025-02-20 02:33:36.156 63778 INFO tempest.lib.common.rest_client [req-0ad88505-6c2c-47f1-867a-2719a0c2078b req-0ad88505-6c2c-47f1-867a-2719a0c2078b ] Request (DeleteServersTestJSON:test_delete_server_while_in_attached_volume): 200 GET http://10.180.1.21/compute/v2.1/servers/72eb6306-764d-4bc9-a991-86276b9eb73e 0.076s
2025-02-20 02:33:36.201 63780 INFO tempest.lib.common.rest_client [req-e73ea6cd-1415-49c1-9ccb-a7b48f29f222 req-e73ea6cd-1415-49c1-9ccb-a7b48f29f222 ] Request (ServersTestBootFromVolume:setUpClass): 200 GET http://10.180.1.21/compute/v2.1/servers/fa37793d-84ec-44a7-b5d3-f363829bca25 0.065s
2025-02-20 02:33:36.338 63764 INFO tempest.lib.common.rest_client [req-c191ca5c-817b-4a84-9882-679addafdf98 req-c191ca5c-817b-4a84-9882-679addafdf98 ] Request (ServerDiskConfigTestJSON:test_rebuild_server_with_auto_disk_config): 200 GET http://10.180.1.21/compute/v2.1/servers/7ed6e729-8d86-4ecb-8ff4-0f63d927b178 0.137s
2025-02-20 02:33:36.345 63764 INFO tempest.common.waiters [-] State transition "BUILD/None" ==> "BUILD/block_device_mapping" after 47 second wait
2025-02-20 02:33:36.484 63796 INFO tempest.lib.common.rest_client [req-31094533-1984-400f-9607-4d9e3bb5bea2 req-31094533-1984-400f-9607-4d9e3bb5bea2 ] Request (AttachVolumeNegativeTest:test_attach_attached_volume_to_different_server): 200 GET http://10.180.1.21/compute/v2.1/servers/85a40135-dbab-471d-bf08-6abf2af2ff71 0.092s
2025-02-20 02:33:36.563 63784 INFO tempest.lib.common.rest_client [req-c8052094-3c04-4ac1-9501-21cddb9dd920 req-c8052094-3c04-4ac1-9501-21cddb9dd920 ] Request (ServersAdmin275Test:tearDownClass): 200 GET http://10.180.1.21/compute/v2.1/servers/1609b318-331d-4477-86c7-fe336bd2f523 0.067s
2025-02-20 02:33:36.571 63752 INFO tempest.lib.common.rest_client [req-08340f7d-4cf3-4ca0-807b-e612e37a6283 req-08340f7d-4cf3-4ca0-807b-e612e37a6283 ] Request (AttachInterfacesV270Test:test_create_get_list_interfaces): 200 GET http://10.180.1.21/compute/v2.1/servers/4928ffe3-e026-4ef3-922a-01685d5659ed 0.138s
2025-02-20 02:33:36.626 63801 INFO tempest.lib.common.rest_client [req-df4e1598-d633-4f31-9bfb-d3633d5b228a req-df4e1598-d633-4f31-9bfb-d3633d5b228a ] Request (SecurityGroupsTestJSON:test_server_security_groups): 200 GET http://10.180.1.21/compute/v2.1/servers/55828beb-5311-42cd-bacd-cc50a94d642d 0.087s
2025-02-20 02:33:36.630 63766 INFO tempest.lib.common.rest_client [req-15168b2a-7338-4663-a987-9bfbdb7de909 req-15168b2a-7338-4663-a987-9bfbdb7de909 ] Request (ServersAdminNegativeTestJSON:tearDownClass): 200 GET http://10.180.1.21/compute/v2.1/servers/e394083f-8dee-46ae-b380-137b6c8813c3 0.099s
