2025-02-20 02:31:43.341 63792 INFO tempest.lib.common.rest_client [req-1cd49c22-695c-487b-9e81-7246a36db061 req-1cd49c22-695c-487b-9e81-7246a36db061 ] Request (ImagesOneServerTestJSON:setUpClass): 201 POST http://10.180.1.21:9696/networking/v2.0/routers 0.960s
2025-02-20 02:31:43.390 63780 INFO tempest.lib.common.rest_client [req-e35f8d82-e083-45ad-aa7b-e12ad5ba20e3 req-e35f8d82-e083-45ad-aa7b-e12ad5ba20e3 ] Request (NetworksTest:test_get_network): 200 GET http://10.180.1.21/compute/v2.1/os-networks/0f8c0677-cc7a-4698-98e0-ba406b3ab916 1.714s
2025-02-20 02:31:43.393 63810 INFO tempest.lib.common.rest_client [req-c1c1c8f8-4bad-4895-ae10-8384b0f8f280 req-c1c1c8f8-4bad-4895-ae10-8384b0f8f280 ] Request (QuotasAdminTestJSON:test_get_updated_quotas): 200 GET http://10.180.1.21/identity/v3/domains?name=Default 0.210s
2025-02-20 02:31:43.453 63750 INFO tempest.lib.common.rest_client [req-1b55557a-4924-44e0-8833-eed1b56cf325 req-1b55557a-4924-44e0-8833-eed1b56cf325 ] Request (VolumesAssistedSnapshotsTest:setUpClass): 201 POST http://10.180.1.21/identity/v3/users 0.265s
2025-02-20 02:31:43.480 63772 INFO tempest.lib.common.rest_client [req-ab9c7bba-9e37-40a2-9781-9cdf40c15dbc req-ab9c7bba-9e37-40a2-9781-9cdf40c15dbc ] Request (FlavorsV261TestJSON:test_crud_flavor): 200 GET http://10.180.1.21/compute/v2.1/flavors/1136577544 2.108s
2025-02-20 02:31:43.532 63790 INFO tempest.lib.common.rest_client [req-cf1c0c65-3fa7-497e-805a-5f7a07618c61 req-cf1c0c65-3fa7-497e-805a-5f7a07618c61 ] Request (ServerDiagnosticsV248Test:test_get_server_diagnostics): 200 GET http://10.180.1.21/compute/v2.1/servers/dea2ebe8-e06c-416c-aaa8-69fb8a1c5b46 1.633s
2025-02-20 02:31:43.539 63806 INFO tempest.lib.common.rest_client [req-2959656b-7910-4cd3-9f01-8b7527cc9cc8 req-2959656b-7910-4cd3-9f01-8b7527cc9cc8 ] Request (HypervisorAdminV228Test:tearDownClass): 204 DELETE http://10.180.1.21/identity/v3/users/c83f4670835c456a91b16d5d2e3ebb40 0.222s
2025-02-20 02:31:43.539 63806 INFO tempest.lib.common.dynamic_creds [-] Deleting project and security group for project: fc369602fba4461982a148b066b2a960
2025-02-20 02:31:43.548 63778 INFO tempest.lib.common.rest_client [req-af3d2ea1-83d3-4b46-be5f-0d957243a5b3 req-af3d2ea1-83d3-4b46-be5f-0d957243a5b3 ] Request (HypervisorAdminV253TestBase:tearDownClass): 204 DELETE http://10.180.1.21/identity/v3/projects/d1ddc954d92947f4924213c072f5d375 0.212s
2025-02-20 02:31:43.548 63778 INFO tempest.lib.common.dynamic_creds [-] Deleting project and security group for project: 3264b7e507d84267a880c98cdb946ca2
2025-02-20 02:31:43.550 63786 INFO tempest.lib.common.rest_client [req-50ed9977-476a-4176-9f04-8348bfb5dbdb req-50ed9977-476a-4176-9f04-8348bfb5dbdb ] Request (ServersWithSpecificFlavorTestJSON:test_verify_created_server_ephemeral_disk): 200 GET http://10.180.1.21/compute/v2.1/flavors/42/os-extra_specs 1.421s
2025-02-20 02:31:43.647 63794 INFO tempest.lib.common.rest_client [req-1b524065-708b-4b09-a4b7-f20531b4c0c5 req-1b524065-708b-4b09-a4b7-f20531b4c0c5 ] Request (AZAdminV2TestJSON:tearDownClass): 204 DELETE http://10.180.1.21/identity/v3/users/e0a31615019046ef85035d7619597780 0.302s
2025-02-20 02:31:43.651 63748 INFO tempest.lib.common.rest_client [req-e0368845-1a23-46b4-934d-f7ce958497de req-e0368845-1a23-46b4-934d-f7ce958497de ] Request (DeleteServersAdminTestJSON:test_admin_delete_servers_of_others): 200 GET http://10.180.1.21/compute/v2.1/servers/df8f409a-484b-45ba-809e-39fc00fa6e6b 1.394s
2025-02-20 02:31:43.669 63750 INFO tempest.lib.common.rest_client [req-c38d9ee3-4388-416b-93c3-e70c2b3a0f8c req-c38d9ee3-4388-416b-93c3-e70c2b3a0f8c ] Request (VolumesAssistedSnapshotsTest:setUpClass): 200 GET http://10.180.1.21/identity/v3/roles 0.215s
2025-02-20 02:31:43.671 63782 INFO tempest.lib.common.rest_client [req-5145a32d-df64-4058-ae4d-32a156a772e7 req-5145a32d-df64-4058-ae4d-32a156a772e7 ] Request (KeyPairsV2TestJSON:_run_cleanups): 202 DELETE http://10.180.1.21/compute/v2.1/os-keypairs/tempest-keypair-440031636 1.381s
2025-02-20 02:31:43.708 63806 INFO tempest.lib.common.rest_client [req-34995299-1594-4e64-a8d5-5d25e0fbeb82 req-34995299-1594-4e64-a8d5-5d25e0fbeb82 ] Request (HypervisorAdminV228Test:tearDownClass): 201 POST http://10.180.1.21/identity/v3/auth/tokens 0.168s
2025-02-20 02:31:43.733 63750 INFO tempest.lib.common.rest_client [req-21150b70-b319-4783-ad0d-2c9f621d5e1c req-21150b70-b319-4783-ad0d-2c9f621d5e1c ] Request (VolumesAssistedSnapshotsTest:setUpClass): 204 PUT http://10.180.1.21/identity/v3/projects/f1dbd24331f1428486c35a6cc798fe1e/users/e3f8ff2ac5b94d2ead340884a529189a/roles/89cae7678649451eae15a23ced761890 0.064s
2025-02-20 02:31:43.765 63794 INFO tempest.lib.common.rest_client [req-81dbaada-02c7-4fed-a3e4-450d70fcc1d5 req-81dbaada-02c7-4fed-a3e4-450d70fcc1d5 ] Request (AZAdminV2TestJSON:tearDownClass): 204 DELETE http://10.180.1.21/identity/v3/users/652e6f9befb047b480e9006f1802fef1 0.118s
2025-02-20 02:31:43.765 63794 INFO tempest.lib.common.dynamic_creds [-] Deleting project and security group for project: 1069759438de4e9ca0571d0c747af74a
2025-02-20 02:31:43.820 63788 INFO tempest.lib.common.rest_client [req-ffd71ae4-3d68-44c2-a8ad-64a2c72bf697 req-ffd71ae4-3d68-44c2-a8ad-64a2c72bf697 ] Request (SecurityGroupsTestAdminJSON:test_list_security_groups_list_all_tenants_filter): 200 POST http://10.180.1.21/compute/v2.1/os-security-groups 1.827s
2025-02-20 02:31:43.828 63758 INFO tempest.lib.common.rest_client [req-8085161d-ccbd-4b69-b9db-8b2fe7d04587 req-8085161d-ccbd-4b69-b9db-8b2fe7d04587 ] Request (FlavorsExtraSpecsNegativeTestJSON:test_flavor_non_admin_set_keys): 403 POST http://10.180.1.21/compute/v2.1/flavors/202488601/os-extra_specs 1.400s
2025-02-20 02:31:43.841 63778 INFO tempest.lib.common.rest_client [req-4ed47e11-2429-4ca0-8b0f-0dd3aef07b63 req-4ed47e11-2429-4ca0-8b0f-0dd3aef07b63 ] Request (HypervisorAdminV253TestBase:tearDownClass): 200 GET http://10.180.1.21:9696/networking/v2.0/security-groups?tenant_id=3264b7e507d84267a880c98cdb946ca2&name=default 0.293s
2025-02-20 02:31:43.890 63754 INFO tempest.lib.common.rest_client [req-8f5a6036-ed8c-4620-850f-1adcdf5512b6 req-8f5a6036-ed8c-4620-850f-1adcdf5512b6 ] Request (TenantUsagesNegativeTestJSON:test_list_usage_all_tenants_with_non_admin_user): 403 GET http://10.180.1.21/compute/v2.1/os-simple-tenant-usage?start=2025-02-19T02%3A31%3A37.626167&end=2025-02-21T02%3A31%3A37.626167&detailed=1 1.585s
2025-02-20 02:31:43.899 63750 INFO tempest.lib.common.rest_client [req-96937b8e-4157-4beb-8287-d889c4640241 req-96937b8e-4157-4beb-8287-d889c4640241 ] Request (VolumesAssistedSnapshotsTest:setUpClass): 200 GET http://10.180.1.21/identity/v3/roles 0.164s
2025-02-20 02:31:43.906 63794 INFO tempest.lib.common.rest_client [req-c233f3bd-7e3c-4743-8758-a4c1207360f7 req-c233f3bd-7e3c-4743-8758-a4c1207360f7 ] Request (AZAdminV2TestJSON:tearDownClass): 201 POST http://10.180.1.21/identity/v3/auth/tokens 0.140s
2025-02-20 02:31:43.970 63754 INFO tempest.lib.common.rest_client [req-80ce0559-fec3-4005-95f4-7954a70daa41 req-80ce0559-fec3-4005-95f4-7954a70daa41 ] Request (TenantUsagesNegativeTestJSON:tearDownClass): 204 DELETE http://10.180.1.21/identity/v3/users/8c5136ed523243f7a6093ad2eea79c71 0.079s
2025-02-20 02:31:43.977 63778 INFO tempest.lib.common.rest_client [req-75d2200a-d6d4-412e-842f-ed35e471dfef req-75d2200a-d6d4-412e-842f-ed35e471dfef ] Request (HypervisorAdminV253TestBase:tearDownClass): 204 DELETE http://10.180.1.21:9696/networking/v2.0/security-groups/e99325d2-732e-4c99-bcd1-27e56bc17965 0.135s
2025-02-20 02:31:43.987 63806 INFO tempest.lib.common.rest_client [req-f447e534-955d-49e3-a912-36564b284b22 req-f447e534-955d-49e3-a912-36564b284b22 ] Request (HypervisorAdminV228Test:tearDownClass): 200 GET http://10.180.1.21:9696/networking/v2.0/security-groups?tenant_id=fc369602fba4461982a148b066b2a960&name=default 0.279s
2025-02-20 02:31:44.000 63804 INFO tempest.lib.common.rest_client [req-d2d171cf-7e81-4c0f-933b-16e7c1a82b19 req-d2d171cf-7e81-4c0f-933b-16e7c1a82b19 ] Request (VolumesAdminNegativeTest:test_update_attached_volume_with_nonexistent_volume_in_body): 200 POST http://10.180.1.21/compute/v2.1/os-keypairs 1.339s
2025-02-20 02:31:44.029 63776 INFO tempest.lib.common.rest_client [req-f8a7d23c-7cd6-48ee-95c6-6de4d155c42e req-f8a7d23c-7cd6-48ee-95c6-6de4d155c42e ] Request (AggregatesAdminNegativeTestJSON:_run_cleanups): 200 DELETE http://10.180.1.21/compute/v2.1/os-aggregates/1 1.236s
2025-02-20 02:31:44.043 63750 INFO tempest.lib.common.rest_client [req-af1dafcf-6a9f-464a-a84c-4a31d5371fef req-af1dafcf-6a9f-464a-a84c-4a31d5371fef ] Request (VolumesAssistedSnapshotsTest:setUpClass): 204 PUT http://10.180.1.21/identity/v3/projects/f1dbd24331f1428486c35a6cc798fe1e/users/e3f8ff2ac5b94d2ead340884a529189a/roles/e984b331a04244c4a5a56f960e4d79af 0.140s
2025-02-20 02:31:44.043 63750 INFO tempest.lib.common.dynamic_creds [-] Dynamic test user e3f8ff2ac5b94d2ead340884a529189a is created with scope project and roles: ['admin', 'service']
2025-02-20 02:31:44.043 63750 INFO tempest.lib.common.dynamic_creds [-] Acquired dynamic creds: credentials: Credentials: {'domain_id': 'default', 'domain_name': 'Default', 'username': 'tempest-VolumesAssistedSnapshotsTest-1177641143-project', 'project_domain_id': 'default', 'project_domain_name': 'Default', 'project_id': 'f1dbd24331f1428486c35a6cc798fe1e', 'project_name': 'tempest-VolumesAssistedSnapshotsTest-1177641143', 'tenant_id': 'f1dbd24331f1428486c35a6cc798fe1e', 'tenant_name': 'tempest-VolumesAssistedSnapshotsTest-1177641143', 'user_domain_id': 'default', 'user_domain_name': 'Default', 'user_id': 'e3f8ff2ac5b94d2ead340884a529189a', 'system': None}, Network: None, Subnet: None, Router: None
2025-02-20 02:31:44.068 63796 INFO tempest.lib.common.rest_client [req-d4a666db-411d-42d3-85b5-5b267eb754b0 req-d4a666db-411d-42d3-85b5-5b267eb754b0 ] Request (FlavorsAdminTestJSON:_run_cleanups): 200 GET http://10.180.1.21/compute/v2.1/flavors/detail 1.252s
2025-02-20 02:31:44.090 63806 INFO tempest.lib.common.rest_client [req-fdd57cbf-4122-4e95-a3ba-665b95b175b4 req-fdd57cbf-4122-4e95-a3ba-665b95b175b4 ] Request (HypervisorAdminV228Test:tearDownClass): 204 DELETE http://10.180.1.21:9696/networking/v2.0/security-groups/4994019b-e545-4265-a9f2-b0546d37241a 0.102s
2025-02-20 02:31:44.174 63794 INFO tempest.lib.common.rest_client [req-5fe49fd3-cc66-4def-bb66-dc6bc506fee3 req-5fe49fd3-cc66-4def-bb66-dc6bc506fee3 ] Request (AZAdminV2TestJSON:tearDownClass): 200 GET http://10.180.1.21:9696/networking/v2.0/security-groups?tenant_id=1069759438de4e9ca0571d0c747af74a&name=default 0.267s
2025-02-20 02:31:44.182 63754 INFO tempest.lib.common.rest_client [req-7ada6b04-8f28-4d63-8546-3b9fe1b235c6 req-7ada6b04-8f28-4d63-8546-3b9fe1b235c6 ] Request (TenantUsagesNegativeTestJSON:tearDownClass): 204 DELETE http://10.180.1.21/identity/v3/users/7861cba0a0fe4f55a9039396849fc1ab 0.211s
2025-02-20 02:31:44.183 63754 INFO tempest.lib.common.dynamic_creds [-] Deleting project and security group for project: 9b49acf1d84e4827bd699e4042aa9d05
2025-02-20 02:31:44.224 63756 INFO tempest.lib.common.rest_client [req-d2132e9f-122d-48f7-afa7-8644e26c6356 req-d2132e9f-122d-48f7-afa7-8644e26c6356 ] Request (FlavorsAccessNegativeTestJSON:test_add_flavor_access_duplicate): 200 POST http://10.180.1.21/compute/v2.1/flavors/809200962/action 1.525s
2025-02-20 02:31:44.253 63794 INFO tempest.lib.common.rest_client [req-650dbadd-55f3-4136-ab3f-c73aad37da45 req-650dbadd-55f3-4136-ab3f-c73aad37da45 ] Request (AZAdminV2TestJSON:tearDownClass): 204 DELETE http://10.180.1.21:9696/networking/v2.0/security-groups/0a080595-2e39-4d59-b819-c1eca5f4c9c0 0.078s
2025-02-20 02:31:44.255 63804 INFO tempest.lib.common.rest_client [req-19296872-6c54-40e5-9300-4988600b6ada req-19296872-6c54-40e5-9300-4988600b6ada ] Request (VolumesAdminNegativeTest:test_update_attached_volume_with_nonexistent_volume_in_body): 201 POST http://10.180.1.21:9696/networking/v2.0/security-groups 0.252s
2025-02-20 02:31:44.275 63778 INFO tempest.lib.common.rest_client [req-ced28e48-ef9a-43d8-9d90-279e3fbebfd8 req-ced28e48-ef9a-43d8-9d90-279e3fbebfd8 ] Request (HypervisorAdminV253TestBase:tearDownClass): 204 DELETE http://10.180.1.21/identity/v3/projects/3264b7e507d84267a880c98cdb946ca2 0.298s
2025-02-20 02:31:44.344 63766 INFO tempest.lib.common.rest_client [req-6b80e6fe-1343-4756-b1f5-d801aa2934f4 req-6b80e6fe-1343-4756-b1f5-d801aa2934f4 ] Request (InstanceUsageAuditLogNegativeTestJSON:test_get_instance_usage_audit_logs_with_invalid_time): 400 GET http://10.180.1.21/compute/v2.1/os-instance_usage_audit_log/invalid_time 1.480s
2025-02-20 02:31:44.358 63768 INFO tempest.lib.common.rest_client [req-cbff7894-ef39-440c-8156-556c0c88d789 req-cbff7894-ef39-440c-8156-556c0c88d789 ] Request (HypervisorAdminNegativeUnderV252Test:test_search_nonexistent_hypervisor): 404 GET http://10.180.1.21/compute/v2.1/os-hypervisors/nonexistent_hypervisor_name/search 1.318s
2025-02-20 02:31:44.374 63804 INFO tempest.lib.common.rest_client [req-90dfa46d-b83f-427e-b86e-da666c8021ee req-90dfa46d-b83f-427e-b86e-da666c8021ee ] Request (VolumesAdminNegativeTest:test_update_attached_volume_with_nonexistent_volume_in_body): 201 POST http://10.180.1.21:9696/networking/v2.0/security-group-rules 0.117s
2025-02-20 02:31:44.380 63774 INFO tempest.lib.common.rest_client [req-2c0c8764-28a5-4959-be37-080e107ab8c8 req-2c0c8764-28a5-4959-be37-080e107ab8c8 ] Request (FlavorMetadataValidation:_run_cleanups): 202 DELETE http://10.180.1.21/compute/v2.1/flavors/1321337946 1.252s
2025-02-20 02:31:44.387 63750 INFO tempest.lib.common.rest_client [req-8808911b-4345-4af4-9478-449e844555c1 req-8808911b-4345-4af4-9478-449e844555c1 ] Request (VolumesAssistedSnapshotsTest:setUpClass): 201 POST http://10.180.1.21:9696/networking/v2.0/networks 0.343s
2025-02-20 02:31:44.390 63754 INFO tempest.lib.common.rest_client [req-57b194de-934c-4eb8-b2bc-aa3d51f83838 req-57b194de-934c-4eb8-b2bc-aa3d51f83838 ] Request (TenantUsagesNegativeTestJSON:tearDownClass): 201 POST http://10.180.1.21/identity/v3/auth/tokens 0.207s
2025-02-20 02:31:44.400 63806 INFO tempest.lib.common.rest_client [req-a7855e48-ee27-473c-9e79-961b29811280 req-a7855e48-ee27-473c-9e79-961b29811280 ] Request (HypervisorAdminV228Test:tearDownClass): 204 DELETE http://10.180.1.21/identity/v3/projects/fc369602fba4461982a148b066b2a960 0.310s
2025-02-20 02:31:44.401 63806 INFO tempest.lib.common.dynamic_creds [-] Deleting project and security group for project: c8b155aeb65541768a9a417413b0b9c5
2025-02-20 02:31:44.409 63801 INFO tempest.lib.common.rest_client [req-c15de5a3-e171-4332-a5b2-a07d9c8430b8 req-c15de5a3-e171-4332-a5b2-a07d9c8430b8 ] Request (HypervisorAdminTestJSON:test_get_hypervisor_show_details): 200 GET http://10.180.1.21/compute/v2.1/os-hypervisors 1.218s
2025-02-20 02:31:44.480 63794 INFO tempest.lib.common.rest_client [req-7436405a-1eef-4e04-891b-b40e057937f0 req-7436405a-1eef-4e04-891b-b40e057937f0 ] Request (AZAdminV2TestJSON:tearDownClass): 204 DELETE http://10.180.1.21/identity/v3/projects/1069759438de4e9ca0571d0c747af74a 0.226s
2025-02-20 02:31:44.480 63794 INFO tempest.lib.common.dynamic_creds [-] Deleting project and security group for project: d483ba60111546e38b4d30b58e75f1e9
2025-02-20 02:31:44.494 63764 INFO tempest.lib.common.rest_client [req-b28c63eb-f0f0-4b79-a2a0-a363cf2210d1 req-b28c63eb-f0f0-4b79-a2a0-a363cf2210d1 ] Request (ServerDiagnosticsNegativeTest:test_get_server_diagnostics_by_non_admin): 200 GET http://10.180.1.21/compute/v2.1/servers/fc878d5f-527a-4cb5-98e4-62a1551d721a 1.223s
2025-02-20 02:31:44.517 63784 INFO tempest.lib.common.rest_client [req-55194022-4264-4e1f-a71a-5afbb0338a3c req-55194022-4264-4e1f-a71a-5afbb0338a3c ] Request (FlavorsExtraSpecsTestJSON:test_flavor_non_admin_get_specific_key): 200 POST http://10.180.1.21/compute/v2.1/flavors/75672431/os-extra_specs 1.220s
2025-02-20 02:31:44.523 63808 INFO tempest.lib.common.rest_client [req-a7737c81-9bc0-4f1c-a1ac-a9f7f9478a31 req-a7737c81-9bc0-4f1c-a1ac-a9f7f9478a31 ] Request (FlavorsAccessTestJSON:test_flavor_access_add_remove): 200 GET http://10.180.1.21/compute/v2.1/flavors/detail 1.609s
2025-02-20 02:31:44.542 63778 INFO tempest.lib.common.rest_client [req-c19866cc-c971-4926-becf-c35a581d0b8c req-c19866cc-c971-4926-becf-c35a581d0b8c ] Request (DeleteServersTestJSON:setUpClass): 201 POST http://10.180.1.21/identity/v3/auth/tokens 0.265s
2025-02-20 02:31:44.553 63762 INFO tempest.lib.common.rest_client [req-b3f824a1-61d7-45c7-b459-aa5712568e3c req-b3f824a1-61d7-45c7-b459-aa5712568e3c ] Request (HostsAdminTestJSON:test_list_hosts_with_nonexistent_zone): 200 GET http://10.180.1.21/compute/v2.1/os-hosts?zone=xxx 1.236s
2025-02-20 02:31:44.572 63804 INFO tempest.lib.common.rest_client [req-f3e51660-1880-41a9-b401-6c819c414c6d req-f3e51660-1880-41a9-b401-6c819c414c6d ] Request (VolumesAdminNegativeTest:test_update_attached_volume_with_nonexistent_volume_in_body): 201 POST http://10.180.1.21:9696/networking/v2.0/security-group-rules 0.197s
2025-02-20 02:31:44.582 63778 INFO tempest.lib.common.rest_client [req-6ccf977e-c908-4412-a5f7-ebb6eadb86e0 req-6ccf977e-c908-4412-a5f7-ebb6eadb86e0 ] Request (DeleteServersTestJSON:setUpClass): 201 POST http://10.180.1.21/identity/v3/auth/tokens 0.035s
2025-02-20 02:31:44.606 63778 INFO tempest.lib.common.rest_client [req-112bc133-63f1-4fd5-98d1-e4dd44c21584 req-112bc133-63f1-4fd5-98d1-e4dd44c21584 ] Request (DeleteServersTestJSON:setUpClass): 200 GET http://10.180.1.21/identity/v3/domains?name=Default 0.023s
2025-02-20 02:31:44.632 63778 INFO tempest.lib.common.rest_client [req-0eeb3ae8-2cdc-4489-961e-00c7d8320ca1 req-0eeb3ae8-2cdc-4489-961e-00c7d8320ca1 ] Request (DeleteServersTestJSON:setUpClass): 201 POST http://10.180.1.21/identity/v3/projects 0.026s
2025-02-20 02:31:44.683 63806 INFO tempest.lib.common.rest_client [req-116bf123-2e45-429f-a3ce-ba6a0e2802cc req-116bf123-2e45-429f-a3ce-ba6a0e2802cc ] Request (HypervisorAdminV228Test:tearDownClass): 200 GET http://10.180.1.21:9696/networking/v2.0/security-groups?tenant_id=c8b155aeb65541768a9a417413b0b9c5&name=default 0.282s
2025-02-20 02:31:44.690 63778 INFO tempest.lib.common.rest_client [req-a2c5674a-0cce-46ab-a7b6-7675e235b845 req-a2c5674a-0cce-46ab-a7b6-7675e235b845 ] Request (DeleteServersTestJSON:setUpClass): 201 POST http://10.180.1.21/identity/v3/users 0.057s
2025-02-20 02:31:44.693 63780 INFO tempest.lib.common.rest_client [req-dac72e9b-f22c-4269-b360-ecbdb412013d req-dac72e9b-f22c-4269-b360-ecbdb412013d ] Request (NetworksTest:test_list_all_networks): 200 GET http://10.180.1.21/compute/v2.1/os-networks 1.302s
2025-02-20 02:31:44.718 63778 INFO tempest.lib.common.rest_client [req-c6c8c9f6-9ca9-4cc3-a3b7-5eb89843d2ff req-c6c8c9f6-9ca9-4cc3-a3b7-5eb89843d2ff ] Request (DeleteServersTestJSON:setUpClass): 200 GET http://10.180.1.21/identity/v3/roles 0.027s
2025-02-20 02:31:44.745 63778 INFO tempest.lib.common.rest_client [req-95f4e95b-6d5a-40dd-940c-054eba296fd4 req-95f4e95b-6d5a-40dd-940c-054eba296fd4 ] Request (DeleteServersTestJSON:setUpClass): 204 PUT http://10.180.1.21/identity/v3/projects/05b84140b835429883907be1de087c16/users/a76a9cd529f646b8950de385b42bd5e2/roles/38dcd101ecf043209fdd2c6ad2795648 0.027s
2025-02-20 02:31:44.746 63778 INFO tempest.lib.common.dynamic_creds [-] Dynamic test user a76a9cd529f646b8950de385b42bd5e2 is created with scope project and roles: ['member']
2025-02-20 02:31:44.746 63778 INFO tempest.lib.common.dynamic_creds [-] Acquired dynamic creds: credentials: Credentials: {'domain_id': 'default', 'domain_name': 'Default', 'username': 'tempest-DeleteServersTestJSON-862047419-project-member', 'project_domain_id': 'default', 'project_domain_name': 'Default', 'project_id': '05b84140b835429883907be1de087c16', 'project_name': 'tempest-DeleteServersTestJSON-862047419', 'tenant_id': '05b84140b835429883907be1de087c16', 'tenant_name': 'tempest-DeleteServersTestJSON-862047419', 'user_domain_id': 'default', 'user_domain_name': 'Default', 'user_id': 'a76a9cd529f646b8950de385b42bd5e2', 'system': None}, Network: None, Subnet: None, Router: None
2025-02-20 02:31:44.760 63780 INFO tempest.lib.common.rest_client [req-b33aa55b-5bec-4528-85d5-a885316e9215 req-b33aa55b-5bec-4528-85d5-a885316e9215 ] Request (NetworksTest:tearDownClass): 204 DELETE http://10.180.1.21/identity/v3/users/2b9810bcfdfa46949a06f9b920e2001d 0.065s
2025-02-20 02:31:44.807 63750 INFO tempest.lib.common.rest_client [req-333a0d0f-d729-4900-911c-fe69ff64eaf1 req-333a0d0f-d729-4900-911c-fe69ff64eaf1 ] Request (VolumesAssistedSnapshotsTest:setUpClass): 201 POST http://10.180.1.21:9696/networking/v2.0/subnets 0.419s
2025-02-20 02:31:44.826 63778 INFO tempest.lib.common.rest_client [req-0b8f3243-8b14-4381-b32a-b75548be454a req-0b8f3243-8b14-4381-b32a-b75548be454a ] Request (DeleteServersTestJSON:setUpClass): 201 POST http://10.180.1.21/identity/v3/auth/tokens 0.079s
2025-02-20 02:31:44.856 63794 INFO tempest.lib.common.rest_client [req-ac9d8206-9aff-4c86-a3cb-8b7d2d9155e5 req-ac9d8206-9aff-4c86-a3cb-8b7d2d9155e5 ] Request (AZAdminV2TestJSON:tearDownClass): 200 GET http://10.180.1.21:9696/networking/v2.0/security-groups?tenant_id=d483ba60111546e38b4d30b58e75f1e9&name=default 0.376s
2025-02-20 02:31:44.881 63780 INFO tempest.lib.common.rest_client [req-49999b1f-bd18-4414-a44f-5f169f3a2636 req-49999b1f-bd18-4414-a44f-5f169f3a2636 ] Request (NetworksTest:tearDownClass): 204 DELETE http://10.180.1.21/identity/v3/users/20d0a3f6de634df1882ec5762b161133 0.121s
2025-02-20 02:31:44.882 63780 INFO tempest.lib.common.dynamic_creds [-] Deleting project and security group for project: 40bcda975c9542859ffc54ff0542e763
2025-02-20 02:31:44.912 63754 INFO tempest.lib.common.rest_client [req-ec2c840f-849c-4d09-932d-7da753579259 req-ec2c840f-849c-4d09-932d-7da753579259 ] Request (TenantUsagesNegativeTestJSON:tearDownClass): 200 GET http://10.180.1.21:9696/networking/v2.0/security-groups?tenant_id=9b49acf1d84e4827bd699e4042aa9d05&name=default 0.519s
2025-02-20 02:31:44.936 63780 INFO tempest.lib.common.rest_client [req-60407a82-7c65-4020-b03b-03cab0b5f6cb req-60407a82-7c65-4020-b03b-03cab0b5f6cb ] Request (NetworksTest:tearDownClass): 201 POST http://10.180.1.21/identity/v3/auth/tokens 0.054s
2025-02-20 02:31:44.970 63810 INFO tempest.lib.common.rest_client [req-5ad8dc8e-8af8-447d-bb11-a2116764fe2c req-5ad8dc8e-8af8-447d-bb11-a2116764fe2c ] Request (QuotasAdminTestJSON:test_get_updated_quotas): 200 PUT http://10.180.1.21/compute/v2.1/os-quota-sets/b2375a7953df46409631fe7f512fca81?user_id=2c3f07125fc649788043eded1be28dd3 1.576s
2025-02-20 02:31:44.997 63772 INFO tempest.lib.common.rest_client [req-1cd199a8-7797-4230-9717-b945ec499b4a req-1cd199a8-7797-4230-9717-b945ec499b4a ] Request (FlavorsV261TestJSON:test_crud_flavor): 200 PUT http://10.180.1.21/compute/v2.1/flavors/1136577544 1.506s
2025-02-20 02:31:45.000 63794 INFO tempest.lib.common.rest_client [req-9c33bbd3-0be3-4c20-98f5-bf1af5868a82 req-9c33bbd3-0be3-4c20-98f5-bf1af5868a82 ] Request (AZAdminV2TestJSON:tearDownClass): 204 DELETE http://10.180.1.21:9696/networking/v2.0/security-groups/e45689a2-4109-45ec-b26c-19732c5cff6b 0.143s
2025-02-20 02:31:45.012 63806 INFO tempest.lib.common.rest_client [req-8cdd9e31-5a60-4ad4-b6d0-78437ba1a8fd req-8cdd9e31-5a60-4ad4-b6d0-78437ba1a8fd ] Request (HypervisorAdminV228Test:tearDownClass): 204 DELETE http://10.180.1.21:9696/networking/v2.0/security-groups/d17319c2-a128-4a5f-a6b3-3ecb24c92f10 0.328s
2025-02-20 02:31:45.025 63786 INFO tempest.lib.common.rest_client [req-88c03620-1bf2-4389-9747-d4f843c2f895 req-88c03620-1bf2-4389-9747-d4f843c2f895 ] Request (ServersWithSpecificFlavorTestJSON:test_verify_created_server_ephemeral_disk): 200 POST http://10.180.1.21/compute/v2.1/flavors/1929136649/os-extra_specs 1.473s
2025-02-20 02:31:45.073 63798 INFO tempest.lib.common.rest_client [req-6ce2c8de-bd1b-4d6f-9e24-e7d1cc4ffe37 req-6ce2c8de-bd1b-4d6f-9e24-e7d1cc4ffe37 ] Request (MigrationsAdminTest:test_list_migrations_in_flavor_resize_situation): 202 POST http://10.180.1.21/compute/v2.1/servers 1.757s
2025-02-20 02:31:45.078 63782 INFO tempest.lib.common.rest_client [req-015624e7-7359-4c7e-baa5-61ae5b6cfef9 req-015624e7-7359-4c7e-baa5-61ae5b6cfef9 ] Request (KeyPairsV2TestJSON:test_keypair_create_with_pub_key): 200 POST http://10.180.1.21/compute/v2.1/os-keypairs 1.406s
2025-02-20 02:31:45.100 63758 INFO tempest.lib.common.rest_client [req-6753d427-c76c-446e-9caf-8fc9f3fc449a req-6753d427-c76c-446e-9caf-8fc9f3fc449a ] Request (FlavorsExtraSpecsNegativeTestJSON:test_flavor_non_admin_unset_keys): 200 POST http://10.180.1.21/compute/v2.1/flavors/202488601/os-extra_specs 1.270s
2025-02-20 02:31:45.108 63806 INFO tempest.lib.common.rest_client [req-b20fa8e7-a3eb-4bca-ae44-3c282c16ea91 req-b20fa8e7-a3eb-4bca-ae44-3c282c16ea91 ] Request (HypervisorAdminV228Test:tearDownClass): 204 DELETE http://10.180.1.21/identity/v3/projects/c8b155aeb65541768a9a417413b0b9c5 0.094s
2025-02-20 02:31:45.127 63794 INFO tempest.lib.common.rest_client [req-fa0ba7a1-c249-4040-b155-ba7d3a2ef6c5 req-fa0ba7a1-c249-4040-b155-ba7d3a2ef6c5 ] Request (AZAdminV2TestJSON:tearDownClass): 204 DELETE http://10.180.1.21/identity/v3/projects/d483ba60111546e38b4d30b58e75f1e9 0.127s
2025-02-20 02:31:45.128 63794 INFO tempest.test [-] raised in LiveMigrationNegativeTest.setUpClass. Invoking tearDownClass.
2025-02-20 02:31:45.129 63776 INFO tempest.lib.common.rest_client [req-1e611e55-8f88-4674-89fe-be76f6492be3 req-1e611e55-8f88-4674-89fe-be76f6492be3 ] Request (AggregatesAdminNegativeTestJSON:test_aggregate_add_host_as_user): 200 POST http://10.180.1.21/compute/v2.1/os-aggregates 1.092s
2025-02-20 02:31:45.132 63794 INFO tempest.test [-] raised in SpiceDirectConsoleTestJSON.setUpClass. Invoking tearDownClass.
2025-02-20 02:31:45.149 63796 INFO tempest.lib.common.rest_client [req-b25c98f1-0878-40ac-bfd2-ff9e1efa0cc0 req-b25c98f1-0878-40ac-bfd2-ff9e1efa0cc0 ] Request (FlavorsAdminTestJSON:test_create_flavor_verify_entry_in_list_details): 200 POST http://10.180.1.21/compute/v2.1/flavors 1.067s
2025-02-20 02:31:45.192 63806 INFO tempest.lib.common.rest_client [req-7b0666c5-4d66-4300-98ea-f0888816ca93 req-7b0666c5-4d66-4300-98ea-f0888816ca93 ] Request (AttachInterfacesTestJSON:setUpClass): 201 POST http://10.180.1.21/identity/v3/auth/tokens 0.081s
2025-02-20 02:31:45.196 63754 INFO tempest.lib.common.rest_client [req-fc845f07-4c29-48d8-878d-b6b870cff1d6 req-fc845f07-4c29-48d8-878d-b6b870cff1d6 ] Request (TenantUsagesNegativeTestJSON:tearDownClass): 204 DELETE http://10.180.1.21:9696/networking/v2.0/security-groups/0f57dee7-33d5-4de0-9a33-4040d210a0f0 0.283s
2025-02-20 02:31:45.216 63794 INFO tempest.lib.common.rest_client [req-eec8b35b-3557-40a4-8378-1c9903d641cc req-eec8b35b-3557-40a4-8378-1c9903d641cc ] Request (MultipleCreateNegativeTestJSON:setUpClass): 201 POST http://10.180.1.21/identity/v3/auth/tokens 0.082s
2025-02-20 02:31:45.246 63792 INFO tempest.lib.common.rest_client [req-af4e91c5-c0af-4613-8702-633760a9dc4a req-af4e91c5-c0af-4613-8702-633760a9dc4a ] Request (ImagesOneServerTestJSON:setUpClass): 200 PUT http://10.180.1.21:9696/networking/v2.0/routers/292cef42-a3a3-4b92-8f81-41259f17bb52/add_router_interface 1.905s
2025-02-20 02:31:45.247 63792 INFO tempest.lib.common.dynamic_creds [-] Created isolated network resources for: credentials: Credentials: {'domain_id': 'default', 'domain_name': 'Default', 'username': 'tempest-ImagesOneServerTestJSON-467964551-project-member', 'project_domain_id': 'default', 'project_domain_name': 'Default', 'project_id': '6d3818a45a2d479a995ba5dc0333898b', 'project_name': 'tempest-ImagesOneServerTestJSON-467964551', 'tenant_id': '6d3818a45a2d479a995ba5dc0333898b', 'tenant_name': 'tempest-ImagesOneServerTestJSON-467964551', 'user_domain_id': 'default', 'user_domain_name': 'Default', 'user_id': 'd1d4052173ff43e08215c2f11d625b4f', 'system': None}, Network: {'id': '3cc0a447-fc6e-4c6e-ab7a-9ef41a974fc0', 'name': 'tempest-ImagesOneServerTestJSON-1131498001-network', 'tenant_id': '6d3818a45a2d479a995ba5dc0333898b', 'admin_state_up': True, 'mtu': 8950, 'status': 'ACTIVE', 'subnets': [], 'shared': False, 'project_id': '6d3818a45a2d479a995ba5dc0333898b', 'port_security_enabled': True, 'router:external': False, 'provider:network_type': 'vlan', 'provider:physical_network': 'default', 'provider:segmentation_id': 946, 'availability_zone_hints': [], 'availability_zones': [], 'ipv4_address_scope': None, 'ipv6_address_scope': None, 'description': '', 'tags': [], 'created_at': '2025-02-20T02:31:41Z', 'updated_at': '2025-02-20T02:31:41Z', 'revision_number': 1}, Subnet: {'id': 'd9fda014-a90b-40a5-b6ee-73de3f1ba65f', 'name': 'tempest-ImagesOneServerTestJSON-1131498001-subnet', 'tenant_id': '6d3818a45a2d479a995ba5dc0333898b', 'network_id': '3cc0a447-fc6e-4c6e-ab7a-9ef41a974fc0', 'ip_version': 4, 'subnetpool_id': None, 'enable_dhcp': True, 'ipv6_ra_mode': None, 'ipv6_address_mode': None, 'gateway_ip': '192.168.128.1', 'cidr': '192.168.128.0/28', 'allocation_pools': [{'start': '192.168.128.2', 'end': '192.168.128.14'}], 'host_routes': [], 'dns_nameservers': [], 'description': '', 'router:external': False, 'service_types': [], 'tags': [], 'created_at': '2025-02-20T02:31:42Z', 'updated_at': '2025-02-20T02:31:42Z', 'revision_number': 0, 'project_id': '6d3818a45a2d479a995ba5dc0333898b'}, Router: {'id': '292cef42-a3a3-4b92-8f81-41259f17bb52', 'name': 'tempest-ImagesOneServerTestJSON-1131498001-router', 'tenant_id': '6d3818a45a2d479a995ba5dc0333898b', 'admin_state_up': True, 'status': 'ACTIVE', 'external_gateway_info': {'network_id': '0f8c0677-cc7a-4698-98e0-ba406b3ab916', 'external_fixed_ips': [{'subnet_id': '5fb432b7-808c-45ef-a2c1-9945b6d07eda', 'ip_address': '10.180.180.156'}], 'enable_snat': True}, 'description': '', 'availability_zones': [], 'distributed': False, 'ha': False, 'availability_zone_hints': [], 'routes': [], 'flavor_id': None, 'tags': [], 'created_at': '2025-02-20T02:31:42Z', 'updated_at': '2025-02-20T02:31:42Z', 'revision_number': 2, 'project_id': '6d3818a45a2d479a995ba5dc0333898b'}
2025-02-20 02:31:45.266 63780 INFO tempest.lib.common.rest_client [req-f94c6a77-b597-458a-9ba7-201c5f237c87 req-f94c6a77-b597-458a-9ba7-201c5f237c87 ] Request (NetworksTest:tearDownClass): 200 GET http://10.180.1.21:9696/networking/v2.0/security-groups?tenant_id=40bcda975c9542859ffc54ff0542e763&name=default 0.330s
2025-02-20 02:31:45.278 63754 INFO tempest.lib.common.rest_client [req-60678782-ece8-4897-90e7-ba748ddf3ce3 req-60678782-ece8-4897-90e7-ba748ddf3ce3 ] Request (TenantUsagesNegativeTestJSON:tearDownClass): 204 DELETE http://10.180.1.21/identity/v3/projects/9b49acf1d84e4827bd699e4042aa9d05 0.081s
2025-02-20 02:31:45.278 63754 INFO tempest.lib.common.dynamic_creds [-] Deleting project and security group for project: 1ebcefb4959c4df3866e5a2aab3c8c2a
2025-02-20 02:31:45.335 63806 INFO tempest.lib.common.rest_client [req-18542918-e4c2-470d-b726-c1064b6dc047 req-18542918-e4c2-470d-b726-c1064b6dc047 ] Request (AttachInterfacesTestJSON:setUpClass): 201 POST http://10.180.1.21/identity/v3/auth/tokens 0.138s
2025-02-20 02:31:45.363 63794 INFO tempest.lib.common.rest_client [req-9b9153e7-ba18-4f33-b9b2-ac77a98a08cb req-9b9153e7-ba18-4f33-b9b2-ac77a98a08cb ] Request (MultipleCreateNegativeTestJSON:setUpClass): 201 POST http://10.180.1.21/identity/v3/auth/tokens 0.144s
2025-02-20 02:31:45.396 63756 INFO tempest.lib.common.rest_client [req-ae834d6d-432d-437c-a453-23439e6ae749 req-ae834d6d-432d-437c-a453-23439e6ae749 ] Request (FlavorsAccessNegativeTestJSON:test_add_flavor_access_duplicate): 409 POST http://10.180.1.21/compute/v2.1/flavors/809200962/action 1.170s
2025-02-20 02:31:45.410 63806 INFO tempest.lib.common.rest_client [req-ba633aa1-89f2-4cfa-a1c0-ce58a7ffef3b req-ba633aa1-89f2-4cfa-a1c0-ce58a7ffef3b ] Request (AttachInterfacesTestJSON:setUpClass): 200 GET http://10.180.1.21/identity/v3/domains?name=Default 0.074s
2025-02-20 02:31:45.438 63792 INFO tempest.lib.common.rest_client [req-1d716917-7882-49e5-8062-20eb3532f4d1 req-1d716917-7882-49e5-8062-20eb3532f4d1 ] Request (ImagesOneServerTestJSON:setUpClass): 201 POST http://10.180.1.21/identity/v3/auth/tokens 0.186s
2025-02-20 02:31:45.444 63794 INFO tempest.lib.common.rest_client [req-5e154ffc-08bd-4d5b-b70e-ccfcb1df01fa req-5e154ffc-08bd-4d5b-b70e-ccfcb1df01fa ] Request (MultipleCreateNegativeTestJSON:setUpClass): 200 GET http://10.180.1.21/identity/v3/domains?name=Default 0.081s
2025-02-20 02:31:45.488 63780 INFO tempest.lib.common.rest_client [req-c0f66540-01ea-4eb0-9144-03fa5958526d req-c0f66540-01ea-4eb0-9144-03fa5958526d ] Request (NetworksTest:tearDownClass): 204 DELETE http://10.180.1.21:9696/networking/v2.0/security-groups/f57b6145-c4fe-41e1-9188-7e13803925ed 0.221s
2025-02-20 02:31:45.542 63754 INFO tempest.lib.common.rest_client [req-8cf41a86-449d-4aba-a0c0-520dd251812e req-8cf41a86-449d-4aba-a0c0-520dd251812e ] Request (TenantUsagesNegativeTestJSON:tearDownClass): 200 GET http://10.180.1.21:9696/networking/v2.0/security-groups?tenant_id=1ebcefb4959c4df3866e5a2aab3c8c2a&name=default 0.263s
2025-02-20 02:31:45.544 63766 INFO tempest.lib.common.rest_client [req-741b531f-d53c-4320-a9b8-f646467f7323 req-741b531f-d53c-4320-a9b8-f646467f7323 ] Request (InstanceUsageAuditLogNegativeTestJSON:test_instance_usage_audit_logs_with_nonadmin_user): 403 GET http://10.180.1.21/compute/v2.1/os-instance_usage_audit_log 1.199s
2025-02-20 02:31:45.560 63792 INFO tempest.lib.common.rest_client [req-6c0f625c-0ac6-41e8-9451-43791569be77 req-6c0f625c-0ac6-41e8-9451-43791569be77 ] Request (ImagesOneServerTestJSON:setUpClass): 201 POST http://10.180.1.21/identity/v3/auth/tokens 0.118s
2025-02-20 02:31:45.561 63792 INFO tempest.lib.common.fixed_network [-] (ImagesOneServerTestJSON:setUpClass) Found network {'id': '3cc0a447-fc6e-4c6e-ab7a-9ef41a974fc0', 'name': 'tempest-ImagesOneServerTestJSON-1131498001-network', 'tenant_id': '6d3818a45a2d479a995ba5dc0333898b', 'admin_state_up': True, 'mtu': 8950, 'status': 'ACTIVE', 'subnets': [], 'shared': False, 'project_id': '6d3818a45a2d479a995ba5dc0333898b', 'port_security_enabled': True, 'router:external': False, 'provider:network_type': 'vlan', 'provider:physical_network': 'default', 'provider:segmentation_id': 946, 'availability_zone_hints': [], 'availability_zones': [], 'ipv4_address_scope': None, 'ipv6_address_scope': None, 'description': '', 'tags': [], 'created_at': '2025-02-20T02:31:41Z', 'updated_at': '2025-02-20T02:31:41Z', 'revision_number': 1} available for tenant
2025-02-20 02:31:45.570 63768 INFO tempest.lib.common.rest_client [req-5ec704b8-cc2f-44c6-9b7a-9f2e2beffb43 req-5ec704b8-cc2f-44c6-9b7a-9f2e2beffb43 ] Request (HypervisorAdminNegativeUnderV252Test:test_show_servers_with_non_admin_user): 200 GET http://10.180.1.21/compute/v2.1/os-hypervisors 1.211s
2025-02-20 02:31:45.595 63774 INFO tempest.lib.common.rest_client [req-098be327-36eb-4c10-897e-4fed8af00d8e req-098be327-36eb-4c10-897e-4fed8af00d8e ] Request (FlavorMetadataValidation:_run_cleanups): 200 GET http://10.180.1.21/compute/v2.1/flavors/detail 1.214s
2025-02-20 02:31:45.614 63801 INFO tempest.lib.common.rest_client [req-7a941840-84f2-482b-9d6b-15d4dbe61ca9 req-7a941840-84f2-482b-9d6b-15d4dbe61ca9 ] Request (HypervisorAdminTestJSON:test_get_hypervisor_show_details): 200 GET http://10.180.1.21/compute/v2.1/os-hypervisors/1 1.204s
2025-02-20 02:31:45.629 63806 INFO tempest.lib.common.rest_client [req-a5709c51-2c9e-40fc-9262-95419bf8e9b7 req-a5709c51-2c9e-40fc-9262-95419bf8e9b7 ] Request (AttachInterfacesTestJSON:setUpClass): 201 POST http://10.180.1.21/identity/v3/projects 0.218s
2025-02-20 02:31:45.630 63784 INFO tempest.lib.common.rest_client [req-a98870b8-5ea7-4718-8cf1-6bea4220cfe6 req-a98870b8-5ea7-4718-8cf1-6bea4220cfe6 ] Request (FlavorsExtraSpecsTestJSON:test_flavor_non_admin_get_specific_key): 200 GET http://10.180.1.21/compute/v2.1/flavors/75672431/os-extra_specs/hw:numa_nodes 1.112s
2025-02-20 02:31:45.634 63794 INFO tempest.lib.common.rest_client [req-c4dde9c9-0c1c-4e97-a6f5-64d7355d8f51 req-c4dde9c9-0c1c-4e97-a6f5-64d7355d8f51 ] Request (MultipleCreateNegativeTestJSON:setUpClass): 201 POST http://10.180.1.21/identity/v3/projects 0.189s
2025-02-20 02:31:45.702 63788 INFO tempest.lib.common.rest_client [req-ffb97b4b-4147-45f5-8da6-a49b7f523b65 req-ffb97b4b-4147-45f5-8da6-a49b7f523b65 ] Request (SecurityGroupsTestAdminJSON:test_list_security_groups_list_all_tenants_filter): 200 POST http://10.180.1.21/compute/v2.1/os-security-groups 1.876s
2025-02-20 02:31:45.702 63778 INFO tempest.lib.common.rest_client [req-521a236f-e522-4f80-8b76-44141bfb4ad9 req-521a236f-e522-4f80-8b76-44141bfb4ad9 ] Request (DeleteServersTestJSON:setUpClass): 201 POST http://10.180.1.21:9696/networking/v2.0/networks 0.875s
2025-02-20 02:31:45.719 63804 INFO tempest.lib.common.rest_client [req-858b781c-80a9-4e6a-a594-15aea41dcded req-858b781c-80a9-4e6a-a594-15aea41dcded ] Request (VolumesAdminNegativeTest:test_update_attached_volume_with_nonexistent_volume_in_body): 201 POST http://10.180.1.21:9696/networking/v2.0/floatingips 1.147s
2025-02-20 02:31:45.746 63754 INFO tempest.lib.common.rest_client [req-94a3b164-26d3-49b0-9654-95fbfaadef04 req-94a3b164-26d3-49b0-9654-95fbfaadef04 ] Request (TenantUsagesNegativeTestJSON:tearDownClass): 204 DELETE http://10.180.1.21:9696/networking/v2.0/security-groups/b08179ea-ac9b-4a5c-9b5a-999c69d53a78 0.203s
2025-02-20 02:31:45.781 63780 INFO tempest.lib.common.rest_client [req-cea157f9-3264-4186-8865-306508e7bad3 req-cea157f9-3264-4186-8865-306508e7bad3 ] Request (NetworksTest:tearDownClass): 204 DELETE http://10.180.1.21/identity/v3/projects/40bcda975c9542859ffc54ff0542e763 0.291s
2025-02-20 02:31:45.782 63780 INFO tempest.lib.common.dynamic_creds [-] Deleting project and security group for project: 723b9cdc8c4a4de086cae012ed60155c
2025-02-20 02:31:45.806 63774 INFO tempest.lib.common.rest_client [req-3b1c9499-c4c6-4e4a-8746-e94ba7dd9f6f req-3b1c9499-c4c6-4e4a-8746-e94ba7dd9f6f ] Request (FlavorMetadataValidation:tearDownClass): 204 DELETE http://10.180.1.21/identity/v3/users/424db3ab6c994f6bb8c385cbeb880975 0.199s
2025-02-20 02:31:45.808 63790 INFO tempest.lib.common.rest_client [req-14f4c722-553b-47d6-80d2-4e1fce8d4d25 req-14f4c722-553b-47d6-80d2-4e1fce8d4d25 ] Request (ServerDiagnosticsV248Test:test_get_server_diagnostics): 200 GET http://10.180.1.21/compute/v2.1/servers/dea2ebe8-e06c-416c-aaa8-69fb8a1c5b46 1.261s
2025-02-20 02:31:45.835 63762 INFO tempest.lib.common.rest_client [req-ed45f602-a6ce-4d90-85f7-4e111ade6cb4 req-ed45f602-a6ce-4d90-85f7-4e111ade6cb4 ] Request (HostsAdminTestJSON:test_list_hosts_with_zone): 200 GET http://10.180.1.21/compute/v2.1/os-hosts 1.278s
2025-02-20 02:31:45.908 63806 INFO tempest.lib.common.rest_client [req-c03afd8c-18fc-4e66-b300-4a39495c8343 req-c03afd8c-18fc-4e66-b300-4a39495c8343 ] Request (AttachInterfacesTestJSON:setUpClass): 201 POST http://10.180.1.21/identity/v3/users 0.278s
2025-02-20 02:31:45.923 63794 INFO tempest.lib.common.rest_client [req-78f3a152-39b3-4130-940f-46e4cdbfa017 req-78f3a152-39b3-4130-940f-46e4cdbfa017 ] Request (MultipleCreateNegativeTestJSON:setUpClass): 201 POST http://10.180.1.21/identity/v3/users 0.289s
2025-02-20 02:31:45.939 63748 INFO tempest.lib.common.rest_client [req-c2bd41f9-fe5e-4ca0-b9ac-d7711af33207 req-c2bd41f9-fe5e-4ca0-b9ac-d7711af33207 ] Request (DeleteServersAdminTestJSON:test_admin_delete_servers_of_others): 200 GET http://10.180.1.21/compute/v2.1/servers/df8f409a-484b-45ba-809e-39fc00fa6e6b 1.274s
2025-02-20 02:31:45.962 63804 INFO tempest.lib.common.rest_client [req-bfd540c4-9706-4c90-a024-5a024a1e0825 req-bfd540c4-9706-4c90-a024-5a024a1e0825 ] Request (VolumesAdminNegativeTest:test_update_attached_volume_with_nonexistent_volume_in_body): 201 POST http://10.180.1.21/identity/v3/auth/tokens 0.240s
2025-02-20 02:31:45.963 63804 INFO tempest.lib.common.fixed_network [-] (VolumesAdminNegativeTest:test_update_attached_volume_with_nonexistent_volume_in_body) Found network {'id': '186fca34-0bfa-4c1d-a048-80779721bc97', 'name': 'tempest-VolumesAdminNegativeTest-2084496329-network', 'tenant_id': 'dcd43818f54c4e869e489febdeeec723', 'admin_state_up': True, 'mtu': 8950, 'status': 'ACTIVE', 'subnets': [], 'shared': False, 'project_id': 'dcd43818f54c4e869e489febdeeec723', 'port_security_enabled': True, 'router:external': False, 'provider:network_type': 'vlan', 'provider:physical_network': 'default', 'provider:segmentation_id': 479, 'availability_zone_hints': [], 'availability_zones': [], 'ipv4_address_scope': None, 'ipv6_address_scope': None, 'description': '', 'tags': [], 'created_at': '2025-02-20T02:31:33Z', 'updated_at': '2025-02-20T02:31:33Z', 'revision_number': 1} available for tenant
2025-02-20 02:31:45.984 63780 INFO tempest.lib.common.rest_client [req-8e283123-371a-4282-992d-eae8cdb88f6f req-8e283123-371a-4282-992d-eae8cdb88f6f ] Request (NetworksTest:tearDownClass): 200 GET http://10.180.1.21:9696/networking/v2.0/security-groups?tenant_id=723b9cdc8c4a4de086cae012ed60155c&name=default 0.202s
2025-02-20 02:31:45.985 63754 INFO tempest.lib.common.rest_client [req-adae5fd1-2b3a-4414-bf94-281956daa178 req-adae5fd1-2b3a-4414-bf94-281956daa178 ] Request (TenantUsagesNegativeTestJSON:tearDownClass): 204 DELETE http://10.180.1.21/identity/v3/projects/1ebcefb4959c4df3866e5a2aab3c8c2a 0.239s
2025-02-20 02:31:46.051 63774 INFO tempest.lib.common.rest_client [req-aef300e9-9a75-4cbe-9800-1b49bafb6868 req-aef300e9-9a75-4cbe-9800-1b49bafb6868 ] Request (FlavorMetadataValidation:tearDownClass): 204 DELETE http://10.180.1.21/identity/v3/users/ef6c8a9134af4b14aa51413f9d90b31f 0.245s
2025-02-20 02:31:46.052 63774 INFO tempest.lib.common.dynamic_creds [-] Deleting project and security group for project: 8cce220147054817a6727516ba96dd15
2025-02-20 02:31:46.114 63806 INFO tempest.lib.common.rest_client [req-c2b93d35-ffee-449f-a991-826b300d3ff8 req-c2b93d35-ffee-449f-a991-826b300d3ff8 ] Request (AttachInterfacesTestJSON:setUpClass): 200 GET http://10.180.1.21/identity/v3/roles 0.203s
2025-02-20 02:31:46.131 63780 INFO tempest.lib.common.rest_client [req-89a10bcd-189d-4936-b26c-ffc5acbfce48 req-89a10bcd-189d-4936-b26c-ffc5acbfce48 ] Request (NetworksTest:tearDownClass): 204 DELETE http://10.180.1.21:9696/networking/v2.0/security-groups/071210ae-9e35-4a1c-89fc-5a2fdd324102 0.147s
2025-02-20 02:31:46.134 63808 INFO tempest.lib.common.rest_client [req-bcee5775-a1a6-4711-a473-bdfde49b9565 req-bcee5775-a1a6-4711-a473-bdfde49b9565 ] Request (FlavorsAccessTestJSON:test_flavor_access_add_remove): 200 POST http://10.180.1.21/compute/v2.1/flavors/1577905524/action 1.600s
2025-02-20 02:31:46.140 63794 INFO tempest.lib.common.rest_client [req-ffddc6d5-2a1b-4e09-ba73-1d71ed5f906a req-ffddc6d5-2a1b-4e09-ba73-1d71ed5f906a ] Request (MultipleCreateNegativeTestJSON:setUpClass): 200 GET http://10.180.1.21/identity/v3/roles 0.216s
2025-02-20 02:31:46.149 63754 INFO tempest.lib.common.rest_client [req-79dbe4ab-4f30-4b8f-b7ee-a9cf4acd7bc9 req-79dbe4ab-4f30-4b8f-b7ee-a9cf4acd7bc9 ] Request (AbsoluteLimitsTestJSON:setUpClass): 201 POST http://10.180.1.21/identity/v3/auth/tokens 0.162s
2025-02-20 02:31:46.163 63772 INFO tempest.lib.common.rest_client [req-0dac63c5-4ca1-4538-a49c-8885c63ab816 req-0dac63c5-4ca1-4538-a49c-8885c63ab816 ] Request (FlavorsV261TestJSON:test_crud_flavor): 200 GET http://10.180.1.21/compute/v2.1/flavors/detail 1.161s
2025-02-20 02:31:46.170 63774 INFO tempest.lib.common.rest_client [req-0c493214-4a93-4fc4-b9dc-3f7eca8eba83 req-0c493214-4a93-4fc4-b9dc-3f7eca8eba83 ] Request (FlavorMetadataValidation:tearDownClass): 201 POST http://10.180.1.21/identity/v3/auth/tokens 0.118s
2025-02-20 02:31:46.173 63778 INFO tempest.lib.common.rest_client [req-8843f68d-2d44-46c7-ac62-a90b6a2b6a74 req-8843f68d-2d44-46c7-ac62-a90b6a2b6a74 ] Request (DeleteServersTestJSON:setUpClass): 201 POST http://10.180.1.21:9696/networking/v2.0/subnets 0.470s
2025-02-20 02:31:46.179 63806 INFO tempest.lib.common.rest_client [req-ea5d31e7-e8ab-4e71-b2f1-e1e63be57263 req-ea5d31e7-e8ab-4e71-b2f1-e1e63be57263 ] Request (AttachInterfacesTestJSON:setUpClass): 204 PUT http://10.180.1.21/identity/v3/projects/55f2ce26c2dc4406b3d6c0837cbd25b3/users/0fe136f3f79b4fc89e2211cacf70fad0/roles/38dcd101ecf043209fdd2c6ad2795648 0.063s
2025-02-20 02:31:46.180 63806 INFO tempest.lib.common.dynamic_creds [-] Dynamic test user 0fe136f3f79b4fc89e2211cacf70fad0 is created with scope project and roles: ['member']
2025-02-20 02:31:46.180 63806 INFO tempest.lib.common.dynamic_creds [-] Acquired dynamic creds: credentials: Credentials: {'domain_id': 'default', 'domain_name': 'Default', 'username': 'tempest-AttachInterfacesTestJSON-51450341-project-member', 'project_domain_id': 'default', 'project_domain_name': 'Default', 'project_id': '55f2ce26c2dc4406b3d6c0837cbd25b3', 'project_name': 'tempest-AttachInterfacesTestJSON-51450341', 'tenant_id': '55f2ce26c2dc4406b3d6c0837cbd25b3', 'tenant_name': 'tempest-AttachInterfacesTestJSON-51450341', 'user_domain_id': 'default', 'user_domain_name': 'Default', 'user_id': '0fe136f3f79b4fc89e2211cacf70fad0', 'system': None}, Network: None, Subnet: None, Router: None
2025-02-20 02:31:46.184 63786 INFO tempest.lib.common.rest_client [req-5ee5dbba-b427-457f-9ba3-5d88c4fbdbe7 req-5ee5dbba-b427-457f-9ba3-5d88c4fbdbe7 ] Request (ServersWithSpecificFlavorTestJSON:test_verify_created_server_ephemeral_disk): 200 POST http://10.180.1.21/compute/v2.1/flavors 1.157s
2025-02-20 02:31:46.238 63798 INFO tempest.lib.common.rest_client [req-7ce4cd3e-a3f0-4e26-af50-6ac5f3164f51 req-7ce4cd3e-a3f0-4e26-af50-6ac5f3164f51 ] Request (MigrationsAdminTest:test_list_migrations_in_flavor_resize_situation): 200 GET http://10.180.1.21/compute/v2.1/servers/bc7bac9e-026d-4a0d-8a5c-233677ec2d63 1.163s
2025-02-20 02:31:46.251 63782 INFO tempest.lib.common.rest_client [req-37dc2175-093b-4cb4-9527-415086870d50 req-37dc2175-093b-4cb4-9527-415086870d50 ] Request (KeyPairsV2TestJSON:_run_cleanups): 202 DELETE http://10.180.1.21/compute/v2.1/os-keypairs/tempest-keypair-846956852 1.172s
2025-02-20 02:31:46.257 63758 INFO tempest.lib.common.rest_client [req-e1997a68-522e-4481-9673-9d88edba838c req-e1997a68-522e-4481-9673-9d88edba838c ] Request (FlavorsExtraSpecsNegativeTestJSON:test_flavor_non_admin_unset_keys): 403 DELETE http://10.180.1.21/compute/v2.1/flavors/202488601/os-extra_specs/hw:numa_nodes 1.156s
2025-02-20 02:31:46.258 63750 INFO tempest.lib.common.rest_client [req-3f94b7af-b3e9-49bb-baac-ba15176671b4 req-3f94b7af-b3e9-49bb-baac-ba15176671b4 ] Request (VolumesAssistedSnapshotsTest:setUpClass): 201 POST http://10.180.1.21:9696/networking/v2.0/routers 1.450s
2025-02-20 02:31:46.268 63780 INFO tempest.lib.common.rest_client [req-8422fa0d-e6af-4954-83ab-741ada7a3ba3 req-8422fa0d-e6af-4954-83ab-741ada7a3ba3 ] Request (NetworksTest:tearDownClass): 204 DELETE http://10.180.1.21/identity/v3/projects/723b9cdc8c4a4de086cae012ed60155c 0.136s
2025-02-20 02:31:46.318 63810 INFO tempest.lib.common.rest_client [req-92cf563b-558e-4fdd-b564-ab2625945b56 req-92cf563b-558e-4fdd-b564-ab2625945b56 ] Request (QuotasAdminTestJSON:test_get_updated_quotas): 200 GET http://10.180.1.21/compute/v2.1/os-quota-sets/b2375a7953df46409631fe7f512fca81?user_id=2c3f07125fc649788043eded1be28dd3 1.346s
2025-02-20 02:31:46.321 63754 INFO tempest.lib.common.rest_client [req-5a027435-ff29-4a4e-926e-7e4cf37868f9 req-5a027435-ff29-4a4e-926e-7e4cf37868f9 ] Request (AbsoluteLimitsTestJSON:setUpClass): 201 POST http://10.180.1.21/identity/v3/auth/tokens 0.169s
2025-02-20 02:31:46.343 63794 INFO tempest.lib.common.rest_client [req-7c5857d3-ffdb-407c-b49b-12e4d319d719 req-7c5857d3-ffdb-407c-b49b-12e4d319d719 ] Request (MultipleCreateNegativeTestJSON:setUpClass): 204 PUT http://10.180.1.21/identity/v3/projects/2a1ec413b36d4c6fac7a811414e4c26b/users/485c52ecd9e84555a1d3cc0dbac2fd33/roles/38dcd101ecf043209fdd2c6ad2795648 0.202s
2025-02-20 02:31:46.343 63794 INFO tempest.lib.common.dynamic_creds [-] Dynamic test user 485c52ecd9e84555a1d3cc0dbac2fd33 is created with scope project and roles: ['member']
2025-02-20 02:31:46.343 63794 INFO tempest.lib.common.dynamic_creds [-] Acquired dynamic creds: credentials: Credentials: {'domain_id': 'default', 'domain_name': 'Default', 'username': 'tempest-MultipleCreateNegativeTestJSON-1638790034-project-member', 'project_domain_id': 'default', 'project_domain_name': 'Default', 'project_id': '2a1ec413b36d4c6fac7a811414e4c26b', 'project_name': 'tempest-MultipleCreateNegativeTestJSON-1638790034', 'tenant_id': '2a1ec413b36d4c6fac7a811414e4c26b', 'tenant_name': 'tempest-MultipleCreateNegativeTestJSON-1638790034', 'user_domain_id': 'default', 'user_domain_name': 'Default', 'user_id': '485c52ecd9e84555a1d3cc0dbac2fd33', 'system': None}, Network: None, Subnet: None, Router: None
2025-02-20 02:31:46.343 63794 INFO tempest.lib.common.dynamic_creds [-] Created isolated network resources for: credentials: Credentials: {'domain_id': 'default', 'domain_name': 'Default', 'username': 'tempest-MultipleCreateNegativeTestJSON-1638790034-project-member', 'project_domain_id': 'default', 'project_domain_name': 'Default', 'project_id': '2a1ec413b36d4c6fac7a811414e4c26b', 'project_name': 'tempest-MultipleCreateNegativeTestJSON-1638790034', 'tenant_id': '2a1ec413b36d4c6fac7a811414e4c26b', 'tenant_name': 'tempest-MultipleCreateNegativeTestJSON-1638790034', 'user_domain_id': 'default', 'user_domain_name': 'Default', 'user_id': '485c52ecd9e84555a1d3cc0dbac2fd33', 'system': None}, Network: None, Subnet: None, Router: None
2025-02-20 02:31:46.345 63796 INFO tempest.lib.common.rest_client [req-3a10dd91-cf37-46ee-adf7-3f4ec0bab960 req-3a10dd91-cf37-46ee-adf7-3f4ec0bab960 ] Request (FlavorsAdminTestJSON:test_create_flavor_verify_entry_in_list_details): 200 GET http://10.180.1.21/compute/v2.1/flavors/detail 1.194s
2025-02-20 02:31:46.412 63806 INFO tempest.lib.common.rest_client [req-5e453b35-d5b0-4325-aa0f-3768b13bf78a req-5e453b35-d5b0-4325-aa0f-3768b13bf78a ] Request (AttachInterfacesTestJSON:setUpClass): 201 POST http://10.180.1.21/identity/v3/auth/tokens 0.232s
