2025-02-20 02:34:11.976 63784 INFO tempest.lib.common.rest_client [req-48248aca-29f9-46d1-95d7-ac3de5f09a11 req-48248aca-29f9-46d1-95d7-ac3de5f09a11 ] Request (FloatingIPsTestJSON:test_delete_floating_ip): 202 DELETE http://10.180.1.21/compute/v2.1/os-floating-ips/d46d0186-156a-49fa-9aae-9046b4ba6b2b 1.010s
2025-02-20 02:34:11.990 63748 INFO tempest.lib.common.rest_client [req-181b20d5-3bd2-408f-bd3a-df878cf4a9a2 req-181b20d5-3bd2-408f-bd3a-df878cf4a9a2 ] Request (ServicesAdminNegativeV253TestJSON:test_get_service_by_invalid_service_and_valid_host): 200 GET http://10.180.1.21/compute/v2.1/os-services 0.171s
2025-02-20 02:34:12.054 63770 INFO tempest.lib.common.rest_client [req-0791c81e-cceb-4171-8c63-f6e1727be212 req-0791c81e-cceb-4171-8c63-f6e1727be212 ] Request (ServersNegativeTestMultiTenantJSON:tearDownClass): 200 GET http://10.180.1.21/compute/v2.1/servers/03156147-f1d4-4b8a-85c3-3c3ae9879fb8 0.120s
2025-02-20 02:34:12.080 63784 INFO tempest.lib.common.rest_client [req-7e73e448-42b0-4dd9-938a-fa60a0133997 req-7e73e448-42b0-4dd9-938a-fa60a0133997 ] Request (FloatingIPsTestJSON:test_delete_floating_ip): 404 GET http://10.180.1.21/compute/v2.1/os-floating-ips/d46d0186-156a-49fa-9aae-9046b4ba6b2b 0.104s
2025-02-20 02:34:12.094 63778 INFO tempest.lib.common.rest_client [req-70d5d922-c641-4a68-9ff1-6feb68650694 req-70d5d922-c641-4a68-9ff1-6feb68650694 ] Request (DeleteServersTestJSON:test_delete_server_while_in_attached_volume): 200 GET http://10.180.1.21/compute/v2.1/servers/72eb6306-764d-4bc9-a991-86276b9eb73e 0.227s
2025-02-20 02:34:12.100 63748 INFO tempest.lib.common.rest_client [req-9621d6a9-c69d-40fa-baeb-ba493a36c95c req-9621d6a9-c69d-40fa-baeb-ba493a36c95c ] Request (ServicesAdminNegativeV253TestJSON:test_get_service_by_invalid_service_and_valid_host): 200 GET http://10.180.1.21/compute/v2.1/os-services?host=devstack&binary=xxx 0.108s
2025-02-20 02:34:12.148 63804 INFO tempest.lib.common.rest_client [req-189d321c-2046-40de-b51c-57bec776e2db req-189d321c-2046-40de-b51c-57bec776e2db ] Request (VolumesAdminNegativeTest:test_update_attached_volume_with_nonexistent_volume_in_uri): 200 GET http://10.180.1.21/compute/v2.1/servers/fae6e8ca-c6d2-437d-af8d-4d6b56ecf2c5 0.116s
2025-02-20 02:34:12.150 63798 INFO tempest.lib.common.rest_client [req-21f3283c-2efe-49db-b29f-c2da0363b3e5 req-21f3283c-2efe-49db-b29f-c2da0363b3e5 ] Request (MigrationsAdminTest:test_resize_server_revert_deleted_flavor): 200 GET http://10.180.1.21/compute/v2.1/servers/eb822c42-3071-4027-bc3b-03e32dc46cce 0.144s
2025-02-20 02:34:12.172 63784 INFO tempest.lib.common.rest_client [req-ed41c4ff-760c-4c90-8dc7-c7e72d31d6ae req-ed41c4ff-760c-4c90-8dc7-c7e72d31d6ae ] Request (FloatingIPsTestJSON:_run_cleanups): 404 DELETE http://10.180.1.21/compute/v2.1/os-floating-ips/d46d0186-156a-49fa-9aae-9046b4ba6b2b 0.092s
2025-02-20 02:34:12.192 63748 INFO tempest.lib.common.rest_client [req-938394af-b692-4562-9e3a-d7ee8ccd9997 req-938394af-b692-4562-9e3a-d7ee8ccd9997 ] Request (ServicesAdminNegativeV253TestJSON:test_get_service_with_valid_service_and_invalid_host): 200 GET http://10.180.1.21/compute/v2.1/os-services 0.088s
2025-02-20 02:34:12.216 63780 INFO tempest.lib.common.rest_client [req-6cdaeb7d-7554-40e8-a237-b2226506f944 req-6cdaeb7d-7554-40e8-a237-b2226506f944 ] Request (ServersTestBootFromVolume:setUpClass): 200 GET http://10.180.1.21/compute/v2.1/servers/fa37793d-84ec-44a7-b5d3-f363829bca25 0.115s
2025-02-20 02:34:12.276 63776 INFO tempest.lib.common.rest_client [req-26d236c0-52db-401e-9747-587f286f368f req-26d236c0-52db-401e-9747-587f286f368f ] Request (ServerPasswordTestJSON:tearDownClass): 200 GET http://10.180.1.21/compute/v2.1/servers/8e05f61f-5cf5-416e-b801-87c5fd9a52fb 0.098s
2025-02-20 02:34:12.285 63788 INFO tempest.lib.common.rest_client [req-502db3c5-b595-4546-af2a-d6fb4801569f req-502db3c5-b595-4546-af2a-d6fb4801569f ] Request (FloatingIPsAssociationTestJSON:test_associate_already_associated_floating_ip): 200 GET http://10.180.1.21/compute/v2.1/servers/0715ab54-59f5-43a6-b0fa-23e219f8d459 0.169s
2025-02-20 02:34:12.295 63748 INFO tempest.lib.common.rest_client [req-105acf5c-748a-447a-9549-51bbecda1dad req-105acf5c-748a-447a-9549-51bbecda1dad ] Request (ServicesAdminNegativeV253TestJSON:test_get_service_with_valid_service_and_invalid_host): 200 GET http://10.180.1.21/compute/v2.1/os-services?host=xxx&binary=nova-scheduler 0.100s
2025-02-20 02:34:12.330 63764 INFO tempest.lib.common.rest_client [req-421a3185-3f54-4223-9f05-ff5511285423 req-421a3185-3f54-4223-9f05-ff5511285423 ] Request (ServerDiskConfigTestJSON:test_rebuild_server_with_manual_disk_config): 200 GET http://10.180.1.21/compute/v2.1/servers/3f7f33b0-eb92-4ce5-9e10-5e4e3046aec7 0.094s
2025-02-20 02:34:12.401 63748 INFO tempest.lib.common.rest_client [req-6bc29c92-9809-4dde-ac97-aa8cda5b89ea req-6bc29c92-9809-4dde-ac97-aa8cda5b89ea ] Request (ServicesAdminNegativeV253TestJSON:test_list_services_with_non_admin_user): 403 GET http://10.180.1.21/compute/v2.1/os-services 0.103s
2025-02-20 02:34:12.421 63782 INFO tempest.lib.common.rest_client [req-a218a050-b504-4e71-b276-2a01aa28e8e5 req-a218a050-b504-4e71-b276-2a01aa28e8e5 ] Request (ServerActionsV293TestJSON:test_rebuild_volume_backed_server): 200 GET http://10.180.1.21/compute/v2.1/servers/776b4385-e4ab-4d11-a68f-686e606685dd 0.138s
2025-02-20 02:34:12.478 63790 INFO tempest.lib.common.rest_client [req-97a0083e-ef2c-453a-b064-06dcc5d5bf41 req-97a0083e-ef2c-453a-b064-06dcc5d5bf41 ] Request (ImagesNegativeTestJSON:test_create_image_from_deleted_server): 200 GET http://10.180.1.21/compute/v2.1/servers/ebe92ccd-bda8-4a60-ae8e-81c7ea154646 0.152s
2025-02-20 02:34:12.524 63748 INFO tempest.lib.common.rest_client [req-0fbca578-6dde-46a1-8426-3fcbcf19f529 req-0fbca578-6dde-46a1-8426-3fcbcf19f529 ] Request (ServicesAdminNegativeV253TestJSON:tearDownClass): 204 DELETE http://10.180.1.21/identity/v3/users/b94988fe7b6044c6b564b2f5f2bc6c81 0.121s
2025-02-20 02:34:12.557 63762 INFO tempest.lib.common.rest_client [req-e69fa955-c7b3-4e68-b4dc-4c6e9807a05b req-e69fa955-c7b3-4e68-b4dc-4c6e9807a05b ] Request (ServersTestJSON:setUpClass): 200 GET http://10.180.1.21/compute/v2.1/servers/61b5d98e-ec18-4933-a7e9-06bb31b66c79 0.064s
2025-02-20 02:34:12.629 63772 INFO tempest.lib.common.rest_client [req-3739f770-a073-4167-8df3-c783d07bacd0 req-3739f770-a073-4167-8df3-c783d07bacd0 ] Request (ImagesOneServerNegativeTestJSON:setUpClass): 200 GET http://10.180.1.21/compute/v2.1/servers/c5b2312b-6f23-4467-a8b6-f28dd0923982 0.069s
2025-02-20 02:34:12.634 63748 INFO tempest.lib.common.rest_client [req-57f5e608-a8f0-42f8-a574-ac3af208b26c req-57f5e608-a8f0-42f8-a574-ac3af208b26c ] Request (ServicesAdminNegativeV253TestJSON:tearDownClass): 204 DELETE http://10.180.1.21/identity/v3/users/09ec6be0ecbe48ba99da5c5d719f6a8e 0.109s
2025-02-20 02:34:12.635 63748 INFO tempest.lib.common.dynamic_creds [-] Deleting project and security group for project: 315311bc1f3f4ab18103502b8ea937de
2025-02-20 02:34:12.699 63802 INFO tempest.lib.common.rest_client [req-53a411f0-098b-4d55-97d7-b5ff19020269 req-53a411f0-098b-4d55-97d7-b5ff19020269 ] Request (ServersAdminTestJSON:test_create_server_with_scheduling_hint): 200 GET http://10.180.1.21/compute/v2.1/servers/0a0c6584-1aeb-48f2-acd2-07f2e07ad185 0.057s
2025-02-20 02:34:12.702 63801 INFO tempest.lib.common.rest_client [req-d4495123-9e64-4890-8bd9-fea9fc09e002 req-d4495123-9e64-4890-8bd9-fea9fc09e002 ] Request (SecurityGroupsTestJSON:test_server_security_groups): 200 GET http://10.180.1.21/compute/v2.1/servers/55828beb-5311-42cd-bacd-cc50a94d642d 0.271s
2025-02-20 02:34:12.713 63748 INFO tempest.lib.common.rest_client [req-4d75f369-d4b8-4246-b464-b1c28ef88719 req-4d75f369-d4b8-4246-b464-b1c28ef88719 ] Request (ServicesAdminNegativeV253TestJSON:tearDownClass): 201 POST http://10.180.1.21/identity/v3/auth/tokens 0.078s
2025-02-20 02:34:12.821 63752 INFO tempest.lib.common.rest_client [req-afdae031-19d4-4bc4-89ba-53ced84d636e req-afdae031-19d4-4bc4-89ba-53ced84d636e ] Request (AttachInterfacesV270Test:tearDownClass): 200 GET http://10.180.1.21/compute/v2.1/servers/4928ffe3-e026-4ef3-922a-01685d5659ed 0.088s
2025-02-20 02:34:12.864 63768 INFO tempest.lib.common.rest_client [req-217a4910-09ff-476b-bdaf-b62f245b9438 req-217a4910-09ff-476b-bdaf-b62f245b9438 ] Request (ListImageFiltersTestJSON:setUpClass): 200 GET http://10.180.1.21/compute/v2.1/servers/4646d61b-76b1-4f95-b751-930292050374 0.068s
2025-02-20 02:34:12.871 63768 INFO tempest.common.waiters [-] State transition "BUILD/None" ==> "BUILD/networking" after 59 second wait
2025-02-20 02:34:12.891 63748 INFO tempest.lib.common.rest_client [req-b105e69d-9c95-4ebf-bbf6-822a263ad39c req-b105e69d-9c95-4ebf-bbf6-822a263ad39c ] Request (ServicesAdminNegativeV253TestJSON:tearDownClass): 200 GET http://10.180.1.21:9696/networking/v2.0/security-groups?tenant_id=315311bc1f3f4ab18103502b8ea937de&name=default 0.178s
2025-02-20 02:34:12.971 63766 INFO tempest.lib.common.rest_client [req-4a34aade-ec53-4576-87af-db508e5c1c78 req-4a34aade-ec53-4576-87af-db508e5c1c78 ] Request (ServersAdminNegativeTestJSON:tearDownClass): 200 GET http://10.180.1.21/compute/v2.1/servers/ddeadafc-798b-4a4c-8fb1-08070b292c4b 0.060s
2025-02-20 02:34:12.975 63748 INFO tempest.lib.common.rest_client [req-2cea6a6a-172e-41dd-ae19-b10a21377118 req-2cea6a6a-172e-41dd-ae19-b10a21377118 ] Request (ServicesAdminNegativeV253TestJSON:tearDownClass): 204 DELETE http://10.180.1.21:9696/networking/v2.0/security-groups/0437179c-651a-4bfb-8d93-645fc761dae1 0.083s
2025-02-20 02:34:13.057 63748 INFO tempest.lib.common.rest_client [req-4021364a-d9a3-4f10-8766-8a82888e0fe7 req-4021364a-d9a3-4f10-8766-8a82888e0fe7 ] Request (ServicesAdminNegativeV253TestJSON:tearDownClass): 204 DELETE http://10.180.1.21/identity/v3/projects/315311bc1f3f4ab18103502b8ea937de 0.081s
2025-02-20 02:34:13.057 63748 INFO tempest.lib.common.dynamic_creds [-] Deleting project and security group for project: f36f97d5035b4e2192a5a8f9206dc470
2025-02-20 02:34:13.130 63770 INFO tempest.lib.common.rest_client [req-8ca6cc11-84d8-4f88-9eab-6542a1199127 req-8ca6cc11-84d8-4f88-9eab-6542a1199127 ] Request (ServersNegativeTestMultiTenantJSON:tearDownClass): 200 GET http://10.180.1.21/compute/v2.1/servers/03156147-f1d4-4b8a-85c3-3c3ae9879fb8 0.068s
2025-02-20 02:34:13.179 63748 INFO tempest.lib.common.rest_client [req-4bdc6de8-a4b4-46d2-a54a-cf67943297c6 req-4bdc6de8-a4b4-46d2-a54a-cf67943297c6 ] Request (ServicesAdminNegativeV253TestJSON:tearDownClass): 200 GET http://10.180.1.21:9696/networking/v2.0/security-groups?tenant_id=f36f97d5035b4e2192a5a8f9206dc470&name=default 0.121s
2025-02-20 02:34:13.250 63756 INFO tempest.lib.common.rest_client [req-1c99d8a9-a5e3-41c2-aa56-a822dcf55f04 req-1c99d8a9-a5e3-41c2-aa56-a822dcf55f04 ] Request (ImagesTestJSON:test_create_image_from_suspended_server): 200 GET http://10.180.1.21/compute/v2.1/servers/c9b8f4da-b5bf-4afa-8708-448338bf9a02 0.279s
2025-02-20 02:34:13.276 63758 WARNING tempest.lib.common.ssh [-] Failed to establish authenticated ssh connection to cirros@10.180.180.233 ([Errno None] Unable to connect to port 22 on 10.180.180.233). Number attempts: 7. Retry after 8 seconds.: paramiko.ssh_exception.NoValidConnectionsError: [Errno None] Unable to connect to port 22 on 10.180.180.233
2025-02-20 02:34:13.282 63778 INFO tempest.lib.common.rest_client [req-d677e287-1d8e-40b0-a354-5c7deebc1318 req-d677e287-1d8e-40b0-a354-5c7deebc1318 ] Request (DeleteServersTestJSON:test_delete_server_while_in_attached_volume): 200 GET http://10.180.1.21/compute/v2.1/servers/72eb6306-764d-4bc9-a991-86276b9eb73e 0.178s
2025-02-20 02:34:13.307 63748 INFO tempest.lib.common.rest_client [req-fce24fcc-4835-42e0-9898-486b1128f41e req-fce24fcc-4835-42e0-9898-486b1128f41e ] Request (ServicesAdminNegativeV253TestJSON:tearDownClass): 204 DELETE http://10.180.1.21:9696/networking/v2.0/security-groups/977574c2-02b4-47cd-9ddc-07b5b57570b5 0.127s
2025-02-20 02:34:13.316 63804 INFO tempest.lib.common.rest_client [req-9508f689-cad9-4df5-b791-9a8da2f6edcf req-9508f689-cad9-4df5-b791-9a8da2f6edcf ] Request (VolumesAdminNegativeTest:test_update_attached_volume_with_nonexistent_volume_in_uri): 200 GET http://10.180.1.21/compute/v2.1/servers/fae6e8ca-c6d2-437d-af8d-4d6b56ecf2c5 0.157s
2025-02-20 02:34:13.334 63798 INFO tempest.lib.common.rest_client [req-e2806a07-d023-4ad4-a2f5-eaa592110625 req-e2806a07-d023-4ad4-a2f5-eaa592110625 ] Request (MigrationsAdminTest:test_resize_server_revert_deleted_flavor): 200 GET http://10.180.1.21/compute/v2.1/servers/eb822c42-3071-4027-bc3b-03e32dc46cce 0.170s
2025-02-20 02:34:13.382 63780 INFO tempest.lib.common.rest_client [req-e8a2c201-93fc-4732-8e8c-41711506ceef req-e8a2c201-93fc-4732-8e8c-41711506ceef ] Request (ServersTestBootFromVolume:setUpClass): 200 GET http://10.180.1.21/compute/v2.1/servers/fa37793d-84ec-44a7-b5d3-f363829bca25 0.157s
2025-02-20 02:34:13.406 63776 INFO tempest.lib.common.rest_client [req-5f252f0d-5b30-4d6f-84b9-c56cda3ce0c4 req-5f252f0d-5b30-4d6f-84b9-c56cda3ce0c4 ] Request (ServerPasswordTestJSON:tearDownClass): 200 GET http://10.180.1.21/compute/v2.1/servers/8e05f61f-5cf5-416e-b801-87c5fd9a52fb 0.118s
2025-02-20 02:34:13.419 63748 INFO tempest.lib.common.rest_client [req-c9a66244-4b18-4673-b499-1c24b2c81367 req-c9a66244-4b18-4673-b499-1c24b2c81367 ] Request (ServicesAdminNegativeV253TestJSON:tearDownClass): 204 DELETE http://10.180.1.21/identity/v3/projects/f36f97d5035b4e2192a5a8f9206dc470 0.112s
2025-02-20 02:34:13.472 63764 INFO tempest.lib.common.rest_client [req-860d54c5-ea90-4196-b642-3fc29cf5b490 req-860d54c5-ea90-4196-b642-3fc29cf5b490 ] Request (ServerDiskConfigTestJSON:test_rebuild_server_with_manual_disk_config): 200 GET http://10.180.1.21/compute/v2.1/servers/3f7f33b0-eb92-4ce5-9e10-5e4e3046aec7 0.130s
2025-02-20 02:34:13.498 63748 INFO tempest.lib.common.rest_client [req-d1489a8e-41e0-4715-a613-959ee94a335f req-d1489a8e-41e0-4715-a613-959ee94a335f ] Request (ServersTestMultiNic:setUpClass): 201 POST http://10.180.1.21/identity/v3/auth/tokens 0.077s
2025-02-20 02:34:13.530 63748 INFO tempest.lib.common.rest_client [req-75ee0303-daaf-4040-b7df-247b810aed9a req-75ee0303-daaf-4040-b7df-247b810aed9a ] Request (ServersTestMultiNic:setUpClass): 201 POST http://10.180.1.21/identity/v3/auth/tokens 0.030s
2025-02-20 02:34:13.559 63748 INFO tempest.lib.common.rest_client [req-e574060a-af99-43c0-b8e5-7c002536fc5e req-e574060a-af99-43c0-b8e5-7c002536fc5e ] Request (ServersTestMultiNic:setUpClass): 200 GET http://10.180.1.21/identity/v3/domains?name=Default 0.028s
2025-02-20 02:34:13.592 63748 INFO tempest.lib.common.rest_client [req-ccbbc94a-b448-43f5-81a2-6c1916422acf req-ccbbc94a-b448-43f5-81a2-6c1916422acf ] Request (ServersTestMultiNic:setUpClass): 201 POST http://10.180.1.21/identity/v3/projects 0.032s
2025-02-20 02:34:13.624 63782 INFO tempest.lib.common.rest_client [req-26c61fef-730d-466e-959e-03e1ef06ee02 req-26c61fef-730d-466e-959e-03e1ef06ee02 ] Request (ServerActionsV293TestJSON:test_rebuild_volume_backed_server): 200 GET http://10.180.1.21/compute/v2.1/servers/776b4385-e4ab-4d11-a68f-686e606685dd 0.191s
2025-02-20 02:34:13.667 63748 INFO tempest.lib.common.rest_client [req-1acf8938-7d2a-4182-86d7-743b38a76078 req-1acf8938-7d2a-4182-86d7-743b38a76078 ] Request (ServersTestMultiNic:setUpClass): 201 POST http://10.180.1.21/identity/v3/users 0.074s
2025-02-20 02:34:13.678 63788 INFO tempest.lib.common.rest_client [req-2b24036e-d17e-4589-b7cb-7733c90f3c9b req-2b24036e-d17e-4589-b7cb-7733c90f3c9b ] Request (FloatingIPsAssociationTestJSON:test_associate_already_associated_floating_ip): 200 GET http://10.180.1.21/compute/v2.1/servers/0715ab54-59f5-43a6-b0fa-23e219f8d459 0.381s
2025-02-20 02:34:13.705 63748 INFO tempest.lib.common.rest_client [req-d92e96a1-e6bb-4384-a87b-25d2dc56e8a1 req-d92e96a1-e6bb-4384-a87b-25d2dc56e8a1 ] Request (ServersTestMultiNic:setUpClass): 200 GET http://10.180.1.21/identity/v3/roles 0.038s
2025-02-20 02:34:13.727 63790 INFO tempest.lib.common.rest_client [req-25b22380-9aa2-4446-9a05-610c71ea6572 req-25b22380-9aa2-4446-9a05-610c71ea6572 ] Request (ImagesNegativeTestJSON:test_create_image_from_deleted_server): 200 GET http://10.180.1.21/compute/v2.1/servers/ebe92ccd-bda8-4a60-ae8e-81c7ea154646 0.235s
2025-02-20 02:34:13.732 63748 INFO tempest.lib.common.rest_client [req-9aba803a-53eb-4ba8-8f76-7cae1be1f155 req-9aba803a-53eb-4ba8-8f76-7cae1be1f155 ] Request (ServersTestMultiNic:setUpClass): 204 PUT http://10.180.1.21/identity/v3/projects/664f82100a9a47f18cb96b1a9fe01e18/users/5cc1addd2c584c29a7b437d96f24c77e/roles/38dcd101ecf043209fdd2c6ad2795648 0.026s
2025-02-20 02:34:13.732 63748 INFO tempest.lib.common.dynamic_creds [-] Dynamic test user 5cc1addd2c584c29a7b437d96f24c77e is created with scope project and roles: ['member']
2025-02-20 02:34:13.732 63748 INFO tempest.lib.common.dynamic_creds [-] Acquired dynamic creds: credentials: Credentials: {'domain_id': 'default', 'domain_name': 'Default', 'username': 'tempest-ServersTestMultiNic-2036646790-project-member', 'project_domain_id': 'default', 'project_domain_name': 'Default', 'project_id': '664f82100a9a47f18cb96b1a9fe01e18', 'project_name': 'tempest-ServersTestMultiNic-2036646790', 'tenant_id': '664f82100a9a47f18cb96b1a9fe01e18', 'tenant_name': 'tempest-ServersTestMultiNic-2036646790', 'user_domain_id': 'default', 'user_domain_name': 'Default', 'user_id': '5cc1addd2c584c29a7b437d96f24c77e', 'system': None}, Network: None, Subnet: None, Router: None
2025-02-20 02:34:13.748 63762 INFO tempest.lib.common.rest_client [req-9f7f34bd-bedb-4cf8-8f9d-96f38ccfdf29 req-9f7f34bd-bedb-4cf8-8f9d-96f38ccfdf29 ] Request (ServersTestJSON:setUpClass): 200 GET http://10.180.1.21/compute/v2.1/servers/61b5d98e-ec18-4933-a7e9-06bb31b66c79 0.183s
2025-02-20 02:34:13.782 63772 INFO tempest.lib.common.rest_client [req-05128f71-dc48-4591-93a4-33dec4dbdd92 req-05128f71-dc48-4591-93a4-33dec4dbdd92 ] Request (ImagesOneServerNegativeTestJSON:setUpClass): 200 GET http://10.180.1.21/compute/v2.1/servers/c5b2312b-6f23-4467-a8b6-f28dd0923982 0.144s
2025-02-20 02:34:13.794 63748 INFO tempest.lib.common.rest_client [req-e98a8ad5-bffc-49b7-a2bc-fcda6e5fe538 req-e98a8ad5-bffc-49b7-a2bc-fcda6e5fe538 ] Request (ServersTestMultiNic:setUpClass): 201 POST http://10.180.1.21/identity/v3/auth/tokens 0.061s
2025-02-20 02:34:13.823 63802 INFO tempest.lib.common.rest_client [req-0d9e086e-7dd0-4db4-8e49-81e45916c1da req-0d9e086e-7dd0-4db4-8e49-81e45916c1da ] Request (ServersAdminTestJSON:test_create_server_with_scheduling_hint): 200 GET http://10.180.1.21/compute/v2.1/servers/0a0c6584-1aeb-48f2-acd2-07f2e07ad185 0.116s
2025-02-20 02:34:13.839 63784 INFO tempest.lib.common.rest_client [req-b3e05865-5739-4e9a-a654-dc6cb050eea8 req-b3e05865-5739-4e9a-a654-dc6cb050eea8 ] Request (FloatingIPsTestJSON:tearDownClass): 200 PUT http://10.180.1.21:9696/networking/v2.0/routers/3317db54-98e1-4a61-9b21-4a208ee2b0b7/remove_router_interface 1.661s
2025-02-20 02:34:13.920 63752 INFO tempest.lib.common.rest_client [req-fa0669dd-6333-4acf-949e-bbb50a608c99 req-fa0669dd-6333-4acf-949e-bbb50a608c99 ] Request (AttachInterfacesV270Test:tearDownClass): 200 GET http://10.180.1.21/compute/v2.1/servers/4928ffe3-e026-4ef3-922a-01685d5659ed 0.088s
2025-02-20 02:34:13.943 63801 INFO tempest.lib.common.rest_client [req-f250db16-12bc-4201-87cd-640dd47227df req-f250db16-12bc-4201-87cd-640dd47227df ] Request (SecurityGroupsTestJSON:test_server_security_groups): 200 GET http://10.180.1.21/compute/v2.1/servers/55828beb-5311-42cd-bacd-cc50a94d642d 0.228s
2025-02-20 02:34:13.956 63801 INFO tempest.common.waiters [-] State transition "BUILD/spawning" ==> "ACTIVE/None" after 72 second wait
2025-02-20 02:34:14.101 63768 INFO tempest.lib.common.rest_client [req-586a67ed-10c7-48e8-b385-9e34ed370505 req-586a67ed-10c7-48e8-b385-9e34ed370505 ] Request (ListImageFiltersTestJSON:setUpClass): 200 GET http://10.180.1.21/compute/v2.1/servers/4646d61b-76b1-4f95-b751-930292050374 0.229s
2025-02-20 02:34:14.115 63768 INFO tempest.common.waiters [-] State transition "BUILD/networking" ==> "BUILD/block_device_mapping" after 61 second wait
2025-02-20 02:34:14.190 63766 INFO tempest.lib.common.rest_client [req-99cdd6cf-1cdf-4d4b-9054-8a96a13b6a2a req-99cdd6cf-1cdf-4d4b-9054-8a96a13b6a2a ] Request (ServersAdminNegativeTestJSON:tearDownClass): 200 GET http://10.180.1.21/compute/v2.1/servers/ddeadafc-798b-4a4c-8fb1-08070b292c4b 0.209s
2025-02-20 02:34:14.259 63770 INFO tempest.lib.common.rest_client [req-4eda2258-7d01-4529-8372-6ecc4ed476b6 req-4eda2258-7d01-4529-8372-6ecc4ed476b6 ] Request (ServersNegativeTestMultiTenantJSON:tearDownClass): 200 GET http://10.180.1.21/compute/v2.1/servers/03156147-f1d4-4b8a-85c3-3c3ae9879fb8 0.114s
2025-02-20 02:34:14.316 63756 INFO tempest.lib.common.rest_client [req-59794d85-270d-49c8-9e68-14948390aeb0 req-59794d85-270d-49c8-9e68-14948390aeb0 ] Request (ImagesTestJSON:test_create_image_from_suspended_server): 200 GET http://10.180.1.21/compute/v2.1/servers/c9b8f4da-b5bf-4afa-8708-448338bf9a02 0.055s
2025-02-20 02:34:14.339 63748 INFO tempest.lib.common.rest_client [req-750f1d74-0dfa-4fd6-aa3a-2628cc2ce6ac req-750f1d74-0dfa-4fd6-aa3a-2628cc2ce6ac ] Request (ServersTestMultiNic:setUpClass): 201 POST http://10.180.1.21:9696/networking/v2.0/networks 0.541s
2025-02-20 02:34:14.452 63778 INFO tempest.lib.common.rest_client [req-6441200a-ac9f-4957-8748-f93cf216ee6e req-6441200a-ac9f-4957-8748-f93cf216ee6e ] Request (DeleteServersTestJSON:test_delete_server_while_in_attached_volume): 200 GET http://10.180.1.21/compute/v2.1/servers/72eb6306-764d-4bc9-a991-86276b9eb73e 0.161s
2025-02-20 02:34:14.527 63804 INFO tempest.lib.common.rest_client [req-d2177c4b-66e4-458e-868c-31b77c8b18fe req-d2177c4b-66e4-458e-868c-31b77c8b18fe ] Request (VolumesAdminNegativeTest:test_update_attached_volume_with_nonexistent_volume_in_uri): 200 GET http://10.180.1.21/compute/v2.1/servers/fae6e8ca-c6d2-437d-af8d-4d6b56ecf2c5 0.201s
2025-02-20 02:34:14.581 63798 INFO tempest.lib.common.rest_client [req-45c58f06-c01c-4898-aa0a-8fb66a17819c req-45c58f06-c01c-4898-aa0a-8fb66a17819c ] Request (MigrationsAdminTest:test_resize_server_revert_deleted_flavor): 200 GET http://10.180.1.21/compute/v2.1/servers/eb822c42-3071-4027-bc3b-03e32dc46cce 0.232s
2025-02-20 02:34:14.622 63784 INFO tempest.lib.common.rest_client [req-f3083463-8940-405f-820a-b93e31a8fdc1 req-f3083463-8940-405f-820a-b93e31a8fdc1 ] Request (FloatingIPsTestJSON:tearDownClass): 204 DELETE http://10.180.1.21:9696/networking/v2.0/routers/3317db54-98e1-4a61-9b21-4a208ee2b0b7 0.783s
2025-02-20 02:34:14.645 63780 INFO tempest.lib.common.rest_client [req-8f49a8f2-ecef-4143-9c50-e02710185135 req-8f49a8f2-ecef-4143-9c50-e02710185135 ] Request (ServersTestBootFromVolume:setUpClass): 200 GET http://10.180.1.21/compute/v2.1/servers/fa37793d-84ec-44a7-b5d3-f363829bca25 0.253s
2025-02-20 02:34:14.681 63801 INFO tempest.lib.common.rest_client [req-24d38612-7301-4bf5-8891-7d1b33941ac5 req-24d38612-7301-4bf5-8891-7d1b33941ac5 ] Request (SecurityGroupsTestJSON:test_server_security_groups): 202 POST http://10.180.1.21/compute/v2.1/servers/55828beb-5311-42cd-bacd-cc50a94d642d/action 0.724s
2025-02-20 02:34:14.711 63748 INFO tempest.lib.common.rest_client [req-9d154bc1-3400-4d15-906d-5516c9b8011d req-9d154bc1-3400-4d15-906d-5516c9b8011d ] Request (ServersTestMultiNic:setUpClass): 201 POST http://10.180.1.21:9696/networking/v2.0/subnets 0.371s
2025-02-20 02:34:14.728 63776 INFO tempest.lib.common.rest_client [req-46f084a8-af99-43c8-af15-de36cc6f1525 req-46f084a8-af99-43c8-af15-de36cc6f1525 ] Request (ServerPasswordTestJSON:tearDownClass): 200 GET http://10.180.1.21/compute/v2.1/servers/8e05f61f-5cf5-416e-b801-87c5fd9a52fb 0.308s
2025-02-20 02:34:14.752 63764 INFO tempest.lib.common.rest_client [req-c8b2ba94-c1d2-41a4-82be-2a91b0e4d4a5 req-c8b2ba94-c1d2-41a4-82be-2a91b0e4d4a5 ] Request (ServerDiskConfigTestJSON:test_rebuild_server_with_manual_disk_config): 200 GET http://10.180.1.21/compute/v2.1/servers/3f7f33b0-eb92-4ce5-9e10-5e4e3046aec7 0.269s
2025-02-20 02:34:14.760 63764 INFO tempest.common.waiters [-] State transition "BUILD/scheduling" ==> "BUILD/None" after 12 second wait
2025-02-20 02:34:14.818 63784 INFO tempest.lib.common.rest_client [req-033ce043-51cd-4c78-8032-c802e1c1276d req-033ce043-51cd-4c78-8032-c802e1c1276d ] Request (FloatingIPsTestJSON:tearDownClass): 204 DELETE http://10.180.1.21:9696/networking/v2.0/subnets/6bb78e97-1275-45d3-80a1-2df6a7da50e2 0.195s
2025-02-20 02:34:14.859 63782 INFO tempest.lib.common.rest_client [req-8534d77d-010d-4858-82ac-73dee6b1807d req-8534d77d-010d-4858-82ac-73dee6b1807d ] Request (ServerActionsV293TestJSON:test_rebuild_volume_backed_server): 200 GET http://10.180.1.21/compute/v2.1/servers/776b4385-e4ab-4d11-a68f-686e606685dd 0.219s
2025-02-20 02:34:14.873 63801 INFO tempest.lib.common.rest_client [req-615975e2-97cc-4ceb-a0d2-d27176a9335e req-615975e2-97cc-4ceb-a0d2-d27176a9335e ] Request (SecurityGroupsTestJSON:test_server_security_groups): 400 DELETE http://10.180.1.21/compute/v2.1/os-security-groups/86ff5d5b-2d63-4d96-8a6f-6c92bcc06af7 0.191s
2025-02-20 02:34:14.953 63790 INFO tempest.lib.common.rest_client [req-3c251245-a9a6-4227-8f59-33eaf07e3c45 req-3c251245-a9a6-4227-8f59-33eaf07e3c45 ] Request (ImagesNegativeTestJSON:test_create_image_from_deleted_server): 200 GET http://10.180.1.21/compute/v2.1/servers/ebe92ccd-bda8-4a60-ae8e-81c7ea154646 0.215s
2025-02-20 02:34:15.005 63762 INFO tempest.lib.common.rest_client [req-817720eb-58ec-4c12-8511-d29cacbbd250 req-817720eb-58ec-4c12-8511-d29cacbbd250 ] Request (ServersTestJSON:setUpClass): 200 GET http://10.180.1.21/compute/v2.1/servers/61b5d98e-ec18-4933-a7e9-06bb31b66c79 0.249s
2025-02-20 02:34:15.032 63788 INFO tempest.lib.common.rest_client [req-568c55e3-3052-41d7-9de3-f87b19d79a4a req-568c55e3-3052-41d7-9de3-f87b19d79a4a ] Request (FloatingIPsAssociationTestJSON:test_associate_already_associated_floating_ip): 200 GET http://10.180.1.21/compute/v2.1/servers/0715ab54-59f5-43a6-b0fa-23e219f8d459 0.343s
2025-02-20 02:34:15.065 63772 INFO tempest.lib.common.rest_client [req-745d1fe3-c617-4693-bd2b-a3f58c320285 req-745d1fe3-c617-4693-bd2b-a3f58c320285 ] Request (ImagesOneServerNegativeTestJSON:setUpClass): 200 GET http://10.180.1.21/compute/v2.1/servers/c5b2312b-6f23-4467-a8b6-f28dd0923982 0.274s
2025-02-20 02:34:15.103 63802 INFO tempest.lib.common.rest_client [req-e10673fb-5025-4390-b554-ca7adb6ef21a req-e10673fb-5025-4390-b554-ca7adb6ef21a ] Request (ServersAdminTestJSON:test_create_server_with_scheduling_hint): 200 GET http://10.180.1.21/compute/v2.1/servers/0a0c6584-1aeb-48f2-acd2-07f2e07ad185 0.272s
2025-02-20 02:34:15.107 63810 WARNING tempest.lib.common.ssh [-] Failed to establish authenticated ssh connection to cirros@10.180.180.131 ([Errno None] Unable to connect to port 22 on 10.180.180.131). Number attempts: 9. Retry after 10 seconds.: paramiko.ssh_exception.NoValidConnectionsError: [Errno None] Unable to connect to port 22 on 10.180.180.131
2025-02-20 02:34:15.143 63801 INFO tempest.lib.common.rest_client [req-88e569ab-b63a-40ad-ba28-2f0e69cb405e req-88e569ab-b63a-40ad-ba28-2f0e69cb405e ] Request (SecurityGroupsTestJSON:test_server_security_groups): 202 POST http://10.180.1.21/compute/v2.1/servers/55828beb-5311-42cd-bacd-cc50a94d642d/action 0.269s
2025-02-20 02:34:15.190 63752 INFO tempest.lib.common.rest_client [req-15b5224a-ca84-4d94-a165-5bbe65f29805 req-15b5224a-ca84-4d94-a165-5bbe65f29805 ] Request (AttachInterfacesV270Test:tearDownClass): 200 GET http://10.180.1.21/compute/v2.1/servers/4928ffe3-e026-4ef3-922a-01685d5659ed 0.257s
2025-02-20 02:34:15.266 63784 INFO tempest.lib.common.rest_client [req-c61ab1e7-f6a7-41ed-93c1-b51a7b24becd req-c61ab1e7-f6a7-41ed-93c1-b51a7b24becd ] Request (FloatingIPsTestJSON:tearDownClass): 204 DELETE http://10.180.1.21:9696/networking/v2.0/networks/6420605d-3ec5-494f-9768-5a51bd5acab7 0.448s
2025-02-20 02:34:15.331 63801 INFO tempest.lib.common.rest_client [req-b4a7db29-9f25-4118-8480-2d472111d8ac req-b4a7db29-9f25-4118-8480-2d472111d8ac ] Request (SecurityGroupsTestJSON:test_server_security_groups): 200 GET http://10.180.1.21/compute/v2.1/servers/55828beb-5311-42cd-bacd-cc50a94d642d 0.187s
2025-02-20 02:34:15.356 63768 INFO tempest.lib.common.rest_client [req-c026166f-ac37-46de-b157-925cba628b93 req-c026166f-ac37-46de-b157-925cba628b93 ] Request (ListImageFiltersTestJSON:setUpClass): 200 GET http://10.180.1.21/compute/v2.1/servers/4646d61b-76b1-4f95-b751-930292050374 0.240s
2025-02-20 02:34:15.365 63768 INFO tempest.common.waiters [-] State transition "BUILD/block_device_mapping" ==> "BUILD/spawning" after 62 second wait
2025-02-20 02:34:15.395 63784 INFO tempest.lib.common.rest_client [req-19b55d6e-78dd-431a-b91c-0a15f774f558 req-19b55d6e-78dd-431a-b91c-0a15f774f558 ] Request (FloatingIPsTestJSON:tearDownClass): 204 DELETE http://10.180.1.21/identity/v3/users/c4bb6be8c80c4a19a12a4c3c432f3315 0.128s
2025-02-20 02:34:15.396 63784 INFO tempest.lib.common.dynamic_creds [-] Deleting project and security group for project: 4ce816a0b3384f58ad1a40a97620bfec
2025-02-20 02:34:15.427 63766 INFO tempest.lib.common.rest_client [req-1a5bd929-f5b7-4a44-9840-8c6ffaba9691 req-1a5bd929-f5b7-4a44-9840-8c6ffaba9691 ] Request (ServersAdminNegativeTestJSON:tearDownClass): 200 GET http://10.180.1.21/compute/v2.1/servers/ddeadafc-798b-4a4c-8fb1-08070b292c4b 0.227s
2025-02-20 02:34:15.459 63770 INFO tempest.lib.common.rest_client [req-6a3e3a13-4082-401c-b156-7e46d6400d5b req-6a3e3a13-4082-401c-b156-7e46d6400d5b ] Request (ServersNegativeTestMultiTenantJSON:tearDownClass): 200 GET http://10.180.1.21/compute/v2.1/servers/03156147-f1d4-4b8a-85c3-3c3ae9879fb8 0.190s
2025-02-20 02:34:15.463 63784 INFO tempest.lib.common.rest_client [req-db215e85-7c8d-4b7b-ae60-9482e6246615 req-db215e85-7c8d-4b7b-ae60-9482e6246615 ] Request (FloatingIPsTestJSON:tearDownClass): 200 GET http://10.180.1.21:9696/networking/v2.0/security-groups?tenant_id=4ce816a0b3384f58ad1a40a97620bfec&name=default 0.067s
2025-02-20 02:34:15.572 63778 INFO tempest.lib.common.rest_client [req-af7a9372-69a4-4841-b33f-e91a71d0a624 req-af7a9372-69a4-4841-b33f-e91a71d0a624 ] Request (DeleteServersTestJSON:test_delete_server_while_in_attached_volume): 200 GET http://10.180.1.21/compute/v2.1/servers/72eb6306-764d-4bc9-a991-86276b9eb73e 0.110s
2025-02-20 02:34:15.582 63756 INFO tempest.lib.common.rest_client [req-0890b556-2cf7-4f36-8b32-4fbf264604c4 req-0890b556-2cf7-4f36-8b32-4fbf264604c4 ] Request (ImagesTestJSON:test_create_image_from_suspended_server): 200 GET http://10.180.1.21/compute/v2.1/servers/c9b8f4da-b5bf-4afa-8708-448338bf9a02 0.258s
2025-02-20 02:34:15.614 63748 INFO tempest.lib.common.rest_client [req-f69ec400-25e2-4542-855f-ac0096479697 req-f69ec400-25e2-4542-855f-ac0096479697 ] Request (ServersTestMultiNic:setUpClass): 201 POST http://10.180.1.21:9696/networking/v2.0/routers 0.903s
2025-02-20 02:34:15.653 63804 INFO tempest.lib.common.rest_client [req-6feef201-f476-4f90-8f23-21bec9baa438 req-6feef201-f476-4f90-8f23-21bec9baa438 ] Request (VolumesAdminNegativeTest:test_update_attached_volume_with_nonexistent_volume_in_uri): 200 GET http://10.180.1.21/compute/v2.1/servers/fae6e8ca-c6d2-437d-af8d-4d6b56ecf2c5 0.118s
2025-02-20 02:34:15.661 63798 INFO tempest.lib.common.rest_client [req-eb334b1e-7a0d-49a6-9c82-026902ed95be req-eb334b1e-7a0d-49a6-9c82-026902ed95be ] Request (MigrationsAdminTest:test_resize_server_revert_deleted_flavor): 200 GET http://10.180.1.21/compute/v2.1/servers/eb822c42-3071-4027-bc3b-03e32dc46cce 0.073s
2025-02-20 02:34:15.706 63784 INFO tempest.lib.common.rest_client [req-a2abac58-cab2-4666-81cc-e040b66ead27 req-a2abac58-cab2-4666-81cc-e040b66ead27 ] Request (FloatingIPsTestJSON:tearDownClass): 204 DELETE http://10.180.1.21:9696/networking/v2.0/security-groups/24fee883-3c11-4c8c-81a9-7085940c5376 0.243s
2025-02-20 02:34:15.731 63780 INFO tempest.lib.common.rest_client [req-b7987f84-91da-490a-9c8a-e70eb080488a req-b7987f84-91da-490a-9c8a-e70eb080488a ] Request (ServersTestBootFromVolume:setUpClass): 200 GET http://10.180.1.21/compute/v2.1/servers/fa37793d-84ec-44a7-b5d3-f363829bca25 0.076s
2025-02-20 02:34:15.811 63806 INFO paramiko.transport [-] Connected (version 2.0, client dropbear_2020.81)
2025-02-20 02:34:15.834 63764 INFO tempest.lib.common.rest_client [req-58fc1c05-66a4-4b9f-8292-a16db7733b84 req-58fc1c05-66a4-4b9f-8292-a16db7733b84 ] Request (ServerDiskConfigTestJSON:test_rebuild_server_with_manual_disk_config): 200 GET http://10.180.1.21/compute/v2.1/servers/3f7f33b0-eb92-4ce5-9e10-5e4e3046aec7 0.072s
2025-02-20 02:34:15.835 63784 INFO tempest.lib.common.rest_client [req-4f6eae3a-8c2a-422f-acd7-5effe58dc42c req-4f6eae3a-8c2a-422f-acd7-5effe58dc42c ] Request (FloatingIPsTestJSON:tearDownClass): 204 DELETE http://10.180.1.21/identity/v3/projects/4ce816a0b3384f58ad1a40a97620bfec 0.128s
2025-02-20 02:34:15.837 63776 INFO tempest.lib.common.rest_client [req-40c1d82c-2148-4e96-a376-2570c3e908c3 req-40c1d82c-2148-4e96-a376-2570c3e908c3 ] Request (ServerPasswordTestJSON:tearDownClass): 200 GET http://10.180.1.21/compute/v2.1/servers/8e05f61f-5cf5-416e-b801-87c5fd9a52fb 0.101s
2025-02-20 02:34:15.935 63806 INFO paramiko.transport [-] Authentication (publickey) successful!
2025-02-20 02:34:15.936 63806 INFO tempest.lib.common.ssh [-] ssh connection to cirros@10.180.180.154 successfully created
2025-02-20 02:34:16.019 63782 INFO tempest.lib.common.rest_client [req-a92735c0-7995-4018-82aa-26a69e2499c3 req-a92735c0-7995-4018-82aa-26a69e2499c3 ] Request (ServerActionsV293TestJSON:test_rebuild_volume_backed_server): 200 GET http://10.180.1.21/compute/v2.1/servers/776b4385-e4ab-4d11-a68f-686e606685dd 0.147s
2025-02-20 02:34:16.091 63806 INFO tempest.lib.common.rest_client [req-a2a62a49-bb79-442c-8398-7eecc62a9674 req-a2a62a49-bb79-442c-8398-7eecc62a9674 ] Request (AttachInterfacesTestJSON:test_create_list_show_delete_interfaces_by_fixed_ip): 200 GET http://10.180.1.21/compute/v2.1/servers/1cb355ff-a625-4c24-9c33-1f25b462588e/os-interface 0.155s
2025-02-20 02:34:16.091 63790 INFO tempest.lib.common.rest_client [req-c84c0783-142c-4fc9-95cb-b753a97d464c req-c84c0783-142c-4fc9-95cb-b753a97d464c ] Request (ImagesNegativeTestJSON:test_create_image_from_deleted_server): 200 GET http://10.180.1.21/compute/v2.1/servers/ebe92ccd-bda8-4a60-ae8e-81c7ea154646 0.131s
2025-02-20 02:34:16.147 63762 INFO tempest.lib.common.rest_client [req-672a95f6-0b7e-4b7c-8dab-4d6bae3b9415 req-672a95f6-0b7e-4b7c-8dab-4d6bae3b9415 ] Request (ServersTestJSON:setUpClass): 200 GET http://10.180.1.21/compute/v2.1/servers/61b5d98e-ec18-4933-a7e9-06bb31b66c79 0.133s
2025-02-20 02:34:16.206 63772 INFO tempest.lib.common.rest_client [req-eb89abd4-4b4c-42f8-b717-c0bf7a559df4 req-eb89abd4-4b4c-42f8-b717-c0bf7a559df4 ] Request (ImagesOneServerNegativeTestJSON:setUpClass): 200 GET http://10.180.1.21/compute/v2.1/servers/c5b2312b-6f23-4467-a8b6-f28dd0923982 0.132s
2025-02-20 02:34:16.266 63788 INFO tempest.lib.common.rest_client [req-377e90a9-318e-48f3-9679-a0f147435c5f req-377e90a9-318e-48f3-9679-a0f147435c5f ] Request (FloatingIPsAssociationTestJSON:test_associate_already_associated_floating_ip): 200 GET http://10.180.1.21/compute/v2.1/servers/0715ab54-59f5-43a6-b0fa-23e219f8d459 0.218s
2025-02-20 02:34:16.282 63806 INFO tempest.lib.common.rest_client [req-1184d2ed-fdb1-49f0-bf90-39474794f9f2 req-1184d2ed-fdb1-49f0-bf90-39474794f9f2 ] Request (AttachInterfacesTestJSON:test_create_list_show_delete_interfaces_by_fixed_ip): 200 GET http://10.180.1.21/compute/v2.1/servers/1cb355ff-a625-4c24-9c33-1f25b462588e/os-interface/376a80d3-727b-48ab-8489-868922e4416e 0.188s
2025-02-20 02:34:16.327 63802 INFO tempest.lib.common.rest_client [req-53d3a0ca-ab23-4886-8aff-2a664d8e7263 req-53d3a0ca-ab23-4886-8aff-2a664d8e7263 ] Request (ServersAdminTestJSON:test_create_server_with_scheduling_hint): 200 GET http://10.180.1.21/compute/v2.1/servers/0a0c6584-1aeb-48f2-acd2-07f2e07ad185 0.215s
2025-02-20 02:34:16.335 63802 INFO tempest.common.waiters [-] State transition "BUILD/None" ==> "BUILD/networking" after 60 second wait
2025-02-20 02:34:16.369 63752 INFO tempest.lib.common.rest_client [req-85fe8dbc-30f7-4589-94e5-f80d1f4966ba req-85fe8dbc-30f7-4589-94e5-f80d1f4966ba ] Request (AttachInterfacesV270Test:tearDownClass): 200 GET http://10.180.1.21/compute/v2.1/servers/4928ffe3-e026-4ef3-922a-01685d5659ed 0.167s
2025-02-20 02:34:16.381 63806 INFO tempest.lib.common.rest_client [req-8900024f-39ef-46a5-a5da-2b8aa2c923de req-8900024f-39ef-46a5-a5da-2b8aa2c923de ] Request (AttachInterfacesTestJSON:test_create_list_show_delete_interfaces_by_fixed_ip): 200 GET http://10.180.1.21:9696/networking/v2.0/ports?network_id=853102b7-a6b5-42ba-b868-cc6586175ea9 0.094s
2025-02-20 02:34:16.448 63806 INFO tempest.lib.common.rest_client [req-d9bc6063-b092-4d9c-a85d-06f124eded8e req-d9bc6063-b092-4d9c-a85d-06f124eded8e ] Request (AttachInterfacesTestJSON:test_create_list_show_delete_interfaces_by_fixed_ip): 200 GET http://10.180.1.21:9696/networking/v2.0/subnets/c9d3fa4f-a62d-4dab-9950-d46700c987b0 0.066s
2025-02-20 02:34:16.451 63786 WARNING tempest.lib.common.ssh [-] Failed to establish authenticated ssh connection to cirros@10.180.180.205 ([Errno None] Unable to connect to port 22 on 10.180.180.205). Number attempts: 11. Retry after 12 seconds.: paramiko.ssh_exception.NoValidConnectionsError: [Errno None] Unable to connect to port 22 on 10.180.180.205
2025-02-20 02:34:16.649 63768 INFO tempest.lib.common.rest_client [req-4e9482eb-dbce-459d-8fa3-b9ef7a20ef96 req-4e9482eb-dbce-459d-8fa3-b9ef7a20ef96 ] Request (ListImageFiltersTestJSON:setUpClass): 200 GET http://10.180.1.21/compute/v2.1/servers/4646d61b-76b1-4f95-b751-930292050374 0.283s
2025-02-20 02:34:16.725 63801 INFO tempest.lib.common.rest_client [req-7c399ed7-3749-4785-93a9-f9a11200068f req-7c399ed7-3749-4785-93a9-f9a11200068f ] Request (SecurityGroupsTestJSON:test_server_security_groups): 200 GET http://10.180.1.21/compute/v2.1/servers/55828beb-5311-42cd-bacd-cc50a94d642d 0.384s
2025-02-20 02:34:16.760 63766 INFO tempest.lib.common.rest_client [req-d88fedd5-391e-4aae-93ba-ff8cb89d3836 req-d88fedd5-391e-4aae-93ba-ff8cb89d3836 ] Request (ServersAdminNegativeTestJSON:tearDownClass): 200 GET http://10.180.1.21/compute/v2.1/servers/ddeadafc-798b-4a4c-8fb1-08070b292c4b 0.321s
2025-02-20 02:34:16.843 63770 INFO tempest.lib.common.rest_client [req-a2bb88ee-0a4e-47cf-b1b4-190d611257a2 req-a2bb88ee-0a4e-47cf-b1b4-190d611257a2 ] Request (ServersNegativeTestMultiTenantJSON:tearDownClass): 200 GET http://10.180.1.21/compute/v2.1/servers/03156147-f1d4-4b8a-85c3-3c3ae9879fb8 0.374s
2025-02-20 02:34:16.890 63748 INFO tempest.lib.common.rest_client [req-c5d0961b-e6b4-4618-a1b7-3d0ae80b3f4a req-c5d0961b-e6b4-4618-a1b7-3d0ae80b3f4a ] Request (ServersTestMultiNic:setUpClass): 200 PUT http://10.180.1.21:9696/networking/v2.0/routers/23f003b1-56c0-4811-972f-5d5b2b174a90/add_router_interface 1.275s
2025-02-20 02:34:16.890 63748 INFO tempest.lib.common.dynamic_creds [-] Created isolated network resources for: credentials: Credentials: {'domain_id': 'default', 'domain_name': 'Default', 'username': 'tempest-ServersTestMultiNic-2036646790-project-member', 'project_domain_id': 'default', 'project_domain_name': 'Default', 'project_id': '664f82100a9a47f18cb96b1a9fe01e18', 'project_name': 'tempest-ServersTestMultiNic-2036646790', 'tenant_id': '664f82100a9a47f18cb96b1a9fe01e18', 'tenant_name': 'tempest-ServersTestMultiNic-2036646790', 'user_domain_id': 'default', 'user_domain_name': 'Default', 'user_id': '5cc1addd2c584c29a7b437d96f24c77e', 'system': None}, Network: {'id': 'defd5aa2-b14b-42db-a6d2-117b8f775184', 'name': 'tempest-ServersTestMultiNic-1707777718-network', 'tenant_id': '664f82100a9a47f18cb96b1a9fe01e18', 'admin_state_up': True, 'mtu': 8950, 'status': 'ACTIVE', 'subnets': [], 'shared': False, 'project_id': '664f82100a9a47f18cb96b1a9fe01e18', 'port_security_enabled': True, 'router:external': False, 'provider:network_type': 'vlan', 'provider:physical_network': 'default', 'provider:segmentation_id': 952, 'availability_zone_hints': [], 'availability_zones': [], 'ipv4_address_scope': None, 'ipv6_address_scope': None, 'description': '', 'tags': [], 'created_at': '2025-02-20T02:34:14Z', 'updated_at': '2025-02-20T02:34:14Z', 'revision_number': 1}, Subnet: {'id': '2a73249d-8dd8-4b71-895d-acb0a26f92a7', 'name': 'tempest-ServersTestMultiNic-1707777718-subnet', 'tenant_id': '664f82100a9a47f18cb96b1a9fe01e18', 'network_id': 'defd5aa2-b14b-42db-a6d2-117b8f775184', 'ip_version': 4, 'subnetpool_id': None, 'enable_dhcp': True, 'ipv6_ra_mode': None, 'ipv6_address_mode': None, 'gateway_ip': '192.168.128.1', 'cidr': '192.168.128.0/28', 'allocation_pools': [{'start': '192.168.128.2', 'end': '192.168.128.14'}], 'host_routes': [], 'dns_nameservers': [], 'description': '', 'router:external': False, 'service_types': [], 'tags': [], 'created_at': '2025-02-20T02:34:14Z', 'updated_at': '2025-02-20T02:34:14Z', 'revision_number': 0, 'project_id': '664f82100a9a47f18cb96b1a9fe01e18'}, Router: {'id': '23f003b1-56c0-4811-972f-5d5b2b174a90', 'name': 'tempest-ServersTestMultiNic-1707777718-router', 'tenant_id': '664f82100a9a47f18cb96b1a9fe01e18', 'admin_state_up': True, 'status': 'ACTIVE', 'external_gateway_info': {'network_id': '0f8c0677-cc7a-4698-98e0-ba406b3ab916', 'external_fixed_ips': [{'subnet_id': '5fb432b7-808c-45ef-a2c1-9945b6d07eda', 'ip_address': '10.180.180.224'}], 'enable_snat': True}, 'description': '', 'availability_zones': [], 'distributed': False, 'ha': False, 'availability_zone_hints': [], 'routes': [], 'flavor_id': None, 'tags': [], 'created_at': '2025-02-20T02:34:14Z', 'updated_at': '2025-02-20T02:34:15Z', 'revision_number': 2, 'project_id': '664f82100a9a47f18cb96b1a9fe01e18'}
2025-02-20 02:34:16.929 63778 INFO tempest.lib.common.rest_client [req-7470a7d7-2e97-4fbf-9c5d-8f4c76f09786 req-7470a7d7-2e97-4fbf-9c5d-8f4c76f09786 ] Request (DeleteServersTestJSON:test_delete_server_while_in_attached_volume): 200 GET http://10.180.1.21/compute/v2.1/servers/72eb6306-764d-4bc9-a991-86276b9eb73e 0.346s
2025-02-20 02:34:16.940 63778 INFO tempest.common.waiters [-] State transition "ACTIVE/deleting" ==> "DELETED/None" after 6 second wait
2025-02-20 02:34:17.000 63748 INFO tempest.lib.common.rest_client [req-bd4cbee8-18e2-43be-b0eb-21d3c6d17659 req-bd4cbee8-18e2-43be-b0eb-21d3c6d17659 ] Request (ServersTestMultiNic:setUpClass): 201 POST http://10.180.1.21/identity/v3/auth/tokens 0.102s
2025-02-20 02:34:17.006 63756 INFO tempest.lib.common.rest_client [req-981606f8-787b-4c6b-b569-4ce91aa63e46 req-981606f8-787b-4c6b-b569-4ce91aa63e46 ] Request (ImagesTestJSON:test_create_image_from_suspended_server): 200 GET http://10.180.1.21/compute/v2.1/servers/c9b8f4da-b5bf-4afa-8708-448338bf9a02 0.413s
2025-02-20 02:34:17.073 63804 INFO tempest.lib.common.rest_client [req-7ecd8544-255e-4e59-925d-5bc4cb62208e req-7ecd8544-255e-4e59-925d-5bc4cb62208e ] Request (VolumesAdminNegativeTest:test_update_attached_volume_with_nonexistent_volume_in_uri): 200 GET http://10.180.1.21/compute/v2.1/servers/fae6e8ca-c6d2-437d-af8d-4d6b56ecf2c5 0.409s
2025-02-20 02:34:17.251 63760 WARNING tempest.lib.common.ssh [-] Failed to establish authenticated ssh connection to cirros@10.180.180.247 ([Errno None] Unable to connect to port 22 on 10.180.180.247). Number attempts: 5. Retry after 6 seconds.: paramiko.ssh_exception.NoValidConnectionsError: [Errno None] Unable to connect to port 22 on 10.180.180.247
2025-02-20 02:34:17.403 63798 INFO tempest.lib.common.rest_client [req-ceab605e-f047-4a19-838e-be93802b42fa req-ceab605e-f047-4a19-838e-be93802b42fa ] Request (MigrationsAdminTest:test_resize_server_revert_deleted_flavor): 200 GET http://10.180.1.21/compute/v2.1/servers/eb822c42-3071-4027-bc3b-03e32dc46cce 0.730s
2025-02-20 02:34:17.532 63780 INFO tempest.lib.common.rest_client [req-f09ab59e-cf20-45d0-a03c-43bbe840e5af req-f09ab59e-cf20-45d0-a03c-43bbe840e5af ] Request (ServersTestBootFromVolume:setUpClass): 200 GET http://10.180.1.21/compute/v2.1/servers/fa37793d-84ec-44a7-b5d3-f363829bca25 0.790s
2025-02-20 02:34:17.624 63764 INFO tempest.lib.common.rest_client [req-1397ff55-d4b2-4a0f-83f7-67571ee17e82 req-1397ff55-d4b2-4a0f-83f7-67571ee17e82 ] Request (ServerDiskConfigTestJSON:test_rebuild_server_with_manual_disk_config): 200 GET http://10.180.1.21/compute/v2.1/servers/3f7f33b0-eb92-4ce5-9e10-5e4e3046aec7 0.781s
2025-02-20 02:34:17.668 63748 INFO tempest.lib.common.rest_client [req-bb3c97e7-0074-47e0-9fc8-4dd1ed46525d req-bb3c97e7-0074-47e0-9fc8-4dd1ed46525d ] Request (ServersTestMultiNic:test_verify_duplicate_network_nics): 201 POST http://10.180.1.21:9696/networking/v2.0/networks 0.665s
2025-02-20 02:34:17.733 63776 INFO tempest.lib.common.rest_client [req-8e4f524c-9762-416f-a63a-826000017edf req-8e4f524c-9762-416f-a63a-826000017edf ] Request (ServerPasswordTestJSON:tearDownClass): 200 GET http://10.180.1.21/compute/v2.1/servers/8e05f61f-5cf5-416e-b801-87c5fd9a52fb 0.888s
2025-02-20 02:34:17.979 63782 INFO tempest.lib.common.rest_client [req-c7941d50-aa4c-464a-9974-c0f72de0588b req-c7941d50-aa4c-464a-9974-c0f72de0588b ] Request (ServerActionsV293TestJSON:test_rebuild_volume_backed_server): 200 GET http://10.180.1.21/compute/v2.1/servers/776b4385-e4ab-4d11-a68f-686e606685dd 0.945s
2025-02-20 02:34:17.996 63782 INFO tempest.common.waiters [-] State transition "REBUILD/rebuilding" ==> "ERROR/None" after 6 second wait
2025-02-20 02:34:18.046 63748 INFO tempest.lib.common.rest_client [req-468e4250-5117-4259-ba69-3c1aeb03c1fa req-468e4250-5117-4259-ba69-3c1aeb03c1fa ] Request (ServersTestMultiNic:test_verify_duplicate_network_nics): 201 POST http://10.180.1.21:9696/networking/v2.0/subnets 0.377s
2025-02-20 02:34:18.054 63790 INFO tempest.lib.common.rest_client [req-33dc2f6f-25fa-4269-acc3-8b2af56e5d47 req-33dc2f6f-25fa-4269-acc3-8b2af56e5d47 ] Request (ImagesNegativeTestJSON:test_create_image_from_deleted_server): 200 GET http://10.180.1.21/compute/v2.1/servers/ebe92ccd-bda8-4a60-ae8e-81c7ea154646 0.949s
2025-02-20 02:34:18.118 63762 INFO tempest.lib.common.rest_client [req-f1184f8b-3f71-4f7b-b7eb-f62b629ee8ca req-f1184f8b-3f71-4f7b-b7eb-f62b629ee8ca ] Request (ServersTestJSON:setUpClass): 200 GET http://10.180.1.21/compute/v2.1/servers/61b5d98e-ec18-4933-a7e9-06bb31b66c79 0.963s
2025-02-20 02:34:18.175 63748 INFO tempest.lib.common.rest_client [req-0516d277-d804-4cfd-85a7-31100929b32a req-0516d277-d804-4cfd-85a7-31100929b32a ] Request (ServersTestMultiNic:test_verify_duplicate_network_nics): 201 POST http://10.180.1.21:9696/networking/v2.0/networks 0.129s
2025-02-20 02:34:18.184 63772 INFO tempest.lib.common.rest_client [req-3da84f31-b517-4f1b-b09f-ee41f738b4d3 req-3da84f31-b517-4f1b-b09f-ee41f738b4d3 ] Request (ImagesOneServerNegativeTestJSON:setUpClass): 200 GET http://10.180.1.21/compute/v2.1/servers/c5b2312b-6f23-4467-a8b6-f28dd0923982 0.964s
2025-02-20 02:34:18.303 63788 INFO tempest.lib.common.rest_client [req-7252a1b5-fcd7-4145-9141-c92d584297d5 req-7252a1b5-fcd7-4145-9141-c92d584297d5 ] Request (FloatingIPsAssociationTestJSON:test_associate_already_associated_floating_ip): 200 GET http://10.180.1.21/compute/v2.1/servers/0715ab54-59f5-43a6-b0fa-23e219f8d459 1.029s
2025-02-20 02:34:18.419 63802 INFO tempest.lib.common.rest_client [req-53db37e2-0ab0-41ba-861d-f1d06b61b714 req-53db37e2-0ab0-41ba-861d-f1d06b61b714 ] Request (ServersAdminTestJSON:test_create_server_with_scheduling_hint): 200 GET http://10.180.1.21/compute/v2.1/servers/0a0c6584-1aeb-48f2-acd2-07f2e07ad185 1.082s
2025-02-20 02:34:18.423 63796 WARNING tempest.lib.common.ssh [-] Failed to establish authenticated ssh connection to cirros@10.180.180.159 ([Errno None] Unable to connect to port 22 on 10.180.180.159). Number attempts: 6. Retry after 7 seconds.: paramiko.ssh_exception.NoValidConnectionsError: [Errno None] Unable to connect to port 22 on 10.180.180.159
2025-02-20 02:34:18.429 63802 INFO tempest.common.waiters [-] State transition "BUILD/networking" ==> "BUILD/spawning" after 62 second wait
2025-02-20 02:34:18.451 63748 INFO tempest.lib.common.rest_client [req-f5a997db-5448-4efe-ba5b-6011912573ef req-f5a997db-5448-4efe-ba5b-6011912573ef ] Request (ServersTestMultiNic:test_verify_duplicate_network_nics): 201 POST http://10.180.1.21:9696/networking/v2.0/subnets 0.275s
2025-02-20 02:34:18.487 63748 INFO tempest.lib.common.rest_client [req-3028f7f6-23f6-4aa5-9962-f332e07735f1 req-3028f7f6-23f6-4aa5-9962-f332e07735f1 ] Request (ServersTestMultiNic:test_verify_duplicate_network_nics): 201 POST http://10.180.1.21/identity/v3/auth/tokens 0.033s
2025-02-20 02:34:18.488 63748 INFO tempest.lib.common.fixed_network [-] (ServersTestMultiNic:test_verify_duplicate_network_nics) Found network {'id': 'defd5aa2-b14b-42db-a6d2-117b8f775184', 'name': 'tempest-ServersTestMultiNic-1707777718-network', 'tenant_id': '664f82100a9a47f18cb96b1a9fe01e18', 'admin_state_up': True, 'mtu': 8950, 'status': 'ACTIVE', 'subnets': [], 'shared': False, 'project_id': '664f82100a9a47f18cb96b1a9fe01e18', 'port_security_enabled': True, 'router:external': False, 'provider:network_type': 'vlan', 'provider:physical_network': 'default', 'provider:segmentation_id': 952, 'availability_zone_hints': [], 'availability_zones': [], 'ipv4_address_scope': None, 'ipv6_address_scope': None, 'description': '', 'tags': [], 'created_at': '2025-02-20T02:34:14Z', 'updated_at': '2025-02-20T02:34:14Z', 'revision_number': 1} available for tenant
2025-02-20 02:34:18.493 63752 INFO tempest.lib.common.rest_client [req-d99e06fd-b148-4ce2-8bc8-cfe0e263fd91 req-d99e06fd-b148-4ce2-8bc8-cfe0e263fd91 ] Request (AttachInterfacesV270Test:tearDownClass): 200 GET http://10.180.1.21/compute/v2.1/servers/4928ffe3-e026-4ef3-922a-01685d5659ed 1.104s
2025-02-20 02:34:18.652 63768 INFO tempest.lib.common.rest_client [req-73a5a4b5-ee41-4b5a-9a57-f531129fd9e3 req-73a5a4b5-ee41-4b5a-9a57-f531129fd9e3 ] Request (ListImageFiltersTestJSON:setUpClass): 200 GET http://10.180.1.21/compute/v2.1/servers/4646d61b-76b1-4f95-b751-930292050374 0.990s
