2025-02-20 17:55:43.509 63303 WARNING tempest.lib.common.ssh [-] Failed to establish authenticated ssh connection to cirros@10.180.180.138 ([Errno None] Unable to connect to port 22 on 10.180.180.138). Number attempts: 1. Retry after 2 seconds.: paramiko.ssh_exception.NoValidConnectionsError: [Errno None] Unable to connect to port 22 on 10.180.180.138
2025-02-20 17:55:43.555 63323 INFO tempest.lib.common.rest_client [req-aefd503e-3e0f-42f8-bc59-d404c7aef9d0 req-aefd503e-3e0f-42f8-bc59-d404c7aef9d0 ] Request (ServerGroup264TestJSON:_run_cleanups): 204 DELETE http://10.180.1.21/compute/v2.1/os-server-groups/7297e852-09ed-42a8-956c-cfde21047899 0.550s
2025-02-20 17:55:43.615 63321 INFO tempest.lib.common.rest_client [req-aa155dd5-1d0b-4852-ae6d-796dfe130e07 req-aa155dd5-1d0b-4852-ae6d-796dfe130e07 ] Request (ServersTestMultiNic:test_verify_duplicate_network_nics): 201 POST http://10.180.1.21/identity/v3/auth/tokens 0.104s
2025-02-20 17:55:43.615 63321 INFO tempest.lib.common.fixed_network [-] (ServersTestMultiNic:test_verify_duplicate_network_nics) Found network {'id': 'b08c1dc2-ef9a-4a32-82f6-45f6b03faeef', 'name': 'tempest-ServersTestMultiNic-1990477566-network', 'tenant_id': '97060d5fb7e8454eadaf5dc9b426a248', 'admin_state_up': True, 'mtu': 8950, 'status': 'ACTIVE', 'subnets': [], 'shared': False, 'project_id': '97060d5fb7e8454eadaf5dc9b426a248', 'port_security_enabled': True, 'router:external': False, 'provider:network_type': 'vlan', 'provider:physical_network': 'default', 'provider:segmentation_id': 99, 'availability_zone_hints': [], 'availability_zones': [], 'ipv4_address_scope': None, 'ipv6_address_scope': None, 'description': '', 'tags': [], 'created_at': '2025-02-20T17:55:36Z', 'updated_at': '2025-02-20T17:55:36Z', 'revision_number': 1} available for tenant
2025-02-20 17:55:43.617 63315 INFO tempest.lib.common.rest_client [req-85a3d400-e181-4490-85c0-e694df8093ec req-85a3d400-e181-4490-85c0-e694df8093ec ] Request (ServerActionsV293TestJSON:setUpClass): 202 POST http://10.180.1.21/volume/v3/volumes 0.621s
2025-02-20 17:55:43.648 63365 INFO tempest.lib.common.rest_client [req-75cada13-07b7-43b5-9af0-871415b3e276 req-75cada13-07b7-43b5-9af0-871415b3e276 ] Request (ServerDiagnosticsV248Test:tearDownClass): 204 DELETE http://10.180.1.21:9696/networking/v2.0/security-groups/1e7e96cd-5b7b-48b7-b6f5-50a1542b1d49 0.268s
2025-02-20 17:55:43.658 63315 INFO tempest.lib.common.rest_client [req-adb0991a-acc5-4012-ba69-1c2a16c4ff75 req-adb0991a-acc5-4012-ba69-1c2a16c4ff75 ] Request (ServerActionsV293TestJSON:setUpClass): 200 GET http://10.180.1.21/volume/v3/volumes/4246155e-0977-4f2a-b135-72a3849826ce 0.033s
2025-02-20 17:55:43.703 63311 INFO tempest.lib.common.rest_client [req-622aad60-0d00-451b-984e-952397c2a2bf req-622aad60-0d00-451b-984e-952397c2a2bf ] Request (AttachInterfacesV270Test:tearDownClass): 200 GET http://10.180.1.21/compute/v2.1/servers/ddf20137-4d63-4c7a-b519-445719265e1d 0.721s
2025-02-20 17:55:43.756 63327 INFO tempest.lib.common.rest_client [req-55d2ea97-3f92-43ee-821d-b84ee6ec6a4c req-55d2ea97-3f92-43ee-821d-b84ee6ec6a4c ] Request (ServerMetadataTestJSON:setUpClass): 200 GET http://10.180.1.21/compute/v2.1/servers/99886410-ec47-46ad-9d07-ee3593006997 0.639s
2025-02-20 17:55:43.795 63365 INFO tempest.lib.common.rest_client [req-a71b5458-8d1b-4195-9dec-cfb2ed24c138 req-a71b5458-8d1b-4195-9dec-cfb2ed24c138 ] Request (ServerDiagnosticsV248Test:tearDownClass): 204 DELETE http://10.180.1.21/identity/v3/projects/a7006f93e6fb43a487f357c2de5e1cd8 0.147s
2025-02-20 17:55:43.800 63337 INFO tempest.lib.common.rest_client [req-a802201a-1b9f-4587-b707-adfe80803a14 req-a802201a-1b9f-4587-b707-adfe80803a14 ] Request (ServerShowV247Test:tearDownClass): 200 GET http://10.180.1.21/compute/v2.1/servers/0dbafad1-ab21-439d-bc8e-e447ac33304e 0.649s
2025-02-20 17:55:43.840 63305 INFO tempest.lib.common.rest_client [req-a7690ab7-89ae-4253-9255-47a0ccad5ef3 req-a7690ab7-89ae-4253-9255-47a0ccad5ef3 ] Request (ListServerFiltersTestJSON:setUpClass): 200 GET http://10.180.1.21/compute/v2.1/servers/0d96ba8e-b46b-48ae-957c-cdc49762c395 0.673s
2025-02-20 17:55:43.886 63317 INFO tempest.lib.common.rest_client [req-14af1a71-5f65-47ad-984c-5a74c03e7f6a req-14af1a71-5f65-47ad-984c-5a74c03e7f6a ] Request (InstanceActionsTestJSON:tearDownClass): 200 GET http://10.180.1.21/compute/v2.1/servers/44fca05f-51db-4252-bcf8-6bcad37a6147 0.660s
2025-02-20 17:55:43.918 63365 INFO tempest.lib.common.rest_client [req-10b4f413-d360-429c-9177-930bb47b608f req-10b4f413-d360-429c-9177-930bb47b608f ] Request (ServerActionsTestOtherB:setUpClass): 201 POST http://10.180.1.21/identity/v3/auth/tokens 0.121s
2025-02-20 17:55:43.949 63309 INFO tempest.lib.common.rest_client [req-dd8346df-9188-450a-9847-0d5c87c56b42 req-dd8346df-9188-450a-9847-0d5c87c56b42 ] Request (ServerShowV257Test:test_rebuild_server): 200 GET http://10.180.1.21/compute/v2.1/servers/2ae111f7-4eaa-46c2-ab97-907daa913834 0.591s
2025-02-20 17:55:43.971 63365 INFO tempest.lib.common.rest_client [req-8a54e1f5-d9c3-41d7-9152-cbb05524528a req-8a54e1f5-d9c3-41d7-9152-cbb05524528a ] Request (ServerActionsTestOtherB:setUpClass): 201 POST http://10.180.1.21/identity/v3/auth/tokens 0.047s
2025-02-20 17:55:44.001 63307 INFO tempest.lib.common.rest_client [req-bf9dcd48-0c9f-41a7-a210-9a9a56b017a2 req-bf9dcd48-0c9f-41a7-a210-9a9a56b017a2 ] Request (AttachInterfacesUnderV243Test:test_add_remove_fixed_ip): 200 GET http://10.180.1.21/compute/v2.1/servers/0e07a6cd-8c99-408d-95ba-63f7839c327f 0.707s
2025-02-20 17:55:44.006 63349 INFO tempest.lib.common.rest_client [req-80c3fd3c-d578-495f-a181-8150bf20b318 req-80c3fd3c-d578-495f-a181-8150bf20b318 ] Request (TenantUsagesTestJSON:setUpClass): 200 GET http://10.180.1.21/compute/v2.1/servers/8a09beac-4b54-4fbb-9bac-3dcfe4c21fb3 0.582s
2025-02-20 17:55:44.007 63365 INFO tempest.lib.common.rest_client [req-4e351883-92ac-48b9-be90-5207db2e89e2 req-4e351883-92ac-48b9-be90-5207db2e89e2 ] Request (ServerActionsTestOtherB:setUpClass): 200 GET http://10.180.1.21/identity/v3/domains?name=Default 0.035s
2025-02-20 17:55:44.047 63365 INFO tempest.lib.common.rest_client [req-14dab8dc-edd8-4e1b-8dd9-b7f767aea079 req-14dab8dc-edd8-4e1b-8dd9-b7f767aea079 ] Request (ServerActionsTestOtherB:setUpClass): 201 POST http://10.180.1.21/identity/v3/projects 0.040s
2025-02-20 17:55:44.057 63333 INFO tempest.lib.common.rest_client [req-d052d553-20d1-44b5-8017-f86272c6ef58 req-d052d553-20d1-44b5-8017-f86272c6ef58 ] Request (DeleteServersAdminTestJSON:test_delete_server_while_in_error_state): 200 GET http://10.180.1.21/compute/v2.1/servers/86d5d264-7a7a-434b-a1c4-e9a004c0a034 0.616s
2025-02-20 17:55:44.080 63361 INFO tempest.lib.common.rest_client [req-18048135-70bc-49eb-a365-5f3ef7464fce req-18048135-70bc-49eb-a365-5f3ef7464fce ] Request (ServersTestBootFromVolume:setUpClass): 200 GET http://10.180.1.21/compute/v2.1/servers/8c7c8713-d5d7-490e-aba5-25d98bfbfaa0 0.576s
2025-02-20 17:55:44.090 63323 INFO tempest.lib.common.rest_client [req-a1449d08-35e5-484b-9100-ff110c6c2498 req-a1449d08-35e5-484b-9100-ff110c6c2498 ] Request (ServerGroup264TestJSON:tearDownClass): 404 DELETE http://10.180.1.21/compute/v2.1/os-server-groups/7297e852-09ed-42a8-956c-cfde21047899 0.530s
2025-02-20 17:55:44.146 63365 INFO tempest.lib.common.rest_client [req-1ceaf08c-d8db-4eb7-8c88-c37d206025b3 req-1ceaf08c-d8db-4eb7-8c88-c37d206025b3 ] Request (ServerActionsTestOtherB:setUpClass): 201 POST http://10.180.1.21/identity/v3/users 0.098s
2025-02-20 17:55:44.156 63347 INFO tempest.lib.common.rest_client [req-a5993a5a-84e2-4277-8fc1-e0fcfb9fb9b8 req-a5993a5a-84e2-4277-8fc1-e0fcfb9fb9b8 ] Request (ServerActionsTestOtherA:setUpClass): 200 GET http://10.180.1.21/compute/v2.1/servers/d6137c80-0c09-4655-b264-472753b4fa9c 0.555s
2025-02-20 17:55:44.163 63335 INFO tempest.lib.common.rest_client [req-c672d52e-4b7d-448f-9990-21d6db22056e req-c672d52e-4b7d-448f-9990-21d6db22056e ] Request (ServerExternalEventsTest:tearDownClass): 200 GET http://10.180.1.21/compute/v2.1/servers/67440140-a619-41f2-98fe-eff23e8ad8a5 0.603s
2025-02-20 17:55:44.178 63365 INFO tempest.lib.common.rest_client [req-53951230-7516-4029-8ab1-19fa3bd4a4e5 req-53951230-7516-4029-8ab1-19fa3bd4a4e5 ] Request (ServerActionsTestOtherB:setUpClass): 200 GET http://10.180.1.21/identity/v3/roles 0.031s
2025-02-20 17:55:44.237 63365 INFO tempest.lib.common.rest_client [req-9e2b9792-4c16-46be-b9ee-06efa31bbbf5 req-9e2b9792-4c16-46be-b9ee-06efa31bbbf5 ] Request (ServerActionsTestOtherB:setUpClass): 204 PUT http://10.180.1.21/identity/v3/projects/b4dcaef840f940bda057d0371cdc5adb/users/8b3c3b29bb4d4c23a09527bcda019773/roles/1b52fa8352db41fa877008dc50cef783 0.058s
2025-02-20 17:55:44.237 63365 INFO tempest.lib.common.dynamic_creds [-] Dynamic test user 8b3c3b29bb4d4c23a09527bcda019773 is created with scope project and roles: ['member']
2025-02-20 17:55:44.237 63365 INFO tempest.lib.common.dynamic_creds [-] Acquired dynamic creds: credentials: Credentials: {'domain_id': 'default', 'domain_name': 'Default', 'username': 'tempest-ServerActionsTestOtherB-816222261-project-member', 'project_domain_id': 'default', 'project_domain_name': 'Default', 'project_id': 'b4dcaef840f940bda057d0371cdc5adb', 'project_name': 'tempest-ServerActionsTestOtherB-816222261', 'tenant_id': 'b4dcaef840f940bda057d0371cdc5adb', 'tenant_name': 'tempest-ServerActionsTestOtherB-816222261', 'user_domain_id': 'default', 'user_domain_name': 'Default', 'user_id': '8b3c3b29bb4d4c23a09527bcda019773', 'system': None}, Network: None, Subnet: None, Router: None
2025-02-20 17:55:44.246 63359 INFO tempest.lib.common.rest_client [req-06b33fdb-81f2-4014-b598-50eb7e8a0386 req-06b33fdb-81f2-4014-b598-50eb7e8a0386 ] Request (FloatingIPsAssociationTestJSON:tearDownClass): 200 GET http://10.180.1.21/compute/v2.1/servers/c7a3f2c6-8368-49cc-9737-ea1d836f1783 0.574s
2025-02-20 17:55:44.322 63313 INFO tempest.lib.common.rest_client [req-aee639a6-7def-4df3-ac1d-0fe1b548f349 req-aee639a6-7def-4df3-ac1d-0fe1b548f349 ] Request (ServerRescueTestJSON:test_rescue_unrescue_instance): 200 GET http://10.180.1.21/compute/v2.1/servers/c3014718-1064-4ab9-9600-86490489ee4b 0.582s
2025-02-20 17:55:44.345 63365 INFO tempest.lib.common.rest_client [req-01d70a97-74d7-4e26-add6-28917a24ae86 req-01d70a97-74d7-4e26-add6-28917a24ae86 ] Request (ServerActionsTestOtherB:setUpClass): 201 POST http://10.180.1.21/identity/v3/auth/tokens 0.107s
2025-02-20 17:55:44.389 63355 INFO tempest.lib.common.rest_client [req-2c955f4d-29f3-4c7e-8f3b-08a4497851d3 req-2c955f4d-29f3-4c7e-8f3b-08a4497851d3 ] Request (ImagesTestJSON:test_create_image_from_suspended_server): 200 GET http://10.180.1.21/compute/v2.1/servers/b9db75ba-6832-45e8-8faf-d1cdaa7dabdd 0.587s
2025-02-20 17:55:44.474 63346 INFO tempest.lib.common.rest_client [req-c8d43e94-48f1-4879-9603-48809d08ae5d req-c8d43e94-48f1-4879-9603-48809d08ae5d ] Request (ServersAdmin275Test:tearDownClass): 200 GET http://10.180.1.21/compute/v2.1/servers/94b1bf30-0f9b-4197-99ff-6631a13ab2d1 0.589s
2025-02-20 17:55:44.698 63339 INFO tempest.lib.common.rest_client [req-caffbf66-eb8f-4086-bf91-97d4ec785a27 req-caffbf66-eb8f-4086-bf91-97d4ec785a27 ] Request (MigrationsAdminTest:test_list_migrations_in_flavor_resize_situation): 200 GET http://10.180.1.21/compute/v2.1/servers/f3277886-4498-45c6-be68-e71d8293dc00 0.588s
2025-02-20 17:55:44.715 63315 INFO tempest.lib.common.rest_client [req-572b68b1-f604-4d96-809c-b792a35915a2 req-572b68b1-f604-4d96-809c-b792a35915a2 ] Request (ServerActionsV293TestJSON:setUpClass): 200 GET http://10.180.1.21/volume/v3/volumes/4246155e-0977-4f2a-b135-72a3849826ce 0.047s
2025-02-20 17:55:44.749 63321 INFO tempest.lib.common.rest_client [req-3ea37b67-73e0-4219-b828-a126fbc237e2 req-3ea37b67-73e0-4219-b828-a126fbc237e2 ] Request (ServersTestMultiNic:test_verify_duplicate_network_nics): 202 POST http://10.180.1.21/compute/v2.1/servers 1.133s
2025-02-20 17:55:44.787 63329 INFO tempest.lib.common.rest_client [req-6b97bdd5-073d-49f6-9392-7bf050fc8693 req-6b97bdd5-073d-49f6-9392-7bf050fc8693 ] Request (ServerMetadataNegativeTestJSON:setUpClass): 200 GET http://10.180.1.21/compute/v2.1/servers/22713da1-ae53-4bbe-ae55-2490440cbd87 0.598s
2025-02-20 17:55:44.832 63319 INFO tempest.lib.common.rest_client [req-be48a1af-0bce-44fe-b91d-e3e0520b1c53 req-be48a1af-0bce-44fe-b91d-e3e0520b1c53 ] Request (ImagesOneServerNegativeTestJSON:_run_cleanups): 200 GET http://10.180.1.21/compute/v2.1/servers/e20ed04f-205b-4aa9-b8b6-e352cd237412 0.568s
2025-02-20 17:55:44.868 63341 INFO tempest.lib.common.rest_client [req-dd115853-e106-4035-bda9-75bd9e36d923 req-dd115853-e106-4035-bda9-75bd9e36d923 ] Request (AttachInterfacesTestJSON:test_create_list_show_delete_interfaces_by_fixed_ip): 200 GET http://10.180.1.21/compute/v2.1/servers/5a340e31-678c-437e-aa4e-07d5d9f4334f 0.539s
2025-02-20 17:55:44.875 63332 INFO tempest.lib.common.rest_client [req-f2b641b8-603b-41be-862a-a3746f6b74d8 req-f2b641b8-603b-41be-862a-a3746f6b74d8 ] Request (ImagesOneServerTestJSON:test_create_image_specify_multibyte_character_image_name): 200 GET http://10.180.1.21/compute/v2.1/images/f70c3182-7f65-419e-a89d-18cac4191ed9 0.510s
2025-02-20 17:55:44.878 63365 INFO tempest.lib.common.rest_client [req-10327087-2c24-4883-bfbe-4d11f16176f8 req-10327087-2c24-4883-bfbe-4d11f16176f8 ] Request (ServerActionsTestOtherB:setUpClass): 201 POST http://10.180.1.21:9696/networking/v2.0/networks 0.533s
2025-02-20 17:55:44.936 63353 INFO tempest.lib.common.rest_client [req-95b87935-5f06-4d9e-9683-e4b727c82c34 req-95b87935-5f06-4d9e-9683-e4b727c82c34 ] Request (ServersAdminTestJSON:setUpClass): 200 GET http://10.180.1.21/compute/v2.1/servers/b9d9fe4e-438c-4f68-b011-9eb9e10a381c 0.456s
2025-02-20 17:55:44.985 63363 INFO tempest.lib.common.rest_client [req-4dedee90-428f-4542-870c-a31b58a428e1 req-4dedee90-428f-4542-870c-a31b58a428e1 ] Request (ServersTestFqdnHostnames:test_create_server_with_fqdn_name): 200 GET http://10.180.1.21/compute/v2.1/servers/c0db2b2a-9c06-409c-b48b-a0d5c127f2dc 0.502s
2025-02-20 17:55:45.061 63343 INFO tempest.lib.common.rest_client [req-d5fc5722-823f-48f3-840f-5e5c1d266770 req-d5fc5722-823f-48f3-840f-5e5c1d266770 ] Request (ServersTestManualDisk:setUpClass): 200 GET http://10.180.1.21/compute/v2.1/servers/8f6beda6-0fc6-4d85-9f27-f4248adda8f3 0.651s
2025-02-20 17:55:45.095 63365 INFO tempest.lib.common.rest_client [req-9d686eb9-7a59-445c-88e1-ab8c2c80ab44 req-9d686eb9-7a59-445c-88e1-ab8c2c80ab44 ] Request (ServerActionsTestOtherB:setUpClass): 201 POST http://10.180.1.21:9696/networking/v2.0/subnets 0.216s
2025-02-20 17:55:45.100 63311 INFO tempest.lib.common.rest_client [req-aa23e39d-8098-4850-a448-d0c52489823d req-aa23e39d-8098-4850-a448-d0c52489823d ] Request (AttachInterfacesV270Test:tearDownClass): 200 GET http://10.180.1.21/compute/v2.1/servers/ddf20137-4d63-4c7a-b519-445719265e1d 0.385s
2025-02-20 17:55:45.117 63321 INFO tempest.lib.common.rest_client [req-42ae667e-3c80-4c1e-b0d8-261fd2992ea8 req-42ae667e-3c80-4c1e-b0d8-261fd2992ea8 ] Request (ServersTestMultiNic:test_verify_duplicate_network_nics): 200 GET http://10.180.1.21/compute/v2.1/servers/e2d39c43-6666-4fda-b8e2-485399c59e46 0.366s
2025-02-20 17:55:45.187 63337 INFO tempest.lib.common.rest_client [req-84686c93-ad76-4e6e-aced-682200cce2d1 req-84686c93-ad76-4e6e-aced-682200cce2d1 ] Request (ServerShowV247Test:tearDownClass): 200 GET http://10.180.1.21/compute/v2.1/servers/0dbafad1-ab21-439d-bc8e-e447ac33304e 0.373s
2025-02-20 17:55:45.262 63305 INFO tempest.lib.common.rest_client [req-72366ac4-791e-4d4d-901b-0cc2ef15ea4b req-72366ac4-791e-4d4d-901b-0cc2ef15ea4b ] Request (ListServerFiltersTestJSON:setUpClass): 200 GET http://10.180.1.21/compute/v2.1/servers/0d96ba8e-b46b-48ae-957c-cdc49762c395 0.412s
2025-02-20 17:55:45.528 63317 INFO tempest.lib.common.rest_client [req-a627aca5-7e59-49b4-91f5-7add8a00f681 req-a627aca5-7e59-49b4-91f5-7add8a00f681 ] Request (InstanceActionsTestJSON:tearDownClass): 200 GET http://10.180.1.21/compute/v2.1/servers/44fca05f-51db-4252-bcf8-6bcad37a6147 0.630s
2025-02-20 17:55:45.537 63327 INFO tempest.lib.common.rest_client [req-f43205c8-9f7a-4c3d-af93-95de13be409d req-f43205c8-9f7a-4c3d-af93-95de13be409d ] Request (ServerMetadataTestJSON:setUpClass): 200 GET http://10.180.1.21/compute/v2.1/servers/99886410-ec47-46ad-9d07-ee3593006997 0.770s
2025-02-20 17:55:45.556 63323 INFO tempest.lib.common.rest_client [req-cc1ccbf7-17ae-4e72-adf2-4ae3ea70f00a req-cc1ccbf7-17ae-4e72-adf2-4ae3ea70f00a ] Request (ServerGroup264TestJSON:tearDownClass): 200 PUT http://10.180.1.21:9696/networking/v2.0/routers/5a96cb72-119d-42ed-b552-a5684a4cdafa/remove_router_interface 1.465s
2025-02-20 17:55:45.623 63309 INFO tempest.lib.common.rest_client [req-91968c0c-d9fa-4003-9f27-6b191b474581 req-91968c0c-d9fa-4003-9f27-6b191b474581 ] Request (ServerShowV257Test:test_rebuild_server): 200 GET http://10.180.1.21/compute/v2.1/servers/2ae111f7-4eaa-46c2-ab97-907daa913834 0.654s
2025-02-20 17:55:45.693 63349 INFO tempest.lib.common.rest_client [req-0a873357-ed43-4475-9265-06384cc6e579 req-0a873357-ed43-4475-9265-06384cc6e579 ] Request (TenantUsagesTestJSON:setUpClass): 200 GET http://10.180.1.21/compute/v2.1/servers/8a09beac-4b54-4fbb-9bac-3dcfe4c21fb3 0.673s
2025-02-20 17:55:45.765 63333 INFO tempest.lib.common.rest_client [req-89c0c77d-344b-4388-bba8-250cfcfc8542 req-89c0c77d-344b-4388-bba8-250cfcfc8542 ] Request (DeleteServersAdminTestJSON:test_delete_server_while_in_error_state): 200 GET http://10.180.1.21/compute/v2.1/servers/86d5d264-7a7a-434b-a1c4-e9a004c0a034 0.697s
2025-02-20 17:55:45.776 63315 INFO tempest.lib.common.rest_client [req-306a3edf-18c1-4200-b361-787d812f7eae req-306a3edf-18c1-4200-b361-787d812f7eae ] Request (ServerActionsV293TestJSON:setUpClass): 200 GET http://10.180.1.21/volume/v3/volumes/4246155e-0977-4f2a-b135-72a3849826ce 0.047s
2025-02-20 17:55:45.838 63361 INFO tempest.lib.common.rest_client [req-769d66ce-4629-4195-97e2-aef8da7002b5 req-769d66ce-4629-4195-97e2-aef8da7002b5 ] Request (ServersTestBootFromVolume:setUpClass): 200 GET http://10.180.1.21/compute/v2.1/servers/8c7c8713-d5d7-490e-aba5-25d98bfbfaa0 0.748s
2025-02-20 17:55:45.846 63307 INFO tempest.lib.common.rest_client [req-ab40b15e-6a76-43e1-acb2-fbc359d1f866 req-ab40b15e-6a76-43e1-acb2-fbc359d1f866 ] Request (AttachInterfacesUnderV243Test:test_add_remove_fixed_ip): 200 GET http://10.180.1.21/compute/v2.1/servers/0e07a6cd-8c99-408d-95ba-63f7839c327f 0.836s
2025-02-20 17:55:45.922 63347 INFO tempest.lib.common.rest_client [req-12825f79-80e8-45b2-b9d2-f12e00df6459 req-12825f79-80e8-45b2-b9d2-f12e00df6459 ] Request (ServerActionsTestOtherA:setUpClass): 200 GET http://10.180.1.21/compute/v2.1/servers/d6137c80-0c09-4655-b264-472753b4fa9c 0.750s
2025-02-20 17:55:45.930 63335 INFO tempest.lib.common.rest_client [req-978a15be-2b3c-4aaf-a63c-940572df2d04 req-978a15be-2b3c-4aaf-a63c-940572df2d04 ] Request (ServerExternalEventsTest:tearDownClass): 200 GET http://10.180.1.21/compute/v2.1/servers/67440140-a619-41f2-98fe-eff23e8ad8a5 0.752s
2025-02-20 17:55:46.006 63359 INFO tempest.lib.common.rest_client [req-c0f98689-2b8b-4e99-b89d-7f761325bdfc req-c0f98689-2b8b-4e99-b89d-7f761325bdfc ] Request (FloatingIPsAssociationTestJSON:tearDownClass): 200 GET http://10.180.1.21/compute/v2.1/servers/c7a3f2c6-8368-49cc-9737-ea1d836f1783 0.750s
2025-02-20 17:55:46.006 63313 INFO tempest.lib.common.rest_client [req-cf66140f-6808-49cb-8893-db98d531096e req-cf66140f-6808-49cb-8893-db98d531096e ] Request (ServerRescueTestJSON:test_rescue_unrescue_instance): 200 GET http://10.180.1.21/compute/v2.1/servers/c3014718-1064-4ab9-9600-86490489ee4b 0.667s
2025-02-20 17:55:46.069 63355 INFO tempest.lib.common.rest_client [req-551947b2-ca33-4399-a1ba-81e0f3f453ba req-551947b2-ca33-4399-a1ba-81e0f3f453ba ] Request (ImagesTestJSON:test_create_image_from_suspended_server): 200 GET http://10.180.1.21/compute/v2.1/servers/b9db75ba-6832-45e8-8faf-d1cdaa7dabdd 0.672s
2025-02-20 17:55:46.098 63346 INFO tempest.lib.common.rest_client [req-5b14b279-bedb-4c1d-bc8d-3eef78a7772c req-5b14b279-bedb-4c1d-bc8d-3eef78a7772c ] Request (ServersAdmin275Test:tearDownClass): 200 GET http://10.180.1.21/compute/v2.1/servers/94b1bf30-0f9b-4197-99ff-6631a13ab2d1 0.608s
2025-02-20 17:55:46.175 63329 INFO tempest.lib.common.rest_client [req-44a7c7b1-bedd-4852-9309-1801a7fd760f req-44a7c7b1-bedd-4852-9309-1801a7fd760f ] Request (ServerMetadataNegativeTestJSON:setUpClass): 200 GET http://10.180.1.21/compute/v2.1/servers/22713da1-ae53-4bbe-ae55-2490440cbd87 0.376s
2025-02-20 17:55:46.256 63319 INFO tempest.lib.common.rest_client [req-876d3902-b019-4f4d-ba32-8093b7ae57b5 req-876d3902-b019-4f4d-ba32-8093b7ae57b5 ] Request (ImagesOneServerNegativeTestJSON:_run_cleanups): 200 GET http://10.180.1.21/compute/v2.1/servers/e20ed04f-205b-4aa9-b8b6-e352cd237412 0.411s
2025-02-20 17:55:46.280 63339 INFO tempest.lib.common.rest_client [req-6854ae6a-1864-4da7-9283-04f4ded646a1 req-6854ae6a-1864-4da7-9283-04f4ded646a1 ] Request (MigrationsAdminTest:test_list_migrations_in_flavor_resize_situation): 200 GET http://10.180.1.21/compute/v2.1/servers/f3277886-4498-45c6-be68-e71d8293dc00 0.571s
2025-02-20 17:55:46.342 63332 INFO tempest.lib.common.rest_client [req-806fb32d-ac11-473c-aa3b-df52153a0c85 req-806fb32d-ac11-473c-aa3b-df52153a0c85 ] Request (ImagesOneServerTestJSON:test_create_image_specify_multibyte_character_image_name): 200 GET http://10.180.1.21/compute/v2.1/images/f70c3182-7f65-419e-a89d-18cac4191ed9 0.460s
2025-02-20 17:55:46.344 63323 INFO tempest.lib.common.rest_client [req-1006643b-57e3-41da-87ce-92e3e2ff66f7 req-1006643b-57e3-41da-87ce-92e3e2ff66f7 ] Request (ServerGroup264TestJSON:tearDownClass): 204 DELETE http://10.180.1.21:9696/networking/v2.0/routers/5a96cb72-119d-42ed-b552-a5684a4cdafa 0.787s
2025-02-20 17:55:46.356 63341 INFO tempest.lib.common.rest_client [req-11fe30db-dd56-4d7e-aa0d-f4fdabdef1f2 req-11fe30db-dd56-4d7e-aa0d-f4fdabdef1f2 ] Request (AttachInterfacesTestJSON:test_create_list_show_delete_interfaces_by_fixed_ip): 200 GET http://10.180.1.21/compute/v2.1/servers/5a340e31-678c-437e-aa4e-07d5d9f4334f 0.474s
2025-02-20 17:55:46.401 63365 INFO tempest.lib.common.rest_client [req-581f58dc-06a4-4f24-a225-924a88bcb75e req-581f58dc-06a4-4f24-a225-924a88bcb75e ] Request (ServerActionsTestOtherB:setUpClass): 201 POST http://10.180.1.21:9696/networking/v2.0/routers 1.306s
2025-02-20 17:55:46.405 63353 INFO tempest.lib.common.rest_client [req-ac4bec97-4a00-421f-a9a5-021d611972df req-ac4bec97-4a00-421f-a9a5-021d611972df ] Request (ServersAdminTestJSON:setUpClass): 200 GET http://10.180.1.21/compute/v2.1/servers/b9d9fe4e-438c-4f68-b011-9eb9e10a381c 0.460s
2025-02-20 17:55:46.465 63363 INFO tempest.lib.common.rest_client [req-59d2cb19-cf89-4476-97cb-6654c0967ea1 req-59d2cb19-cf89-4476-97cb-6654c0967ea1 ] Request (ServersTestFqdnHostnames:test_create_server_with_fqdn_name): 200 GET http://10.180.1.21/compute/v2.1/servers/c0db2b2a-9c06-409c-b48b-a0d5c127f2dc 0.470s
2025-02-20 17:55:46.495 63323 INFO tempest.lib.common.rest_client [req-7e1561b1-c4fa-4565-89dd-c298bcb818cc req-7e1561b1-c4fa-4565-89dd-c298bcb818cc ] Request (ServerGroup264TestJSON:tearDownClass): 204 DELETE http://10.180.1.21:9696/networking/v2.0/subnets/fcc85efc-51fd-4b0b-92a0-f6369d284043 0.151s
2025-02-20 17:55:46.539 63311 INFO tempest.lib.common.rest_client [req-400d8877-0919-46df-ba83-d157a1951cb5 req-400d8877-0919-46df-ba83-d157a1951cb5 ] Request (AttachInterfacesV270Test:tearDownClass): 200 GET http://10.180.1.21/compute/v2.1/servers/ddf20137-4d63-4c7a-b519-445719265e1d 0.427s
2025-02-20 17:55:46.578 63303 WARNING tempest.lib.common.ssh [-] Failed to establish authenticated ssh connection to cirros@10.180.180.138 ([Errno None] Unable to connect to port 22 on 10.180.180.138). Number attempts: 2. Retry after 3 seconds.: paramiko.ssh_exception.NoValidConnectionsError: [Errno None] Unable to connect to port 22 on 10.180.180.138
2025-02-20 17:55:46.617 63321 INFO tempest.lib.common.rest_client [req-357eeb2b-8139-4690-b240-9a9bff443061 req-357eeb2b-8139-4690-b240-9a9bff443061 ] Request (ServersTestMultiNic:test_verify_duplicate_network_nics): 200 GET http://10.180.1.21/compute/v2.1/servers/e2d39c43-6666-4fda-b8e2-485399c59e46 0.491s
2025-02-20 17:55:46.619 63343 INFO tempest.lib.common.rest_client [req-d825d416-a26c-466d-82ec-eb0b5e6aa7f1 req-d825d416-a26c-466d-82ec-eb0b5e6aa7f1 ] Request (ServersTestManualDisk:setUpClass): 200 GET http://10.180.1.21/compute/v2.1/servers/8f6beda6-0fc6-4d85-9f27-f4248adda8f3 0.540s
2025-02-20 17:55:46.690 63305 INFO tempest.lib.common.rest_client [req-72e86115-479e-4995-9bb0-4907da4c7c96 req-72e86115-479e-4995-9bb0-4907da4c7c96 ] Request (ListServerFiltersTestJSON:setUpClass): 200 GET http://10.180.1.21/compute/v2.1/servers/0d96ba8e-b46b-48ae-957c-cdc49762c395 0.416s
2025-02-20 17:55:46.703 63337 INFO tempest.lib.common.rest_client [req-9629d2a5-793c-46e4-a7ba-b2aaa4875987 req-9629d2a5-793c-46e4-a7ba-b2aaa4875987 ] Request (ServerShowV247Test:tearDownClass): 200 GET http://10.180.1.21/compute/v2.1/servers/0dbafad1-ab21-439d-bc8e-e447ac33304e 0.507s
2025-02-20 17:55:46.786 63317 INFO tempest.lib.common.rest_client [req-88854702-ca01-4f09-b6f1-7a23aa4b83c8 req-88854702-ca01-4f09-b6f1-7a23aa4b83c8 ] Request (InstanceActionsTestJSON:tearDownClass): 200 GET http://10.180.1.21/compute/v2.1/servers/44fca05f-51db-4252-bcf8-6bcad37a6147 0.243s
2025-02-20 17:55:46.831 63315 INFO tempest.lib.common.rest_client [req-3ecc7a66-23f8-41ca-a24c-408a7424be9a req-3ecc7a66-23f8-41ca-a24c-408a7424be9a ] Request (ServerActionsV293TestJSON:setUpClass): 200 GET http://10.180.1.21/volume/v3/volumes/4246155e-0977-4f2a-b135-72a3849826ce 0.047s
2025-02-20 17:55:46.879 63309 INFO tempest.lib.common.rest_client [req-1e940964-87ca-4f0f-aaf6-fd1abc5e178e req-1e940964-87ca-4f0f-aaf6-fd1abc5e178e ] Request (ServerShowV257Test:test_rebuild_server): 200 GET http://10.180.1.21/compute/v2.1/servers/2ae111f7-4eaa-46c2-ab97-907daa913834 0.247s
2025-02-20 17:55:46.889 63323 INFO tempest.lib.common.rest_client [req-c8dc0700-acaa-4296-bb8c-e43b51cb9d66 req-c8dc0700-acaa-4296-bb8c-e43b51cb9d66 ] Request (ServerGroup264TestJSON:tearDownClass): 204 DELETE http://10.180.1.21:9696/networking/v2.0/networks/926e030c-2d3c-48c2-baf8-261e8f9cb507 0.393s
2025-02-20 17:55:46.891 63327 INFO tempest.lib.common.rest_client [req-5c807474-77bd-4281-aaa4-3222c2072b7f req-5c807474-77bd-4281-aaa4-3222c2072b7f ] Request (ServerMetadataTestJSON:setUpClass): 200 GET http://10.180.1.21/compute/v2.1/servers/99886410-ec47-46ad-9d07-ee3593006997 0.341s
2025-02-20 17:55:46.948 63349 INFO tempest.lib.common.rest_client [req-2dcfb74a-60ba-4b90-bda1-85136661264b req-2dcfb74a-60ba-4b90-bda1-85136661264b ] Request (TenantUsagesTestJSON:setUpClass): 200 GET http://10.180.1.21/compute/v2.1/servers/8a09beac-4b54-4fbb-9bac-3dcfe4c21fb3 0.245s
2025-02-20 17:55:46.951 63333 INFO tempest.lib.common.rest_client [req-3bfcb854-7074-44d5-b3e0-680aec63d16e req-3bfcb854-7074-44d5-b3e0-680aec63d16e ] Request (DeleteServersAdminTestJSON:test_delete_server_while_in_error_state): 200 GET http://10.180.1.21/compute/v2.1/servers/86d5d264-7a7a-434b-a1c4-e9a004c0a034 0.176s
2025-02-20 17:55:46.995 63323 INFO tempest.lib.common.rest_client [req-510f26ff-de08-44fd-847c-c73671f0140a req-510f26ff-de08-44fd-847c-c73671f0140a ] Request (ServerGroup264TestJSON:tearDownClass): 204 DELETE http://10.180.1.21/identity/v3/users/c653430c53ba4976b805f070c53e8615 0.105s
2025-02-20 17:55:46.995 63323 INFO tempest.lib.common.dynamic_creds [-] Deleting project and security group for project: d5e885ffbdc04fdcb81d47d16eb98654
2025-02-20 17:55:47.018 63361 INFO tempest.lib.common.rest_client [req-97d626d8-b960-4281-a24d-5f28a3794132 req-97d626d8-b960-4281-a24d-5f28a3794132 ] Request (ServersTestBootFromVolume:setUpClass): 200 GET http://10.180.1.21/compute/v2.1/servers/8c7c8713-d5d7-490e-aba5-25d98bfbfaa0 0.169s
2025-02-20 17:55:47.040 63323 INFO tempest.lib.common.rest_client [req-e6f171b7-e351-4393-afe5-01f3aea7509a req-e6f171b7-e351-4393-afe5-01f3aea7509a ] Request (ServerGroup264TestJSON:tearDownClass): 200 GET http://10.180.1.21:9696/networking/v2.0/security-groups?tenant_id=d5e885ffbdc04fdcb81d47d16eb98654&name=default 0.045s
2025-02-20 17:55:47.095 63347 INFO tempest.lib.common.rest_client [req-3145b64b-72f3-4c80-a93b-256a2c1f88b9 req-3145b64b-72f3-4c80-a93b-256a2c1f88b9 ] Request (ServerActionsTestOtherA:setUpClass): 200 GET http://10.180.1.21/compute/v2.1/servers/d6137c80-0c09-4655-b264-472753b4fa9c 0.165s
2025-02-20 17:55:47.096 63307 INFO tempest.lib.common.rest_client [req-fa691dc3-8fe6-41af-9221-24f8e615a921 req-fa691dc3-8fe6-41af-9221-24f8e615a921 ] Request (AttachInterfacesUnderV243Test:test_add_remove_fixed_ip): 200 GET http://10.180.1.21/compute/v2.1/servers/0e07a6cd-8c99-408d-95ba-63f7839c327f 0.239s
2025-02-20 17:55:47.161 63313 INFO tempest.lib.common.rest_client [req-60c6d2b7-2e93-4740-a235-f94c082c5b2e req-60c6d2b7-2e93-4740-a235-f94c082c5b2e ] Request (ServerRescueTestJSON:test_rescue_unrescue_instance): 200 GET http://10.180.1.21/compute/v2.1/servers/c3014718-1064-4ab9-9600-86490489ee4b 0.145s
2025-02-20 17:55:47.191 63335 INFO tempest.lib.common.rest_client [req-44841bd9-b512-4d4c-85e2-007b81a02833 req-44841bd9-b512-4d4c-85e2-007b81a02833 ] Request (ServerExternalEventsTest:tearDownClass): 200 GET http://10.180.1.21/compute/v2.1/servers/67440140-a619-41f2-98fe-eff23e8ad8a5 0.249s
2025-02-20 17:55:47.209 63323 INFO tempest.lib.common.rest_client [req-a30de0e8-d413-417a-a01b-5689196f328f req-a30de0e8-d413-417a-a01b-5689196f328f ] Request (ServerGroup264TestJSON:tearDownClass): 204 DELETE http://10.180.1.21:9696/networking/v2.0/security-groups/69d8e713-d3ea-4999-8710-033b9bda9e8f 0.168s
2025-02-20 17:55:47.228 63359 INFO tempest.lib.common.rest_client [req-6212518f-00e2-4035-b01b-5157d02fd949 req-6212518f-00e2-4035-b01b-5157d02fd949 ] Request (FloatingIPsAssociationTestJSON:tearDownClass): 200 GET http://10.180.1.21/compute/v2.1/servers/c7a3f2c6-8368-49cc-9737-ea1d836f1783 0.212s
2025-02-20 17:55:47.237 63355 INFO tempest.lib.common.rest_client [req-4c5d7741-cc09-4ec7-a49c-3d822267956b req-4c5d7741-cc09-4ec7-a49c-3d822267956b ] Request (ImagesTestJSON:test_create_image_from_suspended_server): 200 GET http://10.180.1.21/compute/v2.1/servers/b9db75ba-6832-45e8-8faf-d1cdaa7dabdd 0.157s
2025-02-20 17:55:47.294 63329 INFO tempest.lib.common.rest_client [req-6facccc1-00ad-4e49-a3de-8c5e8f9631c9 req-6facccc1-00ad-4e49-a3de-8c5e8f9631c9 ] Request (ServerMetadataNegativeTestJSON:setUpClass): 200 GET http://10.180.1.21/compute/v2.1/servers/22713da1-ae53-4bbe-ae55-2490440cbd87 0.104s
2025-02-20 17:55:47.300 63346 INFO tempest.lib.common.rest_client [req-ca47355c-638f-45cc-8aef-69c12b7dab25 req-ca47355c-638f-45cc-8aef-69c12b7dab25 ] Request (ServersAdmin275Test:tearDownClass): 200 GET http://10.180.1.21/compute/v2.1/servers/94b1bf30-0f9b-4197-99ff-6631a13ab2d1 0.188s
2025-02-20 17:55:47.330 63323 INFO tempest.lib.common.rest_client [req-52f192a0-08c4-4327-8ab1-252ec8ab2ab7 req-52f192a0-08c4-4327-8ab1-252ec8ab2ab7 ] Request (ServerGroup264TestJSON:tearDownClass): 204 DELETE http://10.180.1.21/identity/v3/projects/d5e885ffbdc04fdcb81d47d16eb98654 0.120s
2025-02-20 17:55:47.386 63319 INFO tempest.lib.common.rest_client [req-51785359-8f42-463c-9f51-a3c5695b8960 req-51785359-8f42-463c-9f51-a3c5695b8960 ] Request (ImagesOneServerNegativeTestJSON:_run_cleanups): 200 GET http://10.180.1.21/compute/v2.1/servers/e20ed04f-205b-4aa9-b8b6-e352cd237412 0.120s
2025-02-20 17:55:47.409 63323 INFO tempest.lib.common.rest_client [req-0cd93753-9bd2-4249-a407-cd316ff4a7e7 req-0cd93753-9bd2-4249-a407-cd316ff4a7e7 ] Request (ServersNegativeTestMultiTenantJSON:setUpClass): 201 POST http://10.180.1.21/identity/v3/auth/tokens 0.077s
2025-02-20 17:55:47.417 63339 INFO tempest.lib.common.rest_client [req-25fea064-2517-4fcb-bee9-b8256fbcbdad req-25fea064-2517-4fcb-bee9-b8256fbcbdad ] Request (MigrationsAdminTest:test_list_migrations_in_flavor_resize_situation): 200 GET http://10.180.1.21/compute/v2.1/servers/f3277886-4498-45c6-be68-e71d8293dc00 0.119s
2025-02-20 17:55:47.437 63332 INFO tempest.lib.common.rest_client [req-78d114d4-51bf-4029-8966-cd600b2e2bc0 req-78d114d4-51bf-4029-8966-cd600b2e2bc0 ] Request (ImagesOneServerTestJSON:test_create_image_specify_multibyte_character_image_name): 200 GET http://10.180.1.21/compute/v2.1/images/f70c3182-7f65-419e-a89d-18cac4191ed9 0.091s
2025-02-20 17:55:47.451 63323 INFO tempest.lib.common.rest_client [req-0839d065-36d2-4b35-9e6e-303379d105a7 req-0839d065-36d2-4b35-9e6e-303379d105a7 ] Request (ServersNegativeTestMultiTenantJSON:setUpClass): 201 POST http://10.180.1.21/identity/v3/auth/tokens 0.039s
2025-02-20 17:55:47.477 63341 INFO tempest.lib.common.rest_client [req-72a3d96f-44db-4ea0-8526-7062a6a94a3a req-72a3d96f-44db-4ea0-8526-7062a6a94a3a ] Request (AttachInterfacesTestJSON:test_create_list_show_delete_interfaces_by_fixed_ip): 200 GET http://10.180.1.21/compute/v2.1/servers/5a340e31-678c-437e-aa4e-07d5d9f4334f 0.110s
2025-02-20 17:55:47.486 63323 INFO tempest.lib.common.rest_client [req-15b21b83-d928-4e45-a29a-364cf8d3c3fe req-15b21b83-d928-4e45-a29a-364cf8d3c3fe ] Request (ServersNegativeTestMultiTenantJSON:setUpClass): 200 GET http://10.180.1.21/identity/v3/domains?name=Default 0.034s
2025-02-20 17:55:47.498 63353 INFO tempest.lib.common.rest_client [req-27ebf1ea-5067-403e-a6e8-004da70786fd req-27ebf1ea-5067-403e-a6e8-004da70786fd ] Request (ServersAdminTestJSON:setUpClass): 200 GET http://10.180.1.21/compute/v2.1/servers/b9d9fe4e-438c-4f68-b011-9eb9e10a381c 0.084s
2025-02-20 17:55:47.536 63323 INFO tempest.lib.common.rest_client [req-d9787181-ddb8-41fc-89d8-9c12066f5864 req-d9787181-ddb8-41fc-89d8-9c12066f5864 ] Request (ServersNegativeTestMultiTenantJSON:setUpClass): 201 POST http://10.180.1.21/identity/v3/projects 0.049s
2025-02-20 17:55:47.539 63325 WARNING tempest.lib.common.ssh [-] Failed to establish authenticated ssh connection to cirros@10.180.180.252 ([Errno None] Unable to connect to port 22 on 10.180.180.252). Number attempts: 6. Retry after 7 seconds.: paramiko.ssh_exception.NoValidConnectionsError: [Errno None] Unable to connect to port 22 on 10.180.180.252
2025-02-20 17:55:47.550 63363 INFO tempest.lib.common.rest_client [req-42337ee3-e438-41cd-bdec-4382e0bf02c8 req-42337ee3-e438-41cd-bdec-4382e0bf02c8 ] Request (ServersTestFqdnHostnames:test_create_server_with_fqdn_name): 200 GET http://10.180.1.21/compute/v2.1/servers/c0db2b2a-9c06-409c-b48b-a0d5c127f2dc 0.072s
2025-02-20 17:55:47.620 63323 INFO tempest.lib.common.rest_client [req-83478582-425a-41e2-9485-473927f8ae9b req-83478582-425a-41e2-9485-473927f8ae9b ] Request (ServersNegativeTestMultiTenantJSON:setUpClass): 201 POST http://10.180.1.21/identity/v3/users 0.083s
2025-02-20 17:55:47.648 63311 INFO tempest.lib.common.rest_client [req-e4f2eb37-39b3-4f2b-9377-9a94a5ad7426 req-e4f2eb37-39b3-4f2b-9377-9a94a5ad7426 ] Request (AttachInterfacesV270Test:tearDownClass): 200 GET http://10.180.1.21/compute/v2.1/servers/ddf20137-4d63-4c7a-b519-445719265e1d 0.092s
2025-02-20 17:55:47.657 63323 INFO tempest.lib.common.rest_client [req-500c76da-cafb-49dc-ae38-44c0c20bd09f req-500c76da-cafb-49dc-ae38-44c0c20bd09f ] Request (ServersNegativeTestMultiTenantJSON:setUpClass): 200 GET http://10.180.1.21/identity/v3/roles 0.036s
2025-02-20 17:55:47.663 63311 INFO tempest.common.waiters [-] State transition "ACTIVE/deleting" ==> "DELETED/None" after 4 second wait
2025-02-20 17:55:47.673 63365 INFO tempest.lib.common.rest_client [req-9f22a309-ac67-493b-9260-9dffa37315c3 req-9f22a309-ac67-493b-9260-9dffa37315c3 ] Request (ServerActionsTestOtherB:setUpClass): 200 PUT http://10.180.1.21:9696/networking/v2.0/routers/f9f908ff-7244-4166-a076-016f87aa4a3e/add_router_interface 1.271s
2025-02-20 17:55:47.673 63365 INFO tempest.lib.common.dynamic_creds [-] Created isolated network resources for: credentials: Credentials: {'domain_id': 'default', 'domain_name': 'Default', 'username': 'tempest-ServerActionsTestOtherB-816222261-project-member', 'project_domain_id': 'default', 'project_domain_name': 'Default', 'project_id': 'b4dcaef840f940bda057d0371cdc5adb', 'project_name': 'tempest-ServerActionsTestOtherB-816222261', 'tenant_id': 'b4dcaef840f940bda057d0371cdc5adb', 'tenant_name': 'tempest-ServerActionsTestOtherB-816222261', 'user_domain_id': 'default', 'user_domain_name': 'Default', 'user_id': '8b3c3b29bb4d4c23a09527bcda019773', 'system': None}, Network: {'id': '49670a42-3caa-4492-8b32-f16f3fe77f4b', 'name': 'tempest-ServerActionsTestOtherB-1158317332-network', 'tenant_id': 'b4dcaef840f940bda057d0371cdc5adb', 'admin_state_up': True, 'mtu': 8950, 'status': 'ACTIVE', 'subnets': [], 'shared': False, 'project_id': 'b4dcaef840f940bda057d0371cdc5adb', 'port_security_enabled': True, 'router:external': False, 'provider:network_type': 'vlan', 'provider:physical_network': 'default', 'provider:segmentation_id': 457, 'availability_zone_hints': [], 'availability_zones': [], 'ipv4_address_scope': None, 'ipv6_address_scope': None, 'description': '', 'tags': [], 'created_at': '2025-02-20T17:55:44Z', 'updated_at': '2025-02-20T17:55:44Z', 'revision_number': 1}, Subnet: {'id': 'd8637947-079e-4fa2-a7b8-bb82e07b78c3', 'name': 'tempest-ServerActionsTestOtherB-1158317332-subnet', 'tenant_id': 'b4dcaef840f940bda057d0371cdc5adb', 'network_id': '49670a42-3caa-4492-8b32-f16f3fe77f4b', 'ip_version': 4, 'subnetpool_id': None, 'enable_dhcp': True, 'ipv6_ra_mode': None, 'ipv6_address_mode': None, 'gateway_ip': '192.168.128.1', 'cidr': '192.168.128.0/28', 'allocation_pools': [{'start': '192.168.128.2', 'end': '192.168.128.14'}], 'host_routes': [], 'dns_nameservers': [], 'description': '', 'router:external': False, 'service_types': [], 'tags': [], 'created_at': '2025-02-20T17:55:44Z', 'updated_at': '2025-02-20T17:55:44Z', 'revision_number': 0, 'project_id': 'b4dcaef840f940bda057d0371cdc5adb'}, Router: {'id': 'f9f908ff-7244-4166-a076-016f87aa4a3e', 'name': 'tempest-ServerActionsTestOtherB-1158317332-router', 'tenant_id': 'b4dcaef840f940bda057d0371cdc5adb', 'admin_state_up': True, 'status': 'ACTIVE', 'external_gateway_info': {'network_id': '9fa708f6-3480-4a2c-ace6-e8f4dfd16415', 'external_fixed_ips': [{'subnet_id': '50f0e9ce-a698-4836-b7b0-271bd8cdea50', 'ip_address': '10.180.180.147'}], 'enable_snat': True}, 'description': '', 'availability_zones': [], 'distributed': False, 'ha': False, 'availability_zone_hints': [], 'routes': [], 'flavor_id': None, 'tags': [], 'created_at': '2025-02-20T17:55:45Z', 'updated_at': '2025-02-20T17:55:45Z', 'revision_number': 2, 'project_id': 'b4dcaef840f940bda057d0371cdc5adb'}
2025-02-20 17:55:47.698 63323 INFO tempest.lib.common.rest_client [req-9fdf00f3-33ab-4f3e-8e91-f17f9e814782 req-9fdf00f3-33ab-4f3e-8e91-f17f9e814782 ] Request (ServersNegativeTestMultiTenantJSON:setUpClass): 204 PUT http://10.180.1.21/identity/v3/projects/0e59b9c07aa74a1dad6c966255904cff/users/cf5d21cc3d4a4663aa121a72f6c71d62/roles/1b52fa8352db41fa877008dc50cef783 0.040s
2025-02-20 17:55:47.698 63323 INFO tempest.lib.common.dynamic_creds [-] Dynamic test user cf5d21cc3d4a4663aa121a72f6c71d62 is created with scope project and roles: ['member']
2025-02-20 17:55:47.698 63323 INFO tempest.lib.common.dynamic_creds [-] Acquired dynamic creds: credentials: Credentials: {'domain_id': 'default', 'domain_name': 'Default', 'username': 'tempest-ServersNegativeTestMultiTenantJSON-980579499-project-member', 'project_domain_id': 'default', 'project_domain_name': 'Default', 'project_id': '0e59b9c07aa74a1dad6c966255904cff', 'project_name': 'tempest-ServersNegativeTestMultiTenantJSON-980579499', 'tenant_id': '0e59b9c07aa74a1dad6c966255904cff', 'tenant_name': 'tempest-ServersNegativeTestMultiTenantJSON-980579499', 'user_domain_id': 'default', 'user_domain_name': 'Default', 'user_id': 'cf5d21cc3d4a4663aa121a72f6c71d62', 'system': None}, Network: None, Subnet: None, Router: None
2025-02-20 17:55:47.709 63321 INFO tempest.lib.common.rest_client [req-186e4daf-bc1b-4ad5-b250-fd7bc2a9f9a3 req-186e4daf-bc1b-4ad5-b250-fd7bc2a9f9a3 ] Request (ServersTestMultiNic:test_verify_duplicate_network_nics): 200 GET http://10.180.1.21/compute/v2.1/servers/e2d39c43-6666-4fda-b8e2-485399c59e46 0.081s
2025-02-20 17:55:47.753 63365 INFO tempest.lib.common.rest_client [req-082a1ab7-564f-4e10-a74c-31714ea2949f req-082a1ab7-564f-4e10-a74c-31714ea2949f ] Request (ServerActionsTestOtherB:setUpClass): 201 POST http://10.180.1.21/identity/v3/auth/tokens 0.073s
2025-02-20 17:55:47.760 63323 INFO tempest.lib.common.rest_client [req-193a1eea-082b-4396-8364-fd93a9c2851f req-193a1eea-082b-4396-8364-fd93a9c2851f ] Request (ServersNegativeTestMultiTenantJSON:setUpClass): 201 POST http://10.180.1.21/identity/v3/auth/tokens 0.061s
2025-02-20 17:55:47.764 63305 INFO tempest.lib.common.rest_client [req-874c5b46-6a75-40d4-9051-5e10129313b6 req-874c5b46-6a75-40d4-9051-5e10129313b6 ] Request (ListServerFiltersTestJSON:setUpClass): 200 GET http://10.180.1.21/compute/v2.1/servers/0d96ba8e-b46b-48ae-957c-cdc49762c395 0.063s
2025-02-20 17:55:47.780 63343 INFO tempest.lib.common.rest_client [req-7cccbad1-c001-4f0c-85da-36e70c4d73db req-7cccbad1-c001-4f0c-85da-36e70c4d73db ] Request (ServersTestManualDisk:setUpClass): 200 GET http://10.180.1.21/compute/v2.1/servers/8f6beda6-0fc6-4d85-9f27-f4248adda8f3 0.150s
2025-02-20 17:55:47.789 63343 INFO tempest.common.waiters [-] State transition "BUILD/spawning" ==> "ACTIVE/None" after 38 second wait
2025-02-20 17:55:47.832 63337 INFO tempest.lib.common.rest_client [req-a8b552ac-4243-4235-8b2d-6baf7157aa9f req-a8b552ac-4243-4235-8b2d-6baf7157aa9f ] Request (ServerShowV247Test:tearDownClass): 200 GET http://10.180.1.21/compute/v2.1/servers/0dbafad1-ab21-439d-bc8e-e447ac33304e 0.116s
2025-02-20 17:55:47.878 63315 INFO tempest.lib.common.rest_client [req-7b1cfb9c-f746-4ae8-b2a3-3f75f528342f req-7b1cfb9c-f746-4ae8-b2a3-3f75f528342f ] Request (ServerActionsV293TestJSON:setUpClass): 200 GET http://10.180.1.21/volume/v3/volumes/4246155e-0977-4f2a-b135-72a3849826ce 0.038s
2025-02-20 17:55:47.896 63365 INFO tempest.lib.common.rest_client [req-4a252221-b314-49bd-9f3b-8b08c4e08b32 req-4a252221-b314-49bd-9f3b-8b08c4e08b32 ] Request (ServerActionsTestOtherB:setUpClass): 200 POST http://10.180.1.21/compute/v2.1/os-keypairs 0.141s
2025-02-20 17:55:47.914 63343 INFO tempest.lib.common.rest_client [req-1bee7951-e099-437c-a59d-372b68133206 req-1bee7951-e099-437c-a59d-372b68133206 ] Request (ServersTestManualDisk:setUpClass): 200 GET http://10.180.1.21/compute/v2.1/servers/8f6beda6-0fc6-4d85-9f27-f4248adda8f3/os-interface 0.124s
2025-02-20 17:55:47.988 63317 INFO tempest.lib.common.rest_client [req-b2204092-1dc3-43f6-8ea2-b7fe7c776d79 req-b2204092-1dc3-43f6-8ea2-b7fe7c776d79 ] Request (InstanceActionsTestJSON:tearDownClass): 200 GET http://10.180.1.21/compute/v2.1/servers/44fca05f-51db-4252-bcf8-6bcad37a6147 0.190s
2025-02-20 17:55:48.002 63309 INFO tempest.lib.common.rest_client [req-61853f34-f538-446c-a95a-0f551a98033f req-61853f34-f538-446c-a95a-0f551a98033f ] Request (ServerShowV257Test:test_rebuild_server): 200 GET http://10.180.1.21/compute/v2.1/servers/2ae111f7-4eaa-46c2-ab97-907daa913834 0.110s
2025-02-20 17:55:48.017 63365 INFO tempest.lib.common.rest_client [req-a235ed35-a47c-4a62-bb3b-642884f191f1 req-a235ed35-a47c-4a62-bb3b-642884f191f1 ] Request (ServerActionsTestOtherB:setUpClass): 201 POST http://10.180.1.21:9696/networking/v2.0/security-groups 0.119s
2025-02-20 17:55:48.064 63349 INFO tempest.lib.common.rest_client [req-19c8b465-dc69-4201-b7a6-f5b5bd542a19 req-19c8b465-dc69-4201-b7a6-f5b5bd542a19 ] Request (TenantUsagesTestJSON:setUpClass): 200 GET http://10.180.1.21/compute/v2.1/servers/8a09beac-4b54-4fbb-9bac-3dcfe4c21fb3 0.105s
2025-02-20 17:55:48.127 63327 INFO tempest.lib.common.rest_client [req-00234cf2-da56-4ac2-94d2-eecf2ddde0ea req-00234cf2-da56-4ac2-94d2-eecf2ddde0ea ] Request (ServerMetadataTestJSON:setUpClass): 200 GET http://10.180.1.21/compute/v2.1/servers/99886410-ec47-46ad-9d07-ee3593006997 0.224s
2025-02-20 17:55:48.141 63327 INFO tempest.common.waiters [-] State transition "BUILD/spawning" ==> "ACTIVE/None" after 40 second wait
2025-02-20 17:55:48.146 63333 INFO tempest.lib.common.rest_client [req-533e7b30-09df-4cf1-a860-567d26000a1c req-533e7b30-09df-4cf1-a860-567d26000a1c ] Request (DeleteServersAdminTestJSON:test_delete_server_while_in_error_state): 200 GET http://10.180.1.21/compute/v2.1/servers/86d5d264-7a7a-434b-a1c4-e9a004c0a034 0.185s
2025-02-20 17:55:48.148 63365 INFO tempest.lib.common.rest_client [req-64427170-d038-4f05-ac7f-4a236619a326 req-64427170-d038-4f05-ac7f-4a236619a326 ] Request (ServerActionsTestOtherB:setUpClass): 201 POST http://10.180.1.21:9696/networking/v2.0/security-group-rules 0.130s
2025-02-20 17:55:48.194 63361 INFO tempest.lib.common.rest_client [req-817606db-858f-42f9-b234-b2494595a31f req-817606db-858f-42f9-b234-b2494595a31f ] Request (ServersTestBootFromVolume:setUpClass): 200 GET http://10.180.1.21/compute/v2.1/servers/8c7c8713-d5d7-490e-aba5-25d98bfbfaa0 0.167s
2025-02-20 17:55:48.218 63347 INFO tempest.lib.common.rest_client [req-3b8dc1ca-c0cf-4c59-9cb1-593cd8055bff req-3b8dc1ca-c0cf-4c59-9cb1-593cd8055bff ] Request (ServerActionsTestOtherA:setUpClass): 200 GET http://10.180.1.21/compute/v2.1/servers/d6137c80-0c09-4655-b264-472753b4fa9c 0.114s
2025-02-20 17:55:48.239 63323 INFO tempest.lib.common.rest_client [req-6d2ac330-95a3-43cd-a394-d147082908eb req-6d2ac330-95a3-43cd-a394-d147082908eb ] Request (ServersNegativeTestMultiTenantJSON:setUpClass): 201 POST http://10.180.1.21:9696/networking/v2.0/networks 0.478s
2025-02-20 17:55:48.262 63365 INFO tempest.lib.common.rest_client [req-337a7120-b7c8-47e5-a5f8-22b6f522f111 req-337a7120-b7c8-47e5-a5f8-22b6f522f111 ] Request (ServerActionsTestOtherB:setUpClass): 201 POST http://10.180.1.21:9696/networking/v2.0/security-group-rules 0.113s
2025-02-20 17:55:48.292 63327 INFO tempest.lib.common.rest_client [req-1909073b-7143-4808-adc6-9f3bb72c5449 req-1909073b-7143-4808-adc6-9f3bb72c5449 ] Request (ServerMetadataTestJSON:setUp): 200 PUT http://10.180.1.21/compute/v2.1/servers/99886410-ec47-46ad-9d07-ee3593006997/metadata 0.150s
2025-02-20 17:55:48.320 63307 INFO tempest.lib.common.rest_client [req-fc5d262e-f5b7-40df-9d8e-f3578f6524d6 req-fc5d262e-f5b7-40df-9d8e-f3578f6524d6 ] Request (AttachInterfacesUnderV243Test:test_add_remove_fixed_ip): 200 GET http://10.180.1.21/compute/v2.1/servers/0e07a6cd-8c99-408d-95ba-63f7839c327f 0.215s
2025-02-20 17:55:48.341 63335 INFO tempest.lib.common.rest_client [req-77ec28a7-587f-47fa-ad4a-606ce14f77b1 req-77ec28a7-587f-47fa-ad4a-606ce14f77b1 ] Request (ServerExternalEventsTest:tearDownClass): 404 GET http://10.180.1.21/compute/v2.1/servers/67440140-a619-41f2-98fe-eff23e8ad8a5 0.140s
2025-02-20 17:55:48.363 63313 INFO tempest.lib.common.rest_client [req-65b06d7d-4816-4701-9b91-3ed89cabc6fd req-65b06d7d-4816-4701-9b91-3ed89cabc6fd ] Request (ServerRescueTestJSON:test_rescue_unrescue_instance): 200 GET http://10.180.1.21/compute/v2.1/servers/c3014718-1064-4ab9-9600-86490489ee4b 0.194s
2025-02-20 17:55:48.424 63359 INFO tempest.lib.common.rest_client [req-e055c233-62b0-421d-be96-86d940ad6973 req-e055c233-62b0-421d-be96-86d940ad6973 ] Request (FloatingIPsAssociationTestJSON:tearDownClass): 200 GET http://10.180.1.21/compute/v2.1/servers/c7a3f2c6-8368-49cc-9737-ea1d836f1783 0.187s
2025-02-20 17:55:48.458 63355 INFO tempest.lib.common.rest_client [req-42d37787-ca93-44d6-aabd-b6573e65e12c req-42d37787-ca93-44d6-aabd-b6573e65e12c ] Request (ImagesTestJSON:test_create_image_from_suspended_server): 200 GET http://10.180.1.21/compute/v2.1/servers/b9db75ba-6832-45e8-8faf-d1cdaa7dabdd 0.208s
2025-02-20 17:55:48.472 63335 INFO tempest.lib.common.rest_client [req-bfaacc13-9011-48af-b754-ecd5dff00eac req-bfaacc13-9011-48af-b754-ecd5dff00eac ] Request (ServerExternalEventsTest:tearDownClass): 204 DELETE http://10.180.1.21/identity/v3/users/9985d6dbdf464c99811064f6bdd790ea 0.131s
2025-02-20 17:55:48.475 63327 INFO tempest.lib.common.rest_client [req-edb8b014-2429-45b6-99ea-5a8ad34ce9f9 req-edb8b014-2429-45b6-99ea-5a8ad34ce9f9 ] Request (ServerMetadataTestJSON:test_delete_server_metadata_item): 204 DELETE http://10.180.1.21/compute/v2.1/servers/99886410-ec47-46ad-9d07-ee3593006997/metadata/key1 0.181s
2025-02-20 17:55:48.562 63329 INFO tempest.lib.common.rest_client [req-313a8372-911d-4b51-a39c-a07abe0be5f6 req-313a8372-911d-4b51-a39c-a07abe0be5f6 ] Request (ServerMetadataNegativeTestJSON:setUpClass): 200 GET http://10.180.1.21/compute/v2.1/servers/22713da1-ae53-4bbe-ae55-2490440cbd87 0.261s
2025-02-20 17:55:48.585 63346 INFO tempest.lib.common.rest_client [req-39544a4d-4996-4b07-b26c-2ae0cb16a6b9 req-39544a4d-4996-4b07-b26c-2ae0cb16a6b9 ] Request (ServersAdmin275Test:tearDownClass): 200 GET http://10.180.1.21/compute/v2.1/servers/94b1bf30-0f9b-4197-99ff-6631a13ab2d1 0.266s
2025-02-20 17:55:48.601 63323 INFO tempest.lib.common.rest_client [req-e9ad9179-73ab-4aca-81ae-915d23649824 req-e9ad9179-73ab-4aca-81ae-915d23649824 ] Request (ServersNegativeTestMultiTenantJSON:setUpClass): 201 POST http://10.180.1.21:9696/networking/v2.0/subnets 0.361s
2025-02-20 17:55:48.650 63335 INFO tempest.lib.common.rest_client [req-1f8e0b37-4559-45eb-a935-8386aa677b77 req-1f8e0b37-4559-45eb-a935-8386aa677b77 ] Request (ServerExternalEventsTest:tearDownClass): 204 DELETE http://10.180.1.21/identity/v3/users/6cb7897bbc664a83b44d629c93c4b713 0.177s
2025-02-20 17:55:48.681 63319 INFO tempest.lib.common.rest_client [req-d0031c21-7cc5-420a-a187-9aea462bd5fe req-d0031c21-7cc5-420a-a187-9aea462bd5fe ] Request (ImagesOneServerNegativeTestJSON:_run_cleanups): 200 GET http://10.180.1.21/compute/v2.1/servers/e20ed04f-205b-4aa9-b8b6-e352cd237412 0.278s
