2025-02-20 17:54:43.472 63321 INFO tempest.lib.common.rest_client [req-657dffe4-8ea5-4148-aa8c-ceef0f64fd7e req-657dffe4-8ea5-4148-aa8c-ceef0f64fd7e ] Request (QuotasAdminNegativeTest:_run_cleanups): 200 PUT http://10.180.1.21/compute/v2.1/os-quota-sets/50440acff0d94d7886d689b57f0ce9ef 1.283s
2025-02-20 17:54:43.507 63347 INFO tempest.lib.common.rest_client [req-7f5c6c93-d138-4e17-9e4f-b81dbc0a0cd1 req-7f5c6c93-d138-4e17-9e4f-b81dbc0a0cd1 ] Request (FlavorsAdminTestJSON:tearDownClass): 200 GET http://10.180.1.21:9696/networking/v2.0/security-groups?tenant_id=94527ce4f7f54e5ebf48fa6f132c7e79&name=default 0.550s
2025-02-20 17:54:43.523 63351 INFO tempest.lib.common.rest_client [req-a0254eb0-d1db-4883-9e87-ab78b6cdd38b req-a0254eb0-d1db-4883-9e87-ab78b6cdd38b ] Request (SecurityGroupRulesTestJSON:setUpClass): 201 POST http://10.180.1.21/identity/v3/users 0.077s
2025-02-20 17:54:43.547 63351 INFO tempest.lib.common.rest_client [req-97b40f94-b5b9-4454-a26a-34a32c91d2d5 req-97b40f94-b5b9-4454-a26a-34a32c91d2d5 ] Request (SecurityGroupRulesTestJSON:setUpClass): 200 GET http://10.180.1.21/identity/v3/roles 0.024s
2025-02-20 17:54:43.583 63351 INFO tempest.lib.common.rest_client [req-ec16f92d-067a-438d-b5aa-f42de96a91f1 req-ec16f92d-067a-438d-b5aa-f42de96a91f1 ] Request (SecurityGroupRulesTestJSON:setUpClass): 204 PUT http://10.180.1.21/identity/v3/projects/0ce0e48056d4427793c0cf9c073dfe22/users/cb3f022ad888413c9f21583e8c37defe/roles/1b52fa8352db41fa877008dc50cef783 0.035s
2025-02-20 17:54:43.584 63351 INFO tempest.lib.common.dynamic_creds [-] Dynamic test user cb3f022ad888413c9f21583e8c37defe is created with scope project and roles: ['member']
2025-02-20 17:54:43.584 63351 INFO tempest.lib.common.dynamic_creds [-] Acquired dynamic creds: credentials: Credentials: {'domain_id': 'default', 'domain_name': 'Default', 'username': 'tempest-SecurityGroupRulesTestJSON-1837462586-project-member', 'project_domain_id': 'default', 'project_domain_name': 'Default', 'project_id': '0ce0e48056d4427793c0cf9c073dfe22', 'project_name': 'tempest-SecurityGroupRulesTestJSON-1837462586', 'tenant_id': '0ce0e48056d4427793c0cf9c073dfe22', 'tenant_name': 'tempest-SecurityGroupRulesTestJSON-1837462586', 'user_domain_id': 'default', 'user_domain_name': 'Default', 'user_id': 'cb3f022ad888413c9f21583e8c37defe', 'system': None}, Network: None, Subnet: None, Router: None
2025-02-20 17:54:43.650 63351 INFO tempest.lib.common.rest_client [req-63b45810-05ac-4ebe-aa76-25f8e369b4de req-63b45810-05ac-4ebe-aa76-25f8e369b4de ] Request (SecurityGroupRulesTestJSON:setUpClass): 201 POST http://10.180.1.21/identity/v3/auth/tokens 0.065s
2025-02-20 17:54:43.673 63339 INFO tempest.lib.common.rest_client [req-d370e80b-0f28-4adc-ad76-aa3458c33f3c req-d370e80b-0f28-4adc-ad76-aa3458c33f3c ] Request (FlavorsExtraSpecsNegativeTestJSON:tearDownClass): 200 GET http://10.180.1.21:9696/networking/v2.0/security-groups?tenant_id=b13c68a3f32342169bfc538a29ecc750&name=default 0.327s
2025-02-20 17:54:43.772 63357 INFO tempest.lib.common.rest_client [req-fa9cf96e-1fa7-41d8-8fc5-4ef011c3de54 req-fa9cf96e-1fa7-41d8-8fc5-4ef011c3de54 ] Request (VolumesAssistedSnapshotsTest:test_volume_assisted_snapshot_create_delete): 202 POST http://10.180.1.21/compute/v2.1/servers 1.745s
2025-02-20 17:54:43.785 63339 INFO tempest.lib.common.rest_client [req-b16ff680-0a4c-411b-b13c-215e151f3621 req-b16ff680-0a4c-411b-b13c-215e151f3621 ] Request (FlavorsExtraSpecsNegativeTestJSON:tearDownClass): 204 DELETE http://10.180.1.21:9696/networking/v2.0/security-groups/e2eec77a-6857-438f-b745-a7cca171b8c5 0.111s
2025-02-20 17:54:43.798 63346 INFO tempest.lib.common.rest_client [req-09060a1a-47c7-4446-9dc7-844fe12d05e0 req-09060a1a-47c7-4446-9dc7-844fe12d05e0 ] Request (ServersAdmin275Test:test_rebuild_update_server_275): 200 GET http://10.180.1.21/compute/v2.1/servers/94b1bf30-0f9b-4197-99ff-6631a13ab2d1 1.532s
2025-02-20 17:54:43.814 63346 INFO tempest.common.waiters [-] State transition "BUILD/spawning" ==> "ACTIVE/None" after 19 second wait
2025-02-20 17:54:43.893 63339 INFO tempest.lib.common.rest_client [req-cb8b8a92-e49a-4e6f-a7a2-0c4099426518 req-cb8b8a92-e49a-4e6f-a7a2-0c4099426518 ] Request (FlavorsExtraSpecsNegativeTestJSON:tearDownClass): 204 DELETE http://10.180.1.21/identity/v3/projects/b13c68a3f32342169bfc538a29ecc750 0.108s
2025-02-20 17:54:43.893 63339 INFO tempest.lib.common.dynamic_creds [-] Deleting project and security group for project: af11b3b7e95e44749d9cd04e8aa27beb
2025-02-20 17:54:43.909 63303 INFO tempest.lib.common.rest_client [req-a8f72eeb-51cd-42ec-b83a-fa7201f7e4d6 req-a8f72eeb-51cd-42ec-b83a-fa7201f7e4d6 ] Request (ServersWithSpecificFlavorTestJSON:test_verify_created_server_ephemeral_disk): 200 POST http://10.180.1.21/compute/v2.1/flavors 1.574s
2025-02-20 17:54:43.950 63347 INFO tempest.lib.common.rest_client [req-7cc5d8b1-d304-4e10-8398-b3b74f22510c req-7cc5d8b1-d304-4e10-8398-b3b74f22510c ] Request (FlavorsAdminTestJSON:tearDownClass): 204 DELETE http://10.180.1.21:9696/networking/v2.0/security-groups/a8e4a532-02dd-4faa-8572-288020a1918c 0.442s
2025-02-20 17:54:43.959 63351 INFO tempest.lib.common.rest_client [req-ab52d316-9c32-4d3c-8828-f3d5ed252e2e req-ab52d316-9c32-4d3c-8828-f3d5ed252e2e ] Request (SecurityGroupRulesTestJSON:setUpClass): 201 POST http://10.180.1.21:9696/networking/v2.0/networks 0.309s
2025-02-20 17:54:44.007 63307 INFO tempest.lib.common.rest_client [req-b29ba443-38b8-4d2a-aaf7-f047363f82b5 req-b29ba443-38b8-4d2a-aaf7-f047363f82b5 ] Request (QuotasAdminTestV257:test_get_updated_quotas): 200 GET http://10.180.1.21/compute/v2.1/os-quota-sets/b267d3dc1fef46b4a916b28677e349ae/detail 1.614s
2025-02-20 17:54:44.015 63311 INFO tempest.lib.common.rest_client [req-8065245e-d83e-406b-b760-69862199674f req-8065245e-d83e-406b-b760-69862199674f ] Request (SecurityGroupsNegativeTestJSON:test_delete_security_group_without_passing_id): 404 DELETE http://10.180.1.21/compute/v2.1/os-security-groups/ 1.446s
2025-02-20 17:54:44.045 63307 INFO tempest.lib.common.rest_client [req-6afe5039-6002-498c-8bdb-be77f0178d2c req-6afe5039-6002-498c-8bdb-be77f0178d2c ] Request (QuotasAdminTestV257:test_get_updated_quotas): 200 GET http://10.180.1.21/identity/v3/domains?name=Default 0.035s
2025-02-20 17:54:44.045 63323 INFO tempest.lib.common.rest_client [req-090647c0-3a35-46ae-a251-db8c4ebb7041 req-090647c0-3a35-46ae-a251-db8c4ebb7041 ] Request (ImagesNegativeTestJSON:test_create_image_from_deleted_server): 200 GET http://10.180.1.21/compute/v2.1/servers/f80df630-327b-4923-a785-5d2e48fe1f19 1.544s
2025-02-20 17:54:44.053 63363 INFO tempest.lib.common.rest_client [req-83faf62b-7dc6-4093-a0b1-8c435af9c402 req-83faf62b-7dc6-4093-a0b1-8c435af9c402 ] Request (ImagesMetadataTestJSON:test_delete_image_metadata_item): 200 GET http://10.180.1.21/compute/v2.1/images/bbd5af54-5898-402d-90f5-2a456beb77eb/metadata 1.463s
2025-02-20 17:54:44.069 63347 INFO tempest.lib.common.rest_client [req-0e40dda9-5a31-4e1d-867e-a0dddcae970e req-0e40dda9-5a31-4e1d-867e-a0dddcae970e ] Request (FlavorsAdminTestJSON:tearDownClass): 204 DELETE http://10.180.1.21/identity/v3/projects/94527ce4f7f54e5ebf48fa6f132c7e79 0.119s
2025-02-20 17:54:44.069 63347 INFO tempest.lib.common.dynamic_creds [-] Deleting project and security group for project: 4e95201e271e4b4eb580b3fa8ea5634d
2025-02-20 17:54:44.119 63307 INFO tempest.lib.common.rest_client [req-18e42b66-9c60-43d9-b0a4-66b22bf8820a req-18e42b66-9c60-43d9-b0a4-66b22bf8820a ] Request (QuotasAdminTestV257:test_get_updated_quotas): 201 POST http://10.180.1.21/identity/v3/users 0.073s
2025-02-20 17:54:44.148 63365 INFO tempest.lib.common.rest_client [req-6ff3a3ed-93d2-422a-9dbe-6852038d3e61 req-6ff3a3ed-93d2-422a-9dbe-6852038d3e61 ] Request (ServerDiagnosticsV248Test:test_get_server_diagnostics): 200 GET http://10.180.1.21/compute/v2.1/servers/1eeb96d1-6e03-4192-a9db-955444519fd7 1.463s
2025-02-20 17:54:44.159 63307 INFO tempest.lib.common.rest_client [req-fad98e59-4fe7-493d-90f6-babdf0a730c7 req-fad98e59-4fe7-493d-90f6-babdf0a730c7 ] Request (QuotasAdminTestV257:test_get_updated_quotas): 200 GET http://10.180.1.21/identity/v3/domains?name=Default 0.039s
2025-02-20 17:54:44.212 63355 INFO tempest.lib.common.rest_client [req-17971e30-2d9e-4d30-a8b1-f55296e6ab91 req-17971e30-2d9e-4d30-a8b1-f55296e6ab91 ] Request (ImagesTestJSON:test_create_image_from_stopped_server): 200 GET http://10.180.1.21/compute/v2.1/servers/f311a533-5c48-410b-ba3b-58f0032c8816 1.541s
2025-02-20 17:54:44.223 63355 INFO tempest.common.waiters [-] State transition "BUILD/spawning" ==> "ACTIVE/None" after 21 second wait
2025-02-20 17:54:44.223 63339 INFO tempest.lib.common.rest_client [req-312f0282-980c-4400-994e-99fe7aaa04eb req-312f0282-980c-4400-994e-99fe7aaa04eb ] Request (FlavorsExtraSpecsNegativeTestJSON:tearDownClass): 200 GET http://10.180.1.21:9696/networking/v2.0/security-groups?tenant_id=af11b3b7e95e44749d9cd04e8aa27beb&name=default 0.330s
2025-02-20 17:54:44.234 63347 INFO tempest.lib.common.rest_client [req-a849d8be-048a-4661-8263-650c9e069d20 req-a849d8be-048a-4661-8263-650c9e069d20 ] Request (FlavorsAdminTestJSON:tearDownClass): 200 GET http://10.180.1.21:9696/networking/v2.0/security-groups?tenant_id=4e95201e271e4b4eb580b3fa8ea5634d&name=default 0.164s
2025-02-20 17:54:44.258 63325 INFO tempest.lib.common.rest_client [req-03516f5d-ce82-4dd9-8374-d8447c0b1496 req-03516f5d-ce82-4dd9-8374-d8447c0b1496 ] Request (VolumesAdminNegativeTest:test_update_attached_volume_with_nonexistent_volume_in_body): 200 GET http://10.180.1.21/compute/v2.1/servers/d663c2df-ae54-4c50-a70f-e2180700c700 1.480s
2025-02-20 17:54:44.271 63309 INFO tempest.lib.common.rest_client [req-3944a0ff-9797-4f8e-acfe-728aa53416f8 req-3944a0ff-9797-4f8e-acfe-728aa53416f8 ] Request (KeyPairsNegativeTestJSON:test_create_keypair_with_duplicate_name): 409 POST http://10.180.1.21/compute/v2.1/os-keypairs 1.462s
2025-02-20 17:54:44.284 63353 INFO tempest.lib.common.rest_client [req-530a5387-7f2f-4f77-aefc-186e98d773b0 req-530a5387-7f2f-4f77-aefc-186e98d773b0 ] Request (HostsAdminNegativeTestJSON:test_update_host_with_non_admin_user): 403 PUT http://10.180.1.21/compute/v2.1/os-hosts/devstack 1.436s
2025-02-20 17:54:44.325 63329 INFO tempest.lib.common.rest_client [req-5b8a1cdb-c963-4d32-8f91-73f4fc4b57ee req-5b8a1cdb-c963-4d32-8f91-73f4fc4b57ee ] Request (FlavorsV255TestJSON:_run_cleanups): 202 DELETE http://10.180.1.21/compute/v2.1/flavors/436021500 1.475s
2025-02-20 17:54:44.359 63332 INFO tempest.lib.common.rest_client [req-ca651d15-d09b-46cd-abfc-6758edb21d5d req-ca651d15-d09b-46cd-abfc-6758edb21d5d ] Request (ImagesOneServerTestJSON:setUpClass): 200 GET http://10.180.1.21/compute/v2.1/servers/c9cc1ac7-06c6-415b-86ce-daf4849bfc05 1.519s
2025-02-20 17:54:44.363 63315 INFO tempest.lib.common.rest_client [req-f61b3d72-0043-42b2-8c18-f10cd881e12f req-f61b3d72-0043-42b2-8c18-f10cd881e12f ] Request (AggregatesAdminNegativeTestJSON:_run_cleanups): 200 DELETE http://10.180.1.21/compute/v2.1/os-aggregates/3 1.498s
2025-02-20 17:54:44.383 63361 INFO tempest.lib.common.rest_client [req-1d48a1c8-e7cd-40ec-b8c3-525b8e4f57f9 req-1d48a1c8-e7cd-40ec-b8c3-525b8e4f57f9 ] Request (FloatingIPsTestJSON:tearDownClass): 204 DELETE http://10.180.1.21:9696/networking/v2.0/networks/00122659-8ab0-4879-a6da-013bcc015313 0.966s
2025-02-20 17:54:44.383 63339 INFO tempest.lib.common.rest_client [req-6e374940-c176-4c42-a010-17d88103ad41 req-6e374940-c176-4c42-a010-17d88103ad41 ] Request (FlavorsExtraSpecsNegativeTestJSON:tearDownClass): 204 DELETE http://10.180.1.21:9696/networking/v2.0/security-groups/e51550ce-4d8c-4da2-aa50-4a7f31d5c97b 0.159s
2025-02-20 17:54:44.405 63341 INFO tempest.lib.common.rest_client [req-51517a98-8693-4c87-a253-57249230a7e2 req-51517a98-8693-4c87-a253-57249230a7e2 ] Request (FlavorsExtraSpecsTestJSON:tearDownClass): 202 DELETE http://10.180.1.21/compute/v2.1/flavors/1194916106 1.516s
2025-02-20 17:54:44.429 63347 INFO tempest.lib.common.rest_client [req-1af18d20-526c-4947-a99c-a0b0678813a2 req-1af18d20-526c-4947-a99c-a0b0678813a2 ] Request (FlavorsAdminTestJSON:tearDownClass): 204 DELETE http://10.180.1.21:9696/networking/v2.0/security-groups/cddf0dd3-8aa2-4793-b380-0b98d279c952 0.194s
2025-02-20 17:54:44.443 63343 INFO tempest.lib.common.rest_client [req-073489a6-c094-4f54-93af-fef1cfac7dfb req-073489a6-c094-4f54-93af-fef1cfac7dfb ] Request (KeyPairsV210TestJSON:_run_cleanups): 204 DELETE http://10.180.1.21/compute/v2.1/os-keypairs/tempest-KeyPairsV210TestJSON-keypair-658507272 1.548s
2025-02-20 17:54:44.561 63351 INFO tempest.lib.common.rest_client [req-f22b23b4-1201-4f0c-a338-065463313a32 req-f22b23b4-1201-4f0c-a338-065463313a32 ] Request (SecurityGroupRulesTestJSON:setUpClass): 201 POST http://10.180.1.21:9696/networking/v2.0/subnets 0.601s
2025-02-20 17:54:44.580 63305 INFO tempest.lib.common.rest_client [req-7ede9789-ee98-4b5e-92f2-588399e913d8 req-7ede9789-ee98-4b5e-92f2-588399e913d8 ] Request (FlavorsAccessNegativeTestJSON:test_flavor_non_admin_add): 403 POST http://10.180.1.21/compute/v2.1/flavors/1932268516/action 1.698s
2025-02-20 17:54:44.646 63319 INFO tempest.lib.common.rest_client [req-423b7592-c0aa-41e8-a2c9-a3247c53a84b req-423b7592-c0aa-41e8-a2c9-a3247c53a84b ] Request (ImagesOneServerNegativeTestJSON:setUpClass): 200 GET http://10.180.1.21/compute/v2.1/servers/e20ed04f-205b-4aa9-b8b6-e352cd237412 1.717s
2025-02-20 17:54:44.650 63313 INFO tempest.lib.common.rest_client [req-2bcafd9e-b4fd-4cd2-88f1-68beeee1a552 req-2bcafd9e-b4fd-4cd2-88f1-68beeee1a552 ] Request (ServerRescueTestJSON:setUpClass): 200 GET http://10.180.1.21/compute/v2.1/servers/5a330ed9-c106-49f2-b524-a424e717b5ce 1.716s
2025-02-20 17:54:44.664 63313 INFO tempest.common.waiters [-] State transition "BUILD/scheduling" ==> "BUILD/None" after 5 second wait
2025-02-20 17:54:44.695 63339 INFO tempest.lib.common.rest_client [req-45138f6f-763f-4c68-bf8b-3425a9951bd1 req-45138f6f-763f-4c68-bf8b-3425a9951bd1 ] Request (FlavorsExtraSpecsNegativeTestJSON:tearDownClass): 204 DELETE http://10.180.1.21/identity/v3/projects/af11b3b7e95e44749d9cd04e8aa27beb 0.309s
2025-02-20 17:54:44.709 63361 INFO tempest.lib.common.rest_client [req-18672ebc-916e-4fdf-b496-b0d2770e87cf req-18672ebc-916e-4fdf-b496-b0d2770e87cf ] Request (FloatingIPsTestJSON:tearDownClass): 204 DELETE http://10.180.1.21/identity/v3/users/f4e26c482ebd4e44ae7e8eddd8661815 0.326s
2025-02-20 17:54:44.711 63361 INFO tempest.lib.common.dynamic_creds [-] Deleting project and security group for project: cafab01b4fe04a978fea1a513817b7fc
2025-02-20 17:54:44.720 63359 INFO tempest.lib.common.rest_client [req-7a499f86-f840-4666-98d6-42351e3dfe93 req-7a499f86-f840-4666-98d6-42351e3dfe93 ] Request (FloatingIPsAssociationTestJSON:test_associate_already_associated_floating_ip): 200 GET http://10.180.1.21/compute/v2.1/servers/c7a3f2c6-8368-49cc-9737-ea1d836f1783 1.525s
2025-02-20 17:54:44.728 63321 INFO tempest.lib.common.rest_client [req-cc8b72d7-00e6-4762-ad13-535af81ee005 req-cc8b72d7-00e6-4762-ad13-535af81ee005 ] Request (QuotasAdminNegativeTest:test_update_quota_normal_user): 403 PUT http://10.180.1.21/compute/v2.1/os-quota-sets/50440acff0d94d7886d689b57f0ce9ef 1.251s
2025-02-20 17:54:44.768 63361 INFO tempest.lib.common.rest_client [req-6f52dcaa-4c09-4547-b437-93dcf51ac443 req-6f52dcaa-4c09-4547-b437-93dcf51ac443 ] Request (FloatingIPsTestJSON:tearDownClass): 200 GET http://10.180.1.21:9696/networking/v2.0/security-groups?tenant_id=cafab01b4fe04a978fea1a513817b7fc&name=default 0.057s
2025-02-20 17:54:44.804 63347 INFO tempest.lib.common.rest_client [req-6c1d2dbd-9d5d-4f53-aace-1c6cd95f891a req-6c1d2dbd-9d5d-4f53-aace-1c6cd95f891a ] Request (FlavorsAdminTestJSON:tearDownClass): 204 DELETE http://10.180.1.21/identity/v3/projects/4e95201e271e4b4eb580b3fa8ea5634d 0.374s
2025-02-20 17:54:44.832 63357 INFO tempest.lib.common.rest_client [req-30047ea3-b6fd-472f-9e7f-e0d98382a9a9 req-30047ea3-b6fd-472f-9e7f-e0d98382a9a9 ] Request (VolumesAssistedSnapshotsTest:test_volume_assisted_snapshot_create_delete): 200 GET http://10.180.1.21/compute/v2.1/servers/4a782483-c24e-44db-b697-856c69cc4a13 1.057s
2025-02-20 17:54:44.865 63339 INFO tempest.lib.common.rest_client [req-60a3f3bc-7ffe-493f-8e96-7ff92f25003e req-60a3f3bc-7ffe-493f-8e96-7ff92f25003e ] Request (MigrationsAdminTest:setUpClass): 201 POST http://10.180.1.21/identity/v3/auth/tokens 0.168s
2025-02-20 17:54:44.913 63347 INFO tempest.lib.common.rest_client [req-88e4570e-8e1f-45c3-b283-79417eead530 req-88e4570e-8e1f-45c3-b283-79417eead530 ] Request (FlavorsAccessTestJSON:setUpClass): 201 POST http://10.180.1.21/identity/v3/auth/tokens 0.107s
2025-02-20 17:54:44.916 63317 INFO tempest.lib.common.rest_client [req-9a2294a0-5e66-4faa-971b-1a5104da1655 req-9a2294a0-5e66-4faa-971b-1a5104da1655 ] Request (InstanceActionsTestJSON:setUpClass): 200 PUT http://10.180.1.21:9696/networking/v2.0/routers/3bbe5e1a-50b5-44b7-a57e-6c54affeabcc/add_router_interface 2.066s
2025-02-20 17:54:44.917 63317 INFO tempest.lib.common.dynamic_creds [-] Created isolated network resources for: credentials: Credentials: {'domain_id': 'default', 'domain_name': 'Default', 'username': 'tempest-InstanceActionsTestJSON-1724293896-project-member', 'project_domain_id': 'default', 'project_domain_name': 'Default', 'project_id': '824cdcbbc0e1478b9d900cde707bc67b', 'project_name': 'tempest-InstanceActionsTestJSON-1724293896', 'tenant_id': '824cdcbbc0e1478b9d900cde707bc67b', 'tenant_name': 'tempest-InstanceActionsTestJSON-1724293896', 'user_domain_id': 'default', 'user_domain_name': 'Default', 'user_id': '9f5a1028ba464f2b980046e24a9d980a', 'system': None}, Network: {'id': '3a62b3ba-178e-4e4a-b8ce-a36e2a779888', 'name': 'tempest-InstanceActionsTestJSON-1226406934-network', 'tenant_id': '824cdcbbc0e1478b9d900cde707bc67b', 'admin_state_up': True, 'mtu': 8950, 'status': 'ACTIVE', 'subnets': [], 'shared': False, 'project_id': '824cdcbbc0e1478b9d900cde707bc67b', 'port_security_enabled': True, 'router:external': False, 'provider:network_type': 'vlan', 'provider:physical_network': 'default', 'provider:segmentation_id': 763, 'availability_zone_hints': [], 'availability_zones': [], 'ipv4_address_scope': None, 'ipv6_address_scope': None, 'description': '', 'tags': [], 'created_at': '2025-02-20T17:54:40Z', 'updated_at': '2025-02-20T17:54:40Z', 'revision_number': 1}, Subnet: {'id': '1965f581-1cb0-4a46-a347-c8d002a22215', 'name': 'tempest-InstanceActionsTestJSON-1226406934-subnet', 'tenant_id': '824cdcbbc0e1478b9d900cde707bc67b', 'network_id': '3a62b3ba-178e-4e4a-b8ce-a36e2a779888', 'ip_version': 4, 'subnetpool_id': None, 'enable_dhcp': True, 'ipv6_ra_mode': None, 'ipv6_address_mode': None, 'gateway_ip': '192.168.128.1', 'cidr': '192.168.128.0/28', 'allocation_pools': [{'start': '192.168.128.2', 'end': '192.168.128.14'}], 'host_routes': [], 'dns_nameservers': [], 'description': '', 'router:external': False, 'service_types': [], 'tags': [], 'created_at': '2025-02-20T17:54:40Z', 'updated_at': '2025-02-20T17:54:40Z', 'revision_number': 0, 'project_id': '824cdcbbc0e1478b9d900cde707bc67b'}, Router: {'id': '3bbe5e1a-50b5-44b7-a57e-6c54affeabcc', 'name': 'tempest-InstanceActionsTestJSON-1226406934-router', 'tenant_id': '824cdcbbc0e1478b9d900cde707bc67b', 'admin_state_up': True, 'status': 'ACTIVE', 'external_gateway_info': {'network_id': '9fa708f6-3480-4a2c-ace6-e8f4dfd16415', 'external_fixed_ips': [{'subnet_id': '50f0e9ce-a698-4836-b7b0-271bd8cdea50', 'ip_address': '10.180.180.215'}], 'enable_snat': True}, 'description': '', 'availability_zones': [], 'distributed': False, 'ha': False, 'availability_zone_hints': [], 'routes': [], 'flavor_id': None, 'tags': [], 'created_at': '2025-02-20T17:54:41Z', 'updated_at': '2025-02-20T17:54:42Z', 'revision_number': 2, 'project_id': '824cdcbbc0e1478b9d900cde707bc67b'}
2025-02-20 17:54:44.940 63361 INFO tempest.lib.common.rest_client [req-f497e1c7-d9a1-4c33-ab84-2737f0242952 req-f497e1c7-d9a1-4c33-ab84-2737f0242952 ] Request (FloatingIPsTestJSON:tearDownClass): 204 DELETE http://10.180.1.21:9696/networking/v2.0/security-groups/39f5f813-f44a-4059-8436-f71e8b44dedd 0.168s
2025-02-20 17:54:44.975 63321 INFO tempest.lib.common.rest_client [req-0c75f5e3-0b30-4de6-99a1-68bf1ccb3cef req-0c75f5e3-0b30-4de6-99a1-68bf1ccb3cef ] Request (QuotasAdminNegativeTest:tearDownClass): 204 DELETE http://10.180.1.21/identity/v3/users/93fd94e09fd54bee8ed4d1ab65afda37 0.246s
2025-02-20 17:54:44.993 63339 INFO tempest.lib.common.rest_client [req-bc3aacf8-c466-4883-b8f0-7cb085addae5 req-bc3aacf8-c466-4883-b8f0-7cb085addae5 ] Request (MigrationsAdminTest:setUpClass): 201 POST http://10.180.1.21/identity/v3/auth/tokens 0.126s
2025-02-20 17:54:45.046 63347 INFO tempest.lib.common.rest_client [req-11de0350-fa54-4c68-b455-15ce5e5ae49a req-11de0350-fa54-4c68-b455-15ce5e5ae49a ] Request (FlavorsAccessTestJSON:setUpClass): 201 POST http://10.180.1.21/identity/v3/auth/tokens 0.129s
2025-02-20 17:54:45.078 63317 INFO tempest.lib.common.rest_client [req-54f3314d-eac7-4a4b-b0dc-41e07b3a10a1 req-54f3314d-eac7-4a4b-b0dc-41e07b3a10a1 ] Request (InstanceActionsTestJSON:setUpClass): 201 POST http://10.180.1.21/identity/v3/auth/tokens 0.157s
2025-02-20 17:54:45.086 63346 INFO tempest.lib.common.rest_client [req-c538ab0a-f047-4352-93f7-b849465565d9 req-c538ab0a-f047-4352-93f7-b849465565d9 ] Request (ServersAdmin275Test:test_rebuild_update_server_275): 202 POST http://10.180.1.21/compute/v2.1/servers/94b1bf30-0f9b-4197-99ff-6631a13ab2d1/action 1.272s
2025-02-20 17:54:45.135 63361 INFO tempest.lib.common.rest_client [req-6ea5518c-bdf9-4626-861d-9ddbf6985305 req-6ea5518c-bdf9-4626-861d-9ddbf6985305 ] Request (FloatingIPsTestJSON:tearDownClass): 204 DELETE http://10.180.1.21/identity/v3/projects/cafab01b4fe04a978fea1a513817b7fc 0.195s
2025-02-20 17:54:45.142 63337 INFO tempest.lib.common.rest_client [req-6aa9ab95-a680-4241-9be2-b328c2132c84 req-6aa9ab95-a680-4241-9be2-b328c2132c84 ] Request (ServerShowV247Test:test_update_rebuild_list_server): 200 GET http://10.180.1.21/compute/v2.1/servers/0dbafad1-ab21-439d-bc8e-e447ac33304e 1.308s
2025-02-20 17:54:45.149 63333 INFO tempest.lib.common.rest_client [req-c9a71288-0cbe-4335-a584-a1a437b6598c req-c9a71288-0cbe-4335-a584-a1a437b6598c ] Request (DeleteServersAdminTestJSON:test_admin_delete_servers_of_others): 200 GET http://10.180.1.21/compute/v2.1/servers/679fca11-7390-4596-ab74-2f82a6cf8858 2.028s
2025-02-20 17:54:45.157 63337 INFO tempest.common.waiters [-] State transition "BUILD/scheduling" ==> "BUILD/None" after 3 second wait
2025-02-20 17:54:45.159 63321 INFO tempest.lib.common.rest_client [req-59d62568-bb6e-4f28-9bea-30b3a0dc5d8a req-59d62568-bb6e-4f28-9bea-30b3a0dc5d8a ] Request (QuotasAdminNegativeTest:tearDownClass): 204 DELETE http://10.180.1.21/identity/v3/users/f7c4677bfb0b4efb85929660c0d17f90 0.184s
2025-02-20 17:54:45.160 63321 INFO tempest.lib.common.dynamic_creds [-] Deleting project and security group for project: 50440acff0d94d7886d689b57f0ce9ef
2025-02-20 17:54:45.161 63333 INFO tempest.common.waiters [-] State transition "BUILD/spawning" ==> "ACTIVE/None" after 26 second wait
2025-02-20 17:54:45.164 63303 INFO tempest.lib.common.rest_client [req-e010f57a-2516-429d-91b9-e808bdf5db7f req-e010f57a-2516-429d-91b9-e808bdf5db7f ] Request (ServersWithSpecificFlavorTestJSON:test_verify_created_server_ephemeral_disk): 200 GET http://10.180.1.21/compute/v2.1/flavors/42/os-extra_specs 1.251s
2025-02-20 17:54:45.222 63339 INFO tempest.lib.common.rest_client [req-3bea686a-49a8-4b59-b6b8-4c6367d64a7f req-3bea686a-49a8-4b59-b6b8-4c6367d64a7f ] Request (MigrationsAdminTest:setUpClass): 200 GET http://10.180.1.21/identity/v3/domains?name=Default 0.229s
2025-02-20 17:54:45.225 63335 INFO tempest.lib.common.rest_client [req-3552e38a-a79d-4dc8-9b36-b3488e15bff7 req-3552e38a-a79d-4dc8-9b36-b3488e15bff7 ] Request (ServerExternalEventsTest:test_create_server_external_events): 200 GET http://10.180.1.21/compute/v2.1/servers/67440140-a619-41f2-98fe-eff23e8ad8a5 1.211s
2025-02-20 17:54:45.227 63347 INFO tempest.lib.common.rest_client [req-4c031ce8-a338-44d9-a393-09c2c5733926 req-4c031ce8-a338-44d9-a393-09c2c5733926 ] Request (FlavorsAccessTestJSON:setUpClass): 200 GET http://10.180.1.21/identity/v3/domains?name=Default 0.180s
2025-02-20 17:54:45.234 63335 INFO tempest.common.waiters [-] State transition "BUILD/None" ==> "BUILD/networking" after 7 second wait
2025-02-20 17:54:45.261 63361 INFO tempest.lib.common.rest_client [req-7640f2d9-0562-492f-80a0-a7e2b0348053 req-7640f2d9-0562-492f-80a0-a7e2b0348053 ] Request (ServersTestBootFromVolume:setUpClass): 201 POST http://10.180.1.21/identity/v3/auth/tokens 0.122s
2025-02-20 17:54:45.278 63317 INFO tempest.lib.common.rest_client [req-18f9c298-f9fd-46eb-98a8-e736c96a77d5 req-18f9c298-f9fd-46eb-98a8-e736c96a77d5 ] Request (InstanceActionsTestJSON:setUpClass): 201 POST http://10.180.1.21/identity/v3/auth/tokens 0.195s
2025-02-20 17:54:45.279 63317 INFO tempest.lib.common.fixed_network [-] (InstanceActionsTestJSON:setUpClass) Found network {'id': '3a62b3ba-178e-4e4a-b8ce-a36e2a779888', 'name': 'tempest-InstanceActionsTestJSON-1226406934-network', 'tenant_id': '824cdcbbc0e1478b9d900cde707bc67b', 'admin_state_up': True, 'mtu': 8950, 'status': 'ACTIVE', 'subnets': [], 'shared': False, 'project_id': '824cdcbbc0e1478b9d900cde707bc67b', 'port_security_enabled': True, 'router:external': False, 'provider:network_type': 'vlan', 'provider:physical_network': 'default', 'provider:segmentation_id': 763, 'availability_zone_hints': [], 'availability_zones': [], 'ipv4_address_scope': None, 'ipv6_address_scope': None, 'description': '', 'tags': [], 'created_at': '2025-02-20T17:54:40Z', 'updated_at': '2025-02-20T17:54:40Z', 'revision_number': 1} available for tenant
2025-02-20 17:54:45.293 63311 INFO tempest.lib.common.rest_client [req-6161c895-da40-435d-8855-c685e6f2fcd1 req-6161c895-da40-435d-8855-c685e6f2fcd1 ] Request (SecurityGroupsNegativeTestJSON:test_delete_the_default_security_group): 200 GET http://10.180.1.21/compute/v2.1/os-security-groups 1.275s
2025-02-20 17:54:45.296 63321 INFO tempest.lib.common.rest_client [req-5dcbeb90-316f-4134-96eb-793c1a64618f req-5dcbeb90-316f-4134-96eb-793c1a64618f ] Request (QuotasAdminNegativeTest:tearDownClass): 201 POST http://10.180.1.21/identity/v3/auth/tokens 0.136s
2025-02-20 17:54:45.313 63339 INFO tempest.lib.common.rest_client [req-8751b31e-de47-41ee-b403-8ac5997f589c req-8751b31e-de47-41ee-b403-8ac5997f589c ] Request (MigrationsAdminTest:setUpClass): 201 POST http://10.180.1.21/identity/v3/projects 0.090s
2025-02-20 17:54:45.339 63347 INFO tempest.lib.common.rest_client [req-00fec936-3d37-4189-baf5-2b6508014070 req-00fec936-3d37-4189-baf5-2b6508014070 ] Request (FlavorsAccessTestJSON:setUpClass): 201 POST http://10.180.1.21/identity/v3/projects 0.111s
2025-02-20 17:54:45.380 63361 INFO tempest.lib.common.rest_client [req-c9a9e0f1-3107-4b22-97c3-1dd0445b343e req-c9a9e0f1-3107-4b22-97c3-1dd0445b343e ] Request (ServersTestBootFromVolume:setUpClass): 201 POST http://10.180.1.21/identity/v3/auth/tokens 0.116s
2025-02-20 17:54:45.408 63339 INFO tempest.lib.common.rest_client [req-afa1bd07-4490-4152-a2bf-5fc28026e482 req-afa1bd07-4490-4152-a2bf-5fc28026e482 ] Request (MigrationsAdminTest:setUpClass): 201 POST http://10.180.1.21/identity/v3/users 0.094s
2025-02-20 17:54:45.436 63347 INFO tempest.lib.common.rest_client [req-04309783-0d09-42d7-b1da-0ab3aa0050d4 req-04309783-0d09-42d7-b1da-0ab3aa0050d4 ] Request (FlavorsAccessTestJSON:setUpClass): 201 POST http://10.180.1.21/identity/v3/users 0.096s
2025-02-20 17:54:45.451 63361 INFO tempest.lib.common.rest_client [req-0a6a62d7-6059-4c36-906e-87980c39ef6a req-0a6a62d7-6059-4c36-906e-87980c39ef6a ] Request (ServersTestBootFromVolume:setUpClass): 200 GET http://10.180.1.21/identity/v3/domains?name=Default 0.070s
2025-02-20 17:54:45.471 63339 INFO tempest.lib.common.rest_client [req-e3d7d111-136e-4926-8b16-368d21d35dd8 req-e3d7d111-136e-4926-8b16-368d21d35dd8 ] Request (MigrationsAdminTest:setUpClass): 200 GET http://10.180.1.21/identity/v3/roles 0.063s
2025-02-20 17:54:45.482 63347 INFO tempest.lib.common.rest_client [req-2a18466d-2992-4e6f-bf88-266c2158ebc3 req-2a18466d-2992-4e6f-bf88-266c2158ebc3 ] Request (FlavorsAccessTestJSON:setUpClass): 200 GET http://10.180.1.21/identity/v3/roles 0.046s
2025-02-20 17:54:45.510 63363 INFO tempest.lib.common.rest_client [req-046848a3-56a3-410c-bc33-f9e005265527 req-046848a3-56a3-410c-bc33-f9e005265527 ] Request (ImagesMetadataTestJSON:setUp): 200 PUT http://10.180.1.21/compute/v2.1/images/bbd5af54-5898-402d-90f5-2a456beb77eb/metadata 1.455s
2025-02-20 17:54:45.523 63361 INFO tempest.lib.common.rest_client [req-ffcf1454-92ec-49b2-8ee0-d0d132c18318 req-ffcf1454-92ec-49b2-8ee0-d0d132c18318 ] Request (ServersTestBootFromVolume:setUpClass): 201 POST http://10.180.1.21/identity/v3/projects 0.071s
2025-02-20 17:54:45.530 63339 INFO tempest.lib.common.rest_client [req-5f0706a7-aa06-4bec-8b2f-31c9f072e941 req-5f0706a7-aa06-4bec-8b2f-31c9f072e941 ] Request (MigrationsAdminTest:setUpClass): 204 PUT http://10.180.1.21/identity/v3/projects/e14d427c980c486cbbe8ff0982a30428/users/1db2756e554d4fa2a66cff81ab6d4105/roles/1b52fa8352db41fa877008dc50cef783 0.058s
2025-02-20 17:54:45.531 63339 INFO tempest.lib.common.dynamic_creds [-] Dynamic test user 1db2756e554d4fa2a66cff81ab6d4105 is created with scope project and roles: ['member']
2025-02-20 17:54:45.531 63339 INFO tempest.lib.common.dynamic_creds [-] Acquired dynamic creds: credentials: Credentials: {'domain_id': 'default', 'domain_name': 'Default', 'username': 'tempest-MigrationsAdminTest-1750269171-project-member', 'project_domain_id': 'default', 'project_domain_name': 'Default', 'project_id': 'e14d427c980c486cbbe8ff0982a30428', 'project_name': 'tempest-MigrationsAdminTest-1750269171', 'tenant_id': 'e14d427c980c486cbbe8ff0982a30428', 'tenant_name': 'tempest-MigrationsAdminTest-1750269171', 'user_domain_id': 'default', 'user_domain_name': 'Default', 'user_id': '1db2756e554d4fa2a66cff81ab6d4105', 'system': None}, Network: None, Subnet: None, Router: None
2025-02-20 17:54:45.531 63339 INFO tempest.lib.common.dynamic_creds [-] Created isolated network resources for: credentials: Credentials: {'domain_id': 'default', 'domain_name': 'Default', 'username': 'tempest-MigrationsAdminTest-1750269171-project-member', 'project_domain_id': 'default', 'project_domain_name': 'Default', 'project_id': 'e14d427c980c486cbbe8ff0982a30428', 'project_name': 'tempest-MigrationsAdminTest-1750269171', 'tenant_id': 'e14d427c980c486cbbe8ff0982a30428', 'tenant_name': 'tempest-MigrationsAdminTest-1750269171', 'user_domain_id': 'default', 'user_domain_name': 'Default', 'user_id': '1db2756e554d4fa2a66cff81ab6d4105', 'system': None}, Network: None, Subnet: None, Router: None
2025-02-20 17:54:45.611 63361 INFO tempest.lib.common.rest_client [req-ad057c8c-1107-48ea-be03-ac51da82f987 req-ad057c8c-1107-48ea-be03-ac51da82f987 ] Request (ServersTestBootFromVolume:setUpClass): 201 POST http://10.180.1.21/identity/v3/users 0.087s
2025-02-20 17:54:45.612 63347 INFO tempest.lib.common.rest_client [req-beae9e01-4037-4f9a-9792-e7e6da1a7944 req-beae9e01-4037-4f9a-9792-e7e6da1a7944 ] Request (FlavorsAccessTestJSON:setUpClass): 204 PUT http://10.180.1.21/identity/v3/projects/08ce90c5f8574ff2bd6bb92a8ad77b8d/users/f0002f76bec347bdaa1e7f08a59bc829/roles/1b52fa8352db41fa877008dc50cef783 0.129s
2025-02-20 17:54:45.612 63347 INFO tempest.lib.common.dynamic_creds [-] Dynamic test user f0002f76bec347bdaa1e7f08a59bc829 is created with scope project and roles: ['member']
2025-02-20 17:54:45.614 63347 INFO tempest.lib.common.dynamic_creds [-] Acquired dynamic creds: credentials: Credentials: {'domain_id': 'default', 'domain_name': 'Default', 'username': 'tempest-FlavorsAccessTestJSON-1962191309-project-member', 'project_domain_id': 'default', 'project_domain_name': 'Default', 'project_id': '08ce90c5f8574ff2bd6bb92a8ad77b8d', 'project_name': 'tempest-FlavorsAccessTestJSON-1962191309', 'tenant_id': '08ce90c5f8574ff2bd6bb92a8ad77b8d', 'tenant_name': 'tempest-FlavorsAccessTestJSON-1962191309', 'user_domain_id': 'default', 'user_domain_name': 'Default', 'user_id': 'f0002f76bec347bdaa1e7f08a59bc829', 'system': None}, Network: None, Subnet: None, Router: None
2025-02-20 17:54:45.614 63347 INFO tempest.lib.common.dynamic_creds [-] Created isolated network resources for: credentials: Credentials: {'domain_id': 'default', 'domain_name': 'Default', 'username': 'tempest-FlavorsAccessTestJSON-1962191309-project-member', 'project_domain_id': 'default', 'project_domain_name': 'Default', 'project_id': '08ce90c5f8574ff2bd6bb92a8ad77b8d', 'project_name': 'tempest-FlavorsAccessTestJSON-1962191309', 'tenant_id': '08ce90c5f8574ff2bd6bb92a8ad77b8d', 'tenant_name': 'tempest-FlavorsAccessTestJSON-1962191309', 'user_domain_id': 'default', 'user_domain_name': 'Default', 'user_id': 'f0002f76bec347bdaa1e7f08a59bc829', 'system': None}, Network: None, Subnet: None, Router: None
2025-02-20 17:54:45.632 63349 INFO tempest.lib.common.rest_client [req-433f1d95-ac17-443b-bf50-dee0c3cbf587 req-433f1d95-ac17-443b-bf50-dee0c3cbf587 ] Request (ServerDiagnosticsNegativeTest:test_get_server_diagnostics_by_non_admin): 200 GET http://10.180.1.21/compute/v2.1/servers/a167df01-05e4-453d-8800-9c104d912474 1.493s
2025-02-20 17:54:45.642 63349 INFO tempest.common.waiters [-] State transition "BUILD/spawning" ==> "ACTIVE/None" after 23 second wait
2025-02-20 17:54:45.750 63339 INFO tempest.lib.common.rest_client [req-083fb051-c1ef-4d0c-97d3-bb1235b6c5fd req-083fb051-c1ef-4d0c-97d3-bb1235b6c5fd ] Request (MigrationsAdminTest:setUpClass): 201 POST http://10.180.1.21/identity/v3/auth/tokens 0.211s
2025-02-20 17:54:45.756 63355 INFO tempest.lib.common.rest_client [req-75180ae5-0e94-4a4f-a14c-d6517b6ebb49 req-75180ae5-0e94-4a4f-a14c-d6517b6ebb49 ] Request (ImagesTestJSON:test_create_image_from_stopped_server): 202 POST http://10.180.1.21/compute/v2.1/servers/f311a533-5c48-410b-ba3b-58f0032c8816/action 1.532s
2025-02-20 17:54:45.772 63321 INFO tempest.lib.common.rest_client [req-116f8bd1-113b-424d-94b4-ab9ffdbb57ce req-116f8bd1-113b-424d-94b4-ab9ffdbb57ce ] Request (QuotasAdminNegativeTest:tearDownClass): 200 GET http://10.180.1.21:9696/networking/v2.0/security-groups?tenant_id=50440acff0d94d7886d689b57f0ce9ef&name=default 0.476s
2025-02-20 17:54:45.814 63361 INFO tempest.lib.common.rest_client [req-19315d82-ecf4-40e0-9e3f-336192477c52 req-19315d82-ecf4-40e0-9e3f-336192477c52 ] Request (ServersTestBootFromVolume:setUpClass): 200 GET http://10.180.1.21/identity/v3/roles 0.202s
2025-02-20 17:54:45.834 63347 INFO tempest.lib.common.rest_client [req-c2847987-0f3f-4fc6-8a57-ae4299c73611 req-c2847987-0f3f-4fc6-8a57-ae4299c73611 ] Request (FlavorsAccessTestJSON:setUpClass): 201 POST http://10.180.1.21/identity/v3/auth/tokens 0.215s
2025-02-20 17:54:45.848 63339 INFO tempest.lib.common.rest_client [req-9f887bcb-ee25-4f0f-bb5f-1a384bdbb617 req-9f887bcb-ee25-4f0f-bb5f-1a384bdbb617 ] Request (MigrationsAdminTest:setUpClass): 201 POST http://10.180.1.21/identity/v3/projects 0.097s
2025-02-20 17:54:45.853 63327 INFO tempest.lib.common.rest_client [req-90ec1f19-fd64-46ba-8b4b-90bb1832a648 req-90ec1f19-fd64-46ba-8b4b-90bb1832a648 ] Request (ServersAaction247Test:tearDownClass): 200 GET http://10.180.1.21/compute/v2.1/servers/03a19e41-1146-4560-8d93-16a23aa952da 1.598s
2025-02-20 17:54:45.860 63361 INFO tempest.lib.common.rest_client [req-213d4808-0b03-4282-a350-8d2f82911741 req-213d4808-0b03-4282-a350-8d2f82911741 ] Request (ServersTestBootFromVolume:setUpClass): 204 PUT http://10.180.1.21/identity/v3/projects/18767e9ea2fb48a186d76bcb28d00acb/users/05add87f8e004545a09d9d88ef4b7ceb/roles/1b52fa8352db41fa877008dc50cef783 0.045s
2025-02-20 17:54:45.860 63361 INFO tempest.lib.common.dynamic_creds [-] Dynamic test user 05add87f8e004545a09d9d88ef4b7ceb is created with scope project and roles: ['member']
2025-02-20 17:54:45.860 63361 INFO tempest.lib.common.dynamic_creds [-] Acquired dynamic creds: credentials: Credentials: {'domain_id': 'default', 'domain_name': 'Default', 'username': 'tempest-ServersTestBootFromVolume-732507099-project-member', 'project_domain_id': 'default', 'project_domain_name': 'Default', 'project_id': '18767e9ea2fb48a186d76bcb28d00acb', 'project_name': 'tempest-ServersTestBootFromVolume-732507099', 'tenant_id': '18767e9ea2fb48a186d76bcb28d00acb', 'tenant_name': 'tempest-ServersTestBootFromVolume-732507099', 'user_domain_id': 'default', 'user_domain_name': 'Default', 'user_id': '05add87f8e004545a09d9d88ef4b7ceb', 'system': None}, Network: None, Subnet: None, Router: None
2025-02-20 17:54:45.864 63307 INFO tempest.lib.common.rest_client [req-4acdbd97-6083-4197-a23a-3ee960211543 req-4acdbd97-6083-4197-a23a-3ee960211543 ] Request (QuotasAdminTestV257:test_get_updated_quotas): 200 PUT http://10.180.1.21/compute/v2.1/os-quota-sets/b267d3dc1fef46b4a916b28677e349ae?user_id=d99fa307984a47b7bc6e29cea2176d75 1.704s
2025-02-20 17:54:45.872 63353 INFO tempest.lib.common.rest_client [req-fb41590a-d521-4883-b495-cd87157c1386 req-fb41590a-d521-4883-b495-cd87157c1386 ] Request (HostsAdminNegativeTestJSON:test_update_host_without_param): 400 PUT http://10.180.1.21/compute/v2.1/os-hosts/devstack 1.587s
2025-02-20 17:54:45.873 63309 INFO tempest.lib.common.rest_client [req-73fe1023-f3e3-46f5-8a12-c98fa770c527 req-73fe1023-f3e3-46f5-8a12-c98fa770c527 ] Request (KeyPairsNegativeTestJSON:test_create_keypair_with_duplicate_name): 202 DELETE http://10.180.1.21/compute/v2.1/os-keypairs/tempest-keypair-789338090 1.602s
2025-02-20 17:54:45.885 63315 INFO tempest.lib.common.rest_client [req-f6309d33-890f-4fa0-8005-e8dd76b0c7ea req-f6309d33-890f-4fa0-8005-e8dd76b0c7ea ] Request (AggregatesAdminNegativeTestJSON:test_aggregate_create_aggregate_name_length_exceeds_255): 400 POST http://10.180.1.21/compute/v2.1/os-aggregates 1.520s
2025-02-20 17:54:45.902 63329 INFO tempest.lib.common.rest_client [req-b6db5fac-d45a-4a0e-b297-c0a0ed437acc req-b6db5fac-d45a-4a0e-b297-c0a0ed437acc ] Request (FlavorsV255TestJSON:_run_cleanups): 200 GET http://10.180.1.21/compute/v2.1/flavors/detail 1.576s
2025-02-20 17:54:45.912 63341 INFO tempest.lib.common.rest_client [req-738cc075-132d-4aef-bafa-5c8445198cea req-738cc075-132d-4aef-bafa-5c8445198cea ] Request (FlavorsExtraSpecsTestJSON:tearDownClass): 200 GET http://10.180.1.21/compute/v2.1/flavors/detail 1.506s
2025-02-20 17:54:45.912 63321 INFO tempest.lib.common.rest_client [req-1511fee0-f668-44b4-bf63-6546e97da805 req-1511fee0-f668-44b4-bf63-6546e97da805 ] Request (QuotasAdminNegativeTest:tearDownClass): 204 DELETE http://10.180.1.21:9696/networking/v2.0/security-groups/5dc550c7-e8a8-4a1e-a468-40ed7e06aee6 0.139s
2025-02-20 17:54:45.924 63343 INFO tempest.lib.common.rest_client [req-df0d8073-a360-4b0e-be87-14150dd472a4 req-df0d8073-a360-4b0e-be87-14150dd472a4 ] Request (KeyPairsV210TestJSON:_run_cleanups): 204 DELETE http://10.180.1.21/compute/v2.1/os-keypairs/tempest-keypair-1500291196?user_id=699f3258fcb94a9abef87639a9a6a3c1 1.480s
2025-02-20 17:54:45.937 63305 INFO tempest.lib.common.rest_client [req-ed6ab0ab-a979-421f-b8be-7a9aad99b54f req-ed6ab0ab-a979-421f-b8be-7a9aad99b54f ] Request (FlavorsAccessNegativeTestJSON:_run_cleanups): 202 DELETE http://10.180.1.21/compute/v2.1/flavors/1932268516 1.356s
2025-02-20 17:54:45.941 63339 INFO tempest.lib.common.rest_client [req-fee2c99f-e542-43cf-a626-679fac904a59 req-fee2c99f-e542-43cf-a626-679fac904a59 ] Request (MigrationsAdminTest:setUpClass): 201 POST http://10.180.1.21/identity/v3/users 0.093s
2025-02-20 17:54:45.975 63361 INFO tempest.lib.common.rest_client [req-37dffe92-dd58-4544-a764-468245440783 req-37dffe92-dd58-4544-a764-468245440783 ] Request (ServersTestBootFromVolume:setUpClass): 201 POST http://10.180.1.21/identity/v3/auth/tokens 0.115s
2025-02-20 17:54:45.988 63347 INFO tempest.lib.common.rest_client [req-696fe5da-22f6-4e73-9beb-d327aa7462de req-696fe5da-22f6-4e73-9beb-d327aa7462de ] Request (FlavorsAccessTestJSON:setUpClass): 201 POST http://10.180.1.21/identity/v3/projects 0.153s
2025-02-20 17:54:46.033 63346 INFO tempest.lib.common.rest_client [req-788bdc06-836f-4a7c-b8cd-e9caf624b9e7 req-788bdc06-836f-4a7c-b8cd-e9caf624b9e7 ] Request (ServersAdmin275Test:test_rebuild_update_server_275): 200 GET http://10.180.1.21/compute/v2.1/servers/94b1bf30-0f9b-4197-99ff-6631a13ab2d1 0.928s
2025-02-20 17:54:46.081 63323 INFO tempest.lib.common.rest_client [req-ea66871a-52b2-4c62-b036-6ea6247f95c8 req-ea66871a-52b2-4c62-b036-6ea6247f95c8 ] Request (ImagesNegativeTestJSON:test_create_image_from_deleted_server): 200 GET http://10.180.1.21/compute/v2.1/servers/f80df630-327b-4923-a785-5d2e48fe1f19 1.024s
2025-02-20 17:54:46.097 63321 INFO tempest.lib.common.rest_client [req-df92537c-eacc-4a19-bb2c-5c5e18d5a899 req-df92537c-eacc-4a19-bb2c-5c5e18d5a899 ] Request (QuotasAdminNegativeTest:tearDownClass): 204 DELETE http://10.180.1.21/identity/v3/projects/50440acff0d94d7886d689b57f0ce9ef 0.185s
2025-02-20 17:54:46.098 63321 INFO tempest.lib.common.dynamic_creds [-] Deleting project and security group for project: bbe56746f85b4491bcedfcff11381cb3
2025-02-20 17:54:46.108 63329 INFO tempest.lib.common.rest_client [req-83aa6029-5a74-4a7c-a66b-dbf75baa1fe0 req-83aa6029-5a74-4a7c-a66b-dbf75baa1fe0 ] Request (FlavorsV255TestJSON:tearDownClass): 204 DELETE http://10.180.1.21/identity/v3/users/40d1532a3f43477eaedc8f8eea353b97 0.194s
2025-02-20 17:54:46.148 63365 INFO tempest.lib.common.rest_client [req-345c5382-71aa-473f-8b7b-86c4dc5c8dcf req-345c5382-71aa-473f-8b7b-86c4dc5c8dcf ] Request (ServerDiagnosticsV248Test:test_get_server_diagnostics): 200 GET http://10.180.1.21/compute/v2.1/servers/1eeb96d1-6e03-4192-a9db-955444519fd7 0.985s
2025-02-20 17:54:46.168 63303 INFO tempest.lib.common.rest_client [req-c1c812ac-e310-446d-8f8f-f2fb2f414701 req-c1c812ac-e310-446d-8f8f-f2fb2f414701 ] Request (ServersWithSpecificFlavorTestJSON:test_verify_created_server_ephemeral_disk): 200 POST http://10.180.1.21/compute/v2.1/flavors/1994684944/os-extra_specs 1.002s
2025-02-20 17:54:46.176 63339 INFO tempest.lib.common.rest_client [req-4880ea1a-6cdc-41d1-bc76-238685a37f23 req-4880ea1a-6cdc-41d1-bc76-238685a37f23 ] Request (MigrationsAdminTest:setUpClass): 200 GET http://10.180.1.21/identity/v3/roles 0.234s
2025-02-20 17:54:46.201 63351 INFO tempest.lib.common.rest_client [req-5a969b40-2c5f-4329-8f79-8199884641e3 req-5a969b40-2c5f-4329-8f79-8199884641e3 ] Request (SecurityGroupRulesTestJSON:setUpClass): 201 POST http://10.180.1.21:9696/networking/v2.0/routers 1.639s
2025-02-20 17:54:46.224 63341 INFO tempest.lib.common.rest_client [req-672d3249-959c-4d81-b65a-69ed27a06f44 req-672d3249-959c-4d81-b65a-69ed27a06f44 ] Request (FlavorsExtraSpecsTestJSON:tearDownClass): 204 DELETE http://10.180.1.21/identity/v3/users/5ae312f6833b404b8e1f952b5082a244 0.304s
2025-02-20 17:54:46.249 63325 INFO tempest.lib.common.rest_client [req-d7c95b09-b2e1-46f2-922f-f2bdbb45af9a req-d7c95b09-b2e1-46f2-922f-f2bdbb45af9a ] Request (VolumesAdminNegativeTest:test_update_attached_volume_with_nonexistent_volume_in_body): 200 GET http://10.180.1.21/compute/v2.1/servers/d663c2df-ae54-4c50-a70f-e2180700c700 0.971s
2025-02-20 17:54:46.252 63321 INFO tempest.lib.common.rest_client [req-98840d8a-4907-4bcd-a87a-6c4303386e3f req-98840d8a-4907-4bcd-a87a-6c4303386e3f ] Request (QuotasAdminNegativeTest:tearDownClass): 200 GET http://10.180.1.21:9696/networking/v2.0/security-groups?tenant_id=bbe56746f85b4491bcedfcff11381cb3&name=default 0.154s
2025-02-20 17:54:46.285 63347 INFO tempest.lib.common.rest_client [req-0e616b6c-1aab-44de-bdd6-50153c7c0b1f req-0e616b6c-1aab-44de-bdd6-50153c7c0b1f ] Request (FlavorsAccessTestJSON:setUpClass): 201 POST http://10.180.1.21/identity/v3/users 0.296s
2025-02-20 17:54:46.362 63329 INFO tempest.lib.common.rest_client [req-5011e060-d8f9-4183-99e6-d5559584e332 req-5011e060-d8f9-4183-99e6-d5559584e332 ] Request (FlavorsV255TestJSON:tearDownClass): 204 DELETE http://10.180.1.21/identity/v3/users/5bf5c29d8b9d4ca7912564b677c6adeb 0.254s
2025-02-20 17:54:46.363 63329 INFO tempest.lib.common.dynamic_creds [-] Deleting project and security group for project: e913137dc0324ebb8ce9b0296dc79a2b
2025-02-20 17:54:46.414 63321 INFO tempest.lib.common.rest_client [req-64c1ab86-df1c-40ef-8f1c-d0635da520d0 req-64c1ab86-df1c-40ef-8f1c-d0635da520d0 ] Request (QuotasAdminNegativeTest:tearDownClass): 204 DELETE http://10.180.1.21:9696/networking/v2.0/security-groups/1897217d-d7ea-476d-880d-47ad66a00d87 0.161s
2025-02-20 17:54:46.493 63341 INFO tempest.lib.common.rest_client [req-8bbdb821-0bf3-4186-8ce8-c516724173dd req-8bbdb821-0bf3-4186-8ce8-c516724173dd ] Request (FlavorsExtraSpecsTestJSON:tearDownClass): 204 DELETE http://10.180.1.21/identity/v3/users/deca5996e0ce44f3897a34ca3286f57a 0.268s
2025-02-20 17:54:46.493 63341 INFO tempest.lib.common.dynamic_creds [-] Deleting project and security group for project: db3aa46c1f04493c8cdf526c7de11171
2025-02-20 17:54:46.535 63339 INFO tempest.lib.common.rest_client [req-6875c83e-133b-40fc-a3bf-f13bdc19c22a req-6875c83e-133b-40fc-a3bf-f13bdc19c22a ] Request (MigrationsAdminTest:setUpClass): 204 PUT http://10.180.1.21/identity/v3/projects/6bf4bfdf3f6d47dcaf10187939f18534/users/398a2c1f099145fcb93c2c60f5dba240/roles/ffc5ded5d15f4fe586701108df7c3a49 0.359s
2025-02-20 17:54:46.571 63333 INFO tempest.lib.common.rest_client [req-0ae73018-2ad8-453d-b0a6-c1359a822bd9 req-0ae73018-2ad8-453d-b0a6-c1359a822bd9 ] Request (DeleteServersAdminTestJSON:test_admin_delete_servers_of_others): 204 DELETE http://10.180.1.21/compute/v2.1/servers/679fca11-7390-4596-ab74-2f82a6cf8858 1.409s
2025-02-20 17:54:46.607 63347 INFO tempest.lib.common.rest_client [req-385195e2-de7a-45ca-af48-496e28970ffc req-385195e2-de7a-45ca-af48-496e28970ffc ] Request (FlavorsAccessTestJSON:setUpClass): 200 GET http://10.180.1.21/identity/v3/roles 0.321s
2025-02-20 17:54:46.620 63361 INFO tempest.lib.common.rest_client [req-a7f1f336-f5eb-4063-85fc-8fbf50613598 req-a7f1f336-f5eb-4063-85fc-8fbf50613598 ] Request (ServersTestBootFromVolume:setUpClass): 201 POST http://10.180.1.21:9696/networking/v2.0/networks 0.645s
2025-02-20 17:54:46.635 63329 INFO tempest.lib.common.rest_client [req-a23b47f3-6cf5-4ddc-80e3-e3dd57b14276 req-a23b47f3-6cf5-4ddc-80e3-e3dd57b14276 ] Request (FlavorsV255TestJSON:tearDownClass): 201 POST http://10.180.1.21/identity/v3/auth/tokens 0.272s
2025-02-20 17:54:46.674 63311 INFO tempest.lib.common.rest_client [req-f00cc126-e347-48d9-8f66-a81af1c6defc req-f00cc126-e347-48d9-8f66-a81af1c6defc ] Request (SecurityGroupsNegativeTestJSON:test_delete_the_default_security_group): 400 DELETE http://10.180.1.21/compute/v2.1/os-security-groups/4245491a-e76a-4246-9755-292466c77f71 1.375s
2025-02-20 17:54:46.720 63321 INFO tempest.lib.common.rest_client [req-cf0843bd-5ea9-45d7-b314-8c7b69734b81 req-cf0843bd-5ea9-45d7-b314-8c7b69734b81 ] Request (QuotasAdminNegativeTest:tearDownClass): 204 DELETE http://10.180.1.21/identity/v3/projects/bbe56746f85b4491bcedfcff11381cb3 0.305s
2025-02-20 17:54:46.751 63332 INFO tempest.lib.common.rest_client [req-3b6a6cd4-ec75-4d58-9cf9-e3b50ba21396 req-3b6a6cd4-ec75-4d58-9cf9-e3b50ba21396 ] Request (ImagesOneServerTestJSON:setUpClass): 200 GET http://10.180.1.21/compute/v2.1/servers/c9cc1ac7-06c6-415b-86ce-daf4849bfc05 1.376s
2025-02-20 17:54:46.755 63341 INFO tempest.lib.common.rest_client [req-36811a50-89e6-43c7-87fa-7288d5ee904a req-36811a50-89e6-43c7-87fa-7288d5ee904a ] Request (FlavorsExtraSpecsTestJSON:tearDownClass): 201 POST http://10.180.1.21/identity/v3/auth/tokens 0.262s
2025-02-20 17:54:46.759 63332 INFO tempest.common.waiters [-] State transition "BUILD/scheduling" ==> "BUILD/None" after 5 second wait
2025-02-20 17:54:46.785 63363 INFO tempest.lib.common.rest_client [req-057f5729-e8ad-410c-ba25-083d00ee9140 req-057f5729-e8ad-410c-ba25-083d00ee9140 ] Request (ImagesMetadataTestJSON:test_get_image_metadata_item): 200 GET http://10.180.1.21/compute/v2.1/images/bbd5af54-5898-402d-90f5-2a456beb77eb/metadata/os_distro 1.274s
2025-02-20 17:54:46.796 63347 INFO tempest.lib.common.rest_client [req-bd84d017-c91f-4f1f-8e31-464be9020e9a req-bd84d017-c91f-4f1f-8e31-464be9020e9a ] Request (FlavorsAccessTestJSON:setUpClass): 204 PUT http://10.180.1.21/identity/v3/projects/9451594495044d7fbf651d20a1354482/users/32cb3129581a489e8e0e48af5ea2c0b0/roles/ffc5ded5d15f4fe586701108df7c3a49 0.188s
2025-02-20 17:54:46.799 63339 INFO tempest.lib.common.rest_client [req-20bc21d8-aa2e-4889-bee2-1a3d1e95fecd req-20bc21d8-aa2e-4889-bee2-1a3d1e95fecd ] Request (MigrationsAdminTest:setUpClass): 200 GET http://10.180.1.21/identity/v3/roles 0.264s
2025-02-20 17:54:46.848 63349 INFO tempest.lib.common.rest_client [req-92b55d3f-b8dc-4cec-86b5-3eb52c446eaf req-92b55d3f-b8dc-4cec-86b5-3eb52c446eaf ] Request (ServerDiagnosticsNegativeTest:test_get_server_diagnostics_by_non_admin): 403 GET http://10.180.1.21/compute/v2.1/servers/a167df01-05e4-453d-8800-9c104d912474/diagnostics 1.206s
2025-02-20 17:54:46.872 63321 INFO tempest.lib.common.rest_client [req-020490a6-8977-4145-a971-3b227fdcf736 req-020490a6-8977-4145-a971-3b227fdcf736 ] Request (SecurityGroupsTestAdminJSON:setUpClass): 201 POST http://10.180.1.21/identity/v3/auth/tokens 0.150s
2025-02-20 17:54:46.911 63347 INFO tempest.lib.common.rest_client [req-94e9bc03-0fca-4bf4-bb87-ef15079dd2e1 req-94e9bc03-0fca-4bf4-bb87-ef15079dd2e1 ] Request (FlavorsAccessTestJSON:setUpClass): 200 GET http://10.180.1.21/identity/v3/roles 0.114s
2025-02-20 17:54:46.925 63339 INFO tempest.lib.common.rest_client [req-f12c5e19-334a-4d3a-bcb4-c271868d2232 req-f12c5e19-334a-4d3a-bcb4-c271868d2232 ] Request (MigrationsAdminTest:setUpClass): 204 PUT http://10.180.1.21/identity/v3/projects/6bf4bfdf3f6d47dcaf10187939f18534/users/398a2c1f099145fcb93c2c60f5dba240/roles/ffc5ded5d15f4fe586701108df7c3a49 0.126s
2025-02-20 17:54:46.926 63339 INFO tempest.lib.common.dynamic_creds [-] Dynamic test user 398a2c1f099145fcb93c2c60f5dba240 is created with scope project and roles: ['admin']
