2025-02-20 17:56:01.415 63339 INFO tempest.lib.common.rest_client [req-c59ca5e2-6135-415b-834a-1ea13a736f53 req-c59ca5e2-6135-415b-834a-1ea13a736f53 ] Request (MigrationsAdminTest:test_list_migrations_in_flavor_resize_situation): 200 GET http://10.180.1.21/compute/v2.1/servers/f3277886-4498-45c6-be68-e71d8293dc00 0.141s
2025-02-20 17:56:01.420 63317 INFO tempest.lib.common.rest_client [req-be4655b8-f583-4d80-8762-0acdd806a13b req-be4655b8-f583-4d80-8762-0acdd806a13b ] Request (InstanceActionsTestJSON:tearDownClass): 200 GET http://10.180.1.21/compute/v2.1/servers/44fca05f-51db-4252-bcf8-6bcad37a6147 0.087s
2025-02-20 17:56:01.444 63346 INFO tempest.lib.common.rest_client [req-cc32df3c-8e35-4fef-98a7-7f72d03a06de req-cc32df3c-8e35-4fef-98a7-7f72d03a06de ] Request (ListImageFiltersTestJSON:setUpClass): 201 POST http://10.180.1.21/identity/v3/auth/tokens 0.035s
2025-02-20 17:56:01.467 63346 INFO tempest.lib.common.rest_client [req-33d34085-bdd8-478b-96f5-94049585306f req-33d34085-bdd8-478b-96f5-94049585306f ] Request (ListImageFiltersTestJSON:setUpClass): 200 GET http://10.180.1.21/identity/v3/domains?name=Default 0.023s
2025-02-20 17:56:01.499 63346 INFO tempest.lib.common.rest_client [req-2f2f72c3-36d4-488b-8227-4d72acc641ff req-2f2f72c3-36d4-488b-8227-4d72acc641ff ] Request (ListImageFiltersTestJSON:setUpClass): 201 POST http://10.180.1.21/identity/v3/projects 0.031s
2025-02-20 17:56:01.502 63305 INFO tempest.lib.common.rest_client [req-81786d80-4fe6-4eef-9661-39b7280819ae req-81786d80-4fe6-4eef-9661-39b7280819ae ] Request (ListServerFiltersTestJSON:setUpClass): 200 GET http://10.180.1.21/compute/v2.1/servers/0d96ba8e-b46b-48ae-957c-cdc49762c395 0.110s
2025-02-20 17:56:01.503 63315 INFO tempest.lib.common.rest_client [req-d98c2429-244d-4005-89d0-75899f9eb672 req-d98c2429-244d-4005-89d0-75899f9eb672 ] Request (ServerActionsV293TestJSON:setUpClass): 200 GET http://10.180.1.21/volume/v3/volumes/4246155e-0977-4f2a-b135-72a3849826ce 0.035s
2025-02-20 17:56:01.512 63315 INFO tempest.common.waiters [-] volume 4246155e-0977-4f2a-b135-72a3849826ce reached available after waiting for 18.512554 seconds
2025-02-20 17:56:01.562 63349 INFO tempest.lib.common.rest_client [req-069afb9f-8dc4-47e4-af1c-a21056915bad req-069afb9f-8dc4-47e4-af1c-a21056915bad ] Request (TenantUsagesTestJSON:setUpClass): 200 GET http://10.180.1.21/compute/v2.1/servers/8a09beac-4b54-4fbb-9bac-3dcfe4c21fb3 0.109s
2025-02-20 17:56:01.572 63346 INFO tempest.lib.common.rest_client [req-08ce1eae-b9be-41b6-be1c-cc0f56840032 req-08ce1eae-b9be-41b6-be1c-cc0f56840032 ] Request (ListImageFiltersTestJSON:setUpClass): 201 POST http://10.180.1.21/identity/v3/users 0.073s
2025-02-20 17:56:01.596 63346 INFO tempest.lib.common.rest_client [req-6d98cd4f-0a18-4290-8d62-4b77121f30c4 req-6d98cd4f-0a18-4290-8d62-4b77121f30c4 ] Request (ListImageFiltersTestJSON:setUpClass): 200 GET http://10.180.1.21/identity/v3/roles 0.023s
2025-02-20 17:56:01.628 63346 INFO tempest.lib.common.rest_client [req-b90712f9-3ab0-48a6-80ee-c12f1449a5db req-b90712f9-3ab0-48a6-80ee-c12f1449a5db ] Request (ListImageFiltersTestJSON:setUpClass): 204 PUT http://10.180.1.21/identity/v3/projects/10a088f86d7a4b4db39113824aec83b7/users/70f27358d4184787bd66379bf75fc4ed/roles/1b52fa8352db41fa877008dc50cef783 0.031s
2025-02-20 17:56:01.628 63346 INFO tempest.lib.common.dynamic_creds [-] Dynamic test user 70f27358d4184787bd66379bf75fc4ed is created with scope project and roles: ['member']
2025-02-20 17:56:01.628 63346 INFO tempest.lib.common.dynamic_creds [-] Acquired dynamic creds: credentials: Credentials: {'domain_id': 'default', 'domain_name': 'Default', 'username': 'tempest-ListImageFiltersTestJSON-852699088-project-member', 'project_domain_id': 'default', 'project_domain_name': 'Default', 'project_id': '10a088f86d7a4b4db39113824aec83b7', 'project_name': 'tempest-ListImageFiltersTestJSON-852699088', 'tenant_id': '10a088f86d7a4b4db39113824aec83b7', 'tenant_name': 'tempest-ListImageFiltersTestJSON-852699088', 'user_domain_id': 'default', 'user_domain_name': 'Default', 'user_id': '70f27358d4184787bd66379bf75fc4ed', 'system': None}, Network: None, Subnet: None, Router: None
2025-02-20 17:56:01.628 63346 INFO tempest.lib.common.dynamic_creds [-] Created isolated network resources for: credentials: Credentials: {'domain_id': 'default', 'domain_name': 'Default', 'username': 'tempest-ListImageFiltersTestJSON-852699088-project-member', 'project_domain_id': 'default', 'project_domain_name': 'Default', 'project_id': '10a088f86d7a4b4db39113824aec83b7', 'project_name': 'tempest-ListImageFiltersTestJSON-852699088', 'tenant_id': '10a088f86d7a4b4db39113824aec83b7', 'tenant_name': 'tempest-ListImageFiltersTestJSON-852699088', 'user_domain_id': 'default', 'user_domain_name': 'Default', 'user_id': '70f27358d4184787bd66379bf75fc4ed', 'system': None}, Network: None, Subnet: None, Router: None
2025-02-20 17:56:01.702 63346 INFO tempest.lib.common.rest_client [req-924a0aee-5966-46d7-afc4-c74c1ab171f0 req-924a0aee-5966-46d7-afc4-c74c1ab171f0 ] Request (ListImageFiltersTestJSON:setUpClass): 201 POST http://10.180.1.21/identity/v3/auth/tokens 0.070s
2025-02-20 17:56:01.895 63335 INFO tempest.lib.common.rest_client [req-a6e1cdda-f79c-4f40-b760-2ed696cbf7f7 req-a6e1cdda-f79c-4f40-b760-2ed696cbf7f7 ] Request (ServerDiskConfigTestJSON:test_rebuild_server_with_auto_disk_config): 202 POST http://10.180.1.21/compute/v2.1/servers 0.529s
2025-02-20 17:56:01.962 63361 INFO tempest.lib.common.rest_client [req-d9ef08a5-17f2-4f11-b541-501b590e16a2 req-d9ef08a5-17f2-4f11-b541-501b590e16a2 ] Request (ServersTestBootFromVolume:setUpClass): 200 GET http://10.180.1.21/compute/v2.1/servers/8c7c8713-d5d7-490e-aba5-25d98bfbfaa0 0.448s
2025-02-20 17:56:02.007 63315 INFO tempest.lib.common.rest_client [req-66952caa-4d08-4457-8103-f1724319cde7 req-66952caa-4d08-4457-8103-f1724319cde7 ] Request (ServerActionsV293TestJSON:setUpClass): 202 POST http://10.180.1.21/compute/v2.1/servers 0.494s
2025-02-20 17:56:02.047 63327 INFO tempest.lib.common.rest_client [req-6b840c3b-9780-4f0c-b8d4-bee269ae7721 req-6b840c3b-9780-4f0c-b8d4-bee269ae7721 ] Request (ServerMetadataTestJSON:tearDownClass): 200 GET http://10.180.1.21/compute/v2.1/servers/99886410-ec47-46ad-9d07-ee3593006997 0.508s
2025-02-20 17:56:02.088 63347 INFO tempest.lib.common.rest_client [req-bce3a48f-0b89-4109-b470-d9628a16b647 req-bce3a48f-0b89-4109-b470-d9628a16b647 ] Request (ServerActionsTestOtherA:setUpClass): 200 GET http://10.180.1.21/compute/v2.1/servers/d6137c80-0c09-4655-b264-472753b4fa9c 0.502s
2025-02-20 17:56:02.121 63323 INFO tempest.lib.common.rest_client [req-c8169e13-bae9-4f6a-a69c-9e6246d10b0e req-c8169e13-bae9-4f6a-a69c-9e6246d10b0e ] Request (ServersNegativeTestMultiTenantJSON:setUpClass): 200 GET http://10.180.1.21/compute/v2.1/servers/352ac7c3-17a8-4d7e-a66f-47ea7614892c 0.528s
2025-02-20 17:56:02.131 63346 INFO tempest.lib.common.rest_client [req-cb7bb1a8-7b8b-4b59-aae9-75aaa11a2ec6 req-cb7bb1a8-7b8b-4b59-aae9-75aaa11a2ec6 ] Request (ListImageFiltersTestJSON:setUpClass): 201 POST http://10.180.1.21/image/v2/images 0.428s
2025-02-20 17:56:02.158 63359 INFO tempest.lib.common.rest_client [req-a759eb9f-cccd-4eec-9474-5ee0c9394560 req-a759eb9f-cccd-4eec-9474-5ee0c9394560 ] Request (FloatingIPsAssociationTestJSON:tearDownClass): 200 GET http://10.180.1.21/compute/v2.1/servers/c7a3f2c6-8368-49cc-9737-ea1d836f1783 0.467s
2025-02-20 17:56:02.216 63313 INFO tempest.lib.common.rest_client [req-2fbedf11-ab45-46b3-aa04-208bade7e912 req-2fbedf11-ab45-46b3-aa04-208bade7e912 ] Request (ServerRescueTestJSON:test_rescue_unrescue_instance): 200 GET http://10.180.1.21/compute/v2.1/servers/c3014718-1064-4ab9-9600-86490489ee4b 0.457s
2025-02-20 17:56:02.250 63333 INFO tempest.lib.common.rest_client [req-c8173a93-d488-40c0-807f-fe1015fbbe2c req-c8173a93-d488-40c0-807f-fe1015fbbe2c ] Request (DeleteServersAdminTestJSON:test_delete_server_while_in_error_state): 200 GET http://10.180.1.21/compute/v2.1/servers/86d5d264-7a7a-434b-a1c4-e9a004c0a034 0.522s
2025-02-20 17:56:02.268 63355 INFO tempest.lib.common.rest_client [req-9d191432-a9b7-4020-a872-1177460deb9f req-9d191432-a9b7-4020-a872-1177460deb9f ] Request (ImagesTestJSON:test_create_image_from_suspended_server): 200 GET http://10.180.1.21/compute/v2.1/servers/b9db75ba-6832-45e8-8faf-d1cdaa7dabdd 0.437s
2025-02-20 17:56:02.295 63335 INFO tempest.lib.common.rest_client [req-5ec57796-8e28-4565-ae48-d09ff50a48b9 req-5ec57796-8e28-4565-ae48-d09ff50a48b9 ] Request (ServerDiskConfigTestJSON:test_rebuild_server_with_auto_disk_config): 200 GET http://10.180.1.21/compute/v2.1/servers/50e4934b-b9b1-4887-b5d1-95a37fbf4c41 0.398s
2025-02-20 17:56:02.321 63329 INFO tempest.lib.common.rest_client [req-425cc451-9388-4f98-8243-debaf2002eeb req-425cc451-9388-4f98-8243-debaf2002eeb ] Request (ServerMetadataNegativeTestJSON:setUpClass): 200 GET http://10.180.1.21/compute/v2.1/servers/22713da1-ae53-4bbe-ae55-2490440cbd87 0.402s
2025-02-20 17:56:02.362 63309 INFO tempest.lib.common.rest_client [req-662995c7-a57e-48b5-9e97-41099d37f181 req-662995c7-a57e-48b5-9e97-41099d37f181 ] Request (ServerShowV257Test:tearDownClass): 200 GET http://10.180.1.21/compute/v2.1/servers/2ae111f7-4eaa-46c2-ab97-907daa913834 0.372s
2025-02-20 17:56:02.367 63315 INFO tempest.lib.common.rest_client [req-11bc6412-eb08-43e0-bce6-c478b4343c47 req-11bc6412-eb08-43e0-bce6-c478b4343c47 ] Request (ServerActionsV293TestJSON:setUpClass): 200 GET http://10.180.1.21/compute/v2.1/servers/600195de-ceb4-41a6-9ade-dda8b898e4db 0.358s
2025-02-20 17:56:02.423 63319 INFO tempest.lib.common.rest_client [req-f6e75640-3f5a-43f1-a3c4-434c98e287a0 req-f6e75640-3f5a-43f1-a3c4-434c98e287a0 ] Request (ImagesOneServerNegativeTestJSON:_run_cleanups): 200 GET http://10.180.1.21/compute/v2.1/servers/e20ed04f-205b-4aa9-b8b6-e352cd237412 0.317s
2025-02-20 17:56:02.472 63353 INFO tempest.lib.common.rest_client [req-86b6dfcf-3012-44fb-a47f-0368b868a3cb req-86b6dfcf-3012-44fb-a47f-0368b868a3cb ] Request (ServersAdminTestJSON:setUpClass): 200 GET http://10.180.1.21/compute/v2.1/servers/b9d9fe4e-438c-4f68-b011-9eb9e10a381c 0.311s
2025-02-20 17:56:02.530 63363 INFO tempest.lib.common.rest_client [req-395b73d1-c6a8-4108-a1fe-a05301d48970 req-395b73d1-c6a8-4108-a1fe-a05301d48970 ] Request (ServersTestFqdnHostnames:test_create_server_with_fqdn_name): 200 GET http://10.180.1.21/compute/v2.1/servers/c0db2b2a-9c06-409c-b48b-a0d5c127f2dc 0.332s
2025-02-20 17:56:02.618 63332 INFO tempest.lib.common.rest_client [req-ec282437-38b5-4695-b9c4-5a889b072c27 req-ec282437-38b5-4695-b9c4-5a889b072c27 ] Request (ImagesOneServerTestJSON:tearDownClass): 200 GET http://10.180.1.21/compute/v2.1/servers/c9cc1ac7-06c6-415b-86ce-daf4849bfc05 0.398s
2025-02-20 17:56:02.619 63365 INFO tempest.lib.common.rest_client [req-30400dde-3c76-49ec-9cd2-645ca2d35cb6 req-30400dde-3c76-49ec-9cd2-645ca2d35cb6 ] Request (ServerActionsTestOtherB:setUpClass): 200 GET http://10.180.1.21/compute/v2.1/servers/c06813c4-472d-4bf9-84ec-0d01306bcd48 0.572s
2025-02-20 17:56:02.676 63321 INFO tempest.lib.common.rest_client [req-747b26ee-1acc-4013-bf6a-e62788f93e3a req-747b26ee-1acc-4013-bf6a-e62788f93e3a ] Request (ServersTestMultiNic:test_verify_duplicate_network_nics): 200 GET http://10.180.1.21/compute/v2.1/servers/e2d39c43-6666-4fda-b8e2-485399c59e46 0.432s
2025-02-20 17:56:02.695 63311 INFO tempest.lib.common.rest_client [req-486fe3a2-72ce-4583-99a4-6ba79e205dc6 req-486fe3a2-72ce-4583-99a4-6ba79e205dc6 ] Request (AttachInterfacesV270Test:tearDownClass): 200 GET http://10.180.1.21/compute/v2.1/servers/ddf20137-4d63-4c7a-b519-445719265e1d 0.405s
2025-02-20 17:56:02.741 63337 INFO tempest.lib.common.rest_client [req-56e9e2c8-d837-4392-8ee5-77e03ca59a42 req-56e9e2c8-d837-4392-8ee5-77e03ca59a42 ] Request (ServerShowV247Test:tearDownClass): 200 GET http://10.180.1.21/compute/v2.1/servers/0dbafad1-ab21-439d-bc8e-e447ac33304e 0.377s
2025-02-20 17:56:02.788 63339 INFO tempest.lib.common.rest_client [req-8e1120c6-322e-4fd2-a88e-2bdc7d804f9b req-8e1120c6-322e-4fd2-a88e-2bdc7d804f9b ] Request (MigrationsAdminTest:test_list_migrations_in_flavor_resize_situation): 200 GET http://10.180.1.21/compute/v2.1/servers/f3277886-4498-45c6-be68-e71d8293dc00 0.363s
2025-02-20 17:56:02.799 63317 INFO tempest.lib.common.rest_client [req-8dceadab-20a0-4cd3-9c95-30a7f3d46e54 req-8dceadab-20a0-4cd3-9c95-30a7f3d46e54 ] Request (InstanceActionsTestJSON:tearDownClass): 200 GET http://10.180.1.21/compute/v2.1/servers/44fca05f-51db-4252-bcf8-6bcad37a6147 0.369s
2025-02-20 17:56:02.834 63305 INFO tempest.lib.common.rest_client [req-a5c399c5-5b4f-4618-aafc-ffa3e31c6a42 req-a5c399c5-5b4f-4618-aafc-ffa3e31c6a42 ] Request (ListServerFiltersTestJSON:setUpClass): 200 GET http://10.180.1.21/compute/v2.1/servers/0d96ba8e-b46b-48ae-957c-cdc49762c395 0.321s
2025-02-20 17:56:02.853 63349 INFO tempest.lib.common.rest_client [req-b66f5399-02f3-4248-aba3-ac278a27a039 req-b66f5399-02f3-4248-aba3-ac278a27a039 ] Request (TenantUsagesTestJSON:setUpClass): 200 GET http://10.180.1.21/compute/v2.1/servers/8a09beac-4b54-4fbb-9bac-3dcfe4c21fb3 0.284s
2025-02-20 17:56:02.962 63343 WARNING tempest.lib.common.ssh [-] Failed to establish authenticated ssh connection to cirros@10.180.180.207 ([Errno None] Unable to connect to port 22 on 10.180.180.207). Number attempts: 3. Retry after 4 seconds.: paramiko.ssh_exception.NoValidConnectionsError: [Errno None] Unable to connect to port 22 on 10.180.180.207
2025-02-20 17:56:03.021 63361 INFO tempest.lib.common.rest_client [req-727d8828-2d7d-43bd-aeac-bdee23c64009 req-727d8828-2d7d-43bd-aeac-bdee23c64009 ] Request (ServersTestBootFromVolume:setUpClass): 200 GET http://10.180.1.21/compute/v2.1/servers/8c7c8713-d5d7-490e-aba5-25d98bfbfaa0 0.049s
2025-02-20 17:56:03.111 63327 INFO tempest.lib.common.rest_client [req-599743bd-a35e-4d47-a223-c3a6e5c35ad1 req-599743bd-a35e-4d47-a223-c3a6e5c35ad1 ] Request (ServerMetadataTestJSON:tearDownClass): 200 GET http://10.180.1.21/compute/v2.1/servers/99886410-ec47-46ad-9d07-ee3593006997 0.055s
2025-02-20 17:56:03.149 63347 INFO tempest.lib.common.rest_client [req-c346440a-0d05-4bc4-98a3-568514c350f7 req-c346440a-0d05-4bc4-98a3-568514c350f7 ] Request (ServerActionsTestOtherA:setUpClass): 200 GET http://10.180.1.21/compute/v2.1/servers/d6137c80-0c09-4655-b264-472753b4fa9c 0.049s
2025-02-20 17:56:03.197 63323 INFO tempest.lib.common.rest_client [req-7bbee9de-5cbb-4733-9255-272aaa22735f req-7bbee9de-5cbb-4733-9255-272aaa22735f ] Request (ServersNegativeTestMultiTenantJSON:setUpClass): 200 GET http://10.180.1.21/compute/v2.1/servers/352ac7c3-17a8-4d7e-a66f-47ea7614892c 0.062s
2025-02-20 17:56:03.241 63359 INFO tempest.lib.common.rest_client [req-67ba782c-52d2-4fa4-9853-8de7243a1627 req-67ba782c-52d2-4fa4-9853-8de7243a1627 ] Request (FloatingIPsAssociationTestJSON:tearDownClass): 200 GET http://10.180.1.21/compute/v2.1/servers/c7a3f2c6-8368-49cc-9737-ea1d836f1783 0.070s
2025-02-20 17:56:03.275 63313 INFO tempest.lib.common.rest_client [req-9153b814-7a82-44f0-bd5a-200a26b2babb req-9153b814-7a82-44f0-bd5a-200a26b2babb ] Request (ServerRescueTestJSON:test_rescue_unrescue_instance): 200 GET http://10.180.1.21/compute/v2.1/servers/c3014718-1064-4ab9-9600-86490489ee4b 0.050s
2025-02-20 17:56:03.335 63355 INFO tempest.lib.common.rest_client [req-937e552a-d80c-4f6b-b3d6-009244569bac req-937e552a-d80c-4f6b-b3d6-009244569bac ] Request (ImagesTestJSON:test_create_image_from_suspended_server): 200 GET http://10.180.1.21/compute/v2.1/servers/b9db75ba-6832-45e8-8faf-d1cdaa7dabdd 0.054s
2025-02-20 17:56:03.357 63333 INFO tempest.lib.common.rest_client [req-4a546ac5-1054-421e-b3fa-9cb58399acd7 req-4a546ac5-1054-421e-b3fa-9cb58399acd7 ] Request (DeleteServersAdminTestJSON:test_delete_server_while_in_error_state): 200 GET http://10.180.1.21/compute/v2.1/servers/86d5d264-7a7a-434b-a1c4-e9a004c0a034 0.095s
2025-02-20 17:56:03.378 63335 INFO tempest.lib.common.rest_client [req-521d6cbd-60ae-4719-83af-8b0cfe9b8df0 req-521d6cbd-60ae-4719-83af-8b0cfe9b8df0 ] Request (ServerDiskConfigTestJSON:test_rebuild_server_with_auto_disk_config): 200 GET http://10.180.1.21/compute/v2.1/servers/50e4934b-b9b1-4887-b5d1-95a37fbf4c41 0.074s
2025-02-20 17:56:03.411 63329 INFO tempest.lib.common.rest_client [req-bbf05080-759b-4e67-945b-78e20b823602 req-bbf05080-759b-4e67-945b-78e20b823602 ] Request (ServerMetadataNegativeTestJSON:setUpClass): 200 GET http://10.180.1.21/compute/v2.1/servers/22713da1-ae53-4bbe-ae55-2490440cbd87 0.082s
2025-02-20 17:56:03.443 63309 INFO tempest.lib.common.rest_client [req-513fe937-40c1-4ea5-90c2-b48357fad2ed req-513fe937-40c1-4ea5-90c2-b48357fad2ed ] Request (ServerShowV257Test:tearDownClass): 200 GET http://10.180.1.21/compute/v2.1/servers/2ae111f7-4eaa-46c2-ab97-907daa913834 0.062s
2025-02-20 17:56:03.467 63315 INFO tempest.lib.common.rest_client [req-40430a28-501d-4780-b8b3-2e44f1ba9a89 req-40430a28-501d-4780-b8b3-2e44f1ba9a89 ] Request (ServerActionsV293TestJSON:setUpClass): 200 GET http://10.180.1.21/compute/v2.1/servers/600195de-ceb4-41a6-9ade-dda8b898e4db 0.080s
2025-02-20 17:56:03.512 63319 INFO tempest.lib.common.rest_client [req-3b72120c-ee4a-48bb-822a-238486888c86 req-3b72120c-ee4a-48bb-822a-238486888c86 ] Request (ImagesOneServerNegativeTestJSON:_run_cleanups): 200 GET http://10.180.1.21/compute/v2.1/servers/e20ed04f-205b-4aa9-b8b6-e352cd237412 0.081s
2025-02-20 17:56:03.548 63353 INFO tempest.lib.common.rest_client [req-bef9bb2e-9586-4b04-b7c0-6d734a996d00 req-bef9bb2e-9586-4b04-b7c0-6d734a996d00 ] Request (ServersAdminTestJSON:setUpClass): 200 GET http://10.180.1.21/compute/v2.1/servers/b9d9fe4e-438c-4f68-b011-9eb9e10a381c 0.065s
2025-02-20 17:56:03.594 63363 INFO tempest.lib.common.rest_client [req-d09065a6-46db-4371-9c7b-f3cc2dbf6bc2 req-d09065a6-46db-4371-9c7b-f3cc2dbf6bc2 ] Request (ServersTestFqdnHostnames:test_create_server_with_fqdn_name): 200 GET http://10.180.1.21/compute/v2.1/servers/c0db2b2a-9c06-409c-b48b-a0d5c127f2dc 0.050s
2025-02-20 17:56:03.683 63365 INFO tempest.lib.common.rest_client [req-6944d5ea-df10-4fd4-a1e0-72c104056424 req-6944d5ea-df10-4fd4-a1e0-72c104056424 ] Request (ServerActionsTestOtherB:setUpClass): 200 GET http://10.180.1.21/compute/v2.1/servers/c06813c4-472d-4bf9-84ec-0d01306bcd48 0.053s
2025-02-20 17:56:03.694 63332 INFO tempest.lib.common.rest_client [req-5a2a00b3-fc5c-4d32-a4d9-2f3ccbfee6b5 req-5a2a00b3-fc5c-4d32-a4d9-2f3ccbfee6b5 ] Request (ImagesOneServerTestJSON:tearDownClass): 200 GET http://10.180.1.21/compute/v2.1/servers/c9cc1ac7-06c6-415b-86ce-daf4849bfc05 0.063s
2025-02-20 17:56:03.741 63321 INFO tempest.lib.common.rest_client [req-05fa2e45-b213-4ff6-b25f-d9c12d74c598 req-05fa2e45-b213-4ff6-b25f-d9c12d74c598 ] Request (ServersTestMultiNic:test_verify_duplicate_network_nics): 200 GET http://10.180.1.21/compute/v2.1/servers/e2d39c43-6666-4fda-b8e2-485399c59e46 0.053s
2025-02-20 17:56:03.748 63346 INFO tempest.lib.common.rest_client [req-011f39d6-fa20-48c4-91a1-b0873e0613ff req-011f39d6-fa20-48c4-91a1-b0873e0613ff ] Request (ListImageFiltersTestJSON:setUpClass): 204 PUT http://10.180.1.21/image/v2/images/2e562af2-7c0f-46c4-87c2-be4b3e484b36/file 0.616s
2025-02-20 17:56:03.774 63311 INFO tempest.lib.common.rest_client [req-21ccd335-717b-4b07-a88d-0007e1f32b46 req-21ccd335-717b-4b07-a88d-0007e1f32b46 ] Request (AttachInterfacesV270Test:tearDownClass): 200 GET http://10.180.1.21/compute/v2.1/servers/ddf20137-4d63-4c7a-b519-445719265e1d 0.069s
2025-02-20 17:56:03.776 63346 INFO tempest.lib.common.rest_client [req-e8a70814-b107-42ac-8812-cddc8cc149d5 req-e8a70814-b107-42ac-8812-cddc8cc149d5 ] Request (ListImageFiltersTestJSON:setUpClass): 200 GET http://10.180.1.21/compute/v2.1/images/2e562af2-7c0f-46c4-87c2-be4b3e484b36 0.027s
2025-02-20 17:56:03.818 63346 INFO tempest.lib.common.rest_client [req-02580e60-23f5-4e57-ad25-c39243fb8a6e req-02580e60-23f5-4e57-ad25-c39243fb8a6e ] Request (ListImageFiltersTestJSON:setUpClass): 200 GET http://10.180.1.21/compute/v2.1/images/2e562af2-7c0f-46c4-87c2-be4b3e484b36 0.039s
2025-02-20 17:56:03.835 63337 INFO tempest.lib.common.rest_client [req-2dc9e7c9-fac7-4772-b23d-09173c8d1f2c req-2dc9e7c9-fac7-4772-b23d-09173c8d1f2c ] Request (ServerShowV247Test:tearDownClass): 200 GET http://10.180.1.21/compute/v2.1/servers/0dbafad1-ab21-439d-bc8e-e447ac33304e 0.083s
2025-02-20 17:56:03.909 63317 INFO tempest.lib.common.rest_client [req-1bc282be-96e5-480b-8b2d-9eabf6489cb1 req-1bc282be-96e5-480b-8b2d-9eabf6489cb1 ] Request (InstanceActionsTestJSON:tearDownClass): 200 GET http://10.180.1.21/compute/v2.1/servers/44fca05f-51db-4252-bcf8-6bcad37a6147 0.098s
2025-02-20 17:56:03.934 63339 INFO tempest.lib.common.rest_client [req-3eb94f53-f8e9-4f30-8b82-442b08422a57 req-3eb94f53-f8e9-4f30-8b82-442b08422a57 ] Request (MigrationsAdminTest:test_list_migrations_in_flavor_resize_situation): 200 GET http://10.180.1.21/compute/v2.1/servers/f3277886-4498-45c6-be68-e71d8293dc00 0.133s
2025-02-20 17:56:03.975 63305 INFO tempest.lib.common.rest_client [req-2df33551-64e8-4bf7-9653-1ccedad64752 req-2df33551-64e8-4bf7-9653-1ccedad64752 ] Request (ListServerFiltersTestJSON:setUpClass): 200 GET http://10.180.1.21/compute/v2.1/servers/0d96ba8e-b46b-48ae-957c-cdc49762c395 0.133s
2025-02-20 17:56:03.982 63349 INFO tempest.lib.common.rest_client [req-fc2668fd-7869-482d-b806-3269a364a2aa req-fc2668fd-7869-482d-b806-3269a364a2aa ] Request (TenantUsagesTestJSON:setUpClass): 200 GET http://10.180.1.21/compute/v2.1/servers/8a09beac-4b54-4fbb-9bac-3dcfe4c21fb3 0.120s
2025-02-20 17:56:04.077 63361 INFO tempest.lib.common.rest_client [req-68ba8515-cfd7-4bf9-abd3-f822dd34c592 req-68ba8515-cfd7-4bf9-abd3-f822dd34c592 ] Request (ServersTestBootFromVolume:setUpClass): 200 GET http://10.180.1.21/compute/v2.1/servers/8c7c8713-d5d7-490e-aba5-25d98bfbfaa0 0.048s
2025-02-20 17:56:04.157 63346 INFO tempest.lib.common.rest_client [req-7547dfb2-f6aa-4f64-a587-7427daabbd54 req-7547dfb2-f6aa-4f64-a587-7427daabbd54 ] Request (ListImageFiltersTestJSON:setUpClass): 201 POST http://10.180.1.21/image/v2/images 0.336s
2025-02-20 17:56:04.180 63327 INFO tempest.lib.common.rest_client [req-e1f6e0ec-0918-4aad-add4-29e475b11bbd req-e1f6e0ec-0918-4aad-add4-29e475b11bbd ] Request (ServerMetadataTestJSON:tearDownClass): 200 GET http://10.180.1.21/compute/v2.1/servers/99886410-ec47-46ad-9d07-ee3593006997 0.059s
2025-02-20 17:56:04.209 63347 INFO tempest.lib.common.rest_client [req-04f614e4-eb22-44f1-bb03-d16fbec83982 req-04f614e4-eb22-44f1-bb03-d16fbec83982 ] Request (ServerActionsTestOtherA:setUpClass): 200 GET http://10.180.1.21/compute/v2.1/servers/d6137c80-0c09-4655-b264-472753b4fa9c 0.049s
2025-02-20 17:56:04.257 63323 INFO tempest.lib.common.rest_client [req-f7bbd9e6-38e7-4a1a-af68-91c8f9a213af req-f7bbd9e6-38e7-4a1a-af68-91c8f9a213af ] Request (ServersNegativeTestMultiTenantJSON:setUpClass): 200 GET http://10.180.1.21/compute/v2.1/servers/352ac7c3-17a8-4d7e-a66f-47ea7614892c 0.051s
2025-02-20 17:56:04.303 63359 INFO tempest.lib.common.rest_client [req-35266c34-066c-4e47-b134-453cac5d6cbb req-35266c34-066c-4e47-b134-453cac5d6cbb ] Request (FloatingIPsAssociationTestJSON:tearDownClass): 200 GET http://10.180.1.21/compute/v2.1/servers/c7a3f2c6-8368-49cc-9737-ea1d836f1783 0.055s
2025-02-20 17:56:04.337 63313 INFO tempest.lib.common.rest_client [req-dadc7891-1634-4be4-98cd-4f6aaec47253 req-dadc7891-1634-4be4-98cd-4f6aaec47253 ] Request (ServerRescueTestJSON:test_rescue_unrescue_instance): 200 GET http://10.180.1.21/compute/v2.1/servers/c3014718-1064-4ab9-9600-86490489ee4b 0.051s
2025-02-20 17:56:04.397 63355 INFO tempest.lib.common.rest_client [req-902c2bb6-1b5a-44aa-9667-c76ce2d862b7 req-902c2bb6-1b5a-44aa-9667-c76ce2d862b7 ] Request (ImagesTestJSON:test_create_image_from_suspended_server): 200 GET http://10.180.1.21/compute/v2.1/servers/b9db75ba-6832-45e8-8faf-d1cdaa7dabdd 0.048s
2025-02-20 17:56:04.441 63335 INFO tempest.lib.common.rest_client [req-f1d4a7c5-9ce3-490e-a026-dacb3ce92650 req-f1d4a7c5-9ce3-490e-a026-dacb3ce92650 ] Request (ServerDiskConfigTestJSON:test_rebuild_server_with_auto_disk_config): 200 GET http://10.180.1.21/compute/v2.1/servers/50e4934b-b9b1-4887-b5d1-95a37fbf4c41 0.055s
2025-02-20 17:56:04.483 63333 INFO tempest.lib.common.rest_client [req-8c4ad4d1-42c0-4c79-918f-ab26ed40292f req-8c4ad4d1-42c0-4c79-918f-ab26ed40292f ] Request (DeleteServersAdminTestJSON:test_delete_server_while_in_error_state): 200 GET http://10.180.1.21/compute/v2.1/servers/86d5d264-7a7a-434b-a1c4-e9a004c0a034 0.115s
2025-02-20 17:56:04.494 63329 INFO tempest.lib.common.rest_client [req-fb68e014-5d48-4535-b49f-92b9e2cfdd9c req-fb68e014-5d48-4535-b49f-92b9e2cfdd9c ] Request (ServerMetadataNegativeTestJSON:setUpClass): 200 GET http://10.180.1.21/compute/v2.1/servers/22713da1-ae53-4bbe-ae55-2490440cbd87 0.071s
2025-02-20 17:56:04.555 63309 INFO tempest.lib.common.rest_client [req-544eccd1-8989-4fd0-bfba-57654783737d req-544eccd1-8989-4fd0-bfba-57654783737d ] Request (ServerShowV257Test:tearDownClass): 200 GET http://10.180.1.21/compute/v2.1/servers/2ae111f7-4eaa-46c2-ab97-907daa913834 0.097s
2025-02-20 17:56:04.567 63315 INFO tempest.lib.common.rest_client [req-5dba3899-acc5-4b27-8aa3-84ed59fe4b88 req-5dba3899-acc5-4b27-8aa3-84ed59fe4b88 ] Request (ServerActionsV293TestJSON:setUpClass): 200 GET http://10.180.1.21/compute/v2.1/servers/600195de-ceb4-41a6-9ade-dda8b898e4db 0.089s
2025-02-20 17:56:04.623 63319 INFO tempest.lib.common.rest_client [req-a32f2cbb-99df-41ee-9601-e07dd150d89f req-a32f2cbb-99df-41ee-9601-e07dd150d89f ] Request (ImagesOneServerNegativeTestJSON:_run_cleanups): 200 GET http://10.180.1.21/compute/v2.1/servers/e20ed04f-205b-4aa9-b8b6-e352cd237412 0.103s
2025-02-20 17:56:04.628 63353 INFO tempest.lib.common.rest_client [req-28c8d5ac-790f-4020-90ab-fe49c68d2288 req-28c8d5ac-790f-4020-90ab-fe49c68d2288 ] Request (ServersAdminTestJSON:setUpClass): 200 GET http://10.180.1.21/compute/v2.1/servers/b9d9fe4e-438c-4f68-b011-9eb9e10a381c 0.072s
2025-02-20 17:56:04.636 63353 INFO tempest.common.waiters [-] State transition "BUILD/None" ==> "BUILD/networking" after 50 second wait
2025-02-20 17:56:04.675 63363 INFO tempest.lib.common.rest_client [req-a8c7edb1-b9de-43fa-ba2f-5aafab629684 req-a8c7edb1-b9de-43fa-ba2f-5aafab629684 ] Request (ServersTestFqdnHostnames:test_create_server_with_fqdn_name): 200 GET http://10.180.1.21/compute/v2.1/servers/c0db2b2a-9c06-409c-b48b-a0d5c127f2dc 0.064s
2025-02-20 17:56:04.753 63365 INFO tempest.lib.common.rest_client [req-43a4156d-564c-4a40-98b4-42c257ba4314 req-43a4156d-564c-4a40-98b4-42c257ba4314 ] Request (ServerActionsTestOtherB:setUpClass): 200 GET http://10.180.1.21/compute/v2.1/servers/c06813c4-472d-4bf9-84ec-0d01306bcd48 0.058s
2025-02-20 17:56:04.781 63332 INFO tempest.lib.common.rest_client [req-40d21454-c3f5-434b-8969-fe65c5f82921 req-40d21454-c3f5-434b-8969-fe65c5f82921 ] Request (ImagesOneServerTestJSON:tearDownClass): 200 GET http://10.180.1.21/compute/v2.1/servers/c9cc1ac7-06c6-415b-86ce-daf4849bfc05 0.078s
2025-02-20 17:56:04.812 63321 INFO tempest.lib.common.rest_client [req-92a6c541-e1ee-448d-807e-970085fc3632 req-92a6c541-e1ee-448d-807e-970085fc3632 ] Request (ServersTestMultiNic:test_verify_duplicate_network_nics): 200 GET http://10.180.1.21/compute/v2.1/servers/e2d39c43-6666-4fda-b8e2-485399c59e46 0.063s
2025-02-20 17:56:04.851 63311 INFO tempest.lib.common.rest_client [req-76f29e56-c0af-4005-84c0-b8b738618f12 req-76f29e56-c0af-4005-84c0-b8b738618f12 ] Request (AttachInterfacesV270Test:tearDownClass): 200 GET http://10.180.1.21/compute/v2.1/servers/ddf20137-4d63-4c7a-b519-445719265e1d 0.065s
2025-02-20 17:56:04.904 63337 INFO tempest.lib.common.rest_client [req-91fdb48c-2033-4c7d-8a77-6d583d329329 req-91fdb48c-2033-4c7d-8a77-6d583d329329 ] Request (ServerShowV247Test:tearDownClass): 200 GET http://10.180.1.21/compute/v2.1/servers/0dbafad1-ab21-439d-bc8e-e447ac33304e 0.060s
2025-02-20 17:56:04.977 63317 INFO tempest.lib.common.rest_client [req-10e2231c-23f1-4e75-8331-57a49a7c4b8c req-10e2231c-23f1-4e75-8331-57a49a7c4b8c ] Request (InstanceActionsTestJSON:tearDownClass): 200 GET http://10.180.1.21/compute/v2.1/servers/44fca05f-51db-4252-bcf8-6bcad37a6147 0.060s
2025-02-20 17:56:05.036 63305 INFO tempest.lib.common.rest_client [req-b4e72a3e-704b-41a6-932e-f41fd98aadc8 req-b4e72a3e-704b-41a6-932e-f41fd98aadc8 ] Request (ListServerFiltersTestJSON:setUpClass): 200 GET http://10.180.1.21/compute/v2.1/servers/0d96ba8e-b46b-48ae-957c-cdc49762c395 0.051s
2025-02-20 17:56:05.060 63339 INFO tempest.lib.common.rest_client [req-5142f78d-3d5f-4d5a-8c4b-180b3c7192e1 req-5142f78d-3d5f-4d5a-8c4b-180b3c7192e1 ] Request (MigrationsAdminTest:test_list_migrations_in_flavor_resize_situation): 200 GET http://10.180.1.21/compute/v2.1/servers/f3277886-4498-45c6-be68-e71d8293dc00 0.117s
2025-02-20 17:56:05.083 63349 INFO tempest.lib.common.rest_client [req-335b156b-1357-49b3-8319-0a160052d35e req-335b156b-1357-49b3-8319-0a160052d35e ] Request (TenantUsagesTestJSON:setUpClass): 200 GET http://10.180.1.21/compute/v2.1/servers/8a09beac-4b54-4fbb-9bac-3dcfe4c21fb3 0.093s
2025-02-20 17:56:05.133 63361 INFO tempest.lib.common.rest_client [req-62748bf3-9976-422a-8ea8-3891b2b2490c req-62748bf3-9976-422a-8ea8-3891b2b2490c ] Request (ServersTestBootFromVolume:setUpClass): 200 GET http://10.180.1.21/compute/v2.1/servers/8c7c8713-d5d7-490e-aba5-25d98bfbfaa0 0.048s
2025-02-20 17:56:05.245 63327 INFO tempest.lib.common.rest_client [req-40608557-f349-4d5f-9154-d06ef44d08a1 req-40608557-f349-4d5f-9154-d06ef44d08a1 ] Request (ServerMetadataTestJSON:tearDownClass): 200 GET http://10.180.1.21/compute/v2.1/servers/99886410-ec47-46ad-9d07-ee3593006997 0.057s
2025-02-20 17:56:05.264 63347 INFO tempest.lib.common.rest_client [req-bf5326de-6529-4cd8-8a1b-82e52ec96ce8 req-bf5326de-6529-4cd8-8a1b-82e52ec96ce8 ] Request (ServerActionsTestOtherA:setUpClass): 200 GET http://10.180.1.21/compute/v2.1/servers/d6137c80-0c09-4655-b264-472753b4fa9c 0.048s
2025-02-20 17:56:05.268 63341 WARNING tempest.lib.common.ssh [-] Failed to establish authenticated ssh connection to cirros@10.180.180.199 ([Errno None] Unable to connect to port 22 on 10.180.180.199). Number attempts: 1. Retry after 2 seconds.: paramiko.ssh_exception.NoValidConnectionsError: [Errno None] Unable to connect to port 22 on 10.180.180.199
2025-02-20 17:56:05.315 63323 INFO tempest.lib.common.rest_client [req-c387aaf7-50f0-4c5a-a5bb-d09198b8da46 req-c387aaf7-50f0-4c5a-a5bb-d09198b8da46 ] Request (ServersNegativeTestMultiTenantJSON:setUpClass): 200 GET http://10.180.1.21/compute/v2.1/servers/352ac7c3-17a8-4d7e-a66f-47ea7614892c 0.049s
2025-02-20 17:56:05.367 63359 INFO tempest.lib.common.rest_client [req-a659af03-729f-4efa-8081-f9db86d1f138 req-a659af03-729f-4efa-8081-f9db86d1f138 ] Request (FloatingIPsAssociationTestJSON:tearDownClass): 200 GET http://10.180.1.21/compute/v2.1/servers/c7a3f2c6-8368-49cc-9737-ea1d836f1783 0.055s
2025-02-20 17:56:05.393 63313 INFO tempest.lib.common.rest_client [req-40c7df36-8298-4ece-be78-dabcbfcb6612 req-40c7df36-8298-4ece-be78-dabcbfcb6612 ] Request (ServerRescueTestJSON:test_rescue_unrescue_instance): 200 GET http://10.180.1.21/compute/v2.1/servers/c3014718-1064-4ab9-9600-86490489ee4b 0.047s
2025-02-20 17:56:05.452 63355 INFO tempest.lib.common.rest_client [req-bb5b562f-7dad-45c7-a8c9-2a3b8f35689d req-bb5b562f-7dad-45c7-a8c9-2a3b8f35689d ] Request (ImagesTestJSON:test_create_image_from_suspended_server): 200 GET http://10.180.1.21/compute/v2.1/servers/b9db75ba-6832-45e8-8faf-d1cdaa7dabdd 0.046s
2025-02-20 17:56:05.497 63335 INFO tempest.lib.common.rest_client [req-1a9e8e97-d408-4def-8704-ccfebbbf1e51 req-1a9e8e97-d408-4def-8704-ccfebbbf1e51 ] Request (ServerDiskConfigTestJSON:test_rebuild_server_with_auto_disk_config): 200 GET http://10.180.1.21/compute/v2.1/servers/50e4934b-b9b1-4887-b5d1-95a37fbf4c41 0.048s
2025-02-20 17:56:05.556 63329 INFO tempest.lib.common.rest_client [req-12270af4-2511-4f7e-aec3-b54aec6d4355 req-12270af4-2511-4f7e-aec3-b54aec6d4355 ] Request (ServerMetadataNegativeTestJSON:setUpClass): 200 GET http://10.180.1.21/compute/v2.1/servers/22713da1-ae53-4bbe-ae55-2490440cbd87 0.053s
2025-02-20 17:56:05.598 63333 INFO tempest.lib.common.rest_client [req-bfdc550a-17bc-486d-bd57-327b9f0e200f req-bfdc550a-17bc-486d-bd57-327b9f0e200f ] Request (DeleteServersAdminTestJSON:test_delete_server_while_in_error_state): 200 GET http://10.180.1.21/compute/v2.1/servers/86d5d264-7a7a-434b-a1c4-e9a004c0a034 0.105s
2025-02-20 17:56:05.605 63333 INFO tempest.common.waiters [-] State transition "BUILD/spawning" ==> "ACTIVE/None" after 53 second wait
2025-02-20 17:56:05.625 63309 INFO tempest.lib.common.rest_client [req-9bffb36c-eba2-487d-bb1e-872c34b535c1 req-9bffb36c-eba2-487d-bb1e-872c34b535c1 ] Request (ServerShowV257Test:tearDownClass): 200 GET http://10.180.1.21/compute/v2.1/servers/2ae111f7-4eaa-46c2-ab97-907daa913834 0.060s
2025-02-20 17:56:05.649 63315 INFO tempest.lib.common.rest_client [req-3c87f5f1-b6b0-4f46-a2b7-85115208446e req-3c87f5f1-b6b0-4f46-a2b7-85115208446e ] Request (ServerActionsV293TestJSON:setUpClass): 200 GET http://10.180.1.21/compute/v2.1/servers/600195de-ceb4-41a6-9ade-dda8b898e4db 0.066s
2025-02-20 17:56:05.681 63333 INFO tempest.lib.common.rest_client [req-3496c868-5f00-40b4-890b-5e872468a1dd req-3496c868-5f00-40b4-890b-5e872468a1dd ] Request (DeleteServersAdminTestJSON:test_delete_server_while_in_error_state): 202 POST http://10.180.1.21/compute/v2.1/servers/86d5d264-7a7a-434b-a1c4-e9a004c0a034/action 0.075s
2025-02-20 17:56:05.695 63346 INFO tempest.lib.common.rest_client [req-f8754868-f71b-497d-aabf-977995705ac3 req-f8754868-f71b-497d-aabf-977995705ac3 ] Request (ListImageFiltersTestJSON:setUpClass): 204 PUT http://10.180.1.21/image/v2/images/30d343e5-b5be-4982-b0e5-13f37090e9b2/file 0.537s
2025-02-20 17:56:05.704 63319 INFO tempest.lib.common.rest_client [req-b64e5941-0a01-42d3-829d-52e2ba12b219 req-b64e5941-0a01-42d3-829d-52e2ba12b219 ] Request (ImagesOneServerNegativeTestJSON:_run_cleanups): 200 GET http://10.180.1.21/compute/v2.1/servers/e20ed04f-205b-4aa9-b8b6-e352cd237412 0.074s
2025-02-20 17:56:05.769 63353 INFO tempest.lib.common.rest_client [req-80c5d3e7-7f1d-4311-b31f-4ec3baf23646 req-80c5d3e7-7f1d-4311-b31f-4ec3baf23646 ] Request (ServersAdminTestJSON:setUpClass): 200 GET http://10.180.1.21/compute/v2.1/servers/b9d9fe4e-438c-4f68-b011-9eb9e10a381c 0.132s
2025-02-20 17:56:05.776 63353 INFO tempest.common.waiters [-] State transition "BUILD/networking" ==> "BUILD/spawning" after 51 second wait
2025-02-20 17:56:05.792 63333 INFO tempest.lib.common.rest_client [req-1f2a36e5-a885-41eb-a2ec-08591d9a62d7 req-1f2a36e5-a885-41eb-a2ec-08591d9a62d7 ] Request (DeleteServersAdminTestJSON:test_delete_server_while_in_error_state): 200 GET http://10.180.1.21/compute/v2.1/servers/86d5d264-7a7a-434b-a1c4-e9a004c0a034 0.111s
2025-02-20 17:56:05.814 63363 INFO tempest.lib.common.rest_client [req-63fd4bd6-41c0-4800-9e01-88925af4e1c5 req-63fd4bd6-41c0-4800-9e01-88925af4e1c5 ] Request (ServersTestFqdnHostnames:test_create_server_with_fqdn_name): 200 GET http://10.180.1.21/compute/v2.1/servers/c0db2b2a-9c06-409c-b48b-a0d5c127f2dc 0.132s
2025-02-20 17:56:05.830 63346 INFO tempest.lib.common.rest_client [req-40e74846-0ea7-4d76-be87-3bfca9449a6d req-40e74846-0ea7-4d76-be87-3bfca9449a6d ] Request (ListImageFiltersTestJSON:setUpClass): 200 GET http://10.180.1.21/compute/v2.1/images/30d343e5-b5be-4982-b0e5-13f37090e9b2 0.134s
2025-02-20 17:56:05.862 63365 INFO tempest.lib.common.rest_client [req-0fdc6994-a1c4-4884-b98f-426846c62484 req-0fdc6994-a1c4-4884-b98f-426846c62484 ] Request (ServerActionsTestOtherB:setUpClass): 200 GET http://10.180.1.21/compute/v2.1/servers/c06813c4-472d-4bf9-84ec-0d01306bcd48 0.100s
2025-02-20 17:56:05.888 63332 INFO tempest.lib.common.rest_client [req-b9c3f57a-6a57-4340-8c60-467af2ef8748 req-b9c3f57a-6a57-4340-8c60-467af2ef8748 ] Request (ImagesOneServerTestJSON:tearDownClass): 200 GET http://10.180.1.21/compute/v2.1/servers/c9cc1ac7-06c6-415b-86ce-daf4849bfc05 0.094s
2025-02-20 17:56:05.932 63333 INFO tempest.lib.common.rest_client [req-10107302-ac52-488d-9e70-d2e14676970a req-10107302-ac52-488d-9e70-d2e14676970a ] Request (DeleteServersAdminTestJSON:test_delete_server_while_in_error_state): 204 DELETE http://10.180.1.21/compute/v2.1/servers/86d5d264-7a7a-434b-a1c4-e9a004c0a034 0.131s
2025-02-20 17:56:05.936 63321 INFO tempest.lib.common.rest_client [req-1673e416-e2b8-460a-815b-eb6b08716bb2 req-1673e416-e2b8-460a-815b-eb6b08716bb2 ] Request (ServersTestMultiNic:test_verify_duplicate_network_nics): 200 GET http://10.180.1.21/compute/v2.1/servers/e2d39c43-6666-4fda-b8e2-485399c59e46 0.117s
2025-02-20 17:56:05.973 63346 INFO tempest.lib.common.rest_client [req-1266c298-a172-472f-b25d-14f2a0616cdf req-1266c298-a172-472f-b25d-14f2a0616cdf ] Request (ListImageFiltersTestJSON:setUpClass): 200 GET http://10.180.1.21/compute/v2.1/images/30d343e5-b5be-4982-b0e5-13f37090e9b2 0.139s
2025-02-20 17:56:06.004 63311 INFO tempest.lib.common.rest_client [req-0f20b0e9-4fe1-4690-9191-278e9cf92ffe req-0f20b0e9-4fe1-4690-9191-278e9cf92ffe ] Request (AttachInterfacesV270Test:tearDownClass): 200 GET http://10.180.1.21/compute/v2.1/servers/ddf20137-4d63-4c7a-b519-445719265e1d 0.144s
2025-02-20 17:56:06.066 63337 INFO tempest.lib.common.rest_client [req-1c28cd95-99a2-4661-a101-c788db293400 req-1c28cd95-99a2-4661-a101-c788db293400 ] Request (ServerShowV247Test:tearDownClass): 200 GET http://10.180.1.21/compute/v2.1/servers/0dbafad1-ab21-439d-bc8e-e447ac33304e 0.151s
2025-02-20 17:56:06.107 63333 INFO tempest.lib.common.rest_client [req-99bf6d06-eef4-4268-9e8a-c9d869ba5efb req-99bf6d06-eef4-4268-9e8a-c9d869ba5efb ] Request (DeleteServersAdminTestJSON:test_delete_server_while_in_error_state): 200 GET http://10.180.1.21/compute/v2.1/servers/86d5d264-7a7a-434b-a1c4-e9a004c0a034 0.174s
2025-02-20 17:56:06.152 63317 INFO tempest.lib.common.rest_client [req-a4345a55-febc-4d4b-bd8c-026bb530f330 req-a4345a55-febc-4d4b-bd8c-026bb530f330 ] Request (InstanceActionsTestJSON:tearDownClass): 200 GET http://10.180.1.21/compute/v2.1/servers/44fca05f-51db-4252-bcf8-6bcad37a6147 0.167s
2025-02-20 17:56:06.187 63305 INFO tempest.lib.common.rest_client [req-38a37809-db01-44e7-9f37-58b9d1712f01 req-38a37809-db01-44e7-9f37-58b9d1712f01 ] Request (ListServerFiltersTestJSON:setUpClass): 200 GET http://10.180.1.21/compute/v2.1/servers/0d96ba8e-b46b-48ae-957c-cdc49762c395 0.142s
2025-02-20 17:56:06.233 63349 INFO tempest.lib.common.rest_client [req-7dc65ab3-1096-4fe3-bad5-40bf1c5888f5 req-7dc65ab3-1096-4fe3-bad5-40bf1c5888f5 ] Request (TenantUsagesTestJSON:setUpClass): 200 GET http://10.180.1.21/compute/v2.1/servers/8a09beac-4b54-4fbb-9bac-3dcfe4c21fb3 0.141s
2025-02-20 17:56:06.285 63361 INFO tempest.lib.common.rest_client [req-12a345e0-2f11-4105-a8e5-b5d1d828f33f req-12a345e0-2f11-4105-a8e5-b5d1d828f33f ] Request (ServersTestBootFromVolume:setUpClass): 200 GET http://10.180.1.21/compute/v2.1/servers/8c7c8713-d5d7-490e-aba5-25d98bfbfaa0 0.143s
2025-02-20 17:56:06.287 63346 INFO tempest.lib.common.rest_client [req-17114d0c-f4ac-4078-9bb9-89fa2e2c396c req-17114d0c-f4ac-4078-9bb9-89fa2e2c396c ] Request (ListImageFiltersTestJSON:setUpClass): 201 POST http://10.180.1.21/image/v2/images 0.310s
2025-02-20 17:56:06.342 63327 INFO tempest.lib.common.rest_client [req-b5350585-28ac-4fc4-8bd0-69845e7ad932 req-b5350585-28ac-4fc4-8bd0-69845e7ad932 ] Request (ServerMetadataTestJSON:tearDownClass): 200 GET http://10.180.1.21/compute/v2.1/servers/99886410-ec47-46ad-9d07-ee3593006997 0.088s
2025-02-20 17:56:06.350 63339 INFO tempest.lib.common.rest_client [req-10a0baaa-ace4-47f5-b494-a0a9540cb3ef req-10a0baaa-ace4-47f5-b494-a0a9540cb3ef ] Request (MigrationsAdminTest:test_list_migrations_in_flavor_resize_situation): 200 GET http://10.180.1.21/compute/v2.1/servers/f3277886-4498-45c6-be68-e71d8293dc00 0.280s
2025-02-20 17:56:06.393 63347 INFO tempest.lib.common.rest_client [req-0098f327-df11-433e-947e-ab288b78f46f req-0098f327-df11-433e-947e-ab288b78f46f ] Request (ServerActionsTestOtherA:setUpClass): 200 GET http://10.180.1.21/compute/v2.1/servers/d6137c80-0c09-4655-b264-472753b4fa9c 0.121s
2025-02-20 17:56:06.407 63323 INFO tempest.lib.common.rest_client [req-55da728f-2edb-4a35-aa3a-c92d384becf3 req-55da728f-2edb-4a35-aa3a-c92d384becf3 ] Request (ServersNegativeTestMultiTenantJSON:setUpClass): 200 GET http://10.180.1.21/compute/v2.1/servers/352ac7c3-17a8-4d7e-a66f-47ea7614892c 0.083s
2025-02-20 17:56:06.454 63359 INFO tempest.lib.common.rest_client [req-edc83953-efef-4ede-b458-5a6a0693a2d5 req-edc83953-efef-4ede-b458-5a6a0693a2d5 ] Request (FloatingIPsAssociationTestJSON:tearDownClass): 200 GET http://10.180.1.21/compute/v2.1/servers/c7a3f2c6-8368-49cc-9737-ea1d836f1783 0.079s
2025-02-20 17:56:06.458 63313 INFO tempest.lib.common.rest_client [req-93d7ae90-2155-44ef-a68c-c142351f0886 req-93d7ae90-2155-44ef-a68c-c142351f0886 ] Request (ServerRescueTestJSON:test_rescue_unrescue_instance): 200 GET http://10.180.1.21/compute/v2.1/servers/c3014718-1064-4ab9-9600-86490489ee4b 0.058s
2025-02-20 17:56:06.514 63355 INFO tempest.lib.common.rest_client [req-f3356dea-3940-4f64-a5d8-fb1eef150dee req-f3356dea-3940-4f64-a5d8-fb1eef150dee ] Request (ImagesTestJSON:test_create_image_from_suspended_server): 200 GET http://10.180.1.21/compute/v2.1/servers/b9db75ba-6832-45e8-8faf-d1cdaa7dabdd 0.052s
2025-02-20 17:56:06.564 63335 INFO tempest.lib.common.rest_client [req-03ee25e5-a804-4743-9575-0d5eaf589ae3 req-03ee25e5-a804-4743-9575-0d5eaf589ae3 ] Request (ServerDiskConfigTestJSON:test_rebuild_server_with_auto_disk_config): 200 GET http://10.180.1.21/compute/v2.1/servers/50e4934b-b9b1-4887-b5d1-95a37fbf4c41 0.060s
2025-02-20 17:56:06.626 63329 INFO tempest.lib.common.rest_client [req-5ef272b1-ffaf-4b66-ad6b-0d466078e2f8 req-5ef272b1-ffaf-4b66-ad6b-0d466078e2f8 ] Request (ServerMetadataNegativeTestJSON:setUpClass): 200 GET http://10.180.1.21/compute/v2.1/servers/22713da1-ae53-4bbe-ae55-2490440cbd87 0.062s
2025-02-20 17:56:06.703 63309 INFO tempest.lib.common.rest_client [req-b4028c71-b200-49a3-8f76-a1e51f053e67 req-b4028c71-b200-49a3-8f76-a1e51f053e67 ] Request (ServerShowV257Test:tearDownClass): 200 GET http://10.180.1.21/compute/v2.1/servers/2ae111f7-4eaa-46c2-ab97-907daa913834 0.066s
2025-02-20 17:56:06.728 63315 INFO tempest.lib.common.rest_client [req-e58176a7-8419-4f3e-b7d2-24ade70e9117 req-e58176a7-8419-4f3e-b7d2-24ade70e9117 ] Request (ServerActionsV293TestJSON:setUpClass): 200 GET http://10.180.1.21/compute/v2.1/servers/600195de-ceb4-41a6-9ade-dda8b898e4db 0.064s
2025-02-20 17:56:06.778 63319 INFO tempest.lib.common.rest_client [req-1dadb3f4-d57e-42b3-a015-88fe4f24998a req-1dadb3f4-d57e-42b3-a015-88fe4f24998a ] Request (ImagesOneServerNegativeTestJSON:_run_cleanups): 200 GET http://10.180.1.21/compute/v2.1/servers/e20ed04f-205b-4aa9-b8b6-e352cd237412 0.066s
2025-02-20 17:56:06.866 63307 WARNING tempest.lib.common.ssh [-] Failed to establish authenticated ssh connection to cirros@10.180.180.185 ([Errno None] Unable to connect to port 22 on 10.180.180.185). Number attempts: 3. Retry after 4 seconds.: paramiko.ssh_exception.NoValidConnectionsError: [Errno None] Unable to connect to port 22 on 10.180.180.185
2025-02-20 17:56:06.883 63363 INFO tempest.lib.common.rest_client [req-11890de4-2d60-49ff-aa70-300b9751bf2d req-11890de4-2d60-49ff-aa70-300b9751bf2d ] Request (ServersTestFqdnHostnames:test_create_server_with_fqdn_name): 200 GET http://10.180.1.21/compute/v2.1/servers/c0db2b2a-9c06-409c-b48b-a0d5c127f2dc 0.061s
2025-02-20 17:56:06.904 63353 INFO tempest.lib.common.rest_client [req-3e8de70e-a10b-424a-b45b-699bbb455af8 req-3e8de70e-a10b-424a-b45b-699bbb455af8 ] Request (ServersAdminTestJSON:setUpClass): 200 GET http://10.180.1.21/compute/v2.1/servers/b9d9fe4e-438c-4f68-b011-9eb9e10a381c 0.127s
2025-02-20 17:56:06.935 63365 INFO tempest.lib.common.rest_client [req-f80328a8-cc90-4433-a63a-a89fa5aea1df req-f80328a8-cc90-4433-a63a-a89fa5aea1df ] Request (ServerActionsTestOtherB:setUpClass): 200 GET http://10.180.1.21/compute/v2.1/servers/c06813c4-472d-4bf9-84ec-0d01306bcd48 0.065s
2025-02-20 17:56:06.957 63332 INFO tempest.lib.common.rest_client [req-d6e98011-a57e-48e5-982f-4fe418e09d50 req-d6e98011-a57e-48e5-982f-4fe418e09d50 ] Request (ImagesOneServerTestJSON:tearDownClass): 200 GET http://10.180.1.21/compute/v2.1/servers/c9cc1ac7-06c6-415b-86ce-daf4849bfc05 0.061s
2025-02-20 17:56:07.000 63321 INFO tempest.lib.common.rest_client [req-bb337e54-9084-437d-bc81-2f42ffc93250 req-bb337e54-9084-437d-bc81-2f42ffc93250 ] Request (ServersTestMultiNic:test_verify_duplicate_network_nics): 200 GET http://10.180.1.21/compute/v2.1/servers/e2d39c43-6666-4fda-b8e2-485399c59e46 0.053s
2025-02-20 17:56:07.079 63311 INFO tempest.lib.common.rest_client [req-ad66ca48-b747-4f4a-9959-9c9b28e5e3a8 req-ad66ca48-b747-4f4a-9959-9c9b28e5e3a8 ] Request (AttachInterfacesV270Test:tearDownClass): 200 GET http://10.180.1.21/compute/v2.1/servers/ddf20137-4d63-4c7a-b519-445719265e1d 0.061s
2025-02-20 17:56:07.142 63337 INFO tempest.lib.common.rest_client [req-e91de472-9054-4995-b63e-5de1362385e7 req-e91de472-9054-4995-b63e-5de1362385e7 ] Request (ServerShowV247Test:tearDownClass): 200 GET http://10.180.1.21/compute/v2.1/servers/0dbafad1-ab21-439d-bc8e-e447ac33304e 0.059s
2025-02-20 17:56:07.218 63317 INFO tempest.lib.common.rest_client [req-fd334ff1-d42a-491e-ae15-cb9f08d036a9 req-fd334ff1-d42a-491e-ae15-cb9f08d036a9 ] Request (InstanceActionsTestJSON:tearDownClass): 200 GET http://10.180.1.21/compute/v2.1/servers/44fca05f-51db-4252-bcf8-6bcad37a6147 0.055s
2025-02-20 17:56:07.238 63333 INFO tempest.lib.common.rest_client [req-f62b5ad1-4d92-4338-b909-0599819627c4 req-f62b5ad1-4d92-4338-b909-0599819627c4 ] Request (DeleteServersAdminTestJSON:test_delete_server_while_in_error_state): 200 GET http://10.180.1.21/compute/v2.1/servers/86d5d264-7a7a-434b-a1c4-e9a004c0a034 0.123s
2025-02-20 17:56:07.262 63305 INFO tempest.lib.common.rest_client [req-478f4e0d-a234-4169-a333-a95e2e20ef5e req-478f4e0d-a234-4169-a333-a95e2e20ef5e ] Request (ListServerFiltersTestJSON:setUpClass): 200 GET http://10.180.1.21/compute/v2.1/servers/0d96ba8e-b46b-48ae-957c-cdc49762c395 0.067s
2025-02-20 17:56:07.286 63349 INFO tempest.lib.common.rest_client [req-52cd90bf-164c-44d7-bbd6-3bb3f8404952 req-52cd90bf-164c-44d7-bbd6-3bb3f8404952 ] Request (TenantUsagesTestJSON:setUpClass): 200 GET http://10.180.1.21/compute/v2.1/servers/8a09beac-4b54-4fbb-9bac-3dcfe4c21fb3 0.045s
2025-02-20 17:56:07.345 63361 INFO tempest.lib.common.rest_client [req-ff196b40-7257-4997-bbe2-7920947ee410 req-ff196b40-7257-4997-bbe2-7920947ee410 ] Request (ServersTestBootFromVolume:setUpClass): 200 GET http://10.180.1.21/compute/v2.1/servers/8c7c8713-d5d7-490e-aba5-25d98bfbfaa0 0.050s
2025-02-20 17:56:07.413 63327 INFO tempest.lib.common.rest_client [req-510cb762-28f0-47b7-913f-b05d8cc6f869 req-510cb762-28f0-47b7-913f-b05d8cc6f869 ] Request (ServerMetadataTestJSON:tearDownClass): 200 GET http://10.180.1.21/compute/v2.1/servers/99886410-ec47-46ad-9d07-ee3593006997 0.061s
2025-02-20 17:56:07.450 63339 INFO tempest.lib.common.rest_client [req-ca8c9016-0a49-4985-b7ca-24bfece41a32 req-ca8c9016-0a49-4985-b7ca-24bfece41a32 ] Request (MigrationsAdminTest:test_list_migrations_in_flavor_resize_situation): 200 GET http://10.180.1.21/compute/v2.1/servers/f3277886-4498-45c6-be68-e71d8293dc00 0.092s
2025-02-20 17:56:07.459 63347 INFO tempest.lib.common.rest_client [req-bfbcb479-78c2-4627-9a65-7f06c03cdcac req-bfbcb479-78c2-4627-9a65-7f06c03cdcac ] Request (ServerActionsTestOtherA:setUpClass): 200 GET http://10.180.1.21/compute/v2.1/servers/d6137c80-0c09-4655-b264-472753b4fa9c 0.058s
2025-02-20 17:56:07.503 63323 INFO tempest.lib.common.rest_client [req-5deb3763-f388-4160-8bb1-3534894b42cb req-5deb3763-f388-4160-8bb1-3534894b42cb ] Request (ServersNegativeTestMultiTenantJSON:setUpClass): 200 GET http://10.180.1.21/compute/v2.1/servers/352ac7c3-17a8-4d7e-a66f-47ea7614892c 0.089s
2025-02-20 17:56:07.520 63359 INFO tempest.lib.common.rest_client [req-fd8f8a32-df31-4f0e-adb0-76f041d67ec5 req-fd8f8a32-df31-4f0e-adb0-76f041d67ec5 ] Request (FloatingIPsAssociationTestJSON:tearDownClass): 200 GET http://10.180.1.21/compute/v2.1/servers/c7a3f2c6-8368-49cc-9737-ea1d836f1783 0.059s
2025-02-20 17:56:07.566 63313 INFO tempest.lib.common.rest_client [req-b37962a2-a313-4b1b-97c1-ea92fde2cec3 req-b37962a2-a313-4b1b-97c1-ea92fde2cec3 ] Request (ServerRescueTestJSON:test_rescue_unrescue_instance): 200 GET http://10.180.1.21/compute/v2.1/servers/c3014718-1064-4ab9-9600-86490489ee4b 0.097s
2025-02-20 17:56:07.574 63355 INFO tempest.lib.common.rest_client [req-0fa68a39-1925-4f2a-b07a-91b0feceb6be req-0fa68a39-1925-4f2a-b07a-91b0feceb6be ] Request (ImagesTestJSON:test_create_image_from_suspended_server): 200 GET http://10.180.1.21/compute/v2.1/servers/b9db75ba-6832-45e8-8faf-d1cdaa7dabdd 0.052s
2025-02-20 17:56:07.633 63335 INFO tempest.lib.common.rest_client [req-42d9294e-ac1a-480c-b217-09af7777ae71 req-42d9294e-ac1a-480c-b217-09af7777ae71 ] Request (ServerDiskConfigTestJSON:test_rebuild_server_with_auto_disk_config): 200 GET http://10.180.1.21/compute/v2.1/servers/50e4934b-b9b1-4887-b5d1-95a37fbf4c41 0.060s
2025-02-20 17:56:07.687 63329 INFO tempest.lib.common.rest_client [req-ee414d1e-382d-48b9-a3f5-46e5de59478d req-ee414d1e-382d-48b9-a3f5-46e5de59478d ] Request (ServerMetadataNegativeTestJSON:setUpClass): 200 GET http://10.180.1.21/compute/v2.1/servers/22713da1-ae53-4bbe-ae55-2490440cbd87 0.053s
2025-02-20 17:56:07.773 63309 INFO tempest.lib.common.rest_client [req-98f6533d-5ab5-4bfc-8e5b-bdab84387e9d req-98f6533d-5ab5-4bfc-8e5b-bdab84387e9d ] Request (ServerShowV257Test:tearDownClass): 200 GET http://10.180.1.21/compute/v2.1/servers/2ae111f7-4eaa-46c2-ab97-907daa913834 0.060s
2025-02-20 17:56:07.793 63315 INFO tempest.lib.common.rest_client [req-4da0a781-09fc-4420-b77e-28e3e5a6aa81 req-4da0a781-09fc-4420-b77e-28e3e5a6aa81 ] Request (ServerActionsV293TestJSON:setUpClass): 200 GET http://10.180.1.21/compute/v2.1/servers/600195de-ceb4-41a6-9ade-dda8b898e4db 0.054s
