2025-02-20 17:57:08.925 63339 INFO tempest.lib.common.rest_client [req-30831884-9aa9-4560-832c-49486defefaa req-30831884-9aa9-4560-832c-49486defefaa ] Request (MigrationsAdminTest:test_list_migrations_in_flavor_resize_situation): 201 POST http://10.180.1.21:9696/networking/v2.0/security-groups 0.121s
2025-02-20 17:57:08.934 63353 INFO tempest.lib.common.rest_client [req-f96de58a-658f-453c-8166-fb06d5177c89 req-f96de58a-658f-453c-8166-fb06d5177c89 ] Request (ServersAdminTestJSON:test_create_server_with_scheduling_hint): 200 GET http://10.180.1.21/compute/v2.1/servers/3e45e7f3-a34f-4eab-9fff-1c874c832e2a 0.433s
2025-02-20 17:57:08.935 63311 INFO tempest.lib.common.rest_client [req-16aa21ab-0caf-4c84-8738-f6ee29a0f9d4 req-16aa21ab-0caf-4c84-8738-f6ee29a0f9d4 ] Request (DeleteServersTestJSON:test_delete_active_server): 200 GET http://10.180.1.21/compute/v2.1/servers/af87f1a5-b413-4b26-be91-474ad1f73df8 0.402s
2025-02-20 17:57:08.997 63315 INFO tempest.lib.common.rest_client [req-3d19abe8-e471-4a17-9727-dc9042a9ffa4 req-3d19abe8-e471-4a17-9727-dc9042a9ffa4 ] Request (ServerActionsV293TestJSON:setUpClass): 200 GET http://10.180.1.21/compute/v2.1/servers/600195de-ceb4-41a6-9ade-dda8b898e4db 0.242s
2025-02-20 17:57:09.015 63337 INFO tempest.lib.common.rest_client [req-27d2ef1f-ff26-4c59-9790-eb5ccd611ed0 req-27d2ef1f-ff26-4c59-9790-eb5ccd611ed0 ] Request (ValidationResourcesFixture:setUp): 201 POST http://10.180.1.21:9696/networking/v2.0/security-groups 0.144s
2025-02-20 17:57:09.055 63333 INFO tempest.lib.common.rest_client [req-ef69775f-5c45-4fb0-82a3-5dcfb4d2beef req-ef69775f-5c45-4fb0-82a3-5dcfb4d2beef ] Request (ServersAdminNegativeTestJSON:setUpClass): 200 GET http://10.180.1.21/compute/v2.1/servers/15326f55-2db8-47c3-b1fd-ce8ba1174c79 0.251s
2025-02-20 17:57:09.082 63339 INFO tempest.lib.common.rest_client [req-79f99c52-29f4-4c11-98d7-ddb11fa20fba req-79f99c52-29f4-4c11-98d7-ddb11fa20fba ] Request (MigrationsAdminTest:test_list_migrations_in_flavor_resize_situation): 201 POST http://10.180.1.21:9696/networking/v2.0/security-group-rules 0.156s
2025-02-20 17:57:09.141 63337 INFO tempest.lib.common.rest_client [req-387b1da2-4dd6-4db0-94e5-192f6ed4712b req-387b1da2-4dd6-4db0-94e5-192f6ed4712b ] Request (ValidationResourcesFixture:setUp): 201 POST http://10.180.1.21:9696/networking/v2.0/security-group-rules 0.125s
2025-02-20 17:57:09.204 63329 INFO tempest.lib.common.rest_client [req-7a3778f1-b941-4a70-afbc-7db28bccc5ce req-7a3778f1-b941-4a70-afbc-7db28bccc5ce ] Request (ServerMetadataNegativeTestJSON:setUpClass): 200 GET http://10.180.1.21/compute/v2.1/servers/22713da1-ae53-4bbe-ae55-2490440cbd87 0.244s
2025-02-20 17:57:09.223 63357 INFO tempest.lib.common.rest_client [req-7f1e35c1-638b-48cc-a168-0b1c31807164 req-7f1e35c1-638b-48cc-a168-0b1c31807164 ] Request (VolumesAssistedSnapshotsTest:_run_cleanups): 200 GET http://10.180.1.21/volume/v3/volumes/c445674d-5769-47ff-8906-73aeab7bd17c 0.048s
2025-02-20 17:57:09.232 63339 INFO tempest.lib.common.rest_client [req-bd5ee5ca-115b-439f-b581-8f92b1a0dd44 req-bd5ee5ca-115b-439f-b581-8f92b1a0dd44 ] Request (MigrationsAdminTest:test_list_migrations_in_flavor_resize_situation): 201 POST http://10.180.1.21:9696/networking/v2.0/security-group-rules 0.149s
2025-02-20 17:57:09.273 63337 INFO tempest.lib.common.rest_client [req-b70a5c34-e317-4e70-97f6-c29aacd11855 req-b70a5c34-e317-4e70-97f6-c29aacd11855 ] Request (ValidationResourcesFixture:setUp): 201 POST http://10.180.1.21:9696/networking/v2.0/security-group-rules 0.132s
2025-02-20 17:57:09.274 63349 INFO tempest.lib.common.rest_client [req-5b80a12c-5813-4e27-9609-afc09aa4fd49 req-5b80a12c-5813-4e27-9609-afc09aa4fd49 ] Request (TenantUsagesTestJSON:tearDownClass): 200 GET http://10.180.1.21/compute/v2.1/servers/8a09beac-4b54-4fbb-9bac-3dcfe4c21fb3 0.260s
2025-02-20 17:57:09.336 63355 INFO tempest.lib.common.rest_client [req-f7341edf-d2fc-4cee-8fa2-a8d47e5bbbfd req-f7341edf-d2fc-4cee-8fa2-a8d47e5bbbfd ] Request (ImagesTestJSON:test_create_server_from_snapshot): 200 GET http://10.180.1.21/compute/v2.1/servers/cd11b318-9158-4f1d-8aa8-1c9d565bb5d5 0.266s
2025-02-20 17:57:09.410 63365 INFO tempest.lib.common.rest_client [req-a16eb074-498b-4d94-88cf-8285ace128fd req-a16eb074-498b-4d94-88cf-8285ace128fd ] Request (ServerActionsTestOtherB:setUpClass): 200 GET http://10.180.1.21/compute/v2.1/servers/c06813c4-472d-4bf9-84ec-0d01306bcd48 0.274s
2025-02-20 17:57:09.473 63332 INFO tempest.lib.common.rest_client [req-30bf9a95-e74c-4fd5-ae77-50c49f3edb9f req-30bf9a95-e74c-4fd5-ae77-50c49f3edb9f ] Request (ServersTestJSON:setUpClass): 200 GET http://10.180.1.21/compute/v2.1/servers/7e914e49-0d70-4024-940b-ad2a15e9dff7 0.287s
2025-02-20 17:57:09.545 63359 INFO tempest.lib.common.rest_client [req-0967b52f-7141-45c3-96b5-07dc7e955823 req-0967b52f-7141-45c3-96b5-07dc7e955823 ] Request (FloatingIPDetailsTestJSON:setUpClass): 200 POST http://10.180.1.21/compute/v2.1/os-floating-ips 0.794s
2025-02-20 17:57:09.549 63319 INFO tempest.lib.common.rest_client [req-bee619f4-e37a-48a1-8422-f21dc86e15e1 req-bee619f4-e37a-48a1-8422-f21dc86e15e1 ] Request (ImagesOneServerNegativeTestJSON:_run_cleanups): 200 GET http://10.180.1.21/compute/v2.1/servers/a4b0d948-d950-414a-b23f-faefa5ab038c 0.103s
2025-02-20 17:57:09.611 63321 INFO tempest.lib.common.rest_client [req-f7440ffb-f165-4ceb-b43d-6166de98cbbe req-f7440ffb-f165-4ceb-b43d-6166de98cbbe ] Request (ServersTestMultiNic:test_verify_duplicate_network_nics): 200 GET http://10.180.1.21/compute/v2.1/servers/e2d39c43-6666-4fda-b8e2-485399c59e46 0.106s
2025-02-20 17:57:09.621 63321 INFO tempest.common.waiters [-] State transition "BUILD/None" ==> "BUILD/networking" after 84 second wait
2025-02-20 17:57:09.671 63327 INFO tempest.lib.common.rest_client [req-fd29af47-1ee2-4d6b-99ec-1a4b106236b3 req-fd29af47-1ee2-4d6b-99ec-1a4b106236b3 ] Request (AttachVolumeTestJSON:test_attach_detach_volume): 200 GET http://10.180.1.21/compute/v2.1/servers/da88308f-ce62-40af-adae-e38aa506bdd9 0.115s
2025-02-20 17:57:09.730 63323 INFO tempest.lib.common.rest_client [req-716de9fb-3845-4b2a-a295-2fe97a332276 req-716de9fb-3845-4b2a-a295-2fe97a332276 ] Request (ServersNegativeTestMultiTenantJSON:setUpClass): 200 GET http://10.180.1.21/compute/v2.1/servers/352ac7c3-17a8-4d7e-a66f-47ea7614892c 0.110s
2025-02-20 17:57:09.795 63346 INFO tempest.lib.common.rest_client [req-27ce3a8d-5ea8-4efe-8fa2-0937cfd9125e req-27ce3a8d-5ea8-4efe-8fa2-0937cfd9125e ] Request (ListImageFiltersTestJSON:setUpClass): 200 GET http://10.180.1.21/compute/v2.1/servers/5982cd5d-abf1-42d4-bb44-8d79de599f11 0.118s
2025-02-20 17:57:09.849 63335 INFO tempest.lib.common.rest_client [req-e65e8cd1-e349-45b1-a2d8-674c292be9be req-e65e8cd1-e349-45b1-a2d8-674c292be9be ] Request (ServerDiskConfigTestJSON:test_rebuild_server_with_auto_disk_config): 200 GET http://10.180.1.21/compute/v2.1/servers/50e4934b-b9b1-4887-b5d1-95a37fbf4c41 0.122s
2025-02-20 17:57:09.968 63305 INFO tempest.lib.common.rest_client [req-13f84630-56db-4c78-94c0-9dbb147efeaf req-13f84630-56db-4c78-94c0-9dbb147efeaf ] Request (ListServerFiltersTestJSON:setUpClass): 200 GET http://10.180.1.21/compute/v2.1/servers/0d96ba8e-b46b-48ae-957c-cdc49762c395 0.141s
2025-02-20 17:57:10.036 63313 INFO tempest.lib.common.rest_client [req-83b34ccf-3138-45e8-bd6a-827f7cd13b08 req-83b34ccf-3138-45e8-bd6a-827f7cd13b08 ] Request (ServerRescueTestJSON:tearDownClass): 200 GET http://10.180.1.21/compute/v2.1/servers/c3014718-1064-4ab9-9600-86490489ee4b 0.145s
2025-02-20 17:57:10.095 63311 INFO tempest.lib.common.rest_client [req-808581d7-d4b6-4719-b042-98b01b4ed81a req-808581d7-d4b6-4719-b042-98b01b4ed81a ] Request (DeleteServersTestJSON:test_delete_active_server): 200 GET http://10.180.1.21/compute/v2.1/servers/af87f1a5-b413-4b26-be91-474ad1f73df8 0.151s
2025-02-20 17:57:10.170 63353 INFO tempest.lib.common.rest_client [req-0f39f064-8846-4778-9d65-ab63598aa825 req-0f39f064-8846-4778-9d65-ab63598aa825 ] Request (ServersAdminTestJSON:test_create_server_with_scheduling_hint): 200 GET http://10.180.1.21/compute/v2.1/servers/3e45e7f3-a34f-4eab-9fff-1c874c832e2a 0.220s
2025-02-20 17:57:10.277 63357 INFO tempest.lib.common.rest_client [req-7db3dd9b-dcea-4e2f-adce-132b776fd2a1 req-7db3dd9b-dcea-4e2f-adce-132b776fd2a1 ] Request (VolumesAssistedSnapshotsTest:_run_cleanups): 200 GET http://10.180.1.21/volume/v3/volumes/c445674d-5769-47ff-8906-73aeab7bd17c 0.038s
2025-02-20 17:57:10.358 63339 INFO tempest.lib.common.rest_client [req-b12597ae-c0c6-4601-b937-ed7e8218d7a6 req-b12597ae-c0c6-4601-b937-ed7e8218d7a6 ] Request (MigrationsAdminTest:test_list_migrations_in_flavor_resize_situation): 201 POST http://10.180.1.21:9696/networking/v2.0/floatingips 1.126s
2025-02-20 17:57:10.376 63337 INFO tempest.lib.common.rest_client [req-0fb7fb8e-fed5-4e15-b19b-6977dac098b6 req-0fb7fb8e-fed5-4e15-b19b-6977dac098b6 ] Request (ValidationResourcesFixture:setUp): 201 POST http://10.180.1.21:9696/networking/v2.0/floatingips 1.102s
2025-02-20 17:57:10.420 63337 INFO tempest.lib.common.rest_client [req-0b628b02-a968-4adb-9d58-365bf3c2ccc2 req-0b628b02-a968-4adb-9d58-365bf3c2ccc2 ] Request (AttachVolumeShelveTestJSON:test_attach_volume_shelved_or_offload_server): 201 POST http://10.180.1.21/identity/v3/auth/tokens 0.042s
2025-02-20 17:57:10.423 63337 INFO tempest.lib.common.fixed_network [-] (AttachVolumeShelveTestJSON:test_attach_volume_shelved_or_offload_server) Found network {'id': '2b335013-49f6-4f84-b6b6-33d71818b2b9', 'name': 'tempest-AttachVolumeShelveTestJSON-2106845332-network', 'tenant_id': '11332c2adbdc41928d4bf084435e2037', 'admin_state_up': True, 'mtu': 8950, 'status': 'ACTIVE', 'subnets': [], 'shared': False, 'project_id': '11332c2adbdc41928d4bf084435e2037', 'port_security_enabled': True, 'router:external': False, 'provider:network_type': 'vlan', 'provider:physical_network': 'default', 'provider:segmentation_id': 145, 'availability_zone_hints': [], 'availability_zones': [], 'ipv4_address_scope': None, 'ipv6_address_scope': None, 'description': '', 'tags': [], 'created_at': '2025-02-20T17:57:05Z', 'updated_at': '2025-02-20T17:57:05Z', 'revision_number': 1} available for tenant
2025-02-20 17:57:10.474 63315 INFO tempest.lib.common.rest_client [req-3fab43d0-0730-402a-b160-be5e419549ce req-3fab43d0-0730-402a-b160-be5e419549ce ] Request (ServerActionsV293TestJSON:setUpClass): 200 GET http://10.180.1.21/compute/v2.1/servers/600195de-ceb4-41a6-9ade-dda8b898e4db 0.464s
2025-02-20 17:57:10.531 63333 INFO tempest.lib.common.rest_client [req-a3e7f12c-1ae8-469e-aa81-89100ac00dd8 req-a3e7f12c-1ae8-469e-aa81-89100ac00dd8 ] Request (ServersAdminNegativeTestJSON:setUpClass): 200 GET http://10.180.1.21/compute/v2.1/servers/15326f55-2db8-47c3-b1fd-ce8ba1174c79 0.465s
2025-02-20 17:57:10.610 63347 WARNING tempest.lib.common.ssh [-] Failed to establish authenticated ssh connection to cirros@10.180.180.168 ([Errno None] Unable to connect to port 22 on 10.180.180.168). Number attempts: 4. Retry after 5 seconds.: paramiko.ssh_exception.NoValidConnectionsError: [Errno None] Unable to connect to port 22 on 10.180.180.168
2025-02-20 17:57:10.628 63359 INFO tempest.lib.common.rest_client [req-57f9c8f1-15da-45cb-96bd-c5ce0c8904de req-57f9c8f1-15da-45cb-96bd-c5ce0c8904de ] Request (FloatingIPDetailsTestJSON:setUpClass): 200 POST http://10.180.1.21/compute/v2.1/os-floating-ips 1.080s
2025-02-20 17:57:10.707 63349 INFO tempest.lib.common.rest_client [req-11dc8325-2248-4e94-81f4-f7b93e3ffc89 req-11dc8325-2248-4e94-81f4-f7b93e3ffc89 ] Request (TenantUsagesTestJSON:tearDownClass): 200 GET http://10.180.1.21/compute/v2.1/servers/8a09beac-4b54-4fbb-9bac-3dcfe4c21fb3 0.423s
2025-02-20 17:57:10.735 63329 INFO tempest.lib.common.rest_client [req-1a578da8-cf69-44c1-a966-4abae4054044 req-1a578da8-cf69-44c1-a966-4abae4054044 ] Request (ServerMetadataNegativeTestJSON:setUpClass): 200 GET http://10.180.1.21/compute/v2.1/servers/22713da1-ae53-4bbe-ae55-2490440cbd87 0.517s
2025-02-20 17:57:10.744 63329 INFO tempest.common.waiters [-] State transition "BUILD/spawning" ==> "ACTIVE/None" after 87 second wait
2025-02-20 17:57:10.755 63339 INFO tempest.lib.common.rest_client [req-0215c416-e7de-4aa4-819c-7ab04beaab08 req-0215c416-e7de-4aa4-819c-7ab04beaab08 ] Request (MigrationsAdminTest:test_list_migrations_in_flavor_resize_situation): 200 GET http://10.180.1.21/compute/v2.1/os-migrations 0.396s
2025-02-20 17:57:10.770 63355 INFO tempest.lib.common.rest_client [req-bdfd2ed5-4e64-44a1-978b-16e27818311b req-bdfd2ed5-4e64-44a1-978b-16e27818311b ] Request (ImagesTestJSON:test_create_server_from_snapshot): 200 GET http://10.180.1.21/compute/v2.1/servers/cd11b318-9158-4f1d-8aa8-1c9d565bb5d5 0.424s
2025-02-20 17:57:10.822 63365 INFO tempest.lib.common.rest_client [req-a32beaf7-7548-466c-bb93-09b18c7a11cf req-a32beaf7-7548-466c-bb93-09b18c7a11cf ] Request (ServerActionsTestOtherB:setUpClass): 200 GET http://10.180.1.21/compute/v2.1/servers/c06813c4-472d-4bf9-84ec-0d01306bcd48 0.403s
2025-02-20 17:57:10.842 63329 INFO tempest.lib.common.rest_client [req-66eaf438-2af5-45ff-a583-0b9f14d28615 req-66eaf438-2af5-45ff-a583-0b9f14d28615 ] Request (ServerMetadataNegativeTestJSON:test_create_server_metadata_blank_key): 201 POST http://10.180.1.21/identity/v3/auth/tokens 0.093s
2025-02-20 17:57:10.842 63329 INFO tempest.lib.common.fixed_network [-] (ServerMetadataNegativeTestJSON:test_create_server_metadata_blank_key) Found network {'id': 'eb5233d7-9c93-4197-b8b4-a78b13075c93', 'name': 'tempest-ServerMetadataNegativeTestJSON-1627501809-network', 'tenant_id': '33476042b8604f34b66edbef2aa2d189', 'admin_state_up': True, 'mtu': 8950, 'status': 'ACTIVE', 'subnets': [], 'shared': False, 'project_id': '33476042b8604f34b66edbef2aa2d189', 'port_security_enabled': True, 'router:external': False, 'provider:network_type': 'vlan', 'provider:physical_network': 'default', 'provider:segmentation_id': 135, 'availability_zone_hints': [], 'availability_zones': [], 'ipv4_address_scope': None, 'ipv6_address_scope': None, 'description': '', 'tags': [], 'created_at': '2025-02-20T17:55:35Z', 'updated_at': '2025-02-20T17:55:35Z', 'revision_number': 1} available for tenant
2025-02-20 17:57:10.861 63343 WARNING tempest.lib.common.ssh [-] Failed to establish authenticated ssh connection to cirros@10.180.180.207 ([Errno None] Unable to connect to port 22 on 10.180.180.207). Number attempts: 10. Retry after 11 seconds.: paramiko.ssh_exception.NoValidConnectionsError: [Errno None] Unable to connect to port 22 on 10.180.180.207
2025-02-20 17:57:10.879 63332 INFO tempest.lib.common.rest_client [req-1ee17cef-2588-4632-bdfa-e934fbe53c9b req-1ee17cef-2588-4632-bdfa-e934fbe53c9b ] Request (ServersTestJSON:setUpClass): 200 GET http://10.180.1.21/compute/v2.1/servers/7e914e49-0d70-4024-940b-ad2a15e9dff7 0.398s
2025-02-20 17:57:10.927 63319 INFO tempest.lib.common.rest_client [req-8d6525c4-cde7-43eb-9566-aa33e62946d7 req-8d6525c4-cde7-43eb-9566-aa33e62946d7 ] Request (ImagesOneServerNegativeTestJSON:_run_cleanups): 200 GET http://10.180.1.21/compute/v2.1/servers/a4b0d948-d950-414a-b23f-faefa5ab038c 0.367s
2025-02-20 17:57:11.060 63321 INFO tempest.lib.common.rest_client [req-6c058c19-f09f-47e4-9b07-b30947f0efba req-6c058c19-f09f-47e4-9b07-b30947f0efba ] Request (ServersTestMultiNic:test_verify_duplicate_network_nics): 200 GET http://10.180.1.21/compute/v2.1/servers/e2d39c43-6666-4fda-b8e2-485399c59e46 0.436s
2025-02-20 17:57:11.072 63321 INFO tempest.common.waiters [-] State transition "BUILD/networking" ==> "BUILD/spawning" after 86 second wait
2025-02-20 17:57:11.094 63337 INFO tempest.lib.common.rest_client [req-3a4e4332-06ce-40fd-b127-c2bc84c3f268 req-3a4e4332-06ce-40fd-b127-c2bc84c3f268 ] Request (AttachVolumeShelveTestJSON:test_attach_volume_shelved_or_offload_server): 202 POST http://10.180.1.21/compute/v2.1/servers 0.670s
2025-02-20 17:57:11.145 63327 INFO tempest.lib.common.rest_client [req-af75765a-ffd4-4d0f-a090-9512337d4ddd req-af75765a-ffd4-4d0f-a090-9512337d4ddd ] Request (AttachVolumeTestJSON:test_attach_detach_volume): 200 GET http://10.180.1.21/compute/v2.1/servers/da88308f-ce62-40af-adae-e38aa506bdd9 0.463s
2025-02-20 17:57:11.196 63323 INFO tempest.lib.common.rest_client [req-8ad8e0c8-ce82-48b6-9dc9-12a2527468da req-8ad8e0c8-ce82-48b6-9dc9-12a2527468da ] Request (ServersNegativeTestMultiTenantJSON:setUpClass): 200 GET http://10.180.1.21/compute/v2.1/servers/352ac7c3-17a8-4d7e-a66f-47ea7614892c 0.454s
2025-02-20 17:57:11.208 63339 INFO tempest.lib.common.rest_client [req-b769a7a8-2134-4575-b7ee-017963ef1756 req-b769a7a8-2134-4575-b7ee-017963ef1756 ] Request (MigrationsAdminTest:test_resize_server_revert_deleted_flavor): 200 GET http://10.180.1.21/compute/v2.1/flavors/42 0.449s
2025-02-20 17:57:11.266 63346 INFO tempest.lib.common.rest_client [req-efb259de-3459-4cab-ae15-3236da51688a req-efb259de-3459-4cab-ae15-3236da51688a ] Request (ListImageFiltersTestJSON:setUpClass): 200 GET http://10.180.1.21/compute/v2.1/servers/5982cd5d-abf1-42d4-bb44-8d79de599f11 0.453s
2025-02-20 17:57:11.273 63329 INFO tempest.lib.common.rest_client [req-6d45cf12-280e-49d1-be97-14ca8587cbe2 req-6d45cf12-280e-49d1-be97-14ca8587cbe2 ] Request (ServerMetadataNegativeTestJSON:test_create_server_metadata_blank_key): 400 POST http://10.180.1.21/compute/v2.1/servers 0.429s
2025-02-20 17:57:11.311 63335 INFO tempest.lib.common.rest_client [req-902a3010-5992-4169-8a10-41e6c94b52eb req-902a3010-5992-4169-8a10-41e6c94b52eb ] Request (ServerDiskConfigTestJSON:test_rebuild_server_with_auto_disk_config): 200 GET http://10.180.1.21/compute/v2.1/servers/50e4934b-b9b1-4887-b5d1-95a37fbf4c41 0.453s
2025-02-20 17:57:11.334 63357 INFO tempest.lib.common.rest_client [req-eae94634-0ad6-44b3-9da8-b926e4e269c4 req-eae94634-0ad6-44b3-9da8-b926e4e269c4 ] Request (VolumesAssistedSnapshotsTest:_run_cleanups): 404 GET http://10.180.1.21/volume/v3/volumes/c445674d-5769-47ff-8906-73aeab7bd17c 0.045s
2025-02-20 17:57:11.437 63305 INFO tempest.lib.common.rest_client [req-93bf577d-4fbc-46fa-b180-7191ce7e8be5 req-93bf577d-4fbc-46fa-b180-7191ce7e8be5 ] Request (ListServerFiltersTestJSON:setUpClass): 200 GET http://10.180.1.21/compute/v2.1/servers/0d96ba8e-b46b-48ae-957c-cdc49762c395 0.460s
2025-02-20 17:57:11.503 63313 INFO tempest.lib.common.rest_client [req-b4afaf28-ef1b-472f-8047-dd0af8134fea req-b4afaf28-ef1b-472f-8047-dd0af8134fea ] Request (ServerRescueTestJSON:tearDownClass): 200 GET http://10.180.1.21/compute/v2.1/servers/c3014718-1064-4ab9-9600-86490489ee4b 0.451s
2025-02-20 17:57:11.540 63337 INFO tempest.lib.common.rest_client [req-698abad0-2a3f-404b-8ced-c686206fff9a req-698abad0-2a3f-404b-8ced-c686206fff9a ] Request (AttachVolumeShelveTestJSON:test_attach_volume_shelved_or_offload_server): 200 GET http://10.180.1.21/compute/v2.1/servers/85aafadb-81d6-4687-aed1-fbe829e5f95f 0.443s
2025-02-20 17:57:11.602 63311 INFO tempest.lib.common.rest_client [req-cf88e4bb-6b84-4045-8fc3-264aa5b89722 req-cf88e4bb-6b84-4045-8fc3-264aa5b89722 ] Request (DeleteServersTestJSON:test_delete_active_server): 200 GET http://10.180.1.21/compute/v2.1/servers/af87f1a5-b413-4b26-be91-474ad1f73df8 0.498s
2025-02-20 17:57:11.678 63353 INFO tempest.lib.common.rest_client [req-ec8802d9-2c10-4297-9c22-acba1deed253 req-ec8802d9-2c10-4297-9c22-acba1deed253 ] Request (ServersAdminTestJSON:test_create_server_with_scheduling_hint): 200 GET http://10.180.1.21/compute/v2.1/servers/3e45e7f3-a34f-4eab-9fff-1c874c832e2a 0.491s
2025-02-20 17:57:11.698 63339 INFO tempest.lib.common.rest_client [req-467f7bca-62f5-46ad-a645-5e67d7006835 req-467f7bca-62f5-46ad-a645-5e67d7006835 ] Request (MigrationsAdminTest:test_resize_server_revert_deleted_flavor): 200 POST http://10.180.1.21/compute/v2.1/flavors 0.487s
2025-02-20 17:57:11.705 63329 INFO tempest.lib.common.rest_client [req-f5ee7447-6056-4d28-94e7-f1084761850d req-f5ee7447-6056-4d28-94e7-f1084761850d ] Request (ServerMetadataNegativeTestJSON:test_delete_metadata_non_existent_server): 404 DELETE http://10.180.1.21/compute/v2.1/servers/2d6cd6db-795b-4642-adb8-3cca1197c29a/metadata/d 0.431s
2025-02-20 17:57:11.787 63357 INFO tempest.lib.common.rest_client [req-70b97bb8-6f63-4727-9ea4-16bca122cb7f req-70b97bb8-6f63-4727-9ea4-16bca122cb7f ] Request (VolumesAssistedSnapshotsTest:tearDownClass): 204 DELETE http://10.180.1.21/compute/v2.1/servers/4a782483-c24e-44db-b697-856c69cc4a13 0.447s
2025-02-20 17:57:11.813 63359 INFO tempest.lib.common.rest_client [req-a8d8df54-160f-4aaa-bdf8-3617ede44629 req-a8d8df54-160f-4aaa-bdf8-3617ede44629 ] Request (FloatingIPDetailsTestJSON:test_get_floating_ip_details): 200 POST http://10.180.1.21/compute/v2.1/os-floating-ips 1.181s
2025-02-20 17:57:11.858 63315 INFO tempest.lib.common.rest_client [req-dcde8d10-d5f7-47f3-a89b-df76b9841e2c req-dcde8d10-d5f7-47f3-a89b-df76b9841e2c ] Request (ServerActionsV293TestJSON:setUpClass): 200 GET http://10.180.1.21/compute/v2.1/servers/600195de-ceb4-41a6-9ade-dda8b898e4db 0.372s
2025-02-20 17:57:11.867 63339 INFO tempest.lib.common.rest_client [req-cd688f71-76e8-46d7-a4bb-763d5d7d28fe req-cd688f71-76e8-46d7-a4bb-763d5d7d28fe ] Request (MigrationsAdminTest:test_resize_server_revert_deleted_flavor): 200 GET http://10.180.1.21/compute/v2.1/flavors/42/os-extra_specs 0.167s
2025-02-20 17:57:11.868 63333 INFO tempest.lib.common.rest_client [req-dd4dfb3e-68d8-4538-883d-6a84196a2d70 req-dd4dfb3e-68d8-4538-883d-6a84196a2d70 ] Request (ServersAdminNegativeTestJSON:setUpClass): 200 GET http://10.180.1.21/compute/v2.1/servers/15326f55-2db8-47c3-b1fd-ce8ba1174c79 0.328s
2025-02-20 17:57:11.877 63329 INFO tempest.lib.common.rest_client [req-97009f79-f22b-431c-bc05-6b9fbf415ce0 req-97009f79-f22b-431c-bc05-6b9fbf415ce0 ] Request (ServerMetadataNegativeTestJSON:test_list_server_metadata_non_existent_server): 404 GET http://10.180.1.21/compute/v2.1/servers/d29e0ff4-c7db-4c40-b321-b9b772275016/metadata 0.169s
2025-02-20 17:57:11.930 63349 INFO tempest.lib.common.rest_client [req-bf32e554-2fbf-443e-a76c-1972de10a0b3 req-bf32e554-2fbf-443e-a76c-1972de10a0b3 ] Request (TenantUsagesTestJSON:tearDownClass): 200 GET http://10.180.1.21/compute/v2.1/servers/8a09beac-4b54-4fbb-9bac-3dcfe4c21fb3 0.209s
2025-02-20 17:57:11.937 63355 INFO tempest.lib.common.rest_client [req-c5c0cda8-a5d8-4e68-9006-95de3881232d req-c5c0cda8-a5d8-4e68-9006-95de3881232d ] Request (ImagesTestJSON:test_create_server_from_snapshot): 200 GET http://10.180.1.21/compute/v2.1/servers/cd11b318-9158-4f1d-8aa8-1c9d565bb5d5 0.156s
2025-02-20 17:57:12.015 63359 INFO tempest.lib.common.rest_client [req-b7fd66f2-1a74-4e09-9a26-df9b7ec1bb2e req-b7fd66f2-1a74-4e09-9a26-df9b7ec1bb2e ] Request (FloatingIPDetailsTestJSON:test_get_floating_ip_details): 200 GET http://10.180.1.21/compute/v2.1/os-floating-ips/0c313004-4def-4ac5-b7a6-1378174e8cbd 0.199s
2025-02-20 17:57:12.054 63357 INFO tempest.lib.common.rest_client [req-f95446d1-5a86-48af-b8bd-379bf76a5fc0 req-f95446d1-5a86-48af-b8bd-379bf76a5fc0 ] Request (VolumesAssistedSnapshotsTest:tearDownClass): 200 GET http://10.180.1.21/compute/v2.1/servers/4a782483-c24e-44db-b697-856c69cc4a13 0.266s
2025-02-20 17:57:12.074 63365 INFO tempest.lib.common.rest_client [req-270a9518-7708-4afd-9d73-eaa406933623 req-270a9518-7708-4afd-9d73-eaa406933623 ] Request (ServerActionsTestOtherB:setUpClass): 200 GET http://10.180.1.21/compute/v2.1/servers/c06813c4-472d-4bf9-84ec-0d01306bcd48 0.240s
2025-02-20 17:57:12.076 63339 INFO tempest.lib.common.rest_client [req-600c7865-03d8-420b-84b4-b7b5ae8ffb31 req-600c7865-03d8-420b-84b4-b7b5ae8ffb31 ] Request (MigrationsAdminTest:test_resize_server_revert_deleted_flavor): 200 POST http://10.180.1.21/compute/v2.1/flavors/bd41cb6c-4f59-47c8-83b3-1b15a3032d86/os-extra_specs 0.207s
2025-02-20 17:57:12.084 63365 INFO tempest.common.waiters [-] State transition "BUILD/None" ==> "BUILD/networking" after 82 second wait
2025-02-20 17:57:12.142 63332 INFO tempest.lib.common.rest_client [req-8e25c4c7-99b9-4545-a861-64b37e19e6ba req-8e25c4c7-99b9-4545-a861-64b37e19e6ba ] Request (ServersTestJSON:setUpClass): 200 GET http://10.180.1.21/compute/v2.1/servers/7e914e49-0d70-4024-940b-ad2a15e9dff7 0.253s
2025-02-20 17:57:12.161 63329 INFO tempest.lib.common.rest_client [req-3bfa663e-dfac-4f4b-a30c-e3ce3626e203 req-3bfa663e-dfac-4f4b-a30c-e3ce3626e203 ] Request (ServerMetadataNegativeTestJSON:test_metadata_items_limit): 200 GET http://10.180.1.21/compute/v2.1/os-quota-sets/33476042b8604f34b66edbef2aa2d189 0.283s
2025-02-20 17:57:12.171 63339 INFO tempest.lib.common.rest_client [req-28731aba-aad7-4c7d-ac65-6c0684e145c0 req-28731aba-aad7-4c7d-ac65-6c0684e145c0 ] Request (MigrationsAdminTest:test_resize_server_revert_deleted_flavor): 201 POST http://10.180.1.21/identity/v3/auth/tokens 0.089s
2025-02-20 17:57:12.171 63339 INFO tempest.lib.common.fixed_network [-] (MigrationsAdminTest:test_resize_server_revert_deleted_flavor) Found network None available for tenant
2025-02-20 17:57:12.195 63319 INFO tempest.lib.common.rest_client [req-2560e7a2-155b-4015-8cb5-f3741d066110 req-2560e7a2-155b-4015-8cb5-f3741d066110 ] Request (ImagesOneServerNegativeTestJSON:_run_cleanups): 200 GET http://10.180.1.21/compute/v2.1/servers/a4b0d948-d950-414a-b23f-faefa5ab038c 0.256s
2025-02-20 17:57:12.202 63319 INFO tempest.common.waiters [-] State transition "BUILD/scheduling" ==> "BUILD/None" after 55 second wait
2025-02-20 17:57:12.302 63321 INFO tempest.lib.common.rest_client [req-48f43abc-cdc7-4147-874b-104752774cb5 req-48f43abc-cdc7-4147-874b-104752774cb5 ] Request (ServersTestMultiNic:test_verify_duplicate_network_nics): 200 GET http://10.180.1.21/compute/v2.1/servers/e2d39c43-6666-4fda-b8e2-485399c59e46 0.228s
2025-02-20 17:57:12.315 63341 WARNING tempest.lib.common.ssh [-] Failed to establish authenticated ssh connection to cirros@10.180.180.199 ([Errno None] Unable to connect to port 22 on 10.180.180.199). Number attempts: 9. Retry after 10 seconds.: paramiko.ssh_exception.NoValidConnectionsError: [Errno None] Unable to connect to port 22 on 10.180.180.199
2025-02-20 17:57:12.356 63327 INFO tempest.lib.common.rest_client [req-93d7ba1b-8cb7-49c1-b7eb-b3cc44eace87 req-93d7ba1b-8cb7-49c1-b7eb-b3cc44eace87 ] Request (AttachVolumeTestJSON:test_attach_detach_volume): 200 GET http://10.180.1.21/compute/v2.1/servers/da88308f-ce62-40af-adae-e38aa506bdd9 0.197s
2025-02-20 17:57:12.398 63329 INFO tempest.lib.common.rest_client [req-5af80edb-9d1c-46ed-af9d-86dfb2bc037e req-5af80edb-9d1c-46ed-af9d-86dfb2bc037e ] Request (ServerMetadataNegativeTestJSON:test_metadata_items_limit): 403 PUT http://10.180.1.21/compute/v2.1/servers/22713da1-ae53-4bbe-ae55-2490440cbd87/metadata 0.234s
2025-02-20 17:57:12.521 63359 INFO tempest.lib.common.rest_client [req-44fa5577-5d06-4593-a78a-8f277ce52b98 req-44fa5577-5d06-4593-a78a-8f277ce52b98 ] Request (FloatingIPDetailsTestJSON:_run_cleanups): 202 DELETE http://10.180.1.21/compute/v2.1/os-floating-ips/0c313004-4def-4ac5-b7a6-1378174e8cbd 0.503s
2025-02-20 17:57:12.581 63323 INFO tempest.lib.common.rest_client [req-d85e19cb-ada8-4d1f-a895-2baa81a019b5 req-d85e19cb-ada8-4d1f-a895-2baa81a019b5 ] Request (ServersNegativeTestMultiTenantJSON:setUpClass): 200 GET http://10.180.1.21/compute/v2.1/servers/352ac7c3-17a8-4d7e-a66f-47ea7614892c 0.374s
2025-02-20 17:57:12.618 63339 INFO tempest.lib.common.rest_client [req-efa009e1-31b4-4810-870c-cc093d5cbf71 req-efa009e1-31b4-4810-870c-cc093d5cbf71 ] Request (MigrationsAdminTest:test_resize_server_revert_deleted_flavor): 202 POST http://10.180.1.21/compute/v2.1/servers 0.446s
2025-02-20 17:57:12.646 63303 INFO paramiko.transport [-] Connected (version 2.0, client dropbear_2020.81)
2025-02-20 17:57:12.647 63346 INFO tempest.lib.common.rest_client [req-87f38395-f6cf-49f4-b765-1ccf21ebe516 req-87f38395-f6cf-49f4-b765-1ccf21ebe516 ] Request (ListImageFiltersTestJSON:setUpClass): 200 GET http://10.180.1.21/compute/v2.1/servers/5982cd5d-abf1-42d4-bb44-8d79de599f11 0.372s
2025-02-20 17:57:12.697 63329 INFO tempest.lib.common.rest_client [req-bb01553f-337f-42c0-be32-122a492dbcf7 req-bb01553f-337f-42c0-be32-122a492dbcf7 ] Request (ServerMetadataNegativeTestJSON:test_metadata_items_limit): 403 POST http://10.180.1.21/compute/v2.1/servers/22713da1-ae53-4bbe-ae55-2490440cbd87/metadata 0.298s
2025-02-20 17:57:12.707 63335 INFO tempest.lib.common.rest_client [req-f39a70a3-1649-43c4-815d-ef2825f532cb req-f39a70a3-1649-43c4-815d-ef2825f532cb ] Request (ServerDiskConfigTestJSON:test_rebuild_server_with_auto_disk_config): 200 GET http://10.180.1.21/compute/v2.1/servers/50e4934b-b9b1-4887-b5d1-95a37fbf4c41 0.383s
2025-02-20 17:57:12.750 63329 INFO tempest.lib.common.rest_client [req-7e00ae49-4933-4bf0-bb43-ef2889d80957 req-7e00ae49-4933-4bf0-bb43-ef2889d80957 ] Request (ServerMetadataNegativeTestJSON:test_server_create_metadata_key_too_long): 201 POST http://10.180.1.21/identity/v3/auth/tokens 0.048s
2025-02-20 17:57:12.753 63329 INFO tempest.lib.common.fixed_network [-] (ServerMetadataNegativeTestJSON:test_server_create_metadata_key_too_long) Found network {'id': 'eb5233d7-9c93-4197-b8b4-a78b13075c93', 'name': 'tempest-ServerMetadataNegativeTestJSON-1627501809-network', 'tenant_id': '33476042b8604f34b66edbef2aa2d189', 'admin_state_up': True, 'mtu': 8950, 'status': 'ACTIVE', 'subnets': [], 'shared': False, 'project_id': '33476042b8604f34b66edbef2aa2d189', 'port_security_enabled': True, 'router:external': False, 'provider:network_type': 'vlan', 'provider:physical_network': 'default', 'provider:segmentation_id': 135, 'availability_zone_hints': [], 'availability_zones': [], 'ipv4_address_scope': None, 'ipv6_address_scope': None, 'description': '', 'tags': [], 'created_at': '2025-02-20T17:55:35Z', 'updated_at': '2025-02-20T17:55:35Z', 'revision_number': 1} available for tenant
2025-02-20 17:57:12.753 63303 INFO paramiko.transport [-] Authentication (publickey) successful!
2025-02-20 17:57:12.753 63303 INFO tempest.lib.common.ssh [-] ssh connection to cirros@10.180.180.138 successfully created
2025-02-20 17:57:12.806 63313 INFO tempest.lib.common.rest_client [req-81b5a8f9-5a16-42dd-858b-84dc263a0aef req-81b5a8f9-5a16-42dd-858b-84dc263a0aef ] Request (ServerRescueTestJSON:tearDownClass): 200 GET http://10.180.1.21/compute/v2.1/servers/c3014718-1064-4ab9-9600-86490489ee4b 0.290s
2025-02-20 17:57:12.830 63305 INFO tempest.lib.common.rest_client [req-25f1080a-5ecf-4c40-bed3-d38611ffb491 req-25f1080a-5ecf-4c40-bed3-d38611ffb491 ] Request (ListServerFiltersTestJSON:setUpClass): 200 GET http://10.180.1.21/compute/v2.1/servers/0d96ba8e-b46b-48ae-957c-cdc49762c395 0.384s
2025-02-20 17:57:12.897 63337 INFO tempest.lib.common.rest_client [req-224b3ea5-0e14-425a-8bf0-78b966d077d2 req-224b3ea5-0e14-425a-8bf0-78b966d077d2 ] Request (AttachVolumeShelveTestJSON:test_attach_volume_shelved_or_offload_server): 200 GET http://10.180.1.21/compute/v2.1/servers/85aafadb-81d6-4687-aed1-fbe829e5f95f 0.347s
2025-02-20 17:57:12.909 63359 INFO tempest.lib.common.rest_client [req-2ec52d73-26c5-4b9a-b8fa-b93e30dc476a req-2ec52d73-26c5-4b9a-b8fa-b93e30dc476a ] Request (FloatingIPDetailsTestJSON:test_list_floating_ips): 200 GET http://10.180.1.21/compute/v2.1/os-floating-ips 0.386s
2025-02-20 17:57:12.961 63339 INFO tempest.lib.common.rest_client [req-63093276-d79a-4518-a2b8-b9ed2df987dd req-63093276-d79a-4518-a2b8-b9ed2df987dd ] Request (MigrationsAdminTest:test_resize_server_revert_deleted_flavor): 200 GET http://10.180.1.21/compute/v2.1/servers/52b19182-a7e2-4461-b4eb-e6cd8a30024e 0.341s
2025-02-20 17:57:12.963 63311 INFO tempest.lib.common.rest_client [req-d23c1343-c76a-471b-bb59-e5bb87914234 req-d23c1343-c76a-471b-bb59-e5bb87914234 ] Request (DeleteServersTestJSON:test_delete_active_server): 200 GET http://10.180.1.21/compute/v2.1/servers/af87f1a5-b413-4b26-be91-474ad1f73df8 0.353s
2025-02-20 17:57:12.970 63329 INFO tempest.lib.common.rest_client [req-f40d5396-64a4-41a8-8b26-fdf6546b913d req-f40d5396-64a4-41a8-8b26-fdf6546b913d ] Request (ServerMetadataNegativeTestJSON:test_server_create_metadata_key_too_long): 400 POST http://10.180.1.21/compute/v2.1/servers 0.216s
2025-02-20 17:57:13.007 63329 INFO tempest.lib.common.rest_client [req-9dfeafc5-073c-4cb9-93b9-ec131f341aa7 req-9dfeafc5-073c-4cb9-93b9-ec131f341aa7 ] Request (ServerMetadataNegativeTestJSON:test_server_create_metadata_key_too_long): 201 POST http://10.180.1.21/identity/v3/auth/tokens 0.031s
2025-02-20 17:57:13.008 63329 INFO tempest.lib.common.fixed_network [-] (ServerMetadataNegativeTestJSON:test_server_create_metadata_key_too_long) Found network {'id': 'eb5233d7-9c93-4197-b8b4-a78b13075c93', 'name': 'tempest-ServerMetadataNegativeTestJSON-1627501809-network', 'tenant_id': '33476042b8604f34b66edbef2aa2d189', 'admin_state_up': True, 'mtu': 8950, 'status': 'ACTIVE', 'subnets': [], 'shared': False, 'project_id': '33476042b8604f34b66edbef2aa2d189', 'port_security_enabled': True, 'router:external': False, 'provider:network_type': 'vlan', 'provider:physical_network': 'default', 'provider:segmentation_id': 135, 'availability_zone_hints': [], 'availability_zones': [], 'ipv4_address_scope': None, 'ipv6_address_scope': None, 'description': '', 'tags': [], 'created_at': '2025-02-20T17:55:35Z', 'updated_at': '2025-02-20T17:55:35Z', 'revision_number': 1} available for tenant
2025-02-20 17:57:13.022 63353 INFO tempest.lib.common.rest_client [req-08cd99b5-cb41-4a0e-9a50-0bad3eac876c req-08cd99b5-cb41-4a0e-9a50-0bad3eac876c ] Request (ServersAdminTestJSON:test_create_server_with_scheduling_hint): 200 GET http://10.180.1.21/compute/v2.1/servers/3e45e7f3-a34f-4eab-9fff-1c874c832e2a 0.336s
2025-02-20 17:57:13.045 63363 WARNING tempest.lib.common.ssh [-] Failed to establish authenticated ssh connection to cirros@10.180.180.244 ([Errno None] Unable to connect to port 22 on 10.180.180.244). Number attempts: 5. Retry after 6 seconds.: paramiko.ssh_exception.NoValidConnectionsError: [Errno None] Unable to connect to port 22 on 10.180.180.244
2025-02-20 17:57:13.084 63303 INFO tempest.lib.common.rest_client [req-ed7e176c-ecb7-4708-9379-1888a2940075 req-ed7e176c-ecb7-4708-9379-1888a2940075 ] Request (ServersWithSpecificFlavorTestJSON:test_verify_created_server_ephemeral_disk): 204 DELETE http://10.180.1.21/compute/v2.1/servers/9b1cd3c1-5e9a-43b6-9efb-1baf879ae0c0 0.323s
2025-02-20 17:57:13.100 63315 INFO tempest.lib.common.rest_client [req-0dff11a6-d5d1-4955-a3f3-ae3908d814a8 req-0dff11a6-d5d1-4955-a3f3-ae3908d814a8 ] Request (ServerActionsV293TestJSON:setUpClass): 200 GET http://10.180.1.21/compute/v2.1/servers/600195de-ceb4-41a6-9ade-dda8b898e4db 0.224s
2025-02-20 17:57:13.139 63333 INFO tempest.lib.common.rest_client [req-3c9ba50f-eda0-4f4e-bb31-a504db010d3a req-3c9ba50f-eda0-4f4e-bb31-a504db010d3a ] Request (ServersAdminNegativeTestJSON:setUpClass): 200 GET http://10.180.1.21/compute/v2.1/servers/15326f55-2db8-47c3-b1fd-ce8ba1174c79 0.262s
2025-02-20 17:57:13.198 63303 INFO tempest.lib.common.rest_client [req-dd7df53b-46a2-4b9f-b885-166dcdffdfb2 req-dd7df53b-46a2-4b9f-b885-166dcdffdfb2 ] Request (ServersWithSpecificFlavorTestJSON:test_verify_created_server_ephemeral_disk): 201 POST http://10.180.1.21/identity/v3/auth/tokens 0.108s
2025-02-20 17:57:13.198 63303 INFO tempest.lib.common.fixed_network [-] (ServersWithSpecificFlavorTestJSON:test_verify_created_server_ephemeral_disk) Found network {'id': 'bd3f74f8-d12b-4d2e-9aa9-ca1c9e766bf4', 'name': 'tempest-ServersWithSpecificFlavorTestJSON-1073484567-network', 'tenant_id': '178b95ba550d453db2b9868e72a8c93f', 'admin_state_up': True, 'mtu': 8950, 'status': 'ACTIVE', 'subnets': [], 'shared': False, 'project_id': '178b95ba550d453db2b9868e72a8c93f', 'port_security_enabled': True, 'router:external': False, 'provider:network_type': 'vlan', 'provider:physical_network': 'default', 'provider:segmentation_id': 500, 'availability_zone_hints': [], 'availability_zones': [], 'ipv4_address_scope': None, 'ipv6_address_scope': None, 'description': '', 'tags': [], 'created_at': '2025-02-20T17:54:27Z', 'updated_at': '2025-02-20T17:54:27Z', 'revision_number': 1} available for tenant
2025-02-20 17:57:13.205 63355 INFO tempest.lib.common.rest_client [req-90704bcd-b7e8-4679-a225-48ebd96b93c2 req-90704bcd-b7e8-4679-a225-48ebd96b93c2 ] Request (ImagesTestJSON:test_create_server_from_snapshot): 200 GET http://10.180.1.21/compute/v2.1/servers/cd11b318-9158-4f1d-8aa8-1c9d565bb5d5 0.259s
2025-02-20 17:57:13.282 63349 INFO tempest.lib.common.rest_client [req-82988aa4-9039-421c-9e3b-78b44f459f19 req-82988aa4-9039-421c-9e3b-78b44f459f19 ] Request (TenantUsagesTestJSON:tearDownClass): 200 GET http://10.180.1.21/compute/v2.1/servers/8a09beac-4b54-4fbb-9bac-3dcfe4c21fb3 0.335s
2025-02-20 17:57:13.319 63329 INFO tempest.lib.common.rest_client [req-2468a4aa-e32a-4179-84c1-cea98a39298f req-2468a4aa-e32a-4179-84c1-cea98a39298f ] Request (ServerMetadataNegativeTestJSON:test_server_create_metadata_key_too_long): 400 POST http://10.180.1.21/compute/v2.1/servers 0.311s
2025-02-20 17:57:13.359 63329 INFO tempest.lib.common.rest_client [req-6ff82537-3f91-4fdb-bae3-fcee5fad84ac req-6ff82537-3f91-4fdb-bae3-fcee5fad84ac ] Request (ServerMetadataNegativeTestJSON:test_server_create_metadata_key_too_long): 201 POST http://10.180.1.21/identity/v3/auth/tokens 0.036s
2025-02-20 17:57:13.360 63329 INFO tempest.lib.common.fixed_network [-] (ServerMetadataNegativeTestJSON:test_server_create_metadata_key_too_long) Found network {'id': 'eb5233d7-9c93-4197-b8b4-a78b13075c93', 'name': 'tempest-ServerMetadataNegativeTestJSON-1627501809-network', 'tenant_id': '33476042b8604f34b66edbef2aa2d189', 'admin_state_up': True, 'mtu': 8950, 'status': 'ACTIVE', 'subnets': [], 'shared': False, 'project_id': '33476042b8604f34b66edbef2aa2d189', 'port_security_enabled': True, 'router:external': False, 'provider:network_type': 'vlan', 'provider:physical_network': 'default', 'provider:segmentation_id': 135, 'availability_zone_hints': [], 'availability_zones': [], 'ipv4_address_scope': None, 'ipv6_address_scope': None, 'description': '', 'tags': [], 'created_at': '2025-02-20T17:55:35Z', 'updated_at': '2025-02-20T17:55:35Z', 'revision_number': 1} available for tenant
2025-02-20 17:57:13.462 63359 INFO tempest.lib.common.rest_client [req-b86869cc-1f66-4450-b05f-b843b0508046 req-b86869cc-1f66-4450-b05f-b843b0508046 ] Request (FloatingIPDetailsTestJSON:tearDownClass): 202 DELETE http://10.180.1.21/compute/v2.1/os-floating-ips/21f0fd42-be91-4e1e-b350-599f66ac38ee 0.545s
2025-02-20 17:57:13.465 63357 INFO tempest.lib.common.rest_client [req-5eb7d9f4-a135-4217-bf7e-9fd2601182e8 req-5eb7d9f4-a135-4217-bf7e-9fd2601182e8 ] Request (VolumesAssistedSnapshotsTest:tearDownClass): 200 GET http://10.180.1.21/compute/v2.1/servers/4a782483-c24e-44db-b697-856c69cc4a13 0.399s
2025-02-20 17:57:13.524 63332 INFO tempest.lib.common.rest_client [req-201c1cd4-9a54-47f4-a7c4-f5868250dbdd req-201c1cd4-9a54-47f4-a7c4-f5868250dbdd ] Request (ServersTestJSON:setUpClass): 200 GET http://10.180.1.21/compute/v2.1/servers/7e914e49-0d70-4024-940b-ad2a15e9dff7 0.372s
2025-02-20 17:57:13.588 63365 INFO tempest.lib.common.rest_client [req-5ee1f29d-6131-4ebe-8608-9712ef48e3e8 req-5ee1f29d-6131-4ebe-8608-9712ef48e3e8 ] Request (ServerActionsTestOtherB:setUpClass): 200 GET http://10.180.1.21/compute/v2.1/servers/c06813c4-472d-4bf9-84ec-0d01306bcd48 0.503s
2025-02-20 17:57:13.596 63365 INFO tempest.common.waiters [-] State transition "BUILD/networking" ==> "BUILD/block_device_mapping" after 83 second wait
2025-02-20 17:57:13.644 63319 INFO tempest.lib.common.rest_client [req-8014283d-88e1-4333-abd0-2af4b0d693a9 req-8014283d-88e1-4333-abd0-2af4b0d693a9 ] Request (ImagesOneServerNegativeTestJSON:_run_cleanups): 200 GET http://10.180.1.21/compute/v2.1/servers/a4b0d948-d950-414a-b23f-faefa5ab038c 0.440s
2025-02-20 17:57:13.786 63321 INFO tempest.lib.common.rest_client [req-3e6488ab-b522-49d2-9a0a-535102cee0ce req-3e6488ab-b522-49d2-9a0a-535102cee0ce ] Request (ServersTestMultiNic:test_verify_duplicate_network_nics): 200 GET http://10.180.1.21/compute/v2.1/servers/e2d39c43-6666-4fda-b8e2-485399c59e46 0.476s
2025-02-20 17:57:13.791 63329 INFO tempest.lib.common.rest_client [req-104c69ca-93be-4517-84a8-7f62c2ac166d req-104c69ca-93be-4517-84a8-7f62c2ac166d ] Request (ServerMetadataNegativeTestJSON:test_server_create_metadata_key_too_long): 400 POST http://10.180.1.21/compute/v2.1/servers 0.430s
2025-02-20 17:57:13.827 63329 INFO tempest.lib.common.rest_client [req-f63c863a-4597-4f30-8bb4-ded9783bdbad req-f63c863a-4597-4f30-8bb4-ded9783bdbad ] Request (ServerMetadataNegativeTestJSON:test_server_create_metadata_key_too_long): 201 POST http://10.180.1.21/identity/v3/auth/tokens 0.030s
2025-02-20 17:57:13.827 63329 INFO tempest.lib.common.fixed_network [-] (ServerMetadataNegativeTestJSON:test_server_create_metadata_key_too_long) Found network {'id': 'eb5233d7-9c93-4197-b8b4-a78b13075c93', 'name': 'tempest-ServerMetadataNegativeTestJSON-1627501809-network', 'tenant_id': '33476042b8604f34b66edbef2aa2d189', 'admin_state_up': True, 'mtu': 8950, 'status': 'ACTIVE', 'subnets': [], 'shared': False, 'project_id': '33476042b8604f34b66edbef2aa2d189', 'port_security_enabled': True, 'router:external': False, 'provider:network_type': 'vlan', 'provider:physical_network': 'default', 'provider:segmentation_id': 135, 'availability_zone_hints': [], 'availability_zones': [], 'ipv4_address_scope': None, 'ipv6_address_scope': None, 'description': '', 'tags': [], 'created_at': '2025-02-20T17:55:35Z', 'updated_at': '2025-02-20T17:55:35Z', 'revision_number': 1} available for tenant
2025-02-20 17:57:13.849 63327 INFO tempest.lib.common.rest_client [req-8d9881b0-d065-4254-a27e-530989f7fbfd req-8d9881b0-d065-4254-a27e-530989f7fbfd ] Request (AttachVolumeTestJSON:test_attach_detach_volume): 200 GET http://10.180.1.21/compute/v2.1/servers/da88308f-ce62-40af-adae-e38aa506bdd9 0.485s
2025-02-20 17:57:14.090 63303 INFO tempest.lib.common.rest_client [req-a647d5f8-656b-4f8b-a625-07443c814584 req-a647d5f8-656b-4f8b-a625-07443c814584 ] Request (ServersWithSpecificFlavorTestJSON:test_verify_created_server_ephemeral_disk): 202 POST http://10.180.1.21/compute/v2.1/servers 0.891s
2025-02-20 17:57:14.143 63323 INFO tempest.lib.common.rest_client [req-be60642d-6097-4d6f-94dc-8cbfd36293e2 req-be60642d-6097-4d6f-94dc-8cbfd36293e2 ] Request (ServersNegativeTestMultiTenantJSON:setUpClass): 200 GET http://10.180.1.21/compute/v2.1/servers/352ac7c3-17a8-4d7e-a66f-47ea7614892c 0.549s
2025-02-20 17:57:14.192 63346 INFO tempest.lib.common.rest_client [req-38d4adad-1e09-4235-858d-0110ceae27f3 req-38d4adad-1e09-4235-858d-0110ceae27f3 ] Request (ListImageFiltersTestJSON:setUpClass): 200 GET http://10.180.1.21/compute/v2.1/servers/5982cd5d-abf1-42d4-bb44-8d79de599f11 0.531s
2025-02-20 17:57:14.237 63335 INFO tempest.lib.common.rest_client [req-81d417fc-9aed-4c1f-a610-45bb2ebacbca req-81d417fc-9aed-4c1f-a610-45bb2ebacbca ] Request (ServerDiskConfigTestJSON:test_rebuild_server_with_auto_disk_config): 200 GET http://10.180.1.21/compute/v2.1/servers/50e4934b-b9b1-4887-b5d1-95a37fbf4c41 0.517s
2025-02-20 17:57:14.294 63313 INFO tempest.lib.common.rest_client [req-254a7352-76aa-4b65-a552-7780ee197fd1 req-254a7352-76aa-4b65-a552-7780ee197fd1 ] Request (ServerRescueTestJSON:tearDownClass): 200 GET http://10.180.1.21/compute/v2.1/servers/c3014718-1064-4ab9-9600-86490489ee4b 0.477s
2025-02-20 17:57:14.304 63329 INFO tempest.lib.common.rest_client [req-dcc41366-a21b-4e33-b643-addfed951268 req-dcc41366-a21b-4e33-b643-addfed951268 ] Request (ServerMetadataNegativeTestJSON:test_server_create_metadata_key_too_long): 400 POST http://10.180.1.21/compute/v2.1/servers 0.476s
2025-02-20 17:57:14.409 63305 INFO tempest.lib.common.rest_client [req-42b05325-d73a-4836-9977-28f5123edf6f req-42b05325-d73a-4836-9977-28f5123edf6f ] Request (ListServerFiltersTestJSON:setUpClass): 200 GET http://10.180.1.21/compute/v2.1/servers/0d96ba8e-b46b-48ae-957c-cdc49762c395 0.570s
2025-02-20 17:57:14.478 63337 INFO tempest.lib.common.rest_client [req-a7bc29b7-1741-4b44-afe4-c41b8c1baee5 req-a7bc29b7-1741-4b44-afe4-c41b8c1baee5 ] Request (AttachVolumeShelveTestJSON:test_attach_volume_shelved_or_offload_server): 200 GET http://10.180.1.21/compute/v2.1/servers/85aafadb-81d6-4687-aed1-fbe829e5f95f 0.570s
2025-02-20 17:57:14.504 63359 INFO tempest.lib.common.rest_client [req-f4be1014-f2f8-4385-84b4-99e96e4e1297 req-f4be1014-f2f8-4385-84b4-99e96e4e1297 ] Request (FloatingIPDetailsTestJSON:tearDownClass): 202 DELETE http://10.180.1.21/compute/v2.1/os-floating-ips/edbd7f97-d741-457c-9701-1890ee4a1475 1.042s
2025-02-20 17:57:14.527 63339 INFO tempest.lib.common.rest_client [req-102e82e3-72cc-4774-96a2-f47991d9fc02 req-102e82e3-72cc-4774-96a2-f47991d9fc02 ] Request (MigrationsAdminTest:test_resize_server_revert_deleted_flavor): 200 GET http://10.180.1.21/compute/v2.1/servers/52b19182-a7e2-4461-b4eb-e6cd8a30024e 0.553s
2025-02-20 17:57:14.575 63311 INFO tempest.lib.common.rest_client [req-a369f94f-cdaf-46b4-8fdb-1d850e36d22a req-a369f94f-cdaf-46b4-8fdb-1d850e36d22a ] Request (DeleteServersTestJSON:test_delete_active_server): 200 GET http://10.180.1.21/compute/v2.1/servers/af87f1a5-b413-4b26-be91-474ad1f73df8 0.591s
2025-02-20 17:57:14.590 63353 INFO tempest.lib.common.rest_client [req-6b769489-be19-43f0-a0a3-214618b5271e req-6b769489-be19-43f0-a0a3-214618b5271e ] Request (ServersAdminTestJSON:test_create_server_with_scheduling_hint): 200 GET http://10.180.1.21/compute/v2.1/servers/3e45e7f3-a34f-4eab-9fff-1c874c832e2a 0.560s
2025-02-20 17:57:14.625 63303 INFO tempest.lib.common.rest_client [req-171bd8f7-bfb1-4b84-8f04-8bc1ef93683a req-171bd8f7-bfb1-4b84-8f04-8bc1ef93683a ] Request (ServersWithSpecificFlavorTestJSON:test_verify_created_server_ephemeral_disk): 200 GET http://10.180.1.21/compute/v2.1/servers/a1d00736-1a8d-46e0-9358-46e848b94797 0.532s
2025-02-20 17:57:14.662 63315 INFO tempest.lib.common.rest_client [req-bf7b91aa-832a-4a3b-8378-0e3bf6f72d75 req-bf7b91aa-832a-4a3b-8378-0e3bf6f72d75 ] Request (ServerActionsV293TestJSON:setUpClass): 200 GET http://10.180.1.21/compute/v2.1/servers/600195de-ceb4-41a6-9ade-dda8b898e4db 0.547s
2025-02-20 17:57:14.698 63333 INFO tempest.lib.common.rest_client [req-da73b5ad-e95a-4d45-a2eb-14de98a49f92 req-da73b5ad-e95a-4d45-a2eb-14de98a49f92 ] Request (ServersAdminNegativeTestJSON:setUpClass): 200 GET http://10.180.1.21/compute/v2.1/servers/15326f55-2db8-47c3-b1fd-ce8ba1174c79 0.544s
2025-02-20 17:57:14.732 63355 INFO tempest.lib.common.rest_client [req-a5a7f57a-d29f-41ce-a68d-b0f776a1355f req-a5a7f57a-d29f-41ce-a68d-b0f776a1355f ] Request (ImagesTestJSON:test_create_server_from_snapshot): 200 GET http://10.180.1.21/compute/v2.1/servers/cd11b318-9158-4f1d-8aa8-1c9d565bb5d5 0.518s
2025-02-20 17:57:14.746 63329 INFO tempest.lib.common.rest_client [req-81a41959-6b4a-48a7-94e7-eecf6b96cff4 req-81a41959-6b4a-48a7-94e7-eecf6b96cff4 ] Request (ServerMetadataNegativeTestJSON:test_server_metadata_non_existent_server): 404 GET http://10.180.1.21/compute/v2.1/servers/9cf35051-b8d4-4e53-b2f1-e52d7ffabc9d/metadata/test2 0.440s
2025-02-20 17:57:14.773 63349 INFO tempest.lib.common.rest_client [req-4b10a0c9-136f-4ee3-8cc3-9315123092f1 req-4b10a0c9-136f-4ee3-8cc3-9315123092f1 ] Request (TenantUsagesTestJSON:tearDownClass): 200 GET http://10.180.1.21/compute/v2.1/servers/8a09beac-4b54-4fbb-9bac-3dcfe4c21fb3 0.483s
2025-02-20 17:57:14.803 63357 INFO tempest.lib.common.rest_client [req-03094a04-3e47-4bd3-a0ba-fd6c5ac3a15e req-03094a04-3e47-4bd3-a0ba-fd6c5ac3a15e ] Request (VolumesAssistedSnapshotsTest:tearDownClass): 200 GET http://10.180.1.21/compute/v2.1/servers/4a782483-c24e-44db-b697-856c69cc4a13 0.326s
2025-02-20 17:57:14.851 63332 INFO tempest.lib.common.rest_client [req-d38c6c60-61d4-4197-840d-4d2721f44251 req-d38c6c60-61d4-4197-840d-4d2721f44251 ] Request (ServersTestJSON:setUpClass): 200 GET http://10.180.1.21/compute/v2.1/servers/7e914e49-0d70-4024-940b-ad2a15e9dff7 0.315s
2025-02-20 17:57:14.966 63365 INFO tempest.lib.common.rest_client [req-b6152fca-f07e-429d-8a1a-1f9d0ac29641 req-b6152fca-f07e-429d-8a1a-1f9d0ac29641 ] Request (ServerActionsTestOtherB:setUpClass): 200 GET http://10.180.1.21/compute/v2.1/servers/c06813c4-472d-4bf9-84ec-0d01306bcd48 0.370s
2025-02-20 17:57:14.974 63365 INFO tempest.common.waiters [-] State transition "BUILD/block_device_mapping" ==> "BUILD/spawning" after 84 second wait
2025-02-20 17:57:15.016 63319 INFO tempest.lib.common.rest_client [req-59341afa-d3c6-4ace-bc3e-67d5c54497d1 req-59341afa-d3c6-4ace-bc3e-67d5c54497d1 ] Request (ImagesOneServerNegativeTestJSON:_run_cleanups): 200 GET http://10.180.1.21/compute/v2.1/servers/a4b0d948-d950-414a-b23f-faefa5ab038c 0.364s
2025-02-20 17:57:15.038 63329 INFO tempest.lib.common.rest_client [req-60b1f3f5-1812-4202-818f-f48cd4a1f2f5 req-60b1f3f5-1812-4202-818f-f48cd4a1f2f5 ] Request (ServerMetadataNegativeTestJSON:test_set_metadata_invalid_key): 400 PUT http://10.180.1.21/compute/v2.1/servers/22713da1-ae53-4bbe-ae55-2490440cbd87/metadata/key 0.290s
2025-02-20 17:57:15.079 63359 INFO tempest.lib.common.rest_client [req-ac29a86e-b496-4c30-aa67-5ad384dfe8de req-ac29a86e-b496-4c30-aa67-5ad384dfe8de ] Request (FloatingIPDetailsTestJSON:tearDownClass): 202 DELETE http://10.180.1.21/compute/v2.1/os-floating-ips/7ad418db-ca68-4f4a-9322-37e4e66ed243 0.574s
2025-02-20 17:57:15.133 63327 INFO tempest.lib.common.rest_client [req-3f7c419e-2154-4058-8712-e3198b5da9b9 req-3f7c419e-2154-4058-8712-e3198b5da9b9 ] Request (AttachVolumeTestJSON:test_attach_detach_volume): 200 GET http://10.180.1.21/compute/v2.1/servers/da88308f-ce62-40af-adae-e38aa506bdd9 0.275s
2025-02-20 17:57:15.145 63329 INFO tempest.lib.common.rest_client [req-a16b0759-a7d7-4baa-a07c-e25a9957179d req-a16b0759-a7d7-4baa-a07c-e25a9957179d ] Request (ServerMetadataNegativeTestJSON:test_set_metadata_non_existent_server): 404 PUT http://10.180.1.21/compute/v2.1/servers/c8c3cf63-3fb1-4300-92a1-2ff980453d69/metadata 0.105s
