2025-03-11 18:02:43.250 69133 INFO tempest.lib.common.rest_client [req-cb366c11-7e11-4922-bc7d-49e83a91b942 req-cb366c11-7e11-4922-bc7d-49e83a91b942 ] Request (ImagesMetadataTestJSON:setUp): 200 PUT http://10.180.1.21/compute/v2.1/images/e59a5029-3535-46a6-8e89-f636e2b78f62/metadata 1.767s
2025-03-11 18:02:43.318 69109 INFO tempest.lib.common.rest_client [req-0a9a6a44-03c2-4e2e-9d96-5227c53692f0 req-0a9a6a44-03c2-4e2e-9d96-5227c53692f0 ] Request (ServicesAdminTestJSON:setUpClass): 201 POST http://10.180.1.21/identity/v3/users 0.098s
2025-03-11 18:02:43.336 69099 INFO tempest.lib.common.rest_client [req-d0768ae8-6dda-4ffe-a599-3b7246f70a2a req-d0768ae8-6dda-4ffe-a599-3b7246f70a2a ] Request (HypervisorAdminV228Test:tearDownClass): 204 DELETE http://10.180.1.21/identity/v3/users/c36020565bb2475eac6f32db21c08b47 0.153s
2025-03-11 18:02:43.390 69095 INFO tempest.lib.common.rest_client [req-498fa318-409b-4c69-8a65-384b71e3055f req-498fa318-409b-4c69-8a65-384b71e3055f ] Request (FloatingIPDetailsNegativeTestJSON:setUpClass): 201 POST http://10.180.1.21/identity/v3/projects 0.168s
2025-03-11 18:02:43.405 69108 INFO tempest.lib.common.rest_client [req-53ba9227-d8a3-4ede-b97d-8008e2046f19 req-53ba9227-d8a3-4ede-b97d-8008e2046f19 ] Request (ServerDiagnosticsNegativeTest:test_get_server_diagnostics_by_non_admin): 200 GET http://10.180.1.21/compute/v2.1/servers/c8d79127-7b97-4c19-a952-bcdf689adeed 1.483s
2025-03-11 18:02:43.417 69123 INFO tempest.lib.common.rest_client [req-888f980c-4a97-4efe-98db-71b4353f544c req-888f980c-4a97-4efe-98db-71b4353f544c ] Request (DeleteServersAdminTestJSON:test_admin_delete_servers_of_others): 200 GET http://10.180.1.21/compute/v2.1/servers/2262332b-9e39-48df-a680-74892b98e4b4 1.457s
2025-03-11 18:02:43.425 69123 INFO tempest.common.waiters [-] State transition "BUILD/None" ==> "BUILD/spawning" after 10 second wait
2025-03-11 18:02:43.461 69109 INFO tempest.lib.common.rest_client [req-eadae4a8-edb0-4fe1-af2c-b9ded746def6 req-eadae4a8-edb0-4fe1-af2c-b9ded746def6 ] Request (ServicesAdminTestJSON:setUpClass): 200 GET http://10.180.1.21/identity/v3/roles 0.142s
2025-03-11 18:02:43.466 69097 INFO tempest.lib.common.rest_client [req-6baa6af8-e0a0-4533-9ea9-7b101e97e769 req-6baa6af8-e0a0-4533-9ea9-7b101e97e769 ] Request (DeleteServersTestJSON:test_delete_active_server): 200 GET http://10.180.1.21/compute/v2.1/servers/8fdd8c2a-8a9c-4dfd-855b-070b8ddf2de9 1.465s
2025-03-11 18:02:43.512 69095 INFO tempest.lib.common.rest_client [req-3a965da2-da2d-4b9c-8f56-340cd113b88c req-3a965da2-da2d-4b9c-8f56-340cd113b88c ] Request (FloatingIPDetailsNegativeTestJSON:setUpClass): 201 POST http://10.180.1.21/identity/v3/users 0.121s
2025-03-11 18:02:43.534 69139 INFO tempest.lib.common.rest_client [req-aba8b318-14ed-4426-ad81-8fdf24c412be req-aba8b318-14ed-4426-ad81-8fdf24c412be ] Request (FlavorsV2NegativeTest:test_boot_with_low_ram): 204 PUT http://10.180.1.21/image/v2/images/76a041b3-e9a1-4caa-ba4a-0825663b7b49/file 1.151s
2025-03-11 18:02:43.539 69109 INFO tempest.lib.common.rest_client [req-0114769e-5b2e-40e9-a9fc-9ca19ad110c6 req-0114769e-5b2e-40e9-a9fc-9ca19ad110c6 ] Request (ServicesAdminTestJSON:setUpClass): 204 PUT http://10.180.1.21/identity/v3/projects/cc19a7b82ec7478984bcde6c4ca78d96/users/7e0e2738fb8940b8a4a3c2bd7cfdc713/roles/9bdd812db155470785f25adc0813e03c 0.077s
2025-03-11 18:02:43.539 69109 INFO tempest.lib.common.dynamic_creds [-] Dynamic test user 7e0e2738fb8940b8a4a3c2bd7cfdc713 is created with scope project and roles: ['member']
2025-03-11 18:02:43.539 69109 INFO tempest.lib.common.dynamic_creds [-] Acquired dynamic creds: credentials: Credentials: {'domain_id': 'default', 'domain_name': 'Default', 'username': 'tempest-ServicesAdminTestJSON-1951757770-project-member', 'project_domain_id': 'default', 'project_domain_name': 'Default', 'project_id': 'cc19a7b82ec7478984bcde6c4ca78d96', 'project_name': 'tempest-ServicesAdminTestJSON-1951757770', 'tenant_id': 'cc19a7b82ec7478984bcde6c4ca78d96', 'tenant_name': 'tempest-ServicesAdminTestJSON-1951757770', 'user_domain_id': 'default', 'user_domain_name': 'Default', 'user_id': '7e0e2738fb8940b8a4a3c2bd7cfdc713', 'system': None}, Network: None, Subnet: None, Router: None
2025-03-11 18:02:43.539 69109 INFO tempest.lib.common.dynamic_creds [-] Created isolated network resources for: credentials: Credentials: {'domain_id': 'default', 'domain_name': 'Default', 'username': 'tempest-ServicesAdminTestJSON-1951757770-project-member', 'project_domain_id': 'default', 'project_domain_name': 'Default', 'project_id': 'cc19a7b82ec7478984bcde6c4ca78d96', 'project_name': 'tempest-ServicesAdminTestJSON-1951757770', 'tenant_id': 'cc19a7b82ec7478984bcde6c4ca78d96', 'tenant_name': 'tempest-ServicesAdminTestJSON-1951757770', 'user_domain_id': 'default', 'user_domain_name': 'Default', 'user_id': '7e0e2738fb8940b8a4a3c2bd7cfdc713', 'system': None}, Network: None, Subnet: None, Router: None
2025-03-11 18:02:43.550 69099 INFO tempest.lib.common.rest_client [req-db182359-7c89-42b8-beb4-925b1612d301 req-db182359-7c89-42b8-beb4-925b1612d301 ] Request (HypervisorAdminV228Test:tearDownClass): 204 DELETE http://10.180.1.21/identity/v3/users/1d2ce914c6e54709b6659c2e0bea3c13 0.213s
2025-03-11 18:02:43.550 69099 INFO tempest.lib.common.dynamic_creds [-] Deleting project and security group for project: cde58118c34e44b8aad808d78ecd426e
2025-03-11 18:02:43.571 69125 INFO tempest.lib.common.rest_client [req-81a018f3-f839-4069-8c99-77714d278ecb req-81a018f3-f839-4069-8c99-77714d278ecb ] Request (SecurityGroupsTestAdminJSON:_run_cleanups): 202 DELETE http://10.180.1.21/compute/v2.1/os-security-groups/f4aa545b-2b17-436f-8241-0957f9b0be13 1.553s
2025-03-11 18:02:43.601 69103 INFO tempest.lib.common.rest_client [req-10d68726-9717-4ca1-81e9-29963f578a89 req-10d68726-9717-4ca1-81e9-29963f578a89 ] Request (MigrationsAdminTest:test_list_migrations_in_flavor_resize_situation): 200 GET http://10.180.1.21/compute/v2.1/servers/cc14218c-df91-4472-8a7e-977fe780953f 1.435s
2025-03-11 18:02:43.622 69139 INFO tempest.lib.common.rest_client [req-a47b7cf8-e62f-4253-b3e6-0401a4a9eff1 req-a47b7cf8-e62f-4253-b3e6-0401a4a9eff1 ] Request (FlavorsV2NegativeTest:test_boot_with_low_ram): 201 POST http://10.180.1.21/identity/v3/auth/tokens 0.084s
2025-03-11 18:02:43.622 69139 INFO tempest.lib.common.fixed_network [-] (FlavorsV2NegativeTest:test_boot_with_low_ram) Found network None available for tenant
2025-03-11 18:02:43.648 69095 INFO tempest.lib.common.rest_client [req-5987c37d-267e-42c5-8aed-010418140ec8 req-5987c37d-267e-42c5-8aed-010418140ec8 ] Request (FloatingIPDetailsNegativeTestJSON:setUpClass): 200 GET http://10.180.1.21/identity/v3/roles 0.136s
2025-03-11 18:02:43.684 69099 INFO tempest.lib.common.rest_client [req-f06bc11a-a2b6-4931-a3e9-65f43f58c646 req-f06bc11a-a2b6-4931-a3e9-65f43f58c646 ] Request (HypervisorAdminV228Test:tearDownClass): 201 POST http://10.180.1.21/identity/v3/auth/tokens 0.134s
2025-03-11 18:02:43.704 69109 INFO tempest.lib.common.rest_client [req-ca94fb9b-782c-4d4b-848f-543f7c5b3754 req-ca94fb9b-782c-4d4b-848f-543f7c5b3754 ] Request (ServicesAdminTestJSON:setUpClass): 201 POST http://10.180.1.21/identity/v3/auth/tokens 0.160s
2025-03-11 18:02:43.710 69095 INFO tempest.lib.common.rest_client [req-ca25c54c-c057-48dc-a0c8-4c7ba3393090 req-ca25c54c-c057-48dc-a0c8-4c7ba3393090 ] Request (FloatingIPDetailsNegativeTestJSON:setUpClass): 204 PUT http://10.180.1.21/identity/v3/projects/85f47ef14cef41c3a9198efdb5ccbe78/users/ada4d1f6aa0e478f86d65c28b506d0a3/roles/9bdd812db155470785f25adc0813e03c 0.061s
2025-03-11 18:02:43.710 69095 INFO tempest.lib.common.dynamic_creds [-] Dynamic test user ada4d1f6aa0e478f86d65c28b506d0a3 is created with scope project and roles: ['member']
2025-03-11 18:02:43.710 69095 INFO tempest.lib.common.dynamic_creds [-] Acquired dynamic creds: credentials: Credentials: {'domain_id': 'default', 'domain_name': 'Default', 'username': 'tempest-FloatingIPDetailsNegativeTestJSON-1742426603-project-member', 'project_domain_id': 'default', 'project_domain_name': 'Default', 'project_id': '85f47ef14cef41c3a9198efdb5ccbe78', 'project_name': 'tempest-FloatingIPDetailsNegativeTestJSON-1742426603', 'tenant_id': '85f47ef14cef41c3a9198efdb5ccbe78', 'tenant_name': 'tempest-FloatingIPDetailsNegativeTestJSON-1742426603', 'user_domain_id': 'default', 'user_domain_name': 'Default', 'user_id': 'ada4d1f6aa0e478f86d65c28b506d0a3', 'system': None}, Network: None, Subnet: None, Router: None
2025-03-11 18:02:43.737 69127 INFO tempest.lib.common.rest_client [req-2d681465-8053-472b-89b4-7be1336e9006 req-2d681465-8053-472b-89b4-7be1336e9006 ] Request (FloatingIPsAssociationTestJSON:setUpClass): 200 GET http://10.180.1.21/compute/v2.1/servers/0e8efba6-8962-4873-af6d-a4358fb6fbd7 1.296s
2025-03-11 18:02:43.765 69081 INFO tempest.lib.common.rest_client [req-6c6e4ba3-6c42-4bb9-a6c9-0df2f3ed13a4 req-6c6e4ba3-6c42-4bb9-a6c9-0df2f3ed13a4 ] Request (AttachInterfacesV270Test:test_create_get_list_interfaces): 200 GET http://10.180.1.21/compute/v2.1/servers/c9f818fc-a1ce-4539-913b-7b89b085348c 1.348s
2025-03-11 18:02:43.798 69109 INFO tempest.lib.common.rest_client [req-36195e07-72af-413c-8045-2bc3d1df1b6c req-36195e07-72af-413c-8045-2bc3d1df1b6c ] Request (ServicesAdminTestJSON:setUpClass): 201 POST http://10.180.1.21/identity/v3/projects 0.093s
2025-03-11 18:02:43.819 69089 INFO tempest.lib.common.rest_client [req-69abf5b4-79e3-42de-9753-264255704590 req-69abf5b4-79e3-42de-9753-264255704590 ] Request (ServerDiagnosticsTest:test_get_server_diagnostics): 200 GET http://10.180.1.21/compute/v2.1/servers/7dc2bb7b-c1d5-46c7-93ed-0eb6531ef5b3 1.346s
2025-03-11 18:02:43.831 69087 INFO tempest.lib.common.rest_client [req-37159be3-a600-491c-a505-781a8dc8664e req-37159be3-a600-491c-a505-781a8dc8664e ] Request (HypervisorAdminNegativeTestJSON:test_show_nonexistent_hypervisor): 404 GET http://10.180.1.21/compute/v2.1/os-hypervisors/3f15967c-309f-4312-99e7-27c5abb02f24 1.253s
2025-03-11 18:02:43.839 69077 INFO tempest.lib.common.rest_client [req-97b865ab-9f0f-419f-a44f-30893c1d11a6 req-97b865ab-9f0f-419f-a44f-30893c1d11a6 ] Request (FlavorsExtraSpecsNegativeTestJSON:test_flavor_update_mismatch_key): 400 PUT http://10.180.1.21/compute/v2.1/flavors/1244796446/os-extra_specs/hw:numa_nodes 1.243s
2025-03-11 18:02:43.852 69095 INFO tempest.lib.common.rest_client [req-db5b9852-bbce-4f96-ae51-3000dbf81726 req-db5b9852-bbce-4f96-ae51-3000dbf81726 ] Request (FloatingIPDetailsNegativeTestJSON:setUpClass): 201 POST http://10.180.1.21/identity/v3/auth/tokens 0.141s
2025-03-11 18:02:43.853 69114 INFO tempest.lib.common.rest_client [req-25612990-6c32-4727-9426-fbefa95b11c0 req-25612990-6c32-4727-9426-fbefa95b11c0 ] Request (FlavorsExtraSpecsTestJSON:test_flavor_set_get_update_show_unset_keys): 200 GET http://10.180.1.21/compute/v2.1/flavors/627059507/os-extra_specs 1.206s
2025-03-11 18:02:43.861 69085 INFO tempest.lib.common.rest_client [req-f8441f41-7cbe-4829-886e-36776a883098 req-f8441f41-7cbe-4829-886e-36776a883098 ] Request (HostsAdminNegativeTestJSON:test_startup_host_with_non_admin_user): 403 GET http://10.180.1.21/compute/v2.1/os-hosts/devstack/startup 1.189s
2025-03-11 18:02:43.864 69109 INFO tempest.lib.common.rest_client [req-a96ef254-fe4a-4ba8-9930-b4b2f82aeda1 req-a96ef254-fe4a-4ba8-9930-b4b2f82aeda1 ] Request (ServicesAdminTestJSON:setUpClass): 201 POST http://10.180.1.21/identity/v3/users 0.065s
2025-03-11 18:02:43.867 69091 INFO tempest.lib.common.rest_client [req-09da1763-7d81-470e-8ba7-a6b0ac482f90 req-09da1763-7d81-470e-8ba7-a6b0ac482f90 ] Request (AggregatesAdminNegativeTestJSON:test_aggregate_create_aggregate_name_length_less_than_1): 400 POST http://10.180.1.21/compute/v2.1/os-aggregates 1.188s
2025-03-11 18:02:43.882 69135 INFO tempest.lib.common.rest_client [req-755725e9-27ea-4761-977e-9a5a60a025f7 req-755725e9-27ea-4761-977e-9a5a60a025f7 ] Request (FlavorsAccessTestJSON:test_flavor_access_list_with_private_flavor): 200 GET http://10.180.1.21/compute/v2.1/flavors/1863568172/os-flavor-access 1.182s
2025-03-11 18:02:43.889 69109 INFO tempest.lib.common.rest_client [req-e5860715-eaca-4e36-bf44-1f08c2096cda req-e5860715-eaca-4e36-bf44-1f08c2096cda ] Request (ServicesAdminTestJSON:setUpClass): 200 GET http://10.180.1.21/identity/v3/roles 0.025s
2025-03-11 18:02:43.909 69105 INFO tempest.lib.common.rest_client [req-dddfcd49-968c-4de2-9f5a-df041b777785 req-dddfcd49-968c-4de2-9f5a-df041b777785 ] Request (ServersWithSpecificFlavorTestJSON:test_verify_created_server_ephemeral_disk): 200 POST http://10.180.1.21/compute/v2.1/flavors/48171968/os-extra_specs 1.201s
2025-03-11 18:02:43.921 69087 INFO tempest.lib.common.rest_client [req-df982a64-407d-46c8-9e2b-30a4a35e889f req-df982a64-407d-46c8-9e2b-30a4a35e889f ] Request (HypervisorAdminNegativeTestJSON:tearDownClass): 204 DELETE http://10.180.1.21/identity/v3/users/1498ac3c527b4b878b6ee2828f514ed8 0.087s
2025-03-11 18:02:43.940 69093 INFO tempest.lib.common.rest_client [req-71972f4c-a924-45cf-aacf-fbbc5ec16596 req-71972f4c-a924-45cf-aacf-fbbc5ec16596 ] Request (VolumesAssistedSnapshotsTest:test_volume_assisted_snapshot_create_delete): 201 POST http://10.180.1.21:9696/networking/v2.0/floatingips 1.444s
2025-03-11 18:02:43.980 69109 INFO tempest.lib.common.rest_client [req-756200a8-d2a6-4c24-bb26-d32f1520a2d9 req-756200a8-d2a6-4c24-bb26-d32f1520a2d9 ] Request (ServicesAdminTestJSON:setUpClass): 204 PUT http://10.180.1.21/identity/v3/projects/3a1bfb387a364d798d1cba3c8ca066ef/users/e4fae61a18bf46598eb5eceec7dc74ad/roles/c4bfa7319e384cca9472c5f552385d3f 0.090s
2025-03-11 18:02:44.027 69093 INFO tempest.lib.common.rest_client [req-ec9210f9-96a3-4bde-98da-f63e555a0ec7 req-ec9210f9-96a3-4bde-98da-f63e555a0ec7 ] Request (VolumesAssistedSnapshotsTest:test_volume_assisted_snapshot_create_delete): 201 POST http://10.180.1.21/identity/v3/auth/tokens 0.082s
2025-03-11 18:02:44.028 69093 INFO tempest.lib.common.fixed_network [-] (VolumesAssistedSnapshotsTest:test_volume_assisted_snapshot_create_delete) Found network {'id': '613ad737-bae8-4ae6-aef2-72275a276ddd', 'name': 'tempest-VolumesAssistedSnapshotsTest-1096693929-network', 'tenant_id': '4ef0ae8664b84dabb74e8d3119bbffb3', 'admin_state_up': True, 'mtu': 8950, 'status': 'ACTIVE', 'subnets': [], 'shared': False, 'project_id': '4ef0ae8664b84dabb74e8d3119bbffb3', 'port_security_enabled': True, 'router:external': False, 'provider:network_type': 'vlan', 'provider:physical_network': 'default', 'provider:segmentation_id': 63, 'availability_zone_hints': [], 'availability_zones': [], 'ipv4_address_scope': None, 'ipv6_address_scope': None, 'description': '', 'tags': [], 'created_at': '2025-03-11T18:02:21Z', 'updated_at': '2025-03-11T18:02:21Z', 'revision_number': 1} available for tenant
2025-03-11 18:02:44.042 69119 INFO tempest.lib.common.rest_client [req-e8498c8b-0760-449c-bcf4-c3f0e2e55114 req-e8498c8b-0760-449c-bcf4-c3f0e2e55114 ] Request (ServerActionsTestOtherB:setUpClass): 200 PUT http://10.180.1.21:9696/networking/v2.0/routers/08300fbf-8f07-45ba-8029-10cd5ca4cd92/add_router_interface 2.739s
2025-03-11 18:02:44.042 69119 INFO tempest.lib.common.dynamic_creds [-] Created isolated network resources for: credentials: Credentials: {'domain_id': 'default', 'domain_name': 'Default', 'username': 'tempest-ServerActionsTestOtherB-162141343-project-member', 'project_domain_id': 'default', 'project_domain_name': 'Default', 'project_id': '278520b5d1cb4521b5c6f009cf616bdc', 'project_name': 'tempest-ServerActionsTestOtherB-162141343', 'tenant_id': '278520b5d1cb4521b5c6f009cf616bdc', 'tenant_name': 'tempest-ServerActionsTestOtherB-162141343', 'user_domain_id': 'default', 'user_domain_name': 'Default', 'user_id': 'cdb2cd9587644763a22747874997608f', 'system': None}, Network: {'id': '1d9a351b-64be-4c3a-9185-db58ab1a3be3', 'name': 'tempest-ServerActionsTestOtherB-1436887146-network', 'tenant_id': '278520b5d1cb4521b5c6f009cf616bdc', 'admin_state_up': True, 'mtu': 8950, 'status': 'ACTIVE', 'subnets': [], 'shared': False, 'project_id': '278520b5d1cb4521b5c6f009cf616bdc', 'port_security_enabled': True, 'router:external': False, 'provider:network_type': 'vlan', 'provider:physical_network': 'default', 'provider:segmentation_id': 579, 'availability_zone_hints': [], 'availability_zones': [], 'ipv4_address_scope': None, 'ipv6_address_scope': None, 'description': '', 'tags': [], 'created_at': '2025-03-11T18:02:38Z', 'updated_at': '2025-03-11T18:02:38Z', 'revision_number': 1}, Subnet: {'id': '7df627a4-953b-46a3-8953-aea959473b99', 'name': 'tempest-ServerActionsTestOtherB-1436887146-subnet', 'tenant_id': '278520b5d1cb4521b5c6f009cf616bdc', 'network_id': '1d9a351b-64be-4c3a-9185-db58ab1a3be3', 'ip_version': 4, 'subnetpool_id': None, 'enable_dhcp': True, 'ipv6_ra_mode': None, 'ipv6_address_mode': None, 'gateway_ip': '192.168.128.1', 'cidr': '192.168.128.0/28', 'allocation_pools': [{'start': '192.168.128.2', 'end': '192.168.128.14'}], 'host_routes': [], 'dns_nameservers': [], 'description': '', 'router:external': False, 'service_types': [], 'tags': [], 'created_at': '2025-03-11T18:02:38Z', 'updated_at': '2025-03-11T18:02:38Z', 'revision_number': 0, 'project_id': '278520b5d1cb4521b5c6f009cf616bdc'}, Router: {'id': '08300fbf-8f07-45ba-8029-10cd5ca4cd92', 'name': 'tempest-ServerActionsTestOtherB-1436887146-router', 'tenant_id': '278520b5d1cb4521b5c6f009cf616bdc', 'admin_state_up': True, 'status': 'ACTIVE', 'external_gateway_info': {'network_id': 'c76c56c5-1300-4a8f-9103-0a8db4a95bc1', 'external_fixed_ips': [{'subnet_id': '031f95ee-ef4c-4201-bcab-b01f29cf9b9d', 'ip_address': '10.180.180.152'}], 'enable_snat': True}, 'description': '', 'availability_zones': [], 'distributed': False, 'ha': False, 'availability_zone_hints': [], 'routes': [], 'flavor_id': None, 'tags': [], 'created_at': '2025-03-11T18:02:39Z', 'updated_at': '2025-03-11T18:02:40Z', 'revision_number': 2, 'project_id': '278520b5d1cb4521b5c6f009cf616bdc'}
2025-03-11 18:02:44.053 69087 INFO tempest.lib.common.rest_client [req-885897d4-c565-438d-8b42-96fd26c64d48 req-885897d4-c565-438d-8b42-96fd26c64d48 ] Request (HypervisorAdminNegativeTestJSON:tearDownClass): 204 DELETE http://10.180.1.21/identity/v3/users/d615b23ae8bf414086fd7677bc75153a 0.131s
2025-03-11 18:02:44.053 69087 INFO tempest.lib.common.dynamic_creds [-] Deleting project and security group for project: 93eb943a1f68489b92330739720ec403
2025-03-11 18:02:44.102 69109 INFO tempest.lib.common.rest_client [req-49f14cf5-7a5e-4d53-9266-cf714f56a70c req-49f14cf5-7a5e-4d53-9266-cf714f56a70c ] Request (ServicesAdminTestJSON:setUpClass): 200 GET http://10.180.1.21/identity/v3/roles 0.121s
2025-03-11 18:02:44.149 69129 INFO tempest.lib.common.rest_client [req-d9b63956-9090-4bea-b628-f1a1e5d95e79 req-d9b63956-9090-4bea-b628-f1a1e5d95e79 ] Request (QuotasAdminTestJSON:test_delete_quota): 200 GET http://10.180.1.21/compute/v2.1/os-quota-sets/9400a9a3b41f4771a7693b5c6bc4787a 1.408s
2025-03-11 18:02:44.158 69087 INFO tempest.lib.common.rest_client [req-a5eb7467-91b8-4c8a-bd4e-9decb204cf5c req-a5eb7467-91b8-4c8a-bd4e-9decb204cf5c ] Request (HypervisorAdminNegativeTestJSON:tearDownClass): 201 POST http://10.180.1.21/identity/v3/auth/tokens 0.104s
2025-03-11 18:02:44.162 69119 INFO tempest.lib.common.rest_client [req-2d9fbbe4-9c91-4d95-b894-d030e4dbfa13 req-2d9fbbe4-9c91-4d95-b894-d030e4dbfa13 ] Request (ServerActionsTestOtherB:setUpClass): 201 POST http://10.180.1.21/identity/v3/auth/tokens 0.115s
2025-03-11 18:02:44.174 69109 INFO tempest.lib.common.rest_client [req-f046d0ed-2a5b-4cbd-a180-fcc35b8df185 req-f046d0ed-2a5b-4cbd-a180-fcc35b8df185 ] Request (ServicesAdminTestJSON:setUpClass): 204 PUT http://10.180.1.21/identity/v3/projects/3a1bfb387a364d798d1cba3c8ca066ef/users/e4fae61a18bf46598eb5eceec7dc74ad/roles/c4bfa7319e384cca9472c5f552385d3f 0.072s
2025-03-11 18:02:44.174 69109 INFO tempest.lib.common.dynamic_creds [-] Dynamic test user e4fae61a18bf46598eb5eceec7dc74ad is created with scope project and roles: ['admin']
2025-03-11 18:02:44.175 69109 INFO tempest.lib.common.dynamic_creds [-] Acquired dynamic creds: credentials: Credentials: {'domain_id': 'default', 'domain_name': 'Default', 'username': 'tempest-ServicesAdminTestJSON-471769003-project-admin', 'project_domain_id': 'default', 'project_domain_name': 'Default', 'project_id': '3a1bfb387a364d798d1cba3c8ca066ef', 'project_name': 'tempest-ServicesAdminTestJSON-471769003', 'tenant_id': '3a1bfb387a364d798d1cba3c8ca066ef', 'tenant_name': 'tempest-ServicesAdminTestJSON-471769003', 'user_domain_id': 'default', 'user_domain_name': 'Default', 'user_id': 'e4fae61a18bf46598eb5eceec7dc74ad', 'system': None}, Network: None, Subnet: None, Router: None
2025-03-11 18:02:44.175 69109 INFO tempest.lib.common.dynamic_creds [-] Created isolated network resources for: credentials: Credentials: {'domain_id': 'default', 'domain_name': 'Default', 'username': 'tempest-ServicesAdminTestJSON-471769003-project-admin', 'project_domain_id': 'default', 'project_domain_name': 'Default', 'project_id': '3a1bfb387a364d798d1cba3c8ca066ef', 'project_name': 'tempest-ServicesAdminTestJSON-471769003', 'tenant_id': '3a1bfb387a364d798d1cba3c8ca066ef', 'tenant_name': 'tempest-ServicesAdminTestJSON-471769003', 'user_domain_id': 'default', 'user_domain_name': 'Default', 'user_id': 'e4fae61a18bf46598eb5eceec7dc74ad', 'system': None}, Network: None, Subnet: None, Router: None
2025-03-11 18:02:44.213 69115 INFO tempest.lib.common.rest_client [req-bd559b0a-63b8-4ff0-915c-1846a4f7b45a req-bd559b0a-63b8-4ff0-915c-1846a4f7b45a ] Request (FloatingIPsTestJSON:test_delete_floating_ip): 404 GET http://10.180.1.21/compute/v2.1/os-floating-ips/cae3ed57-a476-4440-b4dc-e482705ab2b1 1.430s
2025-03-11 18:02:44.246 69129 INFO tempest.lib.common.rest_client [req-1e1e5a3b-b8be-4c81-af36-cfb0dfd02c50 req-1e1e5a3b-b8be-4c81-af36-cfb0dfd02c50 ] Request (QuotasAdminTestJSON:_run_cleanups): 204 DELETE http://10.180.1.21/identity/v3/projects/9400a9a3b41f4771a7693b5c6bc4787a 0.094s
2025-03-11 18:02:44.273 69137 INFO tempest.lib.common.rest_client [req-5494d9e1-eda0-4208-be36-642a1e818d24 req-5494d9e1-eda0-4208-be36-642a1e818d24 ] Request (HypervisorAdminTestJSON:test_get_hypervisor_list_details): 200 GET http://10.180.1.21/compute/v2.1/os-hypervisors/detail 1.150s
2025-03-11 18:02:44.301 69117 INFO tempest.lib.common.rest_client [req-9a762975-7404-4c6c-a2cc-40068998cc3d req-9a762975-7404-4c6c-a2cc-40068998cc3d ] Request (FlavorsAccessNegativeTestJSON:_run_cleanups): 200 GET http://10.180.1.21/compute/v2.1/flavors/detail 1.155s
2025-03-11 18:02:44.307 69099 INFO tempest.lib.common.rest_client [req-e2270685-c00d-4f7b-96b1-8a3541534e6b req-e2270685-c00d-4f7b-96b1-8a3541534e6b ] Request (HypervisorAdminV228Test:tearDownClass): 200 GET http://10.180.1.21:9696/networking/v2.0/security-groups?tenant_id=cde58118c34e44b8aad808d78ecd426e&name=default 0.622s
2025-03-11 18:02:44.317 69109 INFO tempest.lib.common.rest_client [req-749f9022-4b74-43fa-81d7-deca1741d04f req-749f9022-4b74-43fa-81d7-deca1741d04f ] Request (ServicesAdminTestJSON:setUpClass): 201 POST http://10.180.1.21/identity/v3/auth/tokens 0.137s
2025-03-11 18:02:44.401 69111 INFO tempest.lib.common.rest_client [req-a6548e37-6b68-46d2-ab04-975193d610db req-a6548e37-6b68-46d2-ab04-975193d610db ] Request (SecurityGroupRulesTestJSON:test_security_group_rules_create_with_optional_group_id): 200 POST http://10.180.1.21/compute/v2.1/os-security-group-rules 1.828s
2025-03-11 18:02:44.404 69111 WARNING tempest.lib.common.rest_client [-] Deprecated: "tenant_id" property is deprecated for removal, use "project_id" instead
2025-03-11 18:02:44.415 69087 INFO tempest.lib.common.rest_client [req-7079eefa-a7ce-46d8-a373-08ea59301dd5 req-7079eefa-a7ce-46d8-a373-08ea59301dd5 ] Request (HypervisorAdminNegativeTestJSON:tearDownClass): 200 GET http://10.180.1.21:9696/networking/v2.0/security-groups?tenant_id=93eb943a1f68489b92330739720ec403&name=default 0.257s
2025-03-11 18:02:44.488 69131 INFO tempest.lib.common.rest_client [req-290b5294-45f3-4cc8-ac1f-f9d17268a504 req-290b5294-45f3-4cc8-ac1f-f9d17268a504 ] Request (FloatingIPsAssociationNegativeTestJSON:setUpClass): 200 GET http://10.180.1.21/compute/v2.1/servers/a04bf446-b6ae-49d3-bf79-bc1ed287b7f2 1.154s
2025-03-11 18:02:44.548 69087 INFO tempest.lib.common.rest_client [req-4ece86a5-5c04-44fc-8443-ec39ab493c8e req-4ece86a5-5c04-44fc-8443-ec39ab493c8e ] Request (HypervisorAdminNegativeTestJSON:tearDownClass): 204 DELETE http://10.180.1.21:9696/networking/v2.0/security-groups/b0fb5b34-6d10-4cd4-a383-26eb750d25b9 0.133s
2025-03-11 18:02:44.555 69099 INFO tempest.lib.common.rest_client [req-dace7cf6-a24d-4130-b8bc-5d8becc07af2 req-dace7cf6-a24d-4130-b8bc-5d8becc07af2 ] Request (HypervisorAdminV228Test:tearDownClass): 204 DELETE http://10.180.1.21:9696/networking/v2.0/security-groups/2d24a968-ef2c-4f46-95ff-cdf614f1f36c 0.247s
2025-03-11 18:02:44.638 69133 INFO tempest.lib.common.rest_client [req-f787e257-63af-4409-89b2-14607300a353 req-f787e257-63af-4409-89b2-14607300a353 ] Request (ImagesMetadataTestJSON:test_delete_image_metadata_item): 204 DELETE http://10.180.1.21/compute/v2.1/images/e59a5029-3535-46a6-8e89-f636e2b78f62/metadata/os_version 1.387s
2025-03-11 18:02:44.645 69095 INFO tempest.lib.common.rest_client [req-5d8b88f1-49b6-43b7-9640-643c1c0af61a req-5d8b88f1-49b6-43b7-9640-643c1c0af61a ] Request (FloatingIPDetailsNegativeTestJSON:setUpClass): 201 POST http://10.180.1.21:9696/networking/v2.0/networks 0.793s
2025-03-11 18:02:44.660 69099 INFO tempest.lib.common.rest_client [req-f269ed01-0710-43c8-bca7-1e57102137ce req-f269ed01-0710-43c8-bca7-1e57102137ce ] Request (HypervisorAdminV228Test:tearDownClass): 204 DELETE http://10.180.1.21/identity/v3/projects/cde58118c34e44b8aad808d78ecd426e 0.105s
2025-03-11 18:02:44.660 69099 INFO tempest.lib.common.dynamic_creds [-] Deleting project and security group for project: 9a82ccb4495e4c40bf1935f419276f85
2025-03-11 18:02:44.672 69125 INFO tempest.lib.common.rest_client [req-2e56f91e-f6f9-4505-b73e-9498bf872963 req-2e56f91e-f6f9-4505-b73e-9498bf872963 ] Request (SecurityGroupsTestAdminJSON:_run_cleanups): 202 DELETE http://10.180.1.21/compute/v2.1/os-security-groups/2789c880-639c-490f-88bb-4c0b1a4655bc 1.100s
2025-03-11 18:02:44.675 69087 INFO tempest.lib.common.rest_client [req-2baf3405-b815-445f-aa04-c531d8867eeb req-2baf3405-b815-445f-aa04-c531d8867eeb ] Request (HypervisorAdminNegativeTestJSON:tearDownClass): 204 DELETE http://10.180.1.21/identity/v3/projects/93eb943a1f68489b92330739720ec403 0.126s
2025-03-11 18:02:44.675 69087 INFO tempest.lib.common.dynamic_creds [-] Deleting project and security group for project: 41ed4c094b5940aa96e602b3c5230c4a
2025-03-11 18:02:44.677 69077 INFO tempest.lib.common.rest_client [req-c5ee634a-5e47-4ca4-ad07-a0cbf3dc2066 req-c5ee634a-5e47-4ca4-ad07-a0cbf3dc2066 ] Request (FlavorsExtraSpecsNegativeTestJSON:test_flavor_update_more_key): 400 PUT http://10.180.1.21/compute/v2.1/flavors/1244796446/os-extra_specs/hw:numa_nodes 0.837s
2025-03-11 18:02:44.713 69114 INFO tempest.lib.common.rest_client [req-6d0a101f-9b5f-4c0c-9284-84d35c8ae5a6 req-6d0a101f-9b5f-4c0c-9284-84d35c8ae5a6 ] Request (FlavorsExtraSpecsTestJSON:test_flavor_set_get_update_show_unset_keys): 200 DELETE http://10.180.1.21/compute/v2.1/flavors/627059507/os-extra_specs/hw:numa_nodes 0.859s
2025-03-11 18:02:44.729 69085 INFO tempest.lib.common.rest_client [req-766c642e-b24f-4eb0-b18d-f6fa784d7802 req-766c642e-b24f-4eb0-b18d-f6fa784d7802 ] Request (HostsAdminNegativeTestJSON:test_startup_nonexistent_host): 404 GET http://10.180.1.21/compute/v2.1/os-hosts/nonexistent_hostname/startup 0.867s
2025-03-11 18:02:44.738 69091 INFO tempest.lib.common.rest_client [req-33fb189f-1e99-4f2e-8749-f339ebe7afab req-33fb189f-1e99-4f2e-8749-f339ebe7afab ] Request (AggregatesAdminNegativeTestJSON:test_aggregate_create_as_user): 403 POST http://10.180.1.21/compute/v2.1/os-aggregates 0.868s
2025-03-11 18:02:44.759 69135 INFO tempest.lib.common.rest_client [req-0e34b095-c510-4fd7-abcf-cb8abb2cb41b req-0e34b095-c510-4fd7-abcf-cb8abb2cb41b ] Request (FlavorsAccessTestJSON:_run_cleanups): 202 DELETE http://10.180.1.21/compute/v2.1/flavors/1863568172 0.875s
2025-03-11 18:02:44.806 69105 INFO tempest.lib.common.rest_client [req-16f432fc-3620-42fc-981d-23e16808e53d req-16f432fc-3620-42fc-981d-23e16808e53d ] Request (ValidationResourcesFixture:setUp): 200 POST http://10.180.1.21/compute/v2.1/os-keypairs 0.894s
2025-03-11 18:02:44.893 69099 INFO tempest.lib.common.rest_client [req-83a0485e-7a58-4a59-8ec8-7f2971ec8aef req-83a0485e-7a58-4a59-8ec8-7f2971ec8aef ] Request (HypervisorAdminV228Test:tearDownClass): 200 GET http://10.180.1.21:9696/networking/v2.0/security-groups?tenant_id=9a82ccb4495e4c40bf1935f419276f85&name=default 0.232s
2025-03-11 18:02:44.928 69139 INFO tempest.lib.common.rest_client [req-72c1d01f-667d-4740-bc63-dfa342c12ca8 req-72c1d01f-667d-4740-bc63-dfa342c12ca8 ] Request (FlavorsV2NegativeTest:test_boot_with_low_ram): 400 POST http://10.180.1.21/compute/v2.1/servers 1.305s
2025-03-11 18:02:44.945 69087 INFO tempest.lib.common.rest_client [req-79c814b7-29bb-4d6c-bf81-dd22f911c6bf req-79c814b7-29bb-4d6c-bf81-dd22f911c6bf ] Request (HypervisorAdminNegativeTestJSON:tearDownClass): 200 GET http://10.180.1.21:9696/networking/v2.0/security-groups?tenant_id=41ed4c094b5940aa96e602b3c5230c4a&name=default 0.269s
2025-03-11 18:02:44.990 69139 INFO tempest.lib.common.rest_client [req-7d71e986-0a54-4ca5-8573-cc68d8d9443c req-7d71e986-0a54-4ca5-8573-cc68d8d9443c ] Request (FlavorsV2NegativeTest:_run_cleanups): 204 DELETE http://10.180.1.21/image/v2/images/76a041b3-e9a1-4caa-ba4a-0825663b7b49 0.061s
2025-03-11 18:02:45.075 69101 INFO tempest.lib.common.rest_client [req-9c89b8fc-a9c5-4002-8449-c55d724c5862 req-9c89b8fc-a9c5-4002-8449-c55d724c5862 ] Request (ImagesOneServerNegativeTestJSON:setUpClass): 200 GET http://10.180.1.21/compute/v2.1/servers/38233369-93d0-4108-b8cd-696f89c848df 1.095s
2025-03-11 18:02:45.136 69139 INFO tempest.lib.common.rest_client [req-10866e0f-d3b9-4019-9afa-04c52550e96c req-10866e0f-d3b9-4019-9afa-04c52550e96c ] Request (FlavorsV2NegativeTest:tearDownClass): 204 DELETE http://10.180.1.21/identity/v3/users/f6f88f1bdb7d4f9caa1c16219256fd07 0.144s
2025-03-11 18:02:45.136 69139 INFO tempest.lib.common.dynamic_creds [-] Deleting project and security group for project: 8d736caf3172428ba31447c313f4ce54
2025-03-11 18:02:45.150 69105 INFO tempest.lib.common.rest_client [req-48ce7157-76d9-4f19-862f-cd0672f841cb req-48ce7157-76d9-4f19-862f-cd0672f841cb ] Request (ValidationResourcesFixture:setUp): 201 POST http://10.180.1.21:9696/networking/v2.0/security-groups 0.342s
2025-03-11 18:02:45.183 69099 INFO tempest.lib.common.rest_client [req-5c15281a-23ae-4f36-9a65-28b1f30026d5 req-5c15281a-23ae-4f36-9a65-28b1f30026d5 ] Request (HypervisorAdminV228Test:tearDownClass): 204 DELETE http://10.180.1.21:9696/networking/v2.0/security-groups/2618cd44-2228-49e4-b7fb-c46211ff4dc5 0.289s
2025-03-11 18:02:45.207 69139 INFO tempest.lib.common.rest_client [req-b1c61f28-64dc-4946-bd4e-dd2751e5d850 req-b1c61f28-64dc-4946-bd4e-dd2751e5d850 ] Request (FlavorsV2NegativeTest:tearDownClass): 201 POST http://10.180.1.21/identity/v3/auth/tokens 0.070s
2025-03-11 18:02:45.283 69099 INFO tempest.lib.common.rest_client [req-b4c5cf73-7603-477d-9877-1c76f1536290 req-b4c5cf73-7603-477d-9877-1c76f1536290 ] Request (HypervisorAdminV228Test:tearDownClass): 204 DELETE http://10.180.1.21/identity/v3/projects/9a82ccb4495e4c40bf1935f419276f85 0.099s
2025-03-11 18:02:45.286 69119 INFO tempest.lib.common.rest_client [req-3315d8d9-5b60-4340-97f9-31365893978c req-3315d8d9-5b60-4340-97f9-31365893978c ] Request (ServerActionsTestOtherB:setUpClass): 200 POST http://10.180.1.21/compute/v2.1/os-keypairs 1.122s
2025-03-11 18:02:45.335 69087 INFO tempest.lib.common.rest_client [req-c8a93c2f-1d88-4a48-8c42-f34d72a50627 req-c8a93c2f-1d88-4a48-8c42-f34d72a50627 ] Request (HypervisorAdminNegativeTestJSON:tearDownClass): 204 DELETE http://10.180.1.21:9696/networking/v2.0/security-groups/0aec5d39-c044-4346-9a6a-6a5aab18f483 0.389s
2025-03-11 18:02:45.360 69099 INFO tempest.lib.common.rest_client [req-ef068422-478b-47f7-b7d7-bd73e49d9397 req-ef068422-478b-47f7-b7d7-bd73e49d9397 ] Request (FloatingIPsNegativeTestJSON:setUpClass): 201 POST http://10.180.1.21/identity/v3/auth/tokens 0.075s
2025-03-11 18:02:45.383 69115 INFO tempest.lib.common.rest_client [req-acc882e5-e69d-40d3-a57c-8a55094fc5ca req-acc882e5-e69d-40d3-a57c-8a55094fc5ca ] Request (FloatingIPsTestJSON:_run_cleanups): 404 DELETE http://10.180.1.21/compute/v2.1/os-floating-ips/cae3ed57-a476-4440-b4dc-e482705ab2b1 1.170s
2025-03-11 18:02:45.395 69099 INFO tempest.lib.common.rest_client [req-79c0912c-bc67-4003-bc23-e66fa97b555c req-79c0912c-bc67-4003-bc23-e66fa97b555c ] Request (FloatingIPsNegativeTestJSON:setUpClass): 201 POST http://10.180.1.21/identity/v3/auth/tokens 0.031s
2025-03-11 18:02:45.423 69087 INFO tempest.lib.common.rest_client [req-175779e2-5c66-4025-92ea-1dd0a5ae6ddd req-175779e2-5c66-4025-92ea-1dd0a5ae6ddd ] Request (HypervisorAdminNegativeTestJSON:tearDownClass): 204 DELETE http://10.180.1.21/identity/v3/projects/41ed4c094b5940aa96e602b3c5230c4a 0.088s
2025-03-11 18:02:45.438 69095 INFO tempest.lib.common.rest_client [req-2dcdb5b5-1861-4831-b2c5-e4251e33a7b1 req-2dcdb5b5-1861-4831-b2c5-e4251e33a7b1 ] Request (FloatingIPDetailsNegativeTestJSON:setUpClass): 201 POST http://10.180.1.21:9696/networking/v2.0/subnets 0.792s
2025-03-11 18:02:45.480 69099 INFO tempest.lib.common.rest_client [req-75ffc092-7b08-4a02-8e03-8d11ffa41a9f req-75ffc092-7b08-4a02-8e03-8d11ffa41a9f ] Request (FloatingIPsNegativeTestJSON:setUpClass): 200 GET http://10.180.1.21/identity/v3/domains?name=Default 0.084s
2025-03-11 18:02:45.509 69087 INFO tempest.lib.common.rest_client [req-c4e9ffd4-0401-4754-87f4-a40e92202e3e req-c4e9ffd4-0401-4754-87f4-a40e92202e3e ] Request (ServerDiskConfigTestJSON:setUpClass): 201 POST http://10.180.1.21/identity/v3/auth/tokens 0.084s
2025-03-11 18:02:45.534 69121 INFO tempest.lib.common.rest_client [req-930f108c-57b0-48d6-8eff-fd689c78c298 req-930f108c-57b0-48d6-8eff-fd689c78c298 ] Request (QuotaClassesAdminTestJSON:test_update_default_quotas): 200 GET http://10.180.1.21/compute/v2.1/os-quota-class-sets/default 1.282s
2025-03-11 18:02:45.539 69099 INFO tempest.lib.common.rest_client [req-91d9d657-eb68-48bb-a240-7908aaddc3d3 req-91d9d657-eb68-48bb-a240-7908aaddc3d3 ] Request (FloatingIPsNegativeTestJSON:setUpClass): 201 POST http://10.180.1.21/identity/v3/projects 0.057s
2025-03-11 18:02:45.557 69105 INFO tempest.lib.common.rest_client [req-783b30fc-07c5-44c2-95da-7350188afa58 req-783b30fc-07c5-44c2-95da-7350188afa58 ] Request (ValidationResourcesFixture:setUp): 201 POST http://10.180.1.21:9696/networking/v2.0/security-group-rules 0.405s
2025-03-11 18:02:45.584 69087 INFO tempest.lib.common.rest_client [req-8a0a842f-0c4b-4665-b47e-08fcf8b07988 req-8a0a842f-0c4b-4665-b47e-08fcf8b07988 ] Request (ServerDiskConfigTestJSON:setUpClass): 201 POST http://10.180.1.21/identity/v3/auth/tokens 0.070s
2025-03-11 18:02:45.608 69087 INFO tempest.lib.common.rest_client [req-c8f99445-4998-44ec-9b59-d1f6cfe4cf88 req-c8f99445-4998-44ec-9b59-d1f6cfe4cf88 ] Request (ServerDiskConfigTestJSON:setUpClass): 200 GET http://10.180.1.21/identity/v3/domains?name=Default 0.023s
2025-03-11 18:02:45.609 69099 INFO tempest.lib.common.rest_client [req-0f6e3233-8908-4dd1-afe1-b49e233ac4d5 req-0f6e3233-8908-4dd1-afe1-b49e233ac4d5 ] Request (FloatingIPsNegativeTestJSON:setUpClass): 201 POST http://10.180.1.21/identity/v3/users 0.069s
2025-03-11 18:02:45.637 69099 INFO tempest.lib.common.rest_client [req-c1bebfbf-26bd-49ef-a35c-d36abd34c8b8 req-c1bebfbf-26bd-49ef-a35c-d36abd34c8b8 ] Request (FloatingIPsNegativeTestJSON:setUpClass): 200 GET http://10.180.1.21/identity/v3/roles 0.028s
2025-03-11 18:02:45.639 69079 INFO tempest.lib.common.rest_client [req-9a8ad4ca-492f-4bba-84a9-c596d5deb822 req-9a8ad4ca-492f-4bba-84a9-c596d5deb822 ] Request (ServersAdminTestJSON:setUpClass): 200 GET http://10.180.1.21/compute/v2.1/servers/1df4c11a-9228-4f95-a044-2ca56fd4fa59 1.383s
2025-03-11 18:02:45.639 69087 INFO tempest.lib.common.rest_client [req-df10eb68-a402-4c2a-8cbb-8f90a2520500 req-df10eb68-a402-4c2a-8cbb-8f90a2520500 ] Request (ServerDiskConfigTestJSON:setUpClass): 201 POST http://10.180.1.21/identity/v3/projects 0.030s
2025-03-11 18:02:45.666 69137 INFO tempest.lib.common.rest_client [req-384b4713-69c7-4600-bc69-bb185fa93919 req-384b4713-69c7-4600-bc69-bb185fa93919 ] Request (HypervisorAdminTestJSON:test_get_hypervisor_show_details): 200 GET http://10.180.1.21/compute/v2.1/os-hypervisors 1.386s
2025-03-11 18:02:45.697 69117 INFO tempest.lib.common.rest_client [req-4c78ef8c-c647-4912-88bc-f0d2d9be23ea req-4c78ef8c-c647-4912-88bc-f0d2d9be23ea ] Request (FlavorsAccessNegativeTestJSON:test_flavor_non_admin_add): 200 POST http://10.180.1.21/compute/v2.1/flavors 1.389s
2025-03-11 18:02:45.740 69087 INFO tempest.lib.common.rest_client [req-6adf77df-821e-4b69-bb71-f4c2d0fd62e6 req-6adf77df-821e-4b69-bb71-f4c2d0fd62e6 ] Request (ServerDiskConfigTestJSON:setUpClass): 201 POST http://10.180.1.21/identity/v3/users 0.100s
2025-03-11 18:02:45.748 69099 INFO tempest.lib.common.rest_client [req-4a2eecf7-0bba-45fb-835d-dcc7579f6541 req-4a2eecf7-0bba-45fb-835d-dcc7579f6541 ] Request (FloatingIPsNegativeTestJSON:setUpClass): 204 PUT http://10.180.1.21/identity/v3/projects/267fd4ec7f1a4348a622227599d4b4dd/users/30f1eadf4e92400db5eb324b1ec0b69d/roles/9bdd812db155470785f25adc0813e03c 0.111s
2025-03-11 18:02:45.749 69099 INFO tempest.lib.common.dynamic_creds [-] Dynamic test user 30f1eadf4e92400db5eb324b1ec0b69d is created with scope project and roles: ['member']
2025-03-11 18:02:45.749 69099 INFO tempest.lib.common.dynamic_creds [-] Acquired dynamic creds: credentials: Credentials: {'domain_id': 'default', 'domain_name': 'Default', 'username': 'tempest-FloatingIPsNegativeTestJSON-1914562049-project-member', 'project_domain_id': 'default', 'project_domain_name': 'Default', 'project_id': '267fd4ec7f1a4348a622227599d4b4dd', 'project_name': 'tempest-FloatingIPsNegativeTestJSON-1914562049', 'tenant_id': '267fd4ec7f1a4348a622227599d4b4dd', 'tenant_name': 'tempest-FloatingIPsNegativeTestJSON-1914562049', 'user_domain_id': 'default', 'user_domain_name': 'Default', 'user_id': '30f1eadf4e92400db5eb324b1ec0b69d', 'system': None}, Network: None, Subnet: None, Router: None
2025-03-11 18:02:45.756 69119 INFO tempest.lib.common.rest_client [req-326604ce-9318-4e85-ae89-e9e950c2cf65 req-326604ce-9318-4e85-ae89-e9e950c2cf65 ] Request (ServerActionsTestOtherB:setUpClass): 201 POST http://10.180.1.21:9696/networking/v2.0/security-groups 0.468s
2025-03-11 18:02:45.766 69139 INFO tempest.lib.common.rest_client [req-542d7cbd-5100-4852-b60e-b03eb3062651 req-542d7cbd-5100-4852-b60e-b03eb3062651 ] Request (FlavorsV2NegativeTest:tearDownClass): 200 GET http://10.180.1.21:9696/networking/v2.0/security-groups?tenant_id=8d736caf3172428ba31447c313f4ce54&name=default 0.558s
2025-03-11 18:02:45.813 69087 INFO tempest.lib.common.rest_client [req-754bb977-9804-4c4c-967a-87913d72e175 req-754bb977-9804-4c4c-967a-87913d72e175 ] Request (ServerDiskConfigTestJSON:setUpClass): 200 GET http://10.180.1.21/identity/v3/roles 0.072s
2025-03-11 18:02:45.838 69099 INFO tempest.lib.common.rest_client [req-be9aeeff-c3fc-4025-8d6e-c10c20a0ec66 req-be9aeeff-c3fc-4025-8d6e-c10c20a0ec66 ] Request (FloatingIPsNegativeTestJSON:setUpClass): 201 POST http://10.180.1.21/identity/v3/auth/tokens 0.088s
2025-03-11 18:02:45.859 69105 INFO tempest.lib.common.rest_client [req-0d063a12-5616-4697-ab34-72c4aa019cb5 req-0d063a12-5616-4697-ab34-72c4aa019cb5 ] Request (ValidationResourcesFixture:setUp): 201 POST http://10.180.1.21:9696/networking/v2.0/security-group-rules 0.301s
2025-03-11 18:02:45.863 69087 INFO tempest.lib.common.rest_client [req-b82edfb5-80f8-4fff-bf60-0d985cbabfd9 req-b82edfb5-80f8-4fff-bf60-0d985cbabfd9 ] Request (ServerDiskConfigTestJSON:setUpClass): 204 PUT http://10.180.1.21/identity/v3/projects/334dfaf60cc446658756fdbd532c2c70/users/dc1a482cee684bd8a8a2ea685aa62514/roles/9bdd812db155470785f25adc0813e03c 0.049s
2025-03-11 18:02:45.863 69087 INFO tempest.lib.common.dynamic_creds [-] Dynamic test user dc1a482cee684bd8a8a2ea685aa62514 is created with scope project and roles: ['member']
2025-03-11 18:02:45.863 69087 INFO tempest.lib.common.dynamic_creds [-] Acquired dynamic creds: credentials: Credentials: {'domain_id': 'default', 'domain_name': 'Default', 'username': 'tempest-ServerDiskConfigTestJSON-1796634604-project-member', 'project_domain_id': 'default', 'project_domain_name': 'Default', 'project_id': '334dfaf60cc446658756fdbd532c2c70', 'project_name': 'tempest-ServerDiskConfigTestJSON-1796634604', 'tenant_id': '334dfaf60cc446658756fdbd532c2c70', 'tenant_name': 'tempest-ServerDiskConfigTestJSON-1796634604', 'user_domain_id': 'default', 'user_domain_name': 'Default', 'user_id': 'dc1a482cee684bd8a8a2ea685aa62514', 'system': None}, Network: None, Subnet: None, Router: None
2025-03-11 18:02:45.934 69109 INFO tempest.lib.common.rest_client [req-0448e184-9344-4f1e-bfa3-14b0037297f3 req-0448e184-9344-4f1e-bfa3-14b0037297f3 ] Request (ServicesAdminTestJSON:test_get_service_by_host_name): 200 GET http://10.180.1.21/compute/v2.1/os-services 1.616s
2025-03-11 18:02:45.975 69093 INFO tempest.lib.common.rest_client [req-b154c000-d222-4dfd-9b81-585b8ddf8e8b req-b154c000-d222-4dfd-9b81-585b8ddf8e8b ] Request (VolumesAssistedSnapshotsTest:test_volume_assisted_snapshot_create_delete): 202 POST http://10.180.1.21/compute/v2.1/servers 1.946s
2025-03-11 18:02:45.993 69087 INFO tempest.lib.common.rest_client [req-08db2c38-a5ae-44c0-a5da-1b5bbe29d373 req-08db2c38-a5ae-44c0-a5da-1b5bbe29d373 ] Request (ServerDiskConfigTestJSON:setUpClass): 201 POST http://10.180.1.21/identity/v3/auth/tokens 0.129s
2025-03-11 18:02:46.127 69119 INFO tempest.lib.common.rest_client [req-f51c5ddf-a34f-4cc5-9ab9-c0de53a67556 req-f51c5ddf-a34f-4cc5-9ab9-c0de53a67556 ] Request (ServerActionsTestOtherB:setUpClass): 201 POST http://10.180.1.21:9696/networking/v2.0/security-group-rules 0.370s
2025-03-11 18:02:46.137 69139 INFO tempest.lib.common.rest_client [req-6a965445-ce87-41c5-8c9f-cfb556f1985e req-6a965445-ce87-41c5-8c9f-cfb556f1985e ] Request (FlavorsV2NegativeTest:tearDownClass): 204 DELETE http://10.180.1.21:9696/networking/v2.0/security-groups/9dd44a66-30d8-4217-a2d7-6f516de2fda6 0.370s
2025-03-11 18:02:46.212 69139 INFO tempest.lib.common.rest_client [req-69879c04-3610-439c-88c2-ea452cfe6861 req-69879c04-3610-439c-88c2-ea452cfe6861 ] Request (FlavorsV2NegativeTest:tearDownClass): 204 DELETE http://10.180.1.21/identity/v3/projects/8d736caf3172428ba31447c313f4ce54 0.074s
2025-03-11 18:02:46.289 69139 INFO tempest.lib.common.rest_client [req-8dcafbd2-1208-4375-bc4e-b896237374bc req-8dcafbd2-1208-4375-bc4e-b896237374bc ] Request (ImagesMetadataNegativeTestJSON:setUpClass): 201 POST http://10.180.1.21/identity/v3/auth/tokens 0.075s
2025-03-11 18:02:46.329 69139 INFO tempest.lib.common.rest_client [req-835d4602-3534-4e17-a9d0-1325ad220b3d req-835d4602-3534-4e17-a9d0-1325ad220b3d ] Request (ImagesMetadataNegativeTestJSON:setUpClass): 201 POST http://10.180.1.21/identity/v3/auth/tokens 0.037s
2025-03-11 18:02:46.376 69108 INFO tempest.lib.common.rest_client [req-b826ab59-22bd-4159-b98a-8600f0813382 req-b826ab59-22bd-4159-b98a-8600f0813382 ] Request (ServerDiagnosticsNegativeTest:test_get_server_diagnostics_by_non_admin): 200 GET http://10.180.1.21/compute/v2.1/servers/c8d79127-7b97-4c19-a952-bcdf689adeed 1.960s
2025-03-11 18:02:46.385 69139 INFO tempest.lib.common.rest_client [req-a57b1989-00cd-46ef-acdb-97686d315c64 req-a57b1989-00cd-46ef-acdb-97686d315c64 ] Request (ImagesMetadataNegativeTestJSON:setUpClass): 200 GET http://10.180.1.21/identity/v3/domains?name=Default 0.055s
2025-03-11 18:02:46.385 69111 INFO tempest.lib.common.rest_client [req-34a5493a-630e-4051-98fa-a83f8788ac5d req-34a5493a-630e-4051-98fa-a83f8788ac5d ] Request (SecurityGroupRulesTestJSON:test_security_group_rules_delete_when_peer_group_deleted): 200 POST http://10.180.1.21/compute/v2.1/os-security-groups 1.977s
2025-03-11 18:02:46.423 69139 INFO tempest.lib.common.rest_client [req-e5e29a20-d9fe-45e6-a35c-89034e135922 req-e5e29a20-d9fe-45e6-a35c-89034e135922 ] Request (ImagesMetadataNegativeTestJSON:setUpClass): 201 POST http://10.180.1.21/identity/v3/projects 0.038s
2025-03-11 18:02:46.484 69139 INFO tempest.lib.common.rest_client [req-6db56723-55ca-4ad6-b34b-dfc095cfd365 req-6db56723-55ca-4ad6-b34b-dfc095cfd365 ] Request (ImagesMetadataNegativeTestJSON:setUpClass): 201 POST http://10.180.1.21/identity/v3/users 0.060s
2025-03-11 18:02:46.510 69139 INFO tempest.lib.common.rest_client [req-9099e813-cc48-4dca-ba80-0eba937834df req-9099e813-cc48-4dca-ba80-0eba937834df ] Request (ImagesMetadataNegativeTestJSON:setUpClass): 200 GET http://10.180.1.21/identity/v3/roles 0.026s
2025-03-11 18:02:46.560 69139 INFO tempest.lib.common.rest_client [req-6bd7eaa3-4f93-4cdb-bd71-6fd4beabfcb2 req-6bd7eaa3-4f93-4cdb-bd71-6fd4beabfcb2 ] Request (ImagesMetadataNegativeTestJSON:setUpClass): 204 PUT http://10.180.1.21/identity/v3/projects/6376f16c19694414a85d7900cd78d628/users/a824342232324791a2ff9deb26f9a8aa/roles/9bdd812db155470785f25adc0813e03c 0.049s
2025-03-11 18:02:46.563 69139 INFO tempest.lib.common.dynamic_creds [-] Dynamic test user a824342232324791a2ff9deb26f9a8aa is created with scope project and roles: ['member']
2025-03-11 18:02:46.563 69139 INFO tempest.lib.common.dynamic_creds [-] Acquired dynamic creds: credentials: Credentials: {'domain_id': 'default', 'domain_name': 'Default', 'username': 'tempest-ImagesMetadataNegativeTestJSON-1804006791-project-member', 'project_domain_id': 'default', 'project_domain_name': 'Default', 'project_id': '6376f16c19694414a85d7900cd78d628', 'project_name': 'tempest-ImagesMetadataNegativeTestJSON-1804006791', 'tenant_id': '6376f16c19694414a85d7900cd78d628', 'tenant_name': 'tempest-ImagesMetadataNegativeTestJSON-1804006791', 'user_domain_id': 'default', 'user_domain_name': 'Default', 'user_id': 'a824342232324791a2ff9deb26f9a8aa', 'system': None}, Network: None, Subnet: None, Router: None
2025-03-11 18:02:46.563 69139 INFO tempest.lib.common.dynamic_creds [-] Created isolated network resources for: credentials: Credentials: {'domain_id': 'default', 'domain_name': 'Default', 'username': 'tempest-ImagesMetadataNegativeTestJSON-1804006791-project-member', 'project_domain_id': 'default', 'project_domain_name': 'Default', 'project_id': '6376f16c19694414a85d7900cd78d628', 'project_name': 'tempest-ImagesMetadataNegativeTestJSON-1804006791', 'tenant_id': '6376f16c19694414a85d7900cd78d628', 'tenant_name': 'tempest-ImagesMetadataNegativeTestJSON-1804006791', 'user_domain_id': 'default', 'user_domain_name': 'Default', 'user_id': 'a824342232324791a2ff9deb26f9a8aa', 'system': None}, Network: None, Subnet: None, Router: None
2025-03-11 18:02:46.571 69119 INFO tempest.lib.common.rest_client [req-5406087d-84d9-4fcd-9845-85382bf60b28 req-5406087d-84d9-4fcd-9845-85382bf60b28 ] Request (ServerActionsTestOtherB:setUpClass): 201 POST http://10.180.1.21:9696/networking/v2.0/security-group-rules 0.443s
2025-03-11 18:02:46.645 69097 INFO tempest.lib.common.rest_client [req-758d3307-3250-4ab1-88e6-7cfd68b63e92 req-758d3307-3250-4ab1-88e6-7cfd68b63e92 ] Request (DeleteServersTestJSON:test_delete_active_server): 200 GET http://10.180.1.21/compute/v2.1/servers/8fdd8c2a-8a9c-4dfd-855b-070b8ddf2de9 2.168s
2025-03-11 18:02:46.685 69139 INFO tempest.lib.common.rest_client [req-33ae9b16-cbfe-40d8-8606-dea04cb42dd4 req-33ae9b16-cbfe-40d8-8606-dea04cb42dd4 ] Request (ImagesMetadataNegativeTestJSON:setUpClass): 201 POST http://10.180.1.21/identity/v3/auth/tokens 0.116s
2025-03-11 18:02:46.831 69123 INFO tempest.lib.common.rest_client [req-0b2a416e-25ef-40d2-a4d5-f6d4b58301ff req-0b2a416e-25ef-40d2-a4d5-f6d4b58301ff ] Request (DeleteServersAdminTestJSON:test_admin_delete_servers_of_others): 200 GET http://10.180.1.21/compute/v2.1/servers/2262332b-9e39-48df-a680-74892b98e4b4 2.405s
2025-03-11 18:02:46.876 69133 INFO tempest.lib.common.rest_client [req-1737c7c2-fe71-4adc-b61d-b266e0158003 req-1737c7c2-fe71-4adc-b61d-b266e0158003 ] Request (ImagesMetadataTestJSON:test_delete_image_metadata_item): 200 GET http://10.180.1.21/compute/v2.1/images/e59a5029-3535-46a6-8e89-f636e2b78f62/metadata 2.237s
2025-03-11 18:02:46.917 69103 INFO tempest.lib.common.rest_client [req-ee717acc-420f-459c-b064-f16343cc80d1 req-ee717acc-420f-459c-b064-f16343cc80d1 ] Request (MigrationsAdminTest:test_list_migrations_in_flavor_resize_situation): 200 GET http://10.180.1.21/compute/v2.1/servers/cc14218c-df91-4472-8a7e-977fe780953f 2.308s
2025-03-11 18:02:46.940 69099 INFO tempest.lib.common.rest_client [req-68302b75-dac6-4f2d-a8ed-54dc1a33009b req-68302b75-dac6-4f2d-a8ed-54dc1a33009b ] Request (FloatingIPsNegativeTestJSON:setUpClass): 201 POST http://10.180.1.21:9696/networking/v2.0/networks 1.101s
2025-03-11 18:02:46.942 69077 INFO tempest.lib.common.rest_client [req-6d286e61-6ce6-42c2-b7f2-696fde597836 req-6d286e61-6ce6-42c2-b7f2-696fde597836 ] Request (FlavorsExtraSpecsNegativeTestJSON:tearDownClass): 202 DELETE http://10.180.1.21/compute/v2.1/flavors/1244796446 2.263s
2025-03-11 18:02:46.942 69087 INFO tempest.lib.common.rest_client [req-0e5d3e52-2d56-4b01-8604-db37b860d6f6 req-0e5d3e52-2d56-4b01-8604-db37b860d6f6 ] Request (ServerDiskConfigTestJSON:setUpClass): 201 POST http://10.180.1.21:9696/networking/v2.0/networks 0.949s
2025-03-11 18:02:46.969 69114 INFO tempest.lib.common.rest_client [req-79269219-a8f7-4c2e-816d-547d0ded08b9 req-79269219-a8f7-4c2e-816d-547d0ded08b9 ] Request (FlavorsExtraSpecsTestJSON:test_flavor_set_get_update_show_unset_keys): 200 DELETE http://10.180.1.21/compute/v2.1/flavors/627059507/os-extra_specs/hw:cpu_policy 2.255s
