2025-03-11 18:04:07.764 69109 INFO tempest.lib.common.rest_client [req-ab6aa081-0f83-413c-8469-516f2cd57d42 req-ab6aa081-0f83-413c-8469-516f2cd57d42 ] Request (ListServersNegativeTestJSON:setUpClass): 200 GET http://10.180.1.21/compute/v2.1/servers/6869810c-e268-40bd-8b24-febbecd881f4 0.129s
2025-03-11 18:04:07.792 69111 INFO tempest.lib.common.rest_client [req-09ec71a2-baf1-4366-b1c7-1a0dc2fe8162 req-09ec71a2-baf1-4366-b1c7-1a0dc2fe8162 ] Request (AttachVolumeTestJSON:test_attach_detach_volume): 200 GET http://10.180.1.21/compute/v2.1/servers/ffe43372-5a16-41de-8c78-0d8ee672d22e 0.096s
2025-03-11 18:04:07.916 69089 INFO tempest.lib.common.rest_client [req-66c37b8d-bf09-457f-8264-a63e5fdd5396 req-66c37b8d-bf09-457f-8264-a63e5fdd5396 ] Request (ServerExternalEventsTest:test_create_server_external_events): 200 GET http://10.180.1.21/compute/v2.1/servers/7a8eaf04-ee0f-4a8f-8beb-7d6fe2a0007f 0.081s
2025-03-11 18:04:07.938 69077 INFO tempest.lib.common.rest_client [req-d14809a5-ddbf-4297-bb05-9a48cb5b2a83 req-d14809a5-ddbf-4297-bb05-9a48cb5b2a83 ] Request (ServersAdminNegativeTestJSON:test_migrate_server_invalid_state): 200 GET http://10.180.1.21/compute/v2.1/servers/5a468b1a-8fb7-4d42-8ab5-e2689f7226b5 0.051s
2025-03-11 18:04:08.142 69125 WARNING tempest.lib.common.ssh [-] Failed to establish authenticated ssh connection to cirros@10.180.180.157 ([Errno None] Unable to connect to port 22 on 10.180.180.157). Number attempts: 5. Retry after 6 seconds.: paramiko.ssh_exception.NoValidConnectionsError: [Errno None] Unable to connect to port 22 on 10.180.180.157
2025-03-11 18:04:08.206 69083 INFO tempest.lib.common.rest_client [req-a0733cc6-f6f1-4c80-859e-abddecc6265a req-a0733cc6-f6f1-4c80-859e-abddecc6265a ] Request (ServersTestBootFromVolume:setUpClass): 200 GET http://10.180.1.21/compute/v2.1/servers/69dae979-c82b-47dc-8d6f-0874e5123baa 0.056s
2025-03-11 18:04:08.252 69108 INFO tempest.lib.common.rest_client [req-5dbd6e5f-6d2e-460a-9687-92ad0fc553ac req-5dbd6e5f-6d2e-460a-9687-92ad0fc553ac ] Request (ListServerFiltersTestJSON:setUpClass): 200 GET http://10.180.1.21/compute/v2.1/servers/28b6c309-f30b-4600-b42f-c7a14c6fd9e8 0.053s
2025-03-11 18:04:08.285 69079 INFO tempest.lib.common.rest_client [req-980597db-84dd-4159-bfb2-556940c8b186 req-980597db-84dd-4159-bfb2-556940c8b186 ] Request (ServersAdminTestJSON:test_inject_network_info): 200 GET http://10.180.1.21/compute/v2.1/servers/bfbb71a1-10fc-48ac-b4c1-17699d6557f0 0.051s
2025-03-11 18:04:08.300 69097 INFO tempest.lib.common.rest_client [req-2f61e8f6-7084-4357-a667-ffd1ccb767cc req-2f61e8f6-7084-4357-a667-ffd1ccb767cc ] Request (DeleteServersTestJSON:test_delete_server_while_in_attached_volume): 200 GET http://10.180.1.21/compute/v2.1/servers/7069c4bf-fd95-479b-b985-5da0456946d9 0.053s
2025-03-11 18:04:08.367 69139 INFO tempest.lib.common.rest_client [req-8d87d616-8a33-4466-9db1-bb26a9a020b5 req-8d87d616-8a33-4466-9db1-bb26a9a020b5 ] Request (InstanceActionsNegativeTestJSON:tearDownClass): 200 GET http://10.180.1.21/compute/v2.1/servers/c2bec919-14b0-4744-8bd8-87eab0305b09 0.064s
2025-03-11 18:04:08.421 69129 INFO tempest.lib.common.rest_client [req-5f4078cf-72da-4200-a540-c2d55312b70c req-5f4078cf-72da-4200-a540-c2d55312b70c ] Request (ServersTestMultiNic:test_verify_duplicate_network_nics): 200 GET http://10.180.1.21/compute/v2.1/servers/e4aaa46f-6a69-4179-a9eb-40879d240cb4 0.072s
2025-03-11 18:04:08.435 69099 INFO tempest.lib.common.rest_client [req-cdf8d11a-09f3-4415-9da2-476b2ef94b93 req-cdf8d11a-09f3-4415-9da2-476b2ef94b93 ] Request (MultipleCreateTestJSON:_run_cleanups): 200 GET http://10.180.1.21/compute/v2.1/servers/9a5c9bf5-5a64-4771-bbc1-c5de0fa1cc92 0.110s
2025-03-11 18:04:08.471 69114 INFO tempest.lib.common.rest_client [req-d6fb6814-923d-4544-b4ec-f43805a30676 req-d6fb6814-923d-4544-b4ec-f43805a30676 ] Request (ImagesTestJSON:test_create_image_from_stopped_server): 200 GET http://10.180.1.21/compute/v2.1/servers/afbd3270-738b-451c-b010-6b7717672d8f 0.102s
2025-03-11 18:04:08.485 69103 INFO tempest.lib.common.rest_client [req-1965b24d-349e-40b8-9e2f-f74d3eeecaa5 req-1965b24d-349e-40b8-9e2f-f74d3eeecaa5 ] Request (MigrationsAdminTest:test_resize_server_revert_deleted_flavor): 200 GET http://10.180.1.21/compute/v2.1/servers/77f89eea-3f60-4d1e-8da6-26442edc1885 0.091s
2025-03-11 18:04:08.489 69131 INFO tempest.lib.common.rest_client [req-a5585566-5ba6-42d4-9805-8966ce4df00c req-a5585566-5ba6-42d4-9805-8966ce4df00c ] Request (FloatingIPsAssociationNegativeTestJSON:tearDownClass): 404 GET http://10.180.1.21/compute/v2.1/servers/a04bf446-b6ae-49d3-bf79-bc1ed287b7f2 0.036s
2025-03-11 18:04:08.539 69101 INFO tempest.lib.common.rest_client [req-12ba2eef-58ad-4d7c-b7a2-422293320cdc req-12ba2eef-58ad-4d7c-b7a2-422293320cdc ] Request (ImagesOneServerNegativeTestJSON:_run_cleanups): 200 GET http://10.180.1.21/compute/v2.1/servers/af0dbd5f-8112-4446-b5a0-8dce64a95a8e 0.051s
2025-03-11 18:04:08.560 69085 INFO tempest.lib.common.rest_client [req-3ae99d5d-0fce-4927-b966-8b3f50622c86 req-3ae99d5d-0fce-4927-b966-8b3f50622c86 ] Request (ServerShowV247Test:test_update_rebuild_list_server): 200 GET http://10.180.1.21/compute/v2.1/servers/d6cbfe8b-8ea8-42d2-ac4a-1afb786aacb1 0.054s
2025-03-11 18:04:08.591 69135 INFO tempest.lib.common.rest_client [req-c00d4127-35a2-49ad-bf51-d92df18272bd req-c00d4127-35a2-49ad-bf51-d92df18272bd ] Request (SecurityGroupsTestJSON:test_server_security_groups): 200 GET http://10.180.1.21/compute/v2.1/servers/19444cef-85dd-450c-8392-887444afda37 0.051s
2025-03-11 18:04:08.625 69081 INFO tempest.lib.common.rest_client [req-4d560304-fc89-4be9-b6d3-9310d001cf93 req-4d560304-fc89-4be9-b6d3-9310d001cf93 ] Request (ServersAaction247Test:test_create_backup): 200 GET http://10.180.1.21/compute/v2.1/servers/740d21eb-898d-4585-9fe9-07caf8df35bc 0.053s
2025-03-11 18:04:08.640 69095 INFO tempest.lib.common.rest_client [req-b90235fd-e84c-430a-90e4-83d96c8b5c9a req-b90235fd-e84c-430a-90e4-83d96c8b5c9a ] Request (ServerAddressesTestJSON:setUpClass): 200 GET http://10.180.1.21/compute/v2.1/servers/5a1aaf73-a8ad-4f64-b1bc-f89617d845bd 0.048s
2025-03-11 18:04:08.701 69087 INFO tempest.lib.common.rest_client [req-23a409fe-cb1f-40f8-941b-00b993e7adde req-23a409fe-cb1f-40f8-941b-00b993e7adde ] Request (ServerDiskConfigTestJSON:test_rebuild_server_with_manual_disk_config): 200 GET http://10.180.1.21/compute/v2.1/servers/336ba1ba-4ced-47ba-a648-ed069b1f19c4 0.050s
2025-03-11 18:04:08.780 69091 INFO tempest.lib.common.rest_client [req-26c657fb-dcc2-4da4-a2b8-b34f3e01f641 req-26c657fb-dcc2-4da4-a2b8-b34f3e01f641 ] Request (ServersAdmin275Test:test_rebuild_update_server_275): 200 GET http://10.180.1.21/compute/v2.1/servers/c1e447a6-1c52-4c6e-9eff-e8a5b4a6cd09 0.072s
2025-03-11 18:04:08.853 69123 INFO tempest.lib.common.rest_client [req-6960516d-98d8-4c29-a85f-08b10789d433 req-6960516d-98d8-4c29-a85f-08b10789d433 ] Request (DeleteServersAdminTestJSON:test_delete_server_while_in_error_state): 200 GET http://10.180.1.21/compute/v2.1/servers/57b54e92-19b8-4ee5-8293-ee2709c53bed 0.102s
2025-03-11 18:04:08.859 69127 INFO tempest.lib.common.rest_client [req-973f24ad-27f9-4797-9350-e952b15b8eee req-973f24ad-27f9-4797-9350-e952b15b8eee ] Request (FloatingIPsAssociationTestJSON:tearDownClass): 200 GET http://10.180.1.21/compute/v2.1/servers/0e8efba6-8962-4873-af6d-a4358fb6fbd7 0.142s
2025-03-11 18:04:08.915 69111 INFO tempest.lib.common.rest_client [req-e988731a-cbba-461a-955e-aa9f9e8e348e req-e988731a-cbba-461a-955e-aa9f9e8e348e ] Request (AttachVolumeTestJSON:test_attach_detach_volume): 200 GET http://10.180.1.21/compute/v2.1/servers/ffe43372-5a16-41de-8c78-0d8ee672d22e 0.114s
2025-03-11 18:04:08.926 69109 INFO tempest.lib.common.rest_client [req-4170b0f5-be1f-4ac5-aa9c-98ac606da144 req-4170b0f5-be1f-4ac5-aa9c-98ac606da144 ] Request (ListServersNegativeTestJSON:setUpClass): 200 GET http://10.180.1.21/compute/v2.1/servers/6869810c-e268-40bd-8b24-febbecd881f4 0.154s
2025-03-11 18:04:08.981 69089 INFO tempest.lib.common.rest_client [req-66ac8a5e-9e58-4b52-b5ff-7cf714c96595 req-66ac8a5e-9e58-4b52-b5ff-7cf714c96595 ] Request (ServerExternalEventsTest:test_create_server_external_events): 200 GET http://10.180.1.21/compute/v2.1/servers/7a8eaf04-ee0f-4a8f-8beb-7d6fe2a0007f 0.057s
2025-03-11 18:04:09.003 69077 INFO tempest.lib.common.rest_client [req-370535ee-e9f6-4b8e-a398-393c3fab56a0 req-370535ee-e9f6-4b8e-a398-393c3fab56a0 ] Request (ServersAdminNegativeTestJSON:test_migrate_server_invalid_state): 200 GET http://10.180.1.21/compute/v2.1/servers/5a468b1a-8fb7-4d42-8ab5-e2689f7226b5 0.057s
2025-03-11 18:04:09.264 69083 INFO tempest.lib.common.rest_client [req-dd97f8ba-eb6c-491f-8a30-c04d677a2a04 req-dd97f8ba-eb6c-491f-8a30-c04d677a2a04 ] Request (ServersTestBootFromVolume:setUpClass): 200 GET http://10.180.1.21/compute/v2.1/servers/69dae979-c82b-47dc-8d6f-0874e5123baa 0.049s
2025-03-11 18:04:09.322 69108 INFO tempest.lib.common.rest_client [req-d7edaad1-6144-400b-a444-367fd33f9e0b req-d7edaad1-6144-400b-a444-367fd33f9e0b ] Request (ListServerFiltersTestJSON:setUpClass): 200 GET http://10.180.1.21/compute/v2.1/servers/28b6c309-f30b-4600-b42f-c7a14c6fd9e8 0.062s
2025-03-11 18:04:09.342 69079 INFO tempest.lib.common.rest_client [req-1f95f6ca-1c61-4372-ac05-a16a46825898 req-1f95f6ca-1c61-4372-ac05-a16a46825898 ] Request (ServersAdminTestJSON:test_inject_network_info): 200 GET http://10.180.1.21/compute/v2.1/servers/bfbb71a1-10fc-48ac-b4c1-17699d6557f0 0.048s
2025-03-11 18:04:09.366 69097 INFO tempest.lib.common.rest_client [req-23be0217-80e0-450d-b0d6-e1f1f0e3e56e req-23be0217-80e0-450d-b0d6-e1f1f0e3e56e ] Request (DeleteServersTestJSON:test_delete_server_while_in_attached_volume): 200 GET http://10.180.1.21/compute/v2.1/servers/7069c4bf-fd95-479b-b985-5da0456946d9 0.058s
2025-03-11 18:04:09.426 69139 INFO tempest.lib.common.rest_client [req-7bc7161c-9949-4c1a-8cf5-5b0c5f564f17 req-7bc7161c-9949-4c1a-8cf5-5b0c5f564f17 ] Request (InstanceActionsNegativeTestJSON:tearDownClass): 200 GET http://10.180.1.21/compute/v2.1/servers/c2bec919-14b0-4744-8bd8-87eab0305b09 0.050s
2025-03-11 18:04:09.445 69131 INFO tempest.lib.common.rest_client [req-d0ddec05-3772-4dd3-88d9-ede66ea49403 req-d0ddec05-3772-4dd3-88d9-ede66ea49403 ] Request (FloatingIPsAssociationNegativeTestJSON:tearDownClass): 200 PUT http://10.180.1.21:9696/networking/v2.0/routers/a0f23254-1725-45f3-91d0-8e3e48002e02/remove_router_interface 0.955s
2025-03-11 18:04:09.495 69129 INFO tempest.lib.common.rest_client [req-c22967eb-f4f7-4feb-a152-1ba67adb0cc6 req-c22967eb-f4f7-4feb-a152-1ba67adb0cc6 ] Request (ServersTestMultiNic:test_verify_duplicate_network_nics): 200 GET http://10.180.1.21/compute/v2.1/servers/e4aaa46f-6a69-4179-a9eb-40879d240cb4 0.066s
2025-03-11 18:04:09.511 69099 INFO tempest.lib.common.rest_client [req-5ff35346-2eab-4d4a-b456-e9765218cacf req-5ff35346-2eab-4d4a-b456-e9765218cacf ] Request (MultipleCreateTestJSON:_run_cleanups): 200 GET http://10.180.1.21/compute/v2.1/servers/9a5c9bf5-5a64-4771-bbc1-c5de0fa1cc92 0.069s
2025-03-11 18:04:09.586 69114 INFO tempest.lib.common.rest_client [req-f7fe5f61-1b46-4459-a85e-7a641c7ae3ab req-f7fe5f61-1b46-4459-a85e-7a641c7ae3ab ] Request (ImagesTestJSON:test_create_image_from_stopped_server): 200 GET http://10.180.1.21/compute/v2.1/servers/afbd3270-738b-451c-b010-6b7717672d8f 0.107s
2025-03-11 18:04:09.590 69103 INFO tempest.lib.common.rest_client [req-922021f9-54e9-46c3-84c0-dcd5dafe93b2 req-922021f9-54e9-46c3-84c0-dcd5dafe93b2 ] Request (MigrationsAdminTest:test_resize_server_revert_deleted_flavor): 200 GET http://10.180.1.21/compute/v2.1/servers/77f89eea-3f60-4d1e-8da6-26442edc1885 0.095s
2025-03-11 18:04:09.660 69101 INFO tempest.lib.common.rest_client [req-b2c595b7-810b-45f9-9c3d-285014b697e7 req-b2c595b7-810b-45f9-9c3d-285014b697e7 ] Request (ImagesOneServerNegativeTestJSON:_run_cleanups): 200 GET http://10.180.1.21/compute/v2.1/servers/af0dbd5f-8112-4446-b5a0-8dce64a95a8e 0.112s
2025-03-11 18:04:09.663 69085 INFO tempest.lib.common.rest_client [req-4c32ba4c-9290-4430-85cd-508abc598393 req-4c32ba4c-9290-4430-85cd-508abc598393 ] Request (ServerShowV247Test:test_update_rebuild_list_server): 200 GET http://10.180.1.21/compute/v2.1/servers/d6cbfe8b-8ea8-42d2-ac4a-1afb786aacb1 0.093s
2025-03-11 18:04:09.714 69135 INFO tempest.lib.common.rest_client [req-00cfab5e-277b-4533-a3b3-f4b737c39d73 req-00cfab5e-277b-4533-a3b3-f4b737c39d73 ] Request (SecurityGroupsTestJSON:test_server_security_groups): 200 GET http://10.180.1.21/compute/v2.1/servers/19444cef-85dd-450c-8392-887444afda37 0.113s
2025-03-11 18:04:09.733 69081 INFO tempest.lib.common.rest_client [req-d9afa08a-1d38-4b4c-93ab-ad6e5c922ece req-d9afa08a-1d38-4b4c-93ab-ad6e5c922ece ] Request (ServersAaction247Test:test_create_backup): 200 GET http://10.180.1.21/compute/v2.1/servers/740d21eb-898d-4585-9fe9-07caf8df35bc 0.099s
2025-03-11 18:04:09.764 69095 INFO tempest.lib.common.rest_client [req-1cf80302-89fe-47a7-b8f7-6dfbf0345485 req-1cf80302-89fe-47a7-b8f7-6dfbf0345485 ] Request (ServerAddressesTestJSON:setUpClass): 200 GET http://10.180.1.21/compute/v2.1/servers/5a1aaf73-a8ad-4f64-b1bc-f89617d845bd 0.115s
2025-03-11 18:04:09.778 69087 INFO tempest.lib.common.rest_client [req-607386df-4eda-44ba-b853-f917982c3d9d req-607386df-4eda-44ba-b853-f917982c3d9d ] Request (ServerDiskConfigTestJSON:test_rebuild_server_with_manual_disk_config): 200 GET http://10.180.1.21/compute/v2.1/servers/336ba1ba-4ced-47ba-a648-ed069b1f19c4 0.069s
2025-03-11 18:04:09.870 69105 WARNING tempest.lib.common.ssh [-] Failed to establish authenticated ssh connection to cirros@10.180.180.223 ([Errno None] Unable to connect to port 22 on 10.180.180.223). Number attempts: 7. Retry after 8 seconds.: paramiko.ssh_exception.NoValidConnectionsError: [Errno None] Unable to connect to port 22 on 10.180.180.223
2025-03-11 18:04:09.881 69091 INFO tempest.lib.common.rest_client [req-a479cec5-d30a-4bdc-99e1-b10ca0be8295 req-a479cec5-d30a-4bdc-99e1-b10ca0be8295 ] Request (ServersAdmin275Test:test_rebuild_update_server_275): 200 GET http://10.180.1.21/compute/v2.1/servers/c1e447a6-1c52-4c6e-9eff-e8a5b4a6cd09 0.089s
2025-03-11 18:04:09.913 69131 INFO tempest.lib.common.rest_client [req-2b32cc20-e647-4a78-a9ca-d90c34d902db req-2b32cc20-e647-4a78-a9ca-d90c34d902db ] Request (FloatingIPsAssociationNegativeTestJSON:tearDownClass): 204 DELETE http://10.180.1.21:9696/networking/v2.0/routers/a0f23254-1725-45f3-91d0-8e3e48002e02 0.467s
2025-03-11 18:04:09.913 69123 INFO tempest.lib.common.rest_client [req-54ec3603-eb2c-4049-8df0-685b12bfbecb req-54ec3603-eb2c-4049-8df0-685b12bfbecb ] Request (DeleteServersAdminTestJSON:test_delete_server_while_in_error_state): 200 GET http://10.180.1.21/compute/v2.1/servers/57b54e92-19b8-4ee5-8293-ee2709c53bed 0.052s
2025-03-11 18:04:09.943 69127 INFO tempest.lib.common.rest_client [req-50169a26-ba69-417e-8cc3-6123b645911d req-50169a26-ba69-417e-8cc3-6123b645911d ] Request (FloatingIPsAssociationTestJSON:tearDownClass): 200 GET http://10.180.1.21/compute/v2.1/servers/0e8efba6-8962-4873-af6d-a4358fb6fbd7 0.074s
2025-03-11 18:04:09.977 69111 INFO tempest.lib.common.rest_client [req-aa3f1ceb-b94d-4801-8edb-48e337def5cb req-aa3f1ceb-b94d-4801-8edb-48e337def5cb ] Request (AttachVolumeTestJSON:test_attach_detach_volume): 200 GET http://10.180.1.21/compute/v2.1/servers/ffe43372-5a16-41de-8c78-0d8ee672d22e 0.055s
2025-03-11 18:04:10.050 69109 INFO tempest.lib.common.rest_client [req-20ab8b2a-823f-430c-a4e4-4af8cef8cf3e req-20ab8b2a-823f-430c-a4e4-4af8cef8cf3e ] Request (ListServersNegativeTestJSON:setUpClass): 200 GET http://10.180.1.21/compute/v2.1/servers/6869810c-e268-40bd-8b24-febbecd881f4 0.115s
2025-03-11 18:04:10.058 69089 INFO tempest.lib.common.rest_client [req-783f4739-f657-4f1c-b0ed-34c9adc0f567 req-783f4739-f657-4f1c-b0ed-34c9adc0f567 ] Request (ServerExternalEventsTest:test_create_server_external_events): 200 GET http://10.180.1.21/compute/v2.1/servers/7a8eaf04-ee0f-4a8f-8beb-7d6fe2a0007f 0.065s
2025-03-11 18:04:10.112 69077 INFO tempest.lib.common.rest_client [req-2ec75d4a-9d08-4e84-914a-efab0255c98b req-2ec75d4a-9d08-4e84-914a-efab0255c98b ] Request (ServersAdminNegativeTestJSON:test_migrate_server_invalid_state): 200 GET http://10.180.1.21/compute/v2.1/servers/5a468b1a-8fb7-4d42-8ab5-e2689f7226b5 0.099s
2025-03-11 18:04:10.127 69131 INFO tempest.lib.common.rest_client [req-53b189ad-6034-470f-843b-c01c5b4d163f req-53b189ad-6034-470f-843b-c01c5b4d163f ] Request (FloatingIPsAssociationNegativeTestJSON:tearDownClass): 204 DELETE http://10.180.1.21:9696/networking/v2.0/subnets/0336004a-6fb6-46c5-acd8-fd70d339446f 0.213s
2025-03-11 18:04:10.331 69083 INFO tempest.lib.common.rest_client [req-00356e82-003a-49ac-9c81-8de780b98925 req-00356e82-003a-49ac-9c81-8de780b98925 ] Request (ServersTestBootFromVolume:setUpClass): 200 GET http://10.180.1.21/compute/v2.1/servers/69dae979-c82b-47dc-8d6f-0874e5123baa 0.059s
2025-03-11 18:04:10.364 69131 INFO tempest.lib.common.rest_client [req-5056b31b-1bce-478e-b473-21aff2a1fcae req-5056b31b-1bce-478e-b473-21aff2a1fcae ] Request (FloatingIPsAssociationNegativeTestJSON:tearDownClass): 204 DELETE http://10.180.1.21:9696/networking/v2.0/networks/6eda6a69-dabd-4c9b-9f61-b631295d6a44 0.236s
2025-03-11 18:04:10.383 69108 INFO tempest.lib.common.rest_client [req-c064dded-0665-4914-a120-b386cc3b4c23 req-c064dded-0665-4914-a120-b386cc3b4c23 ] Request (ListServerFiltersTestJSON:setUpClass): 200 GET http://10.180.1.21/compute/v2.1/servers/28b6c309-f30b-4600-b42f-c7a14c6fd9e8 0.054s
2025-03-11 18:04:10.398 69079 INFO tempest.lib.common.rest_client [req-1ba55d46-f7ae-4829-b098-58b7c0b186a8 req-1ba55d46-f7ae-4829-b098-58b7c0b186a8 ] Request (ServersAdminTestJSON:test_inject_network_info): 200 GET http://10.180.1.21/compute/v2.1/servers/bfbb71a1-10fc-48ac-b4c1-17699d6557f0 0.048s
2025-03-11 18:04:10.429 69097 INFO tempest.lib.common.rest_client [req-ed091206-46d9-4fbd-8fb7-73649ccb4a04 req-ed091206-46d9-4fbd-8fb7-73649ccb4a04 ] Request (DeleteServersTestJSON:test_delete_server_while_in_attached_volume): 200 GET http://10.180.1.21/compute/v2.1/servers/7069c4bf-fd95-479b-b985-5da0456946d9 0.054s
2025-03-11 18:04:10.444 69131 INFO tempest.lib.common.rest_client [req-807f20b9-3d6f-45f9-9aeb-bd15f421f485 req-807f20b9-3d6f-45f9-9aeb-bd15f421f485 ] Request (FloatingIPsAssociationNegativeTestJSON:tearDownClass): 204 DELETE http://10.180.1.21/identity/v3/users/e1746d8189994813a4e78d67a0a4b346 0.080s
2025-03-11 18:04:10.444 69131 INFO tempest.lib.common.dynamic_creds [-] Deleting project and security group for project: da01d11b470d4978aae23e93991ede2b
2025-03-11 18:04:10.472 69131 INFO tempest.lib.common.rest_client [req-4089bca5-493f-4e46-ae93-8015769a2780 req-4089bca5-493f-4e46-ae93-8015769a2780 ] Request (FloatingIPsAssociationNegativeTestJSON:tearDownClass): 200 GET http://10.180.1.21:9696/networking/v2.0/security-groups?tenant_id=da01d11b470d4978aae23e93991ede2b&name=default 0.027s
2025-03-11 18:04:10.492 69139 INFO tempest.lib.common.rest_client [req-1305aed8-0582-413b-9e4c-e932fdefe218 req-1305aed8-0582-413b-9e4c-e932fdefe218 ] Request (InstanceActionsNegativeTestJSON:tearDownClass): 200 GET http://10.180.1.21/compute/v2.1/servers/c2bec919-14b0-4744-8bd8-87eab0305b09 0.057s
2025-03-11 18:04:10.546 69131 INFO tempest.lib.common.rest_client [req-aa0ab134-f098-4745-81c0-76200603b636 req-aa0ab134-f098-4745-81c0-76200603b636 ] Request (FloatingIPsAssociationNegativeTestJSON:tearDownClass): 204 DELETE http://10.180.1.21:9696/networking/v2.0/security-groups/dd21c85c-1d0c-4e16-b69c-171b217639c4 0.073s
2025-03-11 18:04:10.553 69129 INFO tempest.lib.common.rest_client [req-0f563886-5d6d-49ad-bb4a-ef0fddb6c8e4 req-0f563886-5d6d-49ad-bb4a-ef0fddb6c8e4 ] Request (ServersTestMultiNic:test_verify_duplicate_network_nics): 200 GET http://10.180.1.21/compute/v2.1/servers/e4aaa46f-6a69-4179-a9eb-40879d240cb4 0.048s
2025-03-11 18:04:10.577 69099 INFO tempest.lib.common.rest_client [req-28eb95b7-8837-43d1-b73b-e0e7b0c52656 req-28eb95b7-8837-43d1-b73b-e0e7b0c52656 ] Request (MultipleCreateTestJSON:_run_cleanups): 200 GET http://10.180.1.21/compute/v2.1/servers/9a5c9bf5-5a64-4771-bbc1-c5de0fa1cc92 0.057s
2025-03-11 18:04:10.584 69099 INFO tempest.common.waiters [-] State transition "ACTIVE/deleting" ==> "DELETED/None" after 3 second wait
2025-03-11 18:04:10.626 69131 INFO tempest.lib.common.rest_client [req-5d7bedea-88f3-41d5-a145-c49fc80dbb8a req-5d7bedea-88f3-41d5-a145-c49fc80dbb8a ] Request (FloatingIPsAssociationNegativeTestJSON:tearDownClass): 204 DELETE http://10.180.1.21/identity/v3/projects/da01d11b470d4978aae23e93991ede2b 0.079s
2025-03-11 18:04:10.647 69114 INFO tempest.lib.common.rest_client [req-956324e1-1d90-401b-93ec-1c12ff3f5668 req-956324e1-1d90-401b-93ec-1c12ff3f5668 ] Request (ImagesTestJSON:test_create_image_from_stopped_server): 200 GET http://10.180.1.21/compute/v2.1/servers/afbd3270-738b-451c-b010-6b7717672d8f 0.051s
2025-03-11 18:04:10.652 69103 INFO tempest.lib.common.rest_client [req-03ab62b5-9a9a-4229-bc4a-0000c8e94152 req-03ab62b5-9a9a-4229-bc4a-0000c8e94152 ] Request (MigrationsAdminTest:test_resize_server_revert_deleted_flavor): 200 GET http://10.180.1.21/compute/v2.1/servers/77f89eea-3f60-4d1e-8da6-26442edc1885 0.054s
2025-03-11 18:04:10.678 69131 INFO tempest.lib.common.rest_client [req-972c28e4-0c37-445e-b24f-984a07fa2889 req-972c28e4-0c37-445e-b24f-984a07fa2889 ] Request (FloatingIPDetailsTestJSON:setUpClass): 201 POST http://10.180.1.21/identity/v3/auth/tokens 0.051s
2025-03-11 18:04:10.705 69131 INFO tempest.lib.common.rest_client [req-b929704b-63fa-486d-89b8-ef42718d5bd5 req-b929704b-63fa-486d-89b8-ef42718d5bd5 ] Request (FloatingIPDetailsTestJSON:setUpClass): 201 POST http://10.180.1.21/identity/v3/auth/tokens 0.024s
2025-03-11 18:04:10.718 69101 INFO tempest.lib.common.rest_client [req-04bb4ef4-a63c-418d-8709-d8cc905f7f61 req-04bb4ef4-a63c-418d-8709-d8cc905f7f61 ] Request (ImagesOneServerNegativeTestJSON:_run_cleanups): 200 GET http://10.180.1.21/compute/v2.1/servers/af0dbd5f-8112-4446-b5a0-8dce64a95a8e 0.050s
2025-03-11 18:04:10.727 69131 INFO tempest.lib.common.rest_client [req-6c67141d-a6f9-4f0d-9e22-344cafbde23d req-6c67141d-a6f9-4f0d-9e22-344cafbde23d ] Request (FloatingIPDetailsTestJSON:setUpClass): 200 GET http://10.180.1.21/identity/v3/domains?name=Default 0.021s
2025-03-11 18:04:10.732 69085 INFO tempest.lib.common.rest_client [req-74241f13-c12d-4ed0-ad2f-450413b930ee req-74241f13-c12d-4ed0-ad2f-450413b930ee ] Request (ServerShowV247Test:test_update_rebuild_list_server): 200 GET http://10.180.1.21/compute/v2.1/servers/d6cbfe8b-8ea8-42d2-ac4a-1afb786aacb1 0.051s
2025-03-11 18:04:10.752 69131 INFO tempest.lib.common.rest_client [req-936ab848-c0f6-462c-a04e-1e84fa2e66e7 req-936ab848-c0f6-462c-a04e-1e84fa2e66e7 ] Request (FloatingIPDetailsTestJSON:setUpClass): 201 POST http://10.180.1.21/identity/v3/projects 0.025s
2025-03-11 18:04:10.779 69135 INFO tempest.lib.common.rest_client [req-0430294d-257f-4eaa-b803-5dbdc106122f req-0430294d-257f-4eaa-b803-5dbdc106122f ] Request (SecurityGroupsTestJSON:test_server_security_groups): 200 GET http://10.180.1.21/compute/v2.1/servers/19444cef-85dd-450c-8392-887444afda37 0.057s
2025-03-11 18:04:10.810 69081 INFO tempest.lib.common.rest_client [req-aae96c91-1cea-4b99-b1fe-640044798709 req-aae96c91-1cea-4b99-b1fe-640044798709 ] Request (ServersAaction247Test:test_create_backup): 200 GET http://10.180.1.21/compute/v2.1/servers/740d21eb-898d-4585-9fe9-07caf8df35bc 0.067s
2025-03-11 18:04:10.819 69081 INFO tempest.common.waiters [-] State transition "BUILD/spawning" ==> "ACTIVE/None" after 46 second wait
2025-03-11 18:04:10.825 69131 INFO tempest.lib.common.rest_client [req-98d2ce90-4574-48b1-9f76-aebe57b03acd req-98d2ce90-4574-48b1-9f76-aebe57b03acd ] Request (FloatingIPDetailsTestJSON:setUpClass): 201 POST http://10.180.1.21/identity/v3/users 0.072s
2025-03-11 18:04:10.845 69131 INFO tempest.lib.common.rest_client [req-45dc6113-f7bb-4ba9-b3d6-dfc01425aa55 req-45dc6113-f7bb-4ba9-b3d6-dfc01425aa55 ] Request (FloatingIPDetailsTestJSON:setUpClass): 200 GET http://10.180.1.21/identity/v3/roles 0.020s
2025-03-11 18:04:10.849 69095 INFO tempest.lib.common.rest_client [req-8e95fece-f418-476e-8149-b1528381a245 req-8e95fece-f418-476e-8149-b1528381a245 ] Request (ServerAddressesTestJSON:setUpClass): 200 GET http://10.180.1.21/compute/v2.1/servers/5a1aaf73-a8ad-4f64-b1bc-f89617d845bd 0.074s
2025-03-11 18:04:10.860 69087 INFO tempest.lib.common.rest_client [req-8f9c1b23-24c9-454a-bbed-adee8f8b52cf req-8f9c1b23-24c9-454a-bbed-adee8f8b52cf ] Request (ServerDiskConfigTestJSON:test_rebuild_server_with_manual_disk_config): 200 GET http://10.180.1.21/compute/v2.1/servers/336ba1ba-4ced-47ba-a648-ed069b1f19c4 0.073s
2025-03-11 18:04:10.874 69131 INFO tempest.lib.common.rest_client [req-a2c2097c-5577-4237-b0cb-e5ded17520f2 req-a2c2097c-5577-4237-b0cb-e5ded17520f2 ] Request (FloatingIPDetailsTestJSON:setUpClass): 204 PUT http://10.180.1.21/identity/v3/projects/1ea0cbbe8ef84165886172e21b7bfbb4/users/30182bd1fa994e7ca63ac17e0a760469/roles/9bdd812db155470785f25adc0813e03c 0.028s
2025-03-11 18:04:10.874 69131 INFO tempest.lib.common.dynamic_creds [-] Dynamic test user 30182bd1fa994e7ca63ac17e0a760469 is created with scope project and roles: ['member']
2025-03-11 18:04:10.875 69131 INFO tempest.lib.common.dynamic_creds [-] Acquired dynamic creds: credentials: Credentials: {'domain_id': 'default', 'domain_name': 'Default', 'username': 'tempest-FloatingIPDetailsTestJSON-1380642727-project-member', 'project_domain_id': 'default', 'project_domain_name': 'Default', 'project_id': '1ea0cbbe8ef84165886172e21b7bfbb4', 'project_name': 'tempest-FloatingIPDetailsTestJSON-1380642727', 'tenant_id': '1ea0cbbe8ef84165886172e21b7bfbb4', 'tenant_name': 'tempest-FloatingIPDetailsTestJSON-1380642727', 'user_domain_id': 'default', 'user_domain_name': 'Default', 'user_id': '30182bd1fa994e7ca63ac17e0a760469', 'system': None}, Network: None, Subnet: None, Router: None
2025-03-11 18:04:10.927 69131 INFO tempest.lib.common.rest_client [req-f1b09f31-a7fd-463c-824f-de201ad171cf req-f1b09f31-a7fd-463c-824f-de201ad171cf ] Request (FloatingIPDetailsTestJSON:setUpClass): 201 POST http://10.180.1.21/identity/v3/auth/tokens 0.052s
2025-03-11 18:04:10.942 69091 INFO tempest.lib.common.rest_client [req-5d65f12b-d03c-4d17-bebd-6c5b440bb0d9 req-5d65f12b-d03c-4d17-bebd-6c5b440bb0d9 ] Request (ServersAdmin275Test:test_rebuild_update_server_275): 200 GET http://10.180.1.21/compute/v2.1/servers/c1e447a6-1c52-4c6e-9eff-e8a5b4a6cd09 0.051s
2025-03-11 18:04:10.991 69123 INFO tempest.lib.common.rest_client [req-d158ba7b-565d-4bf1-b01f-f9122058214c req-d158ba7b-565d-4bf1-b01f-f9122058214c ] Request (DeleteServersAdminTestJSON:test_delete_server_while_in_error_state): 200 GET http://10.180.1.21/compute/v2.1/servers/57b54e92-19b8-4ee5-8293-ee2709c53bed 0.068s
2025-03-11 18:04:11.046 69127 INFO tempest.lib.common.rest_client [req-1521c61b-27e0-4c23-b3ec-76bea3b51270 req-1521c61b-27e0-4c23-b3ec-76bea3b51270 ] Request (FloatingIPsAssociationTestJSON:tearDownClass): 200 GET http://10.180.1.21/compute/v2.1/servers/0e8efba6-8962-4873-af6d-a4358fb6fbd7 0.095s
2025-03-11 18:04:11.053 69127 INFO tempest.common.waiters [-] State transition "ACTIVE/deleting" ==> "DELETED/None" after 4 second wait
2025-03-11 18:04:11.091 69111 INFO tempest.lib.common.rest_client [req-cc297dc3-f7ef-44ac-be82-26455b04849b req-cc297dc3-f7ef-44ac-be82-26455b04849b ] Request (AttachVolumeTestJSON:test_attach_detach_volume): 200 GET http://10.180.1.21/compute/v2.1/servers/ffe43372-5a16-41de-8c78-0d8ee672d22e 0.103s
2025-03-11 18:04:11.147 69109 INFO tempest.lib.common.rest_client [req-46babecf-7415-4835-b6c3-aecf7590898d req-46babecf-7415-4835-b6c3-aecf7590898d ] Request (ListServersNegativeTestJSON:setUpClass): 200 GET http://10.180.1.21/compute/v2.1/servers/6869810c-e268-40bd-8b24-febbecd881f4 0.089s
2025-03-11 18:04:11.147 69131 INFO tempest.lib.common.rest_client [req-e9fa3fd7-7156-4d36-b2c8-dd9f36f79e3c req-e9fa3fd7-7156-4d36-b2c8-dd9f36f79e3c ] Request (FloatingIPDetailsTestJSON:setUpClass): 201 POST http://10.180.1.21:9696/networking/v2.0/networks 0.220s
2025-03-11 18:04:11.194 69089 INFO tempest.lib.common.rest_client [req-33147d67-53f0-4e3d-a04c-dc7e792934ba req-33147d67-53f0-4e3d-a04c-dc7e792934ba ] Request (ServerExternalEventsTest:test_create_server_external_events): 200 GET http://10.180.1.21/compute/v2.1/servers/7a8eaf04-ee0f-4a8f-8beb-7d6fe2a0007f 0.128s
2025-03-11 18:04:11.237 69081 INFO tempest.lib.common.rest_client [req-12746d60-71ae-4a3f-8e00-8a791db696c8 req-12746d60-71ae-4a3f-8e00-8a791db696c8 ] Request (ServersAaction247Test:test_create_backup): 202 POST http://10.180.1.21/compute/v2.1/servers/740d21eb-898d-4585-9fe9-07caf8df35bc/action 0.416s
2025-03-11 18:04:11.248 69077 INFO tempest.lib.common.rest_client [req-3fdc3a70-acbd-4a1f-a696-8fb4320544fa req-3fdc3a70-acbd-4a1f-a696-8fb4320544fa ] Request (ServersAdminNegativeTestJSON:test_migrate_server_invalid_state): 200 GET http://10.180.1.21/compute/v2.1/servers/5a468b1a-8fb7-4d42-8ab5-e2689f7226b5 0.127s
2025-03-11 18:04:11.289 69131 INFO tempest.lib.common.rest_client [req-aa6807bf-11c3-4c17-9481-19801b06cf8f req-aa6807bf-11c3-4c17-9481-19801b06cf8f ] Request (FloatingIPDetailsTestJSON:setUpClass): 201 POST http://10.180.1.21:9696/networking/v2.0/subnets 0.141s
2025-03-11 18:04:11.306 69081 INFO tempest.lib.common.rest_client [req-a5120450-fd55-4176-a291-50c57d76a9af req-a5120450-fd55-4176-a291-50c57d76a9af ] Request (ServersAaction247Test:tearDownClass): 204 DELETE http://10.180.1.21/compute/v2.1/servers/740d21eb-898d-4585-9fe9-07caf8df35bc 0.067s
2025-03-11 18:04:11.358 69081 INFO tempest.lib.common.rest_client [req-057f7a55-3a03-4426-8169-b6f8ce738eea req-057f7a55-3a03-4426-8169-b6f8ce738eea ] Request (ServersAaction247Test:tearDownClass): 200 GET http://10.180.1.21/compute/v2.1/servers/740d21eb-898d-4585-9fe9-07caf8df35bc 0.052s
2025-03-11 18:04:11.394 69083 INFO tempest.lib.common.rest_client [req-3b785ac3-3d28-4f8f-89a4-ac5af9dfab4e req-3b785ac3-3d28-4f8f-89a4-ac5af9dfab4e ] Request (ServersTestBootFromVolume:setUpClass): 200 GET http://10.180.1.21/compute/v2.1/servers/69dae979-c82b-47dc-8d6f-0874e5123baa 0.051s
2025-03-11 18:04:11.437 69108 INFO tempest.lib.common.rest_client [req-653211d8-5d61-4afd-848a-3d2410c21535 req-653211d8-5d61-4afd-848a-3d2410c21535 ] Request (ListServerFiltersTestJSON:setUpClass): 200 GET http://10.180.1.21/compute/v2.1/servers/28b6c309-f30b-4600-b42f-c7a14c6fd9e8 0.045s
2025-03-11 18:04:11.454 69079 INFO tempest.lib.common.rest_client [req-2b85edd3-3d77-4ff8-8350-695a3e64aad0 req-2b85edd3-3d77-4ff8-8350-695a3e64aad0 ] Request (ServersAdminTestJSON:test_inject_network_info): 200 GET http://10.180.1.21/compute/v2.1/servers/bfbb71a1-10fc-48ac-b4c1-17699d6557f0 0.047s
2025-03-11 18:04:11.470 69115 WARNING tempest.lib.common.ssh [-] Failed to establish authenticated ssh connection to cirros@10.180.180.214 ([Errno None] Unable to connect to port 22 on 10.180.180.214). Number attempts: 3. Retry after 4 seconds.: paramiko.ssh_exception.NoValidConnectionsError: [Errno None] Unable to connect to port 22 on 10.180.180.214
2025-03-11 18:04:11.485 69097 INFO tempest.lib.common.rest_client [req-f65720ff-1094-42c2-89b3-843939547710 req-f65720ff-1094-42c2-89b3-843939547710 ] Request (DeleteServersTestJSON:test_delete_server_while_in_attached_volume): 200 GET http://10.180.1.21/compute/v2.1/servers/7069c4bf-fd95-479b-b985-5da0456946d9 0.045s
2025-03-11 18:04:11.561 69139 INFO tempest.lib.common.rest_client [req-00d233b9-46e0-45b2-adec-e168ff3d6d7c req-00d233b9-46e0-45b2-adec-e168ff3d6d7c ] Request (InstanceActionsNegativeTestJSON:tearDownClass): 200 GET http://10.180.1.21/compute/v2.1/servers/c2bec919-14b0-4744-8bd8-87eab0305b09 0.059s
2025-03-11 18:04:11.598 69119 WARNING tempest.lib.common.ssh [-] Failed to establish authenticated ssh connection to cirros@10.180.180.150 ([Errno None] Unable to connect to port 22 on 10.180.180.150). Number attempts: 7. Retry after 8 seconds.: paramiko.ssh_exception.NoValidConnectionsError: [Errno None] Unable to connect to port 22 on 10.180.180.150
2025-03-11 18:04:11.608 69129 INFO tempest.lib.common.rest_client [req-c727ffbc-6174-47e0-9226-33688e787782 req-c727ffbc-6174-47e0-9226-33688e787782 ] Request (ServersTestMultiNic:test_verify_duplicate_network_nics): 200 GET http://10.180.1.21/compute/v2.1/servers/e4aaa46f-6a69-4179-a9eb-40879d240cb4 0.048s
2025-03-11 18:04:11.641 69099 INFO tempest.lib.common.rest_client [req-73322e7f-4419-404e-ac56-54b7c8bffc33 req-73322e7f-4419-404e-ac56-54b7c8bffc33 ] Request (MultipleCreateTestJSON:_run_cleanups): 200 GET http://10.180.1.21/compute/v2.1/servers/9a5c9bf5-5a64-4771-bbc1-c5de0fa1cc92 0.056s
2025-03-11 18:04:11.705 69114 INFO tempest.lib.common.rest_client [req-3de69b59-9d02-4ffa-9acd-a7569979b331 req-3de69b59-9d02-4ffa-9acd-a7569979b331 ] Request (ImagesTestJSON:test_create_image_from_stopped_server): 200 GET http://10.180.1.21/compute/v2.1/servers/afbd3270-738b-451c-b010-6b7717672d8f 0.051s
2025-03-11 18:04:11.709 69103 INFO tempest.lib.common.rest_client [req-f3ddde07-d217-4e79-97ba-b993072fb9d2 req-f3ddde07-d217-4e79-97ba-b993072fb9d2 ] Request (MigrationsAdminTest:test_resize_server_revert_deleted_flavor): 200 GET http://10.180.1.21/compute/v2.1/servers/77f89eea-3f60-4d1e-8da6-26442edc1885 0.050s
2025-03-11 18:04:11.777 69101 INFO tempest.lib.common.rest_client [req-ee3b76af-67b5-4d6f-9f55-13acd791454b req-ee3b76af-67b5-4d6f-9f55-13acd791454b ] Request (ImagesOneServerNegativeTestJSON:_run_cleanups): 200 GET http://10.180.1.21/compute/v2.1/servers/af0dbd5f-8112-4446-b5a0-8dce64a95a8e 0.051s
2025-03-11 18:04:11.800 69085 INFO tempest.lib.common.rest_client [req-774e5344-3e83-4024-9017-a72d96c6484a req-774e5344-3e83-4024-9017-a72d96c6484a ] Request (ServerShowV247Test:test_update_rebuild_list_server): 200 GET http://10.180.1.21/compute/v2.1/servers/d6cbfe8b-8ea8-42d2-ac4a-1afb786aacb1 0.058s
2025-03-11 18:04:11.837 69135 INFO tempest.lib.common.rest_client [req-76092eb1-a42f-4a8d-b6b3-a54b77e148a8 req-76092eb1-a42f-4a8d-b6b3-a54b77e148a8 ] Request (SecurityGroupsTestJSON:test_server_security_groups): 200 GET http://10.180.1.21/compute/v2.1/servers/19444cef-85dd-450c-8392-887444afda37 0.051s
2025-03-11 18:04:11.885 69131 INFO tempest.lib.common.rest_client [req-a0050d0d-7f8b-4edf-a6f0-eb463fdaa40e req-a0050d0d-7f8b-4edf-a6f0-eb463fdaa40e ] Request (FloatingIPDetailsTestJSON:setUpClass): 201 POST http://10.180.1.21:9696/networking/v2.0/routers 0.596s
2025-03-11 18:04:11.920 69095 INFO tempest.lib.common.rest_client [req-70323f7d-ce1b-47d6-b0b2-23459084aaa1 req-70323f7d-ce1b-47d6-b0b2-23459084aaa1 ] Request (ServerAddressesTestJSON:setUpClass): 200 GET http://10.180.1.21/compute/v2.1/servers/5a1aaf73-a8ad-4f64-b1bc-f89617d845bd 0.061s
2025-03-11 18:04:11.928 69087 INFO tempest.lib.common.rest_client [req-6dd3f04d-2d5e-4b2c-837b-d79a5fe63172 req-6dd3f04d-2d5e-4b2c-837b-d79a5fe63172 ] Request (ServerDiskConfigTestJSON:test_rebuild_server_with_manual_disk_config): 200 GET http://10.180.1.21/compute/v2.1/servers/336ba1ba-4ced-47ba-a648-ed069b1f19c4 0.060s
2025-03-11 18:04:12.009 69091 INFO tempest.lib.common.rest_client [req-85f63e1f-c0f4-4dab-bcfe-f05eba9b8568 req-85f63e1f-c0f4-4dab-bcfe-f05eba9b8568 ] Request (ServersAdmin275Test:test_rebuild_update_server_275): 200 GET http://10.180.1.21/compute/v2.1/servers/c1e447a6-1c52-4c6e-9eff-e8a5b4a6cd09 0.054s
2025-03-11 18:04:12.060 69123 INFO tempest.lib.common.rest_client [req-ff06ec76-7011-4e84-a544-1a5ecf022d68 req-ff06ec76-7011-4e84-a544-1a5ecf022d68 ] Request (DeleteServersAdminTestJSON:test_delete_server_while_in_error_state): 200 GET http://10.180.1.21/compute/v2.1/servers/57b54e92-19b8-4ee5-8293-ee2709c53bed 0.061s
2025-03-11 18:04:12.069 69123 INFO tempest.common.waiters [-] State transition "BUILD/None" ==> "BUILD/networking" after 44 second wait
2025-03-11 18:04:12.114 69127 INFO tempest.lib.common.rest_client [req-9f5eb0cd-7f1c-45a2-9f82-300d7f1e4dd2 req-9f5eb0cd-7f1c-45a2-9f82-300d7f1e4dd2 ] Request (FloatingIPsAssociationTestJSON:tearDownClass): 200 GET http://10.180.1.21/compute/v2.1/servers/0e8efba6-8962-4873-af6d-a4358fb6fbd7 0.060s
2025-03-11 18:04:12.146 69111 INFO tempest.lib.common.rest_client [req-6c882e0a-5232-4c37-a139-c66f093797a5 req-6c882e0a-5232-4c37-a139-c66f093797a5 ] Request (AttachVolumeTestJSON:test_attach_detach_volume): 200 GET http://10.180.1.21/compute/v2.1/servers/ffe43372-5a16-41de-8c78-0d8ee672d22e 0.047s
2025-03-11 18:04:12.225 69109 INFO tempest.lib.common.rest_client [req-aa9775de-da43-482f-a36e-d10aa20da69e req-aa9775de-da43-482f-a36e-d10aa20da69e ] Request (ListServersNegativeTestJSON:setUpClass): 200 GET http://10.180.1.21/compute/v2.1/servers/6869810c-e268-40bd-8b24-febbecd881f4 0.070s
2025-03-11 18:04:12.263 69089 INFO tempest.lib.common.rest_client [req-10d102cc-cbe4-4135-9932-a8271fa113c3 req-10d102cc-cbe4-4135-9932-a8271fa113c3 ] Request (ServerExternalEventsTest:test_create_server_external_events): 200 GET http://10.180.1.21/compute/v2.1/servers/7a8eaf04-ee0f-4a8f-8beb-7d6fe2a0007f 0.062s
2025-03-11 18:04:12.311 69077 INFO tempest.lib.common.rest_client [req-7766e028-36b8-4256-9dfc-acbde249cd95 req-7766e028-36b8-4256-9dfc-acbde249cd95 ] Request (ServersAdminNegativeTestJSON:test_migrate_server_invalid_state): 200 GET http://10.180.1.21/compute/v2.1/servers/5a468b1a-8fb7-4d42-8ab5-e2689f7226b5 0.055s
2025-03-11 18:04:12.421 69081 INFO tempest.lib.common.rest_client [req-900a5bb9-673b-4348-8f17-1971a78b6df2 req-900a5bb9-673b-4348-8f17-1971a78b6df2 ] Request (ServersAaction247Test:tearDownClass): 200 GET http://10.180.1.21/compute/v2.1/servers/740d21eb-898d-4585-9fe9-07caf8df35bc 0.054s
2025-03-11 18:04:12.460 69083 INFO tempest.lib.common.rest_client [req-bcbc3ae9-9f9c-424d-a82d-59b55f6c2899 req-bcbc3ae9-9f9c-424d-a82d-59b55f6c2899 ] Request (ServersTestBootFromVolume:setUpClass): 200 GET http://10.180.1.21/compute/v2.1/servers/69dae979-c82b-47dc-8d6f-0874e5123baa 0.058s
2025-03-11 18:04:12.500 69108 INFO tempest.lib.common.rest_client [req-92b6e699-16bc-4685-9f67-9269cf857c46 req-92b6e699-16bc-4685-9f67-9269cf857c46 ] Request (ListServerFiltersTestJSON:setUpClass): 200 GET http://10.180.1.21/compute/v2.1/servers/28b6c309-f30b-4600-b42f-c7a14c6fd9e8 0.053s
2025-03-11 18:04:12.513 69079 INFO tempest.lib.common.rest_client [req-034fcd6f-a3a9-4d78-b38e-17b8d3ce44de req-034fcd6f-a3a9-4d78-b38e-17b8d3ce44de ] Request (ServersAdminTestJSON:test_inject_network_info): 200 GET http://10.180.1.21/compute/v2.1/servers/bfbb71a1-10fc-48ac-b4c1-17699d6557f0 0.049s
2025-03-11 18:04:12.520 69079 INFO tempest.common.waiters [-] State transition "BUILD/scheduling" ==> "BUILD/None" after 30 second wait
2025-03-11 18:04:12.566 69097 INFO tempest.lib.common.rest_client [req-fbe43131-f8f7-43be-9fa3-32f5cd2fc1e6 req-fbe43131-f8f7-43be-9fa3-32f5cd2fc1e6 ] Request (DeleteServersTestJSON:test_delete_server_while_in_attached_volume): 200 GET http://10.180.1.21/compute/v2.1/servers/7069c4bf-fd95-479b-b985-5da0456946d9 0.073s
2025-03-11 18:04:12.630 69139 INFO tempest.lib.common.rest_client [req-3f74d27d-c6be-464c-86d5-d15f3f436727 req-3f74d27d-c6be-464c-86d5-d15f3f436727 ] Request (InstanceActionsNegativeTestJSON:tearDownClass): 200 GET http://10.180.1.21/compute/v2.1/servers/c2bec919-14b0-4744-8bd8-87eab0305b09 0.061s
2025-03-11 18:04:12.668 69129 INFO tempest.lib.common.rest_client [req-e7f47952-367a-4fad-91da-2ce6c7602301 req-e7f47952-367a-4fad-91da-2ce6c7602301 ] Request (ServersTestMultiNic:test_verify_duplicate_network_nics): 200 GET http://10.180.1.21/compute/v2.1/servers/e4aaa46f-6a69-4179-a9eb-40879d240cb4 0.052s
2025-03-11 18:04:12.717 69099 INFO tempest.lib.common.rest_client [req-99b72e72-2dde-41af-b849-8581acdde458 req-99b72e72-2dde-41af-b849-8581acdde458 ] Request (MultipleCreateTestJSON:_run_cleanups): 200 GET http://10.180.1.21/compute/v2.1/servers/9a5c9bf5-5a64-4771-bbc1-c5de0fa1cc92 0.068s
2025-03-11 18:04:12.780 69103 INFO tempest.lib.common.rest_client [req-d2f7e8a0-3c7f-48d8-9738-2f5fcf1718b1 req-d2f7e8a0-3c7f-48d8-9738-2f5fcf1718b1 ] Request (MigrationsAdminTest:test_resize_server_revert_deleted_flavor): 200 GET http://10.180.1.21/compute/v2.1/servers/77f89eea-3f60-4d1e-8da6-26442edc1885 0.063s
2025-03-11 18:04:12.791 69114 INFO tempest.lib.common.rest_client [req-bf26f75c-020b-4d37-ac40-258f612cd03c req-bf26f75c-020b-4d37-ac40-258f612cd03c ] Request (ImagesTestJSON:test_create_image_from_stopped_server): 200 GET http://10.180.1.21/compute/v2.1/servers/afbd3270-738b-451c-b010-6b7717672d8f 0.078s
2025-03-11 18:04:12.872 69101 INFO tempest.lib.common.rest_client [req-42ab0ba3-7aee-4705-9040-4b4d39b05a29 req-42ab0ba3-7aee-4705-9040-4b4d39b05a29 ] Request (ImagesOneServerNegativeTestJSON:_run_cleanups): 200 GET http://10.180.1.21/compute/v2.1/servers/af0dbd5f-8112-4446-b5a0-8dce64a95a8e 0.084s
2025-03-11 18:04:12.884 69131 INFO tempest.lib.common.rest_client [req-3568a42d-bdf3-4f1f-8f16-35ec91704957 req-3568a42d-bdf3-4f1f-8f16-35ec91704957 ] Request (FloatingIPDetailsTestJSON:setUpClass): 200 PUT http://10.180.1.21:9696/networking/v2.0/routers/cc0b6def-9889-4cbc-bb6a-f7c9031413b4/add_router_interface 0.998s
2025-03-11 18:04:12.885 69131 INFO tempest.lib.common.dynamic_creds [-] Created isolated network resources for: credentials: Credentials: {'domain_id': 'default', 'domain_name': 'Default', 'username': 'tempest-FloatingIPDetailsTestJSON-1380642727-project-member', 'project_domain_id': 'default', 'project_domain_name': 'Default', 'project_id': '1ea0cbbe8ef84165886172e21b7bfbb4', 'project_name': 'tempest-FloatingIPDetailsTestJSON-1380642727', 'tenant_id': '1ea0cbbe8ef84165886172e21b7bfbb4', 'tenant_name': 'tempest-FloatingIPDetailsTestJSON-1380642727', 'user_domain_id': 'default', 'user_domain_name': 'Default', 'user_id': '30182bd1fa994e7ca63ac17e0a760469', 'system': None}, Network: {'id': 'cda2261a-3932-4877-b306-e1b5cdffb061', 'name': 'tempest-FloatingIPDetailsTestJSON-91529666-network', 'tenant_id': '1ea0cbbe8ef84165886172e21b7bfbb4', 'admin_state_up': True, 'mtu': 8950, 'status': 'ACTIVE', 'subnets': [], 'shared': False, 'project_id': '1ea0cbbe8ef84165886172e21b7bfbb4', 'port_security_enabled': True, 'router:external': False, 'provider:network_type': 'vlan', 'provider:physical_network': 'default', 'provider:segmentation_id': 795, 'availability_zone_hints': [], 'availability_zones': [], 'ipv4_address_scope': None, 'ipv6_address_scope': None, 'description': '', 'tags': [], 'created_at': '2025-03-11T18:04:11Z', 'updated_at': '2025-03-11T18:04:11Z', 'revision_number': 1}, Subnet: {'id': '1059e8e8-dda5-4505-bed4-4e75393b5eae', 'name': 'tempest-FloatingIPDetailsTestJSON-91529666-subnet', 'tenant_id': '1ea0cbbe8ef84165886172e21b7bfbb4', 'network_id': 'cda2261a-3932-4877-b306-e1b5cdffb061', 'ip_version': 4, 'subnetpool_id': None, 'enable_dhcp': True, 'ipv6_ra_mode': None, 'ipv6_address_mode': None, 'gateway_ip': '192.168.128.1', 'cidr': '192.168.128.0/28', 'allocation_pools': [{'start': '192.168.128.2', 'end': '192.168.128.14'}], 'host_routes': [], 'dns_nameservers': [], 'description': '', 'router:external': False, 'service_types': [], 'tags': [], 'created_at': '2025-03-11T18:04:11Z', 'updated_at': '2025-03-11T18:04:11Z', 'revision_number': 0, 'project_id': '1ea0cbbe8ef84165886172e21b7bfbb4'}, Router: {'id': 'cc0b6def-9889-4cbc-bb6a-f7c9031413b4', 'name': 'tempest-FloatingIPDetailsTestJSON-91529666-router', 'tenant_id': '1ea0cbbe8ef84165886172e21b7bfbb4', 'admin_state_up': True, 'status': 'ACTIVE', 'external_gateway_info': {'network_id': 'c76c56c5-1300-4a8f-9103-0a8db4a95bc1', 'external_fixed_ips': [{'subnet_id': '031f95ee-ef4c-4201-bcab-b01f29cf9b9d', 'ip_address': '10.180.180.241'}], 'enable_snat': True}, 'description': '', 'availability_zones': [], 'distributed': False, 'ha': False, 'availability_zone_hints': [], 'routes': [], 'flavor_id': None, 'tags': [], 'created_at': '2025-03-11T18:04:11Z', 'updated_at': '2025-03-11T18:04:11Z', 'revision_number': 2, 'project_id': '1ea0cbbe8ef84165886172e21b7bfbb4'}
2025-03-11 18:04:12.894 69085 INFO tempest.lib.common.rest_client [req-f4fd5798-a014-4e96-9ec5-5cf14d930e5a req-f4fd5798-a014-4e96-9ec5-5cf14d930e5a ] Request (ServerShowV247Test:test_update_rebuild_list_server): 200 GET http://10.180.1.21/compute/v2.1/servers/d6cbfe8b-8ea8-42d2-ac4a-1afb786aacb1 0.081s
2025-03-11 18:04:12.931 69135 INFO tempest.lib.common.rest_client [req-c9424e7b-d465-4efb-88f2-620142a5362f req-c9424e7b-d465-4efb-88f2-620142a5362f ] Request (SecurityGroupsTestJSON:test_server_security_groups): 200 GET http://10.180.1.21/compute/v2.1/servers/19444cef-85dd-450c-8392-887444afda37 0.084s
2025-03-11 18:04:12.986 69087 INFO tempest.lib.common.rest_client [req-21c3c760-7dde-4aa2-adff-bb3dbb774948 req-21c3c760-7dde-4aa2-adff-bb3dbb774948 ] Request (ServerDiskConfigTestJSON:test_rebuild_server_with_manual_disk_config): 200 GET http://10.180.1.21/compute/v2.1/servers/336ba1ba-4ced-47ba-a648-ed069b1f19c4 0.050s
2025-03-11 18:04:12.998 69131 INFO tempest.lib.common.rest_client [req-7a114d4b-bb9b-4af3-8547-bc3516faf787 req-7a114d4b-bb9b-4af3-8547-bc3516faf787 ] Request (FloatingIPDetailsTestJSON:setUpClass): 201 POST http://10.180.1.21/identity/v3/auth/tokens 0.108s
2025-03-11 18:04:13.004 69095 INFO tempest.lib.common.rest_client [req-a5548244-968e-406d-8306-1fa988b33797 req-a5548244-968e-406d-8306-1fa988b33797 ] Request (ServerAddressesTestJSON:setUpClass): 200 GET http://10.180.1.21/compute/v2.1/servers/5a1aaf73-a8ad-4f64-b1bc-f89617d845bd 0.077s
2025-03-11 18:04:13.088 69091 INFO tempest.lib.common.rest_client [req-b1c6a51a-fbce-4a97-bceb-92753044c9d3 req-b1c6a51a-fbce-4a97-bceb-92753044c9d3 ] Request (ServersAdmin275Test:test_rebuild_update_server_275): 200 GET http://10.180.1.21/compute/v2.1/servers/c1e447a6-1c52-4c6e-9eff-e8a5b4a6cd09 0.069s
2025-03-11 18:04:13.277 69123 INFO tempest.lib.common.rest_client [req-e69bf5a7-88cb-45bb-9781-46b297334bac req-e69bf5a7-88cb-45bb-9781-46b297334bac ] Request (DeleteServersAdminTestJSON:test_delete_server_while_in_error_state): 200 GET http://10.180.1.21/compute/v2.1/servers/57b54e92-19b8-4ee5-8293-ee2709c53bed 0.205s
2025-03-11 18:04:13.285 69123 INFO tempest.common.waiters [-] State transition "BUILD/networking" ==> "BUILD/block_device_mapping" after 45 second wait
2025-03-11 18:04:13.350 69127 INFO tempest.lib.common.rest_client [req-98151d5d-6078-437c-80f4-94a377a3647b req-98151d5d-6078-437c-80f4-94a377a3647b ] Request (FloatingIPsAssociationTestJSON:tearDownClass): 200 GET http://10.180.1.21/compute/v2.1/servers/0e8efba6-8962-4873-af6d-a4358fb6fbd7 0.227s
2025-03-11 18:04:13.414 69111 INFO tempest.lib.common.rest_client [req-3b5855cb-d726-4904-862e-e93912d9a5b3 req-3b5855cb-d726-4904-862e-e93912d9a5b3 ] Request (AttachVolumeTestJSON:test_attach_detach_volume): 200 GET http://10.180.1.21/compute/v2.1/servers/ffe43372-5a16-41de-8c78-0d8ee672d22e 0.260s
2025-03-11 18:04:13.485 69109 INFO tempest.lib.common.rest_client [req-58fe3348-6fba-40b5-8fba-4804364750b3 req-58fe3348-6fba-40b5-8fba-4804364750b3 ] Request (ListServersNegativeTestJSON:setUpClass): 200 GET http://10.180.1.21/compute/v2.1/servers/6869810c-e268-40bd-8b24-febbecd881f4 0.245s
2025-03-11 18:04:13.542 69089 INFO tempest.lib.common.rest_client [req-abbb2b3b-c151-4299-9c68-e78bcaa0147c req-abbb2b3b-c151-4299-9c68-e78bcaa0147c ] Request (ServerExternalEventsTest:test_create_server_external_events): 200 GET http://10.180.1.21/compute/v2.1/servers/7a8eaf04-ee0f-4a8f-8beb-7d6fe2a0007f 0.270s
2025-03-11 18:04:13.597 69077 INFO tempest.lib.common.rest_client [req-c8bf5866-f02a-42fd-bc10-b033cf840980 req-c8bf5866-f02a-42fd-bc10-b033cf840980 ] Request (ServersAdminNegativeTestJSON:test_migrate_server_invalid_state): 200 GET http://10.180.1.21/compute/v2.1/servers/5a468b1a-8fb7-4d42-8ab5-e2689f7226b5 0.275s
2025-03-11 18:04:13.653 69081 INFO tempest.lib.common.rest_client [req-2c406791-9a12-41cb-bbfb-a2118b9a2a72 req-2c406791-9a12-41cb-bbfb-a2118b9a2a72 ] Request (ServersAaction247Test:tearDownClass): 200 GET http://10.180.1.21/compute/v2.1/servers/740d21eb-898d-4585-9fe9-07caf8df35bc 0.222s
2025-03-11 18:04:13.704 69083 INFO tempest.lib.common.rest_client [req-0aad1217-5c4d-48f4-bc72-8c149af2798f req-0aad1217-5c4d-48f4-bc72-8c149af2798f ] Request (ServersTestBootFromVolume:setUpClass): 200 GET http://10.180.1.21/compute/v2.1/servers/69dae979-c82b-47dc-8d6f-0874e5123baa 0.235s
2025-03-11 18:04:13.760 69131 INFO tempest.lib.common.rest_client [req-a6546720-cbec-444f-b5c0-75ebf272ff50 req-a6546720-cbec-444f-b5c0-75ebf272ff50 ] Request (FloatingIPDetailsTestJSON:setUpClass): 200 POST http://10.180.1.21/compute/v2.1/os-floating-ips 0.761s
2025-03-11 18:04:13.760 69108 INFO tempest.lib.common.rest_client [req-ec8145a0-4859-4300-8c56-ce06e53cda6e req-ec8145a0-4859-4300-8c56-ce06e53cda6e ] Request (ListServerFiltersTestJSON:setUpClass): 200 GET http://10.180.1.21/compute/v2.1/servers/28b6c309-f30b-4600-b42f-c7a14c6fd9e8 0.250s
2025-03-11 18:04:13.817 69079 INFO tempest.lib.common.rest_client [req-cb197cc0-3e0c-4a20-9082-071d9b15f23d req-cb197cc0-3e0c-4a20-9082-071d9b15f23d ] Request (ServersAdminTestJSON:test_inject_network_info): 200 GET http://10.180.1.21/compute/v2.1/servers/bfbb71a1-10fc-48ac-b4c1-17699d6557f0 0.296s
2025-03-11 18:04:13.818 69097 INFO tempest.lib.common.rest_client [req-1e42d591-6e25-42c2-b0b6-2f478875f8d8 req-1e42d591-6e25-42c2-b0b6-2f478875f8d8 ] Request (DeleteServersTestJSON:test_delete_server_while_in_attached_volume): 200 GET http://10.180.1.21/compute/v2.1/servers/7069c4bf-fd95-479b-b985-5da0456946d9 0.239s
2025-03-11 18:04:13.868 69129 INFO tempest.lib.common.rest_client [req-e0c83be1-becf-4086-9be3-5df6aeffb37e req-e0c83be1-becf-4086-9be3-5df6aeffb37e ] Request (ServersTestMultiNic:test_verify_duplicate_network_nics): 200 GET http://10.180.1.21/compute/v2.1/servers/e4aaa46f-6a69-4179-a9eb-40879d240cb4 0.185s
