2025-03-11 18:03:42.927 69114 INFO tempest.lib.common.fixed_network [-] (ImagesTestJSON:test_create_image_from_stopped_server) Found network {'id': '8ba5bce3-293b-4d75-b43c-31eddd515be4', 'name': 'tempest-ImagesTestJSON-350506285-network', 'tenant_id': 'daf78798a4594bb385c3271cc88d7a71', 'admin_state_up': True, 'mtu': 8950, 'status': 'ACTIVE', 'subnets': [], 'shared': False, 'project_id': 'daf78798a4594bb385c3271cc88d7a71', 'port_security_enabled': True, 'router:external': False, 'provider:network_type': 'vlan', 'provider:physical_network': 'default', 'provider:segmentation_id': 882, 'availability_zone_hints': [], 'availability_zones': [], 'ipv4_address_scope': None, 'ipv6_address_scope': None, 'description': '', 'tags': [], 'created_at': '2025-03-11T18:03:38Z', 'updated_at': '2025-03-11T18:03:38Z', 'revision_number': 1} available for tenant
2025-03-11 18:03:42.942 69135 INFO tempest.lib.common.rest_client [req-62805e7d-9369-479d-a0f9-ca90344916a0 req-62805e7d-9369-479d-a0f9-ca90344916a0 ] Request (SecurityGroupsTestJSON:test_list_security_groups_by_server): 200 GET http://10.180.1.21/compute/v2.1/servers/b3c9f237-da05-42f0-acf1-399c2281d4f4 1.162s
2025-03-11 18:03:42.993 69129 INFO tempest.lib.common.rest_client [req-032bfc03-5fc6-4180-b626-1028f8da8269 req-032bfc03-5fc6-4180-b626-1028f8da8269 ] Request (SecurityGroupRulesNegativeTestJSON:tearDownClass): 202 DELETE http://10.180.1.21/compute/v2.1/os-security-groups/66e15290-be91-4c31-a941-5d41a7446253 1.260s
2025-03-11 18:03:43.007 69108 INFO tempest.lib.common.rest_client [req-f67b5b11-38eb-4a59-a4ae-5b7d1ef2c429 req-f67b5b11-38eb-4a59-a4ae-5b7d1ef2c429 ] Request (SecurityGroupsNegativeTestJSON:tearDownClass): 204 DELETE http://10.180.1.21:9696/networking/v2.0/routers/1730767d-5b8b-4bac-939a-d7141192ee58 1.373s
2025-03-11 18:03:43.087 69085 INFO tempest.lib.common.rest_client [req-1ea592ef-312b-4a19-8231-3f1b8ad9c47b req-1ea592ef-312b-4a19-8231-3f1b8ad9c47b ] Request (ServerShowV247Test:test_update_rebuild_list_server): 200 GET http://10.180.1.21/compute/v2.1/servers/d6cbfe8b-8ea8-42d2-ac4a-1afb786aacb1 1.149s
2025-03-11 18:03:43.127 69109 INFO tempest.lib.common.rest_client [req-9df4224b-0774-4360-a2a1-43fe101bb185 req-9df4224b-0774-4360-a2a1-43fe101bb185 ] Request (ListServersNegativeTestJSON:setUpClass): 200 GET http://10.180.1.21/compute/v2.1/servers/216af9b7-6a1a-448a-9a88-b4c91a3baca3 1.268s
2025-03-11 18:03:43.136 69109 INFO tempest.common.waiters [-] State transition "BUILD/networking" ==> "BUILD/spawning" after 33 second wait
2025-03-11 18:03:43.263 69087 INFO tempest.lib.common.rest_client [req-569935c4-6355-4ff3-b2a8-d74af1aaabd4 req-569935c4-6355-4ff3-b2a8-d74af1aaabd4 ] Request (ServerDiskConfigTestJSON:test_rebuild_server_with_auto_disk_config): 200 GET http://10.180.1.21/compute/v2.1/servers/7948e0b9-2a13-4b69-b288-0702beb6696b 1.171s
2025-03-11 18:03:43.279 69108 INFO tempest.lib.common.rest_client [req-7ea7262c-ace7-4d1d-bf0c-d103195a238d req-7ea7262c-ace7-4d1d-bf0c-d103195a238d ] Request (SecurityGroupsNegativeTestJSON:tearDownClass): 204 DELETE http://10.180.1.21:9696/networking/v2.0/subnets/a9361d09-26ad-49f3-95a7-db6275dccd81 0.272s
2025-03-11 18:03:43.303 69103 INFO tempest.lib.common.rest_client [req-6af22432-83ec-4bac-afa1-6b35b0126d9b req-6af22432-83ec-4bac-afa1-6b35b0126d9b ] Request (MigrationsAdminTest:test_list_migrations_in_flavor_resize_situation): 200 GET http://10.180.1.21/compute/v2.1/servers/cc14218c-df91-4472-8a7e-977fe780953f 1.092s
2025-03-11 18:03:43.306 69083 INFO tempest.lib.common.rest_client [req-96744091-5a65-4695-8e1e-0c304ed084f4 req-96744091-5a65-4695-8e1e-0c304ed084f4 ] Request (ServersTestBootFromVolume:setUpClass): 200 GET http://10.180.1.21/volume/v3/volumes/beeb23ff-0343-40a9-a951-f23d07158ed4 0.043s
2025-03-11 18:03:43.344 69127 INFO tempest.lib.common.rest_client [req-842a6ea0-cc97-4051-876c-876caaad819d req-842a6ea0-cc97-4051-876c-876caaad819d ] Request (FloatingIPsAssociationTestJSON:tearDownClass): 200 GET http://10.180.1.21/compute/v2.1/servers/280d6ae5-a2a6-4cd4-b4be-d33dc0bb8b88 1.005s
2025-03-11 18:03:43.363 69095 INFO tempest.lib.common.rest_client [req-a016c78b-ac0d-4e0e-a423-303548d3b57c req-a016c78b-ac0d-4e0e-a423-303548d3b57c ] Request (ServerAddressesTestJSON:setUpClass): 200 GET http://10.180.1.21/compute/v2.1/servers/5a1aaf73-a8ad-4f64-b1bc-f89617d845bd 0.957s
2025-03-11 18:03:43.405 69101 INFO tempest.lib.common.rest_client [req-25ed7b1f-75a6-43ce-ae25-9574bea03be1 req-25ed7b1f-75a6-43ce-ae25-9574bea03be1 ] Request (ImagesOneServerNegativeTestJSON:_run_cleanups): 200 GET http://10.180.1.21/compute/v2.1/servers/38233369-93d0-4108-b8cd-696f89c848df 0.569s
2025-03-11 18:03:43.469 69091 INFO tempest.lib.common.rest_client [req-ebd40c3b-7048-4218-b0b6-5eca0258b3f0 req-ebd40c3b-7048-4218-b0b6-5eca0258b3f0 ] Request (ServersAdmin275Test:test_rebuild_update_server_275): 200 GET http://10.180.1.21/compute/v2.1/servers/c1e447a6-1c52-4c6e-9eff-e8a5b4a6cd09 0.536s
2025-03-11 18:03:43.526 69099 INFO tempest.lib.common.rest_client [req-5d76a0a8-9fc5-4110-b526-61bfe67cfca4 req-5d76a0a8-9fc5-4110-b526-61bfe67cfca4 ] Request (MultipleCreateTestJSON:test_multiple_create): 200 GET http://10.180.1.21/compute/v2.1/servers/7781091e-4123-42e2-be01-d5073b3bd3ff 0.517s
2025-03-11 18:03:43.563 69108 INFO tempest.lib.common.rest_client [req-c9bbac87-9d44-42ac-9e1f-51250fff897a req-c9bbac87-9d44-42ac-9e1f-51250fff897a ] Request (SecurityGroupsNegativeTestJSON:tearDownClass): 204 DELETE http://10.180.1.21:9696/networking/v2.0/networks/92cac553-49d9-4da1-902e-e5418acaffd3 0.282s
2025-03-11 18:03:43.582 69123 INFO tempest.lib.common.rest_client [req-1a248181-72ff-4ed3-8a8c-b7205fff0703 req-1a248181-72ff-4ed3-8a8c-b7205fff0703 ] Request (DeleteServersAdminTestJSON:test_delete_server_while_in_error_state): 200 GET http://10.180.1.21/compute/v2.1/servers/57b54e92-19b8-4ee5-8293-ee2709c53bed 0.504s
2025-03-11 18:03:43.660 69087 INFO tempest.lib.common.rest_client [req-27824497-5233-435f-8be6-c67e7e68adec req-27824497-5233-435f-8be6-c67e7e68adec ] Request (ServerDiskConfigTestJSON:_run_cleanups): 204 DELETE http://10.180.1.21/compute/v2.1/servers/7948e0b9-2a13-4b69-b288-0702beb6696b 0.390s
2025-03-11 18:03:43.670 69108 INFO tempest.lib.common.rest_client [req-042b3125-3cd8-465d-84a5-29aaf1d42096 req-042b3125-3cd8-465d-84a5-29aaf1d42096 ] Request (SecurityGroupsNegativeTestJSON:tearDownClass): 204 DELETE http://10.180.1.21/identity/v3/users/f892bf9842ae428eada915c06272afe0 0.107s
2025-03-11 18:03:43.670 69108 INFO tempest.lib.common.dynamic_creds [-] Deleting project and security group for project: 4f514e90765a4a52bcebf8286ebf7e92
2025-03-11 18:03:43.707 69108 INFO tempest.lib.common.rest_client [req-6ad73684-cdfe-47f5-bce7-a519ad1f6970 req-6ad73684-cdfe-47f5-bce7-a519ad1f6970 ] Request (SecurityGroupsNegativeTestJSON:tearDownClass): 200 GET http://10.180.1.21:9696/networking/v2.0/security-groups?tenant_id=4f514e90765a4a52bcebf8286ebf7e92&name=default 0.036s
2025-03-11 18:03:43.736 69111 INFO tempest.lib.common.rest_client [req-227e13a9-bcfb-4d23-bb24-5efa1c99283e req-227e13a9-bcfb-4d23-bb24-5efa1c99283e ] Request (AttachVolumeTestJSON:test_attach_detach_volume): 200 GET http://10.180.1.21/compute/v2.1/servers/ffe43372-5a16-41de-8c78-0d8ee672d22e 0.310s
2025-03-11 18:03:43.753 69087 INFO tempest.lib.common.rest_client [req-7b37d079-77f4-40a0-8b00-367aa0eb5408 req-7b37d079-77f4-40a0-8b00-367aa0eb5408 ] Request (ServerDiskConfigTestJSON:test_rebuild_server_with_manual_disk_config): 201 POST http://10.180.1.21/identity/v3/auth/tokens 0.086s
2025-03-11 18:03:43.753 69087 INFO tempest.lib.common.fixed_network [-] (ServerDiskConfigTestJSON:test_rebuild_server_with_manual_disk_config) Found network {'id': 'd1108be6-572a-47e4-b0a3-e75796d14404', 'name': 'tempest-ServerDiskConfigTestJSON-538123752-network', 'tenant_id': '334dfaf60cc446658756fdbd532c2c70', 'admin_state_up': True, 'mtu': 8950, 'status': 'ACTIVE', 'subnets': [], 'shared': False, 'project_id': '334dfaf60cc446658756fdbd532c2c70', 'port_security_enabled': True, 'router:external': False, 'provider:network_type': 'vlan', 'provider:physical_network': 'default', 'provider:segmentation_id': 551, 'availability_zone_hints': [], 'availability_zones': [], 'ipv4_address_scope': None, 'ipv6_address_scope': None, 'description': '', 'tags': [], 'created_at': '2025-03-11T18:02:46Z', 'updated_at': '2025-03-11T18:02:46Z', 'revision_number': 1} available for tenant
2025-03-11 18:03:43.802 69139 INFO tempest.lib.common.rest_client [req-beadba33-0425-49d0-8898-ce02dd26af77 req-beadba33-0425-49d0-8898-ce02dd26af77 ] Request (InstanceActionsNegativeTestJSON:setUpClass): 200 GET http://10.180.1.21/compute/v2.1/servers/c2bec919-14b0-4744-8bd8-87eab0305b09 0.365s
2025-03-11 18:03:43.852 69114 INFO tempest.lib.common.rest_client [req-60f26278-c3af-43f5-9aed-d32b6492534f req-60f26278-c3af-43f5-9aed-d32b6492534f ] Request (ImagesTestJSON:test_create_image_from_stopped_server): 202 POST http://10.180.1.21/compute/v2.1/servers 0.924s
2025-03-11 18:03:43.876 69077 INFO tempest.lib.common.rest_client [req-77da5707-aaf5-458d-a46f-c49f6f3163e1 req-77da5707-aaf5-458d-a46f-c49f6f3163e1 ] Request (ServersAdminNegativeTestJSON:test_migrate_server_invalid_state): 200 GET http://10.180.1.21/compute/v2.1/servers/5a468b1a-8fb7-4d42-8ab5-e2689f7226b5 0.351s
2025-03-11 18:03:43.892 69108 INFO tempest.lib.common.rest_client [req-03c06131-59f4-4701-827c-94115325ef33 req-03c06131-59f4-4701-827c-94115325ef33 ] Request (SecurityGroupsNegativeTestJSON:tearDownClass): 204 DELETE http://10.180.1.21:9696/networking/v2.0/security-groups/499f3919-bd61-41cd-8e78-ea86a85ba05f 0.184s
2025-03-11 18:03:43.907 69089 INFO tempest.lib.common.rest_client [req-d34d134b-2ebf-448f-8730-1dfcc62be89a req-d34d134b-2ebf-448f-8730-1dfcc62be89a ] Request (ServerExternalEventsTest:test_create_server_external_events): 200 GET http://10.180.1.21/compute/v2.1/servers/7a8eaf04-ee0f-4a8f-8beb-7d6fe2a0007f 0.371s
2025-03-11 18:03:43.939 69079 INFO tempest.lib.common.rest_client [req-015ce950-c73e-465d-b004-5897b939a77d req-015ce950-c73e-465d-b004-5897b939a77d ] Request (ServersAdminTestJSON:test_inject_network_info): 200 GET http://10.180.1.21/compute/v2.1/servers/bfbb71a1-10fc-48ac-b4c1-17699d6557f0 0.310s
2025-03-11 18:03:43.986 69131 INFO tempest.lib.common.rest_client [req-570c318c-bb29-4a90-8797-6847a5da2e42 req-570c318c-bb29-4a90-8797-6847a5da2e42 ] Request (FloatingIPsAssociationNegativeTestJSON:tearDownClass): 200 GET http://10.180.1.21/compute/v2.1/servers/a04bf446-b6ae-49d3-bf79-bc1ed287b7f2 0.343s
2025-03-11 18:03:44.007 69097 INFO tempest.lib.common.rest_client [req-56536078-154e-49d8-9b79-db71ebf5c9d4 req-56536078-154e-49d8-9b79-db71ebf5c9d4 ] Request (DeleteServersTestJSON:test_delete_server_while_in_attached_volume): 200 GET http://10.180.1.21/compute/v2.1/servers/7069c4bf-fd95-479b-b985-5da0456946d9 0.289s
2025-03-11 18:03:44.041 69108 INFO tempest.lib.common.rest_client [req-9b35071f-84f9-41ca-8e63-fdedab9f5ff7 req-9b35071f-84f9-41ca-8e63-fdedab9f5ff7 ] Request (SecurityGroupsNegativeTestJSON:tearDownClass): 204 DELETE http://10.180.1.21/identity/v3/projects/4f514e90765a4a52bcebf8286ebf7e92 0.148s
2025-03-11 18:03:44.054 69081 INFO tempest.lib.common.rest_client [req-3825350e-c8b1-4def-8f08-d7be589b9874 req-3825350e-c8b1-4def-8f08-d7be589b9874 ] Request (ServersAaction247Test:test_create_backup): 200 GET http://10.180.1.21/compute/v2.1/servers/740d21eb-898d-4585-9fe9-07caf8df35bc 0.319s
2025-03-11 18:03:44.126 69115 INFO tempest.lib.common.rest_client [req-1a9ada79-c10a-4944-9f5c-5c7a256b626d req-1a9ada79-c10a-4944-9f5c-5c7a256b626d ] Request (ServersTestManualDisk:setUpClass): 200 GET http://10.180.1.21/compute/v2.1/servers/8d575b0d-93e2-4a75-bd7f-1bf09f5e7e5c 0.287s
2025-03-11 18:03:44.130 69108 INFO tempest.lib.common.rest_client [req-dbc3ff74-5079-4f6c-95d8-c56cd3af4fcb req-dbc3ff74-5079-4f6c-95d8-c56cd3af4fcb ] Request (ListServerFiltersTestJSON:setUpClass): 201 POST http://10.180.1.21/identity/v3/auth/tokens 0.087s
2025-03-11 18:03:44.133 69115 INFO tempest.common.waiters [-] State transition "BUILD/None" ==> "BUILD/networking" after 34 second wait
2025-03-11 18:03:44.163 69108 INFO tempest.lib.common.rest_client [req-1305dfdb-b3ce-4eca-9ea9-e3ce8d28b1d7 req-1305dfdb-b3ce-4eca-9ea9-e3ce8d28b1d7 ] Request (ListServerFiltersTestJSON:setUpClass): 201 POST http://10.180.1.21/identity/v3/auth/tokens 0.028s
2025-03-11 18:03:44.184 69114 INFO tempest.lib.common.rest_client [req-d9e2fbde-b606-46a8-8df3-f8e367f144f8 req-d9e2fbde-b606-46a8-8df3-f8e367f144f8 ] Request (ImagesTestJSON:test_create_image_from_stopped_server): 200 GET http://10.180.1.21/compute/v2.1/servers/afbd3270-738b-451c-b010-6b7717672d8f 0.330s
2025-03-11 18:03:44.192 69108 INFO tempest.lib.common.rest_client [req-08983381-8ea1-49b5-bbb6-f7c7220c2f2f req-08983381-8ea1-49b5-bbb6-f7c7220c2f2f ] Request (ListServerFiltersTestJSON:setUpClass): 200 GET http://10.180.1.21/identity/v3/domains?name=Default 0.028s
2025-03-11 18:03:44.218 69129 INFO tempest.lib.common.rest_client [req-fd54fd37-030f-44d8-a741-9b630081a886 req-fd54fd37-030f-44d8-a741-9b630081a886 ] Request (SecurityGroupRulesNegativeTestJSON:tearDownClass): 200 PUT http://10.180.1.21:9696/networking/v2.0/routers/cd409150-edec-4450-adc4-a08b973d8100/remove_router_interface 1.224s
2025-03-11 18:03:44.229 69108 INFO tempest.lib.common.rest_client [req-b5cd8b24-94b4-4c16-9a11-0af71d2b21ae req-b5cd8b24-94b4-4c16-9a11-0af71d2b21ae ] Request (ListServerFiltersTestJSON:setUpClass): 201 POST http://10.180.1.21/identity/v3/projects 0.036s
2025-03-11 18:03:44.242 69135 INFO tempest.lib.common.rest_client [req-f6e139b0-2e5b-4907-aeb3-7d490845eb81 req-f6e139b0-2e5b-4907-aeb3-7d490845eb81 ] Request (SecurityGroupsTestJSON:test_list_security_groups_by_server): 200 GET http://10.180.1.21/compute/v2.1/servers/b3c9f237-da05-42f0-acf1-399c2281d4f4 0.289s
2025-03-11 18:03:44.304 69085 INFO tempest.lib.common.rest_client [req-dfaf6513-ede9-4401-8944-5c2a9b4ab2d3 req-dfaf6513-ede9-4401-8944-5c2a9b4ab2d3 ] Request (ServerShowV247Test:test_update_rebuild_list_server): 200 GET http://10.180.1.21/compute/v2.1/servers/d6cbfe8b-8ea8-42d2-ac4a-1afb786aacb1 0.207s
2025-03-11 18:03:44.309 69108 INFO tempest.lib.common.rest_client [req-2dfbf9c5-6cfd-4edc-a3a0-275c203b7049 req-2dfbf9c5-6cfd-4edc-a3a0-275c203b7049 ] Request (ListServerFiltersTestJSON:setUpClass): 201 POST http://10.180.1.21/identity/v3/users 0.079s
2025-03-11 18:03:44.328 69087 INFO tempest.lib.common.rest_client [req-95676f59-ca49-42dc-80a7-be10b1245d92 req-95676f59-ca49-42dc-80a7-be10b1245d92 ] Request (ServerDiskConfigTestJSON:test_rebuild_server_with_manual_disk_config): 202 POST http://10.180.1.21/compute/v2.1/servers 0.574s
2025-03-11 18:03:44.348 69108 INFO tempest.lib.common.rest_client [req-f031b951-7115-460e-a425-0d88ba413d0d req-f031b951-7115-460e-a425-0d88ba413d0d ] Request (ListServerFiltersTestJSON:setUpClass): 200 GET http://10.180.1.21/identity/v3/roles 0.039s
2025-03-11 18:03:44.350 69083 INFO tempest.lib.common.rest_client [req-de9d1788-d115-4271-86e4-d1a03e79c3cf req-de9d1788-d115-4271-86e4-d1a03e79c3cf ] Request (ServersTestBootFromVolume:setUpClass): 200 GET http://10.180.1.21/volume/v3/volumes/beeb23ff-0343-40a9-a951-f23d07158ed4 0.037s
2025-03-11 18:03:44.391 69108 INFO tempest.lib.common.rest_client [req-f6d870ed-bc1a-47c6-9839-28712f892894 req-f6d870ed-bc1a-47c6-9839-28712f892894 ] Request (ListServerFiltersTestJSON:setUpClass): 204 PUT http://10.180.1.21/identity/v3/projects/f89d3572b78e40a794a01fd5882cf49f/users/fcaceb7d387048cf8405c838378ed9ec/roles/9bdd812db155470785f25adc0813e03c 0.042s
2025-03-11 18:03:44.391 69108 INFO tempest.lib.common.dynamic_creds [-] Dynamic test user fcaceb7d387048cf8405c838378ed9ec is created with scope project and roles: ['member']
2025-03-11 18:03:44.391 69108 INFO tempest.lib.common.dynamic_creds [-] Acquired dynamic creds: credentials: Credentials: {'domain_id': 'default', 'domain_name': 'Default', 'username': 'tempest-ListServerFiltersTestJSON-1002109886-project-member', 'project_domain_id': 'default', 'project_domain_name': 'Default', 'project_id': 'f89d3572b78e40a794a01fd5882cf49f', 'project_name': 'tempest-ListServerFiltersTestJSON-1002109886', 'tenant_id': 'f89d3572b78e40a794a01fd5882cf49f', 'tenant_name': 'tempest-ListServerFiltersTestJSON-1002109886', 'user_domain_id': 'default', 'user_domain_name': 'Default', 'user_id': 'fcaceb7d387048cf8405c838378ed9ec', 'system': None}, Network: None, Subnet: None, Router: None
2025-03-11 18:03:44.464 69108 INFO tempest.lib.common.rest_client [req-61f69c6f-7940-4237-8502-f45345224893 req-61f69c6f-7940-4237-8502-f45345224893 ] Request (ListServerFiltersTestJSON:setUpClass): 201 POST http://10.180.1.21/identity/v3/auth/tokens 0.072s
2025-03-11 18:03:44.492 69109 INFO tempest.lib.common.rest_client [req-e542f6e6-5b67-4d27-b283-8235f610c1dd req-e542f6e6-5b67-4d27-b283-8235f610c1dd ] Request (ListServersNegativeTestJSON:setUpClass): 200 GET http://10.180.1.21/compute/v2.1/servers/216af9b7-6a1a-448a-9a88-b4c91a3baca3 0.355s
2025-03-11 18:03:44.508 69103 INFO tempest.lib.common.rest_client [req-672953ab-2c86-49d3-8d24-31884dcf8f65 req-672953ab-2c86-49d3-8d24-31884dcf8f65 ] Request (MigrationsAdminTest:test_list_migrations_in_flavor_resize_situation): 200 GET http://10.180.1.21/compute/v2.1/servers/cc14218c-df91-4472-8a7e-977fe780953f 0.194s
2025-03-11 18:03:44.550 69087 INFO tempest.lib.common.rest_client [req-b71f158e-2376-4377-b70c-64a337d86c5b req-b71f158e-2376-4377-b70c-64a337d86c5b ] Request (ServerDiskConfigTestJSON:test_rebuild_server_with_manual_disk_config): 200 GET http://10.180.1.21/compute/v2.1/servers/336ba1ba-4ced-47ba-a648-ed069b1f19c4 0.220s
2025-03-11 18:03:44.591 69127 INFO tempest.lib.common.rest_client [req-7f4bec8d-5af4-4264-9f4f-b403091a1bf6 req-7f4bec8d-5af4-4264-9f4f-b403091a1bf6 ] Request (FloatingIPsAssociationTestJSON:tearDownClass): 200 GET http://10.180.1.21/compute/v2.1/servers/280d6ae5-a2a6-4cd4-b4be-d33dc0bb8b88 0.239s
2025-03-11 18:03:44.606 69095 INFO tempest.lib.common.rest_client [req-5402e887-c877-4797-aef0-675f6d93cb6f req-5402e887-c877-4797-aef0-675f6d93cb6f ] Request (ServerAddressesTestJSON:setUpClass): 200 GET http://10.180.1.21/compute/v2.1/servers/5a1aaf73-a8ad-4f64-b1bc-f89617d845bd 0.235s
2025-03-11 18:03:44.666 69101 INFO tempest.lib.common.rest_client [req-0780a632-79ef-403a-8721-660e2af8e687 req-0780a632-79ef-403a-8721-660e2af8e687 ] Request (ImagesOneServerNegativeTestJSON:_run_cleanups): 200 GET http://10.180.1.21/compute/v2.1/servers/38233369-93d0-4108-b8cd-696f89c848df 0.252s
2025-03-11 18:03:44.684 69091 INFO tempest.lib.common.rest_client [req-fc1f3021-03d4-46f9-b4c1-33c05a44003d req-fc1f3021-03d4-46f9-b4c1-33c05a44003d ] Request (ServersAdmin275Test:test_rebuild_update_server_275): 200 GET http://10.180.1.21/compute/v2.1/servers/c1e447a6-1c52-4c6e-9eff-e8a5b4a6cd09 0.201s
2025-03-11 18:03:44.719 69099 INFO tempest.lib.common.rest_client [req-aef638e4-9d2c-44a4-a0fc-4ec30cf379ce req-aef638e4-9d2c-44a4-a0fc-4ec30cf379ce ] Request (MultipleCreateTestJSON:test_multiple_create): 200 GET http://10.180.1.21/compute/v2.1/servers/7781091e-4123-42e2-be01-d5073b3bd3ff 0.184s
2025-03-11 18:03:44.771 69123 INFO tempest.lib.common.rest_client [req-24849a71-10b6-4ba2-a3ef-6277e97e387a req-24849a71-10b6-4ba2-a3ef-6277e97e387a ] Request (DeleteServersAdminTestJSON:test_delete_server_while_in_error_state): 200 GET http://10.180.1.21/compute/v2.1/servers/57b54e92-19b8-4ee5-8293-ee2709c53bed 0.173s
2025-03-11 18:03:44.837 69111 INFO tempest.lib.common.rest_client [req-895adf69-6914-496e-96d7-02856da63139 req-895adf69-6914-496e-96d7-02856da63139 ] Request (AttachVolumeTestJSON:test_attach_detach_volume): 200 GET http://10.180.1.21/compute/v2.1/servers/ffe43372-5a16-41de-8c78-0d8ee672d22e 0.090s
2025-03-11 18:03:44.943 69139 INFO tempest.lib.common.rest_client [req-e061f04a-096f-4945-8313-40bad6e557c1 req-e061f04a-096f-4945-8313-40bad6e557c1 ] Request (InstanceActionsNegativeTestJSON:setUpClass): 200 GET http://10.180.1.21/compute/v2.1/servers/c2bec919-14b0-4744-8bd8-87eab0305b09 0.129s
2025-03-11 18:03:44.984 69077 INFO tempest.lib.common.rest_client [req-769f268f-e7dc-4716-894c-c79702d31f21 req-769f268f-e7dc-4716-894c-c79702d31f21 ] Request (ServersAdminNegativeTestJSON:test_migrate_server_invalid_state): 200 GET http://10.180.1.21/compute/v2.1/servers/5a468b1a-8fb7-4d42-8ab5-e2689f7226b5 0.100s
2025-03-11 18:03:45.018 69089 INFO tempest.lib.common.rest_client [req-e6fba0a5-efb7-49ee-b85e-bbb62e657033 req-e6fba0a5-efb7-49ee-b85e-bbb62e657033 ] Request (ServerExternalEventsTest:test_create_server_external_events): 200 GET http://10.180.1.21/compute/v2.1/servers/7a8eaf04-ee0f-4a8f-8beb-7d6fe2a0007f 0.097s
2025-03-11 18:03:45.074 69079 INFO tempest.lib.common.rest_client [req-6b3c5c0f-6e3a-452d-83b9-50a0e915ffde req-6b3c5c0f-6e3a-452d-83b9-50a0e915ffde ] Request (ServersAdminTestJSON:test_inject_network_info): 200 GET http://10.180.1.21/compute/v2.1/servers/bfbb71a1-10fc-48ac-b4c1-17699d6557f0 0.120s
2025-03-11 18:03:45.075 69108 INFO tempest.lib.common.rest_client [req-dc82defc-a15d-4728-a16b-8d9a865aa15a req-dc82defc-a15d-4728-a16b-8d9a865aa15a ] Request (ListServerFiltersTestJSON:setUpClass): 201 POST http://10.180.1.21:9696/networking/v2.0/networks 0.611s
2025-03-11 18:03:45.088 69129 INFO tempest.lib.common.rest_client [req-d70eb10b-9c77-4e55-b592-987873bf6901 req-d70eb10b-9c77-4e55-b592-987873bf6901 ] Request (SecurityGroupRulesNegativeTestJSON:tearDownClass): 204 DELETE http://10.180.1.21:9696/networking/v2.0/routers/cd409150-edec-4450-adc4-a08b973d8100 0.870s
2025-03-11 18:03:45.132 69131 INFO tempest.lib.common.rest_client [req-ccc846eb-85bf-49f4-8a08-71bdc3b05a2d req-ccc846eb-85bf-49f4-8a08-71bdc3b05a2d ] Request (FloatingIPsAssociationNegativeTestJSON:tearDownClass): 200 GET http://10.180.1.21/compute/v2.1/servers/a04bf446-b6ae-49d3-bf79-bc1ed287b7f2 0.135s
2025-03-11 18:03:45.149 69097 INFO tempest.lib.common.rest_client [req-c0832326-9a67-4c74-868a-ce9a33c784aa req-c0832326-9a67-4c74-868a-ce9a33c784aa ] Request (DeleteServersTestJSON:test_delete_server_while_in_attached_volume): 200 GET http://10.180.1.21/compute/v2.1/servers/7069c4bf-fd95-479b-b985-5da0456946d9 0.133s
2025-03-11 18:03:45.206 69081 INFO tempest.lib.common.rest_client [req-349deec8-bfa9-4b13-8d27-1983b3d883a9 req-349deec8-bfa9-4b13-8d27-1983b3d883a9 ] Request (ServersAaction247Test:test_create_backup): 200 GET http://10.180.1.21/compute/v2.1/servers/740d21eb-898d-4585-9fe9-07caf8df35bc 0.141s
2025-03-11 18:03:45.242 69129 INFO tempest.lib.common.rest_client [req-3de3e6b0-39d7-4d12-acb7-746baf2a72c7 req-3de3e6b0-39d7-4d12-acb7-746baf2a72c7 ] Request (SecurityGroupRulesNegativeTestJSON:tearDownClass): 204 DELETE http://10.180.1.21:9696/networking/v2.0/subnets/1b52a2f3-e572-409b-b116-f8c879a21132 0.153s
2025-03-11 18:03:45.276 69114 INFO tempest.lib.common.rest_client [req-1d0b534b-c328-406e-83ea-d4d2bbf51a4f req-1d0b534b-c328-406e-83ea-d4d2bbf51a4f ] Request (ImagesTestJSON:test_create_image_from_stopped_server): 200 GET http://10.180.1.21/compute/v2.1/servers/afbd3270-738b-451c-b010-6b7717672d8f 0.083s
2025-03-11 18:03:45.347 69135 INFO tempest.lib.common.rest_client [req-74940375-0da4-4ccf-af5b-7fe1aeee16b6 req-74940375-0da4-4ccf-af5b-7fe1aeee16b6 ] Request (SecurityGroupsTestJSON:test_list_security_groups_by_server): 200 GET http://10.180.1.21/compute/v2.1/servers/b3c9f237-da05-42f0-acf1-399c2281d4f4 0.098s
2025-03-11 18:03:45.358 69115 INFO tempest.lib.common.rest_client [req-6fd6085d-d89a-4ea9-a5df-bc4bd0ac4eee req-6fd6085d-d89a-4ea9-a5df-bc4bd0ac4eee ] Request (ServersTestManualDisk:setUpClass): 200 GET http://10.180.1.21/compute/v2.1/servers/8d575b0d-93e2-4a75-bd7f-1bf09f5e7e5c 0.220s
2025-03-11 18:03:45.358 69125 WARNING tempest.lib.common.ssh [-] Failed to establish authenticated ssh connection to cirros@10.180.180.157 ([Errno None] Unable to connect to port 22 on 10.180.180.157). Number attempts: 2. Retry after 3 seconds.: paramiko.ssh_exception.NoValidConnectionsError: [Errno None] Unable to connect to port 22 on 10.180.180.157
2025-03-11 18:03:45.370 69115 INFO tempest.common.waiters [-] State transition "BUILD/networking" ==> "BUILD/spawning" after 35 second wait
2025-03-11 18:03:45.384 69108 INFO tempest.lib.common.rest_client [req-2c416747-9de8-451a-b407-c2eb99bd7484 req-2c416747-9de8-451a-b407-c2eb99bd7484 ] Request (ListServerFiltersTestJSON:setUpClass): 201 POST http://10.180.1.21:9696/networking/v2.0/subnets 0.308s
2025-03-11 18:03:45.384 69108 INFO tempest.lib.common.dynamic_creds [-] Created isolated network resources for: credentials: Credentials: {'domain_id': 'default', 'domain_name': 'Default', 'username': 'tempest-ListServerFiltersTestJSON-1002109886-project-member', 'project_domain_id': 'default', 'project_domain_name': 'Default', 'project_id': 'f89d3572b78e40a794a01fd5882cf49f', 'project_name': 'tempest-ListServerFiltersTestJSON-1002109886', 'tenant_id': 'f89d3572b78e40a794a01fd5882cf49f', 'tenant_name': 'tempest-ListServerFiltersTestJSON-1002109886', 'user_domain_id': 'default', 'user_domain_name': 'Default', 'user_id': 'fcaceb7d387048cf8405c838378ed9ec', 'system': None}, Network: {'id': 'fea58883-ff4d-457d-ad68-9d7d282f0913', 'name': 'tempest-ListServerFiltersTestJSON-1689855945-network', 'tenant_id': 'f89d3572b78e40a794a01fd5882cf49f', 'admin_state_up': True, 'mtu': 8950, 'status': 'ACTIVE', 'subnets': [], 'shared': False, 'project_id': 'f89d3572b78e40a794a01fd5882cf49f', 'port_security_enabled': True, 'router:external': False, 'provider:network_type': 'vlan', 'provider:physical_network': 'default', 'provider:segmentation_id': 760, 'availability_zone_hints': [], 'availability_zones': [], 'ipv4_address_scope': None, 'ipv6_address_scope': None, 'description': '', 'tags': [], 'created_at': '2025-03-11T18:03:44Z', 'updated_at': '2025-03-11T18:03:44Z', 'revision_number': 1}, Subnet: {'id': '78491372-9d5e-4939-8963-e7617e912bdf', 'name': 'tempest-ListServerFiltersTestJSON-1689855945-subnet', 'tenant_id': 'f89d3572b78e40a794a01fd5882cf49f', 'network_id': 'fea58883-ff4d-457d-ad68-9d7d282f0913', 'ip_version': 4, 'subnetpool_id': None, 'enable_dhcp': True, 'ipv6_ra_mode': None, 'ipv6_address_mode': None, 'gateway_ip': '192.168.128.1', 'cidr': '192.168.128.0/28', 'allocation_pools': [{'start': '192.168.128.2', 'end': '192.168.128.14'}], 'host_routes': [], 'dns_nameservers': [], 'description': '', 'router:external': False, 'service_types': [], 'tags': [], 'created_at': '2025-03-11T18:03:45Z', 'updated_at': '2025-03-11T18:03:45Z', 'revision_number': 0, 'project_id': 'f89d3572b78e40a794a01fd5882cf49f'}, Router: None
2025-03-11 18:03:45.389 69083 INFO tempest.lib.common.rest_client [req-e555dec7-aeeb-4bad-b491-b3c4c1920291 req-e555dec7-aeeb-4bad-b491-b3c4c1920291 ] Request (ServersTestBootFromVolume:setUpClass): 200 GET http://10.180.1.21/volume/v3/volumes/beeb23ff-0343-40a9-a951-f23d07158ed4 0.027s
2025-03-11 18:03:45.405 69085 INFO tempest.lib.common.rest_client [req-c0e08dea-df98-40a2-afb3-55123862e852 req-c0e08dea-df98-40a2-afb3-55123862e852 ] Request (ServerShowV247Test:test_update_rebuild_list_server): 200 GET http://10.180.1.21/compute/v2.1/servers/d6cbfe8b-8ea8-42d2-ac4a-1afb786aacb1 0.090s
2025-03-11 18:03:45.476 69108 INFO tempest.lib.common.rest_client [req-d9335003-8dc1-4861-ab6f-5bab4bd7bb11 req-d9335003-8dc1-4861-ab6f-5bab4bd7bb11 ] Request (ListServerFiltersTestJSON:setUpClass): 201 POST http://10.180.1.21/identity/v3/auth/tokens 0.087s
2025-03-11 18:03:45.487 69129 INFO tempest.lib.common.rest_client [req-e4eb154a-7227-4e23-859d-576ee73ade34 req-e4eb154a-7227-4e23-859d-576ee73ade34 ] Request (SecurityGroupRulesNegativeTestJSON:tearDownClass): 204 DELETE http://10.180.1.21:9696/networking/v2.0/networks/e630b9c6-449d-4daf-ba66-a02d77ce0696 0.244s
2025-03-11 18:03:45.506 69108 INFO tempest.lib.common.rest_client [req-bdd4b8a7-ee6b-4e84-a7ab-e729a8ba9083 req-bdd4b8a7-ee6b-4e84-a7ab-e729a8ba9083 ] Request (ListServerFiltersTestJSON:setUpClass): 201 POST http://10.180.1.21/identity/v3/auth/tokens 0.028s
2025-03-11 18:03:45.510 69108 INFO tempest.lib.common.fixed_network [-] (ListServerFiltersTestJSON:setUpClass) Found network {'id': 'fea58883-ff4d-457d-ad68-9d7d282f0913', 'name': 'tempest-ListServerFiltersTestJSON-1689855945-network', 'tenant_id': 'f89d3572b78e40a794a01fd5882cf49f', 'admin_state_up': True, 'mtu': 8950, 'status': 'ACTIVE', 'subnets': [], 'shared': False, 'project_id': 'f89d3572b78e40a794a01fd5882cf49f', 'port_security_enabled': True, 'router:external': False, 'provider:network_type': 'vlan', 'provider:physical_network': 'default', 'provider:segmentation_id': 760, 'availability_zone_hints': [], 'availability_zones': [], 'ipv4_address_scope': None, 'ipv6_address_scope': None, 'description': '', 'tags': [], 'created_at': '2025-03-11T18:03:44Z', 'updated_at': '2025-03-11T18:03:44Z', 'revision_number': 1} available for tenant
2025-03-11 18:03:45.567 69129 INFO tempest.lib.common.rest_client [req-bfa94231-3702-46c9-86fc-6149ff0d4694 req-bfa94231-3702-46c9-86fc-6149ff0d4694 ] Request (SecurityGroupRulesNegativeTestJSON:tearDownClass): 204 DELETE http://10.180.1.21/identity/v3/users/cbe24a779033428da353e1af1894535f 0.080s
2025-03-11 18:03:45.568 69129 INFO tempest.lib.common.dynamic_creds [-] Deleting project and security group for project: 08004ae566bf447db3271415a74df62e
2025-03-11 18:03:45.592 69129 INFO tempest.lib.common.rest_client [req-7c5d3008-c306-4694-9f20-a22881737b29 req-7c5d3008-c306-4694-9f20-a22881737b29 ] Request (SecurityGroupRulesNegativeTestJSON:tearDownClass): 200 GET http://10.180.1.21:9696/networking/v2.0/security-groups?tenant_id=08004ae566bf447db3271415a74df62e&name=default 0.024s
2025-03-11 18:03:45.592 69108 INFO tempest.lib.common.rest_client [req-f56cd3c0-f32c-4e89-89f7-a0003a99d59f req-f56cd3c0-f32c-4e89-89f7-a0003a99d59f ] Request (ListServerFiltersTestJSON:setUpClass): 201 POST http://10.180.1.21/identity/v3/auth/tokens 0.079s
2025-03-11 18:03:45.593 69108 INFO tempest.lib.common.fixed_network [-] (ListServerFiltersTestJSON:setUpClass) Found network {'id': 'fea58883-ff4d-457d-ad68-9d7d282f0913', 'name': 'tempest-ListServerFiltersTestJSON-1689855945-network', 'tenant_id': 'f89d3572b78e40a794a01fd5882cf49f', 'admin_state_up': True, 'mtu': 8950, 'status': 'ACTIVE', 'subnets': [], 'shared': False, 'project_id': 'f89d3572b78e40a794a01fd5882cf49f', 'port_security_enabled': True, 'router:external': False, 'provider:network_type': 'vlan', 'provider:physical_network': 'default', 'provider:segmentation_id': 760, 'availability_zone_hints': [], 'availability_zones': [], 'ipv4_address_scope': None, 'ipv6_address_scope': None, 'description': '', 'tags': [], 'created_at': '2025-03-11T18:03:44Z', 'updated_at': '2025-03-11T18:03:44Z', 'revision_number': 1} available for tenant
2025-03-11 18:03:45.667 69109 INFO tempest.lib.common.rest_client [req-b7ca4456-e2ea-4fd8-ae2d-7acfb7221466 req-b7ca4456-e2ea-4fd8-ae2d-7acfb7221466 ] Request (ListServersNegativeTestJSON:setUpClass): 200 GET http://10.180.1.21/compute/v2.1/servers/216af9b7-6a1a-448a-9a88-b4c91a3baca3 0.163s
2025-03-11 18:03:45.681 69103 INFO tempest.lib.common.rest_client [req-f3cce0e1-ec3d-4d6a-aa56-969d11cae50a req-f3cce0e1-ec3d-4d6a-aa56-969d11cae50a ] Request (MigrationsAdminTest:test_list_migrations_in_flavor_resize_situation): 200 GET http://10.180.1.21/compute/v2.1/servers/cc14218c-df91-4472-8a7e-977fe780953f 0.163s
2025-03-11 18:03:45.715 69129 INFO tempest.lib.common.rest_client [req-87495ab1-72f9-4dae-b713-bb276948609f req-87495ab1-72f9-4dae-b713-bb276948609f ] Request (SecurityGroupRulesNegativeTestJSON:tearDownClass): 204 DELETE http://10.180.1.21:9696/networking/v2.0/security-groups/a78e0c0a-7af9-41ef-9d62-0ef78706e19d 0.122s
2025-03-11 18:03:45.727 69087 INFO tempest.lib.common.rest_client [req-9ffac3f3-9c14-4b14-b363-bae6ca92e1ef req-9ffac3f3-9c14-4b14-b363-bae6ca92e1ef ] Request (ServerDiskConfigTestJSON:test_rebuild_server_with_manual_disk_config): 200 GET http://10.180.1.21/compute/v2.1/servers/336ba1ba-4ced-47ba-a648-ed069b1f19c4 0.166s
2025-03-11 18:03:45.811 69127 INFO tempest.lib.common.rest_client [req-a73d8d88-bc97-4f99-8684-dfa79a8465d0 req-a73d8d88-bc97-4f99-8684-dfa79a8465d0 ] Request (FloatingIPsAssociationTestJSON:tearDownClass): 200 GET http://10.180.1.21/compute/v2.1/servers/280d6ae5-a2a6-4cd4-b4be-d33dc0bb8b88 0.209s
2025-03-11 18:03:45.894 69095 INFO tempest.lib.common.rest_client [req-7979a60e-f40c-42c7-a454-7e3746f8f541 req-7979a60e-f40c-42c7-a454-7e3746f8f541 ] Request (ServerAddressesTestJSON:setUpClass): 200 GET http://10.180.1.21/compute/v2.1/servers/5a1aaf73-a8ad-4f64-b1bc-f89617d845bd 0.276s
2025-03-11 18:03:45.897 69129 INFO tempest.lib.common.rest_client [req-481c6dfc-57ec-4a2a-a85c-e34993c722ff req-481c6dfc-57ec-4a2a-a85c-e34993c722ff ] Request (SecurityGroupRulesNegativeTestJSON:tearDownClass): 204 DELETE http://10.180.1.21/identity/v3/projects/08004ae566bf447db3271415a74df62e 0.181s
2025-03-11 18:03:45.957 69101 INFO tempest.lib.common.rest_client [req-c5a232a4-a1ee-427e-80db-a64fb75f9cf1 req-c5a232a4-a1ee-427e-80db-a64fb75f9cf1 ] Request (ImagesOneServerNegativeTestJSON:_run_cleanups): 200 GET http://10.180.1.21/compute/v2.1/servers/38233369-93d0-4108-b8cd-696f89c848df 0.283s
2025-03-11 18:03:46.025 69091 INFO tempest.lib.common.rest_client [req-db24537f-d3c3-4d18-b7ab-f8f8bed0bee1 req-db24537f-d3c3-4d18-b7ab-f8f8bed0bee1 ] Request (ServersAdmin275Test:test_rebuild_update_server_275): 200 GET http://10.180.1.21/compute/v2.1/servers/c1e447a6-1c52-4c6e-9eff-e8a5b4a6cd09 0.324s
2025-03-11 18:03:46.092 69099 INFO tempest.lib.common.rest_client [req-1e060e73-4732-4d9a-9a74-79322a966181 req-1e060e73-4732-4d9a-9a74-79322a966181 ] Request (MultipleCreateTestJSON:test_multiple_create): 200 GET http://10.180.1.21/compute/v2.1/servers/7781091e-4123-42e2-be01-d5073b3bd3ff 0.365s
2025-03-11 18:03:46.098 69129 INFO tempest.lib.common.rest_client [req-ec135f31-edda-4caf-8b2f-b2140a16aae6 req-ec135f31-edda-4caf-8b2f-b2140a16aae6 ] Request (ServersTestMultiNic:setUpClass): 201 POST http://10.180.1.21/identity/v3/auth/tokens 0.199s
2025-03-11 18:03:46.131 69129 INFO tempest.lib.common.rest_client [req-fa0736e8-1219-4471-b0e0-365f177e6769 req-fa0736e8-1219-4471-b0e0-365f177e6769 ] Request (ServersTestMultiNic:setUpClass): 201 POST http://10.180.1.21/identity/v3/auth/tokens 0.031s
2025-03-11 18:03:46.132 69108 INFO tempest.lib.common.rest_client [req-bc2d8ce5-ded8-455a-b7d1-c73fe192a1f0 req-bc2d8ce5-ded8-455a-b7d1-c73fe192a1f0 ] Request (ListServerFiltersTestJSON:setUpClass): 202 POST http://10.180.1.21/compute/v2.1/servers 0.538s
2025-03-11 18:03:46.160 69123 INFO tempest.lib.common.rest_client [req-f993d992-1540-4811-beeb-4b9cd2520622 req-f993d992-1540-4811-beeb-4b9cd2520622 ] Request (DeleteServersAdminTestJSON:test_delete_server_while_in_error_state): 200 GET http://10.180.1.21/compute/v2.1/servers/57b54e92-19b8-4ee5-8293-ee2709c53bed 0.370s
2025-03-11 18:03:46.165 69129 INFO tempest.lib.common.rest_client [req-89d78095-678a-4a7b-8bcf-7fecd056cfd2 req-89d78095-678a-4a7b-8bcf-7fecd056cfd2 ] Request (ServersTestMultiNic:setUpClass): 200 GET http://10.180.1.21/identity/v3/domains?name=Default 0.033s
2025-03-11 18:03:46.195 69111 INFO tempest.lib.common.rest_client [req-9ecb90a3-c387-445f-b7f4-01c7f2bcc158 req-9ecb90a3-c387-445f-b7f4-01c7f2bcc158 ] Request (AttachVolumeTestJSON:test_attach_detach_volume): 200 GET http://10.180.1.21/compute/v2.1/servers/ffe43372-5a16-41de-8c78-0d8ee672d22e 0.346s
2025-03-11 18:03:46.198 69129 INFO tempest.lib.common.rest_client [req-cb3c6eca-fc87-4ea5-8ce1-e4332ea42ee2 req-cb3c6eca-fc87-4ea5-8ce1-e4332ea42ee2 ] Request (ServersTestMultiNic:setUpClass): 201 POST http://10.180.1.21/identity/v3/projects 0.033s
2025-03-11 18:03:46.206 69108 INFO tempest.lib.common.rest_client [req-61cb5fe3-2dc5-4ea6-bf07-a5b7f998a951 req-61cb5fe3-2dc5-4ea6-bf07-a5b7f998a951 ] Request (ListServerFiltersTestJSON:setUpClass): 201 POST http://10.180.1.21/identity/v3/auth/tokens 0.070s
2025-03-11 18:03:46.206 69108 INFO tempest.lib.common.fixed_network [-] (ListServerFiltersTestJSON:setUpClass) Found network {'id': 'fea58883-ff4d-457d-ad68-9d7d282f0913', 'name': 'tempest-ListServerFiltersTestJSON-1689855945-network', 'tenant_id': 'f89d3572b78e40a794a01fd5882cf49f', 'admin_state_up': True, 'mtu': 8950, 'status': 'ACTIVE', 'subnets': [], 'shared': False, 'project_id': 'f89d3572b78e40a794a01fd5882cf49f', 'port_security_enabled': True, 'router:external': False, 'provider:network_type': 'vlan', 'provider:physical_network': 'default', 'provider:segmentation_id': 760, 'availability_zone_hints': [], 'availability_zones': [], 'ipv4_address_scope': None, 'ipv6_address_scope': None, 'description': '', 'tags': [], 'created_at': '2025-03-11T18:03:44Z', 'updated_at': '2025-03-11T18:03:44Z', 'revision_number': 1} available for tenant
2025-03-11 18:03:46.230 69139 INFO tempest.lib.common.rest_client [req-2d6127ac-f633-4e1d-9dd5-b464ac993e38 req-2d6127ac-f633-4e1d-9dd5-b464ac993e38 ] Request (InstanceActionsNegativeTestJSON:setUpClass): 200 GET http://10.180.1.21/compute/v2.1/servers/c2bec919-14b0-4744-8bd8-87eab0305b09 0.277s
2025-03-11 18:03:46.243 69139 INFO tempest.common.waiters [-] State transition "BUILD/None" ==> "BUILD/networking" after 34 second wait
2025-03-11 18:03:46.256 69077 INFO tempest.lib.common.rest_client [req-72e57dde-ca4d-49b3-9057-2c1f1a456851 req-72e57dde-ca4d-49b3-9057-2c1f1a456851 ] Request (ServersAdminNegativeTestJSON:test_migrate_server_invalid_state): 200 GET http://10.180.1.21/compute/v2.1/servers/5a468b1a-8fb7-4d42-8ab5-e2689f7226b5 0.260s
2025-03-11 18:03:46.271 69129 INFO tempest.lib.common.rest_client [req-86997663-ba01-4423-8bf2-f7cf1dfa2a04 req-86997663-ba01-4423-8bf2-f7cf1dfa2a04 ] Request (ServersTestMultiNic:setUpClass): 201 POST http://10.180.1.21/identity/v3/users 0.072s
2025-03-11 18:03:46.271 69077 INFO tempest.common.waiters [-] State transition "BUILD/scheduling" ==> "BUILD/None" after 18 second wait
2025-03-11 18:03:46.301 69089 INFO tempest.lib.common.rest_client [req-d7716b5b-036d-4d19-8aba-221457dcb457 req-d7716b5b-036d-4d19-8aba-221457dcb457 ] Request (ServerExternalEventsTest:test_create_server_external_events): 200 GET http://10.180.1.21/compute/v2.1/servers/7a8eaf04-ee0f-4a8f-8beb-7d6fe2a0007f 0.266s
2025-03-11 18:03:46.303 69129 INFO tempest.lib.common.rest_client [req-ca9dc1e5-f18c-402b-a33b-b5b5b4f4dc6b req-ca9dc1e5-f18c-402b-a33b-b5b5b4f4dc6b ] Request (ServersTestMultiNic:setUpClass): 200 GET http://10.180.1.21/identity/v3/roles 0.032s
2025-03-11 18:03:46.329 69079 INFO tempest.lib.common.rest_client [req-2a7a8696-351c-4ab8-a657-bd4c1c9dc500 req-2a7a8696-351c-4ab8-a657-bd4c1c9dc500 ] Request (ServersAdminTestJSON:test_inject_network_info): 200 GET http://10.180.1.21/compute/v2.1/servers/bfbb71a1-10fc-48ac-b4c1-17699d6557f0 0.246s
2025-03-11 18:03:46.338 69129 INFO tempest.lib.common.rest_client [req-b0939cc4-19d4-4c34-a7e5-e8c371fc7837 req-b0939cc4-19d4-4c34-a7e5-e8c371fc7837 ] Request (ServersTestMultiNic:setUpClass): 204 PUT http://10.180.1.21/identity/v3/projects/0e3a36b913a74083b991a0f62b014982/users/601f89fe60ea4e5bb61348877ffb5c6e/roles/9bdd812db155470785f25adc0813e03c 0.034s
2025-03-11 18:03:46.339 69129 INFO tempest.lib.common.dynamic_creds [-] Dynamic test user 601f89fe60ea4e5bb61348877ffb5c6e is created with scope project and roles: ['member']
2025-03-11 18:03:46.339 69129 INFO tempest.lib.common.dynamic_creds [-] Acquired dynamic creds: credentials: Credentials: {'domain_id': 'default', 'domain_name': 'Default', 'username': 'tempest-ServersTestMultiNic-346387731-project-member', 'project_domain_id': 'default', 'project_domain_name': 'Default', 'project_id': '0e3a36b913a74083b991a0f62b014982', 'project_name': 'tempest-ServersTestMultiNic-346387731', 'tenant_id': '0e3a36b913a74083b991a0f62b014982', 'tenant_name': 'tempest-ServersTestMultiNic-346387731', 'user_domain_id': 'default', 'user_domain_name': 'Default', 'user_id': '601f89fe60ea4e5bb61348877ffb5c6e', 'system': None}, Network: None, Subnet: None, Router: None
2025-03-11 18:03:46.386 69131 INFO tempest.lib.common.rest_client [req-35aeb79b-c562-4f02-b2bd-8ed61c97435f req-35aeb79b-c562-4f02-b2bd-8ed61c97435f ] Request (FloatingIPsAssociationNegativeTestJSON:tearDownClass): 200 GET http://10.180.1.21/compute/v2.1/servers/a04bf446-b6ae-49d3-bf79-bc1ed287b7f2 0.245s
2025-03-11 18:03:46.394 69097 INFO tempest.lib.common.rest_client [req-36a2c089-c3de-49eb-bfb2-e8bfd86be473 req-36a2c089-c3de-49eb-bfb2-e8bfd86be473 ] Request (DeleteServersTestJSON:test_delete_server_while_in_attached_volume): 200 GET http://10.180.1.21/compute/v2.1/servers/7069c4bf-fd95-479b-b985-5da0456946d9 0.228s
2025-03-11 18:03:46.438 69129 INFO tempest.lib.common.rest_client [req-ef086d84-125f-4bb8-b2bc-527a6539301a req-ef086d84-125f-4bb8-b2bc-527a6539301a ] Request (ServersTestMultiNic:setUpClass): 201 POST http://10.180.1.21/identity/v3/auth/tokens 0.099s
2025-03-11 18:03:46.441 69083 INFO tempest.lib.common.rest_client [req-71ec8b40-3e14-4fbf-9b6c-e2218e1e3447 req-71ec8b40-3e14-4fbf-9b6c-e2218e1e3447 ] Request (ServersTestBootFromVolume:setUpClass): 200 GET http://10.180.1.21/volume/v3/volumes/beeb23ff-0343-40a9-a951-f23d07158ed4 0.043s
2025-03-11 18:03:46.466 69081 INFO tempest.lib.common.rest_client [req-7a640d89-b9da-44f2-856e-0750fdb6b675 req-7a640d89-b9da-44f2-856e-0750fdb6b675 ] Request (ServersAaction247Test:test_create_backup): 200 GET http://10.180.1.21/compute/v2.1/servers/740d21eb-898d-4585-9fe9-07caf8df35bc 0.248s
2025-03-11 18:03:46.543 69114 INFO tempest.lib.common.rest_client [req-7a96f90e-cdc3-4f52-a73e-c8cebf247790 req-7a96f90e-cdc3-4f52-a73e-c8cebf247790 ] Request (ImagesTestJSON:test_create_image_from_stopped_server): 200 GET http://10.180.1.21/compute/v2.1/servers/afbd3270-738b-451c-b010-6b7717672d8f 0.253s
2025-03-11 18:03:46.601 69135 INFO tempest.lib.common.rest_client [req-ab0c7764-26e8-4cb5-a7b6-944773da08a6 req-ab0c7764-26e8-4cb5-a7b6-944773da08a6 ] Request (SecurityGroupsTestJSON:test_list_security_groups_by_server): 200 GET http://10.180.1.21/compute/v2.1/servers/b3c9f237-da05-42f0-acf1-399c2281d4f4 0.246s
2025-03-11 18:03:46.709 69115 INFO tempest.lib.common.rest_client [req-15ea6653-8c8f-480c-9e5a-793271c0cf9e req-15ea6653-8c8f-480c-9e5a-793271c0cf9e ] Request (ServersTestManualDisk:setUpClass): 200 GET http://10.180.1.21/compute/v2.1/servers/8d575b0d-93e2-4a75-bd7f-1bf09f5e7e5c 0.339s
2025-03-11 18:03:46.768 69108 INFO tempest.lib.common.rest_client [req-b94cd7a9-e55c-403e-ae0b-61178fb97fe6 req-b94cd7a9-e55c-403e-ae0b-61178fb97fe6 ] Request (ListServerFiltersTestJSON:setUpClass): 202 POST http://10.180.1.21/compute/v2.1/servers 0.561s
2025-03-11 18:03:46.778 69085 INFO tempest.lib.common.rest_client [req-92900378-971d-41f6-bad9-505f5461ff64 req-92900378-971d-41f6-bad9-505f5461ff64 ] Request (ServerShowV247Test:test_update_rebuild_list_server): 200 GET http://10.180.1.21/compute/v2.1/servers/d6cbfe8b-8ea8-42d2-ac4a-1afb786aacb1 0.364s
2025-03-11 18:03:46.866 69129 INFO tempest.lib.common.rest_client [req-acbd6ece-5e3d-4692-8e1a-c5fa98c6fdd7 req-acbd6ece-5e3d-4692-8e1a-c5fa98c6fdd7 ] Request (ServersTestMultiNic:setUpClass): 201 POST http://10.180.1.21:9696/networking/v2.0/networks 0.427s
2025-03-11 18:03:46.892 69108 INFO tempest.lib.common.rest_client [req-f472b927-4683-49ab-88fe-c336c9abb703 req-f472b927-4683-49ab-88fe-c336c9abb703 ] Request (ListServerFiltersTestJSON:setUpClass): 201 POST http://10.180.1.21/identity/v3/auth/tokens 0.117s
2025-03-11 18:03:46.892 69108 INFO tempest.lib.common.fixed_network [-] (ListServerFiltersTestJSON:setUpClass) Found network {'id': 'fea58883-ff4d-457d-ad68-9d7d282f0913', 'name': 'tempest-ListServerFiltersTestJSON-1689855945-network', 'tenant_id': 'f89d3572b78e40a794a01fd5882cf49f', 'admin_state_up': True, 'mtu': 8950, 'status': 'ACTIVE', 'subnets': [], 'shared': False, 'project_id': 'f89d3572b78e40a794a01fd5882cf49f', 'port_security_enabled': True, 'router:external': False, 'provider:network_type': 'vlan', 'provider:physical_network': 'default', 'provider:segmentation_id': 760, 'availability_zone_hints': [], 'availability_zones': [], 'ipv4_address_scope': None, 'ipv6_address_scope': None, 'description': '', 'tags': [], 'created_at': '2025-03-11T18:03:44Z', 'updated_at': '2025-03-11T18:03:44Z', 'revision_number': 1} available for tenant
2025-03-11 18:03:46.927 69109 INFO tempest.lib.common.rest_client [req-c6036830-a84e-4e4f-9b19-58c5c57df72c req-c6036830-a84e-4e4f-9b19-58c5c57df72c ] Request (ListServersNegativeTestJSON:setUpClass): 200 GET http://10.180.1.21/compute/v2.1/servers/216af9b7-6a1a-448a-9a88-b4c91a3baca3 0.246s
2025-03-11 18:03:46.973 69103 INFO tempest.lib.common.rest_client [req-d60bd2b3-3e15-4a3d-bf14-c0c0378f748e req-d60bd2b3-3e15-4a3d-bf14-c0c0378f748e ] Request (MigrationsAdminTest:test_list_migrations_in_flavor_resize_situation): 200 GET http://10.180.1.21/compute/v2.1/servers/cc14218c-df91-4472-8a7e-977fe780953f 0.282s
2025-03-11 18:03:46.996 69087 INFO tempest.lib.common.rest_client [req-a506e150-8466-4534-8fb4-5468cfdd7886 req-a506e150-8466-4534-8fb4-5468cfdd7886 ] Request (ServerDiskConfigTestJSON:test_rebuild_server_with_manual_disk_config): 200 GET http://10.180.1.21/compute/v2.1/servers/336ba1ba-4ced-47ba-a648-ed069b1f19c4 0.260s
2025-03-11 18:03:47.022 69093 WARNING tempest.lib.common.ssh [-] Failed to establish authenticated ssh connection to cirros@10.180.180.200 ([Errno None] Unable to connect to port 22 on 10.180.180.200). Number attempts: 5. Retry after 6 seconds.: paramiko.ssh_exception.NoValidConnectionsError: [Errno None] Unable to connect to port 22 on 10.180.180.200
2025-03-11 18:03:47.089 69127 INFO tempest.lib.common.rest_client [req-4bedb7d3-3ef7-4bfc-8bb3-e131677224e5 req-4bedb7d3-3ef7-4bfc-8bb3-e131677224e5 ] Request (FloatingIPsAssociationTestJSON:tearDownClass): 200 GET http://10.180.1.21/compute/v2.1/servers/280d6ae5-a2a6-4cd4-b4be-d33dc0bb8b88 0.267s
2025-03-11 18:03:47.130 69129 INFO tempest.lib.common.rest_client [req-3528ca73-a8d6-45f0-87ce-33238a2de257 req-3528ca73-a8d6-45f0-87ce-33238a2de257 ] Request (ServersTestMultiNic:setUpClass): 201 POST http://10.180.1.21:9696/networking/v2.0/subnets 0.263s
2025-03-11 18:03:47.155 69095 INFO tempest.lib.common.rest_client [req-f519e3e6-23cd-4d14-b7fa-7a922f4934df req-f519e3e6-23cd-4d14-b7fa-7a922f4934df ] Request (ServerAddressesTestJSON:setUpClass): 200 GET http://10.180.1.21/compute/v2.1/servers/5a1aaf73-a8ad-4f64-b1bc-f89617d845bd 0.250s
2025-03-11 18:03:47.229 69101 INFO tempest.lib.common.rest_client [req-0077e4ac-34d7-4118-b7d3-489f34e3128a req-0077e4ac-34d7-4118-b7d3-489f34e3128a ] Request (ImagesOneServerNegativeTestJSON:_run_cleanups): 200 GET http://10.180.1.21/compute/v2.1/servers/38233369-93d0-4108-b8cd-696f89c848df 0.264s
2025-03-11 18:03:47.290 69091 INFO tempest.lib.common.rest_client [req-313f4560-51c2-41bf-80ed-33df07e8b1f9 req-313f4560-51c2-41bf-80ed-33df07e8b1f9 ] Request (ServersAdmin275Test:test_rebuild_update_server_275): 200 GET http://10.180.1.21/compute/v2.1/servers/c1e447a6-1c52-4c6e-9eff-e8a5b4a6cd09 0.250s
2025-03-11 18:03:47.320 69108 INFO tempest.lib.common.rest_client [req-5671ae1f-5f89-4769-806c-fe199a1ad2c7 req-5671ae1f-5f89-4769-806c-fe199a1ad2c7 ] Request (ListServerFiltersTestJSON:setUpClass): 202 POST http://10.180.1.21/compute/v2.1/servers 0.426s
2025-03-11 18:03:47.344 69099 INFO tempest.lib.common.rest_client [req-64fa1401-a467-42c1-a00d-d1a54f6bc15e req-64fa1401-a467-42c1-a00d-d1a54f6bc15e ] Request (MultipleCreateTestJSON:test_multiple_create): 200 GET http://10.180.1.21/compute/v2.1/servers/7781091e-4123-42e2-be01-d5073b3bd3ff 0.242s
2025-03-11 18:03:47.391 69123 INFO tempest.lib.common.rest_client [req-c2418221-3faf-4d28-855e-0f3015b55b4b req-c2418221-3faf-4d28-855e-0f3015b55b4b ] Request (DeleteServersAdminTestJSON:test_delete_server_while_in_error_state): 200 GET http://10.180.1.21/compute/v2.1/servers/57b54e92-19b8-4ee5-8293-ee2709c53bed 0.217s
2025-03-11 18:03:47.407 69111 INFO tempest.lib.common.rest_client [req-b4d54662-2848-416c-8ddd-9d8a55500cc7 req-b4d54662-2848-416c-8ddd-9d8a55500cc7 ] Request (AttachVolumeTestJSON:test_attach_detach_volume): 200 GET http://10.180.1.21/compute/v2.1/servers/ffe43372-5a16-41de-8c78-0d8ee672d22e 0.203s
2025-03-11 18:03:47.474 69077 INFO tempest.lib.common.rest_client [req-fa4516a7-a6af-4b22-baeb-d70bf09d8879 req-fa4516a7-a6af-4b22-baeb-d70bf09d8879 ] Request (ServersAdminNegativeTestJSON:test_migrate_server_invalid_state): 200 GET http://10.180.1.21/compute/v2.1/servers/5a468b1a-8fb7-4d42-8ab5-e2689f7226b5 0.201s
2025-03-11 18:03:47.481 69083 INFO tempest.lib.common.rest_client [req-328fabb7-6026-40aa-9fef-ee7b41eccea0 req-328fabb7-6026-40aa-9fef-ee7b41eccea0 ] Request (ServersTestBootFromVolume:setUpClass): 200 GET http://10.180.1.21/volume/v3/volumes/beeb23ff-0343-40a9-a951-f23d07158ed4 0.031s
2025-03-11 18:03:47.558 69089 INFO tempest.lib.common.rest_client [req-a055274e-db13-4f2e-a5f1-085d4c006856 req-a055274e-db13-4f2e-a5f1-085d4c006856 ] Request (ServerExternalEventsTest:test_create_server_external_events): 200 GET http://10.180.1.21/compute/v2.1/servers/7a8eaf04-ee0f-4a8f-8beb-7d6fe2a0007f 0.248s
2025-03-11 18:03:47.607 69139 INFO tempest.lib.common.rest_client [req-db732fc5-b18e-4c71-9b2a-f44929ca3adf req-db732fc5-b18e-4c71-9b2a-f44929ca3adf ] Request (InstanceActionsNegativeTestJSON:setUpClass): 200 GET http://10.180.1.21/compute/v2.1/servers/c2bec919-14b0-4744-8bd8-87eab0305b09 0.363s
2025-03-11 18:03:47.611 69108 INFO tempest.lib.common.rest_client [req-56ad2067-6e71-44e6-b908-132217ebb333 req-56ad2067-6e71-44e6-b908-132217ebb333 ] Request (ListServerFiltersTestJSON:setUpClass): 200 GET http://10.180.1.21/compute/v2.1/servers/28b6c309-f30b-4600-b42f-c7a14c6fd9e8 0.290s
2025-03-11 18:03:47.614 69139 INFO tempest.common.waiters [-] State transition "BUILD/networking" ==> "BUILD/block_device_mapping" after 35 second wait
