2025-02-21 13:15:17.320 63149 INFO tempest.lib.common.rest_client [req-7d44c3bd-e201-4e43-ab35-eb54c1e72e81 req-7d44c3bd-e201-4e43-ab35-eb54c1e72e81 ] Request (ImagesDeleteNegativeTestJSON:setUpClass): 201 POST http://10.180.1.21/identity/v3/projects 0.029s
2025-02-21 13:15:17.332 63127 INFO tempest.lib.common.rest_client [req-9eeff51b-cc24-4ed0-8007-eafeddb96d4a req-9eeff51b-cc24-4ed0-8007-eafeddb96d4a ] Request (ListImageFiltersTestJSON:setUpClass): 200 GET http://10.180.1.21/identity/v3/domains?name=Default 0.022s
2025-02-21 13:15:17.350 63137 INFO tempest.lib.common.rest_client [req-f83ce641-e4cb-4132-a592-815f043a1a9d req-f83ce641-e4cb-4132-a592-815f043a1a9d ] Request (VolumesAssistedSnapshotsTest:setUpClass): 200 PUT http://10.180.1.21:9696/networking/v2.0/routers/b1d7dfb5-d0e4-468b-9399-16f3c1e8b01c/add_router_interface 2.248s
2025-02-21 13:15:17.350 63137 INFO tempest.lib.common.dynamic_creds [-] Created isolated network resources for: credentials: Credentials: {'domain_id': 'default', 'domain_name': 'Default', 'username': 'tempest-VolumesAssistedSnapshotsTest-2122826992-project', 'project_domain_id': 'default', 'project_domain_name': 'Default', 'project_id': '267734280dd0459e98d5e84bb9b428be', 'project_name': 'tempest-VolumesAssistedSnapshotsTest-2122826992', 'tenant_id': '267734280dd0459e98d5e84bb9b428be', 'tenant_name': 'tempest-VolumesAssistedSnapshotsTest-2122826992', 'user_domain_id': 'default', 'user_domain_name': 'Default', 'user_id': '676fdbe7bd194dcbb0967579912e46dd', 'system': None}, Network: {'id': 'a7e2c258-d51a-4621-867e-b302f2cbfee5', 'name': 'tempest-VolumesAssistedSnapshotsTest-304127908-network', 'tenant_id': '267734280dd0459e98d5e84bb9b428be', 'admin_state_up': True, 'mtu': 8950, 'status': 'ACTIVE', 'subnets': [], 'shared': False, 'project_id': '267734280dd0459e98d5e84bb9b428be', 'port_security_enabled': True, 'router:external': False, 'provider:network_type': 'vlan', 'provider:physical_network': 'default', 'provider:segmentation_id': 706, 'availability_zone_hints': [], 'availability_zones': [], 'ipv4_address_scope': None, 'ipv6_address_scope': None, 'description': '', 'tags': [], 'created_at': '2025-02-21T13:15:12Z', 'updated_at': '2025-02-21T13:15:12Z', 'revision_number': 1}, Subnet: {'id': 'dc00997b-af73-4e7b-acff-4b7cca7444fd', 'name': 'tempest-VolumesAssistedSnapshotsTest-304127908-subnet', 'tenant_id': '267734280dd0459e98d5e84bb9b428be', 'network_id': 'a7e2c258-d51a-4621-867e-b302f2cbfee5', 'ip_version': 4, 'subnetpool_id': None, 'enable_dhcp': True, 'ipv6_ra_mode': None, 'ipv6_address_mode': None, 'gateway_ip': '192.168.128.1', 'cidr': '192.168.128.0/28', 'allocation_pools': [{'start': '192.168.128.2', 'end': '192.168.128.14'}], 'host_routes': [], 'dns_nameservers': [], 'description': '', 'router:external': False, 'service_types': [], 'tags': [], 'created_at': '2025-02-21T13:15:13Z', 'updated_at': '2025-02-21T13:15:13Z', 'revision_number': 0, 'project_id': '267734280dd0459e98d5e84bb9b428be'}, Router: {'id': 'b1d7dfb5-d0e4-468b-9399-16f3c1e8b01c', 'name': 'tempest-VolumesAssistedSnapshotsTest-304127908-router', 'tenant_id': '267734280dd0459e98d5e84bb9b428be', 'admin_state_up': True, 'status': 'ACTIVE', 'external_gateway_info': {'network_id': '581a0282-30d7-4757-8b0b-7889e00bc70d', 'external_fixed_ips': [{'subnet_id': '834b7546-060a-4d4e-a9f7-c65d64dcb3cf', 'ip_address': '10.180.180.246'}], 'enable_snat': True}, 'description': '', 'availability_zones': [], 'distributed': False, 'ha': False, 'availability_zone_hints': [], 'routes': [], 'flavor_id': None, 'tags': [], 'created_at': '2025-02-21T13:15:13Z', 'updated_at': '2025-02-21T13:15:14Z', 'revision_number': 2, 'project_id': '267734280dd0459e98d5e84bb9b428be'}
2025-02-21 13:15:17.377 63149 INFO tempest.lib.common.rest_client [req-7e12d498-0514-4bc2-8916-2c7cc20d85e1 req-7e12d498-0514-4bc2-8916-2c7cc20d85e1 ] Request (ImagesDeleteNegativeTestJSON:setUpClass): 201 POST http://10.180.1.21/identity/v3/users 0.056s
2025-02-21 13:15:17.386 63132 INFO tempest.lib.common.rest_client [req-5ef69b67-04d2-440d-82de-b080a5947bd8 req-5ef69b67-04d2-440d-82de-b080a5947bd8 ] Request (SecurityGroupsTestAdminJSON:test_list_security_groups_list_all_tenants_filter): 200 POST http://10.180.1.21/compute/v2.1/os-security-groups 3.415s
2025-02-21 13:15:17.405 63127 INFO tempest.lib.common.rest_client [req-09f04e2c-436a-4b99-bab3-ef209a3c4a25 req-09f04e2c-436a-4b99-bab3-ef209a3c4a25 ] Request (ListImageFiltersTestJSON:setUpClass): 201 POST http://10.180.1.21/identity/v3/projects 0.072s
2025-02-21 13:15:17.434 63107 INFO tempest.lib.common.rest_client [req-530d6d34-d033-4ded-ba3b-366dcab826ae req-530d6d34-d033-4ded-ba3b-366dcab826ae ] Request (HypervisorAdminUnderV252Test:tearDownClass): 204 DELETE http://10.180.1.21/identity/v3/users/688a1444e0d847bc991dbdf528a3a72d 0.114s
2025-02-21 13:15:17.448 63160 INFO tempest.lib.common.rest_client [req-46c14722-f2d5-440a-af14-bf87a94ecdef req-46c14722-f2d5-440a-af14-bf87a94ecdef ] Request (ServerActionsV293TestJSON:setUpClass): 201 POST http://10.180.1.21:9696/networking/v2.0/networks 0.754s
2025-02-21 13:15:17.455 63139 INFO tempest.lib.common.rest_client [req-d17183f1-1890-455a-a8dc-e472cbc186b8 req-d17183f1-1890-455a-a8dc-e472cbc186b8 ] Request (ServersTestJSON:setUpClass): 200 GET http://10.180.1.21/compute/v2.1/servers/f960f20c-7602-4293-a355-89520abe9478 2.654s
2025-02-21 13:15:17.467 63157 INFO tempest.lib.common.rest_client [req-0d5e563b-df35-4a4f-b2cc-961d17459a0d req-0d5e563b-df35-4a4f-b2cc-961d17459a0d ] Request (KeyPairsV22TestJSON:test_get_keypair_detail): 200 GET http://10.180.1.21/compute/v2.1/os-keypairs/tempest-keypair-172024674 2.545s
2025-02-21 13:15:17.478 63137 INFO tempest.lib.common.rest_client [req-9f5d6657-4ed7-40ee-bbf9-fbe226ed66ad req-9f5d6657-4ed7-40ee-bbf9-fbe226ed66ad ] Request (VolumesAssistedSnapshotsTest:setUpClass): 201 POST http://10.180.1.21/identity/v3/auth/tokens 0.123s
2025-02-21 13:15:17.486 63149 INFO tempest.lib.common.rest_client [req-800bc06a-ad84-4d6c-b12e-d41a7f09fbee req-800bc06a-ad84-4d6c-b12e-d41a7f09fbee ] Request (ImagesDeleteNegativeTestJSON:setUpClass): 200 GET http://10.180.1.21/identity/v3/roles 0.108s
2025-02-21 13:15:17.514 63127 INFO tempest.lib.common.rest_client [req-a71ae3be-977b-4b79-aa5b-53c180093340 req-a71ae3be-977b-4b79-aa5b-53c180093340 ] Request (ListImageFiltersTestJSON:setUpClass): 201 POST http://10.180.1.21/identity/v3/users 0.108s
2025-02-21 13:15:17.585 63107 INFO tempest.lib.common.rest_client [req-e164655f-8462-4c79-b43d-b4c80f031ba5 req-e164655f-8462-4c79-b43d-b4c80f031ba5 ] Request (HypervisorAdminUnderV252Test:tearDownClass): 204 DELETE http://10.180.1.21/identity/v3/users/a934ed1a2df0491d98283bb18e5f572d 0.151s
2025-02-21 13:15:17.586 63107 INFO tempest.lib.common.dynamic_creds [-] Deleting project and security group for project: f471fd5fd8424aa393939893903dfa2d
2025-02-21 13:15:17.621 63115 INFO tempest.lib.common.rest_client [req-dddbac6a-753b-4a77-a8f7-c1ec803fd317 req-dddbac6a-753b-4a77-a8f7-c1ec803fd317 ] Request (FlavorsAccessNegativeTestJSON:test_add_flavor_access_duplicate): 200 POST http://10.180.1.21/compute/v2.1/flavors/1556151866/action 2.931s
2025-02-21 13:15:17.646 63145 INFO tempest.lib.common.rest_client [req-22bde7fd-2f21-4be3-b50b-03901dd53364 req-22bde7fd-2f21-4be3-b50b-03901dd53364 ] Request (ServicesAdminTestJSON:test_get_service_by_service_binary_name): 200 GET http://10.180.1.21/compute/v2.1/os-services?binary=nova-compute 2.520s
2025-02-21 13:15:17.698 63129 INFO tempest.lib.common.rest_client [req-653b7705-ffa8-4e9f-8032-f6c4c08869aa req-653b7705-ffa8-4e9f-8032-f6c4c08869aa ] Request (FlavorsV261TestJSON:test_crud_flavor): 200 GET http://10.180.1.21/compute/v2.1/flavors/detail 2.541s
2025-02-21 13:15:17.728 63160 INFO tempest.lib.common.rest_client [req-969652e9-36e4-49fd-9136-bda6882ac922 req-969652e9-36e4-49fd-9136-bda6882ac922 ] Request (ServerActionsV293TestJSON:setUpClass): 201 POST http://10.180.1.21:9696/networking/v2.0/subnets 0.278s
2025-02-21 13:15:17.743 63141 INFO tempest.lib.common.rest_client [req-408ab7f9-5604-4088-971a-8b629ba78c16 req-408ab7f9-5604-4088-971a-8b629ba78c16 ] Request (FlavorsExtraSpecsTestJSON:test_flavor_non_admin_get_all_keys): 200 GET http://10.180.1.21/compute/v2.1/flavors/557977855/os-extra_specs 2.650s
2025-02-21 13:15:17.778 63149 INFO tempest.lib.common.rest_client [req-edaca9f8-e58d-4c0c-9c76-cb182947d244 req-edaca9f8-e58d-4c0c-9c76-cb182947d244 ] Request (ImagesDeleteNegativeTestJSON:setUpClass): 204 PUT http://10.180.1.21/identity/v3/projects/63c85e792a5a4e72b65d385a5b20485a/users/6886286413f7470a8df45aec2206e89b/roles/6ca8e68721af4b37a29ef57d71885291 0.291s
2025-02-21 13:15:17.778 63149 INFO tempest.lib.common.dynamic_creds [-] Dynamic test user 6886286413f7470a8df45aec2206e89b is created with scope project and roles: ['member']
2025-02-21 13:15:17.778 63149 INFO tempest.lib.common.dynamic_creds [-] Acquired dynamic creds: credentials: Credentials: {'domain_id': 'default', 'domain_name': 'Default', 'username': 'tempest-ImagesDeleteNegativeTestJSON-2124166730-project-member', 'project_domain_id': 'default', 'project_domain_name': 'Default', 'project_id': '63c85e792a5a4e72b65d385a5b20485a', 'project_name': 'tempest-ImagesDeleteNegativeTestJSON-2124166730', 'tenant_id': '63c85e792a5a4e72b65d385a5b20485a', 'tenant_name': 'tempest-ImagesDeleteNegativeTestJSON-2124166730', 'user_domain_id': 'default', 'user_domain_name': 'Default', 'user_id': '6886286413f7470a8df45aec2206e89b', 'system': None}, Network: None, Subnet: None, Router: None
2025-02-21 13:15:17.778 63149 INFO tempest.lib.common.dynamic_creds [-] Created isolated network resources for: credentials: Credentials: {'domain_id': 'default', 'domain_name': 'Default', 'username': 'tempest-ImagesDeleteNegativeTestJSON-2124166730-project-member', 'project_domain_id': 'default', 'project_domain_name': 'Default', 'project_id': '63c85e792a5a4e72b65d385a5b20485a', 'project_name': 'tempest-ImagesDeleteNegativeTestJSON-2124166730', 'tenant_id': '63c85e792a5a4e72b65d385a5b20485a', 'tenant_name': 'tempest-ImagesDeleteNegativeTestJSON-2124166730', 'user_domain_id': 'default', 'user_domain_name': 'Default', 'user_id': '6886286413f7470a8df45aec2206e89b', 'system': None}, Network: None, Subnet: None, Router: None
2025-02-21 13:15:17.788 63127 INFO tempest.lib.common.rest_client [req-f93f40e0-54fd-40bd-90b7-c31947163681 req-f93f40e0-54fd-40bd-90b7-c31947163681 ] Request (ListImageFiltersTestJSON:setUpClass): 200 GET http://10.180.1.21/identity/v3/roles 0.273s
2025-02-21 13:15:17.828 63107 INFO tempest.lib.common.rest_client [req-c71f4aa5-0958-44c9-97e1-a6afc951db3b req-c71f4aa5-0958-44c9-97e1-a6afc951db3b ] Request (HypervisorAdminUnderV252Test:tearDownClass): 201 POST http://10.180.1.21/identity/v3/auth/tokens 0.241s
2025-02-21 13:15:17.892 63133 INFO tempest.lib.common.rest_client [req-905f1836-67d5-4288-8963-03484f5eeaac req-905f1836-67d5-4288-8963-03484f5eeaac ] Request (HostsAdminNegativeTestJSON:setUpClass): 200 GET http://10.180.1.21/compute/v2.1/os-hosts 2.652s
2025-02-21 13:15:17.935 63121 INFO tempest.lib.common.rest_client [req-ac68dd04-de8f-43fd-9724-b228d8e1e953 req-ac68dd04-de8f-43fd-9724-b228d8e1e953 ] Request (FlavorsAccessTestJSON:test_flavor_access_add_remove): 200 GET http://10.180.1.21/compute/v2.1/flavors/detail 2.387s
2025-02-21 13:15:17.935 63127 INFO tempest.lib.common.rest_client [req-b71f97d4-d714-4c9b-83bd-71daa75b3e2f req-b71f97d4-d714-4c9b-83bd-71daa75b3e2f ] Request (ListImageFiltersTestJSON:setUpClass): 204 PUT http://10.180.1.21/identity/v3/projects/b1ad41968a0c4e809d01b7d3c0161017/users/8b59882e78294274bcf0e944d2367449/roles/6ca8e68721af4b37a29ef57d71885291 0.144s
2025-02-21 13:15:17.935 63127 INFO tempest.lib.common.dynamic_creds [-] Dynamic test user 8b59882e78294274bcf0e944d2367449 is created with scope project and roles: ['member']
2025-02-21 13:15:17.936 63127 INFO tempest.lib.common.dynamic_creds [-] Acquired dynamic creds: credentials: Credentials: {'domain_id': 'default', 'domain_name': 'Default', 'username': 'tempest-ListImageFiltersTestJSON-1830437384-project-member', 'project_domain_id': 'default', 'project_domain_name': 'Default', 'project_id': 'b1ad41968a0c4e809d01b7d3c0161017', 'project_name': 'tempest-ListImageFiltersTestJSON-1830437384', 'tenant_id': 'b1ad41968a0c4e809d01b7d3c0161017', 'tenant_name': 'tempest-ListImageFiltersTestJSON-1830437384', 'user_domain_id': 'default', 'user_domain_name': 'Default', 'user_id': '8b59882e78294274bcf0e944d2367449', 'system': None}, Network: None, Subnet: None, Router: None
2025-02-21 13:15:17.936 63127 INFO tempest.lib.common.dynamic_creds [-] Created isolated network resources for: credentials: Credentials: {'domain_id': 'default', 'domain_name': 'Default', 'username': 'tempest-ListImageFiltersTestJSON-1830437384-project-member', 'project_domain_id': 'default', 'project_domain_name': 'Default', 'project_id': 'b1ad41968a0c4e809d01b7d3c0161017', 'project_name': 'tempest-ListImageFiltersTestJSON-1830437384', 'tenant_id': 'b1ad41968a0c4e809d01b7d3c0161017', 'tenant_name': 'tempest-ListImageFiltersTestJSON-1830437384', 'user_domain_id': 'default', 'user_domain_name': 'Default', 'user_id': '8b59882e78294274bcf0e944d2367449', 'system': None}, Network: None, Subnet: None, Router: None
2025-02-21 13:15:17.946 63149 INFO tempest.lib.common.rest_client [req-4a8bac3d-92a0-4859-84d7-01231f08f914 req-4a8bac3d-92a0-4859-84d7-01231f08f914 ] Request (ImagesDeleteNegativeTestJSON:setUpClass): 201 POST http://10.180.1.21/identity/v3/auth/tokens 0.162s
2025-02-21 13:15:18.128 63127 INFO tempest.lib.common.rest_client [req-10f41710-d1b9-4f59-8e30-46f3ff69810b req-10f41710-d1b9-4f59-8e30-46f3ff69810b ] Request (ListImageFiltersTestJSON:setUpClass): 201 POST http://10.180.1.21/identity/v3/auth/tokens 0.189s
2025-02-21 13:15:18.149 63137 INFO tempest.lib.common.rest_client [req-38fad7c9-c30d-484b-85a5-1788547caf78 req-38fad7c9-c30d-484b-85a5-1788547caf78 ] Request (VolumesAssistedSnapshotsTest:test_volume_assisted_snapshot_create_delete): 202 POST http://10.180.1.21/volume/v3/volumes 0.668s
2025-02-21 13:15:18.189 63109 INFO tempest.lib.common.rest_client [req-7f193be6-2e4d-4c27-9c42-885024b1f65a req-7f193be6-2e4d-4c27-9c42-885024b1f65a ] Request (QuotasAdminNegativeTest:test_create_server_when_cpu_quota_is_full): 200 PUT http://10.180.1.21/compute/v2.1/os-quota-sets/8ad47c99228645ccbed5c5ebee1246f3 2.360s
2025-02-21 13:15:18.232 63137 INFO tempest.lib.common.rest_client [req-bb7f60e8-6578-4c46-bc2f-15b25f9df612 req-bb7f60e8-6578-4c46-bc2f-15b25f9df612 ] Request (VolumesAssistedSnapshotsTest:test_volume_assisted_snapshot_create_delete): 200 GET http://10.180.1.21/volume/v3/volumes/9e722129-34aa-4dc6-aa4c-ca59ca287aa1 0.075s
2025-02-21 13:15:18.247 63103 INFO tempest.lib.common.rest_client [req-3fc4b227-197a-42f5-a477-4fbe04dc2a8a req-3fc4b227-197a-42f5-a477-4fbe04dc2a8a ] Request (FlavorsExtraSpecsNegativeTestJSON:test_flavor_non_admin_unset_keys): 200 POST http://10.180.1.21/compute/v2.1/flavors/320973044/os-extra_specs 2.346s
2025-02-21 13:15:18.271 63107 INFO tempest.lib.common.rest_client [req-bebf19b6-996d-4acc-840a-6c26452b2c6b req-bebf19b6-996d-4acc-840a-6c26452b2c6b ] Request (HypervisorAdminUnderV252Test:tearDownClass): 200 GET http://10.180.1.21:9696/networking/v2.0/security-groups?tenant_id=f471fd5fd8424aa393939893903dfa2d&name=default 0.443s
2025-02-21 13:15:18.294 63109 INFO tempest.lib.common.rest_client [req-5b4ee6cc-612f-468a-9d81-d8fb762e8377 req-5b4ee6cc-612f-468a-9d81-d8fb762e8377 ] Request (QuotasAdminNegativeTest:test_create_server_when_cpu_quota_is_full): 201 POST http://10.180.1.21/identity/v3/auth/tokens 0.095s
2025-02-21 13:15:18.294 63109 INFO tempest.lib.common.fixed_network [-] (QuotasAdminNegativeTest:test_create_server_when_cpu_quota_is_full) Found network None available for tenant
2025-02-21 13:15:18.381 63155 INFO tempest.lib.common.rest_client [req-271e6a82-8abb-4562-a04c-c123747b54d7 req-271e6a82-8abb-4562-a04c-c123747b54d7 ] Request (ServersAdmin275Test:test_rebuild_update_server_275): 200 GET http://10.180.1.21/compute/v2.1/servers/df2a4178-c972-44e0-9657-050f5defaa99 2.473s
2025-02-21 13:15:18.433 63107 INFO tempest.lib.common.rest_client [req-a41d5d03-4739-401f-b445-87761f495820 req-a41d5d03-4739-401f-b445-87761f495820 ] Request (HypervisorAdminUnderV252Test:tearDownClass): 204 DELETE http://10.180.1.21:9696/networking/v2.0/security-groups/5dbdbaa6-cf4a-45e9-b51e-a55ce041271c 0.162s
2025-02-21 13:15:18.511 63107 INFO tempest.lib.common.rest_client [req-15285a2b-3ed6-4d6e-b9ca-1a3407cce870 req-15285a2b-3ed6-4d6e-b9ca-1a3407cce870 ] Request (HypervisorAdminUnderV252Test:tearDownClass): 204 DELETE http://10.180.1.21/identity/v3/projects/f471fd5fd8424aa393939893903dfa2d 0.077s
2025-02-21 13:15:18.511 63107 INFO tempest.lib.common.dynamic_creds [-] Deleting project and security group for project: 4732c511eb404fa0898a5f8aeddf3835
2025-02-21 13:15:18.548 63161 INFO tempest.lib.common.rest_client [req-13125584-eaff-4c44-9df8-d133b65e9cf4 req-13125584-eaff-4c44-9df8-d133b65e9cf4 ] Request (DeleteServersAdminTestJSON:test_admin_delete_servers_of_others): 200 GET http://10.180.1.21/compute/v2.1/servers/2657025e-31dd-4dce-b33e-29c73d8e9838 2.482s
2025-02-21 13:15:18.560 63161 INFO tempest.common.waiters [-] State transition "BUILD/None" ==> "BUILD/spawning" after 3 second wait
2025-02-21 13:15:18.601 63127 INFO tempest.lib.common.rest_client [req-0bae0417-acea-4967-8194-4a06bd03a916 req-0bae0417-acea-4967-8194-4a06bd03a916 ] Request (ListImageFiltersTestJSON:setUpClass): 201 POST http://10.180.1.21/image/v2/images 0.472s
2025-02-21 13:15:18.609 63111 INFO tempest.lib.common.rest_client [req-ab771f4a-2589-4a85-937e-38a98d8ab205 req-ab771f4a-2589-4a85-937e-38a98d8ab205 ] Request (ImagesOneServerTestJSON:setUpClass): 202 POST http://10.180.1.21/compute/v2.1/servers 2.709s
2025-02-21 13:15:18.641 63107 INFO tempest.lib.common.rest_client [req-63613474-0357-470d-9c63-b33a6b4c396f req-63613474-0357-470d-9c63-b33a6b4c396f ] Request (HypervisorAdminUnderV252Test:tearDownClass): 200 GET http://10.180.1.21:9696/networking/v2.0/security-groups?tenant_id=4732c511eb404fa0898a5f8aeddf3835&name=default 0.130s
2025-02-21 13:15:18.678 63099 INFO tempest.lib.common.rest_client [req-f6a90161-c6d9-4408-b47d-ac6300c4cfac req-f6a90161-c6d9-4408-b47d-ac6300c4cfac ] Request (ServerDiagnosticsTest:test_get_server_diagnostics): 200 GET http://10.180.1.21/compute/v2.1/servers/bbcb03aa-5ac8-4871-a785-e0c7fe8e8362 2.201s
2025-02-21 13:15:18.682 63119 INFO tempest.lib.common.rest_client [req-e14537be-ad45-4bca-8d3b-a2e2291e9260 req-e14537be-ad45-4bca-8d3b-a2e2291e9260 ] Request (HypervisorAdminNegativeTestJSON:test_get_nonexistent_hypervisor_uptime): 404 GET http://10.180.1.21/compute/v2.1/os-hypervisors/1f688013-8ff1-47f9-8da4-284b17eb075c/uptime 2.196s
2025-02-21 13:15:18.741 63107 INFO tempest.lib.common.rest_client [req-f30da484-b83b-47d7-b291-e7c6c2ed5f92 req-f30da484-b83b-47d7-b291-e7c6c2ed5f92 ] Request (HypervisorAdminUnderV252Test:tearDownClass): 204 DELETE http://10.180.1.21:9696/networking/v2.0/security-groups/0142706b-39ae-4a4f-8244-82a65fb8c6b2 0.099s
2025-02-21 13:15:18.773 63147 INFO tempest.lib.common.rest_client [req-443d8f27-003f-42ed-90d3-40d1b2ad5953 req-443d8f27-003f-42ed-90d3-40d1b2ad5953 ] Request (QuotasAdminTestV257:test_get_updated_quotas): 200 PUT http://10.180.1.21/compute/v2.1/os-quota-sets/7d01d103da404b599e0dbcc427c3fbb7?user_id=295f8de26f774af0a7685c594562c462 2.345s
2025-02-21 13:15:18.785 63153 INFO tempest.lib.common.rest_client [req-d223cf46-03ef-4ab3-8614-69b7d6ac0416 req-d223cf46-03ef-4ab3-8614-69b7d6ac0416 ] Request (SecurityGroupRulesNegativeTestJSON:setUpClass): 201 POST http://10.180.1.21:9696/networking/v2.0/routers 1.473s
2025-02-21 13:15:18.849 63107 INFO tempest.lib.common.rest_client [req-e9ca84e3-f091-4c35-8d95-fb7c8f599b2d req-e9ca84e3-f091-4c35-8d95-fb7c8f599b2d ] Request (HypervisorAdminUnderV252Test:tearDownClass): 204 DELETE http://10.180.1.21/identity/v3/projects/4732c511eb404fa0898a5f8aeddf3835 0.107s
2025-02-21 13:15:18.904 63107 INFO tempest.lib.common.rest_client [req-4cc49baa-8b35-4cff-a8a3-b7674cc4ef53 req-4cc49baa-8b35-4cff-a8a3-b7674cc4ef53 ] Request (InstanceUsageAuditLogTestJSON:setUpClass): 201 POST http://10.180.1.21/identity/v3/auth/tokens 0.053s
2025-02-21 13:15:18.934 63107 INFO tempest.lib.common.rest_client [req-d366f6bd-2d1e-4ec0-8ec1-9d109b277ee8 req-d366f6bd-2d1e-4ec0-8ec1-9d109b277ee8 ] Request (InstanceUsageAuditLogTestJSON:setUpClass): 201 POST http://10.180.1.21/identity/v3/auth/tokens 0.027s
2025-02-21 13:15:18.961 63117 INFO tempest.lib.common.rest_client [req-b529ef64-bd5e-4cb1-a622-76ddb012b73a req-b529ef64-bd5e-4cb1-a622-76ddb012b73a ] Request (MigrationsAdminTest:test_list_migrations_in_flavor_resize_situation): 200 GET http://10.180.1.21/compute/v2.1/servers/2ebb4556-1741-48cc-b40c-45cde919e39d 2.171s
2025-02-21 13:15:18.962 63107 INFO tempest.lib.common.rest_client [req-daee797d-de89-47b8-bc91-7d719ae593c5 req-daee797d-de89-47b8-bc91-7d719ae593c5 ] Request (InstanceUsageAuditLogTestJSON:setUpClass): 200 GET http://10.180.1.21/identity/v3/domains?name=Default 0.027s
2025-02-21 13:15:18.996 63107 INFO tempest.lib.common.rest_client [req-53b2ba6d-aa3f-493b-8326-2b072e357c59 req-53b2ba6d-aa3f-493b-8326-2b072e357c59 ] Request (InstanceUsageAuditLogTestJSON:setUpClass): 201 POST http://10.180.1.21/identity/v3/projects 0.033s
2025-02-21 13:15:19.026 63151 INFO tempest.lib.common.rest_client [req-2a03eeed-17f4-431f-aed2-66a75d7cd036 req-2a03eeed-17f4-431f-aed2-66a75d7cd036 ] Request (TenantUsagesTestJSON:setUpClass): 200 GET http://10.180.1.21/compute/v2.1/servers/8e887dc9-bb1d-440b-889e-ff2968127e93 2.049s
2025-02-21 13:15:19.086 63107 INFO tempest.lib.common.rest_client [req-8e5ce34c-b548-4a08-b469-9162a5d8c94b req-8e5ce34c-b548-4a08-b469-9162a5d8c94b ] Request (InstanceUsageAuditLogTestJSON:setUpClass): 201 POST http://10.180.1.21/identity/v3/users 0.088s
2025-02-21 13:15:19.111 63107 INFO tempest.lib.common.rest_client [req-ae80e37b-dd92-4773-987b-9d3c7912f554 req-ae80e37b-dd92-4773-987b-9d3c7912f554 ] Request (InstanceUsageAuditLogTestJSON:setUpClass): 200 GET http://10.180.1.21/identity/v3/roles 0.024s
2025-02-21 13:15:19.114 63113 INFO tempest.lib.common.rest_client [req-df9634f9-8cb8-4fa2-a3a2-058c175dfedb req-df9634f9-8cb8-4fa2-a3a2-058c175dfedb ] Request (AggregatesAdminNegativeTestJSON:test_aggregate_add_existent_host): 409 POST http://10.180.1.21/compute/v2.1/os-aggregates/1/action 2.050s
2025-02-21 13:15:19.141 63105 INFO tempest.lib.common.rest_client [req-0affc9e4-a618-4a31-a7e8-b1be3bf9bd6e req-0affc9e4-a618-4a31-a7e8-b1be3bf9bd6e ] Request (FlavorsAdminTestJSON:test_create_flavor_verify_entry_in_list_details): 200 POST http://10.180.1.21/compute/v2.1/flavors 2.040s
2025-02-21 13:15:19.147 63107 INFO tempest.lib.common.rest_client [req-33bdd4e3-4811-4a44-8611-61c4b9e3c103 req-33bdd4e3-4811-4a44-8611-61c4b9e3c103 ] Request (InstanceUsageAuditLogTestJSON:setUpClass): 204 PUT http://10.180.1.21/identity/v3/projects/163cd141545f43e7a59ac96d22eb71ab/users/e50356a8f1284e019536836b96791a97/roles/6ca8e68721af4b37a29ef57d71885291 0.035s
2025-02-21 13:15:19.147 63107 INFO tempest.lib.common.dynamic_creds [-] Dynamic test user e50356a8f1284e019536836b96791a97 is created with scope project and roles: ['member']
2025-02-21 13:15:19.147 63107 INFO tempest.lib.common.dynamic_creds [-] Acquired dynamic creds: credentials: Credentials: {'domain_id': 'default', 'domain_name': 'Default', 'username': 'tempest-InstanceUsageAuditLogTestJSON-1148055059-project-member', 'project_domain_id': 'default', 'project_domain_name': 'Default', 'project_id': '163cd141545f43e7a59ac96d22eb71ab', 'project_name': 'tempest-InstanceUsageAuditLogTestJSON-1148055059', 'tenant_id': '163cd141545f43e7a59ac96d22eb71ab', 'tenant_name': 'tempest-InstanceUsageAuditLogTestJSON-1148055059', 'user_domain_id': 'default', 'user_domain_name': 'Default', 'user_id': 'e50356a8f1284e019536836b96791a97', 'system': None}, Network: None, Subnet: None, Router: None
2025-02-21 13:15:19.148 63107 INFO tempest.lib.common.dynamic_creds [-] Created isolated network resources for: credentials: Credentials: {'domain_id': 'default', 'domain_name': 'Default', 'username': 'tempest-InstanceUsageAuditLogTestJSON-1148055059-project-member', 'project_domain_id': 'default', 'project_domain_name': 'Default', 'project_id': '163cd141545f43e7a59ac96d22eb71ab', 'project_name': 'tempest-InstanceUsageAuditLogTestJSON-1148055059', 'tenant_id': '163cd141545f43e7a59ac96d22eb71ab', 'tenant_name': 'tempest-InstanceUsageAuditLogTestJSON-1148055059', 'user_domain_id': 'default', 'user_domain_name': 'Default', 'user_id': 'e50356a8f1284e019536836b96791a97', 'system': None}, Network: None, Subnet: None, Router: None
2025-02-21 13:15:19.252 63107 INFO tempest.lib.common.rest_client [req-556eade4-62c5-42e9-879a-52aeb7431420 req-556eade4-62c5-42e9-879a-52aeb7431420 ] Request (InstanceUsageAuditLogTestJSON:setUpClass): 201 POST http://10.180.1.21/identity/v3/auth/tokens 0.097s
2025-02-21 13:15:19.305 63137 INFO tempest.lib.common.rest_client [req-8133c836-1555-47c9-a559-8d91dd032e59 req-8133c836-1555-47c9-a559-8d91dd032e59 ] Request (VolumesAssistedSnapshotsTest:test_volume_assisted_snapshot_create_delete): 200 GET http://10.180.1.21/volume/v3/volumes/9e722129-34aa-4dc6-aa4c-ca59ca287aa1 0.052s
2025-02-21 13:15:19.313 63137 INFO tempest.common.waiters [-] volume 9e722129-34aa-4dc6-aa4c-ca59ca287aa1 reached available after waiting for 1.313100 seconds
2025-02-21 13:15:19.345 63107 INFO tempest.lib.common.rest_client [req-5129fea6-d98c-4da6-b4d3-5296a9a98fa4 req-5129fea6-d98c-4da6-b4d3-5296a9a98fa4 ] Request (InstanceUsageAuditLogTestJSON:setUpClass): 201 POST http://10.180.1.21/identity/v3/projects 0.092s
2025-02-21 13:15:19.353 63123 INFO tempest.lib.common.rest_client [req-bde67e33-ce4c-4d11-9547-335e09339fb4 req-bde67e33-ce4c-4d11-9547-335e09339fb4 ] Request (ServersWithSpecificFlavorTestJSON:test_verify_created_server_ephemeral_disk): 200 POST http://10.180.1.21/compute/v2.1/flavors 2.079s
2025-02-21 13:15:19.372 63160 INFO tempest.lib.common.rest_client [req-5690b652-c1df-4641-ad47-f61a6ddf9948 req-5690b652-c1df-4641-ad47-f61a6ddf9948 ] Request (ServerActionsV293TestJSON:setUpClass): 201 POST http://10.180.1.21:9696/networking/v2.0/routers 1.644s
2025-02-21 13:15:19.404 63107 INFO tempest.lib.common.rest_client [req-8199f439-ad1d-47eb-9d93-a6ceb1e2b383 req-8199f439-ad1d-47eb-9d93-a6ceb1e2b383 ] Request (InstanceUsageAuditLogTestJSON:setUpClass): 201 POST http://10.180.1.21/identity/v3/users 0.059s
2025-02-21 13:15:19.426 63107 INFO tempest.lib.common.rest_client [req-20e35d47-c42c-4683-becf-439466eca426 req-20e35d47-c42c-4683-becf-439466eca426 ] Request (InstanceUsageAuditLogTestJSON:setUpClass): 200 GET http://10.180.1.21/identity/v3/roles 0.021s
2025-02-21 13:15:19.467 63107 INFO tempest.lib.common.rest_client [req-5f64a091-4575-44c7-96e0-bf84739d1e19 req-5f64a091-4575-44c7-96e0-bf84739d1e19 ] Request (InstanceUsageAuditLogTestJSON:setUpClass): 204 PUT http://10.180.1.21/identity/v3/projects/16e591f9a7ea4f729bf041a805f8f37e/users/d04fde9befda47f7b227ed1f04827ca3/roles/f561b7a556a24d9c91bdbd2e42057a6c 0.041s
2025-02-21 13:15:19.538 63107 INFO tempest.lib.common.rest_client [req-76990c06-5e61-4b64-9e66-528f1c14ed25 req-76990c06-5e61-4b64-9e66-528f1c14ed25 ] Request (InstanceUsageAuditLogTestJSON:setUpClass): 200 GET http://10.180.1.21/identity/v3/roles 0.070s
2025-02-21 13:15:19.553 63132 INFO tempest.lib.common.rest_client [req-91a63ea5-3fca-4d24-bf86-d976f4b89d30 req-91a63ea5-3fca-4d24-bf86-d976f4b89d30 ] Request (SecurityGroupsTestAdminJSON:test_list_security_groups_list_all_tenants_filter): 200 POST http://10.180.1.21/compute/v2.1/os-security-groups 2.164s
2025-02-21 13:15:19.561 63107 INFO tempest.lib.common.rest_client [req-8094555c-82c4-418c-a8b8-77a7e3eb7604 req-8094555c-82c4-418c-a8b8-77a7e3eb7604 ] Request (InstanceUsageAuditLogTestJSON:setUpClass): 204 PUT http://10.180.1.21/identity/v3/projects/16e591f9a7ea4f729bf041a805f8f37e/users/d04fde9befda47f7b227ed1f04827ca3/roles/f561b7a556a24d9c91bdbd2e42057a6c 0.023s
2025-02-21 13:15:19.561 63107 INFO tempest.lib.common.dynamic_creds [-] Dynamic test user d04fde9befda47f7b227ed1f04827ca3 is created with scope project and roles: ['admin']
2025-02-21 13:15:19.561 63107 INFO tempest.lib.common.dynamic_creds [-] Acquired dynamic creds: credentials: Credentials: {'domain_id': 'default', 'domain_name': 'Default', 'username': 'tempest-InstanceUsageAuditLogTestJSON-1360417813-project-admin', 'project_domain_id': 'default', 'project_domain_name': 'Default', 'project_id': '16e591f9a7ea4f729bf041a805f8f37e', 'project_name': 'tempest-InstanceUsageAuditLogTestJSON-1360417813', 'tenant_id': '16e591f9a7ea4f729bf041a805f8f37e', 'tenant_name': 'tempest-InstanceUsageAuditLogTestJSON-1360417813', 'user_domain_id': 'default', 'user_domain_name': 'Default', 'user_id': 'd04fde9befda47f7b227ed1f04827ca3', 'system': None}, Network: None, Subnet: None, Router: None
2025-02-21 13:15:19.562 63107 INFO tempest.lib.common.dynamic_creds [-] Created isolated network resources for: credentials: Credentials: {'domain_id': 'default', 'domain_name': 'Default', 'username': 'tempest-InstanceUsageAuditLogTestJSON-1360417813-project-admin', 'project_domain_id': 'default', 'project_domain_name': 'Default', 'project_id': '16e591f9a7ea4f729bf041a805f8f37e', 'project_name': 'tempest-InstanceUsageAuditLogTestJSON-1360417813', 'tenant_id': '16e591f9a7ea4f729bf041a805f8f37e', 'tenant_name': 'tempest-InstanceUsageAuditLogTestJSON-1360417813', 'user_domain_id': 'default', 'user_domain_name': 'Default', 'user_id': 'd04fde9befda47f7b227ed1f04827ca3', 'system': None}, Network: None, Subnet: None, Router: None
2025-02-21 13:15:19.571 63157 INFO tempest.lib.common.rest_client [req-435988cd-69e8-493d-b4d9-76961c629353 req-435988cd-69e8-493d-b4d9-76961c629353 ] Request (KeyPairsV22TestJSON:_run_cleanups): 204 DELETE http://10.180.1.21/compute/v2.1/os-keypairs/tempest-keypair-172024674 2.103s
2025-02-21 13:15:19.663 63107 INFO tempest.lib.common.rest_client [req-2de64dda-8ee8-4945-b978-507814fde085 req-2de64dda-8ee8-4945-b978-507814fde085 ] Request (InstanceUsageAuditLogTestJSON:setUpClass): 201 POST http://10.180.1.21/identity/v3/auth/tokens 0.099s
2025-02-21 13:15:19.703 63115 INFO tempest.lib.common.rest_client [req-cae8bbb7-94a4-4683-8d8a-fc1646ff09c3 req-cae8bbb7-94a4-4683-8d8a-fc1646ff09c3 ] Request (FlavorsAccessNegativeTestJSON:test_add_flavor_access_duplicate): 409 POST http://10.180.1.21/compute/v2.1/flavors/1556151866/action 2.081s
2025-02-21 13:15:19.727 63145 INFO tempest.lib.common.rest_client [req-2dc68e37-9449-447c-a3e2-1a5176d2fddd req-2dc68e37-9449-447c-a3e2-1a5176d2fddd ] Request (ServicesAdminTestJSON:test_list_services): 200 GET http://10.180.1.21/compute/v2.1/os-services 2.076s
2025-02-21 13:15:19.751 63129 INFO tempest.lib.common.rest_client [req-6fd27c8d-f6cc-4f45-aa31-7131bbfc5d4c req-6fd27c8d-f6cc-4f45-aa31-7131bbfc5d4c ] Request (FlavorsV261TestJSON:test_crud_flavor): 200 GET http://10.180.1.21/compute/v2.1/flavors 2.042s
2025-02-21 13:15:19.772 63141 INFO tempest.lib.common.rest_client [req-a69df073-7691-4952-8ed9-4f9bf95e5c52 req-a69df073-7691-4952-8ed9-4f9bf95e5c52 ] Request (FlavorsExtraSpecsTestJSON:test_flavor_non_admin_get_specific_key): 200 POST http://10.180.1.21/compute/v2.1/flavors/557977855/os-extra_specs 2.013s
2025-02-21 13:15:19.853 63145 INFO tempest.lib.common.rest_client [req-25ddeda6-cee6-4885-b663-b6b21d5a22d7 req-25ddeda6-cee6-4885-b663-b6b21d5a22d7 ] Request (ServicesAdminTestJSON:tearDownClass): 204 DELETE http://10.180.1.21/identity/v3/users/ed693cfde9f1440f9a21f7d6f004684f 0.121s
2025-02-21 13:15:19.860 63133 INFO tempest.lib.common.rest_client [req-c8e17142-a2b8-42e9-ac48-dd2afa3452c0 req-c8e17142-a2b8-42e9-ac48-dd2afa3452c0 ] Request (HostsAdminNegativeTestJSON:test_list_hosts_with_non_admin_user): 403 GET http://10.180.1.21/compute/v2.1/os-hosts 1.966s
2025-02-21 13:15:19.898 63125 INFO tempest.lib.common.rest_client [req-cced77ea-551a-4ed7-af76-f75148f23603 req-cced77ea-551a-4ed7-af76-f75148f23603 ] Request (FloatingIPsTestJSON:test_delete_floating_ip): 200 POST http://10.180.1.21/compute/v2.1/os-floating-ips 3.072s
2025-02-21 13:15:19.965 63145 INFO tempest.lib.common.rest_client [req-655406a2-d39a-4348-a315-2ff3bccdc898 req-655406a2-d39a-4348-a315-2ff3bccdc898 ] Request (ServicesAdminTestJSON:tearDownClass): 204 DELETE http://10.180.1.21/identity/v3/users/74234c4934fe432dae25e2a3d79d86fd 0.112s
2025-02-21 13:15:19.965 63145 INFO tempest.lib.common.dynamic_creds [-] Deleting project and security group for project: 7f3b665d9afa4a4ca8dcbcd3d259602c
2025-02-21 13:15:20.065 63149 INFO tempest.lib.common.rest_client [req-4203fc50-1a4f-42e4-be63-c40de2f4d549 req-4203fc50-1a4f-42e4-be63-c40de2f4d549 ] Request (ImagesDeleteNegativeTestJSON:test_delete_image_blank_id): 404 DELETE http://10.180.1.21/compute/v2.1/images/ 2.118s
2025-02-21 13:15:20.095 63121 INFO tempest.lib.common.rest_client [req-a4a769fd-2945-4e1c-925c-4b7ba08763f8 req-a4a769fd-2945-4e1c-925c-4b7ba08763f8 ] Request (FlavorsAccessTestJSON:test_flavor_access_add_remove): 200 POST http://10.180.1.21/compute/v2.1/flavors/453919963/action 2.152s
2025-02-21 13:15:20.102 63103 INFO tempest.lib.common.rest_client [req-636e819d-c2ef-4b8f-9033-b3be4ed74c5a req-636e819d-c2ef-4b8f-9033-b3be4ed74c5a ] Request (FlavorsExtraSpecsNegativeTestJSON:test_flavor_non_admin_unset_keys): 403 DELETE http://10.180.1.21/compute/v2.1/flavors/320973044/os-extra_specs/hw:numa_nodes 1.851s
2025-02-21 13:15:20.127 63153 INFO tempest.lib.common.rest_client [req-4f14ed62-ca1f-4647-9795-23be64851fcf req-4f14ed62-ca1f-4647-9795-23be64851fcf ] Request (SecurityGroupRulesNegativeTestJSON:setUpClass): 200 PUT http://10.180.1.21:9696/networking/v2.0/routers/196d5f12-be9b-4d6a-9cf4-c3f79dff576c/add_router_interface 1.341s
2025-02-21 13:15:20.127 63153 INFO tempest.lib.common.dynamic_creds [-] Created isolated network resources for: credentials: Credentials: {'domain_id': 'default', 'domain_name': 'Default', 'username': 'tempest-SecurityGroupRulesNegativeTestJSON-1676592400-project-member', 'project_domain_id': 'default', 'project_domain_name': 'Default', 'project_id': '15199a52c829497c827f347d39221719', 'project_name': 'tempest-SecurityGroupRulesNegativeTestJSON-1676592400', 'tenant_id': '15199a52c829497c827f347d39221719', 'tenant_name': 'tempest-SecurityGroupRulesNegativeTestJSON-1676592400', 'user_domain_id': 'default', 'user_domain_name': 'Default', 'user_id': '1bfdfd745adb44b5b52468e2413f4929', 'system': None}, Network: {'id': '887d317d-a7dd-4521-b1d7-d3313e0d504c', 'name': 'tempest-SecurityGroupRulesNegativeTestJSON-1376273864-network', 'tenant_id': '15199a52c829497c827f347d39221719', 'admin_state_up': True, 'mtu': 8950, 'status': 'ACTIVE', 'subnets': [], 'shared': False, 'project_id': '15199a52c829497c827f347d39221719', 'port_security_enabled': True, 'router:external': False, 'provider:network_type': 'vlan', 'provider:physical_network': 'default', 'provider:segmentation_id': 870, 'availability_zone_hints': [], 'availability_zones': [], 'ipv4_address_scope': None, 'ipv6_address_scope': None, 'description': '', 'tags': [], 'created_at': '2025-02-21T13:15:17Z', 'updated_at': '2025-02-21T13:15:17Z', 'revision_number': 1}, Subnet: {'id': '3d4f9dcf-daab-44a6-8b63-cc1d9e6f3ae4', 'name': 'tempest-SecurityGroupRulesNegativeTestJSON-1376273864-subnet', 'tenant_id': '15199a52c829497c827f347d39221719', 'network_id': '887d317d-a7dd-4521-b1d7-d3313e0d504c', 'ip_version': 4, 'subnetpool_id': None, 'enable_dhcp': True, 'ipv6_ra_mode': None, 'ipv6_address_mode': None, 'gateway_ip': '192.168.128.1', 'cidr': '192.168.128.0/28', 'allocation_pools': [{'start': '192.168.128.2', 'end': '192.168.128.14'}], 'host_routes': [], 'dns_nameservers': [], 'description': '', 'router:external': False, 'service_types': [], 'tags': [], 'created_at': '2025-02-21T13:15:17Z', 'updated_at': '2025-02-21T13:15:17Z', 'revision_number': 0, 'project_id': '15199a52c829497c827f347d39221719'}, Router: {'id': '196d5f12-be9b-4d6a-9cf4-c3f79dff576c', 'name': 'tempest-SecurityGroupRulesNegativeTestJSON-1376273864-router', 'tenant_id': '15199a52c829497c827f347d39221719', 'admin_state_up': True, 'status': 'ACTIVE', 'external_gateway_info': {'network_id': '581a0282-30d7-4757-8b0b-7889e00bc70d', 'external_fixed_ips': [{'subnet_id': '834b7546-060a-4d4e-a9f7-c65d64dcb3cf', 'ip_address': '10.180.180.154'}], 'enable_snat': True}, 'description': '', 'availability_zones': [], 'distributed': False, 'ha': False, 'availability_zone_hints': [], 'routes': [], 'flavor_id': None, 'tags': [], 'created_at': '2025-02-21T13:15:17Z', 'updated_at': '2025-02-21T13:15:18Z', 'revision_number': 2, 'project_id': '15199a52c829497c827f347d39221719'}
2025-02-21 13:15:20.131 63145 INFO tempest.lib.common.rest_client [req-881fb556-443d-4a1e-8b7b-c0765c1d47d2 req-881fb556-443d-4a1e-8b7b-c0765c1d47d2 ] Request (ServicesAdminTestJSON:tearDownClass): 201 POST http://10.180.1.21/identity/v3/auth/tokens 0.165s
2025-02-21 13:15:20.146 63143 INFO tempest.lib.common.rest_client [req-add7e3c8-dfec-46f2-abaa-a71f6064e4be req-add7e3c8-dfec-46f2-abaa-a71f6064e4be ] Request (ServerExternalEventsTest:test_create_server_external_events): 200 GET http://10.180.1.21/compute/v2.1/servers/a2590c28-a9fa-4e6c-9750-459b05b06621 1.976s
2025-02-21 13:15:20.206 63139 INFO tempest.lib.common.rest_client [req-d29428e7-0e12-4f14-89d5-724c75dd2b96 req-d29428e7-0e12-4f14-89d5-724c75dd2b96 ] Request (ServersTestJSON:setUpClass): 200 GET http://10.180.1.21/compute/v2.1/servers/f960f20c-7602-4293-a355-89520abe9478 1.739s
2025-02-21 13:15:20.220 63153 INFO tempest.lib.common.rest_client [req-b3d455e4-48c2-4740-ba0b-70cee698808e req-b3d455e4-48c2-4740-ba0b-70cee698808e ] Request (SecurityGroupRulesNegativeTestJSON:setUpClass): 201 POST http://10.180.1.21/identity/v3/auth/tokens 0.089s
2025-02-21 13:15:20.266 63111 INFO tempest.lib.common.rest_client [req-4725fb51-d1c4-4863-b62e-5807baeffd9b req-4725fb51-d1c4-4863-b62e-5807baeffd9b ] Request (ImagesOneServerTestJSON:setUpClass): 200 GET http://10.180.1.21/compute/v2.1/servers/70edd62c-1cb7-4e40-9543-fb39760cef5b 1.654s
2025-02-21 13:15:20.288 63119 INFO tempest.lib.common.rest_client [req-a360a982-f013-47a4-9d05-074c22b640e7 req-a360a982-f013-47a4-9d05-074c22b640e7 ] Request (HypervisorAdminNegativeTestJSON:test_show_hypervisor_with_non_admin_user): 200 GET http://10.180.1.21/compute/v2.1/os-hypervisors 1.605s
2025-02-21 13:15:20.402 63145 INFO tempest.lib.common.rest_client [req-79b011ac-1ec7-426c-a20f-9c706d4f1764 req-79b011ac-1ec7-426c-a20f-9c706d4f1764 ] Request (ServicesAdminTestJSON:tearDownClass): 200 GET http://10.180.1.21:9696/networking/v2.0/security-groups?tenant_id=7f3b665d9afa4a4ca8dcbcd3d259602c&name=default 0.271s
2025-02-21 13:15:20.415 63147 INFO tempest.lib.common.rest_client [req-bcc486c9-a476-474e-8f7d-b1069df84327 req-bcc486c9-a476-474e-8f7d-b1069df84327 ] Request (QuotasAdminTestV257:test_get_updated_quotas): 200 GET http://10.180.1.21/compute/v2.1/os-quota-sets/7d01d103da404b599e0dbcc427c3fbb7?user_id=295f8de26f774af0a7685c594562c462 1.639s
2025-02-21 13:15:20.520 63147 INFO tempest.lib.common.rest_client [req-1e73a098-4bb0-4527-8c8c-85d76c0d5d95 req-1e73a098-4bb0-4527-8c8c-85d76c0d5d95 ] Request (QuotasAdminTestV257:_run_cleanups): 204 DELETE http://10.180.1.21/identity/v3/users/295f8de26f774af0a7685c594562c462 0.102s
2025-02-21 13:15:20.582 63113 INFO tempest.lib.common.rest_client [req-257446cb-048c-49d8-8120-b9d3acd5cd0c req-257446cb-048c-49d8-8120-b9d3acd5cd0c ] Request (AggregatesAdminNegativeTestJSON:_run_cleanups): 200 POST http://10.180.1.21/compute/v2.1/os-aggregates/1/action 1.467s
2025-02-21 13:15:20.609 63105 INFO tempest.lib.common.rest_client [req-d192e085-d6bf-42cf-a8e2-d723de183252 req-d192e085-d6bf-42cf-a8e2-d723de183252 ] Request (FlavorsAdminTestJSON:test_create_flavor_verify_entry_in_list_details): 200 GET http://10.180.1.21/compute/v2.1/flavors/detail 1.465s
2025-02-21 13:15:20.660 63127 INFO tempest.lib.common.rest_client [req-cc557bcc-beb5-474f-8acc-c99ac9bd7e29 req-cc557bcc-beb5-474f-8acc-c99ac9bd7e29 ] Request (ListImageFiltersTestJSON:setUpClass): 204 PUT http://10.180.1.21/image/v2/images/e2a37eb6-e32d-40b9-87fa-4519852d1339/file 1.057s
2025-02-21 13:15:20.660 63109 INFO tempest.lib.common.rest_client [req-6c19ee0b-852e-47b9-a40a-af99b652e477 req-6c19ee0b-852e-47b9-a40a-af99b652e477 ] Request (QuotasAdminNegativeTest:test_create_server_when_cpu_quota_is_full): 403 POST http://10.180.1.21/compute/v2.1/servers 2.365s
2025-02-21 13:15:20.677 63145 INFO tempest.lib.common.rest_client [req-8c2c53ae-b63d-48cf-82cc-01017dedd6fe req-8c2c53ae-b63d-48cf-82cc-01017dedd6fe ] Request (ServicesAdminTestJSON:tearDownClass): 204 DELETE http://10.180.1.21:9696/networking/v2.0/security-groups/589a1ca9-b1f1-4d70-b129-27136c1b48d6 0.274s
2025-02-21 13:15:20.684 63123 INFO tempest.lib.common.rest_client [req-1a1727a6-21db-4670-b153-6886faa277ff req-1a1727a6-21db-4670-b153-6886faa277ff ] Request (ServersWithSpecificFlavorTestJSON:test_verify_created_server_ephemeral_disk): 200 GET http://10.180.1.21/compute/v2.1/flavors/42/os-extra_specs 1.329s
2025-02-21 13:15:20.702 63147 INFO tempest.lib.common.rest_client [req-3eadfbba-8cc5-44d8-9055-5e0da56635a3 req-3eadfbba-8cc5-44d8-9055-5e0da56635a3 ] Request (QuotasAdminTestV257:_run_cleanups): 204 DELETE http://10.180.1.21/identity/v3/projects/7d01d103da404b599e0dbcc427c3fbb7 0.182s
2025-02-21 13:15:20.765 63160 INFO tempest.lib.common.rest_client [req-14b65fc6-4a58-4fea-b304-969f96eb4699 req-14b65fc6-4a58-4fea-b304-969f96eb4699 ] Request (ServerActionsV293TestJSON:setUpClass): 200 PUT http://10.180.1.21:9696/networking/v2.0/routers/7e85ce35-7b21-403b-931a-e00a179d95d0/add_router_interface 1.392s
2025-02-21 13:15:20.765 63160 INFO tempest.lib.common.dynamic_creds [-] Created isolated network resources for: credentials: Credentials: {'domain_id': 'default', 'domain_name': 'Default', 'username': 'tempest-ServerActionsV293TestJSON-1409986256-project-member', 'project_domain_id': 'default', 'project_domain_name': 'Default', 'project_id': 'a6a29aa310ea4115b05ee24f7f3c7786', 'project_name': 'tempest-ServerActionsV293TestJSON-1409986256', 'tenant_id': 'a6a29aa310ea4115b05ee24f7f3c7786', 'tenant_name': 'tempest-ServerActionsV293TestJSON-1409986256', 'user_domain_id': 'default', 'user_domain_name': 'Default', 'user_id': 'd7301272c1ed4a4e8cec8001316876bb', 'system': None}, Network: {'id': 'f1f3fc65-e6ed-4896-a5bf-7becd6ded61a', 'name': 'tempest-ServerActionsV293TestJSON-1013272855-network', 'tenant_id': 'a6a29aa310ea4115b05ee24f7f3c7786', 'admin_state_up': True, 'mtu': 8950, 'status': 'ACTIVE', 'subnets': [], 'shared': False, 'project_id': 'a6a29aa310ea4115b05ee24f7f3c7786', 'port_security_enabled': True, 'router:external': False, 'provider:network_type': 'vlan', 'provider:physical_network': 'default', 'provider:segmentation_id': 991, 'availability_zone_hints': [], 'availability_zones': [], 'ipv4_address_scope': None, 'ipv6_address_scope': None, 'description': '', 'tags': [], 'created_at': '2025-02-21T13:15:17Z', 'updated_at': '2025-02-21T13:15:17Z', 'revision_number': 1}, Subnet: {'id': '90688ed7-9025-4573-84cc-a51b69576b02', 'name': 'tempest-ServerActionsV293TestJSON-1013272855-subnet', 'tenant_id': 'a6a29aa310ea4115b05ee24f7f3c7786', 'network_id': 'f1f3fc65-e6ed-4896-a5bf-7becd6ded61a', 'ip_version': 4, 'subnetpool_id': None, 'enable_dhcp': True, 'ipv6_ra_mode': None, 'ipv6_address_mode': None, 'gateway_ip': '192.168.128.1', 'cidr': '192.168.128.0/28', 'allocation_pools': [{'start': '192.168.128.2', 'end': '192.168.128.14'}], 'host_routes': [], 'dns_nameservers': [], 'description': '', 'router:external': False, 'service_types': [], 'tags': [], 'created_at': '2025-02-21T13:15:17Z', 'updated_at': '2025-02-21T13:15:17Z', 'revision_number': 0, 'project_id': 'a6a29aa310ea4115b05ee24f7f3c7786'}, Router: {'id': '7e85ce35-7b21-403b-931a-e00a179d95d0', 'name': 'tempest-ServerActionsV293TestJSON-1013272855-router', 'tenant_id': 'a6a29aa310ea4115b05ee24f7f3c7786', 'admin_state_up': True, 'status': 'ACTIVE', 'external_gateway_info': {'network_id': '581a0282-30d7-4757-8b0b-7889e00bc70d', 'external_fixed_ips': [{'subnet_id': '834b7546-060a-4d4e-a9f7-c65d64dcb3cf', 'ip_address': '10.180.180.229'}], 'enable_snat': True}, 'description': '', 'availability_zones': [], 'distributed': False, 'ha': False, 'availability_zone_hints': [], 'routes': [], 'flavor_id': None, 'tags': [], 'created_at': '2025-02-21T13:15:17Z', 'updated_at': '2025-02-21T13:15:18Z', 'revision_number': 2, 'project_id': 'a6a29aa310ea4115b05ee24f7f3c7786'}
2025-02-21 13:15:20.811 63137 INFO tempest.lib.common.rest_client [req-76684cdb-a8ce-4db1-8663-25916fe58a12 req-76684cdb-a8ce-4db1-8663-25916fe58a12 ] Request (VolumesAssistedSnapshotsTest:test_volume_assisted_snapshot_create_delete): 200 POST http://10.180.1.21/compute/v2.1/os-keypairs 1.497s
2025-02-21 13:15:20.825 63155 INFO tempest.lib.common.rest_client [req-581307d7-384a-47ef-a1a4-08206434c8ba req-581307d7-384a-47ef-a1a4-08206434c8ba ] Request (ServersAdmin275Test:test_rebuild_update_server_275): 200 GET http://10.180.1.21/compute/v2.1/servers/df2a4178-c972-44e0-9657-050f5defaa99 1.432s
2025-02-21 13:15:20.841 63155 INFO tempest.common.waiters [-] State transition "BUILD/None" ==> "BUILD/spawning" after 2 second wait
2025-02-21 13:15:20.849 63147 INFO tempest.lib.common.rest_client [req-5cc116a7-fe34-4446-ad85-5cc974d35f5a req-5cc116a7-fe34-4446-ad85-5cc974d35f5a ] Request (QuotasAdminTestV257:tearDownClass): 204 DELETE http://10.180.1.21/identity/v3/users/233b6dc73aca45879716055c15939ea8 0.140s
2025-02-21 13:15:20.853 63145 INFO tempest.lib.common.rest_client [req-0fdc42f4-7c97-4830-b360-db7a7c9a68b7 req-0fdc42f4-7c97-4830-b360-db7a7c9a68b7 ] Request (ServicesAdminTestJSON:tearDownClass): 204 DELETE http://10.180.1.21/identity/v3/projects/7f3b665d9afa4a4ca8dcbcd3d259602c 0.176s
2025-02-21 13:15:20.854 63145 INFO tempest.lib.common.dynamic_creds [-] Deleting project and security group for project: 5b5e2ef8456d4e809e864e1d5cdf8a37
2025-02-21 13:15:20.923 63160 INFO tempest.lib.common.rest_client [req-ef608b18-a315-4fdd-a050-a21d39c27a14 req-ef608b18-a315-4fdd-a050-a21d39c27a14 ] Request (ServerActionsV293TestJSON:setUpClass): 201 POST http://10.180.1.21/identity/v3/auth/tokens 0.154s
2025-02-21 13:15:21.002 63147 INFO tempest.lib.common.rest_client [req-69b898a3-cd96-4e4c-a735-2b2c78d36af6 req-69b898a3-cd96-4e4c-a735-2b2c78d36af6 ] Request (QuotasAdminTestV257:tearDownClass): 204 DELETE http://10.180.1.21/identity/v3/users/ec2cb48fd23743db944d05e3a284a3d9 0.153s
2025-02-21 13:15:21.002 63147 INFO tempest.lib.common.dynamic_creds [-] Deleting project and security group for project: 2cbad4d5643f4500a8a4b86f3712852f
2025-02-21 13:15:21.011 63161 INFO tempest.lib.common.rest_client [req-c3d9535a-885e-4e66-b488-77f3b3c79963 req-c3d9535a-885e-4e66-b488-77f3b3c79963 ] Request (DeleteServersAdminTestJSON:test_admin_delete_servers_of_others): 200 GET http://10.180.1.21/compute/v2.1/servers/2657025e-31dd-4dce-b33e-29c73d8e9838 1.450s
2025-02-21 13:15:21.025 63137 INFO tempest.lib.common.rest_client [req-79d5b1b0-67d5-4101-8a0c-d93c0357983b req-79d5b1b0-67d5-4101-8a0c-d93c0357983b ] Request (VolumesAssistedSnapshotsTest:test_volume_assisted_snapshot_create_delete): 201 POST http://10.180.1.21:9696/networking/v2.0/security-groups 0.212s
2025-02-21 13:15:21.053 63157 INFO tempest.lib.common.rest_client [req-0f253163-e3a2-429f-b131-1f4d8b742894 req-0f253163-e3a2-429f-b131-1f4d8b742894 ] Request (KeyPairsV22TestJSON:test_keypair_create_delete): 201 POST http://10.180.1.21/compute/v2.1/os-keypairs 1.479s
2025-02-21 13:15:21.072 63145 INFO tempest.lib.common.rest_client [req-ac6d8b81-92cd-477c-89cc-915c4e584866 req-ac6d8b81-92cd-477c-89cc-915c4e584866 ] Request (ServicesAdminTestJSON:tearDownClass): 200 GET http://10.180.1.21:9696/networking/v2.0/security-groups?tenant_id=5b5e2ef8456d4e809e864e1d5cdf8a37&name=default 0.218s
2025-02-21 13:15:21.090 63147 INFO tempest.lib.common.rest_client [req-f9c45275-bfb1-462d-8607-a7fbddf33dc3 req-f9c45275-bfb1-462d-8607-a7fbddf33dc3 ] Request (QuotasAdminTestV257:tearDownClass): 201 POST http://10.180.1.21/identity/v3/auth/tokens 0.088s
2025-02-21 13:15:21.175 63137 INFO tempest.lib.common.rest_client [req-14b13af4-b461-4cc8-a2d5-98553da7c305 req-14b13af4-b461-4cc8-a2d5-98553da7c305 ] Request (VolumesAssistedSnapshotsTest:test_volume_assisted_snapshot_create_delete): 201 POST http://10.180.1.21:9696/networking/v2.0/security-group-rules 0.148s
2025-02-21 13:15:21.223 63145 INFO tempest.lib.common.rest_client [req-ed7c7962-97eb-4e65-af63-1048ebc3bc27 req-ed7c7962-97eb-4e65-af63-1048ebc3bc27 ] Request (ServicesAdminTestJSON:tearDownClass): 204 DELETE http://10.180.1.21:9696/networking/v2.0/security-groups/155a6a33-171e-481b-a1d1-49ab1aed5bb1 0.149s
2025-02-21 13:15:21.249 63107 INFO tempest.lib.common.rest_client [req-5a6d17ba-ee49-4c5c-9e45-0feddef408c8 req-5a6d17ba-ee49-4c5c-9e45-0feddef408c8 ] Request (InstanceUsageAuditLogTestJSON:test_get_instance_usage_audit_log): 200 GET http://10.180.1.21/compute/v2.1/os-instance_usage_audit_log/2025-02-21%2013%3A15%3A19 1.584s
2025-02-21 13:15:21.308 63145 INFO tempest.lib.common.rest_client [req-3e4bedde-d055-4db3-b2a5-6d84a5fdda61 req-3e4bedde-d055-4db3-b2a5-6d84a5fdda61 ] Request (ServicesAdminTestJSON:tearDownClass): 204 DELETE http://10.180.1.21/identity/v3/projects/5b5e2ef8456d4e809e864e1d5cdf8a37 0.085s
2025-02-21 13:15:21.330 63137 INFO tempest.lib.common.rest_client [req-d68245e9-5c07-4a6f-ac13-f39ef8bd533b req-d68245e9-5c07-4a6f-ac13-f39ef8bd533b ] Request (VolumesAssistedSnapshotsTest:test_volume_assisted_snapshot_create_delete): 201 POST http://10.180.1.21:9696/networking/v2.0/security-group-rules 0.155s
