2025-02-21 13:16:13.006 63147 INFO tempest.lib.common.rest_client [req-679f1b7c-9fb0-4f1b-80b9-67d73abae3ee req-679f1b7c-9fb0-4f1b-80b9-67d73abae3ee ] Request (ServerMetadataNegativeTestJSON:test_update_metadata_with_blank_key): 400 POST http://10.180.1.21/compute/v2.1/servers/900fe4d9-6c69-4178-8c2d-5af07fa5718f/metadata 0.352s
2025-02-21 13:16:13.017 63141 INFO tempest.lib.common.rest_client [req-6830b677-b8c5-41db-a688-e44610dab852 req-6830b677-b8c5-41db-a688-e44610dab852 ] Request (VolumesGetTestJSON:tearDownClass): 204 DELETE http://10.180.1.21:9696/networking/v2.0/security-groups/5aad6c81-2bb1-45c1-a79d-c40d1d1455d6 0.140s
2025-02-21 13:16:13.021 63119 INFO tempest.common.waiters [-] State transition "BUILD/networking" ==> "BUILD/spawning" after 27 second wait
2025-02-21 13:16:13.093 63105 INFO tempest.lib.common.rest_client [req-db77a554-ba29-4ee1-8f37-f170faeb5775 req-db77a554-ba29-4ee1-8f37-f170faeb5775 ] Request (HypervisorAdminNegativeUnderV252Test:setUpClass): 201 POST http://10.180.1.21/identity/v3/auth/tokens 0.123s
2025-02-21 13:16:13.119 63133 INFO tempest.lib.common.rest_client [req-abcbdfe3-925c-49a2-8148-f7594407b36b req-abcbdfe3-925c-49a2-8148-f7594407b36b ] Request (ServersAdminTestJSON:setUpClass): 200 GET http://10.180.1.21/compute/v2.1/servers/4f4f114c-34cc-42f6-9aec-21178b0234f5 0.207s
2025-02-21 13:16:13.123 63113 INFO tempest.lib.common.rest_client [req-646c0a99-d048-4151-9cc1-44eb4dd86698 req-646c0a99-d048-4151-9cc1-44eb4dd86698 ] Request (SecurityGroupsNegativeTestJSON:test_delete_security_group_without_passing_id): 404 DELETE http://10.180.1.21/compute/v2.1/os-security-groups/ 0.201s
2025-02-21 13:16:13.149 63143 INFO tempest.lib.common.rest_client [req-6ef1e699-3fc0-4179-9081-bfc4c26dc5e6 req-6ef1e699-3fc0-4179-9081-bfc4c26dc5e6 ] Request (ServerExternalEventsTest:tearDownClass): 404 GET http://10.180.1.21/compute/v2.1/servers/a2590c28-a9fa-4e6c-9750-459b05b06621 0.190s
2025-02-21 13:16:13.150 63107 INFO tempest.lib.common.rest_client [req-a0a33563-29c4-433e-8453-26b6a0b1489e req-a0a33563-29c4-433e-8453-26b6a0b1489e ] Request (FloatingIPDetailsTestJSON:tearDownClass): 204 DELETE http://10.180.1.21:9696/networking/v2.0/subnets/93318757-12d7-4adc-9b94-8a4e122de073 0.245s
2025-02-21 13:16:13.202 63141 INFO tempest.lib.common.rest_client [req-5bd250a9-9cf7-4651-a7cd-cfe8a4af6ecc req-5bd250a9-9cf7-4651-a7cd-cfe8a4af6ecc ] Request (VolumesGetTestJSON:tearDownClass): 204 DELETE http://10.180.1.21/identity/v3/projects/09a3229346ac4d9e9fdb4503e4ab2db1 0.185s
2025-02-21 13:16:13.244 63127 INFO tempest.lib.common.rest_client [req-713fd7ea-b1a9-4101-8a42-a34a27fc6c20 req-713fd7ea-b1a9-4101-8a42-a34a27fc6c20 ] Request (ListImageFiltersTestJSON:setUpClass): 200 GET http://10.180.1.21/compute/v2.1/servers/7fae0278-8fc3-4512-964d-b318c2d1259c 0.405s
2025-02-21 13:16:13.255 63147 INFO tempest.lib.common.rest_client [req-5746b65c-da66-432b-a68e-e08e3b2fce33 req-5746b65c-da66-432b-a68e-e08e3b2fce33 ] Request (ServerMetadataNegativeTestJSON:tearDownClass): 204 DELETE http://10.180.1.21/compute/v2.1/servers/900fe4d9-6c69-4178-8c2d-5af07fa5718f 0.247s
2025-02-21 13:16:13.341 63143 INFO tempest.lib.common.rest_client [req-5215414a-3672-4560-8c91-f18d3ace9ebd req-5215414a-3672-4560-8c91-f18d3ace9ebd ] Request (ServerExternalEventsTest:tearDownClass): 204 DELETE http://10.180.1.21/identity/v3/users/2088c0a30c964f4e8580dbe633d76d82 0.190s
2025-02-21 13:16:13.362 63155 INFO tempest.lib.common.rest_client [req-06ea9194-93e1-4196-98f1-cf8de9461d6c req-06ea9194-93e1-4196-98f1-cf8de9461d6c ] Request (ServersAdmin275Test:tearDownClass): 200 GET http://10.180.1.21/compute/v2.1/servers/df2a4178-c972-44e0-9657-050f5defaa99 0.326s
2025-02-21 13:16:13.379 63157 INFO tempest.lib.common.rest_client [req-41e26b4c-b162-47cc-8a7c-76bce475204f req-41e26b4c-b162-47cc-8a7c-76bce475204f ] Request (ServerActionsTestOtherB:setUpClass): 200 GET http://10.180.1.21/compute/v2.1/servers/8fb48046-cb42-4250-a73a-046e1bc69f96 0.373s
2025-02-21 13:16:13.434 63107 INFO tempest.lib.common.rest_client [req-67e328a7-5170-4d5b-a6d0-578d85cad95e req-67e328a7-5170-4d5b-a6d0-578d85cad95e ] Request (FloatingIPDetailsTestJSON:tearDownClass): 204 DELETE http://10.180.1.21:9696/networking/v2.0/networks/8919f7ee-09ca-4df9-b350-09ea1f3da6b1 0.284s
2025-02-21 13:16:13.469 63103 INFO tempest.lib.common.rest_client [req-15cbe368-7746-46d5-bf34-44118442329e req-15cbe368-7746-46d5-bf34-44118442329e ] Request (FloatingIPsAssociationTestJSON:setUpClass): 200 GET http://10.180.1.21/compute/v2.1/servers/c090804d-2123-4487-9152-dfce486bd17b 0.362s
2025-02-21 13:16:13.537 63143 INFO tempest.lib.common.rest_client [req-2364b44a-9dde-4820-a9fa-71c7c1acb832 req-2364b44a-9dde-4820-a9fa-71c7c1acb832 ] Request (ServerExternalEventsTest:tearDownClass): 204 DELETE http://10.180.1.21/identity/v3/users/82f2949787a049fa947d1a6d985f0f5c 0.195s
2025-02-21 13:16:13.546 63105 INFO tempest.lib.common.rest_client [req-3f3546a0-8618-4125-8ebd-ffed02e758e0 req-3f3546a0-8618-4125-8ebd-ffed02e758e0 ] Request (HypervisorAdminNegativeUnderV252Test:test_search_hypervisor_with_non_admin_user): 200 GET http://10.180.1.21/compute/v2.1/os-hypervisors 0.450s
2025-02-21 13:16:13.564 63151 INFO tempest.lib.common.rest_client [req-cda57139-b8d7-46ad-91e3-b0ba315ae476 req-cda57139-b8d7-46ad-91e3-b0ba315ae476 ] Request (TenantUsagesTestJSON:tearDownClass): 200 GET http://10.180.1.21/compute/v2.1/servers/8e887dc9-bb1d-440b-889e-ff2968127e93 0.441s
2025-02-21 13:16:13.618 63121 INFO tempest.lib.common.rest_client [req-6abd3bab-93d3-4427-b168-6eaf53d63d07 req-6abd3bab-93d3-4427-b168-6eaf53d63d07 ] Request (AttachInterfacesUnderV243Test:test_add_remove_fixed_ip): 200 GET http://10.180.1.21/compute/v2.1/servers/faa282f6-f946-4f8e-aea8-23c8ea493f18 0.428s
2025-02-21 13:16:13.661 63107 INFO tempest.lib.common.rest_client [req-33bf9b66-f256-41a6-b9d2-92580f104bff req-33bf9b66-f256-41a6-b9d2-92580f104bff ] Request (FloatingIPDetailsTestJSON:tearDownClass): 204 DELETE http://10.180.1.21/identity/v3/users/31f3f6a9e6f24ffaacec78fc0d2c24a1 0.227s
2025-02-21 13:16:13.662 63107 INFO tempest.lib.common.dynamic_creds [-] Deleting project and security group for project: fcd4848ce34440479c996cc2dda7fd82
2025-02-21 13:16:13.688 63143 INFO tempest.lib.common.rest_client [req-451945db-22d1-49e0-801d-461620f9f916 req-451945db-22d1-49e0-801d-461620f9f916 ] Request (ServerExternalEventsTest:tearDownClass): 204 DELETE http://10.180.1.21/identity/v3/users/3ad1e6f324a24afabef90f84347a076a 0.151s
2025-02-21 13:16:13.688 63143 INFO tempest.lib.common.dynamic_creds [-] Deleting project and security group for project: 2b0f60ceb005463081a1e36ba3e3d9a8
2025-02-21 13:16:13.700 63101 INFO tempest.lib.common.rest_client [req-f62c8d0f-d05e-4e6e-9554-638495f6d641 req-f62c8d0f-d05e-4e6e-9554-638495f6d641 ] Request (ServerDiagnosticsNegativeTest:test_get_server_diagnostics_by_non_admin): 200 GET http://10.180.1.21/compute/v2.1/servers/0db29d19-ff59-4f09-8ebb-62c3f4ad3688 0.506s
2025-02-21 13:16:13.712 63107 INFO tempest.lib.common.rest_client [req-19a78f73-98bc-4f11-b0de-bb80373d37cc req-19a78f73-98bc-4f11-b0de-bb80373d37cc ] Request (FloatingIPDetailsTestJSON:tearDownClass): 200 GET http://10.180.1.21:9696/networking/v2.0/security-groups?tenant_id=fcd4848ce34440479c996cc2dda7fd82&name=default 0.050s
2025-02-21 13:16:13.767 63143 INFO tempest.lib.common.rest_client [req-11f5cb5f-fc35-491c-a553-3d8950dd875b req-11f5cb5f-fc35-491c-a553-3d8950dd875b ] Request (ServerExternalEventsTest:tearDownClass): 201 POST http://10.180.1.21/identity/v3/auth/tokens 0.078s
2025-02-21 13:16:13.866 63107 INFO tempest.lib.common.rest_client [req-c8bf99b1-6b8f-4df6-91d3-2879a2b5e2e2 req-c8bf99b1-6b8f-4df6-91d3-2879a2b5e2e2 ] Request (FloatingIPDetailsTestJSON:tearDownClass): 204 DELETE http://10.180.1.21:9696/networking/v2.0/security-groups/d4be77e8-6ab3-4cbc-85f0-704b0036b67b 0.152s
2025-02-21 13:16:13.887 63143 INFO tempest.lib.common.rest_client [req-84364f54-b79e-49a5-81b0-2ba0a217137c req-84364f54-b79e-49a5-81b0-2ba0a217137c ] Request (ServerExternalEventsTest:tearDownClass): 200 GET http://10.180.1.21:9696/networking/v2.0/security-groups?tenant_id=2b0f60ceb005463081a1e36ba3e3d9a8&name=default 0.120s
2025-02-21 13:16:13.896 63147 INFO tempest.lib.common.rest_client [req-6cbd3846-b5ce-43f2-a709-ec6c591d5234 req-6cbd3846-b5ce-43f2-a709-ec6c591d5234 ] Request (ServerMetadataNegativeTestJSON:tearDownClass): 200 GET http://10.180.1.21/compute/v2.1/servers/900fe4d9-6c69-4178-8c2d-5af07fa5718f 0.641s
2025-02-21 13:16:13.940 63107 INFO tempest.lib.common.rest_client [req-4045a1d4-c6d8-4a81-891d-4e60c972fa0e req-4045a1d4-c6d8-4a81-891d-4e60c972fa0e ] Request (FloatingIPDetailsTestJSON:tearDownClass): 204 DELETE http://10.180.1.21/identity/v3/projects/fcd4848ce34440479c996cc2dda7fd82 0.073s
2025-02-21 13:16:13.955 63115 INFO tempest.lib.common.rest_client [req-d086375c-3276-49fe-a841-694c26857088 req-d086375c-3276-49fe-a841-694c26857088 ] Request (ServerAddressesTestJSON:setUpClass): 200 GET http://10.180.1.21/compute/v2.1/servers/1cb0dd52-e92e-4d1f-82ad-926fd793c889 0.689s
2025-02-21 13:16:14.013 63113 INFO tempest.lib.common.rest_client [req-3c9bf555-830c-42b9-9d63-fe570c07296a req-3c9bf555-830c-42b9-9d63-fe570c07296a ] Request (SecurityGroupsNegativeTestJSON:test_delete_the_default_security_group): 200 GET http://10.180.1.21/compute/v2.1/os-security-groups 0.889s
2025-02-21 13:16:14.027 63107 INFO tempest.lib.common.rest_client [req-5bbd676b-b098-4c41-97f7-ef82282286ef req-5bbd676b-b098-4c41-97f7-ef82282286ef ] Request (ServerDiskConfigTestJSON:setUpClass): 201 POST http://10.180.1.21/identity/v3/auth/tokens 0.086s
2025-02-21 13:16:14.040 63160 INFO tempest.lib.common.rest_client [req-9d99208f-69ca-4775-9777-c7fa2c4b4374 req-9d99208f-69ca-4775-9777-c7fa2c4b4374 ] Request (ServerActionsV293TestJSON:setUpClass): 200 GET http://10.180.1.21/compute/v2.1/servers/02090911-ad5f-45bf-b0e4-910751803230 0.768s
2025-02-21 13:16:14.085 63107 INFO tempest.lib.common.rest_client [req-f911d26c-39b2-4c13-bde1-d14a2bf38f42 req-f911d26c-39b2-4c13-bde1-d14a2bf38f42 ] Request (ServerDiskConfigTestJSON:setUpClass): 201 POST http://10.180.1.21/identity/v3/auth/tokens 0.049s
2025-02-21 13:16:14.085 63143 INFO tempest.lib.common.rest_client [req-69499263-c513-4f7f-8b3a-0fc0bda8d2d9 req-69499263-c513-4f7f-8b3a-0fc0bda8d2d9 ] Request (ServerExternalEventsTest:tearDownClass): 204 DELETE http://10.180.1.21:9696/networking/v2.0/security-groups/e2f3140d-d06d-40e7-9719-ba1446ff3270 0.198s
2025-02-21 13:16:14.117 63135 INFO tempest.lib.common.rest_client [req-98dfd976-a3fd-4435-bad1-d16772594e02 req-98dfd976-a3fd-4435-bad1-d16772594e02 ] Request (MultipleCreateTestJSON:test_multiple_create): 200 GET http://10.180.1.21/compute/v2.1/servers/6dcd7eb9-4ab3-4adc-929c-239fb1ff30d8 0.724s
2025-02-21 13:16:14.124 63107 INFO tempest.lib.common.rest_client [req-6283a5bb-d71d-43ff-be73-224405d95752 req-6283a5bb-d71d-43ff-be73-224405d95752 ] Request (ServerDiskConfigTestJSON:setUpClass): 200 GET http://10.180.1.21/identity/v3/domains?name=Default 0.038s
2025-02-21 13:16:14.165 63107 INFO tempest.lib.common.rest_client [req-f2dd58a0-c7f3-4a60-98fb-1225ad9383f4 req-f2dd58a0-c7f3-4a60-98fb-1225ad9383f4 ] Request (ServerDiskConfigTestJSON:setUpClass): 201 POST http://10.180.1.21/identity/v3/projects 0.041s
2025-02-21 13:16:14.180 63143 INFO tempest.lib.common.rest_client [req-a5bebfe3-6e2d-4ec8-bfb3-c6dc13db2483 req-a5bebfe3-6e2d-4ec8-bfb3-c6dc13db2483 ] Request (ServerExternalEventsTest:tearDownClass): 204 DELETE http://10.180.1.21/identity/v3/projects/2b0f60ceb005463081a1e36ba3e3d9a8 0.094s
2025-02-21 13:16:14.180 63143 INFO tempest.lib.common.dynamic_creds [-] Deleting project and security group for project: 1e66b3df378c47d09bea0190dbbbfcc3
2025-02-21 13:16:14.184 63117 INFO tempest.lib.common.rest_client [req-cb7fb04d-e1c0-441c-ace4-5bf4c1dc9015 req-cb7fb04d-e1c0-441c-ace4-5bf4c1dc9015 ] Request (MigrationsAdminTest:test_list_migrations_in_flavor_resize_situation): 200 GET http://10.180.1.21/compute/v2.1/servers/2ebb4556-1741-48cc-b40c-45cde919e39d 0.729s
2025-02-21 13:16:14.218 63099 INFO tempest.lib.common.rest_client [req-f9b88359-5ff0-4731-af96-c74807766b6d req-f9b88359-5ff0-4731-af96-c74807766b6d ] Request (ServerDiagnosticsTest:tearDownClass): 200 GET http://10.180.1.21/compute/v2.1/servers/bbcb03aa-5ac8-4871-a785-e0c7fe8e8362 0.726s
2025-02-21 13:16:14.228 63111 INFO tempest.lib.common.rest_client [req-f7f50d1c-17ba-4d32-996d-d1b39e9d61fc req-f7f50d1c-17ba-4d32-996d-d1b39e9d61fc ] Request (ImagesOneServerTestJSON:test_create_image_specify_multibyte_character_image_name): 200 GET http://10.180.1.21/compute/v2.1/images/234e44ac-0671-4b7a-9d75-834b8c874849 0.710s
2025-02-21 13:16:14.245 63107 INFO tempest.lib.common.rest_client [req-6ea136ec-84ca-46dc-b2ee-fd114b26d602 req-6ea136ec-84ca-46dc-b2ee-fd114b26d602 ] Request (ServerDiskConfigTestJSON:setUpClass): 201 POST http://10.180.1.21/identity/v3/users 0.079s
2025-02-21 13:16:14.290 63107 INFO tempest.lib.common.rest_client [req-da70e31c-686d-4f7a-93f0-e6209de2da6f req-da70e31c-686d-4f7a-93f0-e6209de2da6f ] Request (ServerDiskConfigTestJSON:setUpClass): 200 GET http://10.180.1.21/identity/v3/roles 0.045s
2025-02-21 13:16:14.303 63143 INFO tempest.lib.common.rest_client [req-bb17ef78-5b7c-4c43-a4fe-f58ebb91f407 req-bb17ef78-5b7c-4c43-a4fe-f58ebb91f407 ] Request (ServerExternalEventsTest:tearDownClass): 200 GET http://10.180.1.21:9696/networking/v2.0/security-groups?tenant_id=1e66b3df378c47d09bea0190dbbbfcc3&name=default 0.122s
2025-02-21 13:16:14.318 63161 INFO tempest.lib.common.rest_client [req-2d97ef76-871d-45ce-88ad-73a4801bf566 req-2d97ef76-871d-45ce-88ad-73a4801bf566 ] Request (DeleteServersAdminTestJSON:test_delete_server_while_in_error_state): 200 GET http://10.180.1.21/compute/v2.1/servers/f1429713-ecf1-481d-b4ae-a50abab28758 0.745s
2025-02-21 13:16:14.342 63107 INFO tempest.lib.common.rest_client [req-c7204f7a-a768-49bf-a74d-31914bb38bb9 req-c7204f7a-a768-49bf-a74d-31914bb38bb9 ] Request (ServerDiskConfigTestJSON:setUpClass): 204 PUT http://10.180.1.21/identity/v3/projects/6040a19d646444a1b94ba64960498974/users/cd622c0591594158ad66d3adf5802426/roles/6ca8e68721af4b37a29ef57d71885291 0.052s
2025-02-21 13:16:14.343 63107 INFO tempest.lib.common.dynamic_creds [-] Dynamic test user cd622c0591594158ad66d3adf5802426 is created with scope project and roles: ['member']
2025-02-21 13:16:14.343 63107 INFO tempest.lib.common.dynamic_creds [-] Acquired dynamic creds: credentials: Credentials: {'domain_id': 'default', 'domain_name': 'Default', 'username': 'tempest-ServerDiskConfigTestJSON-2131327107-project-member', 'project_domain_id': 'default', 'project_domain_name': 'Default', 'project_id': '6040a19d646444a1b94ba64960498974', 'project_name': 'tempest-ServerDiskConfigTestJSON-2131327107', 'tenant_id': '6040a19d646444a1b94ba64960498974', 'tenant_name': 'tempest-ServerDiskConfigTestJSON-2131327107', 'user_domain_id': 'default', 'user_domain_name': 'Default', 'user_id': 'cd622c0591594158ad66d3adf5802426', 'system': None}, Network: None, Subnet: None, Router: None
2025-02-21 13:16:14.375 63105 INFO tempest.lib.common.rest_client [req-f10eb10f-3e06-44ef-b1a8-f083c5b1d258 req-f10eb10f-3e06-44ef-b1a8-f083c5b1d258 ] Request (HypervisorAdminNegativeUnderV252Test:test_search_hypervisor_with_non_admin_user): 403 GET http://10.180.1.21/compute/v2.1/os-hypervisors/domain-c8.fc996f14-c53b-4953-92e3-bdfa48f5cc28/search 0.827s
2025-02-21 13:16:14.401 63145 INFO tempest.lib.common.rest_client [req-b1262507-6c7b-4cac-8fd1-9707ff226a0e req-b1262507-6c7b-4cac-8fd1-9707ff226a0e ] Request (ServersTestJSON:test_create_server_with_ipv6_addr_only): 200 GET http://10.180.1.21/compute/v2.1/servers/7bc03c18-24a9-4e83-aaf7-a16af8164829 0.811s
2025-02-21 13:16:14.408 63107 INFO tempest.lib.common.rest_client [req-18fea6fc-de0d-4604-aa09-e897f6fefa59 req-18fea6fc-de0d-4604-aa09-e897f6fefa59 ] Request (ServerDiskConfigTestJSON:setUpClass): 201 POST http://10.180.1.21/identity/v3/auth/tokens 0.065s
2025-02-21 13:16:14.423 63143 INFO tempest.lib.common.rest_client [req-3b44be59-a185-471a-b702-12d6e0ee8a04 req-3b44be59-a185-471a-b702-12d6e0ee8a04 ] Request (ServerExternalEventsTest:tearDownClass): 204 DELETE http://10.180.1.21:9696/networking/v2.0/security-groups/38d26987-5a64-444f-af93-432dad0f7eca 0.119s
2025-02-21 13:16:14.440 63129 INFO tempest.lib.common.rest_client [req-50b8c73c-5408-42fd-b7be-128059c90b17 req-50b8c73c-5408-42fd-b7be-128059c90b17 ] Request (ServersTestBootFromVolume:setUpClass): 200 GET http://10.180.1.21/compute/v2.1/servers/11541cf8-c651-4963-a4d6-cd08aa6362d3 0.792s
2025-02-21 13:16:14.477 63132 INFO tempest.lib.common.rest_client [req-37b3da78-312a-48ea-bc97-0811493bcf8c req-37b3da78-312a-48ea-bc97-0811493bcf8c ] Request (ServerShowV254Test:test_rebuild_server): 200 GET http://10.180.1.21/compute/v2.1/servers/2ad7347f-4dbc-40ab-bbbc-20bf0270c595 0.791s
2025-02-21 13:16:14.490 63143 INFO tempest.lib.common.rest_client [req-3b663c17-2b54-4b3c-b3aa-df740f9ec2eb req-3b663c17-2b54-4b3c-b3aa-df740f9ec2eb ] Request (ServerExternalEventsTest:tearDownClass): 204 DELETE http://10.180.1.21/identity/v3/projects/1e66b3df378c47d09bea0190dbbbfcc3 0.066s
2025-02-21 13:16:14.490 63143 INFO tempest.lib.common.dynamic_creds [-] Deleting project and security group for project: c60a327e642448389e8bcf6b5cc7b439
2025-02-21 13:16:14.560 63113 INFO tempest.lib.common.rest_client [req-e27f6c83-3806-4adf-a033-9929d4416f80 req-e27f6c83-3806-4adf-a033-9929d4416f80 ] Request (SecurityGroupsNegativeTestJSON:test_delete_the_default_security_group): 400 DELETE http://10.180.1.21/compute/v2.1/os-security-groups/13254d46-0a8e-49e6-bf09-7bb036d1af70 0.544s
2025-02-21 13:16:14.561 63125 INFO tempest.lib.common.rest_client [req-6a4f6521-e872-4f47-90b5-442b5e7bc326 req-6a4f6521-e872-4f47-90b5-442b5e7bc326 ] Request (FloatingIPsAssociationNegativeTestJSON:setUpClass): 200 GET http://10.180.1.21/compute/v2.1/servers/09d95907-3227-4273-b0ca-cc7dcfd19c53 0.705s
2025-02-21 13:16:14.680 63143 INFO tempest.lib.common.rest_client [req-a327cc05-999b-4967-808d-8e01c76c2c93 req-a327cc05-999b-4967-808d-8e01c76c2c93 ] Request (ServerExternalEventsTest:tearDownClass): 200 GET http://10.180.1.21:9696/networking/v2.0/security-groups?tenant_id=c60a327e642448389e8bcf6b5cc7b439&name=default 0.190s
2025-02-21 13:16:14.684 63109 INFO tempest.lib.common.rest_client [req-faf606de-ce35-4649-9b45-5b9dc464b0f2 req-faf606de-ce35-4649-9b45-5b9dc464b0f2 ] Request (ServerDiagnosticsV248Test:test_get_server_diagnostics): 200 GET http://10.180.1.21/compute/v2.1/servers/1faa0941-bb46-4496-84a8-4c3cb7ee3b8a 0.652s
2025-02-21 13:16:14.698 63109 INFO tempest.common.waiters [-] State transition "BUILD/spawning" ==> "ACTIVE/None" after 33 second wait
2025-02-21 13:16:14.709 63119 INFO tempest.lib.common.rest_client [req-f5f6cf13-8f62-43cb-9665-253fe61335a4 req-f5f6cf13-8f62-43cb-9665-253fe61335a4 ] Request (InstanceActionsV221TestJSON:test_get_list_deleted_instance_actions): 200 GET http://10.180.1.21/compute/v2.1/servers/a220bf16-ddd8-4fea-b6c9-e3003a069641 0.686s
2025-02-21 13:16:14.783 63133 INFO tempest.lib.common.rest_client [req-73111742-6418-4b3a-b6e1-14e538c49e92 req-73111742-6418-4b3a-b6e1-14e538c49e92 ] Request (ServersAdminTestJSON:setUpClass): 200 GET http://10.180.1.21/compute/v2.1/servers/4f4f114c-34cc-42f6-9aec-21178b0234f5 0.655s
2025-02-21 13:16:14.792 63105 INFO tempest.lib.common.rest_client [req-1520c834-e0c7-449d-a9cc-35c0a6cdcbcd req-1520c834-e0c7-449d-a9cc-35c0a6cdcbcd ] Request (HypervisorAdminNegativeUnderV252Test:test_search_nonexistent_hypervisor): 404 GET http://10.180.1.21/compute/v2.1/os-hypervisors/nonexistent_hypervisor_name/search 0.416s
2025-02-21 13:16:14.792 63137 WARNING tempest.lib.common.ssh [-] Failed to establish authenticated ssh connection to cirros@10.180.180.132 ([Errno None] Unable to connect to port 22 on 10.180.180.132). Number attempts: 4. Retry after 5 seconds.: paramiko.ssh_exception.NoValidConnectionsError: [Errno None] Unable to connect to port 22 on 10.180.180.132
2025-02-21 13:16:14.795 63133 INFO tempest.common.waiters [-] State transition "BUILD/scheduling" ==> "BUILD/None" after 20 second wait
2025-02-21 13:16:14.843 63143 INFO tempest.lib.common.rest_client [req-d31255a0-5138-4c79-9ecf-1dd19141285f req-d31255a0-5138-4c79-9ecf-1dd19141285f ] Request (ServerExternalEventsTest:tearDownClass): 204 DELETE http://10.180.1.21:9696/networking/v2.0/security-groups/2a1d9809-bd54-4d14-918c-26f2b63c9c73 0.162s
2025-02-21 13:16:14.862 63127 INFO tempest.lib.common.rest_client [req-0de63fb7-0c8d-4905-b6f5-cd307a94a209 req-0de63fb7-0c8d-4905-b6f5-cd307a94a209 ] Request (ListImageFiltersTestJSON:setUpClass): 200 GET http://10.180.1.21/compute/v2.1/servers/7fae0278-8fc3-4512-964d-b318c2d1259c 0.600s
2025-02-21 13:16:14.866 63107 INFO tempest.lib.common.rest_client [req-d5e4da0d-025b-40ff-9789-581b45f4ab61 req-d5e4da0d-025b-40ff-9789-581b45f4ab61 ] Request (ServerDiskConfigTestJSON:setUpClass): 201 POST http://10.180.1.21:9696/networking/v2.0/networks 0.457s
2025-02-21 13:16:14.882 63155 INFO tempest.lib.common.rest_client [req-0911293f-2b62-47a8-8722-fcedf4d565ec req-0911293f-2b62-47a8-8722-fcedf4d565ec ] Request (ServersAdmin275Test:tearDownClass): 200 GET http://10.180.1.21/compute/v2.1/servers/df2a4178-c972-44e0-9657-050f5defaa99 0.490s
2025-02-21 13:16:14.932 63157 INFO tempest.lib.common.rest_client [req-8ccd601d-1f38-4172-af9f-94be56a14c2a req-8ccd601d-1f38-4172-af9f-94be56a14c2a ] Request (ServerActionsTestOtherB:setUpClass): 200 GET http://10.180.1.21/compute/v2.1/servers/8fb48046-cb42-4250-a73a-046e1bc69f96 0.536s
2025-02-21 13:16:14.935 63143 INFO tempest.lib.common.rest_client [req-acb575e2-5d21-4af3-a093-7ad972fbda89 req-acb575e2-5d21-4af3-a093-7ad972fbda89 ] Request (ServerExternalEventsTest:tearDownClass): 204 DELETE http://10.180.1.21/identity/v3/projects/c60a327e642448389e8bcf6b5cc7b439 0.091s
2025-02-21 13:16:14.940 63103 INFO tempest.lib.common.rest_client [req-69936990-1cef-4368-9663-77e0a90bd5d2 req-69936990-1cef-4368-9663-77e0a90bd5d2 ] Request (FloatingIPsAssociationTestJSON:setUpClass): 200 GET http://10.180.1.21/compute/v2.1/servers/c090804d-2123-4487-9152-dfce486bd17b 0.460s
2025-02-21 13:16:14.956 63113 INFO tempest.lib.common.rest_client [req-b3d63856-53d6-45b3-a1a2-badb0952e99c req-b3d63856-53d6-45b3-a1a2-badb0952e99c ] Request (SecurityGroupsNegativeTestJSON:test_security_group_get_nonexistent_group): 404 GET http://10.180.1.21/compute/v2.1/os-security-groups/7b7e98c8-a672-476e-9c29-7a00e5089234 0.393s
2025-02-21 13:16:15.004 63151 INFO tempest.lib.common.rest_client [req-0cb82a09-1f86-413d-a8df-85f7b7bc9e42 req-0cb82a09-1f86-413d-a8df-85f7b7bc9e42 ] Request (TenantUsagesTestJSON:tearDownClass): 200 GET http://10.180.1.21/compute/v2.1/servers/8e887dc9-bb1d-440b-889e-ff2968127e93 0.426s
2025-02-21 13:16:15.002 63143 INFO tempest.lib.common.rest_client [req-62fe23a5-ca10-40cc-8fdf-ade69f71b1a3 req-62fe23a5-ca10-40cc-8fdf-ade69f71b1a3 ] Request (ServersAdminNegativeTestJSON:setUpClass): 201 POST http://10.180.1.21/identity/v3/auth/tokens 0.064s
2025-02-21 13:16:15.031 63121 INFO tempest.lib.common.rest_client [req-ac153a68-3f84-46db-b738-45f3c5bc26f0 req-ac153a68-3f84-46db-b738-45f3c5bc26f0 ] Request (AttachInterfacesUnderV243Test:test_add_remove_fixed_ip): 200 GET http://10.180.1.21/compute/v2.1/servers/faa282f6-f946-4f8e-aea8-23c8ea493f18 0.396s
2025-02-21 13:16:15.036 63143 INFO tempest.lib.common.rest_client [req-19209fab-a96d-470a-a39d-7c0d84e7d6d3 req-19209fab-a96d-470a-a39d-7c0d84e7d6d3 ] Request (ServersAdminNegativeTestJSON:setUpClass): 201 POST http://10.180.1.21/identity/v3/auth/tokens 0.030s
2025-02-21 13:16:15.073 63143 INFO tempest.lib.common.rest_client [req-40cff9be-cac2-4ff9-b73b-ea0bc816e27e req-40cff9be-cac2-4ff9-b73b-ea0bc816e27e ] Request (ServersAdminNegativeTestJSON:setUpClass): 200 GET http://10.180.1.21/identity/v3/domains?name=Default 0.036s
2025-02-21 13:16:15.087 63107 INFO tempest.lib.common.rest_client [req-f3363055-d3b2-4cd1-bf2f-9d204cbf6eae req-f3363055-d3b2-4cd1-bf2f-9d204cbf6eae ] Request (ServerDiskConfigTestJSON:setUpClass): 201 POST http://10.180.1.21:9696/networking/v2.0/subnets 0.220s
2025-02-21 13:16:15.106 63101 INFO tempest.lib.common.rest_client [req-269231f1-095b-4b4d-bb1d-5ffe7cffcf31 req-269231f1-095b-4b4d-bb1d-5ffe7cffcf31 ] Request (ServerDiagnosticsNegativeTest:test_get_server_diagnostics_by_non_admin): 200 GET http://10.180.1.21/compute/v2.1/servers/0db29d19-ff59-4f09-8ebb-62c3f4ad3688 0.389s
2025-02-21 13:16:15.117 63143 INFO tempest.lib.common.rest_client [req-49250ae5-c3c5-4d57-a547-b24b947ddb8a req-49250ae5-c3c5-4d57-a547-b24b947ddb8a ] Request (ServersAdminNegativeTestJSON:setUpClass): 201 POST http://10.180.1.21/identity/v3/projects 0.043s
2025-02-21 13:16:15.128 63105 INFO tempest.lib.common.rest_client [req-2665b671-6088-47b1-af96-7d709b1f15c9 req-2665b671-6088-47b1-af96-7d709b1f15c9 ] Request (HypervisorAdminNegativeUnderV252Test:test_show_servers_with_non_admin_user): 200 GET http://10.180.1.21/compute/v2.1/os-hypervisors 0.334s
2025-02-21 13:16:15.221 63143 INFO tempest.lib.common.rest_client [req-d2ebf75b-f9c5-4740-94af-6bbbb5a8116e req-d2ebf75b-f9c5-4740-94af-6bbbb5a8116e ] Request (ServersAdminNegativeTestJSON:setUpClass): 201 POST http://10.180.1.21/identity/v3/users 0.104s
2025-02-21 13:16:15.246 63143 INFO tempest.lib.common.rest_client [req-7604ecd0-1393-4fa4-872e-27b855ae6bca req-7604ecd0-1393-4fa4-872e-27b855ae6bca ] Request (ServersAdminNegativeTestJSON:setUpClass): 200 GET http://10.180.1.21/identity/v3/roles 0.025s
2025-02-21 13:16:15.277 63143 INFO tempest.lib.common.rest_client [req-b3b7427f-8197-42a2-bf90-9a166a518128 req-b3b7427f-8197-42a2-bf90-9a166a518128 ] Request (ServersAdminNegativeTestJSON:setUpClass): 204 PUT http://10.180.1.21/identity/v3/projects/645753cf2ecf4fc49d614ca59287ac16/users/e82dab1244a04e09b1431bab3cebaf75/roles/6ca8e68721af4b37a29ef57d71885291 0.029s
2025-02-21 13:16:15.277 63143 INFO tempest.lib.common.dynamic_creds [-] Dynamic test user e82dab1244a04e09b1431bab3cebaf75 is created with scope project and roles: ['member']
2025-02-21 13:16:15.277 63143 INFO tempest.lib.common.dynamic_creds [-] Acquired dynamic creds: credentials: Credentials: {'domain_id': 'default', 'domain_name': 'Default', 'username': 'tempest-ServersAdminNegativeTestJSON-39006248-project-member', 'project_domain_id': 'default', 'project_domain_name': 'Default', 'project_id': '645753cf2ecf4fc49d614ca59287ac16', 'project_name': 'tempest-ServersAdminNegativeTestJSON-39006248', 'tenant_id': '645753cf2ecf4fc49d614ca59287ac16', 'tenant_name': 'tempest-ServersAdminNegativeTestJSON-39006248', 'user_domain_id': 'default', 'user_domain_name': 'Default', 'user_id': 'e82dab1244a04e09b1431bab3cebaf75', 'system': None}, Network: None, Subnet: None, Router: None
2025-02-21 13:16:15.277 63143 INFO tempest.lib.common.dynamic_creds [-] Created isolated network resources for: credentials: Credentials: {'domain_id': 'default', 'domain_name': 'Default', 'username': 'tempest-ServersAdminNegativeTestJSON-39006248-project-member', 'project_domain_id': 'default', 'project_domain_name': 'Default', 'project_id': '645753cf2ecf4fc49d614ca59287ac16', 'project_name': 'tempest-ServersAdminNegativeTestJSON-39006248', 'tenant_id': '645753cf2ecf4fc49d614ca59287ac16', 'tenant_name': 'tempest-ServersAdminNegativeTestJSON-39006248', 'user_domain_id': 'default', 'user_domain_name': 'Default', 'user_id': 'e82dab1244a04e09b1431bab3cebaf75', 'system': None}, Network: None, Subnet: None, Router: None
2025-02-21 13:16:15.362 63143 INFO tempest.lib.common.rest_client [req-fe3a3a2b-04bc-4038-8d25-58efc9531b11 req-fe3a3a2b-04bc-4038-8d25-58efc9531b11 ] Request (ServersAdminNegativeTestJSON:setUpClass): 201 POST http://10.180.1.21/identity/v3/auth/tokens 0.082s
2025-02-21 13:16:15.430 63143 INFO tempest.lib.common.rest_client [req-b9543ada-e7e0-4baf-8f52-8a96810596a3 req-b9543ada-e7e0-4baf-8f52-8a96810596a3 ] Request (ServersAdminNegativeTestJSON:setUpClass): 201 POST http://10.180.1.21/identity/v3/projects 0.068s
2025-02-21 13:16:15.449 63147 INFO tempest.lib.common.rest_client [req-f1885437-7613-4cc2-a131-b378579a5ddb req-f1885437-7613-4cc2-a131-b378579a5ddb ] Request (ServerMetadataNegativeTestJSON:tearDownClass): 200 GET http://10.180.1.21/compute/v2.1/servers/900fe4d9-6c69-4178-8c2d-5af07fa5718f 0.543s
2025-02-21 13:16:15.494 63113 INFO tempest.lib.common.rest_client [req-daa3b4d3-88c7-46df-b8b6-e8a4a67b140e req-daa3b4d3-88c7-46df-b8b6-e8a4a67b140e ] Request (SecurityGroupsNegativeTestJSON:test_update_non_existent_security_group): 404 PUT http://10.180.1.21/compute/v2.1/os-security-groups/1ff92465-1ad8-443b-b7d5-43db43d43da7 0.536s
2025-02-21 13:16:15.514 63143 INFO tempest.lib.common.rest_client [req-c5431313-44ed-45b8-be8a-8ffa620eccfa req-c5431313-44ed-45b8-be8a-8ffa620eccfa ] Request (ServersAdminNegativeTestJSON:setUpClass): 201 POST http://10.180.1.21/identity/v3/users 0.083s
2025-02-21 13:16:15.541 63143 INFO tempest.lib.common.rest_client [req-63bcec83-6156-4b82-8754-a8d4acd2cc86 req-63bcec83-6156-4b82-8754-a8d4acd2cc86 ] Request (ServersAdminNegativeTestJSON:setUpClass): 200 GET http://10.180.1.21/identity/v3/roles 0.027s
2025-02-21 13:16:15.574 63143 INFO tempest.lib.common.rest_client [req-8b8e1219-0ea3-4023-b613-3e79c8fe5af6 req-8b8e1219-0ea3-4023-b613-3e79c8fe5af6 ] Request (ServersAdminNegativeTestJSON:setUpClass): 204 PUT http://10.180.1.21/identity/v3/projects/624697d6820a4031af872afdd01f6150/users/95c803c6ab654f63a7ffc42c2e6fbcc7/roles/f561b7a556a24d9c91bdbd2e42057a6c 0.033s
2025-02-21 13:16:15.581 63115 INFO tempest.lib.common.rest_client [req-15d655f7-0f9d-4243-a152-1dc87876e714 req-15d655f7-0f9d-4243-a152-1dc87876e714 ] Request (ServerAddressesTestJSON:setUpClass): 200 GET http://10.180.1.21/compute/v2.1/servers/1cb0dd52-e92e-4d1f-82ad-926fd793c889 0.613s
2025-02-21 13:16:15.631 63143 INFO tempest.lib.common.rest_client [req-ee98ad6d-eb2c-48c2-89dc-16edbc39d645 req-ee98ad6d-eb2c-48c2-89dc-16edbc39d645 ] Request (ServersAdminNegativeTestJSON:setUpClass): 200 GET http://10.180.1.21/identity/v3/roles 0.056s
2025-02-21 13:16:15.659 63143 INFO tempest.lib.common.rest_client [req-59b196f3-5ccf-4932-a309-844b865c8cef req-59b196f3-5ccf-4932-a309-844b865c8cef ] Request (ServersAdminNegativeTestJSON:setUpClass): 204 PUT http://10.180.1.21/identity/v3/projects/624697d6820a4031af872afdd01f6150/users/95c803c6ab654f63a7ffc42c2e6fbcc7/roles/f561b7a556a24d9c91bdbd2e42057a6c 0.027s
2025-02-21 13:16:15.659 63143 INFO tempest.lib.common.dynamic_creds [-] Dynamic test user 95c803c6ab654f63a7ffc42c2e6fbcc7 is created with scope project and roles: ['admin']
2025-02-21 13:16:15.659 63143 INFO tempest.lib.common.dynamic_creds [-] Acquired dynamic creds: credentials: Credentials: {'domain_id': 'default', 'domain_name': 'Default', 'username': 'tempest-ServersAdminNegativeTestJSON-788086196-project-admin', 'project_domain_id': 'default', 'project_domain_name': 'Default', 'project_id': '624697d6820a4031af872afdd01f6150', 'project_name': 'tempest-ServersAdminNegativeTestJSON-788086196', 'tenant_id': '624697d6820a4031af872afdd01f6150', 'tenant_name': 'tempest-ServersAdminNegativeTestJSON-788086196', 'user_domain_id': 'default', 'user_domain_name': 'Default', 'user_id': '95c803c6ab654f63a7ffc42c2e6fbcc7', 'system': None}, Network: None, Subnet: None, Router: None
2025-02-21 13:16:15.660 63143 INFO tempest.lib.common.dynamic_creds [-] Created isolated network resources for: credentials: Credentials: {'domain_id': 'default', 'domain_name': 'Default', 'username': 'tempest-ServersAdminNegativeTestJSON-788086196-project-admin', 'project_domain_id': 'default', 'project_domain_name': 'Default', 'project_id': '624697d6820a4031af872afdd01f6150', 'project_name': 'tempest-ServersAdminNegativeTestJSON-788086196', 'tenant_id': '624697d6820a4031af872afdd01f6150', 'tenant_name': 'tempest-ServersAdminNegativeTestJSON-788086196', 'user_domain_id': 'default', 'user_domain_name': 'Default', 'user_id': '95c803c6ab654f63a7ffc42c2e6fbcc7', 'system': None}, Network: None, Subnet: None, Router: None
2025-02-21 13:16:15.660 63160 INFO tempest.lib.common.rest_client [req-35aea197-0343-46d2-9181-fccd127bea63 req-35aea197-0343-46d2-9181-fccd127bea63 ] Request (ServerActionsV293TestJSON:setUpClass): 200 GET http://10.180.1.21/compute/v2.1/servers/02090911-ad5f-45bf-b0e4-910751803230 0.606s
2025-02-21 13:16:15.712 63109 INFO tempest.lib.common.rest_client [req-9a0fe8a3-de0e-4f5c-8ce7-7a7ffcf67849 req-9a0fe8a3-de0e-4f5c-8ce7-7a7ffcf67849 ] Request (ServerDiagnosticsV248Test:test_get_server_diagnostics): 200 GET http://10.180.1.21/compute/v2.1/servers/1faa0941-bb46-4496-84a8-4c3cb7ee3b8a/diagnostics 1.013s
2025-02-21 13:16:15.721 63105 INFO tempest.lib.common.rest_client [req-4763ff6c-2a86-44f1-8131-2e3736ededb9 req-4763ff6c-2a86-44f1-8131-2e3736ededb9 ] Request (HypervisorAdminNegativeUnderV252Test:test_show_servers_with_non_admin_user): 403 GET http://10.180.1.21/compute/v2.1/os-hypervisors/1/servers 0.592s
2025-02-21 13:16:15.738 63135 INFO tempest.lib.common.rest_client [req-2278f465-2952-485a-ad6c-de61360ef9d4 req-2278f465-2952-485a-ad6c-de61360ef9d4 ] Request (MultipleCreateTestJSON:test_multiple_create): 200 GET http://10.180.1.21/compute/v2.1/servers/6dcd7eb9-4ab3-4adc-929c-239fb1ff30d8 0.612s
2025-02-21 13:16:15.744 63143 INFO tempest.lib.common.rest_client [req-c24b9d9d-84d2-454e-bc23-1ab7dfe8235f req-c24b9d9d-84d2-454e-bc23-1ab7dfe8235f ] Request (ServersAdminNegativeTestJSON:setUpClass): 201 POST http://10.180.1.21/identity/v3/auth/tokens 0.073s
2025-02-21 13:16:15.745 63143 WARNING tempest.lib.common.rest_client [-] Deprecated: "tenant_id" property is deprecated for removal, use "project_id" instead
2025-02-21 13:16:15.807 63099 INFO tempest.lib.common.rest_client [req-8fde8baa-c68b-4375-a467-37d4f3f8db2b req-8fde8baa-c68b-4375-a467-37d4f3f8db2b ] Request (ServerDiagnosticsTest:tearDownClass): 200 GET http://10.180.1.21/compute/v2.1/servers/bbcb03aa-5ac8-4871-a785-e0c7fe8e8362 0.577s
2025-02-21 13:16:15.839 63143 INFO tempest.lib.common.rest_client [req-4c2ecae1-7031-495e-b867-9971d528107f req-4c2ecae1-7031-495e-b867-9971d528107f ] Request (ServersAdminNegativeTestJSON:setUpClass): 201 POST http://10.180.1.21/identity/v3/auth/tokens 0.090s
2025-02-21 13:16:15.841 63143 INFO tempest.lib.common.fixed_network [-] (ServersAdminNegativeTestJSON:setUpClass) Found network None available for tenant
2025-02-21 13:16:15.851 63111 INFO tempest.lib.common.rest_client [req-821070c3-8a8c-4fb3-9a23-97e1469f3280 req-821070c3-8a8c-4fb3-9a23-97e1469f3280 ] Request (ImagesOneServerTestJSON:test_create_image_specify_multibyte_character_image_name): 200 GET http://10.180.1.21/compute/v2.1/images/234e44ac-0671-4b7a-9d75-834b8c874849 0.617s
2025-02-21 13:16:15.922 63117 INFO tempest.lib.common.rest_client [req-07af16c6-b441-4205-b4d8-e15b93b1d4d2 req-07af16c6-b441-4205-b4d8-e15b93b1d4d2 ] Request (MigrationsAdminTest:test_list_migrations_in_flavor_resize_situation): 200 GET http://10.180.1.21/compute/v2.1/servers/2ebb4556-1741-48cc-b40c-45cde919e39d 0.729s
2025-02-21 13:16:15.922 63161 INFO tempest.lib.common.rest_client [req-0ab483f9-eecf-4d8f-a0bf-88e0dc1a095b req-0ab483f9-eecf-4d8f-a0bf-88e0dc1a095b ] Request (DeleteServersAdminTestJSON:test_delete_server_while_in_error_state): 200 GET http://10.180.1.21/compute/v2.1/servers/f1429713-ecf1-481d-b4ae-a50abab28758 0.584s
2025-02-21 13:16:15.978 63129 INFO tempest.lib.common.rest_client [req-1f53a9b1-ecd3-4692-83be-8e146978eb33 req-1f53a9b1-ecd3-4692-83be-8e146978eb33 ] Request (ServersTestBootFromVolume:setUpClass): 200 GET http://10.180.1.21/compute/v2.1/servers/11541cf8-c651-4963-a4d6-cd08aa6362d3 0.524s
2025-02-21 13:16:15.981 63145 INFO tempest.lib.common.rest_client [req-642537e7-faa4-4cce-81de-9ba31296728f req-642537e7-faa4-4cce-81de-9ba31296728f ] Request (ServersTestJSON:test_create_server_with_ipv6_addr_only): 200 GET http://10.180.1.21/compute/v2.1/servers/7bc03c18-24a9-4e83-aaf7-a16af8164829 0.569s
2025-02-21 13:16:16.063 63132 INFO tempest.lib.common.rest_client [req-3d51b4bf-6612-45ed-a3cf-cf70b2b2d206 req-3d51b4bf-6612-45ed-a3cf-cf70b2b2d206 ] Request (ServerShowV254Test:test_rebuild_server): 200 GET http://10.180.1.21/compute/v2.1/servers/2ad7347f-4dbc-40ab-bbbc-20bf0270c595 0.575s
2025-02-21 13:16:16.137 63125 INFO tempest.lib.common.rest_client [req-d34cf4e0-12bd-4214-a49d-ea878d372282 req-d34cf4e0-12bd-4214-a49d-ea878d372282 ] Request (FloatingIPsAssociationNegativeTestJSON:setUpClass): 200 GET http://10.180.1.21/compute/v2.1/servers/09d95907-3227-4273-b0ca-cc7dcfd19c53 0.560s
2025-02-21 13:16:16.147 63105 INFO tempest.lib.common.rest_client [req-97070eb4-d799-4b77-89ef-149199321209 req-97070eb4-d799-4b77-89ef-149199321209 ] Request (HypervisorAdminNegativeUnderV252Test:test_show_servers_with_nonexistent_hypervisor): 404 GET http://10.180.1.21/compute/v2.1/os-hypervisors/400b339e-5c6c-4184-91a3-d9eff83c3c19/servers 0.421s
2025-02-21 13:16:16.229 63133 INFO tempest.lib.common.rest_client [req-58f29bc2-b4dd-476c-8137-6cc4d07717a1 req-58f29bc2-b4dd-476c-8137-6cc4d07717a1 ] Request (ServersAdminTestJSON:setUpClass): 200 GET http://10.180.1.21/compute/v2.1/servers/4f4f114c-34cc-42f6-9aec-21178b0234f5 0.429s
2025-02-21 13:16:16.296 63119 INFO tempest.lib.common.rest_client [req-b2a6950a-7d04-4eb4-96d9-10bbbe553a50 req-b2a6950a-7d04-4eb4-96d9-10bbbe553a50 ] Request (InstanceActionsV221TestJSON:test_get_list_deleted_instance_actions): 200 GET http://10.180.1.21/compute/v2.1/servers/a220bf16-ddd8-4fea-b6c9-e3003a069641 0.574s
2025-02-21 13:16:16.305 63105 INFO tempest.lib.common.rest_client [req-dd39fd06-b8fe-4a98-8474-19ab6ce4dbbe req-dd39fd06-b8fe-4a98-8474-19ab6ce4dbbe ] Request (HypervisorAdminNegativeUnderV252Test:tearDownClass): 204 DELETE http://10.180.1.21/identity/v3/users/4973fffca12c4635bd496326ee2ac57e 0.156s
2025-02-21 13:16:16.329 63107 INFO tempest.lib.common.rest_client [req-16cd8dcc-8ea5-4c48-a3d8-788cf2a38303 req-16cd8dcc-8ea5-4c48-a3d8-788cf2a38303 ] Request (ServerDiskConfigTestJSON:setUpClass): 201 POST http://10.180.1.21:9696/networking/v2.0/routers 1.241s
2025-02-21 13:16:16.412 63105 INFO tempest.lib.common.rest_client [req-8908367f-904c-4c7a-be86-e0f064241083 req-8908367f-904c-4c7a-be86-e0f064241083 ] Request (HypervisorAdminNegativeUnderV252Test:tearDownClass): 204 DELETE http://10.180.1.21/identity/v3/users/fbf9154f5d8b4d2ca952f270485a9843 0.107s
2025-02-21 13:16:16.412 63105 INFO tempest.lib.common.dynamic_creds [-] Deleting project and security group for project: 786f10e4b3e744239c720af305af654d
2025-02-21 13:16:16.465 63127 INFO tempest.lib.common.rest_client [req-4420cbad-25be-4e61-9222-0cfac257d7b2 req-4420cbad-25be-4e61-9222-0cfac257d7b2 ] Request (ListImageFiltersTestJSON:setUpClass): 200 GET http://10.180.1.21/compute/v2.1/servers/7fae0278-8fc3-4512-964d-b318c2d1259c 0.592s
2025-02-21 13:16:16.478 63127 INFO tempest.common.waiters [-] State transition "BUILD/spawning" ==> "ACTIVE/None" after 36 second wait
2025-02-21 13:16:16.493 63105 INFO tempest.lib.common.rest_client [req-f57789e4-50de-4e26-85ec-6f71bd8d7ff3 req-f57789e4-50de-4e26-85ec-6f71bd8d7ff3 ] Request (HypervisorAdminNegativeUnderV252Test:tearDownClass): 201 POST http://10.180.1.21/identity/v3/auth/tokens 0.080s
2025-02-21 13:16:16.511 63113 INFO tempest.lib.common.rest_client [req-0dbab3a5-1c1e-4395-ab63-59d8bbe3031f req-0dbab3a5-1c1e-4395-ab63-59d8bbe3031f ] Request (SecurityGroupsNegativeTestJSON:tearDownClass): 200 PUT http://10.180.1.21:9696/networking/v2.0/routers/81fbe2bb-0b3c-45a7-b1ab-399ce289d52d/remove_router_interface 1.014s
2025-02-21 13:16:16.579 63155 INFO tempest.lib.common.rest_client [req-0c7333ba-2de4-4adf-928a-f15bb6c8d9f3 req-0c7333ba-2de4-4adf-928a-f15bb6c8d9f3 ] Request (ServersAdmin275Test:tearDownClass): 200 GET http://10.180.1.21/compute/v2.1/servers/df2a4178-c972-44e0-9657-050f5defaa99 0.682s
2025-02-21 13:16:16.732 63143 INFO tempest.lib.common.rest_client [req-5220852b-a44f-4a8f-8e5f-c2526985310e req-5220852b-a44f-4a8f-8e5f-c2526985310e ] Request (ServersAdminNegativeTestJSON:setUpClass): 202 POST http://10.180.1.21/compute/v2.1/servers 0.890s
2025-02-21 13:16:16.799 63103 INFO tempest.lib.common.rest_client [req-ec77308f-49cc-4555-80d1-abb8b1522ab9 req-ec77308f-49cc-4555-80d1-abb8b1522ab9 ] Request (FloatingIPsAssociationTestJSON:setUpClass): 200 GET http://10.180.1.21/compute/v2.1/servers/c090804d-2123-4487-9152-dfce486bd17b 0.850s
2025-02-21 13:16:16.822 63151 INFO tempest.lib.common.rest_client [req-7da2cb00-f0f9-4af0-a671-f790033b7532 req-7da2cb00-f0f9-4af0-a671-f790033b7532 ] Request (TenantUsagesTestJSON:tearDownClass): 404 GET http://10.180.1.21/compute/v2.1/servers/8e887dc9-bb1d-440b-889e-ff2968127e93 0.810s
2025-02-21 13:16:16.906 63121 INFO tempest.lib.common.rest_client [req-ace09ea2-c4d3-4dd0-8533-38a4ffa604d9 req-ace09ea2-c4d3-4dd0-8533-38a4ffa604d9 ] Request (AttachInterfacesUnderV243Test:test_add_remove_fixed_ip): 200 GET http://10.180.1.21/compute/v2.1/servers/faa282f6-f946-4f8e-aea8-23c8ea493f18 0.868s
2025-02-21 13:16:16.953 63157 INFO tempest.lib.common.rest_client [req-697a506c-ed19-4ad9-bebe-4f0d326d84fe req-697a506c-ed19-4ad9-bebe-4f0d326d84fe ] Request (ServerActionsTestOtherB:setUpClass): 200 GET http://10.180.1.21/compute/v2.1/servers/8fb48046-cb42-4250-a73a-046e1bc69f96 1.012s
2025-02-21 13:16:16.975 63151 INFO tempest.lib.common.rest_client [req-93c83c8b-3a66-4a64-8cf1-c0fe35fe81ec req-93c83c8b-3a66-4a64-8cf1-c0fe35fe81ec ] Request (TenantUsagesTestJSON:tearDownClass): 204 DELETE http://10.180.1.21/identity/v3/users/ff72fbe6407b4ab5846cb4ab34d522b6 0.152s
2025-02-21 13:16:16.982 63101 INFO tempest.lib.common.rest_client [req-0b3bb169-107b-4ad9-900d-c161085abacb req-0b3bb169-107b-4ad9-900d-c161085abacb ] Request (ServerDiagnosticsNegativeTest:test_get_server_diagnostics_by_non_admin): 200 GET http://10.180.1.21/compute/v2.1/servers/0db29d19-ff59-4f09-8ebb-62c3f4ad3688 0.866s
2025-02-21 13:16:17.031 63123 WARNING tempest.lib.common.ssh [-] Failed to establish authenticated ssh connection to cirros@10.180.180.171 ([Errno None] Unable to connect to port 22 on 10.180.180.171). Number attempts: 3. Retry after 4 seconds.: paramiko.ssh_exception.NoValidConnectionsError: [Errno None] Unable to connect to port 22 on 10.180.180.171
2025-02-21 13:16:17.080 63147 INFO tempest.lib.common.rest_client [req-78b9abec-44df-4751-a234-955de791a7df req-78b9abec-44df-4751-a234-955de791a7df ] Request (ServerMetadataNegativeTestJSON:tearDownClass): 200 GET http://10.180.1.21/compute/v2.1/servers/900fe4d9-6c69-4178-8c2d-5af07fa5718f 0.623s
2025-02-21 13:16:17.087 63147 INFO tempest.common.waiters [-] State transition "ACTIVE/deleting" ==> "DELETED/None" after 4 second wait
2025-02-21 13:16:17.177 63127 INFO tempest.lib.common.rest_client [req-c0428ebc-8aef-43d1-aea2-66687cd9467f req-c0428ebc-8aef-43d1-aea2-66687cd9467f ] Request (ListImageFiltersTestJSON:setUpClass): 200 GET http://10.180.1.21/compute/v2.1/servers/68d17830-6e76-4274-952c-a10fb963aa1b 0.698s
2025-02-21 13:16:17.188 63115 INFO tempest.lib.common.rest_client [req-b4ab1aba-4aff-4431-8e89-edd1e3251dfe req-b4ab1aba-4aff-4431-8e89-edd1e3251dfe ] Request (ServerAddressesTestJSON:setUpClass): 200 GET http://10.180.1.21/compute/v2.1/servers/1cb0dd52-e92e-4d1f-82ad-926fd793c889 0.594s
2025-02-21 13:16:17.197 63105 INFO tempest.lib.common.rest_client [req-cf5f8739-99ff-495c-aa7f-26f830b1fd6f req-cf5f8739-99ff-495c-aa7f-26f830b1fd6f ] Request (HypervisorAdminNegativeUnderV252Test:tearDownClass): 200 GET http://10.180.1.21:9696/networking/v2.0/security-groups?tenant_id=786f10e4b3e744239c720af305af654d&name=default 0.703s
2025-02-21 13:16:17.224 63151 INFO tempest.lib.common.rest_client [req-39d8a956-a770-4137-b2e8-8e0dbb6aca1c req-39d8a956-a770-4137-b2e8-8e0dbb6aca1c ] Request (TenantUsagesTestJSON:tearDownClass): 204 DELETE http://10.180.1.21/identity/v3/users/1ce72bad99e94df69c405c62261bf53f 0.249s
2025-02-21 13:16:17.224 63151 INFO tempest.lib.common.dynamic_creds [-] Deleting project and security group for project: 2f751cce840f4769bd422e3b954f3c1f
2025-02-21 13:16:17.291 63160 INFO tempest.lib.common.rest_client [req-20732151-ce93-4373-950c-a49b36b202b3 req-20732151-ce93-4373-950c-a49b36b202b3 ] Request (ServerActionsV293TestJSON:setUpClass): 200 GET http://10.180.1.21/compute/v2.1/servers/02090911-ad5f-45bf-b0e4-910751803230 0.607s
2025-02-21 13:16:17.292 63143 INFO tempest.lib.common.rest_client [req-4106308c-bb45-4eff-a8c5-e630a93ec2d3 req-4106308c-bb45-4eff-a8c5-e630a93ec2d3 ] Request (ServersAdminNegativeTestJSON:setUpClass): 200 GET http://10.180.1.21/compute/v2.1/servers/20645462-846a-4517-aee8-38a9211096bc 0.557s
2025-02-21 13:16:17.313 63151 INFO tempest.lib.common.rest_client [req-0119186c-d781-428e-916e-16e903fc5627 req-0119186c-d781-428e-916e-16e903fc5627 ] Request (TenantUsagesTestJSON:tearDownClass): 201 POST http://10.180.1.21/identity/v3/auth/tokens 0.089s
2025-02-21 13:16:17.352 63139 WARNING tempest.lib.common.ssh [-] Failed to establish authenticated ssh connection to cirros@10.180.180.192 ([Errno None] Unable to connect to port 22 on 10.180.180.192). Number attempts: 5. Retry after 6 seconds.: paramiko.ssh_exception.NoValidConnectionsError: [Errno None] Unable to connect to port 22 on 10.180.180.192
2025-02-21 13:16:17.366 63135 INFO tempest.lib.common.rest_client [req-f17a24f4-dcdb-4a27-9f5a-2dc4afe37758 req-f17a24f4-dcdb-4a27-9f5a-2dc4afe37758 ] Request (MultipleCreateTestJSON:test_multiple_create): 200 GET http://10.180.1.21/compute/v2.1/servers/6dcd7eb9-4ab3-4adc-929c-239fb1ff30d8 0.618s
2025-02-21 13:16:17.391 63099 INFO tempest.lib.common.rest_client [req-a892b67c-e635-4232-af9d-87dd8250c8d1 req-a892b67c-e635-4232-af9d-87dd8250c8d1 ] Request (ServerDiagnosticsTest:tearDownClass): 200 GET http://10.180.1.21/compute/v2.1/servers/bbcb03aa-5ac8-4871-a785-e0c7fe8e8362 0.573s
2025-02-21 13:16:17.423 63111 INFO tempest.lib.common.rest_client [req-ab5e8684-d9a9-4cdb-bd68-54e43b6af1c5 req-ab5e8684-d9a9-4cdb-bd68-54e43b6af1c5 ] Request (ImagesOneServerTestJSON:test_create_image_specify_multibyte_character_image_name): 200 GET http://10.180.1.21/compute/v2.1/images/234e44ac-0671-4b7a-9d75-834b8c874849 0.565s
2025-02-21 13:16:17.431 63105 INFO tempest.lib.common.rest_client [req-0fe764e3-ac66-4239-b4f4-253086bebd9f req-0fe764e3-ac66-4239-b4f4-253086bebd9f ] Request (HypervisorAdminNegativeUnderV252Test:tearDownClass): 204 DELETE http://10.180.1.21:9696/networking/v2.0/security-groups/d5eb4af3-c169-4ef0-86ef-2eea6bc89a62 0.234s
2025-02-21 13:16:17.479 63161 INFO tempest.lib.common.rest_client [req-d130f9b8-d55c-44a4-8e82-88cc234f3bcd req-d130f9b8-d55c-44a4-8e82-88cc234f3bcd ] Request (DeleteServersAdminTestJSON:test_delete_server_while_in_error_state): 200 GET http://10.180.1.21/compute/v2.1/servers/f1429713-ecf1-481d-b4ae-a50abab28758 0.547s
2025-02-21 13:16:17.486 63151 INFO tempest.lib.common.rest_client [req-e63a712d-d67f-4244-a8b7-bcb777cb27ce req-e63a712d-d67f-4244-a8b7-bcb777cb27ce ] Request (TenantUsagesTestJSON:tearDownClass): 200 GET http://10.180.1.21:9696/networking/v2.0/security-groups?tenant_id=2f751cce840f4769bd422e3b954f3c1f&name=default 0.172s
2025-02-21 13:16:17.491 63161 INFO tempest.common.waiters [-] State transition "BUILD/scheduling" ==> "BUILD/None" after 22 second wait
2025-02-21 13:16:17.527 63105 INFO tempest.lib.common.rest_client [req-9bc8db09-ec59-45a8-921a-7201ccdd5965 req-9bc8db09-ec59-45a8-921a-7201ccdd5965 ] Request (HypervisorAdminNegativeUnderV252Test:tearDownClass): 204 DELETE http://10.180.1.21/identity/v3/projects/786f10e4b3e744239c720af305af654d 0.095s
2025-02-21 13:16:17.528 63105 INFO tempest.lib.common.dynamic_creds [-] Deleting project and security group for project: 24a16ad9d4b04586b8969180806d723a
2025-02-21 13:16:17.545 63129 INFO tempest.lib.common.rest_client [req-886d4c92-eabc-4662-82c0-f6108a4f441d req-886d4c92-eabc-4662-82c0-f6108a4f441d ] Request (ServersTestBootFromVolume:setUpClass): 200 GET http://10.180.1.21/compute/v2.1/servers/11541cf8-c651-4963-a4d6-cd08aa6362d3 0.556s
2025-02-21 13:16:17.611 63145 INFO tempest.lib.common.rest_client [req-bb86a4ba-f3dd-459d-a69a-42ff69ad2a81 req-bb86a4ba-f3dd-459d-a69a-42ff69ad2a81 ] Request (ServersTestJSON:test_create_server_with_ipv6_addr_only): 200 GET http://10.180.1.21/compute/v2.1/servers/7bc03c18-24a9-4e83-aaf7-a16af8164829 0.618s
2025-02-21 13:16:17.663 63117 INFO tempest.lib.common.rest_client [req-e05b2187-b45a-40c8-8ac9-df4847753aa9 req-e05b2187-b45a-40c8-8ac9-df4847753aa9 ] Request (MigrationsAdminTest:test_list_migrations_in_flavor_resize_situation): 200 GET http://10.180.1.21/compute/v2.1/servers/2ebb4556-1741-48cc-b40c-45cde919e39d 0.730s
2025-02-21 13:16:17.663 63113 INFO tempest.lib.common.rest_client [req-3b3977bb-e5b5-4eb8-9fe2-fc95d6f2f3c8 req-3b3977bb-e5b5-4eb8-9fe2-fc95d6f2f3c8 ] Request (SecurityGroupsNegativeTestJSON:tearDownClass): 204 DELETE http://10.180.1.21:9696/networking/v2.0/routers/81fbe2bb-0b3c-45a7-b1ab-399ce289d52d 1.152s
2025-02-21 13:16:17.679 63132 INFO tempest.lib.common.rest_client [req-dbb4c352-cdcc-4aa3-93c8-041a8de2d426 req-dbb4c352-cdcc-4aa3-93c8-041a8de2d426 ] Request (ServerShowV254Test:test_rebuild_server): 200 GET http://10.180.1.21/compute/v2.1/servers/2ad7347f-4dbc-40ab-bbbc-20bf0270c595 0.603s
2025-02-21 13:16:17.692 63132 INFO tempest.common.waiters [-] State transition "REBUILD/rebuild_spawning" ==> "ACTIVE/None" after 10 second wait
2025-02-21 13:16:17.714 63151 INFO tempest.lib.common.rest_client [req-5626b351-541e-4be4-99aa-9892ebf6c34b req-5626b351-541e-4be4-99aa-9892ebf6c34b ] Request (TenantUsagesTestJSON:tearDownClass): 204 DELETE http://10.180.1.21:9696/networking/v2.0/security-groups/9aee6bbb-a299-4192-aa7a-87a17036d3e8 0.228s
