2025-02-21 13:15:49.338 63157 INFO tempest.lib.common.rest_client [req-f7820e11-0967-4575-a9b7-c1eab693c815 req-f7820e11-0967-4575-a9b7-c1eab693c815 ] Request (ServerActionsTestOtherB:setUpClass): 201 POST http://10.180.1.21/identity/v3/users 0.076s
2025-02-21 13:15:49.364 63157 INFO tempest.lib.common.rest_client [req-fb06b7d5-8473-4443-97bf-1988690f574b req-fb06b7d5-8473-4443-97bf-1988690f574b ] Request (ServerActionsTestOtherB:setUpClass): 200 GET http://10.180.1.21/identity/v3/roles 0.026s
2025-02-21 13:15:49.415 63157 INFO tempest.lib.common.rest_client [req-7f59bc37-29e2-4700-8321-916463e86b02 req-7f59bc37-29e2-4700-8321-916463e86b02 ] Request (ServerActionsTestOtherB:setUpClass): 204 PUT http://10.180.1.21/identity/v3/projects/8b01012c47334c55845412481bc4a582/users/c5c79a8aa1ff48d88bcbc999bdc328f8/roles/6ca8e68721af4b37a29ef57d71885291 0.050s
2025-02-21 13:15:49.415 63157 INFO tempest.lib.common.dynamic_creds [-] Dynamic test user c5c79a8aa1ff48d88bcbc999bdc328f8 is created with scope project and roles: ['member']
2025-02-21 13:15:49.415 63157 INFO tempest.lib.common.dynamic_creds [-] Acquired dynamic creds: credentials: Credentials: {'domain_id': 'default', 'domain_name': 'Default', 'username': 'tempest-ServerActionsTestOtherB-808029565-project-member', 'project_domain_id': 'default', 'project_domain_name': 'Default', 'project_id': '8b01012c47334c55845412481bc4a582', 'project_name': 'tempest-ServerActionsTestOtherB-808029565', 'tenant_id': '8b01012c47334c55845412481bc4a582', 'tenant_name': 'tempest-ServerActionsTestOtherB-808029565', 'user_domain_id': 'default', 'user_domain_name': 'Default', 'user_id': 'c5c79a8aa1ff48d88bcbc999bdc328f8', 'system': None}, Network: None, Subnet: None, Router: None
2025-02-21 13:15:49.476 63157 INFO tempest.lib.common.rest_client [req-90eaf611-9fbf-4810-8b34-b143ae484c61 req-90eaf611-9fbf-4810-8b34-b143ae484c61 ] Request (ServerActionsTestOtherB:setUpClass): 201 POST http://10.180.1.21/identity/v3/auth/tokens 0.061s
2025-02-21 13:15:49.562 63099 INFO tempest.lib.common.rest_client [req-fc815c3f-500e-4b0f-acf6-673d11461864 req-fc815c3f-500e-4b0f-acf6-673d11461864 ] Request (ServerDiagnosticsTest:tearDownClass): 200 GET http://10.180.1.21/compute/v2.1/servers/bbcb03aa-5ac8-4871-a785-e0c7fe8e8362 2.022s
2025-02-21 13:15:49.655 63132 INFO tempest.lib.common.rest_client [req-8bbfc27f-7eb3-4a8f-8a62-10ff2e4c2e17 req-8bbfc27f-7eb3-4a8f-8a62-10ff2e4c2e17 ] Request (ServerShowV254Test:test_rebuild_server): 200 GET http://10.180.1.21/compute/v2.1/servers/2ad7347f-4dbc-40ab-bbbc-20bf0270c595 1.953s
2025-02-21 13:15:49.851 63133 INFO tempest.lib.common.rest_client [req-70bc0b01-aba6-438b-8aed-24ff4280cdb7 req-70bc0b01-aba6-438b-8aed-24ff4280cdb7 ] Request (ServersAdminTestJSON:setUpClass): 200 PUT http://10.180.1.21:9696/networking/v2.0/routers/5f932046-7f55-478c-bb2c-3ebd337f3d61/add_router_interface 1.487s
2025-02-21 13:15:49.852 63133 INFO tempest.lib.common.dynamic_creds [-] Created isolated network resources for: credentials: Credentials: {'domain_id': 'default', 'domain_name': 'Default', 'username': 'tempest-ServersAdminTestJSON-816389301-project-admin', 'project_domain_id': 'default', 'project_domain_name': 'Default', 'project_id': 'c8210f7ee9f7423c8901000eedc77d2a', 'project_name': 'tempest-ServersAdminTestJSON-816389301', 'tenant_id': 'c8210f7ee9f7423c8901000eedc77d2a', 'tenant_name': 'tempest-ServersAdminTestJSON-816389301', 'user_domain_id': 'default', 'user_domain_name': 'Default', 'user_id': '3e90f420797c4f0980ff6ad6db56d2d2', 'system': None}, Network: {'id': 'd14c0de8-6fe6-461a-9af1-fce971034918', 'name': 'tempest-ServersAdminTestJSON-885631486-network', 'tenant_id': 'c8210f7ee9f7423c8901000eedc77d2a', 'admin_state_up': True, 'mtu': 8950, 'status': 'ACTIVE', 'subnets': [], 'shared': False, 'project_id': 'c8210f7ee9f7423c8901000eedc77d2a', 'port_security_enabled': True, 'router:external': False, 'provider:network_type': 'vlan', 'provider:physical_network': 'default', 'provider:segmentation_id': 407, 'availability_zone_hints': [], 'availability_zones': [], 'ipv4_address_scope': None, 'ipv6_address_scope': None, 'description': '', 'tags': [], 'created_at': '2025-02-21T13:15:46Z', 'updated_at': '2025-02-21T13:15:46Z', 'revision_number': 1}, Subnet: {'id': 'eeb56525-e7e4-4fb5-a2ae-143b2ad295e9', 'name': 'tempest-ServersAdminTestJSON-885631486-subnet', 'tenant_id': 'c8210f7ee9f7423c8901000eedc77d2a', 'network_id': 'd14c0de8-6fe6-461a-9af1-fce971034918', 'ip_version': 4, 'subnetpool_id': None, 'enable_dhcp': True, 'ipv6_ra_mode': None, 'ipv6_address_mode': None, 'gateway_ip': '192.168.128.1', 'cidr': '192.168.128.0/28', 'allocation_pools': [{'start': '192.168.128.2', 'end': '192.168.128.14'}], 'host_routes': [], 'dns_nameservers': [], 'description': '', 'router:external': False, 'service_types': [], 'tags': [], 'created_at': '2025-02-21T13:15:47Z', 'updated_at': '2025-02-21T13:15:47Z', 'revision_number': 0, 'project_id': 'c8210f7ee9f7423c8901000eedc77d2a'}, Router: {'id': '5f932046-7f55-478c-bb2c-3ebd337f3d61', 'name': 'tempest-ServersAdminTestJSON-885631486-router', 'tenant_id': 'c8210f7ee9f7423c8901000eedc77d2a', 'admin_state_up': True, 'status': 'ACTIVE', 'external_gateway_info': {'network_id': '581a0282-30d7-4757-8b0b-7889e00bc70d', 'external_fixed_ips': [{'subnet_id': '834b7546-060a-4d4e-a9f7-c65d64dcb3cf', 'ip_address': '10.180.180.243'}], 'enable_snat': True}, 'description': '', 'availability_zones': [], 'distributed': False, 'ha': False, 'availability_zone_hints': [], 'routes': [], 'flavor_id': None, 'tags': [], 'created_at': '2025-02-21T13:15:47Z', 'updated_at': '2025-02-21T13:15:47Z', 'revision_number': 2, 'project_id': 'c8210f7ee9f7423c8901000eedc77d2a'}
2025-02-21 13:15:49.870 63123 INFO tempest.lib.common.rest_client [req-64693ef8-9284-4452-bf8a-d2527948e7fb req-64693ef8-9284-4452-bf8a-d2527948e7fb ] Request (ServersWithSpecificFlavorTestJSON:test_verify_created_server_ephemeral_disk): 200 GET http://10.180.1.21/compute/v2.1/servers/471d4a05-6756-49d8-8b02-ba7edaa750f9 1.991s
2025-02-21 13:15:49.881 63123 INFO tempest.common.waiters [-] State transition "BUILD/networking" ==> "BUILD/spawning" after 17 second wait
2025-02-21 13:15:49.891 63107 INFO tempest.lib.common.rest_client [req-7f93c740-2659-4a46-80ee-ee77f0c1d7a1 req-7f93c740-2659-4a46-80ee-ee77f0c1d7a1 ] Request (FlavorsV2TestJSON:test_list_flavors_limit_results): 200 GET http://10.180.1.21/compute/v2.1/flavors?limit=1 1.914s
2025-02-21 13:15:49.927 63160 INFO tempest.lib.common.rest_client [req-8389e0c7-aa7c-4b11-a66a-727b1211bfba req-8389e0c7-aa7c-4b11-a66a-727b1211bfba ] Request (ServerActionsV293TestJSON:setUpClass): 202 POST http://10.180.1.21/compute/v2.1/servers 2.694s
2025-02-21 13:15:49.933 63129 INFO tempest.lib.common.rest_client [req-5c708208-d41f-4867-8d9d-cc826b396f25 req-5c708208-d41f-4867-8d9d-cc826b396f25 ] Request (ServersTestBootFromVolume:setUpClass): 200 GET http://10.180.1.21/volume/v3/volumes/a2db2f5d-90c6-4267-a10b-8d24046164fc 0.047s
2025-02-21 13:15:49.987 63133 INFO tempest.lib.common.rest_client [req-f3a83e47-c4fe-4afc-9462-6a4c7ad18be9 req-f3a83e47-c4fe-4afc-9462-6a4c7ad18be9 ] Request (ServersAdminTestJSON:setUpClass): 201 POST http://10.180.1.21/identity/v3/auth/tokens 0.132s
2025-02-21 13:15:49.997 63119 INFO tempest.lib.common.rest_client [req-528e0b25-a116-451c-ab90-7a11cb360d56 req-528e0b25-a116-451c-ab90-7a11cb360d56 ] Request (InstanceActionsV221TestJSON:test_get_list_deleted_instance_actions): 200 GET http://10.180.1.21/compute/v2.1/servers/a220bf16-ddd8-4fea-b6c9-e3003a069641 2.013s
2025-02-21 13:15:50.070 63133 INFO tempest.lib.common.rest_client [req-655708a4-a689-4159-874f-12b16c83474c req-655708a4-a689-4159-874f-12b16c83474c ] Request (ServersAdminTestJSON:setUpClass): 201 POST http://10.180.1.21/identity/v3/auth/tokens 0.077s
2025-02-21 13:15:50.070 63133 INFO tempest.lib.common.fixed_network [-] (ServersAdminTestJSON:setUpClass) Found network {'id': '159b291f-9442-4476-bd6d-39e954f99e1f', 'name': 'tempest-ServersAdminTestJSON-1288497999-network', 'tenant_id': 'a48441e563474bfa9a02e1964772329e', 'admin_state_up': True, 'mtu': 8950, 'status': 'ACTIVE', 'subnets': [], 'shared': False, 'project_id': 'a48441e563474bfa9a02e1964772329e', 'port_security_enabled': True, 'router:external': False, 'provider:network_type': 'vlan', 'provider:physical_network': 'default', 'provider:segmentation_id': 847, 'availability_zone_hints': [], 'availability_zones': [], 'ipv4_address_scope': None, 'ipv6_address_scope': None, 'description': '', 'tags': [], 'created_at': '2025-02-21T13:15:40Z', 'updated_at': '2025-02-21T13:15:40Z', 'revision_number': 1} available for tenant
2025-02-21 13:15:50.093 63157 INFO tempest.lib.common.rest_client [req-d6ef6b36-5389-4065-9126-43b7699f9e9d req-d6ef6b36-5389-4065-9126-43b7699f9e9d ] Request (ServerActionsTestOtherB:setUpClass): 201 POST http://10.180.1.21:9696/networking/v2.0/networks 0.616s
2025-02-21 13:15:50.186 63117 INFO tempest.lib.common.rest_client [req-33eec0d7-dc9d-43ca-a1d1-3b722a56330c req-33eec0d7-dc9d-43ca-a1d1-3b722a56330c ] Request (MigrationsAdminTest:test_list_migrations_in_flavor_resize_situation): 200 GET http://10.180.1.21/compute/v2.1/servers/2ebb4556-1741-48cc-b40c-45cde919e39d 2.175s
2025-02-21 13:15:50.255 63125 INFO tempest.lib.common.rest_client [req-edfc07d9-e0c2-4179-8902-5d8be6c58fcc req-edfc07d9-e0c2-4179-8902-5d8be6c58fcc ] Request (FloatingIPsAssociationNegativeTestJSON:setUpClass): 200 GET http://10.180.1.21/compute/v2.1/servers/09d95907-3227-4273-b0ca-cc7dcfd19c53 2.158s
2025-02-21 13:15:50.318 63127 INFO tempest.lib.common.rest_client [req-5ac62436-1fcc-4c15-b671-c2c800a36a8f req-5ac62436-1fcc-4c15-b671-c2c800a36a8f ] Request (ListImageFiltersTestJSON:setUpClass): 200 GET http://10.180.1.21/compute/v2.1/servers/7fae0278-8fc3-4512-964d-b318c2d1259c 2.213s
2025-02-21 13:15:50.325 63153 INFO tempest.lib.common.rest_client [req-a8d72978-b97f-4a58-8e59-c8ee9e0ed19f req-a8d72978-b97f-4a58-8e59-c8ee9e0ed19f ] Request (SecurityGroupRulesNegativeTestJSON:tearDownClass): 202 DELETE http://10.180.1.21/compute/v2.1/os-security-groups/a475c989-1bd5-47ff-b08b-bc32a5eb8434 2.227s
2025-02-21 13:15:50.376 63157 INFO tempest.lib.common.rest_client [req-6080797c-da69-4129-bdf9-9fbb317da3c5 req-6080797c-da69-4129-bdf9-9fbb317da3c5 ] Request (ServerActionsTestOtherB:setUpClass): 201 POST http://10.180.1.21:9696/networking/v2.0/subnets 0.282s
2025-02-21 13:15:50.384 63109 INFO tempest.lib.common.rest_client [req-f60fb5e8-f11a-446c-88e3-271f7a8b4392 req-f60fb5e8-f11a-446c-88e3-271f7a8b4392 ] Request (ServerDiagnosticsV248Test:test_get_server_diagnostics): 200 GET http://10.180.1.21/compute/v2.1/servers/1faa0941-bb46-4496-84a8-4c3cb7ee3b8a 2.196s
2025-02-21 13:15:50.410 63143 INFO tempest.lib.common.rest_client [req-18f7946c-0b3e-4ccb-b0b8-93869aef8ab6 req-18f7946c-0b3e-4ccb-b0b8-93869aef8ab6 ] Request (ServerExternalEventsTest:tearDownClass): 200 GET http://10.180.1.21/compute/v2.1/servers/a2590c28-a9fa-4e6c-9750-459b05b06621 2.110s
2025-02-21 13:15:50.522 63121 INFO tempest.lib.common.rest_client [req-4f94ab70-9a99-4c47-bbcb-e58fc9b0c721 req-4f94ab70-9a99-4c47-bbcb-e58fc9b0c721 ] Request (AttachInterfacesUnderV243Test:setUpClass): 200 PUT http://10.180.1.21:9696/networking/v2.0/routers/082ac712-b448-4068-b28a-692b8f5f5747/add_router_interface 2.156s
2025-02-21 13:15:50.522 63121 INFO tempest.lib.common.dynamic_creds [-] Created isolated network resources for: credentials: Credentials: {'domain_id': 'default', 'domain_name': 'Default', 'username': 'tempest-AttachInterfacesUnderV243Test-1897266101-project-member', 'project_domain_id': 'default', 'project_domain_name': 'Default', 'project_id': '99f796ee11a1466f86f309fbc9033152', 'project_name': 'tempest-AttachInterfacesUnderV243Test-1897266101', 'tenant_id': '99f796ee11a1466f86f309fbc9033152', 'tenant_name': 'tempest-AttachInterfacesUnderV243Test-1897266101', 'user_domain_id': 'default', 'user_domain_name': 'Default', 'user_id': '5f7d9cd29b1d42668b9f9f517c002b69', 'system': None}, Network: {'id': '103b5052-b423-4b09-8d66-2a702bd34c26', 'name': 'tempest-AttachInterfacesUnderV243Test-573337267-network', 'tenant_id': '99f796ee11a1466f86f309fbc9033152', 'admin_state_up': True, 'mtu': 8950, 'status': 'ACTIVE', 'subnets': [], 'shared': False, 'project_id': '99f796ee11a1466f86f309fbc9033152', 'port_security_enabled': True, 'router:external': False, 'provider:network_type': 'vlan', 'provider:physical_network': 'default', 'provider:segmentation_id': 569, 'availability_zone_hints': [], 'availability_zones': [], 'ipv4_address_scope': None, 'ipv6_address_scope': None, 'description': '', 'tags': [], 'created_at': '2025-02-21T13:15:45Z', 'updated_at': '2025-02-21T13:15:45Z', 'revision_number': 1}, Subnet: {'id': '0c0fb445-d6f6-46c9-a3f9-4274477bed28', 'name': 'tempest-AttachInterfacesUnderV243Test-573337267-subnet', 'tenant_id': '99f796ee11a1466f86f309fbc9033152', 'network_id': '103b5052-b423-4b09-8d66-2a702bd34c26', 'ip_version': 4, 'subnetpool_id': None, 'enable_dhcp': True, 'ipv6_ra_mode': None, 'ipv6_address_mode': None, 'gateway_ip': '192.168.128.1', 'cidr': '192.168.128.0/28', 'allocation_pools': [{'start': '192.168.128.2', 'end': '192.168.128.14'}], 'host_routes': [], 'dns_nameservers': [], 'description': '', 'router:external': False, 'service_types': [], 'tags': [], 'created_at': '2025-02-21T13:15:45Z', 'updated_at': '2025-02-21T13:15:45Z', 'revision_number': 0, 'project_id': '99f796ee11a1466f86f309fbc9033152'}, Router: {'id': '082ac712-b448-4068-b28a-692b8f5f5747', 'name': 'tempest-AttachInterfacesUnderV243Test-573337267-router', 'tenant_id': '99f796ee11a1466f86f309fbc9033152', 'admin_state_up': True, 'status': 'ACTIVE', 'external_gateway_info': {'network_id': '581a0282-30d7-4757-8b0b-7889e00bc70d', 'external_fixed_ips': [{'subnet_id': '834b7546-060a-4d4e-a9f7-c65d64dcb3cf', 'ip_address': '10.180.180.191'}], 'enable_snat': True}, 'description': '', 'availability_zones': [], 'distributed': False, 'ha': False, 'availability_zone_hints': [], 'routes': [], 'flavor_id': None, 'tags': [], 'created_at': '2025-02-21T13:15:46Z', 'updated_at': '2025-02-21T13:15:47Z', 'revision_number': 2, 'project_id': '99f796ee11a1466f86f309fbc9033152'}
2025-02-21 13:15:50.553 63137 INFO tempest.lib.common.rest_client [req-d5fe72b4-f269-4817-95f1-2c094d333bf0 req-d5fe72b4-f269-4817-95f1-2c094d333bf0 ] Request (VolumesAssistedSnapshotsTest:test_volume_assisted_snapshot_create_delete): 200 GET http://10.180.1.21/compute/v2.1/servers/50f2676d-83dd-4b21-8b1a-43868a8429c0 2.080s
2025-02-21 13:15:50.562 63137 INFO tempest.common.waiters [-] State transition "BUILD/spawning" ==> "ACTIVE/None" after 26 second wait
2025-02-21 13:15:50.632 63121 INFO tempest.lib.common.rest_client [req-b912bc31-b4ef-4660-aedc-9b80eace085b req-b912bc31-b4ef-4660-aedc-9b80eace085b ] Request (AttachInterfacesUnderV243Test:setUpClass): 201 POST http://10.180.1.21/identity/v3/auth/tokens 0.105s
2025-02-21 13:15:50.671 63155 INFO tempest.lib.common.rest_client [req-4615a181-dc2d-4ec3-ac29-fc6c3ff0c0cc req-4615a181-dc2d-4ec3-ac29-fc6c3ff0c0cc ] Request (ServersAdmin275Test:_run_cleanups): 200 GET http://10.180.1.21/compute/v2.1/servers/df2a4178-c972-44e0-9657-050f5defaa99 2.194s
2025-02-21 13:15:50.685 63155 INFO tempest.common.waiters [-] State transition "REBUILD/rebuilding" ==> "REBUILD/rebuild_spawning" after 3 second wait
2025-02-21 13:15:50.725 63103 INFO tempest.lib.common.rest_client [req-2892f9d5-f4eb-4378-8c27-9fe75c00955a req-2892f9d5-f4eb-4378-8c27-9fe75c00955a ] Request (FloatingIPsAssociationTestJSON:setUpClass): 200 GET http://10.180.1.21/compute/v2.1/servers/c090804d-2123-4487-9152-dfce486bd17b 2.224s
2025-02-21 13:15:50.782 63151 INFO tempest.lib.common.rest_client [req-2175a647-8fac-49f0-b5e0-c722c8b4742f req-2175a647-8fac-49f0-b5e0-c722c8b4742f ] Request (TenantUsagesTestJSON:tearDownClass): 200 GET http://10.180.1.21/compute/v2.1/servers/8e887dc9-bb1d-440b-889e-ff2968127e93 2.202s
2025-02-21 13:15:50.800 63115 INFO tempest.lib.common.rest_client [req-883a8a41-c1fc-441c-9327-3ddeb2e5fefa req-883a8a41-c1fc-441c-9327-3ddeb2e5fefa ] Request (FlavorsAccessNegativeTestJSON:_run_cleanups): 202 DELETE http://10.180.1.21/compute/v2.1/flavors/1534618298 2.043s
2025-02-21 13:15:50.805 63147 INFO tempest.lib.common.rest_client [req-a0bc0cea-02c0-48af-be06-6b5714297a55 req-a0bc0cea-02c0-48af-be06-6b5714297a55 ] Request (ServerMetadataNegativeTestJSON:setUpClass): 200 GET http://10.180.1.21/compute/v2.1/servers/900fe4d9-6c69-4178-8c2d-5af07fa5718f 2.436s
2025-02-21 13:15:50.813 63147 INFO tempest.common.waiters [-] State transition "BUILD/None" ==> "BUILD/spawning" after 16 second wait
2025-02-21 13:15:50.835 63113 INFO tempest.lib.common.rest_client [req-22f0ff48-7e21-48b6-be2c-52e8b4ed4bb0 req-22f0ff48-7e21-48b6-be2c-52e8b4ed4bb0 ] Request (AggregatesAdminNegativeTestJSON:_run_cleanups): 200 DELETE http://10.180.1.21/compute/v2.1/os-aggregates/6 2.070s
2025-02-21 13:15:50.879 63111 INFO tempest.lib.common.rest_client [req-01a39198-c4c3-4d30-bbf8-22101616f373 req-01a39198-c4c3-4d30-bbf8-22101616f373 ] Request (ImagesOneServerTestJSON:test_create_delete_image): 200 GET http://10.180.1.21/compute/v2.1/images/cb8ed79e-fa4d-4e82-b140-6d263cbe55f2 1.877s
2025-02-21 13:15:50.979 63129 INFO tempest.lib.common.rest_client [req-eb6b4e68-58cf-478a-9405-5a2002880e2e req-eb6b4e68-58cf-478a-9405-5a2002880e2e ] Request (ServersTestBootFromVolume:setUpClass): 200 GET http://10.180.1.21/volume/v3/volumes/a2db2f5d-90c6-4267-a10b-8d24046164fc 0.035s
2025-02-21 13:15:51.000 63145 INFO tempest.lib.common.rest_client [req-fb3e5fef-6660-41ea-a314-4cfa7972fa1c req-fb3e5fef-6660-41ea-a314-4cfa7972fa1c ] Request (ServersTestJSON:test_create_server_specify_multibyte_character_name): 200 GET http://10.180.1.21/compute/v2.1/servers/5b1e3fd3-fe8c-417c-8df6-3a9eeedc0250 2.050s
2025-02-21 13:15:51.023 63105 INFO tempest.lib.common.rest_client [req-3a8706a1-7e8b-4fcb-8f80-5c7596be1ec1 req-3a8706a1-7e8b-4fcb-8f80-5c7596be1ec1 ] Request (FlavorsAdminTestJSON:_run_cleanups): 200 GET http://10.180.1.21/compute/v2.1/flavors/detail 1.862s
2025-02-21 13:15:51.033 63141 INFO tempest.lib.common.rest_client [req-31d1979e-1841-4331-9b7e-fd847229991c req-31d1979e-1841-4331-9b7e-fd847229991c ] Request (QuotasAdminTestJSON:test_get_default_quotas): 200 GET http://10.180.1.21/compute/v2.1/os-quota-sets/056fba38e2924ef6861ae4a3ed356094/defaults 1.929s
2025-02-21 13:15:51.064 63141 INFO tempest.lib.common.rest_client [req-0a7a82dd-1bf6-472f-a624-d2abbd3ee753 req-0a7a82dd-1bf6-472f-a624-d2abbd3ee753 ] Request (QuotasAdminTestJSON:test_get_updated_quotas): 200 GET http://10.180.1.21/identity/v3/domains?name=Default 0.028s
2025-02-21 13:15:51.096 63101 INFO tempest.lib.common.rest_client [req-c089d527-7e2b-444c-86e6-54c6917e278d req-c089d527-7e2b-444c-86e6-54c6917e278d ] Request (ServerDiagnosticsNegativeTest:test_get_server_diagnostics_by_non_admin): 200 GET http://10.180.1.21/compute/v2.1/servers/0db29d19-ff59-4f09-8ebb-62c3f4ad3688 1.249s
2025-02-21 13:15:51.101 63141 INFO tempest.lib.common.rest_client [req-4293ccea-4ac1-43d8-b896-d833a49cca1c req-4293ccea-4ac1-43d8-b896-d833a49cca1c ] Request (QuotasAdminTestJSON:test_get_updated_quotas): 201 POST http://10.180.1.21/identity/v3/projects 0.036s
2025-02-21 13:15:51.104 63161 INFO tempest.lib.common.rest_client [req-159c7040-1866-4983-b530-5dfcd1d1c5fd req-159c7040-1866-4983-b530-5dfcd1d1c5fd ] Request (DeleteServersAdminTestJSON:test_admin_delete_servers_of_others): 200 GET http://10.180.1.21/compute/v2.1/servers/2657025e-31dd-4dce-b33e-29c73d8e9838 1.498s
2025-02-21 13:15:51.111 63107 INFO tempest.lib.common.rest_client [req-3f9fc48e-6b22-463b-b4cf-e793ffb0bbba req-3f9fc48e-6b22-463b-b4cf-e793ffb0bbba ] Request (FlavorsV2TestJSON:test_list_flavors_using_marker): 200 GET http://10.180.1.21/compute/v2.1/flavors/42 1.214s
2025-02-21 13:15:51.178 63160 INFO tempest.lib.common.rest_client [req-6362afdf-e532-457d-97b9-d841f3c62c8d req-6362afdf-e532-457d-97b9-d841f3c62c8d ] Request (ServerActionsV293TestJSON:setUpClass): 200 GET http://10.180.1.21/compute/v2.1/servers/02090911-ad5f-45bf-b0e4-910751803230 1.250s
2025-02-21 13:15:51.181 63141 INFO tempest.lib.common.rest_client [req-9fda168f-2314-4c84-a2d5-3630cad1b807 req-9fda168f-2314-4c84-a2d5-3630cad1b807 ] Request (QuotasAdminTestJSON:test_get_updated_quotas): 200 GET http://10.180.1.21/identity/v3/domains?name=Default 0.079s
2025-02-21 13:15:51.247 63135 INFO tempest.lib.common.rest_client [req-481c2d40-e2d7-4430-8034-95dafa1af6ac req-481c2d40-e2d7-4430-8034-95dafa1af6ac ] Request (MultipleCreateTestJSON:test_multiple_create): 200 GET http://10.180.1.21/compute/v2.1/servers/6dcd7eb9-4ab3-4adc-929c-239fb1ff30d8 1.114s
2025-02-21 13:15:51.496 63139 WARNING tempest.lib.common.ssh [-] Failed to establish authenticated ssh connection to cirros@10.180.180.192 ([Errno None] Unable to connect to port 22 on 10.180.180.192). Number attempts: 1. Retry after 2 seconds.: paramiko.ssh_exception.NoValidConnectionsError: [Errno None] Unable to connect to port 22 on 10.180.180.192
2025-02-21 13:15:51.565 63153 INFO tempest.lib.common.rest_client [req-79fc3a0c-db5b-409d-9698-908b45cb03b8 req-79fc3a0c-db5b-409d-9698-908b45cb03b8 ] Request (SecurityGroupRulesNegativeTestJSON:tearDownClass): 202 DELETE http://10.180.1.21/compute/v2.1/os-security-groups/cc3acadd-6b14-459a-bb87-3b5e4f57a455 1.237s
2025-02-21 13:15:51.604 63157 INFO tempest.lib.common.rest_client [req-a208b8bd-3ff3-41c4-840d-ac8b73f8cc14 req-a208b8bd-3ff3-41c4-840d-ac8b73f8cc14 ] Request (ServerActionsTestOtherB:setUpClass): 201 POST http://10.180.1.21:9696/networking/v2.0/routers 1.227s
2025-02-21 13:15:51.650 63133 INFO tempest.lib.common.rest_client [req-c99bbd04-1744-4f32-8278-ac2cb83273e4 req-c99bbd04-1744-4f32-8278-ac2cb83273e4 ] Request (ServersAdminTestJSON:setUpClass): 202 POST http://10.180.1.21/compute/v2.1/servers 1.579s
2025-02-21 13:15:51.690 63133 INFO tempest.lib.common.rest_client [req-fb999b57-91f3-4748-a315-20d939f8b295 req-fb999b57-91f3-4748-a315-20d939f8b295 ] Request (ServersAdminTestJSON:setUpClass): 201 POST http://10.180.1.21/identity/v3/auth/tokens 0.033s
2025-02-21 13:15:51.690 63133 INFO tempest.lib.common.fixed_network [-] (ServersAdminTestJSON:setUpClass) Found network {'id': '159b291f-9442-4476-bd6d-39e954f99e1f', 'name': 'tempest-ServersAdminTestJSON-1288497999-network', 'tenant_id': 'a48441e563474bfa9a02e1964772329e', 'admin_state_up': True, 'mtu': 8950, 'status': 'ACTIVE', 'subnets': [], 'shared': False, 'project_id': 'a48441e563474bfa9a02e1964772329e', 'port_security_enabled': True, 'router:external': False, 'provider:network_type': 'vlan', 'provider:physical_network': 'default', 'provider:segmentation_id': 847, 'availability_zone_hints': [], 'availability_zones': [], 'ipv4_address_scope': None, 'ipv6_address_scope': None, 'description': '', 'tags': [], 'created_at': '2025-02-21T13:15:40Z', 'updated_at': '2025-02-21T13:15:40Z', 'revision_number': 1} available for tenant
2025-02-21 13:15:51.725 63099 INFO tempest.lib.common.rest_client [req-97c2d22f-62f2-4547-a1a0-93cdbc9bc757 req-97c2d22f-62f2-4547-a1a0-93cdbc9bc757 ] Request (ServerDiagnosticsTest:tearDownClass): 200 GET http://10.180.1.21/compute/v2.1/servers/bbcb03aa-5ac8-4871-a785-e0c7fe8e8362 1.154s
2025-02-21 13:15:51.736 63099 INFO tempest.common.waiters [-] State transition "ACTIVE/deleting" ==> "DELETED/None" after 2 second wait
2025-02-21 13:15:51.783 63137 INFO tempest.lib.common.rest_client [req-b515ea4a-a29c-4e2a-8a55-a19d2eb5541b req-b515ea4a-a29c-4e2a-8a55-a19d2eb5541b ] Request (VolumesAssistedSnapshotsTest:test_volume_assisted_snapshot_create_delete): 200 GET http://10.180.1.21/compute/v2.1/servers/50f2676d-83dd-4b21-8b1a-43868a8429c0/os-interface 1.221s
2025-02-21 13:15:51.854 63121 INFO tempest.lib.common.rest_client [req-1de00105-3bfd-4ec8-8a20-4af4c30aaacc req-1de00105-3bfd-4ec8-8a20-4af4c30aaacc ] Request (ValidationResourcesFixture:setUp): 200 POST http://10.180.1.21/compute/v2.1/os-keypairs 1.220s
2025-02-21 13:15:51.882 63132 INFO tempest.lib.common.rest_client [req-f900ad6c-d7dd-4e07-9352-82ee746508d8 req-f900ad6c-d7dd-4e07-9352-82ee746508d8 ] Request (ServerShowV254Test:test_rebuild_server): 200 GET http://10.180.1.21/compute/v2.1/servers/2ad7347f-4dbc-40ab-bbbc-20bf0270c595 1.212s
2025-02-21 13:15:51.883 63115 INFO tempest.lib.common.rest_client [req-6389f355-cabd-40e6-b03f-e52d8f0d8489 req-6389f355-cabd-40e6-b03f-e52d8f0d8489 ] Request (FlavorsAccessNegativeTestJSON:_run_cleanups): 200 GET http://10.180.1.21/compute/v2.1/flavors/detail 1.082s
2025-02-21 13:15:51.894 63113 INFO tempest.lib.common.rest_client [req-69340189-2e56-432e-8ca5-ca23f255e673 req-69340189-2e56-432e-8ca5-ca23f255e673 ] Request (AggregatesAdminNegativeTestJSON:test_aggregate_get_details_with_invalid_id): 404 GET http://10.180.1.21/compute/v2.1/os-aggregates/-1 1.057s
2025-02-21 13:15:51.957 63119 INFO tempest.lib.common.rest_client [req-04faf47c-8fcf-495e-8a52-7615005de275 req-04faf47c-8fcf-495e-8a52-7615005de275 ] Request (InstanceActionsV221TestJSON:test_get_list_deleted_instance_actions): 200 GET http://10.180.1.21/compute/v2.1/servers/a220bf16-ddd8-4fea-b6c9-e3003a069641 0.946s
2025-02-21 13:15:51.982 63105 INFO tempest.lib.common.rest_client [req-454b1123-fee4-40de-908a-629f9ec1caa5 req-454b1123-fee4-40de-908a-629f9ec1caa5 ] Request (FlavorsAdminTestJSON:test_is_public_string_variations): 200 POST http://10.180.1.21/compute/v2.1/flavors 0.947s
2025-02-21 13:15:52.011 63107 INFO tempest.lib.common.rest_client [req-a8642063-ee79-4023-887c-924e868c53ad req-a8642063-ee79-4023-887c-924e868c53ad ] Request (FlavorsV2TestJSON:test_list_flavors_using_marker): 200 GET http://10.180.1.21/compute/v2.1/flavors?marker=42 0.898s
2025-02-21 13:15:52.025 63115 INFO tempest.lib.common.rest_client [req-121fde41-023e-4d70-b527-b05f42489c5e req-121fde41-023e-4d70-b527-b05f42489c5e ] Request (FlavorsAccessNegativeTestJSON:tearDownClass): 204 DELETE http://10.180.1.21/identity/v3/users/05550afd737e44fe97a4d1c4b46c7fa8 0.134s
2025-02-21 13:15:52.037 63129 INFO tempest.lib.common.rest_client [req-a955892a-4363-4b46-afb3-f390eb3f691b req-a955892a-4363-4b46-afb3-f390eb3f691b ] Request (ServersTestBootFromVolume:setUpClass): 200 GET http://10.180.1.21/volume/v3/volumes/a2db2f5d-90c6-4267-a10b-8d24046164fc 0.050s
2025-02-21 13:15:52.142 63115 INFO tempest.lib.common.rest_client [req-20af6b49-d13a-4369-a965-44ef857b09de req-20af6b49-d13a-4369-a965-44ef857b09de ] Request (FlavorsAccessNegativeTestJSON:tearDownClass): 204 DELETE http://10.180.1.21/identity/v3/users/363ffe8ae67e43c281380257e90e1577 0.116s
2025-02-21 13:15:52.267 63141 INFO tempest.lib.common.rest_client [req-0fde97da-a298-4673-a553-03d33e8c1bad req-0fde97da-a298-4673-a553-03d33e8c1bad ] Request (QuotasAdminTestJSON:test_get_updated_quotas): 200 PUT http://10.180.1.21/compute/v2.1/os-quota-sets/866704b2e2bd4f15b85491349c887338 1.085s
2025-02-21 13:15:52.292 63115 INFO tempest.lib.common.rest_client [req-ea66189c-be53-434e-b5db-88f734e832bf req-ea66189c-be53-434e-b5db-88f734e832bf ] Request (FlavorsAccessNegativeTestJSON:tearDownClass): 204 DELETE http://10.180.1.21/identity/v3/users/f0bd32e39a0c43cf9a452ae86b4220ab 0.149s
2025-02-21 13:15:52.292 63115 INFO tempest.lib.common.dynamic_creds [-] Deleting project and security group for project: 5375e22061e6414eb9339ec79b297f70
2025-02-21 13:15:52.366 63115 INFO tempest.lib.common.rest_client [req-7be677b6-a674-47b6-9cd9-9edc4d8d317d req-7be677b6-a674-47b6-9cd9-9edc4d8d317d ] Request (FlavorsAccessNegativeTestJSON:tearDownClass): 201 POST http://10.180.1.21/identity/v3/auth/tokens 0.073s
2025-02-21 13:15:52.386 63123 INFO tempest.lib.common.rest_client [req-e05ddb7b-5c97-45db-8fed-6652f2e8a4ff req-e05ddb7b-5c97-45db-8fed-6652f2e8a4ff ] Request (ServersWithSpecificFlavorTestJSON:test_verify_created_server_ephemeral_disk): 200 GET http://10.180.1.21/compute/v2.1/servers/471d4a05-6756-49d8-8b02-ba7edaa750f9 1.502s
2025-02-21 13:15:52.435 63117 INFO tempest.lib.common.rest_client [req-1d1921e4-39fd-421e-abfc-3d4dbafe8f25 req-1d1921e4-39fd-421e-abfc-3d4dbafe8f25 ] Request (MigrationsAdminTest:test_list_migrations_in_flavor_resize_situation): 200 GET http://10.180.1.21/compute/v2.1/servers/2ebb4556-1741-48cc-b40c-45cde919e39d 1.235s
2025-02-21 13:15:52.489 63125 INFO tempest.lib.common.rest_client [req-0c2481c2-7a7a-454b-b601-cd77951d4fa9 req-0c2481c2-7a7a-454b-b601-cd77951d4fa9 ] Request (FloatingIPsAssociationNegativeTestJSON:setUpClass): 200 GET http://10.180.1.21/compute/v2.1/servers/09d95907-3227-4273-b0ca-cc7dcfd19c53 1.224s
2025-02-21 13:15:52.523 63127 INFO tempest.lib.common.rest_client [req-54e9f0c6-aeff-49d0-8ba9-63e0d19e6aaa req-54e9f0c6-aeff-49d0-8ba9-63e0d19e6aaa ] Request (ListImageFiltersTestJSON:setUpClass): 200 GET http://10.180.1.21/compute/v2.1/servers/7fae0278-8fc3-4512-964d-b318c2d1259c 1.195s
2025-02-21 13:15:52.570 63121 INFO tempest.lib.common.rest_client [req-8d6d825d-c6f0-4f42-9c84-b7f8352097a6 req-8d6d825d-c6f0-4f42-9c84-b7f8352097a6 ] Request (ValidationResourcesFixture:setUp): 201 POST http://10.180.1.21:9696/networking/v2.0/security-groups 0.710s
2025-02-21 13:15:52.577 63109 INFO tempest.lib.common.rest_client [req-a45deb51-d6fc-4cfe-9f8d-ccfd12b6568e req-a45deb51-d6fc-4cfe-9f8d-ccfd12b6568e ] Request (ServerDiagnosticsV248Test:test_get_server_diagnostics): 200 GET http://10.180.1.21/compute/v2.1/servers/1faa0941-bb46-4496-84a8-4c3cb7ee3b8a 1.181s
2025-02-21 13:15:52.595 63143 INFO tempest.lib.common.rest_client [req-89b718af-4786-455b-876f-b351173879f4 req-89b718af-4786-455b-876f-b351173879f4 ] Request (ServerExternalEventsTest:tearDownClass): 200 GET http://10.180.1.21/compute/v2.1/servers/a2590c28-a9fa-4e6c-9750-459b05b06621 1.178s
2025-02-21 13:15:52.675 63155 INFO tempest.lib.common.rest_client [req-d0555d71-c0c1-4d1c-be3c-f7537125a1a1 req-d0555d71-c0c1-4d1c-be3c-f7537125a1a1 ] Request (ServersAdmin275Test:_run_cleanups): 200 GET http://10.180.1.21/compute/v2.1/servers/df2a4178-c972-44e0-9657-050f5defaa99 0.989s
2025-02-21 13:15:52.821 63121 INFO tempest.lib.common.rest_client [req-9258bccf-4e27-48dc-b590-5684cb56cdcc req-9258bccf-4e27-48dc-b590-5684cb56cdcc ] Request (ValidationResourcesFixture:setUp): 201 POST http://10.180.1.21:9696/networking/v2.0/security-group-rules 0.250s
2025-02-21 13:15:52.864 63115 INFO tempest.lib.common.rest_client [req-221a44ed-d093-4f10-886e-62b0fe1a6296 req-221a44ed-d093-4f10-886e-62b0fe1a6296 ] Request (FlavorsAccessNegativeTestJSON:tearDownClass): 200 GET http://10.180.1.21:9696/networking/v2.0/security-groups?tenant_id=5375e22061e6414eb9339ec79b297f70&name=default 0.498s
2025-02-21 13:15:52.896 63153 INFO tempest.lib.common.rest_client [req-ca9138a1-dd7d-4552-a2c2-9d66cca254b1 req-ca9138a1-dd7d-4552-a2c2-9d66cca254b1 ] Request (SecurityGroupRulesNegativeTestJSON:tearDownClass): 202 DELETE http://10.180.1.21/compute/v2.1/os-security-groups/5486cc3b-1edd-47bc-a6e1-c8c32b1ae29b 1.330s
2025-02-21 13:15:52.973 63103 INFO tempest.lib.common.rest_client [req-bf277b8b-9c97-44c1-8d46-e18437e58147 req-bf277b8b-9c97-44c1-8d46-e18437e58147 ] Request (FloatingIPsAssociationTestJSON:setUpClass): 200 GET http://10.180.1.21/compute/v2.1/servers/c090804d-2123-4487-9152-dfce486bd17b 1.237s
2025-02-21 13:15:53.064 63151 INFO tempest.lib.common.rest_client [req-5b0528d8-7206-4c8a-bf4b-bc325dfd2022 req-5b0528d8-7206-4c8a-bf4b-bc325dfd2022 ] Request (TenantUsagesTestJSON:tearDownClass): 200 GET http://10.180.1.21/compute/v2.1/servers/8e887dc9-bb1d-440b-889e-ff2968127e93 1.273s
2025-02-21 13:15:53.076 63115 INFO tempest.lib.common.rest_client [req-bbe61e82-e9ba-4033-8046-3cb40b5c6a5c req-bbe61e82-e9ba-4033-8046-3cb40b5c6a5c ] Request (FlavorsAccessNegativeTestJSON:tearDownClass): 204 DELETE http://10.180.1.21:9696/networking/v2.0/security-groups/9bc53992-537e-4708-bcd4-c364d8fb42f7 0.211s
2025-02-21 13:15:53.096 63129 INFO tempest.lib.common.rest_client [req-c6b5bffc-2c58-4e5f-8994-3b5f84afc6b8 req-c6b5bffc-2c58-4e5f-8994-3b5f84afc6b8 ] Request (ServersTestBootFromVolume:setUpClass): 200 GET http://10.180.1.21/volume/v3/volumes/a2db2f5d-90c6-4267-a10b-8d24046164fc 0.047s
2025-02-21 13:15:53.194 63121 INFO tempest.lib.common.rest_client [req-94cf2485-ef8f-4aad-ad62-bd4ef8e2b63b req-94cf2485-ef8f-4aad-ad62-bd4ef8e2b63b ] Request (ValidationResourcesFixture:setUp): 201 POST http://10.180.1.21:9696/networking/v2.0/security-group-rules 0.372s
2025-02-21 13:15:53.207 63115 INFO tempest.lib.common.rest_client [req-f930e957-e488-4be3-aac1-9af1237d48b3 req-f930e957-e488-4be3-aac1-9af1237d48b3 ] Request (FlavorsAccessNegativeTestJSON:tearDownClass): 204 DELETE http://10.180.1.21/identity/v3/projects/5375e22061e6414eb9339ec79b297f70 0.127s
2025-02-21 13:15:53.207 63115 INFO tempest.lib.common.dynamic_creds [-] Deleting project and security group for project: 63956db6c31d46c2a752d0b208ee4216
2025-02-21 13:15:53.367 63147 INFO tempest.lib.common.rest_client [req-5400ae77-0507-47d5-b494-4e7360497539 req-5400ae77-0507-47d5-b494-4e7360497539 ] Request (ServerMetadataNegativeTestJSON:setUpClass): 200 GET http://10.180.1.21/compute/v2.1/servers/900fe4d9-6c69-4178-8c2d-5af07fa5718f 1.552s
2025-02-21 13:15:53.406 63137 INFO tempest.lib.common.rest_client [req-127375c3-08c2-4f46-8162-59359ac7b32e req-127375c3-08c2-4f46-8162-59359ac7b32e ] Request (VolumesAssistedSnapshotsTest:test_volume_assisted_snapshot_create_delete): 200 PUT http://10.180.1.21:9696/networking/v2.0/floatingips/d861ccbb-0a9f-49ca-b494-16def8e700a3 1.621s
2025-02-21 13:15:53.408 63137 INFO tempest.lib.common.ssh [-] Creating ssh connection to '10.180.180.132:22' as 'cirros' with public key authentication
2025-02-21 13:15:53.416 63111 INFO tempest.lib.common.rest_client [req-e5d6de2f-f2bc-4618-963f-0061ea866759 req-e5d6de2f-f2bc-4618-963f-0061ea866759 ] Request (ImagesOneServerTestJSON:test_create_delete_image): 200 GET http://10.180.1.21/compute/v2.1/images/cb8ed79e-fa4d-4e82-b140-6d263cbe55f2 1.529s
2025-02-21 13:15:53.433 63113 INFO tempest.lib.common.rest_client [req-ddaa8512-e61b-4a22-8c9d-27901bf89736 req-ddaa8512-e61b-4a22-8c9d-27901bf89736 ] Request (AggregatesAdminNegativeTestJSON:test_aggregate_list_as_user): 403 GET http://10.180.1.21/compute/v2.1/os-aggregates 1.536s
2025-02-21 13:15:53.453 63105 INFO tempest.lib.common.rest_client [req-65eaa590-f20a-4e43-a4a0-751aa47fff64 req-65eaa590-f20a-4e43-a4a0-751aa47fff64 ] Request (FlavorsAdminTestJSON:test_is_public_string_variations): 200 POST http://10.180.1.21/compute/v2.1/flavors 1.467s
2025-02-21 13:15:53.511 63133 INFO tempest.lib.common.rest_client [req-5f92098e-525b-4b01-933e-630287af2320 req-5f92098e-525b-4b01-933e-630287af2320 ] Request (ServersAdminTestJSON:setUpClass): 202 POST http://10.180.1.21/compute/v2.1/servers 1.820s
2025-02-21 13:15:53.543 63107 INFO tempest.lib.common.rest_client [req-6fdd4778-c9ef-43f3-b177-8dc08b5b6b20 req-6fdd4778-c9ef-43f3-b177-8dc08b5b6b20 ] Request (FlavorsV2TestJSON:test_list_flavors_with_detail): 200 GET http://10.180.1.21/compute/v2.1/flavors/detail 1.525s
2025-02-21 13:15:53.583 63115 INFO tempest.lib.common.rest_client [req-23f78f59-b510-4f3b-86bf-d34b2d975dba req-23f78f59-b510-4f3b-86bf-d34b2d975dba ] Request (FlavorsAccessNegativeTestJSON:tearDownClass): 200 GET http://10.180.1.21:9696/networking/v2.0/security-groups?tenant_id=63956db6c31d46c2a752d0b208ee4216&name=default 0.375s
2025-02-21 13:15:53.630 63101 INFO tempest.lib.common.rest_client [req-5eaf1ceb-e6a4-42cb-99ce-40802295fd39 req-5eaf1ceb-e6a4-42cb-99ce-40802295fd39 ] Request (ServerDiagnosticsNegativeTest:test_get_server_diagnostics_by_non_admin): 200 GET http://10.180.1.21/compute/v2.1/servers/0db29d19-ff59-4f09-8ebb-62c3f4ad3688 1.526s
2025-02-21 13:15:53.656 63161 INFO tempest.lib.common.rest_client [req-ab82c972-bce9-4732-8336-0e570962d0d3 req-ab82c972-bce9-4732-8336-0e570962d0d3 ] Request (DeleteServersAdminTestJSON:test_admin_delete_servers_of_others): 404 GET http://10.180.1.21/compute/v2.1/servers/2657025e-31dd-4dce-b33e-29c73d8e9838 1.543s
2025-02-21 13:15:53.695 63145 INFO tempest.lib.common.rest_client [req-74b19e51-f6eb-4c5c-a8bf-ecbab569a470 req-74b19e51-f6eb-4c5c-a8bf-ecbab569a470 ] Request (ServersTestJSON:test_create_server_specify_multibyte_character_name): 200 GET http://10.180.1.21/compute/v2.1/servers/5b1e3fd3-fe8c-417c-8df6-3a9eeedc0250 1.686s
2025-02-21 13:15:53.737 63115 INFO tempest.lib.common.rest_client [req-607974cd-af78-4285-950d-a4f7ee875763 req-607974cd-af78-4285-950d-a4f7ee875763 ] Request (FlavorsAccessNegativeTestJSON:tearDownClass): 204 DELETE http://10.180.1.21:9696/networking/v2.0/security-groups/3f4f83a4-1a35-4a32-ba2d-c7e9dcc6e7df 0.153s
2025-02-21 13:15:53.746 63157 INFO tempest.lib.common.rest_client [req-91af5255-c978-48f3-8174-0368d5d5c461 req-91af5255-c978-48f3-8174-0368d5d5c461 ] Request (ServerActionsTestOtherB:setUpClass): 200 PUT http://10.180.1.21:9696/networking/v2.0/routers/fded7be9-8968-4a24-9133-674741c16852/add_router_interface 2.142s
2025-02-21 13:15:53.747 63157 INFO tempest.lib.common.dynamic_creds [-] Created isolated network resources for: credentials: Credentials: {'domain_id': 'default', 'domain_name': 'Default', 'username': 'tempest-ServerActionsTestOtherB-808029565-project-member', 'project_domain_id': 'default', 'project_domain_name': 'Default', 'project_id': '8b01012c47334c55845412481bc4a582', 'project_name': 'tempest-ServerActionsTestOtherB-808029565', 'tenant_id': '8b01012c47334c55845412481bc4a582', 'tenant_name': 'tempest-ServerActionsTestOtherB-808029565', 'user_domain_id': 'default', 'user_domain_name': 'Default', 'user_id': 'c5c79a8aa1ff48d88bcbc999bdc328f8', 'system': None}, Network: {'id': 'c4fe063d-1870-4a8c-a0fb-ca9fb25b3408', 'name': 'tempest-ServerActionsTestOtherB-1530126985-network', 'tenant_id': '8b01012c47334c55845412481bc4a582', 'admin_state_up': True, 'mtu': 8950, 'status': 'ACTIVE', 'subnets': [], 'shared': False, 'project_id': '8b01012c47334c55845412481bc4a582', 'port_security_enabled': True, 'router:external': False, 'provider:network_type': 'vlan', 'provider:physical_network': 'default', 'provider:segmentation_id': 361, 'availability_zone_hints': [], 'availability_zones': [], 'ipv4_address_scope': None, 'ipv6_address_scope': None, 'description': '', 'tags': [], 'created_at': '2025-02-21T13:15:49Z', 'updated_at': '2025-02-21T13:15:49Z', 'revision_number': 1}, Subnet: {'id': '1fab2214-6710-44cd-a3c9-400fe25c3813', 'name': 'tempest-ServerActionsTestOtherB-1530126985-subnet', 'tenant_id': '8b01012c47334c55845412481bc4a582', 'network_id': 'c4fe063d-1870-4a8c-a0fb-ca9fb25b3408', 'ip_version': 4, 'subnetpool_id': None, 'enable_dhcp': True, 'ipv6_ra_mode': None, 'ipv6_address_mode': None, 'gateway_ip': '192.168.128.1', 'cidr': '192.168.128.0/28', 'allocation_pools': [{'start': '192.168.128.2', 'end': '192.168.128.14'}], 'host_routes': [], 'dns_nameservers': [], 'description': '', 'router:external': False, 'service_types': [], 'tags': [], 'created_at': '2025-02-21T13:15:50Z', 'updated_at': '2025-02-21T13:15:50Z', 'revision_number': 0, 'project_id': '8b01012c47334c55845412481bc4a582'}, Router: {'id': 'fded7be9-8968-4a24-9133-674741c16852', 'name': 'tempest-ServerActionsTestOtherB-1530126985-router', 'tenant_id': '8b01012c47334c55845412481bc4a582', 'admin_state_up': True, 'status': 'ACTIVE', 'external_gateway_info': {'network_id': '581a0282-30d7-4757-8b0b-7889e00bc70d', 'external_fixed_ips': [{'subnet_id': '834b7546-060a-4d4e-a9f7-c65d64dcb3cf', 'ip_address': '10.180.180.254'}], 'enable_snat': True}, 'description': '', 'availability_zones': [], 'distributed': False, 'ha': False, 'availability_zone_hints': [], 'routes': [], 'flavor_id': None, 'tags': [], 'created_at': '2025-02-21T13:15:50Z', 'updated_at': '2025-02-21T13:15:51Z', 'revision_number': 2, 'project_id': '8b01012c47334c55845412481bc4a582'}
2025-02-21 13:15:53.759 63135 INFO tempest.lib.common.rest_client [req-65c39b0f-1fe2-4344-9ba8-d403df93c03e req-65c39b0f-1fe2-4344-9ba8-d403df93c03e ] Request (MultipleCreateTestJSON:test_multiple_create): 200 GET http://10.180.1.21/compute/v2.1/servers/6dcd7eb9-4ab3-4adc-929c-239fb1ff30d8 1.503s
2025-02-21 13:15:53.764 63161 INFO tempest.lib.common.rest_client [req-fb5fe333-6745-427a-909d-ee6f1bdc5e01 req-fb5fe333-6745-427a-909d-ee6f1bdc5e01 ] Request (DeleteServersAdminTestJSON:test_delete_server_while_in_error_state): 201 POST http://10.180.1.21/identity/v3/auth/tokens 0.091s
2025-02-21 13:15:53.765 63160 INFO tempest.lib.common.rest_client [req-55aaecc4-d556-4f70-9706-6f5cb29ec4de req-55aaecc4-d556-4f70-9706-6f5cb29ec4de ] Request (ServerActionsV293TestJSON:setUpClass): 200 GET http://10.180.1.21/compute/v2.1/servers/02090911-ad5f-45bf-b0e4-910751803230 1.575s
2025-02-21 13:15:53.765 63161 INFO tempest.lib.common.fixed_network [-] (DeleteServersAdminTestJSON:test_delete_server_while_in_error_state) Found network None available for tenant
2025-02-21 13:15:53.854 63099 INFO tempest.lib.common.rest_client [req-7a739c2f-57f2-4d03-b2b0-daf481de85b5 req-7a739c2f-57f2-4d03-b2b0-daf481de85b5 ] Request (ServerDiagnosticsTest:tearDownClass): 200 GET http://10.180.1.21/compute/v2.1/servers/bbcb03aa-5ac8-4871-a785-e0c7fe8e8362 1.116s
2025-02-21 13:15:53.858 63115 INFO tempest.lib.common.rest_client [req-aa9a57be-9815-4815-855b-e9fe8769b345 req-aa9a57be-9815-4815-855b-e9fe8769b345 ] Request (FlavorsAccessNegativeTestJSON:tearDownClass): 204 DELETE http://10.180.1.21/identity/v3/projects/63956db6c31d46c2a752d0b208ee4216 0.120s
2025-02-21 13:15:53.858 63115 INFO tempest.lib.common.dynamic_creds [-] Deleting project and security group for project: 208b3232942e499db99a5c80ab132182
2025-02-21 13:15:53.867 63157 INFO tempest.lib.common.rest_client [req-75016a77-cbd7-4052-a02f-c8613d9aa87c req-75016a77-cbd7-4052-a02f-c8613d9aa87c ] Request (ServerActionsTestOtherB:setUpClass): 201 POST http://10.180.1.21/identity/v3/auth/tokens 0.116s
2025-02-21 13:15:53.928 63132 INFO tempest.lib.common.rest_client [req-d7dfe60c-2978-4408-8223-429aa68608c9 req-d7dfe60c-2978-4408-8223-429aa68608c9 ] Request (ServerShowV254Test:test_rebuild_server): 200 GET http://10.180.1.21/compute/v2.1/servers/2ad7347f-4dbc-40ab-bbbc-20bf0270c595 1.029s
2025-02-21 13:15:53.997 63141 INFO tempest.lib.common.rest_client [req-1f97fa36-fac2-4c4c-9428-c488c900a058 req-1f97fa36-fac2-4c4c-9428-c488c900a058 ] Request (QuotasAdminTestJSON:test_get_updated_quotas): 200 GET http://10.180.1.21/compute/v2.1/os-quota-sets/866704b2e2bd4f15b85491349c887338/detail 1.725s
2025-02-21 13:15:54.005 63115 INFO tempest.lib.common.rest_client [req-e6dcc6ca-29bb-42ac-8b95-ff4bbfa25c6e req-e6dcc6ca-29bb-42ac-8b95-ff4bbfa25c6e ] Request (FlavorsAccessNegativeTestJSON:tearDownClass): 200 GET http://10.180.1.21:9696/networking/v2.0/security-groups?tenant_id=208b3232942e499db99a5c80ab132182&name=default 0.147s
2025-02-21 13:15:54.081 63119 INFO tempest.lib.common.rest_client [req-4b01eefc-9eec-4416-929c-e762e279a414 req-4b01eefc-9eec-4416-929c-e762e279a414 ] Request (InstanceActionsV221TestJSON:test_get_list_deleted_instance_actions): 200 GET http://10.180.1.21/compute/v2.1/servers/a220bf16-ddd8-4fea-b6c9-e3003a069641 1.107s
2025-02-21 13:15:54.165 63141 INFO tempest.lib.common.rest_client [req-444821e0-c460-43e9-9f8d-4310c8468d93 req-444821e0-c460-43e9-9f8d-4310c8468d93 ] Request (QuotasAdminTestJSON:test_get_updated_quotas): 200 GET http://10.180.1.21/identity/v3/domains?name=Default 0.162s
2025-02-21 13:15:54.170 63113 INFO tempest.lib.common.rest_client [req-aef0e7e4-6047-494a-a07d-dfab3eed8e5e req-aef0e7e4-6047-494a-a07d-dfab3eed8e5e ] Request (AggregatesAdminNegativeTestJSON:test_aggregate_remove_host_as_user): 200 POST http://10.180.1.21/compute/v2.1/os-aggregates 0.734s
2025-02-21 13:15:54.205 63129 INFO tempest.lib.common.rest_client [req-f762dfe4-04fc-4524-b6e8-ced40d47e7e2 req-f762dfe4-04fc-4524-b6e8-ced40d47e7e2 ] Request (ServersTestBootFromVolume:setUpClass): 200 GET http://10.180.1.21/volume/v3/volumes/a2db2f5d-90c6-4267-a10b-8d24046164fc 0.094s
2025-02-21 13:15:54.278 63141 INFO tempest.lib.common.rest_client [req-d2d68f2b-ec15-48b6-932f-084fd021aec8 req-d2d68f2b-ec15-48b6-932f-084fd021aec8 ] Request (QuotasAdminTestJSON:test_get_updated_quotas): 201 POST http://10.180.1.21/identity/v3/users 0.111s
2025-02-21 13:15:54.319 63141 INFO tempest.lib.common.rest_client [req-d81c3e87-1048-4b76-a3d8-e544ab9e651d req-d81c3e87-1048-4b76-a3d8-e544ab9e651d ] Request (QuotasAdminTestJSON:test_get_updated_quotas): 200 GET http://10.180.1.21/identity/v3/domains?name=Default 0.041s
2025-02-21 13:15:54.359 63123 INFO tempest.lib.common.rest_client [req-d942560c-28b6-4a3d-a20a-d023ebca0c43 req-d942560c-28b6-4a3d-a20a-d023ebca0c43 ] Request (ServersWithSpecificFlavorTestJSON:test_verify_created_server_ephemeral_disk): 200 GET http://10.180.1.21/compute/v2.1/servers/471d4a05-6756-49d8-8b02-ba7edaa750f9 0.960s
2025-02-21 13:15:54.380 63105 INFO tempest.lib.common.rest_client [req-97e982e7-e31a-4566-8b45-51f566153100 req-97e982e7-e31a-4566-8b45-51f566153100 ] Request (FlavorsAdminTestJSON:test_is_public_string_variations): 200 GET http://10.180.1.21/compute/v2.1/flavors/detail?is_public=f 0.923s
2025-02-21 13:15:54.387 63117 INFO tempest.lib.common.rest_client [req-7dc26ad3-bbd6-40e0-9f24-d78818d79701 req-7dc26ad3-bbd6-40e0-9f24-d78818d79701 ] Request (MigrationsAdminTest:test_list_migrations_in_flavor_resize_situation): 200 GET http://10.180.1.21/compute/v2.1/servers/2ebb4556-1741-48cc-b40c-45cde919e39d 0.941s
2025-02-21 13:15:54.401 63117 INFO tempest.common.waiters [-] State transition "RESIZE/resize_prep" ==> "RESIZE/resize_migrating" after 22 second wait
2025-02-21 13:15:54.402 63115 INFO tempest.lib.common.rest_client [req-389066aa-2a34-47da-aa06-d26ab64c2f41 req-389066aa-2a34-47da-aa06-d26ab64c2f41 ] Request (FlavorsAccessNegativeTestJSON:tearDownClass): 204 DELETE http://10.180.1.21:9696/networking/v2.0/security-groups/2514f230-228f-4249-a256-2b5550352348 0.397s
2025-02-21 13:15:54.466 63125 INFO tempest.lib.common.rest_client [req-f6d1a2d5-f274-4fc2-b8fc-29630e58ca3f req-f6d1a2d5-f274-4fc2-b8fc-29630e58ca3f ] Request (FloatingIPsAssociationNegativeTestJSON:setUpClass): 200 GET http://10.180.1.21/compute/v2.1/servers/09d95907-3227-4273-b0ca-cc7dcfd19c53 0.964s
2025-02-21 13:15:54.519 63127 INFO tempest.lib.common.rest_client [req-61da7996-aa80-4e09-a6ce-d8e9b6ba92c6 req-61da7996-aa80-4e09-a6ce-d8e9b6ba92c6 ] Request (ListImageFiltersTestJSON:setUpClass): 200 GET http://10.180.1.21/compute/v2.1/servers/7fae0278-8fc3-4512-964d-b318c2d1259c 0.985s
2025-02-21 13:15:54.536 63107 INFO tempest.lib.common.rest_client [req-a45756f2-14b2-4f5e-bbc1-26dd2c86e773 req-a45756f2-14b2-4f5e-bbc1-26dd2c86e773 ] Request (FlavorsV2TestJSON:test_list_flavors_with_detail): 200 GET http://10.180.1.21/compute/v2.1/flavors/42 0.983s
2025-02-21 13:15:54.543 63115 INFO tempest.lib.common.rest_client [req-9866ac65-13f1-443e-9769-7cb337d5abcc req-9866ac65-13f1-443e-9769-7cb337d5abcc ] Request (FlavorsAccessNegativeTestJSON:tearDownClass): 204 DELETE http://10.180.1.21/identity/v3/projects/208b3232942e499db99a5c80ab132182 0.140s
2025-02-21 13:15:54.544 63115 INFO tempest.test [-] raised in ServersOnMultiNodesTest.setUpClass. Invoking tearDownClass.
2025-02-21 13:15:54.567 63139 WARNING tempest.lib.common.ssh [-] Failed to establish authenticated ssh connection to cirros@10.180.180.192 ([Errno None] Unable to connect to port 22 on 10.180.180.192). Number attempts: 2. Retry after 3 seconds.: paramiko.ssh_exception.NoValidConnectionsError: [Errno None] Unable to connect to port 22 on 10.180.180.192
2025-02-21 13:15:54.613 63109 INFO tempest.lib.common.rest_client [req-f3c8bb5e-c108-4490-9b6e-f75994cae0fd req-f3c8bb5e-c108-4490-9b6e-f75994cae0fd ] Request (ServerDiagnosticsV248Test:test_get_server_diagnostics): 200 GET http://10.180.1.21/compute/v2.1/servers/1faa0941-bb46-4496-84a8-4c3cb7ee3b8a 1.025s
2025-02-21 13:15:54.615 63115 INFO tempest.lib.common.rest_client [req-199166ac-3727-4767-a43f-dadb8cd9ec68 req-199166ac-3727-4767-a43f-dadb8cd9ec68 ] Request (KeyPairsNegativeTestJSON:setUpClass): 201 POST http://10.180.1.21/identity/v3/auth/tokens 0.066s
2025-02-21 13:15:54.689 63133 INFO tempest.lib.common.rest_client [req-3d93a47e-741d-4662-9c3a-6e18d11a2a11 req-3d93a47e-741d-4662-9c3a-6e18d11a2a11 ] Request (ServersAdminTestJSON:setUpClass): 200 GET http://10.180.1.21/compute/v2.1/servers/4f4f114c-34cc-42f6-9aec-21178b0234f5 1.175s
2025-02-21 13:15:54.700 63143 INFO tempest.lib.common.rest_client [req-fcc627b7-365d-44b0-a975-87e4b6cf279d req-fcc627b7-365d-44b0-a975-87e4b6cf279d ] Request (ServerExternalEventsTest:tearDownClass): 200 GET http://10.180.1.21/compute/v2.1/servers/a2590c28-a9fa-4e6c-9750-459b05b06621 1.094s
2025-02-21 13:15:54.708 63107 INFO tempest.lib.common.rest_client [req-18fda5bd-5c46-4e46-98ea-adf01bdf83ef req-18fda5bd-5c46-4e46-98ea-adf01bdf83ef ] Request (FlavorsV2TestJSON:tearDownClass): 204 DELETE http://10.180.1.21/identity/v3/users/0cd6e5aaa6d24467ae97277ea7316c23 0.168s
2025-02-21 13:15:54.708 63107 INFO tempest.lib.common.dynamic_creds [-] Deleting project and security group for project: ce807f7c8af043838c11b96174e8f154
2025-02-21 13:15:54.726 63115 INFO tempest.lib.common.rest_client [req-a36faa8f-9f72-4c46-b46d-ad513690b838 req-a36faa8f-9f72-4c46-b46d-ad513690b838 ] Request (KeyPairsNegativeTestJSON:setUpClass): 201 POST http://10.180.1.21/identity/v3/auth/tokens 0.101s
2025-02-21 13:15:54.781 63155 INFO tempest.lib.common.rest_client [req-67d52916-5055-4320-b85a-a990d5f62f48 req-67d52916-5055-4320-b85a-a990d5f62f48 ] Request (ServersAdmin275Test:_run_cleanups): 200 GET http://10.180.1.21/compute/v2.1/servers/df2a4178-c972-44e0-9657-050f5defaa99 1.094s
2025-02-21 13:15:54.788 63121 INFO tempest.lib.common.rest_client [req-297a48b8-6e94-4f9d-81c9-f0550976a5eb req-297a48b8-6e94-4f9d-81c9-f0550976a5eb ] Request (ValidationResourcesFixture:setUp): 201 POST http://10.180.1.21:9696/networking/v2.0/floatingips 1.593s
