2025-02-21 13:16:51.354 63117 INFO tempest.lib.common.rest_client [req-d9d6a354-8b1d-44ab-a322-fb22ef4589aa req-d9d6a354-8b1d-44ab-a322-fb22ef4589aa ] Request (MigrationsAdminTest:test_resize_server_revert_deleted_flavor): 200 GET http://10.180.1.21/compute/v2.1/servers/88e04421-20bf-43d3-9773-0d5d7632ed22 0.146s
2025-02-21 13:16:51.419 63157 INFO tempest.lib.common.rest_client [req-f54613cb-1a52-4980-870f-cb5e8350809d req-f54613cb-1a52-4980-870f-cb5e8350809d ] Request (ServerActionsTestOtherB:setUpClass): 200 GET http://10.180.1.21/compute/v2.1/servers/8fb48046-cb42-4250-a73a-046e1bc69f96 0.137s
2025-02-21 13:16:51.421 63155 INFO tempest.lib.common.rest_client [req-337fb381-dd7a-46fd-87b0-3fd2f8631905 req-337fb381-dd7a-46fd-87b0-3fd2f8631905 ] Request (ServerActionsTestJSON:setUpClass): 200 GET http://10.180.1.21/compute/v2.1/servers/3bd82072-2c33-475f-bac6-da59d2c431ec 0.157s
2025-02-21 13:16:51.468 63143 INFO tempest.lib.common.rest_client [req-1832a6b1-3b25-4429-b355-56bcff58384e req-1832a6b1-3b25-4429-b355-56bcff58384e ] Request (ServersAdminNegativeTestJSON:setUpClass): 200 GET http://10.180.1.21/compute/v2.1/servers/20645462-846a-4517-aee8-38a9211096bc 0.137s
2025-02-21 13:16:51.488 63111 INFO tempest.lib.common.rest_client [req-2d28fbe0-bf48-4152-99f6-7b37158199fd req-2d28fbe0-bf48-4152-99f6-7b37158199fd ] Request (ImagesOneServerTestJSON:tearDownClass): 200 GET http://10.180.1.21/compute/v2.1/servers/70edd62c-1cb7-4e40-9543-fb39760cef5b 0.131s
2025-02-21 13:16:51.488 63147 INFO tempest.lib.common.rest_client [req-6438c5e7-b073-4be8-96ae-a3cd27d8fa52 req-6438c5e7-b073-4be8-96ae-a3cd27d8fa52 ] Request (AttachVolumeTestJSON:setUpClass): 201 POST http://10.180.1.21:9696/networking/v2.0/networks 0.340s
2025-02-21 13:16:51.520 63113 INFO tempest.lib.common.rest_client [req-faaba61f-f61e-4153-b970-10e27e27672c req-faaba61f-f61e-4153-b970-10e27e27672c ] Request (ServerGroupTestJSON:test_create_server_with_scheduler_hint_group): 200 GET http://10.180.1.21/compute/v2.1/servers/f1d2aae8-d54b-4de5-b2ce-01d0a061d643 0.125s
2025-02-21 13:16:51.524 63127 INFO tempest.lib.common.rest_client [req-98186a18-a442-447b-9d75-5c617d4b2dbd req-98186a18-a442-447b-9d75-5c617d4b2dbd ] Request (ListImageFiltersTestJSON:setUpClass): 200 GET http://10.180.1.21/compute/v2.1/images/0fcb240d-bf55-41b5-a083-0e205e1614e6 0.123s
2025-02-21 13:16:51.567 63099 INFO tempest.lib.common.rest_client [req-decf3cdc-db7c-4ac3-98c9-d11dbad406f1 req-decf3cdc-db7c-4ac3-98c9-d11dbad406f1 ] Request (AttachInterfacesTestJSON:test_create_list_show_delete_interfaces_by_fixed_ip): 200 GET http://10.180.1.21/compute/v2.1/servers/e8ecc175-f462-4715-9b11-dfa9b3780d94 0.117s
2025-02-21 13:16:51.590 63109 INFO tempest.lib.common.rest_client [req-34cd7c07-acb8-4919-bddf-108fa29f9ed6 req-34cd7c07-acb8-4919-bddf-108fa29f9ed6 ] Request (ServerDiagnosticsV248Test:tearDownClass): 200 GET http://10.180.1.21/compute/v2.1/servers/1faa0941-bb46-4496-84a8-4c3cb7ee3b8a 0.065s
2025-02-21 13:16:51.637 63147 INFO tempest.lib.common.rest_client [req-6e608c20-25b5-42da-8b63-5f126322d3e5 req-6e608c20-25b5-42da-8b63-5f126322d3e5 ] Request (AttachVolumeTestJSON:setUpClass): 201 POST http://10.180.1.21:9696/networking/v2.0/subnets 0.148s
2025-02-21 13:16:51.784 63129 INFO tempest.lib.common.rest_client [req-984f8518-f841-4ab2-b738-9a485afc67fd req-984f8518-f841-4ab2-b738-9a485afc67fd ] Request (ServersTestBootFromVolume:setUpClass): 200 GET http://10.180.1.21/compute/v2.1/servers/11541cf8-c651-4963-a4d6-cd08aa6362d3 0.054s
2025-02-21 13:16:51.871 63101 INFO tempest.lib.common.rest_client [req-7530dffa-9e98-4cae-9078-119e5b6a1957 req-7530dffa-9e98-4cae-9078-119e5b6a1957 ] Request (ServerDiagnosticsNegativeTest:tearDownClass): 200 GET http://10.180.1.21/compute/v2.1/servers/0db29d19-ff59-4f09-8ebb-62c3f4ad3688 0.055s
2025-02-21 13:16:51.953 63135 INFO tempest.lib.common.rest_client [req-a37c0284-8fff-45d9-9b74-53b36c533eb7 req-a37c0284-8fff-45d9-9b74-53b36c533eb7 ] Request (MultipleCreateTestJSON:_run_cleanups): 200 GET http://10.180.1.21/compute/v2.1/servers/c7824155-d50c-4d8f-91f5-269a72b380f5 0.082s
2025-02-21 13:16:52.051 63132 INFO tempest.lib.common.rest_client [req-52c11fca-4639-44d5-a384-a6451502ecd5 req-52c11fca-4639-44d5-a384-a6451502ecd5 ] Request (ServerShowV254Test:tearDownClass): 200 GET http://10.180.1.21/compute/v2.1/servers/2ad7347f-4dbc-40ab-bbbc-20bf0270c595 0.172s
2025-02-21 13:16:52.078 63161 INFO tempest.lib.common.rest_client [req-f35dba9c-1872-4479-942c-283010a4b24c req-f35dba9c-1872-4479-942c-283010a4b24c ] Request (DeleteServersAdminTestJSON:test_delete_server_while_in_error_state): 200 GET http://10.180.1.21/compute/v2.1/servers/f1429713-ecf1-481d-b4ae-a50abab28758 0.341s
2025-02-21 13:16:52.132 63119 INFO tempest.lib.common.rest_client [req-2936a3aa-f050-4750-9b7a-cdc0747688cd req-2936a3aa-f050-4750-9b7a-cdc0747688cd ] Request (InstanceActionsV221TestJSON:test_get_list_deleted_instance_actions): 200 GET http://10.180.1.21/compute/v2.1/servers/a220bf16-ddd8-4fea-b6c9-e3003a069641 0.170s
2025-02-21 13:16:52.135 63103 INFO tempest.lib.common.rest_client [req-ffb4a3a5-8e98-4dd3-aea6-2684a4c01b8d req-ffb4a3a5-8e98-4dd3-aea6-2684a4c01b8d ] Request (FloatingIPsAssociationTestJSON:test_associate_already_associated_floating_ip): 200 GET http://10.180.1.21/compute/v2.1/servers/3381f3dc-cca3-4757-9745-0fe3d4e1671e 0.168s
2025-02-21 13:16:52.192 63145 INFO tempest.lib.common.rest_client [req-398287b8-3428-4d77-a0cd-8d16264d9416 req-398287b8-3428-4d77-a0cd-8d16264d9416 ] Request (ServersTestJSON:test_create_server_with_ipv6_addr_only): 200 GET http://10.180.1.21/compute/v2.1/servers/7bc03c18-24a9-4e83-aaf7-a16af8164829 0.173s
2025-02-21 13:16:52.194 63107 INFO tempest.lib.common.rest_client [req-82cd9c4f-ca4a-4299-a29f-66d60c4843b2 req-82cd9c4f-ca4a-4299-a29f-66d60c4843b2 ] Request (ServerDiskConfigTestJSON:test_rebuild_server_with_auto_disk_config): 200 GET http://10.180.1.21/compute/v2.1/servers/d6d95cd6-e6e2-48fe-8766-15fbc677a0e8 0.139s
2025-02-21 13:16:52.265 63105 INFO tempest.lib.common.rest_client [req-628d8c6a-851f-4baf-82b2-f67b0ab3ab34 req-628d8c6a-851f-4baf-82b2-f67b0ab3ab34 ] Request (ServersAaction247Test:test_create_backup): 200 GET http://10.180.1.21/compute/v2.1/servers/55a07a62-4f4b-416c-9481-506af3dc587a 0.134s
2025-02-21 13:16:52.321 63125 INFO tempest.lib.common.rest_client [req-4126c890-9613-4e83-9749-4ff66ba6991d req-4126c890-9613-4e83-9749-4ff66ba6991d ] Request (FloatingIPsAssociationNegativeTestJSON:tearDownClass): 200 GET http://10.180.1.21/compute/v2.1/servers/09d95907-3227-4273-b0ca-cc7dcfd19c53 0.078s
2025-02-21 13:16:52.450 63121 INFO tempest.lib.common.rest_client [req-c31446d3-4563-446a-9118-708878b78d49 req-c31446d3-4563-446a-9118-708878b78d49 ] Request (AttachInterfacesUnderV243Test:test_add_remove_fixed_ip): 200 GET http://10.180.1.21/compute/v2.1/servers/faa282f6-f946-4f8e-aea8-23c8ea493f18 0.141s
2025-02-21 13:16:52.457 63121 INFO tempest.common.waiters [-] State transition "BUILD/None" ==> "BUILD/networking" after 55 second wait
2025-02-21 13:16:52.487 63133 INFO tempest.lib.common.rest_client [req-eb68d08f-3bae-4c6e-b4e4-a11a1aba4544 req-eb68d08f-3bae-4c6e-b4e4-a11a1aba4544 ] Request (ServersAdminTestJSON:setUpClass): 200 GET http://10.180.1.21/compute/v2.1/servers/4f4f114c-34cc-42f6-9aec-21178b0234f5 0.176s
2025-02-21 13:16:52.512 63115 INFO tempest.lib.common.rest_client [req-0e0df673-e89a-4dd8-b035-aa669d61f211 req-0e0df673-e89a-4dd8-b035-aa669d61f211 ] Request (ServerAddressesTestJSON:setUpClass): 200 GET http://10.180.1.21/compute/v2.1/servers/1cb0dd52-e92e-4d1f-82ad-926fd793c889 0.149s
2025-02-21 13:16:52.552 63117 INFO tempest.lib.common.rest_client [req-2a040312-c32d-4e86-84e8-95392bf36111 req-2a040312-c32d-4e86-84e8-95392bf36111 ] Request (MigrationsAdminTest:test_resize_server_revert_deleted_flavor): 200 GET http://10.180.1.21/compute/v2.1/servers/88e04421-20bf-43d3-9773-0d5d7632ed22 0.182s
2025-02-21 13:16:52.573 63157 INFO tempest.lib.common.rest_client [req-81065419-3c44-4d2b-8724-3187d9e561b8 req-81065419-3c44-4d2b-8724-3187d9e561b8 ] Request (ServerActionsTestOtherB:setUpClass): 200 GET http://10.180.1.21/compute/v2.1/servers/8fb48046-cb42-4250-a73a-046e1bc69f96 0.144s
2025-02-21 13:16:52.614 63155 INFO tempest.lib.common.rest_client [req-67e02ed8-342d-4458-bc3c-9dac79f55232 req-67e02ed8-342d-4458-bc3c-9dac79f55232 ] Request (ServerActionsTestJSON:setUpClass): 200 GET http://10.180.1.21/compute/v2.1/servers/3bd82072-2c33-475f-bac6-da59d2c431ec 0.175s
2025-02-21 13:16:52.625 63143 INFO tempest.lib.common.rest_client [req-45e475ad-f85c-4cae-80dc-82415a586573 req-45e475ad-f85c-4cae-80dc-82415a586573 ] Request (ServersAdminNegativeTestJSON:setUpClass): 200 GET http://10.180.1.21/compute/v2.1/servers/20645462-846a-4517-aee8-38a9211096bc 0.149s
2025-02-21 13:16:52.677 63113 INFO tempest.lib.common.rest_client [req-a64878fd-c7ec-44ea-a6cc-1cbe851a8cb0 req-a64878fd-c7ec-44ea-a6cc-1cbe851a8cb0 ] Request (ServerGroupTestJSON:test_create_server_with_scheduler_hint_group): 200 GET http://10.180.1.21/compute/v2.1/servers/f1d2aae8-d54b-4de5-b2ce-01d0a061d643 0.148s
2025-02-21 13:16:52.679 63111 INFO tempest.lib.common.rest_client [req-2e8cf94d-65e5-435f-8931-3ed72dfbfb4a req-2e8cf94d-65e5-435f-8931-3ed72dfbfb4a ] Request (ImagesOneServerTestJSON:tearDownClass): 200 GET http://10.180.1.21/compute/v2.1/servers/70edd62c-1cb7-4e40-9543-fb39760cef5b 0.180s
2025-02-21 13:16:52.714 63127 INFO tempest.lib.common.rest_client [req-bdf78af9-cb8c-4266-a208-7018e2cee386 req-bdf78af9-cb8c-4266-a208-7018e2cee386 ] Request (ListImageFiltersTestJSON:setUpClass): 200 GET http://10.180.1.21/compute/v2.1/images/0fcb240d-bf55-41b5-a083-0e205e1614e6 0.182s
2025-02-21 13:16:52.722 63147 INFO tempest.lib.common.rest_client [req-b34d3a54-5261-4167-b60c-4f38b5875b21 req-b34d3a54-5261-4167-b60c-4f38b5875b21 ] Request (AttachVolumeTestJSON:setUpClass): 201 POST http://10.180.1.21:9696/networking/v2.0/routers 1.084s
2025-02-21 13:16:52.738 63099 INFO tempest.lib.common.rest_client [req-3bfaaefc-0d2f-4982-be04-7adfa98508be req-3bfaaefc-0d2f-4982-be04-7adfa98508be ] Request (AttachInterfacesTestJSON:test_create_list_show_delete_interfaces_by_fixed_ip): 200 GET http://10.180.1.21/compute/v2.1/servers/e8ecc175-f462-4715-9b11-dfa9b3780d94 0.163s
2025-02-21 13:16:52.789 63109 INFO tempest.lib.common.rest_client [req-5f347478-7f08-4b80-9740-0f0ccc87aca0 req-5f347478-7f08-4b80-9740-0f0ccc87aca0 ] Request (ServerDiagnosticsV248Test:tearDownClass): 200 GET http://10.180.1.21/compute/v2.1/servers/1faa0941-bb46-4496-84a8-4c3cb7ee3b8a 0.190s
2025-02-21 13:16:52.848 63129 INFO tempest.lib.common.rest_client [req-71a0a01b-27b4-4bfc-8183-ec3a7bad1a1b req-71a0a01b-27b4-4bfc-8183-ec3a7bad1a1b ] Request (ServersTestBootFromVolume:setUpClass): 200 GET http://10.180.1.21/compute/v2.1/servers/11541cf8-c651-4963-a4d6-cd08aa6362d3 0.055s
2025-02-21 13:16:52.948 63101 INFO tempest.lib.common.rest_client [req-12acbdc4-f0fb-4f44-820d-cbe29c3cfcc6 req-12acbdc4-f0fb-4f44-820d-cbe29c3cfcc6 ] Request (ServerDiagnosticsNegativeTest:tearDownClass): 200 GET http://10.180.1.21/compute/v2.1/servers/0db29d19-ff59-4f09-8ebb-62c3f4ad3688 0.063s
2025-02-21 13:16:53.027 63135 INFO tempest.lib.common.rest_client [req-3a1692fe-c315-4934-afb0-03d9c707a631 req-3a1692fe-c315-4934-afb0-03d9c707a631 ] Request (MultipleCreateTestJSON:_run_cleanups): 200 GET http://10.180.1.21/compute/v2.1/servers/c7824155-d50c-4d8f-91f5-269a72b380f5 0.065s
2025-02-21 13:16:53.162 63132 INFO tempest.lib.common.rest_client [req-e3cd2e07-f813-44d5-b6fe-b19e942e44d4 req-e3cd2e07-f813-44d5-b6fe-b19e942e44d4 ] Request (ServerShowV254Test:tearDownClass): 200 GET http://10.180.1.21/compute/v2.1/servers/2ad7347f-4dbc-40ab-bbbc-20bf0270c595 0.093s
2025-02-21 13:16:53.215 63103 INFO tempest.lib.common.rest_client [req-9b562bac-0a51-486d-a139-845ebef06a6b req-9b562bac-0a51-486d-a139-845ebef06a6b ] Request (FloatingIPsAssociationTestJSON:test_associate_already_associated_floating_ip): 200 GET http://10.180.1.21/compute/v2.1/servers/3381f3dc-cca3-4757-9745-0fe3d4e1671e 0.070s
2025-02-21 13:16:53.228 63161 INFO tempest.lib.common.rest_client [req-1373bf50-a043-4417-8340-9ac0edf6e3d1 req-1373bf50-a043-4417-8340-9ac0edf6e3d1 ] Request (DeleteServersAdminTestJSON:test_delete_server_while_in_error_state): 200 GET http://10.180.1.21/compute/v2.1/servers/f1429713-ecf1-481d-b4ae-a50abab28758 0.142s
2025-02-21 13:16:53.255 63160 WARNING tempest.lib.common.ssh [-] Failed to establish authenticated ssh connection to cirros@10.180.180.139 ([Errno None] Unable to connect to port 22 on 10.180.180.139). Number attempts: 1. Retry after 2 seconds.: paramiko.ssh_exception.NoValidConnectionsError: [Errno None] Unable to connect to port 22 on 10.180.180.139
2025-02-21 13:16:53.275 63119 INFO tempest.lib.common.rest_client [req-e8e34a12-27b3-4762-b69f-cc6d64e4cc1a req-e8e34a12-27b3-4762-b69f-cc6d64e4cc1a ] Request (InstanceActionsV221TestJSON:test_get_list_deleted_instance_actions): 200 GET http://10.180.1.21/compute/v2.1/servers/a220bf16-ddd8-4fea-b6c9-e3003a069641 0.129s
2025-02-21 13:16:53.278 63107 INFO tempest.lib.common.rest_client [req-a7612e97-bbeb-444e-82c2-5d47e3df901d req-a7612e97-bbeb-444e-82c2-5d47e3df901d ] Request (ServerDiskConfigTestJSON:test_rebuild_server_with_auto_disk_config): 200 GET http://10.180.1.21/compute/v2.1/servers/d6d95cd6-e6e2-48fe-8766-15fbc677a0e8 0.075s
2025-02-21 13:16:53.330 63145 INFO tempest.lib.common.rest_client [req-dda4ee1c-4ff8-4ef8-8013-715f86a85691 req-dda4ee1c-4ff8-4ef8-8013-715f86a85691 ] Request (ServersTestJSON:test_create_server_with_ipv6_addr_only): 200 GET http://10.180.1.21/compute/v2.1/servers/7bc03c18-24a9-4e83-aaf7-a16af8164829 0.126s
2025-02-21 13:16:53.338 63105 INFO tempest.lib.common.rest_client [req-7072c27f-6e72-4657-8186-99abd1be6272 req-7072c27f-6e72-4657-8186-99abd1be6272 ] Request (ServersAaction247Test:test_create_backup): 200 GET http://10.180.1.21/compute/v2.1/servers/55a07a62-4f4b-416c-9481-506af3dc587a 0.063s
2025-02-21 13:16:53.400 63125 INFO tempest.lib.common.rest_client [req-f391938b-c587-466a-9340-3f6d14b6a76c req-f391938b-c587-466a-9340-3f6d14b6a76c ] Request (FloatingIPsAssociationNegativeTestJSON:tearDownClass): 200 GET http://10.180.1.21/compute/v2.1/servers/09d95907-3227-4273-b0ca-cc7dcfd19c53 0.070s
2025-02-21 13:16:53.599 63121 INFO tempest.lib.common.rest_client [req-2388c332-4317-4e24-b07a-a27a3e3f6113 req-2388c332-4317-4e24-b07a-a27a3e3f6113 ] Request (AttachInterfacesUnderV243Test:test_add_remove_fixed_ip): 200 GET http://10.180.1.21/compute/v2.1/servers/faa282f6-f946-4f8e-aea8-23c8ea493f18 0.140s
2025-02-21 13:16:53.607 63121 INFO tempest.common.waiters [-] State transition "BUILD/networking" ==> "BUILD/spawning" after 56 second wait
2025-02-21 13:16:53.614 63147 INFO tempest.lib.common.rest_client [req-06b78e3e-fb00-4f39-a177-a979400ed8e0 req-06b78e3e-fb00-4f39-a177-a979400ed8e0 ] Request (AttachVolumeTestJSON:setUpClass): 200 PUT http://10.180.1.21:9696/networking/v2.0/routers/52d7f512-1df8-4423-ab95-1d89cdad660e/add_router_interface 0.891s
2025-02-21 13:16:53.616 63147 INFO tempest.lib.common.dynamic_creds [-] Created isolated network resources for: credentials: Credentials: {'domain_id': 'default', 'domain_name': 'Default', 'username': 'tempest-AttachVolumeTestJSON-444940362-project-member', 'project_domain_id': 'default', 'project_domain_name': 'Default', 'project_id': 'aaf8371b5ffe40c585fcb507a7efef7e', 'project_name': 'tempest-AttachVolumeTestJSON-444940362', 'tenant_id': 'aaf8371b5ffe40c585fcb507a7efef7e', 'tenant_name': 'tempest-AttachVolumeTestJSON-444940362', 'user_domain_id': 'default', 'user_domain_name': 'Default', 'user_id': 'f906ac973d9441028d2af68c2559f7e9', 'system': None}, Network: {'id': '2c6b7b33-a64d-4b98-a53e-694e69f489a6', 'name': 'tempest-AttachVolumeTestJSON-1699409384-network', 'tenant_id': 'aaf8371b5ffe40c585fcb507a7efef7e', 'admin_state_up': True, 'mtu': 8950, 'status': 'ACTIVE', 'subnets': [], 'shared': False, 'project_id': 'aaf8371b5ffe40c585fcb507a7efef7e', 'port_security_enabled': True, 'router:external': False, 'provider:network_type': 'vlan', 'provider:physical_network': 'default', 'provider:segmentation_id': 628, 'availability_zone_hints': [], 'availability_zones': [], 'ipv4_address_scope': None, 'ipv6_address_scope': None, 'description': '', 'tags': [], 'created_at': '2025-02-21T13:16:51Z', 'updated_at': '2025-02-21T13:16:51Z', 'revision_number': 1}, Subnet: {'id': '516d923f-ebf5-4fe7-89d6-00f4bf26e36f', 'name': 'tempest-AttachVolumeTestJSON-1699409384-subnet', 'tenant_id': 'aaf8371b5ffe40c585fcb507a7efef7e', 'network_id': '2c6b7b33-a64d-4b98-a53e-694e69f489a6', 'ip_version': 4, 'subnetpool_id': None, 'enable_dhcp': True, 'ipv6_ra_mode': None, 'ipv6_address_mode': None, 'gateway_ip': '192.168.128.1', 'cidr': '192.168.128.0/28', 'allocation_pools': [{'start': '192.168.128.2', 'end': '192.168.128.14'}], 'host_routes': [], 'dns_nameservers': [], 'description': '', 'router:external': False, 'service_types': [], 'tags': [], 'created_at': '2025-02-21T13:16:51Z', 'updated_at': '2025-02-21T13:16:51Z', 'revision_number': 0, 'project_id': 'aaf8371b5ffe40c585fcb507a7efef7e'}, Router: {'id': '52d7f512-1df8-4423-ab95-1d89cdad660e', 'name': 'tempest-AttachVolumeTestJSON-1699409384-router', 'tenant_id': 'aaf8371b5ffe40c585fcb507a7efef7e', 'admin_state_up': True, 'status': 'ACTIVE', 'external_gateway_info': {'network_id': '581a0282-30d7-4757-8b0b-7889e00bc70d', 'external_fixed_ips': [{'subnet_id': '834b7546-060a-4d4e-a9f7-c65d64dcb3cf', 'ip_address': '10.180.180.205'}], 'enable_snat': True}, 'description': '', 'availability_zones': [], 'distributed': False, 'ha': False, 'availability_zone_hints': [], 'routes': [], 'flavor_id': None, 'tags': [], 'created_at': '2025-02-21T13:16:51Z', 'updated_at': '2025-02-21T13:16:52Z', 'revision_number': 2, 'project_id': 'aaf8371b5ffe40c585fcb507a7efef7e'}
2025-02-21 13:16:53.639 63133 INFO tempest.lib.common.rest_client [req-bb09adf1-f1cb-4716-85a9-af78789a16e7 req-bb09adf1-f1cb-4716-85a9-af78789a16e7 ] Request (ServersAdminTestJSON:setUpClass): 200 GET http://10.180.1.21/compute/v2.1/servers/4f4f114c-34cc-42f6-9aec-21178b0234f5 0.143s
2025-02-21 13:16:53.655 63115 INFO tempest.lib.common.rest_client [req-8243f735-1b7b-4988-88aa-2d48aafc1ab2 req-8243f735-1b7b-4988-88aa-2d48aafc1ab2 ] Request (ServerAddressesTestJSON:setUpClass): 200 GET http://10.180.1.21/compute/v2.1/servers/1cb0dd52-e92e-4d1f-82ad-926fd793c889 0.131s
2025-02-21 13:16:53.691 63117 INFO tempest.lib.common.rest_client [req-0584d08f-7342-4501-95b4-f170e3424b10 req-0584d08f-7342-4501-95b4-f170e3424b10 ] Request (MigrationsAdminTest:test_resize_server_revert_deleted_flavor): 200 GET http://10.180.1.21/compute/v2.1/servers/88e04421-20bf-43d3-9773-0d5d7632ed22 0.132s
2025-02-21 13:16:53.711 63157 INFO tempest.lib.common.rest_client [req-675debd2-caf5-49ec-92df-ce2540f83729 req-675debd2-caf5-49ec-92df-ce2540f83729 ] Request (ServerActionsTestOtherB:setUpClass): 200 GET http://10.180.1.21/compute/v2.1/servers/8fb48046-cb42-4250-a73a-046e1bc69f96 0.128s
2025-02-21 13:16:53.715 63147 INFO tempest.lib.common.rest_client [req-4b8f646c-c545-4671-9d04-61c7859d6b00 req-4b8f646c-c545-4671-9d04-61c7859d6b00 ] Request (AttachVolumeTestJSON:setUpClass): 201 POST http://10.180.1.21/identity/v3/auth/tokens 0.092s
2025-02-21 13:16:53.760 63155 INFO tempest.lib.common.rest_client [req-da971c4f-d266-4da9-b74b-5ebfd05af371 req-da971c4f-d266-4da9-b74b-5ebfd05af371 ] Request (ServerActionsTestJSON:setUpClass): 200 GET http://10.180.1.21/compute/v2.1/servers/3bd82072-2c33-475f-bac6-da59d2c431ec 0.134s
2025-02-21 13:16:53.774 63143 INFO tempest.lib.common.rest_client [req-d30805bc-99ab-43fd-a6d6-1458c431edca req-d30805bc-99ab-43fd-a6d6-1458c431edca ] Request (ServersAdminNegativeTestJSON:setUpClass): 200 GET http://10.180.1.21/compute/v2.1/servers/20645462-846a-4517-aee8-38a9211096bc 0.140s
2025-02-21 13:16:53.822 63113 INFO tempest.lib.common.rest_client [req-ad049811-1dfa-4463-a3b7-3c6f3d8c8b6d req-ad049811-1dfa-4463-a3b7-3c6f3d8c8b6d ] Request (ServerGroupTestJSON:test_create_server_with_scheduler_hint_group): 200 GET http://10.180.1.21/compute/v2.1/servers/f1d2aae8-d54b-4de5-b2ce-01d0a061d643 0.132s
2025-02-21 13:16:53.849 63111 INFO tempest.lib.common.rest_client [req-4a387feb-9d9e-4bbd-b584-64b1f362d82a req-4a387feb-9d9e-4bbd-b584-64b1f362d82a ] Request (ImagesOneServerTestJSON:tearDownClass): 200 GET http://10.180.1.21/compute/v2.1/servers/70edd62c-1cb7-4e40-9543-fb39760cef5b 0.157s
2025-02-21 13:16:53.880 63127 INFO tempest.lib.common.rest_client [req-aaff0358-105a-4ab3-b9e2-e467f384007b req-aaff0358-105a-4ab3-b9e2-e467f384007b ] Request (ListImageFiltersTestJSON:setUpClass): 200 GET http://10.180.1.21/compute/v2.1/images/0fcb240d-bf55-41b5-a083-0e205e1614e6 0.162s
2025-02-21 13:16:53.931 63099 INFO tempest.lib.common.rest_client [req-40e959cb-f2dc-414a-a2b4-4be90003419c req-40e959cb-f2dc-414a-a2b4-4be90003419c ] Request (AttachInterfacesTestJSON:test_create_list_show_delete_interfaces_by_fixed_ip): 200 GET http://10.180.1.21/compute/v2.1/servers/e8ecc175-f462-4715-9b11-dfa9b3780d94 0.183s
2025-02-21 13:16:53.944 63147 INFO tempest.lib.common.rest_client [req-44a3cfee-13e7-4772-91f2-d822eba75951 req-44a3cfee-13e7-4772-91f2-d822eba75951 ] Request (ValidationResourcesFixture:setUp): 200 POST http://10.180.1.21/compute/v2.1/os-keypairs 0.227s
2025-02-21 13:16:53.993 63109 INFO tempest.lib.common.rest_client [req-478bec73-06cb-4425-b85f-7af4eed64fff req-478bec73-06cb-4425-b85f-7af4eed64fff ] Request (ServerDiagnosticsV248Test:tearDownClass): 200 GET http://10.180.1.21/compute/v2.1/servers/1faa0941-bb46-4496-84a8-4c3cb7ee3b8a 0.194s
2025-02-21 13:16:54.015 63129 INFO tempest.lib.common.rest_client [req-0c8e9029-afb5-4bbf-a535-6b0b312d1a86 req-0c8e9029-afb5-4bbf-a535-6b0b312d1a86 ] Request (ServersTestBootFromVolume:setUpClass): 200 GET http://10.180.1.21/compute/v2.1/servers/11541cf8-c651-4963-a4d6-cd08aa6362d3 0.156s
2025-02-21 13:16:54.083 63147 INFO tempest.lib.common.rest_client [req-88a78321-b770-4695-91f9-ad1fa4c51cb5 req-88a78321-b770-4695-91f9-ad1fa4c51cb5 ] Request (ValidationResourcesFixture:setUp): 201 POST http://10.180.1.21:9696/networking/v2.0/security-groups 0.137s
2025-02-21 13:16:54.084 63101 INFO tempest.lib.common.rest_client [req-032fbefa-af11-456c-b43e-b83f1e5d74c4 req-032fbefa-af11-456c-b43e-b83f1e5d74c4 ] Request (ServerDiagnosticsNegativeTest:tearDownClass): 200 GET http://10.180.1.21/compute/v2.1/servers/0db29d19-ff59-4f09-8ebb-62c3f4ad3688 0.125s
2025-02-21 13:16:54.113 63135 INFO tempest.lib.common.rest_client [req-922f7b37-54cd-47d9-ad6a-1f455890fc15 req-922f7b37-54cd-47d9-ad6a-1f455890fc15 ] Request (MultipleCreateTestJSON:_run_cleanups): 200 GET http://10.180.1.21/compute/v2.1/servers/c7824155-d50c-4d8f-91f5-269a72b380f5 0.076s
2025-02-21 13:16:54.163 63147 INFO tempest.lib.common.rest_client [req-e3364f35-a62c-460b-b963-70cb3f4a0f48 req-e3364f35-a62c-460b-b963-70cb3f4a0f48 ] Request (ValidationResourcesFixture:setUp): 201 POST http://10.180.1.21:9696/networking/v2.0/security-group-rules 0.079s
2025-02-21 13:16:54.203 63132 INFO tempest.lib.common.rest_client [req-6afcd9ff-9052-4ef5-b527-ee178e3a68aa req-6afcd9ff-9052-4ef5-b527-ee178e3a68aa ] Request (ServerShowV254Test:tearDownClass): 404 GET http://10.180.1.21/compute/v2.1/servers/2ad7347f-4dbc-40ab-bbbc-20bf0270c595 0.025s
2025-02-21 13:16:54.255 63147 INFO tempest.lib.common.rest_client [req-42767c73-2b30-4fe1-a6d1-9d292dd064a0 req-42767c73-2b30-4fe1-a6d1-9d292dd064a0 ] Request (ValidationResourcesFixture:setUp): 201 POST http://10.180.1.21:9696/networking/v2.0/security-group-rules 0.092s
2025-02-21 13:16:54.301 63103 INFO tempest.lib.common.rest_client [req-ae739374-f294-48f9-8f87-cc3c9308b02b req-ae739374-f294-48f9-8f87-cc3c9308b02b ] Request (FloatingIPsAssociationTestJSON:test_associate_already_associated_floating_ip): 200 GET http://10.180.1.21/compute/v2.1/servers/3381f3dc-cca3-4757-9745-0fe3d4e1671e 0.077s
2025-02-21 13:16:54.330 63132 INFO tempest.lib.common.rest_client [req-dbd410b1-f0ba-46d9-81c0-4ceb365431bd req-dbd410b1-f0ba-46d9-81c0-4ceb365431bd ] Request (ServerShowV254Test:tearDownClass): 204 DELETE http://10.180.1.21/identity/v3/users/df1b2d58b1c84606af4aeb2c15fb8b66 0.127s
2025-02-21 13:16:54.331 63132 INFO tempest.lib.common.dynamic_creds [-] Deleting project and security group for project: 9062f4e82fd8445484a2edfaaa8c3c08
2025-02-21 13:16:54.361 63119 INFO tempest.lib.common.rest_client [req-4a4e1dfd-dceb-4910-8058-281ce3eb565c req-4a4e1dfd-dceb-4910-8058-281ce3eb565c ] Request (InstanceActionsV221TestJSON:test_get_list_deleted_instance_actions): 200 GET http://10.180.1.21/compute/v2.1/servers/a220bf16-ddd8-4fea-b6c9-e3003a069641 0.076s
2025-02-21 13:16:54.398 63132 INFO tempest.lib.common.rest_client [req-6e36249f-5099-4f9e-9812-a3777efe7c09 req-6e36249f-5099-4f9e-9812-a3777efe7c09 ] Request (ServerShowV254Test:tearDownClass): 201 POST http://10.180.1.21/identity/v3/auth/tokens 0.067s
2025-02-21 13:16:54.407 63161 INFO tempest.lib.common.rest_client [req-29dfa14b-38cb-4b46-ad30-9781250ee29e req-29dfa14b-38cb-4b46-ad30-9781250ee29e ] Request (DeleteServersAdminTestJSON:test_delete_server_while_in_error_state): 200 GET http://10.180.1.21/compute/v2.1/servers/f1429713-ecf1-481d-b4ae-a50abab28758 0.166s
2025-02-21 13:16:54.417 63107 INFO tempest.lib.common.rest_client [req-3b1ba62c-b5a2-4e36-a433-fd3d746f3888 req-3b1ba62c-b5a2-4e36-a433-fd3d746f3888 ] Request (ServerDiskConfigTestJSON:test_rebuild_server_with_auto_disk_config): 200 GET http://10.180.1.21/compute/v2.1/servers/d6d95cd6-e6e2-48fe-8766-15fbc677a0e8 0.131s
2025-02-21 13:16:54.472 63145 INFO tempest.lib.common.rest_client [req-3966f0be-ddf7-45ed-a959-ad11a0083314 req-3966f0be-ddf7-45ed-a959-ad11a0083314 ] Request (ServersTestJSON:test_create_server_with_ipv6_addr_only): 200 GET http://10.180.1.21/compute/v2.1/servers/7bc03c18-24a9-4e83-aaf7-a16af8164829 0.132s
2025-02-21 13:16:54.475 63105 INFO tempest.lib.common.rest_client [req-5c0b99ff-c626-43ac-8b29-a407517eb91b req-5c0b99ff-c626-43ac-8b29-a407517eb91b ] Request (ServersAaction247Test:test_create_backup): 200 GET http://10.180.1.21/compute/v2.1/servers/55a07a62-4f4b-416c-9481-506af3dc587a 0.122s
2025-02-21 13:16:54.549 63125 INFO tempest.lib.common.rest_client [req-0df0d79a-3b27-4ac7-a187-a685bc4268f3 req-0df0d79a-3b27-4ac7-a187-a685bc4268f3 ] Request (FloatingIPsAssociationNegativeTestJSON:tearDownClass): 200 GET http://10.180.1.21/compute/v2.1/servers/09d95907-3227-4273-b0ca-cc7dcfd19c53 0.141s
2025-02-21 13:16:54.581 63132 INFO tempest.lib.common.rest_client [req-d671ba46-0533-4a15-9d26-417ff451532e req-d671ba46-0533-4a15-9d26-417ff451532e ] Request (ServerShowV254Test:tearDownClass): 200 GET http://10.180.1.21:9696/networking/v2.0/security-groups?tenant_id=9062f4e82fd8445484a2edfaaa8c3c08&name=default 0.181s
2025-02-21 13:16:54.717 63121 INFO tempest.lib.common.rest_client [req-a0ace728-f0d5-4f66-b949-f0ea5d143de6 req-a0ace728-f0d5-4f66-b949-f0ea5d143de6 ] Request (AttachInterfacesUnderV243Test:test_add_remove_fixed_ip): 200 GET http://10.180.1.21/compute/v2.1/servers/faa282f6-f946-4f8e-aea8-23c8ea493f18 0.109s
2025-02-21 13:16:54.727 63132 INFO tempest.lib.common.rest_client [req-ae23142c-b31b-49d0-a172-42429c0e6eb3 req-ae23142c-b31b-49d0-a172-42429c0e6eb3 ] Request (ServerShowV254Test:tearDownClass): 204 DELETE http://10.180.1.21:9696/networking/v2.0/security-groups/7ae3ee4f-e4d5-4183-b052-6bc5f5b98118 0.145s
2025-02-21 13:16:54.766 63115 INFO tempest.lib.common.rest_client [req-e2373932-d909-4333-b7d5-1dbb01c73d1a req-e2373932-d909-4333-b7d5-1dbb01c73d1a ] Request (ServerAddressesTestJSON:setUpClass): 200 GET http://10.180.1.21/compute/v2.1/servers/1cb0dd52-e92e-4d1f-82ad-926fd793c889 0.103s
2025-02-21 13:16:54.801 63133 INFO tempest.lib.common.rest_client [req-ccc82140-eb5a-434c-a0cc-f3d010d2a142 req-ccc82140-eb5a-434c-a0cc-f3d010d2a142 ] Request (ServersAdminTestJSON:setUpClass): 200 GET http://10.180.1.21/compute/v2.1/servers/4f4f114c-34cc-42f6-9aec-21178b0234f5 0.154s
2025-02-21 13:16:54.810 63132 INFO tempest.lib.common.rest_client [req-c4e0ebe3-63e6-45a4-b831-ced14668083c req-c4e0ebe3-63e6-45a4-b831-ced14668083c ] Request (ServerShowV254Test:tearDownClass): 204 DELETE http://10.180.1.21/identity/v3/projects/9062f4e82fd8445484a2edfaaa8c3c08 0.083s
2025-02-21 13:16:54.827 63117 INFO tempest.lib.common.rest_client [req-1c1143c8-dbb8-43ff-bb13-e42fabd9ddb2 req-1c1143c8-dbb8-43ff-bb13-e42fabd9ddb2 ] Request (MigrationsAdminTest:test_resize_server_revert_deleted_flavor): 200 GET http://10.180.1.21/compute/v2.1/servers/88e04421-20bf-43d3-9773-0d5d7632ed22 0.126s
2025-02-21 13:16:54.840 63147 INFO tempest.lib.common.rest_client [req-5f631da5-ccb6-451b-9ce6-cf3732ea049a req-5f631da5-ccb6-451b-9ce6-cf3732ea049a ] Request (ValidationResourcesFixture:setUp): 201 POST http://10.180.1.21:9696/networking/v2.0/floatingips 0.584s
2025-02-21 13:16:54.875 63157 INFO tempest.lib.common.rest_client [req-02050e6b-c35b-4397-82c3-6a09ed2b56ca req-02050e6b-c35b-4397-82c3-6a09ed2b56ca ] Request (ServerActionsTestOtherB:setUpClass): 200 GET http://10.180.1.21/compute/v2.1/servers/8fb48046-cb42-4250-a73a-046e1bc69f96 0.152s
2025-02-21 13:16:54.885 63132 INFO tempest.lib.common.rest_client [req-ac834fc4-71e0-4a6b-976e-256f6a483fd5 req-ac834fc4-71e0-4a6b-976e-256f6a483fd5 ] Request (ServersNegativeTestJSON:setUpClass): 201 POST http://10.180.1.21/identity/v3/auth/tokens 0.074s
2025-02-21 13:16:54.902 63155 INFO tempest.lib.common.rest_client [req-71c3e76b-cfe6-4fd0-9af2-4952865fbffd req-71c3e76b-cfe6-4fd0-9af2-4952865fbffd ] Request (ServerActionsTestJSON:setUpClass): 200 GET http://10.180.1.21/compute/v2.1/servers/3bd82072-2c33-475f-bac6-da59d2c431ec 0.127s
2025-02-21 13:16:54.924 63132 INFO tempest.lib.common.rest_client [req-d393de38-ba3f-4639-aaf2-0f11aac019f1 req-d393de38-ba3f-4639-aaf2-0f11aac019f1 ] Request (ServersNegativeTestJSON:setUpClass): 201 POST http://10.180.1.21/identity/v3/auth/tokens 0.032s
2025-02-21 13:16:54.931 63147 INFO tempest.lib.common.rest_client [req-0823528d-2e2f-49eb-87fb-3bd4195140fd req-0823528d-2e2f-49eb-87fb-3bd4195140fd ] Request (AttachVolumeTestJSON:test_attach_detach_volume): 201 POST http://10.180.1.21/identity/v3/auth/tokens 0.087s
2025-02-21 13:16:54.931 63147 INFO tempest.lib.common.fixed_network [-] (AttachVolumeTestJSON:test_attach_detach_volume) Found network {'id': '2c6b7b33-a64d-4b98-a53e-694e69f489a6', 'name': 'tempest-AttachVolumeTestJSON-1699409384-network', 'tenant_id': 'aaf8371b5ffe40c585fcb507a7efef7e', 'admin_state_up': True, 'mtu': 8950, 'status': 'ACTIVE', 'subnets': [], 'shared': False, 'project_id': 'aaf8371b5ffe40c585fcb507a7efef7e', 'port_security_enabled': True, 'router:external': False, 'provider:network_type': 'vlan', 'provider:physical_network': 'default', 'provider:segmentation_id': 628, 'availability_zone_hints': [], 'availability_zones': [], 'ipv4_address_scope': None, 'ipv6_address_scope': None, 'description': '', 'tags': [], 'created_at': '2025-02-21T13:16:51Z', 'updated_at': '2025-02-21T13:16:51Z', 'revision_number': 1} available for tenant
2025-02-21 13:16:54.937 63143 INFO tempest.lib.common.rest_client [req-cabdce42-7752-4ea6-a9a5-bd053ab57490 req-cabdce42-7752-4ea6-a9a5-bd053ab57490 ] Request (ServersAdminNegativeTestJSON:setUpClass): 200 GET http://10.180.1.21/compute/v2.1/servers/20645462-846a-4517-aee8-38a9211096bc 0.153s
2025-02-21 13:16:54.955 63132 INFO tempest.lib.common.rest_client [req-98dff497-15a8-4b9e-babc-85adf0487e8e req-98dff497-15a8-4b9e-babc-85adf0487e8e ] Request (ServersNegativeTestJSON:setUpClass): 200 GET http://10.180.1.21/identity/v3/domains?name=Default 0.030s
2025-02-21 13:16:54.962 63113 INFO tempest.lib.common.rest_client [req-c3b0c472-c70e-4ba4-b6b1-1e3e5a9feeb1 req-c3b0c472-c70e-4ba4-b6b1-1e3e5a9feeb1 ] Request (ServerGroupTestJSON:test_create_server_with_scheduler_hint_group): 200 GET http://10.180.1.21/compute/v2.1/servers/f1d2aae8-d54b-4de5-b2ce-01d0a061d643 0.132s
2025-02-21 13:16:54.999 63127 INFO tempest.lib.common.rest_client [req-64f384ac-bc6e-4517-97c4-d325e6905038 req-64f384ac-bc6e-4517-97c4-d325e6905038 ] Request (ListImageFiltersTestJSON:setUpClass): 200 GET http://10.180.1.21/compute/v2.1/images/0fcb240d-bf55-41b5-a083-0e205e1614e6 0.114s
2025-02-21 13:16:55.004 63132 INFO tempest.lib.common.rest_client [req-6e39dce7-f31a-46b2-89b1-b776964c2aeb req-6e39dce7-f31a-46b2-89b1-b776964c2aeb ] Request (ServersNegativeTestJSON:setUpClass): 201 POST http://10.180.1.21/identity/v3/projects 0.048s
2025-02-21 13:16:55.009 63111 INFO tempest.lib.common.rest_client [req-ce15184c-ba9c-40a2-b929-5eb5794c9ebe req-ce15184c-ba9c-40a2-b929-5eb5794c9ebe ] Request (ImagesOneServerTestJSON:tearDownClass): 200 GET http://10.180.1.21/compute/v2.1/servers/70edd62c-1cb7-4e40-9543-fb39760cef5b 0.152s
2025-02-21 13:16:55.072 63132 INFO tempest.lib.common.rest_client [req-6a953993-75da-48ac-9612-a8cd2474c4c5 req-6a953993-75da-48ac-9612-a8cd2474c4c5 ] Request (ServersNegativeTestJSON:setUpClass): 201 POST http://10.180.1.21/identity/v3/users 0.067s
2025-02-21 13:16:55.076 63099 INFO tempest.lib.common.rest_client [req-00422336-9b9f-43a3-97e0-ff1d755ab3a7 req-00422336-9b9f-43a3-97e0-ff1d755ab3a7 ] Request (AttachInterfacesTestJSON:test_create_list_show_delete_interfaces_by_fixed_ip): 200 GET http://10.180.1.21/compute/v2.1/servers/e8ecc175-f462-4715-9b11-dfa9b3780d94 0.134s
2025-02-21 13:16:55.110 63132 INFO tempest.lib.common.rest_client [req-2099338b-4eb2-4288-847c-c3d6a71337d0 req-2099338b-4eb2-4288-847c-c3d6a71337d0 ] Request (ServersNegativeTestJSON:setUpClass): 200 GET http://10.180.1.21/identity/v3/roles 0.037s
2025-02-21 13:16:55.149 63132 INFO tempest.lib.common.rest_client [req-ece81e51-ea50-400f-b50d-f924d8a8d923 req-ece81e51-ea50-400f-b50d-f924d8a8d923 ] Request (ServersNegativeTestJSON:setUpClass): 204 PUT http://10.180.1.21/identity/v3/projects/aa0dec4be1e64c3d814857e7b3d35e3f/users/1e9439e0b51b4a85ad07ef6163af4cca/roles/6ca8e68721af4b37a29ef57d71885291 0.038s
2025-02-21 13:16:55.149 63132 INFO tempest.lib.common.dynamic_creds [-] Dynamic test user 1e9439e0b51b4a85ad07ef6163af4cca is created with scope project and roles: ['member']
2025-02-21 13:16:55.149 63132 INFO tempest.lib.common.dynamic_creds [-] Acquired dynamic creds: credentials: Credentials: {'domain_id': 'default', 'domain_name': 'Default', 'username': 'tempest-ServersNegativeTestJSON-321560529-project-member', 'project_domain_id': 'default', 'project_domain_name': 'Default', 'project_id': 'aa0dec4be1e64c3d814857e7b3d35e3f', 'project_name': 'tempest-ServersNegativeTestJSON-321560529', 'tenant_id': 'aa0dec4be1e64c3d814857e7b3d35e3f', 'tenant_name': 'tempest-ServersNegativeTestJSON-321560529', 'user_domain_id': 'default', 'user_domain_name': 'Default', 'user_id': '1e9439e0b51b4a85ad07ef6163af4cca', 'system': None}, Network: None, Subnet: None, Router: None
2025-02-21 13:16:55.177 63109 INFO tempest.lib.common.rest_client [req-14aebd03-aed9-465c-83e5-df8e5a004338 req-14aebd03-aed9-465c-83e5-df8e5a004338 ] Request (ServerDiagnosticsV248Test:tearDownClass): 200 GET http://10.180.1.21/compute/v2.1/servers/1faa0941-bb46-4496-84a8-4c3cb7ee3b8a 0.169s
2025-02-21 13:16:55.249 63132 INFO tempest.lib.common.rest_client [req-96b863de-f1b0-4cc2-a384-f04e701adf56 req-96b863de-f1b0-4cc2-a384-f04e701adf56 ] Request (ServersNegativeTestJSON:setUpClass): 201 POST http://10.180.1.21/identity/v3/auth/tokens 0.100s
2025-02-21 13:16:55.262 63129 INFO tempest.lib.common.rest_client [req-55001f48-cc8d-4564-8bf5-cf362b1fa184 req-55001f48-cc8d-4564-8bf5-cf362b1fa184 ] Request (ServersTestBootFromVolume:setUpClass): 200 GET http://10.180.1.21/compute/v2.1/servers/11541cf8-c651-4963-a4d6-cd08aa6362d3 0.236s
2025-02-21 13:16:55.332 63101 INFO tempest.lib.common.rest_client [req-23e05a11-e5f4-45c2-9ce1-257f95793dbe req-23e05a11-e5f4-45c2-9ce1-257f95793dbe ] Request (ServerDiagnosticsNegativeTest:tearDownClass): 200 GET http://10.180.1.21/compute/v2.1/servers/0db29d19-ff59-4f09-8ebb-62c3f4ad3688 0.236s
2025-02-21 13:16:55.392 63135 INFO tempest.lib.common.rest_client [req-99931c13-038e-4ad5-8ca8-0db4f051cdcd req-99931c13-038e-4ad5-8ca8-0db4f051cdcd ] Request (MultipleCreateTestJSON:_run_cleanups): 200 GET http://10.180.1.21/compute/v2.1/servers/c7824155-d50c-4d8f-91f5-269a72b380f5 0.270s
2025-02-21 13:16:55.446 63103 INFO tempest.lib.common.rest_client [req-0be288ab-d0d1-42dc-9bfc-a4fe26d21c03 req-0be288ab-d0d1-42dc-9bfc-a4fe26d21c03 ] Request (FloatingIPsAssociationTestJSON:test_associate_already_associated_floating_ip): 200 GET http://10.180.1.21/compute/v2.1/servers/3381f3dc-cca3-4757-9745-0fe3d4e1671e 0.137s
2025-02-21 13:16:55.467 63147 INFO tempest.lib.common.rest_client [req-c4f1028a-5e5a-4c9e-8b99-4ed80f7dcc44 req-c4f1028a-5e5a-4c9e-8b99-4ed80f7dcc44 ] Request (AttachVolumeTestJSON:test_attach_detach_volume): 202 POST http://10.180.1.21/compute/v2.1/servers 0.534s
2025-02-21 13:16:55.511 63119 INFO tempest.lib.common.rest_client [req-0452cd97-0d9c-4419-9108-8149e21010f4 req-0452cd97-0d9c-4419-9108-8149e21010f4 ] Request (InstanceActionsV221TestJSON:test_get_list_deleted_instance_actions): 200 GET http://10.180.1.21/compute/v2.1/servers/a220bf16-ddd8-4fea-b6c9-e3003a069641 0.139s
2025-02-21 13:16:55.560 63107 INFO tempest.lib.common.rest_client [req-ca4fd025-c542-402d-ac5b-cd69e46a1066 req-ca4fd025-c542-402d-ac5b-cd69e46a1066 ] Request (ServerDiskConfigTestJSON:test_rebuild_server_with_auto_disk_config): 200 GET http://10.180.1.21/compute/v2.1/servers/d6d95cd6-e6e2-48fe-8766-15fbc677a0e8 0.135s
2025-02-21 13:16:55.586 63161 INFO tempest.lib.common.rest_client [req-1773f797-2430-4a34-ab58-6bec661693b6 req-1773f797-2430-4a34-ab58-6bec661693b6 ] Request (DeleteServersAdminTestJSON:test_delete_server_while_in_error_state): 200 GET http://10.180.1.21/compute/v2.1/servers/f1429713-ecf1-481d-b4ae-a50abab28758 0.172s
2025-02-21 13:16:55.607 63147 INFO tempest.lib.common.rest_client [req-fc94ff8d-c80d-46d5-a3ea-27e134978f5d req-fc94ff8d-c80d-46d5-a3ea-27e134978f5d ] Request (AttachVolumeTestJSON:test_attach_detach_volume): 200 GET http://10.180.1.21/compute/v2.1/servers/c13d5248-ee37-4fb8-9ae5-9a0bf7cb2896 0.138s
2025-02-21 13:16:55.617 63132 INFO tempest.lib.common.rest_client [req-831cb473-ed33-482e-abf7-9eb5033e932e req-831cb473-ed33-482e-abf7-9eb5033e932e ] Request (ServersNegativeTestJSON:setUpClass): 201 POST http://10.180.1.21:9696/networking/v2.0/networks 0.368s
2025-02-21 13:16:55.653 63145 INFO tempest.lib.common.rest_client [req-2eda12ce-52a0-474a-960c-38daa53f4b8d req-2eda12ce-52a0-474a-960c-38daa53f4b8d ] Request (ServersTestJSON:test_create_server_with_ipv6_addr_only): 200 GET http://10.180.1.21/compute/v2.1/servers/7bc03c18-24a9-4e83-aaf7-a16af8164829 0.169s
2025-02-21 13:16:55.666 63105 INFO tempest.lib.common.rest_client [req-836da01e-b244-4173-8b31-7b8ce85cff58 req-836da01e-b244-4173-8b31-7b8ce85cff58 ] Request (ServersAaction247Test:test_create_backup): 200 GET http://10.180.1.21/compute/v2.1/servers/55a07a62-4f4b-416c-9481-506af3dc587a 0.176s
2025-02-21 13:16:55.720 63125 INFO tempest.lib.common.rest_client [req-c9076605-b41c-40fc-80f4-00cbf91b317d req-c9076605-b41c-40fc-80f4-00cbf91b317d ] Request (FloatingIPsAssociationNegativeTestJSON:tearDownClass): 200 GET http://10.180.1.21/compute/v2.1/servers/09d95907-3227-4273-b0ca-cc7dcfd19c53 0.163s
2025-02-21 13:16:55.810 63132 INFO tempest.lib.common.rest_client [req-07043bd5-cee2-4376-9755-501c5f91b90b req-07043bd5-cee2-4376-9755-501c5f91b90b ] Request (ServersNegativeTestJSON:setUpClass): 201 POST http://10.180.1.21:9696/networking/v2.0/subnets 0.192s
2025-02-21 13:16:55.832 63121 INFO tempest.lib.common.rest_client [req-a93362f6-0e0d-470d-aa70-85d674954cb6 req-a93362f6-0e0d-470d-aa70-85d674954cb6 ] Request (AttachInterfacesUnderV243Test:test_add_remove_fixed_ip): 200 GET http://10.180.1.21/compute/v2.1/servers/faa282f6-f946-4f8e-aea8-23c8ea493f18 0.103s
2025-02-21 13:16:55.842 63115 INFO tempest.lib.common.rest_client [req-e113d5d0-692d-47a0-8160-066a0b376c71 req-e113d5d0-692d-47a0-8160-066a0b376c71 ] Request (ServerAddressesTestJSON:setUpClass): 200 GET http://10.180.1.21/compute/v2.1/servers/1cb0dd52-e92e-4d1f-82ad-926fd793c889 0.062s
2025-02-21 13:16:55.892 63117 INFO tempest.lib.common.rest_client [req-648822a6-9728-4a55-bb8f-994dfcc30e77 req-648822a6-9728-4a55-bb8f-994dfcc30e77 ] Request (MigrationsAdminTest:test_resize_server_revert_deleted_flavor): 200 GET http://10.180.1.21/compute/v2.1/servers/88e04421-20bf-43d3-9773-0d5d7632ed22 0.056s
2025-02-21 13:16:55.930 63133 INFO tempest.lib.common.rest_client [req-89c83510-2602-4bde-a327-cbb8464f1b19 req-89c83510-2602-4bde-a327-cbb8464f1b19 ] Request (ServersAdminTestJSON:setUpClass): 200 GET http://10.180.1.21/compute/v2.1/servers/4f4f114c-34cc-42f6-9aec-21178b0234f5 0.120s
2025-02-21 13:16:55.960 63157 INFO tempest.lib.common.rest_client [req-099533ec-bef0-4702-b4a5-38d148f41de8 req-099533ec-bef0-4702-b4a5-38d148f41de8 ] Request (ServerActionsTestOtherB:setUpClass): 200 GET http://10.180.1.21/compute/v2.1/servers/8fb48046-cb42-4250-a73a-046e1bc69f96 0.074s
2025-02-21 13:16:55.981 63155 INFO tempest.lib.common.rest_client [req-0499fa60-709b-4de2-b036-f5e2c6c65db4 req-0499fa60-709b-4de2-b036-f5e2c6c65db4 ] Request (ServerActionsTestJSON:setUpClass): 200 GET http://10.180.1.21/compute/v2.1/servers/3bd82072-2c33-475f-bac6-da59d2c431ec 0.067s
2025-02-21 13:16:56.023 63143 INFO tempest.lib.common.rest_client [req-87483b0c-5ea7-4d79-b9e8-26b7309d1c74 req-87483b0c-5ea7-4d79-b9e8-26b7309d1c74 ] Request (ServersAdminNegativeTestJSON:setUpClass): 200 GET http://10.180.1.21/compute/v2.1/servers/20645462-846a-4517-aee8-38a9211096bc 0.077s
2025-02-21 13:16:56.048 63113 INFO tempest.lib.common.rest_client [req-d916b125-a3ab-43a8-9b0a-81f8a4bc9b8c req-d916b125-a3ab-43a8-9b0a-81f8a4bc9b8c ] Request (ServerGroupTestJSON:test_create_server_with_scheduler_hint_group): 200 GET http://10.180.1.21/compute/v2.1/servers/f1d2aae8-d54b-4de5-b2ce-01d0a061d643 0.078s
2025-02-21 13:16:56.063 63127 INFO tempest.lib.common.rest_client [req-9492e332-7091-4bde-95a1-0a21fb3ace5b req-9492e332-7091-4bde-95a1-0a21fb3ace5b ] Request (ListImageFiltersTestJSON:setUpClass): 200 GET http://10.180.1.21/compute/v2.1/images/0fcb240d-bf55-41b5-a083-0e205e1614e6 0.059s
2025-02-21 13:16:56.126 63111 INFO tempest.lib.common.rest_client [req-3c1491b6-5894-4cb9-a75a-48214fe1227f req-3c1491b6-5894-4cb9-a75a-48214fe1227f ] Request (ImagesOneServerTestJSON:tearDownClass): 200 GET http://10.180.1.21/compute/v2.1/servers/70edd62c-1cb7-4e40-9543-fb39760cef5b 0.108s
2025-02-21 13:16:56.175 63099 INFO tempest.lib.common.rest_client [req-8c522d75-eb53-4878-b5be-d23e956ca430 req-8c522d75-eb53-4878-b5be-d23e956ca430 ] Request (AttachInterfacesTestJSON:test_create_list_show_delete_interfaces_by_fixed_ip): 200 GET http://10.180.1.21/compute/v2.1/servers/e8ecc175-f462-4715-9b11-dfa9b3780d94 0.086s
2025-02-21 13:16:56.260 63109 INFO tempest.lib.common.rest_client [req-53cd0e21-3acc-41d1-8034-4d5863459bd5 req-53cd0e21-3acc-41d1-8034-4d5863459bd5 ] Request (ServerDiagnosticsV248Test:tearDownClass): 200 GET http://10.180.1.21/compute/v2.1/servers/1faa0941-bb46-4496-84a8-4c3cb7ee3b8a 0.072s
2025-02-21 13:16:56.329 63160 WARNING tempest.lib.common.ssh [-] Failed to establish authenticated ssh connection to cirros@10.180.180.139 ([Errno None] Unable to connect to port 22 on 10.180.180.139). Number attempts: 2. Retry after 3 seconds.: paramiko.ssh_exception.NoValidConnectionsError: [Errno None] Unable to connect to port 22 on 10.180.180.139
2025-02-21 13:16:56.332 63129 INFO tempest.lib.common.rest_client [req-4c958bcf-a93b-4ead-bf1f-8f3455b552ae req-4c958bcf-a93b-4ead-bf1f-8f3455b552ae ] Request (ServersTestBootFromVolume:setUpClass): 200 GET http://10.180.1.21/compute/v2.1/servers/11541cf8-c651-4963-a4d6-cd08aa6362d3 0.062s
2025-02-21 13:16:56.401 63101 INFO tempest.lib.common.rest_client [req-03954cd9-e2e5-44b9-9fcb-891860284d38 req-03954cd9-e2e5-44b9-9fcb-891860284d38 ] Request (ServerDiagnosticsNegativeTest:tearDownClass): 200 GET http://10.180.1.21/compute/v2.1/servers/0db29d19-ff59-4f09-8ebb-62c3f4ad3688 0.059s
2025-02-21 13:16:56.482 63135 INFO tempest.lib.common.rest_client [req-19419203-5dc5-4711-a60b-5043291411db req-19419203-5dc5-4711-a60b-5043291411db ] Request (MultipleCreateTestJSON:_run_cleanups): 200 GET http://10.180.1.21/compute/v2.1/servers/c7824155-d50c-4d8f-91f5-269a72b380f5 0.079s
2025-02-21 13:16:56.513 63103 INFO tempest.lib.common.rest_client [req-1cbc3e77-8642-403a-b2b1-14efed3800a5 req-1cbc3e77-8642-403a-b2b1-14efed3800a5 ] Request (FloatingIPsAssociationTestJSON:test_associate_already_associated_floating_ip): 200 GET http://10.180.1.21/compute/v2.1/servers/3381f3dc-cca3-4757-9745-0fe3d4e1671e 0.056s
2025-02-21 13:16:56.576 63132 INFO tempest.lib.common.rest_client [req-6789c7d4-6a77-48cc-93de-a904fab327d8 req-6789c7d4-6a77-48cc-93de-a904fab327d8 ] Request (ServersNegativeTestJSON:setUpClass): 201 POST http://10.180.1.21:9696/networking/v2.0/routers 0.766s
2025-02-21 13:16:56.589 63119 INFO tempest.lib.common.rest_client [req-b4193dcc-fc07-416f-a454-5e61e6cdee5b req-b4193dcc-fc07-416f-a454-5e61e6cdee5b ] Request (InstanceActionsV221TestJSON:test_get_list_deleted_instance_actions): 200 GET http://10.180.1.21/compute/v2.1/servers/a220bf16-ddd8-4fea-b6c9-e3003a069641 0.066s
2025-02-21 13:16:56.642 63107 INFO tempest.lib.common.rest_client [req-5f02c62d-3b78-4d06-8c74-3d4931137eef req-5f02c62d-3b78-4d06-8c74-3d4931137eef ] Request (ServerDiskConfigTestJSON:test_rebuild_server_with_auto_disk_config): 200 GET http://10.180.1.21/compute/v2.1/servers/d6d95cd6-e6e2-48fe-8766-15fbc677a0e8 0.072s
2025-02-21 13:16:56.689 63161 INFO tempest.lib.common.rest_client [req-bf40b44c-19c4-47f5-8380-6e9a32315651 req-bf40b44c-19c4-47f5-8380-6e9a32315651 ] Request (DeleteServersAdminTestJSON:test_delete_server_while_in_error_state): 200 GET http://10.180.1.21/compute/v2.1/servers/f1429713-ecf1-481d-b4ae-a50abab28758 0.093s
2025-02-21 13:16:56.709 63147 INFO tempest.lib.common.rest_client [req-2ab93256-3528-4cc8-a3a3-c9c31be2d941 req-2ab93256-3528-4cc8-a3a3-c9c31be2d941 ] Request (AttachVolumeTestJSON:test_attach_detach_volume): 200 GET http://10.180.1.21/compute/v2.1/servers/c13d5248-ee37-4fb8-9ae5-9a0bf7cb2896 0.094s
2025-02-21 13:16:56.743 63145 INFO tempest.lib.common.rest_client [req-f6ff4352-e9bf-4ac7-85f6-f306c3978206 req-f6ff4352-e9bf-4ac7-85f6-f306c3978206 ] Request (ServersTestJSON:test_create_server_with_ipv6_addr_only): 200 GET http://10.180.1.21/compute/v2.1/servers/7bc03c18-24a9-4e83-aaf7-a16af8164829 0.080s
2025-02-21 13:16:56.791 63105 INFO tempest.lib.common.rest_client [req-d5406d4d-33c5-43bf-b377-b42445d55428 req-d5406d4d-33c5-43bf-b377-b42445d55428 ] Request (ServersAaction247Test:test_create_backup): 200 GET http://10.180.1.21/compute/v2.1/servers/55a07a62-4f4b-416c-9481-506af3dc587a 0.112s
2025-02-21 13:16:56.822 63125 INFO tempest.lib.common.rest_client [req-5a5f50a0-b8e4-450c-b454-717ab5222446 req-5a5f50a0-b8e4-450c-b454-717ab5222446 ] Request (FloatingIPsAssociationNegativeTestJSON:tearDownClass): 200 GET http://10.180.1.21/compute/v2.1/servers/09d95907-3227-4273-b0ca-cc7dcfd19c53 0.094s
2025-02-21 13:16:56.915 63115 INFO tempest.lib.common.rest_client [req-dbd16078-0840-46d0-bc94-d45be462fd01 req-dbd16078-0840-46d0-bc94-d45be462fd01 ] Request (ServerAddressesTestJSON:setUpClass): 200 GET http://10.180.1.21/compute/v2.1/servers/1cb0dd52-e92e-4d1f-82ad-926fd793c889 0.066s
2025-02-21 13:16:56.970 63117 INFO tempest.lib.common.rest_client [req-6e276ca0-812c-4349-9fce-7f4f6a70a21d req-6e276ca0-812c-4349-9fce-7f4f6a70a21d ] Request (MigrationsAdminTest:test_resize_server_revert_deleted_flavor): 200 GET http://10.180.1.21/compute/v2.1/servers/88e04421-20bf-43d3-9773-0d5d7632ed22 0.068s
2025-02-21 13:16:57.058 63121 INFO tempest.lib.common.rest_client [req-ca007b34-d9ad-48e7-9879-9d9dc749cf91 req-ca007b34-d9ad-48e7-9879-9d9dc749cf91 ] Request (AttachInterfacesUnderV243Test:test_add_remove_fixed_ip): 200 GET http://10.180.1.21/compute/v2.1/servers/faa282f6-f946-4f8e-aea8-23c8ea493f18 0.218s
2025-02-21 13:16:57.086 63123 WARNING tempest.lib.common.ssh [-] Failed to establish authenticated ssh connection to cirros@10.180.180.171 ([Errno None] Unable to connect to port 22 on 10.180.180.171). Number attempts: 8. Retry after 9 seconds.: paramiko.ssh_exception.NoValidConnectionsError: [Errno None] Unable to connect to port 22 on 10.180.180.171
2025-02-21 13:16:57.126 63133 INFO tempest.lib.common.rest_client [req-bfa65fd7-c2f5-49ba-b7aa-164ecde4119b req-bfa65fd7-c2f5-49ba-b7aa-164ecde4119b ] Request (ServersAdminTestJSON:setUpClass): 200 GET http://10.180.1.21/compute/v2.1/servers/4f4f114c-34cc-42f6-9aec-21178b0234f5 0.185s
2025-02-21 13:16:57.135 63133 INFO tempest.common.waiters [-] State transition "BUILD/spawning" ==> "ACTIVE/None" after 63 second wait
2025-02-21 13:16:57.140 63157 INFO tempest.lib.common.rest_client [req-b508a4a4-ccee-4569-9a4f-9183a14754cf req-b508a4a4-ccee-4569-9a4f-9183a14754cf ] Request (ServerActionsTestOtherB:setUpClass): 200 GET http://10.180.1.21/compute/v2.1/servers/8fb48046-cb42-4250-a73a-046e1bc69f96 0.171s
2025-02-21 13:16:57.148 63157 INFO tempest.common.waiters [-] State transition "BUILD/None" ==> "BUILD/networking" after 59 second wait
2025-02-21 13:16:57.185 63155 INFO tempest.lib.common.rest_client [req-c6d76931-5150-47de-9693-71ebcfbb919f req-c6d76931-5150-47de-9693-71ebcfbb919f ] Request (ServerActionsTestJSON:setUpClass): 200 GET http://10.180.1.21/compute/v2.1/servers/3bd82072-2c33-475f-bac6-da59d2c431ec 0.197s
2025-02-21 13:16:57.202 63143 INFO tempest.lib.common.rest_client [req-3ac530e3-7b68-446b-86a0-4a4509f64531 req-3ac530e3-7b68-446b-86a0-4a4509f64531 ] Request (ServersAdminNegativeTestJSON:setUpClass): 200 GET http://10.180.1.21/compute/v2.1/servers/20645462-846a-4517-aee8-38a9211096bc 0.171s
