2025-02-21 13:16:21.758 63105 INFO tempest.lib.common.rest_client [req-62079455-0006-4b92-b57f-1cb236045a36 req-62079455-0006-4b92-b57f-1cb236045a36 ] Request (FlavorsV2NegativeTest:tearDownClass): 201 POST http://10.180.1.21/identity/v3/auth/tokens 0.098s
2025-02-21 13:16:21.762 63127 INFO tempest.lib.common.rest_client [req-66ed172f-709b-40e3-8bbb-b88be5f3348a req-66ed172f-709b-40e3-8bbb-b88be5f3348a ] Request (ListImageFiltersTestJSON:setUpClass): 200 GET http://10.180.1.21/compute/v2.1/images/9caacf26-d90a-4d4f-8e98-8d6a92728cce 0.101s
2025-02-21 13:16:21.783 63099 INFO tempest.lib.common.rest_client [req-16931598-f3f9-490b-983d-904516f21aa5 req-16931598-f3f9-490b-983d-904516f21aa5 ] Request (ServicesAdminNegativeV253TestJSON:setUpClass): 200 GET http://10.180.1.21/identity/v3/roles 0.096s
2025-02-21 13:16:21.801 63111 INFO tempest.lib.common.rest_client [req-3d709ca3-7b7a-4e97-beaf-ea20edb132a9 req-3d709ca3-7b7a-4e97-beaf-ea20edb132a9 ] Request (ImagesOneServerTestJSON:test_create_image_specify_multibyte_character_image_name): 200 GET http://10.180.1.21/compute/v2.1/images/234e44ac-0671-4b7a-9d75-834b8c874849 0.125s
2025-02-21 13:16:21.811 63099 INFO tempest.lib.common.rest_client [req-951b96b9-c60c-4702-a116-2f9d6d306873 req-951b96b9-c60c-4702-a116-2f9d6d306873 ] Request (ServicesAdminNegativeV253TestJSON:setUpClass): 204 PUT http://10.180.1.21/identity/v3/projects/a1cc633aedc24ab5a51ec1ff73d1860f/users/bdfacde863694229bc45fd7768f8912e/roles/6ca8e68721af4b37a29ef57d71885291 0.027s
2025-02-21 13:16:21.811 63099 INFO tempest.lib.common.dynamic_creds [-] Dynamic test user bdfacde863694229bc45fd7768f8912e is created with scope project and roles: ['member']
2025-02-21 13:16:21.811 63099 INFO tempest.lib.common.dynamic_creds [-] Acquired dynamic creds: credentials: Credentials: {'domain_id': 'default', 'domain_name': 'Default', 'username': 'tempest-ServicesAdminNegativeV253TestJSON-38868342-project-member', 'project_domain_id': 'default', 'project_domain_name': 'Default', 'project_id': 'a1cc633aedc24ab5a51ec1ff73d1860f', 'project_name': 'tempest-ServicesAdminNegativeV253TestJSON-38868342', 'tenant_id': 'a1cc633aedc24ab5a51ec1ff73d1860f', 'tenant_name': 'tempest-ServicesAdminNegativeV253TestJSON-38868342', 'user_domain_id': 'default', 'user_domain_name': 'Default', 'user_id': 'bdfacde863694229bc45fd7768f8912e', 'system': None}, Network: None, Subnet: None, Router: None
2025-02-21 13:16:21.811 63099 INFO tempest.lib.common.dynamic_creds [-] Created isolated network resources for: credentials: Credentials: {'domain_id': 'default', 'domain_name': 'Default', 'username': 'tempest-ServicesAdminNegativeV253TestJSON-38868342-project-member', 'project_domain_id': 'default', 'project_domain_name': 'Default', 'project_id': 'a1cc633aedc24ab5a51ec1ff73d1860f', 'project_name': 'tempest-ServicesAdminNegativeV253TestJSON-38868342', 'tenant_id': 'a1cc633aedc24ab5a51ec1ff73d1860f', 'tenant_name': 'tempest-ServicesAdminNegativeV253TestJSON-38868342', 'user_domain_id': 'default', 'user_domain_name': 'Default', 'user_id': 'bdfacde863694229bc45fd7768f8912e', 'system': None}, Network: None, Subnet: None, Router: None
2025-02-21 13:16:21.875 63161 INFO tempest.lib.common.rest_client [req-1e1b0eb7-3f90-4ec4-acf2-2e1c9cdf3d30 req-1e1b0eb7-3f90-4ec4-acf2-2e1c9cdf3d30 ] Request (DeleteServersAdminTestJSON:test_delete_server_while_in_error_state): 200 GET http://10.180.1.21/compute/v2.1/servers/f1429713-ecf1-481d-b4ae-a50abab28758 0.110s
2025-02-21 13:16:21.925 63099 INFO tempest.lib.common.rest_client [req-0ab1fdd2-879f-4af4-988f-b8de11bb1ad1 req-0ab1fdd2-879f-4af4-988f-b8de11bb1ad1 ] Request (ServicesAdminNegativeV253TestJSON:setUpClass): 201 POST http://10.180.1.21/identity/v3/auth/tokens 0.110s
2025-02-21 13:16:21.963 63129 INFO tempest.lib.common.rest_client [req-bbaf4880-0bab-4b2f-a2aa-ae7bab62a9ea req-bbaf4880-0bab-4b2f-a2aa-ae7bab62a9ea ] Request (ServersTestBootFromVolume:setUpClass): 200 GET http://10.180.1.21/compute/v2.1/servers/11541cf8-c651-4963-a4d6-cd08aa6362d3 0.168s
2025-02-21 13:16:22.011 63099 INFO tempest.lib.common.rest_client [req-918a5a3b-4a99-4789-ba37-9c2420da80ee req-918a5a3b-4a99-4789-ba37-9c2420da80ee ] Request (ServicesAdminNegativeV253TestJSON:setUpClass): 201 POST http://10.180.1.21/identity/v3/projects 0.086s
2025-02-21 13:16:22.012 63151 INFO tempest.lib.common.rest_client [req-9b75e420-7dc2-4b9f-a1db-0a6da70c10b0 req-9b75e420-7dc2-4b9f-a1db-0a6da70c10b0 ] Request (MultipleCreateNegativeTestJSON:tearDownClass): 200 GET http://10.180.1.21:9696/networking/v2.0/security-groups?tenant_id=930779335c8a4136a74ffe4197f6f555&name=default 0.415s
2025-02-21 13:16:22.023 63105 INFO tempest.lib.common.rest_client [req-6063a729-d65f-4e03-a948-995b5ab8a853 req-6063a729-d65f-4e03-a948-995b5ab8a853 ] Request (FlavorsV2NegativeTest:tearDownClass): 200 GET http://10.180.1.21:9696/networking/v2.0/security-groups?tenant_id=0ac1e9f3313844f7b28c94f703c02481&name=default 0.264s
2025-02-21 13:16:22.025 63145 INFO tempest.lib.common.rest_client [req-98bb4ff9-224b-4165-97db-17828818e457 req-98bb4ff9-224b-4165-97db-17828818e457 ] Request (ServersTestJSON:test_create_server_with_ipv6_addr_only): 200 GET http://10.180.1.21/compute/v2.1/servers/7bc03c18-24a9-4e83-aaf7-a16af8164829 0.171s
2025-02-21 13:16:22.039 63113 INFO tempest.lib.common.rest_client [req-ba45bcfd-9726-496a-a6b2-6c1547ee0f7d req-ba45bcfd-9726-496a-a6b2-6c1547ee0f7d ] Request (ServerGroupTestJSON:setUpClass): 200 PUT http://10.180.1.21:9696/networking/v2.0/routers/c3268c91-4650-4f45-9135-84bfe8554580/add_router_interface 1.539s
2025-02-21 13:16:22.039 63113 INFO tempest.lib.common.dynamic_creds [-] Created isolated network resources for: credentials: Credentials: {'domain_id': 'default', 'domain_name': 'Default', 'username': 'tempest-ServerGroupTestJSON-304102592-project-member', 'project_domain_id': 'default', 'project_domain_name': 'Default', 'project_id': 'b93708238eff45cfa009caa5cd8aecb9', 'project_name': 'tempest-ServerGroupTestJSON-304102592', 'tenant_id': 'b93708238eff45cfa009caa5cd8aecb9', 'tenant_name': 'tempest-ServerGroupTestJSON-304102592', 'user_domain_id': 'default', 'user_domain_name': 'Default', 'user_id': '6db248fb6ebc4ca5ae83005da5f83806', 'system': None}, Network: {'id': '0645ca65-5640-461e-8136-8e9df19c85fb', 'name': 'tempest-ServerGroupTestJSON-369755731-network', 'tenant_id': 'b93708238eff45cfa009caa5cd8aecb9', 'admin_state_up': True, 'mtu': 8950, 'status': 'ACTIVE', 'subnets': [], 'shared': False, 'project_id': 'b93708238eff45cfa009caa5cd8aecb9', 'port_security_enabled': True, 'router:external': False, 'provider:network_type': 'vlan', 'provider:physical_network': 'default', 'provider:segmentation_id': 614, 'availability_zone_hints': [], 'availability_zones': [], 'ipv4_address_scope': None, 'ipv6_address_scope': None, 'description': '', 'tags': [], 'created_at': '2025-02-21T13:16:19Z', 'updated_at': '2025-02-21T13:16:19Z', 'revision_number': 1}, Subnet: {'id': '506b6873-6c31-4a76-9425-81327f53b882', 'name': 'tempest-ServerGroupTestJSON-369755731-subnet', 'tenant_id': 'b93708238eff45cfa009caa5cd8aecb9', 'network_id': '0645ca65-5640-461e-8136-8e9df19c85fb', 'ip_version': 4, 'subnetpool_id': None, 'enable_dhcp': True, 'ipv6_ra_mode': None, 'ipv6_address_mode': None, 'gateway_ip': '192.168.128.1', 'cidr': '192.168.128.0/28', 'allocation_pools': [{'start': '192.168.128.2', 'end': '192.168.128.14'}], 'host_routes': [], 'dns_nameservers': [], 'description': '', 'router:external': False, 'service_types': [], 'tags': [], 'created_at': '2025-02-21T13:16:19Z', 'updated_at': '2025-02-21T13:16:19Z', 'revision_number': 0, 'project_id': 'b93708238eff45cfa009caa5cd8aecb9'}, Router: {'id': 'c3268c91-4650-4f45-9135-84bfe8554580', 'name': 'tempest-ServerGroupTestJSON-369755731-router', 'tenant_id': 'b93708238eff45cfa009caa5cd8aecb9', 'admin_state_up': True, 'status': 'ACTIVE', 'external_gateway_info': {'network_id': '581a0282-30d7-4757-8b0b-7889e00bc70d', 'external_fixed_ips': [{'subnet_id': '834b7546-060a-4d4e-a9f7-c65d64dcb3cf', 'ip_address': '10.180.180.248'}], 'enable_snat': True}, 'description': '', 'availability_zones': [], 'distributed': False, 'ha': False, 'availability_zone_hints': [], 'routes': [], 'flavor_id': None, 'tags': [], 'created_at': '2025-02-21T13:16:19Z', 'updated_at': '2025-02-21T13:16:20Z', 'revision_number': 2, 'project_id': 'b93708238eff45cfa009caa5cd8aecb9'}
2025-02-21 13:16:22.098 63132 INFO tempest.lib.common.rest_client [req-bc733688-f789-4810-a789-183d1f6855d5 req-bc733688-f789-4810-a789-183d1f6855d5 ] Request (ServerShowV254Test:tearDownClass): 200 GET http://10.180.1.21/compute/v2.1/servers/2ad7347f-4dbc-40ab-bbbc-20bf0270c595 0.193s
2025-02-21 13:16:22.113 63099 INFO tempest.lib.common.rest_client [req-c5c2ec7c-7b25-45f3-b8e9-a75dfae04082 req-c5c2ec7c-7b25-45f3-b8e9-a75dfae04082 ] Request (ServicesAdminNegativeV253TestJSON:setUpClass): 201 POST http://10.180.1.21/identity/v3/users 0.101s
2025-02-21 13:16:22.140 63099 INFO tempest.lib.common.rest_client [req-967e6cd7-ca98-408a-921f-55fcbb5c26aa req-967e6cd7-ca98-408a-921f-55fcbb5c26aa ] Request (ServicesAdminNegativeV253TestJSON:setUpClass): 200 GET http://10.180.1.21/identity/v3/roles 0.026s
2025-02-21 13:16:22.153 63113 INFO tempest.lib.common.rest_client [req-6fefeb2e-7cca-4719-8788-d9bf81b8c631 req-6fefeb2e-7cca-4719-8788-d9bf81b8c631 ] Request (ServerGroupTestJSON:setUpClass): 201 POST http://10.180.1.21/identity/v3/auth/tokens 0.109s
2025-02-21 13:16:22.155 63151 INFO tempest.lib.common.rest_client [req-f8d7d1a9-6f7d-4cb7-bcda-ad7ace0d96ca req-f8d7d1a9-6f7d-4cb7-bcda-ad7ace0d96ca ] Request (MultipleCreateNegativeTestJSON:tearDownClass): 204 DELETE http://10.180.1.21:9696/networking/v2.0/security-groups/4a02c12b-a6ee-4f38-a6f6-ae5030f2ac0c 0.143s
2025-02-21 13:16:22.163 63105 INFO tempest.lib.common.rest_client [req-37e20acf-083a-4416-976b-302faffe35c7 req-37e20acf-083a-4416-976b-302faffe35c7 ] Request (FlavorsV2NegativeTest:tearDownClass): 204 DELETE http://10.180.1.21:9696/networking/v2.0/security-groups/ff03b501-3e1f-4883-8fdf-9b73a6d146d4 0.139s
2025-02-21 13:16:22.189 63099 INFO tempest.lib.common.rest_client [req-2caed152-8789-44ce-b556-edd197f15935 req-2caed152-8789-44ce-b556-edd197f15935 ] Request (ServicesAdminNegativeV253TestJSON:setUpClass): 204 PUT http://10.180.1.21/identity/v3/projects/8f4a9ae2f5f04d6c8c37ab79c704ec0f/users/e72ef05b5f9a42109108f3191741eb7a/roles/f561b7a556a24d9c91bdbd2e42057a6c 0.048s
2025-02-21 13:16:22.231 63151 INFO tempest.lib.common.rest_client [req-da569d53-7d9b-4bd9-8a52-1968708545aa req-da569d53-7d9b-4bd9-8a52-1968708545aa ] Request (MultipleCreateNegativeTestJSON:tearDownClass): 204 DELETE http://10.180.1.21/identity/v3/projects/930779335c8a4136a74ffe4197f6f555 0.076s
2025-02-21 13:16:22.278 63117 INFO tempest.lib.common.rest_client [req-581b614a-2579-472c-874c-38746485e9f7 req-581b614a-2579-472c-874c-38746485e9f7 ] Request (MigrationsAdminTest:test_list_migrations_in_flavor_resize_situation): 200 GET http://10.180.1.21/compute/v2.1/servers/2ebb4556-1741-48cc-b40c-45cde919e39d 0.251s
2025-02-21 13:16:22.297 63099 INFO tempest.lib.common.rest_client [req-a6b60c1e-2d20-4f74-b48a-050f14bf7cbe req-a6b60c1e-2d20-4f74-b48a-050f14bf7cbe ] Request (ServicesAdminNegativeV253TestJSON:setUpClass): 200 GET http://10.180.1.21/identity/v3/roles 0.108s
2025-02-21 13:16:22.325 63105 INFO tempest.lib.common.rest_client [req-d7ce3d6d-e844-4cff-b430-a42152d63f48 req-d7ce3d6d-e844-4cff-b430-a42152d63f48 ] Request (FlavorsV2NegativeTest:tearDownClass): 204 DELETE http://10.180.1.21/identity/v3/projects/0ac1e9f3313844f7b28c94f703c02481 0.161s
2025-02-21 13:16:22.353 63099 INFO tempest.lib.common.rest_client [req-f747571d-50f9-41d2-9319-66379ca91aa2 req-f747571d-50f9-41d2-9319-66379ca91aa2 ] Request (ServicesAdminNegativeV253TestJSON:setUpClass): 204 PUT http://10.180.1.21/identity/v3/projects/8f4a9ae2f5f04d6c8c37ab79c704ec0f/users/e72ef05b5f9a42109108f3191741eb7a/roles/f561b7a556a24d9c91bdbd2e42057a6c 0.056s
2025-02-21 13:16:22.353 63099 INFO tempest.lib.common.dynamic_creds [-] Dynamic test user e72ef05b5f9a42109108f3191741eb7a is created with scope project and roles: ['admin']
2025-02-21 13:16:22.354 63099 INFO tempest.lib.common.dynamic_creds [-] Acquired dynamic creds: credentials: Credentials: {'domain_id': 'default', 'domain_name': 'Default', 'username': 'tempest-ServicesAdminNegativeV253TestJSON-895101087-project-admin', 'project_domain_id': 'default', 'project_domain_name': 'Default', 'project_id': '8f4a9ae2f5f04d6c8c37ab79c704ec0f', 'project_name': 'tempest-ServicesAdminNegativeV253TestJSON-895101087', 'tenant_id': '8f4a9ae2f5f04d6c8c37ab79c704ec0f', 'tenant_name': 'tempest-ServicesAdminNegativeV253TestJSON-895101087', 'user_domain_id': 'default', 'user_domain_name': 'Default', 'user_id': 'e72ef05b5f9a42109108f3191741eb7a', 'system': None}, Network: None, Subnet: None, Router: None
2025-02-21 13:16:22.354 63099 INFO tempest.lib.common.dynamic_creds [-] Created isolated network resources for: credentials: Credentials: {'domain_id': 'default', 'domain_name': 'Default', 'username': 'tempest-ServicesAdminNegativeV253TestJSON-895101087-project-admin', 'project_domain_id': 'default', 'project_domain_name': 'Default', 'project_id': '8f4a9ae2f5f04d6c8c37ab79c704ec0f', 'project_name': 'tempest-ServicesAdminNegativeV253TestJSON-895101087', 'tenant_id': '8f4a9ae2f5f04d6c8c37ab79c704ec0f', 'tenant_name': 'tempest-ServicesAdminNegativeV253TestJSON-895101087', 'user_domain_id': 'default', 'user_domain_name': 'Default', 'user_id': 'e72ef05b5f9a42109108f3191741eb7a', 'system': None}, Network: None, Subnet: None, Router: None
2025-02-21 13:16:22.360 63133 INFO tempest.lib.common.rest_client [req-416d2370-677f-494c-9484-fe4ed6170657 req-416d2370-677f-494c-9484-fe4ed6170657 ] Request (ServersAdminTestJSON:setUpClass): 200 GET http://10.180.1.21/compute/v2.1/servers/4f4f114c-34cc-42f6-9aec-21178b0234f5 0.243s
2025-02-21 13:16:22.392 63105 INFO tempest.lib.common.rest_client [req-e50c77e2-3952-4d7f-af3f-24d13be038b7 req-e50c77e2-3952-4d7f-af3f-24d13be038b7 ] Request (ServersAaction247Test:setUpClass): 201 POST http://10.180.1.21/identity/v3/auth/tokens 0.066s
2025-02-21 13:16:22.458 63125 INFO tempest.lib.common.rest_client [req-2e2fbb74-5ef9-454f-99be-569ccf61e6cb req-2e2fbb74-5ef9-454f-99be-569ccf61e6cb ] Request (FloatingIPsAssociationNegativeTestJSON:test_associate_ip_to_server_with_floating_ip): 200 POST http://10.180.1.21/compute/v2.1/os-floating-ips 1.376s
2025-02-21 13:16:22.463 63099 INFO tempest.lib.common.rest_client [req-b8efa7bc-95b3-43f2-bd88-aa4204ad8b1f req-b8efa7bc-95b3-43f2-bd88-aa4204ad8b1f ] Request (ServicesAdminNegativeV253TestJSON:setUpClass): 201 POST http://10.180.1.21/identity/v3/auth/tokens 0.102s
2025-02-21 13:16:22.489 63105 INFO tempest.lib.common.rest_client [req-74c76217-c605-403b-b9ca-3262a5e255b3 req-74c76217-c605-403b-b9ca-3262a5e255b3 ] Request (ServersAaction247Test:setUpClass): 201 POST http://10.180.1.21/identity/v3/auth/tokens 0.095s
2025-02-21 13:16:22.522 63105 INFO tempest.lib.common.rest_client [req-ddfc07e1-b2a2-41f8-b1b2-f86b1a30c71c req-ddfc07e1-b2a2-41f8-b1b2-f86b1a30c71c ] Request (ServersAaction247Test:setUpClass): 200 GET http://10.180.1.21/identity/v3/domains?name=Default 0.033s
2025-02-21 13:16:22.523 63107 INFO tempest.lib.common.rest_client [req-47a48b3a-a2d8-4a57-bb5c-6c0c3f0ccc81 req-47a48b3a-a2d8-4a57-bb5c-6c0c3f0ccc81 ] Request (ServerDiskConfigTestJSON:test_rebuild_server_with_auto_disk_config): 200 GET http://10.180.1.21/compute/v2.1/servers/d6d95cd6-e6e2-48fe-8766-15fbc677a0e8 0.349s
2025-02-21 13:16:22.547 63113 INFO tempest.lib.common.rest_client [req-5f4e8d7d-7a7a-44de-bdfc-c00534672533 req-5f4e8d7d-7a7a-44de-bdfc-c00534672533 ] Request (ServerGroupTestJSON:setUp): 200 POST http://10.180.1.21/compute/v2.1/os-server-groups 0.392s
2025-02-21 13:16:22.558 63105 INFO tempest.lib.common.rest_client [req-5e4217d9-f354-4e2e-8c08-f1424a8f59c5 req-5e4217d9-f354-4e2e-8c08-f1424a8f59c5 ] Request (ServersAaction247Test:setUpClass): 201 POST http://10.180.1.21/identity/v3/projects 0.034s
2025-02-21 13:16:22.602 63155 INFO tempest.lib.common.rest_client [req-f8d19c09-c59f-4ebd-8e81-80290543ef5c req-f8d19c09-c59f-4ebd-8e81-80290543ef5c ] Request (ServersAdmin275Test:tearDownClass): 200 GET http://10.180.1.21/compute/v2.1/servers/df2a4178-c972-44e0-9657-050f5defaa99 0.327s
2025-02-21 13:16:22.640 63105 INFO tempest.lib.common.rest_client [req-529e0569-7007-4366-a332-0916c4ee1bac req-529e0569-7007-4366-a332-0916c4ee1bac ] Request (ServersAaction247Test:setUpClass): 201 POST http://10.180.1.21/identity/v3/users 0.081s
2025-02-21 13:16:22.662 63121 INFO tempest.lib.common.rest_client [req-483d7a7d-5c2c-4ee5-b270-5341506d0909 req-483d7a7d-5c2c-4ee5-b270-5341506d0909 ] Request (AttachInterfacesUnderV243Test:test_add_remove_fixed_ip): 200 GET http://10.180.1.21/compute/v2.1/servers/faa282f6-f946-4f8e-aea8-23c8ea493f18 0.313s
2025-02-21 13:16:22.673 63121 INFO tempest.common.waiters [-] State transition "BUILD/scheduling" ==> "BUILD/None" after 25 second wait
2025-02-21 13:16:22.675 63105 INFO tempest.lib.common.rest_client [req-92fca30b-55e2-469f-b2dc-4e6a93c7d2ab req-92fca30b-55e2-469f-b2dc-4e6a93c7d2ab ] Request (ServersAaction247Test:setUpClass): 200 GET http://10.180.1.21/identity/v3/roles 0.035s
2025-02-21 13:16:22.699 63119 INFO tempest.lib.common.rest_client [req-19a55141-5d2f-4c68-ac83-62133b8dfb47 req-19a55141-5d2f-4c68-ac83-62133b8dfb47 ] Request (InstanceActionsV221TestJSON:test_get_list_deleted_instance_actions): 200 GET http://10.180.1.21/compute/v2.1/servers/a220bf16-ddd8-4fea-b6c9-e3003a069641 0.417s
2025-02-21 13:16:22.708 63119 INFO tempest.common.waiters [-] State transition "BUILD/spawning" ==> "ACTIVE/None" after 36 second wait
2025-02-21 13:16:22.710 63105 INFO tempest.lib.common.rest_client [req-84e42a80-9ce6-42ab-80c6-4c487ea9b1f6 req-84e42a80-9ce6-42ab-80c6-4c487ea9b1f6 ] Request (ServersAaction247Test:setUpClass): 204 PUT http://10.180.1.21/identity/v3/projects/828a3844faf844b0b5b1be02531aa251/users/ad28b39dbf8e4fe8ba08a01048bdf7e7/roles/6ca8e68721af4b37a29ef57d71885291 0.034s
2025-02-21 13:16:22.710 63105 INFO tempest.lib.common.dynamic_creds [-] Dynamic test user ad28b39dbf8e4fe8ba08a01048bdf7e7 is created with scope project and roles: ['member']
2025-02-21 13:16:22.711 63105 INFO tempest.lib.common.dynamic_creds [-] Acquired dynamic creds: credentials: Credentials: {'domain_id': 'default', 'domain_name': 'Default', 'username': 'tempest-ServersAaction247Test-1574034151-project-member', 'project_domain_id': 'default', 'project_domain_name': 'Default', 'project_id': '828a3844faf844b0b5b1be02531aa251', 'project_name': 'tempest-ServersAaction247Test-1574034151', 'tenant_id': '828a3844faf844b0b5b1be02531aa251', 'tenant_name': 'tempest-ServersAaction247Test-1574034151', 'user_domain_id': 'default', 'user_domain_name': 'Default', 'user_id': 'ad28b39dbf8e4fe8ba08a01048bdf7e7', 'system': None}, Network: None, Subnet: None, Router: None
2025-02-21 13:16:22.711 63105 INFO tempest.lib.common.dynamic_creds [-] Created isolated network resources for: credentials: Credentials: {'domain_id': 'default', 'domain_name': 'Default', 'username': 'tempest-ServersAaction247Test-1574034151-project-member', 'project_domain_id': 'default', 'project_domain_name': 'Default', 'project_id': '828a3844faf844b0b5b1be02531aa251', 'project_name': 'tempest-ServersAaction247Test-1574034151', 'tenant_id': '828a3844faf844b0b5b1be02531aa251', 'tenant_name': 'tempest-ServersAaction247Test-1574034151', 'user_domain_id': 'default', 'user_domain_name': 'Default', 'user_id': 'ad28b39dbf8e4fe8ba08a01048bdf7e7', 'system': None}, Network: None, Subnet: None, Router: None
2025-02-21 13:16:22.723 63103 INFO tempest.lib.common.rest_client [req-1773452b-668f-4404-b94f-541c24e0ac53 req-1773452b-668f-4404-b94f-541c24e0ac53 ] Request (FloatingIPsAssociationTestJSON:setUpClass): 200 GET http://10.180.1.21/compute/v2.1/servers/c090804d-2123-4487-9152-dfce486bd17b 0.316s
2025-02-21 13:16:22.822 63105 INFO tempest.lib.common.rest_client [req-104c44f6-d01f-40b2-ab24-9fe06b3bad0f req-104c44f6-d01f-40b2-ab24-9fe06b3bad0f ] Request (ServersAaction247Test:setUpClass): 201 POST http://10.180.1.21/identity/v3/auth/tokens 0.107s
2025-02-21 13:16:22.868 63105 INFO tempest.lib.common.rest_client [req-8fa7a4d5-4ac8-4d99-8fd0-ee23af3201c9 req-8fa7a4d5-4ac8-4d99-8fd0-ee23af3201c9 ] Request (ServersAaction247Test:test_create_backup): 201 POST http://10.180.1.21/identity/v3/auth/tokens 0.040s
2025-02-21 13:16:22.868 63105 INFO tempest.lib.common.fixed_network [-] (ServersAaction247Test:test_create_backup) Found network None available for tenant
2025-02-21 13:16:22.897 63099 INFO tempest.lib.common.rest_client [req-e5b3f2bc-78cc-45ae-85c5-29e8b077ce72 req-e5b3f2bc-78cc-45ae-85c5-29e8b077ce72 ] Request (ServicesAdminNegativeV253TestJSON:test_disable_log_reason_with_invalid_service_id): 404 PUT http://10.180.1.21/compute/v2.1/os-services/8d596950-b262-4979-b3c8-b8a73c6c00b8 0.432s
2025-02-21 13:16:22.950 63157 INFO tempest.lib.common.rest_client [req-42d221cb-7977-40be-a4e0-b90ac80aa0a9 req-42d221cb-7977-40be-a4e0-b90ac80aa0a9 ] Request (ServerActionsTestOtherB:setUpClass): 200 GET http://10.180.1.21/compute/v2.1/servers/8fb48046-cb42-4250-a73a-046e1bc69f96 0.479s
2025-02-21 13:16:23.019 63101 INFO tempest.lib.common.rest_client [req-f14d715c-57b3-44a9-88b4-786984477a85 req-f14d715c-57b3-44a9-88b4-786984477a85 ] Request (ServerDiagnosticsNegativeTest:test_get_server_diagnostics_by_non_admin): 200 GET http://10.180.1.21/compute/v2.1/servers/0db29d19-ff59-4f09-8ebb-62c3f4ad3688 0.489s
2025-02-21 13:16:23.071 63113 INFO tempest.lib.common.rest_client [req-12be54e0-aee6-4d18-a504-5c8f3aee072b req-12be54e0-aee6-4d18-a504-5c8f3aee072b ] Request (ServerGroupTestJSON:test_create_delete_multiple_server_groups_with_same_name_policy): 200 POST http://10.180.1.21/compute/v2.1/os-server-groups 0.522s
2025-02-21 13:16:23.143 63147 INFO tempest.lib.common.rest_client [req-b24772c3-164f-4e62-945c-76b5e43033dc req-b24772c3-164f-4e62-945c-76b5e43033dc ] Request (ServerMetadataNegativeTestJSON:tearDownClass): 200 GET http://10.180.1.21/compute/v2.1/servers/900fe4d9-6c69-4178-8c2d-5af07fa5718f 0.593s
2025-02-21 13:16:23.200 63115 INFO tempest.lib.common.rest_client [req-630598c2-0aee-4180-89d9-b62410df27a8 req-630598c2-0aee-4180-89d9-b62410df27a8 ] Request (ServerAddressesTestJSON:setUpClass): 200 GET http://10.180.1.21/compute/v2.1/servers/1cb0dd52-e92e-4d1f-82ad-926fd793c889 0.603s
2025-02-21 13:16:23.252 63143 INFO tempest.lib.common.rest_client [req-efef955b-8124-4dce-a3cb-98bf07098d25 req-efef955b-8124-4dce-a3cb-98bf07098d25 ] Request (ServersAdminNegativeTestJSON:setUpClass): 200 GET http://10.180.1.21/compute/v2.1/servers/20645462-846a-4517-aee8-38a9211096bc 0.644s
2025-02-21 13:16:23.302 63160 INFO tempest.lib.common.rest_client [req-bb2fc90d-d614-4fde-9c0c-6f35440d862e req-bb2fc90d-d614-4fde-9c0c-6f35440d862e ] Request (ServerActionsV293TestJSON:setUpClass): 200 GET http://10.180.1.21/compute/v2.1/servers/02090911-ad5f-45bf-b0e4-910751803230 0.612s
2025-02-21 13:16:23.364 63119 INFO tempest.lib.common.rest_client [req-5f6e7a6c-f876-40de-83c4-54caa35d8106 req-5f6e7a6c-f876-40de-83c4-54caa35d8106 ] Request (InstanceActionsV221TestJSON:test_get_list_deleted_instance_actions): 204 DELETE http://10.180.1.21/compute/v2.1/servers/a220bf16-ddd8-4fea-b6c9-e3003a069641 0.656s
2025-02-21 13:16:23.366 63137 WARNING tempest.lib.common.ssh [-] Failed to establish authenticated ssh connection to cirros@10.180.180.132 ([Errno None] Unable to connect to port 22 on 10.180.180.132). Number attempts: 5. Retry after 6 seconds.: paramiko.ssh_exception.NoValidConnectionsError: [Errno None] Unable to connect to port 22 on 10.180.180.132
2025-02-21 13:16:23.411 63135 INFO tempest.lib.common.rest_client [req-a6c9d913-1fa8-468c-82b0-844fc3c56e75 req-a6c9d913-1fa8-468c-82b0-844fc3c56e75 ] Request (MultipleCreateTestJSON:test_multiple_create): 200 GET http://10.180.1.21/compute/v2.1/servers/6dcd7eb9-4ab3-4adc-929c-239fb1ff30d8 0.665s
2025-02-21 13:16:23.442 63127 INFO tempest.lib.common.rest_client [req-f6032ed2-7ef8-4291-8404-c0b4ad965952 req-f6032ed2-7ef8-4291-8404-c0b4ad965952 ] Request (ListImageFiltersTestJSON:setUpClass): 200 GET http://10.180.1.21/compute/v2.1/images/9caacf26-d90a-4d4f-8e98-8d6a92728cce 0.675s
2025-02-21 13:16:23.473 63111 INFO tempest.lib.common.rest_client [req-79c454d2-2650-4b49-876a-f13ab8416a26 req-79c454d2-2650-4b49-876a-f13ab8416a26 ] Request (ImagesOneServerTestJSON:test_create_image_specify_multibyte_character_image_name): 200 GET http://10.180.1.21/compute/v2.1/images/234e44ac-0671-4b7a-9d75-834b8c874849 0.667s
2025-02-21 13:16:23.592 63105 INFO tempest.lib.common.rest_client [req-17d71370-7cd3-41d7-a9ca-0b9041afa58e req-17d71370-7cd3-41d7-a9ca-0b9041afa58e ] Request (ServersAaction247Test:test_create_backup): 202 POST http://10.180.1.21/compute/v2.1/servers 0.722s
2025-02-21 13:16:23.647 63161 INFO tempest.lib.common.rest_client [req-de9e1c22-24cd-496f-a4e1-9d0c15ad1a60 req-de9e1c22-24cd-496f-a4e1-9d0c15ad1a60 ] Request (DeleteServersAdminTestJSON:test_delete_server_while_in_error_state): 200 GET http://10.180.1.21/compute/v2.1/servers/f1429713-ecf1-481d-b4ae-a50abab28758 0.756s
2025-02-21 13:16:23.665 63099 INFO tempest.lib.common.rest_client [req-044939e6-8522-4d2c-979b-94c5c62a5d9c req-044939e6-8522-4d2c-979b-94c5c62a5d9c ] Request (ServicesAdminNegativeV253TestJSON:test_disable_service_with_invalid_service_id): 404 PUT http://10.180.1.21/compute/v2.1/os-services/8d596950-b262-4979-b3c8-b8a73c6c00b8 0.766s
2025-02-21 13:16:23.746 63129 INFO tempest.lib.common.rest_client [req-e9b7cf26-046a-498f-a9bd-0d3b3246caee req-e9b7cf26-046a-498f-a9bd-0d3b3246caee ] Request (ServersTestBootFromVolume:setUpClass): 200 GET http://10.180.1.21/compute/v2.1/servers/11541cf8-c651-4963-a4d6-cd08aa6362d3 0.770s
2025-02-21 13:16:23.796 63145 INFO tempest.lib.common.rest_client [req-f8864ca6-6b7c-4bfe-a53f-4b222bdacd71 req-f8864ca6-6b7c-4bfe-a53f-4b222bdacd71 ] Request (ServersTestJSON:test_create_server_with_ipv6_addr_only): 200 GET http://10.180.1.21/compute/v2.1/servers/7bc03c18-24a9-4e83-aaf7-a16af8164829 0.760s
2025-02-21 13:16:23.829 63125 INFO tempest.lib.common.rest_client [req-79090899-4083-4287-9bb0-11fadbcace1a req-79090899-4083-4287-9bb0-11fadbcace1a ] Request (FloatingIPsAssociationNegativeTestJSON:test_associate_ip_to_server_with_floating_ip): 202 POST http://10.180.1.21/compute/v2.1/servers/09d95907-3227-4273-b0ca-cc7dcfd19c53/action 1.367s
2025-02-21 13:16:23.851 63113 INFO tempest.lib.common.rest_client [req-6fef6255-c201-41b7-a216-5de3cd87bae2 req-6fef6255-c201-41b7-a216-5de3cd87bae2 ] Request (ServerGroupTestJSON:test_create_delete_multiple_server_groups_with_same_name_policy): 200 POST http://10.180.1.21/compute/v2.1/os-server-groups 0.778s
2025-02-21 13:16:23.895 63132 INFO tempest.lib.common.rest_client [req-a3afceaf-b307-469b-9e0e-c7e2f2630664 req-a3afceaf-b307-469b-9e0e-c7e2f2630664 ] Request (ServerShowV254Test:tearDownClass): 200 GET http://10.180.1.21/compute/v2.1/servers/2ad7347f-4dbc-40ab-bbbc-20bf0270c595 0.779s
2025-02-21 13:16:23.906 63132 INFO tempest.common.waiters [-] State transition "ACTIVE/deleting" ==> "DELETED/None" after 4 second wait
2025-02-21 13:16:23.962 63117 INFO tempest.lib.common.rest_client [req-00952608-9172-4d26-9ffb-9b4ba46937ec req-00952608-9172-4d26-9ffb-9b4ba46937ec ] Request (MigrationsAdminTest:test_list_migrations_in_flavor_resize_situation): 200 GET http://10.180.1.21/compute/v2.1/servers/2ebb4556-1741-48cc-b40c-45cde919e39d 0.669s
2025-02-21 13:16:24.008 63119 INFO tempest.lib.common.rest_client [req-8303ed70-3dc1-4de6-8ec6-c1d11805525f req-8303ed70-3dc1-4de6-8ec6-c1d11805525f ] Request (InstanceActionsV221TestJSON:test_get_list_deleted_instance_actions): 200 GET http://10.180.1.21/compute/v2.1/servers/a220bf16-ddd8-4fea-b6c9-e3003a069641 0.644s
2025-02-21 13:16:24.012 63133 INFO tempest.lib.common.rest_client [req-980cdba9-9c6f-4119-89f5-873870ba9c70 req-980cdba9-9c6f-4119-89f5-873870ba9c70 ] Request (ServersAdminTestJSON:setUpClass): 200 GET http://10.180.1.21/compute/v2.1/servers/4f4f114c-34cc-42f6-9aec-21178b0234f5 0.643s
2025-02-21 13:16:24.069 63107 INFO tempest.lib.common.rest_client [req-7af5dbdc-9eda-4539-9dfa-fa6e95b5f632 req-7af5dbdc-9eda-4539-9dfa-fa6e95b5f632 ] Request (ServerDiskConfigTestJSON:test_rebuild_server_with_auto_disk_config): 200 GET http://10.180.1.21/compute/v2.1/servers/d6d95cd6-e6e2-48fe-8766-15fbc677a0e8 0.538s
2025-02-21 13:16:24.079 63105 INFO tempest.lib.common.rest_client [req-1c08420c-2309-4e16-878c-1fe28f026453 req-1c08420c-2309-4e16-878c-1fe28f026453 ] Request (ServersAaction247Test:test_create_backup): 200 GET http://10.180.1.21/compute/v2.1/servers/55a07a62-4f4b-416c-9481-506af3dc587a 0.485s
2025-02-21 13:16:24.096 63099 INFO tempest.lib.common.rest_client [req-9f965c1d-3d39-4880-92b3-83f18fa99b94 req-9f965c1d-3d39-4880-92b3-83f18fa99b94 ] Request (ServicesAdminNegativeV253TestJSON:test_enable_service_with_invalid_service_id): 404 PUT http://10.180.1.21/compute/v2.1/os-services/8d596950-b262-4979-b3c8-b8a73c6c00b8 0.430s
2025-02-21 13:16:24.148 63121 INFO tempest.lib.common.rest_client [req-2d84c21f-474c-4ed9-bcb7-936f92d8dbd9 req-2d84c21f-474c-4ed9-bcb7-936f92d8dbd9 ] Request (AttachInterfacesUnderV243Test:test_add_remove_fixed_ip): 200 GET http://10.180.1.21/compute/v2.1/servers/faa282f6-f946-4f8e-aea8-23c8ea493f18 0.473s
2025-02-21 13:16:24.152 63155 INFO tempest.lib.common.rest_client [req-5b188958-7446-4769-97c0-b19f4f437165 req-5b188958-7446-4769-97c0-b19f4f437165 ] Request (ServersAdmin275Test:tearDownClass): 200 GET http://10.180.1.21/compute/v2.1/servers/df2a4178-c972-44e0-9657-050f5defaa99 0.532s
2025-02-21 13:16:24.205 63103 INFO tempest.lib.common.rest_client [req-1245d24b-2d4e-4fc1-9145-4a756afaa603 req-1245d24b-2d4e-4fc1-9145-4a756afaa603 ] Request (FloatingIPsAssociationTestJSON:setUpClass): 200 GET http://10.180.1.21/compute/v2.1/servers/c090804d-2123-4487-9152-dfce486bd17b 0.473s
2025-02-21 13:16:24.230 63113 INFO tempest.lib.common.rest_client [req-70519f66-7e08-4682-b0e6-77e658548aee req-70519f66-7e08-4682-b0e6-77e658548aee ] Request (ServerGroupTestJSON:test_create_delete_multiple_server_groups_with_same_name_policy): 204 DELETE http://10.180.1.21/compute/v2.1/os-server-groups/5e3ab7f9-4b3f-41ba-8f0a-1aacb120efcd 0.377s
2025-02-21 13:16:24.281 63157 INFO tempest.lib.common.rest_client [req-f2e80d43-0b80-4d80-8ab1-e4bd28a07efd req-f2e80d43-0b80-4d80-8ab1-e4bd28a07efd ] Request (ServerActionsTestOtherB:setUpClass): 200 GET http://10.180.1.21/compute/v2.1/servers/8fb48046-cb42-4250-a73a-046e1bc69f96 0.321s
2025-02-21 13:16:24.289 63157 INFO tempest.common.waiters [-] State transition "BUILD/scheduling" ==> "BUILD/None" after 26 second wait
2025-02-21 13:16:24.338 63101 INFO tempest.lib.common.rest_client [req-661427ae-9c55-491a-b9f1-236a17889c43 req-661427ae-9c55-491a-b9f1-236a17889c43 ] Request (ServerDiagnosticsNegativeTest:test_get_server_diagnostics_by_non_admin): 200 GET http://10.180.1.21/compute/v2.1/servers/0db29d19-ff59-4f09-8ebb-62c3f4ad3688 0.309s
2025-02-21 13:16:24.357 63099 INFO tempest.lib.common.rest_client [req-d4c896a4-88df-44ad-bfd8-8fbd5163d116 req-d4c896a4-88df-44ad-bfd8-8fbd5163d116 ] Request (ServicesAdminNegativeV253TestJSON:test_get_service_by_invalid_params): 200 GET http://10.180.1.21/compute/v2.1/os-services 0.260s
2025-02-21 13:16:24.427 63147 INFO tempest.lib.common.rest_client [req-e0b60761-2c7c-4f7e-8586-050fdf643e2f req-e0b60761-2c7c-4f7e-8586-050fdf643e2f ] Request (ServerMetadataNegativeTestJSON:tearDownClass): 200 GET http://10.180.1.21/compute/v2.1/servers/900fe4d9-6c69-4178-8c2d-5af07fa5718f 0.277s
2025-02-21 13:16:24.480 63115 INFO tempest.lib.common.rest_client [req-80100691-0df6-4cbe-ae3e-e731cd44bfcd req-80100691-0df6-4cbe-ae3e-e731cd44bfcd ] Request (ServerAddressesTestJSON:setUpClass): 200 GET http://10.180.1.21/compute/v2.1/servers/1cb0dd52-e92e-4d1f-82ad-926fd793c889 0.265s
2025-02-21 13:16:24.491 63113 INFO tempest.lib.common.rest_client [req-4cbff782-6371-4958-b2de-2cfb4feaf6f0 req-4cbff782-6371-4958-b2de-2cfb4feaf6f0 ] Request (ServerGroupTestJSON:test_create_delete_multiple_server_groups_with_same_name_policy): 200 GET http://10.180.1.21/compute/v2.1/os-server-groups 0.261s
2025-02-21 13:16:24.546 63143 INFO tempest.lib.common.rest_client [req-22344a07-65fe-4ad2-bc29-8cfb789c1720 req-22344a07-65fe-4ad2-bc29-8cfb789c1720 ] Request (ServersAdminNegativeTestJSON:setUpClass): 200 GET http://10.180.1.21/compute/v2.1/servers/20645462-846a-4517-aee8-38a9211096bc 0.283s
2025-02-21 13:16:24.636 63160 INFO tempest.lib.common.rest_client [req-2785a4e4-c263-49d0-89bd-be4da0f95905 req-2785a4e4-c263-49d0-89bd-be4da0f95905 ] Request (ServerActionsV293TestJSON:setUpClass): 200 GET http://10.180.1.21/compute/v2.1/servers/02090911-ad5f-45bf-b0e4-910751803230 0.319s
2025-02-21 13:16:24.646 63123 WARNING tempest.lib.common.ssh [-] Failed to establish authenticated ssh connection to cirros@10.180.180.171 ([Errno None] Unable to connect to port 22 on 10.180.180.171). Number attempts: 4. Retry after 5 seconds.: paramiko.ssh_exception.NoValidConnectionsError: [Errno None] Unable to connect to port 22 on 10.180.180.171
2025-02-21 13:16:24.659 63099 INFO tempest.lib.common.rest_client [req-b45aacef-50b2-4bce-ba43-7ef29740cf00 req-b45aacef-50b2-4bce-ba43-7ef29740cf00 ] Request (ServicesAdminNegativeV253TestJSON:test_get_service_by_invalid_params): 200 GET http://10.180.1.21/compute/v2.1/os-services?xxx=nova-compute 0.299s
2025-02-21 13:16:24.750 63135 INFO tempest.lib.common.rest_client [req-c8322588-3104-46b0-a48a-dd57b9c1886b req-c8322588-3104-46b0-a48a-dd57b9c1886b ] Request (MultipleCreateTestJSON:test_multiple_create): 200 GET http://10.180.1.21/compute/v2.1/servers/6dcd7eb9-4ab3-4adc-929c-239fb1ff30d8 0.330s
2025-02-21 13:16:24.759 63135 INFO tempest.common.waiters [-] State transition "BUILD/None" ==> "BUILD/networking" after 35 second wait
2025-02-21 13:16:24.798 63127 INFO tempest.lib.common.rest_client [req-130b658a-ec50-4eb5-8177-89cc4f293328 req-130b658a-ec50-4eb5-8177-89cc4f293328 ] Request (ListImageFiltersTestJSON:setUpClass): 200 GET http://10.180.1.21/compute/v2.1/images/9caacf26-d90a-4d4f-8e98-8d6a92728cce 0.348s
2025-02-21 13:16:24.843 63111 INFO tempest.lib.common.rest_client [req-5a7e782f-9226-4e7e-ae3f-aacf0916d6a1 req-5a7e782f-9226-4e7e-ae3f-aacf0916d6a1 ] Request (ImagesOneServerTestJSON:test_create_image_specify_multibyte_character_image_name): 200 GET http://10.180.1.21/compute/v2.1/images/234e44ac-0671-4b7a-9d75-834b8c874849 0.366s
2025-02-21 13:16:24.863 63113 INFO tempest.lib.common.rest_client [req-79676d8f-50bb-49f3-b479-84a61ada9d1d req-79676d8f-50bb-49f3-b479-84a61ada9d1d ] Request (ServerGroupTestJSON:test_create_delete_multiple_server_groups_with_same_name_policy): 204 DELETE http://10.180.1.21/compute/v2.1/os-server-groups/d58e9b67-27b2-40b3-bb37-81f8d912e150 0.370s
2025-02-21 13:16:24.916 63161 INFO tempest.lib.common.rest_client [req-1050abc1-6e75-4d7b-a845-caff9820a315 req-1050abc1-6e75-4d7b-a845-caff9820a315 ] Request (DeleteServersAdminTestJSON:test_delete_server_while_in_error_state): 200 GET http://10.180.1.21/compute/v2.1/servers/f1429713-ecf1-481d-b4ae-a50abab28758 0.259s
2025-02-21 13:16:24.938 63099 INFO tempest.lib.common.rest_client [req-e0f134b6-9d5c-419c-b1c0-4c5ffa1b80a5 req-e0f134b6-9d5c-419c-b1c0-4c5ffa1b80a5 ] Request (ServicesAdminNegativeV253TestJSON:test_get_service_by_invalid_service_and_valid_host): 200 GET http://10.180.1.21/compute/v2.1/os-services 0.269s
2025-02-21 13:16:24.997 63129 INFO tempest.lib.common.rest_client [req-ace3df3d-945f-4569-9d09-42642176ae03 req-ace3df3d-945f-4569-9d09-42642176ae03 ] Request (ServersTestBootFromVolume:setUpClass): 200 GET http://10.180.1.21/compute/v2.1/servers/11541cf8-c651-4963-a4d6-cd08aa6362d3 0.240s
2025-02-21 13:16:25.058 63145 INFO tempest.lib.common.rest_client [req-1a2cbc99-817a-4181-8cb5-aabf2bf21647 req-1a2cbc99-817a-4181-8cb5-aabf2bf21647 ] Request (ServersTestJSON:test_create_server_with_ipv6_addr_only): 200 GET http://10.180.1.21/compute/v2.1/servers/7bc03c18-24a9-4e83-aaf7-a16af8164829 0.253s
2025-02-21 13:16:25.068 63113 INFO tempest.lib.common.rest_client [req-8772d283-dc8f-4c6f-8e2e-a8a539e5d3e0 req-8772d283-dc8f-4c6f-8e2e-a8a539e5d3e0 ] Request (ServerGroupTestJSON:test_create_delete_multiple_server_groups_with_same_name_policy): 200 GET http://10.180.1.21/compute/v2.1/os-server-groups 0.204s
2025-02-21 13:16:25.130 63125 INFO tempest.lib.common.rest_client [req-6db1c8b4-6a8d-4d59-b8db-1aa65f8c449a req-6db1c8b4-6a8d-4d59-b8db-1aa65f8c449a ] Request (FloatingIPsAssociationNegativeTestJSON:test_associate_ip_to_server_with_floating_ip): 200 POST http://10.180.1.21/compute/v2.1/os-floating-ips 1.301s
2025-02-21 13:16:25.134 63132 INFO tempest.lib.common.rest_client [req-2fb08035-bc58-4492-8280-bc0cb2eceda1 req-2fb08035-bc58-4492-8280-bc0cb2eceda1 ] Request (ServerShowV254Test:tearDownClass): 200 GET http://10.180.1.21/compute/v2.1/servers/2ad7347f-4dbc-40ab-bbbc-20bf0270c595 0.225s
2025-02-21 13:16:25.169 63099 INFO tempest.lib.common.rest_client [req-00e4ff35-cd63-4900-9e9a-d6b7057e472e req-00e4ff35-cd63-4900-9e9a-d6b7057e472e ] Request (ServicesAdminNegativeV253TestJSON:test_get_service_by_invalid_service_and_valid_host): 200 GET http://10.180.1.21/compute/v2.1/os-services?host=devstack&binary=xxx 0.229s
2025-02-21 13:16:25.260 63117 INFO tempest.lib.common.rest_client [req-4b85dca0-6702-4e2c-9a8b-faf40cf17690 req-4b85dca0-6702-4e2c-9a8b-faf40cf17690 ] Request (MigrationsAdminTest:test_list_migrations_in_flavor_resize_situation): 200 GET http://10.180.1.21/compute/v2.1/servers/2ebb4556-1741-48cc-b40c-45cde919e39d 0.288s
2025-02-21 13:16:25.315 63119 INFO tempest.lib.common.rest_client [req-79418ecd-3cab-498d-b3b0-9ad734632279 req-79418ecd-3cab-498d-b3b0-9ad734632279 ] Request (InstanceActionsV221TestJSON:test_get_list_deleted_instance_actions): 200 GET http://10.180.1.21/compute/v2.1/servers/a220bf16-ddd8-4fea-b6c9-e3003a069641 0.296s
2025-02-21 13:16:25.327 63133 INFO tempest.lib.common.rest_client [req-5f8bef06-031b-4a18-8568-600dfd5c8f83 req-5f8bef06-031b-4a18-8568-600dfd5c8f83 ] Request (ServersAdminTestJSON:setUpClass): 200 GET http://10.180.1.21/compute/v2.1/servers/4f4f114c-34cc-42f6-9aec-21178b0234f5 0.305s
2025-02-21 13:16:25.382 63107 INFO tempest.lib.common.rest_client [req-30ff6428-32c6-4c30-a118-6f6adc40954d req-30ff6428-32c6-4c30-a118-6f6adc40954d ] Request (ServerDiskConfigTestJSON:test_rebuild_server_with_auto_disk_config): 200 GET http://10.180.1.21/compute/v2.1/servers/d6d95cd6-e6e2-48fe-8766-15fbc677a0e8 0.302s
2025-02-21 13:16:25.388 63113 INFO tempest.lib.common.rest_client [req-807317a6-23e5-4112-bfcd-cdc934da101b req-807317a6-23e5-4112-bfcd-cdc934da101b ] Request (ServerGroupTestJSON:test_create_delete_server_group_with_affinity_policy): 200 POST http://10.180.1.21/compute/v2.1/os-server-groups 0.316s
2025-02-21 13:16:25.432 63105 INFO tempest.lib.common.rest_client [req-c89dcd08-3882-4de9-bb47-0435920a4cd2 req-c89dcd08-3882-4de9-bb47-0435920a4cd2 ] Request (ServersAaction247Test:test_create_backup): 200 GET http://10.180.1.21/compute/v2.1/servers/55a07a62-4f4b-416c-9481-506af3dc587a 0.339s
2025-02-21 13:16:25.477 63121 INFO tempest.lib.common.rest_client [req-b740b75c-3e1f-4d6c-b970-bfc9e3590d85 req-b740b75c-3e1f-4d6c-b970-bfc9e3590d85 ] Request (AttachInterfacesUnderV243Test:test_add_remove_fixed_ip): 200 GET http://10.180.1.21/compute/v2.1/servers/faa282f6-f946-4f8e-aea8-23c8ea493f18 0.321s
2025-02-21 13:16:25.545 63155 INFO tempest.lib.common.rest_client [req-828d693b-6ed3-4155-b84d-b1ee08339e13 req-828d693b-6ed3-4155-b84d-b1ee08339e13 ] Request (ServersAdmin275Test:tearDownClass): 200 GET http://10.180.1.21/compute/v2.1/servers/df2a4178-c972-44e0-9657-050f5defaa99 0.383s
2025-02-21 13:16:25.561 63099 INFO tempest.lib.common.rest_client [req-c4328ecb-f885-41ce-b020-86e153742b75 req-c4328ecb-f885-41ce-b020-86e153742b75 ] Request (ServicesAdminNegativeV253TestJSON:test_get_service_with_valid_service_and_invalid_host): 200 GET http://10.180.1.21/compute/v2.1/os-services 0.390s
2025-02-21 13:16:25.624 63103 INFO tempest.lib.common.rest_client [req-ef346126-e717-4dfd-b948-5226e348e229 req-ef346126-e717-4dfd-b948-5226e348e229 ] Request (FloatingIPsAssociationTestJSON:setUpClass): 200 GET http://10.180.1.21/compute/v2.1/servers/c090804d-2123-4487-9152-dfce486bd17b 0.407s
2025-02-21 13:16:25.645 63125 INFO tempest.lib.common.rest_client [req-b220ea3d-18ee-454f-8262-14f9aed88fd3 req-b220ea3d-18ee-454f-8262-14f9aed88fd3 ] Request (FloatingIPsAssociationNegativeTestJSON:test_associate_ip_to_server_with_floating_ip): 400 POST http://10.180.1.21/compute/v2.1/servers/09d95907-3227-4273-b0ca-cc7dcfd19c53/action 0.513s
2025-02-21 13:16:25.674 63157 INFO tempest.lib.common.rest_client [req-f135c6d7-31f0-41e3-8485-7fc5c9a46a1a req-f135c6d7-31f0-41e3-8485-7fc5c9a46a1a ] Request (ServerActionsTestOtherB:setUpClass): 200 GET http://10.180.1.21/compute/v2.1/servers/8fb48046-cb42-4250-a73a-046e1bc69f96 0.383s
2025-02-21 13:16:25.689 63113 INFO tempest.lib.common.rest_client [req-fa7efb05-7344-42f4-9cdf-64a656eac348 req-fa7efb05-7344-42f4-9cdf-64a656eac348 ] Request (ServerGroupTestJSON:test_create_delete_server_group_with_affinity_policy): 204 DELETE http://10.180.1.21/compute/v2.1/os-server-groups/b1b21867-695f-4ced-8b46-0bda3b937a24 0.300s
2025-02-21 13:16:25.692 63101 INFO tempest.lib.common.rest_client [req-824c8e22-c6c7-4687-8be1-4011bb015b29 req-824c8e22-c6c7-4687-8be1-4011bb015b29 ] Request (ServerDiagnosticsNegativeTest:test_get_server_diagnostics_by_non_admin): 200 GET http://10.180.1.21/compute/v2.1/servers/0db29d19-ff59-4f09-8ebb-62c3f4ad3688 0.345s
2025-02-21 13:16:25.745 63115 INFO tempest.lib.common.rest_client [req-b848de6e-d96d-4da1-b2c2-c2963f5a29af req-b848de6e-d96d-4da1-b2c2-c2963f5a29af ] Request (ServerAddressesTestJSON:setUpClass): 200 GET http://10.180.1.21/compute/v2.1/servers/1cb0dd52-e92e-4d1f-82ad-926fd793c889 0.255s
2025-02-21 13:16:25.762 63147 INFO tempest.lib.common.rest_client [req-412d6d44-cc73-46bd-907f-5c94adc1a6e6 req-412d6d44-cc73-46bd-907f-5c94adc1a6e6 ] Request (ServerMetadataNegativeTestJSON:tearDownClass): 200 GET http://10.180.1.21/compute/v2.1/servers/900fe4d9-6c69-4178-8c2d-5af07fa5718f 0.326s
2025-02-21 13:16:25.788 63099 INFO tempest.lib.common.rest_client [req-7870a048-0ca8-4332-9e35-fb6af3224f32 req-7870a048-0ca8-4332-9e35-fb6af3224f32 ] Request (ServicesAdminNegativeV253TestJSON:test_get_service_with_valid_service_and_invalid_host): 200 GET http://10.180.1.21/compute/v2.1/os-services?host=xxx&binary=nova-scheduler 0.224s
2025-02-21 13:16:25.802 63143 INFO tempest.lib.common.rest_client [req-6fc0d1c3-a40a-46dc-b727-65fdc67d6fb0 req-6fc0d1c3-a40a-46dc-b727-65fdc67d6fb0 ] Request (ServersAdminNegativeTestJSON:setUpClass): 200 GET http://10.180.1.21/compute/v2.1/servers/20645462-846a-4517-aee8-38a9211096bc 0.246s
2025-02-21 13:16:25.856 63160 INFO tempest.lib.common.rest_client [req-df6c69f1-7bc6-4e80-b4a3-d24ec5829b19 req-df6c69f1-7bc6-4e80-b4a3-d24ec5829b19 ] Request (ServerActionsV293TestJSON:setUpClass): 200 GET http://10.180.1.21/compute/v2.1/servers/02090911-ad5f-45bf-b0e4-910751803230 0.201s
2025-02-21 13:16:25.871 63113 INFO tempest.lib.common.rest_client [req-abe272cf-b465-4a4b-8b0e-159681098c00 req-abe272cf-b465-4a4b-8b0e-159681098c00 ] Request (ServerGroupTestJSON:test_create_delete_server_group_with_affinity_policy): 200 GET http://10.180.1.21/compute/v2.1/os-server-groups 0.181s
2025-02-21 13:16:26.111 63125 INFO tempest.lib.common.rest_client [req-46a87160-e522-49bc-8bf9-d1fcd5b23126 req-46a87160-e522-49bc-8bf9-d1fcd5b23126 ] Request (FloatingIPsAssociationNegativeTestJSON:_run_cleanups): 202 DELETE http://10.180.1.21/compute/v2.1/os-floating-ips/ea932eb8-0221-4d81-a13f-330678faf1de 0.465s
2025-02-21 13:16:26.259 63135 INFO tempest.lib.common.rest_client [req-e002a541-c736-4fa6-a09b-4f80f3f95de5 req-e002a541-c736-4fa6-a09b-4f80f3f95de5 ] Request (MultipleCreateTestJSON:test_multiple_create): 200 GET http://10.180.1.21/compute/v2.1/servers/6dcd7eb9-4ab3-4adc-929c-239fb1ff30d8 0.498s
2025-02-21 13:16:26.266 63135 INFO tempest.common.waiters [-] State transition "BUILD/networking" ==> "BUILD/spawning" after 37 second wait
2025-02-21 13:16:26.321 63099 INFO tempest.lib.common.rest_client [req-2817949b-8b0f-4b75-9cbe-cc34d6dba1ef req-2817949b-8b0f-4b75-9cbe-cc34d6dba1ef ] Request (ServicesAdminNegativeV253TestJSON:test_list_services_with_non_admin_user): 403 GET http://10.180.1.21/compute/v2.1/os-services 0.524s
2025-02-21 13:16:26.401 63109 INFO tempest.lib.common.rest_client [req-f62eafd5-f893-4f63-96ce-a88085803ade req-f62eafd5-f893-4f63-96ce-a88085803ade ] Request (ServerDiagnosticsV248Test:test_get_server_diagnostics): 200 GET http://10.180.1.21/compute/v2.1/servers/1faa0941-bb46-4496-84a8-4c3cb7ee3b8a/diagnostics 0.662s
2025-02-21 13:16:26.498 63099 INFO tempest.lib.common.rest_client [req-d8ddde25-7d9e-4014-b992-3f2b8d88b8bd req-d8ddde25-7d9e-4014-b992-3f2b8d88b8bd ] Request (ServicesAdminNegativeV253TestJSON:tearDownClass): 204 DELETE http://10.180.1.21/identity/v3/users/bdfacde863694229bc45fd7768f8912e 0.175s
2025-02-21 13:16:26.559 63127 INFO tempest.lib.common.rest_client [req-fed27b06-2caf-41be-af5c-b809c660a826 req-fed27b06-2caf-41be-af5c-b809c660a826 ] Request (ListImageFiltersTestJSON:setUpClass): 200 GET http://10.180.1.21/compute/v2.1/images/9caacf26-d90a-4d4f-8e98-8d6a92728cce 0.754s
2025-02-21 13:16:26.562 63111 INFO tempest.lib.common.rest_client [req-8e173ca9-a1ee-4fe4-9af6-74cc48f3d2e2 req-8e173ca9-a1ee-4fe4-9af6-74cc48f3d2e2 ] Request (ImagesOneServerTestJSON:test_create_image_specify_multibyte_character_image_name): 200 GET http://10.180.1.21/compute/v2.1/images/234e44ac-0671-4b7a-9d75-834b8c874849 0.715s
2025-02-21 13:16:26.605 63099 INFO tempest.lib.common.rest_client [req-65891112-3169-4c21-9f29-761c33f93487 req-65891112-3169-4c21-9f29-761c33f93487 ] Request (ServicesAdminNegativeV253TestJSON:tearDownClass): 204 DELETE http://10.180.1.21/identity/v3/users/e72ef05b5f9a42109108f3191741eb7a 0.106s
2025-02-21 13:16:26.605 63099 INFO tempest.lib.common.dynamic_creds [-] Deleting project and security group for project: a1cc633aedc24ab5a51ec1ff73d1860f
2025-02-21 13:16:26.622 63113 INFO tempest.lib.common.rest_client [req-4096921f-8682-4c5a-aee8-c3cf32c45741 req-4096921f-8682-4c5a-aee8-c3cf32c45741 ] Request (ServerGroupTestJSON:test_create_delete_server_group_with_anti_affinity_policy): 200 POST http://10.180.1.21/compute/v2.1/os-server-groups 0.747s
2025-02-21 13:16:26.633 63161 INFO tempest.lib.common.rest_client [req-3b360ba2-b8c3-4870-b8e2-b54af89d73bc req-3b360ba2-b8c3-4870-b8e2-b54af89d73bc ] Request (DeleteServersAdminTestJSON:test_delete_server_while_in_error_state): 200 GET http://10.180.1.21/compute/v2.1/servers/f1429713-ecf1-481d-b4ae-a50abab28758 0.704s
2025-02-21 13:16:26.666 63099 INFO tempest.lib.common.rest_client [req-ec675cf1-488e-40a5-962d-5d32423d047d req-ec675cf1-488e-40a5-962d-5d32423d047d ] Request (ServicesAdminNegativeV253TestJSON:tearDownClass): 201 POST http://10.180.1.21/identity/v3/auth/tokens 0.061s
2025-02-21 13:16:26.682 63129 INFO tempest.lib.common.rest_client [req-352c7864-1967-451a-bb67-1a5b5b5f3b3d req-352c7864-1967-451a-bb67-1a5b5b5f3b3d ] Request (ServersTestBootFromVolume:setUpClass): 200 GET http://10.180.1.21/compute/v2.1/servers/11541cf8-c651-4963-a4d6-cd08aa6362d3 0.676s
2025-02-21 13:16:26.707 63145 INFO tempest.lib.common.rest_client [req-279df352-b39b-4c8f-92ef-59bb6b0dbd15 req-279df352-b39b-4c8f-92ef-59bb6b0dbd15 ] Request (ServersTestJSON:test_create_server_with_ipv6_addr_only): 200 GET http://10.180.1.21/compute/v2.1/servers/7bc03c18-24a9-4e83-aaf7-a16af8164829 0.640s
2025-02-21 13:16:26.780 63132 INFO tempest.lib.common.rest_client [req-4d555f14-198f-490d-92ba-d87073e739d3 req-4d555f14-198f-490d-92ba-d87073e739d3 ] Request (ServerShowV254Test:tearDownClass): 200 GET http://10.180.1.21/compute/v2.1/servers/2ad7347f-4dbc-40ab-bbbc-20bf0270c595 0.627s
2025-02-21 13:16:26.846 63099 INFO tempest.lib.common.rest_client [req-6c2c35f7-2349-44e7-9a59-085b5510b801 req-6c2c35f7-2349-44e7-9a59-085b5510b801 ] Request (ServicesAdminNegativeV253TestJSON:tearDownClass): 200 GET http://10.180.1.21:9696/networking/v2.0/security-groups?tenant_id=a1cc633aedc24ab5a51ec1ff73d1860f&name=default 0.179s
2025-02-21 13:16:26.947 63117 INFO tempest.lib.common.rest_client [req-7e6d429d-2cb1-49d7-98dc-a9cfd417a2f0 req-7e6d429d-2cb1-49d7-98dc-a9cfd417a2f0 ] Request (MigrationsAdminTest:test_list_migrations_in_flavor_resize_situation): 200 GET http://10.180.1.21/compute/v2.1/servers/2ebb4556-1741-48cc-b40c-45cde919e39d 0.671s
2025-02-21 13:16:26.950 63139 WARNING tempest.lib.common.ssh [-] Failed to establish authenticated ssh connection to cirros@10.180.180.192 ([Errno None] Unable to connect to port 22 on 10.180.180.192). Number attempts: 6. Retry after 7 seconds.: paramiko.ssh_exception.NoValidConnectionsError: [Errno None] Unable to connect to port 22 on 10.180.180.192
2025-02-21 13:16:27.002 63099 INFO tempest.lib.common.rest_client [req-b3606d8a-fe33-4e52-a5cc-a085d9a97a64 req-b3606d8a-fe33-4e52-a5cc-a085d9a97a64 ] Request (ServicesAdminNegativeV253TestJSON:tearDownClass): 204 DELETE http://10.180.1.21:9696/networking/v2.0/security-groups/2e73574c-3c86-49c9-a9dd-ef97a9d3fdf9 0.155s
2025-02-21 13:16:27.021 63119 INFO tempest.lib.common.rest_client [req-4c107bf0-a773-4bc8-acb5-12e6179e5d48 req-4c107bf0-a773-4bc8-acb5-12e6179e5d48 ] Request (InstanceActionsV221TestJSON:test_get_list_deleted_instance_actions): 200 GET http://10.180.1.21/compute/v2.1/servers/a220bf16-ddd8-4fea-b6c9-e3003a069641 0.691s
2025-02-21 13:16:27.031 63119 INFO tempest.common.waiters [-] State transition "ACTIVE/deleting" ==> "DELETED/None" after 3 second wait
