2025-02-21 13:15:39.031 63121 INFO tempest.lib.common.rest_client [req-50b19d51-5791-4821-8359-3599f3e56f0f req-50b19d51-5791-4821-8359-3599f3e56f0f ] Request (HypervisorAdminTestJSON:test_get_hypervisor_show_details): 200 GET http://10.180.1.21/compute/v2.1/os-hypervisors 1.428s
2025-02-21 13:15:39.034 63125 INFO tempest.lib.common.rest_client [req-c493186f-616a-4115-8701-16c506d03e35 req-c493186f-616a-4115-8701-16c506d03e35 ] Request (FloatingIPsAssociationNegativeTestJSON:setUpClass): 200 PUT http://10.180.1.21:9696/networking/v2.0/routers/afff6cce-ee63-4540-ab33-08f56c1dcc00/add_router_interface 2.679s
2025-02-21 13:15:39.034 63125 INFO tempest.lib.common.dynamic_creds [-] Created isolated network resources for: credentials: Credentials: {'domain_id': 'default', 'domain_name': 'Default', 'username': 'tempest-FloatingIPsAssociationNegativeTestJSON-1722081294-project-member', 'project_domain_id': 'default', 'project_domain_name': 'Default', 'project_id': 'eb8815caf47b49d98a20548f832aa5ca', 'project_name': 'tempest-FloatingIPsAssociationNegativeTestJSON-1722081294', 'tenant_id': 'eb8815caf47b49d98a20548f832aa5ca', 'tenant_name': 'tempest-FloatingIPsAssociationNegativeTestJSON-1722081294', 'user_domain_id': 'default', 'user_domain_name': 'Default', 'user_id': '2ec6009ef78241a09901b8be90b89b5f', 'system': None}, Network: {'id': '0905a1b5-4c1e-4503-893d-528097fa82d9', 'name': 'tempest-FloatingIPsAssociationNegativeTestJSON-2028964672-network', 'tenant_id': 'eb8815caf47b49d98a20548f832aa5ca', 'admin_state_up': True, 'mtu': 8950, 'status': 'ACTIVE', 'subnets': [], 'shared': False, 'project_id': 'eb8815caf47b49d98a20548f832aa5ca', 'port_security_enabled': True, 'router:external': False, 'provider:network_type': 'vlan', 'provider:physical_network': 'default', 'provider:segmentation_id': 759, 'availability_zone_hints': [], 'availability_zones': [], 'ipv4_address_scope': None, 'ipv6_address_scope': None, 'description': '', 'tags': [], 'created_at': '2025-02-21T13:15:33Z', 'updated_at': '2025-02-21T13:15:33Z', 'revision_number': 1}, Subnet: {'id': '20321073-23b5-43a4-9415-214c2dfbf1a7', 'name': 'tempest-FloatingIPsAssociationNegativeTestJSON-2028964672-subnet', 'tenant_id': 'eb8815caf47b49d98a20548f832aa5ca', 'network_id': '0905a1b5-4c1e-4503-893d-528097fa82d9', 'ip_version': 4, 'subnetpool_id': None, 'enable_dhcp': True, 'ipv6_ra_mode': None, 'ipv6_address_mode': None, 'gateway_ip': '192.168.128.1', 'cidr': '192.168.128.0/28', 'allocation_pools': [{'start': '192.168.128.2', 'end': '192.168.128.14'}], 'host_routes': [], 'dns_nameservers': [], 'description': '', 'router:external': False, 'service_types': [], 'tags': [], 'created_at': '2025-02-21T13:15:33Z', 'updated_at': '2025-02-21T13:15:33Z', 'revision_number': 0, 'project_id': 'eb8815caf47b49d98a20548f832aa5ca'}, Router: {'id': 'afff6cce-ee63-4540-ab33-08f56c1dcc00', 'name': 'tempest-FloatingIPsAssociationNegativeTestJSON-2028964672-router', 'tenant_id': 'eb8815caf47b49d98a20548f832aa5ca', 'admin_state_up': True, 'status': 'ACTIVE', 'external_gateway_info': {'network_id': '581a0282-30d7-4757-8b0b-7889e00bc70d', 'external_fixed_ips': [{'subnet_id': '834b7546-060a-4d4e-a9f7-c65d64dcb3cf', 'ip_address': '10.180.180.150'}], 'enable_snat': True}, 'description': '', 'availability_zones': [], 'distributed': False, 'ha': False, 'availability_zone_hints': [], 'routes': [], 'flavor_id': None, 'tags': [], 'created_at': '2025-02-21T13:15:34Z', 'updated_at': '2025-02-21T13:15:35Z', 'revision_number': 2, 'project_id': 'eb8815caf47b49d98a20548f832aa5ca'}
2025-02-21 13:15:39.046 63115 INFO tempest.lib.common.rest_client [req-3e74dcbe-e696-4ea1-bd05-b6d51e8d9a7c req-3e74dcbe-e696-4ea1-bd05-b6d51e8d9a7c ] Request (FlavorsAccessNegativeTestJSON:test_flavor_non_admin_remove): 403 POST http://10.180.1.21/compute/v2.1/flavors/466511972/action 1.247s
2025-02-21 13:15:39.091 63133 INFO tempest.lib.common.rest_client [req-ae1e766d-d97b-4fe5-8563-bf3d6da31866 req-ae1e766d-d97b-4fe5-8563-bf3d6da31866 ] Request (HostsAdminNegativeTestJSON:tearDownClass): 204 DELETE http://10.180.1.21/identity/v3/projects/223027c709b64446aca381eaf9998e2f 0.135s
2025-02-21 13:15:39.108 63145 INFO tempest.lib.common.rest_client [req-b52ec5a1-43a0-4321-9731-930a749ca9e1 req-b52ec5a1-43a0-4321-9731-930a749ca9e1 ] Request (ServersTestJSON:test_create_server_specify_multibyte_character_name): 200 GET http://10.180.1.21/compute/v2.1/servers/5b1e3fd3-fe8c-417c-8df6-3a9eeedc0250 1.329s
2025-02-21 13:15:39.237 63161 INFO tempest.lib.common.rest_client [req-8d98240b-5601-478b-9766-1dd27382ffdf req-8d98240b-5601-478b-9766-1dd27382ffdf ] Request (DeleteServersAdminTestJSON:test_admin_delete_servers_of_others): 200 GET http://10.180.1.21/compute/v2.1/servers/2657025e-31dd-4dce-b33e-29c73d8e9838 1.351s
2025-02-21 13:15:39.260 63101 INFO tempest.lib.common.rest_client [req-5a57a93d-2743-489f-b641-91f188b56089 req-5a57a93d-2743-489f-b641-91f188b56089 ] Request (QuotaClassesAdmin257Test:test_update_default_quotas): 200 GET http://10.180.1.21/compute/v2.1/os-quota-class-sets/default 1.064s
2025-02-21 13:15:39.269 63125 INFO tempest.lib.common.rest_client [req-70022200-bdcd-419b-8194-76a8e4587974 req-70022200-bdcd-419b-8194-76a8e4587974 ] Request (FloatingIPsAssociationNegativeTestJSON:setUpClass): 201 POST http://10.180.1.21/identity/v3/auth/tokens 0.229s
2025-02-21 13:15:39.331 63133 INFO tempest.lib.common.rest_client [req-4c57a05d-1091-473b-a2b0-3df92eadbf90 req-4c57a05d-1091-473b-a2b0-3df92eadbf90 ] Request (ServersAdminTestJSON:setUpClass): 201 POST http://10.180.1.21/identity/v3/auth/tokens 0.238s
2025-02-21 13:15:39.369 63125 INFO tempest.lib.common.rest_client [req-c0eb26de-9613-48c4-8311-d4b83677b43a req-c0eb26de-9613-48c4-8311-d4b83677b43a ] Request (FloatingIPsAssociationNegativeTestJSON:setUpClass): 201 POST http://10.180.1.21/identity/v3/auth/tokens 0.094s
2025-02-21 13:15:39.369 63125 INFO tempest.lib.common.fixed_network [-] (FloatingIPsAssociationNegativeTestJSON:setUpClass) Found network {'id': '0905a1b5-4c1e-4503-893d-528097fa82d9', 'name': 'tempest-FloatingIPsAssociationNegativeTestJSON-2028964672-network', 'tenant_id': 'eb8815caf47b49d98a20548f832aa5ca', 'admin_state_up': True, 'mtu': 8950, 'status': 'ACTIVE', 'subnets': [], 'shared': False, 'project_id': 'eb8815caf47b49d98a20548f832aa5ca', 'port_security_enabled': True, 'router:external': False, 'provider:network_type': 'vlan', 'provider:physical_network': 'default', 'provider:segmentation_id': 759, 'availability_zone_hints': [], 'availability_zones': [], 'ipv4_address_scope': None, 'ipv6_address_scope': None, 'description': '', 'tags': [], 'created_at': '2025-02-21T13:15:33Z', 'updated_at': '2025-02-21T13:15:33Z', 'revision_number': 1} available for tenant
2025-02-21 13:15:39.402 63133 INFO tempest.lib.common.rest_client [req-ae21de1a-13f3-457a-b5a7-c903f01f26fa req-ae21de1a-13f3-457a-b5a7-c903f01f26fa ] Request (ServersAdminTestJSON:setUpClass): 201 POST http://10.180.1.21/identity/v3/auth/tokens 0.062s
2025-02-21 13:15:39.430 63133 INFO tempest.lib.common.rest_client [req-58375e82-3ed5-4d2e-9146-c848437412ff req-58375e82-3ed5-4d2e-9146-c848437412ff ] Request (ServersAdminTestJSON:setUpClass): 200 GET http://10.180.1.21/identity/v3/domains?name=Default 0.027s
2025-02-21 13:15:39.468 63133 INFO tempest.lib.common.rest_client [req-c45c8736-52d8-4d93-b7f6-8ae9c05d14de req-c45c8736-52d8-4d93-b7f6-8ae9c05d14de ] Request (ServersAdminTestJSON:setUpClass): 201 POST http://10.180.1.21/identity/v3/projects 0.037s
2025-02-21 13:15:39.506 63103 INFO tempest.lib.common.rest_client [req-50eaee1d-7ac7-43fb-b44b-b78abda25501 req-50eaee1d-7ac7-43fb-b44b-b78abda25501 ] Request (NetworksTest:tearDownClass): 200 GET http://10.180.1.21:9696/networking/v2.0/security-groups?tenant_id=ae2db17d89ba4fd3b16162152856bd83&name=default 0.480s
2025-02-21 13:15:39.537 63129 INFO tempest.lib.common.rest_client [req-5789c18f-e1fd-49f1-894b-af22373f98cb req-5789c18f-e1fd-49f1-894b-af22373f98cb ] Request (ServersTestBootFromVolume:setUpClass): 200 POST http://10.180.1.21/compute/v2.1/os-keypairs 1.669s
2025-02-21 13:15:39.559 63133 INFO tempest.lib.common.rest_client [req-7b3fb5c3-4b0d-4480-b790-1373b764fe07 req-7b3fb5c3-4b0d-4480-b790-1373b764fe07 ] Request (ServersAdminTestJSON:setUpClass): 201 POST http://10.180.1.21/identity/v3/users 0.090s
2025-02-21 13:15:39.563 63113 INFO tempest.lib.common.rest_client [req-aef7304d-8859-4c5d-ace0-c9dd77a9a11f req-aef7304d-8859-4c5d-ace0-c9dd77a9a11f ] Request (AggregatesAdminNegativeTestJSON:test_aggregate_delete_as_user): 200 POST http://10.180.1.21/compute/v2.1/os-aggregates 1.318s
2025-02-21 13:15:39.591 63133 INFO tempest.lib.common.rest_client [req-e139e24b-2ae3-4c0e-8cfc-2450447d50d6 req-e139e24b-2ae3-4c0e-8cfc-2450447d50d6 ] Request (ServersAdminTestJSON:setUpClass): 200 GET http://10.180.1.21/identity/v3/roles 0.032s
2025-02-21 13:15:39.631 63133 INFO tempest.lib.common.rest_client [req-fc9a417f-5f27-461f-b7e3-85663997c3fb req-fc9a417f-5f27-461f-b7e3-85663997c3fb ] Request (ServersAdminTestJSON:setUpClass): 204 PUT http://10.180.1.21/identity/v3/projects/a48441e563474bfa9a02e1964772329e/users/9f4b0416c67349f58c11243ae140dbd6/roles/6ca8e68721af4b37a29ef57d71885291 0.039s
2025-02-21 13:15:39.631 63133 INFO tempest.lib.common.dynamic_creds [-] Dynamic test user 9f4b0416c67349f58c11243ae140dbd6 is created with scope project and roles: ['member']
2025-02-21 13:15:39.632 63133 INFO tempest.lib.common.dynamic_creds [-] Acquired dynamic creds: credentials: Credentials: {'domain_id': 'default', 'domain_name': 'Default', 'username': 'tempest-ServersAdminTestJSON-775725945-project-member', 'project_domain_id': 'default', 'project_domain_name': 'Default', 'project_id': 'a48441e563474bfa9a02e1964772329e', 'project_name': 'tempest-ServersAdminTestJSON-775725945', 'tenant_id': 'a48441e563474bfa9a02e1964772329e', 'tenant_name': 'tempest-ServersAdminTestJSON-775725945', 'user_domain_id': 'default', 'user_domain_name': 'Default', 'user_id': '9f4b0416c67349f58c11243ae140dbd6', 'system': None}, Network: None, Subnet: None, Router: None
2025-02-21 13:15:39.650 63127 INFO tempest.lib.common.rest_client [req-d4b05f9c-61a3-42b5-8cf8-cb2c2d8fad9e req-d4b05f9c-61a3-42b5-8cf8-cb2c2d8fad9e ] Request (ListImageFiltersTestJSON:setUpClass): 202 POST http://10.180.1.21/compute/v2.1/servers 1.443s
2025-02-21 13:15:39.697 63103 INFO tempest.lib.common.rest_client [req-dc926172-5132-4d79-ac62-38444e09e6e8 req-dc926172-5132-4d79-ac62-38444e09e6e8 ] Request (NetworksTest:tearDownClass): 204 DELETE http://10.180.1.21:9696/networking/v2.0/security-groups/a20bd719-5c18-41e5-aa23-e93c6443bb21 0.191s
2025-02-21 13:15:39.728 63133 INFO tempest.lib.common.rest_client [req-87bccbf4-1ad6-4a6a-ae04-86473b29a2af req-87bccbf4-1ad6-4a6a-ae04-86473b29a2af ] Request (ServersAdminTestJSON:setUpClass): 201 POST http://10.180.1.21/identity/v3/auth/tokens 0.095s
2025-02-21 13:15:39.773 63129 INFO tempest.lib.common.rest_client [req-ece2e989-9189-4326-b108-97b264fe87c5 req-ece2e989-9189-4326-b108-97b264fe87c5 ] Request (ServersTestBootFromVolume:setUpClass): 201 POST http://10.180.1.21:9696/networking/v2.0/security-groups 0.234s
2025-02-21 13:15:39.829 63160 INFO tempest.lib.common.rest_client [req-f5f99609-713d-4d60-ae71-d04b773f67cf req-f5f99609-713d-4d60-ae71-d04b773f67cf ] Request (ServerActionsV293TestJSON:setUpClass): 200 GET http://10.180.1.21/volume/v3/volumes/22948de1-bc57-438a-bdb0-ef8c8bfaaa09 0.063s
2025-02-21 13:15:39.850 63103 INFO tempest.lib.common.rest_client [req-10d7a3d1-eb68-4e22-8575-16d52d630ee1 req-10d7a3d1-eb68-4e22-8575-16d52d630ee1 ] Request (NetworksTest:tearDownClass): 204 DELETE http://10.180.1.21/identity/v3/projects/ae2db17d89ba4fd3b16162152856bd83 0.152s
2025-02-21 13:15:39.851 63109 INFO tempest.lib.common.rest_client [req-84f51d61-b32e-4e8e-b098-8855ea791a34 req-84f51d61-b32e-4e8e-b098-8855ea791a34 ] Request (ServerDiagnosticsV248Test:test_get_server_diagnostics): 202 POST http://10.180.1.21/compute/v2.1/servers 1.533s
2025-02-21 13:15:39.850 63103 INFO tempest.lib.common.dynamic_creds [-] Deleting project and security group for project: 79ccdde956cd4b7ea17882343002623a
2025-02-21 13:15:39.853 63143 INFO tempest.lib.common.rest_client [req-0718717e-96f3-480d-90a0-e38dc8c16869 req-0718717e-96f3-480d-90a0-e38dc8c16869 ] Request (ServerExternalEventsTest:test_create_server_external_events): 200 GET http://10.180.1.21/compute/v2.1/servers/a2590c28-a9fa-4e6c-9750-459b05b06621 1.471s
2025-02-21 13:15:39.865 63143 INFO tempest.common.waiters [-] State transition "BUILD/spawning" ==> "ACTIVE/None" after 22 second wait
2025-02-21 13:15:39.875 63157 INFO tempest.lib.common.rest_client [req-70a1fbcc-5dfc-42ee-9cf2-9e834978696f req-70a1fbcc-5dfc-42ee-9cf2-9e834978696f ] Request (KeyPairsV22TestJSON:_run_cleanups): 204 DELETE http://10.180.1.21/compute/v2.1/os-keypairs/tempest-keypair-379896589 1.373s
2025-02-21 13:15:39.915 63151 INFO tempest.lib.common.rest_client [req-61a02aa1-266f-4ae4-8d57-d31fe84aaa7e req-61a02aa1-266f-4ae4-8d57-d31fe84aaa7e ] Request (TenantUsagesTestJSON:test_get_usage_tenant_with_non_admin_user): 200 GET http://10.180.1.21/compute/v2.1/os-simple-tenant-usage/2f751cce840f4769bd422e3b954f3c1f?start=2025-02-20T13%3A15%3A36.915221&end=2025-02-22T13%3A15%3A36.915221 1.400s
2025-02-21 13:15:40.014 63105 INFO tempest.lib.common.rest_client [req-8c008ae2-4c4f-499e-82ce-dc02bac080ea req-8c008ae2-4c4f-499e-82ce-dc02bac080ea ] Request (FlavorsAdminTestJSON:test_create_list_flavor_without_extra_data): 200 GET http://10.180.1.21/compute/v2.1/flavors/detail 1.497s
2025-02-21 13:15:40.023 63129 INFO tempest.lib.common.rest_client [req-c1dcedbf-dd98-4684-83b9-ab1b879777be req-c1dcedbf-dd98-4684-83b9-ab1b879777be ] Request (ServersTestBootFromVolume:setUpClass): 201 POST http://10.180.1.21:9696/networking/v2.0/security-group-rules 0.250s
2025-02-21 13:15:40.074 63111 INFO tempest.lib.common.rest_client [req-bff47ab8-199a-4243-b7ed-3dffa4079d24 req-bff47ab8-199a-4243-b7ed-3dffa4079d24 ] Request (ImagesOneServerTestJSON:setUpClass): 200 GET http://10.180.1.21/compute/v2.1/servers/70edd62c-1cb7-4e40-9543-fb39760cef5b 1.508s
2025-02-21 13:15:40.151 63132 INFO tempest.lib.common.rest_client [req-8f55bbff-ae22-474a-845d-99fa03b3937f req-8f55bbff-ae22-474a-845d-99fa03b3937f ] Request (ServerShowV254Test:test_rebuild_server): 200 GET http://10.180.1.21/compute/v2.1/servers/2ad7347f-4dbc-40ab-bbbc-20bf0270c595 1.230s
2025-02-21 13:15:40.168 63123 INFO tempest.lib.common.rest_client [req-36b64a8c-18e6-423e-b1c0-c2c18283ee09 req-36b64a8c-18e6-423e-b1c0-c2c18283ee09 ] Request (ServersWithSpecificFlavorTestJSON:test_verify_created_server_ephemeral_disk): 200 GET http://10.180.1.21/compute/v2.1/servers/471d4a05-6756-49d8-8b02-ba7edaa750f9 1.585s
2025-02-21 13:15:40.188 63121 INFO tempest.lib.common.rest_client [req-83fc5cbe-eecb-4c79-901f-6c5ae082cd7b req-83fc5cbe-eecb-4c79-901f-6c5ae082cd7b ] Request (HypervisorAdminTestJSON:test_get_hypervisor_show_details): 200 GET http://10.180.1.21/compute/v2.1/os-hypervisors/1 1.155s
2025-02-21 13:15:40.199 63153 INFO tempest.lib.common.rest_client [req-3c105e2f-6028-4bb6-9e30-da1246e90e1c req-3c105e2f-6028-4bb6-9e30-da1246e90e1c ] Request (SecurityGroupRulesNegativeTestJSON:test_create_security_group_rule_with_invalid_to_port): 400 POST http://10.180.1.21/compute/v2.1/os-security-group-rules 1.263s
2025-02-21 13:15:40.236 63107 INFO tempest.lib.common.rest_client [req-e27eabff-9cc0-4b10-a919-b37c438cef2c req-e27eabff-9cc0-4b10-a919-b37c438cef2c ] Request (FlavorsV2TestJSON:test_list_flavors_detailed_using_marker): 200 GET http://10.180.1.21/compute/v2.1/flavors/detail?marker=42 1.202s
2025-02-21 13:15:40.313 63103 INFO tempest.lib.common.rest_client [req-cd5a9bb0-613e-436c-bac8-99b0b5388898 req-cd5a9bb0-613e-436c-bac8-99b0b5388898 ] Request (NetworksTest:tearDownClass): 200 GET http://10.180.1.21:9696/networking/v2.0/security-groups?tenant_id=79ccdde956cd4b7ea17882343002623a&name=default 0.460s
2025-02-21 13:15:40.330 63115 INFO tempest.lib.common.rest_client [req-1b63af51-1578-4705-b1a6-da6d21d3fdf0 req-1b63af51-1578-4705-b1a6-da6d21d3fdf0 ] Request (FlavorsAccessNegativeTestJSON:_run_cleanups): 200 POST http://10.180.1.21/compute/v2.1/flavors/466511972/action 1.284s
2025-02-21 13:15:40.369 63101 INFO tempest.lib.common.rest_client [req-1a005042-7d5d-4e87-a741-5d06c5c6a2c9 req-1a005042-7d5d-4e87-a741-5d06c5c6a2c9 ] Request (QuotaClassesAdmin257Test:_run_cleanups): 200 PUT http://10.180.1.21/compute/v2.1/os-quota-class-sets/default 1.103s
2025-02-21 13:15:40.409 63103 INFO tempest.lib.common.rest_client [req-4489f716-bc25-4198-b264-0f5cafca69b8 req-4489f716-bc25-4198-b264-0f5cafca69b8 ] Request (NetworksTest:tearDownClass): 204 DELETE http://10.180.1.21:9696/networking/v2.0/security-groups/4f61620f-8c35-4920-bceb-447365d22c75 0.095s
2025-02-21 13:15:40.416 63129 INFO tempest.lib.common.rest_client [req-be947ad5-db26-489d-9076-7ada3064c988 req-be947ad5-db26-489d-9076-7ada3064c988 ] Request (ServersTestBootFromVolume:setUpClass): 201 POST http://10.180.1.21:9696/networking/v2.0/security-group-rules 0.390s
2025-02-21 13:15:40.488 63117 INFO tempest.lib.common.rest_client [req-5cc8de5d-0167-44a7-a71b-5922bccd82fb req-5cc8de5d-0167-44a7-a71b-5922bccd82fb ] Request (MigrationsAdminTest:test_list_migrations_in_flavor_resize_situation): 200 GET http://10.180.1.21/compute/v2.1/servers/2ebb4556-1741-48cc-b40c-45cde919e39d 1.400s
2025-02-21 13:15:40.513 63101 INFO tempest.lib.common.rest_client [req-29cf3a17-9f28-493f-816c-c0791a56dcb8 req-29cf3a17-9f28-493f-816c-c0791a56dcb8 ] Request (QuotaClassesAdmin257Test:tearDownClass): 204 DELETE http://10.180.1.21/identity/v3/users/776625c1b6ab4bab9aadb123c2c8d323 0.141s
2025-02-21 13:15:40.537 63103 INFO tempest.lib.common.rest_client [req-b58d7fce-0ac3-41d9-9fe6-a42cef2cd95f req-b58d7fce-0ac3-41d9-9fe6-a42cef2cd95f ] Request (NetworksTest:tearDownClass): 204 DELETE http://10.180.1.21/identity/v3/projects/79ccdde956cd4b7ea17882343002623a 0.128s
2025-02-21 13:15:40.543 63139 INFO tempest.lib.common.rest_client [req-cd44a59d-eb94-4770-987c-e92748bb0590 req-cd44a59d-eb94-4770-987c-e92748bb0590 ] Request (ServersTestJSON:setUpClass): 200 GET http://10.180.1.21/compute/v2.1/servers/f960f20c-7602-4293-a355-89520abe9478 1.228s
2025-02-21 13:15:40.577 63141 INFO tempest.lib.common.rest_client [req-dfbe9fa2-3dbd-4c47-acbb-e683209a0994 req-dfbe9fa2-3dbd-4c47-acbb-e683209a0994 ] Request (QuotasAdminTestJSON:test_delete_quota): 200 GET http://10.180.1.21/identity/v3/domains?name=Default 0.123s
2025-02-21 13:15:40.593 63133 INFO tempest.lib.common.rest_client [req-411157df-991e-4ab3-a221-caa87c818230 req-411157df-991e-4ab3-a221-caa87c818230 ] Request (ServersAdminTestJSON:setUpClass): 201 POST http://10.180.1.21:9696/networking/v2.0/networks 0.864s
2025-02-21 13:15:40.662 63135 INFO tempest.lib.common.rest_client [req-b9095526-85d0-4f57-8a23-db7cc934f14a req-b9095526-85d0-4f57-8a23-db7cc934f14a ] Request (MultipleCreateTestJSON:setUpClass): 201 POST http://10.180.1.21:9696/networking/v2.0/routers 2.328s
2025-02-21 13:15:40.679 63101 INFO tempest.lib.common.rest_client [req-3c22b2c5-8692-4ae9-9e6c-90f1995bc015 req-3c22b2c5-8692-4ae9-9e6c-90f1995bc015 ] Request (QuotaClassesAdmin257Test:tearDownClass): 204 DELETE http://10.180.1.21/identity/v3/users/400f7f3381b84eabba13cb9610ec9653 0.165s
2025-02-21 13:15:40.679 63101 INFO tempest.lib.common.dynamic_creds [-] Deleting project and security group for project: 1f48f6b69e3a4892be0ce9e20111a09c
2025-02-21 13:15:40.768 63099 INFO tempest.lib.common.rest_client [req-3a36f4fc-445d-452f-988c-d753a135d49a req-3a36f4fc-445d-452f-988c-d753a135d49a ] Request (ServerDiagnosticsTest:test_get_server_diagnostics): 200 GET http://10.180.1.21/compute/v2.1/servers/bbcb03aa-5ac8-4871-a785-e0c7fe8e8362 1.279s
2025-02-21 13:15:40.771 63103 INFO tempest.lib.common.rest_client [req-4b3bf567-a559-4550-8e44-461ef9ae145c req-4b3bf567-a559-4550-8e44-461ef9ae145c ] Request (FloatingIPsAssociationTestJSON:setUpClass): 201 POST http://10.180.1.21/identity/v3/auth/tokens 0.231s
2025-02-21 13:15:40.772 63141 INFO tempest.lib.common.rest_client [req-e8cd464d-9109-4a73-ac8e-54093b79a49a req-e8cd464d-9109-4a73-ac8e-54093b79a49a ] Request (QuotasAdminTestJSON:test_delete_quota): 201 POST http://10.180.1.21/identity/v3/projects 0.194s
2025-02-21 13:15:40.776 63113 INFO tempest.lib.common.rest_client [req-72d1ee73-260e-4079-a5d8-34a7b553592f req-72d1ee73-260e-4079-a5d8-34a7b553592f ] Request (AggregatesAdminNegativeTestJSON:test_aggregate_delete_as_user): 403 DELETE http://10.180.1.21/compute/v2.1/os-aggregates/5 1.211s
2025-02-21 13:15:40.827 63101 INFO tempest.lib.common.rest_client [req-5a0acf4a-daed-4d47-a916-7451d7d5eb6b req-5a0acf4a-daed-4d47-a916-7451d7d5eb6b ] Request (QuotaClassesAdmin257Test:tearDownClass): 201 POST http://10.180.1.21/identity/v3/auth/tokens 0.147s
2025-02-21 13:15:40.862 63141 INFO tempest.lib.common.rest_client [req-1ba12631-fba7-42e0-b087-2d47048c3409 req-1ba12631-fba7-42e0-b087-2d47048c3409 ] Request (QuotasAdminTestJSON:test_delete_quota): 200 GET http://10.180.1.21/identity/v3/domains?name=Default 0.089s
2025-02-21 13:15:40.864 63103 INFO tempest.lib.common.rest_client [req-f541b145-215c-4d0b-ae94-10fec792f308 req-f541b145-215c-4d0b-ae94-10fec792f308 ] Request (FloatingIPsAssociationTestJSON:setUpClass): 201 POST http://10.180.1.21/identity/v3/auth/tokens 0.090s
2025-02-21 13:15:40.881 63160 INFO tempest.lib.common.rest_client [req-a66dabbc-34a0-43c7-9f52-b2facdcd55b3 req-a66dabbc-34a0-43c7-9f52-b2facdcd55b3 ] Request (ServerActionsV293TestJSON:setUpClass): 200 GET http://10.180.1.21/volume/v3/volumes/22948de1-bc57-438a-bdb0-ef8c8bfaaa09 0.037s
2025-02-21 13:15:40.890 63155 INFO tempest.lib.common.rest_client [req-fd23b0ef-117c-4bc3-9721-4b9ad7f9b098 req-fd23b0ef-117c-4bc3-9721-4b9ad7f9b098 ] Request (ServersAdmin275Test:test_rebuild_update_server_275): 200 GET http://10.180.1.21/compute/v2.1/servers/df2a4178-c972-44e0-9657-050f5defaa99 1.251s
2025-02-21 13:15:40.919 63103 INFO tempest.lib.common.rest_client [req-16b3d0d7-b1ee-4180-bd85-a5cc8e286f31 req-16b3d0d7-b1ee-4180-bd85-a5cc8e286f31 ] Request (FloatingIPsAssociationTestJSON:setUpClass): 200 GET http://10.180.1.21/identity/v3/domains?name=Default 0.055s
2025-02-21 13:15:40.957 63103 INFO tempest.lib.common.rest_client [req-997ee6b4-91ee-402a-b14a-4263ecd44ea1 req-997ee6b4-91ee-402a-b14a-4263ecd44ea1 ] Request (FloatingIPsAssociationTestJSON:setUpClass): 201 POST http://10.180.1.21/identity/v3/projects 0.035s
2025-02-21 13:15:40.981 63127 INFO tempest.lib.common.rest_client [req-6bc2018e-4757-4bae-abbb-9b4ff01640ef req-6bc2018e-4757-4bae-abbb-9b4ff01640ef ] Request (ListImageFiltersTestJSON:setUpClass): 200 GET http://10.180.1.21/compute/v2.1/servers/7fae0278-8fc3-4512-964d-b318c2d1259c 1.324s
2025-02-21 13:15:41.028 63103 INFO tempest.lib.common.rest_client [req-3905cd5d-be21-45d5-9bba-a81994b8735b req-3905cd5d-be21-45d5-9bba-a81994b8735b ] Request (FloatingIPsAssociationTestJSON:setUpClass): 201 POST http://10.180.1.21/identity/v3/users 0.071s
2025-02-21 13:15:41.040 63129 INFO tempest.lib.common.rest_client [req-d7f9af47-5f5e-43a3-a49a-fd19f09cd6c9 req-d7f9af47-5f5e-43a3-a49a-fd19f09cd6c9 ] Request (ServersTestBootFromVolume:setUpClass): 201 POST http://10.180.1.21:9696/networking/v2.0/floatingips 0.624s
2025-02-21 13:15:41.049 63109 INFO tempest.lib.common.rest_client [req-0944ce77-3baa-492e-a94d-b92337a5a703 req-0944ce77-3baa-492e-a94d-b92337a5a703 ] Request (ServerDiagnosticsV248Test:test_get_server_diagnostics): 200 GET http://10.180.1.21/compute/v2.1/servers/1faa0941-bb46-4496-84a8-4c3cb7ee3b8a 1.194s
2025-02-21 13:15:41.069 63103 INFO tempest.lib.common.rest_client [req-9d6ccdc4-67e3-4c26-a341-975a088e1cdb req-9d6ccdc4-67e3-4c26-a341-975a088e1cdb ] Request (FloatingIPsAssociationTestJSON:setUpClass): 200 GET http://10.180.1.21/identity/v3/roles 0.041s
2025-02-21 13:15:41.119 63129 INFO tempest.lib.common.rest_client [req-bd23a285-7544-4f2b-8e9b-9cb61ad2ed95 req-bd23a285-7544-4f2b-8e9b-9cb61ad2ed95 ] Request (ServersTestBootFromVolume:setUpClass): 201 POST http://10.180.1.21/identity/v3/auth/tokens 0.073s
2025-02-21 13:15:41.120 63129 INFO tempest.lib.common.fixed_network [-] (ServersTestBootFromVolume:setUpClass) Found network {'id': '45791c70-b25a-49c5-98c3-9a379f1c1ad4', 'name': 'tempest-ServersTestBootFromVolume-992356255-network', 'tenant_id': '726180629953407eba63eb354d4bc2f3', 'admin_state_up': True, 'mtu': 8950, 'status': 'ACTIVE', 'subnets': [], 'shared': False, 'project_id': '726180629953407eba63eb354d4bc2f3', 'port_security_enabled': True, 'router:external': False, 'provider:network_type': 'vlan', 'provider:physical_network': 'default', 'provider:segmentation_id': 793, 'availability_zone_hints': [], 'availability_zones': [], 'ipv4_address_scope': None, 'ipv6_address_scope': None, 'description': '', 'tags': [], 'created_at': '2025-02-21T13:15:32Z', 'updated_at': '2025-02-21T13:15:32Z', 'revision_number': 1} available for tenant
2025-02-21 13:15:41.161 63103 INFO tempest.lib.common.rest_client [req-9afbece3-a90a-4996-a944-610c0d2d917e req-9afbece3-a90a-4996-a944-610c0d2d917e ] Request (FloatingIPsAssociationTestJSON:setUpClass): 204 PUT http://10.180.1.21/identity/v3/projects/5a391ec0f89c4656b096cffc11a33150/users/0d167d9311cd4f74a651b2ae6fc5c18a/roles/6ca8e68721af4b37a29ef57d71885291 0.091s
2025-02-21 13:15:41.161 63103 INFO tempest.lib.common.dynamic_creds [-] Dynamic test user 0d167d9311cd4f74a651b2ae6fc5c18a is created with scope project and roles: ['member']
2025-02-21 13:15:41.161 63103 INFO tempest.lib.common.dynamic_creds [-] Acquired dynamic creds: credentials: Credentials: {'domain_id': 'default', 'domain_name': 'Default', 'username': 'tempest-FloatingIPsAssociationTestJSON-821854022-project-member', 'project_domain_id': 'default', 'project_domain_name': 'Default', 'project_id': '5a391ec0f89c4656b096cffc11a33150', 'project_name': 'tempest-FloatingIPsAssociationTestJSON-821854022', 'tenant_id': '5a391ec0f89c4656b096cffc11a33150', 'tenant_name': 'tempest-FloatingIPsAssociationTestJSON-821854022', 'user_domain_id': 'default', 'user_domain_name': 'Default', 'user_id': '0d167d9311cd4f74a651b2ae6fc5c18a', 'system': None}, Network: None, Subnet: None, Router: None
2025-02-21 13:15:41.240 63103 INFO tempest.lib.common.rest_client [req-5091f8b6-a85f-4a71-bb1f-3515a9743513 req-5091f8b6-a85f-4a71-bb1f-3515a9743513 ] Request (FloatingIPsAssociationTestJSON:setUpClass): 201 POST http://10.180.1.21/identity/v3/auth/tokens 0.079s
2025-02-21 13:15:41.243 63143 INFO tempest.lib.common.rest_client [req-b45ff5da-4d96-4f1a-8214-fd43b8c3110e req-b45ff5da-4d96-4f1a-8214-fd43b8c3110e ] Request (ServerExternalEventsTest:test_create_server_external_events): 200 POST http://10.180.1.21/compute/v2.1/os-server-external-events 1.376s
2025-02-21 13:15:41.390 63101 INFO tempest.lib.common.rest_client [req-36b02285-0839-41a8-9ecb-5479f17e07f5 req-36b02285-0839-41a8-9ecb-5479f17e07f5 ] Request (QuotaClassesAdmin257Test:tearDownClass): 200 GET http://10.180.1.21:9696/networking/v2.0/security-groups?tenant_id=1f48f6b69e3a4892be0ce9e20111a09c&name=default 0.563s
2025-02-21 13:15:41.465 63129 INFO tempest.lib.common.rest_client [req-dc778072-b8fb-496c-ba68-40140612ea63 req-dc778072-b8fb-496c-ba68-40140612ea63 ] Request (ServersTestBootFromVolume:setUpClass): 202 POST http://10.180.1.21/volume/v3/volumes 0.345s
2025-02-21 13:15:41.484 63133 INFO tempest.lib.common.rest_client [req-45f3aaa2-5861-48d0-af4e-1bd1f98a9de1 req-45f3aaa2-5861-48d0-af4e-1bd1f98a9de1 ] Request (ServersAdminTestJSON:setUpClass): 201 POST http://10.180.1.21:9696/networking/v2.0/subnets 0.890s
2025-02-21 13:15:41.506 63129 INFO tempest.lib.common.rest_client [req-e14dc1e9-0d18-4873-ac30-37f35b1fc678 req-e14dc1e9-0d18-4873-ac30-37f35b1fc678 ] Request (ServersTestBootFromVolume:setUpClass): 200 GET http://10.180.1.21/volume/v3/volumes/a2db2f5d-90c6-4267-a10b-8d24046164fc 0.032s
2025-02-21 13:15:41.644 63119 INFO tempest.lib.common.rest_client [req-92e47119-5132-4b3c-92e6-bc7a679bc1a7 req-92e47119-5132-4b3c-92e6-bc7a679bc1a7 ] Request (InstanceActionsV221TestJSON:setUpClass): 200 PUT http://10.180.1.21:9696/networking/v2.0/routers/9595efe1-5927-47ca-a356-00cb1cae1547/add_router_interface 3.047s
2025-02-21 13:15:41.644 63119 INFO tempest.lib.common.dynamic_creds [-] Created isolated network resources for: credentials: Credentials: {'domain_id': 'default', 'domain_name': 'Default', 'username': 'tempest-InstanceActionsV221TestJSON-286921900-project-member', 'project_domain_id': 'default', 'project_domain_name': 'Default', 'project_id': '618537d244144ec0badb9ac4952b6799', 'project_name': 'tempest-InstanceActionsV221TestJSON-286921900', 'tenant_id': '618537d244144ec0badb9ac4952b6799', 'tenant_name': 'tempest-InstanceActionsV221TestJSON-286921900', 'user_domain_id': 'default', 'user_domain_name': 'Default', 'user_id': '89961184b322484a814484a469b2a47e', 'system': None}, Network: {'id': 'b0441a18-4728-4cd2-a5d9-08bfc998fbf4', 'name': 'tempest-InstanceActionsV221TestJSON-466239086-network', 'tenant_id': '618537d244144ec0badb9ac4952b6799', 'admin_state_up': True, 'mtu': 8950, 'status': 'ACTIVE', 'subnets': [], 'shared': False, 'project_id': '618537d244144ec0badb9ac4952b6799', 'port_security_enabled': True, 'router:external': False, 'provider:network_type': 'vlan', 'provider:physical_network': 'default', 'provider:segmentation_id': 73, 'availability_zone_hints': [], 'availability_zones': [], 'ipv4_address_scope': None, 'ipv6_address_scope': None, 'description': '', 'tags': [], 'created_at': '2025-02-21T13:15:35Z', 'updated_at': '2025-02-21T13:15:35Z', 'revision_number': 1}, Subnet: {'id': '21a1abee-6857-45c3-ad19-4d050ae2caf4', 'name': 'tempest-InstanceActionsV221TestJSON-466239086-subnet', 'tenant_id': '618537d244144ec0badb9ac4952b6799', 'network_id': 'b0441a18-4728-4cd2-a5d9-08bfc998fbf4', 'ip_version': 4, 'subnetpool_id': None, 'enable_dhcp': True, 'ipv6_ra_mode': None, 'ipv6_address_mode': None, 'gateway_ip': '192.168.128.1', 'cidr': '192.168.128.0/28', 'allocation_pools': [{'start': '192.168.128.2', 'end': '192.168.128.14'}], 'host_routes': [], 'dns_nameservers': [], 'description': '', 'router:external': False, 'service_types': [], 'tags': [], 'created_at': '2025-02-21T13:15:36Z', 'updated_at': '2025-02-21T13:15:36Z', 'revision_number': 0, 'project_id': '618537d244144ec0badb9ac4952b6799'}, Router: {'id': '9595efe1-5927-47ca-a356-00cb1cae1547', 'name': 'tempest-InstanceActionsV221TestJSON-466239086-router', 'tenant_id': '618537d244144ec0badb9ac4952b6799', 'admin_state_up': True, 'status': 'ACTIVE', 'external_gateway_info': {'network_id': '581a0282-30d7-4757-8b0b-7889e00bc70d', 'external_fixed_ips': [{'subnet_id': '834b7546-060a-4d4e-a9f7-c65d64dcb3cf', 'ip_address': '10.180.180.134'}], 'enable_snat': True}, 'description': '', 'availability_zones': [], 'distributed': False, 'ha': False, 'availability_zone_hints': [], 'routes': [], 'flavor_id': None, 'tags': [], 'created_at': '2025-02-21T13:15:36Z', 'updated_at': '2025-02-21T13:15:37Z', 'revision_number': 2, 'project_id': '618537d244144ec0badb9ac4952b6799'}
2025-02-21 13:15:41.661 63125 INFO tempest.lib.common.rest_client [req-aa350aed-04c4-47e4-8b9e-ef9effc79b51 req-aa350aed-04c4-47e4-8b9e-ef9effc79b51 ] Request (FloatingIPsAssociationNegativeTestJSON:setUpClass): 202 POST http://10.180.1.21/compute/v2.1/servers 2.291s
2025-02-21 13:15:41.666 63101 INFO tempest.lib.common.rest_client [req-aa48cf5c-b7e0-4a69-824b-1f3bf142f0cd req-aa48cf5c-b7e0-4a69-824b-1f3bf142f0cd ] Request (QuotaClassesAdmin257Test:tearDownClass): 204 DELETE http://10.180.1.21:9696/networking/v2.0/security-groups/cd8d7447-9bb1-4379-bef1-ceaf62bfd47f 0.275s
2025-02-21 13:15:41.737 63151 INFO tempest.lib.common.rest_client [req-8e5a38e7-dff0-4415-baff-6374f33c1970 req-8e5a38e7-dff0-4415-baff-6374f33c1970 ] Request (TenantUsagesTestJSON:test_list_usage_all_tenants): 200 GET http://10.180.1.21/compute/v2.1/os-simple-tenant-usage?start=2025-02-20T13%3A15%3A36.915221&end=2025-02-22T13%3A15%3A36.915221&detailed=1 1.810s
2025-02-21 13:15:41.751 63119 INFO tempest.lib.common.rest_client [req-ac47c99c-b237-4857-87ff-747960428237 req-ac47c99c-b237-4857-87ff-747960428237 ] Request (InstanceActionsV221TestJSON:setUpClass): 201 POST http://10.180.1.21/identity/v3/auth/tokens 0.103s
2025-02-21 13:15:41.816 63101 INFO tempest.lib.common.rest_client [req-20b02a3c-1845-4d8e-b1ca-6e4f4becaf80 req-20b02a3c-1845-4d8e-b1ca-6e4f4becaf80 ] Request (QuotaClassesAdmin257Test:tearDownClass): 204 DELETE http://10.180.1.21/identity/v3/projects/1f48f6b69e3a4892be0ce9e20111a09c 0.149s
2025-02-21 13:15:41.816 63101 INFO tempest.lib.common.dynamic_creds [-] Deleting project and security group for project: 0aaaeefd031b4024bcd676f21c0b3017
2025-02-21 13:15:41.888 63119 INFO tempest.lib.common.rest_client [req-5686eda7-0d2d-4231-aacd-52aaf00ec2cb req-5686eda7-0d2d-4231-aacd-52aaf00ec2cb ] Request (InstanceActionsV221TestJSON:test_get_list_deleted_instance_actions): 201 POST http://10.180.1.21/identity/v3/auth/tokens 0.131s
2025-02-21 13:15:41.889 63119 INFO tempest.lib.common.fixed_network [-] (InstanceActionsV221TestJSON:test_get_list_deleted_instance_actions) Found network {'id': 'b0441a18-4728-4cd2-a5d9-08bfc998fbf4', 'name': 'tempest-InstanceActionsV221TestJSON-466239086-network', 'tenant_id': '618537d244144ec0badb9ac4952b6799', 'admin_state_up': True, 'mtu': 8950, 'status': 'ACTIVE', 'subnets': [], 'shared': False, 'project_id': '618537d244144ec0badb9ac4952b6799', 'port_security_enabled': True, 'router:external': False, 'provider:network_type': 'vlan', 'provider:physical_network': 'default', 'provider:segmentation_id': 73, 'availability_zone_hints': [], 'availability_zones': [], 'ipv4_address_scope': None, 'ipv6_address_scope': None, 'description': '', 'tags': [], 'created_at': '2025-02-21T13:15:35Z', 'updated_at': '2025-02-21T13:15:35Z', 'revision_number': 1} available for tenant
2025-02-21 13:15:41.930 63160 INFO tempest.lib.common.rest_client [req-16bf530f-39ef-401f-a0e1-2d17f171c20c req-16bf530f-39ef-401f-a0e1-2d17f171c20c ] Request (ServerActionsV293TestJSON:setUpClass): 200 GET http://10.180.1.21/volume/v3/volumes/22948de1-bc57-438a-bdb0-ef8c8bfaaa09 0.036s
2025-02-21 13:15:42.006 63137 INFO tempest.lib.common.rest_client [req-750dfccc-7680-443a-b42b-b15cdfa82484 req-750dfccc-7680-443a-b42b-b15cdfa82484 ] Request (VolumesAssistedSnapshotsTest:test_volume_assisted_snapshot_create_delete): 200 GET http://10.180.1.21/compute/v2.1/servers/50f2676d-83dd-4b21-8b1a-43868a8429c0 1.995s
2025-02-21 13:15:42.107 63147 INFO tempest.lib.common.rest_client [req-adf0d22b-2041-442b-b175-918386b10e4d req-adf0d22b-2041-442b-b175-918386b10e4d ] Request (ServerMetadataNegativeTestJSON:setUpClass): 200 GET http://10.180.1.21/compute/v2.1/servers/900fe4d9-6c69-4178-8c2d-5af07fa5718f 2.091s
2025-02-21 13:15:42.134 63105 INFO tempest.lib.common.rest_client [req-57547f21-a296-441c-853b-4c85107dfebf req-57547f21-a296-441c-853b-4c85107dfebf ] Request (FlavorsAdminTestJSON:_run_cleanups): 202 DELETE http://10.180.1.21/compute/v2.1/flavors/1667046718 2.111s
2025-02-21 13:15:42.150 63101 INFO tempest.lib.common.rest_client [req-37ca5387-4257-4a22-977f-7f7383b9834b req-37ca5387-4257-4a22-977f-7f7383b9834b ] Request (QuotaClassesAdmin257Test:tearDownClass): 200 GET http://10.180.1.21:9696/networking/v2.0/security-groups?tenant_id=0aaaeefd031b4024bcd676f21c0b3017&name=default 0.334s
2025-02-21 13:15:42.228 63145 INFO tempest.lib.common.rest_client [req-d04f245e-7bde-4f8c-b32c-47169c74b1fc req-d04f245e-7bde-4f8c-b32c-47169c74b1fc ] Request (ServersTestJSON:test_create_server_specify_multibyte_character_name): 200 GET http://10.180.1.21/compute/v2.1/servers/5b1e3fd3-fe8c-417c-8df6-3a9eeedc0250 2.106s
2025-02-21 13:15:42.311 63121 INFO tempest.lib.common.rest_client [req-abd70416-29a5-4311-ac66-6055e7402a71 req-abd70416-29a5-4311-ac66-6055e7402a71 ] Request (HypervisorAdminTestJSON:test_get_hypervisor_stats): 200 GET http://10.180.1.21/compute/v2.1/os-hypervisors/statistics 2.113s
2025-02-21 13:15:42.315 63103 INFO tempest.lib.common.rest_client [req-f094196a-21c9-4664-a179-d3b15578f0ee req-f094196a-21c9-4664-a179-d3b15578f0ee ] Request (FloatingIPsAssociationTestJSON:setUpClass): 201 POST http://10.180.1.21:9696/networking/v2.0/networks 1.074s
2025-02-21 13:15:42.351 63153 INFO tempest.lib.common.rest_client [req-87d39289-ea0f-486c-8252-9aa2519507a0 req-87d39289-ea0f-486c-8252-9aa2519507a0 ] Request (SecurityGroupRulesNegativeTestJSON:test_create_security_group_rule_with_non_existent_id): 404 POST http://10.180.1.21/compute/v2.1/os-security-group-rules 2.150s
2025-02-21 13:15:42.384 63107 INFO tempest.lib.common.rest_client [req-5c432da8-7b35-4be1-8712-85602e5fcf6a req-5c432da8-7b35-4be1-8712-85602e5fcf6a ] Request (FlavorsV2TestJSON:test_list_flavors_filter_by_min_disk): 200 GET http://10.180.1.21/compute/v2.1/flavors/42 2.143s
2025-02-21 13:15:42.458 63157 INFO tempest.lib.common.rest_client [req-725ca19c-3a9f-4bfa-a37e-f63df9375f19 req-725ca19c-3a9f-4bfa-a37e-f63df9375f19 ] Request (KeyPairsV22TestJSON:test_keypairsv22_create_list_show_with_type): 201 POST http://10.180.1.21/compute/v2.1/os-keypairs 2.577s
2025-02-21 13:15:42.489 63101 INFO tempest.lib.common.rest_client [req-8efb6ddd-0c7f-4cbe-9c08-a17ee97195dd req-8efb6ddd-0c7f-4cbe-9c08-a17ee97195dd ] Request (QuotaClassesAdmin257Test:tearDownClass): 204 DELETE http://10.180.1.21:9696/networking/v2.0/security-groups/44bb80fe-5827-47ca-8adb-6c0d0d65e989 0.339s
2025-02-21 13:15:42.493 63161 INFO tempest.lib.common.rest_client [req-1f79214f-659a-4471-a762-02013a55b2e6 req-1f79214f-659a-4471-a762-02013a55b2e6 ] Request (DeleteServersAdminTestJSON:test_admin_delete_servers_of_others): 200 GET http://10.180.1.21/compute/v2.1/servers/2657025e-31dd-4dce-b33e-29c73d8e9838 2.241s
2025-02-21 13:15:42.495 63115 INFO tempest.lib.common.rest_client [req-52480d6c-699f-4857-a529-2ce0561b66ba req-52480d6c-699f-4857-a529-2ce0561b66ba ] Request (FlavorsAccessNegativeTestJSON:_run_cleanups): 202 DELETE http://10.180.1.21/compute/v2.1/flavors/466511972 2.163s
2025-02-21 13:15:42.509 63121 INFO tempest.lib.common.rest_client [req-6166e3bb-f505-4a4f-9e53-961b2b65c758 req-6166e3bb-f505-4a4f-9e53-961b2b65c758 ] Request (HypervisorAdminTestJSON:tearDownClass): 204 DELETE http://10.180.1.21/identity/v3/users/744968895ccd4421a8a8701d3121463f 0.183s
2025-02-21 13:15:42.536 63113 INFO tempest.lib.common.rest_client [req-46194759-0c49-4598-86a5-e527f07083c6 req-46194759-0c49-4598-86a5-e527f07083c6 ] Request (AggregatesAdminNegativeTestJSON:_run_cleanups): 200 DELETE http://10.180.1.21/compute/v2.1/os-aggregates/5 1.760s
2025-02-21 13:15:42.556 63129 INFO tempest.lib.common.rest_client [req-c8fa4bdb-d67e-4dd9-8b19-11989596e05a req-c8fa4bdb-d67e-4dd9-8b19-11989596e05a ] Request (ServersTestBootFromVolume:setUpClass): 200 GET http://10.180.1.21/volume/v3/volumes/a2db2f5d-90c6-4267-a10b-8d24046164fc 0.042s
2025-02-21 13:15:42.664 63101 INFO tempest.lib.common.rest_client [req-fcddc99a-00c3-4324-9eb9-86ffd482e53f req-fcddc99a-00c3-4324-9eb9-86ffd482e53f ] Request (QuotaClassesAdmin257Test:tearDownClass): 204 DELETE http://10.180.1.21/identity/v3/projects/0aaaeefd031b4024bcd676f21c0b3017 0.174s
2025-02-21 13:15:42.714 63101 INFO tempest.lib.common.rest_client [req-976664be-a52b-4ea5-a43b-b24fecb65c7e req-976664be-a52b-4ea5-a43b-b24fecb65c7e ] Request (ServerDiagnosticsNegativeTest:setUpClass): 201 POST http://10.180.1.21/identity/v3/auth/tokens 0.048s
2025-02-21 13:15:42.741 63121 INFO tempest.lib.common.rest_client [req-2a03dc7e-475b-4e9e-b933-ef62dabadfa2 req-2a03dc7e-475b-4e9e-b933-ef62dabadfa2 ] Request (HypervisorAdminTestJSON:tearDownClass): 204 DELETE http://10.180.1.21/identity/v3/users/0b5d1abe5ccf44d08011a1c49969109c 0.232s
2025-02-21 13:15:42.741 63121 INFO tempest.lib.common.dynamic_creds [-] Deleting project and security group for project: 9a397fd3eb484d0caca7140c939644b4
2025-02-21 13:15:42.800 63135 INFO tempest.lib.common.rest_client [req-661707ae-491f-4c25-b6d4-4eb063464e3a req-661707ae-491f-4c25-b6d4-4eb063464e3a ] Request (MultipleCreateTestJSON:setUpClass): 200 PUT http://10.180.1.21:9696/networking/v2.0/routers/20c0dc58-200e-4a0d-aacd-1f21c3996941/add_router_interface 2.138s
2025-02-21 13:15:42.800 63135 INFO tempest.lib.common.dynamic_creds [-] Created isolated network resources for: credentials: Credentials: {'domain_id': 'default', 'domain_name': 'Default', 'username': 'tempest-MultipleCreateTestJSON-1732776139-project-member', 'project_domain_id': 'default', 'project_domain_name': 'Default', 'project_id': 'ba7d45dbba3e4c6bbf2afe588bf34afc', 'project_name': 'tempest-MultipleCreateTestJSON-1732776139', 'tenant_id': 'ba7d45dbba3e4c6bbf2afe588bf34afc', 'tenant_name': 'tempest-MultipleCreateTestJSON-1732776139', 'user_domain_id': 'default', 'user_domain_name': 'Default', 'user_id': '1c41452ae43f4e9d97d18c74073ce7d6', 'system': None}, Network: {'id': '3d7d5a8e-e2cf-45e1-bf0d-6b8c867cf2be', 'name': 'tempest-MultipleCreateTestJSON-1133327175-network', 'tenant_id': 'ba7d45dbba3e4c6bbf2afe588bf34afc', 'admin_state_up': True, 'mtu': 8950, 'status': 'ACTIVE', 'subnets': [], 'shared': False, 'project_id': 'ba7d45dbba3e4c6bbf2afe588bf34afc', 'port_security_enabled': True, 'router:external': False, 'provider:network_type': 'vlan', 'provider:physical_network': 'default', 'provider:segmentation_id': 999, 'availability_zone_hints': [], 'availability_zones': [], 'ipv4_address_scope': None, 'ipv6_address_scope': None, 'description': '', 'tags': [], 'created_at': '2025-02-21T13:15:37Z', 'updated_at': '2025-02-21T13:15:37Z', 'revision_number': 1}, Subnet: {'id': '5decd34d-619d-4470-9716-bb06c2f91561', 'name': 'tempest-MultipleCreateTestJSON-1133327175-subnet', 'tenant_id': 'ba7d45dbba3e4c6bbf2afe588bf34afc', 'network_id': '3d7d5a8e-e2cf-45e1-bf0d-6b8c867cf2be', 'ip_version': 4, 'subnetpool_id': None, 'enable_dhcp': True, 'ipv6_ra_mode': None, 'ipv6_address_mode': None, 'gateway_ip': '192.168.128.1', 'cidr': '192.168.128.0/28', 'allocation_pools': [{'start': '192.168.128.2', 'end': '192.168.128.14'}], 'host_routes': [], 'dns_nameservers': [], 'description': '', 'router:external': False, 'service_types': [], 'tags': [], 'created_at': '2025-02-21T13:15:37Z', 'updated_at': '2025-02-21T13:15:37Z', 'revision_number': 0, 'project_id': 'ba7d45dbba3e4c6bbf2afe588bf34afc'}, Router: {'id': '20c0dc58-200e-4a0d-aacd-1f21c3996941', 'name': 'tempest-MultipleCreateTestJSON-1133327175-router', 'tenant_id': 'ba7d45dbba3e4c6bbf2afe588bf34afc', 'admin_state_up': True, 'status': 'ACTIVE', 'external_gateway_info': {'network_id': '581a0282-30d7-4757-8b0b-7889e00bc70d', 'external_fixed_ips': [{'subnet_id': '834b7546-060a-4d4e-a9f7-c65d64dcb3cf', 'ip_address': '10.180.180.201'}], 'enable_snat': True}, 'description': '', 'availability_zones': [], 'distributed': False, 'ha': False, 'availability_zone_hints': [], 'routes': [], 'flavor_id': None, 'tags': [], 'created_at': '2025-02-21T13:15:38Z', 'updated_at': '2025-02-21T13:15:39Z', 'revision_number': 2, 'project_id': 'ba7d45dbba3e4c6bbf2afe588bf34afc'}
2025-02-21 13:15:42.808 63101 INFO tempest.lib.common.rest_client [req-96ed9ce8-583e-4d6f-8794-f8101b07fb6e req-96ed9ce8-583e-4d6f-8794-f8101b07fb6e ] Request (ServerDiagnosticsNegativeTest:setUpClass): 201 POST http://10.180.1.21/identity/v3/auth/tokens 0.092s
2025-02-21 13:15:42.816 63111 INFO tempest.lib.common.rest_client [req-d7e38d64-beb6-4a73-a88d-7314bcf14d06 req-d7e38d64-beb6-4a73-a88d-7314bcf14d06 ] Request (ImagesOneServerTestJSON:setUpClass): 200 GET http://10.180.1.21/compute/v2.1/servers/70edd62c-1cb7-4e40-9543-fb39760cef5b 1.733s
2025-02-21 13:15:42.836 63121 INFO tempest.lib.common.rest_client [req-887d32eb-a852-4aa0-83d4-dbd24577a8cf req-887d32eb-a852-4aa0-83d4-dbd24577a8cf ] Request (HypervisorAdminTestJSON:tearDownClass): 201 POST http://10.180.1.21/identity/v3/auth/tokens 0.094s
2025-02-21 13:15:42.880 63103 INFO tempest.lib.common.rest_client [req-d6732b9d-33b8-48d8-b73f-a6b0b9777648 req-d6732b9d-33b8-48d8-b73f-a6b0b9777648 ] Request (FloatingIPsAssociationTestJSON:setUpClass): 201 POST http://10.180.1.21:9696/networking/v2.0/subnets 0.564s
2025-02-21 13:15:42.888 63132 INFO tempest.lib.common.rest_client [req-6ffb9cfb-21f3-462f-b1d9-9c470386ff8c req-6ffb9cfb-21f3-462f-b1d9-9c470386ff8c ] Request (ServerShowV254Test:test_rebuild_server): 200 GET http://10.180.1.21/compute/v2.1/servers/2ad7347f-4dbc-40ab-bbbc-20bf0270c595 1.721s
2025-02-21 13:15:42.900 63141 INFO tempest.lib.common.rest_client [req-c3b2d5dc-0940-4c99-8702-2ec27b311946 req-c3b2d5dc-0940-4c99-8702-2ec27b311946 ] Request (QuotasAdminTestJSON:test_delete_quota): 200 GET http://10.180.1.21/compute/v2.1/os-quota-sets/9b7894aebafb4009b667386933976a42 2.037s
2025-02-21 13:15:42.901 63101 INFO tempest.lib.common.rest_client [req-44507db9-7817-4cb1-9e9e-23f888aa6a6c req-44507db9-7817-4cb1-9e9e-23f888aa6a6c ] Request (ServerDiagnosticsNegativeTest:setUpClass): 200 GET http://10.180.1.21/identity/v3/domains?name=Default 0.092s
2025-02-21 13:15:42.918 63135 INFO tempest.lib.common.rest_client [req-eb121f5f-1594-45d6-acf9-f91c866bc530 req-eb121f5f-1594-45d6-acf9-f91c866bc530 ] Request (MultipleCreateTestJSON:setUpClass): 201 POST http://10.180.1.21/identity/v3/auth/tokens 0.112s
2025-02-21 13:15:42.947 63101 INFO tempest.lib.common.rest_client [req-70cbee88-5379-45eb-9cb9-f458101b11b2 req-70cbee88-5379-45eb-9cb9-f458101b11b2 ] Request (ServerDiagnosticsNegativeTest:setUpClass): 201 POST http://10.180.1.21/identity/v3/projects 0.045s
2025-02-21 13:15:42.967 63123 INFO tempest.lib.common.rest_client [req-77a31e3d-a807-42b6-915b-4ac7be3f4221 req-77a31e3d-a807-42b6-915b-4ac7be3f4221 ] Request (ServersWithSpecificFlavorTestJSON:test_verify_created_server_ephemeral_disk): 200 GET http://10.180.1.21/compute/v2.1/servers/471d4a05-6756-49d8-8b02-ba7edaa750f9 1.790s
2025-02-21 13:15:42.980 63160 INFO tempest.lib.common.rest_client [req-a4003d30-c3f2-446b-9a33-e4e8345647f3 req-a4003d30-c3f2-446b-9a33-e4e8345647f3 ] Request (ServerActionsV293TestJSON:setUpClass): 200 GET http://10.180.1.21/volume/v3/volumes/22948de1-bc57-438a-bdb0-ef8c8bfaaa09 0.039s
2025-02-21 13:15:43.004 63143 INFO tempest.lib.common.rest_client [req-9fe35d87-d441-471a-be3d-ce48d36cf8d2 req-9fe35d87-d441-471a-be3d-ce48d36cf8d2 ] Request (ServerExternalEventsTest:tearDownClass): 204 DELETE http://10.180.1.21/compute/v2.1/servers/a2590c28-a9fa-4e6c-9750-459b05b06621 1.751s
2025-02-21 13:15:43.016 63135 INFO tempest.lib.common.rest_client [req-680ac21a-020c-4604-bcdd-9fadf1b0139d req-680ac21a-020c-4604-bcdd-9fadf1b0139d ] Request (MultipleCreateTestJSON:test_multiple_create): 201 POST http://10.180.1.21/identity/v3/auth/tokens 0.094s
2025-02-21 13:15:43.017 63135 INFO tempest.lib.common.fixed_network [-] (MultipleCreateTestJSON:test_multiple_create) Found network {'id': '3d7d5a8e-e2cf-45e1-bf0d-6b8c867cf2be', 'name': 'tempest-MultipleCreateTestJSON-1133327175-network', 'tenant_id': 'ba7d45dbba3e4c6bbf2afe588bf34afc', 'admin_state_up': True, 'mtu': 8950, 'status': 'ACTIVE', 'subnets': [], 'shared': False, 'project_id': 'ba7d45dbba3e4c6bbf2afe588bf34afc', 'port_security_enabled': True, 'router:external': False, 'provider:network_type': 'vlan', 'provider:physical_network': 'default', 'provider:segmentation_id': 999, 'availability_zone_hints': [], 'availability_zones': [], 'ipv4_address_scope': None, 'ipv6_address_scope': None, 'description': '', 'tags': [], 'created_at': '2025-02-21T13:15:37Z', 'updated_at': '2025-02-21T13:15:37Z', 'revision_number': 1} available for tenant
2025-02-21 13:15:43.096 63101 INFO tempest.lib.common.rest_client [req-df77bc95-91f7-4048-9253-619a77ea47ae req-df77bc95-91f7-4048-9253-619a77ea47ae ] Request (ServerDiagnosticsNegativeTest:setUpClass): 201 POST http://10.180.1.21/identity/v3/users 0.148s
2025-02-21 13:15:43.120 63101 INFO tempest.lib.common.rest_client [req-7769e8c7-0c47-4171-baca-7c450ce63a2f req-7769e8c7-0c47-4171-baca-7c450ce63a2f ] Request (ServerDiagnosticsNegativeTest:setUpClass): 200 GET http://10.180.1.21/identity/v3/roles 0.024s
2025-02-21 13:15:43.157 63101 INFO tempest.lib.common.rest_client [req-3db70e0d-b3b9-4b1c-aaa2-8d1d4995466d req-3db70e0d-b3b9-4b1c-aaa2-8d1d4995466d ] Request (ServerDiagnosticsNegativeTest:setUpClass): 204 PUT http://10.180.1.21/identity/v3/projects/f840367800c843b9ba0f53bded54c2df/users/b8d8add96de14f99ba20f0e78b413966/roles/6ca8e68721af4b37a29ef57d71885291 0.036s
2025-02-21 13:15:43.157 63101 INFO tempest.lib.common.dynamic_creds [-] Dynamic test user b8d8add96de14f99ba20f0e78b413966 is created with scope project and roles: ['member']
2025-02-21 13:15:43.157 63101 INFO tempest.lib.common.dynamic_creds [-] Acquired dynamic creds: credentials: Credentials: {'domain_id': 'default', 'domain_name': 'Default', 'username': 'tempest-ServerDiagnosticsNegativeTest-703010747-project-member', 'project_domain_id': 'default', 'project_domain_name': 'Default', 'project_id': 'f840367800c843b9ba0f53bded54c2df', 'project_name': 'tempest-ServerDiagnosticsNegativeTest-703010747', 'tenant_id': 'f840367800c843b9ba0f53bded54c2df', 'tenant_name': 'tempest-ServerDiagnosticsNegativeTest-703010747', 'user_domain_id': 'default', 'user_domain_name': 'Default', 'user_id': 'b8d8add96de14f99ba20f0e78b413966', 'system': None}, Network: None, Subnet: None, Router: None
