2025-03-06 13:38:03.954 68843 INFO tempest.lib.common.rest_client [req-07836663-accb-4ef6-8564-853c9a97c10a req-07836663-accb-4ef6-8564-853c9a97c10a ] Request (InstanceActionsNegativeTestJSON:setUpClass): 201 POST http://10.180.1.21/identity/v3/auth/tokens 0.081s
2025-03-06 13:38:03.997 68843 INFO tempest.lib.common.rest_client [req-bdee9697-208e-454c-a205-e44c6bc752bd req-bdee9697-208e-454c-a205-e44c6bc752bd ] Request (InstanceActionsNegativeTestJSON:setUpClass): 201 POST http://10.180.1.21/identity/v3/auth/tokens 0.039s
2025-03-06 13:38:03.998 68843 INFO tempest.lib.common.fixed_network [-] (InstanceActionsNegativeTestJSON:setUpClass) Found network {'id': '2c3d17d6-b990-4c98-a75e-fcea8c014ce6', 'name': 'tempest-InstanceActionsNegativeTestJSON-309837293-network', 'tenant_id': '4db9305b831a42768f3170528467c061', 'admin_state_up': True, 'mtu': 8950, 'status': 'ACTIVE', 'subnets': [], 'shared': False, 'project_id': '4db9305b831a42768f3170528467c061', 'port_security_enabled': True, 'router:external': False, 'provider:network_type': 'vlan', 'provider:physical_network': 'default', 'provider:segmentation_id': 705, 'availability_zone_hints': [], 'availability_zones': [], 'ipv4_address_scope': None, 'ipv6_address_scope': None, 'description': '', 'tags': [], 'created_at': '2025-03-06T13:37:59Z', 'updated_at': '2025-03-06T13:37:59Z', 'revision_number': 1} available for tenant
2025-03-06 13:38:04.034 68816 INFO tempest.lib.common.rest_client [req-1f9a53a7-0ff8-4ff3-91a7-6f292cf636d0 req-1f9a53a7-0ff8-4ff3-91a7-6f292cf636d0 ] Request (AggregatesAdminNegativeTestJSON:test_aggregate_add_existent_host): 200 POST http://10.180.1.21/compute/v2.1/os-aggregates/1/action 3.701s
2025-03-06 13:38:04.048 68823 INFO tempest.lib.common.rest_client [req-4751d000-f0fb-4e7a-b6ef-73b2b403edb1 req-4751d000-f0fb-4e7a-b6ef-73b2b403edb1 ] Request (FlavorsAccessTestJSON:test_flavor_access_add_remove): 200 POST http://10.180.1.21/compute/v2.1/flavors/238352308/action 2.698s
2025-03-06 13:38:04.050 68841 INFO tempest.lib.common.rest_client [req-aeba678a-bcda-4a28-8c65-c45b0a09c97d req-aeba678a-bcda-4a28-8c65-c45b0a09c97d ] Request (ServicesAdminNegativeV253TestJSON:test_disable_service_with_invalid_service_id): 404 PUT http://10.180.1.21/compute/v2.1/os-services/62b4d755-cafa-4f4f-8cb6-d928fe78f435 2.606s
2025-03-06 13:38:04.076 68845 INFO tempest.lib.common.rest_client [req-6ecd940b-45ac-4753-9995-cc7966e1d839 req-6ecd940b-45ac-4753-9995-cc7966e1d839 ] Request (InstanceUsageAuditLogTestJSON:tearDownClass): 200 GET http://10.180.1.21:9696/networking/v2.0/security-groups?tenant_id=36b343c9120c47528413af9f769cad3b&name=default 0.194s
2025-03-06 13:38:04.094 68847 INFO tempest.lib.common.rest_client [req-06607ec9-c0cd-4486-81b4-db0734a4f560 req-06607ec9-c0cd-4486-81b4-db0734a4f560 ] Request (AbsoluteLimitsTestJSON:tearDownClass): 200 GET http://10.180.1.21:9696/networking/v2.0/security-groups?tenant_id=8999f0dd53c04ec981b83b3e9f8df37b&name=default 0.329s
2025-03-06 13:38:04.118 68809 INFO tempest.lib.common.rest_client [req-6d4f2089-893d-46b0-b765-942afe1a8c58 req-6d4f2089-893d-46b0-b765-942afe1a8c58 ] Request (ServersWithSpecificFlavorTestJSON:test_verify_created_server_ephemeral_disk): 200 GET http://10.180.1.21/compute/v2.1/flavors/42 2.434s
2025-03-06 13:38:04.150 68845 INFO tempest.lib.common.rest_client [req-2773aeda-50f5-4549-8a8f-6e3f8bb3bbf5 req-2773aeda-50f5-4549-8a8f-6e3f8bb3bbf5 ] Request (InstanceUsageAuditLogTestJSON:tearDownClass): 204 DELETE http://10.180.1.21:9696/networking/v2.0/security-groups/7c25c47a-1e27-4e55-ace3-40c599ba6d5f 0.073s
2025-03-06 13:38:04.165 68847 INFO tempest.lib.common.rest_client [req-d2220b1b-47d6-4ceb-afba-5383aa20ecae req-d2220b1b-47d6-4ceb-afba-5383aa20ecae ] Request (AbsoluteLimitsTestJSON:tearDownClass): 204 DELETE http://10.180.1.21:9696/networking/v2.0/security-groups/06f3f5e3-e91b-4f0c-9fad-e1d6476ea386 0.070s
2025-03-06 13:38:04.216 68845 INFO tempest.lib.common.rest_client [req-4b44df70-5609-4dab-a034-1bd78da9e385 req-4b44df70-5609-4dab-a034-1bd78da9e385 ] Request (InstanceUsageAuditLogTestJSON:tearDownClass): 204 DELETE http://10.180.1.21/identity/v3/projects/36b343c9120c47528413af9f769cad3b 0.065s
2025-03-06 13:38:04.216 68845 INFO tempest.lib.common.dynamic_creds [-] Deleting project and security group for project: 04dc39e0d6b74be18549fb65497a5f3a
2025-03-06 13:38:04.222 68847 INFO tempest.lib.common.rest_client [req-2f12ab8c-45a0-45be-ab7e-22a5f2d1d457 req-2f12ab8c-45a0-45be-ab7e-22a5f2d1d457 ] Request (AbsoluteLimitsTestJSON:tearDownClass): 204 DELETE http://10.180.1.21/identity/v3/projects/8999f0dd53c04ec981b83b3e9f8df37b 0.056s
2025-03-06 13:38:04.248 68811 INFO tempest.lib.common.rest_client [req-82ba0bd6-55b6-4b72-8763-20796e200c18 req-82ba0bd6-55b6-4b72-8763-20796e200c18 ] Request (ServerDiagnosticsTest:test_get_server_diagnostics): 200 GET http://10.180.1.21/compute/v2.1/servers/2bd09461-a3e1-475b-9cad-4bfc8f94cad7 2.391s
2025-03-06 13:38:04.295 68817 INFO tempest.lib.common.rest_client [req-485ecf3a-8f39-4111-a574-cbe8857c1067 req-485ecf3a-8f39-4111-a574-cbe8857c1067 ] Request (DeleteServersAdminTestJSON:test_admin_delete_servers_of_others): 200 GET http://10.180.1.21/compute/v2.1/servers/d01f1044-6830-49e8-8499-1bd08ff649c4 2.365s
2025-03-06 13:38:04.299 68847 INFO tempest.lib.common.rest_client [req-3684a337-0470-4e1e-9d8e-d7aa83a04733 req-3684a337-0470-4e1e-9d8e-d7aa83a04733 ] Request (ServerActionsTestOtherA:setUpClass): 201 POST http://10.180.1.21/identity/v3/auth/tokens 0.075s
2025-03-06 13:38:04.314 68845 INFO tempest.lib.common.rest_client [req-8928de70-ab1b-40c1-ab88-21b850e35047 req-8928de70-ab1b-40c1-ab88-21b850e35047 ] Request (InstanceUsageAuditLogTestJSON:tearDownClass): 200 GET http://10.180.1.21:9696/networking/v2.0/security-groups?tenant_id=04dc39e0d6b74be18549fb65497a5f3a&name=default 0.098s
2025-03-06 13:38:04.320 68789 INFO tempest.lib.common.rest_client [req-58ad89f6-ae9a-413a-bcba-75e41ec2bbc0 req-58ad89f6-ae9a-413a-bcba-75e41ec2bbc0 ] Request (FlavorMetadataValidation:_run_cleanups): 200 GET http://10.180.1.21/compute/v2.1/flavors/detail 2.373s
2025-03-06 13:38:04.337 68847 INFO tempest.lib.common.rest_client [req-f6a479b5-14a8-4c19-a71c-d5e8792303e8 req-f6a479b5-14a8-4c19-a71c-d5e8792303e8 ] Request (ServerActionsTestOtherA:setUpClass): 201 POST http://10.180.1.21/identity/v3/auth/tokens 0.036s
2025-03-06 13:38:04.355 68795 INFO tempest.lib.common.rest_client [req-017882b1-c657-4052-987a-8a75dc33ecde req-017882b1-c657-4052-987a-8a75dc33ecde ] Request (ServerDiagnosticsNegativeTest:test_get_server_diagnostics_by_non_admin): 202 POST http://10.180.1.21/compute/v2.1/servers 2.777s
2025-03-06 13:38:04.360 68847 INFO tempest.lib.common.rest_client [req-108d83cf-ab5f-44d9-8ffd-235a390d8eba req-108d83cf-ab5f-44d9-8ffd-235a390d8eba ] Request (ServerActionsTestOtherA:setUpClass): 200 GET http://10.180.1.21/identity/v3/domains?name=Default 0.023s
2025-03-06 13:38:04.379 68835 INFO tempest.lib.common.rest_client [req-fcde4809-6fe2-4a39-8c02-4ad5f9bd741f req-fcde4809-6fe2-4a39-8c02-4ad5f9bd741f ] Request (InstanceActionsV221TestJSON:test_get_list_deleted_instance_actions): 200 GET http://10.180.1.21/compute/v2.1/servers/ecbacec4-4081-4d65-8a35-43657006e5d0 1.622s
2025-03-06 13:38:04.388 68845 INFO tempest.lib.common.rest_client [req-35996720-5905-425b-9085-9350761a9e72 req-35996720-5905-425b-9085-9350761a9e72 ] Request (InstanceUsageAuditLogTestJSON:tearDownClass): 204 DELETE http://10.180.1.21:9696/networking/v2.0/security-groups/b8c11c36-8d7f-449d-b08e-5856ce8bad04 0.074s
2025-03-06 13:38:04.393 68847 INFO tempest.lib.common.rest_client [req-474ed95a-1d79-424b-b514-b1cf61ed4b04 req-474ed95a-1d79-424b-b514-b1cf61ed4b04 ] Request (ServerActionsTestOtherA:setUpClass): 201 POST http://10.180.1.21/identity/v3/projects 0.032s
2025-03-06 13:38:04.401 68789 INFO tempest.lib.common.rest_client [req-a97fcb02-2c90-4a89-b31c-7427ea2fdefb req-a97fcb02-2c90-4a89-b31c-7427ea2fdefb ] Request (FlavorMetadataValidation:tearDownClass): 204 DELETE http://10.180.1.21/identity/v3/users/a7291b35424e4078bd25eda9973ac2a5 0.069s
2025-03-06 13:38:04.458 68847 INFO tempest.lib.common.rest_client [req-a0178505-0f7a-4101-9a78-f37f56e3eac1 req-a0178505-0f7a-4101-9a78-f37f56e3eac1 ] Request (ServerActionsTestOtherA:setUpClass): 201 POST http://10.180.1.21/identity/v3/users 0.065s
2025-03-06 13:38:04.492 68845 INFO tempest.lib.common.rest_client [req-1fe2eb8d-8610-4ac8-b2cf-c557da9ed725 req-1fe2eb8d-8610-4ac8-b2cf-c557da9ed725 ] Request (InstanceUsageAuditLogTestJSON:tearDownClass): 204 DELETE http://10.180.1.21/identity/v3/projects/04dc39e0d6b74be18549fb65497a5f3a 0.103s
2025-03-06 13:38:04.588 68789 INFO tempest.lib.common.rest_client [req-ad2bebdf-54e1-4749-a55c-fa4017061c4d req-ad2bebdf-54e1-4749-a55c-fa4017061c4d ] Request (FlavorMetadataValidation:tearDownClass): 204 DELETE http://10.180.1.21/identity/v3/users/2021c07048024c49a7c3ead72be6d29f 0.186s
2025-03-06 13:38:04.588 68789 INFO tempest.lib.common.dynamic_creds [-] Deleting project and security group for project: f9ce741f8718482db99afef25e28fe5c
2025-03-06 13:38:04.592 68787 INFO tempest.lib.common.rest_client [req-477eb904-68d4-49bc-8ec7-8164d66a77c4 req-477eb904-68d4-49bc-8ec7-8164d66a77c4 ] Request (FlavorsAccessNegativeTestJSON:_run_cleanups): 200 POST http://10.180.1.21/compute/v2.1/flavors/1333158331/action 1.737s
2025-03-06 13:38:04.633 68847 INFO tempest.lib.common.rest_client [req-1e20225d-8221-4cb7-91c4-141f6fe4ce04 req-1e20225d-8221-4cb7-91c4-141f6fe4ce04 ] Request (ServerActionsTestOtherA:setUpClass): 200 GET http://10.180.1.21/identity/v3/roles 0.174s
2025-03-06 13:38:04.656 68845 INFO tempest.lib.common.rest_client [req-567f7c2f-118a-4b07-958d-b694651a0139 req-567f7c2f-118a-4b07-958d-b694651a0139 ] Request (FlavorsV2NegativeTest:setUpClass): 201 POST http://10.180.1.21/identity/v3/auth/tokens 0.162s
2025-03-06 13:38:04.685 68789 INFO tempest.lib.common.rest_client [req-459a8679-f46b-4570-8dae-b634e420e4f5 req-459a8679-f46b-4570-8dae-b634e420e4f5 ] Request (FlavorMetadataValidation:tearDownClass): 201 POST http://10.180.1.21/identity/v3/auth/tokens 0.097s
2025-03-06 13:38:04.691 68847 INFO tempest.lib.common.rest_client [req-6b51488c-810e-4cf1-ac71-267024f6c815 req-6b51488c-810e-4cf1-ac71-267024f6c815 ] Request (ServerActionsTestOtherA:setUpClass): 204 PUT http://10.180.1.21/identity/v3/projects/a0a2c239cf6345e1abb0d151c214da39/users/e335a2dd4a9444fcb48ed63d997329a9/roles/87c7adc56fb54788ac42f508abe2ad94 0.057s
2025-03-06 13:38:04.692 68847 INFO tempest.lib.common.dynamic_creds [-] Dynamic test user e335a2dd4a9444fcb48ed63d997329a9 is created with scope project and roles: ['member']
2025-03-06 13:38:04.692 68847 INFO tempest.lib.common.dynamic_creds [-] Acquired dynamic creds: credentials: Credentials: {'domain_id': 'default', 'domain_name': 'Default', 'username': 'tempest-ServerActionsTestOtherA-2009150343-project-member', 'project_domain_id': 'default', 'project_domain_name': 'Default', 'project_id': 'a0a2c239cf6345e1abb0d151c214da39', 'project_name': 'tempest-ServerActionsTestOtherA-2009150343', 'tenant_id': 'a0a2c239cf6345e1abb0d151c214da39', 'tenant_name': 'tempest-ServerActionsTestOtherA-2009150343', 'user_domain_id': 'default', 'user_domain_name': 'Default', 'user_id': 'e335a2dd4a9444fcb48ed63d997329a9', 'system': None}, Network: None, Subnet: None, Router: None
2025-03-06 13:38:04.776 68845 INFO tempest.lib.common.rest_client [req-7c393f95-5bb6-4b14-bbf5-2ea0e70c5ce0 req-7c393f95-5bb6-4b14-bbf5-2ea0e70c5ce0 ] Request (FlavorsV2NegativeTest:setUpClass): 201 POST http://10.180.1.21/identity/v3/auth/tokens 0.116s
2025-03-06 13:38:04.834 68847 INFO tempest.lib.common.rest_client [req-806a77b7-5556-495b-8d6e-533632c2ffea req-806a77b7-5556-495b-8d6e-533632c2ffea ] Request (ServerActionsTestOtherA:setUpClass): 201 POST http://10.180.1.21/identity/v3/auth/tokens 0.141s
2025-03-06 13:38:04.839 68801 INFO tempest.lib.common.rest_client [req-d4ecc945-267e-4b96-a2b6-ea0f12d54b88 req-d4ecc945-267e-4b96-a2b6-ea0f12d54b88 ] Request (QuotasAdminTestV257:test_get_updated_quotas): 200 GET http://10.180.1.21/compute/v2.1/os-quota-sets/6db8358611f2401a8172960d131f861d/detail 1.516s
2025-03-06 13:38:04.853 68845 INFO tempest.lib.common.rest_client [req-f32e6c31-4da2-40db-b31e-78ec5bfdb1be req-f32e6c31-4da2-40db-b31e-78ec5bfdb1be ] Request (FlavorsV2NegativeTest:setUpClass): 200 GET http://10.180.1.21/identity/v3/domains?name=Default 0.077s
2025-03-06 13:38:04.875 68801 INFO tempest.lib.common.rest_client [req-2f311ebe-988f-427c-82db-e6deec3fb3b6 req-2f311ebe-988f-427c-82db-e6deec3fb3b6 ] Request (QuotasAdminTestV257:test_get_updated_quotas): 200 GET http://10.180.1.21/identity/v3/domains?name=Default 0.030s
2025-03-06 13:38:04.912 68845 INFO tempest.lib.common.rest_client [req-5ce336cf-841c-470e-ab16-5321d6e648a5 req-5ce336cf-841c-470e-ab16-5321d6e648a5 ] Request (FlavorsV2NegativeTest:setUpClass): 201 POST http://10.180.1.21/identity/v3/projects 0.058s
2025-03-06 13:38:04.925 68801 INFO tempest.lib.common.rest_client [req-3c1bb8bd-98b3-4875-8588-460f274910f7 req-3c1bb8bd-98b3-4875-8588-460f274910f7 ] Request (QuotasAdminTestV257:test_get_updated_quotas): 201 POST http://10.180.1.21/identity/v3/users 0.050s
2025-03-06 13:38:04.968 68845 INFO tempest.lib.common.rest_client [req-db83b12f-5ac2-467a-aee5-5282142eaef9 req-db83b12f-5ac2-467a-aee5-5282142eaef9 ] Request (FlavorsV2NegativeTest:setUpClass): 201 POST http://10.180.1.21/identity/v3/users 0.056s
2025-03-06 13:38:04.984 68801 INFO tempest.lib.common.rest_client [req-423e9016-b3ba-4398-affb-a4c1ddffbfbe req-423e9016-b3ba-4398-affb-a4c1ddffbfbe ] Request (QuotasAdminTestV257:test_get_updated_quotas): 200 GET http://10.180.1.21/identity/v3/domains?name=Default 0.058s
2025-03-06 13:38:05.003 68829 INFO tempest.lib.common.rest_client [req-c1c7e243-e463-4969-95b8-783a654fd460 req-c1c7e243-e463-4969-95b8-783a654fd460 ] Request (FloatingIPDetailsTestJSON:setUpClass): 200 POST http://10.180.1.21/compute/v2.1/os-floating-ips 1.831s
2025-03-06 13:38:05.006 68845 INFO tempest.lib.common.rest_client [req-77ca4ee7-41e3-4ee0-8647-99d9078ce601 req-77ca4ee7-41e3-4ee0-8647-99d9078ce601 ] Request (FlavorsV2NegativeTest:setUpClass): 200 GET http://10.180.1.21/identity/v3/roles 0.037s
2025-03-06 13:38:05.023 68789 INFO tempest.lib.common.rest_client [req-003b8730-e683-46f0-89f9-2e6d64313720 req-003b8730-e683-46f0-89f9-2e6d64313720 ] Request (FlavorMetadataValidation:tearDownClass): 200 GET http://10.180.1.21:9696/networking/v2.0/security-groups?tenant_id=f9ce741f8718482db99afef25e28fe5c&name=default 0.337s
2025-03-06 13:38:05.038 68845 INFO tempest.lib.common.rest_client [req-bf071f46-d91f-4449-be0b-d3b8f1375be2 req-bf071f46-d91f-4449-be0b-d3b8f1375be2 ] Request (FlavorsV2NegativeTest:setUpClass): 204 PUT http://10.180.1.21/identity/v3/projects/169a3b2c333044158edf3b4c1b517892/users/a9da754dc5774f6ab20875588877a373/roles/87c7adc56fb54788ac42f508abe2ad94 0.031s
2025-03-06 13:38:05.038 68845 INFO tempest.lib.common.dynamic_creds [-] Dynamic test user a9da754dc5774f6ab20875588877a373 is created with scope project and roles: ['member']
2025-03-06 13:38:05.038 68845 INFO tempest.lib.common.dynamic_creds [-] Acquired dynamic creds: credentials: Credentials: {'domain_id': 'default', 'domain_name': 'Default', 'username': 'tempest-FlavorsV2NegativeTest-1634383401-project-member', 'project_domain_id': 'default', 'project_domain_name': 'Default', 'project_id': '169a3b2c333044158edf3b4c1b517892', 'project_name': 'tempest-FlavorsV2NegativeTest-1634383401', 'tenant_id': '169a3b2c333044158edf3b4c1b517892', 'tenant_name': 'tempest-FlavorsV2NegativeTest-1634383401', 'user_domain_id': 'default', 'user_domain_name': 'Default', 'user_id': 'a9da754dc5774f6ab20875588877a373', 'system': None}, Network: None, Subnet: None, Router: None
2025-03-06 13:38:05.038 68845 INFO tempest.lib.common.dynamic_creds [-] Created isolated network resources for: credentials: Credentials: {'domain_id': 'default', 'domain_name': 'Default', 'username': 'tempest-FlavorsV2NegativeTest-1634383401-project-member', 'project_domain_id': 'default', 'project_domain_name': 'Default', 'project_id': '169a3b2c333044158edf3b4c1b517892', 'project_name': 'tempest-FlavorsV2NegativeTest-1634383401', 'tenant_id': '169a3b2c333044158edf3b4c1b517892', 'tenant_name': 'tempest-FlavorsV2NegativeTest-1634383401', 'user_domain_id': 'default', 'user_domain_name': 'Default', 'user_id': 'a9da754dc5774f6ab20875588877a373', 'system': None}, Network: None, Subnet: None, Router: None
2025-03-06 13:38:05.069 68785 INFO tempest.lib.common.rest_client [req-37694ff1-7c8e-4da9-b5d7-dc09e0ace0d8 req-37694ff1-7c8e-4da9-b5d7-dc09e0ace0d8 ] Request (FlavorsExtraSpecsTestJSON:test_flavor_non_admin_get_all_keys): 200 GET http://10.180.1.21/compute/v2.1/flavors/1152558190/os-extra_specs 1.725s
2025-03-06 13:38:05.120 68845 INFO tempest.lib.common.rest_client [req-d6118dea-417c-4687-bc37-c2efd8033aa2 req-d6118dea-417c-4687-bc37-c2efd8033aa2 ] Request (FlavorsV2NegativeTest:setUpClass): 201 POST http://10.180.1.21/identity/v3/auth/tokens 0.078s
2025-03-06 13:38:05.188 68789 INFO tempest.lib.common.rest_client [req-57e33c77-9784-47c3-96f2-1652af1f6787 req-57e33c77-9784-47c3-96f2-1652af1f6787 ] Request (FlavorMetadataValidation:tearDownClass): 204 DELETE http://10.180.1.21:9696/networking/v2.0/security-groups/332a07b0-93c6-47a8-a3ae-9196dc0c40a1 0.164s
2025-03-06 13:38:05.200 68839 INFO tempest.lib.common.rest_client [req-443728b8-2770-464c-a487-83f77359d570 req-443728b8-2770-464c-a487-83f77359d570 ] Request (SecurityGroupsNegativeTestJSON:test_delete_the_default_security_group): 200 GET http://10.180.1.21/compute/v2.1/os-security-groups 1.794s
2025-03-06 13:38:05.211 68827 INFO tempest.lib.common.rest_client [req-58785977-feaa-41a3-b1ff-9c42138b679e req-58785977-feaa-41a3-b1ff-9c42138b679e ] Request (HypervisorAdminNegativeTestJSON:test_get_hypervisor_stats_with_non_admin_user): 403 GET http://10.180.1.21/compute/v2.1/os-hypervisors/statistics 1.796s
2025-03-06 13:38:05.242 68837 INFO tempest.lib.common.rest_client [req-7b41fb25-d94d-45ce-9def-d72f14f33e54 req-7b41fb25-d94d-45ce-9def-d72f14f33e54 ] Request (ImagesMetadataTestJSON:setUp): 200 PUT http://10.180.1.21/compute/v2.1/images/6fbba38b-6b29-4cf5-aaef-1bba09aebcff/metadata 1.850s
2025-03-06 13:38:05.247 68847 INFO tempest.lib.common.rest_client [req-176ab5be-6b32-4bc8-9562-afcc509337f3 req-176ab5be-6b32-4bc8-9562-afcc509337f3 ] Request (ServerActionsTestOtherA:setUpClass): 201 POST http://10.180.1.21:9696/networking/v2.0/networks 0.412s
2025-03-06 13:38:05.254 68807 INFO tempest.lib.common.rest_client [req-d6d73418-c43a-41a7-a35a-0c815eac9999 req-d6d73418-c43a-41a7-a35a-0c815eac9999 ] Request (HostsAdminNegativeTestJSON:test_shutdown_host_with_non_admin_user): 403 GET http://10.180.1.21/compute/v2.1/os-hosts/devstack/shutdown 1.692s
2025-03-06 13:38:05.277 68793 INFO tempest.lib.common.rest_client [req-f88a8cea-a473-4427-b7bc-a11b4c2ebf56 req-f88a8cea-a473-4427-b7bc-a11b4c2ebf56 ] Request (FlavorsAdminTestJSON:test_create_flavor_verify_entry_in_list_details): 200 POST http://10.180.1.21/compute/v2.1/flavors 1.713s
2025-03-06 13:38:05.304 68819 INFO tempest.lib.common.rest_client [req-1bb95baf-a0c0-40ed-ad14-cd11d666ab74 req-1bb95baf-a0c0-40ed-ad14-cd11d666ab74 ] Request (HypervisorAdminV253TestBase:test_list_show_detail_hypervisors): 200 GET http://10.180.1.21/compute/v2.1/os-hypervisors/2a5f2f3e-1107-40da-ae5c-58673b030abf 1.678s
2025-03-06 13:38:05.316 68821 INFO tempest.lib.common.rest_client [req-427db2d0-b902-4ff9-b7e9-1607ee8ba3c2 req-427db2d0-b902-4ff9-b7e9-1607ee8ba3c2 ] Request (KeyPairsV210TestJSON:test_admin_manage_keypairs_for_other_users): 200 GET http://10.180.1.21/compute/v2.1/os-keypairs/tempest-keypair-1908328443?user_id=e3ee3b15a905426d9b825c8c1fa79a02 1.646s
2025-03-06 13:38:05.328 68789 INFO tempest.lib.common.rest_client [req-2288dab5-467d-4f51-a258-8fafc171086b req-2288dab5-467d-4f51-a258-8fafc171086b ] Request (FlavorMetadataValidation:tearDownClass): 204 DELETE http://10.180.1.21/identity/v3/projects/f9ce741f8718482db99afef25e28fe5c 0.140s
2025-03-06 13:38:05.328 68789 INFO tempest.lib.common.dynamic_creds [-] Deleting project and security group for project: 8f7938902653437a9fb484bebb6a15ea
2025-03-06 13:38:05.335 68805 INFO tempest.lib.common.rest_client [req-4996a7ca-77b7-49d3-96e3-5431ef28f10e req-4996a7ca-77b7-49d3-96e3-5431ef28f10e ] Request (HostsAdminTestJSON:test_list_hosts_with_nonexistent_zone): 200 GET http://10.180.1.21/compute/v2.1/os-hosts?zone=xxx 1.643s
2025-03-06 13:38:05.355 68825 INFO tempest.lib.common.rest_client [req-d599cff6-5c66-415a-b0d5-ee312b30ec91 req-d599cff6-5c66-415a-b0d5-ee312b30ec91 ] Request (ServicesAdminNegativeTestJSON:test_get_service_by_invalid_service_and_valid_host): 200 GET http://10.180.1.21/compute/v2.1/os-services 1.631s
2025-03-06 13:38:05.434 68813 INFO tempest.lib.common.rest_client [req-cf155b22-b18c-44d5-83aa-a95c14cc447f req-cf155b22-b18c-44d5-83aa-a95c14cc447f ] Request (ListServersNegativeTestJSON:setUpClass): 200 GET http://10.180.1.21/compute/v2.1/servers/45ec5d93-84db-49fb-9e82-1a0ebd59faf8 1.578s
2025-03-06 13:38:05.457 68831 INFO tempest.lib.common.rest_client [req-5e87af83-5a48-45aa-a0e2-993c74e6a454 req-5e87af83-5a48-45aa-a0e2-993c74e6a454 ] Request (HypervisorAdminUnderV252Test:test_search_hypervisor): 200 GET http://10.180.1.21/compute/v2.1/os-hypervisors 1.563s
2025-03-06 13:38:05.471 68819 INFO tempest.lib.common.rest_client [req-60ce0144-17ac-46c8-9055-31a5665d27df req-60ce0144-17ac-46c8-9055-31a5665d27df ] Request (HypervisorAdminV253TestBase:tearDownClass): 204 DELETE http://10.180.1.21/identity/v3/users/0f14e1b10e7941918789fc1ae1f05dff 0.158s
2025-03-06 13:38:05.537 68803 INFO tempest.lib.common.rest_client [req-6a90c971-909c-4f59-ac18-e9570b9e405b req-6a90c971-909c-4f59-ac18-e9570b9e405b ] Request (QuotasAdminNegativeTest:test_create_server_when_cpu_quota_is_full): 403 POST http://10.180.1.21/compute/v2.1/servers 2.042s
2025-03-06 13:38:05.589 68789 INFO tempest.lib.common.rest_client [req-81f251d1-bff5-453d-acfe-f4375065065c req-81f251d1-bff5-453d-acfe-f4375065065c ] Request (FlavorMetadataValidation:tearDownClass): 200 GET http://10.180.1.21:9696/networking/v2.0/security-groups?tenant_id=8f7938902653437a9fb484bebb6a15ea&name=default 0.260s
2025-03-06 13:38:05.593 68819 INFO tempest.lib.common.rest_client [req-47129309-3bf3-40cd-b1a2-49c0702a2d34 req-47129309-3bf3-40cd-b1a2-49c0702a2d34 ] Request (HypervisorAdminV253TestBase:tearDownClass): 204 DELETE http://10.180.1.21/identity/v3/users/0d43aecbce7e444e93a2e65fe9ba6656 0.121s
2025-03-06 13:38:05.593 68819 INFO tempest.lib.common.dynamic_creds [-] Deleting project and security group for project: 5b8f442a83a04dcf88fc3fa352a3c2c0
2025-03-06 13:38:05.596 68816 INFO tempest.lib.common.rest_client [req-855e95be-4c69-4d5a-a067-4d88927b441b req-855e95be-4c69-4d5a-a067-4d88927b441b ] Request (AggregatesAdminNegativeTestJSON:test_aggregate_add_existent_host): 409 POST http://10.180.1.21/compute/v2.1/os-aggregates/1/action 1.557s
2025-03-06 13:38:05.655 68819 INFO tempest.lib.common.rest_client [req-05e413d4-ffe7-4a7b-8f6b-c1757213b4f2 req-05e413d4-ffe7-4a7b-8f6b-c1757213b4f2 ] Request (HypervisorAdminV253TestBase:tearDownClass): 201 POST http://10.180.1.21/identity/v3/auth/tokens 0.061s
2025-03-06 13:38:05.663 68847 INFO tempest.lib.common.rest_client [req-c4132d37-98f0-4316-a9d3-3d413d813f07 req-c4132d37-98f0-4316-a9d3-3d413d813f07 ] Request (ServerActionsTestOtherA:setUpClass): 201 POST http://10.180.1.21:9696/networking/v2.0/subnets 0.415s
2025-03-06 13:38:05.704 68789 INFO tempest.lib.common.rest_client [req-24cecc4d-e0f4-4c25-9013-daa29e6f2bb1 req-24cecc4d-e0f4-4c25-9013-daa29e6f2bb1 ] Request (FlavorMetadataValidation:tearDownClass): 204 DELETE http://10.180.1.21:9696/networking/v2.0/security-groups/dc83a06b-891f-45fb-8630-5270876cdeea 0.114s
2025-03-06 13:38:05.758 68823 INFO tempest.lib.common.rest_client [req-00b507c0-50bb-4c83-ab6a-74fefa80f612 req-00b507c0-50bb-4c83-ab6a-74fefa80f612 ] Request (FlavorsAccessTestJSON:test_flavor_access_add_remove): 200 GET http://10.180.1.21/compute/v2.1/flavors/detail 1.708s
2025-03-06 13:38:05.776 68841 INFO tempest.lib.common.rest_client [req-a115467a-aa61-4a19-a6f8-c2aaa83354d6 req-a115467a-aa61-4a19-a6f8-c2aaa83354d6 ] Request (ServicesAdminNegativeV253TestJSON:test_enable_service_with_invalid_service_id): 404 PUT http://10.180.1.21/compute/v2.1/os-services/62b4d755-cafa-4f4f-8cb6-d928fe78f435 1.724s
2025-03-06 13:38:05.795 68789 INFO tempest.lib.common.rest_client [req-82f13233-3e2f-4d9b-be44-b788acf6815a req-82f13233-3e2f-4d9b-be44-b788acf6815a ] Request (FlavorMetadataValidation:tearDownClass): 204 DELETE http://10.180.1.21/identity/v3/projects/8f7938902653437a9fb484bebb6a15ea 0.090s
2025-03-06 13:38:05.849 68789 INFO tempest.lib.common.rest_client [req-35df293b-465f-4e3d-84cf-a81222ee4a0e req-35df293b-465f-4e3d-84cf-a81222ee4a0e ] Request (FlavorsExtraSpecsNegativeTestJSON:setUpClass): 201 POST http://10.180.1.21/identity/v3/auth/tokens 0.053s
2025-03-06 13:38:05.878 68789 INFO tempest.lib.common.rest_client [req-ac643b91-46c6-49f8-bd3f-64d89c4ab21f req-ac643b91-46c6-49f8-bd3f-64d89c4ab21f ] Request (FlavorsExtraSpecsNegativeTestJSON:setUpClass): 201 POST http://10.180.1.21/identity/v3/auth/tokens 0.026s
2025-03-06 13:38:05.882 68809 INFO tempest.lib.common.rest_client [req-5b895d66-1f5e-4bfb-a61f-435572d21b41 req-5b895d66-1f5e-4bfb-a61f-435572d21b41 ] Request (ServersWithSpecificFlavorTestJSON:test_verify_created_server_ephemeral_disk): 200 POST http://10.180.1.21/compute/v2.1/flavors 1.761s
2025-03-06 13:38:05.909 68789 INFO tempest.lib.common.rest_client [req-54439fd2-b06a-499d-8886-5ba6060ec5b9 req-54439fd2-b06a-499d-8886-5ba6060ec5b9 ] Request (FlavorsExtraSpecsNegativeTestJSON:setUpClass): 200 GET http://10.180.1.21/identity/v3/domains?name=Default 0.031s
2025-03-06 13:38:05.944 68789 INFO tempest.lib.common.rest_client [req-b169146a-4e95-4235-9309-34a6a6841530 req-b169146a-4e95-4235-9309-34a6a6841530 ] Request (FlavorsExtraSpecsNegativeTestJSON:setUpClass): 201 POST http://10.180.1.21/identity/v3/projects 0.034s
2025-03-06 13:38:05.992 68819 INFO tempest.lib.common.rest_client [req-e694aaf9-308a-4e11-9c9e-890bcaaf9c04 req-e694aaf9-308a-4e11-9c9e-890bcaaf9c04 ] Request (HypervisorAdminV253TestBase:tearDownClass): 200 GET http://10.180.1.21:9696/networking/v2.0/security-groups?tenant_id=5b8f442a83a04dcf88fc3fa352a3c2c0&name=default 0.334s
2025-03-06 13:38:06.000 68789 INFO tempest.lib.common.rest_client [req-25811273-0f18-4cc5-9122-e1e046cb55cf req-25811273-0f18-4cc5-9122-e1e046cb55cf ] Request (FlavorsExtraSpecsNegativeTestJSON:setUpClass): 201 POST http://10.180.1.21/identity/v3/users 0.055s
2025-03-06 13:38:06.026 68789 INFO tempest.lib.common.rest_client [req-6dff080f-f032-49ab-8dd1-f433587536ef req-6dff080f-f032-49ab-8dd1-f433587536ef ] Request (FlavorsExtraSpecsNegativeTestJSON:setUpClass): 200 GET http://10.180.1.21/identity/v3/roles 0.026s
2025-03-06 13:38:06.054 68789 INFO tempest.lib.common.rest_client [req-7118bf6f-9461-4c98-8dfc-754e9a9a56f9 req-7118bf6f-9461-4c98-8dfc-754e9a9a56f9 ] Request (FlavorsExtraSpecsNegativeTestJSON:setUpClass): 204 PUT http://10.180.1.21/identity/v3/projects/b463d35cbea84299b0b389b857c3a2c9/users/be21c7951cfd456487f633a99f90a94a/roles/87c7adc56fb54788ac42f508abe2ad94 0.027s
2025-03-06 13:38:06.054 68789 INFO tempest.lib.common.dynamic_creds [-] Dynamic test user be21c7951cfd456487f633a99f90a94a is created with scope project and roles: ['member']
2025-03-06 13:38:06.054 68789 INFO tempest.lib.common.dynamic_creds [-] Acquired dynamic creds: credentials: Credentials: {'domain_id': 'default', 'domain_name': 'Default', 'username': 'tempest-FlavorsExtraSpecsNegativeTestJSON-1181943345-project-member', 'project_domain_id': 'default', 'project_domain_name': 'Default', 'project_id': 'b463d35cbea84299b0b389b857c3a2c9', 'project_name': 'tempest-FlavorsExtraSpecsNegativeTestJSON-1181943345', 'tenant_id': 'b463d35cbea84299b0b389b857c3a2c9', 'tenant_name': 'tempest-FlavorsExtraSpecsNegativeTestJSON-1181943345', 'user_domain_id': 'default', 'user_domain_name': 'Default', 'user_id': 'be21c7951cfd456487f633a99f90a94a', 'system': None}, Network: None, Subnet: None, Router: None
2025-03-06 13:38:06.054 68789 INFO tempest.lib.common.dynamic_creds [-] Created isolated network resources for: credentials: Credentials: {'domain_id': 'default', 'domain_name': 'Default', 'username': 'tempest-FlavorsExtraSpecsNegativeTestJSON-1181943345-project-member', 'project_domain_id': 'default', 'project_domain_name': 'Default', 'project_id': 'b463d35cbea84299b0b389b857c3a2c9', 'project_name': 'tempest-FlavorsExtraSpecsNegativeTestJSON-1181943345', 'tenant_id': 'b463d35cbea84299b0b389b857c3a2c9', 'tenant_name': 'tempest-FlavorsExtraSpecsNegativeTestJSON-1181943345', 'user_domain_id': 'default', 'user_domain_name': 'Default', 'user_id': 'be21c7951cfd456487f633a99f90a94a', 'system': None}, Network: None, Subnet: None, Router: None
2025-03-06 13:38:06.076 68819 INFO tempest.lib.common.rest_client [req-10988992-8635-4c46-ac63-7d0c128d354f req-10988992-8635-4c46-ac63-7d0c128d354f ] Request (HypervisorAdminV253TestBase:tearDownClass): 204 DELETE http://10.180.1.21:9696/networking/v2.0/security-groups/8066cdd9-8841-4abe-8c9e-2503824fb125 0.084s
2025-03-06 13:38:06.095 68797 INFO tempest.lib.common.rest_client [req-c5d9f71d-8881-4864-90d9-8091d1d3923f req-c5d9f71d-8881-4864-90d9-8091d1d3923f ] Request (ServerExternalEventsTest:test_create_server_external_events): 200 GET http://10.180.1.21/compute/v2.1/servers/f502461c-f119-4801-8f55-92784998b426 1.814s
2025-03-06 13:38:06.103 68797 INFO tempest.common.waiters [-] State transition "BUILD/block_device_mapping" ==> "BUILD/spawning" after 8 second wait
2025-03-06 13:38:06.140 68789 INFO tempest.lib.common.rest_client [req-1220fb97-d325-42ff-bd77-0095ad33f286 req-1220fb97-d325-42ff-bd77-0095ad33f286 ] Request (FlavorsExtraSpecsNegativeTestJSON:setUpClass): 201 POST http://10.180.1.21/identity/v3/auth/tokens 0.082s
2025-03-06 13:38:06.146 68795 INFO tempest.lib.common.rest_client [req-083f3fcc-8364-4555-b88a-f0805662128c req-083f3fcc-8364-4555-b88a-f0805662128c ] Request (ServerDiagnosticsNegativeTest:test_get_server_diagnostics_by_non_admin): 200 GET http://10.180.1.21/compute/v2.1/servers/cd8987ec-c639-432e-bad1-3ac63c4be1a8 1.788s
2025-03-06 13:38:06.171 68819 INFO tempest.lib.common.rest_client [req-52dd0dd9-5d7e-4376-a676-e27e19d9c46e req-52dd0dd9-5d7e-4376-a676-e27e19d9c46e ] Request (HypervisorAdminV253TestBase:tearDownClass): 204 DELETE http://10.180.1.21/identity/v3/projects/5b8f442a83a04dcf88fc3fa352a3c2c0 0.094s
2025-03-06 13:38:06.172 68819 INFO tempest.lib.common.dynamic_creds [-] Deleting project and security group for project: ee265ce29283433f8a260b333ecf63a2
2025-03-06 13:38:06.204 68843 INFO tempest.lib.common.rest_client [req-e04d9836-7c88-4f73-9c20-bf3c0301af92 req-e04d9836-7c88-4f73-9c20-bf3c0301af92 ] Request (InstanceActionsNegativeTestJSON:setUpClass): 202 POST http://10.180.1.21/compute/v2.1/servers 2.206s
2025-03-06 13:38:06.212 68789 INFO tempest.lib.common.rest_client [req-f2b87155-fd52-495e-8592-79a223c900a9 req-f2b87155-fd52-495e-8592-79a223c900a9 ] Request (FlavorsExtraSpecsNegativeTestJSON:setUpClass): 201 POST http://10.180.1.21/identity/v3/projects 0.071s
2025-03-06 13:38:06.224 68787 INFO tempest.lib.common.rest_client [req-e190af1a-1de0-44ab-8904-e7c9e993b647 req-e190af1a-1de0-44ab-8904-e7c9e993b647 ] Request (FlavorsAccessNegativeTestJSON:_run_cleanups): 202 DELETE http://10.180.1.21/compute/v2.1/flavors/1333158331 1.631s
2025-03-06 13:38:06.305 68789 INFO tempest.lib.common.rest_client [req-056199c4-9b2d-48e6-9fe9-46dda3be1d55 req-056199c4-9b2d-48e6-9fe9-46dda3be1d55 ] Request (FlavorsExtraSpecsNegativeTestJSON:setUpClass): 201 POST http://10.180.1.21/identity/v3/users 0.092s
2025-03-06 13:38:06.328 68789 INFO tempest.lib.common.rest_client [req-42c4a883-eaec-4cbb-8b21-27eaa63ec084 req-42c4a883-eaec-4cbb-8b21-27eaa63ec084 ] Request (FlavorsExtraSpecsNegativeTestJSON:setUpClass): 200 GET http://10.180.1.21/identity/v3/roles 0.022s
2025-03-06 13:38:06.371 68789 INFO tempest.lib.common.rest_client [req-b3139a53-f354-4d93-8dfe-eaa60febb7f3 req-b3139a53-f354-4d93-8dfe-eaa60febb7f3 ] Request (FlavorsExtraSpecsNegativeTestJSON:setUpClass): 204 PUT http://10.180.1.21/identity/v3/projects/baa857f4b1144ab1a7bdcbca9ecf8350/users/06a5c78f2fc44fa78474f0e502c195c6/roles/73326e54fbd04cb1a22271960dd6a69c 0.043s
2025-03-06 13:38:06.393 68834 INFO tempest.lib.common.rest_client [req-326dfbef-623b-4043-b402-5773b6dcdb72 req-326dfbef-623b-4043-b402-5773b6dcdb72 ] Request (FloatingIPsAssociationNegativeTestJSON:setUpClass): 200 GET http://10.180.1.21/compute/v2.1/servers/55d4ba36-62da-40a8-84f2-1115aca471c9 1.887s
2025-03-06 13:38:06.401 68834 INFO tempest.common.waiters [-] State transition "BUILD/None" ==> "BUILD/spawning" after 3 second wait
2025-03-06 13:38:06.434 68789 INFO tempest.lib.common.rest_client [req-1be9c5a8-d78b-4415-b355-5cca09780fd7 req-1be9c5a8-d78b-4415-b355-5cca09780fd7 ] Request (FlavorsExtraSpecsNegativeTestJSON:setUpClass): 200 GET http://10.180.1.21/identity/v3/roles 0.062s
2025-03-06 13:38:06.434 68801 INFO tempest.lib.common.rest_client [req-60d8cf97-8369-453e-a474-30968c1a53d1 req-60d8cf97-8369-453e-a474-30968c1a53d1 ] Request (QuotasAdminTestV257:test_get_updated_quotas): 200 PUT http://10.180.1.21/compute/v2.1/os-quota-sets/6db8358611f2401a8172960d131f861d?user_id=1894874fbeeb423ca31bff17775b0d6c 1.450s
2025-03-06 13:38:06.455 68789 INFO tempest.lib.common.rest_client [req-ddf305e1-a7c9-4d2f-9519-946b33240232 req-ddf305e1-a7c9-4d2f-9519-946b33240232 ] Request (FlavorsExtraSpecsNegativeTestJSON:setUpClass): 204 PUT http://10.180.1.21/identity/v3/projects/baa857f4b1144ab1a7bdcbca9ecf8350/users/06a5c78f2fc44fa78474f0e502c195c6/roles/73326e54fbd04cb1a22271960dd6a69c 0.020s
2025-03-06 13:38:06.455 68789 INFO tempest.lib.common.dynamic_creds [-] Dynamic test user 06a5c78f2fc44fa78474f0e502c195c6 is created with scope project and roles: ['admin']
2025-03-06 13:38:06.455 68789 INFO tempest.lib.common.dynamic_creds [-] Acquired dynamic creds: credentials: Credentials: {'domain_id': 'default', 'domain_name': 'Default', 'username': 'tempest-FlavorsExtraSpecsNegativeTestJSON-296364288-project-admin', 'project_domain_id': 'default', 'project_domain_name': 'Default', 'project_id': 'baa857f4b1144ab1a7bdcbca9ecf8350', 'project_name': 'tempest-FlavorsExtraSpecsNegativeTestJSON-296364288', 'tenant_id': 'baa857f4b1144ab1a7bdcbca9ecf8350', 'tenant_name': 'tempest-FlavorsExtraSpecsNegativeTestJSON-296364288', 'user_domain_id': 'default', 'user_domain_name': 'Default', 'user_id': '06a5c78f2fc44fa78474f0e502c195c6', 'system': None}, Network: None, Subnet: None, Router: None
2025-03-06 13:38:06.455 68789 INFO tempest.lib.common.dynamic_creds [-] Created isolated network resources for: credentials: Credentials: {'domain_id': 'default', 'domain_name': 'Default', 'username': 'tempest-FlavorsExtraSpecsNegativeTestJSON-296364288-project-admin', 'project_domain_id': 'default', 'project_domain_name': 'Default', 'project_id': 'baa857f4b1144ab1a7bdcbca9ecf8350', 'project_name': 'tempest-FlavorsExtraSpecsNegativeTestJSON-296364288', 'tenant_id': 'baa857f4b1144ab1a7bdcbca9ecf8350', 'tenant_name': 'tempest-FlavorsExtraSpecsNegativeTestJSON-296364288', 'user_domain_id': 'default', 'user_domain_name': 'Default', 'user_id': '06a5c78f2fc44fa78474f0e502c195c6', 'system': None}, Network: None, Subnet: None, Router: None
2025-03-06 13:38:06.457 68785 INFO tempest.lib.common.rest_client [req-30b03fb0-4aea-4b77-9385-fa05c7a0a478 req-30b03fb0-4aea-4b77-9385-fa05c7a0a478 ] Request (FlavorsExtraSpecsTestJSON:test_flavor_non_admin_get_specific_key): 200 POST http://10.180.1.21/compute/v2.1/flavors/1152558190/os-extra_specs 1.377s
2025-03-06 13:38:06.467 68819 INFO tempest.lib.common.rest_client [req-432e4432-3147-4a00-be75-dc3cf98a8c80 req-432e4432-3147-4a00-be75-dc3cf98a8c80 ] Request (HypervisorAdminV253TestBase:tearDownClass): 200 GET http://10.180.1.21:9696/networking/v2.0/security-groups?tenant_id=ee265ce29283433f8a260b333ecf63a2&name=default 0.295s
2025-03-06 13:38:06.543 68789 INFO tempest.lib.common.rest_client [req-4f2ac0bd-14e5-4a8e-8100-589b27b865ca req-4f2ac0bd-14e5-4a8e-8100-589b27b865ca ] Request (FlavorsExtraSpecsNegativeTestJSON:setUpClass): 201 POST http://10.180.1.21/identity/v3/auth/tokens 0.085s
2025-03-06 13:38:06.567 68819 INFO tempest.lib.common.rest_client [req-aa355244-8a5f-40ab-9879-b709789052b1 req-aa355244-8a5f-40ab-9879-b709789052b1 ] Request (HypervisorAdminV253TestBase:tearDownClass): 204 DELETE http://10.180.1.21:9696/networking/v2.0/security-groups/dbfbc6d7-d4b4-4e18-a304-6c8af071464d 0.099s
2025-03-06 13:38:06.613 68845 INFO tempest.lib.common.rest_client [req-33c2be10-34f2-4a43-9b6a-6c402e9e949e req-33c2be10-34f2-4a43-9b6a-6c402e9e949e ] Request (FlavorsV2NegativeTest:test_boot_with_low_ram): 200 GET http://10.180.1.21/compute/v2.1/flavors/42 1.491s
2025-03-06 13:38:06.678 68819 INFO tempest.lib.common.rest_client [req-a596e375-5b9a-4cbe-96b1-31d11e138ba4 req-a596e375-5b9a-4cbe-96b1-31d11e138ba4 ] Request (HypervisorAdminV253TestBase:tearDownClass): 204 DELETE http://10.180.1.21/identity/v3/projects/ee265ce29283433f8a260b333ecf63a2 0.111s
2025-03-06 13:38:06.734 68819 INFO tempest.lib.common.rest_client [req-2972fdef-3b6b-4f27-a09c-c25a1c428cd2 req-2972fdef-3b6b-4f27-a09c-c25a1c428cd2 ] Request (ImagesOneServerTestJSON:setUpClass): 201 POST http://10.180.1.21/identity/v3/auth/tokens 0.055s
2025-03-06 13:38:06.765 68819 INFO tempest.lib.common.rest_client [req-e6dc4ae5-44fb-47ed-96e3-13f9554c9c3e req-e6dc4ae5-44fb-47ed-96e3-13f9554c9c3e ] Request (ImagesOneServerTestJSON:setUpClass): 201 POST http://10.180.1.21/identity/v3/auth/tokens 0.026s
2025-03-06 13:38:06.792 68819 INFO tempest.lib.common.rest_client [req-c225cf70-c6b3-4b80-b74e-6ebb2f8ec222 req-c225cf70-c6b3-4b80-b74e-6ebb2f8ec222 ] Request (ImagesOneServerTestJSON:setUpClass): 200 GET http://10.180.1.21/identity/v3/domains?name=Default 0.025s
2025-03-06 13:38:06.823 68819 INFO tempest.lib.common.rest_client [req-fd69b358-90b6-4440-b066-f06e890c8e46 req-fd69b358-90b6-4440-b066-f06e890c8e46 ] Request (ImagesOneServerTestJSON:setUpClass): 201 POST http://10.180.1.21/identity/v3/projects 0.031s
2025-03-06 13:38:06.896 68819 INFO tempest.lib.common.rest_client [req-a8d88564-f0d8-4a8f-99e6-09957c440a66 req-a8d88564-f0d8-4a8f-99e6-09957c440a66 ] Request (ImagesOneServerTestJSON:setUpClass): 201 POST http://10.180.1.21/identity/v3/users 0.072s
2025-03-06 13:38:06.917 68819 INFO tempest.lib.common.rest_client [req-5eb668ed-3ad5-422a-a94c-44718661792b req-5eb668ed-3ad5-422a-a94c-44718661792b ] Request (ImagesOneServerTestJSON:setUpClass): 200 GET http://10.180.1.21/identity/v3/roles 0.020s
2025-03-06 13:38:06.945 68819 INFO tempest.lib.common.rest_client [req-1f157ae7-c649-4f19-bd2a-68edfe1dc2cf req-1f157ae7-c649-4f19-bd2a-68edfe1dc2cf ] Request (ImagesOneServerTestJSON:setUpClass): 204 PUT http://10.180.1.21/identity/v3/projects/63f49ac640924aa891016c9e07f94dab/users/77a33a41def94e5495643653b0358f53/roles/87c7adc56fb54788ac42f508abe2ad94 0.028s
2025-03-06 13:38:06.946 68819 INFO tempest.lib.common.dynamic_creds [-] Dynamic test user 77a33a41def94e5495643653b0358f53 is created with scope project and roles: ['member']
2025-03-06 13:38:06.947 68819 INFO tempest.lib.common.dynamic_creds [-] Acquired dynamic creds: credentials: Credentials: {'domain_id': 'default', 'domain_name': 'Default', 'username': 'tempest-ImagesOneServerTestJSON-359783511-project-member', 'project_domain_id': 'default', 'project_domain_name': 'Default', 'project_id': '63f49ac640924aa891016c9e07f94dab', 'project_name': 'tempest-ImagesOneServerTestJSON-359783511', 'tenant_id': '63f49ac640924aa891016c9e07f94dab', 'tenant_name': 'tempest-ImagesOneServerTestJSON-359783511', 'user_domain_id': 'default', 'user_domain_name': 'Default', 'user_id': '77a33a41def94e5495643653b0358f53', 'system': None}, Network: None, Subnet: None, Router: None
2025-03-06 13:38:07.001 68819 INFO tempest.lib.common.rest_client [req-1fc70755-1f48-4b3d-b31b-27908fc00f47 req-1fc70755-1f48-4b3d-b31b-27908fc00f47 ] Request (ImagesOneServerTestJSON:setUpClass): 201 POST http://10.180.1.21/identity/v3/auth/tokens 0.053s
2025-03-06 13:38:07.037 68839 INFO tempest.lib.common.rest_client [req-2f6afe54-dc42-42ce-8dfb-33a3df899380 req-2f6afe54-dc42-42ce-8dfb-33a3df899380 ] Request (SecurityGroupsNegativeTestJSON:test_delete_the_default_security_group): 400 DELETE http://10.180.1.21/compute/v2.1/os-security-groups/09834e34-d27b-465d-819b-28740548b7c4 1.831s
2025-03-06 13:38:07.082 68845 INFO tempest.lib.common.rest_client [req-39b03590-05d6-4e2e-b0d9-7682b326d0fe req-39b03590-05d6-4e2e-b0d9-7682b326d0fe ] Request (FlavorsV2NegativeTest:test_boot_with_low_ram): 201 POST http://10.180.1.21/image/v2/images 0.463s
2025-03-06 13:38:07.156 68827 INFO tempest.lib.common.rest_client [req-3a2302fb-1a7c-48ed-aa1f-a4d008914fe0 req-3a2302fb-1a7c-48ed-aa1f-a4d008914fe0 ] Request (HypervisorAdminNegativeTestJSON:test_get_hypervisor_uptime_with_non_admin_user): 200 GET http://10.180.1.21/compute/v2.1/os-hypervisors 1.944s
2025-03-06 13:38:07.236 68847 INFO tempest.lib.common.rest_client [req-f95790e9-b18a-45b4-990f-ef15f0f5af99 req-f95790e9-b18a-45b4-990f-ef15f0f5af99 ] Request (ServerActionsTestOtherA:setUpClass): 201 POST http://10.180.1.21:9696/networking/v2.0/routers 1.572s
2025-03-06 13:38:07.361 68819 INFO tempest.lib.common.rest_client [req-51f188ae-e1d9-4c85-a507-9ab59c3231a3 req-51f188ae-e1d9-4c85-a507-9ab59c3231a3 ] Request (ImagesOneServerTestJSON:setUpClass): 201 POST http://10.180.1.21:9696/networking/v2.0/networks 0.360s
2025-03-06 13:38:07.553 68837 INFO tempest.lib.common.rest_client [req-0b4a40fc-c1a6-4173-941f-c6b2995c1de6 req-0b4a40fc-c1a6-4173-941f-c6b2995c1de6 ] Request (ImagesMetadataTestJSON:test_delete_image_metadata_item): 204 DELETE http://10.180.1.21/compute/v2.1/images/6fbba38b-6b29-4cf5-aaef-1bba09aebcff/metadata/os_version 2.309s
2025-03-06 13:38:07.591 68829 INFO tempest.lib.common.rest_client [req-0d842a30-7a6d-4aa0-b0d5-93b7cd8e0c6f req-0d842a30-7a6d-4aa0-b0d5-93b7cd8e0c6f ] Request (FloatingIPDetailsTestJSON:setUpClass): 200 POST http://10.180.1.21/compute/v2.1/os-floating-ips 2.582s
2025-03-06 13:38:07.605 68807 INFO tempest.lib.common.rest_client [req-4b2188fd-e891-4faf-b258-24e08a5e703f req-4b2188fd-e891-4faf-b258-24e08a5e703f ] Request (HostsAdminNegativeTestJSON:test_shutdown_nonexistent_host): 404 GET http://10.180.1.21/compute/v2.1/os-hosts/nonexistent_hostname/shutdown 2.345s
2025-03-06 13:38:07.615 68819 INFO tempest.lib.common.rest_client [req-35f8967a-ddba-4723-8944-507e53dc4007 req-35f8967a-ddba-4723-8944-507e53dc4007 ] Request (ImagesOneServerTestJSON:setUpClass): 201 POST http://10.180.1.21:9696/networking/v2.0/subnets 0.253s
2025-03-06 13:38:07.644 68793 INFO tempest.lib.common.rest_client [req-e86450b8-52f8-4ed1-80c4-9192a4d38040 req-e86450b8-52f8-4ed1-80c4-9192a4d38040 ] Request (FlavorsAdminTestJSON:test_create_flavor_verify_entry_in_list_details): 200 GET http://10.180.1.21/compute/v2.1/flavors/detail 2.364s
2025-03-06 13:38:07.750 68817 INFO tempest.lib.common.rest_client [req-6bbff263-3a70-4207-9f46-6801d8b80cbd req-6bbff263-3a70-4207-9f46-6801d8b80cbd ] Request (DeleteServersAdminTestJSON:test_admin_delete_servers_of_others): 200 GET http://10.180.1.21/compute/v2.1/servers/d01f1044-6830-49e8-8499-1bd08ff649c4 2.444s
2025-03-06 13:38:07.761 68845 INFO tempest.lib.common.rest_client [req-6eeaabec-4e40-4645-bd91-e5ad0227bcb2 req-6eeaabec-4e40-4645-bd91-e5ad0227bcb2 ] Request (FlavorsV2NegativeTest:test_boot_with_low_ram): 204 PUT http://10.180.1.21/image/v2/images/b12ff292-330b-4613-adc6-f277ee9d6479/file 0.678s
2025-03-06 13:38:07.789 68811 INFO tempest.lib.common.rest_client [req-0f93d2b3-ddd9-4f02-9cda-afd4d45bf49f req-0f93d2b3-ddd9-4f02-9cda-afd4d45bf49f ] Request (ServerDiagnosticsTest:test_get_server_diagnostics): 200 GET http://10.180.1.21/compute/v2.1/servers/2bd09461-a3e1-475b-9cad-4bfc8f94cad7 2.531s
2025-03-06 13:38:07.808 68821 INFO tempest.lib.common.rest_client [req-37f7eae6-32c2-489d-a102-ae6cba9ea8cd req-37f7eae6-32c2-489d-a102-ae6cba9ea8cd ] Request (KeyPairsV210TestJSON:test_admin_manage_keypairs_for_other_users): 201 POST http://10.180.1.21/compute/v2.1/os-keypairs 2.487s
2025-03-06 13:38:07.828 68825 INFO tempest.lib.common.rest_client [req-733b34e2-b829-4fc9-bd26-ef22d2897df9 req-733b34e2-b829-4fc9-bd26-ef22d2897df9 ] Request (ServicesAdminNegativeTestJSON:test_get_service_by_invalid_service_and_valid_host): 200 GET http://10.180.1.21/compute/v2.1/os-services?host=devstack&binary=xxx 2.470s
2025-03-06 13:38:07.852 68845 INFO tempest.lib.common.rest_client [req-5e0cdbf2-2298-41df-98bf-3c8885832a47 req-5e0cdbf2-2298-41df-98bf-3c8885832a47 ] Request (FlavorsV2NegativeTest:test_boot_with_low_ram): 201 POST http://10.180.1.21/identity/v3/auth/tokens 0.087s
2025-03-06 13:38:07.852 68845 INFO tempest.lib.common.fixed_network [-] (FlavorsV2NegativeTest:test_boot_with_low_ram) Found network None available for tenant
2025-03-06 13:38:07.854 68831 INFO tempest.lib.common.rest_client [req-979b42e0-acb9-40b6-b92a-3f67607a4ded req-979b42e0-acb9-40b6-b92a-3f67607a4ded ] Request (HypervisorAdminUnderV252Test:test_search_hypervisor): 200 GET http://10.180.1.21/compute/v2.1/os-hypervisors/domain-c8.fc996f14-c53b-4953-92e3-bdfa48f5cc28/search 2.395s
2025-03-06 13:38:07.894 68835 INFO tempest.lib.common.rest_client [req-73393d84-52bc-4168-98c4-6cdda51aa54f req-73393d84-52bc-4168-98c4-6cdda51aa54f ] Request (InstanceActionsV221TestJSON:test_get_list_deleted_instance_actions): 200 GET http://10.180.1.21/compute/v2.1/servers/ecbacec4-4081-4d65-8a35-43657006e5d0 2.504s
2025-03-06 13:38:07.941 68831 INFO tempest.lib.common.rest_client [req-3ae75b09-a914-4b7a-8cae-9015036a527a req-3ae75b09-a914-4b7a-8cae-9015036a527a ] Request (HypervisorAdminUnderV252Test:tearDownClass): 204 DELETE http://10.180.1.21/identity/v3/users/8edcb916eb454b27897b13f60432eb1c 0.084s
2025-03-06 13:38:08.011 68803 INFO tempest.lib.common.rest_client [req-574956cf-516b-43b9-acc5-8793b0190fe3 req-574956cf-516b-43b9-acc5-8793b0190fe3 ] Request (QuotasAdminNegativeTest:_run_cleanups): 200 PUT http://10.180.1.21/compute/v2.1/os-quota-sets/f239ba9d114344909b986e8bc4433364 2.474s
2025-03-06 13:38:08.041 68831 INFO tempest.lib.common.rest_client [req-d2f9edab-eb5a-4d52-b17b-09b3791de80a req-d2f9edab-eb5a-4d52-b17b-09b3791de80a ] Request (HypervisorAdminUnderV252Test:tearDownClass): 204 DELETE http://10.180.1.21/identity/v3/users/045c122dec8245ab9bad059956cbe6a1 0.100s
2025-03-06 13:38:08.042 68831 INFO tempest.lib.common.dynamic_creds [-] Deleting project and security group for project: f7745fc3f6a443fa82d74597067d26ab
2025-03-06 13:38:08.098 68831 INFO tempest.lib.common.rest_client [req-a0b46b1c-c5cd-43c0-9f34-59575f7f8c05 req-a0b46b1c-c5cd-43c0-9f34-59575f7f8c05 ] Request (HypervisorAdminUnderV252Test:tearDownClass): 201 POST http://10.180.1.21/identity/v3/auth/tokens 0.056s
2025-03-06 13:38:08.154 68823 INFO tempest.lib.common.rest_client [req-1dac3780-2827-48e8-a978-d60374b033da req-1dac3780-2827-48e8-a978-d60374b033da ] Request (FlavorsAccessTestJSON:test_flavor_access_add_remove): 200 POST http://10.180.1.21/compute/v2.1/flavors/238352308/action 2.391s
2025-03-06 13:38:08.170 68841 INFO tempest.lib.common.rest_client [req-32de756b-6b4b-4f37-922f-a5f927e415e5 req-32de756b-6b4b-4f37-922f-a5f927e415e5 ] Request (ServicesAdminNegativeV253TestJSON:test_get_service_by_invalid_params): 200 GET http://10.180.1.21/compute/v2.1/os-services 2.393s
2025-03-06 13:38:08.186 68809 INFO tempest.lib.common.rest_client [req-c581763e-231d-4203-92af-4f1c9bbb3477 req-c581763e-231d-4203-92af-4f1c9bbb3477 ] Request (ServersWithSpecificFlavorTestJSON:test_verify_created_server_ephemeral_disk): 200 GET http://10.180.1.21/compute/v2.1/flavors/42/os-extra_specs 2.301s
2025-03-06 13:38:08.278 68843 INFO tempest.lib.common.rest_client [req-f32719c6-43b1-4dc8-bc20-c8df75c55bf7 req-f32719c6-43b1-4dc8-bc20-c8df75c55bf7 ] Request (InstanceActionsNegativeTestJSON:setUpClass): 200 GET http://10.180.1.21/compute/v2.1/servers/c4630440-1ea5-4392-9f02-f5e7f7d59dee 2.072s
2025-03-06 13:38:08.311 68787 INFO tempest.lib.common.rest_client [req-e4e97fa5-b2ee-45f2-ad98-7c9fc88fea66 req-e4e97fa5-b2ee-45f2-ad98-7c9fc88fea66 ] Request (FlavorsAccessNegativeTestJSON:_run_cleanups): 200 GET http://10.180.1.21/compute/v2.1/flavors/detail 2.086s
2025-03-06 13:38:08.313 68831 INFO tempest.lib.common.rest_client [req-cd8fb09a-d456-4c88-88e0-0c96d53ac1de req-cd8fb09a-d456-4c88-88e0-0c96d53ac1de ] Request (HypervisorAdminUnderV252Test:tearDownClass): 200 GET http://10.180.1.21:9696/networking/v2.0/security-groups?tenant_id=f7745fc3f6a443fa82d74597067d26ab&name=default 0.214s
2025-03-06 13:38:08.316 68816 INFO tempest.lib.common.rest_client [req-49cee4b9-18b9-4284-8e64-696e2112f250 req-49cee4b9-18b9-4284-8e64-696e2112f250 ] Request (AggregatesAdminNegativeTestJSON:_run_cleanups): 200 POST http://10.180.1.21/compute/v2.1/os-aggregates/1/action 2.719s
2025-03-06 13:38:08.411 68831 INFO tempest.lib.common.rest_client [req-62fdc686-2d84-49d1-b22e-d06bf5cf2b69 req-62fdc686-2d84-49d1-b22e-d06bf5cf2b69 ] Request (HypervisorAdminUnderV252Test:tearDownClass): 204 DELETE http://10.180.1.21:9696/networking/v2.0/security-groups/e78c7fca-47c8-4a27-aa4d-39c623b69f7e 0.097s
2025-03-06 13:38:08.417 68801 INFO tempest.lib.common.rest_client [req-2128b0a3-b7a4-4c17-9c22-f349e2360baa req-2128b0a3-b7a4-4c17-9c22-f349e2360baa ] Request (QuotasAdminTestV257:test_get_updated_quotas): 200 GET http://10.180.1.21/compute/v2.1/os-quota-sets/6db8358611f2401a8172960d131f861d?user_id=1894874fbeeb423ca31bff17775b0d6c 1.979s
