2025-03-06 13:40:09.548 68791 INFO tempest.lib.common.rest_client [req-f20a1b2c-7ede-479d-b69c-b4ac5b8bc9ae req-f20a1b2c-7ede-479d-b69c-b4ac5b8bc9ae ] Request (ServersTestJSON:test_create_server_specify_multibyte_character_name): 200 GET http://10.180.1.21/compute/v2.1/servers/5241821c-6db7-482c-b466-9f15b8ad21e7 0.325s
2025-03-06 13:40:09.565 68835 INFO tempest.lib.common.rest_client [req-c5c53873-93a4-4ab6-8216-5faff0714bb6 req-c5c53873-93a4-4ab6-8216-5faff0714bb6 ] Request (ServerAddressesTestJSON:setUpClass): 200 GET http://10.180.1.21/compute/v2.1/servers/0d96dafa-99d7-4857-a3e4-9aacd1351b11 0.392s
2025-03-06 13:40:09.625 68793 INFO tempest.lib.common.rest_client [req-1989078c-9d57-439a-a158-c26a4cb187de req-1989078c-9d57-439a-a158-c26a4cb187de ] Request (ServersTestMultiNic:test_verify_duplicate_network_nics): 200 GET http://10.180.1.21/compute/v2.1/servers/5a62f3f8-6085-4b83-97de-363b63d6da97 0.388s
2025-03-06 13:40:09.631 68823 INFO tempest.lib.common.rest_client [req-40d9098d-75bc-483c-8850-99eb20be7bf3 req-40d9098d-75bc-483c-8850-99eb20be7bf3 ] Request (ServerActionsV293TestJSON:setUpClass): 200 GET http://10.180.1.21/compute/v2.1/servers/5ab3f5ce-de47-4c01-9271-2b5416066d7f 0.302s
2025-03-06 13:40:09.696 68841 INFO tempest.lib.common.rest_client [req-697c6c97-d040-454d-9116-4cf71b5de7b0 req-697c6c97-d040-454d-9116-4cf71b5de7b0 ] Request (ServersListShow298Test:test_list_show_update_rebuild_server_298): 200 GET http://10.180.1.21/compute/v2.1/servers/72580eab-6d31-402f-b0a5-6eedbc8d62d6 0.285s
2025-03-06 13:40:09.713 68821 INFO tempest.lib.common.rest_client [req-dd46d764-6f34-40db-92f8-f9712f567a0f req-dd46d764-6f34-40db-92f8-f9712f567a0f ] Request (ServerDiagnosticsV248Test:tearDownClass): 200 GET http://10.180.1.21/compute/v2.1/servers/b5b33559-3d17-4ff8-9aae-0290996f43d2 0.137s
2025-03-06 13:40:09.749 68797 INFO tempest.lib.common.rest_client [req-e85c2d11-7a1c-4234-b74f-440125b73a87 req-e85c2d11-7a1c-4234-b74f-440125b73a87 ] Request (ServersTestBootFromVolume:setUpClass): 200 GET http://10.180.1.21/volume/v3/volumes/2fa7227a-5c88-49f5-ad01-28a48d1b2d1e 0.044s
2025-03-06 13:40:09.806 68799 INFO tempest.lib.common.rest_client [req-2d435f88-5931-4627-8f64-66f6c5f0663c req-2d435f88-5931-4627-8f64-66f6c5f0663c ] Request (ServerPasswordTestJSON:tearDownClass): 200 GET http://10.180.1.21/compute/v2.1/servers/c92d50f9-a2dd-4aa4-b3fc-f99c069fcdc7 0.156s
2025-03-06 13:40:09.874 68811 INFO tempest.lib.common.rest_client [req-d36d4ba8-5f8c-440b-bd68-600e217ca82b req-d36d4ba8-5f8c-440b-bd68-600e217ca82b ] Request (ImagesTestJSON:test_create_image_from_suspended_server): 200 GET http://10.180.1.21/compute/v2.1/servers/90cf41bc-ab5a-4775-8a27-2d5b24d30002 0.167s
2025-03-06 13:40:09.891 68805 INFO tempest.lib.common.rest_client [req-ef5e04de-0fd1-41c7-acc7-1b4116f7fbca req-ef5e04de-0fd1-41c7-acc7-1b4116f7fbca ] Request (MigrationsAdminTest:test_list_migrations_in_flavor_resize_situation): 200 GET http://10.180.1.21/compute/v2.1/servers/90eb84e2-88bc-468a-987a-cc2e865f6ea8 0.254s
2025-03-06 13:40:09.934 68785 INFO tempest.lib.common.rest_client [req-26b3b14f-ebb2-4cf8-b248-ae3a17490b56 req-26b3b14f-ebb2-4cf8-b248-ae3a17490b56 ] Request (ServerShowV254Test:test_rebuild_server): 200 GET http://10.180.1.21/compute/v2.1/servers/313032c0-fbc2-412b-9d9f-18fc97b79c78 0.150s
2025-03-06 13:40:09.971 68817 INFO tempest.lib.common.rest_client [req-7374e19c-d461-430a-8c9e-2b6e77b66ccd req-7374e19c-d461-430a-8c9e-2b6e77b66ccd ] Request (DeleteServersAdminTestJSON:test_delete_server_while_in_error_state): 200 GET http://10.180.1.21/compute/v2.1/servers/2814b645-4619-4fd7-a27c-04570fff9bb6 0.143s
2025-03-06 13:40:09.999 68834 INFO tempest.lib.common.rest_client [req-c7428926-ede4-4f7c-8b89-e264041505e4 req-c7428926-ede4-4f7c-8b89-e264041505e4 ] Request (ServerShowV257Test:test_rebuild_server): 200 GET http://10.180.1.21/compute/v2.1/servers/54de098c-d0f8-4987-8b42-c964156b16d0 0.154s
2025-03-06 13:40:10.040 68807 INFO tempest.lib.common.rest_client [req-8ad3e964-cbf2-41bd-b84b-c4a1a519b877 req-8ad3e964-cbf2-41bd-b84b-c4a1a519b877 ] Request (ListImageFiltersTestJSON:setUpClass): 200 GET http://10.180.1.21/compute/v2.1/images/38d87134-6476-4f85-b49a-3d40d00e11cf 0.099s
2025-03-06 13:40:10.045 68831 INFO tempest.lib.common.rest_client [req-fb05041c-62d8-4c90-a4e7-7212340a72f6 req-fb05041c-62d8-4c90-a4e7-7212340a72f6 ] Request (ServersNegativeTestJSON:setUpClass): 200 GET http://10.180.1.21/compute/v2.1/servers/4fab89f6-3444-420e-b850-b1abf6dec136 0.118s
2025-03-06 13:40:10.180 68819 INFO tempest.lib.common.rest_client [req-d32d5069-a5c9-4d15-a095-a6ce43389132 req-d32d5069-a5c9-4d15-a095-a6ce43389132 ] Request (DeleteServersTestJSON:setUpClass): 201 POST http://10.180.1.21:9696/networking/v2.0/routers 0.764s
2025-03-06 13:40:10.267 68837 INFO tempest.lib.common.rest_client [req-c47acb6d-56d5-408a-90d0-77c3c375c66a req-c47acb6d-56d5-408a-90d0-77c3c375c66a ] Request (AttachInterfacesV270Test:tearDownClass): 200 PUT http://10.180.1.21:9696/networking/v2.0/routers/a22ebe16-9ed5-4cff-bbb3-7b5a51744219/remove_router_interface 1.413s
2025-03-06 13:40:10.316 68829 INFO tempest.lib.common.rest_client [req-eb578c20-bc11-48e0-8db8-a3a55b257fa3 req-eb578c20-bc11-48e0-8db8-a3a55b257fa3 ] Request (ImagesOneServerNegativeTestJSON:_run_cleanups): 200 GET http://10.180.1.21/compute/v2.1/servers/d05c7934-49ff-481f-a11f-38c80f0f330e 0.075s
2025-03-06 13:40:10.408 68787 INFO tempest.lib.common.rest_client [req-9e88d9f2-7948-4665-8689-ab6b9272b6ef req-9e88d9f2-7948-4665-8689-ab6b9272b6ef ] Request (ServersAdmin275Test:test_rebuild_update_server_275): 200 GET http://10.180.1.21/compute/v2.1/servers/688dee16-e202-4ff5-9693-a8a79cb3b5e7 0.075s
2025-03-06 13:40:10.474 68816 INFO tempest.lib.common.rest_client [req-7bcad1ad-d0ee-44f7-a4ce-02e509aba332 req-7bcad1ad-d0ee-44f7-a4ce-02e509aba332 ] Request (VolumesAssistedSnapshotsTest:test_volume_assisted_snapshot_create_delete): 200 GET http://10.180.1.21/compute/v2.1/servers/0a5feb6e-625d-4b68-a971-e91b3b93a3df 0.069s
2025-03-06 13:40:10.535 68813 INFO tempest.lib.common.rest_client [req-d1b973ac-ab83-4042-ba27-6c3642717b4f req-d1b973ac-ab83-4042-ba27-6c3642717b4f ] Request (ServerRescueTestJSONUnderV235:setUpClass): 200 GET http://10.180.1.21/compute/v2.1/servers/38281f32-3fce-40dd-83f1-56c133ea71ac 0.126s
2025-03-06 13:40:10.550 68845 INFO tempest.lib.common.rest_client [req-319231fa-3b58-4fe7-87dc-1ea48a29e62f req-319231fa-3b58-4fe7-87dc-1ea48a29e62f ] Request (MultipleCreateTestJSON:_run_cleanups): 200 GET http://10.180.1.21/compute/v2.1/servers/b2072172-2245-4f50-a9bc-dc3c1beda121 0.199s
2025-03-06 13:40:10.607 68795 INFO tempest.lib.common.rest_client [req-5c2dd2a8-7fd2-46ed-b6ae-7998a990d4dc req-5c2dd2a8-7fd2-46ed-b6ae-7998a990d4dc ] Request (ServersAdminNegativeTestJSON:setUpClass): 200 GET http://10.180.1.21/compute/v2.1/servers/bec5dfde-6eac-4888-825e-75c705beab97 0.122s
2025-03-06 13:40:10.623 68791 INFO tempest.lib.common.rest_client [req-cdc1b1b5-1ea9-493d-b2cc-c066e9ec4b67 req-cdc1b1b5-1ea9-493d-b2cc-c066e9ec4b67 ] Request (ServersTestJSON:test_create_server_specify_multibyte_character_name): 200 GET http://10.180.1.21/compute/v2.1/servers/5241821c-6db7-482c-b466-9f15b8ad21e7 0.063s
2025-03-06 13:40:10.725 68793 INFO tempest.lib.common.rest_client [req-ea6685e8-4889-4a12-ad5d-8b7f4891fab7 req-ea6685e8-4889-4a12-ad5d-8b7f4891fab7 ] Request (ServersTestMultiNic:test_verify_duplicate_network_nics): 200 GET http://10.180.1.21/compute/v2.1/servers/5a62f3f8-6085-4b83-97de-363b63d6da97 0.088s
2025-03-06 13:40:10.745 68835 INFO tempest.lib.common.rest_client [req-ae7c2001-00dd-4f8d-b05a-304c1f19dd64 req-ae7c2001-00dd-4f8d-b05a-304c1f19dd64 ] Request (ServerAddressesTestJSON:setUpClass): 200 GET http://10.180.1.21/compute/v2.1/servers/0d96dafa-99d7-4857-a3e4-9aacd1351b11 0.172s
2025-03-06 13:40:10.800 68797 INFO tempest.lib.common.rest_client [req-8660860c-fe85-4e8e-ad1e-5afd4eb63e44 req-8660860c-fe85-4e8e-ad1e-5afd4eb63e44 ] Request (ServersTestBootFromVolume:setUpClass): 200 GET http://10.180.1.21/volume/v3/volumes/2fa7227a-5c88-49f5-ad01-28a48d1b2d1e 0.043s
2025-03-06 13:40:10.838 68823 INFO tempest.lib.common.rest_client [req-1452fbd3-fbcc-41f0-88b9-e59a8da030c6 req-1452fbd3-fbcc-41f0-88b9-e59a8da030c6 ] Request (ServerActionsV293TestJSON:setUpClass): 200 GET http://10.180.1.21/compute/v2.1/servers/5ab3f5ce-de47-4c01-9271-2b5416066d7f 0.187s
2025-03-06 13:40:10.859 68841 INFO tempest.lib.common.rest_client [req-82bc4bdc-367d-484c-a43c-a8ca256b853c req-82bc4bdc-367d-484c-a43c-a8ca256b853c ] Request (ServersListShow298Test:test_list_show_update_rebuild_server_298): 200 GET http://10.180.1.21/compute/v2.1/servers/72580eab-6d31-402f-b0a5-6eedbc8d62d6 0.140s
2025-03-06 13:40:10.904 68837 INFO tempest.lib.common.rest_client [req-03d40569-fa4e-4a80-9e4a-30c6c2a67c85 req-03d40569-fa4e-4a80-9e4a-30c6c2a67c85 ] Request (AttachInterfacesV270Test:tearDownClass): 204 DELETE http://10.180.1.21:9696/networking/v2.0/routers/a22ebe16-9ed5-4cff-bbb3-7b5a51744219 0.636s
2025-03-06 13:40:10.926 68821 INFO tempest.lib.common.rest_client [req-838aadbd-4790-4cce-b498-f3cb3929e5f3 req-838aadbd-4790-4cce-b498-f3cb3929e5f3 ] Request (ServerDiagnosticsV248Test:tearDownClass): 200 GET http://10.180.1.21/compute/v2.1/servers/b5b33559-3d17-4ff8-9aae-0290996f43d2 0.198s
2025-03-06 13:40:10.934 68799 INFO tempest.lib.common.rest_client [req-f6e897f7-ddeb-4330-b898-c643ab115415 req-f6e897f7-ddeb-4330-b898-c643ab115415 ] Request (ServerPasswordTestJSON:tearDownClass): 200 GET http://10.180.1.21/compute/v2.1/servers/c92d50f9-a2dd-4aa4-b3fc-f99c069fcdc7 0.116s
2025-03-06 13:40:10.986 68811 INFO tempest.lib.common.rest_client [req-5d6d4073-b9e5-4fd7-a8a6-75df817923b4 req-5d6d4073-b9e5-4fd7-a8a6-75df817923b4 ] Request (ImagesTestJSON:test_create_image_from_suspended_server): 200 GET http://10.180.1.21/compute/v2.1/servers/90cf41bc-ab5a-4775-8a27-2d5b24d30002 0.098s
2025-03-06 13:40:11.061 68785 INFO tempest.lib.common.rest_client [req-1ae81b4e-25d8-4a03-bb6a-d6233df27df1 req-1ae81b4e-25d8-4a03-bb6a-d6233df27df1 ] Request (ServerShowV254Test:test_rebuild_server): 200 GET http://10.180.1.21/compute/v2.1/servers/313032c0-fbc2-412b-9d9f-18fc97b79c78 0.114s
2025-03-06 13:40:11.080 68805 INFO tempest.lib.common.rest_client [req-1ed28ea9-129b-4cd7-9b53-72f6c91bc49e req-1ed28ea9-129b-4cd7-9b53-72f6c91bc49e ] Request (MigrationsAdminTest:test_list_migrations_in_flavor_resize_situation): 200 GET http://10.180.1.21/compute/v2.1/servers/90eb84e2-88bc-468a-987a-cc2e865f6ea8 0.181s
2025-03-06 13:40:11.104 68819 INFO tempest.lib.common.rest_client [req-5035e9b5-9a17-41f6-99b1-af736067edba req-5035e9b5-9a17-41f6-99b1-af736067edba ] Request (DeleteServersTestJSON:setUpClass): 200 PUT http://10.180.1.21:9696/networking/v2.0/routers/0f77ba1e-8185-484d-81a3-1894ea93714a/add_router_interface 0.923s
2025-03-06 13:40:11.104 68819 INFO tempest.lib.common.dynamic_creds [-] Created isolated network resources for: credentials: Credentials: {'domain_id': 'default', 'domain_name': 'Default', 'username': 'tempest-DeleteServersTestJSON-569454206-project-member', 'project_domain_id': 'default', 'project_domain_name': 'Default', 'project_id': 'f6ecd68a7d62499e838904196f83343b', 'project_name': 'tempest-DeleteServersTestJSON-569454206', 'tenant_id': 'f6ecd68a7d62499e838904196f83343b', 'tenant_name': 'tempest-DeleteServersTestJSON-569454206', 'user_domain_id': 'default', 'user_domain_name': 'Default', 'user_id': 'e18013abc24c4c418a7dbcb9b542b640', 'system': None}, Network: {'id': 'fcecae97-3c80-4b7d-8085-318103311551', 'name': 'tempest-DeleteServersTestJSON-240439569-network', 'tenant_id': 'f6ecd68a7d62499e838904196f83343b', 'admin_state_up': True, 'mtu': 8950, 'status': 'ACTIVE', 'subnets': [], 'shared': False, 'project_id': 'f6ecd68a7d62499e838904196f83343b', 'port_security_enabled': True, 'router:external': False, 'provider:network_type': 'vlan', 'provider:physical_network': 'default', 'provider:segmentation_id': 44, 'availability_zone_hints': [], 'availability_zones': [], 'ipv4_address_scope': None, 'ipv6_address_scope': None, 'description': '', 'tags': [], 'created_at': '2025-03-06T13:40:08Z', 'updated_at': '2025-03-06T13:40:08Z', 'revision_number': 1}, Subnet: {'id': 'e466b080-c246-4c68-a51d-7a5ac72e7b0a', 'name': 'tempest-DeleteServersTestJSON-240439569-subnet', 'tenant_id': 'f6ecd68a7d62499e838904196f83343b', 'network_id': 'fcecae97-3c80-4b7d-8085-318103311551', 'ip_version': 4, 'subnetpool_id': None, 'enable_dhcp': True, 'ipv6_ra_mode': None, 'ipv6_address_mode': None, 'gateway_ip': '192.168.128.1', 'cidr': '192.168.128.0/28', 'allocation_pools': [{'start': '192.168.128.2', 'end': '192.168.128.14'}], 'host_routes': [], 'dns_nameservers': [], 'description': '', 'router:external': False, 'service_types': [], 'tags': [], 'created_at': '2025-03-06T13:40:08Z', 'updated_at': '2025-03-06T13:40:08Z', 'revision_number': 0, 'project_id': 'f6ecd68a7d62499e838904196f83343b'}, Router: {'id': '0f77ba1e-8185-484d-81a3-1894ea93714a', 'name': 'tempest-DeleteServersTestJSON-240439569-router', 'tenant_id': 'f6ecd68a7d62499e838904196f83343b', 'admin_state_up': True, 'status': 'ACTIVE', 'external_gateway_info': {'network_id': 'b348fa9c-ad79-4c8d-8536-f137d504d403', 'external_fixed_ips': [{'subnet_id': '57994a6d-cd89-4ecb-bf94-01451f6eb1b3', 'ip_address': '10.180.180.210'}], 'enable_snat': True}, 'description': '', 'availability_zones': [], 'distributed': False, 'ha': False, 'availability_zone_hints': [], 'routes': [], 'flavor_id': None, 'tags': [], 'created_at': '2025-03-06T13:40:09Z', 'updated_at': '2025-03-06T13:40:09Z', 'revision_number': 2, 'project_id': 'f6ecd68a7d62499e838904196f83343b'}
2025-03-06 13:40:11.145 68834 INFO tempest.lib.common.rest_client [req-0c172d93-9e1d-4c56-b136-46f9b46c92b1 req-0c172d93-9e1d-4c56-b136-46f9b46c92b1 ] Request (ServerShowV257Test:test_rebuild_server): 200 GET http://10.180.1.21/compute/v2.1/servers/54de098c-d0f8-4987-8b42-c964156b16d0 0.133s
2025-03-06 13:40:11.153 68817 INFO tempest.lib.common.rest_client [req-4737cd0d-9ae7-4c46-a2d4-b9b97a21fc54 req-4737cd0d-9ae7-4c46-a2d4-b9b97a21fc54 ] Request (DeleteServersAdminTestJSON:test_delete_server_while_in_error_state): 200 GET http://10.180.1.21/compute/v2.1/servers/2814b645-4619-4fd7-a27c-04570fff9bb6 0.174s
2025-03-06 13:40:11.178 68837 INFO tempest.lib.common.rest_client [req-a97f1e1e-4c73-48de-9688-063935a2d8fa req-a97f1e1e-4c73-48de-9688-063935a2d8fa ] Request (AttachInterfacesV270Test:tearDownClass): 204 DELETE http://10.180.1.21:9696/networking/v2.0/subnets/c0c23ab2-522d-47db-b035-daef9d2b3c32 0.273s
2025-03-06 13:40:11.196 68807 INFO tempest.lib.common.rest_client [req-563d94ba-9f74-476f-95eb-32a81682ce3f req-563d94ba-9f74-476f-95eb-32a81682ce3f ] Request (ListImageFiltersTestJSON:setUpClass): 200 GET http://10.180.1.21/compute/v2.1/images/38d87134-6476-4f85-b49a-3d40d00e11cf 0.149s
2025-03-06 13:40:11.203 68819 INFO tempest.lib.common.rest_client [req-39449adf-1176-4234-8877-e5ec26c1f560 req-39449adf-1176-4234-8877-e5ec26c1f560 ] Request (DeleteServersTestJSON:setUpClass): 201 POST http://10.180.1.21/identity/v3/auth/tokens 0.095s
2025-03-06 13:40:11.218 68831 INFO tempest.lib.common.rest_client [req-04294232-d982-44a9-97b2-d2aaf5b01b98 req-04294232-d982-44a9-97b2-d2aaf5b01b98 ] Request (ServersNegativeTestJSON:setUpClass): 200 GET http://10.180.1.21/compute/v2.1/servers/4fab89f6-3444-420e-b850-b1abf6dec136 0.157s
2025-03-06 13:40:11.226 68831 INFO tempest.common.waiters [-] State transition "BUILD/None" ==> "BUILD/networking" after 63 second wait
2025-03-06 13:40:11.238 68819 INFO tempest.lib.common.rest_client [req-9af41eef-747f-448f-9498-88b9570f065d req-9af41eef-747f-448f-9498-88b9570f065d ] Request (DeleteServersTestJSON:test_delete_active_server): 201 POST http://10.180.1.21/identity/v3/auth/tokens 0.032s
2025-03-06 13:40:11.239 68819 INFO tempest.lib.common.fixed_network [-] (DeleteServersTestJSON:test_delete_active_server) Found network {'id': 'fcecae97-3c80-4b7d-8085-318103311551', 'name': 'tempest-DeleteServersTestJSON-240439569-network', 'tenant_id': 'f6ecd68a7d62499e838904196f83343b', 'admin_state_up': True, 'mtu': 8950, 'status': 'ACTIVE', 'subnets': [], 'shared': False, 'project_id': 'f6ecd68a7d62499e838904196f83343b', 'port_security_enabled': True, 'router:external': False, 'provider:network_type': 'vlan', 'provider:physical_network': 'default', 'provider:segmentation_id': 44, 'availability_zone_hints': [], 'availability_zones': [], 'ipv4_address_scope': None, 'ipv6_address_scope': None, 'description': '', 'tags': [], 'created_at': '2025-03-06T13:40:08Z', 'updated_at': '2025-03-06T13:40:08Z', 'revision_number': 1} available for tenant
2025-03-06 13:40:11.365 68803 WARNING tempest.lib.common.ssh [-] Failed to establish authenticated ssh connection to cirros@10.180.180.185 ([Errno None] Unable to connect to port 22 on 10.180.180.185). Number attempts: 4. Retry after 5 seconds.: paramiko.ssh_exception.NoValidConnectionsError: [Errno None] Unable to connect to port 22 on 10.180.180.185
2025-03-06 13:40:11.393 68829 INFO tempest.lib.common.rest_client [req-d93974ea-be9f-4cdd-9fbd-c5829d4c5ea4 req-d93974ea-be9f-4cdd-9fbd-c5829d4c5ea4 ] Request (ImagesOneServerNegativeTestJSON:_run_cleanups): 200 GET http://10.180.1.21/compute/v2.1/servers/d05c7934-49ff-481f-a11f-38c80f0f330e 0.069s
2025-03-06 13:40:11.501 68787 INFO tempest.lib.common.rest_client [req-38b523b7-4d4d-4fe0-b572-0a1777a4ba21 req-38b523b7-4d4d-4fe0-b572-0a1777a4ba21 ] Request (ServersAdmin275Test:test_rebuild_update_server_275): 200 GET http://10.180.1.21/compute/v2.1/servers/688dee16-e202-4ff5-9693-a8a79cb3b5e7 0.076s
2025-03-06 13:40:11.556 68816 INFO tempest.lib.common.rest_client [req-0dfbd6bc-e5e0-4557-aae2-705135a38f64 req-0dfbd6bc-e5e0-4557-aae2-705135a38f64 ] Request (VolumesAssistedSnapshotsTest:test_volume_assisted_snapshot_create_delete): 200 GET http://10.180.1.21/compute/v2.1/servers/0a5feb6e-625d-4b68-a971-e91b3b93a3df 0.069s
2025-03-06 13:40:11.614 68809 WARNING tempest.lib.common.ssh [-] Failed to establish authenticated ssh connection to cirros@10.180.180.201 ([Errno None] Unable to connect to port 22 on 10.180.180.201). Number attempts: 10. Retry after 11 seconds.: paramiko.ssh_exception.NoValidConnectionsError: [Errno None] Unable to connect to port 22 on 10.180.180.201
2025-03-06 13:40:11.631 68813 INFO tempest.lib.common.rest_client [req-3ff46e75-eada-41f1-9afe-90ab740a50a8 req-3ff46e75-eada-41f1-9afe-90ab740a50a8 ] Request (ServerRescueTestJSONUnderV235:setUpClass): 200 GET http://10.180.1.21/compute/v2.1/servers/38281f32-3fce-40dd-83f1-56c133ea71ac 0.081s
2025-03-06 13:40:11.644 68819 INFO tempest.lib.common.rest_client [req-723b52e6-5966-4f01-b92e-8ab640750e96 req-723b52e6-5966-4f01-b92e-8ab640750e96 ] Request (DeleteServersTestJSON:test_delete_active_server): 202 POST http://10.180.1.21/compute/v2.1/servers 0.405s
2025-03-06 13:40:11.647 68837 INFO tempest.lib.common.rest_client [req-b6920aab-ce36-4991-8978-54da53de47eb req-b6920aab-ce36-4991-8978-54da53de47eb ] Request (AttachInterfacesV270Test:tearDownClass): 204 DELETE http://10.180.1.21:9696/networking/v2.0/networks/ad8cac7a-4441-4900-92fb-a459bb3d626d 0.468s
2025-03-06 13:40:11.721 68795 INFO tempest.lib.common.rest_client [req-85acb3c6-4a53-4a7e-a3fc-f986168bb833 req-85acb3c6-4a53-4a7e-a3fc-f986168bb833 ] Request (ServersAdminNegativeTestJSON:setUpClass): 200 GET http://10.180.1.21/compute/v2.1/servers/bec5dfde-6eac-4888-825e-75c705beab97 0.101s
2025-03-06 13:40:11.750 68837 INFO tempest.lib.common.rest_client [req-6e1ec43c-c404-48ea-8b5b-83d646575875 req-6e1ec43c-c404-48ea-8b5b-83d646575875 ] Request (AttachInterfacesV270Test:tearDownClass): 204 DELETE http://10.180.1.21/identity/v3/users/f1372411c48a450898912fa4efec4dca 0.103s
2025-03-06 13:40:11.751 68837 INFO tempest.lib.common.dynamic_creds [-] Deleting project and security group for project: 0c02703200984254adfbd6a9534969f3
2025-03-06 13:40:11.803 68791 INFO tempest.lib.common.rest_client [req-3c827051-707c-4eb1-b3bb-f7e795c5834b req-3c827051-707c-4eb1-b3bb-f7e795c5834b ] Request (ServersTestJSON:test_create_server_specify_multibyte_character_name): 200 GET http://10.180.1.21/compute/v2.1/servers/5241821c-6db7-482c-b466-9f15b8ad21e7 0.171s
2025-03-06 13:40:11.808 68837 INFO tempest.lib.common.rest_client [req-e4b18420-120f-4092-af22-bdf4936603b9 req-e4b18420-120f-4092-af22-bdf4936603b9 ] Request (AttachInterfacesV270Test:tearDownClass): 200 GET http://10.180.1.21:9696/networking/v2.0/security-groups?tenant_id=0c02703200984254adfbd6a9534969f3&name=default 0.057s
2025-03-06 13:40:11.819 68845 INFO tempest.lib.common.rest_client [req-eb5723d0-2898-44d0-b1d8-e4156f16c855 req-eb5723d0-2898-44d0-b1d8-e4156f16c855 ] Request (MultipleCreateTestJSON:_run_cleanups): 200 GET http://10.180.1.21/compute/v2.1/servers/b2072172-2245-4f50-a9bc-dc3c1beda121 0.259s
2025-03-06 13:40:11.856 68797 INFO tempest.lib.common.rest_client [req-c3d9dbd1-8ea1-4f4d-a0a9-c94e267b4fa1 req-c3d9dbd1-8ea1-4f4d-a0a9-c94e267b4fa1 ] Request (ServersTestBootFromVolume:setUpClass): 200 GET http://10.180.1.21/volume/v3/volumes/2fa7227a-5c88-49f5-ad01-28a48d1b2d1e 0.043s
2025-03-06 13:40:11.873 68819 INFO tempest.lib.common.rest_client [req-7922d4ef-d4da-417a-b926-32c9bc33599c req-7922d4ef-d4da-417a-b926-32c9bc33599c ] Request (DeleteServersTestJSON:test_delete_active_server): 200 GET http://10.180.1.21/compute/v2.1/servers/c250fc4c-0d96-4a4a-9a90-8416efe09fdc 0.222s
2025-03-06 13:40:11.892 68793 INFO tempest.lib.common.rest_client [req-78e94192-f6ca-403d-acd1-70cb490536e8 req-78e94192-f6ca-403d-acd1-70cb490536e8 ] Request (ServersTestMultiNic:test_verify_duplicate_network_nics): 200 GET http://10.180.1.21/compute/v2.1/servers/5a62f3f8-6085-4b83-97de-363b63d6da97 0.158s
2025-03-06 13:40:11.974 68823 INFO tempest.lib.common.rest_client [req-1fa43dc6-2f2b-4cfc-ae7b-f024b036cd3b req-1fa43dc6-2f2b-4cfc-ae7b-f024b036cd3b ] Request (ServerActionsV293TestJSON:setUpClass): 200 GET http://10.180.1.21/compute/v2.1/servers/5ab3f5ce-de47-4c01-9271-2b5416066d7f 0.125s
2025-03-06 13:40:12.007 68837 INFO tempest.lib.common.rest_client [req-d20f3e73-b004-46e6-9130-0c0e64bd2c85 req-d20f3e73-b004-46e6-9130-0c0e64bd2c85 ] Request (AttachInterfacesV270Test:tearDownClass): 204 DELETE http://10.180.1.21:9696/networking/v2.0/security-groups/be304dc6-6a86-4464-af0d-0c9397378145 0.199s
2025-03-06 13:40:12.034 68835 INFO tempest.lib.common.rest_client [req-251d1e30-929e-47da-9a9a-8abc54001ab0 req-251d1e30-929e-47da-9a9a-8abc54001ab0 ] Request (ServerAddressesTestJSON:setUpClass): 200 GET http://10.180.1.21/compute/v2.1/servers/0d96dafa-99d7-4857-a3e4-9aacd1351b11 0.278s
2025-03-06 13:40:12.044 68835 INFO tempest.common.waiters [-] State transition "BUILD/spawning" ==> "ACTIVE/None" after 66 second wait
2025-03-06 13:40:12.062 68841 INFO tempest.lib.common.rest_client [req-b758046f-59a1-4184-a1ba-b9917a67079d req-b758046f-59a1-4184-a1ba-b9917a67079d ] Request (ServersListShow298Test:test_list_show_update_rebuild_server_298): 200 GET http://10.180.1.21/compute/v2.1/servers/72580eab-6d31-402f-b0a5-6eedbc8d62d6 0.190s
2025-03-06 13:40:12.111 68821 INFO tempest.lib.common.rest_client [req-6eceee37-f304-4e7b-9d27-1e8934b09b6e req-6eceee37-f304-4e7b-9d27-1e8934b09b6e ] Request (ServerDiagnosticsV248Test:tearDownClass): 200 GET http://10.180.1.21/compute/v2.1/servers/b5b33559-3d17-4ff8-9aae-0290996f43d2 0.174s
2025-03-06 13:40:12.128 68799 INFO tempest.lib.common.rest_client [req-926f2bab-1d45-439c-9621-b464c3cb2949 req-926f2bab-1d45-439c-9621-b464c3cb2949 ] Request (ServerPasswordTestJSON:tearDownClass): 200 GET http://10.180.1.21/compute/v2.1/servers/c92d50f9-a2dd-4aa4-b3fc-f99c069fcdc7 0.180s
2025-03-06 13:40:12.135 68837 INFO tempest.lib.common.rest_client [req-2e5c38e0-4fde-452e-b3ac-cd63af610f42 req-2e5c38e0-4fde-452e-b3ac-cd63af610f42 ] Request (AttachInterfacesV270Test:tearDownClass): 204 DELETE http://10.180.1.21/identity/v3/projects/0c02703200984254adfbd6a9534969f3 0.128s
2025-03-06 13:40:12.157 68835 INFO tempest.lib.common.rest_client [req-f9e17300-4644-4de9-9b43-5839712a3434 req-f9e17300-4644-4de9-9b43-5839712a3434 ] Request (ServerAddressesTestJSON:test_list_server_addresses): 200 GET http://10.180.1.21/compute/v2.1/servers/0d96dafa-99d7-4857-a3e4-9aacd1351b11/ips 0.112s
2025-03-06 13:40:12.160 68811 INFO tempest.lib.common.rest_client [req-c62c8582-59f2-4850-bf0f-887ebae09730 req-c62c8582-59f2-4850-bf0f-887ebae09730 ] Request (ImagesTestJSON:test_create_image_from_suspended_server): 200 GET http://10.180.1.21/compute/v2.1/servers/90cf41bc-ab5a-4775-8a27-2d5b24d30002 0.156s
2025-03-06 13:40:12.228 68785 INFO tempest.lib.common.rest_client [req-cc216683-a19b-45c0-983c-7466e3341476 req-cc216683-a19b-45c0-983c-7466e3341476 ] Request (ServerShowV254Test:test_rebuild_server): 200 GET http://10.180.1.21/compute/v2.1/servers/313032c0-fbc2-412b-9d9f-18fc97b79c78 0.151s
2025-03-06 13:40:12.240 68837 INFO tempest.lib.common.rest_client [req-1f75cf86-616a-4614-ac30-b77c932d9bd0 req-1f75cf86-616a-4614-ac30-b77c932d9bd0 ] Request (ServerRescueTestJSON:setUpClass): 201 POST http://10.180.1.21/identity/v3/auth/tokens 0.103s
2025-03-06 13:40:12.284 68834 INFO tempest.lib.common.rest_client [req-f6754ec1-a7e7-4a20-8791-5362b5492c9a req-f6754ec1-a7e7-4a20-8791-5362b5492c9a ] Request (ServerShowV257Test:test_rebuild_server): 200 GET http://10.180.1.21/compute/v2.1/servers/54de098c-d0f8-4987-8b42-c964156b16d0 0.126s
2025-03-06 13:40:12.299 68837 INFO tempest.lib.common.rest_client [req-dab99f0b-1c20-4d29-b35d-a2917a4cb381 req-dab99f0b-1c20-4d29-b35d-a2917a4cb381 ] Request (ServerRescueTestJSON:setUpClass): 201 POST http://10.180.1.21/identity/v3/auth/tokens 0.052s
2025-03-06 13:40:12.301 68805 INFO tempest.lib.common.rest_client [req-8cc713bb-7aeb-4279-8f93-ebee20c5f9bd req-8cc713bb-7aeb-4279-8f93-ebee20c5f9bd ] Request (MigrationsAdminTest:test_list_migrations_in_flavor_resize_situation): 200 GET http://10.180.1.21/compute/v2.1/servers/90eb84e2-88bc-468a-987a-cc2e865f6ea8 0.209s
2025-03-06 13:40:12.323 68835 INFO tempest.lib.common.rest_client [req-2e024d71-f08f-4f60-b2a3-a3f15bfa3e3c req-2e024d71-f08f-4f60-b2a3-a3f15bfa3e3c ] Request (ServerAddressesTestJSON:test_list_server_addresses_by_network): 200 GET http://10.180.1.21/compute/v2.1/servers/0d96dafa-99d7-4857-a3e4-9aacd1351b11/ips 0.162s
2025-03-06 13:40:12.336 68837 INFO tempest.lib.common.rest_client [req-34912e15-01c1-4ca3-b7eb-ef40d0af159f req-34912e15-01c1-4ca3-b7eb-ef40d0af159f ] Request (ServerRescueTestJSON:setUpClass): 200 GET http://10.180.1.21/identity/v3/domains?name=Default 0.037s
2025-03-06 13:40:12.362 68807 INFO tempest.lib.common.rest_client [req-4755d513-fdde-4b38-ac27-826c285f1d0d req-4755d513-fdde-4b38-ac27-826c285f1d0d ] Request (ListImageFiltersTestJSON:setUpClass): 200 GET http://10.180.1.21/compute/v2.1/images/38d87134-6476-4f85-b49a-3d40d00e11cf 0.159s
2025-03-06 13:40:12.369 68837 INFO tempest.lib.common.rest_client [req-605789fa-658b-4a39-b4c7-3298bc270396 req-605789fa-658b-4a39-b4c7-3298bc270396 ] Request (ServerRescueTestJSON:setUpClass): 201 POST http://10.180.1.21/identity/v3/projects 0.033s
2025-03-06 13:40:12.375 68817 INFO tempest.lib.common.rest_client [req-3c193c37-5e60-4713-8d10-cf4f8355c294 req-3c193c37-5e60-4713-8d10-cf4f8355c294 ] Request (DeleteServersAdminTestJSON:test_delete_server_while_in_error_state): 200 GET http://10.180.1.21/compute/v2.1/servers/2814b645-4619-4fd7-a27c-04570fff9bb6 0.207s
2025-03-06 13:40:12.391 68847 WARNING tempest.lib.common.ssh [-] Failed to establish authenticated ssh connection to cirros@10.180.180.132 ([Errno None] Unable to connect to port 22 on 10.180.180.132). Number attempts: 10. Retry after 11 seconds.: paramiko.ssh_exception.NoValidConnectionsError: [Errno None] Unable to connect to port 22 on 10.180.180.132
2025-03-06 13:40:12.409 68835 INFO tempest.lib.common.rest_client [req-2ef2662b-8414-4109-9b15-ee1ad925ef07 req-2ef2662b-8414-4109-9b15-ee1ad925ef07 ] Request (ServerAddressesTestJSON:test_list_server_addresses_by_network): 200 GET http://10.180.1.21/compute/v2.1/servers/0d96dafa-99d7-4857-a3e4-9aacd1351b11/ips/tempest-ServerAddressesTestJSON-1368275898-network 0.084s
2025-03-06 13:40:12.462 68837 INFO tempest.lib.common.rest_client [req-61ef4e0a-001d-44f6-9b9e-fad9f7b10547 req-61ef4e0a-001d-44f6-9b9e-fad9f7b10547 ] Request (ServerRescueTestJSON:setUpClass): 201 POST http://10.180.1.21/identity/v3/users 0.092s
2025-03-06 13:40:12.476 68829 INFO tempest.lib.common.rest_client [req-0827d46f-d484-4306-8b0b-52b44f8ffe6e req-0827d46f-d484-4306-8b0b-52b44f8ffe6e ] Request (ImagesOneServerNegativeTestJSON:_run_cleanups): 200 GET http://10.180.1.21/compute/v2.1/servers/d05c7934-49ff-481f-a11f-38c80f0f330e 0.070s
2025-03-06 13:40:12.492 68837 INFO tempest.lib.common.rest_client [req-aa93b19e-55dd-44f8-987c-87b0c8191992 req-aa93b19e-55dd-44f8-987c-87b0c8191992 ] Request (ServerRescueTestJSON:setUpClass): 200 GET http://10.180.1.21/identity/v3/roles 0.030s
2025-03-06 13:40:12.551 68837 INFO tempest.lib.common.rest_client [req-69bc52f3-6ce6-44b1-8077-3c151977b48d req-69bc52f3-6ce6-44b1-8077-3c151977b48d ] Request (ServerRescueTestJSON:setUpClass): 204 PUT http://10.180.1.21/identity/v3/projects/398ba8bba26b4103a6fd98edc1ca519a/users/677fa5cea211484eb3559504b2c4f4c1/roles/87c7adc56fb54788ac42f508abe2ad94 0.056s
2025-03-06 13:40:12.551 68837 INFO tempest.lib.common.dynamic_creds [-] Dynamic test user 677fa5cea211484eb3559504b2c4f4c1 is created with scope project and roles: ['member']
2025-03-06 13:40:12.552 68837 INFO tempest.lib.common.dynamic_creds [-] Acquired dynamic creds: credentials: Credentials: {'domain_id': 'default', 'domain_name': 'Default', 'username': 'tempest-ServerRescueTestJSON-1662353094-project-member', 'project_domain_id': 'default', 'project_domain_name': 'Default', 'project_id': '398ba8bba26b4103a6fd98edc1ca519a', 'project_name': 'tempest-ServerRescueTestJSON-1662353094', 'tenant_id': '398ba8bba26b4103a6fd98edc1ca519a', 'tenant_name': 'tempest-ServerRescueTestJSON-1662353094', 'user_domain_id': 'default', 'user_domain_name': 'Default', 'user_id': '677fa5cea211484eb3559504b2c4f4c1', 'system': None}, Network: None, Subnet: None, Router: None
2025-03-06 13:40:12.572 68835 INFO tempest.lib.common.rest_client [req-e5faaff6-3dad-4caa-ac9e-8724184fb2c2 req-e5faaff6-3dad-4caa-ac9e-8724184fb2c2 ] Request (ServerAddressesTestJSON:tearDownClass): 204 DELETE http://10.180.1.21/compute/v2.1/servers/0d96dafa-99d7-4857-a3e4-9aacd1351b11 0.155s
2025-03-06 13:40:12.574 68831 INFO tempest.lib.common.rest_client [req-36538eb9-0218-44ce-877e-c8c2ee635f4e req-36538eb9-0218-44ce-877e-c8c2ee635f4e ] Request (ServersNegativeTestJSON:setUpClass): 200 GET http://10.180.1.21/compute/v2.1/servers/4fab89f6-3444-420e-b850-b1abf6dec136 0.347s
2025-03-06 13:40:12.583 68831 INFO tempest.common.waiters [-] State transition "BUILD/networking" ==> "BUILD/block_device_mapping" after 64 second wait
2025-03-06 13:40:12.641 68816 INFO tempest.lib.common.rest_client [req-12d7fcd7-44ff-4615-b0b9-e28be1a7245f req-12d7fcd7-44ff-4615-b0b9-e28be1a7245f ] Request (VolumesAssistedSnapshotsTest:test_volume_assisted_snapshot_create_delete): 200 GET http://10.180.1.21/compute/v2.1/servers/0a5feb6e-625d-4b68-a971-e91b3b93a3df 0.076s
2025-03-06 13:40:12.646 68837 INFO tempest.lib.common.rest_client [req-cd780e98-e072-4f59-9220-88575bbab3be req-cd780e98-e072-4f59-9220-88575bbab3be ] Request (ServerRescueTestJSON:setUpClass): 201 POST http://10.180.1.21/identity/v3/auth/tokens 0.094s
2025-03-06 13:40:12.650 68787 INFO tempest.lib.common.rest_client [req-13f5900a-4635-4039-ab82-030c93b870ce req-13f5900a-4635-4039-ab82-030c93b870ce ] Request (ServersAdmin275Test:test_rebuild_update_server_275): 200 GET http://10.180.1.21/compute/v2.1/servers/688dee16-e202-4ff5-9693-a8a79cb3b5e7 0.133s
2025-03-06 13:40:12.731 68813 INFO tempest.lib.common.rest_client [req-c77e0889-4d42-4e75-9b31-9221adb57e5c req-c77e0889-4d42-4e75-9b31-9221adb57e5c ] Request (ServerRescueTestJSONUnderV235:setUpClass): 200 GET http://10.180.1.21/compute/v2.1/servers/38281f32-3fce-40dd-83f1-56c133ea71ac 0.089s
2025-03-06 13:40:12.770 68835 INFO tempest.lib.common.rest_client [req-bd205981-9b6b-485b-844b-12d0e9690f5b req-bd205981-9b6b-485b-844b-12d0e9690f5b ] Request (ServerAddressesTestJSON:tearDownClass): 200 GET http://10.180.1.21/compute/v2.1/servers/0d96dafa-99d7-4857-a3e4-9aacd1351b11 0.197s
2025-03-06 13:40:12.791 68795 INFO tempest.lib.common.rest_client [req-9bd81fee-ff1c-43c2-8767-3b9fffafd289 req-9bd81fee-ff1c-43c2-8767-3b9fffafd289 ] Request (ServersAdminNegativeTestJSON:setUpClass): 200 GET http://10.180.1.21/compute/v2.1/servers/bec5dfde-6eac-4888-825e-75c705beab97 0.060s
2025-03-06 13:40:12.876 68791 INFO tempest.lib.common.rest_client [req-b73fc07d-a7a1-42e1-9c49-0638b190b587 req-b73fc07d-a7a1-42e1-9c49-0638b190b587 ] Request (ServersTestJSON:test_create_server_specify_multibyte_character_name): 200 GET http://10.180.1.21/compute/v2.1/servers/5241821c-6db7-482c-b466-9f15b8ad21e7 0.063s
2025-03-06 13:40:12.892 68845 INFO tempest.lib.common.rest_client [req-f5a045f0-b716-4700-a80f-d5198608e8bc req-f5a045f0-b716-4700-a80f-d5198608e8bc ] Request (MultipleCreateTestJSON:_run_cleanups): 200 GET http://10.180.1.21/compute/v2.1/servers/b2072172-2245-4f50-a9bc-dc3c1beda121 0.065s
2025-03-06 13:40:12.901 68797 INFO tempest.lib.common.rest_client [req-3210d3eb-61bf-46a5-a9e6-c56d41616f62 req-3210d3eb-61bf-46a5-a9e6-c56d41616f62 ] Request (ServersTestBootFromVolume:setUpClass): 200 GET http://10.180.1.21/volume/v3/volumes/2fa7227a-5c88-49f5-ad01-28a48d1b2d1e 0.037s
2025-03-06 13:40:12.942 68819 INFO tempest.lib.common.rest_client [req-7cdc1f2e-3b99-49ec-9c62-fb4abd316d6c req-7cdc1f2e-3b99-49ec-9c62-fb4abd316d6c ] Request (DeleteServersTestJSON:test_delete_active_server): 200 GET http://10.180.1.21/compute/v2.1/servers/c250fc4c-0d96-4a4a-9a90-8416efe09fdc 0.060s
2025-03-06 13:40:12.947 68837 INFO tempest.lib.common.rest_client [req-1146de55-a1e1-4799-9133-9ee6412e4bc1 req-1146de55-a1e1-4799-9133-9ee6412e4bc1 ] Request (ServerRescueTestJSON:setUpClass): 201 POST http://10.180.1.21:9696/networking/v2.0/networks 0.301s
2025-03-06 13:40:12.956 68793 INFO tempest.lib.common.rest_client [req-2e98039f-3b87-4648-8603-ea35f220c840 req-2e98039f-3b87-4648-8603-ea35f220c840 ] Request (ServersTestMultiNic:test_verify_duplicate_network_nics): 200 GET http://10.180.1.21/compute/v2.1/servers/5a62f3f8-6085-4b83-97de-363b63d6da97 0.053s
2025-03-06 13:40:13.045 68823 INFO tempest.lib.common.rest_client [req-e323b6f2-9c8a-4dca-b297-3bdf5397a148 req-e323b6f2-9c8a-4dca-b297-3bdf5397a148 ] Request (ServerActionsV293TestJSON:setUpClass): 200 GET http://10.180.1.21/compute/v2.1/servers/5ab3f5ce-de47-4c01-9271-2b5416066d7f 0.060s
2025-03-06 13:40:13.135 68837 INFO tempest.lib.common.rest_client [req-247f72ae-b2a0-4c2d-b6d6-29ff2bb753ce req-247f72ae-b2a0-4c2d-b6d6-29ff2bb753ce ] Request (ServerRescueTestJSON:setUpClass): 201 POST http://10.180.1.21:9696/networking/v2.0/subnets 0.187s
2025-03-06 13:40:13.175 68841 INFO tempest.lib.common.rest_client [req-99451193-310f-4183-8adb-ccfc12b4ff0e req-99451193-310f-4183-8adb-ccfc12b4ff0e ] Request (ServersListShow298Test:test_list_show_update_rebuild_server_298): 200 GET http://10.180.1.21/compute/v2.1/servers/72580eab-6d31-402f-b0a5-6eedbc8d62d6 0.094s
2025-03-06 13:40:13.224 68821 INFO tempest.lib.common.rest_client [req-046958f7-ea2b-4734-960f-a25999243014 req-046958f7-ea2b-4734-960f-a25999243014 ] Request (ServerDiagnosticsV248Test:tearDownClass): 200 GET http://10.180.1.21/compute/v2.1/servers/b5b33559-3d17-4ff8-9aae-0290996f43d2 0.098s
2025-03-06 13:40:13.259 68799 INFO tempest.lib.common.rest_client [req-d7e97820-7fa4-452b-b1e5-286be60518fe req-d7e97820-7fa4-452b-b1e5-286be60518fe ] Request (ServerPasswordTestJSON:tearDownClass): 200 GET http://10.180.1.21/compute/v2.1/servers/c92d50f9-a2dd-4aa4-b3fc-f99c069fcdc7 0.123s
2025-03-06 13:40:13.276 68811 INFO tempest.lib.common.rest_client [req-7b6e5388-d358-4dd1-9b15-a21901ad106c req-7b6e5388-d358-4dd1-9b15-a21901ad106c ] Request (ImagesTestJSON:test_create_image_from_suspended_server): 200 GET http://10.180.1.21/compute/v2.1/servers/90cf41bc-ab5a-4775-8a27-2d5b24d30002 0.097s
2025-03-06 13:40:13.312 68785 INFO tempest.lib.common.rest_client [req-6232fccc-166d-4767-b669-3db93d2dfb9a req-6232fccc-166d-4767-b669-3db93d2dfb9a ] Request (ServerShowV254Test:test_rebuild_server): 200 GET http://10.180.1.21/compute/v2.1/servers/313032c0-fbc2-412b-9d9f-18fc97b79c78 0.072s
2025-03-06 13:40:13.370 68834 INFO tempest.lib.common.rest_client [req-17e23360-f390-48c5-81cf-d3ebcf795dd3 req-17e23360-f390-48c5-81cf-d3ebcf795dd3 ] Request (ServerShowV257Test:test_rebuild_server): 200 GET http://10.180.1.21/compute/v2.1/servers/54de098c-d0f8-4987-8b42-c964156b16d0 0.073s
2025-03-06 13:40:13.398 68807 INFO tempest.lib.common.rest_client [req-d2c77e07-01d1-4c69-b0ff-61ac9db2b48d req-d2c77e07-01d1-4c69-b0ff-61ac9db2b48d ] Request (ListImageFiltersTestJSON:setUpClass): 200 GET http://10.180.1.21/compute/v2.1/images/38d87134-6476-4f85-b49a-3d40d00e11cf 0.032s
2025-03-06 13:40:13.471 68805 INFO tempest.lib.common.rest_client [req-db4118b9-dfd4-482c-9e38-97fb5057b378 req-db4118b9-dfd4-482c-9e38-97fb5057b378 ] Request (MigrationsAdminTest:test_list_migrations_in_flavor_resize_situation): 200 GET http://10.180.1.21/compute/v2.1/servers/90eb84e2-88bc-468a-987a-cc2e865f6ea8 0.161s
2025-03-06 13:40:13.474 68817 INFO tempest.lib.common.rest_client [req-8e9d56d2-7f19-497c-b90b-8ee97d4bb9d1 req-8e9d56d2-7f19-497c-b90b-8ee97d4bb9d1 ] Request (DeleteServersAdminTestJSON:test_delete_server_while_in_error_state): 200 GET http://10.180.1.21/compute/v2.1/servers/2814b645-4619-4fd7-a27c-04570fff9bb6 0.089s
2025-03-06 13:40:13.541 68829 INFO tempest.lib.common.rest_client [req-65b2f9c4-7213-4332-a471-74a267406764 req-65b2f9c4-7213-4332-a471-74a267406764 ] Request (ImagesOneServerNegativeTestJSON:_run_cleanups): 200 GET http://10.180.1.21/compute/v2.1/servers/d05c7934-49ff-481f-a11f-38c80f0f330e 0.055s
2025-03-06 13:40:13.732 68816 INFO tempest.lib.common.rest_client [req-ab0b30e8-af67-46e5-93cb-f8c1829c83e2 req-ab0b30e8-af67-46e5-93cb-f8c1829c83e2 ] Request (VolumesAssistedSnapshotsTest:test_volume_assisted_snapshot_create_delete): 200 GET http://10.180.1.21/compute/v2.1/servers/0a5feb6e-625d-4b68-a971-e91b3b93a3df 0.078s
2025-03-06 13:40:13.736 68831 INFO tempest.lib.common.rest_client [req-98624ba3-7f94-48a1-a317-80127cbab9a2 req-98624ba3-7f94-48a1-a317-80127cbab9a2 ] Request (ServersNegativeTestJSON:setUpClass): 200 GET http://10.180.1.21/compute/v2.1/servers/4fab89f6-3444-420e-b850-b1abf6dec136 0.152s
2025-03-06 13:40:13.749 68831 INFO tempest.common.waiters [-] State transition "BUILD/block_device_mapping" ==> "BUILD/spawning" after 65 second wait
2025-03-06 13:40:13.842 68787 INFO tempest.lib.common.rest_client [req-224fdc8f-dbf6-45c4-ac7d-ecfb9f92c88b req-224fdc8f-dbf6-45c4-ac7d-ecfb9f92c88b ] Request (ServersAdmin275Test:test_rebuild_update_server_275): 200 GET http://10.180.1.21/compute/v2.1/servers/688dee16-e202-4ff5-9693-a8a79cb3b5e7 0.181s
2025-03-06 13:40:13.845 68813 INFO tempest.lib.common.rest_client [req-55973ddf-eb0e-46a5-8ad6-808d4b30548c req-55973ddf-eb0e-46a5-8ad6-808d4b30548c ] Request (ServerRescueTestJSONUnderV235:setUpClass): 200 GET http://10.180.1.21/compute/v2.1/servers/38281f32-3fce-40dd-83f1-56c133ea71ac 0.106s
2025-03-06 13:40:13.860 68813 INFO tempest.common.waiters [-] State transition "BUILD/scheduling" ==> "BUILD/None" after 22 second wait
2025-03-06 13:40:13.928 68795 INFO tempest.lib.common.rest_client [req-6917dcd0-14d4-451e-99d5-566e422729da req-6917dcd0-14d4-451e-99d5-566e422729da ] Request (ServersAdminNegativeTestJSON:setUpClass): 200 GET http://10.180.1.21/compute/v2.1/servers/bec5dfde-6eac-4888-825e-75c705beab97 0.129s
2025-03-06 13:40:13.957 68797 INFO tempest.lib.common.rest_client [req-1e30eddb-253e-4044-b268-85da930a936e req-1e30eddb-253e-4044-b268-85da930a936e ] Request (ServersTestBootFromVolume:setUpClass): 200 GET http://10.180.1.21/volume/v3/volumes/2fa7227a-5c88-49f5-ad01-28a48d1b2d1e 0.039s
2025-03-06 13:40:13.985 68791 INFO tempest.lib.common.rest_client [req-be8c4ff2-47d2-497d-8da7-74a46cd98040 req-be8c4ff2-47d2-497d-8da7-74a46cd98040 ] Request (ServersTestJSON:test_create_server_specify_multibyte_character_name): 200 GET http://10.180.1.21/compute/v2.1/servers/5241821c-6db7-482c-b466-9f15b8ad21e7 0.101s
2025-03-06 13:40:14.054 68839 WARNING tempest.lib.common.ssh [-] Failed to establish authenticated ssh connection to cirros@10.180.180.164 ([Errno None] Unable to connect to port 22 on 10.180.180.164). Number attempts: 9. Retry after 10 seconds.: paramiko.ssh_exception.NoValidConnectionsError: [Errno None] Unable to connect to port 22 on 10.180.180.164
2025-03-06 13:40:14.057 68845 INFO tempest.lib.common.rest_client [req-e5fd6c63-99fa-415f-8517-a7d9bdec1b98 req-e5fd6c63-99fa-415f-8517-a7d9bdec1b98 ] Request (MultipleCreateTestJSON:_run_cleanups): 200 GET http://10.180.1.21/compute/v2.1/servers/b2072172-2245-4f50-a9bc-dc3c1beda121 0.154s
2025-03-06 13:40:14.066 68845 INFO tempest.common.waiters [-] State transition "ACTIVE/deleting" ==> "DELETED/None" after 5 second wait
2025-03-06 13:40:14.072 68835 INFO tempest.lib.common.rest_client [req-4c2e95e9-0f19-41db-a5fe-a410b23563be req-4c2e95e9-0f19-41db-a5fe-a410b23563be ] Request (ServerAddressesTestJSON:tearDownClass): 200 GET http://10.180.1.21/compute/v2.1/servers/0d96dafa-99d7-4857-a3e4-9aacd1351b11 0.294s
2025-03-06 13:40:14.113 68819 INFO tempest.lib.common.rest_client [req-2f4c53da-3c9b-492e-96ed-873ef59ee215 req-2f4c53da-3c9b-492e-96ed-873ef59ee215 ] Request (DeleteServersTestJSON:test_delete_active_server): 200 GET http://10.180.1.21/compute/v2.1/servers/c250fc4c-0d96-4a4a-9a90-8416efe09fdc 0.162s
2025-03-06 13:40:14.131 68793 INFO tempest.lib.common.rest_client [req-b6930710-e199-4e00-879b-a60b811d4206 req-b6930710-e199-4e00-879b-a60b811d4206 ] Request (ServersTestMultiNic:test_verify_duplicate_network_nics): 200 GET http://10.180.1.21/compute/v2.1/servers/5a62f3f8-6085-4b83-97de-363b63d6da97 0.167s
2025-03-06 13:40:14.171 68823 INFO tempest.lib.common.rest_client [req-0cdf093b-efa3-4f0c-a79e-9ae868be929d req-0cdf093b-efa3-4f0c-a79e-9ae868be929d ] Request (ServerActionsV293TestJSON:setUpClass): 200 GET http://10.180.1.21/compute/v2.1/servers/5ab3f5ce-de47-4c01-9271-2b5416066d7f 0.116s
2025-03-06 13:40:14.197 68837 INFO tempest.lib.common.rest_client [req-204e6ef1-af28-4f04-af44-fc37ca6c3d74 req-204e6ef1-af28-4f04-af44-fc37ca6c3d74 ] Request (ServerRescueTestJSON:setUpClass): 201 POST http://10.180.1.21:9696/networking/v2.0/routers 1.062s
2025-03-06 13:40:14.261 68841 INFO tempest.lib.common.rest_client [req-f2ccf45e-84a7-4617-9084-401f5c973750 req-f2ccf45e-84a7-4617-9084-401f5c973750 ] Request (ServersListShow298Test:test_list_show_update_rebuild_server_298): 200 GET http://10.180.1.21/compute/v2.1/servers/72580eab-6d31-402f-b0a5-6eedbc8d62d6 0.074s
2025-03-06 13:40:14.326 68821 INFO tempest.lib.common.rest_client [req-3248ddcc-866a-4709-8587-050c6c6a749b req-3248ddcc-866a-4709-8587-050c6c6a749b ] Request (ServerDiagnosticsV248Test:tearDownClass): 200 GET http://10.180.1.21/compute/v2.1/servers/b5b33559-3d17-4ff8-9aae-0290996f43d2 0.094s
2025-03-06 13:40:14.588 68799 INFO tempest.lib.common.rest_client [req-289a0e13-4e19-48b7-83d2-83d6188394e3 req-289a0e13-4e19-48b7-83d2-83d6188394e3 ] Request (ServerPasswordTestJSON:tearDownClass): 200 GET http://10.180.1.21/compute/v2.1/servers/c92d50f9-a2dd-4aa4-b3fc-f99c069fcdc7 0.322s
2025-03-06 13:40:14.592 68811 INFO tempest.lib.common.rest_client [req-117fb784-07bb-4a66-bda4-9379a9579d57 req-117fb784-07bb-4a66-bda4-9379a9579d57 ] Request (ImagesTestJSON:test_create_image_from_suspended_server): 200 GET http://10.180.1.21/compute/v2.1/servers/90cf41bc-ab5a-4775-8a27-2d5b24d30002 0.308s
2025-03-06 13:40:14.672 68834 INFO tempest.lib.common.rest_client [req-874ecba5-5e64-4d43-af02-b203a7127e59 req-874ecba5-5e64-4d43-af02-b203a7127e59 ] Request (ServerShowV257Test:test_rebuild_server): 200 GET http://10.180.1.21/compute/v2.1/servers/54de098c-d0f8-4987-8b42-c964156b16d0 0.291s
2025-03-06 13:40:14.677 68785 INFO tempest.lib.common.rest_client [req-c1480107-6558-4921-85de-2f6f98b56bce req-c1480107-6558-4921-85de-2f6f98b56bce ] Request (ServerShowV254Test:test_rebuild_server): 200 GET http://10.180.1.21/compute/v2.1/servers/313032c0-fbc2-412b-9d9f-18fc97b79c78 0.353s
2025-03-06 13:40:14.719 68807 INFO tempest.lib.common.rest_client [req-21d526a4-d9d8-4dda-b469-03ae8b0a8186 req-21d526a4-d9d8-4dda-b469-03ae8b0a8186 ] Request (ListImageFiltersTestJSON:setUpClass): 200 GET http://10.180.1.21/compute/v2.1/images/38d87134-6476-4f85-b49a-3d40d00e11cf 0.317s
2025-03-06 13:40:14.754 68817 INFO tempest.lib.common.rest_client [req-cb7a73b7-b753-4ba2-9e13-85f91cede329 req-cb7a73b7-b753-4ba2-9e13-85f91cede329 ] Request (DeleteServersAdminTestJSON:test_delete_server_while_in_error_state): 200 GET http://10.180.1.21/compute/v2.1/servers/2814b645-4619-4fd7-a27c-04570fff9bb6 0.272s
2025-03-06 13:40:14.834 68829 INFO tempest.lib.common.rest_client [req-6ec60634-f833-4fb5-ad09-e74a456c2444 req-6ec60634-f833-4fb5-ad09-e74a456c2444 ] Request (ImagesOneServerNegativeTestJSON:_run_cleanups): 200 GET http://10.180.1.21/compute/v2.1/servers/d05c7934-49ff-481f-a11f-38c80f0f330e 0.280s
2025-03-06 13:40:14.904 68816 INFO tempest.lib.common.rest_client [req-db7255fe-a531-4e8c-9aa1-c723310a89d8 req-db7255fe-a531-4e8c-9aa1-c723310a89d8 ] Request (VolumesAssistedSnapshotsTest:test_volume_assisted_snapshot_create_delete): 200 GET http://10.180.1.21/compute/v2.1/servers/0a5feb6e-625d-4b68-a971-e91b3b93a3df 0.161s
2025-03-06 13:40:14.930 68805 INFO tempest.lib.common.rest_client [req-d9774a30-ede8-486f-b9f2-061511013bf8 req-d9774a30-ede8-486f-b9f2-061511013bf8 ] Request (MigrationsAdminTest:test_list_migrations_in_flavor_resize_situation): 200 GET http://10.180.1.21/compute/v2.1/servers/90eb84e2-88bc-468a-987a-cc2e865f6ea8 0.445s
2025-03-06 13:40:14.990 68787 INFO tempest.lib.common.rest_client [req-98e04fd8-c7f7-45f3-84c9-8441e5ced8b0 req-98e04fd8-c7f7-45f3-84c9-8441e5ced8b0 ] Request (ServersAdmin275Test:test_rebuild_update_server_275): 200 GET http://10.180.1.21/compute/v2.1/servers/688dee16-e202-4ff5-9693-a8a79cb3b5e7 0.135s
2025-03-06 13:40:15.006 68787 INFO tempest.common.waiters [-] State transition "BUILD/None" ==> "BUILD/block_device_mapping" after 64 second wait
2025-03-06 13:40:15.012 68797 INFO tempest.lib.common.rest_client [req-510a5558-e9e9-424b-9719-b785e9b5a140 req-510a5558-e9e9-424b-9719-b785e9b5a140 ] Request (ServersTestBootFromVolume:setUpClass): 200 GET http://10.180.1.21/volume/v3/volumes/2fa7227a-5c88-49f5-ad01-28a48d1b2d1e 0.045s
2025-03-06 13:40:15.039 68831 INFO tempest.lib.common.rest_client [req-e1dad86e-5c7b-4ac3-af7e-b99148ad8b53 req-e1dad86e-5c7b-4ac3-af7e-b99148ad8b53 ] Request (ServersNegativeTestJSON:setUpClass): 200 GET http://10.180.1.21/compute/v2.1/servers/4fab89f6-3444-420e-b850-b1abf6dec136 0.288s
2025-03-06 13:40:15.048 68813 INFO tempest.lib.common.rest_client [req-e1f8c43e-5f79-4759-b575-1aecf7f295fa req-e1f8c43e-5f79-4759-b575-1aecf7f295fa ] Request (ServerRescueTestJSONUnderV235:setUpClass): 200 GET http://10.180.1.21/compute/v2.1/servers/38281f32-3fce-40dd-83f1-56c133ea71ac 0.187s
2025-03-06 13:40:15.104 68795 INFO tempest.lib.common.rest_client [req-cf2c82e9-1df4-4573-9ab9-b68526ac75d0 req-cf2c82e9-1df4-4573-9ab9-b68526ac75d0 ] Request (ServersAdminNegativeTestJSON:setUpClass): 200 GET http://10.180.1.21/compute/v2.1/servers/bec5dfde-6eac-4888-825e-75c705beab97 0.165s
2025-03-06 13:40:15.107 68791 INFO tempest.lib.common.rest_client [req-f86cff13-1ed3-4f61-a358-ae082ab75c6d req-f86cff13-1ed3-4f61-a358-ae082ab75c6d ] Request (ServersTestJSON:test_create_server_specify_multibyte_character_name): 200 GET http://10.180.1.21/compute/v2.1/servers/5241821c-6db7-482c-b466-9f15b8ad21e7 0.112s
2025-03-06 13:40:15.177 68845 INFO tempest.lib.common.rest_client [req-186857e3-0278-4a6d-98b1-22134a91b99e req-186857e3-0278-4a6d-98b1-22134a91b99e ] Request (MultipleCreateTestJSON:_run_cleanups): 200 GET http://10.180.1.21/compute/v2.1/servers/b2072172-2245-4f50-a9bc-dc3c1beda121 0.110s
2025-03-06 13:40:15.241 68819 INFO tempest.lib.common.rest_client [req-a1107d12-6511-421d-a662-a631083fd972 req-a1107d12-6511-421d-a662-a631083fd972 ] Request (DeleteServersTestJSON:test_delete_active_server): 200 GET http://10.180.1.21/compute/v2.1/servers/c250fc4c-0d96-4a4a-9a90-8416efe09fdc 0.120s
2025-03-06 13:40:15.248 68835 INFO tempest.lib.common.rest_client [req-0ee83221-8780-46eb-ac87-819702d60226 req-0ee83221-8780-46eb-ac87-819702d60226 ] Request (ServerAddressesTestJSON:tearDownClass): 200 GET http://10.180.1.21/compute/v2.1/servers/0d96dafa-99d7-4857-a3e4-9aacd1351b11 0.168s
2025-03-06 13:40:15.271 68825 WARNING tempest.lib.common.ssh [-] Failed to establish authenticated ssh connection to cirros@10.180.180.248 ([Errno None] Unable to connect to port 22 on 10.180.180.248). Number attempts: 9. Retry after 10 seconds.: paramiko.ssh_exception.NoValidConnectionsError: [Errno None] Unable to connect to port 22 on 10.180.180.248
2025-03-06 13:40:15.311 68793 INFO tempest.lib.common.rest_client [req-80a95b8b-c4ee-4508-9211-7e4ab770f067 req-80a95b8b-c4ee-4508-9211-7e4ab770f067 ] Request (ServersTestMultiNic:test_verify_duplicate_network_nics): 200 GET http://10.180.1.21/compute/v2.1/servers/5a62f3f8-6085-4b83-97de-363b63d6da97 0.171s
2025-03-06 13:40:15.321 68823 INFO tempest.lib.common.rest_client [req-d48b82d2-cc49-4fa5-9999-0d4fa437b69b req-d48b82d2-cc49-4fa5-9999-0d4fa437b69b ] Request (ServerActionsV293TestJSON:setUpClass): 200 GET http://10.180.1.21/compute/v2.1/servers/5ab3f5ce-de47-4c01-9271-2b5416066d7f 0.135s
