2025-03-06 13:38:33.775 68847 INFO tempest.lib.common.rest_client [req-c684e9ad-15dd-4b45-a6e2-be60f85ca37a req-c684e9ad-15dd-4b45-a6e2-be60f85ca37a ] Request (ServerActionsTestOtherA:setUpClass): 200 GET http://10.180.1.21/compute/v2.1/servers/9bea5d78-3afa-4e77-bd26-1cd2694c536c 2.842s
2025-03-06 13:38:33.791 68811 INFO tempest.lib.common.rest_client [req-2ca34549-86b3-4e6c-94c0-a72140c7b678 req-2ca34549-86b3-4e6c-94c0-a72140c7b678 ] Request (ServerDiagnosticsTest:tearDownClass): 404 GET http://10.180.1.21/compute/v2.1/servers/2bd09461-a3e1-475b-9cad-4bfc8f94cad7 2.638s
2025-03-06 13:38:33.901 68835 INFO tempest.lib.common.rest_client [req-45f8e85f-2a61-4a65-9c0e-b4971d947011 req-45f8e85f-2a61-4a65-9c0e-b4971d947011 ] Request (InstanceActionsV221TestJSON:test_get_list_deleted_instance_actions): 204 DELETE http://10.180.1.21/compute/v2.1/servers/ecbacec4-4081-4d65-8a35-43657006e5d0 2.575s
2025-03-06 13:38:33.949 68811 INFO tempest.lib.common.rest_client [req-fe5f9350-1244-4bc8-9d79-80d8b14470dc req-fe5f9350-1244-4bc8-9d79-80d8b14470dc ] Request (ServerDiagnosticsTest:tearDownClass): 204 DELETE http://10.180.1.21/identity/v3/users/7c6331138ce24e59bba8bafd40ce302c 0.158s
2025-03-06 13:38:34.011 68791 INFO tempest.lib.common.rest_client [req-d0a28c74-ca36-48d5-9704-6d8ff92be9b0 req-d0a28c74-ca36-48d5-9704-6d8ff92be9b0 ] Request (ServerMetadataTestJSON:setUpClass): 201 POST http://10.180.1.21:9696/networking/v2.0/networks 1.093s
2025-03-06 13:38:34.077 68811 INFO tempest.lib.common.rest_client [req-d40d7375-48a8-42eb-85aa-f6f68d3cc1cb req-d40d7375-48a8-42eb-85aa-f6f68d3cc1cb ] Request (ServerDiagnosticsTest:tearDownClass): 204 DELETE http://10.180.1.21/identity/v3/users/1c7f35965daf4be89c9302c6c02de116 0.127s
2025-03-06 13:38:34.078 68811 INFO tempest.lib.common.dynamic_creds [-] Deleting project and security group for project: 33e1357dd8e8464484756d9328c9d764
2025-03-06 13:38:34.167 68811 INFO tempest.lib.common.rest_client [req-d36f14e6-93e1-46a2-a47e-798b48c567dc req-d36f14e6-93e1-46a2-a47e-798b48c567dc ] Request (ServerDiagnosticsTest:tearDownClass): 201 POST http://10.180.1.21/identity/v3/auth/tokens 0.088s
2025-03-06 13:38:34.442 68834 INFO tempest.lib.common.rest_client [req-ec29acca-22f4-4a17-b894-984d04a3538a req-ec29acca-22f4-4a17-b894-984d04a3538a ] Request (FloatingIPsAssociationNegativeTestJSON:test_associate_ip_to_server_with_floating_ip): 400 POST http://10.180.1.21/compute/v2.1/servers/55d4ba36-62da-40a8-84f2-1115aca471c9/action 3.047s
2025-03-06 13:38:34.464 68793 INFO tempest.lib.common.rest_client [req-3916ed8a-a814-4730-ad72-b1ac07af3f87 req-3916ed8a-a814-4730-ad72-b1ac07af3f87 ] Request (FlavorsAdminTestJSON:test_create_list_flavor_without_extra_data): 200 GET http://10.180.1.21/compute/v2.1/flavors/1434114544 3.045s
2025-03-06 13:38:34.485 68821 INFO tempest.lib.common.rest_client [req-0fed5400-f598-4c46-bc55-a0957ff9193a req-0fed5400-f598-4c46-bc55-a0957ff9193a ] Request (QuotasAdminTestJSON:test_delete_quota): 202 DELETE http://10.180.1.21/compute/v2.1/os-quota-sets/1b9c1b45e4b04f2888d921af2af0b206 2.941s
2025-03-06 13:38:34.486 68801 INFO tempest.lib.common.rest_client [req-7427c828-6bd0-4e61-bc72-bd5d7564ebe1 req-7427c828-6bd0-4e61-bc72-bd5d7564ebe1 ] Request (ValidationResourcesFixture:setUp): 201 POST http://10.180.1.21:9696/networking/v2.0/floatingips 1.366s
2025-03-06 13:38:34.525 68827 INFO tempest.lib.common.rest_client [req-2f7ed19d-4fa8-41e5-a98a-bf74f32f3e5d req-2f7ed19d-4fa8-41e5-a98a-bf74f32f3e5d ] Request (KeyPairsNegativeTestJSON:test_create_keypair_with_empty_public_key): 400 POST http://10.180.1.21/compute/v2.1/os-keypairs 2.938s
2025-03-06 13:38:34.569 68801 INFO tempest.lib.common.rest_client [req-615ae6cf-0d44-4b3b-b657-88b51064bfe9 req-615ae6cf-0d44-4b3b-b657-88b51064bfe9 ] Request (AttachInterfacesUnderV243Test:test_add_remove_fixed_ip): 201 POST http://10.180.1.21/identity/v3/auth/tokens 0.080s
2025-03-06 13:38:34.570 68801 INFO tempest.lib.common.fixed_network [-] (AttachInterfacesUnderV243Test:test_add_remove_fixed_ip) Found network {'id': 'bd1dec79-3b33-4a6f-8a11-c4a4683246a5', 'name': 'tempest-AttachInterfacesUnderV243Test-2017566685-network', 'tenant_id': 'ae769899435e420298d60bf51e8cff33', 'admin_state_up': True, 'mtu': 8950, 'status': 'ACTIVE', 'subnets': [], 'shared': False, 'project_id': 'ae769899435e420298d60bf51e8cff33', 'port_security_enabled': True, 'router:external': False, 'provider:network_type': 'vlan', 'provider:physical_network': 'default', 'provider:segmentation_id': 335, 'availability_zone_hints': [], 'availability_zones': [], 'ipv4_address_scope': None, 'ipv6_address_scope': None, 'description': '', 'tags': [], 'created_at': '2025-03-06T13:38:21Z', 'updated_at': '2025-03-06T13:38:21Z', 'revision_number': 1} available for tenant
2025-03-06 13:38:34.585 68811 INFO tempest.lib.common.rest_client [req-194620c1-31ba-47f2-9f76-cc32ed51609b req-194620c1-31ba-47f2-9f76-cc32ed51609b ] Request (ServerDiagnosticsTest:tearDownClass): 200 GET http://10.180.1.21:9696/networking/v2.0/security-groups?tenant_id=33e1357dd8e8464484756d9328c9d764&name=default 0.417s
2025-03-06 13:38:34.693 68825 INFO tempest.lib.common.rest_client [req-138755ba-9535-4ba2-95f0-6e5d9eed6372 req-138755ba-9535-4ba2-95f0-6e5d9eed6372 ] Request (VolumesAdminNegativeTest:test_update_attached_volume_with_nonexistent_volume_in_body): 202 POST http://10.180.1.21/compute/v2.1/servers 3.349s
2025-03-06 13:38:34.719 68791 INFO tempest.lib.common.rest_client [req-1ab8ec8c-5b0d-46c0-8219-c41264c6f542 req-1ab8ec8c-5b0d-46c0-8219-c41264c6f542 ] Request (ServerMetadataTestJSON:setUpClass): 201 POST http://10.180.1.21:9696/networking/v2.0/subnets 0.708s
2025-03-06 13:38:34.900 68831 INFO tempest.lib.common.rest_client [req-4bd6abd0-2185-4554-9826-f67ebef4d66b req-4bd6abd0-2185-4554-9826-f67ebef4d66b ] Request (ServersNegativeTestJSON:setUpClass): 200 PUT http://10.180.1.21:9696/networking/v2.0/routers/ac6a9b6a-d216-43bc-ad9b-5c5c7d96d26d/add_router_interface 2.876s
2025-03-06 13:38:34.901 68831 INFO tempest.lib.common.dynamic_creds [-] Created isolated network resources for: credentials: Credentials: {'domain_id': 'default', 'domain_name': 'Default', 'username': 'tempest-ServersNegativeTestJSON-629383998-project-member', 'project_domain_id': 'default', 'project_domain_name': 'Default', 'project_id': '6b4e902fae6448fa8ede1dfc87c5319b', 'project_name': 'tempest-ServersNegativeTestJSON-629383998', 'tenant_id': '6b4e902fae6448fa8ede1dfc87c5319b', 'tenant_name': 'tempest-ServersNegativeTestJSON-629383998', 'user_domain_id': 'default', 'user_domain_name': 'Default', 'user_id': '96d414a7ec724c6394d4ad24efbece54', 'system': None}, Network: {'id': 'e5082e7e-8827-4d13-b63a-56b4b6784899', 'name': 'tempest-ServersNegativeTestJSON-951464023-network', 'tenant_id': '6b4e902fae6448fa8ede1dfc87c5319b', 'admin_state_up': True, 'mtu': 8950, 'status': 'ACTIVE', 'subnets': [], 'shared': False, 'project_id': '6b4e902fae6448fa8ede1dfc87c5319b', 'port_security_enabled': True, 'router:external': False, 'provider:network_type': 'vlan', 'provider:physical_network': 'default', 'provider:segmentation_id': 640, 'availability_zone_hints': [], 'availability_zones': [], 'ipv4_address_scope': None, 'ipv6_address_scope': None, 'description': '', 'tags': [], 'created_at': '2025-03-06T13:38:27Z', 'updated_at': '2025-03-06T13:38:28Z', 'revision_number': 1}, Subnet: {'id': '273c0ad0-9683-4bc3-8d2d-fb949d3cfa65', 'name': 'tempest-ServersNegativeTestJSON-951464023-subnet', 'tenant_id': '6b4e902fae6448fa8ede1dfc87c5319b', 'network_id': 'e5082e7e-8827-4d13-b63a-56b4b6784899', 'ip_version': 4, 'subnetpool_id': None, 'enable_dhcp': True, 'ipv6_ra_mode': None, 'ipv6_address_mode': None, 'gateway_ip': '192.168.128.1', 'cidr': '192.168.128.0/28', 'allocation_pools': [{'start': '192.168.128.2', 'end': '192.168.128.14'}], 'host_routes': [], 'dns_nameservers': [], 'description': '', 'router:external': False, 'service_types': [], 'tags': [], 'created_at': '2025-03-06T13:38:28Z', 'updated_at': '2025-03-06T13:38:28Z', 'revision_number': 0, 'project_id': '6b4e902fae6448fa8ede1dfc87c5319b'}, Router: {'id': 'ac6a9b6a-d216-43bc-ad9b-5c5c7d96d26d', 'name': 'tempest-ServersNegativeTestJSON-951464023-router', 'tenant_id': '6b4e902fae6448fa8ede1dfc87c5319b', 'admin_state_up': True, 'status': 'ACTIVE', 'external_gateway_info': {'network_id': 'b348fa9c-ad79-4c8d-8536-f137d504d403', 'external_fixed_ips': [{'subnet_id': '57994a6d-cd89-4ecb-bf94-01451f6eb1b3', 'ip_address': '10.180.180.170'}], 'enable_snat': True}, 'description': '', 'availability_zones': [], 'distributed': False, 'ha': False, 'availability_zone_hints': [], 'routes': [], 'flavor_id': None, 'tags': [], 'created_at': '2025-03-06T13:38:29Z', 'updated_at': '2025-03-06T13:38:30Z', 'revision_number': 2, 'project_id': '6b4e902fae6448fa8ede1dfc87c5319b'}
2025-03-06 13:38:34.956 68811 INFO tempest.lib.common.rest_client [req-652c20ec-a40c-4fef-aad3-70507ab52ff3 req-652c20ec-a40c-4fef-aad3-70507ab52ff3 ] Request (ServerDiagnosticsTest:tearDownClass): 204 DELETE http://10.180.1.21:9696/networking/v2.0/security-groups/5593cd39-3182-49a6-b64c-4edcc1b2d750 0.370s
2025-03-06 13:38:34.986 68831 INFO tempest.lib.common.rest_client [req-8a73aae3-88e3-48a9-a3c4-7381211c0013 req-8a73aae3-88e3-48a9-a3c4-7381211c0013 ] Request (ServersNegativeTestJSON:setUpClass): 201 POST http://10.180.1.21/identity/v3/auth/tokens 0.081s
2025-03-06 13:38:34.996 68813 INFO tempest.lib.common.rest_client [req-0ea1e221-3199-46c9-8560-0accd7a8f162 req-0ea1e221-3199-46c9-8560-0accd7a8f162 ] Request (ListServersNegativeTestJSON:setUpClass): 200 GET http://10.180.1.21/compute/v2.1/servers/d5708f0e-33be-4ca0-8d7d-a064f65a0521 3.401s
2025-03-06 13:38:35.021 68843 INFO tempest.lib.common.rest_client [req-9c6461ed-15ea-4675-a31b-9cb2dfa229c8 req-9c6461ed-15ea-4675-a31b-9cb2dfa229c8 ] Request (InstanceActionsNegativeTestJSON:setUpClass): 200 GET http://10.180.1.21/compute/v2.1/servers/c4630440-1ea5-4392-9f02-f5e7f7d59dee 2.974s
2025-03-06 13:38:35.030 68843 INFO tempest.common.waiters [-] State transition "BUILD/spawning" ==> "ACTIVE/None" after 27 second wait
2025-03-06 13:38:35.048 68811 INFO tempest.lib.common.rest_client [req-886c89bd-d873-4436-a975-226c8e093643 req-886c89bd-d873-4436-a975-226c8e093643 ] Request (ServerDiagnosticsTest:tearDownClass): 204 DELETE http://10.180.1.21/identity/v3/projects/33e1357dd8e8464484756d9328c9d764 0.091s
2025-03-06 13:38:35.048 68811 INFO tempest.lib.common.dynamic_creds [-] Deleting project and security group for project: 2bea6a02dd454d0591a62263438f4f3c
2025-03-06 13:38:35.058 68831 INFO tempest.lib.common.rest_client [req-5566e67a-9e05-456f-a1d2-067b6db87e74 req-5566e67a-9e05-456f-a1d2-067b6db87e74 ] Request (ServersNegativeTestJSON:setUpClass): 201 POST http://10.180.1.21/identity/v3/auth/tokens 0.064s
2025-03-06 13:38:35.059 68831 INFO tempest.lib.common.fixed_network [-] (ServersNegativeTestJSON:setUpClass) Found network {'id': 'e5082e7e-8827-4d13-b63a-56b4b6784899', 'name': 'tempest-ServersNegativeTestJSON-951464023-network', 'tenant_id': '6b4e902fae6448fa8ede1dfc87c5319b', 'admin_state_up': True, 'mtu': 8950, 'status': 'ACTIVE', 'subnets': [], 'shared': False, 'project_id': '6b4e902fae6448fa8ede1dfc87c5319b', 'port_security_enabled': True, 'router:external': False, 'provider:network_type': 'vlan', 'provider:physical_network': 'default', 'provider:segmentation_id': 640, 'availability_zone_hints': [], 'availability_zones': [], 'ipv4_address_scope': None, 'ipv6_address_scope': None, 'description': '', 'tags': [], 'created_at': '2025-03-06T13:38:27Z', 'updated_at': '2025-03-06T13:38:28Z', 'revision_number': 1} available for tenant
2025-03-06 13:38:35.084 68811 INFO tempest.lib.common.rest_client [req-46d60d73-9834-495c-967e-42b2b08ff05a req-46d60d73-9834-495c-967e-42b2b08ff05a ] Request (ServerDiagnosticsTest:tearDownClass): 200 GET http://10.180.1.21:9696/networking/v2.0/security-groups?tenant_id=2bea6a02dd454d0591a62263438f4f3c&name=default 0.035s
2025-03-06 13:38:35.150 68807 INFO tempest.lib.common.rest_client [req-d8c46191-54d0-44b9-a7a0-0fab24d29a0a req-d8c46191-54d0-44b9-a7a0-0fab24d29a0a ] Request (InstanceUsageAuditLogNegativeTestJSON:test_instance_usage_audit_logs_with_nonadmin_user): 403 GET http://10.180.1.21/compute/v2.1/os-instance_usage_audit_log 2.795s
2025-03-06 13:38:35.169 68811 INFO tempest.lib.common.rest_client [req-197508a3-d782-4b5c-8aa0-c1d2410d7ce8 req-197508a3-d782-4b5c-8aa0-c1d2410d7ce8 ] Request (ServerDiagnosticsTest:tearDownClass): 204 DELETE http://10.180.1.21:9696/networking/v2.0/security-groups/40d83e7f-b029-4cb9-80aa-e82d92cf0ce9 0.084s
2025-03-06 13:38:35.234 68799 INFO tempest.lib.common.rest_client [req-85a5b048-8490-496f-8f55-bf27bda27e4c req-85a5b048-8490-496f-8f55-bf27bda27e4c ] Request (ServerGroup264TestJSON:test_create_get_server_group): 200 POST http://10.180.1.21/compute/v2.1/os-server-groups 2.805s
2025-03-06 13:38:35.266 68817 INFO tempest.lib.common.rest_client [req-116a7339-c99c-455f-aae8-dfb025e6f27e req-116a7339-c99c-455f-aae8-dfb025e6f27e ] Request (DeleteServersAdminTestJSON:test_admin_delete_servers_of_others): 200 GET http://10.180.1.21/compute/v2.1/servers/d01f1044-6830-49e8-8499-1bd08ff649c4 2.348s
2025-03-06 13:38:35.266 68811 INFO tempest.lib.common.rest_client [req-9bb43028-72ff-4356-bd5c-38da90de108b req-9bb43028-72ff-4356-bd5c-38da90de108b ] Request (ServerDiagnosticsTest:tearDownClass): 204 DELETE http://10.180.1.21/identity/v3/projects/2bea6a02dd454d0591a62263438f4f3c 0.097s
2025-03-06 13:38:35.340 68811 INFO tempest.lib.common.rest_client [req-e89ce0dd-69ea-47ad-8255-07a2e150f9b0 req-e89ce0dd-69ea-47ad-8255-07a2e150f9b0 ] Request (ImagesTestJSON:setUpClass): 201 POST http://10.180.1.21/identity/v3/auth/tokens 0.067s
2025-03-06 13:38:35.375 68811 INFO tempest.lib.common.rest_client [req-c281a73a-67db-47d7-849e-0f23a7233ad0 req-c281a73a-67db-47d7-849e-0f23a7233ad0 ] Request (ImagesTestJSON:setUpClass): 201 POST http://10.180.1.21/identity/v3/auth/tokens 0.031s
2025-03-06 13:38:35.411 68811 INFO tempest.lib.common.rest_client [req-20869da3-2dcc-4686-b1a8-12becdf24e85 req-20869da3-2dcc-4686-b1a8-12becdf24e85 ] Request (ImagesTestJSON:setUpClass): 200 GET http://10.180.1.21/identity/v3/domains?name=Default 0.035s
2025-03-06 13:38:35.425 68819 INFO tempest.lib.common.rest_client [req-f7a59436-85c7-4cef-bc62-096d021622ea req-f7a59436-85c7-4cef-bc62-096d021622ea ] Request (ImagesOneServerTestJSON:setUpClass): 200 GET http://10.180.1.21/compute/v2.1/servers/db74bbe8-44ec-4c61-adc7-1c64a89e2050 2.417s
2025-03-06 13:38:35.444 68795 INFO tempest.lib.common.rest_client [req-8cbdb29e-2b7a-4455-ae9a-677e11851406 req-8cbdb29e-2b7a-4455-ae9a-677e11851406 ] Request (ServerDiagnosticsNegativeTest:test_get_server_diagnostics_by_non_admin): 200 GET http://10.180.1.21/compute/v2.1/servers/cd8987ec-c639-432e-bad1-3ac63c4be1a8 2.422s
2025-03-06 13:38:35.452 68795 INFO tempest.common.waiters [-] State transition "BUILD/spawning" ==> "ACTIVE/None" after 29 second wait
2025-03-06 13:38:35.457 68811 INFO tempest.lib.common.rest_client [req-45c080b1-2c2d-44a8-bd03-4fd20ac63a61 req-45c080b1-2c2d-44a8-bd03-4fd20ac63a61 ] Request (ImagesTestJSON:setUpClass): 201 POST http://10.180.1.21/identity/v3/projects 0.045s
2025-03-06 13:38:35.470 68816 INFO tempest.lib.common.rest_client [req-96017cc6-d858-400f-bf56-6178a58c642b req-96017cc6-d858-400f-bf56-6178a58c642b ] Request (AggregatesAdminNegativeTestJSON:_run_cleanups): 200 DELETE http://10.180.1.21/compute/v2.1/os-aggregates/4 2.316s
2025-03-06 13:38:35.484 68785 INFO tempest.lib.common.rest_client [req-4f571ce6-df16-4484-8dd1-6701a07e780c req-4f571ce6-df16-4484-8dd1-6701a07e780c ] Request (ServerMetadataNegativeTestJSON:setUpClass): 200 PUT http://10.180.1.21:9696/networking/v2.0/routers/1a1eaf95-96ce-428a-8254-675a0d081d7d/add_router_interface 3.472s
2025-03-06 13:38:35.485 68785 INFO tempest.lib.common.dynamic_creds [-] Created isolated network resources for: credentials: Credentials: {'domain_id': 'default', 'domain_name': 'Default', 'username': 'tempest-ServerMetadataNegativeTestJSON-1013708986-project-member', 'project_domain_id': 'default', 'project_domain_name': 'Default', 'project_id': '61c69841dabe469e93098e7b3224748d', 'project_name': 'tempest-ServerMetadataNegativeTestJSON-1013708986', 'tenant_id': '61c69841dabe469e93098e7b3224748d', 'tenant_name': 'tempest-ServerMetadataNegativeTestJSON-1013708986', 'user_domain_id': 'default', 'user_domain_name': 'Default', 'user_id': '9ae9ebbafea646a996abaab7a951b21d', 'system': None}, Network: {'id': '7d7e6e11-f839-42e6-be00-587a5948af1b', 'name': 'tempest-ServerMetadataNegativeTestJSON-132519612-network', 'tenant_id': '61c69841dabe469e93098e7b3224748d', 'admin_state_up': True, 'mtu': 8950, 'status': 'ACTIVE', 'subnets': [], 'shared': False, 'project_id': '61c69841dabe469e93098e7b3224748d', 'port_security_enabled': True, 'router:external': False, 'provider:network_type': 'vlan', 'provider:physical_network': 'default', 'provider:segmentation_id': 386, 'availability_zone_hints': [], 'availability_zones': [], 'ipv4_address_scope': None, 'ipv6_address_scope': None, 'description': '', 'tags': [], 'created_at': '2025-03-06T13:38:28Z', 'updated_at': '2025-03-06T13:38:28Z', 'revision_number': 1}, Subnet: {'id': 'b699c792-0a0c-43ad-b1ac-c1888be17465', 'name': 'tempest-ServerMetadataNegativeTestJSON-132519612-subnet', 'tenant_id': '61c69841dabe469e93098e7b3224748d', 'network_id': '7d7e6e11-f839-42e6-be00-587a5948af1b', 'ip_version': 4, 'subnetpool_id': None, 'enable_dhcp': True, 'ipv6_ra_mode': None, 'ipv6_address_mode': None, 'gateway_ip': '192.168.128.1', 'cidr': '192.168.128.0/28', 'allocation_pools': [{'start': '192.168.128.2', 'end': '192.168.128.14'}], 'host_routes': [], 'dns_nameservers': [], 'description': '', 'router:external': False, 'service_types': [], 'tags': [], 'created_at': '2025-03-06T13:38:28Z', 'updated_at': '2025-03-06T13:38:28Z', 'revision_number': 0, 'project_id': '61c69841dabe469e93098e7b3224748d'}, Router: {'id': '1a1eaf95-96ce-428a-8254-675a0d081d7d', 'name': 'tempest-ServerMetadataNegativeTestJSON-132519612-router', 'tenant_id': '61c69841dabe469e93098e7b3224748d', 'admin_state_up': True, 'status': 'ACTIVE', 'external_gateway_info': {'network_id': 'b348fa9c-ad79-4c8d-8536-f137d504d403', 'external_fixed_ips': [{'subnet_id': '57994a6d-cd89-4ecb-bf94-01451f6eb1b3', 'ip_address': '10.180.180.215'}], 'enable_snat': True}, 'description': '', 'availability_zones': [], 'distributed': False, 'ha': False, 'availability_zone_hints': [], 'routes': [], 'flavor_id': None, 'tags': [], 'created_at': '2025-03-06T13:38:29Z', 'updated_at': '2025-03-06T13:38:30Z', 'revision_number': 2, 'project_id': '61c69841dabe469e93098e7b3224748d'}
2025-03-06 13:38:35.500 68839 INFO tempest.lib.common.rest_client [req-2d88f6d4-9d9c-4276-a536-aeaf161fba07 req-2d88f6d4-9d9c-4276-a536-aeaf161fba07 ] Request (AttachInterfacesTestJSON:test_create_list_show_delete_interfaces_by_fixed_ip): 200 GET http://10.180.1.21/compute/v2.1/servers/cc5c4dc9-b6ce-4832-bb00-4e49bc7f2ff1 2.397s
2025-03-06 13:38:35.521 68845 INFO tempest.lib.common.rest_client [req-b506e05f-50bf-47e8-a706-af8e45255865 req-b506e05f-50bf-47e8-a706-af8e45255865 ] Request (KeyPairsV22TestJSON:test_keypairs_create_list_delete): 200 GET http://10.180.1.21/compute/v2.1/os-keypairs 2.353s
2025-03-06 13:38:35.604 68811 INFO tempest.lib.common.rest_client [req-7474647f-f76f-4b66-a028-4ee87aa23fc8 req-7474647f-f76f-4b66-a028-4ee87aa23fc8 ] Request (ImagesTestJSON:setUpClass): 201 POST http://10.180.1.21/identity/v3/users 0.147s
2025-03-06 13:38:35.627 68841 INFO tempest.lib.common.rest_client [req-9903ba98-3ff4-491c-8805-3b5ed431c9c8 req-9903ba98-3ff4-491c-8805-3b5ed431c9c8 ] Request (ImagesNegativeTestJSON:test_create_image_from_deleted_server): 200 GET http://10.180.1.21/compute/v2.1/servers/a42f135b-d830-484d-a150-1de21adbfcfc 2.457s
2025-03-06 13:38:35.659 68787 INFO tempest.lib.common.rest_client [req-c86ef26e-eb72-4a80-a46d-6383415a519c req-c86ef26e-eb72-4a80-a46d-6383415a519c ] Request (FlavorsAccessNegativeTestJSON:_run_cleanups): 202 DELETE http://10.180.1.21/compute/v2.1/flavors/566062348 2.300s
2025-03-06 13:38:35.666 68811 INFO tempest.lib.common.rest_client [req-6795a61a-e21d-4e37-b849-e91164b8bd79 req-6795a61a-e21d-4e37-b849-e91164b8bd79 ] Request (ImagesTestJSON:setUpClass): 200 GET http://10.180.1.21/identity/v3/roles 0.061s
2025-03-06 13:38:35.678 68789 INFO tempest.lib.common.rest_client [req-115b673a-f009-4b12-a71a-261ed3b6c378 req-115b673a-f009-4b12-a71a-261ed3b6c378 ] Request (HypervisorAdminTestJSON:test_get_hypervisor_list): 200 GET http://10.180.1.21/compute/v2.1/os-hypervisors 2.510s
2025-03-06 13:38:35.696 68811 INFO tempest.lib.common.rest_client [req-f9d57555-754b-4b6d-9f64-c14b7a1abb32 req-f9d57555-754b-4b6d-9f64-c14b7a1abb32 ] Request (ImagesTestJSON:setUpClass): 204 PUT http://10.180.1.21/identity/v3/projects/b1f832ff426f4bb3847e7dd39264d66e/users/f7e45dc8efda4051bedb5fb7265f4d63/roles/87c7adc56fb54788ac42f508abe2ad94 0.029s
2025-03-06 13:38:35.696 68811 INFO tempest.lib.common.dynamic_creds [-] Dynamic test user f7e45dc8efda4051bedb5fb7265f4d63 is created with scope project and roles: ['member']
2025-03-06 13:38:35.696 68811 INFO tempest.lib.common.dynamic_creds [-] Acquired dynamic creds: credentials: Credentials: {'domain_id': 'default', 'domain_name': 'Default', 'username': 'tempest-ImagesTestJSON-432388383-project-member', 'project_domain_id': 'default', 'project_domain_name': 'Default', 'project_id': 'b1f832ff426f4bb3847e7dd39264d66e', 'project_name': 'tempest-ImagesTestJSON-432388383', 'tenant_id': 'b1f832ff426f4bb3847e7dd39264d66e', 'tenant_name': 'tempest-ImagesTestJSON-432388383', 'user_domain_id': 'default', 'user_domain_name': 'Default', 'user_id': 'f7e45dc8efda4051bedb5fb7265f4d63', 'system': None}, Network: None, Subnet: None, Router: None
2025-03-06 13:38:35.721 68785 INFO tempest.lib.common.rest_client [req-05fe9092-9b5d-4b77-b76e-d2c09f57110a req-05fe9092-9b5d-4b77-b76e-d2c09f57110a ] Request (ServerMetadataNegativeTestJSON:setUpClass): 201 POST http://10.180.1.21/identity/v3/auth/tokens 0.230s
2025-03-06 13:38:35.726 68785 WARNING tempest.lib.common.rest_client [-] Deprecated: "tenant_id" property is deprecated for removal, use "project_id" instead
2025-03-06 13:38:35.777 68811 INFO tempest.lib.common.rest_client [req-2368d55f-2a66-45f9-9396-c734d7819eca req-2368d55f-2a66-45f9-9396-c734d7819eca ] Request (ImagesTestJSON:setUpClass): 201 POST http://10.180.1.21/identity/v3/auth/tokens 0.080s
2025-03-06 13:38:35.797 68805 INFO tempest.lib.common.rest_client [req-859deb48-fca6-41c0-a127-3cb76c11120f req-859deb48-fca6-41c0-a127-3cb76c11120f ] Request (MigrationsAdminTest:test_list_migrations_in_flavor_resize_situation): 200 GET http://10.180.1.21/compute/v2.1/servers/90eb84e2-88bc-468a-987a-cc2e865f6ea8 2.351s
2025-03-06 13:38:35.829 68803 INFO tempest.lib.common.rest_client [req-60307268-2496-4d7a-acc2-4e88ac84f357 req-60307268-2496-4d7a-acc2-4e88ac84f357 ] Request (ImagesMetadataNegativeTestJSON:test_get_nonexistent_image_metadata_item): 404 GET http://10.180.1.21/compute/v2.1/images/f95f8319-5ae0-4f54-b020-b0a85ef1fadb/metadata/os_version 2.374s
2025-03-06 13:38:35.846 68829 INFO tempest.lib.common.rest_client [req-00d5c84f-859a-4933-9f3e-eb7a4fac0b86 req-00d5c84f-859a-4933-9f3e-eb7a4fac0b86 ] Request (ImagesOneServerNegativeTestJSON:setUpClass): 201 POST http://10.180.1.21:9696/networking/v2.0/routers 2.894s
2025-03-06 13:38:35.846 68785 INFO tempest.lib.common.rest_client [req-60b249ab-6947-47d7-bb41-6d59f7a6621c req-60b249ab-6947-47d7-bb41-6d59f7a6621c ] Request (ServerMetadataNegativeTestJSON:setUpClass): 201 POST http://10.180.1.21/identity/v3/auth/tokens 0.114s
2025-03-06 13:38:35.847 68785 INFO tempest.lib.common.fixed_network [-] (ServerMetadataNegativeTestJSON:setUpClass) Found network {'id': '7d7e6e11-f839-42e6-be00-587a5948af1b', 'name': 'tempest-ServerMetadataNegativeTestJSON-132519612-network', 'tenant_id': '61c69841dabe469e93098e7b3224748d', 'admin_state_up': True, 'mtu': 8950, 'status': 'ACTIVE', 'subnets': [], 'shared': False, 'project_id': '61c69841dabe469e93098e7b3224748d', 'port_security_enabled': True, 'router:external': False, 'provider:network_type': 'vlan', 'provider:physical_network': 'default', 'provider:segmentation_id': 386, 'availability_zone_hints': [], 'availability_zones': [], 'ipv4_address_scope': None, 'ipv6_address_scope': None, 'description': '', 'tags': [], 'created_at': '2025-03-06T13:38:28Z', 'updated_at': '2025-03-06T13:38:28Z', 'revision_number': 1} available for tenant
2025-03-06 13:38:35.857 68823 INFO tempest.lib.common.rest_client [req-ebb29f5e-4d75-4ef8-98fc-af291a1112e8 req-ebb29f5e-4d75-4ef8-98fc-af291a1112e8 ] Request (FlavorsV261TestJSON:test_crud_flavor): 200 GET http://10.180.1.21/compute/v2.1/flavors 2.387s
2025-03-06 13:38:35.885 68797 INFO tempest.lib.common.rest_client [req-632ef54d-2bb3-4b84-8a11-5c921b456a88 req-632ef54d-2bb3-4b84-8a11-5c921b456a88 ] Request (ServerExternalEventsTest:tearDownClass): 404 GET http://10.180.1.21/compute/v2.1/servers/f502461c-f119-4801-8f55-92784998b426 2.304s
2025-03-06 13:38:35.971 68797 INFO tempest.lib.common.rest_client [req-948e48ec-de77-4c7d-9858-0b85bc830e0c req-948e48ec-de77-4c7d-9858-0b85bc830e0c ] Request (ServerExternalEventsTest:tearDownClass): 204 DELETE http://10.180.1.21/identity/v3/users/14848099803c4fb39f041834ae12fffe 0.085s
2025-03-06 13:38:36.015 68837 INFO tempest.lib.common.rest_client [req-585f2773-79ba-420b-963a-de87747cba5c req-585f2773-79ba-420b-963a-de87747cba5c ] Request (ImagesMetadataTestJSON:test_update_image_metadata): 200 POST http://10.180.1.21/compute/v2.1/images/6fbba38b-6b29-4cf5-aaef-1bba09aebcff/metadata 2.593s
2025-03-06 13:38:36.087 68797 INFO tempest.lib.common.rest_client [req-034361ca-9b6e-40df-856f-708f89dfbbd4 req-034361ca-9b6e-40df-856f-708f89dfbbd4 ] Request (ServerExternalEventsTest:tearDownClass): 204 DELETE http://10.180.1.21/identity/v3/users/ad27c4e67da445bb96d4b4b83dcdabf5 0.116s
2025-03-06 13:38:36.207 68797 INFO tempest.lib.common.rest_client [req-575c6ec5-4b30-429d-94a1-0aaff3a57fab req-575c6ec5-4b30-429d-94a1-0aaff3a57fab ] Request (ServerExternalEventsTest:tearDownClass): 204 DELETE http://10.180.1.21/identity/v3/users/117a98da9ad74e2a9ef4aa24ec37e850 0.119s
2025-03-06 13:38:36.207 68797 INFO tempest.lib.common.dynamic_creds [-] Deleting project and security group for project: 7d83ed90c78d417aa4b8241bd271914e
2025-03-06 13:38:36.274 68797 INFO tempest.lib.common.rest_client [req-bb0a9f07-6e2e-41c5-946d-a37207d4b7da req-bb0a9f07-6e2e-41c5-946d-a37207d4b7da ] Request (ServerExternalEventsTest:tearDownClass): 201 POST http://10.180.1.21/identity/v3/auth/tokens 0.066s
2025-03-06 13:38:36.349 68835 INFO tempest.lib.common.rest_client [req-ef184364-d2b1-4056-84c4-088d5de50721 req-ef184364-d2b1-4056-84c4-088d5de50721 ] Request (InstanceActionsV221TestJSON:test_get_list_deleted_instance_actions): 200 GET http://10.180.1.21/compute/v2.1/servers/ecbacec4-4081-4d65-8a35-43657006e5d0 2.448s
2025-03-06 13:38:36.513 68793 INFO tempest.lib.common.rest_client [req-d5e3807a-e977-4c8e-aaa7-e8db29527b7b req-d5e3807a-e977-4c8e-aaa7-e8db29527b7b ] Request (FlavorsAdminTestJSON:test_create_list_flavor_without_extra_data): 200 GET http://10.180.1.21/compute/v2.1/flavors/detail 2.044s
2025-03-06 13:38:36.537 68797 INFO tempest.lib.common.rest_client [req-15ba16a7-ab48-4b04-a3ef-e9e2bcf12d85 req-15ba16a7-ab48-4b04-a3ef-e9e2bcf12d85 ] Request (ServerExternalEventsTest:tearDownClass): 200 GET http://10.180.1.21:9696/networking/v2.0/security-groups?tenant_id=7d83ed90c78d417aa4b8241bd271914e&name=default 0.263s
2025-03-06 13:38:36.623 68821 INFO tempest.lib.common.rest_client [req-dcd10387-b8c4-4e66-bd6a-a3dbb06f9f77 req-dcd10387-b8c4-4e66-bd6a-a3dbb06f9f77 ] Request (QuotasAdminTestJSON:test_delete_quota): 200 GET http://10.180.1.21/compute/v2.1/os-quota-sets/1b9c1b45e4b04f2888d921af2af0b206 2.138s
2025-03-06 13:38:36.629 68827 INFO tempest.lib.common.rest_client [req-b9d8c4fb-a05f-4c66-901d-e3b693da3364 req-b9d8c4fb-a05f-4c66-901d-e3b693da3364 ] Request (KeyPairsNegativeTestJSON:test_create_keypair_with_long_keynames): 400 POST http://10.180.1.21/compute/v2.1/os-keypairs 2.100s
2025-03-06 13:38:36.700 68821 INFO tempest.lib.common.rest_client [req-403eefe7-aef9-4d44-a190-90ce372fce6f req-403eefe7-aef9-4d44-a190-90ce372fce6f ] Request (QuotasAdminTestJSON:_run_cleanups): 204 DELETE http://10.180.1.21/identity/v3/projects/1b9c1b45e4b04f2888d921af2af0b206 0.074s
2025-03-06 13:38:36.708 68811 INFO tempest.lib.common.rest_client [req-ede3f1ed-ea01-4c18-9f53-f112ed53f715 req-ede3f1ed-ea01-4c18-9f53-f112ed53f715 ] Request (ImagesTestJSON:setUpClass): 201 POST http://10.180.1.21:9696/networking/v2.0/networks 0.931s
2025-03-06 13:38:36.734 68791 INFO tempest.lib.common.rest_client [req-241478d8-99c8-413c-9df8-0c866a655408 req-241478d8-99c8-413c-9df8-0c866a655408 ] Request (ServerMetadataTestJSON:setUpClass): 201 POST http://10.180.1.21:9696/networking/v2.0/routers 2.014s
2025-03-06 13:38:36.820 68797 INFO tempest.lib.common.rest_client [req-c99cbd20-3713-4071-a015-863c759be61c req-c99cbd20-3713-4071-a015-863c759be61c ] Request (ServerExternalEventsTest:tearDownClass): 204 DELETE http://10.180.1.21:9696/networking/v2.0/security-groups/d34ff4fd-23ea-45df-8390-2f69ee537291 0.282s
2025-03-06 13:38:36.985 68797 INFO tempest.lib.common.rest_client [req-3566bb2d-52c3-4983-b8d1-d2f3ebef8e59 req-3566bb2d-52c3-4983-b8d1-d2f3ebef8e59 ] Request (ServerExternalEventsTest:tearDownClass): 204 DELETE http://10.180.1.21/identity/v3/projects/7d83ed90c78d417aa4b8241bd271914e 0.165s
2025-03-06 13:38:36.985 68797 INFO tempest.lib.common.dynamic_creds [-] Deleting project and security group for project: 07553660d8904e57b73b64206803fbd9
2025-03-06 13:38:37.134 68797 INFO tempest.lib.common.rest_client [req-37fbd543-0153-40fe-b46a-642e0d8ab657 req-37fbd543-0153-40fe-b46a-642e0d8ab657 ] Request (ServerExternalEventsTest:tearDownClass): 200 GET http://10.180.1.21:9696/networking/v2.0/security-groups?tenant_id=07553660d8904e57b73b64206803fbd9&name=default 0.148s
2025-03-06 13:38:37.271 68834 INFO tempest.lib.common.rest_client [req-63e7cdf7-700b-4c12-b112-8ac697fe3a85 req-63e7cdf7-700b-4c12-b112-8ac697fe3a85 ] Request (FloatingIPsAssociationNegativeTestJSON:_run_cleanups): 202 DELETE http://10.180.1.21/compute/v2.1/os-floating-ips/8313e322-6614-4a8c-92c0-7c8327a21c07 2.828s
2025-03-06 13:38:37.375 68825 INFO tempest.lib.common.rest_client [req-790e6f07-3d41-42dd-91d2-edfc835bdb48 req-790e6f07-3d41-42dd-91d2-edfc835bdb48 ] Request (VolumesAdminNegativeTest:test_update_attached_volume_with_nonexistent_volume_in_body): 200 GET http://10.180.1.21/compute/v2.1/servers/6840c94d-1ec9-47d2-8618-dbc1242fb933 2.679s
2025-03-06 13:38:37.408 68797 INFO tempest.lib.common.rest_client [req-b8d77b14-48fe-435b-a96e-2892de9f4134 req-b8d77b14-48fe-435b-a96e-2892de9f4134 ] Request (ServerExternalEventsTest:tearDownClass): 204 DELETE http://10.180.1.21:9696/networking/v2.0/security-groups/aeafb534-d52c-47c1-9ccd-129e8e9fea52 0.273s
2025-03-06 13:38:37.500 68811 INFO tempest.lib.common.rest_client [req-8d69848b-10d9-4aa8-b63b-15bfbe997c77 req-8d69848b-10d9-4aa8-b63b-15bfbe997c77 ] Request (ImagesTestJSON:setUpClass): 201 POST http://10.180.1.21:9696/networking/v2.0/subnets 0.790s
2025-03-06 13:38:37.519 68797 INFO tempest.lib.common.rest_client [req-e0471705-2257-4c83-97ef-d0d15e32c921 req-e0471705-2257-4c83-97ef-d0d15e32c921 ] Request (ServerExternalEventsTest:tearDownClass): 204 DELETE http://10.180.1.21/identity/v3/projects/07553660d8904e57b73b64206803fbd9 0.110s
2025-03-06 13:38:37.519 68797 INFO tempest.lib.common.dynamic_creds [-] Deleting project and security group for project: 90302356e51c492fa212304350b4297c
2025-03-06 13:38:37.554 68809 INFO tempest.lib.common.rest_client [req-5d78a991-baa3-433c-9a2c-5fd312d542a4 req-5d78a991-baa3-433c-9a2c-5fd312d542a4 ] Request (ServersWithSpecificFlavorTestJSON:test_verify_created_server_ephemeral_disk): 200 GET http://10.180.1.21/compute/v2.1/servers/a59e4c09-d2fe-4c5a-90a6-be9bc1dafd36 2.797s
2025-03-06 13:38:37.563 68801 INFO tempest.lib.common.rest_client [req-7bffd662-25a1-499b-929e-13536fe40948 req-7bffd662-25a1-499b-929e-13536fe40948 ] Request (AttachInterfacesUnderV243Test:test_add_remove_fixed_ip): 202 POST http://10.180.1.21/compute/v2.1/servers 2.993s
2025-03-06 13:38:37.672 68813 INFO tempest.lib.common.rest_client [req-6c480360-a352-4bcc-878c-04b1530b52c9 req-6c480360-a352-4bcc-878c-04b1530b52c9 ] Request (ListServersNegativeTestJSON:setUpClass): 204 DELETE http://10.180.1.21/compute/v2.1/servers/45ec5d93-84db-49fb-9e82-1a0ebd59faf8 2.667s
2025-03-06 13:38:37.712 68843 INFO tempest.lib.common.rest_client [req-50498490-9a64-4320-978e-c1adbe49bb73 req-50498490-9a64-4320-978e-c1adbe49bb73 ] Request (InstanceActionsNegativeTestJSON:test_get_instance_action_invalid_request): 404 GET http://10.180.1.21/compute/v2.1/servers/c4630440-1ea5-4392-9f02-f5e7f7d59dee/os-instance-actions/999 2.681s
2025-03-06 13:38:37.719 68847 INFO tempest.lib.common.rest_client [req-a970a6c6-79fc-41d7-8182-0a211c1af6fe req-a970a6c6-79fc-41d7-8182-0a211c1af6fe ] Request (ServerActionsTestOtherA:setUpClass): 200 GET http://10.180.1.21/compute/v2.1/servers/9bea5d78-3afa-4e77-bd26-1cd2694c536c 2.932s
2025-03-06 13:38:37.727 68807 INFO tempest.lib.common.rest_client [req-dccf5c28-e175-4009-bf32-aa77e2435612 req-dccf5c28-e175-4009-bf32-aa77e2435612 ] Request (InstanceUsageAuditLogNegativeTestJSON:test_instance_usage_audit_logs_with_nonadmin_user): 403 GET http://10.180.1.21/compute/v2.1/os-instance_usage_audit_log/2025-03-06%2013%3A38%3A35 2.576s
2025-03-06 13:38:37.764 68799 INFO tempest.lib.common.rest_client [req-440b4de9-49e9-4d56-ae4d-45462a86c0f1 req-440b4de9-49e9-4d56-ae4d-45462a86c0f1 ] Request (ServerGroup264TestJSON:test_create_get_server_group): 200 GET http://10.180.1.21/compute/v2.1/os-server-groups 2.529s
2025-03-06 13:38:37.827 68795 INFO tempest.lib.common.rest_client [req-19716795-477d-44eb-a074-3fa6dbc1e8b1 req-19716795-477d-44eb-a074-3fa6dbc1e8b1 ] Request (ServerDiagnosticsNegativeTest:test_get_server_diagnostics_by_non_admin): 403 GET http://10.180.1.21/compute/v2.1/servers/cd8987ec-c639-432e-bad1-3ac63c4be1a8/diagnostics 2.374s
2025-03-06 13:38:37.852 68816 INFO tempest.lib.common.rest_client [req-6d9fb6da-52f6-43e6-91cf-5662a78474e4 req-6d9fb6da-52f6-43e6-91cf-5662a78474e4 ] Request (AggregatesAdminNegativeTestJSON:test_aggregate_delete_as_user): 200 POST http://10.180.1.21/compute/v2.1/os-aggregates 2.380s
2025-03-06 13:38:37.868 68845 INFO tempest.lib.common.rest_client [req-36da66ad-ee45-4a3a-b1b8-21f027452ca1 req-36da66ad-ee45-4a3a-b1b8-21f027452ca1 ] Request (KeyPairsV22TestJSON:_run_cleanups): 204 DELETE http://10.180.1.21/compute/v2.1/os-keypairs/tempest-KeyPairsV22TestJSON-keypair-1137392187 2.342s
2025-03-06 13:38:37.900 68787 INFO tempest.lib.common.rest_client [req-464df07a-5a84-43d7-96e0-495e7fa1823a req-464df07a-5a84-43d7-96e0-495e7fa1823a ] Request (FlavorsAccessNegativeTestJSON:_run_cleanups): 200 GET http://10.180.1.21/compute/v2.1/flavors/detail 2.240s
2025-03-06 13:38:37.925 68807 INFO tempest.lib.common.rest_client [req-d170d401-4bb0-4696-9431-345debe0d8b2 req-d170d401-4bb0-4696-9431-345debe0d8b2 ] Request (InstanceUsageAuditLogNegativeTestJSON:tearDownClass): 204 DELETE http://10.180.1.21/identity/v3/users/37f76254eef941468a7a6d34affcb637 0.191s
2025-03-06 13:38:37.925 68789 INFO tempest.lib.common.rest_client [req-22c718cf-7172-440c-a5de-e075f8021d49 req-22c718cf-7172-440c-a5de-e075f8021d49 ] Request (HypervisorAdminTestJSON:test_get_hypervisor_list_details): 200 GET http://10.180.1.21/compute/v2.1/os-hypervisors/detail 2.239s
2025-03-06 13:38:37.953 68803 INFO tempest.lib.common.rest_client [req-1828fdec-4cda-4648-a04c-e27c7b616bdd req-1828fdec-4cda-4648-a04c-e27c7b616bdd ] Request (ImagesMetadataNegativeTestJSON:test_list_nonexistent_image_metadata): 404 GET http://10.180.1.21/compute/v2.1/images/8501c25e-e0da-4da2-bbe4-db9d70817338/metadata 2.120s
2025-03-06 13:38:38.038 68807 INFO tempest.lib.common.rest_client [req-f0882a30-5555-4479-8aec-78f22b84349a req-f0882a30-5555-4479-8aec-78f22b84349a ] Request (InstanceUsageAuditLogNegativeTestJSON:tearDownClass): 204 DELETE http://10.180.1.21/identity/v3/users/ec6304c46ee243d683a8eb4dec154fb4 0.113s
2025-03-06 13:38:38.038 68807 INFO tempest.lib.common.dynamic_creds [-] Deleting project and security group for project: 6efd00511ccb4cf8b631bdab10e80c82
2025-03-06 13:38:38.113 68807 INFO tempest.lib.common.rest_client [req-081f8041-1fbb-48ec-a61d-cba27818a108 req-081f8041-1fbb-48ec-a61d-cba27818a108 ] Request (InstanceUsageAuditLogNegativeTestJSON:tearDownClass): 201 POST http://10.180.1.21/identity/v3/auth/tokens 0.075s
2025-03-06 13:38:38.117 68797 INFO tempest.lib.common.rest_client [req-f9287625-a463-4c6c-a56a-55598c406503 req-f9287625-a463-4c6c-a56a-55598c406503 ] Request (ServerExternalEventsTest:tearDownClass): 200 GET http://10.180.1.21:9696/networking/v2.0/security-groups?tenant_id=90302356e51c492fa212304350b4297c&name=default 0.597s
2025-03-06 13:38:38.242 68829 INFO tempest.lib.common.rest_client [req-5059123c-f23e-4b62-ae84-3e3f273b5365 req-5059123c-f23e-4b62-ae84-3e3f273b5365 ] Request (ImagesOneServerNegativeTestJSON:setUpClass): 200 PUT http://10.180.1.21:9696/networking/v2.0/routers/48cbe11f-761f-48d6-a226-7d276a52b89f/add_router_interface 2.396s
2025-03-06 13:38:38.242 68829 INFO tempest.lib.common.dynamic_creds [-] Created isolated network resources for: credentials: Credentials: {'domain_id': 'default', 'domain_name': 'Default', 'username': 'tempest-ImagesOneServerNegativeTestJSON-955810669-project-member', 'project_domain_id': 'default', 'project_domain_name': 'Default', 'project_id': '0e4ab2907f8a4158b9a8c020772b631e', 'project_name': 'tempest-ImagesOneServerNegativeTestJSON-955810669', 'tenant_id': '0e4ab2907f8a4158b9a8c020772b631e', 'tenant_name': 'tempest-ImagesOneServerNegativeTestJSON-955810669', 'user_domain_id': 'default', 'user_domain_name': 'Default', 'user_id': 'b09db06c7a2f42049010b884fa339de7', 'system': None}, Network: {'id': '343fdf74-8c3d-490e-90f8-911d44234111', 'name': 'tempest-ImagesOneServerNegativeTestJSON-658146401-network', 'tenant_id': '0e4ab2907f8a4158b9a8c020772b631e', 'admin_state_up': True, 'mtu': 8950, 'status': 'ACTIVE', 'subnets': [], 'shared': False, 'project_id': '0e4ab2907f8a4158b9a8c020772b631e', 'port_security_enabled': True, 'router:external': False, 'provider:network_type': 'vlan', 'provider:physical_network': 'default', 'provider:segmentation_id': 654, 'availability_zone_hints': [], 'availability_zones': [], 'ipv4_address_scope': None, 'ipv6_address_scope': None, 'description': '', 'tags': [], 'created_at': '2025-03-06T13:38:32Z', 'updated_at': '2025-03-06T13:38:32Z', 'revision_number': 1}, Subnet: {'id': 'c060eef8-124a-4059-94ce-a0fb1b4da76f', 'name': 'tempest-ImagesOneServerNegativeTestJSON-658146401-subnet', 'tenant_id': '0e4ab2907f8a4158b9a8c020772b631e', 'network_id': '343fdf74-8c3d-490e-90f8-911d44234111', 'ip_version': 4, 'subnetpool_id': None, 'enable_dhcp': True, 'ipv6_ra_mode': None, 'ipv6_address_mode': None, 'gateway_ip': '192.168.128.1', 'cidr': '192.168.128.0/28', 'allocation_pools': [{'start': '192.168.128.2', 'end': '192.168.128.14'}], 'host_routes': [], 'dns_nameservers': [], 'description': '', 'router:external': False, 'service_types': [], 'tags': [], 'created_at': '2025-03-06T13:38:32Z', 'updated_at': '2025-03-06T13:38:32Z', 'revision_number': 0, 'project_id': '0e4ab2907f8a4158b9a8c020772b631e'}, Router: {'id': '48cbe11f-761f-48d6-a226-7d276a52b89f', 'name': 'tempest-ImagesOneServerNegativeTestJSON-658146401-router', 'tenant_id': '0e4ab2907f8a4158b9a8c020772b631e', 'admin_state_up': True, 'status': 'ACTIVE', 'external_gateway_info': {'network_id': 'b348fa9c-ad79-4c8d-8536-f137d504d403', 'external_fixed_ips': [{'subnet_id': '57994a6d-cd89-4ecb-bf94-01451f6eb1b3', 'ip_address': '10.180.180.130'}], 'enable_snat': True}, 'description': '', 'availability_zones': [], 'distributed': False, 'ha': False, 'availability_zone_hints': [], 'routes': [], 'flavor_id': None, 'tags': [], 'created_at': '2025-03-06T13:38:33Z', 'updated_at': '2025-03-06T13:38:34Z', 'revision_number': 2, 'project_id': '0e4ab2907f8a4158b9a8c020772b631e'}
2025-03-06 13:38:38.346 68829 INFO tempest.lib.common.rest_client [req-28be55b6-f5f8-4e5a-aef6-b6d16d968886 req-28be55b6-f5f8-4e5a-aef6-b6d16d968886 ] Request (ImagesOneServerNegativeTestJSON:setUpClass): 201 POST http://10.180.1.21/identity/v3/auth/tokens 0.098s
2025-03-06 13:38:38.384 68829 INFO tempest.lib.common.rest_client [req-4d784279-179f-4da1-81bc-0548767be2e5 req-4d784279-179f-4da1-81bc-0548767be2e5 ] Request (ImagesOneServerNegativeTestJSON:setUpClass): 201 POST http://10.180.1.21/identity/v3/auth/tokens 0.034s
2025-03-06 13:38:38.384 68829 INFO tempest.lib.common.fixed_network [-] (ImagesOneServerNegativeTestJSON:setUpClass) Found network {'id': '343fdf74-8c3d-490e-90f8-911d44234111', 'name': 'tempest-ImagesOneServerNegativeTestJSON-658146401-network', 'tenant_id': '0e4ab2907f8a4158b9a8c020772b631e', 'admin_state_up': True, 'mtu': 8950, 'status': 'ACTIVE', 'subnets': [], 'shared': False, 'project_id': '0e4ab2907f8a4158b9a8c020772b631e', 'port_security_enabled': True, 'router:external': False, 'provider:network_type': 'vlan', 'provider:physical_network': 'default', 'provider:segmentation_id': 654, 'availability_zone_hints': [], 'availability_zones': [], 'ipv4_address_scope': None, 'ipv6_address_scope': None, 'description': '', 'tags': [], 'created_at': '2025-03-06T13:38:32Z', 'updated_at': '2025-03-06T13:38:32Z', 'revision_number': 1} available for tenant
2025-03-06 13:38:38.430 68797 INFO tempest.lib.common.rest_client [req-b83ee24c-e60b-4703-9a0e-dac361a71f60 req-b83ee24c-e60b-4703-9a0e-dac361a71f60 ] Request (ServerExternalEventsTest:tearDownClass): 204 DELETE http://10.180.1.21:9696/networking/v2.0/security-groups/b923897e-e0c5-4553-84df-d974e7845e83 0.312s
2025-03-06 13:38:38.475 68831 INFO tempest.lib.common.rest_client [req-257ec293-255c-4a3b-89b7-33bd10d0eea4 req-257ec293-255c-4a3b-89b7-33bd10d0eea4 ] Request (ServersNegativeTestJSON:setUpClass): 202 POST http://10.180.1.21/compute/v2.1/servers 3.416s
2025-03-06 13:38:38.503 68823 INFO tempest.lib.common.rest_client [req-10dd0eed-2db2-483e-8467-c0a18255b5f7 req-10dd0eed-2db2-483e-8467-c0a18255b5f7 ] Request (FlavorsV261TestJSON:_run_cleanups): 202 DELETE http://10.180.1.21/compute/v2.1/flavors/694160570 2.642s
2025-03-06 13:38:38.520 68797 INFO tempest.lib.common.rest_client [req-a35d230c-8048-425d-93b2-40bbc1bac966 req-a35d230c-8048-425d-93b2-40bbc1bac966 ] Request (ServerExternalEventsTest:tearDownClass): 204 DELETE http://10.180.1.21/identity/v3/projects/90302356e51c492fa212304350b4297c 0.090s
2025-03-06 13:38:38.544 68785 INFO tempest.lib.common.rest_client [req-ac00ae54-3a39-4a68-951e-26c4084f95aa req-ac00ae54-3a39-4a68-951e-26c4084f95aa ] Request (ServerMetadataNegativeTestJSON:setUpClass): 202 POST http://10.180.1.21/compute/v2.1/servers 2.696s
2025-03-06 13:38:38.549 68837 INFO tempest.lib.common.rest_client [req-14e85752-00b9-46cd-b800-d231875ea9a1 req-14e85752-00b9-46cd-b800-d231875ea9a1 ] Request (ImagesMetadataTestJSON:test_update_image_metadata): 200 GET http://10.180.1.21/compute/v2.1/images/6fbba38b-6b29-4cf5-aaef-1bba09aebcff/metadata 2.533s
2025-03-06 13:38:38.627 68807 INFO tempest.lib.common.rest_client [req-6409169c-ca73-48d9-b973-2655acbe872f req-6409169c-ca73-48d9-b973-2655acbe872f ] Request (InstanceUsageAuditLogNegativeTestJSON:tearDownClass): 200 GET http://10.180.1.21:9696/networking/v2.0/security-groups?tenant_id=6efd00511ccb4cf8b631bdab10e80c82&name=default 0.513s
2025-03-06 13:38:38.663 68837 INFO tempest.lib.common.rest_client [req-b51e1f63-cee5-4df2-b827-03ce2f50af03 req-b51e1f63-cee5-4df2-b827-03ce2f50af03 ] Request (ImagesMetadataTestJSON:tearDownClass): 204 DELETE http://10.180.1.21/image/v2/images/6fbba38b-6b29-4cf5-aaef-1bba09aebcff 0.109s
2025-03-06 13:38:38.669 68797 INFO tempest.lib.common.rest_client [req-98eb81d3-47b2-42a8-9dae-8a9e2cee8dad req-98eb81d3-47b2-42a8-9dae-8a9e2cee8dad ] Request (TenantUsagesTestJSON:setUpClass): 201 POST http://10.180.1.21/identity/v3/auth/tokens 0.147s
2025-03-06 13:38:38.714 68797 INFO tempest.lib.common.rest_client [req-497ff182-92af-4438-a92c-dc45c1338d31 req-497ff182-92af-4438-a92c-dc45c1338d31 ] Request (TenantUsagesTestJSON:setUpClass): 201 POST http://10.180.1.21/identity/v3/auth/tokens 0.042s
2025-03-06 13:38:38.719 68817 INFO tempest.lib.common.rest_client [req-1c26eff5-ef49-4c67-8828-7446aa70a423 req-1c26eff5-ef49-4c67-8828-7446aa70a423 ] Request (DeleteServersAdminTestJSON:test_admin_delete_servers_of_others): 200 GET http://10.180.1.21/compute/v2.1/servers/d01f1044-6830-49e8-8499-1bd08ff649c4 2.446s
2025-03-06 13:38:38.731 68817 INFO tempest.common.waiters [-] State transition "ACTIVE/deleting" ==> "DELETED/None" after 3 second wait
2025-03-06 13:38:38.765 68797 INFO tempest.lib.common.rest_client [req-2c59998a-245c-4805-beda-9b372e370200 req-2c59998a-245c-4805-beda-9b372e370200 ] Request (TenantUsagesTestJSON:setUpClass): 200 GET http://10.180.1.21/identity/v3/domains?name=Default 0.050s
2025-03-06 13:38:38.790 68837 INFO tempest.lib.common.rest_client [req-e6c0ba16-3dc3-4602-a154-ef05dc65aa7f req-e6c0ba16-3dc3-4602-a154-ef05dc65aa7f ] Request (ImagesMetadataTestJSON:tearDownClass): 204 DELETE http://10.180.1.21/identity/v3/users/bb0f9e102f314677bbbda8e8bc0c428d 0.127s
2025-03-06 13:38:38.791 68837 INFO tempest.lib.common.dynamic_creds [-] Deleting project and security group for project: af64909101b04269a9888171d6a6abdd
2025-03-06 13:38:38.800 68819 INFO tempest.lib.common.rest_client [req-004985b5-ce95-4811-8a26-bc0681799002 req-004985b5-ce95-4811-8a26-bc0681799002 ] Request (ImagesOneServerTestJSON:setUpClass): 200 GET http://10.180.1.21/compute/v2.1/servers/db74bbe8-44ec-4c61-adc7-1c64a89e2050 2.364s
2025-03-06 13:38:38.807 68819 INFO tempest.common.waiters [-] State transition "BUILD/spawning" ==> "ACTIVE/None" after 23 second wait
2025-03-06 13:38:38.820 68839 INFO tempest.lib.common.rest_client [req-c46cd0df-2e21-48b5-b485-a80422c91b6d req-c46cd0df-2e21-48b5-b485-a80422c91b6d ] Request (AttachInterfacesTestJSON:test_create_list_show_delete_interfaces_by_fixed_ip): 200 GET http://10.180.1.21/compute/v2.1/servers/cc5c4dc9-b6ce-4832-bb00-4e49bc7f2ff1 2.308s
2025-03-06 13:38:38.834 68793 INFO tempest.lib.common.rest_client [req-5098eded-c9ff-40fd-ac9f-cca42086d739 req-5098eded-c9ff-40fd-ac9f-cca42086d739 ] Request (FlavorsAdminTestJSON:_run_cleanups): 202 DELETE http://10.180.1.21/compute/v2.1/flavors/1434114544 2.313s
2025-03-06 13:38:38.835 68807 INFO tempest.lib.common.rest_client [req-3cd16111-06ca-4eea-832d-bd79050531ed req-3cd16111-06ca-4eea-832d-bd79050531ed ] Request (InstanceUsageAuditLogNegativeTestJSON:tearDownClass): 204 DELETE http://10.180.1.21:9696/networking/v2.0/security-groups/d6cb91bf-1e29-4991-84bd-0dd8dbf4ad23 0.207s
2025-03-06 13:38:38.856 68797 INFO tempest.lib.common.rest_client [req-3a08f364-19d8-484e-a93e-de96a0fca609 req-3a08f364-19d8-484e-a93e-de96a0fca609 ] Request (TenantUsagesTestJSON:setUpClass): 201 POST http://10.180.1.21/identity/v3/projects 0.090s
2025-03-06 13:38:38.871 68837 INFO tempest.lib.common.rest_client [req-51c20ade-de7f-4027-ad71-e92b473e8967 req-51c20ade-de7f-4027-ad71-e92b473e8967 ] Request (ImagesMetadataTestJSON:tearDownClass): 201 POST http://10.180.1.21/identity/v3/auth/tokens 0.079s
2025-03-06 13:38:38.880 68827 INFO tempest.lib.common.rest_client [req-1b636e0e-e6af-4e3b-b5c8-cdccdee00f1d req-1b636e0e-e6af-4e3b-b5c8-cdccdee00f1d ] Request (KeyPairsNegativeTestJSON:test_keypair_create_with_invalid_pub_key): 400 POST http://10.180.1.21/compute/v2.1/os-keypairs 2.247s
2025-03-06 13:38:38.900 68841 INFO tempest.lib.common.rest_client [req-340bc09b-1847-4e4c-9fef-1130df45b616 req-340bc09b-1847-4e4c-9fef-1130df45b616 ] Request (ImagesNegativeTestJSON:test_create_image_from_deleted_server): 200 GET http://10.180.1.21/compute/v2.1/servers/a42f135b-d830-484d-a150-1de21adbfcfc 2.262s
2025-03-06 13:38:38.939 68797 INFO tempest.lib.common.rest_client [req-8253ba08-1314-4391-b5c9-c9aa39e27993 req-8253ba08-1314-4391-b5c9-c9aa39e27993 ] Request (TenantUsagesTestJSON:setUpClass): 201 POST http://10.180.1.21/identity/v3/users 0.082s
2025-03-06 13:38:38.962 68805 INFO tempest.lib.common.rest_client [req-66d8f2b5-18db-4117-babb-f2b093870ddc req-66d8f2b5-18db-4117-babb-f2b093870ddc ] Request (MigrationsAdminTest:test_list_migrations_in_flavor_resize_situation): 200 GET http://10.180.1.21/compute/v2.1/servers/90eb84e2-88bc-468a-987a-cc2e865f6ea8 2.154s
2025-03-06 13:38:38.971 68805 INFO tempest.common.waiters [-] State transition "BUILD/None" ==> "BUILD/spawning" after 10 second wait
2025-03-06 13:38:38.994 68807 INFO tempest.lib.common.rest_client [req-960f645f-1c61-4144-b401-b09dc1802477 req-960f645f-1c61-4144-b401-b09dc1802477 ] Request (InstanceUsageAuditLogNegativeTestJSON:tearDownClass): 204 DELETE http://10.180.1.21/identity/v3/projects/6efd00511ccb4cf8b631bdab10e80c82 0.158s
2025-03-06 13:38:38.994 68807 INFO tempest.lib.common.dynamic_creds [-] Deleting project and security group for project: 2336b6eb5c60444a984510e9d9ccfdbe
2025-03-06 13:38:39.071 68797 INFO tempest.lib.common.rest_client [req-362fbd76-4881-4ea1-a2c8-b1b715fe08e0 req-362fbd76-4881-4ea1-a2c8-b1b715fe08e0 ] Request (TenantUsagesTestJSON:setUpClass): 200 GET http://10.180.1.21/identity/v3/roles 0.132s
2025-03-06 13:38:39.107 68797 INFO tempest.lib.common.rest_client [req-cd453ffb-301b-4c60-b4e8-4d1bbcebcefb req-cd453ffb-301b-4c60-b4e8-4d1bbcebcefb ] Request (TenantUsagesTestJSON:setUpClass): 204 PUT http://10.180.1.21/identity/v3/projects/09f42130afe34632ba27fd1ea9fa7406/users/88e1173c4107491b86c61b54d6071fa1/roles/87c7adc56fb54788ac42f508abe2ad94 0.035s
