2025-03-06 13:40:45.367 68821 INFO tempest.lib.common.fixed_network [-] (ServersTestFqdnHostnames:test_create_server_with_fqdn_name) Found network {'id': '1f319d74-9bd5-4aae-88b1-4c92bb4004c0', 'name': 'tempest-ServersTestFqdnHostnames-1377984079-network', 'tenant_id': 'c02de6c1abd04058afb3ff83e59fffd9', 'admin_state_up': True, 'mtu': 8950, 'status': 'ACTIVE', 'subnets': [], 'shared': False, 'project_id': 'c02de6c1abd04058afb3ff83e59fffd9', 'port_security_enabled': True, 'router:external': False, 'provider:network_type': 'vlan', 'provider:physical_network': 'default', 'provider:segmentation_id': 974, 'availability_zone_hints': [], 'availability_zones': [], 'ipv4_address_scope': None, 'ipv6_address_scope': None, 'description': '', 'tags': [], 'created_at': '2025-03-06T13:40:41Z', 'updated_at': '2025-03-06T13:40:41Z', 'revision_number': 1} available for tenant
2025-03-06 13:40:45.453 68795 INFO tempest.lib.common.rest_client [req-aaa31b1a-9afb-4940-879c-002a732973df req-aaa31b1a-9afb-4940-879c-002a732973df ] Request (ServersAdminNegativeTestJSON:test_migrate_server_invalid_state): 200 GET http://10.180.1.21/compute/v2.1/servers/7d7998dd-ccfe-4412-8e9a-d3b5490af278 0.066s
2025-03-06 13:40:45.506 68811 INFO tempest.lib.common.rest_client [req-503271a0-d134-42aa-b9d5-195c65bb381f req-503271a0-d134-42aa-b9d5-195c65bb381f ] Request (ImagesTestJSON:test_create_image_from_suspended_server): 200 GET http://10.180.1.21/compute/v2.1/servers/90cf41bc-ab5a-4775-8a27-2d5b24d30002 0.055s
2025-03-06 13:40:45.597 68845 INFO tempest.lib.common.rest_client [req-b990ec9b-9320-4ba2-9b15-5d8d7d774260 req-b990ec9b-9320-4ba2-9b15-5d8d7d774260 ] Request (MultipleCreateTestJSON:_run_cleanups): 200 GET http://10.180.1.21/compute/v2.1/servers/b2072172-2245-4f50-a9bc-dc3c1beda121 0.126s
2025-03-06 13:40:45.633 68807 INFO tempest.lib.common.rest_client [req-8e28bfda-9387-49bc-8a67-b0c2c8059aa6 req-8e28bfda-9387-49bc-8a67-b0c2c8059aa6 ] Request (ListImageFiltersTestJSON:setUpClass): 200 GET http://10.180.1.21/compute/v2.1/images/b62a30e1-0dfc-49c9-96ad-8b7fea4f866f 0.135s
2025-03-06 13:40:45.711 68831 INFO tempest.lib.common.rest_client [req-32a4b6c8-b704-475f-97fa-76e43d4992e0 req-32a4b6c8-b704-475f-97fa-76e43d4992e0 ] Request (ServersNegativeTestJSON:setUpClass): 200 GET http://10.180.1.21/compute/v2.1/servers/4fab89f6-3444-420e-b850-b1abf6dec136 0.164s
2025-03-06 13:40:45.806 68835 INFO tempest.lib.common.rest_client [req-11bd1946-f1d7-4fa4-90cf-38d380ee2fb5 req-11bd1946-f1d7-4fa4-90cf-38d380ee2fb5 ] Request (ServerAddressesTestJSON:tearDownClass): 200 GET http://10.180.1.21/compute/v2.1/servers/0d96dafa-99d7-4857-a3e4-9aacd1351b11 0.242s
2025-03-06 13:40:45.865 68785 INFO tempest.lib.common.rest_client [req-2debc682-698a-4ba3-bd29-d03091f610a1 req-2debc682-698a-4ba3-bd29-d03091f610a1 ] Request (ServerShowV254Test:test_rebuild_server): 200 GET http://10.180.1.21/compute/v2.1/servers/313032c0-fbc2-412b-9d9f-18fc97b79c78 0.241s
2025-03-06 13:40:45.874 68821 INFO tempest.lib.common.rest_client [req-39afb4fc-7d12-476a-a540-15c22633efd8 req-39afb4fc-7d12-476a-a540-15c22633efd8 ] Request (ServersTestFqdnHostnames:test_create_server_with_fqdn_name): 202 POST http://10.180.1.21/compute/v2.1/servers 0.507s
2025-03-06 13:40:45.930 68829 INFO tempest.lib.common.rest_client [req-dd2d5861-a6e5-469b-ba9f-4e30e1e45993 req-dd2d5861-a6e5-469b-ba9f-4e30e1e45993 ] Request (ImagesOneServerNegativeTestJSON:_run_cleanups): 200 GET http://10.180.1.21/compute/v2.1/servers/d05c7934-49ff-481f-a11f-38c80f0f330e 0.260s
2025-03-06 13:40:45.945 68817 INFO tempest.lib.common.rest_client [req-d8040aaa-9c20-4d74-ab24-6ae57e6062e1 req-d8040aaa-9c20-4d74-ab24-6ae57e6062e1 ] Request (ServersAdminTestJSON:setUpClass): 200 GET http://10.180.1.21/compute/v2.1/servers/292bc6a1-f7a2-400d-88dd-3148250b3f55 0.258s
2025-03-06 13:40:46.016 68805 INFO tempest.lib.common.rest_client [req-ad1d4b2b-1681-4b1f-bf50-76ad91773ee8 req-ad1d4b2b-1681-4b1f-bf50-76ad91773ee8 ] Request (MigrationsAdminTest:test_resize_server_revert_deleted_flavor): 200 GET http://10.180.1.21/compute/v2.1/servers/b675257a-5070-4c8a-90b5-229f93978764 0.206s
2025-03-06 13:40:46.022 68841 INFO tempest.lib.common.rest_client [req-9c88a7e9-6faf-4280-9f4f-736f6e25b840 req-9c88a7e9-6faf-4280-9f4f-736f6e25b840 ] Request (ServersListShow298Test:test_list_show_update_rebuild_server_298): 200 GET http://10.180.1.21/compute/v2.1/servers/72580eab-6d31-402f-b0a5-6eedbc8d62d6 0.279s
2025-03-06 13:40:46.037 68841 INFO tempest.common.waiters [-] State transition "BUILD/spawning" ==> "ACTIVE/None" after 69 second wait
2025-03-06 13:40:46.064 68821 INFO tempest.lib.common.rest_client [req-a25cc33d-0ea7-4348-bd4e-22fb94757236 req-a25cc33d-0ea7-4348-bd4e-22fb94757236 ] Request (ServersTestFqdnHostnames:test_create_server_with_fqdn_name): 200 GET http://10.180.1.21/compute/v2.1/servers/5cfcedad-7808-44f5-b9ab-9a97b1c42177 0.188s
2025-03-06 13:40:46.092 68834 INFO tempest.lib.common.rest_client [req-649054c2-8dc8-4478-92f9-8018c7357e00 req-649054c2-8dc8-4478-92f9-8018c7357e00 ] Request (ServerShowV257Test:test_rebuild_server): 200 GET http://10.180.1.21/compute/v2.1/servers/54de098c-d0f8-4987-8b42-c964156b16d0 0.195s
2025-03-06 13:40:46.185 68787 INFO tempest.lib.common.rest_client [req-557f0d47-7107-4c8b-a0f2-ab4c9b159931 req-557f0d47-7107-4c8b-a0f2-ab4c9b159931 ] Request (ServersAdmin275Test:tearDownClass): 200 GET http://10.180.1.21/compute/v2.1/servers/688dee16-e202-4ff5-9693-a8a79cb3b5e7 0.209s
2025-03-06 13:40:46.223 68816 INFO tempest.lib.common.rest_client [req-98a11e64-188b-438c-a6a3-3a5a3dc2a9bc req-98a11e64-188b-438c-a6a3-3a5a3dc2a9bc ] Request (VolumesAssistedSnapshotsTest:test_volume_assisted_snapshot_create_delete): 200 GET http://10.180.1.21/compute/v2.1/servers/0a5feb6e-625d-4b68-a971-e91b3b93a3df 0.229s
2025-03-06 13:40:46.249 68809 INFO tempest.lib.common.rest_client [req-af3d2edc-c4bd-4e9a-8df2-e0061ae4e765 req-af3d2edc-c4bd-4e9a-8df2-e0061ae4e765 ] Request (ServersWithSpecificFlavorTestJSON:test_verify_created_server_ephemeral_disk): 200 GET http://10.180.1.21/compute/v2.1/servers/fefbcbda-0d80-421b-9e42-79c8a038eb09 0.225s
2025-03-06 13:40:46.301 68813 INFO tempest.lib.common.rest_client [req-4030e304-a0c0-4701-918d-ed4772bc0652 req-4030e304-a0c0-4701-918d-ed4772bc0652 ] Request (ServerRescueTestJSONUnderV235:setUpClass): 200 GET http://10.180.1.21/compute/v2.1/servers/38281f32-3fce-40dd-83f1-56c133ea71ac 0.247s
2025-03-06 13:40:46.353 68791 INFO tempest.lib.common.rest_client [req-a67d082f-357a-4b6a-8e43-7fcc77fefa06 req-a67d082f-357a-4b6a-8e43-7fcc77fefa06 ] Request (ServersTestJSON:test_create_server_specify_multibyte_character_name): 200 GET http://10.180.1.21/compute/v2.1/servers/5241821c-6db7-482c-b466-9f15b8ad21e7 0.276s
2025-03-06 13:40:46.417 68797 INFO tempest.lib.common.rest_client [req-6982c6b5-0dc5-4da1-8fbe-4674a855b812 req-6982c6b5-0dc5-4da1-8fbe-4674a855b812 ] Request (ServersTestBootFromVolume:setUpClass): 200 GET http://10.180.1.21/compute/v2.1/servers/3b23fa39-37a3-4772-8970-d9f841b97faa 0.299s
2025-03-06 13:40:46.425 68841 INFO tempest.lib.common.rest_client [req-da5d8627-2e4e-4af6-a767-b7cbfc15f475 req-da5d8627-2e4e-4af6-a767-b7cbfc15f475 ] Request (ServersListShow298Test:test_list_show_update_rebuild_server_298): 200 GET http://10.180.1.21/compute/v2.1/servers/detail 0.386s
2025-03-06 13:40:46.479 68819 INFO tempest.lib.common.rest_client [req-ee1b624b-0755-4965-825d-c652fa31dbbd req-ee1b624b-0755-4965-825d-c652fa31dbbd ] Request (DeleteServersTestJSON:test_delete_active_server): 200 GET http://10.180.1.21/compute/v2.1/servers/c250fc4c-0d96-4a4a-9a90-8416efe09fdc 0.352s
2025-03-06 13:40:46.488 68837 INFO tempest.lib.common.rest_client [req-b107eafd-59c8-465e-bdfd-2881beffe66e req-b107eafd-59c8-465e-bdfd-2881beffe66e ] Request (ServerRescueTestJSON:setUpClass): 200 GET http://10.180.1.21/compute/v2.1/servers/8beb5243-5465-4efc-bfe9-5487a5ee16b5 0.323s
2025-03-06 13:40:46.542 68793 INFO tempest.lib.common.rest_client [req-ceaf3db1-df49-4393-9f41-94e9ce31fab2 req-ceaf3db1-df49-4393-9f41-94e9ce31fab2 ] Request (ServersTestMultiNic:_run_cleanups): 200 GET http://10.180.1.21/compute/v2.1/servers/5a62f3f8-6085-4b83-97de-363b63d6da97 0.180s
2025-03-06 13:40:46.563 68841 INFO tempest.lib.common.rest_client [req-d4468d4f-0f7d-47ae-950f-a987af7c5932 req-d4468d4f-0f7d-47ae-950f-a987af7c5932 ] Request (ServersListShow298Test:test_list_show_update_rebuild_server_298): 200 GET http://10.180.1.21/compute/v2.1/servers/72580eab-6d31-402f-b0a5-6eedbc8d62d6 0.120s
2025-03-06 13:40:46.593 68795 INFO tempest.lib.common.rest_client [req-73878d44-6703-4295-96c7-bbc86e443eb8 req-73878d44-6703-4295-96c7-bbc86e443eb8 ] Request (ServersAdminNegativeTestJSON:test_migrate_server_invalid_state): 200 GET http://10.180.1.21/compute/v2.1/servers/7d7998dd-ccfe-4412-8e9a-d3b5490af278 0.132s
2025-03-06 13:40:46.611 68811 INFO tempest.lib.common.rest_client [req-104b8c99-ca4d-46f6-94c3-72de15e9c5db req-104b8c99-ca4d-46f6-94c3-72de15e9c5db ] Request (ImagesTestJSON:test_create_image_from_suspended_server): 200 GET http://10.180.1.21/compute/v2.1/servers/90cf41bc-ab5a-4775-8a27-2d5b24d30002 0.096s
2025-03-06 13:40:46.661 68841 INFO tempest.lib.common.rest_client [req-ac812e9b-a316-4f50-b161-87b61e43c2e4 req-ac812e9b-a316-4f50-b161-87b61e43c2e4 ] Request (ServersListShow298Test:test_list_show_update_rebuild_server_298): 200 PUT http://10.180.1.21/compute/v2.1/servers/72580eab-6d31-402f-b0a5-6eedbc8d62d6 0.083s
2025-03-06 13:40:46.670 68845 INFO tempest.lib.common.rest_client [req-ac9b0d88-1316-4b40-aee7-707fab33cdb3 req-ac9b0d88-1316-4b40-aee7-707fab33cdb3 ] Request (MultipleCreateTestJSON:_run_cleanups): 200 GET http://10.180.1.21/compute/v2.1/servers/b2072172-2245-4f50-a9bc-dc3c1beda121 0.065s
2025-03-06 13:40:46.715 68807 INFO tempest.lib.common.rest_client [req-d22a8b1f-08bd-4b97-8e40-4546f91002b6 req-d22a8b1f-08bd-4b97-8e40-4546f91002b6 ] Request (ListImageFiltersTestJSON:setUpClass): 200 GET http://10.180.1.21/compute/v2.1/images/b62a30e1-0dfc-49c9-96ad-8b7fea4f866f 0.077s
2025-03-06 13:40:46.785 68831 INFO tempest.lib.common.rest_client [req-3007ff6a-b2dd-4df3-90cd-1fef3a10fdd1 req-3007ff6a-b2dd-4df3-90cd-1fef3a10fdd1 ] Request (ServersNegativeTestJSON:setUpClass): 200 GET http://10.180.1.21/compute/v2.1/servers/4fab89f6-3444-420e-b850-b1abf6dec136 0.066s
2025-03-06 13:40:46.875 68835 INFO tempest.lib.common.rest_client [req-b48ad34e-be38-4329-bd68-1b66e6d070e1 req-b48ad34e-be38-4329-bd68-1b66e6d070e1 ] Request (ServerAddressesTestJSON:tearDownClass): 200 GET http://10.180.1.21/compute/v2.1/servers/0d96dafa-99d7-4857-a3e4-9aacd1351b11 0.058s
2025-03-06 13:40:46.924 68841 INFO tempest.lib.common.rest_client [req-3fae68bb-7510-4785-a6e0-261b43c2838b req-3fae68bb-7510-4785-a6e0-261b43c2838b ] Request (ServersListShow298Test:test_list_show_update_rebuild_server_298): 202 POST http://10.180.1.21/compute/v2.1/servers/72580eab-6d31-402f-b0a5-6eedbc8d62d6/action 0.253s
2025-03-06 13:40:46.935 68785 INFO tempest.lib.common.rest_client [req-6747cdeb-75dc-4f40-946a-bfc1f14aed0c req-6747cdeb-75dc-4f40-946a-bfc1f14aed0c ] Request (ServerShowV254Test:test_rebuild_server): 200 GET http://10.180.1.21/compute/v2.1/servers/313032c0-fbc2-412b-9d9f-18fc97b79c78 0.058s
2025-03-06 13:40:47.005 68829 INFO tempest.lib.common.rest_client [req-4daea56b-3495-401d-86df-d20d9cdd65a3 req-4daea56b-3495-401d-86df-d20d9cdd65a3 ] Request (ImagesOneServerNegativeTestJSON:_run_cleanups): 200 GET http://10.180.1.21/compute/v2.1/servers/d05c7934-49ff-481f-a11f-38c80f0f330e 0.062s
2025-03-06 13:40:47.008 68841 INFO tempest.lib.common.rest_client [req-432ceeba-9bf5-403a-9d42-1e43326b6e93 req-432ceeba-9bf5-403a-9d42-1e43326b6e93 ] Request (ServersListShow298Test:test_list_show_update_rebuild_server_298): 200 GET http://10.180.1.21/compute/v2.1/servers/72580eab-6d31-402f-b0a5-6eedbc8d62d6 0.072s
2025-03-06 13:40:47.052 68817 INFO tempest.lib.common.rest_client [req-c62eac6d-b5ae-4700-a313-82d84d5dabf4 req-c62eac6d-b5ae-4700-a313-82d84d5dabf4 ] Request (ServersAdminTestJSON:setUpClass): 200 GET http://10.180.1.21/compute/v2.1/servers/292bc6a1-f7a2-400d-88dd-3148250b3f55 0.097s
2025-03-06 13:40:47.074 68805 INFO tempest.lib.common.rest_client [req-c61539e4-9027-4232-b140-08db074dccec req-c61539e4-9027-4232-b140-08db074dccec ] Request (MigrationsAdminTest:test_resize_server_revert_deleted_flavor): 200 GET http://10.180.1.21/compute/v2.1/servers/b675257a-5070-4c8a-90b5-229f93978764 0.048s
2025-03-06 13:40:47.123 68821 INFO tempest.lib.common.rest_client [req-f2a6ca57-93aa-4bc5-b9cd-bf651baf2574 req-f2a6ca57-93aa-4bc5-b9cd-bf651baf2574 ] Request (ServersTestFqdnHostnames:test_create_server_with_fqdn_name): 200 GET http://10.180.1.21/compute/v2.1/servers/5cfcedad-7808-44f5-b9ab-9a97b1c42177 0.051s
2025-03-06 13:40:47.141 68823 WARNING tempest.lib.common.ssh [-] Failed to establish authenticated ssh connection to cirros@10.180.180.199 ([Errno None] Unable to connect to port 22 on 10.180.180.199). Number attempts: 2. Retry after 3 seconds.: paramiko.ssh_exception.NoValidConnectionsError: [Errno None] Unable to connect to port 22 on 10.180.180.199
2025-03-06 13:40:47.158 68834 INFO tempest.lib.common.rest_client [req-0c4198c0-e93e-4ea2-9a1e-b9bc9bef4dfe req-0c4198c0-e93e-4ea2-9a1e-b9bc9bef4dfe ] Request (ServerShowV257Test:test_rebuild_server): 200 GET http://10.180.1.21/compute/v2.1/servers/54de098c-d0f8-4987-8b42-c964156b16d0 0.050s
2025-03-06 13:40:47.255 68787 INFO tempest.lib.common.rest_client [req-c4f6e547-99db-423b-bc1e-858a12dfcc28 req-c4f6e547-99db-423b-bc1e-858a12dfcc28 ] Request (ServersAdmin275Test:tearDownClass): 200 GET http://10.180.1.21/compute/v2.1/servers/688dee16-e202-4ff5-9693-a8a79cb3b5e7 0.059s
2025-03-06 13:40:47.311 68809 INFO tempest.lib.common.rest_client [req-6a4f5103-65a9-4df0-a2a3-3d78ef03b45d req-6a4f5103-65a9-4df0-a2a3-3d78ef03b45d ] Request (ServersWithSpecificFlavorTestJSON:test_verify_created_server_ephemeral_disk): 200 GET http://10.180.1.21/compute/v2.1/servers/fefbcbda-0d80-421b-9e42-79c8a038eb09 0.053s
2025-03-06 13:40:47.361 68813 INFO tempest.lib.common.rest_client [req-fdf701bc-3df0-453c-b00f-255f3f29137e req-fdf701bc-3df0-453c-b00f-255f3f29137e ] Request (ServerRescueTestJSONUnderV235:setUpClass): 200 GET http://10.180.1.21/compute/v2.1/servers/38281f32-3fce-40dd-83f1-56c133ea71ac 0.052s
2025-03-06 13:40:47.415 68791 INFO tempest.lib.common.rest_client [req-c33ff664-169c-49b2-87f3-d49260b3598d req-c33ff664-169c-49b2-87f3-d49260b3598d ] Request (ServersTestJSON:test_create_server_specify_multibyte_character_name): 200 GET http://10.180.1.21/compute/v2.1/servers/5241821c-6db7-482c-b466-9f15b8ad21e7 0.053s
2025-03-06 13:40:47.429 68816 INFO tempest.lib.common.rest_client [req-6389b5f2-8edc-414f-bebe-e56915611236 req-6389b5f2-8edc-414f-bebe-e56915611236 ] Request (VolumesAssistedSnapshotsTest:test_volume_assisted_snapshot_create_delete): 200 GET http://10.180.1.21/compute/v2.1/servers/0a5feb6e-625d-4b68-a971-e91b3b93a3df 0.198s
2025-03-06 13:40:47.437 68816 INFO tempest.common.waiters [-] State transition "BUILD/spawning" ==> "ACTIVE/None" after 84 second wait
2025-03-06 13:40:47.461 68801 WARNING tempest.lib.common.ssh [-] Failed to establish authenticated ssh connection to cirros@10.180.180.202 ([Errno None] Unable to connect to port 22 on 10.180.180.202). Number attempts: 11. Retry after 12 seconds.: paramiko.ssh_exception.NoValidConnectionsError: [Errno None] Unable to connect to port 22 on 10.180.180.202
2025-03-06 13:40:47.477 68797 INFO tempest.lib.common.rest_client [req-f0dc5603-130e-4308-90c4-8f982c43587e req-f0dc5603-130e-4308-90c4-8f982c43587e ] Request (ServersTestBootFromVolume:setUpClass): 200 GET http://10.180.1.21/compute/v2.1/servers/3b23fa39-37a3-4772-8970-d9f841b97faa 0.051s
2025-03-06 13:40:47.484 68797 INFO tempest.common.waiters [-] State transition "BUILD/scheduling" ==> "BUILD/None" after 29 second wait
2025-03-06 13:40:47.508 68816 INFO tempest.lib.common.rest_client [req-b232f879-c250-4776-892a-68d71afc02a9 req-b232f879-c250-4776-892a-68d71afc02a9 ] Request (VolumesAssistedSnapshotsTest:test_volume_assisted_snapshot_create_delete): 200 GET http://10.180.1.21/compute/v2.1/servers/0a5feb6e-625d-4b68-a971-e91b3b93a3df/os-interface 0.070s
2025-03-06 13:40:47.568 68819 INFO tempest.lib.common.rest_client [req-bfe3b13d-d6f1-4620-a5e8-4bd226348b2b req-bfe3b13d-d6f1-4620-a5e8-4bd226348b2b ] Request (DeleteServersTestJSON:test_delete_active_server): 200 GET http://10.180.1.21/compute/v2.1/servers/c250fc4c-0d96-4a4a-9a90-8416efe09fdc 0.081s
2025-03-06 13:40:47.581 68837 INFO tempest.lib.common.rest_client [req-69068b33-ad89-4613-8095-ebdb929bcb30 req-69068b33-ad89-4613-8095-ebdb929bcb30 ] Request (ServerRescueTestJSON:setUpClass): 200 GET http://10.180.1.21/compute/v2.1/servers/8beb5243-5465-4efc-bfe9-5487a5ee16b5 0.085s
2025-03-06 13:40:47.643 68793 INFO tempest.lib.common.rest_client [req-47be67e0-f07d-4465-b438-2a2d403cbbfe req-47be67e0-f07d-4465-b438-2a2d403cbbfe ] Request (ServersTestMultiNic:_run_cleanups): 200 GET http://10.180.1.21/compute/v2.1/servers/5a62f3f8-6085-4b83-97de-363b63d6da97 0.091s
2025-03-06 13:40:47.654 68793 INFO tempest.common.waiters [-] State transition "ACTIVE/deleting" ==> "DELETED/None" after 4 second wait
2025-03-06 13:40:47.667 68795 INFO tempest.lib.common.rest_client [req-963778bd-0843-4fc8-ab45-1475aac47991 req-963778bd-0843-4fc8-ab45-1475aac47991 ] Request (ServersAdminNegativeTestJSON:test_migrate_server_invalid_state): 200 GET http://10.180.1.21/compute/v2.1/servers/7d7998dd-ccfe-4412-8e9a-d3b5490af278 0.066s
2025-03-06 13:40:47.712 68811 INFO tempest.lib.common.rest_client [req-139e850b-a7c3-48e4-963f-341e6d999cdb req-139e850b-a7c3-48e4-963f-341e6d999cdb ] Request (ImagesTestJSON:test_create_image_from_suspended_server): 200 GET http://10.180.1.21/compute/v2.1/servers/90cf41bc-ab5a-4775-8a27-2d5b24d30002 0.095s
2025-03-06 13:40:47.737 68845 INFO tempest.lib.common.rest_client [req-522f9dab-9da0-4750-8ae5-b25111d571a3 req-522f9dab-9da0-4750-8ae5-b25111d571a3 ] Request (MultipleCreateTestJSON:_run_cleanups): 200 GET http://10.180.1.21/compute/v2.1/servers/b2072172-2245-4f50-a9bc-dc3c1beda121 0.059s
2025-03-06 13:40:47.759 68807 INFO tempest.lib.common.rest_client [req-8d41f33e-eb94-44f1-993e-1e37dfac2d65 req-8d41f33e-eb94-44f1-993e-1e37dfac2d65 ] Request (ListImageFiltersTestJSON:setUpClass): 200 GET http://10.180.1.21/compute/v2.1/images/b62a30e1-0dfc-49c9-96ad-8b7fea4f866f 0.035s
2025-03-06 13:40:47.884 68831 INFO tempest.lib.common.rest_client [req-a0d24729-6ecf-47b5-8f1d-a14baa09b6e4 req-a0d24729-6ecf-47b5-8f1d-a14baa09b6e4 ] Request (ServersNegativeTestJSON:setUpClass): 200 GET http://10.180.1.21/compute/v2.1/servers/4fab89f6-3444-420e-b850-b1abf6dec136 0.090s
2025-03-06 13:40:47.979 68835 INFO tempest.lib.common.rest_client [req-ff23ea3c-4b08-4e29-9980-e3b2c7fcd6ca req-ff23ea3c-4b08-4e29-9980-e3b2c7fcd6ca ] Request (ServerAddressesTestJSON:tearDownClass): 200 GET http://10.180.1.21/compute/v2.1/servers/0d96dafa-99d7-4857-a3e4-9aacd1351b11 0.089s
2025-03-06 13:40:48.009 68785 INFO tempest.lib.common.rest_client [req-9e0c2214-bf8e-4a89-a147-4cb8399ba8e3 req-9e0c2214-bf8e-4a89-a147-4cb8399ba8e3 ] Request (ServerShowV254Test:test_rebuild_server): 200 GET http://10.180.1.21/compute/v2.1/servers/313032c0-fbc2-412b-9d9f-18fc97b79c78 0.065s
2025-03-06 13:40:48.070 68829 INFO tempest.lib.common.rest_client [req-c2586c06-3a53-4f6e-8094-989d81c7ae8f req-c2586c06-3a53-4f6e-8094-989d81c7ae8f ] Request (ImagesOneServerNegativeTestJSON:_run_cleanups): 200 GET http://10.180.1.21/compute/v2.1/servers/d05c7934-49ff-481f-a11f-38c80f0f330e 0.056s
2025-03-06 13:40:48.096 68841 INFO tempest.lib.common.rest_client [req-ad8bcd48-21ac-4fd7-a219-fb29ee4ea48e req-ad8bcd48-21ac-4fd7-a219-fb29ee4ea48e ] Request (ServersListShow298Test:test_list_show_update_rebuild_server_298): 200 GET http://10.180.1.21/compute/v2.1/servers/72580eab-6d31-402f-b0a5-6eedbc8d62d6 0.076s
2025-03-06 13:40:48.133 68817 INFO tempest.lib.common.rest_client [req-4ad659cd-6a33-459e-bf73-1a30b0ca4624 req-4ad659cd-6a33-459e-bf73-1a30b0ca4624 ] Request (ServersAdminTestJSON:setUpClass): 200 GET http://10.180.1.21/compute/v2.1/servers/292bc6a1-f7a2-400d-88dd-3148250b3f55 0.073s
2025-03-06 13:40:48.158 68805 INFO tempest.lib.common.rest_client [req-3d4afb55-ac22-45c8-8101-20564aadebe5 req-3d4afb55-ac22-45c8-8101-20564aadebe5 ] Request (MigrationsAdminTest:test_resize_server_revert_deleted_flavor): 200 GET http://10.180.1.21/compute/v2.1/servers/b675257a-5070-4c8a-90b5-229f93978764 0.075s
2025-03-06 13:40:48.195 68816 INFO tempest.lib.common.rest_client [req-4a12f512-b67d-4919-9489-92a9d67b68d4 req-4a12f512-b67d-4919-9489-92a9d67b68d4 ] Request (VolumesAssistedSnapshotsTest:test_volume_assisted_snapshot_create_delete): 200 PUT http://10.180.1.21:9696/networking/v2.0/floatingips/db723dad-f242-433a-9390-572f18d520f6 0.685s
2025-03-06 13:40:48.196 68816 INFO tempest.lib.common.ssh [-] Creating ssh connection to '10.180.180.250:22' as 'cirros' with public key authentication
2025-03-06 13:40:48.203 68821 INFO tempest.lib.common.rest_client [req-77712b62-7631-455d-8caa-bddb3cb6285e req-77712b62-7631-455d-8caa-bddb3cb6285e ] Request (ServersTestFqdnHostnames:test_create_server_with_fqdn_name): 200 GET http://10.180.1.21/compute/v2.1/servers/5cfcedad-7808-44f5-b9ab-9a97b1c42177 0.072s
2025-03-06 13:40:48.224 68834 INFO tempest.lib.common.rest_client [req-15099019-f89e-463d-a2f3-d3d079668127 req-15099019-f89e-463d-a2f3-d3d079668127 ] Request (ServerShowV257Test:test_rebuild_server): 200 GET http://10.180.1.21/compute/v2.1/servers/54de098c-d0f8-4987-8b42-c964156b16d0 0.056s
2025-03-06 13:40:48.319 68787 INFO tempest.lib.common.rest_client [req-e6b4735b-5964-43f2-8804-277df0eb31b4 req-e6b4735b-5964-43f2-8804-277df0eb31b4 ] Request (ServersAdmin275Test:tearDownClass): 200 GET http://10.180.1.21/compute/v2.1/servers/688dee16-e202-4ff5-9693-a8a79cb3b5e7 0.054s
2025-03-06 13:40:48.377 68809 INFO tempest.lib.common.rest_client [req-b1849e0f-7801-4094-8633-182fe6386a11 req-b1849e0f-7801-4094-8633-182fe6386a11 ] Request (ServersWithSpecificFlavorTestJSON:test_verify_created_server_ephemeral_disk): 200 GET http://10.180.1.21/compute/v2.1/servers/fefbcbda-0d80-421b-9e42-79c8a038eb09 0.059s
2025-03-06 13:40:48.417 68813 INFO tempest.lib.common.rest_client [req-d1cf9ea5-f11b-4da7-b73a-3e851052b696 req-d1cf9ea5-f11b-4da7-b73a-3e851052b696 ] Request (ServerRescueTestJSONUnderV235:setUpClass): 200 GET http://10.180.1.21/compute/v2.1/servers/38281f32-3fce-40dd-83f1-56c133ea71ac 0.048s
2025-03-06 13:40:48.478 68791 INFO tempest.lib.common.rest_client [req-3eced1f8-74df-44ee-ba1d-3adc63fa871b req-3eced1f8-74df-44ee-ba1d-3adc63fa871b ] Request (ServersTestJSON:test_create_server_specify_multibyte_character_name): 200 GET http://10.180.1.21/compute/v2.1/servers/5241821c-6db7-482c-b466-9f15b8ad21e7 0.055s
2025-03-06 13:40:48.550 68797 INFO tempest.lib.common.rest_client [req-20154283-1197-40c4-936d-dbc107eb1a2e req-20154283-1197-40c4-936d-dbc107eb1a2e ] Request (ServersTestBootFromVolume:setUpClass): 200 GET http://10.180.1.21/compute/v2.1/servers/3b23fa39-37a3-4772-8970-d9f841b97faa 0.064s
2025-03-06 13:40:48.624 68819 INFO tempest.lib.common.rest_client [req-9e899866-a616-4146-b917-b70633bd182a req-9e899866-a616-4146-b917-b70633bd182a ] Request (DeleteServersTestJSON:test_delete_active_server): 200 GET http://10.180.1.21/compute/v2.1/servers/c250fc4c-0d96-4a4a-9a90-8416efe09fdc 0.048s
2025-03-06 13:40:48.639 68837 INFO tempest.lib.common.rest_client [req-f9c3d1e3-9d5e-4f01-81a8-7af5d9a01170 req-f9c3d1e3-9d5e-4f01-81a8-7af5d9a01170 ] Request (ServerRescueTestJSON:setUpClass): 200 GET http://10.180.1.21/compute/v2.1/servers/8beb5243-5465-4efc-bfe9-5487a5ee16b5 0.050s
2025-03-06 13:40:48.715 68793 INFO tempest.lib.common.rest_client [req-135d4ee1-abfe-4e87-808e-e8eea09abf6e req-135d4ee1-abfe-4e87-808e-e8eea09abf6e ] Request (ServersTestMultiNic:_run_cleanups): 200 GET http://10.180.1.21/compute/v2.1/servers/5a62f3f8-6085-4b83-97de-363b63d6da97 0.060s
2025-03-06 13:40:48.959 68795 INFO tempest.lib.common.rest_client [req-8567501b-99fc-46a7-8c19-6a009bdd5497 req-8567501b-99fc-46a7-8c19-6a009bdd5497 ] Request (ServersAdminNegativeTestJSON:test_migrate_server_invalid_state): 200 GET http://10.180.1.21/compute/v2.1/servers/7d7998dd-ccfe-4412-8e9a-d3b5490af278 0.284s
2025-03-06 13:40:48.964 68811 INFO tempest.lib.common.rest_client [req-f2150a1b-4ee2-471a-a08a-76f918d29ec6 req-f2150a1b-4ee2-471a-a08a-76f918d29ec6 ] Request (ImagesTestJSON:test_create_image_from_suspended_server): 200 GET http://10.180.1.21/compute/v2.1/servers/90cf41bc-ab5a-4775-8a27-2d5b24d30002 0.243s
2025-03-06 13:40:49.015 68807 INFO tempest.lib.common.rest_client [req-789682f0-87df-49f9-bbdc-2b7b08d8926e req-789682f0-87df-49f9-bbdc-2b7b08d8926e ] Request (ListImageFiltersTestJSON:setUpClass): 200 GET http://10.180.1.21/compute/v2.1/images/b62a30e1-0dfc-49c9-96ad-8b7fea4f866f 0.252s
2025-03-06 13:40:49.055 68845 INFO tempest.lib.common.rest_client [req-05486f43-22d3-4781-b2a6-c2ebed167ebd req-05486f43-22d3-4781-b2a6-c2ebed167ebd ] Request (MultipleCreateTestJSON:_run_cleanups): 200 GET http://10.180.1.21/compute/v2.1/servers/b2072172-2245-4f50-a9bc-dc3c1beda121 0.309s
2025-03-06 13:40:49.074 68831 INFO tempest.lib.common.rest_client [req-30bbd050-0616-4b78-9506-75a10b937844 req-30bbd050-0616-4b78-9506-75a10b937844 ] Request (ServersNegativeTestJSON:setUpClass): 200 GET http://10.180.1.21/compute/v2.1/servers/4fab89f6-3444-420e-b850-b1abf6dec136 0.182s
2025-03-06 13:40:49.115 68835 INFO tempest.lib.common.rest_client [req-5ad3cebb-f4b3-483f-ba91-0243e12892cd req-5ad3cebb-f4b3-483f-ba91-0243e12892cd ] Request (ServerAddressesTestJSON:tearDownClass): 200 GET http://10.180.1.21/compute/v2.1/servers/0d96dafa-99d7-4857-a3e4-9aacd1351b11 0.125s
2025-03-06 13:40:49.128 68785 INFO tempest.lib.common.rest_client [req-1050e87f-a437-4502-8c61-7e0f293da9d5 req-1050e87f-a437-4502-8c61-7e0f293da9d5 ] Request (ServerShowV254Test:test_rebuild_server): 200 GET http://10.180.1.21/compute/v2.1/servers/313032c0-fbc2-412b-9d9f-18fc97b79c78 0.110s
2025-03-06 13:40:49.167 68829 INFO tempest.lib.common.rest_client [req-cfd2ed90-a3d0-413a-8b65-e26c0a7897df req-cfd2ed90-a3d0-413a-8b65-e26c0a7897df ] Request (ImagesOneServerNegativeTestJSON:_run_cleanups): 200 GET http://10.180.1.21/compute/v2.1/servers/d05c7934-49ff-481f-a11f-38c80f0f330e 0.087s
2025-03-06 13:40:49.187 68841 INFO tempest.lib.common.rest_client [req-bdbfb3d4-ffce-477c-ade1-3f6a4cdf4656 req-bdbfb3d4-ffce-477c-ade1-3f6a4cdf4656 ] Request (ServersListShow298Test:test_list_show_update_rebuild_server_298): 200 GET http://10.180.1.21/compute/v2.1/servers/72580eab-6d31-402f-b0a5-6eedbc8d62d6 0.071s
2025-03-06 13:40:49.216 68817 INFO tempest.lib.common.rest_client [req-ec5a2caf-b3a2-47d3-8694-9c7f288f6213 req-ec5a2caf-b3a2-47d3-8694-9c7f288f6213 ] Request (ServersAdminTestJSON:setUpClass): 200 GET http://10.180.1.21/compute/v2.1/servers/292bc6a1-f7a2-400d-88dd-3148250b3f55 0.074s
2025-03-06 13:40:49.234 68805 INFO tempest.lib.common.rest_client [req-6ee7fa1e-19b4-4d13-8de8-e6702ca75b28 req-6ee7fa1e-19b4-4d13-8de8-e6702ca75b28 ] Request (MigrationsAdminTest:test_resize_server_revert_deleted_flavor): 200 GET http://10.180.1.21/compute/v2.1/servers/b675257a-5070-4c8a-90b5-229f93978764 0.068s
2025-03-06 13:40:49.240 68805 INFO tempest.common.waiters [-] State transition "BUILD/scheduling" ==> "BUILD/None" after 29 second wait
2025-03-06 13:40:49.263 68821 INFO tempest.lib.common.rest_client [req-c280b702-7ec1-4968-b084-5047ce5c59d0 req-c280b702-7ec1-4968-b084-5047ce5c59d0 ] Request (ServersTestFqdnHostnames:test_create_server_with_fqdn_name): 200 GET http://10.180.1.21/compute/v2.1/servers/5cfcedad-7808-44f5-b9ab-9a97b1c42177 0.052s
2025-03-06 13:40:49.288 68834 INFO tempest.lib.common.rest_client [req-5dbc8a49-65e8-421c-816e-2b502d56a9e2 req-5dbc8a49-65e8-421c-816e-2b502d56a9e2 ] Request (ServerShowV257Test:test_rebuild_server): 200 GET http://10.180.1.21/compute/v2.1/servers/54de098c-d0f8-4987-8b42-c964156b16d0 0.054s
2025-03-06 13:40:49.391 68787 INFO tempest.lib.common.rest_client [req-f250cf59-4e28-47ad-aa23-28a57ab60ffb req-f250cf59-4e28-47ad-aa23-28a57ab60ffb ] Request (ServersAdmin275Test:tearDownClass): 200 GET http://10.180.1.21/compute/v2.1/servers/688dee16-e202-4ff5-9693-a8a79cb3b5e7 0.062s
2025-03-06 13:40:49.401 68787 INFO tempest.common.waiters [-] State transition "ACTIVE/deleting" ==> "DELETED/None" after 5 second wait
2025-03-06 13:40:49.439 68809 INFO tempest.lib.common.rest_client [req-b85cf3cd-bd08-466b-907d-722b9ad49d21 req-b85cf3cd-bd08-466b-907d-722b9ad49d21 ] Request (ServersWithSpecificFlavorTestJSON:test_verify_created_server_ephemeral_disk): 200 GET http://10.180.1.21/compute/v2.1/servers/fefbcbda-0d80-421b-9e42-79c8a038eb09 0.053s
2025-03-06 13:40:49.479 68813 INFO tempest.lib.common.rest_client [req-72b0a3e1-7437-44dc-8ec3-128bcd1681b3 req-72b0a3e1-7437-44dc-8ec3-128bcd1681b3 ] Request (ServerRescueTestJSONUnderV235:setUpClass): 200 GET http://10.180.1.21/compute/v2.1/servers/38281f32-3fce-40dd-83f1-56c133ea71ac 0.054s
2025-03-06 13:40:49.538 68791 INFO tempest.lib.common.rest_client [req-15795839-8703-4e20-89f8-781b6dfaf831 req-15795839-8703-4e20-89f8-781b6dfaf831 ] Request (ServersTestJSON:test_create_server_specify_multibyte_character_name): 200 GET http://10.180.1.21/compute/v2.1/servers/5241821c-6db7-482c-b466-9f15b8ad21e7 0.051s
2025-03-06 13:40:49.610 68797 INFO tempest.lib.common.rest_client [req-b0e93510-319c-4764-b8a3-0ddd60dda680 req-b0e93510-319c-4764-b8a3-0ddd60dda680 ] Request (ServersTestBootFromVolume:setUpClass): 200 GET http://10.180.1.21/compute/v2.1/servers/3b23fa39-37a3-4772-8970-d9f841b97faa 0.052s
2025-03-06 13:40:49.629 68827 WARNING tempest.lib.common.ssh [-] Failed to establish authenticated ssh connection to cirros@10.180.180.246 ([Errno None] Unable to connect to port 22 on 10.180.180.246). Number attempts: 9. Retry after 10 seconds.: paramiko.ssh_exception.NoValidConnectionsError: [Errno None] Unable to connect to port 22 on 10.180.180.246
2025-03-06 13:40:49.686 68819 INFO tempest.lib.common.rest_client [req-02fdd823-8939-45ff-ad21-23b2aed5740b req-02fdd823-8939-45ff-ad21-23b2aed5740b ] Request (DeleteServersTestJSON:test_delete_active_server): 200 GET http://10.180.1.21/compute/v2.1/servers/c250fc4c-0d96-4a4a-9a90-8416efe09fdc 0.054s
2025-03-06 13:40:49.702 68837 INFO tempest.lib.common.rest_client [req-7bf6de5a-eb17-4639-a2a5-0dfa867dc25c req-7bf6de5a-eb17-4639-a2a5-0dfa867dc25c ] Request (ServerRescueTestJSON:setUpClass): 200 GET http://10.180.1.21/compute/v2.1/servers/8beb5243-5465-4efc-bfe9-5487a5ee16b5 0.054s
2025-03-06 13:40:49.781 68793 INFO tempest.lib.common.rest_client [req-fb142fcf-b229-4f1f-9588-bceb940b156c req-fb142fcf-b229-4f1f-9588-bceb940b156c ] Request (ServersTestMultiNic:_run_cleanups): 200 GET http://10.180.1.21/compute/v2.1/servers/5a62f3f8-6085-4b83-97de-363b63d6da97 0.058s
2025-03-06 13:40:50.024 68795 INFO tempest.lib.common.rest_client [req-95881b2c-d65b-4cf4-82e7-2feb6fdd0430 req-95881b2c-d65b-4cf4-82e7-2feb6fdd0430 ] Request (ServersAdminNegativeTestJSON:test_migrate_server_invalid_state): 200 GET http://10.180.1.21/compute/v2.1/servers/7d7998dd-ccfe-4412-8e9a-d3b5490af278 0.057s
2025-03-06 13:40:50.031 68811 INFO tempest.lib.common.rest_client [req-aae964a4-7920-4093-8deb-1c54accb1405 req-aae964a4-7920-4093-8deb-1c54accb1405 ] Request (ImagesTestJSON:test_create_image_from_suspended_server): 200 GET http://10.180.1.21/compute/v2.1/servers/90cf41bc-ab5a-4775-8a27-2d5b24d30002 0.059s
2025-03-06 13:40:50.054 68807 INFO tempest.lib.common.rest_client [req-2ec497db-9c67-4041-b0a3-f4459f0a5142 req-2ec497db-9c67-4041-b0a3-f4459f0a5142 ] Request (ListImageFiltersTestJSON:setUpClass): 200 GET http://10.180.1.21/compute/v2.1/images/b62a30e1-0dfc-49c9-96ad-8b7fea4f866f 0.035s
2025-03-06 13:40:50.121 68845 INFO tempest.lib.common.rest_client [req-c49ab1d6-4e7c-4d37-9efd-abc74725f2aa req-c49ab1d6-4e7c-4d37-9efd-abc74725f2aa ] Request (MultipleCreateTestJSON:_run_cleanups): 200 GET http://10.180.1.21/compute/v2.1/servers/b2072172-2245-4f50-a9bc-dc3c1beda121 0.058s
2025-03-06 13:40:50.139 68831 INFO tempest.lib.common.rest_client [req-cde0c5e6-d32e-4d14-81e1-a20754190fc0 req-cde0c5e6-d32e-4d14-81e1-a20754190fc0 ] Request (ServersNegativeTestJSON:setUpClass): 200 GET http://10.180.1.21/compute/v2.1/servers/4fab89f6-3444-420e-b850-b1abf6dec136 0.054s
2025-03-06 13:40:50.183 68835 INFO tempest.lib.common.rest_client [req-bc459331-a092-43b3-9a70-7d9edcf11111 req-bc459331-a092-43b3-9a70-7d9edcf11111 ] Request (ServerAddressesTestJSON:tearDownClass): 200 GET http://10.180.1.21/compute/v2.1/servers/0d96dafa-99d7-4857-a3e4-9aacd1351b11 0.060s
2025-03-06 13:40:50.191 68785 INFO tempest.lib.common.rest_client [req-4c25694e-791d-4e12-bcf0-b91f91a9ace0 req-4c25694e-791d-4e12-bcf0-b91f91a9ace0 ] Request (ServerShowV254Test:test_rebuild_server): 200 GET http://10.180.1.21/compute/v2.1/servers/313032c0-fbc2-412b-9d9f-18fc97b79c78 0.053s
2025-03-06 13:40:50.229 68829 INFO tempest.lib.common.rest_client [req-0bee5dbc-455d-4093-af4d-9a59a3af6ea7 req-0bee5dbc-455d-4093-af4d-9a59a3af6ea7 ] Request (ImagesOneServerNegativeTestJSON:_run_cleanups): 200 GET http://10.180.1.21/compute/v2.1/servers/d05c7934-49ff-481f-a11f-38c80f0f330e 0.054s
2025-03-06 13:40:50.254 68841 INFO tempest.lib.common.rest_client [req-e6a2483f-3a65-4243-a667-9801673645f0 req-e6a2483f-3a65-4243-a667-9801673645f0 ] Request (ServersListShow298Test:test_list_show_update_rebuild_server_298): 200 GET http://10.180.1.21/compute/v2.1/servers/72580eab-6d31-402f-b0a5-6eedbc8d62d6 0.057s
2025-03-06 13:40:50.264 68841 INFO tempest.common.waiters [-] State transition "REBUILD/rebuilding" ==> "REBUILD/rebuild_spawning" after 3 second wait
2025-03-06 13:40:50.273 68817 INFO tempest.lib.common.rest_client [req-43967ac5-9355-4c48-8324-e38323ba3450 req-43967ac5-9355-4c48-8324-e38323ba3450 ] Request (ServersAdminTestJSON:setUpClass): 200 GET http://10.180.1.21/compute/v2.1/servers/292bc6a1-f7a2-400d-88dd-3148250b3f55 0.048s
2025-03-06 13:40:50.301 68805 INFO tempest.lib.common.rest_client [req-195a8711-1365-4423-a87a-d18e4a37b50f req-195a8711-1365-4423-a87a-d18e4a37b50f ] Request (MigrationsAdminTest:test_resize_server_revert_deleted_flavor): 200 GET http://10.180.1.21/compute/v2.1/servers/b675257a-5070-4c8a-90b5-229f93978764 0.058s
2025-03-06 13:40:50.317 68821 INFO tempest.lib.common.rest_client [req-12d7b096-e230-47b8-874d-8d8e18e24e26 req-12d7b096-e230-47b8-874d-8d8e18e24e26 ] Request (ServersTestFqdnHostnames:test_create_server_with_fqdn_name): 200 GET http://10.180.1.21/compute/v2.1/servers/5cfcedad-7808-44f5-b9ab-9a97b1c42177 0.046s
2025-03-06 13:40:50.352 68834 INFO tempest.lib.common.rest_client [req-ce05b54e-6603-46a4-aa67-6216b2b328da req-ce05b54e-6603-46a4-aa67-6216b2b328da ] Request (ServerShowV257Test:test_rebuild_server): 200 GET http://10.180.1.21/compute/v2.1/servers/54de098c-d0f8-4987-8b42-c964156b16d0 0.055s
2025-03-06 13:40:50.464 68787 INFO tempest.lib.common.rest_client [req-95ac8e28-f512-4262-a86f-e0e5daf8f073 req-95ac8e28-f512-4262-a86f-e0e5daf8f073 ] Request (ServersAdmin275Test:tearDownClass): 200 GET http://10.180.1.21/compute/v2.1/servers/688dee16-e202-4ff5-9693-a8a79cb3b5e7 0.061s
2025-03-06 13:40:50.497 68809 INFO tempest.lib.common.rest_client [req-31644267-6ab0-438c-a05d-cce49ed6521b req-31644267-6ab0-438c-a05d-cce49ed6521b ] Request (ServersWithSpecificFlavorTestJSON:test_verify_created_server_ephemeral_disk): 200 GET http://10.180.1.21/compute/v2.1/servers/fefbcbda-0d80-421b-9e42-79c8a038eb09 0.050s
2025-03-06 13:40:50.538 68813 INFO tempest.lib.common.rest_client [req-a1588c74-5c25-465b-8e30-93ab515b0a54 req-a1588c74-5c25-465b-8e30-93ab515b0a54 ] Request (ServerRescueTestJSONUnderV235:setUpClass): 200 GET http://10.180.1.21/compute/v2.1/servers/38281f32-3fce-40dd-83f1-56c133ea71ac 0.051s
2025-03-06 13:40:50.595 68791 INFO tempest.lib.common.rest_client [req-e1c658c6-b4e2-42ff-b875-4332e6a3bb4c req-e1c658c6-b4e2-42ff-b875-4332e6a3bb4c ] Request (ServersTestJSON:test_create_server_specify_multibyte_character_name): 200 GET http://10.180.1.21/compute/v2.1/servers/5241821c-6db7-482c-b466-9f15b8ad21e7 0.049s
2025-03-06 13:40:50.669 68797 INFO tempest.lib.common.rest_client [req-08cf7e5f-0ec6-417e-953b-24b0150a4ae1 req-08cf7e5f-0ec6-417e-953b-24b0150a4ae1 ] Request (ServersTestBootFromVolume:setUpClass): 200 GET http://10.180.1.21/compute/v2.1/servers/3b23fa39-37a3-4772-8970-d9f841b97faa 0.052s
2025-03-06 13:40:50.750 68819 INFO tempest.lib.common.rest_client [req-000ebe9a-2b0b-4a8d-8c34-ad3fe20a45a3 req-000ebe9a-2b0b-4a8d-8c34-ad3fe20a45a3 ] Request (DeleteServersTestJSON:test_delete_active_server): 200 GET http://10.180.1.21/compute/v2.1/servers/c250fc4c-0d96-4a4a-9a90-8416efe09fdc 0.056s
2025-03-06 13:40:50.763 68837 INFO tempest.lib.common.rest_client [req-0b6f70ce-5b72-4b03-b024-780525bc546c req-0b6f70ce-5b72-4b03-b024-780525bc546c ] Request (ServerRescueTestJSON:setUpClass): 200 GET http://10.180.1.21/compute/v2.1/servers/8beb5243-5465-4efc-bfe9-5487a5ee16b5 0.053s
2025-03-06 13:40:50.870 68793 INFO tempest.lib.common.rest_client [req-5ca7aff3-6fa5-4a23-85c6-599fc4b55c99 req-5ca7aff3-6fa5-4a23-85c6-599fc4b55c99 ] Request (ServersTestMultiNic:_run_cleanups): 200 GET http://10.180.1.21/compute/v2.1/servers/5a62f3f8-6085-4b83-97de-363b63d6da97 0.080s
2025-03-06 13:40:51.085 68795 INFO tempest.lib.common.rest_client [req-9727d877-7f3f-4ad5-88ab-f8fcfda37852 req-9727d877-7f3f-4ad5-88ab-f8fcfda37852 ] Request (ServersAdminNegativeTestJSON:test_migrate_server_invalid_state): 200 GET http://10.180.1.21/compute/v2.1/servers/7d7998dd-ccfe-4412-8e9a-d3b5490af278 0.052s
2025-03-06 13:40:51.101 68811 INFO tempest.lib.common.rest_client [req-f1b6e3b9-a851-4d33-aba8-20f8a3de0039 req-f1b6e3b9-a851-4d33-aba8-20f8a3de0039 ] Request (ImagesTestJSON:test_create_image_from_suspended_server): 200 GET http://10.180.1.21/compute/v2.1/servers/90cf41bc-ab5a-4775-8a27-2d5b24d30002 0.062s
2025-03-06 13:40:51.116 68807 INFO tempest.lib.common.rest_client [req-50c5dee0-3702-4f3a-99c6-b148b31475d1 req-50c5dee0-3702-4f3a-99c6-b148b31475d1 ] Request (ListImageFiltersTestJSON:setUpClass): 200 GET http://10.180.1.21/compute/v2.1/images/b62a30e1-0dfc-49c9-96ad-8b7fea4f866f 0.057s
2025-03-06 13:40:51.155 68807 INFO tempest.lib.common.rest_client [req-9ed81fb9-b78d-411b-ac29-89b8b2174063 req-9ed81fb9-b78d-411b-ac29-89b8b2174063 ] Request (ListImageFiltersTestJSON:setUpClass): 200 GET http://10.180.1.21/compute/v2.1/images/b62a30e1-0dfc-49c9-96ad-8b7fea4f866f 0.036s
2025-03-06 13:40:51.196 68845 INFO tempest.lib.common.rest_client [req-a64b6497-6e3a-499f-b010-11e5ce117574 req-a64b6497-6e3a-499f-b010-11e5ce117574 ] Request (MultipleCreateTestJSON:_run_cleanups): 200 GET http://10.180.1.21/compute/v2.1/servers/b2072172-2245-4f50-a9bc-dc3c1beda121 0.067s
2025-03-06 13:40:51.214 68831 INFO tempest.lib.common.rest_client [req-1c5562ed-840d-4e60-9e24-0a589f8af6cd req-1c5562ed-840d-4e60-9e24-0a589f8af6cd ] Request (ServersNegativeTestJSON:setUpClass): 200 GET http://10.180.1.21/compute/v2.1/servers/4fab89f6-3444-420e-b850-b1abf6dec136 0.069s
2025-03-06 13:40:51.268 68835 INFO tempest.lib.common.rest_client [req-995e75c4-4b7b-4079-ab27-971b4d0abb0b req-995e75c4-4b7b-4079-ab27-971b4d0abb0b ] Request (ServerAddressesTestJSON:tearDownClass): 200 GET http://10.180.1.21/compute/v2.1/servers/0d96dafa-99d7-4857-a3e4-9aacd1351b11 0.077s
2025-03-06 13:40:51.318 68785 INFO tempest.lib.common.rest_client [req-af2a04bb-a2b2-4975-a569-ee23616f2ee3 req-af2a04bb-a2b2-4975-a569-ee23616f2ee3 ] Request (ServerShowV254Test:test_rebuild_server): 200 GET http://10.180.1.21/compute/v2.1/servers/313032c0-fbc2-412b-9d9f-18fc97b79c78 0.119s
2025-03-06 13:40:51.329 68807 INFO tempest.lib.common.rest_client [req-26ac6ba3-52dd-499b-a0a3-27943446b013 req-26ac6ba3-52dd-499b-a0a3-27943446b013 ] Request (ListImageFiltersTestJSON:setUpClass): 200 GET http://10.180.1.21/compute/v2.1/servers/05cb9a0a-33dd-43b5-b430-2a36ec1942c9 0.172s
2025-03-06 13:40:51.365 68829 INFO tempest.lib.common.rest_client [req-c3c813c2-2e1e-4f79-935f-ea4c9e01fc94 req-c3c813c2-2e1e-4f79-935f-ea4c9e01fc94 ] Request (ImagesOneServerNegativeTestJSON:_run_cleanups): 200 GET http://10.180.1.21/compute/v2.1/servers/d05c7934-49ff-481f-a11f-38c80f0f330e 0.129s
2025-03-06 13:40:51.384 68841 INFO tempest.lib.common.rest_client [req-ba6e60a6-3e59-45aa-bb95-8851c92d6c6b req-ba6e60a6-3e59-45aa-bb95-8851c92d6c6b ] Request (ServersListShow298Test:test_list_show_update_rebuild_server_298): 200 GET http://10.180.1.21/compute/v2.1/servers/72580eab-6d31-402f-b0a5-6eedbc8d62d6 0.118s
2025-03-06 13:40:51.410 68817 INFO tempest.lib.common.rest_client [req-f31fa6ad-4a51-4f64-8329-330a7da3a120 req-f31fa6ad-4a51-4f64-8329-330a7da3a120 ] Request (ServersAdminTestJSON:setUpClass): 200 GET http://10.180.1.21/compute/v2.1/servers/292bc6a1-f7a2-400d-88dd-3148250b3f55 0.128s
2025-03-06 13:40:51.427 68805 INFO tempest.lib.common.rest_client [req-26e2e823-1a4d-4c48-a13b-172b427594fb req-26e2e823-1a4d-4c48-a13b-172b427594fb ] Request (MigrationsAdminTest:test_resize_server_revert_deleted_flavor): 200 GET http://10.180.1.21/compute/v2.1/servers/b675257a-5070-4c8a-90b5-229f93978764 0.114s
2025-03-06 13:40:51.459 68821 INFO tempest.lib.common.rest_client [req-7db89991-ed2a-4012-85e6-6c5318f3c786 req-7db89991-ed2a-4012-85e6-6c5318f3c786 ] Request (ServersTestFqdnHostnames:test_create_server_with_fqdn_name): 200 GET http://10.180.1.21/compute/v2.1/servers/5cfcedad-7808-44f5-b9ab-9a97b1c42177 0.135s
2025-03-06 13:40:51.474 68834 INFO tempest.lib.common.rest_client [req-d44e8de4-8945-4a06-8e27-73e0c8e5f3ae req-d44e8de4-8945-4a06-8e27-73e0c8e5f3ae ] Request (ServerShowV257Test:test_rebuild_server): 200 GET http://10.180.1.21/compute/v2.1/servers/54de098c-d0f8-4987-8b42-c964156b16d0 0.112s
2025-03-06 13:40:51.482 68834 INFO tempest.common.waiters [-] State transition "BUILD/None" ==> "BUILD/networking" after 69 second wait
2025-03-06 13:40:51.533 68787 INFO tempest.lib.common.rest_client [req-1ee11fa1-bb2e-45d1-bffb-c3367bc315b7 req-1ee11fa1-bb2e-45d1-bffb-c3367bc315b7 ] Request (ServersAdmin275Test:tearDownClass): 200 GET http://10.180.1.21/compute/v2.1/servers/688dee16-e202-4ff5-9693-a8a79cb3b5e7 0.057s
2025-03-06 13:40:51.551 68809 INFO tempest.lib.common.rest_client [req-9a21f664-5ece-44d4-87c5-cc8a4b1589af req-9a21f664-5ece-44d4-87c5-cc8a4b1589af ] Request (ServersWithSpecificFlavorTestJSON:test_verify_created_server_ephemeral_disk): 200 GET http://10.180.1.21/compute/v2.1/servers/fefbcbda-0d80-421b-9e42-79c8a038eb09 0.046s
2025-03-06 13:40:51.588 68813 INFO tempest.lib.common.rest_client [req-e18b5afd-2ee3-468d-b6f7-6ef65ab59f88 req-e18b5afd-2ee3-468d-b6f7-6ef65ab59f88 ] Request (ServerRescueTestJSONUnderV235:setUpClass): 200 GET http://10.180.1.21/compute/v2.1/servers/38281f32-3fce-40dd-83f1-56c133ea71ac 0.042s
2025-03-06 13:40:51.649 68791 INFO tempest.lib.common.rest_client [req-4be63e25-bc67-4ed1-a482-05b214006939 req-4be63e25-bc67-4ed1-a482-05b214006939 ] Request (ServersTestJSON:test_create_server_specify_multibyte_character_name): 200 GET http://10.180.1.21/compute/v2.1/servers/5241821c-6db7-482c-b466-9f15b8ad21e7 0.045s
2025-03-06 13:40:51.685 68803 WARNING tempest.lib.common.ssh [-] Failed to establish authenticated ssh connection to cirros@10.180.180.185 ([Errno None] Unable to connect to port 22 on 10.180.180.185). Number attempts: 8. Retry after 9 seconds.: paramiko.ssh_exception.NoValidConnectionsError: [Errno None] Unable to connect to port 22 on 10.180.180.185
2025-03-06 13:40:51.735 68797 INFO tempest.lib.common.rest_client [req-620f0627-6fe6-419f-bb5c-db75005cd305 req-620f0627-6fe6-419f-bb5c-db75005cd305 ] Request (ServersTestBootFromVolume:setUpClass): 200 GET http://10.180.1.21/compute/v2.1/servers/3b23fa39-37a3-4772-8970-d9f841b97faa 0.059s
2025-03-06 13:40:51.813 68819 INFO tempest.lib.common.rest_client [req-1d55b44f-be76-4ae4-9c5d-3be6e594691d req-1d55b44f-be76-4ae4-9c5d-3be6e594691d ] Request (DeleteServersTestJSON:test_delete_active_server): 200 GET http://10.180.1.21/compute/v2.1/servers/c250fc4c-0d96-4a4a-9a90-8416efe09fdc 0.055s
2025-03-06 13:40:51.826 68837 INFO tempest.lib.common.rest_client [req-74dca3df-8c6b-484d-9070-1f08d8ec4796 req-74dca3df-8c6b-484d-9070-1f08d8ec4796 ] Request (ServerRescueTestJSON:setUpClass): 200 GET http://10.180.1.21/compute/v2.1/servers/8beb5243-5465-4efc-bfe9-5487a5ee16b5 0.056s
2025-03-06 13:40:51.943 68793 INFO tempest.lib.common.rest_client [req-4e47804d-7abc-4044-aa4a-a4f2ffa0e9d1 req-4e47804d-7abc-4044-aa4a-a4f2ffa0e9d1 ] Request (ServersTestMultiNic:_run_cleanups): 200 GET http://10.180.1.21/compute/v2.1/servers/5a62f3f8-6085-4b83-97de-363b63d6da97 0.066s
2025-03-06 13:40:52.153 68795 INFO tempest.lib.common.rest_client [req-8eee995e-d4f6-43a6-8419-02bb7ea61f48 req-8eee995e-d4f6-43a6-8419-02bb7ea61f48 ] Request (ServersAdminNegativeTestJSON:test_migrate_server_invalid_state): 200 GET http://10.180.1.21/compute/v2.1/servers/7d7998dd-ccfe-4412-8e9a-d3b5490af278 0.060s
2025-03-06 13:40:52.159 68811 INFO tempest.lib.common.rest_client [req-b674abe1-afd0-4f39-b802-ed4a4667f9b7 req-b674abe1-afd0-4f39-b802-ed4a4667f9b7 ] Request (ImagesTestJSON:test_create_image_from_suspended_server): 200 GET http://10.180.1.21/compute/v2.1/servers/90cf41bc-ab5a-4775-8a27-2d5b24d30002 0.050s
2025-03-06 13:40:52.265 68845 INFO tempest.lib.common.rest_client [req-adcfd6f6-5b5b-4b29-a7dd-c28544736977 req-adcfd6f6-5b5b-4b29-a7dd-c28544736977 ] Request (MultipleCreateTestJSON:_run_cleanups): 200 GET http://10.180.1.21/compute/v2.1/servers/b2072172-2245-4f50-a9bc-dc3c1beda121 0.061s
2025-03-06 13:40:52.278 68831 INFO tempest.lib.common.rest_client [req-ddca2845-ab03-44ce-a716-5bd3b091eb91 req-ddca2845-ab03-44ce-a716-5bd3b091eb91 ] Request (ServersNegativeTestJSON:setUpClass): 200 GET http://10.180.1.21/compute/v2.1/servers/4fab89f6-3444-420e-b850-b1abf6dec136 0.056s
2025-03-06 13:40:52.327 68816 WARNING tempest.lib.common.ssh [-] Failed to establish authenticated ssh connection to cirros@10.180.180.250 ([Errno None] Unable to connect to port 22 on 10.180.180.250). Number attempts: 1. Retry after 2 seconds.: paramiko.ssh_exception.NoValidConnectionsError: [Errno None] Unable to connect to port 22 on 10.180.180.250
2025-03-06 13:40:52.329 68835 INFO tempest.lib.common.rest_client [req-2a79c742-f4a5-44d3-aedc-c2088e24308c req-2a79c742-f4a5-44d3-aedc-c2088e24308c ] Request (ServerAddressesTestJSON:tearDownClass): 200 GET http://10.180.1.21/compute/v2.1/servers/0d96dafa-99d7-4857-a3e4-9aacd1351b11 0.053s
2025-03-06 13:40:52.383 68785 INFO tempest.lib.common.rest_client [req-6eb29fb2-4e5f-499d-a034-a93e03b7d954 req-6eb29fb2-4e5f-499d-a034-a93e03b7d954 ] Request (ServerShowV254Test:test_rebuild_server): 200 GET http://10.180.1.21/compute/v2.1/servers/313032c0-fbc2-412b-9d9f-18fc97b79c78 0.054s
2025-03-06 13:40:52.431 68829 INFO tempest.lib.common.rest_client [req-f8f89f83-342f-42ba-809b-7d7ecd336734 req-f8f89f83-342f-42ba-809b-7d7ecd336734 ] Request (ImagesOneServerNegativeTestJSON:_run_cleanups): 200 GET http://10.180.1.21/compute/v2.1/servers/d05c7934-49ff-481f-a11f-38c80f0f330e 0.058s
2025-03-06 13:40:52.435 68807 INFO tempest.lib.common.rest_client [req-8f32ea46-3879-4840-a186-6f0fc7ea3f8a req-8f32ea46-3879-4840-a186-6f0fc7ea3f8a ] Request (ListImageFiltersTestJSON:setUpClass): 200 GET http://10.180.1.21/compute/v2.1/servers/05cb9a0a-33dd-43b5-b430-2a36ec1942c9 0.096s
2025-03-06 13:40:52.487 68817 INFO tempest.lib.common.rest_client [req-ea50ca62-ec4f-4347-b45a-d445d82344df req-ea50ca62-ec4f-4347-b45a-d445d82344df ] Request (ServersAdminTestJSON:setUpClass): 200 GET http://10.180.1.21/compute/v2.1/servers/292bc6a1-f7a2-400d-88dd-3148250b3f55 0.069s
2025-03-06 13:40:52.490 68841 INFO tempest.lib.common.rest_client [req-45f09c10-e028-4ab5-b252-004627b62621 req-45f09c10-e028-4ab5-b252-004627b62621 ] Request (ServersListShow298Test:test_list_show_update_rebuild_server_298): 200 GET http://10.180.1.21/compute/v2.1/servers/72580eab-6d31-402f-b0a5-6eedbc8d62d6 0.096s
2025-03-06 13:40:52.533 68805 INFO tempest.lib.common.rest_client [req-ce22c855-c77c-4809-93e3-0f2dc83267cd req-ce22c855-c77c-4809-93e3-0f2dc83267cd ] Request (MigrationsAdminTest:test_resize_server_revert_deleted_flavor): 200 GET http://10.180.1.21/compute/v2.1/servers/b675257a-5070-4c8a-90b5-229f93978764 0.099s
2025-03-06 13:40:52.541 68821 INFO tempest.lib.common.rest_client [req-bb2becfa-1197-4964-9dcb-63a14167224d req-bb2becfa-1197-4964-9dcb-63a14167224d ] Request (ServersTestFqdnHostnames:test_create_server_with_fqdn_name): 200 GET http://10.180.1.21/compute/v2.1/servers/5cfcedad-7808-44f5-b9ab-9a97b1c42177 0.072s
2025-03-06 13:40:52.579 68834 INFO tempest.lib.common.rest_client [req-6700731b-1579-4dfb-a456-5f9382606a69 req-6700731b-1579-4dfb-a456-5f9382606a69 ] Request (ServerShowV257Test:test_rebuild_server): 200 GET http://10.180.1.21/compute/v2.1/servers/54de098c-d0f8-4987-8b42-c964156b16d0 0.095s
2025-03-06 13:40:52.587 68834 INFO tempest.common.waiters [-] State transition "BUILD/networking" ==> "BUILD/spawning" after 70 second wait
2025-03-06 13:40:52.596 68787 INFO tempest.lib.common.rest_client [req-9be75732-389a-4941-9552-21bc0f58c04d req-9be75732-389a-4941-9552-21bc0f58c04d ] Request (ServersAdmin275Test:tearDownClass): 200 GET http://10.180.1.21/compute/v2.1/servers/688dee16-e202-4ff5-9693-a8a79cb3b5e7 0.054s
2025-03-06 13:40:52.621 68809 INFO tempest.lib.common.rest_client [req-3998386c-7f04-4182-8971-060052009e91 req-3998386c-7f04-4182-8971-060052009e91 ] Request (ServersWithSpecificFlavorTestJSON:test_verify_created_server_ephemeral_disk): 200 GET http://10.180.1.21/compute/v2.1/servers/fefbcbda-0d80-421b-9e42-79c8a038eb09 0.062s
