2025-03-06 13:38:24.766 68841 INFO tempest.lib.common.dynamic_creds [-] Created isolated network resources for: credentials: Credentials: {'domain_id': 'default', 'domain_name': 'Default', 'username': 'tempest-ImagesNegativeTestJSON-1048961019-project-member', 'project_domain_id': 'default', 'project_domain_name': 'Default', 'project_id': '894709d47d874881a77b4c9e84ac6642', 'project_name': 'tempest-ImagesNegativeTestJSON-1048961019', 'tenant_id': '894709d47d874881a77b4c9e84ac6642', 'tenant_name': 'tempest-ImagesNegativeTestJSON-1048961019', 'user_domain_id': 'default', 'user_domain_name': 'Default', 'user_id': '8df43004190445f2873e4087f5b8994c', 'system': None}, Network: {'id': 'f1b04724-e231-4e07-88e5-611af55311ba', 'name': 'tempest-ImagesNegativeTestJSON-922591143-network', 'tenant_id': '894709d47d874881a77b4c9e84ac6642', 'admin_state_up': True, 'mtu': 8950, 'status': 'ACTIVE', 'subnets': [], 'shared': False, 'project_id': '894709d47d874881a77b4c9e84ac6642', 'port_security_enabled': True, 'router:external': False, 'provider:network_type': 'vlan', 'provider:physical_network': 'default', 'provider:segmentation_id': 831, 'availability_zone_hints': [], 'availability_zones': [], 'ipv4_address_scope': None, 'ipv6_address_scope': None, 'description': '', 'tags': [], 'created_at': '2025-03-06T13:38:19Z', 'updated_at': '2025-03-06T13:38:19Z', 'revision_number': 1}, Subnet: {'id': 'ff88cff1-b2a9-48e7-a6a0-eccd735af346', 'name': 'tempest-ImagesNegativeTestJSON-922591143-subnet', 'tenant_id': '894709d47d874881a77b4c9e84ac6642', 'network_id': 'f1b04724-e231-4e07-88e5-611af55311ba', 'ip_version': 4, 'subnetpool_id': None, 'enable_dhcp': True, 'ipv6_ra_mode': None, 'ipv6_address_mode': None, 'gateway_ip': '192.168.128.1', 'cidr': '192.168.128.0/28', 'allocation_pools': [{'start': '192.168.128.2', 'end': '192.168.128.14'}], 'host_routes': [], 'dns_nameservers': [], 'description': '', 'router:external': False, 'service_types': [], 'tags': [], 'created_at': '2025-03-06T13:38:20Z', 'updated_at': '2025-03-06T13:38:20Z', 'revision_number': 0, 'project_id': '894709d47d874881a77b4c9e84ac6642'}, Router: {'id': '36b1bd7e-49b0-40d4-9721-391dde8a3ff5', 'name': 'tempest-ImagesNegativeTestJSON-922591143-router', 'tenant_id': '894709d47d874881a77b4c9e84ac6642', 'admin_state_up': True, 'status': 'ACTIVE', 'external_gateway_info': {'network_id': 'b348fa9c-ad79-4c8d-8536-f137d504d403', 'external_fixed_ips': [{'subnet_id': '57994a6d-cd89-4ecb-bf94-01451f6eb1b3', 'ip_address': '10.180.180.172'}], 'enable_snat': True}, 'description': '', 'availability_zones': [], 'distributed': False, 'ha': False, 'availability_zone_hints': [], 'routes': [], 'flavor_id': None, 'tags': [], 'created_at': '2025-03-06T13:38:20Z', 'updated_at': '2025-03-06T13:38:21Z', 'revision_number': 2, 'project_id': '894709d47d874881a77b4c9e84ac6642'}
2025-03-06 13:38:24.791 68799 INFO tempest.lib.common.rest_client [req-896e6eae-8bd4-43ba-97bd-74433e147496 req-896e6eae-8bd4-43ba-97bd-74433e147496 ] Request (QuotaClassesAdminTestJSON:_run_cleanups): 200 PUT http://10.180.1.21/compute/v2.1/os-quota-class-sets/default 3.287s
2025-03-06 13:38:24.828 68785 INFO tempest.lib.common.rest_client [req-1557a6ce-aa6d-48a2-baeb-51fb19f97ccb req-1557a6ce-aa6d-48a2-baeb-51fb19f97ccb ] Request (FlavorsExtraSpecsTestJSON:tearDownClass): 204 DELETE http://10.180.1.21/identity/v3/users/76ce1c976324477dbc6095a75f02dcda 0.155s
2025-03-06 13:38:24.854 68841 INFO tempest.lib.common.rest_client [req-26fdcedd-1d2d-4d56-9fde-e3d5d0cacf98 req-26fdcedd-1d2d-4d56-9fde-e3d5d0cacf98 ] Request (ImagesNegativeTestJSON:setUpClass): 201 POST http://10.180.1.21/identity/v3/auth/tokens 0.082s
2025-03-06 13:38:24.933 68823 INFO tempest.lib.common.rest_client [req-bdcdec40-80d3-473c-81b8-10cca026f5a8 req-bdcdec40-80d3-473c-81b8-10cca026f5a8 ] Request (FlavorsV261TestJSON:test_crud_flavor): 200 POST http://10.180.1.21/compute/v2.1/flavors 3.394s
2025-03-06 13:38:24.978 68799 INFO tempest.lib.common.rest_client [req-2700df36-6bef-413e-a770-e352371229c4 req-2700df36-6bef-413e-a770-e352371229c4 ] Request (QuotaClassesAdminTestJSON:tearDownClass): 204 DELETE http://10.180.1.21/identity/v3/users/ef5fcc6a705d4bbba5455452ee11969f 0.180s
2025-03-06 13:38:25.040 68785 INFO tempest.lib.common.rest_client [req-dfb7e1e3-5c56-4764-aee6-dff0346b3a29 req-dfb7e1e3-5c56-4764-aee6-dff0346b3a29 ] Request (FlavorsExtraSpecsTestJSON:tearDownClass): 204 DELETE http://10.180.1.21/identity/v3/users/b56c9277879949debf2a5db43124710e 0.212s
2025-03-06 13:38:25.040 68785 INFO tempest.lib.common.dynamic_creds [-] Deleting project and security group for project: 7af17e47c0eb4069a07c4e9d0286aefe
2025-03-06 13:38:25.075 68821 INFO tempest.lib.common.rest_client [req-17ecf748-fbe3-4a62-a76e-f9d5eee0af70 req-17ecf748-fbe3-4a62-a76e-f9d5eee0af70 ] Request (QuotasAdminTestJSON:test_delete_quota): 200 GET http://10.180.1.21/identity/v3/domains?name=Default 0.240s
2025-03-06 13:38:25.095 68841 INFO tempest.lib.common.rest_client [req-647ca942-d817-42cf-9ae5-6dcd80208406 req-647ca942-d817-42cf-9ae5-6dcd80208406 ] Request (ImagesNegativeTestJSON:test_create_image_from_deleted_server): 201 POST http://10.180.1.21/identity/v3/auth/tokens 0.236s
2025-03-06 13:38:25.096 68841 INFO tempest.lib.common.fixed_network [-] (ImagesNegativeTestJSON:test_create_image_from_deleted_server) Found network {'id': 'f1b04724-e231-4e07-88e5-611af55311ba', 'name': 'tempest-ImagesNegativeTestJSON-922591143-network', 'tenant_id': '894709d47d874881a77b4c9e84ac6642', 'admin_state_up': True, 'mtu': 8950, 'status': 'ACTIVE', 'subnets': [], 'shared': False, 'project_id': '894709d47d874881a77b4c9e84ac6642', 'port_security_enabled': True, 'router:external': False, 'provider:network_type': 'vlan', 'provider:physical_network': 'default', 'provider:segmentation_id': 831, 'availability_zone_hints': [], 'availability_zones': [], 'ipv4_address_scope': None, 'ipv6_address_scope': None, 'description': '', 'tags': [], 'created_at': '2025-03-06T13:38:19Z', 'updated_at': '2025-03-06T13:38:19Z', 'revision_number': 1} available for tenant
2025-03-06 13:38:25.147 68785 INFO tempest.lib.common.rest_client [req-cc1211c4-2324-41a2-a277-ac4f34c5589e req-cc1211c4-2324-41a2-a277-ac4f34c5589e ] Request (FlavorsExtraSpecsTestJSON:tearDownClass): 201 POST http://10.180.1.21/identity/v3/auth/tokens 0.106s
2025-03-06 13:38:25.178 68799 INFO tempest.lib.common.rest_client [req-a02dc767-63d1-4be6-9ecb-b2098b30dbb6 req-a02dc767-63d1-4be6-9ecb-b2098b30dbb6 ] Request (QuotaClassesAdminTestJSON:tearDownClass): 204 DELETE http://10.180.1.21/identity/v3/users/82c4197f00cd4ce6803b4a7ed0921846 0.199s
2025-03-06 13:38:25.178 68799 INFO tempest.lib.common.dynamic_creds [-] Deleting project and security group for project: d723de2320cd4101a9468aaaf7f44b43
2025-03-06 13:38:25.243 68821 INFO tempest.lib.common.rest_client [req-8a70ead4-cd60-42ef-8d53-12b3cbe74d5b req-8a70ead4-cd60-42ef-8d53-12b3cbe74d5b ] Request (QuotasAdminTestJSON:test_delete_quota): 201 POST http://10.180.1.21/identity/v3/projects 0.167s
2025-03-06 13:38:25.325 68799 INFO tempest.lib.common.rest_client [req-2e516c3b-2c16-4418-ab45-b3ccdd8dfeb6 req-2e516c3b-2c16-4418-ab45-b3ccdd8dfeb6 ] Request (QuotaClassesAdminTestJSON:tearDownClass): 201 POST http://10.180.1.21/identity/v3/auth/tokens 0.147s
2025-03-06 13:38:25.330 68803 INFO tempest.lib.common.rest_client [req-57fd792e-5838-44a0-987f-8546430cca56 req-57fd792e-5838-44a0-987f-8546430cca56 ] Request (QuotasAdminNegativeTest:_run_cleanups): 200 PUT http://10.180.1.21/compute/v2.1/os-quota-sets/f239ba9d114344909b986e8bc4433364 3.640s
2025-03-06 13:38:25.351 68791 INFO tempest.lib.common.rest_client [req-44f6ed10-d6e0-4a5c-acae-664214956047 req-44f6ed10-d6e0-4a5c-acae-664214956047 ] Request (ServicesAdminTestJSON:test_get_service_by_host_name): 200 GET http://10.180.1.21/compute/v2.1/os-services?host=devstack 3.501s
2025-03-06 13:38:25.378 68821 INFO tempest.lib.common.rest_client [req-d743b18e-a61c-4fa5-9cfe-7ba6539a0dbe req-d743b18e-a61c-4fa5-9cfe-7ba6539a0dbe ] Request (QuotasAdminTestJSON:test_delete_quota): 200 GET http://10.180.1.21/identity/v3/domains?name=Default 0.134s
2025-03-06 13:38:25.460 68831 INFO tempest.lib.common.rest_client [req-b249fbb4-7ab1-4a97-8ebd-0863c66d65c3 req-b249fbb4-7ab1-4a97-8ebd-0863c66d65c3 ] Request (FloatingIPsNegativeTestJSON:tearDownClass): 204 DELETE http://10.180.1.21:9696/networking/v2.0/routers/c4f8710c-5b13-472f-a564-394a9473a151 1.030s
2025-03-06 13:38:25.461 68797 INFO tempest.lib.common.rest_client [req-a1b1f66b-64ce-4826-9b59-dd670eedaad1 req-a1b1f66b-64ce-4826-9b59-dd670eedaad1 ] Request (ServerExternalEventsTest:tearDownClass): 200 GET http://10.180.1.21/compute/v2.1/servers/f502461c-f119-4801-8f55-92784998b426 3.515s
2025-03-06 13:38:25.637 68799 INFO tempest.lib.common.rest_client [req-b2ad5d6c-898a-40f5-9ecb-a8a4ab40172f req-b2ad5d6c-898a-40f5-9ecb-a8a4ab40172f ] Request (QuotaClassesAdminTestJSON:tearDownClass): 200 GET http://10.180.1.21:9696/networking/v2.0/security-groups?tenant_id=d723de2320cd4101a9468aaaf7f44b43&name=default 0.311s
2025-03-06 13:38:25.732 68831 INFO tempest.lib.common.rest_client [req-847d327a-dde0-40b1-8b41-655a44879546 req-847d327a-dde0-40b1-8b41-655a44879546 ] Request (FloatingIPsNegativeTestJSON:tearDownClass): 204 DELETE http://10.180.1.21:9696/networking/v2.0/subnets/9d136ee4-aef5-4581-bee5-fc0ff63be723 0.272s
2025-03-06 13:38:25.758 68799 INFO tempest.lib.common.rest_client [req-91a2eadf-639c-4712-93a1-69a9c2ff96a7 req-91a2eadf-639c-4712-93a1-69a9c2ff96a7 ] Request (QuotaClassesAdminTestJSON:tearDownClass): 204 DELETE http://10.180.1.21:9696/networking/v2.0/security-groups/966edc37-6296-4b9a-b8b6-95eb67f56fb4 0.119s
2025-03-06 13:38:25.867 68799 INFO tempest.lib.common.rest_client [req-c999aedd-90eb-470d-8ad4-622ea881d299 req-c999aedd-90eb-470d-8ad4-622ea881d299 ] Request (QuotaClassesAdminTestJSON:tearDownClass): 204 DELETE http://10.180.1.21/identity/v3/projects/d723de2320cd4101a9468aaaf7f44b43 0.109s
2025-03-06 13:38:25.867 68799 INFO tempest.lib.common.dynamic_creds [-] Deleting project and security group for project: 52af715ef8754b37a96399b7bba1fac2
2025-03-06 13:38:25.890 68785 INFO tempest.lib.common.rest_client [req-07631bdf-d9ac-4a1c-bfa2-d27c83e515c8 req-07631bdf-d9ac-4a1c-bfa2-d27c83e515c8 ] Request (FlavorsExtraSpecsTestJSON:tearDownClass): 200 GET http://10.180.1.21:9696/networking/v2.0/security-groups?tenant_id=7af17e47c0eb4069a07c4e9d0286aefe&name=default 0.743s
2025-03-06 13:38:26.087 68799 INFO tempest.lib.common.rest_client [req-e7ad3534-fd5f-49ea-9428-39eeba23ae41 req-e7ad3534-fd5f-49ea-9428-39eeba23ae41 ] Request (QuotaClassesAdminTestJSON:tearDownClass): 200 GET http://10.180.1.21:9696/networking/v2.0/security-groups?tenant_id=52af715ef8754b37a96399b7bba1fac2&name=default 0.219s
2025-03-06 13:38:26.092 68785 INFO tempest.lib.common.rest_client [req-76d36843-2a16-4d5b-b83d-b55aa023214a req-76d36843-2a16-4d5b-b83d-b55aa023214a ] Request (FlavorsExtraSpecsTestJSON:tearDownClass): 204 DELETE http://10.180.1.21:9696/networking/v2.0/security-groups/5463702a-d4a3-458f-91ea-8f58290b2920 0.201s
2025-03-06 13:38:26.109 68831 INFO tempest.lib.common.rest_client [req-1e08601c-2b46-47d2-add6-5cd5393b4ee8 req-1e08601c-2b46-47d2-add6-5cd5393b4ee8 ] Request (FloatingIPsNegativeTestJSON:tearDownClass): 204 DELETE http://10.180.1.21:9696/networking/v2.0/networks/7388b70f-f2ff-4983-8eab-f33eaf9863b9 0.372s
2025-03-06 13:38:26.130 68805 INFO tempest.lib.common.rest_client [req-7cf71519-8f76-4a89-9371-e4c0b7d0e04f req-7cf71519-8f76-4a89-9371-e4c0b7d0e04f ] Request (MigrationsAdminTest:test_list_migrations_in_flavor_resize_situation): 202 POST http://10.180.1.21/compute/v2.1/servers 4.120s
2025-03-06 13:38:26.176 68799 INFO tempest.lib.common.rest_client [req-7d4b06cc-3db4-476e-a7e8-17d5f6a41aaa req-7d4b06cc-3db4-476e-a7e8-17d5f6a41aaa ] Request (QuotaClassesAdminTestJSON:tearDownClass): 204 DELETE http://10.180.1.21:9696/networking/v2.0/security-groups/2a1b3104-9a57-4b97-98b3-d10a5358cd85 0.088s
2025-03-06 13:38:26.223 68847 INFO tempest.lib.common.rest_client [req-5922915c-c4ce-401d-a071-2e3b67735c3e req-5922915c-c4ce-401d-a071-2e3b67735c3e ] Request (ServerActionsTestOtherA:setUpClass): 200 GET http://10.180.1.21/compute/v2.1/servers/9bea5d78-3afa-4e77-bd26-1cd2694c536c 3.878s
2025-03-06 13:38:26.231 68847 INFO tempest.common.waiters [-] State transition "BUILD/None" ==> "BUILD/networking" after 9 second wait
2025-03-06 13:38:26.234 68801 INFO tempest.lib.common.rest_client [req-b365c930-2987-49e8-9e3c-6b7365112a13 req-b365c930-2987-49e8-9e3c-6b7365112a13 ] Request (AttachInterfacesUnderV243Test:setUpClass): 201 POST http://10.180.1.21:9696/networking/v2.0/routers 3.329s
2025-03-06 13:38:26.236 68785 INFO tempest.lib.common.rest_client [req-59923264-6ec1-478e-95fa-1e98702394c4 req-59923264-6ec1-478e-95fa-1e98702394c4 ] Request (FlavorsExtraSpecsTestJSON:tearDownClass): 204 DELETE http://10.180.1.21/identity/v3/projects/7af17e47c0eb4069a07c4e9d0286aefe 0.142s
2025-03-06 13:38:26.237 68785 INFO tempest.lib.common.dynamic_creds [-] Deleting project and security group for project: 7fb1d2755a3c4202b00ef8b14f04dd27
2025-03-06 13:38:26.251 68831 INFO tempest.lib.common.rest_client [req-05c1e061-a383-482a-995b-6af323e752dd req-05c1e061-a383-482a-995b-6af323e752dd ] Request (FloatingIPsNegativeTestJSON:tearDownClass): 204 DELETE http://10.180.1.21/identity/v3/users/15892c0ff277467d9169085ee9480d98 0.141s
2025-03-06 13:38:26.251 68831 INFO tempest.lib.common.dynamic_creds [-] Deleting project and security group for project: f21184016b274a2c8804d31eb010b149
2025-03-06 13:38:26.343 68831 INFO tempest.lib.common.rest_client [req-f8974fcb-9a3c-4c56-93b1-794d74cbedcd req-f8974fcb-9a3c-4c56-93b1-794d74cbedcd ] Request (FloatingIPsNegativeTestJSON:tearDownClass): 200 GET http://10.180.1.21:9696/networking/v2.0/security-groups?tenant_id=f21184016b274a2c8804d31eb010b149&name=default 0.091s
2025-03-06 13:38:26.368 68799 INFO tempest.lib.common.rest_client [req-d827fc07-c436-416e-878c-b0fb6ad03bd2 req-d827fc07-c436-416e-878c-b0fb6ad03bd2 ] Request (QuotaClassesAdminTestJSON:tearDownClass): 204 DELETE http://10.180.1.21/identity/v3/projects/52af715ef8754b37a96399b7bba1fac2 0.192s
2025-03-06 13:38:26.424 68839 INFO tempest.lib.common.rest_client [req-f22b7a53-a596-4992-a7c1-09fd2b7614d0 req-f22b7a53-a596-4992-a7c1-09fd2b7614d0 ] Request (ValidationResourcesFixture:setUp): 200 POST http://10.180.1.21/compute/v2.1/os-keypairs 4.021s
2025-03-06 13:38:26.443 68799 INFO tempest.lib.common.rest_client [req-a4acb2bf-19bc-4666-8b3f-0c41fbd05d58 req-a4acb2bf-19bc-4666-8b3f-0c41fbd05d58 ] Request (ServerGroup264TestJSON:setUpClass): 201 POST http://10.180.1.21/identity/v3/auth/tokens 0.072s
2025-03-06 13:38:26.444 68793 INFO tempest.lib.common.rest_client [req-9a7afed6-d7d6-4c52-a409-a13ff205f39f req-9a7afed6-d7d6-4c52-a409-a13ff205f39f ] Request (FlavorsAdminTestJSON:_run_cleanups): 202 DELETE http://10.180.1.21/compute/v2.1/flavors/96dddb62-4444-4361-8b44-d933a47f1ee2 4.038s
2025-03-06 13:38:26.480 68799 INFO tempest.lib.common.rest_client [req-df30e6c8-d734-48d9-83dd-603cc3e36ce5 req-df30e6c8-d734-48d9-83dd-603cc3e36ce5 ] Request (ServerGroup264TestJSON:setUpClass): 201 POST http://10.180.1.21/identity/v3/auth/tokens 0.034s
2025-03-06 13:38:26.485 68827 INFO tempest.lib.common.rest_client [req-96d9fa7f-3b07-4644-a430-591fb0258c26 req-96d9fa7f-3b07-4644-a430-591fb0258c26 ] Request (KeyPairsNegativeTestJSON:test_create_keypair_with_duplicate_name): 409 POST http://10.180.1.21/compute/v2.1/os-keypairs 3.927s
2025-03-06 13:38:26.503 68831 INFO tempest.lib.common.rest_client [req-7466f053-75e6-4158-be05-cad7638ff816 req-7466f053-75e6-4158-be05-cad7638ff816 ] Request (FloatingIPsNegativeTestJSON:tearDownClass): 204 DELETE http://10.180.1.21:9696/networking/v2.0/security-groups/1a519fa6-6dbc-43bd-b596-f97c4ea0ea06 0.159s
2025-03-06 13:38:26.509 68799 INFO tempest.lib.common.rest_client [req-4f5c6926-aa88-4fa5-9eb6-94db1eb1fc4e req-4f5c6926-aa88-4fa5-9eb6-94db1eb1fc4e ] Request (ServerGroup264TestJSON:setUpClass): 200 GET http://10.180.1.21/identity/v3/domains?name=Default 0.029s
2025-03-06 13:38:26.519 68807 INFO tempest.lib.common.rest_client [req-4e1530ed-707d-45bc-be79-2abc8ebf0907 req-4e1530ed-707d-45bc-be79-2abc8ebf0907 ] Request (HypervisorAdminV228Test:test_get_list_hypervisor_details): 200 GET http://10.180.1.21/compute/v2.1/os-hypervisors/1 3.803s
2025-03-06 13:38:26.551 68799 INFO tempest.lib.common.rest_client [req-6d9768ed-0954-43f4-9a1b-6e129a9adbdd req-6d9768ed-0954-43f4-9a1b-6e129a9adbdd ] Request (ServerGroup264TestJSON:setUpClass): 201 POST http://10.180.1.21/identity/v3/projects 0.040s
2025-03-06 13:38:26.585 68831 INFO tempest.lib.common.rest_client [req-e2f3bccd-3ee3-4c43-b121-fd68aed2660f req-e2f3bccd-3ee3-4c43-b121-fd68aed2660f ] Request (FloatingIPsNegativeTestJSON:tearDownClass): 204 DELETE http://10.180.1.21/identity/v3/projects/f21184016b274a2c8804d31eb010b149 0.082s
2025-03-06 13:38:26.586 68831 INFO tempest.test [-] raised in ServerStableDeviceRescueTest.setUpClass. Invoking tearDownClass.
2025-03-06 13:38:26.647 68785 INFO tempest.lib.common.rest_client [req-d589dc5b-c9a2-4fc3-b3e5-413e77ea9781 req-d589dc5b-c9a2-4fc3-b3e5-413e77ea9781 ] Request (FlavorsExtraSpecsTestJSON:tearDownClass): 200 GET http://10.180.1.21:9696/networking/v2.0/security-groups?tenant_id=7fb1d2755a3c4202b00ef8b14f04dd27&name=default 0.409s
2025-03-06 13:38:26.677 68799 INFO tempest.lib.common.rest_client [req-7da51198-3bd0-48e1-bc55-1a0f9bdbed26 req-7da51198-3bd0-48e1-bc55-1a0f9bdbed26 ] Request (ServerGroup264TestJSON:setUpClass): 201 POST http://10.180.1.21/identity/v3/users 0.125s
2025-03-06 13:38:26.708 68831 INFO tempest.lib.common.rest_client [req-740df4da-d168-46ad-a8eb-e029462f3584 req-740df4da-d168-46ad-a8eb-e029462f3584 ] Request (ServersNegativeTestJSON:setUpClass): 201 POST http://10.180.1.21/identity/v3/auth/tokens 0.120s
2025-03-06 13:38:26.734 68799 INFO tempest.lib.common.rest_client [req-2cfc6a68-8bcb-4398-8b4b-c989d2bc13a5 req-2cfc6a68-8bcb-4398-8b4b-c989d2bc13a5 ] Request (ServerGroup264TestJSON:setUpClass): 200 GET http://10.180.1.21/identity/v3/roles 0.056s
2025-03-06 13:38:26.770 68807 INFO tempest.lib.common.rest_client [req-edd002a5-5830-46fa-9f6d-3c904cb6ea68 req-edd002a5-5830-46fa-9f6d-3c904cb6ea68 ] Request (HypervisorAdminV228Test:tearDownClass): 204 DELETE http://10.180.1.21/identity/v3/users/2a7b1d20c1dc4b2c9dece670dc5f2ee4 0.242s
2025-03-06 13:38:26.812 68831 INFO tempest.lib.common.rest_client [req-7f349db7-4e9b-4c9f-9b94-f6c68deaf6b7 req-7f349db7-4e9b-4c9f-9b94-f6c68deaf6b7 ] Request (ServersNegativeTestJSON:setUpClass): 201 POST http://10.180.1.21/identity/v3/auth/tokens 0.101s
2025-03-06 13:38:26.859 68799 INFO tempest.lib.common.rest_client [req-12f1e1db-6a68-489a-b2ae-bec9c2a72a4c req-12f1e1db-6a68-489a-b2ae-bec9c2a72a4c ] Request (ServerGroup264TestJSON:setUpClass): 204 PUT http://10.180.1.21/identity/v3/projects/9948b2450c104383977a3c3736b4dffd/users/25cab7ce006f4bea9946c6f32c6814bc/roles/87c7adc56fb54788ac42f508abe2ad94 0.125s
2025-03-06 13:38:26.860 68799 INFO tempest.lib.common.dynamic_creds [-] Dynamic test user 25cab7ce006f4bea9946c6f32c6814bc is created with scope project and roles: ['member']
2025-03-06 13:38:26.860 68799 INFO tempest.lib.common.dynamic_creds [-] Acquired dynamic creds: credentials: Credentials: {'domain_id': 'default', 'domain_name': 'Default', 'username': 'tempest-ServerGroup264TestJSON-198710378-project-member', 'project_domain_id': 'default', 'project_domain_name': 'Default', 'project_id': '9948b2450c104383977a3c3736b4dffd', 'project_name': 'tempest-ServerGroup264TestJSON-198710378', 'tenant_id': '9948b2450c104383977a3c3736b4dffd', 'tenant_name': 'tempest-ServerGroup264TestJSON-198710378', 'user_domain_id': 'default', 'user_domain_name': 'Default', 'user_id': '25cab7ce006f4bea9946c6f32c6814bc', 'system': None}, Network: None, Subnet: None, Router: None
2025-03-06 13:38:26.929 68807 INFO tempest.lib.common.rest_client [req-8e4edc26-ec3f-4cf0-bb07-db01dcfd00b2 req-8e4edc26-ec3f-4cf0-bb07-db01dcfd00b2 ] Request (HypervisorAdminV228Test:tearDownClass): 204 DELETE http://10.180.1.21/identity/v3/users/856a9d7e8f8743f8b2b8042bde95d084 0.158s
2025-03-06 13:38:26.931 68807 INFO tempest.lib.common.dynamic_creds [-] Deleting project and security group for project: 6eac97bf07f34794b5c665c2e0fa374a
2025-03-06 13:38:26.972 68785 INFO tempest.lib.common.rest_client [req-e7968e8c-1e6e-42cf-aefa-332f14ef0a2d req-e7968e8c-1e6e-42cf-aefa-332f14ef0a2d ] Request (FlavorsExtraSpecsTestJSON:tearDownClass): 204 DELETE http://10.180.1.21:9696/networking/v2.0/security-groups/88e656f8-cb9f-436e-bbf3-ecdaa39f304f 0.324s
2025-03-06 13:38:26.985 68834 INFO tempest.lib.common.rest_client [req-435dc88f-dcd6-4526-bdf2-0a6581b1ae45 req-435dc88f-dcd6-4526-bdf2-0a6581b1ae45 ] Request (FloatingIPsAssociationNegativeTestJSON:test_associate_ip_to_server_with_floating_ip): 202 POST http://10.180.1.21/compute/v2.1/servers/55d4ba36-62da-40a8-84f2-1115aca471c9/action 5.739s
2025-03-06 13:38:27.007 68831 INFO tempest.lib.common.rest_client [req-35cb4004-d335-435f-bfde-e51ce21a765c req-35cb4004-d335-435f-bfde-e51ce21a765c ] Request (ServersNegativeTestJSON:setUpClass): 200 GET http://10.180.1.21/identity/v3/domains?name=Default 0.195s
2025-03-06 13:38:27.007 68799 INFO tempest.lib.common.rest_client [req-4f2e19a9-ef80-4c41-af05-f4714afb74cd req-4f2e19a9-ef80-4c41-af05-f4714afb74cd ] Request (ServerGroup264TestJSON:setUpClass): 201 POST http://10.180.1.21/identity/v3/auth/tokens 0.147s
2025-03-06 13:38:27.038 68807 INFO tempest.lib.common.rest_client [req-78213149-9115-44d2-8302-40e10104ffaf req-78213149-9115-44d2-8302-40e10104ffaf ] Request (HypervisorAdminV228Test:tearDownClass): 201 POST http://10.180.1.21/identity/v3/auth/tokens 0.107s
2025-03-06 13:38:27.074 68809 INFO tempest.lib.common.rest_client [req-9e61a220-388d-47cf-bb42-78446ea3167c req-9e61a220-388d-47cf-bb42-78446ea3167c ] Request (ServersWithSpecificFlavorTestJSON:test_verify_created_server_ephemeral_disk): 200 GET http://10.180.1.21/compute/v2.1/servers/a59e4c09-d2fe-4c5a-90a6-be9bc1dafd36 3.969s
2025-03-06 13:38:27.088 68785 INFO tempest.lib.common.rest_client [req-2dac1b32-6c93-490c-84ac-6abc8a4f2695 req-2dac1b32-6c93-490c-84ac-6abc8a4f2695 ] Request (FlavorsExtraSpecsTestJSON:tearDownClass): 204 DELETE http://10.180.1.21/identity/v3/projects/7fb1d2755a3c4202b00ef8b14f04dd27 0.116s
2025-03-06 13:38:27.092 68831 INFO tempest.lib.common.rest_client [req-685cbbe5-6a16-40a9-a120-2c1921840654 req-685cbbe5-6a16-40a9-a120-2c1921840654 ] Request (ServersNegativeTestJSON:setUpClass): 201 POST http://10.180.1.21/identity/v3/projects 0.084s
2025-03-06 13:38:27.108 68839 INFO tempest.lib.common.rest_client [req-75daf841-bd20-4261-952e-06bc5e217145 req-75daf841-bd20-4261-952e-06bc5e217145 ] Request (ValidationResourcesFixture:setUp): 201 POST http://10.180.1.21:9696/networking/v2.0/security-groups 0.681s
2025-03-06 13:38:27.183 68811 INFO tempest.lib.common.rest_client [req-80dc80cb-645a-4f64-b872-8e0d80448258 req-80dc80cb-645a-4f64-b872-8e0d80448258 ] Request (ServerDiagnosticsTest:tearDownClass): 200 GET http://10.180.1.21/compute/v2.1/servers/2bd09461-a3e1-475b-9cad-4bfc8f94cad7 3.883s
2025-03-06 13:38:27.193 68811 INFO tempest.common.waiters [-] State transition "ACTIVE/deleting" ==> "DELETED/None" after 5 second wait
2025-03-06 13:38:27.200 68817 INFO tempest.lib.common.rest_client [req-61974507-65b1-464c-a087-338c3660b5b7 req-61974507-65b1-464c-a087-338c3660b5b7 ] Request (DeleteServersAdminTestJSON:test_admin_delete_servers_of_others): 200 GET http://10.180.1.21/compute/v2.1/servers/d01f1044-6830-49e8-8499-1bd08ff649c4 4.369s
2025-03-06 13:38:27.245 68831 INFO tempest.lib.common.rest_client [req-2a5a7353-d14f-4d43-bfdf-9c969d343115 req-2a5a7353-d14f-4d43-bfdf-9c969d343115 ] Request (ServersNegativeTestJSON:setUpClass): 201 POST http://10.180.1.21/identity/v3/users 0.153s
2025-03-06 13:38:27.264 68785 INFO tempest.lib.common.rest_client [req-ce76d07c-4d3d-4af9-8f35-4bcf335ee704 req-ce76d07c-4d3d-4af9-8f35-4bcf335ee704 ] Request (ServerMetadataNegativeTestJSON:setUpClass): 201 POST http://10.180.1.21/identity/v3/auth/tokens 0.171s
2025-03-06 13:38:27.272 68831 INFO tempest.lib.common.rest_client [req-fa3732b3-5744-4d3a-a528-41102a8dd20d req-fa3732b3-5744-4d3a-a528-41102a8dd20d ] Request (ServersNegativeTestJSON:setUpClass): 200 GET http://10.180.1.21/identity/v3/roles 0.025s
2025-03-06 13:38:27.296 68785 INFO tempest.lib.common.rest_client [req-0a283ae9-76d0-4d60-82fd-727ef2b555b0 req-0a283ae9-76d0-4d60-82fd-727ef2b555b0 ] Request (ServerMetadataNegativeTestJSON:setUpClass): 201 POST http://10.180.1.21/identity/v3/auth/tokens 0.029s
2025-03-06 13:38:27.300 68831 INFO tempest.lib.common.rest_client [req-66dd688b-b74c-4c78-bdc3-d6942d97aa0a req-66dd688b-b74c-4c78-bdc3-d6942d97aa0a ] Request (ServersNegativeTestJSON:setUpClass): 204 PUT http://10.180.1.21/identity/v3/projects/6b4e902fae6448fa8ede1dfc87c5319b/users/96d414a7ec724c6394d4ad24efbece54/roles/87c7adc56fb54788ac42f508abe2ad94 0.028s
2025-03-06 13:38:27.301 68831 INFO tempest.lib.common.dynamic_creds [-] Dynamic test user 96d414a7ec724c6394d4ad24efbece54 is created with scope project and roles: ['member']
2025-03-06 13:38:27.301 68831 INFO tempest.lib.common.dynamic_creds [-] Acquired dynamic creds: credentials: Credentials: {'domain_id': 'default', 'domain_name': 'Default', 'username': 'tempest-ServersNegativeTestJSON-629383998-project-member', 'project_domain_id': 'default', 'project_domain_name': 'Default', 'project_id': '6b4e902fae6448fa8ede1dfc87c5319b', 'project_name': 'tempest-ServersNegativeTestJSON-629383998', 'tenant_id': '6b4e902fae6448fa8ede1dfc87c5319b', 'tenant_name': 'tempest-ServersNegativeTestJSON-629383998', 'user_domain_id': 'default', 'user_domain_name': 'Default', 'user_id': '96d414a7ec724c6394d4ad24efbece54', 'system': None}, Network: None, Subnet: None, Router: None
2025-03-06 13:38:27.354 68785 INFO tempest.lib.common.rest_client [req-a0143455-5af8-499e-8ae5-59e6ade50a5d req-a0143455-5af8-499e-8ae5-59e6ade50a5d ] Request (ServerMetadataNegativeTestJSON:setUpClass): 200 GET http://10.180.1.21/identity/v3/domains?name=Default 0.058s
2025-03-06 13:38:27.369 68831 INFO tempest.lib.common.rest_client [req-4aed26c6-1898-4185-b8e1-f5f4e754bb46 req-4aed26c6-1898-4185-b8e1-f5f4e754bb46 ] Request (ServersNegativeTestJSON:setUpClass): 201 POST http://10.180.1.21/identity/v3/auth/tokens 0.068s
2025-03-06 13:38:27.390 68785 INFO tempest.lib.common.rest_client [req-3d21c98b-3fa6-4d99-bf67-c63d5d0e9001 req-3d21c98b-3fa6-4d99-bf67-c63d5d0e9001 ] Request (ServerMetadataNegativeTestJSON:setUpClass): 201 POST http://10.180.1.21/identity/v3/projects 0.035s
2025-03-06 13:38:27.396 68839 INFO tempest.lib.common.rest_client [req-856d5e05-a193-4982-86a6-b53e1a6057e2 req-856d5e05-a193-4982-86a6-b53e1a6057e2 ] Request (ValidationResourcesFixture:setUp): 201 POST http://10.180.1.21:9696/networking/v2.0/security-group-rules 0.287s
2025-03-06 13:38:27.453 68785 INFO tempest.lib.common.rest_client [req-f9c6ce82-6a55-4f7e-a54a-b9ea1647a772 req-f9c6ce82-6a55-4f7e-a54a-b9ea1647a772 ] Request (ServerMetadataNegativeTestJSON:setUpClass): 201 POST http://10.180.1.21/identity/v3/users 0.060s
2025-03-06 13:38:27.477 68843 INFO tempest.lib.common.rest_client [req-25ad7fcb-d96e-4526-b16f-448c5bf7935a req-25ad7fcb-d96e-4526-b16f-448c5bf7935a ] Request (InstanceActionsNegativeTestJSON:setUpClass): 200 GET http://10.180.1.21/compute/v2.1/servers/c4630440-1ea5-4392-9f02-f5e7f7d59dee 4.103s
2025-03-06 13:38:27.484 68785 INFO tempest.lib.common.rest_client [req-022b839f-fc7f-4e5b-9292-2af915c41902 req-022b839f-fc7f-4e5b-9292-2af915c41902 ] Request (ServerMetadataNegativeTestJSON:setUpClass): 200 GET http://10.180.1.21/identity/v3/roles 0.030s
2025-03-06 13:38:27.485 68843 INFO tempest.common.waiters [-] State transition "BUILD/block_device_mapping" ==> "BUILD/spawning" after 19 second wait
2025-03-06 13:38:27.489 68829 INFO tempest.lib.common.rest_client [req-0c114a64-51aa-4706-b827-032c16e48275 req-0c114a64-51aa-4706-b827-032c16e48275 ] Request (FloatingIPDetailsTestJSON:tearDownClass): 200 PUT http://10.180.1.21:9696/networking/v2.0/routers/ab871d8f-77e5-416c-b962-6c7e2ae81bb7/remove_router_interface 3.187s
2025-03-06 13:38:27.514 68785 INFO tempest.lib.common.rest_client [req-cef3f741-e3e9-4079-a174-c106ddfae152 req-cef3f741-e3e9-4079-a174-c106ddfae152 ] Request (ServerMetadataNegativeTestJSON:setUpClass): 204 PUT http://10.180.1.21/identity/v3/projects/61c69841dabe469e93098e7b3224748d/users/9ae9ebbafea646a996abaab7a951b21d/roles/87c7adc56fb54788ac42f508abe2ad94 0.029s
2025-03-06 13:38:27.514 68785 INFO tempest.lib.common.dynamic_creds [-] Dynamic test user 9ae9ebbafea646a996abaab7a951b21d is created with scope project and roles: ['member']
2025-03-06 13:38:27.515 68785 INFO tempest.lib.common.dynamic_creds [-] Acquired dynamic creds: credentials: Credentials: {'domain_id': 'default', 'domain_name': 'Default', 'username': 'tempest-ServerMetadataNegativeTestJSON-1013708986-project-member', 'project_domain_id': 'default', 'project_domain_name': 'Default', 'project_id': '61c69841dabe469e93098e7b3224748d', 'project_name': 'tempest-ServerMetadataNegativeTestJSON-1013708986', 'tenant_id': '61c69841dabe469e93098e7b3224748d', 'tenant_name': 'tempest-ServerMetadataNegativeTestJSON-1013708986', 'user_domain_id': 'default', 'user_domain_name': 'Default', 'user_id': '9ae9ebbafea646a996abaab7a951b21d', 'system': None}, Network: None, Subnet: None, Router: None
2025-03-06 13:38:27.554 68835 INFO tempest.lib.common.rest_client [req-4b65f575-8ccb-4107-9be6-ddae25980014 req-4b65f575-8ccb-4107-9be6-ddae25980014 ] Request (InstanceActionsV221TestJSON:test_get_list_deleted_instance_actions): 200 GET http://10.180.1.21/compute/v2.1/servers/ecbacec4-4081-4d65-8a35-43657006e5d0 4.163s
2025-03-06 13:38:27.568 68807 INFO tempest.lib.common.rest_client [req-ac672a84-4402-4156-9298-67cd98985e86 req-ac672a84-4402-4156-9298-67cd98985e86 ] Request (HypervisorAdminV228Test:tearDownClass): 200 GET http://10.180.1.21:9696/networking/v2.0/security-groups?tenant_id=6eac97bf07f34794b5c665c2e0fa374a&name=default 0.529s
2025-03-06 13:38:27.598 68785 INFO tempest.lib.common.rest_client [req-e909fdb1-2f28-4320-9d68-ce6ad1c1b63a req-e909fdb1-2f28-4320-9d68-ce6ad1c1b63a ] Request (ServerMetadataNegativeTestJSON:setUpClass): 201 POST http://10.180.1.21/identity/v3/auth/tokens 0.083s
2025-03-06 13:38:27.685 68839 INFO tempest.lib.common.rest_client [req-e7249633-17b1-4ad6-97de-4a005cb7ddab req-e7249633-17b1-4ad6-97de-4a005cb7ddab ] Request (ValidationResourcesFixture:setUp): 201 POST http://10.180.1.21:9696/networking/v2.0/security-group-rules 0.289s
2025-03-06 13:38:27.885 68813 INFO tempest.lib.common.rest_client [req-4662fd18-2c40-4f0e-8857-52b1287a7c5c req-4662fd18-2c40-4f0e-8857-52b1287a7c5c ] Request (ListServersNegativeTestJSON:setUpClass): 200 GET http://10.180.1.21/compute/v2.1/servers/5098d10c-769d-480d-adda-b93a821e7007 4.201s
2025-03-06 13:38:27.903 68819 INFO tempest.lib.common.rest_client [req-69b8c50c-a66f-4169-a636-42252567a96c req-69b8c50c-a66f-4169-a636-42252567a96c ] Request (ImagesOneServerTestJSON:setUpClass): 200 GET http://10.180.1.21/compute/v2.1/servers/db74bbe8-44ec-4c61-adc7-1c64a89e2050 4.391s
2025-03-06 13:38:27.913 68819 INFO tempest.common.waiters [-] State transition "BUILD/None" ==> "BUILD/spawning" after 12 second wait
2025-03-06 13:38:27.941 68807 INFO tempest.lib.common.rest_client [req-4f6e449b-d01c-41b6-b799-8e4361edc167 req-4f6e449b-d01c-41b6-b799-8e4361edc167 ] Request (HypervisorAdminV228Test:tearDownClass): 204 DELETE http://10.180.1.21:9696/networking/v2.0/security-groups/5b7e3bf3-816f-4de7-9745-eec274685a24 0.373s
2025-03-06 13:38:28.004 68799 INFO tempest.lib.common.rest_client [req-341012d9-0f0a-4f16-831c-552b5e6628a3 req-341012d9-0f0a-4f16-831c-552b5e6628a3 ] Request (ServerGroup264TestJSON:setUpClass): 201 POST http://10.180.1.21:9696/networking/v2.0/networks 0.996s
2025-03-06 13:38:28.060 68807 INFO tempest.lib.common.rest_client [req-250de4bf-311a-4a39-a2c5-6750bbb12868 req-250de4bf-311a-4a39-a2c5-6750bbb12868 ] Request (HypervisorAdminV228Test:tearDownClass): 204 DELETE http://10.180.1.21/identity/v3/projects/6eac97bf07f34794b5c665c2e0fa374a 0.118s
2025-03-06 13:38:28.061 68807 INFO tempest.lib.common.dynamic_creds [-] Deleting project and security group for project: 95032c75d45e4c8e8edcf3a39947e1f1
2025-03-06 13:38:28.086 68825 INFO tempest.lib.common.rest_client [req-7bcd97cf-c7a6-43e5-bd72-99d231cb10e7 req-7bcd97cf-c7a6-43e5-bd72-99d231cb10e7 ] Request (VolumesAdminNegativeTest:test_update_attached_volume_with_nonexistent_volume_in_body): 200 POST http://10.180.1.21/compute/v2.1/os-keypairs 3.923s
2025-03-06 13:38:28.154 68795 INFO tempest.lib.common.rest_client [req-37fad7a8-6856-45c6-b767-833d53e185b0 req-37fad7a8-6856-45c6-b767-833d53e185b0 ] Request (ServerDiagnosticsNegativeTest:test_get_server_diagnostics_by_non_admin): 200 GET http://10.180.1.21/compute/v2.1/servers/cd8987ec-c639-432e-bad1-3ac63c4be1a8 4.240s
2025-03-06 13:38:28.213 68845 INFO tempest.lib.common.rest_client [req-0685ce8e-89d9-4166-b055-b923a87f70b2 req-0685ce8e-89d9-4166-b055-b923a87f70b2 ] Request (KeyPairsV22TestJSON:test_keypairs_create_list_delete): 201 POST http://10.180.1.21/compute/v2.1/os-keypairs 3.582s
2025-03-06 13:38:28.218 68816 INFO tempest.lib.common.rest_client [req-2e7c433b-46d7-433c-bdba-ecf2e457ac98 req-2e7c433b-46d7-433c-bdba-ecf2e457ac98 ] Request (AggregatesAdminNegativeTestJSON:test_aggregate_create_as_user): 403 POST http://10.180.1.21/compute/v2.1/os-aggregates 3.542s
2025-03-06 13:38:28.246 68789 INFO tempest.lib.common.rest_client [req-37f4dca3-1419-4467-a0ef-16383354ec38 req-37f4dca3-1419-4467-a0ef-16383354ec38 ] Request (FlavorsExtraSpecsNegativeTestJSON:tearDownClass): 202 DELETE http://10.180.1.21/compute/v2.1/flavors/666058069 3.566s
2025-03-06 13:38:28.341 68837 INFO tempest.lib.common.rest_client [req-1c2f0e0d-6f09-4921-94f0-fc7466e85b47 req-1c2f0e0d-6f09-4921-94f0-fc7466e85b47 ] Request (ImagesMetadataTestJSON:test_set_image_metadata_item): 200 PUT http://10.180.1.21/compute/v2.1/images/6fbba38b-6b29-4cf5-aaef-1bba09aebcff/metadata/os_version 3.745s
2025-03-06 13:38:28.361 68831 INFO tempest.lib.common.rest_client [req-3f0fb7e4-5b4b-4665-bc30-f9da597b7e25 req-3f0fb7e4-5b4b-4665-bc30-f9da597b7e25 ] Request (ServersNegativeTestJSON:setUpClass): 201 POST http://10.180.1.21:9696/networking/v2.0/networks 0.991s
2025-03-06 13:38:28.403 68785 INFO tempest.lib.common.rest_client [req-9bba3bde-581c-4128-b9f2-7b8942fe092f req-9bba3bde-581c-4128-b9f2-7b8942fe092f ] Request (ServerMetadataNegativeTestJSON:setUpClass): 201 POST http://10.180.1.21:9696/networking/v2.0/networks 0.804s
2025-03-06 13:38:28.420 68787 INFO tempest.lib.common.rest_client [req-de1d69ae-03d9-473d-a3d0-7492ab7e735d req-de1d69ae-03d9-473d-a3d0-7492ab7e735d ] Request (FlavorsAccessNegativeTestJSON:test_flavor_non_admin_remove): 200 POST http://10.180.1.21/compute/v2.1/flavors/566062348/action 3.719s
2025-03-06 13:38:28.445 68807 INFO tempest.lib.common.rest_client [req-5a8976ee-98be-4987-8a8b-14dad4715a9c req-5a8976ee-98be-4987-8a8b-14dad4715a9c ] Request (HypervisorAdminV228Test:tearDownClass): 200 GET http://10.180.1.21:9696/networking/v2.0/security-groups?tenant_id=95032c75d45e4c8e8edcf3a39947e1f1&name=default 0.384s
2025-03-06 13:38:28.445 68823 INFO tempest.lib.common.rest_client [req-bf4287d8-b8d3-4478-a09c-18809e7fef65 req-bf4287d8-b8d3-4478-a09c-18809e7fef65 ] Request (FlavorsV261TestJSON:test_crud_flavor): 200 GET http://10.180.1.21/compute/v2.1/flavors/694160570 3.508s
2025-03-06 13:38:28.452 68803 INFO tempest.lib.common.rest_client [req-94afb5a5-4ea4-4dbc-a451-bc9e871c826e req-94afb5a5-4ea4-4dbc-a451-bc9e871c826e ] Request (QuotasAdminNegativeTest:test_update_quota_normal_user): 403 PUT http://10.180.1.21/compute/v2.1/os-quota-sets/f239ba9d114344909b986e8bc4433364 3.118s
2025-03-06 13:38:28.474 68791 INFO tempest.lib.common.rest_client [req-c944eb22-0c4c-4111-947f-3206f9b30cc4 req-c944eb22-0c4c-4111-947f-3206f9b30cc4 ] Request (ServicesAdminTestJSON:test_get_service_by_service_binary_name): 200 GET http://10.180.1.21/compute/v2.1/os-services?binary=nova-compute 3.120s
2025-03-06 13:38:28.505 68825 INFO tempest.lib.common.rest_client [req-cf1e6d62-db0b-438c-8f3a-154c34d11a61 req-cf1e6d62-db0b-438c-8f3a-154c34d11a61 ] Request (VolumesAdminNegativeTest:test_update_attached_volume_with_nonexistent_volume_in_body): 201 POST http://10.180.1.21:9696/networking/v2.0/security-groups 0.417s
2025-03-06 13:38:28.590 68803 INFO tempest.lib.common.rest_client [req-d12b3d27-b11a-4555-9acd-624ebac84ace req-d12b3d27-b11a-4555-9acd-624ebac84ace ] Request (QuotasAdminNegativeTest:tearDownClass): 204 DELETE http://10.180.1.21/identity/v3/users/0526ea6fc096488aba40303d37716c13 0.137s
2025-03-06 13:38:28.696 68803 INFO tempest.lib.common.rest_client [req-09e3fdf9-d22e-4e75-88d5-98d03f4b4a5d req-09e3fdf9-d22e-4e75-88d5-98d03f4b4a5d ] Request (QuotasAdminNegativeTest:tearDownClass): 204 DELETE http://10.180.1.21/identity/v3/users/a5b427b1ca374c52a5ed98bae9631b14 0.105s
2025-03-06 13:38:28.696 68803 INFO tempest.lib.common.dynamic_creds [-] Deleting project and security group for project: f7a899bf9f744c18bd90a40f010a4bd2
2025-03-06 13:38:28.735 68821 INFO tempest.lib.common.rest_client [req-be173c8e-c79d-41dc-aef6-a3bddafba395 req-be173c8e-c79d-41dc-aef6-a3bddafba395 ] Request (QuotasAdminTestJSON:test_delete_quota): 200 GET http://10.180.1.21/compute/v2.1/os-quota-sets/1b9c1b45e4b04f2888d921af2af0b206 3.356s
2025-03-06 13:38:28.766 68803 INFO tempest.lib.common.rest_client [req-ae3a44fc-9382-458f-b793-c615235add5e req-ae3a44fc-9382-458f-b793-c615235add5e ] Request (QuotasAdminNegativeTest:tearDownClass): 201 POST http://10.180.1.21/identity/v3/auth/tokens 0.070s
2025-03-06 13:38:28.801 68807 INFO tempest.lib.common.rest_client [req-8f3bb348-4340-4aae-ad29-14e7011da968 req-8f3bb348-4340-4aae-ad29-14e7011da968 ] Request (HypervisorAdminV228Test:tearDownClass): 204 DELETE http://10.180.1.21:9696/networking/v2.0/security-groups/e8372c64-d8cb-4398-8c48-f6876b463d7d 0.355s
2025-03-06 13:38:28.837 68805 INFO tempest.lib.common.rest_client [req-01c1658f-1e4e-47a9-aee7-67457aabaeda req-01c1658f-1e4e-47a9-aee7-67457aabaeda ] Request (MigrationsAdminTest:test_list_migrations_in_flavor_resize_situation): 200 GET http://10.180.1.21/compute/v2.1/servers/90eb84e2-88bc-468a-987a-cc2e865f6ea8 2.705s
2025-03-06 13:38:28.858 68825 INFO tempest.lib.common.rest_client [req-0d72bbb0-7df3-4a88-8196-cdd935a6190f req-0d72bbb0-7df3-4a88-8196-cdd935a6190f ] Request (VolumesAdminNegativeTest:test_update_attached_volume_with_nonexistent_volume_in_body): 201 POST http://10.180.1.21:9696/networking/v2.0/security-group-rules 0.352s
2025-03-06 13:38:28.870 68793 INFO tempest.lib.common.rest_client [req-84179c99-d9f7-4b5c-924e-f07e9b5e3727 req-84179c99-d9f7-4b5c-924e-f07e9b5e3727 ] Request (FlavorsAdminTestJSON:_run_cleanups): 200 GET http://10.180.1.21/compute/v2.1/flavors/detail 2.426s
2025-03-06 13:38:28.872 68807 INFO tempest.lib.common.rest_client [req-c6320e58-e1eb-46ba-9062-18042e0ddb1d req-c6320e58-e1eb-46ba-9062-18042e0ddb1d ] Request (HypervisorAdminV228Test:tearDownClass): 204 DELETE http://10.180.1.21/identity/v3/projects/95032c75d45e4c8e8edcf3a39947e1f1 0.070s
2025-03-06 13:38:28.940 68807 INFO tempest.lib.common.rest_client [req-3324d25c-0f76-4ebe-9b68-00accb14dd77 req-3324d25c-0f76-4ebe-9b68-00accb14dd77 ] Request (InstanceUsageAuditLogNegativeTestJSON:setUpClass): 201 POST http://10.180.1.21/identity/v3/auth/tokens 0.066s
2025-03-06 13:38:28.957 68797 INFO tempest.lib.common.rest_client [req-5321fcf4-8f33-4ada-ab28-bfae961e6cc0 req-5321fcf4-8f33-4ada-ab28-bfae961e6cc0 ] Request (ServerExternalEventsTest:tearDownClass): 200 GET http://10.180.1.21/compute/v2.1/servers/f502461c-f119-4801-8f55-92784998b426 2.484s
2025-03-06 13:38:28.967 68797 INFO tempest.common.waiters [-] State transition "ACTIVE/deleting" ==> "DELETED/None" after 3 second wait
2025-03-06 13:38:28.973 68827 INFO tempest.lib.common.rest_client [req-57e5fc57-d667-4e77-a7a8-12829cc0ea32 req-57e5fc57-d667-4e77-a7a8-12829cc0ea32 ] Request (KeyPairsNegativeTestJSON:test_create_keypair_with_duplicate_name): 202 DELETE http://10.180.1.21/compute/v2.1/os-keypairs/tempest-keypair-1820329645 2.487s
2025-03-06 13:38:28.982 68807 INFO tempest.lib.common.rest_client [req-f76d286a-129e-43f0-9d9f-0bc3220ba0fc req-f76d286a-129e-43f0-9d9f-0bc3220ba0fc ] Request (InstanceUsageAuditLogNegativeTestJSON:setUpClass): 201 POST http://10.180.1.21/identity/v3/auth/tokens 0.039s
2025-03-06 13:38:28.986 68799 INFO tempest.lib.common.rest_client [req-788bf570-fce5-429c-b20b-1e3418694bce req-788bf570-fce5-429c-b20b-1e3418694bce ] Request (ServerGroup264TestJSON:setUpClass): 201 POST http://10.180.1.21:9696/networking/v2.0/subnets 0.981s
2025-03-06 13:38:29.007 68807 INFO tempest.lib.common.rest_client [req-15b68d2c-5cb6-4d77-b8b5-2d41e6dfbe04 req-15b68d2c-5cb6-4d77-b8b5-2d41e6dfbe04 ] Request (InstanceUsageAuditLogNegativeTestJSON:setUpClass): 200 GET http://10.180.1.21/identity/v3/domains?name=Default 0.025s
2025-03-06 13:38:29.039 68807 INFO tempest.lib.common.rest_client [req-2470d98d-6cfa-4536-82fc-a0d35f0977fb req-2470d98d-6cfa-4536-82fc-a0d35f0977fb ] Request (InstanceUsageAuditLogNegativeTestJSON:setUpClass): 201 POST http://10.180.1.21/identity/v3/projects 0.031s
2025-03-06 13:38:29.051 68831 INFO tempest.lib.common.rest_client [req-90f3ceef-bea3-4549-94db-5bd7917fbb96 req-90f3ceef-bea3-4549-94db-5bd7917fbb96 ] Request (ServersNegativeTestJSON:setUpClass): 201 POST http://10.180.1.21:9696/networking/v2.0/subnets 0.688s
2025-03-06 13:38:29.067 68785 INFO tempest.lib.common.rest_client [req-8c9e6e02-a689-4d6a-816e-780f7b188e8a req-8c9e6e02-a689-4d6a-816e-780f7b188e8a ] Request (ServerMetadataNegativeTestJSON:setUpClass): 201 POST http://10.180.1.21:9696/networking/v2.0/subnets 0.663s
2025-03-06 13:38:29.103 68807 INFO tempest.lib.common.rest_client [req-1cede5a2-55b3-45ec-952f-c879401d95e2 req-1cede5a2-55b3-45ec-952f-c879401d95e2 ] Request (InstanceUsageAuditLogNegativeTestJSON:setUpClass): 201 POST http://10.180.1.21/identity/v3/users 0.063s
2025-03-06 13:38:29.132 68807 INFO tempest.lib.common.rest_client [req-0c933e92-f250-4f2c-ab35-10e06f8a3eec req-0c933e92-f250-4f2c-ab35-10e06f8a3eec ] Request (InstanceUsageAuditLogNegativeTestJSON:setUpClass): 200 GET http://10.180.1.21/identity/v3/roles 0.029s
2025-03-06 13:38:29.143 68801 INFO tempest.lib.common.rest_client [req-cd2437d6-2f09-4feb-9b84-cb8c4ce24710 req-cd2437d6-2f09-4feb-9b84-cb8c4ce24710 ] Request (AttachInterfacesUnderV243Test:setUpClass): 200 PUT http://10.180.1.21:9696/networking/v2.0/routers/9a197b38-e323-44e5-9e97-5c2cbd868628/add_router_interface 2.908s
2025-03-06 13:38:29.144 68801 INFO tempest.lib.common.dynamic_creds [-] Created isolated network resources for: credentials: Credentials: {'domain_id': 'default', 'domain_name': 'Default', 'username': 'tempest-AttachInterfacesUnderV243Test-1581392695-project-member', 'project_domain_id': 'default', 'project_domain_name': 'Default', 'project_id': 'ae769899435e420298d60bf51e8cff33', 'project_name': 'tempest-AttachInterfacesUnderV243Test-1581392695', 'tenant_id': 'ae769899435e420298d60bf51e8cff33', 'tenant_name': 'tempest-AttachInterfacesUnderV243Test-1581392695', 'user_domain_id': 'default', 'user_domain_name': 'Default', 'user_id': 'b0410869cfce41748c305c967df05c18', 'system': None}, Network: {'id': 'bd1dec79-3b33-4a6f-8a11-c4a4683246a5', 'name': 'tempest-AttachInterfacesUnderV243Test-2017566685-network', 'tenant_id': 'ae769899435e420298d60bf51e8cff33', 'admin_state_up': True, 'mtu': 8950, 'status': 'ACTIVE', 'subnets': [], 'shared': False, 'project_id': 'ae769899435e420298d60bf51e8cff33', 'port_security_enabled': True, 'router:external': False, 'provider:network_type': 'vlan', 'provider:physical_network': 'default', 'provider:segmentation_id': 335, 'availability_zone_hints': [], 'availability_zones': [], 'ipv4_address_scope': None, 'ipv6_address_scope': None, 'description': '', 'tags': [], 'created_at': '2025-03-06T13:38:21Z', 'updated_at': '2025-03-06T13:38:21Z', 'revision_number': 1}, Subnet: {'id': '29305afd-7d49-4253-ba78-1355132c2ffc', 'name': 'tempest-AttachInterfacesUnderV243Test-2017566685-subnet', 'tenant_id': 'ae769899435e420298d60bf51e8cff33', 'network_id': 'bd1dec79-3b33-4a6f-8a11-c4a4683246a5', 'ip_version': 4, 'subnetpool_id': None, 'enable_dhcp': True, 'ipv6_ra_mode': None, 'ipv6_address_mode': None, 'gateway_ip': '192.168.128.1', 'cidr': '192.168.128.0/28', 'allocation_pools': [{'start': '192.168.128.2', 'end': '192.168.128.14'}], 'host_routes': [], 'dns_nameservers': [], 'description': '', 'router:external': False, 'service_types': [], 'tags': [], 'created_at': '2025-03-06T13:38:22Z', 'updated_at': '2025-03-06T13:38:22Z', 'revision_number': 0, 'project_id': 'ae769899435e420298d60bf51e8cff33'}, Router: {'id': '9a197b38-e323-44e5-9e97-5c2cbd868628', 'name': 'tempest-AttachInterfacesUnderV243Test-2017566685-router', 'tenant_id': 'ae769899435e420298d60bf51e8cff33', 'admin_state_up': True, 'status': 'ACTIVE', 'external_gateway_info': {'network_id': 'b348fa9c-ad79-4c8d-8536-f137d504d403', 'external_fixed_ips': [{'subnet_id': '57994a6d-cd89-4ecb-bf94-01451f6eb1b3', 'ip_address': '10.180.180.212'}], 'enable_snat': True}, 'description': '', 'availability_zones': [], 'distributed': False, 'ha': False, 'availability_zone_hints': [], 'routes': [], 'flavor_id': None, 'tags': [], 'created_at': '2025-03-06T13:38:23Z', 'updated_at': '2025-03-06T13:38:24Z', 'revision_number': 2, 'project_id': 'ae769899435e420298d60bf51e8cff33'}
2025-03-06 13:38:29.152 68825 INFO tempest.lib.common.rest_client [req-90b8d270-b122-4935-adfb-7d74d5621e39 req-90b8d270-b122-4935-adfb-7d74d5621e39 ] Request (VolumesAdminNegativeTest:test_update_attached_volume_with_nonexistent_volume_in_body): 201 POST http://10.180.1.21:9696/networking/v2.0/security-group-rules 0.294s
2025-03-06 13:38:29.156 68829 INFO tempest.lib.common.rest_client [req-65e17977-524c-4448-b951-40c086919399 req-65e17977-524c-4448-b951-40c086919399 ] Request (FloatingIPDetailsTestJSON:tearDownClass): 204 DELETE http://10.180.1.21:9696/networking/v2.0/routers/ab871d8f-77e5-416c-b962-6c7e2ae81bb7 1.665s
2025-03-06 13:38:29.173 68807 INFO tempest.lib.common.rest_client [req-f85de24c-a8f2-4c4b-9dfc-c8263b88f029 req-f85de24c-a8f2-4c4b-9dfc-c8263b88f029 ] Request (InstanceUsageAuditLogNegativeTestJSON:setUpClass): 204 PUT http://10.180.1.21/identity/v3/projects/6efd00511ccb4cf8b631bdab10e80c82/users/37f76254eef941468a7a6d34affcb637/roles/87c7adc56fb54788ac42f508abe2ad94 0.040s
2025-03-06 13:38:29.173 68807 INFO tempest.lib.common.dynamic_creds [-] Dynamic test user 37f76254eef941468a7a6d34affcb637 is created with scope project and roles: ['member']
2025-03-06 13:38:29.173 68807 INFO tempest.lib.common.dynamic_creds [-] Acquired dynamic creds: credentials: Credentials: {'domain_id': 'default', 'domain_name': 'Default', 'username': 'tempest-InstanceUsageAuditLogNegativeTestJSON-1550956465-project-member', 'project_domain_id': 'default', 'project_domain_name': 'Default', 'project_id': '6efd00511ccb4cf8b631bdab10e80c82', 'project_name': 'tempest-InstanceUsageAuditLogNegativeTestJSON-1550956465', 'tenant_id': '6efd00511ccb4cf8b631bdab10e80c82', 'tenant_name': 'tempest-InstanceUsageAuditLogNegativeTestJSON-1550956465', 'user_domain_id': 'default', 'user_domain_name': 'Default', 'user_id': '37f76254eef941468a7a6d34affcb637', 'system': None}, Network: None, Subnet: None, Router: None
2025-03-06 13:38:29.174 68807 INFO tempest.lib.common.dynamic_creds [-] Created isolated network resources for: credentials: Credentials: {'domain_id': 'default', 'domain_name': 'Default', 'username': 'tempest-InstanceUsageAuditLogNegativeTestJSON-1550956465-project-member', 'project_domain_id': 'default', 'project_domain_name': 'Default', 'project_id': '6efd00511ccb4cf8b631bdab10e80c82', 'project_name': 'tempest-InstanceUsageAuditLogNegativeTestJSON-1550956465', 'tenant_id': '6efd00511ccb4cf8b631bdab10e80c82', 'tenant_name': 'tempest-InstanceUsageAuditLogNegativeTestJSON-1550956465', 'user_domain_id': 'default', 'user_domain_name': 'Default', 'user_id': '37f76254eef941468a7a6d34affcb637', 'system': None}, Network: None, Subnet: None, Router: None
2025-03-06 13:38:29.229 68801 INFO tempest.lib.common.rest_client [req-60394728-4882-43ef-9e3f-537569c1bc9b req-60394728-4882-43ef-9e3f-537569c1bc9b ] Request (AttachInterfacesUnderV243Test:setUpClass): 201 POST http://10.180.1.21/identity/v3/auth/tokens 0.079s
2025-03-06 13:38:29.253 68807 INFO tempest.lib.common.rest_client [req-aabdd333-e5c6-4a0e-ab2d-689a2750aa6a req-aabdd333-e5c6-4a0e-ab2d-689a2750aa6a ] Request (InstanceUsageAuditLogNegativeTestJSON:setUpClass): 201 POST http://10.180.1.21/identity/v3/auth/tokens 0.075s
2025-03-06 13:38:29.295 68803 INFO tempest.lib.common.rest_client [req-1d7a15f3-7eb5-4438-a2b1-2c597828d071 req-1d7a15f3-7eb5-4438-a2b1-2c597828d071 ] Request (QuotasAdminNegativeTest:tearDownClass): 200 GET http://10.180.1.21:9696/networking/v2.0/security-groups?tenant_id=f7a899bf9f744c18bd90a40f010a4bd2&name=default 0.529s
2025-03-06 13:38:29.302 68841 INFO tempest.lib.common.rest_client [req-a126fbf9-d905-4561-abfc-92e449266c15 req-a126fbf9-d905-4561-abfc-92e449266c15 ] Request (ImagesNegativeTestJSON:test_create_image_from_deleted_server): 202 POST http://10.180.1.21/compute/v2.1/servers 4.205s
2025-03-06 13:38:29.332 68807 INFO tempest.lib.common.rest_client [req-6fbf96ea-227a-4a92-9ae9-aea0908c9880 req-6fbf96ea-227a-4a92-9ae9-aea0908c9880 ] Request (InstanceUsageAuditLogNegativeTestJSON:setUpClass): 201 POST http://10.180.1.21/identity/v3/projects 0.079s
