2025-04-03 13:03:40.468 70034 INFO tempest.lib.common.fixed_network [-] (ServersWithSpecificFlavorTestJSON:test_verify_created_server_ephemeral_disk) Found network {'id': '69c15a0c-bb0b-44e5-bce9-75e6b360d47e', 'name': 'tempest-ServersWithSpecificFlavorTestJSON-192349376-network', 'tenant_id': 'fbcca1e3d1234f0890eba3488981ed59', 'admin_state_up': True, 'mtu': 8950, 'status': 'ACTIVE', 'subnets': [], 'shared': False, 'project_id': 'fbcca1e3d1234f0890eba3488981ed59', 'port_security_enabled': True, 'router:external': False, 'provider:network_type': 'vlan', 'provider:physical_network': 'default', 'provider:segmentation_id': 119, 'availability_zone_hints': [], 'availability_zones': [], 'ipv4_address_scope': None, 'ipv6_address_scope': None, 'description': '', 'tags': [], 'created_at': '2025-04-03T13:01:03Z', 'updated_at': '2025-04-03T13:01:03Z', 'revision_number': 1} available for tenant
2025-04-03 13:03:40.471 70032 INFO tempest.lib.common.rest_client [req-5af1b219-0b55-4994-beab-6f9b3e312303 req-5af1b219-0b55-4994-beab-6f9b3e312303 ] Request (ServersTestMultiNic:test_verify_multiple_nics_order): 200 GET http://10.180.1.21/compute/v2.1/servers/f3d9da99-449b-4716-9449-3858a40ebd05 0.133s
2025-04-03 13:03:40.519 70008 INFO tempest.lib.common.rest_client [req-59731471-ad7c-4597-8f06-33cbf55875fb req-59731471-ad7c-4597-8f06-33cbf55875fb ] Request (ServersAdminTestJSON:test_create_server_with_scheduling_hint): 200 GET http://10.180.1.21/compute/v2.1/servers/e4a6a52b-268e-4547-9a2c-93e1b7224797 0.127s
2025-04-03 13:03:40.536 70017 INFO tempest.lib.common.rest_client [req-5f087b71-ea5a-417c-b584-fa4d22d2f6da req-5f087b71-ea5a-417c-b584-fa4d22d2f6da ] Request (ListServerFiltersTestJSON:tearDownClass): 200 GET http://10.180.1.21/compute/v2.1/servers/f5aa96f5-aff6-4f5a-9180-1957ac49002a 0.089s
2025-04-03 13:03:40.547 70017 INFO tempest.common.waiters [-] State transition "ACTIVE/deleting" ==> "DELETED/None" after 3 second wait
2025-04-03 13:03:40.667 69996 INFO tempest.lib.common.rest_client [req-470df4d3-f1f9-451f-ae19-d497fcf3f924 req-470df4d3-f1f9-451f-ae19-d497fcf3f924 ] Request (ImagesTestJSON:test_create_image_from_stopped_server): 200 GET http://10.180.1.21/compute/v2.1/servers/20c9027e-63e9-4c90-a0dc-62b0fb2c32b5 0.192s
2025-04-03 13:03:40.725 70014 INFO tempest.lib.common.rest_client [req-6be6bc29-e5ca-4ceb-af78-733fa43d0c20 req-6be6bc29-e5ca-4ceb-af78-733fa43d0c20 ] Request (ServerActionsTestOtherA:setUpClass): 200 GET http://10.180.1.21/compute/v2.1/servers/e1678a98-0e22-4bbb-a39a-c5bee0fd08ac 0.218s
2025-04-03 13:03:40.781 70002 INFO tempest.lib.common.rest_client [req-7dc284bb-8e7d-412c-84d3-724e591384ce req-7dc284bb-8e7d-412c-84d3-724e591384ce ] Request (ServersAdminNegativeTestJSON:setUpClass): 200 GET http://10.180.1.21/compute/v2.1/servers/d2281269-3f62-476d-81fb-0d47c60086a2 0.236s
2025-04-03 13:03:40.847 70018 INFO tempest.lib.common.rest_client [req-e8e8e09f-8ba3-418c-9ebf-f94fabbf2ba6 req-e8e8e09f-8ba3-418c-9ebf-f94fabbf2ba6 ] Request (AttachInterfacesV270Test:tearDownClass): 200 GET http://10.180.1.21/compute/v2.1/servers/0791541e-da89-4120-8c87-c537b84a7b4b 0.276s
2025-04-03 13:03:40.855 70006 INFO tempest.lib.common.rest_client [req-18fe2aca-f675-41a3-bc57-f1838f3bad4e req-18fe2aca-f675-41a3-bc57-f1838f3bad4e ] Request (VolumesAssistedSnapshotsTest:test_volume_assisted_snapshot_create_delete): 200 GET http://10.180.1.21/volume/v3/volumes/12f4534e-5f51-4378-88aa-5ffc0455ce68 0.031s
2025-04-03 13:03:40.891 70034 INFO tempest.lib.common.rest_client [req-68ab553c-9dce-4927-8bc6-1c666bb922e4 req-68ab553c-9dce-4927-8bc6-1c666bb922e4 ] Request (ServersWithSpecificFlavorTestJSON:test_verify_created_server_ephemeral_disk): 202 POST http://10.180.1.21/compute/v2.1/servers 0.422s
2025-04-03 13:03:40.911 70049 INFO tempest.lib.common.rest_client [req-5d9c7160-f884-477d-8e96-ce6429367839 req-5d9c7160-f884-477d-8e96-ce6429367839 ] Request (ServerShowV247Test:test_update_rebuild_list_server): 200 GET http://10.180.1.21/compute/v2.1/servers/bc3196cf-2eb0-4dd9-bfb5-6660a1793ec5 0.285s
2025-04-03 13:03:40.947 70042 INFO tempest.lib.common.rest_client [req-b3ebd4ff-9d64-4664-af00-0e46fb690ca8 req-b3ebd4ff-9d64-4664-af00-0e46fb690ca8 ] Request (MigrationsAdminTest:test_resize_server_revert_deleted_flavor): 200 GET http://10.180.1.21/compute/v2.1/servers/888b0976-1a94-4901-8904-fefd169b829b 0.321s
2025-04-03 13:03:40.963 69998 INFO tempest.lib.common.rest_client [req-a5befd28-f22a-441a-a456-2d19607a8ef3 req-a5befd28-f22a-441a-a456-2d19607a8ef3 ] Request (ListServersNegativeTestJSON:setUpClass): 200 GET http://10.180.1.21/compute/v2.1/servers/590c2cb4-0349-46db-b85c-6f845327e450 0.267s
2025-04-03 13:03:40.990 70050 INFO tempest.lib.common.rest_client [req-f75cc634-2e68-416f-8e2f-14d1165b5037 req-f75cc634-2e68-416f-8e2f-14d1165b5037 ] Request (InstanceActionsNegativeTestJSON:setUpClass): 200 GET http://10.180.1.21/compute/v2.1/servers/2fd3fc55-6157-4c52-b827-9cba78ab186d 0.294s
2025-04-03 13:03:40.997 70050 INFO tempest.common.waiters [-] State transition "BUILD/scheduling" ==> "BUILD/None" after 62 second wait
2025-04-03 13:03:41.009 69992 INFO tempest.lib.common.rest_client [req-5c03de34-7296-4698-8578-ce69d9b50c6e req-5c03de34-7296-4698-8578-ce69d9b50c6e ] Request (ImagesOneServerTestJSON:setUpClass): 200 GET http://10.180.1.21/compute/v2.1/servers/acbf7099-6993-4d1b-9e90-62bf239a75ba 0.260s
2025-04-03 13:03:41.037 70044 INFO tempest.lib.common.rest_client [req-b779a841-8f01-4ecd-8ca4-17e5ae2b5cc3 req-b779a841-8f01-4ecd-8ca4-17e5ae2b5cc3 ] Request (DeleteServersTestJSON:test_delete_server_while_in_attached_volume): 200 GET http://10.180.1.21/compute/v2.1/servers/c648d597-0473-46d4-bd23-63e396311140 0.228s
2025-04-03 13:03:41.062 70040 INFO tempest.lib.common.rest_client [req-145e535b-e28c-46e0-aaa8-3baeebc939a8 req-145e535b-e28c-46e0-aaa8-3baeebc939a8 ] Request (ServerRescueTestJSONUnderV235:setUpClass): 200 GET http://10.180.1.21/compute/v2.1/servers/f71b254d-0b4e-4d35-a804-44f8f76a8c0b 0.194s
2025-04-03 13:03:41.077 70034 INFO tempest.lib.common.rest_client [req-9b32034a-db4d-4f79-8ff7-21a192248857 req-9b32034a-db4d-4f79-8ff7-21a192248857 ] Request (ServersWithSpecificFlavorTestJSON:test_verify_created_server_ephemeral_disk): 200 GET http://10.180.1.21/compute/v2.1/servers/8f0d714b-1664-4a83-8f75-e48033d4611d 0.184s
2025-04-03 13:03:41.110 70024 INFO tempest.lib.common.rest_client [req-84db31ac-5df8-4a41-9afc-1af8d5d351c7 req-84db31ac-5df8-4a41-9afc-1af8d5d351c7 ] Request (ServerDiskConfigTestJSON:test_rebuild_server_with_manual_disk_config): 200 GET http://10.180.1.21/compute/v2.1/servers/a99a9f9b-05ed-46ad-96a2-c9c01b81f983 0.191s
2025-04-03 13:03:41.122 70028 INFO tempest.lib.common.rest_client [req-8749c212-5980-4ad0-bd47-08c47821f2bc req-8749c212-5980-4ad0-bd47-08c47821f2bc ] Request (InstanceActionsTestJSON:setUpClass): 200 GET http://10.180.1.21/compute/v2.1/servers/713b3237-6d09-4db2-9dd8-ccc7b303ca4b 0.200s
2025-04-03 13:03:41.159 69994 INFO tempest.lib.common.rest_client [req-6fd78a72-b260-40e4-abd9-091f58ce45b1 req-6fd78a72-b260-40e4-abd9-091f58ce45b1 ] Request (ServersTestBootFromVolume:setUpClass): 200 GET http://10.180.1.21/compute/v2.1/servers/f1562f66-a5bc-453a-957a-a4a03e102c34 0.190s
2025-04-03 13:03:41.168 70052 INFO tempest.lib.common.rest_client [req-843da24d-a85f-48b1-a53f-f173b15f57cf req-843da24d-a85f-48b1-a53f-f173b15f57cf ] Request (ServersNegativeTestMultiTenantJSON:setUpClass): 200 GET http://10.180.1.21/compute/v2.1/servers/64083589-1c17-42e5-955b-4e609875a788 0.160s
2025-04-03 13:03:41.203 70012 INFO tempest.lib.common.rest_client [req-0183243c-7125-411f-8658-f5d96f1d45e4 req-0183243c-7125-411f-8658-f5d96f1d45e4 ] Request (ServerActionsV293TestJSON:setUpClass): 200 GET http://10.180.1.21/volume/v3/volumes/c7c595d4-9d0e-468a-bb1e-378b1b83d89a 0.021s
2025-04-03 13:03:41.215 70038 INFO tempest.lib.common.rest_client [req-f79344e5-bbe2-4572-b7f2-deaa10ea033f req-f79344e5-bbe2-4572-b7f2-deaa10ea033f ] Request (ImagesOneServerNegativeTestJSON:setUpClass): 200 GET http://10.180.1.21/compute/v2.1/servers/c28ff0c9-96fc-45af-80be-4915955b0aea 0.125s
2025-04-03 13:03:41.216 69990 INFO tempest.lib.common.rest_client [req-39df819d-2b89-40d6-a202-3e795963489d req-39df819d-2b89-40d6-a202-3e795963489d ] Request (MultipleCreateTestJSON:test_multiple_create_with_reservation_return): 200 GET http://10.180.1.21/compute/v2.1/servers/528e2c92-d01e-4c35-a2ba-70d439af2fc7 0.051s
2025-04-03 13:03:41.272 70010 INFO tempest.lib.common.rest_client [req-92a31ce0-5ed6-49e8-a0b9-5ccd353a034e req-92a31ce0-5ed6-49e8-a0b9-5ccd353a034e ] Request (ServerExternalEventsTest:tearDownClass): 200 GET http://10.180.1.21/compute/v2.1/servers/81822631-26a8-4c17-a447-8e9d3acac696 0.106s
2025-04-03 13:03:41.374 70022 INFO tempest.lib.common.rest_client [req-38390031-24ec-4737-9531-06a22f176942 req-38390031-24ec-4737-9531-06a22f176942 ] Request (DeleteServersAdminTestJSON:test_delete_server_while_in_error_state): 200 GET http://10.180.1.21/compute/v2.1/servers/2d57287c-5315-4c71-867f-dd3d4018ab48 0.058s
2025-04-03 13:03:41.381 70022 INFO tempest.common.waiters [-] State transition "BUILD/None" ==> "BUILD/networking" after 85 second wait
2025-04-03 13:03:41.541 70004 INFO tempest.lib.common.rest_client [req-7b27ed82-edfe-4655-88a6-57c3c46045cf req-7b27ed82-edfe-4655-88a6-57c3c46045cf ] Request (ServersV294TestFqdnHostnames:setUpClass): 200 GET http://10.180.1.21/compute/v2.1/servers/ce86cfb9-bad4-4082-9e21-605396cc42f6 0.072s
2025-04-03 13:03:41.559 70026 INFO tempest.lib.common.rest_client [req-418d7f2e-61c3-4116-a29c-a9c44ce3d0eb req-418d7f2e-61c3-4116-a29c-a9c44ce3d0eb ] Request (VolumesAdminNegativeTest:test_update_attached_volume_with_nonexistent_volume_in_body): 200 GET http://10.180.1.21/compute/v2.1/servers/5ed6619c-f1a2-476c-ba2f-7289de5b6e9e 0.134s
2025-04-03 13:03:41.596 70032 INFO tempest.lib.common.rest_client [req-3e9d07ed-10eb-45de-8dbd-8b3b11628591 req-3e9d07ed-10eb-45de-8dbd-8b3b11628591 ] Request (ServersTestMultiNic:test_verify_multiple_nics_order): 200 GET http://10.180.1.21/compute/v2.1/servers/f3d9da99-449b-4716-9449-3858a40ebd05 0.113s
2025-04-03 13:03:41.624 70008 INFO tempest.lib.common.rest_client [req-b940ccec-f255-4950-8573-2f9e25e8c2d8 req-b940ccec-f255-4950-8573-2f9e25e8c2d8 ] Request (ServersAdminTestJSON:test_create_server_with_scheduling_hint): 200 GET http://10.180.1.21/compute/v2.1/servers/e4a6a52b-268e-4547-9a2c-93e1b7224797 0.095s
2025-04-03 13:03:41.669 70017 INFO tempest.lib.common.rest_client [req-628505ad-294f-401a-9490-565c8867abdd req-628505ad-294f-401a-9490-565c8867abdd ] Request (ListServerFiltersTestJSON:tearDownClass): 200 GET http://10.180.1.21/compute/v2.1/servers/f5aa96f5-aff6-4f5a-9180-1957ac49002a 0.120s
2025-04-03 13:03:41.804 70014 INFO tempest.lib.common.rest_client [req-f7c907c7-558d-460a-988c-f93f2166dbb8 req-f7c907c7-558d-460a-988c-f93f2166dbb8 ] Request (ServerActionsTestOtherA:setUpClass): 200 GET http://10.180.1.21/compute/v2.1/servers/e1678a98-0e22-4bbb-a39a-c5bee0fd08ac 0.072s
2025-04-03 13:03:41.814 69996 INFO tempest.lib.common.rest_client [req-c22cf40b-8549-4d59-be7b-03dccdd45162 req-c22cf40b-8549-4d59-be7b-03dccdd45162 ] Request (ImagesTestJSON:test_create_image_from_stopped_server): 200 GET http://10.180.1.21/compute/v2.1/servers/20c9027e-63e9-4c90-a0dc-62b0fb2c32b5 0.137s
2025-04-03 13:03:41.821 69996 INFO tempest.common.waiters [-] State transition "ACTIVE/powering-off" ==> "SHUTOFF/None" after 2 second wait
2025-04-03 13:03:41.859 70002 INFO tempest.lib.common.rest_client [req-e9e74bc3-ca06-4570-a6a7-6b256f2c14f2 req-e9e74bc3-ca06-4570-a6a7-6b256f2c14f2 ] Request (ServersAdminNegativeTestJSON:setUpClass): 200 GET http://10.180.1.21/compute/v2.1/servers/d2281269-3f62-476d-81fb-0d47c60086a2 0.069s
2025-04-03 13:03:41.897 70006 INFO tempest.lib.common.rest_client [req-b98e9466-2775-4ff4-be38-9148466d5622 req-b98e9466-2775-4ff4-be38-9148466d5622 ] Request (VolumesAssistedSnapshotsTest:test_volume_assisted_snapshot_create_delete): 200 GET http://10.180.1.21/volume/v3/volumes/12f4534e-5f51-4378-88aa-5ffc0455ce68 0.034s
2025-04-03 13:03:41.930 70018 INFO tempest.lib.common.rest_client [req-fe6cb3da-f3fd-485b-ae7c-76d804804508 req-fe6cb3da-f3fd-485b-ae7c-76d804804508 ] Request (AttachInterfacesV270Test:tearDownClass): 200 GET http://10.180.1.21/compute/v2.1/servers/0791541e-da89-4120-8c87-c537b84a7b4b 0.067s
2025-04-03 13:03:41.982 70049 INFO tempest.lib.common.rest_client [req-48209de1-3bbe-4717-9c8b-7e809db29a30 req-48209de1-3bbe-4717-9c8b-7e809db29a30 ] Request (ServerShowV247Test:test_update_rebuild_list_server): 200 GET http://10.180.1.21/compute/v2.1/servers/bc3196cf-2eb0-4dd9-bfb5-6660a1793ec5 0.061s
2025-04-03 13:03:42.031 70042 INFO tempest.lib.common.rest_client [req-c8d08c4e-782c-49da-bcc1-af37cfe73f0a req-c8d08c4e-782c-49da-bcc1-af37cfe73f0a ] Request (MigrationsAdminTest:test_resize_server_revert_deleted_flavor): 200 GET http://10.180.1.21/compute/v2.1/servers/888b0976-1a94-4901-8904-fefd169b829b 0.077s
2025-04-03 13:03:42.084 69998 INFO tempest.lib.common.rest_client [req-a14623b3-47cc-4d34-b9cf-0b52a493400c req-a14623b3-47cc-4d34-b9cf-0b52a493400c ] Request (ListServersNegativeTestJSON:setUpClass): 200 GET http://10.180.1.21/compute/v2.1/servers/590c2cb4-0349-46db-b85c-6f845327e450 0.113s
2025-04-03 13:03:42.132 70050 INFO tempest.lib.common.rest_client [req-7b447293-231b-48de-9473-1a00e335ab0d req-7b447293-231b-48de-9473-1a00e335ab0d ] Request (InstanceActionsNegativeTestJSON:setUpClass): 200 GET http://10.180.1.21/compute/v2.1/servers/2fd3fc55-6157-4c52-b827-9cba78ab186d 0.134s
2025-04-03 13:03:42.181 69992 INFO tempest.lib.common.rest_client [req-5c96479e-ade8-443e-b7e1-21f5fad3ce68 req-5c96479e-ade8-443e-b7e1-21f5fad3ce68 ] Request (ImagesOneServerTestJSON:setUpClass): 200 GET http://10.180.1.21/compute/v2.1/servers/acbf7099-6993-4d1b-9e90-62bf239a75ba 0.163s
2025-04-03 13:03:42.228 70044 INFO tempest.lib.common.rest_client [req-e30e9543-eb1d-4239-836f-2c74353d4aed req-e30e9543-eb1d-4239-836f-2c74353d4aed ] Request (DeleteServersTestJSON:test_delete_server_while_in_attached_volume): 200 GET http://10.180.1.21/compute/v2.1/servers/c648d597-0473-46d4-bd23-63e396311140 0.179s
2025-04-03 13:03:42.235 70012 INFO tempest.lib.common.rest_client [req-7c78cf4e-97cb-41bc-a21f-71d99d6c3a38 req-7c78cf4e-97cb-41bc-a21f-71d99d6c3a38 ] Request (ServerActionsV293TestJSON:setUpClass): 200 GET http://10.180.1.21/volume/v3/volumes/c7c595d4-9d0e-468a-bb1e-378b1b83d89a 0.023s
2025-04-03 13:03:42.244 69996 INFO tempest.lib.common.rest_client [req-9f8bbe8c-08c1-47e2-b0f0-34563e5fd3d1 req-9f8bbe8c-08c1-47e2-b0f0-34563e5fd3d1 ] Request (ImagesTestJSON:test_create_image_from_stopped_server): 202 POST http://10.180.1.21/compute/v2.1/servers/20c9027e-63e9-4c90-a0dc-62b0fb2c32b5/action 0.422s
2025-04-03 13:03:42.273 70040 INFO tempest.lib.common.rest_client [req-3cdc7292-2231-47a1-bbf0-bfa4b228a2b8 req-3cdc7292-2231-47a1-bbf0-bfa4b228a2b8 ] Request (ServerRescueTestJSONUnderV235:setUpClass): 200 GET http://10.180.1.21/compute/v2.1/servers/f71b254d-0b4e-4d35-a804-44f8f76a8c0b 0.201s
2025-04-03 13:03:42.288 70034 INFO tempest.lib.common.rest_client [req-ad736634-d51f-4676-b6ce-d110f1cac7f4 req-ad736634-d51f-4676-b6ce-d110f1cac7f4 ] Request (ServersWithSpecificFlavorTestJSON:test_verify_created_server_ephemeral_disk): 200 GET http://10.180.1.21/compute/v2.1/servers/8f0d714b-1664-4a83-8f75-e48033d4611d 0.204s
2025-04-03 13:03:42.315 70024 INFO tempest.lib.common.rest_client [req-baa61ad4-712b-47a5-9250-74e426eb5818 req-baa61ad4-712b-47a5-9250-74e426eb5818 ] Request (ServerDiskConfigTestJSON:test_rebuild_server_with_manual_disk_config): 200 GET http://10.180.1.21/compute/v2.1/servers/a99a9f9b-05ed-46ad-96a2-c9c01b81f983 0.198s
2025-04-03 13:03:42.335 70028 INFO tempest.lib.common.rest_client [req-4debb4bb-2d3b-4a7f-9201-cfba535c01be req-4debb4bb-2d3b-4a7f-9201-cfba535c01be ] Request (InstanceActionsTestJSON:setUpClass): 200 GET http://10.180.1.21/compute/v2.1/servers/713b3237-6d09-4db2-9dd8-ccc7b303ca4b 0.202s
2025-04-03 13:03:42.362 69994 INFO tempest.lib.common.rest_client [req-a0fb5da6-1b6e-4ab5-9991-08a8647928ec req-a0fb5da6-1b6e-4ab5-9991-08a8647928ec ] Request (ServersTestBootFromVolume:setUpClass): 200 GET http://10.180.1.21/compute/v2.1/servers/f1562f66-a5bc-453a-957a-a4a03e102c34 0.195s
2025-04-03 13:03:42.382 70052 INFO tempest.lib.common.rest_client [req-537e24cb-070b-4038-8eef-795d12b2a80e req-537e24cb-070b-4038-8eef-795d12b2a80e ] Request (ServersNegativeTestMultiTenantJSON:setUpClass): 200 GET http://10.180.1.21/compute/v2.1/servers/64083589-1c17-42e5-955b-4e609875a788 0.205s
2025-04-03 13:03:42.408 70038 INFO tempest.lib.common.rest_client [req-34d14e89-802a-400a-9c29-9e6d7cf70385 req-34d14e89-802a-400a-9c29-9e6d7cf70385 ] Request (ImagesOneServerNegativeTestJSON:setUpClass): 200 GET http://10.180.1.21/compute/v2.1/servers/c28ff0c9-96fc-45af-80be-4915955b0aea 0.184s
2025-04-03 13:03:42.427 69990 INFO tempest.lib.common.rest_client [req-08c50d95-f647-41cd-97c9-cd7eaa09efbb req-08c50d95-f647-41cd-97c9-cd7eaa09efbb ] Request (MultipleCreateTestJSON:test_multiple_create_with_reservation_return): 200 GET http://10.180.1.21/compute/v2.1/servers/528e2c92-d01e-4c35-a2ba-70d439af2fc7 0.204s
2025-04-03 13:03:42.437 69996 INFO tempest.lib.common.rest_client [req-df43db5e-9b18-4303-97d9-5df208be8cd0 req-df43db5e-9b18-4303-97d9-5df208be8cd0 ] Request (ImagesTestJSON:test_create_image_from_stopped_server): 200 GET http://10.180.1.21/compute/v2.1/images/55512400-727c-4b75-8a4a-1ced5cbb701b 0.192s
2025-04-03 13:03:42.485 70010 INFO tempest.lib.common.rest_client [req-7b6849bc-63db-4590-945c-ab251c39aade req-7b6849bc-63db-4590-945c-ab251c39aade ] Request (ServerExternalEventsTest:tearDownClass): 200 GET http://10.180.1.21/compute/v2.1/servers/81822631-26a8-4c17-a447-8e9d3acac696 0.205s
2025-04-03 13:03:42.544 70022 INFO tempest.lib.common.rest_client [req-f9a27672-cc7b-4fa9-bc36-f8e668fb2f70 req-f9a27672-cc7b-4fa9-bc36-f8e668fb2f70 ] Request (DeleteServersAdminTestJSON:test_delete_server_while_in_error_state): 200 GET http://10.180.1.21/compute/v2.1/servers/2d57287c-5315-4c71-867f-dd3d4018ab48 0.162s
2025-04-03 13:03:42.552 70022 INFO tempest.common.waiters [-] State transition "BUILD/networking" ==> "BUILD/spawning" after 86 second wait
2025-04-03 13:03:42.618 70004 INFO tempest.lib.common.rest_client [req-b587f662-e186-4344-8f1d-35b955575b98 req-b587f662-e186-4344-8f1d-35b955575b98 ] Request (ServersV294TestFqdnHostnames:setUpClass): 200 GET http://10.180.1.21/compute/v2.1/servers/ce86cfb9-bad4-4082-9e21-605396cc42f6 0.056s
2025-04-03 13:03:42.663 70026 INFO tempest.lib.common.rest_client [req-89331713-7723-421e-9ce0-55eb917f7f2c req-89331713-7723-421e-9ce0-55eb917f7f2c ] Request (VolumesAdminNegativeTest:test_update_attached_volume_with_nonexistent_volume_in_body): 200 GET http://10.180.1.21/compute/v2.1/servers/5ed6619c-f1a2-476c-ba2f-7289de5b6e9e 0.097s
2025-04-03 13:03:42.672 70032 INFO tempest.lib.common.rest_client [req-8a80c46c-bafe-4bfd-a2a3-17fb66b30f2e req-8a80c46c-bafe-4bfd-a2a3-17fb66b30f2e ] Request (ServersTestMultiNic:test_verify_multiple_nics_order): 200 GET http://10.180.1.21/compute/v2.1/servers/f3d9da99-449b-4716-9449-3858a40ebd05 0.065s
2025-04-03 13:03:42.714 70008 INFO tempest.lib.common.rest_client [req-a8efe093-17dc-457e-a23d-24e88b6c131d req-a8efe093-17dc-457e-a23d-24e88b6c131d ] Request (ServersAdminTestJSON:test_create_server_with_scheduling_hint): 200 GET http://10.180.1.21/compute/v2.1/servers/e4a6a52b-268e-4547-9a2c-93e1b7224797 0.081s
2025-04-03 13:03:42.739 70017 INFO tempest.lib.common.rest_client [req-013e66e7-4419-46c5-a2f1-388b64392970 req-013e66e7-4419-46c5-a2f1-388b64392970 ] Request (ListServerFiltersTestJSON:tearDownClass): 200 GET http://10.180.1.21/compute/v2.1/servers/f5aa96f5-aff6-4f5a-9180-1957ac49002a 0.062s
2025-04-03 13:03:42.865 70014 INFO tempest.lib.common.rest_client [req-f2bacc92-82c9-4070-970b-25ca9adba099 req-f2bacc92-82c9-4070-970b-25ca9adba099 ] Request (ServerActionsTestOtherA:setUpClass): 200 GET http://10.180.1.21/compute/v2.1/servers/e1678a98-0e22-4bbb-a39a-c5bee0fd08ac 0.047s
2025-04-03 13:03:42.926 70002 INFO tempest.lib.common.rest_client [req-02e6f937-a429-43e0-9d5d-b4c54176176c req-02e6f937-a429-43e0-9d5d-b4c54176176c ] Request (ServersAdminNegativeTestJSON:setUpClass): 200 GET http://10.180.1.21/compute/v2.1/servers/d2281269-3f62-476d-81fb-0d47c60086a2 0.056s
2025-04-03 13:03:42.935 70006 INFO tempest.lib.common.rest_client [req-b7ed2124-f669-4c80-a251-5a8210a49dd1 req-b7ed2124-f669-4c80-a251-5a8210a49dd1 ] Request (VolumesAssistedSnapshotsTest:test_volume_assisted_snapshot_create_delete): 200 GET http://10.180.1.21/volume/v3/volumes/12f4534e-5f51-4378-88aa-5ffc0455ce68 0.031s
2025-04-03 13:03:42.996 70018 INFO tempest.lib.common.rest_client [req-e183c5b9-1f55-4320-bdd9-e20d9ee9b029 req-e183c5b9-1f55-4320-bdd9-e20d9ee9b029 ] Request (AttachInterfacesV270Test:tearDownClass): 200 GET http://10.180.1.21/compute/v2.1/servers/0791541e-da89-4120-8c87-c537b84a7b4b 0.057s
2025-04-03 13:03:43.052 70049 INFO tempest.lib.common.rest_client [req-f8f35f83-64e3-4d7b-ab65-9bd4cbd02760 req-f8f35f83-64e3-4d7b-ab65-9bd4cbd02760 ] Request (ServerShowV247Test:test_update_rebuild_list_server): 200 GET http://10.180.1.21/compute/v2.1/servers/bc3196cf-2eb0-4dd9-bfb5-6660a1793ec5 0.059s
2025-04-03 13:03:43.092 70042 INFO tempest.lib.common.rest_client [req-8130d186-cf25-4caf-9a1e-ffa829924655 req-8130d186-cf25-4caf-9a1e-ffa829924655 ] Request (MigrationsAdminTest:test_resize_server_revert_deleted_flavor): 200 GET http://10.180.1.21/compute/v2.1/servers/888b0976-1a94-4901-8904-fefd169b829b 0.052s
2025-04-03 13:03:43.153 69998 INFO tempest.lib.common.rest_client [req-bf0094ae-3afc-4a8f-8853-63ba09c991cb req-bf0094ae-3afc-4a8f-8853-63ba09c991cb ] Request (ListServersNegativeTestJSON:setUpClass): 200 GET http://10.180.1.21/compute/v2.1/servers/590c2cb4-0349-46db-b85c-6f845327e450 0.061s
2025-04-03 13:03:43.206 70050 INFO tempest.lib.common.rest_client [req-ee60ec29-f143-4a71-a98b-2e7b53c2c80c req-ee60ec29-f143-4a71-a98b-2e7b53c2c80c ] Request (InstanceActionsNegativeTestJSON:setUpClass): 200 GET http://10.180.1.21/compute/v2.1/servers/2fd3fc55-6157-4c52-b827-9cba78ab186d 0.065s
2025-04-03 13:03:43.245 69992 INFO tempest.lib.common.rest_client [req-cda12ca2-ab1a-4666-94b7-fef8f2f4c4c8 req-cda12ca2-ab1a-4666-94b7-fef8f2f4c4c8 ] Request (ImagesOneServerTestJSON:setUpClass): 200 GET http://10.180.1.21/compute/v2.1/servers/acbf7099-6993-4d1b-9e90-62bf239a75ba 0.055s
2025-04-03 13:03:43.279 70012 INFO tempest.lib.common.rest_client [req-2e22fde6-0eca-4e05-8f27-cbcc29163459 req-2e22fde6-0eca-4e05-8f27-cbcc29163459 ] Request (ServerActionsV293TestJSON:setUpClass): 200 GET http://10.180.1.21/volume/v3/volumes/c7c595d4-9d0e-468a-bb1e-378b1b83d89a 0.034s
2025-04-03 13:03:43.308 70044 INFO tempest.lib.common.rest_client [req-f3743bcd-adf0-4811-82be-cd7ab0bab939 req-f3743bcd-adf0-4811-82be-cd7ab0bab939 ] Request (DeleteServersTestJSON:test_delete_server_while_in_attached_volume): 200 GET http://10.180.1.21/compute/v2.1/servers/c648d597-0473-46d4-bd23-63e396311140 0.070s
2025-04-03 13:03:43.342 70040 INFO tempest.lib.common.rest_client [req-fbe042f0-e783-4931-83e7-3fd1713d09f2 req-fbe042f0-e783-4931-83e7-3fd1713d09f2 ] Request (ServerRescueTestJSONUnderV235:setUpClass): 200 GET http://10.180.1.21/compute/v2.1/servers/f71b254d-0b4e-4d35-a804-44f8f76a8c0b 0.062s
2025-04-03 13:03:43.365 70034 INFO tempest.lib.common.rest_client [req-d09c58b0-0687-48c1-9a41-321eeabe2408 req-d09c58b0-0687-48c1-9a41-321eeabe2408 ] Request (ServersWithSpecificFlavorTestJSON:test_verify_created_server_ephemeral_disk): 200 GET http://10.180.1.21/compute/v2.1/servers/8f0d714b-1664-4a83-8f75-e48033d4611d 0.069s
2025-04-03 13:03:43.393 70024 INFO tempest.lib.common.rest_client [req-93f3f86a-9632-4f1c-aae8-d223420ae0f8 req-93f3f86a-9632-4f1c-aae8-d223420ae0f8 ] Request (ServerDiskConfigTestJSON:test_rebuild_server_with_manual_disk_config): 200 GET http://10.180.1.21/compute/v2.1/servers/a99a9f9b-05ed-46ad-96a2-c9c01b81f983 0.070s
2025-04-03 13:03:43.411 70028 INFO tempest.lib.common.rest_client [req-a1550476-471d-486a-acde-fdfe36b6f545 req-a1550476-471d-486a-acde-fdfe36b6f545 ] Request (InstanceActionsTestJSON:setUpClass): 200 GET http://10.180.1.21/compute/v2.1/servers/713b3237-6d09-4db2-9dd8-ccc7b303ca4b 0.068s
2025-04-03 13:03:43.441 69994 INFO tempest.lib.common.rest_client [req-c7685ace-62b3-4ae0-82fd-97e6d5f72047 req-c7685ace-62b3-4ae0-82fd-97e6d5f72047 ] Request (ServersTestBootFromVolume:setUpClass): 200 GET http://10.180.1.21/compute/v2.1/servers/f1562f66-a5bc-453a-957a-a4a03e102c34 0.071s
2025-04-03 13:03:43.457 70052 INFO tempest.lib.common.rest_client [req-29e609a0-3f19-4fff-b37a-33b800538fa5 req-29e609a0-3f19-4fff-b37a-33b800538fa5 ] Request (ServersNegativeTestMultiTenantJSON:setUpClass): 200 GET http://10.180.1.21/compute/v2.1/servers/64083589-1c17-42e5-955b-4e609875a788 0.066s
2025-04-03 13:03:43.491 70038 INFO tempest.lib.common.rest_client [req-b889a574-505c-4df3-84b6-abfdc5944346 req-b889a574-505c-4df3-84b6-abfdc5944346 ] Request (ImagesOneServerNegativeTestJSON:setUpClass): 200 GET http://10.180.1.21/compute/v2.1/servers/c28ff0c9-96fc-45af-80be-4915955b0aea 0.075s
2025-04-03 13:03:43.506 69990 INFO tempest.lib.common.rest_client [req-4b160337-0bae-448d-9892-1dd81f918fd1 req-4b160337-0bae-448d-9892-1dd81f918fd1 ] Request (MultipleCreateTestJSON:test_multiple_create_with_reservation_return): 200 GET http://10.180.1.21/compute/v2.1/servers/528e2c92-d01e-4c35-a2ba-70d439af2fc7 0.071s
2025-04-03 13:03:43.523 69996 INFO tempest.lib.common.rest_client [req-6f013b94-2a1b-4568-acec-5a302b2183c1 req-6f013b94-2a1b-4568-acec-5a302b2183c1 ] Request (ImagesTestJSON:test_create_image_from_stopped_server): 200 GET http://10.180.1.21/compute/v2.1/images/55512400-727c-4b75-8a4a-1ced5cbb701b 0.080s
2025-04-03 13:03:43.525 70010 INFO tempest.lib.common.rest_client [req-db6026f5-ea99-4803-a6b4-dff9b3f508e1 req-db6026f5-ea99-4803-a6b4-dff9b3f508e1 ] Request (ServerExternalEventsTest:tearDownClass): 404 GET http://10.180.1.21/compute/v2.1/servers/81822631-26a8-4c17-a447-8e9d3acac696 0.031s
2025-04-03 13:03:43.605 70010 INFO tempest.lib.common.rest_client [req-d7a76c81-3513-4b62-ac62-577ca7c8bfca req-d7a76c81-3513-4b62-ac62-577ca7c8bfca ] Request (ServerExternalEventsTest:tearDownClass): 204 DELETE http://10.180.1.21/identity/v3/users/5d5069f54e6e4f7dac58c0954e2b42ca 0.079s
2025-04-03 13:03:43.659 70022 INFO tempest.lib.common.rest_client [req-42af84b0-50f5-4daf-abe5-26ce75e03d54 req-42af84b0-50f5-4daf-abe5-26ce75e03d54 ] Request (DeleteServersAdminTestJSON:test_delete_server_while_in_error_state): 200 GET http://10.180.1.21/compute/v2.1/servers/2d57287c-5315-4c71-867f-dd3d4018ab48 0.105s
2025-04-03 13:03:43.703 70004 INFO tempest.lib.common.rest_client [req-01429b14-23ac-42a0-b7f1-3476b71ac9f7 req-01429b14-23ac-42a0-b7f1-3476b71ac9f7 ] Request (ServersV294TestFqdnHostnames:setUpClass): 200 GET http://10.180.1.21/compute/v2.1/servers/ce86cfb9-bad4-4082-9e21-605396cc42f6 0.074s
2025-04-03 13:03:43.709 70010 INFO tempest.lib.common.rest_client [req-8f844910-a30a-4035-b3d1-2882bfacb951 req-8f844910-a30a-4035-b3d1-2882bfacb951 ] Request (ServerExternalEventsTest:tearDownClass): 204 DELETE http://10.180.1.21/identity/v3/users/d42c256960444802a8712d6aa7ca8135 0.104s
2025-04-03 13:03:43.775 70026 INFO tempest.lib.common.rest_client [req-e493945c-3edf-4c4f-9077-96820979ec70 req-e493945c-3edf-4c4f-9077-96820979ec70 ] Request (VolumesAdminNegativeTest:test_update_attached_volume_with_nonexistent_volume_in_body): 200 GET http://10.180.1.21/compute/v2.1/servers/5ed6619c-f1a2-476c-ba2f-7289de5b6e9e 0.103s
2025-04-03 13:03:43.811 70010 INFO tempest.lib.common.rest_client [req-ed79e004-a9b5-4ca5-b102-62a651e965cd req-ed79e004-a9b5-4ca5-b102-62a651e965cd ] Request (ServerExternalEventsTest:tearDownClass): 204 DELETE http://10.180.1.21/identity/v3/users/fbca88d6bf314980bd9aee7dc53a69a9 0.101s
2025-04-03 13:03:43.811 70010 INFO tempest.lib.common.dynamic_creds [-] Deleting project and security group for project: 656e4b7fea504ec098631f294e5a6de3
2025-04-03 13:03:43.832 70008 INFO tempest.lib.common.rest_client [req-48e2635b-eaed-4e00-8aa8-a568bd6d85e9 req-48e2635b-eaed-4e00-8aa8-a568bd6d85e9 ] Request (ServersAdminTestJSON:test_create_server_with_scheduling_hint): 200 GET http://10.180.1.21/compute/v2.1/servers/e4a6a52b-268e-4547-9a2c-93e1b7224797 0.109s
2025-04-03 13:03:43.885 70010 INFO tempest.lib.common.rest_client [req-b8be6a44-959a-423c-b90b-de4ce3312905 req-b8be6a44-959a-423c-b90b-de4ce3312905 ] Request (ServerExternalEventsTest:tearDownClass): 201 POST http://10.180.1.21/identity/v3/auth/tokens 0.074s
2025-04-03 13:03:43.892 70017 INFO tempest.lib.common.rest_client [req-7f3e0800-8157-4eb4-9c95-ce5e46e4d34c req-7f3e0800-8157-4eb4-9c95-ce5e46e4d34c ] Request (ListServerFiltersTestJSON:tearDownClass): 200 GET http://10.180.1.21/compute/v2.1/servers/f5aa96f5-aff6-4f5a-9180-1957ac49002a 0.143s
2025-04-03 13:03:43.943 70014 INFO tempest.lib.common.rest_client [req-2a8aaaed-4800-4ba0-917e-e6f45cc055a1 req-2a8aaaed-4800-4ba0-917e-e6f45cc055a1 ] Request (ServerActionsTestOtherA:setUpClass): 200 GET http://10.180.1.21/compute/v2.1/servers/e1678a98-0e22-4bbb-a39a-c5bee0fd08ac 0.069s
2025-04-03 13:03:43.968 70010 INFO tempest.lib.common.rest_client [req-9f4f1e93-aec0-4d75-9a15-f2e8f5b1f9bb req-9f4f1e93-aec0-4d75-9a15-f2e8f5b1f9bb ] Request (ServerExternalEventsTest:tearDownClass): 200 GET http://10.180.1.21:9696/networking/v2.0/security-groups?tenant_id=656e4b7fea504ec098631f294e5a6de3&name=default 0.079s
2025-04-03 13:03:43.973 70032 INFO tempest.lib.common.rest_client [req-76954e70-b060-4851-aa56-aa44a8a3edfb req-76954e70-b060-4851-aa56-aa44a8a3edfb ] Request (ServersTestMultiNic:test_verify_multiple_nics_order): 200 GET http://10.180.1.21/compute/v2.1/servers/f3d9da99-449b-4716-9449-3858a40ebd05 0.293s
2025-04-03 13:03:43.994 70006 INFO tempest.lib.common.rest_client [req-9356a92e-0495-4747-b76d-f412abfabd32 req-9356a92e-0495-4747-b76d-f412abfabd32 ] Request (VolumesAssistedSnapshotsTest:test_volume_assisted_snapshot_create_delete): 200 GET http://10.180.1.21/volume/v3/volumes/12f4534e-5f51-4378-88aa-5ffc0455ce68 0.048s
2025-04-03 13:03:43.997 70002 INFO tempest.lib.common.rest_client [req-6af53af0-385f-4749-bd29-7b930211033f req-6af53af0-385f-4749-bd29-7b930211033f ] Request (ServersAdminNegativeTestJSON:setUpClass): 200 GET http://10.180.1.21/compute/v2.1/servers/d2281269-3f62-476d-81fb-0d47c60086a2 0.063s
2025-04-03 13:03:44.089 70018 INFO tempest.lib.common.rest_client [req-089d3def-d41a-4a08-9b9d-a6408ec82b30 req-089d3def-d41a-4a08-9b9d-a6408ec82b30 ] Request (AttachInterfacesV270Test:tearDownClass): 200 GET http://10.180.1.21/compute/v2.1/servers/0791541e-da89-4120-8c87-c537b84a7b4b 0.082s
2025-04-03 13:03:44.117 70049 INFO tempest.lib.common.rest_client [req-67f51696-3245-447c-96c7-61b7cd92e01b req-67f51696-3245-447c-96c7-61b7cd92e01b ] Request (ServerShowV247Test:test_update_rebuild_list_server): 200 GET http://10.180.1.21/compute/v2.1/servers/bc3196cf-2eb0-4dd9-bfb5-6660a1793ec5 0.054s
2025-04-03 13:03:44.125 70010 INFO tempest.lib.common.rest_client [req-3ae9213c-60fb-42ee-8878-9441353ea357 req-3ae9213c-60fb-42ee-8878-9441353ea357 ] Request (ServerExternalEventsTest:tearDownClass): 204 DELETE http://10.180.1.21:9696/networking/v2.0/security-groups/3f96bf0f-5466-4ee6-9492-615987256883 0.156s
2025-04-03 13:03:44.158 70042 INFO tempest.lib.common.rest_client [req-e7d290f0-a4c0-4d32-a5f2-dd968c5f8859 req-e7d290f0-a4c0-4d32-a5f2-dd968c5f8859 ] Request (MigrationsAdminTest:test_resize_server_revert_deleted_flavor): 200 GET http://10.180.1.21/compute/v2.1/servers/888b0976-1a94-4901-8904-fefd169b829b 0.056s
2025-04-03 13:03:44.189 70010 INFO tempest.lib.common.rest_client [req-55a57b7f-bdd9-4f1c-92a8-4b69a0f891d7 req-55a57b7f-bdd9-4f1c-92a8-4b69a0f891d7 ] Request (ServerExternalEventsTest:tearDownClass): 204 DELETE http://10.180.1.21/identity/v3/projects/656e4b7fea504ec098631f294e5a6de3 0.064s
2025-04-03 13:03:44.189 70010 INFO tempest.lib.common.dynamic_creds [-] Deleting project and security group for project: 2446edda8ae24614b8f4851f3a02fb70
2025-04-03 13:03:44.222 69998 INFO tempest.lib.common.rest_client [req-1c854608-1786-487e-8149-ee8e35ddeabe req-1c854608-1786-487e-8149-ee8e35ddeabe ] Request (ListServersNegativeTestJSON:setUpClass): 200 GET http://10.180.1.21/compute/v2.1/servers/590c2cb4-0349-46db-b85c-6f845327e450 0.061s
2025-04-03 13:03:44.270 70050 INFO tempest.lib.common.rest_client [req-e9968ebd-6352-452e-9793-90255144df45 req-e9968ebd-6352-452e-9793-90255144df45 ] Request (InstanceActionsNegativeTestJSON:setUpClass): 200 GET http://10.180.1.21/compute/v2.1/servers/2fd3fc55-6157-4c52-b827-9cba78ab186d 0.056s
2025-04-03 13:03:44.310 70012 INFO tempest.lib.common.rest_client [req-2ae79e23-0b99-4bfb-bda8-b11ec8d48b5b req-2ae79e23-0b99-4bfb-bda8-b11ec8d48b5b ] Request (ServerActionsV293TestJSON:setUpClass): 200 GET http://10.180.1.21/volume/v3/volumes/c7c595d4-9d0e-468a-bb1e-378b1b83d89a 0.022s
2025-04-03 13:03:44.312 69992 INFO tempest.lib.common.rest_client [req-03ab3efa-8728-449f-a62a-6e5d1c1310d5 req-03ab3efa-8728-449f-a62a-6e5d1c1310d5 ] Request (ImagesOneServerTestJSON:setUpClass): 200 GET http://10.180.1.21/compute/v2.1/servers/acbf7099-6993-4d1b-9e90-62bf239a75ba 0.053s
2025-04-03 13:03:44.368 70010 INFO tempest.lib.common.rest_client [req-93dedef1-6d81-4689-a984-0fbd556901fc req-93dedef1-6d81-4689-a984-0fbd556901fc ] Request (ServerExternalEventsTest:tearDownClass): 200 GET http://10.180.1.21:9696/networking/v2.0/security-groups?tenant_id=2446edda8ae24614b8f4851f3a02fb70&name=default 0.178s
2025-04-03 13:03:44.377 70044 INFO tempest.lib.common.rest_client [req-6032387b-84b0-47cf-bd27-0f2f243a9f1d req-6032387b-84b0-47cf-bd27-0f2f243a9f1d ] Request (DeleteServersTestJSON:test_delete_server_while_in_attached_volume): 200 GET http://10.180.1.21/compute/v2.1/servers/c648d597-0473-46d4-bd23-63e396311140 0.060s
2025-04-03 13:03:44.442 70034 INFO tempest.lib.common.rest_client [req-bbf6ce3d-338b-4354-b538-9e0420aee248 req-bbf6ce3d-338b-4354-b538-9e0420aee248 ] Request (ServersWithSpecificFlavorTestJSON:test_verify_created_server_ephemeral_disk): 200 GET http://10.180.1.21/compute/v2.1/servers/8f0d714b-1664-4a83-8f75-e48033d4611d 0.068s
2025-04-03 13:03:44.443 70040 INFO tempest.lib.common.rest_client [req-ec785be7-b818-4076-a75f-c9658279461a req-ec785be7-b818-4076-a75f-c9658279461a ] Request (ServerRescueTestJSONUnderV235:setUpClass): 200 GET http://10.180.1.21/compute/v2.1/servers/f71b254d-0b4e-4d35-a804-44f8f76a8c0b 0.093s
2025-04-03 13:03:44.475 70010 INFO tempest.lib.common.rest_client [req-27884798-1c6e-4695-a2f4-0d7751366dba req-27884798-1c6e-4695-a2f4-0d7751366dba ] Request (ServerExternalEventsTest:tearDownClass): 204 DELETE http://10.180.1.21:9696/networking/v2.0/security-groups/6b3da6f2-f406-4eb0-9351-6a604f7dc89b 0.106s
2025-04-03 13:03:44.491 70024 INFO tempest.lib.common.rest_client [req-af5fea8d-9ab1-4466-8f1e-ee040ce470d2 req-af5fea8d-9ab1-4466-8f1e-ee040ce470d2 ] Request (ServerDiskConfigTestJSON:test_rebuild_server_with_manual_disk_config): 200 GET http://10.180.1.21/compute/v2.1/servers/a99a9f9b-05ed-46ad-96a2-c9c01b81f983 0.091s
2025-04-03 13:03:44.496 70028 INFO tempest.lib.common.rest_client [req-98282d5e-3539-4b24-8b60-0ccb58b5be82 req-98282d5e-3539-4b24-8b60-0ccb58b5be82 ] Request (InstanceActionsTestJSON:setUpClass): 200 GET http://10.180.1.21/compute/v2.1/servers/713b3237-6d09-4db2-9dd8-ccc7b303ca4b 0.077s
2025-04-03 13:03:44.555 69994 INFO tempest.lib.common.rest_client [req-b6f2443d-d2b8-49d1-93e2-2bdffbe41cc4 req-b6f2443d-d2b8-49d1-93e2-2bdffbe41cc4 ] Request (ServersTestBootFromVolume:setUpClass): 200 GET http://10.180.1.21/compute/v2.1/servers/f1562f66-a5bc-453a-957a-a4a03e102c34 0.106s
2025-04-03 13:03:44.556 70052 INFO tempest.lib.common.rest_client [req-34067c44-5404-465a-9a06-f06fbf6f2abc req-34067c44-5404-465a-9a06-f06fbf6f2abc ] Request (ServersNegativeTestMultiTenantJSON:setUpClass): 200 GET http://10.180.1.21/compute/v2.1/servers/64083589-1c17-42e5-955b-4e609875a788 0.092s
2025-04-03 13:03:44.600 70010 INFO tempest.lib.common.rest_client [req-f9b72d3c-10af-439f-bb68-175f3547ed9d req-f9b72d3c-10af-439f-bb68-175f3547ed9d ] Request (ServerExternalEventsTest:tearDownClass): 204 DELETE http://10.180.1.21/identity/v3/projects/2446edda8ae24614b8f4851f3a02fb70 0.125s
2025-04-03 13:03:44.601 70010 INFO tempest.lib.common.dynamic_creds [-] Deleting project and security group for project: 2264524fb81340789f38e41e2a875f16
2025-04-03 13:03:44.604 70020 WARNING tempest.lib.common.ssh [-] Failed to establish authenticated ssh connection to cirros@10.180.180.152 ([Errno None] Unable to connect to port 22 on 10.180.180.152). Number attempts: 6. Retry after 7 seconds.: paramiko.ssh_exception.NoValidConnectionsError: [Errno None] Unable to connect to port 22 on 10.180.180.152
2025-04-03 13:03:44.616 70038 INFO tempest.lib.common.rest_client [req-c32f1a6f-536e-4d2e-8f96-8e6473108bad req-c32f1a6f-536e-4d2e-8f96-8e6473108bad ] Request (ImagesOneServerNegativeTestJSON:setUpClass): 200 GET http://10.180.1.21/compute/v2.1/servers/c28ff0c9-96fc-45af-80be-4915955b0aea 0.117s
2025-04-03 13:03:44.625 70038 INFO tempest.common.waiters [-] State transition "BUILD/scheduling" ==> "BUILD/None" after 63 second wait
2025-04-03 13:03:44.626 69990 INFO tempest.lib.common.rest_client [req-282b3f9f-2c9e-4c35-a78c-7bede59bc2d8 req-282b3f9f-2c9e-4c35-a78c-7bede59bc2d8 ] Request (MultipleCreateTestJSON:test_multiple_create_with_reservation_return): 200 GET http://10.180.1.21/compute/v2.1/servers/528e2c92-d01e-4c35-a2ba-70d439af2fc7 0.112s
2025-04-03 13:03:44.660 69996 INFO tempest.lib.common.rest_client [req-1dddd614-9915-4bcc-84c3-810b80eabafa req-1dddd614-9915-4bcc-84c3-810b80eabafa ] Request (ImagesTestJSON:test_create_image_from_stopped_server): 200 GET http://10.180.1.21/compute/v2.1/images/55512400-727c-4b75-8a4a-1ced5cbb701b 0.134s
2025-04-03 13:03:44.740 70010 INFO tempest.lib.common.rest_client [req-2b015005-2739-43e9-b30f-9a941844ac85 req-2b015005-2739-43e9-b30f-9a941844ac85 ] Request (ServerExternalEventsTest:tearDownClass): 200 GET http://10.180.1.21:9696/networking/v2.0/security-groups?tenant_id=2264524fb81340789f38e41e2a875f16&name=default 0.139s
2025-04-03 13:03:44.796 70004 INFO tempest.lib.common.rest_client [req-9026b618-62e9-49d0-99bd-33fc3e2e968b req-9026b618-62e9-49d0-99bd-33fc3e2e968b ] Request (ServersV294TestFqdnHostnames:setUpClass): 200 GET http://10.180.1.21/compute/v2.1/servers/ce86cfb9-bad4-4082-9e21-605396cc42f6 0.082s
2025-04-03 13:03:44.831 70022 INFO tempest.lib.common.rest_client [req-b4cd9939-9a46-4038-aae7-0efbdb121c9e req-b4cd9939-9a46-4038-aae7-0efbdb121c9e ] Request (DeleteServersAdminTestJSON:test_delete_server_while_in_error_state): 200 GET http://10.180.1.21/compute/v2.1/servers/2d57287c-5315-4c71-867f-dd3d4018ab48 0.164s
2025-04-03 13:03:44.868 70010 INFO tempest.lib.common.rest_client [req-f4393a6b-cfd6-4394-a150-eb00eb21a6db req-f4393a6b-cfd6-4394-a150-eb00eb21a6db ] Request (ServerExternalEventsTest:tearDownClass): 204 DELETE http://10.180.1.21:9696/networking/v2.0/security-groups/3070f281-9cac-4b95-8fb5-47df070abf92 0.128s
2025-04-03 13:03:44.915 70008 INFO tempest.lib.common.rest_client [req-e6bccacb-eaa2-4a77-8fa9-5a643228a958 req-e6bccacb-eaa2-4a77-8fa9-5a643228a958 ] Request (ServersAdminTestJSON:test_create_server_with_scheduling_hint): 200 GET http://10.180.1.21/compute/v2.1/servers/e4a6a52b-268e-4547-9a2c-93e1b7224797 0.075s
2025-04-03 13:03:44.949 70026 INFO tempest.lib.common.rest_client [req-fd6a8a99-6ca4-4a30-a8bf-d2b2ce18ad8a req-fd6a8a99-6ca4-4a30-a8bf-d2b2ce18ad8a ] Request (VolumesAdminNegativeTest:test_update_attached_volume_with_nonexistent_volume_in_body): 200 GET http://10.180.1.21/compute/v2.1/servers/5ed6619c-f1a2-476c-ba2f-7289de5b6e9e 0.163s
2025-04-03 13:03:44.983 70017 INFO tempest.lib.common.rest_client [req-aeba554c-89d7-4960-b6c3-bf2c9d683387 req-aeba554c-89d7-4960-b6c3-bf2c9d683387 ] Request (ListServerFiltersTestJSON:tearDownClass): 200 GET http://10.180.1.21/compute/v2.1/servers/f5aa96f5-aff6-4f5a-9180-1957ac49002a 0.077s
2025-04-03 13:03:45.007 70010 INFO tempest.lib.common.rest_client [req-61d932ad-e295-4a03-a1dd-c629134775ea req-61d932ad-e295-4a03-a1dd-c629134775ea ] Request (ServerExternalEventsTest:tearDownClass): 204 DELETE http://10.180.1.21/identity/v3/projects/2264524fb81340789f38e41e2a875f16 0.138s
2025-04-03 13:03:45.017 70014 INFO tempest.lib.common.rest_client [req-a342e1c3-bd47-44be-b0d5-477de7987819 req-a342e1c3-bd47-44be-b0d5-477de7987819 ] Request (ServerActionsTestOtherA:setUpClass): 200 GET http://10.180.1.21/compute/v2.1/servers/e1678a98-0e22-4bbb-a39a-c5bee0fd08ac 0.064s
2025-04-03 13:03:45.035 70006 INFO tempest.lib.common.rest_client [req-3f429524-c826-4218-8060-1b9d2ccdb25d req-3f429524-c826-4218-8060-1b9d2ccdb25d ] Request (VolumesAssistedSnapshotsTest:test_volume_assisted_snapshot_create_delete): 200 GET http://10.180.1.21/volume/v3/volumes/12f4534e-5f51-4378-88aa-5ffc0455ce68 0.033s
2025-04-03 13:03:45.043 70006 INFO tempest.common.waiters [-] Attachment 1843b9c1-b083-4bff-bf71-47e873ff63c5 created for volume 12f4534e-5f51-4378-88aa-5ffc0455ce68 to server fe91cc3d-1897-46f2-aacd-afcb505e042f after waiting for 8.043646 seconds
2025-04-03 13:03:45.052 70032 INFO tempest.lib.common.rest_client [req-7134fa64-7f87-4dae-9edc-36ab704a9c9a req-7134fa64-7f87-4dae-9edc-36ab704a9c9a ] Request (ServersTestMultiNic:test_verify_multiple_nics_order): 200 GET http://10.180.1.21/compute/v2.1/servers/f3d9da99-449b-4716-9449-3858a40ebd05 0.071s
2025-04-03 13:03:45.080 70002 INFO tempest.lib.common.rest_client [req-b9daad1e-f3e9-45c3-9b64-262697bb4ff0 req-b9daad1e-f3e9-45c3-9b64-262697bb4ff0 ] Request (ServersAdminNegativeTestJSON:setUpClass): 200 GET http://10.180.1.21/compute/v2.1/servers/d2281269-3f62-476d-81fb-0d47c60086a2 0.075s
2025-04-03 13:03:45.081 70006 INFO tempest.lib.common.rest_client [req-d7b46bf7-8173-4a06-b078-0467ec145341 req-d7b46bf7-8173-4a06-b078-0467ec145341 ] Request (VolumesAssistedSnapshotsTest:test_volume_assisted_snapshot_create_delete): 200 GET http://10.180.1.21/volume/v3/volumes/12f4534e-5f51-4378-88aa-5ffc0455ce68 0.037s
2025-04-03 13:03:45.087 70010 INFO tempest.lib.common.rest_client [req-aeb490b0-8aba-4d93-a8ab-9a2e037c049a req-aeb490b0-8aba-4d93-a8ab-9a2e037c049a ] Request (SecurityGroupsTestJSON:setUpClass): 201 POST http://10.180.1.21/identity/v3/auth/tokens 0.077s
2025-04-03 13:03:45.088 70006 INFO tempest.common.waiters [-] volume 12f4534e-5f51-4378-88aa-5ffc0455ce68 reached in-use after waiting for 0.088193 seconds
2025-04-03 13:03:45.121 70010 INFO tempest.lib.common.rest_client [req-11c061bd-9a0e-4eb0-89e8-41917f6f7bf7 req-11c061bd-9a0e-4eb0-89e8-41917f6f7bf7 ] Request (SecurityGroupsTestJSON:setUpClass): 201 POST http://10.180.1.21/identity/v3/auth/tokens 0.032s
2025-04-03 13:03:45.152 70010 INFO tempest.lib.common.rest_client [req-5c2deb8f-3c58-4bfa-8b62-c0b214095f37 req-5c2deb8f-3c58-4bfa-8b62-c0b214095f37 ] Request (SecurityGroupsTestJSON:setUpClass): 200 GET http://10.180.1.21/identity/v3/domains?name=Default 0.030s
2025-04-03 13:03:45.166 70018 INFO tempest.lib.common.rest_client [req-a2eefd1d-8da2-4548-830a-3b2884217221 req-a2eefd1d-8da2-4548-830a-3b2884217221 ] Request (AttachInterfacesV270Test:tearDownClass): 200 GET http://10.180.1.21/compute/v2.1/servers/0791541e-da89-4120-8c87-c537b84a7b4b 0.065s
2025-04-03 13:03:45.182 70010 INFO tempest.lib.common.rest_client [req-82e78382-759f-4265-a530-2cf152d9d09f req-82e78382-759f-4265-a530-2cf152d9d09f ] Request (SecurityGroupsTestJSON:setUpClass): 201 POST http://10.180.1.21/identity/v3/projects 0.029s
2025-04-03 13:03:45.215 70049 INFO tempest.lib.common.rest_client [req-1824e6b2-fd73-4b33-9a83-06a728c40461 req-1824e6b2-fd73-4b33-9a83-06a728c40461 ] Request (ServerShowV247Test:test_update_rebuild_list_server): 200 GET http://10.180.1.21/compute/v2.1/servers/bc3196cf-2eb0-4dd9-bfb5-6660a1793ec5 0.086s
2025-04-03 13:03:45.237 70006 INFO tempest.lib.common.rest_client [req-3ae9fa89-f724-48b1-8423-52ac3b9d742a req-3ae9fa89-f724-48b1-8423-52ac3b9d742a ] Request (VolumesAssistedSnapshotsTest:test_volume_assisted_snapshot_create_delete): 200 POST http://10.180.1.21/compute/v2.1/os-assisted-volume-snapshots 0.149s
2025-04-03 13:03:45.239 70010 INFO tempest.lib.common.rest_client [req-65d16ca6-a167-4657-b667-7b062e92efc3 req-65d16ca6-a167-4657-b667-7b062e92efc3 ] Request (SecurityGroupsTestJSON:setUpClass): 201 POST http://10.180.1.21/identity/v3/users 0.056s
2025-04-03 13:03:45.260 70010 INFO tempest.lib.common.rest_client [req-b226a144-7bd9-401b-be13-682e7c9473e0 req-b226a144-7bd9-401b-be13-682e7c9473e0 ] Request (SecurityGroupsTestJSON:setUpClass): 200 GET http://10.180.1.21/identity/v3/roles 0.021s
2025-04-03 13:03:45.265 70042 INFO tempest.lib.common.rest_client [req-9b0d7371-516f-47cb-95ae-1b191dd1adca req-9b0d7371-516f-47cb-95ae-1b191dd1adca ] Request (MigrationsAdminTest:test_resize_server_revert_deleted_flavor): 200 GET http://10.180.1.21/compute/v2.1/servers/888b0976-1a94-4901-8904-fefd169b829b 0.099s
2025-04-03 13:03:45.292 70010 INFO tempest.lib.common.rest_client [req-5293e443-d9f0-4771-9d35-3583a5a8c0e8 req-5293e443-d9f0-4771-9d35-3583a5a8c0e8 ] Request (SecurityGroupsTestJSON:setUpClass): 204 PUT http://10.180.1.21/identity/v3/projects/a59de03305544a3b8ec7608e66cb163d/users/38f20602313144e7bc2853850462377d/roles/4dc3f10e490e4016aeb01d7774c8b796 0.031s
2025-04-03 13:03:45.292 70010 INFO tempest.lib.common.dynamic_creds [-] Dynamic test user 38f20602313144e7bc2853850462377d is created with scope project and roles: ['member']
2025-04-03 13:03:45.292 69998 INFO tempest.lib.common.rest_client [req-893ddae3-aa40-4fa1-b86a-938ae46b5eca req-893ddae3-aa40-4fa1-b86a-938ae46b5eca ] Request (ListServersNegativeTestJSON:setUpClass): 200 GET http://10.180.1.21/compute/v2.1/servers/590c2cb4-0349-46db-b85c-6f845327e450 0.062s
2025-04-03 13:03:45.292 70010 INFO tempest.lib.common.dynamic_creds [-] Acquired dynamic creds: credentials: Credentials: {'domain_id': 'default', 'domain_name': 'Default', 'username': 'tempest-SecurityGroupsTestJSON-423653016-project-member', 'project_domain_id': 'default', 'project_domain_name': 'Default', 'project_id': 'a59de03305544a3b8ec7608e66cb163d', 'project_name': 'tempest-SecurityGroupsTestJSON-423653016', 'tenant_id': 'a59de03305544a3b8ec7608e66cb163d', 'tenant_name': 'tempest-SecurityGroupsTestJSON-423653016', 'user_domain_id': 'default', 'user_domain_name': 'Default', 'user_id': '38f20602313144e7bc2853850462377d', 'system': None}, Network: None, Subnet: None, Router: None
2025-04-03 13:03:45.302 70006 INFO tempest.lib.common.rest_client [req-47aea6bc-7cb3-4a82-92bc-e1f33ba7fa42 req-47aea6bc-7cb3-4a82-92bc-e1f33ba7fa42 ] Request (VolumesAssistedSnapshotsTest:test_volume_assisted_snapshot_create_delete): 204 DELETE http://10.180.1.21/compute/v2.1/os-assisted-volume-snapshots/None?delete_info=%7B%22volume_id%22%3A+%2212f4534e-5f51-4378-88aa-5ffc0455ce68%22%7D 0.064s
2025-04-03 13:03:45.328 70006 INFO tempest.lib.common.rest_client [req-9badd46f-4028-4869-9289-fdfa83be8493 req-9badd46f-4028-4869-9289-fdfa83be8493 ] Request (VolumesAssistedSnapshotsTest:_run_cleanups): 200 GET http://10.180.1.21/volume/v3/volumes/12f4534e-5f51-4378-88aa-5ffc0455ce68 0.025s
2025-04-03 13:03:45.346 70012 INFO tempest.lib.common.rest_client [req-4aaa7ace-f4a0-46ba-af19-c68a76787f68 req-4aaa7ace-f4a0-46ba-af19-c68a76787f68 ] Request (ServerActionsV293TestJSON:setUpClass): 200 GET http://10.180.1.21/volume/v3/volumes/c7c595d4-9d0e-468a-bb1e-378b1b83d89a 0.027s
2025-04-03 13:03:45.347 70050 INFO tempest.lib.common.rest_client [req-c95483cc-89d9-476e-b6be-a40ce1da7329 req-c95483cc-89d9-476e-b6be-a40ce1da7329 ] Request (InstanceActionsNegativeTestJSON:setUpClass): 200 GET http://10.180.1.21/compute/v2.1/servers/2fd3fc55-6157-4c52-b827-9cba78ab186d 0.070s
2025-04-03 13:03:45.355 70010 INFO tempest.lib.common.rest_client [req-8b5ecec7-736b-4427-9c36-83ab57368006 req-8b5ecec7-736b-4427-9c36-83ab57368006 ] Request (SecurityGroupsTestJSON:setUpClass): 201 POST http://10.180.1.21/identity/v3/auth/tokens 0.063s
2025-04-03 13:03:45.480 70006 INFO tempest.lib.common.rest_client [req-eef5388c-06af-4077-aa5b-d724268526c4 req-eef5388c-06af-4077-aa5b-d724268526c4 ] Request (VolumesAssistedSnapshotsTest:_run_cleanups): 202 DELETE http://10.180.1.21/compute/v2.1/servers/fe91cc3d-1897-46f2-aacd-afcb505e042f/os-volume_attachments/12f4534e-5f51-4378-88aa-5ffc0455ce68 0.144s
2025-04-03 13:03:45.550 70044 INFO tempest.lib.common.rest_client [req-1df86077-ca28-4201-8fa0-d2895594d2b0 req-1df86077-ca28-4201-8fa0-d2895594d2b0 ] Request (DeleteServersTestJSON:test_delete_server_while_in_attached_volume): 200 GET http://10.180.1.21/compute/v2.1/servers/c648d597-0473-46d4-bd23-63e396311140 0.161s
2025-04-03 13:03:45.612 70034 INFO tempest.lib.common.rest_client [req-a0d74374-c2c1-475c-bd92-f596c25eda99 req-a0d74374-c2c1-475c-bd92-f596c25eda99 ] Request (ServersWithSpecificFlavorTestJSON:test_verify_created_server_ephemeral_disk): 200 GET http://10.180.1.21/compute/v2.1/servers/8f0d714b-1664-4a83-8f75-e48033d4611d 0.159s
2025-04-03 13:03:45.642 70010 INFO tempest.lib.common.rest_client [req-3efda291-7824-41c9-b14c-3d8ce50e7a79 req-3efda291-7824-41c9-b14c-3d8ce50e7a79 ] Request (SecurityGroupsTestJSON:setUpClass): 201 POST http://10.180.1.21:9696/networking/v2.0/networks 0.285s
2025-04-03 13:03:45.649 69992 INFO tempest.lib.common.rest_client [req-9212f431-f9d8-4f16-af9c-92e030b3eedc req-9212f431-f9d8-4f16-af9c-92e030b3eedc ] Request (ImagesOneServerTestJSON:setUpClass): 200 GET http://10.180.1.21/compute/v2.1/servers/acbf7099-6993-4d1b-9e90-62bf239a75ba 0.324s
