2025-04-03 13:02:48.605 70002 INFO tempest.lib.common.rest_client [req-49cd9914-eaa5-4d79-8bdc-a601326cee49 req-49cd9914-eaa5-4d79-8bdc-a601326cee49 ] Request (ServersAdminNegativeTestJSON:setUpClass): 200 GET http://10.180.1.21/compute/v2.1/servers/d2281269-3f62-476d-81fb-0d47c60086a2 0.110s
2025-04-03 13:02:48.626 70032 INFO tempest.lib.common.rest_client [req-77822fbe-f75d-494f-8b08-a78f8f5d9060 req-77822fbe-f75d-494f-8b08-a78f8f5d9060 ] Request (ServersTestMultiNic:_run_cleanups): 204 DELETE http://10.180.1.21/compute/v2.1/servers/7d6889a0-9737-4fc6-828e-5d34979446cc 0.140s
2025-04-03 13:02:48.707 70049 INFO tempest.lib.common.rest_client [req-01df6cbc-773b-4434-83dc-49cc5cea4c71 req-01df6cbc-773b-4434-83dc-49cc5cea4c71 ] Request (ServerShowV247Test:test_update_rebuild_list_server): 200 GET http://10.180.1.21/compute/v2.1/servers/bc3196cf-2eb0-4dd9-bfb5-6660a1793ec5 0.164s
2025-04-03 13:02:48.717 69994 INFO tempest.lib.common.rest_client [req-6814b4c0-9d6b-419d-8615-22dac60df940 req-6814b4c0-9d6b-419d-8615-22dac60df940 ] Request (ServersTestBootFromVolume:setUpClass): 200 GET http://10.180.1.21/volume/v3/volumes/775b8bae-1b8b-433c-b66c-085d86335056 0.034s
2025-04-03 13:02:48.754 70014 INFO tempest.lib.common.rest_client [req-dfd5753f-2482-412a-832c-ef73d90c9c3a req-dfd5753f-2482-412a-832c-ef73d90c9c3a ] Request (ServerActionsTestOtherA:setUpClass): 201 POST http://10.180.1.21:9696/networking/v2.0/networks 0.266s
2025-04-03 13:02:48.758 70000 INFO tempest.lib.common.rest_client [req-645d6d3e-c7fe-4af2-aead-9fca8b7c99f2 req-645d6d3e-c7fe-4af2-aead-9fca8b7c99f2 ] Request (AttachInterfacesUnderV243Test:test_add_remove_fixed_ip): 200 GET http://10.180.1.21/compute/v2.1/servers/2df1d0a8-d245-45e4-b5ff-b99cb3c10be2 0.258s
2025-04-03 13:02:48.767 70000 INFO tempest.common.waiters [-] State transition "BUILD/block_device_mapping" ==> "BUILD/spawning" after 57 second wait
2025-04-03 13:02:48.787 69996 INFO tempest.lib.common.rest_client [req-b60bf97b-e162-4e23-94a6-a679c59d8b8d req-b60bf97b-e162-4e23-94a6-a679c59d8b8d ] Request (ImagesTestJSON:test_create_image_from_stopped_server): 200 GET http://10.180.1.21/compute/v2.1/servers/20c9027e-63e9-4c90-a0dc-62b0fb2c32b5 0.234s
2025-04-03 13:02:48.818 70017 INFO tempest.lib.common.rest_client [req-5735344b-65e7-4b1a-9bc3-f681e570acd3 req-5735344b-65e7-4b1a-9bc3-f681e570acd3 ] Request (ListServerFiltersTestJSON:test_list_servers_filter_by_shutoff_status): 200 GET http://10.180.1.21/compute/v2.1/servers?status=shutoff 0.262s
2025-04-03 13:02:48.841 70050 INFO tempest.lib.common.rest_client [req-6c8b3c28-9d3b-4ab5-95a0-e27a279511ee req-6c8b3c28-9d3b-4ab5-95a0-e27a279511ee ] Request (InstanceActionsNegativeTestJSON:setUpClass): 200 GET http://10.180.1.21/compute/v2.1/servers/2fd3fc55-6157-4c52-b827-9cba78ab186d 0.230s
2025-04-03 13:02:48.901 70012 INFO tempest.lib.common.rest_client [req-b7a9196f-cbe5-4ec1-a77d-cf8fc950686b req-b7a9196f-cbe5-4ec1-a77d-cf8fc950686b ] Request (ImagesNegativeTestJSON:test_create_image_from_deleted_server): 200 GET http://10.180.1.21/compute/v2.1/servers/dbe35c0a-e4ca-4c0c-91cb-4a5e44d3065f 0.212s
2025-04-03 13:02:48.953 69990 INFO tempest.lib.common.rest_client [req-fe65ea1e-06f3-46c9-ac5b-0f2589803cc0 req-fe65ea1e-06f3-46c9-ac5b-0f2589803cc0 ] Request (MultipleCreateTestJSON:_run_cleanups): 200 GET http://10.180.1.21/compute/v2.1/servers/8a330708-788d-4af0-b272-a58d83c9c8c8 0.262s
2025-04-03 13:02:48.998 70014 INFO tempest.lib.common.rest_client [req-5e129042-4af7-4a04-8d23-7ae4569e7cf3 req-5e129042-4af7-4a04-8d23-7ae4569e7cf3 ] Request (ServerActionsTestOtherA:setUpClass): 201 POST http://10.180.1.21:9696/networking/v2.0/subnets 0.244s
2025-04-03 13:02:48.998 70044 INFO tempest.lib.common.rest_client [req-51a4d75b-33c3-4f9e-bdd5-b7e6792e3a99 req-51a4d75b-33c3-4f9e-bdd5-b7e6792e3a99 ] Request (DeleteServersTestJSON:test_delete_server_while_in_attached_volume): 200 GET http://10.180.1.21/compute/v2.1/servers/c648d597-0473-46d4-bd23-63e396311140 0.262s
2025-04-03 13:02:49.007 70032 INFO tempest.lib.common.rest_client [req-613a416d-3d89-481f-9149-9da3dc64b27e req-613a416d-3d89-481f-9149-9da3dc64b27e ] Request (ServersTestMultiNic:_run_cleanups): 200 GET http://10.180.1.21/compute/v2.1/servers/7d6889a0-9737-4fc6-828e-5d34979446cc 0.380s
2025-04-03 13:02:49.043 69998 INFO tempest.lib.common.rest_client [req-eeb887ed-5e42-4b23-b63b-3db6ab26721e req-eeb887ed-5e42-4b23-b63b-3db6ab26721e ] Request (ListServersNegativeTestJSON:setUpClass): 200 GET http://10.180.1.21/compute/v2.1/servers/316e932a-aa31-40e0-9bc4-54d4157d32b0 0.296s
2025-04-03 13:02:49.051 69998 INFO tempest.common.waiters [-] State transition "BUILD/scheduling" ==> "BUILD/None" after 42 second wait
2025-04-03 13:02:49.054 70028 INFO tempest.lib.common.rest_client [req-acd6fba0-ac48-44ce-87f5-1f1609e3d26c req-acd6fba0-ac48-44ce-87f5-1f1609e3d26c ] Request (InstanceActionsTestJSON:setUpClass): 200 GET http://10.180.1.21/compute/v2.1/servers/713b3237-6d09-4db2-9dd8-ccc7b303ca4b 0.265s
2025-04-03 13:02:49.097 70017 INFO tempest.lib.common.rest_client [req-da117786-0e0d-4c9f-9002-6baae2324d63 req-da117786-0e0d-4c9f-9002-6baae2324d63 ] Request (ListServerFiltersTestJSON:test_list_servers_filter_by_shutoff_status): 202 POST http://10.180.1.21/compute/v2.1/servers/8b23f73b-a334-4421-8cda-528b3ece1d37/action 0.277s
2025-04-03 13:02:49.106 70010 INFO tempest.lib.common.rest_client [req-d8dd9fa8-ac7f-4dad-8e00-569023d6d7eb req-d8dd9fa8-ac7f-4dad-8e00-569023d6d7eb ] Request (ServerExternalEventsTest:test_create_server_external_events): 200 GET http://10.180.1.21/compute/v2.1/servers/81822631-26a8-4c17-a447-8e9d3acac696 0.314s
2025-04-03 13:02:49.115 70010 INFO tempest.common.waiters [-] State transition "BUILD/None" ==> "BUILD/networking" after 54 second wait
2025-04-03 13:02:49.144 70024 INFO tempest.lib.common.rest_client [req-adbb0a11-4e78-44c5-b9d4-8dfdeaca3fb8 req-adbb0a11-4e78-44c5-b9d4-8dfdeaca3fb8 ] Request (ServerDiskConfigTestJSON:test_rebuild_server_with_manual_disk_config): 200 GET http://10.180.1.21/compute/v2.1/servers/a99a9f9b-05ed-46ad-96a2-c9c01b81f983 0.303s
2025-04-03 13:02:49.194 70052 INFO tempest.lib.common.rest_client [req-0a819a49-7dab-4d5c-92b7-139d7aa41eb5 req-0a819a49-7dab-4d5c-92b7-139d7aa41eb5 ] Request (ServersNegativeTestMultiTenantJSON:setUpClass): 200 GET http://10.180.1.21/compute/v2.1/servers/64083589-1c17-42e5-955b-4e609875a788 0.280s
2025-04-03 13:02:49.252 70018 INFO tempest.lib.common.rest_client [req-0f559af9-1e71-456f-94c9-d9e8c2f077e8 req-0f559af9-1e71-456f-94c9-d9e8c2f077e8 ] Request (AttachInterfacesV270Test:test_create_get_list_interfaces): 200 GET http://10.180.1.21/compute/v2.1/servers/0791541e-da89-4120-8c87-c537b84a7b4b 0.326s
2025-04-03 13:02:49.312 70020 INFO tempest.lib.common.rest_client [req-4154f2cc-1651-4bb4-9035-cee9d5bc1010 req-4154f2cc-1651-4bb4-9035-cee9d5bc1010 ] Request (ServersTestJSON:setUpClass): 200 GET http://10.180.1.21/compute/v2.1/servers/fff019fb-1d8d-4780-b5db-ad0c977eb958 0.337s
2025-04-03 13:02:49.371 70038 INFO tempest.lib.common.rest_client [req-dc56a29b-c7fd-48f4-a7ae-91a5982bcf76 req-dc56a29b-c7fd-48f4-a7ae-91a5982bcf76 ] Request (ImagesOneServerNegativeTestJSON:setUpClass): 200 GET http://10.180.1.21/compute/v2.1/servers/c28ff0c9-96fc-45af-80be-4915955b0aea 0.387s
2025-04-03 13:02:49.397 70036 INFO tempest.lib.common.rest_client [req-48ba616b-e0eb-4050-aa7d-e1a681acc5a2 req-48ba616b-e0eb-4050-aa7d-e1a681acc5a2 ] Request (TenantUsagesTestJSON:tearDownClass): 200 GET http://10.180.1.21/compute/v2.1/servers/a7bb40a9-2ae5-4328-ae78-662677610470 0.536s
2025-04-03 13:02:49.438 69992 INFO tempest.lib.common.rest_client [req-57c4df93-3ef6-47fd-a052-b6c20730af1a req-57c4df93-3ef6-47fd-a052-b6c20730af1a ] Request (ServerDiagnosticsV248Test:tearDownClass): 200 GET http://10.180.1.21/compute/v2.1/servers/ed00c987-3c06-459e-8d27-bb28938a287f 0.400s
2025-04-03 13:02:49.455 70008 INFO tempest.lib.common.rest_client [req-8478a3d5-f105-4c1e-ad5b-5723e6a0a39d req-8478a3d5-f105-4c1e-ad5b-5723e6a0a39d ] Request (ServersAdminTestJSON:setUpClass): 200 GET http://10.180.1.21/compute/v2.1/servers/82967055-3c2f-4d77-9cf1-4f1e2fc5aecb 0.415s
2025-04-03 13:02:49.517 70004 INFO tempest.lib.common.rest_client [req-2f3a0d03-43c2-4dcf-a9ae-41050fac0c81 req-2f3a0d03-43c2-4dcf-a9ae-41050fac0c81 ] Request (ServersV294TestFqdnHostnames:setUpClass): 200 GET http://10.180.1.21/compute/v2.1/servers/ce86cfb9-bad4-4082-9e21-605396cc42f6 0.392s
2025-04-03 13:02:49.615 70017 INFO tempest.lib.common.rest_client [req-e3add980-ccbc-430d-859c-bdb927af83e6 req-e3add980-ccbc-430d-859c-bdb927af83e6 ] Request (ListServerFiltersTestJSON:test_list_servers_filter_by_shutoff_status): 200 GET http://10.180.1.21/compute/v2.1/servers/8b23f73b-a334-4421-8cda-528b3ece1d37 0.517s
2025-04-03 13:02:49.635 70040 INFO tempest.lib.common.rest_client [req-75742411-4edd-4ae7-acf9-4f422590ca8b req-75742411-4edd-4ae7-acf9-4f422590ca8b ] Request (ServerGroupTestJSON:test_create_server_with_scheduler_hint_group): 200 GET http://10.180.1.21/compute/v2.1/servers/4021d91d-b850-4478-9d64-89e9416f4623 0.380s
2025-04-03 13:02:49.691 70022 INFO tempest.lib.common.rest_client [req-375b658a-099f-4b6e-a04c-0c972da679e6 req-375b658a-099f-4b6e-a04c-0c972da679e6 ] Request (DeleteServersAdminTestJSON:test_delete_server_while_in_error_state): 200 GET http://10.180.1.21/compute/v2.1/servers/2d57287c-5315-4c71-867f-dd3d4018ab48 0.218s
2025-04-03 13:02:49.763 70026 INFO tempest.lib.common.rest_client [req-66ffaaa8-9ab0-44cb-ad06-e0e4838f45ac req-66ffaaa8-9ab0-44cb-ad06-e0e4838f45ac ] Request (VolumesAdminNegativeTest:test_update_attached_volume_with_nonexistent_volume_in_body): 200 GET http://10.180.1.21/compute/v2.1/servers/5ed6619c-f1a2-476c-ba2f-7289de5b6e9e 0.221s
2025-04-03 13:02:49.764 69994 INFO tempest.lib.common.rest_client [req-39603261-3e62-49ce-b0e1-bb12f0d42032 req-39603261-3e62-49ce-b0e1-bb12f0d42032 ] Request (ServersTestBootFromVolume:setUpClass): 200 GET http://10.180.1.21/volume/v3/volumes/775b8bae-1b8b-433c-b66c-085d86335056 0.037s
2025-04-03 13:02:49.770 70042 INFO tempest.lib.common.rest_client [req-510f0be0-a1ce-4470-889a-6f919e88b42a req-510f0be0-a1ce-4470-889a-6f919e88b42a ] Request (MigrationsAdminTest:test_list_migrations_in_flavor_resize_situation): 200 GET http://10.180.1.21/compute/v2.1/servers/b0ee902e-14b1-490e-b8ae-e327563499f1 0.328s
2025-04-03 13:02:49.784 70014 INFO tempest.lib.common.rest_client [req-8168421a-678a-45f0-97fe-5875f1178b30 req-8168421a-678a-45f0-97fe-5875f1178b30 ] Request (ServerActionsTestOtherA:setUpClass): 201 POST http://10.180.1.21:9696/networking/v2.0/routers 0.786s
2025-04-03 13:02:49.826 70002 INFO tempest.lib.common.rest_client [req-a318083b-c9e5-45b2-92aa-f24e5060b68c req-a318083b-c9e5-45b2-92aa-f24e5060b68c ] Request (ServersAdminNegativeTestJSON:setUpClass): 200 GET http://10.180.1.21/compute/v2.1/servers/d2281269-3f62-476d-81fb-0d47c60086a2 0.212s
2025-04-03 13:02:49.840 70049 INFO tempest.lib.common.rest_client [req-aec0678f-2df4-444e-a59d-5a392177d713 req-aec0678f-2df4-444e-a59d-5a392177d713 ] Request (ServerShowV247Test:test_update_rebuild_list_server): 200 GET http://10.180.1.21/compute/v2.1/servers/bc3196cf-2eb0-4dd9-bfb5-6660a1793ec5 0.123s
2025-04-03 13:02:49.920 69996 INFO tempest.lib.common.rest_client [req-0dc56f77-752a-4421-8590-8448e9d86fe5 req-0dc56f77-752a-4421-8590-8448e9d86fe5 ] Request (ImagesTestJSON:test_create_image_from_stopped_server): 200 GET http://10.180.1.21/compute/v2.1/servers/20c9027e-63e9-4c90-a0dc-62b0fb2c32b5 0.122s
2025-04-03 13:02:49.986 70050 INFO tempest.lib.common.rest_client [req-9492ed1a-f4b9-4876-bd66-fd2fed49e46b req-9492ed1a-f4b9-4876-bd66-fd2fed49e46b ] Request (InstanceActionsNegativeTestJSON:setUpClass): 200 GET http://10.180.1.21/compute/v2.1/servers/2fd3fc55-6157-4c52-b827-9cba78ab186d 0.136s
2025-04-03 13:02:50.066 70012 INFO tempest.lib.common.rest_client [req-fb63e231-f9ce-422e-82bd-d6bf0bdf137b req-fb63e231-f9ce-422e-82bd-d6bf0bdf137b ] Request (ImagesNegativeTestJSON:test_create_image_from_deleted_server): 200 GET http://10.180.1.21/compute/v2.1/servers/dbe35c0a-e4ca-4c0c-91cb-4a5e44d3065f 0.155s
2025-04-03 13:02:50.145 69990 INFO tempest.lib.common.rest_client [req-70dcb6b6-54ef-4c8a-8da5-b97d6a080b44 req-70dcb6b6-54ef-4c8a-8da5-b97d6a080b44 ] Request (MultipleCreateTestJSON:_run_cleanups): 200 GET http://10.180.1.21/compute/v2.1/servers/8a330708-788d-4af0-b272-a58d83c9c8c8 0.184s
2025-04-03 13:02:50.199 70000 INFO tempest.lib.common.rest_client [req-9dfe00ae-580b-4e2e-bf6c-3a40b37c9f7e req-9dfe00ae-580b-4e2e-bf6c-3a40b37c9f7e ] Request (AttachInterfacesUnderV243Test:test_add_remove_fixed_ip): 200 GET http://10.180.1.21/compute/v2.1/servers/2df1d0a8-d245-45e4-b5ff-b99cb3c10be2 0.430s
2025-04-03 13:02:50.208 70044 INFO tempest.lib.common.rest_client [req-b4e70bb1-8159-4988-b76a-ddd23b79fe4a req-b4e70bb1-8159-4988-b76a-ddd23b79fe4a ] Request (DeleteServersTestJSON:test_delete_server_while_in_attached_volume): 200 GET http://10.180.1.21/compute/v2.1/servers/c648d597-0473-46d4-bd23-63e396311140 0.202s
2025-04-03 13:02:50.256 69998 INFO tempest.lib.common.rest_client [req-e700ec34-ff67-41f2-bf1b-26e04b64939a req-e700ec34-ff67-41f2-bf1b-26e04b64939a ] Request (ListServersNegativeTestJSON:setUpClass): 200 GET http://10.180.1.21/compute/v2.1/servers/316e932a-aa31-40e0-9bc4-54d4157d32b0 0.204s
2025-04-03 13:02:50.309 70028 INFO tempest.lib.common.rest_client [req-c96ee46d-3a75-4e23-a0c9-31f0f6557dda req-c96ee46d-3a75-4e23-a0c9-31f0f6557dda ] Request (InstanceActionsTestJSON:setUpClass): 200 GET http://10.180.1.21/compute/v2.1/servers/713b3237-6d09-4db2-9dd8-ccc7b303ca4b 0.248s
2025-04-03 13:02:50.352 70032 INFO tempest.lib.common.rest_client [req-15da98a1-3d47-40c4-b0de-28af85df1f79 req-15da98a1-3d47-40c4-b0de-28af85df1f79 ] Request (ServersTestMultiNic:_run_cleanups): 200 GET http://10.180.1.21/compute/v2.1/servers/7d6889a0-9737-4fc6-828e-5d34979446cc 0.338s
2025-04-03 13:02:50.416 70010 INFO tempest.lib.common.rest_client [req-b2757198-508b-4eda-827f-0bf786a2c040 req-b2757198-508b-4eda-827f-0bf786a2c040 ] Request (ServerExternalEventsTest:test_create_server_external_events): 200 GET http://10.180.1.21/compute/v2.1/servers/81822631-26a8-4c17-a447-8e9d3acac696 0.300s
2025-04-03 13:02:50.426 70024 INFO tempest.lib.common.rest_client [req-2a2dcd16-2ad6-4098-86a0-f301a94fe7e4 req-2a2dcd16-2ad6-4098-86a0-f301a94fe7e4 ] Request (ServerDiskConfigTestJSON:test_rebuild_server_with_manual_disk_config): 200 GET http://10.180.1.21/compute/v2.1/servers/a99a9f9b-05ed-46ad-96a2-c9c01b81f983 0.273s
2025-04-03 13:02:50.426 70010 INFO tempest.common.waiters [-] State transition "BUILD/networking" ==> "BUILD/spawning" after 55 second wait
2025-04-03 13:02:50.471 70052 INFO tempest.lib.common.rest_client [req-27e70203-e4f5-4535-8fce-6e672c29c980 req-27e70203-e4f5-4535-8fce-6e672c29c980 ] Request (ServersNegativeTestMultiTenantJSON:setUpClass): 200 GET http://10.180.1.21/compute/v2.1/servers/64083589-1c17-42e5-955b-4e609875a788 0.262s
2025-04-03 13:02:50.489 70018 INFO tempest.lib.common.rest_client [req-37173e57-7ac9-4fe7-a57a-33e2b9fc9fe4 req-37173e57-7ac9-4fe7-a57a-33e2b9fc9fe4 ] Request (AttachInterfacesV270Test:test_create_get_list_interfaces): 200 GET http://10.180.1.21/compute/v2.1/servers/0791541e-da89-4120-8c87-c537b84a7b4b 0.223s
2025-04-03 13:02:50.532 70020 INFO tempest.lib.common.rest_client [req-5940729b-c95b-4142-9463-77fad3fe78a3 req-5940729b-c95b-4142-9463-77fad3fe78a3 ] Request (ServersTestJSON:setUpClass): 200 GET http://10.180.1.21/compute/v2.1/servers/fff019fb-1d8d-4780-b5db-ad0c977eb958 0.209s
2025-04-03 13:02:50.550 70038 INFO tempest.lib.common.rest_client [req-17b2996c-f59b-4b6f-9631-4f208d00f417 req-17b2996c-f59b-4b6f-9631-4f208d00f417 ] Request (ImagesOneServerNegativeTestJSON:setUpClass): 200 GET http://10.180.1.21/compute/v2.1/servers/c28ff0c9-96fc-45af-80be-4915955b0aea 0.170s
2025-04-03 13:02:50.601 70036 INFO tempest.lib.common.rest_client [req-0e8a9931-b4f0-44f4-8325-64afee491c0c req-0e8a9931-b4f0-44f4-8325-64afee491c0c ] Request (TenantUsagesTestJSON:tearDownClass): 200 GET http://10.180.1.21/compute/v2.1/servers/a7bb40a9-2ae5-4328-ae78-662677610470 0.196s
2025-04-03 13:02:50.629 69992 INFO tempest.lib.common.rest_client [req-815d5a34-6916-4623-8d55-76644b20ba30 req-815d5a34-6916-4623-8d55-76644b20ba30 ] Request (ServerDiagnosticsV248Test:tearDownClass): 200 GET http://10.180.1.21/compute/v2.1/servers/ed00c987-3c06-459e-8d27-bb28938a287f 0.180s
2025-04-03 13:02:50.659 70008 INFO tempest.lib.common.rest_client [req-1955fc20-454d-4ee7-8914-729a1c0e3def req-1955fc20-454d-4ee7-8914-729a1c0e3def ] Request (ServersAdminTestJSON:setUpClass): 200 GET http://10.180.1.21/compute/v2.1/servers/82967055-3c2f-4d77-9cf1-4f1e2fc5aecb 0.192s
2025-04-03 13:02:50.683 70004 INFO tempest.lib.common.rest_client [req-07868a41-9249-4992-892b-a1b0b6b19c2b req-07868a41-9249-4992-892b-a1b0b6b19c2b ] Request (ServersV294TestFqdnHostnames:setUpClass): 200 GET http://10.180.1.21/compute/v2.1/servers/ce86cfb9-bad4-4082-9e21-605396cc42f6 0.153s
2025-04-03 13:02:50.774 70017 INFO tempest.lib.common.rest_client [req-85000a30-0538-4b9c-84e9-71a6ccd7c443 req-85000a30-0538-4b9c-84e9-71a6ccd7c443 ] Request (ListServerFiltersTestJSON:test_list_servers_filter_by_shutoff_status): 200 GET http://10.180.1.21/compute/v2.1/servers/8b23f73b-a334-4421-8cda-528b3ece1d37 0.151s
2025-04-03 13:02:50.812 69994 INFO tempest.lib.common.rest_client [req-4d6bf552-16c7-491a-bac3-eab7d7d0ab2e req-4d6bf552-16c7-491a-bac3-eab7d7d0ab2e ] Request (ServersTestBootFromVolume:setUpClass): 200 GET http://10.180.1.21/volume/v3/volumes/775b8bae-1b8b-433c-b66c-085d86335056 0.040s
2025-04-03 13:02:50.825 70040 INFO tempest.lib.common.rest_client [req-2d96edd5-d620-4fe9-8072-31e60a431dd1 req-2d96edd5-d620-4fe9-8072-31e60a431dd1 ] Request (ServerGroupTestJSON:test_create_server_with_scheduler_hint_group): 200 GET http://10.180.1.21/compute/v2.1/servers/4021d91d-b850-4478-9d64-89e9416f4623 0.181s
2025-04-03 13:02:50.839 70040 INFO tempest.common.waiters [-] State transition "BUILD/spawning" ==> "ACTIVE/None" after 59 second wait
2025-04-03 13:02:50.854 70022 INFO tempest.lib.common.rest_client [req-9c0e2824-808c-46f4-9078-f88607e9dfe2 req-9c0e2824-808c-46f4-9078-f88607e9dfe2 ] Request (DeleteServersAdminTestJSON:test_delete_server_while_in_error_state): 200 GET http://10.180.1.21/compute/v2.1/servers/2d57287c-5315-4c71-867f-dd3d4018ab48 0.153s
2025-04-03 13:02:50.907 70026 INFO tempest.lib.common.rest_client [req-40a518e0-cfcc-41dc-bb05-80a72adf2591 req-40a518e0-cfcc-41dc-bb05-80a72adf2591 ] Request (VolumesAdminNegativeTest:test_update_attached_volume_with_nonexistent_volume_in_body): 200 GET http://10.180.1.21/compute/v2.1/servers/5ed6619c-f1a2-476c-ba2f-7289de5b6e9e 0.129s
2025-04-03 13:02:50.957 70002 INFO tempest.lib.common.rest_client [req-58570095-b128-4074-97c6-ff04138c2acf req-58570095-b128-4074-97c6-ff04138c2acf ] Request (ServersAdminNegativeTestJSON:setUpClass): 200 GET http://10.180.1.21/compute/v2.1/servers/d2281269-3f62-476d-81fb-0d47c60086a2 0.122s
2025-04-03 13:02:51.001 70040 INFO tempest.lib.common.rest_client [req-4116b29c-8489-490c-aa33-f2a2b2897683 req-4116b29c-8489-490c-aa33-f2a2b2897683 ] Request (ServerGroupTestJSON:test_create_server_with_scheduler_hint_group): 200 GET http://10.180.1.21/compute/v2.1/os-server-groups/805cc0b5-d8ed-4b20-975f-84800de66831 0.162s
2025-04-03 13:02:51.030 70042 INFO tempest.lib.common.rest_client [req-30f97f61-2dbe-4d0e-9741-af84d58fcb0f req-30f97f61-2dbe-4d0e-9741-af84d58fcb0f ] Request (MigrationsAdminTest:test_list_migrations_in_flavor_resize_situation): 200 GET http://10.180.1.21/compute/v2.1/servers/b0ee902e-14b1-490e-b8ae-e327563499f1 0.236s
2025-04-03 13:02:51.057 70049 INFO tempest.lib.common.rest_client [req-88550d51-fb8a-403d-8cdd-e33dfa2e529c req-88550d51-fb8a-403d-8cdd-e33dfa2e529c ] Request (ServerShowV247Test:test_update_rebuild_list_server): 200 GET http://10.180.1.21/compute/v2.1/servers/bc3196cf-2eb0-4dd9-bfb5-6660a1793ec5 0.204s
2025-04-03 13:02:51.089 69996 INFO tempest.lib.common.rest_client [req-82572ccb-0eda-493a-bade-eaea32024f7b req-82572ccb-0eda-493a-bade-eaea32024f7b ] Request (ImagesTestJSON:test_create_image_from_stopped_server): 200 GET http://10.180.1.21/compute/v2.1/servers/20c9027e-63e9-4c90-a0dc-62b0fb2c32b5 0.155s
2025-04-03 13:02:51.108 70050 INFO tempest.lib.common.rest_client [req-4c371b2d-acca-4efd-9a17-48f41957e615 req-4c371b2d-acca-4efd-9a17-48f41957e615 ] Request (InstanceActionsNegativeTestJSON:setUpClass): 200 GET http://10.180.1.21/compute/v2.1/servers/2fd3fc55-6157-4c52-b827-9cba78ab186d 0.112s
2025-04-03 13:02:51.136 70014 INFO tempest.lib.common.rest_client [req-c2a13c0c-4b42-49aa-bd38-b3a94909b5c5 req-c2a13c0c-4b42-49aa-bd38-b3a94909b5c5 ] Request (ServerActionsTestOtherA:setUpClass): 200 PUT http://10.180.1.21:9696/networking/v2.0/routers/68213345-eb22-4e24-983c-377a61d52f20/add_router_interface 1.351s
2025-04-03 13:02:51.136 70014 INFO tempest.lib.common.dynamic_creds [-] Created isolated network resources for: credentials: Credentials: {'domain_id': 'default', 'domain_name': 'Default', 'username': 'tempest-ServerActionsTestOtherA-1536557889-project-member', 'project_domain_id': 'default', 'project_domain_name': 'Default', 'project_id': '4608fa1e034d48ce8a8d8fab9b13e0d3', 'project_name': 'tempest-ServerActionsTestOtherA-1536557889', 'tenant_id': '4608fa1e034d48ce8a8d8fab9b13e0d3', 'tenant_name': 'tempest-ServerActionsTestOtherA-1536557889', 'user_domain_id': 'default', 'user_domain_name': 'Default', 'user_id': '47beedc060894a6883219e00b30acb45', 'system': None}, Network: {'id': '550f8da2-a494-49f7-97bf-d59c43974bf5', 'name': 'tempest-ServerActionsTestOtherA-1343125748-network', 'tenant_id': '4608fa1e034d48ce8a8d8fab9b13e0d3', 'admin_state_up': True, 'mtu': 8950, 'status': 'ACTIVE', 'subnets': [], 'shared': False, 'project_id': '4608fa1e034d48ce8a8d8fab9b13e0d3', 'port_security_enabled': True, 'router:external': False, 'provider:network_type': 'vlan', 'provider:physical_network': 'default', 'provider:segmentation_id': 424, 'availability_zone_hints': [], 'availability_zones': [], 'ipv4_address_scope': None, 'ipv6_address_scope': None, 'description': '', 'tags': [], 'created_at': '2025-04-03T13:02:48Z', 'updated_at': '2025-04-03T13:02:48Z', 'revision_number': 1}, Subnet: {'id': 'bd934f82-e1d1-446e-8049-a1a9e927905c', 'name': 'tempest-ServerActionsTestOtherA-1343125748-subnet', 'tenant_id': '4608fa1e034d48ce8a8d8fab9b13e0d3', 'network_id': '550f8da2-a494-49f7-97bf-d59c43974bf5', 'ip_version': 4, 'subnetpool_id': None, 'enable_dhcp': True, 'ipv6_ra_mode': None, 'ipv6_address_mode': None, 'gateway_ip': '192.168.128.1', 'cidr': '192.168.128.0/28', 'allocation_pools': [{'start': '192.168.128.2', 'end': '192.168.128.14'}], 'host_routes': [], 'dns_nameservers': [], 'description': '', 'router:external': False, 'service_types': [], 'tags': [], 'created_at': '2025-04-03T13:02:48Z', 'updated_at': '2025-04-03T13:02:48Z', 'revision_number': 0, 'project_id': '4608fa1e034d48ce8a8d8fab9b13e0d3'}, Router: {'id': '68213345-eb22-4e24-983c-377a61d52f20', 'name': 'tempest-ServerActionsTestOtherA-1343125748-router', 'tenant_id': '4608fa1e034d48ce8a8d8fab9b13e0d3', 'admin_state_up': True, 'status': 'ACTIVE', 'external_gateway_info': {'network_id': '345b050e-d90f-463b-9742-d666a4c82555', 'external_fixed_ips': [{'subnet_id': 'f3e0ac26-f1d1-4431-93c4-f97218d3cc14', 'ip_address': '10.180.180.140'}], 'enable_snat': True}, 'description': '', 'availability_zones': [], 'distributed': False, 'ha': False, 'availability_zone_hints': [], 'routes': [], 'flavor_id': None, 'tags': [], 'created_at': '2025-04-03T13:02:49Z', 'updated_at': '2025-04-03T13:02:49Z', 'revision_number': 2, 'project_id': '4608fa1e034d48ce8a8d8fab9b13e0d3'}
2025-04-03 13:02:51.167 70040 INFO tempest.lib.common.rest_client [req-a664df89-a7a4-4e6f-8fe5-f594f71aafc1 req-a664df89-a7a4-4e6f-8fe5-f594f71aafc1 ] Request (ServerGroupTestJSON:_run_cleanups): 204 DELETE http://10.180.1.21/compute/v2.1/servers/4021d91d-b850-4478-9d64-89e9416f4623 0.164s
2025-04-03 13:02:51.179 70012 INFO tempest.lib.common.rest_client [req-e00444c4-8f84-473d-bef2-7026f7307a49 req-e00444c4-8f84-473d-bef2-7026f7307a49 ] Request (ImagesNegativeTestJSON:test_create_image_from_deleted_server): 200 GET http://10.180.1.21/compute/v2.1/servers/dbe35c0a-e4ca-4c0c-91cb-4a5e44d3065f 0.105s
2025-04-03 13:02:51.242 69990 INFO tempest.lib.common.rest_client [req-f833f235-8cf6-46c2-be50-ad8301ba3033 req-f833f235-8cf6-46c2-be50-ad8301ba3033 ] Request (MultipleCreateTestJSON:_run_cleanups): 200 GET http://10.180.1.21/compute/v2.1/servers/8a330708-788d-4af0-b272-a58d83c9c8c8 0.086s
2025-04-03 13:02:51.243 70014 INFO tempest.lib.common.rest_client [req-90b38293-a46a-4638-af62-3ba29b3f0503 req-90b38293-a46a-4638-af62-3ba29b3f0503 ] Request (ServerActionsTestOtherA:setUpClass): 201 POST http://10.180.1.21/identity/v3/auth/tokens 0.103s
2025-04-03 13:02:51.312 70040 INFO tempest.lib.common.rest_client [req-75d450e2-9b00-4e0c-8355-9b7192fa9140 req-75d450e2-9b00-4e0c-8355-9b7192fa9140 ] Request (ServerGroupTestJSON:_run_cleanups): 200 GET http://10.180.1.21/compute/v2.1/servers/4021d91d-b850-4478-9d64-89e9416f4623 0.144s
2025-04-03 13:02:51.385 70044 INFO tempest.lib.common.rest_client [req-21f7c4b2-dc9f-4d8c-a8f3-729b853ffec6 req-21f7c4b2-dc9f-4d8c-a8f3-729b853ffec6 ] Request (DeleteServersTestJSON:test_delete_server_while_in_attached_volume): 200 GET http://10.180.1.21/compute/v2.1/servers/c648d597-0473-46d4-bd23-63e396311140 0.167s
2025-04-03 13:02:51.407 70000 INFO tempest.lib.common.rest_client [req-011ec590-c767-4b1c-9264-eb711fd28051 req-011ec590-c767-4b1c-9264-eb711fd28051 ] Request (AttachInterfacesUnderV243Test:test_add_remove_fixed_ip): 200 GET http://10.180.1.21/compute/v2.1/servers/2df1d0a8-d245-45e4-b5ff-b99cb3c10be2 0.194s
2025-04-03 13:02:51.479 69998 INFO tempest.lib.common.rest_client [req-5953d745-046d-4d12-91cd-d72d213d1d07 req-5953d745-046d-4d12-91cd-d72d213d1d07 ] Request (ListServersNegativeTestJSON:setUpClass): 200 GET http://10.180.1.21/compute/v2.1/servers/316e932a-aa31-40e0-9bc4-54d4157d32b0 0.213s
2025-04-03 13:02:51.527 70014 INFO tempest.lib.common.rest_client [req-6afcc147-65ea-4f89-866a-be5053d42510 req-6afcc147-65ea-4f89-866a-be5053d42510 ] Request (ServerActionsTestOtherA:setUpClass): 200 POST http://10.180.1.21/compute/v2.1/os-keypairs 0.283s
2025-04-03 13:02:51.562 70028 INFO tempest.lib.common.rest_client [req-97727979-0fcc-4fb0-9b4e-a76cd85bc667 req-97727979-0fcc-4fb0-9b4e-a76cd85bc667 ] Request (InstanceActionsTestJSON:setUpClass): 200 GET http://10.180.1.21/compute/v2.1/servers/713b3237-6d09-4db2-9dd8-ccc7b303ca4b 0.240s
2025-04-03 13:02:51.655 70032 INFO tempest.lib.common.rest_client [req-7212077f-6d8c-4cdc-9b58-b298ec680a9b req-7212077f-6d8c-4cdc-9b58-b298ec680a9b ] Request (ServersTestMultiNic:_run_cleanups): 200 GET http://10.180.1.21/compute/v2.1/servers/7d6889a0-9737-4fc6-828e-5d34979446cc 0.284s
2025-04-03 13:02:51.710 70024 INFO tempest.lib.common.rest_client [req-b98aff9e-0ee5-4518-b07a-091b8a6afa9f req-b98aff9e-0ee5-4518-b07a-091b8a6afa9f ] Request (ServerDiskConfigTestJSON:test_rebuild_server_with_manual_disk_config): 200 GET http://10.180.1.21/compute/v2.1/servers/a99a9f9b-05ed-46ad-96a2-c9c01b81f983 0.274s
2025-04-03 13:02:51.746 70010 INFO tempest.lib.common.rest_client [req-5a7b1a00-40ba-4916-8641-58fe9dad2935 req-5a7b1a00-40ba-4916-8641-58fe9dad2935 ] Request (ServerExternalEventsTest:test_create_server_external_events): 200 GET http://10.180.1.21/compute/v2.1/servers/81822631-26a8-4c17-a447-8e9d3acac696 0.318s
2025-04-03 13:02:51.762 70052 INFO tempest.lib.common.rest_client [req-89e723e6-da7d-4487-9d02-7d3d71d6d069 req-89e723e6-da7d-4487-9d02-7d3d71d6d069 ] Request (ServersNegativeTestMultiTenantJSON:setUpClass): 200 GET http://10.180.1.21/compute/v2.1/servers/64083589-1c17-42e5-955b-4e609875a788 0.282s
2025-04-03 13:02:51.817 70020 INFO tempest.lib.common.rest_client [req-f60af641-8258-4ef8-a4ce-c6d648613975 req-f60af641-8258-4ef8-a4ce-c6d648613975 ] Request (ServersTestJSON:setUpClass): 200 GET http://10.180.1.21/compute/v2.1/servers/fff019fb-1d8d-4780-b5db-ad0c977eb958 0.275s
2025-04-03 13:02:51.822 70014 INFO tempest.lib.common.rest_client [req-30098074-90e7-4f73-a9d4-8ed2f7cd9fb8 req-30098074-90e7-4f73-a9d4-8ed2f7cd9fb8 ] Request (ServerActionsTestOtherA:setUpClass): 201 POST http://10.180.1.21:9696/networking/v2.0/security-groups 0.293s
2025-04-03 13:02:51.824 70018 INFO tempest.lib.common.rest_client [req-16538b04-2675-474d-90a5-5f0916255038 req-16538b04-2675-474d-90a5-5f0916255038 ] Request (AttachInterfacesV270Test:test_create_get_list_interfaces): 200 GET http://10.180.1.21/compute/v2.1/servers/0791541e-da89-4120-8c87-c537b84a7b4b 0.325s
2025-04-03 13:02:51.829 70020 INFO tempest.common.waiters [-] State transition "BUILD/None" ==> "BUILD/networking" after 56 second wait
2025-04-03 13:02:51.853 69994 INFO tempest.lib.common.rest_client [req-482d9f96-66a3-4b8b-865b-48e31cbadf5a req-482d9f96-66a3-4b8b-865b-48e31cbadf5a ] Request (ServersTestBootFromVolume:setUpClass): 200 GET http://10.180.1.21/volume/v3/volumes/775b8bae-1b8b-433c-b66c-085d86335056 0.034s
2025-04-03 13:02:51.875 70038 INFO tempest.lib.common.rest_client [req-ce323fb9-afa0-4ce3-a5d8-52c5fb593858 req-ce323fb9-afa0-4ce3-a5d8-52c5fb593858 ] Request (ImagesOneServerNegativeTestJSON:setUpClass): 200 GET http://10.180.1.21/compute/v2.1/servers/c28ff0c9-96fc-45af-80be-4915955b0aea 0.316s
2025-04-03 13:02:51.902 70036 INFO tempest.lib.common.rest_client [req-c53c49b9-cabc-49b0-8390-fd13c510f2ca req-c53c49b9-cabc-49b0-8390-fd13c510f2ca ] Request (TenantUsagesTestJSON:tearDownClass): 200 GET http://10.180.1.21/compute/v2.1/servers/a7bb40a9-2ae5-4328-ae78-662677610470 0.290s
2025-04-03 13:02:51.932 70046 WARNING tempest.lib.common.ssh [-] Failed to establish authenticated ssh connection to cirros@10.180.180.208 ([Errno None] Unable to connect to port 22 on 10.180.180.208). Number attempts: 8. Retry after 9 seconds.: paramiko.ssh_exception.NoValidConnectionsError: [Errno None] Unable to connect to port 22 on 10.180.180.208
2025-04-03 13:02:51.939 69992 INFO tempest.lib.common.rest_client [req-31c55316-6bc3-4f12-a886-c6db1da8a23b req-31c55316-6bc3-4f12-a886-c6db1da8a23b ] Request (ServerDiagnosticsV248Test:tearDownClass): 200 GET http://10.180.1.21/compute/v2.1/servers/ed00c987-3c06-459e-8d27-bb28938a287f 0.298s
2025-04-03 13:02:51.959 70014 INFO tempest.lib.common.rest_client [req-056693e1-92e6-4892-a2ad-d9ca1637000c req-056693e1-92e6-4892-a2ad-d9ca1637000c ] Request (ServerActionsTestOtherA:setUpClass): 201 POST http://10.180.1.21:9696/networking/v2.0/security-group-rules 0.137s
2025-04-03 13:02:51.962 70008 INFO tempest.lib.common.rest_client [req-33c2ccc9-913e-4f4c-b69a-1d80e1fd1415 req-33c2ccc9-913e-4f4c-b69a-1d80e1fd1415 ] Request (ServersAdminTestJSON:setUpClass): 200 GET http://10.180.1.21/compute/v2.1/servers/82967055-3c2f-4d77-9cf1-4f1e2fc5aecb 0.293s
2025-04-03 13:02:51.998 70004 INFO tempest.lib.common.rest_client [req-339d9fd4-3c85-48a7-8290-638fd335e288 req-339d9fd4-3c85-48a7-8290-638fd335e288 ] Request (ServersV294TestFqdnHostnames:setUpClass): 200 GET http://10.180.1.21/compute/v2.1/servers/ce86cfb9-bad4-4082-9e21-605396cc42f6 0.300s
2025-04-03 13:02:52.059 70022 INFO tempest.lib.common.rest_client [req-384521ee-0010-4cdf-9c52-081b4aefef64 req-384521ee-0010-4cdf-9c52-081b4aefef64 ] Request (DeleteServersAdminTestJSON:test_delete_server_while_in_error_state): 200 GET http://10.180.1.21/compute/v2.1/servers/2d57287c-5315-4c71-867f-dd3d4018ab48 0.194s
2025-04-03 13:02:52.072 70014 INFO tempest.lib.common.rest_client [req-487dbef0-aa53-42ca-aa54-3d54c50592a0 req-487dbef0-aa53-42ca-aa54-3d54c50592a0 ] Request (ServerActionsTestOtherA:setUpClass): 201 POST http://10.180.1.21:9696/networking/v2.0/security-group-rules 0.112s
2025-04-03 13:02:52.086 70017 INFO tempest.lib.common.rest_client [req-6513557f-62af-4508-acdb-7afcb0f2315d req-6513557f-62af-4508-acdb-7afcb0f2315d ] Request (ListServerFiltersTestJSON:test_list_servers_filter_by_shutoff_status): 200 GET http://10.180.1.21/compute/v2.1/servers/8b23f73b-a334-4421-8cda-528b3ece1d37 0.302s
2025-04-03 13:02:52.118 70026 INFO tempest.lib.common.rest_client [req-9e21a690-d5bd-45bc-a574-9b414c49543b req-9e21a690-d5bd-45bc-a574-9b414c49543b ] Request (VolumesAdminNegativeTest:test_update_attached_volume_with_nonexistent_volume_in_body): 200 GET http://10.180.1.21/compute/v2.1/servers/5ed6619c-f1a2-476c-ba2f-7289de5b6e9e 0.196s
2025-04-03 13:02:52.158 70002 INFO tempest.lib.common.rest_client [req-4349cbd8-859a-4284-902b-ac025f8b74ae req-4349cbd8-859a-4284-902b-ac025f8b74ae ] Request (ServersAdminNegativeTestJSON:setUpClass): 200 GET http://10.180.1.21/compute/v2.1/servers/d2281269-3f62-476d-81fb-0d47c60086a2 0.187s
2025-04-03 13:02:52.222 70049 INFO tempest.lib.common.rest_client [req-ffb1e414-51d1-46b7-9e02-4f307af14484 req-ffb1e414-51d1-46b7-9e02-4f307af14484 ] Request (ServerShowV247Test:test_update_rebuild_list_server): 200 GET http://10.180.1.21/compute/v2.1/servers/bc3196cf-2eb0-4dd9-bfb5-6660a1793ec5 0.153s
2025-04-03 13:02:52.280 70042 INFO tempest.lib.common.rest_client [req-98e5b61a-1ee9-4cea-b631-987312998d72 req-98e5b61a-1ee9-4cea-b631-987312998d72 ] Request (MigrationsAdminTest:test_list_migrations_in_flavor_resize_situation): 200 GET http://10.180.1.21/compute/v2.1/servers/b0ee902e-14b1-490e-b8ae-e327563499f1 0.240s
2025-04-03 13:02:52.284 69996 INFO tempest.lib.common.rest_client [req-722a1185-0bf3-4546-9d2c-788d6e44a156 req-722a1185-0bf3-4546-9d2c-788d6e44a156 ] Request (ImagesTestJSON:test_create_image_from_stopped_server): 200 GET http://10.180.1.21/compute/v2.1/servers/20c9027e-63e9-4c90-a0dc-62b0fb2c32b5 0.186s
2025-04-03 13:02:52.296 69996 INFO tempest.common.waiters [-] State transition "BUILD/scheduling" ==> "BUILD/None" after 37 second wait
2025-04-03 13:02:52.340 70050 INFO tempest.lib.common.rest_client [req-fba16ce4-18ae-40b9-b5b6-e60ff484179d req-fba16ce4-18ae-40b9-b5b6-e60ff484179d ] Request (InstanceActionsNegativeTestJSON:setUpClass): 200 GET http://10.180.1.21/compute/v2.1/servers/2fd3fc55-6157-4c52-b827-9cba78ab186d 0.224s
2025-04-03 13:02:52.348 70012 INFO tempest.lib.common.rest_client [req-df2ec831-503e-42b6-80a1-a79f6ad46cfd req-df2ec831-503e-42b6-80a1-a79f6ad46cfd ] Request (ImagesNegativeTestJSON:test_create_image_from_deleted_server): 200 GET http://10.180.1.21/compute/v2.1/servers/dbe35c0a-e4ca-4c0c-91cb-4a5e44d3065f 0.162s
2025-04-03 13:02:52.398 69990 INFO tempest.lib.common.rest_client [req-1de76519-27a4-4a47-bd71-4d736b8e9031 req-1de76519-27a4-4a47-bd71-4d736b8e9031 ] Request (MultipleCreateTestJSON:_run_cleanups): 200 GET http://10.180.1.21/compute/v2.1/servers/8a330708-788d-4af0-b272-a58d83c9c8c8 0.146s
2025-04-03 13:02:52.462 70044 INFO tempest.lib.common.rest_client [req-54fadc9c-1f95-432f-9a83-503645763e6e req-54fadc9c-1f95-432f-9a83-503645763e6e ] Request (DeleteServersTestJSON:test_delete_server_while_in_attached_volume): 200 GET http://10.180.1.21/compute/v2.1/servers/c648d597-0473-46d4-bd23-63e396311140 0.065s
2025-04-03 13:02:52.524 70040 INFO tempest.lib.common.rest_client [req-a23dc0bd-14ca-4f40-9cf1-023847131e7e req-a23dc0bd-14ca-4f40-9cf1-023847131e7e ] Request (ServerGroupTestJSON:_run_cleanups): 200 GET http://10.180.1.21/compute/v2.1/servers/4021d91d-b850-4478-9d64-89e9416f4623 0.202s
2025-04-03 13:02:52.589 69998 INFO tempest.lib.common.rest_client [req-f7701d7b-0809-4171-b698-dd7670640da3 req-f7701d7b-0809-4171-b698-dd7670640da3 ] Request (ListServersNegativeTestJSON:setUpClass): 200 GET http://10.180.1.21/compute/v2.1/servers/316e932a-aa31-40e0-9bc4-54d4157d32b0 0.096s
2025-04-03 13:02:52.635 70006 WARNING tempest.lib.common.ssh [-] Failed to establish authenticated ssh connection to cirros@10.180.180.233 ([Errno None] Unable to connect to port 22 on 10.180.180.233). Number attempts: 7. Retry after 8 seconds.: paramiko.ssh_exception.NoValidConnectionsError: [Errno None] Unable to connect to port 22 on 10.180.180.233
2025-04-03 13:02:52.638 70000 INFO tempest.lib.common.rest_client [req-3bb721b7-019c-4c70-a5b2-cd89b1a12bbd req-3bb721b7-019c-4c70-a5b2-cd89b1a12bbd ] Request (AttachInterfacesUnderV243Test:test_add_remove_fixed_ip): 200 GET http://10.180.1.21/compute/v2.1/servers/2df1d0a8-d245-45e4-b5ff-b99cb3c10be2 0.220s
2025-04-03 13:02:52.649 70014 INFO tempest.lib.common.rest_client [req-eb109b11-b87a-4c22-9d12-d355025289b2 req-eb109b11-b87a-4c22-9d12-d355025289b2 ] Request (ServerActionsTestOtherA:setUpClass): 201 POST http://10.180.1.21:9696/networking/v2.0/floatingips 0.576s
2025-04-03 13:02:52.654 70028 INFO tempest.lib.common.rest_client [req-64142dab-1091-4f3e-baec-a6699e5824f7 req-64142dab-1091-4f3e-baec-a6699e5824f7 ] Request (InstanceActionsTestJSON:setUpClass): 200 GET http://10.180.1.21/compute/v2.1/servers/713b3237-6d09-4db2-9dd8-ccc7b303ca4b 0.080s
2025-04-03 13:02:52.689 70014 INFO tempest.lib.common.rest_client [req-4dd0428b-f55b-4eb8-afe7-00313e8bbe0e req-4dd0428b-f55b-4eb8-afe7-00313e8bbe0e ] Request (ServerActionsTestOtherA:setUpClass): 201 POST http://10.180.1.21/identity/v3/auth/tokens 0.035s
2025-04-03 13:02:52.689 70014 INFO tempest.lib.common.fixed_network [-] (ServerActionsTestOtherA:setUpClass) Found network {'id': '550f8da2-a494-49f7-97bf-d59c43974bf5', 'name': 'tempest-ServerActionsTestOtherA-1343125748-network', 'tenant_id': '4608fa1e034d48ce8a8d8fab9b13e0d3', 'admin_state_up': True, 'mtu': 8950, 'status': 'ACTIVE', 'subnets': [], 'shared': False, 'project_id': '4608fa1e034d48ce8a8d8fab9b13e0d3', 'port_security_enabled': True, 'router:external': False, 'provider:network_type': 'vlan', 'provider:physical_network': 'default', 'provider:segmentation_id': 424, 'availability_zone_hints': [], 'availability_zones': [], 'ipv4_address_scope': None, 'ipv6_address_scope': None, 'description': '', 'tags': [], 'created_at': '2025-04-03T13:02:48Z', 'updated_at': '2025-04-03T13:02:48Z', 'revision_number': 1} available for tenant
2025-04-03 13:02:52.748 70032 INFO tempest.lib.common.rest_client [req-3c9871d5-d446-465b-891d-f48d3945fe1d req-3c9871d5-d446-465b-891d-f48d3945fe1d ] Request (ServersTestMultiNic:_run_cleanups): 200 GET http://10.180.1.21/compute/v2.1/servers/7d6889a0-9737-4fc6-828e-5d34979446cc 0.079s
2025-04-03 13:02:52.798 70024 INFO tempest.lib.common.rest_client [req-fecc837c-27ea-4652-b44b-23d79501ca5b req-fecc837c-27ea-4652-b44b-23d79501ca5b ] Request (ServerDiskConfigTestJSON:test_rebuild_server_with_manual_disk_config): 200 GET http://10.180.1.21/compute/v2.1/servers/a99a9f9b-05ed-46ad-96a2-c9c01b81f983 0.080s
2025-04-03 13:02:52.895 70010 INFO tempest.lib.common.rest_client [req-f87b0e26-6d94-4fbe-a540-210d799f2318 req-f87b0e26-6d94-4fbe-a540-210d799f2318 ] Request (ServerExternalEventsTest:test_create_server_external_events): 200 GET http://10.180.1.21/compute/v2.1/servers/81822631-26a8-4c17-a447-8e9d3acac696 0.138s
2025-04-03 13:02:52.903 69994 INFO tempest.lib.common.rest_client [req-54a9c18d-48b1-478e-a561-6bdb849b2501 req-54a9c18d-48b1-478e-a561-6bdb849b2501 ] Request (ServersTestBootFromVolume:setUpClass): 200 GET http://10.180.1.21/volume/v3/volumes/775b8bae-1b8b-433c-b66c-085d86335056 0.041s
2025-04-03 13:02:52.911 69994 INFO tempest.common.waiters [-] volume 775b8bae-1b8b-433c-b66c-085d86335056 reached available after waiting for 21.911373 seconds
2025-04-03 13:02:52.951 70052 INFO tempest.lib.common.rest_client [req-43ca185e-a087-419e-b21a-b849ddac7513 req-43ca185e-a087-419e-b21a-b849ddac7513 ] Request (ServersNegativeTestMultiTenantJSON:setUpClass): 200 GET http://10.180.1.21/compute/v2.1/servers/64083589-1c17-42e5-955b-4e609875a788 0.180s
2025-04-03 13:02:53.114 70020 INFO tempest.lib.common.rest_client [req-850e6222-282c-4972-8a56-9a5c6aa07669 req-850e6222-282c-4972-8a56-9a5c6aa07669 ] Request (ServersTestJSON:setUpClass): 200 GET http://10.180.1.21/compute/v2.1/servers/fff019fb-1d8d-4780-b5db-ad0c977eb958 0.284s
2025-04-03 13:02:53.129 70020 INFO tempest.common.waiters [-] State transition "BUILD/networking" ==> "BUILD/block_device_mapping" after 58 second wait
2025-04-03 13:02:53.162 70014 INFO tempest.lib.common.rest_client [req-657ad124-ab10-4e86-b823-fff961e5343e req-657ad124-ab10-4e86-b823-fff961e5343e ] Request (ServerActionsTestOtherA:setUpClass): 202 POST http://10.180.1.21/compute/v2.1/servers 0.471s
2025-04-03 13:02:53.175 70018 INFO tempest.lib.common.rest_client [req-313e7f42-064d-4436-af8e-7cc326b62c12 req-313e7f42-064d-4436-af8e-7cc326b62c12 ] Request (AttachInterfacesV270Test:test_create_get_list_interfaces): 200 GET http://10.180.1.21/compute/v2.1/servers/0791541e-da89-4120-8c87-c537b84a7b4b 0.340s
2025-04-03 13:02:53.236 70038 INFO tempest.lib.common.rest_client [req-ff11a8d0-5cf6-4b42-9b48-b5028709cd91 req-ff11a8d0-5cf6-4b42-9b48-b5028709cd91 ] Request (ImagesOneServerNegativeTestJSON:setUpClass): 200 GET http://10.180.1.21/compute/v2.1/servers/c28ff0c9-96fc-45af-80be-4915955b0aea 0.349s
2025-04-03 13:02:53.260 70036 INFO tempest.lib.common.rest_client [req-0b44a0f0-46a5-4338-b6fc-5389512f858f req-0b44a0f0-46a5-4338-b6fc-5389512f858f ] Request (TenantUsagesTestJSON:tearDownClass): 200 GET http://10.180.1.21/compute/v2.1/servers/a7bb40a9-2ae5-4328-ae78-662677610470 0.351s
2025-04-03 13:02:53.324 69992 INFO tempest.lib.common.rest_client [req-ec666e48-8929-45d9-b21b-3ac28eed1932 req-ec666e48-8929-45d9-b21b-3ac28eed1932 ] Request (ServerDiagnosticsV248Test:tearDownClass): 200 GET http://10.180.1.21/compute/v2.1/servers/ed00c987-3c06-459e-8d27-bb28938a287f 0.371s
2025-04-03 13:02:53.384 70008 INFO tempest.lib.common.rest_client [req-2238e8f9-9478-4954-b31c-e244ba77ca89 req-2238e8f9-9478-4954-b31c-e244ba77ca89 ] Request (ServersAdminTestJSON:setUpClass): 200 GET http://10.180.1.21/compute/v2.1/servers/82967055-3c2f-4d77-9cf1-4f1e2fc5aecb 0.412s
2025-04-03 13:02:53.450 70004 INFO tempest.lib.common.rest_client [req-a6bc3a65-f9bf-49b8-be99-9a94598cad77 req-a6bc3a65-f9bf-49b8-be99-9a94598cad77 ] Request (ServersV294TestFqdnHostnames:setUpClass): 200 GET http://10.180.1.21/compute/v2.1/servers/ce86cfb9-bad4-4082-9e21-605396cc42f6 0.441s
2025-04-03 13:02:53.497 70022 INFO tempest.lib.common.rest_client [req-8e4f46d5-392b-40f5-a61a-3ed513d32675 req-8e4f46d5-392b-40f5-a61a-3ed513d32675 ] Request (DeleteServersAdminTestJSON:test_delete_server_while_in_error_state): 200 GET http://10.180.1.21/compute/v2.1/servers/2d57287c-5315-4c71-867f-dd3d4018ab48 0.430s
2025-04-03 13:02:53.605 70017 INFO tempest.lib.common.rest_client [req-812fb448-7f8d-436b-8b77-a22f8a00dfd7 req-812fb448-7f8d-436b-8b77-a22f8a00dfd7 ] Request (ListServerFiltersTestJSON:test_list_servers_filter_by_shutoff_status): 200 GET http://10.180.1.21/compute/v2.1/servers/8b23f73b-a334-4421-8cda-528b3ece1d37 0.508s
2025-04-03 13:02:53.670 70026 INFO tempest.lib.common.rest_client [req-55342694-20ef-446c-9d8b-3fead97adab2 req-55342694-20ef-446c-9d8b-3fead97adab2 ] Request (VolumesAdminNegativeTest:test_update_attached_volume_with_nonexistent_volume_in_body): 200 GET http://10.180.1.21/compute/v2.1/servers/5ed6619c-f1a2-476c-ba2f-7289de5b6e9e 0.539s
2025-04-03 13:02:53.713 70014 INFO tempest.lib.common.rest_client [req-23553c75-c924-4fdd-bf66-54b05b1e92a5 req-23553c75-c924-4fdd-bf66-54b05b1e92a5 ] Request (ServerActionsTestOtherA:setUpClass): 200 GET http://10.180.1.21/compute/v2.1/servers/e1678a98-0e22-4bbb-a39a-c5bee0fd08ac 0.550s
2025-04-03 13:02:53.734 69994 INFO tempest.lib.common.rest_client [req-fac32c48-118a-47f1-b18d-27fb8ea24912 req-fac32c48-118a-47f1-b18d-27fb8ea24912 ] Request (ServersTestBootFromVolume:setUpClass): 202 POST http://10.180.1.21/compute/v2.1/servers 0.823s
2025-04-03 13:02:53.763 70002 INFO tempest.lib.common.rest_client [req-0eb6dac5-31a1-4d56-9dee-d80d464ab6b2 req-0eb6dac5-31a1-4d56-9dee-d80d464ab6b2 ] Request (ServersAdminNegativeTestJSON:setUpClass): 200 GET http://10.180.1.21/compute/v2.1/servers/d2281269-3f62-476d-81fb-0d47c60086a2 0.595s
2025-04-03 13:02:53.792 70049 INFO tempest.lib.common.rest_client [req-6cd7dca7-2355-486a-8c7f-98b1c1602d18 req-6cd7dca7-2355-486a-8c7f-98b1c1602d18 ] Request (ServerShowV247Test:test_update_rebuild_list_server): 200 GET http://10.180.1.21/compute/v2.1/servers/bc3196cf-2eb0-4dd9-bfb5-6660a1793ec5 0.556s
2025-04-03 13:02:53.851 69996 INFO tempest.lib.common.rest_client [req-45ac30d7-1d37-4cd1-8edc-34923907af19 req-45ac30d7-1d37-4cd1-8edc-34923907af19 ] Request (ImagesTestJSON:test_create_image_from_stopped_server): 200 GET http://10.180.1.21/compute/v2.1/servers/20c9027e-63e9-4c90-a0dc-62b0fb2c32b5 0.553s
2025-04-03 13:02:53.905 70050 INFO tempest.lib.common.rest_client [req-00cb0a8d-f18e-497d-b5ac-859be4fb94af req-00cb0a8d-f18e-497d-b5ac-859be4fb94af ] Request (InstanceActionsNegativeTestJSON:setUpClass): 200 GET http://10.180.1.21/compute/v2.1/servers/2fd3fc55-6157-4c52-b827-9cba78ab186d 0.552s
2025-04-03 13:02:53.940 70042 INFO tempest.lib.common.rest_client [req-9807344c-d816-46f2-8885-b0dd53fba275 req-9807344c-d816-46f2-8885-b0dd53fba275 ] Request (MigrationsAdminTest:test_list_migrations_in_flavor_resize_situation): 200 GET http://10.180.1.21/compute/v2.1/servers/b0ee902e-14b1-490e-b8ae-e327563499f1 0.644s
2025-04-03 13:02:53.961 70012 INFO tempest.lib.common.rest_client [req-7d6cb649-d26b-4eeb-917d-c4a5ec4ebaa4 req-7d6cb649-d26b-4eeb-917d-c4a5ec4ebaa4 ] Request (ImagesNegativeTestJSON:test_create_image_from_deleted_server): 200 GET http://10.180.1.21/compute/v2.1/servers/dbe35c0a-e4ca-4c0c-91cb-4a5e44d3065f 0.602s
2025-04-03 13:02:54.012 69990 INFO tempest.lib.common.rest_client [req-f1426010-b9f3-49ea-8357-4264a5c8fc91 req-f1426010-b9f3-49ea-8357-4264a5c8fc91 ] Request (MultipleCreateTestJSON:_run_cleanups): 200 GET http://10.180.1.21/compute/v2.1/servers/8a330708-788d-4af0-b272-a58d83c9c8c8 0.606s
2025-04-03 13:02:54.016 70044 INFO tempest.lib.common.rest_client [req-319d5699-e833-4380-9c1b-4f5f4a1240ad req-319d5699-e833-4380-9c1b-4f5f4a1240ad ] Request (DeleteServersTestJSON:test_delete_server_while_in_attached_volume): 200 GET http://10.180.1.21/compute/v2.1/servers/c648d597-0473-46d4-bd23-63e396311140 0.543s
2025-04-03 13:02:54.067 69998 INFO tempest.lib.common.rest_client [req-a318d9bf-60b6-447e-bb52-37fb8166ff33 req-a318d9bf-60b6-447e-bb52-37fb8166ff33 ] Request (ListServersNegativeTestJSON:setUpClass): 200 GET http://10.180.1.21/compute/v2.1/servers/316e932a-aa31-40e0-9bc4-54d4157d32b0 0.468s
2025-04-03 13:02:54.174 70000 INFO tempest.lib.common.rest_client [req-ade466e5-649e-4c48-b3c4-797f995395a3 req-ade466e5-649e-4c48-b3c4-797f995395a3 ] Request (AttachInterfacesUnderV243Test:test_add_remove_fixed_ip): 200 GET http://10.180.1.21/compute/v2.1/servers/2df1d0a8-d245-45e4-b5ff-b99cb3c10be2 0.523s
2025-04-03 13:02:54.233 70028 INFO tempest.lib.common.rest_client [req-1d4c7e1c-09c9-401a-b9c7-dc7e38fd4d82 req-1d4c7e1c-09c9-401a-b9c7-dc7e38fd4d82 ] Request (InstanceActionsTestJSON:setUpClass): 200 GET http://10.180.1.21/compute/v2.1/servers/713b3237-6d09-4db2-9dd8-ccc7b303ca4b 0.572s
2025-04-03 13:02:54.280 69994 INFO tempest.lib.common.rest_client [req-e7cced27-7b33-4fd4-b150-96df7b6b6802 req-e7cced27-7b33-4fd4-b150-96df7b6b6802 ] Request (ServersTestBootFromVolume:setUpClass): 200 GET http://10.180.1.21/compute/v2.1/servers/f1562f66-a5bc-453a-957a-a4a03e102c34 0.544s
2025-04-03 13:02:54.302 70040 INFO tempest.lib.common.rest_client [req-fb66721c-22fe-48f6-aa98-acabb952052e req-fb66721c-22fe-48f6-aa98-acabb952052e ] Request (ServerGroupTestJSON:_run_cleanups): 200 GET http://10.180.1.21/compute/v2.1/servers/4021d91d-b850-4478-9d64-89e9416f4623 0.765s
2025-04-03 13:02:54.343 70032 INFO tempest.lib.common.rest_client [req-da556d15-36bc-4691-b717-b8b982328489 req-da556d15-36bc-4691-b717-b8b982328489 ] Request (ServersTestMultiNic:_run_cleanups): 200 GET http://10.180.1.21/compute/v2.1/servers/7d6889a0-9737-4fc6-828e-5d34979446cc 0.584s
2025-04-03 13:02:54.350 70032 INFO tempest.common.waiters [-] State transition "ACTIVE/deleting" ==> "DELETED/None" after 5 second wait
2025-04-03 13:02:54.376 70024 INFO tempest.lib.common.rest_client [req-75a53fe6-9af9-46c9-94d3-7c95d8b70863 req-75a53fe6-9af9-46c9-94d3-7c95d8b70863 ] Request (ServerDiskConfigTestJSON:test_rebuild_server_with_manual_disk_config): 200 GET http://10.180.1.21/compute/v2.1/servers/a99a9f9b-05ed-46ad-96a2-c9c01b81f983 0.568s
2025-04-03 13:02:54.440 70052 INFO tempest.lib.common.rest_client [req-506793ad-d08a-4d71-abcd-6cdee48d4733 req-506793ad-d08a-4d71-abcd-6cdee48d4733 ] Request (ServersNegativeTestMultiTenantJSON:setUpClass): 200 GET http://10.180.1.21/compute/v2.1/servers/64083589-1c17-42e5-955b-4e609875a788 0.480s
2025-04-03 13:02:54.452 70010 INFO tempest.lib.common.rest_client [req-9d92f612-102f-444f-bc52-780fcdb81b99 req-9d92f612-102f-444f-bc52-780fcdb81b99 ] Request (ServerExternalEventsTest:test_create_server_external_events): 200 GET http://10.180.1.21/compute/v2.1/servers/81822631-26a8-4c17-a447-8e9d3acac696 0.547s
2025-04-03 13:02:54.510 70018 INFO tempest.lib.common.rest_client [req-9ccd1fe0-7a5b-405b-b1ad-47c70751bd0a req-9ccd1fe0-7a5b-405b-b1ad-47c70751bd0a ] Request (AttachInterfacesV270Test:test_create_get_list_interfaces): 200 GET http://10.180.1.21/compute/v2.1/servers/0791541e-da89-4120-8c87-c537b84a7b4b 0.325s
2025-04-03 13:02:54.564 70038 INFO tempest.lib.common.rest_client [req-ee326a39-7818-475b-8ceb-b0b39d5d144f req-ee326a39-7818-475b-8ceb-b0b39d5d144f ] Request (ImagesOneServerNegativeTestJSON:setUpClass): 200 GET http://10.180.1.21/compute/v2.1/servers/c28ff0c9-96fc-45af-80be-4915955b0aea 0.320s
2025-04-03 13:02:54.597 70020 INFO tempest.lib.common.rest_client [req-6d0e65a2-843f-4890-9165-359a3bfd54c7 req-6d0e65a2-843f-4890-9165-359a3bfd54c7 ] Request (ServersTestJSON:setUpClass): 200 GET http://10.180.1.21/compute/v2.1/servers/fff019fb-1d8d-4780-b5db-ad0c977eb958 0.466s
