2025-04-03 13:03:16.743 70032 INFO tempest.lib.common.rest_client [req-3f4001f4-ccd2-4a3b-9d36-165d64a600fe req-3f4001f4-ccd2-4a3b-9d36-165d64a600fe ] Request (ServersTestMultiNic:_run_cleanups): 200 GET http://10.180.1.21/compute/v2.1/servers/7d6889a0-9737-4fc6-828e-5d34979446cc 0.151s
2025-04-03 13:03:16.799 70004 INFO tempest.lib.common.rest_client [req-a8b86f21-63fd-4b31-9350-65c45d05bf5e req-a8b86f21-63fd-4b31-9350-65c45d05bf5e ] Request (ServersV294TestFqdnHostnames:setUpClass): 200 GET http://10.180.1.21/compute/v2.1/servers/ce86cfb9-bad4-4082-9e21-605396cc42f6 0.106s
2025-04-03 13:03:16.809 69990 INFO tempest.lib.common.rest_client [req-51664792-766f-440d-afca-9f2f559ea7f5 req-51664792-766f-440d-afca-9f2f559ea7f5 ] Request (MultipleCreateTestJSON:test_multiple_create_with_reservation_return): 200 GET http://10.180.1.21/compute/v2.1/servers/528e2c92-d01e-4c35-a2ba-70d439af2fc7 0.107s
2025-04-03 13:03:17.124 70026 INFO tempest.lib.common.rest_client [req-484c3f22-751e-42f0-b869-d5da3d7cc872 req-484c3f22-751e-42f0-b869-d5da3d7cc872 ] Request (VolumesAdminNegativeTest:test_update_attached_volume_with_nonexistent_volume_in_body): 200 GET http://10.180.1.21/compute/v2.1/servers/5ed6619c-f1a2-476c-ba2f-7289de5b6e9e 0.046s
2025-04-03 13:03:17.189 70014 INFO tempest.lib.common.rest_client [req-1447b619-25ac-443b-8da9-02459ad1b05e req-1447b619-25ac-443b-8da9-02459ad1b05e ] Request (ServerActionsTestOtherA:setUpClass): 200 GET http://10.180.1.21/compute/v2.1/servers/e1678a98-0e22-4bbb-a39a-c5bee0fd08ac 0.048s
2025-04-03 13:03:17.234 70008 INFO tempest.lib.common.rest_client [req-bdd95c44-1344-4702-a039-68fae6cd953c req-bdd95c44-1344-4702-a039-68fae6cd953c ] Request (ServersAdminTestJSON:test_create_server_with_scheduling_hint): 200 GET http://10.180.1.21/compute/v2.1/servers/e4a6a52b-268e-4547-9a2c-93e1b7224797 0.064s
2025-04-03 13:03:17.245 70018 INFO tempest.lib.common.rest_client [req-9b5a38df-72a3-4878-ba5e-412ed1adb2b8 req-9b5a38df-72a3-4878-ba5e-412ed1adb2b8 ] Request (AttachInterfacesV270Test:test_create_get_list_interfaces): 200 GET http://10.180.1.21/compute/v2.1/servers/0791541e-da89-4120-8c87-c537b84a7b4b 0.110s
2025-04-03 13:03:17.281 70022 INFO tempest.lib.common.rest_client [req-5424d26c-c7db-44d9-bb5f-73a0586aee8c req-5424d26c-c7db-44d9-bb5f-73a0586aee8c ] Request (DeleteServersAdminTestJSON:test_delete_server_while_in_error_state): 200 GET http://10.180.1.21/compute/v2.1/servers/2d57287c-5315-4c71-867f-dd3d4018ab48 0.078s
2025-04-03 13:03:17.290 70042 INFO tempest.lib.common.rest_client [req-99691e9f-2244-49c0-8490-d5e14933f390 req-99691e9f-2244-49c0-8490-d5e14933f390 ] Request (MigrationsAdminTest:test_resize_server_revert_deleted_flavor): 200 GET http://10.180.1.21/compute/v2.1/servers/888b0976-1a94-4901-8904-fefd169b829b 0.078s
2025-04-03 13:03:17.331 70002 INFO tempest.lib.common.rest_client [req-517a881b-9b28-4880-9b45-36b56ad9b777 req-517a881b-9b28-4880-9b45-36b56ad9b777 ] Request (ServersAdminNegativeTestJSON:setUpClass): 200 GET http://10.180.1.21/compute/v2.1/servers/d2281269-3f62-476d-81fb-0d47c60086a2 0.075s
2025-04-03 13:03:17.338 70049 INFO tempest.lib.common.rest_client [req-cc71f6cd-2036-4f79-9609-c51badb03340 req-cc71f6cd-2036-4f79-9609-c51badb03340 ] Request (ServerShowV247Test:test_update_rebuild_list_server): 200 GET http://10.180.1.21/compute/v2.1/servers/bc3196cf-2eb0-4dd9-bfb5-6660a1793ec5 0.064s
2025-04-03 13:03:17.377 69996 INFO tempest.lib.common.rest_client [req-012529b1-c094-4cb7-aa96-cb694f053def req-012529b1-c094-4cb7-aa96-cb694f053def ] Request (ImagesTestJSON:test_create_image_from_stopped_server): 200 GET http://10.180.1.21/compute/v2.1/servers/20c9027e-63e9-4c90-a0dc-62b0fb2c32b5 0.061s
2025-04-03 13:03:17.382 70050 INFO tempest.lib.common.rest_client [req-04d40976-8417-40e6-9985-b57f75c06093 req-04d40976-8417-40e6-9985-b57f75c06093 ] Request (InstanceActionsNegativeTestJSON:setUpClass): 200 GET http://10.180.1.21/compute/v2.1/servers/2fd3fc55-6157-4c52-b827-9cba78ab186d 0.052s
2025-04-03 13:03:17.425 70044 INFO tempest.lib.common.rest_client [req-6062fc0d-f962-4e30-95a2-5baebdf3bfd2 req-6062fc0d-f962-4e30-95a2-5baebdf3bfd2 ] Request (DeleteServersTestJSON:test_delete_server_while_in_attached_volume): 200 GET http://10.180.1.21/compute/v2.1/servers/c648d597-0473-46d4-bd23-63e396311140 0.044s
2025-04-03 13:03:17.452 70017 INFO tempest.lib.common.rest_client [req-abe21d38-ef70-4211-a9f1-2915be5c6557 req-abe21d38-ef70-4211-a9f1-2915be5c6557 ] Request (ListServerFiltersTestJSON:tearDownClass): 200 GET http://10.180.1.21/compute/v2.1/servers/68b9ccb0-38e8-413b-9e0d-3feca42358d4 0.057s
2025-04-03 13:03:17.493 70012 INFO tempest.lib.common.rest_client [req-bffd1a84-ed61-4f08-96db-cee5c23f3dcf req-bffd1a84-ed61-4f08-96db-cee5c23f3dcf ] Request (ImagesNegativeTestJSON:test_create_image_from_deleted_server): 200 GET http://10.180.1.21/compute/v2.1/servers/dbe35c0a-e4ca-4c0c-91cb-4a5e44d3065f 0.055s
2025-04-03 13:03:17.495 69998 INFO tempest.lib.common.rest_client [req-b1044944-e2f4-42fd-a22e-d22a2c60c76c req-b1044944-e2f4-42fd-a22e-d22a2c60c76c ] Request (ListServersNegativeTestJSON:setUpClass): 200 GET http://10.180.1.21/compute/v2.1/servers/316e932a-aa31-40e0-9bc4-54d4157d32b0 0.046s
2025-04-03 13:03:17.535 69992 INFO tempest.lib.common.rest_client [req-91bc76c7-d440-4b6a-97c9-3ccb3cf7fd5e req-91bc76c7-d440-4b6a-97c9-3ccb3cf7fd5e ] Request (ImagesOneServerTestJSON:setUpClass): 200 GET http://10.180.1.21/compute/v2.1/servers/acbf7099-6993-4d1b-9e90-62bf239a75ba 0.045s
2025-04-03 13:03:17.549 70028 INFO tempest.lib.common.rest_client [req-ec61dc06-aa77-4cfd-9cc5-6828691229e7 req-ec61dc06-aa77-4cfd-9cc5-6828691229e7 ] Request (InstanceActionsTestJSON:setUpClass): 200 GET http://10.180.1.21/compute/v2.1/servers/713b3237-6d09-4db2-9dd8-ccc7b303ca4b 0.047s
2025-04-03 13:03:17.590 70024 INFO tempest.lib.common.rest_client [req-c9422c31-dd57-4171-8078-752db278ac9b req-c9422c31-dd57-4171-8078-752db278ac9b ] Request (ServerDiskConfigTestJSON:test_rebuild_server_with_manual_disk_config): 200 GET http://10.180.1.21/compute/v2.1/servers/a99a9f9b-05ed-46ad-96a2-c9c01b81f983 0.045s
2025-04-03 13:03:17.609 69994 INFO tempest.lib.common.rest_client [req-d855f582-555c-454b-9fa9-57b3a5dc44f6 req-d855f582-555c-454b-9fa9-57b3a5dc44f6 ] Request (ServersTestBootFromVolume:setUpClass): 200 GET http://10.180.1.21/compute/v2.1/servers/f1562f66-a5bc-453a-957a-a4a03e102c34 0.046s
2025-04-03 13:03:17.651 70052 INFO tempest.lib.common.rest_client [req-ffc87bb9-4e3e-4154-aad6-4ff33778dcf7 req-ffc87bb9-4e3e-4154-aad6-4ff33778dcf7 ] Request (ServersNegativeTestMultiTenantJSON:setUpClass): 200 GET http://10.180.1.21/compute/v2.1/servers/64083589-1c17-42e5-955b-4e609875a788 0.051s
2025-04-03 13:03:17.715 70010 INFO tempest.lib.common.rest_client [req-c8c7b2fc-6685-43c7-ae3b-774fb6be7e41 req-c8c7b2fc-6685-43c7-ae3b-774fb6be7e41 ] Request (ServerExternalEventsTest:tearDownClass): 200 GET http://10.180.1.21/compute/v2.1/servers/81822631-26a8-4c17-a447-8e9d3acac696 0.059s
2025-04-03 13:03:17.737 70040 INFO tempest.lib.common.rest_client [req-c02420e9-855b-4fcf-90ed-f32a8352cef2 req-c02420e9-855b-4fcf-90ed-f32a8352cef2 ] Request (ServerGroupTestJSON:_run_cleanups): 200 GET http://10.180.1.21/compute/v2.1/servers/4021d91d-b850-4478-9d64-89e9416f4623 0.056s
2025-04-03 13:03:17.788 70038 INFO tempest.lib.common.rest_client [req-049b7b6e-34e7-4cd3-966e-7df0baf992e7 req-049b7b6e-34e7-4cd3-966e-7df0baf992e7 ] Request (ImagesOneServerNegativeTestJSON:setUpClass): 200 GET http://10.180.1.21/compute/v2.1/servers/c28ff0c9-96fc-45af-80be-4915955b0aea 0.052s
2025-04-03 13:03:17.809 70032 INFO tempest.lib.common.rest_client [req-6e4dc934-d885-4d69-95f6-bde4291b6545 req-6e4dc934-d885-4d69-95f6-bde4291b6545 ] Request (ServersTestMultiNic:_run_cleanups): 200 GET http://10.180.1.21/compute/v2.1/servers/7d6889a0-9737-4fc6-828e-5d34979446cc 0.056s
2025-04-03 13:03:17.869 70004 INFO tempest.lib.common.rest_client [req-893a43f2-8d35-48fe-a46a-85b4770342a4 req-893a43f2-8d35-48fe-a46a-85b4770342a4 ] Request (ServersV294TestFqdnHostnames:setUpClass): 200 GET http://10.180.1.21/compute/v2.1/servers/ce86cfb9-bad4-4082-9e21-605396cc42f6 0.059s
2025-04-03 13:03:17.869 69990 INFO tempest.lib.common.rest_client [req-eed0defb-2dfa-4655-a80d-ebf956be5b4d req-eed0defb-2dfa-4655-a80d-ebf956be5b4d ] Request (MultipleCreateTestJSON:test_multiple_create_with_reservation_return): 200 GET http://10.180.1.21/compute/v2.1/servers/528e2c92-d01e-4c35-a2ba-70d439af2fc7 0.052s
2025-04-03 13:03:18.107 70046 WARNING tempest.lib.common.ssh [-] Failed to establish authenticated ssh connection to cirros@10.180.180.208 ([Errno None] Unable to connect to port 22 on 10.180.180.208). Number attempts: 10. Retry after 11 seconds.: paramiko.ssh_exception.NoValidConnectionsError: [Errno None] Unable to connect to port 22 on 10.180.180.208
2025-04-03 13:03:18.147 70034 WARNING tempest.lib.common.ssh [-] Failed to establish authenticated ssh connection to cirros@10.180.180.248 ([Errno None] Unable to connect to port 22 on 10.180.180.248). Number attempts: 9. Retry after 10 seconds.: paramiko.ssh_exception.NoValidConnectionsError: [Errno None] Unable to connect to port 22 on 10.180.180.248
2025-04-03 13:03:18.183 70026 INFO tempest.lib.common.rest_client [req-a7a82852-c036-42b7-9c12-8068bdec1bcb req-a7a82852-c036-42b7-9c12-8068bdec1bcb ] Request (VolumesAdminNegativeTest:test_update_attached_volume_with_nonexistent_volume_in_body): 200 GET http://10.180.1.21/compute/v2.1/servers/5ed6619c-f1a2-476c-ba2f-7289de5b6e9e 0.052s
2025-04-03 13:03:18.302 70008 INFO tempest.lib.common.rest_client [req-5111bdcf-50d8-4419-8d71-4a7905031a36 req-5111bdcf-50d8-4419-8d71-4a7905031a36 ] Request (ServersAdminTestJSON:test_create_server_with_scheduling_hint): 200 GET http://10.180.1.21/compute/v2.1/servers/e4a6a52b-268e-4547-9a2c-93e1b7224797 0.058s
2025-04-03 13:03:18.393 70018 INFO tempest.lib.common.rest_client [req-ffa1ddfa-00b8-4822-afc4-391426fa61eb req-ffa1ddfa-00b8-4822-afc4-391426fa61eb ] Request (AttachInterfacesV270Test:test_create_get_list_interfaces): 200 GET http://10.180.1.21/compute/v2.1/servers/0791541e-da89-4120-8c87-c537b84a7b4b 0.138s
2025-04-03 13:03:18.442 70022 INFO tempest.lib.common.rest_client [req-3075fc33-cb1e-4063-8280-86ec96599ce7 req-3075fc33-cb1e-4063-8280-86ec96599ce7 ] Request (DeleteServersAdminTestJSON:test_delete_server_while_in_error_state): 200 GET http://10.180.1.21/compute/v2.1/servers/2d57287c-5315-4c71-867f-dd3d4018ab48 0.153s
2025-04-03 13:03:18.460 70014 INFO tempest.lib.common.rest_client [req-2920e8e0-7de5-4146-a0ed-d01f308e8696 req-2920e8e0-7de5-4146-a0ed-d01f308e8696 ] Request (ServerActionsTestOtherA:setUpClass): 200 GET http://10.180.1.21/compute/v2.1/servers/e1678a98-0e22-4bbb-a39a-c5bee0fd08ac 0.263s
2025-04-03 13:03:18.494 70042 INFO tempest.lib.common.rest_client [req-bcf7e610-deed-4c03-8e68-2a12b29939c9 req-bcf7e610-deed-4c03-8e68-2a12b29939c9 ] Request (MigrationsAdminTest:test_resize_server_revert_deleted_flavor): 200 GET http://10.180.1.21/compute/v2.1/servers/888b0976-1a94-4901-8904-fefd169b829b 0.194s
2025-04-03 13:03:18.510 70002 INFO tempest.lib.common.rest_client [req-604bf297-c090-4773-aa52-e51c4b8f23c2 req-604bf297-c090-4773-aa52-e51c4b8f23c2 ] Request (ServersAdminNegativeTestJSON:setUpClass): 200 GET http://10.180.1.21/compute/v2.1/servers/d2281269-3f62-476d-81fb-0d47c60086a2 0.170s
2025-04-03 13:03:18.543 70049 INFO tempest.lib.common.rest_client [req-eb784416-3b80-421f-886a-61ace2c877e3 req-eb784416-3b80-421f-886a-61ace2c877e3 ] Request (ServerShowV247Test:test_update_rebuild_list_server): 200 GET http://10.180.1.21/compute/v2.1/servers/bc3196cf-2eb0-4dd9-bfb5-6660a1793ec5 0.196s
2025-04-03 13:03:18.552 69996 INFO tempest.lib.common.rest_client [req-d5b096f9-8026-417f-be0e-e76bc302b2f7 req-d5b096f9-8026-417f-be0e-e76bc302b2f7 ] Request (ImagesTestJSON:test_create_image_from_stopped_server): 200 GET http://10.180.1.21/compute/v2.1/servers/20c9027e-63e9-4c90-a0dc-62b0fb2c32b5 0.167s
2025-04-03 13:03:18.591 70050 INFO tempest.lib.common.rest_client [req-4a6322f6-57d1-4878-a026-ae76fb174aae req-4a6322f6-57d1-4878-a026-ae76fb174aae ] Request (InstanceActionsNegativeTestJSON:setUpClass): 200 GET http://10.180.1.21/compute/v2.1/servers/2fd3fc55-6157-4c52-b827-9cba78ab186d 0.201s
2025-04-03 13:03:18.596 70044 INFO tempest.lib.common.rest_client [req-473711d8-ade0-4f2c-8a0d-f260ee523016 req-473711d8-ade0-4f2c-8a0d-f260ee523016 ] Request (DeleteServersTestJSON:test_delete_server_while_in_attached_volume): 200 GET http://10.180.1.21/compute/v2.1/servers/c648d597-0473-46d4-bd23-63e396311140 0.164s
2025-04-03 13:03:18.641 69998 INFO tempest.lib.common.rest_client [req-73f50a6c-8dff-4932-9420-a4eaf1239938 req-73f50a6c-8dff-4932-9420-a4eaf1239938 ] Request (ListServersNegativeTestJSON:setUpClass): 200 GET http://10.180.1.21/compute/v2.1/servers/316e932a-aa31-40e0-9bc4-54d4157d32b0 0.139s
2025-04-03 13:03:18.653 70017 INFO tempest.lib.common.rest_client [req-1508b52e-46cb-4aa1-9da6-d67bc127e3be req-1508b52e-46cb-4aa1-9da6-d67bc127e3be ] Request (ListServerFiltersTestJSON:tearDownClass): 200 GET http://10.180.1.21/compute/v2.1/servers/68b9ccb0-38e8-413b-9e0d-3feca42358d4 0.193s
2025-04-03 13:03:18.659 70012 INFO tempest.lib.common.rest_client [req-ec822235-cb7b-49d9-bb67-a7c5b81d44cd req-ec822235-cb7b-49d9-bb67-a7c5b81d44cd ] Request (ImagesNegativeTestJSON:test_create_image_from_deleted_server): 404 GET http://10.180.1.21/compute/v2.1/servers/dbe35c0a-e4ca-4c0c-91cb-4a5e44d3065f 0.155s
2025-04-03 13:03:18.698 69992 INFO tempest.lib.common.rest_client [req-3d7b644e-d82c-4108-b7e9-6845830e5d1e req-3d7b644e-d82c-4108-b7e9-6845830e5d1e ] Request (ImagesOneServerTestJSON:setUpClass): 200 GET http://10.180.1.21/compute/v2.1/servers/acbf7099-6993-4d1b-9e90-62bf239a75ba 0.155s
2025-04-03 13:03:18.702 70028 INFO tempest.lib.common.rest_client [req-e16e88a5-41d1-4ef2-9bc8-139976d56b99 req-e16e88a5-41d1-4ef2-9bc8-139976d56b99 ] Request (InstanceActionsTestJSON:setUpClass): 200 GET http://10.180.1.21/compute/v2.1/servers/713b3237-6d09-4db2-9dd8-ccc7b303ca4b 0.145s
2025-04-03 13:03:18.741 70024 INFO tempest.lib.common.rest_client [req-46e05fe2-3386-476b-9a7b-b9e257688f40 req-46e05fe2-3386-476b-9a7b-b9e257688f40 ] Request (ServerDiskConfigTestJSON:test_rebuild_server_with_manual_disk_config): 200 GET http://10.180.1.21/compute/v2.1/servers/a99a9f9b-05ed-46ad-96a2-c9c01b81f983 0.143s
2025-04-03 13:03:18.746 69994 INFO tempest.lib.common.rest_client [req-0f556666-7a54-43b3-be79-c4df0cf905d3 req-0f556666-7a54-43b3-be79-c4df0cf905d3 ] Request (ServersTestBootFromVolume:setUpClass): 200 GET http://10.180.1.21/compute/v2.1/servers/f1562f66-a5bc-453a-957a-a4a03e102c34 0.130s
2025-04-03 13:03:18.762 70012 INFO tempest.lib.common.rest_client [req-2518f8fa-cd18-410d-a8fa-3c423dd41d36 req-2518f8fa-cd18-410d-a8fa-3c423dd41d36 ] Request (ImagesNegativeTestJSON:test_create_image_from_deleted_server): 404 POST http://10.180.1.21/compute/v2.1/servers/dbe35c0a-e4ca-4c0c-91cb-4a5e44d3065f/action 0.103s
2025-04-03 13:03:18.788 70052 INFO tempest.lib.common.rest_client [req-999594df-8dea-44bc-9291-eeb37db6e582 req-999594df-8dea-44bc-9291-eeb37db6e582 ] Request (ServersNegativeTestMultiTenantJSON:setUpClass): 200 GET http://10.180.1.21/compute/v2.1/servers/64083589-1c17-42e5-955b-4e609875a788 0.129s
2025-04-03 13:03:18.811 70020 WARNING tempest.lib.common.ssh [-] Failed to establish authenticated ssh connection to cirros@10.180.180.152 ([Errno None] Unable to connect to port 22 on 10.180.180.152). Number attempts: 3. Retry after 4 seconds.: paramiko.ssh_exception.NoValidConnectionsError: [Errno None] Unable to connect to port 22 on 10.180.180.152
2025-04-03 13:03:18.814 70010 INFO tempest.lib.common.rest_client [req-26416eca-9d3d-4bbb-a48f-511ad4d54a64 req-26416eca-9d3d-4bbb-a48f-511ad4d54a64 ] Request (ServerExternalEventsTest:tearDownClass): 200 GET http://10.180.1.21/compute/v2.1/servers/81822631-26a8-4c17-a447-8e9d3acac696 0.092s
2025-04-03 13:03:18.820 70012 INFO tempest.lib.common.rest_client [req-24145194-2460-41a6-a248-ae6da6e0caa9 req-24145194-2460-41a6-a248-ae6da6e0caa9 ] Request (ImagesNegativeTestJSON:test_create_image_from_invalid_server): 404 POST http://10.180.1.21/compute/v2.1/servers/tempest-invalid-1148075711/action 0.056s
2025-04-03 13:03:18.844 70040 INFO tempest.lib.common.rest_client [req-4be94d91-8871-4ad8-acf5-03305f257551 req-4be94d91-8871-4ad8-acf5-03305f257551 ] Request (ServerGroupTestJSON:_run_cleanups): 200 GET http://10.180.1.21/compute/v2.1/servers/4021d91d-b850-4478-9d64-89e9416f4623 0.098s
2025-04-03 13:03:18.869 70038 INFO tempest.lib.common.rest_client [req-e519bb4a-ea34-4c93-823a-9b878f5d8d1e req-e519bb4a-ea34-4c93-823a-9b878f5d8d1e ] Request (ImagesOneServerNegativeTestJSON:setUpClass): 200 GET http://10.180.1.21/compute/v2.1/servers/c28ff0c9-96fc-45af-80be-4915955b0aea 0.071s
2025-04-03 13:03:18.875 70012 INFO tempest.lib.common.rest_client [req-cea054b8-f5ec-48ba-8573-c632bf6c797d req-cea054b8-f5ec-48ba-8573-c632bf6c797d ] Request (ImagesNegativeTestJSON:test_create_image_specify_uuid_35_characters_or_less): 404 POST http://10.180.1.21/compute/v2.1/servers/aaaaaaaaaaaaaaaaaaaaaaaaaaaaaaaaaaa/action 0.054s
2025-04-03 13:03:18.884 70012 INFO tempest.lib.common.rest_client [req-645f4879-e699-40cb-a517-457106ffa730 req-645f4879-e699-40cb-a517-457106ffa730 ] Request (ImagesNegativeTestJSON:test_create_image_specify_uuid_37_characters_or_more): 404 POST http://10.180.1.21/compute/v2.1/servers/aaaaaaaaaaaaaaaaaaaaaaaaaaaaaaaaaaaaa/action 0.008s
2025-04-03 13:03:18.899 70032 INFO tempest.lib.common.rest_client [req-55bd416d-1b46-41f5-a70f-e18466b64470 req-55bd416d-1b46-41f5-a70f-e18466b64470 ] Request (ServersTestMultiNic:_run_cleanups): 200 GET http://10.180.1.21/compute/v2.1/servers/7d6889a0-9737-4fc6-828e-5d34979446cc 0.082s
2025-04-03 13:03:18.929 69990 INFO tempest.lib.common.rest_client [req-bf00a463-b6d5-4e98-a9fe-946cc75e1dc8 req-bf00a463-b6d5-4e98-a9fe-946cc75e1dc8 ] Request (MultipleCreateTestJSON:test_multiple_create_with_reservation_return): 200 GET http://10.180.1.21/compute/v2.1/servers/528e2c92-d01e-4c35-a2ba-70d439af2fc7 0.052s
2025-04-03 13:03:18.946 70012 INFO tempest.lib.common.rest_client [req-20badd33-89ae-4c5e-a52b-a3bde3d394e0 req-20badd33-89ae-4c5e-a52b-a3bde3d394e0 ] Request (ImagesNegativeTestJSON:tearDownClass): 404 DELETE http://10.180.1.21/compute/v2.1/servers/dbe35c0a-e4ca-4c0c-91cb-4a5e44d3065f 0.061s
2025-04-03 13:03:18.951 70004 INFO tempest.lib.common.rest_client [req-82c5a022-c02e-4f38-a726-e5e87487fbf3 req-82c5a022-c02e-4f38-a726-e5e87487fbf3 ] Request (ServersV294TestFqdnHostnames:setUpClass): 200 GET http://10.180.1.21/compute/v2.1/servers/ce86cfb9-bad4-4082-9e21-605396cc42f6 0.071s
2025-04-03 13:03:18.966 70012 INFO tempest.lib.common.rest_client [req-683ebd9d-d051-4107-bfa7-cab03da0c5c3 req-683ebd9d-d051-4107-bfa7-cab03da0c5c3 ] Request (ImagesNegativeTestJSON:tearDownClass): 404 GET http://10.180.1.21/compute/v2.1/servers/dbe35c0a-e4ca-4c0c-91cb-4a5e44d3065f 0.019s
2025-04-03 13:03:19.243 70026 INFO tempest.lib.common.rest_client [req-73f1e388-a412-4d8a-86e7-c177f458db80 req-73f1e388-a412-4d8a-86e7-c177f458db80 ] Request (VolumesAdminNegativeTest:test_update_attached_volume_with_nonexistent_volume_in_body): 200 GET http://10.180.1.21/compute/v2.1/servers/5ed6619c-f1a2-476c-ba2f-7289de5b6e9e 0.053s
2025-04-03 13:03:19.370 70008 INFO tempest.lib.common.rest_client [req-933623fa-df42-4ce8-a2d4-0f8b7dd5d888 req-933623fa-df42-4ce8-a2d4-0f8b7dd5d888 ] Request (ServersAdminTestJSON:test_create_server_with_scheduling_hint): 200 GET http://10.180.1.21/compute/v2.1/servers/e4a6a52b-268e-4547-9a2c-93e1b7224797 0.060s
2025-04-03 13:03:19.505 70022 INFO tempest.lib.common.rest_client [req-b1c6d620-565a-4df1-be28-9c103b7f7d8c req-b1c6d620-565a-4df1-be28-9c103b7f7d8c ] Request (DeleteServersAdminTestJSON:test_delete_server_while_in_error_state): 200 GET http://10.180.1.21/compute/v2.1/servers/2d57287c-5315-4c71-867f-dd3d4018ab48 0.055s
2025-04-03 13:03:19.556 70014 INFO tempest.lib.common.rest_client [req-3e8ac3be-2de5-4099-8bd4-e671adeb376c req-3e8ac3be-2de5-4099-8bd4-e671adeb376c ] Request (ServerActionsTestOtherA:setUpClass): 200 GET http://10.180.1.21/compute/v2.1/servers/e1678a98-0e22-4bbb-a39a-c5bee0fd08ac 0.087s
2025-04-03 13:03:19.564 70018 INFO tempest.lib.common.rest_client [req-f20c63fa-4814-4678-9012-9cc8b60b9bb7 req-f20c63fa-4814-4678-9012-9cc8b60b9bb7 ] Request (AttachInterfacesV270Test:test_create_get_list_interfaces): 200 GET http://10.180.1.21/compute/v2.1/servers/0791541e-da89-4120-8c87-c537b84a7b4b 0.161s
2025-04-03 13:03:19.606 70042 INFO tempest.lib.common.rest_client [req-770460a6-98af-428e-bc30-bf5ef642a4f5 req-770460a6-98af-428e-bc30-bf5ef642a4f5 ] Request (MigrationsAdminTest:test_resize_server_revert_deleted_flavor): 200 GET http://10.180.1.21/compute/v2.1/servers/888b0976-1a94-4901-8904-fefd169b829b 0.104s
2025-04-03 13:03:19.629 70002 INFO tempest.lib.common.rest_client [req-f9ed575d-2a89-446b-8cd1-f9d78acf36c1 req-f9ed575d-2a89-446b-8cd1-f9d78acf36c1 ] Request (ServersAdminNegativeTestJSON:setUpClass): 200 GET http://10.180.1.21/compute/v2.1/servers/d2281269-3f62-476d-81fb-0d47c60086a2 0.111s
2025-04-03 13:03:19.658 70049 INFO tempest.lib.common.rest_client [req-ff386a3c-33f5-4e09-b9d1-8ee63ac74b5c req-ff386a3c-33f5-4e09-b9d1-8ee63ac74b5c ] Request (ServerShowV247Test:test_update_rebuild_list_server): 200 GET http://10.180.1.21/compute/v2.1/servers/bc3196cf-2eb0-4dd9-bfb5-6660a1793ec5 0.105s
2025-04-03 13:03:19.681 69996 INFO tempest.lib.common.rest_client [req-6b1e90b7-6c00-4fb5-97a3-d3f23569bd9e req-6b1e90b7-6c00-4fb5-97a3-d3f23569bd9e ] Request (ImagesTestJSON:test_create_image_from_stopped_server): 200 GET http://10.180.1.21/compute/v2.1/servers/20c9027e-63e9-4c90-a0dc-62b0fb2c32b5 0.118s
2025-04-03 13:03:19.706 70050 INFO tempest.lib.common.rest_client [req-05c0e732-8d23-4216-ad36-60a433af2ecb req-05c0e732-8d23-4216-ad36-60a433af2ecb ] Request (InstanceActionsNegativeTestJSON:setUpClass): 200 GET http://10.180.1.21/compute/v2.1/servers/2fd3fc55-6157-4c52-b827-9cba78ab186d 0.105s
2025-04-03 13:03:19.732 70044 INFO tempest.lib.common.rest_client [req-f3576c44-7404-4d93-b70b-b6d9f4d52ed3 req-f3576c44-7404-4d93-b70b-b6d9f4d52ed3 ] Request (DeleteServersTestJSON:test_delete_server_while_in_attached_volume): 200 GET http://10.180.1.21/compute/v2.1/servers/c648d597-0473-46d4-bd23-63e396311140 0.128s
2025-04-03 13:03:19.752 69998 INFO tempest.lib.common.rest_client [req-5f915434-7770-42c1-9edf-8630d8ee5492 req-5f915434-7770-42c1-9edf-8630d8ee5492 ] Request (ListServersNegativeTestJSON:setUpClass): 200 GET http://10.180.1.21/compute/v2.1/servers/316e932a-aa31-40e0-9bc4-54d4157d32b0 0.102s
2025-04-03 13:03:19.790 70017 INFO tempest.lib.common.rest_client [req-6c06bf50-6f20-4bb7-89ce-bfa01237f068 req-6c06bf50-6f20-4bb7-89ce-bfa01237f068 ] Request (ListServerFiltersTestJSON:tearDownClass): 200 GET http://10.180.1.21/compute/v2.1/servers/68b9ccb0-38e8-413b-9e0d-3feca42358d4 0.126s
2025-04-03 13:03:19.792 70012 INFO tempest.lib.common.rest_client [req-f36e7639-97d1-4e02-9910-927f8f79c9f3 req-f36e7639-97d1-4e02-9910-927f8f79c9f3 ] Request (ImagesNegativeTestJSON:tearDownClass): 200 PUT http://10.180.1.21:9696/networking/v2.0/routers/9898f600-4373-4b4c-be3e-565dd56baad6/remove_router_interface 0.825s
2025-04-03 13:03:19.812 69992 INFO tempest.lib.common.rest_client [req-176e0dce-ce43-45fe-ae94-56c1dddfccef req-176e0dce-ce43-45fe-ae94-56c1dddfccef ] Request (ImagesOneServerTestJSON:setUpClass): 200 GET http://10.180.1.21/compute/v2.1/servers/acbf7099-6993-4d1b-9e90-62bf239a75ba 0.105s
2025-04-03 13:03:19.842 70028 INFO tempest.lib.common.rest_client [req-5dcac6e6-b5f9-4817-a549-d5d0c37c4691 req-5dcac6e6-b5f9-4817-a549-d5d0c37c4691 ] Request (InstanceActionsTestJSON:setUpClass): 200 GET http://10.180.1.21/compute/v2.1/servers/713b3237-6d09-4db2-9dd8-ccc7b303ca4b 0.132s
2025-04-03 13:03:19.872 70024 INFO tempest.lib.common.rest_client [req-0922a93a-8426-4383-8f79-219c5d068ef1 req-0922a93a-8426-4383-8f79-219c5d068ef1 ] Request (ServerDiskConfigTestJSON:test_rebuild_server_with_manual_disk_config): 200 GET http://10.180.1.21/compute/v2.1/servers/a99a9f9b-05ed-46ad-96a2-c9c01b81f983 0.123s
2025-04-03 13:03:19.902 69994 INFO tempest.lib.common.rest_client [req-be1e6fa3-993b-42b9-91cb-0c80dd5b31e4 req-be1e6fa3-993b-42b9-91cb-0c80dd5b31e4 ] Request (ServersTestBootFromVolume:setUpClass): 200 GET http://10.180.1.21/compute/v2.1/servers/f1562f66-a5bc-453a-957a-a4a03e102c34 0.148s
2025-04-03 13:03:19.923 70052 INFO tempest.lib.common.rest_client [req-ad684ff7-d11c-48ab-a44c-4819afc7dbc8 req-ad684ff7-d11c-48ab-a44c-4819afc7dbc8 ] Request (ServersNegativeTestMultiTenantJSON:setUpClass): 200 GET http://10.180.1.21/compute/v2.1/servers/64083589-1c17-42e5-955b-4e609875a788 0.125s
2025-04-03 13:03:19.959 70010 INFO tempest.lib.common.rest_client [req-56259e9c-ff6b-458e-9d26-635b0c5f8832 req-56259e9c-ff6b-458e-9d26-635b0c5f8832 ] Request (ServerExternalEventsTest:tearDownClass): 200 GET http://10.180.1.21/compute/v2.1/servers/81822631-26a8-4c17-a447-8e9d3acac696 0.137s
2025-04-03 13:03:19.976 70040 INFO tempest.lib.common.rest_client [req-34695b51-03e3-49f3-a230-41ef94638049 req-34695b51-03e3-49f3-a230-41ef94638049 ] Request (ServerGroupTestJSON:_run_cleanups): 200 GET http://10.180.1.21/compute/v2.1/servers/4021d91d-b850-4478-9d64-89e9416f4623 0.124s
2025-04-03 13:03:20.011 70038 INFO tempest.lib.common.rest_client [req-17bb0b2c-0670-4804-8824-bdbd5e04759f req-17bb0b2c-0670-4804-8824-bdbd5e04759f ] Request (ImagesOneServerNegativeTestJSON:setUpClass): 200 GET http://10.180.1.21/compute/v2.1/servers/c28ff0c9-96fc-45af-80be-4915955b0aea 0.134s
2025-04-03 13:03:20.043 70032 INFO tempest.lib.common.rest_client [req-cee51b2b-31e4-41b4-9c1f-6a55f62c5ce2 req-cee51b2b-31e4-41b4-9c1f-6a55f62c5ce2 ] Request (ServersTestMultiNic:_run_cleanups): 200 GET http://10.180.1.21/compute/v2.1/servers/7d6889a0-9737-4fc6-828e-5d34979446cc 0.136s
2025-04-03 13:03:20.071 69990 INFO tempest.lib.common.rest_client [req-7e83c085-8c63-4980-8534-45d43f49d334 req-7e83c085-8c63-4980-8534-45d43f49d334 ] Request (MultipleCreateTestJSON:test_multiple_create_with_reservation_return): 200 GET http://10.180.1.21/compute/v2.1/servers/528e2c92-d01e-4c35-a2ba-70d439af2fc7 0.134s
2025-04-03 13:03:20.103 70004 INFO tempest.lib.common.rest_client [req-91470db1-00d2-4136-9bf3-f2f4bbda6b90 req-91470db1-00d2-4136-9bf3-f2f4bbda6b90 ] Request (ServersV294TestFqdnHostnames:setUpClass): 200 GET http://10.180.1.21/compute/v2.1/servers/ce86cfb9-bad4-4082-9e21-605396cc42f6 0.138s
2025-04-03 13:03:20.206 70012 INFO tempest.lib.common.rest_client [req-6f16ab77-5743-42ef-9a40-2e01ee4b8476 req-6f16ab77-5743-42ef-9a40-2e01ee4b8476 ] Request (ImagesNegativeTestJSON:tearDownClass): 204 DELETE http://10.180.1.21:9696/networking/v2.0/routers/9898f600-4373-4b4c-be3e-565dd56baad6 0.413s
2025-04-03 13:03:20.312 70026 INFO tempest.lib.common.rest_client [req-7b503a18-71a7-4e3f-abb7-a0dad53d49cb req-7b503a18-71a7-4e3f-abb7-a0dad53d49cb ] Request (VolumesAdminNegativeTest:test_update_attached_volume_with_nonexistent_volume_in_body): 200 GET http://10.180.1.21/compute/v2.1/servers/5ed6619c-f1a2-476c-ba2f-7289de5b6e9e 0.058s
2025-04-03 13:03:20.332 70012 INFO tempest.lib.common.rest_client [req-203dc138-8327-40c9-aab9-6151e642e79a req-203dc138-8327-40c9-aab9-6151e642e79a ] Request (ImagesNegativeTestJSON:tearDownClass): 204 DELETE http://10.180.1.21:9696/networking/v2.0/subnets/a190c4bb-f54b-43c3-a929-5fd6e162873d 0.126s
2025-04-03 13:03:20.431 70008 INFO tempest.lib.common.rest_client [req-4a14a32d-33ae-4ebe-a34d-cfc1de4b133a req-4a14a32d-33ae-4ebe-a34d-cfc1de4b133a ] Request (ServersAdminTestJSON:test_create_server_with_scheduling_hint): 200 GET http://10.180.1.21/compute/v2.1/servers/e4a6a52b-268e-4547-9a2c-93e1b7224797 0.054s
2025-04-03 13:03:20.564 70012 INFO tempest.lib.common.rest_client [req-06f4fc99-a41f-4c36-8b20-3774e0b68d19 req-06f4fc99-a41f-4c36-8b20-3774e0b68d19 ] Request (ImagesNegativeTestJSON:tearDownClass): 204 DELETE http://10.180.1.21:9696/networking/v2.0/networks/f9d71fa3-6a84-4900-84ed-35a4ee9e50ce 0.231s
2025-04-03 13:03:20.582 70022 INFO tempest.lib.common.rest_client [req-ce070c57-6f7f-4ca6-a525-ebdea06c30fe req-ce070c57-6f7f-4ca6-a525-ebdea06c30fe ] Request (DeleteServersAdminTestJSON:test_delete_server_while_in_error_state): 200 GET http://10.180.1.21/compute/v2.1/servers/2d57287c-5315-4c71-867f-dd3d4018ab48 0.065s
2025-04-03 13:03:20.626 70014 INFO tempest.lib.common.rest_client [req-d84cf6b4-21a4-4396-b79e-590401e70b04 req-d84cf6b4-21a4-4396-b79e-590401e70b04 ] Request (ServerActionsTestOtherA:setUpClass): 200 GET http://10.180.1.21/compute/v2.1/servers/e1678a98-0e22-4bbb-a39a-c5bee0fd08ac 0.062s
2025-04-03 13:03:20.671 70012 INFO tempest.lib.common.rest_client [req-ba8fd527-e84d-4858-bff2-0d1e9ec449db req-ba8fd527-e84d-4858-bff2-0d1e9ec449db ] Request (ImagesNegativeTestJSON:tearDownClass): 204 DELETE http://10.180.1.21/identity/v3/users/822e64682ccb4a86bf30a6cfb93dd14d 0.106s
2025-04-03 13:03:20.671 70012 INFO tempest.lib.common.dynamic_creds [-] Deleting project and security group for project: 9d780e5c6e3941d089545dae2e87d59e
2025-04-03 13:03:20.691 70042 INFO tempest.lib.common.rest_client [req-620f267a-df36-45bc-9fd8-bcbff9ab8840 req-620f267a-df36-45bc-9fd8-bcbff9ab8840 ] Request (MigrationsAdminTest:test_resize_server_revert_deleted_flavor): 200 GET http://10.180.1.21/compute/v2.1/servers/888b0976-1a94-4901-8904-fefd169b829b 0.076s
2025-04-03 13:03:20.714 70012 INFO tempest.lib.common.rest_client [req-4f7a10b3-77e9-4114-8a3e-79f6958a7925 req-4f7a10b3-77e9-4114-8a3e-79f6958a7925 ] Request (ImagesNegativeTestJSON:tearDownClass): 200 GET http://10.180.1.21:9696/networking/v2.0/security-groups?tenant_id=9d780e5c6e3941d089545dae2e87d59e&name=default 0.042s
2025-04-03 13:03:20.719 70018 INFO tempest.lib.common.rest_client [req-4b70f753-bff5-4e97-b36e-430f9c6c14f3 req-4b70f753-bff5-4e97-b36e-430f9c6c14f3 ] Request (AttachInterfacesV270Test:test_create_get_list_interfaces): 200 GET http://10.180.1.21/compute/v2.1/servers/0791541e-da89-4120-8c87-c537b84a7b4b 0.143s
2025-04-03 13:03:20.728 70018 INFO tempest.common.waiters [-] State transition "BUILD/spawning" ==> "ACTIVE/None" after 83 second wait
2025-04-03 13:03:20.757 70002 INFO tempest.lib.common.rest_client [req-bff52dc9-81d8-4c15-9a07-93a93dde9faa req-bff52dc9-81d8-4c15-9a07-93a93dde9faa ] Request (ServersAdminNegativeTestJSON:setUpClass): 200 GET http://10.180.1.21/compute/v2.1/servers/d2281269-3f62-476d-81fb-0d47c60086a2 0.120s
2025-04-03 13:03:20.774 70049 INFO tempest.lib.common.rest_client [req-237dd658-8d3b-4ee1-91e3-5a3089085cd5 req-237dd658-8d3b-4ee1-91e3-5a3089085cd5 ] Request (ServerShowV247Test:test_update_rebuild_list_server): 200 GET http://10.180.1.21/compute/v2.1/servers/bc3196cf-2eb0-4dd9-bfb5-6660a1793ec5 0.103s
2025-04-03 13:03:20.817 69996 INFO tempest.lib.common.rest_client [req-f5d9d0b4-a770-4112-9d95-40e1fcc1c848 req-f5d9d0b4-a770-4112-9d95-40e1fcc1c848 ] Request (ImagesTestJSON:test_create_image_from_stopped_server): 200 GET http://10.180.1.21/compute/v2.1/servers/20c9027e-63e9-4c90-a0dc-62b0fb2c32b5 0.126s
2025-04-03 13:03:20.824 70050 INFO tempest.lib.common.rest_client [req-8fa239c5-1d79-4d01-a227-092677483bea req-8fa239c5-1d79-4d01-a227-092677483bea ] Request (InstanceActionsNegativeTestJSON:setUpClass): 200 GET http://10.180.1.21/compute/v2.1/servers/2fd3fc55-6157-4c52-b827-9cba78ab186d 0.110s
2025-04-03 13:03:20.870 70044 INFO tempest.lib.common.rest_client [req-c82ca6f7-bf05-4ffd-8499-3c45d24d0643 req-c82ca6f7-bf05-4ffd-8499-3c45d24d0643 ] Request (DeleteServersTestJSON:test_delete_server_while_in_attached_volume): 200 GET http://10.180.1.21/compute/v2.1/servers/c648d597-0473-46d4-bd23-63e396311140 0.130s
2025-04-03 13:03:20.900 70012 INFO tempest.lib.common.rest_client [req-b4de77d3-4cc3-426d-8bd2-1872876864eb req-b4de77d3-4cc3-426d-8bd2-1872876864eb ] Request (ImagesNegativeTestJSON:tearDownClass): 204 DELETE http://10.180.1.21:9696/networking/v2.0/security-groups/7160a84d-9cc4-45e7-a11e-12d30607ea09 0.185s
2025-04-03 13:03:20.922 69998 INFO tempest.lib.common.rest_client [req-eb05e362-c532-4034-83df-ad49d1268864 req-eb05e362-c532-4034-83df-ad49d1268864 ] Request (ListServersNegativeTestJSON:setUpClass): 200 GET http://10.180.1.21/compute/v2.1/servers/316e932a-aa31-40e0-9bc4-54d4157d32b0 0.163s
2025-04-03 13:03:20.977 70017 INFO tempest.lib.common.rest_client [req-77613dd3-08bb-49e3-81c8-0a6fbfd1da47 req-77613dd3-08bb-49e3-81c8-0a6fbfd1da47 ] Request (ListServerFiltersTestJSON:tearDownClass): 200 GET http://10.180.1.21/compute/v2.1/servers/68b9ccb0-38e8-413b-9e0d-3feca42358d4 0.179s
2025-04-03 13:03:21.001 70012 INFO tempest.lib.common.rest_client [req-78dcc681-9cf1-4246-ae0c-7f35bbbe78cf req-78dcc681-9cf1-4246-ae0c-7f35bbbe78cf ] Request (ImagesNegativeTestJSON:tearDownClass): 204 DELETE http://10.180.1.21/identity/v3/projects/9d780e5c6e3941d089545dae2e87d59e 0.100s
2025-04-03 13:03:21.027 69992 INFO tempest.lib.common.rest_client [req-43debe11-1925-473a-b4c0-90471b4e386b req-43debe11-1925-473a-b4c0-90471b4e386b ] Request (ImagesOneServerTestJSON:setUpClass): 200 GET http://10.180.1.21/compute/v2.1/servers/acbf7099-6993-4d1b-9e90-62bf239a75ba 0.201s
2025-04-03 13:03:21.056 70012 INFO tempest.lib.common.rest_client [req-6c78c8d1-fff1-4b77-8498-470859fa8ef3 req-6c78c8d1-fff1-4b77-8498-470859fa8ef3 ] Request (KeyPairsNegativeTestJSON:setUpClass): 201 POST http://10.180.1.21/identity/v3/auth/tokens 0.054s
2025-04-03 13:03:21.077 70028 INFO tempest.lib.common.rest_client [req-0139c46c-5583-4547-b31d-cd693184032e req-0139c46c-5583-4547-b31d-cd693184032e ] Request (InstanceActionsTestJSON:setUpClass): 200 GET http://10.180.1.21/compute/v2.1/servers/713b3237-6d09-4db2-9dd8-ccc7b303ca4b 0.228s
2025-04-03 13:03:21.086 70012 INFO tempest.lib.common.rest_client [req-163242ee-1ebd-48a4-a397-578aeaad5986 req-163242ee-1ebd-48a4-a397-578aeaad5986 ] Request (KeyPairsNegativeTestJSON:setUpClass): 201 POST http://10.180.1.21/identity/v3/auth/tokens 0.027s
2025-04-03 13:03:21.110 70012 INFO tempest.lib.common.rest_client [req-c6320e7e-49f5-422d-8d3a-3ffb703a4169 req-c6320e7e-49f5-422d-8d3a-3ffb703a4169 ] Request (KeyPairsNegativeTestJSON:setUpClass): 200 GET http://10.180.1.21/identity/v3/domains?name=Default 0.023s
2025-04-03 13:03:21.123 70024 INFO tempest.lib.common.rest_client [req-9edddfb9-62fe-4724-bcdd-1723d36c441f req-9edddfb9-62fe-4724-bcdd-1723d36c441f ] Request (ServerDiskConfigTestJSON:test_rebuild_server_with_manual_disk_config): 200 GET http://10.180.1.21/compute/v2.1/servers/a99a9f9b-05ed-46ad-96a2-c9c01b81f983 0.236s
2025-04-03 13:03:21.135 70012 INFO tempest.lib.common.rest_client [req-d15618f1-4747-49dc-9417-a1db2127df88 req-d15618f1-4747-49dc-9417-a1db2127df88 ] Request (KeyPairsNegativeTestJSON:setUpClass): 201 POST http://10.180.1.21/identity/v3/projects 0.025s
2025-04-03 13:03:21.168 69994 INFO tempest.lib.common.rest_client [req-6abf7b61-0c0a-4ae0-8681-f7eb63dccce1 req-6abf7b61-0c0a-4ae0-8681-f7eb63dccce1 ] Request (ServersTestBootFromVolume:setUpClass): 200 GET http://10.180.1.21/compute/v2.1/servers/f1562f66-a5bc-453a-957a-a4a03e102c34 0.255s
2025-04-03 13:03:21.196 70012 INFO tempest.lib.common.rest_client [req-a107a9e0-43d2-4329-b240-7f57b2f253bd req-a107a9e0-43d2-4329-b240-7f57b2f253bd ] Request (KeyPairsNegativeTestJSON:setUpClass): 201 POST http://10.180.1.21/identity/v3/users 0.060s
2025-04-03 13:03:21.220 70012 INFO tempest.lib.common.rest_client [req-d7f03ff8-f56c-4f9d-afed-d59f478fe73d req-d7f03ff8-f56c-4f9d-afed-d59f478fe73d ] Request (KeyPairsNegativeTestJSON:setUpClass): 200 GET http://10.180.1.21/identity/v3/roles 0.024s
2025-04-03 13:03:21.220 70052 INFO tempest.lib.common.rest_client [req-8e3237a2-b3ce-4c5f-bfc9-2a2228dda33f req-8e3237a2-b3ce-4c5f-bfc9-2a2228dda33f ] Request (ServersNegativeTestMultiTenantJSON:setUpClass): 200 GET http://10.180.1.21/compute/v2.1/servers/64083589-1c17-42e5-955b-4e609875a788 0.288s
2025-04-03 13:03:21.245 70012 INFO tempest.lib.common.rest_client [req-6e97940e-fce2-4c6e-9521-9df13ca7acb6 req-6e97940e-fce2-4c6e-9521-9df13ca7acb6 ] Request (KeyPairsNegativeTestJSON:setUpClass): 204 PUT http://10.180.1.21/identity/v3/projects/802f15321b14400d831fad0dff207958/users/65ce5896c8464b81b3df7cab29cc323a/roles/4dc3f10e490e4016aeb01d7774c8b796 0.024s
2025-04-03 13:03:21.245 70012 INFO tempest.lib.common.dynamic_creds [-] Dynamic test user 65ce5896c8464b81b3df7cab29cc323a is created with scope project and roles: ['member']
2025-04-03 13:03:21.245 70012 INFO tempest.lib.common.dynamic_creds [-] Acquired dynamic creds: credentials: Credentials: {'domain_id': 'default', 'domain_name': 'Default', 'username': 'tempest-KeyPairsNegativeTestJSON-1987386811-project-member', 'project_domain_id': 'default', 'project_domain_name': 'Default', 'project_id': '802f15321b14400d831fad0dff207958', 'project_name': 'tempest-KeyPairsNegativeTestJSON-1987386811', 'tenant_id': '802f15321b14400d831fad0dff207958', 'tenant_name': 'tempest-KeyPairsNegativeTestJSON-1987386811', 'user_domain_id': 'default', 'user_domain_name': 'Default', 'user_id': '65ce5896c8464b81b3df7cab29cc323a', 'system': None}, Network: None, Subnet: None, Router: None
2025-04-03 13:03:21.245 70012 INFO tempest.lib.common.dynamic_creds [-] Created isolated network resources for: credentials: Credentials: {'domain_id': 'default', 'domain_name': 'Default', 'username': 'tempest-KeyPairsNegativeTestJSON-1987386811-project-member', 'project_domain_id': 'default', 'project_domain_name': 'Default', 'project_id': '802f15321b14400d831fad0dff207958', 'project_name': 'tempest-KeyPairsNegativeTestJSON-1987386811', 'tenant_id': '802f15321b14400d831fad0dff207958', 'tenant_name': 'tempest-KeyPairsNegativeTestJSON-1987386811', 'user_domain_id': 'default', 'user_domain_name': 'Default', 'user_id': '65ce5896c8464b81b3df7cab29cc323a', 'system': None}, Network: None, Subnet: None, Router: None
2025-04-03 13:03:21.274 70010 INFO tempest.lib.common.rest_client [req-409e5662-652f-4de9-9419-0a7ac516d9d0 req-409e5662-652f-4de9-9419-0a7ac516d9d0 ] Request (ServerExternalEventsTest:tearDownClass): 200 GET http://10.180.1.21/compute/v2.1/servers/81822631-26a8-4c17-a447-8e9d3acac696 0.305s
2025-04-03 13:03:21.315 70012 INFO tempest.lib.common.rest_client [req-db5a9e12-ee95-40b6-9a8f-d7b245968f8d req-db5a9e12-ee95-40b6-9a8f-d7b245968f8d ] Request (KeyPairsNegativeTestJSON:setUpClass): 201 POST http://10.180.1.21/identity/v3/auth/tokens 0.066s
2025-04-03 13:03:21.329 70040 INFO tempest.lib.common.rest_client [req-a3b32798-8dd2-49ce-b3d9-5aae063bd58d req-a3b32798-8dd2-49ce-b3d9-5aae063bd58d ] Request (ServerGroupTestJSON:_run_cleanups): 200 GET http://10.180.1.21/compute/v2.1/servers/4021d91d-b850-4478-9d64-89e9416f4623 0.343s
2025-04-03 13:03:21.370 70038 INFO tempest.lib.common.rest_client [req-1200cc89-d2cd-4001-95d1-8d148a701333 req-1200cc89-d2cd-4001-95d1-8d148a701333 ] Request (ImagesOneServerNegativeTestJSON:setUpClass): 200 GET http://10.180.1.21/compute/v2.1/servers/c28ff0c9-96fc-45af-80be-4915955b0aea 0.342s
2025-04-03 13:03:21.422 70032 INFO tempest.lib.common.rest_client [req-d969dc2b-cfd5-461e-b9a5-603d854c1c66 req-d969dc2b-cfd5-461e-b9a5-603d854c1c66 ] Request (ServersTestMultiNic:_run_cleanups): 200 GET http://10.180.1.21/compute/v2.1/servers/7d6889a0-9737-4fc6-828e-5d34979446cc 0.367s
2025-04-03 13:03:21.470 69990 INFO tempest.lib.common.rest_client [req-de5ceb28-95a1-4808-bced-e5a7951da55d req-de5ceb28-95a1-4808-bced-e5a7951da55d ] Request (MultipleCreateTestJSON:test_multiple_create_with_reservation_return): 200 GET http://10.180.1.21/compute/v2.1/servers/528e2c92-d01e-4c35-a2ba-70d439af2fc7 0.392s
2025-04-03 13:03:21.523 70004 INFO tempest.lib.common.rest_client [req-3fde77af-cdac-4dca-93d3-c424d75b03b5 req-3fde77af-cdac-4dca-93d3-c424d75b03b5 ] Request (ServersV294TestFqdnHostnames:setUpClass): 200 GET http://10.180.1.21/compute/v2.1/servers/ce86cfb9-bad4-4082-9e21-605396cc42f6 0.409s
2025-04-03 13:03:21.532 70004 INFO tempest.common.waiters [-] State transition "BUILD/scheduling" ==> "BUILD/None" after 52 second wait
2025-04-03 13:03:21.563 70000 WARNING tempest.lib.common.ssh [-] Failed to establish authenticated ssh connection to cirros@10.180.180.164 ([Errno None] Unable to connect to port 22 on 10.180.180.164). Number attempts: 4. Retry after 5 seconds.: paramiko.ssh_exception.NoValidConnectionsError: [Errno None] Unable to connect to port 22 on 10.180.180.164
2025-04-03 13:03:21.588 70012 INFO tempest.lib.common.rest_client [req-fd62f6f2-7c9c-49f9-b9b3-83f42b007105 req-fd62f6f2-7c9c-49f9-b9b3-83f42b007105 ] Request (KeyPairsNegativeTestJSON:test_create_keypair_invalid_name): 400 POST http://10.180.1.21/compute/v2.1/os-keypairs 0.271s
2025-04-03 13:03:21.641 70026 INFO tempest.lib.common.rest_client [req-6a6563f6-664f-46c5-82ef-2b5ee395b2d7 req-6a6563f6-664f-46c5-82ef-2b5ee395b2d7 ] Request (VolumesAdminNegativeTest:test_update_attached_volume_with_nonexistent_volume_in_body): 200 GET http://10.180.1.21/compute/v2.1/servers/5ed6619c-f1a2-476c-ba2f-7289de5b6e9e 0.321s
2025-04-03 13:03:21.697 70008 INFO tempest.lib.common.rest_client [req-1d14c97e-6e2f-4b2d-b313-e2070b9a3697 req-1d14c97e-6e2f-4b2d-b313-e2070b9a3697 ] Request (ServersAdminTestJSON:test_create_server_with_scheduling_hint): 200 GET http://10.180.1.21/compute/v2.1/servers/e4a6a52b-268e-4547-9a2c-93e1b7224797 0.258s
2025-04-03 13:03:21.727 70012 INFO tempest.lib.common.rest_client [req-23732ce8-7689-41d6-b497-28ea44102f77 req-23732ce8-7689-41d6-b497-28ea44102f77 ] Request (KeyPairsNegativeTestJSON:test_create_keypair_when_public_key_bits_exceeds_maximum): 400 POST http://10.180.1.21/compute/v2.1/os-keypairs 0.137s
2025-04-03 13:03:21.777 70022 INFO tempest.lib.common.rest_client [req-6c628cbd-0133-4770-9358-b7fe22f3632e req-6c628cbd-0133-4770-9358-b7fe22f3632e ] Request (DeleteServersAdminTestJSON:test_delete_server_while_in_error_state): 200 GET http://10.180.1.21/compute/v2.1/servers/2d57287c-5315-4c71-867f-dd3d4018ab48 0.187s
2025-04-03 13:03:21.826 70014 INFO tempest.lib.common.rest_client [req-5310ce88-8b87-4336-9de6-cdce36038aec req-5310ce88-8b87-4336-9de6-cdce36038aec ] Request (ServerActionsTestOtherA:setUpClass): 200 GET http://10.180.1.21/compute/v2.1/servers/e1678a98-0e22-4bbb-a39a-c5bee0fd08ac 0.192s
2025-04-03 13:03:21.877 70042 INFO tempest.lib.common.rest_client [req-110a34de-9780-45c5-9171-cb6eccd2168d req-110a34de-9780-45c5-9171-cb6eccd2168d ] Request (MigrationsAdminTest:test_resize_server_revert_deleted_flavor): 200 GET http://10.180.1.21/compute/v2.1/servers/888b0976-1a94-4901-8904-fefd169b829b 0.177s
2025-04-03 13:03:21.906 70012 INFO tempest.lib.common.rest_client [req-f4852f8e-0c4e-4666-a7af-ac8b6dfd29a2 req-f4852f8e-0c4e-4666-a7af-ac8b6dfd29a2 ] Request (KeyPairsNegativeTestJSON:test_create_keypair_with_duplicate_name): 200 POST http://10.180.1.21/compute/v2.1/os-keypairs 0.177s
2025-04-03 13:03:21.955 70002 INFO tempest.lib.common.rest_client [req-ef5ac44e-a6dd-4330-9659-703ad7394aa3 req-ef5ac44e-a6dd-4330-9659-703ad7394aa3 ] Request (ServersAdminNegativeTestJSON:setUpClass): 200 GET http://10.180.1.21/compute/v2.1/servers/d2281269-3f62-476d-81fb-0d47c60086a2 0.190s
2025-04-03 13:03:22.009 70049 INFO tempest.lib.common.rest_client [req-fd1b5cb5-417a-4b17-b632-5eca2a7bcbff req-fd1b5cb5-417a-4b17-b632-5eca2a7bcbff ] Request (ServerShowV247Test:test_update_rebuild_list_server): 200 GET http://10.180.1.21/compute/v2.1/servers/bc3196cf-2eb0-4dd9-bfb5-6660a1793ec5 0.223s
2025-04-03 13:03:22.062 69996 INFO tempest.lib.common.rest_client [req-477d4eea-9314-4217-99bd-51932db6fd0d req-477d4eea-9314-4217-99bd-51932db6fd0d ] Request (ImagesTestJSON:test_create_image_from_stopped_server): 200 GET http://10.180.1.21/compute/v2.1/servers/20c9027e-63e9-4c90-a0dc-62b0fb2c32b5 0.233s
2025-04-03 13:03:22.113 70050 INFO tempest.lib.common.rest_client [req-cd7d1ecd-e509-464d-bf7c-04c9dd1ac5f0 req-cd7d1ecd-e509-464d-bf7c-04c9dd1ac5f0 ] Request (InstanceActionsNegativeTestJSON:setUpClass): 200 GET http://10.180.1.21/compute/v2.1/servers/2fd3fc55-6157-4c52-b827-9cba78ab186d 0.279s
2025-04-03 13:03:22.167 70044 INFO tempest.lib.common.rest_client [req-b6e43310-f11e-4b9a-9b0b-9df91c459027 req-b6e43310-f11e-4b9a-9b0b-9df91c459027 ] Request (DeleteServersTestJSON:test_delete_server_while_in_attached_volume): 200 GET http://10.180.1.21/compute/v2.1/servers/c648d597-0473-46d4-bd23-63e396311140 0.289s
2025-04-03 13:03:22.194 70012 INFO tempest.lib.common.rest_client [req-54720815-d3f0-4008-a1df-de1143ff7dcf req-54720815-d3f0-4008-a1df-de1143ff7dcf ] Request (KeyPairsNegativeTestJSON:test_create_keypair_with_duplicate_name): 409 POST http://10.180.1.21/compute/v2.1/os-keypairs 0.286s
2025-04-03 13:03:22.245 69998 INFO tempest.lib.common.rest_client [req-f5f885c7-8eb1-4271-95b6-4a429b18dc32 req-f5f885c7-8eb1-4271-95b6-4a429b18dc32 ] Request (ListServersNegativeTestJSON:setUpClass): 200 GET http://10.180.1.21/compute/v2.1/servers/316e932a-aa31-40e0-9bc4-54d4157d32b0 0.314s
2025-04-03 13:03:22.308 70017 INFO tempest.lib.common.rest_client [req-6cf226fb-195d-46ed-a832-f72d3d3d8928 req-6cf226fb-195d-46ed-a832-f72d3d3d8928 ] Request (ListServerFiltersTestJSON:tearDownClass): 200 GET http://10.180.1.21/compute/v2.1/servers/68b9ccb0-38e8-413b-9e0d-3feca42358d4 0.322s
2025-04-03 13:03:22.356 69992 INFO tempest.lib.common.rest_client [req-062cde06-31da-4d3b-a967-df5671e1bbbe req-062cde06-31da-4d3b-a967-df5671e1bbbe ] Request (ImagesOneServerTestJSON:setUpClass): 200 GET http://10.180.1.21/compute/v2.1/servers/acbf7099-6993-4d1b-9e90-62bf239a75ba 0.321s
2025-04-03 13:03:22.411 70028 INFO tempest.lib.common.rest_client [req-17cc5247-0ec6-4cfd-b7f8-373ef3c26260 req-17cc5247-0ec6-4cfd-b7f8-373ef3c26260 ] Request (InstanceActionsTestJSON:setUpClass): 200 GET http://10.180.1.21/compute/v2.1/servers/713b3237-6d09-4db2-9dd8-ccc7b303ca4b 0.326s
2025-04-03 13:03:22.457 70024 INFO tempest.lib.common.rest_client [req-8dbda81b-c72c-479b-a744-0443a4f8c699 req-8dbda81b-c72c-479b-a744-0443a4f8c699 ] Request (ServerDiskConfigTestJSON:test_rebuild_server_with_manual_disk_config): 200 GET http://10.180.1.21/compute/v2.1/servers/a99a9f9b-05ed-46ad-96a2-c9c01b81f983 0.327s
2025-04-03 13:03:22.502 69994 INFO tempest.lib.common.rest_client [req-15f0c228-a8d7-4ade-9daf-63195653b64a req-15f0c228-a8d7-4ade-9daf-63195653b64a ] Request (ServersTestBootFromVolume:setUpClass): 200 GET http://10.180.1.21/compute/v2.1/servers/f1562f66-a5bc-453a-957a-a4a03e102c34 0.327s
2025-04-03 13:03:22.517 70012 INFO tempest.lib.common.rest_client [req-4d92786b-777d-4502-8ea9-07e6abd61e21 req-4d92786b-777d-4502-8ea9-07e6abd61e21 ] Request (KeyPairsNegativeTestJSON:test_create_keypair_with_duplicate_name): 202 DELETE http://10.180.1.21/compute/v2.1/os-keypairs/tempest-keypair-274230048 0.322s
2025-04-03 13:03:22.562 70052 INFO tempest.lib.common.rest_client [req-b0c28bdf-0224-45ae-ab83-61752f114cca req-b0c28bdf-0224-45ae-ab83-61752f114cca ] Request (ServersNegativeTestMultiTenantJSON:setUpClass): 200 GET http://10.180.1.21/compute/v2.1/servers/64083589-1c17-42e5-955b-4e609875a788 0.331s
2025-04-03 13:03:22.621 70010 INFO tempest.lib.common.rest_client [req-0a32a646-2142-4b54-b044-89ff810f9a2b req-0a32a646-2142-4b54-b044-89ff810f9a2b ] Request (ServerExternalEventsTest:tearDownClass): 200 GET http://10.180.1.21/compute/v2.1/servers/81822631-26a8-4c17-a447-8e9d3acac696 0.336s
2025-04-03 13:03:22.711 70040 INFO tempest.lib.common.rest_client [req-537028c1-fd76-480f-96ca-5ed3a4eb4ca7 req-537028c1-fd76-480f-96ca-5ed3a4eb4ca7 ] Request (ServerGroupTestJSON:_run_cleanups): 200 GET http://10.180.1.21/compute/v2.1/servers/4021d91d-b850-4478-9d64-89e9416f4623 0.375s
2025-04-03 13:03:22.780 70038 INFO tempest.lib.common.rest_client [req-f5a469da-d5e2-4089-9e31-f9ab733cf474 req-f5a469da-d5e2-4089-9e31-f9ab733cf474 ] Request (ImagesOneServerNegativeTestJSON:setUpClass): 200 GET http://10.180.1.21/compute/v2.1/servers/c28ff0c9-96fc-45af-80be-4915955b0aea 0.401s
2025-04-03 13:03:22.838 70032 INFO tempest.lib.common.rest_client [req-7d95dc09-2ffb-4100-a47a-1c5797cb8972 req-7d95dc09-2ffb-4100-a47a-1c5797cb8972 ] Request (ServersTestMultiNic:_run_cleanups): 200 GET http://10.180.1.21/compute/v2.1/servers/7d6889a0-9737-4fc6-828e-5d34979446cc 0.409s
2025-04-03 13:03:22.883 69990 INFO tempest.lib.common.rest_client [req-196ae34b-7b0c-41af-9cca-35715f179b23 req-196ae34b-7b0c-41af-9cca-35715f179b23 ] Request (MultipleCreateTestJSON:test_multiple_create_with_reservation_return): 200 GET http://10.180.1.21/compute/v2.1/servers/528e2c92-d01e-4c35-a2ba-70d439af2fc7 0.403s
2025-04-03 13:03:22.888 70012 INFO tempest.lib.common.rest_client [req-8df1459b-deae-4f8a-8bc5-711d902e17cd req-8df1459b-deae-4f8a-8bc5-711d902e17cd ] Request (KeyPairsNegativeTestJSON:test_create_keypair_with_empty_name_string): 400 POST http://10.180.1.21/compute/v2.1/os-keypairs 0.369s
2025-04-03 13:03:22.940 70004 INFO tempest.lib.common.rest_client [req-fc861c52-11fc-486c-8a49-b9bac8693c2d req-fc861c52-11fc-486c-8a49-b9bac8693c2d ] Request (ServersV294TestFqdnHostnames:setUpClass): 200 GET http://10.180.1.21/compute/v2.1/servers/ce86cfb9-bad4-4082-9e21-605396cc42f6 0.407s
2025-04-03 13:03:22.985 70026 INFO tempest.lib.common.rest_client [req-bf55aa73-2a3f-4a24-8c74-93aadee5d91b req-bf55aa73-2a3f-4a24-8c74-93aadee5d91b ] Request (VolumesAdminNegativeTest:test_update_attached_volume_with_nonexistent_volume_in_body): 200 GET http://10.180.1.21/compute/v2.1/servers/5ed6619c-f1a2-476c-ba2f-7289de5b6e9e 0.336s
2025-04-03 13:03:23.049 70008 INFO tempest.lib.common.rest_client [req-6852d3e6-b2ac-4d18-ab1f-59bd4fc21b92 req-6852d3e6-b2ac-4d18-ab1f-59bd4fc21b92 ] Request (ServersAdminTestJSON:test_create_server_with_scheduling_hint): 200 GET http://10.180.1.21/compute/v2.1/servers/e4a6a52b-268e-4547-9a2c-93e1b7224797 0.340s
