2025-04-03 13:01:45.046 70040 INFO tempest.lib.common.fixed_network [-] (ServerGroupTestJSON:test_create_server_with_scheduler_hint_group) Found network {'id': '94b4eeb4-e997-4229-af64-1b997ae0f112', 'name': 'tempest-ServerGroupTestJSON-768715443-network', 'tenant_id': 'e208792cb6444245b4e2c550199b44ef', 'admin_state_up': True, 'mtu': 8950, 'status': 'ACTIVE', 'subnets': [], 'shared': False, 'project_id': 'e208792cb6444245b4e2c550199b44ef', 'port_security_enabled': True, 'router:external': False, 'provider:network_type': 'vlan', 'provider:physical_network': 'default', 'provider:segmentation_id': 355, 'availability_zone_hints': [], 'availability_zones': [], 'ipv4_address_scope': None, 'ipv6_address_scope': None, 'description': '', 'tags': [], 'created_at': '2025-04-03T13:01:21Z', 'updated_at': '2025-04-03T13:01:21Z', 'revision_number': 1} available for tenant
2025-04-03 13:01:45.049 70052 INFO tempest.common.waiters [-] State transition "BUILD/spawning" ==> "ACTIVE/None" after 26 second wait
2025-04-03 13:01:45.120 70008 INFO tempest.lib.common.rest_client [req-be3c4342-da76-4a38-9b79-b21f904d8f7e req-be3c4342-da76-4a38-9b79-b21f904d8f7e ] Request (ServersAdminTestJSON:setUpClass): 200 GET http://10.180.1.21/identity/v3/roles 0.095s
2025-04-03 13:01:45.134 69990 INFO tempest.lib.common.rest_client [req-ef972f4b-7f7b-440a-a661-754149bdaf6b req-ef972f4b-7f7b-440a-a661-754149bdaf6b ] Request (MultipleCreateTestJSON:test_multiple_create): 200 GET http://10.180.1.21/compute/v2.1/servers/6383858f-5ecc-4861-8fbe-e7d60b153961 1.197s
2025-04-03 13:01:45.145 69996 INFO tempest.lib.common.rest_client [req-6d877f75-6f64-4aa8-9658-302c17b9afc3 req-6d877f75-6f64-4aa8-9658-302c17b9afc3 ] Request (ServicesAdminNegativeV253TestJSON:setUpClass): 200 GET http://10.180.1.21/identity/v3/domains?name=Default 0.168s
2025-04-03 13:01:45.147 69990 INFO tempest.common.waiters [-] State transition "BUILD/scheduling" ==> "BUILD/None" after 13 second wait
2025-04-03 13:01:45.157 70010 INFO tempest.lib.common.rest_client [req-2b358089-6327-49de-b96b-d76b96347dc1 req-2b358089-6327-49de-b96b-d76b96347dc1 ] Request (QuotaClassesAdminTestJSON:test_update_default_quotas): 200 GET http://10.180.1.21/compute/v2.1/os-quota-class-sets/default 1.169s
2025-04-03 13:01:45.187 70008 INFO tempest.lib.common.rest_client [req-3c4a83d7-c902-4aac-9267-1e305e7347c7 req-3c4a83d7-c902-4aac-9267-1e305e7347c7 ] Request (ServersAdminTestJSON:setUpClass): 204 PUT http://10.180.1.21/identity/v3/projects/f76b623ecf4842eb9938ca9e267cb16c/users/445cca5489a94b1a96b6874f1b6d29cd/roles/8fb8e43c5c8941f5a3b46de2b58af30a 0.066s
2025-04-03 13:01:45.187 70008 INFO tempest.lib.common.dynamic_creds [-] Dynamic test user 445cca5489a94b1a96b6874f1b6d29cd is created with scope project and roles: ['admin']
2025-04-03 13:01:45.187 70008 INFO tempest.lib.common.dynamic_creds [-] Acquired dynamic creds: credentials: Credentials: {'domain_id': 'default', 'domain_name': 'Default', 'username': 'tempest-ServersAdminTestJSON-2135452702-project-admin', 'project_domain_id': 'default', 'project_domain_name': 'Default', 'project_id': 'f76b623ecf4842eb9938ca9e267cb16c', 'project_name': 'tempest-ServersAdminTestJSON-2135452702', 'tenant_id': 'f76b623ecf4842eb9938ca9e267cb16c', 'tenant_name': 'tempest-ServersAdminTestJSON-2135452702', 'user_domain_id': 'default', 'user_domain_name': 'Default', 'user_id': '445cca5489a94b1a96b6874f1b6d29cd', 'system': None}, Network: None, Subnet: None, Router: None
2025-04-03 13:01:45.268 69996 INFO tempest.lib.common.rest_client [req-4f49d7c5-1fb3-4b6e-8972-30feabfcd288 req-4f49d7c5-1fb3-4b6e-8972-30feabfcd288 ] Request (ServicesAdminNegativeV253TestJSON:setUpClass): 201 POST http://10.180.1.21/identity/v3/projects 0.122s
2025-04-03 13:01:45.313 70000 INFO tempest.lib.common.rest_client [req-cfc6ffa2-7bf0-43f9-be51-833436554c05 req-cfc6ffa2-7bf0-43f9-be51-833436554c05 ] Request (ValidationResourcesFixture:setUp): 201 POST http://10.180.1.21:9696/networking/v2.0/security-group-rules 0.288s
2025-04-03 13:01:45.452 69996 INFO tempest.lib.common.rest_client [req-e207749c-bf27-4ab0-9a5b-b6289f268028 req-e207749c-bf27-4ab0-9a5b-b6289f268028 ] Request (ServicesAdminNegativeV253TestJSON:setUpClass): 201 POST http://10.180.1.21/identity/v3/users 0.184s
2025-04-03 13:01:45.486 69996 INFO tempest.lib.common.rest_client [req-f2110d18-9007-42d6-914e-04c31079ad50 req-f2110d18-9007-42d6-914e-04c31079ad50 ] Request (ServicesAdminNegativeV253TestJSON:setUpClass): 200 GET http://10.180.1.21/identity/v3/roles 0.033s
2025-04-03 13:01:45.510 70004 INFO tempest.lib.common.rest_client [req-41386cf0-26ab-486a-ae51-597ee73290a9 req-41386cf0-26ab-486a-ae51-597ee73290a9 ] Request (FloatingIPsTestJSON:setUpClass): 201 POST http://10.180.1.21:9696/networking/v2.0/networks 1.010s
2025-04-03 13:01:45.519 70050 INFO tempest.lib.common.rest_client [req-acae6e0e-add4-4240-93e7-d12aeb792bc4 req-acae6e0e-add4-4240-93e7-d12aeb792bc4 ] Request (AggregatesAdminNegativeTestJSON:test_aggregate_remove_host_as_user): 200 POST http://10.180.1.21/compute/v2.1/os-aggregates/7/action 1.654s
2025-04-03 13:01:45.548 69996 INFO tempest.lib.common.rest_client [req-52fc303e-5322-460d-823c-3e5808cf4df8 req-52fc303e-5322-460d-823c-3e5808cf4df8 ] Request (ServicesAdminNegativeV253TestJSON:setUpClass): 204 PUT http://10.180.1.21/identity/v3/projects/1259205f2437471c9c4e86980dc2286a/users/c6910eb1942d47c6a0eec785daf6016e/roles/4dc3f10e490e4016aeb01d7774c8b796 0.061s
2025-04-03 13:01:45.548 69996 INFO tempest.lib.common.dynamic_creds [-] Dynamic test user c6910eb1942d47c6a0eec785daf6016e is created with scope project and roles: ['member']
2025-04-03 13:01:45.549 69996 INFO tempest.lib.common.dynamic_creds [-] Acquired dynamic creds: credentials: Credentials: {'domain_id': 'default', 'domain_name': 'Default', 'username': 'tempest-ServicesAdminNegativeV253TestJSON-267318805-project-member', 'project_domain_id': 'default', 'project_domain_name': 'Default', 'project_id': '1259205f2437471c9c4e86980dc2286a', 'project_name': 'tempest-ServicesAdminNegativeV253TestJSON-267318805', 'tenant_id': '1259205f2437471c9c4e86980dc2286a', 'tenant_name': 'tempest-ServicesAdminNegativeV253TestJSON-267318805', 'user_domain_id': 'default', 'user_domain_name': 'Default', 'user_id': 'c6910eb1942d47c6a0eec785daf6016e', 'system': None}, Network: None, Subnet: None, Router: None
2025-04-03 13:01:45.549 69996 INFO tempest.lib.common.dynamic_creds [-] Created isolated network resources for: credentials: Credentials: {'domain_id': 'default', 'domain_name': 'Default', 'username': 'tempest-ServicesAdminNegativeV253TestJSON-267318805-project-member', 'project_domain_id': 'default', 'project_domain_name': 'Default', 'project_id': '1259205f2437471c9c4e86980dc2286a', 'project_name': 'tempest-ServicesAdminNegativeV253TestJSON-267318805', 'tenant_id': '1259205f2437471c9c4e86980dc2286a', 'tenant_name': 'tempest-ServicesAdminNegativeV253TestJSON-267318805', 'user_domain_id': 'default', 'user_domain_name': 'Default', 'user_id': 'c6910eb1942d47c6a0eec785daf6016e', 'system': None}, Network: None, Subnet: None, Router: None
2025-04-03 13:01:45.687 69996 INFO tempest.lib.common.rest_client [req-cf99c9a1-c6b2-4b68-9999-f20eb058c601 req-cf99c9a1-c6b2-4b68-9999-f20eb058c601 ] Request (ServicesAdminNegativeV253TestJSON:setUpClass): 201 POST http://10.180.1.21/identity/v3/auth/tokens 0.132s
2025-04-03 13:01:45.840 69996 INFO tempest.lib.common.rest_client [req-6168147b-c0bb-4bf5-bed1-296eb757ca0d req-6168147b-c0bb-4bf5-bed1-296eb757ca0d ] Request (ServicesAdminNegativeV253TestJSON:setUpClass): 201 POST http://10.180.1.21/identity/v3/projects 0.153s
2025-04-03 13:01:45.958 69996 INFO tempest.lib.common.rest_client [req-7dda4fb7-2c75-4ee6-a725-7f4d6281a409 req-7dda4fb7-2c75-4ee6-a725-7f4d6281a409 ] Request (ServicesAdminNegativeV253TestJSON:setUpClass): 201 POST http://10.180.1.21/identity/v3/users 0.117s
2025-04-03 13:01:45.978 70008 INFO tempest.lib.common.rest_client [req-cc50297e-e9a0-4499-9dc2-13eeb8fbfe51 req-cc50297e-e9a0-4499-9dc2-13eeb8fbfe51 ] Request (ServersAdminTestJSON:setUpClass): 201 POST http://10.180.1.21:9696/networking/v2.0/networks 0.791s
2025-04-03 13:01:45.988 69996 INFO tempest.lib.common.rest_client [req-f5648992-0ced-4cee-82d2-0dd6f9705064 req-f5648992-0ced-4cee-82d2-0dd6f9705064 ] Request (ServicesAdminNegativeV253TestJSON:setUpClass): 200 GET http://10.180.1.21/identity/v3/roles 0.029s
2025-04-03 13:01:46.025 69996 INFO tempest.lib.common.rest_client [req-cfe8ab92-b8c7-43fe-a734-90e3c85ac48a req-cfe8ab92-b8c7-43fe-a734-90e3c85ac48a ] Request (ServicesAdminNegativeV253TestJSON:setUpClass): 204 PUT http://10.180.1.21/identity/v3/projects/b116060204264675b462060f72d6f81a/users/7835c43c6c56412cacaf0d169a7e8704/roles/8fb8e43c5c8941f5a3b46de2b58af30a 0.036s
2025-04-03 13:01:46.026 70042 INFO tempest.lib.common.rest_client [req-305860ed-8bc4-427a-80dc-8610d6d6d61d req-305860ed-8bc4-427a-80dc-8610d6d6d61d ] Request (MigrationsAdminTest:test_list_migrations_in_flavor_resize_situation): 200 GET http://10.180.1.21/compute/v2.1/servers/b0ee902e-14b1-490e-b8ae-e327563499f1 1.960s
2025-04-03 13:01:46.037 70042 INFO tempest.common.waiters [-] State transition "BUILD/spawning" ==> "ACTIVE/None" after 32 second wait
2025-04-03 13:01:46.063 70038 INFO tempest.lib.common.rest_client [req-5c5bc38a-2cde-4b94-bab8-4c6835a4b6c1 req-5c5bc38a-2cde-4b94-bab8-4c6835a4b6c1 ] Request (ServersAdmin275Test:test_rebuild_update_server_275): 202 POST http://10.180.1.21/compute/v2.1/servers/289362b3-1a05-4b77-a839-9aed86151db7/action 2.073s
2025-04-03 13:01:46.112 69996 INFO tempest.lib.common.rest_client [req-ef9174b5-ebde-4099-a878-db272d41f3b3 req-ef9174b5-ebde-4099-a878-db272d41f3b3 ] Request (ServicesAdminNegativeV253TestJSON:setUpClass): 200 GET http://10.180.1.21/identity/v3/roles 0.087s
2025-04-03 13:01:46.142 69996 INFO tempest.lib.common.rest_client [req-4aa4c9ea-0759-4690-a087-304dd5ac1cdd req-4aa4c9ea-0759-4690-a087-304dd5ac1cdd ] Request (ServicesAdminNegativeV253TestJSON:setUpClass): 204 PUT http://10.180.1.21/identity/v3/projects/b116060204264675b462060f72d6f81a/users/7835c43c6c56412cacaf0d169a7e8704/roles/8fb8e43c5c8941f5a3b46de2b58af30a 0.029s
2025-04-03 13:01:46.142 69996 INFO tempest.lib.common.dynamic_creds [-] Dynamic test user 7835c43c6c56412cacaf0d169a7e8704 is created with scope project and roles: ['admin']
2025-04-03 13:01:46.142 69996 INFO tempest.lib.common.dynamic_creds [-] Acquired dynamic creds: credentials: Credentials: {'domain_id': 'default', 'domain_name': 'Default', 'username': 'tempest-ServicesAdminNegativeV253TestJSON-1009549271-project-admin', 'project_domain_id': 'default', 'project_domain_name': 'Default', 'project_id': 'b116060204264675b462060f72d6f81a', 'project_name': 'tempest-ServicesAdminNegativeV253TestJSON-1009549271', 'tenant_id': 'b116060204264675b462060f72d6f81a', 'tenant_name': 'tempest-ServicesAdminNegativeV253TestJSON-1009549271', 'user_domain_id': 'default', 'user_domain_name': 'Default', 'user_id': '7835c43c6c56412cacaf0d169a7e8704', 'system': None}, Network: None, Subnet: None, Router: None
2025-04-03 13:01:46.143 69996 INFO tempest.lib.common.dynamic_creds [-] Created isolated network resources for: credentials: Credentials: {'domain_id': 'default', 'domain_name': 'Default', 'username': 'tempest-ServicesAdminNegativeV253TestJSON-1009549271-project-admin', 'project_domain_id': 'default', 'project_domain_name': 'Default', 'project_id': 'b116060204264675b462060f72d6f81a', 'project_name': 'tempest-ServicesAdminNegativeV253TestJSON-1009549271', 'tenant_id': 'b116060204264675b462060f72d6f81a', 'tenant_name': 'tempest-ServicesAdminNegativeV253TestJSON-1009549271', 'user_domain_id': 'default', 'user_domain_name': 'Default', 'user_id': '7835c43c6c56412cacaf0d169a7e8704', 'system': None}, Network: None, Subnet: None, Router: None
2025-04-03 13:01:46.252 69996 INFO tempest.lib.common.rest_client [req-f0be116c-a284-4150-8c6d-398f6d8b7f51 req-f0be116c-a284-4150-8c6d-398f6d8b7f51 ] Request (ServicesAdminNegativeV253TestJSON:setUpClass): 201 POST http://10.180.1.21/identity/v3/auth/tokens 0.103s
2025-04-03 13:01:46.318 70000 INFO tempest.lib.common.rest_client [req-9fd7f716-e0a8-4664-ac73-79900a02e517 req-9fd7f716-e0a8-4664-ac73-79900a02e517 ] Request (ValidationResourcesFixture:setUp): 201 POST http://10.180.1.21:9696/networking/v2.0/floatingips 1.004s
2025-04-03 13:01:46.395 70000 INFO tempest.lib.common.rest_client [req-b60de7e7-b7bb-475d-bae0-9e59fb4efe9e req-b60de7e7-b7bb-475d-bae0-9e59fb4efe9e ] Request (AttachInterfacesUnderV243Test:test_add_remove_fixed_ip): 201 POST http://10.180.1.21/identity/v3/auth/tokens 0.074s
2025-04-03 13:01:46.395 70000 INFO tempest.lib.common.fixed_network [-] (AttachInterfacesUnderV243Test:test_add_remove_fixed_ip) Found network {'id': '2dd4ad82-728d-40a0-af5b-883a6df6343e', 'name': 'tempest-AttachInterfacesUnderV243Test-2136628231-network', 'tenant_id': '5375a748f06d4090bb04580e5849c024', 'admin_state_up': True, 'mtu': 8950, 'status': 'ACTIVE', 'subnets': [], 'shared': False, 'project_id': '5375a748f06d4090bb04580e5849c024', 'port_security_enabled': True, 'router:external': False, 'provider:network_type': 'vlan', 'provider:physical_network': 'default', 'provider:segmentation_id': 507, 'availability_zone_hints': [], 'availability_zones': [], 'ipv4_address_scope': None, 'ipv6_address_scope': None, 'description': '', 'tags': [], 'created_at': '2025-04-03T13:01:37Z', 'updated_at': '2025-04-03T13:01:37Z', 'revision_number': 1} available for tenant
2025-04-03 13:01:46.399 70006 INFO tempest.lib.common.rest_client [req-e8611d62-bcef-4538-a02b-9a11b81a636a req-e8611d62-bcef-4538-a02b-9a11b81a636a ] Request (VolumesAssistedSnapshotsTest:test_volume_assisted_snapshot_create_delete): 200 GET http://10.180.1.21/compute/v2.1/servers/fe91cc3d-1897-46f2-aacd-afcb505e042f 2.324s
2025-04-03 13:01:46.405 69994 INFO tempest.lib.common.rest_client [req-b01c7301-bfbb-478c-afe6-e4ccdc53dbe4 req-b01c7301-bfbb-478c-afe6-e4ccdc53dbe4 ] Request (SecurityGroupRulesTestJSON:test_security_group_rules_create): 200 POST http://10.180.1.21/compute/v2.1/os-security-groups 2.265s
2025-04-03 13:01:46.413 70006 INFO tempest.common.waiters [-] State transition "BUILD/None" ==> "BUILD/spawning" after 18 second wait
2025-04-03 13:01:46.457 70004 INFO tempest.lib.common.rest_client [req-e2c3624a-c05c-4dd2-a603-5113c751a817 req-e2c3624a-c05c-4dd2-a603-5113c751a817 ] Request (FloatingIPsTestJSON:setUpClass): 201 POST http://10.180.1.21:9696/networking/v2.0/subnets 0.947s
2025-04-03 13:01:46.487 70028 INFO tempest.lib.common.rest_client [req-b34a0081-5850-484d-a252-741cd99edfe7 req-b34a0081-5850-484d-a252-741cd99edfe7 ] Request (ServerDiagnosticsNegativeTest:tearDownClass): 200 GET http://10.180.1.21/compute/v2.1/servers/a13f9f01-4367-405a-b3d5-dcee5e1346c4 2.291s
2025-04-03 13:01:46.495 70044 INFO tempest.lib.common.rest_client [req-2e83dc25-dda3-4331-8e42-07b941419d24 req-2e83dc25-dda3-4331-8e42-07b941419d24 ] Request (DeleteServersTestJSON:test_delete_active_server): 200 GET http://10.180.1.21/compute/v2.1/servers/d6097905-921e-4520-bdbb-724e00836022 2.308s
2025-04-03 13:01:46.503 70044 INFO tempest.common.waiters [-] State transition "BUILD/None" ==> "BUILD/networking" after 17 second wait
2025-04-03 13:01:46.549 70034 INFO tempest.lib.common.rest_client [req-af5f18e9-009e-43c7-be42-6791d3e042f1 req-af5f18e9-009e-43c7-be42-6791d3e042f1 ] Request (ServersWithSpecificFlavorTestJSON:test_verify_created_server_ephemeral_disk): 200 GET http://10.180.1.21/compute/v2.1/servers/13862a3c-8dad-4f7a-ac72-312ab3f8ae7c 2.282s
2025-04-03 13:01:46.595 69992 INFO tempest.lib.common.rest_client [req-ac92028a-971b-4bc9-9c92-4e4ff395db01 req-ac92028a-971b-4bc9-9c92-4e4ff395db01 ] Request (ServerDiagnosticsV248Test:test_get_server_diagnostics): 200 GET http://10.180.1.21/compute/v2.1/servers/ed00c987-3c06-459e-8d27-bb28938a287f 2.287s
2025-04-03 13:01:46.607 69992 INFO tempest.common.waiters [-] State transition "BUILD/scheduling" ==> "BUILD/None" after 11 second wait
2025-04-03 13:01:46.632 70012 INFO tempest.lib.common.rest_client [req-22d19540-5581-4f37-868e-9bda11fe629e req-22d19540-5581-4f37-868e-9bda11fe629e ] Request (ImagesNegativeTestJSON:test_create_image_from_deleted_server): 200 GET http://10.180.1.21/compute/v2.1/servers/dbe35c0a-e4ca-4c0c-91cb-4a5e44d3065f 2.249s
2025-04-03 13:01:46.688 70008 INFO tempest.lib.common.rest_client [req-cf5773c0-174f-49d2-8b74-137dd8e16d5c req-cf5773c0-174f-49d2-8b74-137dd8e16d5c ] Request (ServersAdminTestJSON:setUpClass): 201 POST http://10.180.1.21:9696/networking/v2.0/subnets 0.709s
2025-04-03 13:01:46.708 70020 INFO tempest.lib.common.rest_client [req-5fe6ddb1-fadb-412e-b192-ca02dc243e10 req-5fe6ddb1-fadb-412e-b192-ca02dc243e10 ] Request (ServersTestJSON:setUpClass): 200 PUT http://10.180.1.21:9696/networking/v2.0/routers/24dfa9af-7a33-4bb8-a3d5-507534b9a5ed/add_router_interface 3.285s
2025-04-03 13:01:46.708 70020 INFO tempest.lib.common.dynamic_creds [-] Created isolated network resources for: credentials: Credentials: {'domain_id': 'default', 'domain_name': 'Default', 'username': 'tempest-ServersTestJSON-616667524-project-member', 'project_domain_id': 'default', 'project_domain_name': 'Default', 'project_id': '41c1826dd1744fd78a7ee1efdbba66f4', 'project_name': 'tempest-ServersTestJSON-616667524', 'tenant_id': '41c1826dd1744fd78a7ee1efdbba66f4', 'tenant_name': 'tempest-ServersTestJSON-616667524', 'user_domain_id': 'default', 'user_domain_name': 'Default', 'user_id': 'd51697953ef74ddba22fe24829cb8f81', 'system': None}, Network: {'id': '666f25db-d5f3-41b6-8052-38a6eef511c5', 'name': 'tempest-ServersTestJSON-1624051610-network', 'tenant_id': '41c1826dd1744fd78a7ee1efdbba66f4', 'admin_state_up': True, 'mtu': 8950, 'status': 'ACTIVE', 'subnets': [], 'shared': False, 'project_id': '41c1826dd1744fd78a7ee1efdbba66f4', 'port_security_enabled': True, 'router:external': False, 'provider:network_type': 'vlan', 'provider:physical_network': 'default', 'provider:segmentation_id': 773, 'availability_zone_hints': [], 'availability_zones': [], 'ipv4_address_scope': None, 'ipv6_address_scope': None, 'description': '', 'tags': [], 'created_at': '2025-04-03T13:01:39Z', 'updated_at': '2025-04-03T13:01:39Z', 'revision_number': 1}, Subnet: {'id': '120f9c42-713a-476f-abea-e3ecd6e6bcc0', 'name': 'tempest-ServersTestJSON-1624051610-subnet', 'tenant_id': '41c1826dd1744fd78a7ee1efdbba66f4', 'network_id': '666f25db-d5f3-41b6-8052-38a6eef511c5', 'ip_version': 4, 'subnetpool_id': None, 'enable_dhcp': True, 'ipv6_ra_mode': None, 'ipv6_address_mode': None, 'gateway_ip': '192.168.128.1', 'cidr': '192.168.128.0/28', 'allocation_pools': [{'start': '192.168.128.2', 'end': '192.168.128.14'}], 'host_routes': [], 'dns_nameservers': [], 'description': '', 'router:external': False, 'service_types': [], 'tags': [], 'created_at': '2025-04-03T13:01:40Z', 'updated_at': '2025-04-03T13:01:40Z', 'revision_number': 0, 'project_id': '41c1826dd1744fd78a7ee1efdbba66f4'}, Router: {'id': '24dfa9af-7a33-4bb8-a3d5-507534b9a5ed', 'name': 'tempest-ServersTestJSON-1624051610-router', 'tenant_id': '41c1826dd1744fd78a7ee1efdbba66f4', 'admin_state_up': True, 'status': 'ACTIVE', 'external_gateway_info': {'network_id': '345b050e-d90f-463b-9742-d666a4c82555', 'external_fixed_ips': [{'subnet_id': 'f3e0ac26-f1d1-4431-93c4-f97218d3cc14', 'ip_address': '10.180.180.129'}], 'enable_snat': True}, 'description': '', 'availability_zones': [], 'distributed': False, 'ha': False, 'availability_zone_hints': [], 'routes': [], 'flavor_id': None, 'tags': [], 'created_at': '2025-04-03T13:01:40Z', 'updated_at': '2025-04-03T13:01:41Z', 'revision_number': 2, 'project_id': '41c1826dd1744fd78a7ee1efdbba66f4'}
2025-04-03 13:01:46.718 70032 INFO tempest.lib.common.rest_client [req-3a4a1bac-b378-47ea-b0c7-2675e26ac2a6 req-3a4a1bac-b378-47ea-b0c7-2675e26ac2a6 ] Request (ServersTestMultiNic:test_verify_duplicate_network_nics): 200 GET http://10.180.1.21/compute/v2.1/servers/7d6889a0-9737-4fc6-828e-5d34979446cc 2.099s
2025-04-03 13:01:46.730 70036 INFO tempest.lib.common.rest_client [req-24f0137b-948c-405f-bd96-04e3cfa4941b req-24f0137b-948c-405f-bd96-04e3cfa4941b ] Request (TenantUsagesTestJSON:setUpClass): 200 GET http://10.180.1.21/compute/v2.1/servers/a7bb40a9-2ae5-4328-ae78-662677610470 2.005s
2025-04-03 13:01:46.741 70036 INFO tempest.common.waiters [-] State transition "BUILD/scheduling" ==> "BUILD/None" after 10 second wait
2025-04-03 13:01:46.811 70020 INFO tempest.lib.common.rest_client [req-3e065174-d4a9-4111-b9fa-cf59106973a0 req-3e065174-d4a9-4111-b9fa-cf59106973a0 ] Request (ServersTestJSON:setUpClass): 201 POST http://10.180.1.21/identity/v3/auth/tokens 0.098s
2025-04-03 13:01:46.816 70017 INFO tempest.lib.common.rest_client [req-3d55ba3a-458e-4a53-afbb-f28450ede3ce req-3d55ba3a-458e-4a53-afbb-f28450ede3ce ] Request (ListServerFiltersTestJSON:setUpClass): 200 GET http://10.180.1.21/compute/v2.1/servers/68b9ccb0-38e8-413b-9e0d-3feca42358d4 2.022s
2025-04-03 13:01:46.876 70014 INFO tempest.lib.common.rest_client [req-37b9ced8-e171-4a8a-8000-4919cfe9fd16 req-37b9ced8-e171-4a8a-8000-4919cfe9fd16 ] Request (FloatingIPsAssociationNegativeTestJSON:setUpClass): 200 GET http://10.180.1.21/compute/v2.1/servers/e30b30bd-40d9-486d-8ef4-21ad312d0789 2.086s
2025-04-03 13:01:46.884 70014 INFO tempest.common.waiters [-] State transition "BUILD/spawning" ==> "ACTIVE/None" after 28 second wait
2025-04-03 13:01:46.998 70022 INFO tempest.lib.common.rest_client [req-a1e83764-f7b9-4726-8e33-c020ff665e1e req-a1e83764-f7b9-4726-8e33-c020ff665e1e ] Request (DeleteServersAdminTestJSON:test_admin_delete_servers_of_others): 200 GET http://10.180.1.21/compute/v2.1/servers/cc734575-ad58-4155-b07c-df61bafd9278 2.069s
2025-04-03 13:01:47.009 70046 INFO tempest.lib.common.rest_client [req-b9567cb9-b251-4866-bc62-e1ab1894ab8c req-b9567cb9-b251-4866-bc62-e1ab1894ab8c ] Request (AttachInterfacesTestJSON:test_create_list_show_delete_interfaces_by_fixed_ip): 200 GET http://10.180.1.21/compute/v2.1/servers/0ec66b0d-5ae8-4b64-b893-375c6b412c59/os-interface 2.136s
2025-04-03 13:01:47.037 70002 INFO tempest.lib.common.rest_client [req-221edc46-8c7a-463d-8ed7-19bc7dfe4a97 req-221edc46-8c7a-463d-8ed7-19bc7dfe4a97 ] Request (FlavorsAdminTestJSON:test_is_public_string_variations): 200 GET http://10.180.1.21/compute/v2.1/flavors/detail?is_public=t 2.036s
2025-04-03 13:01:47.045 69998 INFO tempest.lib.common.rest_client [req-a92ee2a4-6fd5-4a99-9e54-b4bea99324cd req-a92ee2a4-6fd5-4a99-9e54-b4bea99324cd ] Request (KeyPairsV22TestJSON:test_keypairsv22_create_list_show): 200 GET http://10.180.1.21/compute/v2.1/os-keypairs 2.032s
2025-04-03 13:01:47.081 70018 INFO tempest.lib.common.rest_client [req-e2230478-bfaf-4ff5-9491-00a836caa5f2 req-e2230478-bfaf-4ff5-9491-00a836caa5f2 ] Request (FlavorsV2NegativeTest:test_boot_with_low_ram): 200 GET http://10.180.1.21/compute/v2.1/flavors/42 2.141s
2025-04-03 13:01:47.437 70018 INFO tempest.lib.common.rest_client [req-abaaad67-07e2-4931-9db2-884b25842cab req-abaaad67-07e2-4931-9db2-884b25842cab ] Request (FlavorsV2NegativeTest:test_boot_with_low_ram): 201 POST http://10.180.1.21/image/v2/images 0.351s
2025-04-03 13:01:47.598 70052 INFO tempest.lib.common.rest_client [req-416430c1-d421-4c58-bb97-38853f4c70c4 req-416430c1-d421-4c58-bb97-38853f4c70c4 ] Request (ServersAaction247Test:test_create_backup): 202 POST http://10.180.1.21/compute/v2.1/servers/b00eb137-2f66-419d-baec-bd392998d7ef/action 2.549s
2025-04-03 13:01:47.720 70049 INFO tempest.lib.common.rest_client [req-626ed7b2-40af-4bb3-ba38-e0c7f950c4a3 req-626ed7b2-40af-4bb3-ba38-e0c7f950c4a3 ] Request (ServerAddressesNegativeTestJSON:tearDownClass): 200 GET http://10.180.1.21/compute/v2.1/servers/af78fbb0-92eb-445c-b36b-855630c9d75a 2.632s
2025-04-03 13:01:47.730 70049 INFO tempest.common.waiters [-] State transition "ACTIVE/deleting" ==> "DELETED/None" after 6 second wait
2025-04-03 13:01:47.834 70026 INFO tempest.lib.common.rest_client [req-5f3bd20a-f09b-4422-8b09-6551969649bd req-5f3bd20a-f09b-4422-8b09-6551969649bd ] Request (ServerDiagnosticsTest:tearDownClass): 200 GET http://10.180.1.21/compute/v2.1/servers/9e6b640d-91d6-41f6-9f80-98fe2ea34f9f 2.728s
2025-04-03 13:01:47.904 70040 INFO tempest.lib.common.rest_client [req-ea97d422-0e06-48df-8d00-27a476d8b165 req-ea97d422-0e06-48df-8d00-27a476d8b165 ] Request (ServerGroupTestJSON:test_create_server_with_scheduler_hint_group): 202 POST http://10.180.1.21/compute/v2.1/servers 2.857s
2025-04-03 13:01:47.940 70010 INFO tempest.lib.common.rest_client [req-476af0a7-d8c4-4d06-a9d2-789493f444a9 req-476af0a7-d8c4-4d06-a9d2-789493f444a9 ] Request (QuotaClassesAdminTestJSON:_run_cleanups): 200 PUT http://10.180.1.21/compute/v2.1/os-quota-class-sets/default 2.780s
2025-04-03 13:01:47.950 70050 INFO tempest.lib.common.rest_client [req-6de10210-e58d-437d-a243-f864bfb22fe1 req-6de10210-e58d-437d-a243-f864bfb22fe1 ] Request (AggregatesAdminNegativeTestJSON:test_aggregate_remove_host_as_user): 403 POST http://10.180.1.21/compute/v2.1/os-aggregates/7/action 2.428s
2025-04-03 13:01:48.093 70010 INFO tempest.lib.common.rest_client [req-8bdf58b3-447e-417f-8b3e-57bdd675777b req-8bdf58b3-447e-417f-8b3e-57bdd675777b ] Request (QuotaClassesAdminTestJSON:tearDownClass): 204 DELETE http://10.180.1.21/identity/v3/users/9d388693aef14c74afe247f083a8383d 0.150s
2025-04-03 13:01:48.138 70024 INFO tempest.lib.common.rest_client [req-875e3902-3b46-4523-aae7-c415d2a51ccb req-875e3902-3b46-4523-aae7-c415d2a51ccb ] Request (ServerDiskConfigTestJSON:test_rebuild_server_with_auto_disk_config): 200 GET http://10.180.1.21/compute/v2.1/servers/856f61d9-0199-4a16-ba72-5166f2d1095f 2.542s
2025-04-03 13:01:48.187 70018 INFO tempest.lib.common.rest_client [req-a47caac4-124b-4dd0-bcd7-56d3acc2d7d4 req-a47caac4-124b-4dd0-bcd7-56d3acc2d7d4 ] Request (FlavorsV2NegativeTest:test_boot_with_low_ram): 204 PUT http://10.180.1.21/image/v2/images/29ffa9e7-5219-4043-b8d4-4678da906b10/file 0.749s
2025-04-03 13:01:48.209 70010 INFO tempest.lib.common.rest_client [req-ab88dea7-bf36-41de-bbb3-04e03a056d06 req-ab88dea7-bf36-41de-bbb3-04e03a056d06 ] Request (QuotaClassesAdminTestJSON:tearDownClass): 204 DELETE http://10.180.1.21/identity/v3/users/3c1fa9b2798f4f4dbd10de9ccd716ca9 0.115s
2025-04-03 13:01:48.209 70010 INFO tempest.lib.common.dynamic_creds [-] Deleting project and security group for project: ce4cfc5038f544dfa4e863b5d9003bab
2025-04-03 13:01:48.268 70018 INFO tempest.lib.common.rest_client [req-a38d78fa-5cac-44f1-9c6f-290e49f2a335 req-a38d78fa-5cac-44f1-9c6f-290e49f2a335 ] Request (FlavorsV2NegativeTest:test_boot_with_low_ram): 201 POST http://10.180.1.21/identity/v3/auth/tokens 0.074s
2025-04-03 13:01:48.269 70018 INFO tempest.lib.common.fixed_network [-] (FlavorsV2NegativeTest:test_boot_with_low_ram) Found network None available for tenant
2025-04-03 13:01:48.270 70010 INFO tempest.lib.common.rest_client [req-ea870abd-be37-4314-9b8c-18b98737373c req-ea870abd-be37-4314-9b8c-18b98737373c ] Request (QuotaClassesAdminTestJSON:tearDownClass): 201 POST http://10.180.1.21/identity/v3/auth/tokens 0.060s
2025-04-03 13:01:48.334 70046 INFO tempest.lib.common.rest_client [req-4a5afe95-e1a7-47c7-a019-09612f64dca5 req-4a5afe95-e1a7-47c7-a019-09612f64dca5 ] Request (AttachInterfacesTestJSON:test_create_list_show_delete_interfaces_by_fixed_ip): 200 PUT http://10.180.1.21:9696/networking/v2.0/floatingips/5fbb082e-7a30-4b03-81b0-ee785aa0545f 1.323s
2025-04-03 13:01:48.397 70042 INFO tempest.lib.common.rest_client [req-f0ea0c70-cd47-41a5-8c4c-bd476d18e901 req-f0ea0c70-cd47-41a5-8c4c-bd476d18e901 ] Request (MigrationsAdminTest:test_list_migrations_in_flavor_resize_situation): 202 POST http://10.180.1.21/compute/v2.1/servers/b0ee902e-14b1-490e-b8ae-e327563499f1/action 2.359s
2025-04-03 13:01:48.415 70030 INFO tempest.lib.common.rest_client [req-a4ea30f4-ada1-4821-bdda-06d213173b53 req-a4ea30f4-ada1-4821-bdda-06d213173b53 ] Request (ServerAddressesTestJSON:setUpClass): 200 GET http://10.180.1.21/compute/v2.1/servers/fe534ebf-0e80-4506-a703-344563263aff 2.915s
2025-04-03 13:01:48.431 70004 INFO tempest.lib.common.rest_client [req-cc845d29-c22a-46e0-8d8c-3fd7c0dd863e req-cc845d29-c22a-46e0-8d8c-3fd7c0dd863e ] Request (FloatingIPsTestJSON:setUpClass): 201 POST http://10.180.1.21:9696/networking/v2.0/routers 1.973s
2025-04-03 13:01:48.435 70010 INFO tempest.lib.common.rest_client [req-3e9da175-b808-492a-9970-97ca808f1713 req-3e9da175-b808-492a-9970-97ca808f1713 ] Request (QuotaClassesAdminTestJSON:tearDownClass): 200 GET http://10.180.1.21:9696/networking/v2.0/security-groups?tenant_id=ce4cfc5038f544dfa4e863b5d9003bab&name=default 0.164s
2025-04-03 13:01:48.523 69990 INFO tempest.lib.common.rest_client [req-568b2cc4-3b7f-44cf-9693-d4580665dba3 req-568b2cc4-3b7f-44cf-9693-d4580665dba3 ] Request (MultipleCreateTestJSON:test_multiple_create): 200 GET http://10.180.1.21/compute/v2.1/servers/6383858f-5ecc-4861-8fbe-e7d60b153961 2.375s
2025-04-03 13:01:48.532 70038 INFO tempest.lib.common.rest_client [req-fb20c49d-e86e-45b4-b258-c68b3557366b req-fb20c49d-e86e-45b4-b258-c68b3557366b ] Request (ServersAdmin275Test:_run_cleanups): 200 GET http://10.180.1.21/compute/v2.1/servers/289362b3-1a05-4b77-a839-9aed86151db7 2.455s
2025-04-03 13:01:48.543 70010 INFO tempest.lib.common.rest_client [req-42ffb097-5085-463f-a554-785512fdd4ea req-42ffb097-5085-463f-a554-785512fdd4ea ] Request (QuotaClassesAdminTestJSON:tearDownClass): 204 DELETE http://10.180.1.21:9696/networking/v2.0/security-groups/d52e7a5c-5482-4c9e-b0af-a2d93e7b8b1d 0.108s
2025-04-03 13:01:48.722 69996 INFO tempest.lib.common.rest_client [req-25de4ff2-e3f6-4882-8b74-182180966e15 req-25de4ff2-e3f6-4882-8b74-182180966e15 ] Request (ServicesAdminNegativeV253TestJSON:test_disable_log_reason_with_invalid_service_id): 404 PUT http://10.180.1.21/compute/v2.1/os-services/0a4752e0-e4ab-4863-9d78-6c24efded0d8 2.469s
2025-04-03 13:01:48.780 70010 INFO tempest.lib.common.rest_client [req-c25a0828-a6ce-4503-b928-2c8f370ccc05 req-c25a0828-a6ce-4503-b928-2c8f370ccc05 ] Request (QuotaClassesAdminTestJSON:tearDownClass): 204 DELETE http://10.180.1.21/identity/v3/projects/ce4cfc5038f544dfa4e863b5d9003bab 0.236s
2025-04-03 13:01:48.780 70010 INFO tempest.lib.common.dynamic_creds [-] Deleting project and security group for project: a8b9ee68cd94478fa31c3b3373b663a6
2025-04-03 13:01:48.863 70008 INFO tempest.lib.common.rest_client [req-453e2d1e-6559-4d79-bdaf-0e3bf9f0c6bd req-453e2d1e-6559-4d79-bdaf-0e3bf9f0c6bd ] Request (ServersAdminTestJSON:setUpClass): 201 POST http://10.180.1.21:9696/networking/v2.0/routers 2.173s
2025-04-03 13:01:49.067 69994 INFO tempest.lib.common.rest_client [req-f1c19992-331f-4c8e-b7e6-b6dd3bb6af6d req-f1c19992-331f-4c8e-b7e6-b6dd3bb6af6d ] Request (SecurityGroupRulesTestJSON:test_security_group_rules_create): 200 POST http://10.180.1.21/compute/v2.1/os-security-group-rules 2.659s
2025-04-03 13:01:49.146 70010 INFO tempest.lib.common.rest_client [req-7c7b46f6-619f-4eea-81a4-b11e770928a7 req-7c7b46f6-619f-4eea-81a4-b11e770928a7 ] Request (QuotaClassesAdminTestJSON:tearDownClass): 200 GET http://10.180.1.21:9696/networking/v2.0/security-groups?tenant_id=a8b9ee68cd94478fa31c3b3373b663a6&name=default 0.365s
2025-04-03 13:01:49.202 70020 INFO tempest.lib.common.rest_client [req-4eca4c01-d07b-444c-ac54-b14f25ba8791 req-4eca4c01-d07b-444c-ac54-b14f25ba8791 ] Request (ServersTestJSON:setUpClass): 200 POST http://10.180.1.21/compute/v2.1/os-keypairs 2.389s
2025-04-03 13:01:49.570 70020 INFO tempest.lib.common.rest_client [req-14e856b3-ca56-4be2-aac1-8b1def6daf9e req-14e856b3-ca56-4be2-aac1-8b1def6daf9e ] Request (ServersTestJSON:setUpClass): 201 POST http://10.180.1.21:9696/networking/v2.0/security-groups 0.366s
2025-04-03 13:01:49.659 70000 INFO tempest.lib.common.rest_client [req-ab0cf488-aed3-4b77-ab89-d746f167ae97 req-ab0cf488-aed3-4b77-ab89-d746f167ae97 ] Request (AttachInterfacesUnderV243Test:test_add_remove_fixed_ip): 202 POST http://10.180.1.21/compute/v2.1/servers 3.263s
2025-04-03 13:01:49.673 70010 INFO tempest.lib.common.rest_client [req-f75255ba-ceda-4d7e-a5c2-58d940a4cd9f req-f75255ba-ceda-4d7e-a5c2-58d940a4cd9f ] Request (QuotaClassesAdminTestJSON:tearDownClass): 204 DELETE http://10.180.1.21:9696/networking/v2.0/security-groups/11520645-402a-40a5-8800-21ec9b89a52d 0.527s
2025-04-03 13:01:49.694 70002 INFO tempest.lib.common.rest_client [req-9c44e7fc-0ad4-42e3-a259-fa0c3f9d4c75 req-9c44e7fc-0ad4-42e3-a259-fa0c3f9d4c75 ] Request (FlavorsAdminTestJSON:test_is_public_string_variations): 200 GET http://10.180.1.21/compute/v2.1/flavors/detail?is_public=true 2.649s
2025-04-03 13:01:49.715 69998 INFO tempest.lib.common.rest_client [req-469d0b6e-606c-45bf-9acd-20db638877ea req-469d0b6e-606c-45bf-9acd-20db638877ea ] Request (KeyPairsV22TestJSON:_run_cleanups): 204 DELETE http://10.180.1.21/compute/v2.1/os-keypairs/tempest-keypair-779940997 2.667s
2025-04-03 13:01:49.821 70010 INFO tempest.lib.common.rest_client [req-65d704ca-842f-420a-9b5f-ff68236fd6fa req-65d704ca-842f-420a-9b5f-ff68236fd6fa ] Request (QuotaClassesAdminTestJSON:tearDownClass): 204 DELETE http://10.180.1.21/identity/v3/projects/a8b9ee68cd94478fa31c3b3373b663a6 0.147s
2025-04-03 13:01:49.899 70020 INFO tempest.lib.common.rest_client [req-538d4723-5bd9-4dad-b167-6162cce2567c req-538d4723-5bd9-4dad-b167-6162cce2567c ] Request (ServersTestJSON:setUpClass): 201 POST http://10.180.1.21:9696/networking/v2.0/security-group-rules 0.328s
2025-04-03 13:01:49.915 70006 INFO tempest.lib.common.rest_client [req-2e01a3e2-14ba-4097-8dd6-352575b36d97 req-2e01a3e2-14ba-4097-8dd6-352575b36d97 ] Request (VolumesAssistedSnapshotsTest:test_volume_assisted_snapshot_create_delete): 200 GET http://10.180.1.21/compute/v2.1/servers/fe91cc3d-1897-46f2-aacd-afcb505e042f 2.500s
2025-04-03 13:01:49.917 70010 INFO tempest.lib.common.rest_client [req-39ec69ab-6a1b-450e-b74e-34b91a30b7f2 req-39ec69ab-6a1b-450e-b74e-34b91a30b7f2 ] Request (ServerExternalEventsTest:setUpClass): 201 POST http://10.180.1.21/identity/v3/auth/tokens 0.094s
2025-04-03 13:01:49.957 70010 INFO tempest.lib.common.rest_client [req-cb95a600-2e37-4dac-bbe1-67c9144f7c22 req-cb95a600-2e37-4dac-bbe1-67c9144f7c22 ] Request (ServerExternalEventsTest:setUpClass): 201 POST http://10.180.1.21/identity/v3/auth/tokens 0.037s
2025-04-03 13:01:49.992 70010 INFO tempest.lib.common.rest_client [req-9a25ca6d-ddca-4eb1-b0ca-ab5bdc0df802 req-9a25ca6d-ddca-4eb1-b0ca-ab5bdc0df802 ] Request (ServerExternalEventsTest:setUpClass): 200 GET http://10.180.1.21/identity/v3/domains?name=Default 0.034s
2025-04-03 13:01:50.015 70028 INFO tempest.lib.common.rest_client [req-c6d44d20-afe9-433f-8621-5415f695479d req-c6d44d20-afe9-433f-8621-5415f695479d ] Request (ServerDiagnosticsNegativeTest:tearDownClass): 200 GET http://10.180.1.21/compute/v2.1/servers/a13f9f01-4367-405a-b3d5-dcee5e1346c4 2.517s
2025-04-03 13:01:50.033 70010 INFO tempest.lib.common.rest_client [req-80f23d0a-ec64-4a0a-8538-0ef7b7dd6442 req-80f23d0a-ec64-4a0a-8538-0ef7b7dd6442 ] Request (ServerExternalEventsTest:setUpClass): 201 POST http://10.180.1.21/identity/v3/projects 0.041s
2025-04-03 13:01:50.118 70010 INFO tempest.lib.common.rest_client [req-8dd6fafe-6132-4d4b-8600-fae38166f7fb req-8dd6fafe-6132-4d4b-8600-fae38166f7fb ] Request (ServerExternalEventsTest:setUpClass): 201 POST http://10.180.1.21/identity/v3/users 0.084s
2025-04-03 13:01:50.150 70010 INFO tempest.lib.common.rest_client [req-a6ea9fa9-e5f2-4a38-8078-ba8d635a620a req-a6ea9fa9-e5f2-4a38-8078-ba8d635a620a ] Request (ServerExternalEventsTest:setUpClass): 200 GET http://10.180.1.21/identity/v3/roles 0.032s
2025-04-03 13:01:50.196 70020 INFO tempest.lib.common.rest_client [req-8d16c148-a331-4d6c-bfc2-5a71cbf5a925 req-8d16c148-a331-4d6c-bfc2-5a71cbf5a925 ] Request (ServersTestJSON:setUpClass): 201 POST http://10.180.1.21:9696/networking/v2.0/security-group-rules 0.296s
2025-04-03 13:01:50.201 70010 INFO tempest.lib.common.rest_client [req-00fd297d-5fc6-4a76-9873-2f09e96e538f req-00fd297d-5fc6-4a76-9873-2f09e96e538f ] Request (ServerExternalEventsTest:setUpClass): 204 PUT http://10.180.1.21/identity/v3/projects/656e4b7fea504ec098631f294e5a6de3/users/5d5069f54e6e4f7dac58c0954e2b42ca/roles/4dc3f10e490e4016aeb01d7774c8b796 0.050s
2025-04-03 13:01:50.201 70010 INFO tempest.lib.common.dynamic_creds [-] Dynamic test user 5d5069f54e6e4f7dac58c0954e2b42ca is created with scope project and roles: ['member']
2025-04-03 13:01:50.201 70010 INFO tempest.lib.common.dynamic_creds [-] Acquired dynamic creds: credentials: Credentials: {'domain_id': 'default', 'domain_name': 'Default', 'username': 'tempest-ServerExternalEventsTest-1580962394-project-member', 'project_domain_id': 'default', 'project_domain_name': 'Default', 'project_id': '656e4b7fea504ec098631f294e5a6de3', 'project_name': 'tempest-ServerExternalEventsTest-1580962394', 'tenant_id': '656e4b7fea504ec098631f294e5a6de3', 'tenant_name': 'tempest-ServerExternalEventsTest-1580962394', 'user_domain_id': 'default', 'user_domain_name': 'Default', 'user_id': '5d5069f54e6e4f7dac58c0954e2b42ca', 'system': None}, Network: None, Subnet: None, Router: None
2025-04-03 13:01:50.201 70010 INFO tempest.lib.common.dynamic_creds [-] Created isolated network resources for: credentials: Credentials: {'domain_id': 'default', 'domain_name': 'Default', 'username': 'tempest-ServerExternalEventsTest-1580962394-project-member', 'project_domain_id': 'default', 'project_domain_name': 'Default', 'project_id': '656e4b7fea504ec098631f294e5a6de3', 'project_name': 'tempest-ServerExternalEventsTest-1580962394', 'tenant_id': '656e4b7fea504ec098631f294e5a6de3', 'tenant_name': 'tempest-ServerExternalEventsTest-1580962394', 'user_domain_id': 'default', 'user_domain_name': 'Default', 'user_id': '5d5069f54e6e4f7dac58c0954e2b42ca', 'system': None}, Network: None, Subnet: None, Router: None
2025-04-03 13:01:50.256 70044 INFO tempest.lib.common.rest_client [req-15850b7a-1867-4bb8-83aa-b37e6280c435 req-15850b7a-1867-4bb8-83aa-b37e6280c435 ] Request (DeleteServersTestJSON:test_delete_active_server): 200 GET http://10.180.1.21/compute/v2.1/servers/d6097905-921e-4520-bdbb-724e00836022 2.750s
2025-04-03 13:01:50.269 70044 INFO tempest.common.waiters [-] State transition "BUILD/networking" ==> "BUILD/spawning" after 21 second wait
2025-04-03 13:01:50.320 70010 INFO tempest.lib.common.rest_client [req-fc179ede-7852-45b7-bb6c-f747d129c01a req-fc179ede-7852-45b7-bb6c-f747d129c01a ] Request (ServerExternalEventsTest:setUpClass): 201 POST http://10.180.1.21/identity/v3/auth/tokens 0.113s
2025-04-03 13:01:50.431 70010 INFO tempest.lib.common.rest_client [req-28acfd81-b682-43e3-974a-cbc28c8f7fda req-28acfd81-b682-43e3-974a-cbc28c8f7fda ] Request (ServerExternalEventsTest:setUpClass): 201 POST http://10.180.1.21/identity/v3/projects 0.111s
2025-04-03 13:01:50.515 70010 INFO tempest.lib.common.rest_client [req-29bb1fa3-64e6-421c-936c-c5113a4e4a94 req-29bb1fa3-64e6-421c-936c-c5113a4e4a94 ] Request (ServerExternalEventsTest:setUpClass): 201 POST http://10.180.1.21/identity/v3/users 0.083s
2025-04-03 13:01:50.552 70010 INFO tempest.lib.common.rest_client [req-4115bc7c-01ac-46a5-81a5-ef5cd076c490 req-4115bc7c-01ac-46a5-81a5-ef5cd076c490 ] Request (ServerExternalEventsTest:setUpClass): 200 GET http://10.180.1.21/identity/v3/roles 0.037s
2025-04-03 13:01:50.568 70034 INFO tempest.lib.common.rest_client [req-0a948000-11c5-4d1b-80b8-ea18b5a6cef0 req-0a948000-11c5-4d1b-80b8-ea18b5a6cef0 ] Request (ServersWithSpecificFlavorTestJSON:test_verify_created_server_ephemeral_disk): 200 GET http://10.180.1.21/compute/v2.1/servers/13862a3c-8dad-4f7a-ac72-312ab3f8ae7c 3.005s
2025-04-03 13:01:50.578 70034 INFO tempest.common.waiters [-] State transition "BUILD/None" ==> "BUILD/spawning" after 21 second wait
2025-04-03 13:01:50.615 70010 INFO tempest.lib.common.rest_client [req-91b303ce-17b4-4b12-b13a-977fb600819a req-91b303ce-17b4-4b12-b13a-977fb600819a ] Request (ServerExternalEventsTest:setUpClass): 204 PUT http://10.180.1.21/identity/v3/projects/2446edda8ae24614b8f4851f3a02fb70/users/d42c256960444802a8712d6aa7ca8135/roles/8fb8e43c5c8941f5a3b46de2b58af30a 0.062s
2025-04-03 13:01:50.683 70052 INFO tempest.lib.common.rest_client [req-42c523d6-0874-48a2-8314-b9cc22c45336 req-42c523d6-0874-48a2-8314-b9cc22c45336 ] Request (ServersAaction247Test:tearDownClass): 204 DELETE http://10.180.1.21/compute/v2.1/servers/b00eb137-2f66-419d-baec-bd392998d7ef 3.083s
2025-04-03 13:01:50.696 70010 INFO tempest.lib.common.rest_client [req-66c35c34-e008-4c7f-82a0-530f74c1cdbf req-66c35c34-e008-4c7f-82a0-530f74c1cdbf ] Request (ServerExternalEventsTest:setUpClass): 200 GET http://10.180.1.21/identity/v3/roles 0.081s
2025-04-03 13:01:50.720 70010 INFO tempest.lib.common.rest_client [req-ef939a2b-cba4-4b3d-818e-7d91ce012be4 req-ef939a2b-cba4-4b3d-818e-7d91ce012be4 ] Request (ServerExternalEventsTest:setUpClass): 204 PUT http://10.180.1.21/identity/v3/projects/2446edda8ae24614b8f4851f3a02fb70/users/d42c256960444802a8712d6aa7ca8135/roles/8fb8e43c5c8941f5a3b46de2b58af30a 0.023s
2025-04-03 13:01:50.721 70010 INFO tempest.lib.common.dynamic_creds [-] Dynamic test user d42c256960444802a8712d6aa7ca8135 is created with scope project and roles: ['admin']
2025-04-03 13:01:50.721 70010 INFO tempest.lib.common.dynamic_creds [-] Acquired dynamic creds: credentials: Credentials: {'domain_id': 'default', 'domain_name': 'Default', 'username': 'tempest-ServerExternalEventsTest-1193219931-project-admin', 'project_domain_id': 'default', 'project_domain_name': 'Default', 'project_id': '2446edda8ae24614b8f4851f3a02fb70', 'project_name': 'tempest-ServerExternalEventsTest-1193219931', 'tenant_id': '2446edda8ae24614b8f4851f3a02fb70', 'tenant_name': 'tempest-ServerExternalEventsTest-1193219931', 'user_domain_id': 'default', 'user_domain_name': 'Default', 'user_id': 'd42c256960444802a8712d6aa7ca8135', 'system': None}, Network: None, Subnet: None, Router: None
2025-04-03 13:01:50.721 70010 INFO tempest.lib.common.dynamic_creds [-] Created isolated network resources for: credentials: Credentials: {'domain_id': 'default', 'domain_name': 'Default', 'username': 'tempest-ServerExternalEventsTest-1193219931-project-admin', 'project_domain_id': 'default', 'project_domain_name': 'Default', 'project_id': '2446edda8ae24614b8f4851f3a02fb70', 'project_name': 'tempest-ServerExternalEventsTest-1193219931', 'tenant_id': '2446edda8ae24614b8f4851f3a02fb70', 'tenant_name': 'tempest-ServerExternalEventsTest-1193219931', 'user_domain_id': 'default', 'user_domain_name': 'Default', 'user_id': 'd42c256960444802a8712d6aa7ca8135', 'system': None}, Network: None, Subnet: None, Router: None
2025-04-03 13:01:50.779 69992 INFO tempest.lib.common.rest_client [req-43713726-32ce-489a-82f8-e460bd6ed7c8 req-43713726-32ce-489a-82f8-e460bd6ed7c8 ] Request (ServerDiagnosticsV248Test:test_get_server_diagnostics): 200 GET http://10.180.1.21/compute/v2.1/servers/ed00c987-3c06-459e-8d27-bb28938a287f 3.170s
2025-04-03 13:01:50.824 70010 INFO tempest.lib.common.rest_client [req-591f24da-5f9a-455c-9a7c-8e665478f94d req-591f24da-5f9a-455c-9a7c-8e665478f94d ] Request (ServerExternalEventsTest:setUpClass): 201 POST http://10.180.1.21/identity/v3/auth/tokens 0.100s
2025-04-03 13:01:50.849 70012 INFO tempest.lib.common.rest_client [req-3856590a-bc89-427f-806a-c4eb6c4a6313 req-3856590a-bc89-427f-806a-c4eb6c4a6313 ] Request (ImagesNegativeTestJSON:test_create_image_from_deleted_server): 200 GET http://10.180.1.21/compute/v2.1/servers/dbe35c0a-e4ca-4c0c-91cb-4a5e44d3065f 3.197s
2025-04-03 13:01:50.900 70014 INFO tempest.lib.common.rest_client [req-9add0916-c251-4847-87a3-67f7359a658f req-9add0916-c251-4847-87a3-67f7359a658f ] Request (FloatingIPsAssociationNegativeTestJSON:test_associate_ip_to_server_with_floating_ip): 200 POST http://10.180.1.21/compute/v2.1/os-floating-ips 4.016s
2025-04-03 13:01:50.906 70010 INFO tempest.lib.common.rest_client [req-b7617c41-06d2-491e-82f2-8c0ba4b56719 req-b7617c41-06d2-491e-82f2-8c0ba4b56719 ] Request (ServerExternalEventsTest:setUpClass): 201 POST http://10.180.1.21/identity/v3/projects 0.081s
2025-04-03 13:01:50.914 70032 INFO tempest.lib.common.rest_client [req-bc997f39-d953-404f-8e99-e658189382ff req-bc997f39-d953-404f-8e99-e658189382ff ] Request (ServersTestMultiNic:test_verify_duplicate_network_nics): 200 GET http://10.180.1.21/compute/v2.1/servers/7d6889a0-9737-4fc6-828e-5d34979446cc 3.182s
2025-04-03 13:01:50.976 70010 INFO tempest.lib.common.rest_client [req-e6976f30-5718-4784-a3c0-5bb6acce091e req-e6976f30-5718-4784-a3c0-5bb6acce091e ] Request (ServerExternalEventsTest:setUpClass): 201 POST http://10.180.1.21/identity/v3/users 0.070s
2025-04-03 13:01:50.977 70036 INFO tempest.lib.common.rest_client [req-db9f0fb7-5e49-4b8d-9e26-8ddd2ca5cd25 req-db9f0fb7-5e49-4b8d-9e26-8ddd2ca5cd25 ] Request (TenantUsagesTestJSON:setUpClass): 200 GET http://10.180.1.21/compute/v2.1/servers/a7bb40a9-2ae5-4328-ae78-662677610470 3.231s
2025-04-03 13:01:50.981 70017 INFO tempest.lib.common.rest_client [req-c9e7022b-9216-4179-aa64-0060ae63d446 req-c9e7022b-9216-4179-aa64-0060ae63d446 ] Request (ListServerFiltersTestJSON:setUpClass): 200 GET http://10.180.1.21/compute/v2.1/servers/68b9ccb0-38e8-413b-9e0d-3feca42358d4 3.158s
2025-04-03 13:01:51.003 70010 INFO tempest.lib.common.rest_client [req-86eea9c2-751b-457a-8700-83cf33474c42 req-86eea9c2-751b-457a-8700-83cf33474c42 ] Request (ServerExternalEventsTest:setUpClass): 200 GET http://10.180.1.21/identity/v3/roles 0.026s
2025-04-03 13:01:51.022 70004 INFO tempest.lib.common.rest_client [req-95570a6b-7441-4d61-ba05-1c0b748f68e9 req-95570a6b-7441-4d61-ba05-1c0b748f68e9 ] Request (FloatingIPsTestJSON:setUpClass): 200 PUT http://10.180.1.21:9696/networking/v2.0/routers/bff39c4c-2427-41f2-a2a3-6168dfa63171/add_router_interface 2.590s
2025-04-03 13:01:51.022 70004 INFO tempest.lib.common.dynamic_creds [-] Created isolated network resources for: credentials: Credentials: {'domain_id': 'default', 'domain_name': 'Default', 'username': 'tempest-FloatingIPsTestJSON-2036744869-project-member', 'project_domain_id': 'default', 'project_domain_name': 'Default', 'project_id': 'd14bd421f4744018be204b5bdcdf0a4b', 'project_name': 'tempest-FloatingIPsTestJSON-2036744869', 'tenant_id': 'd14bd421f4744018be204b5bdcdf0a4b', 'tenant_name': 'tempest-FloatingIPsTestJSON-2036744869', 'user_domain_id': 'default', 'user_domain_name': 'Default', 'user_id': 'a71cdf194a7d4ae39762a4bd252de59d', 'system': None}, Network: {'id': '9a1a0b78-1858-4ea8-bb90-376c9a9045b5', 'name': 'tempest-FloatingIPsTestJSON-722335820-network', 'tenant_id': 'd14bd421f4744018be204b5bdcdf0a4b', 'admin_state_up': True, 'mtu': 8950, 'status': 'ACTIVE', 'subnets': [], 'shared': False, 'project_id': 'd14bd421f4744018be204b5bdcdf0a4b', 'port_security_enabled': True, 'router:external': False, 'provider:network_type': 'vlan', 'provider:physical_network': 'default', 'provider:segmentation_id': 537, 'availability_zone_hints': [], 'availability_zones': [], 'ipv4_address_scope': None, 'ipv6_address_scope': None, 'description': '', 'tags': [], 'created_at': '2025-04-03T13:01:45Z', 'updated_at': '2025-04-03T13:01:45Z', 'revision_number': 1}, Subnet: {'id': 'c834e575-d2b6-4746-ac7a-d27ec49ddee6', 'name': 'tempest-FloatingIPsTestJSON-722335820-subnet', 'tenant_id': 'd14bd421f4744018be204b5bdcdf0a4b', 'network_id': '9a1a0b78-1858-4ea8-bb90-376c9a9045b5', 'ip_version': 4, 'subnetpool_id': None, 'enable_dhcp': True, 'ipv6_ra_mode': None, 'ipv6_address_mode': None, 'gateway_ip': '192.168.128.1', 'cidr': '192.168.128.0/28', 'allocation_pools': [{'start': '192.168.128.2', 'end': '192.168.128.14'}], 'host_routes': [], 'dns_nameservers': [], 'description': '', 'router:external': False, 'service_types': [], 'tags': [], 'created_at': '2025-04-03T13:01:45Z', 'updated_at': '2025-04-03T13:01:45Z', 'revision_number': 0, 'project_id': 'd14bd421f4744018be204b5bdcdf0a4b'}, Router: {'id': 'bff39c4c-2427-41f2-a2a3-6168dfa63171', 'name': 'tempest-FloatingIPsTestJSON-722335820-router', 'tenant_id': 'd14bd421f4744018be204b5bdcdf0a4b', 'admin_state_up': True, 'status': 'ACTIVE', 'external_gateway_info': {'network_id': '345b050e-d90f-463b-9742-d666a4c82555', 'external_fixed_ips': [{'subnet_id': 'f3e0ac26-f1d1-4431-93c4-f97218d3cc14', 'ip_address': '10.180.180.207'}], 'enable_snat': True}, 'description': '', 'availability_zones': [], 'distributed': False, 'ha': False, 'availability_zone_hints': [], 'routes': [], 'flavor_id': None, 'tags': [], 'created_at': '2025-04-03T13:01:46Z', 'updated_at': '2025-04-03T13:01:47Z', 'revision_number': 2, 'project_id': 'd14bd421f4744018be204b5bdcdf0a4b'}
2025-04-03 13:01:51.035 70010 INFO tempest.lib.common.rest_client [req-6f3ab6f8-9494-4471-97b0-a3f850db7d3e req-6f3ab6f8-9494-4471-97b0-a3f850db7d3e ] Request (ServerExternalEventsTest:setUpClass): 204 PUT http://10.180.1.21/identity/v3/projects/2264524fb81340789f38e41e2a875f16/users/fbca88d6bf314980bd9aee7dc53a69a9/roles/9c7e778599554c0c93dd6521f8c1be4b 0.031s
2025-04-03 13:01:51.041 70040 INFO tempest.lib.common.rest_client [req-bc05ec15-fe0d-4eef-96e2-2f12766ff6c8 req-bc05ec15-fe0d-4eef-96e2-2f12766ff6c8 ] Request (ServerGroupTestJSON:test_create_server_with_scheduler_hint_group): 200 GET http://10.180.1.21/compute/v2.1/servers/4021d91d-b850-4478-9d64-89e9416f4623 3.135s
2025-04-03 13:01:51.090 70010 INFO tempest.lib.common.rest_client [req-7f97f26e-cb0b-4540-8da8-747c86ca2e7b req-7f97f26e-cb0b-4540-8da8-747c86ca2e7b ] Request (ServerExternalEventsTest:setUpClass): 200 GET http://10.180.1.21/identity/v3/roles 0.054s
2025-04-03 13:01:51.099 70004 INFO tempest.lib.common.rest_client [req-697a4a39-8493-4ccc-962f-e9cbd22f033b req-697a4a39-8493-4ccc-962f-e9cbd22f033b ] Request (FloatingIPsTestJSON:setUpClass): 201 POST http://10.180.1.21/identity/v3/auth/tokens 0.074s
