2025-04-03 13:02:33.903 70052 INFO tempest.lib.common.rest_client [req-de017a6d-0d74-407c-8e5d-9f6aaa244994 req-de017a6d-0d74-407c-8e5d-9f6aaa244994 ] Request (ServersNegativeTestMultiTenantJSON:setUpClass): 201 POST http://10.180.1.21/identity/v3/auth/tokens 0.124s
2025-04-03 13:02:33.954 70044 INFO tempest.lib.common.rest_client [req-b3ba85bb-11eb-469e-8d78-8edffdc0aea4 req-b3ba85bb-11eb-469e-8d78-8edffdc0aea4 ] Request (DeleteServersTestJSON:test_delete_active_server): 200 GET http://10.180.1.21/compute/v2.1/servers/d6097905-921e-4520-bdbb-724e00836022 0.235s
2025-04-03 13:02:33.968 69994 INFO tempest.lib.common.rest_client [req-895bee99-8a3e-4bda-adac-be403b769bc0 req-895bee99-8a3e-4bda-adac-be403b769bc0 ] Request (ServersTestBootFromVolume:setUpClass): 200 GET http://10.180.1.21/volume/v3/volumes/775b8bae-1b8b-433c-b66c-085d86335056 0.039s
2025-04-03 13:02:33.981 70052 INFO tempest.lib.common.rest_client [req-781fc85f-57b5-414e-ad4b-ad11df8901af req-781fc85f-57b5-414e-ad4b-ad11df8901af ] Request (ServersNegativeTestMultiTenantJSON:setUpClass): 201 POST http://10.180.1.21/identity/v3/auth/tokens 0.073s
2025-04-03 13:02:33.981 70052 INFO tempest.lib.common.fixed_network [-] (ServersNegativeTestMultiTenantJSON:setUpClass) Found network {'id': 'bb351cc0-dfbb-47a0-9227-750febb7e332', 'name': 'tempest-ServersNegativeTestMultiTenantJSON-172985064-network', 'tenant_id': 'a53f348fb513421a8e73e94a1ab64746', 'admin_state_up': True, 'mtu': 8950, 'status': 'ACTIVE', 'subnets': [], 'shared': False, 'project_id': 'a53f348fb513421a8e73e94a1ab64746', 'port_security_enabled': True, 'router:external': False, 'provider:network_type': 'vlan', 'provider:physical_network': 'default', 'provider:segmentation_id': 375, 'availability_zone_hints': [], 'availability_zones': [], 'ipv4_address_scope': None, 'ipv6_address_scope': None, 'description': '', 'tags': [], 'created_at': '2025-04-03T13:02:22Z', 'updated_at': '2025-04-03T13:02:22Z', 'revision_number': 1} available for tenant
2025-04-03 13:02:34.011 70030 INFO tempest.lib.common.rest_client [req-20f7c810-da9e-418d-a320-f241654df12a req-20f7c810-da9e-418d-a320-f241654df12a ] Request (ServerAddressesTestJSON:tearDownClass): 200 PUT http://10.180.1.21:9696/networking/v2.0/routers/d7695051-c902-4760-8e95-9a2cfc3da0fa/remove_router_interface 0.892s
2025-04-03 13:02:34.024 70032 INFO tempest.lib.common.rest_client [req-5bc8d482-e715-4563-a798-177d7a37efcf req-5bc8d482-e715-4563-a798-177d7a37efcf ] Request (ServersTestMultiNic:test_verify_duplicate_network_nics): 200 GET http://10.180.1.21/compute/v2.1/servers/7d6889a0-9737-4fc6-828e-5d34979446cc 0.557s
2025-04-03 13:02:34.033 70042 INFO tempest.lib.common.rest_client [req-c75daa33-dfe8-4eeb-9553-6329fe385d09 req-c75daa33-dfe8-4eeb-9553-6329fe385d09 ] Request (MigrationsAdminTest:test_list_migrations_in_flavor_resize_situation): 204 POST http://10.180.1.21/compute/v2.1/servers/b0ee902e-14b1-490e-b8ae-e327563499f1/action 0.203s
2025-04-03 13:02:34.265 70012 INFO tempest.lib.common.rest_client [req-4e5f0132-d34d-421a-bf68-bb828f44c8f3 req-4e5f0132-d34d-421a-bf68-bb828f44c8f3 ] Request (ImagesNegativeTestJSON:test_create_image_from_deleted_server): 200 GET http://10.180.1.21/compute/v2.1/servers/dbe35c0a-e4ca-4c0c-91cb-4a5e44d3065f 0.253s
2025-04-03 13:02:34.433 70042 INFO tempest.lib.common.rest_client [req-d9f70cd3-643b-4be1-92bf-46fb236dd948 req-d9f70cd3-643b-4be1-92bf-46fb236dd948 ] Request (MigrationsAdminTest:test_list_migrations_in_flavor_resize_situation): 200 GET http://10.180.1.21/compute/v2.1/servers/b0ee902e-14b1-490e-b8ae-e327563499f1 0.400s
2025-04-03 13:02:34.581 70052 INFO tempest.lib.common.rest_client [req-d8a643ac-37ea-48d2-82ab-1e3536865d3d req-d8a643ac-37ea-48d2-82ab-1e3536865d3d ] Request (ServersNegativeTestMultiTenantJSON:setUpClass): 202 POST http://10.180.1.21/compute/v2.1/servers 0.599s
2025-04-03 13:02:34.584 70050 INFO tempest.lib.common.rest_client [req-8cce651e-d8f2-414c-a49d-9b44b0bf1e7e req-8cce651e-d8f2-414c-a49d-9b44b0bf1e7e ] Request (InstanceActionsNegativeTestJSON:setUpClass): 201 POST http://10.180.1.21:9696/networking/v2.0/routers 1.442s
2025-04-03 13:02:34.614 70017 INFO tempest.lib.common.rest_client [req-2dcd91e5-edce-4961-b850-c2ad043aa60a req-2dcd91e5-edce-4961-b850-c2ad043aa60a ] Request (ListServerFiltersTestJSON:setUpClass): 200 GET http://10.180.1.21/compute/v2.1/servers/68b9ccb0-38e8-413b-9e0d-3feca42358d4 0.578s
2025-04-03 13:02:34.668 70008 INFO tempest.lib.common.rest_client [req-910999af-6557-45be-a2f7-0bf97d8c38f6 req-910999af-6557-45be-a2f7-0bf97d8c38f6 ] Request (ServersAdminTestJSON:setUpClass): 200 GET http://10.180.1.21/compute/v2.1/servers/82967055-3c2f-4d77-9cf1-4f1e2fc5aecb 0.584s
2025-04-03 13:02:34.696 70004 INFO tempest.lib.common.rest_client [req-53b04639-9572-45e6-9dd7-1136f22e925d req-53b04639-9572-45e6-9dd7-1136f22e925d ] Request (ServersV294TestFqdnHostnames:setUpClass): 200 GET http://10.180.1.21/compute/v2.1/servers/ce86cfb9-bad4-4082-9e21-605396cc42f6 0.596s
2025-04-03 13:02:34.744 70026 INFO tempest.lib.common.rest_client [req-d9854fcc-fe44-4fbd-aca9-7b7156502016 req-d9854fcc-fe44-4fbd-aca9-7b7156502016 ] Request (VolumesAdminNegativeTest:test_update_attached_volume_with_nonexistent_volume_in_body): 200 GET http://10.180.1.21/compute/v2.1/servers/5ed6619c-f1a2-476c-ba2f-7289de5b6e9e 0.588s
2025-04-03 13:02:34.781 70030 INFO tempest.lib.common.rest_client [req-51edcdbc-8c06-49e5-b21b-6660dd4df7c0 req-51edcdbc-8c06-49e5-b21b-6660dd4df7c0 ] Request (ServerAddressesTestJSON:tearDownClass): 204 DELETE http://10.180.1.21:9696/networking/v2.0/routers/d7695051-c902-4760-8e95-9a2cfc3da0fa 0.768s
2025-04-03 13:02:34.782 70049 INFO tempest.lib.common.rest_client [req-337bf328-273a-4543-ac20-c11ed1c001d9 req-337bf328-273a-4543-ac20-c11ed1c001d9 ] Request (ServerShowV247Test:test_update_rebuild_list_server): 200 GET http://10.180.1.21/compute/v2.1/servers/bc3196cf-2eb0-4dd9-bfb5-6660a1793ec5 0.591s
2025-04-03 13:02:34.876 70022 INFO tempest.lib.common.rest_client [req-ebf05bb2-1322-40a7-ac1e-5aa0cb0f17c9 req-ebf05bb2-1322-40a7-ac1e-5aa0cb0f17c9 ] Request (DeleteServersAdminTestJSON:test_delete_server_while_in_error_state): 200 GET http://10.180.1.21/compute/v2.1/servers/2d57287c-5315-4c71-867f-dd3d4018ab48 0.620s
2025-04-03 13:02:34.994 69990 INFO tempest.lib.common.rest_client [req-73653c0b-07ba-49dc-919b-9c9274f5a7f1 req-73653c0b-07ba-49dc-919b-9c9274f5a7f1 ] Request (MultipleCreateTestJSON:_run_cleanups): 200 GET http://10.180.1.21/compute/v2.1/servers/8a330708-788d-4af0-b272-a58d83c9c8c8 0.686s
2025-04-03 13:02:35.020 69994 INFO tempest.lib.common.rest_client [req-562fbaab-0dfd-46aa-abd0-1a03f59b15f5 req-562fbaab-0dfd-46aa-abd0-1a03f59b15f5 ] Request (ServersTestBootFromVolume:setUpClass): 200 GET http://10.180.1.21/volume/v3/volumes/775b8bae-1b8b-433c-b66c-085d86335056 0.043s
2025-04-03 13:02:35.030 70030 INFO tempest.lib.common.rest_client [req-228624f8-44fd-43b7-8a57-86a1e8987a0c req-228624f8-44fd-43b7-8a57-86a1e8987a0c ] Request (ServerAddressesTestJSON:tearDownClass): 204 DELETE http://10.180.1.21:9696/networking/v2.0/subnets/88d0be3e-7e93-4c24-9e15-c51245e01d32 0.248s
2025-04-03 13:02:35.068 70000 INFO tempest.lib.common.rest_client [req-2f7e6145-01da-4ad2-8f5a-1cf7ca85e6e9 req-2f7e6145-01da-4ad2-8f5a-1cf7ca85e6e9 ] Request (AttachInterfacesUnderV243Test:test_add_remove_fixed_ip): 200 GET http://10.180.1.21/compute/v2.1/servers/2df1d0a8-d245-45e4-b5ff-b99cb3c10be2 0.749s
2025-04-03 13:02:35.071 70002 INFO tempest.lib.common.rest_client [req-d9c952d5-4d66-4220-a843-5425c6e17396 req-d9c952d5-4d66-4220-a843-5425c6e17396 ] Request (ServersAdminNegativeTestJSON:setUpClass): 200 GET http://10.180.1.21/compute/v2.1/servers/d2281269-3f62-476d-81fb-0d47c60086a2 0.859s
2025-04-03 13:02:35.158 69996 INFO tempest.lib.common.rest_client [req-732680cf-201f-47c8-b41d-94496571f3c6 req-732680cf-201f-47c8-b41d-94496571f3c6 ] Request (ImagesTestJSON:test_create_image_from_stopped_server): 200 GET http://10.180.1.21/compute/v2.1/servers/20c9027e-63e9-4c90-a0dc-62b0fb2c32b5 0.780s
2025-04-03 13:02:35.161 70036 INFO tempest.lib.common.rest_client [req-0d200476-339b-4a75-999f-9835840ef867 req-0d200476-339b-4a75-999f-9835840ef867 ] Request (TenantUsagesTestJSON:tearDownClass): 200 GET http://10.180.1.21/compute/v2.1/servers/a7bb40a9-2ae5-4328-ae78-662677610470 0.757s
2025-04-03 13:02:35.215 69998 INFO tempest.lib.common.rest_client [req-22484558-c63a-4c23-a682-5e923f9d9c52 req-22484558-c63a-4c23-a682-5e923f9d9c52 ] Request (ListServersNegativeTestJSON:setUpClass): 200 GET http://10.180.1.21/compute/v2.1/servers/316e932a-aa31-40e0-9bc4-54d4157d32b0 0.790s
2025-04-03 13:02:35.216 70028 INFO tempest.lib.common.rest_client [req-b48f6ec3-457a-4553-af8a-f09957db957f req-b48f6ec3-457a-4553-af8a-f09957db957f ] Request (InstanceActionsTestJSON:setUpClass): 200 GET http://10.180.1.21/compute/v2.1/servers/713b3237-6d09-4db2-9dd8-ccc7b303ca4b 0.755s
2025-04-03 13:02:35.272 70018 INFO tempest.lib.common.rest_client [req-4d865171-da72-48af-9049-52d99954d55b req-4d865171-da72-48af-9049-52d99954d55b ] Request (AttachInterfacesV270Test:test_create_get_list_interfaces): 200 GET http://10.180.1.21/compute/v2.1/servers/0791541e-da89-4120-8c87-c537b84a7b4b 0.780s
2025-04-03 13:02:35.284 70010 INFO tempest.lib.common.rest_client [req-3c8f6f26-edb2-47b5-a14f-7fe922cd60a9 req-3c8f6f26-edb2-47b5-a14f-7fe922cd60a9 ] Request (ServerExternalEventsTest:test_create_server_external_events): 200 GET http://10.180.1.21/compute/v2.1/servers/81822631-26a8-4c17-a447-8e9d3acac696 0.748s
2025-04-03 13:02:35.307 70038 INFO tempest.lib.common.rest_client [req-93be448b-1605-4725-9aa4-d89444028854 req-93be448b-1605-4725-9aa4-d89444028854 ] Request (ServersAdmin275Test:tearDownClass): 404 GET http://10.180.1.21/compute/v2.1/servers/289362b3-1a05-4b77-a839-9aed86151db7 0.743s
2025-04-03 13:02:35.387 70024 INFO tempest.lib.common.rest_client [req-a08a8e9f-20dc-43b2-933b-ee048653e9b7 req-a08a8e9f-20dc-43b2-933b-ee048653e9b7 ] Request (ServerDiskConfigTestJSON:test_rebuild_server_with_manual_disk_config): 200 GET http://10.180.1.21/compute/v2.1/servers/a99a9f9b-05ed-46ad-96a2-c9c01b81f983 0.769s
2025-04-03 13:02:35.393 70052 INFO tempest.lib.common.rest_client [req-b1f120fc-27f4-464c-941e-d26b294a878e req-b1f120fc-27f4-464c-941e-d26b294a878e ] Request (ServersNegativeTestMultiTenantJSON:setUpClass): 200 GET http://10.180.1.21/compute/v2.1/servers/64083589-1c17-42e5-955b-4e609875a788 0.809s
2025-04-03 13:02:35.408 70030 INFO tempest.lib.common.rest_client [req-c5e39dab-e329-4efd-9b23-c6b6d9541dd6 req-c5e39dab-e329-4efd-9b23-c6b6d9541dd6 ] Request (ServerAddressesTestJSON:tearDownClass): 204 DELETE http://10.180.1.21:9696/networking/v2.0/networks/31beeb86-8064-44b5-807f-ade5be334aaa 0.377s
2025-04-03 13:02:35.456 70038 INFO tempest.lib.common.rest_client [req-8b8e7837-c300-4cef-9e05-441d4053e01b req-8b8e7837-c300-4cef-9e05-441d4053e01b ] Request (ServersAdmin275Test:tearDownClass): 204 DELETE http://10.180.1.21/identity/v3/users/3a148bd1c5314122a7490c3fe5e8c9bf 0.148s
2025-04-03 13:02:35.456 70020 INFO tempest.lib.common.rest_client [req-d12f2b61-a727-46ef-a35f-2ec1336c1139 req-d12f2b61-a727-46ef-a35f-2ec1336c1139 ] Request (ServersTestJSON:setUpClass): 200 GET http://10.180.1.21/compute/v2.1/servers/fff019fb-1d8d-4780-b5db-ad0c977eb958 0.813s
2025-04-03 13:02:35.496 70014 INFO tempest.lib.common.rest_client [req-92700122-bcce-4140-9a00-1ff93d04e74f req-92700122-bcce-4140-9a00-1ff93d04e74f ] Request (FloatingIPsAssociationNegativeTestJSON:tearDownClass): 200 GET http://10.180.1.21/compute/v2.1/servers/e30b30bd-40d9-486d-8ef4-21ad312d0789 0.812s
2025-04-03 13:02:35.539 69992 INFO tempest.lib.common.rest_client [req-e295436f-1dbf-4459-8a90-98ab60679c33 req-e295436f-1dbf-4459-8a90-98ab60679c33 ] Request (ServerDiagnosticsV248Test:tearDownClass): 200 GET http://10.180.1.21/compute/v2.1/servers/ed00c987-3c06-459e-8d27-bb28938a287f 0.785s
2025-04-03 13:02:35.543 70030 INFO tempest.lib.common.rest_client [req-05e31741-8a14-4578-af98-c6502220fe69 req-05e31741-8a14-4578-af98-c6502220fe69 ] Request (ServerAddressesTestJSON:tearDownClass): 204 DELETE http://10.180.1.21/identity/v3/users/e8a476ddf369418191f11506d8fb9a4c 0.135s
2025-04-03 13:02:35.544 70030 INFO tempest.lib.common.dynamic_creds [-] Deleting project and security group for project: be012c90949d44a9b49a3bf8cca6c754
2025-04-03 13:02:35.547 69992 INFO tempest.common.waiters [-] State transition "ACTIVE/deleting" ==> "DELETED/None" after 5 second wait
2025-04-03 13:02:35.565 70040 INFO tempest.lib.common.rest_client [req-32109faa-2cc3-4957-8a97-cb3416c0a636 req-32109faa-2cc3-4957-8a97-cb3416c0a636 ] Request (ServerGroupTestJSON:test_create_server_with_scheduler_hint_group): 200 GET http://10.180.1.21/compute/v2.1/servers/4021d91d-b850-4478-9d64-89e9416f4623 0.665s
2025-04-03 13:02:35.577 70038 INFO tempest.lib.common.rest_client [req-a8175d90-0f1b-42bc-aa21-32e789425cd9 req-a8175d90-0f1b-42bc-aa21-32e789425cd9 ] Request (ServersAdmin275Test:tearDownClass): 204 DELETE http://10.180.1.21/identity/v3/users/f714a16119344b1098fec077e5bf1478 0.121s
2025-04-03 13:02:35.578 70038 INFO tempest.lib.common.dynamic_creds [-] Deleting project and security group for project: 1eb231b3ac9c407dba6fc741023b0311
2025-04-03 13:02:35.579 70030 INFO tempest.lib.common.rest_client [req-c4b41415-a876-452a-bc12-fc2498e9e146 req-c4b41415-a876-452a-bc12-fc2498e9e146 ] Request (ServerAddressesTestJSON:tearDownClass): 200 GET http://10.180.1.21:9696/networking/v2.0/security-groups?tenant_id=be012c90949d44a9b49a3bf8cca6c754&name=default 0.035s
2025-04-03 13:02:35.612 70044 INFO tempest.lib.common.rest_client [req-65f9e4db-8839-4673-bb3b-67bb516e8bd5 req-65f9e4db-8839-4673-bb3b-67bb516e8bd5 ] Request (DeleteServersTestJSON:test_delete_active_server): 200 GET http://10.180.1.21/compute/v2.1/servers/d6097905-921e-4520-bdbb-724e00836022 0.643s
2025-04-03 13:02:35.695 70038 INFO tempest.lib.common.rest_client [req-aa0ac94b-5425-4ae2-9a34-9daf23807629 req-aa0ac94b-5425-4ae2-9a34-9daf23807629 ] Request (ServersAdmin275Test:tearDownClass): 201 POST http://10.180.1.21/identity/v3/auth/tokens 0.115s
2025-04-03 13:02:35.771 70012 INFO tempest.lib.common.rest_client [req-736fd7e6-e1ab-4423-b95b-b665c03b06c4 req-736fd7e6-e1ab-4423-b95b-b665c03b06c4 ] Request (ImagesNegativeTestJSON:test_create_image_from_deleted_server): 200 GET http://10.180.1.21/compute/v2.1/servers/dbe35c0a-e4ca-4c0c-91cb-4a5e44d3065f 0.499s
2025-04-03 13:02:35.896 70032 INFO tempest.lib.common.rest_client [req-fd958987-c131-491d-be42-3bb2c2b9b9bf req-fd958987-c131-491d-be42-3bb2c2b9b9bf ] Request (ServersTestMultiNic:test_verify_duplicate_network_nics): 200 GET http://10.180.1.21/compute/v2.1/servers/7d6889a0-9737-4fc6-828e-5d34979446cc 0.863s
2025-04-03 13:02:35.944 70030 INFO tempest.lib.common.rest_client [req-29d774e9-b42f-438e-aaeb-99bc442f405a req-29d774e9-b42f-438e-aaeb-99bc442f405a ] Request (ServerAddressesTestJSON:tearDownClass): 204 DELETE http://10.180.1.21:9696/networking/v2.0/security-groups/a082288e-9fa9-44ce-8960-82331fdf6c3c 0.364s
2025-04-03 13:02:35.944 70042 INFO tempest.lib.common.rest_client [req-5180855d-0529-4659-9cc8-2a248779d9ae req-5180855d-0529-4659-9cc8-2a248779d9ae ] Request (MigrationsAdminTest:test_list_migrations_in_flavor_resize_situation): 200 GET http://10.180.1.21/compute/v2.1/servers/b0ee902e-14b1-490e-b8ae-e327563499f1 0.502s
2025-04-03 13:02:36.019 70038 INFO tempest.lib.common.rest_client [req-d6fa8107-7388-4a2c-9e12-597c9e8f920e req-d6fa8107-7388-4a2c-9e12-597c9e8f920e ] Request (ServersAdmin275Test:tearDownClass): 200 GET http://10.180.1.21:9696/networking/v2.0/security-groups?tenant_id=1eb231b3ac9c407dba6fc741023b0311&name=default 0.323s
2025-04-03 13:02:36.022 70008 INFO tempest.lib.common.rest_client [req-22ac20a9-834d-4983-b2fa-2ea6c5722503 req-22ac20a9-834d-4983-b2fa-2ea6c5722503 ] Request (ServersAdminTestJSON:setUpClass): 200 GET http://10.180.1.21/compute/v2.1/servers/82967055-3c2f-4d77-9cf1-4f1e2fc5aecb 0.342s
2025-04-03 13:02:36.034 70030 INFO tempest.lib.common.rest_client [req-b1d74dde-3cf8-4b36-b073-187c333c36d7 req-b1d74dde-3cf8-4b36-b073-187c333c36d7 ] Request (ServerAddressesTestJSON:tearDownClass): 204 DELETE http://10.180.1.21/identity/v3/projects/be012c90949d44a9b49a3bf8cca6c754 0.089s
2025-04-03 13:02:36.065 70017 INFO tempest.lib.common.rest_client [req-d0f70c2e-b281-44b6-8a93-7e143a2ba89a req-d0f70c2e-b281-44b6-8a93-7e143a2ba89a ] Request (ListServerFiltersTestJSON:setUpClass): 200 GET http://10.180.1.21/compute/v2.1/servers/68b9ccb0-38e8-413b-9e0d-3feca42358d4 0.437s
2025-04-03 13:02:36.099 70004 INFO tempest.lib.common.rest_client [req-1a365249-9a4b-4639-aae6-7b1d83fb3e20 req-1a365249-9a4b-4639-aae6-7b1d83fb3e20 ] Request (ServersV294TestFqdnHostnames:setUpClass): 200 GET http://10.180.1.21/compute/v2.1/servers/ce86cfb9-bad4-4082-9e21-605396cc42f6 0.388s
2025-04-03 13:02:36.109 70030 INFO tempest.lib.common.rest_client [req-54d37c82-a879-4642-9875-e7fed3ef85d6 req-54d37c82-a879-4642-9875-e7fed3ef85d6 ] Request (ExtensionsTest:setUpClass): 201 POST http://10.180.1.21/identity/v3/auth/tokens 0.073s
2025-04-03 13:02:36.128 70026 INFO tempest.lib.common.rest_client [req-25380b21-d20c-404f-8a66-b3e7281c982f req-25380b21-d20c-404f-8a66-b3e7281c982f ] Request (VolumesAdminNegativeTest:test_update_attached_volume_with_nonexistent_volume_in_body): 200 GET http://10.180.1.21/compute/v2.1/servers/5ed6619c-f1a2-476c-ba2f-7289de5b6e9e 0.375s
2025-04-03 13:02:36.146 70030 INFO tempest.lib.common.rest_client [req-7169a962-5b6a-4308-a4a4-cf2b33375cfb req-7169a962-5b6a-4308-a4a4-cf2b33375cfb ] Request (ExtensionsTest:setUpClass): 201 POST http://10.180.1.21/identity/v3/auth/tokens 0.033s
2025-04-03 13:02:36.161 70049 INFO tempest.lib.common.rest_client [req-2e882341-2b3d-4fc4-bbae-c626b3f8c6fd req-2e882341-2b3d-4fc4-bbae-c626b3f8c6fd ] Request (ServerShowV247Test:test_update_rebuild_list_server): 200 GET http://10.180.1.21/compute/v2.1/servers/bc3196cf-2eb0-4dd9-bfb5-6660a1793ec5 0.363s
2025-04-03 13:02:36.169 70038 INFO tempest.lib.common.rest_client [req-2a62709a-9a3e-41fb-a0c3-6d45e0c47d04 req-2a62709a-9a3e-41fb-a0c3-6d45e0c47d04 ] Request (ServersAdmin275Test:tearDownClass): 204 DELETE http://10.180.1.21:9696/networking/v2.0/security-groups/21efef91-e09a-4dec-9ffb-9d1c47d57ac9 0.150s
2025-04-03 13:02:36.188 70030 INFO tempest.lib.common.rest_client [req-e9503c6b-1e86-477c-8172-4f60a73fa569 req-e9503c6b-1e86-477c-8172-4f60a73fa569 ] Request (ExtensionsTest:setUpClass): 200 GET http://10.180.1.21/identity/v3/domains?name=Default 0.041s
2025-04-03 13:02:36.197 70022 INFO tempest.lib.common.rest_client [req-f7f2f85d-dad1-4730-99fa-59fbe1aca6fd req-f7f2f85d-dad1-4730-99fa-59fbe1aca6fd ] Request (DeleteServersAdminTestJSON:test_delete_server_while_in_error_state): 200 GET http://10.180.1.21/compute/v2.1/servers/2d57287c-5315-4c71-867f-dd3d4018ab48 0.310s
2025-04-03 13:02:36.198 69994 INFO tempest.lib.common.rest_client [req-fc83b704-bcfe-4f19-a450-6fb385d06bfa req-fc83b704-bcfe-4f19-a450-6fb385d06bfa ] Request (ServersTestBootFromVolume:setUpClass): 200 GET http://10.180.1.21/volume/v3/volumes/775b8bae-1b8b-433c-b66c-085d86335056 0.170s
2025-04-03 13:02:36.226 70030 INFO tempest.lib.common.rest_client [req-1b1e7577-c33b-45e6-8518-441cbac991f3 req-1b1e7577-c33b-45e6-8518-441cbac991f3 ] Request (ExtensionsTest:setUpClass): 201 POST http://10.180.1.21/identity/v3/projects 0.037s
2025-04-03 13:02:36.253 69990 INFO tempest.lib.common.rest_client [req-6e4f0908-5a31-47d6-8c90-efd4f322d332 req-6e4f0908-5a31-47d6-8c90-efd4f322d332 ] Request (MultipleCreateTestJSON:_run_cleanups): 200 GET http://10.180.1.21/compute/v2.1/servers/8a330708-788d-4af0-b272-a58d83c9c8c8 0.248s
2025-04-03 13:02:36.259 70038 INFO tempest.lib.common.rest_client [req-5ae178fa-e3f4-4a41-9318-94bbf7876cb3 req-5ae178fa-e3f4-4a41-9318-94bbf7876cb3 ] Request (ServersAdmin275Test:tearDownClass): 204 DELETE http://10.180.1.21/identity/v3/projects/1eb231b3ac9c407dba6fc741023b0311 0.089s
2025-04-03 13:02:36.259 70038 INFO tempest.lib.common.dynamic_creds [-] Deleting project and security group for project: 559cac89ed04460e879f66367a18508a
2025-04-03 13:02:36.272 70000 INFO tempest.lib.common.rest_client [req-57c73edc-ac53-439b-9238-c10b628a3eaa req-57c73edc-ac53-439b-9238-c10b628a3eaa ] Request (AttachInterfacesUnderV243Test:test_add_remove_fixed_ip): 200 GET http://10.180.1.21/compute/v2.1/servers/2df1d0a8-d245-45e4-b5ff-b99cb3c10be2 0.192s
2025-04-03 13:02:36.318 70030 INFO tempest.lib.common.rest_client [req-720b48c3-52e6-45c3-b125-a5af62222a68 req-720b48c3-52e6-45c3-b125-a5af62222a68 ] Request (ExtensionsTest:setUpClass): 201 POST http://10.180.1.21/identity/v3/users 0.091s
2025-04-03 13:02:36.319 70002 INFO tempest.lib.common.rest_client [req-5e9be465-080d-427f-9df3-73cbff36b7ce req-5e9be465-080d-427f-9df3-73cbff36b7ce ] Request (ServersAdminNegativeTestJSON:setUpClass): 200 GET http://10.180.1.21/compute/v2.1/servers/d2281269-3f62-476d-81fb-0d47c60086a2 0.231s
2025-04-03 13:02:36.345 69996 INFO tempest.lib.common.rest_client [req-b2ea702e-b1e7-424b-8c37-370ce5af3120 req-b2ea702e-b1e7-424b-8c37-370ce5af3120 ] Request (ImagesTestJSON:test_create_image_from_stopped_server): 200 GET http://10.180.1.21/compute/v2.1/servers/20c9027e-63e9-4c90-a0dc-62b0fb2c32b5 0.176s
2025-04-03 13:02:36.364 70030 INFO tempest.lib.common.rest_client [req-519a9f0d-dd8c-4f34-8856-e7d447d44408 req-519a9f0d-dd8c-4f34-8856-e7d447d44408 ] Request (ExtensionsTest:setUpClass): 200 GET http://10.180.1.21/identity/v3/roles 0.046s
2025-04-03 13:02:36.398 70030 INFO tempest.lib.common.rest_client [req-d7268529-52a6-480e-b758-a07637b42c35 req-d7268529-52a6-480e-b758-a07637b42c35 ] Request (ExtensionsTest:setUpClass): 204 PUT http://10.180.1.21/identity/v3/projects/813b5a84526c4fb19c725d489c46ad58/users/378e03e6c3de44f39098b88d0cf288bc/roles/4dc3f10e490e4016aeb01d7774c8b796 0.032s
2025-04-03 13:02:36.398 70030 INFO tempest.lib.common.dynamic_creds [-] Dynamic test user 378e03e6c3de44f39098b88d0cf288bc is created with scope project and roles: ['member']
2025-04-03 13:02:36.398 70030 INFO tempest.lib.common.dynamic_creds [-] Acquired dynamic creds: credentials: Credentials: {'domain_id': 'default', 'domain_name': 'Default', 'username': 'tempest-ExtensionsTest-1380977535-project-member', 'project_domain_id': 'default', 'project_domain_name': 'Default', 'project_id': '813b5a84526c4fb19c725d489c46ad58', 'project_name': 'tempest-ExtensionsTest-1380977535', 'tenant_id': '813b5a84526c4fb19c725d489c46ad58', 'tenant_name': 'tempest-ExtensionsTest-1380977535', 'user_domain_id': 'default', 'user_domain_name': 'Default', 'user_id': '378e03e6c3de44f39098b88d0cf288bc', 'system': None}, Network: None, Subnet: None, Router: None
2025-04-03 13:02:36.398 70030 INFO tempest.lib.common.dynamic_creds [-] Created isolated network resources for: credentials: Credentials: {'domain_id': 'default', 'domain_name': 'Default', 'username': 'tempest-ExtensionsTest-1380977535-project-member', 'project_domain_id': 'default', 'project_domain_name': 'Default', 'project_id': '813b5a84526c4fb19c725d489c46ad58', 'project_name': 'tempest-ExtensionsTest-1380977535', 'tenant_id': '813b5a84526c4fb19c725d489c46ad58', 'tenant_name': 'tempest-ExtensionsTest-1380977535', 'user_domain_id': 'default', 'user_domain_name': 'Default', 'user_id': '378e03e6c3de44f39098b88d0cf288bc', 'system': None}, Network: None, Subnet: None, Router: None
2025-04-03 13:02:36.399 70036 INFO tempest.lib.common.rest_client [req-22484102-19a2-4fb1-9259-f3f8a6002221 req-22484102-19a2-4fb1-9259-f3f8a6002221 ] Request (TenantUsagesTestJSON:tearDownClass): 200 GET http://10.180.1.21/compute/v2.1/servers/a7bb40a9-2ae5-4328-ae78-662677610470 0.221s
2025-04-03 13:02:36.417 70038 INFO tempest.lib.common.rest_client [req-873f5667-fc3b-4bce-90ab-7d61379e0f3d req-873f5667-fc3b-4bce-90ab-7d61379e0f3d ] Request (ServersAdmin275Test:tearDownClass): 200 GET http://10.180.1.21:9696/networking/v2.0/security-groups?tenant_id=559cac89ed04460e879f66367a18508a&name=default 0.158s
2025-04-03 13:02:36.423 69998 INFO tempest.lib.common.rest_client [req-d4ea28ec-22c8-47b5-a099-1725d06e675c req-d4ea28ec-22c8-47b5-a099-1725d06e675c ] Request (ListServersNegativeTestJSON:setUpClass): 200 GET http://10.180.1.21/compute/v2.1/servers/316e932a-aa31-40e0-9bc4-54d4157d32b0 0.197s
2025-04-03 13:02:36.458 70028 INFO tempest.lib.common.rest_client [req-9397a1c7-884b-4a11-9a90-b9f122814dd3 req-9397a1c7-884b-4a11-9a90-b9f122814dd3 ] Request (InstanceActionsTestJSON:setUpClass): 200 GET http://10.180.1.21/compute/v2.1/servers/713b3237-6d09-4db2-9dd8-ccc7b303ca4b 0.230s
2025-04-03 13:02:36.475 70030 INFO tempest.lib.common.rest_client [req-370dc1be-380b-447f-acb3-3328048b1c6d req-370dc1be-380b-447f-acb3-3328048b1c6d ] Request (ExtensionsTest:setUpClass): 201 POST http://10.180.1.21/identity/v3/auth/tokens 0.070s
2025-04-03 13:02:36.494 70018 INFO tempest.lib.common.rest_client [req-2c46d951-8234-4ea8-844f-f6ae0ca86bbc req-2c46d951-8234-4ea8-844f-f6ae0ca86bbc ] Request (AttachInterfacesV270Test:test_create_get_list_interfaces): 200 GET http://10.180.1.21/compute/v2.1/servers/0791541e-da89-4120-8c87-c537b84a7b4b 0.211s
2025-04-03 13:02:36.509 70010 INFO tempest.lib.common.rest_client [req-cf247e25-5d48-4593-8698-16b0198cd7fe req-cf247e25-5d48-4593-8698-16b0198cd7fe ] Request (ServerExternalEventsTest:test_create_server_external_events): 200 GET http://10.180.1.21/compute/v2.1/servers/81822631-26a8-4c17-a447-8e9d3acac696 0.217s
2025-04-03 13:02:36.519 70050 INFO tempest.lib.common.rest_client [req-266c933e-95b3-43ab-a843-32866a446632 req-266c933e-95b3-43ab-a843-32866a446632 ] Request (InstanceActionsNegativeTestJSON:setUpClass): 200 PUT http://10.180.1.21:9696/networking/v2.0/routers/dcad67a5-def4-4c44-a91b-1039bd656179/add_router_interface 1.931s
2025-04-03 13:02:36.519 70038 INFO tempest.lib.common.rest_client [req-cd323099-ee49-4fb8-8f46-ae9e25c33c76 req-cd323099-ee49-4fb8-8f46-ae9e25c33c76 ] Request (ServersAdmin275Test:tearDownClass): 204 DELETE http://10.180.1.21:9696/networking/v2.0/security-groups/f0203b6f-9b6b-4e57-9fcb-8752d657ef48 0.101s
2025-04-03 13:02:36.519 70050 INFO tempest.lib.common.dynamic_creds [-] Created isolated network resources for: credentials: Credentials: {'domain_id': 'default', 'domain_name': 'Default', 'username': 'tempest-InstanceActionsNegativeTestJSON-1478963646-project-member', 'project_domain_id': 'default', 'project_domain_name': 'Default', 'project_id': 'f16fd2226ed04a9ea6b95d28fddf461b', 'project_name': 'tempest-InstanceActionsNegativeTestJSON-1478963646', 'tenant_id': 'f16fd2226ed04a9ea6b95d28fddf461b', 'tenant_name': 'tempest-InstanceActionsNegativeTestJSON-1478963646', 'user_domain_id': 'default', 'user_domain_name': 'Default', 'user_id': '3dcb7452b91249a989b03dc0d952c1b5', 'system': None}, Network: {'id': '9774bda1-4e73-47d7-9d85-72a94b4a3a1f', 'name': 'tempest-InstanceActionsNegativeTestJSON-1876012335-network', 'tenant_id': 'f16fd2226ed04a9ea6b95d28fddf461b', 'admin_state_up': True, 'mtu': 8950, 'status': 'ACTIVE', 'subnets': [], 'shared': False, 'project_id': 'f16fd2226ed04a9ea6b95d28fddf461b', 'port_security_enabled': True, 'router:external': False, 'provider:network_type': 'vlan', 'provider:physical_network': 'default', 'provider:segmentation_id': 422, 'availability_zone_hints': [], 'availability_zones': [], 'ipv4_address_scope': None, 'ipv6_address_scope': None, 'description': '', 'tags': [], 'created_at': '2025-04-03T13:02:32Z', 'updated_at': '2025-04-03T13:02:32Z', 'revision_number': 1}, Subnet: {'id': '99b856c1-4da0-4da9-aa99-9508f03549d4', 'name': 'tempest-InstanceActionsNegativeTestJSON-1876012335-subnet', 'tenant_id': 'f16fd2226ed04a9ea6b95d28fddf461b', 'network_id': '9774bda1-4e73-47d7-9d85-72a94b4a3a1f', 'ip_version': 4, 'subnetpool_id': None, 'enable_dhcp': True, 'ipv6_ra_mode': None, 'ipv6_address_mode': None, 'gateway_ip': '192.168.128.1', 'cidr': '192.168.128.0/28', 'allocation_pools': [{'start': '192.168.128.2', 'end': '192.168.128.14'}], 'host_routes': [], 'dns_nameservers': [], 'description': '', 'router:external': False, 'service_types': [], 'tags': [], 'created_at': '2025-04-03T13:02:32Z', 'updated_at': '2025-04-03T13:02:32Z', 'revision_number': 0, 'project_id': 'f16fd2226ed04a9ea6b95d28fddf461b'}, Router: {'id': 'dcad67a5-def4-4c44-a91b-1039bd656179', 'name': 'tempest-InstanceActionsNegativeTestJSON-1876012335-router', 'tenant_id': 'f16fd2226ed04a9ea6b95d28fddf461b', 'admin_state_up': True, 'status': 'ACTIVE', 'external_gateway_info': {'network_id': '345b050e-d90f-463b-9742-d666a4c82555', 'external_fixed_ips': [{'subnet_id': 'f3e0ac26-f1d1-4431-93c4-f97218d3cc14', 'ip_address': '10.180.180.159'}], 'enable_snat': True}, 'description': '', 'availability_zones': [], 'distributed': False, 'ha': False, 'availability_zone_hints': [], 'routes': [], 'flavor_id': None, 'tags': [], 'created_at': '2025-04-03T13:02:33Z', 'updated_at': '2025-04-03T13:02:34Z', 'revision_number': 2, 'project_id': 'f16fd2226ed04a9ea6b95d28fddf461b'}
2025-04-03 13:02:36.548 70024 INFO tempest.lib.common.rest_client [req-63fe2bcc-d0c8-4347-9390-4d55dab82450 req-63fe2bcc-d0c8-4347-9390-4d55dab82450 ] Request (ServerDiskConfigTestJSON:test_rebuild_server_with_manual_disk_config): 200 GET http://10.180.1.21/compute/v2.1/servers/a99a9f9b-05ed-46ad-96a2-c9c01b81f983 0.142s
2025-04-03 13:02:36.562 70052 INFO tempest.lib.common.rest_client [req-e35864fb-1fff-4886-b601-7dec40e9dcfb req-e35864fb-1fff-4886-b601-7dec40e9dcfb ] Request (ServersNegativeTestMultiTenantJSON:setUpClass): 200 GET http://10.180.1.21/compute/v2.1/servers/64083589-1c17-42e5-955b-4e609875a788 0.156s
2025-04-03 13:02:36.600 70050 INFO tempest.lib.common.rest_client [req-5a509fd5-34f8-44a9-bb5e-923529ce0d3a req-5a509fd5-34f8-44a9-bb5e-923529ce0d3a ] Request (InstanceActionsNegativeTestJSON:setUpClass): 201 POST http://10.180.1.21/identity/v3/auth/tokens 0.077s
2025-04-03 13:02:36.607 70020 INFO tempest.lib.common.rest_client [req-32196c20-362c-44b8-8bd0-9c08f9835b28 req-32196c20-362c-44b8-8bd0-9c08f9835b28 ] Request (ServersTestJSON:setUpClass): 200 GET http://10.180.1.21/compute/v2.1/servers/fff019fb-1d8d-4780-b5db-ad0c977eb958 0.139s
2025-04-03 13:02:36.644 70038 INFO tempest.lib.common.rest_client [req-4a8b1cfd-48ba-423d-b584-f8d0e2fc0912 req-4a8b1cfd-48ba-423d-b584-f8d0e2fc0912 ] Request (ServersAdmin275Test:tearDownClass): 204 DELETE http://10.180.1.21/identity/v3/projects/559cac89ed04460e879f66367a18508a 0.124s
2025-04-03 13:02:36.680 70014 INFO tempest.lib.common.rest_client [req-774984f4-f289-4343-bacc-67443be08343 req-774984f4-f289-4343-bacc-67443be08343 ] Request (FloatingIPsAssociationNegativeTestJSON:tearDownClass): 200 GET http://10.180.1.21/compute/v2.1/servers/e30b30bd-40d9-486d-8ef4-21ad312d0789 0.172s
2025-04-03 13:02:36.696 70050 INFO tempest.lib.common.rest_client [req-97b0c9be-4b5a-450c-ad2c-bc48d848c2c9 req-97b0c9be-4b5a-450c-ad2c-bc48d848c2c9 ] Request (InstanceActionsNegativeTestJSON:setUpClass): 201 POST http://10.180.1.21/identity/v3/auth/tokens 0.091s
2025-04-03 13:02:36.697 70050 INFO tempest.lib.common.fixed_network [-] (InstanceActionsNegativeTestJSON:setUpClass) Found network {'id': '9774bda1-4e73-47d7-9d85-72a94b4a3a1f', 'name': 'tempest-InstanceActionsNegativeTestJSON-1876012335-network', 'tenant_id': 'f16fd2226ed04a9ea6b95d28fddf461b', 'admin_state_up': True, 'mtu': 8950, 'status': 'ACTIVE', 'subnets': [], 'shared': False, 'project_id': 'f16fd2226ed04a9ea6b95d28fddf461b', 'port_security_enabled': True, 'router:external': False, 'provider:network_type': 'vlan', 'provider:physical_network': 'default', 'provider:segmentation_id': 422, 'availability_zone_hints': [], 'availability_zones': [], 'ipv4_address_scope': None, 'ipv6_address_scope': None, 'description': '', 'tags': [], 'created_at': '2025-04-03T13:02:32Z', 'updated_at': '2025-04-03T13:02:32Z', 'revision_number': 1} available for tenant
2025-04-03 13:02:36.741 69992 INFO tempest.lib.common.rest_client [req-1f686f44-af61-4425-88cb-d0fe9e36e1bc req-1f686f44-af61-4425-88cb-d0fe9e36e1bc ] Request (ServerDiagnosticsV248Test:tearDownClass): 200 GET http://10.180.1.21/compute/v2.1/servers/ed00c987-3c06-459e-8d27-bb28938a287f 0.192s
2025-04-03 13:02:36.748 70030 INFO tempest.lib.common.rest_client [req-5fe097e5-579d-4ed7-a9f8-b6a847734c4b req-5fe097e5-579d-4ed7-a9f8-b6a847734c4b ] Request (ExtensionsTest:test_get_extension): 200 GET http://10.180.1.21/compute/v2.1/extensions/os-consoles 0.271s
2025-04-03 13:02:36.748 70038 INFO tempest.lib.common.rest_client [req-be3a1531-6ac0-499c-9e63-6104d4ef3090 req-be3a1531-6ac0-499c-9e63-6104d4ef3090 ] Request (ImagesOneServerNegativeTestJSON:setUpClass): 201 POST http://10.180.1.21/identity/v3/auth/tokens 0.101s
2025-04-03 13:02:36.785 70038 INFO tempest.lib.common.rest_client [req-7330e23e-ea3a-4204-82cb-c826520bcd55 req-7330e23e-ea3a-4204-82cb-c826520bcd55 ] Request (ImagesOneServerNegativeTestJSON:setUpClass): 201 POST http://10.180.1.21/identity/v3/auth/tokens 0.035s
2025-04-03 13:02:36.805 70044 INFO tempest.lib.common.rest_client [req-f5694a31-d13e-4e59-b297-edde7f55868c req-f5694a31-d13e-4e59-b297-edde7f55868c ] Request (DeleteServersTestJSON:test_delete_active_server): 200 GET http://10.180.1.21/compute/v2.1/servers/d6097905-921e-4520-bdbb-724e00836022 0.181s
2025-04-03 13:02:36.806 70040 INFO tempest.lib.common.rest_client [req-bccf820e-3081-478f-a130-ba0201691445 req-bccf820e-3081-478f-a130-ba0201691445 ] Request (ServerGroupTestJSON:test_create_server_with_scheduler_hint_group): 200 GET http://10.180.1.21/compute/v2.1/servers/4021d91d-b850-4478-9d64-89e9416f4623 0.230s
2025-04-03 13:02:36.814 70038 INFO tempest.lib.common.rest_client [req-7fc0f939-d18f-4a91-a2de-79ac91b9669b req-7fc0f939-d18f-4a91-a2de-79ac91b9669b ] Request (ImagesOneServerNegativeTestJSON:setUpClass): 200 GET http://10.180.1.21/identity/v3/domains?name=Default 0.029s
2025-04-03 13:02:36.827 70030 INFO tempest.lib.common.rest_client [req-7f9820b5-ad20-42d7-ab84-955e8682b18d req-7f9820b5-ad20-42d7-ab84-955e8682b18d ] Request (ExtensionsTest:test_list_extensions): 200 GET http://10.180.1.21/compute/v2.1/extensions 0.078s
2025-04-03 13:02:36.851 70038 INFO tempest.lib.common.rest_client [req-af919cb6-4353-4c74-b87b-7a3f70b45739 req-af919cb6-4353-4c74-b87b-7a3f70b45739 ] Request (ImagesOneServerNegativeTestJSON:setUpClass): 201 POST http://10.180.1.21/identity/v3/projects 0.031s
2025-04-03 13:02:36.891 70034 WARNING tempest.lib.common.ssh [-] Failed to establish authenticated ssh connection to cirros@10.180.180.248 ([Errno None] Unable to connect to port 22 on 10.180.180.248). Number attempts: 5. Retry after 6 seconds.: paramiko.ssh_exception.NoValidConnectionsError: [Errno None] Unable to connect to port 22 on 10.180.180.248
2025-04-03 13:02:36.913 70038 INFO tempest.lib.common.rest_client [req-4606afde-b08f-4e96-a952-462362f818a1 req-4606afde-b08f-4e96-a952-462362f818a1 ] Request (ImagesOneServerNegativeTestJSON:setUpClass): 201 POST http://10.180.1.21/identity/v3/users 0.060s
2025-04-03 13:02:36.922 70012 INFO tempest.lib.common.rest_client [req-3f31708b-568f-47e2-94cd-eded264ecd72 req-3f31708b-568f-47e2-94cd-eded264ecd72 ] Request (ImagesNegativeTestJSON:test_create_image_from_deleted_server): 200 GET http://10.180.1.21/compute/v2.1/servers/dbe35c0a-e4ca-4c0c-91cb-4a5e44d3065f 0.142s
2025-04-03 13:02:36.945 70030 INFO tempest.lib.common.rest_client [req-d4ec63ce-bab0-42da-8c2d-9c7185d5ebfa req-d4ec63ce-bab0-42da-8c2d-9c7185d5ebfa ] Request (ExtensionsTest:tearDownClass): 204 DELETE http://10.180.1.21/identity/v3/users/378e03e6c3de44f39098b88d0cf288bc 0.109s
2025-04-03 13:02:36.945 70030 INFO tempest.lib.common.dynamic_creds [-] Deleting project and security group for project: 813b5a84526c4fb19c725d489c46ad58
2025-04-03 13:02:36.970 70038 INFO tempest.lib.common.rest_client [req-e671c173-6647-491d-87d0-ad1eff30b9cc req-e671c173-6647-491d-87d0-ad1eff30b9cc ] Request (ImagesOneServerNegativeTestJSON:setUpClass): 200 GET http://10.180.1.21/identity/v3/roles 0.057s
2025-04-03 13:02:37.013 70030 INFO tempest.lib.common.rest_client [req-ad277bf7-5b6f-4ffe-8c9f-d447f1524b79 req-ad277bf7-5b6f-4ffe-8c9f-d447f1524b79 ] Request (ExtensionsTest:tearDownClass): 201 POST http://10.180.1.21/identity/v3/auth/tokens 0.067s
2025-04-03 13:02:37.035 70038 INFO tempest.lib.common.rest_client [req-349f546e-afaf-4568-8dd4-c0ec29cc5b31 req-349f546e-afaf-4568-8dd4-c0ec29cc5b31 ] Request (ImagesOneServerNegativeTestJSON:setUpClass): 204 PUT http://10.180.1.21/identity/v3/projects/6b0df98ed67748189c947d02685dbeba/users/575b81b7a2ec4ed5adacdfbc849f8d27/roles/4dc3f10e490e4016aeb01d7774c8b796 0.065s
2025-04-03 13:02:37.035 70038 INFO tempest.lib.common.dynamic_creds [-] Dynamic test user 575b81b7a2ec4ed5adacdfbc849f8d27 is created with scope project and roles: ['member']
2025-04-03 13:02:37.036 70038 INFO tempest.lib.common.dynamic_creds [-] Acquired dynamic creds: credentials: Credentials: {'domain_id': 'default', 'domain_name': 'Default', 'username': 'tempest-ImagesOneServerNegativeTestJSON-1283918143-project-member', 'project_domain_id': 'default', 'project_domain_name': 'Default', 'project_id': '6b0df98ed67748189c947d02685dbeba', 'project_name': 'tempest-ImagesOneServerNegativeTestJSON-1283918143', 'tenant_id': '6b0df98ed67748189c947d02685dbeba', 'tenant_name': 'tempest-ImagesOneServerNegativeTestJSON-1283918143', 'user_domain_id': 'default', 'user_domain_name': 'Default', 'user_id': '575b81b7a2ec4ed5adacdfbc849f8d27', 'system': None}, Network: None, Subnet: None, Router: None
2025-04-03 13:02:37.093 70038 INFO tempest.lib.common.rest_client [req-6e0403ac-10b7-451c-a5b0-1b4c52b76c20 req-6e0403ac-10b7-451c-a5b0-1b4c52b76c20 ] Request (ImagesOneServerNegativeTestJSON:setUpClass): 201 POST http://10.180.1.21/identity/v3/auth/tokens 0.057s
2025-04-03 13:02:37.149 70032 INFO tempest.lib.common.rest_client [req-a5a77ab0-d262-4395-bff8-0fc31e513651 req-a5a77ab0-d262-4395-bff8-0fc31e513651 ] Request (ServersTestMultiNic:test_verify_duplicate_network_nics): 200 GET http://10.180.1.21/compute/v2.1/servers/7d6889a0-9737-4fc6-828e-5d34979446cc 0.240s
2025-04-03 13:02:37.240 69994 INFO tempest.lib.common.rest_client [req-fa641073-062d-4fd2-b0b1-b502ab38b927 req-fa641073-062d-4fd2-b0b1-b502ab38b927 ] Request (ServersTestBootFromVolume:setUpClass): 200 GET http://10.180.1.21/volume/v3/volumes/775b8bae-1b8b-433c-b66c-085d86335056 0.034s
2025-04-03 13:02:37.329 70042 INFO tempest.lib.common.rest_client [req-d5df3f54-a063-4e3b-ac5e-775dc2d2e829 req-d5df3f54-a063-4e3b-ac5e-775dc2d2e829 ] Request (MigrationsAdminTest:test_list_migrations_in_flavor_resize_situation): 200 GET http://10.180.1.21/compute/v2.1/servers/b0ee902e-14b1-490e-b8ae-e327563499f1 0.371s
2025-04-03 13:02:37.403 70008 INFO tempest.lib.common.rest_client [req-5ee1a9db-2728-45ce-b920-0cfe5f80e20d req-5ee1a9db-2728-45ce-b920-0cfe5f80e20d ] Request (ServersAdminTestJSON:setUpClass): 200 GET http://10.180.1.21/compute/v2.1/servers/82967055-3c2f-4d77-9cf1-4f1e2fc5aecb 0.371s
2025-04-03 13:02:37.404 70030 INFO tempest.lib.common.rest_client [req-cdb9d1f2-143b-4e96-b4b4-4916b245ef85 req-cdb9d1f2-143b-4e96-b4b4-4916b245ef85 ] Request (ExtensionsTest:tearDownClass): 200 GET http://10.180.1.21:9696/networking/v2.0/security-groups?tenant_id=813b5a84526c4fb19c725d489c46ad58&name=default 0.390s
2025-04-03 13:02:37.419 70050 INFO tempest.lib.common.rest_client [req-46e46584-7bdd-4513-b7d3-4e237f4cd40b req-46e46584-7bdd-4513-b7d3-4e237f4cd40b ] Request (InstanceActionsNegativeTestJSON:setUpClass): 202 POST http://10.180.1.21/compute/v2.1/servers 0.722s
2025-04-03 13:02:37.533 70004 INFO tempest.lib.common.rest_client [req-5548efab-a1f5-4dda-a557-f27379838782 req-5548efab-a1f5-4dda-a557-f27379838782 ] Request (ServersV294TestFqdnHostnames:setUpClass): 200 GET http://10.180.1.21/compute/v2.1/servers/ce86cfb9-bad4-4082-9e21-605396cc42f6 0.422s
2025-04-03 13:02:37.542 70038 INFO tempest.lib.common.rest_client [req-12491859-44c2-48fa-a450-3be7c66f8057 req-12491859-44c2-48fa-a450-3be7c66f8057 ] Request (ImagesOneServerNegativeTestJSON:setUpClass): 201 POST http://10.180.1.21:9696/networking/v2.0/networks 0.448s
2025-04-03 13:02:37.638 70017 INFO tempest.lib.common.rest_client [req-02008750-b602-4736-afae-b5c52fa1bef4 req-02008750-b602-4736-afae-b5c52fa1bef4 ] Request (ListServerFiltersTestJSON:setUpClass): 200 GET http://10.180.1.21/compute/v2.1/servers/68b9ccb0-38e8-413b-9e0d-3feca42358d4 0.561s
2025-04-03 13:02:37.644 70026 INFO tempest.lib.common.rest_client [req-515e510f-7741-4588-a241-052eb52bdf1d req-515e510f-7741-4588-a241-052eb52bdf1d ] Request (VolumesAdminNegativeTest:test_update_attached_volume_with_nonexistent_volume_in_body): 200 GET http://10.180.1.21/compute/v2.1/servers/5ed6619c-f1a2-476c-ba2f-7289de5b6e9e 0.506s
2025-04-03 13:02:37.708 70030 INFO tempest.lib.common.rest_client [req-80af6d07-1d5f-4f3c-a7e7-c741eb2c2ab8 req-80af6d07-1d5f-4f3c-a7e7-c741eb2c2ab8 ] Request (ExtensionsTest:tearDownClass): 204 DELETE http://10.180.1.21:9696/networking/v2.0/security-groups/9db37965-3c93-4819-9edc-ee5f00705a88 0.303s
2025-04-03 13:02:37.725 70022 INFO tempest.lib.common.rest_client [req-f5d31df8-0332-4575-8ef1-6af88610f294 req-f5d31df8-0332-4575-8ef1-6af88610f294 ] Request (DeleteServersAdminTestJSON:test_delete_server_while_in_error_state): 200 GET http://10.180.1.21/compute/v2.1/servers/2d57287c-5315-4c71-867f-dd3d4018ab48 0.515s
2025-04-03 13:02:37.791 69990 INFO tempest.lib.common.rest_client [req-1e5bb4b5-5f42-4b17-af30-71f9e77d06ea req-1e5bb4b5-5f42-4b17-af30-71f9e77d06ea ] Request (MultipleCreateTestJSON:_run_cleanups): 200 GET http://10.180.1.21/compute/v2.1/servers/8a330708-788d-4af0-b272-a58d83c9c8c8 0.531s
2025-04-03 13:02:37.801 70030 INFO tempest.lib.common.rest_client [req-8873845c-cfa4-47e0-a797-9ab8ea4cf59c req-8873845c-cfa4-47e0-a797-9ab8ea4cf59c ] Request (ExtensionsTest:tearDownClass): 204 DELETE http://10.180.1.21/identity/v3/projects/813b5a84526c4fb19c725d489c46ad58 0.092s
2025-04-03 13:02:37.856 70000 INFO tempest.lib.common.rest_client [req-22e85919-82df-41ce-bd4a-37144a5b6415 req-22e85919-82df-41ce-bd4a-37144a5b6415 ] Request (AttachInterfacesUnderV243Test:test_add_remove_fixed_ip): 200 GET http://10.180.1.21/compute/v2.1/servers/2df1d0a8-d245-45e4-b5ff-b99cb3c10be2 0.575s
2025-04-03 13:02:37.858 70038 INFO tempest.lib.common.rest_client [req-cbb5d2a7-edd9-447f-9a72-64d1b48825d2 req-cbb5d2a7-edd9-447f-9a72-64d1b48825d2 ] Request (ImagesOneServerNegativeTestJSON:setUpClass): 201 POST http://10.180.1.21:9696/networking/v2.0/subnets 0.314s
2025-04-03 13:02:37.875 70030 INFO tempest.lib.common.rest_client [req-c0da1dac-27a9-4458-9f60-a2cc545ff55a req-c0da1dac-27a9-4458-9f60-a2cc545ff55a ] Request (VolumesNegativeTest:setUpClass): 201 POST http://10.180.1.21/identity/v3/auth/tokens 0.073s
2025-04-03 13:02:37.903 70002 INFO tempest.lib.common.rest_client [req-08cfa80a-0d5c-48e0-a344-2daf788e86f9 req-08cfa80a-0d5c-48e0-a344-2daf788e86f9 ] Request (ServersAdminNegativeTestJSON:setUpClass): 200 GET http://10.180.1.21/compute/v2.1/servers/d2281269-3f62-476d-81fb-0d47c60086a2 0.572s
2025-04-03 13:02:37.910 70030 INFO tempest.lib.common.rest_client [req-8fda412d-3b84-436e-b334-e13249021fca req-8fda412d-3b84-436e-b334-e13249021fca ] Request (VolumesNegativeTest:setUpClass): 201 POST http://10.180.1.21/identity/v3/auth/tokens 0.033s
2025-04-03 13:02:37.939 70030 INFO tempest.lib.common.rest_client [req-18a03ed7-11c4-4bbd-b8f4-89ff776ac9f7 req-18a03ed7-11c4-4bbd-b8f4-89ff776ac9f7 ] Request (VolumesNegativeTest:setUpClass): 200 GET http://10.180.1.21/identity/v3/domains?name=Default 0.028s
2025-04-03 13:02:37.958 70049 INFO tempest.lib.common.rest_client [req-673a0bbe-8453-4ce8-abe7-acd2d16b2f50 req-673a0bbe-8453-4ce8-abe7-acd2d16b2f50 ] Request (ServerShowV247Test:test_update_rebuild_list_server): 200 GET http://10.180.1.21/compute/v2.1/servers/bc3196cf-2eb0-4dd9-bfb5-6660a1793ec5 0.784s
2025-04-03 13:02:37.977 70030 INFO tempest.lib.common.rest_client [req-0b99592d-b4aa-49db-9e9e-3ee46f923c47 req-0b99592d-b4aa-49db-9e9e-3ee46f923c47 ] Request (VolumesNegativeTest:setUpClass): 201 POST http://10.180.1.21/identity/v3/projects 0.037s
2025-04-03 13:02:37.978 69996 INFO tempest.lib.common.rest_client [req-7b9c2709-ed8c-4530-af49-415064342540 req-7b9c2709-ed8c-4530-af49-415064342540 ] Request (ImagesTestJSON:test_create_image_from_stopped_server): 200 GET http://10.180.1.21/compute/v2.1/servers/20c9027e-63e9-4c90-a0dc-62b0fb2c32b5 0.619s
2025-04-03 13:02:38.025 70050 INFO tempest.lib.common.rest_client [req-34ca96be-e3b5-40bc-bd0e-615665115643 req-34ca96be-e3b5-40bc-bd0e-615665115643 ] Request (InstanceActionsNegativeTestJSON:setUpClass): 200 GET http://10.180.1.21/compute/v2.1/servers/2fd3fc55-6157-4c52-b827-9cba78ab186d 0.600s
2025-04-03 13:02:38.043 70036 INFO tempest.lib.common.rest_client [req-984c5008-cc92-42b2-9b0a-2b8e36edbe99 req-984c5008-cc92-42b2-9b0a-2b8e36edbe99 ] Request (TenantUsagesTestJSON:tearDownClass): 200 GET http://10.180.1.21/compute/v2.1/servers/a7bb40a9-2ae5-4328-ae78-662677610470 0.632s
2025-04-03 13:02:38.055 70030 INFO tempest.lib.common.rest_client [req-8873928b-c92f-4731-857e-d006f2de2660 req-8873928b-c92f-4731-857e-d006f2de2660 ] Request (VolumesNegativeTest:setUpClass): 201 POST http://10.180.1.21/identity/v3/users 0.077s
2025-04-03 13:02:38.089 70030 INFO tempest.lib.common.rest_client [req-3bcb86cc-aa49-4ddf-802c-373bcb36397d req-3bcb86cc-aa49-4ddf-802c-373bcb36397d ] Request (VolumesNegativeTest:setUpClass): 200 GET http://10.180.1.21/identity/v3/roles 0.034s
2025-04-03 13:02:38.119 69998 INFO tempest.lib.common.rest_client [req-12246bc6-5e22-44f9-a14b-3091960e4e56 req-12246bc6-5e22-44f9-a14b-3091960e4e56 ] Request (ListServersNegativeTestJSON:setUpClass): 200 GET http://10.180.1.21/compute/v2.1/servers/316e932a-aa31-40e0-9bc4-54d4157d32b0 0.682s
2025-04-03 13:02:38.125 70030 INFO tempest.lib.common.rest_client [req-06d1517c-9cc2-4af9-b7ba-bbb871293cda req-06d1517c-9cc2-4af9-b7ba-bbb871293cda ] Request (VolumesNegativeTest:setUpClass): 204 PUT http://10.180.1.21/identity/v3/projects/b27da71b243a4613ab945af71939baf2/users/d33d4b66a8e448209d8bbf0cab34c705/roles/4dc3f10e490e4016aeb01d7774c8b796 0.035s
2025-04-03 13:02:38.126 70030 INFO tempest.lib.common.dynamic_creds [-] Dynamic test user d33d4b66a8e448209d8bbf0cab34c705 is created with scope project and roles: ['member']
2025-04-03 13:02:38.126 70030 INFO tempest.lib.common.dynamic_creds [-] Acquired dynamic creds: credentials: Credentials: {'domain_id': 'default', 'domain_name': 'Default', 'username': 'tempest-VolumesNegativeTest-1227079711-project-member', 'project_domain_id': 'default', 'project_domain_name': 'Default', 'project_id': 'b27da71b243a4613ab945af71939baf2', 'project_name': 'tempest-VolumesNegativeTest-1227079711', 'tenant_id': 'b27da71b243a4613ab945af71939baf2', 'tenant_name': 'tempest-VolumesNegativeTest-1227079711', 'user_domain_id': 'default', 'user_domain_name': 'Default', 'user_id': 'd33d4b66a8e448209d8bbf0cab34c705', 'system': None}, Network: None, Subnet: None, Router: None
2025-04-03 13:02:38.126 70030 INFO tempest.lib.common.dynamic_creds [-] Created isolated network resources for: credentials: Credentials: {'domain_id': 'default', 'domain_name': 'Default', 'username': 'tempest-VolumesNegativeTest-1227079711-project-member', 'project_domain_id': 'default', 'project_domain_name': 'Default', 'project_id': 'b27da71b243a4613ab945af71939baf2', 'project_name': 'tempest-VolumesNegativeTest-1227079711', 'tenant_id': 'b27da71b243a4613ab945af71939baf2', 'tenant_name': 'tempest-VolumesNegativeTest-1227079711', 'user_domain_id': 'default', 'user_domain_name': 'Default', 'user_id': 'd33d4b66a8e448209d8bbf0cab34c705', 'system': None}, Network: None, Subnet: None, Router: None
2025-04-03 13:02:38.132 70028 INFO tempest.lib.common.rest_client [req-61c80a0f-7b23-4a4b-86e0-24544e0c1c12 req-61c80a0f-7b23-4a4b-86e0-24544e0c1c12 ] Request (InstanceActionsTestJSON:setUpClass): 200 GET http://10.180.1.21/compute/v2.1/servers/713b3237-6d09-4db2-9dd8-ccc7b303ca4b 0.666s
2025-04-03 13:02:38.193 70018 INFO tempest.lib.common.rest_client [req-a4c2aa41-1ed8-44eb-bfe9-b9529af8bd20 req-a4c2aa41-1ed8-44eb-bfe9-b9529af8bd20 ] Request (AttachInterfacesV270Test:test_create_get_list_interfaces): 200 GET http://10.180.1.21/compute/v2.1/servers/0791541e-da89-4120-8c87-c537b84a7b4b 0.687s
2025-04-03 13:02:38.194 70010 INFO tempest.lib.common.rest_client [req-d1205ba1-e9f4-4b32-b2bb-313ffc2fcb51 req-d1205ba1-e9f4-4b32-b2bb-313ffc2fcb51 ] Request (ServerExternalEventsTest:test_create_server_external_events): 200 GET http://10.180.1.21/compute/v2.1/servers/81822631-26a8-4c17-a447-8e9d3acac696 0.676s
2025-04-03 13:02:38.226 70030 INFO tempest.lib.common.rest_client [req-5135b4c7-36f0-4c08-865b-0243d6af5300 req-5135b4c7-36f0-4c08-865b-0243d6af5300 ] Request (VolumesNegativeTest:setUpClass): 201 POST http://10.180.1.21/identity/v3/auth/tokens 0.096s
2025-04-03 13:02:38.252 70052 INFO tempest.lib.common.rest_client [req-a153c48f-1a5c-43b8-8d13-c07b6220082f req-a153c48f-1a5c-43b8-8d13-c07b6220082f ] Request (ServersNegativeTestMultiTenantJSON:setUpClass): 200 GET http://10.180.1.21/compute/v2.1/servers/64083589-1c17-42e5-955b-4e609875a788 0.678s
2025-04-03 13:02:38.258 70024 INFO tempest.lib.common.rest_client [req-f29c3435-6023-4cc2-8cc0-4ef4c8465bce req-f29c3435-6023-4cc2-8cc0-4ef4c8465bce ] Request (ServerDiskConfigTestJSON:test_rebuild_server_with_manual_disk_config): 200 GET http://10.180.1.21/compute/v2.1/servers/a99a9f9b-05ed-46ad-96a2-c9c01b81f983 0.698s
2025-04-03 13:02:38.287 69994 INFO tempest.lib.common.rest_client [req-97ed5c07-480a-48ed-b195-7071233f36f9 req-97ed5c07-480a-48ed-b195-7071233f36f9 ] Request (ServersTestBootFromVolume:setUpClass): 200 GET http://10.180.1.21/volume/v3/volumes/775b8bae-1b8b-433c-b66c-085d86335056 0.041s
