2025-04-03 13:01:35.896 70000 INFO tempest.lib.common.rest_client [req-fdf402d0-7a26-4bc6-a426-1ade255be6c4 req-fdf402d0-7a26-4bc6-a426-1ade255be6c4 ] Request (ServicesAdminNegativeTestJSON:tearDownClass): 200 GET http://10.180.1.21:9696/networking/v2.0/security-groups?tenant_id=d764f12ce37447da84a7d22a71a8b7ef&name=default 0.348s
2025-04-03 13:01:35.915 70004 INFO tempest.lib.common.rest_client [req-72e4389e-c984-4b05-b29b-40bcb4e25979 req-72e4389e-c984-4b05-b29b-40bcb4e25979 ] Request (FlavorsAccessNegativeTestJSON:test_remove_flavor_access_not_found): 200 POST http://10.180.1.21/compute/v2.1/flavors 1.576s
2025-04-03 13:01:35.916 69994 INFO tempest.lib.common.rest_client [req-4d62c1d7-2c1d-4dc7-a927-1b87982dedca req-4d62c1d7-2c1d-4dc7-a927-1b87982dedca ] Request (KeyPairsV210TestJSON:tearDownClass): 204 DELETE http://10.180.1.21/identity/v3/users/73313ff179984a1389afe48a1bc78266 0.133s
2025-04-03 13:01:35.916 69994 INFO tempest.lib.common.dynamic_creds [-] Deleting project and security group for project: bfb8d21d9f4549dcb2ffc4797c3ec465
2025-04-03 13:01:35.930 69996 INFO tempest.lib.common.rest_client [req-dfcd95ca-cf38-45f2-82e6-0ac5bd99456a req-dfcd95ca-cf38-45f2-82e6-0ac5bd99456a ] Request (HostsAdminNegativeTestJSON:test_startup_nonexistent_host): 404 GET http://10.180.1.21/compute/v2.1/os-hosts/nonexistent_hostname/startup 1.497s
2025-04-03 13:01:35.938 70017 INFO tempest.lib.common.rest_client [req-ca698f62-6a79-40f8-a7ad-1c853b1e93ef req-ca698f62-6a79-40f8-a7ad-1c853b1e93ef ] Request (ListServerFiltersTestJSON:setUpClass): 201 POST http://10.180.1.21/identity/v3/auth/tokens 0.080s
2025-04-03 13:01:35.938 70017 INFO tempest.lib.common.fixed_network [-] (ListServerFiltersTestJSON:setUpClass) Found network {'id': 'ae4872c3-cb32-4b2b-8f7d-1eeca7ab8ccf', 'name': 'tempest-ListServerFiltersTestJSON-1858267634-network', 'tenant_id': '7c7ef528394342158e5aafd52ccfd102', 'admin_state_up': True, 'mtu': 8950, 'status': 'ACTIVE', 'subnets': [], 'shared': False, 'project_id': '7c7ef528394342158e5aafd52ccfd102', 'port_security_enabled': True, 'router:external': False, 'provider:network_type': 'vlan', 'provider:physical_network': 'default', 'provider:segmentation_id': 38, 'availability_zone_hints': [], 'availability_zones': [], 'ipv4_address_scope': None, 'ipv6_address_scope': None, 'description': '', 'tags': [], 'created_at': '2025-04-03T13:01:33Z', 'updated_at': '2025-04-03T13:01:33Z', 'revision_number': 1} available for tenant
2025-04-03 13:01:35.982 69994 INFO tempest.lib.common.rest_client [req-6ddb3d47-7ed4-4ae5-98b1-877bd0d15156 req-6ddb3d47-7ed4-4ae5-98b1-877bd0d15156 ] Request (KeyPairsV210TestJSON:tearDownClass): 201 POST http://10.180.1.21/identity/v3/auth/tokens 0.065s
2025-04-03 13:01:36.134 70022 INFO tempest.lib.common.rest_client [req-aa30ec7e-fcad-4ff4-9b8c-f3db324ee37f req-aa30ec7e-fcad-4ff4-9b8c-f3db324ee37f ] Request (DeleteServersAdminTestJSON:test_admin_delete_servers_of_others): 200 GET http://10.180.1.21/compute/v2.1/servers/cc734575-ad58-4155-b07c-df61bafd9278 1.690s
2025-04-03 13:01:36.151 70002 INFO tempest.lib.common.rest_client [req-6640c8fc-f835-4e1e-a642-3a57e300e9fd req-6640c8fc-f835-4e1e-a642-3a57e300e9fd ] Request (FlavorsAdminTestJSON:_run_cleanups): 202 DELETE http://10.180.1.21/compute/v2.1/flavors/1414302647 1.700s
2025-04-03 13:01:36.153 70008 INFO tempest.lib.common.rest_client [req-954475a5-140d-4ef1-bd4a-8e39371443bd req-954475a5-140d-4ef1-bd4a-8e39371443bd ] Request (QuotasAdminTestV257:tearDownClass): 204 DELETE http://10.180.1.21:9696/networking/v2.0/security-groups/711737be-a50b-4df6-8f80-f2580adbb2ae 0.275s
2025-04-03 13:01:36.179 70000 INFO tempest.lib.common.rest_client [req-b029eead-5d57-472f-bf4a-ec35abc5c42a req-b029eead-5d57-472f-bf4a-ec35abc5c42a ] Request (ServicesAdminNegativeTestJSON:tearDownClass): 204 DELETE http://10.180.1.21:9696/networking/v2.0/security-groups/84fe444d-5a3f-48e6-879b-757e12ec48a8 0.282s
2025-04-03 13:01:36.210 70049 INFO tempest.lib.common.rest_client [req-d56fa8b8-ce77-4fe7-ace9-fa1b705d4c82 req-d56fa8b8-ce77-4fe7-ace9-fa1b705d4c82 ] Request (ServerAddressesNegativeTestJSON:setUpClass): 200 GET http://10.180.1.21/compute/v2.1/servers/af78fbb0-92eb-445c-b36b-855630c9d75a 2.046s
2025-04-03 13:01:36.221 70049 INFO tempest.common.waiters [-] State transition "BUILD/spawning" ==> "ACTIVE/None" after 22 second wait
2025-04-03 13:01:36.227 70050 INFO tempest.lib.common.rest_client [req-2d0121e0-e7fc-4ec6-bd25-a96c4f7b6f5b req-2d0121e0-e7fc-4ec6-bd25-a96c4f7b6f5b ] Request (AggregatesAdminNegativeTestJSON:test_aggregate_delete_with_invalid_id): 404 DELETE http://10.180.1.21/compute/v2.1/os-aggregates/-1 1.690s
2025-04-03 13:01:36.234 70008 INFO tempest.lib.common.rest_client [req-7319421f-1c24-4097-be85-a819911ef458 req-7319421f-1c24-4097-be85-a819911ef458 ] Request (QuotasAdminTestV257:tearDownClass): 204 DELETE http://10.180.1.21/identity/v3/projects/a6c3b02d0e08494baf94c957a709175a 0.080s
2025-04-03 13:01:36.234 70008 INFO tempest.lib.common.dynamic_creds [-] Deleting project and security group for project: 40ef0dc588e54ce0ab55d463f4dabcbc
2025-04-03 13:01:36.269 70000 INFO tempest.lib.common.rest_client [req-79b24776-36b1-4b33-8653-7ecc2e69037d req-79b24776-36b1-4b33-8653-7ecc2e69037d ] Request (ServicesAdminNegativeTestJSON:tearDownClass): 204 DELETE http://10.180.1.21/identity/v3/projects/d764f12ce37447da84a7d22a71a8b7ef 0.090s
2025-04-03 13:01:36.295 70032 INFO tempest.lib.common.rest_client [req-95339881-11c1-4c01-8b9c-551cc0d0f78c req-95339881-11c1-4c01-8b9c-551cc0d0f78c ] Request (ServersTestMultiNic:test_verify_duplicate_network_nics): 201 POST http://10.180.1.21:9696/networking/v2.0/subnets 0.631s
2025-04-03 13:01:36.339 70000 INFO tempest.lib.common.rest_client [req-37b877a4-ec2d-43bb-abe7-244f76392f7f req-37b877a4-ec2d-43bb-abe7-244f76392f7f ] Request (AttachInterfacesUnderV243Test:setUpClass): 201 POST http://10.180.1.21/identity/v3/auth/tokens 0.068s
2025-04-03 13:01:36.344 70014 INFO tempest.lib.common.rest_client [req-f01e86b0-4c18-4d5c-8401-231a65b3bf6f req-f01e86b0-4c18-4d5c-8401-231a65b3bf6f ] Request (FloatingIPsAssociationNegativeTestJSON:setUpClass): 200 GET http://10.180.1.21/compute/v2.1/servers/e30b30bd-40d9-486d-8ef4-21ad312d0789 1.814s
2025-04-03 13:01:36.350 70020 INFO tempest.lib.common.rest_client [req-7c5cca49-4a65-4314-a110-89f8f82c19ad req-7c5cca49-4a65-4314-a110-89f8f82c19ad ] Request (SecurityGroupsNegativeTestJSON:tearDownClass): 200 PUT http://10.180.1.21:9696/networking/v2.0/routers/52902252-ad64-4a18-a6a2-6ce4dd8cde00/remove_router_interface 2.216s
2025-04-03 13:01:36.353 69994 INFO tempest.lib.common.rest_client [req-316f1d75-5a65-421f-8fe8-6aec96aef87a req-316f1d75-5a65-421f-8fe8-6aec96aef87a ] Request (KeyPairsV210TestJSON:tearDownClass): 200 GET http://10.180.1.21:9696/networking/v2.0/security-groups?tenant_id=bfb8d21d9f4549dcb2ffc4797c3ec465&name=default 0.371s
2025-04-03 13:01:36.358 70014 INFO tempest.common.waiters [-] State transition "BUILD/networking" ==> "BUILD/spawning" after 18 second wait
2025-04-03 13:01:36.385 70000 INFO tempest.lib.common.rest_client [req-72f2f82e-172f-4731-9a0c-e7d99131c45a req-72f2f82e-172f-4731-9a0c-e7d99131c45a ] Request (AttachInterfacesUnderV243Test:setUpClass): 201 POST http://10.180.1.21/identity/v3/auth/tokens 0.043s
2025-04-03 13:01:36.401 70018 INFO tempest.lib.common.rest_client [req-d2df0735-c4a2-4e5e-bcc8-22cc7ecb6fa6 req-d2df0735-c4a2-4e5e-bcc8-22cc7ecb6fa6 ] Request (QuotaClassesAdmin257Test:test_update_default_quotas): 200 GET http://10.180.1.21/compute/v2.1/os-quota-class-sets/default 1.582s
2025-04-03 13:01:36.420 70040 INFO tempest.lib.common.rest_client [req-6cf13910-16ae-46e4-aacf-ae39373a2cd0 req-6cf13910-16ae-46e4-aacf-ae39373a2cd0 ] Request (ServerGroupTestJSON:test_create_delete_multiple_server_groups_with_same_name_policy): 200 GET http://10.180.1.21/compute/v2.1/os-server-groups 1.476s
2025-04-03 13:01:36.427 70000 INFO tempest.lib.common.rest_client [req-2d3b6483-c234-4abd-a977-1278501e1337 req-2d3b6483-c234-4abd-a977-1278501e1337 ] Request (AttachInterfacesUnderV243Test:setUpClass): 200 GET http://10.180.1.21/identity/v3/domains?name=Default 0.042s
2025-04-03 13:01:36.477 70000 INFO tempest.lib.common.rest_client [req-b9826781-c843-433b-bf04-fd91e22ee576 req-b9826781-c843-433b-bf04-fd91e22ee576 ] Request (AttachInterfacesUnderV243Test:setUpClass): 201 POST http://10.180.1.21/identity/v3/projects 0.047s
2025-04-03 13:01:36.512 70008 INFO tempest.lib.common.rest_client [req-d3e0db7c-6f44-4794-a802-a11c94df098b req-d3e0db7c-6f44-4794-a802-a11c94df098b ] Request (QuotasAdminTestV257:tearDownClass): 200 GET http://10.180.1.21:9696/networking/v2.0/security-groups?tenant_id=40ef0dc588e54ce0ab55d463f4dabcbc&name=default 0.278s
2025-04-03 13:01:36.522 70028 INFO tempest.lib.common.rest_client [req-674cfa52-a620-48c3-a589-2738b6402059 req-674cfa52-a620-48c3-a589-2738b6402059 ] Request (ServerDiagnosticsNegativeTest:tearDownClass): 204 DELETE http://10.180.1.21/compute/v2.1/servers/a13f9f01-4367-405a-b3d5-dcee5e1346c4 1.603s
2025-04-03 13:01:36.602 70000 INFO tempest.lib.common.rest_client [req-f1b019e3-e54c-4f43-817d-de0b47f0f31d req-f1b019e3-e54c-4f43-817d-de0b47f0f31d ] Request (AttachInterfacesUnderV243Test:setUpClass): 201 POST http://10.180.1.21/identity/v3/users 0.124s
2025-04-03 13:01:36.628 69994 INFO tempest.lib.common.rest_client [req-5245c133-c965-4a4f-94fc-a5ab8f043f5b req-5245c133-c965-4a4f-94fc-a5ab8f043f5b ] Request (KeyPairsV210TestJSON:tearDownClass): 204 DELETE http://10.180.1.21:9696/networking/v2.0/security-groups/32242a2e-515f-47c9-9945-79423f4f58a4 0.274s
2025-04-03 13:01:36.635 70036 INFO tempest.lib.common.rest_client [req-e2b83fde-ccdc-424b-8eae-4d6aadcd6ddf req-e2b83fde-ccdc-424b-8eae-4d6aadcd6ddf ] Request (TenantUsagesTestJSON:setUpClass): 200 GET http://10.180.1.21/compute/v2.1/servers/a7bb40a9-2ae5-4328-ae78-662677610470 1.531s
2025-04-03 13:01:36.641 70000 INFO tempest.lib.common.rest_client [req-60502287-070b-4581-895a-bf1e8b563bcd req-60502287-070b-4581-895a-bf1e8b563bcd ] Request (AttachInterfacesUnderV243Test:setUpClass): 200 GET http://10.180.1.21/identity/v3/roles 0.037s
2025-04-03 13:01:36.644 70032 INFO tempest.lib.common.rest_client [req-f7d0ca69-c4ef-4518-aa72-7310bff45ee4 req-f7d0ca69-c4ef-4518-aa72-7310bff45ee4 ] Request (ServersTestMultiNic:test_verify_duplicate_network_nics): 201 POST http://10.180.1.21:9696/networking/v2.0/networks 0.348s
2025-04-03 13:01:36.724 70046 INFO tempest.lib.common.rest_client [req-25d503de-e4a4-47ae-a7d0-2f4c0787a6c7 req-25d503de-e4a4-47ae-a7d0-2f4c0787a6c7 ] Request (AttachInterfacesTestJSON:test_create_list_show_delete_interfaces_by_fixed_ip): 200 GET http://10.180.1.21/compute/v2.1/servers/0ec66b0d-5ae8-4b64-b893-375c6b412c59 1.745s
2025-04-03 13:01:36.762 70000 INFO tempest.lib.common.rest_client [req-ac3a4d3c-2294-4d4f-b95e-427da73e4627 req-ac3a4d3c-2294-4d4f-b95e-427da73e4627 ] Request (AttachInterfacesUnderV243Test:setUpClass): 204 PUT http://10.180.1.21/identity/v3/projects/5375a748f06d4090bb04580e5849c024/users/cb6c5f299e204aaaae65aac3293b8f4d/roles/4dc3f10e490e4016aeb01d7774c8b796 0.120s
2025-04-03 13:01:36.762 70000 INFO tempest.lib.common.dynamic_creds [-] Dynamic test user cb6c5f299e204aaaae65aac3293b8f4d is created with scope project and roles: ['member']
2025-04-03 13:01:36.762 70000 INFO tempest.lib.common.dynamic_creds [-] Acquired dynamic creds: credentials: Credentials: {'domain_id': 'default', 'domain_name': 'Default', 'username': 'tempest-AttachInterfacesUnderV243Test-1729834374-project-member', 'project_domain_id': 'default', 'project_domain_name': 'Default', 'project_id': '5375a748f06d4090bb04580e5849c024', 'project_name': 'tempest-AttachInterfacesUnderV243Test-1729834374', 'tenant_id': '5375a748f06d4090bb04580e5849c024', 'tenant_name': 'tempest-AttachInterfacesUnderV243Test-1729834374', 'user_domain_id': 'default', 'user_domain_name': 'Default', 'user_id': 'cb6c5f299e204aaaae65aac3293b8f4d', 'system': None}, Network: None, Subnet: None, Router: None
2025-04-03 13:01:36.808 69994 INFO tempest.lib.common.rest_client [req-3de5ffa5-46e5-4c37-8f19-1dc569654aa0 req-3de5ffa5-46e5-4c37-8f19-1dc569654aa0 ] Request (KeyPairsV210TestJSON:tearDownClass): 204 DELETE http://10.180.1.21/identity/v3/projects/bfb8d21d9f4549dcb2ffc4797c3ec465 0.179s
2025-04-03 13:01:36.808 69994 INFO tempest.lib.common.dynamic_creds [-] Deleting project and security group for project: f0f3f61685c64ce09d5296743749ebcd
2025-04-03 13:01:36.859 70038 INFO tempest.lib.common.rest_client [req-67292084-4fce-4aaa-97e4-f2850781e6dc req-67292084-4fce-4aaa-97e4-f2850781e6dc ] Request (ServersAdmin275Test:test_rebuild_update_server_275): 200 GET http://10.180.1.21/compute/v2.1/servers/289362b3-1a05-4b77-a839-9aed86151db7 1.555s
2025-04-03 13:01:36.872 70038 INFO tempest.common.waiters [-] State transition "REBUILD/rebuilding" ==> "REBUILD/rebuild_spawning" after 2 second wait
2025-04-03 13:01:36.887 70026 INFO tempest.lib.common.rest_client [req-fc005786-5645-4b69-b7df-3fd00adc643a req-fc005786-5645-4b69-b7df-3fd00adc643a ] Request (ServerDiagnosticsTest:tearDownClass): 200 GET http://10.180.1.21/compute/v2.1/servers/9e6b640d-91d6-41f6-9f80-98fe2ea34f9f 1.655s
2025-04-03 13:01:36.916 70000 INFO tempest.lib.common.rest_client [req-6ad4f7dc-6f2c-4480-98f0-79305ad54d52 req-6ad4f7dc-6f2c-4480-98f0-79305ad54d52 ] Request (AttachInterfacesUnderV243Test:setUpClass): 201 POST http://10.180.1.21/identity/v3/auth/tokens 0.153s
2025-04-03 13:01:36.973 70030 INFO tempest.lib.common.rest_client [req-f6b52e11-e635-4dc6-b031-b8d3a7d2a353 req-f6b52e11-e635-4dc6-b031-b8d3a7d2a353 ] Request (ServerAddressesTestJSON:setUpClass): 200 GET http://10.180.1.21/compute/v2.1/servers/fe534ebf-0e80-4506-a703-344563263aff 1.536s
2025-04-03 13:01:36.983 70008 INFO tempest.lib.common.rest_client [req-eee9eb5c-9f19-4a25-bbed-0c409f23c393 req-eee9eb5c-9f19-4a25-bbed-0c409f23c393 ] Request (QuotasAdminTestV257:tearDownClass): 204 DELETE http://10.180.1.21:9696/networking/v2.0/security-groups/50f8a5a7-50a2-42b0-beeb-2ae354d372a7 0.470s
2025-04-03 13:01:37.005 70024 INFO tempest.lib.common.rest_client [req-1aa34a4b-f987-4249-aa60-596e0b693cab req-1aa34a4b-f987-4249-aa60-596e0b693cab ] Request (ServerDiskConfigTestJSON:test_rebuild_server_with_auto_disk_config): 200 GET http://10.180.1.21/compute/v2.1/servers/856f61d9-0199-4a16-ba72-5166f2d1095f 1.673s
2025-04-03 13:01:37.059 70052 INFO tempest.lib.common.rest_client [req-05ec0c69-ba56-4699-a144-7093e5d6d321 req-05ec0c69-ba56-4699-a144-7093e5d6d321 ] Request (ServersAaction247Test:test_create_backup): 200 GET http://10.180.1.21/compute/v2.1/servers/b00eb137-2f66-419d-baec-bd392998d7ef 1.401s
2025-04-03 13:01:37.074 70052 INFO tempest.common.waiters [-] State transition "BUILD/None" ==> "BUILD/block_device_mapping" after 18 second wait
2025-04-03 13:01:37.078 70008 INFO tempest.lib.common.rest_client [req-2f1ef9cb-b5d8-4433-825b-9b0172891025 req-2f1ef9cb-b5d8-4433-825b-9b0172891025 ] Request (QuotasAdminTestV257:tearDownClass): 204 DELETE http://10.180.1.21/identity/v3/projects/40ef0dc588e54ce0ab55d463f4dabcbc 0.095s
2025-04-03 13:01:37.098 69998 INFO tempest.lib.common.rest_client [req-fc2a7c24-9079-43a0-a047-6f313c78aa26 req-fc2a7c24-9079-43a0-a047-6f313c78aa26 ] Request (KeyPairsV22TestJSON:test_keypairs_create_list_delete): 201 POST http://10.180.1.21/compute/v2.1/os-keypairs 1.200s
2025-04-03 13:01:37.157 70008 INFO tempest.lib.common.rest_client [req-c3a8f5c6-6f79-4341-8d8b-a61f322f7f21 req-c3a8f5c6-6f79-4341-8d8b-a61f322f7f21 ] Request (ServersAdminTestJSON:setUpClass): 201 POST http://10.180.1.21/identity/v3/auth/tokens 0.077s
2025-04-03 13:01:37.194 70008 INFO tempest.lib.common.rest_client [req-c3e16a46-0e42-49f9-8d54-6cf2b2e581cd req-c3e16a46-0e42-49f9-8d54-6cf2b2e581cd ] Request (ServersAdminTestJSON:setUpClass): 201 POST http://10.180.1.21/identity/v3/auth/tokens 0.034s
2025-04-03 13:01:37.225 70008 INFO tempest.lib.common.rest_client [req-1cbca5f1-6f5d-4e99-b826-5691b0b86e18 req-1cbca5f1-6f5d-4e99-b826-5691b0b86e18 ] Request (ServersAdminTestJSON:setUpClass): 200 GET http://10.180.1.21/identity/v3/domains?name=Default 0.031s
2025-04-03 13:01:37.230 70004 INFO tempest.lib.common.rest_client [req-0be962e6-e38f-4117-b34f-294deb167212 req-0be962e6-e38f-4117-b34f-294deb167212 ] Request (FlavorsAccessNegativeTestJSON:test_remove_flavor_access_not_found): 404 POST http://10.180.1.21/compute/v2.1/flavors/506337797/action 1.310s
2025-04-03 13:01:37.232 69994 INFO tempest.lib.common.rest_client [req-d25e767e-87fe-4bfd-ba1c-0f0889e99c28 req-d25e767e-87fe-4bfd-ba1c-0f0889e99c28 ] Request (KeyPairsV210TestJSON:tearDownClass): 200 GET http://10.180.1.21:9696/networking/v2.0/security-groups?tenant_id=f0f3f61685c64ce09d5296743749ebcd&name=default 0.423s
2025-04-03 13:01:37.236 69996 INFO tempest.lib.common.rest_client [req-431884a9-3d5d-4071-ba37-aeb44ceb641a req-431884a9-3d5d-4071-ba37-aeb44ceb641a ] Request (HostsAdminNegativeTestJSON:test_update_host_with_invalid_maintenance_mode): 400 PUT http://10.180.1.21/compute/v2.1/os-hosts/devstack 1.305s
2025-04-03 13:01:37.261 70008 INFO tempest.lib.common.rest_client [req-35012c6a-4be2-4ba2-a666-cc321d964bc2 req-35012c6a-4be2-4ba2-a666-cc321d964bc2 ] Request (ServersAdminTestJSON:setUpClass): 201 POST http://10.180.1.21/identity/v3/projects 0.035s
2025-04-03 13:01:37.329 70042 INFO tempest.lib.common.rest_client [req-0aea4ac9-1ff0-4f90-bf2b-dc5e300c9ade req-0aea4ac9-1ff0-4f90-bf2b-dc5e300c9ade ] Request (MigrationsAdminTest:test_list_migrations_in_flavor_resize_situation): 200 GET http://10.180.1.21/compute/v2.1/servers/b0ee902e-14b1-490e-b8ae-e327563499f1 1.466s
2025-04-03 13:01:37.334 70008 INFO tempest.lib.common.rest_client [req-2684c2dd-b2d9-4fac-94ad-8ccf35128abf req-2684c2dd-b2d9-4fac-94ad-8ccf35128abf ] Request (ServersAdminTestJSON:setUpClass): 201 POST http://10.180.1.21/identity/v3/users 0.073s
2025-04-03 13:01:37.363 70008 INFO tempest.lib.common.rest_client [req-6fbdae18-2cf0-41ee-ba20-82882514de16 req-6fbdae18-2cf0-41ee-ba20-82882514de16 ] Request (ServersAdminTestJSON:setUpClass): 200 GET http://10.180.1.21/identity/v3/roles 0.028s
2025-04-03 13:01:37.392 70008 INFO tempest.lib.common.rest_client [req-7bed6daf-d354-4605-95f7-4fc283fd9cdb req-7bed6daf-d354-4605-95f7-4fc283fd9cdb ] Request (ServersAdminTestJSON:setUpClass): 204 PUT http://10.180.1.21/identity/v3/projects/376f110a96914c3eb260797788089ed3/users/b0ff8473ee3e41ee96a89a0a542f29ef/roles/4dc3f10e490e4016aeb01d7774c8b796 0.028s
2025-04-03 13:01:37.392 70008 INFO tempest.lib.common.dynamic_creds [-] Dynamic test user b0ff8473ee3e41ee96a89a0a542f29ef is created with scope project and roles: ['member']
2025-04-03 13:01:37.393 70008 INFO tempest.lib.common.dynamic_creds [-] Acquired dynamic creds: credentials: Credentials: {'domain_id': 'default', 'domain_name': 'Default', 'username': 'tempest-ServersAdminTestJSON-1649460510-project-member', 'project_domain_id': 'default', 'project_domain_name': 'Default', 'project_id': '376f110a96914c3eb260797788089ed3', 'project_name': 'tempest-ServersAdminTestJSON-1649460510', 'tenant_id': '376f110a96914c3eb260797788089ed3', 'tenant_name': 'tempest-ServersAdminTestJSON-1649460510', 'user_domain_id': 'default', 'user_domain_name': 'Default', 'user_id': 'b0ff8473ee3e41ee96a89a0a542f29ef', 'system': None}, Network: None, Subnet: None, Router: None
2025-04-03 13:01:37.411 70032 INFO tempest.lib.common.rest_client [req-9b78a0a5-cc9a-4a76-83ff-b1fe92a43897 req-9b78a0a5-cc9a-4a76-83ff-b1fe92a43897 ] Request (ServersTestMultiNic:test_verify_duplicate_network_nics): 201 POST http://10.180.1.21:9696/networking/v2.0/subnets 0.767s
2025-04-03 13:01:37.414 69990 INFO tempest.lib.common.rest_client [req-6335d24a-4541-4cbb-a60a-265e149a525b req-6335d24a-4541-4cbb-a60a-265e149a525b ] Request (MultipleCreateTestJSON:test_multiple_create): 200 GET http://10.180.1.21/compute/v2.1/servers/6383858f-5ecc-4861-8fbe-e7d60b153961 1.386s
2025-04-03 13:01:37.437 70002 INFO tempest.lib.common.rest_client [req-80f3e5a5-2187-4c84-ad91-0687676e2cc9 req-80f3e5a5-2187-4c84-ad91-0687676e2cc9 ] Request (FlavorsAdminTestJSON:_run_cleanups): 200 GET http://10.180.1.21/compute/v2.1/flavors/detail 1.286s
2025-04-03 13:01:37.441 70012 INFO tempest.lib.common.rest_client [req-d4042897-2d58-4520-80b7-a0035b3c94a1 req-d4042897-2d58-4520-80b7-a0035b3c94a1 ] Request (ImagesNegativeTestJSON:setUpClass): 200 PUT http://10.180.1.21:9696/networking/v2.0/routers/9898f600-4373-4b4c-be3e-565dd56baad6/add_router_interface 2.719s
2025-04-03 13:01:37.441 70012 INFO tempest.lib.common.dynamic_creds [-] Created isolated network resources for: credentials: Credentials: {'domain_id': 'default', 'domain_name': 'Default', 'username': 'tempest-ImagesNegativeTestJSON-1931882518-project-member', 'project_domain_id': 'default', 'project_domain_name': 'Default', 'project_id': '9d780e5c6e3941d089545dae2e87d59e', 'project_name': 'tempest-ImagesNegativeTestJSON-1931882518', 'tenant_id': '9d780e5c6e3941d089545dae2e87d59e', 'tenant_name': 'tempest-ImagesNegativeTestJSON-1931882518', 'user_domain_id': 'default', 'user_domain_name': 'Default', 'user_id': '822e64682ccb4a86bf30a6cfb93dd14d', 'system': None}, Network: {'id': 'f9d71fa3-6a84-4900-84ed-35a4ee9e50ce', 'name': 'tempest-ImagesNegativeTestJSON-1762844633-network', 'tenant_id': '9d780e5c6e3941d089545dae2e87d59e', 'admin_state_up': True, 'mtu': 8950, 'status': 'ACTIVE', 'subnets': [], 'shared': False, 'project_id': '9d780e5c6e3941d089545dae2e87d59e', 'port_security_enabled': True, 'router:external': False, 'provider:network_type': 'vlan', 'provider:physical_network': 'default', 'provider:segmentation_id': 335, 'availability_zone_hints': [], 'availability_zones': [], 'ipv4_address_scope': None, 'ipv6_address_scope': None, 'description': '', 'tags': [], 'created_at': '2025-04-03T13:01:32Z', 'updated_at': '2025-04-03T13:01:32Z', 'revision_number': 1}, Subnet: {'id': 'a190c4bb-f54b-43c3-a929-5fd6e162873d', 'name': 'tempest-ImagesNegativeTestJSON-1762844633-subnet', 'tenant_id': '9d780e5c6e3941d089545dae2e87d59e', 'network_id': 'f9d71fa3-6a84-4900-84ed-35a4ee9e50ce', 'ip_version': 4, 'subnetpool_id': None, 'enable_dhcp': True, 'ipv6_ra_mode': None, 'ipv6_address_mode': None, 'gateway_ip': '192.168.128.1', 'cidr': '192.168.128.0/28', 'allocation_pools': [{'start': '192.168.128.2', 'end': '192.168.128.14'}], 'host_routes': [], 'dns_nameservers': [], 'description': '', 'router:external': False, 'service_types': [], 'tags': [], 'created_at': '2025-04-03T13:01:32Z', 'updated_at': '2025-04-03T13:01:32Z', 'revision_number': 0, 'project_id': '9d780e5c6e3941d089545dae2e87d59e'}, Router: {'id': '9898f600-4373-4b4c-be3e-565dd56baad6', 'name': 'tempest-ImagesNegativeTestJSON-1762844633-router', 'tenant_id': '9d780e5c6e3941d089545dae2e87d59e', 'admin_state_up': True, 'status': 'ACTIVE', 'external_gateway_info': {'network_id': '345b050e-d90f-463b-9742-d666a4c82555', 'external_fixed_ips': [{'subnet_id': 'f3e0ac26-f1d1-4431-93c4-f97218d3cc14', 'ip_address': '10.180.180.205'}], 'enable_snat': True}, 'description': '', 'availability_zones': [], 'distributed': False, 'ha': False, 'availability_zone_hints': [], 'routes': [], 'flavor_id': None, 'tags': [], 'created_at': '2025-04-03T13:01:32Z', 'updated_at': '2025-04-03T13:01:33Z', 'revision_number': 2, 'project_id': '9d780e5c6e3941d089545dae2e87d59e'}
2025-04-03 13:01:37.462 70049 INFO tempest.lib.common.rest_client [req-028c6f3b-f1fb-4d62-bb0c-3e398a6694b6 req-028c6f3b-f1fb-4d62-bb0c-3e398a6694b6 ] Request (ServerAddressesNegativeTestJSON:test_list_server_addresses_by_network_neg): 404 GET http://10.180.1.21/compute/v2.1/servers/af78fbb0-92eb-445c-b36b-855630c9d75a/ips/invalid 1.240s
2025-04-03 13:01:37.470 70008 INFO tempest.lib.common.rest_client [req-709c17bc-06c7-487d-b15b-8d27e2745ef8 req-709c17bc-06c7-487d-b15b-8d27e2745ef8 ] Request (ServersAdminTestJSON:setUpClass): 201 POST http://10.180.1.21/identity/v3/auth/tokens 0.077s
2025-04-03 13:01:37.489 70032 INFO tempest.lib.common.rest_client [req-37d7e25c-8738-48f7-b119-0327da6218b8 req-37d7e25c-8738-48f7-b119-0327da6218b8 ] Request (ServersTestMultiNic:test_verify_duplicate_network_nics): 201 POST http://10.180.1.21/identity/v3/auth/tokens 0.074s
2025-04-03 13:01:37.489 70032 INFO tempest.lib.common.fixed_network [-] (ServersTestMultiNic:test_verify_duplicate_network_nics) Found network {'id': 'c4bde5f6-e354-4dd1-85d5-ed8dc84db2ea', 'name': 'tempest-ServersTestMultiNic-679881738-network', 'tenant_id': '056db97996324f73ac9c328e18b4140e', 'admin_state_up': True, 'mtu': 8950, 'status': 'ACTIVE', 'subnets': [], 'shared': False, 'project_id': '056db97996324f73ac9c328e18b4140e', 'port_security_enabled': True, 'router:external': False, 'provider:network_type': 'vlan', 'provider:physical_network': 'default', 'provider:segmentation_id': 58, 'availability_zone_hints': [], 'availability_zones': [], 'ipv4_address_scope': None, 'ipv6_address_scope': None, 'description': '', 'tags': [], 'created_at': '2025-04-03T13:01:31Z', 'updated_at': '2025-04-03T13:01:32Z', 'revision_number': 1} available for tenant
2025-04-03 13:01:37.498 70050 INFO tempest.lib.common.rest_client [req-d7c5afc8-ada5-480b-bd3d-296789048fec req-d7c5afc8-ada5-480b-bd3d-296789048fec ] Request (AggregatesAdminNegativeTestJSON:test_aggregate_get_details_as_user): 200 POST http://10.180.1.21/compute/v2.1/os-aggregates 1.269s
2025-04-03 13:01:37.534 70000 INFO tempest.lib.common.rest_client [req-2ba392e4-3088-4eed-b79a-bbfdffb9275d req-2ba392e4-3088-4eed-b79a-bbfdffb9275d ] Request (AttachInterfacesUnderV243Test:setUpClass): 201 POST http://10.180.1.21:9696/networking/v2.0/networks 0.617s
2025-04-03 13:01:37.562 70012 INFO tempest.lib.common.rest_client [req-a30f9b6a-ce23-4631-84f3-c9ebfc8c3cd3 req-a30f9b6a-ce23-4631-84f3-c9ebfc8c3cd3 ] Request (ImagesNegativeTestJSON:setUpClass): 201 POST http://10.180.1.21/identity/v3/auth/tokens 0.114s
2025-04-03 13:01:37.567 69994 INFO tempest.lib.common.rest_client [req-4dc8129a-78b8-4da3-99d1-ca749c07be7b req-4dc8129a-78b8-4da3-99d1-ca749c07be7b ] Request (KeyPairsV210TestJSON:tearDownClass): 204 DELETE http://10.180.1.21:9696/networking/v2.0/security-groups/db0e5c30-08ce-40f9-9ea4-63a7bea727d4 0.334s
2025-04-03 13:01:37.581 70044 INFO tempest.lib.common.rest_client [req-7d074257-dfe8-468c-b1f7-c36854c78303 req-7d074257-dfe8-468c-b1f7-c36854c78303 ] Request (DeleteServersTestJSON:test_delete_active_server): 200 GET http://10.180.1.21/compute/v2.1/servers/d6097905-921e-4520-bdbb-724e00836022 1.205s
2025-04-03 13:01:37.621 70012 INFO tempest.lib.common.rest_client [req-51556fe8-2b86-4941-9c1c-1cbe0c9c2efc req-51556fe8-2b86-4941-9c1c-1cbe0c9c2efc ] Request (ImagesNegativeTestJSON:test_create_image_from_deleted_server): 201 POST http://10.180.1.21/identity/v3/auth/tokens 0.053s
2025-04-03 13:01:37.621 70012 INFO tempest.lib.common.fixed_network [-] (ImagesNegativeTestJSON:test_create_image_from_deleted_server) Found network {'id': 'f9d71fa3-6a84-4900-84ed-35a4ee9e50ce', 'name': 'tempest-ImagesNegativeTestJSON-1762844633-network', 'tenant_id': '9d780e5c6e3941d089545dae2e87d59e', 'admin_state_up': True, 'mtu': 8950, 'status': 'ACTIVE', 'subnets': [], 'shared': False, 'project_id': '9d780e5c6e3941d089545dae2e87d59e', 'port_security_enabled': True, 'router:external': False, 'provider:network_type': 'vlan', 'provider:physical_network': 'default', 'provider:segmentation_id': 335, 'availability_zone_hints': [], 'availability_zones': [], 'ipv4_address_scope': None, 'ipv6_address_scope': None, 'description': '', 'tags': [], 'created_at': '2025-04-03T13:01:32Z', 'updated_at': '2025-04-03T13:01:32Z', 'revision_number': 1} available for tenant
2025-04-03 13:01:37.660 69994 INFO tempest.lib.common.rest_client [req-6ad7bd63-6a06-4bcd-a0ba-3e0b8c0584e4 req-6ad7bd63-6a06-4bcd-a0ba-3e0b8c0584e4 ] Request (KeyPairsV210TestJSON:tearDownClass): 204 DELETE http://10.180.1.21/identity/v3/projects/f0f3f61685c64ce09d5296743749ebcd 0.092s
2025-04-03 13:01:37.720 70018 INFO tempest.lib.common.rest_client [req-921007d9-5932-4345-a287-d544204fbcbe req-921007d9-5932-4345-a287-d544204fbcbe ] Request (QuotaClassesAdmin257Test:test_update_default_quotas): 200 PUT http://10.180.1.21/compute/v2.1/os-quota-class-sets/default 1.314s
2025-04-03 13:01:37.751 69994 INFO tempest.lib.common.rest_client [req-672e2e03-334c-4ed7-bec1-4fab98dd3029 req-672e2e03-334c-4ed7-bec1-4fab98dd3029 ] Request (SecurityGroupRulesTestJSON:setUpClass): 201 POST http://10.180.1.21/identity/v3/auth/tokens 0.089s
2025-04-03 13:01:37.783 70040 INFO tempest.lib.common.rest_client [req-a609d75d-2df4-4cc8-baab-02daf92f4a8d req-a609d75d-2df4-4cc8-baab-02daf92f4a8d ] Request (ServerGroupTestJSON:test_create_delete_server_group_with_affinity_policy): 200 POST http://10.180.1.21/compute/v2.1/os-server-groups 1.358s
2025-04-03 13:01:37.787 69994 INFO tempest.lib.common.rest_client [req-de746561-e391-4a69-8343-55e07badf15e req-de746561-e391-4a69-8343-55e07badf15e ] Request (SecurityGroupRulesTestJSON:setUpClass): 201 POST http://10.180.1.21/identity/v3/auth/tokens 0.033s
2025-04-03 13:01:37.817 70020 INFO tempest.lib.common.rest_client [req-3f48cf81-ec76-488e-bb45-a2886bb79c63 req-3f48cf81-ec76-488e-bb45-a2886bb79c63 ] Request (SecurityGroupsNegativeTestJSON:tearDownClass): 204 DELETE http://10.180.1.21:9696/networking/v2.0/routers/52902252-ad64-4a18-a6a2-6ce4dd8cde00 1.467s
2025-04-03 13:01:37.824 69994 INFO tempest.lib.common.rest_client [req-1420050a-f873-4eab-a4c5-379b8544982f req-1420050a-f873-4eab-a4c5-379b8544982f ] Request (SecurityGroupRulesTestJSON:setUpClass): 200 GET http://10.180.1.21/identity/v3/domains?name=Default 0.036s
2025-04-03 13:01:37.861 69994 INFO tempest.lib.common.rest_client [req-5de7daac-0126-4f1e-b538-760b83ea29c5 req-5de7daac-0126-4f1e-b538-760b83ea29c5 ] Request (SecurityGroupRulesTestJSON:setUpClass): 201 POST http://10.180.1.21/identity/v3/projects 0.037s
2025-04-03 13:01:37.874 70006 INFO tempest.lib.common.rest_client [req-523c3eb3-17fe-4c18-a31f-7d625eac49c0 req-523c3eb3-17fe-4c18-a31f-7d625eac49c0 ] Request (VolumesAssistedSnapshotsTest:test_volume_assisted_snapshot_create_delete): 200 GET http://10.180.1.21/compute/v2.1/servers/fe91cc3d-1897-46f2-aacd-afcb505e042f 1.410s
2025-04-03 13:01:37.950 69994 INFO tempest.lib.common.rest_client [req-157c0441-48d9-4c6c-896d-4f5487c88175 req-157c0441-48d9-4c6c-896d-4f5487c88175 ] Request (SecurityGroupRulesTestJSON:setUpClass): 201 POST http://10.180.1.21/identity/v3/users 0.087s
2025-04-03 13:01:37.987 69994 INFO tempest.lib.common.rest_client [req-c3d3b4c0-1097-47f8-9b6a-8a61be6c9e6a req-c3d3b4c0-1097-47f8-9b6a-8a61be6c9e6a ] Request (SecurityGroupRulesTestJSON:setUpClass): 200 GET http://10.180.1.21/identity/v3/roles 0.036s
2025-04-03 13:01:37.998 70008 INFO tempest.lib.common.rest_client [req-edc8a7d8-6d94-430b-9522-6bc4754114a3 req-edc8a7d8-6d94-430b-9522-6bc4754114a3 ] Request (ServersAdminTestJSON:setUpClass): 201 POST http://10.180.1.21:9696/networking/v2.0/networks 0.527s
2025-04-03 13:01:38.012 70000 INFO tempest.lib.common.rest_client [req-b8400375-a63e-4f8b-9d29-96100d78f69a req-b8400375-a63e-4f8b-9d29-96100d78f69a ] Request (AttachInterfacesUnderV243Test:setUpClass): 201 POST http://10.180.1.21:9696/networking/v2.0/subnets 0.478s
2025-04-03 13:01:38.022 69994 INFO tempest.lib.common.rest_client [req-1fe3406d-9451-4ff6-b772-7b9140a79d18 req-1fe3406d-9451-4ff6-b772-7b9140a79d18 ] Request (SecurityGroupRulesTestJSON:setUpClass): 204 PUT http://10.180.1.21/identity/v3/projects/c6b75f3b62854025b3bc0d37ba8c4e77/users/1d3018f4ce374891bc61d1ceb3098f14/roles/4dc3f10e490e4016aeb01d7774c8b796 0.034s
2025-04-03 13:01:38.022 69994 INFO tempest.lib.common.dynamic_creds [-] Dynamic test user 1d3018f4ce374891bc61d1ceb3098f14 is created with scope project and roles: ['member']
2025-04-03 13:01:38.023 69994 INFO tempest.lib.common.dynamic_creds [-] Acquired dynamic creds: credentials: Credentials: {'domain_id': 'default', 'domain_name': 'Default', 'username': 'tempest-SecurityGroupRulesTestJSON-1096045715-project-member', 'project_domain_id': 'default', 'project_domain_name': 'Default', 'project_id': 'c6b75f3b62854025b3bc0d37ba8c4e77', 'project_name': 'tempest-SecurityGroupRulesTestJSON-1096045715', 'tenant_id': 'c6b75f3b62854025b3bc0d37ba8c4e77', 'tenant_name': 'tempest-SecurityGroupRulesTestJSON-1096045715', 'user_domain_id': 'default', 'user_domain_name': 'Default', 'user_id': '1d3018f4ce374891bc61d1ceb3098f14', 'system': None}, Network: None, Subnet: None, Router: None
2025-04-03 13:01:38.031 70020 INFO tempest.lib.common.rest_client [req-9bc0dcf1-55e7-4454-b2d9-576575697158 req-9bc0dcf1-55e7-4454-b2d9-576575697158 ] Request (SecurityGroupsNegativeTestJSON:tearDownClass): 204 DELETE http://10.180.1.21:9696/networking/v2.0/subnets/df06f7f6-955a-4f4b-acb7-33dc5356cd9f 0.213s
2025-04-03 13:01:38.032 70017 INFO tempest.lib.common.rest_client [req-3faab043-0952-469d-8510-ef6688bd1124 req-3faab043-0952-469d-8510-ef6688bd1124 ] Request (ListServerFiltersTestJSON:setUpClass): 202 POST http://10.180.1.21/compute/v2.1/servers 2.092s
2025-04-03 13:01:38.067 70028 INFO tempest.lib.common.rest_client [req-b4a3ed2c-5f76-49b0-8d7d-32f7028b3206 req-b4a3ed2c-5f76-49b0-8d7d-32f7028b3206 ] Request (ServerDiagnosticsNegativeTest:tearDownClass): 200 GET http://10.180.1.21/compute/v2.1/servers/a13f9f01-4367-405a-b3d5-dcee5e1346c4 1.544s
2025-04-03 13:01:38.088 69994 INFO tempest.lib.common.rest_client [req-246411bc-1976-4cf0-a42d-072472d23358 req-246411bc-1976-4cf0-a42d-072472d23358 ] Request (SecurityGroupRulesTestJSON:setUpClass): 201 POST http://10.180.1.21/identity/v3/auth/tokens 0.065s
2025-04-03 13:01:38.107 70017 INFO tempest.lib.common.rest_client [req-fc81c70a-7ef7-4dc1-a6cd-81a2aceceb21 req-fc81c70a-7ef7-4dc1-a6cd-81a2aceceb21 ] Request (ListServerFiltersTestJSON:setUpClass): 201 POST http://10.180.1.21/identity/v3/auth/tokens 0.069s
2025-04-03 13:01:38.108 70017 INFO tempest.lib.common.fixed_network [-] (ListServerFiltersTestJSON:setUpClass) Found network {'id': 'ae4872c3-cb32-4b2b-8f7d-1eeca7ab8ccf', 'name': 'tempest-ListServerFiltersTestJSON-1858267634-network', 'tenant_id': '7c7ef528394342158e5aafd52ccfd102', 'admin_state_up': True, 'mtu': 8950, 'status': 'ACTIVE', 'subnets': [], 'shared': False, 'project_id': '7c7ef528394342158e5aafd52ccfd102', 'port_security_enabled': True, 'router:external': False, 'provider:network_type': 'vlan', 'provider:physical_network': 'default', 'provider:segmentation_id': 38, 'availability_zone_hints': [], 'availability_zones': [], 'ipv4_address_scope': None, 'ipv6_address_scope': None, 'description': '', 'tags': [], 'created_at': '2025-04-03T13:01:33Z', 'updated_at': '2025-04-03T13:01:33Z', 'revision_number': 1} available for tenant
2025-04-03 13:01:38.145 70034 INFO tempest.lib.common.rest_client [req-7e4c0b01-3126-4eed-b31e-ecf89292dcbc req-7e4c0b01-3126-4eed-b31e-ecf89292dcbc ] Request (ServersWithSpecificFlavorTestJSON:test_verify_created_server_ephemeral_disk): 200 GET http://10.180.1.21/compute/v2.1/servers/13862a3c-8dad-4f7a-ac72-312ab3f8ae7c 1.574s
2025-04-03 13:01:38.156 69992 INFO tempest.lib.common.rest_client [req-5c04c074-d9b6-4330-8c6c-da5e932a177e req-5c04c074-d9b6-4330-8c6c-da5e932a177e ] Request (ServerDiagnosticsV248Test:test_get_server_diagnostics): 200 GET http://10.180.1.21/compute/v2.1/servers/ed00c987-3c06-459e-8d27-bb28938a287f 1.273s
2025-04-03 13:01:38.169 69998 INFO tempest.lib.common.rest_client [req-ca86d9f1-dfbb-4119-a5d0-044a1fef3d07 req-ca86d9f1-dfbb-4119-a5d0-044a1fef3d07 ] Request (KeyPairsV22TestJSON:test_keypairs_create_list_delete): 200 GET http://10.180.1.21/compute/v2.1/os-keypairs 1.069s
2025-04-03 13:01:38.202 70004 INFO tempest.lib.common.rest_client [req-30c12992-5657-4866-9ba9-dbf3d4a48dbc req-30c12992-5657-4866-9ba9-dbf3d4a48dbc ] Request (FlavorsAccessNegativeTestJSON:_run_cleanups): 202 DELETE http://10.180.1.21/compute/v2.1/flavors/506337797 0.970s
2025-04-03 13:01:38.210 69996 INFO tempest.lib.common.rest_client [req-92061cac-2a4c-49ac-9933-f6680c9c399f req-92061cac-2a4c-49ac-9933-f6680c9c399f ] Request (HostsAdminNegativeTestJSON:test_update_host_with_invalid_status): 400 PUT http://10.180.1.21/compute/v2.1/os-hosts/devstack 0.972s
2025-04-03 13:01:38.332 70020 INFO tempest.lib.common.rest_client [req-e9b7a3cb-b9d2-4c32-8963-c1158704d151 req-e9b7a3cb-b9d2-4c32-8963-c1158704d151 ] Request (SecurityGroupsNegativeTestJSON:tearDownClass): 204 DELETE http://10.180.1.21:9696/networking/v2.0/networks/ac71ae28-2ff6-4cc8-aad0-d106c5a4060f 0.300s
2025-04-03 13:01:38.354 70022 INFO tempest.lib.common.rest_client [req-7b15f203-b936-4bda-9527-3d64b333c8ab req-7b15f203-b936-4bda-9527-3d64b333c8ab ] Request (DeleteServersAdminTestJSON:test_admin_delete_servers_of_others): 200 GET http://10.180.1.21/compute/v2.1/servers/cc734575-ad58-4155-b07c-df61bafd9278 1.208s
2025-04-03 13:01:38.372 70002 INFO tempest.lib.common.rest_client [req-b016f1e3-56aa-4177-9ac6-d094161aa4a0 req-b016f1e3-56aa-4177-9ac6-d094161aa4a0 ] Request (FlavorsAdminTestJSON:test_is_public_string_variations): 200 POST http://10.180.1.21/compute/v2.1/flavors 0.927s
2025-04-03 13:01:38.379 70049 INFO tempest.lib.common.rest_client [req-5be225ae-ef03-4b39-b53a-5dee364f18d1 req-5be225ae-ef03-4b39-b53a-5dee364f18d1 ] Request (ServerAddressesNegativeTestJSON:test_list_server_addresses_invalid_server_id): 404 GET http://10.180.1.21/compute/v2.1/servers/999/ips 0.916s
2025-04-03 13:01:38.433 70020 INFO tempest.lib.common.rest_client [req-d43c1d08-e6e9-402f-b70e-9041001404f2 req-d43c1d08-e6e9-402f-b70e-9041001404f2 ] Request (SecurityGroupsNegativeTestJSON:tearDownClass): 204 DELETE http://10.180.1.21/identity/v3/users/7120820cd4974cc699169e283cc972e2 0.101s
2025-04-03 13:01:38.433 70020 INFO tempest.lib.common.dynamic_creds [-] Deleting project and security group for project: ca74744f95e14d598c2e09fab248a4a8
2025-04-03 13:01:38.494 70020 INFO tempest.lib.common.rest_client [req-b95cdb6a-f500-48ec-8a66-324922436c5b req-b95cdb6a-f500-48ec-8a66-324922436c5b ] Request (SecurityGroupsNegativeTestJSON:tearDownClass): 200 GET http://10.180.1.21:9696/networking/v2.0/security-groups?tenant_id=ca74744f95e14d598c2e09fab248a4a8&name=default 0.059s
2025-04-03 13:01:38.546 70014 INFO tempest.lib.common.rest_client [req-dff8c1bf-5e61-4000-92b8-eda2edb01387 req-dff8c1bf-5e61-4000-92b8-eda2edb01387 ] Request (FloatingIPsAssociationNegativeTestJSON:setUpClass): 200 GET http://10.180.1.21/compute/v2.1/servers/e30b30bd-40d9-486d-8ef4-21ad312d0789 1.187s
2025-04-03 13:01:38.553 70050 INFO tempest.lib.common.rest_client [req-be024bc3-b2ac-4f36-9ba3-12c3842ea237 req-be024bc3-b2ac-4f36-9ba3-12c3842ea237 ] Request (AggregatesAdminNegativeTestJSON:test_aggregate_get_details_as_user): 403 GET http://10.180.1.21/compute/v2.1/os-aggregates/6 1.053s
2025-04-03 13:01:38.563 70008 INFO tempest.lib.common.rest_client [req-9c9c7fbf-ec95-4dc1-b12b-e2535c06d7ef req-9c9c7fbf-ec95-4dc1-b12b-e2535c06d7ef ] Request (ServersAdminTestJSON:setUpClass): 201 POST http://10.180.1.21:9696/networking/v2.0/subnets 0.565s
2025-04-03 13:01:38.601 69994 INFO tempest.lib.common.rest_client [req-887133ef-5b70-4173-868e-b93c27631489 req-887133ef-5b70-4173-868e-b93c27631489 ] Request (SecurityGroupRulesTestJSON:setUpClass): 201 POST http://10.180.1.21:9696/networking/v2.0/networks 0.513s
2025-04-03 13:01:38.736 70020 INFO tempest.lib.common.rest_client [req-c96a690c-3d3f-4a22-9363-36b8b97ab333 req-c96a690c-3d3f-4a22-9363-36b8b97ab333 ] Request (SecurityGroupsNegativeTestJSON:tearDownClass): 204 DELETE http://10.180.1.21:9696/networking/v2.0/security-groups/c0f3ab3a-46e3-4a69-b74e-07f41045125f 0.239s
2025-04-03 13:01:38.865 70020 INFO tempest.lib.common.rest_client [req-d14230c8-632f-45db-ab5e-21b446c11676 req-d14230c8-632f-45db-ab5e-21b446c11676 ] Request (SecurityGroupsNegativeTestJSON:tearDownClass): 204 DELETE http://10.180.1.21/identity/v3/projects/ca74744f95e14d598c2e09fab248a4a8 0.128s
2025-04-03 13:01:38.945 70020 INFO tempest.lib.common.rest_client [req-849106a8-b9bf-4b3c-8a95-a9e356eb3ce3 req-849106a8-b9bf-4b3c-8a95-a9e356eb3ce3 ] Request (ServersTestJSON:setUpClass): 201 POST http://10.180.1.21/identity/v3/auth/tokens 0.078s
2025-04-03 13:01:38.987 70020 INFO tempest.lib.common.rest_client [req-76b2f49f-9549-4c6d-914f-07500146dfa5 req-76b2f49f-9549-4c6d-914f-07500146dfa5 ] Request (ServersTestJSON:setUpClass): 201 POST http://10.180.1.21/identity/v3/auth/tokens 0.038s
2025-04-03 13:01:39.017 70020 INFO tempest.lib.common.rest_client [req-fe8d81b3-ec2d-40f1-b6d9-82b1dfb3fbe3 req-fe8d81b3-ec2d-40f1-b6d9-82b1dfb3fbe3 ] Request (ServersTestJSON:setUpClass): 200 GET http://10.180.1.21/identity/v3/domains?name=Default 0.030s
2025-04-03 13:01:39.046 70020 INFO tempest.lib.common.rest_client [req-3a347d7c-cdcb-4dc6-aaf1-4cc348306129 req-3a347d7c-cdcb-4dc6-aaf1-4cc348306129 ] Request (ServersTestJSON:setUpClass): 201 POST http://10.180.1.21/identity/v3/projects 0.028s
2025-04-03 13:01:39.114 70020 INFO tempest.lib.common.rest_client [req-35603389-5159-4812-addb-29d51186f9cd req-35603389-5159-4812-addb-29d51186f9cd ] Request (ServersTestJSON:setUpClass): 201 POST http://10.180.1.21/identity/v3/users 0.068s
2025-04-03 13:01:39.140 70020 INFO tempest.lib.common.rest_client [req-b1d56b20-1762-4d97-a02c-5ea36f135f11 req-b1d56b20-1762-4d97-a02c-5ea36f135f11 ] Request (ServersTestJSON:setUpClass): 200 GET http://10.180.1.21/identity/v3/roles 0.025s
2025-04-03 13:01:39.175 70020 INFO tempest.lib.common.rest_client [req-1a0f1867-f3f3-4cd7-9dfa-7e0bc90b078c req-1a0f1867-f3f3-4cd7-9dfa-7e0bc90b078c ] Request (ServersTestJSON:setUpClass): 204 PUT http://10.180.1.21/identity/v3/projects/41c1826dd1744fd78a7ee1efdbba66f4/users/d51697953ef74ddba22fe24829cb8f81/roles/4dc3f10e490e4016aeb01d7774c8b796 0.034s
2025-04-03 13:01:39.175 70020 INFO tempest.lib.common.dynamic_creds [-] Dynamic test user d51697953ef74ddba22fe24829cb8f81 is created with scope project and roles: ['member']
2025-04-03 13:01:39.176 70020 INFO tempest.lib.common.dynamic_creds [-] Acquired dynamic creds: credentials: Credentials: {'domain_id': 'default', 'domain_name': 'Default', 'username': 'tempest-ServersTestJSON-616667524-project-member', 'project_domain_id': 'default', 'project_domain_name': 'Default', 'project_id': '41c1826dd1744fd78a7ee1efdbba66f4', 'project_name': 'tempest-ServersTestJSON-616667524', 'tenant_id': '41c1826dd1744fd78a7ee1efdbba66f4', 'tenant_name': 'tempest-ServersTestJSON-616667524', 'user_domain_id': 'default', 'user_domain_name': 'Default', 'user_id': 'd51697953ef74ddba22fe24829cb8f81', 'system': None}, Network: None, Subnet: None, Router: None
2025-04-03 13:01:39.243 70020 INFO tempest.lib.common.rest_client [req-4c5af7f6-0ea5-4d8e-98d9-f8330766a931 req-4c5af7f6-0ea5-4d8e-98d9-f8330766a931 ] Request (ServersTestJSON:setUpClass): 201 POST http://10.180.1.21/identity/v3/auth/tokens 0.067s
2025-04-03 13:01:39.470 69994 INFO tempest.lib.common.rest_client [req-80e7ce8a-51e9-4309-924d-b6e75b2a1df2 req-80e7ce8a-51e9-4309-924d-b6e75b2a1df2 ] Request (SecurityGroupRulesTestJSON:setUpClass): 201 POST http://10.180.1.21:9696/networking/v2.0/subnets 0.868s
2025-04-03 13:01:39.584 70012 INFO tempest.lib.common.rest_client [req-e35b7af4-9b89-4f99-af8e-9b54576fa4cf req-e35b7af4-9b89-4f99-af8e-9b54576fa4cf ] Request (ImagesNegativeTestJSON:test_create_image_from_deleted_server): 202 POST http://10.180.1.21/compute/v2.1/servers 1.960s
2025-04-03 13:01:39.684 70036 INFO tempest.lib.common.rest_client [req-6458fb0d-03ed-4516-9175-513104ff02b2 req-6458fb0d-03ed-4516-9175-513104ff02b2 ] Request (TenantUsagesTestJSON:setUpClass): 200 GET http://10.180.1.21/compute/v2.1/servers/a7bb40a9-2ae5-4328-ae78-662677610470 2.035s
2025-04-03 13:01:39.701 70018 INFO tempest.lib.common.rest_client [req-0a014f3f-6361-4cbd-a0c0-df52f946c085 req-0a014f3f-6361-4cbd-a0c0-df52f946c085 ] Request (QuotaClassesAdmin257Test:test_update_default_quotas): 200 GET http://10.180.1.21/compute/v2.1/os-quota-class-sets/default 1.977s
2025-04-03 13:01:39.817 70032 INFO tempest.lib.common.rest_client [req-3155ffb0-c943-4555-bd77-430775ed33a3 req-3155ffb0-c943-4555-bd77-430775ed33a3 ] Request (ServersTestMultiNic:test_verify_duplicate_network_nics): 202 POST http://10.180.1.21/compute/v2.1/servers 2.327s
2025-04-03 13:01:39.849 70040 INFO tempest.lib.common.rest_client [req-37430c7b-a881-4ae9-b974-cd374312c075 req-37430c7b-a881-4ae9-b974-cd374312c075 ] Request (ServerGroupTestJSON:test_create_delete_server_group_with_affinity_policy): 204 DELETE http://10.180.1.21/compute/v2.1/os-server-groups/982cef12-4b38-41d8-9040-a51e7613f862 2.064s
2025-04-03 13:01:39.918 70038 INFO tempest.lib.common.rest_client [req-2ec3935d-c242-4826-9a3e-11a7e7675495 req-2ec3935d-c242-4826-9a3e-11a7e7675495 ] Request (ServersAdmin275Test:test_rebuild_update_server_275): 200 GET http://10.180.1.21/compute/v2.1/servers/289362b3-1a05-4b77-a839-9aed86151db7 2.044s
2025-04-03 13:01:40.004 70026 INFO tempest.lib.common.rest_client [req-314437cf-8159-4489-8c12-789ff0f6045d req-314437cf-8159-4489-8c12-789ff0f6045d ] Request (ServerDiagnosticsTest:tearDownClass): 200 GET http://10.180.1.21/compute/v2.1/servers/9e6b640d-91d6-41f6-9f80-98fe2ea34f9f 2.103s
2025-04-03 13:01:40.018 70026 INFO tempest.common.waiters [-] State transition "ACTIVE/deleting" ==> "DELETED/None" after 4 second wait
2025-04-03 13:01:40.097 70020 INFO tempest.lib.common.rest_client [req-3838cf71-2a9d-4a31-acf2-241650caddd6 req-3838cf71-2a9d-4a31-acf2-241650caddd6 ] Request (ServersTestJSON:setUpClass): 201 POST http://10.180.1.21:9696/networking/v2.0/networks 0.853s
2025-04-03 13:01:40.195 70030 INFO tempest.lib.common.rest_client [req-d4a0b52b-c00c-49b1-a9e9-366d0250bd46 req-d4a0b52b-c00c-49b1-a9e9-366d0250bd46 ] Request (ServerAddressesTestJSON:setUpClass): 200 GET http://10.180.1.21/compute/v2.1/servers/fe534ebf-0e80-4506-a703-344563263aff 2.215s
2025-04-03 13:01:40.198 70046 INFO tempest.lib.common.rest_client [req-285282c2-29dd-434a-b61d-d672ddb89daf req-285282c2-29dd-434a-b61d-d672ddb89daf ] Request (AttachInterfacesTestJSON:test_create_list_show_delete_interfaces_by_fixed_ip): 200 GET http://10.180.1.21/compute/v2.1/servers/0ec66b0d-5ae8-4b64-b893-375c6b412c59 2.466s
2025-04-03 13:01:40.207 70030 INFO tempest.common.waiters [-] State transition "BUILD/None" ==> "BUILD/spawning" after 20 second wait
2025-04-03 13:01:40.266 70024 INFO tempest.lib.common.rest_client [req-3c3b3b36-408a-4cf6-bfda-b8827689faf4 req-3c3b3b36-408a-4cf6-bfda-b8827689faf4 ] Request (ServerDiskConfigTestJSON:test_rebuild_server_with_auto_disk_config): 200 GET http://10.180.1.21/compute/v2.1/servers/856f61d9-0199-4a16-ba72-5166f2d1095f 2.248s
2025-04-03 13:01:40.287 70052 INFO tempest.lib.common.rest_client [req-82602095-25f1-4fd1-accd-763d2ff861eb req-82602095-25f1-4fd1-accd-763d2ff861eb ] Request (ServersAaction247Test:test_create_backup): 200 GET http://10.180.1.21/compute/v2.1/servers/b00eb137-2f66-419d-baec-bd392998d7ef 2.211s
2025-04-03 13:01:40.297 70052 INFO tempest.common.waiters [-] State transition "BUILD/block_device_mapping" ==> "BUILD/spawning" after 21 second wait
2025-04-03 13:01:40.308 69998 INFO tempest.lib.common.rest_client [req-86cadbe0-1a78-4e6a-a954-7c8694edc4cf req-86cadbe0-1a78-4e6a-a954-7c8694edc4cf ] Request (KeyPairsV22TestJSON:_run_cleanups): 204 DELETE http://10.180.1.21/compute/v2.1/os-keypairs/tempest-KeyPairsV22TestJSON-keypair-1548802333 2.137s
2025-04-03 13:01:40.334 70004 INFO tempest.lib.common.rest_client [req-b0476f91-9703-4985-ab6a-74ecd3a3e03c req-b0476f91-9703-4985-ab6a-74ecd3a3e03c ] Request (FlavorsAccessNegativeTestJSON:_run_cleanups): 200 GET http://10.180.1.21/compute/v2.1/flavors/detail 2.132s
2025-04-03 13:01:40.347 69996 INFO tempest.lib.common.rest_client [req-a492515b-a036-4f91-8c66-0c20c2404e32 req-a492515b-a036-4f91-8c66-0c20c2404e32 ] Request (HostsAdminNegativeTestJSON:test_update_host_with_non_admin_user): 403 PUT http://10.180.1.21/compute/v2.1/os-hosts/devstack 2.135s
2025-04-03 13:01:40.453 70004 INFO tempest.lib.common.rest_client [req-42a7b1c6-be3d-4dec-99dd-ac0309350243 req-42a7b1c6-be3d-4dec-99dd-ac0309350243 ] Request (FlavorsAccessNegativeTestJSON:tearDownClass): 204 DELETE http://10.180.1.21/identity/v3/users/b92b871a35ae4afa9442f03ca003dcd4 0.109s
2025-04-03 13:01:40.456 70000 INFO tempest.lib.common.rest_client [req-b4d8b80a-acad-4ec4-97de-1a367cbe281c req-b4d8b80a-acad-4ec4-97de-1a367cbe281c ] Request (AttachInterfacesUnderV243Test:setUpClass): 201 POST http://10.180.1.21:9696/networking/v2.0/routers 2.442s
2025-04-03 13:01:40.540 70008 INFO tempest.lib.common.rest_client [req-8aa55265-3480-415e-89a8-0a9581bc5aa5 req-8aa55265-3480-415e-89a8-0a9581bc5aa5 ] Request (ServersAdminTestJSON:setUpClass): 201 POST http://10.180.1.21:9696/networking/v2.0/routers 1.975s
2025-04-03 13:01:40.567 70042 INFO tempest.lib.common.rest_client [req-06b08779-683d-4eb9-bd84-23b82d4af633 req-06b08779-683d-4eb9-bd84-23b82d4af633 ] Request (MigrationsAdminTest:test_list_migrations_in_flavor_resize_situation): 200 GET http://10.180.1.21/compute/v2.1/servers/b0ee902e-14b1-490e-b8ae-e327563499f1 2.224s
2025-04-03 13:01:40.584 70004 INFO tempest.lib.common.rest_client [req-1de61d50-3ce6-47a6-af2f-4ceb72bd0666 req-1de61d50-3ce6-47a6-af2f-4ceb72bd0666 ] Request (FlavorsAccessNegativeTestJSON:tearDownClass): 204 DELETE http://10.180.1.21/identity/v3/users/433f550c1f3e4b38b022cf5edd245469 0.131s
2025-04-03 13:01:40.656 70020 INFO tempest.lib.common.rest_client [req-37028335-5217-420e-b115-61be66d4420f req-37028335-5217-420e-b115-61be66d4420f ] Request (ServersTestJSON:setUpClass): 201 POST http://10.180.1.21:9696/networking/v2.0/subnets 0.559s
2025-04-03 13:01:40.665 70002 INFO tempest.lib.common.rest_client [req-f04f8cc4-3213-4600-b4e1-7dc59b940d07 req-f04f8cc4-3213-4600-b4e1-7dc59b940d07 ] Request (FlavorsAdminTestJSON:test_is_public_string_variations): 200 POST http://10.180.1.21/compute/v2.1/flavors 2.288s
