2025-04-03 13:03:23.105 70022 INFO tempest.lib.common.rest_client [req-3bf5e616-680f-4a02-b461-03b1e158d80d req-3bf5e616-680f-4a02-b461-03b1e158d80d ] Request (DeleteServersAdminTestJSON:test_delete_server_while_in_error_state): 200 GET http://10.180.1.21/compute/v2.1/servers/2d57287c-5315-4c71-867f-dd3d4018ab48 0.320s
2025-04-03 13:03:23.155 70014 INFO tempest.lib.common.rest_client [req-16e88a61-bceb-406a-8eed-96a3e9cce7f9 req-16e88a61-bceb-406a-8eed-96a3e9cce7f9 ] Request (ServerActionsTestOtherA:setUpClass): 200 GET http://10.180.1.21/compute/v2.1/servers/e1678a98-0e22-4bbb-a39a-c5bee0fd08ac 0.320s
2025-04-03 13:03:23.203 70042 INFO tempest.lib.common.rest_client [req-01f2214b-37e6-40db-b519-09434e953410 req-01f2214b-37e6-40db-b519-09434e953410 ] Request (MigrationsAdminTest:test_resize_server_revert_deleted_flavor): 200 GET http://10.180.1.21/compute/v2.1/servers/888b0976-1a94-4901-8904-fefd169b829b 0.318s
2025-04-03 13:03:23.235 70012 INFO tempest.lib.common.rest_client [req-74ee8277-4ce2-45e1-8c88-f095238b546f req-74ee8277-4ce2-45e1-8c88-f095238b546f ] Request (KeyPairsNegativeTestJSON:test_create_keypair_with_empty_public_key): 400 POST http://10.180.1.21/compute/v2.1/os-keypairs 0.346s
2025-04-03 13:03:23.281 70002 INFO tempest.lib.common.rest_client [req-41d5b134-d0fa-4ef2-b84a-2367a3735f12 req-41d5b134-d0fa-4ef2-b84a-2367a3735f12 ] Request (ServersAdminNegativeTestJSON:setUpClass): 200 GET http://10.180.1.21/compute/v2.1/servers/d2281269-3f62-476d-81fb-0d47c60086a2 0.313s
2025-04-03 13:03:23.332 70049 INFO tempest.lib.common.rest_client [req-e04d6487-e3fe-4c56-9103-72e3c7ae05d4 req-e04d6487-e3fe-4c56-9103-72e3c7ae05d4 ] Request (ServerShowV247Test:test_update_rebuild_list_server): 200 GET http://10.180.1.21/compute/v2.1/servers/bc3196cf-2eb0-4dd9-bfb5-6660a1793ec5 0.312s
2025-04-03 13:03:23.378 69996 INFO tempest.lib.common.rest_client [req-a63f04ce-a7c3-4df9-a732-0605ba061b73 req-a63f04ce-a7c3-4df9-a732-0605ba061b73 ] Request (ImagesTestJSON:test_create_image_from_stopped_server): 200 GET http://10.180.1.21/compute/v2.1/servers/20c9027e-63e9-4c90-a0dc-62b0fb2c32b5 0.309s
2025-04-03 13:03:23.421 70050 INFO tempest.lib.common.rest_client [req-a4f9e083-14ae-4e91-b65f-6219f3d19758 req-a4f9e083-14ae-4e91-b65f-6219f3d19758 ] Request (InstanceActionsNegativeTestJSON:setUpClass): 200 GET http://10.180.1.21/compute/v2.1/servers/2fd3fc55-6157-4c52-b827-9cba78ab186d 0.299s
2025-04-03 13:03:23.463 70044 INFO tempest.lib.common.rest_client [req-18768e1d-3a39-42ca-8154-6a216cf66d6d req-18768e1d-3a39-42ca-8154-6a216cf66d6d ] Request (DeleteServersTestJSON:test_delete_server_while_in_attached_volume): 200 GET http://10.180.1.21/compute/v2.1/servers/c648d597-0473-46d4-bd23-63e396311140 0.288s
2025-04-03 13:03:23.468 70012 INFO tempest.lib.common.rest_client [req-dd75237d-c3b6-4a9f-8814-5729c1dc3dfa req-dd75237d-c3b6-4a9f-8814-5729c1dc3dfa ] Request (KeyPairsNegativeTestJSON:test_create_keypair_with_long_keynames): 400 POST http://10.180.1.21/compute/v2.1/os-keypairs 0.230s
2025-04-03 13:03:23.511 69998 INFO tempest.lib.common.rest_client [req-8277f0ff-7983-422e-a89c-3c83ac428baa req-8277f0ff-7983-422e-a89c-3c83ac428baa ] Request (ListServersNegativeTestJSON:setUpClass): 200 GET http://10.180.1.21/compute/v2.1/servers/316e932a-aa31-40e0-9bc4-54d4157d32b0 0.258s
2025-04-03 13:03:23.517 69998 INFO tempest.common.waiters [-] State transition "BUILD/None" ==> "BUILD/networking" after 76 second wait
2025-04-03 13:03:23.560 70017 INFO tempest.lib.common.rest_client [req-7e9fb3e5-0d80-4475-8fba-ad7659a85e91 req-7e9fb3e5-0d80-4475-8fba-ad7659a85e91 ] Request (ListServerFiltersTestJSON:tearDownClass): 200 GET http://10.180.1.21/compute/v2.1/servers/68b9ccb0-38e8-413b-9e0d-3feca42358d4 0.244s
2025-04-03 13:03:23.603 69992 INFO tempest.lib.common.rest_client [req-39679732-60b1-4dbf-b637-3b28de577dff req-39679732-60b1-4dbf-b637-3b28de577dff ] Request (ImagesOneServerTestJSON:setUpClass): 200 GET http://10.180.1.21/compute/v2.1/servers/acbf7099-6993-4d1b-9e90-62bf239a75ba 0.239s
2025-04-03 13:03:23.648 70028 INFO tempest.lib.common.rest_client [req-37f2d4fd-cdb8-4a59-bb9f-07235fad68b6 req-37f2d4fd-cdb8-4a59-bb9f-07235fad68b6 ] Request (InstanceActionsTestJSON:setUpClass): 200 GET http://10.180.1.21/compute/v2.1/servers/713b3237-6d09-4db2-9dd8-ccc7b303ca4b 0.230s
2025-04-03 13:03:23.690 70024 INFO tempest.lib.common.rest_client [req-29d83159-b329-454b-95a9-3052803664ec req-29d83159-b329-454b-95a9-3052803664ec ] Request (ServerDiskConfigTestJSON:test_rebuild_server_with_manual_disk_config): 200 GET http://10.180.1.21/compute/v2.1/servers/a99a9f9b-05ed-46ad-96a2-c9c01b81f983 0.224s
2025-04-03 13:03:23.715 70012 INFO tempest.lib.common.rest_client [req-8544f8c9-a8e1-4e8f-ac8d-e2be5763a513 req-8544f8c9-a8e1-4e8f-ac8d-e2be5763a513 ] Request (KeyPairsNegativeTestJSON:test_keypair_create_with_invalid_pub_key): 400 POST http://10.180.1.21/compute/v2.1/os-keypairs 0.246s
2025-04-03 13:03:23.763 69994 INFO tempest.lib.common.rest_client [req-e1ee940e-459e-43e5-ab16-7b84d76d8c97 req-e1ee940e-459e-43e5-ab16-7b84d76d8c97 ] Request (ServersTestBootFromVolume:setUpClass): 200 GET http://10.180.1.21/compute/v2.1/servers/f1562f66-a5bc-453a-957a-a4a03e102c34 0.252s
2025-04-03 13:03:23.811 70052 INFO tempest.lib.common.rest_client [req-7a945948-f10f-41c3-9891-46b45ef567f1 req-7a945948-f10f-41c3-9891-46b45ef567f1 ] Request (ServersNegativeTestMultiTenantJSON:setUpClass): 200 GET http://10.180.1.21/compute/v2.1/servers/64083589-1c17-42e5-955b-4e609875a788 0.242s
2025-04-03 13:03:23.858 70018 INFO tempest.lib.common.rest_client [req-14e88e8f-6180-4ef9-b746-17e64e84ff94 req-14e88e8f-6180-4ef9-b746-17e64e84ff94 ] Request (AttachInterfacesV270Test:test_create_get_list_interfaces): 400 POST http://10.180.1.21/compute/v2.1/servers/0791541e-da89-4120-8c87-c537b84a7b4b/os-interface 3.129s
2025-04-03 13:03:23.866 70010 INFO tempest.lib.common.rest_client [req-934afce2-6888-453d-97f7-d8cbd644b65b req-934afce2-6888-453d-97f7-d8cbd644b65b ] Request (ServerExternalEventsTest:tearDownClass): 200 GET http://10.180.1.21/compute/v2.1/servers/81822631-26a8-4c17-a447-8e9d3acac696 0.234s
2025-04-03 13:03:23.870 70012 INFO tempest.lib.common.rest_client [req-e098f5f1-aff2-477f-ab7f-e54bb1e176c5 req-e098f5f1-aff2-477f-ab7f-e54bb1e176c5 ] Request (KeyPairsNegativeTestJSON:test_keypair_delete_nonexistent_key): 404 DELETE http://10.180.1.21/compute/v2.1/os-keypairs/tempest-keypair-non-existent-1976168693 0.153s
2025-04-03 13:03:23.927 70038 INFO tempest.lib.common.rest_client [req-299a0da2-4f88-423d-aa37-3e8cc7fbb6b5 req-299a0da2-4f88-423d-aa37-3e8cc7fbb6b5 ] Request (ImagesOneServerNegativeTestJSON:setUpClass): 200 GET http://10.180.1.21/compute/v2.1/servers/c28ff0c9-96fc-45af-80be-4915955b0aea 0.139s
2025-04-03 13:03:23.931 70040 INFO tempest.lib.common.rest_client [req-1f565ef0-bd21-40e9-9ef5-dcfe9a6f1276 req-1f565ef0-bd21-40e9-9ef5-dcfe9a6f1276 ] Request (ServerGroupTestJSON:_run_cleanups): 200 GET http://10.180.1.21/compute/v2.1/servers/4021d91d-b850-4478-9d64-89e9416f4623 0.194s
2025-04-03 13:03:23.986 70032 INFO tempest.lib.common.rest_client [req-232ce61d-8408-44ab-b0d8-e699137864be req-232ce61d-8408-44ab-b0d8-e699137864be ] Request (ServersTestMultiNic:_run_cleanups): 200 GET http://10.180.1.21/compute/v2.1/servers/7d6889a0-9737-4fc6-828e-5d34979446cc 0.140s
2025-04-03 13:03:23.995 70012 INFO tempest.lib.common.rest_client [req-8e1a3da9-2628-43c2-bcd9-e26a54274a72 req-8e1a3da9-2628-43c2-bcd9-e26a54274a72 ] Request (KeyPairsNegativeTestJSON:tearDownClass): 204 DELETE http://10.180.1.21/identity/v3/users/65ce5896c8464b81b3df7cab29cc323a 0.123s
2025-04-03 13:03:23.995 70012 INFO tempest.lib.common.dynamic_creds [-] Deleting project and security group for project: 802f15321b14400d831fad0dff207958
2025-04-03 13:03:24.017 70018 INFO tempest.lib.common.rest_client [req-c1678edd-2329-4a2c-bdc7-3139a2a47689 req-c1678edd-2329-4a2c-bdc7-3139a2a47689 ] Request (AttachInterfacesV270Test:tearDownClass): 204 DELETE http://10.180.1.21/compute/v2.1/servers/0791541e-da89-4120-8c87-c537b84a7b4b 0.155s
2025-04-03 13:03:24.046 69990 INFO tempest.lib.common.rest_client [req-189de8dd-2a84-460b-b327-b4f997b285da req-189de8dd-2a84-460b-b327-b4f997b285da ] Request (MultipleCreateTestJSON:test_multiple_create_with_reservation_return): 200 GET http://10.180.1.21/compute/v2.1/servers/528e2c92-d01e-4c35-a2ba-70d439af2fc7 0.154s
2025-04-03 13:03:24.067 70012 INFO tempest.lib.common.rest_client [req-9d0e0548-0757-4fb1-a151-88026c673a31 req-9d0e0548-0757-4fb1-a151-88026c673a31 ] Request (KeyPairsNegativeTestJSON:tearDownClass): 201 POST http://10.180.1.21/identity/v3/auth/tokens 0.071s
2025-04-03 13:03:24.084 70004 INFO tempest.lib.common.rest_client [req-8108c1d1-741d-4694-a477-069683852a13 req-8108c1d1-741d-4694-a477-069683852a13 ] Request (ServersV294TestFqdnHostnames:setUpClass): 200 GET http://10.180.1.21/compute/v2.1/servers/ce86cfb9-bad4-4082-9e21-605396cc42f6 0.132s
2025-04-03 13:03:24.102 70026 INFO tempest.lib.common.rest_client [req-4a3e3787-ea8e-4a46-9771-2cea8a678adc req-4a3e3787-ea8e-4a46-9771-2cea8a678adc ] Request (VolumesAdminNegativeTest:test_update_attached_volume_with_nonexistent_volume_in_body): 200 GET http://10.180.1.21/compute/v2.1/servers/5ed6619c-f1a2-476c-ba2f-7289de5b6e9e 0.107s
2025-04-03 13:03:24.208 70018 INFO tempest.lib.common.rest_client [req-f31e5a81-2545-4acf-ac38-3cff6f0a6924 req-f31e5a81-2545-4acf-ac38-3cff6f0a6924 ] Request (AttachInterfacesV270Test:tearDownClass): 200 GET http://10.180.1.21/compute/v2.1/servers/0791541e-da89-4120-8c87-c537b84a7b4b 0.190s
2025-04-03 13:03:24.245 70006 WARNING tempest.lib.common.ssh [-] Failed to establish authenticated ssh connection to cirros@10.180.180.233 ([Errno None] Unable to connect to port 22 on 10.180.180.233). Number attempts: 10. Retry after 11 seconds.: paramiko.ssh_exception.NoValidConnectionsError: [Errno None] Unable to connect to port 22 on 10.180.180.233
2025-04-03 13:03:24.261 70022 INFO tempest.lib.common.rest_client [req-df5d8e3a-62ee-4835-b908-413130039472 req-df5d8e3a-62ee-4835-b908-413130039472 ] Request (DeleteServersAdminTestJSON:test_delete_server_while_in_error_state): 200 GET http://10.180.1.21/compute/v2.1/servers/2d57287c-5315-4c71-867f-dd3d4018ab48 0.144s
2025-04-03 13:03:24.283 70012 INFO tempest.lib.common.rest_client [req-7f8f5f59-9d7b-4adf-901f-9ec0fd05b259 req-7f8f5f59-9d7b-4adf-901f-9ec0fd05b259 ] Request (KeyPairsNegativeTestJSON:tearDownClass): 200 GET http://10.180.1.21:9696/networking/v2.0/security-groups?tenant_id=802f15321b14400d831fad0dff207958&name=default 0.215s
2025-04-03 13:03:24.321 70014 INFO tempest.lib.common.rest_client [req-ffab4edb-ddf3-410e-ab29-dbf8d5b184f2 req-ffab4edb-ddf3-410e-ab29-dbf8d5b184f2 ] Request (ServerActionsTestOtherA:setUpClass): 200 GET http://10.180.1.21/compute/v2.1/servers/e1678a98-0e22-4bbb-a39a-c5bee0fd08ac 0.154s
2025-04-03 13:03:24.381 70042 INFO tempest.lib.common.rest_client [req-a4a5910d-a601-4bea-8298-ab417c4e0b6c req-a4a5910d-a601-4bea-8298-ab417c4e0b6c ] Request (MigrationsAdminTest:test_resize_server_revert_deleted_flavor): 200 GET http://10.180.1.21/compute/v2.1/servers/888b0976-1a94-4901-8904-fefd169b829b 0.171s
2025-04-03 13:03:24.390 70012 INFO tempest.lib.common.rest_client [req-e2474905-a972-47ec-986e-327c0854f2a0 req-e2474905-a972-47ec-986e-327c0854f2a0 ] Request (KeyPairsNegativeTestJSON:tearDownClass): 204 DELETE http://10.180.1.21:9696/networking/v2.0/security-groups/43d8c632-94cd-46f2-bc02-af31c437f180 0.107s
2025-04-03 13:03:24.410 70008 INFO tempest.lib.common.rest_client [req-f818fd17-63c3-4510-8a97-26aabb690f00 req-f818fd17-63c3-4510-8a97-26aabb690f00 ] Request (ServersAdminTestJSON:test_create_server_with_scheduling_hint): 200 GET http://10.180.1.21/compute/v2.1/servers/e4a6a52b-268e-4547-9a2c-93e1b7224797 0.353s
2025-04-03 13:03:24.444 70002 INFO tempest.lib.common.rest_client [req-2a1db3c1-09ea-40fe-8eba-79e370a4fd5f req-2a1db3c1-09ea-40fe-8eba-79e370a4fd5f ] Request (ServersAdminNegativeTestJSON:setUpClass): 200 GET http://10.180.1.21/compute/v2.1/servers/d2281269-3f62-476d-81fb-0d47c60086a2 0.154s
2025-04-03 13:03:24.466 70049 INFO tempest.lib.common.rest_client [req-57cd43a4-76ff-4190-866c-774815b6adfe req-57cd43a4-76ff-4190-866c-774815b6adfe ] Request (ServerShowV247Test:test_update_rebuild_list_server): 200 GET http://10.180.1.21/compute/v2.1/servers/bc3196cf-2eb0-4dd9-bfb5-6660a1793ec5 0.125s
2025-04-03 13:03:24.475 70012 INFO tempest.lib.common.rest_client [req-71de8774-8414-4961-b51b-5c5b7c8abcfb req-71de8774-8414-4961-b51b-5c5b7c8abcfb ] Request (KeyPairsNegativeTestJSON:tearDownClass): 204 DELETE http://10.180.1.21/identity/v3/projects/802f15321b14400d831fad0dff207958 0.084s
2025-04-03 13:03:24.500 69996 INFO tempest.lib.common.rest_client [req-955eb3be-4eca-489b-947d-b4a3a6a82475 req-955eb3be-4eca-489b-947d-b4a3a6a82475 ] Request (ImagesTestJSON:test_create_image_from_stopped_server): 200 GET http://10.180.1.21/compute/v2.1/servers/20c9027e-63e9-4c90-a0dc-62b0fb2c32b5 0.115s
2025-04-03 13:03:24.515 70050 INFO tempest.lib.common.rest_client [req-d722e9bb-479b-4e4a-9bdd-5d89244742b8 req-d722e9bb-479b-4e4a-9bdd-5d89244742b8 ] Request (InstanceActionsNegativeTestJSON:setUpClass): 200 GET http://10.180.1.21/compute/v2.1/servers/2fd3fc55-6157-4c52-b827-9cba78ab186d 0.087s
2025-04-03 13:03:24.544 70012 INFO tempest.lib.common.rest_client [req-78bcc40b-25e8-46ef-b8d6-7830c2ada682 req-78bcc40b-25e8-46ef-b8d6-7830c2ada682 ] Request (ServerActionsV293TestJSON:setUpClass): 201 POST http://10.180.1.21/identity/v3/auth/tokens 0.068s
2025-04-03 13:03:24.552 70044 INFO tempest.lib.common.rest_client [req-4586397e-f4ad-475a-8efc-676bb2341ad7 req-4586397e-f4ad-475a-8efc-676bb2341ad7 ] Request (DeleteServersTestJSON:test_delete_server_while_in_attached_volume): 200 GET http://10.180.1.21/compute/v2.1/servers/c648d597-0473-46d4-bd23-63e396311140 0.080s
2025-04-03 13:03:24.572 70012 INFO tempest.lib.common.rest_client [req-c626ee64-4655-48b3-aa21-97d686845081 req-c626ee64-4655-48b3-aa21-97d686845081 ] Request (ServerActionsV293TestJSON:setUpClass): 201 POST http://10.180.1.21/identity/v3/auth/tokens 0.025s
2025-04-03 13:03:24.601 70012 INFO tempest.lib.common.rest_client [req-df59cb87-804f-4c9a-82d9-2ed29ff5454c req-df59cb87-804f-4c9a-82d9-2ed29ff5454c ] Request (ServerActionsV293TestJSON:setUpClass): 200 GET http://10.180.1.21/identity/v3/domains?name=Default 0.028s
2025-04-03 13:03:24.620 69998 INFO tempest.lib.common.rest_client [req-e369a9de-5753-445f-9b77-c1316689cf60 req-e369a9de-5753-445f-9b77-c1316689cf60 ] Request (ListServersNegativeTestJSON:setUpClass): 200 GET http://10.180.1.21/compute/v2.1/servers/316e932a-aa31-40e0-9bc4-54d4157d32b0 0.100s
2025-04-03 13:03:24.628 69998 INFO tempest.common.waiters [-] State transition "BUILD/networking" ==> "BUILD/block_device_mapping" after 77 second wait
2025-04-03 13:03:24.637 70012 INFO tempest.lib.common.rest_client [req-3532a011-1ba4-41ee-b0fd-0376b34703cb req-3532a011-1ba4-41ee-b0fd-0376b34703cb ] Request (ServerActionsV293TestJSON:setUpClass): 201 POST http://10.180.1.21/identity/v3/projects 0.035s
2025-04-03 13:03:24.675 69992 INFO tempest.lib.common.rest_client [req-34e79ea0-780c-4aaa-aa48-70c7bd3487e7 req-34e79ea0-780c-4aaa-aa48-70c7bd3487e7 ] Request (ImagesOneServerTestJSON:setUpClass): 200 GET http://10.180.1.21/compute/v2.1/servers/acbf7099-6993-4d1b-9e90-62bf239a75ba 0.064s
2025-04-03 13:03:24.714 70012 INFO tempest.lib.common.rest_client [req-8837f098-1391-4c5b-815e-033921d17f85 req-8837f098-1391-4c5b-815e-033921d17f85 ] Request (ServerActionsV293TestJSON:setUpClass): 201 POST http://10.180.1.21/identity/v3/users 0.076s
2025-04-03 13:03:24.732 70028 INFO tempest.lib.common.rest_client [req-da969c0e-36b1-415c-b566-61a942b63424 req-da969c0e-36b1-415c-b566-61a942b63424 ] Request (InstanceActionsTestJSON:setUpClass): 200 GET http://10.180.1.21/compute/v2.1/servers/713b3237-6d09-4db2-9dd8-ccc7b303ca4b 0.076s
2025-04-03 13:03:24.741 70012 INFO tempest.lib.common.rest_client [req-a423fdd8-1a60-4607-836d-73d79c5512b9 req-a423fdd8-1a60-4607-836d-73d79c5512b9 ] Request (ServerActionsV293TestJSON:setUpClass): 200 GET http://10.180.1.21/identity/v3/roles 0.026s
2025-04-03 13:03:24.773 70012 INFO tempest.lib.common.rest_client [req-4e0799d7-1f52-4002-9fd8-29d391088a48 req-4e0799d7-1f52-4002-9fd8-29d391088a48 ] Request (ServerActionsV293TestJSON:setUpClass): 204 PUT http://10.180.1.21/identity/v3/projects/9bd0e0f7ae4b47a0a049b82f1e022940/users/bee27d7b35f441b294f4abe781c71277/roles/4dc3f10e490e4016aeb01d7774c8b796 0.031s
2025-04-03 13:03:24.773 70012 INFO tempest.lib.common.dynamic_creds [-] Dynamic test user bee27d7b35f441b294f4abe781c71277 is created with scope project and roles: ['member']
2025-04-03 13:03:24.773 70012 INFO tempest.lib.common.dynamic_creds [-] Acquired dynamic creds: credentials: Credentials: {'domain_id': 'default', 'domain_name': 'Default', 'username': 'tempest-ServerActionsV293TestJSON-1845270298-project-member', 'project_domain_id': 'default', 'project_domain_name': 'Default', 'project_id': '9bd0e0f7ae4b47a0a049b82f1e022940', 'project_name': 'tempest-ServerActionsV293TestJSON-1845270298', 'tenant_id': '9bd0e0f7ae4b47a0a049b82f1e022940', 'tenant_name': 'tempest-ServerActionsV293TestJSON-1845270298', 'user_domain_id': 'default', 'user_domain_name': 'Default', 'user_id': 'bee27d7b35f441b294f4abe781c71277', 'system': None}, Network: None, Subnet: None, Router: None
2025-04-03 13:03:24.788 70024 INFO tempest.lib.common.rest_client [req-b57900fd-32a4-4c11-813a-1485b29b866c req-b57900fd-32a4-4c11-813a-1485b29b866c ] Request (ServerDiskConfigTestJSON:test_rebuild_server_with_manual_disk_config): 200 GET http://10.180.1.21/compute/v2.1/servers/a99a9f9b-05ed-46ad-96a2-c9c01b81f983 0.089s
2025-04-03 13:03:24.839 69994 INFO tempest.lib.common.rest_client [req-5403c467-4935-4b4e-8eb3-fdbc568813b0 req-5403c467-4935-4b4e-8eb3-fdbc568813b0 ] Request (ServersTestBootFromVolume:setUpClass): 200 GET http://10.180.1.21/compute/v2.1/servers/f1562f66-a5bc-453a-957a-a4a03e102c34 0.066s
2025-04-03 13:03:24.853 70012 INFO tempest.lib.common.rest_client [req-d0371605-46b4-478a-90cd-57c2c3f2a9df req-d0371605-46b4-478a-90cd-57c2c3f2a9df ] Request (ServerActionsV293TestJSON:setUpClass): 201 POST http://10.180.1.21/identity/v3/auth/tokens 0.079s
2025-04-03 13:03:24.885 70052 INFO tempest.lib.common.rest_client [req-c5062706-065c-4915-b1c5-03905e2fe301 req-c5062706-065c-4915-b1c5-03905e2fe301 ] Request (ServersNegativeTestMultiTenantJSON:setUpClass): 200 GET http://10.180.1.21/compute/v2.1/servers/64083589-1c17-42e5-955b-4e609875a788 0.067s
2025-04-03 13:03:24.886 70017 INFO tempest.lib.common.rest_client [req-3aad5545-ccb0-4114-859c-a71b95269d7c req-3aad5545-ccb0-4114-859c-a71b95269d7c ] Request (ListServerFiltersTestJSON:tearDownClass): 200 GET http://10.180.1.21/compute/v2.1/servers/68b9ccb0-38e8-413b-9e0d-3feca42358d4 0.317s
2025-04-03 13:03:24.947 70010 INFO tempest.lib.common.rest_client [req-e8853090-a601-4cda-92e9-09c0a6b3c139 req-e8853090-a601-4cda-92e9-09c0a6b3c139 ] Request (ServerExternalEventsTest:tearDownClass): 200 GET http://10.180.1.21/compute/v2.1/servers/81822631-26a8-4c17-a447-8e9d3acac696 0.071s
2025-04-03 13:03:24.993 70038 INFO tempest.lib.common.rest_client [req-50e58776-bc1f-4769-ac8e-427869d9461b req-50e58776-bc1f-4769-ac8e-427869d9461b ] Request (ImagesOneServerNegativeTestJSON:setUpClass): 200 GET http://10.180.1.21/compute/v2.1/servers/c28ff0c9-96fc-45af-80be-4915955b0aea 0.059s
2025-04-03 13:03:25.009 70040 INFO tempest.lib.common.rest_client [req-e861b5d9-3111-410f-a64b-d05241c6b168 req-e861b5d9-3111-410f-a64b-d05241c6b168 ] Request (ServerGroupTestJSON:_run_cleanups): 200 GET http://10.180.1.21/compute/v2.1/servers/4021d91d-b850-4478-9d64-89e9416f4623 0.070s
2025-04-03 13:03:25.062 70032 INFO tempest.lib.common.rest_client [req-34080be7-1271-4ffc-9804-2474e6a77b7e req-34080be7-1271-4ffc-9804-2474e6a77b7e ] Request (ServersTestMultiNic:_run_cleanups): 200 GET http://10.180.1.21/compute/v2.1/servers/7d6889a0-9737-4fc6-828e-5d34979446cc 0.064s
2025-04-03 13:03:25.107 69990 INFO tempest.lib.common.rest_client [req-aebb422c-d50b-49c1-b71a-9c918e341d73 req-aebb422c-d50b-49c1-b71a-9c918e341d73 ] Request (MultipleCreateTestJSON:test_multiple_create_with_reservation_return): 200 GET http://10.180.1.21/compute/v2.1/servers/528e2c92-d01e-4c35-a2ba-70d439af2fc7 0.051s
2025-04-03 13:03:25.135 70012 INFO tempest.lib.common.rest_client [req-5ec1521f-7163-422e-9c27-72fca5280a23 req-5ec1521f-7163-422e-9c27-72fca5280a23 ] Request (ServerActionsV293TestJSON:setUpClass): 201 POST http://10.180.1.21:9696/networking/v2.0/networks 0.282s
2025-04-03 13:03:25.159 70004 INFO tempest.lib.common.rest_client [req-bb8c2c98-4e99-4c84-9e88-632f9900b194 req-bb8c2c98-4e99-4c84-9e88-632f9900b194 ] Request (ServersV294TestFqdnHostnames:setUpClass): 200 GET http://10.180.1.21/compute/v2.1/servers/ce86cfb9-bad4-4082-9e21-605396cc42f6 0.064s
2025-04-03 13:03:25.173 70026 INFO tempest.lib.common.rest_client [req-1423979c-7bd8-4411-ac09-cc90e4b36e13 req-1423979c-7bd8-4411-ac09-cc90e4b36e13 ] Request (VolumesAdminNegativeTest:test_update_attached_volume_with_nonexistent_volume_in_body): 200 GET http://10.180.1.21/compute/v2.1/servers/5ed6619c-f1a2-476c-ba2f-7289de5b6e9e 0.063s
2025-04-03 13:03:25.311 70018 INFO tempest.lib.common.rest_client [req-f65b4f65-0fd2-4e23-bbe5-021ba811ab79 req-f65b4f65-0fd2-4e23-bbe5-021ba811ab79 ] Request (AttachInterfacesV270Test:tearDownClass): 200 GET http://10.180.1.21/compute/v2.1/servers/0791541e-da89-4120-8c87-c537b84a7b4b 0.092s
2025-04-03 13:03:25.316 70012 INFO tempest.lib.common.rest_client [req-57f94ea6-87c8-4db9-874b-8e4a570746c3 req-57f94ea6-87c8-4db9-874b-8e4a570746c3 ] Request (ServerActionsV293TestJSON:setUpClass): 201 POST http://10.180.1.21:9696/networking/v2.0/subnets 0.180s
2025-04-03 13:03:25.321 70022 INFO tempest.lib.common.rest_client [req-484db9d7-b599-46e8-9510-6abdd1903dfb req-484db9d7-b599-46e8-9510-6abdd1903dfb ] Request (DeleteServersAdminTestJSON:test_delete_server_while_in_error_state): 200 GET http://10.180.1.21/compute/v2.1/servers/2d57287c-5315-4c71-867f-dd3d4018ab48 0.053s
2025-04-03 13:03:25.383 70014 INFO tempest.lib.common.rest_client [req-85f89e91-4fa7-4abf-ba9e-63b51b55e2f1 req-85f89e91-4fa7-4abf-ba9e-63b51b55e2f1 ] Request (ServerActionsTestOtherA:setUpClass): 200 GET http://10.180.1.21/compute/v2.1/servers/e1678a98-0e22-4bbb-a39a-c5bee0fd08ac 0.050s
2025-04-03 13:03:25.476 70008 INFO tempest.lib.common.rest_client [req-38ece984-466c-4fc9-abda-b10800be042c req-38ece984-466c-4fc9-abda-b10800be042c ] Request (ServersAdminTestJSON:test_create_server_with_scheduling_hint): 200 GET http://10.180.1.21/compute/v2.1/servers/e4a6a52b-268e-4547-9a2c-93e1b7224797 0.054s
2025-04-03 13:03:25.531 70002 INFO tempest.lib.common.rest_client [req-f20d47eb-828d-4e73-9d90-c675434c161e req-f20d47eb-828d-4e73-9d90-c675434c161e ] Request (ServersAdminNegativeTestJSON:setUpClass): 200 GET http://10.180.1.21/compute/v2.1/servers/d2281269-3f62-476d-81fb-0d47c60086a2 0.076s
2025-04-03 13:03:25.588 70049 INFO tempest.lib.common.rest_client [req-e46d5789-eabf-4a02-9557-65cc0e430e6e req-e46d5789-eabf-4a02-9557-65cc0e430e6e ] Request (ServerShowV247Test:test_update_rebuild_list_server): 200 GET http://10.180.1.21/compute/v2.1/servers/bc3196cf-2eb0-4dd9-bfb5-6660a1793ec5 0.108s
2025-04-03 13:03:25.655 69996 INFO tempest.lib.common.rest_client [req-f4d69eb3-49a5-461d-b658-25b7bcaf0ff1 req-f4d69eb3-49a5-461d-b658-25b7bcaf0ff1 ] Request (ImagesTestJSON:test_create_image_from_stopped_server): 200 GET http://10.180.1.21/compute/v2.1/servers/20c9027e-63e9-4c90-a0dc-62b0fb2c32b5 0.147s
2025-04-03 13:03:25.684 70042 INFO tempest.lib.common.rest_client [req-6106f7e9-35c4-40d1-a938-6142f2102c8b req-6106f7e9-35c4-40d1-a938-6142f2102c8b ] Request (MigrationsAdminTest:test_resize_server_revert_deleted_flavor): 200 GET http://10.180.1.21/compute/v2.1/servers/888b0976-1a94-4901-8904-fefd169b829b 0.294s
2025-04-03 13:03:25.732 70050 INFO tempest.lib.common.rest_client [req-96fe493a-d730-4bcc-bca3-c022ba75713c req-96fe493a-d730-4bcc-bca3-c022ba75713c ] Request (InstanceActionsNegativeTestJSON:setUpClass): 200 GET http://10.180.1.21/compute/v2.1/servers/2fd3fc55-6157-4c52-b827-9cba78ab186d 0.208s
2025-04-03 13:03:25.763 70044 INFO tempest.lib.common.rest_client [req-91cc8a6a-d4e8-4072-b6df-68573dd09611 req-91cc8a6a-d4e8-4072-b6df-68573dd09611 ] Request (DeleteServersTestJSON:test_delete_server_while_in_attached_volume): 200 GET http://10.180.1.21/compute/v2.1/servers/c648d597-0473-46d4-bd23-63e396311140 0.203s
2025-04-03 13:03:25.830 69992 INFO tempest.lib.common.rest_client [req-65a6690c-535d-4e8b-bd98-913f6737fc52 req-65a6690c-535d-4e8b-bd98-913f6737fc52 ] Request (ImagesOneServerTestJSON:setUpClass): 200 GET http://10.180.1.21/compute/v2.1/servers/acbf7099-6993-4d1b-9e90-62bf239a75ba 0.148s
2025-04-03 13:03:25.902 70028 INFO tempest.lib.common.rest_client [req-7ab92bfa-ed10-4c0f-b11e-ef180d62f1ea req-7ab92bfa-ed10-4c0f-b11e-ef180d62f1ea ] Request (InstanceActionsTestJSON:setUpClass): 200 GET http://10.180.1.21/compute/v2.1/servers/713b3237-6d09-4db2-9dd8-ccc7b303ca4b 0.162s
2025-04-03 13:03:25.921 69998 INFO tempest.lib.common.rest_client [req-747b122c-e37f-4831-8881-7832d63b00a2 req-747b122c-e37f-4831-8881-7832d63b00a2 ] Request (ListServersNegativeTestJSON:setUpClass): 200 GET http://10.180.1.21/compute/v2.1/servers/316e932a-aa31-40e0-9bc4-54d4157d32b0 0.291s
2025-04-03 13:03:25.929 69998 INFO tempest.common.waiters [-] State transition "BUILD/block_device_mapping" ==> "BUILD/spawning" after 78 second wait
2025-04-03 13:03:25.980 70024 INFO tempest.lib.common.rest_client [req-bd4574d5-e511-4d5f-bef0-913e2d685bd2 req-bd4574d5-e511-4d5f-bef0-913e2d685bd2 ] Request (ServerDiskConfigTestJSON:test_rebuild_server_with_manual_disk_config): 200 GET http://10.180.1.21/compute/v2.1/servers/a99a9f9b-05ed-46ad-96a2-c9c01b81f983 0.179s
2025-04-03 13:03:25.980 69994 INFO tempest.lib.common.rest_client [req-46993e93-dbb6-41f3-83e5-c3f397485b93 req-46993e93-dbb6-41f3-83e5-c3f397485b93 ] Request (ServersTestBootFromVolume:setUpClass): 200 GET http://10.180.1.21/compute/v2.1/servers/f1562f66-a5bc-453a-957a-a4a03e102c34 0.134s
2025-04-03 13:03:26.035 70052 INFO tempest.lib.common.rest_client [req-0ee98c51-bc16-4e66-96d3-b25dfcde14ba req-0ee98c51-bc16-4e66-96d3-b25dfcde14ba ] Request (ServersNegativeTestMultiTenantJSON:setUpClass): 200 GET http://10.180.1.21/compute/v2.1/servers/64083589-1c17-42e5-955b-4e609875a788 0.142s
2025-04-03 13:03:26.063 70017 INFO tempest.lib.common.rest_client [req-e97a0690-e730-4dbb-a6d2-489211933dda req-e97a0690-e730-4dbb-a6d2-489211933dda ] Request (ListServerFiltersTestJSON:tearDownClass): 200 GET http://10.180.1.21/compute/v2.1/servers/68b9ccb0-38e8-413b-9e0d-3feca42358d4 0.168s
2025-04-03 13:03:26.116 70010 INFO tempest.lib.common.rest_client [req-24249be8-f852-4358-815e-e3c81d3d4bb1 req-24249be8-f852-4358-815e-e3c81d3d4bb1 ] Request (ServerExternalEventsTest:tearDownClass): 200 GET http://10.180.1.21/compute/v2.1/servers/81822631-26a8-4c17-a447-8e9d3acac696 0.159s
2025-04-03 13:03:26.135 70038 INFO tempest.lib.common.rest_client [req-b94f7a57-f637-44c6-a3b7-8696acc29717 req-b94f7a57-f637-44c6-a3b7-8696acc29717 ] Request (ImagesOneServerNegativeTestJSON:setUpClass): 200 GET http://10.180.1.21/compute/v2.1/servers/c28ff0c9-96fc-45af-80be-4915955b0aea 0.133s
2025-04-03 13:03:26.183 70040 INFO tempest.lib.common.rest_client [req-457f79e3-f78a-4303-abb9-672968fbee02 req-457f79e3-f78a-4303-abb9-672968fbee02 ] Request (ServerGroupTestJSON:_run_cleanups): 200 GET http://10.180.1.21/compute/v2.1/servers/4021d91d-b850-4478-9d64-89e9416f4623 0.165s
2025-04-03 13:03:26.208 70032 INFO tempest.lib.common.rest_client [req-655590f2-b4be-4b00-80c9-8aacccb8c288 req-655590f2-b4be-4b00-80c9-8aacccb8c288 ] Request (ServersTestMultiNic:_run_cleanups): 200 GET http://10.180.1.21/compute/v2.1/servers/7d6889a0-9737-4fc6-828e-5d34979446cc 0.137s
2025-04-03 13:03:26.245 69990 INFO tempest.lib.common.rest_client [req-ef53740d-de48-4417-9b08-f16cab55cd9a req-ef53740d-de48-4417-9b08-f16cab55cd9a ] Request (MultipleCreateTestJSON:test_multiple_create_with_reservation_return): 200 GET http://10.180.1.21/compute/v2.1/servers/528e2c92-d01e-4c35-a2ba-70d439af2fc7 0.129s
2025-04-03 13:03:26.304 70004 INFO tempest.lib.common.rest_client [req-cae836e9-e65e-4c0f-ad0e-975a4b5e4d25 req-cae836e9-e65e-4c0f-ad0e-975a4b5e4d25 ] Request (ServersV294TestFqdnHostnames:setUpClass): 200 GET http://10.180.1.21/compute/v2.1/servers/ce86cfb9-bad4-4082-9e21-605396cc42f6 0.134s
2025-04-03 13:03:26.305 70026 INFO tempest.lib.common.rest_client [req-effc9090-2186-40b2-b18b-86a3462ff119 req-effc9090-2186-40b2-b18b-86a3462ff119 ] Request (VolumesAdminNegativeTest:test_update_attached_volume_with_nonexistent_volume_in_body): 200 GET http://10.180.1.21/compute/v2.1/servers/5ed6619c-f1a2-476c-ba2f-7289de5b6e9e 0.123s
2025-04-03 13:03:26.380 70022 INFO tempest.lib.common.rest_client [req-0adb5ef7-556a-48e5-b5ee-04a66224ac9a req-0adb5ef7-556a-48e5-b5ee-04a66224ac9a ] Request (DeleteServersAdminTestJSON:test_delete_server_while_in_error_state): 200 GET http://10.180.1.21/compute/v2.1/servers/2d57287c-5315-4c71-867f-dd3d4018ab48 0.051s
2025-04-03 13:03:26.427 70020 WARNING tempest.lib.common.ssh [-] Failed to establish authenticated ssh connection to cirros@10.180.180.152 ([Errno None] Unable to connect to port 22 on 10.180.180.152). Number attempts: 4. Retry after 5 seconds.: paramiko.ssh_exception.NoValidConnectionsError: [Errno None] Unable to connect to port 22 on 10.180.180.152
2025-04-03 13:03:26.463 70014 INFO tempest.lib.common.rest_client [req-a95dff8b-3999-4984-b4e5-3272fac7db6e req-a95dff8b-3999-4984-b4e5-3272fac7db6e ] Request (ServerActionsTestOtherA:setUpClass): 200 GET http://10.180.1.21/compute/v2.1/servers/e1678a98-0e22-4bbb-a39a-c5bee0fd08ac 0.073s
2025-04-03 13:03:26.542 70008 INFO tempest.lib.common.rest_client [req-e553e094-91d1-410c-9983-a71bb7045a66 req-e553e094-91d1-410c-9983-a71bb7045a66 ] Request (ServersAdminTestJSON:test_create_server_with_scheduling_hint): 200 GET http://10.180.1.21/compute/v2.1/servers/e4a6a52b-268e-4547-9a2c-93e1b7224797 0.057s
2025-04-03 13:03:26.558 70018 INFO tempest.lib.common.rest_client [req-4a0f62b0-4c18-4511-a1c4-52a449620ab7 req-4a0f62b0-4c18-4511-a1c4-52a449620ab7 ] Request (AttachInterfacesV270Test:tearDownClass): 200 GET http://10.180.1.21/compute/v2.1/servers/0791541e-da89-4120-8c87-c537b84a7b4b 0.237s
2025-04-03 13:03:26.619 70002 INFO tempest.lib.common.rest_client [req-3fe5af85-bb49-48a2-8e7c-2e5ef1d1ffa2 req-3fe5af85-bb49-48a2-8e7c-2e5ef1d1ffa2 ] Request (ServersAdminNegativeTestJSON:setUpClass): 200 GET http://10.180.1.21/compute/v2.1/servers/d2281269-3f62-476d-81fb-0d47c60086a2 0.079s
2025-04-03 13:03:26.707 70049 INFO tempest.lib.common.rest_client [req-7a1fa157-f63a-4356-97bb-b0108a7861f2 req-7a1fa157-f63a-4356-97bb-b0108a7861f2 ] Request (ServerShowV247Test:test_update_rebuild_list_server): 200 GET http://10.180.1.21/compute/v2.1/servers/bc3196cf-2eb0-4dd9-bfb5-6660a1793ec5 0.105s
2025-04-03 13:03:26.730 70012 INFO tempest.lib.common.rest_client [req-e92b458f-b4ff-4238-b270-be64be5de041 req-e92b458f-b4ff-4238-b270-be64be5de041 ] Request (ServerActionsV293TestJSON:setUpClass): 201 POST http://10.180.1.21:9696/networking/v2.0/routers 1.414s
2025-04-03 13:03:26.738 69996 INFO tempest.lib.common.rest_client [req-3ec93f8b-4a98-4f66-8d55-5d804a8ef794 req-3ec93f8b-4a98-4f66-8d55-5d804a8ef794 ] Request (ImagesTestJSON:test_create_image_from_stopped_server): 200 GET http://10.180.1.21/compute/v2.1/servers/20c9027e-63e9-4c90-a0dc-62b0fb2c32b5 0.072s
2025-04-03 13:03:26.746 69996 INFO tempest.common.waiters [-] State transition "BUILD/None" ==> "BUILD/networking" after 71 second wait
2025-04-03 13:03:26.792 70042 INFO tempest.lib.common.rest_client [req-0c5a421d-0d41-4f62-a2fa-066fb99bbf74 req-0c5a421d-0d41-4f62-a2fa-066fb99bbf74 ] Request (MigrationsAdminTest:test_resize_server_revert_deleted_flavor): 200 GET http://10.180.1.21/compute/v2.1/servers/888b0976-1a94-4901-8904-fefd169b829b 0.099s
2025-04-03 13:03:26.810 70050 INFO tempest.lib.common.rest_client [req-f5805bd3-f108-4555-b18b-33ed02bd536d req-f5805bd3-f108-4555-b18b-33ed02bd536d ] Request (InstanceActionsNegativeTestJSON:setUpClass): 200 GET http://10.180.1.21/compute/v2.1/servers/2fd3fc55-6157-4c52-b827-9cba78ab186d 0.067s
2025-04-03 13:03:26.866 70044 INFO tempest.lib.common.rest_client [req-8a68d7bd-6647-4710-9b3b-dfebfd3e603f req-8a68d7bd-6647-4710-9b3b-dfebfd3e603f ] Request (DeleteServersTestJSON:test_delete_server_while_in_attached_volume): 200 GET http://10.180.1.21/compute/v2.1/servers/c648d597-0473-46d4-bd23-63e396311140 0.092s
2025-04-03 13:03:26.902 69992 INFO tempest.lib.common.rest_client [req-c40a4e60-a7f5-4b3a-a307-b73294e817e7 req-c40a4e60-a7f5-4b3a-a307-b73294e817e7 ] Request (ImagesOneServerTestJSON:setUpClass): 200 GET http://10.180.1.21/compute/v2.1/servers/acbf7099-6993-4d1b-9e90-62bf239a75ba 0.062s
2025-04-03 13:03:26.987 70028 INFO tempest.lib.common.rest_client [req-fc7a455e-42aa-4264-b2c7-cdbb817f57ae req-fc7a455e-42aa-4264-b2c7-cdbb817f57ae ] Request (InstanceActionsTestJSON:setUpClass): 200 GET http://10.180.1.21/compute/v2.1/servers/713b3237-6d09-4db2-9dd8-ccc7b303ca4b 0.076s
2025-04-03 13:03:27.048 69998 INFO tempest.lib.common.rest_client [req-fa19ddec-c7f4-4df7-94b4-01ef4e14dc09 req-fa19ddec-c7f4-4df7-94b4-01ef4e14dc09 ] Request (ListServersNegativeTestJSON:setUpClass): 200 GET http://10.180.1.21/compute/v2.1/servers/316e932a-aa31-40e0-9bc4-54d4157d32b0 0.118s
2025-04-03 13:03:27.081 70024 INFO tempest.lib.common.rest_client [req-5dd93a40-f8d1-44b2-90e1-a54bc2e1c420 req-5dd93a40-f8d1-44b2-90e1-a54bc2e1c420 ] Request (ServerDiskConfigTestJSON:test_rebuild_server_with_manual_disk_config): 200 GET http://10.180.1.21/compute/v2.1/servers/a99a9f9b-05ed-46ad-96a2-c9c01b81f983 0.089s
2025-04-03 13:03:27.110 69994 INFO tempest.lib.common.rest_client [req-fc96e1c4-6ce8-4c79-aaa0-59e48588fec9 req-fc96e1c4-6ce8-4c79-aaa0-59e48588fec9 ] Request (ServersTestBootFromVolume:setUpClass): 200 GET http://10.180.1.21/compute/v2.1/servers/f1562f66-a5bc-453a-957a-a4a03e102c34 0.116s
2025-04-03 13:03:27.181 70052 INFO tempest.lib.common.rest_client [req-9403069b-9548-4253-a4db-d915e7b141df req-9403069b-9548-4253-a4db-d915e7b141df ] Request (ServersNegativeTestMultiTenantJSON:setUpClass): 200 GET http://10.180.1.21/compute/v2.1/servers/64083589-1c17-42e5-955b-4e609875a788 0.138s
2025-04-03 13:03:27.194 70017 INFO tempest.lib.common.rest_client [req-ccc1e648-dce0-4be5-b557-e3d9c09a972f req-ccc1e648-dce0-4be5-b557-e3d9c09a972f ] Request (ListServerFiltersTestJSON:tearDownClass): 200 GET http://10.180.1.21/compute/v2.1/servers/68b9ccb0-38e8-413b-9e0d-3feca42358d4 0.119s
2025-04-03 13:03:27.250 70038 INFO tempest.lib.common.rest_client [req-3874d908-c062-4318-a6d9-45f80c624328 req-3874d908-c062-4318-a6d9-45f80c624328 ] Request (ImagesOneServerNegativeTestJSON:setUpClass): 200 GET http://10.180.1.21/compute/v2.1/servers/c28ff0c9-96fc-45af-80be-4915955b0aea 0.104s
2025-04-03 13:03:27.256 70010 INFO tempest.lib.common.rest_client [req-f01cfea3-8f8d-4e48-b506-7f342fcee44e req-f01cfea3-8f8d-4e48-b506-7f342fcee44e ] Request (ServerExternalEventsTest:tearDownClass): 200 GET http://10.180.1.21/compute/v2.1/servers/81822631-26a8-4c17-a447-8e9d3acac696 0.130s
2025-04-03 13:03:27.319 70040 INFO tempest.lib.common.rest_client [req-a903a47c-7661-42c4-ae11-b19713055614 req-a903a47c-7661-42c4-ae11-b19713055614 ] Request (ServerGroupTestJSON:_run_cleanups): 200 GET http://10.180.1.21/compute/v2.1/servers/4021d91d-b850-4478-9d64-89e9416f4623 0.127s
2025-04-03 13:03:27.332 70032 INFO tempest.lib.common.rest_client [req-eee52f6b-3a08-49d8-bf5d-7248f5d91680 req-eee52f6b-3a08-49d8-bf5d-7248f5d91680 ] Request (ServersTestMultiNic:_run_cleanups): 200 GET http://10.180.1.21/compute/v2.1/servers/7d6889a0-9737-4fc6-828e-5d34979446cc 0.117s
2025-04-03 13:03:27.383 69990 INFO tempest.lib.common.rest_client [req-8f532f2f-6b95-40e2-8adf-8ee12e3f9197 req-8f532f2f-6b95-40e2-8adf-8ee12e3f9197 ] Request (MultipleCreateTestJSON:test_multiple_create_with_reservation_return): 200 GET http://10.180.1.21/compute/v2.1/servers/528e2c92-d01e-4c35-a2ba-70d439af2fc7 0.127s
2025-04-03 13:03:27.391 70026 INFO tempest.lib.common.rest_client [req-332f68ae-1d58-4eba-a391-b99254290696 req-332f68ae-1d58-4eba-a391-b99254290696 ] Request (VolumesAdminNegativeTest:test_update_attached_volume_with_nonexistent_volume_in_body): 200 GET http://10.180.1.21/compute/v2.1/servers/5ed6619c-f1a2-476c-ba2f-7289de5b6e9e 0.078s
2025-04-03 13:03:27.455 70004 INFO tempest.lib.common.rest_client [req-38ac59d5-7a27-48d5-ab22-6b4a3116c7c7 req-38ac59d5-7a27-48d5-ab22-6b4a3116c7c7 ] Request (ServersV294TestFqdnHostnames:setUpClass): 200 GET http://10.180.1.21/compute/v2.1/servers/ce86cfb9-bad4-4082-9e21-605396cc42f6 0.140s
2025-04-03 13:03:27.457 70022 INFO tempest.lib.common.rest_client [req-019c9ce0-2ac3-43cb-90bd-fd17b72d0f90 req-019c9ce0-2ac3-43cb-90bd-fd17b72d0f90 ] Request (DeleteServersAdminTestJSON:test_delete_server_while_in_error_state): 200 GET http://10.180.1.21/compute/v2.1/servers/2d57287c-5315-4c71-867f-dd3d4018ab48 0.068s
2025-04-03 13:03:27.533 70014 INFO tempest.lib.common.rest_client [req-487dd665-6a7b-48d9-9f94-3fbe73fa65e9 req-487dd665-6a7b-48d9-9f94-3fbe73fa65e9 ] Request (ServerActionsTestOtherA:setUpClass): 200 GET http://10.180.1.21/compute/v2.1/servers/e1678a98-0e22-4bbb-a39a-c5bee0fd08ac 0.061s
2025-04-03 13:03:27.616 70008 INFO tempest.lib.common.rest_client [req-60ea6894-8a83-4f14-a677-976d7b3cf2ea req-60ea6894-8a83-4f14-a677-976d7b3cf2ea ] Request (ServersAdminTestJSON:test_create_server_with_scheduling_hint): 200 GET http://10.180.1.21/compute/v2.1/servers/e4a6a52b-268e-4547-9a2c-93e1b7224797 0.064s
2025-04-03 13:03:27.660 70018 INFO tempest.lib.common.rest_client [req-1467dc7e-8a3a-463a-9d10-c4ed48cbe80d req-1467dc7e-8a3a-463a-9d10-c4ed48cbe80d ] Request (AttachInterfacesV270Test:tearDownClass): 200 GET http://10.180.1.21/compute/v2.1/servers/0791541e-da89-4120-8c87-c537b84a7b4b 0.076s
2025-04-03 13:03:27.672 70018 INFO tempest.common.waiters [-] State transition "ACTIVE/deleting" ==> "DELETED/None" after 3 second wait
2025-04-03 13:03:27.705 70002 INFO tempest.lib.common.rest_client [req-e098d673-fe71-4b95-8940-e56fe2ae0df6 req-e098d673-fe71-4b95-8940-e56fe2ae0df6 ] Request (ServersAdminNegativeTestJSON:setUpClass): 200 GET http://10.180.1.21/compute/v2.1/servers/d2281269-3f62-476d-81fb-0d47c60086a2 0.077s
2025-04-03 13:03:27.784 70049 INFO tempest.lib.common.rest_client [req-1685f0c0-a57a-48e1-9c13-c68be2136128 req-1685f0c0-a57a-48e1-9c13-c68be2136128 ] Request (ServerShowV247Test:test_update_rebuild_list_server): 200 GET http://10.180.1.21/compute/v2.1/servers/bc3196cf-2eb0-4dd9-bfb5-6660a1793ec5 0.063s
2025-04-03 13:03:27.871 69996 INFO tempest.lib.common.rest_client [req-88ca7349-d4a3-43e0-902a-3824c7895204 req-88ca7349-d4a3-43e0-902a-3824c7895204 ] Request (ImagesTestJSON:test_create_image_from_stopped_server): 200 GET http://10.180.1.21/compute/v2.1/servers/20c9027e-63e9-4c90-a0dc-62b0fb2c32b5 0.124s
2025-04-03 13:03:27.873 70042 INFO tempest.lib.common.rest_client [req-dac7e7db-af59-49ca-9f1e-1bca3e6341ee req-dac7e7db-af59-49ca-9f1e-1bca3e6341ee ] Request (MigrationsAdminTest:test_resize_server_revert_deleted_flavor): 200 GET http://10.180.1.21/compute/v2.1/servers/888b0976-1a94-4901-8904-fefd169b829b 0.070s
2025-04-03 13:03:27.880 69996 INFO tempest.common.waiters [-] State transition "BUILD/networking" ==> "BUILD/spawning" after 72 second wait
2025-04-03 13:03:27.929 70050 INFO tempest.lib.common.rest_client [req-55d9b68d-2d1f-428e-a8a0-8d437add9c7e req-55d9b68d-2d1f-428e-a8a0-8d437add9c7e ] Request (InstanceActionsNegativeTestJSON:setUpClass): 200 GET http://10.180.1.21/compute/v2.1/servers/2fd3fc55-6157-4c52-b827-9cba78ab186d 0.108s
2025-04-03 13:03:27.948 70044 INFO tempest.lib.common.rest_client [req-3b22fe84-7057-4e1f-a4f1-bb59456215ea req-3b22fe84-7057-4e1f-a4f1-bb59456215ea ] Request (DeleteServersTestJSON:test_delete_server_while_in_attached_volume): 200 GET http://10.180.1.21/compute/v2.1/servers/c648d597-0473-46d4-bd23-63e396311140 0.072s
2025-04-03 13:03:27.986 69992 INFO tempest.lib.common.rest_client [req-e3fa59d3-b307-409e-ba73-8370be2a2357 req-e3fa59d3-b307-409e-ba73-8370be2a2357 ] Request (ImagesOneServerTestJSON:setUpClass): 200 GET http://10.180.1.21/compute/v2.1/servers/acbf7099-6993-4d1b-9e90-62bf239a75ba 0.075s
2025-04-03 13:03:28.049 70012 INFO tempest.lib.common.rest_client [req-df41825b-622a-43e8-b1c5-6bf0d79b48fd req-df41825b-622a-43e8-b1c5-6bf0d79b48fd ] Request (ServerActionsV293TestJSON:setUpClass): 200 PUT http://10.180.1.21:9696/networking/v2.0/routers/d9136d7f-35c2-43fb-94b8-aba0439d5328/add_router_interface 1.318s
2025-04-03 13:03:28.049 70012 INFO tempest.lib.common.dynamic_creds [-] Created isolated network resources for: credentials: Credentials: {'domain_id': 'default', 'domain_name': 'Default', 'username': 'tempest-ServerActionsV293TestJSON-1845270298-project-member', 'project_domain_id': 'default', 'project_domain_name': 'Default', 'project_id': '9bd0e0f7ae4b47a0a049b82f1e022940', 'project_name': 'tempest-ServerActionsV293TestJSON-1845270298', 'tenant_id': '9bd0e0f7ae4b47a0a049b82f1e022940', 'tenant_name': 'tempest-ServerActionsV293TestJSON-1845270298', 'user_domain_id': 'default', 'user_domain_name': 'Default', 'user_id': 'bee27d7b35f441b294f4abe781c71277', 'system': None}, Network: {'id': 'c37789e5-af8c-491a-9e6b-45ad93617ec1', 'name': 'tempest-ServerActionsV293TestJSON-709507944-network', 'tenant_id': '9bd0e0f7ae4b47a0a049b82f1e022940', 'admin_state_up': True, 'mtu': 8950, 'status': 'ACTIVE', 'subnets': [], 'shared': False, 'project_id': '9bd0e0f7ae4b47a0a049b82f1e022940', 'port_security_enabled': True, 'router:external': False, 'provider:network_type': 'vlan', 'provider:physical_network': 'default', 'provider:segmentation_id': 118, 'availability_zone_hints': [], 'availability_zones': [], 'ipv4_address_scope': None, 'ipv6_address_scope': None, 'description': '', 'tags': [], 'created_at': '2025-04-03T13:03:25Z', 'updated_at': '2025-04-03T13:03:25Z', 'revision_number': 1}, Subnet: {'id': 'a0ff8bd5-1041-4a9f-800c-411ea9d08e34', 'name': 'tempest-ServerActionsV293TestJSON-709507944-subnet', 'tenant_id': '9bd0e0f7ae4b47a0a049b82f1e022940', 'network_id': 'c37789e5-af8c-491a-9e6b-45ad93617ec1', 'ip_version': 4, 'subnetpool_id': None, 'enable_dhcp': True, 'ipv6_ra_mode': None, 'ipv6_address_mode': None, 'gateway_ip': '192.168.128.1', 'cidr': '192.168.128.0/28', 'allocation_pools': [{'start': '192.168.128.2', 'end': '192.168.128.14'}], 'host_routes': [], 'dns_nameservers': [], 'description': '', 'router:external': False, 'service_types': [], 'tags': [], 'created_at': '2025-04-03T13:03:25Z', 'updated_at': '2025-04-03T13:03:25Z', 'revision_number': 0, 'project_id': '9bd0e0f7ae4b47a0a049b82f1e022940'}, Router: {'id': 'd9136d7f-35c2-43fb-94b8-aba0439d5328', 'name': 'tempest-ServerActionsV293TestJSON-709507944-router', 'tenant_id': '9bd0e0f7ae4b47a0a049b82f1e022940', 'admin_state_up': True, 'status': 'ACTIVE', 'external_gateway_info': {'network_id': '345b050e-d90f-463b-9742-d666a4c82555', 'external_fixed_ips': [{'subnet_id': 'f3e0ac26-f1d1-4431-93c4-f97218d3cc14', 'ip_address': '10.180.180.212'}], 'enable_snat': True}, 'description': '', 'availability_zones': [], 'distributed': False, 'ha': False, 'availability_zone_hints': [], 'routes': [], 'flavor_id': None, 'tags': [], 'created_at': '2025-04-03T13:03:25Z', 'updated_at': '2025-04-03T13:03:26Z', 'revision_number': 2, 'project_id': '9bd0e0f7ae4b47a0a049b82f1e022940'}
2025-04-03 13:03:28.057 70028 INFO tempest.lib.common.rest_client [req-adf4c40b-584f-4d23-b348-e3120e67a786 req-adf4c40b-584f-4d23-b348-e3120e67a786 ] Request (InstanceActionsTestJSON:setUpClass): 200 GET http://10.180.1.21/compute/v2.1/servers/713b3237-6d09-4db2-9dd8-ccc7b303ca4b 0.060s
2025-04-03 13:03:28.064 70028 INFO tempest.common.waiters [-] State transition "BUILD/scheduling" ==> "BUILD/None" after 57 second wait
2025-04-03 13:03:28.150 70024 INFO tempest.lib.common.rest_client [req-64972929-abc3-4ab7-abf6-5b4401794649 req-64972929-abc3-4ab7-abf6-5b4401794649 ] Request (ServerDiskConfigTestJSON:test_rebuild_server_with_manual_disk_config): 200 GET http://10.180.1.21/compute/v2.1/servers/a99a9f9b-05ed-46ad-96a2-c9c01b81f983 0.058s
2025-04-03 13:03:28.154 70012 INFO tempest.lib.common.rest_client [req-19c6c19e-399e-4c19-a5a5-a87da5c21dc1 req-19c6c19e-399e-4c19-a5a5-a87da5c21dc1 ] Request (ServerActionsV293TestJSON:setUpClass): 201 POST http://10.180.1.21/identity/v3/auth/tokens 0.101s
2025-04-03 13:03:28.204 69994 INFO tempest.lib.common.rest_client [req-f8b937bb-ff85-42d1-8bc3-8948e9939049 req-f8b937bb-ff85-42d1-8bc3-8948e9939049 ] Request (ServersTestBootFromVolume:setUpClass): 200 GET http://10.180.1.21/compute/v2.1/servers/f1562f66-a5bc-453a-957a-a4a03e102c34 0.082s
2025-04-03 13:03:28.212 69998 INFO tempest.lib.common.rest_client [req-79f53257-3b45-4c11-bbde-b88ab08133af req-79f53257-3b45-4c11-bbde-b88ab08133af ] Request (ListServersNegativeTestJSON:setUpClass): 200 GET http://10.180.1.21/compute/v2.1/servers/316e932a-aa31-40e0-9bc4-54d4157d32b0 0.152s
2025-04-03 13:03:28.284 70052 INFO tempest.lib.common.rest_client [req-452e92f3-b5db-4ad0-b282-d9f7a12c7f26 req-452e92f3-b5db-4ad0-b282-d9f7a12c7f26 ] Request (ServersNegativeTestMultiTenantJSON:setUpClass): 200 GET http://10.180.1.21/compute/v2.1/servers/64083589-1c17-42e5-955b-4e609875a788 0.092s
2025-04-03 13:03:28.356 70012 INFO tempest.lib.common.rest_client [req-33cdf4bd-e963-44c4-8eb4-56662a583012 req-33cdf4bd-e963-44c4-8eb4-56662a583012 ] Request (ServerActionsV293TestJSON:setUpClass): 201 POST http://10.180.1.21/compute/v2.1/os-keypairs 0.200s
2025-04-03 13:03:28.367 70017 INFO tempest.lib.common.rest_client [req-7af0592a-2499-4fd8-aab8-055ae1423da1 req-7af0592a-2499-4fd8-aab8-055ae1423da1 ] Request (ListServerFiltersTestJSON:tearDownClass): 200 GET http://10.180.1.21/compute/v2.1/servers/68b9ccb0-38e8-413b-9e0d-3feca42358d4 0.163s
2025-04-03 13:03:28.421 70038 INFO tempest.lib.common.rest_client [req-5fe9571d-5633-4cb0-b534-3df6d97732e5 req-5fe9571d-5633-4cb0-b534-3df6d97732e5 ] Request (ImagesOneServerNegativeTestJSON:setUpClass): 200 GET http://10.180.1.21/compute/v2.1/servers/c28ff0c9-96fc-45af-80be-4915955b0aea 0.157s
2025-04-03 13:03:28.440 70010 INFO tempest.lib.common.rest_client [req-eaf88fa3-dc6e-4e20-aa05-f76e1e330d0a req-eaf88fa3-dc6e-4e20-aa05-f76e1e330d0a ] Request (ServerExternalEventsTest:tearDownClass): 200 GET http://10.180.1.21/compute/v2.1/servers/81822631-26a8-4c17-a447-8e9d3acac696 0.173s
2025-04-03 13:03:28.465 70032 INFO tempest.lib.common.rest_client [req-87963764-ac2b-48df-84ad-cc094131538d req-87963764-ac2b-48df-84ad-cc094131538d ] Request (ServersTestMultiNic:_run_cleanups): 404 GET http://10.180.1.21/compute/v2.1/servers/7d6889a0-9737-4fc6-828e-5d34979446cc 0.116s
2025-04-03 13:03:28.503 70040 INFO tempest.lib.common.rest_client [req-e8019874-7131-484c-9ba5-bdd115c4d716 req-e8019874-7131-484c-9ba5-bdd115c4d716 ] Request (ServerGroupTestJSON:_run_cleanups): 200 GET http://10.180.1.21/compute/v2.1/servers/4021d91d-b850-4478-9d64-89e9416f4623 0.170s
2025-04-03 13:03:28.513 70012 INFO tempest.lib.common.rest_client [req-e1c9b7c3-1835-46b2-84d1-049d0bbeffd5 req-e1c9b7c3-1835-46b2-84d1-049d0bbeffd5 ] Request (ServerActionsV293TestJSON:setUpClass): 201 POST http://10.180.1.21:9696/networking/v2.0/security-groups 0.152s
2025-04-03 13:03:28.526 69990 INFO tempest.lib.common.rest_client [req-ebc1faac-6303-4d97-b8d1-8257537c15b2 req-ebc1faac-6303-4d97-b8d1-8257537c15b2 ] Request (MultipleCreateTestJSON:test_multiple_create_with_reservation_return): 200 GET http://10.180.1.21/compute/v2.1/servers/528e2c92-d01e-4c35-a2ba-70d439af2fc7 0.131s
2025-04-03 13:03:28.563 70026 INFO tempest.lib.common.rest_client [req-859568cf-50b6-4da0-90d6-709eb893dcc4 req-859568cf-50b6-4da0-90d6-709eb893dcc4 ] Request (VolumesAdminNegativeTest:test_update_attached_volume_with_nonexistent_volume_in_body): 200 GET http://10.180.1.21/compute/v2.1/servers/5ed6619c-f1a2-476c-ba2f-7289de5b6e9e 0.162s
2025-04-03 13:03:28.596 70022 INFO tempest.lib.common.rest_client [req-7a1a3ae2-c167-4fc8-9c1c-d0068c32c67d req-7a1a3ae2-c167-4fc8-9c1c-d0068c32c67d ] Request (DeleteServersAdminTestJSON:test_delete_server_while_in_error_state): 200 GET http://10.180.1.21/compute/v2.1/servers/2d57287c-5315-4c71-867f-dd3d4018ab48 0.130s
2025-04-03 13:03:28.631 70004 INFO tempest.lib.common.rest_client [req-e53260ad-e154-4e4d-9f8a-e23f6a1171f1 req-e53260ad-e154-4e4d-9f8a-e23f6a1171f1 ] Request (ServersV294TestFqdnHostnames:setUpClass): 200 GET http://10.180.1.21/compute/v2.1/servers/ce86cfb9-bad4-4082-9e21-605396cc42f6 0.154s
2025-04-03 13:03:28.636 70012 INFO tempest.lib.common.rest_client [req-78d2eb1f-1d2e-470b-843e-85d8b732c4fc req-78d2eb1f-1d2e-470b-843e-85d8b732c4fc ] Request (ServerActionsV293TestJSON:setUpClass): 201 POST http://10.180.1.21:9696/networking/v2.0/security-group-rules 0.123s
2025-04-03 13:03:28.658 70034 WARNING tempest.lib.common.ssh [-] Failed to establish authenticated ssh connection to cirros@10.180.180.248 ([Errno None] Unable to connect to port 22 on 10.180.180.248). Number attempts: 10. Retry after 11 seconds.: paramiko.ssh_exception.NoValidConnectionsError: [Errno None] Unable to connect to port 22 on 10.180.180.248
2025-04-03 13:03:28.691 70032 INFO tempest.lib.common.rest_client [req-4bf019b5-75ed-457c-b917-97bbb37b5f95 req-4bf019b5-75ed-457c-b917-97bbb37b5f95 ] Request (ServersTestMultiNic:_run_cleanups): 204 DELETE http://10.180.1.21:9696/networking/v2.0/subnets/84118ff3-a459-40e4-b9ec-bf855c420813 0.226s
